221.239.141.151 - - [21/Oct/2022:11:34:25 +0800] "GET /xingrg/all/function/internal_message.html?_=1666323260646&CODE_STATE=getMsg HTTP/1.1" 200 27
116.230.114.213 - - [21/Oct/2022:11:34:26 +0800] "GET /xingrg/all/function/internal_message.html?_=1666323279101&CODE_STATE=getMsg HTTP/1.1" 200 27
114.88.159.190 - - [21/Oct/2022:11:34:27 +0800] "POST /xingrg/kc/buy/cgsh_order_operate.html HTTP/1.1" 200 12
116.238.139.35 - - [21/Oct/2022:11:34:27 +0800] "GET /xingrg/kc/base/wldb_order_operate.html?command=get_materiel&rest_code=00150&base_code=0010445&code=00101019249 HTTP/1.1" 200 470
61.170.232.52 - - [21/Oct/2022:11:34:29 +0800] "POST /xingrg/kc/buy/cgsh_order_operate.html HTTP/1.1" 200 12
114.88.159.190 - - [21/Oct/2022:11:34:29 +0800] "GET /xingrg/kc/buy/cgsh_order_info.html?code=212022102106313 HTTP/1.1" 200 64012
114.88.159.190 - - [21/Oct/2022:11:34:29 +0800] "GET /xingrg/javascript/easyui/themes/default/validatebox.css HTTP/1.1" 404 1104
61.170.232.52 - - [21/Oct/2022:11:34:30 +0800] "GET /xingrg/kc/buy/cgsh_order_info.html?code=212022102106238 HTTP/1.1" 200 64000
114.88.159.190 - - [21/Oct/2022:11:34:30 +0800] "POST /xingrg/kc/buy/cgsh_order_operate.html HTTP/1.1" 200 623
61.170.232.52 - - [21/Oct/2022:11:34:30 +0800] "GET /xingrg/javascript/easyui/themes/default/validatebox.css HTTP/1.1" 404 1104
114.84.81.136 - - [21/Oct/2022:11:34:30 +0800] "GET /xingrg/all/function/internal_message.html?_=1666323267350&CODE_STATE=getMsg HTTP/1.1" 200 27
61.170.232.52 - - [21/Oct/2022:11:34:31 +0800] "POST /xingrg/kc/buy/cgsh_order_operate.html HTTP/1.1" 200 1801
114.88.159.190 - - [21/Oct/2022:11:34:31 +0800] "GET /xingrg/kc/print/load_data.html?order_code=212022102106313&kc_code=cgsh&condition= HTTP/1.1" 200 732
61.170.232.52 - - [21/Oct/2022:11:34:33 +0800] "GET /xingrg/kc/print/load_data.html?order_code=212022102106238&kc_code=cgsh&condition= HTTP/1.1" 200 1227
222.69.192.207 - - [21/Oct/2022:11:34:34 +0800] "GET /xingrg/all/function/internal_message.html?_=1666323122536&CODE_STATE=getMsg HTTP/1.1" 200 27
120.253.135.82 - - [21/Oct/2022:11:34:34 +0800] "GET /xingrg/all/function/internal_message.html?_=1666323065855&CODE_STATE=getMsg HTTP/1.1" 200 27
116.238.139.35 - - [21/Oct/2022:11:34:35 +0800] "GET /xingrg/kc/base/wldb_order_operate.html?command=get_materiel&rest_code=00150&base_code=0010445&code=00101013115 HTTP/1.1" 200 433
101.85.93.18 - - [21/Oct/2022:11:34:36 +0800] "GET /xingrg/all/function/internal_message.html?_=1666323270144&CODE_STATE=getMsg HTTP/1.1" 200 27
180.162.109.76 - - [21/Oct/2022:11:34:36 +0800] "GET /xingrg/all/function/internal_message.html?_=1666322353184&CODE_STATE=getMsg HTTP/1.1" 200 27
222.70.183.206 - - [21/Oct/2022:11:34:37 +0800] "GET /xingrg/all/function/internal_message.html?_=1666323270023&CODE_STATE=getMsg HTTP/1.1" 200 27
114.88.159.190 - - [21/Oct/2022:11:34:37 +0800] "GET /xingrg/kc/buy/cgsh_order_add.html HTTP/1.1" 200 69103
101.85.93.18 - - [21/Oct/2022:11:34:37 +0800] "GET /xingrg/check_reg.html?_=1666323271581 HTTP/1.1" 200 22
114.88.159.190 - - [21/Oct/2022:11:34:37 +0800] "POST /xingrg/kc/buy/cgsh_order_operate.html HTTP/1.1" 200 8245
114.88.159.190 - - [21/Oct/2022:11:34:37 +0800] "GET /xingrg/javascript/easyui/themes/default/validatebox.css HTTP/1.1" 404 1104
114.84.81.136 - - [21/Oct/2022:11:34:38 +0800] "GET /xingrg/kc/buy/cgsh_order_operate.html?command=get_materiel&rest_code=00148&code=00101008175&supplier_code=00100008&order_time=2022-10-21 HTTP/1.1" 200 412
61.170.232.52 - - [21/Oct/2022:11:34:40 +0800] "POST /xingrg/kc/buy/cgsh_list_operate.html HTTP/1.1" 200 2299
116.238.139.35 - - [21/Oct/2022:11:34:41 +0800] "GET /xingrg/kc/base/wldb_order_operate.html?command=get_materiel&rest_code=00150&base_code=0010445&code=00101016044 HTTP/1.1" 200 464
61.170.232.52 - - [21/Oct/2022:11:34:43 +0800] "GET /xingrg/all/function/internal_message.html?_=1666323281093&CODE_STATE=getMsg HTTP/1.1" 200 27
61.170.232.52 - - [21/Oct/2022:11:34:43 +0800] "POST /xingrg/kc/buy/cgsh_list_operate.html HTTP/1.1" 200 593
61.170.232.52 - - [21/Oct/2022:11:34:44 +0800] "GET /xingrg/kc/buy/cgsh_order_info.html?code=212022102106285 HTTP/1.1" 200 69118
61.170.232.52 - - [21/Oct/2022:11:34:44 +0800] "GET /xingrg/javascript/easyui/themes/default/validatebox.css HTTP/1.1" 404 1104
61.170.232.52 - - [21/Oct/2022:11:34:45 +0800] "POST /xingrg/kc/buy/cgsh_order_operate.html HTTP/1.1" 200 6820
61.170.232.52 - - [21/Oct/2022:11:34:47 +0800] "POST /xingrg/kc/buy/cgsh_list_operate.html HTTP/1.1" 200 2299
114.84.81.136 - - [21/Oct/2022:11:34:49 +0800] "GET /xingrg/kc/buy/cgsh_order_operate.html?command=get_materiel&rest_code=00148&code=00101008331&supplier_code=00100008&order_time=2022-10-21 HTTP/1.1" 200 416
114.88.159.190 - - [21/Oct/2022:11:34:49 +0800] "GET /xingrg/kc/buy/cgsh_order_operate.html?command=get_materiel&rest_code=00141&code=00101019789&supplier_code=00100316&order_time=2022-10-21 HTTP/1.1" 200 420
116.238.139.35 - - [21/Oct/2022:11:34:50 +0800] "GET /xingrg/kc/base/wldb_order_operate.html?command=get_materiel&rest_code=00150&base_code=0010445&code=00101019400 HTTP/1.1" 200 463
114.84.81.136 - - [21/Oct/2022:11:34:51 +0800] "POST /xingrg/kc/buy/cgsh_order_operate.html HTTP/1.1" 200 2065
61.170.232.52 - - [21/Oct/2022:11:34:51 +0800] "POST /xingrg/kc/buy/cgsh_order_operate.html HTTP/1.1" 200 37
124.79.243.136 - - [21/Oct/2022:11:34:53 +0800] "GET /xingrg/all/function/internal_message.html?_=1666323495365&CODE_STATE=getMsg HTTP/1.1" 200 27
61.170.232.52 - - [21/Oct/2022:11:34:55 +0800] "POST /xingrg/kc/buy/cgsh_order_operate.html HTTP/1.1" 200 12
114.84.81.136 - - [21/Oct/2022:11:34:56 +0800] "GET /xingrg/kc/buy/cgsh_order_operate.html?command=get_materiel&rest_code=00148&code=00101008350&supplier_code=00100008&order_time=2022-10-21 HTTP/1.1" 200 408
114.88.159.190 - - [21/Oct/2022:11:34:56 +0800] "GET /xingrg/kc/buy/cgsh_order_operate.html?command=get_materiel&rest_code=00141&code=00101005009&supplier_code=00100316&order_time=2022-10-21 HTTP/1.1" 200 436
61.170.232.52 - - [21/Oct/2022:11:34:56 +0800] "GET /xingrg/kc/buy/cgsh_order_info.html?code=212022102106285 HTTP/1.1" 200 64012
61.170.232.52 - - [21/Oct/2022:11:34:57 +0800] "GET /xingrg/javascript/easyui/themes/default/validatebox.css HTTP/1.1" 404 1104
120.253.135.82 - - [21/Oct/2022:11:34:57 +0800] "GET /xingrg/all/function/internal_message.html?_=1666323401407&CODE_STATE=getMsg HTTP/1.1" 200 27
61.170.232.52 - - [21/Oct/2022:11:34:57 +0800] "POST /xingrg/kc/buy/cgsh_order_operate.html HTTP/1.1" 200 4766
61.170.232.52 - - [21/Oct/2022:11:35:00 +0800] "GET /xingrg/kc/print/load_data.html?order_code=212022102106285&kc_code=cgsh&condition= HTTP/1.1" 200 2307
222.69.192.207 - - [21/Oct/2022:11:35:05 +0800] "GET /xingrg/all/function/internal_message.html?_=1666323300917&CODE_STATE=getMsg HTTP/1.1" 200 27
222.69.192.207 - - [21/Oct/2022:11:35:05 +0800] "GET /xingrg/check_reg.html?_=1666323300919 HTTP/1.1" 200 22
124.79.74.72 - - [21/Oct/2022:11:35:05 +0800] "GET /xingrg/all/function/internal_message.html?_=1666323300434&CODE_STATE=getMsg HTTP/1.1" 200 27
114.88.159.190 - - [21/Oct/2022:11:35:09 +0800] "POST /xingrg/kc/buy/cgsh_order_operate.html HTTP/1.1" 200 37
61.170.232.52 - - [21/Oct/2022:11:35:10 +0800] "POST /xingrg/kc/buy/cgsh_list_operate.html HTTP/1.1" 200 1860
116.230.105.139 - - [21/Oct/2022:11:35:10 +0800] "GET /xingrg/all/function/internal_message.html?_=1666323269914&CODE_STATE=getMsg HTTP/1.1" 200 27
222.70.183.206 - - [21/Oct/2022:11:35:10 +0800] "GET /xingrg/all/function/internal_message.html?_=1666323306310&CODE_STATE=getMsg HTTP/1.1" 200 27
114.84.81.136 - - [21/Oct/2022:11:35:10 +0800] "GET /xingrg/kc/buy/cgsh_order_operate.html?command=get_materiel&rest_code=00148&code=00101008223&supplier_code=00100008&order_time=2022-10-21 HTTP/1.1" 200 412
114.88.159.190 - - [21/Oct/2022:11:35:11 +0800] "GET /xingrg/all/function/internal_message.html?_=1666322931343&CODE_STATE=getMsg HTTP/1.1" 200 27
180.169.147.146 - - [21/Oct/2022:11:35:11 +0800] "GET /xingrg/all/function/internal_message.html?_=1666323301608&CODE_STATE=getMsg HTTP/1.1" 200 27
114.88.159.190 - - [21/Oct/2022:11:35:13 +0800] "POST /xingrg/kc/buy/cgsh_order_operate.html HTTP/1.1" 200 12
180.162.109.76 - - [21/Oct/2022:11:35:15 +0800] "POST /xingrg/kc/buy/cgsh_order_operate.html HTTP/1.1" 200 37
114.83.219.57 - - [21/Oct/2022:11:35:15 +0800] "GET /xingrg/all/function/internal_message.html?_=1666323412890&CODE_STATE=getMsg HTTP/1.1" 200 27
114.88.159.190 - - [21/Oct/2022:11:35:15 +0800] "GET /xingrg/kc/buy/cgsh_order_info.html?code=212022102106314 HTTP/1.1" 200 64010
114.88.159.190 - - [21/Oct/2022:11:35:16 +0800] "GET /xingrg/javascript/easyui/themes/default/validatebox.css HTTP/1.1" 404 1104
116.238.139.35 - - [21/Oct/2022:11:35:16 +0800] "GET /xingrg/all/function/internal_message.html?_=1666323311706&CODE_STATE=getMsg HTTP/1.1" 200 27
114.88.159.190 - - [21/Oct/2022:11:35:16 +0800] "POST /xingrg/kc/buy/cgsh_order_operate.html HTTP/1.1" 200 615
114.88.159.190 - - [21/Oct/2022:11:35:17 +0800] "GET /xingrg/kc/print/load_data.html?order_code=212022102106314&kc_code=cgsh&condition= HTTP/1.1" 200 720
180.162.109.76 - - [21/Oct/2022:11:35:19 +0800] "POST /xingrg/kc/buy/cgsh_order_operate.html HTTP/1.1" 200 12
180.162.109.76 - - [21/Oct/2022:11:35:20 +0800] "GET /xingrg/kc/buy/cgsh_order_info.html?code=212022102106315 HTTP/1.1" 200 63087
180.162.109.76 - - [21/Oct/2022:11:35:21 +0800] "GET /xingrg/javascript/easyui/themes/default/validatebox.css HTTP/1.1" 404 1104
114.88.159.190 - - [21/Oct/2022:11:35:21 +0800] "GET /xingrg/kc/buy/cgsh_order_add.html HTTP/1.1" 200 69103
114.88.159.190 - - [21/Oct/2022:11:35:21 +0800] "POST /xingrg/kc/buy/cgsh_order_operate.html HTTP/1.1" 200 8245
114.88.159.190 - - [21/Oct/2022:11:35:21 +0800] "GET /xingrg/javascript/easyui/themes/default/validatebox.css HTTP/1.1" 404 1104
180.162.109.76 - - [21/Oct/2022:11:35:21 +0800] "POST /xingrg/kc/buy/cgsh_order_operate.html HTTP/1.1" 200 609
180.162.109.76 - - [21/Oct/2022:11:35:24 +0800] "GET /xingrg/kc/print/load_data.html?order_code=212022102106315&kc_code=cgsh&condition= HTTP/1.1" 200 717
221.239.141.151 - - [21/Oct/2022:11:35:25 +0800] "GET /xingrg/all/function/internal_message.html?_=1666323320640&CODE_STATE=getMsg HTTP/1.1" 200 27
116.230.114.213 - - [21/Oct/2022:11:35:26 +0800] "GET /xingrg/all/function/internal_message.html?_=1666323339334&CODE_STATE=getMsg HTTP/1.1" 200 27
114.88.159.190 - - [21/Oct/2022:11:35:29 +0800] "GET /xingrg/kc/buy/cgsh_order_operate.html?command=get_materiel&rest_code=00141&code=00101002007&supplier_code=00100442&order_time=2022-10-21 HTTP/1.1" 200 411
114.84.81.136 - - [21/Oct/2022:11:35:30 +0800] "GET /xingrg/all/function/internal_message.html?_=1666323327349&CODE_STATE=getMsg HTTP/1.1" 200 27
222.69.192.207 - - [21/Oct/2022:11:35:34 +0800] "GET /xingrg/check_reg.html?_=1666323182521 HTTP/1.1" 200 22
222.69.192.207 - - [21/Oct/2022:11:35:34 +0800] "GET /xingrg/all/function/internal_message.html?_=1666323182524&CODE_STATE=getMsg HTTP/1.1" 200 27
120.253.135.82 - - [21/Oct/2022:11:35:34 +0800] "GET /xingrg/all/function/internal_message.html?_=1666323125885&CODE_STATE=getMsg HTTP/1.1" 200 27
101.85.93.18 - - [21/Oct/2022:11:35:36 +0800] "GET /xingrg/all/function/internal_message.html?_=1666323330128&CODE_STATE=getMsg HTTP/1.1" 200 27
180.162.109.76 - - [21/Oct/2022:11:35:36 +0800] "GET /xingrg/all/function/internal_message.html?_=1666322413177&CODE_STATE=getMsg HTTP/1.1" 200 27
222.70.183.206 - - [21/Oct/2022:11:35:37 +0800] "GET /xingrg/all/function/internal_message.html?_=1666323330050&CODE_STATE=getMsg HTTP/1.1" 200 27
222.70.183.206 - - [21/Oct/2022:11:35:37 +0800] "GET /xingrg/check_reg.html?_=1666323330053 HTTP/1.1" 200 22
114.84.81.136 - - [21/Oct/2022:11:35:38 +0800] "POST /xingrg/kc/buy/cgsh_order_operate.html HTTP/1.1" 200 2065
114.88.159.190 - - [21/Oct/2022:11:35:40 +0800] "GET /xingrg/kc/buy/cgsh_order_operate.html?command=get_materiel&rest_code=00141&code=00101002041&supplier_code=00100442&order_time=2022-10-21 HTTP/1.1" 200 409
61.170.232.52 - - [21/Oct/2022:11:35:43 +0800] "GET /xingrg/all/function/internal_message.html?_=1666323341076&CODE_STATE=getMsg HTTP/1.1" 200 27
114.84.81.136 - - [21/Oct/2022:11:35:52 +0800] "GET /xingrg/kc/buy/cgsh_order_operate.html?command=get_materiel&rest_code=00148&code=00101008105&supplier_code=00100008&order_time=2022-10-21 HTTP/1.1" 200 412
114.88.159.190 - - [21/Oct/2022:11:35:52 +0800] "GET /xingrg/kc/buy/cgsh_order_operate.html?command=get_materiel&rest_code=00141&code=00101001060&supplier_code=00100442&order_time=2022-10-21 HTTP/1.1" 200 421
124.79.243.136 - - [21/Oct/2022:11:35:52 +0800] "GET /xingrg/all/function/internal_message.html?_=1666323555336&CODE_STATE=getMsg HTTP/1.1" 200 27
120.253.135.82 - - [21/Oct/2022:11:35:57 +0800] "GET /xingrg/all/function/internal_message.html?_=1666323461418&CODE_STATE=getMsg HTTP/1.1" 200 27
114.84.81.136 - - [21/Oct/2022:11:35:59 +0800] "GET /xingrg/kc/buy/cgsh_order_operate.html?command=get_materiel&rest_code=00148&code=00101008119&supplier_code=00100008&order_time=2022-10-21 HTTP/1.1" 200 412
116.238.139.35 - - [21/Oct/2022:11:36:03 +0800] "POST /xingrg/kc/base/wldb_order_operate.html HTTP/1.1" 200 37
222.69.192.207 - - [21/Oct/2022:11:36:05 +0800] "GET /xingrg/all/function/internal_message.html?_=1666323360919&CODE_STATE=getMsg HTTP/1.1" 200 27
124.79.74.72 - - [21/Oct/2022:11:36:05 +0800] "GET /xingrg/all/function/internal_message.html?_=1666323360435&CODE_STATE=getMsg HTTP/1.1" 200 27
116.238.139.35 - - [21/Oct/2022:11:36:06 +0800] "POST /xingrg/kc/base/wldb_order_operate.html HTTP/1.1" 200 12
116.238.139.35 - - [21/Oct/2022:11:36:06 +0800] "POST /xingrg/kc/base/wldb_order_operate.html HTTP/1.1" 200 8736
114.88.159.190 - - [21/Oct/2022:11:36:07 +0800] "POST /xingrg/kc/buy/cgsh_order_operate.html HTTP/1.1" 200 37
114.84.81.136 - - [21/Oct/2022:11:36:09 +0800] "GET /xingrg/kc/buy/cgsh_order_operate.html?command=get_materiel&rest_code=00148&code=00101008061&supplier_code=00100008&order_time=2022-10-21 HTTP/1.1" 200 422
116.230.105.139 - - [21/Oct/2022:11:36:10 +0800] "GET /xingrg/all/function/internal_message.html?_=1666323329909&CODE_STATE=getMsg HTTP/1.1" 200 27
222.70.183.206 - - [21/Oct/2022:11:36:10 +0800] "GET /xingrg/all/function/internal_message.html?_=1666323366307&CODE_STATE=getMsg HTTP/1.1" 200 27
114.88.159.190 - - [21/Oct/2022:11:36:11 +0800] "GET /xingrg/all/function/internal_message.html?_=1666322991324&CODE_STATE=getMsg HTTP/1.1" 200 27
114.88.159.190 - - [21/Oct/2022:11:36:11 +0800] "POST /xingrg/kc/buy/cgsh_order_operate.html HTTP/1.1" 200 12
222.70.183.206 - - [21/Oct/2022:11:36:11 +0800] "GET /xingrg/login.html HTTP/1.1" 200 7641
180.169.147.146 - - [21/Oct/2022:11:36:11 +0800] "GET /xingrg/all/function/internal_message.html?_=1666323361608&CODE_STATE=getMsg HTTP/1.1" 200 27
222.70.183.206 - - [21/Oct/2022:11:36:12 +0800] "GET /favicon.ico HTTP/1.1" 404 -
114.88.159.190 - - [21/Oct/2022:11:36:12 +0800] "GET /xingrg/kc/buy/cgsh_order_info.html?code=212022102106316 HTTP/1.1" 200 64008
114.88.159.190 - - [21/Oct/2022:11:36:13 +0800] "GET /xingrg/javascript/easyui/themes/default/validatebox.css HTTP/1.1" 404 1104
114.88.159.190 - - [21/Oct/2022:11:36:13 +0800] "POST /xingrg/kc/buy/cgsh_order_operate.html HTTP/1.1" 200 1799
114.88.159.190 - - [21/Oct/2022:11:36:15 +0800] "GET /xingrg/kc/print/load_data.html?order_code=212022102106316&kc_code=cgsh&condition= HTTP/1.1" 200 1174
114.83.219.57 - - [21/Oct/2022:11:36:15 +0800] "GET /xingrg/all/function/internal_message.html?_=1666323472896&CODE_STATE=getMsg HTTP/1.1" 200 27
114.84.81.136 - - [21/Oct/2022:11:36:16 +0800] "GET /xingrg/all/function/internal_message.html?_=1666323374982&CODE_STATE=getMsg HTTP/1.1" 200 27
114.88.159.190 - - [21/Oct/2022:11:36:19 +0800] "GET /xingrg/kc/buy/cgsh_order_add.html HTTP/1.1" 200 69103
222.70.183.206 - - [21/Oct/2022:11:36:19 +0800] "POST /xingrg/login.do HTTP/1.1" 302 -
222.70.183.206 - - [21/Oct/2022:11:36:19 +0800] "GET /xingrg/index.html?sysBaseUrl=http%3A%2F%2F180.169.147.146%3A18081%2Fxingrg%2F&costTime=55×tamp=1666323379511 HTTP/1.1" 200 17419
222.70.183.206 - - [21/Oct/2022:11:36:19 +0800] "GET /favicon.ico HTTP/1.1" 404 -
222.70.183.206 - - [21/Oct/2022:11:36:19 +0800] "POST /xingrg/all/common/load_tree.html?tree=area_rest_tree_json&manage=1 HTTP/1.1" 200 470
222.70.183.206 - - [21/Oct/2022:11:36:19 +0800] "GET /xingrg/all/function/internal_message.html?_=1666323377933&CODE_STATE=count HTTP/1.1" 200 11
222.70.183.206 - - [21/Oct/2022:11:36:19 +0800] "GET /xingrg/check_reg.html?_=1666323377933 HTTP/1.1" 200 22
114.88.159.190 - - [21/Oct/2022:11:36:19 +0800] "GET /xingrg/javascript/easyui/themes/default/validatebox.css HTTP/1.1" 404 1104
114.88.159.190 - - [21/Oct/2022:11:36:19 +0800] "POST /xingrg/kc/buy/cgsh_order_operate.html HTTP/1.1" 200 8245
222.70.183.206 - - [21/Oct/2022:11:36:19 +0800] "POST /xingrg/load_menu.html HTTP/1.1" 200 9959
114.84.81.136 - - [21/Oct/2022:11:36:20 +0800] "GET /xingrg/kc/buy/cgsh_order_operate.html?command=get_materiel&rest_code=00148&code=00101010889&supplier_code=00100008&order_time=2022-10-21 HTTP/1.1" 200 398
116.238.139.35 - - [21/Oct/2022:11:36:20 +0800] "GET /xingrg/kc/base/wldb_order_info.html?code=422022102101543 HTTP/1.1" 200 26252
222.69.192.207 - - [21/Oct/2022:11:36:20 +0800] "GET /xingrg/kc/print/load_data.html?order_code=212022102106310&kc_code=cgsh&condition= HTTP/1.1" 200 683
116.238.139.35 - - [21/Oct/2022:11:36:20 +0800] "GET /xingrg/javascript/easyui/themes/default/validatebox.css HTTP/1.1" 404 1104
116.238.139.35 - - [21/Oct/2022:11:36:21 +0800] "POST /xingrg/kc/base/wldb_order_operate.html HTTP/1.1" 200 6867
114.84.81.136 - - [21/Oct/2022:11:36:23 +0800] "POST /xingrg/kc/buy/cgsh_order_operate.html HTTP/1.1" 200 2065
221.239.141.151 - - [21/Oct/2022:11:36:25 +0800] "GET /xingrg/check_reg.html?_=1666323380629 HTTP/1.1" 200 22
221.239.141.151 - - [21/Oct/2022:11:36:25 +0800] "GET /xingrg/all/function/internal_message.html?_=1666323380631&CODE_STATE=getMsg HTTP/1.1" 200 27
222.70.183.206 - - [21/Oct/2022:11:36:26 +0800] "POST /xingrg/all/user/operate.html HTTP/1.1" 200 36
116.230.114.213 - - [21/Oct/2022:11:36:26 +0800] "GET /xingrg/all/function/internal_message.html?_=1666323399347&CODE_STATE=getMsg HTTP/1.1" 200 27
222.70.183.206 - - [21/Oct/2022:11:36:26 +0800] "GET /xingrg/javascript/jquery_easy_ui/themes/default/easyui.css HTTP/1.1" 304 -
222.70.183.206 - - [21/Oct/2022:11:36:26 +0800] "GET /xingrg/javascript/jquery_easy_ui/themes/icon.css HTTP/1.1" 304 -
222.70.183.206 - - [21/Oct/2022:11:36:26 +0800] "GET /xingrg/javascript/jquery-1.4.2.min.js HTTP/1.1" 304 -
222.70.183.206 - - [21/Oct/2022:11:36:26 +0800] "GET /xingrg/css/form.css HTTP/1.1" 304 -
222.70.183.206 - - [21/Oct/2022:11:36:26 +0800] "GET /xingrg/javascript/jquery.form.js HTTP/1.1" 304 -
222.70.183.206 - - [21/Oct/2022:11:36:26 +0800] "GET /xingrg/javascript/jquery_easy_ui/easyui-lang-zh_CN.js HTTP/1.1" 304 -
222.70.183.206 - - [21/Oct/2022:11:36:26 +0800] "GET /xingrg/index.html?sysBaseUrl=http%3A%2F%2F180.169.147.146%3A18081%2Fxingrg%2F&costTime=55×tamp=1666323379511 HTTP/1.1" 200 17413
222.70.183.206 - - [21/Oct/2022:11:36:26 +0800] "GET /xingrg/javascript/jquery_easy_ui/jquery.easyui.min.js HTTP/1.1" 304 -
222.70.183.206 - - [21/Oct/2022:11:36:26 +0800] "GET /xingrg/javascript/jquery.utils.js HTTP/1.1" 304 -
222.70.183.206 - - [21/Oct/2022:11:36:26 +0800] "GET /xingrg/javascript/jquery.timers.js HTTP/1.1" 304 -
222.70.183.206 - - [21/Oct/2022:11:36:26 +0800] "GET /xingrg/images/blue/jxLogo.png HTTP/1.1" 304 -
222.70.183.206 - - [21/Oct/2022:11:36:26 +0800] "GET /xingrg/images/blue/navBackgound.jpg HTTP/1.1" 304 -
222.70.183.206 - - [21/Oct/2022:11:36:26 +0800] "GET /xingrg/javascript/jquery_easy_ui/themes/icons/settle_new.png HTTP/1.1" 304 -
222.70.183.206 - - [21/Oct/2022:11:36:26 +0800] "POST /xingrg/all/common/load_tree.html?tree=area_rest_tree_json&manage=1 HTTP/1.1" 200 470
222.70.183.206 - - [21/Oct/2022:11:36:26 +0800] "GET /xingrg/all/function/internal_message.html?_=1666323385093&CODE_STATE=count HTTP/1.1" 200 11
222.70.183.206 - - [21/Oct/2022:11:36:26 +0800] "GET /xingrg/check_reg.html?_=1666323385094 HTTP/1.1" 200 22
222.70.183.206 - - [21/Oct/2022:11:36:26 +0800] "GET /xingrg/javascript/jquery_easy_ui/themes/default/images/tabs_rightarrow.png HTTP/1.1" 304 -
222.70.183.206 - - [21/Oct/2022:11:36:26 +0800] "GET /xingrg/javascript/jquery_easy_ui/themes/default/images/tabs_leftarrow.png HTTP/1.1" 304 -
222.70.183.206 - - [21/Oct/2022:11:36:26 +0800] "GET /xingrg/javascript/jquery_easy_ui/themes/default/images/panel_tool_collapse.gif HTTP/1.1" 304 -
222.70.183.206 - - [21/Oct/2022:11:36:26 +0800] "GET /xingrg/javascript/jquery_easy_ui/themes/default/images/panel_tool_expand.gif HTTP/1.1" 304 -
222.70.183.206 - - [21/Oct/2022:11:36:26 +0800] "GET /xingrg/images/blue/pingpu.png HTTP/1.1" 304 -
222.70.183.206 - - [21/Oct/2022:11:36:26 +0800] "POST /xingrg/load_menu.html HTTP/1.1" 200 9959
222.69.192.207 - - [21/Oct/2022:11:36:27 +0800] "GET /xingrg/kc/buy/cgsh_order_add.html HTTP/1.1" 200 69185
116.238.139.35 - - [21/Oct/2022:11:36:27 +0800] "GET /xingrg/kc/base/wldb_order_add.html HTTP/1.1" 200 30371
222.69.192.207 - - [21/Oct/2022:11:36:27 +0800] "GET /xingrg/javascript/easyui/themes/default/validatebox.css HTTP/1.1" 404 1104
222.69.192.207 - - [21/Oct/2022:11:36:27 +0800] "POST /xingrg/kc/buy/cgsh_order_operate.html HTTP/1.1" 200 8245
116.238.139.35 - - [21/Oct/2022:11:36:27 +0800] "POST /xingrg/kc/base/wldb_order_operate.html HTTP/1.1" 200 6806
116.238.139.35 - - [21/Oct/2022:11:36:28 +0800] "GET /xingrg/javascript/easyui/themes/default/validatebox.css HTTP/1.1" 404 1104
222.70.183.206 - - [21/Oct/2022:11:36:28 +0800] "GET /xingrg/kc/report/report_main.html HTTP/1.1" 200 7340
114.84.81.136 - - [21/Oct/2022:11:36:28 +0800] "GET /xingrg/kc/buy/cgsh_order_operate.html?command=get_materiel&rest_code=00148&code=00101008114&supplier_code=00100008&order_time=2022-10-21 HTTP/1.1" 200 412
222.70.183.206 - - [21/Oct/2022:11:36:29 +0800] "GET /xingrg/all/report/report_query.html?fileName=kc/buy/gys_amount.xml&rh=99999 HTTP/1.1" 200 52006
222.70.183.206 - - [21/Oct/2022:11:36:29 +0800] "GET /xingrg/dwr/util.js HTTP/1.1" 304 -
222.70.183.206 - - [21/Oct/2022:11:36:29 +0800] "GET /xingrg/dwr/interface/AjaxReportQueryService.js HTTP/1.1" 200 13203
222.70.183.206 - - [21/Oct/2022:11:36:29 +0800] "GET /xingrg/dwr/engine.js HTTP/1.1" 200 43631
222.70.183.206 - - [21/Oct/2022:11:36:29 +0800] "POST /xingrg/dwr/call/plaincall/AjaxReportQueryService.getFixDate.dwr HTTP/1.1" 200 111
222.70.183.206 - - [21/Oct/2022:11:36:30 +0800] "POST /xingrg/all/common/load_tree.html?tree=supplier_tree_json&manage=1 HTTP/1.1" 200 70729
222.70.183.206 - - [21/Oct/2022:11:36:30 +0800] "POST /xingrg/all/common/load_tree.html?tree=materiel_sort_tree_json HTTP/1.1" 200 9500
114.84.81.136 - - [21/Oct/2022:11:36:30 +0800] "GET /xingrg/check_reg.html?_=1666323387375 HTTP/1.1" 200 22
114.84.81.136 - - [21/Oct/2022:11:36:30 +0800] "GET /xingrg/all/function/internal_message.html?_=1666323387377&CODE_STATE=getMsg HTTP/1.1" 200 27
222.70.183.206 - - [21/Oct/2022:11:36:31 +0800] "POST /xingrg/dwr/call/plaincall/AjaxReportQueryService.getInitString.dwr HTTP/1.1" 200 1002
114.88.159.190 - - [21/Oct/2022:11:36:31 +0800] "GET /xingrg/kc/buy/cgsh_order_operate.html?command=get_materiel&rest_code=00141&code=00101010672&supplier_code=00100312&order_time=2022-10-21 HTTP/1.1" 200 411
222.70.183.206 - - [21/Oct/2022:11:36:33 +0800] "POST /xingrg/dwr/call/plaincall/AjaxReportQueryService.getFixDate.dwr HTTP/1.1" 200 111
222.69.192.207 - - [21/Oct/2022:11:36:34 +0800] "GET /xingrg/all/function/internal_message.html?_=1666323242528&CODE_STATE=getMsg HTTP/1.1" 200 27
120.253.135.82 - - [21/Oct/2022:11:36:34 +0800] "GET /xingrg/all/function/internal_message.html?_=1666323185899&CODE_STATE=getMsg HTTP/1.1" 200 27
101.85.93.18 - - [21/Oct/2022:11:36:36 +0800] "GET /xingrg/all/function/internal_message.html?_=1666323390113&CODE_STATE=getMsg HTTP/1.1" 200 27
180.162.109.76 - - [21/Oct/2022:11:36:36 +0800] "GET /xingrg/all/function/internal_message.html?_=1666322473179&CODE_STATE=getMsg HTTP/1.1" 200 27
222.70.183.206 - - [21/Oct/2022:11:36:37 +0800] "GET /xingrg/all/function/internal_message.html?_=1666323390054&CODE_STATE=getMsg HTTP/1.1" 200 27
116.238.139.35 - - [21/Oct/2022:11:36:37 +0800] "GET /xingrg/kc/base/wldb_order_operate.html?command=get_materiel&rest_code=00150&base_code=0010446&code=00102001084 HTTP/1.1" 200 432
114.88.159.190 - - [21/Oct/2022:11:36:40 +0800] "GET /xingrg/kc/buy/cgsh_order_operate.html?command=get_materiel&rest_code=00141&code=00101004046&supplier_code=00100312&order_time=2022-10-21 HTTP/1.1" 200 417
116.238.139.35 - - [21/Oct/2022:11:36:42 +0800] "POST /xingrg/kc/base/wldb_order_operate.html HTTP/1.1" 200 37
222.69.192.207 - - [21/Oct/2022:11:36:43 +0800] "GET /xingrg/kc/buy/cgsh_order_operate.html?command=get_materiel&rest_code=00105&code=00101001045&supplier_code=00100439&order_time=2022-10-21 HTTP/1.1" 200 423
61.170.232.52 - - [21/Oct/2022:11:36:43 +0800] "GET /xingrg/all/function/internal_message.html?_=1666323401049&CODE_STATE=getMsg HTTP/1.1" 200 27
114.84.81.136 - - [21/Oct/2022:11:36:43 +0800] "GET /xingrg/kc/buy/cgsh_order_operate.html?command=get_materiel&rest_code=00148&code=00101008072&supplier_code=00100008&order_time=2022-10-21 HTTP/1.1" 200 408
222.70.183.206 - - [21/Oct/2022:11:36:43 +0800] "POST /xingrg/dwr/call/plaincall/AjaxReportQueryService.refreshCache.dwr HTTP/1.1" 200 78
61.170.232.52 - - [21/Oct/2022:11:36:44 +0800] "GET /xingrg/check_reg.html?_=1666323402504 HTTP/1.1" 200 22
222.70.183.206 - - [21/Oct/2022:11:36:44 +0800] "POST /xingrg/all/report/load_report_page.html HTTP/1.1" 200 8924
222.70.183.206 - - [21/Oct/2022:11:36:44 +0800] "GET /xingrg/servlets/image?cache=0.4770677211832909&image=px HTTP/1.1" 200 807
116.238.139.35 - - [21/Oct/2022:11:36:45 +0800] "POST /xingrg/kc/base/wldb_order_operate.html HTTP/1.1" 200 12
116.238.139.35 - - [21/Oct/2022:11:36:45 +0800] "POST /xingrg/kc/base/wldb_order_operate.html HTTP/1.1" 200 2179
116.238.139.35 - - [21/Oct/2022:11:36:46 +0800] "GET /xingrg/kc/base/wldb_order_info.html?code=422022102101544 HTTP/1.1" 200 26245
116.238.139.35 - - [21/Oct/2022:11:36:47 +0800] "GET /xingrg/javascript/easyui/themes/default/validatebox.css HTTP/1.1" 404 1104
116.238.139.35 - - [21/Oct/2022:11:36:47 +0800] "POST /xingrg/kc/base/wldb_order_operate.html HTTP/1.1" 200 473
114.88.159.190 - - [21/Oct/2022:11:36:47 +0800] "GET /xingrg/kc/buy/cgsh_order_operate.html?command=get_materiel&rest_code=00141&code=00101008010&supplier_code=00100312&order_time=2022-10-21 HTTP/1.1" 200 412
222.70.183.206 - - [21/Oct/2022:11:36:48 +0800] "GET /xingrg/all/report/report_query.html?isQuery=1&fileName=kc/buy/wlcg_cate_hz.xml&queryString=(CONVERT(char(10)%252Ca.order_time%252C%2520120)%253E%253D'2022-09-01')%2520and%2520(CONVERT(char(10)%252Ca.order_time%252C%2520120)%253C%253D'2022-09-30')%2520and%2520(a.supplier_code%2520in%2520('00100005'))%2520and%2520(a.supplier_code%253D'00100005')&queryText=%25E3%2580%2590%25E9%2587%2587%25E8%25B4%25AD%25E6%2597%25A5%25E6%259C%259F%253A2022-09-01%2520%25E8%2587%25B3%25202022-09-30%25E3%2580%2591%2520%25E5%25B9%25B6%25E4%25B8%2594%2520%2520%25E3%2580%2590%25E4%25BE%259B%25E5%25BA%2594%25E5%2595%2586%2520%253D%2520%25E8%2594%25AC%25E8%258F%259C%25EF%25BC%2588%25E5%25AE%258B%25E6%259C%25A8%25E6%25A0%25B9%25EF%25BC%2589%25E3%2580%2591%2520%25E5%25B9%25B6%25E4%25B8%2594%2520%25E3%2580%2590%25E4%25BE%259B%25E5%25BA%2594%25E5%2595%2586%253D%25E8%2594%25AC%25E8%258F%259C%25EF%25BC%2588%25E5%25AE%258B%25E6%259C%25A8%25E6%25A0%25B9%25EF%25BC%2589%25E3%2580%2591 HTTP/1.1" 200 54465
222.70.183.206 - - [21/Oct/2022:11:36:48 +0800] "GET /xingrg/dwr/interface/AjaxReportQueryService.js HTTP/1.1" 200 13203
222.70.183.206 - - [21/Oct/2022:11:36:48 +0800] "GET /xingrg/dwr/engine.js HTTP/1.1" 200 43631
222.70.183.206 - - [21/Oct/2022:11:36:50 +0800] "POST /xingrg/all/report/load_report_page.html HTTP/1.1" 200 8718
222.70.183.206 - - [21/Oct/2022:11:36:50 +0800] "GET /xingrg/servlets/image?cache=0.2252001392502314&image=px HTTP/1.1" 200 807
222.70.183.206 - - [21/Oct/2022:11:36:50 +0800] "POST /xingrg/all/report/load_report_page.html HTTP/1.1" 200 66466
222.70.183.206 - - [21/Oct/2022:11:36:50 +0800] "GET /xingrg/servlets/image?cache=0.47546327010439127&image=px HTTP/1.1" 200 807
222.70.183.206 - - [21/Oct/2022:11:36:51 +0800] "POST /xingrg/all/report/report_print.html HTTP/1.1" 302 -
222.70.183.206 - - [21/Oct/2022:11:36:51 +0800] "GET /xingrg/servlets/image?image=px HTTP/1.1" 200 807
222.70.183.206 - - [21/Oct/2022:11:36:51 +0800] "GET /xingrg/servlets/html?sysBaseUrl=http%3A%2F%2F180.169.147.146%3A18081%2Fxingrg%2F&costTime=475×tamp=1666323411728 HTTP/1.1" 200 384974
222.70.183.206 - - [21/Oct/2022:11:36:51 +0800] "GET /favicon.ico HTTP/1.1" 404 -
124.79.243.136 - - [21/Oct/2022:11:36:52 +0800] "GET /xingrg/all/function/internal_message.html?_=1666323615313&CODE_STATE=getMsg HTTP/1.1" 200 27
116.238.139.35 - - [21/Oct/2022:11:36:53 +0800] "POST /xingrg/kc/base/wldb_order_operate.html HTTP/1.1" 200 12
116.238.139.35 - - [21/Oct/2022:11:36:54 +0800] "GET /xingrg/kc/base/wldb_order_info.html?code=422022102101544 HTTP/1.1" 200 30381
116.238.139.35 - - [21/Oct/2022:11:36:55 +0800] "GET /xingrg/javascript/easyui/themes/default/validatebox.css HTTP/1.1" 404 1104
116.238.139.35 - - [21/Oct/2022:11:36:55 +0800] "POST /xingrg/kc/base/wldb_order_operate.html HTTP/1.1" 200 2179
120.253.135.82 - - [21/Oct/2022:11:36:57 +0800] "GET /xingrg/all/function/internal_message.html?_=1666323521432&CODE_STATE=getMsg HTTP/1.1" 200 27
114.88.159.190 - - [21/Oct/2022:11:36:57 +0800] "GET /xingrg/kc/buy/cgsh_order_operate.html?command=get_materiel&rest_code=00141&code=00101004004&supplier_code=00100312&order_time=2022-10-21 HTTP/1.1" 200 413
222.69.192.207 - - [21/Oct/2022:11:36:58 +0800] "GET /xingrg/kc/buy/cgsh_order_operate.html?command=get_materiel&rest_code=00105&code=00101001295&supplier_code=00100439&order_time=2022-10-21 HTTP/1.1" 200 422
116.238.139.35 - - [21/Oct/2022:11:37:01 +0800] "GET /xingrg/kc/base/wldb_order_operate.html?command=get_materiel&rest_code=00150&base_code=0010446&code=00102002304 HTTP/1.1" 200 463
222.69.192.207 - - [21/Oct/2022:11:37:05 +0800] "GET /xingrg/all/function/internal_message.html?_=1666323420911&CODE_STATE=getMsg HTTP/1.1" 200 27
124.79.74.72 - - [21/Oct/2022:11:37:05 +0800] "GET /xingrg/all/function/internal_message.html?_=1666323420435&CODE_STATE=getMsg HTTP/1.1" 200 27
116.238.139.35 - - [21/Oct/2022:11:37:05 +0800] "POST /xingrg/kc/base/wldb_order_operate.html HTTP/1.1" 200 37
222.69.192.207 - - [21/Oct/2022:11:37:07 +0800] "POST /xingrg/kc/buy/cgsh_order_operate.html HTTP/1.1" 200 37
116.238.139.35 - - [21/Oct/2022:11:37:08 +0800] "POST /xingrg/kc/base/wldb_order_operate.html HTTP/1.1" 200 12
114.88.159.190 - - [21/Oct/2022:11:37:08 +0800] "GET /xingrg/kc/buy/cgsh_order_operate.html?command=get_materiel&rest_code=00141&code=00101004071&supplier_code=00100312&order_time=2022-10-21 HTTP/1.1" 200 409
116.238.139.35 - - [21/Oct/2022:11:37:08 +0800] "POST /xingrg/kc/base/wldb_order_operate.html HTTP/1.1" 200 2674
116.238.139.35 - - [21/Oct/2022:11:37:09 +0800] "GET /xingrg/kc/base/wldb_order_info.html?code=422022102101544 HTTP/1.1" 200 26249
116.238.139.35 - - [21/Oct/2022:11:37:09 +0800] "GET /xingrg/javascript/easyui/themes/default/validatebox.css HTTP/1.1" 404 1104
116.238.139.35 - - [21/Oct/2022:11:37:09 +0800] "POST /xingrg/kc/base/wldb_order_operate.html HTTP/1.1" 200 957
116.230.105.139 - - [21/Oct/2022:11:37:10 +0800] "GET /xingrg/all/function/internal_message.html?_=1666323389905&CODE_STATE=getMsg HTTP/1.1" 200 27
116.230.105.139 - - [21/Oct/2022:11:37:10 +0800] "GET /xingrg/check_reg.html?_=1666323389907 HTTP/1.1" 200 22
222.70.183.206 - - [21/Oct/2022:11:37:10 +0800] "GET /xingrg/all/function/internal_message.html?_=1666323426299&CODE_STATE=getMsg HTTP/1.1" 200 27
114.88.159.190 - - [21/Oct/2022:11:37:11 +0800] "GET /xingrg/all/function/internal_message.html?_=1666323051322&CODE_STATE=getMsg HTTP/1.1" 200 27
180.169.147.146 - - [21/Oct/2022:11:37:11 +0800] "GET /xingrg/all/function/internal_message.html?_=1666323421608&CODE_STATE=getMsg HTTP/1.1" 200 27
180.169.147.146 - - [21/Oct/2022:11:37:11 +0800] "GET /xingrg/check_reg.html?_=1666323421611 HTTP/1.1" 200 22
222.69.192.207 - - [21/Oct/2022:11:37:15 +0800] "POST /xingrg/kc/buy/cgsh_order_operate.html HTTP/1.1" 200 3288
114.83.219.57 - - [21/Oct/2022:11:37:15 +0800] "GET /xingrg/all/function/internal_message.html?_=1666323532905&CODE_STATE=getMsg HTTP/1.1" 200 27
114.88.159.190 - - [21/Oct/2022:11:37:16 +0800] "GET /xingrg/kc/buy/cgsh_order_operate.html?command=get_materiel&rest_code=00141&code=00101004082&supplier_code=00100312&order_time=2022-10-21 HTTP/1.1" 200 413
116.238.139.35 - - [21/Oct/2022:11:37:16 +0800] "GET /xingrg/all/function/internal_message.html?_=1666323431724&CODE_STATE=getMsg HTTP/1.1" 200 27
222.69.192.207 - - [21/Oct/2022:11:37:16 +0800] "GET /xingrg/kc/print/load_data.html?order_code=212022102106317&kc_code=cgsh&condition= HTTP/1.1" 200 938
222.69.192.207 - - [21/Oct/2022:11:37:20 +0800] "GET /xingrg/kc/buy/cgsh_order_add.html HTTP/1.1" 200 69185
222.69.192.207 - - [21/Oct/2022:11:37:20 +0800] "GET /xingrg/javascript/easyui/themes/default/validatebox.css HTTP/1.1" 404 1104
222.69.192.207 - - [21/Oct/2022:11:37:20 +0800] "POST /xingrg/kc/buy/cgsh_order_operate.html HTTP/1.1" 200 8245
114.88.159.190 - - [21/Oct/2022:11:37:22 +0800] "GET /xingrg/kc/buy/cgsh_order_operate.html?command=get_materiel&rest_code=00141&code=00101005017&supplier_code=00100312&order_time=2022-10-21 HTTP/1.1" 200 409
221.239.141.151 - - [21/Oct/2022:11:37:25 +0800] "GET /xingrg/all/function/internal_message.html?_=1666323440644&CODE_STATE=getMsg HTTP/1.1" 200 27
222.70.183.206 - - [21/Oct/2022:11:37:26 +0800] "GET /xingrg/all/function/internal_message.html?_=1666323445104&CODE_STATE=getMsg HTTP/1.1" 200 27
116.230.114.213 - - [21/Oct/2022:11:37:27 +0800] "GET /xingrg/all/function/internal_message.html?_=1666323459601&CODE_STATE=getMsg HTTP/1.1" 200 27
114.84.81.136 - - [21/Oct/2022:11:37:30 +0800] "GET /xingrg/all/function/internal_message.html?_=1666323447376&CODE_STATE=getMsg HTTP/1.1" 200 27
222.69.192.207 - - [21/Oct/2022:11:37:32 +0800] "GET /xingrg/kc/buy/cgsh_order_operate.html?command=get_materiel&rest_code=00105&code=00101007032&supplier_code=00100328&order_time=2022-10-21 HTTP/1.1" 200 413
222.69.192.207 - - [21/Oct/2022:11:37:34 +0800] "GET /xingrg/all/function/internal_message.html?_=1666323302528&CODE_STATE=getMsg HTTP/1.1" 200 27
120.253.135.82 - - [21/Oct/2022:11:37:34 +0800] "GET /xingrg/check_reg.html?_=1666323245756 HTTP/1.1" 200 22
120.253.135.82 - - [21/Oct/2022:11:37:34 +0800] "GET /xingrg/all/function/internal_message.html?_=1666323245912&CODE_STATE=getMsg HTTP/1.1" 200 27
101.85.93.18 - - [21/Oct/2022:11:37:36 +0800] "GET /xingrg/all/function/internal_message.html?_=1666323450098&CODE_STATE=getMsg HTTP/1.1" 200 27
180.162.109.76 - - [21/Oct/2022:11:37:36 +0800] "GET /xingrg/all/function/internal_message.html?_=1666322533180&CODE_STATE=getMsg HTTP/1.1" 200 27
222.70.183.206 - - [21/Oct/2022:11:37:37 +0800] "GET /xingrg/all/function/internal_message.html?_=1666323450056&CODE_STATE=getMsg HTTP/1.1" 200 27
114.88.159.190 - - [21/Oct/2022:11:37:38 +0800] "GET /xingrg/kc/buy/cgsh_order_operate.html?command=get_materiel&rest_code=00141&code=00101004050&supplier_code=00100312&order_time=2022-10-21 HTTP/1.1" 200 409
61.170.232.52 - - [21/Oct/2022:11:37:43 +0800] "GET /xingrg/all/function/internal_message.html?_=1666323461023&CODE_STATE=getMsg HTTP/1.1" 200 27
222.69.192.207 - - [21/Oct/2022:11:37:43 +0800] "GET /xingrg/kc/buy/cgsh_order_operate.html?command=get_materiel&rest_code=00105&code=00101007077&supplier_code=00100328&order_time=2022-10-21 HTTP/1.1" 200 415
114.84.81.136 - - [21/Oct/2022:11:37:45 +0800] "GET /xingrg/kc/buy/cgsh_order_operate.html?command=get_materiel&rest_code=00148&code=00101008049&supplier_code=00100008&order_time=2022-10-21 HTTP/1.1" 200 408
222.70.183.206 - - [21/Oct/2022:11:37:46 +0800] "GET /xingrg/kc/buy/cgsh_order_add.html HTTP/1.1" 200 69059
222.70.183.206 - - [21/Oct/2022:11:37:47 +0800] "POST /xingrg/kc/buy/cgsh_order_operate.html HTTP/1.1" 200 8245
222.70.183.206 - - [21/Oct/2022:11:37:47 +0800] "GET /xingrg/javascript/easyui/themes/default/validatebox.css HTTP/1.1" 404 1104
114.88.159.190 - - [21/Oct/2022:11:37:48 +0800] "GET /xingrg/kc/buy/cgsh_order_operate.html?command=get_materiel&rest_code=00141&code=00101004030&supplier_code=00100312&order_time=2022-10-21 HTTP/1.1" 200 408
124.79.243.136 - - [21/Oct/2022:11:37:49 +0800] "GET /xingrg/check_reg.html?_=1666323671498 HTTP/1.1" 200 22
222.69.192.207 - - [21/Oct/2022:11:37:52 +0800] "POST /xingrg/kc/buy/cgsh_order_operate.html HTTP/1.1" 200 37
124.79.243.136 - - [21/Oct/2022:11:37:52 +0800] "GET /xingrg/all/function/internal_message.html?_=1666323675289&CODE_STATE=getMsg HTTP/1.1" 200 27
114.88.159.190 - - [21/Oct/2022:11:37:56 +0800] "GET /xingrg/kc/buy/cgsh_order_operate.html?command=get_materiel&rest_code=00141&code=00101005015&supplier_code=00100312&order_time=2022-10-21 HTTP/1.1" 200 409
120.253.135.82 - - [21/Oct/2022:11:37:57 +0800] "GET /xingrg/check_reg.html?_=1666323581310 HTTP/1.1" 200 22
120.253.135.82 - - [21/Oct/2022:11:37:57 +0800] "GET /xingrg/all/function/internal_message.html?_=1666323581444&CODE_STATE=getMsg HTTP/1.1" 200 27
222.69.192.207 - - [21/Oct/2022:11:37:58 +0800] "POST /xingrg/kc/buy/cgsh_order_operate.html HTTP/1.1" 200 3254
114.84.81.136 - - [21/Oct/2022:11:37:58 +0800] "GET /xingrg/kc/buy/cgsh_order_operate.html?command=get_materiel&rest_code=00148&code=00101008300&supplier_code=00100008&order_time=2022-10-21 HTTP/1.1" 200 412
222.69.192.207 - - [21/Oct/2022:11:37:59 +0800] "GET /xingrg/kc/print/load_data.html?order_code=212022102106318&kc_code=cgsh&condition= HTTP/1.1" 200 913
222.69.192.207 - - [21/Oct/2022:11:38:02 +0800] "GET /xingrg/kc/buy/cgsh_order_add.html HTTP/1.1" 200 69185
114.84.81.136 - - [21/Oct/2022:11:38:02 +0800] "POST /xingrg/kc/buy/cgsh_order_operate.html HTTP/1.1" 200 2065
222.69.192.207 - - [21/Oct/2022:11:38:02 +0800] "GET /xingrg/javascript/easyui/themes/default/validatebox.css HTTP/1.1" 404 1104
222.69.192.207 - - [21/Oct/2022:11:38:03 +0800] "POST /xingrg/kc/buy/cgsh_order_operate.html HTTP/1.1" 200 8245
222.69.192.207 - - [21/Oct/2022:11:38:05 +0800] "GET /xingrg/all/function/internal_message.html?_=1666323480924&CODE_STATE=getMsg HTTP/1.1" 200 27
124.79.74.72 - - [21/Oct/2022:11:38:05 +0800] "GET /xingrg/all/function/internal_message.html?_=1666323480434&CODE_STATE=getMsg HTTP/1.1" 200 27
124.79.74.72 - - [21/Oct/2022:11:38:05 +0800] "GET /xingrg/check_reg.html?_=1666323480435 HTTP/1.1" 200 22
114.88.159.190 - - [21/Oct/2022:11:38:10 +0800] "POST /xingrg/kc/buy/cgsh_order_operate.html HTTP/1.1" 200 37
116.230.105.139 - - [21/Oct/2022:11:38:10 +0800] "GET /xingrg/all/function/internal_message.html?_=1666323449915&CODE_STATE=getMsg HTTP/1.1" 200 27
222.70.183.206 - - [21/Oct/2022:11:38:10 +0800] "GET /xingrg/all/function/internal_message.html?_=1666323486297&CODE_STATE=getMsg HTTP/1.1" 200 27
222.70.183.206 - - [21/Oct/2022:11:38:10 +0800] "GET /xingrg/check_reg.html?_=1666323486299 HTTP/1.1" 200 22
114.88.159.190 - - [21/Oct/2022:11:38:11 +0800] "GET /xingrg/all/function/internal_message.html?_=1666323111274&CODE_STATE=getMsg HTTP/1.1" 200 27
222.70.183.206 - - [21/Oct/2022:11:38:11 +0800] "GET /xingrg/kc/buy/cgsh_order_operate.html?command=get_materiel&rest_code=00111&code=00101010029&supplier_code=00100547&order_time=2022-10-21 HTTP/1.1" 200 419
180.169.147.146 - - [21/Oct/2022:11:38:11 +0800] "GET /xingrg/all/function/internal_message.html?_=1666323481610&CODE_STATE=getMsg HTTP/1.1" 200 27
116.230.114.213 - - [21/Oct/2022:11:38:13 +0800] "GET /xingrg/check_reg.html?_=1666323505707 HTTP/1.1" 200 22
114.88.159.190 - - [21/Oct/2022:11:38:13 +0800] "POST /xingrg/kc/buy/cgsh_order_operate.html HTTP/1.1" 200 12
114.88.159.190 - - [21/Oct/2022:11:38:14 +0800] "GET /xingrg/kc/buy/cgsh_order_info.html?code=212022102106319 HTTP/1.1" 200 64010
222.69.192.207 - - [21/Oct/2022:11:38:14 +0800] "GET /xingrg/kc/buy/cgsh_order_operate.html?command=get_materiel&rest_code=00105&code=00101010616&supplier_code=00100566&order_time=2022-10-21 HTTP/1.1" 200 431
114.88.159.190 - - [21/Oct/2022:11:38:14 +0800] "GET /xingrg/javascript/easyui/themes/default/validatebox.css HTTP/1.1" 404 1104
114.88.159.190 - - [21/Oct/2022:11:38:15 +0800] "POST /xingrg/kc/buy/cgsh_order_operate.html HTTP/1.1" 200 5351
114.83.219.57 - - [21/Oct/2022:11:38:15 +0800] "GET /xingrg/all/function/internal_message.html?_=1666323592910&CODE_STATE=getMsg HTTP/1.1" 200 27
114.84.81.136 - - [21/Oct/2022:11:38:16 +0800] "GET /xingrg/kc/buy/cgsh_order_operate.html?command=get_materiel&rest_code=00148&code=00101008296&supplier_code=00100008&order_time=2022-10-21 HTTP/1.1" 200 416
114.88.159.190 - - [21/Oct/2022:11:38:16 +0800] "GET /xingrg/kc/print/load_data.html?order_code=212022102106319&kc_code=cgsh&condition= HTTP/1.1" 200 2527
116.238.139.35 - - [21/Oct/2022:11:38:16 +0800] "GET /xingrg/all/function/internal_message.html?_=1666323491699&CODE_STATE=getMsg HTTP/1.1" 200 27
114.88.159.190 - - [21/Oct/2022:11:38:19 +0800] "GET /xingrg/kc/buy/cgsh_order_add.html HTTP/1.1" 200 69103
114.88.159.190 - - [21/Oct/2022:11:38:19 +0800] "POST /xingrg/kc/buy/cgsh_order_operate.html HTTP/1.1" 200 8245
114.88.159.190 - - [21/Oct/2022:11:38:19 +0800] "GET /xingrg/javascript/easyui/themes/default/validatebox.css HTTP/1.1" 404 1104
221.239.141.151 - - [21/Oct/2022:11:38:25 +0800] "GET /xingrg/all/function/internal_message.html?_=1666323500631&CODE_STATE=getMsg HTTP/1.1" 200 27
222.70.183.206 - - [21/Oct/2022:11:38:26 +0800] "GET /xingrg/all/function/internal_message.html?_=1666323505107&CODE_STATE=getMsg HTTP/1.1" 200 27
116.230.114.213 - - [21/Oct/2022:11:38:27 +0800] "GET /xingrg/all/function/internal_message.html?_=1666323519607&CODE_STATE=getMsg HTTP/1.1" 200 27
222.69.192.207 - - [21/Oct/2022:11:38:27 +0800] "POST /xingrg/kc/buy/cgsh_order_operate.html HTTP/1.1" 200 64
114.84.81.136 - - [21/Oct/2022:11:38:29 +0800] "POST /xingrg/kc/buy/cgsh_order_operate.html HTTP/1.1" 200 37
114.84.81.136 - - [21/Oct/2022:11:38:30 +0800] "POST /xingrg/kc/buy/cgsh_order_operate.html HTTP/1.1" 200 29282
114.88.159.190 - - [21/Oct/2022:11:38:30 +0800] "GET /xingrg/kc/buy/cgsh_order_operate.html?command=get_materiel&rest_code=00141&code=00101004057&supplier_code=00100312&order_time=2022-10-21 HTTP/1.1" 200 409
114.84.81.136 - - [21/Oct/2022:11:38:30 +0800] "GET /xingrg/all/function/internal_message.html?_=1666323507377&CODE_STATE=getMsg HTTP/1.1" 200 27
222.69.192.207 - - [21/Oct/2022:11:38:34 +0800] "GET /xingrg/all/function/internal_message.html?_=1666323362535&CODE_STATE=getMsg HTTP/1.1" 200 27
120.253.135.82 - - [21/Oct/2022:11:38:34 +0800] "GET /xingrg/all/function/internal_message.html?_=1666323305925&CODE_STATE=getMsg HTTP/1.1" 200 27
101.85.93.18 - - [21/Oct/2022:11:38:36 +0800] "GET /xingrg/all/function/internal_message.html?_=1666323510071&CODE_STATE=getMsg HTTP/1.1" 200 27
180.162.109.76 - - [21/Oct/2022:11:38:36 +0800] "GET /xingrg/all/function/internal_message.html?_=1666322593192&CODE_STATE=getMsg HTTP/1.1" 200 27
180.162.109.76 - - [21/Oct/2022:11:38:36 +0800] "GET /xingrg/check_reg.html?_=1666322593195 HTTP/1.1" 200 22
222.69.192.207 - - [21/Oct/2022:11:38:37 +0800] "POST /xingrg/kc/buy/cgsh_order_operate.html HTTP/1.1" 200 37
222.70.183.206 - - [21/Oct/2022:11:38:37 +0800] "GET /xingrg/kc/buy/cgsh_order_operate.html?command=get_materiel&rest_code=00111&code=00101037195&supplier_code=00100547&order_time=2022-10-21 HTTP/1.1" 200 413
222.70.183.206 - - [21/Oct/2022:11:38:37 +0800] "GET /xingrg/all/function/internal_message.html?_=1666323510050&CODE_STATE=getMsg HTTP/1.1" 200 27
222.69.192.207 - - [21/Oct/2022:11:38:38 +0800] "POST /xingrg/kc/buy/cgsh_order_operate.html HTTP/1.1" 200 2659
114.88.159.190 - - [21/Oct/2022:11:38:39 +0800] "GET /xingrg/kc/buy/cgsh_order_operate.html?command=get_materiel&rest_code=00141&code=00101004041&supplier_code=00100312&order_time=2022-10-21 HTTP/1.1" 200 413
222.69.192.207 - - [21/Oct/2022:11:38:39 +0800] "GET /xingrg/kc/print/load_data.html?order_code=212022102106322&kc_code=cgsh&condition= HTTP/1.1" 200 667
61.170.232.52 - - [21/Oct/2022:11:38:43 +0800] "GET /xingrg/all/function/internal_message.html?_=1666323520993&CODE_STATE=getMsg HTTP/1.1" 200 27
222.69.192.207 - - [21/Oct/2022:11:38:43 +0800] "GET /xingrg/kc/buy/cgsh_order_add.html HTTP/1.1" 200 69185
222.69.192.207 - - [21/Oct/2022:11:38:43 +0800] "GET /xingrg/javascript/easyui/themes/default/validatebox.css HTTP/1.1" 404 1104
222.69.192.207 - - [21/Oct/2022:11:38:43 +0800] "POST /xingrg/kc/buy/cgsh_order_operate.html HTTP/1.1" 200 8245
114.88.159.190 - - [21/Oct/2022:11:38:45 +0800] "GET /xingrg/kc/buy/cgsh_order_operate.html?command=get_materiel&rest_code=00141&code=00101001096&supplier_code=00100312&order_time=2022-10-21 HTTP/1.1" 200 413
124.79.243.136 - - [21/Oct/2022:11:38:52 +0800] "GET /xingrg/all/function/internal_message.html?_=1666323735271&CODE_STATE=getMsg HTTP/1.1" 200 27
61.170.232.52 - - [21/Oct/2022:11:38:54 +0800] "GET /xingrg/kc/buy/buy_main.html HTTP/1.1" 200 12412
61.170.232.52 - - [21/Oct/2022:11:38:54 +0800] "GET /xingrg/css/new_ie.css HTTP/1.1" 404 1036
61.170.232.52 - - [21/Oct/2022:11:38:55 +0800] "GET /xingrg/images/yd/bt.gif HTTP/1.1" 404 1040
61.170.232.52 - - [21/Oct/2022:11:38:56 +0800] "GET /xingrg/kc/buy/cgsh_order_list.html HTTP/1.1" 200 53322
120.253.135.82 - - [21/Oct/2022:11:38:57 +0800] "GET /xingrg/all/function/internal_message.html?_=1666323641458&CODE_STATE=getMsg HTTP/1.1" 200 27
61.170.232.52 - - [21/Oct/2022:11:38:58 +0800] "POST /xingrg/kc/buy/cgsh_list_operate.html HTTP/1.1" 200 1860
222.69.192.207 - - [21/Oct/2022:11:38:59 +0800] "GET /xingrg/kc/buy/cgsh_order_operate.html?command=get_materiel&rest_code=00105&code=00101020113&supplier_code=00100323&order_time=2022-10-21 HTTP/1.1" 200 409
114.88.159.190 - - [21/Oct/2022:11:38:59 +0800] "GET /xingrg/kc/buy/cgsh_order_operate.html?command=get_materiel&rest_code=00141&code=00101001138&supplier_code=00100312&order_time=2022-10-21 HTTP/1.1" 200 415
222.70.183.206 - - [21/Oct/2022:11:39:01 +0800] "GET /xingrg/kc/buy/cgsh_order_operate.html?command=get_materiel&rest_code=00111&code=00101010871&supplier_code=00100547&order_time=2022-10-21 HTTP/1.1" 200 406
61.170.232.52 - - [21/Oct/2022:11:39:01 +0800] "POST /xingrg/kc/buy/cgsh_list_operate.html HTTP/1.1" 200 563
61.170.232.52 - - [21/Oct/2022:11:39:02 +0800] "GET /xingrg/kc/buy/cgsh_order_info.html?code=212022102106236 HTTP/1.1" 200 69106
61.170.232.52 - - [21/Oct/2022:11:39:02 +0800] "GET /xingrg/javascript/easyui/themes/default/validatebox.css HTTP/1.1" 404 1104
61.170.232.52 - - [21/Oct/2022:11:39:03 +0800] "POST /xingrg/kc/buy/cgsh_order_operate.html HTTP/1.1" 200 27500
222.69.192.207 - - [21/Oct/2022:11:39:05 +0800] "GET /xingrg/all/function/internal_message.html?_=1666323540923&CODE_STATE=getMsg HTTP/1.1" 200 27
124.79.74.72 - - [21/Oct/2022:11:39:05 +0800] "GET /xingrg/all/function/internal_message.html?_=1666323540435&CODE_STATE=getMsg HTTP/1.1" 200 27
114.88.159.190 - - [21/Oct/2022:11:39:09 +0800] "GET /xingrg/kc/buy/cgsh_order_operate.html?command=get_materiel&rest_code=00141&code=00101005022&supplier_code=00100312&order_time=2022-10-21 HTTP/1.1" 200 417
116.230.105.139 - - [21/Oct/2022:11:39:10 +0800] "GET /xingrg/all/function/internal_message.html?_=1666323509909&CODE_STATE=getMsg HTTP/1.1" 200 27
222.70.183.206 - - [21/Oct/2022:11:39:10 +0800] "GET /xingrg/all/function/internal_message.html?_=1666323546294&CODE_STATE=getMsg HTTP/1.1" 200 27
114.88.159.190 - - [21/Oct/2022:11:39:10 +0800] "GET /xingrg/all/function/internal_message.html?_=1666323171250&CODE_STATE=getMsg HTTP/1.1" 200 27
180.169.147.146 - - [21/Oct/2022:11:39:11 +0800] "GET /xingrg/all/function/internal_message.html?_=1666323541610&CODE_STATE=getMsg HTTP/1.1" 200 27
116.230.105.139 - - [21/Oct/2022:11:39:12 +0800] "POST /xingrg/services/DataTransmitService HTTP/1.1" 200 524
114.88.159.190 - - [21/Oct/2022:11:39:15 +0800] "GET /xingrg/check_reg.html?_=1666323175929 HTTP/1.1" 200 22
114.83.219.57 - - [21/Oct/2022:11:39:15 +0800] "GET /xingrg/check_reg.html?_=1666323652895 HTTP/1.1" 200 22
114.83.219.57 - - [21/Oct/2022:11:39:15 +0800] "GET /xingrg/all/function/internal_message.html?_=1666323652897&CODE_STATE=getMsg HTTP/1.1" 200 27
116.238.139.35 - - [21/Oct/2022:11:39:16 +0800] "GET /xingrg/all/function/internal_message.html?_=1666323551685&CODE_STATE=getMsg HTTP/1.1" 200 27
116.238.139.35 - - [21/Oct/2022:11:39:17 +0800] "GET /xingrg/check_reg.html?_=1666323552138 HTTP/1.1" 200 22
222.70.183.206 - - [21/Oct/2022:11:39:23 +0800] "POST /xingrg/kc/buy/cgsh_order_operate.html HTTP/1.1" 200 37
114.88.159.190 - - [21/Oct/2022:11:39:24 +0800] "GET /xingrg/kc/buy/cgsh_order_operate.html?command=get_materiel&rest_code=00141&code=00101001287&supplier_code=00100312&order_time=2022-10-21 HTTP/1.1" 200 399
222.69.192.207 - - [21/Oct/2022:11:39:25 +0800] "GET /xingrg/kc/buy/cgsh_order_operate.html?command=get_materiel&rest_code=00105&code=00101020019&supplier_code=00100323&order_time=2022-10-21 HTTP/1.1" 200 426
222.70.183.206 - - [21/Oct/2022:11:39:25 +0800] "POST /xingrg/kc/buy/cgsh_order_operate.html HTTP/1.1" 200 2666
221.239.141.151 - - [21/Oct/2022:11:39:25 +0800] "GET /xingrg/all/function/internal_message.html?_=1666323560646&CODE_STATE=getMsg HTTP/1.1" 200 27
222.70.183.206 - - [21/Oct/2022:11:39:26 +0800] "GET /xingrg/kc/print/load_data.html?order_code=212022102106323&kc_code=cgsh&condition= HTTP/1.1" 200 658
222.70.183.206 - - [21/Oct/2022:11:39:26 +0800] "GET /xingrg/all/function/internal_message.html?_=1666323565108&CODE_STATE=getMsg HTTP/1.1" 200 27
