120.253.135.82 - - [21/Oct/2022:10:54:31 +0800] "POST /xingrg/kc/pszx/mdps_list_operate.html HTTP/1.1" 200 591
61.170.232.52 - - [21/Oct/2022:10:54:32 +0800] "GET /xingrg/kc/buy/cgsh_order_operate.html?command=get_materiel&rest_code=00106&code=00101008593&supplier_code=00100450&order_time=2022-10-21 HTTP/1.1" 200 418
120.253.135.82 - - [21/Oct/2022:10:54:33 +0800] "GET /xingrg/kc/pszx/mdps_order_info.html?code=312022102100414 HTTP/1.1" 200 23972
120.253.135.82 - - [21/Oct/2022:10:54:33 +0800] "GET /xingrg/javascript/easyui/themes/default/validatebox.css HTTP/1.1" 404 1104
120.253.135.82 - - [21/Oct/2022:10:54:33 +0800] "POST /xingrg/kc/pszx/mdps_order_operate.html HTTP/1.1" 200 4762
222.69.192.207 - - [21/Oct/2022:10:54:33 +0800] "GET /xingrg/all/function/internal_message.html?_=1666320722477&CODE_STATE=getMsg HTTP/1.1" 200 27
180.162.109.76 - - [21/Oct/2022:10:54:36 +0800] "GET /xingrg/all/function/internal_message.html?_=1666319953158&CODE_STATE=getMsg HTTP/1.1" 200 27
101.85.93.18 - - [21/Oct/2022:10:54:36 +0800] "GET /xingrg/all/function/internal_message.html?_=1666320870821&CODE_STATE=getMsg HTTP/1.1" 200 27
222.70.183.206 - - [21/Oct/2022:10:54:37 +0800] "GET /xingrg/all/function/internal_message.html?_=1666320870008&CODE_STATE=getMsg HTTP/1.1" 200 27
101.85.93.18 - - [21/Oct/2022:10:54:37 +0800] "GET /xingrg/check_reg.html?_=1666320871539 HTTP/1.1" 200 22
120.253.135.82 - - [21/Oct/2022:10:54:39 +0800] "GET /xingrg/kc/pszx/mdps_order_add.html HTTP/1.1" 200 29085
120.253.135.82 - - [21/Oct/2022:10:54:40 +0800] "POST /xingrg/kc/pszx/mdps_order_operate.html HTTP/1.1" 200 7126
120.253.135.82 - - [21/Oct/2022:10:54:40 +0800] "GET /xingrg/javascript/easyui/themes/default/validatebox.css HTTP/1.1" 404 1104
61.170.232.52 - - [21/Oct/2022:10:54:43 +0800] "GET /xingrg/all/function/internal_message.html?_=1666320881939&CODE_STATE=getMsg HTTP/1.1" 200 27
120.253.135.82 - - [21/Oct/2022:10:54:44 +0800] "POST /xingrg/all/common/load_combo.html?type=base HTTP/1.1" 200 1169
222.70.183.206 - - [21/Oct/2022:10:54:50 +0800] "POST /xingrg/services/DataTransmitService HTTP/1.1" 200 524
222.70.183.206 - - [21/Oct/2022:10:54:50 +0800] "POST /xingrg/services/DataTransmitService HTTP/1.1" 200 501
222.70.183.206 - - [21/Oct/2022:10:54:53 +0800] "POST /xingrg/services/DataTransmitService HTTP/1.1" 200 524
124.79.243.136 - - [21/Oct/2022:10:54:53 +0800] "GET /xingrg/all/function/internal_message.html?_=1666321096276&CODE_STATE=getMsg HTTP/1.1" 200 27
222.70.183.206 - - [21/Oct/2022:10:54:54 +0800] "POST /xingrg/services/DataTransmitService HTTP/1.1" 200 501
222.70.183.206 - - [21/Oct/2022:10:54:54 +0800] "POST /xingrg/services/DataTransmitService HTTP/1.1" 200 501
222.70.183.206 - - [21/Oct/2022:10:54:54 +0800] "POST /xingrg/services/DataTransmitService HTTP/1.1" 200 501
222.70.183.206 - - [21/Oct/2022:10:54:54 +0800] "POST /xingrg/services/DataTransmitService HTTP/1.1" 200 501
120.253.135.82 - - [21/Oct/2022:10:54:54 +0800] "GET /xingrg/kc/pszx/mdps_order_operate.html?command=get_materiel&pszx_code=00101&rest_code=00102&base_code=0010246&code=00101010149 HTTP/1.1" 200 419
222.70.183.206 - - [21/Oct/2022:10:54:54 +0800] "POST /xingrg/services/DataTransmitService HTTP/1.1" 200 501
61.170.232.52 - - [21/Oct/2022:10:54:55 +0800] "GET /xingrg/kc/buy/cgsh_order_operate.html?command=get_materiel&rest_code=00106&code=00101008509&supplier_code=00100450&order_time=2022-10-21 HTTP/1.1" 200 410
222.70.183.206 - - [21/Oct/2022:10:54:55 +0800] "POST /xingrg/services/DataTransmitService HTTP/1.1" 200 501
222.70.183.206 - - [21/Oct/2022:10:54:57 +0800] "POST /xingrg/services/DataTransmitService HTTP/1.1" 200 412
120.253.135.82 - - [21/Oct/2022:10:55:04 +0800] "GET /xingrg/kc/pszx/mdps_order_operate.html?command=get_materiel&pszx_code=00101&rest_code=00102&base_code=0010246&code=00101013062 HTTP/1.1" 200 433
124.79.74.72 - - [21/Oct/2022:10:55:04 +0800] "GET /xingrg/all/function/internal_message.html?_=1666320899596&CODE_STATE=getMsg HTTP/1.1" 200 27
222.69.192.207 - - [21/Oct/2022:10:55:05 +0800] "GET /xingrg/all/function/internal_message.html?_=1666320900870&CODE_STATE=getMsg HTTP/1.1" 200 27
222.69.192.207 - - [21/Oct/2022:10:55:05 +0800] "GET /xingrg/check_reg.html?_=1666320900918 HTTP/1.1" 200 22
120.253.135.82 - - [21/Oct/2022:10:55:09 +0800] "POST /xingrg/kc/pszx/mdps_order_operate.html HTTP/1.1" 200 37
120.253.135.82 - - [21/Oct/2022:10:55:10 +0800] "GET /xingrg/kc/pszx/mdps_order_info.html?code=312022102100433 HTTP/1.1" 200 23972
61.170.232.52 - - [21/Oct/2022:10:55:10 +0800] "GET /xingrg/kc/buy/cgsh_order_operate.html?command=get_materiel&rest_code=00106&code=00101008571&supplier_code=00100450&order_time=2022-10-21 HTTP/1.1" 200 412
116.230.105.139 - - [21/Oct/2022:10:55:10 +0800] "GET /xingrg/all/function/internal_message.html?_=1666320869900&CODE_STATE=getMsg HTTP/1.1" 200 27
120.253.135.82 - - [21/Oct/2022:10:55:10 +0800] "GET /xingrg/javascript/easyui/themes/default/validatebox.css HTTP/1.1" 404 1104
120.253.135.82 - - [21/Oct/2022:10:55:10 +0800] "POST /xingrg/kc/pszx/mdps_order_operate.html HTTP/1.1" 200 2756
222.70.183.206 - - [21/Oct/2022:10:55:10 +0800] "GET /xingrg/all/function/internal_message.html?_=1666320881180&CODE_STATE=getMsg HTTP/1.1" 200 27
120.253.135.82 - - [21/Oct/2022:10:55:11 +0800] "POST /xingrg/kc/pszx/mdps_list_operate.html HTTP/1.1" 200 3494
180.169.147.146 - - [21/Oct/2022:10:55:11 +0800] "GET /xingrg/all/function/internal_message.html?_=1666320901530&CODE_STATE=getMsg HTTP/1.1" 200 27
120.253.135.82 - - [21/Oct/2022:10:55:14 +0800] "POST /xingrg/kc/pszx/mdps_list_operate.html HTTP/1.1" 200 591
120.253.135.82 - - [21/Oct/2022:10:55:16 +0800] "GET /xingrg/kc/pszx/mdps_order_info.html?code=312022102100414 HTTP/1.1" 200 23972
114.83.219.57 - - [21/Oct/2022:10:55:16 +0800] "GET /xingrg/all/function/internal_message.html?_=1666321012902&CODE_STATE=getMsg HTTP/1.1" 200 27
120.253.135.82 - - [21/Oct/2022:10:55:16 +0800] "POST /xingrg/kc/pszx/mdps_order_operate.html HTTP/1.1" 200 4762
120.253.135.82 - - [21/Oct/2022:10:55:16 +0800] "GET /xingrg/javascript/easyui/themes/default/validatebox.css HTTP/1.1" 404 1104
116.238.139.35 - - [21/Oct/2022:10:55:16 +0800] "GET /xingrg/all/function/internal_message.html?_=1666320911851&CODE_STATE=getMsg HTTP/1.1" 200 27
114.88.159.190 - - [21/Oct/2022:10:55:23 +0800] "GET /xingrg/all/function/internal_message.html?_=1666320543952&CODE_STATE=getMsg HTTP/1.1" 200 27
116.230.114.213 - - [21/Oct/2022:10:55:23 +0800] "GET /xingrg/all/function/internal_message.html?_=1666320936261&CODE_STATE=getMsg HTTP/1.1" 200 27
120.253.135.82 - - [21/Oct/2022:10:55:25 +0800] "POST /xingrg/kc/pszx/mdps_order_operate.html HTTP/1.1" 200 37
221.239.141.151 - - [21/Oct/2022:10:55:25 +0800] "GET /xingrg/all/function/internal_message.html?_=1666320920639&CODE_STATE=getMsg HTTP/1.1" 200 27
120.253.135.82 - - [21/Oct/2022:10:55:26 +0800] "GET /xingrg/kc/pszx/mdps_order_info.html?code=312022102100414 HTTP/1.1" 200 23972
120.253.135.82 - - [21/Oct/2022:10:55:26 +0800] "POST /xingrg/kc/pszx/mdps_order_operate.html HTTP/1.1" 200 3788
120.253.135.82 - - [21/Oct/2022:10:55:26 +0800] "GET /xingrg/javascript/easyui/themes/default/validatebox.css HTTP/1.1" 404 1104
61.170.232.52 - - [21/Oct/2022:10:55:27 +0800] "GET /xingrg/kc/buy/cgsh_order_operate.html?command=get_materiel&rest_code=00106&code=00102014088&supplier_code=00100450&order_time=2022-10-21 HTTP/1.1" 200 426
120.253.135.82 - - [21/Oct/2022:10:55:28 +0800] "POST /xingrg/kc/pszx/mdps_list_operate.html HTTP/1.1" 200 3494
120.253.135.82 - - [21/Oct/2022:10:55:30 +0800] "POST /xingrg/kc/pszx/mdps_list_operate.html HTTP/1.1" 200 440
120.253.135.82 - - [21/Oct/2022:10:55:31 +0800] "GET /xingrg/kc/pszx/mdps_order_info.html?code=312022102100414 HTTP/1.1" 200 23972
120.253.135.82 - - [21/Oct/2022:10:55:31 +0800] "POST /xingrg/kc/pszx/mdps_order_operate.html HTTP/1.1" 200 3788
120.253.135.82 - - [21/Oct/2022:10:55:31 +0800] "GET /xingrg/javascript/easyui/themes/default/validatebox.css HTTP/1.1" 404 1104
180.162.109.76 - - [21/Oct/2022:10:55:31 +0800] "GET /xingrg/javascript/auto/indicator.gif HTTP/1.1" 404 1066
120.253.135.82 - - [21/Oct/2022:10:55:33 +0800] "GET /xingrg/kc/print/load_config.html?kc_code=mdps HTTP/1.1" 200 2390
120.253.135.82 - - [21/Oct/2022:10:55:33 +0800] "GET /xingrg/kc/print/load_data.html?order_code=312022102100414&kc_code=mdps&condition= HTTP/1.1" 200 1381
222.69.192.207 - - [21/Oct/2022:10:55:34 +0800] "GET /xingrg/check_reg.html?_=1666320782465 HTTP/1.1" 200 22
222.69.192.207 - - [21/Oct/2022:10:55:34 +0800] "GET /xingrg/all/function/internal_message.html?_=1666320782468&CODE_STATE=getMsg HTTP/1.1" 200 27
180.162.109.76 - - [21/Oct/2022:10:55:36 +0800] "GET /xingrg/all/function/internal_message.html?_=1666320013172&CODE_STATE=getMsg HTTP/1.1" 200 27
101.85.93.18 - - [21/Oct/2022:10:55:36 +0800] "GET /xingrg/all/function/internal_message.html?_=1666320930806&CODE_STATE=getMsg HTTP/1.1" 200 27
222.70.183.206 - - [21/Oct/2022:10:55:37 +0800] "GET /xingrg/all/function/internal_message.html?_=1666320929998&CODE_STATE=getMsg HTTP/1.1" 200 27
222.70.183.206 - - [21/Oct/2022:10:55:37 +0800] "GET /xingrg/check_reg.html?_=1666320929995 HTTP/1.1" 200 22
180.162.109.76 - - [21/Oct/2022:10:55:37 +0800] "GET /xingrg/kc/buy/cgsh_order_operate.html?command=get_materiel&rest_code=00143&code=00101006128&supplier_code=00100207&order_time=2022-10-20 HTTP/1.1" 200 429
120.253.135.82 - - [21/Oct/2022:10:55:38 +0800] "POST /xingrg/kc/pszx/mdps_list_operate.html HTTP/1.1" 200 3494
61.170.232.52 - - [21/Oct/2022:10:55:43 +0800] "GET /xingrg/all/function/internal_message.html?_=1666320941902&CODE_STATE=getMsg HTTP/1.1" 200 27
124.79.243.136 - - [21/Oct/2022:10:55:53 +0800] "GET /xingrg/all/function/internal_message.html?_=1666321156244&CODE_STATE=getMsg HTTP/1.1" 200 27
61.170.232.52 - - [21/Oct/2022:10:56:00 +0800] "GET /xingrg/kc/buy/cgsh_order_operate.html?command=get_materiel&rest_code=00106&code=00101015083&supplier_code=00100450&order_time=2022-10-21 HTTP/1.1" 200 417
114.83.216.189 - - [21/Oct/2022:10:56:01 +0800] "POST /xingrg/services/DataTransmitService HTTP/1.1" 200 524
114.83.216.189 - - [21/Oct/2022:10:56:01 +0800] "POST /xingrg/services/DataTransmitService HTTP/1.1" 200 501
124.79.74.72 - - [21/Oct/2022:10:56:04 +0800] "GET /xingrg/all/function/internal_message.html?_=1666320959596&CODE_STATE=getMsg HTTP/1.1" 200 27
222.69.192.207 - - [21/Oct/2022:10:56:05 +0800] "GET /xingrg/all/function/internal_message.html?_=1666320960872&CODE_STATE=getMsg HTTP/1.1" 200 27
180.162.109.76 - - [21/Oct/2022:10:56:06 +0800] "GET /xingrg/kc/buy/cgsh_order_operate.html?command=get_materiel&rest_code=00143&code=00101002017&supplier_code=00100207&order_time=2022-10-20 HTTP/1.1" 200 411
116.230.105.139 - - [21/Oct/2022:10:56:10 +0800] "GET /xingrg/all/function/internal_message.html?_=1666320929908&CODE_STATE=getMsg HTTP/1.1" 200 27
222.70.183.206 - - [21/Oct/2022:10:56:10 +0800] "GET /xingrg/all/function/internal_message.html?_=1666320941180&CODE_STATE=getMsg HTTP/1.1" 200 27
180.169.147.146 - - [21/Oct/2022:10:56:11 +0800] "GET /xingrg/all/function/internal_message.html?_=1666320961530&CODE_STATE=getMsg HTTP/1.1" 200 27
114.83.219.57 - - [21/Oct/2022:10:56:15 +0800] "GET /xingrg/all/function/internal_message.html?_=1666321072899&CODE_STATE=getMsg HTTP/1.1" 200 27
116.238.139.35 - - [21/Oct/2022:10:56:16 +0800] "GET /xingrg/all/function/internal_message.html?_=1666320971852&CODE_STATE=getMsg HTTP/1.1" 200 27
61.170.232.52 - - [21/Oct/2022:10:56:20 +0800] "GET /xingrg/kc/buy/cgsh_order_operate.html?command=get_materiel&rest_code=00106&code=00101008249&supplier_code=00100450&order_time=2022-10-21 HTTP/1.1" 200 408
116.230.114.213 - - [21/Oct/2022:10:56:23 +0800] "GET /xingrg/all/function/internal_message.html?_=1666320996275&CODE_STATE=getMsg HTTP/1.1" 200 27
221.239.141.151 - - [21/Oct/2022:10:56:25 +0800] "GET /xingrg/all/function/internal_message.html?_=1666320980626&CODE_STATE=getMsg HTTP/1.1" 200 27
221.239.141.151 - - [21/Oct/2022:10:56:25 +0800] "GET /xingrg/check_reg.html?_=1666320980632 HTTP/1.1" 200 22
180.162.109.76 - - [21/Oct/2022:10:56:30 +0800] "GET /xingrg/kc/buy/cgsh_order_operate.html?command=get_materiel&rest_code=00143&code=00101006028&supplier_code=00100207&order_time=2022-10-20 HTTP/1.1" 200 416
222.69.192.207 - - [21/Oct/2022:10:56:33 +0800] "GET /xingrg/all/function/internal_message.html?_=1666320842471&CODE_STATE=getMsg HTTP/1.1" 200 27
114.84.81.136 - - [21/Oct/2022:10:56:35 +0800] "GET /xingrg/all/function/internal_message.html?_=1666320993619&CODE_STATE=getMsg HTTP/1.1" 200 27
180.162.109.76 - - [21/Oct/2022:10:56:36 +0800] "GET /xingrg/all/function/internal_message.html?_=1666320073155&CODE_STATE=getMsg HTTP/1.1" 200 27
101.85.93.18 - - [21/Oct/2022:10:56:36 +0800] "GET /xingrg/all/function/internal_message.html?_=1666320990789&CODE_STATE=getMsg HTTP/1.1" 200 27
222.70.183.206 - - [21/Oct/2022:10:56:37 +0800] "GET /xingrg/all/function/internal_message.html?_=1666320989999&CODE_STATE=getMsg HTTP/1.1" 200 27
61.170.232.52 - - [21/Oct/2022:10:56:43 +0800] "GET /xingrg/all/function/internal_message.html?_=1666321001882&CODE_STATE=getMsg HTTP/1.1" 200 27
61.170.232.52 - - [21/Oct/2022:10:56:44 +0800] "GET /xingrg/check_reg.html?_=1666321002557 HTTP/1.1" 200 22
124.79.243.136 - - [21/Oct/2022:10:56:53 +0800] "GET /xingrg/all/function/internal_message.html?_=1666321216214&CODE_STATE=getMsg HTTP/1.1" 200 27
180.162.109.76 - - [21/Oct/2022:10:56:55 +0800] "GET /xingrg/kc/buy/cgsh_order_operate.html?command=get_materiel&rest_code=00143&code=00101010161&supplier_code=00100207&order_time=2022-10-20 HTTP/1.1" 200 409
61.170.232.52 - - [21/Oct/2022:10:57:02 +0800] "GET /xingrg/kc/buy/cgsh_order_operate.html?command=get_materiel&rest_code=00106&code=00101008102&supplier_code=00100450&order_time=2022-10-21 HTTP/1.1" 200 413
124.79.74.72 - - [21/Oct/2022:10:57:04 +0800] "GET /xingrg/all/function/internal_message.html?_=1666321019596&CODE_STATE=getMsg HTTP/1.1" 200 27
222.69.192.207 - - [21/Oct/2022:10:57:05 +0800] "GET /xingrg/all/function/internal_message.html?_=1666321020871&CODE_STATE=getMsg HTTP/1.1" 200 27
116.230.105.139 - - [21/Oct/2022:10:57:10 +0800] "GET /xingrg/all/function/internal_message.html?_=1666320989912&CODE_STATE=getMsg HTTP/1.1" 200 27
116.230.105.139 - - [21/Oct/2022:10:57:10 +0800] "GET /xingrg/check_reg.html?_=1666320989913 HTTP/1.1" 200 22
222.70.183.206 - - [21/Oct/2022:10:57:10 +0800] "GET /xingrg/all/function/internal_message.html?_=1666321001179&CODE_STATE=getMsg HTTP/1.1" 200 27
180.162.109.76 - - [21/Oct/2022:10:57:11 +0800] "GET /xingrg/javascript/jquery_tools/images/prev.gif HTTP/1.1" 404 1086
180.162.109.76 - - [21/Oct/2022:10:57:11 +0800] "GET /xingrg/javascript/jquery_tools/images/next.gif HTTP/1.1" 404 1086
180.169.147.146 - - [21/Oct/2022:10:57:11 +0800] "GET /xingrg/all/function/internal_message.html?_=1666321021531&CODE_STATE=getMsg HTTP/1.1" 200 27
180.169.147.146 - - [21/Oct/2022:10:57:11 +0800] "GET /xingrg/check_reg.html?_=1666321021532 HTTP/1.1" 200 22
114.83.219.57 - - [21/Oct/2022:10:57:15 +0800] "GET /xingrg/all/function/internal_message.html?_=1666321132899&CODE_STATE=getMsg HTTP/1.1" 200 27
116.238.139.35 - - [21/Oct/2022:10:57:16 +0800] "GET /xingrg/all/function/internal_message.html?_=1666321031876&CODE_STATE=getMsg HTTP/1.1" 200 27
116.230.114.213 - - [21/Oct/2022:10:57:23 +0800] "GET /xingrg/all/function/internal_message.html?_=1666321056452&CODE_STATE=getMsg HTTP/1.1" 200 27
221.239.141.151 - - [21/Oct/2022:10:57:25 +0800] "GET /xingrg/all/function/internal_message.html?_=1666321040637&CODE_STATE=getMsg HTTP/1.1" 200 27
222.69.192.207 - - [21/Oct/2022:10:57:33 +0800] "GET /xingrg/all/function/internal_message.html?_=1666320902476&CODE_STATE=getMsg HTTP/1.1" 200 27
180.162.109.76 - - [21/Oct/2022:10:57:36 +0800] "GET /xingrg/all/function/internal_message.html?_=1666320133168&CODE_STATE=getMsg HTTP/1.1" 200 27
101.85.93.18 - - [21/Oct/2022:10:57:36 +0800] "GET /xingrg/all/function/internal_message.html?_=1666321050773&CODE_STATE=getMsg HTTP/1.1" 200 27
222.70.183.206 - - [21/Oct/2022:10:57:37 +0800] "GET /xingrg/all/function/internal_message.html?_=1666321050000&CODE_STATE=getMsg HTTP/1.1" 200 27
61.170.232.52 - - [21/Oct/2022:10:57:38 +0800] "POST /xingrg/kc/buy/cgsh_order_operate.html HTTP/1.1" 200 37
180.162.109.76 - - [21/Oct/2022:10:57:39 +0800] "GET /xingrg/javascript/easyui/themes/default/images/button_plain_hover.png HTTP/1.1" 304 -
61.170.232.52 - - [21/Oct/2022:10:57:40 +0800] "POST /xingrg/kc/buy/cgsh_order_operate.html HTTP/1.1" 200 6820
61.170.232.52 - - [21/Oct/2022:10:57:43 +0800] "GET /xingrg/all/function/internal_message.html?_=1666321061870&CODE_STATE=getMsg HTTP/1.1" 200 27
180.162.109.76 - - [21/Oct/2022:10:57:44 +0800] "POST /xingrg/kc/buy/cgsh_order_operate.html HTTP/1.1" 200 37
180.162.109.76 - - [21/Oct/2022:10:57:46 +0800] "POST /xingrg/kc/buy/cgsh_order_operate.html HTTP/1.1" 200 14537
124.79.243.136 - - [21/Oct/2022:10:57:49 +0800] "GET /xingrg/check_reg.html?_=1666321271665 HTTP/1.1" 200 22
124.79.243.136 - - [21/Oct/2022:10:57:53 +0800] "GET /xingrg/all/function/internal_message.html?_=1666321276194&CODE_STATE=getMsg HTTP/1.1" 200 27
61.170.232.52 - - [21/Oct/2022:10:57:58 +0800] "POST /xingrg/kc/buy/cgsh_order_operate.html HTTP/1.1" 200 37
61.170.232.52 - - [21/Oct/2022:10:58:00 +0800] "POST /xingrg/kc/buy/cgsh_order_operate.html HTTP/1.1" 200 6820
61.170.232.52 - - [21/Oct/2022:10:58:02 +0800] "GET /xingrg/kc/base/base_main.html HTTP/1.1" 200 12142
61.170.232.52 - - [21/Oct/2022:10:58:03 +0800] "GET /xingrg/kc/base/wldb_order_list.html HTTP/1.1" 200 19142
61.170.232.52 - - [21/Oct/2022:10:58:04 +0800] "POST /xingrg/kc/base/wldb_list_operate.html HTTP/1.1" 200 2955
124.79.74.72 - - [21/Oct/2022:10:58:04 +0800] "GET /xingrg/all/function/internal_message.html?_=1666321079596&CODE_STATE=getMsg HTTP/1.1" 200 27
124.79.74.72 - - [21/Oct/2022:10:58:04 +0800] "GET /xingrg/check_reg.html?_=1666321079596 HTTP/1.1" 200 22
222.69.192.207 - - [21/Oct/2022:10:58:05 +0800] "GET /xingrg/all/function/internal_message.html?_=1666321080871&CODE_STATE=getMsg HTTP/1.1" 200 27
61.170.232.52 - - [21/Oct/2022:10:58:06 +0800] "POST /xingrg/kc/base/wldb_list_operate.html HTTP/1.1" 200 630
61.170.232.52 - - [21/Oct/2022:10:58:06 +0800] "GET /xingrg/kc/base/wldb_order_info.html?code=422022102101538 HTTP/1.1" 200 30382
61.170.232.52 - - [21/Oct/2022:10:58:07 +0800] "GET /xingrg/javascript/easyui/themes/default/validatebox.css HTTP/1.1" 404 1104
61.170.232.52 - - [21/Oct/2022:10:58:07 +0800] "POST /xingrg/kc/base/wldb_order_operate.html HTTP/1.1" 200 7160
116.230.105.139 - - [21/Oct/2022:10:58:10 +0800] "GET /xingrg/all/function/internal_message.html?_=1666321049901&CODE_STATE=getMsg HTTP/1.1" 200 27
222.70.183.206 - - [21/Oct/2022:10:58:10 +0800] "GET /xingrg/check_reg.html?_=1666321061177 HTTP/1.1" 200 22
222.70.183.206 - - [21/Oct/2022:10:58:10 +0800] "GET /xingrg/all/function/internal_message.html?_=1666321061179&CODE_STATE=getMsg HTTP/1.1" 200 27
180.169.147.146 - - [21/Oct/2022:10:58:11 +0800] "GET /xingrg/all/function/internal_message.html?_=1666321081530&CODE_STATE=getMsg HTTP/1.1" 200 27
116.230.114.213 - - [21/Oct/2022:10:58:13 +0800] "GET /xingrg/check_reg.html?_=1666321105667 HTTP/1.1" 200 22
114.83.219.57 - - [21/Oct/2022:10:58:15 +0800] "GET /xingrg/all/function/internal_message.html?_=1666321192902&CODE_STATE=getMsg HTTP/1.1" 200 27
116.238.139.35 - - [21/Oct/2022:10:58:16 +0800] "GET /xingrg/all/function/internal_message.html?_=1666321091884&CODE_STATE=getMsg HTTP/1.1" 200 27
116.230.114.213 - - [21/Oct/2022:10:58:23 +0800] "GET /xingrg/all/function/internal_message.html?_=1666321116458&CODE_STATE=getMsg HTTP/1.1" 200 27
221.239.141.151 - - [21/Oct/2022:10:58:25 +0800] "GET /xingrg/all/function/internal_message.html?_=1666321100642&CODE_STATE=getMsg HTTP/1.1" 200 27
222.69.192.207 - - [21/Oct/2022:10:58:33 +0800] "GET /xingrg/all/function/internal_message.html?_=1666320962476&CODE_STATE=getMsg HTTP/1.1" 200 27
180.162.109.76 - - [21/Oct/2022:10:58:36 +0800] "GET /xingrg/check_reg.html?_=1666320193160 HTTP/1.1" 200 22
180.162.109.76 - - [21/Oct/2022:10:58:36 +0800] "GET /xingrg/all/function/internal_message.html?_=1666320193163&CODE_STATE=getMsg HTTP/1.1" 200 27
101.85.93.18 - - [21/Oct/2022:10:58:36 +0800] "GET /xingrg/all/function/internal_message.html?_=1666321110758&CODE_STATE=getMsg HTTP/1.1" 200 27
222.70.183.206 - - [21/Oct/2022:10:58:37 +0800] "GET /xingrg/all/function/internal_message.html?_=1666321110001&CODE_STATE=getMsg HTTP/1.1" 200 27
61.170.232.52 - - [21/Oct/2022:10:58:40 +0800] "GET /xingrg/kc/base/wldb_order_operate.html?command=get_materiel&rest_code=00106&base_code=0010396&code=00101019528 HTTP/1.1" 200 482
61.170.232.52 - - [21/Oct/2022:10:58:43 +0800] "GET /xingrg/all/function/internal_message.html?_=1666321121845&CODE_STATE=getMsg HTTP/1.1" 200 27
114.84.81.136 - - [21/Oct/2022:10:58:47 +0800] "GET /xingrg/check_reg.html?_=1666321125917 HTTP/1.1" 200 22
114.84.81.136 - - [21/Oct/2022:10:58:47 +0800] "GET /xingrg/all/function/internal_message.html?_=1666321125918&CODE_STATE=getMsg HTTP/1.1" 200 27
124.79.243.136 - - [21/Oct/2022:10:58:53 +0800] "GET /xingrg/all/function/internal_message.html?_=1666321336173&CODE_STATE=getMsg HTTP/1.1" 200 27
124.79.74.72 - - [21/Oct/2022:10:59:04 +0800] "GET /xingrg/all/function/internal_message.html?_=1666321139597&CODE_STATE=getMsg HTTP/1.1" 200 27
222.69.192.207 - - [21/Oct/2022:10:59:05 +0800] "GET /xingrg/all/function/internal_message.html?_=1666321140873&CODE_STATE=getMsg HTTP/1.1" 200 27
120.253.135.82 - - [21/Oct/2022:10:59:08 +0800] "GET /xingrg/check_reg.html?_=1666320939578 HTTP/1.1" 200 22
116.230.105.139 - - [21/Oct/2022:10:59:10 +0800] "GET /xingrg/all/function/internal_message.html?_=1666321109912&CODE_STATE=getMsg HTTP/1.1" 200 27
222.70.183.206 - - [21/Oct/2022:10:59:10 +0800] "GET /xingrg/all/function/internal_message.html?_=1666321121179&CODE_STATE=getMsg HTTP/1.1" 200 27
180.169.147.146 - - [21/Oct/2022:10:59:11 +0800] "GET /xingrg/all/function/internal_message.html?_=1666321141531&CODE_STATE=getMsg HTTP/1.1" 200 27
114.83.219.57 - - [21/Oct/2022:10:59:15 +0800] "GET /xingrg/all/function/internal_message.html?_=1666321252898&CODE_STATE=getMsg HTTP/1.1" 200 27
114.83.219.57 - - [21/Oct/2022:10:59:15 +0800] "GET /xingrg/check_reg.html?_=1666321252900 HTTP/1.1" 200 22
116.238.139.35 - - [21/Oct/2022:10:59:16 +0800] "GET /xingrg/check_reg.html?_=1666321151889 HTTP/1.1" 200 22
116.238.139.35 - - [21/Oct/2022:10:59:16 +0800] "GET /xingrg/all/function/internal_message.html?_=1666321151893&CODE_STATE=getMsg HTTP/1.1" 200 27
61.170.232.52 - - [21/Oct/2022:10:59:22 +0800] "POST /xingrg/kc/base/wldb_order_operate.html HTTP/1.1" 200 37
61.170.232.52 - - [21/Oct/2022:10:59:23 +0800] "POST /xingrg/kc/base/wldb_order_operate.html HTTP/1.1" 200 7675
116.230.114.213 - - [21/Oct/2022:10:59:23 +0800] "GET /xingrg/all/function/internal_message.html?_=1666321176472&CODE_STATE=getMsg HTTP/1.1" 200 27
61.170.232.52 - - [21/Oct/2022:10:59:24 +0800] "GET /xingrg/kc/base/wldb_order_info.html?code=422022102101538 HTTP/1.1" 200 30382
61.170.232.52 - - [21/Oct/2022:10:59:24 +0800] "GET /xingrg/javascript/easyui/themes/default/validatebox.css HTTP/1.1" 404 1104
61.170.232.52 - - [21/Oct/2022:10:59:24 +0800] "POST /xingrg/kc/base/wldb_order_operate.html HTTP/1.1" 200 7675
221.239.141.151 - - [21/Oct/2022:10:59:25 +0800] "GET /xingrg/all/function/internal_message.html?_=1666321160632&CODE_STATE=getMsg HTTP/1.1" 200 27
61.170.232.52 - - [21/Oct/2022:10:59:28 +0800] "GET /xingrg/kc/buy/buy_main.html HTTP/1.1" 200 12412
61.170.232.52 - - [21/Oct/2022:10:59:28 +0800] "GET /xingrg/css/new_ie.css HTTP/1.1" 404 1036
61.170.232.52 - - [21/Oct/2022:10:59:29 +0800] "GET /xingrg/images/yd/bt.gif HTTP/1.1" 404 1040
61.170.232.52 - - [21/Oct/2022:10:59:29 +0800] "GET /xingrg/kc/buy/cgsh_order_list.html HTTP/1.1" 200 53322
61.170.232.52 - - [21/Oct/2022:10:59:32 +0800] "POST /xingrg/kc/buy/cgsh_list_operate.html HTTP/1.1" 200 3992
222.69.192.207 - - [21/Oct/2022:10:59:33 +0800] "GET /xingrg/all/function/internal_message.html?_=1666321022482&CODE_STATE=getMsg HTTP/1.1" 200 27
180.162.109.76 - - [21/Oct/2022:10:59:36 +0800] "GET /xingrg/all/function/internal_message.html?_=1666320253155&CODE_STATE=getMsg HTTP/1.1" 200 27
101.85.93.18 - - [21/Oct/2022:10:59:36 +0800] "GET /xingrg/all/function/internal_message.html?_=1666321170743&CODE_STATE=getMsg HTTP/1.1" 200 27
222.70.183.206 - - [21/Oct/2022:10:59:37 +0800] "GET /xingrg/all/function/internal_message.html?_=1666321170003&CODE_STATE=getMsg HTTP/1.1" 200 27
101.85.93.18 - - [21/Oct/2022:10:59:37 +0800] "GET /xingrg/check_reg.html?_=1666321171525 HTTP/1.1" 200 22
61.170.232.52 - - [21/Oct/2022:10:59:43 +0800] "GET /xingrg/all/function/internal_message.html?_=1666321181830&CODE_STATE=getMsg HTTP/1.1" 200 27
180.162.109.76 - - [21/Oct/2022:10:59:50 +0800] "POST /xingrg/kc/buy/cgsh_order_operate.html HTTP/1.1" 200 37
180.162.109.76 - - [21/Oct/2022:10:59:52 +0800] "POST /xingrg/kc/buy/cgsh_order_operate.html HTTP/1.1" 200 14537
124.79.243.136 - - [21/Oct/2022:10:59:53 +0800] "GET /xingrg/all/function/internal_message.html?_=1666321396141&CODE_STATE=getMsg HTTP/1.1" 200 27
120.253.135.82 - - [21/Oct/2022:10:59:57 +0800] "POST /xingrg/kc/pszx/mdps_list_operate.html HTTP/1.1" 200 277
120.253.135.82 - - [21/Oct/2022:10:59:58 +0800] "POST /xingrg/kc/pszx/mdps_list_operate.html HTTP/1.1" 200 202
116.238.139.35 - - [21/Oct/2022:10:59:58 +0800] "POST /xingrg/services/DataTransmitService HTTP/1.1" 200 524
120.253.135.82 - - [21/Oct/2022:10:59:59 +0800] "POST /xingrg/kc/pszx/mdps_list_operate.html HTTP/1.1" 200 440
120.253.135.82 - - [21/Oct/2022:11:00:01 +0800] "POST /xingrg/kc/pszx/mdps_list_operate.html HTTP/1.1" 200 212
120.253.135.82 - - [21/Oct/2022:11:00:02 +0800] "POST /xingrg/kc/pszx/mdps_list_operate.html HTTP/1.1" 200 312
120.253.135.82 - - [21/Oct/2022:11:00:03 +0800] "POST /xingrg/kc/pszx/mdps_list_operate.html HTTP/1.1" 200 630
124.79.74.72 - - [21/Oct/2022:11:00:04 +0800] "GET /xingrg/all/function/internal_message.html?_=1666321199596&CODE_STATE=getMsg HTTP/1.1" 200 27
222.69.192.207 - - [21/Oct/2022:11:00:05 +0800] "GET /xingrg/all/function/internal_message.html?_=1666321200873&CODE_STATE=getMsg HTTP/1.1" 200 27
222.69.192.207 - - [21/Oct/2022:11:00:05 +0800] "GET /xingrg/check_reg.html?_=1666321200892 HTTP/1.1" 200 22
116.230.105.139 - - [21/Oct/2022:11:00:10 +0800] "GET /xingrg/all/function/internal_message.html?_=1666321169910&CODE_STATE=getMsg HTTP/1.1" 200 27
222.70.183.206 - - [21/Oct/2022:11:00:10 +0800] "GET /xingrg/all/function/internal_message.html?_=1666321181172&CODE_STATE=getMsg HTTP/1.1" 200 27
180.169.147.146 - - [21/Oct/2022:11:00:11 +0800] "GET /xingrg/all/function/internal_message.html?_=1666321201532&CODE_STATE=getMsg HTTP/1.1" 200 27
114.83.219.57 - - [21/Oct/2022:11:00:15 +0800] "GET /xingrg/all/function/internal_message.html?_=1666321312892&CODE_STATE=getMsg HTTP/1.1" 200 27
116.238.139.35 - - [21/Oct/2022:11:00:16 +0800] "GET /xingrg/all/function/internal_message.html?_=1666321211900&CODE_STATE=getMsg HTTP/1.1" 200 27
116.230.114.213 - - [21/Oct/2022:11:00:24 +0800] "GET /xingrg/all/function/internal_message.html?_=1666321236684&CODE_STATE=getMsg HTTP/1.1" 200 27
221.239.141.151 - - [21/Oct/2022:11:00:25 +0800] "GET /xingrg/all/function/internal_message.html?_=1666321220651&CODE_STATE=getMsg HTTP/1.1" 200 27
222.69.192.207 - - [21/Oct/2022:11:00:33 +0800] "GET /xingrg/check_reg.html?_=1666321082467 HTTP/1.1" 200 22
222.69.192.207 - - [21/Oct/2022:11:00:33 +0800] "GET /xingrg/all/function/internal_message.html?_=1666321082470&CODE_STATE=getMsg HTTP/1.1" 200 27
180.162.109.76 - - [21/Oct/2022:11:00:36 +0800] "GET /xingrg/all/function/internal_message.html?_=1666320313158&CODE_STATE=getMsg HTTP/1.1" 200 27
101.85.93.18 - - [21/Oct/2022:11:00:36 +0800] "GET /xingrg/all/function/internal_message.html?_=1666321230714&CODE_STATE=getMsg HTTP/1.1" 200 27
222.70.183.206 - - [21/Oct/2022:11:00:37 +0800] "GET /xingrg/all/function/internal_message.html?_=1666321230009&CODE_STATE=getMsg HTTP/1.1" 200 27
222.70.183.206 - - [21/Oct/2022:11:00:37 +0800] "GET /xingrg/check_reg.html?_=1666321230005 HTTP/1.1" 200 22
61.170.232.52 - - [21/Oct/2022:11:00:43 +0800] "GET /xingrg/all/function/internal_message.html?_=1666321241800&CODE_STATE=getMsg HTTP/1.1" 200 27
124.79.243.136 - - [21/Oct/2022:11:00:53 +0800] "GET /xingrg/all/function/internal_message.html?_=1666321456112&CODE_STATE=getMsg HTTP/1.1" 200 27
114.84.81.136 - - [21/Oct/2022:11:01:00 +0800] "GET /xingrg/all/function/internal_message.html?_=1666321258212&CODE_STATE=getMsg HTTP/1.1" 200 27
124.79.74.72 - - [21/Oct/2022:11:01:04 +0800] "GET /xingrg/all/function/internal_message.html?_=1666321259596&CODE_STATE=getMsg HTTP/1.1" 200 27
222.69.192.207 - - [21/Oct/2022:11:01:05 +0800] "GET /xingrg/all/function/internal_message.html?_=1666321260877&CODE_STATE=getMsg HTTP/1.1" 200 27
116.230.105.139 - - [21/Oct/2022:11:01:10 +0800] "GET /xingrg/all/function/internal_message.html?_=1666321229910&CODE_STATE=getMsg HTTP/1.1" 200 27
222.70.183.206 - - [21/Oct/2022:11:01:10 +0800] "GET /xingrg/all/function/internal_message.html?_=1666321241180&CODE_STATE=getMsg HTTP/1.1" 200 27
180.169.147.146 - - [21/Oct/2022:11:01:11 +0800] "GET /xingrg/all/function/internal_message.html?_=1666321261533&CODE_STATE=getMsg HTTP/1.1" 200 27
114.83.219.57 - - [21/Oct/2022:11:01:15 +0800] "GET /xingrg/all/function/internal_message.html?_=1666321372908&CODE_STATE=getMsg HTTP/1.1" 200 27
116.238.139.35 - - [21/Oct/2022:11:01:16 +0800] "GET /xingrg/all/function/internal_message.html?_=1666321271900&CODE_STATE=getMsg HTTP/1.1" 200 27
180.162.109.76 - - [21/Oct/2022:11:01:21 +0800] "POST /xingrg/kc/buy/cgsh_order_operate.html HTTP/1.1" 200 37
180.162.109.76 - - [21/Oct/2022:11:01:22 +0800] "POST /xingrg/kc/buy/cgsh_order_operate.html HTTP/1.1" 200 14537
116.230.114.213 - - [21/Oct/2022:11:01:24 +0800] "GET /xingrg/all/function/internal_message.html?_=1666321296687&CODE_STATE=getMsg HTTP/1.1" 200 27
221.239.141.151 - - [21/Oct/2022:11:01:25 +0800] "GET /xingrg/check_reg.html?_=1666321280644 HTTP/1.1" 200 22
221.239.141.151 - - [21/Oct/2022:11:01:25 +0800] "GET /xingrg/all/function/internal_message.html?_=1666321280647&CODE_STATE=getMsg HTTP/1.1" 200 27
180.162.109.76 - - [21/Oct/2022:11:01:26 +0800] "GET /xingrg/javascript/jquery_easy_ui/themes/default/images/tabs_active.png HTTP/1.1" 304 -
180.162.109.76 - - [21/Oct/2022:11:01:31 +0800] "POST /xingrg/kc/buy/cgsh_list_operate.html HTTP/1.1" 200 2312
222.69.192.207 - - [21/Oct/2022:11:01:33 +0800] "GET /xingrg/all/function/internal_message.html?_=1666321142474&CODE_STATE=getMsg HTTP/1.1" 200 27
180.162.109.76 - - [21/Oct/2022:11:01:36 +0800] "GET /xingrg/all/function/internal_message.html?_=1666320373159&CODE_STATE=getMsg HTTP/1.1" 200 27
101.85.93.18 - - [21/Oct/2022:11:01:36 +0800] "GET /xingrg/all/function/internal_message.html?_=1666321290699&CODE_STATE=getMsg HTTP/1.1" 200 27
222.70.183.206 - - [21/Oct/2022:11:01:37 +0800] "GET /xingrg/all/function/internal_message.html?_=1666321290008&CODE_STATE=getMsg HTTP/1.1" 200 27
61.170.232.52 - - [21/Oct/2022:11:01:43 +0800] "GET /xingrg/all/function/internal_message.html?_=1666321301770&CODE_STATE=getMsg HTTP/1.1" 200 27
180.162.109.76 - - [21/Oct/2022:11:01:44 +0800] "GET /xingrg/kc/buy/cgsh_order_add.html HTTP/1.1" 200 68184
180.162.109.76 - - [21/Oct/2022:11:01:44 +0800] "POST /xingrg/kc/buy/cgsh_order_operate.html HTTP/1.1" 200 8245
180.162.109.76 - - [21/Oct/2022:11:01:44 +0800] "GET /xingrg/javascript/easyui/themes/default/validatebox.css HTTP/1.1" 404 1104
61.170.232.52 - - [21/Oct/2022:11:01:44 +0800] "GET /xingrg/check_reg.html?_=1666321302554 HTTP/1.1" 200 22
180.162.109.76 - - [21/Oct/2022:11:01:45 +0800] "GET /xingrg/javascript/easyui/plugins/jquery.draggable.js HTTP/1.1" 304 -
180.162.109.76 - - [21/Oct/2022:11:01:45 +0800] "GET /xingrg/css/images/panel_loading.gif HTTP/1.1" 304 -
180.162.109.76 - - [21/Oct/2022:11:01:45 +0800] "GET /xingrg/javascript/easyui/plugins/jquery.droppable.js HTTP/1.1" 304 -
180.162.109.76 - - [21/Oct/2022:11:01:45 +0800] "GET /xingrg/javascript/easyui/themes/default/tree.css HTTP/1.1" 404 1090
180.162.109.76 - - [21/Oct/2022:11:01:45 +0800] "GET /xingrg/javascript/easyui/plugins/jquery.tree.js HTTP/1.1" 304 -
180.162.109.76 - - [21/Oct/2022:11:01:45 +0800] "POST /xingrg/all/common/load_tree.html?tree=supplier_tree_json&isDelete=1 HTTP/1.1" 200 69393
180.162.109.76 - - [21/Oct/2022:11:01:47 +0800] "GET /xingrg/javascript/easyui/themes/default/images/tree_arrows.gif HTTP/1.1" 304 -
180.162.109.76 - - [21/Oct/2022:11:01:47 +0800] "GET /xingrg/javascript/easyui/themes/default/images/tree_folder.gif HTTP/1.1" 304 -
180.162.109.76 - - [21/Oct/2022:11:01:47 +0800] "GET /xingrg/javascript/easyui/themes/default/images/tree_folder_open.gif HTTP/1.1" 304 -
180.162.109.76 - - [21/Oct/2022:11:01:47 +0800] "GET /xingrg/javascript/easyui/themes/default/images/tree_file.gif HTTP/1.1" 304 -
124.79.243.136 - - [21/Oct/2022:11:01:53 +0800] "GET /xingrg/all/function/internal_message.html?_=1666321516090&CODE_STATE=getMsg HTTP/1.1" 200 27
124.79.74.72 - - [21/Oct/2022:11:02:04 +0800] "GET /xingrg/all/function/internal_message.html?_=1666321319596&CODE_STATE=getMsg HTTP/1.1" 200 27
222.69.192.207 - - [21/Oct/2022:11:02:05 +0800] "GET /xingrg/all/function/internal_message.html?_=1666321320877&CODE_STATE=getMsg HTTP/1.1" 200 27
116.230.105.139 - - [21/Oct/2022:11:02:10 +0800] "GET /xingrg/all/function/internal_message.html?_=1666321289897&CODE_STATE=getMsg HTTP/1.1" 200 27
116.230.105.139 - - [21/Oct/2022:11:02:10 +0800] "GET /xingrg/check_reg.html?_=1666321289898 HTTP/1.1" 200 22
222.70.183.206 - - [21/Oct/2022:11:02:10 +0800] "GET /xingrg/all/function/internal_message.html?_=1666321301184&CODE_STATE=getMsg HTTP/1.1" 200 27
180.169.147.146 - - [21/Oct/2022:11:02:11 +0800] "GET /xingrg/check_reg.html?_=1666321321533 HTTP/1.1" 200 22
180.169.147.146 - - [21/Oct/2022:11:02:11 +0800] "GET /xingrg/all/function/internal_message.html?_=1666321321534&CODE_STATE=getMsg HTTP/1.1" 200 27
114.83.219.57 - - [21/Oct/2022:11:02:15 +0800] "GET /xingrg/all/function/internal_message.html?_=1666321432904&CODE_STATE=getMsg HTTP/1.1" 200 27
116.238.139.35 - - [21/Oct/2022:11:02:16 +0800] "GET /xingrg/all/function/internal_message.html?_=1666321331914&CODE_STATE=getMsg HTTP/1.1" 200 27
116.230.114.213 - - [21/Oct/2022:11:02:24 +0800] "GET /xingrg/all/function/internal_message.html?_=1666321356840&CODE_STATE=getMsg HTTP/1.1" 200 27
221.239.141.151 - - [21/Oct/2022:11:02:25 +0800] "GET /xingrg/all/function/internal_message.html?_=1666321340634&CODE_STATE=getMsg HTTP/1.1" 200 27
222.69.192.207 - - [21/Oct/2022:11:02:34 +0800] "GET /xingrg/all/function/internal_message.html?_=1666321202482&CODE_STATE=getMsg HTTP/1.1" 200 27
180.162.109.76 - - [21/Oct/2022:11:02:36 +0800] "GET /xingrg/all/function/internal_message.html?_=1666320433173&CODE_STATE=getMsg HTTP/1.1" 200 27
101.85.93.18 - - [21/Oct/2022:11:02:36 +0800] "GET /xingrg/all/function/internal_message.html?_=1666321350684&CODE_STATE=getMsg HTTP/1.1" 200 27
222.70.183.206 - - [21/Oct/2022:11:02:37 +0800] "GET /xingrg/all/function/internal_message.html?_=1666321349995&CODE_STATE=getMsg HTTP/1.1" 200 27
61.170.232.52 - - [21/Oct/2022:11:02:43 +0800] "GET /xingrg/all/function/internal_message.html?_=1666321361744&CODE_STATE=getMsg HTTP/1.1" 200 27
124.79.243.136 - - [21/Oct/2022:11:02:49 +0800] "GET /xingrg/check_reg.html?_=1666321571640 HTTP/1.1" 200 22
180.162.109.76 - - [21/Oct/2022:11:02:52 +0800] "GET /xingrg/kc/buy/cgsh_order_operate.html?command=get_materiel&rest_code=00143&code=00101008352&supplier_code=00100161&order_time=2022-10-17 HTTP/1.1" 200 412
124.79.243.136 - - [21/Oct/2022:11:02:53 +0800] "GET /xingrg/all/function/internal_message.html?_=1666321576069&CODE_STATE=getMsg HTTP/1.1" 200 27
61.170.232.52 - - [21/Oct/2022:11:02:55 +0800] "GET /xingrg/kc/base/base_main.html HTTP/1.1" 200 12142
61.170.232.52 - - [21/Oct/2022:11:02:58 +0800] "GET /xingrg/kc/base/wldb_order_list.html HTTP/1.1" 200 19142
61.170.232.52 - - [21/Oct/2022:11:02:59 +0800] "POST /xingrg/kc/base/wldb_list_operate.html HTTP/1.1" 200 2954
61.170.232.52 - - [21/Oct/2022:11:03:02 +0800] "GET /xingrg/kc/base/wldb_order_add.html HTTP/1.1" 200 30365
61.170.232.52 - - [21/Oct/2022:11:03:02 +0800] "GET /xingrg/words/20221021092308_words.js HTTP/1.1" 304 -
61.170.232.52 - - [21/Oct/2022:11:03:02 +0800] "POST /xingrg/kc/base/wldb_order_operate.html HTTP/1.1" 200 6806
61.170.232.52 - - [21/Oct/2022:11:03:02 +0800] "GET /xingrg/javascript/easyui/themes/default/validatebox.css HTTP/1.1" 404 1104
61.170.232.52 - - [21/Oct/2022:11:03:04 +0800] "POST /xingrg/all/common/load_combo.html?type=base HTTP/1.1" 200 3227
124.79.74.72 - - [21/Oct/2022:11:03:04 +0800] "GET /xingrg/all/function/internal_message.html?_=1666321379597&CODE_STATE=getMsg HTTP/1.1" 200 27
124.79.74.72 - - [21/Oct/2022:11:03:04 +0800] "GET /xingrg/check_reg.html?_=1666321379598 HTTP/1.1" 200 22
222.69.192.207 - - [21/Oct/2022:11:03:05 +0800] "GET /xingrg/all/function/internal_message.html?_=1666321380876&CODE_STATE=getMsg HTTP/1.1" 200 27
180.162.109.76 - - [21/Oct/2022:11:03:06 +0800] "GET /xingrg/kc/buy/cgsh_order_operate.html?command=get_materiel&rest_code=00143&code=00101008108&supplier_code=00100161&order_time=2022-10-17 HTTP/1.1" 200 412
61.170.232.52 - - [21/Oct/2022:11:03:07 +0800] "POST /xingrg/all/common/load_combo.html?type=base HTTP/1.1" 200 3227
116.230.105.139 - - [21/Oct/2022:11:03:10 +0800] "GET /xingrg/all/function/internal_message.html?_=1666321349908&CODE_STATE=getMsg HTTP/1.1" 200 27
222.70.183.206 - - [21/Oct/2022:11:03:10 +0800] "GET /xingrg/check_reg.html?_=1666321386304 HTTP/1.1" 200 22
222.70.183.206 - - [21/Oct/2022:11:03:10 +0800] "GET /xingrg/all/function/internal_message.html?_=1666321386308&CODE_STATE=getMsg HTTP/1.1" 200 27
180.169.147.146 - - [21/Oct/2022:11:03:11 +0800] "GET /xingrg/all/function/internal_message.html?_=1666321381532&CODE_STATE=getMsg HTTP/1.1" 200 27
114.84.81.136 - - [21/Oct/2022:11:03:12 +0800] "GET /xingrg/all/function/internal_message.html?_=1666321390509&CODE_STATE=getMsg HTTP/1.1" 200 27
116.230.114.213 - - [21/Oct/2022:11:03:13 +0800] "GET /xingrg/check_reg.html?_=1666321405676 HTTP/1.1" 200 22
114.83.219.57 - - [21/Oct/2022:11:03:15 +0800] "GET /xingrg/all/function/internal_message.html?_=1666321492895&CODE_STATE=getMsg HTTP/1.1" 200 27
116.238.139.35 - - [21/Oct/2022:11:03:16 +0800] "GET /xingrg/all/function/internal_message.html?_=1666321391921&CODE_STATE=getMsg HTTP/1.1" 200 27
116.230.114.213 - - [21/Oct/2022:11:03:24 +0800] "GET /xingrg/all/function/internal_message.html?_=1666321416854&CODE_STATE=getMsg HTTP/1.1" 200 27
221.239.141.151 - - [21/Oct/2022:11:03:25 +0800] "GET /xingrg/all/function/internal_message.html?_=1666321400649&CODE_STATE=getMsg HTTP/1.1" 200 27
222.69.192.207 - - [21/Oct/2022:11:03:33 +0800] "GET /xingrg/all/function/internal_message.html?_=1666321262468&CODE_STATE=getMsg HTTP/1.1" 200 27
180.162.109.76 - - [21/Oct/2022:11:03:34 +0800] "GET /xingrg/kc/buy/cgsh_order_operate.html?command=get_materiel&rest_code=00143&code=00101008005&supplier_code=00100161&order_time=2022-10-17 HTTP/1.1" 200 412
180.162.109.76 - - [21/Oct/2022:11:03:36 +0800] "GET /xingrg/all/function/internal_message.html?_=1666320493173&CODE_STATE=getMsg HTTP/1.1" 200 27
180.162.109.76 - - [21/Oct/2022:11:03:36 +0800] "GET /xingrg/check_reg.html?_=1666320493175 HTTP/1.1" 200 22
101.85.93.18 - - [21/Oct/2022:11:03:36 +0800] "GET /xingrg/all/function/internal_message.html?_=1666321410663&CODE_STATE=getMsg HTTP/1.1" 200 27
222.70.183.206 - - [21/Oct/2022:11:03:37 +0800] "GET /xingrg/all/function/internal_message.html?_=1666321409997&CODE_STATE=getMsg HTTP/1.1" 200 27
61.170.232.52 - - [21/Oct/2022:11:03:43 +0800] "GET /xingrg/all/function/internal_message.html?_=1666321421738&CODE_STATE=getMsg HTTP/1.1" 200 27
180.162.109.76 - - [21/Oct/2022:11:03:48 +0800] "GET /xingrg/kc/buy/cgsh_order_operate.html?command=get_materiel&rest_code=00143&code=00101008049&supplier_code=00100161&order_time=2022-10-17 HTTP/1.1" 200 408
124.79.243.136 - - [21/Oct/2022:11:03:53 +0800] "GET /xingrg/all/function/internal_message.html?_=1666321636047&CODE_STATE=getMsg HTTP/1.1" 200 27
180.162.109.76 - - [21/Oct/2022:11:04:01 +0800] "GET /xingrg/kc/buy/cgsh_order_operate.html?command=get_materiel&rest_code=00143&code=00101008268&supplier_code=00100161&order_time=2022-10-17 HTTP/1.1" 200 408
124.79.74.72 - - [21/Oct/2022:11:04:04 +0800] "GET /xingrg/all/function/internal_message.html?_=1666321439597&CODE_STATE=getMsg HTTP/1.1" 200 27
222.69.192.207 - - [21/Oct/2022:11:04:05 +0800] "GET /xingrg/all/function/internal_message.html?_=1666321440877&CODE_STATE=getMsg HTTP/1.1" 200 27
120.253.135.82 - - [21/Oct/2022:11:04:08 +0800] "GET /xingrg/check_reg.html?_=1666321239583 HTTP/1.1" 200 22
116.230.105.139 - - [21/Oct/2022:11:04:10 +0800] "GET /xingrg/all/function/internal_message.html?_=1666321409924&CODE_STATE=getMsg HTTP/1.1" 200 27
222.70.183.206 - - [21/Oct/2022:11:04:10 +0800] "GET /xingrg/all/function/internal_message.html?_=1666321446304&CODE_STATE=getMsg HTTP/1.1" 200 27
180.169.147.146 - - [21/Oct/2022:11:04:11 +0800] "GET /xingrg/all/function/internal_message.html?_=1666321441533&CODE_STATE=getMsg HTTP/1.1" 200 27
180.162.109.76 - - [21/Oct/2022:11:04:13 +0800] "GET /xingrg/kc/buy/cgsh_order_operate.html?command=get_materiel&rest_code=00143&code=00101008361&supplier_code=00100161&order_time=2022-10-17 HTTP/1.1" 200 408
114.83.219.57 - - [21/Oct/2022:11:04:15 +0800] "GET /xingrg/all/function/internal_message.html?_=1666321552905&CODE_STATE=getMsg HTTP/1.1" 200 27
114.83.219.57 - - [21/Oct/2022:11:04:15 +0800] "GET /xingrg/check_reg.html?_=1666321552906 HTTP/1.1" 200 22
116.238.139.35 - - [21/Oct/2022:11:04:16 +0800] "GET /xingrg/check_reg.html?_=1666321451906 HTTP/1.1" 200 22
116.238.139.35 - - [21/Oct/2022:11:04:16 +0800] "GET /xingrg/all/function/internal_message.html?_=1666321451910&CODE_STATE=getMsg HTTP/1.1" 200 27
180.162.109.76 - - [21/Oct/2022:11:04:21 +0800] "GET /xingrg/kc/buy/cgsh_order_operate.html?command=get_materiel&rest_code=00143&code=00101008355&supplier_code=00100161&order_time=2022-10-17 HTTP/1.1" 200 408
116.230.114.213 - - [21/Oct/2022:11:04:24 +0800] "GET /xingrg/all/function/internal_message.html?_=1666321476868&CODE_STATE=getMsg HTTP/1.1" 200 27
221.239.141.151 - - [21/Oct/2022:11:04:25 +0800] "GET /xingrg/all/function/internal_message.html?_=1666321460637&CODE_STATE=getMsg HTTP/1.1" 200 27
222.69.192.207 - - [21/Oct/2022:11:04:34 +0800] "GET /xingrg/all/function/internal_message.html?_=1666321322476&CODE_STATE=getMsg HTTP/1.1" 200 27
180.162.109.76 - - [21/Oct/2022:11:04:34 +0800] "GET /xingrg/kc/buy/cgsh_order_operate.html?command=get_materiel&rest_code=00143&code=00101008024&supplier_code=00100161&order_time=2022-10-17 HTTP/1.1" 200 408
180.162.109.76 - - [21/Oct/2022:11:04:36 +0800] "GET /xingrg/all/function/internal_message.html?_=1666320553158&CODE_STATE=getMsg HTTP/1.1" 200 27
101.85.93.18 - - [21/Oct/2022:11:04:36 +0800] "GET /xingrg/all/function/internal_message.html?_=1666321470647&CODE_STATE=getMsg HTTP/1.1" 200 27
222.70.183.206 - - [21/Oct/2022:11:04:37 +0800] "GET /xingrg/all/function/internal_message.html?_=1666321470001&CODE_STATE=getMsg HTTP/1.1" 200 27
101.85.93.18 - - [21/Oct/2022:11:04:37 +0800] "GET /xingrg/check_reg.html?_=1666321471539 HTTP/1.1" 200 22
61.170.232.52 - - [21/Oct/2022:11:04:43 +0800] "GET /xingrg/all/function/internal_message.html?_=1666321481726&CODE_STATE=getMsg HTTP/1.1" 200 27
180.162.109.76 - - [21/Oct/2022:11:04:45 +0800] "GET /xingrg/kc/buy/cgsh_order_operate.html?command=get_materiel&rest_code=00143&code=00101008356&supplier_code=00100161&order_time=2022-10-17 HTTP/1.1" 200 408
124.79.243.136 - - [21/Oct/2022:11:04:53 +0800] "GET /xingrg/all/function/internal_message.html?_=1666321696025&CODE_STATE=getMsg HTTP/1.1" 200 27
180.162.109.76 - - [21/Oct/2022:11:04:55 +0800] "GET /xingrg/kc/buy/cgsh_order_operate.html?command=get_materiel&rest_code=00143&code=00101008286&supplier_code=00100161&order_time=2022-10-17 HTTP/1.1" 200 408
124.79.74.72 - - [21/Oct/2022:11:05:04 +0800] "GET /xingrg/all/function/internal_message.html?_=1666321499597&CODE_STATE=getMsg HTTP/1.1" 200 27
222.69.192.207 - - [21/Oct/2022:11:05:05 +0800] "GET /xingrg/all/function/internal_message.html?_=1666321500877&CODE_STATE=getMsg HTTP/1.1" 200 27
222.69.192.207 - - [21/Oct/2022:11:05:05 +0800] "GET /xingrg/check_reg.html?_=1666321500880 HTTP/1.1" 200 22
180.162.109.76 - - [21/Oct/2022:11:05:05 +0800] "GET /xingrg/kc/buy/cgsh_order_operate.html?command=get_materiel&rest_code=00143&code=00101008353&supplier_code=00100161&order_time=2022-10-17 HTTP/1.1" 200 408
116.230.105.139 - - [21/Oct/2022:11:05:10 +0800] "GET /xingrg/all/function/internal_message.html?_=1666321469910&CODE_STATE=getMsg HTTP/1.1" 200 27
222.70.183.206 - - [21/Oct/2022:11:05:10 +0800] "GET /xingrg/all/function/internal_message.html?_=1666321506305&CODE_STATE=getMsg HTTP/1.1" 200 27
180.169.147.146 - - [21/Oct/2022:11:05:11 +0800] "GET /xingrg/all/function/internal_message.html?_=1666321501533&CODE_STATE=getMsg HTTP/1.1" 200 27
114.83.219.57 - - [21/Oct/2022:11:05:15 +0800] "GET /xingrg/all/function/internal_message.html?_=1666321612894&CODE_STATE=getMsg HTTP/1.1" 200 27
116.238.139.35 - - [21/Oct/2022:11:05:16 +0800] "GET /xingrg/all/function/internal_message.html?_=1666321511910&CODE_STATE=getMsg HTTP/1.1" 200 27
180.162.109.76 - - [21/Oct/2022:11:05:18 +0800] "GET /xingrg/kc/buy/cgsh_order_operate.html?command=get_materiel&rest_code=00143&code=00101008357&supplier_code=00100161&order_time=2022-10-17 HTTP/1.1" 200 408
116.230.114.213 - - [21/Oct/2022:11:05:24 +0800] "GET /xingrg/all/function/internal_message.html?_=1666321537032&CODE_STATE=getMsg HTTP/1.1" 200 27
114.84.81.136 - - [21/Oct/2022:11:05:24 +0800] "GET /xingrg/all/function/internal_message.html?_=1666321522827&CODE_STATE=getMsg HTTP/1.1" 200 27
221.239.141.151 - - [21/Oct/2022:11:05:25 +0800] "GET /xingrg/all/function/internal_message.html?_=1666321520645&CODE_STATE=getMsg HTTP/1.1" 200 27
180.162.109.76 - - [21/Oct/2022:11:05:30 +0800] "GET /xingrg/kc/buy/cgsh_order_operate.html?command=get_materiel&rest_code=00143&code=00101008312&supplier_code=00100161&order_time=2022-10-17 HTTP/1.1" 200 412
222.69.192.207 - - [21/Oct/2022:11:05:34 +0800] "GET /xingrg/check_reg.html?_=1666321382508 HTTP/1.1" 200 22
222.69.192.207 - - [21/Oct/2022:11:05:34 +0800] "GET /xingrg/all/function/internal_message.html?_=1666321382511&CODE_STATE=getMsg HTTP/1.1" 200 27
180.162.109.76 - - [21/Oct/2022:11:05:36 +0800] "GET /xingrg/all/function/internal_message.html?_=1666320613186&CODE_STATE=getMsg HTTP/1.1" 200 27
101.85.93.18 - - [21/Oct/2022:11:05:36 +0800] "GET /xingrg/all/function/internal_message.html?_=1666321530619&CODE_STATE=getMsg HTTP/1.1" 200 27
222.70.183.206 - - [21/Oct/2022:11:05:37 +0800] "GET /xingrg/check_reg.html?_=1666321530007 HTTP/1.1" 200 22
222.70.183.206 - - [21/Oct/2022:11:05:37 +0800] "GET /xingrg/all/function/internal_message.html?_=1666321530003&CODE_STATE=getMsg HTTP/1.1" 200 27
180.162.109.76 - - [21/Oct/2022:11:05:41 +0800] "GET /xingrg/kc/buy/cgsh_order_operate.html?command=get_materiel&rest_code=00143&code=00101008264&supplier_code=00100161&order_time=2022-10-17 HTTP/1.1" 200 412
61.170.232.52 - - [21/Oct/2022:11:05:43 +0800] "GET /xingrg/all/function/internal_message.html?_=1666321541693&CODE_STATE=getMsg HTTP/1.1" 200 27
61.170.232.52 - - [21/Oct/2022:11:05:49 +0800] "POST /xingrg/kc/base/wldb_order_operate.html HTTP/1.1" 200 37
61.170.232.52 - - [21/Oct/2022:11:05:50 +0800] "POST /xingrg/kc/base/wldb_order_operate.html HTTP/1.1" 200 2190
180.162.109.76 - - [21/Oct/2022:11:05:52 +0800] "GET /xingrg/kc/buy/cgsh_order_operate.html?command=get_materiel&rest_code=00143&code=00101008072&supplier_code=00100161&order_time=2022-10-17 HTTP/1.1" 200 408
124.79.243.136 - - [21/Oct/2022:11:05:53 +0800] "GET /xingrg/all/function/internal_message.html?_=1666321756004&CODE_STATE=getMsg HTTP/1.1" 200 27
61.170.232.52 - - [21/Oct/2022:11:05:57 +0800] "GET /xingrg/kc/base/wldb_order_info.html?code=422022102101541 HTTP/1.1" 200 30379
61.170.232.52 - - [21/Oct/2022:11:05:58 +0800] "GET /xingrg/javascript/easyui/themes/default/validatebox.css HTTP/1.1" 404 1104
61.170.232.52 - - [21/Oct/2022:11:05:58 +0800] "POST /xingrg/kc/base/wldb_order_operate.html HTTP/1.1" 200 2190
124.79.74.72 - - [21/Oct/2022:11:06:04 +0800] "GET /xingrg/all/function/internal_message.html?_=1666321559597&CODE_STATE=getMsg HTTP/1.1" 200 27
222.69.192.207 - - [21/Oct/2022:11:06:05 +0800] "GET /xingrg/all/function/internal_message.html?_=1666321560864&CODE_STATE=getMsg HTTP/1.1" 200 27
180.162.109.76 - - [21/Oct/2022:11:06:05 +0800] "GET /xingrg/kc/buy/cgsh_order_operate.html?command=get_materiel&rest_code=00143&code=00101008283&supplier_code=00100161&order_time=2022-10-17 HTTP/1.1" 200 408
61.170.232.52 - - [21/Oct/2022:11:06:09 +0800] "GET /xingrg/kc/base/wldb_order_add.html HTTP/1.1" 200 30365
61.170.232.52 - - [21/Oct/2022:11:06:09 +0800] "POST /xingrg/kc/base/wldb_order_operate.html HTTP/1.1" 200 6806
61.170.232.52 - - [21/Oct/2022:11:06:09 +0800] "GET /xingrg/javascript/easyui/themes/default/validatebox.css HTTP/1.1" 404 1104
116.230.105.139 - - [21/Oct/2022:11:06:10 +0800] "GET /xingrg/all/function/internal_message.html?_=1666321529909&CODE_STATE=getMsg HTTP/1.1" 200 27
222.70.183.206 - - [21/Oct/2022:11:06:10 +0800] "GET /xingrg/all/function/internal_message.html?_=1666321566297&CODE_STATE=getMsg HTTP/1.1" 200 27
61.170.232.52 - - [21/Oct/2022:11:06:11 +0800] "POST /xingrg/all/common/load_combo.html?type=base HTTP/1.1" 200 3227
180.169.147.146 - - [21/Oct/2022:11:06:11 +0800] "GET /xingrg/all/function/internal_message.html?_=1666321561560&CODE_STATE=getMsg HTTP/1.1" 200 27
