116.230.105.139 - - [21/Oct/2022:10:15:10 +0800] "GET /xingrg/all/function/internal_message.html?_=1666318469914&CODE_STATE=getMsg HTTP/1.1" 200 27
222.70.183.206 - - [21/Oct/2022:10:15:10 +0800] "GET /xingrg/all/function/internal_message.html?_=1666318481179&CODE_STATE=getMsg HTTP/1.1" 200 27
116.238.139.35 - - [21/Oct/2022:10:15:11 +0800] "GET /xingrg/kc/buy/cgsh_order_operate.html?command=get_materiel&rest_code=00151&code=00101029017&supplier_code=00100097&order_time=2022-10-21 HTTP/1.1" 200 468
180.169.147.146 - - [21/Oct/2022:10:15:11 +0800] "GET /xingrg/all/function/internal_message.html?_=1666318501466&CODE_STATE=getMsg HTTP/1.1" 200 27
116.238.139.35 - - [21/Oct/2022:10:15:12 +0800] "POST /xingrg/all/common/load_select.html HTTP/1.1" 200 25
120.253.135.82 - - [21/Oct/2022:10:15:13 +0800] "GET /xingrg/all/function/internal_message.html?_=1666318305497&CODE_STATE=getMsg HTTP/1.1" 200 27
114.83.219.57 - - [21/Oct/2022:10:15:15 +0800] "GET /xingrg/all/function/internal_message.html?_=1666318612895&CODE_STATE=getMsg HTTP/1.1" 200 27
116.238.139.35 - - [21/Oct/2022:10:15:16 +0800] "GET /xingrg/kc/buy/cgsh_order_operate.html?command=get_materiel_price&rest_code=00151&code=00101029017&unit_code=00100179&supplier_code=00100097&order_time=2022-10-21 HTTP/1.1" 200 29
116.238.139.35 - - [21/Oct/2022:10:15:19 +0800] "GET /xingrg/all/function/internal_message.html?_=1666318514177&CODE_STATE=getMsg HTTP/1.1" 200 27
116.230.114.213 - - [21/Oct/2022:10:15:22 +0800] "GET /xingrg/all/function/internal_message.html?_=1666318534690&CODE_STATE=getMsg HTTP/1.1" 200 27
114.88.159.190 - - [21/Oct/2022:10:15:24 +0800] "GET /xingrg/all/function/internal_message.html?_=1666318144875&CODE_STATE=getMsg HTTP/1.1" 200 27
221.239.141.151 - - [21/Oct/2022:10:15:26 +0800] "GET /xingrg/all/function/internal_message.html?_=1666318521080&CODE_STATE=getMsg HTTP/1.1" 200 27
222.69.192.207 - - [21/Oct/2022:10:15:33 +0800] "GET /xingrg/check_reg.html?_=1666318382415 HTTP/1.1" 200 22
222.69.192.207 - - [21/Oct/2022:10:15:33 +0800] "GET /xingrg/all/function/internal_message.html?_=1666318382418&CODE_STATE=getMsg HTTP/1.1" 200 27
120.253.135.82 - - [21/Oct/2022:10:15:34 +0800] "POST /xingrg/kc/buy/cgsh_order_operate.html HTTP/1.1" 200 37
120.253.135.82 - - [21/Oct/2022:10:15:36 +0800] "POST /xingrg/kc/buy/cgsh_order_operate.html HTTP/1.1" 200 2691
222.70.183.206 - - [21/Oct/2022:10:15:36 +0800] "GET /xingrg/check_reg.html?_=1666318529957 HTTP/1.1" 200 22
222.70.183.206 - - [21/Oct/2022:10:15:36 +0800] "GET /xingrg/all/function/internal_message.html?_=1666318529961&CODE_STATE=getMsg HTTP/1.1" 200 27
101.85.93.18 - - [21/Oct/2022:10:15:37 +0800] "GET /xingrg/all/function/internal_message.html?_=1666318531393&CODE_STATE=getMsg HTTP/1.1" 200 27
120.253.135.82 - - [21/Oct/2022:10:15:41 +0800] "GET /xingrg/kc/buy/cgsh_order_info.html?code=212022102106272 HTTP/1.1" 200 68184
120.253.135.82 - - [21/Oct/2022:10:15:41 +0800] "GET /xingrg/javascript/easyui/themes/default/validatebox.css HTTP/1.1" 404 1104
120.253.135.82 - - [21/Oct/2022:10:15:42 +0800] "POST /xingrg/kc/buy/cgsh_order_operate.html HTTP/1.1" 200 2691
222.69.192.207 - - [21/Oct/2022:10:15:44 +0800] "GET /xingrg/kc/buy/cgsh_order_operate.html?command=get_materiel&rest_code=00105&code=00101009011&supplier_code=00100024&order_time=2022-10-21 HTTP/1.1" 200 416
116.238.139.35 - - [21/Oct/2022:10:15:45 +0800] "GET /xingrg/kc/buy/cgsh_order_operate.html?command=get_materiel&rest_code=00151&code=00101029080&supplier_code=00100097&order_time=2022-10-21 HTTP/1.1" 200 462
116.238.139.35 - - [21/Oct/2022:10:15:45 +0800] "POST /xingrg/all/common/load_select.html HTTP/1.1" 200 25
120.253.135.82 - - [21/Oct/2022:10:15:46 +0800] "POST /xingrg/kc/buy/cgsh_list_operate.html HTTP/1.1" 200 1874
120.253.135.82 - - [21/Oct/2022:10:15:49 +0800] "POST /xingrg/kc/buy/cgsh_list_operate.html HTTP/1.1" 200 219
116.238.139.35 - - [21/Oct/2022:10:15:49 +0800] "GET /xingrg/kc/buy/cgsh_order_operate.html?command=get_materiel_price&rest_code=00151&code=00101029080&unit_code=00100539&supplier_code=00100097&order_time=2022-10-21 HTTP/1.1" 200 28
120.253.135.82 - - [21/Oct/2022:10:15:56 +0800] "GET /xingrg/kc/buy/cgsh_order_info.html?code=212022102106272 HTTP/1.1" 200 68184
120.253.135.82 - - [21/Oct/2022:10:15:56 +0800] "GET /xingrg/javascript/easyui/themes/default/validatebox.css HTTP/1.1" 404 1104
222.69.192.207 - - [21/Oct/2022:10:15:56 +0800] "GET /xingrg/kc/buy/cgsh_order_operate.html?command=get_materiel&rest_code=00105&code=00101009016&supplier_code=00100024&order_time=2022-10-21 HTTP/1.1" 200 412
120.253.135.82 - - [21/Oct/2022:10:15:57 +0800] "POST /xingrg/kc/buy/cgsh_order_operate.html HTTP/1.1" 200 2691
222.69.192.207 - - [21/Oct/2022:10:16:04 +0800] "GET /xingrg/kc/buy/cgsh_order_operate.html?command=get_materiel&rest_code=00105&code=00101009013&supplier_code=00100024&order_time=2022-10-21 HTTP/1.1" 200 420
222.69.192.207 - - [21/Oct/2022:10:16:05 +0800] "GET /xingrg/all/function/internal_message.html?_=1666318560856&CODE_STATE=getMsg HTTP/1.1" 200 27
116.230.105.139 - - [21/Oct/2022:10:16:10 +0800] "GET /xingrg/all/function/internal_message.html?_=1666318529907&CODE_STATE=getMsg HTTP/1.1" 200 27
222.70.183.206 - - [21/Oct/2022:10:16:10 +0800] "GET /xingrg/all/function/internal_message.html?_=1666318541177&CODE_STATE=getMsg HTTP/1.1" 200 27
180.169.147.146 - - [21/Oct/2022:10:16:11 +0800] "GET /xingrg/all/function/internal_message.html?_=1666318561467&CODE_STATE=getMsg HTTP/1.1" 200 27
222.69.192.207 - - [21/Oct/2022:10:16:12 +0800] "GET /xingrg/kc/buy/cgsh_order_operate.html?command=get_materiel&rest_code=00105&code=00101009140&supplier_code=00100024&order_time=2022-10-21 HTTP/1.1" 200 412
114.83.219.57 - - [21/Oct/2022:10:16:15 +0800] "GET /xingrg/all/function/internal_message.html?_=1666318672904&CODE_STATE=getMsg HTTP/1.1" 200 27
124.79.243.136 - - [21/Oct/2022:10:16:18 +0800] "POST /xingrg/login.do HTTP/1.1" 302 -
124.79.243.136 - - [21/Oct/2022:10:16:18 +0800] "GET /xingrg/index.html?sysBaseUrl=http%3A%2F%2F180.169.147.146%3A18081%2Fxingrg%2F&costTime=40×tamp=1666318578598 HTTP/1.1" 200 17179
124.79.243.136 - - [21/Oct/2022:10:16:18 +0800] "GET /favicon.ico HTTP/1.1" 404 -
124.79.243.136 - - [21/Oct/2022:10:16:18 +0800] "POST /xingrg/all/common/load_tree.html?tree=area_rest_tree_json&manage=1 HTTP/1.1" 200 351
116.238.139.35 - - [21/Oct/2022:10:16:19 +0800] "GET /xingrg/all/function/internal_message.html?_=1666318574174&CODE_STATE=getMsg HTTP/1.1" 200 27
124.79.243.136 - - [21/Oct/2022:10:16:19 +0800] "GET /xingrg/all/function/internal_message.html?_=1666318781532&CODE_STATE=count HTTP/1.1" 200 11
124.79.243.136 - - [21/Oct/2022:10:16:19 +0800] "GET /xingrg/check_reg.html?_=1666318781533 HTTP/1.1" 200 22
124.79.243.136 - - [21/Oct/2022:10:16:19 +0800] "POST /xingrg/load_menu.html HTTP/1.1" 200 5138
120.253.135.82 - - [21/Oct/2022:10:16:20 +0800] "GET /xingrg/login.html HTTP/1.1" 200 7641
120.253.135.82 - - [21/Oct/2022:10:16:20 +0800] "GET /xingrg/images/blue/jxLogo.png HTTP/1.1" 304 -
120.253.135.82 - - [21/Oct/2022:10:16:20 +0800] "GET /xingrg/images/blue/login_bg.png HTTP/1.1" 304 -
120.253.135.82 - - [21/Oct/2022:10:16:20 +0800] "GET /xingrg/images/blue/hj.png HTTP/1.1" 304 -
120.253.135.82 - - [21/Oct/2022:10:16:20 +0800] "GET /xingrg/images/blue/srbg.png HTTP/1.1" 304 -
120.253.135.82 - - [21/Oct/2022:10:16:20 +0800] "GET /favicon.ico HTTP/1.1" 404 -
116.230.114.213 - - [21/Oct/2022:10:16:22 +0800] "GET /xingrg/all/function/internal_message.html?_=1666318594702&CODE_STATE=getMsg HTTP/1.1" 200 27
120.253.135.82 - - [21/Oct/2022:10:16:22 +0800] "POST /xingrg/login.do HTTP/1.1" 302 -
120.253.135.82 - - [21/Oct/2022:10:16:22 +0800] "GET /xingrg/javascript/jquery_easy_ui/themes/default/easyui.css HTTP/1.1" 304 -
120.253.135.82 - - [21/Oct/2022:10:16:22 +0800] "GET /xingrg/javascript/jquery_easy_ui/themes/icon.css HTTP/1.1" 304 -
120.253.135.82 - - [21/Oct/2022:10:16:22 +0800] "GET /xingrg/index.html?sysBaseUrl=http%3A%2F%2F180.169.147.146%3A18081%2Fxingrg%2F&costTime=40×tamp=1666318582403 HTTP/1.1" 200 17173
120.253.135.82 - - [21/Oct/2022:10:16:22 +0800] "GET /xingrg/javascript/jquery.utils.js HTTP/1.1" 304 -
120.253.135.82 - - [21/Oct/2022:10:16:22 +0800] "GET /xingrg/javascript/jquery.timers.js HTTP/1.1" 304 -
120.253.135.82 - - [21/Oct/2022:10:16:22 +0800] "GET /xingrg/css/form.css HTTP/1.1" 304 -
120.253.135.82 - - [21/Oct/2022:10:16:22 +0800] "GET /xingrg/javascript/jquery-1.4.2.min.js HTTP/1.1" 304 -
120.253.135.82 - - [21/Oct/2022:10:16:22 +0800] "GET /xingrg/javascript/jquery.form.js HTTP/1.1" 304 -
120.253.135.82 - - [21/Oct/2022:10:16:22 +0800] "GET /xingrg/javascript/jquery_easy_ui/easyui-lang-zh_CN.js HTTP/1.1" 304 -
120.253.135.82 - - [21/Oct/2022:10:16:22 +0800] "GET /xingrg/javascript/jquery_easy_ui/jquery.easyui.min.js HTTP/1.1" 304 -
120.253.135.82 - - [21/Oct/2022:10:16:22 +0800] "GET /xingrg/images/blue/navBackgound.jpg HTTP/1.1" 304 -
120.253.135.82 - - [21/Oct/2022:10:16:22 +0800] "GET /xingrg/javascript/jquery_easy_ui/themes/icons/settle_new.png HTTP/1.1" 304 -
120.253.135.82 - - [21/Oct/2022:10:16:22 +0800] "POST /xingrg/all/common/load_tree.html?tree=area_rest_tree_json&manage=1 HTTP/1.1" 200 344
120.253.135.82 - - [21/Oct/2022:10:16:22 +0800] "GET /xingrg/images/blue/pingpu.png HTTP/1.1" 304 -
120.253.135.82 - - [21/Oct/2022:10:16:22 +0800] "GET /xingrg/javascript/jquery_easy_ui/themes/default/images/tabs_leftarrow.png HTTP/1.1" 304 -
120.253.135.82 - - [21/Oct/2022:10:16:22 +0800] "GET /xingrg/javascript/jquery_easy_ui/themes/default/images/tabs_rightarrow.png HTTP/1.1" 304 -
120.253.135.82 - - [21/Oct/2022:10:16:22 +0800] "GET /xingrg/javascript/jquery_easy_ui/themes/default/images/panel_tool_collapse.gif HTTP/1.1" 304 -
120.253.135.82 - - [21/Oct/2022:10:16:22 +0800] "GET /xingrg/all/function/internal_message.html?_=1666318374905&CODE_STATE=count HTTP/1.1" 200 11
120.253.135.82 - - [21/Oct/2022:10:16:22 +0800] "GET /xingrg/check_reg.html?_=1666318374906 HTTP/1.1" 200 22
120.253.135.82 - - [21/Oct/2022:10:16:22 +0800] "GET /favicon.ico HTTP/1.1" 404 -
120.253.135.82 - - [21/Oct/2022:10:16:22 +0800] "POST /xingrg/load_menu.html HTTP/1.1" 200 6743
120.253.135.82 - - [21/Oct/2022:10:16:22 +0800] "GET /xingrg/javascript/jquery_easy_ui/themes/default/images/tree_arrows.gif HTTP/1.1" 304 -
120.253.135.82 - - [21/Oct/2022:10:16:22 +0800] "GET /xingrg/javascript/jquery_easy_ui/themes/default/images/tree_folder_open.gif HTTP/1.1" 304 -
120.253.135.82 - - [21/Oct/2022:10:16:22 +0800] "GET /xingrg/javascript/jquery_easy_ui/themes/icons/delivery_new.png HTTP/1.1" 304 -
120.253.135.82 - - [21/Oct/2022:10:16:22 +0800] "GET /xingrg/javascript/jquery_easy_ui/themes/icons/search_new.png HTTP/1.1" 304 -
120.253.135.82 - - [21/Oct/2022:10:16:23 +0800] "GET /xingrg/javascript/jquery_easy_ui/themes/default/images/tree_file.gif HTTP/1.1" 304 -
120.253.135.82 - - [21/Oct/2022:10:16:23 +0800] "GET /xingrg/javascript/jquery_easy_ui/themes/icons/storage_new.png HTTP/1.1" 304 -
120.253.135.82 - - [21/Oct/2022:10:16:23 +0800] "GET /xingrg/javascript/jquery_easy_ui/themes/icons/forms_new.png HTTP/1.1" 304 -
120.253.135.82 - - [21/Oct/2022:10:16:23 +0800] "GET /xingrg/javascript/jquery_easy_ui/themes/default/images/tree_folder.gif HTTP/1.1" 304 -
114.88.159.190 - - [21/Oct/2022:10:16:24 +0800] "GET /xingrg/all/function/internal_message.html?_=1666318204849&CODE_STATE=getMsg HTTP/1.1" 200 27
221.239.141.151 - - [21/Oct/2022:10:16:25 +0800] "GET /xingrg/check_reg.html?_=1666318580640 HTTP/1.1" 200 22
221.239.141.151 - - [21/Oct/2022:10:16:26 +0800] "GET /xingrg/all/function/internal_message.html?_=1666318581076&CODE_STATE=getMsg HTTP/1.1" 200 27
120.253.135.82 - - [21/Oct/2022:10:16:26 +0800] "GET /xingrg/javascript/jquery_easy_ui/themes/default/images/tabs_close.gif HTTP/1.1" 304 -
120.253.135.82 - - [21/Oct/2022:10:16:26 +0800] "GET /xingrg/css/base.css HTTP/1.1" 304 -
120.253.135.82 - - [21/Oct/2022:10:16:26 +0800] "GET /xingrg/javascript/jquery_tools/datebox.css HTTP/1.1" 304 -
120.253.135.82 - - [21/Oct/2022:10:16:26 +0800] "GET /xingrg/css/site.css HTTP/1.1" 304 -
120.253.135.82 - - [21/Oct/2022:10:16:26 +0800] "GET /xingrg/javascript/easyui/themes/default/easyui.css HTTP/1.1" 304 -
120.253.135.82 - - [21/Oct/2022:10:16:26 +0800] "GET /xingrg/javascript/jquery_tools/fix.css HTTP/1.1" 304 -
120.253.135.82 - - [21/Oct/2022:10:16:26 +0800] "GET /xingrg/javascript/auto/jquery.autocomplete.css HTTP/1.1" 304 -
120.253.135.82 - - [21/Oct/2022:10:16:26 +0800] "GET /xingrg/javascript/easyui/themes/icon.css HTTP/1.1" 304 -
120.253.135.82 - - [21/Oct/2022:10:16:26 +0800] "GET /xingrg/javascript/jquery_tools/jquery.tools.hotkey.js HTTP/1.1" 304 -
120.253.135.82 - - [21/Oct/2022:10:16:26 +0800] "GET /xingrg/javascript/jquery_tools/jquery.tools.table.js HTTP/1.1" 304 -
120.253.135.82 - - [21/Oct/2022:10:16:26 +0800] "GET /xingrg/javascript/jquery_tools/list_manager.js HTTP/1.1" 304 -
120.253.135.82 - - [21/Oct/2022:10:16:26 +0800] "GET /xingrg/javascript/jquery_tools/jquery.tools.min.js HTTP/1.1" 304 -
120.253.135.82 - - [21/Oct/2022:10:16:26 +0800] "GET /xingrg/javascript/auto/jquery.autocomplete.js HTTP/1.1" 304 -
120.253.135.82 - - [21/Oct/2022:10:16:26 +0800] "GET /xingrg/javascript/jquery_tools/table.css HTTP/1.1" 304 -
120.253.135.82 - - [21/Oct/2022:10:16:26 +0800] "GET /xingrg/javascript/jquery_tools/jquery.tools.extend.js HTTP/1.1" 304 -
120.253.135.82 - - [21/Oct/2022:10:16:26 +0800] "GET /xingrg/javascript/jquery.cookie.js HTTP/1.1" 304 -
120.253.135.82 - - [21/Oct/2022:10:16:26 +0800] "GET /xingrg/javascript/print/LodopFuncs.js HTTP/1.1" 304 -
120.253.135.82 - - [21/Oct/2022:10:16:26 +0800] "GET /xingrg/javascript/easyui/easyloader.js HTTP/1.1" 304 -
120.253.135.82 - - [21/Oct/2022:10:16:26 +0800] "GET /xingrg/kc/buy/cgsh_order_list.html HTTP/1.1" 200 53322
120.253.135.82 - - [21/Oct/2022:10:16:26 +0800] "GET /xingrg/javascript/easyui/themes/icons/cance_new.png HTTP/1.1" 304 -
120.253.135.82 - - [21/Oct/2022:10:16:26 +0800] "GET /xingrg/javascript/easyui/themes/icons/edit_add_new.png HTTP/1.1" 304 -
120.253.135.82 - - [21/Oct/2022:10:16:26 +0800] "GET /xingrg/javascript/easyui/themes/icons/import_new.png HTTP/1.1" 304 -
120.253.135.82 - - [21/Oct/2022:10:16:26 +0800] "GET /xingrg/javascript/easyui/themes/icons/check_new.png HTTP/1.1" 304 -
120.253.135.82 - - [21/Oct/2022:10:16:26 +0800] "GET /xingrg/javascript/easyui/themes/icons/field_new.png HTTP/1.1" 304 -
120.253.135.82 - - [21/Oct/2022:10:16:26 +0800] "GET /xingrg/javascript/easyui/plugins/jquery.parser.js HTTP/1.1" 304 -
120.253.135.82 - - [21/Oct/2022:10:16:26 +0800] "GET /xingrg/images/control/ajaxLoader.gif HTTP/1.1" 304 -
120.253.135.82 - - [21/Oct/2022:10:16:26 +0800] "GET /xingrg/javascript/jquery_easy_ui/themes/icons/area.png HTTP/1.1" 304 -
120.253.135.82 - - [21/Oct/2022:10:16:26 +0800] "GET /xingrg/javascript/jquery_easy_ui/themes/icons/manage.png HTTP/1.1" 304 -
124.79.243.136 - - [21/Oct/2022:10:16:28 +0800] "GET /xingrg/kc/buy/cgsh_order_list.html HTTP/1.1" 200 53328
120.253.135.82 - - [21/Oct/2022:10:16:29 +0800] "POST /xingrg/kc/buy/cgsh_list_operate.html HTTP/1.1" 200 1874
116.238.139.35 - - [21/Oct/2022:10:16:31 +0800] "GET /xingrg/index.html?sysBaseUrl=http%3A%2F%2F180.169.147.146%3A18081%2Fxingrg%2F&costTime=40×tamp=1666082467607 HTTP/1.1" 200 17179
116.238.139.35 - - [21/Oct/2022:10:16:31 +0800] "GET /xingrg/javascript/jquery_easy_ui/themes/default/easyui.css HTTP/1.1" 304 -
116.238.139.35 - - [21/Oct/2022:10:16:31 +0800] "GET /xingrg/javascript/jquery-1.4.2.min.js HTTP/1.1" 304 -
116.238.139.35 - - [21/Oct/2022:10:16:31 +0800] "GET /xingrg/javascript/jquery_easy_ui/themes/icon.css HTTP/1.1" 304 -
116.238.139.35 - - [21/Oct/2022:10:16:31 +0800] "GET /xingrg/javascript/jquery.utils.js HTTP/1.1" 304 -
116.238.139.35 - - [21/Oct/2022:10:16:31 +0800] "GET /xingrg/javascript/jquery_easy_ui/easyui-lang-zh_CN.js HTTP/1.1" 304 -
116.238.139.35 - - [21/Oct/2022:10:16:31 +0800] "GET /xingrg/javascript/jquery.form.js HTTP/1.1" 304 -
116.238.139.35 - - [21/Oct/2022:10:16:31 +0800] "GET /xingrg/css/form.css HTTP/1.1" 304 -
116.238.139.35 - - [21/Oct/2022:10:16:31 +0800] "GET /xingrg/javascript/jquery_easy_ui/jquery.easyui.min.js HTTP/1.1" 304 -
116.238.139.35 - - [21/Oct/2022:10:16:31 +0800] "GET /xingrg/javascript/jquery.timers.js HTTP/1.1" 304 -
116.238.139.35 - - [21/Oct/2022:10:16:31 +0800] "GET /xingrg/images/blue/jxLogo.png HTTP/1.1" 304 -
116.238.139.35 - - [21/Oct/2022:10:16:31 +0800] "GET /xingrg/images/blue/navBackgound.jpg HTTP/1.1" 304 -
116.238.139.35 - - [21/Oct/2022:10:16:31 +0800] "GET /xingrg/javascript/jquery_easy_ui/themes/icons/settle_new.png HTTP/1.1" 304 -
116.238.139.35 - - [21/Oct/2022:10:16:31 +0800] "POST /xingrg/all/common/load_tree.html?tree=area_rest_tree_json&manage=1 HTTP/1.1" 200 476
116.238.139.35 - - [21/Oct/2022:10:16:31 +0800] "GET /xingrg/images/blue/pingpu.png HTTP/1.1" 304 -
116.238.139.35 - - [21/Oct/2022:10:16:31 +0800] "GET /xingrg/javascript/jquery_easy_ui/themes/default/images/tabs_leftarrow.png HTTP/1.1" 304 -
116.238.139.35 - - [21/Oct/2022:10:16:31 +0800] "GET /xingrg/javascript/jquery_easy_ui/themes/default/images/tabs_rightarrow.png HTTP/1.1" 304 -
116.238.139.35 - - [21/Oct/2022:10:16:31 +0800] "GET /xingrg/javascript/jquery_easy_ui/themes/default/images/panel_tool_collapse.gif HTTP/1.1" 304 -
116.238.139.35 - - [21/Oct/2022:10:16:31 +0800] "GET /favicon.ico HTTP/1.1" 404 -
116.238.139.35 - - [21/Oct/2022:10:16:31 +0800] "GET /xingrg/javascript/jquery_easy_ui/themes/default/images/tree_arrows.gif HTTP/1.1" 304 -
116.238.139.35 - - [21/Oct/2022:10:16:32 +0800] "POST /xingrg/kc/buy/cgsh_order_operate.html HTTP/1.1" 200 37
222.69.192.207 - - [21/Oct/2022:10:16:33 +0800] "GET /xingrg/all/function/internal_message.html?_=1666318442425&CODE_STATE=getMsg HTTP/1.1" 200 27
120.253.135.82 - - [21/Oct/2022:10:16:34 +0800] "POST /xingrg/kc/buy/cgsh_list_operate.html HTTP/1.1" 200 219
120.253.135.82 - - [21/Oct/2022:10:16:35 +0800] "GET /xingrg/javascript/pic_change.js HTTP/1.1" 304 -
120.253.135.82 - - [21/Oct/2022:10:16:35 +0800] "GET /xingrg/javascript/jquery_tools/order_manager.js HTTP/1.1" 304 -
120.253.135.82 - - [21/Oct/2022:10:16:35 +0800] "GET /xingrg/javascript/json2.js HTTP/1.1" 304 -
120.253.135.82 - - [21/Oct/2022:10:16:35 +0800] "GET /xingrg/javascript/convert.js HTTP/1.1" 304 -
120.253.135.82 - - [21/Oct/2022:10:16:35 +0800] "GET /xingrg/javascript/print/kc_print.js HTTP/1.1" 304 -
120.253.135.82 - - [21/Oct/2022:10:16:35 +0800] "GET /xingrg/kc/buy/cgsh_order_info.html?code=212022102106272 HTTP/1.1" 200 68184
116.238.139.35 - - [21/Oct/2022:10:16:35 +0800] "POST /xingrg/kc/buy/cgsh_order_operate.html HTTP/1.1" 200 12
120.253.135.82 - - [21/Oct/2022:10:16:35 +0800] "GET /xingrg/words/20221021092308_words.js HTTP/1.1" 304 -
120.253.135.82 - - [21/Oct/2022:10:16:35 +0800] "GET /xingrg/javascript/easyui/themes/icons/template_new.png HTTP/1.1" 304 -
120.253.135.82 - - [21/Oct/2022:10:16:35 +0800] "GET /xingrg/javascript/easyui/themes/icons/copy_new.png HTTP/1.1" 304 -
120.253.135.82 - - [21/Oct/2022:10:16:35 +0800] "GET /xingrg/javascript/easyui/themes/icons/ok.png HTTP/1.1" 304 -
120.253.135.82 - - [21/Oct/2022:10:16:35 +0800] "GET /xingrg/javascript/easyui/themes/icons/print.png HTTP/1.1" 304 -
120.253.135.82 - - [21/Oct/2022:10:16:35 +0800] "GET /xingrg/javascript/easyui/themes/default/images/menu_downarrow.png HTTP/1.1" 304 -
120.253.135.82 - - [21/Oct/2022:10:16:35 +0800] "GET /xingrg/javascript/easyui/themes/icons/cancel.png HTTP/1.1" 304 -
120.253.135.82 - - [21/Oct/2022:10:16:35 +0800] "GET /xingrg/all/common/auto_word.html?type=employee&rest_code=00101 HTTP/1.1" 200 977
120.253.135.82 - - [21/Oct/2022:10:16:35 +0800] "GET /xingrg/all/common/auto_word.html?type=employee&rest_code=00101 HTTP/1.1" 200 977
120.253.135.82 - - [21/Oct/2022:10:16:35 +0800] "GET /xingrg/javascript/easyui/themes/default/validatebox.css HTTP/1.1" 404 1104
120.253.135.82 - - [21/Oct/2022:10:16:35 +0800] "GET /xingrg/javascript/easyui/plugins/jquery.validatebox.js HTTP/1.1" 304 -
120.253.135.82 - - [21/Oct/2022:10:16:35 +0800] "GET /xingrg/javascript/easyui/plugins/jquery.numberbox.js HTTP/1.1" 304 -
120.253.135.82 - - [21/Oct/2022:10:16:36 +0800] "POST /xingrg/kc/buy/cgsh_order_operate.html HTTP/1.1" 200 2691
120.253.135.82 - - [21/Oct/2022:10:16:36 +0800] "GET /xingrg/javascript/easyui/themes/icons/edit_remove.png HTTP/1.1" 304 -
116.238.139.35 - - [21/Oct/2022:10:16:36 +0800] "GET /xingrg/kc/buy/cgsh_order_info.html?code=212022102106276 HTTP/1.1" 200 63596
124.79.243.136 - - [21/Oct/2022:10:16:36 +0800] "POST /xingrg/kc/buy/cgsh_list_operate.html HTTP/1.1" 200 6023
116.238.139.35 - - [21/Oct/2022:10:16:36 +0800] "GET /xingrg/javascript/easyui/themes/default/validatebox.css HTTP/1.1" 404 1104
222.70.183.206 - - [21/Oct/2022:10:16:36 +0800] "GET /xingrg/all/function/internal_message.html?_=1666318589946&CODE_STATE=getMsg HTTP/1.1" 200 27
101.85.93.18 - - [21/Oct/2022:10:16:37 +0800] "GET /xingrg/all/function/internal_message.html?_=1666318591379&CODE_STATE=getMsg HTTP/1.1" 200 27
116.238.139.35 - - [21/Oct/2022:10:16:37 +0800] "POST /xingrg/kc/buy/cgsh_order_operate.html HTTP/1.1" 200 1904
120.253.135.82 - - [21/Oct/2022:10:16:37 +0800] "GET /xingrg/javascript/easyui/themes/default/images/button_plain_hover.png HTTP/1.1" 304 -
120.253.135.82 - - [21/Oct/2022:10:16:37 +0800] "GET /xingrg/javascript/easyui/themes/default/images/button_plain_hover.png HTTP/1.1" 304 -
120.253.135.82 - - [21/Oct/2022:10:16:38 +0800] "GET /xingrg/kc/print/load_config.html?kc_code=cgsh HTTP/1.1" 200 1943
120.253.135.82 - - [21/Oct/2022:10:16:38 +0800] "GET /xingrg/kc/print/load_data.html?order_code=212022102106272&kc_code=cgsh&condition= HTTP/1.1" 200 711
116.238.139.35 - - [21/Oct/2022:10:16:38 +0800] "GET /xingrg/kc/print/load_data.html?order_code=212022102106276&kc_code=cgsh&condition= HTTP/1.1" 200 1254
124.78.14.249 - - [21/Oct/2022:10:16:49 +0800] "GET /favicon.ico HTTP/1.1" 404 -
124.78.14.249 - - [21/Oct/2022:10:16:49 +0800] "GET /favicon.ico HTTP/1.1" 404 -
124.78.14.249 - - [21/Oct/2022:10:16:50 +0800] "GET /favicon.ico HTTP/1.1" 404 -
222.69.192.207 - - [21/Oct/2022:10:17:05 +0800] "GET /xingrg/all/function/internal_message.html?_=1666318620856&CODE_STATE=getMsg HTTP/1.1" 200 27
116.230.105.139 - - [21/Oct/2022:10:17:10 +0800] "GET /xingrg/all/function/internal_message.html?_=1666318589917&CODE_STATE=getMsg HTTP/1.1" 200 27
116.230.105.139 - - [21/Oct/2022:10:17:10 +0800] "GET /xingrg/check_reg.html?_=1666318589918 HTTP/1.1" 200 22
222.70.183.206 - - [21/Oct/2022:10:17:10 +0800] "GET /xingrg/all/function/internal_message.html?_=1666318601175&CODE_STATE=getMsg HTTP/1.1" 200 27
180.169.147.146 - - [21/Oct/2022:10:17:11 +0800] "GET /xingrg/check_reg.html?_=1666318621466 HTTP/1.1" 200 22
180.169.147.146 - - [21/Oct/2022:10:17:11 +0800] "GET /xingrg/all/function/internal_message.html?_=1666318621471&CODE_STATE=getMsg HTTP/1.1" 200 27
114.83.219.57 - - [21/Oct/2022:10:17:15 +0800] "GET /xingrg/all/function/internal_message.html?_=1666318732894&CODE_STATE=getMsg HTTP/1.1" 200 27
116.238.139.35 - - [21/Oct/2022:10:17:19 +0800] "GET /xingrg/all/function/internal_message.html?_=1666318634187&CODE_STATE=getMsg HTTP/1.1" 200 27
124.79.243.136 - - [21/Oct/2022:10:17:19 +0800] "GET /xingrg/all/function/internal_message.html?_=1666318841540&CODE_STATE=getMsg HTTP/1.1" 200 27
222.69.192.207 - - [21/Oct/2022:10:17:20 +0800] "POST /xingrg/kc/buy/cgsh_order_operate.html HTTP/1.1" 200 37
116.230.114.213 - - [21/Oct/2022:10:17:22 +0800] "GET /xingrg/all/function/internal_message.html?_=1666318654806&CODE_STATE=getMsg HTTP/1.1" 200 27
120.253.135.82 - - [21/Oct/2022:10:17:22 +0800] "GET /xingrg/all/function/internal_message.html?_=1666318434932&CODE_STATE=getMsg HTTP/1.1" 200 27
222.69.192.207 - - [21/Oct/2022:10:17:23 +0800] "POST /xingrg/kc/buy/cgsh_order_operate.html HTTP/1.1" 200 7407
114.88.159.190 - - [21/Oct/2022:10:17:24 +0800] "GET /xingrg/all/function/internal_message.html?_=1666318264820&CODE_STATE=getMsg HTTP/1.1" 200 27
222.69.192.207 - - [21/Oct/2022:10:17:24 +0800] "GET /xingrg/kc/print/load_data.html?order_code=212022102106277&kc_code=cgsh&condition= HTTP/1.1" 200 2502
221.239.141.151 - - [21/Oct/2022:10:17:26 +0800] "GET /xingrg/all/function/internal_message.html?_=1666318641049&CODE_STATE=getMsg HTTP/1.1" 200 27
222.69.192.207 - - [21/Oct/2022:10:17:32 +0800] "GET /xingrg/javascript/jquery_easy_ui/themes/default/images/tabs_active.png HTTP/1.1" 304 -
222.69.192.207 - - [21/Oct/2022:10:17:33 +0800] "GET /xingrg/all/function/internal_message.html?_=1666318502431&CODE_STATE=getMsg HTTP/1.1" 200 27
222.70.183.206 - - [21/Oct/2022:10:17:36 +0800] "GET /xingrg/all/function/internal_message.html?_=1666318649947&CODE_STATE=getMsg HTTP/1.1" 200 27
101.85.93.18 - - [21/Oct/2022:10:17:37 +0800] "GET /xingrg/all/function/internal_message.html?_=1666318651365&CODE_STATE=getMsg HTTP/1.1" 200 27
124.79.243.136 - - [21/Oct/2022:10:17:55 +0800] "POST /xingrg/kc/buy/cgsh_list_operate.html HTTP/1.1" 200 4
120.253.135.82 - - [21/Oct/2022:10:17:57 +0800] "POST /xingrg/kc/buy/cgsh_order_operate.html HTTP/1.1" 200 37
120.253.135.82 - - [21/Oct/2022:10:18:02 +0800] "POST /xingrg/kc/buy/cgsh_order_operate.html HTTP/1.1" 200 12
120.253.135.82 - - [21/Oct/2022:10:18:03 +0800] "GET /xingrg/kc/buy/cgsh_order_info.html?code=212022102106272 HTTP/1.1" 200 63078
120.253.135.82 - - [21/Oct/2022:10:18:04 +0800] "GET /xingrg/javascript/easyui/themes/default/validatebox.css HTTP/1.1" 404 1104
120.253.135.82 - - [21/Oct/2022:10:18:04 +0800] "POST /xingrg/kc/buy/cgsh_order_operate.html HTTP/1.1" 200 641
222.69.192.207 - - [21/Oct/2022:10:18:05 +0800] "GET /xingrg/all/function/internal_message.html?_=1666318680855&CODE_STATE=getMsg HTTP/1.1" 200 27
120.253.135.82 - - [21/Oct/2022:10:18:08 +0800] "GET /xingrg/kc/buy/cgsh_order_info.html?code=212022102106272 HTTP/1.1" 200 63078
120.253.135.82 - - [21/Oct/2022:10:18:08 +0800] "GET /xingrg/javascript/easyui/themes/default/validatebox.css HTTP/1.1" 404 1104
120.253.135.82 - - [21/Oct/2022:10:18:09 +0800] "POST /xingrg/kc/buy/cgsh_order_operate.html HTTP/1.1" 200 641
116.230.105.139 - - [21/Oct/2022:10:18:10 +0800] "GET /xingrg/all/function/internal_message.html?_=1666318649911&CODE_STATE=getMsg HTTP/1.1" 200 27
222.70.183.206 - - [21/Oct/2022:10:18:10 +0800] "GET /xingrg/all/function/internal_message.html?_=1666318661181&CODE_STATE=getMsg HTTP/1.1" 200 27
222.70.183.206 - - [21/Oct/2022:10:18:10 +0800] "GET /xingrg/check_reg.html?_=1666318661183 HTTP/1.1" 200 22
120.253.135.82 - - [21/Oct/2022:10:18:11 +0800] "POST /xingrg/kc/buy/cgsh_list_operate.html HTTP/1.1" 200 986
180.169.147.146 - - [21/Oct/2022:10:18:11 +0800] "GET /xingrg/all/function/internal_message.html?_=1666318681455&CODE_STATE=getMsg HTTP/1.1" 200 27
116.230.114.213 - - [21/Oct/2022:10:18:13 +0800] "GET /xingrg/check_reg.html?_=1666318705624 HTTP/1.1" 200 22
114.83.219.57 - - [21/Oct/2022:10:18:15 +0800] "GET /xingrg/all/function/internal_message.html?_=1666318792903&CODE_STATE=getMsg HTTP/1.1" 200 27
120.253.135.82 - - [21/Oct/2022:10:18:17 +0800] "GET /xingrg/kc/pszx/mdqp_order_list.html?state=10 HTTP/1.1" 200 10223
120.253.135.82 - - [21/Oct/2022:10:18:17 +0800] "GET /xingrg/css/blue.css HTTP/1.1" 304 -
120.253.135.82 - - [21/Oct/2022:10:18:17 +0800] "GET /xingrg/dwr/util.js HTTP/1.1" 304 -
120.253.135.82 - - [21/Oct/2022:10:18:17 +0800] "GET /xingrg/javascript/Calendar.js HTTP/1.1" 304 -
120.253.135.82 - - [21/Oct/2022:10:18:17 +0800] "GET /xingrg/javascript/myfunction.js HTTP/1.1" 304 -
120.253.135.82 - - [21/Oct/2022:10:18:17 +0800] "GET /xingrg/dwr/interface/AjaxReportQueryService.js HTTP/1.1" 200 13203
120.253.135.82 - - [21/Oct/2022:10:18:17 +0800] "GET /xingrg/dwr/interface/AjaxQqpsService.js HTTP/1.1" 200 16326
120.253.135.82 - - [21/Oct/2022:10:18:17 +0800] "GET /xingrg/dwr/engine.js HTTP/1.1" 200 43631
120.253.135.82 - - [21/Oct/2022:10:18:17 +0800] "GET /xingrg/javascript/jquery_easy_ui/themes/icons/uncheck_new.png HTTP/1.1" 304 -
120.253.135.82 - - [21/Oct/2022:10:18:17 +0800] "GET /xingrg/javascript/jquery_easy_ui/themes/icons/check_new.png HTTP/1.1" 304 -
120.253.135.82 - - [21/Oct/2022:10:18:17 +0800] "GET /xingrg/javascript/jquery_easy_ui/themes/icons/back_new.png HTTP/1.1" 304 -
116.238.139.35 - - [21/Oct/2022:10:18:19 +0800] "GET /xingrg/all/function/internal_message.html?_=1666318694187&CODE_STATE=getMsg HTTP/1.1" 200 27
120.253.135.82 - - [21/Oct/2022:10:18:19 +0800] "GET /xingrg/kc/report/report_main.html HTTP/1.1" 200 8599
120.253.135.82 - - [21/Oct/2022:10:18:19 +0800] "GET /xingrg/javascript/jquery_ui/themes/humanity/humanity.css HTTP/1.1" 304 -
120.253.135.82 - - [21/Oct/2022:10:18:21 +0800] "GET /xingrg/kc/base/kc_stocks.html HTTP/1.1" 200 16446
120.253.135.82 - - [21/Oct/2022:10:18:21 +0800] "GET /xingrg/javascript/easyui/themes/sunny/easyui.css HTTP/1.1" 304 -
120.253.135.82 - - [21/Oct/2022:10:18:21 +0800] "GET /xingrg/javascript/easyui/themes/icons/filter_new.png HTTP/1.1" 304 -
120.253.135.82 - - [21/Oct/2022:10:18:21 +0800] "GET /xingrg/javascript/easyui/themes/icons/print_new.png HTTP/1.1" 304 -
120.253.135.82 - - [21/Oct/2022:10:18:21 +0800] "GET /xingrg/javascript/easyui/themes/icons/refresh_new.png HTTP/1.1" 304 -
120.253.135.82 - - [21/Oct/2022:10:18:21 +0800] "GET /xingrg/javascript/easyui/plugins/jquery.draggable.js HTTP/1.1" 304 -
120.253.135.82 - - [21/Oct/2022:10:18:21 +0800] "GET /xingrg/javascript/easyui/plugins/jquery.droppable.js HTTP/1.1" 304 -
120.253.135.82 - - [21/Oct/2022:10:18:21 +0800] "GET /xingrg/javascript/easyui/themes/default/tree.css HTTP/1.1" 404 1090
120.253.135.82 - - [21/Oct/2022:10:18:21 +0800] "GET /xingrg/javascript/easyui/plugins/jquery.tree.js HTTP/1.1" 304 -
120.253.135.82 - - [21/Oct/2022:10:18:21 +0800] "GET /xingrg/all/common/auto_word.html?type=base&rest_code=00101 HTTP/1.1" 200 671
120.253.135.82 - - [21/Oct/2022:10:18:21 +0800] "POST /xingrg/all/common/load_tree.html?tree=materiel_sort_tree_json HTTP/1.1" 200 9500
120.253.135.82 - - [21/Oct/2022:10:18:21 +0800] "GET /xingrg/javascript/easyui/themes/sunny/images/tree_arrows.gif HTTP/1.1" 304 -
120.253.135.82 - - [21/Oct/2022:10:18:21 +0800] "GET /xingrg/javascript/easyui/themes/sunny/images/tree_folder.gif HTTP/1.1" 304 -
120.253.135.82 - - [21/Oct/2022:10:18:21 +0800] "GET /xingrg/javascript/easyui/themes/sunny/images/tree_folder_open.gif HTTP/1.1" 304 -
120.253.135.82 - - [21/Oct/2022:10:18:21 +0800] "GET /xingrg/javascript/easyui/themes/sunny/images/tree_file.gif HTTP/1.1" 304 -
116.230.114.213 - - [21/Oct/2022:10:18:22 +0800] "GET /xingrg/all/function/internal_message.html?_=1666318714808&CODE_STATE=getMsg HTTP/1.1" 200 27
120.253.135.82 - - [21/Oct/2022:10:18:22 +0800] "GET /xingrg/css/images/panel_loading.gif HTTP/1.1" 304 -
120.253.135.82 - - [21/Oct/2022:10:18:22 +0800] "POST /xingrg/all/common/load_combo.html?type=base HTTP/1.1" 200 1169
120.253.135.82 - - [21/Oct/2022:10:18:22 +0800] "GET /xingrg/all/function/internal_message.html?_=1666318495042&CODE_STATE=getMsg HTTP/1.1" 200 27
114.88.159.190 - - [21/Oct/2022:10:18:24 +0800] "GET /xingrg/all/function/internal_message.html?_=1666318324802&CODE_STATE=getMsg HTTP/1.1" 200 27
114.88.159.190 - - [21/Oct/2022:10:18:24 +0800] "GET /xingrg/check_reg.html?_=1666318325100 HTTP/1.1" 200 22
221.239.141.151 - - [21/Oct/2022:10:18:26 +0800] "GET /xingrg/all/function/internal_message.html?_=1666318701023&CODE_STATE=getMsg HTTP/1.1" 200 27
222.69.192.207 - - [21/Oct/2022:10:18:33 +0800] "GET /xingrg/all/function/internal_message.html?_=1666318562419&CODE_STATE=getMsg HTTP/1.1" 200 27
120.253.135.82 - - [21/Oct/2022:10:18:34 +0800] "POST /xingrg/kc/base/stock_operate.html HTTP/1.1" 200 1487
120.253.135.82 - - [21/Oct/2022:10:18:34 +0800] "GET /xingrg/javascript/jquery_tools/fix_table.js HTTP/1.1" 304 -
222.70.183.206 - - [21/Oct/2022:10:18:36 +0800] "GET /xingrg/all/function/internal_message.html?_=1666318709948&CODE_STATE=getMsg HTTP/1.1" 200 27
101.85.93.18 - - [21/Oct/2022:10:18:37 +0800] "GET /xingrg/all/function/internal_message.html?_=1666318711343&CODE_STATE=getMsg HTTP/1.1" 200 27
222.69.192.207 - - [21/Oct/2022:10:18:52 +0800] "POST /xingrg/services/DataTransmitService HTTP/1.1" 200 524
222.69.192.207 - - [21/Oct/2022:10:18:52 +0800] "POST /xingrg/services/DataTransmitService HTTP/1.1" 200 2407
120.253.135.82 - - [21/Oct/2022:10:18:53 +0800] "GET /xingrg/kc/pszx/mdqp_order_list.html?state=10 HTTP/1.1" 200 10223
120.253.135.82 - - [21/Oct/2022:10:18:53 +0800] "GET /xingrg/dwr/interface/AjaxReportQueryService.js HTTP/1.1" 200 13203
120.253.135.82 - - [21/Oct/2022:10:18:53 +0800] "GET /xingrg/dwr/interface/AjaxQqpsService.js HTTP/1.1" 200 16326
120.253.135.82 - - [21/Oct/2022:10:18:53 +0800] "GET /xingrg/dwr/engine.js HTTP/1.1" 200 43631
222.69.192.207 - - [21/Oct/2022:10:18:53 +0800] "POST /xingrg/services/DataTransmitService HTTP/1.1" 200 199019
120.253.135.82 - - [21/Oct/2022:10:18:55 +0800] "GET /xingrg/kc/pszx/mdps_order_list.html?orderType=0 HTTP/1.1" 200 21016
120.253.135.82 - - [21/Oct/2022:10:18:55 +0800] "GET /xingrg/javascript/easyui/themes/icons/uncheck_new.png HTTP/1.1" 304 -
120.253.135.82 - - [21/Oct/2022:10:18:55 +0800] "POST /xingrg/kc/pszx/mdps_list_operate.html HTTP/1.1" 200 5400
222.69.192.207 - - [21/Oct/2022:10:19:05 +0800] "GET /xingrg/all/function/internal_message.html?_=1666318740855&CODE_STATE=getMsg HTTP/1.1" 200 27
116.230.105.139 - - [21/Oct/2022:10:19:10 +0800] "GET /xingrg/all/function/internal_message.html?_=1666318709913&CODE_STATE=getMsg HTTP/1.1" 200 27
222.70.183.206 - - [21/Oct/2022:10:19:10 +0800] "GET /xingrg/all/function/internal_message.html?_=1666318721179&CODE_STATE=getMsg HTTP/1.1" 200 27
180.169.147.146 - - [21/Oct/2022:10:19:11 +0800] "GET /xingrg/all/function/internal_message.html?_=1666318741455&CODE_STATE=getMsg HTTP/1.1" 200 27
114.83.219.57 - - [21/Oct/2022:10:19:15 +0800] "GET /xingrg/all/function/internal_message.html?_=1666318852907&CODE_STATE=getMsg HTTP/1.1" 200 27
114.83.219.57 - - [21/Oct/2022:10:19:15 +0800] "GET /xingrg/check_reg.html?_=1666318852909 HTTP/1.1" 200 22
116.238.139.35 - - [21/Oct/2022:10:19:19 +0800] "GET /xingrg/check_reg.html?_=1666318754185 HTTP/1.1" 200 22
116.238.139.35 - - [21/Oct/2022:10:19:19 +0800] "GET /xingrg/all/function/internal_message.html?_=1666318754189&CODE_STATE=getMsg HTTP/1.1" 200 27
116.230.114.213 - - [21/Oct/2022:10:19:22 +0800] "GET /xingrg/all/function/internal_message.html?_=1666318774822&CODE_STATE=getMsg HTTP/1.1" 200 27
120.253.135.82 - - [21/Oct/2022:10:19:22 +0800] "GET /xingrg/all/function/internal_message.html?_=1666318555056&CODE_STATE=getMsg HTTP/1.1" 200 27
114.88.159.190 - - [21/Oct/2022:10:19:24 +0800] "GET /xingrg/all/function/internal_message.html?_=1666318384771&CODE_STATE=getMsg HTTP/1.1" 200 27
221.239.141.151 - - [21/Oct/2022:10:19:26 +0800] "GET /xingrg/all/function/internal_message.html?_=1666318761002&CODE_STATE=getMsg HTTP/1.1" 200 27
222.69.192.207 - - [21/Oct/2022:10:19:33 +0800] "GET /xingrg/all/function/internal_message.html?_=1666318622426&CODE_STATE=getMsg HTTP/1.1" 200 27
222.70.183.206 - - [21/Oct/2022:10:19:36 +0800] "GET /xingrg/all/function/internal_message.html?_=1666318769950&CODE_STATE=getMsg HTTP/1.1" 200 27
101.85.93.18 - - [21/Oct/2022:10:19:37 +0800] "GET /xingrg/all/function/internal_message.html?_=1666318771329&CODE_STATE=getMsg HTTP/1.1" 200 27
101.85.93.18 - - [21/Oct/2022:10:19:37 +0800] "GET /xingrg/check_reg.html?_=1666318771462 HTTP/1.1" 200 22
222.69.192.207 - - [21/Oct/2022:10:20:05 +0800] "GET /xingrg/all/function/internal_message.html?_=1666318800859&CODE_STATE=getMsg HTTP/1.1" 200 27
222.69.192.207 - - [21/Oct/2022:10:20:05 +0800] "GET /xingrg/check_reg.html?_=1666318801094 HTTP/1.1" 200 22
222.69.192.207 - - [21/Oct/2022:10:20:05 +0800] "GET /xingrg/kc/base/wldb_order_list.html HTTP/1.1" 200 19142
222.69.192.207 - - [21/Oct/2022:10:20:06 +0800] "POST /xingrg/kc/base/wldb_list_operate.html HTTP/1.1" 200 928
222.69.192.207 - - [21/Oct/2022:10:20:07 +0800] "GET /xingrg/kc/base/wldb_order_add.html HTTP/1.1" 200 30365
222.69.192.207 - - [21/Oct/2022:10:20:07 +0800] "GET /xingrg/all/common/auto_word.html?type=base&rest_code=00105 HTTP/1.1" 200 1907
222.69.192.207 - - [21/Oct/2022:10:20:07 +0800] "GET /xingrg/all/common/auto_word.html?type=base&rest_code=00105 HTTP/1.1" 200 1907
222.69.192.207 - - [21/Oct/2022:10:20:07 +0800] "POST /xingrg/kc/base/wldb_order_operate.html HTTP/1.1" 200 6806
222.69.192.207 - - [21/Oct/2022:10:20:07 +0800] "GET /xingrg/javascript/easyui/themes/default/validatebox.css HTTP/1.1" 404 1104
222.69.192.207 - - [21/Oct/2022:10:20:08 +0800] "GET /xingrg/css/images/panel_loading.gif HTTP/1.1" 304 -
222.69.192.207 - - [21/Oct/2022:10:20:08 +0800] "POST /xingrg/all/common/load_combo.html?type=base HTTP/1.1" 200 3409
116.230.105.139 - - [21/Oct/2022:10:20:10 +0800] "GET /xingrg/all/function/internal_message.html?_=1666318769902&CODE_STATE=getMsg HTTP/1.1" 200 27
222.70.183.206 - - [21/Oct/2022:10:20:10 +0800] "GET /xingrg/all/function/internal_message.html?_=1666318781168&CODE_STATE=getMsg HTTP/1.1" 200 27
180.169.147.146 - - [21/Oct/2022:10:20:11 +0800] "GET /xingrg/all/function/internal_message.html?_=1666318801454&CODE_STATE=getMsg HTTP/1.1" 200 27
114.83.219.57 - - [21/Oct/2022:10:20:15 +0800] "GET /xingrg/all/function/internal_message.html?_=1666318912902&CODE_STATE=getMsg HTTP/1.1" 200 27
222.69.192.207 - - [21/Oct/2022:10:20:18 +0800] "GET /xingrg/kc/base/wldb_order_operate.html?command=get_materiel&rest_code=00105&base_code=0010508&code=00102002022 HTTP/1.1" 200 473
116.238.139.35 - - [21/Oct/2022:10:20:19 +0800] "GET /xingrg/all/function/internal_message.html?_=1666318814189&CODE_STATE=getMsg HTTP/1.1" 200 27
116.230.114.213 - - [21/Oct/2022:10:20:22 +0800] "GET /xingrg/all/function/internal_message.html?_=1666318834835&CODE_STATE=getMsg HTTP/1.1" 200 27
120.253.135.82 - - [21/Oct/2022:10:20:22 +0800] "GET /xingrg/all/function/internal_message.html?_=1666318615068&CODE_STATE=getMsg HTTP/1.1" 200 27
114.88.159.190 - - [21/Oct/2022:10:20:24 +0800] "GET /xingrg/all/function/internal_message.html?_=1666318444746&CODE_STATE=getMsg HTTP/1.1" 200 27
222.69.192.207 - - [21/Oct/2022:10:20:24 +0800] "GET /xingrg/kc/base/wldb_order_operate.html?command=get_materiel&rest_code=00105&base_code=0010508&code=00102002448 HTTP/1.1" 200 440
221.239.141.151 - - [21/Oct/2022:10:20:26 +0800] "GET /xingrg/all/function/internal_message.html?_=1666318820983&CODE_STATE=getMsg HTTP/1.1" 200 27
222.69.192.207 - - [21/Oct/2022:10:20:28 +0800] "POST /xingrg/kc/base/wldb_order_operate.html HTTP/1.1" 200 37
222.69.192.207 - - [21/Oct/2022:10:20:28 +0800] "POST /xingrg/kc/base/wldb_order_operate.html HTTP/1.1" 200 2694
222.69.192.207 - - [21/Oct/2022:10:20:29 +0800] "GET /xingrg/kc/base/wldb_order_info.html?code=422022102101528 HTTP/1.1" 200 30379
222.69.192.207 - - [21/Oct/2022:10:20:29 +0800] "GET /xingrg/javascript/easyui/themes/default/validatebox.css HTTP/1.1" 404 1104
222.69.192.207 - - [21/Oct/2022:10:20:30 +0800] "POST /xingrg/kc/base/wldb_order_operate.html HTTP/1.1" 200 2694
222.69.192.207 - - [21/Oct/2022:10:20:33 +0800] "GET /xingrg/check_reg.html?_=1666318682433 HTTP/1.1" 200 22
222.69.192.207 - - [21/Oct/2022:10:20:33 +0800] "GET /xingrg/all/function/internal_message.html?_=1666318682436&CODE_STATE=getMsg HTTP/1.1" 200 27
222.70.183.206 - - [21/Oct/2022:10:20:36 +0800] "GET /xingrg/all/function/internal_message.html?_=1666318829951&CODE_STATE=getMsg HTTP/1.1" 200 27
222.70.183.206 - - [21/Oct/2022:10:20:37 +0800] "GET /xingrg/check_reg.html?_=1666318829955 HTTP/1.1" 200 22
101.85.93.18 - - [21/Oct/2022:10:20:37 +0800] "GET /xingrg/all/function/internal_message.html?_=1666318831312&CODE_STATE=getMsg HTTP/1.1" 200 27
222.69.192.207 - - [21/Oct/2022:10:20:39 +0800] "GET /xingrg/kc/base/wldb_order_add.html HTTP/1.1" 200 30365
222.69.192.207 - - [21/Oct/2022:10:20:39 +0800] "GET /xingrg/javascript/easyui/themes/default/validatebox.css HTTP/1.1" 404 1104
222.69.192.207 - - [21/Oct/2022:10:20:39 +0800] "POST /xingrg/kc/base/wldb_order_operate.html HTTP/1.1" 200 6806
222.69.192.207 - - [21/Oct/2022:10:20:40 +0800] "POST /xingrg/all/common/load_combo.html?type=base HTTP/1.1" 200 3409
222.69.192.207 - - [21/Oct/2022:10:20:50 +0800] "GET /xingrg/kc/base/wldb_order_operate.html?command=get_materiel&rest_code=00105&base_code=0010507&code=00101019297 HTTP/1.1" 200 478
222.69.192.207 - - [21/Oct/2022:10:20:57 +0800] "GET /xingrg/kc/base/wldb_order_operate.html?command=get_materiel&rest_code=00105&base_code=0010507&code=00101019270 HTTP/1.1" 200 479
222.69.192.207 - - [21/Oct/2022:10:21:05 +0800] "GET /xingrg/all/function/internal_message.html?_=1666318860851&CODE_STATE=getMsg HTTP/1.1" 200 27
222.69.192.207 - - [21/Oct/2022:10:21:05 +0800] "GET /xingrg/kc/base/wldb_order_operate.html?command=get_materiel&rest_code=00105&base_code=0010507&code=00101019542 HTTP/1.1" 200 448
116.230.105.139 - - [21/Oct/2022:10:21:10 +0800] "GET /xingrg/all/function/internal_message.html?_=1666318829915&CODE_STATE=getMsg HTTP/1.1" 200 27
222.70.183.206 - - [21/Oct/2022:10:21:10 +0800] "GET /xingrg/all/function/internal_message.html?_=1666318841186&CODE_STATE=getMsg HTTP/1.1" 200 27
180.169.147.146 - - [21/Oct/2022:10:21:11 +0800] "GET /xingrg/all/function/internal_message.html?_=1666318861455&CODE_STATE=getMsg HTTP/1.1" 200 27
222.69.192.207 - - [21/Oct/2022:10:21:15 +0800] "GET /xingrg/kc/base/wldb_order_operate.html?command=get_materiel&rest_code=00105&base_code=0010507&code=00101019079 HTTP/1.1" 200 477
114.83.219.57 - - [21/Oct/2022:10:21:15 +0800] "GET /xingrg/all/function/internal_message.html?_=1666318972902&CODE_STATE=getMsg HTTP/1.1" 200 27
116.238.139.35 - - [21/Oct/2022:10:21:19 +0800] "GET /xingrg/all/function/internal_message.html?_=1666318874218&CODE_STATE=getMsg HTTP/1.1" 200 27
116.230.114.213 - - [21/Oct/2022:10:21:22 +0800] "GET /xingrg/all/function/internal_message.html?_=1666318894848&CODE_STATE=getMsg HTTP/1.1" 200 27
120.253.135.82 - - [21/Oct/2022:10:21:22 +0800] "GET /xingrg/check_reg.html?_=1666318674911 HTTP/1.1" 200 22
120.253.135.82 - - [21/Oct/2022:10:21:22 +0800] "GET /xingrg/all/function/internal_message.html?_=1666318675083&CODE_STATE=getMsg HTTP/1.1" 200 27
222.69.192.207 - - [21/Oct/2022:10:21:24 +0800] "GET /xingrg/kc/base/wldb_order_operate.html?command=get_materiel&rest_code=00105&base_code=0010507&code=00101019249 HTTP/1.1" 200 470
114.88.159.190 - - [21/Oct/2022:10:21:24 +0800] "GET /xingrg/all/function/internal_message.html?_=1666318504716&CODE_STATE=getMsg HTTP/1.1" 200 27
221.239.141.151 - - [21/Oct/2022:10:21:25 +0800] "GET /xingrg/check_reg.html?_=1666318880648 HTTP/1.1" 200 22
221.239.141.151 - - [21/Oct/2022:10:21:26 +0800] "GET /xingrg/all/function/internal_message.html?_=1666318880975&CODE_STATE=getMsg HTTP/1.1" 200 27
222.69.192.207 - - [21/Oct/2022:10:21:31 +0800] "GET /xingrg/kc/base/wldb_order_operate.html?command=get_materiel&rest_code=00105&base_code=0010507&code=00101019133 HTTP/1.1" 200 479
222.69.192.207 - - [21/Oct/2022:10:21:33 +0800] "GET /xingrg/all/function/internal_message.html?_=1666318742428&CODE_STATE=getMsg HTTP/1.1" 200 27
222.69.192.207 - - [21/Oct/2022:10:21:35 +0800] "POST /xingrg/kc/base/wldb_order_operate.html HTTP/1.1" 200 37
222.69.192.207 - - [21/Oct/2022:10:21:35 +0800] "POST /xingrg/kc/base/wldb_order_operate.html HTTP/1.1" 200 4735
222.70.183.206 - - [21/Oct/2022:10:21:36 +0800] "GET /xingrg/all/function/internal_message.html?_=1666318889954&CODE_STATE=getMsg HTTP/1.1" 200 27
101.85.93.18 - - [21/Oct/2022:10:21:37 +0800] "GET /xingrg/all/function/internal_message.html?_=1666318891284&CODE_STATE=getMsg HTTP/1.1" 200 27
222.69.192.207 - - [21/Oct/2022:10:21:56 +0800] "GET /xingrg/kc/base/wldb_order_info.html?code=422022102101529 HTTP/1.1" 200 30379
222.69.192.207 - - [21/Oct/2022:10:21:57 +0800] "GET /xingrg/javascript/easyui/themes/default/validatebox.css HTTP/1.1" 404 1104
222.69.192.207 - - [21/Oct/2022:10:21:57 +0800] "POST /xingrg/kc/base/wldb_order_operate.html HTTP/1.1" 200 4735
222.69.192.207 - - [21/Oct/2022:10:22:01 +0800] "GET /xingrg/kc/base/wldb_order_add.html HTTP/1.1" 200 30365
222.69.192.207 - - [21/Oct/2022:10:22:02 +0800] "GET /xingrg/javascript/easyui/themes/default/validatebox.css HTTP/1.1" 404 1104
222.69.192.207 - - [21/Oct/2022:10:22:02 +0800] "POST /xingrg/kc/base/wldb_order_operate.html HTTP/1.1" 200 6806
222.69.192.207 - - [21/Oct/2022:10:22:02 +0800] "POST /xingrg/all/common/load_combo.html?type=base HTTP/1.1" 200 3409
222.69.192.207 - - [21/Oct/2022:10:22:05 +0800] "GET /xingrg/all/function/internal_message.html?_=1666318920895&CODE_STATE=getMsg HTTP/1.1" 200 27
116.230.105.139 - - [21/Oct/2022:10:22:10 +0800] "GET /xingrg/all/function/internal_message.html?_=1666318889909&CODE_STATE=getMsg HTTP/1.1" 200 27
116.230.105.139 - - [21/Oct/2022:10:22:10 +0800] "GET /xingrg/check_reg.html?_=1666318889913 HTTP/1.1" 200 22
222.70.183.206 - - [21/Oct/2022:10:22:10 +0800] "GET /xingrg/all/function/internal_message.html?_=1666318901174&CODE_STATE=getMsg HTTP/1.1" 200 27
180.169.147.146 - - [21/Oct/2022:10:22:11 +0800] "GET /xingrg/all/function/internal_message.html?_=1666318921454&CODE_STATE=getMsg HTTP/1.1" 200 27
180.169.147.146 - - [21/Oct/2022:10:22:11 +0800] "GET /xingrg/check_reg.html?_=1666318921457 HTTP/1.1" 200 22
222.69.192.207 - - [21/Oct/2022:10:22:11 +0800] "GET /xingrg/kc/base/wldb_order_operate.html?command=get_materiel&rest_code=00105&base_code=0010507&code=00101019222 HTTP/1.1" 200 454
114.83.219.57 - - [21/Oct/2022:10:22:15 +0800] "GET /xingrg/all/function/internal_message.html?_=1666319032897&CODE_STATE=getMsg HTTP/1.1" 200 27
222.69.192.207 - - [21/Oct/2022:10:22:18 +0800] "GET /xingrg/kc/base/wldb_order_operate.html?command=get_materiel&rest_code=00105&base_code=0010507&code=00101019199 HTTP/1.1" 200 473
116.238.139.35 - - [21/Oct/2022:10:22:19 +0800] "GET /xingrg/all/function/internal_message.html?_=1666318934216&CODE_STATE=getMsg HTTP/1.1" 200 27
116.230.114.213 - - [21/Oct/2022:10:22:22 +0800] "GET /xingrg/all/function/internal_message.html?_=1666318954957&CODE_STATE=getMsg HTTP/1.1" 200 27
120.253.135.82 - - [21/Oct/2022:10:22:22 +0800] "GET /xingrg/all/function/internal_message.html?_=1666318735096&CODE_STATE=getMsg HTTP/1.1" 200 27
114.88.159.190 - - [21/Oct/2022:10:22:24 +0800] "GET /xingrg/all/function/internal_message.html?_=1666318564694&CODE_STATE=getMsg HTTP/1.1" 200 27
222.69.192.207 - - [21/Oct/2022:10:22:25 +0800] "GET /xingrg/kc/base/wldb_order_operate.html?command=get_materiel&rest_code=00105&base_code=0010507&code=00101019185 HTTP/1.1" 200 469
221.239.141.151 - - [21/Oct/2022:10:22:26 +0800] "GET /xingrg/all/function/internal_message.html?_=1666318940971&CODE_STATE=getMsg HTTP/1.1" 200 27
222.69.192.207 - - [21/Oct/2022:10:22:33 +0800] "GET /xingrg/kc/base/wldb_order_operate.html?command=get_materiel&rest_code=00105&base_code=0010507&code=00101016076 HTTP/1.1" 200 477
222.69.192.207 - - [21/Oct/2022:10:22:33 +0800] "GET /xingrg/all/function/internal_message.html?_=1666318802414&CODE_STATE=getMsg HTTP/1.1" 200 27
222.70.183.206 - - [21/Oct/2022:10:22:36 +0800] "GET /xingrg/all/function/internal_message.html?_=1666318949955&CODE_STATE=getMsg HTTP/1.1" 200 27
101.85.93.18 - - [21/Oct/2022:10:22:37 +0800] "GET /xingrg/all/function/internal_message.html?_=1666318951270&CODE_STATE=getMsg HTTP/1.1" 200 27
222.64.58.240 - - [21/Oct/2022:10:22:40 +0800] "GET /favicon.ico HTTP/1.1" 404 -
222.69.192.207 - - [21/Oct/2022:10:22:42 +0800] "GET /xingrg/kc/base/wldb_order_operate.html?command=get_materiel&rest_code=00105&base_code=0010507&code=00101016044 HTTP/1.1" 200 464
124.79.243.136 - - [21/Oct/2022:10:22:49 +0800] "GET /xingrg/check_reg.html?_=1666319171786 HTTP/1.1" 200 22
124.79.243.136 - - [21/Oct/2022:10:22:49 +0800] "GET /xingrg/all/function/internal_message.html?_=1666319171785&CODE_STATE=getMsg HTTP/1.1" 200 27
124.79.243.136 - - [21/Oct/2022:10:22:51 +0800] "POST /xingrg/kc/buy/cgsh_list_operate.html HTTP/1.1" 200 5958
222.69.192.207 - - [21/Oct/2022:10:22:57 +0800] "GET /xingrg/kc/base/wldb_order_operate.html?command=get_materiel&rest_code=00105&base_code=0010507&code=00101019018 HTTP/1.1" 200 465
222.69.192.207 - - [21/Oct/2022:10:23:05 +0800] "GET /xingrg/all/function/internal_message.html?_=1666318980925&CODE_STATE=getMsg HTTP/1.1" 200 27
222.69.192.207 - - [21/Oct/2022:10:23:08 +0800] "GET /xingrg/kc/base/wldb_order_operate.html?command=get_materiel&rest_code=00105&base_code=0010507&code=00101019438 HTTP/1.1" 200 462
116.230.105.139 - - [21/Oct/2022:10:23:10 +0800] "GET /xingrg/all/function/internal_message.html?_=1666318949916&CODE_STATE=getMsg HTTP/1.1" 200 27
222.70.183.206 - - [21/Oct/2022:10:23:10 +0800] "GET /xingrg/check_reg.html?_=1666318961192 HTTP/1.1" 200 22
222.70.183.206 - - [21/Oct/2022:10:23:10 +0800] "GET /xingrg/all/function/internal_message.html?_=1666318961190&CODE_STATE=getMsg HTTP/1.1" 200 27
180.169.147.146 - - [21/Oct/2022:10:23:11 +0800] "GET /xingrg/all/function/internal_message.html?_=1666318981457&CODE_STATE=getMsg HTTP/1.1" 200 27
116.230.114.213 - - [21/Oct/2022:10:23:13 +0800] "GET /xingrg/check_reg.html?_=1666319005630 HTTP/1.1" 200 22
114.83.219.57 - - [21/Oct/2022:10:23:15 +0800] "GET /xingrg/all/function/internal_message.html?_=1666319092914&CODE_STATE=getMsg HTTP/1.1" 200 27
222.69.192.207 - - [21/Oct/2022:10:23:17 +0800] "GET /xingrg/kc/base/wldb_order_operate.html?command=get_materiel&rest_code=00105&base_code=0010507&code=00101019390 HTTP/1.1" 200 470
116.238.139.35 - - [21/Oct/2022:10:23:19 +0800] "GET /xingrg/all/function/internal_message.html?_=1666318994225&CODE_STATE=getMsg HTTP/1.1" 200 27
116.230.114.213 - - [21/Oct/2022:10:23:22 +0800] "GET /xingrg/all/function/internal_message.html?_=1666319014969&CODE_STATE=getMsg HTTP/1.1" 200 27
222.69.192.207 - - [21/Oct/2022:10:23:22 +0800] "POST /xingrg/kc/base/wldb_order_operate.html HTTP/1.1" 200 37
