120.253.135.82 - - [18/Oct/2022:13:45:28 +0800] "GET /xingrg/javascript/easyui/themes/default/validatebox.css HTTP/1.1" 404 1104
124.79.243.136 - - [18/Oct/2022:13:45:29 +0800] "GET /xingrg/kc/buy/cgsh_order_operate.html?command=get_materiel&rest_code=00104&code=00101008024&supplier_code=00100007&order_time=2022-10-18 HTTP/1.1" 200 408
120.253.135.82 - - [18/Oct/2022:13:45:30 +0800] "POST /xingrg/kc/pszx/mdps_list_operate.html HTTP/1.1" 200 2062
120.253.135.82 - - [18/Oct/2022:13:45:32 +0800] "POST /xingrg/kc/pszx/mdps_list_operate.html HTTP/1.1" 200 643
120.253.135.82 - - [18/Oct/2022:13:45:33 +0800] "GET /xingrg/kc/pszx/mdps_order_info.html?code=312022101800364 HTTP/1.1" 200 23978
120.253.135.82 - - [18/Oct/2022:13:45:33 +0800] "GET /xingrg/javascript/easyui/themes/default/validatebox.css HTTP/1.1" 404 1104
120.253.135.82 - - [18/Oct/2022:13:45:33 +0800] "POST /xingrg/kc/pszx/mdps_order_operate.html HTTP/1.1" 200 7391
120.253.135.82 - - [18/Oct/2022:13:45:34 +0800] "GET /xingrg/all/function/internal_message.html?_=1666071727418&CODE_STATE=getMsg HTTP/1.1" 200 27
124.79.243.136 - - [18/Oct/2022:13:45:42 +0800] "GET /xingrg/kc/buy/cgsh_order_operate.html?command=get_materiel&rest_code=00104&code=00101008055&supplier_code=00100007&order_time=2022-10-18 HTTP/1.1" 200 409
116.230.114.213 - - [18/Oct/2022:13:45:44 +0800] "GET /xingrg/all/function/internal_message.html?_=1666071947480&CODE_STATE=getMsg HTTP/1.1" 200 27
180.169.147.146 - - [18/Oct/2022:13:45:50 +0800] "GET /xingrg/all/function/internal_message.html?_=1666071946841&CODE_STATE=getMsg HTTP/1.1" 200 27
114.88.159.190 - - [18/Oct/2022:13:45:51 +0800] "GET /xingrg/all/function/internal_message.html?_=1666071575267&CODE_STATE=getMsg HTTP/1.1" 200 27
120.253.135.82 - - [18/Oct/2022:13:45:53 +0800] "POST /xingrg/kc/pszx/mdps_list_operate.html HTTP/1.1" 200 2062
101.85.93.18 - - [18/Oct/2022:13:45:53 +0800] "GET /xingrg/all/function/internal_message.html?_=1666071950767&CODE_STATE=getMsg HTTP/1.1" 200 27
120.253.135.82 - - [18/Oct/2022:13:45:54 +0800] "POST /xingrg/kc/pszx/mdps_list_operate.html HTTP/1.1" 200 643
114.84.81.136 - - [18/Oct/2022:13:45:54 +0800] "GET /xingrg/all/function/internal_message.html?_=1666071954002&CODE_STATE=getMsg HTTP/1.1" 302 -
124.79.243.136 - - [18/Oct/2022:13:45:56 +0800] "GET /xingrg/all/function/internal_message.html?_=1666072158532&CODE_STATE=getMsg HTTP/1.1" 200 27
120.253.135.82 - - [18/Oct/2022:13:45:56 +0800] "GET /xingrg/kc/pszx/mdps_order_info.html?code=312022101800364 HTTP/1.1" 200 23978
120.253.135.82 - - [18/Oct/2022:13:45:56 +0800] "POST /xingrg/kc/pszx/mdps_order_operate.html HTTP/1.1" 200 7391
120.253.135.82 - - [18/Oct/2022:13:45:57 +0800] "GET /xingrg/javascript/easyui/themes/default/validatebox.css HTTP/1.1" 404 1104
120.253.135.82 - - [18/Oct/2022:13:45:58 +0800] "GET /xingrg/kc/print/load_data.html?order_code=312022101800364&kc_code=mdps&condition= HTTP/1.1" 200 3107
114.84.81.136 - - [18/Oct/2022:13:45:59 +0800] "GET /xingrg/all/function/internal_message.html?_=1666071956334&CODE_STATE=getMsg HTTP/1.1" 200 27
222.70.183.206 - - [18/Oct/2022:13:46:02 +0800] "GET /xingrg/all/function/internal_message.html?_=1666071896116&CODE_STATE=getMsg HTTP/1.1" 200 27
120.253.135.82 - - [18/Oct/2022:13:46:03 +0800] "POST /xingrg/kc/pszx/mdps_list_operate.html HTTP/1.1" 200 2062
120.253.135.82 - - [18/Oct/2022:13:46:04 +0800] "POST /xingrg/kc/pszx/mdps_list_operate.html HTTP/1.1" 200 312
120.253.135.82 - - [18/Oct/2022:13:46:05 +0800] "GET /xingrg/kc/pszx/mdps_order_info.html?code=312022101800378 HTTP/1.1" 200 23976
120.253.135.82 - - [18/Oct/2022:13:46:06 +0800] "GET /xingrg/javascript/easyui/themes/default/validatebox.css HTTP/1.1" 404 1104
120.253.135.82 - - [18/Oct/2022:13:46:06 +0800] "POST /xingrg/kc/pszx/mdps_order_operate.html HTTP/1.1" 200 2818
180.169.147.146 - - [18/Oct/2022:13:46:08 +0800] "GET /xingrg/check_reg.html?_=1666071964882 HTTP/1.1" 200 22
120.253.135.82 - - [18/Oct/2022:13:46:08 +0800] "GET /xingrg/kc/print/load_data.html?order_code=312022101800378&kc_code=mdps&condition= HTTP/1.1" 200 965
116.238.139.35 - - [18/Oct/2022:13:46:09 +0800] "GET /xingrg/all/function/internal_message.html?_=1666071911104&CODE_STATE=getMsg HTTP/1.1" 200 27
222.70.183.206 - - [18/Oct/2022:13:46:11 +0800] "GET /xingrg/all/function/internal_message.html?_=1666071970558&CODE_STATE=getMsg HTTP/1.1" 200 27
120.253.135.82 - - [18/Oct/2022:13:46:14 +0800] "POST /xingrg/kc/pszx/mdps_list_operate.html HTTP/1.1" 200 2062
222.70.183.206 - - [18/Oct/2022:13:46:20 +0800] "GET /xingrg/all/function/internal_message.html?_=1666071976925&CODE_STATE=getMsg HTTP/1.1" 200 27
120.253.135.82 - - [18/Oct/2022:13:46:22 +0800] "GET /xingrg/all/function/internal_message.html?_=1666072091003&CODE_STATE=getMsg HTTP/1.1" 200 27
222.69.192.207 - - [18/Oct/2022:13:46:23 +0800] "GET /xingrg/all/function/internal_message.html?_=1666071834050&CODE_STATE=getMsg HTTP/1.1" 200 27
222.69.192.207 - - [18/Oct/2022:13:46:24 +0800] "GET /xingrg/check_reg.html?_=1666071834319 HTTP/1.1" 200 22
120.253.135.82 - - [18/Oct/2022:13:46:34 +0800] "GET /xingrg/all/function/internal_message.html?_=1666071787617&CODE_STATE=getMsg HTTP/1.1" 200 27
124.79.243.136 - - [18/Oct/2022:13:46:36 +0800] "GET /xingrg/kc/buy/cgsh_order_operate.html?command=get_materiel&rest_code=00104&code=00101008027&supplier_code=00100007&order_time=2022-10-18 HTTP/1.1" 200 411
116.230.114.213 - - [18/Oct/2022:13:46:45 +0800] "GET /xingrg/all/function/internal_message.html?_=1666072007731&CODE_STATE=getMsg HTTP/1.1" 200 27
180.169.147.146 - - [18/Oct/2022:13:46:50 +0800] "GET /xingrg/all/function/internal_message.html?_=1666072006841&CODE_STATE=getMsg HTTP/1.1" 200 27
114.88.159.190 - - [18/Oct/2022:13:46:51 +0800] "GET /xingrg/all/function/internal_message.html?_=1666071635294&CODE_STATE=getMsg HTTP/1.1" 200 27
124.79.243.136 - - [18/Oct/2022:13:46:51 +0800] "GET /xingrg/kc/buy/cgsh_order_operate.html?command=get_materiel&rest_code=00104&code=00101008356&supplier_code=00100007&order_time=2022-10-18 HTTP/1.1" 200 408
101.85.93.18 - - [18/Oct/2022:13:46:53 +0800] "GET /xingrg/all/function/internal_message.html?_=1666072010768&CODE_STATE=getMsg HTTP/1.1" 200 27
116.238.139.35 - - [18/Oct/2022:13:46:54 +0800] "GET /xingrg/check_reg.html?_=1666071956050 HTTP/1.1" 200 22
120.253.135.82 - - [18/Oct/2022:13:46:55 +0800] "GET /xingrg/check_reg.html?_=1666071808340 HTTP/1.1" 200 22
124.79.243.136 - - [18/Oct/2022:13:46:56 +0800] "GET /xingrg/all/function/internal_message.html?_=1666072218509&CODE_STATE=getMsg HTTP/1.1" 200 27
114.84.81.136 - - [18/Oct/2022:13:46:59 +0800] "GET /xingrg/all/function/internal_message.html?_=1666072016319&CODE_STATE=getMsg HTTP/1.1" 200 27
114.84.81.136 - - [18/Oct/2022:13:47:00 +0800] "GET /xingrg/check_reg.html?_=1666072017321 HTTP/1.1" 200 22
124.79.243.136 - - [18/Oct/2022:13:47:00 +0800] "GET /xingrg/kc/buy/cgsh_order_operate.html?command=get_materiel&rest_code=00104&code=00101008283&supplier_code=00100007&order_time=2022-10-18 HTTP/1.1" 200 410
222.70.183.206 - - [18/Oct/2022:13:47:02 +0800] "GET /xingrg/all/function/internal_message.html?_=1666071956107&CODE_STATE=getMsg HTTP/1.1" 200 27
116.238.139.35 - - [18/Oct/2022:13:47:09 +0800] "GET /xingrg/all/function/internal_message.html?_=1666071971104&CODE_STATE=getMsg HTTP/1.1" 200 27
222.70.183.206 - - [18/Oct/2022:13:47:11 +0800] "GET /xingrg/all/function/internal_message.html?_=1666072030554&CODE_STATE=getMsg HTTP/1.1" 200 27
222.70.183.206 - - [18/Oct/2022:13:47:20 +0800] "GET /xingrg/all/function/internal_message.html?_=1666072036924&CODE_STATE=getMsg HTTP/1.1" 200 27
120.253.135.82 - - [18/Oct/2022:13:47:22 +0800] "GET /xingrg/all/function/internal_message.html?_=1666072151020&CODE_STATE=getMsg HTTP/1.1" 200 27
222.69.192.207 - - [18/Oct/2022:13:47:23 +0800] "GET /xingrg/all/function/internal_message.html?_=1666071894023&CODE_STATE=getMsg HTTP/1.1" 200 27
124.79.243.136 - - [18/Oct/2022:13:47:27 +0800] "GET /xingrg/kc/buy/cgsh_order_operate.html?command=get_materiel&rest_code=00104&code=00101008126&supplier_code=00100007&order_time=2022-10-18 HTTP/1.1" 200 412
120.253.135.82 - - [18/Oct/2022:13:47:34 +0800] "GET /xingrg/all/function/internal_message.html?_=1666071847617&CODE_STATE=getMsg HTTP/1.1" 200 27
124.79.243.136 - - [18/Oct/2022:13:47:40 +0800] "GET /xingrg/kc/buy/cgsh_order_operate.html?command=get_materiel&rest_code=00104&code=00101008246&supplier_code=00100007&order_time=2022-10-18 HTTP/1.1" 200 410
180.169.147.146 - - [18/Oct/2022:13:47:40 +0800] "GET /xingrg/kc/buy/buy_main.html HTTP/1.1" 200 12412
180.169.147.146 - - [18/Oct/2022:13:47:40 +0800] "GET /xingrg/css/new_ie.css HTTP/1.1" 404 1036
180.169.147.146 - - [18/Oct/2022:13:47:42 +0800] "GET /xingrg/kc/report/report_main.html HTTP/1.1" 200 7340
180.169.147.146 - - [18/Oct/2022:13:47:43 +0800] "GET /xingrg/all/report/report_query.html?fileName=kc/buy/gys_amount.xml&rh=99999 HTTP/1.1" 200 52006
180.169.147.146 - - [18/Oct/2022:13:47:43 +0800] "GET /xingrg/dwr/interface/AjaxReportQueryService.js HTTP/1.1" 200 13203
180.169.147.146 - - [18/Oct/2022:13:47:43 +0800] "GET /xingrg/dwr/engine.js HTTP/1.1" 200 43631
180.169.147.146 - - [18/Oct/2022:13:47:44 +0800] "POST /xingrg/dwr/call/plaincall/AjaxReportQueryService.getFixDate.dwr HTTP/1.1" 200 111
180.169.147.146 - - [18/Oct/2022:13:47:44 +0800] "POST /xingrg/all/common/load_tree.html?tree=supplier_tree_json&manage=1 HTTP/1.1" 200 70625
116.230.114.213 - - [18/Oct/2022:13:47:45 +0800] "GET /xingrg/all/function/internal_message.html?_=1666072067742&CODE_STATE=getMsg HTTP/1.1" 200 27
180.169.147.146 - - [18/Oct/2022:13:47:45 +0800] "POST /xingrg/all/common/load_tree.html?tree=materiel_sort_tree_json HTTP/1.1" 200 9500
180.169.147.146 - - [18/Oct/2022:13:47:45 +0800] "POST /xingrg/dwr/call/plaincall/AjaxReportQueryService.getInitString.dwr HTTP/1.1" 200 1083
180.169.147.146 - - [18/Oct/2022:13:47:50 +0800] "GET /xingrg/all/function/internal_message.html?_=1666072066949&CODE_STATE=getMsg HTTP/1.1" 200 27
114.88.159.190 - - [18/Oct/2022:13:47:51 +0800] "GET /xingrg/all/function/internal_message.html?_=1666071695294&CODE_STATE=getMsg HTTP/1.1" 200 27
120.253.135.82 - - [18/Oct/2022:13:47:53 +0800] "POST /xingrg/kc/pszx/mdps_list_operate.html HTTP/1.1" 200 2062
101.85.93.18 - - [18/Oct/2022:13:47:53 +0800] "GET /xingrg/all/function/internal_message.html?_=1666072070768&CODE_STATE=getMsg HTTP/1.1" 200 27
120.253.135.82 - - [18/Oct/2022:13:47:54 +0800] "POST /xingrg/kc/pszx/mdps_list_operate.html HTTP/1.1" 200 642
120.253.135.82 - - [18/Oct/2022:13:47:55 +0800] "GET /xingrg/kc/pszx/mdps_order_info.html?code=312022101800365 HTTP/1.1" 200 23978
124.79.243.136 - - [18/Oct/2022:13:47:55 +0800] "GET /xingrg/all/function/internal_message.html?_=1666072278469&CODE_STATE=getMsg HTTP/1.1" 200 27
124.79.243.136 - - [18/Oct/2022:13:47:56 +0800] "GET /xingrg/check_reg.html?_=1666072278517 HTTP/1.1" 200 22
120.253.135.82 - - [18/Oct/2022:13:47:56 +0800] "GET /xingrg/javascript/easyui/themes/default/validatebox.css HTTP/1.1" 404 1104
120.253.135.82 - - [18/Oct/2022:13:47:56 +0800] "POST /xingrg/kc/pszx/mdps_order_operate.html HTTP/1.1" 200 6891
114.84.81.136 - - [18/Oct/2022:13:47:59 +0800] "GET /xingrg/all/function/internal_message.html?_=1666072076291&CODE_STATE=getMsg HTTP/1.1" 200 27
222.70.183.206 - - [18/Oct/2022:13:48:02 +0800] "GET /xingrg/all/function/internal_message.html?_=1666072016121&CODE_STATE=getMsg HTTP/1.1" 200 27
116.238.139.35 - - [18/Oct/2022:13:48:06 +0800] "POST /xingrg/services/DataTransmitService HTTP/1.1" 200 524
114.84.81.136 - - [18/Oct/2022:13:48:07 +0800] "GET /xingrg/all/function/internal_message.html?_=1666072086262&CODE_STATE=getMsg HTTP/1.1" 302 -
116.238.139.35 - - [18/Oct/2022:13:48:07 +0800] "POST /xingrg/services/DataTransmitService HTTP/1.1" 200 412
116.238.139.35 - - [18/Oct/2022:13:48:09 +0800] "GET /xingrg/all/function/internal_message.html?_=1666072031119&CODE_STATE=getMsg HTTP/1.1" 200 27
222.70.183.206 - - [18/Oct/2022:13:48:11 +0800] "GET /xingrg/all/function/internal_message.html?_=1666072090554&CODE_STATE=getMsg HTTP/1.1" 200 27
222.70.183.206 - - [18/Oct/2022:13:48:20 +0800] "GET /xingrg/check_reg.html?_=1666072096925 HTTP/1.1" 200 22
222.70.183.206 - - [18/Oct/2022:13:48:20 +0800] "GET /xingrg/all/function/internal_message.html?_=1666072096928&CODE_STATE=getMsg HTTP/1.1" 200 27
120.253.135.82 - - [18/Oct/2022:13:48:22 +0800] "GET /xingrg/all/function/internal_message.html?_=1666072211292&CODE_STATE=getMsg HTTP/1.1" 200 27
222.69.192.207 - - [18/Oct/2022:13:48:23 +0800] "GET /xingrg/all/function/internal_message.html?_=1666071954002&CODE_STATE=getMsg HTTP/1.1" 200 27
124.79.243.136 - - [18/Oct/2022:13:48:26 +0800] "GET /xingrg/kc/buy/cgsh_order_operate.html?command=get_materiel&rest_code=00104&code=00101008270&supplier_code=00100007&order_time=2022-10-18 HTTP/1.1" 200 412
120.253.135.82 - - [18/Oct/2022:13:48:29 +0800] "POST /xingrg/kc/pszx/mdps_order_operate.html HTTP/1.1" 200 37
120.253.135.82 - - [18/Oct/2022:13:48:30 +0800] "GET /xingrg/kc/pszx/mdps_order_info.html?code=312022101800365 HTTP/1.1" 200 23978
120.253.135.82 - - [18/Oct/2022:13:48:31 +0800] "GET /xingrg/javascript/easyui/themes/default/validatebox.css HTTP/1.1" 404 1104
120.253.135.82 - - [18/Oct/2022:13:48:31 +0800] "POST /xingrg/kc/pszx/mdps_order_operate.html HTTP/1.1" 200 6891
180.169.147.146 - - [18/Oct/2022:13:48:31 +0800] "POST /xingrg/dwr/call/plaincall/AjaxReportQueryService.refreshCache.dwr HTTP/1.1" 200 78
180.169.147.146 - - [18/Oct/2022:13:48:32 +0800] "POST /xingrg/all/report/load_report_page.html HTTP/1.1" 200 8944
180.169.147.146 - - [18/Oct/2022:13:48:32 +0800] "GET /xingrg/servlets/image?cache=0.9738051165642013&image=px HTTP/1.1" 200 807
120.253.135.82 - - [18/Oct/2022:13:48:34 +0800] "POST /xingrg/kc/pszx/mdps_list_operate.html HTTP/1.1" 200 2062
120.253.135.82 - - [18/Oct/2022:13:48:34 +0800] "GET /xingrg/all/function/internal_message.html?_=1666071907630&CODE_STATE=getMsg HTTP/1.1" 200 27
120.253.135.82 - - [18/Oct/2022:13:48:35 +0800] "POST /xingrg/kc/pszx/mdps_list_operate.html HTTP/1.1" 200 210
120.253.135.82 - - [18/Oct/2022:13:48:36 +0800] "GET /xingrg/kc/pszx/mdps_order_info.html?code=312022101800366 HTTP/1.1" 200 23978
120.253.135.82 - - [18/Oct/2022:13:48:37 +0800] "GET /xingrg/javascript/easyui/themes/default/validatebox.css HTTP/1.1" 404 1104
120.253.135.82 - - [18/Oct/2022:13:48:37 +0800] "POST /xingrg/kc/pszx/mdps_order_operate.html HTTP/1.1" 200 2304
124.79.243.136 - - [18/Oct/2022:13:48:39 +0800] "GET /xingrg/kc/buy/cgsh_order_operate.html?command=get_materiel&rest_code=00104&code=00101008244&supplier_code=00100007&order_time=2022-10-18 HTTP/1.1" 200 410
120.253.135.82 - - [18/Oct/2022:13:48:39 +0800] "POST /xingrg/kc/pszx/mdps_list_operate.html HTTP/1.1" 200 2062
120.253.135.82 - - [18/Oct/2022:13:48:42 +0800] "POST /xingrg/kc/pszx/mdps_list_operate.html HTTP/1.1" 200 642
120.253.135.82 - - [18/Oct/2022:13:48:43 +0800] "GET /xingrg/kc/pszx/mdps_order_info.html?code=312022101800365 HTTP/1.1" 200 23978
120.253.135.82 - - [18/Oct/2022:13:48:43 +0800] "GET /xingrg/javascript/easyui/themes/default/validatebox.css HTTP/1.1" 404 1104
120.253.135.82 - - [18/Oct/2022:13:48:43 +0800] "POST /xingrg/kc/pszx/mdps_order_operate.html HTTP/1.1" 200 6891
116.230.114.213 - - [18/Oct/2022:13:48:45 +0800] "GET /xingrg/all/function/internal_message.html?_=1666072128007&CODE_STATE=getMsg HTTP/1.1" 200 27
120.253.135.82 - - [18/Oct/2022:13:48:46 +0800] "GET /xingrg/kc/print/load_data.html?order_code=312022101800365&kc_code=mdps&condition= HTTP/1.1" 200 2865
180.169.147.146 - - [18/Oct/2022:13:48:50 +0800] "GET /xingrg/check_reg.html?_=1666072126856 HTTP/1.1" 200 22
180.169.147.146 - - [18/Oct/2022:13:48:50 +0800] "GET /xingrg/all/function/internal_message.html?_=1666072126925&CODE_STATE=getMsg HTTP/1.1" 200 27
114.88.159.190 - - [18/Oct/2022:13:48:51 +0800] "GET /xingrg/all/function/internal_message.html?_=1666071755292&CODE_STATE=getMsg HTTP/1.1" 200 27
114.84.81.136 - - [18/Oct/2022:13:48:52 +0800] "GET /xingrg/check_reg.html?_=1666072132187 HTTP/1.1" 302 -
120.253.135.82 - - [18/Oct/2022:13:48:52 +0800] "POST /xingrg/kc/pszx/mdps_list_operate.html HTTP/1.1" 200 2062
101.85.93.18 - - [18/Oct/2022:13:48:53 +0800] "GET /xingrg/check_reg.html?_=1666072130795 HTTP/1.1" 200 22
101.85.93.18 - - [18/Oct/2022:13:48:53 +0800] "GET /xingrg/all/function/internal_message.html?_=1666072130797&CODE_STATE=getMsg HTTP/1.1" 200 27
120.253.135.82 - - [18/Oct/2022:13:48:54 +0800] "POST /xingrg/kc/pszx/mdps_list_operate.html HTTP/1.1" 200 210
120.253.135.82 - - [18/Oct/2022:13:48:55 +0800] "GET /xingrg/kc/pszx/mdps_order_info.html?code=312022101800366 HTTP/1.1" 200 23978
120.253.135.82 - - [18/Oct/2022:13:48:55 +0800] "GET /xingrg/javascript/easyui/themes/default/validatebox.css HTTP/1.1" 404 1104
120.253.135.82 - - [18/Oct/2022:13:48:55 +0800] "POST /xingrg/kc/pszx/mdps_order_operate.html HTTP/1.1" 200 2304
124.79.243.136 - - [18/Oct/2022:13:48:55 +0800] "GET /xingrg/all/function/internal_message.html?_=1666072338440&CODE_STATE=getMsg HTTP/1.1" 200 27
180.169.147.146 - - [18/Oct/2022:13:48:56 +0800] "POST /xingrg/dwr/call/plaincall/AjaxReportQueryService.refreshCache.dwr HTTP/1.1" 200 78
180.169.147.146 - - [18/Oct/2022:13:48:57 +0800] "POST /xingrg/all/report/load_report_page.html HTTP/1.1" 200 8944
180.169.147.146 - - [18/Oct/2022:13:48:57 +0800] "GET /xingrg/servlets/image?cache=0.9563887961171365&image=px HTTP/1.1" 200 807
120.253.135.82 - - [18/Oct/2022:13:48:57 +0800] "GET /xingrg/kc/print/load_data.html?order_code=312022101800366&kc_code=mdps&condition= HTTP/1.1" 200 693
124.79.243.136 - - [18/Oct/2022:13:48:58 +0800] "GET /xingrg/kc/buy/cgsh_order_operate.html?command=get_materiel&rest_code=00104&code=00101008141&supplier_code=00100007&order_time=2022-10-18 HTTP/1.1" 200 412
114.84.81.136 - - [18/Oct/2022:13:48:59 +0800] "GET /xingrg/all/function/internal_message.html?_=1666072136276&CODE_STATE=getMsg HTTP/1.1" 200 27
222.70.183.206 - - [18/Oct/2022:13:49:02 +0800] "GET /xingrg/all/function/internal_message.html?_=1666072076118&CODE_STATE=getMsg HTTP/1.1" 200 27
120.253.135.82 - - [18/Oct/2022:13:49:03 +0800] "POST /xingrg/kc/pszx/mdps_list_operate.html HTTP/1.1" 200 2062
116.238.139.35 - - [18/Oct/2022:13:49:09 +0800] "GET /xingrg/all/function/internal_message.html?_=1666072091192&CODE_STATE=getMsg HTTP/1.1" 200 27
222.70.183.206 - - [18/Oct/2022:13:49:11 +0800] "GET /xingrg/all/function/internal_message.html?_=1666072150553&CODE_STATE=getMsg HTTP/1.1" 200 27
124.79.243.136 - - [18/Oct/2022:13:49:17 +0800] "GET /xingrg/kc/buy/cgsh_order_operate.html?command=get_materiel&rest_code=00104&code=00101008415&supplier_code=00100007&order_time=2022-10-18 HTTP/1.1" 200 412
222.70.183.206 - - [18/Oct/2022:13:49:20 +0800] "GET /xingrg/all/function/internal_message.html?_=1666072156912&CODE_STATE=getMsg HTTP/1.1" 200 27
120.253.135.82 - - [18/Oct/2022:13:49:22 +0800] "GET /xingrg/all/function/internal_message.html?_=1666072271307&CODE_STATE=getMsg HTTP/1.1" 200 27
116.230.114.213 - - [18/Oct/2022:13:49:23 +0800] "GET /xingrg/check_reg.html?_=1666072165850 HTTP/1.1" 200 22
222.69.192.207 - - [18/Oct/2022:13:49:23 +0800] "GET /xingrg/all/function/internal_message.html?_=1666072013988&CODE_STATE=getMsg HTTP/1.1" 200 27
120.253.135.82 - - [18/Oct/2022:13:49:34 +0800] "GET /xingrg/all/function/internal_message.html?_=1666071967843&CODE_STATE=getMsg HTTP/1.1" 200 27
124.79.243.136 - - [18/Oct/2022:13:49:40 +0800] "GET /xingrg/kc/buy/cgsh_order_operate.html?command=get_materiel&rest_code=00104&code=00101008299&supplier_code=00100007&order_time=2022-10-18 HTTP/1.1" 200 412
116.230.114.213 - - [18/Oct/2022:13:49:45 +0800] "GET /xingrg/all/function/internal_message.html?_=1666072188018&CODE_STATE=getMsg HTTP/1.1" 200 27
180.169.147.146 - - [18/Oct/2022:13:49:50 +0800] "GET /xingrg/all/function/internal_message.html?_=1666072186898&CODE_STATE=getMsg HTTP/1.1" 200 27
114.88.159.190 - - [18/Oct/2022:13:49:51 +0800] "GET /xingrg/all/function/internal_message.html?_=1666071815295&CODE_STATE=getMsg HTTP/1.1" 200 27
114.88.159.190 - - [18/Oct/2022:13:49:51 +0800] "GET /xingrg/check_reg.html?_=1666071815297 HTTP/1.1" 200 22
101.85.93.18 - - [18/Oct/2022:13:49:53 +0800] "GET /xingrg/all/function/internal_message.html?_=1666072190796&CODE_STATE=getMsg HTTP/1.1" 200 27
124.79.243.136 - - [18/Oct/2022:13:49:55 +0800] "GET /xingrg/all/function/internal_message.html?_=1666072398415&CODE_STATE=getMsg HTTP/1.1" 200 27
114.84.81.136 - - [18/Oct/2022:13:49:59 +0800] "GET /xingrg/all/function/internal_message.html?_=1666072196261&CODE_STATE=getMsg HTTP/1.1" 200 27
124.79.243.136 - - [18/Oct/2022:13:49:59 +0800] "GET /xingrg/kc/buy/cgsh_order_operate.html?command=get_materiel&rest_code=00104&code=00101008219&supplier_code=00100007&order_time=2022-10-18 HTTP/1.1" 200 414
222.70.183.206 - - [18/Oct/2022:13:50:02 +0800] "GET /xingrg/all/function/internal_message.html?_=1666072136112&CODE_STATE=getMsg HTTP/1.1" 200 27
222.70.183.206 - - [18/Oct/2022:13:50:02 +0800] "GET /xingrg/check_reg.html?_=1666072136114 HTTP/1.1" 200 22
116.238.139.35 - - [18/Oct/2022:13:50:09 +0800] "GET /xingrg/all/function/internal_message.html?_=1666072151192&CODE_STATE=getMsg HTTP/1.1" 200 27
222.70.183.206 - - [18/Oct/2022:13:50:11 +0800] "GET /xingrg/all/function/internal_message.html?_=1666072210554&CODE_STATE=getMsg HTTP/1.1" 200 27
222.70.183.206 - - [18/Oct/2022:13:50:11 +0800] "GET /xingrg/check_reg.html?_=1666072210556 HTTP/1.1" 200 22
114.84.81.136 - - [18/Oct/2022:13:50:19 +0800] "GET /xingrg/all/function/internal_message.html?_=1666072218526&CODE_STATE=getMsg HTTP/1.1" 302 -
222.70.183.206 - - [18/Oct/2022:13:50:20 +0800] "GET /xingrg/all/function/internal_message.html?_=1666072216911&CODE_STATE=getMsg HTTP/1.1" 200 27
120.253.135.82 - - [18/Oct/2022:13:50:21 +0800] "GET /xingrg/check_reg.html?_=1666072330129 HTTP/1.1" 200 22
120.253.135.82 - - [18/Oct/2022:13:50:22 +0800] "GET /xingrg/all/function/internal_message.html?_=1666072331320&CODE_STATE=getMsg HTTP/1.1" 200 27
222.69.192.207 - - [18/Oct/2022:13:50:23 +0800] "GET /xingrg/all/function/internal_message.html?_=1666072073972&CODE_STATE=getMsg HTTP/1.1" 200 27
120.253.135.82 - - [18/Oct/2022:13:50:31 +0800] "GET /xingrg/kc/pszx/mdqp_order_list.html?state=10 HTTP/1.1" 200 10219
120.253.135.82 - - [18/Oct/2022:13:50:31 +0800] "GET /xingrg/dwr/interface/AjaxReportQueryService.js HTTP/1.1" 200 13203
120.253.135.82 - - [18/Oct/2022:13:50:31 +0800] "GET /xingrg/dwr/interface/AjaxQqpsService.js HTTP/1.1" 200 16326
120.253.135.82 - - [18/Oct/2022:13:50:31 +0800] "GET /xingrg/dwr/engine.js HTTP/1.1" 200 43631
120.253.135.82 - - [18/Oct/2022:13:50:34 +0800] "GET /xingrg/all/function/internal_message.html?_=1666072027845&CODE_STATE=getMsg HTTP/1.1" 200 27
124.79.243.136 - - [18/Oct/2022:13:50:36 +0800] "GET /xingrg/kc/buy/cgsh_order_operate.html?command=get_materiel&rest_code=00104&code=00101008286&supplier_code=00100007&order_time=2022-10-18 HTTP/1.1" 200 408
120.253.135.82 - - [18/Oct/2022:13:50:39 +0800] "GET /xingrg/kc/buy/cgth_order_list.html HTTP/1.1" 200 52714
120.253.135.82 - - [18/Oct/2022:13:50:39 +0800] "POST /xingrg/kc/buy/cgth_list_operate.html HTTP/1.1" 200 1035
120.253.135.82 - - [18/Oct/2022:13:50:42 +0800] "GET /xingrg/kc/pszx/mdqp_order_list.html?state=10 HTTP/1.1" 200 10219
120.253.135.82 - - [18/Oct/2022:13:50:42 +0800] "GET /xingrg/dwr/interface/AjaxReportQueryService.js HTTP/1.1" 200 13203
120.253.135.82 - - [18/Oct/2022:13:50:42 +0800] "GET /xingrg/dwr/interface/AjaxQqpsService.js HTTP/1.1" 200 16326
120.253.135.82 - - [18/Oct/2022:13:50:42 +0800] "GET /xingrg/dwr/engine.js HTTP/1.1" 200 43631
116.230.114.213 - - [18/Oct/2022:13:50:45 +0800] "GET /xingrg/all/function/internal_message.html?_=1666072248032&CODE_STATE=getMsg HTTP/1.1" 200 27
124.79.243.136 - - [18/Oct/2022:13:50:45 +0800] "GET /xingrg/kc/buy/cgsh_order_operate.html?command=get_materiel&rest_code=00104&code=00101008036&supplier_code=00100007&order_time=2022-10-18 HTTP/1.1" 200 408
120.253.135.82 - - [18/Oct/2022:13:50:46 +0800] "GET /xingrg/kc/pszx/mdth_order_list.html HTTP/1.1" 200 18472
120.253.135.82 - - [18/Oct/2022:13:50:46 +0800] "POST /xingrg/kc/pszx/mdth_order_new_list.html HTTP/1.1" 200 4724
120.253.135.82 - - [18/Oct/2022:13:50:48 +0800] "POST /xingrg/kc/pszx/mdth_order_new_list.html HTTP/1.1" 200 206
120.253.135.82 - - [18/Oct/2022:13:50:49 +0800] "GET /xingrg/kc/pszx/mdth_order_info.html?code=322022101600006 HTTP/1.1" 200 22234
120.253.135.82 - - [18/Oct/2022:13:50:50 +0800] "GET /xingrg/javascript/easyui/themes/default/validatebox.css HTTP/1.1" 404 1104
120.253.135.82 - - [18/Oct/2022:13:50:50 +0800] "POST /xingrg/kc/pszx/mdth_order_new_info.html HTTP/1.1" 200 275
180.169.147.146 - - [18/Oct/2022:13:50:50 +0800] "GET /xingrg/all/function/internal_message.html?_=1666072246876&CODE_STATE=getMsg HTTP/1.1" 200 27
114.88.159.190 - - [18/Oct/2022:13:50:51 +0800] "GET /xingrg/all/function/internal_message.html?_=1666071875281&CODE_STATE=getMsg HTTP/1.1" 200 27
120.253.135.82 - - [18/Oct/2022:13:50:52 +0800] "POST /xingrg/all/common/load_combo.html?type=employee HTTP/1.1" 200 1752
101.85.93.18 - - [18/Oct/2022:13:50:53 +0800] "GET /xingrg/all/function/internal_message.html?_=1666072250797&CODE_STATE=getMsg HTTP/1.1" 200 27
124.79.243.136 - - [18/Oct/2022:13:50:55 +0800] "GET /xingrg/all/function/internal_message.html?_=1666072458394&CODE_STATE=getMsg HTTP/1.1" 200 27
124.79.243.136 - - [18/Oct/2022:13:50:57 +0800] "GET /xingrg/kc/buy/cgsh_order_operate.html?command=get_materiel&rest_code=00104&code=00101008350&supplier_code=00100007&order_time=2022-10-18 HTTP/1.1" 200 408
114.84.81.136 - - [18/Oct/2022:13:50:59 +0800] "GET /xingrg/all/function/internal_message.html?_=1666072256247&CODE_STATE=getMsg HTTP/1.1" 200 27
120.253.135.82 - - [18/Oct/2022:13:51:00 +0800] "POST /xingrg/all/common/load_combo.html?type=base HTTP/1.1" 200 1169
222.70.183.206 - - [18/Oct/2022:13:51:02 +0800] "GET /xingrg/all/function/internal_message.html?_=1666072196103&CODE_STATE=getMsg HTTP/1.1" 200 27
120.253.135.82 - - [18/Oct/2022:13:51:04 +0800] "POST /xingrg/kc/pszx/mdth_order_new_info.html HTTP/1.1" 200 37
120.253.135.82 - - [18/Oct/2022:13:51:05 +0800] "POST /xingrg/kc/pszx/mdth_order_new_info.html HTTP/1.1" 200 282
180.169.147.146 - - [18/Oct/2022:13:51:08 +0800] "GET /xingrg/check_reg.html?_=1666072264840 HTTP/1.1" 200 22
120.253.135.82 - - [18/Oct/2022:13:51:08 +0800] "GET /xingrg/kc/print/load_config.html?kc_code=mdth HTTP/1.1" 200 3088
120.253.135.82 - - [18/Oct/2022:13:51:08 +0800] "GET /xingrg/kc/print/load_data.html?order_code=322022101600006&kc_code=mdth&condition= HTTP/1.1" 200 602
116.238.139.35 - - [18/Oct/2022:13:51:09 +0800] "GET /xingrg/all/function/internal_message.html?_=1666072211263&CODE_STATE=getMsg HTTP/1.1" 200 27
124.79.243.136 - - [18/Oct/2022:13:51:10 +0800] "GET /xingrg/kc/buy/cgsh_order_operate.html?command=get_materiel&rest_code=00104&code=00101015022&supplier_code=00100007&order_time=2022-10-18 HTTP/1.1" 200 409
222.70.183.206 - - [18/Oct/2022:13:51:11 +0800] "GET /xingrg/all/function/internal_message.html?_=1666072270555&CODE_STATE=getMsg HTTP/1.1" 200 27
120.253.135.82 - - [18/Oct/2022:13:51:18 +0800] "POST /xingrg/kc/pszx/mdth_order_new_info.html HTTP/1.1" 200 37
120.253.135.82 - - [18/Oct/2022:13:51:19 +0800] "POST /xingrg/kc/pszx/mdth_order_new_info.html HTTP/1.1" 200 282
120.253.135.82 - - [18/Oct/2022:13:51:20 +0800] "POST /xingrg/kc/pszx/mdth_order_new_info.html HTTP/1.1" 200 12
222.70.183.206 - - [18/Oct/2022:13:51:20 +0800] "GET /xingrg/all/function/internal_message.html?_=1666072276910&CODE_STATE=getMsg HTTP/1.1" 200 27
120.253.135.82 - - [18/Oct/2022:13:51:21 +0800] "GET /xingrg/kc/pszx/mdth_order_info.html?code=322022101600006 HTTP/1.1" 200 20294
120.253.135.82 - - [18/Oct/2022:13:51:22 +0800] "POST /xingrg/kc/pszx/mdth_order_new_info.html HTTP/1.1" 200 282
120.253.135.82 - - [18/Oct/2022:13:51:22 +0800] "GET /xingrg/javascript/easyui/themes/default/validatebox.css HTTP/1.1" 404 1104
120.253.135.82 - - [18/Oct/2022:13:51:22 +0800] "GET /xingrg/all/function/internal_message.html?_=1666072391336&CODE_STATE=getMsg HTTP/1.1" 200 27
222.69.192.207 - - [18/Oct/2022:13:51:23 +0800] "GET /xingrg/all/function/internal_message.html?_=1666072133957&CODE_STATE=getMsg HTTP/1.1" 200 27
222.69.192.207 - - [18/Oct/2022:13:51:24 +0800] "GET /xingrg/check_reg.html?_=1666072134318 HTTP/1.1" 200 22
120.253.135.82 - - [18/Oct/2022:13:51:25 +0800] "POST /xingrg/kc/pszx/mdth_order_new_list.html HTTP/1.1" 200 204
120.253.135.82 - - [18/Oct/2022:13:51:26 +0800] "GET /xingrg/kc/pszx/mdth_order_info.html?code=322022101600007 HTTP/1.1" 200 22226
120.253.135.82 - - [18/Oct/2022:13:51:27 +0800] "GET /xingrg/javascript/easyui/themes/default/validatebox.css HTTP/1.1" 404 1104
120.253.135.82 - - [18/Oct/2022:13:51:27 +0800] "POST /xingrg/kc/pszx/mdth_order_new_info.html HTTP/1.1" 200 272
124.79.243.136 - - [18/Oct/2022:13:51:28 +0800] "GET /xingrg/kc/buy/cgsh_order_operate.html?command=get_materiel&rest_code=00104&code=00101015021&supplier_code=00100007&order_time=2022-10-18 HTTP/1.1" 200 409
120.253.135.82 - - [18/Oct/2022:13:51:29 +0800] "POST /xingrg/all/common/load_combo.html?type=employee HTTP/1.1" 200 1752
120.253.135.82 - - [18/Oct/2022:13:51:34 +0800] "GET /xingrg/all/function/internal_message.html?_=1666072087859&CODE_STATE=getMsg HTTP/1.1" 200 27
120.253.135.82 - - [18/Oct/2022:13:51:35 +0800] "POST /xingrg/all/common/load_combo.html?type=base HTTP/1.1" 200 1169
120.253.135.82 - - [18/Oct/2022:13:51:38 +0800] "POST /xingrg/kc/pszx/mdth_order_new_info.html HTTP/1.1" 200 37
120.253.135.82 - - [18/Oct/2022:13:51:39 +0800] "POST /xingrg/kc/pszx/mdth_order_new_info.html HTTP/1.1" 200 279
120.253.135.82 - - [18/Oct/2022:13:51:41 +0800] "GET /xingrg/kc/print/load_data.html?order_code=322022101600007&kc_code=mdth&condition= HTTP/1.1" 200 599
116.230.114.213 - - [18/Oct/2022:13:51:45 +0800] "GET /xingrg/all/function/internal_message.html?_=1666072308323&CODE_STATE=getMsg HTTP/1.1" 200 27
124.79.243.136 - - [18/Oct/2022:13:51:48 +0800] "GET /xingrg/kc/buy/cgsh_order_operate.html?command=get_materiel&rest_code=00104&code=00101015012&supplier_code=00100007&order_time=2022-10-18 HTTP/1.1" 200 412
120.253.135.82 - - [18/Oct/2022:13:51:50 +0800] "POST /xingrg/kc/pszx/mdth_order_new_info.html HTTP/1.1" 200 37
180.169.147.146 - - [18/Oct/2022:13:51:50 +0800] "GET /xingrg/all/function/internal_message.html?_=1666072306854&CODE_STATE=getMsg HTTP/1.1" 200 27
124.79.243.136 - - [18/Oct/2022:13:51:51 +0800] "POST /xingrg/kc/buy/cgsh_order_operate.html HTTP/1.1" 200 2065
114.88.159.190 - - [18/Oct/2022:13:51:51 +0800] "GET /xingrg/all/function/internal_message.html?_=1666071935284&CODE_STATE=getMsg HTTP/1.1" 200 27
120.253.135.82 - - [18/Oct/2022:13:51:51 +0800] "POST /xingrg/kc/pszx/mdth_order_new_info.html HTTP/1.1" 200 279
120.253.135.82 - - [18/Oct/2022:13:51:52 +0800] "POST /xingrg/kc/pszx/mdth_order_new_info.html HTTP/1.1" 200 12
120.253.135.82 - - [18/Oct/2022:13:51:53 +0800] "GET /xingrg/kc/pszx/mdth_order_info.html?code=322022101600007 HTTP/1.1" 200 20286
101.85.93.18 - - [18/Oct/2022:13:51:53 +0800] "GET /xingrg/all/function/internal_message.html?_=1666072310798&CODE_STATE=getMsg HTTP/1.1" 200 27
120.253.135.82 - - [18/Oct/2022:13:51:54 +0800] "POST /xingrg/kc/pszx/mdth_order_new_info.html HTTP/1.1" 200 279
120.253.135.82 - - [18/Oct/2022:13:51:54 +0800] "GET /xingrg/javascript/easyui/themes/default/validatebox.css HTTP/1.1" 404 1104
116.238.139.35 - - [18/Oct/2022:13:51:54 +0800] "GET /xingrg/check_reg.html?_=1666072256055 HTTP/1.1" 200 22
120.253.135.82 - - [18/Oct/2022:13:51:55 +0800] "GET /xingrg/check_reg.html?_=1666072108341 HTTP/1.1" 200 22
120.253.135.82 - - [18/Oct/2022:13:51:55 +0800] "POST /xingrg/kc/pszx/mdth_order_new_list.html HTTP/1.1" 200 4711
124.79.243.136 - - [18/Oct/2022:13:51:55 +0800] "GET /xingrg/all/function/internal_message.html?_=1666072518405&CODE_STATE=getMsg HTTP/1.1" 200 27
124.79.243.136 - - [18/Oct/2022:13:51:58 +0800] "GET /xingrg/kc/buy/cgsh_order_operate.html?command=get_materiel&rest_code=00104&code=00101009044&supplier_code=00100007&order_time=2022-10-18 HTTP/1.1" 200 412
114.84.81.136 - - [18/Oct/2022:13:51:59 +0800] "GET /xingrg/all/function/internal_message.html?_=1666072316231&CODE_STATE=getMsg HTTP/1.1" 200 27
114.84.81.136 - - [18/Oct/2022:13:52:00 +0800] "GET /xingrg/check_reg.html?_=1666072317294 HTTP/1.1" 200 22
222.70.183.206 - - [18/Oct/2022:13:52:02 +0800] "GET /xingrg/all/function/internal_message.html?_=1666072256120&CODE_STATE=getMsg HTTP/1.1" 200 27
124.79.243.136 - - [18/Oct/2022:13:52:07 +0800] "GET /xingrg/kc/buy/cgsh_order_operate.html?command=get_materiel&rest_code=00104&code=00101009122&supplier_code=00100007&order_time=2022-10-18 HTTP/1.1" 200 405
116.238.139.35 - - [18/Oct/2022:13:52:09 +0800] "GET /xingrg/all/function/internal_message.html?_=1666072271265&CODE_STATE=getMsg HTTP/1.1" 200 27
222.70.183.206 - - [18/Oct/2022:13:52:11 +0800] "GET /xingrg/all/function/internal_message.html?_=1666072330555&CODE_STATE=getMsg HTTP/1.1" 200 27
222.70.183.206 - - [18/Oct/2022:13:52:20 +0800] "GET /xingrg/all/function/internal_message.html?_=1666072336926&CODE_STATE=getMsg HTTP/1.1" 200 27
120.253.135.82 - - [18/Oct/2022:13:52:22 +0800] "GET /xingrg/all/function/internal_message.html?_=1666072451346&CODE_STATE=getMsg HTTP/1.1" 200 27
124.79.243.136 - - [18/Oct/2022:13:52:22 +0800] "POST /xingrg/kc/buy/cgsh_order_operate.html HTTP/1.1" 200 37
222.69.192.207 - - [18/Oct/2022:13:52:23 +0800] "GET /xingrg/all/function/internal_message.html?_=1666072193928&CODE_STATE=getMsg HTTP/1.1" 200 27
124.79.243.136 - - [18/Oct/2022:13:52:24 +0800] "POST /xingrg/kc/buy/cgsh_order_operate.html HTTP/1.1" 200 14465
124.79.243.136 - - [18/Oct/2022:13:52:25 +0800] "GET /xingrg/kc/buy/cgsh_order_add.html HTTP/1.1" 200 69134
124.79.243.136 - - [18/Oct/2022:13:52:25 +0800] "GET /xingrg/javascript/easyui/themes/default/validatebox.css HTTP/1.1" 404 1104
124.79.243.136 - - [18/Oct/2022:13:52:25 +0800] "POST /xingrg/kc/buy/cgsh_order_operate.html HTTP/1.1" 200 8245
183.192.110.174 - - [18/Oct/2022:13:52:28 +0800] "GET /favicon.ico HTTP/1.1" 404 -
114.84.81.136 - - [18/Oct/2022:13:52:31 +0800] "GET /xingrg/all/function/internal_message.html?_=1666072350785&CODE_STATE=getMsg HTTP/1.1" 302 -
120.253.135.82 - - [18/Oct/2022:13:52:35 +0800] "GET /xingrg/all/function/internal_message.html?_=1666072148067&CODE_STATE=getMsg HTTP/1.1" 200 27
124.79.243.136 - - [18/Oct/2022:13:52:41 +0800] "GET /xingrg/kc/buy/cgsh_order_operate.html?command=get_materiel&rest_code=00104&code=00101009031&supplier_code=00100007&order_time=2022-10-18 HTTP/1.1" 200 409
116.230.114.213 - - [18/Oct/2022:13:52:45 +0800] "GET /xingrg/all/function/internal_message.html?_=1666072368324&CODE_STATE=getMsg HTTP/1.1" 200 27
180.169.147.146 - - [18/Oct/2022:13:52:50 +0800] "GET /xingrg/all/function/internal_message.html?_=1666072366865&CODE_STATE=getMsg HTTP/1.1" 200 27
114.88.159.190 - - [18/Oct/2022:13:52:51 +0800] "GET /xingrg/all/function/internal_message.html?_=1666071995287&CODE_STATE=getMsg HTTP/1.1" 200 27
101.85.93.18 - - [18/Oct/2022:13:52:53 +0800] "GET /xingrg/all/function/internal_message.html?_=1666072370798&CODE_STATE=getMsg HTTP/1.1" 200 27
124.79.243.136 - - [18/Oct/2022:13:52:55 +0800] "GET /xingrg/all/function/internal_message.html?_=1666072578357&CODE_STATE=getMsg HTTP/1.1" 200 27
124.79.243.136 - - [18/Oct/2022:13:52:56 +0800] "GET /xingrg/check_reg.html?_=1666072578530 HTTP/1.1" 200 22
114.84.81.136 - - [18/Oct/2022:13:52:59 +0800] "GET /xingrg/all/function/internal_message.html?_=1666072376201&CODE_STATE=getMsg HTTP/1.1" 200 27
124.79.243.136 - - [18/Oct/2022:13:52:59 +0800] "GET /xingrg/kc/buy/cgsh_order_operate.html?command=get_materiel&rest_code=00104&code=00101009118&supplier_code=00100007&order_time=2022-10-18 HTTP/1.1" 200 405
114.83.222.243 - - [18/Oct/2022:13:53:02 +0800] "POST /xingrg/services/DataTransmitService HTTP/1.1" 200 524
222.70.183.206 - - [18/Oct/2022:13:53:02 +0800] "GET /xingrg/all/function/internal_message.html?_=1666072316120&CODE_STATE=getMsg HTTP/1.1" 200 27
114.83.222.243 - - [18/Oct/2022:13:53:03 +0800] "POST /xingrg/services/DataTransmitService HTTP/1.1" 200 501
114.83.222.243 - - [18/Oct/2022:13:53:03 +0800] "POST /xingrg/services/DataTransmitService HTTP/1.1" 200 501
114.83.222.243 - - [18/Oct/2022:13:53:03 +0800] "POST /xingrg/services/DataTransmitService HTTP/1.1" 200 501
114.83.222.243 - - [18/Oct/2022:13:53:03 +0800] "POST /xingrg/services/DataTransmitService HTTP/1.1" 200 501
114.83.222.243 - - [18/Oct/2022:13:53:03 +0800] "POST /xingrg/services/DataTransmitService HTTP/1.1" 200 501
114.83.222.243 - - [18/Oct/2022:13:53:04 +0800] "POST /xingrg/services/DataTransmitService HTTP/1.1" 200 501
114.83.222.243 - - [18/Oct/2022:13:53:04 +0800] "POST /xingrg/services/DataTransmitService HTTP/1.1" 200 412
116.238.139.35 - - [18/Oct/2022:13:53:09 +0800] "GET /xingrg/all/function/internal_message.html?_=1666072331279&CODE_STATE=getMsg HTTP/1.1" 200 27
124.79.243.136 - - [18/Oct/2022:13:53:10 +0800] "GET /xingrg/kc/buy/cgsh_order_operate.html?command=get_materiel&rest_code=00104&code=00101008418&supplier_code=00100007&order_time=2022-10-18 HTTP/1.1" 200 412
222.70.183.206 - - [18/Oct/2022:13:53:11 +0800] "GET /xingrg/all/function/internal_message.html?_=1666072390555&CODE_STATE=getMsg HTTP/1.1" 200 27
222.70.183.206 - - [18/Oct/2022:13:53:20 +0800] "GET /xingrg/check_reg.html?_=1666072396913 HTTP/1.1" 200 22
222.70.183.206 - - [18/Oct/2022:13:53:20 +0800] "GET /xingrg/all/function/internal_message.html?_=1666072396915&CODE_STATE=getMsg HTTP/1.1" 200 27
120.253.135.82 - - [18/Oct/2022:13:53:22 +0800] "GET /xingrg/all/function/internal_message.html?_=1666072511453&CODE_STATE=getMsg HTTP/1.1" 200 27
222.69.192.207 - - [18/Oct/2022:13:53:23 +0800] "GET /xingrg/all/function/internal_message.html?_=1666072253914&CODE_STATE=getMsg HTTP/1.1" 200 27
120.253.135.82 - - [18/Oct/2022:13:53:35 +0800] "GET /xingrg/all/function/internal_message.html?_=1666072208073&CODE_STATE=getMsg HTTP/1.1" 200 27
124.79.243.136 - - [18/Oct/2022:13:53:40 +0800] "GET /xingrg/kc/buy/cgsh_order_operate.html?command=get_materiel&rest_code=00104&code=00101008182&supplier_code=00100007&order_time=2022-10-18 HTTP/1.1" 200 431
116.230.114.213 - - [18/Oct/2022:13:53:46 +0800] "GET /xingrg/all/function/internal_message.html?_=1666072428606&CODE_STATE=getMsg HTTP/1.1" 200 27
180.169.147.146 - - [18/Oct/2022:13:53:50 +0800] "GET /xingrg/all/function/internal_message.html?_=1666072426859&CODE_STATE=getMsg HTTP/1.1" 200 27
180.169.147.146 - - [18/Oct/2022:13:53:50 +0800] "GET /xingrg/check_reg.html?_=1666072426858 HTTP/1.1" 200 22
114.88.159.190 - - [18/Oct/2022:13:53:51 +0800] "GET /xingrg/all/function/internal_message.html?_=1666072055289&CODE_STATE=getMsg HTTP/1.1" 200 27
101.85.93.18 - - [18/Oct/2022:13:53:53 +0800] "GET /xingrg/check_reg.html?_=1666072430796 HTTP/1.1" 200 22
101.85.93.18 - - [18/Oct/2022:13:53:53 +0800] "GET /xingrg/all/function/internal_message.html?_=1666072430797&CODE_STATE=getMsg HTTP/1.1" 200 27
124.79.243.136 - - [18/Oct/2022:13:53:55 +0800] "GET /xingrg/all/function/internal_message.html?_=1666072638322&CODE_STATE=getMsg HTTP/1.1" 200 27
114.84.81.136 - - [18/Oct/2022:13:53:59 +0800] "GET /xingrg/all/function/internal_message.html?_=1666072436186&CODE_STATE=getMsg HTTP/1.1" 200 27
222.70.183.206 - - [18/Oct/2022:13:54:02 +0800] "GET /xingrg/all/function/internal_message.html?_=1666072376113&CODE_STATE=getMsg HTTP/1.1" 200 27
124.79.243.136 - - [18/Oct/2022:13:54:05 +0800] "GET /xingrg/kc/buy/cgsh_order_operate.html?command=get_materiel&rest_code=00104&code=00101008150&supplier_code=00100007&order_time=2022-10-18 HTTP/1.1" 200 409
116.238.139.35 - - [18/Oct/2022:13:54:09 +0800] "GET /xingrg/all/function/internal_message.html?_=1666072391352&CODE_STATE=getMsg HTTP/1.1" 200 27
222.70.183.206 - - [18/Oct/2022:13:54:11 +0800] "GET /xingrg/all/function/internal_message.html?_=1666072450554&CODE_STATE=getMsg HTTP/1.1" 200 27
222.70.183.206 - - [18/Oct/2022:13:54:20 +0800] "GET /xingrg/all/function/internal_message.html?_=1666072456914&CODE_STATE=getMsg HTTP/1.1" 200 27
120.253.135.82 - - [18/Oct/2022:13:54:22 +0800] "GET /xingrg/all/function/internal_message.html?_=1666072571452&CODE_STATE=getMsg HTTP/1.1" 200 27
116.230.114.213 - - [18/Oct/2022:13:54:23 +0800] "GET /xingrg/check_reg.html?_=1666072465859 HTTP/1.1" 200 22
222.69.192.207 - - [18/Oct/2022:13:54:23 +0800] "GET /xingrg/all/function/internal_message.html?_=1666072313899&CODE_STATE=getMsg HTTP/1.1" 200 27
120.253.135.82 - - [18/Oct/2022:13:54:35 +0800] "GET /xingrg/all/function/internal_message.html?_=1666072268276&CODE_STATE=getMsg HTTP/1.1" 200 27
124.79.243.136 - - [18/Oct/2022:13:54:40 +0800] "GET /xingrg/kc/buy/cgsh_order_operate.html?command=get_materiel&rest_code=00104&code=00101008088&supplier_code=00100007&order_time=2022-10-18 HTTP/1.1" 200 408
114.84.81.136 - - [18/Oct/2022:13:54:43 +0800] "GET /xingrg/all/function/internal_message.html?_=1666072483045&CODE_STATE=getMsg HTTP/1.1" 302 -
116.230.114.213 - - [18/Oct/2022:13:54:46 +0800] "GET /xingrg/all/function/internal_message.html?_=1666072488618&CODE_STATE=getMsg HTTP/1.1" 200 27
124.79.243.136 - - [18/Oct/2022:13:54:50 +0800] "GET /xingrg/kc/buy/cgsh_order_operate.html?command=get_materiel&rest_code=00104&code=00101008077&supplier_code=00100007&order_time=2022-10-18 HTTP/1.1" 200 416
180.169.147.146 - - [18/Oct/2022:13:54:50 +0800] "GET /xingrg/all/function/internal_message.html?_=1666072486856&CODE_STATE=getMsg HTTP/1.1" 200 27
114.88.159.190 - - [18/Oct/2022:13:54:51 +0800] "GET /xingrg/check_reg.html?_=1666072115295 HTTP/1.1" 200 22
114.88.159.190 - - [18/Oct/2022:13:54:51 +0800] "GET /xingrg/all/function/internal_message.html?_=1666072115293&CODE_STATE=getMsg HTTP/1.1" 200 27
101.85.93.18 - - [18/Oct/2022:13:54:53 +0800] "GET /xingrg/all/function/internal_message.html?_=1666072490796&CODE_STATE=getMsg HTTP/1.1" 200 27
124.79.243.136 - - [18/Oct/2022:13:54:55 +0800] "GET /xingrg/all/function/internal_message.html?_=1666072698302&CODE_STATE=getMsg HTTP/1.1" 200 27
124.79.243.136 - - [18/Oct/2022:13:54:58 +0800] "GET /xingrg/kc/buy/cgsh_order_operate.html?command=get_materiel&rest_code=00104&code=00101006143&supplier_code=00100007&order_time=2022-10-18 HTTP/1.1" 200 408
114.84.81.136 - - [18/Oct/2022:13:54:58 +0800] "GET /xingrg/all/function/internal_message.html?_=1666072496172&CODE_STATE=getMsg HTTP/1.1" 200 27
222.70.183.206 - - [18/Oct/2022:13:55:02 +0800] "GET /xingrg/all/function/internal_message.html?_=1666072436105&CODE_STATE=getMsg HTTP/1.1" 200 27
222.70.183.206 - - [18/Oct/2022:13:55:02 +0800] "GET /xingrg/check_reg.html?_=1666072436107 HTTP/1.1" 200 22
222.70.183.206 - - [18/Oct/2022:13:55:04 +0800] "POST /xingrg/services/DataTransmitService HTTP/1.1" 200 524
222.70.183.206 - - [18/Oct/2022:13:55:05 +0800] "POST /xingrg/services/DataTransmitService HTTP/1.1" 200 501
116.238.139.35 - - [18/Oct/2022:13:55:09 +0800] "GET /xingrg/all/function/internal_message.html?_=1666072451353&CODE_STATE=getMsg HTTP/1.1" 200 27
222.70.183.206 - - [18/Oct/2022:13:55:11 +0800] "GET /xingrg/all/function/internal_message.html?_=1666072510555&CODE_STATE=getMsg HTTP/1.1" 200 27
222.70.183.206 - - [18/Oct/2022:13:55:11 +0800] "GET /xingrg/check_reg.html?_=1666072510557 HTTP/1.1" 200 22
124.79.243.136 - - [18/Oct/2022:13:55:13 +0800] "GET /xingrg/kc/buy/cgsh_order_operate.html?command=get_materiel&rest_code=00104&code=00101008110&supplier_code=00100007&order_time=2022-10-18 HTTP/1.1" 200 408
222.70.183.206 - - [18/Oct/2022:13:55:20 +0800] "GET /xingrg/all/function/internal_message.html?_=1666072516914&CODE_STATE=getMsg HTTP/1.1" 200 27
120.253.135.82 - - [18/Oct/2022:13:55:21 +0800] "GET /xingrg/check_reg.html?_=1666072630268 HTTP/1.1" 200 22
120.253.135.82 - - [18/Oct/2022:13:55:22 +0800] "GET /xingrg/all/function/internal_message.html?_=1666072631466&CODE_STATE=getMsg HTTP/1.1" 200 27
222.69.192.207 - - [18/Oct/2022:13:55:23 +0800] "GET /xingrg/all/function/internal_message.html?_=1666072373884&CODE_STATE=getMsg HTTP/1.1" 200 27
124.79.243.136 - - [18/Oct/2022:13:55:32 +0800] "POST /xingrg/kc/buy/cgsh_order_operate.html HTTP/1.1" 200 37
124.79.243.136 - - [18/Oct/2022:13:55:33 +0800] "POST /xingrg/kc/buy/cgsh_order_operate.html HTTP/1.1" 200 8550
120.253.135.82 - - [18/Oct/2022:13:55:35 +0800] "GET /xingrg/all/function/internal_message.html?_=1666072328288&CODE_STATE=getMsg HTTP/1.1" 200 27
116.232.38.254 - - [18/Oct/2022:13:55:45 +0800] "POST /xingrg/services/DataTransmitService HTTP/1.1" 200 524
116.230.114.213 - - [18/Oct/2022:13:55:46 +0800] "GET /xingrg/all/function/internal_message.html?_=1666072548632&CODE_STATE=getMsg HTTP/1.1" 200 27
116.232.38.254 - - [18/Oct/2022:13:55:47 +0800] "POST /xingrg/services/DataTransmitService HTTP/1.1" 200 501
116.232.38.254 - - [18/Oct/2022:13:55:47 +0800] "POST /xingrg/services/DataTransmitService HTTP/1.1" 200 501
116.232.38.254 - - [18/Oct/2022:13:55:47 +0800] "POST /xingrg/services/DataTransmitService HTTP/1.1" 200 501
116.232.38.254 - - [18/Oct/2022:13:55:47 +0800] "POST /xingrg/services/DataTransmitService HTTP/1.1" 200 501
116.232.38.254 - - [18/Oct/2022:13:55:48 +0800] "POST /xingrg/services/DataTransmitService HTTP/1.1" 200 501
116.232.38.254 - - [18/Oct/2022:13:55:48 +0800] "POST /xingrg/services/DataTransmitService HTTP/1.1" 200 501
116.232.38.254 - - [18/Oct/2022:13:55:48 +0800] "POST /xingrg/services/DataTransmitService HTTP/1.1" 200 501
116.232.38.254 - - [18/Oct/2022:13:55:48 +0800] "POST /xingrg/services/DataTransmitService HTTP/1.1" 200 501
116.232.38.254 - - [18/Oct/2022:13:55:49 +0800] "POST /xingrg/services/DataTransmitService HTTP/1.1" 200 412
180.169.147.146 - - [18/Oct/2022:13:55:50 +0800] "GET /xingrg/all/function/internal_message.html?_=1666072546862&CODE_STATE=getMsg HTTP/1.1" 200 27
114.88.159.190 - - [18/Oct/2022:13:55:51 +0800] "GET /xingrg/all/function/internal_message.html?_=1666072175294&CODE_STATE=getMsg HTTP/1.1" 200 27
101.85.93.18 - - [18/Oct/2022:13:55:53 +0800] "GET /xingrg/all/function/internal_message.html?_=1666072550796&CODE_STATE=getMsg HTTP/1.1" 200 27
124.79.243.136 - - [18/Oct/2022:13:55:55 +0800] "GET /xingrg/all/function/internal_message.html?_=1666072758285&CODE_STATE=getMsg HTTP/1.1" 200 27
114.84.81.136 - - [18/Oct/2022:13:55:58 +0800] "GET /xingrg/all/function/internal_message.html?_=1666072556157&CODE_STATE=getMsg HTTP/1.1" 200 27
222.70.183.206 - - [18/Oct/2022:13:56:02 +0800] "GET /xingrg/all/function/internal_message.html?_=1666072496118&CODE_STATE=getMsg HTTP/1.1" 200 27
180.169.147.146 - - [18/Oct/2022:13:56:08 +0800] "GET /xingrg/check_reg.html?_=1666072564829 HTTP/1.1" 200 22
116.238.139.35 - - [18/Oct/2022:13:56:09 +0800] "GET /xingrg/all/function/internal_message.html?_=1666072511430&CODE_STATE=getMsg HTTP/1.1" 200 27
222.70.183.206 - - [18/Oct/2022:13:56:11 +0800] "GET /xingrg/all/function/internal_message.html?_=1666072570557&CODE_STATE=getMsg HTTP/1.1" 200 27
222.70.183.206 - - [18/Oct/2022:13:56:20 +0800] "GET /xingrg/all/function/internal_message.html?_=1666072576915&CODE_STATE=getMsg HTTP/1.1" 200 27
120.253.135.82 - - [18/Oct/2022:13:56:22 +0800] "GET /xingrg/all/function/internal_message.html?_=1666072691479&CODE_STATE=getMsg HTTP/1.1" 200 27
222.69.192.207 - - [18/Oct/2022:13:56:23 +0800] "GET /xingrg/all/function/internal_message.html?_=1666072433869&CODE_STATE=getMsg HTTP/1.1" 200 27
222.69.192.207 - - [18/Oct/2022:13:56:24 +0800] "GET /xingrg/check_reg.html?_=1666072434308 HTTP/1.1" 200 22
120.253.135.82 - - [18/Oct/2022:13:56:35 +0800] "GET /xingrg/all/function/internal_message.html?_=1666072388499&CODE_STATE=getMsg HTTP/1.1" 200 27
116.230.114.213 - - [18/Oct/2022:13:56:46 +0800] "GET /xingrg/all/function/internal_message.html?_=1666072608918&CODE_STATE=getMsg HTTP/1.1" 200 27
180.169.147.146 - - [18/Oct/2022:13:56:50 +0800] "GET /xingrg/all/function/internal_message.html?_=1666072606863&CODE_STATE=getMsg HTTP/1.1" 200 27
114.88.159.190 - - [18/Oct/2022:13:56:51 +0800] "GET /xingrg/all/function/internal_message.html?_=1666072235323&CODE_STATE=getMsg HTTP/1.1" 200 27
101.85.93.18 - - [18/Oct/2022:13:56:53 +0800] "GET /xingrg/all/function/internal_message.html?_=1666072610796&CODE_STATE=getMsg HTTP/1.1" 200 27
116.238.139.35 - - [18/Oct/2022:13:56:54 +0800] "GET /xingrg/check_reg.html?_=1666072556065 HTTP/1.1" 200 22
120.253.135.82 - - [18/Oct/2022:13:56:55 +0800] "GET /xingrg/check_reg.html?_=1666072408349 HTTP/1.1" 200 22
124.79.243.136 - - [18/Oct/2022:13:56:55 +0800] "GET /xingrg/all/function/internal_message.html?_=1666072818254&CODE_STATE=getMsg HTTP/1.1" 200 27
114.84.81.136 - - [18/Oct/2022:13:56:56 +0800] "GET /xingrg/all/function/internal_message.html?_=1666072615304&CODE_STATE=getMsg HTTP/1.1" 302 -
114.84.81.136 - - [18/Oct/2022:13:56:58 +0800] "GET /xingrg/all/function/internal_message.html?_=1666072616141&CODE_STATE=getMsg HTTP/1.1" 200 27
114.84.81.136 - - [18/Oct/2022:13:57:00 +0800] "GET /xingrg/check_reg.html?_=1666072617268 HTTP/1.1" 200 22
222.70.183.206 - - [18/Oct/2022:13:57:02 +0800] "GET /xingrg/all/function/internal_message.html?_=1666072556104&CODE_STATE=getMsg HTTP/1.1" 200 27
116.238.139.35 - - [18/Oct/2022:13:57:09 +0800] "GET /xingrg/all/function/internal_message.html?_=1666072571443&CODE_STATE=getMsg HTTP/1.1" 200 27
222.70.183.206 - - [18/Oct/2022:13:57:11 +0800] "GET /xingrg/all/function/internal_message.html?_=1666072630556&CODE_STATE=getMsg HTTP/1.1" 200 27
222.70.183.206 - - [18/Oct/2022:13:57:20 +0800] "GET /xingrg/all/function/internal_message.html?_=1666072636916&CODE_STATE=getMsg HTTP/1.1" 200 27
120.253.135.82 - - [18/Oct/2022:13:57:22 +0800] "GET /xingrg/all/function/internal_message.html?_=1666072751493&CODE_STATE=getMsg HTTP/1.1" 200 27
222.69.192.207 - - [18/Oct/2022:13:57:23 +0800] "GET /xingrg/all/function/internal_message.html?_=1666072493840&CODE_STATE=getMsg HTTP/1.1" 200 27
