222.69.192.207 - - [18/Oct/2022:08:58:39 +0800] "GET /xingrg/kc/buy/cgsh_order_operate.html?command=get_materiel&rest_code=00105&code=00101008176&supplier_code=00100203&order_time=2022-10-18 HTTP/1.1" 200 412
116.238.139.35 - - [18/Oct/2022:08:58:45 +0800] "GET /xingrg/all/function/internal_message.html?_=1666054667101&CODE_STATE=getMsg HTTP/1.1" 200 27
221.239.141.151 - - [18/Oct/2022:08:58:59 +0800] "GET /xingrg/check_reg.html?_=1666054737952 HTTP/1.1" 200 22
120.253.135.82 - - [18/Oct/2022:08:59:00 +0800] "GET /xingrg/all/function/internal_message.html?_=1666054532980&CODE_STATE=getMsg HTTP/1.1" 200 27
222.69.192.207 - - [18/Oct/2022:08:59:02 +0800] "GET /xingrg/kc/buy/cgsh_order_operate.html?command=get_materiel&rest_code=00105&code=00101008055&supplier_code=00100203&order_time=2022-10-18 HTTP/1.1" 200 409
221.239.141.151 - - [18/Oct/2022:08:59:03 +0800] "GET /xingrg/all/function/internal_message.html?_=1666054742342&CODE_STATE=getMsg HTTP/1.1" 200 27
116.238.139.35 - - [18/Oct/2022:08:59:17 +0800] "GET /xingrg/all/function/internal_message.html?_=1666054754764&CODE_STATE=getMsg HTTP/1.1" 200 27
114.84.81.136 - - [18/Oct/2022:08:59:20 +0800] "GET /xingrg/all/function/internal_message.html?_=1666054760291&CODE_STATE=getMsg HTTP/1.1" 302 -
222.69.192.207 - - [18/Oct/2022:08:59:23 +0800] "GET /xingrg/all/function/internal_message.html?_=1666054613823&CODE_STATE=getMsg HTTP/1.1" 200 27
58.221.95.50 - - [18/Oct/2022:08:59:25 +0800] "GET /xingrg/check_reg.html?_=1666054780955 HTTP/1.1" 302 -
58.221.95.50 - - [18/Oct/2022:08:59:25 +0800] "GET /xingrg/login.html HTTP/1.1" 200 7641
116.238.139.35 - - [18/Oct/2022:08:59:26 +0800] "GET /xingrg/kc/buy/cgsh_order_add.html HTTP/1.1" 200 69105
116.238.139.35 - - [18/Oct/2022:08:59:26 +0800] "POST /xingrg/kc/buy/cgsh_order_operate.html HTTP/1.1" 200 8245
116.238.139.35 - - [18/Oct/2022:08:59:26 +0800] "GET /xingrg/javascript/easyui/themes/default/validatebox.css HTTP/1.1" 404 1104
116.230.105.139 - - [18/Oct/2022:08:59:30 +0800] "GET /xingrg/all/function/internal_message.html?_=1666054737838&CODE_STATE=getMsg HTTP/1.1" 200 27
116.230.105.139 - - [18/Oct/2022:08:59:30 +0800] "GET /xingrg/check_reg.html?_=1666054737843 HTTP/1.1" 200 22
222.69.192.207 - - [18/Oct/2022:08:59:41 +0800] "GET /xingrg/kc/buy/cgsh_order_operate.html?command=get_materiel&rest_code=00105&code=00101008197&supplier_code=00100203&order_time=2022-10-18 HTTP/1.1" 200 416
116.238.139.35 - - [18/Oct/2022:08:59:45 +0800] "GET /xingrg/all/function/internal_message.html?_=1666054727145&CODE_STATE=getMsg HTTP/1.1" 200 27
120.253.135.82 - - [18/Oct/2022:08:59:59 +0800] "GET /xingrg/all/function/internal_message.html?_=1666054592986&CODE_STATE=getMsg HTTP/1.1" 200 27
221.239.141.151 - - [18/Oct/2022:09:00:03 +0800] "GET /xingrg/all/function/internal_message.html?_=1666054802323&CODE_STATE=getMsg HTTP/1.1" 200 27
116.238.139.35 - - [18/Oct/2022:09:00:17 +0800] "GET /xingrg/all/function/internal_message.html?_=1666054814789&CODE_STATE=getMsg HTTP/1.1" 200 27
116.238.139.35 - - [18/Oct/2022:09:00:22 +0800] "GET /xingrg/kc/buy/cgsh_order_operate.html?command=get_materiel&rest_code=00150&code=00101012039&supplier_code=00100096&order_time=2022-10-18 HTTP/1.1" 200 408
222.69.192.207 - - [18/Oct/2022:09:00:23 +0800] "GET /xingrg/all/function/internal_message.html?_=1666054673824&CODE_STATE=getMsg HTTP/1.1" 200 27
116.230.105.139 - - [18/Oct/2022:09:00:30 +0800] "GET /xingrg/all/function/internal_message.html?_=1666054797833&CODE_STATE=getMsg HTTP/1.1" 200 27
116.238.139.35 - - [18/Oct/2022:09:00:35 +0800] "GET /xingrg/kc/buy/cgsh_order_operate.html?command=get_materiel&rest_code=00150&code=00101016025&supplier_code=00100096&order_time=2022-10-18 HTTP/1.1" 200 408
116.238.139.35 - - [18/Oct/2022:09:00:45 +0800] "GET /xingrg/all/function/internal_message.html?_=1666054787157&CODE_STATE=getMsg HTTP/1.1" 200 27
222.69.192.207 - - [18/Oct/2022:09:00:48 +0800] "GET /xingrg/kc/buy/cgsh_order_operate.html?command=get_materiel&rest_code=00105&code=00101008353&supplier_code=00100203&order_time=2022-10-18 HTTP/1.1" 200 408
116.238.139.35 - - [18/Oct/2022:09:00:51 +0800] "GET /xingrg/kc/buy/cgsh_order_operate.html?command=get_materiel&rest_code=00150&code=00101007081&supplier_code=00100096&order_time=2022-10-18 HTTP/1.1" 200 415
116.237.73.226 - - [18/Oct/2022:09:00:53 +0800] "POST /xingrg/services/DataTransmitService HTTP/1.1" 200 524
120.253.135.82 - - [18/Oct/2022:09:01:00 +0800] "GET /xingrg/all/function/internal_message.html?_=1666054653231&CODE_STATE=getMsg HTTP/1.1" 200 27
221.239.141.151 - - [18/Oct/2022:09:01:03 +0800] "GET /xingrg/all/function/internal_message.html?_=1666054862307&CODE_STATE=getMsg HTTP/1.1" 200 27
116.238.139.35 - - [18/Oct/2022:09:01:06 +0800] "GET /xingrg/kc/buy/cgsh_order_operate.html?command=get_materiel&rest_code=00150&code=00101007134&supplier_code=00100096&order_time=2022-10-18 HTTP/1.1" 200 415
180.169.147.146 - - [18/Oct/2022:09:01:08 +0800] "GET /xingrg/check_reg.html?_=1666054865807 HTTP/1.1" 200 22
116.238.139.35 - - [18/Oct/2022:09:01:17 +0800] "GET /xingrg/all/function/internal_message.html?_=1666054874782&CODE_STATE=getMsg HTTP/1.1" 200 27
116.238.139.35 - - [18/Oct/2022:09:01:19 +0800] "POST /xingrg/kc/buy/cgsh_order_operate.html HTTP/1.1" 200 37
116.238.139.35 - - [18/Oct/2022:09:01:21 +0800] "POST /xingrg/kc/buy/cgsh_order_operate.html HTTP/1.1" 200 4428
222.69.192.207 - - [18/Oct/2022:09:01:23 +0800] "GET /xingrg/all/function/internal_message.html?_=1666054733821&CODE_STATE=getMsg HTTP/1.1" 200 27
222.69.192.207 - - [18/Oct/2022:09:01:23 +0800] "GET /xingrg/check_reg.html?_=1666054733825 HTTP/1.1" 200 22
222.69.192.207 - - [18/Oct/2022:09:01:28 +0800] "GET /xingrg/kc/buy/cgsh_order_operate.html?command=get_materiel&rest_code=00105&code=00101008350&supplier_code=00100203&order_time=2022-10-18 HTTP/1.1" 200 408
116.238.139.35 - - [18/Oct/2022:09:01:28 +0800] "GET /xingrg/javascript/jquery_easy_ui/themes/icons/ok.png HTTP/1.1" 304 -
116.238.139.35 - - [18/Oct/2022:09:01:28 +0800] "GET /xingrg/javascript/jquery_easy_ui/themes/default/images/button_a_bg.gif HTTP/1.1" 304 -
116.238.139.35 - - [18/Oct/2022:09:01:28 +0800] "GET /xingrg/javascript/jquery_easy_ui/themes/default/images/button_span_bg.gif HTTP/1.1" 304 -
116.238.139.35 - - [18/Oct/2022:09:01:28 +0800] "GET /xingrg/javascript/jquery_easy_ui/themes/default/images/panel_tools.gif HTTP/1.1" 304 -
116.238.139.35 - - [18/Oct/2022:09:01:28 +0800] "GET /xingrg/javascript/jquery_easy_ui/themes/default/images/panel_title.png HTTP/1.1" 304 -
116.230.105.139 - - [18/Oct/2022:09:01:30 +0800] "GET /xingrg/all/function/internal_message.html?_=1666054857838&CODE_STATE=getMsg HTTP/1.1" 200 27
116.238.139.35 - - [18/Oct/2022:09:01:30 +0800] "POST /xingrg/all/user/operate.html HTTP/1.1" 200 36
116.238.139.35 - - [18/Oct/2022:09:01:30 +0800] "GET /xingrg/javascript/jquery_easy_ui/themes/default/easyui.css HTTP/1.1" 304 -
116.238.139.35 - - [18/Oct/2022:09:01:30 +0800] "GET /xingrg/javascript/jquery_easy_ui/themes/icon.css HTTP/1.1" 304 -
116.238.139.35 - - [18/Oct/2022:09:01:30 +0800] "GET /xingrg/index.html?sysBaseUrl=http%3A%2F%2F180.169.147.146%3A18081%2Fxingrg%2F&costTime=43×tamp=1666054601913 HTTP/1.1" 200 17177
116.238.139.35 - - [18/Oct/2022:09:01:30 +0800] "GET /xingrg/css/form.css HTTP/1.1" 304 -
116.238.139.35 - - [18/Oct/2022:09:01:30 +0800] "GET /xingrg/javascript/jquery-1.4.2.min.js HTTP/1.1" 304 -
116.238.139.35 - - [18/Oct/2022:09:01:30 +0800] "GET /xingrg/javascript/jquery_easy_ui/jquery.easyui.min.js HTTP/1.1" 304 -
116.238.139.35 - - [18/Oct/2022:09:01:30 +0800] "GET /xingrg/javascript/jquery_easy_ui/easyui-lang-zh_CN.js HTTP/1.1" 304 -
116.238.139.35 - - [18/Oct/2022:09:01:30 +0800] "GET /xingrg/javascript/jquery.form.js HTTP/1.1" 304 -
116.238.139.35 - - [18/Oct/2022:09:01:30 +0800] "GET /xingrg/javascript/jquery.utils.js HTTP/1.1" 304 -
116.238.139.35 - - [18/Oct/2022:09:01:30 +0800] "GET /xingrg/javascript/jquery.timers.js HTTP/1.1" 304 -
116.238.139.35 - - [18/Oct/2022:09:01:30 +0800] "GET /xingrg/images/blue/jxLogo.png HTTP/1.1" 304 -
116.238.139.35 - - [18/Oct/2022:09:01:30 +0800] "GET /xingrg/images/blue/navBackgound.jpg HTTP/1.1" 304 -
116.238.139.35 - - [18/Oct/2022:09:01:30 +0800] "GET /xingrg/javascript/jquery_easy_ui/themes/icons/settle_new.png HTTP/1.1" 304 -
116.238.139.35 - - [18/Oct/2022:09:01:30 +0800] "GET /xingrg/images/blue/pingpu.png HTTP/1.1" 304 -
116.238.139.35 - - [18/Oct/2022:09:01:30 +0800] "GET /xingrg/javascript/jquery_easy_ui/themes/default/images/tabs_leftarrow.png HTTP/1.1" 304 -
116.238.139.35 - - [18/Oct/2022:09:01:30 +0800] "GET /xingrg/javascript/jquery_easy_ui/themes/default/images/tabs_rightarrow.png HTTP/1.1" 304 -
116.238.139.35 - - [18/Oct/2022:09:01:30 +0800] "POST /xingrg/all/common/load_tree.html?tree=area_rest_tree_json&manage=1 HTTP/1.1" 200 476
116.238.139.35 - - [18/Oct/2022:09:01:30 +0800] "GET /xingrg/javascript/jquery_easy_ui/themes/default/images/panel_tool_collapse.gif HTTP/1.1" 304 -
116.238.139.35 - - [18/Oct/2022:09:01:30 +0800] "GET /xingrg/check_reg.html?_=1666054832736 HTTP/1.1" 200 22
116.238.139.35 - - [18/Oct/2022:09:01:30 +0800] "GET /xingrg/all/function/internal_message.html?_=1666054832735&CODE_STATE=count HTTP/1.1" 200 11
116.238.139.35 - - [18/Oct/2022:09:01:30 +0800] "GET /xingrg/javascript/jquery_easy_ui/themes/default/images/tree_arrows.gif HTTP/1.1" 304 -
116.238.139.35 - - [18/Oct/2022:09:01:30 +0800] "POST /xingrg/load_menu.html HTTP/1.1" 200 5138
114.84.81.136 - - [18/Oct/2022:09:01:33 +0800] "GET /xingrg/all/function/internal_message.html?_=1666054892552&CODE_STATE=getMsg HTTP/1.1" 302 -
116.238.139.35 - - [18/Oct/2022:09:01:36 +0800] "GET /xingrg/kc/buy/cgsh_order_list.html HTTP/1.1" 200 53316
116.238.139.35 - - [18/Oct/2022:09:01:37 +0800] "POST /xingrg/kc/buy/cgsh_list_operate.html HTTP/1.1" 200 986
116.238.139.35 - - [18/Oct/2022:09:01:39 +0800] "GET /xingrg/kc/buy/cgsh_order_list.html HTTP/1.1" 200 53316
116.238.139.35 - - [18/Oct/2022:09:01:40 +0800] "POST /xingrg/kc/buy/cgsh_list_operate.html HTTP/1.1" 200 986
116.238.139.35 - - [18/Oct/2022:09:01:41 +0800] "GET /xingrg/kc/buy/cgsh_order_add.html HTTP/1.1" 200 68703
116.238.139.35 - - [18/Oct/2022:09:01:41 +0800] "POST /xingrg/kc/buy/cgsh_order_operate.html HTTP/1.1" 200 8245
116.230.114.213 - - [18/Oct/2022:09:01:41 +0800] "GET /xingrg/check_reg.html?_=1666054903700 HTTP/1.1" 200 22
116.238.139.35 - - [18/Oct/2022:09:01:41 +0800] "GET /xingrg/all/common/auto_word.html?type=employee&rest_code=00151 HTTP/1.1" 200 293
116.238.139.35 - - [18/Oct/2022:09:01:41 +0800] "GET /xingrg/all/common/auto_word.html?type=employee&rest_code=00151 HTTP/1.1" 200 293
116.238.139.35 - - [18/Oct/2022:09:01:41 +0800] "GET /xingrg/javascript/easyui/themes/default/validatebox.css HTTP/1.1" 404 1104
116.238.139.35 - - [18/Oct/2022:09:01:43 +0800] "GET /xingrg/javascript/auto/indicator.gif HTTP/1.1" 404 1066
120.253.135.82 - - [18/Oct/2022:09:01:50 +0800] "GET /xingrg/check_reg.html?_=1666054703622 HTTP/1.1" 200 22
116.238.139.35 - - [18/Oct/2022:09:01:51 +0800] "GET /xingrg/kc/buy/cgsh_order_operate.html?command=get_materiel&rest_code=00151&code=00101016025&supplier_code=00100096&order_time=2022-10-18 HTTP/1.1" 200 408
222.69.192.207 - - [18/Oct/2022:09:01:56 +0800] "GET /xingrg/kc/buy/cgsh_order_operate.html?command=get_materiel&rest_code=00105&code=00101008221&supplier_code=00100203&order_time=2022-10-18 HTTP/1.1" 200 412
120.253.135.82 - - [18/Oct/2022:09:02:00 +0800] "GET /xingrg/all/function/internal_message.html?_=1666054713231&CODE_STATE=getMsg HTTP/1.1" 200 27
116.238.139.35 - - [18/Oct/2022:09:02:03 +0800] "GET /xingrg/kc/buy/cgsh_order_operate.html?command=get_materiel&rest_code=00151&code=00101012025&supplier_code=00100096&order_time=2022-10-18 HTTP/1.1" 200 412
221.239.141.151 - - [18/Oct/2022:09:02:03 +0800] "GET /xingrg/all/function/internal_message.html?_=1666054922302&CODE_STATE=getMsg HTTP/1.1" 200 27
222.69.192.207 - - [18/Oct/2022:09:02:11 +0800] "GET /xingrg/kc/buy/cgsh_order_operate.html?command=get_materiel&rest_code=00105&code=00101008003&supplier_code=00100203&order_time=2022-10-18 HTTP/1.1" 200 408
116.238.139.35 - - [18/Oct/2022:09:02:13 +0800] "GET /xingrg/kc/buy/cgsh_order_operate.html?command=get_materiel&rest_code=00151&code=00101006109&supplier_code=00100096&order_time=2022-10-18 HTTP/1.1" 200 411
114.84.81.136 - - [18/Oct/2022:09:02:14 +0800] "GET /xingrg/check_reg.html?_=1666054933589 HTTP/1.1" 302 -
116.238.139.35 - - [18/Oct/2022:09:02:17 +0800] "GET /xingrg/all/function/internal_message.html?_=1666054934800&CODE_STATE=getMsg HTTP/1.1" 200 27
116.238.139.35 - - [18/Oct/2022:09:02:23 +0800] "GET /xingrg/kc/buy/cgsh_order_operate.html?command=get_materiel&rest_code=00151&code=00101006112&supplier_code=00100096&order_time=2022-10-18 HTTP/1.1" 200 411
222.69.192.207 - - [18/Oct/2022:09:02:23 +0800] "GET /xingrg/all/function/internal_message.html?_=1666054793825&CODE_STATE=getMsg HTTP/1.1" 200 27
222.69.192.207 - - [18/Oct/2022:09:02:27 +0800] "GET /xingrg/kc/buy/cgsh_order_operate.html?command=get_materiel&rest_code=00105&code=00101008141&supplier_code=00100203&order_time=2022-10-18 HTTP/1.1" 200 412
116.230.105.139 - - [18/Oct/2022:09:02:30 +0800] "GET /xingrg/all/function/internal_message.html?_=1666054917835&CODE_STATE=getMsg HTTP/1.1" 200 27
116.238.139.35 - - [18/Oct/2022:09:02:30 +0800] "GET /xingrg/all/function/internal_message.html?_=1666054892739&CODE_STATE=getMsg HTTP/1.1" 200 27
116.238.139.35 - - [18/Oct/2022:09:02:33 +0800] "GET /xingrg/kc/buy/cgsh_order_operate.html?command=get_materiel&rest_code=00151&code=00101007125&supplier_code=00100096&order_time=2022-10-18 HTTP/1.1" 200 408
222.69.192.207 - - [18/Oct/2022:09:02:48 +0800] "GET /xingrg/kc/buy/cgsh_order_operate.html?command=get_materiel&rest_code=00105&code=00101008357&supplier_code=00100203&order_time=2022-10-18 HTTP/1.1" 200 408
120.253.135.82 - - [18/Oct/2022:09:03:00 +0800] "GET /xingrg/all/function/internal_message.html?_=1666054773244&CODE_STATE=getMsg HTTP/1.1" 200 27
221.239.141.151 - - [18/Oct/2022:09:03:03 +0800] "GET /xingrg/all/function/internal_message.html?_=1666054982293&CODE_STATE=getMsg HTTP/1.1" 200 27
116.238.139.35 - - [18/Oct/2022:09:03:11 +0800] "POST /xingrg/kc/buy/cgsh_order_operate.html HTTP/1.1" 200 37
222.69.192.207 - - [18/Oct/2022:09:03:16 +0800] "GET /xingrg/kc/buy/cgsh_order_operate.html?command=get_materiel&rest_code=00105&code=00101008352&supplier_code=00100203&order_time=2022-10-18 HTTP/1.1" 200 412
116.238.139.35 - - [18/Oct/2022:09:03:17 +0800] "GET /xingrg/check_reg.html?_=1666054994806 HTTP/1.1" 200 22
116.238.139.35 - - [18/Oct/2022:09:03:17 +0800] "GET /xingrg/all/function/internal_message.html?_=1666054994810&CODE_STATE=getMsg HTTP/1.1" 200 27
116.238.139.35 - - [18/Oct/2022:09:03:20 +0800] "POST /xingrg/kc/buy/cgsh_order_operate.html HTTP/1.1" 200 12
222.69.192.207 - - [18/Oct/2022:09:03:23 +0800] "GET /xingrg/all/function/internal_message.html?_=1666054853836&CODE_STATE=getMsg HTTP/1.1" 200 27
116.238.139.35 - - [18/Oct/2022:09:03:24 +0800] "GET /xingrg/kc/buy/cgsh_order_info.html?code=212022101805440 HTTP/1.1" 200 63600
116.238.139.35 - - [18/Oct/2022:09:03:25 +0800] "GET /xingrg/javascript/easyui/themes/default/validatebox.css HTTP/1.1" 404 1104
116.238.139.35 - - [18/Oct/2022:09:03:25 +0800] "POST /xingrg/kc/buy/cgsh_order_operate.html HTTP/1.1" 200 2998
116.238.139.35 - - [18/Oct/2022:09:03:26 +0800] "GET /xingrg/kc/print/load_data.html?order_code=212022101805440&kc_code=cgsh&condition= HTTP/1.1" 200 1631
116.230.105.139 - - [18/Oct/2022:09:03:30 +0800] "GET /xingrg/all/function/internal_message.html?_=1666054977822&CODE_STATE=getMsg HTTP/1.1" 200 27
116.238.139.35 - - [18/Oct/2022:09:03:30 +0800] "GET /xingrg/all/function/internal_message.html?_=1666054952752&CODE_STATE=getMsg HTTP/1.1" 200 27
222.69.192.207 - - [18/Oct/2022:09:03:33 +0800] "GET /xingrg/kc/buy/cgsh_order_operate.html?command=get_materiel&rest_code=00105&code=00101010136&supplier_code=00100203&order_time=2022-10-18 HTTP/1.1" 200 408
61.147.15.67 - - [18/Oct/2022:09:03:41 +0800] "GET / HTTP/1.1" 404 -
114.84.81.136 - - [18/Oct/2022:09:03:45 +0800] "GET /xingrg/all/function/internal_message.html?_=1666055024812&CODE_STATE=getMsg HTTP/1.1" 302 -
221.239.141.151 - - [18/Oct/2022:09:03:59 +0800] "GET /xingrg/check_reg.html?_=1666055037959 HTTP/1.1" 200 22
120.253.135.82 - - [18/Oct/2022:09:04:00 +0800] "GET /xingrg/all/function/internal_message.html?_=1666054833517&CODE_STATE=getMsg HTTP/1.1" 200 27
221.239.141.151 - - [18/Oct/2022:09:04:03 +0800] "GET /xingrg/all/function/internal_message.html?_=1666055042288&CODE_STATE=getMsg HTTP/1.1" 200 27
61.147.15.67 - - [18/Oct/2022:09:04:17 +0800] "-" 400 -
116.238.139.35 - - [18/Oct/2022:09:04:17 +0800] "GET /xingrg/all/function/internal_message.html?_=1666055054816&CODE_STATE=getMsg HTTP/1.1" 200 27
58.221.95.50 - - [18/Oct/2022:09:04:21 +0800] "GET /xingrg/check_reg.html?_=1666055081045 HTTP/1.1" 302 -
222.69.192.207 - - [18/Oct/2022:09:04:23 +0800] "GET /xingrg/all/function/internal_message.html?_=1666054913824&CODE_STATE=getMsg HTTP/1.1" 200 27
116.230.105.139 - - [18/Oct/2022:09:04:30 +0800] "GET /xingrg/all/function/internal_message.html?_=1666055037831&CODE_STATE=getMsg HTTP/1.1" 200 27
116.230.105.139 - - [18/Oct/2022:09:04:30 +0800] "GET /xingrg/check_reg.html?_=1666055037832 HTTP/1.1" 200 22
116.238.139.35 - - [18/Oct/2022:09:04:30 +0800] "GET /xingrg/all/function/internal_message.html?_=1666055012793&CODE_STATE=getMsg HTTP/1.1" 200 27
61.147.15.65 - - [18/Oct/2022:09:04:39 +0800] "GET / HTTP/1.1" 404 -
61.147.15.65 - - [18/Oct/2022:09:04:48 +0800] "GET /favicon.ico HTTP/1.1" 404 -
61.147.15.65 - - [18/Oct/2022:09:04:53 +0800] "-" 400 -
61.147.15.67 - - [18/Oct/2022:09:04:57 +0800] "-" 400 -
120.253.135.82 - - [18/Oct/2022:09:05:00 +0800] "GET /xingrg/all/function/internal_message.html?_=1666054893521&CODE_STATE=getMsg HTTP/1.1" 200 27
221.239.141.151 - - [18/Oct/2022:09:05:03 +0800] "GET /xingrg/all/function/internal_message.html?_=1666055102278&CODE_STATE=getMsg HTTP/1.1" 200 27
116.238.139.35 - - [18/Oct/2022:09:05:17 +0800] "GET /xingrg/all/function/internal_message.html?_=1666055114807&CODE_STATE=getMsg HTTP/1.1" 200 27
222.69.192.207 - - [18/Oct/2022:09:05:23 +0800] "GET /xingrg/all/function/internal_message.html?_=1666054973824&CODE_STATE=getMsg HTTP/1.1" 200 27
116.230.105.139 - - [18/Oct/2022:09:05:30 +0800] "GET /xingrg/all/function/internal_message.html?_=1666055097846&CODE_STATE=getMsg HTTP/1.1" 200 27
116.238.139.35 - - [18/Oct/2022:09:05:30 +0800] "GET /xingrg/all/function/internal_message.html?_=1666055072795&CODE_STATE=getMsg HTTP/1.1" 200 27
61.147.15.67 - - [18/Oct/2022:09:05:38 +0800] "GET / HTTP/1.1" 404 -
114.84.81.136 - - [18/Oct/2022:09:05:57 +0800] "GET /xingrg/all/function/internal_message.html?_=1666055157072&CODE_STATE=getMsg HTTP/1.1" 302 -
61.147.15.65 - - [18/Oct/2022:09:06:00 +0800] "-" 400 -
120.253.135.82 - - [18/Oct/2022:09:06:00 +0800] "GET /xingrg/all/function/internal_message.html?_=1666054953756&CODE_STATE=getMsg HTTP/1.1" 200 27
221.239.141.151 - - [18/Oct/2022:09:06:03 +0800] "GET /xingrg/all/function/internal_message.html?_=1666055162268&CODE_STATE=getMsg HTTP/1.1" 200 27
180.169.147.146 - - [18/Oct/2022:09:06:08 +0800] "GET /xingrg/check_reg.html?_=1666055165784 HTTP/1.1" 200 22
222.69.192.207 - - [18/Oct/2022:09:06:15 +0800] "POST /xingrg/kc/buy/cgsh_order_operate.html HTTP/1.1" 200 37
116.238.139.35 - - [18/Oct/2022:09:06:17 +0800] "GET /xingrg/all/function/internal_message.html?_=1666055174808&CODE_STATE=getMsg HTTP/1.1" 200 27
222.69.192.207 - - [18/Oct/2022:09:06:17 +0800] "POST /xingrg/kc/buy/cgsh_order_operate.html HTTP/1.1" 200 9183
222.69.192.207 - - [18/Oct/2022:09:06:20 +0800] "GET /xingrg/kc/print/load_data.html?order_code=212022101805441&kc_code=cgsh&condition= HTTP/1.1" 200 3123
222.69.192.207 - - [18/Oct/2022:09:06:23 +0800] "GET /xingrg/all/function/internal_message.html?_=1666055033868&CODE_STATE=getMsg HTTP/1.1" 200 27
222.69.192.207 - - [18/Oct/2022:09:06:23 +0800] "GET /xingrg/check_reg.html?_=1666055033871 HTTP/1.1" 200 22
116.230.105.139 - - [18/Oct/2022:09:06:30 +0800] "GET /xingrg/all/function/internal_message.html?_=1666055157843&CODE_STATE=getMsg HTTP/1.1" 200 27
116.238.139.35 - - [18/Oct/2022:09:06:30 +0800] "GET /xingrg/check_reg.html?_=1666055132753 HTTP/1.1" 200 22
116.238.139.35 - - [18/Oct/2022:09:06:30 +0800] "GET /xingrg/all/function/internal_message.html?_=1666055132809&CODE_STATE=getMsg HTTP/1.1" 200 27
116.230.114.213 - - [18/Oct/2022:09:06:41 +0800] "GET /xingrg/check_reg.html?_=1666055203715 HTTP/1.1" 200 22
120.253.135.82 - - [18/Oct/2022:09:06:50 +0800] "GET /xingrg/check_reg.html?_=1666055003629 HTTP/1.1" 200 22
120.253.135.82 - - [18/Oct/2022:09:07:00 +0800] "GET /xingrg/all/function/internal_message.html?_=1666055013769&CODE_STATE=getMsg HTTP/1.1" 200 27
221.239.141.151 - - [18/Oct/2022:09:07:03 +0800] "GET /xingrg/all/function/internal_message.html?_=1666055222253&CODE_STATE=getMsg HTTP/1.1" 200 27
116.238.139.35 - - [18/Oct/2022:09:07:17 +0800] "GET /xingrg/all/function/internal_message.html?_=1666055234839&CODE_STATE=getMsg HTTP/1.1" 200 27
222.69.192.207 - - [18/Oct/2022:09:07:23 +0800] "GET /xingrg/all/function/internal_message.html?_=1666055093845&CODE_STATE=getMsg HTTP/1.1" 200 27
116.230.105.139 - - [18/Oct/2022:09:07:30 +0800] "GET /xingrg/all/function/internal_message.html?_=1666055217841&CODE_STATE=getMsg HTTP/1.1" 200 27
116.238.139.35 - - [18/Oct/2022:09:07:30 +0800] "GET /xingrg/all/function/internal_message.html?_=1666055192822&CODE_STATE=getMsg HTTP/1.1" 200 27
120.253.135.82 - - [18/Oct/2022:09:08:00 +0800] "GET /xingrg/all/function/internal_message.html?_=1666055073784&CODE_STATE=getMsg HTTP/1.1" 200 27
221.239.141.151 - - [18/Oct/2022:09:08:03 +0800] "GET /xingrg/all/function/internal_message.html?_=1666055282251&CODE_STATE=getMsg HTTP/1.1" 200 27
114.84.81.136 - - [18/Oct/2022:09:08:10 +0800] "GET /xingrg/all/function/internal_message.html?_=1666055289331&CODE_STATE=getMsg HTTP/1.1" 302 -
116.238.139.35 - - [18/Oct/2022:09:08:18 +0800] "GET /xingrg/check_reg.html?_=1666055294846 HTTP/1.1" 200 22
116.238.139.35 - - [18/Oct/2022:09:08:18 +0800] "GET /xingrg/all/function/internal_message.html?_=1666055294850&CODE_STATE=getMsg HTTP/1.1" 200 27
222.69.192.207 - - [18/Oct/2022:09:08:23 +0800] "GET /xingrg/all/function/internal_message.html?_=1666055153856&CODE_STATE=getMsg HTTP/1.1" 200 27
116.230.105.139 - - [18/Oct/2022:09:08:30 +0800] "GET /xingrg/all/function/internal_message.html?_=1666055277835&CODE_STATE=getMsg HTTP/1.1" 200 27
116.238.139.35 - - [18/Oct/2022:09:08:30 +0800] "GET /xingrg/all/function/internal_message.html?_=1666055252836&CODE_STATE=getMsg HTTP/1.1" 200 27
221.239.141.151 - - [18/Oct/2022:09:08:59 +0800] "GET /xingrg/check_reg.html?_=1666055337949 HTTP/1.1" 200 22
120.253.135.82 - - [18/Oct/2022:09:09:00 +0800] "GET /xingrg/all/function/internal_message.html?_=1666055133944&CODE_STATE=getMsg HTTP/1.1" 200 27
221.239.141.151 - - [18/Oct/2022:09:09:03 +0800] "GET /xingrg/all/function/internal_message.html?_=1666055342239&CODE_STATE=getMsg HTTP/1.1" 200 27
116.230.114.213 - - [18/Oct/2022:09:09:07 +0800] "GET /xingrg/kc/buy/cgsh_order_add.html HTTP/1.1" 200 69093
116.230.114.213 - - [18/Oct/2022:09:09:07 +0800] "POST /xingrg/kc/buy/cgsh_order_operate.html HTTP/1.1" 200 8245
116.230.114.213 - - [18/Oct/2022:09:09:08 +0800] "GET /xingrg/javascript/easyui/themes/default/validatebox.css HTTP/1.1" 404 1104
116.238.139.35 - - [18/Oct/2022:09:09:18 +0800] "GET /xingrg/all/function/internal_message.html?_=1666055354851&CODE_STATE=getMsg HTTP/1.1" 200 27
58.221.95.50 - - [18/Oct/2022:09:09:21 +0800] "GET /xingrg/check_reg.html?_=1666055381207 HTTP/1.1" 302 -
222.69.192.207 - - [18/Oct/2022:09:09:23 +0800] "GET /xingrg/all/function/internal_message.html?_=1666055213846&CODE_STATE=getMsg HTTP/1.1" 200 27
116.230.105.139 - - [18/Oct/2022:09:09:30 +0800] "GET /xingrg/check_reg.html?_=1666055337825 HTTP/1.1" 200 22
116.230.105.139 - - [18/Oct/2022:09:09:30 +0800] "GET /xingrg/all/function/internal_message.html?_=1666055337826&CODE_STATE=getMsg HTTP/1.1" 200 27
116.238.139.35 - - [18/Oct/2022:09:09:30 +0800] "GET /xingrg/all/function/internal_message.html?_=1666055312873&CODE_STATE=getMsg HTTP/1.1" 200 27
120.253.135.82 - - [18/Oct/2022:09:09:39 +0800] "POST /xingrg/kc/pszx/mdps_list_operate.html HTTP/1.1" 302 -
120.253.135.82 - - [18/Oct/2022:09:09:39 +0800] "GET /xingrg/kc/pszx/ps_main.html HTTP/1.1" 302 -
120.253.135.82 - - [18/Oct/2022:09:09:39 +0800] "GET /xingrg/login.html HTTP/1.1" 200 7641
120.253.135.82 - - [18/Oct/2022:09:09:39 +0800] "GET /xingrg/check_reg.html?_=1666055488953 HTTP/1.1" 302 -
120.253.135.82 - - [18/Oct/2022:09:09:39 +0800] "GET /xingrg/login.html HTTP/1.1" 200 7641
120.253.135.82 - - [18/Oct/2022:09:09:39 +0800] "GET /xingrg/login.html HTTP/1.1" 200 7641
120.253.135.82 - - [18/Oct/2022:09:09:39 +0800] "GET /xingrg/login.html HTTP/1.1" 200 7641
120.253.135.82 - - [18/Oct/2022:09:09:39 +0800] "GET /xingrg/images/blue/login_bg.png HTTP/1.1" 304 -
120.253.135.82 - - [18/Oct/2022:09:09:39 +0800] "GET /xingrg/images/blue/hj.png HTTP/1.1" 304 -
120.253.135.82 - - [18/Oct/2022:09:09:39 +0800] "GET /xingrg/images/blue/srbg.png HTTP/1.1" 304 -
120.253.135.82 - - [18/Oct/2022:09:09:40 +0800] "GET /xingrg/images/blue/jxLogo.png HTTP/1.1" 304 -
120.253.135.82 - - [18/Oct/2022:09:09:40 +0800] "GET /favicon.ico HTTP/1.1" 404 -
120.253.135.82 - - [18/Oct/2022:09:09:42 +0800] "POST /xingrg/login.do HTTP/1.1" 302 -
120.253.135.82 - - [18/Oct/2022:09:09:42 +0800] "GET /xingrg/javascript/jquery_easy_ui/themes/icon.css HTTP/1.1" 304 -
120.253.135.82 - - [18/Oct/2022:09:09:42 +0800] "GET /xingrg/javascript/jquery_easy_ui/themes/default/easyui.css HTTP/1.1" 304 -
120.253.135.82 - - [18/Oct/2022:09:09:42 +0800] "GET /xingrg/css/form.css HTTP/1.1" 304 -
120.253.135.82 - - [18/Oct/2022:09:09:42 +0800] "GET /favicon.ico HTTP/1.1" 404 -
120.253.135.82 - - [18/Oct/2022:09:09:42 +0800] "GET /xingrg/javascript/jquery_easy_ui/jquery.easyui.min.js HTTP/1.1" 304 -
120.253.135.82 - - [18/Oct/2022:09:09:42 +0800] "GET /xingrg/javascript/jquery_easy_ui/easyui-lang-zh_CN.js HTTP/1.1" 304 -
120.253.135.82 - - [18/Oct/2022:09:09:42 +0800] "GET /xingrg/javascript/jquery-1.4.2.min.js HTTP/1.1" 304 -
120.253.135.82 - - [18/Oct/2022:09:09:42 +0800] "GET /xingrg/javascript/jquery.form.js HTTP/1.1" 304 -
120.253.135.82 - - [18/Oct/2022:09:09:42 +0800] "GET /xingrg/javascript/jquery.timers.js HTTP/1.1" 304 -
120.253.135.82 - - [18/Oct/2022:09:09:42 +0800] "GET /xingrg/javascript/jquery.utils.js HTTP/1.1" 304 -
120.253.135.82 - - [18/Oct/2022:09:09:42 +0800] "GET /xingrg/index.html?sysBaseUrl=http%3A%2F%2F180.169.147.146%3A18081%2Fxingrg%2F&costTime=43×tamp=1666055382655 HTTP/1.1" 200 17173
120.253.135.82 - - [18/Oct/2022:09:09:43 +0800] "GET /xingrg/images/blue/navBackgound.jpg HTTP/1.1" 304 -
120.253.135.82 - - [18/Oct/2022:09:09:43 +0800] "GET /xingrg/javascript/jquery_easy_ui/themes/icons/settle_new.png HTTP/1.1" 304 -
120.253.135.82 - - [18/Oct/2022:09:09:43 +0800] "GET /xingrg/images/blue/pingpu.png HTTP/1.1" 304 -
120.253.135.82 - - [18/Oct/2022:09:09:43 +0800] "POST /xingrg/all/common/load_tree.html?tree=area_rest_tree_json&manage=1 HTTP/1.1" 200 344
120.253.135.82 - - [18/Oct/2022:09:09:43 +0800] "GET /xingrg/javascript/jquery_easy_ui/themes/default/images/tabs_leftarrow.png HTTP/1.1" 304 -
120.253.135.82 - - [18/Oct/2022:09:09:43 +0800] "GET /xingrg/javascript/jquery_easy_ui/themes/default/images/tabs_rightarrow.png HTTP/1.1" 304 -
120.253.135.82 - - [18/Oct/2022:09:09:43 +0800] "GET /xingrg/javascript/jquery_easy_ui/themes/default/images/panel_tool_collapse.gif HTTP/1.1" 304 -
120.253.135.82 - - [18/Oct/2022:09:09:43 +0800] "GET /xingrg/all/function/internal_message.html?_=1666055492328&CODE_STATE=count HTTP/1.1" 200 11
120.253.135.82 - - [18/Oct/2022:09:09:43 +0800] "POST /xingrg/load_menu.html HTTP/1.1" 200 6743
120.253.135.82 - - [18/Oct/2022:09:09:43 +0800] "GET /xingrg/check_reg.html?_=1666055492329 HTTP/1.1" 200 22
120.253.135.82 - - [18/Oct/2022:09:09:43 +0800] "GET /xingrg/javascript/jquery_easy_ui/themes/default/images/tree_arrows.gif HTTP/1.1" 304 -
120.253.135.82 - - [18/Oct/2022:09:09:43 +0800] "GET /xingrg/javascript/jquery_easy_ui/themes/icons/search_new.png HTTP/1.1" 304 -
120.253.135.82 - - [18/Oct/2022:09:09:43 +0800] "GET /xingrg/javascript/jquery_easy_ui/themes/default/images/tree_folder_open.gif HTTP/1.1" 304 -
120.253.135.82 - - [18/Oct/2022:09:09:43 +0800] "GET /xingrg/javascript/jquery_easy_ui/themes/icons/delivery_new.png HTTP/1.1" 304 -
120.253.135.82 - - [18/Oct/2022:09:09:43 +0800] "GET /xingrg/javascript/jquery_easy_ui/themes/icons/storage_new.png HTTP/1.1" 304 -
120.253.135.82 - - [18/Oct/2022:09:09:43 +0800] "GET /xingrg/javascript/jquery_easy_ui/themes/default/images/tree_file.gif HTTP/1.1" 304 -
120.253.135.82 - - [18/Oct/2022:09:09:43 +0800] "GET /xingrg/javascript/jquery_easy_ui/themes/icons/forms_new.png HTTP/1.1" 304 -
120.253.135.82 - - [18/Oct/2022:09:09:43 +0800] "GET /xingrg/javascript/jquery_easy_ui/themes/default/images/tree_folder.gif HTTP/1.1" 304 -
120.253.135.82 - - [18/Oct/2022:09:09:45 +0800] "GET /xingrg/javascript/jquery_easy_ui/themes/default/images/tabs_close.gif HTTP/1.1" 304 -
120.253.135.82 - - [18/Oct/2022:09:09:45 +0800] "GET /xingrg/kc/pszx/mdqp_order_list.html?state=10 HTTP/1.1" 200 10219
120.253.135.82 - - [18/Oct/2022:09:09:46 +0800] "GET /xingrg/css/blue.css HTTP/1.1" 304 -
120.253.135.82 - - [18/Oct/2022:09:09:46 +0800] "GET /xingrg/javascript/pic_change.js HTTP/1.1" 304 -
120.253.135.82 - - [18/Oct/2022:09:09:46 +0800] "GET /xingrg/dwr/interface/AjaxReportQueryService.js HTTP/1.1" 200 13203
120.253.135.82 - - [18/Oct/2022:09:09:46 +0800] "GET /xingrg/dwr/util.js HTTP/1.1" 304 -
120.253.135.82 - - [18/Oct/2022:09:09:46 +0800] "GET /xingrg/dwr/interface/AjaxQqpsService.js HTTP/1.1" 200 16326
120.253.135.82 - - [18/Oct/2022:09:09:46 +0800] "GET /xingrg/javascript/Calendar.js HTTP/1.1" 304 -
120.253.135.82 - - [18/Oct/2022:09:09:46 +0800] "GET /xingrg/javascript/myfunction.js HTTP/1.1" 304 -
120.253.135.82 - - [18/Oct/2022:09:09:46 +0800] "GET /xingrg/dwr/engine.js HTTP/1.1" 200 43631
120.253.135.82 - - [18/Oct/2022:09:09:46 +0800] "GET /xingrg/javascript/jquery_easy_ui/themes/icons/check_new.png HTTP/1.1" 304 -
120.253.135.82 - - [18/Oct/2022:09:09:46 +0800] "GET /xingrg/javascript/jquery_easy_ui/themes/icons/uncheck_new.png HTTP/1.1" 304 -
120.253.135.82 - - [18/Oct/2022:09:09:46 +0800] "GET /xingrg/javascript/jquery_easy_ui/themes/icons/back_new.png HTTP/1.1" 304 -
120.253.135.82 - - [18/Oct/2022:09:09:48 +0800] "GET /xingrg/css/base.css HTTP/1.1" 304 -
120.253.135.82 - - [18/Oct/2022:09:09:48 +0800] "GET /xingrg/css/site.css HTTP/1.1" 304 -
120.253.135.82 - - [18/Oct/2022:09:09:48 +0800] "GET /xingrg/javascript/jquery_tools/datebox.css HTTP/1.1" 304 -
120.253.135.82 - - [18/Oct/2022:09:09:48 +0800] "GET /xingrg/javascript/easyui/themes/default/easyui.css HTTP/1.1" 304 -
120.253.135.82 - - [18/Oct/2022:09:09:48 +0800] "GET /xingrg/javascript/easyui/themes/icon.css HTTP/1.1" 304 -
120.253.135.82 - - [18/Oct/2022:09:09:48 +0800] "GET /xingrg/kc/pszx/mdps_order_list.html?orderType=0 HTTP/1.1" 200 21048
120.253.135.82 - - [18/Oct/2022:09:09:48 +0800] "GET /xingrg/javascript/auto/jquery.autocomplete.css HTTP/1.1" 304 -
120.253.135.82 - - [18/Oct/2022:09:09:48 +0800] "GET /xingrg/javascript/jquery_tools/fix.css HTTP/1.1" 304 -
120.253.135.82 - - [18/Oct/2022:09:09:48 +0800] "GET /xingrg/javascript/jquery_tools/table.css HTTP/1.1" 304 -
120.253.135.82 - - [18/Oct/2022:09:09:48 +0800] "GET /xingrg/javascript/jquery_tools/jquery.tools.hotkey.js HTTP/1.1" 304 -
120.253.135.82 - - [18/Oct/2022:09:09:48 +0800] "GET /xingrg/javascript/jquery_tools/list_manager.js HTTP/1.1" 304 -
120.253.135.82 - - [18/Oct/2022:09:09:48 +0800] "GET /xingrg/javascript/jquery_tools/jquery.tools.extend.js HTTP/1.1" 304 -
120.253.135.82 - - [18/Oct/2022:09:09:48 +0800] "GET /xingrg/javascript/easyui/easyloader.js HTTP/1.1" 304 -
120.253.135.82 - - [18/Oct/2022:09:09:48 +0800] "GET /xingrg/javascript/jquery.cookie.js HTTP/1.1" 304 -
120.253.135.82 - - [18/Oct/2022:09:09:48 +0800] "GET /xingrg/javascript/auto/jquery.autocomplete.js HTTP/1.1" 304 -
120.253.135.82 - - [18/Oct/2022:09:09:48 +0800] "GET /xingrg/javascript/jquery_tools/jquery.tools.table.js HTTP/1.1" 304 -
120.253.135.82 - - [18/Oct/2022:09:09:48 +0800] "GET /xingrg/javascript/jquery_tools/jquery.tools.min.js HTTP/1.1" 304 -
120.253.135.82 - - [18/Oct/2022:09:09:48 +0800] "GET /xingrg/javascript/print/LodopFuncs.js HTTP/1.1" 304 -
120.253.135.82 - - [18/Oct/2022:09:09:49 +0800] "GET /xingrg/javascript/easyui/themes/icons/edit_add_new.png HTTP/1.1" 304 -
120.253.135.82 - - [18/Oct/2022:09:09:49 +0800] "GET /xingrg/javascript/easyui/themes/icons/cance_new.png HTTP/1.1" 304 -
120.253.135.82 - - [18/Oct/2022:09:09:49 +0800] "GET /xingrg/javascript/easyui/themes/icons/check_new.png HTTP/1.1" 304 -
120.253.135.82 - - [18/Oct/2022:09:09:49 +0800] "GET /xingrg/javascript/easyui/themes/icons/uncheck_new.png HTTP/1.1" 304 -
120.253.135.82 - - [18/Oct/2022:09:09:49 +0800] "GET /xingrg/javascript/easyui/themes/icons/field_new.png HTTP/1.1" 304 -
120.253.135.82 - - [18/Oct/2022:09:09:49 +0800] "GET /xingrg/javascript/easyui/themes/icons/import_new.png HTTP/1.1" 304 -
120.253.135.82 - - [18/Oct/2022:09:09:49 +0800] "GET /xingrg/javascript/easyui/plugins/jquery.parser.js HTTP/1.1" 304 -
120.253.135.82 - - [18/Oct/2022:09:09:49 +0800] "GET /xingrg/images/control/ajaxLoader.gif HTTP/1.1" 304 -
120.253.135.82 - - [18/Oct/2022:09:09:49 +0800] "POST /xingrg/kc/pszx/mdps_list_operate.html HTTP/1.1" 200 5277
120.253.135.82 - - [18/Oct/2022:09:10:00 +0800] "GET /xingrg/all/function/internal_message.html?_=1666055193950&CODE_STATE=getMsg HTTP/1.1" 200 27
221.239.141.151 - - [18/Oct/2022:09:10:03 +0800] "GET /xingrg/all/function/internal_message.html?_=1666055402218&CODE_STATE=getMsg HTTP/1.1" 200 27
116.238.139.35 - - [18/Oct/2022:09:10:18 +0800] "GET /xingrg/all/function/internal_message.html?_=1666055414858&CODE_STATE=getMsg HTTP/1.1" 200 27
114.84.81.136 - - [18/Oct/2022:09:10:22 +0800] "GET /xingrg/all/function/internal_message.html?_=1666055421591&CODE_STATE=getMsg HTTP/1.1" 302 -
222.69.192.207 - - [18/Oct/2022:09:10:23 +0800] "GET /xingrg/all/function/internal_message.html?_=1666055273856&CODE_STATE=getMsg HTTP/1.1" 200 27
116.230.105.139 - - [18/Oct/2022:09:10:30 +0800] "GET /xingrg/all/function/internal_message.html?_=1666055397830&CODE_STATE=getMsg HTTP/1.1" 200 27
116.238.139.35 - - [18/Oct/2022:09:10:30 +0800] "GET /xingrg/all/function/internal_message.html?_=1666055372878&CODE_STATE=getMsg HTTP/1.1" 200 27
120.253.135.82 - - [18/Oct/2022:09:10:43 +0800] "GET /xingrg/all/function/internal_message.html?_=1666055552335&CODE_STATE=getMsg HTTP/1.1" 200 27
114.84.81.136 - - [18/Oct/2022:09:10:44 +0800] "POST /xingrg/services/DataTransmitService HTTP/1.1" 200 524
116.230.114.213 - - [18/Oct/2022:09:10:50 +0800] "GET /xingrg/kc/buy/cgsh_order_operate.html?command=get_materiel&rest_code=00146&code=00101002007&supplier_code=00100199&order_time=2022-10-18 HTTP/1.1" 200 411
120.253.135.82 - - [18/Oct/2022:09:11:01 +0800] "GET /xingrg/all/function/internal_message.html?_=1666055254068&CODE_STATE=getMsg HTTP/1.1" 200 27
221.239.141.151 - - [18/Oct/2022:09:11:03 +0800] "GET /xingrg/all/function/internal_message.html?_=1666055462209&CODE_STATE=getMsg HTTP/1.1" 200 27
180.169.147.146 - - [18/Oct/2022:09:11:08 +0800] "GET /xingrg/check_reg.html?_=1666055465774 HTTP/1.1" 200 22
116.238.139.35 - - [18/Oct/2022:09:11:18 +0800] "GET /xingrg/all/function/internal_message.html?_=1666055474865&CODE_STATE=getMsg HTTP/1.1" 200 27
222.69.192.207 - - [18/Oct/2022:09:11:23 +0800] "GET /xingrg/all/function/internal_message.html?_=1666055333846&CODE_STATE=getMsg HTTP/1.1" 200 27
222.69.192.207 - - [18/Oct/2022:09:11:23 +0800] "GET /xingrg/check_reg.html?_=1666055333849 HTTP/1.1" 200 22
116.230.105.139 - - [18/Oct/2022:09:11:30 +0800] "GET /xingrg/all/function/internal_message.html?_=1666055457847&CODE_STATE=getMsg HTTP/1.1" 200 27
116.238.139.35 - - [18/Oct/2022:09:11:30 +0800] "GET /xingrg/check_reg.html?_=1666055432776 HTTP/1.1" 200 22
116.238.139.35 - - [18/Oct/2022:09:11:30 +0800] "GET /xingrg/all/function/internal_message.html?_=1666055432892&CODE_STATE=getMsg HTTP/1.1" 200 27
116.230.114.213 - - [18/Oct/2022:09:11:41 +0800] "GET /xingrg/check_reg.html?_=1666055503711 HTTP/1.1" 200 22
120.253.135.82 - - [18/Oct/2022:09:11:43 +0800] "GET /xingrg/all/function/internal_message.html?_=1666055612350&CODE_STATE=getMsg HTTP/1.1" 200 27
114.84.81.136 - - [18/Oct/2022:09:11:53 +0800] "GET /xingrg/login.html HTTP/1.1" 200 7641
114.84.81.136 - - [18/Oct/2022:09:11:54 +0800] "GET /favicon.ico HTTP/1.1" 404 -
114.84.81.136 - - [18/Oct/2022:09:11:59 +0800] "POST /xingrg/login.do HTTP/1.1" 302 -
114.84.81.136 - - [18/Oct/2022:09:11:59 +0800] "GET /xingrg/index.html?sysBaseUrl=http%3A%2F%2F180.169.147.146%3A18081%2Fxingrg%2F&costTime=43×tamp=1666055519225 HTTP/1.1" 200 17179
114.84.81.136 - - [18/Oct/2022:09:11:59 +0800] "POST /xingrg/all/common/load_tree.html?tree=area_rest_tree_json&manage=1 HTTP/1.1" 200 473
114.84.81.136 - - [18/Oct/2022:09:11:59 +0800] "GET /xingrg/all/function/internal_message.html?_=1666055517008&CODE_STATE=count HTTP/1.1" 200 11
114.84.81.136 - - [18/Oct/2022:09:11:59 +0800] "GET /xingrg/check_reg.html?_=1666055517010 HTTP/1.1" 200 22
114.84.81.136 - - [18/Oct/2022:09:11:59 +0800] "POST /xingrg/load_menu.html HTTP/1.1" 200 5138
114.84.81.136 - - [18/Oct/2022:09:12:00 +0800] "GET /favicon.ico HTTP/1.1" 404 -
221.239.141.151 - - [18/Oct/2022:09:12:03 +0800] "GET /xingrg/all/function/internal_message.html?_=1666055522202&CODE_STATE=getMsg HTTP/1.1" 200 27
114.84.81.136 - - [18/Oct/2022:09:12:04 +0800] "GET /xingrg/kc/mdqp/qp_main.html HTTP/1.1" 200 10633
114.84.81.136 - - [18/Oct/2022:09:12:04 +0800] "GET /xingrg/images/yd/bt.gif HTTP/1.1" 404 1040
114.84.81.136 - - [18/Oct/2022:09:12:04 +0800] "GET /xingrg/kc/mdqp/qqps_order_list.html HTTP/1.1" 200 9222
114.84.81.136 - - [18/Oct/2022:09:12:04 +0800] "GET /xingrg/dwr/interface/AjaxQqpsService.js HTTP/1.1" 200 16326
114.84.81.136 - - [18/Oct/2022:09:12:04 +0800] "GET /xingrg/dwr/util.js HTTP/1.1" 304 -
114.84.81.136 - - [18/Oct/2022:09:12:04 +0800] "GET /xingrg/dwr/interface/AjaxReportQueryService.js HTTP/1.1" 200 13203
114.84.81.136 - - [18/Oct/2022:09:12:04 +0800] "GET /xingrg/dwr/engine.js HTTP/1.1" 200 43631
221.239.141.151 - - [18/Oct/2022:09:12:09 +0800] "POST /xingrg/services/DataTransmitService HTTP/1.1" 200 524
58.35.213.73 - - [18/Oct/2022:09:12:13 +0800] "POST /xingrg/services/DataTransmitService HTTP/1.1" 200 524
116.238.139.35 - - [18/Oct/2022:09:12:18 +0800] "GET /xingrg/all/function/internal_message.html?_=1666055534868&CODE_STATE=getMsg HTTP/1.1" 200 27
116.230.105.139 - - [18/Oct/2022:09:12:18 +0800] "GET /favicon.ico HTTP/1.1" 404 -
222.69.192.207 - - [18/Oct/2022:09:12:23 +0800] "GET /xingrg/all/function/internal_message.html?_=1666055393836&CODE_STATE=getMsg HTTP/1.1" 200 27
116.230.105.139 - - [18/Oct/2022:09:12:30 +0800] "GET /xingrg/all/function/internal_message.html?_=1666055517835&CODE_STATE=getMsg HTTP/1.1" 200 27
116.238.139.35 - - [18/Oct/2022:09:12:31 +0800] "GET /xingrg/all/function/internal_message.html?_=1666055492906&CODE_STATE=getMsg HTTP/1.1" 200 27
222.70.183.206 - - [18/Oct/2022:09:12:32 +0800] "GET /xingrg/login.html HTTP/1.1" 200 7641
222.70.183.206 - - [18/Oct/2022:09:12:32 +0800] "GET /favicon.ico HTTP/1.1" 404 -
114.84.81.136 - - [18/Oct/2022:09:12:34 +0800] "GET /xingrg/all/function/internal_message.html?_=1666055553850&CODE_STATE=getMsg HTTP/1.1" 302 -
222.70.183.206 - - [18/Oct/2022:09:12:41 +0800] "POST /xingrg/login.do HTTP/1.1" 302 -
222.70.183.206 - - [18/Oct/2022:09:12:41 +0800] "GET /xingrg/index.html?sysBaseUrl=http%3A%2F%2F180.169.147.146%3A18081%2Fxingrg%2F&costTime=41×tamp=1666055561221 HTTP/1.1" 200 17173
222.70.183.206 - - [18/Oct/2022:09:12:41 +0800] "GET /favicon.ico HTTP/1.1" 404 -
222.70.183.206 - - [18/Oct/2022:09:12:41 +0800] "POST /xingrg/all/common/load_tree.html?tree=area_rest_tree_json&manage=1 HTTP/1.1" 200 342
222.70.183.206 - - [18/Oct/2022:09:12:41 +0800] "GET /xingrg/all/function/internal_message.html?_=1666055558355&CODE_STATE=count HTTP/1.1" 200 11
222.70.183.206 - - [18/Oct/2022:09:12:41 +0800] "GET /xingrg/check_reg.html?_=1666055558356 HTTP/1.1" 200 22
222.70.183.206 - - [18/Oct/2022:09:12:41 +0800] "POST /xingrg/load_menu.html HTTP/1.1" 200 5138
120.253.135.82 - - [18/Oct/2022:09:12:43 +0800] "GET /xingrg/all/function/internal_message.html?_=1666055672362&CODE_STATE=getMsg HTTP/1.1" 200 27
222.70.183.206 - - [18/Oct/2022:09:12:43 +0800] "GET /xingrg/kc/buy/buy_main.html HTTP/1.1" 200 12412
222.70.183.206 - - [18/Oct/2022:09:12:43 +0800] "GET /xingrg/css/new_ie.css HTTP/1.1" 404 1036
222.70.183.206 - - [18/Oct/2022:09:12:44 +0800] "GET /xingrg/images/yd/bt.gif HTTP/1.1" 404 1040
222.70.183.206 - - [18/Oct/2022:09:12:45 +0800] "GET /xingrg/kc/buy/cgsh_order_list.html HTTP/1.1" 200 53312
222.70.183.206 - - [18/Oct/2022:09:12:48 +0800] "POST /xingrg/kc/buy/cgsh_list_operate.html HTTP/1.1" 200 5853
114.84.81.136 - - [18/Oct/2022:09:12:59 +0800] "GET /xingrg/all/function/internal_message.html?_=1666055577019&CODE_STATE=getMsg HTTP/1.1" 200 27
221.239.141.151 - - [18/Oct/2022:09:13:03 +0800] "GET /xingrg/all/function/internal_message.html?_=1666055582193&CODE_STATE=getMsg HTTP/1.1" 200 27
114.84.81.136 - - [18/Oct/2022:09:13:15 +0800] "GET /xingrg/check_reg.html?_=1666055595094 HTTP/1.1" 302 -
116.238.139.35 - - [18/Oct/2022:09:13:18 +0800] "GET /xingrg/all/function/internal_message.html?_=1666055594859&CODE_STATE=getMsg HTTP/1.1" 200 27
116.238.139.35 - - [18/Oct/2022:09:13:18 +0800] "GET /xingrg/check_reg.html?_=1666055594864 HTTP/1.1" 200 22
222.70.183.206 - - [18/Oct/2022:09:13:19 +0800] "POST /xingrg/kc/buy/cgsh_list_operate.html HTTP/1.1" 200 4
222.70.183.206 - - [18/Oct/2022:09:13:23 +0800] "POST /xingrg/kc/buy/cgsh_list_operate.html HTTP/1.1" 200 4004
222.69.192.207 - - [18/Oct/2022:09:13:23 +0800] "GET /xingrg/all/function/internal_message.html?_=1666055453846&CODE_STATE=getMsg HTTP/1.1" 200 27
116.230.105.139 - - [18/Oct/2022:09:13:30 +0800] "GET /xingrg/all/function/internal_message.html?_=1666055577847&CODE_STATE=getMsg HTTP/1.1" 200 27
116.238.139.35 - - [18/Oct/2022:09:13:31 +0800] "GET /xingrg/all/function/internal_message.html?_=1666055552919&CODE_STATE=getMsg HTTP/1.1" 200 27
222.70.183.206 - - [18/Oct/2022:09:13:41 +0800] "GET /xingrg/all/function/internal_message.html?_=1666055618357&CODE_STATE=getMsg HTTP/1.1" 200 27
120.253.135.82 - - [18/Oct/2022:09:13:43 +0800] "GET /xingrg/all/function/internal_message.html?_=1666055732376&CODE_STATE=getMsg HTTP/1.1" 200 27
222.70.183.206 - - [18/Oct/2022:09:13:44 +0800] "POST /xingrg/kc/buy/cgsh_list_operate.html HTTP/1.1" 200 4
221.239.141.151 - - [18/Oct/2022:09:13:59 +0800] "GET /xingrg/check_reg.html?_=1666055637957 HTTP/1.1" 200 22
114.84.81.136 - - [18/Oct/2022:09:13:59 +0800] "GET /xingrg/all/function/internal_message.html?_=1666055637015&CODE_STATE=getMsg HTTP/1.1" 200 27
221.239.141.151 - - [18/Oct/2022:09:14:03 +0800] "GET /xingrg/all/function/internal_message.html?_=1666055642185&CODE_STATE=getMsg HTTP/1.1" 200 27
116.238.139.35 - - [18/Oct/2022:09:14:18 +0800] "GET /xingrg/all/function/internal_message.html?_=1666055654872&CODE_STATE=getMsg HTTP/1.1" 200 27
58.221.95.50 - - [18/Oct/2022:09:14:21 +0800] "GET /xingrg/check_reg.html?_=1666055681372 HTTP/1.1" 302 -
222.69.192.207 - - [18/Oct/2022:09:14:23 +0800] "GET /xingrg/all/function/internal_message.html?_=1666055513856&CODE_STATE=getMsg HTTP/1.1" 200 27
116.230.105.139 - - [18/Oct/2022:09:14:30 +0800] "GET /xingrg/check_reg.html?_=1666055637844 HTTP/1.1" 200 22
116.230.105.139 - - [18/Oct/2022:09:14:30 +0800] "GET /xingrg/all/function/internal_message.html?_=1666055637846&CODE_STATE=getMsg HTTP/1.1" 200 27
116.238.139.35 - - [18/Oct/2022:09:14:31 +0800] "GET /xingrg/all/function/internal_message.html?_=1666055612957&CODE_STATE=getMsg HTTP/1.1" 200 27
120.253.135.82 - - [18/Oct/2022:09:14:43 +0800] "GET /xingrg/check_reg.html?_=1666055792336 HTTP/1.1" 200 22
120.253.135.82 - - [18/Oct/2022:09:14:43 +0800] "GET /xingrg/all/function/internal_message.html?_=1666055792390&CODE_STATE=getMsg HTTP/1.1" 200 27
114.84.81.136 - - [18/Oct/2022:09:14:46 +0800] "GET /xingrg/all/function/internal_message.html?_=1666055686109&CODE_STATE=getMsg HTTP/1.1" 302 -
222.70.183.206 - - [18/Oct/2022:09:14:48 +0800] "GET /xingrg/all/function/internal_message.html?_=1666055685174&CODE_STATE=getMsg HTTP/1.1" 200 27
222.70.183.206 - - [18/Oct/2022:09:14:49 +0800] "POST /xingrg/kc/buy/cgsh_list_operate.html HTTP/1.1" 200 986
222.70.183.206 - - [18/Oct/2022:09:14:52 +0800] "GET /xingrg/kc/base/wldb_order_list.html HTTP/1.1" 200 19180
222.70.183.206 - - [18/Oct/2022:09:14:52 +0800] "POST /xingrg/kc/base/wldb_list_operate.html HTTP/1.1" 200 4130
114.84.81.136 - - [18/Oct/2022:09:14:59 +0800] "GET /xingrg/all/function/internal_message.html?_=1666055697015&CODE_STATE=getMsg HTTP/1.1" 200 27
221.239.141.151 - - [18/Oct/2022:09:15:03 +0800] "GET /xingrg/all/function/internal_message.html?_=1666055702173&CODE_STATE=getMsg HTTP/1.1" 200 27
222.70.183.206 - - [18/Oct/2022:09:15:13 +0800] "POST /xingrg/kc/base/wldb_list_operate.html HTTP/1.1" 200 4
222.70.183.206 - - [18/Oct/2022:09:15:15 +0800] "POST /xingrg/kc/base/wldb_list_operate.html HTTP/1.1" 200 928
116.238.139.35 - - [18/Oct/2022:09:15:18 +0800] "GET /xingrg/all/function/internal_message.html?_=1666055714879&CODE_STATE=getMsg HTTP/1.1" 200 27
222.69.192.207 - - [18/Oct/2022:09:15:23 +0800] "GET /xingrg/all/function/internal_message.html?_=1666055573846&CODE_STATE=getMsg HTTP/1.1" 200 27
116.230.105.139 - - [18/Oct/2022:09:15:30 +0800] "GET /xingrg/all/function/internal_message.html?_=1666055697834&CODE_STATE=getMsg HTTP/1.1" 200 27
116.238.139.35 - - [18/Oct/2022:09:15:31 +0800] "GET /xingrg/all/function/internal_message.html?_=1666055672962&CODE_STATE=getMsg HTTP/1.1" 200 27
114.84.81.136 - - [18/Oct/2022:09:15:59 +0800] "GET /xingrg/all/function/internal_message.html?_=1666055757027&CODE_STATE=getMsg HTTP/1.1" 200 27
221.239.141.151 - - [18/Oct/2022:09:16:03 +0800] "GET /xingrg/all/function/internal_message.html?_=1666055762147&CODE_STATE=getMsg HTTP/1.1" 200 27
180.169.147.146 - - [18/Oct/2022:09:16:08 +0800] "GET /xingrg/check_reg.html?_=1666055765758 HTTP/1.1" 200 22
116.238.139.35 - - [18/Oct/2022:09:16:18 +0800] "GET /xingrg/all/function/internal_message.html?_=1666055774875&CODE_STATE=getMsg HTTP/1.1" 200 27
222.69.192.207 - - [18/Oct/2022:09:16:23 +0800] "GET /xingrg/all/function/internal_message.html?_=1666055633855&CODE_STATE=getMsg HTTP/1.1" 200 27
222.69.192.207 - - [18/Oct/2022:09:16:23 +0800] "GET /xingrg/check_reg.html?_=1666055633858 HTTP/1.1" 200 22
116.230.105.139 - - [18/Oct/2022:09:16:30 +0800] "GET /xingrg/all/function/internal_message.html?_=1666055757850&CODE_STATE=getMsg HTTP/1.1" 200 27
116.238.139.35 - - [18/Oct/2022:09:16:30 +0800] "GET /xingrg/check_reg.html?_=1666055732800 HTTP/1.1" 200 22
116.238.139.35 - - [18/Oct/2022:09:16:31 +0800] "GET /xingrg/all/function/internal_message.html?_=1666055732975&CODE_STATE=getMsg HTTP/1.1" 200 27
116.230.114.213 - - [18/Oct/2022:09:16:41 +0800] "GET /xingrg/check_reg.html?_=1666055803718 HTTP/1.1" 200 22
116.230.114.213 - - [18/Oct/2022:09:16:57 +0800] "GET /xingrg/kc/buy/cgsh_order_operate.html?command=get_materiel&rest_code=00146&code=00101004020&supplier_code=00100199&order_time=2022-10-18 HTTP/1.1" 200 409
114.84.81.136 - - [18/Oct/2022:09:16:59 +0800] "GET /xingrg/all/function/internal_message.html?_=1666055818369&CODE_STATE=getMsg HTTP/1.1" 302 -
114.84.81.136 - - [18/Oct/2022:09:16:59 +0800] "GET /xingrg/check_reg.html?_=1666055817026 HTTP/1.1" 200 22
114.84.81.136 - - [18/Oct/2022:09:16:59 +0800] "GET /xingrg/all/function/internal_message.html?_=1666055817029&CODE_STATE=getMsg HTTP/1.1" 200 27
221.239.141.151 - - [18/Oct/2022:09:17:03 +0800] "GET /xingrg/all/function/internal_message.html?_=1666055822142&CODE_STATE=getMsg HTTP/1.1" 200 27
116.238.139.35 - - [18/Oct/2022:09:17:18 +0800] "GET /xingrg/all/function/internal_message.html?_=1666055834891&CODE_STATE=getMsg HTTP/1.1" 200 27
116.230.114.213 - - [18/Oct/2022:09:17:21 +0800] "GET /xingrg/kc/buy/cgsh_order_operate.html?command=get_materiel&rest_code=00146&code=00101004030&supplier_code=00100199&order_time=2022-10-18 HTTP/1.1" 200 409
222.69.192.207 - - [18/Oct/2022:09:17:23 +0800] "GET /xingrg/all/function/internal_message.html?_=1666055693845&CODE_STATE=getMsg HTTP/1.1" 200 27
116.230.105.139 - - [18/Oct/2022:09:17:30 +0800] "GET /xingrg/all/function/internal_message.html?_=1666055817841&CODE_STATE=getMsg HTTP/1.1" 200 27
116.238.139.35 - - [18/Oct/2022:09:17:31 +0800] "GET /xingrg/all/function/internal_message.html?_=1666055792989&CODE_STATE=getMsg HTTP/1.1" 200 27
114.84.81.136 - - [18/Oct/2022:09:17:59 +0800] "GET /xingrg/all/function/internal_message.html?_=1666055877016&CODE_STATE=getMsg HTTP/1.1" 200 27
116.230.114.213 - - [18/Oct/2022:09:18:01 +0800] "POST /xingrg/kc/buy/cgsh_order_operate.html HTTP/1.1" 200 37
221.239.141.151 - - [18/Oct/2022:09:18:03 +0800] "GET /xingrg/all/function/internal_message.html?_=1666055882125&CODE_STATE=getMsg HTTP/1.1" 200 27
116.230.114.213 - - [18/Oct/2022:09:18:03 +0800] "POST /xingrg/kc/buy/cgsh_order_operate.html HTTP/1.1" 200 4425
116.230.114.213 - - [18/Oct/2022:09:18:05 +0800] "GET /xingrg/kc/print/load_data.html?order_code=212022101805442&kc_code=cgsh&condition= HTTP/1.1" 200 1338
116.238.139.35 - - [18/Oct/2022:09:18:06 +0800] "POST /xingrg/services/DataTransmitService HTTP/1.1" 200 524
