221.239.141.151 - - [18/Oct/2022:09:31:03 +0800] "GET /xingrg/all/function/internal_message.html?_=1666056661976&CODE_STATE=getMsg HTTP/1.1" 200 27
222.70.183.206 - - [18/Oct/2022:09:31:04 +0800] "GET /xingrg/kc/buy/cgsh_order_add.html HTTP/1.1" 200 69049
222.70.183.206 - - [18/Oct/2022:09:31:04 +0800] "POST /xingrg/kc/buy/cgsh_order_operate.html HTTP/1.1" 200 8245
222.70.183.206 - - [18/Oct/2022:09:31:04 +0800] "GET /xingrg/javascript/easyui/themes/default/validatebox.css HTTP/1.1" 404 1104
180.169.147.146 - - [18/Oct/2022:09:31:08 +0800] "GET /xingrg/check_reg.html?_=1666056665709 HTTP/1.1" 200 22
116.238.139.35 - - [18/Oct/2022:09:31:10 +0800] "GET /xingrg/all/function/internal_message.html?_=1666056667634&CODE_STATE=getMsg HTTP/1.1" 200 27
222.70.183.206 - - [18/Oct/2022:09:31:16 +0800] "GET /xingrg/kc/buy/cgsh_order_operate.html?command=get_materiel&rest_code=00111&code=00101006136&supplier_code=00100012&order_time=2022-10-18 HTTP/1.1" 200 417
222.70.183.206 - - [18/Oct/2022:09:31:19 +0800] "GET /xingrg/all/function/internal_message.html?_=1666056676626&CODE_STATE=getMsg HTTP/1.1" 200 27
222.69.192.207 - - [18/Oct/2022:09:31:23 +0800] "GET /xingrg/check_reg.html?_=1666056533871 HTTP/1.1" 200 22
222.69.192.207 - - [18/Oct/2022:09:31:23 +0800] "GET /xingrg/all/function/internal_message.html?_=1666056533874&CODE_STATE=getMsg HTTP/1.1" 200 27
222.70.183.206 - - [18/Oct/2022:09:31:26 +0800] "GET /xingrg/kc/buy/cgsh_order_operate.html?command=get_materiel&rest_code=00111&code=00101006027&supplier_code=00100012&order_time=2022-10-18 HTTP/1.1" 200 409
116.238.139.35 - - [18/Oct/2022:09:31:28 +0800] "GET /xingrg/all/function/internal_message.html?_=1666056630434&CODE_STATE=getMsg HTTP/1.1" 200 27
116.237.73.226 - - [18/Oct/2022:09:31:28 +0800] "GET /xingrg/kc/buy/cgsh_order_operate.html?command=get_materiel&rest_code=00106&code=00101020082&supplier_code=00100032&order_time=2022-10-18 HTTP/1.1" 200 409
116.230.105.139 - - [18/Oct/2022:09:31:30 +0800] "GET /xingrg/all/function/internal_message.html?_=1666056657837&CODE_STATE=getMsg HTTP/1.1" 200 27
222.70.183.206 - - [18/Oct/2022:09:31:36 +0800] "GET /xingrg/kc/buy/cgsh_order_operate.html?command=get_materiel&rest_code=00111&code=00101006111&supplier_code=00100012&order_time=2022-10-18 HTTP/1.1" 200 409
116.230.114.213 - - [18/Oct/2022:09:31:42 +0800] "GET /xingrg/check_reg.html?_=1666056703953 HTTP/1.1" 200 22
222.70.183.206 - - [18/Oct/2022:09:31:45 +0800] "GET /xingrg/kc/buy/cgsh_order_operate.html?command=get_materiel&rest_code=00111&code=00101006056&supplier_code=00100012&order_time=2022-10-18 HTTP/1.1" 200 413
222.70.183.206 - - [18/Oct/2022:09:31:55 +0800] "GET /xingrg/kc/buy/cgsh_order_operate.html?command=get_materiel&rest_code=00111&code=00101006109&supplier_code=00100012&order_time=2022-10-18 HTTP/1.1" 200 409
116.237.73.226 - - [18/Oct/2022:09:31:59 +0800] "GET /xingrg/kc/buy/cgsh_order_operate.html?command=get_materiel&rest_code=00106&code=00101016025&supplier_code=00100032&order_time=2022-10-18 HTTP/1.1" 200 408
116.237.73.226 - - [18/Oct/2022:09:31:59 +0800] "GET /xingrg/all/function/internal_message.html?_=1666056717707&CODE_STATE=getMsg HTTP/1.1" 200 27
114.84.81.136 - - [18/Oct/2022:09:31:59 +0800] "GET /xingrg/all/function/internal_message.html?_=1666056717047&CODE_STATE=getMsg HTTP/1.1" 200 27
114.84.81.136 - - [18/Oct/2022:09:31:59 +0800] "GET /xingrg/check_reg.html?_=1666056717050 HTTP/1.1" 200 22
221.239.141.151 - - [18/Oct/2022:09:32:03 +0800] "GET /xingrg/all/function/internal_message.html?_=1666056721972&CODE_STATE=getMsg HTTP/1.1" 200 27
116.238.139.35 - - [18/Oct/2022:09:32:10 +0800] "GET /xingrg/check_reg.html?_=1666056727631 HTTP/1.1" 200 22
116.238.139.35 - - [18/Oct/2022:09:32:10 +0800] "GET /xingrg/all/function/internal_message.html?_=1666056727635&CODE_STATE=getMsg HTTP/1.1" 200 27
222.70.183.206 - - [18/Oct/2022:09:32:19 +0800] "GET /xingrg/all/function/internal_message.html?_=1666056736633&CODE_STATE=getMsg HTTP/1.1" 200 27
222.69.192.207 - - [18/Oct/2022:09:32:23 +0800] "GET /xingrg/all/function/internal_message.html?_=1666056593881&CODE_STATE=getMsg HTTP/1.1" 200 27
114.84.81.136 - - [18/Oct/2022:09:32:24 +0800] "GET /xingrg/all/function/internal_message.html?_=1666056744185&CODE_STATE=getMsg HTTP/1.1" 302 -
116.238.139.35 - - [18/Oct/2022:09:32:28 +0800] "GET /xingrg/all/function/internal_message.html?_=1666056690456&CODE_STATE=getMsg HTTP/1.1" 200 27
116.230.105.139 - - [18/Oct/2022:09:32:30 +0800] "GET /xingrg/all/function/internal_message.html?_=1666056717825&CODE_STATE=getMsg HTTP/1.1" 200 27
116.237.73.226 - - [18/Oct/2022:09:32:35 +0800] "GET /xingrg/kc/buy/cgsh_order_operate.html?command=get_materiel&rest_code=00106&code=00101012029&supplier_code=00100032&order_time=2022-10-18 HTTP/1.1" 200 412
116.230.114.213 - - [18/Oct/2022:09:32:52 +0800] "POST /xingrg/services/DataTransmitService HTTP/1.1" 200 524
116.230.114.213 - - [18/Oct/2022:09:32:53 +0800] "POST /xingrg/services/DataTransmitService HTTP/1.1" 200 2339
222.70.183.206 - - [18/Oct/2022:09:32:55 +0800] "GET /xingrg/kc/buy/cgsh_order_operate.html?command=get_materiel&rest_code=00111&code=00101006006&supplier_code=00100012&order_time=2022-10-18 HTTP/1.1" 200 409
116.237.73.226 - - [18/Oct/2022:09:32:59 +0800] "GET /xingrg/all/function/internal_message.html?_=1666056777718&CODE_STATE=getMsg HTTP/1.1" 200 27
114.84.81.136 - - [18/Oct/2022:09:32:59 +0800] "GET /xingrg/all/function/internal_message.html?_=1666056777049&CODE_STATE=getMsg HTTP/1.1" 200 27
116.237.73.226 - - [18/Oct/2022:09:33:02 +0800] "GET /xingrg/kc/buy/cgsh_order_operate.html?command=get_materiel&rest_code=00106&code=00101012051&supplier_code=00100032&order_time=2022-10-18 HTTP/1.1" 200 408
221.239.141.151 - - [18/Oct/2022:09:33:03 +0800] "GET /xingrg/all/function/internal_message.html?_=1666056781961&CODE_STATE=getMsg HTTP/1.1" 200 27
116.230.114.213 - - [18/Oct/2022:09:33:07 +0800] "POST /xingrg/services/DataTransmitService HTTP/1.1" 200 524
116.230.114.213 - - [18/Oct/2022:09:33:07 +0800] "POST /xingrg/services/DataTransmitService HTTP/1.1" 200 501
116.238.139.35 - - [18/Oct/2022:09:33:10 +0800] "GET /xingrg/all/function/internal_message.html?_=1666056787658&CODE_STATE=getMsg HTTP/1.1" 200 27
116.230.114.213 - - [18/Oct/2022:09:33:12 +0800] "POST /xingrg/services/DataTransmitService HTTP/1.1" 200 524
116.230.114.213 - - [18/Oct/2022:09:33:13 +0800] "POST /xingrg/services/DataTransmitService HTTP/1.1" 200 412
116.230.114.213 - - [18/Oct/2022:09:33:14 +0800] "POST /xingrg/services/DataTransmitService HTTP/1.1" 200 524
116.230.114.213 - - [18/Oct/2022:09:33:15 +0800] "POST /xingrg/services/DataTransmitService HTTP/1.1" 200 412
116.230.114.213 - - [18/Oct/2022:09:33:15 +0800] "POST /xingrg/services/DataTransmitService HTTP/1.1" 200 524
116.230.114.213 - - [18/Oct/2022:09:33:16 +0800] "POST /xingrg/services/DataTransmitService HTTP/1.1" 200 412
116.230.114.213 - - [18/Oct/2022:09:33:17 +0800] "POST /xingrg/services/DataTransmitService HTTP/1.1" 200 524
116.230.114.213 - - [18/Oct/2022:09:33:17 +0800] "POST /xingrg/services/DataTransmitService HTTP/1.1" 200 412
116.230.114.213 - - [18/Oct/2022:09:33:19 +0800] "POST /xingrg/services/DataTransmitService HTTP/1.1" 200 524
222.70.183.206 - - [18/Oct/2022:09:33:19 +0800] "GET /xingrg/check_reg.html?_=1666056796632 HTTP/1.1" 200 22
222.70.183.206 - - [18/Oct/2022:09:33:19 +0800] "GET /xingrg/all/function/internal_message.html?_=1666056796636&CODE_STATE=getMsg HTTP/1.1" 200 27
116.230.114.213 - - [18/Oct/2022:09:33:20 +0800] "POST /xingrg/services/DataTransmitService HTTP/1.1" 200 2339
222.69.192.207 - - [18/Oct/2022:09:33:23 +0800] "GET /xingrg/all/function/internal_message.html?_=1666056653871&CODE_STATE=getMsg HTTP/1.1" 200 27
116.230.114.213 - - [18/Oct/2022:09:33:26 +0800] "POST /xingrg/services/DataTransmitService HTTP/1.1" 200 524
116.230.114.213 - - [18/Oct/2022:09:33:27 +0800] "POST /xingrg/services/DataTransmitService HTTP/1.1" 200 2339
222.70.183.206 - - [18/Oct/2022:09:33:27 +0800] "POST /xingrg/kc/buy/cgsh_order_operate.html HTTP/1.1" 200 37
116.238.139.35 - - [18/Oct/2022:09:33:28 +0800] "GET /xingrg/all/function/internal_message.html?_=1666056750461&CODE_STATE=getMsg HTTP/1.1" 200 27
116.230.105.139 - - [18/Oct/2022:09:33:30 +0800] "GET /xingrg/all/function/internal_message.html?_=1666056777838&CODE_STATE=getMsg HTTP/1.1" 200 27
222.70.183.206 - - [18/Oct/2022:09:33:30 +0800] "POST /xingrg/kc/buy/cgsh_order_operate.html HTTP/1.1" 200 5020
116.237.73.226 - - [18/Oct/2022:09:33:31 +0800] "GET /xingrg/kc/buy/cgsh_order_operate.html?command=get_materiel&rest_code=00106&code=00101016053&supplier_code=00100032&order_time=2022-10-18 HTTP/1.1" 200 408
222.70.183.206 - - [18/Oct/2022:09:33:32 +0800] "GET /xingrg/kc/print/load_data.html?order_code=212022101805447&kc_code=cgsh&condition= HTTP/1.1" 200 1658
222.70.183.206 - - [18/Oct/2022:09:33:37 +0800] "GET /xingrg/kc/buy/cgsh_order_add.html HTTP/1.1" 200 69049
222.70.183.206 - - [18/Oct/2022:09:33:37 +0800] "POST /xingrg/kc/buy/cgsh_order_operate.html HTTP/1.1" 200 8245
222.70.183.206 - - [18/Oct/2022:09:33:37 +0800] "GET /xingrg/javascript/easyui/themes/default/validatebox.css HTTP/1.1" 404 1104
116.230.114.213 - - [18/Oct/2022:09:33:38 +0800] "POST /xingrg/services/DataTransmitService HTTP/1.1" 200 524
222.70.183.206 - - [18/Oct/2022:09:33:49 +0800] "GET /xingrg/kc/buy/cgsh_order_operate.html?command=get_materiel&rest_code=00111&code=00101008067&supplier_code=00100005&order_time=2022-10-18 HTTP/1.1" 200 416
116.237.73.226 - - [18/Oct/2022:09:33:51 +0800] "GET /xingrg/kc/buy/cgsh_order_operate.html?command=get_materiel&rest_code=00106&code=00101016105&supplier_code=00100032&order_time=2022-10-18 HTTP/1.1" 200 409
222.70.183.206 - - [18/Oct/2022:09:33:58 +0800] "GET /xingrg/kc/buy/cgsh_order_operate.html?command=get_materiel&rest_code=00111&code=00101008137&supplier_code=00100005&order_time=2022-10-18 HTTP/1.1" 200 408
221.239.141.151 - - [18/Oct/2022:09:33:59 +0800] "GET /xingrg/check_reg.html?_=1666056837948 HTTP/1.1" 200 22
116.237.73.226 - - [18/Oct/2022:09:33:59 +0800] "GET /xingrg/all/function/internal_message.html?_=1666056837706&CODE_STATE=getMsg HTTP/1.1" 200 27
114.84.81.136 - - [18/Oct/2022:09:33:59 +0800] "GET /xingrg/all/function/internal_message.html?_=1666056837049&CODE_STATE=getMsg HTTP/1.1" 200 27
221.239.141.151 - - [18/Oct/2022:09:34:03 +0800] "GET /xingrg/all/function/internal_message.html?_=1666056841946&CODE_STATE=getMsg HTTP/1.1" 200 27
222.70.183.206 - - [18/Oct/2022:09:34:06 +0800] "GET /xingrg/kc/buy/cgsh_order_operate.html?command=get_materiel&rest_code=00111&code=00101008003&supplier_code=00100005&order_time=2022-10-18 HTTP/1.1" 200 408
116.238.139.35 - - [18/Oct/2022:09:34:10 +0800] "GET /xingrg/all/function/internal_message.html?_=1666056847665&CODE_STATE=getMsg HTTP/1.1" 200 27
222.70.183.206 - - [18/Oct/2022:09:34:16 +0800] "GET /xingrg/kc/buy/cgsh_order_operate.html?command=get_materiel&rest_code=00111&code=00101008148&supplier_code=00100005&order_time=2022-10-18 HTTP/1.1" 200 416
116.230.114.213 - - [18/Oct/2022:09:34:18 +0800] "POST /xingrg/services/DataTransmitService HTTP/1.1" 200 501
116.230.114.213 - - [18/Oct/2022:09:34:18 +0800] "POST /xingrg/services/DataTransmitService HTTP/1.1" 200 501
116.230.114.213 - - [18/Oct/2022:09:34:19 +0800] "POST /xingrg/services/DataTransmitService HTTP/1.1" 200 501
222.70.183.206 - - [18/Oct/2022:09:34:19 +0800] "GET /xingrg/all/function/internal_message.html?_=1666056856635&CODE_STATE=getMsg HTTP/1.1" 200 27
116.230.114.213 - - [18/Oct/2022:09:34:20 +0800] "POST /xingrg/services/DataTransmitService HTTP/1.1" 200 501
116.230.114.213 - - [18/Oct/2022:09:34:20 +0800] "POST /xingrg/services/DataTransmitService HTTP/1.1" 200 501
116.230.114.213 - - [18/Oct/2022:09:34:21 +0800] "POST /xingrg/services/DataTransmitService HTTP/1.1" 200 501
116.230.114.213 - - [18/Oct/2022:09:34:21 +0800] "POST /xingrg/services/DataTransmitService HTTP/1.1" 200 501
116.230.114.213 - - [18/Oct/2022:09:34:22 +0800] "POST /xingrg/services/DataTransmitService HTTP/1.1" 200 501
116.230.114.213 - - [18/Oct/2022:09:34:22 +0800] "POST /xingrg/services/DataTransmitService HTTP/1.1" 200 501
116.230.114.213 - - [18/Oct/2022:09:34:22 +0800] "POST /xingrg/services/DataTransmitService HTTP/1.1" 200 412
222.69.192.207 - - [18/Oct/2022:09:34:23 +0800] "GET /xingrg/all/function/internal_message.html?_=1666056713872&CODE_STATE=getMsg HTTP/1.1" 200 27
222.70.183.206 - - [18/Oct/2022:09:34:24 +0800] "GET /xingrg/kc/buy/cgsh_order_operate.html?command=get_materiel&rest_code=00111&code=00101008005&supplier_code=00100005&order_time=2022-10-18 HTTP/1.1" 200 412
116.238.139.35 - - [18/Oct/2022:09:34:28 +0800] "GET /xingrg/check_reg.html?_=1666056810287 HTTP/1.1" 200 22
116.238.139.35 - - [18/Oct/2022:09:34:28 +0800] "GET /xingrg/all/function/internal_message.html?_=1666056810474&CODE_STATE=getMsg HTTP/1.1" 200 27
116.230.105.139 - - [18/Oct/2022:09:34:30 +0800] "GET /xingrg/all/function/internal_message.html?_=1666056837829&CODE_STATE=getMsg HTTP/1.1" 200 27
116.230.105.139 - - [18/Oct/2022:09:34:30 +0800] "GET /xingrg/check_reg.html?_=1666056837831 HTTP/1.1" 200 22
222.70.183.206 - - [18/Oct/2022:09:34:31 +0800] "GET /xingrg/kc/buy/cgsh_order_operate.html?command=get_materiel&rest_code=00111&code=00101008358&supplier_code=00100005&order_time=2022-10-18 HTTP/1.1" 200 412
114.84.81.136 - - [18/Oct/2022:09:34:37 +0800] "GET /xingrg/all/function/internal_message.html?_=1666056876447&CODE_STATE=getMsg HTTP/1.1" 302 -
116.237.73.226 - - [18/Oct/2022:09:34:38 +0800] "POST /xingrg/kc/buy/cgsh_order_operate.html HTTP/1.1" 200 37
116.237.73.226 - - [18/Oct/2022:09:34:41 +0800] "POST /xingrg/kc/buy/cgsh_order_operate.html HTTP/1.1" 200 5595
116.237.73.226 - - [18/Oct/2022:09:34:44 +0800] "GET /xingrg/kc/buy/cgsh_order_add.html HTTP/1.1" 200 69087
116.237.73.226 - - [18/Oct/2022:09:34:44 +0800] "POST /xingrg/kc/buy/cgsh_order_operate.html HTTP/1.1" 200 8245
116.237.73.226 - - [18/Oct/2022:09:34:44 +0800] "GET /xingrg/javascript/easyui/themes/default/validatebox.css HTTP/1.1" 404 1104
116.237.73.226 - - [18/Oct/2022:09:34:46 +0800] "GET /xingrg/javascript/easyui/themes/default/tree.css HTTP/1.1" 404 1090
116.237.73.226 - - [18/Oct/2022:09:34:46 +0800] "POST /xingrg/all/common/load_tree.html?tree=supplier_tree_json&isDelete=1 HTTP/1.1" 200 69289
116.237.73.226 - - [18/Oct/2022:09:34:59 +0800] "GET /xingrg/all/function/internal_message.html?_=1666056897780&CODE_STATE=getMsg HTTP/1.1" 200 27
114.84.81.136 - - [18/Oct/2022:09:34:59 +0800] "GET /xingrg/all/function/internal_message.html?_=1666056897048&CODE_STATE=getMsg HTTP/1.1" 200 27
221.239.141.151 - - [18/Oct/2022:09:35:03 +0800] "GET /xingrg/all/function/internal_message.html?_=1666056901923&CODE_STATE=getMsg HTTP/1.1" 200 27
116.238.139.35 - - [18/Oct/2022:09:35:10 +0800] "GET /xingrg/all/function/internal_message.html?_=1666056907666&CODE_STATE=getMsg HTTP/1.1" 200 27
116.237.73.226 - - [18/Oct/2022:09:35:18 +0800] "GET /xingrg/kc/buy/cgsh_order_operate.html?command=get_materiel&rest_code=00106&code=00101006240&supplier_code=00100015&order_time=2022-10-18 HTTP/1.1" 200 422
114.84.81.136 - - [18/Oct/2022:09:35:18 +0800] "GET /xingrg/check_reg.html?_=1666056918034 HTTP/1.1" 302 -
222.70.183.206 - - [18/Oct/2022:09:35:19 +0800] "GET /xingrg/all/function/internal_message.html?_=1666056916628&CODE_STATE=getMsg HTTP/1.1" 200 27
222.70.183.206 - - [18/Oct/2022:09:35:21 +0800] "GET /xingrg/kc/buy/cgsh_order_operate.html?command=get_materiel&rest_code=00111&code=00101008360&supplier_code=00100005&order_time=2022-10-18 HTTP/1.1" 200 413
222.69.192.207 - - [18/Oct/2022:09:35:23 +0800] "GET /xingrg/all/function/internal_message.html?_=1666056773872&CODE_STATE=getMsg HTTP/1.1" 200 27
116.238.139.35 - - [18/Oct/2022:09:35:28 +0800] "GET /xingrg/all/function/internal_message.html?_=1666056870488&CODE_STATE=getMsg HTTP/1.1" 200 27
222.70.183.206 - - [18/Oct/2022:09:35:28 +0800] "GET /xingrg/kc/buy/cgsh_order_operate.html?command=get_materiel&rest_code=00111&code=00101008286&supplier_code=00100005&order_time=2022-10-18 HTTP/1.1" 200 408
116.230.105.139 - - [18/Oct/2022:09:35:30 +0800] "GET /xingrg/all/function/internal_message.html?_=1666056897843&CODE_STATE=getMsg HTTP/1.1" 200 27
222.70.183.206 - - [18/Oct/2022:09:35:37 +0800] "GET /xingrg/kc/buy/cgsh_order_operate.html?command=get_materiel&rest_code=00111&code=00101008036&supplier_code=00100005&order_time=2022-10-18 HTTP/1.1" 200 408
116.237.73.226 - - [18/Oct/2022:09:35:47 +0800] "GET /xingrg/kc/buy/cgsh_order_operate.html?command=get_materiel&rest_code=00106&code=00101006006&supplier_code=00100015&order_time=2022-10-18 HTTP/1.1" 200 411
116.237.73.226 - - [18/Oct/2022:09:35:59 +0800] "GET /xingrg/check_reg.html?_=1666056957724 HTTP/1.1" 200 22
116.237.73.226 - - [18/Oct/2022:09:35:59 +0800] "GET /xingrg/all/function/internal_message.html?_=1666056957753&CODE_STATE=getMsg HTTP/1.1" 200 27
114.84.81.136 - - [18/Oct/2022:09:35:59 +0800] "GET /xingrg/all/function/internal_message.html?_=1666056957048&CODE_STATE=getMsg HTTP/1.1" 200 27
222.70.183.206 - - [18/Oct/2022:09:36:01 +0800] "GET /xingrg/kc/buy/cgsh_order_operate.html?command=get_materiel&rest_code=00111&code=00101019254&supplier_code=00100005&order_time=2022-10-18 HTTP/1.1" 200 447
221.239.141.151 - - [18/Oct/2022:09:36:03 +0800] "GET /xingrg/all/function/internal_message.html?_=1666056961911&CODE_STATE=getMsg HTTP/1.1" 200 27
222.70.183.206 - - [18/Oct/2022:09:36:03 +0800] "POST /xingrg/all/common/load_select.html HTTP/1.1" 200 25
222.70.183.206 - - [18/Oct/2022:09:36:08 +0800] "GET /xingrg/kc/buy/cgsh_order_operate.html?command=get_materiel_price&rest_code=00111&code=00101019254&unit_code=00100040&supplier_code=00100005&order_time=2022-10-18 HTTP/1.1" 200 27
180.169.147.146 - - [18/Oct/2022:09:36:08 +0800] "GET /xingrg/check_reg.html?_=1666056965682 HTTP/1.1" 200 22
116.238.139.35 - - [18/Oct/2022:09:36:10 +0800] "GET /xingrg/all/function/internal_message.html?_=1666056967666&CODE_STATE=getMsg HTTP/1.1" 200 27
116.237.73.226 - - [18/Oct/2022:09:36:12 +0800] "GET /xingrg/kc/buy/cgsh_order_operate.html?command=get_materiel&rest_code=00106&code=00101006109&supplier_code=00100015&order_time=2022-10-18 HTTP/1.1" 200 409
222.70.183.206 - - [18/Oct/2022:09:36:18 +0800] "GET /xingrg/kc/buy/cgsh_order_operate.html?command=get_materiel&rest_code=00111&code=00101008296&supplier_code=00100005&order_time=2022-10-18 HTTP/1.1" 200 416
222.70.183.206 - - [18/Oct/2022:09:36:19 +0800] "GET /xingrg/all/function/internal_message.html?_=1666056976690&CODE_STATE=getMsg HTTP/1.1" 200 27
222.69.192.207 - - [18/Oct/2022:09:36:23 +0800] "GET /xingrg/check_reg.html?_=1666056833907 HTTP/1.1" 200 22
222.69.192.207 - - [18/Oct/2022:09:36:23 +0800] "GET /xingrg/all/function/internal_message.html?_=1666056833909&CODE_STATE=getMsg HTTP/1.1" 200 27
116.238.139.35 - - [18/Oct/2022:09:36:28 +0800] "GET /xingrg/all/function/internal_message.html?_=1666056930502&CODE_STATE=getMsg HTTP/1.1" 200 27
116.230.105.139 - - [18/Oct/2022:09:36:30 +0800] "GET /xingrg/all/function/internal_message.html?_=1666056957832&CODE_STATE=getMsg HTTP/1.1" 200 27
222.70.183.206 - - [18/Oct/2022:09:36:31 +0800] "GET /xingrg/kc/buy/cgsh_order_operate.html?command=get_materiel&rest_code=00111&code=00101008353&supplier_code=00100005&order_time=2022-10-18 HTTP/1.1" 200 408
116.237.73.226 - - [18/Oct/2022:09:36:33 +0800] "GET /xingrg/kc/buy/cgsh_order_operate.html?command=get_materiel&rest_code=00106&code=00101006112&supplier_code=00100015&order_time=2022-10-18 HTTP/1.1" 200 411
116.230.114.213 - - [18/Oct/2022:09:36:42 +0800] "GET /xingrg/check_reg.html?_=1666057003960 HTTP/1.1" 200 22
114.84.81.136 - - [18/Oct/2022:09:36:49 +0800] "GET /xingrg/all/function/internal_message.html?_=1666057008706&CODE_STATE=getMsg HTTP/1.1" 302 -
116.237.73.226 - - [18/Oct/2022:09:36:59 +0800] "GET /xingrg/all/function/internal_message.html?_=1666057017725&CODE_STATE=getMsg HTTP/1.1" 200 27
114.84.81.136 - - [18/Oct/2022:09:36:59 +0800] "GET /xingrg/all/function/internal_message.html?_=1666057017041&CODE_STATE=getMsg HTTP/1.1" 200 27
114.84.81.136 - - [18/Oct/2022:09:36:59 +0800] "GET /xingrg/check_reg.html?_=1666057017046 HTTP/1.1" 200 22
222.70.183.206 - - [18/Oct/2022:09:37:01 +0800] "GET /xingrg/kc/buy/cgsh_order_operate.html?command=get_materiel&rest_code=00111&code=00101008323&supplier_code=00100005&order_time=2022-10-18 HTTP/1.1" 200 408
221.239.141.151 - - [18/Oct/2022:09:37:03 +0800] "GET /xingrg/all/function/internal_message.html?_=1666057021898&CODE_STATE=getMsg HTTP/1.1" 200 27
116.238.139.35 - - [18/Oct/2022:09:37:10 +0800] "GET /xingrg/check_reg.html?_=1666057027685 HTTP/1.1" 200 22
116.238.139.35 - - [18/Oct/2022:09:37:10 +0800] "GET /xingrg/all/function/internal_message.html?_=1666057027695&CODE_STATE=getMsg HTTP/1.1" 200 27
222.70.183.206 - - [18/Oct/2022:09:37:15 +0800] "GET /xingrg/kc/buy/cgsh_order_operate.html?command=get_materiel&rest_code=00111&code=00101008350&supplier_code=00100005&order_time=2022-10-18 HTTP/1.1" 200 408
222.70.183.206 - - [18/Oct/2022:09:37:19 +0800] "GET /xingrg/all/function/internal_message.html?_=1666057036664&CODE_STATE=getMsg HTTP/1.1" 200 27
116.237.73.226 - - [18/Oct/2022:09:37:21 +0800] "GET /xingrg/kc/buy/cgsh_order_operate.html?command=get_materiel&rest_code=00106&code=00101006058&supplier_code=00100015&order_time=2022-10-18 HTTP/1.1" 200 413
222.69.192.207 - - [18/Oct/2022:09:37:23 +0800] "GET /xingrg/all/function/internal_message.html?_=1666056893897&CODE_STATE=getMsg HTTP/1.1" 200 27
222.70.183.206 - - [18/Oct/2022:09:37:28 +0800] "GET /xingrg/kc/buy/cgsh_order_operate.html?command=get_materiel&rest_code=00111&code=00101008061&supplier_code=00100005&order_time=2022-10-18 HTTP/1.1" 200 422
116.238.139.35 - - [18/Oct/2022:09:37:28 +0800] "GET /xingrg/all/function/internal_message.html?_=1666056990525&CODE_STATE=getMsg HTTP/1.1" 200 27
116.230.105.139 - - [18/Oct/2022:09:37:30 +0800] "GET /xingrg/all/function/internal_message.html?_=1666057017840&CODE_STATE=getMsg HTTP/1.1" 200 27
222.70.183.206 - - [18/Oct/2022:09:37:37 +0800] "GET /xingrg/kc/buy/cgsh_order_operate.html?command=get_materiel&rest_code=00111&code=00101008223&supplier_code=00100005&order_time=2022-10-18 HTTP/1.1" 200 412
116.237.73.226 - - [18/Oct/2022:09:37:48 +0800] "POST /xingrg/kc/buy/cgsh_order_operate.html HTTP/1.1" 200 37
116.237.73.226 - - [18/Oct/2022:09:37:50 +0800] "POST /xingrg/kc/buy/cgsh_order_operate.html HTTP/1.1" 200 5037
116.237.73.226 - - [18/Oct/2022:09:37:53 +0800] "GET /xingrg/kc/buy/buy_main.html HTTP/1.1" 200 12412
116.237.73.226 - - [18/Oct/2022:09:37:53 +0800] "GET /xingrg/css/new_ie.css HTTP/1.1" 404 1036
116.237.73.226 - - [18/Oct/2022:09:37:54 +0800] "GET /xingrg/images/yd/bt.gif HTTP/1.1" 404 1040
116.237.73.226 - - [18/Oct/2022:09:37:54 +0800] "GET /xingrg/kc/buy/cgsh_order_list.html HTTP/1.1" 200 53312
116.237.73.226 - - [18/Oct/2022:09:37:57 +0800] "POST /xingrg/kc/buy/cgsh_list_operate.html HTTP/1.1" 200 2706
116.237.73.226 - - [18/Oct/2022:09:37:59 +0800] "GET /xingrg/all/function/internal_message.html?_=1666057077741&CODE_STATE=getMsg HTTP/1.1" 200 27
114.84.81.136 - - [18/Oct/2022:09:37:59 +0800] "GET /xingrg/all/function/internal_message.html?_=1666057077045&CODE_STATE=getMsg HTTP/1.1" 200 27
222.70.183.206 - - [18/Oct/2022:09:38:01 +0800] "POST /xingrg/kc/buy/cgsh_order_operate.html HTTP/1.1" 200 37
221.239.141.151 - - [18/Oct/2022:09:38:03 +0800] "GET /xingrg/all/function/internal_message.html?_=1666057081883&CODE_STATE=getMsg HTTP/1.1" 200 27
222.70.183.206 - - [18/Oct/2022:09:38:07 +0800] "POST /xingrg/kc/buy/cgsh_order_operate.html HTTP/1.1" 200 11573
222.70.183.206 - - [18/Oct/2022:09:38:10 +0800] "GET /xingrg/kc/print/load_data.html?order_code=212022101805450&kc_code=cgsh&condition= HTTP/1.1" 200 4113
116.238.139.35 - - [18/Oct/2022:09:38:10 +0800] "GET /xingrg/all/function/internal_message.html?_=1666057087694&CODE_STATE=getMsg HTTP/1.1" 200 27
222.70.183.206 - - [18/Oct/2022:09:38:19 +0800] "GET /xingrg/check_reg.html?_=1666057096643 HTTP/1.1" 200 22
222.70.183.206 - - [18/Oct/2022:09:38:19 +0800] "GET /xingrg/all/function/internal_message.html?_=1666057096646&CODE_STATE=getMsg HTTP/1.1" 200 27
222.69.192.207 - - [18/Oct/2022:09:38:23 +0800] "GET /xingrg/all/function/internal_message.html?_=1666056953897&CODE_STATE=getMsg HTTP/1.1" 200 27
116.238.139.35 - - [18/Oct/2022:09:38:28 +0800] "GET /xingrg/all/function/internal_message.html?_=1666057050529&CODE_STATE=getMsg HTTP/1.1" 200 27
116.230.105.139 - - [18/Oct/2022:09:38:30 +0800] "GET /xingrg/all/function/internal_message.html?_=1666057077838&CODE_STATE=getMsg HTTP/1.1" 200 27
221.239.141.151 - - [18/Oct/2022:09:38:59 +0800] "GET /xingrg/check_reg.html?_=1666057137952 HTTP/1.1" 200 22
116.237.73.226 - - [18/Oct/2022:09:38:59 +0800] "GET /xingrg/all/function/internal_message.html?_=1666057137742&CODE_STATE=getMsg HTTP/1.1" 200 27
114.84.81.136 - - [18/Oct/2022:09:38:59 +0800] "GET /xingrg/all/function/internal_message.html?_=1666057137040&CODE_STATE=getMsg HTTP/1.1" 200 27
114.84.81.136 - - [18/Oct/2022:09:39:01 +0800] "GET /xingrg/all/function/internal_message.html?_=1666057140965&CODE_STATE=getMsg HTTP/1.1" 302 -
221.239.141.151 - - [18/Oct/2022:09:39:03 +0800] "GET /xingrg/all/function/internal_message.html?_=1666057141870&CODE_STATE=getMsg HTTP/1.1" 200 27
116.238.139.35 - - [18/Oct/2022:09:39:10 +0800] "GET /xingrg/all/function/internal_message.html?_=1666057147700&CODE_STATE=getMsg HTTP/1.1" 200 27
222.70.183.206 - - [18/Oct/2022:09:39:19 +0800] "GET /xingrg/all/function/internal_message.html?_=1666057156642&CODE_STATE=getMsg HTTP/1.1" 200 27
222.69.192.207 - - [18/Oct/2022:09:39:23 +0800] "GET /xingrg/all/function/internal_message.html?_=1666057013897&CODE_STATE=getMsg HTTP/1.1" 200 27
116.238.139.35 - - [18/Oct/2022:09:39:28 +0800] "GET /xingrg/check_reg.html?_=1666057110295 HTTP/1.1" 200 22
116.238.139.35 - - [18/Oct/2022:09:39:28 +0800] "GET /xingrg/all/function/internal_message.html?_=1666057110542&CODE_STATE=getMsg HTTP/1.1" 200 27
116.230.105.139 - - [18/Oct/2022:09:39:30 +0800] "GET /xingrg/check_reg.html?_=1666057137833 HTTP/1.1" 200 22
116.230.105.139 - - [18/Oct/2022:09:39:30 +0800] "GET /xingrg/all/function/internal_message.html?_=1666057137836&CODE_STATE=getMsg HTTP/1.1" 200 27
58.221.95.50 - - [18/Oct/2022:09:39:59 +0800] "GET /xingrg/check_reg.html?_=1666057217864 HTTP/1.1" 302 -
116.237.73.226 - - [18/Oct/2022:09:39:59 +0800] "GET /xingrg/all/function/internal_message.html?_=1666057197743&CODE_STATE=getMsg HTTP/1.1" 200 27
114.84.81.136 - - [18/Oct/2022:09:39:59 +0800] "GET /xingrg/all/function/internal_message.html?_=1666057197060&CODE_STATE=getMsg HTTP/1.1" 200 27
221.239.141.151 - - [18/Oct/2022:09:40:03 +0800] "GET /xingrg/all/function/internal_message.html?_=1666057201871&CODE_STATE=getMsg HTTP/1.1" 200 27
116.238.139.35 - - [18/Oct/2022:09:40:10 +0800] "GET /xingrg/all/function/internal_message.html?_=1666057207700&CODE_STATE=getMsg HTTP/1.1" 200 27
222.70.183.206 - - [18/Oct/2022:09:40:19 +0800] "GET /xingrg/all/function/internal_message.html?_=1666057216644&CODE_STATE=getMsg HTTP/1.1" 200 27
222.69.192.207 - - [18/Oct/2022:09:40:23 +0800] "GET /xingrg/all/function/internal_message.html?_=1666057073897&CODE_STATE=getMsg HTTP/1.1" 200 27
116.238.139.35 - - [18/Oct/2022:09:40:28 +0800] "GET /xingrg/all/function/internal_message.html?_=1666057170556&CODE_STATE=getMsg HTTP/1.1" 200 27
116.230.105.139 - - [18/Oct/2022:09:40:30 +0800] "GET /xingrg/all/function/internal_message.html?_=1666057197826&CODE_STATE=getMsg HTTP/1.1" 200 27
114.88.159.190 - - [18/Oct/2022:09:40:55 +0800] "GET /xingrg/login.html HTTP/1.1" 200 7641
114.88.159.190 - - [18/Oct/2022:09:40:55 +0800] "GET /favicon.ico HTTP/1.1" 404 -
114.88.159.190 - - [18/Oct/2022:09:40:57 +0800] "POST /xingrg/login.do HTTP/1.1" 302 -
114.88.159.190 - - [18/Oct/2022:09:40:57 +0800] "GET /xingrg/index.html?sysBaseUrl=http%3A%2F%2F180.169.147.146%3A18081%2Fxingrg%2F&costTime=42×tamp=1666057257496 HTTP/1.1" 200 17179
114.88.159.190 - - [18/Oct/2022:09:40:57 +0800] "GET /favicon.ico HTTP/1.1" 404 -
114.88.159.190 - - [18/Oct/2022:09:40:57 +0800] "POST /xingrg/all/common/load_tree.html?tree=area_rest_tree_json&manage=1 HTTP/1.1" 200 351
114.88.159.190 - - [18/Oct/2022:09:40:57 +0800] "GET /xingrg/all/function/internal_message.html?_=1666056882418&CODE_STATE=count HTTP/1.1" 200 11
114.88.159.190 - - [18/Oct/2022:09:40:57 +0800] "GET /xingrg/check_reg.html?_=1666056882418 HTTP/1.1" 200 22
114.88.159.190 - - [18/Oct/2022:09:40:57 +0800] "POST /xingrg/load_menu.html HTTP/1.1" 200 5138
116.237.73.226 - - [18/Oct/2022:09:40:59 +0800] "GET /xingrg/check_reg.html?_=1666057257729 HTTP/1.1" 200 22
116.237.73.226 - - [18/Oct/2022:09:40:59 +0800] "GET /xingrg/all/function/internal_message.html?_=1666057257732&CODE_STATE=getMsg HTTP/1.1" 200 27
114.84.81.136 - - [18/Oct/2022:09:40:59 +0800] "GET /xingrg/all/function/internal_message.html?_=1666057257040&CODE_STATE=getMsg HTTP/1.1" 200 27
221.239.141.151 - - [18/Oct/2022:09:41:03 +0800] "GET /xingrg/all/function/internal_message.html?_=1666057261844&CODE_STATE=getMsg HTTP/1.1" 200 27
180.169.147.146 - - [18/Oct/2022:09:41:08 +0800] "GET /xingrg/check_reg.html?_=1666057265658 HTTP/1.1" 200 22
116.238.139.35 - - [18/Oct/2022:09:41:10 +0800] "GET /xingrg/all/function/internal_message.html?_=1666057267712&CODE_STATE=getMsg HTTP/1.1" 200 27
114.88.159.190 - - [18/Oct/2022:09:41:13 +0800] "GET /xingrg/kc/buy/buy_main.html HTTP/1.1" 200 12412
114.88.159.190 - - [18/Oct/2022:09:41:13 +0800] "GET /xingrg/css/new_ie.css HTTP/1.1" 404 1036
114.84.81.136 - - [18/Oct/2022:09:41:13 +0800] "GET /xingrg/all/function/internal_message.html?_=1666057273225&CODE_STATE=getMsg HTTP/1.1" 302 -
114.88.159.190 - - [18/Oct/2022:09:41:16 +0800] "GET /xingrg/images/yd/bt.gif HTTP/1.1" 404 1040
114.88.159.190 - - [18/Oct/2022:09:41:17 +0800] "GET /xingrg/kc/buy/cgsh_order_list.html HTTP/1.1" 200 53318
114.88.159.190 - - [18/Oct/2022:09:41:18 +0800] "POST /xingrg/kc/buy/cgsh_list_operate.html HTTP/1.1" 200 986
222.70.183.206 - - [18/Oct/2022:09:41:19 +0800] "GET /xingrg/all/function/internal_message.html?_=1666057276639&CODE_STATE=getMsg HTTP/1.1" 200 27
222.69.192.207 - - [18/Oct/2022:09:41:23 +0800] "GET /xingrg/all/function/internal_message.html?_=1666057133897&CODE_STATE=getMsg HTTP/1.1" 200 27
222.69.192.207 - - [18/Oct/2022:09:41:23 +0800] "GET /xingrg/check_reg.html?_=1666057133900 HTTP/1.1" 200 22
114.88.159.190 - - [18/Oct/2022:09:41:25 +0800] "GET /xingrg/kc/buy/cgsh_order_add.html HTTP/1.1" 200 69093
114.88.159.190 - - [18/Oct/2022:09:41:25 +0800] "GET /xingrg/words/20221017123810_words.js HTTP/1.1" 304 -
114.88.159.190 - - [18/Oct/2022:09:41:25 +0800] "POST /xingrg/kc/buy/cgsh_order_operate.html HTTP/1.1" 200 8245
114.88.159.190 - - [18/Oct/2022:09:41:25 +0800] "GET /xingrg/all/common/auto_word.html?type=employee&rest_code=00141 HTTP/1.1" 200 201
114.88.159.190 - - [18/Oct/2022:09:41:25 +0800] "GET /xingrg/javascript/easyui/themes/default/validatebox.css HTTP/1.1" 404 1104
114.88.159.190 - - [18/Oct/2022:09:41:25 +0800] "GET /xingrg/all/common/auto_word.html?type=employee&rest_code=00141 HTTP/1.1" 200 201
114.88.159.190 - - [18/Oct/2022:09:41:27 +0800] "GET /xingrg/javascript/auto/indicator.gif HTTP/1.1" 404 1066
116.238.139.35 - - [18/Oct/2022:09:41:28 +0800] "GET /xingrg/all/function/internal_message.html?_=1666057230570&CODE_STATE=getMsg HTTP/1.1" 200 27
116.230.105.139 - - [18/Oct/2022:09:41:30 +0800] "GET /xingrg/all/function/internal_message.html?_=1666057257837&CODE_STATE=getMsg HTTP/1.1" 200 27
114.88.159.190 - - [18/Oct/2022:09:41:36 +0800] "GET /xingrg/javascript/jquery_tools/images/prev.gif HTTP/1.1" 404 1086
114.88.159.190 - - [18/Oct/2022:09:41:36 +0800] "GET /xingrg/javascript/jquery_tools/images/next.gif HTTP/1.1" 404 1086
116.230.114.213 - - [18/Oct/2022:09:41:41 +0800] "GET /xingrg/check_reg.html?_=1666057303964 HTTP/1.1" 200 22
114.88.159.190 - - [18/Oct/2022:09:41:52 +0800] "GET /xingrg/kc/buy/cgsh_order_operate.html?command=get_materiel&rest_code=00141&code=00101001010&supplier_code=00100040&order_time=2022-10-18 HTTP/1.1" 200 409
114.88.159.190 - - [18/Oct/2022:09:41:57 +0800] "GET /xingrg/all/function/internal_message.html?_=1666056942432&CODE_STATE=getMsg HTTP/1.1" 200 27
116.237.73.226 - - [18/Oct/2022:09:41:59 +0800] "GET /xingrg/all/function/internal_message.html?_=1666057317733&CODE_STATE=getMsg HTTP/1.1" 200 27
114.84.81.136 - - [18/Oct/2022:09:41:59 +0800] "GET /xingrg/all/function/internal_message.html?_=1666057317048&CODE_STATE=getMsg HTTP/1.1" 200 27
114.84.81.136 - - [18/Oct/2022:09:41:59 +0800] "GET /xingrg/check_reg.html?_=1666057317052 HTTP/1.1" 200 22
221.239.141.151 - - [18/Oct/2022:09:42:03 +0800] "GET /xingrg/all/function/internal_message.html?_=1666057321833&CODE_STATE=getMsg HTTP/1.1" 200 27
114.88.159.190 - - [18/Oct/2022:09:42:10 +0800] "GET /xingrg/kc/buy/cgsh_order_operate.html?command=get_materiel&rest_code=00141&code=00101005037&supplier_code=00100040&order_time=2022-10-18 HTTP/1.1" 200 409
116.238.139.35 - - [18/Oct/2022:09:42:10 +0800] "GET /xingrg/check_reg.html?_=1666057327718 HTTP/1.1" 200 22
116.238.139.35 - - [18/Oct/2022:09:42:10 +0800] "GET /xingrg/all/function/internal_message.html?_=1666057327720&CODE_STATE=getMsg HTTP/1.1" 200 27
222.70.183.206 - - [18/Oct/2022:09:42:19 +0800] "GET /xingrg/all/function/internal_message.html?_=1666057336641&CODE_STATE=getMsg HTTP/1.1" 200 27
222.69.192.207 - - [18/Oct/2022:09:42:23 +0800] "GET /xingrg/all/function/internal_message.html?_=1666057193907&CODE_STATE=getMsg HTTP/1.1" 200 27
114.88.159.190 - - [18/Oct/2022:09:42:24 +0800] "POST /xingrg/kc/buy/cgsh_order_operate.html HTTP/1.1" 200 37
114.88.159.190 - - [18/Oct/2022:09:42:26 +0800] "POST /xingrg/kc/buy/cgsh_order_operate.html HTTP/1.1" 200 3242
114.88.159.190 - - [18/Oct/2022:09:42:27 +0800] "GET /xingrg/kc/print/load_config.html?kc_code=cgsh HTTP/1.1" 200 1943
114.88.159.190 - - [18/Oct/2022:09:42:27 +0800] "GET /xingrg/kc/print/load_data.html?order_code=212022101805451&kc_code=cgsh&condition= HTTP/1.1" 200 977
116.238.139.35 - - [18/Oct/2022:09:42:28 +0800] "GET /xingrg/all/function/internal_message.html?_=1666057290596&CODE_STATE=getMsg HTTP/1.1" 200 27
116.230.105.139 - - [18/Oct/2022:09:42:30 +0800] "GET /xingrg/all/function/internal_message.html?_=1666057317825&CODE_STATE=getMsg HTTP/1.1" 200 27
114.88.159.190 - - [18/Oct/2022:09:42:41 +0800] "GET /xingrg/kc/buy/cgsh_order_add.html HTTP/1.1" 200 69093
114.88.159.190 - - [18/Oct/2022:09:42:41 +0800] "GET /xingrg/javascript/easyui/themes/default/validatebox.css HTTP/1.1" 404 1104
114.88.159.190 - - [18/Oct/2022:09:42:42 +0800] "POST /xingrg/kc/buy/cgsh_order_operate.html HTTP/1.1" 200 8245
114.88.159.190 - - [18/Oct/2022:09:42:57 +0800] "GET /xingrg/all/function/internal_message.html?_=1666057002434&CODE_STATE=getMsg HTTP/1.1" 200 27
116.237.73.226 - - [18/Oct/2022:09:42:59 +0800] "GET /xingrg/all/function/internal_message.html?_=1666057377733&CODE_STATE=getMsg HTTP/1.1" 200 27
114.84.81.136 - - [18/Oct/2022:09:42:59 +0800] "GET /xingrg/all/function/internal_message.html?_=1666057377072&CODE_STATE=getMsg HTTP/1.1" 200 27
221.239.141.151 - - [18/Oct/2022:09:43:03 +0800] "GET /xingrg/all/function/internal_message.html?_=1666057381823&CODE_STATE=getMsg HTTP/1.1" 200 27
114.88.159.190 - - [18/Oct/2022:09:43:03 +0800] "GET /xingrg/kc/buy/cgsh_order_operate.html?command=get_materiel&rest_code=00141&code=00101012025&supplier_code=00100036&order_time=2022-10-18 HTTP/1.1" 200 412
116.238.139.35 - - [18/Oct/2022:09:43:10 +0800] "GET /xingrg/all/function/internal_message.html?_=1666057387720&CODE_STATE=getMsg HTTP/1.1" 200 27
222.70.183.206 - - [18/Oct/2022:09:43:19 +0800] "GET /xingrg/all/function/internal_message.html?_=1666057396640&CODE_STATE=getMsg HTTP/1.1" 200 27
222.70.183.206 - - [18/Oct/2022:09:43:19 +0800] "GET /xingrg/check_reg.html?_=1666057396645 HTTP/1.1" 200 22
114.88.159.190 - - [18/Oct/2022:09:43:20 +0800] "GET /xingrg/kc/buy/cgsh_order_operate.html?command=get_materiel&rest_code=00141&code=00101016010&supplier_code=00100036&order_time=2022-10-18 HTTP/1.1" 200 408
222.69.192.207 - - [18/Oct/2022:09:43:23 +0800] "GET /xingrg/all/function/internal_message.html?_=1666057253897&CODE_STATE=getMsg HTTP/1.1" 200 27
114.84.81.136 - - [18/Oct/2022:09:43:26 +0800] "GET /xingrg/all/function/internal_message.html?_=1666057405484&CODE_STATE=getMsg HTTP/1.1" 302 -
116.238.139.35 - - [18/Oct/2022:09:43:28 +0800] "GET /xingrg/all/function/internal_message.html?_=1666057350612&CODE_STATE=getMsg HTTP/1.1" 200 27
116.230.105.139 - - [18/Oct/2022:09:43:30 +0800] "GET /xingrg/all/function/internal_message.html?_=1666057377833&CODE_STATE=getMsg HTTP/1.1" 200 27
114.88.159.190 - - [18/Oct/2022:09:43:35 +0800] "GET /xingrg/kc/buy/cgsh_order_operate.html?command=get_materiel&rest_code=00141&code=00101016025&supplier_code=00100036&order_time=2022-10-18 HTTP/1.1" 200 408
114.88.159.190 - - [18/Oct/2022:09:43:48 +0800] "POST /xingrg/kc/buy/cgsh_order_operate.html HTTP/1.1" 200 37
114.88.159.190 - - [18/Oct/2022:09:43:50 +0800] "POST /xingrg/kc/buy/cgsh_order_operate.html HTTP/1.1" 200 3832
114.88.159.190 - - [18/Oct/2022:09:43:51 +0800] "GET /xingrg/kc/print/load_data.html?order_code=212022101805452&kc_code=cgsh&condition= HTTP/1.1" 200 1190
114.88.159.190 - - [18/Oct/2022:09:43:57 +0800] "GET /xingrg/all/function/internal_message.html?_=1666057062439&CODE_STATE=getMsg HTTP/1.1" 200 27
221.239.141.151 - - [18/Oct/2022:09:43:59 +0800] "GET /xingrg/check_reg.html?_=1666057437955 HTTP/1.1" 200 22
116.237.73.226 - - [18/Oct/2022:09:43:59 +0800] "GET /xingrg/all/function/internal_message.html?_=1666057437742&CODE_STATE=getMsg HTTP/1.1" 200 27
114.84.81.136 - - [18/Oct/2022:09:43:59 +0800] "GET /xingrg/all/function/internal_message.html?_=1666057437071&CODE_STATE=getMsg HTTP/1.1" 200 27
114.88.159.190 - - [18/Oct/2022:09:44:00 +0800] "GET /xingrg/kc/buy/cgsh_order_add.html HTTP/1.1" 200 69093
114.88.159.190 - - [18/Oct/2022:09:44:00 +0800] "POST /xingrg/kc/buy/cgsh_order_operate.html HTTP/1.1" 200 8245
114.88.159.190 - - [18/Oct/2022:09:44:00 +0800] "GET /xingrg/javascript/easyui/themes/default/validatebox.css HTTP/1.1" 404 1104
221.239.141.151 - - [18/Oct/2022:09:44:03 +0800] "GET /xingrg/all/function/internal_message.html?_=1666057441815&CODE_STATE=getMsg HTTP/1.1" 200 27
116.238.139.35 - - [18/Oct/2022:09:44:10 +0800] "GET /xingrg/all/function/internal_message.html?_=1666057447721&CODE_STATE=getMsg HTTP/1.1" 200 27
222.70.183.206 - - [18/Oct/2022:09:44:19 +0800] "GET /xingrg/all/function/internal_message.html?_=1666057456631&CODE_STATE=getMsg HTTP/1.1" 200 27
222.69.192.207 - - [18/Oct/2022:09:44:23 +0800] "GET /xingrg/all/function/internal_message.html?_=1666057313897&CODE_STATE=getMsg HTTP/1.1" 200 27
116.238.139.35 - - [18/Oct/2022:09:44:28 +0800] "GET /xingrg/check_reg.html?_=1666057410306 HTTP/1.1" 200 22
116.238.139.35 - - [18/Oct/2022:09:44:28 +0800] "GET /xingrg/all/function/internal_message.html?_=1666057410626&CODE_STATE=getMsg HTTP/1.1" 200 27
116.230.105.139 - - [18/Oct/2022:09:44:30 +0800] "GET /xingrg/all/function/internal_message.html?_=1666057437847&CODE_STATE=getMsg HTTP/1.1" 200 27
116.230.105.139 - - [18/Oct/2022:09:44:30 +0800] "GET /xingrg/check_reg.html?_=1666057437845 HTTP/1.1" 200 22
114.88.159.190 - - [18/Oct/2022:09:44:43 +0800] "GET /xingrg/kc/buy/cgsh_order_operate.html?command=get_materiel&rest_code=00141&code=00101006184&supplier_code=00100012&order_time=2022-10-18 HTTP/1.1" 200 408
114.88.159.190 - - [18/Oct/2022:09:44:57 +0800] "GET /xingrg/all/function/internal_message.html?_=1666057122440&CODE_STATE=getMsg HTTP/1.1" 200 27
58.221.95.50 - - [18/Oct/2022:09:44:59 +0800] "GET /xingrg/check_reg.html?_=1666057517866 HTTP/1.1" 302 -
116.237.73.226 - - [18/Oct/2022:09:44:59 +0800] "GET /xingrg/all/function/internal_message.html?_=1666057497746&CODE_STATE=getMsg HTTP/1.1" 200 27
114.84.81.136 - - [18/Oct/2022:09:44:59 +0800] "GET /xingrg/all/function/internal_message.html?_=1666057497072&CODE_STATE=getMsg HTTP/1.1" 200 27
221.239.141.151 - - [18/Oct/2022:09:45:03 +0800] "GET /xingrg/all/function/internal_message.html?_=1666057501811&CODE_STATE=getMsg HTTP/1.1" 200 27
114.88.159.190 - - [18/Oct/2022:09:45:05 +0800] "GET /xingrg/kc/buy/cgsh_order_operate.html?command=get_materiel&rest_code=00141&code=00101006130&supplier_code=00100012&order_time=2022-10-18 HTTP/1.1" 200 427
116.238.139.35 - - [18/Oct/2022:09:45:10 +0800] "GET /xingrg/all/function/internal_message.html?_=1666057507746&CODE_STATE=getMsg HTTP/1.1" 200 27
222.70.183.206 - - [18/Oct/2022:09:45:19 +0800] "GET /xingrg/all/function/internal_message.html?_=1666057516635&CODE_STATE=getMsg HTTP/1.1" 200 27
222.69.192.207 - - [18/Oct/2022:09:45:23 +0800] "GET /xingrg/all/function/internal_message.html?_=1666057373907&CODE_STATE=getMsg HTTP/1.1" 200 27
116.238.139.35 - - [18/Oct/2022:09:45:28 +0800] "GET /xingrg/all/function/internal_message.html?_=1666057470640&CODE_STATE=getMsg HTTP/1.1" 200 27
116.230.105.139 - - [18/Oct/2022:09:45:30 +0800] "GET /xingrg/all/function/internal_message.html?_=1666057497840&CODE_STATE=getMsg HTTP/1.1" 200 27
114.88.159.190 - - [18/Oct/2022:09:45:35 +0800] "GET /xingrg/kc/buy/cgsh_order_operate.html?command=get_materiel&rest_code=00141&code=00101006193&supplier_code=00100012&order_time=2022-10-18 HTTP/1.1" 200 409
116.237.73.226 - - [18/Oct/2022:09:45:37 +0800] "GET /xingrg/kc/base/base_main.html HTTP/1.1" 200 12142
114.84.81.136 - - [18/Oct/2022:09:45:38 +0800] "GET /xingrg/all/function/internal_message.html?_=1666057537744&CODE_STATE=getMsg HTTP/1.1" 302 -
116.237.73.226 - - [18/Oct/2022:09:45:46 +0800] "GET /xingrg/kc/base/wldb_order_list.html HTTP/1.1" 200 19180
116.237.73.226 - - [18/Oct/2022:09:45:46 +0800] "POST /xingrg/kc/base/wldb_list_operate.html HTTP/1.1" 200 928
116.237.73.226 - - [18/Oct/2022:09:45:48 +0800] "GET /xingrg/kc/buy/buy_main.html HTTP/1.1" 200 12412
116.237.73.226 - - [18/Oct/2022:09:45:48 +0800] "GET /xingrg/css/new_ie.css HTTP/1.1" 404 1036
116.237.73.226 - - [18/Oct/2022:09:45:50 +0800] "GET /xingrg/images/yd/bt.gif HTTP/1.1" 404 1040
116.237.73.226 - - [18/Oct/2022:09:45:50 +0800] "GET /xingrg/kc/buy/cgsh_order_list.html HTTP/1.1" 200 53312
116.237.73.226 - - [18/Oct/2022:09:45:52 +0800] "POST /xingrg/kc/buy/cgsh_list_operate.html HTTP/1.1" 200 2706
114.88.159.190 - - [18/Oct/2022:09:45:57 +0800] "POST /xingrg/kc/buy/cgsh_order_operate.html HTTP/1.1" 200 37
116.237.73.226 - - [18/Oct/2022:09:45:57 +0800] "GET /xingrg/kc/buy/buy_main.html HTTP/1.1" 200 12412
116.237.73.226 - - [18/Oct/2022:09:45:57 +0800] "GET /xingrg/css/new_ie.css HTTP/1.1" 404 1036
116.237.73.226 - - [18/Oct/2022:09:45:58 +0800] "GET /xingrg/images/yd/bt.gif HTTP/1.1" 404 1040
114.88.159.190 - - [18/Oct/2022:09:45:58 +0800] "POST /xingrg/kc/buy/cgsh_order_operate.html HTTP/1.1" 200 3847
116.237.73.226 - - [18/Oct/2022:09:45:59 +0800] "GET /xingrg/kc/buy/cgsh_order_list.html HTTP/1.1" 200 53312
116.237.73.226 - - [18/Oct/2022:09:45:59 +0800] "POST /xingrg/kc/buy/cgsh_list_operate.html HTTP/1.1" 200 2706
116.237.73.226 - - [18/Oct/2022:09:45:59 +0800] "GET /xingrg/check_reg.html?_=1666057557758 HTTP/1.1" 200 22
116.237.73.226 - - [18/Oct/2022:09:45:59 +0800] "GET /xingrg/all/function/internal_message.html?_=1666057557761&CODE_STATE=getMsg HTTP/1.1" 200 27
114.84.81.136 - - [18/Oct/2022:09:45:59 +0800] "GET /xingrg/all/function/internal_message.html?_=1666057557072&CODE_STATE=getMsg HTTP/1.1" 200 27
114.88.159.190 - - [18/Oct/2022:09:46:00 +0800] "GET /xingrg/kc/print/load_data.html?order_code=212022101805453&kc_code=cgsh&condition= HTTP/1.1" 200 1226
116.237.73.226 - - [18/Oct/2022:09:46:01 +0800] "POST /xingrg/kc/buy/cgsh_list_operate.html HTTP/1.1" 200 2706
221.239.141.151 - - [18/Oct/2022:09:46:03 +0800] "GET /xingrg/all/function/internal_message.html?_=1666057561809&CODE_STATE=getMsg HTTP/1.1" 200 27
116.237.73.226 - - [18/Oct/2022:09:46:03 +0800] "GET /xingrg/kc/base/base_main.html HTTP/1.1" 200 12142
180.169.147.146 - - [18/Oct/2022:09:46:08 +0800] "GET /xingrg/check_reg.html?_=1666057565633 HTTP/1.1" 200 22
116.238.139.35 - - [18/Oct/2022:09:46:10 +0800] "GET /xingrg/all/function/internal_message.html?_=1666057567747&CODE_STATE=getMsg HTTP/1.1" 200 27
114.88.159.190 - - [18/Oct/2022:09:46:14 +0800] "GET /xingrg/kc/buy/cgsh_order_add.html HTTP/1.1" 200 69093
114.88.159.190 - - [18/Oct/2022:09:46:14 +0800] "POST /xingrg/kc/buy/cgsh_order_operate.html HTTP/1.1" 200 8245
114.88.159.190 - - [18/Oct/2022:09:46:14 +0800] "GET /xingrg/javascript/easyui/themes/default/validatebox.css HTTP/1.1" 404 1104
222.70.183.206 - - [18/Oct/2022:09:46:19 +0800] "GET /xingrg/all/function/internal_message.html?_=1666057576635&CODE_STATE=getMsg HTTP/1.1" 200 27
114.84.81.136 - - [18/Oct/2022:09:46:20 +0800] "GET /xingrg/check_reg.html?_=1666057579539 HTTP/1.1" 302 -
222.69.192.207 - - [18/Oct/2022:09:46:23 +0800] "GET /xingrg/check_reg.html?_=1666057433897 HTTP/1.1" 200 22
222.69.192.207 - - [18/Oct/2022:09:46:23 +0800] "GET /xingrg/all/function/internal_message.html?_=1666057433900&CODE_STATE=getMsg HTTP/1.1" 200 27
116.238.139.35 - - [18/Oct/2022:09:46:28 +0800] "GET /xingrg/all/function/internal_message.html?_=1666057530653&CODE_STATE=getMsg HTTP/1.1" 200 27
116.230.105.139 - - [18/Oct/2022:09:46:30 +0800] "GET /xingrg/all/function/internal_message.html?_=1666057557831&CODE_STATE=getMsg HTTP/1.1" 200 27
116.230.114.213 - - [18/Oct/2022:09:46:41 +0800] "GET /xingrg/check_reg.html?_=1666057603968 HTTP/1.1" 200 22
116.237.73.226 - - [18/Oct/2022:09:46:42 +0800] "GET /xingrg/kc/base/base_main.html HTTP/1.1" 200 12142
116.237.73.226 - - [18/Oct/2022:09:46:43 +0800] "GET /xingrg/kc/base/wldb_order_list.html HTTP/1.1" 200 19180
116.237.73.226 - - [18/Oct/2022:09:46:44 +0800] "POST /xingrg/kc/base/wldb_list_operate.html HTTP/1.1" 200 928
114.88.159.190 - - [18/Oct/2022:09:46:57 +0800] "GET /xingrg/all/function/internal_message.html?_=1666057242460&CODE_STATE=getMsg HTTP/1.1" 200 27
116.237.73.226 - - [18/Oct/2022:09:46:59 +0800] "GET /xingrg/all/function/internal_message.html?_=1666057617761&CODE_STATE=getMsg HTTP/1.1" 200 27
114.84.81.136 - - [18/Oct/2022:09:46:59 +0800] "GET /xingrg/all/function/internal_message.html?_=1666057617072&CODE_STATE=getMsg HTTP/1.1" 200 27
114.84.81.136 - - [18/Oct/2022:09:46:59 +0800] "GET /xingrg/check_reg.html?_=1666057617075 HTTP/1.1" 200 22
221.239.141.151 - - [18/Oct/2022:09:47:03 +0800] "GET /xingrg/all/function/internal_message.html?_=1666057621791&CODE_STATE=getMsg HTTP/1.1" 200 27
116.238.139.35 - - [18/Oct/2022:09:47:10 +0800] "GET /xingrg/check_reg.html?_=1666057627745 HTTP/1.1" 200 22
116.238.139.35 - - [18/Oct/2022:09:47:10 +0800] "GET /xingrg/all/function/internal_message.html?_=1666057627749&CODE_STATE=getMsg HTTP/1.1" 200 27
222.70.183.206 - - [18/Oct/2022:09:47:19 +0800] "GET /xingrg/all/function/internal_message.html?_=1666057636640&CODE_STATE=getMsg HTTP/1.1" 200 27
222.69.192.207 - - [18/Oct/2022:09:47:23 +0800] "GET /xingrg/all/function/internal_message.html?_=1666057493907&CODE_STATE=getMsg HTTP/1.1" 200 27
116.238.139.35 - - [18/Oct/2022:09:47:28 +0800] "GET /xingrg/all/function/internal_message.html?_=1666057590675&CODE_STATE=getMsg HTTP/1.1" 200 27
116.230.105.139 - - [18/Oct/2022:09:47:30 +0800] "GET /xingrg/all/function/internal_message.html?_=1666057617835&CODE_STATE=getMsg HTTP/1.1" 200 27
114.84.81.136 - - [18/Oct/2022:09:47:50 +0800] "GET /xingrg/all/function/internal_message.html?_=1666057670005&CODE_STATE=getMsg HTTP/1.1" 302 -
114.88.159.190 - - [18/Oct/2022:09:47:57 +0800] "GET /xingrg/all/function/internal_message.html?_=1666057302427&CODE_STATE=getMsg HTTP/1.1" 200 27
116.237.73.226 - - [18/Oct/2022:09:47:59 +0800] "GET /xingrg/all/function/internal_message.html?_=1666057677762&CODE_STATE=getMsg HTTP/1.1" 200 27
114.84.81.136 - - [18/Oct/2022:09:47:59 +0800] "GET /xingrg/all/function/internal_message.html?_=1666057677073&CODE_STATE=getMsg HTTP/1.1" 200 27
221.239.141.151 - - [18/Oct/2022:09:48:03 +0800] "GET /xingrg/all/function/internal_message.html?_=1666057681774&CODE_STATE=getMsg HTTP/1.1" 200 27
116.238.139.35 - - [18/Oct/2022:09:48:10 +0800] "GET /xingrg/all/function/internal_message.html?_=1666057687749&CODE_STATE=getMsg HTTP/1.1" 200 27
222.70.183.206 - - [18/Oct/2022:09:48:19 +0800] "GET /xingrg/all/function/internal_message.html?_=1666057696643&CODE_STATE=getMsg HTTP/1.1" 200 27
222.70.183.206 - - [18/Oct/2022:09:48:19 +0800] "GET /xingrg/check_reg.html?_=1666057696646 HTTP/1.1" 200 22
222.69.192.207 - - [18/Oct/2022:09:48:23 +0800] "GET /xingrg/all/function/internal_message.html?_=1666057553897&CODE_STATE=getMsg HTTP/1.1" 200 27
116.238.139.35 - - [18/Oct/2022:09:48:28 +0800] "GET /xingrg/all/function/internal_message.html?_=1666057650680&CODE_STATE=getMsg HTTP/1.1" 200 27
116.230.105.139 - - [18/Oct/2022:09:48:30 +0800] "GET /xingrg/all/function/internal_message.html?_=1666057677823&CODE_STATE=getMsg HTTP/1.1" 200 27
124.79.243.136 - - [18/Oct/2022:09:48:45 +0800] "POST /xingrg/services/DataTransmitService HTTP/1.1" 200 524
114.88.159.190 - - [18/Oct/2022:09:48:57 +0800] "GET /xingrg/all/function/internal_message.html?_=1666057362398&CODE_STATE=getMsg HTTP/1.1" 200 27
221.239.141.151 - - [18/Oct/2022:09:48:59 +0800] "GET /xingrg/check_reg.html?_=1666057737961 HTTP/1.1" 200 22
116.237.73.226 - - [18/Oct/2022:09:48:59 +0800] "GET /xingrg/all/function/internal_message.html?_=1666057737762&CODE_STATE=getMsg HTTP/1.1" 200 27
114.84.81.136 - - [18/Oct/2022:09:48:59 +0800] "GET /xingrg/all/function/internal_message.html?_=1666057737075&CODE_STATE=getMsg HTTP/1.1" 200 27
221.239.141.151 - - [18/Oct/2022:09:49:03 +0800] "GET /xingrg/all/function/internal_message.html?_=1666057741760&CODE_STATE=getMsg HTTP/1.1" 200 27
116.238.139.35 - - [18/Oct/2022:09:49:10 +0800] "GET /xingrg/all/function/internal_message.html?_=1666057747748&CODE_STATE=getMsg HTTP/1.1" 200 27
