114.84.81.136 - - [18/Oct/2022:11:22:59 +0800] "GET /xingrg/all/function/internal_message.html?_=1666063377234&CODE_STATE=getMsg HTTP/1.1" 200 27
124.79.74.72 - - [18/Oct/2022:11:23:00 +0800] "GET /xingrg/all/function/internal_message.html?_=1666063375353&CODE_STATE=getMsg HTTP/1.1" 200 27
120.253.135.82 - - [18/Oct/2022:11:23:01 +0800] "GET /xingrg/all/function/internal_message.html?_=1666063173992&CODE_STATE=getMsg HTTP/1.1" 200 27
221.239.141.151 - - [18/Oct/2022:11:23:02 +0800] "GET /xingrg/all/function/internal_message.html?_=1666063380678&CODE_STATE=getMsg HTTP/1.1" 200 27
114.88.159.190 - - [18/Oct/2022:11:23:08 +0800] "GET /xingrg/kc/buy/cgsh_order_operate.html?command=get_materiel&rest_code=00141&code=00101008137&supplier_code=00100007&order_time=2022-10-18 HTTP/1.1" 200 408
222.70.183.206 - - [18/Oct/2022:11:23:20 +0800] "GET /xingrg/all/function/internal_message.html?_=1666063396738&CODE_STATE=getMsg HTTP/1.1" 200 27
222.70.183.206 - - [18/Oct/2022:11:23:20 +0800] "GET /xingrg/check_reg.html?_=1666063396740 HTTP/1.1" 200 22
114.88.159.190 - - [18/Oct/2022:11:23:22 +0800] "GET /xingrg/all/function/internal_message.html?_=1666063026984&CODE_STATE=getMsg HTTP/1.1" 200 27
114.88.159.190 - - [18/Oct/2022:11:23:22 +0800] "GET /xingrg/check_reg.html?_=1666063027031 HTTP/1.1" 200 22
116.230.114.213 - - [18/Oct/2022:11:23:23 +0800] "GET /xingrg/all/function/internal_message.html?_=1666063405724&CODE_STATE=getMsg HTTP/1.1" 200 27
222.69.192.207 - - [18/Oct/2022:11:23:23 +0800] "GET /xingrg/all/function/internal_message.html?_=1666063254074&CODE_STATE=getMsg HTTP/1.1" 200 27
114.88.159.190 - - [18/Oct/2022:11:23:25 +0800] "GET /xingrg/kc/buy/cgsh_order_operate.html?command=get_materiel&rest_code=00141&code=00101008059&supplier_code=00100007&order_time=2022-10-18 HTTP/1.1" 200 408
116.238.139.35 - - [18/Oct/2022:11:23:30 +0800] "GET /xingrg/all/function/internal_message.html?_=1666063351971&CODE_STATE=getMsg HTTP/1.1" 200 27
114.88.159.190 - - [18/Oct/2022:11:23:44 +0800] "GET /xingrg/kc/buy/cgsh_order_operate.html?command=get_materiel&rest_code=00141&code=00101008169&supplier_code=00100007&order_time=2022-10-18 HTTP/1.1" 200 412
114.88.159.190 - - [18/Oct/2022:11:23:50 +0800] "POST /xingrg/kc/buy/cgsh_order_operate.html HTTP/1.1" 200 2065
116.238.139.35 - - [18/Oct/2022:11:23:53 +0800] "GET /xingrg/all/function/internal_message.html?_=1666063429993&CODE_STATE=getMsg HTTP/1.1" 200 27
101.85.93.18 - - [18/Oct/2022:11:23:53 +0800] "GET /xingrg/check_reg.html?_=1666063430530 HTTP/1.1" 200 22
101.85.93.18 - - [18/Oct/2022:11:23:53 +0800] "GET /xingrg/all/function/internal_message.html?_=1666063430533&CODE_STATE=getMsg HTTP/1.1" 200 27
116.238.139.35 - - [18/Oct/2022:11:23:54 +0800] "GET /xingrg/check_reg.html?_=1666063431666 HTTP/1.1" 200 22
222.70.183.206 - - [18/Oct/2022:11:23:58 +0800] "GET /xingrg/all/function/internal_message.html?_=1666063372455&CODE_STATE=getMsg HTTP/1.1" 200 27
222.69.192.207 - - [18/Oct/2022:11:23:58 +0800] "GET /xingrg/kc/base/wldb_order_operate.html?command=get_materiel&rest_code=00105&base_code=0010508&code=00102002315 HTTP/1.1" 200 461
221.239.141.151 - - [18/Oct/2022:11:23:59 +0800] "GET /xingrg/check_reg.html?_=1666063437952 HTTP/1.1" 200 22
114.84.81.136 - - [18/Oct/2022:11:23:59 +0800] "GET /xingrg/all/function/internal_message.html?_=1666063437235&CODE_STATE=getMsg HTTP/1.1" 200 27
124.79.74.72 - - [18/Oct/2022:11:24:00 +0800] "GET /xingrg/all/function/internal_message.html?_=1666063435354&CODE_STATE=getMsg HTTP/1.1" 200 27
124.79.74.72 - - [18/Oct/2022:11:24:00 +0800] "GET /xingrg/check_reg.html?_=1666063435355 HTTP/1.1" 200 22
120.253.135.82 - - [18/Oct/2022:11:24:01 +0800] "GET /xingrg/all/function/internal_message.html?_=1666063234006&CODE_STATE=getMsg HTTP/1.1" 200 27
221.239.141.151 - - [18/Oct/2022:11:24:02 +0800] "GET /xingrg/all/function/internal_message.html?_=1666063440664&CODE_STATE=getMsg HTTP/1.1" 200 27
222.69.192.207 - - [18/Oct/2022:11:24:06 +0800] "POST /xingrg/kc/base/wldb_order_operate.html HTTP/1.1" 200 37
222.69.192.207 - - [18/Oct/2022:11:24:06 +0800] "POST /xingrg/kc/base/wldb_order_operate.html HTTP/1.1" 200 2211
222.69.192.207 - - [18/Oct/2022:11:24:07 +0800] "GET /xingrg/kc/base/wldb_order_info.html?code=422022101801349 HTTP/1.1" 200 30411
222.69.192.207 - - [18/Oct/2022:11:24:07 +0800] "GET /xingrg/javascript/easyui/themes/default/validatebox.css HTTP/1.1" 404 1104
114.88.159.190 - - [18/Oct/2022:11:24:08 +0800] "GET /xingrg/kc/buy/cgsh_order_operate.html?command=get_materiel&rest_code=00141&code=00101008372&supplier_code=00100007&order_time=2022-10-18 HTTP/1.1" 200 408
222.69.192.207 - - [18/Oct/2022:11:24:08 +0800] "POST /xingrg/kc/base/wldb_order_operate.html HTTP/1.1" 200 2211
222.70.183.206 - - [18/Oct/2022:11:24:20 +0800] "GET /xingrg/all/function/internal_message.html?_=1666063456739&CODE_STATE=getMsg HTTP/1.1" 200 27
116.230.114.213 - - [18/Oct/2022:11:24:22 +0800] "GET /xingrg/check_reg.html?_=1666063465039 HTTP/1.1" 200 22
114.88.159.190 - - [18/Oct/2022:11:24:22 +0800] "GET /xingrg/all/function/internal_message.html?_=1666063086997&CODE_STATE=getMsg HTTP/1.1" 200 27
116.230.114.213 - - [18/Oct/2022:11:24:23 +0800] "GET /xingrg/all/function/internal_message.html?_=1666063465869&CODE_STATE=getMsg HTTP/1.1" 200 27
222.69.192.207 - - [18/Oct/2022:11:24:23 +0800] "GET /xingrg/all/function/internal_message.html?_=1666063314080&CODE_STATE=getMsg HTTP/1.1" 200 27
116.238.139.35 - - [18/Oct/2022:11:24:28 +0800] "GET /xingrg/check_reg.html?_=1666063410433 HTTP/1.1" 200 22
116.238.139.35 - - [18/Oct/2022:11:24:30 +0800] "GET /xingrg/all/function/internal_message.html?_=1666063411984&CODE_STATE=getMsg HTTP/1.1" 200 27
114.88.159.190 - - [18/Oct/2022:11:24:42 +0800] "GET /xingrg/kc/buy/cgsh_order_operate.html?command=get_materiel&rest_code=00141&code=00101008092&supplier_code=00100007&order_time=2022-10-18 HTTP/1.1" 200 412
114.84.81.136 - - [18/Oct/2022:11:24:50 +0800] "GET /xingrg/all/function/internal_message.html?_=1666063489387&CODE_STATE=getMsg HTTP/1.1" 302 -
116.238.139.35 - - [18/Oct/2022:11:24:53 +0800] "GET /xingrg/all/function/internal_message.html?_=1666063489963&CODE_STATE=getMsg HTTP/1.1" 200 27
101.85.93.18 - - [18/Oct/2022:11:24:53 +0800] "GET /xingrg/all/function/internal_message.html?_=1666063490528&CODE_STATE=getMsg HTTP/1.1" 200 27
222.70.183.206 - - [18/Oct/2022:11:24:58 +0800] "GET /xingrg/all/function/internal_message.html?_=1666063432455&CODE_STATE=getMsg HTTP/1.1" 200 27
114.84.81.136 - - [18/Oct/2022:11:24:59 +0800] "GET /xingrg/all/function/internal_message.html?_=1666063497223&CODE_STATE=getMsg HTTP/1.1" 200 27
124.79.74.72 - - [18/Oct/2022:11:25:00 +0800] "GET /xingrg/all/function/internal_message.html?_=1666063495357&CODE_STATE=getMsg HTTP/1.1" 200 27
120.253.135.82 - - [18/Oct/2022:11:25:01 +0800] "GET /xingrg/all/function/internal_message.html?_=1666063294020&CODE_STATE=getMsg HTTP/1.1" 200 27
221.239.141.151 - - [18/Oct/2022:11:25:02 +0800] "GET /xingrg/all/function/internal_message.html?_=1666063500639&CODE_STATE=getMsg HTTP/1.1" 200 27
114.88.159.190 - - [18/Oct/2022:11:25:13 +0800] "GET /xingrg/kc/buy/cgsh_order_operate.html?command=get_materiel&rest_code=00141&code=00101008041&supplier_code=00100007&order_time=2022-10-18 HTTP/1.1" 200 408
222.70.183.206 - - [18/Oct/2022:11:25:20 +0800] "GET /xingrg/all/function/internal_message.html?_=1666063516739&CODE_STATE=getMsg HTTP/1.1" 200 27
114.88.159.190 - - [18/Oct/2022:11:25:22 +0800] "GET /xingrg/all/function/internal_message.html?_=1666063146984&CODE_STATE=getMsg HTTP/1.1" 200 27
114.88.159.190 - - [18/Oct/2022:11:25:23 +0800] "POST /xingrg/kc/buy/cgsh_order_operate.html HTTP/1.1" 200 2065
116.230.114.213 - - [18/Oct/2022:11:25:23 +0800] "GET /xingrg/all/function/internal_message.html?_=1666063525876&CODE_STATE=getMsg HTTP/1.1" 200 27
222.69.192.207 - - [18/Oct/2022:11:25:23 +0800] "GET /xingrg/all/function/internal_message.html?_=1666063374070&CODE_STATE=getMsg HTTP/1.1" 200 27
116.238.139.35 - - [18/Oct/2022:11:25:30 +0800] "GET /xingrg/all/function/internal_message.html?_=1666063471998&CODE_STATE=getMsg HTTP/1.1" 200 27
114.84.81.136 - - [18/Oct/2022:11:25:33 +0800] "GET /xingrg/check_reg.html?_=1666063532902 HTTP/1.1" 302 -
116.238.139.35 - - [18/Oct/2022:11:25:53 +0800] "GET /xingrg/all/function/internal_message.html?_=1666063549940&CODE_STATE=getMsg HTTP/1.1" 200 27
101.85.93.18 - - [18/Oct/2022:11:25:53 +0800] "GET /xingrg/all/function/internal_message.html?_=1666063550536&CODE_STATE=getMsg HTTP/1.1" 200 27
116.238.139.35 - - [18/Oct/2022:11:25:55 +0800] "GET /xingrg/kc/base/wldb_order_add.html HTTP/1.1" 200 30403
116.238.139.35 - - [18/Oct/2022:11:25:55 +0800] "POST /xingrg/kc/base/wldb_order_operate.html HTTP/1.1" 200 6806
116.238.139.35 - - [18/Oct/2022:11:25:56 +0800] "GET /xingrg/javascript/easyui/themes/default/validatebox.css HTTP/1.1" 404 1104
222.70.183.206 - - [18/Oct/2022:11:25:58 +0800] "GET /xingrg/check_reg.html?_=1666063492452 HTTP/1.1" 200 22
222.70.183.206 - - [18/Oct/2022:11:25:58 +0800] "GET /xingrg/all/function/internal_message.html?_=1666063492453&CODE_STATE=getMsg HTTP/1.1" 200 27
114.84.81.136 - - [18/Oct/2022:11:25:59 +0800] "GET /xingrg/all/function/internal_message.html?_=1666063557225&CODE_STATE=getMsg HTTP/1.1" 200 27
124.79.74.72 - - [18/Oct/2022:11:26:00 +0800] "GET /xingrg/all/function/internal_message.html?_=1666063555361&CODE_STATE=getMsg HTTP/1.1" 200 27
114.88.159.190 - - [18/Oct/2022:11:26:00 +0800] "GET /xingrg/kc/buy/cgsh_order_operate.html?command=get_materiel&rest_code=00141&code=00102009972&supplier_code=00100007&order_time=2022-10-18 HTTP/1.1" 200 408
120.253.135.82 - - [18/Oct/2022:11:26:01 +0800] "GET /xingrg/all/function/internal_message.html?_=1666063354033&CODE_STATE=getMsg HTTP/1.1" 200 27
221.239.141.151 - - [18/Oct/2022:11:26:02 +0800] "GET /xingrg/all/function/internal_message.html?_=1666063560634&CODE_STATE=getMsg HTTP/1.1" 200 27
116.238.139.35 - - [18/Oct/2022:11:26:03 +0800] "GET /xingrg/kc/base/wldb_order_operate.html?command=get_materiel&rest_code=00150&base_code=0010446&code=00102002448 HTTP/1.1" 200 440
180.169.147.146 - - [18/Oct/2022:11:26:08 +0800] "GET /xingrg/check_reg.html?_=1666063565285 HTTP/1.1" 200 22
116.238.139.35 - - [18/Oct/2022:11:26:18 +0800] "GET /xingrg/kc/base/wldb_order_operate.html?command=get_materiel&rest_code=00150&base_code=0010446&code=00102002238 HTTP/1.1" 200 434
222.70.183.206 - - [18/Oct/2022:11:26:20 +0800] "GET /xingrg/all/function/internal_message.html?_=1666063576739&CODE_STATE=getMsg HTTP/1.1" 200 27
114.88.159.190 - - [18/Oct/2022:11:26:22 +0800] "GET /xingrg/all/function/internal_message.html?_=1666063207002&CODE_STATE=getMsg HTTP/1.1" 200 27
116.230.114.213 - - [18/Oct/2022:11:26:23 +0800] "GET /xingrg/all/function/internal_message.html?_=1666063585890&CODE_STATE=getMsg HTTP/1.1" 200 27
222.69.192.207 - - [18/Oct/2022:11:26:23 +0800] "GET /xingrg/all/function/internal_message.html?_=1666063434069&CODE_STATE=getMsg HTTP/1.1" 200 27
222.69.192.207 - - [18/Oct/2022:11:26:23 +0800] "GET /xingrg/check_reg.html?_=1666063434070 HTTP/1.1" 200 22
116.238.139.35 - - [18/Oct/2022:11:26:30 +0800] "GET /xingrg/all/function/internal_message.html?_=1666063532012&CODE_STATE=getMsg HTTP/1.1" 200 27
116.238.139.35 - - [18/Oct/2022:11:26:31 +0800] "POST /xingrg/kc/base/wldb_order_operate.html HTTP/1.1" 200 37
116.238.139.35 - - [18/Oct/2022:11:26:34 +0800] "POST /xingrg/kc/base/wldb_order_operate.html HTTP/1.1" 200 12
116.238.139.35 - - [18/Oct/2022:11:26:34 +0800] "POST /xingrg/kc/base/wldb_order_operate.html HTTP/1.1" 200 3134
116.238.139.35 - - [18/Oct/2022:11:26:39 +0800] "GET /xingrg/kc/base/wldb_order_info.html?code=422022101801350 HTTP/1.1" 200 26282
116.238.139.35 - - [18/Oct/2022:11:26:40 +0800] "GET /xingrg/javascript/easyui/themes/default/validatebox.css HTTP/1.1" 404 1104
116.238.139.35 - - [18/Oct/2022:11:26:40 +0800] "POST /xingrg/kc/base/wldb_order_operate.html HTTP/1.1" 200 1407
116.238.139.35 - - [18/Oct/2022:11:26:45 +0800] "GET /xingrg/kc/base/wldb_order_add.html HTTP/1.1" 200 30403
116.238.139.35 - - [18/Oct/2022:11:26:46 +0800] "POST /xingrg/kc/base/wldb_order_operate.html HTTP/1.1" 200 6806
116.238.139.35 - - [18/Oct/2022:11:26:46 +0800] "GET /xingrg/javascript/easyui/themes/default/validatebox.css HTTP/1.1" 404 1104
116.238.139.35 - - [18/Oct/2022:11:26:53 +0800] "GET /xingrg/all/function/internal_message.html?_=1666063609942&CODE_STATE=getMsg HTTP/1.1" 200 27
101.85.93.18 - - [18/Oct/2022:11:26:53 +0800] "GET /xingrg/all/function/internal_message.html?_=1666063610537&CODE_STATE=getMsg HTTP/1.1" 200 27
222.70.183.206 - - [18/Oct/2022:11:26:58 +0800] "GET /xingrg/all/function/internal_message.html?_=1666063552441&CODE_STATE=getMsg HTTP/1.1" 200 27
114.84.81.136 - - [18/Oct/2022:11:27:00 +0800] "GET /xingrg/all/function/internal_message.html?_=1666063617233&CODE_STATE=getMsg HTTP/1.1" 200 27
114.84.81.136 - - [18/Oct/2022:11:27:00 +0800] "GET /xingrg/check_reg.html?_=1666063617238 HTTP/1.1" 200 22
124.79.74.72 - - [18/Oct/2022:11:27:00 +0800] "GET /xingrg/all/function/internal_message.html?_=1666063615362&CODE_STATE=getMsg HTTP/1.1" 200 27
120.253.135.82 - - [18/Oct/2022:11:27:01 +0800] "GET /xingrg/check_reg.html?_=1666063413657 HTTP/1.1" 200 22
120.253.135.82 - - [18/Oct/2022:11:27:01 +0800] "GET /xingrg/all/function/internal_message.html?_=1666063414047&CODE_STATE=getMsg HTTP/1.1" 200 27
221.239.141.151 - - [18/Oct/2022:11:27:02 +0800] "GET /xingrg/all/function/internal_message.html?_=1666063620623&CODE_STATE=getMsg HTTP/1.1" 200 27
114.84.81.136 - - [18/Oct/2022:11:27:02 +0800] "GET /xingrg/all/function/internal_message.html?_=1666063621649&CODE_STATE=getMsg HTTP/1.1" 302 -
114.84.81.136 - - [18/Oct/2022:11:27:03 +0800] "GET /xingrg/kc/buy/cgsh_order_operate.html?command=get_materiel&rest_code=00148&code=00101006282&supplier_code=00100558&order_time=2022-10-18 HTTP/1.1" 200 418
58.221.95.50 - - [18/Oct/2022:11:27:06 +0800] "GET /xingrg/check_reg.html?_=1666063646241 HTTP/1.1" 302 -
114.84.81.136 - - [18/Oct/2022:11:27:14 +0800] "GET /xingrg/kc/buy/cgsh_order_operate.html?command=get_materiel&rest_code=00148&code=00101006335&supplier_code=00100558&order_time=2022-10-18 HTTP/1.1" 200 400
222.70.183.206 - - [18/Oct/2022:11:27:20 +0800] "GET /xingrg/all/function/internal_message.html?_=1666063636765&CODE_STATE=getMsg HTTP/1.1" 200 27
114.88.159.190 - - [18/Oct/2022:11:27:22 +0800] "GET /xingrg/all/function/internal_message.html?_=1666063267097&CODE_STATE=getMsg HTTP/1.1" 200 27
114.84.81.136 - - [18/Oct/2022:11:27:22 +0800] "GET /xingrg/kc/buy/cgsh_order_operate.html?command=get_materiel&rest_code=00148&code=00102026001&supplier_code=00100558&order_time=2022-10-18 HTTP/1.1" 200 409
116.230.114.213 - - [18/Oct/2022:11:27:23 +0800] "GET /xingrg/all/function/internal_message.html?_=1666063645992&CODE_STATE=getMsg HTTP/1.1" 200 27
222.69.192.207 - - [18/Oct/2022:11:27:23 +0800] "GET /xingrg/all/function/internal_message.html?_=1666063494091&CODE_STATE=getMsg HTTP/1.1" 200 27
114.84.81.136 - - [18/Oct/2022:11:27:30 +0800] "POST /xingrg/kc/buy/cgsh_order_operate.html HTTP/1.1" 200 37
116.238.139.35 - - [18/Oct/2022:11:27:30 +0800] "GET /xingrg/all/function/internal_message.html?_=1666063592032&CODE_STATE=getMsg HTTP/1.1" 200 27
114.84.81.136 - - [18/Oct/2022:11:27:31 +0800] "POST /xingrg/kc/buy/cgsh_order_operate.html HTTP/1.1" 200 4440
114.84.81.136 - - [18/Oct/2022:11:27:33 +0800] "GET /xingrg/kc/print/load_config.html?kc_code=cgsh HTTP/1.1" 200 1943
114.84.81.136 - - [18/Oct/2022:11:27:33 +0800] "GET /xingrg/kc/print/load_data.html?order_code=212022101805461&kc_code=cgsh&condition= HTTP/1.1" 200 1346
114.88.159.190 - - [18/Oct/2022:11:27:44 +0800] "GET /xingrg/kc/buy/cgsh_order_operate.html?command=get_materiel&rest_code=00141&code=00101008391&supplier_code=00100007&order_time=2022-10-18 HTTP/1.1" 200 412
116.238.139.35 - - [18/Oct/2022:11:27:53 +0800] "GET /xingrg/all/function/internal_message.html?_=1666063669917&CODE_STATE=getMsg HTTP/1.1" 200 27
101.85.93.18 - - [18/Oct/2022:11:27:53 +0800] "GET /xingrg/all/function/internal_message.html?_=1666063670536&CODE_STATE=getMsg HTTP/1.1" 200 27
222.70.183.206 - - [18/Oct/2022:11:27:58 +0800] "GET /xingrg/all/function/internal_message.html?_=1666063612448&CODE_STATE=getMsg HTTP/1.1" 200 27
114.84.81.136 - - [18/Oct/2022:11:27:59 +0800] "GET /xingrg/all/function/internal_message.html?_=1666063677239&CODE_STATE=getMsg HTTP/1.1" 200 27
124.79.74.72 - - [18/Oct/2022:11:28:00 +0800] "GET /xingrg/all/function/internal_message.html?_=1666063675363&CODE_STATE=getMsg HTTP/1.1" 200 27
120.253.135.82 - - [18/Oct/2022:11:28:01 +0800] "GET /xingrg/all/function/internal_message.html?_=1666063474060&CODE_STATE=getMsg HTTP/1.1" 200 27
221.239.141.151 - - [18/Oct/2022:11:28:02 +0800] "GET /xingrg/all/function/internal_message.html?_=1666063680602&CODE_STATE=getMsg HTTP/1.1" 200 27
114.84.81.136 - - [18/Oct/2022:11:28:12 +0800] "GET /xingrg/kc/buy/cgsh_order_add.html HTTP/1.1" 200 69087
114.84.81.136 - - [18/Oct/2022:11:28:13 +0800] "POST /xingrg/kc/buy/cgsh_order_operate.html HTTP/1.1" 200 8245
114.84.81.136 - - [18/Oct/2022:11:28:13 +0800] "GET /xingrg/javascript/easyui/themes/default/validatebox.css HTTP/1.1" 404 1104
222.70.183.206 - - [18/Oct/2022:11:28:20 +0800] "GET /xingrg/check_reg.html?_=1666063696769 HTTP/1.1" 200 22
222.70.183.206 - - [18/Oct/2022:11:28:20 +0800] "GET /xingrg/all/function/internal_message.html?_=1666063696764&CODE_STATE=getMsg HTTP/1.1" 200 27
114.88.159.190 - - [18/Oct/2022:11:28:20 +0800] "GET /xingrg/kc/buy/cgsh_order_operate.html?command=get_materiel&rest_code=00141&code=00101022006&supplier_code=00100007&order_time=2022-10-18 HTTP/1.1" 200 435
114.88.159.190 - - [18/Oct/2022:11:28:22 +0800] "GET /xingrg/all/function/internal_message.html?_=1666063326991&CODE_STATE=getMsg HTTP/1.1" 200 27
114.88.159.190 - - [18/Oct/2022:11:28:22 +0800] "GET /xingrg/check_reg.html?_=1666063327007 HTTP/1.1" 200 22
114.84.81.136 - - [18/Oct/2022:11:28:23 +0800] "GET /xingrg/kc/buy/cgsh_order_operate.html?command=get_materiel&rest_code=00148&code=00101006144&supplier_code=00100010&order_time=2022-10-18 HTTP/1.1" 200 409
116.230.114.213 - - [18/Oct/2022:11:28:23 +0800] "GET /xingrg/all/function/internal_message.html?_=1666063705995&CODE_STATE=getMsg HTTP/1.1" 200 27
222.69.192.207 - - [18/Oct/2022:11:28:23 +0800] "GET /xingrg/all/function/internal_message.html?_=1666063554076&CODE_STATE=getMsg HTTP/1.1" 200 27
116.238.139.35 - - [18/Oct/2022:11:28:30 +0800] "GET /xingrg/all/function/internal_message.html?_=1666063652039&CODE_STATE=getMsg HTTP/1.1" 200 27
114.88.159.190 - - [18/Oct/2022:11:28:32 +0800] "GET /xingrg/kc/buy/cgsh_order_operate.html?command=get_materiel&rest_code=00141&code=00101019313&supplier_code=00100007&order_time=2022-10-18 HTTP/1.1" 200 455
114.84.81.136 - - [18/Oct/2022:11:28:37 +0800] "GET /xingrg/kc/buy/cgsh_order_operate.html?command=get_materiel&rest_code=00148&code=00101006152&supplier_code=00100010&order_time=2022-10-18 HTTP/1.1" 200 409
114.84.81.136 - - [18/Oct/2022:11:28:47 +0800] "POST /xingrg/kc/buy/cgsh_order_operate.html HTTP/1.1" 200 37
114.84.81.136 - - [18/Oct/2022:11:28:49 +0800] "POST /xingrg/kc/buy/cgsh_order_operate.html HTTP/1.1" 200 3240
114.84.81.136 - - [18/Oct/2022:11:28:50 +0800] "GET /xingrg/kc/print/load_data.html?order_code=212022101805462&kc_code=cgsh&condition= HTTP/1.1" 200 947
116.238.139.35 - - [18/Oct/2022:11:28:53 +0800] "GET /xingrg/all/function/internal_message.html?_=1666063729900&CODE_STATE=getMsg HTTP/1.1" 200 27
101.85.93.18 - - [18/Oct/2022:11:28:53 +0800] "GET /xingrg/check_reg.html?_=1666063730538 HTTP/1.1" 200 22
101.85.93.18 - - [18/Oct/2022:11:28:53 +0800] "GET /xingrg/all/function/internal_message.html?_=1666063730541&CODE_STATE=getMsg HTTP/1.1" 200 27
116.238.139.35 - - [18/Oct/2022:11:28:54 +0800] "GET /xingrg/check_reg.html?_=1666063731700 HTTP/1.1" 200 22
222.70.183.206 - - [18/Oct/2022:11:28:58 +0800] "GET /xingrg/all/function/internal_message.html?_=1666063672435&CODE_STATE=getMsg HTTP/1.1" 200 27
221.239.141.151 - - [18/Oct/2022:11:28:59 +0800] "GET /xingrg/check_reg.html?_=1666063737956 HTTP/1.1" 200 22
114.84.81.136 - - [18/Oct/2022:11:29:00 +0800] "GET /xingrg/all/function/internal_message.html?_=1666063737252&CODE_STATE=getMsg HTTP/1.1" 200 27
124.79.74.72 - - [18/Oct/2022:11:29:00 +0800] "GET /xingrg/check_reg.html?_=1666063735365 HTTP/1.1" 200 22
124.79.74.72 - - [18/Oct/2022:11:29:00 +0800] "GET /xingrg/all/function/internal_message.html?_=1666063735367&CODE_STATE=getMsg HTTP/1.1" 200 27
120.253.135.82 - - [18/Oct/2022:11:29:01 +0800] "GET /xingrg/all/function/internal_message.html?_=1666063534077&CODE_STATE=getMsg HTTP/1.1" 200 27
221.239.141.151 - - [18/Oct/2022:11:29:02 +0800] "GET /xingrg/all/function/internal_message.html?_=1666063740590&CODE_STATE=getMsg HTTP/1.1" 200 27
114.84.81.136 - - [18/Oct/2022:11:29:02 +0800] "GET /xingrg/kc/buy/cgsh_order_add.html HTTP/1.1" 200 69087
114.84.81.136 - - [18/Oct/2022:11:29:03 +0800] "POST /xingrg/kc/buy/cgsh_order_operate.html HTTP/1.1" 200 8245
114.84.81.136 - - [18/Oct/2022:11:29:03 +0800] "GET /xingrg/javascript/easyui/themes/default/validatebox.css HTTP/1.1" 404 1104
114.84.81.136 - - [18/Oct/2022:11:29:14 +0800] "GET /xingrg/all/function/internal_message.html?_=1666063753910&CODE_STATE=getMsg HTTP/1.1" 302 -
114.84.81.136 - - [18/Oct/2022:11:29:17 +0800] "GET /xingrg/kc/buy/cgsh_order_operate.html?command=get_materiel&rest_code=00148&code=00101016040&supplier_code=00100028&order_time=2022-10-18 HTTP/1.1" 200 457
222.70.183.206 - - [18/Oct/2022:11:29:20 +0800] "GET /xingrg/all/function/internal_message.html?_=1666063756769&CODE_STATE=getMsg HTTP/1.1" 200 27
116.230.114.213 - - [18/Oct/2022:11:29:22 +0800] "GET /xingrg/check_reg.html?_=1666063765140 HTTP/1.1" 200 22
114.88.159.190 - - [18/Oct/2022:11:29:22 +0800] "GET /xingrg/all/function/internal_message.html?_=1666063387097&CODE_STATE=getMsg HTTP/1.1" 200 27
116.230.114.213 - - [18/Oct/2022:11:29:23 +0800] "GET /xingrg/all/function/internal_message.html?_=1666063766009&CODE_STATE=getMsg HTTP/1.1" 200 27
222.69.192.207 - - [18/Oct/2022:11:29:23 +0800] "GET /xingrg/all/function/internal_message.html?_=1666063614074&CODE_STATE=getMsg HTTP/1.1" 200 27
114.84.81.136 - - [18/Oct/2022:11:29:27 +0800] "GET /xingrg/kc/buy/cgsh_order_operate.html?command=get_materiel&rest_code=00148&code=00101016097&supplier_code=00100028&order_time=2022-10-18 HTTP/1.1" 200 470
116.238.139.35 - - [18/Oct/2022:11:29:28 +0800] "GET /xingrg/check_reg.html?_=1666063710444 HTTP/1.1" 200 22
116.238.139.35 - - [18/Oct/2022:11:29:30 +0800] "GET /xingrg/all/function/internal_message.html?_=1666063712052&CODE_STATE=getMsg HTTP/1.1" 200 27
114.84.81.136 - - [18/Oct/2022:11:29:30 +0800] "POST /xingrg/all/common/load_select.html HTTP/1.1" 200 25
114.84.81.136 - - [18/Oct/2022:11:29:35 +0800] "GET /xingrg/kc/buy/cgsh_order_operate.html?command=get_materiel_price&rest_code=00148&code=00101016097&unit_code=00100163&supplier_code=00100028&order_time=2022-10-18 HTTP/1.1" 200 30
114.84.81.136 - - [18/Oct/2022:11:29:46 +0800] "GET /xingrg/kc/buy/cgsh_order_operate.html?command=get_materiel&rest_code=00148&code=00101016037&supplier_code=00100028&order_time=2022-10-18 HTTP/1.1" 200 451
116.238.139.35 - - [18/Oct/2022:11:29:53 +0800] "GET /xingrg/all/function/internal_message.html?_=1666063789886&CODE_STATE=getMsg HTTP/1.1" 200 27
101.85.93.18 - - [18/Oct/2022:11:29:53 +0800] "GET /xingrg/all/function/internal_message.html?_=1666063790541&CODE_STATE=getMsg HTTP/1.1" 200 27
222.70.183.206 - - [18/Oct/2022:11:29:58 +0800] "GET /xingrg/all/function/internal_message.html?_=1666063732444&CODE_STATE=getMsg HTTP/1.1" 200 27
114.84.81.136 - - [18/Oct/2022:11:30:00 +0800] "GET /xingrg/all/function/internal_message.html?_=1666063797241&CODE_STATE=getMsg HTTP/1.1" 200 27
124.79.74.72 - - [18/Oct/2022:11:30:00 +0800] "GET /xingrg/all/function/internal_message.html?_=1666063795351&CODE_STATE=getMsg HTTP/1.1" 200 27
114.84.81.136 - - [18/Oct/2022:11:30:01 +0800] "GET /xingrg/kc/buy/cgsh_order_operate.html?command=get_materiel&rest_code=00148&code=00101016034&supplier_code=00100028&order_time=2022-10-18 HTTP/1.1" 200 437
221.239.141.151 - - [18/Oct/2022:11:30:02 +0800] "GET /xingrg/all/function/internal_message.html?_=1666063800569&CODE_STATE=getMsg HTTP/1.1" 200 27
120.253.135.82 - - [18/Oct/2022:11:30:02 +0800] "GET /xingrg/all/function/internal_message.html?_=1666063594292&CODE_STATE=getMsg HTTP/1.1" 200 27
114.88.159.190 - - [18/Oct/2022:11:30:17 +0800] "POST /xingrg/kc/buy/cgsh_order_operate.html HTTP/1.1" 200 37
114.88.159.190 - - [18/Oct/2022:11:30:19 +0800] "POST /xingrg/kc/buy/cgsh_order_operate.html HTTP/1.1" 200 33427
222.70.183.206 - - [18/Oct/2022:11:30:20 +0800] "GET /xingrg/all/function/internal_message.html?_=1666063816771&CODE_STATE=getMsg HTTP/1.1" 200 27
114.84.81.136 - - [18/Oct/2022:11:30:20 +0800] "GET /xingrg/kc/buy/cgsh_order_operate.html?command=get_materiel&rest_code=00148&code=00101016120&supplier_code=00100028&order_time=2022-10-18 HTTP/1.1" 200 454
114.88.159.190 - - [18/Oct/2022:11:30:21 +0800] "GET /xingrg/kc/print/load_data.html?order_code=212022101805463&kc_code=cgsh&condition= HTTP/1.1" 200 12368
114.88.159.190 - - [18/Oct/2022:11:30:22 +0800] "GET /xingrg/all/function/internal_message.html?_=1666063447013&CODE_STATE=getMsg HTTP/1.1" 200 27
222.69.192.207 - - [18/Oct/2022:11:30:23 +0800] "GET /xingrg/all/function/internal_message.html?_=1666063674074&CODE_STATE=getMsg HTTP/1.1" 200 27
116.230.114.213 - - [18/Oct/2022:11:30:23 +0800] "GET /xingrg/all/function/internal_message.html?_=1666063826022&CODE_STATE=getMsg HTTP/1.1" 200 27
114.84.81.136 - - [18/Oct/2022:11:30:27 +0800] "POST /xingrg/kc/buy/cgsh_order_operate.html HTTP/1.1" 200 37
114.84.81.136 - - [18/Oct/2022:11:30:28 +0800] "POST /xingrg/kc/buy/cgsh_order_operate.html HTTP/1.1" 200 4532
116.238.139.35 - - [18/Oct/2022:11:30:30 +0800] "GET /xingrg/all/function/internal_message.html?_=1666063772066&CODE_STATE=getMsg HTTP/1.1" 200 27
114.84.81.136 - - [18/Oct/2022:11:30:30 +0800] "GET /xingrg/kc/print/load_data.html?order_code=212022101805464&kc_code=cgsh&condition= HTTP/1.1" 200 1511
114.84.81.136 - - [18/Oct/2022:11:30:37 +0800] "GET /xingrg/kc/buy/cgsh_order_add.html HTTP/1.1" 200 69087
114.84.81.136 - - [18/Oct/2022:11:30:38 +0800] "POST /xingrg/kc/buy/cgsh_order_operate.html HTTP/1.1" 200 8245
114.84.81.136 - - [18/Oct/2022:11:30:38 +0800] "GET /xingrg/javascript/easyui/themes/default/validatebox.css HTTP/1.1" 404 1104
114.84.81.136 - - [18/Oct/2022:11:30:49 +0800] "GET /xingrg/kc/buy/cgsh_order_operate.html?command=get_materiel&rest_code=00148&code=00101007190&supplier_code=00100004&order_time=2022-10-18 HTTP/1.1" 200 410
116.238.139.35 - - [18/Oct/2022:11:30:53 +0800] "GET /xingrg/all/function/internal_message.html?_=1666063849872&CODE_STATE=getMsg HTTP/1.1" 200 27
101.85.93.18 - - [18/Oct/2022:11:30:53 +0800] "GET /xingrg/all/function/internal_message.html?_=1666063850540&CODE_STATE=getMsg HTTP/1.1" 200 27
222.70.183.206 - - [18/Oct/2022:11:30:58 +0800] "GET /xingrg/all/function/internal_message.html?_=1666063792458&CODE_STATE=getMsg HTTP/1.1" 200 27
222.70.183.206 - - [18/Oct/2022:11:30:58 +0800] "GET /xingrg/check_reg.html?_=1666063792459 HTTP/1.1" 200 22
114.84.81.136 - - [18/Oct/2022:11:31:00 +0800] "GET /xingrg/all/function/internal_message.html?_=1666063857256&CODE_STATE=getMsg HTTP/1.1" 200 27
124.79.74.72 - - [18/Oct/2022:11:31:00 +0800] "GET /xingrg/all/function/internal_message.html?_=1666063855353&CODE_STATE=getMsg HTTP/1.1" 200 27
221.239.141.151 - - [18/Oct/2022:11:31:01 +0800] "GET /xingrg/all/function/internal_message.html?_=1666063860545&CODE_STATE=getMsg HTTP/1.1" 200 27
120.253.135.82 - - [18/Oct/2022:11:31:02 +0800] "GET /xingrg/all/function/internal_message.html?_=1666063654445&CODE_STATE=getMsg HTTP/1.1" 200 27
222.70.183.206 - - [18/Oct/2022:11:31:04 +0800] "POST /xingrg/services/DataTransmitService HTTP/1.1" 200 524
114.84.81.136 - - [18/Oct/2022:11:31:06 +0800] "GET /xingrg/kc/buy/cgsh_order_operate.html?command=get_materiel&rest_code=00148&code=00101007048&supplier_code=00100004&order_time=2022-10-18 HTTP/1.1" 200 408
180.169.147.146 - - [18/Oct/2022:11:31:08 +0800] "GET /xingrg/check_reg.html?_=1666063865263 HTTP/1.1" 200 22
222.70.183.206 - - [18/Oct/2022:11:31:20 +0800] "GET /xingrg/all/function/internal_message.html?_=1666063876758&CODE_STATE=getMsg HTTP/1.1" 200 27
114.88.159.190 - - [18/Oct/2022:11:31:22 +0800] "GET /xingrg/all/function/internal_message.html?_=1666063507021&CODE_STATE=getMsg HTTP/1.1" 200 27
222.69.192.207 - - [18/Oct/2022:11:31:23 +0800] "GET /xingrg/check_reg.html?_=1666063734074 HTTP/1.1" 200 22
222.69.192.207 - - [18/Oct/2022:11:31:23 +0800] "GET /xingrg/all/function/internal_message.html?_=1666063734078&CODE_STATE=getMsg HTTP/1.1" 200 27
116.230.114.213 - - [18/Oct/2022:11:31:23 +0800] "GET /xingrg/all/function/internal_message.html?_=1666063886037&CODE_STATE=getMsg HTTP/1.1" 200 27
114.84.81.136 - - [18/Oct/2022:11:31:26 +0800] "GET /xingrg/all/function/internal_message.html?_=1666063886169&CODE_STATE=getMsg HTTP/1.1" 302 -
114.84.81.136 - - [18/Oct/2022:11:31:29 +0800] "GET /xingrg/kc/buy/cgsh_order_operate.html?command=get_materiel&rest_code=00148&code=00101007081&supplier_code=00100004&order_time=2022-10-18 HTTP/1.1" 200 413
116.238.139.35 - - [18/Oct/2022:11:31:30 +0800] "GET /xingrg/all/function/internal_message.html?_=1666063832079&CODE_STATE=getMsg HTTP/1.1" 200 27
114.84.81.136 - - [18/Oct/2022:11:31:40 +0800] "POST /xingrg/kc/buy/cgsh_order_operate.html HTTP/1.1" 200 37
114.84.81.136 - - [18/Oct/2022:11:31:41 +0800] "POST /xingrg/kc/buy/cgsh_order_operate.html HTTP/1.1" 200 3837
114.84.81.136 - - [18/Oct/2022:11:31:43 +0800] "GET /xingrg/kc/print/load_data.html?order_code=212022101805465&kc_code=cgsh&condition= HTTP/1.1" 200 1173
114.84.81.136 - - [18/Oct/2022:11:31:51 +0800] "GET /xingrg/kc/buy/cgsh_order_add.html HTTP/1.1" 200 69087
114.84.81.136 - - [18/Oct/2022:11:31:51 +0800] "POST /xingrg/kc/buy/cgsh_order_operate.html HTTP/1.1" 200 8245
114.84.81.136 - - [18/Oct/2022:11:31:52 +0800] "GET /xingrg/javascript/easyui/themes/default/validatebox.css HTTP/1.1" 404 1104
116.238.139.35 - - [18/Oct/2022:11:31:53 +0800] "GET /xingrg/all/function/internal_message.html?_=1666063909854&CODE_STATE=getMsg HTTP/1.1" 200 27
101.85.93.18 - - [18/Oct/2022:11:31:53 +0800] "GET /xingrg/all/function/internal_message.html?_=1666063910532&CODE_STATE=getMsg HTTP/1.1" 200 27
116.237.73.226 - - [18/Oct/2022:11:31:53 +0800] "GET /favicon.ico HTTP/1.1" 404 -
222.70.183.206 - - [18/Oct/2022:11:31:58 +0800] "GET /xingrg/all/function/internal_message.html?_=1666063852458&CODE_STATE=getMsg HTTP/1.1" 200 27
114.84.81.136 - - [18/Oct/2022:11:32:00 +0800] "GET /xingrg/check_reg.html?_=1666063917251 HTTP/1.1" 200 22
114.84.81.136 - - [18/Oct/2022:11:32:00 +0800] "GET /xingrg/all/function/internal_message.html?_=1666063917254&CODE_STATE=getMsg HTTP/1.1" 200 27
124.79.74.72 - - [18/Oct/2022:11:32:00 +0800] "GET /xingrg/all/function/internal_message.html?_=1666063915354&CODE_STATE=getMsg HTTP/1.1" 200 27
120.253.135.82 - - [18/Oct/2022:11:32:01 +0800] "GET /xingrg/check_reg.html?_=1666063714023 HTTP/1.1" 200 22
221.239.141.151 - - [18/Oct/2022:11:32:01 +0800] "GET /xingrg/all/function/internal_message.html?_=1666063920534&CODE_STATE=getMsg HTTP/1.1" 200 27
120.253.135.82 - - [18/Oct/2022:11:32:02 +0800] "GET /xingrg/all/function/internal_message.html?_=1666063714459&CODE_STATE=getMsg HTTP/1.1" 200 27
58.221.95.50 - - [18/Oct/2022:11:32:06 +0800] "GET /xingrg/check_reg.html?_=1666063946333 HTTP/1.1" 302 -
114.84.81.136 - - [18/Oct/2022:11:32:13 +0800] "GET /xingrg/kc/buy/cgsh_order_operate.html?command=get_materiel&rest_code=00148&code=00101012029&supplier_code=00100036&order_time=2022-10-18 HTTP/1.1" 200 412
222.70.183.206 - - [18/Oct/2022:11:32:20 +0800] "GET /xingrg/all/function/internal_message.html?_=1666063936776&CODE_STATE=getMsg HTTP/1.1" 200 27
114.88.159.190 - - [18/Oct/2022:11:32:22 +0800] "GET /xingrg/all/function/internal_message.html?_=1666063567006&CODE_STATE=getMsg HTTP/1.1" 200 27
222.69.192.207 - - [18/Oct/2022:11:32:23 +0800] "GET /xingrg/all/function/internal_message.html?_=1666063794078&CODE_STATE=getMsg HTTP/1.1" 200 27
116.230.114.213 - - [18/Oct/2022:11:32:23 +0800] "GET /xingrg/all/function/internal_message.html?_=1666063946141&CODE_STATE=getMsg HTTP/1.1" 200 27
116.238.139.35 - - [18/Oct/2022:11:32:30 +0800] "GET /xingrg/all/function/internal_message.html?_=1666063892102&CODE_STATE=getMsg HTTP/1.1" 200 27
114.84.81.136 - - [18/Oct/2022:11:32:36 +0800] "GET /xingrg/kc/buy/cgsh_order_operate.html?command=get_materiel&rest_code=00148&code=00101013098&supplier_code=00100036&order_time=2022-10-18 HTTP/1.1" 200 416
114.84.81.136 - - [18/Oct/2022:11:32:47 +0800] "GET /xingrg/kc/buy/cgsh_order_operate.html?command=get_materiel&rest_code=00148&code=00101010545&supplier_code=00100036&order_time=2022-10-18 HTTP/1.1" 200 410
221.239.141.151 - - [18/Oct/2022:11:32:47 +0800] "GET /xingrg/kc/buy/cgsh_order_list.html HTTP/1.1" 200 53312
221.239.141.151 - - [18/Oct/2022:11:32:48 +0800] "POST /xingrg/kc/buy/cgsh_list_operate.html HTTP/1.1" 200 986
116.238.139.35 - - [18/Oct/2022:11:32:53 +0800] "GET /xingrg/all/function/internal_message.html?_=1666063969839&CODE_STATE=getMsg HTTP/1.1" 200 27
101.85.93.18 - - [18/Oct/2022:11:32:53 +0800] "GET /xingrg/all/function/internal_message.html?_=1666063970533&CODE_STATE=getMsg HTTP/1.1" 200 27
114.84.81.136 - - [18/Oct/2022:11:32:56 +0800] "GET /xingrg/kc/buy/cgsh_order_operate.html?command=get_materiel&rest_code=00148&code=00101012027&supplier_code=00100036&order_time=2022-10-18 HTTP/1.1" 200 409
221.239.141.151 - - [18/Oct/2022:11:32:57 +0800] "POST /xingrg/kc/buy/cgsh_list_operate.html HTTP/1.1" 200 6451
222.70.183.206 - - [18/Oct/2022:11:32:58 +0800] "GET /xingrg/all/function/internal_message.html?_=1666063912448&CODE_STATE=getMsg HTTP/1.1" 200 27
124.79.74.72 - - [18/Oct/2022:11:33:00 +0800] "GET /xingrg/all/function/internal_message.html?_=1666063975354&CODE_STATE=getMsg HTTP/1.1" 200 27
114.84.81.136 - - [18/Oct/2022:11:33:00 +0800] "GET /xingrg/all/function/internal_message.html?_=1666063977322&CODE_STATE=getMsg HTTP/1.1" 200 27
221.239.141.151 - - [18/Oct/2022:11:33:00 +0800] "POST /xingrg/kc/buy/cgsh_list_operate.html HTTP/1.1" 200 565
221.239.141.151 - - [18/Oct/2022:11:33:01 +0800] "GET /xingrg/kc/buy/cgsh_order_info.html?code=212022101805431 HTTP/1.1" 200 64029
221.239.141.151 - - [18/Oct/2022:11:33:01 +0800] "GET /xingrg/javascript/easyui/themes/default/validatebox.css HTTP/1.1" 404 1104
221.239.141.151 - - [18/Oct/2022:11:33:01 +0800] "GET /xingrg/all/function/internal_message.html?_=1666063980517&CODE_STATE=getMsg HTTP/1.1" 200 27
120.253.135.82 - - [18/Oct/2022:11:33:02 +0800] "GET /xingrg/all/function/internal_message.html?_=1666063774471&CODE_STATE=getMsg HTTP/1.1" 200 27
221.239.141.151 - - [18/Oct/2022:11:33:02 +0800] "POST /xingrg/kc/buy/cgsh_order_operate.html HTTP/1.1" 200 8916
222.70.183.206 - - [18/Oct/2022:11:33:20 +0800] "GET /xingrg/all/function/internal_message.html?_=1666063996766&CODE_STATE=getMsg HTTP/1.1" 200 27
222.70.183.206 - - [18/Oct/2022:11:33:20 +0800] "GET /xingrg/check_reg.html?_=1666063996763 HTTP/1.1" 200 22
114.88.159.190 - - [18/Oct/2022:11:33:22 +0800] "GET /xingrg/check_reg.html?_=1666063627022 HTTP/1.1" 200 22
114.88.159.190 - - [18/Oct/2022:11:33:22 +0800] "GET /xingrg/all/function/internal_message.html?_=1666063627021&CODE_STATE=getMsg HTTP/1.1" 200 27
222.69.192.207 - - [18/Oct/2022:11:33:23 +0800] "GET /xingrg/all/function/internal_message.html?_=1666063854080&CODE_STATE=getMsg HTTP/1.1" 200 27
116.230.114.213 - - [18/Oct/2022:11:33:23 +0800] "GET /xingrg/all/function/internal_message.html?_=1666064006142&CODE_STATE=getMsg HTTP/1.1" 200 27
114.84.81.136 - - [18/Oct/2022:11:33:26 +0800] "POST /xingrg/kc/buy/cgsh_order_operate.html HTTP/1.1" 200 37
114.84.81.136 - - [18/Oct/2022:11:33:27 +0800] "POST /xingrg/kc/buy/cgsh_order_operate.html HTTP/1.1" 200 4433
114.84.81.136 - - [18/Oct/2022:11:33:29 +0800] "GET /xingrg/kc/print/load_data.html?order_code=212022101805466&kc_code=cgsh&condition= HTTP/1.1" 200 1422
116.238.139.35 - - [18/Oct/2022:11:33:30 +0800] "GET /xingrg/all/function/internal_message.html?_=1666063952107&CODE_STATE=getMsg HTTP/1.1" 200 27
114.84.81.136 - - [18/Oct/2022:11:33:39 +0800] "GET /xingrg/all/function/internal_message.html?_=1666064018427&CODE_STATE=getMsg HTTP/1.1" 302 -
116.238.139.35 - - [18/Oct/2022:11:33:53 +0800] "GET /xingrg/all/function/internal_message.html?_=1666064029836&CODE_STATE=getMsg HTTP/1.1" 200 27
101.85.93.18 - - [18/Oct/2022:11:33:53 +0800] "GET /xingrg/all/function/internal_message.html?_=1666064030561&CODE_STATE=getMsg HTTP/1.1" 200 27
101.85.93.18 - - [18/Oct/2022:11:33:53 +0800] "GET /xingrg/check_reg.html?_=1666064030564 HTTP/1.1" 200 22
116.238.139.35 - - [18/Oct/2022:11:33:54 +0800] "GET /xingrg/check_reg.html?_=1666064031743 HTTP/1.1" 200 22
222.70.183.206 - - [18/Oct/2022:11:33:58 +0800] "GET /xingrg/all/function/internal_message.html?_=1666063972446&CODE_STATE=getMsg HTTP/1.1" 200 27
221.239.141.151 - - [18/Oct/2022:11:33:59 +0800] "GET /xingrg/check_reg.html?_=1666064037949 HTTP/1.1" 200 22
124.79.74.72 - - [18/Oct/2022:11:34:00 +0800] "GET /xingrg/all/function/internal_message.html?_=1666064035355&CODE_STATE=getMsg HTTP/1.1" 200 27
124.79.74.72 - - [18/Oct/2022:11:34:00 +0800] "GET /xingrg/check_reg.html?_=1666064035357 HTTP/1.1" 200 22
114.84.81.136 - - [18/Oct/2022:11:34:00 +0800] "GET /xingrg/all/function/internal_message.html?_=1666064037302&CODE_STATE=getMsg HTTP/1.1" 200 27
221.239.141.151 - - [18/Oct/2022:11:34:01 +0800] "GET /xingrg/all/function/internal_message.html?_=1666064040501&CODE_STATE=getMsg HTTP/1.1" 200 27
120.253.135.82 - - [18/Oct/2022:11:34:02 +0800] "GET /xingrg/all/function/internal_message.html?_=1666063834486&CODE_STATE=getMsg HTTP/1.1" 200 27
222.70.183.206 - - [18/Oct/2022:11:34:20 +0800] "GET /xingrg/all/function/internal_message.html?_=1666064056767&CODE_STATE=getMsg HTTP/1.1" 200 27
114.88.159.190 - - [18/Oct/2022:11:34:22 +0800] "GET /xingrg/all/function/internal_message.html?_=1666063687019&CODE_STATE=getMsg HTTP/1.1" 200 27
116.230.114.213 - - [18/Oct/2022:11:34:22 +0800] "GET /xingrg/check_reg.html?_=1666064065238 HTTP/1.1" 200 22
222.69.192.207 - - [18/Oct/2022:11:34:23 +0800] "GET /xingrg/all/function/internal_message.html?_=1666063914081&CODE_STATE=getMsg HTTP/1.1" 200 27
116.230.114.213 - - [18/Oct/2022:11:34:23 +0800] "GET /xingrg/all/function/internal_message.html?_=1666064066154&CODE_STATE=getMsg HTTP/1.1" 200 27
116.238.139.35 - - [18/Oct/2022:11:34:28 +0800] "GET /xingrg/check_reg.html?_=1666064010462 HTTP/1.1" 200 22
116.238.139.35 - - [18/Oct/2022:11:34:30 +0800] "GET /xingrg/all/function/internal_message.html?_=1666064012120&CODE_STATE=getMsg HTTP/1.1" 200 27
116.238.139.35 - - [18/Oct/2022:11:34:53 +0800] "GET /xingrg/all/function/internal_message.html?_=1666064089816&CODE_STATE=getMsg HTTP/1.1" 200 27
101.85.93.18 - - [18/Oct/2022:11:34:53 +0800] "GET /xingrg/all/function/internal_message.html?_=1666064090564&CODE_STATE=getMsg HTTP/1.1" 200 27
222.70.183.206 - - [18/Oct/2022:11:34:58 +0800] "GET /xingrg/all/function/internal_message.html?_=1666064032456&CODE_STATE=getMsg HTTP/1.1" 200 27
124.79.74.72 - - [18/Oct/2022:11:35:00 +0800] "GET /xingrg/all/function/internal_message.html?_=1666064095357&CODE_STATE=getMsg HTTP/1.1" 200 27
114.84.81.136 - - [18/Oct/2022:11:35:00 +0800] "GET /xingrg/all/function/internal_message.html?_=1666064097286&CODE_STATE=getMsg HTTP/1.1" 200 27
221.239.141.151 - - [18/Oct/2022:11:35:01 +0800] "GET /xingrg/all/function/internal_message.html?_=1666064100493&CODE_STATE=getMsg HTTP/1.1" 200 27
120.253.135.82 - - [18/Oct/2022:11:35:02 +0800] "GET /xingrg/all/function/internal_message.html?_=1666063894734&CODE_STATE=getMsg HTTP/1.1" 200 27
222.70.183.206 - - [18/Oct/2022:11:35:20 +0800] "GET /xingrg/all/function/internal_message.html?_=1666064116767&CODE_STATE=getMsg HTTP/1.1" 200 27
114.88.159.190 - - [18/Oct/2022:11:35:22 +0800] "GET /xingrg/all/function/internal_message.html?_=1666063747021&CODE_STATE=getMsg HTTP/1.1" 200 27
222.69.192.207 - - [18/Oct/2022:11:35:23 +0800] "GET /xingrg/all/function/internal_message.html?_=1666063974081&CODE_STATE=getMsg HTTP/1.1" 200 27
116.230.114.213 - - [18/Oct/2022:11:35:23 +0800] "GET /xingrg/all/function/internal_message.html?_=1666064126167&CODE_STATE=getMsg HTTP/1.1" 200 27
116.238.139.35 - - [18/Oct/2022:11:35:30 +0800] "GET /xingrg/all/function/internal_message.html?_=1666064072134&CODE_STATE=getMsg HTTP/1.1" 200 27
114.84.81.136 - - [18/Oct/2022:11:35:51 +0800] "GET /xingrg/all/function/internal_message.html?_=1666064150687&CODE_STATE=getMsg HTTP/1.1" 302 -
116.238.139.35 - - [18/Oct/2022:11:35:53 +0800] "GET /xingrg/all/function/internal_message.html?_=1666064149803&CODE_STATE=getMsg HTTP/1.1" 200 27
101.85.93.18 - - [18/Oct/2022:11:35:53 +0800] "GET /xingrg/all/function/internal_message.html?_=1666064150565&CODE_STATE=getMsg HTTP/1.1" 200 27
222.70.183.206 - - [18/Oct/2022:11:35:58 +0800] "GET /xingrg/all/function/internal_message.html?_=1666064092443&CODE_STATE=getMsg HTTP/1.1" 200 27
222.70.183.206 - - [18/Oct/2022:11:35:58 +0800] "GET /xingrg/check_reg.html?_=1666064092445 HTTP/1.1" 200 22
114.84.81.136 - - [18/Oct/2022:11:36:00 +0800] "GET /xingrg/all/function/internal_message.html?_=1666064157257&CODE_STATE=getMsg HTTP/1.1" 200 27
124.79.74.72 - - [18/Oct/2022:11:36:00 +0800] "GET /xingrg/all/function/internal_message.html?_=1666064155361&CODE_STATE=getMsg HTTP/1.1" 200 27
221.239.141.151 - - [18/Oct/2022:11:36:01 +0800] "GET /xingrg/all/function/internal_message.html?_=1666064160483&CODE_STATE=getMsg HTTP/1.1" 200 27
120.253.135.82 - - [18/Oct/2022:11:36:02 +0800] "GET /xingrg/all/function/internal_message.html?_=1666063954746&CODE_STATE=getMsg HTTP/1.1" 200 27
180.169.147.146 - - [18/Oct/2022:11:36:08 +0800] "GET /xingrg/check_reg.html?_=1666064165246 HTTP/1.1" 200 22
222.70.183.206 - - [18/Oct/2022:11:36:20 +0800] "GET /xingrg/all/function/internal_message.html?_=1666064176770&CODE_STATE=getMsg HTTP/1.1" 200 27
114.88.159.190 - - [18/Oct/2022:11:36:22 +0800] "GET /xingrg/all/function/internal_message.html?_=1666063807006&CODE_STATE=getMsg HTTP/1.1" 200 27
222.69.192.207 - - [18/Oct/2022:11:36:23 +0800] "GET /xingrg/check_reg.html?_=1666064034070 HTTP/1.1" 200 22
222.69.192.207 - - [18/Oct/2022:11:36:23 +0800] "GET /xingrg/all/function/internal_message.html?_=1666064034073&CODE_STATE=getMsg HTTP/1.1" 200 27
116.230.114.213 - - [18/Oct/2022:11:36:23 +0800] "GET /xingrg/all/function/internal_message.html?_=1666064186185&CODE_STATE=getMsg HTTP/1.1" 200 27
116.238.139.35 - - [18/Oct/2022:11:36:30 +0800] "GET /xingrg/all/function/internal_message.html?_=1666064132147&CODE_STATE=getMsg HTTP/1.1" 200 27
114.84.81.136 - - [18/Oct/2022:11:36:35 +0800] "GET /xingrg/check_reg.html?_=1666064194374 HTTP/1.1" 302 -
116.238.139.35 - - [18/Oct/2022:11:36:53 +0800] "GET /xingrg/all/function/internal_message.html?_=1666064209798&CODE_STATE=getMsg HTTP/1.1" 200 27
101.85.93.18 - - [18/Oct/2022:11:36:53 +0800] "GET /xingrg/all/function/internal_message.html?_=1666064210567&CODE_STATE=getMsg HTTP/1.1" 200 27
222.70.183.206 - - [18/Oct/2022:11:36:58 +0800] "GET /xingrg/all/function/internal_message.html?_=1666064152458&CODE_STATE=getMsg HTTP/1.1" 200 27
114.84.81.136 - - [18/Oct/2022:11:37:00 +0800] "GET /xingrg/check_reg.html?_=1666064217258 HTTP/1.1" 200 22
114.84.81.136 - - [18/Oct/2022:11:37:00 +0800] "GET /xingrg/all/function/internal_message.html?_=1666064217261&CODE_STATE=getMsg HTTP/1.1" 200 27
124.79.74.72 - - [18/Oct/2022:11:37:00 +0800] "GET /xingrg/all/function/internal_message.html?_=1666064215364&CODE_STATE=getMsg HTTP/1.1" 200 27
120.253.135.82 - - [18/Oct/2022:11:37:01 +0800] "GET /xingrg/check_reg.html?_=1666064014213 HTTP/1.1" 200 22
221.239.141.151 - - [18/Oct/2022:11:37:01 +0800] "GET /xingrg/all/function/internal_message.html?_=1666064220458&CODE_STATE=getMsg HTTP/1.1" 200 27
120.253.135.82 - - [18/Oct/2022:11:37:02 +0800] "GET /xingrg/all/function/internal_message.html?_=1666064014760&CODE_STATE=getMsg HTTP/1.1" 200 27
58.221.95.50 - - [18/Oct/2022:11:37:06 +0800] "GET /xingrg/check_reg.html?_=1666064246445 HTTP/1.1" 302 -
222.70.183.206 - - [18/Oct/2022:11:37:20 +0800] "GET /xingrg/all/function/internal_message.html?_=1666064236770&CODE_STATE=getMsg HTTP/1.1" 200 27
114.88.159.190 - - [18/Oct/2022:11:37:22 +0800] "GET /xingrg/all/function/internal_message.html?_=1666063867019&CODE_STATE=getMsg HTTP/1.1" 200 27
222.69.192.207 - - [18/Oct/2022:11:37:23 +0800] "GET /xingrg/all/function/internal_message.html?_=1666064094073&CODE_STATE=getMsg HTTP/1.1" 200 27
116.230.114.213 - - [18/Oct/2022:11:37:24 +0800] "GET /xingrg/all/function/internal_message.html?_=1666064246287&CODE_STATE=getMsg HTTP/1.1" 200 27
116.238.139.35 - - [18/Oct/2022:11:37:30 +0800] "GET /xingrg/all/function/internal_message.html?_=1666064192169&CODE_STATE=getMsg HTTP/1.1" 200 27
116.238.139.35 - - [18/Oct/2022:11:37:53 +0800] "GET /xingrg/all/function/internal_message.html?_=1666064269784&CODE_STATE=getMsg HTTP/1.1" 200 27
101.85.93.18 - - [18/Oct/2022:11:37:53 +0800] "GET /xingrg/all/function/internal_message.html?_=1666064270570&CODE_STATE=getMsg HTTP/1.1" 200 27
222.70.183.206 - - [18/Oct/2022:11:37:58 +0800] "GET /xingrg/all/function/internal_message.html?_=1666064212451&CODE_STATE=getMsg HTTP/1.1" 200 27
114.84.81.136 - - [18/Oct/2022:11:38:00 +0800] "GET /xingrg/all/function/internal_message.html?_=1666064277246&CODE_STATE=getMsg HTTP/1.1" 200 27
124.79.74.72 - - [18/Oct/2022:11:38:00 +0800] "GET /xingrg/all/function/internal_message.html?_=1666064275351&CODE_STATE=getMsg HTTP/1.1" 200 27
221.239.141.151 - - [18/Oct/2022:11:38:01 +0800] "GET /xingrg/all/function/internal_message.html?_=1666064280447&CODE_STATE=getMsg HTTP/1.1" 200 27
120.253.135.82 - - [18/Oct/2022:11:38:02 +0800] "GET /xingrg/all/function/internal_message.html?_=1666064074774&CODE_STATE=getMsg HTTP/1.1" 200 27
114.84.81.136 - - [18/Oct/2022:11:38:03 +0800] "GET /xingrg/all/function/internal_message.html?_=1666064282949&CODE_STATE=getMsg HTTP/1.1" 302 -
222.70.183.206 - - [18/Oct/2022:11:38:20 +0800] "GET /xingrg/check_reg.html?_=1666064296771 HTTP/1.1" 200 22
222.70.183.206 - - [18/Oct/2022:11:38:20 +0800] "GET /xingrg/all/function/internal_message.html?_=1666064296775&CODE_STATE=getMsg HTTP/1.1" 200 27
114.88.159.190 - - [18/Oct/2022:11:38:22 +0800] "GET /xingrg/all/function/internal_message.html?_=1666063927021&CODE_STATE=getMsg HTTP/1.1" 200 27
114.88.159.190 - - [18/Oct/2022:11:38:22 +0800] "GET /xingrg/check_reg.html?_=1666063927022 HTTP/1.1" 200 22
222.69.192.207 - - [18/Oct/2022:11:38:23 +0800] "GET /xingrg/all/function/internal_message.html?_=1666064154074&CODE_STATE=getMsg HTTP/1.1" 200 27
116.230.114.213 - - [18/Oct/2022:11:38:24 +0800] "GET /xingrg/all/function/internal_message.html?_=1666064306302&CODE_STATE=getMsg HTTP/1.1" 200 27
116.238.139.35 - - [18/Oct/2022:11:38:30 +0800] "GET /xingrg/all/function/internal_message.html?_=1666064252174&CODE_STATE=getMsg HTTP/1.1" 200 27
116.238.139.35 - - [18/Oct/2022:11:38:52 +0800] "GET /xingrg/all/function/internal_message.html?_=1666064329768&CODE_STATE=getMsg HTTP/1.1" 200 27
101.85.93.18 - - [18/Oct/2022:11:38:53 +0800] "GET /xingrg/check_reg.html?_=1666064330558 HTTP/1.1" 200 22
101.85.93.18 - - [18/Oct/2022:11:38:53 +0800] "GET /xingrg/all/function/internal_message.html?_=1666064330559&CODE_STATE=getMsg HTTP/1.1" 200 27
116.238.139.35 - - [18/Oct/2022:11:38:54 +0800] "GET /xingrg/check_reg.html?_=1666064331772 HTTP/1.1" 200 22
222.70.183.206 - - [18/Oct/2022:11:38:58 +0800] "GET /xingrg/all/function/internal_message.html?_=1666064272442&CODE_STATE=getMsg HTTP/1.1" 200 27
221.239.141.151 - - [18/Oct/2022:11:38:59 +0800] "GET /xingrg/check_reg.html?_=1666064337954 HTTP/1.1" 200 22
114.84.81.136 - - [18/Oct/2022:11:39:00 +0800] "GET /xingrg/all/function/internal_message.html?_=1666064337252&CODE_STATE=getMsg HTTP/1.1" 200 27
124.79.74.72 - - [18/Oct/2022:11:39:00 +0800] "GET /xingrg/all/function/internal_message.html?_=1666064335352&CODE_STATE=getMsg HTTP/1.1" 200 27
124.79.74.72 - - [18/Oct/2022:11:39:00 +0800] "GET /xingrg/check_reg.html?_=1666064335353 HTTP/1.1" 200 22
221.239.141.151 - - [18/Oct/2022:11:39:01 +0800] "GET /xingrg/all/function/internal_message.html?_=1666064340425&CODE_STATE=getMsg HTTP/1.1" 200 27
120.253.135.82 - - [18/Oct/2022:11:39:02 +0800] "GET /xingrg/all/function/internal_message.html?_=1666064134787&CODE_STATE=getMsg HTTP/1.1" 200 27
222.70.183.206 - - [18/Oct/2022:11:39:20 +0800] "GET /xingrg/all/function/internal_message.html?_=1666064356762&CODE_STATE=getMsg HTTP/1.1" 200 27
114.88.159.190 - - [18/Oct/2022:11:39:22 +0800] "GET /xingrg/all/function/internal_message.html?_=1666063987045&CODE_STATE=getMsg HTTP/1.1" 200 27
116.230.114.213 - - [18/Oct/2022:11:39:23 +0800] "GET /xingrg/check_reg.html?_=1666064365329 HTTP/1.1" 200 22
222.69.192.207 - - [18/Oct/2022:11:39:23 +0800] "GET /xingrg/all/function/internal_message.html?_=1666064214075&CODE_STATE=getMsg HTTP/1.1" 200 27
116.230.114.213 - - [18/Oct/2022:11:39:24 +0800] "GET /xingrg/all/function/internal_message.html?_=1666064366315&CODE_STATE=getMsg HTTP/1.1" 200 27
116.238.139.35 - - [18/Oct/2022:11:39:28 +0800] "GET /xingrg/check_reg.html?_=1666064310471 HTTP/1.1" 200 22
116.238.139.35 - - [18/Oct/2022:11:39:30 +0800] "GET /xingrg/all/function/internal_message.html?_=1666064312188&CODE_STATE=getMsg HTTP/1.1" 200 27
116.238.139.35 - - [18/Oct/2022:11:39:52 +0800] "GET /xingrg/all/function/internal_message.html?_=1666064389760&CODE_STATE=getMsg HTTP/1.1" 200 27
101.85.93.18 - - [18/Oct/2022:11:39:53 +0800] "GET /xingrg/all/function/internal_message.html?_=1666064390558&CODE_STATE=getMsg HTTP/1.1" 200 27
