222.70.183.206 - - [18/Oct/2022:13:28:11 +0800] "GET /xingrg/all/function/internal_message.html?_=1666070890535&CODE_STATE=getMsg HTTP/1.1" 200 27
114.84.81.136 - - [18/Oct/2022:13:28:16 +0800] "GET /xingrg/all/function/internal_message.html?_=1666070895925&CODE_STATE=getMsg HTTP/1.1" 302 -
222.70.183.206 - - [18/Oct/2022:13:28:20 +0800] "GET /xingrg/check_reg.html?_=1666070896896 HTTP/1.1" 200 22
222.70.183.206 - - [18/Oct/2022:13:28:20 +0800] "GET /xingrg/all/function/internal_message.html?_=1666070896899&CODE_STATE=getMsg HTTP/1.1" 200 27
120.253.135.82 - - [18/Oct/2022:13:28:21 +0800] "GET /xingrg/all/function/internal_message.html?_=1666071010206&CODE_STATE=getMsg HTTP/1.1" 200 27
221.239.141.151 - - [18/Oct/2022:13:28:21 +0800] "GET /xingrg/all/function/internal_message.html?_=1666070900431&CODE_STATE=getMsg HTTP/1.1" 200 27
222.69.192.207 - - [18/Oct/2022:13:28:24 +0800] "GET /xingrg/all/function/internal_message.html?_=1666070754289&CODE_STATE=getMsg HTTP/1.1" 200 27
120.253.135.82 - - [18/Oct/2022:13:28:33 +0800] "GET /xingrg/all/function/internal_message.html?_=1666070706906&CODE_STATE=getMsg HTTP/1.1" 200 27
116.230.114.213 - - [18/Oct/2022:13:28:43 +0800] "GET /xingrg/all/function/internal_message.html?_=1666070926054&CODE_STATE=getMsg HTTP/1.1" 200 27
180.169.147.146 - - [18/Oct/2022:13:28:50 +0800] "GET /xingrg/all/function/internal_message.html?_=1666070926818&CODE_STATE=getMsg HTTP/1.1" 200 27
180.169.147.146 - - [18/Oct/2022:13:28:50 +0800] "GET /xingrg/check_reg.html?_=1666070926820 HTTP/1.1" 200 22
114.88.159.190 - - [18/Oct/2022:13:28:51 +0800] "GET /xingrg/all/function/internal_message.html?_=1666070555232&CODE_STATE=getMsg HTTP/1.1" 200 27
222.69.192.207 - - [18/Oct/2022:13:28:52 +0800] "GET /xingrg/kc/buy/cgsh_order_operate.html?command=get_materiel&rest_code=00105&code=00101001168&supplier_code=00100313&order_time=2022-10-18 HTTP/1.1" 200 414
101.85.93.18 - - [18/Oct/2022:13:28:53 +0800] "GET /xingrg/all/function/internal_message.html?_=1666070930747&CODE_STATE=getMsg HTTP/1.1" 200 27
101.85.93.18 - - [18/Oct/2022:13:28:53 +0800] "GET /xingrg/check_reg.html?_=1666070930749 HTTP/1.1" 200 22
124.79.243.136 - - [18/Oct/2022:13:28:56 +0800] "GET /xingrg/all/function/internal_message.html?_=1666071138842&CODE_STATE=getMsg HTTP/1.1" 200 27
114.84.81.136 - - [18/Oct/2022:13:28:59 +0800] "GET /xingrg/all/function/internal_message.html?_=1666070936672&CODE_STATE=getMsg HTTP/1.1" 200 27
222.70.183.206 - - [18/Oct/2022:13:29:02 +0800] "GET /xingrg/all/function/internal_message.html?_=1666070876109&CODE_STATE=getMsg HTTP/1.1" 200 27
116.238.139.35 - - [18/Oct/2022:13:29:08 +0800] "GET /xingrg/all/function/internal_message.html?_=1666070890543&CODE_STATE=getMsg HTTP/1.1" 200 27
222.70.183.206 - - [18/Oct/2022:13:29:11 +0800] "GET /xingrg/all/function/internal_message.html?_=1666070950533&CODE_STATE=getMsg HTTP/1.1" 200 27
222.70.183.206 - - [18/Oct/2022:13:29:20 +0800] "GET /xingrg/all/function/internal_message.html?_=1666070956885&CODE_STATE=getMsg HTTP/1.1" 200 27
221.239.141.151 - - [18/Oct/2022:13:29:21 +0800] "GET /xingrg/check_reg.html?_=1666070959774 HTTP/1.1" 200 22
120.253.135.82 - - [18/Oct/2022:13:29:21 +0800] "GET /xingrg/all/function/internal_message.html?_=1666071070208&CODE_STATE=getMsg HTTP/1.1" 200 27
221.239.141.151 - - [18/Oct/2022:13:29:21 +0800] "GET /xingrg/all/function/internal_message.html?_=1666070960430&CODE_STATE=getMsg HTTP/1.1" 200 27
116.230.114.213 - - [18/Oct/2022:13:29:23 +0800] "GET /xingrg/check_reg.html?_=1666070965610 HTTP/1.1" 200 22
222.69.192.207 - - [18/Oct/2022:13:29:24 +0800] "GET /xingrg/all/function/internal_message.html?_=1666070814280&CODE_STATE=getMsg HTTP/1.1" 200 27
222.69.192.207 - - [18/Oct/2022:13:29:24 +0800] "GET /xingrg/kc/buy/cgsh_order_operate.html?command=get_materiel&rest_code=00105&code=00101001135&supplier_code=00100313&order_time=2022-10-18 HTTP/1.1" 200 436
120.253.135.82 - - [18/Oct/2022:13:29:33 +0800] "GET /xingrg/all/function/internal_message.html?_=1666070766920&CODE_STATE=getMsg HTTP/1.1" 200 27
116.230.114.213 - - [18/Oct/2022:13:29:43 +0800] "GET /xingrg/all/function/internal_message.html?_=1666070986063&CODE_STATE=getMsg HTTP/1.1" 200 27
180.169.147.146 - - [18/Oct/2022:13:29:50 +0800] "GET /xingrg/all/function/internal_message.html?_=1666070986817&CODE_STATE=getMsg HTTP/1.1" 200 27
114.88.159.190 - - [18/Oct/2022:13:29:51 +0800] "GET /xingrg/check_reg.html?_=1666070615233 HTTP/1.1" 200 22
114.88.159.190 - - [18/Oct/2022:13:29:51 +0800] "GET /xingrg/all/function/internal_message.html?_=1666070615235&CODE_STATE=getMsg HTTP/1.1" 200 27
101.85.93.18 - - [18/Oct/2022:13:29:53 +0800] "GET /xingrg/all/function/internal_message.html?_=1666070990751&CODE_STATE=getMsg HTTP/1.1" 200 27
124.79.243.136 - - [18/Oct/2022:13:29:56 +0800] "GET /xingrg/all/function/internal_message.html?_=1666071198814&CODE_STATE=getMsg HTTP/1.1" 200 27
114.84.81.136 - - [18/Oct/2022:13:29:59 +0800] "GET /xingrg/all/function/internal_message.html?_=1666070996656&CODE_STATE=getMsg HTTP/1.1" 200 27
222.70.183.206 - - [18/Oct/2022:13:30:02 +0800] "GET /xingrg/all/function/internal_message.html?_=1666070936116&CODE_STATE=getMsg HTTP/1.1" 200 27
222.70.183.206 - - [18/Oct/2022:13:30:02 +0800] "GET /xingrg/check_reg.html?_=1666070936118 HTTP/1.1" 200 22
116.238.139.35 - - [18/Oct/2022:13:30:08 +0800] "GET /xingrg/all/function/internal_message.html?_=1666070950545&CODE_STATE=getMsg HTTP/1.1" 200 27
222.69.192.207 - - [18/Oct/2022:13:30:09 +0800] "GET /xingrg/kc/buy/cgsh_order_operate.html?command=get_materiel&rest_code=00105&code=00101001260&supplier_code=00100313&order_time=2022-10-18 HTTP/1.1" 200 409
222.70.183.206 - - [18/Oct/2022:13:30:11 +0800] "GET /xingrg/all/function/internal_message.html?_=1666071010535&CODE_STATE=getMsg HTTP/1.1" 200 27
222.70.183.206 - - [18/Oct/2022:13:30:11 +0800] "GET /xingrg/check_reg.html?_=1666071010537 HTTP/1.1" 200 22
222.70.183.206 - - [18/Oct/2022:13:30:20 +0800] "GET /xingrg/all/function/internal_message.html?_=1666071016887&CODE_STATE=getMsg HTTP/1.1" 200 27
120.253.135.82 - - [18/Oct/2022:13:30:20 +0800] "GET /xingrg/check_reg.html?_=1666071129308 HTTP/1.1" 200 22
120.253.135.82 - - [18/Oct/2022:13:30:21 +0800] "GET /xingrg/all/function/internal_message.html?_=1666071130221&CODE_STATE=getMsg HTTP/1.1" 200 27
222.69.192.207 - - [18/Oct/2022:13:30:24 +0800] "GET /xingrg/all/function/internal_message.html?_=1666070874280&CODE_STATE=getMsg HTTP/1.1" 200 27
222.69.192.207 - - [18/Oct/2022:13:30:24 +0800] "GET /xingrg/kc/buy/cgsh_order_operate.html?command=get_materiel&rest_code=00105&code=00101001253&supplier_code=00100313&order_time=2022-10-18 HTTP/1.1" 200 407
120.253.135.82 - - [18/Oct/2022:13:30:28 +0800] "POST /xingrg/kc/buy/cgsh_list_operate.html HTTP/1.1" 200 986
120.253.135.82 - - [18/Oct/2022:13:30:28 +0800] "POST /xingrg/kc/buy/cgsh_list_operate.html HTTP/1.1" 200 986
114.84.81.136 - - [18/Oct/2022:13:30:28 +0800] "GET /xingrg/all/function/internal_message.html?_=1666071028184&CODE_STATE=getMsg HTTP/1.1" 302 -
120.253.135.82 - - [18/Oct/2022:13:30:28 +0800] "GET /xingrg/kc/buy/cgsh_order_list.html HTTP/1.1" 200 53312
120.253.135.82 - - [18/Oct/2022:13:30:29 +0800] "POST /xingrg/kc/buy/cgsh_list_operate.html HTTP/1.1" 200 986
120.253.135.82 - - [18/Oct/2022:13:30:33 +0800] "GET /xingrg/all/function/internal_message.html?_=1666070826937&CODE_STATE=getMsg HTTP/1.1" 200 27
120.253.135.82 - - [18/Oct/2022:13:30:34 +0800] "GET /xingrg/kc/pszx/mdqp_order_list.html?state=10 HTTP/1.1" 200 11062
120.253.135.82 - - [18/Oct/2022:13:30:35 +0800] "GET /xingrg/dwr/interface/AjaxQqpsService.js HTTP/1.1" 200 16326
120.253.135.82 - - [18/Oct/2022:13:30:35 +0800] "GET /xingrg/dwr/interface/AjaxReportQueryService.js HTTP/1.1" 200 13203
120.253.135.82 - - [18/Oct/2022:13:30:35 +0800] "GET /xingrg/dwr/engine.js HTTP/1.1" 200 43631
124.79.243.136 - - [18/Oct/2022:13:30:38 +0800] "GET /xingrg/kc/buy/cgsh_order_add.html HTTP/1.1" 200 69134
124.79.243.136 - - [18/Oct/2022:13:30:39 +0800] "POST /xingrg/kc/buy/cgsh_order_operate.html HTTP/1.1" 200 8245
124.79.243.136 - - [18/Oct/2022:13:30:39 +0800] "GET /xingrg/javascript/easyui/themes/default/validatebox.css HTTP/1.1" 404 1104
120.253.135.82 - - [18/Oct/2022:13:30:40 +0800] "GET /xingrg/kc/pszx/jzcl_ps.html HTTP/1.1" 200 7683
120.253.135.82 - - [18/Oct/2022:13:30:40 +0800] "GET /xingrg/javascript/step/step.css HTTP/1.1" 200 999
120.253.135.82 - - [18/Oct/2022:13:30:40 +0800] "GET /xingrg/css/table.css HTTP/1.1" 200 3684
120.253.135.82 - - [18/Oct/2022:13:30:40 +0800] "GET /xingrg/javascript/tools/jquery.qtip-1.0.0-rc3.min.js HTTP/1.1" 200 38404
120.253.135.82 - - [18/Oct/2022:13:30:40 +0800] "GET /xingrg/javascript/step/images/navCurrentBtn.gif HTTP/1.1" 200 557
120.253.135.82 - - [18/Oct/2022:13:30:40 +0800] "GET /xingrg/javascript/jquery_easy_ui/themes/default/images/button_a_bg.gif HTTP/1.1" 200 1194
120.253.135.82 - - [18/Oct/2022:13:30:40 +0800] "GET /xingrg/javascript/jquery_easy_ui/themes/default/images/button_span_bg.gif HTTP/1.1" 200 2061
120.253.135.82 - - [18/Oct/2022:13:30:40 +0800] "GET /xingrg/javascript/jquery_easy_ui/themes/icons/search.png HTTP/1.1" 200 813
120.253.135.82 - - [18/Oct/2022:13:30:40 +0800] "GET /xingrg/javascript/jquery_easy_ui/themes/default/images/combo_arrow_dot.gif HTTP/1.1" 200 79
120.253.135.82 - - [18/Oct/2022:13:30:40 +0800] "GET /xingrg/javascript/jquery_easy_ui/themes/default/images/calendar_prevmonth.gif HTTP/1.1" 200 66
120.253.135.82 - - [18/Oct/2022:13:30:40 +0800] "GET /xingrg/javascript/jquery_easy_ui/themes/default/images/calendar_prevyear.gif HTTP/1.1" 200 76
120.253.135.82 - - [18/Oct/2022:13:30:40 +0800] "GET /xingrg/javascript/jquery_easy_ui/themes/default/images/calendar_nextmonth.gif HTTP/1.1" 200 64
120.253.135.82 - - [18/Oct/2022:13:30:40 +0800] "POST /xingrg/all/common/load_tree.html?tree=area_rest_tree_json HTTP/1.1" 200 3475
120.253.135.82 - - [18/Oct/2022:13:30:40 +0800] "GET /xingrg/javascript/jquery_easy_ui/themes/default/images/calendar_nextyear.gif HTTP/1.1" 200 75
120.253.135.82 - - [18/Oct/2022:13:30:41 +0800] "GET /xingrg/javascript/jquery_easy_ui/themes/default/images/datagrid_header_bg.gif HTTP/1.1" 200 97
120.253.135.82 - - [18/Oct/2022:13:30:41 +0800] "GET /xingrg/javascript/jquery_easy_ui/themes/default/images/pagination_loading.gif HTTP/1.1" 200 1737
120.253.135.82 - - [18/Oct/2022:13:30:41 +0800] "GET /xingrg/javascript/jquery_easy_ui/themes/default/images/tree_checkbox_0.gif HTTP/1.1" 200 168
120.253.135.82 - - [18/Oct/2022:13:30:41 +0800] "GET /xingrg/javascript/jquery_easy_ui/themes/icons/rest.png HTTP/1.1" 200 695
120.253.135.82 - - [18/Oct/2022:13:30:41 +0800] "POST /xingrg/kc/pszx/jzcl_ps_operate.html HTTP/1.1" 200 806
120.253.135.82 - - [18/Oct/2022:13:30:41 +0800] "POST /xingrg/kc/pszx/jzcl_ps_operate.html HTTP/1.1" 200 806
116.230.114.213 - - [18/Oct/2022:13:30:43 +0800] "GET /xingrg/all/function/internal_message.html?_=1666071046075&CODE_STATE=getMsg HTTP/1.1" 200 27
222.69.192.207 - - [18/Oct/2022:13:30:43 +0800] "GET /xingrg/kc/buy/cgsh_order_operate.html?command=get_materiel&rest_code=00105&code=00101001016&supplier_code=00100313&order_time=2022-10-18 HTTP/1.1" 200 435
120.253.135.82 - - [18/Oct/2022:13:30:45 +0800] "POST /xingrg/kc/pszx/jzcl_ps_operate.html HTTP/1.1" 200 4
120.253.135.82 - - [18/Oct/2022:13:30:45 +0800] "GET /xingrg/javascript/step/images/navBtn.gif HTTP/1.1" 200 361
120.253.135.82 - - [18/Oct/2022:13:30:45 +0800] "GET /xingrg/javascript/step/images/navBtn.gif HTTP/1.1" 200 361
120.253.135.82 - - [18/Oct/2022:13:30:45 +0800] "GET /xingrg/javascript/step/images/navLastDoneBtn.gif HTTP/1.1" 200 552
120.253.135.82 - - [18/Oct/2022:13:30:45 +0800] "GET /xingrg/javascript/step/images/navDoneBtn.gif HTTP/1.1" 200 394
120.253.135.82 - - [18/Oct/2022:13:30:46 +0800] "GET /xingrg/kc/pszx/mdps_order_list.html HTTP/1.1" 200 21048
120.253.135.82 - - [18/Oct/2022:13:30:46 +0800] "POST /xingrg/kc/pszx/jzcl_ps_operate.html HTTP/1.1" 200 397
120.253.135.82 - - [18/Oct/2022:13:30:47 +0800] "POST /xingrg/kc/pszx/mdps_list_operate.html HTTP/1.1" 200 5219
222.69.192.207 - - [18/Oct/2022:13:30:47 +0800] "POST /xingrg/services/DataTransmitService HTTP/1.1" 200 524
120.253.135.82 - - [18/Oct/2022:13:30:50 +0800] "GET /xingrg/kc/pszx/jzcl_ps.html HTTP/1.1" 200 7683
120.253.135.82 - - [18/Oct/2022:13:30:50 +0800] "POST /xingrg/all/common/load_tree.html?tree=area_rest_tree_json HTTP/1.1" 200 3475
120.253.135.82 - - [18/Oct/2022:13:30:50 +0800] "POST /xingrg/kc/pszx/jzcl_ps_operate.html HTTP/1.1" 200 397
180.169.147.146 - - [18/Oct/2022:13:30:50 +0800] "GET /xingrg/all/function/internal_message.html?_=1666071046816&CODE_STATE=getMsg HTTP/1.1" 200 27
120.253.135.82 - - [18/Oct/2022:13:30:50 +0800] "POST /xingrg/kc/pszx/jzcl_ps_operate.html HTTP/1.1" 200 397
114.88.159.190 - - [18/Oct/2022:13:30:51 +0800] "GET /xingrg/all/function/internal_message.html?_=1666070675239&CODE_STATE=getMsg HTTP/1.1" 200 27
101.85.93.18 - - [18/Oct/2022:13:30:53 +0800] "GET /xingrg/all/function/internal_message.html?_=1666071050735&CODE_STATE=getMsg HTTP/1.1" 200 27
120.253.135.82 - - [18/Oct/2022:13:30:55 +0800] "POST /xingrg/kc/pszx/jzcl_ps_operate.html HTTP/1.1" 200 4
124.79.243.136 - - [18/Oct/2022:13:30:56 +0800] "GET /xingrg/all/function/internal_message.html?_=1666071258789&CODE_STATE=getMsg HTTP/1.1" 200 27
120.253.135.82 - - [18/Oct/2022:13:30:56 +0800] "GET /xingrg/kc/pszx/mdps_order_list.html HTTP/1.1" 200 21048
120.253.135.82 - - [18/Oct/2022:13:30:57 +0800] "POST /xingrg/kc/pszx/jzcl_ps_operate.html HTTP/1.1" 200 21
120.253.135.82 - - [18/Oct/2022:13:30:57 +0800] "POST /xingrg/kc/pszx/mdps_list_operate.html HTTP/1.1" 200 5219
114.84.81.136 - - [18/Oct/2022:13:30:59 +0800] "GET /xingrg/all/function/internal_message.html?_=1666071056640&CODE_STATE=getMsg HTTP/1.1" 200 27
116.237.73.226 - - [18/Oct/2022:13:31:00 +0800] "POST /xingrg/services/DataTransmitService HTTP/1.1" 200 524
116.237.73.226 - - [18/Oct/2022:13:31:00 +0800] "POST /xingrg/services/DataTransmitService HTTP/1.1" 200 501
222.70.183.206 - - [18/Oct/2022:13:31:02 +0800] "GET /xingrg/all/function/internal_message.html?_=1666070996116&CODE_STATE=getMsg HTTP/1.1" 200 27
124.79.243.136 - - [18/Oct/2022:13:31:04 +0800] "GET /xingrg/kc/buy/cgsh_order_operate.html?command=get_materiel&rest_code=00104&code=00101006240&supplier_code=00100012&order_time=2022-10-18 HTTP/1.1" 200 422
222.69.192.207 - - [18/Oct/2022:13:31:08 +0800] "GET /xingrg/kc/buy/cgsh_order_operate.html?command=get_materiel&rest_code=00105&code=00101001138&supplier_code=00100313&order_time=2022-10-18 HTTP/1.1" 200 415
180.169.147.146 - - [18/Oct/2022:13:31:08 +0800] "GET /xingrg/check_reg.html?_=1666071064929 HTTP/1.1" 200 22
116.238.139.35 - - [18/Oct/2022:13:31:09 +0800] "GET /xingrg/all/function/internal_message.html?_=1666071010612&CODE_STATE=getMsg HTTP/1.1" 200 27
222.70.183.206 - - [18/Oct/2022:13:31:11 +0800] "GET /xingrg/all/function/internal_message.html?_=1666071070535&CODE_STATE=getMsg HTTP/1.1" 200 27
124.79.243.136 - - [18/Oct/2022:13:31:18 +0800] "POST /xingrg/kc/buy/cgsh_order_operate.html HTTP/1.1" 200 37
222.70.183.206 - - [18/Oct/2022:13:31:20 +0800] "GET /xingrg/all/function/internal_message.html?_=1666071076885&CODE_STATE=getMsg HTTP/1.1" 200 27
124.79.243.136 - - [18/Oct/2022:13:31:20 +0800] "POST /xingrg/kc/buy/cgsh_order_operate.html HTTP/1.1" 200 2670
120.253.135.82 - - [18/Oct/2022:13:31:21 +0800] "GET /xingrg/all/function/internal_message.html?_=1666071190252&CODE_STATE=getMsg HTTP/1.1" 200 27
124.79.243.136 - - [18/Oct/2022:13:31:22 +0800] "GET /xingrg/kc/print/load_data.html?order_code=212022101805559&kc_code=cgsh&condition= HTTP/1.1" 200 786
222.69.192.207 - - [18/Oct/2022:13:31:24 +0800] "GET /xingrg/check_reg.html?_=1666070934288 HTTP/1.1" 200 22
222.69.192.207 - - [18/Oct/2022:13:31:24 +0800] "GET /xingrg/all/function/internal_message.html?_=1666070934284&CODE_STATE=getMsg HTTP/1.1" 200 27
124.79.243.136 - - [18/Oct/2022:13:31:26 +0800] "GET /xingrg/kc/buy/cgsh_order_add.html HTTP/1.1" 200 69134
124.79.243.136 - - [18/Oct/2022:13:31:27 +0800] "GET /xingrg/javascript/easyui/themes/default/validatebox.css HTTP/1.1" 404 1104
124.79.243.136 - - [18/Oct/2022:13:31:27 +0800] "POST /xingrg/kc/buy/cgsh_order_operate.html HTTP/1.1" 200 8245
222.69.192.207 - - [18/Oct/2022:13:31:27 +0800] "GET /xingrg/kc/buy/cgsh_order_operate.html?command=get_materiel&rest_code=00105&code=00101014083&supplier_code=00100313&order_time=2022-10-18 HTTP/1.1" 200 409
120.253.135.82 - - [18/Oct/2022:13:31:33 +0800] "GET /xingrg/all/function/internal_message.html?_=1666070886947&CODE_STATE=getMsg HTTP/1.1" 200 27
222.69.192.207 - - [18/Oct/2022:13:31:41 +0800] "GET /xingrg/kc/buy/cgsh_order_operate.html?command=get_materiel&rest_code=00105&code=00101005066&supplier_code=00100313&order_time=2022-10-18 HTTP/1.1" 200 410
116.230.114.213 - - [18/Oct/2022:13:31:43 +0800] "GET /xingrg/all/function/internal_message.html?_=1666071106335&CODE_STATE=getMsg HTTP/1.1" 200 27
180.169.147.146 - - [18/Oct/2022:13:31:50 +0800] "GET /xingrg/all/function/internal_message.html?_=1666071106816&CODE_STATE=getMsg HTTP/1.1" 200 27
114.88.159.190 - - [18/Oct/2022:13:31:51 +0800] "GET /xingrg/all/function/internal_message.html?_=1666070735228&CODE_STATE=getMsg HTTP/1.1" 200 27
124.79.243.136 - - [18/Oct/2022:13:31:53 +0800] "GET /xingrg/kc/buy/cgsh_order_operate.html?command=get_materiel&rest_code=00104&code=00101013098&supplier_code=00100036&order_time=2022-10-18 HTTP/1.1" 200 416
101.85.93.18 - - [18/Oct/2022:13:31:53 +0800] "GET /xingrg/all/function/internal_message.html?_=1666071110734&CODE_STATE=getMsg HTTP/1.1" 200 27
116.238.139.35 - - [18/Oct/2022:13:31:54 +0800] "GET /xingrg/check_reg.html?_=1666071056033 HTTP/1.1" 200 22
120.253.135.82 - - [18/Oct/2022:13:31:55 +0800] "GET /xingrg/check_reg.html?_=1666070908319 HTTP/1.1" 200 22
124.79.243.136 - - [18/Oct/2022:13:31:56 +0800] "GET /xingrg/all/function/internal_message.html?_=1666071318762&CODE_STATE=getMsg HTTP/1.1" 200 27
114.84.81.136 - - [18/Oct/2022:13:31:59 +0800] "GET /xingrg/all/function/internal_message.html?_=1666071116626&CODE_STATE=getMsg HTTP/1.1" 200 27
222.69.192.207 - - [18/Oct/2022:13:32:00 +0800] "GET /xingrg/kc/buy/cgsh_order_operate.html?command=get_materiel&rest_code=00105&code=00101004023&supplier_code=00100313&order_time=2022-10-18 HTTP/1.1" 200 409
114.84.81.136 - - [18/Oct/2022:13:32:00 +0800] "GET /xingrg/check_reg.html?_=1666071117362 HTTP/1.1" 200 22
222.70.183.206 - - [18/Oct/2022:13:32:02 +0800] "GET /xingrg/all/function/internal_message.html?_=1666071056120&CODE_STATE=getMsg HTTP/1.1" 200 27
120.253.135.82 - - [18/Oct/2022:13:32:06 +0800] "POST /xingrg/kc/pszx/mdps_list_operate.html HTTP/1.1" 200 5218
120.253.135.82 - - [18/Oct/2022:13:32:08 +0800] "POST /xingrg/kc/pszx/mdps_list_operate.html HTTP/1.1" 200 396
116.238.139.35 - - [18/Oct/2022:13:32:09 +0800] "GET /xingrg/all/function/internal_message.html?_=1666071070619&CODE_STATE=getMsg HTTP/1.1" 200 27
120.253.135.82 - - [18/Oct/2022:13:32:11 +0800] "GET /xingrg/kc/pszx/mdps_order_info.html?code=312022101800367 HTTP/1.1" 200 23978
222.70.183.206 - - [18/Oct/2022:13:32:11 +0800] "GET /xingrg/all/function/internal_message.html?_=1666071130534&CODE_STATE=getMsg HTTP/1.1" 200 27
120.253.135.82 - - [18/Oct/2022:13:32:11 +0800] "GET /xingrg/javascript/easyui/themes/default/validatebox.css HTTP/1.1" 404 1104
120.253.135.82 - - [18/Oct/2022:13:32:11 +0800] "POST /xingrg/kc/pszx/mdps_order_operate.html HTTP/1.1" 200 3334
124.79.243.136 - - [18/Oct/2022:13:32:13 +0800] "GET /xingrg/kc/buy/cgsh_order_operate.html?command=get_materiel&rest_code=00104&code=00101012003&supplier_code=00100036&order_time=2022-10-18 HTTP/1.1" 200 413
120.253.135.82 - - [18/Oct/2022:13:32:15 +0800] "POST /xingrg/kc/pszx/mdps_list_operate.html HTTP/1.1" 200 197
120.253.135.82 - - [18/Oct/2022:13:32:15 +0800] "GET /xingrg/kc/pszx/mdps_order_info.html?code=312022101800369 HTTP/1.1" 200 23978
120.253.135.82 - - [18/Oct/2022:13:32:16 +0800] "GET /xingrg/javascript/easyui/themes/default/validatebox.css HTTP/1.1" 404 1104
120.253.135.82 - - [18/Oct/2022:13:32:16 +0800] "POST /xingrg/kc/pszx/mdps_order_operate.html HTTP/1.1" 200 2270
120.253.135.82 - - [18/Oct/2022:13:32:18 +0800] "POST /xingrg/kc/pszx/mdps_list_operate.html HTTP/1.1" 200 5218
120.253.135.82 - - [18/Oct/2022:13:32:19 +0800] "POST /xingrg/kc/pszx/mdps_list_operate.html HTTP/1.1" 200 596
120.253.135.82 - - [18/Oct/2022:13:32:20 +0800] "GET /xingrg/kc/pszx/mdps_order_info.html?code=312022101800370 HTTP/1.1" 200 23978
222.70.183.206 - - [18/Oct/2022:13:32:20 +0800] "GET /xingrg/all/function/internal_message.html?_=1666071136901&CODE_STATE=getMsg HTTP/1.1" 200 27
120.253.135.82 - - [18/Oct/2022:13:32:20 +0800] "GET /xingrg/javascript/easyui/themes/default/validatebox.css HTTP/1.1" 404 1104
120.253.135.82 - - [18/Oct/2022:13:32:20 +0800] "POST /xingrg/kc/pszx/mdps_order_operate.html HTTP/1.1" 200 4762
120.253.135.82 - - [18/Oct/2022:13:32:21 +0800] "GET /xingrg/all/function/internal_message.html?_=1666071250268&CODE_STATE=getMsg HTTP/1.1" 200 27
124.79.243.136 - - [18/Oct/2022:13:32:23 +0800] "GET /xingrg/kc/buy/cgsh_order_operate.html?command=get_materiel&rest_code=00104&code=00101012025&supplier_code=00100036&order_time=2022-10-18 HTTP/1.1" 200 412
222.69.192.207 - - [18/Oct/2022:13:32:24 +0800] "GET /xingrg/all/function/internal_message.html?_=1666070994292&CODE_STATE=getMsg HTTP/1.1" 200 27
120.253.135.82 - - [18/Oct/2022:13:32:32 +0800] "GET /xingrg/kc/pszx/mdps_order_operate.html?command=get_materiel&pszx_code=00101&rest_code=00147&base_code=0010246&code=00101016050 HTTP/1.1" 200 463
222.69.192.207 - - [18/Oct/2022:13:32:33 +0800] "GET /xingrg/kc/buy/cgsh_order_operate.html?command=get_materiel&rest_code=00105&code=00102026001&supplier_code=00100313&order_time=2022-10-18 HTTP/1.1" 200 409
120.253.135.82 - - [18/Oct/2022:13:32:34 +0800] "GET /xingrg/all/function/internal_message.html?_=1666070946963&CODE_STATE=getMsg HTTP/1.1" 200 27
120.253.135.82 - - [18/Oct/2022:13:32:34 +0800] "POST /xingrg/all/common/load_select.html HTTP/1.1" 200 25
120.253.135.82 - - [18/Oct/2022:13:32:36 +0800] "GET /xingrg/kc/pszx/mdps_order_operate.html?command=get_materiel_price&pszx_code=00101&rest_code=00147&base_code=0010246&code=00101016050&unit_code=00100088&order_time=2022-10-19 HTTP/1.1" 200 34
124.79.243.136 - - [18/Oct/2022:13:32:38 +0800] "POST /xingrg/kc/buy/cgsh_order_operate.html HTTP/1.1" 200 37
124.79.243.136 - - [18/Oct/2022:13:32:39 +0800] "POST /xingrg/kc/buy/cgsh_order_operate.html HTTP/1.1" 200 3849
124.79.243.136 - - [18/Oct/2022:13:32:41 +0800] "GET /xingrg/kc/print/load_data.html?order_code=212022101805560&kc_code=cgsh&condition= HTTP/1.1" 200 1213
114.84.81.136 - - [18/Oct/2022:13:32:41 +0800] "GET /xingrg/all/function/internal_message.html?_=1666071160444&CODE_STATE=getMsg HTTP/1.1" 302 -
116.230.114.213 - - [18/Oct/2022:13:32:43 +0800] "GET /xingrg/all/function/internal_message.html?_=1666071166336&CODE_STATE=getMsg HTTP/1.1" 200 27
124.79.243.136 - - [18/Oct/2022:13:32:44 +0800] "GET /xingrg/kc/buy/cgsh_order_add.html HTTP/1.1" 200 69134
124.79.243.136 - - [18/Oct/2022:13:32:45 +0800] "POST /xingrg/kc/buy/cgsh_order_operate.html HTTP/1.1" 200 8245
124.79.243.136 - - [18/Oct/2022:13:32:45 +0800] "GET /xingrg/javascript/easyui/themes/default/validatebox.css HTTP/1.1" 404 1104
120.253.135.82 - - [18/Oct/2022:13:32:47 +0800] "POST /xingrg/kc/pszx/mdps_order_operate.html HTTP/1.1" 200 37
120.253.135.82 - - [18/Oct/2022:13:32:48 +0800] "GET /xingrg/kc/pszx/mdps_order_info.html?code=312022101800370 HTTP/1.1" 200 23978
120.253.135.82 - - [18/Oct/2022:13:32:48 +0800] "GET /xingrg/javascript/easyui/themes/default/validatebox.css HTTP/1.1" 404 1104
120.253.135.82 - - [18/Oct/2022:13:32:48 +0800] "POST /xingrg/kc/pszx/mdps_order_operate.html HTTP/1.1" 200 4779
124.79.243.136 - - [18/Oct/2022:13:32:49 +0800] "GET /xingrg/javascript/jquery_tools/images/prev.gif HTTP/1.1" 404 1086
124.79.243.136 - - [18/Oct/2022:13:32:49 +0800] "GET /xingrg/javascript/jquery_tools/images/next.gif HTTP/1.1" 404 1086
120.253.135.82 - - [18/Oct/2022:13:32:49 +0800] "POST /xingrg/kc/pszx/mdps_list_operate.html HTTP/1.1" 200 5218
180.169.147.146 - - [18/Oct/2022:13:32:50 +0800] "GET /xingrg/all/function/internal_message.html?_=1666071166815&CODE_STATE=getMsg HTTP/1.1" 200 27
114.88.159.190 - - [18/Oct/2022:13:32:51 +0800] "GET /xingrg/all/function/internal_message.html?_=1666070795228&CODE_STATE=getMsg HTTP/1.1" 200 27
120.253.135.82 - - [18/Oct/2022:13:32:52 +0800] "POST /xingrg/kc/pszx/mdps_list_operate.html HTTP/1.1" 200 277
120.253.135.82 - - [18/Oct/2022:13:32:53 +0800] "GET /xingrg/kc/pszx/mdps_order_info.html?code=312022101800371 HTTP/1.1" 200 23978
101.85.93.18 - - [18/Oct/2022:13:32:53 +0800] "GET /xingrg/all/function/internal_message.html?_=1666071170733&CODE_STATE=getMsg HTTP/1.1" 200 27
120.253.135.82 - - [18/Oct/2022:13:32:53 +0800] "GET /xingrg/javascript/easyui/themes/default/validatebox.css HTTP/1.1" 404 1104
120.253.135.82 - - [18/Oct/2022:13:32:53 +0800] "POST /xingrg/kc/pszx/mdps_order_operate.html HTTP/1.1" 200 2770
124.79.243.136 - - [18/Oct/2022:13:32:56 +0800] "GET /xingrg/check_reg.html?_=1666071378504 HTTP/1.1" 200 22
124.79.243.136 - - [18/Oct/2022:13:32:56 +0800] "GET /xingrg/all/function/internal_message.html?_=1666071378745&CODE_STATE=getMsg HTTP/1.1" 200 27
120.253.135.82 - - [18/Oct/2022:13:32:56 +0800] "POST /xingrg/kc/pszx/mdps_list_operate.html HTTP/1.1" 200 5218
120.253.135.82 - - [18/Oct/2022:13:32:58 +0800] "POST /xingrg/kc/pszx/mdps_list_operate.html HTTP/1.1" 200 345
124.79.243.136 - - [18/Oct/2022:13:32:59 +0800] "GET /xingrg/kc/buy/cgsh_order_operate.html?command=get_materiel&rest_code=00104&code=00101001160&supplier_code=00100040&order_time=2022-10-18 HTTP/1.1" 200 408
114.84.81.136 - - [18/Oct/2022:13:32:59 +0800] "GET /xingrg/all/function/internal_message.html?_=1666071176598&CODE_STATE=getMsg HTTP/1.1" 200 27
120.253.135.82 - - [18/Oct/2022:13:33:00 +0800] "GET /xingrg/kc/pszx/mdps_order_info.html?code=312022101800372 HTTP/1.1" 200 23978
120.253.135.82 - - [18/Oct/2022:13:33:01 +0800] "GET /xingrg/javascript/easyui/themes/default/validatebox.css HTTP/1.1" 404 1104
120.253.135.82 - - [18/Oct/2022:13:33:01 +0800] "POST /xingrg/kc/pszx/mdps_order_operate.html HTTP/1.1" 200 3237
222.70.183.206 - - [18/Oct/2022:13:33:02 +0800] "GET /xingrg/all/function/internal_message.html?_=1666071116119&CODE_STATE=getMsg HTTP/1.1" 200 27
116.238.139.35 - - [18/Oct/2022:13:33:09 +0800] "GET /xingrg/all/function/internal_message.html?_=1666071130633&CODE_STATE=getMsg HTTP/1.1" 200 27
222.70.183.206 - - [18/Oct/2022:13:33:11 +0800] "GET /xingrg/all/function/internal_message.html?_=1666071190535&CODE_STATE=getMsg HTTP/1.1" 200 27
120.253.135.82 - - [18/Oct/2022:13:33:17 +0800] "POST /xingrg/kc/pszx/mdps_order_operate.html HTTP/1.1" 200 37
120.253.135.82 - - [18/Oct/2022:13:33:18 +0800] "GET /xingrg/kc/pszx/mdps_order_info.html?code=312022101800372 HTTP/1.1" 200 23978
120.253.135.82 - - [18/Oct/2022:13:33:18 +0800] "GET /xingrg/javascript/easyui/themes/default/validatebox.css HTTP/1.1" 404 1104
120.253.135.82 - - [18/Oct/2022:13:33:18 +0800] "POST /xingrg/kc/pszx/mdps_order_operate.html HTTP/1.1" 200 2758
124.79.243.136 - - [18/Oct/2022:13:33:19 +0800] "POST /xingrg/kc/buy/cgsh_order_operate.html HTTP/1.1" 200 64
222.70.183.206 - - [18/Oct/2022:13:33:20 +0800] "GET /xingrg/check_reg.html?_=1666071196900 HTTP/1.1" 200 22
120.253.135.82 - - [18/Oct/2022:13:33:20 +0800] "POST /xingrg/kc/pszx/mdps_list_operate.html HTTP/1.1" 200 5218
222.70.183.206 - - [18/Oct/2022:13:33:20 +0800] "GET /xingrg/all/function/internal_message.html?_=1666071196905&CODE_STATE=getMsg HTTP/1.1" 200 27
222.69.192.207 - - [18/Oct/2022:13:33:21 +0800] "POST /xingrg/kc/buy/cgsh_order_operate.html HTTP/1.1" 200 37
120.253.135.82 - - [18/Oct/2022:13:33:21 +0800] "GET /xingrg/all/function/internal_message.html?_=1666071310567&CODE_STATE=getMsg HTTP/1.1" 200 27
120.253.135.82 - - [18/Oct/2022:13:33:22 +0800] "POST /xingrg/kc/pszx/mdps_list_operate.html HTTP/1.1" 200 197
120.253.135.82 - - [18/Oct/2022:13:33:23 +0800] "GET /xingrg/kc/pszx/mdps_order_info.html?code=312022101800369 HTTP/1.1" 200 23978
120.253.135.82 - - [18/Oct/2022:13:33:23 +0800] "GET /xingrg/javascript/easyui/themes/default/validatebox.css HTTP/1.1" 404 1104
120.253.135.82 - - [18/Oct/2022:13:33:24 +0800] "POST /xingrg/kc/pszx/mdps_order_operate.html HTTP/1.1" 200 2270
222.69.192.207 - - [18/Oct/2022:13:33:25 +0800] "POST /xingrg/kc/buy/cgsh_order_operate.html HTTP/1.1" 200 7409
120.253.135.82 - - [18/Oct/2022:13:33:25 +0800] "POST /xingrg/kc/pszx/mdps_list_operate.html HTTP/1.1" 200 5218
120.253.135.82 - - [18/Oct/2022:13:33:28 +0800] "POST /xingrg/kc/pszx/mdps_list_operate.html HTTP/1.1" 200 277
124.79.243.136 - - [18/Oct/2022:13:33:29 +0800] "POST /xingrg/kc/buy/cgsh_order_operate.html HTTP/1.1" 200 37
222.69.192.207 - - [18/Oct/2022:13:33:29 +0800] "GET /xingrg/kc/print/load_data.html?order_code=212022101805562&kc_code=cgsh&condition= HTTP/1.1" 200 2482
120.253.135.82 - - [18/Oct/2022:13:33:30 +0800] "POST /xingrg/kc/pszx/mdps_list_operate.html HTTP/1.1" 200 274
124.79.243.136 - - [18/Oct/2022:13:33:31 +0800] "POST /xingrg/kc/buy/cgsh_order_operate.html HTTP/1.1" 200 2658
120.253.135.82 - - [18/Oct/2022:13:33:31 +0800] "GET /xingrg/kc/pszx/mdps_order_info.html?code=312022101800372 HTTP/1.1" 200 23978
120.253.135.82 - - [18/Oct/2022:13:33:32 +0800] "GET /xingrg/javascript/easyui/themes/default/validatebox.css HTTP/1.1" 404 1104
120.253.135.82 - - [18/Oct/2022:13:33:32 +0800] "POST /xingrg/kc/pszx/mdps_order_operate.html HTTP/1.1" 200 2758
124.79.243.136 - - [18/Oct/2022:13:33:33 +0800] "GET /xingrg/kc/print/load_data.html?order_code=212022101805563&kc_code=cgsh&condition= HTTP/1.1" 200 755
120.253.135.82 - - [18/Oct/2022:13:33:34 +0800] "GET /xingrg/all/function/internal_message.html?_=1666071006974&CODE_STATE=getMsg HTTP/1.1" 200 27
120.253.135.82 - - [18/Oct/2022:13:33:40 +0800] "GET /xingrg/kc/pszx/mdps_order_operate.html?command=get_materiel&pszx_code=00101&rest_code=00147&base_code=0010246&code=00101013128 HTTP/1.1" 200 427
116.230.114.213 - - [18/Oct/2022:13:33:44 +0800] "GET /xingrg/all/function/internal_message.html?_=1666071226586&CODE_STATE=getMsg HTTP/1.1" 200 27
120.253.135.82 - - [18/Oct/2022:13:33:45 +0800] "POST /xingrg/kc/pszx/mdps_order_operate.html HTTP/1.1" 200 37
120.253.135.82 - - [18/Oct/2022:13:33:46 +0800] "GET /xingrg/kc/pszx/mdps_order_info.html?code=312022101800372 HTTP/1.1" 200 23978
120.253.135.82 - - [18/Oct/2022:13:33:46 +0800] "GET /xingrg/javascript/easyui/themes/default/validatebox.css HTTP/1.1" 404 1104
120.253.135.82 - - [18/Oct/2022:13:33:46 +0800] "POST /xingrg/kc/pszx/mdps_order_operate.html HTTP/1.1" 200 3235
120.253.135.82 - - [18/Oct/2022:13:33:47 +0800] "POST /xingrg/kc/pszx/mdps_list_operate.html HTTP/1.1" 200 5219
120.253.135.82 - - [18/Oct/2022:13:33:48 +0800] "POST /xingrg/kc/pszx/mdps_list_operate.html HTTP/1.1" 200 197
120.253.135.82 - - [18/Oct/2022:13:33:49 +0800] "GET /xingrg/kc/pszx/mdps_order_info.html?code=312022101800369 HTTP/1.1" 200 23978
120.253.135.82 - - [18/Oct/2022:13:33:49 +0800] "GET /xingrg/javascript/easyui/themes/default/validatebox.css HTTP/1.1" 404 1104
120.253.135.82 - - [18/Oct/2022:13:33:50 +0800] "POST /xingrg/kc/pszx/mdps_order_operate.html HTTP/1.1" 200 2270
180.169.147.146 - - [18/Oct/2022:13:33:50 +0800] "GET /xingrg/all/function/internal_message.html?_=1666071226814&CODE_STATE=getMsg HTTP/1.1" 200 27
180.169.147.146 - - [18/Oct/2022:13:33:50 +0800] "GET /xingrg/check_reg.html?_=1666071226815 HTTP/1.1" 200 22
114.88.159.190 - - [18/Oct/2022:13:33:51 +0800] "GET /xingrg/all/function/internal_message.html?_=1666070855231&CODE_STATE=getMsg HTTP/1.1" 200 27
120.253.135.82 - - [18/Oct/2022:13:33:52 +0800] "POST /xingrg/kc/pszx/mdps_order_operate.html HTTP/1.1" 200 12
120.253.135.82 - - [18/Oct/2022:13:33:52 +0800] "POST /xingrg/kc/pszx/mdps_list_operate.html HTTP/1.1" 200 5034
101.85.93.18 - - [18/Oct/2022:13:33:53 +0800] "GET /xingrg/all/function/internal_message.html?_=1666071230766&CODE_STATE=getMsg HTTP/1.1" 200 27
101.85.93.18 - - [18/Oct/2022:13:33:53 +0800] "GET /xingrg/check_reg.html?_=1666071230767 HTTP/1.1" 200 22
120.253.135.82 - - [18/Oct/2022:13:33:55 +0800] "POST /xingrg/kc/pszx/mdps_list_operate.html HTTP/1.1" 200 345
124.79.243.136 - - [18/Oct/2022:13:33:56 +0800] "GET /xingrg/all/function/internal_message.html?_=1666071438722&CODE_STATE=getMsg HTTP/1.1" 200 27
120.253.135.82 - - [18/Oct/2022:13:33:56 +0800] "POST /xingrg/kc/pszx/mdps_list_operate.html HTTP/1.1" 200 204
120.253.135.82 - - [18/Oct/2022:13:33:59 +0800] "GET /xingrg/kc/pszx/mdps_order_info.html?code=312022101800372 HTTP/1.1" 200 23978
114.84.81.136 - - [18/Oct/2022:13:33:59 +0800] "GET /xingrg/all/function/internal_message.html?_=1666071236583&CODE_STATE=getMsg HTTP/1.1" 200 27
120.253.135.82 - - [18/Oct/2022:13:33:59 +0800] "GET /xingrg/javascript/easyui/themes/default/validatebox.css HTTP/1.1" 404 1104
120.253.135.82 - - [18/Oct/2022:13:33:59 +0800] "POST /xingrg/kc/pszx/mdps_order_operate.html HTTP/1.1" 200 3235
222.70.183.206 - - [18/Oct/2022:13:34:02 +0800] "GET /xingrg/all/function/internal_message.html?_=1666071176118&CODE_STATE=getMsg HTTP/1.1" 200 27
124.79.243.136 - - [18/Oct/2022:13:34:03 +0800] "GET /xingrg/kc/buy/cgsh_order_add.html HTTP/1.1" 200 69134
124.79.243.136 - - [18/Oct/2022:13:34:04 +0800] "GET /xingrg/javascript/easyui/themes/default/validatebox.css HTTP/1.1" 404 1104
124.79.243.136 - - [18/Oct/2022:13:34:04 +0800] "POST /xingrg/kc/buy/cgsh_order_operate.html HTTP/1.1" 200 8245
120.253.135.82 - - [18/Oct/2022:13:34:05 +0800] "GET /xingrg/kc/pszx/mdps_order_operate.html?command=get_materiel&pszx_code=00101&rest_code=00147&base_code=0010246&code=00101019298 HTTP/1.1" 200 456
116.238.139.35 - - [18/Oct/2022:13:34:09 +0800] "GET /xingrg/all/function/internal_message.html?_=1666071190701&CODE_STATE=getMsg HTTP/1.1" 200 27
120.253.135.82 - - [18/Oct/2022:13:34:11 +0800] "POST /xingrg/kc/pszx/mdps_order_operate.html HTTP/1.1" 200 37
222.70.183.206 - - [18/Oct/2022:13:34:11 +0800] "GET /xingrg/all/function/internal_message.html?_=1666071250534&CODE_STATE=getMsg HTTP/1.1" 200 27
120.253.135.82 - - [18/Oct/2022:13:34:11 +0800] "GET /xingrg/kc/pszx/mdps_order_info.html?code=312022101800372 HTTP/1.1" 200 23978
120.253.135.82 - - [18/Oct/2022:13:34:12 +0800] "GET /xingrg/javascript/easyui/themes/default/validatebox.css HTTP/1.1" 404 1104
120.253.135.82 - - [18/Oct/2022:13:34:12 +0800] "POST /xingrg/kc/pszx/mdps_order_operate.html HTTP/1.1" 200 3728
120.253.135.82 - - [18/Oct/2022:13:34:13 +0800] "POST /xingrg/kc/pszx/mdps_list_operate.html HTTP/1.1" 200 5034
120.253.135.82 - - [18/Oct/2022:13:34:15 +0800] "POST /xingrg/kc/pszx/mdps_list_operate.html HTTP/1.1" 200 204
120.253.135.82 - - [18/Oct/2022:13:34:16 +0800] "GET /xingrg/kc/pszx/mdps_order_info.html?code=312022101800373 HTTP/1.1" 200 23978
120.253.135.82 - - [18/Oct/2022:13:34:17 +0800] "GET /xingrg/javascript/easyui/themes/default/validatebox.css HTTP/1.1" 404 1104
120.253.135.82 - - [18/Oct/2022:13:34:17 +0800] "POST /xingrg/kc/pszx/mdps_order_operate.html HTTP/1.1" 200 2279
222.70.183.206 - - [18/Oct/2022:13:34:20 +0800] "GET /xingrg/all/function/internal_message.html?_=1666071256889&CODE_STATE=getMsg HTTP/1.1" 200 27
120.253.135.82 - - [18/Oct/2022:13:34:20 +0800] "POST /xingrg/kc/pszx/mdps_order_operate.html HTTP/1.1" 200 12
120.253.135.82 - - [18/Oct/2022:13:34:21 +0800] "POST /xingrg/kc/pszx/mdps_list_operate.html HTTP/1.1" 200 4663
120.253.135.82 - - [18/Oct/2022:13:34:21 +0800] "GET /xingrg/all/function/internal_message.html?_=1666071370588&CODE_STATE=getMsg HTTP/1.1" 200 27
116.230.114.213 - - [18/Oct/2022:13:34:23 +0800] "GET /xingrg/check_reg.html?_=1666071265616 HTTP/1.1" 200 22
120.253.135.82 - - [18/Oct/2022:13:34:23 +0800] "POST /xingrg/kc/pszx/mdps_list_operate.html HTTP/1.1" 200 644
222.69.192.207 - - [18/Oct/2022:13:34:24 +0800] "GET /xingrg/all/function/internal_message.html?_=1666071114303&CODE_STATE=getMsg HTTP/1.1" 200 27
120.253.135.82 - - [18/Oct/2022:13:34:24 +0800] "GET /xingrg/kc/pszx/mdps_order_info.html?code=312022101800374 HTTP/1.1" 200 23978
120.253.135.82 - - [18/Oct/2022:13:34:25 +0800] "GET /xingrg/javascript/easyui/themes/default/validatebox.css HTTP/1.1" 404 1104
120.253.135.82 - - [18/Oct/2022:13:34:25 +0800] "POST /xingrg/kc/pszx/mdps_order_operate.html HTTP/1.1" 200 4902
120.253.135.82 - - [18/Oct/2022:13:34:29 +0800] "POST /xingrg/kc/pszx/mdps_list_operate.html HTTP/1.1" 200 4663
120.253.135.82 - - [18/Oct/2022:13:34:30 +0800] "POST /xingrg/kc/pszx/mdps_list_operate.html HTTP/1.1" 200 316
120.253.135.82 - - [18/Oct/2022:13:34:31 +0800] "GET /xingrg/kc/pszx/mdps_order_info.html?code=312022101800375 HTTP/1.1" 200 23978
120.253.135.82 - - [18/Oct/2022:13:34:31 +0800] "GET /xingrg/javascript/easyui/themes/default/validatebox.css HTTP/1.1" 404 1104
120.253.135.82 - - [18/Oct/2022:13:34:31 +0800] "POST /xingrg/kc/pszx/mdps_order_operate.html HTTP/1.1" 200 2851
120.253.135.82 - - [18/Oct/2022:13:34:34 +0800] "GET /xingrg/all/function/internal_message.html?_=1666071066988&CODE_STATE=getMsg HTTP/1.1" 200 27
124.79.243.136 - - [18/Oct/2022:13:34:34 +0800] "GET /xingrg/kc/buy/cgsh_order_operate.html?command=get_materiel&rest_code=00104&code=00101002006&supplier_code=00100091&order_time=2022-10-18 HTTP/1.1" 200 414
120.253.135.82 - - [18/Oct/2022:13:34:34 +0800] "POST /xingrg/all/common/load_combo.html?type=base HTTP/1.1" 200 1169
222.69.192.207 - - [18/Oct/2022:13:34:36 +0800] "GET /xingrg/kc/buy/cgsh_order_add.html HTTP/1.1" 200 69175
222.69.192.207 - - [18/Oct/2022:13:34:36 +0800] "GET /xingrg/words/20221018125949_words.js HTTP/1.1" 304 -
222.69.192.207 - - [18/Oct/2022:13:34:37 +0800] "POST /xingrg/kc/buy/cgsh_order_operate.html HTTP/1.1" 200 8245
222.69.192.207 - - [18/Oct/2022:13:34:37 +0800] "GET /xingrg/javascript/easyui/themes/default/validatebox.css HTTP/1.1" 404 1104
120.253.135.82 - - [18/Oct/2022:13:34:42 +0800] "POST /xingrg/kc/pszx/mdps_order_operate.html HTTP/1.1" 200 37
120.253.135.82 - - [18/Oct/2022:13:34:43 +0800] "GET /xingrg/kc/pszx/mdps_order_info.html?code=312022101800375 HTTP/1.1" 200 23976
116.230.114.213 - - [18/Oct/2022:13:34:44 +0800] "GET /xingrg/all/function/internal_message.html?_=1666071286603&CODE_STATE=getMsg HTTP/1.1" 200 27
120.253.135.82 - - [18/Oct/2022:13:34:44 +0800] "GET /xingrg/javascript/easyui/themes/default/validatebox.css HTTP/1.1" 404 1104
120.253.135.82 - - [18/Oct/2022:13:34:44 +0800] "POST /xingrg/kc/pszx/mdps_order_operate.html HTTP/1.1" 200 2851
124.79.243.136 - - [18/Oct/2022:13:34:49 +0800] "GET /xingrg/kc/buy/cgsh_order_operate.html?command=get_materiel&rest_code=00104&code=00101002034&supplier_code=00100091&order_time=2022-10-18 HTTP/1.1" 200 409
180.169.147.146 - - [18/Oct/2022:13:34:50 +0800] "GET /xingrg/all/function/internal_message.html?_=1666071286814&CODE_STATE=getMsg HTTP/1.1" 200 27
114.88.159.190 - - [18/Oct/2022:13:34:51 +0800] "GET /xingrg/all/function/internal_message.html?_=1666070915233&CODE_STATE=getMsg HTTP/1.1" 200 27
114.88.159.190 - - [18/Oct/2022:13:34:51 +0800] "GET /xingrg/check_reg.html?_=1666070915234 HTTP/1.1" 200 22
114.84.81.136 - - [18/Oct/2022:13:34:53 +0800] "GET /xingrg/all/function/internal_message.html?_=1666071292703&CODE_STATE=getMsg HTTP/1.1" 302 -
101.85.93.18 - - [18/Oct/2022:13:34:53 +0800] "GET /xingrg/all/function/internal_message.html?_=1666071290765&CODE_STATE=getMsg HTTP/1.1" 200 27
124.79.243.136 - - [18/Oct/2022:13:34:56 +0800] "GET /xingrg/all/function/internal_message.html?_=1666071498691&CODE_STATE=getMsg HTTP/1.1" 200 27
124.79.243.136 - - [18/Oct/2022:13:34:58 +0800] "POST /xingrg/kc/buy/cgsh_order_operate.html HTTP/1.1" 200 37
114.84.81.136 - - [18/Oct/2022:13:34:59 +0800] "GET /xingrg/all/function/internal_message.html?_=1666071296554&CODE_STATE=getMsg HTTP/1.1" 200 27
124.79.243.136 - - [18/Oct/2022:13:35:01 +0800] "POST /xingrg/kc/buy/cgsh_order_operate.html HTTP/1.1" 200 3252
222.70.183.206 - - [18/Oct/2022:13:35:02 +0800] "GET /xingrg/all/function/internal_message.html?_=1666071236119&CODE_STATE=getMsg HTTP/1.1" 200 27
222.70.183.206 - - [18/Oct/2022:13:35:02 +0800] "GET /xingrg/check_reg.html?_=1666071236122 HTTP/1.1" 200 22
124.79.243.136 - - [18/Oct/2022:13:35:02 +0800] "GET /xingrg/kc/print/load_data.html?order_code=212022101805564&kc_code=cgsh&condition= HTTP/1.1" 200 973
222.69.192.207 - - [18/Oct/2022:13:35:05 +0800] "GET /xingrg/kc/buy/cgsh_order_operate.html?command=get_materiel&rest_code=00105&code=00102009899&supplier_code=00100212&order_time=2022-10-18 HTTP/1.1" 200 408
124.79.243.136 - - [18/Oct/2022:13:35:06 +0800] "GET /xingrg/kc/buy/cgsh_order_add.html HTTP/1.1" 200 69134
124.79.243.136 - - [18/Oct/2022:13:35:06 +0800] "POST /xingrg/kc/buy/cgsh_order_operate.html HTTP/1.1" 200 8245
124.79.243.136 - - [18/Oct/2022:13:35:06 +0800] "GET /xingrg/javascript/easyui/themes/default/validatebox.css HTTP/1.1" 404 1104
116.238.139.35 - - [18/Oct/2022:13:35:09 +0800] "GET /xingrg/all/function/internal_message.html?_=1666071250707&CODE_STATE=getMsg HTTP/1.1" 200 27
222.70.183.206 - - [18/Oct/2022:13:35:11 +0800] "GET /xingrg/all/function/internal_message.html?_=1666071310532&CODE_STATE=getMsg HTTP/1.1" 200 27
222.70.183.206 - - [18/Oct/2022:13:35:11 +0800] "GET /xingrg/check_reg.html?_=1666071310533 HTTP/1.1" 200 22
222.70.183.206 - - [18/Oct/2022:13:35:20 +0800] "GET /xingrg/all/function/internal_message.html?_=1666071316889&CODE_STATE=getMsg HTTP/1.1" 200 27
120.253.135.82 - - [18/Oct/2022:13:35:20 +0800] "GET /xingrg/check_reg.html?_=1666071429442 HTTP/1.1" 200 22
120.253.135.82 - - [18/Oct/2022:13:35:21 +0800] "GET /xingrg/all/function/internal_message.html?_=1666071430603&CODE_STATE=getMsg HTTP/1.1" 200 27
222.69.192.207 - - [18/Oct/2022:13:35:24 +0800] "GET /xingrg/all/function/internal_message.html?_=1666071174291&CODE_STATE=getMsg HTTP/1.1" 200 27
120.253.135.82 - - [18/Oct/2022:13:35:30 +0800] "POST /xingrg/kc/pszx/mdps_order_operate.html HTTP/1.1" 200 37
120.253.135.82 - - [18/Oct/2022:13:35:31 +0800] "GET /xingrg/kc/pszx/mdps_order_info.html?code=312022101800375 HTTP/1.1" 200 23976
120.253.135.82 - - [18/Oct/2022:13:35:31 +0800] "GET /xingrg/javascript/easyui/themes/default/validatebox.css HTTP/1.1" 404 1104
120.253.135.82 - - [18/Oct/2022:13:35:31 +0800] "POST /xingrg/kc/pszx/mdps_order_operate.html HTTP/1.1" 200 2857
222.69.192.207 - - [18/Oct/2022:13:35:33 +0800] "GET /xingrg/kc/buy/cgsh_order_operate.html?command=get_materiel&rest_code=00105&code=00102009905&supplier_code=00100212&order_time=2022-10-18 HTTP/1.1" 200 412
120.253.135.82 - - [18/Oct/2022:13:35:34 +0800] "GET /xingrg/all/function/internal_message.html?_=1666071127002&CODE_STATE=getMsg HTTP/1.1" 200 27
120.253.135.82 - - [18/Oct/2022:13:35:44 +0800] "GET /xingrg/kc/pszx/mdps_order_operate.html?command=get_materiel&pszx_code=00101&rest_code=00147&base_code=0010570&code=00101025093 HTTP/1.1" 200 450
116.230.114.213 - - [18/Oct/2022:13:35:44 +0800] "GET /xingrg/all/function/internal_message.html?_=1666071346613&CODE_STATE=getMsg HTTP/1.1" 200 27
180.169.147.146 - - [18/Oct/2022:13:35:50 +0800] "GET /xingrg/all/function/internal_message.html?_=1666071346855&CODE_STATE=getMsg HTTP/1.1" 200 27
114.88.159.190 - - [18/Oct/2022:13:35:51 +0800] "GET /xingrg/all/function/internal_message.html?_=1666070975240&CODE_STATE=getMsg HTTP/1.1" 200 27
222.69.192.207 - - [18/Oct/2022:13:35:52 +0800] "GET /xingrg/kc/buy/cgsh_order_operate.html?command=get_materiel&rest_code=00105&code=00102009902&supplier_code=00100212&order_time=2022-10-18 HTTP/1.1" 200 412
101.85.93.18 - - [18/Oct/2022:13:35:53 +0800] "GET /xingrg/all/function/internal_message.html?_=1666071350764&CODE_STATE=getMsg HTTP/1.1" 200 27
124.79.243.136 - - [18/Oct/2022:13:35:56 +0800] "GET /xingrg/all/function/internal_message.html?_=1666071558670&CODE_STATE=getMsg HTTP/1.1" 200 27
120.253.135.82 - - [18/Oct/2022:13:35:59 +0800] "GET /xingrg/kc/pszx/mdps_order_operate.html?command=get_materiel&pszx_code=00101&rest_code=00147&base_code=0010570&code=00101025092 HTTP/1.1" 200 450
114.84.81.136 - - [18/Oct/2022:13:35:59 +0800] "GET /xingrg/all/function/internal_message.html?_=1666071356524&CODE_STATE=getMsg HTTP/1.1" 200 27
222.70.183.206 - - [18/Oct/2022:13:36:02 +0800] "GET /xingrg/all/function/internal_message.html?_=1666071296116&CODE_STATE=getMsg HTTP/1.1" 200 27
124.79.243.136 - - [18/Oct/2022:13:36:05 +0800] "GET /xingrg/kc/buy/cgsh_order_operate.html?command=get_materiel&rest_code=00104&code=00101008144&supplier_code=00100327&order_time=2022-10-18 HTTP/1.1" 200 412
180.169.147.146 - - [18/Oct/2022:13:36:08 +0800] "GET /xingrg/check_reg.html?_=1666071364891 HTTP/1.1" 200 22
116.238.139.35 - - [18/Oct/2022:13:36:09 +0800] "GET /xingrg/all/function/internal_message.html?_=1666071310778&CODE_STATE=getMsg HTTP/1.1" 200 27
222.70.183.206 - - [18/Oct/2022:13:36:11 +0800] "GET /xingrg/all/function/internal_message.html?_=1666071370531&CODE_STATE=getMsg HTTP/1.1" 200 27
120.253.135.82 - - [18/Oct/2022:13:36:13 +0800] "POST /xingrg/kc/pszx/mdps_order_operate.html HTTP/1.1" 200 37
120.253.135.82 - - [18/Oct/2022:13:36:14 +0800] "GET /xingrg/kc/pszx/mdps_order_info.html?code=312022101800375 HTTP/1.1" 200 23976
120.253.135.82 - - [18/Oct/2022:13:36:15 +0800] "GET /xingrg/javascript/easyui/themes/default/validatebox.css HTTP/1.1" 404 1104
120.253.135.82 - - [18/Oct/2022:13:36:15 +0800] "POST /xingrg/kc/pszx/mdps_order_operate.html HTTP/1.1" 200 3885
120.253.135.82 - - [18/Oct/2022:13:36:16 +0800] "POST /xingrg/kc/pszx/mdps_list_operate.html HTTP/1.1" 200 4662
124.79.243.136 - - [18/Oct/2022:13:36:17 +0800] "POST /xingrg/kc/buy/cgsh_order_operate.html HTTP/1.1" 200 37
120.253.135.82 - - [18/Oct/2022:13:36:18 +0800] "POST /xingrg/kc/pszx/mdps_list_operate.html HTTP/1.1" 200 504
120.253.135.82 - - [18/Oct/2022:13:36:20 +0800] "POST /xingrg/kc/pszx/mdps_list_operate.html HTTP/1.1" 200 457
222.70.183.206 - - [18/Oct/2022:13:36:20 +0800] "GET /xingrg/all/function/internal_message.html?_=1666071376889&CODE_STATE=getMsg HTTP/1.1" 200 27
120.253.135.82 - - [18/Oct/2022:13:36:21 +0800] "GET /xingrg/kc/pszx/mdps_order_info.html?code=312022101800376 HTTP/1.1" 200 23978
120.253.135.82 - - [18/Oct/2022:13:36:21 +0800] "GET /xingrg/javascript/easyui/themes/default/validatebox.css HTTP/1.1" 404 1104
120.253.135.82 - - [18/Oct/2022:13:36:21 +0800] "POST /xingrg/kc/pszx/mdps_order_operate.html HTTP/1.1" 200 3796
120.253.135.82 - - [18/Oct/2022:13:36:21 +0800] "GET /xingrg/all/function/internal_message.html?_=1666071490619&CODE_STATE=getMsg HTTP/1.1" 200 27
222.69.192.207 - - [18/Oct/2022:13:36:24 +0800] "GET /xingrg/all/function/internal_message.html?_=1666071234267&CODE_STATE=getMsg HTTP/1.1" 200 27
222.69.192.207 - - [18/Oct/2022:13:36:24 +0800] "GET /xingrg/check_reg.html?_=1666071234302 HTTP/1.1" 200 22
124.79.243.136 - - [18/Oct/2022:13:36:26 +0800] "POST /xingrg/kc/buy/cgsh_order_operate.html HTTP/1.1" 200 2656
222.69.192.207 - - [18/Oct/2022:13:36:28 +0800] "GET /xingrg/kc/buy/cgsh_order_operate.html?command=get_materiel&rest_code=00105&code=00102010592&supplier_code=00100212&order_time=2022-10-18 HTTP/1.1" 200 409
120.253.135.82 - - [18/Oct/2022:13:36:28 +0800] "POST /xingrg/kc/pszx/mdps_order_operate.html HTTP/1.1" 200 37
120.253.135.82 - - [18/Oct/2022:13:36:29 +0800] "GET /xingrg/kc/pszx/mdps_order_info.html?code=312022101800376 HTTP/1.1" 200 23978
120.253.135.82 - - [18/Oct/2022:13:36:30 +0800] "GET /xingrg/javascript/easyui/themes/default/validatebox.css HTTP/1.1" 404 1104
120.253.135.82 - - [18/Oct/2022:13:36:30 +0800] "POST /xingrg/kc/pszx/mdps_order_operate.html HTTP/1.1" 200 3307
120.253.135.82 - - [18/Oct/2022:13:36:32 +0800] "POST /xingrg/kc/pszx/mdps_list_operate.html HTTP/1.1" 200 4662
120.253.135.82 - - [18/Oct/2022:13:36:34 +0800] "GET /xingrg/all/function/internal_message.html?_=1666071187015&CODE_STATE=getMsg HTTP/1.1" 200 27
124.79.243.136 - - [18/Oct/2022:13:36:34 +0800] "GET /xingrg/kc/buy/cgsh_order_operate.html?command=get_materiel&rest_code=00104&code=00101010889&supplier_code=00100327&order_time=2022-10-18 HTTP/1.1" 200 398
120.253.135.82 - - [18/Oct/2022:13:36:34 +0800] "POST /xingrg/kc/pszx/mdps_list_operate.html HTTP/1.1" 200 394
120.253.135.82 - - [18/Oct/2022:13:36:35 +0800] "GET /xingrg/kc/pszx/mdps_order_info.html?code=312022101400309 HTTP/1.1" 200 23978
120.253.135.82 - - [18/Oct/2022:13:36:36 +0800] "GET /xingrg/javascript/easyui/themes/default/validatebox.css HTTP/1.1" 404 1104
120.253.135.82 - - [18/Oct/2022:13:36:36 +0800] "POST /xingrg/kc/pszx/mdps_order_operate.html HTTP/1.1" 200 3333
116.230.114.213 - - [18/Oct/2022:13:36:44 +0800] "GET /xingrg/all/function/internal_message.html?_=1666071406898&CODE_STATE=getMsg HTTP/1.1" 200 27
120.253.135.82 - - [18/Oct/2022:13:36:46 +0800] "POST /xingrg/kc/pszx/mdps_order_operate.html HTTP/1.1" 200 37
120.253.135.82 - - [18/Oct/2022:13:36:47 +0800] "GET /xingrg/kc/pszx/mdps_order_info.html?code=312022101400309 HTTP/1.1" 200 23978
120.253.135.82 - - [18/Oct/2022:13:36:47 +0800] "GET /xingrg/javascript/easyui/themes/default/validatebox.css HTTP/1.1" 404 1104
120.253.135.82 - - [18/Oct/2022:13:36:47 +0800] "POST /xingrg/kc/pszx/mdps_order_operate.html HTTP/1.1" 200 2802
180.169.147.146 - - [18/Oct/2022:13:36:50 +0800] "GET /xingrg/all/function/internal_message.html?_=1666071406854&CODE_STATE=getMsg HTTP/1.1" 200 27
114.88.159.190 - - [18/Oct/2022:13:36:51 +0800] "GET /xingrg/all/function/internal_message.html?_=1666071035268&CODE_STATE=getMsg HTTP/1.1" 200 27
101.85.93.18 - - [18/Oct/2022:13:36:53 +0800] "GET /xingrg/all/function/internal_message.html?_=1666071410763&CODE_STATE=getMsg HTTP/1.1" 200 27
124.79.243.136 - - [18/Oct/2022:13:36:53 +0800] "POST /xingrg/kc/buy/cgsh_order_operate.html HTTP/1.1" 200 37
116.238.139.35 - - [18/Oct/2022:13:36:54 +0800] "GET /xingrg/check_reg.html?_=1666071356043 HTTP/1.1" 200 22
