116.230.105.139 - - [18/Oct/2022:10:14:30 +0800] "GET /xingrg/all/function/internal_message.html?_=1666059237839&CODE_STATE=getMsg HTTP/1.1" 200 27
120.253.135.82 - - [18/Oct/2022:10:14:41 +0800] "GET /xingrg/all/function/internal_message.html?_=1666059075067&CODE_STATE=getMsg HTTP/1.1" 200 27
116.238.139.35 - - [18/Oct/2022:10:14:54 +0800] "GET /xingrg/all/function/internal_message.html?_=1666059290989&CODE_STATE=getMsg HTTP/1.1" 200 27
114.88.159.190 - - [18/Oct/2022:10:14:57 +0800] "GET /xingrg/all/function/internal_message.html?_=1666058921726&CODE_STATE=getMsg HTTP/1.1" 200 27
58.221.95.50 - - [18/Oct/2022:10:14:59 +0800] "GET /xingrg/check_reg.html?_=1666059318344 HTTP/1.1" 302 -
116.237.73.226 - - [18/Oct/2022:10:14:59 +0800] "GET /xingrg/all/function/internal_message.html?_=1666059297848&CODE_STATE=getMsg HTTP/1.1" 200 27
114.84.81.136 - - [18/Oct/2022:10:14:59 +0800] "GET /xingrg/all/function/internal_message.html?_=1666059297121&CODE_STATE=getMsg HTTP/1.1" 200 27
221.239.141.151 - - [18/Oct/2022:10:15:02 +0800] "GET /xingrg/all/function/internal_message.html?_=1666059301519&CODE_STATE=getMsg HTTP/1.1" 200 27
124.79.243.136 - - [18/Oct/2022:10:15:17 +0800] "GET /xingrg/login.html HTTP/1.1" 200 7641
124.79.243.136 - - [18/Oct/2022:10:15:17 +0800] "GET /favicon.ico HTTP/1.1" 404 -
222.70.183.206 - - [18/Oct/2022:10:15:19 +0800] "GET /xingrg/all/function/internal_message.html?_=1666059316661&CODE_STATE=getMsg HTTP/1.1" 200 27
222.69.192.207 - - [18/Oct/2022:10:15:23 +0800] "GET /xingrg/all/function/internal_message.html?_=1666059173948&CODE_STATE=getMsg HTTP/1.1" 200 27
116.238.139.35 - - [18/Oct/2022:10:15:29 +0800] "GET /xingrg/all/function/internal_message.html?_=1666059271047&CODE_STATE=getMsg HTTP/1.1" 200 27
116.230.105.139 - - [18/Oct/2022:10:15:30 +0800] "GET /xingrg/all/function/internal_message.html?_=1666059297832&CODE_STATE=getMsg HTTP/1.1" 200 27
120.253.135.82 - - [18/Oct/2022:10:15:41 +0800] "GET /xingrg/all/function/internal_message.html?_=1666059135188&CODE_STATE=getMsg HTTP/1.1" 200 27
116.238.139.35 - - [18/Oct/2022:10:15:54 +0800] "GET /xingrg/all/function/internal_message.html?_=1666059350974&CODE_STATE=getMsg HTTP/1.1" 200 27
114.88.159.190 - - [18/Oct/2022:10:15:57 +0800] "GET /xingrg/all/function/internal_message.html?_=1666058981727&CODE_STATE=getMsg HTTP/1.1" 200 27
114.88.159.190 - - [18/Oct/2022:10:15:57 +0800] "GET /xingrg/check_reg.html?_=1666058982401 HTTP/1.1" 200 22
116.237.73.226 - - [18/Oct/2022:10:15:59 +0800] "GET /xingrg/check_reg.html?_=1666059357846 HTTP/1.1" 200 22
116.237.73.226 - - [18/Oct/2022:10:15:59 +0800] "GET /xingrg/all/function/internal_message.html?_=1666059357849&CODE_STATE=getMsg HTTP/1.1" 200 27
114.84.81.136 - - [18/Oct/2022:10:15:59 +0800] "GET /xingrg/all/function/internal_message.html?_=1666059357120&CODE_STATE=getMsg HTTP/1.1" 200 27
221.239.141.151 - - [18/Oct/2022:10:16:02 +0800] "GET /xingrg/all/function/internal_message.html?_=1666059361515&CODE_STATE=getMsg HTTP/1.1" 200 27
180.169.147.146 - - [18/Oct/2022:10:16:08 +0800] "GET /xingrg/check_reg.html?_=1666059365515 HTTP/1.1" 200 22
222.70.183.206 - - [18/Oct/2022:10:16:19 +0800] "GET /xingrg/all/function/internal_message.html?_=1666059376660&CODE_STATE=getMsg HTTP/1.1" 200 27
222.69.192.207 - - [18/Oct/2022:10:16:23 +0800] "GET /xingrg/all/function/internal_message.html?_=1666059233948&CODE_STATE=getMsg HTTP/1.1" 200 27
222.69.192.207 - - [18/Oct/2022:10:16:23 +0800] "GET /xingrg/check_reg.html?_=1666059233951 HTTP/1.1" 200 22
116.238.139.35 - - [18/Oct/2022:10:16:29 +0800] "GET /xingrg/all/function/internal_message.html?_=1666059331061&CODE_STATE=getMsg HTTP/1.1" 200 27
114.84.81.136 - - [18/Oct/2022:10:16:30 +0800] "GET /xingrg/all/function/internal_message.html?_=1666059389349&CODE_STATE=getMsg HTTP/1.1" 302 -
116.230.105.139 - - [18/Oct/2022:10:16:30 +0800] "GET /xingrg/all/function/internal_message.html?_=1666059357847&CODE_STATE=getMsg HTTP/1.1" 200 27
116.230.114.213 - - [18/Oct/2022:10:16:41 +0800] "GET /xingrg/check_reg.html?_=1666059404006 HTTP/1.1" 200 22
120.253.135.82 - - [18/Oct/2022:10:16:41 +0800] "GET /xingrg/all/function/internal_message.html?_=1666059195204&CODE_STATE=getMsg HTTP/1.1" 200 27
116.238.139.35 - - [18/Oct/2022:10:16:54 +0800] "GET /xingrg/all/function/internal_message.html?_=1666059410964&CODE_STATE=getMsg HTTP/1.1" 200 27
114.88.159.190 - - [18/Oct/2022:10:16:57 +0800] "GET /xingrg/all/function/internal_message.html?_=1666059041701&CODE_STATE=getMsg HTTP/1.1" 200 27
116.237.73.226 - - [18/Oct/2022:10:16:59 +0800] "GET /xingrg/all/function/internal_message.html?_=1666059417850&CODE_STATE=getMsg HTTP/1.1" 200 27
114.84.81.136 - - [18/Oct/2022:10:16:59 +0800] "GET /xingrg/check_reg.html?_=1666059417121 HTTP/1.1" 200 22
114.84.81.136 - - [18/Oct/2022:10:16:59 +0800] "GET /xingrg/all/function/internal_message.html?_=1666059417123&CODE_STATE=getMsg HTTP/1.1" 200 27
221.239.141.151 - - [18/Oct/2022:10:17:02 +0800] "GET /xingrg/all/function/internal_message.html?_=1666059421506&CODE_STATE=getMsg HTTP/1.1" 200 27
222.70.183.206 - - [18/Oct/2022:10:17:19 +0800] "GET /xingrg/all/function/internal_message.html?_=1666059436661&CODE_STATE=getMsg HTTP/1.1" 200 27
114.88.159.190 - - [18/Oct/2022:10:17:22 +0800] "GET /favicon.ico HTTP/1.1" 404 -
222.69.192.207 - - [18/Oct/2022:10:17:23 +0800] "GET /xingrg/all/function/internal_message.html?_=1666059293958&CODE_STATE=getMsg HTTP/1.1" 200 27
116.238.139.35 - - [18/Oct/2022:10:17:29 +0800] "GET /xingrg/all/function/internal_message.html?_=1666059391081&CODE_STATE=getMsg HTTP/1.1" 200 27
116.230.105.139 - - [18/Oct/2022:10:17:30 +0800] "GET /xingrg/all/function/internal_message.html?_=1666059417846&CODE_STATE=getMsg HTTP/1.1" 200 27
120.253.135.82 - - [18/Oct/2022:10:17:41 +0800] "GET /xingrg/check_reg.html?_=1666059255063 HTTP/1.1" 200 22
120.253.135.82 - - [18/Oct/2022:10:17:41 +0800] "GET /xingrg/all/function/internal_message.html?_=1666059255216&CODE_STATE=getMsg HTTP/1.1" 200 27
116.238.139.35 - - [18/Oct/2022:10:17:54 +0800] "GET /xingrg/all/function/internal_message.html?_=1666059470949&CODE_STATE=getMsg HTTP/1.1" 200 27
114.88.159.190 - - [18/Oct/2022:10:17:56 +0800] "GET /xingrg/all/function/internal_message.html?_=1666059101683&CODE_STATE=getMsg HTTP/1.1" 200 27
116.237.73.226 - - [18/Oct/2022:10:17:59 +0800] "GET /xingrg/all/function/internal_message.html?_=1666059477836&CODE_STATE=getMsg HTTP/1.1" 200 27
114.84.81.136 - - [18/Oct/2022:10:17:59 +0800] "GET /xingrg/all/function/internal_message.html?_=1666059477123&CODE_STATE=getMsg HTTP/1.1" 200 27
221.239.141.151 - - [18/Oct/2022:10:18:02 +0800] "GET /xingrg/all/function/internal_message.html?_=1666059481498&CODE_STATE=getMsg HTTP/1.1" 200 27
222.70.183.206 - - [18/Oct/2022:10:18:20 +0800] "GET /xingrg/all/function/internal_message.html?_=1666059496661&CODE_STATE=getMsg HTTP/1.1" 200 27
222.70.183.206 - - [18/Oct/2022:10:18:20 +0800] "GET /xingrg/check_reg.html?_=1666059496663 HTTP/1.1" 200 22
222.69.192.207 - - [18/Oct/2022:10:18:23 +0800] "GET /xingrg/all/function/internal_message.html?_=1666059353948&CODE_STATE=getMsg HTTP/1.1" 200 27
124.79.243.136 - - [18/Oct/2022:10:18:24 +0800] "GET /favicon.ico HTTP/1.1" 404 -
116.238.139.35 - - [18/Oct/2022:10:18:29 +0800] "GET /xingrg/all/function/internal_message.html?_=1666059451088&CODE_STATE=getMsg HTTP/1.1" 200 27
116.230.105.139 - - [18/Oct/2022:10:18:30 +0800] "GET /xingrg/all/function/internal_message.html?_=1666059477842&CODE_STATE=getMsg HTTP/1.1" 200 27
120.253.135.82 - - [18/Oct/2022:10:18:41 +0800] "GET /xingrg/all/function/internal_message.html?_=1666059315230&CODE_STATE=getMsg HTTP/1.1" 200 27
114.84.81.136 - - [18/Oct/2022:10:18:42 +0800] "GET /xingrg/all/function/internal_message.html?_=1666059521609&CODE_STATE=getMsg HTTP/1.1" 302 -
116.238.139.35 - - [18/Oct/2022:10:18:54 +0800] "GET /xingrg/all/function/internal_message.html?_=1666059530947&CODE_STATE=getMsg HTTP/1.1" 200 27
116.238.139.35 - - [18/Oct/2022:10:18:54 +0800] "GET /xingrg/check_reg.html?_=1666059531276 HTTP/1.1" 200 22
114.88.159.190 - - [18/Oct/2022:10:18:56 +0800] "GET /xingrg/all/function/internal_message.html?_=1666059161660&CODE_STATE=getMsg HTTP/1.1" 200 27
221.239.141.151 - - [18/Oct/2022:10:18:59 +0800] "GET /xingrg/check_reg.html?_=1666059537961 HTTP/1.1" 200 22
116.237.73.226 - - [18/Oct/2022:10:18:59 +0800] "GET /xingrg/all/function/internal_message.html?_=1666059537836&CODE_STATE=getMsg HTTP/1.1" 200 27
114.84.81.136 - - [18/Oct/2022:10:18:59 +0800] "GET /xingrg/all/function/internal_message.html?_=1666059537121&CODE_STATE=getMsg HTTP/1.1" 200 27
221.239.141.151 - - [18/Oct/2022:10:19:02 +0800] "GET /xingrg/all/function/internal_message.html?_=1666059541488&CODE_STATE=getMsg HTTP/1.1" 200 27
222.70.183.206 - - [18/Oct/2022:10:19:20 +0800] "GET /xingrg/all/function/internal_message.html?_=1666059556662&CODE_STATE=getMsg HTTP/1.1" 200 27
222.69.192.207 - - [18/Oct/2022:10:19:23 +0800] "GET /xingrg/all/function/internal_message.html?_=1666059413948&CODE_STATE=getMsg HTTP/1.1" 200 27
114.84.81.136 - - [18/Oct/2022:10:19:24 +0800] "GET /xingrg/check_reg.html?_=1666059563986 HTTP/1.1" 302 -
116.238.139.35 - - [18/Oct/2022:10:19:28 +0800] "GET /xingrg/check_reg.html?_=1666059510347 HTTP/1.1" 200 22
116.238.139.35 - - [18/Oct/2022:10:19:29 +0800] "GET /xingrg/all/function/internal_message.html?_=1666059511101&CODE_STATE=getMsg HTTP/1.1" 200 27
116.230.105.139 - - [18/Oct/2022:10:19:30 +0800] "GET /xingrg/check_reg.html?_=1666059537829 HTTP/1.1" 200 22
116.230.105.139 - - [18/Oct/2022:10:19:30 +0800] "GET /xingrg/all/function/internal_message.html?_=1666059537830&CODE_STATE=getMsg HTTP/1.1" 200 27
120.253.135.82 - - [18/Oct/2022:10:19:42 +0800] "GET /xingrg/all/function/internal_message.html?_=1666059375244&CODE_STATE=getMsg HTTP/1.1" 200 27
116.238.139.35 - - [18/Oct/2022:10:19:54 +0800] "GET /xingrg/all/function/internal_message.html?_=1666059590920&CODE_STATE=getMsg HTTP/1.1" 200 27
114.88.159.190 - - [18/Oct/2022:10:19:56 +0800] "GET /xingrg/all/function/internal_message.html?_=1666059221638&CODE_STATE=getMsg HTTP/1.1" 200 27
58.221.95.50 - - [18/Oct/2022:10:19:59 +0800] "GET /xingrg/check_reg.html?_=1666059618531 HTTP/1.1" 302 -
114.84.81.136 - - [18/Oct/2022:10:19:59 +0800] "GET /xingrg/all/function/internal_message.html?_=1666059597120&CODE_STATE=getMsg HTTP/1.1" 200 27
221.239.141.151 - - [18/Oct/2022:10:20:02 +0800] "GET /xingrg/all/function/internal_message.html?_=1666059601489&CODE_STATE=getMsg HTTP/1.1" 200 27
222.70.183.206 - - [18/Oct/2022:10:20:20 +0800] "GET /xingrg/all/function/internal_message.html?_=1666059616661&CODE_STATE=getMsg HTTP/1.1" 200 27
222.69.192.207 - - [18/Oct/2022:10:20:23 +0800] "GET /xingrg/all/function/internal_message.html?_=1666059473948&CODE_STATE=getMsg HTTP/1.1" 200 27
116.238.139.35 - - [18/Oct/2022:10:20:29 +0800] "GET /xingrg/all/function/internal_message.html?_=1666059571115&CODE_STATE=getMsg HTTP/1.1" 200 27
116.230.105.139 - - [18/Oct/2022:10:20:30 +0800] "GET /xingrg/all/function/internal_message.html?_=1666059597840&CODE_STATE=getMsg HTTP/1.1" 200 27
120.253.135.82 - - [18/Oct/2022:10:20:42 +0800] "GET /xingrg/all/function/internal_message.html?_=1666059435387&CODE_STATE=getMsg HTTP/1.1" 200 27
116.238.139.35 - - [18/Oct/2022:10:20:54 +0800] "GET /xingrg/all/function/internal_message.html?_=1666059650908&CODE_STATE=getMsg HTTP/1.1" 200 27
114.84.81.136 - - [18/Oct/2022:10:20:54 +0800] "GET /xingrg/all/function/internal_message.html?_=1666059653866&CODE_STATE=getMsg HTTP/1.1" 302 -
114.84.81.136 - - [18/Oct/2022:10:20:59 +0800] "GET /xingrg/all/function/internal_message.html?_=1666059657120&CODE_STATE=getMsg HTTP/1.1" 200 27
221.239.141.151 - - [18/Oct/2022:10:21:02 +0800] "GET /xingrg/all/function/internal_message.html?_=1666059661477&CODE_STATE=getMsg HTTP/1.1" 200 27
180.169.147.146 - - [18/Oct/2022:10:21:08 +0800] "GET /xingrg/check_reg.html?_=1666059665498 HTTP/1.1" 200 22
222.70.183.206 - - [18/Oct/2022:10:21:20 +0800] "GET /xingrg/all/function/internal_message.html?_=1666059676685&CODE_STATE=getMsg HTTP/1.1" 200 27
222.69.192.207 - - [18/Oct/2022:10:21:23 +0800] "GET /xingrg/all/function/internal_message.html?_=1666059533974&CODE_STATE=getMsg HTTP/1.1" 200 27
222.69.192.207 - - [18/Oct/2022:10:21:23 +0800] "GET /xingrg/check_reg.html?_=1666059533977 HTTP/1.1" 200 22
116.238.139.35 - - [18/Oct/2022:10:21:29 +0800] "GET /xingrg/all/function/internal_message.html?_=1666059631129&CODE_STATE=getMsg HTTP/1.1" 200 27
116.230.105.139 - - [18/Oct/2022:10:21:30 +0800] "GET /xingrg/all/function/internal_message.html?_=1666059657835&CODE_STATE=getMsg HTTP/1.1" 200 27
116.230.114.213 - - [18/Oct/2022:10:21:41 +0800] "GET /xingrg/check_reg.html?_=1666059704007 HTTP/1.1" 200 22
120.253.135.82 - - [18/Oct/2022:10:21:42 +0800] "GET /xingrg/all/function/internal_message.html?_=1666059495396&CODE_STATE=getMsg HTTP/1.1" 200 27
116.238.139.35 - - [18/Oct/2022:10:21:54 +0800] "GET /xingrg/all/function/internal_message.html?_=1666059710893&CODE_STATE=getMsg HTTP/1.1" 200 27
114.84.81.136 - - [18/Oct/2022:10:21:59 +0800] "GET /xingrg/all/function/internal_message.html?_=1666059717122&CODE_STATE=getMsg HTTP/1.1" 200 27
114.84.81.136 - - [18/Oct/2022:10:21:59 +0800] "GET /xingrg/check_reg.html?_=1666059717125 HTTP/1.1" 200 22
221.239.141.151 - - [18/Oct/2022:10:22:02 +0800] "GET /xingrg/all/function/internal_message.html?_=1666059721456&CODE_STATE=getMsg HTTP/1.1" 200 27
222.70.183.206 - - [18/Oct/2022:10:22:20 +0800] "GET /xingrg/all/function/internal_message.html?_=1666059736684&CODE_STATE=getMsg HTTP/1.1" 200 27
116.230.114.213 - - [18/Oct/2022:10:22:20 +0800] "POST /xingrg/kc/buy/cgsh_order_operate.html HTTP/1.1" 200 37
116.230.114.213 - - [18/Oct/2022:10:22:22 +0800] "POST /xingrg/kc/buy/cgsh_order_operate.html HTTP/1.1" 200 4425
116.230.114.213 - - [18/Oct/2022:10:22:23 +0800] "GET /xingrg/kc/buy/cgsh_order_add.html HTTP/1.1" 200 69093
222.69.192.207 - - [18/Oct/2022:10:22:23 +0800] "GET /xingrg/all/function/internal_message.html?_=1666059593984&CODE_STATE=getMsg HTTP/1.1" 200 27
116.230.114.213 - - [18/Oct/2022:10:22:23 +0800] "POST /xingrg/kc/buy/cgsh_order_operate.html HTTP/1.1" 200 8245
116.230.114.213 - - [18/Oct/2022:10:22:23 +0800] "GET /xingrg/javascript/easyui/themes/default/validatebox.css HTTP/1.1" 404 1104
116.238.139.35 - - [18/Oct/2022:10:22:29 +0800] "GET /xingrg/all/function/internal_message.html?_=1666059691149&CODE_STATE=getMsg HTTP/1.1" 200 27
116.230.105.139 - - [18/Oct/2022:10:22:30 +0800] "GET /xingrg/all/function/internal_message.html?_=1666059717840&CODE_STATE=getMsg HTTP/1.1" 200 27
120.253.135.82 - - [18/Oct/2022:10:22:41 +0800] "GET /xingrg/check_reg.html?_=1666059555182 HTTP/1.1" 200 22
120.253.135.82 - - [18/Oct/2022:10:22:42 +0800] "GET /xingrg/all/function/internal_message.html?_=1666059555409&CODE_STATE=getMsg HTTP/1.1" 200 27
116.238.139.35 - - [18/Oct/2022:10:22:54 +0800] "GET /xingrg/all/function/internal_message.html?_=1666059770863&CODE_STATE=getMsg HTTP/1.1" 200 27
116.230.114.213 - - [18/Oct/2022:10:22:58 +0800] "GET /xingrg/kc/buy/cgsh_order_operate.html?command=get_materiel&rest_code=00146&code=00101016025&supplier_code=00100033&order_time=2022-10-18 HTTP/1.1" 200 408
114.84.81.136 - - [18/Oct/2022:10:22:59 +0800] "GET /xingrg/all/function/internal_message.html?_=1666059777124&CODE_STATE=getMsg HTTP/1.1" 200 27
221.239.141.151 - - [18/Oct/2022:10:23:02 +0800] "GET /xingrg/all/function/internal_message.html?_=1666059781427&CODE_STATE=getMsg HTTP/1.1" 200 27
114.84.81.136 - - [18/Oct/2022:10:23:06 +0800] "GET /xingrg/all/function/internal_message.html?_=1666059786125&CODE_STATE=getMsg HTTP/1.1" 302 -
116.230.114.213 - - [18/Oct/2022:10:23:13 +0800] "GET /xingrg/kc/buy/cgsh_order_operate.html?command=get_materiel&rest_code=00146&code=00101012025&supplier_code=00100033&order_time=2022-10-18 HTTP/1.1" 200 412
222.70.183.206 - - [18/Oct/2022:10:23:20 +0800] "GET /xingrg/check_reg.html?_=1666059796687 HTTP/1.1" 200 22
222.70.183.206 - - [18/Oct/2022:10:23:20 +0800] "GET /xingrg/all/function/internal_message.html?_=1666059796683&CODE_STATE=getMsg HTTP/1.1" 200 27
222.69.192.207 - - [18/Oct/2022:10:23:23 +0800] "GET /xingrg/all/function/internal_message.html?_=1666059653974&CODE_STATE=getMsg HTTP/1.1" 200 27
116.238.139.35 - - [18/Oct/2022:10:23:29 +0800] "GET /xingrg/all/function/internal_message.html?_=1666059751157&CODE_STATE=getMsg HTTP/1.1" 200 27
116.230.105.139 - - [18/Oct/2022:10:23:30 +0800] "GET /xingrg/all/function/internal_message.html?_=1666059777827&CODE_STATE=getMsg HTTP/1.1" 200 27
120.253.135.82 - - [18/Oct/2022:10:23:42 +0800] "GET /xingrg/all/function/internal_message.html?_=1666059615422&CODE_STATE=getMsg HTTP/1.1" 200 27
116.238.139.35 - - [18/Oct/2022:10:23:54 +0800] "GET /xingrg/all/function/internal_message.html?_=1666059830848&CODE_STATE=getMsg HTTP/1.1" 200 27
116.238.139.35 - - [18/Oct/2022:10:23:54 +0800] "GET /xingrg/check_reg.html?_=1666059831287 HTTP/1.1" 200 22
221.239.141.151 - - [18/Oct/2022:10:23:59 +0800] "GET /xingrg/check_reg.html?_=1666059837952 HTTP/1.1" 200 22
114.84.81.136 - - [18/Oct/2022:10:23:59 +0800] "GET /xingrg/all/function/internal_message.html?_=1666059837123&CODE_STATE=getMsg HTTP/1.1" 200 27
221.239.141.151 - - [18/Oct/2022:10:24:02 +0800] "GET /xingrg/all/function/internal_message.html?_=1666059841415&CODE_STATE=getMsg HTTP/1.1" 200 27
222.69.192.207 - - [18/Oct/2022:10:24:18 +0800] "POST /xingrg/services/DataTransmitService HTTP/1.1" 200 524
116.230.114.213 - - [18/Oct/2022:10:24:18 +0800] "POST /xingrg/kc/buy/cgsh_order_operate.html HTTP/1.1" 200 37
222.70.183.206 - - [18/Oct/2022:10:24:20 +0800] "GET /xingrg/all/function/internal_message.html?_=1666059856687&CODE_STATE=getMsg HTTP/1.1" 200 27
116.230.114.213 - - [18/Oct/2022:10:24:20 +0800] "POST /xingrg/kc/buy/cgsh_order_operate.html HTTP/1.1" 200 3241
116.230.114.213 - - [18/Oct/2022:10:24:22 +0800] "GET /xingrg/kc/print/load_data.html?order_code=212022101805456&kc_code=cgsh&condition= HTTP/1.1" 200 931
222.69.192.207 - - [18/Oct/2022:10:24:23 +0800] "GET /xingrg/all/function/internal_message.html?_=1666059713974&CODE_STATE=getMsg HTTP/1.1" 200 27
114.88.159.190 - - [18/Oct/2022:10:24:26 +0800] "POST /xingrg/services/DataTransmitService HTTP/1.1" 200 524
116.238.139.35 - - [18/Oct/2022:10:24:28 +0800] "GET /xingrg/check_reg.html?_=1666059810355 HTTP/1.1" 200 22
116.238.139.35 - - [18/Oct/2022:10:24:29 +0800] "GET /xingrg/all/function/internal_message.html?_=1666059811169&CODE_STATE=getMsg HTTP/1.1" 200 27
116.230.105.139 - - [18/Oct/2022:10:24:30 +0800] "GET /xingrg/all/function/internal_message.html?_=1666059837833&CODE_STATE=getMsg HTTP/1.1" 200 27
116.230.105.139 - - [18/Oct/2022:10:24:30 +0800] "GET /xingrg/check_reg.html?_=1666059837834 HTTP/1.1" 200 22
120.253.135.82 - - [18/Oct/2022:10:24:42 +0800] "GET /xingrg/all/function/internal_message.html?_=1666059675436&CODE_STATE=getMsg HTTP/1.1" 200 27
116.238.139.35 - - [18/Oct/2022:10:24:54 +0800] "GET /xingrg/all/function/internal_message.html?_=1666059890840&CODE_STATE=getMsg HTTP/1.1" 200 27
58.221.95.50 - - [18/Oct/2022:10:24:59 +0800] "GET /xingrg/check_reg.html?_=1666059918618 HTTP/1.1" 302 -
114.84.81.136 - - [18/Oct/2022:10:24:59 +0800] "GET /xingrg/all/function/internal_message.html?_=1666059897123&CODE_STATE=getMsg HTTP/1.1" 200 27
221.239.141.151 - - [18/Oct/2022:10:25:02 +0800] "GET /xingrg/all/function/internal_message.html?_=1666059901387&CODE_STATE=getMsg HTTP/1.1" 200 27
114.84.81.136 - - [18/Oct/2022:10:25:19 +0800] "GET /xingrg/all/function/internal_message.html?_=1666059918385&CODE_STATE=getMsg HTTP/1.1" 302 -
222.70.183.206 - - [18/Oct/2022:10:25:20 +0800] "GET /xingrg/all/function/internal_message.html?_=1666059916691&CODE_STATE=getMsg HTTP/1.1" 200 27
222.69.192.207 - - [18/Oct/2022:10:25:23 +0800] "GET /xingrg/all/function/internal_message.html?_=1666059773974&CODE_STATE=getMsg HTTP/1.1" 200 27
116.238.139.35 - - [18/Oct/2022:10:25:29 +0800] "GET /xingrg/all/function/internal_message.html?_=1666059871183&CODE_STATE=getMsg HTTP/1.1" 200 27
116.230.105.139 - - [18/Oct/2022:10:25:30 +0800] "GET /xingrg/all/function/internal_message.html?_=1666059897850&CODE_STATE=getMsg HTTP/1.1" 200 27
120.253.135.82 - - [18/Oct/2022:10:25:42 +0800] "GET /xingrg/all/function/internal_message.html?_=1666059735571&CODE_STATE=getMsg HTTP/1.1" 200 27
116.238.139.35 - - [18/Oct/2022:10:25:53 +0800] "GET /xingrg/all/function/internal_message.html?_=1666059950816&CODE_STATE=getMsg HTTP/1.1" 200 27
114.84.81.136 - - [18/Oct/2022:10:25:59 +0800] "GET /xingrg/all/function/internal_message.html?_=1666059957123&CODE_STATE=getMsg HTTP/1.1" 200 27
221.239.141.151 - - [18/Oct/2022:10:26:02 +0800] "GET /xingrg/all/function/internal_message.html?_=1666059961364&CODE_STATE=getMsg HTTP/1.1" 200 27
180.169.147.146 - - [18/Oct/2022:10:26:08 +0800] "GET /xingrg/check_reg.html?_=1666059965481 HTTP/1.1" 200 22
114.84.81.136 - - [18/Oct/2022:10:26:15 +0800] "POST /xingrg/services/DataTransmitService HTTP/1.1" 200 524
222.70.183.206 - - [18/Oct/2022:10:26:20 +0800] "GET /xingrg/all/function/internal_message.html?_=1666059976691&CODE_STATE=getMsg HTTP/1.1" 200 27
222.69.192.207 - - [18/Oct/2022:10:26:23 +0800] "GET /xingrg/all/function/internal_message.html?_=1666059833974&CODE_STATE=getMsg HTTP/1.1" 200 27
222.69.192.207 - - [18/Oct/2022:10:26:23 +0800] "GET /xingrg/check_reg.html?_=1666059833977 HTTP/1.1" 200 22
116.230.105.139 - - [18/Oct/2022:10:26:27 +0800] "POST /xingrg/services/DataTransmitService HTTP/1.1" 200 524
116.238.139.35 - - [18/Oct/2022:10:26:29 +0800] "GET /xingrg/all/function/internal_message.html?_=1666059931196&CODE_STATE=getMsg HTTP/1.1" 200 27
116.230.105.139 - - [18/Oct/2022:10:26:30 +0800] "GET /xingrg/all/function/internal_message.html?_=1666059957843&CODE_STATE=getMsg HTTP/1.1" 200 27
116.230.114.213 - - [18/Oct/2022:10:26:42 +0800] "GET /xingrg/check_reg.html?_=1666060004246 HTTP/1.1" 200 22
120.253.135.82 - - [18/Oct/2022:10:26:42 +0800] "GET /xingrg/all/function/internal_message.html?_=1666059795573&CODE_STATE=getMsg HTTP/1.1" 200 27
116.238.139.35 - - [18/Oct/2022:10:26:53 +0800] "GET /xingrg/all/function/internal_message.html?_=1666060010802&CODE_STATE=getMsg HTTP/1.1" 200 27
114.84.81.136 - - [18/Oct/2022:10:26:59 +0800] "GET /xingrg/all/function/internal_message.html?_=1666060017123&CODE_STATE=getMsg HTTP/1.1" 200 27
114.84.81.136 - - [18/Oct/2022:10:26:59 +0800] "GET /xingrg/check_reg.html?_=1666060017126 HTTP/1.1" 200 22
221.239.141.151 - - [18/Oct/2022:10:27:02 +0800] "GET /xingrg/all/function/internal_message.html?_=1666060021336&CODE_STATE=getMsg HTTP/1.1" 200 27
222.70.183.206 - - [18/Oct/2022:10:27:20 +0800] "GET /xingrg/all/function/internal_message.html?_=1666060036690&CODE_STATE=getMsg HTTP/1.1" 200 27
222.69.192.207 - - [18/Oct/2022:10:27:23 +0800] "GET /xingrg/all/function/internal_message.html?_=1666059893984&CODE_STATE=getMsg HTTP/1.1" 200 27
116.238.139.35 - - [18/Oct/2022:10:27:29 +0800] "GET /xingrg/all/function/internal_message.html?_=1666059991219&CODE_STATE=getMsg HTTP/1.1" 200 27
116.230.105.139 - - [18/Oct/2022:10:27:30 +0800] "GET /xingrg/all/function/internal_message.html?_=1666060017833&CODE_STATE=getMsg HTTP/1.1" 200 27
222.69.192.207 - - [18/Oct/2022:10:27:30 +0800] "GET /xingrg/javascript/jquery_easy_ui/themes/default/images/tabs_active.png HTTP/1.1" 304 -
114.84.81.136 - - [18/Oct/2022:10:27:31 +0800] "GET /xingrg/all/function/internal_message.html?_=1666060050645&CODE_STATE=getMsg HTTP/1.1" 302 -
222.69.192.207 - - [18/Oct/2022:10:27:36 +0800] "GET /xingrg/kc/base/base_main.html HTTP/1.1" 200 12142
222.69.192.207 - - [18/Oct/2022:10:27:36 +0800] "GET /xingrg/images/blue/button/wlsy.gif HTTP/1.1" 304 -
222.69.192.207 - - [18/Oct/2022:10:27:36 +0800] "GET /xingrg/images/blue/button/ckpd.gif HTTP/1.1" 304 -
222.69.192.207 - - [18/Oct/2022:10:27:36 +0800] "GET /xingrg/images/blue/button/yddb.gif HTTP/1.1" 304 -
222.69.192.207 - - [18/Oct/2022:10:27:36 +0800] "GET /xingrg/images/blue/button/ckdb.gif HTTP/1.1" 304 -
222.69.192.207 - - [18/Oct/2022:10:27:36 +0800] "GET /xingrg/images/blue/button/top_right.jpg HTTP/1.1" 304 -
222.69.192.207 - - [18/Oct/2022:10:27:36 +0800] "GET /xingrg/images/blue/button/top_left.jpg HTTP/1.1" 304 -
222.69.192.207 - - [18/Oct/2022:10:27:36 +0800] "GET /xingrg/images/blue/button/down.jpg HTTP/1.1" 304 -
222.69.192.207 - - [18/Oct/2022:10:27:36 +0800] "GET /xingrg/images/blue/button/bottom_right.jpg HTTP/1.1" 304 -
222.69.192.207 - - [18/Oct/2022:10:27:36 +0800] "GET /xingrg/images/blue/button/left_ah.jpg HTTP/1.1" 304 -
222.69.192.207 - - [18/Oct/2022:10:27:36 +0800] "GET /xingrg/images/blue/button/bottom_left.jpg HTTP/1.1" 304 -
222.69.192.207 - - [18/Oct/2022:10:27:40 +0800] "GET /xingrg/kc/base/wldb_order_list.html HTTP/1.1" 200 19180
222.69.192.207 - - [18/Oct/2022:10:27:40 +0800] "POST /xingrg/kc/base/wldb_list_operate.html HTTP/1.1" 200 928
120.253.135.82 - - [18/Oct/2022:10:27:42 +0800] "GET /xingrg/check_reg.html?_=1666059855314 HTTP/1.1" 200 22
120.253.135.82 - - [18/Oct/2022:10:27:42 +0800] "GET /xingrg/all/function/internal_message.html?_=1666059855586&CODE_STATE=getMsg HTTP/1.1" 200 27
222.69.192.207 - - [18/Oct/2022:10:27:48 +0800] "GET /xingrg/kc/base/wldb_order_add.html HTTP/1.1" 200 30397
222.69.192.207 - - [18/Oct/2022:10:27:49 +0800] "POST /xingrg/kc/base/wldb_order_operate.html HTTP/1.1" 200 6806
222.69.192.207 - - [18/Oct/2022:10:27:49 +0800] "GET /xingrg/all/common/auto_word.html?type=base&rest_code=00105 HTTP/1.1" 200 1907
222.69.192.207 - - [18/Oct/2022:10:27:49 +0800] "GET /xingrg/all/common/auto_word.html?type=base&rest_code=00105 HTTP/1.1" 200 1907
222.69.192.207 - - [18/Oct/2022:10:27:49 +0800] "GET /xingrg/javascript/easyui/themes/default/validatebox.css HTTP/1.1" 404 1104
116.238.139.35 - - [18/Oct/2022:10:27:53 +0800] "GET /xingrg/all/function/internal_message.html?_=1666060070788&CODE_STATE=getMsg HTTP/1.1" 200 27
222.69.192.207 - - [18/Oct/2022:10:27:55 +0800] "GET /xingrg/javascript/auto/indicator.gif HTTP/1.1" 404 1066
114.84.81.136 - - [18/Oct/2022:10:27:59 +0800] "GET /xingrg/all/function/internal_message.html?_=1666060077126&CODE_STATE=getMsg HTTP/1.1" 200 27
221.239.141.151 - - [18/Oct/2022:10:28:02 +0800] "GET /xingrg/all/function/internal_message.html?_=1666060081333&CODE_STATE=getMsg HTTP/1.1" 200 27
222.69.192.207 - - [18/Oct/2022:10:28:14 +0800] "GET /xingrg/kc/base/wldb_order_operate.html?command=get_materiel&rest_code=00105&base_code=0010507&code=00101019391 HTTP/1.1" 200 485
222.70.183.206 - - [18/Oct/2022:10:28:20 +0800] "GET /xingrg/check_reg.html?_=1666060096690 HTTP/1.1" 200 22
222.70.183.206 - - [18/Oct/2022:10:28:20 +0800] "GET /xingrg/all/function/internal_message.html?_=1666060096693&CODE_STATE=getMsg HTTP/1.1" 200 27
222.69.192.207 - - [18/Oct/2022:10:28:23 +0800] "GET /xingrg/all/function/internal_message.html?_=1666059953978&CODE_STATE=getMsg HTTP/1.1" 200 27
222.69.192.207 - - [18/Oct/2022:10:28:26 +0800] "GET /xingrg/kc/base/wldb_order_operate.html?command=get_materiel&rest_code=00105&base_code=0010507&code=00101019185 HTTP/1.1" 200 469
116.238.139.35 - - [18/Oct/2022:10:28:29 +0800] "GET /xingrg/all/function/internal_message.html?_=1666060051225&CODE_STATE=getMsg HTTP/1.1" 200 27
116.230.105.139 - - [18/Oct/2022:10:28:30 +0800] "GET /xingrg/all/function/internal_message.html?_=1666060077845&CODE_STATE=getMsg HTTP/1.1" 200 27
222.69.192.207 - - [18/Oct/2022:10:28:37 +0800] "GET /xingrg/kc/base/wldb_order_operate.html?command=get_materiel&rest_code=00105&base_code=0010507&code=00101019438 HTTP/1.1" 200 462
120.253.135.82 - - [18/Oct/2022:10:28:42 +0800] "GET /xingrg/all/function/internal_message.html?_=1666059915601&CODE_STATE=getMsg HTTP/1.1" 200 27
222.69.192.207 - - [18/Oct/2022:10:28:51 +0800] "GET /xingrg/kc/base/wldb_order_operate.html?command=get_materiel&rest_code=00105&base_code=0010507&code=00101019270 HTTP/1.1" 200 479
116.238.139.35 - - [18/Oct/2022:10:28:53 +0800] "GET /xingrg/all/function/internal_message.html?_=1666060130782&CODE_STATE=getMsg HTTP/1.1" 200 27
116.238.139.35 - - [18/Oct/2022:10:28:54 +0800] "GET /xingrg/check_reg.html?_=1666060131348 HTTP/1.1" 200 22
221.239.141.151 - - [18/Oct/2022:10:28:59 +0800] "GET /xingrg/check_reg.html?_=1666060137950 HTTP/1.1" 200 22
114.84.81.136 - - [18/Oct/2022:10:28:59 +0800] "GET /xingrg/all/function/internal_message.html?_=1666060137125&CODE_STATE=getMsg HTTP/1.1" 200 27
221.239.141.151 - - [18/Oct/2022:10:29:02 +0800] "GET /xingrg/all/function/internal_message.html?_=1666060141327&CODE_STATE=getMsg HTTP/1.1" 200 27
116.230.114.213 - - [18/Oct/2022:10:29:09 +0800] "GET /xingrg/kc/buy/cgsh_order_add.html HTTP/1.1" 200 69093
116.230.114.213 - - [18/Oct/2022:10:29:10 +0800] "POST /xingrg/kc/buy/cgsh_order_operate.html HTTP/1.1" 200 8245
116.230.114.213 - - [18/Oct/2022:10:29:10 +0800] "GET /xingrg/javascript/easyui/themes/default/validatebox.css HTTP/1.1" 404 1104
222.69.192.207 - - [18/Oct/2022:10:29:14 +0800] "GET /xingrg/kc/base/wldb_order_operate.html?command=get_materiel&rest_code=00105&base_code=0010507&code=00101019527 HTTP/1.1" 200 474
222.70.183.206 - - [18/Oct/2022:10:29:20 +0800] "GET /xingrg/all/function/internal_message.html?_=1666060156693&CODE_STATE=getMsg HTTP/1.1" 200 27
222.69.192.207 - - [18/Oct/2022:10:29:23 +0800] "GET /xingrg/all/function/internal_message.html?_=1666060013971&CODE_STATE=getMsg HTTP/1.1" 200 27
222.69.192.207 - - [18/Oct/2022:10:29:28 +0800] "GET /xingrg/kc/base/wldb_order_operate.html?command=get_materiel&rest_code=00105&base_code=0010507&code=00101019222 HTTP/1.1" 200 454
116.238.139.35 - - [18/Oct/2022:10:29:28 +0800] "GET /xingrg/check_reg.html?_=1666060110357 HTTP/1.1" 200 22
116.238.139.35 - - [18/Oct/2022:10:29:29 +0800] "GET /xingrg/all/function/internal_message.html?_=1666060111237&CODE_STATE=getMsg HTTP/1.1" 200 27
116.230.105.139 - - [18/Oct/2022:10:29:30 +0800] "GET /xingrg/check_reg.html?_=1666060137839 HTTP/1.1" 200 22
116.230.105.139 - - [18/Oct/2022:10:29:30 +0800] "GET /xingrg/all/function/internal_message.html?_=1666060137841&CODE_STATE=getMsg HTTP/1.1" 200 27
222.69.192.207 - - [18/Oct/2022:10:29:42 +0800] "GET /xingrg/kc/base/wldb_order_operate.html?command=get_materiel&rest_code=00105&base_code=0010507&code=00101019400 HTTP/1.1" 200 465
120.253.135.82 - - [18/Oct/2022:10:29:42 +0800] "GET /xingrg/all/function/internal_message.html?_=1666059975614&CODE_STATE=getMsg HTTP/1.1" 200 27
114.84.81.136 - - [18/Oct/2022:10:29:43 +0800] "GET /xingrg/all/function/internal_message.html?_=1666060182904&CODE_STATE=getMsg HTTP/1.1" 302 -
222.69.192.207 - - [18/Oct/2022:10:29:49 +0800] "GET /xingrg/kc/base/wldb_order_operate.html?command=get_materiel&rest_code=00105&base_code=0010507&code=00101019183 HTTP/1.1" 200 448
116.238.139.35 - - [18/Oct/2022:10:29:53 +0800] "GET /xingrg/all/function/internal_message.html?_=1666060190754&CODE_STATE=getMsg HTTP/1.1" 200 27
114.84.81.136 - - [18/Oct/2022:10:29:59 +0800] "GET /xingrg/all/function/internal_message.html?_=1666060197125&CODE_STATE=getMsg HTTP/1.1" 200 27
222.69.192.207 - - [18/Oct/2022:10:29:59 +0800] "GET /xingrg/kc/base/wldb_order_operate.html?command=get_materiel&rest_code=00105&base_code=0010507&code=00101013003 HTTP/1.1" 200 430
58.221.95.50 - - [18/Oct/2022:10:29:59 +0800] "GET /xingrg/check_reg.html?_=1666060218771 HTTP/1.1" 302 -
221.239.141.151 - - [18/Oct/2022:10:30:02 +0800] "GET /xingrg/all/function/internal_message.html?_=1666060201310&CODE_STATE=getMsg HTTP/1.1" 200 27
116.230.114.213 - - [18/Oct/2022:10:30:10 +0800] "GET /xingrg/kc/buy/cgsh_order_operate.html?command=get_materiel&rest_code=00146&code=00101010161&supplier_code=00100041&order_time=2022-10-18 HTTP/1.1" 200 409
222.69.192.207 - - [18/Oct/2022:10:30:18 +0800] "GET /xingrg/kc/base/wldb_order_operate.html?command=get_materiel&rest_code=00105&base_code=0010507&code=00101013081 HTTP/1.1" 200 430
222.70.183.206 - - [18/Oct/2022:10:30:20 +0800] "GET /xingrg/all/function/internal_message.html?_=1666060216695&CODE_STATE=getMsg HTTP/1.1" 200 27
222.69.192.207 - - [18/Oct/2022:10:30:23 +0800] "GET /xingrg/all/function/internal_message.html?_=1666060073981&CODE_STATE=getMsg HTTP/1.1" 200 27
114.84.81.136 - - [18/Oct/2022:10:30:26 +0800] "GET /xingrg/check_reg.html?_=1666060225455 HTTP/1.1" 302 -
116.238.139.35 - - [18/Oct/2022:10:30:29 +0800] "GET /xingrg/all/function/internal_message.html?_=1666060171251&CODE_STATE=getMsg HTTP/1.1" 200 27
222.69.192.207 - - [18/Oct/2022:10:30:30 +0800] "GET /xingrg/kc/base/wldb_order_operate.html?command=get_materiel&rest_code=00105&base_code=0010507&code=00101013182 HTTP/1.1" 200 430
116.230.105.139 - - [18/Oct/2022:10:30:30 +0800] "GET /xingrg/all/function/internal_message.html?_=1666060197839&CODE_STATE=getMsg HTTP/1.1" 200 27
116.230.114.213 - - [18/Oct/2022:10:30:32 +0800] "GET /xingrg/kc/buy/cgsh_order_operate.html?command=get_materiel&rest_code=00146&code=00101001111&supplier_code=00100041&order_time=2022-10-18 HTTP/1.1" 200 409
120.253.135.82 - - [18/Oct/2022:10:30:42 +0800] "GET /xingrg/all/function/internal_message.html?_=1666060035760&CODE_STATE=getMsg HTTP/1.1" 200 27
222.69.192.207 - - [18/Oct/2022:10:30:43 +0800] "GET /xingrg/kc/base/wldb_order_operate.html?command=get_materiel&rest_code=00105&base_code=0010507&code=00101019542 HTTP/1.1" 200 448
116.237.73.226 - - [18/Oct/2022:10:30:53 +0800] "POST /xingrg/services/DataTransmitService HTTP/1.1" 200 524
116.238.139.35 - - [18/Oct/2022:10:30:53 +0800] "GET /xingrg/all/function/internal_message.html?_=1666060250742&CODE_STATE=getMsg HTTP/1.1" 200 27
116.237.73.226 - - [18/Oct/2022:10:30:54 +0800] "POST /xingrg/services/DataTransmitService HTTP/1.1" 200 412
222.69.192.207 - - [18/Oct/2022:10:30:58 +0800] "POST /xingrg/kc/base/wldb_order_operate.html HTTP/1.1" 200 37
222.69.192.207 - - [18/Oct/2022:10:30:59 +0800] "POST /xingrg/kc/base/wldb_order_operate.html HTTP/1.1" 200 7590
222.69.192.207 - - [18/Oct/2022:10:30:59 +0800] "GET /xingrg/kc/base/wldb_order_info.html?code=422022101801336 HTTP/1.1" 200 30412
222.69.192.207 - - [18/Oct/2022:10:30:59 +0800] "GET /xingrg/javascript/easyui/themes/default/validatebox.css HTTP/1.1" 404 1104
114.84.81.136 - - [18/Oct/2022:10:30:59 +0800] "GET /xingrg/all/function/internal_message.html?_=1666060257151&CODE_STATE=getMsg HTTP/1.1" 200 27
222.69.192.207 - - [18/Oct/2022:10:31:00 +0800] "POST /xingrg/kc/base/wldb_order_operate.html HTTP/1.1" 200 7590
221.239.141.151 - - [18/Oct/2022:10:31:02 +0800] "GET /xingrg/all/function/internal_message.html?_=1666060261292&CODE_STATE=getMsg HTTP/1.1" 200 27
116.230.114.213 - - [18/Oct/2022:10:31:06 +0800] "GET /xingrg/kc/buy/cgsh_order_operate.html?command=get_materiel&rest_code=00146&code=00101005037&supplier_code=00100041&order_time=2022-10-18 HTTP/1.1" 200 409
180.169.147.146 - - [18/Oct/2022:10:31:08 +0800] "GET /xingrg/check_reg.html?_=1666060265468 HTTP/1.1" 200 22
222.69.192.207 - - [18/Oct/2022:10:31:15 +0800] "GET /xingrg/javascript/jquery_easy_ui/themes/icons/area.png HTTP/1.1" 304 -
222.69.192.207 - - [18/Oct/2022:10:31:15 +0800] "GET /xingrg/javascript/jquery_easy_ui/themes/icons/rest.png HTTP/1.1" 304 -
222.70.183.206 - - [18/Oct/2022:10:31:20 +0800] "GET /xingrg/all/function/internal_message.html?_=1666060276694&CODE_STATE=getMsg HTTP/1.1" 200 27
222.69.192.207 - - [18/Oct/2022:10:31:21 +0800] "GET /xingrg/kc/base/base_main.html HTTP/1.1" 200 12142
222.69.192.207 - - [18/Oct/2022:10:31:23 +0800] "GET /xingrg/kc/base/wldb_order_list.html HTTP/1.1" 200 19180
222.69.192.207 - - [18/Oct/2022:10:31:23 +0800] "GET /xingrg/all/function/internal_message.html?_=1666060134017&CODE_STATE=getMsg HTTP/1.1" 200 27
222.69.192.207 - - [18/Oct/2022:10:31:23 +0800] "GET /xingrg/check_reg.html?_=1666060134019 HTTP/1.1" 200 22
222.69.192.207 - - [18/Oct/2022:10:31:23 +0800] "POST /xingrg/kc/base/wldb_list_operate.html HTTP/1.1" 200 1773
116.238.139.35 - - [18/Oct/2022:10:31:29 +0800] "GET /xingrg/all/function/internal_message.html?_=1666060231264&CODE_STATE=getMsg HTTP/1.1" 200 27
116.230.105.139 - - [18/Oct/2022:10:31:30 +0800] "GET /xingrg/all/function/internal_message.html?_=1666060257832&CODE_STATE=getMsg HTTP/1.1" 200 27
116.230.114.213 - - [18/Oct/2022:10:31:36 +0800] "GET /xingrg/kc/buy/cgsh_order_operate.html?command=get_materiel&rest_code=00146&code=00101001075&supplier_code=00100041&order_time=2022-10-18 HTTP/1.1" 200 409
116.230.114.213 - - [18/Oct/2022:10:31:42 +0800] "GET /xingrg/check_reg.html?_=1666060304252 HTTP/1.1" 200 22
120.253.135.82 - - [18/Oct/2022:10:31:42 +0800] "GET /xingrg/all/function/internal_message.html?_=1666060095765&CODE_STATE=getMsg HTTP/1.1" 200 27
116.238.139.35 - - [18/Oct/2022:10:31:53 +0800] "GET /xingrg/all/function/internal_message.html?_=1666060310716&CODE_STATE=getMsg HTTP/1.1" 200 27
114.84.81.136 - - [18/Oct/2022:10:31:55 +0800] "GET /xingrg/all/function/internal_message.html?_=1666060315163&CODE_STATE=getMsg HTTP/1.1" 302 -
114.84.81.136 - - [18/Oct/2022:10:31:59 +0800] "GET /xingrg/check_reg.html?_=1666060317150 HTTP/1.1" 200 22
114.84.81.136 - - [18/Oct/2022:10:31:59 +0800] "GET /xingrg/all/function/internal_message.html?_=1666060317153&CODE_STATE=getMsg HTTP/1.1" 200 27
116.230.114.213 - - [18/Oct/2022:10:32:00 +0800] "POST /xingrg/kc/buy/cgsh_order_operate.html HTTP/1.1" 200 37
116.230.114.213 - - [18/Oct/2022:10:32:02 +0800] "POST /xingrg/kc/buy/cgsh_order_operate.html HTTP/1.1" 200 5010
221.239.141.151 - - [18/Oct/2022:10:32:02 +0800] "GET /xingrg/all/function/internal_message.html?_=1666060321265&CODE_STATE=getMsg HTTP/1.1" 200 27
116.230.114.213 - - [18/Oct/2022:10:32:09 +0800] "GET /xingrg/kc/print/load_data.html?order_code=212022101805457&kc_code=cgsh&condition= HTTP/1.1" 200 1574
116.230.105.139 - - [18/Oct/2022:10:32:11 +0800] "GET /favicon.ico HTTP/1.1" 404 -
222.70.183.206 - - [18/Oct/2022:10:32:20 +0800] "GET /xingrg/all/function/internal_message.html?_=1666060336692&CODE_STATE=getMsg HTTP/1.1" 200 27
222.69.192.207 - - [18/Oct/2022:10:32:23 +0800] "GET /xingrg/all/function/internal_message.html?_=1666060194012&CODE_STATE=getMsg HTTP/1.1" 200 27
116.238.139.35 - - [18/Oct/2022:10:32:29 +0800] "GET /xingrg/all/function/internal_message.html?_=1666060291287&CODE_STATE=getMsg HTTP/1.1" 200 27
116.230.105.139 - - [18/Oct/2022:10:32:30 +0800] "GET /xingrg/all/function/internal_message.html?_=1666060317845&CODE_STATE=getMsg HTTP/1.1" 200 27
120.253.135.82 - - [18/Oct/2022:10:32:42 +0800] "GET /xingrg/check_reg.html?_=1666060155427 HTTP/1.1" 200 22
120.253.135.82 - - [18/Oct/2022:10:32:42 +0800] "GET /xingrg/all/function/internal_message.html?_=1666060155785&CODE_STATE=getMsg HTTP/1.1" 200 27
116.238.139.35 - - [18/Oct/2022:10:32:53 +0800] "GET /xingrg/all/function/internal_message.html?_=1666060370709&CODE_STATE=getMsg HTTP/1.1" 200 27
114.84.81.136 - - [18/Oct/2022:10:32:59 +0800] "GET /xingrg/all/function/internal_message.html?_=1666060377152&CODE_STATE=getMsg HTTP/1.1" 200 27
221.239.141.151 - - [18/Oct/2022:10:33:02 +0800] "GET /xingrg/all/function/internal_message.html?_=1666060381265&CODE_STATE=getMsg HTTP/1.1" 200 27
222.70.183.206 - - [18/Oct/2022:10:33:20 +0800] "GET /xingrg/check_reg.html?_=1666060396692 HTTP/1.1" 200 22
222.70.183.206 - - [18/Oct/2022:10:33:20 +0800] "GET /xingrg/all/function/internal_message.html?_=1666060396695&CODE_STATE=getMsg HTTP/1.1" 200 27
222.69.192.207 - - [18/Oct/2022:10:33:23 +0800] "GET /xingrg/all/function/internal_message.html?_=1666060254000&CODE_STATE=getMsg HTTP/1.1" 200 27
116.238.139.35 - - [18/Oct/2022:10:33:29 +0800] "GET /xingrg/all/function/internal_message.html?_=1666060351291&CODE_STATE=getMsg HTTP/1.1" 200 27
116.230.105.139 - - [18/Oct/2022:10:33:30 +0800] "GET /xingrg/all/function/internal_message.html?_=1666060377831&CODE_STATE=getMsg HTTP/1.1" 200 27
120.253.135.82 - - [18/Oct/2022:10:33:42 +0800] "GET /xingrg/all/function/internal_message.html?_=1666060215792&CODE_STATE=getMsg HTTP/1.1" 200 27
116.238.139.35 - - [18/Oct/2022:10:33:53 +0800] "GET /xingrg/all/function/internal_message.html?_=1666060430683&CODE_STATE=getMsg HTTP/1.1" 200 27
116.238.139.35 - - [18/Oct/2022:10:33:54 +0800] "GET /xingrg/check_reg.html?_=1666060431356 HTTP/1.1" 200 22
116.230.114.213 - - [18/Oct/2022:10:33:59 +0800] "GET /xingrg/kc/buy/cgsh_order_add.html HTTP/1.1" 200 69093
221.239.141.151 - - [18/Oct/2022:10:33:59 +0800] "GET /xingrg/check_reg.html?_=1666060437964 HTTP/1.1" 200 22
114.84.81.136 - - [18/Oct/2022:10:33:59 +0800] "GET /xingrg/all/function/internal_message.html?_=1666060437152&CODE_STATE=getMsg HTTP/1.1" 200 27
116.230.114.213 - - [18/Oct/2022:10:34:00 +0800] "POST /xingrg/kc/buy/cgsh_order_operate.html HTTP/1.1" 200 8245
116.230.114.213 - - [18/Oct/2022:10:34:00 +0800] "GET /xingrg/javascript/easyui/themes/default/validatebox.css HTTP/1.1" 404 1104
221.239.141.151 - - [18/Oct/2022:10:34:02 +0800] "GET /xingrg/all/function/internal_message.html?_=1666060441258&CODE_STATE=getMsg HTTP/1.1" 200 27
114.84.81.136 - - [18/Oct/2022:10:34:08 +0800] "GET /xingrg/all/function/internal_message.html?_=1666060447423&CODE_STATE=getMsg HTTP/1.1" 302 -
114.84.81.136 - - [18/Oct/2022:10:34:08 +0800] "GET /xingrg/kc/mdqp/qqps_order_add.html HTTP/1.1" 200 28300
114.84.81.136 - - [18/Oct/2022:10:34:08 +0800] "GET /xingrg/dwr/interface/AjaxComOrderService.js HTTP/1.1" 200 18264
114.84.81.136 - - [18/Oct/2022:10:34:08 +0800] "GET /xingrg/dwr/interface/AjaxQqpsService.js HTTP/1.1" 200 16326
114.84.81.136 - - [18/Oct/2022:10:34:08 +0800] "GET /xingrg/dwr/engine.js HTTP/1.1" 200 43631
114.84.81.136 - - [18/Oct/2022:10:34:08 +0800] "GET /xingrg/words/20221017123810_words.js HTTP/1.1" 304 -
114.84.81.136 - - [18/Oct/2022:10:34:16 +0800] "POST /xingrg/dwr/call/plaincall/AjaxQqpsService.saveOrder.dwr HTTP/1.1" 200 78
114.84.81.136 - - [18/Oct/2022:10:34:17 +0800] "GET /xingrg/javascript/auto/indicator.gif HTTP/1.1" 404 1066
114.84.81.136 - - [18/Oct/2022:10:34:18 +0800] "POST /xingrg/dwr/call/plaincall/AjaxQqpsService.getMaterielByCode.dwr HTTP/1.1" 200 2716
222.70.183.206 - - [18/Oct/2022:10:34:20 +0800] "GET /xingrg/all/function/internal_message.html?_=1666060456694&CODE_STATE=getMsg HTTP/1.1" 200 27
222.69.192.207 - - [18/Oct/2022:10:34:23 +0800] "GET /xingrg/all/function/internal_message.html?_=1666060313990&CODE_STATE=getMsg HTTP/1.1" 200 27
114.84.81.136 - - [18/Oct/2022:10:34:24 +0800] "POST /xingrg/dwr/call/plaincall/AjaxQqpsService.saveMaterielItem.dwr HTTP/1.1" 200 78
114.84.81.136 - - [18/Oct/2022:10:34:27 +0800] "POST /xingrg/dwr/call/plaincall/AjaxQqpsService.checkOrder.dwr HTTP/1.1" 200 78
116.238.139.35 - - [18/Oct/2022:10:34:28 +0800] "GET /xingrg/check_reg.html?_=1666060410364 HTTP/1.1" 200 22
114.84.81.136 - - [18/Oct/2022:10:34:28 +0800] "GET /xingrg/kc/mdqp/qqps_order_info.html?code=302022101800287 HTTP/1.1" 200 26701
114.84.81.136 - - [18/Oct/2022:10:34:28 +0800] "GET /xingrg/dwr/interface/AjaxComOrderService.js HTTP/1.1" 200 18264
114.84.81.136 - - [18/Oct/2022:10:34:28 +0800] "GET /xingrg/dwr/interface/AjaxQqpsService.js HTTP/1.1" 200 16326
114.84.81.136 - - [18/Oct/2022:10:34:28 +0800] "GET /xingrg/dwr/engine.js HTTP/1.1" 200 43631
116.238.139.35 - - [18/Oct/2022:10:34:29 +0800] "GET /xingrg/all/function/internal_message.html?_=1666060411305&CODE_STATE=getMsg HTTP/1.1" 200 27
114.84.81.136 - - [18/Oct/2022:10:34:29 +0800] "POST /xingrg/dwr/call/plaincall/AjaxQqpsService.loadMaterielItems.dwr HTTP/1.1" 200 362
116.230.105.139 - - [18/Oct/2022:10:34:30 +0800] "GET /xingrg/all/function/internal_message.html?_=1666060437840&CODE_STATE=getMsg HTTP/1.1" 200 27
116.230.105.139 - - [18/Oct/2022:10:34:30 +0800] "GET /xingrg/check_reg.html?_=1666060437841 HTTP/1.1" 200 22
120.253.135.82 - - [18/Oct/2022:10:34:42 +0800] "GET /xingrg/all/function/internal_message.html?_=1666060275806&CODE_STATE=getMsg HTTP/1.1" 200 27
116.238.139.35 - - [18/Oct/2022:10:34:53 +0800] "GET /xingrg/all/function/internal_message.html?_=1666060490668&CODE_STATE=getMsg HTTP/1.1" 200 27
114.84.81.136 - - [18/Oct/2022:10:34:59 +0800] "GET /xingrg/all/function/internal_message.html?_=1666060497149&CODE_STATE=getMsg HTTP/1.1" 200 27
58.221.95.50 - - [18/Oct/2022:10:35:00 +0800] "GET /xingrg/check_reg.html?_=1666060518936 HTTP/1.1" 302 -
221.239.141.151 - - [18/Oct/2022:10:35:02 +0800] "GET /xingrg/all/function/internal_message.html?_=1666060501258&CODE_STATE=getMsg HTTP/1.1" 200 27
222.70.183.206 - - [18/Oct/2022:10:35:20 +0800] "GET /xingrg/all/function/internal_message.html?_=1666060516693&CODE_STATE=getMsg HTTP/1.1" 200 27
222.69.192.207 - - [18/Oct/2022:10:35:23 +0800] "GET /xingrg/all/function/internal_message.html?_=1666060373990&CODE_STATE=getMsg HTTP/1.1" 200 27
116.238.139.35 - - [18/Oct/2022:10:35:29 +0800] "GET /xingrg/all/function/internal_message.html?_=1666060471319&CODE_STATE=getMsg HTTP/1.1" 200 27
116.230.105.139 - - [18/Oct/2022:10:35:30 +0800] "GET /xingrg/all/function/internal_message.html?_=1666060497834&CODE_STATE=getMsg HTTP/1.1" 200 27
120.253.135.82 - - [18/Oct/2022:10:35:42 +0800] "GET /xingrg/all/function/internal_message.html?_=1666060335932&CODE_STATE=getMsg HTTP/1.1" 200 27
116.238.139.35 - - [18/Oct/2022:10:35:53 +0800] "GET /xingrg/all/function/internal_message.html?_=1666060550653&CODE_STATE=getMsg HTTP/1.1" 200 27
114.84.81.136 - - [18/Oct/2022:10:35:59 +0800] "GET /xingrg/all/function/internal_message.html?_=1666060557160&CODE_STATE=getMsg HTTP/1.1" 200 27
221.239.141.151 - - [18/Oct/2022:10:36:02 +0800] "GET /xingrg/all/function/internal_message.html?_=1666060561249&CODE_STATE=getMsg HTTP/1.1" 200 27
180.169.147.146 - - [18/Oct/2022:10:36:08 +0800] "GET /xingrg/check_reg.html?_=1666060565448 HTTP/1.1" 200 22
58.35.213.73 - - [18/Oct/2022:10:36:16 +0800] "POST /xingrg/services/DataTransmitService HTTP/1.1" 200 524
58.35.213.73 - - [18/Oct/2022:10:36:17 +0800] "POST /xingrg/services/DataTransmitService HTTP/1.1" 200 2147
58.35.213.73 - - [18/Oct/2022:10:36:17 +0800] "POST /xingrg/services/DataTransmitService HTTP/1.1" 200 524
58.35.213.73 - - [18/Oct/2022:10:36:18 +0800] "POST /xingrg/services/DataTransmitService HTTP/1.1" 200 2147
58.35.213.73 - - [18/Oct/2022:10:36:18 +0800] "POST /xingrg/services/DataTransmitService HTTP/1.1" 200 524
58.35.213.73 - - [18/Oct/2022:10:36:19 +0800] "POST /xingrg/services/DataTransmitService HTTP/1.1" 200 2147
58.35.213.73 - - [18/Oct/2022:10:36:19 +0800] "POST /xingrg/services/DataTransmitService HTTP/1.1" 200 524
222.70.183.206 - - [18/Oct/2022:10:36:20 +0800] "GET /xingrg/all/function/internal_message.html?_=1666060576691&CODE_STATE=getMsg HTTP/1.1" 200 27
58.35.213.73 - - [18/Oct/2022:10:36:20 +0800] "POST /xingrg/services/DataTransmitService HTTP/1.1" 200 2147
114.84.81.136 - - [18/Oct/2022:10:36:20 +0800] "GET /xingrg/all/function/internal_message.html?_=1666060579682&CODE_STATE=getMsg HTTP/1.1" 302 -
58.35.213.73 - - [18/Oct/2022:10:36:20 +0800] "POST /xingrg/services/DataTransmitService HTTP/1.1" 200 524
58.35.213.73 - - [18/Oct/2022:10:36:20 +0800] "POST /xingrg/services/DataTransmitService HTTP/1.1" 200 2147
58.35.213.73 - - [18/Oct/2022:10:36:21 +0800] "POST /xingrg/services/DataTransmitService HTTP/1.1" 200 524
58.35.213.73 - - [18/Oct/2022:10:36:21 +0800] "POST /xingrg/services/DataTransmitService HTTP/1.1" 200 2147
58.35.213.73 - - [18/Oct/2022:10:36:21 +0800] "POST /xingrg/services/DataTransmitService HTTP/1.1" 200 524
58.35.213.73 - - [18/Oct/2022:10:36:22 +0800] "POST /xingrg/services/DataTransmitService HTTP/1.1" 200 2147
58.35.213.73 - - [18/Oct/2022:10:36:22 +0800] "POST /xingrg/services/DataTransmitService HTTP/1.1" 200 524
58.35.213.73 - - [18/Oct/2022:10:36:23 +0800] "POST /xingrg/services/DataTransmitService HTTP/1.1" 200 2147
222.69.192.207 - - [18/Oct/2022:10:36:23 +0800] "GET /xingrg/all/function/internal_message.html?_=1666060433990&CODE_STATE=getMsg HTTP/1.1" 200 27
222.69.192.207 - - [18/Oct/2022:10:36:23 +0800] "GET /xingrg/check_reg.html?_=1666060433994 HTTP/1.1" 200 22
58.35.213.73 - - [18/Oct/2022:10:36:25 +0800] "POST /xingrg/services/DataTransmitService HTTP/1.1" 200 524
58.35.213.73 - - [18/Oct/2022:10:36:25 +0800] "POST /xingrg/services/DataTransmitService HTTP/1.1" 200 2147
58.35.213.73 - - [18/Oct/2022:10:36:25 +0800] "POST /xingrg/services/DataTransmitService HTTP/1.1" 200 524
58.35.213.73 - - [18/Oct/2022:10:36:26 +0800] "POST /xingrg/services/DataTransmitService HTTP/1.1" 200 2147
58.35.213.73 - - [18/Oct/2022:10:36:26 +0800] "POST /xingrg/services/DataTransmitService HTTP/1.1" 200 524
58.35.213.73 - - [18/Oct/2022:10:36:27 +0800] "POST /xingrg/services/DataTransmitService HTTP/1.1" 200 2147
58.35.213.73 - - [18/Oct/2022:10:36:27 +0800] "POST /xingrg/services/DataTransmitService HTTP/1.1" 200 524
58.35.213.73 - - [18/Oct/2022:10:36:27 +0800] "POST /xingrg/services/DataTransmitService HTTP/1.1" 200 2147
58.35.213.73 - - [18/Oct/2022:10:36:27 +0800] "POST /xingrg/services/DataTransmitService HTTP/1.1" 200 524
58.35.213.73 - - [18/Oct/2022:10:36:28 +0800] "POST /xingrg/services/DataTransmitService HTTP/1.1" 200 2147
58.35.213.73 - - [18/Oct/2022:10:36:28 +0800] "POST /xingrg/services/DataTransmitService HTTP/1.1" 200 524
58.35.213.73 - - [18/Oct/2022:10:36:29 +0800] "POST /xingrg/services/DataTransmitService HTTP/1.1" 200 2147
58.35.213.73 - - [18/Oct/2022:10:36:29 +0800] "POST /xingrg/services/DataTransmitService HTTP/1.1" 200 524
116.238.139.35 - - [18/Oct/2022:10:36:29 +0800] "GET /xingrg/kc/base/wldb_order_list.html HTTP/1.1" 200 19186
116.238.139.35 - - [18/Oct/2022:10:36:29 +0800] "GET /xingrg/all/function/internal_message.html?_=1666060531332&CODE_STATE=getMsg HTTP/1.1" 200 27
58.35.213.73 - - [18/Oct/2022:10:36:29 +0800] "POST /xingrg/services/DataTransmitService HTTP/1.1" 200 2147
116.238.139.35 - - [18/Oct/2022:10:36:29 +0800] "POST /xingrg/kc/base/wldb_list_operate.html HTTP/1.1" 200 928
58.35.213.73 - - [18/Oct/2022:10:36:29 +0800] "POST /xingrg/services/DataTransmitService HTTP/1.1" 200 524
116.230.105.139 - - [18/Oct/2022:10:36:30 +0800] "GET /xingrg/all/function/internal_message.html?_=1666060557841&CODE_STATE=getMsg HTTP/1.1" 200 27
