120.253.135.82 - - [18/Oct/2022:14:26:13 +0800] "GET /xingrg/javascript/jquery_easy_ui/themes/icons/delivery_new.png HTTP/1.1" 304 -
120.253.135.82 - - [18/Oct/2022:14:26:13 +0800] "GET /xingrg/javascript/jquery_easy_ui/themes/icons/storage_new.png HTTP/1.1" 304 -
120.253.135.82 - - [18/Oct/2022:14:26:13 +0800] "GET /xingrg/javascript/jquery_easy_ui/themes/icons/forms_new.png HTTP/1.1" 304 -
120.253.135.82 - - [18/Oct/2022:14:26:13 +0800] "GET /xingrg/javascript/jquery_easy_ui/themes/default/images/tree_file.gif HTTP/1.1" 304 -
120.253.135.82 - - [18/Oct/2022:14:26:13 +0800] "GET /xingrg/javascript/jquery_easy_ui/themes/default/images/tree_folder.gif HTTP/1.1" 304 -
124.79.74.72 - - [18/Oct/2022:14:26:15 +0800] "GET /xingrg/kc/buy/cgsh_order_operate.html?command=get_materiel&rest_code=00156&code=00101008290&supplier_code=00100006&order_time=2022-10-18 HTTP/1.1" 200 416
120.253.135.82 - - [18/Oct/2022:14:26:16 +0800] "GET /xingrg/javascript/jquery_easy_ui/themes/default/images/tabs_close.gif HTTP/1.1" 304 -
120.253.135.82 - - [18/Oct/2022:14:26:16 +0800] "GET /xingrg/kc/pszx/mdqp_order_list.html?state=10 HTTP/1.1" 200 10219
120.253.135.82 - - [18/Oct/2022:14:26:16 +0800] "GET /xingrg/javascript/pic_change.js HTTP/1.1" 304 -
120.253.135.82 - - [18/Oct/2022:14:26:16 +0800] "GET /xingrg/dwr/util.js HTTP/1.1" 304 -
120.253.135.82 - - [18/Oct/2022:14:26:16 +0800] "GET /xingrg/javascript/Calendar.js HTTP/1.1" 304 -
120.253.135.82 - - [18/Oct/2022:14:26:16 +0800] "GET /xingrg/dwr/interface/AjaxReportQueryService.js HTTP/1.1" 200 13203
120.253.135.82 - - [18/Oct/2022:14:26:16 +0800] "GET /xingrg/dwr/interface/AjaxQqpsService.js HTTP/1.1" 200 16326
120.253.135.82 - - [18/Oct/2022:14:26:16 +0800] "GET /xingrg/dwr/engine.js HTTP/1.1" 200 43631
120.253.135.82 - - [18/Oct/2022:14:26:16 +0800] "GET /xingrg/javascript/jquery_easy_ui/themes/icons/check_new.png HTTP/1.1" 304 -
120.253.135.82 - - [18/Oct/2022:14:26:16 +0800] "GET /xingrg/javascript/jquery_easy_ui/themes/icons/back_new.png HTTP/1.1" 304 -
120.253.135.82 - - [18/Oct/2022:14:26:16 +0800] "GET /xingrg/javascript/jquery_easy_ui/themes/icons/uncheck_new.png HTTP/1.1" 304 -
222.70.183.206 - - [18/Oct/2022:14:26:20 +0800] "GET /xingrg/all/function/internal_message.html?_=1666074376962&CODE_STATE=getMsg HTTP/1.1" 200 27
124.79.74.72 - - [18/Oct/2022:14:26:20 +0800] "GET /xingrg/all/function/internal_message.html?_=1666074376033&CODE_STATE=getMsg HTTP/1.1" 200 27
120.253.135.82 - - [18/Oct/2022:14:26:21 +0800] "GET /xingrg/css/base.css HTTP/1.1" 304 -
120.253.135.82 - - [18/Oct/2022:14:26:21 +0800] "GET /xingrg/css/site.css HTTP/1.1" 304 -
120.253.135.82 - - [18/Oct/2022:14:26:21 +0800] "GET /xingrg/javascript/jquery_tools/datebox.css HTTP/1.1" 304 -
120.253.135.82 - - [18/Oct/2022:14:26:21 +0800] "GET /xingrg/javascript/easyui/themes/default/easyui.css HTTP/1.1" 304 -
120.253.135.82 - - [18/Oct/2022:14:26:21 +0800] "GET /xingrg/javascript/easyui/themes/icon.css HTTP/1.1" 304 -
120.253.135.82 - - [18/Oct/2022:14:26:21 +0800] "GET /xingrg/javascript/auto/jquery.autocomplete.css HTTP/1.1" 304 -
120.253.135.82 - - [18/Oct/2022:14:26:21 +0800] "GET /xingrg/javascript/jquery_tools/fix.css HTTP/1.1" 304 -
120.253.135.82 - - [18/Oct/2022:14:26:21 +0800] "GET /xingrg/javascript/jquery_tools/jquery.tools.extend.js HTTP/1.1" 304 -
120.253.135.82 - - [18/Oct/2022:14:26:21 +0800] "GET /xingrg/javascript/auto/jquery.autocomplete.js HTTP/1.1" 304 -
120.253.135.82 - - [18/Oct/2022:14:26:21 +0800] "GET /xingrg/javascript/jquery_tools/jquery.tools.table.js HTTP/1.1" 304 -
120.253.135.82 - - [18/Oct/2022:14:26:21 +0800] "GET /xingrg/javascript/jquery_tools/jquery.tools.hotkey.js HTTP/1.1" 304 -
120.253.135.82 - - [18/Oct/2022:14:26:21 +0800] "GET /xingrg/javascript/jquery_tools/list_manager.js HTTP/1.1" 304 -
120.253.135.82 - - [18/Oct/2022:14:26:21 +0800] "GET /xingrg/javascript/easyui/easyloader.js HTTP/1.1" 304 -
120.253.135.82 - - [18/Oct/2022:14:26:21 +0800] "GET /xingrg/javascript/jquery_tools/table.css HTTP/1.1" 304 -
120.253.135.82 - - [18/Oct/2022:14:26:21 +0800] "GET /xingrg/javascript/jquery.cookie.js HTTP/1.1" 304 -
120.253.135.82 - - [18/Oct/2022:14:26:21 +0800] "GET /xingrg/javascript/print/LodopFuncs.js HTTP/1.1" 304 -
120.253.135.82 - - [18/Oct/2022:14:26:21 +0800] "GET /xingrg/javascript/jquery_tools/jquery.tools.min.js HTTP/1.1" 304 -
120.253.135.82 - - [18/Oct/2022:14:26:21 +0800] "GET /xingrg/kc/buy/cgsh_order_list.html HTTP/1.1" 200 53312
120.253.135.82 - - [18/Oct/2022:14:26:22 +0800] "GET /xingrg/javascript/easyui/themes/icons/field_new.png HTTP/1.1" 304 -
120.253.135.82 - - [18/Oct/2022:14:26:22 +0800] "GET /xingrg/javascript/easyui/themes/icons/edit_add_new.png HTTP/1.1" 304 -
120.253.135.82 - - [18/Oct/2022:14:26:22 +0800] "GET /xingrg/javascript/easyui/themes/icons/cance_new.png HTTP/1.1" 304 -
120.253.135.82 - - [18/Oct/2022:14:26:22 +0800] "GET /xingrg/javascript/easyui/themes/icons/check_new.png HTTP/1.1" 304 -
120.253.135.82 - - [18/Oct/2022:14:26:22 +0800] "GET /xingrg/javascript/easyui/themes/icons/import_new.png HTTP/1.1" 304 -
120.253.135.82 - - [18/Oct/2022:14:26:22 +0800] "GET /xingrg/javascript/jquery_easy_ui/themes/icons/area.png HTTP/1.1" 304 -
120.253.135.82 - - [18/Oct/2022:14:26:22 +0800] "GET /xingrg/javascript/jquery_easy_ui/themes/icons/manage.png HTTP/1.1" 304 -
120.253.135.82 - - [18/Oct/2022:14:26:22 +0800] "GET /xingrg/javascript/easyui/plugins/jquery.parser.js HTTP/1.1" 304 -
120.253.135.82 - - [18/Oct/2022:14:26:22 +0800] "GET /xingrg/images/control/ajaxLoader.gif HTTP/1.1" 304 -
120.253.135.82 - - [18/Oct/2022:14:26:23 +0800] "POST /xingrg/kc/buy/cgsh_list_operate.html HTTP/1.1" 200 986
222.69.192.207 - - [18/Oct/2022:14:26:23 +0800] "GET /xingrg/all/function/internal_message.html?_=1666074233369&CODE_STATE=getMsg HTTP/1.1" 200 27
114.88.159.190 - - [18/Oct/2022:14:26:23 +0800] "POST /xingrg/kc/mdqp/pssh_order_operate.html HTTP/1.1" 200 37
120.253.135.82 - - [18/Oct/2022:14:26:23 +0800] "GET /xingrg/javascript/easyui/themes/default/images/button_plain_hover.png HTTP/1.1" 304 -
120.253.135.82 - - [18/Oct/2022:14:26:23 +0800] "GET /xingrg/javascript/easyui/themes/default/images/button_plain_hover.png HTTP/1.1" 304 -
222.69.192.207 - - [18/Oct/2022:14:26:24 +0800] "GET /xingrg/check_reg.html?_=1666074234370 HTTP/1.1" 200 22
120.253.135.82 - - [18/Oct/2022:14:26:24 +0800] "GET /xingrg/javascript/easyui/themes/default/images/button_plain_hover.png HTTP/1.1" 304 -
114.88.159.190 - - [18/Oct/2022:14:26:24 +0800] "POST /xingrg/kc/mdqp/pssh_order_operate.html HTTP/1.1" 200 12
124.79.74.72 - - [18/Oct/2022:14:26:25 +0800] "GET /xingrg/kc/buy/cgsh_order_operate.html?command=get_materiel&rest_code=00156&code=00101008694&supplier_code=00100006&order_time=2022-10-18 HTTP/1.1" 200 406
114.88.159.190 - - [18/Oct/2022:14:26:26 +0800] "GET /xingrg/kc/mdqp/pssh_order_info.html?code=312022101700351 HTTP/1.1" 200 14392
114.88.159.190 - - [18/Oct/2022:14:26:26 +0800] "GET /xingrg/javascript/jquery_tools/jquery-1.4.2.min.js HTTP/1.1" 404 1094
114.88.159.190 - - [18/Oct/2022:14:26:26 +0800] "POST /xingrg/kc/mdqp/pssh_order_operate.html HTTP/1.1" 200 5772
114.88.159.190 - - [18/Oct/2022:14:26:26 +0800] "GET /xingrg/javascript/easyui/themes/default/validatebox.css HTTP/1.1" 404 1104
114.88.159.190 - - [18/Oct/2022:14:26:28 +0800] "GET /xingrg/kc/print/load_data.html?order_code=312022101700351&kc_code=pssh&condition= HTTP/1.1" 200 2434
124.79.74.72 - - [18/Oct/2022:14:26:31 +0800] "GET /xingrg/kc/buy/cgsh_order_operate.html?command=get_materiel&rest_code=00156&code=00101008681&supplier_code=00100006&order_time=2022-10-18 HTTP/1.1" 200 398
124.79.74.72 - - [18/Oct/2022:14:26:40 +0800] "GET /xingrg/kc/buy/cgsh_order_operate.html?command=get_materiel&rest_code=00156&code=00101008117&supplier_code=00100006&order_time=2022-10-18 HTTP/1.1" 200 414
114.88.159.190 - - [18/Oct/2022:14:26:44 +0800] "POST /xingrg/kc/mdqp/pssh_list_operate.html HTTP/1.1" 200 772
114.88.159.190 - - [18/Oct/2022:14:26:44 +0800] "POST /xingrg/kc/mdqp/pssh_list_operate.html HTTP/1.1" 200 1581
114.88.159.190 - - [18/Oct/2022:14:26:44 +0800] "GET /xingrg/kc/mdqp/pssh_order_info.html?code=312022101700350 HTTP/1.1" 200 17303
114.88.159.190 - - [18/Oct/2022:14:26:44 +0800] "GET /xingrg/javascript/jquery_tools/jquery-1.4.2.min.js HTTP/1.1" 404 1094
114.88.159.190 - - [18/Oct/2022:14:26:45 +0800] "GET /xingrg/javascript/easyui/themes/default/validatebox.css HTTP/1.1" 404 1104
114.88.159.190 - - [18/Oct/2022:14:26:45 +0800] "POST /xingrg/kc/mdqp/pssh_order_operate.html HTTP/1.1" 200 4760
114.88.159.190 - - [18/Oct/2022:14:26:47 +0800] "POST /xingrg/all/common/load_combo.html?type=employee HTTP/1.1" 200 362
116.230.114.213 - - [18/Oct/2022:14:26:50 +0800] "GET /xingrg/all/function/internal_message.html?_=1666074412684&CODE_STATE=getMsg HTTP/1.1" 200 27
180.169.147.146 - - [18/Oct/2022:14:26:50 +0800] "GET /xingrg/all/function/internal_message.html?_=1666074406920&CODE_STATE=getMsg HTTP/1.1" 200 27
116.238.139.35 - - [18/Oct/2022:14:26:54 +0800] "GET /xingrg/check_reg.html?_=1666074356094 HTTP/1.1" 200 22
124.79.243.136 - - [18/Oct/2022:14:26:55 +0800] "GET /xingrg/all/function/internal_message.html?_=1666074617586&CODE_STATE=getMsg HTTP/1.1" 200 27
114.84.81.136 - - [18/Oct/2022:14:26:58 +0800] "GET /xingrg/all/function/internal_message.html?_=1666074415590&CODE_STATE=getMsg HTTP/1.1" 200 27
114.84.81.136 - - [18/Oct/2022:14:27:00 +0800] "GET /xingrg/check_reg.html?_=1666074417168 HTTP/1.1" 200 22
222.70.183.206 - - [18/Oct/2022:14:27:02 +0800] "GET /xingrg/all/function/internal_message.html?_=1666074356117&CODE_STATE=getMsg HTTP/1.1" 200 27
114.88.159.190 - - [18/Oct/2022:14:27:05 +0800] "POST /xingrg/kc/mdqp/pssh_order_operate.html HTTP/1.1" 200 37
114.88.159.190 - - [18/Oct/2022:14:27:05 +0800] "POST /xingrg/kc/mdqp/pssh_order_operate.html HTTP/1.1" 200 12
114.88.159.190 - - [18/Oct/2022:14:27:07 +0800] "GET /xingrg/kc/mdqp/pssh_order_info.html?code=312022101700350 HTTP/1.1" 200 14392
114.88.159.190 - - [18/Oct/2022:14:27:07 +0800] "GET /xingrg/javascript/jquery_tools/jquery-1.4.2.min.js HTTP/1.1" 404 1094
114.88.159.190 - - [18/Oct/2022:14:27:07 +0800] "POST /xingrg/kc/mdqp/pssh_order_operate.html HTTP/1.1" 200 4760
114.88.159.190 - - [18/Oct/2022:14:27:07 +0800] "GET /xingrg/javascript/easyui/themes/default/validatebox.css HTTP/1.1" 404 1104
114.88.159.190 - - [18/Oct/2022:14:27:08 +0800] "GET /xingrg/kc/print/load_data.html?order_code=312022101700350&kc_code=pssh&condition= HTTP/1.1" 200 2134
101.85.93.18 - - [18/Oct/2022:14:27:08 +0800] "GET /xingrg/all/function/internal_message.html?_=1666074425935&CODE_STATE=getMsg HTTP/1.1" 200 27
116.238.139.35 - - [18/Oct/2022:14:27:10 +0800] "GET /xingrg/all/function/internal_message.html?_=1666074372459&CODE_STATE=getMsg HTTP/1.1" 200 27
222.70.183.206 - - [18/Oct/2022:14:27:11 +0800] "GET /xingrg/all/function/internal_message.html?_=1666074430581&CODE_STATE=getMsg HTTP/1.1" 200 27
124.79.74.72 - - [18/Oct/2022:14:27:11 +0800] "GET /xingrg/kc/buy/cgsh_order_operate.html?command=get_materiel&rest_code=00156&code=00101008115&supplier_code=00100006&order_time=2022-10-18 HTTP/1.1" 200 412
124.79.74.72 - - [18/Oct/2022:14:27:18 +0800] "GET /xingrg/kc/buy/cgsh_order_operate.html?command=get_materiel&rest_code=00156&code=00101008118&supplier_code=00100006&order_time=2022-10-18 HTTP/1.1" 200 418
222.70.183.206 - - [18/Oct/2022:14:27:20 +0800] "GET /xingrg/all/function/internal_message.html?_=1666074436962&CODE_STATE=getMsg HTTP/1.1" 200 27
124.79.74.72 - - [18/Oct/2022:14:27:20 +0800] "GET /xingrg/all/function/internal_message.html?_=1666074436033&CODE_STATE=getMsg HTTP/1.1" 200 27
114.88.159.190 - - [18/Oct/2022:14:27:21 +0800] "GET /xingrg/kc/buy/buy_main.html HTTP/1.1" 200 12412
114.88.159.190 - - [18/Oct/2022:14:27:21 +0800] "GET /xingrg/css/new_ie.css HTTP/1.1" 404 1036
114.88.159.190 - - [18/Oct/2022:14:27:22 +0800] "GET /xingrg/kc/mdqp/qp_main.html HTTP/1.1" 200 10633
114.88.159.190 - - [18/Oct/2022:14:27:22 +0800] "GET /xingrg/images/yd/bt.gif HTTP/1.1" 404 1040
114.88.159.190 - - [18/Oct/2022:14:27:22 +0800] "GET /xingrg/kc/mdqp/pssh_order_list.html HTTP/1.1" 200 17860
222.69.192.207 - - [18/Oct/2022:14:27:23 +0800] "GET /xingrg/all/function/internal_message.html?_=1666074293342&CODE_STATE=getMsg HTTP/1.1" 200 27
114.88.159.190 - - [18/Oct/2022:14:27:23 +0800] "POST /xingrg/kc/mdqp/pssh_list_operate.html HTTP/1.1" 200 5430
124.79.74.72 - - [18/Oct/2022:14:27:40 +0800] "GET /xingrg/kc/buy/cgsh_order_operate.html?command=get_materiel&rest_code=00156&code=00101008197&supplier_code=00100006&order_time=2022-10-18 HTTP/1.1" 200 416
114.84.81.136 - - [18/Oct/2022:14:27:47 +0800] "GET /xingrg/all/function/internal_message.html?_=1666074466932&CODE_STATE=getMsg HTTP/1.1" 302 -
124.79.74.72 - - [18/Oct/2022:14:27:47 +0800] "GET /xingrg/kc/buy/cgsh_order_operate.html?command=get_materiel&rest_code=00156&code=00101008059&supplier_code=00100006&order_time=2022-10-18 HTTP/1.1" 200 408
116.230.114.213 - - [18/Oct/2022:14:27:50 +0800] "GET /xingrg/all/function/internal_message.html?_=1666074472684&CODE_STATE=getMsg HTTP/1.1" 200 27
180.169.147.146 - - [18/Oct/2022:14:27:50 +0800] "GET /xingrg/all/function/internal_message.html?_=1666074466912&CODE_STATE=getMsg HTTP/1.1" 200 27
124.79.243.136 - - [18/Oct/2022:14:27:55 +0800] "GET /xingrg/all/function/internal_message.html?_=1666074677559&CODE_STATE=getMsg HTTP/1.1" 200 27
124.79.243.136 - - [18/Oct/2022:14:27:56 +0800] "GET /xingrg/check_reg.html?_=1666074678559 HTTP/1.1" 200 22
114.84.81.136 - - [18/Oct/2022:14:27:58 +0800] "GET /xingrg/all/function/internal_message.html?_=1666074475560&CODE_STATE=getMsg HTTP/1.1" 200 27
222.70.183.206 - - [18/Oct/2022:14:28:02 +0800] "GET /xingrg/all/function/internal_message.html?_=1666074416106&CODE_STATE=getMsg HTTP/1.1" 200 27
124.79.74.72 - - [18/Oct/2022:14:28:08 +0800] "GET /xingrg/kc/buy/cgsh_order_operate.html?command=get_materiel&rest_code=00156&code=00101008286&supplier_code=00100006&order_time=2022-10-18 HTTP/1.1" 200 408
101.85.93.18 - - [18/Oct/2022:14:28:08 +0800] "GET /xingrg/all/function/internal_message.html?_=1666074485940&CODE_STATE=getMsg HTTP/1.1" 200 27
116.238.139.35 - - [18/Oct/2022:14:28:10 +0800] "GET /xingrg/all/function/internal_message.html?_=1666074432472&CODE_STATE=getMsg HTTP/1.1" 200 27
222.70.183.206 - - [18/Oct/2022:14:28:11 +0800] "GET /xingrg/all/function/internal_message.html?_=1666074490581&CODE_STATE=getMsg HTTP/1.1" 200 27
222.70.183.206 - - [18/Oct/2022:14:28:20 +0800] "GET /xingrg/all/function/internal_message.html?_=1666074496963&CODE_STATE=getMsg HTTP/1.1" 200 27
222.70.183.206 - - [18/Oct/2022:14:28:20 +0800] "GET /xingrg/check_reg.html?_=1666074496965 HTTP/1.1" 200 22
124.79.74.72 - - [18/Oct/2022:14:28:20 +0800] "GET /xingrg/all/function/internal_message.html?_=1666074496031&CODE_STATE=getMsg HTTP/1.1" 200 27
222.69.192.207 - - [18/Oct/2022:14:28:23 +0800] "GET /xingrg/all/function/internal_message.html?_=1666074353328&CODE_STATE=getMsg HTTP/1.1" 200 27
101.85.93.18 - - [18/Oct/2022:14:28:23 +0800] "GET /xingrg/kc/buy/cgsh_order_operate.html?command=get_materiel&rest_code=00142&code=00101010242&supplier_code=00100190&order_time=2022-10-18 HTTP/1.1" 200 413
124.79.74.72 - - [18/Oct/2022:14:28:26 +0800] "GET /xingrg/kc/buy/cgsh_order_operate.html?command=get_materiel&rest_code=00156&code=00101008131&supplier_code=00100006&order_time=2022-10-18 HTTP/1.1" 200 408
124.79.74.72 - - [18/Oct/2022:14:28:32 +0800] "GET /xingrg/kc/buy/cgsh_order_operate.html?command=get_materiel&rest_code=00156&code=00101008072&supplier_code=00100006&order_time=2022-10-18 HTTP/1.1" 200 408
124.79.74.72 - - [18/Oct/2022:14:28:46 +0800] "GET /xingrg/kc/buy/cgsh_order_operate.html?command=get_materiel&rest_code=00156&code=00101008210&supplier_code=00100006&order_time=2022-10-18 HTTP/1.1" 200 408
116.230.114.213 - - [18/Oct/2022:14:28:50 +0800] "GET /xingrg/all/function/internal_message.html?_=1666074532985&CODE_STATE=getMsg HTTP/1.1" 200 27
180.169.147.146 - - [18/Oct/2022:14:28:50 +0800] "GET /xingrg/check_reg.html?_=1666074526919 HTTP/1.1" 200 22
180.169.147.146 - - [18/Oct/2022:14:28:50 +0800] "GET /xingrg/all/function/internal_message.html?_=1666074526918&CODE_STATE=getMsg HTTP/1.1" 200 27
124.79.243.136 - - [18/Oct/2022:14:28:55 +0800] "GET /xingrg/all/function/internal_message.html?_=1666074737542&CODE_STATE=getMsg HTTP/1.1" 200 27
124.79.74.72 - - [18/Oct/2022:14:28:56 +0800] "GET /xingrg/kc/buy/cgsh_order_operate.html?command=get_materiel&rest_code=00156&code=00101008290&supplier_code=00100006&order_time=2022-10-18 HTTP/1.1" 200 416
114.84.81.136 - - [18/Oct/2022:14:28:58 +0800] "GET /xingrg/all/function/internal_message.html?_=1666074535545&CODE_STATE=getMsg HTTP/1.1" 200 27
222.70.183.206 - - [18/Oct/2022:14:29:02 +0800] "GET /xingrg/all/function/internal_message.html?_=1666074476116&CODE_STATE=getMsg HTTP/1.1" 200 27
124.79.74.72 - - [18/Oct/2022:14:29:02 +0800] "GET /xingrg/kc/buy/cgsh_order_operate.html?command=get_materiel&rest_code=00156&code=00101008248&supplier_code=00100006&order_time=2022-10-18 HTTP/1.1" 200 412
101.85.93.18 - - [18/Oct/2022:14:29:05 +0800] "POST /xingrg/kc/buy/cgsh_order_operate.html HTTP/1.1" 200 37
114.88.159.190 - - [18/Oct/2022:14:29:07 +0800] "GET /xingrg/kc/base/base_main.html HTTP/1.1" 200 12142
101.85.93.18 - - [18/Oct/2022:14:29:08 +0800] "POST /xingrg/kc/buy/cgsh_order_operate.html HTTP/1.1" 200 12
101.85.93.18 - - [18/Oct/2022:14:29:09 +0800] "GET /xingrg/check_reg.html?_=1666074546521 HTTP/1.1" 200 22
101.85.93.18 - - [18/Oct/2022:14:29:09 +0800] "GET /xingrg/all/function/internal_message.html?_=1666074546522&CODE_STATE=getMsg HTTP/1.1" 200 27
101.85.93.18 - - [18/Oct/2022:14:29:09 +0800] "GET /xingrg/kc/buy/cgsh_order_info.html?code=212022101805577 HTTP/1.1" 200 63113
114.88.159.190 - - [18/Oct/2022:14:29:09 +0800] "GET /xingrg/kc/base/wldb_order_list.html HTTP/1.1" 200 19186
101.85.93.18 - - [18/Oct/2022:14:29:10 +0800] "GET /xingrg/javascript/easyui/themes/default/validatebox.css HTTP/1.1" 404 1104
114.88.159.190 - - [18/Oct/2022:14:29:10 +0800] "POST /xingrg/kc/base/wldb_list_operate.html HTTP/1.1" 200 928
101.85.93.18 - - [18/Oct/2022:14:29:10 +0800] "POST /xingrg/kc/buy/cgsh_order_operate.html HTTP/1.1" 200 1782
116.238.139.35 - - [18/Oct/2022:14:29:11 +0800] "GET /xingrg/all/function/internal_message.html?_=1666074492545&CODE_STATE=getMsg HTTP/1.1" 200 27
222.70.183.206 - - [18/Oct/2022:14:29:11 +0800] "GET /xingrg/all/function/internal_message.html?_=1666074550580&CODE_STATE=getMsg HTTP/1.1" 200 27
114.88.159.190 - - [18/Oct/2022:14:29:11 +0800] "GET /xingrg/kc/base/wldb_order_add.html HTTP/1.1" 200 30403
114.88.159.190 - - [18/Oct/2022:14:29:12 +0800] "POST /xingrg/kc/base/wldb_order_operate.html HTTP/1.1" 200 6806
101.85.93.18 - - [18/Oct/2022:14:29:12 +0800] "GET /xingrg/kc/print/load_config.html?kc_code=cgsh HTTP/1.1" 200 1943
114.88.159.190 - - [18/Oct/2022:14:29:12 +0800] "GET /xingrg/javascript/easyui/themes/default/validatebox.css HTTP/1.1" 404 1104
114.88.159.190 - - [18/Oct/2022:14:29:12 +0800] "GET /xingrg/check_reg.html?_=1666074176603 HTTP/1.1" 200 22
101.85.93.18 - - [18/Oct/2022:14:29:12 +0800] "GET /xingrg/kc/print/load_data.html?order_code=212022101805577&kc_code=cgsh&condition= HTTP/1.1" 200 1201
124.79.74.72 - - [18/Oct/2022:14:29:14 +0800] "GET /xingrg/kc/buy/cgsh_order_operate.html?command=get_materiel&rest_code=00156&code=00101008087&supplier_code=00100006&order_time=2022-10-18 HTTP/1.1" 200 412
124.79.74.72 - - [18/Oct/2022:14:29:16 +0800] "POST /xingrg/kc/buy/cgsh_order_operate.html HTTP/1.1" 200 2065
114.88.159.190 - - [18/Oct/2022:14:29:18 +0800] "GET /xingrg/javascript/auto/indicator.gif HTTP/1.1" 404 1066
222.70.183.206 - - [18/Oct/2022:14:29:20 +0800] "GET /xingrg/all/function/internal_message.html?_=1666074556965&CODE_STATE=getMsg HTTP/1.1" 200 27
124.79.74.72 - - [18/Oct/2022:14:29:20 +0800] "GET /xingrg/check_reg.html?_=1666074556033 HTTP/1.1" 200 22
124.79.74.72 - - [18/Oct/2022:14:29:20 +0800] "GET /xingrg/all/function/internal_message.html?_=1666074556032&CODE_STATE=getMsg HTTP/1.1" 200 27
124.79.74.72 - - [18/Oct/2022:14:29:21 +0800] "GET /xingrg/kc/buy/cgsh_order_operate.html?command=get_materiel&rest_code=00156&code=00101008355&supplier_code=00100006&order_time=2022-10-18 HTTP/1.1" 200 408
114.88.159.190 - - [18/Oct/2022:14:29:22 +0800] "GET /xingrg/kc/base/wldb_order_operate.html?command=get_materiel&rest_code=00141&base_code=&code=00101019247 HTTP/1.1" 200 455
222.69.192.207 - - [18/Oct/2022:14:29:23 +0800] "GET /xingrg/all/function/internal_message.html?_=1666074413340&CODE_STATE=getMsg HTTP/1.1" 200 27
116.230.114.213 - - [18/Oct/2022:14:29:23 +0800] "GET /xingrg/check_reg.html?_=1666074565899 HTTP/1.1" 200 22
124.79.74.72 - - [18/Oct/2022:14:29:29 +0800] "GET /xingrg/kc/buy/cgsh_order_operate.html?command=get_materiel&rest_code=00156&code=00101008356&supplier_code=00100006&order_time=2022-10-18 HTTP/1.1" 200 408
114.88.159.190 - - [18/Oct/2022:14:29:33 +0800] "GET /xingrg/kc/mdqp/qp_main.html HTTP/1.1" 200 10633
114.88.159.190 - - [18/Oct/2022:14:29:34 +0800] "GET /xingrg/images/yd/bt.gif HTTP/1.1" 404 1040
114.88.159.190 - - [18/Oct/2022:14:29:34 +0800] "GET /xingrg/kc/mdqp/pssh_order_list.html HTTP/1.1" 200 17860
114.88.159.190 - - [18/Oct/2022:14:29:35 +0800] "POST /xingrg/kc/mdqp/pssh_list_operate.html HTTP/1.1" 200 5430
114.88.159.190 - - [18/Oct/2022:14:29:40 +0800] "POST /xingrg/kc/mdqp/pssh_list_operate.html HTTP/1.1" 200 357
114.88.159.190 - - [18/Oct/2022:14:29:42 +0800] "GET /xingrg/kc/mdqp/pssh_order_info.html?code=312022101700354 HTTP/1.1" 200 14388
114.88.159.190 - - [18/Oct/2022:14:29:42 +0800] "GET /xingrg/javascript/jquery_tools/jquery-1.4.2.min.js HTTP/1.1" 404 1094
114.88.159.190 - - [18/Oct/2022:14:29:42 +0800] "POST /xingrg/kc/mdqp/pssh_order_operate.html HTTP/1.1" 200 1043
114.88.159.190 - - [18/Oct/2022:14:29:42 +0800] "GET /xingrg/javascript/easyui/themes/default/validatebox.css HTTP/1.1" 404 1104
116.230.114.213 - - [18/Oct/2022:14:29:50 +0800] "GET /xingrg/all/function/internal_message.html?_=1666074592993&CODE_STATE=getMsg HTTP/1.1" 200 27
180.169.147.146 - - [18/Oct/2022:14:29:50 +0800] "GET /xingrg/all/function/internal_message.html?_=1666074586920&CODE_STATE=getMsg HTTP/1.1" 200 27
124.79.74.72 - - [18/Oct/2022:14:29:52 +0800] "GET /xingrg/kc/buy/cgsh_order_operate.html?command=get_materiel&rest_code=00156&code=00101008089&supplier_code=00100006&order_time=2022-10-18 HTTP/1.1" 200 408
124.79.243.136 - - [18/Oct/2022:14:29:55 +0800] "GET /xingrg/all/function/internal_message.html?_=1666074797517&CODE_STATE=getMsg HTTP/1.1" 200 27
114.84.81.136 - - [18/Oct/2022:14:29:58 +0800] "GET /xingrg/all/function/internal_message.html?_=1666074595557&CODE_STATE=getMsg HTTP/1.1" 200 27
114.84.81.136 - - [18/Oct/2022:14:29:59 +0800] "GET /xingrg/all/function/internal_message.html?_=1666074599190&CODE_STATE=getMsg HTTP/1.1" 302 -
222.70.183.206 - - [18/Oct/2022:14:30:02 +0800] "GET /xingrg/all/function/internal_message.html?_=1666074536105&CODE_STATE=getMsg HTTP/1.1" 200 27
222.70.183.206 - - [18/Oct/2022:14:30:02 +0800] "GET /xingrg/check_reg.html?_=1666074536106 HTTP/1.1" 200 22
101.85.93.18 - - [18/Oct/2022:14:30:09 +0800] "GET /xingrg/all/function/internal_message.html?_=1666074606513&CODE_STATE=getMsg HTTP/1.1" 200 27
124.79.74.72 - - [18/Oct/2022:14:30:09 +0800] "GET /xingrg/kc/buy/cgsh_order_operate.html?command=get_materiel&rest_code=00156&code=00101008558&supplier_code=00100006&order_time=2022-10-18 HTTP/1.1" 200 409
116.238.139.35 - - [18/Oct/2022:14:30:11 +0800] "GET /xingrg/all/function/internal_message.html?_=1666074552546&CODE_STATE=getMsg HTTP/1.1" 200 27
222.70.183.206 - - [18/Oct/2022:14:30:11 +0800] "GET /xingrg/check_reg.html?_=1666074610579 HTTP/1.1" 200 22
222.70.183.206 - - [18/Oct/2022:14:30:11 +0800] "GET /xingrg/all/function/internal_message.html?_=1666074610581&CODE_STATE=getMsg HTTP/1.1" 200 27
114.88.159.190 - - [18/Oct/2022:14:30:13 +0800] "GET /xingrg/kc/base/base_main.html HTTP/1.1" 200 12142
114.88.159.190 - - [18/Oct/2022:14:30:14 +0800] "GET /xingrg/kc/base/wldb_order_list.html HTTP/1.1" 200 19186
114.88.159.190 - - [18/Oct/2022:14:30:15 +0800] "POST /xingrg/kc/base/wldb_list_operate.html HTTP/1.1" 200 928
222.70.183.206 - - [18/Oct/2022:14:30:20 +0800] "GET /xingrg/all/function/internal_message.html?_=1666074616966&CODE_STATE=getMsg HTTP/1.1" 200 27
124.79.74.72 - - [18/Oct/2022:14:30:20 +0800] "GET /xingrg/all/function/internal_message.html?_=1666074616032&CODE_STATE=getMsg HTTP/1.1" 200 27
114.88.159.190 - - [18/Oct/2022:14:30:22 +0800] "GET /xingrg/kc/base/wldb_order_add.html HTTP/1.1" 200 30403
114.88.159.190 - - [18/Oct/2022:14:30:22 +0800] "POST /xingrg/kc/base/wldb_order_operate.html HTTP/1.1" 200 6806
114.88.159.190 - - [18/Oct/2022:14:30:23 +0800] "GET /xingrg/javascript/easyui/themes/default/validatebox.css HTTP/1.1" 404 1104
222.69.192.207 - - [18/Oct/2022:14:30:23 +0800] "GET /xingrg/all/function/internal_message.html?_=1666074473324&CODE_STATE=getMsg HTTP/1.1" 200 27
124.79.74.72 - - [18/Oct/2022:14:30:39 +0800] "POST /xingrg/kc/buy/cgsh_order_operate.html HTTP/1.1" 200 37
124.79.74.72 - - [18/Oct/2022:14:30:40 +0800] "POST /xingrg/kc/buy/cgsh_order_operate.html HTTP/1.1" 200 15679
124.79.74.72 - - [18/Oct/2022:14:30:41 +0800] "GET /xingrg/kc/print/load_config.html?kc_code=cgsh HTTP/1.1" 200 1943
124.79.74.72 - - [18/Oct/2022:14:30:41 +0800] "GET /xingrg/kc/print/load_data.html?order_code=212022101805578&kc_code=cgsh&condition= HTTP/1.1" 200 5613
124.79.74.72 - - [18/Oct/2022:14:30:48 +0800] "GET /xingrg/kc/buy/cgsh_order_add.html HTTP/1.1" 200 69172
124.79.74.72 - - [18/Oct/2022:14:30:48 +0800] "POST /xingrg/kc/buy/cgsh_order_operate.html HTTP/1.1" 200 8245
124.79.74.72 - - [18/Oct/2022:14:30:48 +0800] "GET /xingrg/all/common/auto_word.html?type=employee&rest_code=00156 HTTP/1.1" 200 97
124.79.74.72 - - [18/Oct/2022:14:30:48 +0800] "GET /xingrg/all/common/auto_word.html?type=employee&rest_code=00156 HTTP/1.1" 200 97
124.79.74.72 - - [18/Oct/2022:14:30:48 +0800] "GET /xingrg/javascript/easyui/themes/default/validatebox.css HTTP/1.1" 404 1104
116.230.114.213 - - [18/Oct/2022:14:30:50 +0800] "GET /xingrg/all/function/internal_message.html?_=1666074653007&CODE_STATE=getMsg HTTP/1.1" 200 27
180.169.147.146 - - [18/Oct/2022:14:30:50 +0800] "GET /xingrg/all/function/internal_message.html?_=1666074646917&CODE_STATE=getMsg HTTP/1.1" 200 27
114.88.159.190 - - [18/Oct/2022:14:30:51 +0800] "GET /xingrg/javascript/jquery_tools/images/prev.gif HTTP/1.1" 404 1086
114.88.159.190 - - [18/Oct/2022:14:30:51 +0800] "GET /xingrg/javascript/jquery_tools/images/next.gif HTTP/1.1" 404 1086
124.79.243.136 - - [18/Oct/2022:14:30:55 +0800] "GET /xingrg/all/function/internal_message.html?_=1666074857492&CODE_STATE=getMsg HTTP/1.1" 200 27
114.84.81.136 - - [18/Oct/2022:14:30:58 +0800] "GET /xingrg/all/function/internal_message.html?_=1666074655542&CODE_STATE=getMsg HTTP/1.1" 200 27
222.70.183.206 - - [18/Oct/2022:14:31:02 +0800] "GET /xingrg/all/function/internal_message.html?_=1666074596113&CODE_STATE=getMsg HTTP/1.1" 200 27
114.88.159.190 - - [18/Oct/2022:14:31:05 +0800] "GET /xingrg/kc/base/wldb_order_operate.html?command=get_materiel&rest_code=00141&base_code=0010382&code=00101019247 HTTP/1.1" 200 455
180.169.147.146 - - [18/Oct/2022:14:31:08 +0800] "GET /xingrg/check_reg.html?_=1666074664734 HTTP/1.1" 200 22
124.79.74.72 - - [18/Oct/2022:14:31:08 +0800] "GET /xingrg/kc/buy/cgsh_order_operate.html?command=get_materiel&rest_code=00156&code=00101009124&supplier_code=00100562&order_time=2022-10-17 HTTP/1.1" 200 417
101.85.93.18 - - [18/Oct/2022:14:31:09 +0800] "GET /xingrg/all/function/internal_message.html?_=1666074666483&CODE_STATE=getMsg HTTP/1.1" 200 27
116.238.139.35 - - [18/Oct/2022:14:31:11 +0800] "GET /xingrg/all/function/internal_message.html?_=1666074612617&CODE_STATE=getMsg HTTP/1.1" 200 27
222.70.183.206 - - [18/Oct/2022:14:31:11 +0800] "GET /xingrg/all/function/internal_message.html?_=1666074670581&CODE_STATE=getMsg HTTP/1.1" 200 27
124.79.74.72 - - [18/Oct/2022:14:31:17 +0800] "GET /xingrg/kc/buy/cgsh_order_operate.html?command=get_materiel&rest_code=00156&code=00101009006&supplier_code=00100562&order_time=2022-10-17 HTTP/1.1" 200 411
222.70.183.206 - - [18/Oct/2022:14:31:20 +0800] "GET /xingrg/all/function/internal_message.html?_=1666074676971&CODE_STATE=getMsg HTTP/1.1" 200 27
124.79.74.72 - - [18/Oct/2022:14:31:20 +0800] "GET /xingrg/all/function/internal_message.html?_=1666074676033&CODE_STATE=getMsg HTTP/1.1" 200 27
114.88.159.190 - - [18/Oct/2022:14:31:21 +0800] "GET /xingrg/kc/base/wldb_order_operate.html?command=get_materiel&rest_code=00141&base_code=0010382&code=00101019164 HTTP/1.1" 200 466
222.69.192.207 - - [18/Oct/2022:14:31:23 +0800] "GET /xingrg/all/function/internal_message.html?_=1666074533310&CODE_STATE=getMsg HTTP/1.1" 200 27
222.69.192.207 - - [18/Oct/2022:14:31:24 +0800] "GET /xingrg/check_reg.html?_=1666074534390 HTTP/1.1" 200 22
124.79.74.72 - - [18/Oct/2022:14:31:28 +0800] "POST /xingrg/kc/buy/cgsh_order_operate.html HTTP/1.1" 200 37
124.79.74.72 - - [18/Oct/2022:14:31:29 +0800] "POST /xingrg/kc/buy/cgsh_order_operate.html HTTP/1.1" 200 3251
124.79.74.72 - - [18/Oct/2022:14:31:30 +0800] "GET /xingrg/kc/print/load_config.html?kc_code=cgsh HTTP/1.1" 200 1943
124.79.74.72 - - [18/Oct/2022:14:31:30 +0800] "GET /xingrg/kc/print/load_data.html?order_code=212022101805579&kc_code=cgsh&condition= HTTP/1.1" 200 895
124.79.74.72 - - [18/Oct/2022:14:31:34 +0800] "GET /xingrg/kc/buy/cgsh_order_add.html HTTP/1.1" 200 69172
124.79.74.72 - - [18/Oct/2022:14:31:34 +0800] "POST /xingrg/kc/buy/cgsh_order_operate.html HTTP/1.1" 200 8245
124.79.74.72 - - [18/Oct/2022:14:31:34 +0800] "GET /xingrg/all/common/auto_word.html?type=employee&rest_code=00156 HTTP/1.1" 200 97
124.79.74.72 - - [18/Oct/2022:14:31:34 +0800] "GET /xingrg/all/common/auto_word.html?type=employee&rest_code=00156 HTTP/1.1" 200 97
124.79.74.72 - - [18/Oct/2022:14:31:34 +0800] "GET /xingrg/javascript/easyui/themes/default/validatebox.css HTTP/1.1" 404 1104
114.88.159.190 - - [18/Oct/2022:14:31:40 +0800] "GET /xingrg/kc/base/wldb_order_operate.html?command=get_materiel&rest_code=00141&base_code=0010382&code=00101019130 HTTP/1.1" 200 485
124.79.74.72 - - [18/Oct/2022:14:31:43 +0800] "GET /xingrg/kc/buy/cgsh_order_operate.html?command=get_materiel&rest_code=00156&code=00101009006&supplier_code=00100562&order_time=2022-10-18 HTTP/1.1" 200 411
116.230.114.213 - - [18/Oct/2022:14:31:50 +0800] "GET /xingrg/all/function/internal_message.html?_=1666074713303&CODE_STATE=getMsg HTTP/1.1" 200 27
180.169.147.146 - - [18/Oct/2022:14:31:50 +0800] "GET /xingrg/all/function/internal_message.html?_=1666074706912&CODE_STATE=getMsg HTTP/1.1" 200 27
124.79.74.72 - - [18/Oct/2022:14:31:54 +0800] "GET /xingrg/kc/buy/cgsh_order_operate.html?command=get_materiel&rest_code=00156&code=00101009013&supplier_code=00100562&order_time=2022-10-18 HTTP/1.1" 200 423
116.238.139.35 - - [18/Oct/2022:14:31:54 +0800] "GET /xingrg/check_reg.html?_=1666074656108 HTTP/1.1" 200 22
124.79.243.136 - - [18/Oct/2022:14:31:55 +0800] "GET /xingrg/all/function/internal_message.html?_=1666074917461&CODE_STATE=getMsg HTTP/1.1" 200 27
114.84.81.136 - - [18/Oct/2022:14:31:58 +0800] "GET /xingrg/all/function/internal_message.html?_=1666074715527&CODE_STATE=getMsg HTTP/1.1" 200 27
114.84.81.136 - - [18/Oct/2022:14:31:59 +0800] "GET /xingrg/check_reg.html?_=1666074717168 HTTP/1.1" 200 22
222.70.183.206 - - [18/Oct/2022:14:32:02 +0800] "GET /xingrg/all/function/internal_message.html?_=1666074656105&CODE_STATE=getMsg HTTP/1.1" 200 27
124.79.74.72 - - [18/Oct/2022:14:32:03 +0800] "POST /xingrg/kc/buy/cgsh_order_operate.html HTTP/1.1" 200 37
124.79.74.72 - - [18/Oct/2022:14:32:05 +0800] "POST /xingrg/kc/buy/cgsh_order_operate.html HTTP/1.1" 200 3255
124.79.74.72 - - [18/Oct/2022:14:32:05 +0800] "GET /xingrg/kc/print/load_config.html?kc_code=cgsh HTTP/1.1" 200 1943
124.79.74.72 - - [18/Oct/2022:14:32:05 +0800] "GET /xingrg/kc/print/load_data.html?order_code=212022101805580&kc_code=cgsh&condition= HTTP/1.1" 200 890
101.85.93.18 - - [18/Oct/2022:14:32:09 +0800] "GET /xingrg/all/function/internal_message.html?_=1666074726453&CODE_STATE=getMsg HTTP/1.1" 200 27
116.238.139.35 - - [18/Oct/2022:14:32:11 +0800] "GET /xingrg/all/function/internal_message.html?_=1666074672620&CODE_STATE=getMsg HTTP/1.1" 200 27
222.70.183.206 - - [18/Oct/2022:14:32:11 +0800] "GET /xingrg/all/function/internal_message.html?_=1666074730579&CODE_STATE=getMsg HTTP/1.1" 200 27
114.84.81.136 - - [18/Oct/2022:14:32:12 +0800] "GET /xingrg/all/function/internal_message.html?_=1666074731448&CODE_STATE=getMsg HTTP/1.1" 302 -
114.88.159.190 - - [18/Oct/2022:14:32:12 +0800] "GET /xingrg/kc/buy/buy_main.html HTTP/1.1" 200 12412
114.88.159.190 - - [18/Oct/2022:14:32:12 +0800] "GET /xingrg/css/new_ie.css HTTP/1.1" 404 1036
114.88.159.190 - - [18/Oct/2022:14:32:12 +0800] "GET /xingrg/images/yd/bt.gif HTTP/1.1" 404 1040
222.70.183.206 - - [18/Oct/2022:14:32:20 +0800] "GET /xingrg/all/function/internal_message.html?_=1666074736971&CODE_STATE=getMsg HTTP/1.1" 200 27
124.79.74.72 - - [18/Oct/2022:14:32:20 +0800] "GET /xingrg/all/function/internal_message.html?_=1666074736033&CODE_STATE=getMsg HTTP/1.1" 200 27
222.69.192.207 - - [18/Oct/2022:14:32:23 +0800] "GET /xingrg/all/function/internal_message.html?_=1666074593283&CODE_STATE=getMsg HTTP/1.1" 200 27
116.230.114.213 - - [18/Oct/2022:14:32:50 +0800] "GET /xingrg/all/function/internal_message.html?_=1666074773315&CODE_STATE=getMsg HTTP/1.1" 200 27
180.169.147.146 - - [18/Oct/2022:14:32:50 +0800] "GET /xingrg/all/function/internal_message.html?_=1666074766910&CODE_STATE=getMsg HTTP/1.1" 200 27
124.79.243.136 - - [18/Oct/2022:14:32:54 +0800] "GET /xingrg/all/function/internal_message.html?_=1666074977428&CODE_STATE=getMsg HTTP/1.1" 200 27
124.79.243.136 - - [18/Oct/2022:14:32:56 +0800] "GET /xingrg/check_reg.html?_=1666074978553 HTTP/1.1" 200 22
114.84.81.136 - - [18/Oct/2022:14:32:58 +0800] "GET /xingrg/all/function/internal_message.html?_=1666074775500&CODE_STATE=getMsg HTTP/1.1" 200 27
114.84.81.136 - - [18/Oct/2022:14:32:58 +0800] "GET /xingrg/check_reg.html?_=1666074778127 HTTP/1.1" 302 -
222.70.183.206 - - [18/Oct/2022:14:33:02 +0800] "GET /xingrg/all/function/internal_message.html?_=1666074716120&CODE_STATE=getMsg HTTP/1.1" 200 27
101.85.93.18 - - [18/Oct/2022:14:33:09 +0800] "GET /xingrg/all/function/internal_message.html?_=1666074786443&CODE_STATE=getMsg HTTP/1.1" 200 27
116.238.139.35 - - [18/Oct/2022:14:33:11 +0800] "GET /xingrg/all/function/internal_message.html?_=1666074732634&CODE_STATE=getMsg HTTP/1.1" 200 27
222.70.183.206 - - [18/Oct/2022:14:33:11 +0800] "GET /xingrg/all/function/internal_message.html?_=1666074790582&CODE_STATE=getMsg HTTP/1.1" 200 27
222.70.183.206 - - [18/Oct/2022:14:33:20 +0800] "GET /xingrg/check_reg.html?_=1666074796971 HTTP/1.1" 200 22
222.70.183.206 - - [18/Oct/2022:14:33:20 +0800] "GET /xingrg/all/function/internal_message.html?_=1666074796973&CODE_STATE=getMsg HTTP/1.1" 200 27
124.79.74.72 - - [18/Oct/2022:14:33:20 +0800] "GET /xingrg/all/function/internal_message.html?_=1666074796031&CODE_STATE=getMsg HTTP/1.1" 200 27
222.69.192.207 - - [18/Oct/2022:14:33:23 +0800] "GET /xingrg/all/function/internal_message.html?_=1666074653267&CODE_STATE=getMsg HTTP/1.1" 200 27
116.230.114.213 - - [18/Oct/2022:14:33:50 +0800] "GET /xingrg/all/function/internal_message.html?_=1666074833607&CODE_STATE=getMsg HTTP/1.1" 200 27
180.169.147.146 - - [18/Oct/2022:14:33:50 +0800] "GET /xingrg/check_reg.html?_=1666074826918 HTTP/1.1" 200 22
180.169.147.146 - - [18/Oct/2022:14:33:50 +0800] "GET /xingrg/all/function/internal_message.html?_=1666074826916&CODE_STATE=getMsg HTTP/1.1" 200 27
124.79.243.136 - - [18/Oct/2022:14:33:54 +0800] "GET /xingrg/all/function/internal_message.html?_=1666075037398&CODE_STATE=getMsg HTTP/1.1" 200 27
114.84.81.136 - - [18/Oct/2022:14:33:58 +0800] "GET /xingrg/all/function/internal_message.html?_=1666074835484&CODE_STATE=getMsg HTTP/1.1" 200 27
222.70.183.206 - - [18/Oct/2022:14:34:02 +0800] "GET /xingrg/all/function/internal_message.html?_=1666074776107&CODE_STATE=getMsg HTTP/1.1" 200 27
101.85.93.18 - - [18/Oct/2022:14:34:09 +0800] "GET /xingrg/all/function/internal_message.html?_=1666074846429&CODE_STATE=getMsg HTTP/1.1" 200 27
101.85.93.18 - - [18/Oct/2022:14:34:09 +0800] "GET /xingrg/check_reg.html?_=1666074846510 HTTP/1.1" 200 22
116.238.139.35 - - [18/Oct/2022:14:34:11 +0800] "GET /xingrg/all/function/internal_message.html?_=1666074792703&CODE_STATE=getMsg HTTP/1.1" 200 27
222.70.183.206 - - [18/Oct/2022:14:34:11 +0800] "GET /xingrg/all/function/internal_message.html?_=1666074850581&CODE_STATE=getMsg HTTP/1.1" 200 27
114.88.159.190 - - [18/Oct/2022:14:34:12 +0800] "GET /xingrg/check_reg.html?_=1666074476574 HTTP/1.1" 200 22
222.70.183.206 - - [18/Oct/2022:14:34:20 +0800] "GET /xingrg/all/function/internal_message.html?_=1666074856974&CODE_STATE=getMsg HTTP/1.1" 200 27
124.79.74.72 - - [18/Oct/2022:14:34:20 +0800] "GET /xingrg/all/function/internal_message.html?_=1666074856032&CODE_STATE=getMsg HTTP/1.1" 200 27
124.79.74.72 - - [18/Oct/2022:14:34:20 +0800] "GET /xingrg/check_reg.html?_=1666074856033 HTTP/1.1" 200 22
222.69.192.207 - - [18/Oct/2022:14:34:23 +0800] "GET /xingrg/all/function/internal_message.html?_=1666074713252&CODE_STATE=getMsg HTTP/1.1" 200 27
116.230.114.213 - - [18/Oct/2022:14:34:23 +0800] "GET /xingrg/check_reg.html?_=1666074865900 HTTP/1.1" 200 22
114.84.81.136 - - [18/Oct/2022:14:34:24 +0800] "GET /xingrg/all/function/internal_message.html?_=1666074863709&CODE_STATE=getMsg HTTP/1.1" 302 -
124.79.74.72 - - [18/Oct/2022:14:34:46 +0800] "GET /xingrg/kc/buy/cgsh_order_add.html HTTP/1.1" 200 69172
124.79.74.72 - - [18/Oct/2022:14:34:46 +0800] "GET /xingrg/words/20221018125949_words.js HTTP/1.1" 304 -
124.79.74.72 - - [18/Oct/2022:14:34:46 +0800] "POST /xingrg/kc/buy/cgsh_order_operate.html HTTP/1.1" 200 8245
124.79.74.72 - - [18/Oct/2022:14:34:46 +0800] "GET /xingrg/all/common/auto_word.html?type=employee&rest_code=00156 HTTP/1.1" 200 97
124.79.74.72 - - [18/Oct/2022:14:34:46 +0800] "GET /xingrg/all/common/auto_word.html?type=employee&rest_code=00156 HTTP/1.1" 200 97
124.79.74.72 - - [18/Oct/2022:14:34:46 +0800] "GET /xingrg/javascript/easyui/themes/default/validatebox.css HTTP/1.1" 404 1104
180.169.147.146 - - [18/Oct/2022:14:34:50 +0800] "GET /xingrg/all/function/internal_message.html?_=1666074886909&CODE_STATE=getMsg HTTP/1.1" 200 27
116.230.114.213 - - [18/Oct/2022:14:34:50 +0800] "GET /xingrg/all/function/internal_message.html?_=1666074893622&CODE_STATE=getMsg HTTP/1.1" 200 27
124.79.74.72 - - [18/Oct/2022:14:34:54 +0800] "GET /xingrg/kc/buy/cgsh_order_operate.html?command=get_materiel&rest_code=00156&code=00101008583&supplier_code=00100327&order_time=2022-10-18 HTTP/1.1" 200 417
124.79.243.136 - - [18/Oct/2022:14:34:54 +0800] "GET /xingrg/all/function/internal_message.html?_=1666075097373&CODE_STATE=getMsg HTTP/1.1" 200 27
114.84.81.136 - - [18/Oct/2022:14:34:58 +0800] "GET /xingrg/all/function/internal_message.html?_=1666074895469&CODE_STATE=getMsg HTTP/1.1" 200 27
222.70.183.206 - - [18/Oct/2022:14:35:02 +0800] "GET /xingrg/check_reg.html?_=1666074836121 HTTP/1.1" 200 22
222.70.183.206 - - [18/Oct/2022:14:35:02 +0800] "GET /xingrg/all/function/internal_message.html?_=1666074836123&CODE_STATE=getMsg HTTP/1.1" 200 27
124.79.74.72 - - [18/Oct/2022:14:35:04 +0800] "POST /xingrg/kc/buy/cgsh_order_operate.html HTTP/1.1" 200 37
124.79.74.72 - - [18/Oct/2022:14:35:05 +0800] "POST /xingrg/kc/buy/cgsh_order_operate.html HTTP/1.1" 200 2662
124.79.74.72 - - [18/Oct/2022:14:35:06 +0800] "GET /xingrg/kc/print/load_config.html?kc_code=cgsh HTTP/1.1" 200 1943
124.79.74.72 - - [18/Oct/2022:14:35:06 +0800] "GET /xingrg/kc/print/load_data.html?order_code=212022101805581&kc_code=cgsh&condition= HTTP/1.1" 200 672
101.85.93.18 - - [18/Oct/2022:14:35:08 +0800] "GET /xingrg/kc/buy/cgsh_order_add.html HTTP/1.1" 200 68212
101.85.93.18 - - [18/Oct/2022:14:35:09 +0800] "POST /xingrg/kc/buy/cgsh_order_operate.html HTTP/1.1" 200 8245
101.85.93.18 - - [18/Oct/2022:14:35:09 +0800] "GET /xingrg/javascript/easyui/themes/default/validatebox.css HTTP/1.1" 404 1104
101.85.93.18 - - [18/Oct/2022:14:35:09 +0800] "GET /xingrg/all/function/internal_message.html?_=1666074906404&CODE_STATE=getMsg HTTP/1.1" 200 27
124.79.74.72 - - [18/Oct/2022:14:35:10 +0800] "GET /xingrg/kc/buy/cgsh_order_add.html HTTP/1.1" 200 69172
124.79.74.72 - - [18/Oct/2022:14:35:10 +0800] "POST /xingrg/kc/buy/cgsh_order_operate.html HTTP/1.1" 200 8245
124.79.74.72 - - [18/Oct/2022:14:35:10 +0800] "GET /xingrg/all/common/auto_word.html?type=employee&rest_code=00156 HTTP/1.1" 200 97
124.79.74.72 - - [18/Oct/2022:14:35:10 +0800] "GET /xingrg/javascript/easyui/themes/default/validatebox.css HTTP/1.1" 404 1104
124.79.74.72 - - [18/Oct/2022:14:35:10 +0800] "GET /xingrg/all/common/auto_word.html?type=employee&rest_code=00156 HTTP/1.1" 200 97
116.238.139.35 - - [18/Oct/2022:14:35:11 +0800] "GET /xingrg/all/function/internal_message.html?_=1666074852708&CODE_STATE=getMsg HTTP/1.1" 200 27
222.70.183.206 - - [18/Oct/2022:14:35:11 +0800] "GET /xingrg/check_reg.html?_=1666074910580 HTTP/1.1" 200 22
222.70.183.206 - - [18/Oct/2022:14:35:11 +0800] "GET /xingrg/all/function/internal_message.html?_=1666074910581&CODE_STATE=getMsg HTTP/1.1" 200 27
222.70.183.206 - - [18/Oct/2022:14:35:20 +0800] "GET /xingrg/all/function/internal_message.html?_=1666074916975&CODE_STATE=getMsg HTTP/1.1" 200 27
124.79.74.72 - - [18/Oct/2022:14:35:20 +0800] "GET /xingrg/all/function/internal_message.html?_=1666074916033&CODE_STATE=getMsg HTTP/1.1" 200 27
124.79.74.72 - - [18/Oct/2022:14:35:22 +0800] "GET /xingrg/kc/buy/cgsh_order_operate.html?command=get_materiel&rest_code=00156&code=00101007077&supplier_code=00100328&order_time=2022-10-18 HTTP/1.1" 200 415
222.69.192.207 - - [18/Oct/2022:14:35:23 +0800] "GET /xingrg/all/function/internal_message.html?_=1666074773238&CODE_STATE=getMsg HTTP/1.1" 200 27
101.85.93.18 - - [18/Oct/2022:14:35:23 +0800] "GET /xingrg/kc/buy/cgsh_order_operate.html?command=get_materiel&rest_code=00142&code=00101008108&supplier_code=00100161&order_time=2022-10-18 HTTP/1.1" 200 412
124.79.74.72 - - [18/Oct/2022:14:35:34 +0800] "POST /xingrg/kc/buy/cgsh_order_operate.html HTTP/1.1" 200 37
124.79.74.72 - - [18/Oct/2022:14:35:35 +0800] "POST /xingrg/kc/buy/cgsh_order_operate.html HTTP/1.1" 200 2660
124.79.74.72 - - [18/Oct/2022:14:35:36 +0800] "GET /xingrg/kc/print/load_config.html?kc_code=cgsh HTTP/1.1" 200 1943
124.79.74.72 - - [18/Oct/2022:14:35:36 +0800] "GET /xingrg/kc/print/load_data.html?order_code=212022101805582&kc_code=cgsh&condition= HTTP/1.1" 200 682
101.85.93.18 - - [18/Oct/2022:14:35:38 +0800] "GET /xingrg/kc/buy/cgsh_order_operate.html?command=get_materiel&rest_code=00142&code=00101008368&supplier_code=00100161&order_time=2022-10-18 HTTP/1.1" 200 408
124.79.74.72 - - [18/Oct/2022:14:35:40 +0800] "GET /xingrg/kc/buy/cgsh_order_add.html HTTP/1.1" 200 69172
124.79.74.72 - - [18/Oct/2022:14:35:40 +0800] "POST /xingrg/kc/buy/cgsh_order_operate.html HTTP/1.1" 200 8245
124.79.74.72 - - [18/Oct/2022:14:35:40 +0800] "GET /xingrg/all/common/auto_word.html?type=employee&rest_code=00156 HTTP/1.1" 200 97
124.79.74.72 - - [18/Oct/2022:14:35:40 +0800] "GET /xingrg/all/common/auto_word.html?type=employee&rest_code=00156 HTTP/1.1" 200 97
124.79.74.72 - - [18/Oct/2022:14:35:40 +0800] "GET /xingrg/javascript/easyui/themes/default/validatebox.css HTTP/1.1" 404 1104
124.79.74.72 - - [18/Oct/2022:14:35:46 +0800] "GET /xingrg/kc/buy/cgsh_order_operate.html?command=get_materiel&rest_code=00156&code=00101005017&supplier_code=00100312&order_time=2022-10-18 HTTP/1.1" 200 409
101.85.93.18 - - [18/Oct/2022:14:35:47 +0800] "GET /xingrg/kc/buy/cgsh_order_operate.html?command=get_materiel&rest_code=00142&code=00101008005&supplier_code=00100161&order_time=2022-10-18 HTTP/1.1" 200 412
180.169.147.146 - - [18/Oct/2022:14:35:50 +0800] "GET /xingrg/all/function/internal_message.html?_=1666074946907&CODE_STATE=getMsg HTTP/1.1" 200 27
116.230.114.213 - - [18/Oct/2022:14:35:50 +0800] "GET /xingrg/all/function/internal_message.html?_=1666074953636&CODE_STATE=getMsg HTTP/1.1" 200 27
124.79.243.136 - - [18/Oct/2022:14:35:54 +0800] "GET /xingrg/all/function/internal_message.html?_=1666075157352&CODE_STATE=getMsg HTTP/1.1" 200 27
114.84.81.136 - - [18/Oct/2022:14:35:58 +0800] "GET /xingrg/all/function/internal_message.html?_=1666074955454&CODE_STATE=getMsg HTTP/1.1" 200 27
124.79.74.72 - - [18/Oct/2022:14:35:58 +0800] "POST /xingrg/kc/buy/cgsh_order_operate.html HTTP/1.1" 200 37
124.79.74.72 - - [18/Oct/2022:14:36:00 +0800] "POST /xingrg/kc/buy/cgsh_order_operate.html HTTP/1.1" 200 2654
101.85.93.18 - - [18/Oct/2022:14:36:00 +0800] "GET /xingrg/kc/buy/cgsh_order_operate.html?command=get_materiel&rest_code=00142&code=00101008261&supplier_code=00100161&order_time=2022-10-18 HTTP/1.1" 200 408
124.79.74.72 - - [18/Oct/2022:14:36:01 +0800] "GET /xingrg/kc/print/load_config.html?kc_code=cgsh HTTP/1.1" 200 1943
124.79.74.72 - - [18/Oct/2022:14:36:01 +0800] "GET /xingrg/kc/print/load_data.html?order_code=212022101805583&kc_code=cgsh&condition= HTTP/1.1" 200 673
222.70.183.206 - - [18/Oct/2022:14:36:02 +0800] "GET /xingrg/all/function/internal_message.html?_=1666074896119&CODE_STATE=getMsg HTTP/1.1" 200 27
124.79.74.72 - - [18/Oct/2022:14:36:04 +0800] "GET /xingrg/kc/buy/cgsh_order_add.html HTTP/1.1" 200 69172
124.79.74.72 - - [18/Oct/2022:14:36:05 +0800] "POST /xingrg/kc/buy/cgsh_order_operate.html HTTP/1.1" 200 8245
124.79.74.72 - - [18/Oct/2022:14:36:05 +0800] "GET /xingrg/all/common/auto_word.html?type=employee&rest_code=00156 HTTP/1.1" 200 97
124.79.74.72 - - [18/Oct/2022:14:36:05 +0800] "GET /xingrg/all/common/auto_word.html?type=employee&rest_code=00156 HTTP/1.1" 200 97
124.79.74.72 - - [18/Oct/2022:14:36:05 +0800] "GET /xingrg/javascript/easyui/themes/default/validatebox.css HTTP/1.1" 404 1104
180.169.147.146 - - [18/Oct/2022:14:36:08 +0800] "GET /xingrg/check_reg.html?_=1666074964722 HTTP/1.1" 200 22
101.85.93.18 - - [18/Oct/2022:14:36:09 +0800] "GET /xingrg/all/function/internal_message.html?_=1666074966375&CODE_STATE=getMsg HTTP/1.1" 200 27
101.85.93.18 - - [18/Oct/2022:14:36:09 +0800] "GET /xingrg/kc/buy/cgsh_order_operate.html?command=get_materiel&rest_code=00142&code=00101008268&supplier_code=00100161&order_time=2022-10-18 HTTP/1.1" 200 408
116.238.139.35 - - [18/Oct/2022:14:36:11 +0800] "GET /xingrg/all/function/internal_message.html?_=1666074912782&CODE_STATE=getMsg HTTP/1.1" 200 27
222.70.183.206 - - [18/Oct/2022:14:36:11 +0800] "GET /xingrg/all/function/internal_message.html?_=1666074970579&CODE_STATE=getMsg HTTP/1.1" 200 27
101.85.93.18 - - [18/Oct/2022:14:36:20 +0800] "GET /xingrg/kc/buy/cgsh_order_operate.html?command=get_materiel&rest_code=00142&code=00101008059&supplier_code=00100161&order_time=2022-10-18 HTTP/1.1" 200 408
222.70.183.206 - - [18/Oct/2022:14:36:20 +0800] "GET /xingrg/all/function/internal_message.html?_=1666074976975&CODE_STATE=getMsg HTTP/1.1" 200 27
124.79.74.72 - - [18/Oct/2022:14:36:20 +0800] "GET /xingrg/kc/buy/cgsh_order_operate.html?command=get_materiel&rest_code=00156&code=00101003057&supplier_code=00100348&order_time=2022-10-18 HTTP/1.1" 200 423
124.79.74.72 - - [18/Oct/2022:14:36:20 +0800] "GET /xingrg/all/function/internal_message.html?_=1666074976031&CODE_STATE=getMsg HTTP/1.1" 200 27
222.69.192.207 - - [18/Oct/2022:14:36:23 +0800] "GET /xingrg/all/function/internal_message.html?_=1666074833208&CODE_STATE=getMsg HTTP/1.1" 200 27
222.69.192.207 - - [18/Oct/2022:14:36:24 +0800] "GET /xingrg/check_reg.html?_=1666074834396 HTTP/1.1" 200 22
101.85.93.18 - - [18/Oct/2022:14:36:29 +0800] "GET /xingrg/kc/buy/cgsh_order_operate.html?command=get_materiel&rest_code=00142&code=00101008361&supplier_code=00100161&order_time=2022-10-18 HTTP/1.1" 200 408
124.79.74.72 - - [18/Oct/2022:14:36:33 +0800] "POST /xingrg/kc/buy/cgsh_order_operate.html HTTP/1.1" 200 37
124.79.74.72 - - [18/Oct/2022:14:36:34 +0800] "POST /xingrg/kc/buy/cgsh_order_operate.html HTTP/1.1" 200 2670
124.79.74.72 - - [18/Oct/2022:14:36:35 +0800] "GET /xingrg/kc/print/load_config.html?kc_code=cgsh HTTP/1.1" 200 1943
124.79.74.72 - - [18/Oct/2022:14:36:36 +0800] "GET /xingrg/kc/print/load_data.html?order_code=212022101805584&kc_code=cgsh&condition= HTTP/1.1" 200 692
114.84.81.136 - - [18/Oct/2022:14:36:36 +0800] "GET /xingrg/all/function/internal_message.html?_=1666074995967&CODE_STATE=getMsg HTTP/1.1" 302 -
101.85.93.18 - - [18/Oct/2022:14:36:36 +0800] "GET /xingrg/kc/buy/cgsh_order_operate.html?command=get_materiel&rest_code=00142&code=00101008155&supplier_code=00100161&order_time=2022-10-18 HTTP/1.1" 200 408
124.79.74.72 - - [18/Oct/2022:14:36:39 +0800] "GET /xingrg/kc/buy/cgsh_order_add.html HTTP/1.1" 200 69172
124.79.74.72 - - [18/Oct/2022:14:36:39 +0800] "POST /xingrg/kc/buy/cgsh_order_operate.html HTTP/1.1" 200 8245
124.79.74.72 - - [18/Oct/2022:14:36:39 +0800] "GET /xingrg/all/common/auto_word.html?type=employee&rest_code=00156 HTTP/1.1" 200 97
124.79.74.72 - - [18/Oct/2022:14:36:39 +0800] "GET /xingrg/all/common/auto_word.html?type=employee&rest_code=00156 HTTP/1.1" 200 97
124.79.74.72 - - [18/Oct/2022:14:36:39 +0800] "GET /xingrg/javascript/easyui/themes/default/validatebox.css HTTP/1.1" 404 1104
124.79.74.72 - - [18/Oct/2022:14:36:45 +0800] "GET /xingrg/kc/buy/cgsh_order_operate.html?command=get_materiel&rest_code=00156&code=00101020058&supplier_code=00100337&order_time=2022-10-18 HTTP/1.1" 200 413
101.85.93.18 - - [18/Oct/2022:14:36:49 +0800] "GET /xingrg/kc/buy/cgsh_order_operate.html?command=get_materiel&rest_code=00142&code=00101008355&supplier_code=00100161&order_time=2022-10-18 HTTP/1.1" 200 408
180.169.147.146 - - [18/Oct/2022:14:36:50 +0800] "GET /xingrg/all/function/internal_message.html?_=1666075006918&CODE_STATE=getMsg HTTP/1.1" 200 27
