222.69.192.207 - - [16/Oct/2022:11:37:39 +0800] "POST /xingrg/kc/base/wldb_order_operate.html HTTP/1.1" 200 3147
58.37.5.201 - - [16/Oct/2022:11:37:39 +0800] "GET /xingrg/kc/print/load_data.html?order_code=212022101604924&kc_code=cgsh&condition= HTTP/1.1" 200 9217
222.70.183.206 - - [16/Oct/2022:11:37:39 +0800] "GET /xingrg/all/function/internal_message.html?_=1665891454171&CODE_STATE=getMsg HTTP/1.1" 200 27
222.69.192.207 - - [16/Oct/2022:11:37:39 +0800] "GET /xingrg/kc/base/wldb_order_info.html?code=422022101601227 HTTP/1.1" 200 30414
222.70.183.206 - - [16/Oct/2022:11:37:39 +0800] "GET /xingrg/check_reg.html?_=1665891454251 HTTP/1.1" 200 22
222.69.192.207 - - [16/Oct/2022:11:37:40 +0800] "GET /xingrg/javascript/easyui/themes/default/validatebox.css HTTP/1.1" 404 1104
222.69.192.207 - - [16/Oct/2022:11:37:40 +0800] "POST /xingrg/kc/base/wldb_order_operate.html HTTP/1.1" 200 3147
222.69.192.207 - - [16/Oct/2022:11:37:43 +0800] "GET /xingrg/kc/base/wldb_order_add.html HTTP/1.1" 200 30397
222.69.192.207 - - [16/Oct/2022:11:37:44 +0800] "POST /xingrg/kc/base/wldb_order_operate.html HTTP/1.1" 200 6806
222.69.192.207 - - [16/Oct/2022:11:37:44 +0800] "GET /xingrg/javascript/easyui/themes/default/validatebox.css HTTP/1.1" 404 1104
116.230.105.139 - - [16/Oct/2022:11:37:46 +0800] "GET /xingrg/all/function/internal_message.html?_=1665891439004&CODE_STATE=getMsg HTTP/1.1" 200 27
114.88.159.190 - - [16/Oct/2022:11:37:46 +0800] "GET /xingrg/all/function/internal_message.html?_=1665891093610&CODE_STATE=getMsg HTTP/1.1" 200 27
116.238.139.35 - - [16/Oct/2022:11:37:48 +0800] "GET /xingrg/kc/base/wldb_order_list.html HTTP/1.1" 200 19186
116.238.139.35 - - [16/Oct/2022:11:37:49 +0800] "POST /xingrg/kc/base/wldb_list_operate.html HTTP/1.1" 200 928
58.37.5.201 - - [16/Oct/2022:11:37:51 +0800] "POST /xingrg/kc/buy/cgsh_list_operate.html HTTP/1.1" 200 3549
222.69.192.207 - - [16/Oct/2022:11:37:54 +0800] "GET /xingrg/all/function/internal_message.html?_=1665891473627&CODE_STATE=getMsg HTTP/1.1" 200 27
116.238.139.35 - - [16/Oct/2022:11:37:55 +0800] "GET /xingrg/kc/base/wldb_order_add.html HTTP/1.1" 200 30403
116.238.139.35 - - [16/Oct/2022:11:37:56 +0800] "POST /xingrg/kc/base/wldb_order_operate.html HTTP/1.1" 200 6806
116.238.139.35 - - [16/Oct/2022:11:37:56 +0800] "GET /xingrg/all/common/auto_word.html?type=base&rest_code=00150 HTTP/1.1" 200 1799
116.238.139.35 - - [16/Oct/2022:11:37:56 +0800] "GET /xingrg/all/common/auto_word.html?type=base&rest_code=00150 HTTP/1.1" 200 1799
116.238.139.35 - - [16/Oct/2022:11:37:56 +0800] "GET /xingrg/javascript/easyui/themes/default/validatebox.css HTTP/1.1" 404 1104
116.230.114.213 - - [16/Oct/2022:11:37:57 +0800] "GET /xingrg/all/function/internal_message.html?_=1665891502163&CODE_STATE=getMsg HTTP/1.1" 200 27
116.238.139.35 - - [16/Oct/2022:11:37:58 +0800] "GET /xingrg/javascript/auto/indicator.gif HTTP/1.1" 404 1066
116.238.139.35 - - [16/Oct/2022:11:38:00 +0800] "GET /xingrg/all/function/internal_message.html?_=1665891478556&CODE_STATE=getMsg HTTP/1.1" 200 27
116.230.114.213 - - [16/Oct/2022:11:38:01 +0800] "GET /xingrg/kc/buy/cgsh_order_operate.html?command=get_materiel&rest_code=00146&code=00101001125&supplier_code=00100090&order_time=2022-10-16 HTTP/1.1" 200 417
124.79.74.72 - - [16/Oct/2022:11:38:01 +0800] "GET /xingrg/check_reg.html?_=1665891478754 HTTP/1.1" 200 22
222.69.192.207 - - [16/Oct/2022:11:38:05 +0800] "GET /xingrg/kc/base/wldb_order_operate.html?command=get_materiel&rest_code=00105&base_code=0010507&code=00101019184 HTTP/1.1" 200 458
116.238.139.35 - - [16/Oct/2022:11:38:05 +0800] "GET /xingrg/kc/base/wldb_order_operate.html?command=get_materiel&rest_code=00150&base_code=0010446&code=00102002256 HTTP/1.1" 200 444
58.37.5.201 - - [16/Oct/2022:11:38:06 +0800] "POST /xingrg/kc/buy/cgsh_list_operate.html HTTP/1.1" 200 493
58.37.5.201 - - [16/Oct/2022:11:38:06 +0800] "GET /xingrg/kc/buy/cgsh_order_info.html?code=212022101604943 HTTP/1.1" 200 69098
58.37.5.201 - - [16/Oct/2022:11:38:07 +0800] "GET /xingrg/javascript/easyui/themes/default/validatebox.css HTTP/1.1" 404 1104
116.230.105.139 - - [16/Oct/2022:11:38:07 +0800] "POST /xingrg/services/DataTransmitService HTTP/1.1" 200 524
58.37.5.201 - - [16/Oct/2022:11:38:07 +0800] "GET /xingrg/check_reg.html?_=1665891489526 HTTP/1.1" 200 22
58.37.5.201 - - [16/Oct/2022:11:38:07 +0800] "GET /xingrg/all/function/internal_message.html?_=1665891489529&CODE_STATE=getMsg HTTP/1.1" 200 27
58.37.5.201 - - [16/Oct/2022:11:38:07 +0800] "POST /xingrg/kc/buy/cgsh_order_operate.html HTTP/1.1" 200 5010
116.230.105.139 - - [16/Oct/2022:11:38:08 +0800] "POST /xingrg/services/DataTransmitService HTTP/1.1" 200 2151
116.230.105.139 - - [16/Oct/2022:11:38:08 +0800] "POST /xingrg/services/DataTransmitService HTTP/1.1" 200 183579
58.37.5.201 - - [16/Oct/2022:11:38:09 +0800] "POST /xingrg/kc/buy/cgsh_list_operate.html HTTP/1.1" 200 3549
180.169.147.146 - - [16/Oct/2022:11:38:16 +0800] "GET /xingrg/kc/print/load_config.html?kc_code=cgsh HTTP/1.1" 200 1943
180.169.147.146 - - [16/Oct/2022:11:38:16 +0800] "GET /xingrg/kc/print/load_data.html?order_code=212022101604958&kc_code=cgsh&condition= HTTP/1.1" 200 1666
222.69.192.207 - - [16/Oct/2022:11:38:16 +0800] "GET /xingrg/kc/base/wldb_order_operate.html?command=get_materiel&rest_code=00105&base_code=0010507&code=00101019400 HTTP/1.1" 200 465
58.37.5.201 - - [16/Oct/2022:11:38:20 +0800] "POST /xingrg/kc/buy/cgsh_order_operate.html HTTP/1.1" 200 37
116.238.139.35 - - [16/Oct/2022:11:38:20 +0800] "GET /xingrg/kc/base/wldb_order_operate.html?command=get_materiel&rest_code=00150&base_code=0010446&code=00102002685 HTTP/1.1" 200 458
222.69.192.207 - - [16/Oct/2022:11:38:23 +0800] "GET /xingrg/all/function/internal_message.html?_=1665891355229&CODE_STATE=getMsg HTTP/1.1" 200 27
116.230.114.213 - - [16/Oct/2022:11:38:24 +0800] "POST /xingrg/kc/buy/cgsh_order_operate.html HTTP/1.1" 200 37
58.37.5.201 - - [16/Oct/2022:11:38:25 +0800] "POST /xingrg/kc/buy/cgsh_order_operate.html HTTP/1.1" 200 12
58.37.5.201 - - [16/Oct/2022:11:38:26 +0800] "GET /xingrg/kc/buy/cgsh_order_info.html?code=212022101604943 HTTP/1.1" 200 63992
124.79.243.136 - - [16/Oct/2022:11:38:26 +0800] "GET /xingrg/all/function/internal_message.html?_=1665891709178&CODE_STATE=getMsg HTTP/1.1" 200 27
58.37.5.201 - - [16/Oct/2022:11:38:26 +0800] "GET /xingrg/javascript/easyui/themes/default/validatebox.css HTTP/1.1" 404 1104
116.230.114.213 - - [16/Oct/2022:11:38:26 +0800] "POST /xingrg/kc/buy/cgsh_order_operate.html HTTP/1.1" 200 4455
58.37.5.201 - - [16/Oct/2022:11:38:27 +0800] "POST /xingrg/kc/buy/cgsh_order_operate.html HTTP/1.1" 200 2959
116.230.114.213 - - [16/Oct/2022:11:38:28 +0800] "GET /xingrg/kc/print/load_data.html?order_code=212022101605020&kc_code=cgsh&condition= HTTP/1.1" 200 1443
116.238.139.35 - - [16/Oct/2022:11:38:29 +0800] "GET /xingrg/all/function/internal_message.html?_=1665891454313&CODE_STATE=getMsg HTTP/1.1" 200 27
116.238.139.35 - - [16/Oct/2022:11:38:30 +0800] "GET /xingrg/kc/base/wldb_order_operate.html?command=get_materiel&rest_code=00150&base_code=0010446&code=00102002022 HTTP/1.1" 200 472
58.37.5.201 - - [16/Oct/2022:11:38:30 +0800] "GET /xingrg/kc/print/load_data.html?order_code=212022101604943&kc_code=cgsh&condition= HTTP/1.1" 200 1603
222.69.192.207 - - [16/Oct/2022:11:38:30 +0800] "GET /xingrg/kc/base/wldb_order_operate.html?command=get_materiel&rest_code=00105&base_code=0010507&code=00101019133 HTTP/1.1" 200 479
221.239.141.151 - - [16/Oct/2022:11:38:35 +0800] "GET /xingrg/all/function/internal_message.html?_=1665891515653&CODE_STATE=getMsg HTTP/1.1" 200 27
116.238.139.35 - - [16/Oct/2022:11:38:36 +0800] "GET /xingrg/kc/base/wldb_order_operate.html?command=get_materiel&rest_code=00150&base_code=0010446&code=00102021018 HTTP/1.1" 200 445
221.239.141.151 - - [16/Oct/2022:11:38:36 +0800] "GET /xingrg/check_reg.html?_=1665891516470 HTTP/1.1" 200 22
124.79.74.72 - - [16/Oct/2022:11:38:39 +0800] "GET /xingrg/all/function/internal_message.html?_=1665891515973&CODE_STATE=getMsg HTTP/1.1" 200 27
222.70.183.206 - - [16/Oct/2022:11:38:39 +0800] "GET /xingrg/all/function/internal_message.html?_=1665891514142&CODE_STATE=getMsg HTTP/1.1" 200 27
222.69.192.207 - - [16/Oct/2022:11:38:40 +0800] "GET /xingrg/kc/base/wldb_order_operate.html?command=get_materiel&rest_code=00105&base_code=0010507&code=00101016044 HTTP/1.1" 200 464
116.238.139.35 - - [16/Oct/2022:11:38:43 +0800] "POST /xingrg/kc/base/wldb_order_operate.html HTTP/1.1" 200 37
180.169.147.146 - - [16/Oct/2022:11:38:44 +0800] "GET /xingrg/all/function/internal_message.html?_=1665891512516&CODE_STATE=getMsg HTTP/1.1" 200 27
116.230.105.139 - - [16/Oct/2022:11:38:46 +0800] "GET /xingrg/all/function/internal_message.html?_=1665891499004&CODE_STATE=getMsg HTTP/1.1" 200 27
116.238.139.35 - - [16/Oct/2022:11:38:46 +0800] "POST /xingrg/kc/base/wldb_order_operate.html HTTP/1.1" 200 12
116.238.139.35 - - [16/Oct/2022:11:38:46 +0800] "POST /xingrg/kc/base/wldb_order_operate.html HTTP/1.1" 200 3672
114.88.159.190 - - [16/Oct/2022:11:38:46 +0800] "GET /xingrg/all/function/internal_message.html?_=1665891153589&CODE_STATE=getMsg HTTP/1.1" 200 27
222.69.192.207 - - [16/Oct/2022:11:38:51 +0800] "GET /xingrg/kc/base/wldb_order_operate.html?command=get_materiel&rest_code=00105&base_code=0010507&code=00101013076 HTTP/1.1" 200 443
116.238.139.35 - - [16/Oct/2022:11:38:51 +0800] "GET /xingrg/kc/base/wldb_order_info.html?code=422022101601228 HTTP/1.1" 200 26284
116.238.139.35 - - [16/Oct/2022:11:38:51 +0800] "GET /xingrg/javascript/easyui/themes/default/validatebox.css HTTP/1.1" 404 1104
116.238.139.35 - - [16/Oct/2022:11:38:52 +0800] "POST /xingrg/kc/base/wldb_order_operate.html HTTP/1.1" 200 1934
222.69.192.207 - - [16/Oct/2022:11:38:54 +0800] "GET /xingrg/all/function/internal_message.html?_=1665891533603&CODE_STATE=getMsg HTTP/1.1" 200 27
116.230.114.213 - - [16/Oct/2022:11:38:57 +0800] "GET /xingrg/check_reg.html?_=1665891562054 HTTP/1.1" 200 22
116.230.114.213 - - [16/Oct/2022:11:38:57 +0800] "GET /xingrg/all/function/internal_message.html?_=1665891562178&CODE_STATE=getMsg HTTP/1.1" 200 27
116.238.139.35 - - [16/Oct/2022:11:39:00 +0800] "GET /xingrg/all/function/internal_message.html?_=1665891538564&CODE_STATE=getMsg HTTP/1.1" 200 27
222.69.192.207 - - [16/Oct/2022:11:39:02 +0800] "GET /xingrg/kc/base/wldb_order_operate.html?command=get_materiel&rest_code=00105&base_code=0010507&code=00101019222 HTTP/1.1" 200 454
58.37.5.201 - - [16/Oct/2022:11:39:07 +0800] "GET /xingrg/all/function/internal_message.html?_=1665891549541&CODE_STATE=getMsg HTTP/1.1" 200 27
116.238.139.35 - - [16/Oct/2022:11:39:07 +0800] "GET /xingrg/kc/base/wldb_order_add.html HTTP/1.1" 200 30403
116.238.139.35 - - [16/Oct/2022:11:39:08 +0800] "POST /xingrg/kc/base/wldb_order_operate.html HTTP/1.1" 200 6806
116.238.139.35 - - [16/Oct/2022:11:39:08 +0800] "GET /xingrg/javascript/easyui/themes/default/validatebox.css HTTP/1.1" 404 1104
222.69.192.207 - - [16/Oct/2022:11:39:08 +0800] "POST /xingrg/kc/base/wldb_order_operate.html HTTP/1.1" 200 37
222.69.192.207 - - [16/Oct/2022:11:39:09 +0800] "POST /xingrg/kc/base/wldb_order_operate.html HTTP/1.1" 200 4667
222.69.192.207 - - [16/Oct/2022:11:39:09 +0800] "GET /xingrg/kc/base/wldb_order_info.html?code=422022101601229 HTTP/1.1" 200 30412
222.69.192.207 - - [16/Oct/2022:11:39:10 +0800] "GET /xingrg/javascript/easyui/themes/default/validatebox.css HTTP/1.1" 404 1104
222.69.192.207 - - [16/Oct/2022:11:39:11 +0800] "POST /xingrg/kc/base/wldb_order_operate.html HTTP/1.1" 200 4667
180.169.147.146 - - [16/Oct/2022:11:39:19 +0800] "GET /xingrg/kc/buy/cgsh_order_add.html HTTP/1.1" 200 69096
180.169.147.146 - - [16/Oct/2022:11:39:19 +0800] "POST /xingrg/kc/buy/cgsh_order_operate.html HTTP/1.1" 200 8245
180.169.147.146 - - [16/Oct/2022:11:39:19 +0800] "GET /xingrg/all/common/auto_word.html?type=employee&rest_code=00147 HTTP/1.1" 200 101
180.169.147.146 - - [16/Oct/2022:11:39:19 +0800] "GET /xingrg/all/common/auto_word.html?type=employee&rest_code=00147 HTTP/1.1" 200 101
180.169.147.146 - - [16/Oct/2022:11:39:19 +0800] "GET /xingrg/javascript/easyui/themes/default/validatebox.css HTTP/1.1" 404 1104
58.37.5.201 - - [16/Oct/2022:11:39:21 +0800] "POST /xingrg/kc/buy/cgsh_list_operate.html HTTP/1.1" 200 3125
222.69.192.207 - - [16/Oct/2022:11:39:23 +0800] "GET /xingrg/all/function/internal_message.html?_=1665891415243&CODE_STATE=getMsg HTTP/1.1" 200 27
180.169.147.146 - - [16/Oct/2022:11:39:25 +0800] "GET /xingrg/javascript/jquery_tools/images/prev.gif HTTP/1.1" 404 1086
180.169.147.146 - - [16/Oct/2022:11:39:25 +0800] "GET /xingrg/javascript/jquery_tools/images/next.gif HTTP/1.1" 404 1086
124.79.243.136 - - [16/Oct/2022:11:39:26 +0800] "GET /xingrg/all/function/internal_message.html?_=1665891769192&CODE_STATE=getMsg HTTP/1.1" 200 27
116.238.139.35 - - [16/Oct/2022:11:39:27 +0800] "GET /xingrg/kc/base/wldb_order_operate.html?command=get_materiel&rest_code=00150&base_code=0010446&code=00102002198 HTTP/1.1" 200 450
58.37.5.201 - - [16/Oct/2022:11:39:28 +0800] "POST /xingrg/kc/buy/cgsh_list_operate.html HTTP/1.1" 200 433
58.37.5.201 - - [16/Oct/2022:11:39:29 +0800] "GET /xingrg/kc/buy/cgsh_order_info.html?code=212022101604944 HTTP/1.1" 200 69096
58.37.5.201 - - [16/Oct/2022:11:39:29 +0800] "GET /xingrg/javascript/easyui/themes/default/validatebox.css HTTP/1.1" 404 1104
116.238.139.35 - - [16/Oct/2022:11:39:29 +0800] "GET /xingrg/all/function/internal_message.html?_=1665891514353&CODE_STATE=getMsg HTTP/1.1" 200 27
58.37.5.201 - - [16/Oct/2022:11:39:30 +0800] "POST /xingrg/kc/buy/cgsh_order_operate.html HTTP/1.1" 200 4443
58.37.5.201 - - [16/Oct/2022:11:39:31 +0800] "POST /xingrg/kc/buy/cgsh_list_operate.html HTTP/1.1" 200 3125
116.238.139.35 - - [16/Oct/2022:11:39:32 +0800] "GET /xingrg/kc/base/wldb_order_operate.html?command=get_materiel&rest_code=00150&base_code=0010446&code=00102002238 HTTP/1.1" 200 434
180.169.147.146 - - [16/Oct/2022:11:39:33 +0800] "GET /xingrg/kc/buy/cgsh_order_operate.html?command=get_materiel&rest_code=00147&code=00101009062&supplier_code=00100022&order_time=2022-10-16 HTTP/1.1" 200 412
222.69.192.207 - - [16/Oct/2022:11:39:33 +0800] "GET /xingrg/kc/base/wldb_order_add.html HTTP/1.1" 200 30397
222.69.192.207 - - [16/Oct/2022:11:39:34 +0800] "POST /xingrg/kc/base/wldb_order_operate.html HTTP/1.1" 200 6806
222.69.192.207 - - [16/Oct/2022:11:39:34 +0800] "GET /xingrg/javascript/easyui/themes/default/validatebox.css HTTP/1.1" 404 1104
221.239.141.151 - - [16/Oct/2022:11:39:35 +0800] "GET /xingrg/all/function/internal_message.html?_=1665891575644&CODE_STATE=getMsg HTTP/1.1" 200 27
116.238.139.35 - - [16/Oct/2022:11:39:37 +0800] "GET /xingrg/kc/base/wldb_order_operate.html?command=get_materiel&rest_code=00150&base_code=0010446&code=00102002679 HTTP/1.1" 200 456
58.37.5.201 - - [16/Oct/2022:11:39:37 +0800] "POST /xingrg/kc/buy/cgsh_order_operate.html HTTP/1.1" 200 37
124.79.74.72 - - [16/Oct/2022:11:39:39 +0800] "GET /xingrg/all/function/internal_message.html?_=1665891575959&CODE_STATE=getMsg HTTP/1.1" 200 27
222.70.183.206 - - [16/Oct/2022:11:39:39 +0800] "GET /xingrg/all/function/internal_message.html?_=1665891574127&CODE_STATE=getMsg HTTP/1.1" 200 27
116.230.114.213 - - [16/Oct/2022:11:39:39 +0800] "GET /xingrg/kc/buy/cgsh_order_add.html HTTP/1.1" 200 69093
116.230.114.213 - - [16/Oct/2022:11:39:39 +0800] "POST /xingrg/kc/buy/cgsh_order_operate.html HTTP/1.1" 200 8245
116.230.114.213 - - [16/Oct/2022:11:39:40 +0800] "GET /xingrg/javascript/easyui/themes/default/validatebox.css HTTP/1.1" 404 1104
58.37.5.201 - - [16/Oct/2022:11:39:41 +0800] "POST /xingrg/kc/buy/cgsh_order_operate.html HTTP/1.1" 200 12
58.37.5.201 - - [16/Oct/2022:11:39:42 +0800] "GET /xingrg/kc/buy/cgsh_order_info.html?code=212022101604944 HTTP/1.1" 200 63990
116.238.139.35 - - [16/Oct/2022:11:39:42 +0800] "GET /xingrg/kc/base/wldb_order_operate.html?command=get_materiel&rest_code=00150&base_code=0010446&code=00102001096 HTTP/1.1" 200 434
58.37.5.201 - - [16/Oct/2022:11:39:42 +0800] "GET /xingrg/javascript/easyui/themes/default/validatebox.css HTTP/1.1" 404 1104
58.37.5.201 - - [16/Oct/2022:11:39:42 +0800] "POST /xingrg/kc/buy/cgsh_order_operate.html HTTP/1.1" 200 2393
180.169.147.146 - - [16/Oct/2022:11:39:43 +0800] "GET /xingrg/kc/buy/cgsh_order_operate.html?command=get_materiel&rest_code=00147&code=00101009041&supplier_code=00100022&order_time=2022-10-16 HTTP/1.1" 200 408
180.169.147.146 - - [16/Oct/2022:11:39:44 +0800] "GET /xingrg/all/function/internal_message.html?_=1665891572518&CODE_STATE=getMsg HTTP/1.1" 200 27
58.37.5.201 - - [16/Oct/2022:11:39:45 +0800] "GET /xingrg/kc/print/load_data.html?order_code=212022101604944&kc_code=cgsh&condition= HTTP/1.1" 200 1452
116.230.105.139 - - [16/Oct/2022:11:39:46 +0800] "GET /xingrg/check_reg.html?_=1665891559018 HTTP/1.1" 200 22
116.230.105.139 - - [16/Oct/2022:11:39:46 +0800] "GET /xingrg/all/function/internal_message.html?_=1665891559021&CODE_STATE=getMsg HTTP/1.1" 200 27
114.88.159.190 - - [16/Oct/2022:11:39:46 +0800] "GET /xingrg/all/function/internal_message.html?_=1665891213568&CODE_STATE=getMsg HTTP/1.1" 200 27
116.238.139.35 - - [16/Oct/2022:11:39:47 +0800] "POST /xingrg/kc/base/wldb_order_operate.html HTTP/1.1" 200 37
116.238.139.35 - - [16/Oct/2022:11:39:49 +0800] "POST /xingrg/kc/base/wldb_order_operate.html HTTP/1.1" 200 12
116.238.139.35 - - [16/Oct/2022:11:39:49 +0800] "POST /xingrg/kc/base/wldb_order_operate.html HTTP/1.1" 200 4122
180.169.147.146 - - [16/Oct/2022:11:39:52 +0800] "GET /xingrg/kc/buy/cgsh_order_operate.html?command=get_materiel&rest_code=00147&code=00101009134&supplier_code=00100022&order_time=2022-10-16 HTTP/1.1" 200 414
58.37.5.201 - - [16/Oct/2022:11:39:52 +0800] "POST /xingrg/kc/buy/cgsh_list_operate.html HTTP/1.1" 200 2704
116.238.139.35 - - [16/Oct/2022:11:39:53 +0800] "GET /xingrg/kc/base/wldb_order_info.html?code=422022101601230 HTTP/1.1" 200 26284
116.238.139.35 - - [16/Oct/2022:11:39:53 +0800] "GET /xingrg/javascript/easyui/themes/default/validatebox.css HTTP/1.1" 404 1104
116.238.139.35 - - [16/Oct/2022:11:39:53 +0800] "POST /xingrg/kc/base/wldb_order_operate.html HTTP/1.1" 200 2374
222.69.192.207 - - [16/Oct/2022:11:39:54 +0800] "GET /xingrg/all/function/internal_message.html?_=1665891593571&CODE_STATE=getMsg HTTP/1.1" 200 27
58.37.5.201 - - [16/Oct/2022:11:39:56 +0800] "POST /xingrg/kc/buy/cgsh_list_operate.html HTTP/1.1" 200 434
222.69.192.207 - - [16/Oct/2022:11:39:56 +0800] "POST /xingrg/kc/base/wldb_order_operate.html HTTP/1.1" 200 37
116.238.139.35 - - [16/Oct/2022:11:39:56 +0800] "GET /xingrg/kc/base/yddb_order_list.html HTTP/1.1" 200 16792
116.238.139.35 - - [16/Oct/2022:11:39:56 +0800] "POST /xingrg/kc/base/yddb_list_operate.html HTTP/1.1" 200 636
222.69.192.207 - - [16/Oct/2022:11:39:56 +0800] "POST /xingrg/kc/base/wldb_order_operate.html HTTP/1.1" 200 2223
58.37.5.201 - - [16/Oct/2022:11:39:56 +0800] "GET /xingrg/kc/buy/cgsh_order_info.html?code=212022101604948 HTTP/1.1" 200 69100
222.69.192.207 - - [16/Oct/2022:11:39:57 +0800] "GET /xingrg/kc/base/wldb_order_info.html?code=422022101601231 HTTP/1.1" 200 30411
58.37.5.201 - - [16/Oct/2022:11:39:57 +0800] "GET /xingrg/javascript/easyui/themes/default/validatebox.css HTTP/1.1" 404 1104
116.238.139.35 - - [16/Oct/2022:11:39:57 +0800] "GET /xingrg/kc/base/yddb_order_add.html HTTP/1.1" 200 29841
116.238.139.35 - - [16/Oct/2022:11:39:57 +0800] "GET /xingrg/dwr/interface/AjaxYddbService.js HTTP/1.1" 200 13201
116.238.139.35 - - [16/Oct/2022:11:39:57 +0800] "GET /xingrg/dwr/interface/AjaxComOrderService.js HTTP/1.1" 200 18264
116.238.139.35 - - [16/Oct/2022:11:39:57 +0800] "GET /xingrg/dwr/engine.js HTTP/1.1" 200 43631
222.69.192.207 - - [16/Oct/2022:11:39:57 +0800] "GET /xingrg/javascript/easyui/themes/default/validatebox.css HTTP/1.1" 404 1104
116.230.114.213 - - [16/Oct/2022:11:39:57 +0800] "GET /xingrg/all/function/internal_message.html?_=1665891622192&CODE_STATE=getMsg HTTP/1.1" 200 27
58.37.5.201 - - [16/Oct/2022:11:39:57 +0800] "POST /xingrg/kc/buy/cgsh_order_operate.html HTTP/1.1" 200 4441
222.69.192.207 - - [16/Oct/2022:11:39:58 +0800] "POST /xingrg/kc/base/wldb_order_operate.html HTTP/1.1" 200 2223
58.37.5.201 - - [16/Oct/2022:11:39:59 +0800] "POST /xingrg/kc/buy/cgsh_list_operate.html HTTP/1.1" 200 2704
116.238.139.35 - - [16/Oct/2022:11:39:59 +0800] "POST /xingrg/dwr/call/plaincall/AjaxYddbService.getRestBases.dwr HTTP/1.1" 200 1616
116.238.139.35 - - [16/Oct/2022:11:40:00 +0800] "GET /xingrg/all/function/internal_message.html?_=1665891598566&CODE_STATE=getMsg HTTP/1.1" 200 27
58.37.5.201 - - [16/Oct/2022:11:40:04 +0800] "POST /xingrg/kc/buy/cgsh_order_operate.html HTTP/1.1" 200 37
116.238.139.35 - - [16/Oct/2022:11:40:05 +0800] "POST /xingrg/dwr/call/plaincall/AjaxYddbService.saveOrder.dwr HTTP/1.1" 200 78
116.238.139.35 - - [16/Oct/2022:11:40:05 +0800] "GET /xingrg/images/yd/bt.gif HTTP/1.1" 404 1040
116.238.139.35 - - [16/Oct/2022:11:40:07 +0800] "POST /xingrg/dwr/call/plaincall/AjaxComOrderService.getMaterielSearchList.dwr HTTP/1.1" 200 1812
116.238.139.35 - - [16/Oct/2022:11:40:08 +0800] "POST /xingrg/dwr/call/plaincall/AjaxYddbService.getMaterielByMap.dwr HTTP/1.1" 200 3962
116.238.139.35 - - [16/Oct/2022:11:40:10 +0800] "POST /xingrg/dwr/call/plaincall/AjaxYddbService.getUnitPrice.dwr HTTP/1.1" 200 86
222.69.192.207 - - [16/Oct/2022:11:40:11 +0800] "GET /xingrg/kc/base/wldb_order_add.html HTTP/1.1" 200 30397
222.69.192.207 - - [16/Oct/2022:11:40:11 +0800] "POST /xingrg/kc/base/wldb_order_operate.html HTTP/1.1" 200 6806
222.69.192.207 - - [16/Oct/2022:11:40:11 +0800] "GET /xingrg/javascript/easyui/themes/default/validatebox.css HTTP/1.1" 404 1104
116.238.139.35 - - [16/Oct/2022:11:40:12 +0800] "POST /xingrg/dwr/call/plaincall/AjaxYddbService.saveMaterielItem.dwr HTTP/1.1" 200 78
116.230.114.213 - - [16/Oct/2022:11:40:13 +0800] "GET /xingrg/kc/buy/cgsh_order_operate.html?command=get_materiel&rest_code=00146&code=00101003040&supplier_code=00100093&order_time=2022-10-16 HTTP/1.1" 200 416
116.238.139.35 - - [16/Oct/2022:11:40:16 +0800] "POST /xingrg/dwr/call/plaincall/AjaxYddbService.checkOrder.dwr HTTP/1.1" 200 78
116.238.139.35 - - [16/Oct/2022:11:40:22 +0800] "GET /xingrg/kc/base/yddb_order_info.html?code=482022101600092 HTTP/1.1" 200 29588
116.238.139.35 - - [16/Oct/2022:11:40:22 +0800] "GET /xingrg/dwr/interface/AjaxComOrderService.js HTTP/1.1" 200 18264
116.238.139.35 - - [16/Oct/2022:11:40:22 +0800] "GET /xingrg/dwr/interface/AjaxYddbService.js HTTP/1.1" 200 13201
116.238.139.35 - - [16/Oct/2022:11:40:22 +0800] "GET /xingrg/dwr/engine.js HTTP/1.1" 200 43631
116.238.139.35 - - [16/Oct/2022:11:40:22 +0800] "POST /xingrg/dwr/call/plaincall/AjaxYddbService.loadMaterielItems.dwr HTTP/1.1" 200 452
222.69.192.207 - - [16/Oct/2022:11:40:23 +0800] "GET /xingrg/all/function/internal_message.html?_=1665891475232&CODE_STATE=getMsg HTTP/1.1" 200 27
180.169.147.146 - - [16/Oct/2022:11:40:23 +0800] "GET /xingrg/kc/buy/cgsh_order_operate.html?command=get_materiel&rest_code=00147&code=00101009057&supplier_code=00100022&order_time=2022-10-16 HTTP/1.1" 200 408
116.238.139.35 - - [16/Oct/2022:11:40:23 +0800] "GET /xingrg/kc/base/yddb_order_add.html HTTP/1.1" 200 29841
116.238.139.35 - - [16/Oct/2022:11:40:23 +0800] "GET /xingrg/dwr/interface/AjaxYddbService.js HTTP/1.1" 200 13201
116.238.139.35 - - [16/Oct/2022:11:40:23 +0800] "GET /xingrg/dwr/interface/AjaxComOrderService.js HTTP/1.1" 200 18264
116.238.139.35 - - [16/Oct/2022:11:40:23 +0800] "GET /xingrg/dwr/engine.js HTTP/1.1" 200 43631
116.238.139.35 - - [16/Oct/2022:11:40:25 +0800] "POST /xingrg/dwr/call/plaincall/AjaxYddbService.getRestBases.dwr HTTP/1.1" 200 1616
124.79.243.136 - - [16/Oct/2022:11:40:26 +0800] "GET /xingrg/all/function/internal_message.html?_=1665891829191&CODE_STATE=getMsg HTTP/1.1" 200 27
222.69.192.207 - - [16/Oct/2022:11:40:27 +0800] "GET /xingrg/kc/base/wldb_order_operate.html?command=get_materiel&rest_code=00105&base_code=0010507&code=00101011005 HTTP/1.1" 200 430
116.238.139.35 - - [16/Oct/2022:11:40:29 +0800] "GET /xingrg/all/function/internal_message.html?_=1665891574356&CODE_STATE=getMsg HTTP/1.1" 200 27
116.238.139.35 - - [16/Oct/2022:11:40:30 +0800] "POST /xingrg/dwr/call/plaincall/AjaxYddbService.saveOrder.dwr HTTP/1.1" 200 78
180.169.147.146 - - [16/Oct/2022:11:40:31 +0800] "POST /xingrg/kc/buy/cgsh_order_operate.html HTTP/1.1" 200 37
116.238.139.35 - - [16/Oct/2022:11:40:33 +0800] "POST /xingrg/dwr/call/plaincall/AjaxComOrderService.getMaterielSearchList.dwr HTTP/1.1" 200 46401
222.69.192.207 - - [16/Oct/2022:11:40:33 +0800] "POST /xingrg/kc/base/wldb_order_operate.html HTTP/1.1" 200 37
116.238.139.35 - - [16/Oct/2022:11:40:33 +0800] "POST /xingrg/dwr/call/plaincall/AjaxComOrderService.getMaterielSearchList.dwr HTTP/1.1" 200 4301
180.169.147.146 - - [16/Oct/2022:11:40:33 +0800] "POST /xingrg/kc/buy/cgsh_order_operate.html HTTP/1.1" 200 4422
222.69.192.207 - - [16/Oct/2022:11:40:34 +0800] "POST /xingrg/kc/base/wldb_order_operate.html HTTP/1.1" 200 2179
222.69.192.207 - - [16/Oct/2022:11:40:34 +0800] "GET /xingrg/kc/base/wldb_order_info.html?code=422022101601232 HTTP/1.1" 200 30413
180.169.147.146 - - [16/Oct/2022:11:40:34 +0800] "GET /xingrg/kc/print/load_config.html?kc_code=cgsh HTTP/1.1" 200 1943
180.169.147.146 - - [16/Oct/2022:11:40:35 +0800] "GET /xingrg/kc/print/load_data.html?order_code=212022101605021&kc_code=cgsh&condition= HTTP/1.1" 200 1375
222.69.192.207 - - [16/Oct/2022:11:40:35 +0800] "GET /xingrg/javascript/easyui/themes/default/validatebox.css HTTP/1.1" 404 1104
222.69.192.207 - - [16/Oct/2022:11:40:35 +0800] "POST /xingrg/kc/base/wldb_order_operate.html HTTP/1.1" 200 2179
221.239.141.151 - - [16/Oct/2022:11:40:35 +0800] "GET /xingrg/all/function/internal_message.html?_=1665891635645&CODE_STATE=getMsg HTTP/1.1" 200 27
116.238.139.35 - - [16/Oct/2022:11:40:36 +0800] "POST /xingrg/dwr/call/plaincall/AjaxComOrderService.getMaterielSearchList.dwr HTTP/1.1" 200 292
116.238.139.35 - - [16/Oct/2022:11:40:37 +0800] "POST /xingrg/dwr/call/plaincall/AjaxYddbService.getMaterielByMap.dwr HTTP/1.1" 200 3933
180.169.147.146 - - [16/Oct/2022:11:40:38 +0800] "GET /xingrg/kc/buy/cgsh_order_add.html HTTP/1.1" 200 69096
180.169.147.146 - - [16/Oct/2022:11:40:38 +0800] "POST /xingrg/kc/buy/cgsh_order_operate.html HTTP/1.1" 200 8245
180.169.147.146 - - [16/Oct/2022:11:40:38 +0800] "GET /xingrg/all/common/auto_word.html?type=employee&rest_code=00147 HTTP/1.1" 200 101
180.169.147.146 - - [16/Oct/2022:11:40:38 +0800] "GET /xingrg/all/common/auto_word.html?type=employee&rest_code=00147 HTTP/1.1" 200 101
180.169.147.146 - - [16/Oct/2022:11:40:38 +0800] "GET /xingrg/javascript/easyui/themes/default/validatebox.css HTTP/1.1" 404 1104
116.238.139.35 - - [16/Oct/2022:11:40:38 +0800] "POST /xingrg/dwr/call/plaincall/AjaxYddbService.getUnitPrice.dwr HTTP/1.1" 200 86
124.79.74.72 - - [16/Oct/2022:11:40:39 +0800] "GET /xingrg/all/function/internal_message.html?_=1665891635929&CODE_STATE=getMsg HTTP/1.1" 200 27
222.70.183.206 - - [16/Oct/2022:11:40:39 +0800] "GET /xingrg/all/function/internal_message.html?_=1665891634112&CODE_STATE=getMsg HTTP/1.1" 200 27
116.238.139.35 - - [16/Oct/2022:11:40:41 +0800] "POST /xingrg/dwr/call/plaincall/AjaxYddbService.saveMaterielItem.dwr HTTP/1.1" 200 78
180.169.147.146 - - [16/Oct/2022:11:40:43 +0800] "GET /xingrg/javascript/jquery_tools/images/prev.gif HTTP/1.1" 404 1086
180.169.147.146 - - [16/Oct/2022:11:40:43 +0800] "GET /xingrg/javascript/jquery_tools/images/next.gif HTTP/1.1" 404 1086
180.169.147.146 - - [16/Oct/2022:11:40:44 +0800] "GET /xingrg/check_reg.html?_=1665891632519 HTTP/1.1" 200 22
180.169.147.146 - - [16/Oct/2022:11:40:44 +0800] "GET /xingrg/all/function/internal_message.html?_=1665891632519&CODE_STATE=getMsg HTTP/1.1" 200 27
116.238.139.35 - - [16/Oct/2022:11:40:45 +0800] "POST /xingrg/dwr/call/plaincall/AjaxYddbService.checkOrder.dwr HTTP/1.1" 200 78
120.253.135.82 - - [16/Oct/2022:11:40:45 +0800] "GET /xingrg/check_reg.html?_=1665891439202 HTTP/1.1" 200 22
116.230.105.139 - - [16/Oct/2022:11:40:46 +0800] "GET /xingrg/all/function/internal_message.html?_=1665891619018&CODE_STATE=getMsg HTTP/1.1" 200 27
114.88.159.190 - - [16/Oct/2022:11:40:46 +0800] "GET /xingrg/all/function/internal_message.html?_=1665891273548&CODE_STATE=getMsg HTTP/1.1" 200 27
116.238.139.35 - - [16/Oct/2022:11:40:48 +0800] "GET /xingrg/kc/base/yddb_order_info.html?code=482022101600093 HTTP/1.1" 200 29589
116.238.139.35 - - [16/Oct/2022:11:40:48 +0800] "GET /xingrg/dwr/interface/AjaxComOrderService.js HTTP/1.1" 200 18264
116.238.139.35 - - [16/Oct/2022:11:40:48 +0800] "GET /xingrg/dwr/interface/AjaxYddbService.js HTTP/1.1" 200 13201
116.238.139.35 - - [16/Oct/2022:11:40:48 +0800] "GET /xingrg/dwr/engine.js HTTP/1.1" 200 43631
116.238.139.35 - - [16/Oct/2022:11:40:49 +0800] "POST /xingrg/dwr/call/plaincall/AjaxYddbService.loadMaterielItems.dwr HTTP/1.1" 200 428
180.169.147.146 - - [16/Oct/2022:11:40:51 +0800] "GET /xingrg/kc/buy/cgsh_order_operate.html?command=get_materiel&rest_code=00147&code=00101007072&supplier_code=00100004&order_time=2022-10-16 HTTP/1.1" 200 413
222.69.192.207 - - [16/Oct/2022:11:40:52 +0800] "GET /xingrg/kc/base/wldb_order_add.html HTTP/1.1" 200 30397
222.69.192.207 - - [16/Oct/2022:11:40:52 +0800] "POST /xingrg/kc/base/wldb_order_operate.html HTTP/1.1" 200 6806
222.69.192.207 - - [16/Oct/2022:11:40:52 +0800] "GET /xingrg/javascript/easyui/themes/default/validatebox.css HTTP/1.1" 404 1104
116.238.139.35 - - [16/Oct/2022:11:40:53 +0800] "POST /xingrg/all/user/operate.html HTTP/1.1" 200 36
116.238.139.35 - - [16/Oct/2022:11:40:53 +0800] "GET /xingrg/index.html?sysBaseUrl=http%3A%2F%2F180.169.147.146%3A18081%2Fxingrg%2F&costTime=40×tamp=1665891415968 HTTP/1.1" 200 17177
116.238.139.35 - - [16/Oct/2022:11:40:53 +0800] "GET /xingrg/javascript/jquery_easy_ui/themes/default/easyui.css HTTP/1.1" 304 -
116.238.139.35 - - [16/Oct/2022:11:40:53 +0800] "GET /xingrg/javascript/jquery_easy_ui/themes/icon.css HTTP/1.1" 304 -
116.238.139.35 - - [16/Oct/2022:11:40:53 +0800] "GET /xingrg/css/form.css HTTP/1.1" 304 -
116.238.139.35 - - [16/Oct/2022:11:40:53 +0800] "GET /xingrg/javascript/jquery-1.4.2.min.js HTTP/1.1" 304 -
116.238.139.35 - - [16/Oct/2022:11:40:53 +0800] "GET /xingrg/javascript/jquery_easy_ui/jquery.easyui.min.js HTTP/1.1" 304 -
116.238.139.35 - - [16/Oct/2022:11:40:53 +0800] "GET /xingrg/javascript/jquery_easy_ui/easyui-lang-zh_CN.js HTTP/1.1" 304 -
116.238.139.35 - - [16/Oct/2022:11:40:53 +0800] "GET /xingrg/javascript/jquery.form.js HTTP/1.1" 304 -
116.238.139.35 - - [16/Oct/2022:11:40:53 +0800] "GET /xingrg/javascript/jquery.utils.js HTTP/1.1" 304 -
116.238.139.35 - - [16/Oct/2022:11:40:53 +0800] "GET /xingrg/javascript/jquery.timers.js HTTP/1.1" 304 -
116.238.139.35 - - [16/Oct/2022:11:40:53 +0800] "GET /xingrg/images/blue/jxLogo.png HTTP/1.1" 304 -
116.238.139.35 - - [16/Oct/2022:11:40:53 +0800] "GET /xingrg/images/blue/navBackgound.jpg HTTP/1.1" 304 -
116.238.139.35 - - [16/Oct/2022:11:40:53 +0800] "GET /xingrg/javascript/jquery_easy_ui/themes/icons/settle_new.png HTTP/1.1" 304 -
116.238.139.35 - - [16/Oct/2022:11:40:53 +0800] "POST /xingrg/all/common/load_tree.html?tree=area_rest_tree_json&manage=1 HTTP/1.1" 200 476
116.238.139.35 - - [16/Oct/2022:11:40:54 +0800] "GET /xingrg/all/function/internal_message.html?_=1665891652447&CODE_STATE=count HTTP/1.1" 200 11
116.238.139.35 - - [16/Oct/2022:11:40:54 +0800] "GET /xingrg/images/blue/pingpu.png HTTP/1.1" 304 -
116.238.139.35 - - [16/Oct/2022:11:40:54 +0800] "GET /xingrg/check_reg.html?_=1665891652448 HTTP/1.1" 200 22
116.238.139.35 - - [16/Oct/2022:11:40:54 +0800] "GET /xingrg/javascript/jquery_easy_ui/themes/default/images/panel_tool_collapse.gif HTTP/1.1" 304 -
116.238.139.35 - - [16/Oct/2022:11:40:54 +0800] "GET /xingrg/javascript/jquery_easy_ui/themes/default/images/tabs_rightarrow.png HTTP/1.1" 304 -
116.238.139.35 - - [16/Oct/2022:11:40:54 +0800] "GET /xingrg/javascript/jquery_easy_ui/themes/default/images/tabs_leftarrow.png HTTP/1.1" 304 -
116.238.139.35 - - [16/Oct/2022:11:40:54 +0800] "POST /xingrg/load_menu.html HTTP/1.1" 200 5138
222.69.192.207 - - [16/Oct/2022:11:40:54 +0800] "GET /xingrg/all/function/internal_message.html?_=1665891653550&CODE_STATE=getMsg HTTP/1.1" 200 27
116.238.139.35 - - [16/Oct/2022:11:40:55 +0800] "GET /xingrg/kc/base/yddb_order_list.html HTTP/1.1" 200 16790
116.238.139.35 - - [16/Oct/2022:11:40:56 +0800] "POST /xingrg/kc/base/yddb_list_operate.html HTTP/1.1" 200 636
58.37.5.201 - - [16/Oct/2022:11:40:56 +0800] "POST /xingrg/kc/buy/cgsh_order_operate.html HTTP/1.1" 200 37
116.238.139.35 - - [16/Oct/2022:11:40:59 +0800] "POST /xingrg/kc/base/yddb_list_operate.html HTTP/1.1" 200 1604
116.230.114.213 - - [16/Oct/2022:11:40:59 +0800] "GET /xingrg/all/function/internal_message.html?_=1665891684185&CODE_STATE=getMsg HTTP/1.1" 200 27
116.238.139.35 - - [16/Oct/2022:11:41:00 +0800] "POST /xingrg/kc/base/yddb_list_operate.html HTTP/1.1" 200 214
116.238.139.35 - - [16/Oct/2022:11:41:01 +0800] "GET /xingrg/kc/base/yddb_order_info.html?code=482022101600092 HTTP/1.1" 200 31153
116.238.139.35 - - [16/Oct/2022:11:41:01 +0800] "GET /xingrg/dwr/interface/AjaxYddbService.js HTTP/1.1" 200 13201
116.238.139.35 - - [16/Oct/2022:11:41:01 +0800] "GET /xingrg/dwr/interface/AjaxComOrderService.js HTTP/1.1" 200 18264
116.238.139.35 - - [16/Oct/2022:11:41:01 +0800] "GET /xingrg/dwr/engine.js HTTP/1.1" 200 43631
116.238.139.35 - - [16/Oct/2022:11:41:01 +0800] "POST /xingrg/dwr/call/plaincall/AjaxYddbService.loadMaterielItems.dwr HTTP/1.1" 200 452
116.238.139.35 - - [16/Oct/2022:11:41:07 +0800] "POST /xingrg/dwr/call/plaincall/AjaxYddbService.saveOrder.dwr HTTP/1.1" 200 78
116.230.114.213 - - [16/Oct/2022:11:41:09 +0800] "POST /xingrg/kc/buy/cgsh_order_operate.html HTTP/1.1" 200 37
58.37.5.201 - - [16/Oct/2022:11:41:09 +0800] "POST /xingrg/kc/buy/cgsh_order_operate.html HTTP/1.1" 200 6821
180.169.147.146 - - [16/Oct/2022:11:41:09 +0800] "POST /xingrg/kc/buy/cgsh_order_operate.html HTTP/1.1" 200 88
116.238.139.35 - - [16/Oct/2022:11:41:10 +0800] "POST /xingrg/dwr/call/plaincall/AjaxYddbService.objCheckOrder.dwr HTTP/1.1" 200 78
116.238.139.35 - - [16/Oct/2022:11:41:10 +0800] "GET /xingrg/kc/base/yddb_order_info.html?code=482022101600092 HTTP/1.1" 200 31274
116.238.139.35 - - [16/Oct/2022:11:41:10 +0800] "GET /xingrg/dwr/interface/AjaxYddbService.js HTTP/1.1" 200 13201
116.238.139.35 - - [16/Oct/2022:11:41:10 +0800] "GET /xingrg/dwr/interface/AjaxComOrderService.js HTTP/1.1" 200 18264
116.238.139.35 - - [16/Oct/2022:11:41:10 +0800] "GET /xingrg/dwr/engine.js HTTP/1.1" 200 43631
116.238.139.35 - - [16/Oct/2022:11:41:10 +0800] "POST /xingrg/dwr/call/plaincall/AjaxYddbService.loadMaterielItems.dwr HTTP/1.1" 200 452
116.230.114.213 - - [16/Oct/2022:11:41:11 +0800] "POST /xingrg/kc/buy/cgsh_order_operate.html HTTP/1.1" 200 3265
116.238.139.35 - - [16/Oct/2022:11:41:11 +0800] "GET /xingrg/kc/base/yddb_order_list.html?isBack=1 HTTP/1.1" 200 16790
180.169.147.146 - - [16/Oct/2022:11:41:11 +0800] "GET /xingrg/kc/print/load_config.html?kc_code=cgsh HTTP/1.1" 200 1943
116.238.139.35 - - [16/Oct/2022:11:41:11 +0800] "POST /xingrg/kc/base/yddb_list_operate.html HTTP/1.1" 200 636
222.69.192.207 - - [16/Oct/2022:11:41:12 +0800] "GET /xingrg/kc/base/wldb_order_operate.html?command=get_materiel&rest_code=00105&base_code=0010507&code=00101019267 HTTP/1.1" 200 482
116.238.139.35 - - [16/Oct/2022:11:41:14 +0800] "POST /xingrg/kc/base/yddb_list_operate.html HTTP/1.1" 200 1346
180.169.147.146 - - [16/Oct/2022:11:41:14 +0800] "GET /xingrg/kc/print/load_config.html?kc_code=cgsh HTTP/1.1" 200 1943
116.238.139.35 - - [16/Oct/2022:11:41:15 +0800] "POST /xingrg/kc/base/yddb_list_operate.html HTTP/1.1" 200 207
116.238.139.35 - - [16/Oct/2022:11:41:15 +0800] "GET /xingrg/kc/base/yddb_order_info.html?code=482022101600093 HTTP/1.1" 200 31154
116.238.139.35 - - [16/Oct/2022:11:41:15 +0800] "GET /xingrg/dwr/interface/AjaxYddbService.js HTTP/1.1" 200 13201
116.238.139.35 - - [16/Oct/2022:11:41:16 +0800] "GET /xingrg/dwr/interface/AjaxComOrderService.js HTTP/1.1" 200 18264
116.238.139.35 - - [16/Oct/2022:11:41:16 +0800] "GET /xingrg/dwr/engine.js HTTP/1.1" 200 43631
116.238.139.35 - - [16/Oct/2022:11:41:16 +0800] "POST /xingrg/dwr/call/plaincall/AjaxYddbService.loadMaterielItems.dwr HTTP/1.1" 200 428
116.230.114.213 - - [16/Oct/2022:11:41:17 +0800] "GET /xingrg/kc/print/load_data.html?order_code=212022101605022&kc_code=cgsh&condition= HTTP/1.1" 200 974
116.238.139.35 - - [16/Oct/2022:11:41:18 +0800] "POST /xingrg/dwr/call/plaincall/AjaxYddbService.saveOrder.dwr HTTP/1.1" 200 78
180.169.147.146 - - [16/Oct/2022:11:41:19 +0800] "POST /xingrg/kc/buy/cgsh_order_operate.html HTTP/1.1" 200 37
116.238.139.35 - - [16/Oct/2022:11:41:21 +0800] "POST /xingrg/dwr/call/plaincall/AjaxYddbService.objCheckOrder.dwr HTTP/1.1" 200 78
116.238.139.35 - - [16/Oct/2022:11:41:22 +0800] "GET /xingrg/dwr/interface/AjaxYddbService.js HTTP/1.1" 200 13201
222.69.192.207 - - [16/Oct/2022:11:41:22 +0800] "GET /xingrg/kc/base/wldb_order_operate.html?command=get_materiel&rest_code=00105&base_code=0010507&code=00101019438 HTTP/1.1" 200 462
116.238.139.35 - - [16/Oct/2022:11:41:22 +0800] "GET /xingrg/kc/base/yddb_order_info.html?code=482022101600093 HTTP/1.1" 200 31275
116.238.139.35 - - [16/Oct/2022:11:41:22 +0800] "GET /xingrg/dwr/interface/AjaxComOrderService.js HTTP/1.1" 200 18264
222.69.192.207 - - [16/Oct/2022:11:41:23 +0800] "GET /xingrg/all/function/internal_message.html?_=1665891535241&CODE_STATE=getMsg HTTP/1.1" 200 27
116.238.139.35 - - [16/Oct/2022:11:41:23 +0800] "GET /xingrg/dwr/engine.js HTTP/1.1" 200 43631
116.238.139.35 - - [16/Oct/2022:11:41:23 +0800] "POST /xingrg/dwr/call/plaincall/AjaxYddbService.loadMaterielItems.dwr HTTP/1.1" 200 428
180.169.147.146 - - [16/Oct/2022:11:41:23 +0800] "POST /xingrg/kc/buy/cgsh_order_operate.html HTTP/1.1" 200 2657
180.169.147.146 - - [16/Oct/2022:11:41:24 +0800] "GET /xingrg/kc/print/load_config.html?kc_code=cgsh HTTP/1.1" 200 1943
180.169.147.146 - - [16/Oct/2022:11:41:24 +0800] "GET /xingrg/kc/print/load_data.html?order_code=212022101605024&kc_code=cgsh&condition= HTTP/1.1" 200 727
124.79.243.136 - - [16/Oct/2022:11:41:26 +0800] "GET /xingrg/check_reg.html?_=1665891889181 HTTP/1.1" 200 22
124.79.243.136 - - [16/Oct/2022:11:41:26 +0800] "GET /xingrg/all/function/internal_message.html?_=1665891889182&CODE_STATE=getMsg HTTP/1.1" 200 27
180.169.147.146 - - [16/Oct/2022:11:41:27 +0800] "GET /xingrg/kc/buy/cgsh_order_add.html HTTP/1.1" 200 69096
180.169.147.146 - - [16/Oct/2022:11:41:27 +0800] "POST /xingrg/kc/buy/cgsh_order_operate.html HTTP/1.1" 200 8245
180.169.147.146 - - [16/Oct/2022:11:41:27 +0800] "GET /xingrg/all/common/auto_word.html?type=employee&rest_code=00147 HTTP/1.1" 200 101
180.169.147.146 - - [16/Oct/2022:11:41:27 +0800] "GET /xingrg/all/common/auto_word.html?type=employee&rest_code=00147 HTTP/1.1" 200 101
180.169.147.146 - - [16/Oct/2022:11:41:27 +0800] "GET /xingrg/javascript/easyui/themes/default/validatebox.css HTTP/1.1" 404 1104
116.238.139.35 - - [16/Oct/2022:11:41:28 +0800] "GET /xingrg/check_reg.html?_=1665891633792 HTTP/1.1" 200 22
116.238.139.35 - - [16/Oct/2022:11:41:29 +0800] "GET /xingrg/all/function/internal_message.html?_=1665891634369&CODE_STATE=getMsg HTTP/1.1" 200 27
180.169.147.146 - - [16/Oct/2022:11:41:29 +0800] "GET /xingrg/javascript/jquery_tools/images/prev.gif HTTP/1.1" 404 1086
180.169.147.146 - - [16/Oct/2022:11:41:29 +0800] "GET /xingrg/javascript/jquery_tools/images/next.gif HTTP/1.1" 404 1086
116.230.114.213 - - [16/Oct/2022:11:41:32 +0800] "GET /xingrg/kc/buy/cgsh_order_add.html HTTP/1.1" 200 69093
116.230.114.213 - - [16/Oct/2022:11:41:33 +0800] "POST /xingrg/kc/buy/cgsh_order_operate.html HTTP/1.1" 200 8245
116.230.114.213 - - [16/Oct/2022:11:41:33 +0800] "GET /xingrg/javascript/easyui/themes/default/validatebox.css HTTP/1.1" 404 1104
114.88.159.190 - - [16/Oct/2022:11:41:33 +0800] "GET /xingrg/kc/buy/cgsh_order_add.html HTTP/1.1" 200 69093
114.88.159.190 - - [16/Oct/2022:11:41:33 +0800] "POST /xingrg/kc/buy/cgsh_order_operate.html HTTP/1.1" 200 8245
114.88.159.190 - - [16/Oct/2022:11:41:33 +0800] "GET /xingrg/javascript/easyui/themes/default/validatebox.css HTTP/1.1" 404 1104
222.69.192.207 - - [16/Oct/2022:11:41:33 +0800] "GET /xingrg/kc/base/wldb_order_operate.html?command=get_materiel&rest_code=00105&base_code=0010507&code=00101019175 HTTP/1.1" 200 438
58.37.5.201 - - [16/Oct/2022:11:41:35 +0800] "POST /xingrg/kc/buy/cgsh_order_operate.html HTTP/1.1" 200 37
221.239.141.151 - - [16/Oct/2022:11:41:35 +0800] "GET /xingrg/all/function/internal_message.html?_=1665891695636&CODE_STATE=getMsg HTTP/1.1" 200 27
180.169.147.146 - - [16/Oct/2022:11:41:37 +0800] "GET /xingrg/kc/buy/cgsh_order_operate.html?command=get_materiel&rest_code=00147&code=00101007072&supplier_code=00100004&order_time=2022-10-16 HTTP/1.1" 200 413
58.37.5.201 - - [16/Oct/2022:11:41:37 +0800] "POST /xingrg/kc/buy/cgsh_order_operate.html HTTP/1.1" 200 2065
124.79.74.72 - - [16/Oct/2022:11:41:39 +0800] "GET /xingrg/all/function/internal_message.html?_=1665891695915&CODE_STATE=getMsg HTTP/1.1" 200 27
222.70.183.206 - - [16/Oct/2022:11:41:39 +0800] "GET /xingrg/all/function/internal_message.html?_=1665891694097&CODE_STATE=getMsg HTTP/1.1" 200 27
180.169.147.146 - - [16/Oct/2022:11:41:44 +0800] "GET /xingrg/all/function/internal_message.html?_=1665891692520&CODE_STATE=getMsg HTTP/1.1" 200 27
222.69.192.207 - - [16/Oct/2022:11:41:46 +0800] "GET /xingrg/kc/base/wldb_order_operate.html?command=get_materiel&rest_code=00105&base_code=0010507&code=00101019187 HTTP/1.1" 200 479
116.230.105.139 - - [16/Oct/2022:11:41:46 +0800] "GET /xingrg/all/function/internal_message.html?_=1665891679008&CODE_STATE=getMsg HTTP/1.1" 200 27
180.169.147.146 - - [16/Oct/2022:11:41:46 +0800] "GET /xingrg/kc/buy/cgsh_order_operate.html?command=get_materiel&rest_code=00147&code=00101007081&supplier_code=00100004&order_time=2022-10-16 HTTP/1.1" 200 413
114.88.159.190 - - [16/Oct/2022:11:41:46 +0800] "GET /xingrg/all/function/internal_message.html?_=1665891333541&CODE_STATE=getMsg HTTP/1.1" 200 27
114.88.159.190 - - [16/Oct/2022:11:41:46 +0800] "GET /xingrg/check_reg.html?_=1665891333931 HTTP/1.1" 200 22
114.88.159.190 - - [16/Oct/2022:11:41:49 +0800] "GET /xingrg/kc/buy/cgsh_order_operate.html?command=get_materiel&rest_code=00141&code=00101006129&supplier_code=&order_time=2022-10-16 HTTP/1.1" 200 452
58.37.5.201 - - [16/Oct/2022:11:41:50 +0800] "GET /xingrg/kc/buy/buy_main.html HTTP/1.1" 200 12412
58.37.5.201 - - [16/Oct/2022:11:41:50 +0800] "GET /xingrg/css/new_ie.css HTTP/1.1" 404 1036
58.37.5.201 - - [16/Oct/2022:11:41:50 +0800] "GET /xingrg/images/yd/bt.gif HTTP/1.1" 404 1040
58.37.5.201 - - [16/Oct/2022:11:41:51 +0800] "GET /xingrg/kc/buy/cgsh_order_list.html HTTP/1.1" 200 53312
116.238.139.35 - - [16/Oct/2022:11:41:54 +0800] "GET /xingrg/all/function/internal_message.html?_=1665891712459&CODE_STATE=getMsg HTTP/1.1" 200 27
58.37.5.201 - - [16/Oct/2022:11:41:54 +0800] "POST /xingrg/kc/buy/cgsh_list_operate.html HTTP/1.1" 200 2702
222.69.192.207 - - [16/Oct/2022:11:41:54 +0800] "GET /xingrg/all/function/internal_message.html?_=1665891713532&CODE_STATE=getMsg HTTP/1.1" 200 27
222.69.192.207 - - [16/Oct/2022:11:41:54 +0800] "GET /xingrg/kc/base/wldb_order_operate.html?command=get_materiel&rest_code=00105&base_code=0010507&code=00101019249 HTTP/1.1" 200 470
180.169.147.146 - - [16/Oct/2022:11:41:56 +0800] "GET /xingrg/kc/buy/cgsh_order_operate.html?command=get_materiel&rest_code=00147&code=00101007061&supplier_code=00100004&order_time=2022-10-16 HTTP/1.1" 200 409
58.37.5.201 - - [16/Oct/2022:11:41:57 +0800] "POST /xingrg/kc/buy/cgsh_list_operate.html HTTP/1.1" 200 -
222.69.192.207 - - [16/Oct/2022:11:41:58 +0800] "GET /xingrg/check_reg.html?_=1665891717138 HTTP/1.1" 200 22
58.37.5.201 - - [16/Oct/2022:11:41:58 +0800] "POST /xingrg/kc/buy/cgsh_list_operate.html HTTP/1.1" 200 -
116.230.114.213 - - [16/Oct/2022:11:41:59 +0800] "GET /xingrg/all/function/internal_message.html?_=1665891744198&CODE_STATE=getMsg HTTP/1.1" 200 27
58.37.5.201 - - [16/Oct/2022:11:41:59 +0800] "POST /xingrg/kc/buy/cgsh_list_operate.html HTTP/1.1" 200 -
58.37.5.201 - - [16/Oct/2022:11:42:01 +0800] "POST /xingrg/kc/buy/cgsh_list_operate.html HTTP/1.1" 200 -
58.37.5.201 - - [16/Oct/2022:11:42:03 +0800] "POST /xingrg/kc/buy/cgsh_list_operate.html HTTP/1.1" 200 -
116.230.114.213 - - [16/Oct/2022:11:42:04 +0800] "GET /xingrg/kc/buy/cgsh_order_operate.html?command=get_materiel&rest_code=00146&code=00101014017&supplier_code=00100211&order_time=2022-10-16 HTTP/1.1" 200 419
222.69.192.207 - - [16/Oct/2022:11:42:06 +0800] "GET /xingrg/kc/base/wldb_order_operate.html?command=get_materiel&rest_code=00105&base_code=0010507&code=00101016019 HTTP/1.1" 200 451
58.37.5.201 - - [16/Oct/2022:11:42:13 +0800] "POST /xingrg/kc/buy/cgsh_list_operate.html HTTP/1.1" 200 -
58.37.5.201 - - [16/Oct/2022:11:42:15 +0800] "POST /xingrg/kc/buy/cgsh_list_operate.html HTTP/1.1" 200 -
58.37.5.201 - - [16/Oct/2022:11:42:20 +0800] "POST /xingrg/kc/buy/cgsh_list_operate.html HTTP/1.1" 200 -
222.69.192.207 - - [16/Oct/2022:11:42:21 +0800] "GET /xingrg/kc/base/wldb_order_operate.html?command=get_materiel&rest_code=00105&base_code=0010507&code=00101019199 HTTP/1.1" 200 473
222.69.192.207 - - [16/Oct/2022:11:42:23 +0800] "GET /xingrg/all/function/internal_message.html?_=1665891595236&CODE_STATE=getMsg HTTP/1.1" 200 27
222.69.192.207 - - [16/Oct/2022:11:42:23 +0800] "GET /xingrg/check_reg.html?_=1665891595239 HTTP/1.1" 200 22
124.79.243.136 - - [16/Oct/2022:11:42:26 +0800] "GET /xingrg/all/function/internal_message.html?_=1665891949177&CODE_STATE=getMsg HTTP/1.1" 200 27
114.88.159.190 - - [16/Oct/2022:11:42:26 +0800] "GET /xingrg/kc/buy/cgsh_order_operate.html?command=get_materiel&rest_code=00141&code=00101019131&supplier_code=&order_time=2022-10-16 HTTP/1.1" 200 466
116.238.139.35 - - [16/Oct/2022:11:42:29 +0800] "GET /xingrg/all/function/internal_message.html?_=1665891694383&CODE_STATE=getMsg HTTP/1.1" 200 27
116.230.114.213 - - [16/Oct/2022:11:42:31 +0800] "POST /xingrg/kc/buy/cgsh_order_operate.html HTTP/1.1" 200 37
58.37.5.201 - - [16/Oct/2022:11:42:31 +0800] "POST /xingrg/kc/buy/cgsh_list_operate.html HTTP/1.1" 200 4
116.230.114.213 - - [16/Oct/2022:11:42:32 +0800] "POST /xingrg/kc/buy/cgsh_order_operate.html HTTP/1.1" 200 2664
222.69.192.207 - - [16/Oct/2022:11:42:33 +0800] "GET /xingrg/kc/base/wldb_order_operate.html?command=get_materiel&rest_code=00105&base_code=0010507&code=00101016020 HTTP/1.1" 200 446
116.230.114.213 - - [16/Oct/2022:11:42:33 +0800] "GET /xingrg/kc/print/load_data.html?order_code=212022101605025&kc_code=cgsh&condition= HTTP/1.1" 200 674
58.37.5.201 - - [16/Oct/2022:11:42:34 +0800] "POST /xingrg/kc/buy/cgsh_list_operate.html HTTP/1.1" 200 2277
221.239.141.151 - - [16/Oct/2022:11:42:35 +0800] "GET /xingrg/all/function/internal_message.html?_=1665891755630&CODE_STATE=getMsg HTTP/1.1" 200 27
124.79.74.72 - - [16/Oct/2022:11:42:39 +0800] "GET /xingrg/all/function/internal_message.html?_=1665891755886&CODE_STATE=getMsg HTTP/1.1" 200 27
58.37.5.201 - - [16/Oct/2022:11:42:39 +0800] "POST /xingrg/kc/buy/cgsh_list_operate.html HTTP/1.1" 200 2277
222.70.183.206 - - [16/Oct/2022:11:42:39 +0800] "GET /xingrg/all/function/internal_message.html?_=1665891754082&CODE_STATE=getMsg HTTP/1.1" 200 27
222.70.183.206 - - [16/Oct/2022:11:42:39 +0800] "GET /xingrg/check_reg.html?_=1665891754225 HTTP/1.1" 200 22
58.37.5.201 - - [16/Oct/2022:11:42:40 +0800] "GET /xingrg/kc/buy/buy_main.html HTTP/1.1" 200 12412
58.37.5.201 - - [16/Oct/2022:11:42:40 +0800] "GET /xingrg/css/new_ie.css HTTP/1.1" 404 1036
222.69.192.207 - - [16/Oct/2022:11:42:40 +0800] "POST /xingrg/kc/base/wldb_order_operate.html HTTP/1.1" 200 37
222.69.192.207 - - [16/Oct/2022:11:42:41 +0800] "POST /xingrg/kc/base/wldb_order_operate.html HTTP/1.1" 200 5682
58.37.5.201 - - [16/Oct/2022:11:42:41 +0800] "GET /xingrg/images/yd/bt.gif HTTP/1.1" 404 1040
222.69.192.207 - - [16/Oct/2022:11:42:41 +0800] "GET /xingrg/kc/base/wldb_order_info.html?code=422022101601233 HTTP/1.1" 200 30414
58.37.5.201 - - [16/Oct/2022:11:42:41 +0800] "GET /xingrg/kc/buy/cgsh_order_list.html HTTP/1.1" 200 53312
222.69.192.207 - - [16/Oct/2022:11:42:42 +0800] "GET /xingrg/javascript/easyui/themes/default/validatebox.css HTTP/1.1" 404 1104
222.69.192.207 - - [16/Oct/2022:11:42:42 +0800] "POST /xingrg/kc/base/wldb_order_operate.html HTTP/1.1" 200 5682
58.37.5.201 - - [16/Oct/2022:11:42:44 +0800] "POST /xingrg/kc/buy/cgsh_list_operate.html HTTP/1.1" 200 2277
180.169.147.146 - - [16/Oct/2022:11:42:44 +0800] "GET /xingrg/all/function/internal_message.html?_=1665891752522&CODE_STATE=getMsg HTTP/1.1" 200 27
116.230.105.139 - - [16/Oct/2022:11:42:46 +0800] "GET /xingrg/all/function/internal_message.html?_=1665891738997&CODE_STATE=getMsg HTTP/1.1" 200 27
114.88.159.190 - - [16/Oct/2022:11:42:46 +0800] "GET /xingrg/all/function/internal_message.html?_=1665891393524&CODE_STATE=getMsg HTTP/1.1" 200 27
58.37.5.201 - - [16/Oct/2022:11:42:47 +0800] "GET /xingrg/kc/buy/cgsh_order_add.html HTTP/1.1" 200 69087
58.37.5.201 - - [16/Oct/2022:11:42:47 +0800] "POST /xingrg/kc/buy/cgsh_order_operate.html HTTP/1.1" 200 8245
58.37.5.201 - - [16/Oct/2022:11:42:47 +0800] "GET /xingrg/javascript/easyui/themes/default/validatebox.css HTTP/1.1" 404 1104
58.37.5.201 - - [16/Oct/2022:11:42:49 +0800] "GET /xingrg/javascript/easyui/themes/default/tree.css HTTP/1.1" 404 1090
58.37.5.201 - - [16/Oct/2022:11:42:49 +0800] "POST /xingrg/all/common/load_tree.html?tree=supplier_tree_json&isDelete=1 HTTP/1.1" 200 69289
116.230.114.213 - - [16/Oct/2022:11:42:51 +0800] "GET /xingrg/kc/buy/cgsh_order_add.html HTTP/1.1" 200 69093
116.230.114.213 - - [16/Oct/2022:11:42:51 +0800] "POST /xingrg/kc/buy/cgsh_order_operate.html HTTP/1.1" 200 8245
116.230.114.213 - - [16/Oct/2022:11:42:51 +0800] "GET /xingrg/javascript/easyui/themes/default/validatebox.css HTTP/1.1" 404 1104
