221.239.141.151 - - [16/Oct/2022:11:13:13 +0800] "GET /xingrg/javascript/easyui/themes/default/validatebox.css HTTP/1.1" 404 1104
222.70.183.206 - - [16/Oct/2022:11:13:14 +0800] "POST /xingrg/kc/buy/cgsh_order_operate.html HTTP/1.1" 200 37
221.239.141.151 - - [16/Oct/2022:11:13:14 +0800] "POST /xingrg/all/common/load_combo.html?type=base HTTP/1.1" 200 3321
221.239.141.151 - - [16/Oct/2022:11:13:17 +0800] "POST /xingrg/all/common/load_combo.html?type=base HTTP/1.1" 200 3321
222.70.183.206 - - [16/Oct/2022:11:13:17 +0800] "POST /xingrg/kc/buy/cgsh_order_operate.html HTTP/1.1" 200 2681
114.88.159.190 - - [16/Oct/2022:11:13:17 +0800] "POST /xingrg/kc/buy/cgsh_order_operate.html HTTP/1.1" 200 12
116.238.139.35 - - [16/Oct/2022:11:13:18 +0800] "GET /xingrg/kc/buy/cgsh_order_operate.html?command=get_materiel&rest_code=00151&code=00101004020&supplier_code=00100312&order_time=2022-10-16 HTTP/1.1" 200 409
222.70.183.206 - - [16/Oct/2022:11:13:18 +0800] "GET /xingrg/kc/print/load_data.html?order_code=212022101604971&kc_code=cgsh&condition= HTTP/1.1" 200 702
114.88.159.190 - - [16/Oct/2022:11:13:18 +0800] "GET /xingrg/kc/buy/cgsh_order_info.html?code=212022101604970 HTTP/1.1" 200 63996
114.88.159.190 - - [16/Oct/2022:11:13:19 +0800] "GET /xingrg/javascript/easyui/themes/default/validatebox.css HTTP/1.1" 404 1104
114.88.159.190 - - [16/Oct/2022:11:13:20 +0800] "POST /xingrg/kc/buy/cgsh_order_operate.html HTTP/1.1" 200 7694
114.88.159.190 - - [16/Oct/2022:11:13:21 +0800] "GET /xingrg/kc/print/load_config.html?kc_code=cgsh HTTP/1.1" 200 1943
114.88.159.190 - - [16/Oct/2022:11:13:21 +0800] "GET /xingrg/kc/print/load_data.html?order_code=212022101604970&kc_code=cgsh&condition= HTTP/1.1" 200 3451
222.69.192.207 - - [16/Oct/2022:11:13:22 +0800] "GET /xingrg/kc/buy/cgsh_order_operate.html?command=get_materiel&rest_code=00105&code=00101004034&supplier_code=00100085&order_time=2022-10-16 HTTP/1.1" 200 416
222.69.192.207 - - [16/Oct/2022:11:13:23 +0800] "GET /xingrg/all/function/internal_message.html?_=1665889855194&CODE_STATE=getMsg HTTP/1.1" 200 27
222.70.183.206 - - [16/Oct/2022:11:13:23 +0800] "GET /xingrg/kc/buy/cgsh_order_add.html HTTP/1.1" 200 69049
222.70.183.206 - - [16/Oct/2022:11:13:23 +0800] "POST /xingrg/kc/buy/cgsh_order_operate.html HTTP/1.1" 200 8245
222.70.183.206 - - [16/Oct/2022:11:13:23 +0800] "GET /xingrg/javascript/easyui/themes/default/validatebox.css HTTP/1.1" 404 1104
124.79.243.136 - - [16/Oct/2022:11:13:26 +0800] "GET /xingrg/all/function/internal_message.html?_=1665890209157&CODE_STATE=getMsg HTTP/1.1" 200 27
116.238.139.35 - - [16/Oct/2022:11:13:27 +0800] "POST /xingrg/kc/buy/cgsh_order_operate.html HTTP/1.1" 200 37
116.238.139.35 - - [16/Oct/2022:11:13:28 +0800] "GET /xingrg/all/function/internal_message.html?_=1665889953880&CODE_STATE=getMsg HTTP/1.1" 200 27
116.238.139.35 - - [16/Oct/2022:11:13:30 +0800] "POST /xingrg/kc/buy/cgsh_order_operate.html HTTP/1.1" 200 12
116.238.139.35 - - [16/Oct/2022:11:13:31 +0800] "GET /xingrg/kc/buy/cgsh_order_info.html?code=212022101604972 HTTP/1.1" 200 63598
116.238.139.35 - - [16/Oct/2022:11:13:31 +0800] "GET /xingrg/javascript/easyui/themes/default/validatebox.css HTTP/1.1" 404 1104
116.238.139.35 - - [16/Oct/2022:11:13:32 +0800] "POST /xingrg/kc/buy/cgsh_order_operate.html HTTP/1.1" 200 611
222.69.192.207 - - [16/Oct/2022:11:13:35 +0800] "POST /xingrg/kc/buy/cgsh_order_operate.html HTTP/1.1" 200 37
116.238.139.35 - - [16/Oct/2022:11:13:35 +0800] "GET /xingrg/kc/print/load_data.html?order_code=212022101604972&kc_code=cgsh&condition= HTTP/1.1" 200 708
221.239.141.151 - - [16/Oct/2022:11:13:36 +0800] "GET /xingrg/all/function/internal_message.html?_=1665890015863&CODE_STATE=getMsg HTTP/1.1" 200 27
221.239.141.151 - - [16/Oct/2022:11:13:36 +0800] "GET /xingrg/check_reg.html?_=1665890016545 HTTP/1.1" 200 22
222.69.192.207 - - [16/Oct/2022:11:13:37 +0800] "POST /xingrg/kc/buy/cgsh_order_operate.html HTTP/1.1" 200 2666
222.70.183.206 - - [16/Oct/2022:11:13:38 +0800] "GET /xingrg/kc/buy/cgsh_order_operate.html?command=get_materiel&rest_code=00111&code=00101019164&supplier_code=00100037&order_time=2022-10-16 HTTP/1.1" 200 464
222.69.192.207 - - [16/Oct/2022:11:13:38 +0800] "GET /xingrg/kc/print/load_data.html?order_code=212022101604973&kc_code=cgsh&condition= HTTP/1.1" 200 731
124.79.74.72 - - [16/Oct/2022:11:13:39 +0800] "GET /xingrg/all/function/internal_message.html?_=1665890016465&CODE_STATE=getMsg HTTP/1.1" 200 27
222.70.183.206 - - [16/Oct/2022:11:13:39 +0800] "GET /xingrg/all/function/internal_message.html?_=1665890014299&CODE_STATE=getMsg HTTP/1.1" 200 27
116.238.139.35 - - [16/Oct/2022:11:13:40 +0800] "GET /xingrg/kc/buy/cgsh_order_add.html HTTP/1.1" 200 68691
116.238.139.35 - - [16/Oct/2022:11:13:40 +0800] "POST /xingrg/kc/buy/cgsh_order_operate.html HTTP/1.1" 200 8245
116.238.139.35 - - [16/Oct/2022:11:13:41 +0800] "GET /xingrg/javascript/easyui/themes/default/validatebox.css HTTP/1.1" 404 1104
222.69.192.207 - - [16/Oct/2022:11:13:41 +0800] "GET /xingrg/kc/buy/cgsh_order_add.html HTTP/1.1" 200 69175
222.69.192.207 - - [16/Oct/2022:11:13:41 +0800] "POST /xingrg/kc/buy/cgsh_order_operate.html HTTP/1.1" 200 8245
222.69.192.207 - - [16/Oct/2022:11:13:42 +0800] "GET /xingrg/javascript/easyui/themes/default/validatebox.css HTTP/1.1" 404 1104
221.239.141.151 - - [16/Oct/2022:11:13:42 +0800] "POST /xingrg/kc/base/wldb_order_operate.html HTTP/1.1" 200 37
180.169.147.146 - - [16/Oct/2022:11:13:44 +0800] "GET /xingrg/all/function/internal_message.html?_=1665890012470&CODE_STATE=getMsg HTTP/1.1" 200 27
221.239.141.151 - - [16/Oct/2022:11:13:45 +0800] "POST /xingrg/kc/base/wldb_order_operate.html HTTP/1.1" 200 12
221.239.141.151 - - [16/Oct/2022:11:13:45 +0800] "POST /xingrg/kc/base/wldb_order_operate.html HTTP/1.1" 200 3147
221.239.141.151 - - [16/Oct/2022:11:13:46 +0800] "GET /xingrg/kc/base/wldb_order_info.html?code=422022101601218 HTTP/1.1" 200 26268
221.239.141.151 - - [16/Oct/2022:11:13:46 +0800] "GET /xingrg/javascript/easyui/themes/default/validatebox.css HTTP/1.1" 404 1104
114.88.159.190 - - [16/Oct/2022:11:13:46 +0800] "GET /xingrg/all/function/internal_message.html?_=1665889653833&CODE_STATE=getMsg HTTP/1.1" 200 27
221.239.141.151 - - [16/Oct/2022:11:13:46 +0800] "POST /xingrg/kc/base/wldb_order_operate.html HTTP/1.1" 200 1419
222.70.183.206 - - [16/Oct/2022:11:13:49 +0800] "GET /xingrg/kc/buy/cgsh_order_operate.html?command=get_materiel&rest_code=00111&code=00101007081&supplier_code=00100037&order_time=2022-10-16 HTTP/1.1" 200 413
116.238.139.35 - - [16/Oct/2022:11:13:52 +0800] "GET /xingrg/all/function/internal_message.html?_=1665890030730&CODE_STATE=getMsg HTTP/1.1" 200 27
222.69.192.207 - - [16/Oct/2022:11:13:55 +0800] "GET /xingrg/all/function/internal_message.html?_=1665890034167&CODE_STATE=getMsg HTTP/1.1" 200 27
116.238.139.35 - - [16/Oct/2022:11:13:56 +0800] "GET /xingrg/kc/buy/cgsh_order_operate.html?command=get_materiel&rest_code=00151&code=00101010282&supplier_code=00100324&order_time=2022-10-16 HTTP/1.1" 200 415
222.69.192.207 - - [16/Oct/2022:11:13:56 +0800] "GET /xingrg/kc/buy/cgsh_order_operate.html?command=get_materiel&rest_code=00105&code=00101006001&supplier_code=00100574&order_time=2022-10-16 HTTP/1.1" 200 428
116.230.114.213 - - [16/Oct/2022:11:13:59 +0800] "GET /xingrg/all/function/internal_message.html?_=1665890063857&CODE_STATE=getMsg HTTP/1.1" 200 27
114.88.159.190 - - [16/Oct/2022:11:14:05 +0800] "GET /xingrg/kc/buy/cgsh_order_add.html HTTP/1.1" 200 69093
114.88.159.190 - - [16/Oct/2022:11:14:06 +0800] "GET /xingrg/javascript/easyui/themes/default/validatebox.css HTTP/1.1" 404 1104
114.88.159.190 - - [16/Oct/2022:11:14:06 +0800] "POST /xingrg/kc/buy/cgsh_order_operate.html HTTP/1.1" 200 8245
116.230.105.139 - - [16/Oct/2022:11:14:06 +0800] "GET /xingrg/check_reg.html?_=1665890019611 HTTP/1.1" 200 22
116.238.139.35 - - [16/Oct/2022:11:14:07 +0800] "POST /xingrg/kc/buy/cgsh_order_operate.html HTTP/1.1" 200 37
58.37.5.201 - - [16/Oct/2022:11:14:07 +0800] "GET /xingrg/all/function/internal_message.html?_=1665890049442&CODE_STATE=getMsg HTTP/1.1" 200 27
116.230.105.139 - - [16/Oct/2022:11:14:07 +0800] "GET /xingrg/all/function/internal_message.html?_=1665890020332&CODE_STATE=getMsg HTTP/1.1" 200 27
116.238.139.35 - - [16/Oct/2022:11:14:11 +0800] "POST /xingrg/kc/buy/cgsh_order_operate.html HTTP/1.1" 200 12
116.238.139.35 - - [16/Oct/2022:11:14:11 +0800] "GET /xingrg/kc/buy/cgsh_order_info.html?code=212022101604974 HTTP/1.1" 200 63598
116.238.139.35 - - [16/Oct/2022:11:14:12 +0800] "GET /xingrg/javascript/easyui/themes/default/validatebox.css HTTP/1.1" 404 1104
116.238.139.35 - - [16/Oct/2022:11:14:13 +0800] "POST /xingrg/kc/buy/cgsh_order_operate.html HTTP/1.1" 200 615
116.238.139.35 - - [16/Oct/2022:11:14:14 +0800] "GET /xingrg/kc/print/load_data.html?order_code=212022101604974&kc_code=cgsh&condition= HTTP/1.1" 200 715
116.238.139.35 - - [16/Oct/2022:11:14:19 +0800] "GET /xingrg/kc/buy/cgsh_order_add.html HTTP/1.1" 200 68691
116.238.139.35 - - [16/Oct/2022:11:14:19 +0800] "POST /xingrg/kc/buy/cgsh_order_operate.html HTTP/1.1" 200 8245
116.238.139.35 - - [16/Oct/2022:11:14:19 +0800] "GET /xingrg/javascript/easyui/themes/default/validatebox.css HTTP/1.1" 404 1104
222.70.183.206 - - [16/Oct/2022:11:14:19 +0800] "GET /xingrg/kc/buy/cgsh_order_operate.html?command=get_materiel&rest_code=00111&code=00101009039&supplier_code=00100037&order_time=2022-10-16 HTTP/1.1" 200 410
222.69.192.207 - - [16/Oct/2022:11:14:23 +0800] "GET /xingrg/all/function/internal_message.html?_=1665889915202&CODE_STATE=getMsg HTTP/1.1" 200 27
124.79.243.136 - - [16/Oct/2022:11:14:26 +0800] "GET /xingrg/all/function/internal_message.html?_=1665890269154&CODE_STATE=getMsg HTTP/1.1" 200 27
222.69.192.207 - - [16/Oct/2022:11:14:26 +0800] "POST /xingrg/kc/buy/cgsh_order_operate.html HTTP/1.1" 200 37
222.69.192.207 - - [16/Oct/2022:11:14:27 +0800] "POST /xingrg/kc/buy/cgsh_order_operate.html HTTP/1.1" 200 2674
116.238.139.35 - - [16/Oct/2022:11:14:28 +0800] "GET /xingrg/all/function/internal_message.html?_=1665890013918&CODE_STATE=getMsg HTTP/1.1" 200 27
222.69.192.207 - - [16/Oct/2022:11:14:29 +0800] "GET /xingrg/kc/print/load_data.html?order_code=212022101604975&kc_code=cgsh&condition= HTTP/1.1" 200 692
116.238.139.35 - - [16/Oct/2022:11:14:31 +0800] "GET /xingrg/kc/buy/cgsh_order_operate.html?command=get_materiel&rest_code=00151&code=00101013063&supplier_code=00100337&order_time=2022-10-16 HTTP/1.1" 200 432
222.69.192.207 - - [16/Oct/2022:11:14:32 +0800] "GET /xingrg/kc/buy/cgsh_order_add.html HTTP/1.1" 200 69175
222.69.192.207 - - [16/Oct/2022:11:14:32 +0800] "GET /xingrg/javascript/easyui/themes/default/validatebox.css HTTP/1.1" 404 1104
222.69.192.207 - - [16/Oct/2022:11:14:32 +0800] "POST /xingrg/kc/buy/cgsh_order_operate.html HTTP/1.1" 200 8245
221.239.141.151 - - [16/Oct/2022:11:14:36 +0800] "GET /xingrg/all/function/internal_message.html?_=1665890075852&CODE_STATE=getMsg HTTP/1.1" 200 27
124.79.74.72 - - [16/Oct/2022:11:14:39 +0800] "GET /xingrg/all/function/internal_message.html?_=1665890076452&CODE_STATE=getMsg HTTP/1.1" 200 27
222.70.183.206 - - [16/Oct/2022:11:14:39 +0800] "GET /xingrg/all/function/internal_message.html?_=1665890074279&CODE_STATE=getMsg HTTP/1.1" 200 27
116.238.139.35 - - [16/Oct/2022:11:14:40 +0800] "POST /xingrg/kc/buy/cgsh_order_operate.html HTTP/1.1" 200 37
222.70.183.206 - - [16/Oct/2022:11:14:42 +0800] "GET /xingrg/kc/buy/cgsh_order_operate.html?command=get_materiel&rest_code=00111&code=00101009013&supplier_code=00100037&order_time=2022-10-16 HTTP/1.1" 200 422
116.230.114.213 - - [16/Oct/2022:11:14:42 +0800] "GET /xingrg/check_reg.html?_=1665890106593 HTTP/1.1" 200 22
222.69.192.207 - - [16/Oct/2022:11:14:43 +0800] "GET /xingrg/kc/buy/cgsh_order_operate.html?command=get_materiel&rest_code=00105&code=00101001037&supplier_code=00100090&order_time=2022-10-16 HTTP/1.1" 200 418
116.238.139.35 - - [16/Oct/2022:11:14:44 +0800] "POST /xingrg/kc/buy/cgsh_order_operate.html HTTP/1.1" 200 12
116.238.139.35 - - [16/Oct/2022:11:14:44 +0800] "GET /xingrg/kc/buy/cgsh_order_info.html?code=212022101604976 HTTP/1.1" 200 63596
180.169.147.146 - - [16/Oct/2022:11:14:44 +0800] "GET /xingrg/all/function/internal_message.html?_=1665890072471&CODE_STATE=getMsg HTTP/1.1" 200 27
116.238.139.35 - - [16/Oct/2022:11:14:45 +0800] "GET /xingrg/javascript/easyui/themes/default/validatebox.css HTTP/1.1" 404 1104
116.238.139.35 - - [16/Oct/2022:11:14:45 +0800] "POST /xingrg/kc/buy/cgsh_order_operate.html HTTP/1.1" 200 615
114.88.159.190 - - [16/Oct/2022:11:14:46 +0800] "GET /xingrg/all/function/internal_message.html?_=1665889713835&CODE_STATE=getMsg HTTP/1.1" 200 27
116.238.139.35 - - [16/Oct/2022:11:14:46 +0800] "GET /xingrg/kc/print/load_data.html?order_code=212022101604976&kc_code=cgsh&condition= HTTP/1.1" 200 712
116.238.139.35 - - [16/Oct/2022:11:14:51 +0800] "GET /xingrg/kc/buy/cgsh_order_add.html HTTP/1.1" 200 68691
116.238.139.35 - - [16/Oct/2022:11:14:51 +0800] "POST /xingrg/kc/buy/cgsh_order_operate.html HTTP/1.1" 200 8245
116.238.139.35 - - [16/Oct/2022:11:14:51 +0800] "GET /xingrg/javascript/easyui/themes/default/validatebox.css HTTP/1.1" 404 1104
116.238.139.35 - - [16/Oct/2022:11:14:52 +0800] "GET /xingrg/all/function/internal_message.html?_=1665890090712&CODE_STATE=getMsg HTTP/1.1" 200 27
222.69.192.207 - - [16/Oct/2022:11:14:54 +0800] "GET /xingrg/kc/buy/cgsh_order_operate.html?command=get_materiel&rest_code=00105&code=00101004104&supplier_code=00100090&order_time=2022-10-16 HTTP/1.1" 200 408
222.69.192.207 - - [16/Oct/2022:11:14:55 +0800] "GET /xingrg/all/function/internal_message.html?_=1665890094133&CODE_STATE=getMsg HTTP/1.1" 200 27
116.230.114.213 - - [16/Oct/2022:11:14:59 +0800] "GET /xingrg/all/function/internal_message.html?_=1665890123863&CODE_STATE=getMsg HTTP/1.1" 200 27
116.238.139.35 - - [16/Oct/2022:11:15:01 +0800] "GET /xingrg/kc/buy/cgsh_order_operate.html?command=get_materiel&rest_code=00151&code=00101012049&supplier_code=00100338&order_time=2022-10-16 HTTP/1.1" 200 432
116.238.139.35 - - [16/Oct/2022:11:15:02 +0800] "POST /xingrg/all/common/load_select.html HTTP/1.1" 200 25
116.238.139.35 - - [16/Oct/2022:11:15:05 +0800] "GET /xingrg/kc/buy/cgsh_order_operate.html?command=get_materiel_price&rest_code=00151&code=00101012049&unit_code=00100086&supplier_code=00100338&order_time=2022-10-16 HTTP/1.1" 200 31
116.230.105.139 - - [16/Oct/2022:11:15:07 +0800] "GET /xingrg/all/function/internal_message.html?_=1665890080309&CODE_STATE=getMsg HTTP/1.1" 200 27
58.37.5.201 - - [16/Oct/2022:11:15:07 +0800] "GET /xingrg/all/function/internal_message.html?_=1665890109443&CODE_STATE=getMsg HTTP/1.1" 200 27
222.70.183.206 - - [16/Oct/2022:11:15:07 +0800] "GET /xingrg/kc/buy/cgsh_order_operate.html?command=get_materiel&rest_code=00111&code=00101019132&supplier_code=00100037&order_time=2022-10-16 HTTP/1.1" 200 470
116.238.139.35 - - [16/Oct/2022:11:15:21 +0800] "POST /xingrg/kc/buy/cgsh_order_operate.html HTTP/1.1" 200 37
222.69.192.207 - - [16/Oct/2022:11:15:21 +0800] "POST /xingrg/kc/buy/cgsh_order_operate.html HTTP/1.1" 200 88
222.70.183.206 - - [16/Oct/2022:11:15:23 +0800] "GET /xingrg/kc/buy/cgsh_order_operate.html?command=get_materiel&rest_code=00111&code=00101015021&supplier_code=00100037&order_time=2022-10-16 HTTP/1.1" 200 408
222.69.192.207 - - [16/Oct/2022:11:15:23 +0800] "GET /xingrg/all/function/internal_message.html?_=1665889975191&CODE_STATE=getMsg HTTP/1.1" 200 27
116.238.139.35 - - [16/Oct/2022:11:15:25 +0800] "POST /xingrg/kc/buy/cgsh_order_operate.html HTTP/1.1" 200 12
124.79.243.136 - - [16/Oct/2022:11:15:26 +0800] "GET /xingrg/all/function/internal_message.html?_=1665890329153&CODE_STATE=getMsg HTTP/1.1" 200 27
116.238.139.35 - - [16/Oct/2022:11:15:28 +0800] "GET /xingrg/kc/buy/cgsh_order_info.html?code=212022101604977 HTTP/1.1" 200 63598
116.238.139.35 - - [16/Oct/2022:11:15:28 +0800] "GET /xingrg/all/function/internal_message.html?_=1665890073922&CODE_STATE=getMsg HTTP/1.1" 200 27
222.69.192.207 - - [16/Oct/2022:11:15:29 +0800] "POST /xingrg/kc/buy/cgsh_order_operate.html HTTP/1.1" 200 37
116.238.139.35 - - [16/Oct/2022:11:15:29 +0800] "GET /xingrg/javascript/easyui/themes/default/validatebox.css HTTP/1.1" 404 1104
116.238.139.35 - - [16/Oct/2022:11:15:29 +0800] "POST /xingrg/kc/buy/cgsh_order_operate.html HTTP/1.1" 200 631
222.69.192.207 - - [16/Oct/2022:11:15:30 +0800] "POST /xingrg/kc/buy/cgsh_order_operate.html HTTP/1.1" 200 3258
116.238.139.35 - - [16/Oct/2022:11:15:31 +0800] "GET /xingrg/kc/print/load_data.html?order_code=212022101604977&kc_code=cgsh&condition= HTTP/1.1" 200 733
222.69.192.207 - - [16/Oct/2022:11:15:31 +0800] "GET /xingrg/kc/print/load_data.html?order_code=212022101604979&kc_code=cgsh&condition= HTTP/1.1" 200 975
222.70.183.206 - - [16/Oct/2022:11:15:32 +0800] "GET /xingrg/kc/buy/cgsh_order_operate.html?command=get_materiel&rest_code=00111&code=00101015062&supplier_code=00100037&order_time=2022-10-16 HTTP/1.1" 200 412
222.69.192.207 - - [16/Oct/2022:11:15:34 +0800] "GET /xingrg/kc/buy/cgsh_order_add.html HTTP/1.1" 200 69175
222.69.192.207 - - [16/Oct/2022:11:15:34 +0800] "GET /xingrg/javascript/easyui/themes/default/validatebox.css HTTP/1.1" 404 1104
222.69.192.207 - - [16/Oct/2022:11:15:34 +0800] "POST /xingrg/kc/buy/cgsh_order_operate.html HTTP/1.1" 200 8245
221.239.141.151 - - [16/Oct/2022:11:15:36 +0800] "GET /xingrg/all/function/internal_message.html?_=1665890135849&CODE_STATE=getMsg HTTP/1.1" 200 27
124.79.74.72 - - [16/Oct/2022:11:15:39 +0800] "GET /xingrg/all/function/internal_message.html?_=1665890136437&CODE_STATE=getMsg HTTP/1.1" 200 27
222.70.183.206 - - [16/Oct/2022:11:15:39 +0800] "GET /xingrg/all/function/internal_message.html?_=1665890134252&CODE_STATE=getMsg HTTP/1.1" 200 27
116.230.105.139 - - [16/Oct/2022:11:15:40 +0800] "GET /xingrg/kc/buy/cgsh_order_add.html HTTP/1.1" 200 69099
116.230.105.139 - - [16/Oct/2022:11:15:41 +0800] "GET /xingrg/words/20221015135511_words.js HTTP/1.1" 304 -
116.230.105.139 - - [16/Oct/2022:11:15:41 +0800] "POST /xingrg/kc/buy/cgsh_order_operate.html HTTP/1.1" 200 8245
116.230.105.139 - - [16/Oct/2022:11:15:41 +0800] "GET /xingrg/javascript/easyui/themes/default/validatebox.css HTTP/1.1" 404 1104
222.70.183.206 - - [16/Oct/2022:11:15:42 +0800] "GET /xingrg/kc/buy/cgsh_order_operate.html?command=get_materiel&rest_code=00111&code=00101015012&supplier_code=00100037&order_time=2022-10-16 HTTP/1.1" 200 413
180.169.147.146 - - [16/Oct/2022:11:15:44 +0800] "GET /xingrg/check_reg.html?_=1665890132474 HTTP/1.1" 200 22
180.169.147.146 - - [16/Oct/2022:11:15:44 +0800] "GET /xingrg/all/function/internal_message.html?_=1665890132474&CODE_STATE=getMsg HTTP/1.1" 200 27
120.253.135.82 - - [16/Oct/2022:11:15:45 +0800] "GET /xingrg/check_reg.html?_=1665889931738 HTTP/1.1" 200 22
222.69.192.207 - - [16/Oct/2022:11:15:45 +0800] "GET /xingrg/kc/buy/cgsh_order_operate.html?command=get_materiel&rest_code=00105&code=00101010616&supplier_code=00100566&order_time=2022-10-16 HTTP/1.1" 200 429
114.88.159.190 - - [16/Oct/2022:11:15:46 +0800] "GET /xingrg/all/function/internal_message.html?_=1665889773846&CODE_STATE=getMsg HTTP/1.1" 200 27
120.253.135.82 - - [16/Oct/2022:11:15:50 +0800] "POST /xingrg/kc/pszx/mdps_list_operate.html HTTP/1.1" 200 3866
222.70.183.206 - - [16/Oct/2022:11:15:50 +0800] "GET /xingrg/kc/buy/cgsh_order_operate.html?command=get_materiel&rest_code=00111&code=00101008041&supplier_code=00100037&order_time=2022-10-16 HTTP/1.1" 200 408
116.238.139.35 - - [16/Oct/2022:11:15:52 +0800] "GET /xingrg/all/function/internal_message.html?_=1665890150685&CODE_STATE=getMsg HTTP/1.1" 200 27
116.238.139.35 - - [16/Oct/2022:11:15:52 +0800] "GET /xingrg/check_reg.html?_=1665890150733 HTTP/1.1" 200 22
114.88.159.190 - - [16/Oct/2022:11:15:52 +0800] "GET /xingrg/kc/buy/cgsh_order_operate.html?command=get_materiel&rest_code=00141&code=00101010035&supplier_code=00100036&order_time=2022-10-16 HTTP/1.1" 200 412
120.253.135.82 - - [16/Oct/2022:11:15:54 +0800] "POST /xingrg/kc/pszx/mdps_list_operate.html HTTP/1.1" 200 621
222.69.192.207 - - [16/Oct/2022:11:15:55 +0800] "GET /xingrg/all/function/internal_message.html?_=1665890154112&CODE_STATE=getMsg HTTP/1.1" 200 27
120.253.135.82 - - [16/Oct/2022:11:15:55 +0800] "GET /xingrg/kc/pszx/mdps_order_info.html?code=312022101500320 HTTP/1.1" 200 23972
222.69.192.207 - - [16/Oct/2022:11:15:55 +0800] "POST /xingrg/kc/buy/cgsh_order_operate.html HTTP/1.1" 200 37
120.253.135.82 - - [16/Oct/2022:11:15:56 +0800] "GET /xingrg/javascript/easyui/themes/default/validatebox.css HTTP/1.1" 404 1104
120.253.135.82 - - [16/Oct/2022:11:15:56 +0800] "POST /xingrg/kc/pszx/mdps_order_operate.html HTTP/1.1" 200 6806
222.70.183.206 - - [16/Oct/2022:11:15:57 +0800] "GET /xingrg/kc/buy/cgsh_order_operate.html?command=get_materiel&rest_code=00111&code=00101008005&supplier_code=00100037&order_time=2022-10-16 HTTP/1.1" 200 412
116.230.114.213 - - [16/Oct/2022:11:15:59 +0800] "GET /xingrg/all/function/internal_message.html?_=1665890183876&CODE_STATE=getMsg HTTP/1.1" 200 27
222.69.192.207 - - [16/Oct/2022:11:16:03 +0800] "POST /xingrg/kc/buy/cgsh_order_operate.html HTTP/1.1" 200 2659
120.253.135.82 - - [16/Oct/2022:11:16:03 +0800] "POST /xingrg/kc/pszx/mdps_order_operate.html HTTP/1.1" 200 37
114.88.159.190 - - [16/Oct/2022:11:16:04 +0800] "GET /xingrg/kc/buy/cgsh_order_operate.html?command=get_materiel&rest_code=00141&code=00101016105&supplier_code=00100036&order_time=2022-10-16 HTTP/1.1" 200 409
222.69.192.207 - - [16/Oct/2022:11:16:04 +0800] "GET /xingrg/kc/print/load_data.html?order_code=212022101604980&kc_code=cgsh&condition= HTTP/1.1" 200 667
120.253.135.82 - - [16/Oct/2022:11:16:05 +0800] "POST /xingrg/kc/pszx/mdps_order_operate.html HTTP/1.1" 200 12
120.253.135.82 - - [16/Oct/2022:11:16:06 +0800] "GET /xingrg/kc/pszx/mdps_order_info.html?code=312022101500320 HTTP/1.1" 200 19632
120.253.135.82 - - [16/Oct/2022:11:16:07 +0800] "POST /xingrg/kc/pszx/mdps_order_operate.html HTTP/1.1" 200 4988
120.253.135.82 - - [16/Oct/2022:11:16:07 +0800] "GET /xingrg/javascript/easyui/themes/default/validatebox.css HTTP/1.1" 404 1104
116.230.105.139 - - [16/Oct/2022:11:16:07 +0800] "GET /xingrg/all/function/internal_message.html?_=1665890140290&CODE_STATE=getMsg HTTP/1.1" 200 27
58.37.5.201 - - [16/Oct/2022:11:16:07 +0800] "GET /xingrg/all/function/internal_message.html?_=1665890169443&CODE_STATE=getMsg HTTP/1.1" 200 27
222.69.192.207 - - [16/Oct/2022:11:16:07 +0800] "GET /xingrg/kc/buy/cgsh_order_add.html HTTP/1.1" 200 69175
222.69.192.207 - - [16/Oct/2022:11:16:08 +0800] "POST /xingrg/kc/buy/cgsh_order_operate.html HTTP/1.1" 200 8245
222.69.192.207 - - [16/Oct/2022:11:16:08 +0800] "GET /xingrg/javascript/easyui/themes/default/validatebox.css HTTP/1.1" 404 1104
222.70.183.206 - - [16/Oct/2022:11:16:12 +0800] "GET /xingrg/kc/buy/cgsh_order_operate.html?command=get_materiel&rest_code=00111&code=00101007109&supplier_code=00100037&order_time=2022-10-16 HTTP/1.1" 200 408
222.69.192.207 - - [16/Oct/2022:11:16:18 +0800] "GET /xingrg/kc/buy/cgsh_order_operate.html?command=get_materiel&rest_code=00105&code=00101004051&supplier_code=00100312&order_time=2022-10-16 HTTP/1.1" 200 408
114.88.159.190 - - [16/Oct/2022:11:16:22 +0800] "GET /xingrg/kc/buy/cgsh_order_operate.html?command=get_materiel&rest_code=00141&code=00101016010&supplier_code=00100036&order_time=2022-10-16 HTTP/1.1" 200 408
222.69.192.207 - - [16/Oct/2022:11:16:23 +0800] "GET /xingrg/all/function/internal_message.html?_=1665890035200&CODE_STATE=getMsg HTTP/1.1" 200 27
222.70.183.206 - - [16/Oct/2022:11:16:24 +0800] "GET /xingrg/kc/buy/cgsh_order_operate.html?command=get_materiel&rest_code=00111&code=00101012025&supplier_code=00100037&order_time=2022-10-16 HTTP/1.1" 200 412
124.79.243.136 - - [16/Oct/2022:11:16:26 +0800] "GET /xingrg/check_reg.html?_=1665890389169 HTTP/1.1" 200 22
124.79.243.136 - - [16/Oct/2022:11:16:26 +0800] "GET /xingrg/all/function/internal_message.html?_=1665890389167&CODE_STATE=getMsg HTTP/1.1" 200 27
120.253.135.82 - - [16/Oct/2022:11:16:26 +0800] "POST /xingrg/kc/pszx/mdps_list_operate.html HTTP/1.1" 200 199
120.253.135.82 - - [16/Oct/2022:11:16:27 +0800] "GET /xingrg/kc/pszx/mdps_order_info.html?code=312022101600327 HTTP/1.1" 200 23972
120.253.135.82 - - [16/Oct/2022:11:16:28 +0800] "GET /xingrg/javascript/easyui/themes/default/validatebox.css HTTP/1.1" 404 1104
120.253.135.82 - - [16/Oct/2022:11:16:28 +0800] "POST /xingrg/kc/pszx/mdps_order_operate.html HTTP/1.1" 200 2274
222.69.192.207 - - [16/Oct/2022:11:16:28 +0800] "GET /xingrg/kc/buy/cgsh_order_operate.html?command=get_materiel&rest_code=00105&code=00101004030&supplier_code=00100312&order_time=2022-10-16 HTTP/1.1" 200 408
116.238.139.35 - - [16/Oct/2022:11:16:28 +0800] "GET /xingrg/check_reg.html?_=1665890133650 HTTP/1.1" 200 22
116.238.139.35 - - [16/Oct/2022:11:16:28 +0800] "GET /xingrg/all/function/internal_message.html?_=1665890133936&CODE_STATE=getMsg HTTP/1.1" 200 27
120.253.135.82 - - [16/Oct/2022:11:16:30 +0800] "POST /xingrg/kc/pszx/mdps_order_operate.html HTTP/1.1" 200 37
120.253.135.82 - - [16/Oct/2022:11:16:32 +0800] "POST /xingrg/kc/pszx/mdps_order_operate.html HTTP/1.1" 200 12
221.239.141.151 - - [16/Oct/2022:11:16:36 +0800] "GET /xingrg/all/function/internal_message.html?_=1665890195846&CODE_STATE=getMsg HTTP/1.1" 200 27
124.79.74.72 - - [16/Oct/2022:11:16:39 +0800] "GET /xingrg/all/function/internal_message.html?_=1665890196423&CODE_STATE=getMsg HTTP/1.1" 200 27
222.70.183.206 - - [16/Oct/2022:11:16:39 +0800] "GET /xingrg/all/function/internal_message.html?_=1665890194232&CODE_STATE=getMsg HTTP/1.1" 200 27
222.70.183.206 - - [16/Oct/2022:11:16:40 +0800] "GET /xingrg/kc/buy/cgsh_order_operate.html?command=get_materiel&rest_code=00111&code=00101011005&supplier_code=00100037&order_time=2022-10-16 HTTP/1.1" 200 428
180.169.147.146 - - [16/Oct/2022:11:16:44 +0800] "GET /xingrg/all/function/internal_message.html?_=1665890192474&CODE_STATE=getMsg HTTP/1.1" 200 27
120.253.135.82 - - [16/Oct/2022:11:16:46 +0800] "GET /xingrg/kc/pszx/mdps_order_info.html?code=312022101600327 HTTP/1.1" 200 19632
114.88.159.190 - - [16/Oct/2022:11:16:46 +0800] "GET /xingrg/check_reg.html?_=1665889833860 HTTP/1.1" 200 22
114.88.159.190 - - [16/Oct/2022:11:16:46 +0800] "GET /xingrg/all/function/internal_message.html?_=1665889833862&CODE_STATE=getMsg HTTP/1.1" 200 27
120.253.135.82 - - [16/Oct/2022:11:16:47 +0800] "POST /xingrg/kc/pszx/mdps_order_operate.html HTTP/1.1" 200 495
120.253.135.82 - - [16/Oct/2022:11:16:47 +0800] "GET /xingrg/javascript/easyui/themes/default/validatebox.css HTTP/1.1" 404 1104
120.253.135.82 - - [16/Oct/2022:11:16:48 +0800] "POST /xingrg/kc/pszx/mdps_list_operate.html HTTP/1.1" 200 3140
120.253.135.82 - - [16/Oct/2022:11:16:49 +0800] "POST /xingrg/kc/pszx/mdps_list_operate.html HTTP/1.1" 200 377
120.253.135.82 - - [16/Oct/2022:11:16:50 +0800] "GET /xingrg/kc/pszx/mdps_order_info.html?code=312022101400310 HTTP/1.1" 200 23978
120.253.135.82 - - [16/Oct/2022:11:16:50 +0800] "GET /xingrg/javascript/easyui/themes/default/validatebox.css HTTP/1.1" 404 1104
120.253.135.82 - - [16/Oct/2022:11:16:50 +0800] "POST /xingrg/kc/pszx/mdps_order_operate.html HTTP/1.1" 200 3310
116.238.139.35 - - [16/Oct/2022:11:16:52 +0800] "GET /xingrg/all/function/internal_message.html?_=1665890210656&CODE_STATE=getMsg HTTP/1.1" 200 27
222.69.192.207 - - [16/Oct/2022:11:16:53 +0800] "POST /xingrg/kc/buy/cgsh_order_operate.html HTTP/1.1" 200 37
120.253.135.82 - - [16/Oct/2022:11:16:54 +0800] "POST /xingrg/kc/pszx/mdps_order_operate.html HTTP/1.1" 200 37
222.69.192.207 - - [16/Oct/2022:11:16:55 +0800] "GET /xingrg/all/function/internal_message.html?_=1665890214082&CODE_STATE=getMsg HTTP/1.1" 200 27
222.69.192.207 - - [16/Oct/2022:11:16:55 +0800] "POST /xingrg/kc/buy/cgsh_order_operate.html HTTP/1.1" 200 3241
120.253.135.82 - - [16/Oct/2022:11:16:56 +0800] "POST /xingrg/kc/pszx/mdps_order_operate.html HTTP/1.1" 200 12
222.69.192.207 - - [16/Oct/2022:11:16:56 +0800] "GET /xingrg/kc/print/load_data.html?order_code=212022101604981&kc_code=cgsh&condition= HTTP/1.1" 200 887
222.69.192.207 - - [16/Oct/2022:11:16:58 +0800] "GET /xingrg/check_reg.html?_=1665890217122 HTTP/1.1" 200 22
116.230.114.213 - - [16/Oct/2022:11:16:59 +0800] "GET /xingrg/all/function/internal_message.html?_=1665890244248&CODE_STATE=getMsg HTTP/1.1" 200 27
222.69.192.207 - - [16/Oct/2022:11:17:00 +0800] "GET /xingrg/kc/buy/cgsh_order_add.html HTTP/1.1" 200 69175
222.69.192.207 - - [16/Oct/2022:11:17:00 +0800] "POST /xingrg/kc/buy/cgsh_order_operate.html HTTP/1.1" 200 8245
222.69.192.207 - - [16/Oct/2022:11:17:00 +0800] "GET /xingrg/javascript/easyui/themes/default/validatebox.css HTTP/1.1" 404 1104
114.88.159.190 - - [16/Oct/2022:11:17:01 +0800] "GET /xingrg/kc/buy/cgsh_order_operate.html?command=get_materiel&rest_code=00141&code=00101012040&supplier_code=00100036&order_time=2022-10-16 HTTP/1.1" 200 413
222.70.183.206 - - [16/Oct/2022:11:17:05 +0800] "GET /xingrg/kc/buy/cgsh_order_operate.html?command=get_materiel&rest_code=00111&code=00101016025&supplier_code=00100037&order_time=2022-10-16 HTTP/1.1" 200 408
58.37.5.201 - - [16/Oct/2022:11:17:07 +0800] "GET /xingrg/all/function/internal_message.html?_=1665890229448&CODE_STATE=getMsg HTTP/1.1" 200 27
116.230.105.139 - - [16/Oct/2022:11:17:07 +0800] "GET /xingrg/all/function/internal_message.html?_=1665890200327&CODE_STATE=getMsg HTTP/1.1" 200 27
120.253.135.82 - - [16/Oct/2022:11:17:07 +0800] "GET /xingrg/kc/pszx/mdps_order_info.html?code=312022101400310 HTTP/1.1" 200 19638
120.253.135.82 - - [16/Oct/2022:11:17:08 +0800] "POST /xingrg/kc/pszx/mdps_order_operate.html HTTP/1.1" 200 1519
120.253.135.82 - - [16/Oct/2022:11:17:08 +0800] "GET /xingrg/javascript/easyui/themes/default/validatebox.css HTTP/1.1" 404 1104
120.253.135.82 - - [16/Oct/2022:11:17:09 +0800] "POST /xingrg/kc/pszx/mdps_list_operate.html HTTP/1.1" 200 2769
120.253.135.82 - - [16/Oct/2022:11:17:10 +0800] "POST /xingrg/kc/pszx/mdps_list_operate.html HTTP/1.1" 200 203
120.253.135.82 - - [16/Oct/2022:11:17:11 +0800] "GET /xingrg/kc/pszx/mdps_order_info.html?code=312022101500322 HTTP/1.1" 200 23970
222.69.192.207 - - [16/Oct/2022:11:17:11 +0800] "GET /xingrg/kc/buy/cgsh_order_operate.html?command=get_materiel&rest_code=00105&code=00101001019&supplier_code=00100430&order_time=2022-10-16 HTTP/1.1" 200 418
120.253.135.82 - - [16/Oct/2022:11:17:11 +0800] "GET /xingrg/javascript/easyui/themes/default/validatebox.css HTTP/1.1" 404 1104
120.253.135.82 - - [16/Oct/2022:11:17:11 +0800] "POST /xingrg/kc/pszx/mdps_order_operate.html HTTP/1.1" 200 2295
120.253.135.82 - - [16/Oct/2022:11:17:15 +0800] "POST /xingrg/kc/pszx/mdps_order_operate.html HTTP/1.1" 200 37
114.88.159.190 - - [16/Oct/2022:11:17:15 +0800] "POST /xingrg/kc/buy/cgsh_order_operate.html HTTP/1.1" 200 37
222.70.183.206 - - [16/Oct/2022:11:17:17 +0800] "GET /xingrg/kc/buy/cgsh_order_operate.html?command=get_materiel&rest_code=00111&code=00101019435&supplier_code=00100037&order_time=2022-10-16 HTTP/1.1" 200 417
120.253.135.82 - - [16/Oct/2022:11:17:17 +0800] "POST /xingrg/kc/pszx/mdps_order_operate.html HTTP/1.1" 200 12
114.88.159.190 - - [16/Oct/2022:11:17:20 +0800] "POST /xingrg/kc/buy/cgsh_order_operate.html HTTP/1.1" 200 12
114.88.159.190 - - [16/Oct/2022:11:17:21 +0800] "GET /xingrg/kc/buy/cgsh_order_info.html?code=212022101604982 HTTP/1.1" 200 63998
114.88.159.190 - - [16/Oct/2022:11:17:21 +0800] "GET /xingrg/javascript/easyui/themes/default/validatebox.css HTTP/1.1" 404 1104
114.88.159.190 - - [16/Oct/2022:11:17:22 +0800] "POST /xingrg/kc/buy/cgsh_order_operate.html HTTP/1.1" 200 1779
222.69.192.207 - - [16/Oct/2022:11:17:23 +0800] "GET /xingrg/check_reg.html?_=1665890095188 HTTP/1.1" 200 22
222.69.192.207 - - [16/Oct/2022:11:17:23 +0800] "GET /xingrg/all/function/internal_message.html?_=1665890095193&CODE_STATE=getMsg HTTP/1.1" 200 27
120.253.135.82 - - [16/Oct/2022:11:17:25 +0800] "GET /xingrg/kc/pszx/mdps_order_info.html?code=312022101500322 HTTP/1.1" 200 19630
124.79.243.136 - - [16/Oct/2022:11:17:26 +0800] "GET /xingrg/all/function/internal_message.html?_=1665890449166&CODE_STATE=getMsg HTTP/1.1" 200 27
222.69.192.207 - - [16/Oct/2022:11:17:26 +0800] "POST /xingrg/kc/buy/cgsh_order_operate.html HTTP/1.1" 200 37
120.253.135.82 - - [16/Oct/2022:11:17:26 +0800] "POST /xingrg/kc/pszx/mdps_order_operate.html HTTP/1.1" 200 516
114.88.159.190 - - [16/Oct/2022:11:17:26 +0800] "GET /xingrg/kc/print/load_data.html?order_code=212022101604982&kc_code=cgsh&condition= HTTP/1.1" 200 1222
120.253.135.82 - - [16/Oct/2022:11:17:26 +0800] "GET /xingrg/javascript/easyui/themes/default/validatebox.css HTTP/1.1" 404 1104
120.253.135.82 - - [16/Oct/2022:11:17:27 +0800] "POST /xingrg/kc/pszx/mdps_list_operate.html HTTP/1.1" 200 2408
116.238.139.35 - - [16/Oct/2022:11:17:28 +0800] "GET /xingrg/all/function/internal_message.html?_=1665890193950&CODE_STATE=getMsg HTTP/1.1" 200 27
120.253.135.82 - - [16/Oct/2022:11:17:29 +0800] "POST /xingrg/kc/pszx/mdps_list_operate.html HTTP/1.1" 200 643
120.253.135.82 - - [16/Oct/2022:11:17:29 +0800] "GET /xingrg/kc/pszx/mdps_order_info.html?code=312022101500321 HTTP/1.1" 200 23972
120.253.135.82 - - [16/Oct/2022:11:17:30 +0800] "GET /xingrg/javascript/easyui/themes/default/validatebox.css HTTP/1.1" 404 1104
120.253.135.82 - - [16/Oct/2022:11:17:30 +0800] "POST /xingrg/kc/pszx/mdps_order_operate.html HTTP/1.1" 200 8340
114.88.159.190 - - [16/Oct/2022:11:17:32 +0800] "GET /xingrg/kc/buy/cgsh_order_add.html HTTP/1.1" 200 69093
222.70.183.206 - - [16/Oct/2022:11:17:32 +0800] "POST /xingrg/kc/buy/cgsh_order_operate.html HTTP/1.1" 200 37
222.69.192.207 - - [16/Oct/2022:11:17:32 +0800] "POST /xingrg/kc/buy/cgsh_order_operate.html HTTP/1.1" 200 2664
114.88.159.190 - - [16/Oct/2022:11:17:32 +0800] "POST /xingrg/kc/buy/cgsh_order_operate.html HTTP/1.1" 200 8245
114.88.159.190 - - [16/Oct/2022:11:17:32 +0800] "GET /xingrg/javascript/easyui/themes/default/validatebox.css HTTP/1.1" 404 1104
116.238.139.35 - - [16/Oct/2022:11:17:33 +0800] "POST /xingrg/all/user/operate.html HTTP/1.1" 200 36
116.238.139.35 - - [16/Oct/2022:11:17:33 +0800] "GET /xingrg/javascript/jquery_easy_ui/themes/default/easyui.css HTTP/1.1" 304 -
116.238.139.35 - - [16/Oct/2022:11:17:33 +0800] "GET /xingrg/index.html?sysBaseUrl=http%3A%2F%2F180.169.147.146%3A18081%2Fxingrg%2F&costTime=41×tamp=1665880522105 HTTP/1.1" 200 17179
116.238.139.35 - - [16/Oct/2022:11:17:33 +0800] "GET /xingrg/javascript/jquery_easy_ui/themes/icon.css HTTP/1.1" 304 -
116.238.139.35 - - [16/Oct/2022:11:17:33 +0800] "GET /xingrg/css/form.css HTTP/1.1" 304 -
116.238.139.35 - - [16/Oct/2022:11:17:33 +0800] "GET /xingrg/javascript/jquery-1.4.2.min.js HTTP/1.1" 304 -
116.238.139.35 - - [16/Oct/2022:11:17:33 +0800] "GET /xingrg/javascript/jquery_easy_ui/jquery.easyui.min.js HTTP/1.1" 304 -
116.238.139.35 - - [16/Oct/2022:11:17:33 +0800] "GET /xingrg/javascript/jquery_easy_ui/easyui-lang-zh_CN.js HTTP/1.1" 304 -
116.238.139.35 - - [16/Oct/2022:11:17:33 +0800] "GET /xingrg/javascript/jquery.form.js HTTP/1.1" 304 -
116.238.139.35 - - [16/Oct/2022:11:17:33 +0800] "GET /xingrg/javascript/jquery.utils.js HTTP/1.1" 304 -
116.238.139.35 - - [16/Oct/2022:11:17:33 +0800] "GET /xingrg/javascript/jquery.timers.js HTTP/1.1" 304 -
116.238.139.35 - - [16/Oct/2022:11:17:33 +0800] "GET /xingrg/images/blue/jxLogo.png HTTP/1.1" 304 -
116.238.139.35 - - [16/Oct/2022:11:17:33 +0800] "GET /xingrg/javascript/jquery_easy_ui/themes/icons/settle_new.png HTTP/1.1" 304 -
116.238.139.35 - - [16/Oct/2022:11:17:33 +0800] "GET /xingrg/images/blue/navBackgound.jpg HTTP/1.1" 304 -
116.238.139.35 - - [16/Oct/2022:11:17:33 +0800] "POST /xingrg/all/common/load_tree.html?tree=area_rest_tree_json&manage=1 HTTP/1.1" 200 476
116.238.139.35 - - [16/Oct/2022:11:17:33 +0800] "GET /xingrg/all/function/internal_message.html?_=1665890252308&CODE_STATE=count HTTP/1.1" 200 11
116.238.139.35 - - [16/Oct/2022:11:17:33 +0800] "GET /xingrg/check_reg.html?_=1665890252309 HTTP/1.1" 200 22
116.238.139.35 - - [16/Oct/2022:11:17:33 +0800] "GET /xingrg/javascript/jquery_easy_ui/themes/default/images/tabs_leftarrow.png HTTP/1.1" 304 -
116.238.139.35 - - [16/Oct/2022:11:17:33 +0800] "GET /xingrg/javascript/jquery_easy_ui/themes/default/images/panel_tool_collapse.gif HTTP/1.1" 304 -
116.238.139.35 - - [16/Oct/2022:11:17:33 +0800] "GET /xingrg/images/blue/pingpu.png HTTP/1.1" 304 -
116.238.139.35 - - [16/Oct/2022:11:17:33 +0800] "GET /xingrg/javascript/jquery_easy_ui/themes/default/images/tabs_rightarrow.png HTTP/1.1" 304 -
116.238.139.35 - - [16/Oct/2022:11:17:33 +0800] "POST /xingrg/load_menu.html HTTP/1.1" 200 5138
222.69.192.207 - - [16/Oct/2022:11:17:34 +0800] "GET /xingrg/kc/print/load_data.html?order_code=212022101604983&kc_code=cgsh&condition= HTTP/1.1" 200 657
221.239.141.151 - - [16/Oct/2022:11:17:36 +0800] "GET /xingrg/all/function/internal_message.html?_=1665890255836&CODE_STATE=getMsg HTTP/1.1" 200 27
222.69.192.207 - - [16/Oct/2022:11:17:38 +0800] "GET /xingrg/kc/buy/cgsh_order_add.html HTTP/1.1" 200 69175
222.69.192.207 - - [16/Oct/2022:11:17:38 +0800] "GET /xingrg/javascript/easyui/themes/default/validatebox.css HTTP/1.1" 404 1104
222.69.192.207 - - [16/Oct/2022:11:17:38 +0800] "POST /xingrg/kc/buy/cgsh_order_operate.html HTTP/1.1" 200 8245
116.238.139.35 - - [16/Oct/2022:11:17:38 +0800] "GET /xingrg/kc/buy/cgsh_order_list.html HTTP/1.1" 200 53318
124.79.74.72 - - [16/Oct/2022:11:17:39 +0800] "GET /xingrg/all/function/internal_message.html?_=1665890256394&CODE_STATE=getMsg HTTP/1.1" 200 27
222.70.183.206 - - [16/Oct/2022:11:17:39 +0800] "GET /xingrg/check_reg.html?_=1665890254194 HTTP/1.1" 200 22
222.70.183.206 - - [16/Oct/2022:11:17:39 +0800] "GET /xingrg/all/function/internal_message.html?_=1665890254210&CODE_STATE=getMsg HTTP/1.1" 200 27
222.70.183.206 - - [16/Oct/2022:11:17:39 +0800] "POST /xingrg/kc/buy/cgsh_order_operate.html HTTP/1.1" 200 11005
116.238.139.35 - - [16/Oct/2022:11:17:39 +0800] "POST /xingrg/kc/buy/cgsh_list_operate.html HTTP/1.1" 200 986
120.253.135.82 - - [16/Oct/2022:11:17:40 +0800] "POST /xingrg/kc/pszx/mdps_order_operate.html HTTP/1.1" 200 37
222.70.183.206 - - [16/Oct/2022:11:17:40 +0800] "GET /xingrg/kc/print/load_data.html?order_code=212022101604984&kc_code=cgsh&condition= HTTP/1.1" 200 3905
116.238.139.35 - - [16/Oct/2022:11:17:41 +0800] "GET /xingrg/kc/buy/cgsh_order_add.html HTTP/1.1" 200 69093
116.238.139.35 - - [16/Oct/2022:11:17:42 +0800] "POST /xingrg/kc/buy/cgsh_order_operate.html HTTP/1.1" 200 8245
116.238.139.35 - - [16/Oct/2022:11:17:42 +0800] "GET /xingrg/javascript/easyui/themes/default/validatebox.css HTTP/1.1" 404 1104
120.253.135.82 - - [16/Oct/2022:11:17:43 +0800] "POST /xingrg/kc/pszx/mdps_order_operate.html HTTP/1.1" 200 12
116.238.139.35 - - [16/Oct/2022:11:17:43 +0800] "GET /xingrg/javascript/auto/indicator.gif HTTP/1.1" 404 1066
120.253.135.82 - - [16/Oct/2022:11:17:44 +0800] "GET /xingrg/kc/pszx/mdps_order_info.html?code=312022101500321 HTTP/1.1" 200 19632
120.253.135.82 - - [16/Oct/2022:11:17:44 +0800] "POST /xingrg/kc/pszx/mdps_order_operate.html HTTP/1.1" 200 6493
120.253.135.82 - - [16/Oct/2022:11:17:44 +0800] "GET /xingrg/javascript/easyui/themes/default/validatebox.css HTTP/1.1" 404 1104
180.169.147.146 - - [16/Oct/2022:11:17:44 +0800] "GET /xingrg/all/function/internal_message.html?_=1665890252476&CODE_STATE=getMsg HTTP/1.1" 200 27
114.88.159.190 - - [16/Oct/2022:11:17:46 +0800] "GET /xingrg/all/function/internal_message.html?_=1665889893842&CODE_STATE=getMsg HTTP/1.1" 200 27
222.69.192.207 - - [16/Oct/2022:11:17:48 +0800] "GET /xingrg/kc/buy/cgsh_order_operate.html?command=get_materiel&rest_code=00105&code=00101002007&supplier_code=00100442&order_time=2022-10-16 HTTP/1.1" 200 409
116.238.139.35 - - [16/Oct/2022:11:17:50 +0800] "GET /xingrg/kc/buy/cgsh_order_operate.html?command=get_materiel&rest_code=00150&code=00101002006&supplier_code=00100091&order_time=2022-10-16 HTTP/1.1" 200 414
120.253.135.82 - - [16/Oct/2022:11:17:54 +0800] "POST /xingrg/kc/pszx/mdps_list_operate.html HTTP/1.1" 200 2045
222.69.192.207 - - [16/Oct/2022:11:17:55 +0800] "GET /xingrg/all/function/internal_message.html?_=1665890274070&CODE_STATE=getMsg HTTP/1.1" 200 27
120.253.135.82 - - [16/Oct/2022:11:17:56 +0800] "POST /xingrg/kc/pszx/mdps_list_operate.html HTTP/1.1" 200 642
120.253.135.82 - - [16/Oct/2022:11:17:57 +0800] "GET /xingrg/kc/pszx/mdps_order_info.html?code=312022101500323 HTTP/1.1" 200 23972
120.253.135.82 - - [16/Oct/2022:11:17:57 +0800] "GET /xingrg/javascript/easyui/themes/default/validatebox.css HTTP/1.1" 404 1104
120.253.135.82 - - [16/Oct/2022:11:17:57 +0800] "POST /xingrg/kc/pszx/mdps_order_operate.html HTTP/1.1" 200 10843
116.238.139.35 - - [16/Oct/2022:11:17:58 +0800] "POST /xingrg/kc/buy/cgsh_order_operate.html HTTP/1.1" 200 37
116.230.114.213 - - [16/Oct/2022:11:18:00 +0800] "GET /xingrg/all/function/internal_message.html?_=1665890304504&CODE_STATE=getMsg HTTP/1.1" 200 27
116.230.105.139 - - [16/Oct/2022:11:18:00 +0800] "GET /xingrg/kc/buy/cgsh_order_operate.html?command=get_materiel&rest_code=00155&code=00101001140&supplier_code=00100090&order_time=2022-10-16 HTTP/1.1" 200 415
222.69.192.207 - - [16/Oct/2022:11:18:01 +0800] "GET /xingrg/kc/buy/cgsh_order_operate.html?command=get_materiel&rest_code=00105&code=00101002041&supplier_code=00100442&order_time=2022-10-16 HTTP/1.1" 200 409
124.79.74.72 - - [16/Oct/2022:11:18:01 +0800] "GET /xingrg/check_reg.html?_=1665890278755 HTTP/1.1" 200 22
120.253.135.82 - - [16/Oct/2022:11:18:02 +0800] "POST /xingrg/kc/pszx/mdps_order_operate.html HTTP/1.1" 200 37
116.238.139.35 - - [16/Oct/2022:11:18:03 +0800] "POST /xingrg/kc/buy/cgsh_order_operate.html HTTP/1.1" 200 12
116.238.139.35 - - [16/Oct/2022:11:18:04 +0800] "GET /xingrg/kc/buy/cgsh_order_info.html?code=212022101604985 HTTP/1.1" 200 64000
120.253.135.82 - - [16/Oct/2022:11:18:04 +0800] "POST /xingrg/kc/pszx/mdps_order_operate.html HTTP/1.1" 200 12
116.238.139.35 - - [16/Oct/2022:11:18:04 +0800] "GET /xingrg/javascript/easyui/themes/default/validatebox.css HTTP/1.1" 404 1104
124.79.243.136 - - [16/Oct/2022:11:18:05 +0800] "POST /xingrg/services/DataTransmitService HTTP/1.1" 200 524
116.238.139.35 - - [16/Oct/2022:11:18:05 +0800] "POST /xingrg/kc/buy/cgsh_order_operate.html HTTP/1.1" 200 613
124.79.243.136 - - [16/Oct/2022:11:18:05 +0800] "POST /xingrg/services/DataTransmitService HTTP/1.1" 200 501
114.88.159.190 - - [16/Oct/2022:11:18:05 +0800] "GET /xingrg/kc/buy/cgsh_order_operate.html?command=get_materiel&rest_code=00141&code=00101006109&supplier_code=00100012&order_time=2022-10-16 HTTP/1.1" 200 409
116.230.105.139 - - [16/Oct/2022:11:18:07 +0800] "GET /xingrg/all/function/internal_message.html?_=1665890260268&CODE_STATE=getMsg HTTP/1.1" 200 27
58.37.5.201 - - [16/Oct/2022:11:18:07 +0800] "GET /xingrg/check_reg.html?_=1665890289449 HTTP/1.1" 200 22
58.37.5.201 - - [16/Oct/2022:11:18:07 +0800] "GET /xingrg/all/function/internal_message.html?_=1665890289452&CODE_STATE=getMsg HTTP/1.1" 200 27
222.69.192.207 - - [16/Oct/2022:11:18:09 +0800] "POST /xingrg/kc/buy/cgsh_order_operate.html HTTP/1.1" 200 37
222.69.192.207 - - [16/Oct/2022:11:18:10 +0800] "POST /xingrg/kc/buy/cgsh_order_operate.html HTTP/1.1" 200 3248
116.238.139.35 - - [16/Oct/2022:11:18:10 +0800] "POST /xingrg/kc/buy/cgsh_order_operate.html HTTP/1.1" 200 12
222.69.192.207 - - [16/Oct/2022:11:18:11 +0800] "GET /xingrg/kc/print/load_data.html?order_code=212022101604986&kc_code=cgsh&condition= HTTP/1.1" 200 897
116.238.139.35 - - [16/Oct/2022:11:18:11 +0800] "GET /xingrg/kc/buy/cgsh_order_info.html?code=212022101604985 HTTP/1.1" 200 69106
116.238.139.35 - - [16/Oct/2022:11:18:11 +0800] "GET /xingrg/javascript/easyui/themes/default/validatebox.css HTTP/1.1" 404 1104
116.238.139.35 - - [16/Oct/2022:11:18:12 +0800] "POST /xingrg/kc/buy/cgsh_order_operate.html HTTP/1.1" 200 2663
222.69.192.207 - - [16/Oct/2022:11:18:14 +0800] "GET /xingrg/kc/buy/cgsh_order_add.html HTTP/1.1" 200 69175
222.69.192.207 - - [16/Oct/2022:11:18:14 +0800] "GET /xingrg/javascript/easyui/themes/default/validatebox.css HTTP/1.1" 404 1104
222.69.192.207 - - [16/Oct/2022:11:18:14 +0800] "POST /xingrg/kc/buy/cgsh_order_operate.html HTTP/1.1" 200 8245
120.253.135.82 - - [16/Oct/2022:11:18:14 +0800] "GET /xingrg/kc/pszx/mdps_order_info.html?code=312022101500323 HTTP/1.1" 200 19632
120.253.135.82 - - [16/Oct/2022:11:18:15 +0800] "POST /xingrg/kc/pszx/mdps_order_operate.html HTTP/1.1" 200 8985
120.253.135.82 - - [16/Oct/2022:11:18:15 +0800] "GET /xingrg/javascript/easyui/themes/default/validatebox.css HTTP/1.1" 404 1104
120.253.135.82 - - [16/Oct/2022:11:18:17 +0800] "POST /xingrg/kc/pszx/mdps_list_operate.html HTTP/1.1" 200 1681
116.230.105.139 - - [16/Oct/2022:11:18:17 +0800] "POST /xingrg/kc/buy/cgsh_order_operate.html HTTP/1.1" 200 37
120.253.135.82 - - [16/Oct/2022:11:18:18 +0800] "POST /xingrg/kc/pszx/mdps_list_operate.html HTTP/1.1" 200 383
116.230.114.213 - - [16/Oct/2022:11:18:18 +0800] "GET /xingrg/login.html HTTP/1.1" 200 7641
116.230.114.213 - - [16/Oct/2022:11:18:19 +0800] "GET /favicon.ico HTTP/1.1" 404 -
120.253.135.82 - - [16/Oct/2022:11:18:19 +0800] "GET /xingrg/kc/pszx/mdps_order_info.html?code=312022101600326 HTTP/1.1" 200 23972
120.253.135.82 - - [16/Oct/2022:11:18:19 +0800] "GET /xingrg/javascript/easyui/themes/default/validatebox.css HTTP/1.1" 404 1104
116.238.139.35 - - [16/Oct/2022:11:18:19 +0800] "POST /xingrg/kc/buy/cgsh_order_operate.html HTTP/1.1" 200 37
120.253.135.82 - - [16/Oct/2022:11:18:19 +0800] "POST /xingrg/kc/pszx/mdps_order_operate.html HTTP/1.1" 200 3310
116.238.139.35 - - [16/Oct/2022:11:18:21 +0800] "POST /xingrg/kc/buy/cgsh_order_operate.html HTTP/1.1" 200 2663
116.230.105.139 - - [16/Oct/2022:11:18:21 +0800] "POST /xingrg/kc/buy/cgsh_order_operate.html HTTP/1.1" 200 2666
116.230.114.213 - - [16/Oct/2022:11:18:22 +0800] "POST /xingrg/login.do HTTP/1.1" 302 -
116.230.114.213 - - [16/Oct/2022:11:18:22 +0800] "GET /xingrg/index.html?sysBaseUrl=http%3A%2F%2F180.169.147.146%3A18081%2Fxingrg%2F&costTime=41×tamp=1665890302283 HTTP/1.1" 200 17179
116.230.114.213 - - [16/Oct/2022:11:18:22 +0800] "GET /xingrg/javascript/jquery_easy_ui/themes/default/easyui.css HTTP/1.1" 304 -
116.230.114.213 - - [16/Oct/2022:11:18:22 +0800] "GET /xingrg/javascript/jquery_easy_ui/themes/icon.css HTTP/1.1" 304 -
116.230.114.213 - - [16/Oct/2022:11:18:22 +0800] "GET /xingrg/css/form.css HTTP/1.1" 304 -
116.230.114.213 - - [16/Oct/2022:11:18:22 +0800] "GET /xingrg/javascript/jquery_easy_ui/jquery.easyui.min.js HTTP/1.1" 304 -
116.230.114.213 - - [16/Oct/2022:11:18:22 +0800] "GET /xingrg/javascript/jquery-1.4.2.min.js HTTP/1.1" 304 -
116.230.114.213 - - [16/Oct/2022:11:18:22 +0800] "GET /xingrg/javascript/jquery.form.js HTTP/1.1" 304 -
116.230.114.213 - - [16/Oct/2022:11:18:22 +0800] "GET /xingrg/javascript/jquery_easy_ui/easyui-lang-zh_CN.js HTTP/1.1" 304 -
116.230.114.213 - - [16/Oct/2022:11:18:22 +0800] "GET /xingrg/javascript/jquery.utils.js HTTP/1.1" 304 -
116.230.114.213 - - [16/Oct/2022:11:18:22 +0800] "GET /xingrg/javascript/jquery.timers.js HTTP/1.1" 304 -
116.230.114.213 - - [16/Oct/2022:11:18:22 +0800] "POST /xingrg/all/common/load_tree.html?tree=area_rest_tree_json&manage=1 HTTP/1.1" 200 479
114.88.159.190 - - [16/Oct/2022:11:18:22 +0800] "GET /xingrg/kc/buy/cgsh_order_operate.html?command=get_materiel&rest_code=00141&code=00101006111&supplier_code=00100012&order_time=2022-10-16 HTTP/1.1" 200 409
116.230.114.213 - - [16/Oct/2022:11:18:22 +0800] "GET /xingrg/check_reg.html?_=1665890302362 HTTP/1.1" 200 22
116.230.114.213 - - [16/Oct/2022:11:18:22 +0800] "GET /xingrg/all/function/internal_message.html?_=1665890302361&CODE_STATE=count HTTP/1.1" 200 11
116.230.114.213 - - [16/Oct/2022:11:18:22 +0800] "GET /favicon.ico HTTP/1.1" 404 -
116.230.114.213 - - [16/Oct/2022:11:18:22 +0800] "POST /xingrg/load_menu.html HTTP/1.1" 200 5138
116.230.105.139 - - [16/Oct/2022:11:18:22 +0800] "GET /xingrg/kc/print/load_data.html?order_code=212022101604987&kc_code=cgsh&condition= HTTP/1.1" 200 762
222.69.192.207 - - [16/Oct/2022:11:18:23 +0800] "GET /xingrg/all/function/internal_message.html?_=1665890155196&CODE_STATE=getMsg HTTP/1.1" 200 27
222.69.192.207 - - [16/Oct/2022:11:18:25 +0800] "GET /xingrg/kc/buy/cgsh_order_operate.html?command=get_materiel&rest_code=00105&code=00101001140&supplier_code=00100319&order_time=2022-10-16 HTTP/1.1" 200 415
116.238.139.35 - - [16/Oct/2022:11:18:25 +0800] "POST /xingrg/kc/buy/cgsh_order_operate.html HTTP/1.1" 200 37
124.79.243.136 - - [16/Oct/2022:11:18:26 +0800] "GET /xingrg/all/function/internal_message.html?_=1665890509166&CODE_STATE=getMsg HTTP/1.1" 200 27
116.230.114.213 - - [16/Oct/2022:11:18:28 +0800] "GET /xingrg/css/base.css HTTP/1.1" 304 -
116.230.114.213 - - [16/Oct/2022:11:18:28 +0800] "GET /xingrg/css/site.css HTTP/1.1" 304 -
116.230.114.213 - - [16/Oct/2022:11:18:28 +0800] "GET /xingrg/javascript/jquery_tools/datebox.css HTTP/1.1" 304 -
116.230.114.213 - - [16/Oct/2022:11:18:28 +0800] "GET /xingrg/javascript/easyui/themes/default/easyui.css HTTP/1.1" 304 -
116.230.114.213 - - [16/Oct/2022:11:18:28 +0800] "GET /xingrg/javascript/easyui/themes/icon.css HTTP/1.1" 304 -
116.230.114.213 - - [16/Oct/2022:11:18:28 +0800] "GET /xingrg/javascript/auto/jquery.autocomplete.css HTTP/1.1" 304 -
116.230.114.213 - - [16/Oct/2022:11:18:28 +0800] "GET /xingrg/javascript/jquery_tools/fix.css HTTP/1.1" 304 -
116.230.114.213 - - [16/Oct/2022:11:18:28 +0800] "GET /xingrg/javascript/jquery_tools/table.css HTTP/1.1" 304 -
116.230.114.213 - - [16/Oct/2022:11:18:28 +0800] "GET /xingrg/javascript/jquery_tools/jquery.tools.min.js HTTP/1.1" 304 -
116.230.114.213 - - [16/Oct/2022:11:18:28 +0800] "GET /xingrg/javascript/jquery_tools/jquery.tools.extend.js HTTP/1.1" 304 -
116.230.114.213 - - [16/Oct/2022:11:18:28 +0800] "GET /xingrg/javascript/jquery_tools/jquery.tools.hotkey.js HTTP/1.1" 304 -
116.230.114.213 - - [16/Oct/2022:11:18:28 +0800] "GET /xingrg/javascript/jquery_tools/list_manager.js HTTP/1.1" 304 -
