116.238.139.35 - - [16/Oct/2022:11:42:54 +0800] "GET /xingrg/all/function/internal_message.html?_=1665891772459&CODE_STATE=getMsg HTTP/1.1" 200 27
222.69.192.207 - - [16/Oct/2022:11:42:54 +0800] "GET /xingrg/all/function/internal_message.html?_=1665891773512&CODE_STATE=getMsg HTTP/1.1" 200 27
116.230.114.213 - - [16/Oct/2022:11:42:59 +0800] "GET /xingrg/all/function/internal_message.html?_=1665891804212&CODE_STATE=getMsg HTTP/1.1" 200 27
180.169.147.146 - - [16/Oct/2022:11:42:59 +0800] "POST /xingrg/kc/buy/cgsh_order_operate.html HTTP/1.1" 200 37
180.169.147.146 - - [16/Oct/2022:11:43:01 +0800] "POST /xingrg/kc/buy/cgsh_order_operate.html HTTP/1.1" 200 3841
124.79.74.72 - - [16/Oct/2022:11:43:01 +0800] "GET /xingrg/check_reg.html?_=1665891778745 HTTP/1.1" 200 22
180.169.147.146 - - [16/Oct/2022:11:43:02 +0800] "GET /xingrg/kc/print/load_config.html?kc_code=cgsh HTTP/1.1" 200 1943
180.169.147.146 - - [16/Oct/2022:11:43:02 +0800] "GET /xingrg/kc/print/load_data.html?order_code=212022101605026&kc_code=cgsh&condition= HTTP/1.1" 200 1186
180.169.147.146 - - [16/Oct/2022:11:43:04 +0800] "GET /xingrg/kc/buy/cgsh_order_add.html HTTP/1.1" 200 69096
180.169.147.146 - - [16/Oct/2022:11:43:04 +0800] "POST /xingrg/kc/buy/cgsh_order_operate.html HTTP/1.1" 200 8245
180.169.147.146 - - [16/Oct/2022:11:43:04 +0800] "GET /xingrg/all/common/auto_word.html?type=employee&rest_code=00147 HTTP/1.1" 200 101
180.169.147.146 - - [16/Oct/2022:11:43:04 +0800] "GET /xingrg/all/common/auto_word.html?type=employee&rest_code=00147 HTTP/1.1" 200 101
180.169.147.146 - - [16/Oct/2022:11:43:04 +0800] "GET /xingrg/javascript/easyui/themes/default/validatebox.css HTTP/1.1" 404 1104
58.37.5.201 - - [16/Oct/2022:11:43:07 +0800] "GET /xingrg/javascript/auto/indicator.gif HTTP/1.1" 404 1066
58.37.5.201 - - [16/Oct/2022:11:43:07 +0800] "GET /xingrg/check_reg.html?_=1665891789549 HTTP/1.1" 200 22
180.169.147.146 - - [16/Oct/2022:11:43:19 +0800] "GET /xingrg/javascript/jquery_tools/images/next.gif HTTP/1.1" 404 1086
180.169.147.146 - - [16/Oct/2022:11:43:19 +0800] "GET /xingrg/javascript/jquery_tools/images/prev.gif HTTP/1.1" 404 1086
222.69.192.207 - - [16/Oct/2022:11:43:23 +0800] "GET /xingrg/all/function/internal_message.html?_=1665891655250&CODE_STATE=getMsg HTTP/1.1" 200 27
124.79.243.136 - - [16/Oct/2022:11:43:26 +0800] "GET /xingrg/all/function/internal_message.html?_=1665892009184&CODE_STATE=getMsg HTTP/1.1" 200 27
116.238.139.35 - - [16/Oct/2022:11:43:29 +0800] "GET /xingrg/all/function/internal_message.html?_=1665891754396&CODE_STATE=getMsg HTTP/1.1" 200 27
221.239.141.151 - - [16/Oct/2022:11:43:35 +0800] "GET /xingrg/all/function/internal_message.html?_=1665891815621&CODE_STATE=getMsg HTTP/1.1" 200 27
221.239.141.151 - - [16/Oct/2022:11:43:36 +0800] "GET /xingrg/check_reg.html?_=1665891816463 HTTP/1.1" 200 22
124.79.74.72 - - [16/Oct/2022:11:43:39 +0800] "GET /xingrg/all/function/internal_message.html?_=1665891815856&CODE_STATE=getMsg HTTP/1.1" 200 27
222.70.183.206 - - [16/Oct/2022:11:43:39 +0800] "GET /xingrg/all/function/internal_message.html?_=1665891814054&CODE_STATE=getMsg HTTP/1.1" 200 27
180.169.147.146 - - [16/Oct/2022:11:43:45 +0800] "GET /xingrg/all/function/internal_message.html?_=1665891813365&CODE_STATE=getMsg HTTP/1.1" 200 27
116.230.105.139 - - [16/Oct/2022:11:43:46 +0800] "GET /xingrg/all/function/internal_message.html?_=1665891799005&CODE_STATE=getMsg HTTP/1.1" 200 27
114.88.159.190 - - [16/Oct/2022:11:43:46 +0800] "GET /xingrg/all/function/internal_message.html?_=1665891453498&CODE_STATE=getMsg HTTP/1.1" 200 27
116.238.139.35 - - [16/Oct/2022:11:43:54 +0800] "GET /xingrg/all/function/internal_message.html?_=1665891832466&CODE_STATE=getMsg HTTP/1.1" 200 27
222.69.192.207 - - [16/Oct/2022:11:43:54 +0800] "GET /xingrg/all/function/internal_message.html?_=1665891833485&CODE_STATE=getMsg HTTP/1.1" 200 27
116.230.114.213 - - [16/Oct/2022:11:43:57 +0800] "GET /xingrg/check_reg.html?_=1665891862062 HTTP/1.1" 200 22
116.230.114.213 - - [16/Oct/2022:11:43:59 +0800] "GET /xingrg/all/function/internal_message.html?_=1665891864225&CODE_STATE=getMsg HTTP/1.1" 200 27
58.37.5.201 - - [16/Oct/2022:11:44:11 +0800] "POST /xingrg/kc/buy/cgsh_order_operate.html HTTP/1.1" 200 37
58.37.5.201 - - [16/Oct/2022:11:44:12 +0800] "POST /xingrg/kc/buy/cgsh_order_operate.html HTTP/1.1" 200 4441
58.37.5.201 - - [16/Oct/2022:11:44:19 +0800] "POST /xingrg/kc/buy/cgsh_order_operate.html HTTP/1.1" 200 37
58.37.5.201 - - [16/Oct/2022:11:44:23 +0800] "POST /xingrg/kc/buy/cgsh_order_operate.html HTTP/1.1" 200 12
222.69.192.207 - - [16/Oct/2022:11:44:23 +0800] "GET /xingrg/all/function/internal_message.html?_=1665891715238&CODE_STATE=getMsg HTTP/1.1" 200 27
58.37.5.201 - - [16/Oct/2022:11:44:23 +0800] "GET /xingrg/kc/buy/cgsh_order_info.html?code=212022101605027 HTTP/1.1" 200 63994
58.37.5.201 - - [16/Oct/2022:11:44:24 +0800] "GET /xingrg/javascript/easyui/themes/default/validatebox.css HTTP/1.1" 404 1104
58.37.5.201 - - [16/Oct/2022:11:44:24 +0800] "POST /xingrg/kc/buy/cgsh_order_operate.html HTTP/1.1" 200 2391
124.79.243.136 - - [16/Oct/2022:11:44:26 +0800] "GET /xingrg/all/function/internal_message.html?_=1665892069181&CODE_STATE=getMsg HTTP/1.1" 200 27
58.37.5.201 - - [16/Oct/2022:11:44:27 +0800] "GET /xingrg/kc/print/load_data.html?order_code=212022101605027&kc_code=cgsh&condition= HTTP/1.1" 200 1450
116.238.139.35 - - [16/Oct/2022:11:44:29 +0800] "GET /xingrg/all/function/internal_message.html?_=1665891814436&CODE_STATE=getMsg HTTP/1.1" 200 27
221.239.141.151 - - [16/Oct/2022:11:44:35 +0800] "GET /xingrg/all/function/internal_message.html?_=1665891875610&CODE_STATE=getMsg HTTP/1.1" 200 27
58.37.5.201 - - [16/Oct/2022:11:44:37 +0800] "POST /xingrg/kc/buy/cgsh_list_operate.html HTTP/1.1" 200 490
58.37.5.201 - - [16/Oct/2022:11:44:38 +0800] "GET /xingrg/kc/buy/cgsh_order_info.html?code=212022101605019 HTTP/1.1" 200 69094
58.37.5.201 - - [16/Oct/2022:11:44:38 +0800] "GET /xingrg/javascript/easyui/themes/default/validatebox.css HTTP/1.1" 404 1104
124.79.74.72 - - [16/Oct/2022:11:44:39 +0800] "GET /xingrg/all/function/internal_message.html?_=1665891875843&CODE_STATE=getMsg HTTP/1.1" 200 27
58.37.5.201 - - [16/Oct/2022:11:44:39 +0800] "POST /xingrg/kc/buy/cgsh_order_operate.html HTTP/1.1" 200 5012
222.70.183.206 - - [16/Oct/2022:11:44:39 +0800] "GET /xingrg/all/function/internal_message.html?_=1665891874039&CODE_STATE=getMsg HTTP/1.1" 200 27
58.37.5.201 - - [16/Oct/2022:11:44:40 +0800] "POST /xingrg/kc/buy/cgsh_list_operate.html HTTP/1.1" 200 2277
180.169.147.146 - - [16/Oct/2022:11:44:45 +0800] "GET /xingrg/all/function/internal_message.html?_=1665891873368&CODE_STATE=getMsg HTTP/1.1" 200 27
116.230.105.139 - - [16/Oct/2022:11:44:46 +0800] "GET /xingrg/all/function/internal_message.html?_=1665891858992&CODE_STATE=getMsg HTTP/1.1" 200 27
116.230.105.139 - - [16/Oct/2022:11:44:46 +0800] "GET /xingrg/check_reg.html?_=1665891858996 HTTP/1.1" 200 22
114.88.159.190 - - [16/Oct/2022:11:44:46 +0800] "GET /xingrg/all/function/internal_message.html?_=1665891513477&CODE_STATE=getMsg HTTP/1.1" 200 27
58.37.5.201 - - [16/Oct/2022:11:44:46 +0800] "POST /xingrg/kc/buy/cgsh_order_operate.html HTTP/1.1" 200 37
58.37.5.201 - - [16/Oct/2022:11:44:50 +0800] "POST /xingrg/kc/buy/cgsh_order_operate.html HTTP/1.1" 200 12
58.37.5.201 - - [16/Oct/2022:11:44:51 +0800] "GET /xingrg/kc/buy/cgsh_order_info.html?code=212022101605019 HTTP/1.1" 200 63988
58.37.5.201 - - [16/Oct/2022:11:44:51 +0800] "GET /xingrg/javascript/easyui/themes/default/validatebox.css HTTP/1.1" 404 1104
58.37.5.201 - - [16/Oct/2022:11:44:52 +0800] "POST /xingrg/kc/buy/cgsh_order_operate.html HTTP/1.1" 200 2961
116.238.139.35 - - [16/Oct/2022:11:44:54 +0800] "GET /xingrg/all/function/internal_message.html?_=1665891892467&CODE_STATE=getMsg HTTP/1.1" 200 27
222.69.192.207 - - [16/Oct/2022:11:44:54 +0800] "GET /xingrg/all/function/internal_message.html?_=1665891893465&CODE_STATE=getMsg HTTP/1.1" 200 27
58.37.5.201 - - [16/Oct/2022:11:44:54 +0800] "GET /xingrg/kc/print/load_data.html?order_code=212022101605019&kc_code=cgsh&condition= HTTP/1.1" 200 1613
116.230.114.213 - - [16/Oct/2022:11:44:59 +0800] "GET /xingrg/all/function/internal_message.html?_=1665891924240&CODE_STATE=getMsg HTTP/1.1" 200 27
58.37.5.201 - - [16/Oct/2022:11:45:02 +0800] "POST /xingrg/kc/buy/cgsh_list_operate.html HTTP/1.1" 200 1858
58.37.5.201 - - [16/Oct/2022:11:45:04 +0800] "POST /xingrg/kc/buy/cgsh_list_operate.html HTTP/1.1" 200 419
58.37.5.201 - - [16/Oct/2022:11:45:05 +0800] "GET /xingrg/kc/buy/cgsh_order_info.html?code=212022101604950 HTTP/1.1" 200 69096
58.37.5.201 - - [16/Oct/2022:11:45:05 +0800] "GET /xingrg/javascript/easyui/themes/default/validatebox.css HTTP/1.1" 404 1104
58.37.5.201 - - [16/Oct/2022:11:45:06 +0800] "POST /xingrg/kc/buy/cgsh_order_operate.html HTTP/1.1" 200 4428
58.37.5.201 - - [16/Oct/2022:11:45:07 +0800] "POST /xingrg/kc/buy/cgsh_list_operate.html HTTP/1.1" 200 1858
114.88.159.190 - - [16/Oct/2022:11:45:18 +0800] "GET /xingrg/kc/buy/cgsh_order_operate.html?command=get_materiel&rest_code=00141&code=00101019267&supplier_code=&order_time=2022-10-16 HTTP/1.1" 200 480
58.37.5.201 - - [16/Oct/2022:11:45:19 +0800] "POST /xingrg/kc/buy/cgsh_order_operate.html HTTP/1.1" 200 37
58.37.5.201 - - [16/Oct/2022:11:45:22 +0800] "POST /xingrg/kc/buy/cgsh_order_operate.html HTTP/1.1" 200 12
222.69.192.207 - - [16/Oct/2022:11:45:23 +0800] "GET /xingrg/all/function/internal_message.html?_=1665891775247&CODE_STATE=getMsg HTTP/1.1" 200 27
58.37.5.201 - - [16/Oct/2022:11:45:23 +0800] "GET /xingrg/kc/buy/cgsh_order_info.html?code=212022101604950 HTTP/1.1" 200 63990
58.37.5.201 - - [16/Oct/2022:11:45:23 +0800] "GET /xingrg/javascript/easyui/themes/default/validatebox.css HTTP/1.1" 404 1104
58.37.5.201 - - [16/Oct/2022:11:45:24 +0800] "POST /xingrg/kc/buy/cgsh_order_operate.html HTTP/1.1" 200 2378
124.79.243.136 - - [16/Oct/2022:11:45:26 +0800] "GET /xingrg/all/function/internal_message.html?_=1665892129177&CODE_STATE=getMsg HTTP/1.1" 200 27
58.37.5.201 - - [16/Oct/2022:11:45:26 +0800] "GET /xingrg/kc/print/load_data.html?order_code=212022101604950&kc_code=cgsh&condition= HTTP/1.1" 200 1448
116.238.139.35 - - [16/Oct/2022:11:45:29 +0800] "GET /xingrg/all/function/internal_message.html?_=1665891874439&CODE_STATE=getMsg HTTP/1.1" 200 27
114.88.159.190 - - [16/Oct/2022:11:45:33 +0800] "GET /xingrg/kc/buy/buy_main.html HTTP/1.1" 200 12412
114.88.159.190 - - [16/Oct/2022:11:45:33 +0800] "GET /xingrg/css/new_ie.css HTTP/1.1" 404 1036
114.88.159.190 - - [16/Oct/2022:11:45:34 +0800] "GET /xingrg/images/yd/bt.gif HTTP/1.1" 404 1040
114.88.159.190 - - [16/Oct/2022:11:45:35 +0800] "GET /xingrg/kc/buy/cgsh_order_list.html HTTP/1.1" 200 53318
221.239.141.151 - - [16/Oct/2022:11:45:35 +0800] "GET /xingrg/all/function/internal_message.html?_=1665891935607&CODE_STATE=getMsg HTTP/1.1" 200 27
114.88.159.190 - - [16/Oct/2022:11:45:36 +0800] "POST /xingrg/kc/buy/cgsh_list_operate.html HTTP/1.1" 200 986
58.37.5.201 - - [16/Oct/2022:11:45:37 +0800] "GET /xingrg/kc/buy/buy_main.html HTTP/1.1" 200 12412
58.37.5.201 - - [16/Oct/2022:11:45:37 +0800] "GET /xingrg/css/new_ie.css HTTP/1.1" 404 1036
58.37.5.201 - - [16/Oct/2022:11:45:38 +0800] "GET /xingrg/images/yd/bt.gif HTTP/1.1" 404 1040
124.79.74.72 - - [16/Oct/2022:11:45:39 +0800] "GET /xingrg/all/function/internal_message.html?_=1665891935829&CODE_STATE=getMsg HTTP/1.1" 200 27
222.70.183.206 - - [16/Oct/2022:11:45:39 +0800] "GET /xingrg/all/function/internal_message.html?_=1665891934023&CODE_STATE=getMsg HTTP/1.1" 200 27
58.37.5.201 - - [16/Oct/2022:11:45:39 +0800] "GET /xingrg/kc/buy/cgsh_order_list.html HTTP/1.1" 200 53312
58.37.5.201 - - [16/Oct/2022:11:45:40 +0800] "POST /xingrg/kc/buy/cgsh_list_operate.html HTTP/1.1" 200 986
120.253.135.82 - - [16/Oct/2022:11:45:45 +0800] "GET /xingrg/check_reg.html?_=1665891739318 HTTP/1.1" 200 22
180.169.147.146 - - [16/Oct/2022:11:45:45 +0800] "GET /xingrg/all/function/internal_message.html?_=1665891933370&CODE_STATE=getMsg HTTP/1.1" 200 27
180.169.147.146 - - [16/Oct/2022:11:45:45 +0800] "GET /xingrg/check_reg.html?_=1665891933371 HTTP/1.1" 200 22
116.230.105.139 - - [16/Oct/2022:11:45:46 +0800] "GET /xingrg/all/function/internal_message.html?_=1665891918999&CODE_STATE=getMsg HTTP/1.1" 200 27
114.88.159.190 - - [16/Oct/2022:11:45:46 +0800] "GET /xingrg/all/function/internal_message.html?_=1665891573466&CODE_STATE=getMsg HTTP/1.1" 200 27
116.238.139.35 - - [16/Oct/2022:11:45:54 +0800] "GET /xingrg/check_reg.html?_=1665891952471 HTTP/1.1" 200 22
116.238.139.35 - - [16/Oct/2022:11:45:54 +0800] "GET /xingrg/all/function/internal_message.html?_=1665891952475&CODE_STATE=getMsg HTTP/1.1" 200 27
222.69.192.207 - - [16/Oct/2022:11:45:54 +0800] "GET /xingrg/all/function/internal_message.html?_=1665891953440&CODE_STATE=getMsg HTTP/1.1" 200 27
116.230.114.213 - - [16/Oct/2022:11:45:59 +0800] "GET /xingrg/all/function/internal_message.html?_=1665891984252&CODE_STATE=getMsg HTTP/1.1" 200 27
116.230.114.213 - - [16/Oct/2022:11:46:02 +0800] "GET /xingrg/kc/buy/cgsh_order_operate.html?command=get_materiel&rest_code=00146&code=00101004101&supplier_code=00100086&order_time=2022-10-16 HTTP/1.1" 200 434
222.69.192.207 - - [16/Oct/2022:11:46:23 +0800] "GET /xingrg/all/function/internal_message.html?_=1665891835236&CODE_STATE=getMsg HTTP/1.1" 200 27
124.79.243.136 - - [16/Oct/2022:11:46:26 +0800] "GET /xingrg/all/function/internal_message.html?_=1665892189184&CODE_STATE=getMsg HTTP/1.1" 200 27
124.79.243.136 - - [16/Oct/2022:11:46:26 +0800] "GET /xingrg/check_reg.html?_=1665892189185 HTTP/1.1" 200 22
116.238.139.35 - - [16/Oct/2022:11:46:28 +0800] "GET /xingrg/check_reg.html?_=1665891933828 HTTP/1.1" 200 22
116.238.139.35 - - [16/Oct/2022:11:46:29 +0800] "GET /xingrg/all/function/internal_message.html?_=1665891934453&CODE_STATE=getMsg HTTP/1.1" 200 27
116.230.114.213 - - [16/Oct/2022:11:46:32 +0800] "POST /xingrg/kc/buy/cgsh_order_operate.html HTTP/1.1" 200 37
116.230.114.213 - - [16/Oct/2022:11:46:34 +0800] "POST /xingrg/kc/buy/cgsh_order_operate.html HTTP/1.1" 200 2660
116.230.114.213 - - [16/Oct/2022:11:46:35 +0800] "GET /xingrg/kc/print/load_data.html?order_code=212022101605028&kc_code=cgsh&condition= HTTP/1.1" 200 748
221.239.141.151 - - [16/Oct/2022:11:46:35 +0800] "GET /xingrg/all/function/internal_message.html?_=1665891995600&CODE_STATE=getMsg HTTP/1.1" 200 27
124.79.74.72 - - [16/Oct/2022:11:46:39 +0800] "GET /xingrg/all/function/internal_message.html?_=1665891995814&CODE_STATE=getMsg HTTP/1.1" 200 27
222.70.183.206 - - [16/Oct/2022:11:46:39 +0800] "GET /xingrg/all/function/internal_message.html?_=1665891994008&CODE_STATE=getMsg HTTP/1.1" 200 27
180.169.147.146 - - [16/Oct/2022:11:46:45 +0800] "GET /xingrg/all/function/internal_message.html?_=1665891993371&CODE_STATE=getMsg HTTP/1.1" 200 27
116.230.105.139 - - [16/Oct/2022:11:46:46 +0800] "GET /xingrg/all/function/internal_message.html?_=1665891979005&CODE_STATE=getMsg HTTP/1.1" 200 27
114.88.159.190 - - [16/Oct/2022:11:46:46 +0800] "GET /xingrg/all/function/internal_message.html?_=1665891633443&CODE_STATE=getMsg HTTP/1.1" 200 27
114.88.159.190 - - [16/Oct/2022:11:46:46 +0800] "GET /xingrg/check_reg.html?_=1665891633927 HTTP/1.1" 200 22
116.238.139.35 - - [16/Oct/2022:11:46:54 +0800] "GET /xingrg/all/function/internal_message.html?_=1665892012475&CODE_STATE=getMsg HTTP/1.1" 200 27
222.69.192.207 - - [16/Oct/2022:11:46:54 +0800] "GET /xingrg/all/function/internal_message.html?_=1665892013420&CODE_STATE=getMsg HTTP/1.1" 200 27
222.69.192.207 - - [16/Oct/2022:11:46:58 +0800] "GET /xingrg/check_reg.html?_=1665892017137 HTTP/1.1" 200 22
116.230.114.213 - - [16/Oct/2022:11:46:59 +0800] "GET /xingrg/all/function/internal_message.html?_=1665892044332&CODE_STATE=getMsg HTTP/1.1" 200 27
114.84.81.136 - - [16/Oct/2022:11:47:05 +0800] "GET /xingrg/kc/buy/cgsh_order_info.html?code=212022101304145 HTTP/1.1" 200 63988
114.84.81.136 - - [16/Oct/2022:11:47:06 +0800] "GET /xingrg/javascript/easyui/themes/default/validatebox.css HTTP/1.1" 404 1104
114.84.81.136 - - [16/Oct/2022:11:47:07 +0800] "POST /xingrg/kc/buy/cgsh_order_operate.html HTTP/1.1" 200 18939
114.84.81.136 - - [16/Oct/2022:11:47:10 +0800] "GET /xingrg/kc/report/report_main.html HTTP/1.1" 200 7340
114.84.81.136 - - [16/Oct/2022:11:47:12 +0800] "GET /xingrg/all/report/report_query.html?fileName=kc/mdqp/qp_report_mdps_mx_report.xml HTTP/1.1" 200 51366
114.84.81.136 - - [16/Oct/2022:11:47:12 +0800] "GET /xingrg/dwr/interface/AjaxReportQueryService.js HTTP/1.1" 200 13203
114.84.81.136 - - [16/Oct/2022:11:47:12 +0800] "GET /xingrg/dwr/util.js HTTP/1.1" 304 -
114.84.81.136 - - [16/Oct/2022:11:47:12 +0800] "GET /xingrg/dwr/engine.js HTTP/1.1" 200 43631
114.84.81.136 - - [16/Oct/2022:11:47:12 +0800] "POST /xingrg/dwr/call/plaincall/AjaxReportQueryService.getFixDate.dwr HTTP/1.1" 200 111
114.84.81.136 - - [16/Oct/2022:11:47:13 +0800] "POST /xingrg/dwr/call/plaincall/AjaxReportQueryService.getInitString.dwr HTTP/1.1" 200 106
114.84.81.136 - - [16/Oct/2022:11:47:13 +0800] "POST /xingrg/dwr/call/plaincall/AjaxReportQueryService.getInitString.dwr HTTP/1.1" 200 125
222.69.192.207 - - [16/Oct/2022:11:47:23 +0800] "GET /xingrg/all/function/internal_message.html?_=1665891895240&CODE_STATE=getMsg HTTP/1.1" 200 27
222.69.192.207 - - [16/Oct/2022:11:47:23 +0800] "GET /xingrg/check_reg.html?_=1665891895243 HTTP/1.1" 200 22
124.79.243.136 - - [16/Oct/2022:11:47:26 +0800] "GET /xingrg/all/function/internal_message.html?_=1665892249180&CODE_STATE=getMsg HTTP/1.1" 200 27
116.238.139.35 - - [16/Oct/2022:11:47:29 +0800] "GET /xingrg/all/function/internal_message.html?_=1665891994467&CODE_STATE=getMsg HTTP/1.1" 200 27
114.84.81.136 - - [16/Oct/2022:11:47:30 +0800] "POST /xingrg/dwr/call/plaincall/AjaxReportQueryService.refreshCache.dwr HTTP/1.1" 200 78
114.84.81.136 - - [16/Oct/2022:11:47:30 +0800] "POST /xingrg/all/report/load_report_page.html HTTP/1.1" 200 24229
114.84.81.136 - - [16/Oct/2022:11:47:30 +0800] "GET /xingrg/servlets/image?cache=0.1923788743510665&image=px HTTP/1.1" 200 807
221.239.141.151 - - [16/Oct/2022:11:47:35 +0800] "GET /xingrg/all/function/internal_message.html?_=1665892055600&CODE_STATE=getMsg HTTP/1.1" 200 27
114.84.81.136 - - [16/Oct/2022:11:47:37 +0800] "GET /xingrg/kc/pszx/mdps_order_info.html?isLook=1&code=312022100300068 HTTP/1.1" 200 19634
114.84.81.136 - - [16/Oct/2022:11:47:37 +0800] "GET /xingrg/javascript/easyui/themes/icons/uncheck_new.png HTTP/1.1" 304 -
114.84.81.136 - - [16/Oct/2022:11:47:37 +0800] "GET /favicon.ico HTTP/1.1" 404 -
114.84.81.136 - - [16/Oct/2022:11:47:37 +0800] "POST /xingrg/kc/pszx/mdps_order_operate.html HTTP/1.1" 200 11468
114.84.81.136 - - [16/Oct/2022:11:47:37 +0800] "GET /xingrg/javascript/easyui/themes/default/validatebox.css HTTP/1.1" 404 1104
114.84.81.136 - - [16/Oct/2022:11:47:37 +0800] "GET /xingrg/javascript/easyui/themes/icons/edit_remove.png HTTP/1.1" 304 -
124.79.74.72 - - [16/Oct/2022:11:47:39 +0800] "GET /xingrg/all/function/internal_message.html?_=1665892055785&CODE_STATE=getMsg HTTP/1.1" 200 27
222.70.183.206 - - [16/Oct/2022:11:47:39 +0800] "GET /xingrg/all/function/internal_message.html?_=1665892053993&CODE_STATE=getMsg HTTP/1.1" 200 27
222.70.183.206 - - [16/Oct/2022:11:47:39 +0800] "GET /xingrg/check_reg.html?_=1665892054198 HTTP/1.1" 200 22
180.169.147.146 - - [16/Oct/2022:11:47:45 +0800] "GET /xingrg/all/function/internal_message.html?_=1665892053373&CODE_STATE=getMsg HTTP/1.1" 200 27
116.230.105.139 - - [16/Oct/2022:11:47:46 +0800] "GET /xingrg/all/function/internal_message.html?_=1665892038993&CODE_STATE=getMsg HTTP/1.1" 200 27
114.88.159.190 - - [16/Oct/2022:11:47:46 +0800] "GET /xingrg/all/function/internal_message.html?_=1665891693424&CODE_STATE=getMsg HTTP/1.1" 200 27
58.37.5.201 - - [16/Oct/2022:11:47:48 +0800] "POST /xingrg/kc/buy/cgsh_list_operate.html HTTP/1.1" 200 986
58.37.5.201 - - [16/Oct/2022:11:47:49 +0800] "GET /xingrg/kc/buy/buy_main.html HTTP/1.1" 200 12412
58.37.5.201 - - [16/Oct/2022:11:47:49 +0800] "GET /xingrg/css/new_ie.css HTTP/1.1" 404 1036
58.37.5.201 - - [16/Oct/2022:11:47:50 +0800] "GET /xingrg/images/yd/bt.gif HTTP/1.1" 404 1040
58.37.5.201 - - [16/Oct/2022:11:47:51 +0800] "GET /xingrg/kc/buy/cgsh_order_list.html HTTP/1.1" 200 53312
58.37.5.201 - - [16/Oct/2022:11:47:52 +0800] "POST /xingrg/kc/buy/cgsh_list_operate.html HTTP/1.1" 200 986
116.238.139.35 - - [16/Oct/2022:11:47:54 +0800] "GET /xingrg/all/function/internal_message.html?_=1665892072478&CODE_STATE=getMsg HTTP/1.1" 200 27
222.69.192.207 - - [16/Oct/2022:11:47:54 +0800] "GET /xingrg/all/function/internal_message.html?_=1665892073397&CODE_STATE=getMsg HTTP/1.1" 200 27
116.230.114.213 - - [16/Oct/2022:11:47:59 +0800] "GET /xingrg/all/function/internal_message.html?_=1665892104342&CODE_STATE=getMsg HTTP/1.1" 200 27
124.79.74.72 - - [16/Oct/2022:11:48:01 +0800] "GET /xingrg/check_reg.html?_=1665892078754 HTTP/1.1" 200 22
222.69.192.207 - - [16/Oct/2022:11:48:23 +0800] "GET /xingrg/all/function/internal_message.html?_=1665891955243&CODE_STATE=getMsg HTTP/1.1" 200 27
124.79.243.136 - - [16/Oct/2022:11:48:26 +0800] "GET /xingrg/all/function/internal_message.html?_=1665892309176&CODE_STATE=getMsg HTTP/1.1" 200 27
116.238.139.35 - - [16/Oct/2022:11:48:29 +0800] "GET /xingrg/all/function/internal_message.html?_=1665892054480&CODE_STATE=getMsg HTTP/1.1" 200 27
221.239.141.151 - - [16/Oct/2022:11:48:35 +0800] "GET /xingrg/all/function/internal_message.html?_=1665892115590&CODE_STATE=getMsg HTTP/1.1" 200 27
221.239.141.151 - - [16/Oct/2022:11:48:36 +0800] "GET /xingrg/check_reg.html?_=1665892116446 HTTP/1.1" 200 22
124.79.74.72 - - [16/Oct/2022:11:48:38 +0800] "GET /xingrg/all/function/internal_message.html?_=1665892115756&CODE_STATE=getMsg HTTP/1.1" 200 27
222.70.183.206 - - [16/Oct/2022:11:48:39 +0800] "GET /xingrg/all/function/internal_message.html?_=1665892113963&CODE_STATE=getMsg HTTP/1.1" 200 27
58.37.5.201 - - [16/Oct/2022:11:48:45 +0800] "POST /xingrg/services/DataTransmitService HTTP/1.1" 200 524
180.169.147.146 - - [16/Oct/2022:11:48:45 +0800] "GET /xingrg/all/function/internal_message.html?_=1665892113374&CODE_STATE=getMsg HTTP/1.1" 200 27
116.230.105.139 - - [16/Oct/2022:11:48:46 +0800] "GET /xingrg/all/function/internal_message.html?_=1665892099006&CODE_STATE=getMsg HTTP/1.1" 200 27
114.88.159.190 - - [16/Oct/2022:11:48:46 +0800] "GET /xingrg/all/function/internal_message.html?_=1665891753403&CODE_STATE=getMsg HTTP/1.1" 200 27
116.238.139.35 - - [16/Oct/2022:11:48:54 +0800] "GET /xingrg/all/function/internal_message.html?_=1665892132479&CODE_STATE=getMsg HTTP/1.1" 200 27
222.69.192.207 - - [16/Oct/2022:11:48:54 +0800] "GET /xingrg/all/function/internal_message.html?_=1665892133367&CODE_STATE=getMsg HTTP/1.1" 200 27
116.230.114.213 - - [16/Oct/2022:11:48:57 +0800] "GET /xingrg/check_reg.html?_=1665892162126 HTTP/1.1" 200 22
116.230.114.213 - - [16/Oct/2022:11:48:59 +0800] "GET /xingrg/all/function/internal_message.html?_=1665892164356&CODE_STATE=getMsg HTTP/1.1" 200 27
114.88.159.190 - - [16/Oct/2022:11:49:20 +0800] "POST /xingrg/kc/buy/cgsh_list_operate.html HTTP/1.1" 200 986
58.37.5.201 - - [16/Oct/2022:11:49:21 +0800] "GET /xingrg/login.html?r=1 HTTP/1.1" 200 7641
58.37.5.201 - - [16/Oct/2022:11:49:21 +0800] "GET /favicon.ico HTTP/1.1" 404 -
58.37.5.201 - - [16/Oct/2022:11:49:23 +0800] "POST /xingrg/login.do HTTP/1.1" 302 -
58.37.5.201 - - [16/Oct/2022:11:49:23 +0800] "GET /xingrg/index.html?sysBaseUrl=http%3A%2F%2F180.169.147.146%3A18081%2Fxingrg%2F&costTime=39×tamp=1665892163316 HTTP/1.1" 200 17173
222.69.192.207 - - [16/Oct/2022:11:49:23 +0800] "GET /xingrg/all/function/internal_message.html?_=1665892015235&CODE_STATE=getMsg HTTP/1.1" 200 27
58.37.5.201 - - [16/Oct/2022:11:49:23 +0800] "GET /favicon.ico HTTP/1.1" 404 -
58.37.5.201 - - [16/Oct/2022:11:49:23 +0800] "POST /xingrg/all/common/load_tree.html?tree=area_rest_tree_json&manage=1 HTTP/1.1" 200 342
58.37.5.201 - - [16/Oct/2022:11:49:23 +0800] "GET /xingrg/all/function/internal_message.html?_=1665892165484&CODE_STATE=count HTTP/1.1" 200 11
58.37.5.201 - - [16/Oct/2022:11:49:23 +0800] "GET /xingrg/check_reg.html?_=1665892165485 HTTP/1.1" 200 22
58.37.5.201 - - [16/Oct/2022:11:49:23 +0800] "POST /xingrg/load_menu.html HTTP/1.1" 200 5138
58.37.5.201 - - [16/Oct/2022:11:49:25 +0800] "GET /xingrg/kc/base/base_main.html HTTP/1.1" 200 12142
124.79.243.136 - - [16/Oct/2022:11:49:26 +0800] "GET /xingrg/all/function/internal_message.html?_=1665892369183&CODE_STATE=getMsg HTTP/1.1" 200 27
58.37.5.201 - - [16/Oct/2022:11:49:26 +0800] "GET /xingrg/kc/base/wldb_order_list.html HTTP/1.1" 200 19180
58.37.5.201 - - [16/Oct/2022:11:49:27 +0800] "POST /xingrg/kc/base/wldb_list_operate.html HTTP/1.1" 200 928
58.37.5.201 - - [16/Oct/2022:11:49:29 +0800] "GET /xingrg/kc/base/wldb_order_add.html HTTP/1.1" 200 30397
114.84.81.136 - - [16/Oct/2022:11:49:29 +0800] "GET /xingrg/check_reg.html?_=1665892167960 HTTP/1.1" 200 22
58.37.5.201 - - [16/Oct/2022:11:49:29 +0800] "POST /xingrg/kc/base/wldb_order_operate.html HTTP/1.1" 200 6806
58.37.5.201 - - [16/Oct/2022:11:49:29 +0800] "GET /xingrg/all/common/auto_word.html?type=base&rest_code=00106 HTTP/1.1" 200 1799
58.37.5.201 - - [16/Oct/2022:11:49:29 +0800] "GET /xingrg/all/common/auto_word.html?type=base&rest_code=00106 HTTP/1.1" 200 1799
58.37.5.201 - - [16/Oct/2022:11:49:29 +0800] "GET /xingrg/javascript/easyui/themes/default/validatebox.css HTTP/1.1" 404 1104
116.238.139.35 - - [16/Oct/2022:11:49:29 +0800] "GET /xingrg/all/function/internal_message.html?_=1665892114518&CODE_STATE=getMsg HTTP/1.1" 200 27
58.37.5.201 - - [16/Oct/2022:11:49:31 +0800] "POST /xingrg/all/common/load_combo.html?type=base HTTP/1.1" 200 3227
58.37.5.201 - - [16/Oct/2022:11:49:34 +0800] "POST /xingrg/all/common/load_combo.html?type=base HTTP/1.1" 200 3227
221.239.141.151 - - [16/Oct/2022:11:49:35 +0800] "GET /xingrg/all/function/internal_message.html?_=1665892175582&CODE_STATE=getMsg HTTP/1.1" 200 27
124.79.74.72 - - [16/Oct/2022:11:49:38 +0800] "GET /xingrg/all/function/internal_message.html?_=1665892175741&CODE_STATE=getMsg HTTP/1.1" 200 27
222.70.183.206 - - [16/Oct/2022:11:49:39 +0800] "GET /xingrg/all/function/internal_message.html?_=1665892173947&CODE_STATE=getMsg HTTP/1.1" 200 27
124.79.243.136 - - [16/Oct/2022:11:49:40 +0800] "POST /xingrg/services/DataTransmitService HTTP/1.1" 200 524
124.79.243.136 - - [16/Oct/2022:11:49:41 +0800] "POST /xingrg/services/DataTransmitService HTTP/1.1" 200 2407
124.79.243.136 - - [16/Oct/2022:11:49:41 +0800] "POST /xingrg/services/DataTransmitService HTTP/1.1" 200 180638
180.169.147.146 - - [16/Oct/2022:11:49:45 +0800] "GET /xingrg/all/function/internal_message.html?_=1665892173375&CODE_STATE=getMsg HTTP/1.1" 200 27
58.37.5.201 - - [16/Oct/2022:11:49:45 +0800] "GET /xingrg/javascript/auto/indicator.gif HTTP/1.1" 404 1066
116.230.105.139 - - [16/Oct/2022:11:49:46 +0800] "GET /xingrg/check_reg.html?_=1665892158998 HTTP/1.1" 200 22
116.230.105.139 - - [16/Oct/2022:11:49:46 +0800] "GET /xingrg/all/function/internal_message.html?_=1665892159000&CODE_STATE=getMsg HTTP/1.1" 200 27
114.88.159.190 - - [16/Oct/2022:11:49:46 +0800] "GET /xingrg/all/function/internal_message.html?_=1665891813380&CODE_STATE=getMsg HTTP/1.1" 200 27
114.84.81.136 - - [16/Oct/2022:11:49:48 +0800] "POST /xingrg/dwr/call/plaincall/AjaxReportQueryService.refreshCache.dwr HTTP/1.1" 200 78
114.84.81.136 - - [16/Oct/2022:11:49:49 +0800] "POST /xingrg/all/report/load_report_page.html HTTP/1.1" 200 39951
114.84.81.136 - - [16/Oct/2022:11:49:49 +0800] "GET /xingrg/servlets/image?cache=0.767463686154944&image=px HTTP/1.1" 200 807
58.37.5.201 - - [16/Oct/2022:11:49:50 +0800] "GET /xingrg/kc/base/wldb_order_operate.html?command=get_materiel&rest_code=00106&base_code=0010396&code=00101019127 HTTP/1.1" 200 479
116.238.139.35 - - [16/Oct/2022:11:49:54 +0800] "GET /xingrg/all/function/internal_message.html?_=1665892192464&CODE_STATE=getMsg HTTP/1.1" 200 27
222.69.192.207 - - [16/Oct/2022:11:49:54 +0800] "GET /xingrg/all/function/internal_message.html?_=1665892193363&CODE_STATE=getMsg HTTP/1.1" 200 27
116.230.114.213 - - [16/Oct/2022:11:49:59 +0800] "GET /xingrg/all/function/internal_message.html?_=1665892224370&CODE_STATE=getMsg HTTP/1.1" 200 27
180.169.147.146 - - [16/Oct/2022:11:50:07 +0800] "GET /xingrg/kc/buy/cgsh_order_operate.html?command=get_materiel&rest_code=00147&code=00101008027&supplier_code=00100006&order_time=2022-10-16 HTTP/1.1" 200 409
58.37.5.201 - - [16/Oct/2022:11:50:10 +0800] "GET /xingrg/kc/base/wldb_order_operate.html?command=get_materiel&rest_code=00106&base_code=0010396&code=00101019185 HTTP/1.1" 200 469
180.169.147.146 - - [16/Oct/2022:11:50:18 +0800] "GET /xingrg/kc/buy/cgsh_order_operate.html?command=get_materiel&rest_code=00147&code=00101008110&supplier_code=00100006&order_time=2022-10-16 HTTP/1.1" 200 408
222.69.192.207 - - [16/Oct/2022:11:50:23 +0800] "GET /xingrg/all/function/internal_message.html?_=1665892075238&CODE_STATE=getMsg HTTP/1.1" 200 27
58.37.5.201 - - [16/Oct/2022:11:50:23 +0800] "GET /xingrg/all/function/internal_message.html?_=1665892225490&CODE_STATE=getMsg HTTP/1.1" 200 27
58.37.5.201 - - [16/Oct/2022:11:50:26 +0800] "GET /xingrg/kc/base/wldb_order_operate.html?command=get_materiel&rest_code=00106&base_code=0010396&code=00101019492 HTTP/1.1" 200 458
124.79.243.136 - - [16/Oct/2022:11:50:26 +0800] "GET /xingrg/all/function/internal_message.html?_=1665892429179&CODE_STATE=getMsg HTTP/1.1" 200 27
180.169.147.146 - - [16/Oct/2022:11:50:27 +0800] "GET /xingrg/kc/buy/cgsh_order_operate.html?command=get_materiel&rest_code=00147&code=00101008038&supplier_code=00100006&order_time=2022-10-16 HTTP/1.1" 200 412
116.238.139.35 - - [16/Oct/2022:11:50:29 +0800] "GET /xingrg/all/function/internal_message.html?_=1665892174523&CODE_STATE=getMsg HTTP/1.1" 200 27
221.239.141.151 - - [16/Oct/2022:11:50:35 +0800] "GET /xingrg/all/function/internal_message.html?_=1665892235574&CODE_STATE=getMsg HTTP/1.1" 200 27
124.79.74.72 - - [16/Oct/2022:11:50:38 +0800] "GET /xingrg/all/function/internal_message.html?_=1665892235726&CODE_STATE=getMsg HTTP/1.1" 200 27
180.169.147.146 - - [16/Oct/2022:11:50:39 +0800] "GET /xingrg/kc/buy/cgsh_order_operate.html?command=get_materiel&rest_code=00147&code=00101008356&supplier_code=00100006&order_time=2022-10-16 HTTP/1.1" 200 408
222.70.183.206 - - [16/Oct/2022:11:50:39 +0800] "GET /xingrg/all/function/internal_message.html?_=1665892233933&CODE_STATE=getMsg HTTP/1.1" 200 27
180.169.147.146 - - [16/Oct/2022:11:50:44 +0800] "GET /xingrg/check_reg.html?_=1665892232533 HTTP/1.1" 200 22
180.169.147.146 - - [16/Oct/2022:11:50:44 +0800] "GET /xingrg/all/function/internal_message.html?_=1665892232532&CODE_STATE=getMsg HTTP/1.1" 200 27
116.230.105.139 - - [16/Oct/2022:11:50:46 +0800] "GET /xingrg/all/function/internal_message.html?_=1665892219004&CODE_STATE=getMsg HTTP/1.1" 200 27
114.88.159.190 - - [16/Oct/2022:11:50:46 +0800] "GET /xingrg/all/function/internal_message.html?_=1665891873357&CODE_STATE=getMsg HTTP/1.1" 200 27
180.169.147.146 - - [16/Oct/2022:11:50:46 +0800] "GET /xingrg/kc/buy/cgsh_order_operate.html?command=get_materiel&rest_code=00147&code=00101015004&supplier_code=00100006&order_time=2022-10-16 HTTP/1.1" 200 409
58.37.5.201 - - [16/Oct/2022:11:50:52 +0800] "GET /xingrg/kc/base/wldb_order_operate.html?command=get_materiel&rest_code=00106&base_code=0010396&code=00101019405 HTTP/1.1" 200 482
116.238.139.35 - - [16/Oct/2022:11:50:54 +0800] "GET /xingrg/all/function/internal_message.html?_=1665892252482&CODE_STATE=getMsg HTTP/1.1" 200 27
116.238.139.35 - - [16/Oct/2022:11:50:54 +0800] "GET /xingrg/check_reg.html?_=1665892252486 HTTP/1.1" 200 22
222.69.192.207 - - [16/Oct/2022:11:50:54 +0800] "GET /xingrg/all/function/internal_message.html?_=1665892253344&CODE_STATE=getMsg HTTP/1.1" 200 27
180.169.147.146 - - [16/Oct/2022:11:50:55 +0800] "GET /xingrg/kc/buy/cgsh_order_operate.html?command=get_materiel&rest_code=00147&code=00101008360&supplier_code=00100006&order_time=2022-10-16 HTTP/1.1" 200 413
116.230.114.213 - - [16/Oct/2022:11:50:59 +0800] "GET /xingrg/all/function/internal_message.html?_=1665892284383&CODE_STATE=getMsg HTTP/1.1" 200 27
180.169.147.146 - - [16/Oct/2022:11:51:02 +0800] "GET /xingrg/kc/buy/cgsh_order_operate.html?command=get_materiel&rest_code=00147&code=00101008136&supplier_code=00100006&order_time=2022-10-16 HTTP/1.1" 200 412
58.37.5.201 - - [16/Oct/2022:11:51:18 +0800] "GET /xingrg/kc/base/wldb_order_operate.html?command=get_materiel&rest_code=00106&base_code=0010396&code=00101019359 HTTP/1.1" 200 461
222.69.192.207 - - [16/Oct/2022:11:51:23 +0800] "GET /xingrg/all/function/internal_message.html?_=1665892135240&CODE_STATE=getMsg HTTP/1.1" 200 27
58.37.5.201 - - [16/Oct/2022:11:51:23 +0800] "GET /xingrg/all/function/internal_message.html?_=1665892285489&CODE_STATE=getMsg HTTP/1.1" 200 27
124.79.243.136 - - [16/Oct/2022:11:51:26 +0800] "GET /xingrg/all/function/internal_message.html?_=1665892489176&CODE_STATE=getMsg HTTP/1.1" 200 27
124.79.243.136 - - [16/Oct/2022:11:51:26 +0800] "GET /xingrg/check_reg.html?_=1665892489178 HTTP/1.1" 200 22
116.238.139.35 - - [16/Oct/2022:11:51:28 +0800] "GET /xingrg/check_reg.html?_=1665892233854 HTTP/1.1" 200 22
116.238.139.35 - - [16/Oct/2022:11:51:29 +0800] "GET /xingrg/all/function/internal_message.html?_=1665892234536&CODE_STATE=getMsg HTTP/1.1" 200 27
124.79.74.72 - - [16/Oct/2022:11:51:38 +0800] "GET /xingrg/all/function/internal_message.html?_=1665892295711&CODE_STATE=getMsg HTTP/1.1" 200 27
222.70.183.206 - - [16/Oct/2022:11:51:39 +0800] "GET /xingrg/all/function/internal_message.html?_=1665892293918&CODE_STATE=getMsg HTTP/1.1" 200 27
180.169.147.146 - - [16/Oct/2022:11:51:44 +0800] "GET /xingrg/all/function/internal_message.html?_=1665892292534&CODE_STATE=getMsg HTTP/1.1" 200 27
58.37.5.201 - - [16/Oct/2022:11:51:45 +0800] "GET /xingrg/kc/base/wldb_order_operate.html?command=get_materiel&rest_code=00106&base_code=0010396&code=00101019184 HTTP/1.1" 200 458
116.230.105.139 - - [16/Oct/2022:11:51:46 +0800] "GET /xingrg/all/function/internal_message.html?_=1665892278992&CODE_STATE=getMsg HTTP/1.1" 200 27
114.88.159.190 - - [16/Oct/2022:11:51:46 +0800] "GET /xingrg/all/function/internal_message.html?_=1665891933364&CODE_STATE=getMsg HTTP/1.1" 200 27
114.88.159.190 - - [16/Oct/2022:11:51:46 +0800] "GET /xingrg/check_reg.html?_=1665891933956 HTTP/1.1" 200 22
116.238.139.35 - - [16/Oct/2022:11:51:54 +0800] "GET /xingrg/all/function/internal_message.html?_=1665892312488&CODE_STATE=getMsg HTTP/1.1" 200 27
222.69.192.207 - - [16/Oct/2022:11:51:54 +0800] "GET /xingrg/all/function/internal_message.html?_=1665892313323&CODE_STATE=getMsg HTTP/1.1" 200 27
222.69.192.207 - - [16/Oct/2022:11:51:58 +0800] "GET /xingrg/check_reg.html?_=1665892317162 HTTP/1.1" 200 22
116.230.114.213 - - [16/Oct/2022:11:51:59 +0800] "GET /xingrg/all/function/internal_message.html?_=1665892344465&CODE_STATE=getMsg HTTP/1.1" 200 27
58.37.5.201 - - [16/Oct/2022:11:52:05 +0800] "GET /xingrg/kc/base/wldb_order_operate.html?command=get_materiel&rest_code=00106&base_code=0010396&code=00101019400 HTTP/1.1" 200 465
58.37.5.201 - - [16/Oct/2022:11:52:16 +0800] "GET /xingrg/kc/base/wldb_order_operate.html?command=get_materiel&rest_code=00106&base_code=0010396&code=00101016094 HTTP/1.1" 200 470
180.169.147.146 - - [16/Oct/2022:11:52:16 +0800] "GET /xingrg/kc/buy/cgsh_order_operate.html?command=get_materiel&rest_code=00147&code=00101008197&supplier_code=00100006&order_time=2022-10-16 HTTP/1.1" 200 416
222.69.192.207 - - [16/Oct/2022:11:52:23 +0800] "GET /xingrg/all/function/internal_message.html?_=1665892195243&CODE_STATE=getMsg HTTP/1.1" 200 27
222.69.192.207 - - [16/Oct/2022:11:52:23 +0800] "GET /xingrg/check_reg.html?_=1665892195246 HTTP/1.1" 200 22
58.37.5.201 - - [16/Oct/2022:11:52:23 +0800] "GET /xingrg/all/function/internal_message.html?_=1665892345529&CODE_STATE=getMsg HTTP/1.1" 200 27
124.79.243.136 - - [16/Oct/2022:11:52:26 +0800] "GET /xingrg/all/function/internal_message.html?_=1665892549187&CODE_STATE=getMsg HTTP/1.1" 200 27
180.169.147.146 - - [16/Oct/2022:11:52:28 +0800] "GET /xingrg/kc/buy/cgsh_order_operate.html?command=get_materiel&rest_code=00147&code=00101008069&supplier_code=00100006&order_time=2022-10-16 HTTP/1.1" 200 412
116.238.139.35 - - [16/Oct/2022:11:52:29 +0800] "GET /xingrg/all/function/internal_message.html?_=1665892294550&CODE_STATE=getMsg HTTP/1.1" 200 27
58.37.5.201 - - [16/Oct/2022:11:52:29 +0800] "POST /xingrg/kc/base/wldb_order_operate.html HTTP/1.1" 200 37
58.37.5.201 - - [16/Oct/2022:11:52:30 +0800] "POST /xingrg/kc/base/wldb_order_operate.html HTTP/1.1" 200 5712
58.37.5.201 - - [16/Oct/2022:11:52:33 +0800] "GET /xingrg/kc/base/wldb_order_info.html?code=422022101601234 HTTP/1.1" 200 30412
58.37.5.201 - - [16/Oct/2022:11:52:33 +0800] "GET /xingrg/javascript/easyui/themes/default/validatebox.css HTTP/1.1" 404 1104
58.37.5.201 - - [16/Oct/2022:11:52:33 +0800] "POST /xingrg/kc/base/wldb_order_operate.html HTTP/1.1" 200 5712
180.169.147.146 - - [16/Oct/2022:11:52:35 +0800] "GET /xingrg/kc/buy/cgsh_order_operate.html?command=get_materiel&rest_code=00147&code=00101008286&supplier_code=00100006&order_time=2022-10-16 HTTP/1.1" 200 408
58.37.5.201 - - [16/Oct/2022:11:52:38 +0800] "GET /xingrg/kc/base/base_main.html HTTP/1.1" 200 12142
124.79.74.72 - - [16/Oct/2022:11:52:38 +0800] "GET /xingrg/all/function/internal_message.html?_=1665892355681&CODE_STATE=getMsg HTTP/1.1" 200 27
222.70.183.206 - - [16/Oct/2022:11:52:39 +0800] "GET /xingrg/all/function/internal_message.html?_=1665892353902&CODE_STATE=getMsg HTTP/1.1" 200 27
222.70.183.206 - - [16/Oct/2022:11:52:39 +0800] "GET /xingrg/check_reg.html?_=1665892354170 HTTP/1.1" 200 22
58.37.5.201 - - [16/Oct/2022:11:52:39 +0800] "GET /xingrg/kc/base/wldb_order_list.html HTTP/1.1" 200 19180
58.37.5.201 - - [16/Oct/2022:11:52:40 +0800] "POST /xingrg/kc/base/wldb_list_operate.html HTTP/1.1" 200 1773
180.169.147.146 - - [16/Oct/2022:11:52:42 +0800] "GET /xingrg/kc/buy/cgsh_order_operate.html?command=get_materiel&rest_code=00147&code=00101008131&supplier_code=00100006&order_time=2022-10-16 HTTP/1.1" 200 408
58.37.5.201 - - [16/Oct/2022:11:52:44 +0800] "GET /xingrg/kc/buy/buy_main.html HTTP/1.1" 200 12412
58.37.5.201 - - [16/Oct/2022:11:52:44 +0800] "GET /xingrg/css/new_ie.css HTTP/1.1" 404 1036
180.169.147.146 - - [16/Oct/2022:11:52:44 +0800] "GET /xingrg/all/function/internal_message.html?_=1665892352535&CODE_STATE=getMsg HTTP/1.1" 200 27
58.37.5.201 - - [16/Oct/2022:11:52:45 +0800] "GET /xingrg/images/yd/bt.gif HTTP/1.1" 404 1040
116.230.105.139 - - [16/Oct/2022:11:52:46 +0800] "GET /xingrg/all/function/internal_message.html?_=1665892339000&CODE_STATE=getMsg HTTP/1.1" 200 27
114.88.159.190 - - [16/Oct/2022:11:52:46 +0800] "GET /xingrg/all/function/internal_message.html?_=1665891993343&CODE_STATE=getMsg HTTP/1.1" 200 27
58.37.5.201 - - [16/Oct/2022:11:52:46 +0800] "GET /xingrg/kc/buy/cgsh_order_list.html HTTP/1.1" 200 53312
58.37.5.201 - - [16/Oct/2022:11:52:47 +0800] "POST /xingrg/kc/buy/cgsh_list_operate.html HTTP/1.1" 200 986
114.88.159.190 - - [16/Oct/2022:11:52:53 +0800] "GET /xingrg/login.html HTTP/1.1" 200 7641
114.88.159.190 - - [16/Oct/2022:11:52:53 +0800] "GET /favicon.ico HTTP/1.1" 404 -
116.238.139.35 - - [16/Oct/2022:11:52:54 +0800] "GET /xingrg/all/function/internal_message.html?_=1665892372488&CODE_STATE=getMsg HTTP/1.1" 200 27
222.69.192.207 - - [16/Oct/2022:11:52:54 +0800] "GET /xingrg/all/function/internal_message.html?_=1665892373296&CODE_STATE=getMsg HTTP/1.1" 200 27
180.169.147.146 - - [16/Oct/2022:11:52:57 +0800] "GET /xingrg/kc/buy/cgsh_order_operate.html?command=get_materiel&rest_code=00147&code=00101008318&supplier_code=00100006&order_time=2022-10-16 HTTP/1.1" 200 408
114.88.159.190 - - [16/Oct/2022:11:52:58 +0800] "POST /xingrg/login.do HTTP/1.1" 302 -
114.88.159.190 - - [16/Oct/2022:11:52:58 +0800] "GET /xingrg/index.html?sysBaseUrl=http%3A%2F%2F180.169.147.146%3A18081%2Fxingrg%2F&costTime=43×tamp=1665892378741 HTTP/1.1" 200 17503
114.88.159.190 - - [16/Oct/2022:11:52:58 +0800] "GET /favicon.ico HTTP/1.1" 404 -
114.88.159.190 - - [16/Oct/2022:11:52:58 +0800] "POST /xingrg/all/common/load_tree.html?tree=area_rest_tree_json&manage=1 HTTP/1.1" 200 3475
114.88.159.190 - - [16/Oct/2022:11:52:59 +0800] "GET /xingrg/all/function/internal_message.html?_=1665892377557&CODE_STATE=count HTTP/1.1" 200 11
114.88.159.190 - - [16/Oct/2022:11:52:59 +0800] "GET /xingrg/check_reg.html?_=1665892377558 HTTP/1.1" 200 22
114.88.159.190 - - [16/Oct/2022:11:52:59 +0800] "POST /xingrg/load_menu.html HTTP/1.1" 200 11443
116.230.114.213 - - [16/Oct/2022:11:52:59 +0800] "GET /xingrg/all/function/internal_message.html?_=1665892404473&CODE_STATE=getMsg HTTP/1.1" 200 27
124.79.74.72 - - [16/Oct/2022:11:53:01 +0800] "GET /xingrg/check_reg.html?_=1665892378743 HTTP/1.1" 200 22
180.169.147.146 - - [16/Oct/2022:11:53:03 +0800] "GET /xingrg/kc/buy/cgsh_order_operate.html?command=get_materiel&rest_code=00147&code=00101008353&supplier_code=00100006&order_time=2022-10-16 HTTP/1.1" 200 408
114.88.159.190 - - [16/Oct/2022:11:53:04 +0800] "POST /xingrg/all/user/operate.html HTTP/1.1" 200 36
114.88.159.190 - - [16/Oct/2022:11:53:04 +0800] "GET /xingrg/javascript/jquery_easy_ui/themes/default/easyui.css HTTP/1.1" 304 -
114.88.159.190 - - [16/Oct/2022:11:53:04 +0800] "GET /xingrg/index.html?sysBaseUrl=http%3A%2F%2F180.169.147.146%3A18081%2Fxingrg%2F&costTime=43×tamp=1665892378741 HTTP/1.1" 200 17509
114.88.159.190 - - [16/Oct/2022:11:53:04 +0800] "GET /xingrg/javascript/jquery_easy_ui/themes/icon.css HTTP/1.1" 304 -
114.88.159.190 - - [16/Oct/2022:11:53:04 +0800] "GET /xingrg/css/form.css HTTP/1.1" 304 -
114.88.159.190 - - [16/Oct/2022:11:53:04 +0800] "GET /xingrg/javascript/jquery-1.4.2.min.js HTTP/1.1" 304 -
114.88.159.190 - - [16/Oct/2022:11:53:04 +0800] "GET /xingrg/javascript/jquery_easy_ui/jquery.easyui.min.js HTTP/1.1" 304 -
114.88.159.190 - - [16/Oct/2022:11:53:04 +0800] "GET /xingrg/javascript/jquery_easy_ui/easyui-lang-zh_CN.js HTTP/1.1" 304 -
114.88.159.190 - - [16/Oct/2022:11:53:04 +0800] "GET /xingrg/javascript/jquery.form.js HTTP/1.1" 304 -
114.88.159.190 - - [16/Oct/2022:11:53:04 +0800] "GET /xingrg/javascript/jquery.utils.js HTTP/1.1" 304 -
114.88.159.190 - - [16/Oct/2022:11:53:04 +0800] "GET /xingrg/javascript/jquery.timers.js HTTP/1.1" 304 -
114.88.159.190 - - [16/Oct/2022:11:53:04 +0800] "GET /xingrg/images/blue/jxLogo.png HTTP/1.1" 304 -
114.88.159.190 - - [16/Oct/2022:11:53:04 +0800] "GET /xingrg/images/blue/navBackgound.jpg HTTP/1.1" 304 -
114.88.159.190 - - [16/Oct/2022:11:53:04 +0800] "GET /xingrg/javascript/jquery_easy_ui/themes/icons/settle_new.png HTTP/1.1" 304 -
114.88.159.190 - - [16/Oct/2022:11:53:04 +0800] "POST /xingrg/all/common/load_tree.html?tree=area_rest_tree_json&manage=1 HTTP/1.1" 200 3475
114.88.159.190 - - [16/Oct/2022:11:53:04 +0800] "GET /xingrg/all/function/internal_message.html?_=1665892383042&CODE_STATE=count HTTP/1.1" 200 11
114.88.159.190 - - [16/Oct/2022:11:53:04 +0800] "GET /xingrg/check_reg.html?_=1665892383042 HTTP/1.1" 200 22
114.88.159.190 - - [16/Oct/2022:11:53:04 +0800] "GET /xingrg/javascript/jquery_easy_ui/themes/default/images/tabs_leftarrow.png HTTP/1.1" 304 -
114.88.159.190 - - [16/Oct/2022:11:53:04 +0800] "GET /xingrg/javascript/jquery_easy_ui/themes/default/images/panel_tool_collapse.gif HTTP/1.1" 304 -
114.88.159.190 - - [16/Oct/2022:11:53:04 +0800] "GET /xingrg/javascript/jquery_easy_ui/themes/default/images/panel_tool_expand.gif HTTP/1.1" 304 -
114.88.159.190 - - [16/Oct/2022:11:53:04 +0800] "GET /xingrg/javascript/jquery_easy_ui/themes/default/images/tabs_rightarrow.png HTTP/1.1" 304 -
114.88.159.190 - - [16/Oct/2022:11:53:04 +0800] "GET /xingrg/images/blue/pingpu.png HTTP/1.1" 304 -
114.88.159.190 - - [16/Oct/2022:11:53:04 +0800] "POST /xingrg/load_menu.html HTTP/1.1" 200 9959
114.88.159.190 - - [16/Oct/2022:11:53:04 +0800] "GET /xingrg/javascript/jquery_easy_ui/themes/default/images/tree_arrows.gif HTTP/1.1" 304 -
114.88.159.190 - - [16/Oct/2022:11:53:04 +0800] "GET /xingrg/javascript/jquery_easy_ui/themes/default/images/tree_file.gif HTTP/1.1" 304 -
114.88.159.190 - - [16/Oct/2022:11:53:04 +0800] "GET /xingrg/javascript/jquery_easy_ui/themes/icons/systemset_new.png HTTP/1.1" 304 -
114.88.159.190 - - [16/Oct/2022:11:53:04 +0800] "GET /xingrg/javascript/jquery_easy_ui/themes/icons/setting_new.png HTTP/1.1" 304 -
114.88.159.190 - - [16/Oct/2022:11:53:04 +0800] "GET /xingrg/javascript/jquery_easy_ui/themes/icons/forms_new.png HTTP/1.1" 304 -
114.88.159.190 - - [16/Oct/2022:11:53:04 +0800] "GET /xingrg/javascript/jquery_easy_ui/themes/icons/storage_new.png HTTP/1.1" 304 -
114.88.159.190 - - [16/Oct/2022:11:53:04 +0800] "GET /xingrg/javascript/jquery_easy_ui/themes/icons/checkout_new.png HTTP/1.1" 304 -
114.88.159.190 - - [16/Oct/2022:11:53:04 +0800] "GET /xingrg/javascript/jquery_easy_ui/themes/default/images/tree_folder.gif HTTP/1.1" 304 -
114.88.159.190 - - [16/Oct/2022:11:53:04 +0800] "GET /xingrg/javascript/jquery_easy_ui/themes/icons/search_new.png HTTP/1.1" 304 -
114.88.159.190 - - [16/Oct/2022:11:53:04 +0800] "GET /xingrg/javascript/jquery_easy_ui/themes/default/images/tree_folder_open.gif HTTP/1.1" 304 -
114.88.159.190 - - [16/Oct/2022:11:53:10 +0800] "GET /xingrg/kc/buy/cgsh_order_list.html HTTP/1.1" 200 53573
58.37.5.201 - - [16/Oct/2022:11:53:11 +0800] "POST /xingrg/kc/buy/cgsh_list_operate.html HTTP/1.1" 200 986
58.37.5.201 - - [16/Oct/2022:11:53:11 +0800] "GET /xingrg/kc/buy/buy_main.html HTTP/1.1" 200 12412
58.37.5.201 - - [16/Oct/2022:11:53:11 +0800] "GET /xingrg/css/new_ie.css HTTP/1.1" 404 1036
114.88.159.190 - - [16/Oct/2022:11:53:12 +0800] "POST /xingrg/kc/buy/cgsh_list_operate.html HTTP/1.1" 200 986
58.37.5.201 - - [16/Oct/2022:11:53:12 +0800] "GET /xingrg/images/yd/bt.gif HTTP/1.1" 404 1040
58.37.5.201 - - [16/Oct/2022:11:53:13 +0800] "GET /xingrg/kc/buy/cgsh_order_list.html HTTP/1.1" 200 53312
222.69.192.207 - - [16/Oct/2022:11:53:14 +0800] "POST /xingrg/services/DataTransmitService HTTP/1.1" 200 524
58.37.5.201 - - [16/Oct/2022:11:53:14 +0800] "POST /xingrg/kc/buy/cgsh_list_operate.html HTTP/1.1" 200 986
180.169.147.146 - - [16/Oct/2022:11:53:15 +0800] "GET /xingrg/kc/buy/cgsh_order_operate.html?command=get_materiel&rest_code=00147&code=00101013179&supplier_code=00100006&order_time=2022-10-16 HTTP/1.1" 200 413
222.69.192.207 - - [16/Oct/2022:11:53:16 +0800] "POST /xingrg/services/DataTransmitService HTTP/1.1" 200 412
116.238.139.35 - - [16/Oct/2022:11:53:19 +0800] "POST /xingrg/all/user/operate.html HTTP/1.1" 200 36
58.37.5.201 - - [16/Oct/2022:11:53:19 +0800] "GET /xingrg/kc/buy/buy_main.html HTTP/1.1" 200 12412
58.37.5.201 - - [16/Oct/2022:11:53:19 +0800] "GET /xingrg/css/new_ie.css HTTP/1.1" 404 1036
116.238.139.35 - - [16/Oct/2022:11:53:19 +0800] "GET /xingrg/javascript/jquery_easy_ui/themes/default/easyui.css HTTP/1.1" 304 -
116.238.139.35 - - [16/Oct/2022:11:53:19 +0800] "GET /xingrg/index.html?sysBaseUrl=http%3A%2F%2F180.169.147.146%3A18081%2Fxingrg%2F&costTime=40×tamp=1665891415968 HTTP/1.1" 200 17179
116.238.139.35 - - [16/Oct/2022:11:53:19 +0800] "GET /xingrg/javascript/jquery_easy_ui/themes/icon.css HTTP/1.1" 304 -
116.238.139.35 - - [16/Oct/2022:11:53:19 +0800] "GET /xingrg/css/form.css HTTP/1.1" 304 -
116.238.139.35 - - [16/Oct/2022:11:53:19 +0800] "GET /xingrg/javascript/jquery-1.4.2.min.js HTTP/1.1" 304 -
116.238.139.35 - - [16/Oct/2022:11:53:19 +0800] "GET /xingrg/javascript/jquery_easy_ui/jquery.easyui.min.js HTTP/1.1" 304 -
116.238.139.35 - - [16/Oct/2022:11:53:19 +0800] "GET /xingrg/javascript/jquery_easy_ui/easyui-lang-zh_CN.js HTTP/1.1" 304 -
116.238.139.35 - - [16/Oct/2022:11:53:19 +0800] "GET /xingrg/javascript/jquery.form.js HTTP/1.1" 304 -
116.238.139.35 - - [16/Oct/2022:11:53:19 +0800] "GET /xingrg/javascript/jquery.utils.js HTTP/1.1" 304 -
116.238.139.35 - - [16/Oct/2022:11:53:19 +0800] "GET /xingrg/javascript/jquery.timers.js HTTP/1.1" 304 -
116.238.139.35 - - [16/Oct/2022:11:53:19 +0800] "GET /xingrg/images/blue/jxLogo.png HTTP/1.1" 304 -
116.238.139.35 - - [16/Oct/2022:11:53:19 +0800] "GET /xingrg/images/blue/navBackgound.jpg HTTP/1.1" 304 -
116.238.139.35 - - [16/Oct/2022:11:53:19 +0800] "GET /xingrg/javascript/jquery_easy_ui/themes/icons/settle_new.png HTTP/1.1" 304 -
116.238.139.35 - - [16/Oct/2022:11:53:19 +0800] "POST /xingrg/all/common/load_tree.html?tree=area_rest_tree_json&manage=1 HTTP/1.1" 200 476
116.238.139.35 - - [16/Oct/2022:11:53:20 +0800] "GET /xingrg/all/function/internal_message.html?_=1665892398412&CODE_STATE=count HTTP/1.1" 200 11
116.238.139.35 - - [16/Oct/2022:11:53:20 +0800] "GET /xingrg/javascript/jquery_easy_ui/themes/default/images/tabs_rightarrow.png HTTP/1.1" 304 -
116.238.139.35 - - [16/Oct/2022:11:53:20 +0800] "GET /xingrg/check_reg.html?_=1665892398413 HTTP/1.1" 200 22
116.238.139.35 - - [16/Oct/2022:11:53:20 +0800] "GET /xingrg/images/blue/pingpu.png HTTP/1.1" 304 -
116.238.139.35 - - [16/Oct/2022:11:53:20 +0800] "GET /xingrg/javascript/jquery_easy_ui/themes/default/images/tabs_leftarrow.png HTTP/1.1" 304 -
116.238.139.35 - - [16/Oct/2022:11:53:20 +0800] "GET /xingrg/javascript/jquery_easy_ui/themes/default/images/panel_tool_collapse.gif HTTP/1.1" 304 -
116.238.139.35 - - [16/Oct/2022:11:53:20 +0800] "POST /xingrg/load_menu.html HTTP/1.1" 200 5138
114.88.159.190 - - [16/Oct/2022:11:53:20 +0800] "POST /xingrg/services/DataTransmitService HTTP/1.1" 200 524
114.88.159.190 - - [16/Oct/2022:11:53:20 +0800] "GET /xingrg/javascript/auto/indicator.gif HTTP/1.1" 404 1066
114.88.159.190 - - [16/Oct/2022:11:53:20 +0800] "POST /xingrg/services/DataTransmitService HTTP/1.1" 200 501
58.37.5.201 - - [16/Oct/2022:11:53:20 +0800] "GET /xingrg/images/yd/bt.gif HTTP/1.1" 404 1040
58.37.5.201 - - [16/Oct/2022:11:53:21 +0800] "GET /xingrg/kc/buy/cgsh_order_list.html HTTP/1.1" 200 53312
116.238.139.35 - - [16/Oct/2022:11:53:22 +0800] "GET /xingrg/kc/base/wldb_order_list.html HTTP/1.1" 200 19186
