180.169.147.146 - - [14/Oct/2022:11:29:24 +0800] "GET /xingrg/servlets/image?cache=0.9309657164517562&image=px HTTP/1.1" 200 807
117.143.46.139 - - [14/Oct/2022:11:29:25 +0800] "POST /xingrg/dwr/call/plaincall/AjaxReportQueryService.getFixDate.dwr HTTP/1.1" 200 111
180.169.147.146 - - [14/Oct/2022:11:29:26 +0800] "GET /xingrg/kc/buy/cgsh_order_operate.html?command=get_materiel&rest_code=00147&code=00101008356&supplier_code=00100006&order_time=2022-10-14 HTTP/1.1" 200 408
114.88.159.190 - - [14/Oct/2022:11:29:27 +0800] "GET /xingrg/kc/buy/cgsh_order_operate.html?command=get_materiel&rest_code=00141&code=00101019913&supplier_code=00100329&order_time=2022-10-14 HTTP/1.1" 200 445
114.88.159.190 - - [14/Oct/2022:11:29:27 +0800] "GET /xingrg/all/function/internal_message.html?_=1665717796528&CODE_STATE=getMsg HTTP/1.1" 200 27
101.85.93.18 - - [14/Oct/2022:11:29:27 +0800] "GET /xingrg/all/function/internal_message.html?_=1665718165434&CODE_STATE=getMsg HTTP/1.1" 200 27
180.169.147.146 - - [14/Oct/2022:11:29:30 +0800] "POST /xingrg/all/report/load_report_page.html HTTP/1.1" 200 115049
180.169.147.146 - - [14/Oct/2022:11:29:30 +0800] "GET /xingrg/images/blue/button/back2.gif HTTP/1.1" 200 1339
180.169.147.146 - - [14/Oct/2022:11:29:30 +0800] "GET /xingrg/images/blue/button/back.gif HTTP/1.1" 200 1352
180.169.147.146 - - [14/Oct/2022:11:29:30 +0800] "GET /xingrg/servlets/image?cache=0.4380005721006893&image=px HTTP/1.1" 200 807
124.79.74.72 - - [14/Oct/2022:11:29:35 +0800] "GET /xingrg/check_reg.html?_=1665718173647 HTTP/1.1" 200 22
101.83.146.154 - - [14/Oct/2022:11:29:36 +0800] "GET /xingrg/all/function/internal_message.html?_=1665718176208&CODE_STATE=getMsg HTTP/1.1" 200 27
117.143.46.139 - - [14/Oct/2022:11:29:38 +0800] "GET /xingrg/all/report/report_query.html?fileName=dma/new_5.0/menu/menu_cate_detail.xml HTTP/1.1" 200 53167
124.78.157.213 - - [14/Oct/2022:11:29:38 +0800] "GET /xingrg/all/function/internal_message.html?_=1665718175227&CODE_STATE=getMsg HTTP/1.1" 200 27
117.143.46.139 - - [14/Oct/2022:11:29:38 +0800] "GET /xingrg/dwr/interface/AjaxReportQueryService.js HTTP/1.1" 200 13203
117.143.46.139 - - [14/Oct/2022:11:29:38 +0800] "GET /xingrg/dwr/engine.js HTTP/1.1" 200 43631
117.143.46.139 - - [14/Oct/2022:11:29:38 +0800] "POST /xingrg/dwr/call/plaincall/AjaxReportQueryService.getFixDate.dwr HTTP/1.1" 200 111
117.143.46.139 - - [14/Oct/2022:11:29:38 +0800] "POST /xingrg/all/common/load_tree.html?tree=area_station_tree_json&manage=1 HTTP/1.1" 200 3367
180.169.147.146 - - [14/Oct/2022:11:29:39 +0800] "GET /xingrg/kc/buy/cgsh_order_operate.html?command=get_materiel&rest_code=00147&code=00101008439&supplier_code=00100006&order_time=2022-10-14 HTTP/1.1" 200 413
124.79.74.72 - - [14/Oct/2022:11:29:39 +0800] "GET /xingrg/all/function/internal_message.html?_=1665718178275&CODE_STATE=getMsg HTTP/1.1" 200 27
114.83.219.23 - - [14/Oct/2022:11:29:40 +0800] "GET /xingrg/all/function/internal_message.html?_=1665718178053&CODE_STATE=getMsg HTTP/1.1" 200 27
116.238.194.138 - - [14/Oct/2022:11:29:41 +0800] "GET /xingrg/all/function/internal_message.html?_=1665718181807&CODE_STATE=getMsg HTTP/1.1" 200 27
114.88.159.190 - - [14/Oct/2022:11:29:42 +0800] "GET /xingrg/kc/buy/cgsh_order_operate.html?command=get_materiel&rest_code=00141&code=00101010651&supplier_code=00100329&order_time=2022-10-14 HTTP/1.1" 200 431
180.169.147.146 - - [14/Oct/2022:11:29:43 +0800] "GET /xingrg/all/function/internal_message.html?_=1665718175639&CODE_STATE=getMsg HTTP/1.1" 200 27
124.79.243.136 - - [14/Oct/2022:11:29:43 +0800] "GET /xingrg/all/function/internal_message.html?_=1665718387458&CODE_STATE=getMsg HTTP/1.1" 200 27
117.143.46.139 - - [14/Oct/2022:11:29:43 +0800] "POST /xingrg/dwr/call/plaincall/AjaxReportQueryService.queryInitializeString.dwr HTTP/1.1" 200 1099
180.169.147.146 - - [14/Oct/2022:11:29:46 +0800] "GET /xingrg/kc/buy/cgsh_order_operate.html?command=get_materiel&rest_code=00147&code=00101008360&supplier_code=00100006&order_time=2022-10-14 HTTP/1.1" 200 413
117.143.46.139 - - [14/Oct/2022:11:29:48 +0800] "GET /xingrg/all/function/internal_message.html?_=1665718188512&CODE_STATE=getMsg HTTP/1.1" 200 27
221.239.141.151 - - [14/Oct/2022:11:29:50 +0800] "GET /xingrg/check_reg.html?_=1665718190966 HTTP/1.1" 200 22
120.253.135.82 - - [14/Oct/2022:11:29:52 +0800] "GET /xingrg/check_reg.html?_=1665717988136 HTTP/1.1" 200 22
101.83.146.154 - - [14/Oct/2022:11:29:53 +0800] "GET /xingrg/all/function/internal_message.html?_=1665718047407&CODE_STATE=getMsg HTTP/1.1" 200 27
180.169.147.146 - - [14/Oct/2022:11:29:54 +0800] "POST /xingrg/kc/buy/cgsh_order_operate.html HTTP/1.1" 200 37
172.20.0.100 - - [14/Oct/2022:11:29:55 +0800] "GET /xingrg/check_reg.html?_=1665718193752 HTTP/1.1" 302 -
180.169.147.146 - - [14/Oct/2022:11:29:56 +0800] "POST /xingrg/kc/buy/cgsh_order_operate.html HTTP/1.1" 200 5602
221.239.141.151 - - [14/Oct/2022:11:29:56 +0800] "GET /xingrg/all/function/internal_message.html?_=1665718196570&CODE_STATE=getMsg HTTP/1.1" 200 27
180.169.147.146 - - [14/Oct/2022:11:29:57 +0800] "GET /xingrg/index.html?sysBaseUrl=http%3A%2F%2F180.169.147.146%3A18081%2Fxingrg%2F&costTime=40×tamp=1665717969063 HTTP/1.1" 200 17179
180.169.147.146 - - [14/Oct/2022:11:29:58 +0800] "POST /xingrg/all/common/load_tree.html?tree=area_rest_tree_json&manage=1 HTTP/1.1" 200 351
180.169.147.146 - - [14/Oct/2022:11:29:58 +0800] "GET /xingrg/all/function/internal_message.html?_=1665718188194&CODE_STATE=count HTTP/1.1" 200 11
180.169.147.146 - - [14/Oct/2022:11:29:58 +0800] "GET /xingrg/check_reg.html?_=1665718188194 HTTP/1.1" 200 22
180.169.147.146 - - [14/Oct/2022:11:29:58 +0800] "POST /xingrg/load_menu.html HTTP/1.1" 200 5138
180.169.147.146 - - [14/Oct/2022:11:29:58 +0800] "GET /favicon.ico HTTP/1.1" 404 -
180.169.147.146 - - [14/Oct/2022:11:29:59 +0800] "GET /xingrg/kc/buy/buy_main.html HTTP/1.1" 200 12412
180.169.147.146 - - [14/Oct/2022:11:29:59 +0800] "GET /xingrg/css/new_ie.css HTTP/1.1" 404 1036
114.84.81.136 - - [14/Oct/2022:11:30:00 +0800] "GET /xingrg/all/function/internal_message.html?_=1665718200158&CODE_STATE=getMsg HTTP/1.1" 200 27
180.169.147.146 - - [14/Oct/2022:11:30:00 +0800] "GET /xingrg/kc/buy/cgsh_order_list.html HTTP/1.1" 200 53318
116.230.105.139 - - [14/Oct/2022:11:30:01 +0800] "GET /xingrg/all/function/internal_message.html?_=1665718179744&CODE_STATE=getMsg HTTP/1.1" 200 27
180.169.147.146 - - [14/Oct/2022:11:30:02 +0800] "POST /xingrg/all/report/report_print.html HTTP/1.1" 200 13333
114.88.159.190 - - [14/Oct/2022:11:30:03 +0800] "GET /xingrg/kc/buy/cgsh_order_operate.html?command=get_materiel&rest_code=00141&code=00101010620&supplier_code=00100329&order_time=2022-10-14 HTTP/1.1" 200 417
180.169.147.146 - - [14/Oct/2022:11:30:03 +0800] "POST /xingrg/kc/buy/cgsh_list_operate.html HTTP/1.1" 200 3146
180.169.147.146 - - [14/Oct/2022:11:30:06 +0800] "POST /xingrg/kc/buy/cgsh_list_operate.html HTTP/1.1" 200 567
180.169.147.146 - - [14/Oct/2022:11:30:07 +0800] "GET /xingrg/kc/buy/cgsh_order_info.html?code=212022101404362 HTTP/1.1" 200 69105
180.169.147.146 - - [14/Oct/2022:11:30:07 +0800] "GET /xingrg/words/20221013093351_words.js HTTP/1.1" 304 -
180.169.147.146 - - [14/Oct/2022:11:30:07 +0800] "GET /xingrg/all/common/auto_word.html?type=employee&rest_code=00147 HTTP/1.1" 200 101
180.169.147.146 - - [14/Oct/2022:11:30:07 +0800] "GET /xingrg/javascript/easyui/themes/default/validatebox.css HTTP/1.1" 404 1104
180.169.147.146 - - [14/Oct/2022:11:30:07 +0800] "GET /xingrg/all/common/auto_word.html?type=employee&rest_code=00147 HTTP/1.1" 200 101
180.169.147.146 - - [14/Oct/2022:11:30:08 +0800] "POST /xingrg/kc/buy/cgsh_order_operate.html HTTP/1.1" 200 5602
180.169.147.146 - - [14/Oct/2022:11:30:12 +0800] "GET /xingrg/check_reg.html?_=1665718211396 HTTP/1.1" 200 22
180.169.147.146 - - [14/Oct/2022:11:30:12 +0800] "GET /xingrg/all/function/internal_message.html?_=1665718211405&CODE_STATE=getMsg HTTP/1.1" 200 27
116.230.114.213 - - [14/Oct/2022:11:30:13 +0800] "GET /xingrg/all/function/internal_message.html?_=1665718231009&CODE_STATE=getMsg HTTP/1.1" 200 27
117.143.46.139 - - [14/Oct/2022:11:30:15 +0800] "POST /xingrg/load_menu.html HTTP/1.1" 200 6279
180.169.147.146 - - [14/Oct/2022:11:30:16 +0800] "GET /xingrg/kc/buy/cgsh_order_operate.html?command=get_materiel&rest_code=00147&code=00101008196&supplier_code=00100006&order_time=2022-10-14 HTTP/1.1" 200 416
117.143.46.139 - - [14/Oct/2022:11:30:21 +0800] "GET /xingrg/javascript/jquery_easy_ui/themes/default/images/button_plain_hover.png HTTP/1.1" 200 252
114.83.219.57 - - [14/Oct/2022:11:30:22 +0800] "GET /xingrg/all/function/internal_message.html?_=1665718318250&CODE_STATE=getMsg HTTP/1.1" 200 27
180.169.147.146 - - [14/Oct/2022:11:30:23 +0800] "GET /xingrg/kc/buy/cgsh_order_operate.html?command=get_materiel&rest_code=00147&code=00101008197&supplier_code=00100006&order_time=2022-10-14 HTTP/1.1" 200 416
114.88.159.190 - - [14/Oct/2022:11:30:27 +0800] "GET /xingrg/kc/buy/cgsh_order_operate.html?command=get_materiel&rest_code=00141&code=00101010537&supplier_code=00100329&order_time=2022-10-14 HTTP/1.1" 200 436
114.84.81.136 - - [14/Oct/2022:11:30:27 +0800] "GET /xingrg/all/report/report_query.html?fileName=kc/mdqp/qp_report_mdps_mx_report.xml HTTP/1.1" 200 51366
114.84.81.136 - - [14/Oct/2022:11:30:27 +0800] "GET /xingrg/dwr/interface/AjaxReportQueryService.js HTTP/1.1" 200 13203
114.84.81.136 - - [14/Oct/2022:11:30:27 +0800] "GET /xingrg/dwr/engine.js HTTP/1.1" 200 43631
114.84.81.136 - - [14/Oct/2022:11:30:27 +0800] "POST /xingrg/dwr/call/plaincall/AjaxReportQueryService.getFixDate.dwr HTTP/1.1" 200 111
114.88.159.190 - - [14/Oct/2022:11:30:27 +0800] "GET /xingrg/all/function/internal_message.html?_=1665717856509&CODE_STATE=getMsg HTTP/1.1" 200 27
114.84.81.136 - - [14/Oct/2022:11:30:27 +0800] "POST /xingrg/dwr/call/plaincall/AjaxReportQueryService.getInitString.dwr HTTP/1.1" 200 106
101.85.93.18 - - [14/Oct/2022:11:30:27 +0800] "GET /xingrg/all/function/internal_message.html?_=1665718225434&CODE_STATE=getMsg HTTP/1.1" 200 27
114.84.81.136 - - [14/Oct/2022:11:30:27 +0800] "POST /xingrg/dwr/call/plaincall/AjaxReportQueryService.getInitString.dwr HTTP/1.1" 200 125
114.84.81.136 - - [14/Oct/2022:11:30:29 +0800] "GET /xingrg/all/report/report_query.html?fileName=kc/base/kc_ck_db_cate.xml HTTP/1.1" 200 54156
114.84.81.136 - - [14/Oct/2022:11:30:29 +0800] "GET /xingrg/dwr/interface/AjaxReportQueryService.js HTTP/1.1" 200 13203
114.84.81.136 - - [14/Oct/2022:11:30:29 +0800] "GET /xingrg/dwr/engine.js HTTP/1.1" 200 43631
114.84.81.136 - - [14/Oct/2022:11:30:30 +0800] "POST /xingrg/dwr/call/plaincall/AjaxReportQueryService.getFixDate.dwr HTTP/1.1" 200 111
114.84.81.136 - - [14/Oct/2022:11:30:30 +0800] "POST /xingrg/dwr/call/plaincall/AjaxReportQueryService.getInitString.dwr HTTP/1.1" 200 1023
114.84.81.136 - - [14/Oct/2022:11:30:30 +0800] "POST /xingrg/dwr/call/plaincall/AjaxReportQueryService.getInitString.dwr HTTP/1.1" 200 1023
180.169.147.146 - - [14/Oct/2022:11:30:30 +0800] "GET /xingrg/kc/buy/cgsh_order_operate.html?command=get_materiel&rest_code=00147&code=00101008357&supplier_code=00100006&order_time=2022-10-14 HTTP/1.1" 200 408
114.84.81.136 - - [14/Oct/2022:11:30:30 +0800] "POST /xingrg/all/common/load_tree.html?tree=materiel_sort_tree_json HTTP/1.1" 200 9500
101.83.146.154 - - [14/Oct/2022:11:30:36 +0800] "GET /xingrg/check_reg.html?_=1665718236210 HTTP/1.1" 200 22
101.83.146.154 - - [14/Oct/2022:11:30:36 +0800] "GET /xingrg/all/function/internal_message.html?_=1665718236238&CODE_STATE=getMsg HTTP/1.1" 200 27
180.169.147.146 - - [14/Oct/2022:11:30:36 +0800] "GET /xingrg/kc/buy/cgsh_order_operate.html?command=get_materiel&rest_code=00147&code=00101008069&supplier_code=00100006&order_time=2022-10-14 HTTP/1.1" 200 412
124.78.157.213 - - [14/Oct/2022:11:30:38 +0800] "GET /xingrg/all/function/internal_message.html?_=1665718235202&CODE_STATE=getMsg HTTP/1.1" 200 27
180.169.147.146 - - [14/Oct/2022:11:30:38 +0800] "POST /xingrg/kc/buy/cgsh_order_operate.html HTTP/1.1" 200 2065
124.79.74.72 - - [14/Oct/2022:11:30:39 +0800] "GET /xingrg/all/function/internal_message.html?_=1665718238261&CODE_STATE=getMsg HTTP/1.1" 200 27
114.83.219.23 - - [14/Oct/2022:11:30:40 +0800] "GET /xingrg/all/function/internal_message.html?_=1665718238053&CODE_STATE=getMsg HTTP/1.1" 200 27
116.238.194.138 - - [14/Oct/2022:11:30:41 +0800] "GET /xingrg/check_reg.html?_=1665718241816 HTTP/1.1" 200 22
116.238.194.138 - - [14/Oct/2022:11:30:41 +0800] "GET /xingrg/all/function/internal_message.html?_=1665718241819&CODE_STATE=getMsg HTTP/1.1" 200 27
180.169.147.146 - - [14/Oct/2022:11:30:42 +0800] "GET /xingrg/kc/buy/cgsh_order_operate.html?command=get_materiel&rest_code=00147&code=00101008286&supplier_code=00100006&order_time=2022-10-14 HTTP/1.1" 200 408
180.169.147.146 - - [14/Oct/2022:11:30:43 +0800] "GET /xingrg/all/function/internal_message.html?_=1665718235665&CODE_STATE=getMsg HTTP/1.1" 200 27
124.79.243.136 - - [14/Oct/2022:11:30:43 +0800] "GET /xingrg/all/function/internal_message.html?_=1665718447456&CODE_STATE=getMsg HTTP/1.1" 200 27
124.79.243.136 - - [14/Oct/2022:11:30:43 +0800] "GET /xingrg/check_reg.html?_=1665718447458 HTTP/1.1" 200 22
114.84.81.136 - - [14/Oct/2022:11:30:47 +0800] "POST /xingrg/dwr/call/plaincall/AjaxReportQueryService.refreshCache.dwr HTTP/1.1" 200 78
117.143.46.139 - - [14/Oct/2022:11:30:48 +0800] "GET /xingrg/all/function/internal_message.html?_=1665718248508&CODE_STATE=getMsg HTTP/1.1" 200 27
114.84.81.136 - - [14/Oct/2022:11:30:48 +0800] "POST /xingrg/all/report/load_report_page.html HTTP/1.1" 200 5724
114.84.81.136 - - [14/Oct/2022:11:30:48 +0800] "GET /xingrg/servlets/image?cache=0.20562822845596895&image=px HTTP/1.1" 200 807
180.169.147.146 - - [14/Oct/2022:11:30:51 +0800] "GET /xingrg/kc/buy/cgsh_order_operate.html?command=get_materiel&rest_code=00147&code=00101008131&supplier_code=00100006&order_time=2022-10-14 HTTP/1.1" 200 408
114.84.81.136 - - [14/Oct/2022:11:30:51 +0800] "GET /xingrg/all/function/internal_message.html?_=1665718252543&CODE_STATE=getMsg HTTP/1.1" 302 -
114.84.81.136 - - [14/Oct/2022:11:30:52 +0800] "POST /xingrg/all/report/load_report_page.html HTTP/1.1" 200 57963
114.84.81.136 - - [14/Oct/2022:11:30:52 +0800] "GET /xingrg/servlets/image?cache=0.3200525772158883&image=px HTTP/1.1" 200 807
101.83.146.154 - - [14/Oct/2022:11:30:53 +0800] "GET /xingrg/all/function/internal_message.html?_=1665718107433&CODE_STATE=getMsg HTTP/1.1" 200 27
221.239.141.151 - - [14/Oct/2022:11:30:56 +0800] "GET /xingrg/all/function/internal_message.html?_=1665718256560&CODE_STATE=getMsg HTTP/1.1" 200 27
222.64.59.143 - - [14/Oct/2022:11:30:56 +0800] "GET /favicon.ico HTTP/1.1" 404 -
114.88.159.190 - - [14/Oct/2022:11:30:57 +0800] "POST /xingrg/kc/buy/cgsh_order_operate.html HTTP/1.1" 200 37
117.143.46.139 - - [14/Oct/2022:11:30:57 +0800] "GET /xingrg/system/rest/list_page.html?p=category HTTP/1.1" 200 13038
117.143.46.139 - - [14/Oct/2022:11:30:57 +0800] "GET /xingrg/css/table.css HTTP/1.1" 200 3684
117.143.46.139 - - [14/Oct/2022:11:30:57 +0800] "GET /xingrg/javascript/jquery_easy_ui/themes/icons/search.png HTTP/1.1" 200 813
117.143.46.139 - - [14/Oct/2022:11:30:57 +0800] "GET /xingrg/javascript/jquery_easy_ui/themes/icons/edit_add.png HTTP/1.1" 200 1088
117.143.46.139 - - [14/Oct/2022:11:30:57 +0800] "GET /xingrg/javascript/jquery_easy_ui/themes/icons/edit_remove.png HTTP/1.1" 200 625
117.143.46.139 - - [14/Oct/2022:11:30:57 +0800] "GET /xingrg/javascript/jquery_easy_ui/themes/default/images/pagination_loading.gif HTTP/1.1" 200 1737
117.143.46.139 - - [14/Oct/2022:11:30:57 +0800] "GET /xingrg/javascript/jquery_easy_ui/themes/default/images/datagrid_header_bg.gif HTTP/1.1" 200 97
117.143.46.139 - - [14/Oct/2022:11:30:57 +0800] "GET /xingrg/system/rest/query_items.html?_=1665718258379&table=category&key= HTTP/1.1" 200 5538
180.169.147.146 - - [14/Oct/2022:11:30:58 +0800] "GET /xingrg/all/function/internal_message.html?_=1665718248197&CODE_STATE=getMsg HTTP/1.1" 200 27
114.84.81.136 - - [14/Oct/2022:11:31:00 +0800] "GET /xingrg/all/function/internal_message.html?_=1665718260195&CODE_STATE=getMsg HTTP/1.1" 200 27
114.84.81.136 - - [14/Oct/2022:11:31:00 +0800] "GET /xingrg/all/report/report_query.html?isQuery=1&fileName=kc/base/kc_ck_db_mx_report.xml&queryString=(a.materiel_name%2520like%2520'%2524bf%2524%25E7%2594%259F%25E7%25B2%2589%2524bf%2524')%2520and%2520(a.materiel_code%253D'00101016019')&queryText=%25E3%2580%2590%25E6%259F%25A5%25E8%25AF%25A2%25E6%2597%25B6%25E9%2597%25B4%253A2022-01-01%2520%25E8%2587%25B3%25202022-10-31%25E3%2580%2591%2520%25E5%25B9%25B6%25E4%25B8%2594%2520%2520%25E3%2580%2590%25E6%259D%2590%25E6%2596%2599%25E5%2590%258D%25E7%25A7%25B0%2520%25E5%258C%2585%25E5%2590%25AB%2520%25E7%2594%259F%25E7%25B2%2589%25E3%2580%2591%2520%25E5%25B9%25B6%25E4%25B8%2594%2520%25E3%2580%2590%25E6%259D%2590%25E6%2596%2599%25E7%25B1%25BB%25E5%2588%25AB%2520%253D%2520%25E9%25A3%258E%25E8%25BD%25A6%25E7%2594%259F%25E7%25B2%2589%25E3%2580%2591&tableQueryString=ck_table%2524sp1%2524(CONVERT(char(10)%252Ca.order_time%252C%2520120)%253E%253D'2022-01-01')%2520and%2520(CONVERT(char(10)%252Ca.order_time%252C%2520120)%253C%253D'2022-10-31') HTTP/1.1" 200 52288
114.84.81.136 - - [14/Oct/2022:11:31:00 +0800] "GET /xingrg/dwr/interface/AjaxReportQueryService.js HTTP/1.1" 200 13203
114.84.81.136 - - [14/Oct/2022:11:31:00 +0800] "GET /xingrg/dwr/engine.js HTTP/1.1" 200 43631
116.230.105.139 - - [14/Oct/2022:11:31:01 +0800] "GET /xingrg/all/function/internal_message.html?_=1665718239744&CODE_STATE=getMsg HTTP/1.1" 200 27
114.84.81.136 - - [14/Oct/2022:11:31:01 +0800] "POST /xingrg/all/report/load_report_page.html HTTP/1.1" 200 85
114.88.159.190 - - [14/Oct/2022:11:31:06 +0800] "POST /xingrg/kc/buy/cgsh_order_operate.html HTTP/1.1" 200 12
114.84.81.136 - - [14/Oct/2022:11:31:12 +0800] "POST /xingrg/all/report/load_report_page.html HTTP/1.1" 200 5744
114.84.81.136 - - [14/Oct/2022:11:31:12 +0800] "GET /xingrg/servlets/image?cache=0.15454162121915815&image=px HTTP/1.1" 200 807
180.169.147.146 - - [14/Oct/2022:11:31:12 +0800] "GET /xingrg/all/function/internal_message.html?_=1665718271387&CODE_STATE=getMsg HTTP/1.1" 200 27
117.143.46.139 - - [14/Oct/2022:11:31:13 +0800] "GET /xingrg/system/rest/list_page.html?p=down&table=dl_menu HTTP/1.1" 200 20358
117.143.46.139 - - [14/Oct/2022:11:31:13 +0800] "GET /xingrg/javascript/jquery_easy_ui/themes/default/images/calendar_nextmonth.gif HTTP/1.1" 200 64
117.143.46.139 - - [14/Oct/2022:11:31:13 +0800] "GET /xingrg/javascript/jquery_easy_ui/themes/default/images/calendar_prevmonth.gif HTTP/1.1" 200 66
117.143.46.139 - - [14/Oct/2022:11:31:13 +0800] "GET /xingrg/javascript/jquery_easy_ui/themes/default/images/calendar_prevyear.gif HTTP/1.1" 200 76
117.143.46.139 - - [14/Oct/2022:11:31:13 +0800] "GET /xingrg/javascript/jquery_easy_ui/themes/default/images/calendar_nextyear.gif HTTP/1.1" 200 75
117.143.46.139 - - [14/Oct/2022:11:31:13 +0800] "GET /xingrg/system/rest/query_items.html?_=1665718273732&table=down&tcode=dl_menu&key= HTTP/1.1" 200 4600
116.230.114.213 - - [14/Oct/2022:11:31:13 +0800] "GET /xingrg/all/function/internal_message.html?_=1665718291290&CODE_STATE=getMsg HTTP/1.1" 200 27
114.84.81.136 - - [14/Oct/2022:11:31:18 +0800] "POST /xingrg/all/report/load_report_page.html HTTP/1.1" 200 57963
114.84.81.136 - - [14/Oct/2022:11:31:18 +0800] "GET /xingrg/servlets/image?cache=0.7700082238884047&image=px HTTP/1.1" 200 807
114.83.219.57 - - [14/Oct/2022:11:31:22 +0800] "GET /xingrg/check_reg.html?_=1665718378255 HTTP/1.1" 200 22
114.83.219.57 - - [14/Oct/2022:11:31:22 +0800] "GET /xingrg/all/function/internal_message.html?_=1665718378257&CODE_STATE=getMsg HTTP/1.1" 200 27
101.85.93.18 - - [14/Oct/2022:11:31:27 +0800] "GET /xingrg/all/function/internal_message.html?_=1665718285434&CODE_STATE=getMsg HTTP/1.1" 200 27
101.85.93.18 - - [14/Oct/2022:11:31:27 +0800] "GET /xingrg/check_reg.html?_=1665718285437 HTTP/1.1" 200 22
114.84.81.136 - - [14/Oct/2022:11:31:29 +0800] "POST /xingrg/dwr/call/plaincall/AjaxReportQueryService.refreshCache.dwr HTTP/1.1" 200 78
114.84.81.136 - - [14/Oct/2022:11:31:31 +0800] "POST /xingrg/all/report/load_report_page.html HTTP/1.1" 200 31049
114.84.81.136 - - [14/Oct/2022:11:31:32 +0800] "GET /xingrg/servlets/image?cache=0.6103726350242197&image=px HTTP/1.1" 200 807
101.83.146.154 - - [14/Oct/2022:11:31:36 +0800] "GET /xingrg/all/function/internal_message.html?_=1665718296238&CODE_STATE=getMsg HTTP/1.1" 200 27
124.78.157.213 - - [14/Oct/2022:11:31:38 +0800] "GET /xingrg/all/function/internal_message.html?_=1665718295174&CODE_STATE=getMsg HTTP/1.1" 200 27
124.79.74.72 - - [14/Oct/2022:11:31:39 +0800] "GET /xingrg/all/function/internal_message.html?_=1665718298246&CODE_STATE=getMsg HTTP/1.1" 200 27
114.83.219.23 - - [14/Oct/2022:11:31:40 +0800] "GET /xingrg/all/function/internal_message.html?_=1665718298061&CODE_STATE=getMsg HTTP/1.1" 200 27
114.84.81.136 - - [14/Oct/2022:11:31:40 +0800] "POST /xingrg/dwr/call/plaincall/AjaxReportQueryService.refreshCache.dwr HTTP/1.1" 200 78
114.88.159.190 - - [14/Oct/2022:11:31:41 +0800] "GET /xingrg/kc/buy/cgsh_order_info.html?code=212022101404363 HTTP/1.1" 200 64000
114.88.159.190 - - [14/Oct/2022:11:31:41 +0800] "GET /xingrg/javascript/easyui/themes/default/validatebox.css HTTP/1.1" 404 1104
116.238.194.138 - - [14/Oct/2022:11:31:41 +0800] "GET /xingrg/all/function/internal_message.html?_=1665718301818&CODE_STATE=getMsg HTTP/1.1" 200 27
114.88.159.190 - - [14/Oct/2022:11:31:42 +0800] "POST /xingrg/kc/buy/cgsh_order_operate.html HTTP/1.1" 200 3060
114.84.81.136 - - [14/Oct/2022:11:31:42 +0800] "POST /xingrg/all/report/load_report_page.html HTTP/1.1" 200 25692
114.84.81.136 - - [14/Oct/2022:11:31:42 +0800] "GET /xingrg/servlets/image?cache=0.49812309188469495&image=px HTTP/1.1" 200 807
180.169.147.146 - - [14/Oct/2022:11:31:43 +0800] "GET /xingrg/all/function/internal_message.html?_=1665718295665&CODE_STATE=getMsg HTTP/1.1" 200 27
124.79.243.136 - - [14/Oct/2022:11:31:43 +0800] "GET /xingrg/all/function/internal_message.html?_=1665718507455&CODE_STATE=getMsg HTTP/1.1" 200 27
117.143.46.139 - - [14/Oct/2022:11:31:44 +0800] "GET /xingrg/system/rest/list_page.html?p=stca HTTP/1.1" 200 9649
117.143.46.139 - - [14/Oct/2022:11:31:44 +0800] "GET /xingrg/system/rest/query_items.html?_=1665718304688&table=stca&key= HTTP/1.1" 200 1821
114.88.159.190 - - [14/Oct/2022:11:31:44 +0800] "GET /xingrg/kc/print/load_data.html?order_code=212022101404363&kc_code=cgsh&condition= HTTP/1.1" 200 1702
117.143.46.139 - - [14/Oct/2022:11:31:48 +0800] "GET /xingrg/all/function/internal_message.html?_=1665718308516&CODE_STATE=getMsg HTTP/1.1" 200 27
101.83.146.154 - - [14/Oct/2022:11:31:53 +0800] "GET /xingrg/all/function/internal_message.html?_=1665718167432&CODE_STATE=getMsg HTTP/1.1" 200 27
101.83.146.154 - - [14/Oct/2022:11:31:53 +0800] "GET /xingrg/check_reg.html?_=1665718167435 HTTP/1.1" 200 22
117.143.46.139 - - [14/Oct/2022:11:31:53 +0800] "GET /xingrg/all/report/report_query.html?fileName=dma/new_5.0/menu/menu_category_hz.xml HTTP/1.1" 200 53064
117.143.46.139 - - [14/Oct/2022:11:31:53 +0800] "GET /xingrg/dwr/interface/AjaxReportQueryService.js HTTP/1.1" 200 13203
117.143.46.139 - - [14/Oct/2022:11:31:53 +0800] "GET /xingrg/dwr/engine.js HTTP/1.1" 200 43631
117.143.46.139 - - [14/Oct/2022:11:31:54 +0800] "POST /xingrg/dwr/call/plaincall/AjaxReportQueryService.getFixDate.dwr HTTP/1.1" 200 111
117.143.46.139 - - [14/Oct/2022:11:31:54 +0800] "POST /xingrg/all/common/load_tree.html?tree=area_station_tree_json&manage=1 HTTP/1.1" 200 3367
117.143.46.139 - - [14/Oct/2022:11:31:55 +0800] "GET /xingrg/all/report/report_query.html?fileName=dma/new_5.0/menu/menu_stca_hz.xml HTTP/1.1" 200 51418
117.143.46.139 - - [14/Oct/2022:11:31:55 +0800] "GET /xingrg/dwr/interface/AjaxReportQueryService.js HTTP/1.1" 200 13203
117.143.46.139 - - [14/Oct/2022:11:31:55 +0800] "GET /xingrg/dwr/engine.js HTTP/1.1" 200 43631
114.84.81.136 - - [14/Oct/2022:11:31:56 +0800] "POST /xingrg/dwr/call/plaincall/AjaxReportQueryService.refreshCache.dwr HTTP/1.1" 200 78
117.143.46.139 - - [14/Oct/2022:11:31:56 +0800] "POST /xingrg/dwr/call/plaincall/AjaxReportQueryService.getFixDate.dwr HTTP/1.1" 200 111
117.143.46.139 - - [14/Oct/2022:11:31:56 +0800] "POST /xingrg/all/common/load_tree.html?tree=area_station_tree_json&manage=1 HTTP/1.1" 200 3367
221.239.141.151 - - [14/Oct/2022:11:31:56 +0800] "GET /xingrg/all/function/internal_message.html?_=1665718316556&CODE_STATE=getMsg HTTP/1.1" 200 27
114.84.81.136 - - [14/Oct/2022:11:31:57 +0800] "POST /xingrg/all/report/load_report_page.html HTTP/1.1" 200 25668
114.84.81.136 - - [14/Oct/2022:11:31:57 +0800] "GET /xingrg/servlets/image?cache=0.8654845082144699&image=px HTTP/1.1" 200 807
180.169.147.146 - - [14/Oct/2022:11:31:58 +0800] "GET /xingrg/all/function/internal_message.html?_=1665718308198&CODE_STATE=getMsg HTTP/1.1" 200 27
117.143.46.139 - - [14/Oct/2022:11:31:58 +0800] "POST /xingrg/dwr/call/plaincall/AjaxReportQueryService.getFixDate.dwr HTTP/1.1" 200 111
114.84.81.136 - - [14/Oct/2022:11:32:00 +0800] "GET /xingrg/all/function/internal_message.html?_=1665718320176&CODE_STATE=getMsg HTTP/1.1" 200 27
116.230.105.139 - - [14/Oct/2022:11:32:01 +0800] "GET /xingrg/all/function/internal_message.html?_=1665718299738&CODE_STATE=getMsg HTTP/1.1" 200 27
116.230.105.139 - - [14/Oct/2022:11:32:01 +0800] "GET /xingrg/check_reg.html?_=1665718299740 HTTP/1.1" 200 22
117.143.46.139 - - [14/Oct/2022:11:32:01 +0800] "GET /xingrg/javascript/jquery_easy_ui/themes/default/images/tree_checkbox_1.gif HTTP/1.1" 200 174
117.143.46.139 - - [14/Oct/2022:11:32:01 +0800] "GET /xingrg/javascript/jquery_easy_ui/themes/default/images/tree_checkbox_2.gif HTTP/1.1" 200 181
117.143.46.139 - - [14/Oct/2022:11:32:03 +0800] "POST /xingrg/dwr/call/plaincall/AjaxReportQueryService.refreshCache.dwr HTTP/1.1" 200 78
117.143.46.139 - - [14/Oct/2022:11:32:03 +0800] "POST /xingrg/all/report/load_report_page.html HTTP/1.1" 200 55752
117.143.46.139 - - [14/Oct/2022:11:32:03 +0800] "GET /xingrg/images/blue/button/back2.gif HTTP/1.1" 200 1339
117.143.46.139 - - [14/Oct/2022:11:32:03 +0800] "GET /xingrg/images/blue/button/back.gif HTTP/1.1" 200 1352
117.143.46.139 - - [14/Oct/2022:11:32:03 +0800] "GET /xingrg/servlets/image?cache=0.0927769121182741&image=px HTTP/1.1" 200 807
117.143.46.139 - - [14/Oct/2022:11:32:07 +0800] "GET /xingrg/all/report/report_query.html?isQuery=1&fileName=dma/new_5.0/menu/menu_hz.xml&queryString=(a.sale_day%2520between%252020220101%2520and%252020221231)%2520and%2520(a.sid%2520in%2520(4))%2520and%2520(a.tj_code%253D6)&queryText=%25E3%2580%2590%25E8%2590%25A5%25E4%25B8%259A%25E6%2597%25A5%25E6%259C%259F%253A2022-01-01%2520%25E8%2587%25B3%25202022-12-31%25E3%2580%2591%2520%25E5%25B9%25B6%25E4%25B8%2594%2520%2520%25E3%2580%2590%25E9%2597%25A8%25E5%25BA%2597%25E5%2590%258D%25E7%25A7%25B0%2520%253D%2520%25E6%2599%25AE%25E9%2599%2580%25E6%25A6%2595%25E6%25B8%25AF%25E3%2580%2591%2520%25E5%25B9%25B6%25E4%25B8%2594%2520%25E3%2580%2590%25E7%25BB%259F%25E8%25AE%25A1%25E7%25B1%25BB%25E5%2588%25AB%2520%253D%2520%25E7%2582%25B9%25E5%25BF%2583%25E3%2580%2591 HTTP/1.1" 200 54102
117.143.46.139 - - [14/Oct/2022:11:32:07 +0800] "GET /xingrg/dwr/engine.js HTTP/1.1" 200 43631
117.143.46.139 - - [14/Oct/2022:11:32:07 +0800] "GET /favicon.ico HTTP/1.1" 404 -
117.143.46.139 - - [14/Oct/2022:11:32:08 +0800] "POST /xingrg/all/report/load_report_page.html HTTP/1.1" 200 114850
117.143.46.139 - - [14/Oct/2022:11:32:08 +0800] "GET /xingrg/servlets/image?cache=0.17703670510623026&image=px HTTP/1.1" 200 807
180.169.147.146 - - [14/Oct/2022:11:32:12 +0800] "GET /xingrg/all/function/internal_message.html?_=1665718331377&CODE_STATE=getMsg HTTP/1.1" 200 27
116.230.114.213 - - [14/Oct/2022:11:32:13 +0800] "GET /xingrg/all/function/internal_message.html?_=1665718351302&CODE_STATE=getMsg HTTP/1.1" 200 27
114.84.81.136 - - [14/Oct/2022:11:32:16 +0800] "POST /xingrg/dwr/call/plaincall/AjaxReportQueryService.refreshCache.dwr HTTP/1.1" 200 78
124.78.157.213 - - [14/Oct/2022:11:32:17 +0800] "GET /xingrg/check_reg.html?_=1665718334583 HTTP/1.1" 200 22
114.84.81.136 - - [14/Oct/2022:11:32:18 +0800] "POST /xingrg/all/report/load_report_page.html HTTP/1.1" 200 25668
114.84.81.136 - - [14/Oct/2022:11:32:18 +0800] "GET /xingrg/servlets/image?cache=0.7110190445868475&image=px HTTP/1.1" 200 807
117.143.46.139 - - [14/Oct/2022:11:32:20 +0800] "POST /xingrg/all/report/report_print.html HTTP/1.1" 200 46645
114.83.219.57 - - [14/Oct/2022:11:32:22 +0800] "GET /xingrg/all/function/internal_message.html?_=1665718438253&CODE_STATE=getMsg HTTP/1.1" 200 27
114.88.159.190 - - [14/Oct/2022:11:32:27 +0800] "GET /xingrg/all/function/internal_message.html?_=1665717976525&CODE_STATE=getMsg HTTP/1.1" 200 27
101.85.93.18 - - [14/Oct/2022:11:32:27 +0800] "GET /xingrg/all/function/internal_message.html?_=1665718345438&CODE_STATE=getMsg HTTP/1.1" 200 27
114.84.81.136 - - [14/Oct/2022:11:32:33 +0800] "POST /xingrg/dwr/call/plaincall/AjaxReportQueryService.refreshCache.dwr HTTP/1.1" 200 78
114.84.81.136 - - [14/Oct/2022:11:32:35 +0800] "POST /xingrg/all/report/load_report_page.html HTTP/1.1" 200 25643
114.84.81.136 - - [14/Oct/2022:11:32:35 +0800] "GET /xingrg/servlets/image?cache=0.796624715299392&image=px HTTP/1.1" 200 807
101.83.146.154 - - [14/Oct/2022:11:32:36 +0800] "GET /xingrg/all/function/internal_message.html?_=1665718356239&CODE_STATE=getMsg HTTP/1.1" 200 27
124.78.157.213 - - [14/Oct/2022:11:32:38 +0800] "GET /xingrg/all/function/internal_message.html?_=1665718355153&CODE_STATE=getMsg HTTP/1.1" 200 27
124.79.74.72 - - [14/Oct/2022:11:32:39 +0800] "GET /xingrg/all/function/internal_message.html?_=1665718358232&CODE_STATE=getMsg HTTP/1.1" 200 27
180.169.147.146 - - [14/Oct/2022:11:32:40 +0800] "GET /xingrg/kc/base/crk_hz.html HTTP/1.1" 200 11247
114.83.219.23 - - [14/Oct/2022:11:32:40 +0800] "GET /xingrg/all/function/internal_message.html?_=1665718358053&CODE_STATE=getMsg HTTP/1.1" 200 27
180.169.147.146 - - [14/Oct/2022:11:32:40 +0800] "POST /xingrg/kc/cost/cost_operate.html?command=get_base_tree HTTP/1.1" 200 2657
180.169.147.146 - - [14/Oct/2022:11:32:40 +0800] "POST /xingrg/all/common/load_tree.html?tree=materiel_sort_tree_json HTTP/1.1" 200 9500
116.238.194.138 - - [14/Oct/2022:11:32:41 +0800] "GET /xingrg/all/function/internal_message.html?_=1665718361833&CODE_STATE=getMsg HTTP/1.1" 200 27
180.169.147.146 - - [14/Oct/2022:11:32:42 +0800] "GET /xingrg/all/report/report_query.html?fileName=kc/buy/gys_amount_category.xml&rh=99999 HTTP/1.1" 200 51878
180.169.147.146 - - [14/Oct/2022:11:32:42 +0800] "GET /xingrg/dwr/interface/AjaxReportQueryService.js HTTP/1.1" 200 13203
180.169.147.146 - - [14/Oct/2022:11:32:42 +0800] "GET /xingrg/dwr/engine.js HTTP/1.1" 200 43631
180.169.147.146 - - [14/Oct/2022:11:32:43 +0800] "POST /xingrg/dwr/call/plaincall/AjaxReportQueryService.getFixDate.dwr HTTP/1.1" 200 111
180.169.147.146 - - [14/Oct/2022:11:32:43 +0800] "POST /xingrg/dwr/call/plaincall/AjaxReportQueryService.getInitString.dwr HTTP/1.1" 200 1062
180.169.147.146 - - [14/Oct/2022:11:32:43 +0800] "GET /xingrg/all/function/internal_message.html?_=1665718355667&CODE_STATE=getMsg HTTP/1.1" 200 27
180.169.147.146 - - [14/Oct/2022:11:32:43 +0800] "POST /xingrg/all/common/load_tree.html?tree=supplier_tree_json&manage=1 HTTP/1.1" 200 70625
124.79.243.136 - - [14/Oct/2022:11:32:43 +0800] "GET /xingrg/all/function/internal_message.html?_=1665718567455&CODE_STATE=getMsg HTTP/1.1" 200 27
180.169.147.146 - - [14/Oct/2022:11:32:44 +0800] "POST /xingrg/all/common/load_tree.html?tree=materiel_sort_tree_json HTTP/1.1" 200 9500
117.143.46.139 - - [14/Oct/2022:11:32:48 +0800] "GET /xingrg/all/function/internal_message.html?_=1665718368513&CODE_STATE=getMsg HTTP/1.1" 200 27
101.83.146.154 - - [14/Oct/2022:11:32:53 +0800] "GET /xingrg/all/function/internal_message.html?_=1665718227437&CODE_STATE=getMsg HTTP/1.1" 200 27
221.239.141.151 - - [14/Oct/2022:11:32:56 +0800] "GET /xingrg/all/function/internal_message.html?_=1665718376543&CODE_STATE=getMsg HTTP/1.1" 200 27
180.169.147.146 - - [14/Oct/2022:11:32:58 +0800] "GET /xingrg/all/function/internal_message.html?_=1665718368200&CODE_STATE=getMsg HTTP/1.1" 200 27
180.169.147.146 - - [14/Oct/2022:11:32:59 +0800] "POST /xingrg/dwr/call/plaincall/AjaxReportQueryService.refreshCache.dwr HTTP/1.1" 200 78
114.84.81.136 - - [14/Oct/2022:11:33:00 +0800] "GET /xingrg/all/function/internal_message.html?_=1665718380180&CODE_STATE=getMsg HTTP/1.1" 200 27
116.230.105.139 - - [14/Oct/2022:11:33:01 +0800] "GET /xingrg/all/function/internal_message.html?_=1665718359749&CODE_STATE=getMsg HTTP/1.1" 200 27
114.84.81.136 - - [14/Oct/2022:11:33:04 +0800] "GET /xingrg/check_reg.html?_=1665718384836 HTTP/1.1" 302 -
114.84.81.136 - - [14/Oct/2022:11:33:04 +0800] "GET /xingrg/all/function/internal_message.html?_=1665718384836&CODE_STATE=getMsg HTTP/1.1" 302 -
180.169.147.146 - - [14/Oct/2022:11:33:04 +0800] "POST /xingrg/all/report/load_report_page.html HTTP/1.1" 200 7301
180.169.147.146 - - [14/Oct/2022:11:33:04 +0800] "GET /xingrg/servlets/image?cache=0.8640363742661837&image=px HTTP/1.1" 200 807
114.84.81.136 - - [14/Oct/2022:11:33:06 +0800] "POST /xingrg/dwr/call/plaincall/AjaxReportQueryService.refreshCache.dwr HTTP/1.1" 200 78
114.84.81.136 - - [14/Oct/2022:11:33:08 +0800] "POST /xingrg/all/report/load_report_page.html HTTP/1.1" 200 25666
180.169.147.146 - - [14/Oct/2022:11:33:08 +0800] "GET /xingrg/all/report/report_query.html?isQuery=1&fileName=kc/buy/wlcg_cate_hz.xml&queryString=(CONVERT(char(10)%2Ca.order_time%2C%20120)%3E%3D'2022-07-01')%20and%20(CONVERT(char(10)%2Ca.order_time%2C%20120)%3C%3D'2022-07-31')%20and%20(a.supplier_code%20in%20('00100017'%2C'00100018'%2C'00100019'%2C'00100020'%2C'00100021'%2C'00100213'%2C'00100226'%2C'00100228'%2C'00100230'%2C'00100239'%2C'00100241'%2C'00100243'%2C'00100252'%2C'00100253'%2C'00100264'%2C'00100271'%2C'00100273'%2C'00100278'%2C'00100280'%2C'00100282'%2C'00100367'%2C'00100373'%2C'00100402'%2C'00100406'%2C'00100409'%2C'00100410'%2C'00100427'%2C'00100428'%2C'00100560'%2C'00100567'%2C'00100569'%2C'00100572'))%20and%20(a.supplier_code%3D'00100017')%20and%20(a.big_sort%3D'00101')&queryText=%E3%80%90%E9%87%87%E8%B4%AD%E6%97%A5%E6%9C%9F%3A2022-07-01%20%E8%87%B3%202022-07-31%E3%80%91%20%E5%B9%B6%E4%B8%94%20%20%E3%80%90%E4%BE%9B%E5%BA%94%E5%95%86%20%3D%20%E9%85%92%E6%B0%B4%E7%B1%BB%20%5B32%5D%2C%E9%85%92%E6%B0%B4%EF%BC%88%E9%BE%99%E5%B7%9D%EF%BC%89%2C%E9%85%92%E6%B0%B4%EF%BC%88%E9%9A%86%E5%9F%8E%EF%BC%89%2C%E9%85%92%E6%B0%B4%EF%BC%88%E6%99%AE%E5%A5%A5%EF%BC%89%2C%E9%85%92%E6%B0%B4%EF%BC%88%E5%A4%A9%E6%97%97%EF%BC%89%2C%E9%85%92%E6%B0%B4%EF%BC%88%E9%93%B6%E4%B8%BD%E6%98%A5%EF%BC%89%2C%E9%85%92%E6%B0%B4%EF%BC%88%E4%B8%AD%E9%82%91%EF%BC%89%2C%E9%85%92%E6%B0%B4%EF%BC%88%E8%97%8F%E5%84%92%E9%85%92%EF%BC%89%2C%E9%85%B8%E5%A5%B6%EF%BC%88%E6%9D%A8%EF%BC%89%2C%E9%85%92%E6%B0%B4%EF%BC%88%E6%B6%A6%E9%9B%AA%EF%BC%89%2C%E9%85%92%E6%B0%B4%EF%BC%88%E4%BB%81%E6%9D%BE%E5%AE%9E%E4%B8%9A%EF%BC%89%2C%E9%85%B8%E5%A5%B6%EF%BC%88%E6%AD%A3%E6%B4%AA%E6%BA%90%EF%BC%89%2C%E9%85%92%E6%B0%B4%EF%BC%88%E9%BE%99%E5%B7%9D*%E7%BB%B4%EF%BC%89%2C%E6%9E%9C%E6%B1%81%EF%BC%88%E6%96%B9%E9%B2%9C%E9%A3%9F%E5%93%81%EF%BC%89%2C%E8%8C%B6%E5%8F%B6%EF%BC%88%E6%9F%AF%E5%A5%B3%E5%A3%AB%EF%BC%89%2C%E5%87%AF%E6%B3%89%EF%BC%88%E6%9E%9C%E6%B1%81%EF%BC%89%2C%E6%B3%93%E9%BE%99*%E9%85%92%E6%B0%B4%2C%E4%B8%8A%E6%B5%B7%E6%A1%83%E4%B9%90%E4%B8%9D%E8%91%A1%E8%90%84%E9%85%92%2C%E6%A4%B0%E6%B1%81%EF%BC%887%E8%BF%B9%EF%BC%89%2C%E6%B4%8B%E6%B2%B3%E9%85%92%E4%B8%9A%2C%E5%B9%BF%E8%A5%BF%E5%B7%B4%E9%A9%AC%E4%BF%AA%E5%85%A8%E9%A5%AE%E6%96%99%E6%9C%89%E9%99%90%E5%85%AC%E5%8F%B8%20%2C%E9%85%92%E6%B0%B4%EF%BC%88%E4%B8%8A%E6%B5%B7%E6%B7%B3%E6%B7%B3%E8%B4%B8%E6%98%93%E6%9C%89%E9%99%90%E5%85%AC%E5%8F%B8%EF%BC%89%2C%E4%B8%8A%E6%B5%B7%E7%83%9F%E8%8D%89%E9%9B%86%E5%9B%A2%E6%9C%89%E9%99%90%E5%85%AC%E5%8F%B8%2C%E9%85%92%E6%B0%B4%EF%BC%88%E7%99%BE%E8%81%94%E4%BC%98%E5%AE%89%EF%BC%89%2C%E9%92%B0%E5%98%89%E5%95%86%E8%B4%B8%EF%BC%88%E5%85%89%E6%98%8E%E9%85%B8%E5%A5%B6%EF%BC%89%2C%E5%8D%8E%E8%81%94%E9%A3%9F%E5%93%81%E6%9C%89%E9%99%90%E5%85%AC%E5%8F%B8%2C%E7%BF%94%E5%BE%B7%EF%BC%88%E4%B8%8A%E6%B5%B7%EF%BC%89%E9%85%92%E7%B1%BB%E9%94%80%E5%94%AE%2C%E7%8F%A0%E6%BA%AA%E9%85%92%E4%B8%9A%EF%BC%88%E9%9D%92%E6%B5%A6%E8%99%B9%E5%85%B4%EF%BC%89%2C%E4%B8%8A%E6%B5%B7%E9%83%8E%E5%93%A5%E5%95%86%E8%B4%B8%E6%9C%89%E9%99%90%E5%85%AC%E5%8F%B8%2C%E9%85%92%E6%B0%B4(%E7%BE%8E%E5%B3%B0)%2C%E9%85%92%E6%B0%B4(%E6%9D%8E%E5%BF%97)%2C%E6%B5%B7%E9%9F%B5%E9%85%92%E4%B8%9A%2C%E4%B8%8A%E6%B5%B7%E5%A1%BE%E5%86%A0%E8%B4%B8%E6%98%93%E6%9C%89%E9%99%90%E5%85%AC%E5%8F%B8%E3%80%91%20%E5%B9%B6%E4%B8%94%20%E3%80%90%E4%BE%9B%E5%BA%94%E5%95%86%3D%E9%85%92%E6%B0%B4%EF%BC%88%E9%BE%99%E5%B7%9D%EF%BC%89%E3%80%91%E5%B9%B6%E4%B8%94%E3%80%90%E7%B1%BB%E5%88%AB%E5%90%8D%E7%A7%B0%20%3D%20%E6%88%90%E6%9C%AC%E7%B1%BB%E3%80%91&rand=0.7745255702662027 HTTP/1.1" 200 55883
180.169.147.146 - - [14/Oct/2022:11:33:08 +0800] "GET /xingrg/all/report/report_query.html?isQuery=1&fileName=kc/buy/wlcg_cate_hz.xml&queryString=(CONVERT(char(10)%2Ca.order_time%2C%20120)%3E%3D'2022-07-01')%20and%20(CONVERT(char(10)%2Ca.order_time%2C%20120)%3C%3D'2022-07-31')%20and%20(a.supplier_code%20in%20('00100017'%2C'00100018'%2C'00100019'%2C'00100020'%2C'00100021'%2C'00100213'%2C'00100226'%2C'00100228'%2C'00100230'%2C'00100239'%2C'00100241'%2C'00100243'%2C'00100252'%2C'00100253'%2C'00100264'%2C'00100271'%2C'00100273'%2C'00100278'%2C'00100280'%2C'00100282'%2C'00100367'%2C'00100373'%2C'00100402'%2C'00100406'%2C'00100409'%2C'00100410'%2C'00100427'%2C'00100428'%2C'00100560'%2C'00100567'%2C'00100569'%2C'00100572'))%20and%20(a.supplier_code%3D'00100017')%20and%20(a.big_sort%3D'00101')&queryText=%E3%80%90%E9%87%87%E8%B4%AD%E6%97%A5%E6%9C%9F%3A2022-07-01%20%E8%87%B3%202022-07-31%E3%80%91%20%E5%B9%B6%E4%B8%94%20%20%E3%80%90%E4%BE%9B%E5%BA%94%E5%95%86%20%3D%20%E9%85%92%E6%B0%B4%E7%B1%BB%20%5B32%5D%2C%E9%85%92%E6%B0%B4%EF%BC%88%E9%BE%99%E5%B7%9D%EF%BC%89%2C%E9%85%92%E6%B0%B4%EF%BC%88%E9%9A%86%E5%9F%8E%EF%BC%89%2C%E9%85%92%E6%B0%B4%EF%BC%88%E6%99%AE%E5%A5%A5%EF%BC%89%2C%E9%85%92%E6%B0%B4%EF%BC%88%E5%A4%A9%E6%97%97%EF%BC%89%2C%E9%85%92%E6%B0%B4%EF%BC%88%E9%93%B6%E4%B8%BD%E6%98%A5%EF%BC%89%2C%E9%85%92%E6%B0%B4%EF%BC%88%E4%B8%AD%E9%82%91%EF%BC%89%2C%E9%85%92%E6%B0%B4%EF%BC%88%E8%97%8F%E5%84%92%E9%85%92%EF%BC%89%2C%E9%85%B8%E5%A5%B6%EF%BC%88%E6%9D%A8%EF%BC%89%2C%E9%85%92%E6%B0%B4%EF%BC%88%E6%B6%A6%E9%9B%AA%EF%BC%89%2C%E9%85%92%E6%B0%B4%EF%BC%88%E4%BB%81%E6%9D%BE%E5%AE%9E%E4%B8%9A%EF%BC%89%2C%E9%85%B8%E5%A5%B6%EF%BC%88%E6%AD%A3%E6%B4%AA%E6%BA%90%EF%BC%89%2C%E9%85%92%E6%B0%B4%EF%BC%88%E9%BE%99%E5%B7%9D*%E7%BB%B4%EF%BC%89%2C%E6%9E%9C%E6%B1%81%EF%BC%88%E6%96%B9%E9%B2%9C%E9%A3%9F%E5%93%81%EF%BC%89%2C%E8%8C%B6%E5%8F%B6%EF%BC%88%E6%9F%AF%E5%A5%B3%E5%A3%AB%EF%BC%89%2C%E5%87%AF%E6%B3%89%EF%BC%88%E6%9E%9C%E6%B1%81%EF%BC%89%2C%E6%B3%93%E9%BE%99*%E9%85%92%E6%B0%B4%2C%E4%B8%8A%E6%B5%B7%E6%A1%83%E4%B9%90%E4%B8%9D%E8%91%A1%E8%90%84%E9%85%92%2C%E6%A4%B0%E6%B1%81%EF%BC%887%E8%BF%B9%EF%BC%89%2C%E6%B4%8B%E6%B2%B3%E9%85%92%E4%B8%9A%2C%E5%B9%BF%E8%A5%BF%E5%B7%B4%E9%A9%AC%E4%BF%AA%E5%85%A8%E9%A5%AE%E6%96%99%E6%9C%89%E9%99%90%E5%85%AC%E5%8F%B8%20%2C%E9%85%92%E6%B0%B4%EF%BC%88%E4%B8%8A%E6%B5%B7%E6%B7%B3%E6%B7%B3%E8%B4%B8%E6%98%93%E6%9C%89%E9%99%90%E5%85%AC%E5%8F%B8%EF%BC%89%2C%E4%B8%8A%E6%B5%B7%E7%83%9F%E8%8D%89%E9%9B%86%E5%9B%A2%E6%9C%89%E9%99%90%E5%85%AC%E5%8F%B8%2C%E9%85%92%E6%B0%B4%EF%BC%88%E7%99%BE%E8%81%94%E4%BC%98%E5%AE%89%EF%BC%89%2C%E9%92%B0%E5%98%89%E5%95%86%E8%B4%B8%EF%BC%88%E5%85%89%E6%98%8E%E9%85%B8%E5%A5%B6%EF%BC%89%2C%E5%8D%8E%E8%81%94%E9%A3%9F%E5%93%81%E6%9C%89%E9%99%90%E5%85%AC%E5%8F%B8%2C%E7%BF%94%E5%BE%B7%EF%BC%88%E4%B8%8A%E6%B5%B7%EF%BC%89%E9%85%92%E7%B1%BB%E9%94%80%E5%94%AE%2C%E7%8F%A0%E6%BA%AA%E9%85%92%E4%B8%9A%EF%BC%88%E9%9D%92%E6%B5%A6%E8%99%B9%E5%85%B4%EF%BC%89%2C%E4%B8%8A%E6%B5%B7%E9%83%8E%E5%93%A5%E5%95%86%E8%B4%B8%E6%9C%89%E9%99%90%E5%85%AC%E5%8F%B8%2C%E9%85%92%E6%B0%B4(%E7%BE%8E%E5%B3%B0)%2C%E9%85%92%E6%B0%B4(%E6%9D%8E%E5%BF%97)%2C%E6%B5%B7%E9%9F%B5%E9%85%92%E4%B8%9A%2C%E4%B8%8A%E6%B5%B7%E5%A1%BE%E5%86%A0%E8%B4%B8%E6%98%93%E6%9C%89%E9%99%90%E5%85%AC%E5%8F%B8%E3%80%91%20%E5%B9%B6%E4%B8%94%20%E3%80%90%E4%BE%9B%E5%BA%94%E5%95%86%3D%E9%85%92%E6%B0%B4%EF%BC%88%E9%BE%99%E5%B7%9D%EF%BC%89%E3%80%91%E5%B9%B6%E4%B8%94%E3%80%90%E7%B1%BB%E5%88%AB%E5%90%8D%E7%A7%B0%20%3D%20%E6%88%90%E6%9C%AC%E7%B1%BB%E3%80%91&rand=0.7745255702662027 HTTP/1.1" 200 55883
114.84.81.136 - - [14/Oct/2022:11:33:08 +0800] "GET /xingrg/servlets/image?cache=0.9063257732622667&image=px HTTP/1.1" 200 807
180.169.147.146 - - [14/Oct/2022:11:33:08 +0800] "GET /xingrg/dwr/engine.js HTTP/1.1" 200 43631
180.169.147.146 - - [14/Oct/2022:11:33:10 +0800] "POST /xingrg/all/report/load_report_page.html HTTP/1.1" 200 8724
180.169.147.146 - - [14/Oct/2022:11:33:10 +0800] "GET /xingrg/servlets/image?cache=0.14588151103431568&image=px HTTP/1.1" 200 807
180.169.147.146 - - [14/Oct/2022:11:33:12 +0800] "GET /xingrg/all/function/internal_message.html?_=1665718391373&CODE_STATE=getMsg HTTP/1.1" 200 27
116.230.114.213 - - [14/Oct/2022:11:33:13 +0800] "GET /xingrg/all/function/internal_message.html?_=1665718411578&CODE_STATE=getMsg HTTP/1.1" 200 27
114.84.81.136 - - [14/Oct/2022:11:33:17 +0800] "POST /xingrg/dwr/call/plaincall/AjaxReportQueryService.refreshCache.dwr HTTP/1.1" 200 79
180.169.147.146 - - [14/Oct/2022:11:33:19 +0800] "POST /xingrg/all/report/load_report_page.html HTTP/1.1" 200 53996
180.169.147.146 - - [14/Oct/2022:11:33:19 +0800] "GET /xingrg/servlets/image?cache=0.24637733819884844&image=px HTTP/1.1" 200 807
114.84.81.136 - - [14/Oct/2022:11:33:19 +0800] "POST /xingrg/all/report/load_report_page.html HTTP/1.1" 200 20277
114.84.81.136 - - [14/Oct/2022:11:33:19 +0800] "GET /xingrg/servlets/image?cache=0.9345398676884373&image=px HTTP/1.1" 200 807
101.83.146.154 - - [14/Oct/2022:11:33:19 +0800] "GET /xingrg/kc/buy/cgsh_order_list.html HTTP/1.1" 200 53312
101.83.146.154 - - [14/Oct/2022:11:33:22 +0800] "POST /xingrg/kc/buy/cgsh_list_operate.html HTTP/1.1" 200 4381
114.83.219.57 - - [14/Oct/2022:11:33:22 +0800] "GET /xingrg/all/function/internal_message.html?_=1665718498243&CODE_STATE=getMsg HTTP/1.1" 200 27
114.88.159.190 - - [14/Oct/2022:11:33:27 +0800] "GET /xingrg/all/function/internal_message.html?_=1665718036505&CODE_STATE=getMsg HTTP/1.1" 200 27
114.88.159.190 - - [14/Oct/2022:11:33:27 +0800] "GET /xingrg/check_reg.html?_=1665718036535 HTTP/1.1" 200 22
101.85.93.18 - - [14/Oct/2022:11:33:27 +0800] "GET /xingrg/all/function/internal_message.html?_=1665718405439&CODE_STATE=getMsg HTTP/1.1" 200 27
101.83.146.154 - - [14/Oct/2022:11:33:35 +0800] "GET /xingrg/kc/buy/cgsh_order_add.html HTTP/1.1" 200 69175
101.83.146.154 - - [14/Oct/2022:11:33:35 +0800] "GET /xingrg/words/20221013093351_words.js HTTP/1.1" 304 -
101.83.146.154 - - [14/Oct/2022:11:33:35 +0800] "POST /xingrg/kc/buy/cgsh_order_operate.html HTTP/1.1" 200 8245
101.83.146.154 - - [14/Oct/2022:11:33:35 +0800] "GET /xingrg/javascript/easyui/themes/default/validatebox.css HTTP/1.1" 404 1104
101.83.146.154 - - [14/Oct/2022:11:33:36 +0800] "GET /xingrg/all/function/internal_message.html?_=1665718416236&CODE_STATE=getMsg HTTP/1.1" 200 27
124.78.157.213 - - [14/Oct/2022:11:33:38 +0800] "GET /xingrg/all/function/internal_message.html?_=1665718415130&CODE_STATE=getMsg HTTP/1.1" 200 27
114.84.81.136 - - [14/Oct/2022:11:33:39 +0800] "POST /xingrg/dwr/call/plaincall/AjaxReportQueryService.refreshCache.dwr HTTP/1.1" 200 79
124.79.74.72 - - [14/Oct/2022:11:33:39 +0800] "GET /xingrg/all/function/internal_message.html?_=1665718418219&CODE_STATE=getMsg HTTP/1.1" 200 27
114.83.219.23 - - [14/Oct/2022:11:33:40 +0800] "GET /xingrg/all/function/internal_message.html?_=1665718418055&CODE_STATE=getMsg HTTP/1.1" 200 27
114.83.219.23 - - [14/Oct/2022:11:33:40 +0800] "GET /xingrg/check_reg.html?_=1665718418067 HTTP/1.1" 200 22
116.238.194.138 - - [14/Oct/2022:11:33:41 +0800] "GET /xingrg/all/function/internal_message.html?_=1665718421823&CODE_STATE=getMsg HTTP/1.1" 200 27
116.238.194.138 - - [14/Oct/2022:11:33:41 +0800] "GET /xingrg/kc/buy/cgsh_order_add.html HTTP/1.1" 200 68691
114.84.81.136 - - [14/Oct/2022:11:33:42 +0800] "POST /xingrg/all/report/load_report_page.html HTTP/1.1" 200 20277
114.84.81.136 - - [14/Oct/2022:11:33:42 +0800] "GET /xingrg/servlets/image?cache=0.1358526970124202&image=px HTTP/1.1" 200 807
116.238.194.138 - - [14/Oct/2022:11:33:42 +0800] "POST /xingrg/kc/buy/cgsh_order_operate.html HTTP/1.1" 200 8245
116.238.194.138 - - [14/Oct/2022:11:33:42 +0800] "GET /xingrg/javascript/easyui/themes/default/validatebox.css HTTP/1.1" 404 1104
180.169.147.146 - - [14/Oct/2022:11:33:43 +0800] "GET /xingrg/all/function/internal_message.html?_=1665718415668&CODE_STATE=getMsg HTTP/1.1" 200 27
180.169.147.146 - - [14/Oct/2022:11:33:43 +0800] "GET /xingrg/check_reg.html?_=1665718415671 HTTP/1.1" 200 22
124.79.243.136 - - [14/Oct/2022:11:33:43 +0800] "GET /xingrg/all/function/internal_message.html?_=1665718627470&CODE_STATE=getMsg HTTP/1.1" 200 27
117.143.46.139 - - [14/Oct/2022:11:33:43 +0800] "POST /xingrg/dwr/call/plaincall/AjaxReportQueryService.getFixDate.dwr HTTP/1.1" 200 111
117.143.46.139 - - [14/Oct/2022:11:33:44 +0800] "POST /xingrg/dwr/call/plaincall/AjaxReportQueryService.refreshCache.dwr HTTP/1.1" 200 78
117.143.46.139 - - [14/Oct/2022:11:33:45 +0800] "POST /xingrg/all/report/load_report_page.html HTTP/1.1" 200 55753
124.79.74.72 - - [14/Oct/2022:11:33:45 +0800] "GET /xingrg/index.html?sysBaseUrl=http%3A%2F%2F180.169.147.146%3A18081%2Fxingrg%2F&costTime=2174×tamp=1630402207937 HTTP/1.1" 302 -
117.143.46.139 - - [14/Oct/2022:11:33:45 +0800] "GET /xingrg/servlets/image?cache=0.5094194811658183&image=px HTTP/1.1" 200 807
124.79.74.72 - - [14/Oct/2022:11:33:45 +0800] "GET /xingrg/login.html HTTP/1.1" 200 7641
124.79.74.72 - - [14/Oct/2022:11:33:46 +0800] "GET /xingrg/images/blue/jxLogo.png HTTP/1.1" 200 6156
124.79.74.72 - - [14/Oct/2022:11:33:46 +0800] "GET /xingrg/images/blue/hj.png HTTP/1.1" 200 1014
124.79.74.72 - - [14/Oct/2022:11:33:46 +0800] "GET /xingrg/images/blue/login_bg.png HTTP/1.1" 200 22101
124.79.74.72 - - [14/Oct/2022:11:33:46 +0800] "GET /xingrg/images/blue/srbg.png HTTP/1.1" 200 138
124.79.74.72 - - [14/Oct/2022:11:33:46 +0800] "GET /favicon.ico HTTP/1.1" 404 -
117.143.46.139 - - [14/Oct/2022:11:33:48 +0800] "GET /xingrg/check_reg.html?_=1665718428498 HTTP/1.1" 200 22
117.143.46.139 - - [14/Oct/2022:11:33:48 +0800] "GET /xingrg/all/function/internal_message.html?_=1665718428505&CODE_STATE=getMsg HTTP/1.1" 200 27
101.83.146.154 - - [14/Oct/2022:11:33:48 +0800] "GET /xingrg/kc/buy/cgsh_order_operate.html?command=get_materiel&rest_code=00105&code=00101006083&supplier_code=00100324&order_time=2022-10-14 HTTP/1.1" 200 413
116.230.114.213 - - [14/Oct/2022:11:33:49 +0800] "GET /xingrg/check_reg.html?_=1665718446868 HTTP/1.1" 200 22
117.143.46.139 - - [14/Oct/2022:11:33:49 +0800] "GET /xingrg/all/report/report_query.html?isQuery=1&fileName=dma/new_5.0/menu/menu_hz.xml&queryString=(a.sale_day%2520between%252020210101%2520and%252020211231)%2520and%2520(a.sid%2520in%2520(4))%2520and%2520(a.tj_code%253D6)&queryText=%25E3%2580%2590%25E8%2590%25A5%25E4%25B8%259A%25E6%2597%25A5%25E6%259C%259F%253A2021-01-01%2520%25E8%2587%25B3%25202021-12-31%25E3%2580%2591%2520%25E5%25B9%25B6%25E4%25B8%2594%2520%2520%25E3%2580%2590%25E9%2597%25A8%25E5%25BA%2597%25E5%2590%258D%25E7%25A7%25B0%2520%253D%2520%25E6%2599%25AE%25E9%2599%2580%25E6%25A6%2595%25E6%25B8%25AF%25E3%2580%2591%2520%25E5%25B9%25B6%25E4%25B8%2594%2520%25E3%2580%2590%25E7%25BB%259F%25E8%25AE%25A1%25E7%25B1%25BB%25E5%2588%25AB%2520%253D%2520%25E7%2582%25B9%25E5%25BF%2583%25E3%2580%2591 HTTP/1.1" 200 54102
117.143.46.139 - - [14/Oct/2022:11:33:49 +0800] "GET /xingrg/dwr/engine.js HTTP/1.1" 200 43631
117.143.46.139 - - [14/Oct/2022:11:33:50 +0800] "GET /favicon.ico HTTP/1.1" 404 -
116.238.194.138 - - [14/Oct/2022:11:33:51 +0800] "GET /xingrg/kc/buy/cgsh_order_operate.html?command=get_materiel&rest_code=00151&code=00101009078&supplier_code=00100026&order_time=2022-10-14 HTTP/1.1" 200 408
117.143.46.139 - - [14/Oct/2022:11:33:51 +0800] "POST /xingrg/all/report/load_report_page.html HTTP/1.1" 200 115520
117.143.46.139 - - [14/Oct/2022:11:33:51 +0800] "GET /xingrg/servlets/image?cache=0.3895877001993219&image=px HTTP/1.1" 200 807
101.83.146.154 - - [14/Oct/2022:11:33:53 +0800] "GET /xingrg/all/function/internal_message.html?_=1665718287437&CODE_STATE=getMsg HTTP/1.1" 200 27
124.79.74.72 - - [14/Oct/2022:11:33:54 +0800] "POST /xingrg/login.do HTTP/1.1" 302 -
124.79.74.72 - - [14/Oct/2022:11:33:54 +0800] "GET /xingrg/javascript/jquery_easy_ui/themes/icon.css HTTP/1.1" 200 3949
124.79.74.72 - - [14/Oct/2022:11:33:54 +0800] "GET /xingrg/css/form.css HTTP/1.1" 200 893
124.79.74.72 - - [14/Oct/2022:11:33:54 +0800] "GET /xingrg/index.html?sysBaseUrl=http%3A%2F%2F180.169.147.146%3A18081%2Fxingrg%2F&costTime=58×tamp=1665718434285 HTTP/1.1" 200 17413
124.79.74.72 - - [14/Oct/2022:11:33:54 +0800] "GET /xingrg/javascript/jquery-1.4.2.min.js HTTP/1.1" 200 72205
124.79.74.72 - - [14/Oct/2022:11:33:54 +0800] "GET /xingrg/javascript/jquery_easy_ui/jquery.easyui.min.js HTTP/1.1" 200 213662
124.79.74.72 - - [14/Oct/2022:11:33:54 +0800] "GET /xingrg/javascript/jquery_easy_ui/themes/default/easyui.css HTTP/1.1" 200 26500
124.79.74.72 - - [14/Oct/2022:11:33:54 +0800] "GET /xingrg/javascript/jquery_easy_ui/easyui-lang-zh_CN.js HTTP/1.1" 200 1900
124.79.74.72 - - [14/Oct/2022:11:33:54 +0800] "GET /xingrg/javascript/jquery.timers.js HTTP/1.1" 200 3532
124.79.74.72 - - [14/Oct/2022:11:33:54 +0800] "GET /xingrg/javascript/jquery.utils.js HTTP/1.1" 200 11805
124.79.74.72 - - [14/Oct/2022:11:33:54 +0800] "GET /xingrg/javascript/jquery.form.js HTTP/1.1" 200 23110
124.79.74.72 - - [14/Oct/2022:11:33:54 +0800] "GET /favicon.ico HTTP/1.1" 404 -
124.79.74.72 - - [14/Oct/2022:11:33:54 +0800] "GET /xingrg/javascript/jquery_easy_ui/themes/icons/settle_new.png HTTP/1.1" 200 826
