101.83.146.154 - - [14/Oct/2022:09:23:12 +0800] "GET /xingrg/javascript/easyui/plugins/jquery.parser.js HTTP/1.1" 304 -
101.83.146.154 - - [14/Oct/2022:09:23:12 +0800] "GET /xingrg/images/control/ajaxLoader.gif HTTP/1.1" 304 -
101.83.146.154 - - [14/Oct/2022:09:23:14 +0800] "POST /xingrg/kc/buy/cgsh_list_operate.html HTTP/1.1" 200 2696
222.70.183.206 - - [14/Oct/2022:09:23:15 +0800] "POST /xingrg/services/DataTransmitService HTTP/1.1" 200 524
116.238.194.138 - - [14/Oct/2022:09:23:15 +0800] "GET /xingrg/all/function/internal_message.html?_=1665710544376&CODE_STATE=getMsg HTTP/1.1" 200 27
101.83.146.154 - - [14/Oct/2022:09:23:16 +0800] "GET /xingrg/javascript/easyui/themes/default/images/button_plain_hover.png HTTP/1.1" 304 -
101.83.146.154 - - [14/Oct/2022:09:23:18 +0800] "GET /xingrg/javascript/jquery_tools/order_manager.js HTTP/1.1" 304 -
101.83.146.154 - - [14/Oct/2022:09:23:18 +0800] "GET /xingrg/kc/buy/cgsh_order_add.html HTTP/1.1" 200 69175
101.83.146.154 - - [14/Oct/2022:09:23:18 +0800] "GET /xingrg/javascript/convert.js HTTP/1.1" 304 -
101.83.146.154 - - [14/Oct/2022:09:23:18 +0800] "GET /xingrg/javascript/json2.js HTTP/1.1" 304 -
101.83.146.154 - - [14/Oct/2022:09:23:18 +0800] "GET /xingrg/javascript/print/kc_print.js HTTP/1.1" 304 -
101.83.146.154 - - [14/Oct/2022:09:23:18 +0800] "GET /xingrg/words/20221013093351_words.js HTTP/1.1" 200 925346
101.83.146.154 - - [14/Oct/2022:09:23:18 +0800] "GET /xingrg/javascript/easyui/themes/icons/template_new.png HTTP/1.1" 304 -
101.83.146.154 - - [14/Oct/2022:09:23:18 +0800] "GET /xingrg/javascript/easyui/themes/icons/ok.png HTTP/1.1" 304 -
101.83.146.154 - - [14/Oct/2022:09:23:18 +0800] "GET /xingrg/javascript/easyui/themes/icons/copy_new.png HTTP/1.1" 304 -
101.83.146.154 - - [14/Oct/2022:09:23:18 +0800] "GET /xingrg/javascript/easyui/themes/icons/print.png HTTP/1.1" 304 -
101.83.146.154 - - [14/Oct/2022:09:23:18 +0800] "GET /xingrg/javascript/easyui/themes/default/images/menu_downarrow.png HTTP/1.1" 304 -
101.83.146.154 - - [14/Oct/2022:09:23:18 +0800] "GET /xingrg/javascript/easyui/themes/icons/cancel.png HTTP/1.1" 304 -
101.83.146.154 - - [14/Oct/2022:09:23:19 +0800] "POST /xingrg/kc/buy/cgsh_order_operate.html HTTP/1.1" 200 8245
101.83.146.154 - - [14/Oct/2022:09:23:19 +0800] "GET /xingrg/javascript/easyui/themes/default/validatebox.css HTTP/1.1" 404 1104
101.83.146.154 - - [14/Oct/2022:09:23:19 +0800] "GET /xingrg/all/common/auto_word.html?type=employee&rest_code=00105 HTTP/1.1" 200 193
101.83.146.154 - - [14/Oct/2022:09:23:19 +0800] "GET /xingrg/all/common/auto_word.html?type=employee&rest_code=00105 HTTP/1.1" 200 193
101.83.146.154 - - [14/Oct/2022:09:23:19 +0800] "GET /xingrg/javascript/easyui/plugins/jquery.validatebox.js HTTP/1.1" 304 -
101.83.146.154 - - [14/Oct/2022:09:23:19 +0800] "GET /xingrg/javascript/easyui/plugins/jquery.numberbox.js HTTP/1.1" 304 -
101.83.146.154 - - [14/Oct/2022:09:23:19 +0800] "GET /xingrg/javascript/easyui/themes/icons/edit_remove.png HTTP/1.1" 304 -
222.70.183.206 - - [14/Oct/2022:09:23:21 +0800] "POST /xingrg/kc/buy/cgsh_order_operate.html HTTP/1.1" 200 37
114.83.219.23 - - [14/Oct/2022:09:23:21 +0800] "GET /xingrg/kc/buy/cgsh_order_operate.html?command=get_materiel&rest_code=00149&code=00101008332&supplier_code=00100008&order_time=2022-10-14 HTTP/1.1" 200 23
101.83.146.154 - - [14/Oct/2022:09:23:22 +0800] "GET /xingrg/javascript/auto/indicator.gif HTTP/1.1" 404 1066
114.83.219.57 - - [14/Oct/2022:09:23:22 +0800] "GET /xingrg/all/function/internal_message.html?_=1665710698243&CODE_STATE=getMsg HTTP/1.1" 200 27
222.70.183.206 - - [14/Oct/2022:09:23:23 +0800] "POST /xingrg/kc/buy/cgsh_order_operate.html HTTP/1.1" 200 14554
221.239.141.151 - - [14/Oct/2022:09:23:28 +0800] "GET /xingrg/all/function/internal_message.html?_=1665710607855&CODE_STATE=getMsg HTTP/1.1" 200 27
221.239.141.151 - - [14/Oct/2022:09:23:28 +0800] "GET /xingrg/check_reg.html?_=1665710607854 HTTP/1.1" 200 22
222.64.59.143 - - [14/Oct/2022:09:23:30 +0800] "POST /xingrg/services/DataTransmitService HTTP/1.1" 200 524
114.83.219.23 - - [14/Oct/2022:09:23:30 +0800] "POST /xingrg/kc/buy/cgsh_order_operate.html HTTP/1.1" 200 37
221.239.141.151 - - [14/Oct/2022:09:23:31 +0800] "GET /xingrg/kc/buy/cgsh_order_operate.html?command=get_materiel&rest_code=00102&code=00102002156&supplier_code=00100096&order_time=2022-10-14 HTTP/1.1" 200 424
114.83.219.23 - - [14/Oct/2022:09:23:32 +0800] "POST /xingrg/kc/buy/cgsh_order_operate.html HTTP/1.1" 200 9223
101.83.146.154 - - [14/Oct/2022:09:23:36 +0800] "GET /xingrg/all/function/internal_message.html?_=1665710616106&CODE_STATE=getMsg HTTP/1.1" 200 27
101.83.146.154 - - [14/Oct/2022:09:23:37 +0800] "GET /xingrg/kc/buy/cgsh_order_operate.html?command=get_materiel&rest_code=00105&code=00101028011&supplier_code=00100017&order_time=2022-10-14 HTTP/1.1" 200 452
114.83.219.23 - - [14/Oct/2022:09:23:37 +0800] "GET /xingrg/login.html?sysBaseUrl=http%3A%2F%2F180.169.147.146%3A18081%2Fxingrg%2F&costTime=31×tamp=1615347190560 HTTP/1.1" 200 7641
114.83.219.23 - - [14/Oct/2022:09:23:38 +0800] "GET /favicon.ico HTTP/1.1" 404 -
124.78.157.213 - - [14/Oct/2022:09:23:38 +0800] "GET /xingrg/all/function/internal_message.html?_=1665710621405&CODE_STATE=getMsg HTTP/1.1" 200 27
114.83.219.23 - - [14/Oct/2022:09:23:39 +0800] "POST /xingrg/login.do HTTP/1.1" 302 -
114.83.219.23 - - [14/Oct/2022:09:23:39 +0800] "GET /xingrg/index.html?sysBaseUrl=http%3A%2F%2F180.169.147.146%3A18081%2Fxingrg%2F&costTime=52×tamp=1665710619670 HTTP/1.1" 200 17179
114.83.219.23 - - [14/Oct/2022:09:23:39 +0800] "GET /favicon.ico HTTP/1.1" 404 -
114.83.219.23 - - [14/Oct/2022:09:23:39 +0800] "POST /xingrg/all/common/load_tree.html?tree=area_rest_tree_json&manage=1 HTTP/1.1" 200 351
114.83.219.23 - - [14/Oct/2022:09:23:40 +0800] "GET /xingrg/all/function/internal_message.html?_=1665710617570&CODE_STATE=count HTTP/1.1" 200 11
114.83.219.23 - - [14/Oct/2022:09:23:40 +0800] "GET /xingrg/check_reg.html?_=1665710617573 HTTP/1.1" 200 22
114.83.219.23 - - [14/Oct/2022:09:23:40 +0800] "POST /xingrg/load_menu.html HTTP/1.1" 200 5138
124.79.74.72 - - [14/Oct/2022:09:23:42 +0800] "GET /xingrg/all/function/internal_message.html?_=1665710620806&CODE_STATE=getMsg HTTP/1.1" 200 27
221.239.141.151 - - [14/Oct/2022:09:23:42 +0800] "GET /xingrg/kc/buy/cgsh_order_operate.html?command=get_materiel&rest_code=00102&code=00101007022&supplier_code=00100096&order_time=2022-10-14 HTTP/1.1" 200 415
222.70.183.206 - - [14/Oct/2022:09:23:44 +0800] "GET /xingrg/all/function/internal_message.html?_=1665710622070&CODE_STATE=getMsg HTTP/1.1" 200 27
116.238.194.138 - - [14/Oct/2022:09:23:48 +0800] "POST /xingrg/kc/buy/cgsh_order_operate.html HTTP/1.1" 200 37
116.230.114.213 - - [14/Oct/2022:09:23:48 +0800] "GET /xingrg/check_reg.html?_=1665710646136 HTTP/1.1" 200 22
114.83.219.23 - - [14/Oct/2022:09:23:50 +0800] "GET /xingrg/kc/buy/cgsh_order_list.html HTTP/1.1" 200 53318
114.83.219.23 - - [14/Oct/2022:09:23:53 +0800] "POST /xingrg/kc/buy/cgsh_list_operate.html HTTP/1.1" 200 1868
101.83.146.154 - - [14/Oct/2022:09:23:53 +0800] "GET /xingrg/all/function/internal_message.html?_=1665710487210&CODE_STATE=getMsg HTTP/1.1" 200 27
114.83.219.23 - - [14/Oct/2022:09:24:00 +0800] "POST /xingrg/kc/buy/cgsh_list_operate.html HTTP/1.1" 200 568
114.83.219.23 - - [14/Oct/2022:09:24:01 +0800] "GET /xingrg/kc/buy/cgsh_order_info.html?code=212022101404305 HTTP/1.1" 200 69190
116.230.114.213 - - [14/Oct/2022:09:24:01 +0800] "GET /xingrg/all/function/internal_message.html?_=1665710659158&CODE_STATE=getMsg HTTP/1.1" 200 27
114.83.219.23 - - [14/Oct/2022:09:24:01 +0800] "GET /xingrg/all/common/auto_word.html?type=employee&rest_code=00149 HTTP/1.1" 200 197
114.83.219.23 - - [14/Oct/2022:09:24:01 +0800] "GET /xingrg/all/common/auto_word.html?type=employee&rest_code=00149 HTTP/1.1" 200 197
114.83.219.23 - - [14/Oct/2022:09:24:01 +0800] "GET /xingrg/javascript/easyui/themes/default/validatebox.css HTTP/1.1" 404 1104
116.230.105.139 - - [14/Oct/2022:09:24:02 +0800] "GET /xingrg/all/function/internal_message.html?_=1665710620628&CODE_STATE=getMsg HTTP/1.1" 200 27
116.238.194.138 - - [14/Oct/2022:09:24:02 +0800] "POST /xingrg/kc/buy/cgsh_order_operate.html HTTP/1.1" 200 12
114.83.219.23 - - [14/Oct/2022:09:24:02 +0800] "POST /xingrg/kc/buy/cgsh_order_operate.html HTTP/1.1" 200 9223
116.238.194.138 - - [14/Oct/2022:09:24:03 +0800] "GET /xingrg/kc/buy/cgsh_order_info.html?code=212022101404301 HTTP/1.1" 200 63996
116.238.194.138 - - [14/Oct/2022:09:24:03 +0800] "GET /xingrg/javascript/easyui/themes/default/validatebox.css HTTP/1.1" 404 1104
116.238.194.138 - - [14/Oct/2022:09:24:04 +0800] "GET /xingrg/all/function/internal_message.html?_=1665710644363&CODE_STATE=getMsg HTTP/1.1" 200 27
221.239.141.151 - - [14/Oct/2022:09:24:04 +0800] "GET /xingrg/kc/buy/cgsh_order_operate.html?command=get_materiel&rest_code=00102&code=00101006177&supplier_code=00100096&order_time=2022-10-14 HTTP/1.1" 200 408
116.238.194.138 - - [14/Oct/2022:09:24:04 +0800] "POST /xingrg/kc/buy/cgsh_order_operate.html HTTP/1.1" 200 28454
101.83.146.154 - - [14/Oct/2022:09:24:06 +0800] "GET /xingrg/kc/buy/cgsh_order_operate.html?command=get_materiel&rest_code=00105&code=00101027001&supplier_code=00100017&order_time=2022-10-14 HTTP/1.1" 200 469
116.238.194.138 - - [14/Oct/2022:09:24:06 +0800] "GET /xingrg/kc/print/load_data.html?order_code=212022101404301&kc_code=cgsh&condition= HTTP/1.1" 200 11276
114.83.219.23 - - [14/Oct/2022:09:24:09 +0800] "GET /xingrg/javascript/auto/indicator.gif HTTP/1.1" 404 1066
114.83.219.23 - - [14/Oct/2022:09:24:13 +0800] "GET /xingrg/kc/buy/cgsh_order_operate.html?command=get_materiel&rest_code=00149&code=00101008332&supplier_code=00100008&order_time=2022-10-14 HTTP/1.1" 200 412
116.238.194.138 - - [14/Oct/2022:09:24:15 +0800] "GET /xingrg/all/function/internal_message.html?_=1665710604455&CODE_STATE=getMsg HTTP/1.1" 200 27
221.239.141.151 - - [14/Oct/2022:09:24:21 +0800] "GET /xingrg/kc/buy/cgsh_order_operate.html?command=get_materiel&rest_code=00102&code=00101016080&supplier_code=00100096&order_time=2022-10-14 HTTP/1.1" 200 408
114.83.219.57 - - [14/Oct/2022:09:24:22 +0800] "GET /xingrg/all/function/internal_message.html?_=1665710758256&CODE_STATE=getMsg HTTP/1.1" 200 27
221.239.141.151 - - [14/Oct/2022:09:24:28 +0800] "GET /xingrg/all/function/internal_message.html?_=1665710667852&CODE_STATE=getMsg HTTP/1.1" 200 27
114.83.219.23 - - [14/Oct/2022:09:24:29 +0800] "GET /xingrg/kc/buy/cgsh_order_operate.html?command=get_materiel&rest_code=00149&code=00101008059&supplier_code=00100008&order_time=2022-10-14 HTTP/1.1" 200 408
124.79.74.72 - - [14/Oct/2022:09:24:35 +0800] "GET /xingrg/check_reg.html?_=1665710673636 HTTP/1.1" 200 22
101.83.146.154 - - [14/Oct/2022:09:24:36 +0800] "GET /xingrg/all/function/internal_message.html?_=1665710676095&CODE_STATE=getMsg HTTP/1.1" 200 27
124.78.157.213 - - [14/Oct/2022:09:24:38 +0800] "GET /xingrg/all/function/internal_message.html?_=1665710681404&CODE_STATE=getMsg HTTP/1.1" 200 27
114.83.219.23 - - [14/Oct/2022:09:24:38 +0800] "GET /xingrg/kc/buy/cgsh_order_operate.html?command=get_materiel&rest_code=00149&code=00101008077&supplier_code=00100008&order_time=2022-10-14 HTTP/1.1" 200 416
114.83.219.23 - - [14/Oct/2022:09:24:40 +0800] "GET /xingrg/all/function/internal_message.html?_=1665710677579&CODE_STATE=getMsg HTTP/1.1" 200 27
124.79.74.72 - - [14/Oct/2022:09:24:42 +0800] "GET /xingrg/all/function/internal_message.html?_=1665710680777&CODE_STATE=getMsg HTTP/1.1" 200 27
101.83.146.154 - - [14/Oct/2022:09:24:42 +0800] "POST /xingrg/kc/buy/cgsh_order_operate.html HTTP/1.1" 200 37
221.239.141.151 - - [14/Oct/2022:09:24:42 +0800] "GET /xingrg/kc/buy/cgsh_order_operate.html?command=get_materiel&rest_code=00102&code=00101016017&supplier_code=00100096&order_time=2022-10-14 HTTP/1.1" 200 409
101.83.146.154 - - [14/Oct/2022:09:24:43 +0800] "POST /xingrg/kc/buy/cgsh_order_operate.html HTTP/1.1" 200 34009
222.70.183.206 - - [14/Oct/2022:09:24:44 +0800] "GET /xingrg/all/function/internal_message.html?_=1665710682063&CODE_STATE=getMsg HTTP/1.1" 200 27
101.83.146.154 - - [14/Oct/2022:09:24:44 +0800] "GET /xingrg/kc/print/load_data.html?order_code=212022101404292&kc_code=cgsh&condition= HTTP/1.1" 200 12494
101.83.146.154 - - [14/Oct/2022:09:24:48 +0800] "GET /xingrg/kc/buy/cgsh_order_operate.html?command=get_materiel&rest_code=00105&code=00101029002&supplier_code=00100017&order_time=2022-10-14 HTTP/1.1" 200 450
114.83.219.23 - - [14/Oct/2022:09:24:48 +0800] "GET /xingrg/kc/buy/cgsh_order_operate.html?command=get_materiel&rest_code=00149&code=00101008069&supplier_code=00100008&order_time=2022-10-14 HTTP/1.1" 200 412
114.83.219.23 - - [14/Oct/2022:09:24:52 +0800] "POST /xingrg/kc/buy/cgsh_order_operate.html HTTP/1.1" 200 2065
120.253.135.82 - - [14/Oct/2022:09:24:52 +0800] "GET /xingrg/check_reg.html?_=1665710487656 HTTP/1.1" 200 22
221.239.141.151 - - [14/Oct/2022:09:24:53 +0800] "GET /xingrg/kc/buy/cgsh_order_operate.html?command=get_materiel&rest_code=00102&code=00101012070&supplier_code=00100096&order_time=2022-10-14 HTTP/1.1" 200 414
101.83.146.154 - - [14/Oct/2022:09:24:53 +0800] "GET /xingrg/all/function/internal_message.html?_=1665710547219&CODE_STATE=getMsg HTTP/1.1" 200 27
172.20.0.100 - - [14/Oct/2022:09:24:55 +0800] "GET /xingrg/check_reg.html?_=1665710694390 HTTP/1.1" 302 -
114.83.219.23 - - [14/Oct/2022:09:24:56 +0800] "GET /xingrg/kc/buy/cgsh_order_operate.html?command=get_materiel&rest_code=00149&code=00101008286&supplier_code=00100008&order_time=2022-10-14 HTTP/1.1" 200 408
116.230.114.213 - - [14/Oct/2022:09:25:01 +0800] "GET /xingrg/all/function/internal_message.html?_=1665710719172&CODE_STATE=getMsg HTTP/1.1" 200 27
116.230.105.139 - - [14/Oct/2022:09:25:02 +0800] "GET /xingrg/all/function/internal_message.html?_=1665710680627&CODE_STATE=getMsg HTTP/1.1" 200 27
116.238.194.138 - - [14/Oct/2022:09:25:04 +0800] "GET /xingrg/all/function/internal_message.html?_=1665710704358&CODE_STATE=getMsg HTTP/1.1" 200 27
114.83.219.23 - - [14/Oct/2022:09:25:05 +0800] "GET /xingrg/kc/buy/cgsh_order_operate.html?command=get_materiel&rest_code=00149&code=00101008036&supplier_code=00100008&order_time=2022-10-14 HTTP/1.1" 200 408
114.84.81.136 - - [14/Oct/2022:09:25:10 +0800] "GET /xingrg/all/function/internal_message.html?_=1665710711613&CODE_STATE=getMsg HTTP/1.1" 302 -
116.238.194.138 - - [14/Oct/2022:09:25:15 +0800] "GET /xingrg/check_reg.html?_=1665710664255 HTTP/1.1" 200 22
116.238.194.138 - - [14/Oct/2022:09:25:15 +0800] "GET /xingrg/all/function/internal_message.html?_=1665710664458&CODE_STATE=getMsg HTTP/1.1" 200 27
114.83.219.23 - - [14/Oct/2022:09:25:20 +0800] "GET /xingrg/kc/buy/cgsh_order_operate.html?command=get_materiel&rest_code=00149&code=00101008131&supplier_code=00100008&order_time=2022-10-14 HTTP/1.1" 200 408
114.83.219.57 - - [14/Oct/2022:09:25:22 +0800] "GET /xingrg/all/function/internal_message.html?_=1665710818252&CODE_STATE=getMsg HTTP/1.1" 200 27
101.83.146.154 - - [14/Oct/2022:09:25:26 +0800] "GET /xingrg/kc/buy/cgsh_order_operate.html?command=get_materiel&rest_code=00105&code=00101029022&supplier_code=00100017&order_time=2022-10-14 HTTP/1.1" 200 452
221.239.141.151 - - [14/Oct/2022:09:25:28 +0800] "GET /xingrg/all/function/internal_message.html?_=1665710727855&CODE_STATE=getMsg HTTP/1.1" 200 27
221.239.141.151 - - [14/Oct/2022:09:25:29 +0800] "GET /xingrg/kc/buy/cgsh_order_operate.html?command=get_materiel&rest_code=00102&code=00101006111&supplier_code=00100096&order_time=2022-10-14 HTTP/1.1" 200 411
114.83.219.23 - - [14/Oct/2022:09:25:29 +0800] "GET /xingrg/kc/buy/cgsh_order_operate.html?command=get_materiel&rest_code=00149&code=00101008296&supplier_code=00100008&order_time=2022-10-14 HTTP/1.1" 200 416
101.83.146.154 - - [14/Oct/2022:09:25:36 +0800] "GET /xingrg/all/function/internal_message.html?_=1665710736112&CODE_STATE=getMsg HTTP/1.1" 200 27
101.83.146.154 - - [14/Oct/2022:09:25:36 +0800] "GET /xingrg/check_reg.html?_=1665710736130 HTTP/1.1" 200 22
221.239.141.151 - - [14/Oct/2022:09:25:37 +0800] "GET /xingrg/kc/buy/cgsh_order_operate.html?command=get_materiel&rest_code=00102&code=00101006109&supplier_code=00100096&order_time=2022-10-14 HTTP/1.1" 200 411
124.78.157.213 - - [14/Oct/2022:09:25:38 +0800] "GET /xingrg/all/function/internal_message.html?_=1665710741431&CODE_STATE=getMsg HTTP/1.1" 200 27
114.83.219.23 - - [14/Oct/2022:09:25:40 +0800] "GET /xingrg/all/function/internal_message.html?_=1665710737582&CODE_STATE=getMsg HTTP/1.1" 200 27
124.79.74.72 - - [14/Oct/2022:09:25:42 +0800] "GET /xingrg/all/function/internal_message.html?_=1665710740761&CODE_STATE=getMsg HTTP/1.1" 200 27
114.83.219.23 - - [14/Oct/2022:09:25:43 +0800] "GET /xingrg/kc/buy/cgsh_order_operate.html?command=get_materiel&rest_code=00149&code=00101008318&supplier_code=00100008&order_time=2022-10-14 HTTP/1.1" 200 408
222.70.183.206 - - [14/Oct/2022:09:25:44 +0800] "GET /xingrg/all/function/internal_message.html?_=1665710742065&CODE_STATE=getMsg HTTP/1.1" 200 27
114.83.219.23 - - [14/Oct/2022:09:25:47 +0800] "POST /xingrg/kc/buy/cgsh_order_operate.html HTTP/1.1" 200 2065
221.239.141.151 - - [14/Oct/2022:09:25:47 +0800] "GET /xingrg/kc/buy/cgsh_order_operate.html?command=get_materiel&rest_code=00102&code=00101006062&supplier_code=00100096&order_time=2022-10-14 HTTP/1.1" 200 411
101.83.146.154 - - [14/Oct/2022:09:25:53 +0800] "GET /xingrg/all/function/internal_message.html?_=1665710607210&CODE_STATE=getMsg HTTP/1.1" 200 27
114.83.219.23 - - [14/Oct/2022:09:25:53 +0800] "GET /xingrg/kc/buy/cgsh_order_operate.html?command=get_materiel&rest_code=00149&code=00101008005&supplier_code=00100008&order_time=2022-10-14 HTTP/1.1" 200 412
221.239.141.151 - - [14/Oct/2022:09:25:59 +0800] "GET /xingrg/kc/buy/cgsh_order_operate.html?command=get_materiel&rest_code=00102&code=00101006055&supplier_code=00100096&order_time=2022-10-14 HTTP/1.1" 200 411
116.230.114.213 - - [14/Oct/2022:09:26:01 +0800] "GET /xingrg/all/function/internal_message.html?_=1665710779199&CODE_STATE=getMsg HTTP/1.1" 200 27
116.230.105.139 - - [14/Oct/2022:09:26:02 +0800] "GET /xingrg/all/function/internal_message.html?_=1665710740611&CODE_STATE=getMsg HTTP/1.1" 200 27
101.83.146.154 - - [14/Oct/2022:09:26:02 +0800] "GET /xingrg/kc/buy/cgsh_order_operate.html?command=get_materiel&rest_code=00105&code=00101029011&supplier_code=00100017&order_time=2022-10-14 HTTP/1.1" 200 460
116.238.194.138 - - [14/Oct/2022:09:26:04 +0800] "GET /xingrg/all/function/internal_message.html?_=1665710764364&CODE_STATE=getMsg HTTP/1.1" 200 27
114.83.219.23 - - [14/Oct/2022:09:26:04 +0800] "GET /xingrg/kc/buy/cgsh_order_operate.html?command=get_materiel&rest_code=00149&code=00101008353&supplier_code=00100008&order_time=2022-10-14 HTTP/1.1" 200 408
114.83.219.23 - - [14/Oct/2022:09:26:11 +0800] "GET /xingrg/kc/buy/cgsh_order_operate.html?command=get_materiel&rest_code=00149&code=00101008213&supplier_code=00100008&order_time=2022-10-14 HTTP/1.1" 200 412
116.238.194.138 - - [14/Oct/2022:09:26:12 +0800] "GET /xingrg/javascript/jquery_easy_ui/themes/default/images/tabs_active.png HTTP/1.1" 200 2894
116.238.194.138 - - [14/Oct/2022:09:26:15 +0800] "GET /xingrg/all/function/internal_message.html?_=1665710724472&CODE_STATE=getMsg HTTP/1.1" 200 27
221.239.141.151 - - [14/Oct/2022:09:26:16 +0800] "GET /xingrg/kc/buy/cgsh_order_operate.html?command=get_materiel&rest_code=00102&code=00101007049&supplier_code=00100096&order_time=2022-10-14 HTTP/1.1" 200 409
116.238.194.138 - - [14/Oct/2022:09:26:17 +0800] "GET /xingrg/javascript/jquery_tools/images/prev.gif HTTP/1.1" 404 1086
116.238.194.138 - - [14/Oct/2022:09:26:17 +0800] "GET /xingrg/javascript/jquery_tools/images/next.gif HTTP/1.1" 404 1086
114.83.219.23 - - [14/Oct/2022:09:26:19 +0800] "GET /xingrg/kc/buy/cgsh_order_operate.html?command=get_materiel&rest_code=00149&code=00101008123&supplier_code=00100008&order_time=2022-10-14 HTTP/1.1" 200 412
114.83.219.57 - - [14/Oct/2022:09:26:22 +0800] "GET /xingrg/check_reg.html?_=1665710878240 HTTP/1.1" 200 22
114.83.219.57 - - [14/Oct/2022:09:26:22 +0800] "GET /xingrg/all/function/internal_message.html?_=1665710878242&CODE_STATE=getMsg HTTP/1.1" 200 27
221.239.141.151 - - [14/Oct/2022:09:26:24 +0800] "GET /xingrg/kc/buy/cgsh_order_operate.html?command=get_materiel&rest_code=00102&code=00101007077&supplier_code=00100096&order_time=2022-10-14 HTTP/1.1" 200 415
221.239.141.151 - - [14/Oct/2022:09:26:28 +0800] "GET /xingrg/all/function/internal_message.html?_=1665710787837&CODE_STATE=getMsg HTTP/1.1" 200 27
114.83.219.23 - - [14/Oct/2022:09:26:31 +0800] "GET /xingrg/kc/buy/cgsh_order_operate.html?command=get_materiel&rest_code=00149&code=00101008145&supplier_code=00100008&order_time=2022-10-14 HTTP/1.1" 200 416
116.238.194.138 - - [14/Oct/2022:09:26:32 +0800] "POST /xingrg/kc/buy/cgsh_list_operate.html HTTP/1.1" 200 986
101.83.146.154 - - [14/Oct/2022:09:26:36 +0800] "GET /xingrg/all/function/internal_message.html?_=1665710796114&CODE_STATE=getMsg HTTP/1.1" 200 27
114.83.219.23 - - [14/Oct/2022:09:26:38 +0800] "POST /xingrg/services/DataTransmitService HTTP/1.1" 200 524
124.78.157.213 - - [14/Oct/2022:09:26:38 +0800] "GET /xingrg/check_reg.html?_=1665710801430 HTTP/1.1" 200 22
124.78.157.213 - - [14/Oct/2022:09:26:38 +0800] "GET /xingrg/all/function/internal_message.html?_=1665710801434&CODE_STATE=getMsg HTTP/1.1" 200 27
114.83.219.23 - - [14/Oct/2022:09:26:40 +0800] "GET /xingrg/all/function/internal_message.html?_=1665710797600&CODE_STATE=getMsg HTTP/1.1" 200 27
116.238.194.138 - - [14/Oct/2022:09:26:40 +0800] "POST /xingrg/kc/buy/cgsh_list_operate.html HTTP/1.1" 200 986
124.79.74.72 - - [14/Oct/2022:09:26:42 +0800] "GET /xingrg/all/function/internal_message.html?_=1665710800748&CODE_STATE=getMsg HTTP/1.1" 200 27
222.70.183.206 - - [14/Oct/2022:09:26:44 +0800] "GET /xingrg/check_reg.html?_=1665710802066 HTTP/1.1" 200 22
222.70.183.206 - - [14/Oct/2022:09:26:44 +0800] "GET /xingrg/all/function/internal_message.html?_=1665710802070&CODE_STATE=getMsg HTTP/1.1" 200 27
116.238.194.138 - - [14/Oct/2022:09:26:45 +0800] "POST /xingrg/kc/buy/cgsh_list_operate.html HTTP/1.1" 200 986
114.83.219.23 - - [14/Oct/2022:09:26:46 +0800] "GET /xingrg/kc/buy/cgsh_order_operate.html?command=get_materiel&rest_code=00149&code=00101008150&supplier_code=00100008&order_time=2022-10-14 HTTP/1.1" 200 409
114.83.219.23 - - [14/Oct/2022:09:26:50 +0800] "POST /xingrg/kc/buy/cgsh_order_operate.html HTTP/1.1" 200 2065
101.83.146.154 - - [14/Oct/2022:09:26:51 +0800] "GET /xingrg/kc/buy/cgsh_order_operate.html?command=get_materiel&rest_code=00105&code=00101028016&supplier_code=00100017&order_time=2022-10-14 HTTP/1.1" 200 447
101.83.146.154 - - [14/Oct/2022:09:26:53 +0800] "GET /xingrg/check_reg.html?_=1665710667213 HTTP/1.1" 200 22
101.83.146.154 - - [14/Oct/2022:09:26:53 +0800] "GET /xingrg/all/function/internal_message.html?_=1665710667217&CODE_STATE=getMsg HTTP/1.1" 200 27
116.238.194.138 - - [14/Oct/2022:09:27:00 +0800] "POST /xingrg/all/user/operate.html HTTP/1.1" 200 36
114.83.219.23 - - [14/Oct/2022:09:27:00 +0800] "GET /xingrg/kc/buy/cgsh_order_operate.html?command=get_materiel&rest_code=00149&code=00101008114&supplier_code=00100008&order_time=2022-10-14 HTTP/1.1" 200 412
116.238.194.138 - - [14/Oct/2022:09:27:00 +0800] "GET /xingrg/javascript/jquery_easy_ui/themes/default/easyui.css HTTP/1.1" 304 -
116.238.194.138 - - [14/Oct/2022:09:27:00 +0800] "GET /xingrg/index.html?sysBaseUrl=http%3A%2F%2F180.169.147.146%3A18081%2Fxingrg%2F&costTime=43×tamp=1665710012988 HTTP/1.1" 200 17179
116.238.194.138 - - [14/Oct/2022:09:27:00 +0800] "GET /xingrg/javascript/jquery_easy_ui/themes/icon.css HTTP/1.1" 304 -
116.238.194.138 - - [14/Oct/2022:09:27:00 +0800] "GET /xingrg/css/form.css HTTP/1.1" 304 -
116.238.194.138 - - [14/Oct/2022:09:27:00 +0800] "GET /xingrg/javascript/jquery-1.4.2.min.js HTTP/1.1" 304 -
116.238.194.138 - - [14/Oct/2022:09:27:00 +0800] "GET /xingrg/javascript/jquery_easy_ui/jquery.easyui.min.js HTTP/1.1" 304 -
116.238.194.138 - - [14/Oct/2022:09:27:00 +0800] "GET /xingrg/javascript/jquery_easy_ui/easyui-lang-zh_CN.js HTTP/1.1" 304 -
116.238.194.138 - - [14/Oct/2022:09:27:00 +0800] "GET /xingrg/javascript/jquery.form.js HTTP/1.1" 304 -
116.238.194.138 - - [14/Oct/2022:09:27:00 +0800] "GET /xingrg/javascript/jquery.utils.js HTTP/1.1" 304 -
116.238.194.138 - - [14/Oct/2022:09:27:00 +0800] "GET /xingrg/javascript/jquery.timers.js HTTP/1.1" 304 -
116.238.194.138 - - [14/Oct/2022:09:27:01 +0800] "GET /xingrg/images/blue/navBackgound.jpg HTTP/1.1" 304 -
116.238.194.138 - - [14/Oct/2022:09:27:01 +0800] "GET /xingrg/images/blue/jxLogo.png HTTP/1.1" 304 -
116.238.194.138 - - [14/Oct/2022:09:27:01 +0800] "GET /xingrg/javascript/jquery_easy_ui/themes/icons/settle_new.png HTTP/1.1" 304 -
116.238.194.138 - - [14/Oct/2022:09:27:01 +0800] "POST /xingrg/all/common/load_tree.html?tree=area_rest_tree_json&manage=1 HTTP/1.1" 200 476
116.238.194.138 - - [14/Oct/2022:09:27:01 +0800] "GET /xingrg/images/blue/pingpu.png HTTP/1.1" 304 -
116.238.194.138 - - [14/Oct/2022:09:27:01 +0800] "GET /xingrg/javascript/jquery_easy_ui/themes/default/images/tabs_leftarrow.png HTTP/1.1" 304 -
116.238.194.138 - - [14/Oct/2022:09:27:01 +0800] "GET /xingrg/javascript/jquery_easy_ui/themes/default/images/tabs_rightarrow.png HTTP/1.1" 304 -
116.238.194.138 - - [14/Oct/2022:09:27:01 +0800] "GET /xingrg/javascript/jquery_easy_ui/themes/default/images/panel_tool_collapse.gif HTTP/1.1" 304 -
116.238.194.138 - - [14/Oct/2022:09:27:01 +0800] "GET /xingrg/all/function/internal_message.html?_=1665710769647&CODE_STATE=count HTTP/1.1" 200 11
116.238.194.138 - - [14/Oct/2022:09:27:01 +0800] "GET /xingrg/check_reg.html?_=1665710769648 HTTP/1.1" 200 22
116.238.194.138 - - [14/Oct/2022:09:27:01 +0800] "POST /xingrg/load_menu.html HTTP/1.1" 200 5138
116.230.105.139 - - [14/Oct/2022:09:27:01 +0800] "GET /xingrg/check_reg.html?_=1665710799739 HTTP/1.1" 200 22
116.230.114.213 - - [14/Oct/2022:09:27:01 +0800] "GET /xingrg/all/function/internal_message.html?_=1665710839214&CODE_STATE=getMsg HTTP/1.1" 200 27
116.230.105.139 - - [14/Oct/2022:09:27:02 +0800] "GET /xingrg/all/function/internal_message.html?_=1665710800601&CODE_STATE=getMsg HTTP/1.1" 200 27
116.238.194.138 - - [14/Oct/2022:09:27:04 +0800] "GET /xingrg/all/function/internal_message.html?_=1665710824364&CODE_STATE=getMsg HTTP/1.1" 200 27
116.238.194.138 - - [14/Oct/2022:09:27:04 +0800] "GET /xingrg/check_reg.html?_=1665710824367 HTTP/1.1" 200 22
116.238.194.138 - - [14/Oct/2022:09:27:04 +0800] "GET /xingrg/kc/buy/cgsh_order_list.html HTTP/1.1" 200 53318
116.238.194.138 - - [14/Oct/2022:09:27:05 +0800] "POST /xingrg/kc/buy/cgsh_list_operate.html HTTP/1.1" 200 986
116.238.194.138 - - [14/Oct/2022:09:27:08 +0800] "GET /xingrg/javascript/jquery_tools/images/prev.gif HTTP/1.1" 404 1086
116.238.194.138 - - [14/Oct/2022:09:27:08 +0800] "GET /xingrg/javascript/jquery_tools/images/next.gif HTTP/1.1" 404 1086
116.238.194.138 - - [14/Oct/2022:09:27:17 +0800] "GET /xingrg/javascript/auto/indicator.gif HTTP/1.1" 404 1066
222.70.183.206 - - [14/Oct/2022:09:27:21 +0800] "GET /xingrg/kc/buy/cgsh_order_add.html HTTP/1.1" 200 69049
222.70.183.206 - - [14/Oct/2022:09:27:22 +0800] "POST /xingrg/kc/buy/cgsh_order_operate.html HTTP/1.1" 200 8245
222.70.183.206 - - [14/Oct/2022:09:27:22 +0800] "GET /xingrg/javascript/easyui/themes/default/validatebox.css HTTP/1.1" 404 1104
114.83.219.57 - - [14/Oct/2022:09:27:22 +0800] "GET /xingrg/all/function/internal_message.html?_=1665710938255&CODE_STATE=getMsg HTTP/1.1" 200 27
114.84.81.136 - - [14/Oct/2022:09:27:23 +0800] "GET /xingrg/all/function/internal_message.html?_=1665710843903&CODE_STATE=getMsg HTTP/1.1" 302 -
116.238.194.138 - - [14/Oct/2022:09:27:23 +0800] "POST /xingrg/kc/buy/cgsh_list_operate.html HTTP/1.1" 200 6345
221.239.141.151 - - [14/Oct/2022:09:27:28 +0800] "GET /xingrg/all/function/internal_message.html?_=1665710847855&CODE_STATE=getMsg HTTP/1.1" 200 27
101.83.146.154 - - [14/Oct/2022:09:27:28 +0800] "GET /xingrg/kc/buy/cgsh_order_add.html HTTP/1.1" 200 69175
101.83.146.154 - - [14/Oct/2022:09:27:29 +0800] "POST /xingrg/kc/buy/cgsh_order_operate.html HTTP/1.1" 200 8245
101.83.146.154 - - [14/Oct/2022:09:27:29 +0800] "GET /xingrg/javascript/easyui/themes/default/validatebox.css HTTP/1.1" 404 1104
221.239.141.151 - - [14/Oct/2022:09:27:30 +0800] "POST /xingrg/kc/buy/cgsh_order_operate.html HTTP/1.1" 200 37
114.83.219.23 - - [14/Oct/2022:09:27:30 +0800] "GET /xingrg/kc/buy/cgsh_order_operate.html?command=get_materiel&rest_code=00149&code=00101008568&supplier_code=00100008&order_time=2022-10-14 HTTP/1.1" 200 412
222.70.183.206 - - [14/Oct/2022:09:27:35 +0800] "GET /xingrg/kc/buy/cgsh_order_operate.html?command=get_materiel&rest_code=00111&code=00101006006&supplier_code=00100012&order_time=2022-10-14 HTTP/1.1" 200 409
221.239.141.151 - - [14/Oct/2022:09:27:35 +0800] "POST /xingrg/kc/buy/cgsh_order_operate.html HTTP/1.1" 200 12
101.83.146.154 - - [14/Oct/2022:09:27:36 +0800] "GET /xingrg/all/function/internal_message.html?_=1665710856115&CODE_STATE=getMsg HTTP/1.1" 200 27
221.239.141.151 - - [14/Oct/2022:09:27:38 +0800] "GET /xingrg/kc/buy/cgsh_order_info.html?code=212022101404306 HTTP/1.1" 200 64019
221.239.141.151 - - [14/Oct/2022:09:27:38 +0800] "GET /xingrg/javascript/easyui/themes/default/validatebox.css HTTP/1.1" 404 1104
124.78.157.213 - - [14/Oct/2022:09:27:38 +0800] "GET /xingrg/all/function/internal_message.html?_=1665710861420&CODE_STATE=getMsg HTTP/1.1" 200 27
221.239.141.151 - - [14/Oct/2022:09:27:39 +0800] "POST /xingrg/kc/buy/cgsh_order_operate.html HTTP/1.1" 200 6511
114.83.219.23 - - [14/Oct/2022:09:27:40 +0800] "GET /xingrg/all/function/internal_message.html?_=1665710857635&CODE_STATE=getMsg HTTP/1.1" 200 27
101.83.146.154 - - [14/Oct/2022:09:27:41 +0800] "GET /xingrg/kc/buy/cgsh_order_operate.html?command=get_materiel&rest_code=00105&code=00101028009&supplier_code=00100017&order_time=2022-10-14 HTTP/1.1" 200 438
221.239.141.151 - - [14/Oct/2022:09:27:41 +0800] "GET /xingrg/kc/print/load_config.html?kc_code=cgsh HTTP/1.1" 200 1943
221.239.141.151 - - [14/Oct/2022:09:27:41 +0800] "GET /xingrg/kc/print/load_data.html?order_code=212022101404306&kc_code=cgsh&condition= HTTP/1.1" 200 2898
124.79.74.72 - - [14/Oct/2022:09:27:42 +0800] "GET /xingrg/all/function/internal_message.html?_=1665710860717&CODE_STATE=getMsg HTTP/1.1" 200 27
101.83.146.154 - - [14/Oct/2022:09:27:43 +0800] "GET /xingrg/kc/buy/cgsh_order_operate.html?command=get_materiel&rest_code=00105&code=00101002027&supplier_code=00100397&order_time=2022-10-14 HTTP/1.1" 200 413
222.70.183.206 - - [14/Oct/2022:09:27:44 +0800] "GET /xingrg/kc/buy/cgsh_order_operate.html?command=get_materiel&rest_code=00111&code=00101018011&supplier_code=00100012&order_time=2022-10-14 HTTP/1.1" 200 413
222.70.183.206 - - [14/Oct/2022:09:27:44 +0800] "GET /xingrg/all/function/internal_message.html?_=1665710862076&CODE_STATE=getMsg HTTP/1.1" 200 27
101.83.146.154 - - [14/Oct/2022:09:27:53 +0800] "GET /xingrg/all/function/internal_message.html?_=1665710727222&CODE_STATE=getMsg HTTP/1.1" 200 27
222.70.183.206 - - [14/Oct/2022:09:27:57 +0800] "GET /xingrg/kc/buy/cgsh_order_operate.html?command=get_materiel&rest_code=00111&code=00101016080&supplier_code=00100012&order_time=2022-10-14 HTTP/1.1" 200 408
114.83.219.23 - - [14/Oct/2022:09:27:57 +0800] "POST /xingrg/kc/buy/cgsh_order_operate.html HTTP/1.1" 200 2065
101.83.146.154 - - [14/Oct/2022:09:27:58 +0800] "GET /xingrg/kc/buy/cgsh_order_operate.html?command=get_materiel&rest_code=00105&code=00101001099&supplier_code=00100397&order_time=2022-10-14 HTTP/1.1" 200 409
116.238.194.138 - - [14/Oct/2022:09:28:01 +0800] "GET /xingrg/all/function/internal_message.html?_=1665710829667&CODE_STATE=getMsg HTTP/1.1" 200 27
116.230.114.213 - - [14/Oct/2022:09:28:01 +0800] "GET /xingrg/all/function/internal_message.html?_=1665710899242&CODE_STATE=getMsg HTTP/1.1" 200 27
116.230.105.139 - - [14/Oct/2022:09:28:02 +0800] "GET /xingrg/all/function/internal_message.html?_=1665710860579&CODE_STATE=getMsg HTTP/1.1" 200 27
114.83.219.23 - - [14/Oct/2022:09:28:03 +0800] "GET /xingrg/kc/buy/cgsh_order_operate.html?command=get_materiel&rest_code=00149&code=00101012026&supplier_code=00100008&order_time=2022-10-14 HTTP/1.1" 200 408
116.238.194.138 - - [14/Oct/2022:09:28:04 +0800] "GET /xingrg/all/function/internal_message.html?_=1665710884367&CODE_STATE=getMsg HTTP/1.1" 200 27
114.88.159.190 - - [14/Oct/2022:09:28:04 +0800] "GET /favicon.ico HTTP/1.1" 404 -
221.239.141.151 - - [14/Oct/2022:09:28:06 +0800] "GET /xingrg/kc/buy/cgsh_order_add.html HTTP/1.1" 200 69128
221.239.141.151 - - [14/Oct/2022:09:28:06 +0800] "POST /xingrg/kc/buy/cgsh_order_operate.html HTTP/1.1" 200 8245
221.239.141.151 - - [14/Oct/2022:09:28:07 +0800] "GET /xingrg/javascript/easyui/themes/default/validatebox.css HTTP/1.1" 404 1104
222.70.183.206 - - [14/Oct/2022:09:28:08 +0800] "GET /xingrg/kc/buy/cgsh_order_operate.html?command=get_materiel&rest_code=00111&code=00101006111&supplier_code=00100012&order_time=2022-10-14 HTTP/1.1" 200 409
114.88.159.190 - - [14/Oct/2022:09:28:08 +0800] "GET /xingrg/login.html HTTP/1.1" 200 7641
114.88.159.190 - - [14/Oct/2022:09:28:08 +0800] "GET /xingrg/images/blue/jxLogo.png HTTP/1.1" 200 6156
114.88.159.190 - - [14/Oct/2022:09:28:08 +0800] "GET /xingrg/images/blue/srbg.png HTTP/1.1" 200 138
114.88.159.190 - - [14/Oct/2022:09:28:08 +0800] "GET /xingrg/images/blue/login_bg.png HTTP/1.1" 200 22101
114.88.159.190 - - [14/Oct/2022:09:28:08 +0800] "GET /xingrg/images/blue/hj.png HTTP/1.1" 200 1014
114.88.159.190 - - [14/Oct/2022:09:28:08 +0800] "GET /favicon.ico HTTP/1.1" 404 -
101.83.146.154 - - [14/Oct/2022:09:28:14 +0800] "GET /xingrg/kc/buy/cgsh_order_operate.html?command=get_materiel&rest_code=00105&code=00101001010&supplier_code=00100397&order_time=2022-10-14 HTTP/1.1" 200 409
221.239.141.151 - - [14/Oct/2022:09:28:15 +0800] "POST /xingrg/kc/buy/cgsh_list_operate.html HTTP/1.1" 200 6524
222.70.183.206 - - [14/Oct/2022:09:28:17 +0800] "POST /xingrg/kc/buy/cgsh_order_operate.html HTTP/1.1" 200 37
114.83.219.23 - - [14/Oct/2022:09:28:20 +0800] "POST /xingrg/kc/buy/cgsh_order_operate.html HTTP/1.1" 200 37
222.70.183.206 - - [14/Oct/2022:09:28:20 +0800] "POST /xingrg/kc/buy/cgsh_order_operate.html HTTP/1.1" 200 4423
222.70.183.206 - - [14/Oct/2022:09:28:21 +0800] "GET /xingrg/kc/print/load_data.html?order_code=212022101404307&kc_code=cgsh&condition= HTTP/1.1" 200 1423
114.83.219.57 - - [14/Oct/2022:09:28:22 +0800] "GET /xingrg/all/function/internal_message.html?_=1665710998246&CODE_STATE=getMsg HTTP/1.1" 200 27
114.88.159.190 - - [14/Oct/2022:09:28:25 +0800] "POST /xingrg/login.do HTTP/1.1" 302 -
114.88.159.190 - - [14/Oct/2022:09:28:25 +0800] "GET /xingrg/css/form.css HTTP/1.1" 200 893
114.88.159.190 - - [14/Oct/2022:09:28:25 +0800] "GET /xingrg/javascript/jquery_easy_ui/themes/icon.css HTTP/1.1" 200 3949
114.88.159.190 - - [14/Oct/2022:09:28:25 +0800] "GET /xingrg/index.html?sysBaseUrl=http%3A%2F%2F180.169.147.146%3A18081%2Fxingrg%2F&costTime=39×tamp=1665710905623 HTTP/1.1" 200 17179
114.88.159.190 - - [14/Oct/2022:09:28:25 +0800] "GET /xingrg/javascript/jquery-1.4.2.min.js HTTP/1.1" 200 72205
114.88.159.190 - - [14/Oct/2022:09:28:25 +0800] "GET /xingrg/javascript/jquery_easy_ui/jquery.easyui.min.js HTTP/1.1" 200 213662
114.88.159.190 - - [14/Oct/2022:09:28:25 +0800] "GET /xingrg/javascript/jquery_easy_ui/easyui-lang-zh_CN.js HTTP/1.1" 200 1900
114.88.159.190 - - [14/Oct/2022:09:28:25 +0800] "GET /xingrg/javascript/jquery.timers.js HTTP/1.1" 200 3532
114.88.159.190 - - [14/Oct/2022:09:28:25 +0800] "GET /xingrg/javascript/jquery.utils.js HTTP/1.1" 200 11805
114.88.159.190 - - [14/Oct/2022:09:28:25 +0800] "GET /xingrg/javascript/jquery.form.js HTTP/1.1" 200 23110
114.88.159.190 - - [14/Oct/2022:09:28:25 +0800] "GET /xingrg/javascript/jquery_easy_ui/themes/default/easyui.css HTTP/1.1" 200 26500
114.88.159.190 - - [14/Oct/2022:09:28:25 +0800] "GET /favicon.ico HTTP/1.1" 404 -
114.88.159.190 - - [14/Oct/2022:09:28:25 +0800] "GET /xingrg/javascript/jquery_easy_ui/themes/icons/settle_new.png HTTP/1.1" 200 826
114.88.159.190 - - [14/Oct/2022:09:28:25 +0800] "GET /xingrg/images/blue/navBackgound.jpg HTTP/1.1" 200 12378
114.88.159.190 - - [14/Oct/2022:09:28:25 +0800] "POST /xingrg/all/common/load_tree.html?tree=area_rest_tree_json&manage=1 HTTP/1.1" 200 351
114.88.159.190 - - [14/Oct/2022:09:28:25 +0800] "GET /xingrg/all/function/internal_message.html?_=1665710534842&CODE_STATE=count HTTP/1.1" 200 11
114.88.159.190 - - [14/Oct/2022:09:28:25 +0800] "GET /xingrg/check_reg.html?_=1665710534843 HTTP/1.1" 200 22
114.88.159.190 - - [14/Oct/2022:09:28:25 +0800] "GET /xingrg/images/blue/pingpu.png HTTP/1.1" 200 231
114.88.159.190 - - [14/Oct/2022:09:28:25 +0800] "GET /xingrg/javascript/jquery_easy_ui/themes/default/images/tabs_leftarrow.png HTTP/1.1" 200 389
114.88.159.190 - - [14/Oct/2022:09:28:25 +0800] "GET /xingrg/javascript/jquery_easy_ui/themes/default/images/tabs_rightarrow.png HTTP/1.1" 200 395
114.88.159.190 - - [14/Oct/2022:09:28:25 +0800] "GET /xingrg/javascript/jquery_easy_ui/themes/default/images/panel_tool_collapse.gif HTTP/1.1" 200 246
114.88.159.190 - - [14/Oct/2022:09:28:25 +0800] "GET /xingrg/javascript/jquery_easy_ui/themes/default/images/tree_arrows.gif HTTP/1.1" 200 1043
114.88.159.190 - - [14/Oct/2022:09:28:25 +0800] "POST /xingrg/load_menu.html HTTP/1.1" 200 5138
114.88.159.190 - - [14/Oct/2022:09:28:26 +0800] "GET /xingrg/javascript/jquery_easy_ui/themes/default/images/tree_folder_open.gif HTTP/1.1" 200 956
114.88.159.190 - - [14/Oct/2022:09:28:26 +0800] "GET /xingrg/javascript/jquery_easy_ui/themes/icons/search_new.png HTTP/1.1" 200 586
114.88.159.190 - - [14/Oct/2022:09:28:26 +0800] "GET /xingrg/javascript/jquery_easy_ui/themes/default/images/tree_file.gif HTTP/1.1" 200 118
114.88.159.190 - - [14/Oct/2022:09:28:26 +0800] "GET /xingrg/javascript/jquery_easy_ui/themes/icons/storage_new.png HTTP/1.1" 200 853
114.88.159.190 - - [14/Oct/2022:09:28:26 +0800] "GET /xingrg/javascript/jquery_easy_ui/themes/default/images/tree_folder.gif HTTP/1.1" 200 952
114.88.159.190 - - [14/Oct/2022:09:28:26 +0800] "GET /xingrg/javascript/jquery_easy_ui/themes/icons/forms_new.png HTTP/1.1" 200 350
101.83.146.154 - - [14/Oct/2022:09:28:26 +0800] "GET /xingrg/kc/buy/cgsh_order_operate.html?command=get_materiel&rest_code=00105&code=00101003025&supplier_code=00100397&order_time=2022-10-14 HTTP/1.1" 200 409
114.88.159.190 - - [14/Oct/2022:09:28:27 +0800] "GET /xingrg/javascript/jquery_easy_ui/themes/icons/area.png HTTP/1.1" 200 262
114.88.159.190 - - [14/Oct/2022:09:28:27 +0800] "GET /xingrg/javascript/jquery_easy_ui/themes/icons/rest.png HTTP/1.1" 200 695
114.83.219.23 - - [14/Oct/2022:09:28:27 +0800] "POST /xingrg/kc/buy/cgsh_order_operate.html HTTP/1.1" 200 12
221.239.141.151 - - [14/Oct/2022:09:28:28 +0800] "GET /xingrg/check_reg.html?_=1665710907853 HTTP/1.1" 200 22
221.239.141.151 - - [14/Oct/2022:09:28:28 +0800] "GET /xingrg/all/function/internal_message.html?_=1665710907854&CODE_STATE=getMsg HTTP/1.1" 200 27
114.88.159.190 - - [14/Oct/2022:09:28:28 +0800] "GET /xingrg/kc/buy/buy_main.html HTTP/1.1" 200 12412
114.88.159.190 - - [14/Oct/2022:09:28:28 +0800] "GET /xingrg/javascript/jquery_easy_ui/themes/default/images/tabs_close.gif HTTP/1.1" 200 829
114.88.159.190 - - [14/Oct/2022:09:28:28 +0800] "GET /xingrg/css/new_ie.css HTTP/1.1" 404 1036
114.88.159.190 - - [14/Oct/2022:09:28:28 +0800] "GET /xingrg/javascript/ToolTips.js HTTP/1.1" 200 5615
114.88.159.190 - - [14/Oct/2022:09:28:28 +0800] "GET /xingrg/images/blue/button/cgxqd.gif HTTP/1.1" 200 2619
114.88.159.190 - - [14/Oct/2022:09:28:28 +0800] "GET /xingrg/javascript/jquery_ui/jquery-ui.min.js HTTP/1.1" 200 186181
114.88.159.190 - - [14/Oct/2022:09:28:28 +0800] "GET /xingrg/images/blue/button/cgydd.gif HTTP/1.1" 200 2712
114.88.159.190 - - [14/Oct/2022:09:28:28 +0800] "GET /xingrg/javascript/pic_change.js HTTP/1.1" 200 4739
114.88.159.190 - - [14/Oct/2022:09:28:28 +0800] "GET /xingrg/images/blue/button/cgshd.gif HTTP/1.1" 200 2618
114.88.159.190 - - [14/Oct/2022:09:28:28 +0800] "GET /xingrg/images/blue/button/cgfkd.gif HTTP/1.1" 200 2075
114.88.159.190 - - [14/Oct/2022:09:28:28 +0800] "GET /xingrg/css/blue.css HTTP/1.1" 200 15949
114.88.159.190 - - [14/Oct/2022:09:28:28 +0800] "GET /xingrg/javascript/myfunction.js HTTP/1.1" 200 24559
114.88.159.190 - - [14/Oct/2022:09:28:28 +0800] "GET /xingrg/images/blue/pic_form2.gif HTTP/1.1" 200 1853
114.88.159.190 - - [14/Oct/2022:09:28:28 +0800] "GET /xingrg/images/blue/button/ckthd.gif HTTP/1.1" 200 2045
114.88.159.190 - - [14/Oct/2022:09:28:28 +0800] "GET /xingrg/javascript/jquery_ui/themes/humanity/humanity.css HTTP/1.1" 200 27801
114.88.159.190 - - [14/Oct/2022:09:28:28 +0800] "GET /xingrg/images/blue/button/kc.gif HTTP/1.1" 200 2160
114.88.159.190 - - [14/Oct/2022:09:28:29 +0800] "GET /xingrg/images/blue/bg_dotted.jpg HTTP/1.1" 200 319
114.88.159.190 - - [14/Oct/2022:09:28:29 +0800] "GET /xingrg/images/blue/button/right_ah.jpg HTTP/1.1" 200 1744
114.88.159.190 - - [14/Oct/2022:09:28:29 +0800] "GET /xingrg/images/blue/button/down_ah.jpg HTTP/1.1" 200 1732
114.88.159.190 - - [14/Oct/2022:09:28:29 +0800] "GET /xingrg/javascript/jquery_ui/themes/humanity/images/ui-bg_inset-soft_100_f4f0ec_1x100.png HTTP/1.1" 200 141
114.88.159.190 - - [14/Oct/2022:09:28:29 +0800] "GET /xingrg/javascript/jquery_ui/themes/humanity/images/ui-iconsnew.jpg HTTP/1.1" 200 337
114.88.159.190 - - [14/Oct/2022:09:28:29 +0800] "GET /xingrg/javascript/jquery_ui/themes/humanity/images/ui-icons_ffffff_256x240.png HTTP/1.1" 200 4369
114.88.159.190 - - [14/Oct/2022:09:28:29 +0800] "GET /xingrg/javascript/jquery_ui/themes/humanity/images/ui-icons_c47a23_256x240.png HTTP/1.1" 200 5355
114.88.159.190 - - [14/Oct/2022:09:28:29 +0800] "GET /xingrg/javascript/jquery_ui/themes/humanity/images/ui-bg_glass_70_ede4d4_1x400.png HTTP/1.1" 200 161
116.238.194.138 - - [14/Oct/2022:09:28:30 +0800] "POST /xingrg/kc/buy/cgsh_list_operate.html HTTP/1.1" 200 3009
114.88.159.190 - - [14/Oct/2022:09:28:30 +0800] "GET /xingrg/kc/base/base_main.html HTTP/1.1" 200 12142
114.88.159.190 - - [14/Oct/2022:09:28:30 +0800] "GET /xingrg/images/blue/button/ckpd.gif HTTP/1.1" 200 2051
114.88.159.190 - - [14/Oct/2022:09:28:30 +0800] "GET /xingrg/images/blue/button/wlsy.gif HTTP/1.1" 200 2536
114.88.159.190 - - [14/Oct/2022:09:28:30 +0800] "GET /xingrg/images/blue/button/ckdb.gif HTTP/1.1" 200 1950
114.88.159.190 - - [14/Oct/2022:09:28:30 +0800] "GET /xingrg/images/blue/button/bottom_left.jpg HTTP/1.1" 200 1524
114.88.159.190 - - [14/Oct/2022:09:28:30 +0800] "GET /xingrg/images/blue/button/yddb.gif HTTP/1.1" 200 2040
114.88.159.190 - - [14/Oct/2022:09:28:30 +0800] "GET /xingrg/images/blue/button/top_left.jpg HTTP/1.1" 200 1632
114.88.159.190 - - [14/Oct/2022:09:28:30 +0800] "GET /xingrg/images/blue/button/top_right.jpg HTTP/1.1" 200 1708
114.88.159.190 - - [14/Oct/2022:09:28:30 +0800] "GET /xingrg/images/blue/button/down.jpg HTTP/1.1" 200 1560
114.88.159.190 - - [14/Oct/2022:09:28:30 +0800] "GET /xingrg/images/blue/button/left_ah.jpg HTTP/1.1" 200 1643
114.88.159.190 - - [14/Oct/2022:09:28:30 +0800] "GET /xingrg/images/blue/button/bottom_right.jpg HTTP/1.1" 200 1436
114.88.159.190 - - [14/Oct/2022:09:28:32 +0800] "GET /xingrg/kc/base/yddb_order_list.html HTTP/1.1" 200 16792
114.88.159.190 - - [14/Oct/2022:09:28:32 +0800] "GET /xingrg/css/base.css HTTP/1.1" 200 2811
114.88.159.190 - - [14/Oct/2022:09:28:32 +0800] "GET /xingrg/javascript/jquery_tools/datebox.css HTTP/1.1" 200 2597
114.88.159.190 - - [14/Oct/2022:09:28:32 +0800] "GET /xingrg/css/site.css HTTP/1.1" 200 7541
114.88.159.190 - - [14/Oct/2022:09:28:32 +0800] "GET /xingrg/javascript/jquery_tools/fix.css HTTP/1.1" 200 1702
114.88.159.190 - - [14/Oct/2022:09:28:32 +0800] "GET /xingrg/javascript/auto/jquery.autocomplete.css HTTP/1.1" 200 587
114.88.159.190 - - [14/Oct/2022:09:28:32 +0800] "GET /xingrg/javascript/easyui/themes/icon.css HTTP/1.1" 200 4483
114.88.159.190 - - [14/Oct/2022:09:28:32 +0800] "GET /xingrg/javascript/jquery_tools/table.css HTTP/1.1" 200 1032
114.88.159.190 - - [14/Oct/2022:09:28:32 +0800] "GET /xingrg/javascript/jquery_tools/jquery.tools.min.js HTTP/1.1" 200 138801
114.88.159.190 - - [14/Oct/2022:09:28:32 +0800] "GET /xingrg/javascript/jquery_tools/jquery.tools.hotkey.js HTTP/1.1" 200 3242
114.88.159.190 - - [14/Oct/2022:09:28:32 +0800] "GET /xingrg/javascript/jquery_tools/jquery.tools.table.js HTTP/1.1" 200 6994
114.88.159.190 - - [14/Oct/2022:09:28:32 +0800] "GET /xingrg/javascript/jquery_tools/list_manager.js HTTP/1.1" 200 3652
114.88.159.190 - - [14/Oct/2022:09:28:32 +0800] "GET /xingrg/javascript/easyui/easyloader.js HTTP/1.1" 200 5975
114.88.159.190 - - [14/Oct/2022:09:28:32 +0800] "GET /xingrg/javascript/easyui/themes/default/easyui.css HTTP/1.1" 200 30432
114.88.159.190 - - [14/Oct/2022:09:28:32 +0800] "GET /xingrg/javascript/jquery_tools/jquery.tools.extend.js HTTP/1.1" 200 15385
114.88.159.190 - - [14/Oct/2022:09:28:32 +0800] "GET /xingrg/javascript/jquery.cookie.js HTTP/1.1" 200 5513
114.88.159.190 - - [14/Oct/2022:09:28:32 +0800] "GET /xingrg/javascript/print/LodopFuncs.js HTTP/1.1" 200 5121
114.88.159.190 - - [14/Oct/2022:09:28:32 +0800] "GET /xingrg/javascript/auto/jquery.autocomplete.js HTTP/1.1" 200 21624
221.239.141.151 - - [14/Oct/2022:09:28:32 +0800] "POST /xingrg/kc/buy/cgsh_list_operate.html HTTP/1.1" 200 6703
114.88.159.190 - - [14/Oct/2022:09:28:32 +0800] "GET /xingrg/javascript/easyui/themes/icons/import_new.png HTTP/1.1" 200 1247
114.88.159.190 - - [14/Oct/2022:09:28:32 +0800] "GET /xingrg/javascript/easyui/themes/icons/edit_add_new.png HTTP/1.1" 200 2997
114.88.159.190 - - [14/Oct/2022:09:28:32 +0800] "GET /xingrg/javascript/easyui/themes/icons/field_new.png HTTP/1.1" 200 1097
114.88.159.190 - - [14/Oct/2022:09:28:32 +0800] "GET /xingrg/javascript/easyui/plugins/jquery.parser.js HTTP/1.1" 200 1142
114.88.159.190 - - [14/Oct/2022:09:28:32 +0800] "GET /xingrg/images/control/ajaxLoader.gif HTTP/1.1" 200 4659
114.88.159.190 - - [14/Oct/2022:09:28:32 +0800] "POST /xingrg/kc/base/yddb_list_operate.html HTTP/1.1" 200 636
114.83.219.23 - - [14/Oct/2022:09:28:34 +0800] "GET /xingrg/kc/buy/cgsh_order_info.html?code=212022101404305 HTTP/1.1" 200 64084
114.83.219.23 - - [14/Oct/2022:09:28:34 +0800] "GET /xingrg/javascript/easyui/themes/default/validatebox.css HTTP/1.1" 404 1104
114.83.219.23 - - [14/Oct/2022:09:28:35 +0800] "POST /xingrg/kc/buy/cgsh_order_operate.html HTTP/1.1" 200 18985
114.88.159.190 - - [14/Oct/2022:09:28:35 +0800] "POST /xingrg/kc/base/yddb_list_operate.html HTTP/1.1" 200 636
101.83.146.154 - - [14/Oct/2022:09:28:36 +0800] "GET /xingrg/all/function/internal_message.html?_=1665710916115&CODE_STATE=getMsg HTTP/1.1" 200 27
114.88.159.190 - - [14/Oct/2022:09:28:37 +0800] "GET /xingrg/javascript/jquery_tools/images/next.gif HTTP/1.1" 404 1086
114.88.159.190 - - [14/Oct/2022:09:28:37 +0800] "GET /xingrg/javascript/jquery_tools/images/prev.gif HTTP/1.1" 404 1086
124.78.157.213 - - [14/Oct/2022:09:28:38 +0800] "GET /xingrg/all/function/internal_message.html?_=1665710921421&CODE_STATE=getMsg HTTP/1.1" 200 27
114.83.219.23 - - [14/Oct/2022:09:28:38 +0800] "GET /xingrg/kc/print/load_config.html?kc_code=cgsh HTTP/1.1" 200 1943
114.83.219.23 - - [14/Oct/2022:09:28:38 +0800] "GET /xingrg/kc/print/load_data.html?order_code=212022101404305&kc_code=cgsh&condition= HTTP/1.1" 200 7676
221.239.141.151 - - [14/Oct/2022:09:28:39 +0800] "POST /xingrg/kc/buy/cgsh_list_operate.html HTTP/1.1" 200 199
114.83.219.23 - - [14/Oct/2022:09:28:40 +0800] "GET /xingrg/check_reg.html?_=1665710917776 HTTP/1.1" 200 22
114.83.219.23 - - [14/Oct/2022:09:28:40 +0800] "GET /xingrg/all/function/internal_message.html?_=1665710917778&CODE_STATE=getMsg HTTP/1.1" 200 27
114.88.159.190 - - [14/Oct/2022:09:28:41 +0800] "POST /xingrg/kc/base/yddb_list_operate.html HTTP/1.1" 200 636
124.79.74.72 - - [14/Oct/2022:09:28:42 +0800] "GET /xingrg/all/function/internal_message.html?_=1665710920687&CODE_STATE=getMsg HTTP/1.1" 200 27
116.238.194.138 - - [14/Oct/2022:09:28:43 +0800] "POST /xingrg/kc/buy/cgsh_list_operate.html HTTP/1.1" 200 382
222.70.183.206 - - [14/Oct/2022:09:28:44 +0800] "GET /xingrg/all/function/internal_message.html?_=1665710922067&CODE_STATE=getMsg HTTP/1.1" 200 27
116.230.114.213 - - [14/Oct/2022:09:28:48 +0800] "GET /xingrg/check_reg.html?_=1665710946137 HTTP/1.1" 200 22
221.239.141.151 - - [14/Oct/2022:09:28:52 +0800] "POST /xingrg/kc/buy/cgsh_list_operate.html HTTP/1.1" 200 6687
101.83.146.154 - - [14/Oct/2022:09:28:53 +0800] "GET /xingrg/all/function/internal_message.html?_=1665710787226&CODE_STATE=getMsg HTTP/1.1" 200 27
114.83.219.23 - - [14/Oct/2022:09:28:55 +0800] "GET /xingrg/kc/buy/cgsh_order_add.html HTTP/1.1" 200 69181
114.83.219.23 - - [14/Oct/2022:09:28:55 +0800] "POST /xingrg/kc/buy/cgsh_order_operate.html HTTP/1.1" 200 8245
114.83.219.23 - - [14/Oct/2022:09:28:55 +0800] "GET /xingrg/javascript/easyui/themes/default/validatebox.css HTTP/1.1" 404 1104
101.83.146.154 - - [14/Oct/2022:09:28:58 +0800] "POST /xingrg/kc/buy/cgsh_order_operate.html HTTP/1.1" 200 37
114.88.159.190 - - [14/Oct/2022:09:28:58 +0800] "POST /xingrg/kc/base/yddb_list_operate.html HTTP/1.1" 200 1601
221.239.141.151 - - [14/Oct/2022:09:28:58 +0800] "POST /xingrg/kc/buy/cgsh_list_operate.html HTTP/1.1" 200 211
101.83.146.154 - - [14/Oct/2022:09:29:00 +0800] "POST /xingrg/kc/buy/cgsh_order_operate.html HTTP/1.1" 200 5017
116.238.194.138 - - [14/Oct/2022:09:29:01 +0800] "GET /xingrg/all/function/internal_message.html?_=1665710889677&CODE_STATE=getMsg HTTP/1.1" 200 27
221.239.141.151 - - [14/Oct/2022:09:29:01 +0800] "POST /xingrg/kc/buy/cgsh_list_operate.html HTTP/1.1" 200 285
101.83.146.154 - - [14/Oct/2022:09:29:01 +0800] "GET /xingrg/kc/print/load_data.html?order_code=212022101404308&kc_code=cgsh&condition= HTTP/1.1" 200 1564
116.230.114.213 - - [14/Oct/2022:09:29:01 +0800] "GET /xingrg/all/function/internal_message.html?_=1665710959258&CODE_STATE=getMsg HTTP/1.1" 200 27
