124.78.157.213 - - [14/Oct/2022:09:07:00 +0800] "POST /xingrg/all/common/load_tree.html?tree=supplier_tree_json&manage=1 HTTP/1.1" 200 70625
124.78.157.213 - - [14/Oct/2022:09:07:00 +0800] "POST /xingrg/all/common/load_tree.html?tree=materiel_sort_tree_json HTTP/1.1" 200 9500
116.230.114.213 - - [14/Oct/2022:09:07:00 +0800] "POST /xingrg/services/DataTransmitService HTTP/1.1" 200 412
124.78.157.213 - - [14/Oct/2022:09:07:01 +0800] "POST /xingrg/dwr/call/plaincall/AjaxReportQueryService.getInitString.dwr HTTP/1.1" 200 1023
116.230.114.213 - - [14/Oct/2022:09:07:01 +0800] "GET /xingrg/all/function/internal_message.html?_=1665709638896&CODE_STATE=getMsg HTTP/1.1" 200 27
116.230.114.213 - - [14/Oct/2022:09:07:01 +0800] "POST /xingrg/services/DataTransmitService HTTP/1.1" 200 524
116.230.114.213 - - [14/Oct/2022:09:07:02 +0800] "POST /xingrg/services/DataTransmitService HTTP/1.1" 200 412
116.230.114.213 - - [14/Oct/2022:09:07:02 +0800] "POST /xingrg/services/DataTransmitService HTTP/1.1" 200 524
116.230.114.213 - - [14/Oct/2022:09:07:03 +0800] "POST /xingrg/services/DataTransmitService HTTP/1.1" 200 412
116.230.114.213 - - [14/Oct/2022:09:07:03 +0800] "POST /xingrg/services/DataTransmitService HTTP/1.1" 200 524
116.238.194.138 - - [14/Oct/2022:09:07:03 +0800] "GET /xingrg/check_reg.html?_=1665709624258 HTTP/1.1" 200 22
116.238.194.138 - - [14/Oct/2022:09:07:03 +0800] "GET /xingrg/all/function/internal_message.html?_=1665709624266&CODE_STATE=getMsg HTTP/1.1" 200 27
116.230.114.213 - - [14/Oct/2022:09:07:04 +0800] "POST /xingrg/services/DataTransmitService HTTP/1.1" 200 412
116.230.114.213 - - [14/Oct/2022:09:07:04 +0800] "POST /xingrg/services/DataTransmitService HTTP/1.1" 200 524
116.230.114.213 - - [14/Oct/2022:09:07:05 +0800] "POST /xingrg/services/DataTransmitService HTTP/1.1" 200 412
116.230.114.213 - - [14/Oct/2022:09:07:09 +0800] "POST /xingrg/services/DataTransmitService HTTP/1.1" 200 524
116.230.114.213 - - [14/Oct/2022:09:07:10 +0800] "POST /xingrg/services/DataTransmitService HTTP/1.1" 200 412
116.230.114.213 - - [14/Oct/2022:09:07:10 +0800] "POST /xingrg/services/DataTransmitService HTTP/1.1" 200 524
116.230.114.213 - - [14/Oct/2022:09:07:11 +0800] "POST /xingrg/services/DataTransmitService HTTP/1.1" 200 412
116.230.114.213 - - [14/Oct/2022:09:07:11 +0800] "POST /xingrg/services/DataTransmitService HTTP/1.1" 200 524
116.230.114.213 - - [14/Oct/2022:09:07:12 +0800] "POST /xingrg/services/DataTransmitService HTTP/1.1" 200 412
116.230.114.213 - - [14/Oct/2022:09:07:13 +0800] "POST /xingrg/services/DataTransmitService HTTP/1.1" 200 524
116.230.114.213 - - [14/Oct/2022:09:07:13 +0800] "POST /xingrg/services/DataTransmitService HTTP/1.1" 200 412
116.230.114.213 - - [14/Oct/2022:09:07:14 +0800] "POST /xingrg/services/DataTransmitService HTTP/1.1" 200 524
116.238.194.138 - - [14/Oct/2022:09:07:15 +0800] "GET /xingrg/kc/buy/cgsh_order_operate.html?command=get_materiel&rest_code=00150&code=00101008198&supplier_code=00100008&order_time=2022-10-14 HTTP/1.1" 200 413
116.230.114.213 - - [14/Oct/2022:09:07:15 +0800] "POST /xingrg/services/DataTransmitService HTTP/1.1" 200 412
116.230.114.213 - - [14/Oct/2022:09:07:15 +0800] "POST /xingrg/services/DataTransmitService HTTP/1.1" 200 524
116.230.114.213 - - [14/Oct/2022:09:07:16 +0800] "POST /xingrg/services/DataTransmitService HTTP/1.1" 200 412
124.78.157.213 - - [14/Oct/2022:09:07:21 +0800] "POST /xingrg/dwr/call/plaincall/AjaxReportQueryService.refreshCache.dwr HTTP/1.1" 200 78
124.78.157.213 - - [14/Oct/2022:09:07:22 +0800] "POST /xingrg/all/report/load_report_page.html HTTP/1.1" 200 8912
124.78.157.213 - - [14/Oct/2022:09:07:22 +0800] "GET /xingrg/servlets/image?cache=0.4113053446720195&image=px HTTP/1.1" 200 807
221.239.141.151 - - [14/Oct/2022:09:07:28 +0800] "GET /xingrg/all/function/internal_message.html?_=1665709647853&CODE_STATE=getMsg HTTP/1.1" 200 27
114.84.81.136 - - [14/Oct/2022:09:07:32 +0800] "GET /xingrg/all/function/internal_message.html?_=1665709653219&CODE_STATE=getMsg HTTP/1.1" 302 -
116.238.194.138 - - [14/Oct/2022:09:07:34 +0800] "GET /xingrg/kc/buy/cgsh_order_operate.html?command=get_materiel&rest_code=00150&code=00101008088&supplier_code=00100008&order_time=2022-10-14 HTTP/1.1" 200 408
101.83.146.154 - - [14/Oct/2022:09:07:36 +0800] "GET /xingrg/all/function/internal_message.html?_=1665709656089&CODE_STATE=getMsg HTTP/1.1" 200 27
124.78.157.213 - - [14/Oct/2022:09:07:38 +0800] "GET /xingrg/all/function/internal_message.html?_=1665709661368&CODE_STATE=getMsg HTTP/1.1" 200 27
124.79.74.72 - - [14/Oct/2022:09:07:42 +0800] "GET /xingrg/all/function/internal_message.html?_=1665709661135&CODE_STATE=getMsg HTTP/1.1" 200 27
222.70.183.206 - - [14/Oct/2022:09:07:44 +0800] "GET /xingrg/all/function/internal_message.html?_=1665709662033&CODE_STATE=getMsg HTTP/1.1" 200 27
116.238.194.138 - - [14/Oct/2022:09:07:46 +0800] "GET /xingrg/kc/buy/cgsh_order_operate.html?command=get_materiel&rest_code=00150&code=00101008163&supplier_code=00100008&order_time=2022-10-14 HTTP/1.1" 200 409
116.238.194.138 - - [14/Oct/2022:09:07:54 +0800] "GET /xingrg/kc/buy/cgsh_order_operate.html?command=get_materiel&rest_code=00150&code=00101008224&supplier_code=00100008&order_time=2022-10-14 HTTP/1.1" 200 416
116.230.114.213 - - [14/Oct/2022:09:08:01 +0800] "GET /xingrg/all/function/internal_message.html?_=1665709698920&CODE_STATE=getMsg HTTP/1.1" 200 27
116.238.194.138 - - [14/Oct/2022:09:08:03 +0800] "GET /xingrg/all/function/internal_message.html?_=1665709684260&CODE_STATE=getMsg HTTP/1.1" 200 27
101.83.146.154 - - [14/Oct/2022:09:08:20 +0800] "GET /xingrg/kc/buy/cgsh_order_list.html HTTP/1.1" 200 53312
101.83.146.154 - - [14/Oct/2022:09:08:22 +0800] "POST /xingrg/kc/buy/cgsh_list_operate.html HTTP/1.1" 200 2695
101.83.146.154 - - [14/Oct/2022:09:08:25 +0800] "POST /xingrg/kc/buy/cgsh_list_operate.html HTTP/1.1" 200 566
101.83.146.154 - - [14/Oct/2022:09:08:25 +0800] "GET /xingrg/kc/buy/cgsh_order_info.html?code=212022101404292 HTTP/1.1" 200 69178
101.83.146.154 - - [14/Oct/2022:09:08:26 +0800] "GET /xingrg/javascript/easyui/themes/default/validatebox.css HTTP/1.1" 404 1104
101.83.146.154 - - [14/Oct/2022:09:08:26 +0800] "POST /xingrg/kc/buy/cgsh_order_operate.html HTTP/1.1" 200 15062
116.238.194.138 - - [14/Oct/2022:09:08:27 +0800] "GET /xingrg/kc/buy/cgsh_order_operate.html?command=get_materiel&rest_code=00150&code=00101008275&supplier_code=00100008&order_time=2022-10-14 HTTP/1.1" 200 416
221.239.141.151 - - [14/Oct/2022:09:08:28 +0800] "GET /xingrg/check_reg.html?_=1665709707866 HTTP/1.1" 200 22
221.239.141.151 - - [14/Oct/2022:09:08:28 +0800] "GET /xingrg/all/function/internal_message.html?_=1665709707867&CODE_STATE=getMsg HTTP/1.1" 200 27
101.83.146.154 - - [14/Oct/2022:09:08:30 +0800] "POST /xingrg/kc/buy/cgsh_order_operate.html HTTP/1.1" 200 2065
101.83.146.154 - - [14/Oct/2022:09:08:32 +0800] "POST /xingrg/kc/buy/cgsh_order_operate.html HTTP/1.1" 200 2065
101.83.146.154 - - [14/Oct/2022:09:08:36 +0800] "GET /xingrg/all/function/internal_message.html?_=1665709716096&CODE_STATE=getMsg HTTP/1.1" 200 27
124.78.157.213 - - [14/Oct/2022:09:08:38 +0800] "GET /xingrg/all/function/internal_message.html?_=1665709721363&CODE_STATE=getMsg HTTP/1.1" 200 27
116.238.194.138 - - [14/Oct/2022:09:08:41 +0800] "GET /xingrg/kc/buy/cgsh_order_operate.html?command=get_materiel&rest_code=00150&code=00101008271&supplier_code=00100008&order_time=2022-10-14 HTTP/1.1" 200 408
124.79.74.72 - - [14/Oct/2022:09:08:42 +0800] "GET /xingrg/all/function/internal_message.html?_=1665709721121&CODE_STATE=getMsg HTTP/1.1" 200 27
222.70.183.206 - - [14/Oct/2022:09:08:44 +0800] "GET /xingrg/all/function/internal_message.html?_=1665709722034&CODE_STATE=getMsg HTTP/1.1" 200 27
116.230.114.213 - - [14/Oct/2022:09:08:48 +0800] "GET /xingrg/check_reg.html?_=1665709746118 HTTP/1.1" 200 22
120.253.135.82 - - [14/Oct/2022:09:08:51 +0800] "POST /xingrg/kc/pszx/mdps_list_operate.html HTTP/1.1" 200 2806
120.253.135.82 - - [14/Oct/2022:09:08:55 +0800] "POST /xingrg/kc/pszx/mdps_list_operate.html HTTP/1.1" 200 635
120.253.135.82 - - [14/Oct/2022:09:08:55 +0800] "GET /xingrg/kc/pszx/mdps_order_info.html?code=312022101300287 HTTP/1.1" 200 23978
120.253.135.82 - - [14/Oct/2022:09:08:56 +0800] "GET /xingrg/javascript/easyui/themes/default/validatebox.css HTTP/1.1" 404 1104
120.253.135.82 - - [14/Oct/2022:09:08:56 +0800] "POST /xingrg/kc/pszx/mdps_order_operate.html HTTP/1.1" 200 7335
101.83.146.154 - - [14/Oct/2022:09:08:59 +0800] "GET /xingrg/kc/buy/cgsh_order_operate.html?command=get_materiel&rest_code=00105&code=00101008298&supplier_code=00100203&order_time=2022-10-14 HTTP/1.1" 200 412
116.230.114.213 - - [14/Oct/2022:09:09:01 +0800] "GET /xingrg/all/function/internal_message.html?_=1665709758923&CODE_STATE=getMsg HTTP/1.1" 200 27
120.253.135.82 - - [14/Oct/2022:09:09:02 +0800] "POST /xingrg/kc/pszx/mdps_order_operate.html HTTP/1.1" 200 37
116.238.194.138 - - [14/Oct/2022:09:09:03 +0800] "GET /xingrg/all/function/internal_message.html?_=1665709744272&CODE_STATE=getMsg HTTP/1.1" 200 27
120.253.135.82 - - [14/Oct/2022:09:09:04 +0800] "POST /xingrg/kc/pszx/mdps_order_operate.html HTTP/1.1" 200 12
120.253.135.82 - - [14/Oct/2022:09:09:06 +0800] "GET /xingrg/kc/pszx/mdps_order_info.html?code=312022101300287 HTTP/1.1" 200 19638
114.84.81.136 - - [14/Oct/2022:09:09:06 +0800] "POST /xingrg/services/DataTransmitService HTTP/1.1" 200 524
120.253.135.82 - - [14/Oct/2022:09:09:06 +0800] "POST /xingrg/kc/pszx/mdps_order_operate.html HTTP/1.1" 200 5514
120.253.135.82 - - [14/Oct/2022:09:09:06 +0800] "GET /xingrg/javascript/easyui/themes/default/validatebox.css HTTP/1.1" 404 1104
101.83.146.154 - - [14/Oct/2022:09:09:06 +0800] "GET /xingrg/kc/buy/cgsh_order_operate.html?command=get_materiel&rest_code=00105&code=00101008188&supplier_code=00100203&order_time=2022-10-14 HTTP/1.1" 200 412
120.253.135.82 - - [14/Oct/2022:09:09:07 +0800] "POST /xingrg/kc/pszx/mdps_list_operate.html HTTP/1.1" 200 2434
120.253.135.82 - - [14/Oct/2022:09:09:09 +0800] "POST /xingrg/kc/pszx/mdps_list_operate.html HTTP/1.1" 200 214
120.253.135.82 - - [14/Oct/2022:09:09:12 +0800] "GET /xingrg/kc/pszx/mdps_order_info.html?code=312022101300288 HTTP/1.1" 200 23978
120.253.135.82 - - [14/Oct/2022:09:09:13 +0800] "GET /xingrg/javascript/easyui/themes/default/validatebox.css HTTP/1.1" 404 1104
120.253.135.82 - - [14/Oct/2022:09:09:13 +0800] "POST /xingrg/kc/pszx/mdps_order_operate.html HTTP/1.1" 200 2309
101.83.146.154 - - [14/Oct/2022:09:09:15 +0800] "GET /xingrg/kc/buy/cgsh_order_operate.html?command=get_materiel&rest_code=00105&code=00101008283&supplier_code=00100203&order_time=2022-10-14 HTTP/1.1" 200 408
120.253.135.82 - - [14/Oct/2022:09:09:16 +0800] "POST /xingrg/kc/pszx/mdps_order_operate.html HTTP/1.1" 200 37
120.253.135.82 - - [14/Oct/2022:09:09:18 +0800] "POST /xingrg/kc/pszx/mdps_order_operate.html HTTP/1.1" 200 12
120.253.135.82 - - [14/Oct/2022:09:09:19 +0800] "GET /xingrg/kc/pszx/mdps_order_info.html?code=312022101300288 HTTP/1.1" 200 19638
120.253.135.82 - - [14/Oct/2022:09:09:19 +0800] "POST /xingrg/kc/pszx/mdps_order_operate.html HTTP/1.1" 200 531
120.253.135.82 - - [14/Oct/2022:09:09:19 +0800] "GET /xingrg/javascript/easyui/themes/default/validatebox.css HTTP/1.1" 404 1104
120.253.135.82 - - [14/Oct/2022:09:09:20 +0800] "POST /xingrg/kc/pszx/mdps_list_operate.html HTTP/1.1" 200 2063
120.253.135.82 - - [14/Oct/2022:09:09:21 +0800] "POST /xingrg/kc/pszx/mdps_list_operate.html HTTP/1.1" 200 205
120.253.135.82 - - [14/Oct/2022:09:09:22 +0800] "GET /xingrg/kc/pszx/mdps_order_info.html?code=312022101300289 HTTP/1.1" 200 23978
120.253.135.82 - - [14/Oct/2022:09:09:22 +0800] "POST /xingrg/kc/pszx/mdps_order_operate.html HTTP/1.1" 200 2289
120.253.135.82 - - [14/Oct/2022:09:09:22 +0800] "GET /xingrg/javascript/easyui/themes/default/validatebox.css HTTP/1.1" 404 1104
101.83.146.154 - - [14/Oct/2022:09:09:24 +0800] "GET /xingrg/kc/buy/cgsh_order_operate.html?command=get_materiel&rest_code=00105&code=00101009155&supplier_code=00100203&order_time=2022-10-14 HTTP/1.1" 200 402
120.253.135.82 - - [14/Oct/2022:09:09:26 +0800] "POST /xingrg/kc/pszx/mdps_order_operate.html HTTP/1.1" 200 37
120.253.135.82 - - [14/Oct/2022:09:09:27 +0800] "POST /xingrg/kc/pszx/mdps_order_operate.html HTTP/1.1" 200 12
221.239.141.151 - - [14/Oct/2022:09:09:28 +0800] "GET /xingrg/all/function/internal_message.html?_=1665709767858&CODE_STATE=getMsg HTTP/1.1" 200 27
120.253.135.82 - - [14/Oct/2022:09:09:30 +0800] "GET /xingrg/kc/pszx/mdps_order_info.html?code=312022101300289 HTTP/1.1" 200 19638
120.253.135.82 - - [14/Oct/2022:09:09:30 +0800] "POST /xingrg/kc/pszx/mdps_order_operate.html HTTP/1.1" 200 510
120.253.135.82 - - [14/Oct/2022:09:09:30 +0800] "GET /xingrg/javascript/easyui/themes/default/validatebox.css HTTP/1.1" 404 1104
120.253.135.82 - - [14/Oct/2022:09:09:31 +0800] "POST /xingrg/kc/pszx/mdps_list_operate.html HTTP/1.1" 200 1691
120.253.135.82 - - [14/Oct/2022:09:09:32 +0800] "POST /xingrg/kc/pszx/mdps_list_operate.html HTTP/1.1" 200 283
124.79.74.72 - - [14/Oct/2022:09:09:35 +0800] "GET /xingrg/check_reg.html?_=1665709773639 HTTP/1.1" 200 22
101.83.146.154 - - [14/Oct/2022:09:09:36 +0800] "GET /xingrg/all/function/internal_message.html?_=1665709776135&CODE_STATE=getMsg HTTP/1.1" 200 27
120.253.135.82 - - [14/Oct/2022:09:09:36 +0800] "GET /xingrg/kc/pszx/mdps_order_info.html?code=312022091300328 HTTP/1.1" 200 23978
120.253.135.82 - - [14/Oct/2022:09:09:36 +0800] "GET /xingrg/javascript/easyui/themes/default/validatebox.css HTTP/1.1" 404 1104
120.253.135.82 - - [14/Oct/2022:09:09:36 +0800] "POST /xingrg/kc/pszx/mdps_order_operate.html HTTP/1.1" 200 2766
124.78.157.213 - - [14/Oct/2022:09:09:38 +0800] "GET /xingrg/all/function/internal_message.html?_=1665709781375&CODE_STATE=getMsg HTTP/1.1" 200 27
120.253.135.82 - - [14/Oct/2022:09:09:39 +0800] "POST /xingrg/kc/pszx/mdps_order_operate.html HTTP/1.1" 200 12
120.253.135.82 - - [14/Oct/2022:09:09:40 +0800] "POST /xingrg/kc/pszx/mdps_list_operate.html HTTP/1.1" 200 868
124.79.74.72 - - [14/Oct/2022:09:09:42 +0800] "GET /xingrg/all/function/internal_message.html?_=1665709781093&CODE_STATE=getMsg HTTP/1.1" 200 27
114.84.81.136 - - [14/Oct/2022:09:09:44 +0800] "GET /xingrg/all/function/internal_message.html?_=1665709785510&CODE_STATE=getMsg HTTP/1.1" 302 -
114.84.81.136 - - [14/Oct/2022:09:09:44 +0800] "GET /xingrg/check_reg.html?_=1665709785510 HTTP/1.1" 302 -
222.70.183.206 - - [14/Oct/2022:09:09:44 +0800] "GET /xingrg/all/function/internal_message.html?_=1665709782035&CODE_STATE=getMsg HTTP/1.1" 200 27
120.253.135.82 - - [14/Oct/2022:09:09:52 +0800] "GET /xingrg/check_reg.html?_=1665709587640 HTTP/1.1" 200 22
172.20.0.100 - - [14/Oct/2022:09:09:55 +0800] "GET /xingrg/check_reg.html?_=1665709794463 HTTP/1.1" 302 -
101.83.146.154 - - [14/Oct/2022:09:10:00 +0800] "GET /xingrg/kc/buy/cgsh_order_operate.html?command=get_materiel&rest_code=00105&code=00101008350&supplier_code=00100203&order_time=2022-10-14 HTTP/1.1" 200 408
116.230.114.213 - - [14/Oct/2022:09:10:01 +0800] "GET /xingrg/all/function/internal_message.html?_=1665709818938&CODE_STATE=getMsg HTTP/1.1" 200 27
116.238.194.138 - - [14/Oct/2022:09:10:03 +0800] "GET /xingrg/all/function/internal_message.html?_=1665709804279&CODE_STATE=getMsg HTTP/1.1" 200 27
101.83.146.154 - - [14/Oct/2022:09:10:16 +0800] "GET /xingrg/kc/buy/cgsh_order_operate.html?command=get_materiel&rest_code=00105&code=00101008036&supplier_code=00100203&order_time=2022-10-14 HTTP/1.1" 200 408
116.238.194.138 - - [14/Oct/2022:09:10:23 +0800] "POST /xingrg/kc/buy/cgsh_order_operate.html HTTP/1.1" 200 2065
101.83.146.154 - - [14/Oct/2022:09:10:25 +0800] "GET /xingrg/kc/buy/cgsh_order_operate.html?command=get_materiel&rest_code=00105&code=00101008355&supplier_code=00100203&order_time=2022-10-14 HTTP/1.1" 200 408
221.239.141.151 - - [14/Oct/2022:09:10:28 +0800] "GET /xingrg/all/function/internal_message.html?_=1665709827859&CODE_STATE=getMsg HTTP/1.1" 200 27
101.83.146.154 - - [14/Oct/2022:09:10:36 +0800] "GET /xingrg/all/function/internal_message.html?_=1665709836093&CODE_STATE=getMsg HTTP/1.1" 200 27
101.83.146.154 - - [14/Oct/2022:09:10:36 +0800] "GET /xingrg/check_reg.html?_=1665709836150 HTTP/1.1" 200 22
124.78.157.213 - - [14/Oct/2022:09:10:38 +0800] "GET /xingrg/all/function/internal_message.html?_=1665709841373&CODE_STATE=getMsg HTTP/1.1" 200 27
116.238.194.138 - - [14/Oct/2022:09:10:40 +0800] "GET /xingrg/kc/buy/cgsh_order_operate.html?command=get_materiel&rest_code=00150&code=00101008658&supplier_code=00100008&order_time=2022-10-14 HTTP/1.1" 200 408
124.79.74.72 - - [14/Oct/2022:09:10:42 +0800] "GET /xingrg/all/function/internal_message.html?_=1665709841078&CODE_STATE=getMsg HTTP/1.1" 200 27
222.70.183.206 - - [14/Oct/2022:09:10:44 +0800] "GET /xingrg/all/function/internal_message.html?_=1665709842037&CODE_STATE=getMsg HTTP/1.1" 200 27
58.35.213.73 - - [14/Oct/2022:09:10:48 +0800] "POST /xingrg/services/DataTransmitService HTTP/1.1" 200 524
116.238.194.138 - - [14/Oct/2022:09:10:51 +0800] "GET /xingrg/kc/buy/cgsh_order_operate.html?command=get_materiel&rest_code=00150&code=00101008370&supplier_code=00100008&order_time=2022-10-14 HTTP/1.1" 200 412
116.230.114.213 - - [14/Oct/2022:09:11:01 +0800] "GET /xingrg/all/function/internal_message.html?_=1665709878961&CODE_STATE=getMsg HTTP/1.1" 200 27
101.83.146.154 - - [14/Oct/2022:09:11:03 +0800] "POST /xingrg/kc/buy/cgsh_order_operate.html HTTP/1.1" 200 2065
116.238.194.138 - - [14/Oct/2022:09:11:03 +0800] "GET /xingrg/all/function/internal_message.html?_=1665709864273&CODE_STATE=getMsg HTTP/1.1" 200 27
116.238.194.138 - - [14/Oct/2022:09:11:04 +0800] "GET /xingrg/kc/buy/cgsh_order_operate.html?command=get_materiel&rest_code=00150&code=00101008264&supplier_code=00100008&order_time=2022-10-14 HTTP/1.1" 200 412
101.83.146.154 - - [14/Oct/2022:09:11:05 +0800] "POST /xingrg/kc/buy/cgsh_order_operate.html HTTP/1.1" 200 2065
116.238.194.138 - - [14/Oct/2022:09:11:12 +0800] "GET /xingrg/kc/buy/cgsh_order_operate.html?command=get_materiel&rest_code=00150&code=00101008361&supplier_code=00100008&order_time=2022-10-14 HTTP/1.1" 200 408
101.83.146.154 - - [14/Oct/2022:09:11:25 +0800] "GET /xingrg/kc/buy/cgsh_order_operate.html?command=get_materiel&rest_code=00105&code=00101008323&supplier_code=00100203&order_time=2022-10-14 HTTP/1.1" 200 408
221.239.141.151 - - [14/Oct/2022:09:11:28 +0800] "GET /xingrg/all/function/internal_message.html?_=1665709887858&CODE_STATE=getMsg HTTP/1.1" 200 27
116.238.194.138 - - [14/Oct/2022:09:11:32 +0800] "POST /xingrg/kc/buy/cgsh_order_operate.html HTTP/1.1" 200 2065
101.83.146.154 - - [14/Oct/2022:09:11:36 +0800] "GET /xingrg/all/function/internal_message.html?_=1665709896109&CODE_STATE=getMsg HTTP/1.1" 200 27
124.78.157.213 - - [14/Oct/2022:09:11:38 +0800] "GET /xingrg/check_reg.html?_=1665709901373 HTTP/1.1" 200 22
124.78.157.213 - - [14/Oct/2022:09:11:38 +0800] "GET /xingrg/all/function/internal_message.html?_=1665709901376&CODE_STATE=getMsg HTTP/1.1" 200 27
116.238.194.138 - - [14/Oct/2022:09:11:39 +0800] "GET /xingrg/kc/buy/cgsh_order_operate.html?command=get_materiel&rest_code=00150&code=00101008411&supplier_code=00100008&order_time=2022-10-14 HTTP/1.1" 200 413
124.79.74.72 - - [14/Oct/2022:09:11:42 +0800] "GET /xingrg/all/function/internal_message.html?_=1665709901062&CODE_STATE=getMsg HTTP/1.1" 200 27
222.70.183.206 - - [14/Oct/2022:09:11:44 +0800] "GET /xingrg/check_reg.html?_=1665709902042 HTTP/1.1" 200 22
222.70.183.206 - - [14/Oct/2022:09:11:44 +0800] "GET /xingrg/all/function/internal_message.html?_=1665709902038&CODE_STATE=getMsg HTTP/1.1" 200 27
116.230.105.139 - - [14/Oct/2022:09:11:47 +0800] "GET /xingrg/index.html?sysBaseUrl=http%3A%2F%2F180.169.147.146%3A18081%2Fxingrg%2F&costTime=1277×tamp=1606817596806 HTTP/1.1" 302 -
116.230.105.139 - - [14/Oct/2022:09:11:47 +0800] "GET /xingrg/login.html HTTP/1.1" 200 7641
116.230.105.139 - - [14/Oct/2022:09:11:48 +0800] "GET /favicon.ico HTTP/1.1" 404 -
101.83.146.154 - - [14/Oct/2022:09:11:52 +0800] "GET /xingrg/kc/buy/cgsh_order_operate.html?command=get_materiel&rest_code=00105&code=00101008132&supplier_code=00100203&order_time=2022-10-14 HTTP/1.1" 200 408
222.70.183.206 - - [14/Oct/2022:09:11:56 +0800] "GET /xingrg/kc/buy/cgsh_order_add.html HTTP/1.1" 200 69049
222.70.183.206 - - [14/Oct/2022:09:11:56 +0800] "POST /xingrg/kc/buy/cgsh_order_operate.html HTTP/1.1" 200 8245
222.70.183.206 - - [14/Oct/2022:09:11:56 +0800] "GET /xingrg/javascript/easyui/themes/default/validatebox.css HTTP/1.1" 404 1104
114.84.81.136 - - [14/Oct/2022:09:11:56 +0800] "GET /xingrg/all/function/internal_message.html?_=1665709917836&CODE_STATE=getMsg HTTP/1.1" 302 -
116.230.105.139 - - [14/Oct/2022:09:12:00 +0800] "POST /xingrg/login.do HTTP/1.1" 302 -
116.230.105.139 - - [14/Oct/2022:09:12:00 +0800] "GET /xingrg/index.html?sysBaseUrl=http%3A%2F%2F180.169.147.146%3A18081%2Fxingrg%2F&costTime=39×tamp=1665709920841 HTTP/1.1" 200 17179
116.230.105.139 - - [14/Oct/2022:09:12:01 +0800] "GET /favicon.ico HTTP/1.1" 404 -
116.230.105.139 - - [14/Oct/2022:09:12:01 +0800] "POST /xingrg/all/common/load_tree.html?tree=area_rest_tree_json&manage=1 HTTP/1.1" 200 479
116.230.105.139 - - [14/Oct/2022:09:12:01 +0800] "GET /xingrg/all/function/internal_message.html?_=1665709899731&CODE_STATE=count HTTP/1.1" 200 11
116.230.105.139 - - [14/Oct/2022:09:12:01 +0800] "GET /xingrg/check_reg.html?_=1665709899732 HTTP/1.1" 200 22
116.230.105.139 - - [14/Oct/2022:09:12:01 +0800] "POST /xingrg/load_menu.html HTTP/1.1" 200 5138
116.230.114.213 - - [14/Oct/2022:09:12:01 +0800] "GET /xingrg/all/function/internal_message.html?_=1665709938964&CODE_STATE=getMsg HTTP/1.1" 200 27
116.238.194.138 - - [14/Oct/2022:09:12:03 +0800] "GET /xingrg/all/function/internal_message.html?_=1665709924297&CODE_STATE=getMsg HTTP/1.1" 200 27
116.238.194.138 - - [14/Oct/2022:09:12:03 +0800] "GET /xingrg/check_reg.html?_=1665709924302 HTTP/1.1" 200 22
222.70.183.206 - - [14/Oct/2022:09:12:12 +0800] "GET /xingrg/kc/buy/cgsh_order_operate.html?command=get_materiel&rest_code=00111&code=00101002027&supplier_code=00100199&order_time=2022-10-14 HTTP/1.1" 200 413
222.70.183.206 - - [14/Oct/2022:09:12:24 +0800] "GET /xingrg/kc/buy/cgsh_order_operate.html?command=get_materiel&rest_code=00111&code=00101002006&supplier_code=00100199&order_time=2022-10-14 HTTP/1.1" 200 414
101.83.146.154 - - [14/Oct/2022:09:12:28 +0800] "GET /xingrg/kc/buy/cgsh_order_operate.html?command=get_materiel&rest_code=00105&code=00101008088&supplier_code=00100203&order_time=2022-10-14 HTTP/1.1" 200 408
221.239.141.151 - - [14/Oct/2022:09:12:28 +0800] "GET /xingrg/all/function/internal_message.html?_=1665709947850&CODE_STATE=getMsg HTTP/1.1" 200 27
101.83.146.154 - - [14/Oct/2022:09:12:36 +0800] "GET /xingrg/all/function/internal_message.html?_=1665709956094&CODE_STATE=getMsg HTTP/1.1" 200 27
124.78.157.213 - - [14/Oct/2022:09:12:38 +0800] "GET /xingrg/all/function/internal_message.html?_=1665709961361&CODE_STATE=getMsg HTTP/1.1" 200 27
222.70.183.206 - - [14/Oct/2022:09:12:39 +0800] "POST /xingrg/kc/buy/cgsh_order_operate.html HTTP/1.1" 200 37
101.83.146.154 - - [14/Oct/2022:09:12:40 +0800] "GET /xingrg/kc/buy/cgsh_order_operate.html?command=get_materiel&rest_code=00105&code=00101008196&supplier_code=00100203&order_time=2022-10-14 HTTP/1.1" 200 416
124.79.74.72 - - [14/Oct/2022:09:12:42 +0800] "GET /xingrg/all/function/internal_message.html?_=1665709961049&CODE_STATE=getMsg HTTP/1.1" 200 27
222.70.183.206 - - [14/Oct/2022:09:12:44 +0800] "GET /xingrg/all/function/internal_message.html?_=1665709962047&CODE_STATE=getMsg HTTP/1.1" 200 27
222.70.183.206 - - [14/Oct/2022:09:12:45 +0800] "POST /xingrg/kc/buy/cgsh_order_operate.html HTTP/1.1" 200 3258
116.238.194.138 - - [14/Oct/2022:09:12:49 +0800] "GET /xingrg/kc/buy/cgsh_order_operate.html?command=get_materiel&rest_code=00150&code=00101008270&supplier_code=00100008&order_time=2022-10-14 HTTP/1.1" 200 412
101.83.146.154 - - [14/Oct/2022:09:12:52 +0800] "GET /xingrg/kc/buy/cgsh_order_operate.html?command=get_materiel&rest_code=00105&code=00101008405&supplier_code=00100203&order_time=2022-10-14 HTTP/1.1" 200 413
116.238.194.138 - - [14/Oct/2022:09:12:57 +0800] "GET /xingrg/kc/buy/cgsh_order_operate.html?command=get_materiel&rest_code=00150&code=00101008077&supplier_code=00100008&order_time=2022-10-14 HTTP/1.1" 200 416
222.70.183.206 - - [14/Oct/2022:09:12:59 +0800] "GET /xingrg/kc/print/load_data.html?order_code=212022101404300&kc_code=cgsh&condition= HTTP/1.1" 200 899
101.83.146.154 - - [14/Oct/2022:09:12:59 +0800] "GET /xingrg/kc/buy/cgsh_order_operate.html?command=get_materiel&rest_code=00105&code=00101008168&supplier_code=00100203&order_time=2022-10-14 HTTP/1.1" 200 413
116.230.105.139 - - [14/Oct/2022:09:13:01 +0800] "GET /xingrg/all/function/internal_message.html?_=1665709959756&CODE_STATE=getMsg HTTP/1.1" 200 27
116.230.114.213 - - [14/Oct/2022:09:13:01 +0800] "GET /xingrg/all/function/internal_message.html?_=1665709998987&CODE_STATE=getMsg HTTP/1.1" 200 27
222.70.183.206 - - [14/Oct/2022:09:13:03 +0800] "GET /xingrg/kc/buy/cgsh_order_add.html HTTP/1.1" 200 69049
116.238.194.138 - - [14/Oct/2022:09:13:03 +0800] "GET /xingrg/all/function/internal_message.html?_=1665709984300&CODE_STATE=getMsg HTTP/1.1" 200 27
222.70.183.206 - - [14/Oct/2022:09:13:04 +0800] "POST /xingrg/kc/buy/cgsh_order_operate.html HTTP/1.1" 200 8245
222.70.183.206 - - [14/Oct/2022:09:13:04 +0800] "GET /xingrg/javascript/easyui/themes/default/validatebox.css HTTP/1.1" 404 1104
101.83.146.154 - - [14/Oct/2022:09:13:09 +0800] "GET /xingrg/kc/buy/cgsh_order_operate.html?command=get_materiel&rest_code=00105&code=00101008114&supplier_code=00100203&order_time=2022-10-14 HTTP/1.1" 200 412
222.70.183.206 - - [14/Oct/2022:09:13:15 +0800] "GET /xingrg/kc/buy/cgsh_order_operate.html?command=get_materiel&rest_code=00111&code=00101009062&supplier_code=00100037&order_time=2022-10-14 HTTP/1.1" 200 412
101.83.146.154 - - [14/Oct/2022:09:13:19 +0800] "GET /xingrg/kc/buy/cgsh_order_operate.html?command=get_materiel&rest_code=00105&code=00101008123&supplier_code=00100203&order_time=2022-10-14 HTTP/1.1" 200 412
101.83.146.154 - - [14/Oct/2022:09:13:26 +0800] "GET /xingrg/kc/buy/cgsh_order_operate.html?command=get_materiel&rest_code=00105&code=00101008568&supplier_code=00100203&order_time=2022-10-14 HTTP/1.1" 200 412
116.238.194.138 - - [14/Oct/2022:09:13:27 +0800] "GET /xingrg/login.html HTTP/1.1" 200 7641
116.238.194.138 - - [14/Oct/2022:09:13:28 +0800] "GET /xingrg/images/blue/jxLogo.png HTTP/1.1" 200 6156
116.238.194.138 - - [14/Oct/2022:09:13:28 +0800] "GET /xingrg/images/blue/srbg.png HTTP/1.1" 200 138
116.238.194.138 - - [14/Oct/2022:09:13:28 +0800] "GET /xingrg/images/blue/login_bg.png HTTP/1.1" 200 22101
116.238.194.138 - - [14/Oct/2022:09:13:28 +0800] "GET /xingrg/images/blue/hj.png HTTP/1.1" 200 1014
221.239.141.151 - - [14/Oct/2022:09:13:28 +0800] "GET /xingrg/all/function/internal_message.html?_=1665710007860&CODE_STATE=getMsg HTTP/1.1" 200 27
221.239.141.151 - - [14/Oct/2022:09:13:28 +0800] "GET /xingrg/check_reg.html?_=1665710007861 HTTP/1.1" 200 22
116.238.194.138 - - [14/Oct/2022:09:13:28 +0800] "GET /favicon.ico HTTP/1.1" 404 -
116.238.194.138 - - [14/Oct/2022:09:13:31 +0800] "POST /xingrg/kc/buy/cgsh_order_operate.html HTTP/1.1" 200 2065
116.238.194.138 - - [14/Oct/2022:09:13:32 +0800] "POST /xingrg/login.do HTTP/1.1" 302 -
116.238.194.138 - - [14/Oct/2022:09:13:33 +0800] "GET /xingrg/javascript/jquery_easy_ui/themes/icon.css HTTP/1.1" 200 3949
116.238.194.138 - - [14/Oct/2022:09:13:33 +0800] "GET /xingrg/index.html?sysBaseUrl=http%3A%2F%2F180.169.147.146%3A18081%2Fxingrg%2F&costTime=43×tamp=1665710012988 HTTP/1.1" 200 17179
116.238.194.138 - - [14/Oct/2022:09:13:33 +0800] "GET /xingrg/css/form.css HTTP/1.1" 200 893
116.238.194.138 - - [14/Oct/2022:09:13:33 +0800] "GET /xingrg/javascript/jquery_easy_ui/themes/default/easyui.css HTTP/1.1" 200 26500
116.238.194.138 - - [14/Oct/2022:09:13:33 +0800] "GET /xingrg/javascript/jquery_easy_ui/easyui-lang-zh_CN.js HTTP/1.1" 200 1900
116.238.194.138 - - [14/Oct/2022:09:13:33 +0800] "GET /xingrg/javascript/jquery_easy_ui/jquery.easyui.min.js HTTP/1.1" 200 213662
116.238.194.138 - - [14/Oct/2022:09:13:33 +0800] "GET /xingrg/javascript/jquery-1.4.2.min.js HTTP/1.1" 200 72205
116.238.194.138 - - [14/Oct/2022:09:13:33 +0800] "GET /xingrg/javascript/jquery.timers.js HTTP/1.1" 200 3532
116.238.194.138 - - [14/Oct/2022:09:13:33 +0800] "GET /favicon.ico HTTP/1.1" 404 -
116.238.194.138 - - [14/Oct/2022:09:13:33 +0800] "GET /xingrg/javascript/jquery.utils.js HTTP/1.1" 200 11805
116.238.194.138 - - [14/Oct/2022:09:13:33 +0800] "GET /xingrg/javascript/jquery.form.js HTTP/1.1" 200 23110
116.238.194.138 - - [14/Oct/2022:09:13:33 +0800] "GET /xingrg/javascript/jquery_easy_ui/themes/icons/settle_new.png HTTP/1.1" 200 826
116.238.194.138 - - [14/Oct/2022:09:13:33 +0800] "GET /xingrg/images/blue/navBackgound.jpg HTTP/1.1" 200 12378
116.238.194.138 - - [14/Oct/2022:09:13:33 +0800] "POST /xingrg/all/common/load_tree.html?tree=area_rest_tree_json&manage=1 HTTP/1.1" 200 476
116.238.194.138 - - [14/Oct/2022:09:13:33 +0800] "GET /xingrg/images/blue/pingpu.png HTTP/1.1" 200 231
116.238.194.138 - - [14/Oct/2022:09:13:33 +0800] "GET /xingrg/javascript/jquery_easy_ui/themes/default/images/tabs_leftarrow.png HTTP/1.1" 200 389
116.238.194.138 - - [14/Oct/2022:09:13:33 +0800] "GET /xingrg/javascript/jquery_easy_ui/themes/default/images/tabs_rightarrow.png HTTP/1.1" 200 395
116.238.194.138 - - [14/Oct/2022:09:13:33 +0800] "GET /xingrg/javascript/jquery_easy_ui/themes/default/images/panel_tool_collapse.gif HTTP/1.1" 200 246
116.238.194.138 - - [14/Oct/2022:09:13:33 +0800] "GET /xingrg/all/function/internal_message.html?_=1665709962265&CODE_STATE=count HTTP/1.1" 200 11
116.238.194.138 - - [14/Oct/2022:09:13:33 +0800] "GET /xingrg/check_reg.html?_=1665709962266 HTTP/1.1" 200 22
116.238.194.138 - - [14/Oct/2022:09:13:33 +0800] "POST /xingrg/load_menu.html HTTP/1.1" 200 5138
116.238.194.138 - - [14/Oct/2022:09:13:33 +0800] "GET /xingrg/javascript/jquery_easy_ui/themes/default/images/tree_arrows.gif HTTP/1.1" 200 1043
116.238.194.138 - - [14/Oct/2022:09:13:33 +0800] "GET /xingrg/javascript/jquery_easy_ui/themes/icons/search_new.png HTTP/1.1" 200 586
116.238.194.138 - - [14/Oct/2022:09:13:33 +0800] "GET /xingrg/javascript/jquery_easy_ui/themes/default/images/tree_folder_open.gif HTTP/1.1" 200 956
116.238.194.138 - - [14/Oct/2022:09:13:33 +0800] "GET /xingrg/javascript/jquery_easy_ui/themes/icons/storage_new.png HTTP/1.1" 200 853
116.238.194.138 - - [14/Oct/2022:09:13:33 +0800] "GET /xingrg/javascript/jquery_easy_ui/themes/icons/forms_new.png HTTP/1.1" 200 350
116.238.194.138 - - [14/Oct/2022:09:13:33 +0800] "GET /xingrg/javascript/jquery_easy_ui/themes/default/images/tree_folder.gif HTTP/1.1" 200 952
116.238.194.138 - - [14/Oct/2022:09:13:33 +0800] "GET /xingrg/javascript/jquery_easy_ui/themes/default/images/tree_file.gif HTTP/1.1" 200 118
101.83.146.154 - - [14/Oct/2022:09:13:36 +0800] "GET /xingrg/all/function/internal_message.html?_=1665710016096&CODE_STATE=getMsg HTTP/1.1" 200 27
116.238.194.138 - - [14/Oct/2022:09:13:37 +0800] "GET /xingrg/kc/buy/cgsh_order_operate.html?command=get_materiel&rest_code=00150&code=00101008223&supplier_code=00100008&order_time=2022-10-14 HTTP/1.1" 200 412
124.78.157.213 - - [14/Oct/2022:09:13:38 +0800] "GET /xingrg/all/function/internal_message.html?_=1665710021361&CODE_STATE=getMsg HTTP/1.1" 200 27
124.79.74.72 - - [14/Oct/2022:09:13:42 +0800] "GET /xingrg/all/function/internal_message.html?_=1665710021020&CODE_STATE=getMsg HTTP/1.1" 200 27
222.70.183.206 - - [14/Oct/2022:09:13:44 +0800] "GET /xingrg/all/function/internal_message.html?_=1665710022050&CODE_STATE=getMsg HTTP/1.1" 200 27
116.238.194.138 - - [14/Oct/2022:09:13:45 +0800] "GET /xingrg/kc/buy/cgsh_order_operate.html?command=get_materiel&rest_code=00150&code=00101008136&supplier_code=00100008&order_time=2022-10-14 HTTP/1.1" 200 412
116.230.114.213 - - [14/Oct/2022:09:13:48 +0800] "GET /xingrg/check_reg.html?_=1665710046121 HTTP/1.1" 200 22
101.83.146.154 - - [14/Oct/2022:09:13:54 +0800] "GET /xingrg/kc/buy/cgsh_order_operate.html?command=get_materiel&rest_code=00105&code=00101015066&supplier_code=00100203&order_time=2022-10-14 HTTP/1.1" 200 413
116.238.194.138 - - [14/Oct/2022:09:14:00 +0800] "GET /xingrg/kc/buy/cgsh_order_operate.html?command=get_materiel&rest_code=00150&code=00101008357&supplier_code=00100008&order_time=2022-10-14 HTTP/1.1" 200 408
116.230.105.139 - - [14/Oct/2022:09:14:01 +0800] "GET /xingrg/all/function/internal_message.html?_=1665710019742&CODE_STATE=getMsg HTTP/1.1" 200 27
116.230.114.213 - - [14/Oct/2022:09:14:01 +0800] "GET /xingrg/all/function/internal_message.html?_=1665710058992&CODE_STATE=getMsg HTTP/1.1" 200 27
116.238.194.138 - - [14/Oct/2022:09:14:03 +0800] "GET /xingrg/all/function/internal_message.html?_=1665710044299&CODE_STATE=getMsg HTTP/1.1" 200 27
101.83.146.154 - - [14/Oct/2022:09:14:04 +0800] "GET /xingrg/kc/buy/cgsh_order_operate.html?command=get_materiel&rest_code=00105&code=00101008261&supplier_code=00100203&order_time=2022-10-14 HTTP/1.1" 200 408
116.238.194.138 - - [14/Oct/2022:09:14:04 +0800] "GET /xingrg/javascript/jquery_easy_ui/themes/default/images/tabs_close.gif HTTP/1.1" 200 829
116.238.194.138 - - [14/Oct/2022:09:14:04 +0800] "GET /xingrg/css/base.css HTTP/1.1" 200 2811
116.238.194.138 - - [14/Oct/2022:09:14:04 +0800] "GET /xingrg/css/site.css HTTP/1.1" 200 7541
116.238.194.138 - - [14/Oct/2022:09:14:04 +0800] "GET /xingrg/javascript/jquery_tools/datebox.css HTTP/1.1" 200 2597
116.238.194.138 - - [14/Oct/2022:09:14:04 +0800] "GET /xingrg/javascript/jquery_tools/fix.css HTTP/1.1" 200 1702
116.238.194.138 - - [14/Oct/2022:09:14:04 +0800] "GET /xingrg/javascript/jquery_tools/list_manager.js HTTP/1.1" 200 3652
116.238.194.138 - - [14/Oct/2022:09:14:04 +0800] "GET /xingrg/javascript/jquery_tools/jquery.tools.min.js HTTP/1.1" 200 138801
116.238.194.138 - - [14/Oct/2022:09:14:04 +0800] "GET /xingrg/javascript/jquery_tools/jquery.tools.table.js HTTP/1.1" 200 6994
116.238.194.138 - - [14/Oct/2022:09:14:04 +0800] "GET /xingrg/javascript/auto/jquery.autocomplete.css HTTP/1.1" 200 587
116.238.194.138 - - [14/Oct/2022:09:14:04 +0800] "GET /xingrg/javascript/easyui/themes/icon.css HTTP/1.1" 200 4483
116.238.194.138 - - [14/Oct/2022:09:14:04 +0800] "GET /xingrg/javascript/jquery_tools/table.css HTTP/1.1" 200 1032
116.238.194.138 - - [14/Oct/2022:09:14:04 +0800] "GET /xingrg/javascript/jquery_tools/jquery.tools.hotkey.js HTTP/1.1" 200 3242
116.238.194.138 - - [14/Oct/2022:09:14:04 +0800] "GET /xingrg/kc/buy/cgsh_order_list.html HTTP/1.1" 200 53318
116.238.194.138 - - [14/Oct/2022:09:14:04 +0800] "GET /xingrg/javascript/easyui/easyloader.js HTTP/1.1" 200 5975
116.238.194.138 - - [14/Oct/2022:09:14:04 +0800] "GET /xingrg/javascript/print/LodopFuncs.js HTTP/1.1" 200 5121
116.238.194.138 - - [14/Oct/2022:09:14:04 +0800] "GET /xingrg/javascript/jquery.cookie.js HTTP/1.1" 200 5513
116.238.194.138 - - [14/Oct/2022:09:14:04 +0800] "GET /xingrg/javascript/jquery_tools/jquery.tools.extend.js HTTP/1.1" 200 15385
116.238.194.138 - - [14/Oct/2022:09:14:04 +0800] "GET /xingrg/javascript/auto/jquery.autocomplete.js HTTP/1.1" 200 21624
116.238.194.138 - - [14/Oct/2022:09:14:04 +0800] "GET /xingrg/javascript/easyui/themes/default/easyui.css HTTP/1.1" 200 30432
116.238.194.138 - - [14/Oct/2022:09:14:04 +0800] "GET /xingrg/javascript/easyui/themes/icons/edit_add_new.png HTTP/1.1" 200 2997
116.238.194.138 - - [14/Oct/2022:09:14:04 +0800] "GET /xingrg/javascript/easyui/themes/icons/field_new.png HTTP/1.1" 200 1097
116.238.194.138 - - [14/Oct/2022:09:14:04 +0800] "GET /xingrg/javascript/easyui/themes/icons/cance_new.png HTTP/1.1" 200 3986
116.238.194.138 - - [14/Oct/2022:09:14:04 +0800] "GET /xingrg/javascript/easyui/themes/icons/check_new.png HTTP/1.1" 200 3224
116.238.194.138 - - [14/Oct/2022:09:14:04 +0800] "GET /xingrg/javascript/easyui/themes/icons/import_new.png HTTP/1.1" 200 1247
116.238.194.138 - - [14/Oct/2022:09:14:04 +0800] "GET /xingrg/javascript/easyui/plugins/jquery.parser.js HTTP/1.1" 200 1142
116.238.194.138 - - [14/Oct/2022:09:14:04 +0800] "GET /xingrg/images/control/ajaxLoader.gif HTTP/1.1" 200 4659
116.238.194.138 - - [14/Oct/2022:09:14:04 +0800] "GET /xingrg/javascript/jquery_easy_ui/themes/icons/area.png HTTP/1.1" 200 262
116.238.194.138 - - [14/Oct/2022:09:14:04 +0800] "GET /xingrg/javascript/jquery_easy_ui/themes/icons/rest.png HTTP/1.1" 200 695
116.238.194.138 - - [14/Oct/2022:09:14:05 +0800] "POST /xingrg/kc/buy/cgsh_list_operate.html HTTP/1.1" 200 986
114.84.81.136 - - [14/Oct/2022:09:14:09 +0800] "GET /xingrg/all/function/internal_message.html?_=1665710050126&CODE_STATE=getMsg HTTP/1.1" 302 -
116.230.105.139 - - [14/Oct/2022:09:14:13 +0800] "GET /xingrg/kc/buy/cgsh_order_list.html HTTP/1.1" 200 53318
116.230.105.139 - - [14/Oct/2022:09:14:17 +0800] "POST /xingrg/kc/buy/cgsh_list_operate.html HTTP/1.1" 200 3158
116.230.105.139 - - [14/Oct/2022:09:14:22 +0800] "POST /xingrg/kc/buy/cgsh_list_operate.html HTTP/1.1" 200 3158
101.83.146.154 - - [14/Oct/2022:09:14:23 +0800] "GET /xingrg/kc/buy/cgsh_order_operate.html?command=get_materiel&rest_code=00105&code=00101008358&supplier_code=00100203&order_time=2022-10-14 HTTP/1.1" 200 412
116.230.105.139 - - [14/Oct/2022:09:14:24 +0800] "GET /xingrg/kc/buy/cgsh_order_add.html HTTP/1.1" 200 69099
116.230.105.139 - - [14/Oct/2022:09:14:24 +0800] "POST /xingrg/kc/buy/cgsh_order_operate.html HTTP/1.1" 200 8245
116.230.105.139 - - [14/Oct/2022:09:14:24 +0800] "GET /xingrg/all/common/auto_word.html?type=employee&rest_code=00155 HTTP/1.1" 200 205
116.230.105.139 - - [14/Oct/2022:09:14:24 +0800] "GET /xingrg/javascript/easyui/themes/default/validatebox.css HTTP/1.1" 404 1104
116.230.105.139 - - [14/Oct/2022:09:14:24 +0800] "GET /xingrg/all/common/auto_word.html?type=employee&rest_code=00155 HTTP/1.1" 200 205
116.230.105.139 - - [14/Oct/2022:09:14:26 +0800] "GET /xingrg/javascript/auto/indicator.gif HTTP/1.1" 404 1066
116.230.105.139 - - [14/Oct/2022:09:14:28 +0800] "GET /xingrg/javascript/jquery_tools/images/prev.gif HTTP/1.1" 404 1086
116.230.105.139 - - [14/Oct/2022:09:14:28 +0800] "GET /xingrg/javascript/jquery_tools/images/next.gif HTTP/1.1" 404 1086
221.239.141.151 - - [14/Oct/2022:09:14:28 +0800] "GET /xingrg/all/function/internal_message.html?_=1665710067849&CODE_STATE=getMsg HTTP/1.1" 200 27
116.238.194.138 - - [14/Oct/2022:09:14:30 +0800] "GET /xingrg/kc/buy/cgsh_order_operate.html?command=get_materiel&rest_code=00150&code=00101008230&supplier_code=00100008&order_time=2022-10-14 HTTP/1.1" 200 408
101.83.146.154 - - [14/Oct/2022:09:14:30 +0800] "GET /xingrg/kc/buy/cgsh_order_operate.html?command=get_materiel&rest_code=00105&code=00101008126&supplier_code=00100203&order_time=2022-10-14 HTTP/1.1" 200 412
116.238.194.138 - - [14/Oct/2022:09:14:33 +0800] "GET /xingrg/all/function/internal_message.html?_=1665710022280&CODE_STATE=getMsg HTTP/1.1" 200 27
116.230.105.139 - - [14/Oct/2022:09:14:33 +0800] "GET /xingrg/kc/buy/cgsh_order_operate.html?command=get_materiel&rest_code=00155&code=00101009113&supplier_code=00100037&order_time=2022-10-14 HTTP/1.1" 200 413
124.79.74.72 - - [14/Oct/2022:09:14:35 +0800] "GET /xingrg/check_reg.html?_=1665710073648 HTTP/1.1" 200 22
101.83.146.154 - - [14/Oct/2022:09:14:36 +0800] "GET /xingrg/all/function/internal_message.html?_=1665710076098&CODE_STATE=getMsg HTTP/1.1" 200 27
101.83.146.154 - - [14/Oct/2022:09:14:37 +0800] "GET /xingrg/kc/buy/cgsh_order_operate.html?command=get_materiel&rest_code=00105&code=00101008087&supplier_code=00100203&order_time=2022-10-14 HTTP/1.1" 200 412
124.78.157.213 - - [14/Oct/2022:09:14:38 +0800] "GET /xingrg/all/function/internal_message.html?_=1665710081362&CODE_STATE=getMsg HTTP/1.1" 200 27
116.238.194.138 - - [14/Oct/2022:09:14:39 +0800] "GET /xingrg/kc/buy/cgsh_order_operate.html?command=get_materiel&rest_code=00150&code=00101008069&supplier_code=00100008&order_time=2022-10-14 HTTP/1.1" 200 412
116.238.194.138 - - [14/Oct/2022:09:14:41 +0800] "POST /xingrg/kc/buy/cgsh_order_operate.html HTTP/1.1" 200 2065
222.70.183.206 - - [14/Oct/2022:09:14:41 +0800] "GET /xingrg/kc/buy/cgsh_order_operate.html?command=get_materiel&rest_code=00111&code=00101002027&supplier_code=00100037&order_time=2022-10-14 HTTP/1.1" 200 413
101.83.146.154 - - [14/Oct/2022:09:14:42 +0800] "POST /xingrg/kc/buy/cgsh_order_operate.html HTTP/1.1" 200 2065
124.79.74.72 - - [14/Oct/2022:09:14:42 +0800] "GET /xingrg/all/function/internal_message.html?_=1665710080992&CODE_STATE=getMsg HTTP/1.1" 200 27
101.83.146.154 - - [14/Oct/2022:09:14:43 +0800] "POST /xingrg/kc/buy/cgsh_order_operate.html HTTP/1.1" 200 2065
222.70.183.206 - - [14/Oct/2022:09:14:44 +0800] "GET /xingrg/all/function/internal_message.html?_=1665710082059&CODE_STATE=getMsg HTTP/1.1" 200 27
116.238.194.138 - - [14/Oct/2022:09:14:47 +0800] "GET /xingrg/kc/buy/cgsh_order_operate.html?command=get_materiel&rest_code=00150&code=00101008131&supplier_code=00100008&order_time=2022-10-14 HTTP/1.1" 200 409
116.230.105.139 - - [14/Oct/2022:09:14:51 +0800] "GET /xingrg/kc/buy/cgsh_order_operate.html?command=get_materiel&rest_code=00155&code=00101015066&supplier_code=00100037&order_time=2022-10-14 HTTP/1.1" 200 413
120.253.135.82 - - [14/Oct/2022:09:14:52 +0800] "GET /xingrg/check_reg.html?_=1665709887643 HTTP/1.1" 200 22
101.83.146.154 - - [14/Oct/2022:09:14:53 +0800] "GET /xingrg/kc/buy/cgsh_order_operate.html?command=get_materiel&rest_code=00105&code=00101008361&supplier_code=00100203&order_time=2022-10-14 HTTP/1.1" 200 408
172.20.0.100 - - [14/Oct/2022:09:14:55 +0800] "GET /xingrg/check_reg.html?_=1665710094440 HTTP/1.1" 302 -
116.238.194.138 - - [14/Oct/2022:09:14:57 +0800] "GET /xingrg/kc/buy/cgsh_order_operate.html?command=get_materiel&rest_code=00150&code=00101008296&supplier_code=00100008&order_time=2022-10-14 HTTP/1.1" 200 416
116.230.105.139 - - [14/Oct/2022:09:15:01 +0800] "GET /xingrg/all/function/internal_message.html?_=1665710079757&CODE_STATE=getMsg HTTP/1.1" 200 27
116.230.114.213 - - [14/Oct/2022:09:15:01 +0800] "GET /xingrg/all/function/internal_message.html?_=1665710119004&CODE_STATE=getMsg HTTP/1.1" 200 27
116.238.194.138 - - [14/Oct/2022:09:15:03 +0800] "GET /xingrg/all/function/internal_message.html?_=1665710104304&CODE_STATE=getMsg HTTP/1.1" 200 27
222.70.183.206 - - [14/Oct/2022:09:15:05 +0800] "GET /xingrg/kc/buy/cgsh_order_operate.html?command=get_materiel&rest_code=00111&code=00101016105&supplier_code=00100037&order_time=2022-10-14 HTTP/1.1" 200 409
116.238.194.138 - - [14/Oct/2022:09:15:05 +0800] "GET /xingrg/kc/buy/cgsh_order_operate.html?command=get_materiel&rest_code=00150&code=00101008371&supplier_code=00100008&order_time=2022-10-14 HTTP/1.1" 200 412
116.238.194.138 - - [14/Oct/2022:09:15:13 +0800] "GET /xingrg/javascript/jquery_easy_ui/themes/default/images/button_a_bg.gif HTTP/1.1" 200 1194
116.238.194.138 - - [14/Oct/2022:09:15:13 +0800] "GET /xingrg/javascript/jquery_easy_ui/themes/default/images/button_span_bg.gif HTTP/1.1" 200 2061
116.238.194.138 - - [14/Oct/2022:09:15:13 +0800] "GET /xingrg/javascript/jquery_easy_ui/themes/icons/ok.png HTTP/1.1" 200 883
116.238.194.138 - - [14/Oct/2022:09:15:13 +0800] "GET /xingrg/javascript/jquery_easy_ui/themes/default/images/panel_title.png HTTP/1.1" 200 266
116.238.194.138 - - [14/Oct/2022:09:15:13 +0800] "GET /xingrg/javascript/jquery_easy_ui/themes/default/images/panel_tools.gif HTTP/1.1" 200 737
116.238.194.138 - - [14/Oct/2022:09:15:15 +0800] "POST /xingrg/all/user/operate.html HTTP/1.1" 200 36
116.238.194.138 - - [14/Oct/2022:09:15:15 +0800] "GET /xingrg/javascript/jquery_easy_ui/themes/default/easyui.css HTTP/1.1" 304 -
116.238.194.138 - - [14/Oct/2022:09:15:15 +0800] "GET /xingrg/index.html?sysBaseUrl=http%3A%2F%2F180.169.147.146%3A18081%2Fxingrg%2F&costTime=43×tamp=1665710012988 HTTP/1.1" 200 17177
116.238.194.138 - - [14/Oct/2022:09:15:15 +0800] "GET /xingrg/javascript/jquery_easy_ui/themes/icon.css HTTP/1.1" 304 -
116.238.194.138 - - [14/Oct/2022:09:15:15 +0800] "GET /xingrg/css/form.css HTTP/1.1" 304 -
116.238.194.138 - - [14/Oct/2022:09:15:15 +0800] "GET /xingrg/javascript/jquery-1.4.2.min.js HTTP/1.1" 304 -
116.238.194.138 - - [14/Oct/2022:09:15:15 +0800] "GET /xingrg/javascript/jquery_easy_ui/jquery.easyui.min.js HTTP/1.1" 304 -
116.238.194.138 - - [14/Oct/2022:09:15:15 +0800] "GET /xingrg/javascript/jquery_easy_ui/easyui-lang-zh_CN.js HTTP/1.1" 304 -
116.238.194.138 - - [14/Oct/2022:09:15:15 +0800] "GET /xingrg/javascript/jquery.form.js HTTP/1.1" 304 -
116.238.194.138 - - [14/Oct/2022:09:15:15 +0800] "GET /xingrg/javascript/jquery.utils.js HTTP/1.1" 304 -
116.238.194.138 - - [14/Oct/2022:09:15:15 +0800] "GET /xingrg/javascript/jquery.timers.js HTTP/1.1" 304 -
116.238.194.138 - - [14/Oct/2022:09:15:15 +0800] "GET /xingrg/images/blue/jxLogo.png HTTP/1.1" 304 -
116.238.194.138 - - [14/Oct/2022:09:15:15 +0800] "GET /xingrg/javascript/jquery_easy_ui/themes/icons/settle_new.png HTTP/1.1" 304 -
116.238.194.138 - - [14/Oct/2022:09:15:15 +0800] "GET /xingrg/images/blue/navBackgound.jpg HTTP/1.1" 304 -
116.238.194.138 - - [14/Oct/2022:09:15:15 +0800] "POST /xingrg/all/common/load_tree.html?tree=area_rest_tree_json&manage=1 HTTP/1.1" 200 476
116.238.194.138 - - [14/Oct/2022:09:15:15 +0800] "GET /xingrg/images/blue/pingpu.png HTTP/1.1" 304 -
116.238.194.138 - - [14/Oct/2022:09:15:15 +0800] "GET /xingrg/javascript/jquery_easy_ui/themes/default/images/tabs_rightarrow.png HTTP/1.1" 304 -
116.238.194.138 - - [14/Oct/2022:09:15:15 +0800] "GET /xingrg/javascript/jquery_easy_ui/themes/default/images/tabs_leftarrow.png HTTP/1.1" 304 -
116.238.194.138 - - [14/Oct/2022:09:15:15 +0800] "GET /xingrg/javascript/jquery_easy_ui/themes/default/images/panel_tool_collapse.gif HTTP/1.1" 304 -
116.238.194.138 - - [14/Oct/2022:09:15:15 +0800] "GET /xingrg/all/function/internal_message.html?_=1665710064256&CODE_STATE=count HTTP/1.1" 200 11
116.238.194.138 - - [14/Oct/2022:09:15:15 +0800] "GET /xingrg/check_reg.html?_=1665710064257 HTTP/1.1" 200 22
116.238.194.138 - - [14/Oct/2022:09:15:15 +0800] "POST /xingrg/load_menu.html HTTP/1.1" 200 5138
222.70.183.206 - - [14/Oct/2022:09:15:17 +0800] "GET /xingrg/kc/buy/cgsh_order_operate.html?command=get_materiel&rest_code=00111&code=00101020138&supplier_code=00100037&order_time=2022-10-14 HTTP/1.1" 200 426
101.83.146.154 - - [14/Oct/2022:09:15:18 +0800] "GET /xingrg/kc/buy/cgsh_order_operate.html?command=get_materiel&rest_code=00105&code=00101008108&supplier_code=00100203&order_time=2022-10-14 HTTP/1.1" 200 412
116.238.194.138 - - [14/Oct/2022:09:15:20 +0800] "GET /xingrg/javascript/jquery_easy_ui/themes/default/images/tabs_active.png HTTP/1.1" 200 2894
116.238.194.138 - - [14/Oct/2022:09:15:22 +0800] "GET /xingrg/kc/buy/cgsh_order_list.html HTTP/1.1" 200 53316
116.238.194.138 - - [14/Oct/2022:09:15:23 +0800] "GET /xingrg/kc/buy/cgsh_order_operate.html?command=get_materiel&rest_code=00150&code=00101008337&supplier_code=00100008&order_time=2022-10-14 HTTP/1.1" 200 408
116.238.194.138 - - [14/Oct/2022:09:15:23 +0800] "POST /xingrg/kc/buy/cgsh_list_operate.html HTTP/1.1" 200 986
116.238.194.138 - - [14/Oct/2022:09:15:23 +0800] "GET /xingrg/javascript/easyui/themes/default/images/button_plain_hover.png HTTP/1.1" 200 144
116.238.194.138 - - [14/Oct/2022:09:15:23 +0800] "GET /xingrg/javascript/easyui/themes/default/images/button_plain_hover.png HTTP/1.1" 200 144
116.238.194.138 - - [14/Oct/2022:09:15:24 +0800] "GET /xingrg/javascript/pic_change.js HTTP/1.1" 200 4739
116.238.194.138 - - [14/Oct/2022:09:15:24 +0800] "GET /xingrg/javascript/convert.js HTTP/1.1" 200 1239
116.238.194.138 - - [14/Oct/2022:09:15:24 +0800] "GET /xingrg/javascript/json2.js HTTP/1.1" 200 11259
116.238.194.138 - - [14/Oct/2022:09:15:24 +0800] "GET /xingrg/javascript/jquery_tools/order_manager.js HTTP/1.1" 200 11183
116.238.194.138 - - [14/Oct/2022:09:15:24 +0800] "GET /xingrg/javascript/print/kc_print.js HTTP/1.1" 200 11415
116.238.194.138 - - [14/Oct/2022:09:15:24 +0800] "GET /xingrg/kc/buy/cgsh_order_add.html HTTP/1.1" 200 68703
116.238.194.138 - - [14/Oct/2022:09:15:24 +0800] "GET /xingrg/words/20221013093351_words.js HTTP/1.1" 200 925346
116.238.194.138 - - [14/Oct/2022:09:15:24 +0800] "GET /xingrg/javascript/easyui/themes/icons/copy_new.png HTTP/1.1" 200 815
116.238.194.138 - - [14/Oct/2022:09:15:24 +0800] "GET /xingrg/javascript/easyui/themes/icons/print.png HTTP/1.1" 200 1057
116.238.194.138 - - [14/Oct/2022:09:15:24 +0800] "GET /xingrg/javascript/easyui/themes/icons/ok.png HTTP/1.1" 200 883
116.238.194.138 - - [14/Oct/2022:09:15:24 +0800] "GET /xingrg/javascript/easyui/themes/icons/template_new.png HTTP/1.1" 200 3956
116.238.194.138 - - [14/Oct/2022:09:15:24 +0800] "GET /xingrg/javascript/easyui/themes/default/images/menu_downarrow.png HTTP/1.1" 200 173
116.238.194.138 - - [14/Oct/2022:09:15:24 +0800] "GET /xingrg/javascript/easyui/themes/icons/cancel.png HTTP/1.1" 200 1133
116.238.194.138 - - [14/Oct/2022:09:15:25 +0800] "POST /xingrg/kc/buy/cgsh_order_operate.html HTTP/1.1" 200 8245
116.238.194.138 - - [14/Oct/2022:09:15:25 +0800] "GET /xingrg/javascript/easyui/themes/icons/edit_remove.png HTTP/1.1" 200 625
116.238.194.138 - - [14/Oct/2022:09:15:25 +0800] "GET /xingrg/all/common/auto_word.html?type=employee&rest_code=00151 HTTP/1.1" 200 293
116.238.194.138 - - [14/Oct/2022:09:15:25 +0800] "GET /xingrg/all/common/auto_word.html?type=employee&rest_code=00151 HTTP/1.1" 200 293
116.238.194.138 - - [14/Oct/2022:09:15:25 +0800] "GET /xingrg/javascript/easyui/themes/default/validatebox.css HTTP/1.1" 404 1104
116.238.194.138 - - [14/Oct/2022:09:15:25 +0800] "GET /xingrg/javascript/easyui/plugins/jquery.validatebox.js HTTP/1.1" 200 6103
116.238.194.138 - - [14/Oct/2022:09:15:25 +0800] "GET /xingrg/javascript/easyui/plugins/jquery.numberbox.js HTTP/1.1" 200 5213
