124.79.243.136 - - [14/Oct/2022:11:22:43 +0800] "GET /xingrg/all/function/internal_message.html?_=1665717967467&CODE_STATE=getMsg HTTP/1.1" 200 27
221.239.141.151 - - [14/Oct/2022:11:22:44 +0800] "GET /xingrg/kc/base/wldb_order_info.html?code=422022101401058 HTTP/1.1" 200 26272
221.239.141.151 - - [14/Oct/2022:11:22:45 +0800] "GET /xingrg/javascript/easyui/themes/default/validatebox.css HTTP/1.1" 404 1104
221.239.141.151 - - [14/Oct/2022:11:22:45 +0800] "POST /xingrg/kc/base/wldb_order_operate.html HTTP/1.1" 200 4289
221.239.141.151 - - [14/Oct/2022:11:22:50 +0800] "GET /xingrg/all/function/internal_message.html?_=1665717770984&CODE_STATE=getMsg HTTP/1.1" 200 27
180.169.147.146 - - [14/Oct/2022:11:22:50 +0800] "POST /xingrg/login.do HTTP/1.1" 200 2421
180.169.147.146 - - [14/Oct/2022:11:22:50 +0800] "GET /xingrg/images/blue/pic_notice.jpg HTTP/1.1" 304 -
180.169.147.146 - - [14/Oct/2022:11:22:50 +0800] "GET /xingrg/images/blue/pic_top.gif HTTP/1.1" 304 -
180.169.147.146 - - [14/Oct/2022:11:22:50 +0800] "GET /xingrg/images/blue/error_mid.gif HTTP/1.1" 304 -
180.169.147.146 - - [14/Oct/2022:11:22:50 +0800] "GET /xingrg/images/blue/error_top.gif HTTP/1.1" 304 -
180.169.147.146 - - [14/Oct/2022:11:22:50 +0800] "GET /xingrg/images/blue/error_buttom.gif HTTP/1.1" 304 -
180.169.147.146 - - [14/Oct/2022:11:22:50 +0800] "GET /favicon.ico HTTP/1.1" 404 -
180.169.147.146 - - [14/Oct/2022:11:22:52 +0800] "GET /xingrg/login.html HTTP/1.1" 200 7641
180.169.147.146 - - [14/Oct/2022:11:22:52 +0800] "GET /favicon.ico HTTP/1.1" 404 -
101.83.146.154 - - [14/Oct/2022:11:22:53 +0800] "GET /xingrg/all/function/internal_message.html?_=1665717627416&CODE_STATE=getMsg HTTP/1.1" 200 27
114.84.81.136 - - [14/Oct/2022:11:23:00 +0800] "GET /xingrg/all/function/internal_message.html?_=1665717780159&CODE_STATE=getMsg HTTP/1.1" 200 27
116.230.105.139 - - [14/Oct/2022:11:23:01 +0800] "GET /xingrg/all/function/internal_message.html?_=1665717759753&CODE_STATE=getMsg HTTP/1.1" 200 27
180.169.147.146 - - [14/Oct/2022:11:23:03 +0800] "POST /xingrg/login.do HTTP/1.1" 302 -
180.169.147.146 - - [14/Oct/2022:11:23:03 +0800] "GET /xingrg/index.html?sysBaseUrl=http%3A%2F%2F180.169.147.146%3A18081%2Fxingrg%2F&costTime=53×tamp=1665717783519 HTTP/1.1" 200 17173
180.169.147.146 - - [14/Oct/2022:11:23:03 +0800] "GET /favicon.ico HTTP/1.1" 404 -
180.169.147.146 - - [14/Oct/2022:11:23:03 +0800] "POST /xingrg/all/common/load_tree.html?tree=area_rest_tree_json&manage=1 HTTP/1.1" 200 342
180.169.147.146 - - [14/Oct/2022:11:23:03 +0800] "GET /xingrg/check_reg.html?_=1665717773814 HTTP/1.1" 200 22
180.169.147.146 - - [14/Oct/2022:11:23:03 +0800] "GET /xingrg/all/function/internal_message.html?_=1665717773813&CODE_STATE=count HTTP/1.1" 200 11
180.169.147.146 - - [14/Oct/2022:11:23:03 +0800] "POST /xingrg/load_menu.html HTTP/1.1" 200 5138
180.169.147.146 - - [14/Oct/2022:11:23:06 +0800] "GET /xingrg/kc/report/report_main.html HTTP/1.1" 200 7340
180.169.147.146 - - [14/Oct/2022:11:23:07 +0800] "GET /xingrg/all/report/report_query.html?fileName=kc/buy/gys_amount.xml&rh=99999 HTTP/1.1" 200 52006
180.169.147.146 - - [14/Oct/2022:11:23:08 +0800] "GET /xingrg/dwr/interface/AjaxReportQueryService.js HTTP/1.1" 200 13203
180.169.147.146 - - [14/Oct/2022:11:23:08 +0800] "GET /xingrg/dwr/engine.js HTTP/1.1" 200 43631
180.169.147.146 - - [14/Oct/2022:11:23:08 +0800] "POST /xingrg/dwr/call/plaincall/AjaxReportQueryService.getFixDate.dwr HTTP/1.1" 200 111
180.169.147.146 - - [14/Oct/2022:11:23:08 +0800] "POST /xingrg/all/common/load_tree.html?tree=supplier_tree_json&manage=1 HTTP/1.1" 200 70625
180.169.147.146 - - [14/Oct/2022:11:23:09 +0800] "POST /xingrg/all/common/load_tree.html?tree=materiel_sort_tree_json HTTP/1.1" 200 9500
180.169.147.146 - - [14/Oct/2022:11:23:09 +0800] "POST /xingrg/dwr/call/plaincall/AjaxReportQueryService.getInitString.dwr HTTP/1.1" 200 1062
116.230.114.213 - - [14/Oct/2022:11:23:12 +0800] "GET /xingrg/all/function/internal_message.html?_=1665717809753&CODE_STATE=getMsg HTTP/1.1" 200 27
180.169.147.146 - - [14/Oct/2022:11:23:12 +0800] "GET /xingrg/all/function/internal_message.html?_=1665717791382&CODE_STATE=getMsg HTTP/1.1" 200 27
180.169.147.146 - - [14/Oct/2022:11:23:22 +0800] "POST /xingrg/dwr/call/plaincall/AjaxReportQueryService.refreshCache.dwr HTTP/1.1" 200 78
114.83.219.57 - - [14/Oct/2022:11:23:22 +0800] "GET /xingrg/all/function/internal_message.html?_=1665717898260&CODE_STATE=getMsg HTTP/1.1" 200 27
180.169.147.146 - - [14/Oct/2022:11:23:25 +0800] "POST /xingrg/all/report/load_report_page.html HTTP/1.1" 200 156765
180.169.147.146 - - [14/Oct/2022:11:23:25 +0800] "GET /xingrg/servlets/image?cache=0.08551637799176515&image=px HTTP/1.1" 200 807
180.169.147.146 - - [14/Oct/2022:11:23:25 +0800] "POST /xingrg/dwr/call/plaincall/AjaxReportQueryService.refreshCache.dwr HTTP/1.1" 200 78
114.88.159.190 - - [14/Oct/2022:11:23:26 +0800] "GET /xingrg/check_reg.html?_=1665717435164 HTTP/1.1" 200 22
114.88.159.190 - - [14/Oct/2022:11:23:27 +0800] "GET /xingrg/all/function/internal_message.html?_=1665717436151&CODE_STATE=getMsg HTTP/1.1" 200 27
101.85.93.18 - - [14/Oct/2022:11:23:27 +0800] "GET /xingrg/all/function/internal_message.html?_=1665717805435&CODE_STATE=getMsg HTTP/1.1" 200 27
180.169.147.146 - - [14/Oct/2022:11:23:29 +0800] "POST /xingrg/all/report/load_report_page.html HTTP/1.1" 200 8945
180.169.147.146 - - [14/Oct/2022:11:23:29 +0800] "GET /xingrg/servlets/image?cache=0.1163563858180573&image=px HTTP/1.1" 200 807
180.169.147.146 - - [14/Oct/2022:11:23:29 +0800] "GET /xingrg/all/report/report_query.html?isQuery=1&fileName=kc/buy/wlcg_cate_hz.xml&queryString=(CONVERT(char(10)%252Ca.order_time%252C%2520120)%253E%253D'2022-07-01')%2520and%2520(CONVERT(char(10)%252Ca.order_time%252C%2520120)%253C%253D'2022-07-31')%2520and%2520(a.number%253E0%2520and%2520a.supplier_code%253D'00100017')&queryText=%25E3%2580%2590%25E9%2587%2587%25E8%25B4%25AD%25E6%2597%25A5%25E6%259C%259F%253A2022-07-01%2520%25E8%2587%25B3%25202022-07-31%25E3%2580%2591%2520%25E5%25B9%25B6%25E4%25B8%2594%2520%25E3%2580%2590%25E4%25BE%259B%25E5%25BA%2594%25E5%2595%2586%253D%25E9%2585%2592%25E6%25B0%25B4%25EF%25BC%2588%25E9%25BE%2599%25E5%25B7%259D%25EF%25BC%2589%25E3%2580%2591 HTTP/1.1" 200 54370
180.169.147.146 - - [14/Oct/2022:11:23:29 +0800] "GET /xingrg/dwr/interface/AjaxReportQueryService.js HTTP/1.1" 200 13203
180.169.147.146 - - [14/Oct/2022:11:23:29 +0800] "GET /xingrg/dwr/engine.js HTTP/1.1" 200 43631
180.169.147.146 - - [14/Oct/2022:11:23:31 +0800] "POST /xingrg/all/report/load_report_page.html HTTP/1.1" 200 8716
180.169.147.146 - - [14/Oct/2022:11:23:31 +0800] "GET /xingrg/servlets/image?cache=0.6526876200409123&image=px HTTP/1.1" 200 807
101.83.146.154 - - [14/Oct/2022:11:23:36 +0800] "GET /xingrg/all/function/internal_message.html?_=1665717816206&CODE_STATE=getMsg HTTP/1.1" 200 27
180.169.147.146 - - [14/Oct/2022:11:23:36 +0800] "POST /xingrg/all/report/load_report_page.html HTTP/1.1" 200 53981
180.169.147.146 - - [14/Oct/2022:11:23:37 +0800] "GET /xingrg/servlets/image?cache=0.5847725857835626&image=px HTTP/1.1" 200 807
124.78.157.213 - - [14/Oct/2022:11:23:38 +0800] "GET /xingrg/all/function/internal_message.html?_=1665717815374&CODE_STATE=getMsg HTTP/1.1" 200 27
124.79.74.72 - - [14/Oct/2022:11:23:40 +0800] "GET /xingrg/all/function/internal_message.html?_=1665717818420&CODE_STATE=getMsg HTTP/1.1" 200 27
114.83.219.23 - - [14/Oct/2022:11:23:40 +0800] "GET /xingrg/all/function/internal_message.html?_=1665717818022&CODE_STATE=getMsg HTTP/1.1" 200 27
114.83.219.23 - - [14/Oct/2022:11:23:40 +0800] "GET /xingrg/check_reg.html?_=1665717818023 HTTP/1.1" 200 22
116.238.194.138 - - [14/Oct/2022:11:23:41 +0800] "GET /xingrg/all/function/internal_message.html?_=1665717821763&CODE_STATE=getMsg HTTP/1.1" 200 27
221.239.141.151 - - [14/Oct/2022:11:23:42 +0800] "GET /xingrg/kc/base/wldb_order_info.html?code=422022101401058 HTTP/1.1" 200 26272
180.169.147.146 - - [14/Oct/2022:11:23:43 +0800] "GET /xingrg/check_reg.html?_=1665717815650 HTTP/1.1" 200 22
180.169.147.146 - - [14/Oct/2022:11:23:43 +0800] "GET /xingrg/all/function/internal_message.html?_=1665717815653&CODE_STATE=getMsg HTTP/1.1" 200 27
124.79.243.136 - - [14/Oct/2022:11:23:43 +0800] "GET /xingrg/all/function/internal_message.html?_=1665718027466&CODE_STATE=getMsg HTTP/1.1" 200 27
180.169.147.146 - - [14/Oct/2022:11:23:47 +0800] "POST /xingrg/dwr/call/plaincall/AjaxReportQueryService.refreshCache.dwr HTTP/1.1" 200 78
180.169.147.146 - - [14/Oct/2022:11:23:48 +0800] "POST /xingrg/dwr/call/plaincall/AjaxReportQueryService.refreshCache.dwr HTTP/1.1" 200 78
116.230.114.213 - - [14/Oct/2022:11:23:49 +0800] "GET /xingrg/check_reg.html?_=1665717846859 HTTP/1.1" 200 22
180.169.147.146 - - [14/Oct/2022:11:23:49 +0800] "POST /xingrg/all/report/load_report_page.html HTTP/1.1" 200 8912
180.169.147.146 - - [14/Oct/2022:11:23:49 +0800] "GET /xingrg/servlets/image?cache=0.9295848718200874&image=px HTTP/1.1" 200 807
180.169.147.146 - - [14/Oct/2022:11:23:52 +0800] "POST /xingrg/all/report/load_report_page.html HTTP/1.1" 200 140613
180.169.147.146 - - [14/Oct/2022:11:23:52 +0800] "GET /xingrg/servlets/image?cache=0.028949962272521557&image=px HTTP/1.1" 200 807
101.83.146.154 - - [14/Oct/2022:11:23:53 +0800] "GET /xingrg/all/function/internal_message.html?_=1665717687402&CODE_STATE=getMsg HTTP/1.1" 200 27
221.239.141.151 - - [14/Oct/2022:11:23:55 +0800] "GET /xingrg/all/function/internal_message.html?_=1665717835753&CODE_STATE=getMsg HTTP/1.1" 200 27
221.239.141.151 - - [14/Oct/2022:11:23:55 +0800] "GET /xingrg/javascript/easyui/themes/default/validatebox.css HTTP/1.1" 404 1104
221.239.141.151 - - [14/Oct/2022:11:23:55 +0800] "POST /xingrg/kc/base/wldb_order_operate.html HTTP/1.1" 200 4289
114.84.81.136 - - [14/Oct/2022:11:24:00 +0800] "GET /xingrg/check_reg.html?_=1665717840161 HTTP/1.1" 200 22
114.84.81.136 - - [14/Oct/2022:11:24:00 +0800] "GET /xingrg/all/function/internal_message.html?_=1665717840165&CODE_STATE=getMsg HTTP/1.1" 200 27
116.230.105.139 - - [14/Oct/2022:11:24:01 +0800] "GET /xingrg/all/function/internal_message.html?_=1665717819755&CODE_STATE=getMsg HTTP/1.1" 200 27
180.169.147.146 - - [14/Oct/2022:11:24:03 +0800] "GET /xingrg/all/function/internal_message.html?_=1665717833817&CODE_STATE=getMsg HTTP/1.1" 200 27
116.230.114.213 - - [14/Oct/2022:11:24:12 +0800] "GET /xingrg/all/function/internal_message.html?_=1665717869759&CODE_STATE=getMsg HTTP/1.1" 200 27
180.169.147.146 - - [14/Oct/2022:11:24:12 +0800] "GET /xingrg/all/function/internal_message.html?_=1665717851383&CODE_STATE=getMsg HTTP/1.1" 200 27
114.84.81.136 - - [14/Oct/2022:11:24:14 +0800] "GET /xingrg/all/function/internal_message.html?_=1665717855634&CODE_STATE=getMsg HTTP/1.1" 302 -
221.239.141.151 - - [14/Oct/2022:11:24:17 +0800] "POST /xingrg/kc/mdqp/pssh_list_operate.html HTTP/1.1" 200 5607
114.83.219.57 - - [14/Oct/2022:11:24:22 +0800] "GET /xingrg/all/function/internal_message.html?_=1665717958251&CODE_STATE=getMsg HTTP/1.1" 200 27
114.88.159.190 - - [14/Oct/2022:11:24:27 +0800] "GET /xingrg/all/function/internal_message.html?_=1665717496112&CODE_STATE=getMsg HTTP/1.1" 200 27
101.85.93.18 - - [14/Oct/2022:11:24:27 +0800] "GET /xingrg/all/function/internal_message.html?_=1665717865434&CODE_STATE=getMsg HTTP/1.1" 200 27
221.239.141.151 - - [14/Oct/2022:11:24:30 +0800] "GET /xingrg/kc/base/wldb_order_list.html HTTP/1.1" 200 19180
221.239.141.151 - - [14/Oct/2022:11:24:32 +0800] "POST /xingrg/kc/base/wldb_list_operate.html HTTP/1.1" 200 928
221.239.141.151 - - [14/Oct/2022:11:24:33 +0800] "GET /xingrg/kc/base/wldb_order_add.html HTTP/1.1" 200 30393
221.239.141.151 - - [14/Oct/2022:11:24:35 +0800] "POST /xingrg/kc/base/wldb_order_operate.html HTTP/1.1" 200 6806
221.239.141.151 - - [14/Oct/2022:11:24:35 +0800] "GET /xingrg/javascript/easyui/themes/default/validatebox.css HTTP/1.1" 404 1104
124.79.74.72 - - [14/Oct/2022:11:24:35 +0800] "GET /xingrg/check_reg.html?_=1665717873640 HTTP/1.1" 200 22
101.83.146.154 - - [14/Oct/2022:11:24:36 +0800] "GET /xingrg/all/function/internal_message.html?_=1665717876205&CODE_STATE=getMsg HTTP/1.1" 200 27
221.239.141.151 - - [14/Oct/2022:11:24:37 +0800] "POST /xingrg/all/common/load_combo.html?type=base HTTP/1.1" 200 3321
124.78.157.213 - - [14/Oct/2022:11:24:38 +0800] "GET /xingrg/all/function/internal_message.html?_=1665717875351&CODE_STATE=getMsg HTTP/1.1" 200 27
221.239.141.151 - - [14/Oct/2022:11:24:39 +0800] "POST /xingrg/all/common/load_combo.html?type=base HTTP/1.1" 200 3321
124.79.74.72 - - [14/Oct/2022:11:24:40 +0800] "GET /xingrg/all/function/internal_message.html?_=1665717878392&CODE_STATE=getMsg HTTP/1.1" 200 27
114.83.219.23 - - [14/Oct/2022:11:24:40 +0800] "GET /xingrg/all/function/internal_message.html?_=1665717878025&CODE_STATE=getMsg HTTP/1.1" 200 27
116.238.194.138 - - [14/Oct/2022:11:24:41 +0800] "GET /xingrg/all/function/internal_message.html?_=1665717881788&CODE_STATE=getMsg HTTP/1.1" 200 27
180.169.147.146 - - [14/Oct/2022:11:24:43 +0800] "GET /xingrg/all/function/internal_message.html?_=1665717875652&CODE_STATE=getMsg HTTP/1.1" 200 27
124.79.243.136 - - [14/Oct/2022:11:24:43 +0800] "GET /xingrg/all/function/internal_message.html?_=1665718087464&CODE_STATE=getMsg HTTP/1.1" 200 27
221.239.141.151 - - [14/Oct/2022:11:24:48 +0800] "GET /xingrg/javascript/auto/indicator.gif HTTP/1.1" 404 1066
221.239.141.151 - - [14/Oct/2022:11:24:50 +0800] "GET /xingrg/check_reg.html?_=1665717890963 HTTP/1.1" 200 22
120.253.135.82 - - [14/Oct/2022:11:24:52 +0800] "GET /xingrg/check_reg.html?_=1665717688125 HTTP/1.1" 200 22
101.83.146.154 - - [14/Oct/2022:11:24:53 +0800] "GET /xingrg/all/function/internal_message.html?_=1665717747403&CODE_STATE=getMsg HTTP/1.1" 200 27
172.20.0.100 - - [14/Oct/2022:11:24:55 +0800] "GET /xingrg/check_reg.html?_=1665717893775 HTTP/1.1" 302 -
221.239.141.151 - - [14/Oct/2022:11:24:55 +0800] "GET /xingrg/all/function/internal_message.html?_=1665717895728&CODE_STATE=getMsg HTTP/1.1" 200 27
221.239.141.151 - - [14/Oct/2022:11:24:58 +0800] "GET /xingrg/kc/base/wldb_order_operate.html?command=get_materiel&rest_code=00102&base_code=0010477&code=00102002118 HTTP/1.1" 200 464
114.84.81.136 - - [14/Oct/2022:11:25:00 +0800] "GET /xingrg/all/function/internal_message.html?_=1665717900153&CODE_STATE=getMsg HTTP/1.1" 200 27
116.230.105.139 - - [14/Oct/2022:11:25:01 +0800] "GET /xingrg/all/function/internal_message.html?_=1665717879747&CODE_STATE=getMsg HTTP/1.1" 200 27
180.169.147.146 - - [14/Oct/2022:11:25:03 +0800] "GET /xingrg/all/function/internal_message.html?_=1665717893823&CODE_STATE=getMsg HTTP/1.1" 200 27
116.230.114.213 - - [14/Oct/2022:11:25:12 +0800] "GET /xingrg/all/function/internal_message.html?_=1665717929772&CODE_STATE=getMsg HTTP/1.1" 200 27
180.169.147.146 - - [14/Oct/2022:11:25:12 +0800] "GET /xingrg/check_reg.html?_=1665717911395 HTTP/1.1" 200 22
180.169.147.146 - - [14/Oct/2022:11:25:12 +0800] "GET /xingrg/all/function/internal_message.html?_=1665717911399&CODE_STATE=getMsg HTTP/1.1" 200 27
114.83.219.57 - - [14/Oct/2022:11:25:22 +0800] "GET /xingrg/all/function/internal_message.html?_=1665718018244&CODE_STATE=getMsg HTTP/1.1" 200 27
114.88.159.190 - - [14/Oct/2022:11:25:27 +0800] "GET /xingrg/all/function/internal_message.html?_=1665717556086&CODE_STATE=getMsg HTTP/1.1" 200 27
101.85.93.18 - - [14/Oct/2022:11:25:27 +0800] "GET /xingrg/all/function/internal_message.html?_=1665717925435&CODE_STATE=getMsg HTTP/1.1" 200 27
101.83.146.154 - - [14/Oct/2022:11:25:36 +0800] "GET /xingrg/all/function/internal_message.html?_=1665717936205&CODE_STATE=getMsg HTTP/1.1" 200 27
101.83.146.154 - - [14/Oct/2022:11:25:36 +0800] "GET /xingrg/check_reg.html?_=1665717936208 HTTP/1.1" 200 22
124.78.157.213 - - [14/Oct/2022:11:25:38 +0800] "GET /xingrg/all/function/internal_message.html?_=1665717935329&CODE_STATE=getMsg HTTP/1.1" 200 27
124.79.74.72 - - [14/Oct/2022:11:25:40 +0800] "GET /xingrg/all/function/internal_message.html?_=1665717938377&CODE_STATE=getMsg HTTP/1.1" 200 27
114.83.219.23 - - [14/Oct/2022:11:25:40 +0800] "GET /xingrg/all/function/internal_message.html?_=1665717938025&CODE_STATE=getMsg HTTP/1.1" 200 27
116.238.194.138 - - [14/Oct/2022:11:25:41 +0800] "GET /xingrg/all/function/internal_message.html?_=1665717941778&CODE_STATE=getMsg HTTP/1.1" 200 27
116.238.194.138 - - [14/Oct/2022:11:25:41 +0800] "GET /xingrg/check_reg.html?_=1665717941781 HTTP/1.1" 200 22
180.169.147.146 - - [14/Oct/2022:11:25:43 +0800] "GET /xingrg/all/function/internal_message.html?_=1665717935652&CODE_STATE=getMsg HTTP/1.1" 200 27
124.79.243.136 - - [14/Oct/2022:11:25:43 +0800] "GET /xingrg/check_reg.html?_=1665718147465 HTTP/1.1" 200 22
124.79.243.136 - - [14/Oct/2022:11:25:43 +0800] "GET /xingrg/all/function/internal_message.html?_=1665718147463&CODE_STATE=getMsg HTTP/1.1" 200 27
101.83.146.154 - - [14/Oct/2022:11:25:53 +0800] "GET /xingrg/all/function/internal_message.html?_=1665717807404&CODE_STATE=getMsg HTTP/1.1" 200 27
180.169.147.146 - - [14/Oct/2022:11:25:55 +0800] "POST /xingrg/dwr/call/plaincall/AjaxReportQueryService.refreshCache.dwr HTTP/1.1" 200 78
221.239.141.151 - - [14/Oct/2022:11:25:55 +0800] "GET /xingrg/all/function/internal_message.html?_=1665717955722&CODE_STATE=getMsg HTTP/1.1" 200 27
180.169.147.146 - - [14/Oct/2022:11:25:59 +0800] "POST /xingrg/all/report/load_report_page.html HTTP/1.1" 200 8947
180.169.147.146 - - [14/Oct/2022:11:25:59 +0800] "GET /xingrg/servlets/image?cache=0.4231730077546919&image=px HTTP/1.1" 200 807
114.84.81.136 - - [14/Oct/2022:11:26:00 +0800] "GET /xingrg/all/function/internal_message.html?_=1665717960166&CODE_STATE=getMsg HTTP/1.1" 200 27
116.230.105.139 - - [14/Oct/2022:11:26:01 +0800] "GET /xingrg/all/function/internal_message.html?_=1665717939744&CODE_STATE=getMsg HTTP/1.1" 200 27
180.169.147.146 - - [14/Oct/2022:11:26:02 +0800] "GET /xingrg/kc/base/base_main.html HTTP/1.1" 200 12142
180.169.147.146 - - [14/Oct/2022:11:26:03 +0800] "GET /xingrg/all/function/internal_message.html?_=1665717953821&CODE_STATE=getMsg HTTP/1.1" 200 27
180.169.147.146 - - [14/Oct/2022:11:26:07 +0800] "GET /xingrg/logout.do HTTP/1.1" 302 -
180.169.147.146 - - [14/Oct/2022:11:26:07 +0800] "GET /xingrg/login.html?sysBaseUrl=http%3A%2F%2F180.169.147.146%3A18081%2Fxingrg%2F&costTime=2×tamp=1665717967350 HTTP/1.1" 200 7641
180.169.147.146 - - [14/Oct/2022:11:26:07 +0800] "GET /favicon.ico HTTP/1.1" 404 -
180.169.147.146 - - [14/Oct/2022:11:26:09 +0800] "POST /xingrg/login.do HTTP/1.1" 302 -
180.169.147.146 - - [14/Oct/2022:11:26:09 +0800] "GET /xingrg/index.html?sysBaseUrl=http%3A%2F%2F180.169.147.146%3A18081%2Fxingrg%2F&costTime=40×tamp=1665717969063 HTTP/1.1" 200 17179
180.169.147.146 - - [14/Oct/2022:11:26:09 +0800] "GET /favicon.ico HTTP/1.1" 404 -
180.169.147.146 - - [14/Oct/2022:11:26:09 +0800] "POST /xingrg/all/common/load_tree.html?tree=area_rest_tree_json&manage=1 HTTP/1.1" 200 351
180.169.147.146 - - [14/Oct/2022:11:26:09 +0800] "GET /xingrg/check_reg.html?_=1665717959355 HTTP/1.1" 200 22
180.169.147.146 - - [14/Oct/2022:11:26:09 +0800] "GET /xingrg/all/function/internal_message.html?_=1665717959353&CODE_STATE=count HTTP/1.1" 200 11
180.169.147.146 - - [14/Oct/2022:11:26:09 +0800] "POST /xingrg/load_menu.html HTTP/1.1" 200 5138
180.169.147.146 - - [14/Oct/2022:11:26:10 +0800] "GET /xingrg/kc/buy/buy_main.html HTTP/1.1" 200 12412
180.169.147.146 - - [14/Oct/2022:11:26:10 +0800] "GET /xingrg/css/new_ie.css HTTP/1.1" 404 1036
180.169.147.146 - - [14/Oct/2022:11:26:10 +0800] "GET /xingrg/images/yd/bt.gif HTTP/1.1" 404 1040
180.169.147.146 - - [14/Oct/2022:11:26:11 +0800] "GET /xingrg/kc/buy/cgsh_order_list.html HTTP/1.1" 200 53318
116.230.114.213 - - [14/Oct/2022:11:26:12 +0800] "GET /xingrg/all/function/internal_message.html?_=1665717990169&CODE_STATE=getMsg HTTP/1.1" 200 27
180.169.147.146 - - [14/Oct/2022:11:26:12 +0800] "GET /xingrg/all/function/internal_message.html?_=1665717971390&CODE_STATE=getMsg HTTP/1.1" 200 27
180.169.147.146 - - [14/Oct/2022:11:26:14 +0800] "POST /xingrg/kc/buy/cgsh_list_operate.html HTTP/1.1" 200 2716
180.169.147.146 - - [14/Oct/2022:11:26:17 +0800] "POST /xingrg/kc/buy/cgsh_list_operate.html HTTP/1.1" 200 270
114.88.159.190 - - [14/Oct/2022:11:26:22 +0800] "GET /xingrg/kc/buy/cgsh_order_operate.html?command=get_materiel&rest_code=00141&code=00101018008&supplier_code=00100323&order_time=2022-10-14 HTTP/1.1" 200 413
114.83.219.57 - - [14/Oct/2022:11:26:22 +0800] "GET /xingrg/all/function/internal_message.html?_=1665718078248&CODE_STATE=getMsg HTTP/1.1" 200 27
114.83.219.57 - - [14/Oct/2022:11:26:22 +0800] "GET /xingrg/check_reg.html?_=1665718078250 HTTP/1.1" 200 22
114.84.81.136 - - [14/Oct/2022:11:26:27 +0800] "GET /xingrg/all/function/internal_message.html?_=1665717987924&CODE_STATE=getMsg HTTP/1.1" 302 -
114.88.159.190 - - [14/Oct/2022:11:26:27 +0800] "GET /xingrg/all/function/internal_message.html?_=1665717616072&CODE_STATE=getMsg HTTP/1.1" 200 27
101.85.93.18 - - [14/Oct/2022:11:26:27 +0800] "GET /xingrg/all/function/internal_message.html?_=1665717985437&CODE_STATE=getMsg HTTP/1.1" 200 27
101.85.93.18 - - [14/Oct/2022:11:26:27 +0800] "GET /xingrg/check_reg.html?_=1665717985438 HTTP/1.1" 200 22
180.169.147.146 - - [14/Oct/2022:11:26:27 +0800] "GET /xingrg/kc/buy/cgsh_order_add.html HTTP/1.1" 200 69096
180.169.147.146 - - [14/Oct/2022:11:26:28 +0800] "POST /xingrg/kc/buy/cgsh_order_operate.html HTTP/1.1" 200 8245
180.169.147.146 - - [14/Oct/2022:11:26:28 +0800] "GET /xingrg/javascript/easyui/themes/default/validatebox.css HTTP/1.1" 404 1104
180.169.147.146 - - [14/Oct/2022:11:26:28 +0800] "GET /xingrg/javascript/auto/indicator.gif HTTP/1.1" 404 1066
180.169.147.146 - - [14/Oct/2022:11:26:29 +0800] "GET /xingrg/javascript/jquery_tools/images/next.gif HTTP/1.1" 404 1086
180.169.147.146 - - [14/Oct/2022:11:26:29 +0800] "GET /xingrg/javascript/jquery_tools/images/prev.gif HTTP/1.1" 404 1086
221.239.141.151 - - [14/Oct/2022:11:26:36 +0800] "GET /xingrg/kc/buy/cgsh_order_list.html HTTP/1.1" 200 53312
101.83.146.154 - - [14/Oct/2022:11:26:36 +0800] "GET /xingrg/all/function/internal_message.html?_=1665717996208&CODE_STATE=getMsg HTTP/1.1" 200 27
124.78.157.213 - - [14/Oct/2022:11:26:38 +0800] "GET /xingrg/all/function/internal_message.html?_=1665717995310&CODE_STATE=getMsg HTTP/1.1" 200 27
221.239.141.151 - - [14/Oct/2022:11:26:39 +0800] "POST /xingrg/kc/buy/cgsh_list_operate.html HTTP/1.1" 200 1851
124.79.74.72 - - [14/Oct/2022:11:26:40 +0800] "GET /xingrg/all/function/internal_message.html?_=1665717998347&CODE_STATE=getMsg HTTP/1.1" 200 27
114.83.219.23 - - [14/Oct/2022:11:26:40 +0800] "GET /xingrg/all/function/internal_message.html?_=1665717998039&CODE_STATE=getMsg HTTP/1.1" 200 27
116.238.194.138 - - [14/Oct/2022:11:26:41 +0800] "GET /xingrg/all/function/internal_message.html?_=1665718001787&CODE_STATE=getMsg HTTP/1.1" 200 27
180.169.147.146 - - [14/Oct/2022:11:26:43 +0800] "GET /xingrg/all/function/internal_message.html?_=1665717995652&CODE_STATE=getMsg HTTP/1.1" 200 27
124.79.243.136 - - [14/Oct/2022:11:26:43 +0800] "GET /xingrg/all/function/internal_message.html?_=1665718207463&CODE_STATE=getMsg HTTP/1.1" 200 27
180.169.147.146 - - [14/Oct/2022:11:26:45 +0800] "GET /xingrg/kc/buy/cgsh_order_operate.html?command=get_materiel&rest_code=00147&code=00101008055&supplier_code=00100006&order_time=2022-10-14 HTTP/1.1" 200 409
221.239.141.151 - - [14/Oct/2022:11:26:45 +0800] "POST /xingrg/kc/buy/cgsh_list_operate.html HTTP/1.1" 200 568
221.239.141.151 - - [14/Oct/2022:11:26:45 +0800] "GET /xingrg/kc/buy/cgsh_order_info.html?code=212022101404313 HTTP/1.1" 200 69137
221.239.141.151 - - [14/Oct/2022:11:26:47 +0800] "GET /xingrg/javascript/easyui/themes/default/validatebox.css HTTP/1.1" 404 1104
221.239.141.151 - - [14/Oct/2022:11:26:47 +0800] "POST /xingrg/kc/buy/cgsh_order_operate.html HTTP/1.1" 200 26316
101.83.146.154 - - [14/Oct/2022:11:26:53 +0800] "GET /xingrg/all/function/internal_message.html?_=1665717867405&CODE_STATE=getMsg HTTP/1.1" 200 27
101.83.146.154 - - [14/Oct/2022:11:26:53 +0800] "GET /xingrg/check_reg.html?_=1665717867407 HTTP/1.1" 200 22
221.239.141.151 - - [14/Oct/2022:11:26:55 +0800] "POST /xingrg/kc/buy/cgsh_order_operate.html HTTP/1.1" 200 37
221.239.141.151 - - [14/Oct/2022:11:26:56 +0800] "GET /xingrg/all/function/internal_message.html?_=1665718016611&CODE_STATE=getMsg HTTP/1.1" 200 27
114.88.159.190 - - [14/Oct/2022:11:26:57 +0800] "POST /xingrg/kc/buy/cgsh_order_operate.html HTTP/1.1" 200 37
180.169.147.146 - - [14/Oct/2022:11:26:58 +0800] "GET /xingrg/kc/buy/cgsh_order_operate.html?command=get_materiel&rest_code=00147&code=00101008037&supplier_code=00100006&order_time=2022-10-14 HTTP/1.1" 200 413
221.239.141.151 - - [14/Oct/2022:11:26:59 +0800] "POST /xingrg/kc/buy/cgsh_order_operate.html HTTP/1.1" 200 12
114.84.81.136 - - [14/Oct/2022:11:27:00 +0800] "GET /xingrg/all/function/internal_message.html?_=1665718020166&CODE_STATE=getMsg HTTP/1.1" 200 27
116.230.105.139 - - [14/Oct/2022:11:27:01 +0800] "GET /xingrg/check_reg.html?_=1665717999751 HTTP/1.1" 200 22
116.230.105.139 - - [14/Oct/2022:11:27:01 +0800] "GET /xingrg/all/function/internal_message.html?_=1665717999753&CODE_STATE=getMsg HTTP/1.1" 200 27
114.88.159.190 - - [14/Oct/2022:11:27:03 +0800] "POST /xingrg/kc/buy/cgsh_order_operate.html HTTP/1.1" 200 12
114.88.159.190 - - [14/Oct/2022:11:27:04 +0800] "GET /xingrg/kc/buy/cgsh_order_info.html?code=212022101404361 HTTP/1.1" 200 63999
114.88.159.190 - - [14/Oct/2022:11:27:05 +0800] "GET /xingrg/javascript/easyui/themes/default/validatebox.css HTTP/1.1" 404 1104
114.88.159.190 - - [14/Oct/2022:11:27:05 +0800] "POST /xingrg/kc/buy/cgsh_order_operate.html HTTP/1.1" 200 1210
114.88.159.190 - - [14/Oct/2022:11:27:08 +0800] "GET /xingrg/kc/print/load_data.html?order_code=212022101404361&kc_code=cgsh&condition= HTTP/1.1" 200 957
180.169.147.146 - - [14/Oct/2022:11:27:09 +0800] "GET /xingrg/all/function/internal_message.html?_=1665718019363&CODE_STATE=getMsg HTTP/1.1" 200 27
116.230.114.213 - - [14/Oct/2022:11:27:12 +0800] "GET /xingrg/all/function/internal_message.html?_=1665718050173&CODE_STATE=getMsg HTTP/1.1" 200 27
180.169.147.146 - - [14/Oct/2022:11:27:12 +0800] "GET /xingrg/all/function/internal_message.html?_=1665718031381&CODE_STATE=getMsg HTTP/1.1" 200 27
180.169.147.146 - - [14/Oct/2022:11:27:17 +0800] "GET /xingrg/kc/buy/cgsh_order_operate.html?command=get_materiel&rest_code=00147&code=00101008312&supplier_code=00100006&order_time=2022-10-14 HTTP/1.1" 200 412
124.78.157.213 - - [14/Oct/2022:11:27:17 +0800] "GET /xingrg/check_reg.html?_=1665718034611 HTTP/1.1" 200 22
114.83.219.57 - - [14/Oct/2022:11:27:22 +0800] "GET /xingrg/all/function/internal_message.html?_=1665718138254&CODE_STATE=getMsg HTTP/1.1" 200 27
180.169.147.146 - - [14/Oct/2022:11:27:26 +0800] "GET /xingrg/kc/buy/cgsh_order_operate.html?command=get_materiel&rest_code=00147&code=00101008024&supplier_code=00100006&order_time=2022-10-14 HTTP/1.1" 200 408
114.88.159.190 - - [14/Oct/2022:11:27:27 +0800] "GET /xingrg/all/function/internal_message.html?_=1665717676036&CODE_STATE=getMsg HTTP/1.1" 200 27
101.85.93.18 - - [14/Oct/2022:11:27:27 +0800] "GET /xingrg/all/function/internal_message.html?_=1665718045436&CODE_STATE=getMsg HTTP/1.1" 200 27
114.84.81.136 - - [14/Oct/2022:11:27:28 +0800] "GET /xingrg/kc/buy/cgsh_order_info.html?isLook=1&code=212022100702479 HTTP/1.1" 200 63988
114.84.81.136 - - [14/Oct/2022:11:27:29 +0800] "GET /xingrg/words/20221013093351_words.js HTTP/1.1" 304 -
114.84.81.136 - - [14/Oct/2022:11:27:29 +0800] "GET /favicon.ico HTTP/1.1" 404 -
114.84.81.136 - - [14/Oct/2022:11:27:29 +0800] "GET /xingrg/javascript/easyui/themes/default/validatebox.css HTTP/1.1" 404 1104
114.84.81.136 - - [14/Oct/2022:11:27:30 +0800] "POST /xingrg/kc/buy/cgsh_order_operate.html HTTP/1.1" 200 4779
114.88.159.190 - - [14/Oct/2022:11:27:33 +0800] "GET /xingrg/kc/buy/cgsh_order_add.html HTTP/1.1" 200 69093
114.88.159.190 - - [14/Oct/2022:11:27:33 +0800] "POST /xingrg/kc/buy/cgsh_order_operate.html HTTP/1.1" 200 8245
114.88.159.190 - - [14/Oct/2022:11:27:33 +0800] "GET /xingrg/javascript/easyui/themes/default/validatebox.css HTTP/1.1" 404 1104
101.83.146.154 - - [14/Oct/2022:11:27:36 +0800] "GET /xingrg/all/function/internal_message.html?_=1665718056209&CODE_STATE=getMsg HTTP/1.1" 200 27
124.78.157.213 - - [14/Oct/2022:11:27:38 +0800] "GET /xingrg/all/function/internal_message.html?_=1665718055282&CODE_STATE=getMsg HTTP/1.1" 200 27
124.79.74.72 - - [14/Oct/2022:11:27:40 +0800] "GET /xingrg/all/function/internal_message.html?_=1665718058317&CODE_STATE=getMsg HTTP/1.1" 200 27
114.83.219.23 - - [14/Oct/2022:11:27:40 +0800] "GET /xingrg/all/function/internal_message.html?_=1665718058037&CODE_STATE=getMsg HTTP/1.1" 200 27
116.238.194.138 - - [14/Oct/2022:11:27:41 +0800] "GET /xingrg/all/function/internal_message.html?_=1665718061793&CODE_STATE=getMsg HTTP/1.1" 200 27
180.169.147.146 - - [14/Oct/2022:11:27:43 +0800] "GET /xingrg/all/function/internal_message.html?_=1665718055652&CODE_STATE=getMsg HTTP/1.1" 200 27
124.79.243.136 - - [14/Oct/2022:11:27:43 +0800] "GET /xingrg/all/function/internal_message.html?_=1665718267462&CODE_STATE=getMsg HTTP/1.1" 200 27
221.239.141.151 - - [14/Oct/2022:11:27:50 +0800] "GET /xingrg/kc/buy/cgsh_order_info.html?code=212022101404313 HTTP/1.1" 200 64029
221.239.141.151 - - [14/Oct/2022:11:27:52 +0800] "GET /xingrg/javascript/easyui/themes/default/validatebox.css HTTP/1.1" 404 1104
221.239.141.151 - - [14/Oct/2022:11:27:53 +0800] "POST /xingrg/kc/buy/cgsh_order_operate.html HTTP/1.1" 200 24254
101.83.146.154 - - [14/Oct/2022:11:27:53 +0800] "GET /xingrg/all/function/internal_message.html?_=1665717927406&CODE_STATE=getMsg HTTP/1.1" 200 27
180.169.147.146 - - [14/Oct/2022:11:27:54 +0800] "GET /xingrg/kc/buy/cgsh_order_operate.html?command=get_materiel&rest_code=00147&code=00101008331&supplier_code=00100006&order_time=2022-10-14 HTTP/1.1" 200 416
221.239.141.151 - - [14/Oct/2022:11:27:56 +0800] "GET /xingrg/all/function/internal_message.html?_=1665718076594&CODE_STATE=getMsg HTTP/1.1" 200 27
114.84.81.136 - - [14/Oct/2022:11:28:00 +0800] "GET /xingrg/all/function/internal_message.html?_=1665718080160&CODE_STATE=getMsg HTTP/1.1" 200 27
114.88.159.190 - - [14/Oct/2022:11:28:01 +0800] "GET /xingrg/kc/buy/cgsh_order_operate.html?command=get_materiel&rest_code=00141&code=00101010714&supplier_code=00100329&order_time=2022-10-14 HTTP/1.1" 200 435
116.230.105.139 - - [14/Oct/2022:11:28:01 +0800] "GET /xingrg/all/function/internal_message.html?_=1665718059754&CODE_STATE=getMsg HTTP/1.1" 200 27
180.169.147.146 - - [14/Oct/2022:11:28:09 +0800] "GET /xingrg/all/function/internal_message.html?_=1665718079369&CODE_STATE=getMsg HTTP/1.1" 200 27
180.169.147.146 - - [14/Oct/2022:11:28:11 +0800] "POST /xingrg/kc/buy/cgsh_list_operate.html HTTP/1.1" 200 2716
180.169.147.146 - - [14/Oct/2022:11:28:12 +0800] "GET /xingrg/all/function/internal_message.html?_=1665718091393&CODE_STATE=getMsg HTTP/1.1" 200 27
116.230.114.213 - - [14/Oct/2022:11:28:13 +0800] "GET /xingrg/all/function/internal_message.html?_=1665718110979&CODE_STATE=getMsg HTTP/1.1" 200 27
180.169.147.146 - - [14/Oct/2022:11:28:13 +0800] "GET /xingrg/kc/buy/cgsh_order_add.html HTTP/1.1" 200 69096
180.169.147.146 - - [14/Oct/2022:11:28:13 +0800] "POST /xingrg/kc/buy/cgsh_order_operate.html HTTP/1.1" 200 8245
180.169.147.146 - - [14/Oct/2022:11:28:13 +0800] "GET /xingrg/javascript/easyui/themes/default/validatebox.css HTTP/1.1" 404 1104
114.83.219.57 - - [14/Oct/2022:11:28:22 +0800] "GET /xingrg/all/function/internal_message.html?_=1665718198244&CODE_STATE=getMsg HTTP/1.1" 200 27
114.88.159.190 - - [14/Oct/2022:11:28:27 +0800] "GET /xingrg/check_reg.html?_=1665717736552 HTTP/1.1" 200 22
114.88.159.190 - - [14/Oct/2022:11:28:27 +0800] "GET /xingrg/all/function/internal_message.html?_=1665717736553&CODE_STATE=getMsg HTTP/1.1" 200 27
101.85.93.18 - - [14/Oct/2022:11:28:27 +0800] "GET /xingrg/all/function/internal_message.html?_=1665718105434&CODE_STATE=getMsg HTTP/1.1" 200 27
101.83.146.154 - - [14/Oct/2022:11:28:36 +0800] "GET /xingrg/all/function/internal_message.html?_=1665718116209&CODE_STATE=getMsg HTTP/1.1" 200 27
114.88.159.190 - - [14/Oct/2022:11:28:36 +0800] "GET /xingrg/kc/buy/cgsh_order_operate.html?command=get_materiel&rest_code=00141&code=00101016130&supplier_code=00100329&order_time=2022-10-14 HTTP/1.1" 200 433
124.78.157.213 - - [14/Oct/2022:11:28:38 +0800] "GET /xingrg/all/function/internal_message.html?_=1665718115257&CODE_STATE=getMsg HTTP/1.1" 200 27
180.169.147.146 - - [14/Oct/2022:11:28:39 +0800] "GET /xingrg/all/report/report_query.html?fileName=kc/buy/gys_amount_category.xml&rh=99999 HTTP/1.1" 200 51878
180.169.147.146 - - [14/Oct/2022:11:28:39 +0800] "GET /xingrg/dwr/interface/AjaxReportQueryService.js HTTP/1.1" 200 13203
180.169.147.146 - - [14/Oct/2022:11:28:39 +0800] "GET /xingrg/dwr/engine.js HTTP/1.1" 200 43631
180.169.147.146 - - [14/Oct/2022:11:28:39 +0800] "POST /xingrg/dwr/call/plaincall/AjaxReportQueryService.getFixDate.dwr HTTP/1.1" 200 111
114.84.81.136 - - [14/Oct/2022:11:28:39 +0800] "GET /xingrg/all/function/internal_message.html?_=1665718120215&CODE_STATE=getMsg HTTP/1.1" 302 -
180.169.147.146 - - [14/Oct/2022:11:28:39 +0800] "POST /xingrg/dwr/call/plaincall/AjaxReportQueryService.getInitString.dwr HTTP/1.1" 200 1062
180.169.147.146 - - [14/Oct/2022:11:28:39 +0800] "POST /xingrg/all/common/load_tree.html?tree=supplier_tree_json&manage=1 HTTP/1.1" 200 70625
124.79.74.72 - - [14/Oct/2022:11:28:39 +0800] "GET /xingrg/all/function/internal_message.html?_=1665718118304&CODE_STATE=getMsg HTTP/1.1" 200 27
114.83.219.23 - - [14/Oct/2022:11:28:40 +0800] "GET /xingrg/check_reg.html?_=1665718118037 HTTP/1.1" 200 22
114.83.219.23 - - [14/Oct/2022:11:28:40 +0800] "GET /xingrg/all/function/internal_message.html?_=1665718118041&CODE_STATE=getMsg HTTP/1.1" 200 27
180.169.147.146 - - [14/Oct/2022:11:28:40 +0800] "POST /xingrg/all/common/load_tree.html?tree=materiel_sort_tree_json HTTP/1.1" 200 9500
116.238.194.138 - - [14/Oct/2022:11:28:41 +0800] "GET /xingrg/all/function/internal_message.html?_=1665718121794&CODE_STATE=getMsg HTTP/1.1" 200 27
117.143.46.139 - - [14/Oct/2022:11:28:41 +0800] "GET /xingrg/login.html HTTP/1.1" 200 7641
117.143.46.139 - - [14/Oct/2022:11:28:42 +0800] "GET /favicon.ico HTTP/1.1" 404 -
180.169.147.146 - - [14/Oct/2022:11:28:43 +0800] "GET /xingrg/check_reg.html?_=1665718115652 HTTP/1.1" 200 22
180.169.147.146 - - [14/Oct/2022:11:28:43 +0800] "GET /xingrg/all/function/internal_message.html?_=1665718115655&CODE_STATE=getMsg HTTP/1.1" 200 27
124.79.243.136 - - [14/Oct/2022:11:28:43 +0800] "GET /xingrg/all/function/internal_message.html?_=1665718327460&CODE_STATE=getMsg HTTP/1.1" 200 27
117.143.46.139 - - [14/Oct/2022:11:28:47 +0800] "POST /xingrg/login.do HTTP/1.1" 302 -
117.143.46.139 - - [14/Oct/2022:11:28:47 +0800] "GET /xingrg/index.html?sysBaseUrl=http%3A%2F%2F180.169.147.146%3A18081%2Fxingrg%2F&costTime=40×tamp=1665718127720 HTTP/1.1" 200 17503
117.143.46.139 - - [14/Oct/2022:11:28:47 +0800] "POST /xingrg/all/common/load_tree.html?tree=area_rest_tree_json&manage=1 HTTP/1.1" 200 3475
117.143.46.139 - - [14/Oct/2022:11:28:48 +0800] "GET /xingrg/check_reg.html?_=1665718128495 HTTP/1.1" 200 22
117.143.46.139 - - [14/Oct/2022:11:28:48 +0800] "GET /xingrg/all/function/internal_message.html?_=1665718128493&CODE_STATE=count HTTP/1.1" 200 11
117.143.46.139 - - [14/Oct/2022:11:28:48 +0800] "GET /favicon.ico HTTP/1.1" 404 -
117.143.46.139 - - [14/Oct/2022:11:28:48 +0800] "POST /xingrg/load_menu.html HTTP/1.1" 200 11443
116.230.114.213 - - [14/Oct/2022:11:28:49 +0800] "GET /xingrg/check_reg.html?_=1665718146867 HTTP/1.1" 200 22
117.143.46.139 - - [14/Oct/2022:11:28:51 +0800] "POST /xingrg/load_menu.html HTTP/1.1" 200 9695
101.83.146.154 - - [14/Oct/2022:11:28:53 +0800] "GET /xingrg/all/function/internal_message.html?_=1665717987406&CODE_STATE=getMsg HTTP/1.1" 200 27
117.143.46.139 - - [14/Oct/2022:11:28:55 +0800] "GET /xingrg/javascript/multi_select/jqueryMultiSelect.css HTTP/1.1" 200 951
117.143.46.139 - - [14/Oct/2022:11:28:55 +0800] "GET /xingrg/javascript/calendar/timePicker.css HTTP/1.1" 200 523
117.143.46.139 - - [14/Oct/2022:11:28:55 +0800] "GET /xingrg/javascript/pic_change.js HTTP/1.1" 200 4739
117.143.46.139 - - [14/Oct/2022:11:28:55 +0800] "GET /xingrg/javascript/bigrid/fix.css HTTP/1.1" 200 1702
117.143.46.139 - - [14/Oct/2022:11:28:55 +0800] "GET /xingrg/all/report/report_query.html?fileName=dma/new_5.0/menu/menu_category_hz.xml HTTP/1.1" 200 53064
117.143.46.139 - - [14/Oct/2022:11:28:55 +0800] "GET /xingrg/css/blue.css HTTP/1.1" 200 15949
117.143.46.139 - - [14/Oct/2022:11:28:55 +0800] "GET /xingrg/dwr/interface/AjaxReportQueryService.js HTTP/1.1" 200 13203
117.143.46.139 - - [14/Oct/2022:11:28:55 +0800] "GET /xingrg/javascript/bigrid/fix.js HTTP/1.1" 200 6439
117.143.46.139 - - [14/Oct/2022:11:28:55 +0800] "GET /xingrg/dwr/util.js HTTP/1.1" 200 35990
117.143.46.139 - - [14/Oct/2022:11:28:55 +0800] "GET /xingrg/javascript/jqueryMultiSelect.js HTTP/1.1" 200 11866
117.143.46.139 - - [14/Oct/2022:11:28:55 +0800] "GET /xingrg/dwr/engine.js HTTP/1.1" 200 43631
117.143.46.139 - - [14/Oct/2022:11:28:55 +0800] "GET /xingrg/javascript/calendar/jquery.timePicker.min.js HTTP/1.1" 200 2997
117.143.46.139 - - [14/Oct/2022:11:28:55 +0800] "GET /xingrg/javascript/Calendar.js HTTP/1.1" 200 31561
117.143.46.139 - - [14/Oct/2022:11:28:55 +0800] "GET /xingrg/javascript/myfunction.js HTTP/1.1" 200 24559
117.143.46.139 - - [14/Oct/2022:11:28:55 +0800] "GET /xingrg/images/blue/button/advanceover.gif HTTP/1.1" 200 1347
117.143.46.139 - - [14/Oct/2022:11:28:55 +0800] "GET /xingrg/images/blue/button/advance2over.gif HTTP/1.1" 200 1336
117.143.46.139 - - [14/Oct/2022:11:28:55 +0800] "GET /xingrg/images/blue/button/back2over.gif HTTP/1.1" 200 1335
117.143.46.139 - - [14/Oct/2022:11:28:55 +0800] "GET /xingrg/images/blue/button/backover.gif HTTP/1.1" 200 1348
117.143.46.139 - - [14/Oct/2022:11:28:55 +0800] "GET /xingrg/images/control/loading.gif HTTP/1.1" 200 13463
117.143.46.139 - - [14/Oct/2022:11:28:55 +0800] "GET /xingrg/javascript/jquery_easy_ui/themes/icons/help.png HTTP/1.1" 200 1187
117.143.46.139 - - [14/Oct/2022:11:28:55 +0800] "GET /xingrg/javascript/jquery_easy_ui/themes/default/images/menu_downarrow.png HTTP/1.1" 200 173
117.143.46.139 - - [14/Oct/2022:11:28:55 +0800] "POST /xingrg/dwr/call/plaincall/AjaxReportQueryService.getFixDate.dwr HTTP/1.1" 200 111
117.143.46.139 - - [14/Oct/2022:11:28:55 +0800] "GET /xingrg/javascript/jquery_easy_ui/themes/default/images/menu.gif HTTP/1.1" 200 834
117.143.46.139 - - [14/Oct/2022:11:28:55 +0800] "GET /xingrg/javascript/jquery_easy_ui/themes/icons/print.png HTTP/1.1" 200 1057
117.143.46.139 - - [14/Oct/2022:11:28:55 +0800] "GET /xingrg/javascript/jquery_easy_ui/themes/default/images/menu_rightarrow.png HTTP/1.1" 200 3617
117.143.46.139 - - [14/Oct/2022:11:28:55 +0800] "GET /xingrg/javascript/jquery_easy_ui/themes/icons/pencil.png HTTP/1.1" 200 713
117.143.46.139 - - [14/Oct/2022:11:28:55 +0800] "GET /xingrg/javascript/jquery_easy_ui/themes/default/images/combo_arrow_dot.gif HTTP/1.1" 200 79
117.143.46.139 - - [14/Oct/2022:11:28:55 +0800] "POST /xingrg/all/common/load_tree.html?tree=area_station_tree_json&manage=1 HTTP/1.1" 200 3367
117.143.46.139 - - [14/Oct/2022:11:28:55 +0800] "GET /xingrg/javascript/multi_select/dropdown.gif HTTP/1.1" 200 61
221.239.141.151 - - [14/Oct/2022:11:28:56 +0800] "GET /xingrg/all/function/internal_message.html?_=1665718136581&CODE_STATE=getMsg HTTP/1.1" 200 27
117.143.46.139 - - [14/Oct/2022:11:28:58 +0800] "GET /xingrg/javascript/multi_select/dropdown_hover.gif HTTP/1.1" 200 61
114.84.81.136 - - [14/Oct/2022:11:29:00 +0800] "GET /xingrg/all/function/internal_message.html?_=1665718140161&CODE_STATE=getMsg HTTP/1.1" 200 27
114.84.81.136 - - [14/Oct/2022:11:29:00 +0800] "GET /xingrg/check_reg.html?_=1665718140165 HTTP/1.1" 200 22
117.143.46.139 - - [14/Oct/2022:11:29:01 +0800] "POST /xingrg/dwr/call/plaincall/AjaxReportQueryService.queryInitializeString.dwr HTTP/1.1" 200 1099
116.230.105.139 - - [14/Oct/2022:11:29:01 +0800] "GET /xingrg/all/function/internal_message.html?_=1665718119747&CODE_STATE=getMsg HTTP/1.1" 200 27
117.143.46.139 - - [14/Oct/2022:11:29:03 +0800] "GET /xingrg/javascript/multi_select/dropdown_active.gif HTTP/1.1" 200 61
180.169.147.146 - - [14/Oct/2022:11:29:05 +0800] "GET /xingrg/kc/buy/cgsh_order_operate.html?command=get_materiel&rest_code=00147&code=00101008354&supplier_code=00100006&order_time=2022-10-14 HTTP/1.1" 200 412
180.169.147.146 - - [14/Oct/2022:11:29:09 +0800] "POST /xingrg/dwr/call/plaincall/AjaxReportQueryService.refreshCache.dwr HTTP/1.1" 200 78
180.169.147.146 - - [14/Oct/2022:11:29:09 +0800] "GET /xingrg/all/function/internal_message.html?_=1665718139395&CODE_STATE=getMsg HTTP/1.1" 200 27
180.169.147.146 - - [14/Oct/2022:11:29:12 +0800] "GET /xingrg/all/function/internal_message.html?_=1665718151398&CODE_STATE=getMsg HTTP/1.1" 200 27
116.230.114.213 - - [14/Oct/2022:11:29:13 +0800] "GET /xingrg/all/function/internal_message.html?_=1665718170996&CODE_STATE=getMsg HTTP/1.1" 200 27
180.169.147.146 - - [14/Oct/2022:11:29:14 +0800] "POST /xingrg/all/report/load_report_page.html HTTP/1.1" 200 7305
180.169.147.146 - - [14/Oct/2022:11:29:14 +0800] "GET /xingrg/servlets/image?cache=0.9356553590663362&image=px HTTP/1.1" 200 807
180.169.147.146 - - [14/Oct/2022:11:29:14 +0800] "GET /xingrg/kc/buy/cgsh_order_operate.html?command=get_materiel&rest_code=00147&code=00101008351&supplier_code=00100006&order_time=2022-10-14 HTTP/1.1" 200 408
180.169.147.146 - - [14/Oct/2022:11:29:20 +0800] "GET /xingrg/kc/buy/cgsh_order_operate.html?command=get_materiel&rest_code=00147&code=00101008190&supplier_code=00100006&order_time=2022-10-14 HTTP/1.1" 200 412
117.143.46.139 - - [14/Oct/2022:11:29:22 +0800] "GET /xingrg/all/report/report_query.html?fileName=dma/new_5.0/menu/menu_stca_hz.xml HTTP/1.1" 200 51418
117.143.46.139 - - [14/Oct/2022:11:29:22 +0800] "GET /xingrg/dwr/interface/AjaxReportQueryService.js HTTP/1.1" 200 13203
117.143.46.139 - - [14/Oct/2022:11:29:22 +0800] "GET /xingrg/dwr/engine.js HTTP/1.1" 200 43631
180.169.147.146 - - [14/Oct/2022:11:29:22 +0800] "GET /xingrg/all/report/report_query.html?isQuery=1&fileName=kc/buy/wlcg_cate_hz.xml&queryString=(CONVERT(char(10)%2Ca.order_time%2C%20120)%3E%3D'2021-11-01')%20and%20(CONVERT(char(10)%2Ca.order_time%2C%20120)%3C%3D'2022-06-30')%20and%20(a.supplier_code%20in%20('00100017'%2C'00100018'%2C'00100019'%2C'00100020'%2C'00100021'%2C'00100213'%2C'00100226'%2C'00100228'%2C'00100230'%2C'00100239'%2C'00100241'%2C'00100243'%2C'00100252'%2C'00100253'%2C'00100264'%2C'00100271'%2C'00100273'%2C'00100278'%2C'00100280'%2C'00100282'%2C'00100367'%2C'00100373'%2C'00100402'%2C'00100406'%2C'00100409'%2C'00100410'%2C'00100427'%2C'00100428'%2C'00100560'%2C'00100567'%2C'00100569'%2C'00100572'))%20and%20(a.supplier_code%3D'00100017')%20and%20(a.big_sort%3D'00101')&queryText=%E3%80%90%E9%87%87%E8%B4%AD%E6%97%A5%E6%9C%9F%3A2021-11-01%20%E8%87%B3%202022-06-30%E3%80%91%20%E5%B9%B6%E4%B8%94%20%20%E3%80%90%E4%BE%9B%E5%BA%94%E5%95%86%20%3D%20%E9%85%92%E6%B0%B4%E7%B1%BB%20%5B32%5D%2C%E9%85%92%E6%B0%B4%EF%BC%88%E9%BE%99%E5%B7%9D%EF%BC%89%2C%E9%85%92%E6%B0%B4%EF%BC%88%E9%9A%86%E5%9F%8E%EF%BC%89%2C%E9%85%92%E6%B0%B4%EF%BC%88%E6%99%AE%E5%A5%A5%EF%BC%89%2C%E9%85%92%E6%B0%B4%EF%BC%88%E5%A4%A9%E6%97%97%EF%BC%89%2C%E9%85%92%E6%B0%B4%EF%BC%88%E9%93%B6%E4%B8%BD%E6%98%A5%EF%BC%89%2C%E9%85%92%E6%B0%B4%EF%BC%88%E4%B8%AD%E9%82%91%EF%BC%89%2C%E9%85%92%E6%B0%B4%EF%BC%88%E8%97%8F%E5%84%92%E9%85%92%EF%BC%89%2C%E9%85%B8%E5%A5%B6%EF%BC%88%E6%9D%A8%EF%BC%89%2C%E9%85%92%E6%B0%B4%EF%BC%88%E6%B6%A6%E9%9B%AA%EF%BC%89%2C%E9%85%92%E6%B0%B4%EF%BC%88%E4%BB%81%E6%9D%BE%E5%AE%9E%E4%B8%9A%EF%BC%89%2C%E9%85%B8%E5%A5%B6%EF%BC%88%E6%AD%A3%E6%B4%AA%E6%BA%90%EF%BC%89%2C%E9%85%92%E6%B0%B4%EF%BC%88%E9%BE%99%E5%B7%9D*%E7%BB%B4%EF%BC%89%2C%E6%9E%9C%E6%B1%81%EF%BC%88%E6%96%B9%E9%B2%9C%E9%A3%9F%E5%93%81%EF%BC%89%2C%E8%8C%B6%E5%8F%B6%EF%BC%88%E6%9F%AF%E5%A5%B3%E5%A3%AB%EF%BC%89%2C%E5%87%AF%E6%B3%89%EF%BC%88%E6%9E%9C%E6%B1%81%EF%BC%89%2C%E6%B3%93%E9%BE%99*%E9%85%92%E6%B0%B4%2C%E4%B8%8A%E6%B5%B7%E6%A1%83%E4%B9%90%E4%B8%9D%E8%91%A1%E8%90%84%E9%85%92%2C%E6%A4%B0%E6%B1%81%EF%BC%887%E8%BF%B9%EF%BC%89%2C%E6%B4%8B%E6%B2%B3%E9%85%92%E4%B8%9A%2C%E5%B9%BF%E8%A5%BF%E5%B7%B4%E9%A9%AC%E4%BF%AA%E5%85%A8%E9%A5%AE%E6%96%99%E6%9C%89%E9%99%90%E5%85%AC%E5%8F%B8%20%2C%E9%85%92%E6%B0%B4%EF%BC%88%E4%B8%8A%E6%B5%B7%E6%B7%B3%E6%B7%B3%E8%B4%B8%E6%98%93%E6%9C%89%E9%99%90%E5%85%AC%E5%8F%B8%EF%BC%89%2C%E4%B8%8A%E6%B5%B7%E7%83%9F%E8%8D%89%E9%9B%86%E5%9B%A2%E6%9C%89%E9%99%90%E5%85%AC%E5%8F%B8%2C%E9%85%92%E6%B0%B4%EF%BC%88%E7%99%BE%E8%81%94%E4%BC%98%E5%AE%89%EF%BC%89%2C%E9%92%B0%E5%98%89%E5%95%86%E8%B4%B8%EF%BC%88%E5%85%89%E6%98%8E%E9%85%B8%E5%A5%B6%EF%BC%89%2C%E5%8D%8E%E8%81%94%E9%A3%9F%E5%93%81%E6%9C%89%E9%99%90%E5%85%AC%E5%8F%B8%2C%E7%BF%94%E5%BE%B7%EF%BC%88%E4%B8%8A%E6%B5%B7%EF%BC%89%E9%85%92%E7%B1%BB%E9%94%80%E5%94%AE%2C%E7%8F%A0%E6%BA%AA%E9%85%92%E4%B8%9A%EF%BC%88%E9%9D%92%E6%B5%A6%E8%99%B9%E5%85%B4%EF%BC%89%2C%E4%B8%8A%E6%B5%B7%E9%83%8E%E5%93%A5%E5%95%86%E8%B4%B8%E6%9C%89%E9%99%90%E5%85%AC%E5%8F%B8%2C%E9%85%92%E6%B0%B4(%E7%BE%8E%E5%B3%B0)%2C%E9%85%92%E6%B0%B4(%E6%9D%8E%E5%BF%97)%2C%E6%B5%B7%E9%9F%B5%E9%85%92%E4%B8%9A%2C%E4%B8%8A%E6%B5%B7%E5%A1%BE%E5%86%A0%E8%B4%B8%E6%98%93%E6%9C%89%E9%99%90%E5%85%AC%E5%8F%B8%E3%80%91%20%E5%B9%B6%E4%B8%94%20%E3%80%90%E4%BE%9B%E5%BA%94%E5%95%86%3D%E9%85%92%E6%B0%B4%EF%BC%88%E9%BE%99%E5%B7%9D%EF%BC%89%E3%80%91%E5%B9%B6%E4%B8%94%E3%80%90%E7%B1%BB%E5%88%AB%E5%90%8D%E7%A7%B0%20%3D%20%E6%88%90%E6%9C%AC%E7%B1%BB%E3%80%91&rand=0.04721839144388551 HTTP/1.1" 200 55883
117.143.46.139 - - [14/Oct/2022:11:29:22 +0800] "POST /xingrg/dwr/call/plaincall/AjaxReportQueryService.getFixDate.dwr HTTP/1.1" 200 111
180.169.147.146 - - [14/Oct/2022:11:29:22 +0800] "GET /xingrg/all/report/report_query.html?isQuery=1&fileName=kc/buy/wlcg_cate_hz.xml&queryString=(CONVERT(char(10)%2Ca.order_time%2C%20120)%3E%3D'2021-11-01')%20and%20(CONVERT(char(10)%2Ca.order_time%2C%20120)%3C%3D'2022-06-30')%20and%20(a.supplier_code%20in%20('00100017'%2C'00100018'%2C'00100019'%2C'00100020'%2C'00100021'%2C'00100213'%2C'00100226'%2C'00100228'%2C'00100230'%2C'00100239'%2C'00100241'%2C'00100243'%2C'00100252'%2C'00100253'%2C'00100264'%2C'00100271'%2C'00100273'%2C'00100278'%2C'00100280'%2C'00100282'%2C'00100367'%2C'00100373'%2C'00100402'%2C'00100406'%2C'00100409'%2C'00100410'%2C'00100427'%2C'00100428'%2C'00100560'%2C'00100567'%2C'00100569'%2C'00100572'))%20and%20(a.supplier_code%3D'00100017')%20and%20(a.big_sort%3D'00101')&queryText=%E3%80%90%E9%87%87%E8%B4%AD%E6%97%A5%E6%9C%9F%3A2021-11-01%20%E8%87%B3%202022-06-30%E3%80%91%20%E5%B9%B6%E4%B8%94%20%20%E3%80%90%E4%BE%9B%E5%BA%94%E5%95%86%20%3D%20%E9%85%92%E6%B0%B4%E7%B1%BB%20%5B32%5D%2C%E9%85%92%E6%B0%B4%EF%BC%88%E9%BE%99%E5%B7%9D%EF%BC%89%2C%E9%85%92%E6%B0%B4%EF%BC%88%E9%9A%86%E5%9F%8E%EF%BC%89%2C%E9%85%92%E6%B0%B4%EF%BC%88%E6%99%AE%E5%A5%A5%EF%BC%89%2C%E9%85%92%E6%B0%B4%EF%BC%88%E5%A4%A9%E6%97%97%EF%BC%89%2C%E9%85%92%E6%B0%B4%EF%BC%88%E9%93%B6%E4%B8%BD%E6%98%A5%EF%BC%89%2C%E9%85%92%E6%B0%B4%EF%BC%88%E4%B8%AD%E9%82%91%EF%BC%89%2C%E9%85%92%E6%B0%B4%EF%BC%88%E8%97%8F%E5%84%92%E9%85%92%EF%BC%89%2C%E9%85%B8%E5%A5%B6%EF%BC%88%E6%9D%A8%EF%BC%89%2C%E9%85%92%E6%B0%B4%EF%BC%88%E6%B6%A6%E9%9B%AA%EF%BC%89%2C%E9%85%92%E6%B0%B4%EF%BC%88%E4%BB%81%E6%9D%BE%E5%AE%9E%E4%B8%9A%EF%BC%89%2C%E9%85%B8%E5%A5%B6%EF%BC%88%E6%AD%A3%E6%B4%AA%E6%BA%90%EF%BC%89%2C%E9%85%92%E6%B0%B4%EF%BC%88%E9%BE%99%E5%B7%9D*%E7%BB%B4%EF%BC%89%2C%E6%9E%9C%E6%B1%81%EF%BC%88%E6%96%B9%E9%B2%9C%E9%A3%9F%E5%93%81%EF%BC%89%2C%E8%8C%B6%E5%8F%B6%EF%BC%88%E6%9F%AF%E5%A5%B3%E5%A3%AB%EF%BC%89%2C%E5%87%AF%E6%B3%89%EF%BC%88%E6%9E%9C%E6%B1%81%EF%BC%89%2C%E6%B3%93%E9%BE%99*%E9%85%92%E6%B0%B4%2C%E4%B8%8A%E6%B5%B7%E6%A1%83%E4%B9%90%E4%B8%9D%E8%91%A1%E8%90%84%E9%85%92%2C%E6%A4%B0%E6%B1%81%EF%BC%887%E8%BF%B9%EF%BC%89%2C%E6%B4%8B%E6%B2%B3%E9%85%92%E4%B8%9A%2C%E5%B9%BF%E8%A5%BF%E5%B7%B4%E9%A9%AC%E4%BF%AA%E5%85%A8%E9%A5%AE%E6%96%99%E6%9C%89%E9%99%90%E5%85%AC%E5%8F%B8%20%2C%E9%85%92%E6%B0%B4%EF%BC%88%E4%B8%8A%E6%B5%B7%E6%B7%B3%E6%B7%B3%E8%B4%B8%E6%98%93%E6%9C%89%E9%99%90%E5%85%AC%E5%8F%B8%EF%BC%89%2C%E4%B8%8A%E6%B5%B7%E7%83%9F%E8%8D%89%E9%9B%86%E5%9B%A2%E6%9C%89%E9%99%90%E5%85%AC%E5%8F%B8%2C%E9%85%92%E6%B0%B4%EF%BC%88%E7%99%BE%E8%81%94%E4%BC%98%E5%AE%89%EF%BC%89%2C%E9%92%B0%E5%98%89%E5%95%86%E8%B4%B8%EF%BC%88%E5%85%89%E6%98%8E%E9%85%B8%E5%A5%B6%EF%BC%89%2C%E5%8D%8E%E8%81%94%E9%A3%9F%E5%93%81%E6%9C%89%E9%99%90%E5%85%AC%E5%8F%B8%2C%E7%BF%94%E5%BE%B7%EF%BC%88%E4%B8%8A%E6%B5%B7%EF%BC%89%E9%85%92%E7%B1%BB%E9%94%80%E5%94%AE%2C%E7%8F%A0%E6%BA%AA%E9%85%92%E4%B8%9A%EF%BC%88%E9%9D%92%E6%B5%A6%E8%99%B9%E5%85%B4%EF%BC%89%2C%E4%B8%8A%E6%B5%B7%E9%83%8E%E5%93%A5%E5%95%86%E8%B4%B8%E6%9C%89%E9%99%90%E5%85%AC%E5%8F%B8%2C%E9%85%92%E6%B0%B4(%E7%BE%8E%E5%B3%B0)%2C%E9%85%92%E6%B0%B4(%E6%9D%8E%E5%BF%97)%2C%E6%B5%B7%E9%9F%B5%E9%85%92%E4%B8%9A%2C%E4%B8%8A%E6%B5%B7%E5%A1%BE%E5%86%A0%E8%B4%B8%E6%98%93%E6%9C%89%E9%99%90%E5%85%AC%E5%8F%B8%E3%80%91%20%E5%B9%B6%E4%B8%94%20%E3%80%90%E4%BE%9B%E5%BA%94%E5%95%86%3D%E9%85%92%E6%B0%B4%EF%BC%88%E9%BE%99%E5%B7%9D%EF%BC%89%E3%80%91%E5%B9%B6%E4%B8%94%E3%80%90%E7%B1%BB%E5%88%AB%E5%90%8D%E7%A7%B0%20%3D%20%E6%88%90%E6%9C%AC%E7%B1%BB%E3%80%91&rand=0.04721839144388551 HTTP/1.1" 200 55883
180.169.147.146 - - [14/Oct/2022:11:29:22 +0800] "GET /xingrg/dwr/engine.js HTTP/1.1" 200 43631
114.83.219.57 - - [14/Oct/2022:11:29:22 +0800] "GET /xingrg/all/function/internal_message.html?_=1665718258261&CODE_STATE=getMsg HTTP/1.1" 200 27
117.143.46.139 - - [14/Oct/2022:11:29:22 +0800] "POST /xingrg/all/common/load_tree.html?tree=area_station_tree_json&manage=1 HTTP/1.1" 200 3367
117.143.46.139 - - [14/Oct/2022:11:29:22 +0800] "GET /xingrg/javascript/jquery_easy_ui/themes/default/images/tree_checkbox_0.gif HTTP/1.1" 200 168
180.169.147.146 - - [14/Oct/2022:11:29:24 +0800] "POST /xingrg/all/report/load_report_page.html HTTP/1.1" 200 8720
