101.83.146.154 - - [13/Oct/2022:11:00:45 +0800] "GET /xingrg/images/blue/button/pszx.gif HTTP/1.1" 304 -
101.83.146.154 - - [13/Oct/2022:11:00:45 +0800] "GET /xingrg/images/blue/button/psshd.gif HTTP/1.1" 304 -
101.83.146.154 - - [13/Oct/2022:11:00:45 +0800] "GET /xingrg/images/blue/pic_form2.gif HTTP/1.1" 304 -
101.83.146.154 - - [13/Oct/2022:11:00:46 +0800] "GET /xingrg/javascript/jquery_ui/themes/humanity/images/ui-bg_inset-soft_100_f4f0ec_1x100.png HTTP/1.1" 304 -
101.83.146.154 - - [13/Oct/2022:11:00:46 +0800] "GET /xingrg/images/blue/bg_dotted.jpg HTTP/1.1" 304 -
101.83.146.154 - - [13/Oct/2022:11:00:46 +0800] "GET /xingrg/images/blue/button/right_ah.jpg HTTP/1.1" 304 -
101.83.146.154 - - [13/Oct/2022:11:00:46 +0800] "GET /xingrg/images/blue/button/down_ah.jpg HTTP/1.1" 304 -
58.37.5.200 - - [13/Oct/2022:11:00:46 +0800] "GET /xingrg/login.html?r=1 HTTP/1.1" 200 7641
101.83.146.154 - - [13/Oct/2022:11:00:46 +0800] "GET /xingrg/javascript/jquery_ui/themes/humanity/images/ui-iconsnew.jpg HTTP/1.1" 304 -
101.83.146.154 - - [13/Oct/2022:11:00:46 +0800] "GET /xingrg/javascript/jquery_ui/themes/humanity/images/ui-icons_ffffff_256x240.png HTTP/1.1" 304 -
101.83.146.154 - - [13/Oct/2022:11:00:46 +0800] "GET /xingrg/javascript/jquery_ui/themes/humanity/images/ui-icons_c47a23_256x240.png HTTP/1.1" 304 -
101.83.146.154 - - [13/Oct/2022:11:00:46 +0800] "GET /xingrg/javascript/jquery_ui/themes/humanity/images/ui-bg_glass_70_ede4d4_1x400.png HTTP/1.1" 304 -
58.37.5.200 - - [13/Oct/2022:11:00:46 +0800] "GET /xingrg/kc/base/wldb_order_info.html?code=422022101300993 HTTP/1.1" 200 30415
101.83.146.154 - - [13/Oct/2022:11:00:46 +0800] "GET /xingrg/images/yd/bt.gif HTTP/1.1" 404 1040
58.37.5.200 - - [13/Oct/2022:11:00:46 +0800] "GET /favicon.ico HTTP/1.1" 404 -
114.88.159.190 - - [13/Oct/2022:11:00:46 +0800] "GET /xingrg/kc/buy/cgsh_order_operate.html?command=get_materiel&rest_code=00141&code=00101019738&supplier_code=00100007&order_time=2022-10-13 HTTP/1.1" 200 448
58.37.5.200 - - [13/Oct/2022:11:00:46 +0800] "GET /xingrg/javascript/easyui/themes/default/validatebox.css HTTP/1.1" 404 1104
101.83.146.154 - - [13/Oct/2022:11:00:47 +0800] "GET /xingrg/css/base.css HTTP/1.1" 304 -
101.83.146.154 - - [13/Oct/2022:11:00:47 +0800] "GET /xingrg/kc/mdqp/pssh_order_list.html HTTP/1.1" 200 17944
101.83.146.154 - - [13/Oct/2022:11:00:47 +0800] "GET /xingrg/css/site.css HTTP/1.1" 304 -
101.83.146.154 - - [13/Oct/2022:11:00:47 +0800] "GET /xingrg/javascript/jquery_tools/datebox.css HTTP/1.1" 304 -
58.37.5.200 - - [13/Oct/2022:11:00:47 +0800] "POST /xingrg/kc/base/wldb_order_operate.html HTTP/1.1" 200 2662
101.83.146.154 - - [13/Oct/2022:11:00:47 +0800] "GET /xingrg/javascript/easyui/themes/default/easyui.css HTTP/1.1" 304 -
101.83.146.154 - - [13/Oct/2022:11:00:47 +0800] "GET /xingrg/javascript/easyui/themes/icon.css HTTP/1.1" 304 -
101.83.146.154 - - [13/Oct/2022:11:00:47 +0800] "GET /xingrg/javascript/auto/jquery.autocomplete.css HTTP/1.1" 304 -
101.83.146.154 - - [13/Oct/2022:11:00:47 +0800] "GET /xingrg/javascript/jquery_tools/fix.css HTTP/1.1" 304 -
101.83.146.154 - - [13/Oct/2022:11:00:47 +0800] "GET /xingrg/javascript/jquery_tools/table.css HTTP/1.1" 304 -
101.83.146.154 - - [13/Oct/2022:11:00:47 +0800] "GET /xingrg/javascript/jquery_tools/jquery.tools.min.js HTTP/1.1" 304 -
101.83.146.154 - - [13/Oct/2022:11:00:47 +0800] "GET /xingrg/javascript/jquery_tools/jquery.tools.extend.js HTTP/1.1" 304 -
101.83.146.154 - - [13/Oct/2022:11:00:47 +0800] "GET /xingrg/javascript/jquery_tools/jquery.tools.hotkey.js HTTP/1.1" 304 -
101.83.146.154 - - [13/Oct/2022:11:00:47 +0800] "GET /xingrg/javascript/jquery_tools/jquery.tools.table.js HTTP/1.1" 304 -
101.83.146.154 - - [13/Oct/2022:11:00:47 +0800] "GET /xingrg/javascript/jquery_tools/list_manager.js HTTP/1.1" 304 -
101.83.146.154 - - [13/Oct/2022:11:00:47 +0800] "GET /xingrg/javascript/auto/jquery.autocomplete.js HTTP/1.1" 304 -
101.83.146.154 - - [13/Oct/2022:11:00:47 +0800] "GET /xingrg/javascript/easyui/easyloader.js HTTP/1.1" 304 -
101.83.146.154 - - [13/Oct/2022:11:00:47 +0800] "GET /xingrg/javascript/jquery.cookie.js HTTP/1.1" 304 -
221.239.141.151 - - [13/Oct/2022:11:00:47 +0800] "GET /xingrg/check_reg.html?_=1665630049064 HTTP/1.1" 200 22
101.83.146.154 - - [13/Oct/2022:11:00:47 +0800] "GET /xingrg/javascript/easyui/themes/icons/field_new.png HTTP/1.1" 304 -
101.83.146.154 - - [13/Oct/2022:11:00:47 +0800] "GET /xingrg/javascript/easyui/plugins/jquery.parser.js HTTP/1.1" 304 -
101.83.146.154 - - [13/Oct/2022:11:00:47 +0800] "GET /xingrg/images/control/ajaxLoader.gif HTTP/1.1" 304 -
101.83.146.154 - - [13/Oct/2022:11:00:47 +0800] "POST /xingrg/kc/mdqp/pssh_list_operate.html HTTP/1.1" 200 5311
58.37.5.200 - - [13/Oct/2022:11:00:48 +0800] "POST /xingrg/login.do HTTP/1.1" 302 -
58.37.5.200 - - [13/Oct/2022:11:00:48 +0800] "GET /xingrg/index.html?sysBaseUrl=http%3A%2F%2F180.169.147.146%3A18081%2Fxingrg%2F&costTime=39×tamp=1665630048551 HTTP/1.1" 200 17173
58.37.5.200 - - [13/Oct/2022:11:00:48 +0800] "GET /favicon.ico HTTP/1.1" 404 -
58.37.5.200 - - [13/Oct/2022:11:00:48 +0800] "POST /xingrg/all/common/load_tree.html?tree=area_rest_tree_json&manage=1 HTTP/1.1" 200 342
116.230.114.213 - - [13/Oct/2022:11:00:48 +0800] "GET /xingrg/all/function/internal_message.html?_=1665630062957&CODE_STATE=getMsg HTTP/1.1" 200 27
58.37.5.200 - - [13/Oct/2022:11:00:48 +0800] "GET /xingrg/all/function/internal_message.html?_=1665630051420&CODE_STATE=count HTTP/1.1" 200 11
58.37.5.200 - - [13/Oct/2022:11:00:48 +0800] "GET /xingrg/check_reg.html?_=1665630051422 HTTP/1.1" 200 22
58.37.5.200 - - [13/Oct/2022:11:00:48 +0800] "POST /xingrg/load_menu.html HTTP/1.1" 200 5138
114.83.219.23 - - [13/Oct/2022:11:00:48 +0800] "GET /xingrg/all/function/internal_message.html?_=1665630047765&CODE_STATE=getMsg HTTP/1.1" 200 27
180.169.147.146 - - [13/Oct/2022:11:00:52 +0800] "GET /xingrg/all/function/internal_message.html?_=1665630044161&CODE_STATE=getMsg HTTP/1.1" 302 -
180.169.147.146 - - [13/Oct/2022:11:00:52 +0800] "GET /xingrg/login.html HTTP/1.1" 200 7641
58.37.5.200 - - [13/Oct/2022:11:00:52 +0800] "GET /xingrg/kc/base/wldb_order_add.html HTTP/1.1" 200 30401
58.37.5.200 - - [13/Oct/2022:11:00:52 +0800] "POST /xingrg/kc/base/wldb_order_operate.html HTTP/1.1" 200 6806
58.37.5.200 - - [13/Oct/2022:11:00:53 +0800] "GET /xingrg/javascript/easyui/themes/default/validatebox.css HTTP/1.1" 404 1104
58.37.5.200 - - [13/Oct/2022:11:00:53 +0800] "GET /xingrg/kc/base/base_main.html HTTP/1.1" 200 12142
58.37.5.200 - - [13/Oct/2022:11:00:53 +0800] "GET /xingrg/all/function/internal_message.html?_=1665630051425&CODE_STATE=getMsg HTTP/1.1" 200 27
58.37.5.200 - - [13/Oct/2022:11:00:53 +0800] "POST /xingrg/all/common/load_combo.html?type=base HTTP/1.1" 200 3227
221.239.141.151 - - [13/Oct/2022:11:00:54 +0800] "GET /xingrg/kc/buy/cgsh_order_operate.html?command=get_materiel&rest_code=00102&code=00101009011&supplier_code=00100026&order_time=2022-10-13 HTTP/1.1" 200 416
116.228.172.94 - - [13/Oct/2022:11:00:55 +0800] "GET /xingrg/all/function/internal_message.html?_=1665630050061&CODE_STATE=getMsg HTTP/1.1" 200 27
58.37.5.200 - - [13/Oct/2022:11:00:56 +0800] "POST /xingrg/all/common/load_combo.html?type=base HTTP/1.1" 200 3227
58.37.5.200 - - [13/Oct/2022:11:00:58 +0800] "GET /xingrg/kc/base/wldb_order_list.html HTTP/1.1" 200 19180
222.70.183.206 - - [13/Oct/2022:11:00:58 +0800] "GET /xingrg/check_reg.html?_=1665630057141 HTTP/1.1" 200 22
222.70.183.206 - - [13/Oct/2022:11:00:58 +0800] "GET /xingrg/all/function/internal_message.html?_=1665630057140&CODE_STATE=getMsg HTTP/1.1" 200 27
58.37.5.200 - - [13/Oct/2022:11:00:58 +0800] "POST /xingrg/kc/base/wldb_list_operate.html HTTP/1.1" 200 2957
58.37.5.200 - - [13/Oct/2022:11:01:01 +0800] "GET /xingrg/kc/base/wldb_order_add.html HTTP/1.1" 200 30397
58.37.5.200 - - [13/Oct/2022:11:01:01 +0800] "GET /xingrg/words/20221013093351_words.js HTTP/1.1" 304 -
58.37.5.200 - - [13/Oct/2022:11:01:01 +0800] "POST /xingrg/kc/base/wldb_order_operate.html HTTP/1.1" 200 6806
58.37.5.200 - - [13/Oct/2022:11:01:01 +0800] "GET /xingrg/all/common/auto_word.html?type=base&rest_code=00106 HTTP/1.1" 200 1799
58.37.5.200 - - [13/Oct/2022:11:01:01 +0800] "GET /xingrg/all/common/auto_word.html?type=base&rest_code=00106 HTTP/1.1" 200 1799
116.238.194.138 - - [13/Oct/2022:11:01:01 +0800] "GET /xingrg/all/function/internal_message.html?_=1665630002874&CODE_STATE=getMsg HTTP/1.1" 200 27
58.37.5.200 - - [13/Oct/2022:11:01:01 +0800] "GET /xingrg/javascript/easyui/themes/default/validatebox.css HTTP/1.1" 404 1104
101.83.146.154 - - [13/Oct/2022:11:01:03 +0800] "POST /xingrg/kc/mdqp/pssh_list_operate.html HTTP/1.1" 200 745
58.37.5.200 - - [13/Oct/2022:11:01:03 +0800] "POST /xingrg/all/common/load_combo.html?type=base HTTP/1.1" 200 3227
101.83.146.154 - - [13/Oct/2022:11:01:03 +0800] "GET /xingrg/kc/mdqp/pssh_order_info.html?code=312022101100241 HTTP/1.1" 200 17293
101.83.146.154 - - [13/Oct/2022:11:01:03 +0800] "GET /xingrg/javascript/jquery_tools/jquery-1.4.2.min.js HTTP/1.1" 404 1094
101.83.146.154 - - [13/Oct/2022:11:01:03 +0800] "GET /xingrg/javascript/jquery_tools/order_manager.js HTTP/1.1" 304 -
101.83.146.154 - - [13/Oct/2022:11:01:03 +0800] "GET /xingrg/javascript/convert.js HTTP/1.1" 304 -
101.83.146.154 - - [13/Oct/2022:11:01:03 +0800] "GET /xingrg/javascript/json2.js HTTP/1.1" 304 -
101.83.146.154 - - [13/Oct/2022:11:01:03 +0800] "GET /xingrg/javascript/print/kc_print.js HTTP/1.1" 304 -
101.83.146.154 - - [13/Oct/2022:11:01:03 +0800] "GET /xingrg/words/20221013093351_words.js HTTP/1.1" 200 925346
101.83.146.154 - - [13/Oct/2022:11:01:03 +0800] "GET /xingrg/javascript/print/LodopFuncs.js HTTP/1.1" 304 -
101.83.146.154 - - [13/Oct/2022:11:01:04 +0800] "GET /xingrg/javascript/easyui/themes/icons/print.png HTTP/1.1" 304 -
101.83.146.154 - - [13/Oct/2022:11:01:04 +0800] "GET /xingrg/javascript/easyui/themes/icons/back_new.png HTTP/1.1" 304 -
101.83.146.154 - - [13/Oct/2022:11:01:04 +0800] "GET /xingrg/javascript/easyui/themes/icons/check_new.png HTTP/1.1" 304 -
101.83.146.154 - - [13/Oct/2022:11:01:04 +0800] "GET /xingrg/javascript/easyui/themes/icons/cance_new.png HTTP/1.1" 304 -
101.83.146.154 - - [13/Oct/2022:11:01:04 +0800] "GET /xingrg/javascript/easyui/themes/icons/ok.png HTTP/1.1" 304 -
101.83.146.154 - - [13/Oct/2022:11:01:04 +0800] "GET /xingrg/javascript/easyui/themes/default/images/menu_downarrow.png HTTP/1.1" 304 -
101.83.146.154 - - [13/Oct/2022:11:01:04 +0800] "POST /xingrg/kc/mdqp/pssh_order_operate.html HTTP/1.1" 200 6256
101.83.146.154 - - [13/Oct/2022:11:01:04 +0800] "GET /xingrg/all/common/auto_word.html?type=base&rest_code=00105&rest_code=00105 HTTP/1.1" 200 1907
101.83.146.154 - - [13/Oct/2022:11:01:04 +0800] "GET /xingrg/all/common/auto_word.html?type=employee&rest_code=00105 HTTP/1.1" 200 193
101.83.146.154 - - [13/Oct/2022:11:01:04 +0800] "GET /xingrg/javascript/easyui/themes/default/validatebox.css HTTP/1.1" 404 1104
101.83.146.154 - - [13/Oct/2022:11:01:04 +0800] "GET /xingrg/javascript/easyui/plugins/jquery.validatebox.js HTTP/1.1" 304 -
101.83.146.154 - - [13/Oct/2022:11:01:04 +0800] "GET /xingrg/javascript/easyui/plugins/jquery.numberbox.js HTTP/1.1" 304 -
58.37.5.200 - - [13/Oct/2022:11:01:06 +0800] "POST /xingrg/all/common/load_combo.html?type=base HTTP/1.1" 200 3227
221.239.141.151 - - [13/Oct/2022:11:01:07 +0800] "GET /xingrg/kc/buy/cgsh_order_operate.html?command=get_materiel&rest_code=00102&code=00101009079&supplier_code=00100026&order_time=2022-10-13 HTTP/1.1" 200 409
124.79.74.72 - - [13/Oct/2022:11:01:09 +0800] "GET /xingrg/all/function/internal_message.html?_=1665630068561&CODE_STATE=getMsg HTTP/1.1" 200 27
114.83.219.57 - - [13/Oct/2022:11:01:11 +0800] "GET /xingrg/all/function/internal_message.html?_=1665630167083&CODE_STATE=getMsg HTTP/1.1" 200 27
114.88.159.190 - - [13/Oct/2022:11:01:12 +0800] "GET /xingrg/all/function/internal_message.html?_=1665629702656&CODE_STATE=getMsg HTTP/1.1" 200 27
116.230.105.139 - - [13/Oct/2022:11:01:14 +0800] "GET /xingrg/all/function/internal_message.html?_=1665630073811&CODE_STATE=getMsg HTTP/1.1" 200 27
58.37.5.200 - - [13/Oct/2022:11:01:15 +0800] "GET /xingrg/kc/base/wldb_order_operate.html?command=get_materiel&rest_code=00106&base_code=0010397&code=00102001069 HTTP/1.1" 200 437
58.37.5.200 - - [13/Oct/2022:11:01:17 +0800] "GET /xingrg/javascript/auto/indicator.gif HTTP/1.1" 404 1066
124.79.243.136 - - [13/Oct/2022:11:01:21 +0800] "GET /xingrg/all/function/internal_message.html?_=1665630285493&CODE_STATE=getMsg HTTP/1.1" 200 27
58.37.5.200 - - [13/Oct/2022:11:01:21 +0800] "GET /xingrg/kc/base/wldb_order_operate.html?command=get_materiel&rest_code=00106&base_code=0010396&code=00101019257 HTTP/1.1" 200 480
221.239.141.151 - - [13/Oct/2022:11:01:21 +0800] "GET /xingrg/kc/buy/cgsh_order_operate.html?command=get_materiel&rest_code=00102&code=00101009031&supplier_code=00100026&order_time=2022-10-13 HTTP/1.1" 200 409
101.83.146.154 - - [13/Oct/2022:11:01:22 +0800] "GET /xingrg/all/function/internal_message.html?_=1665629936767&CODE_STATE=getMsg HTTP/1.1" 200 27
101.83.146.154 - - [13/Oct/2022:11:01:22 +0800] "GET /xingrg/check_reg.html?_=1665629936770 HTTP/1.1" 200 22
221.239.141.151 - - [13/Oct/2022:11:01:26 +0800] "GET /xingrg/all/function/internal_message.html?_=1665630107457&CODE_STATE=getMsg HTTP/1.1" 200 27
221.239.141.151 - - [13/Oct/2022:11:01:26 +0800] "GET /xingrg/check_reg.html?_=1665630107461 HTTP/1.1" 200 22
124.79.243.136 - - [13/Oct/2022:11:01:27 +0800] "GET /xingrg/kc/buy/cgsh_order_list.html HTTP/1.1" 200 53251
58.37.5.200 - - [13/Oct/2022:11:01:27 +0800] "POST /xingrg/kc/base/wldb_order_operate.html HTTP/1.1" 200 37
58.37.5.200 - - [13/Oct/2022:11:01:27 +0800] "POST /xingrg/kc/base/wldb_order_operate.html HTTP/1.1" 200 2655
124.79.243.136 - - [13/Oct/2022:11:01:28 +0800] "POST /xingrg/kc/buy/cgsh_list_operate.html HTTP/1.1" 200 986
58.37.5.200 - - [13/Oct/2022:11:01:30 +0800] "GET /xingrg/kc/base/wldb_order_info.html?code=422022101300994 HTTP/1.1" 200 30416
58.37.5.200 - - [13/Oct/2022:11:01:31 +0800] "GET /xingrg/javascript/easyui/themes/default/validatebox.css HTTP/1.1" 404 1104
58.37.5.200 - - [13/Oct/2022:11:01:31 +0800] "POST /xingrg/kc/base/wldb_order_operate.html HTTP/1.1" 200 2655
101.83.146.154 - - [13/Oct/2022:11:01:33 +0800] "GET /xingrg/all/function/internal_message.html?_=1665630095273&CODE_STATE=getMsg HTTP/1.1" 200 27
58.37.5.200 - - [13/Oct/2022:11:01:35 +0800] "GET /xingrg/kc/base/wldb_order_add.html HTTP/1.1" 200 30401
58.37.5.200 - - [13/Oct/2022:11:01:35 +0800] "GET /xingrg/javascript/easyui/themes/default/validatebox.css HTTP/1.1" 404 1104
58.37.5.200 - - [13/Oct/2022:11:01:35 +0800] "POST /xingrg/kc/base/wldb_order_operate.html HTTP/1.1" 200 6806
101.83.146.154 - - [13/Oct/2022:11:01:35 +0800] "GET /xingrg/check_reg.html?_=1665630098113 HTTP/1.1" 200 22
58.37.5.200 - - [13/Oct/2022:11:01:36 +0800] "GET /xingrg/kc/base/wldb_order_operate.html?command=get_materiel&rest_code=00106&base_code=0010396&code=00101019492 HTTP/1.1" 200 458
58.37.5.200 - - [13/Oct/2022:11:01:38 +0800] "POST /xingrg/kc/base/wldb_list_operate.html HTTP/1.1" 200 3357
116.238.194.138 - - [13/Oct/2022:11:01:39 +0800] "GET /xingrg/all/function/internal_message.html?_=1665630099402&CODE_STATE=getMsg HTTP/1.1" 200 27
58.37.5.200 - - [13/Oct/2022:11:01:39 +0800] "POST /xingrg/kc/base/wldb_list_operate.html HTTP/1.1" 200 278
114.88.159.190 - - [13/Oct/2022:11:01:40 +0800] "POST /xingrg/kc/buy/cgsh_order_operate.html HTTP/1.1" 200 37
114.88.159.190 - - [13/Oct/2022:11:01:44 +0800] "POST /xingrg/kc/buy/cgsh_order_operate.html HTTP/1.1" 200 12
114.88.159.190 - - [13/Oct/2022:11:01:46 +0800] "GET /xingrg/kc/buy/cgsh_order_info.html?code=212022101304037 HTTP/1.1" 200 63930
114.88.159.190 - - [13/Oct/2022:11:01:46 +0800] "GET /xingrg/javascript/easyui/themes/default/validatebox.css HTTP/1.1" 404 1104
116.230.114.213 - - [13/Oct/2022:11:01:47 +0800] "GET /xingrg/check_reg.html?_=1665630121306 HTTP/1.1" 200 22
114.88.159.190 - - [13/Oct/2022:11:01:47 +0800] "POST /xingrg/kc/buy/cgsh_order_operate.html HTTP/1.1" 200 23075
116.230.114.213 - - [13/Oct/2022:11:01:48 +0800] "GET /xingrg/all/function/internal_message.html?_=1665630122971&CODE_STATE=getMsg HTTP/1.1" 200 27
58.37.5.200 - - [13/Oct/2022:11:01:48 +0800] "GET /xingrg/all/function/internal_message.html?_=1665630111450&CODE_STATE=getMsg HTTP/1.1" 200 27
58.37.5.200 - - [13/Oct/2022:11:01:48 +0800] "GET /xingrg/kc/base/wldb_order_operate.html?command=get_materiel&rest_code=00106&base_code=0010396&code=00101019400 HTTP/1.1" 200 465
114.83.219.23 - - [13/Oct/2022:11:01:48 +0800] "GET /xingrg/all/function/internal_message.html?_=1665630107752&CODE_STATE=getMsg HTTP/1.1" 200 27
114.88.159.190 - - [13/Oct/2022:11:01:50 +0800] "GET /xingrg/kc/print/load_data.html?order_code=212022101304037&kc_code=cgsh&condition= HTTP/1.1" 200 9271
101.83.146.154 - - [13/Oct/2022:11:01:51 +0800] "GET /xingrg/javascript/jquery_tools/images/next.gif HTTP/1.1" 404 1086
101.83.146.154 - - [13/Oct/2022:11:01:51 +0800] "GET /xingrg/javascript/jquery_tools/images/prev.gif HTTP/1.1" 404 1086
180.169.147.146 - - [13/Oct/2022:11:01:52 +0800] "GET /xingrg/all/function/internal_message.html?_=1665630104163&CODE_STATE=getMsg HTTP/1.1" 302 -
180.169.147.146 - - [13/Oct/2022:11:01:52 +0800] "GET /xingrg/login.html HTTP/1.1" 200 7641
58.37.5.200 - - [13/Oct/2022:11:01:53 +0800] "GET /xingrg/all/function/internal_message.html?_=1665630111400&CODE_STATE=getMsg HTTP/1.1" 200 27
58.37.5.200 - - [13/Oct/2022:11:01:53 +0800] "GET /xingrg/check_reg.html?_=1665630111993 HTTP/1.1" 200 22
116.228.172.94 - - [13/Oct/2022:11:01:55 +0800] "GET /xingrg/all/function/internal_message.html?_=1665630110080&CODE_STATE=getMsg HTTP/1.1" 200 27
101.83.146.154 - - [13/Oct/2022:11:01:56 +0800] "GET /xingrg/javascript/auto/indicator.gif HTTP/1.1" 404 1066
222.70.183.206 - - [13/Oct/2022:11:01:58 +0800] "GET /xingrg/all/function/internal_message.html?_=1665630117140&CODE_STATE=getMsg HTTP/1.1" 200 27
101.83.146.154 - - [13/Oct/2022:11:02:00 +0800] "GET /xingrg/javascript/easyui/themes/default/images/button_plain_hover.png HTTP/1.1" 304 -
116.238.194.138 - - [13/Oct/2022:11:02:01 +0800] "GET /xingrg/all/function/internal_message.html?_=1665630062931&CODE_STATE=getMsg HTTP/1.1" 200 27
58.37.5.200 - - [13/Oct/2022:11:02:02 +0800] "GET /xingrg/kc/base/wldb_order_operate.html?command=get_materiel&rest_code=00106&base_code=0010396&code=00101019724 HTTP/1.1" 200 447
58.37.5.200 - - [13/Oct/2022:11:02:03 +0800] "GET /xingrg/kc/base/wldb_order_add.html HTTP/1.1" 200 30401
101.83.146.154 - - [13/Oct/2022:11:02:03 +0800] "POST /xingrg/kc/mdqp/pssh_order_operate.html HTTP/1.1" 200 37
58.37.5.200 - - [13/Oct/2022:11:02:03 +0800] "POST /xingrg/kc/base/wldb_order_operate.html HTTP/1.1" 200 6806
58.37.5.200 - - [13/Oct/2022:11:02:03 +0800] "GET /xingrg/javascript/easyui/themes/default/validatebox.css HTTP/1.1" 404 1104
58.37.5.200 - - [13/Oct/2022:11:02:04 +0800] "POST /xingrg/all/common/load_combo.html?type=base HTTP/1.1" 200 3227
101.83.146.154 - - [13/Oct/2022:11:02:04 +0800] "POST /xingrg/kc/mdqp/pssh_order_operate.html HTTP/1.1" 200 6256
58.37.5.200 - - [13/Oct/2022:11:02:06 +0800] "POST /xingrg/all/common/load_combo.html?type=base HTTP/1.1" 200 3227
101.83.146.154 - - [13/Oct/2022:11:02:07 +0800] "GET /xingrg/javascript/jquery_easy_ui/themes/icons/rest.png HTTP/1.1" 304 -
101.83.146.154 - - [13/Oct/2022:11:02:07 +0800] "GET /xingrg/javascript/jquery_easy_ui/themes/icons/area.png HTTP/1.1" 304 -
124.79.74.72 - - [13/Oct/2022:11:02:09 +0800] "GET /xingrg/all/function/internal_message.html?_=1665630128538&CODE_STATE=getMsg HTTP/1.1" 200 27
124.79.243.136 - - [13/Oct/2022:11:02:09 +0800] "GET /xingrg/javascript/jquery_tools/images/prev.gif HTTP/1.1" 404 1086
124.79.243.136 - - [13/Oct/2022:11:02:09 +0800] "GET /xingrg/javascript/jquery_tools/images/next.gif HTTP/1.1" 404 1086
58.37.5.200 - - [13/Oct/2022:11:02:10 +0800] "GET /xingrg/kc/base/wldb_order_operate.html?command=get_materiel&rest_code=00106&base_code=0010397&code=00102002453 HTTP/1.1" 200 433
114.83.219.57 - - [13/Oct/2022:11:02:11 +0800] "GET /xingrg/all/function/internal_message.html?_=1665630227082&CODE_STATE=getMsg HTTP/1.1" 200 27
101.83.146.154 - - [13/Oct/2022:11:02:11 +0800] "POST /xingrg/kc/mdqp/pssh_order_operate.html HTTP/1.1" 200 37
114.88.159.190 - - [13/Oct/2022:11:02:11 +0800] "GET /xingrg/all/function/internal_message.html?_=1665629762537&CODE_STATE=getMsg HTTP/1.1" 200 27
101.83.146.154 - - [13/Oct/2022:11:02:11 +0800] "POST /xingrg/kc/mdqp/pssh_order_operate.html HTTP/1.1" 200 12
101.83.146.154 - - [13/Oct/2022:11:02:13 +0800] "GET /xingrg/kc/mdqp/pssh_order_info.html?code=312022101100241 HTTP/1.1" 200 14382
101.83.146.154 - - [13/Oct/2022:11:02:13 +0800] "GET /xingrg/javascript/jquery_tools/jquery-1.4.2.min.js HTTP/1.1" 404 1094
101.83.146.154 - - [13/Oct/2022:11:02:13 +0800] "GET /xingrg/javascript/easyui/themes/icons/uncheck_new.png HTTP/1.1" 304 -
101.83.146.154 - - [13/Oct/2022:11:02:13 +0800] "POST /xingrg/kc/mdqp/pssh_order_operate.html HTTP/1.1" 200 6256
101.83.146.154 - - [13/Oct/2022:11:02:13 +0800] "GET /xingrg/javascript/easyui/themes/default/validatebox.css HTTP/1.1" 404 1104
116.230.105.139 - - [13/Oct/2022:11:02:14 +0800] "GET /xingrg/all/function/internal_message.html?_=1665630133808&CODE_STATE=getMsg HTTP/1.1" 200 27
58.37.5.200 - - [13/Oct/2022:11:02:16 +0800] "POST /xingrg/kc/base/wldb_order_operate.html HTTP/1.1" 200 37
58.37.5.200 - - [13/Oct/2022:11:02:16 +0800] "POST /xingrg/kc/base/wldb_order_operate.html HTTP/1.1" 200 2184
58.37.5.200 - - [13/Oct/2022:11:02:17 +0800] "GET /xingrg/kc/base/wldb_order_info.html?code=422022101300995 HTTP/1.1" 200 30413
58.37.5.200 - - [13/Oct/2022:11:02:18 +0800] "GET /xingrg/javascript/easyui/themes/default/validatebox.css HTTP/1.1" 404 1104
58.37.5.200 - - [13/Oct/2022:11:02:18 +0800] "POST /xingrg/kc/base/wldb_order_operate.html HTTP/1.1" 200 2184
58.37.5.200 - - [13/Oct/2022:11:02:21 +0800] "GET /xingrg/kc/base/wldb_order_add.html HTTP/1.1" 200 30401
101.83.146.154 - - [13/Oct/2022:11:02:21 +0800] "GET /xingrg/kc/print/load_config.html?kc_code=pssh HTTP/1.1" 200 2291
101.83.146.154 - - [13/Oct/2022:11:02:21 +0800] "GET /xingrg/kc/print/load_data.html?order_code=312022101100241&kc_code=pssh&condition= HTTP/1.1" 200 2571
124.79.243.136 - - [13/Oct/2022:11:02:21 +0800] "GET /xingrg/check_reg.html?_=1665630345496 HTTP/1.1" 200 22
124.79.243.136 - - [13/Oct/2022:11:02:21 +0800] "GET /xingrg/all/function/internal_message.html?_=1665630345497&CODE_STATE=getMsg HTTP/1.1" 200 27
114.84.81.136 - - [13/Oct/2022:11:02:21 +0800] "GET /xingrg/all/function/internal_message.html?_=1665630142791&CODE_STATE=getMsg HTTP/1.1" 302 -
58.37.5.200 - - [13/Oct/2022:11:02:21 +0800] "GET /xingrg/javascript/easyui/themes/default/validatebox.css HTTP/1.1" 404 1104
58.37.5.200 - - [13/Oct/2022:11:02:21 +0800] "POST /xingrg/kc/base/wldb_order_operate.html HTTP/1.1" 200 6806
58.37.5.200 - - [13/Oct/2022:11:02:22 +0800] "POST /xingrg/all/common/load_combo.html?type=base HTTP/1.1" 200 3227
58.37.5.200 - - [13/Oct/2022:11:02:22 +0800] "GET /xingrg/kc/base/wldb_order_operate.html?command=get_materiel&rest_code=00106&base_code=0010396&code=00101019187 HTTP/1.1" 200 479
101.83.146.154 - - [13/Oct/2022:11:02:22 +0800] "GET /xingrg/all/function/internal_message.html?_=1665629997157&CODE_STATE=getMsg HTTP/1.1" 200 27
58.37.5.200 - - [13/Oct/2022:11:02:24 +0800] "POST /xingrg/all/common/load_combo.html?type=base HTTP/1.1" 200 3227
221.239.141.151 - - [13/Oct/2022:11:02:26 +0800] "GET /xingrg/all/function/internal_message.html?_=1665630167463&CODE_STATE=getMsg HTTP/1.1" 200 27
58.37.5.200 - - [13/Oct/2022:11:02:32 +0800] "GET /xingrg/kc/base/wldb_order_operate.html?command=get_materiel&rest_code=00106&base_code=0010397&code=00102002208 HTTP/1.1" 200 445
101.83.146.154 - - [13/Oct/2022:11:02:33 +0800] "GET /xingrg/all/function/internal_message.html?_=1665630155247&CODE_STATE=getMsg HTTP/1.1" 200 27
58.37.5.200 - - [13/Oct/2022:11:02:34 +0800] "GET /xingrg/kc/base/wldb_order_operate.html?command=get_materiel&rest_code=00106&base_code=0010396&code=00101019297 HTTP/1.1" 200 478
58.37.5.200 - - [13/Oct/2022:11:02:38 +0800] "GET /xingrg/kc/base/wldb_order_operate.html?command=get_materiel&rest_code=00106&base_code=0010397&code=00102002287 HTTP/1.1" 200 439
116.238.194.138 - - [13/Oct/2022:11:02:39 +0800] "GET /xingrg/all/function/internal_message.html?_=1665630159414&CODE_STATE=getMsg HTTP/1.1" 200 27
58.37.5.200 - - [13/Oct/2022:11:02:48 +0800] "GET /xingrg/kc/base/wldb_order_operate.html?command=get_materiel&rest_code=00106&base_code=0010396&code=00101016094 HTTP/1.1" 200 470
116.230.114.213 - - [13/Oct/2022:11:02:48 +0800] "GET /xingrg/all/function/internal_message.html?_=1665630182985&CODE_STATE=getMsg HTTP/1.1" 200 27
58.37.5.200 - - [13/Oct/2022:11:02:48 +0800] "GET /xingrg/all/function/internal_message.html?_=1665630171439&CODE_STATE=getMsg HTTP/1.1" 200 27
114.83.219.23 - - [13/Oct/2022:11:02:48 +0800] "GET /xingrg/all/function/internal_message.html?_=1665630167739&CODE_STATE=getMsg HTTP/1.1" 200 27
180.169.147.146 - - [13/Oct/2022:11:02:52 +0800] "GET /xingrg/all/function/internal_message.html?_=1665630164163&CODE_STATE=getMsg HTTP/1.1" 302 -
180.169.147.146 - - [13/Oct/2022:11:02:52 +0800] "GET /xingrg/login.html HTTP/1.1" 200 7641
58.37.5.200 - - [13/Oct/2022:11:02:53 +0800] "GET /xingrg/all/function/internal_message.html?_=1665630171374&CODE_STATE=getMsg HTTP/1.1" 200 27
124.79.243.136 - - [13/Oct/2022:11:02:55 +0800] "POST /xingrg/kc/buy/cgsh_list_operate.html HTTP/1.1" 200 6271
116.228.172.94 - - [13/Oct/2022:11:02:55 +0800] "GET /xingrg/all/function/internal_message.html?_=1665630170069&CODE_STATE=getMsg HTTP/1.1" 200 27
116.228.172.94 - - [13/Oct/2022:11:02:56 +0800] "GET /xingrg/check_reg.html?_=1665630170754 HTTP/1.1" 200 22
58.37.5.200 - - [13/Oct/2022:11:02:57 +0800] "POST /xingrg/kc/base/wldb_order_operate.html HTTP/1.1" 200 37
58.37.5.200 - - [13/Oct/2022:11:02:57 +0800] "POST /xingrg/kc/base/wldb_order_operate.html HTTP/1.1" 200 2674
222.70.183.206 - - [13/Oct/2022:11:02:58 +0800] "GET /xingrg/all/function/internal_message.html?_=1665630177141&CODE_STATE=getMsg HTTP/1.1" 200 27
58.37.5.200 - - [13/Oct/2022:11:02:58 +0800] "GET /xingrg/kc/base/wldb_order_info.html?code=422022101300996 HTTP/1.1" 200 30415
58.37.5.200 - - [13/Oct/2022:11:02:59 +0800] "GET /xingrg/javascript/easyui/themes/default/validatebox.css HTTP/1.1" 404 1104
58.37.5.200 - - [13/Oct/2022:11:03:00 +0800] "POST /xingrg/kc/base/wldb_order_operate.html HTTP/1.1" 200 2674
116.238.194.138 - - [13/Oct/2022:11:03:01 +0800] "GET /xingrg/all/function/internal_message.html?_=1665630122933&CODE_STATE=getMsg HTTP/1.1" 200 27
58.37.5.200 - - [13/Oct/2022:11:03:01 +0800] "POST /xingrg/kc/base/wldb_list_operate.html HTTP/1.1" 200 4154
58.37.5.200 - - [13/Oct/2022:11:03:02 +0800] "POST /xingrg/kc/base/wldb_list_operate.html HTTP/1.1" 200 202
101.83.146.154 - - [13/Oct/2022:11:03:04 +0800] "GET /xingrg/javascript/jquery_easy_ui/themes/default/images/tabs_active.png HTTP/1.1" 304 -
58.37.5.200 - - [13/Oct/2022:11:03:04 +0800] "POST /xingrg/kc/base/wldb_list_operate.html HTTP/1.1" 200 282
58.37.5.200 - - [13/Oct/2022:11:03:05 +0800] "POST /xingrg/kc/base/wldb_order_operate.html HTTP/1.1" 200 37
58.37.5.200 - - [13/Oct/2022:11:03:06 +0800] "POST /xingrg/kc/base/wldb_order_operate.html HTTP/1.1" 200 5219
58.37.5.200 - - [13/Oct/2022:11:03:06 +0800] "GET /xingrg/kc/base/wldb_order_info.html?code=422022101300997 HTTP/1.1" 200 30412
101.83.146.154 - - [13/Oct/2022:11:03:06 +0800] "GET /xingrg/kc/mdqp/pssh_order_list.html?isBack=1 HTTP/1.1" 200 17944
58.37.5.200 - - [13/Oct/2022:11:03:07 +0800] "GET /xingrg/javascript/easyui/themes/default/validatebox.css HTTP/1.1" 404 1104
101.83.146.154 - - [13/Oct/2022:11:03:07 +0800] "POST /xingrg/kc/mdqp/pssh_list_operate.html HTTP/1.1" 200 5336
58.37.5.200 - - [13/Oct/2022:11:03:07 +0800] "POST /xingrg/kc/base/wldb_order_operate.html HTTP/1.1" 200 5219
124.79.74.72 - - [13/Oct/2022:11:03:09 +0800] "GET /xingrg/all/function/internal_message.html?_=1665630188523&CODE_STATE=getMsg HTTP/1.1" 200 27
58.37.5.200 - - [13/Oct/2022:11:03:10 +0800] "GET /xingrg/kc/base/base_main.html HTTP/1.1" 200 12142
101.83.146.154 - - [13/Oct/2022:11:03:10 +0800] "POST /xingrg/kc/mdqp/pssh_list_operate.html HTTP/1.1" 200 792
101.83.146.154 - - [13/Oct/2022:11:03:10 +0800] "GET /xingrg/kc/mdqp/pssh_order_info.html?code=312022101100242 HTTP/1.1" 200 17297
101.83.146.154 - - [13/Oct/2022:11:03:10 +0800] "GET /xingrg/javascript/jquery_tools/jquery-1.4.2.min.js HTTP/1.1" 404 1094
114.83.219.57 - - [13/Oct/2022:11:03:11 +0800] "GET /xingrg/all/function/internal_message.html?_=1665630287081&CODE_STATE=getMsg HTTP/1.1" 200 27
114.83.219.57 - - [13/Oct/2022:11:03:11 +0800] "GET /xingrg/check_reg.html?_=1665630287083 HTTP/1.1" 200 22
101.83.146.154 - - [13/Oct/2022:11:03:11 +0800] "POST /xingrg/kc/mdqp/pssh_order_operate.html HTTP/1.1" 200 7988
101.83.146.154 - - [13/Oct/2022:11:03:11 +0800] "GET /xingrg/javascript/easyui/themes/default/validatebox.css HTTP/1.1" 404 1104
58.37.5.200 - - [13/Oct/2022:11:03:11 +0800] "GET /xingrg/kc/base/wldb_order_list.html HTTP/1.1" 200 19180
114.88.159.190 - - [13/Oct/2022:11:03:11 +0800] "GET /xingrg/all/function/internal_message.html?_=1665629822509&CODE_STATE=getMsg HTTP/1.1" 200 27
58.37.5.200 - - [13/Oct/2022:11:03:11 +0800] "POST /xingrg/kc/base/wldb_list_operate.html HTTP/1.1" 200 4547
114.88.159.190 - - [13/Oct/2022:11:03:12 +0800] "GET /xingrg/check_reg.html?_=1665629823164 HTTP/1.1" 200 22
116.230.105.139 - - [13/Oct/2022:11:03:14 +0800] "GET /xingrg/check_reg.html?_=1665630193803 HTTP/1.1" 200 22
116.230.105.139 - - [13/Oct/2022:11:03:14 +0800] "GET /xingrg/all/function/internal_message.html?_=1665630193811&CODE_STATE=getMsg HTTP/1.1" 200 27
58.37.5.200 - - [13/Oct/2022:11:03:19 +0800] "GET /xingrg/kc/base/base_main.html HTTP/1.1" 200 12142
124.79.243.136 - - [13/Oct/2022:11:03:21 +0800] "POST /xingrg/kc/buy/cgsh_list_operate.html HTTP/1.1" 200 6426
124.79.243.136 - - [13/Oct/2022:11:03:21 +0800] "GET /xingrg/all/function/internal_message.html?_=1665630405580&CODE_STATE=getMsg HTTP/1.1" 200 27
58.37.5.200 - - [13/Oct/2022:11:03:21 +0800] "GET /xingrg/kc/base/kc_stocks.html HTTP/1.1" 200 16440
58.37.5.200 - - [13/Oct/2022:11:03:22 +0800] "GET /xingrg/javascript/easyui/themes/default/tree.css HTTP/1.1" 404 1090
58.37.5.200 - - [13/Oct/2022:11:03:22 +0800] "POST /xingrg/all/common/load_tree.html?tree=materiel_sort_tree_json HTTP/1.1" 200 9500
58.37.5.200 - - [13/Oct/2022:11:03:22 +0800] "GET /xingrg/kc/base/base_main.html HTTP/1.1" 200 12142
101.83.146.154 - - [13/Oct/2022:11:03:22 +0800] "GET /xingrg/all/function/internal_message.html?_=1665630057151&CODE_STATE=getMsg HTTP/1.1" 200 27
58.37.5.200 - - [13/Oct/2022:11:03:23 +0800] "GET /xingrg/kc/base/wldb_order_list.html HTTP/1.1" 200 19180
58.37.5.200 - - [13/Oct/2022:11:03:24 +0800] "POST /xingrg/kc/base/wldb_list_operate.html HTTP/1.1" 200 4547
58.37.5.200 - - [13/Oct/2022:11:03:24 +0800] "POST /xingrg/all/common/load_combo.html?type=base HTTP/1.1" 200 3227
101.83.146.154 - - [13/Oct/2022:11:03:25 +0800] "POST /xingrg/all/common/load_combo.html?type=employee HTTP/1.1" 200 356
101.83.146.154 - - [13/Oct/2022:11:03:25 +0800] "GET /xingrg/css/images/panel_loading.gif HTTP/1.1" 304 -
221.239.141.151 - - [13/Oct/2022:11:03:26 +0800] "GET /xingrg/all/function/internal_message.html?_=1665630227452&CODE_STATE=getMsg HTTP/1.1" 200 27
58.37.5.200 - - [13/Oct/2022:11:03:27 +0800] "POST /xingrg/kc/base/stock_operate.html HTTP/1.1" 200 4349
124.79.243.136 - - [13/Oct/2022:11:03:29 +0800] "POST /xingrg/kc/buy/cgsh_list_operate.html HTTP/1.1" 200 5340
101.83.146.154 - - [13/Oct/2022:11:03:31 +0800] "POST /xingrg/kc/mdqp/pssh_order_operate.html HTTP/1.1" 200 37
101.83.146.154 - - [13/Oct/2022:11:03:32 +0800] "POST /xingrg/kc/mdqp/pssh_order_operate.html HTTP/1.1" 200 7988
101.83.146.154 - - [13/Oct/2022:11:03:33 +0800] "GET /xingrg/all/function/internal_message.html?_=1665630215227&CODE_STATE=getMsg HTTP/1.1" 200 27
58.37.5.200 - - [13/Oct/2022:11:03:33 +0800] "GET /xingrg/kc/buy/buy_main.html HTTP/1.1" 200 12412
58.37.5.200 - - [13/Oct/2022:11:03:33 +0800] "GET /xingrg/css/new_ie.css HTTP/1.1" 404 1036
58.37.5.200 - - [13/Oct/2022:11:03:35 +0800] "GET /xingrg/kc/base/base_main.html HTTP/1.1" 200 12142
58.37.5.200 - - [13/Oct/2022:11:03:37 +0800] "GET /xingrg/kc/base/wldb_order_list.html HTTP/1.1" 200 19180
58.37.5.200 - - [13/Oct/2022:11:03:37 +0800] "POST /xingrg/kc/base/wldb_list_operate.html HTTP/1.1" 200 4547
101.83.146.154 - - [13/Oct/2022:11:03:38 +0800] "POST /xingrg/kc/mdqp/pssh_order_operate.html HTTP/1.1" 200 37
101.83.146.154 - - [13/Oct/2022:11:03:38 +0800] "POST /xingrg/kc/mdqp/pssh_order_operate.html HTTP/1.1" 200 12
116.238.194.138 - - [13/Oct/2022:11:03:39 +0800] "GET /xingrg/all/function/internal_message.html?_=1665630219415&CODE_STATE=getMsg HTTP/1.1" 200 27
101.83.146.154 - - [13/Oct/2022:11:03:40 +0800] "GET /xingrg/kc/mdqp/pssh_order_info.html?code=312022101100242 HTTP/1.1" 200 14386
101.83.146.154 - - [13/Oct/2022:11:03:40 +0800] "GET /xingrg/javascript/jquery_tools/jquery-1.4.2.min.js HTTP/1.1" 404 1094
58.37.5.200 - - [13/Oct/2022:11:03:40 +0800] "GET /xingrg/kc/buy/buy_main.html HTTP/1.1" 200 12412
58.37.5.200 - - [13/Oct/2022:11:03:40 +0800] "GET /xingrg/css/new_ie.css HTTP/1.1" 404 1036
101.83.146.154 - - [13/Oct/2022:11:03:40 +0800] "POST /xingrg/kc/mdqp/pssh_order_operate.html HTTP/1.1" 200 7988
101.83.146.154 - - [13/Oct/2022:11:03:40 +0800] "GET /xingrg/javascript/easyui/themes/default/validatebox.css HTTP/1.1" 404 1104
58.37.5.200 - - [13/Oct/2022:11:03:41 +0800] "GET /xingrg/images/yd/bt.gif HTTP/1.1" 404 1040
58.37.5.200 - - [13/Oct/2022:11:03:41 +0800] "GET /xingrg/kc/buy/cgsh_order_list.html HTTP/1.1" 200 53245
58.37.5.200 - - [13/Oct/2022:11:03:42 +0800] "POST /xingrg/kc/buy/cgsh_list_operate.html HTTP/1.1" 200 986
101.83.146.154 - - [13/Oct/2022:11:03:43 +0800] "GET /xingrg/kc/print/load_data.html?order_code=312022101100242&kc_code=pssh&condition= HTTP/1.1" 200 3281
58.37.5.200 - - [13/Oct/2022:11:03:44 +0800] "GET /xingrg/kc/buy/buy_main.html HTTP/1.1" 200 12412
58.37.5.200 - - [13/Oct/2022:11:03:44 +0800] "GET /xingrg/css/new_ie.css HTTP/1.1" 404 1036
58.37.5.200 - - [13/Oct/2022:11:03:45 +0800] "GET /xingrg/images/yd/bt.gif HTTP/1.1" 404 1040
58.37.5.200 - - [13/Oct/2022:11:03:46 +0800] "GET /xingrg/kc/buy/cgsh_order_list.html HTTP/1.1" 200 53245
58.37.5.200 - - [13/Oct/2022:11:03:46 +0800] "POST /xingrg/kc/buy/cgsh_list_operate.html HTTP/1.1" 200 986
58.37.5.200 - - [13/Oct/2022:11:03:47 +0800] "GET /xingrg/kc/buy/buy_main.html HTTP/1.1" 200 12412
58.37.5.200 - - [13/Oct/2022:11:03:47 +0800] "GET /xingrg/css/new_ie.css HTTP/1.1" 404 1036
58.37.5.200 - - [13/Oct/2022:11:03:48 +0800] "GET /xingrg/images/yd/bt.gif HTTP/1.1" 404 1040
116.230.114.213 - - [13/Oct/2022:11:03:48 +0800] "GET /xingrg/all/function/internal_message.html?_=1665630242998&CODE_STATE=getMsg HTTP/1.1" 200 27
58.37.5.200 - - [13/Oct/2022:11:03:48 +0800] "GET /xingrg/all/function/internal_message.html?_=1665630231443&CODE_STATE=getMsg HTTP/1.1" 200 27
114.83.219.23 - - [13/Oct/2022:11:03:48 +0800] "GET /xingrg/all/function/internal_message.html?_=1665630227723&CODE_STATE=getMsg HTTP/1.1" 200 27
58.37.5.200 - - [13/Oct/2022:11:03:49 +0800] "GET /xingrg/kc/base/base_main.html HTTP/1.1" 200 12142
114.83.219.23 - - [13/Oct/2022:11:03:49 +0800] "GET /xingrg/check_reg.html?_=1665630228152 HTTP/1.1" 200 22
58.37.5.200 - - [13/Oct/2022:11:03:50 +0800] "GET /xingrg/kc/base/wldb_order_list.html HTTP/1.1" 200 19180
58.37.5.200 - - [13/Oct/2022:11:03:51 +0800] "POST /xingrg/kc/base/wldb_list_operate.html HTTP/1.1" 200 4547
222.70.183.206 - - [13/Oct/2022:11:03:52 +0800] "POST /xingrg/services/DataTransmitService HTTP/1.1" 200 524
180.169.147.146 - - [13/Oct/2022:11:03:52 +0800] "GET /xingrg/all/function/internal_message.html?_=1665630224165&CODE_STATE=getMsg HTTP/1.1" 302 -
180.169.147.146 - - [13/Oct/2022:11:03:52 +0800] "GET /xingrg/login.html HTTP/1.1" 200 7641
58.37.5.200 - - [13/Oct/2022:11:03:53 +0800] "GET /xingrg/all/function/internal_message.html?_=1665630231352&CODE_STATE=getMsg HTTP/1.1" 200 27
58.37.5.200 - - [13/Oct/2022:11:03:54 +0800] "GET /xingrg/kc/buy/buy_main.html HTTP/1.1" 200 12412
58.37.5.200 - - [13/Oct/2022:11:03:54 +0800] "GET /xingrg/css/new_ie.css HTTP/1.1" 404 1036
116.228.172.94 - - [13/Oct/2022:11:03:55 +0800] "GET /xingrg/all/function/internal_message.html?_=1665630230077&CODE_STATE=getMsg HTTP/1.1" 200 27
222.70.183.206 - - [13/Oct/2022:11:03:58 +0800] "GET /xingrg/all/function/internal_message.html?_=1665630237150&CODE_STATE=getMsg HTTP/1.1" 200 27
116.238.194.138 - - [13/Oct/2022:11:04:01 +0800] "GET /xingrg/check_reg.html?_=1665630182374 HTTP/1.1" 200 22
116.238.194.138 - - [13/Oct/2022:11:04:01 +0800] "GET /xingrg/all/function/internal_message.html?_=1665630182945&CODE_STATE=getMsg HTTP/1.1" 200 27
124.79.74.72 - - [13/Oct/2022:11:04:09 +0800] "GET /xingrg/all/function/internal_message.html?_=1665630248493&CODE_STATE=getMsg HTTP/1.1" 200 27
114.83.219.57 - - [13/Oct/2022:11:04:11 +0800] "GET /xingrg/all/function/internal_message.html?_=1665630347084&CODE_STATE=getMsg HTTP/1.1" 200 27
114.88.159.190 - - [13/Oct/2022:11:04:11 +0800] "GET /xingrg/all/function/internal_message.html?_=1665629882485&CODE_STATE=getMsg HTTP/1.1" 200 27
116.230.105.139 - - [13/Oct/2022:11:04:14 +0800] "GET /xingrg/all/function/internal_message.html?_=1665630253811&CODE_STATE=getMsg HTTP/1.1" 200 27
221.239.141.151 - - [13/Oct/2022:11:04:16 +0800] "POST /xingrg/kc/buy/cgsh_order_operate.html HTTP/1.1" 200 37
221.239.141.151 - - [13/Oct/2022:11:04:21 +0800] "POST /xingrg/kc/buy/cgsh_order_operate.html HTTP/1.1" 200 12
124.79.243.136 - - [13/Oct/2022:11:04:21 +0800] "GET /xingrg/all/function/internal_message.html?_=1665630465550&CODE_STATE=getMsg HTTP/1.1" 200 27
101.83.146.154 - - [13/Oct/2022:11:04:22 +0800] "GET /xingrg/all/function/internal_message.html?_=1665630117138&CODE_STATE=getMsg HTTP/1.1" 200 27
221.239.141.151 - - [13/Oct/2022:11:04:24 +0800] "GET /xingrg/kc/buy/cgsh_order_info.html?code=212022101304038 HTTP/1.1" 200 63963
221.239.141.151 - - [13/Oct/2022:11:04:24 +0800] "GET /xingrg/javascript/easyui/themes/default/validatebox.css HTTP/1.1" 404 1104
221.239.141.151 - - [13/Oct/2022:11:04:25 +0800] "POST /xingrg/kc/buy/cgsh_order_operate.html HTTP/1.1" 200 4142
221.239.141.151 - - [13/Oct/2022:11:04:26 +0800] "GET /xingrg/all/function/internal_message.html?_=1665630287454&CODE_STATE=getMsg HTTP/1.1" 200 27
101.83.146.154 - - [13/Oct/2022:11:04:28 +0800] "GET /xingrg/kc/mdqp/pssh_order_list.html?isBack=1 HTTP/1.1" 200 17944
221.239.141.151 - - [13/Oct/2022:11:04:28 +0800] "GET /xingrg/kc/print/load_data.html?order_code=212022101304038&kc_code=cgsh&condition= HTTP/1.1" 200 2076
101.83.146.154 - - [13/Oct/2022:11:04:28 +0800] "POST /xingrg/kc/mdqp/pssh_list_operate.html HTTP/1.1" 200 5361
101.83.146.154 - - [13/Oct/2022:11:04:33 +0800] "GET /xingrg/all/function/internal_message.html?_=1665630275196&CODE_STATE=getMsg HTTP/1.1" 200 27
114.84.81.136 - - [13/Oct/2022:11:04:33 +0800] "GET /xingrg/all/function/internal_message.html?_=1665630275081&CODE_STATE=getMsg HTTP/1.1" 302 -
124.79.74.72 - - [13/Oct/2022:11:04:34 +0800] "GET /xingrg/check_reg.html?_=1665630273635 HTTP/1.1" 200 22
101.83.146.154 - - [13/Oct/2022:11:04:36 +0800] "POST /xingrg/kc/mdqp/pssh_list_operate.html HTTP/1.1" 200 358
101.83.146.154 - - [13/Oct/2022:11:04:36 +0800] "GET /xingrg/kc/mdqp/pssh_order_info.html?code=312022101100263 HTTP/1.1" 200 17293
101.83.146.154 - - [13/Oct/2022:11:04:36 +0800] "GET /xingrg/javascript/jquery_tools/jquery-1.4.2.min.js HTTP/1.1" 404 1094
101.83.146.154 - - [13/Oct/2022:11:04:36 +0800] "POST /xingrg/kc/mdqp/pssh_list_operate.html HTTP/1.1" 200 1574
101.83.146.154 - - [13/Oct/2022:11:04:36 +0800] "GET /xingrg/javascript/easyui/themes/default/validatebox.css HTTP/1.1" 404 1104
101.83.146.154 - - [13/Oct/2022:11:04:36 +0800] "POST /xingrg/kc/mdqp/pssh_order_operate.html HTTP/1.1" 200 1054
116.238.194.138 - - [13/Oct/2022:11:04:39 +0800] "GET /xingrg/all/function/internal_message.html?_=1665630279426&CODE_STATE=getMsg HTTP/1.1" 200 27
101.83.146.154 - - [13/Oct/2022:11:04:45 +0800] "POST /xingrg/all/common/load_combo.html?type=employee HTTP/1.1" 200 356
116.230.114.213 - - [13/Oct/2022:11:04:48 +0800] "GET /xingrg/all/function/internal_message.html?_=1665630303072&CODE_STATE=getMsg HTTP/1.1" 200 27
114.83.219.23 - - [13/Oct/2022:11:04:48 +0800] "GET /xingrg/all/function/internal_message.html?_=1665630287713&CODE_STATE=getMsg HTTP/1.1" 200 27
180.169.147.146 - - [13/Oct/2022:11:04:52 +0800] "GET /xingrg/all/function/internal_message.html?_=1665630284166&CODE_STATE=getMsg HTTP/1.1" 302 -
180.169.147.146 - - [13/Oct/2022:11:04:52 +0800] "GET /xingrg/check_reg.html?_=1665630284167 HTTP/1.1" 302 -
180.169.147.146 - - [13/Oct/2022:11:04:52 +0800] "GET /xingrg/login.html HTTP/1.1" 200 7641
180.169.147.146 - - [13/Oct/2022:11:04:52 +0800] "GET /xingrg/login.html HTTP/1.1" 200 7641
58.37.5.200 - - [13/Oct/2022:11:04:53 +0800] "GET /xingrg/all/function/internal_message.html?_=1665630291328&CODE_STATE=getMsg HTTP/1.1" 200 27
101.83.146.154 - - [13/Oct/2022:11:04:53 +0800] "POST /xingrg/kc/mdqp/pssh_order_operate.html HTTP/1.1" 200 37
101.83.146.154 - - [13/Oct/2022:11:04:54 +0800] "POST /xingrg/kc/mdqp/pssh_order_operate.html HTTP/1.1" 200 12
101.83.146.154 - - [13/Oct/2022:11:04:55 +0800] "GET /xingrg/kc/mdqp/pssh_order_info.html?code=312022101100263 HTTP/1.1" 200 14382
101.83.146.154 - - [13/Oct/2022:11:04:55 +0800] "GET /xingrg/javascript/jquery_tools/jquery-1.4.2.min.js HTTP/1.1" 404 1094
116.228.172.94 - - [13/Oct/2022:11:04:55 +0800] "GET /xingrg/all/function/internal_message.html?_=1665630290076&CODE_STATE=getMsg HTTP/1.1" 200 27
101.83.146.154 - - [13/Oct/2022:11:04:56 +0800] "POST /xingrg/kc/mdqp/pssh_order_operate.html HTTP/1.1" 200 1054
101.83.146.154 - - [13/Oct/2022:11:04:56 +0800] "GET /xingrg/javascript/easyui/themes/default/validatebox.css HTTP/1.1" 404 1104
101.83.146.154 - - [13/Oct/2022:11:04:58 +0800] "GET /xingrg/kc/print/load_data.html?order_code=312022101100263&kc_code=pssh&condition= HTTP/1.1" 200 825
222.70.183.206 - - [13/Oct/2022:11:04:58 +0800] "GET /xingrg/all/function/internal_message.html?_=1665630297141&CODE_STATE=getMsg HTTP/1.1" 200 27
172.20.0.100 - - [13/Oct/2022:11:05:00 +0800] "GET /xingrg/check_reg.html?_=1665630299946 HTTP/1.1" 200 22
116.238.194.138 - - [13/Oct/2022:11:05:01 +0800] "GET /xingrg/all/function/internal_message.html?_=1665630243092&CODE_STATE=getMsg HTTP/1.1" 200 27
124.79.74.72 - - [13/Oct/2022:11:05:09 +0800] "GET /xingrg/all/function/internal_message.html?_=1665630308465&CODE_STATE=getMsg HTTP/1.1" 200 27
114.83.219.57 - - [13/Oct/2022:11:05:11 +0800] "GET /xingrg/all/function/internal_message.html?_=1665630407088&CODE_STATE=getMsg HTTP/1.1" 200 27
114.88.159.190 - - [13/Oct/2022:11:05:11 +0800] "GET /xingrg/all/function/internal_message.html?_=1665629942456&CODE_STATE=getMsg HTTP/1.1" 200 27
116.230.105.139 - - [13/Oct/2022:11:05:14 +0800] "GET /xingrg/all/function/internal_message.html?_=1665630313805&CODE_STATE=getMsg HTTP/1.1" 200 27
124.79.243.136 - - [13/Oct/2022:11:05:21 +0800] "GET /xingrg/all/function/internal_message.html?_=1665630525532&CODE_STATE=getMsg HTTP/1.1" 200 27
101.83.146.154 - - [13/Oct/2022:11:05:22 +0800] "GET /xingrg/all/function/internal_message.html?_=1665630177111&CODE_STATE=getMsg HTTP/1.1" 200 27
101.83.146.154 - - [13/Oct/2022:11:05:25 +0800] "GET /xingrg/kc/mdqp/pssh_order_list.html?isBack=1 HTTP/1.1" 200 17944
101.83.146.154 - - [13/Oct/2022:11:05:25 +0800] "POST /xingrg/kc/mdqp/pssh_list_operate.html HTTP/1.1" 200 5386
221.239.141.151 - - [13/Oct/2022:11:05:26 +0800] "GET /xingrg/all/function/internal_message.html?_=1665630347481&CODE_STATE=getMsg HTTP/1.1" 200 27
101.83.146.154 - - [13/Oct/2022:11:05:32 +0800] "POST /xingrg/kc/mdqp/pssh_list_operate.html HTTP/1.1" 200 268
101.83.146.154 - - [13/Oct/2022:11:05:33 +0800] "GET /xingrg/all/function/internal_message.html?_=1665630335178&CODE_STATE=getMsg HTTP/1.1" 200 27
101.83.146.154 - - [13/Oct/2022:11:05:33 +0800] "POST /xingrg/kc/mdqp/pssh_list_operate.html HTTP/1.1" 200 1574
101.83.146.154 - - [13/Oct/2022:11:05:33 +0800] "GET /xingrg/kc/mdqp/pssh_order_info.html?code=312022101100246 HTTP/1.1" 200 17266
101.83.146.154 - - [13/Oct/2022:11:05:33 +0800] "GET /xingrg/javascript/jquery_tools/jquery-1.4.2.min.js HTTP/1.1" 404 1094
101.83.146.154 - - [13/Oct/2022:11:05:33 +0800] "POST /xingrg/kc/mdqp/pssh_order_operate.html HTTP/1.1" 200 539
101.83.146.154 - - [13/Oct/2022:11:05:33 +0800] "GET /xingrg/javascript/easyui/themes/default/validatebox.css HTTP/1.1" 404 1104
116.238.194.138 - - [13/Oct/2022:11:05:39 +0800] "GET /xingrg/check_reg.html?_=1665630339432 HTTP/1.1" 200 22
116.238.194.138 - - [13/Oct/2022:11:05:39 +0800] "GET /xingrg/all/function/internal_message.html?_=1665630339436&CODE_STATE=getMsg HTTP/1.1" 200 27
120.253.135.82 - - [13/Oct/2022:11:05:42 +0800] "GET /xingrg/check_reg.html?_=1665630137551 HTTP/1.1" 200 22
221.239.141.151 - - [13/Oct/2022:11:05:47 +0800] "GET /xingrg/check_reg.html?_=1665630349053 HTTP/1.1" 200 22
116.230.114.213 - - [13/Oct/2022:11:05:48 +0800] "GET /xingrg/all/function/internal_message.html?_=1665630363072&CODE_STATE=getMsg HTTP/1.1" 200 27
114.83.219.23 - - [13/Oct/2022:11:05:48 +0800] "GET /xingrg/all/function/internal_message.html?_=1665630347702&CODE_STATE=getMsg HTTP/1.1" 200 27
101.83.146.154 - - [13/Oct/2022:11:05:50 +0800] "POST /xingrg/all/common/load_combo.html?type=employee HTTP/1.1" 200 356
180.169.147.146 - - [13/Oct/2022:11:05:52 +0800] "GET /xingrg/all/function/internal_message.html?_=1665630344168&CODE_STATE=getMsg HTTP/1.1" 302 -
180.169.147.146 - - [13/Oct/2022:11:05:52 +0800] "GET /xingrg/login.html HTTP/1.1" 200 7641
58.37.5.200 - - [13/Oct/2022:11:05:53 +0800] "GET /xingrg/all/function/internal_message.html?_=1665630351298&CODE_STATE=getMsg HTTP/1.1" 200 27
116.228.172.94 - - [13/Oct/2022:11:05:55 +0800] "GET /xingrg/all/function/internal_message.html?_=1665630350071&CODE_STATE=getMsg HTTP/1.1" 200 27
101.83.146.154 - - [13/Oct/2022:11:05:57 +0800] "POST /xingrg/kc/mdqp/pssh_order_operate.html HTTP/1.1" 200 37
101.83.146.154 - - [13/Oct/2022:11:05:58 +0800] "POST /xingrg/kc/mdqp/pssh_order_operate.html HTTP/1.1" 200 12
222.70.183.206 - - [13/Oct/2022:11:05:58 +0800] "GET /xingrg/check_reg.html?_=1665630357140 HTTP/1.1" 200 22
222.70.183.206 - - [13/Oct/2022:11:05:58 +0800] "GET /xingrg/all/function/internal_message.html?_=1665630357143&CODE_STATE=getMsg HTTP/1.1" 200 27
101.83.146.154 - - [13/Oct/2022:11:06:00 +0800] "GET /xingrg/kc/mdqp/pssh_order_info.html?code=312022101100246 HTTP/1.1" 200 14382
101.83.146.154 - - [13/Oct/2022:11:06:00 +0800] "GET /xingrg/javascript/jquery_tools/jquery-1.4.2.min.js HTTP/1.1" 404 1094
101.83.146.154 - - [13/Oct/2022:11:06:00 +0800] "POST /xingrg/kc/mdqp/pssh_order_operate.html HTTP/1.1" 200 539
101.83.146.154 - - [13/Oct/2022:11:06:00 +0800] "GET /xingrg/javascript/easyui/themes/default/validatebox.css HTTP/1.1" 404 1104
116.238.194.138 - - [13/Oct/2022:11:06:01 +0800] "GET /xingrg/all/function/internal_message.html?_=1665630303099&CODE_STATE=getMsg HTTP/1.1" 200 27
101.83.146.154 - - [13/Oct/2022:11:06:03 +0800] "GET /xingrg/kc/print/load_data.html?order_code=312022101100246&kc_code=pssh&condition= HTTP/1.1" 200 680
124.79.74.72 - - [13/Oct/2022:11:06:09 +0800] "GET /xingrg/all/function/internal_message.html?_=1665630368449&CODE_STATE=getMsg HTTP/1.1" 200 27
114.83.219.57 - - [13/Oct/2022:11:06:11 +0800] "GET /xingrg/all/function/internal_message.html?_=1665630467084&CODE_STATE=getMsg HTTP/1.1" 200 27
114.88.159.190 - - [13/Oct/2022:11:06:11 +0800] "GET /xingrg/all/function/internal_message.html?_=1665630002428&CODE_STATE=getMsg HTTP/1.1" 200 27
116.230.105.139 - - [13/Oct/2022:11:06:14 +0800] "GET /xingrg/all/function/internal_message.html?_=1665630373803&CODE_STATE=getMsg HTTP/1.1" 200 27
124.79.243.136 - - [13/Oct/2022:11:06:21 +0800] "GET /xingrg/all/function/internal_message.html?_=1665630585514&CODE_STATE=getMsg HTTP/1.1" 200 27
101.83.146.154 - - [13/Oct/2022:11:06:22 +0800] "GET /xingrg/check_reg.html?_=1665630236764 HTTP/1.1" 200 22
101.83.146.154 - - [13/Oct/2022:11:06:22 +0800] "GET /xingrg/all/function/internal_message.html?_=1665630237094&CODE_STATE=getMsg HTTP/1.1" 200 27
221.239.141.151 - - [13/Oct/2022:11:06:26 +0800] "GET /xingrg/check_reg.html?_=1665630407486 HTTP/1.1" 200 22
221.239.141.151 - - [13/Oct/2022:11:06:26 +0800] "GET /xingrg/all/function/internal_message.html?_=1665630407482&CODE_STATE=getMsg HTTP/1.1" 200 27
101.83.146.154 - - [13/Oct/2022:11:06:33 +0800] "GET /xingrg/all/function/internal_message.html?_=1665630395149&CODE_STATE=getMsg HTTP/1.1" 200 27
101.83.146.154 - - [13/Oct/2022:11:06:35 +0800] "GET /xingrg/check_reg.html?_=1665630398114 HTTP/1.1" 200 22
116.238.194.138 - - [13/Oct/2022:11:06:39 +0800] "GET /xingrg/all/function/internal_message.html?_=1665630399436&CODE_STATE=getMsg HTTP/1.1" 200 27
114.84.81.136 - - [13/Oct/2022:11:06:46 +0800] "GET /xingrg/check_reg.html?_=1665630407374 HTTP/1.1" 302 -
114.84.81.136 - - [13/Oct/2022:11:06:46 +0800] "GET /xingrg/all/function/internal_message.html?_=1665630407374&CODE_STATE=getMsg HTTP/1.1" 302 -
116.230.114.213 - - [13/Oct/2022:11:06:47 +0800] "GET /xingrg/check_reg.html?_=1665630421370 HTTP/1.1" 200 22
116.230.114.213 - - [13/Oct/2022:11:06:48 +0800] "GET /xingrg/all/function/internal_message.html?_=1665630423089&CODE_STATE=getMsg HTTP/1.1" 200 27
114.83.219.23 - - [13/Oct/2022:11:06:48 +0800] "GET /xingrg/all/function/internal_message.html?_=1665630407687&CODE_STATE=getMsg HTTP/1.1" 200 27
101.83.146.154 - - [13/Oct/2022:11:06:49 +0800] "GET /xingrg/kc/base/base_main.html HTTP/1.1" 200 12142
