114.88.159.190 - - [13/Oct/2022:10:14:12 +0800] "GET /xingrg/all/function/internal_message.html?_=1665626883102&CODE_STATE=getMsg HTTP/1.1" 200 27
114.88.159.190 - - [13/Oct/2022:10:14:12 +0800] "GET /xingrg/kc/print/load_config.html?kc_code=cgsh HTTP/1.1" 200 1943
114.88.159.190 - - [13/Oct/2022:10:14:12 +0800] "GET /xingrg/kc/print/load_data.html?order_code=212022101304017&kc_code=cgsh&condition= HTTP/1.1" 200 698
116.230.105.139 - - [13/Oct/2022:10:14:14 +0800] "GET /xingrg/all/function/internal_message.html?_=1665627253801&CODE_STATE=getMsg HTTP/1.1" 200 27
221.239.141.151 - - [13/Oct/2022:10:14:16 +0800] "GET /xingrg/check_reg.html?_=1665627257696 HTTP/1.1" 200 22
221.239.141.151 - - [13/Oct/2022:10:14:16 +0800] "GET /xingrg/all/function/internal_message.html?_=1665627257697&CODE_STATE=getMsg HTTP/1.1" 200 27
124.79.243.136 - - [13/Oct/2022:10:14:21 +0800] "GET /xingrg/all/function/internal_message.html?_=1665627465403&CODE_STATE=getMsg HTTP/1.1" 200 27
101.83.146.154 - - [13/Oct/2022:10:14:22 +0800] "GET /xingrg/all/function/internal_message.html?_=1665627116695&CODE_STATE=getMsg HTTP/1.1" 200 27
114.83.219.57 - - [13/Oct/2022:10:14:27 +0800] "GET /xingrg/all/function/internal_message.html?_=1665627363375&CODE_STATE=getMsg HTTP/1.1" 200 27
101.83.146.154 - - [13/Oct/2022:10:14:34 +0800] "GET /xingrg/all/function/internal_message.html?_=1665627276391&CODE_STATE=getMsg HTTP/1.1" 200 27
124.79.74.72 - - [13/Oct/2022:10:14:34 +0800] "GET /xingrg/check_reg.html?_=1665627273636 HTTP/1.1" 200 22
116.230.114.213 - - [13/Oct/2022:10:14:47 +0800] "GET /xingrg/all/function/internal_message.html?_=1665627301953&CODE_STATE=getMsg HTTP/1.1" 200 27
114.83.219.23 - - [13/Oct/2022:10:14:49 +0800] "GET /xingrg/all/function/internal_message.html?_=1665627288065&CODE_STATE=getMsg HTTP/1.1" 200 27
116.228.172.94 - - [13/Oct/2022:10:14:56 +0800] "GET /xingrg/all/function/internal_message.html?_=1665627290683&CODE_STATE=getMsg HTTP/1.1" 200 27
222.70.183.206 - - [13/Oct/2022:10:14:58 +0800] "GET /xingrg/all/function/internal_message.html?_=1665627297082&CODE_STATE=getMsg HTTP/1.1" 200 27
172.20.0.100 - - [13/Oct/2022:10:15:01 +0800] "GET /xingrg/check_reg.html?_=1665627300211 HTTP/1.1" 200 22
116.238.194.138 - - [13/Oct/2022:10:15:06 +0800] "GET /xingrg/all/function/internal_message.html?_=1665627248208&CODE_STATE=getMsg HTTP/1.1" 200 27
116.238.194.138 - - [13/Oct/2022:10:15:08 +0800] "GET /xingrg/all/function/internal_message.html?_=1665627308791&CODE_STATE=getMsg HTTP/1.1" 200 27
124.79.74.72 - - [13/Oct/2022:10:15:10 +0800] "GET /xingrg/all/function/internal_message.html?_=1665627309543&CODE_STATE=getMsg HTTP/1.1" 200 27
114.88.159.190 - - [13/Oct/2022:10:15:12 +0800] "GET /xingrg/all/function/internal_message.html?_=1665626943072&CODE_STATE=getMsg HTTP/1.1" 200 27
116.230.105.139 - - [13/Oct/2022:10:15:14 +0800] "GET /xingrg/all/function/internal_message.html?_=1665627313812&CODE_STATE=getMsg HTTP/1.1" 200 27
221.239.141.151 - - [13/Oct/2022:10:15:16 +0800] "GET /xingrg/all/function/internal_message.html?_=1665627317708&CODE_STATE=getMsg HTTP/1.1" 200 27
124.79.243.136 - - [13/Oct/2022:10:15:21 +0800] "GET /xingrg/all/function/internal_message.html?_=1665627525401&CODE_STATE=getMsg HTTP/1.1" 200 27
101.83.146.154 - - [13/Oct/2022:10:15:22 +0800] "GET /xingrg/all/function/internal_message.html?_=1665627176695&CODE_STATE=getMsg HTTP/1.1" 200 27
114.83.219.57 - - [13/Oct/2022:10:15:27 +0800] "GET /xingrg/all/function/internal_message.html?_=1665627423377&CODE_STATE=getMsg HTTP/1.1" 200 27
114.83.219.57 - - [13/Oct/2022:10:15:27 +0800] "GET /xingrg/check_reg.html?_=1665627423379 HTTP/1.1" 200 22
101.83.146.154 - - [13/Oct/2022:10:15:34 +0800] "GET /xingrg/all/function/internal_message.html?_=1665627336361&CODE_STATE=getMsg HTTP/1.1" 200 27
116.230.114.213 - - [13/Oct/2022:10:15:47 +0800] "GET /xingrg/all/function/internal_message.html?_=1665627361958&CODE_STATE=getMsg HTTP/1.1" 200 27
114.83.219.23 - - [13/Oct/2022:10:15:49 +0800] "GET /xingrg/all/function/internal_message.html?_=1665627348064&CODE_STATE=getMsg HTTP/1.1" 200 27
116.228.172.94 - - [13/Oct/2022:10:15:56 +0800] "GET /xingrg/all/function/internal_message.html?_=1665627350661&CODE_STATE=getMsg HTTP/1.1" 200 27
222.70.183.206 - - [13/Oct/2022:10:15:58 +0800] "GET /xingrg/check_reg.html?_=1665627357082 HTTP/1.1" 200 22
222.70.183.206 - - [13/Oct/2022:10:15:58 +0800] "GET /xingrg/all/function/internal_message.html?_=1665627357085&CODE_STATE=getMsg HTTP/1.1" 200 27
114.84.81.136 - - [13/Oct/2022:10:16:03 +0800] "GET /xingrg/all/function/internal_message.html?_=1665627364524&CODE_STATE=getMsg HTTP/1.1" 302 -
116.238.194.138 - - [13/Oct/2022:10:16:07 +0800] "GET /xingrg/all/function/internal_message.html?_=1665627308225&CODE_STATE=getMsg HTTP/1.1" 200 27
116.238.194.138 - - [13/Oct/2022:10:16:08 +0800] "GET /xingrg/check_reg.html?_=1665627368791 HTTP/1.1" 200 22
116.238.194.138 - - [13/Oct/2022:10:16:08 +0800] "GET /xingrg/all/function/internal_message.html?_=1665627368798&CODE_STATE=getMsg HTTP/1.1" 200 27
124.79.74.72 - - [13/Oct/2022:10:16:10 +0800] "GET /xingrg/all/function/internal_message.html?_=1665627369529&CODE_STATE=getMsg HTTP/1.1" 200 27
114.88.159.190 - - [13/Oct/2022:10:16:12 +0800] "GET /xingrg/all/function/internal_message.html?_=1665627003093&CODE_STATE=getMsg HTTP/1.1" 200 27
116.230.105.139 - - [13/Oct/2022:10:16:14 +0800] "GET /xingrg/all/function/internal_message.html?_=1665627373814&CODE_STATE=getMsg HTTP/1.1" 200 27
221.239.141.151 - - [13/Oct/2022:10:16:16 +0800] "GET /xingrg/all/function/internal_message.html?_=1665627377694&CODE_STATE=getMsg HTTP/1.1" 200 27
124.79.243.136 - - [13/Oct/2022:10:16:21 +0800] "GET /xingrg/all/function/internal_message.html?_=1665627585415&CODE_STATE=getMsg HTTP/1.1" 200 27
101.83.146.154 - - [13/Oct/2022:10:16:22 +0800] "GET /xingrg/check_reg.html?_=1665627236693 HTTP/1.1" 200 22
101.83.146.154 - - [13/Oct/2022:10:16:22 +0800] "GET /xingrg/all/function/internal_message.html?_=1665627236694&CODE_STATE=getMsg HTTP/1.1" 200 27
114.83.219.57 - - [13/Oct/2022:10:16:27 +0800] "GET /xingrg/all/function/internal_message.html?_=1665627483391&CODE_STATE=getMsg HTTP/1.1" 200 27
101.83.146.154 - - [13/Oct/2022:10:16:34 +0800] "GET /xingrg/all/function/internal_message.html?_=1665627396329&CODE_STATE=getMsg HTTP/1.1" 200 27
101.83.146.154 - - [13/Oct/2022:10:16:35 +0800] "GET /xingrg/check_reg.html?_=1665627398048 HTTP/1.1" 200 22
116.230.114.213 - - [13/Oct/2022:10:16:46 +0800] "GET /xingrg/check_reg.html?_=1665627421044 HTTP/1.1" 200 22
116.230.114.213 - - [13/Oct/2022:10:16:47 +0800] "GET /xingrg/all/function/internal_message.html?_=1665627421969&CODE_STATE=getMsg HTTP/1.1" 200 27
114.83.219.23 - - [13/Oct/2022:10:16:49 +0800] "GET /xingrg/all/function/internal_message.html?_=1665627408091&CODE_STATE=getMsg HTTP/1.1" 200 27
116.228.172.94 - - [13/Oct/2022:10:16:56 +0800] "GET /xingrg/all/function/internal_message.html?_=1665627410637&CODE_STATE=getMsg HTTP/1.1" 200 27
222.70.183.206 - - [13/Oct/2022:10:16:58 +0800] "GET /xingrg/all/function/internal_message.html?_=1665627417084&CODE_STATE=getMsg HTTP/1.1" 200 27
116.238.194.138 - - [13/Oct/2022:10:17:07 +0800] "GET /xingrg/all/function/internal_message.html?_=1665627368238&CODE_STATE=getMsg HTTP/1.1" 200 27
116.238.194.138 - - [13/Oct/2022:10:17:08 +0800] "GET /xingrg/all/function/internal_message.html?_=1665627428784&CODE_STATE=getMsg HTTP/1.1" 200 27
124.79.74.72 - - [13/Oct/2022:10:17:10 +0800] "GET /xingrg/all/function/internal_message.html?_=1665627429499&CODE_STATE=getMsg HTTP/1.1" 200 27
114.88.159.190 - - [13/Oct/2022:10:17:12 +0800] "GET /xingrg/all/function/internal_message.html?_=1665627063077&CODE_STATE=getMsg HTTP/1.1" 200 27
116.230.105.139 - - [13/Oct/2022:10:17:14 +0800] "GET /xingrg/all/function/internal_message.html?_=1665627433815&CODE_STATE=getMsg HTTP/1.1" 200 27
221.239.141.151 - - [13/Oct/2022:10:17:16 +0800] "GET /xingrg/all/function/internal_message.html?_=1665627437701&CODE_STATE=getMsg HTTP/1.1" 200 27
124.79.243.136 - - [13/Oct/2022:10:17:21 +0800] "GET /xingrg/check_reg.html?_=1665627645413 HTTP/1.1" 200 22
124.79.243.136 - - [13/Oct/2022:10:17:21 +0800] "GET /xingrg/all/function/internal_message.html?_=1665627645414&CODE_STATE=getMsg HTTP/1.1" 200 27
101.83.146.154 - - [13/Oct/2022:10:17:22 +0800] "GET /xingrg/all/function/internal_message.html?_=1665627296693&CODE_STATE=getMsg HTTP/1.1" 200 27
114.83.219.57 - - [13/Oct/2022:10:17:27 +0800] "GET /xingrg/all/function/internal_message.html?_=1665627543391&CODE_STATE=getMsg HTTP/1.1" 200 27
101.83.146.154 - - [13/Oct/2022:10:17:34 +0800] "GET /xingrg/all/function/internal_message.html?_=1665627456300&CODE_STATE=getMsg HTTP/1.1" 200 27
116.230.114.213 - - [13/Oct/2022:10:17:47 +0800] "GET /xingrg/all/function/internal_message.html?_=1665627481984&CODE_STATE=getMsg HTTP/1.1" 200 27
114.83.219.23 - - [13/Oct/2022:10:17:49 +0800] "GET /xingrg/all/function/internal_message.html?_=1665627468081&CODE_STATE=getMsg HTTP/1.1" 200 27
116.228.172.94 - - [13/Oct/2022:10:17:56 +0800] "GET /xingrg/all/function/internal_message.html?_=1665627470613&CODE_STATE=getMsg HTTP/1.1" 200 27
116.228.172.94 - - [13/Oct/2022:10:17:56 +0800] "GET /xingrg/check_reg.html?_=1665627470891 HTTP/1.1" 200 22
222.70.183.206 - - [13/Oct/2022:10:17:58 +0800] "GET /xingrg/all/function/internal_message.html?_=1665627477084&CODE_STATE=getMsg HTTP/1.1" 200 27
120.253.135.82 - - [13/Oct/2022:10:18:01 +0800] "GET /xingrg/check_reg.html?_=1665627277617 HTTP/1.1" 200 22
116.238.194.138 - - [13/Oct/2022:10:18:07 +0800] "GET /xingrg/all/function/internal_message.html?_=1665627428249&CODE_STATE=getMsg HTTP/1.1" 200 27
116.238.194.138 - - [13/Oct/2022:10:18:08 +0800] "GET /xingrg/all/function/internal_message.html?_=1665627488814&CODE_STATE=getMsg HTTP/1.1" 200 27
124.79.74.72 - - [13/Oct/2022:10:18:10 +0800] "GET /xingrg/all/function/internal_message.html?_=1665627489485&CODE_STATE=getMsg HTTP/1.1" 200 27
114.88.159.190 - - [13/Oct/2022:10:18:12 +0800] "GET /xingrg/check_reg.html?_=1665627123084 HTTP/1.1" 200 22
114.88.159.190 - - [13/Oct/2022:10:18:12 +0800] "GET /xingrg/all/function/internal_message.html?_=1665627123085&CODE_STATE=getMsg HTTP/1.1" 200 27
116.230.105.139 - - [13/Oct/2022:10:18:14 +0800] "GET /xingrg/check_reg.html?_=1665627493816 HTTP/1.1" 200 22
116.230.105.139 - - [13/Oct/2022:10:18:14 +0800] "GET /xingrg/all/function/internal_message.html?_=1665627493817&CODE_STATE=getMsg HTTP/1.1" 200 27
114.84.81.136 - - [13/Oct/2022:10:18:15 +0800] "GET /xingrg/all/function/internal_message.html?_=1665627496850&CODE_STATE=getMsg HTTP/1.1" 302 -
221.239.141.151 - - [13/Oct/2022:10:18:16 +0800] "GET /xingrg/all/function/internal_message.html?_=1665627497691&CODE_STATE=getMsg HTTP/1.1" 200 27
124.79.243.136 - - [13/Oct/2022:10:18:21 +0800] "GET /xingrg/all/function/internal_message.html?_=1665627705412&CODE_STATE=getMsg HTTP/1.1" 200 27
101.83.146.154 - - [13/Oct/2022:10:18:22 +0800] "GET /xingrg/all/function/internal_message.html?_=1665627356692&CODE_STATE=getMsg HTTP/1.1" 200 27
114.83.219.57 - - [13/Oct/2022:10:18:27 +0800] "GET /xingrg/all/function/internal_message.html?_=1665627603384&CODE_STATE=getMsg HTTP/1.1" 200 27
101.83.146.154 - - [13/Oct/2022:10:18:34 +0800] "GET /xingrg/all/function/internal_message.html?_=1665627516270&CODE_STATE=getMsg HTTP/1.1" 200 27
116.230.114.213 - - [13/Oct/2022:10:18:47 +0800] "GET /xingrg/all/function/internal_message.html?_=1665627541997&CODE_STATE=getMsg HTTP/1.1" 200 27
114.83.219.23 - - [13/Oct/2022:10:18:49 +0800] "GET /xingrg/all/function/internal_message.html?_=1665627528085&CODE_STATE=getMsg HTTP/1.1" 200 27
114.83.219.23 - - [13/Oct/2022:10:18:49 +0800] "GET /xingrg/check_reg.html?_=1665627528090 HTTP/1.1" 200 22
180.171.133.198 - - [13/Oct/2022:10:18:50 +0800] "GET /favicon.ico HTTP/1.1" 404 -
116.228.172.94 - - [13/Oct/2022:10:18:56 +0800] "GET /xingrg/all/function/internal_message.html?_=1665627530594&CODE_STATE=getMsg HTTP/1.1" 200 27
222.70.183.206 - - [13/Oct/2022:10:18:58 +0800] "GET /xingrg/all/function/internal_message.html?_=1665627537086&CODE_STATE=getMsg HTTP/1.1" 200 27
116.238.194.138 - - [13/Oct/2022:10:19:06 +0800] "GET /xingrg/check_reg.html?_=1665627487905 HTTP/1.1" 200 22
116.238.194.138 - - [13/Oct/2022:10:19:07 +0800] "GET /xingrg/all/function/internal_message.html?_=1665627488263&CODE_STATE=getMsg HTTP/1.1" 200 27
116.238.194.138 - - [13/Oct/2022:10:19:08 +0800] "GET /xingrg/all/function/internal_message.html?_=1665627548814&CODE_STATE=getMsg HTTP/1.1" 200 27
124.79.74.72 - - [13/Oct/2022:10:19:10 +0800] "GET /xingrg/all/function/internal_message.html?_=1665627549470&CODE_STATE=getMsg HTTP/1.1" 200 27
114.88.159.190 - - [13/Oct/2022:10:19:12 +0800] "GET /xingrg/all/function/internal_message.html?_=1665627183071&CODE_STATE=getMsg HTTP/1.1" 200 27
116.230.105.139 - - [13/Oct/2022:10:19:14 +0800] "GET /xingrg/all/function/internal_message.html?_=1665627553812&CODE_STATE=getMsg HTTP/1.1" 200 27
221.239.141.151 - - [13/Oct/2022:10:19:16 +0800] "GET /xingrg/all/function/internal_message.html?_=1665627557701&CODE_STATE=getMsg HTTP/1.1" 200 27
221.239.141.151 - - [13/Oct/2022:10:19:16 +0800] "GET /xingrg/check_reg.html?_=1665627557701 HTTP/1.1" 200 22
124.79.243.136 - - [13/Oct/2022:10:19:21 +0800] "GET /xingrg/all/function/internal_message.html?_=1665627765437&CODE_STATE=getMsg HTTP/1.1" 200 27
101.83.146.154 - - [13/Oct/2022:10:19:22 +0800] "GET /xingrg/all/function/internal_message.html?_=1665627416691&CODE_STATE=getMsg HTTP/1.1" 200 27
114.83.219.57 - - [13/Oct/2022:10:19:27 +0800] "GET /xingrg/all/function/internal_message.html?_=1665627663390&CODE_STATE=getMsg HTTP/1.1" 200 27
101.83.146.154 - - [13/Oct/2022:10:19:34 +0800] "GET /xingrg/all/function/internal_message.html?_=1665627576243&CODE_STATE=getMsg HTTP/1.1" 200 27
124.79.74.72 - - [13/Oct/2022:10:19:34 +0800] "GET /xingrg/check_reg.html?_=1665627573643 HTTP/1.1" 200 22
116.230.114.213 - - [13/Oct/2022:10:19:47 +0800] "GET /xingrg/all/function/internal_message.html?_=1665627602036&CODE_STATE=getMsg HTTP/1.1" 200 27
114.83.219.23 - - [13/Oct/2022:10:19:49 +0800] "GET /xingrg/all/function/internal_message.html?_=1665627588088&CODE_STATE=getMsg HTTP/1.1" 200 27
116.228.172.94 - - [13/Oct/2022:10:19:56 +0800] "GET /xingrg/all/function/internal_message.html?_=1665627590575&CODE_STATE=getMsg HTTP/1.1" 200 27
222.70.183.206 - - [13/Oct/2022:10:19:58 +0800] "GET /xingrg/all/function/internal_message.html?_=1665627597085&CODE_STATE=getMsg HTTP/1.1" 200 27
172.20.0.100 - - [13/Oct/2022:10:20:01 +0800] "GET /xingrg/check_reg.html?_=1665627600182 HTTP/1.1" 200 22
116.238.194.138 - - [13/Oct/2022:10:20:07 +0800] "GET /xingrg/all/function/internal_message.html?_=1665627548276&CODE_STATE=getMsg HTTP/1.1" 200 27
116.238.194.138 - - [13/Oct/2022:10:20:08 +0800] "GET /xingrg/all/function/internal_message.html?_=1665627608815&CODE_STATE=getMsg HTTP/1.1" 200 27
124.79.74.72 - - [13/Oct/2022:10:20:10 +0800] "GET /xingrg/all/function/internal_message.html?_=1665627609457&CODE_STATE=getMsg HTTP/1.1" 200 27
114.88.159.190 - - [13/Oct/2022:10:20:12 +0800] "GET /xingrg/all/function/internal_message.html?_=1665627243074&CODE_STATE=getMsg HTTP/1.1" 200 27
116.230.105.139 - - [13/Oct/2022:10:20:14 +0800] "GET /xingrg/all/function/internal_message.html?_=1665627613815&CODE_STATE=getMsg HTTP/1.1" 200 27
221.239.141.151 - - [13/Oct/2022:10:20:16 +0800] "GET /xingrg/all/function/internal_message.html?_=1665627617693&CODE_STATE=getMsg HTTP/1.1" 200 27
124.79.243.136 - - [13/Oct/2022:10:20:21 +0800] "GET /xingrg/all/function/internal_message.html?_=1665627825437&CODE_STATE=getMsg HTTP/1.1" 200 27
101.83.146.154 - - [13/Oct/2022:10:20:22 +0800] "GET /xingrg/all/function/internal_message.html?_=1665627476691&CODE_STATE=getMsg HTTP/1.1" 200 27
114.83.219.57 - - [13/Oct/2022:10:20:27 +0800] "GET /xingrg/check_reg.html?_=1665627723383 HTTP/1.1" 200 22
114.83.219.57 - - [13/Oct/2022:10:20:27 +0800] "GET /xingrg/all/function/internal_message.html?_=1665627723385&CODE_STATE=getMsg HTTP/1.1" 200 27
114.84.81.136 - - [13/Oct/2022:10:20:27 +0800] "GET /xingrg/all/function/internal_message.html?_=1665627629140&CODE_STATE=getMsg HTTP/1.1" 302 -
101.83.146.154 - - [13/Oct/2022:10:20:34 +0800] "GET /xingrg/all/function/internal_message.html?_=1665627636222&CODE_STATE=getMsg HTTP/1.1" 200 27
116.238.194.138 - - [13/Oct/2022:10:20:38 +0800] "POST /xingrg/all/user/operate.html HTTP/1.1" 200 36
116.238.194.138 - - [13/Oct/2022:10:20:38 +0800] "GET /xingrg/javascript/jquery_easy_ui/themes/default/easyui.css HTTP/1.1" 304 -
116.238.194.138 - - [13/Oct/2022:10:20:38 +0800] "GET /xingrg/javascript/jquery_easy_ui/themes/icon.css HTTP/1.1" 304 -
116.238.194.138 - - [13/Oct/2022:10:20:38 +0800] "GET /xingrg/css/form.css HTTP/1.1" 304 -
116.238.194.138 - - [13/Oct/2022:10:20:38 +0800] "GET /xingrg/javascript/jquery-1.4.2.min.js HTTP/1.1" 304 -
116.238.194.138 - - [13/Oct/2022:10:20:38 +0800] "GET /xingrg/javascript/jquery_easy_ui/jquery.easyui.min.js HTTP/1.1" 304 -
116.238.194.138 - - [13/Oct/2022:10:20:38 +0800] "GET /xingrg/javascript/jquery_easy_ui/easyui-lang-zh_CN.js HTTP/1.1" 304 -
116.238.194.138 - - [13/Oct/2022:10:20:38 +0800] "GET /xingrg/javascript/jquery.form.js HTTP/1.1" 304 -
116.238.194.138 - - [13/Oct/2022:10:20:38 +0800] "GET /xingrg/javascript/jquery.utils.js HTTP/1.1" 304 -
116.238.194.138 - - [13/Oct/2022:10:20:38 +0800] "GET /xingrg/javascript/jquery.timers.js HTTP/1.1" 304 -
116.238.194.138 - - [13/Oct/2022:10:20:38 +0800] "GET /xingrg/images/blue/jxLogo.png HTTP/1.1" 304 -
116.238.194.138 - - [13/Oct/2022:10:20:38 +0800] "GET /xingrg/images/blue/navBackgound.jpg HTTP/1.1" 304 -
116.238.194.138 - - [13/Oct/2022:10:20:38 +0800] "GET /xingrg/javascript/jquery_easy_ui/themes/icons/settle_new.png HTTP/1.1" 304 -
116.238.194.138 - - [13/Oct/2022:10:20:38 +0800] "GET /xingrg/index.html?sysBaseUrl=http%3A%2F%2F180.169.147.146%3A18081%2Fxingrg%2F&costTime=39×tamp=1665623103124 HTTP/1.1" 200 17179
116.238.194.138 - - [13/Oct/2022:10:20:38 +0800] "POST /xingrg/all/common/load_tree.html?tree=area_rest_tree_json&manage=1 HTTP/1.1" 200 476
116.238.194.138 - - [13/Oct/2022:10:20:38 +0800] "GET /xingrg/all/function/internal_message.html?_=1665627639158&CODE_STATE=count HTTP/1.1" 200 11
116.238.194.138 - - [13/Oct/2022:10:20:38 +0800] "GET /xingrg/check_reg.html?_=1665627639159 HTTP/1.1" 200 22
116.238.194.138 - - [13/Oct/2022:10:20:39 +0800] "POST /xingrg/load_menu.html HTTP/1.1" 200 5138
180.171.133.198 - - [13/Oct/2022:10:20:46 +0800] "GET /favicon.ico HTTP/1.1" 404 -
116.230.114.213 - - [13/Oct/2022:10:20:47 +0800] "GET /xingrg/all/function/internal_message.html?_=1665627662039&CODE_STATE=getMsg HTTP/1.1" 200 27
114.83.219.23 - - [13/Oct/2022:10:20:49 +0800] "GET /xingrg/all/function/internal_message.html?_=1665627648103&CODE_STATE=getMsg HTTP/1.1" 200 27
116.228.172.94 - - [13/Oct/2022:10:20:56 +0800] "GET /xingrg/all/function/internal_message.html?_=1665627650553&CODE_STATE=getMsg HTTP/1.1" 200 27
222.70.183.206 - - [13/Oct/2022:10:20:58 +0800] "GET /xingrg/all/function/internal_message.html?_=1665627657087&CODE_STATE=getMsg HTTP/1.1" 200 27
222.70.183.206 - - [13/Oct/2022:10:20:58 +0800] "GET /xingrg/check_reg.html?_=1665627657085 HTTP/1.1" 200 22
116.238.194.138 - - [13/Oct/2022:10:21:07 +0800] "GET /xingrg/all/function/internal_message.html?_=1665627608290&CODE_STATE=getMsg HTTP/1.1" 200 27
124.79.74.72 - - [13/Oct/2022:10:21:10 +0800] "GET /xingrg/all/function/internal_message.html?_=1665627669443&CODE_STATE=getMsg HTTP/1.1" 200 27
114.88.159.190 - - [13/Oct/2022:10:21:12 +0800] "GET /xingrg/all/function/internal_message.html?_=1665627303075&CODE_STATE=getMsg HTTP/1.1" 200 27
116.230.105.139 - - [13/Oct/2022:10:21:14 +0800] "GET /xingrg/all/function/internal_message.html?_=1665627673793&CODE_STATE=getMsg HTTP/1.1" 200 27
221.239.141.151 - - [13/Oct/2022:10:21:16 +0800] "GET /xingrg/all/function/internal_message.html?_=1665627677703&CODE_STATE=getMsg HTTP/1.1" 200 27
116.238.194.138 - - [13/Oct/2022:10:21:19 +0800] "GET /xingrg/kc/buy/cgsh_order_list.html HTTP/1.1" 200 53251
116.238.194.138 - - [13/Oct/2022:10:21:20 +0800] "POST /xingrg/kc/buy/cgsh_list_operate.html HTTP/1.1" 200 986
116.238.194.138 - - [13/Oct/2022:10:21:21 +0800] "GET /xingrg/words/20221013093351_words.js HTTP/1.1" 200 925346
124.79.243.136 - - [13/Oct/2022:10:21:21 +0800] "GET /xingrg/all/function/internal_message.html?_=1665627885435&CODE_STATE=getMsg HTTP/1.1" 200 27
116.238.194.138 - - [13/Oct/2022:10:21:21 +0800] "GET /xingrg/kc/buy/cgsh_order_add.html HTTP/1.1" 200 69027
101.83.146.154 - - [13/Oct/2022:10:21:22 +0800] "GET /xingrg/all/function/internal_message.html?_=1665627536715&CODE_STATE=getMsg HTTP/1.1" 200 27
101.83.146.154 - - [13/Oct/2022:10:21:22 +0800] "GET /xingrg/check_reg.html?_=1665627536717 HTTP/1.1" 200 22
116.238.194.138 - - [13/Oct/2022:10:21:25 +0800] "GET /xingrg/javascript/easyui/themes/default/validatebox.css HTTP/1.1" 404 1104
116.238.194.138 - - [13/Oct/2022:10:21:25 +0800] "POST /xingrg/kc/buy/cgsh_order_operate.html HTTP/1.1" 200 8245
116.238.194.138 - - [13/Oct/2022:10:21:26 +0800] "GET /xingrg/javascript/auto/indicator.gif HTTP/1.1" 404 1066
114.83.219.57 - - [13/Oct/2022:10:21:27 +0800] "GET /xingrg/all/function/internal_message.html?_=1665627783396&CODE_STATE=getMsg HTTP/1.1" 200 27
101.83.146.154 - - [13/Oct/2022:10:21:34 +0800] "GET /xingrg/all/function/internal_message.html?_=1665627696203&CODE_STATE=getMsg HTTP/1.1" 200 27
101.83.146.154 - - [13/Oct/2022:10:21:35 +0800] "GET /xingrg/check_reg.html?_=1665627698046 HTTP/1.1" 200 22
116.238.194.138 - - [13/Oct/2022:10:21:38 +0800] "GET /xingrg/all/function/internal_message.html?_=1665627699182&CODE_STATE=getMsg HTTP/1.1" 200 27
116.230.114.213 - - [13/Oct/2022:10:21:46 +0800] "GET /xingrg/check_reg.html?_=1665627721060 HTTP/1.1" 200 22
116.230.114.213 - - [13/Oct/2022:10:21:47 +0800] "GET /xingrg/all/function/internal_message.html?_=1665627722053&CODE_STATE=getMsg HTTP/1.1" 200 27
114.83.219.23 - - [13/Oct/2022:10:21:49 +0800] "GET /xingrg/all/function/internal_message.html?_=1665627708108&CODE_STATE=getMsg HTTP/1.1" 200 27
116.228.172.94 - - [13/Oct/2022:10:21:56 +0800] "GET /xingrg/all/function/internal_message.html?_=1665627710531&CODE_STATE=getMsg HTTP/1.1" 200 27
222.70.183.206 - - [13/Oct/2022:10:21:58 +0800] "GET /xingrg/all/function/internal_message.html?_=1665627717086&CODE_STATE=getMsg HTTP/1.1" 200 27
114.88.159.190 - - [13/Oct/2022:10:22:03 +0800] "POST /xingrg/services/DataTransmitService HTTP/1.1" 401 565
114.88.159.190 - - [13/Oct/2022:10:22:03 +0800] "POST /xingrg/services/DataTransmitService HTTP/1.1" 200 478
114.88.159.190 - - [13/Oct/2022:10:22:03 +0800] "POST /xingrg/services/DataTransmitService HTTP/1.1" 200 1319
114.88.159.190 - - [13/Oct/2022:10:22:04 +0800] "POST /xingrg/services/DataTransmitService HTTP/1.1" 200 478
114.88.159.190 - - [13/Oct/2022:10:22:04 +0800] "POST /xingrg/services/DataTransmitService HTTP/1.1" 200 1319
114.88.159.190 - - [13/Oct/2022:10:22:04 +0800] "POST /xingrg/services/DataTransmitService HTTP/1.1" 200 524
114.88.159.190 - - [13/Oct/2022:10:22:04 +0800] "POST /xingrg/services/DataTransmitService HTTP/1.1" 200 2419
114.88.159.190 - - [13/Oct/2022:10:22:05 +0800] "POST /xingrg/services/DataTransmitService HTTP/1.1" 200 45454
114.88.159.190 - - [13/Oct/2022:10:22:05 +0800] "POST /xingrg/services/DataTransmitService HTTP/1.1" 200 19237
116.238.194.138 - - [13/Oct/2022:10:22:07 +0800] "GET /xingrg/all/function/internal_message.html?_=1665627668305&CODE_STATE=getMsg HTTP/1.1" 200 27
124.79.74.72 - - [13/Oct/2022:10:22:10 +0800] "GET /xingrg/all/function/internal_message.html?_=1665627729430&CODE_STATE=getMsg HTTP/1.1" 200 27
101.83.146.154 - - [13/Oct/2022:10:22:11 +0800] "GET /xingrg/kc/buy/cgsh_order_add.html HTTP/1.1" 200 69109
101.83.146.154 - - [13/Oct/2022:10:22:11 +0800] "GET /xingrg/words/20221013093351_words.js HTTP/1.1" 200 925346
101.83.146.154 - - [13/Oct/2022:10:22:12 +0800] "POST /xingrg/kc/buy/cgsh_order_operate.html HTTP/1.1" 200 8245
101.83.146.154 - - [13/Oct/2022:10:22:12 +0800] "GET /xingrg/javascript/easyui/themes/default/validatebox.css HTTP/1.1" 404 1104
114.88.159.190 - - [13/Oct/2022:10:22:12 +0800] "GET /xingrg/all/function/internal_message.html?_=1665627363080&CODE_STATE=getMsg HTTP/1.1" 200 27
116.230.105.139 - - [13/Oct/2022:10:22:14 +0800] "GET /xingrg/all/function/internal_message.html?_=1665627733814&CODE_STATE=getMsg HTTP/1.1" 200 27
221.239.141.151 - - [13/Oct/2022:10:22:16 +0800] "GET /xingrg/all/function/internal_message.html?_=1665627737690&CODE_STATE=getMsg HTTP/1.1" 200 27
124.79.243.136 - - [13/Oct/2022:10:22:21 +0800] "GET /xingrg/all/function/internal_message.html?_=1665627945433&CODE_STATE=getMsg HTTP/1.1" 200 27
124.79.243.136 - - [13/Oct/2022:10:22:21 +0800] "GET /xingrg/check_reg.html?_=1665627945434 HTTP/1.1" 200 22
101.83.146.154 - - [13/Oct/2022:10:22:22 +0800] "GET /xingrg/all/function/internal_message.html?_=1665627596716&CODE_STATE=getMsg HTTP/1.1" 200 27
114.83.219.57 - - [13/Oct/2022:10:22:27 +0800] "GET /xingrg/all/function/internal_message.html?_=1665627843388&CODE_STATE=getMsg HTTP/1.1" 200 27
101.83.146.154 - - [13/Oct/2022:10:22:28 +0800] "GET /xingrg/kc/buy/cgsh_order_operate.html?command=get_materiel&rest_code=00105&code=00101009001&supplier_code=00100024&order_time=2022-10-13 HTTP/1.1" 200 416
116.238.194.138 - - [13/Oct/2022:10:22:30 +0800] "GET /xingrg/kc/buy/cgsh_order_operate.html?command=get_materiel&rest_code=00150&code=00101019100&supplier_code=00100151&order_time=2022-10-13 HTTP/1.1" 200 413
101.83.146.154 - - [13/Oct/2022:10:22:34 +0800] "GET /xingrg/all/function/internal_message.html?_=1665627756197&CODE_STATE=getMsg HTTP/1.1" 200 27
116.238.194.138 - - [13/Oct/2022:10:22:38 +0800] "GET /xingrg/all/function/internal_message.html?_=1665627759177&CODE_STATE=getMsg HTTP/1.1" 200 27
114.84.81.136 - - [13/Oct/2022:10:22:40 +0800] "GET /xingrg/check_reg.html?_=1665627761431 HTTP/1.1" 302 -
114.84.81.136 - - [13/Oct/2022:10:22:40 +0800] "GET /xingrg/all/function/internal_message.html?_=1665627761431&CODE_STATE=getMsg HTTP/1.1" 302 -
101.83.146.154 - - [13/Oct/2022:10:22:42 +0800] "GET /xingrg/kc/buy/cgsh_order_operate.html?command=get_materiel&rest_code=00105&code=00101009124&supplier_code=00100024&order_time=2022-10-13 HTTP/1.1" 200 416
116.230.114.213 - - [13/Oct/2022:10:22:47 +0800] "GET /xingrg/all/function/internal_message.html?_=1665627782067&CODE_STATE=getMsg HTTP/1.1" 200 27
101.83.146.154 - - [13/Oct/2022:10:22:48 +0800] "GET /xingrg/kc/buy/cgsh_order_operate.html?command=get_materiel&rest_code=00105&code=00101009062&supplier_code=00100024&order_time=2022-10-13 HTTP/1.1" 200 412
114.83.219.23 - - [13/Oct/2022:10:22:49 +0800] "GET /xingrg/all/function/internal_message.html?_=1665627768110&CODE_STATE=getMsg HTTP/1.1" 200 27
178.128.104.117 - - [13/Oct/2022:10:22:56 +0800] "HEAD / HTTP/1.0" 404 -
116.228.172.94 - - [13/Oct/2022:10:22:56 +0800] "GET /xingrg/all/function/internal_message.html?_=1665627770509&CODE_STATE=getMsg HTTP/1.1" 200 27
178.128.104.117 - - [13/Oct/2022:10:22:56 +0800] "GET /system_api.php HTTP/1.1" 404 -
116.228.172.94 - - [13/Oct/2022:10:22:56 +0800] "GET /xingrg/check_reg.html?_=1665627770882 HTTP/1.1" 200 22
178.128.104.117 - - [13/Oct/2022:10:22:56 +0800] "GET /c/version.js HTTP/1.1" 404 -
178.128.104.117 - - [13/Oct/2022:10:22:57 +0800] "GET /streaming/clients_live.php HTTP/1.1" 404 -
178.128.104.117 - - [13/Oct/2022:10:22:57 +0800] "GET /stalker_portal/c/version.js HTTP/1.1" 404 -
178.128.104.117 - - [13/Oct/2022:10:22:57 +0800] "GET /stream/live.php HTTP/1.1" 404 -
178.128.104.117 - - [13/Oct/2022:10:22:58 +0800] "GET /flu/403.html HTTP/1.1" 404 -
178.128.104.117 - - [13/Oct/2022:10:22:58 +0800] "GET / HTTP/1.1" 404 -
222.70.183.206 - - [13/Oct/2022:10:22:58 +0800] "GET /xingrg/all/function/internal_message.html?_=1665627777085&CODE_STATE=getMsg HTTP/1.1" 200 27
120.253.135.82 - - [13/Oct/2022:10:23:01 +0800] "GET /xingrg/check_reg.html?_=1665627577621 HTTP/1.1" 200 22
101.83.146.154 - - [13/Oct/2022:10:23:03 +0800] "GET /xingrg/kc/buy/cgsh_order_operate.html?command=get_materiel&rest_code=00105&code=00101009011&supplier_code=00100024&order_time=2022-10-13 HTTP/1.1" 200 416
116.238.194.138 - - [13/Oct/2022:10:23:05 +0800] "GET /xingrg/kc/buy/cgsh_order_operate.html?command=get_materiel&rest_code=00150&code=00101013088&supplier_code=00100151&order_time=2022-10-13 HTTP/1.1" 200 437
116.238.194.138 - - [13/Oct/2022:10:23:07 +0800] "GET /xingrg/all/function/internal_message.html?_=1665627728317&CODE_STATE=getMsg HTTP/1.1" 200 27
124.79.74.72 - - [13/Oct/2022:10:23:10 +0800] "GET /xingrg/all/function/internal_message.html?_=1665627789415&CODE_STATE=getMsg HTTP/1.1" 200 27
114.88.159.190 - - [13/Oct/2022:10:23:12 +0800] "GET /xingrg/check_reg.html?_=1665627423070 HTTP/1.1" 200 22
114.88.159.190 - - [13/Oct/2022:10:23:12 +0800] "GET /xingrg/all/function/internal_message.html?_=1665627423068&CODE_STATE=getMsg HTTP/1.1" 200 27
116.230.105.139 - - [13/Oct/2022:10:23:14 +0800] "GET /xingrg/all/function/internal_message.html?_=1665627793812&CODE_STATE=getMsg HTTP/1.1" 200 27
116.230.105.139 - - [13/Oct/2022:10:23:14 +0800] "GET /xingrg/check_reg.html?_=1665627793816 HTTP/1.1" 200 22
221.239.141.151 - - [13/Oct/2022:10:23:16 +0800] "GET /xingrg/all/function/internal_message.html?_=1665627797699&CODE_STATE=getMsg HTTP/1.1" 200 27
101.83.146.154 - - [13/Oct/2022:10:23:17 +0800] "GET /xingrg/kc/buy/cgsh_order_operate.html?command=get_materiel&rest_code=00105&code=00101009016&supplier_code=00100024&order_time=2022-10-13 HTTP/1.1" 200 414
124.79.243.136 - - [13/Oct/2022:10:23:21 +0800] "GET /xingrg/all/function/internal_message.html?_=1665628005431&CODE_STATE=getMsg HTTP/1.1" 200 27
101.83.146.154 - - [13/Oct/2022:10:23:22 +0800] "GET /xingrg/all/function/internal_message.html?_=1665627656716&CODE_STATE=getMsg HTTP/1.1" 200 27
101.83.146.154 - - [13/Oct/2022:10:23:26 +0800] "GET /xingrg/kc/buy/cgsh_order_operate.html?command=get_materiel&rest_code=00105&code=00101009013&supplier_code=00100024&order_time=2022-10-13 HTTP/1.1" 200 422
114.83.219.57 - - [13/Oct/2022:10:23:27 +0800] "GET /xingrg/all/function/internal_message.html?_=1665627903403&CODE_STATE=getMsg HTTP/1.1" 200 27
101.83.146.154 - - [13/Oct/2022:10:23:34 +0800] "GET /xingrg/all/function/internal_message.html?_=1665627816177&CODE_STATE=getMsg HTTP/1.1" 200 27
116.238.194.138 - - [13/Oct/2022:10:23:38 +0800] "GET /xingrg/all/function/internal_message.html?_=1665627819182&CODE_STATE=getMsg HTTP/1.1" 200 27
116.230.114.213 - - [13/Oct/2022:10:23:48 +0800] "GET /xingrg/all/function/internal_message.html?_=1665627842080&CODE_STATE=getMsg HTTP/1.1" 200 27
114.83.219.23 - - [13/Oct/2022:10:23:49 +0800] "GET /xingrg/all/function/internal_message.html?_=1665627828122&CODE_STATE=getMsg HTTP/1.1" 200 27
114.83.219.23 - - [13/Oct/2022:10:23:49 +0800] "GET /xingrg/check_reg.html?_=1665627828114 HTTP/1.1" 200 22
101.83.146.154 - - [13/Oct/2022:10:23:51 +0800] "GET /xingrg/kc/buy/cgsh_order_operate.html?command=get_materiel&rest_code=00105&code=00101009140&supplier_code=00100024&order_time=2022-10-13 HTTP/1.1" 200 412
116.228.172.94 - - [13/Oct/2022:10:23:56 +0800] "GET /xingrg/all/function/internal_message.html?_=1665627830510&CODE_STATE=getMsg HTTP/1.1" 200 27
222.70.183.206 - - [13/Oct/2022:10:23:58 +0800] "GET /xingrg/all/function/internal_message.html?_=1665627837090&CODE_STATE=getMsg HTTP/1.1" 200 27
116.238.194.138 - - [13/Oct/2022:10:24:06 +0800] "GET /xingrg/check_reg.html?_=1665627787913 HTTP/1.1" 200 22
116.238.194.138 - - [13/Oct/2022:10:24:07 +0800] "GET /xingrg/all/function/internal_message.html?_=1665627788330&CODE_STATE=getMsg HTTP/1.1" 200 27
124.79.74.72 - - [13/Oct/2022:10:24:10 +0800] "GET /xingrg/all/function/internal_message.html?_=1665627849401&CODE_STATE=getMsg HTTP/1.1" 200 27
114.88.159.190 - - [13/Oct/2022:10:24:12 +0800] "GET /xingrg/all/function/internal_message.html?_=1665627483068&CODE_STATE=getMsg HTTP/1.1" 200 27
116.230.105.139 - - [13/Oct/2022:10:24:14 +0800] "GET /xingrg/all/function/internal_message.html?_=1665627853815&CODE_STATE=getMsg HTTP/1.1" 200 27
221.239.141.151 - - [13/Oct/2022:10:24:16 +0800] "GET /xingrg/all/function/internal_message.html?_=1665627857706&CODE_STATE=getMsg HTTP/1.1" 200 27
221.239.141.151 - - [13/Oct/2022:10:24:16 +0800] "GET /xingrg/check_reg.html?_=1665627857707 HTTP/1.1" 200 22
101.83.146.154 - - [13/Oct/2022:10:24:17 +0800] "POST /xingrg/kc/buy/cgsh_order_operate.html HTTP/1.1" 200 37
101.83.146.154 - - [13/Oct/2022:10:24:18 +0800] "POST /xingrg/kc/buy/cgsh_order_operate.html HTTP/1.1" 200 6220
101.83.146.154 - - [13/Oct/2022:10:24:19 +0800] "GET /xingrg/kc/print/load_data.html?order_code=212022101304018&kc_code=cgsh&condition= HTTP/1.1" 200 2047
124.79.243.136 - - [13/Oct/2022:10:24:21 +0800] "GET /xingrg/all/function/internal_message.html?_=1665628065429&CODE_STATE=getMsg HTTP/1.1" 200 27
101.83.146.154 - - [13/Oct/2022:10:24:22 +0800] "GET /xingrg/all/function/internal_message.html?_=1665627716716&CODE_STATE=getMsg HTTP/1.1" 200 27
114.83.219.57 - - [13/Oct/2022:10:24:27 +0800] "GET /xingrg/all/function/internal_message.html?_=1665627963393&CODE_STATE=getMsg HTTP/1.1" 200 27
101.83.146.154 - - [13/Oct/2022:10:24:34 +0800] "GET /xingrg/all/function/internal_message.html?_=1665627876161&CODE_STATE=getMsg HTTP/1.1" 200 27
124.79.74.72 - - [13/Oct/2022:10:24:34 +0800] "GET /xingrg/check_reg.html?_=1665627873637 HTTP/1.1" 200 22
116.238.194.138 - - [13/Oct/2022:10:24:38 +0800] "GET /xingrg/all/function/internal_message.html?_=1665627879171&CODE_STATE=getMsg HTTP/1.1" 200 27
116.230.114.213 - - [13/Oct/2022:10:24:48 +0800] "GET /xingrg/all/function/internal_message.html?_=1665627902115&CODE_STATE=getMsg HTTP/1.1" 200 27
114.83.219.23 - - [13/Oct/2022:10:24:49 +0800] "GET /xingrg/all/function/internal_message.html?_=1665627888107&CODE_STATE=getMsg HTTP/1.1" 200 27
114.84.81.136 - - [13/Oct/2022:10:24:52 +0800] "GET /xingrg/all/function/internal_message.html?_=1665627893723&CODE_STATE=getMsg HTTP/1.1" 302 -
116.228.172.94 - - [13/Oct/2022:10:24:56 +0800] "GET /xingrg/all/function/internal_message.html?_=1665627890497&CODE_STATE=getMsg HTTP/1.1" 200 27
116.230.105.139 - - [13/Oct/2022:10:24:58 +0800] "POST /xingrg/services/DataTransmitService HTTP/1.1" 200 524
222.70.183.206 - - [13/Oct/2022:10:24:58 +0800] "GET /xingrg/all/function/internal_message.html?_=1665627897088&CODE_STATE=getMsg HTTP/1.1" 200 27
172.20.0.100 - - [13/Oct/2022:10:25:01 +0800] "GET /xingrg/check_reg.html?_=1665627900157 HTTP/1.1" 200 22
116.238.194.138 - - [13/Oct/2022:10:25:07 +0800] "GET /xingrg/all/function/internal_message.html?_=1665627848344&CODE_STATE=getMsg HTTP/1.1" 200 27
124.79.74.72 - - [13/Oct/2022:10:25:10 +0800] "GET /xingrg/all/function/internal_message.html?_=1665627909373&CODE_STATE=getMsg HTTP/1.1" 200 27
114.88.159.190 - - [13/Oct/2022:10:25:12 +0800] "GET /xingrg/all/function/internal_message.html?_=1665627543074&CODE_STATE=getMsg HTTP/1.1" 200 27
116.230.105.139 - - [13/Oct/2022:10:25:14 +0800] "GET /xingrg/all/function/internal_message.html?_=1665627913806&CODE_STATE=getMsg HTTP/1.1" 200 27
124.79.243.136 - - [13/Oct/2022:10:25:21 +0800] "GET /xingrg/all/function/internal_message.html?_=1665628125428&CODE_STATE=getMsg HTTP/1.1" 200 27
101.83.146.154 - - [13/Oct/2022:10:25:22 +0800] "GET /xingrg/all/function/internal_message.html?_=1665627776714&CODE_STATE=getMsg HTTP/1.1" 200 27
114.83.219.57 - - [13/Oct/2022:10:25:27 +0800] "GET /xingrg/check_reg.html?_=1665628023386 HTTP/1.1" 200 22
114.83.219.57 - - [13/Oct/2022:10:25:27 +0800] "GET /xingrg/all/function/internal_message.html?_=1665628023387&CODE_STATE=getMsg HTTP/1.1" 200 27
116.238.194.138 - - [13/Oct/2022:10:25:27 +0800] "GET /xingrg/kc/buy/cgsh_order_operate.html?command=get_materiel&rest_code=00150&code=00101020142&supplier_code=00100151&order_time=2022-10-13 HTTP/1.1" 200 414
101.83.146.154 - - [13/Oct/2022:10:25:34 +0800] "GET /xingrg/all/function/internal_message.html?_=1665627936132&CODE_STATE=getMsg HTTP/1.1" 200 27
116.238.194.138 - - [13/Oct/2022:10:25:39 +0800] "GET /xingrg/check_reg.html?_=1665627939184 HTTP/1.1" 200 22
116.238.194.138 - - [13/Oct/2022:10:25:42 +0800] "GET /xingrg/all/function/internal_message.html?_=1665627939189&CODE_STATE=getMsg HTTP/1.1" 200 27
116.230.114.213 - - [13/Oct/2022:10:25:48 +0800] "GET /xingrg/all/function/internal_message.html?_=1665627962123&CODE_STATE=getMsg HTTP/1.1" 200 27
114.83.219.23 - - [13/Oct/2022:10:25:49 +0800] "GET /xingrg/all/function/internal_message.html?_=1665627948108&CODE_STATE=getMsg HTTP/1.1" 200 27
58.37.5.200 - - [13/Oct/2022:10:25:53 +0800] "POST /xingrg/services/DataTransmitService HTTP/1.1" 200 524
116.228.172.94 - - [13/Oct/2022:10:25:56 +0800] "GET /xingrg/all/function/internal_message.html?_=1665627950485&CODE_STATE=getMsg HTTP/1.1" 200 27
222.70.183.206 - - [13/Oct/2022:10:25:58 +0800] "GET /xingrg/all/function/internal_message.html?_=1665627957090&CODE_STATE=getMsg HTTP/1.1" 200 27
222.70.183.206 - - [13/Oct/2022:10:25:58 +0800] "GET /xingrg/check_reg.html?_=1665627957087 HTTP/1.1" 200 22
116.238.194.138 - - [13/Oct/2022:10:26:07 +0800] "GET /xingrg/all/function/internal_message.html?_=1665627908357&CODE_STATE=getMsg HTTP/1.1" 200 27
124.79.74.72 - - [13/Oct/2022:10:26:10 +0800] "GET /xingrg/all/function/internal_message.html?_=1665627969357&CODE_STATE=getMsg HTTP/1.1" 200 27
114.88.159.190 - - [13/Oct/2022:10:26:12 +0800] "GET /xingrg/all/function/internal_message.html?_=1665627603077&CODE_STATE=getMsg HTTP/1.1" 200 27
116.230.105.139 - - [13/Oct/2022:10:26:14 +0800] "GET /xingrg/all/function/internal_message.html?_=1665627973799&CODE_STATE=getMsg HTTP/1.1" 200 27
124.79.243.136 - - [13/Oct/2022:10:26:21 +0800] "GET /xingrg/all/function/internal_message.html?_=1665628185441&CODE_STATE=getMsg HTTP/1.1" 200 27
101.83.146.154 - - [13/Oct/2022:10:26:22 +0800] "GET /xingrg/all/function/internal_message.html?_=1665627836713&CODE_STATE=getMsg HTTP/1.1" 200 27
101.83.146.154 - - [13/Oct/2022:10:26:22 +0800] "GET /xingrg/check_reg.html?_=1665627836714 HTTP/1.1" 200 22
114.83.219.57 - - [13/Oct/2022:10:26:27 +0800] "GET /xingrg/all/function/internal_message.html?_=1665628083394&CODE_STATE=getMsg HTTP/1.1" 200 27
101.83.146.154 - - [13/Oct/2022:10:26:33 +0800] "GET /xingrg/all/function/internal_message.html?_=1665627996109&CODE_STATE=getMsg HTTP/1.1" 200 27
101.83.146.154 - - [13/Oct/2022:10:26:35 +0800] "GET /xingrg/check_reg.html?_=1665627998063 HTTP/1.1" 200 22
116.238.194.138 - - [13/Oct/2022:10:26:38 +0800] "GET /xingrg/all/function/internal_message.html?_=1665627999192&CODE_STATE=getMsg HTTP/1.1" 200 27
116.230.114.213 - - [13/Oct/2022:10:26:47 +0800] "GET /xingrg/check_reg.html?_=1665628021098 HTTP/1.1" 200 22
116.230.114.213 - - [13/Oct/2022:10:26:48 +0800] "GET /xingrg/all/function/internal_message.html?_=1665628022137&CODE_STATE=getMsg HTTP/1.1" 200 27
114.83.219.23 - - [13/Oct/2022:10:26:49 +0800] "GET /xingrg/all/function/internal_message.html?_=1665628008120&CODE_STATE=getMsg HTTP/1.1" 200 27
58.37.5.200 - - [13/Oct/2022:10:26:54 +0800] "GET /xingrg/check_reg.html?_=1665628012072 HTTP/1.1" 200 22
58.37.5.200 - - [13/Oct/2022:10:26:54 +0800] "GET /xingrg/all/function/internal_message.html?_=1665628012073&CODE_STATE=getMsg HTTP/1.1" 200 27
58.37.5.200 - - [13/Oct/2022:10:26:54 +0800] "POST /xingrg/kc/buy/cgsh_order_operate.html HTTP/1.1" 200 15076
116.228.172.94 - - [13/Oct/2022:10:26:56 +0800] "GET /xingrg/all/function/internal_message.html?_=1665628010464&CODE_STATE=getMsg HTTP/1.1" 200 27
222.70.183.206 - - [13/Oct/2022:10:26:58 +0800] "GET /xingrg/all/function/internal_message.html?_=1665628017116&CODE_STATE=getMsg HTTP/1.1" 200 27
58.37.5.200 - - [13/Oct/2022:10:27:01 +0800] "POST /xingrg/kc/buy/cgsh_order_operate.html HTTP/1.1" 200 37
114.84.81.136 - - [13/Oct/2022:10:27:04 +0800] "GET /xingrg/all/function/internal_message.html?_=1665628026013&CODE_STATE=getMsg HTTP/1.1" 302 -
116.238.194.138 - - [13/Oct/2022:10:27:07 +0800] "GET /xingrg/all/function/internal_message.html?_=1665627968372&CODE_STATE=getMsg HTTP/1.1" 200 27
124.79.74.72 - - [13/Oct/2022:10:27:10 +0800] "GET /xingrg/all/function/internal_message.html?_=1665628029343&CODE_STATE=getMsg HTTP/1.1" 200 27
116.238.194.138 - - [13/Oct/2022:10:27:10 +0800] "GET /xingrg/kc/buy/cgsh_order_list.html HTTP/1.1" 200 53249
180.169.147.146 - - [13/Oct/2022:10:27:10 +0800] "GET /xingrg/index.html?sysBaseUrl=http%3A%2F%2F180.169.147.146%3A18081%2Fxingrg%2F&costTime=39×tamp=1592034574635 HTTP/1.1" 302 -
116.238.194.138 - - [13/Oct/2022:10:27:10 +0800] "GET /xingrg/css/site.css HTTP/1.1" 304 -
180.169.147.146 - - [13/Oct/2022:10:27:10 +0800] "GET /xingrg/login.html HTTP/1.1" 200 7641
116.238.194.138 - - [13/Oct/2022:10:27:10 +0800] "GET /xingrg/css/base.css HTTP/1.1" 304 -
116.238.194.138 - - [13/Oct/2022:10:27:10 +0800] "GET /xingrg/javascript/easyui/themes/icon.css HTTP/1.1" 304 -
116.238.194.138 - - [13/Oct/2022:10:27:10 +0800] "GET /xingrg/javascript/easyui/themes/default/easyui.css HTTP/1.1" 304 -
116.238.194.138 - - [13/Oct/2022:10:27:10 +0800] "GET /xingrg/javascript/jquery_tools/datebox.css HTTP/1.1" 304 -
116.238.194.138 - - [13/Oct/2022:10:27:10 +0800] "GET /xingrg/javascript/jquery_tools/jquery.tools.min.js HTTP/1.1" 304 -
116.238.194.138 - - [13/Oct/2022:10:27:10 +0800] "GET /xingrg/javascript/jquery_tools/table.css HTTP/1.1" 304 -
116.238.194.138 - - [13/Oct/2022:10:27:10 +0800] "GET /xingrg/javascript/jquery_tools/jquery.tools.extend.js HTTP/1.1" 304 -
116.238.194.138 - - [13/Oct/2022:10:27:10 +0800] "GET /xingrg/javascript/jquery_tools/jquery.tools.hotkey.js HTTP/1.1" 304 -
116.238.194.138 - - [13/Oct/2022:10:27:10 +0800] "GET /xingrg/javascript/jquery_tools/fix.css HTTP/1.1" 304 -
116.238.194.138 - - [13/Oct/2022:10:27:10 +0800] "GET /xingrg/javascript/auto/jquery.autocomplete.css HTTP/1.1" 304 -
116.238.194.138 - - [13/Oct/2022:10:27:10 +0800] "GET /xingrg/javascript/jquery_tools/jquery.tools.table.js HTTP/1.1" 304 -
116.238.194.138 - - [13/Oct/2022:10:27:10 +0800] "GET /xingrg/javascript/jquery_tools/list_manager.js HTTP/1.1" 304 -
116.238.194.138 - - [13/Oct/2022:10:27:10 +0800] "GET /xingrg/javascript/auto/jquery.autocomplete.js HTTP/1.1" 304 -
116.238.194.138 - - [13/Oct/2022:10:27:10 +0800] "GET /xingrg/javascript/jquery.cookie.js HTTP/1.1" 304 -
116.238.194.138 - - [13/Oct/2022:10:27:10 +0800] "GET /xingrg/javascript/jquery.utils.js HTTP/1.1" 304 -
116.238.194.138 - - [13/Oct/2022:10:27:10 +0800] "GET /xingrg/javascript/print/LodopFuncs.js HTTP/1.1" 304 -
116.238.194.138 - - [13/Oct/2022:10:27:10 +0800] "GET /xingrg/javascript/easyui/easyloader.js HTTP/1.1" 304 -
180.169.147.146 - - [13/Oct/2022:10:27:10 +0800] "GET /xingrg/images/blue/jxLogo.png HTTP/1.1" 200 6156
180.169.147.146 - - [13/Oct/2022:10:27:10 +0800] "GET /xingrg/images/blue/login_bg.png HTTP/1.1" 200 22101
180.169.147.146 - - [13/Oct/2022:10:27:10 +0800] "GET /xingrg/images/blue/srbg.png HTTP/1.1" 200 138
180.169.147.146 - - [13/Oct/2022:10:27:10 +0800] "GET /xingrg/images/blue/hj.png HTTP/1.1" 200 1014
116.238.194.138 - - [13/Oct/2022:10:27:10 +0800] "GET /favicon.ico HTTP/1.1" 404 -
180.169.147.146 - - [13/Oct/2022:10:27:10 +0800] "GET /favicon.ico HTTP/1.1" 404 -
116.238.194.138 - - [13/Oct/2022:10:27:11 +0800] "GET /xingrg/javascript/easyui/themes/icons/edit_add_new.png HTTP/1.1" 304 -
116.238.194.138 - - [13/Oct/2022:10:27:11 +0800] "GET /xingrg/javascript/easyui/themes/icons/cance_new.png HTTP/1.1" 304 -
116.238.194.138 - - [13/Oct/2022:10:27:11 +0800] "GET /xingrg/javascript/easyui/themes/icons/check_new.png HTTP/1.1" 304 -
116.238.194.138 - - [13/Oct/2022:10:27:11 +0800] "GET /xingrg/javascript/easyui/themes/icons/import_new.png HTTP/1.1" 304 -
116.238.194.138 - - [13/Oct/2022:10:27:11 +0800] "GET /xingrg/javascript/easyui/themes/icons/field_new.png HTTP/1.1" 304 -
116.238.194.138 - - [13/Oct/2022:10:27:11 +0800] "GET /xingrg/javascript/easyui/plugins/jquery.parser.js HTTP/1.1" 304 -
116.238.194.138 - - [13/Oct/2022:10:27:11 +0800] "GET /xingrg/images/control/ajaxLoader.gif HTTP/1.1" 304 -
114.88.159.190 - - [13/Oct/2022:10:27:12 +0800] "GET /xingrg/all/function/internal_message.html?_=1665627663080&CODE_STATE=getMsg HTTP/1.1" 200 27
180.169.147.146 - - [13/Oct/2022:10:27:12 +0800] "POST /xingrg/login.do HTTP/1.1" 302 -
180.169.147.146 - - [13/Oct/2022:10:27:12 +0800] "GET /xingrg/index.html?sysBaseUrl=http%3A%2F%2F180.169.147.146%3A18081%2Fxingrg%2F&costTime=44×tamp=1665628032540 HTTP/1.1" 200 17503
116.238.194.138 - - [13/Oct/2022:10:27:12 +0800] "POST /xingrg/kc/buy/cgsh_list_operate.html HTTP/1.1" 200 986
180.169.147.146 - - [13/Oct/2022:10:27:12 +0800] "GET /xingrg/css/form.css HTTP/1.1" 200 893
180.169.147.146 - - [13/Oct/2022:10:27:12 +0800] "GET /xingrg/javascript/jquery_easy_ui/themes/icon.css HTTP/1.1" 200 3949
180.169.147.146 - - [13/Oct/2022:10:27:12 +0800] "GET /xingrg/javascript/jquery_easy_ui/themes/default/easyui.css HTTP/1.1" 200 26500
180.169.147.146 - - [13/Oct/2022:10:27:12 +0800] "GET /xingrg/javascript/jquery-1.4.2.min.js HTTP/1.1" 200 72205
180.169.147.146 - - [13/Oct/2022:10:27:12 +0800] "GET /xingrg/javascript/jquery_easy_ui/easyui-lang-zh_CN.js HTTP/1.1" 200 1900
180.169.147.146 - - [13/Oct/2022:10:27:12 +0800] "GET /xingrg/javascript/jquery_easy_ui/jquery.easyui.min.js HTTP/1.1" 200 213662
180.169.147.146 - - [13/Oct/2022:10:27:12 +0800] "GET /xingrg/javascript/jquery.form.js HTTP/1.1" 200 23110
180.169.147.146 - - [13/Oct/2022:10:27:12 +0800] "GET /xingrg/javascript/jquery.utils.js HTTP/1.1" 200 11805
180.169.147.146 - - [13/Oct/2022:10:27:12 +0800] "GET /xingrg/javascript/jquery.timers.js HTTP/1.1" 200 3532
180.169.147.146 - - [13/Oct/2022:10:27:12 +0800] "GET /favicon.ico HTTP/1.1" 404 -
180.169.147.146 - - [13/Oct/2022:10:27:12 +0800] "GET /xingrg/images/blue/navBackgound.jpg HTTP/1.1" 200 12378
180.169.147.146 - - [13/Oct/2022:10:27:12 +0800] "GET /xingrg/javascript/jquery_easy_ui/themes/icons/settle_new.png HTTP/1.1" 200 826
180.169.147.146 - - [13/Oct/2022:10:27:12 +0800] "POST /xingrg/all/common/load_tree.html?tree=area_rest_tree_json&manage=1 HTTP/1.1" 200 3475
180.169.147.146 - - [13/Oct/2022:10:27:12 +0800] "GET /xingrg/all/function/internal_message.html?_=1665628033205&CODE_STATE=count HTTP/1.1" 200 11
180.169.147.146 - - [13/Oct/2022:10:27:12 +0800] "GET /xingrg/check_reg.html?_=1665628033207 HTTP/1.1" 200 22
180.169.147.146 - - [13/Oct/2022:10:27:12 +0800] "GET /xingrg/images/blue/pingpu.png HTTP/1.1" 200 231
180.169.147.146 - - [13/Oct/2022:10:27:12 +0800] "GET /xingrg/javascript/jquery_easy_ui/themes/default/images/tabs_rightarrow.png HTTP/1.1" 200 395
180.169.147.146 - - [13/Oct/2022:10:27:12 +0800] "GET /xingrg/javascript/jquery_easy_ui/themes/default/images/tabs_leftarrow.png HTTP/1.1" 200 389
180.169.147.146 - - [13/Oct/2022:10:27:13 +0800] "GET /xingrg/javascript/jquery_easy_ui/themes/default/images/panel_tool_collapse.gif HTTP/1.1" 200 246
180.169.147.146 - - [13/Oct/2022:10:27:13 +0800] "GET /xingrg/javascript/jquery_easy_ui/themes/default/images/panel_tool_expand.gif HTTP/1.1" 200 247
180.169.147.146 - - [13/Oct/2022:10:27:13 +0800] "POST /xingrg/load_menu.html HTTP/1.1" 200 11564
180.169.147.146 - - [13/Oct/2022:10:27:13 +0800] "GET /xingrg/javascript/jquery_easy_ui/themes/default/images/tree_folder_open.gif HTTP/1.1" 200 956
180.169.147.146 - - [13/Oct/2022:10:27:13 +0800] "GET /xingrg/javascript/jquery_easy_ui/themes/icons/search_new.png HTTP/1.1" 200 586
180.169.147.146 - - [13/Oct/2022:10:27:13 +0800] "GET /xingrg/javascript/jquery_easy_ui/themes/icons/delivery_new.png HTTP/1.1" 200 700
180.169.147.146 - - [13/Oct/2022:10:27:13 +0800] "GET /xingrg/javascript/jquery_easy_ui/themes/icons/storage_new.png HTTP/1.1" 200 853
180.169.147.146 - - [13/Oct/2022:10:27:13 +0800] "GET /xingrg/javascript/jquery_easy_ui/themes/icons/checkout_new.png HTTP/1.1" 200 744
180.169.147.146 - - [13/Oct/2022:10:27:13 +0800] "GET /xingrg/javascript/jquery_easy_ui/themes/icons/forms_new.png HTTP/1.1" 200 350
180.169.147.146 - - [13/Oct/2022:10:27:13 +0800] "GET /xingrg/javascript/jquery_easy_ui/themes/default/images/tree_arrows.gif HTTP/1.1" 200 1043
180.169.147.146 - - [13/Oct/2022:10:27:13 +0800] "GET /xingrg/javascript/jquery_easy_ui/themes/default/images/tree_file.gif HTTP/1.1" 200 118
180.169.147.146 - - [13/Oct/2022:10:27:13 +0800] "GET /xingrg/javascript/jquery_easy_ui/themes/icons/systemset_new.png HTTP/1.1" 200 606
180.169.147.146 - - [13/Oct/2022:10:27:13 +0800] "GET /xingrg/javascript/jquery_easy_ui/themes/icons/setting_new.png HTTP/1.1" 200 450
180.169.147.146 - - [13/Oct/2022:10:27:13 +0800] "GET /xingrg/javascript/jquery_easy_ui/themes/default/images/tree_folder.gif HTTP/1.1" 200 952
116.230.105.139 - - [13/Oct/2022:10:27:14 +0800] "GET /xingrg/all/function/internal_message.html?_=1665628033804&CODE_STATE=getMsg HTTP/1.1" 200 27
114.88.159.190 - - [13/Oct/2022:10:27:19 +0800] "GET /xingrg/kc/buy/cgsh_order_add.html HTTP/1.1" 200 69027
114.88.159.190 - - [13/Oct/2022:10:27:20 +0800] "GET /xingrg/javascript/easyui/themes/default/validatebox.css HTTP/1.1" 404 1104
114.88.159.190 - - [13/Oct/2022:10:27:20 +0800] "POST /xingrg/kc/buy/cgsh_order_operate.html HTTP/1.1" 200 8245
124.79.243.136 - - [13/Oct/2022:10:27:21 +0800] "GET /xingrg/check_reg.html?_=1665628245440 HTTP/1.1" 200 22
124.79.243.136 - - [13/Oct/2022:10:27:21 +0800] "GET /xingrg/all/function/internal_message.html?_=1665628245442&CODE_STATE=getMsg HTTP/1.1" 200 27
101.83.146.154 - - [13/Oct/2022:10:27:22 +0800] "GET /xingrg/all/function/internal_message.html?_=1665627896712&CODE_STATE=getMsg HTTP/1.1" 200 27
114.83.219.57 - - [13/Oct/2022:10:27:27 +0800] "GET /xingrg/all/function/internal_message.html?_=1665628143393&CODE_STATE=getMsg HTTP/1.1" 200 27
114.88.159.190 - - [13/Oct/2022:10:27:33 +0800] "GET /xingrg/javascript/jquery_tools/images/prev.gif HTTP/1.1" 404 1086
