114.88.159.190 - - [13/Oct/2022:10:27:33 +0800] "GET /xingrg/javascript/jquery_tools/images/next.gif HTTP/1.1" 404 1086
58.37.5.200 - - [13/Oct/2022:10:27:33 +0800] "POST /xingrg/kc/buy/cgsh_order_operate.html HTTP/1.1" 200 12
101.83.146.154 - - [13/Oct/2022:10:27:33 +0800] "GET /xingrg/all/function/internal_message.html?_=1665628056087&CODE_STATE=getMsg HTTP/1.1" 200 27
116.238.194.138 - - [13/Oct/2022:10:27:35 +0800] "GET /xingrg/kc/buy/cgsh_order_list.html HTTP/1.1" 200 53249
116.238.194.138 - - [13/Oct/2022:10:27:35 +0800] "POST /xingrg/kc/buy/cgsh_list_operate.html HTTP/1.1" 200 986
116.238.194.138 - - [13/Oct/2022:10:27:36 +0800] "GET /xingrg/kc/buy/cgsh_order_add.html HTTP/1.1" 200 68637
116.238.194.138 - - [13/Oct/2022:10:27:37 +0800] "GET /xingrg/javascript/easyui/themes/icons/copy_new.png HTTP/1.1" 304 -
116.238.194.138 - - [13/Oct/2022:10:27:37 +0800] "POST /xingrg/kc/buy/cgsh_order_operate.html HTTP/1.1" 200 8245
116.238.194.138 - - [13/Oct/2022:10:27:37 +0800] "GET /xingrg/all/common/auto_word.html?type=employee&rest_code=00151 HTTP/1.1" 200 293
116.238.194.138 - - [13/Oct/2022:10:27:37 +0800] "GET /xingrg/all/common/auto_word.html?type=employee&rest_code=00151 HTTP/1.1" 200 293
116.238.194.138 - - [13/Oct/2022:10:27:37 +0800] "GET /xingrg/javascript/easyui/themes/default/validatebox.css HTTP/1.1" 404 1104
116.238.194.138 - - [13/Oct/2022:10:27:39 +0800] "GET /xingrg/all/function/internal_message.html?_=1665628059220&CODE_STATE=getMsg HTTP/1.1" 200 27
116.238.194.138 - - [13/Oct/2022:10:27:39 +0800] "GET /xingrg/javascript/auto/indicator.gif HTTP/1.1" 404 1066
58.37.5.200 - - [13/Oct/2022:10:27:43 +0800] "GET /xingrg/kc/buy/cgsh_order_info.html?code=212022101303997 HTTP/1.1" 200 63932
58.37.5.200 - - [13/Oct/2022:10:27:44 +0800] "GET /xingrg/words/20221013093351_words.js HTTP/1.1" 200 925346
114.88.159.190 - - [13/Oct/2022:10:27:44 +0800] "GET /xingrg/kc/buy/cgsh_order_operate.html?command=get_materiel&rest_code=00141&code=00101001010&supplier_code=00100040&order_time=2022-10-13 HTTP/1.1" 200 409
58.37.5.200 - - [13/Oct/2022:10:27:45 +0800] "GET /xingrg/javascript/easyui/themes/default/validatebox.css HTTP/1.1" 404 1104
58.37.5.200 - - [13/Oct/2022:10:27:45 +0800] "POST /xingrg/kc/buy/cgsh_order_operate.html HTTP/1.1" 200 13021
116.238.194.138 - - [13/Oct/2022:10:27:47 +0800] "GET /xingrg/kc/buy/cgsh_order_operate.html?command=get_materiel&rest_code=00151&code=00101009124&supplier_code=00100026&order_time=2022-10-13 HTTP/1.1" 200 416
116.230.114.213 - - [13/Oct/2022:10:27:48 +0800] "GET /xingrg/all/function/internal_message.html?_=1665628082150&CODE_STATE=getMsg HTTP/1.1" 200 27
114.83.219.23 - - [13/Oct/2022:10:27:49 +0800] "GET /xingrg/all/function/internal_message.html?_=1665628068121&CODE_STATE=getMsg HTTP/1.1" 200 27
116.238.194.138 - - [13/Oct/2022:10:27:50 +0800] "POST /xingrg/kc/buy/cgsh_order_operate.html HTTP/1.1" 200 75
58.37.5.200 - - [13/Oct/2022:10:27:54 +0800] "GET /xingrg/all/function/internal_message.html?_=1665628072054&CODE_STATE=getMsg HTTP/1.1" 200 27
116.228.172.94 - - [13/Oct/2022:10:27:56 +0800] "GET /xingrg/all/function/internal_message.html?_=1665628070452&CODE_STATE=getMsg HTTP/1.1" 200 27
116.228.172.94 - - [13/Oct/2022:10:27:56 +0800] "GET /xingrg/check_reg.html?_=1665628070871 HTTP/1.1" 200 22
222.70.183.206 - - [13/Oct/2022:10:27:58 +0800] "GET /xingrg/all/function/internal_message.html?_=1665628077116&CODE_STATE=getMsg HTTP/1.1" 200 27
116.238.194.138 - - [13/Oct/2022:10:28:00 +0800] "POST /xingrg/kc/buy/cgsh_order_operate.html HTTP/1.1" 200 37
116.238.194.138 - - [13/Oct/2022:10:28:00 +0800] "GET /xingrg/kc/buy/cgsh_order_operate.html?command=get_materiel&rest_code=00151&code=00101009053&supplier_code=00100026&order_time=2022-10-13 HTTP/1.1" 200 408
120.253.135.82 - - [13/Oct/2022:10:28:01 +0800] "GET /xingrg/check_reg.html?_=1665627877625 HTTP/1.1" 200 22
116.238.194.138 - - [13/Oct/2022:10:28:02 +0800] "POST /xingrg/kc/buy/cgsh_order_operate.html HTTP/1.1" 200 3862
114.88.159.190 - - [13/Oct/2022:10:28:06 +0800] "GET /xingrg/kc/buy/cgsh_order_operate.html?command=get_materiel&rest_code=00141&code=00101001075&supplier_code=00100040&order_time=2022-10-13 HTTP/1.1" 200 409
116.238.194.138 - - [13/Oct/2022:10:28:07 +0800] "GET /xingrg/all/function/internal_message.html?_=1665628028384&CODE_STATE=getMsg HTTP/1.1" 200 27
58.37.5.200 - - [13/Oct/2022:10:28:08 +0800] "GET /xingrg/kc/print/load_config.html?kc_code=cgsh HTTP/1.1" 200 1943
58.37.5.200 - - [13/Oct/2022:10:28:09 +0800] "GET /xingrg/kc/print/load_data.html?order_code=212022101303997&kc_code=cgsh&condition= HTTP/1.1" 200 5452
124.79.74.72 - - [13/Oct/2022:10:28:10 +0800] "GET /xingrg/all/function/internal_message.html?_=1665628089313&CODE_STATE=getMsg HTTP/1.1" 200 27
116.238.194.138 - - [13/Oct/2022:10:28:10 +0800] "GET /xingrg/kc/report/report_main.html HTTP/1.1" 200 7340
116.238.194.138 - - [13/Oct/2022:10:28:12 +0800] "GET /xingrg/kc/base/crk_hz.html HTTP/1.1" 200 11247
114.88.159.190 - - [13/Oct/2022:10:28:12 +0800] "GET /xingrg/check_reg.html?_=1665627723089 HTTP/1.1" 200 22
114.88.159.190 - - [13/Oct/2022:10:28:12 +0800] "GET /xingrg/all/function/internal_message.html?_=1665627723091&CODE_STATE=getMsg HTTP/1.1" 200 27
116.238.194.138 - - [13/Oct/2022:10:28:12 +0800] "POST /xingrg/kc/cost/cost_operate.html?command=get_base_tree HTTP/1.1" 200 3572
116.238.194.138 - - [13/Oct/2022:10:28:12 +0800] "POST /xingrg/all/common/load_tree.html?tree=materiel_sort_tree_json HTTP/1.1" 200 9500
180.169.147.146 - - [13/Oct/2022:10:28:13 +0800] "GET /xingrg/all/function/internal_message.html?_=1665628093233&CODE_STATE=getMsg HTTP/1.1" 200 27
116.230.105.139 - - [13/Oct/2022:10:28:14 +0800] "GET /xingrg/all/function/internal_message.html?_=1665628093806&CODE_STATE=getMsg HTTP/1.1" 200 27
116.230.105.139 - - [13/Oct/2022:10:28:14 +0800] "GET /xingrg/check_reg.html?_=1665628093809 HTTP/1.1" 200 22
116.238.194.138 - - [13/Oct/2022:10:28:15 +0800] "GET /xingrg/kc/buy/cgsh_order_operate.html?command=get_materiel&rest_code=00151&code=00101009116&supplier_code=00100026&order_time=2022-10-13 HTTP/1.1" 200 412
180.169.147.146 - - [13/Oct/2022:10:28:17 +0800] "GET /xingrg/kc/report/report_main.html HTTP/1.1" 200 8599
180.169.147.146 - - [13/Oct/2022:10:28:17 +0800] "GET /xingrg/javascript/jquery_easy_ui/themes/default/images/tabs_close.gif HTTP/1.1" 200 829
180.169.147.146 - - [13/Oct/2022:10:28:17 +0800] "GET /xingrg/css/blue.css HTTP/1.1" 200 15949
180.169.147.146 - - [13/Oct/2022:10:28:17 +0800] "GET /xingrg/javascript/jquery_ui/themes/humanity/humanity.css HTTP/1.1" 200 27801
180.169.147.146 - - [13/Oct/2022:10:28:17 +0800] "GET /xingrg/javascript/pic_change.js HTTP/1.1" 200 4739
180.169.147.146 - - [13/Oct/2022:10:28:17 +0800] "GET /xingrg/javascript/myfunction.js HTTP/1.1" 200 24559
180.169.147.146 - - [13/Oct/2022:10:28:17 +0800] "GET /xingrg/javascript/json2.js HTTP/1.1" 200 11259
180.169.147.146 - - [13/Oct/2022:10:28:18 +0800] "GET /xingrg/javascript/jquery_easy_ui/themes/icons/back_new.png HTTP/1.1" 200 3414
180.169.147.146 - - [13/Oct/2022:10:28:19 +0800] "GET /xingrg/all/report/report_query.html?fileName=kc/buy/gys_amount_base_rest.xml HTTP/1.1" 200 51664
180.169.147.146 - - [13/Oct/2022:10:28:19 +0800] "GET /xingrg/javascript/multi_select/jqueryMultiSelect.css HTTP/1.1" 200 951
180.169.147.146 - - [13/Oct/2022:10:28:19 +0800] "GET /xingrg/javascript/calendar/timePicker.css HTTP/1.1" 200 523
180.169.147.146 - - [13/Oct/2022:10:28:19 +0800] "GET /xingrg/javascript/bigrid/fix.css HTTP/1.1" 200 1702
180.169.147.146 - - [13/Oct/2022:10:28:19 +0800] "GET /xingrg/dwr/interface/AjaxReportQueryService.js HTTP/1.1" 200 13203
180.169.147.146 - - [13/Oct/2022:10:28:19 +0800] "GET /xingrg/dwr/util.js HTTP/1.1" 200 35990
180.169.147.146 - - [13/Oct/2022:10:28:19 +0800] "GET /xingrg/dwr/engine.js HTTP/1.1" 200 43631
180.169.147.146 - - [13/Oct/2022:10:28:19 +0800] "GET /xingrg/javascript/jqueryMultiSelect.js HTTP/1.1" 200 11866
180.169.147.146 - - [13/Oct/2022:10:28:19 +0800] "GET /xingrg/javascript/Calendar.js HTTP/1.1" 200 31561
180.169.147.146 - - [13/Oct/2022:10:28:19 +0800] "GET /xingrg/javascript/calendar/jquery.timePicker.min.js HTTP/1.1" 200 2997
180.169.147.146 - - [13/Oct/2022:10:28:19 +0800] "GET /xingrg/javascript/bigrid/fix.js HTTP/1.1" 200 6439
180.169.147.146 - - [13/Oct/2022:10:28:19 +0800] "GET /xingrg/images/control/loading.gif HTTP/1.1" 200 13463
180.169.147.146 - - [13/Oct/2022:10:28:19 +0800] "GET /xingrg/images/blue/button/advanceover.gif HTTP/1.1" 200 1347
180.169.147.146 - - [13/Oct/2022:10:28:19 +0800] "GET /xingrg/images/blue/button/advance2over.gif HTTP/1.1" 200 1336
180.169.147.146 - - [13/Oct/2022:10:28:19 +0800] "GET /xingrg/images/blue/button/backover.gif HTTP/1.1" 200 1348
180.169.147.146 - - [13/Oct/2022:10:28:19 +0800] "GET /xingrg/images/blue/button/back2over.gif HTTP/1.1" 200 1335
180.169.147.146 - - [13/Oct/2022:10:28:20 +0800] "GET /xingrg/javascript/jquery_easy_ui/themes/icons/help.png HTTP/1.1" 200 1187
180.169.147.146 - - [13/Oct/2022:10:28:20 +0800] "POST /xingrg/dwr/call/plaincall/AjaxReportQueryService.getFixDate.dwr HTTP/1.1" 200 111
180.169.147.146 - - [13/Oct/2022:10:28:20 +0800] "GET /xingrg/javascript/jquery_easy_ui/themes/default/images/button_a_bg.gif HTTP/1.1" 200 1194
180.169.147.146 - - [13/Oct/2022:10:28:20 +0800] "GET /xingrg/javascript/jquery_easy_ui/themes/icons/print.png HTTP/1.1" 200 1057
180.169.147.146 - - [13/Oct/2022:10:28:20 +0800] "GET /xingrg/javascript/jquery_easy_ui/themes/default/images/menu_downarrow.png HTTP/1.1" 200 173
180.169.147.146 - - [13/Oct/2022:10:28:20 +0800] "GET /xingrg/javascript/jquery_easy_ui/themes/default/images/menu.gif HTTP/1.1" 200 834
180.169.147.146 - - [13/Oct/2022:10:28:20 +0800] "GET /xingrg/javascript/jquery_easy_ui/themes/icons/pencil.png HTTP/1.1" 200 713
180.169.147.146 - - [13/Oct/2022:10:28:20 +0800] "GET /xingrg/javascript/jquery_easy_ui/themes/default/images/menu_rightarrow.png HTTP/1.1" 200 3617
180.169.147.146 - - [13/Oct/2022:10:28:20 +0800] "GET /xingrg/javascript/jquery_easy_ui/themes/default/images/combo_arrow_dot.gif HTTP/1.1" 200 79
180.169.147.146 - - [13/Oct/2022:10:28:20 +0800] "POST /xingrg/all/common/load_tree.html?tree=area_rest_tree_json&manage=1 HTTP/1.1" 200 3475
180.169.147.146 - - [13/Oct/2022:10:28:20 +0800] "GET /xingrg/javascript/jquery_easy_ui/themes/default/images/tree_checkbox_0.gif HTTP/1.1" 200 168
180.169.147.146 - - [13/Oct/2022:10:28:20 +0800] "GET /xingrg/javascript/jquery_easy_ui/themes/icons/rest.png HTTP/1.1" 200 695
180.169.147.146 - - [13/Oct/2022:10:28:20 +0800] "GET /xingrg/javascript/jquery_easy_ui/themes/icons/manage.png HTTP/1.1" 200 696
180.169.147.146 - - [13/Oct/2022:10:28:20 +0800] "GET /xingrg/javascript/jquery_easy_ui/themes/icons/area.png HTTP/1.1" 200 262
180.169.147.146 - - [13/Oct/2022:10:28:20 +0800] "POST /xingrg/all/common/load_tree.html?tree=supplier_tree_json&manage=1 HTTP/1.1" 200 70497
124.79.243.136 - - [13/Oct/2022:10:28:21 +0800] "GET /xingrg/all/function/internal_message.html?_=1665628305440&CODE_STATE=getMsg HTTP/1.1" 200 27
101.83.146.154 - - [13/Oct/2022:10:28:22 +0800] "GET /xingrg/all/function/internal_message.html?_=1665627956711&CODE_STATE=getMsg HTTP/1.1" 200 27
116.238.194.138 - - [13/Oct/2022:10:28:24 +0800] "GET /xingrg/kc/base/crk_hz.html?_=1665628104199&command=get_cost_id&end_date=2022-10-31&start_date=2022-09-20 HTTP/1.1" 200 51
116.238.194.138 - - [13/Oct/2022:10:28:24 +0800] "GET /xingrg/all/report/report_query.html?isQuery=1&onlyBody=1&rh=99999&rw=1800&varString=start:20220920,cost_id:3897,mid:20220901&fileName=kc/base/crk_hz_type_by_base.xml&queryString=%20a.base_code%20in%20('0010453')%20&queryText=ڣ2022-09-202022-10-31%20ֿ⣺&tableQueryString=materiel_table$sp1$$sp$before_table$sp1$$sp$crk_table$sp1$order_day%20between%2020220920%20and%2020221031 HTTP/1.1" 200 49398
116.238.194.138 - - [13/Oct/2022:10:28:24 +0800] "GET /xingrg/dwr/interface/AjaxReportQueryService.js HTTP/1.1" 200 13203
116.238.194.138 - - [13/Oct/2022:10:28:24 +0800] "GET /xingrg/dwr/engine.js HTTP/1.1" 200 43631
114.88.159.190 - - [13/Oct/2022:10:28:25 +0800] "POST /xingrg/kc/buy/cgsh_order_operate.html HTTP/1.1" 200 37
58.37.5.200 - - [13/Oct/2022:10:28:25 +0800] "GET /xingrg/kc/print/load_data.html?order_code=212022101303997&kc_code=cgsh HTTP/1.1" 200 5452
116.238.194.138 - - [13/Oct/2022:10:28:25 +0800] "POST /xingrg/all/report/load_report_page.html HTTP/1.1" 200 94698
116.238.194.138 - - [13/Oct/2022:10:28:25 +0800] "GET /xingrg/servlets/image?cache=0.980186365620842&image=px HTTP/1.1" 200 807
116.238.194.138 - - [13/Oct/2022:10:28:27 +0800] "GET /xingrg/kc/buy/cgsh_order_operate.html?command=get_materiel&rest_code=00151&code=00101009001&supplier_code=00100026&order_time=2022-10-13 HTTP/1.1" 200 416
114.83.219.57 - - [13/Oct/2022:10:28:27 +0800] "GET /xingrg/all/function/internal_message.html?_=1665628203383&CODE_STATE=getMsg HTTP/1.1" 200 27
116.238.194.138 - - [13/Oct/2022:10:28:27 +0800] "GET /xingrg/all/report/report_query.html?isQuery=1&fileName=kc/base/crk_detail_by_small.xml&rh=99999&queryString=&queryText=%25E3%2580%2590%25E4%25BB%2593%25E5%25BA%2593%25E5%2590%258D%25E7%25A7%25B0%253A%25E5%2586%25B7%25E8%258F%259C%25E3%2580%2591%25E3%2580%2590%25E4%25B8%259A%25E5%258A%25A1%25E7%25B1%25BB%25E5%259E%258B%25EF%25BC%259A%25E9%2587%2587%25E8%25B4%25AD%25E5%2585%25A5%25E5%25BA%2593%25E3%2580%2591%2520%253F%253F%253F%253F%253F2022-09-20%253F%253F2022-10-31%2520%253F%253F%253F%253F%253F%253F&tableQueryString=crk_table%2524sp1%2524order_day%2520between%252020220920%2520and%252020221031%2520and%2520(base_code%253D'0010453')%2520and%2520(src_order_type%2520in%2520(21))%2520and%2520(is_rk%2520in%2520(1)) HTTP/1.1" 200 53776
116.238.194.138 - - [13/Oct/2022:10:28:28 +0800] "GET /xingrg/dwr/interface/AjaxReportQueryService.js HTTP/1.1" 200 13203
116.238.194.138 - - [13/Oct/2022:10:28:28 +0800] "GET /xingrg/dwr/engine.js HTTP/1.1" 200 43631
114.88.159.190 - - [13/Oct/2022:10:28:28 +0800] "POST /xingrg/kc/buy/cgsh_order_operate.html HTTP/1.1" 200 12
116.238.194.138 - - [13/Oct/2022:10:28:29 +0800] "POST /xingrg/all/report/load_report_page.html HTTP/1.1" 200 58664
116.238.194.138 - - [13/Oct/2022:10:28:29 +0800] "GET /xingrg/servlets/image?cache=0.9513300539631365&image=px HTTP/1.1" 200 807
116.238.194.138 - - [13/Oct/2022:10:28:30 +0800] "POST /xingrg/all/report/load_report_page.html HTTP/1.1" 200 482874
116.238.194.138 - - [13/Oct/2022:10:28:30 +0800] "GET /xingrg/servlets/image?cache=0.3989747987152189&image=px HTTP/1.1" 200 807
114.88.159.190 - - [13/Oct/2022:10:28:31 +0800] "GET /xingrg/kc/buy/cgsh_order_info.html?code=212022101304021 HTTP/1.1" 200 63930
114.88.159.190 - - [13/Oct/2022:10:28:31 +0800] "GET /xingrg/javascript/easyui/themes/default/validatebox.css HTTP/1.1" 404 1104
114.88.159.190 - - [13/Oct/2022:10:28:32 +0800] "POST /xingrg/kc/buy/cgsh_order_operate.html HTTP/1.1" 200 1193
114.88.159.190 - - [13/Oct/2022:10:28:33 +0800] "GET /xingrg/kc/print/load_data.html?order_code=212022101304021&kc_code=cgsh&condition= HTTP/1.1" 200 1001
101.83.146.154 - - [13/Oct/2022:10:28:33 +0800] "GET /xingrg/all/function/internal_message.html?_=1665628116064&CODE_STATE=getMsg HTTP/1.1" 200 27
116.238.194.138 - - [13/Oct/2022:10:28:37 +0800] "POST /xingrg/kc/buy/cgsh_order_operate.html HTTP/1.1" 200 37
180.169.147.146 - - [13/Oct/2022:10:28:37 +0800] "GET /xingrg/javascript/jquery_easy_ui/themes/default/images/tree_checkbox_2.gif HTTP/1.1" 200 181
180.169.147.146 - - [13/Oct/2022:10:28:37 +0800] "GET /xingrg/javascript/jquery_easy_ui/themes/default/images/tree_checkbox_1.gif HTTP/1.1" 200 174
180.169.147.146 - - [13/Oct/2022:10:28:38 +0800] "POST /xingrg/dwr/call/plaincall/AjaxReportQueryService.refreshCache.dwr HTTP/1.1" 200 78
116.238.194.138 - - [13/Oct/2022:10:28:39 +0800] "GET /xingrg/all/function/internal_message.html?_=1665628119213&CODE_STATE=getMsg HTTP/1.1" 200 27
116.238.194.138 - - [13/Oct/2022:10:28:40 +0800] "POST /xingrg/kc/buy/cgsh_order_operate.html HTTP/1.1" 200 12
180.169.147.146 - - [13/Oct/2022:10:28:40 +0800] "POST /xingrg/all/report/load_report_page.html HTTP/1.1" 200 49854
180.169.147.146 - - [13/Oct/2022:10:28:40 +0800] "GET /xingrg/servlets/image?cache=0.5530011236164152&image=px HTTP/1.1" 200 807
116.238.194.138 - - [13/Oct/2022:10:28:41 +0800] "GET /xingrg/kc/buy/cgsh_order_info.html?code=212022101304022 HTTP/1.1" 200 63544
116.238.194.138 - - [13/Oct/2022:10:28:42 +0800] "GET /xingrg/javascript/easyui/themes/default/validatebox.css HTTP/1.1" 404 1104
116.238.194.138 - - [13/Oct/2022:10:28:42 +0800] "POST /xingrg/kc/buy/cgsh_order_operate.html HTTP/1.1" 200 2418
116.238.194.138 - - [13/Oct/2022:10:28:43 +0800] "GET /xingrg/kc/print/load_config.html?kc_code=cgsh HTTP/1.1" 200 1943
116.238.194.138 - - [13/Oct/2022:10:28:43 +0800] "GET /xingrg/kc/print/load_data.html?order_code=212022101304022&kc_code=cgsh&condition= HTTP/1.1" 200 1497
116.230.114.213 - - [13/Oct/2022:10:28:48 +0800] "GET /xingrg/all/function/internal_message.html?_=1665628142165&CODE_STATE=getMsg HTTP/1.1" 200 27
114.83.219.23 - - [13/Oct/2022:10:28:49 +0800] "GET /xingrg/all/function/internal_message.html?_=1665628128121&CODE_STATE=getMsg HTTP/1.1" 200 27
114.83.219.23 - - [13/Oct/2022:10:28:49 +0800] "GET /xingrg/check_reg.html?_=1665628128135 HTTP/1.1" 200 22
58.37.5.200 - - [13/Oct/2022:10:28:53 +0800] "GET /xingrg/all/function/internal_message.html?_=1665628132024&CODE_STATE=getMsg HTTP/1.1" 200 27
180.169.147.146 - - [13/Oct/2022:10:28:55 +0800] "GET /xingrg/javascript/jquery_easy_ui/themes/default/images/button_plain_hover.png HTTP/1.1" 200 252
116.228.172.94 - - [13/Oct/2022:10:28:56 +0800] "GET /xingrg/all/function/internal_message.html?_=1665628130427&CODE_STATE=getMsg HTTP/1.1" 200 27
222.70.183.206 - - [13/Oct/2022:10:28:58 +0800] "GET /xingrg/all/function/internal_message.html?_=1665628137116&CODE_STATE=getMsg HTTP/1.1" 200 27
116.238.194.138 - - [13/Oct/2022:10:29:00 +0800] "POST /xingrg/all/user/operate.html HTTP/1.1" 200 36
116.238.194.138 - - [13/Oct/2022:10:29:00 +0800] "GET /xingrg/index.html?sysBaseUrl=http%3A%2F%2F180.169.147.146%3A18081%2Fxingrg%2F&costTime=38×tamp=1665625332092 HTTP/1.1" 200 17179
116.238.194.138 - - [13/Oct/2022:10:29:00 +0800] "GET /xingrg/javascript/jquery_easy_ui/themes/default/easyui.css HTTP/1.1" 304 -
116.238.194.138 - - [13/Oct/2022:10:29:00 +0800] "GET /xingrg/javascript/jquery_easy_ui/themes/icon.css HTTP/1.1" 304 -
116.238.194.138 - - [13/Oct/2022:10:29:00 +0800] "GET /xingrg/css/form.css HTTP/1.1" 304 -
116.238.194.138 - - [13/Oct/2022:10:29:00 +0800] "GET /xingrg/javascript/jquery-1.4.2.min.js HTTP/1.1" 304 -
116.238.194.138 - - [13/Oct/2022:10:29:00 +0800] "GET /xingrg/javascript/jquery_easy_ui/jquery.easyui.min.js HTTP/1.1" 304 -
116.238.194.138 - - [13/Oct/2022:10:29:00 +0800] "GET /xingrg/javascript/jquery_easy_ui/easyui-lang-zh_CN.js HTTP/1.1" 304 -
116.238.194.138 - - [13/Oct/2022:10:29:00 +0800] "GET /xingrg/javascript/jquery.form.js HTTP/1.1" 304 -
116.238.194.138 - - [13/Oct/2022:10:29:00 +0800] "GET /xingrg/javascript/jquery.utils.js HTTP/1.1" 304 -
116.238.194.138 - - [13/Oct/2022:10:29:00 +0800] "GET /xingrg/javascript/jquery.timers.js HTTP/1.1" 304 -
116.238.194.138 - - [13/Oct/2022:10:29:00 +0800] "GET /xingrg/images/blue/jxLogo.png HTTP/1.1" 304 -
116.238.194.138 - - [13/Oct/2022:10:29:00 +0800] "GET /xingrg/images/blue/navBackgound.jpg HTTP/1.1" 304 -
116.238.194.138 - - [13/Oct/2022:10:29:00 +0800] "GET /xingrg/javascript/jquery_easy_ui/themes/icons/settle_new.png HTTP/1.1" 304 -
116.238.194.138 - - [13/Oct/2022:10:29:00 +0800] "POST /xingrg/all/common/load_tree.html?tree=area_rest_tree_json&manage=1 HTTP/1.1" 200 476
116.238.194.138 - - [13/Oct/2022:10:29:00 +0800] "GET /xingrg/images/blue/pingpu.png HTTP/1.1" 304 -
116.238.194.138 - - [13/Oct/2022:10:29:00 +0800] "GET /xingrg/javascript/jquery_easy_ui/themes/default/images/tabs_leftarrow.png HTTP/1.1" 304 -
116.238.194.138 - - [13/Oct/2022:10:29:00 +0800] "GET /xingrg/javascript/jquery_easy_ui/themes/default/images/tabs_rightarrow.png HTTP/1.1" 304 -
116.238.194.138 - - [13/Oct/2022:10:29:00 +0800] "GET /xingrg/javascript/jquery_easy_ui/themes/default/images/panel_tool_collapse.gif HTTP/1.1" 304 -
116.238.194.138 - - [13/Oct/2022:10:29:00 +0800] "GET /xingrg/all/function/internal_message.html?_=1665628082216&CODE_STATE=count HTTP/1.1" 200 11
116.238.194.138 - - [13/Oct/2022:10:29:00 +0800] "GET /xingrg/check_reg.html?_=1665628082216 HTTP/1.1" 200 22
116.238.194.138 - - [13/Oct/2022:10:29:01 +0800] "POST /xingrg/load_menu.html HTTP/1.1" 200 5138
116.238.194.138 - - [13/Oct/2022:10:29:03 +0800] "GET /xingrg/kc/buy/cgsh_order_list.html HTTP/1.1" 200 53251
116.238.194.138 - - [13/Oct/2022:10:29:05 +0800] "POST /xingrg/kc/buy/cgsh_list_operate.html HTTP/1.1" 200 1852
116.238.194.138 - - [13/Oct/2022:10:29:07 +0800] "GET /xingrg/kc/buy/cgsh_order_add.html HTTP/1.1" 200 69039
116.238.194.138 - - [13/Oct/2022:10:29:07 +0800] "POST /xingrg/kc/buy/cgsh_order_operate.html HTTP/1.1" 200 8245
116.238.194.138 - - [13/Oct/2022:10:29:07 +0800] "GET /xingrg/all/common/auto_word.html?type=employee&rest_code=00150 HTTP/1.1" 200 159
116.238.194.138 - - [13/Oct/2022:10:29:07 +0800] "GET /xingrg/all/common/auto_word.html?type=employee&rest_code=00150 HTTP/1.1" 200 159
116.238.194.138 - - [13/Oct/2022:10:29:07 +0800] "GET /xingrg/javascript/easyui/themes/default/validatebox.css HTTP/1.1" 404 1104
116.238.194.138 - - [13/Oct/2022:10:29:09 +0800] "GET /xingrg/javascript/auto/indicator.gif HTTP/1.1" 404 1066
124.79.74.72 - - [13/Oct/2022:10:29:10 +0800] "GET /xingrg/all/function/internal_message.html?_=1665628149283&CODE_STATE=getMsg HTTP/1.1" 200 27
114.88.159.190 - - [13/Oct/2022:10:29:12 +0800] "GET /xingrg/all/function/internal_message.html?_=1665627783098&CODE_STATE=getMsg HTTP/1.1" 200 27
180.169.147.146 - - [13/Oct/2022:10:29:12 +0800] "GET /xingrg/all/function/internal_message.html?_=1665628153209&CODE_STATE=getMsg HTTP/1.1" 200 27
116.230.105.139 - - [13/Oct/2022:10:29:14 +0800] "GET /xingrg/all/function/internal_message.html?_=1665628153802&CODE_STATE=getMsg HTTP/1.1" 200 27
180.169.147.146 - - [13/Oct/2022:10:29:15 +0800] "POST /xingrg/all/report/report_print.html HTTP/1.1" 200 7168
116.238.194.138 - - [13/Oct/2022:10:29:16 +0800] "GET /xingrg/kc/buy/cgsh_order_operate.html?command=get_materiel&rest_code=00150&code=00101009001&supplier_code=00100026&order_time=2022-10-13 HTTP/1.1" 200 416
114.84.81.136 - - [13/Oct/2022:10:29:17 +0800] "GET /xingrg/all/function/internal_message.html?_=1665628158343&CODE_STATE=getMsg HTTP/1.1" 302 -
124.79.243.136 - - [13/Oct/2022:10:29:21 +0800] "GET /xingrg/all/function/internal_message.html?_=1665628365438&CODE_STATE=getMsg HTTP/1.1" 200 27
101.83.146.154 - - [13/Oct/2022:10:29:22 +0800] "GET /xingrg/all/function/internal_message.html?_=1665628016709&CODE_STATE=getMsg HTTP/1.1" 200 27
58.37.5.200 - - [13/Oct/2022:10:29:26 +0800] "GET /xingrg/kc/buy/cgsh_order_add.html HTTP/1.1" 200 69027
58.37.5.200 - - [13/Oct/2022:10:29:26 +0800] "GET /xingrg/all/common/auto_word.html?type=employee&rest_code=00106 HTTP/1.1" 200 205
58.37.5.200 - - [13/Oct/2022:10:29:26 +0800] "GET /xingrg/javascript/easyui/themes/default/validatebox.css HTTP/1.1" 404 1104
58.37.5.200 - - [13/Oct/2022:10:29:26 +0800] "GET /xingrg/all/common/auto_word.html?type=employee&rest_code=00106 HTTP/1.1" 200 205
58.37.5.200 - - [13/Oct/2022:10:29:26 +0800] "POST /xingrg/kc/buy/cgsh_order_operate.html HTTP/1.1" 200 8245
116.238.194.138 - - [13/Oct/2022:10:29:26 +0800] "GET /xingrg/kc/buy/cgsh_order_operate.html?command=get_materiel&rest_code=00150&code=00101009062&supplier_code=00100026&order_time=2022-10-13 HTTP/1.1" 200 412
114.83.219.57 - - [13/Oct/2022:10:29:27 +0800] "GET /xingrg/all/function/internal_message.html?_=1665628263386&CODE_STATE=getMsg HTTP/1.1" 200 27
58.37.5.200 - - [13/Oct/2022:10:29:27 +0800] "GET /xingrg/javascript/easyui/themes/default/tree.css HTTP/1.1" 404 1090
58.37.5.200 - - [13/Oct/2022:10:29:28 +0800] "POST /xingrg/all/common/load_tree.html?tree=supplier_tree_json&isDelete=1 HTTP/1.1" 200 69161
101.83.146.154 - - [13/Oct/2022:10:29:33 +0800] "GET /xingrg/all/function/internal_message.html?_=1665628176032&CODE_STATE=getMsg HTTP/1.1" 200 27
124.79.74.72 - - [13/Oct/2022:10:29:34 +0800] "GET /xingrg/check_reg.html?_=1665628173643 HTTP/1.1" 200 22
116.238.194.138 - - [13/Oct/2022:10:29:35 +0800] "GET /xingrg/kc/buy/cgsh_order_operate.html?command=get_materiel&rest_code=00150&code=00101009011&supplier_code=00100026&order_time=2022-10-13 HTTP/1.1" 200 416
116.238.194.138 - - [13/Oct/2022:10:29:39 +0800] "GET /xingrg/all/function/internal_message.html?_=1665628179222&CODE_STATE=getMsg HTTP/1.1" 200 27
116.238.194.138 - - [13/Oct/2022:10:29:41 +0800] "GET /xingrg/kc/buy/cgsh_order_operate.html?command=get_materiel&rest_code=00150&code=00101009124&supplier_code=00100026&order_time=2022-10-13 HTTP/1.1" 200 416
116.230.114.213 - - [13/Oct/2022:10:29:48 +0800] "GET /xingrg/all/function/internal_message.html?_=1665628202212&CODE_STATE=getMsg HTTP/1.1" 200 27
114.83.219.23 - - [13/Oct/2022:10:29:49 +0800] "GET /xingrg/all/function/internal_message.html?_=1665628188127&CODE_STATE=getMsg HTTP/1.1" 200 27
58.37.5.200 - - [13/Oct/2022:10:29:53 +0800] "GET /xingrg/all/function/internal_message.html?_=1665628191998&CODE_STATE=getMsg HTTP/1.1" 200 27
116.228.172.94 - - [13/Oct/2022:10:29:56 +0800] "GET /xingrg/all/function/internal_message.html?_=1665628190410&CODE_STATE=getMsg HTTP/1.1" 200 27
222.70.183.206 - - [13/Oct/2022:10:29:58 +0800] "GET /xingrg/all/function/internal_message.html?_=1665628197117&CODE_STATE=getMsg HTTP/1.1" 200 27
116.238.194.138 - - [13/Oct/2022:10:29:59 +0800] "GET /xingrg/kc/buy/cgsh_order_operate.html?command=get_materiel&rest_code=00150&code=00101009004&supplier_code=00100026&order_time=2022-10-13 HTTP/1.1" 200 409
116.238.194.138 - - [13/Oct/2022:10:30:01 +0800] "GET /xingrg/all/function/internal_message.html?_=1665628142218&CODE_STATE=getMsg HTTP/1.1" 200 27
172.20.0.100 - - [13/Oct/2022:10:30:01 +0800] "GET /xingrg/check_reg.html?_=1665628200136 HTTP/1.1" 200 22
221.239.141.151 - - [13/Oct/2022:10:30:04 +0800] "GET /xingrg/login.html HTTP/1.1" 200 7641
221.239.141.151 - - [13/Oct/2022:10:30:05 +0800] "GET /favicon.ico HTTP/1.1" 404 -
116.238.194.138 - - [13/Oct/2022:10:30:08 +0800] "POST /xingrg/kc/buy/cgsh_order_operate.html HTTP/1.1" 200 37
124.79.74.72 - - [13/Oct/2022:10:30:10 +0800] "GET /xingrg/all/function/internal_message.html?_=1665628209255&CODE_STATE=getMsg HTTP/1.1" 200 27
116.238.194.138 - - [13/Oct/2022:10:30:12 +0800] "POST /xingrg/kc/buy/cgsh_order_operate.html HTTP/1.1" 200 12
114.88.159.190 - - [13/Oct/2022:10:30:12 +0800] "GET /xingrg/all/function/internal_message.html?_=1665627843114&CODE_STATE=getMsg HTTP/1.1" 200 27
180.169.147.146 - - [13/Oct/2022:10:30:13 +0800] "GET /xingrg/all/function/internal_message.html?_=1665628213221&CODE_STATE=getMsg HTTP/1.1" 200 27
116.238.194.138 - - [13/Oct/2022:10:30:13 +0800] "GET /xingrg/kc/buy/cgsh_order_info.html?code=212022101304023 HTTP/1.1" 200 63946
116.238.194.138 - - [13/Oct/2022:10:30:13 +0800] "GET /xingrg/javascript/easyui/themes/default/validatebox.css HTTP/1.1" 404 1104
116.230.105.139 - - [13/Oct/2022:10:30:14 +0800] "GET /xingrg/all/function/internal_message.html?_=1665628213802&CODE_STATE=getMsg HTTP/1.1" 200 27
116.238.194.138 - - [13/Oct/2022:10:30:14 +0800] "POST /xingrg/kc/buy/cgsh_order_operate.html HTTP/1.1" 200 3572
116.238.194.138 - - [13/Oct/2022:10:30:15 +0800] "GET /xingrg/kc/print/load_data.html?order_code=212022101304023&kc_code=cgsh&condition= HTTP/1.1" 200 1920
58.35.213.73 - - [13/Oct/2022:10:30:17 +0800] "POST /xingrg/services/DataTransmitService HTTP/1.1" 200 524
58.35.213.73 - - [13/Oct/2022:10:30:17 +0800] "POST /xingrg/services/DataTransmitService HTTP/1.1" 200 2147
58.35.213.73 - - [13/Oct/2022:10:30:18 +0800] "POST /xingrg/services/DataTransmitService HTTP/1.1" 200 126883
124.79.243.136 - - [13/Oct/2022:10:30:21 +0800] "GET /xingrg/all/function/internal_message.html?_=1665628425437&CODE_STATE=getMsg HTTP/1.1" 200 27
101.83.146.154 - - [13/Oct/2022:10:30:22 +0800] "GET /xingrg/all/function/internal_message.html?_=1665628076708&CODE_STATE=getMsg HTTP/1.1" 200 27
114.83.219.57 - - [13/Oct/2022:10:30:27 +0800] "GET /xingrg/check_reg.html?_=1665628323400 HTTP/1.1" 200 22
114.83.219.57 - - [13/Oct/2022:10:30:27 +0800] "GET /xingrg/all/function/internal_message.html?_=1665628323402&CODE_STATE=getMsg HTTP/1.1" 200 27
114.88.159.190 - - [13/Oct/2022:10:30:32 +0800] "GET /xingrg/kc/buy/cgsh_order_add.html HTTP/1.1" 200 69027
114.88.159.190 - - [13/Oct/2022:10:30:32 +0800] "POST /xingrg/kc/buy/cgsh_order_operate.html HTTP/1.1" 200 8245
114.88.159.190 - - [13/Oct/2022:10:30:32 +0800] "GET /xingrg/javascript/easyui/themes/default/validatebox.css HTTP/1.1" 404 1104
101.83.146.154 - - [13/Oct/2022:10:30:33 +0800] "GET /xingrg/all/function/internal_message.html?_=1665628236013&CODE_STATE=getMsg HTTP/1.1" 200 27
116.238.194.138 - - [13/Oct/2022:10:30:39 +0800] "GET /xingrg/check_reg.html?_=1665628239213 HTTP/1.1" 200 22
116.238.194.138 - - [13/Oct/2022:10:30:39 +0800] "GET /xingrg/all/function/internal_message.html?_=1665628239217&CODE_STATE=getMsg HTTP/1.1" 200 27
58.37.5.200 - - [13/Oct/2022:10:30:42 +0800] "GET /xingrg/kc/buy/cgsh_order_operate.html?command=get_materiel&rest_code=00106&code=00101012051&supplier_code=00100032&order_time=2022-10-13 HTTP/1.1" 200 408
116.230.114.213 - - [13/Oct/2022:10:30:48 +0800] "GET /xingrg/all/function/internal_message.html?_=1665628262222&CODE_STATE=getMsg HTTP/1.1" 200 27
114.83.219.23 - - [13/Oct/2022:10:30:49 +0800] "GET /xingrg/all/function/internal_message.html?_=1665628248135&CODE_STATE=getMsg HTTP/1.1" 200 27
114.88.159.190 - - [13/Oct/2022:10:30:53 +0800] "GET /xingrg/kc/buy/cgsh_order_operate.html?command=get_materiel&rest_code=00141&code=00101006027&supplier_code=00100012&order_time=2022-10-13 HTTP/1.1" 200 408
58.37.5.200 - - [13/Oct/2022:10:30:53 +0800] "GET /xingrg/all/function/internal_message.html?_=1665628251975&CODE_STATE=getMsg HTTP/1.1" 200 27
116.228.172.94 - - [13/Oct/2022:10:30:56 +0800] "GET /xingrg/all/function/internal_message.html?_=1665628250394&CODE_STATE=getMsg HTTP/1.1" 200 27
222.70.183.206 - - [13/Oct/2022:10:30:58 +0800] "GET /xingrg/all/function/internal_message.html?_=1665628257121&CODE_STATE=getMsg HTTP/1.1" 200 27
222.70.183.206 - - [13/Oct/2022:10:30:58 +0800] "GET /xingrg/check_reg.html?_=1665628257118 HTTP/1.1" 200 22
116.238.194.138 - - [13/Oct/2022:10:31:01 +0800] "GET /xingrg/all/function/internal_message.html?_=1665628202232&CODE_STATE=getMsg HTTP/1.1" 200 27
58.37.5.200 - - [13/Oct/2022:10:31:08 +0800] "GET /xingrg/kc/buy/cgsh_order_operate.html?command=get_materiel&rest_code=00106&code=00101016053&supplier_code=00100032&order_time=2022-10-13 HTTP/1.1" 200 408
124.79.74.72 - - [13/Oct/2022:10:31:10 +0800] "GET /xingrg/all/function/internal_message.html?_=1665628269231&CODE_STATE=getMsg HTTP/1.1" 200 27
114.88.159.190 - - [13/Oct/2022:10:31:12 +0800] "GET /xingrg/all/function/internal_message.html?_=1665627903120&CODE_STATE=getMsg HTTP/1.1" 200 27
180.169.147.146 - - [13/Oct/2022:10:31:13 +0800] "GET /xingrg/all/function/internal_message.html?_=1665628273229&CODE_STATE=getMsg HTTP/1.1" 200 27
116.230.105.139 - - [13/Oct/2022:10:31:14 +0800] "GET /xingrg/all/function/internal_message.html?_=1665628273807&CODE_STATE=getMsg HTTP/1.1" 200 27
58.37.5.200 - - [13/Oct/2022:10:31:16 +0800] "GET /xingrg/kc/buy/cgsh_order_operate.html?command=get_materiel&rest_code=00106&code=00101016017&supplier_code=00100032&order_time=2022-10-13 HTTP/1.1" 200 408
114.88.159.190 - - [13/Oct/2022:10:31:16 +0800] "GET /xingrg/kc/buy/cgsh_order_operate.html?command=get_materiel&rest_code=00141&code=00101006112&supplier_code=00100012&order_time=2022-10-13 HTTP/1.1" 200 409
124.79.243.136 - - [13/Oct/2022:10:31:21 +0800] "GET /xingrg/all/function/internal_message.html?_=1665628485435&CODE_STATE=getMsg HTTP/1.1" 200 27
101.83.146.154 - - [13/Oct/2022:10:31:22 +0800] "GET /xingrg/all/function/internal_message.html?_=1665628136707&CODE_STATE=getMsg HTTP/1.1" 200 27
101.83.146.154 - - [13/Oct/2022:10:31:22 +0800] "GET /xingrg/check_reg.html?_=1665628136709 HTTP/1.1" 200 22
221.239.141.151 - - [13/Oct/2022:10:31:26 +0800] "POST /xingrg/login.do HTTP/1.1" 302 -
221.239.141.151 - - [13/Oct/2022:10:31:26 +0800] "GET /xingrg/index.html?sysBaseUrl=http%3A%2F%2F180.169.147.146%3A18081%2Fxingrg%2F&costTime=46×tamp=1665628286509 HTTP/1.1" 200 17173
221.239.141.151 - - [13/Oct/2022:10:31:26 +0800] "GET /favicon.ico HTTP/1.1" 404 -
221.239.141.151 - - [13/Oct/2022:10:31:26 +0800] "POST /xingrg/all/common/load_tree.html?tree=area_rest_tree_json&manage=1 HTTP/1.1" 200 342
221.239.141.151 - - [13/Oct/2022:10:31:26 +0800] "GET /xingrg/all/function/internal_message.html?_=1665628307444&CODE_STATE=count HTTP/1.1" 200 11
221.239.141.151 - - [13/Oct/2022:10:31:26 +0800] "GET /xingrg/check_reg.html?_=1665628307448 HTTP/1.1" 200 22
221.239.141.151 - - [13/Oct/2022:10:31:27 +0800] "POST /xingrg/load_menu.html HTTP/1.1" 200 5138
114.83.219.57 - - [13/Oct/2022:10:31:27 +0800] "GET /xingrg/all/function/internal_message.html?_=1665628383397&CODE_STATE=getMsg HTTP/1.1" 200 27
58.37.5.200 - - [13/Oct/2022:10:31:28 +0800] "POST /xingrg/kc/buy/cgsh_order_operate.html HTTP/1.1" 200 37
114.84.81.136 - - [13/Oct/2022:10:31:29 +0800] "GET /xingrg/all/function/internal_message.html?_=1665628290634&CODE_STATE=getMsg HTTP/1.1" 302 -
101.83.146.154 - - [13/Oct/2022:10:31:33 +0800] "GET /xingrg/all/function/internal_message.html?_=1665628295990&CODE_STATE=getMsg HTTP/1.1" 200 27
101.83.146.154 - - [13/Oct/2022:10:31:35 +0800] "GET /xingrg/check_reg.html?_=1665628298067 HTTP/1.1" 200 22
116.238.194.138 - - [13/Oct/2022:10:31:39 +0800] "GET /xingrg/all/function/internal_message.html?_=1665628299221&CODE_STATE=getMsg HTTP/1.1" 200 27
116.230.114.213 - - [13/Oct/2022:10:31:47 +0800] "GET /xingrg/check_reg.html?_=1665628321127 HTTP/1.1" 200 22
116.230.114.213 - - [13/Oct/2022:10:31:48 +0800] "GET /xingrg/all/function/internal_message.html?_=1665628322236&CODE_STATE=getMsg HTTP/1.1" 200 27
114.83.219.23 - - [13/Oct/2022:10:31:49 +0800] "GET /xingrg/all/function/internal_message.html?_=1665628308136&CODE_STATE=getMsg HTTP/1.1" 200 27
116.228.172.94 - - [13/Oct/2022:10:31:56 +0800] "GET /xingrg/all/function/internal_message.html?_=1665628310380&CODE_STATE=getMsg HTTP/1.1" 200 27
222.70.183.206 - - [13/Oct/2022:10:31:58 +0800] "GET /xingrg/all/function/internal_message.html?_=1665628317120&CODE_STATE=getMsg HTTP/1.1" 200 27
58.37.5.200 - - [13/Oct/2022:10:31:59 +0800] "POST /xingrg/kc/buy/cgsh_order_operate.html HTTP/1.1" 200 12
58.37.5.200 - - [13/Oct/2022:10:32:00 +0800] "GET /xingrg/kc/buy/cgsh_order_info.html?code=212022101304024 HTTP/1.1" 200 63934
116.238.194.138 - - [13/Oct/2022:10:32:01 +0800] "GET /xingrg/all/function/internal_message.html?_=1665628262287&CODE_STATE=getMsg HTTP/1.1" 200 27
58.37.5.200 - - [13/Oct/2022:10:32:01 +0800] "GET /xingrg/javascript/easyui/themes/default/validatebox.css HTTP/1.1" 404 1104
58.37.5.200 - - [13/Oct/2022:10:32:02 +0800] "POST /xingrg/kc/buy/cgsh_order_operate.html HTTP/1.1" 200 1776
58.37.5.200 - - [13/Oct/2022:10:32:04 +0800] "GET /xingrg/kc/print/load_data.html?order_code=212022101304024&kc_code=cgsh&condition= HTTP/1.1" 200 1159
114.88.159.190 - - [13/Oct/2022:10:32:04 +0800] "GET /xingrg/kc/buy/cgsh_order_operate.html?command=get_materiel&rest_code=00141&code=00101006255&supplier_code=00100012&order_time=2022-10-13 HTTP/1.1" 200 409
58.37.5.200 - - [13/Oct/2022:10:32:08 +0800] "GET /xingrg/kc/print/load_data.html?order_code=212022101304024&kc_code=cgsh HTTP/1.1" 200 1159
124.79.74.72 - - [13/Oct/2022:10:32:10 +0800] "GET /xingrg/all/function/internal_message.html?_=1665628329217&CODE_STATE=getMsg HTTP/1.1" 200 27
114.88.159.190 - - [13/Oct/2022:10:32:12 +0800] "GET /xingrg/all/function/internal_message.html?_=1665627963106&CODE_STATE=getMsg HTTP/1.1" 200 27
180.169.147.146 - - [13/Oct/2022:10:32:13 +0800] "GET /xingrg/check_reg.html?_=1665628333223 HTTP/1.1" 200 22
180.169.147.146 - - [13/Oct/2022:10:32:13 +0800] "GET /xingrg/all/function/internal_message.html?_=1665628333227&CODE_STATE=getMsg HTTP/1.1" 200 27
116.230.105.139 - - [13/Oct/2022:10:32:14 +0800] "GET /xingrg/all/function/internal_message.html?_=1665628333798&CODE_STATE=getMsg HTTP/1.1" 200 27
124.79.243.136 - - [13/Oct/2022:10:32:21 +0800] "GET /xingrg/all/function/internal_message.html?_=1665628545433&CODE_STATE=getMsg HTTP/1.1" 200 27
124.79.243.136 - - [13/Oct/2022:10:32:21 +0800] "GET /xingrg/check_reg.html?_=1665628545434 HTTP/1.1" 200 22
101.83.146.154 - - [13/Oct/2022:10:32:22 +0800] "GET /xingrg/all/function/internal_message.html?_=1665628196708&CODE_STATE=getMsg HTTP/1.1" 200 27
221.239.141.151 - - [13/Oct/2022:10:32:26 +0800] "GET /xingrg/all/function/internal_message.html?_=1665628367455&CODE_STATE=getMsg HTTP/1.1" 200 27
114.83.219.57 - - [13/Oct/2022:10:32:27 +0800] "GET /xingrg/all/function/internal_message.html?_=1665628443393&CODE_STATE=getMsg HTTP/1.1" 200 27
124.79.74.72 - - [13/Oct/2022:10:32:30 +0800] "POST /xingrg/kc/buy/cgsh_list_operate.html HTTP/1.1" 200 986
101.83.146.154 - - [13/Oct/2022:10:32:33 +0800] "GET /xingrg/all/function/internal_message.html?_=1665628355972&CODE_STATE=getMsg HTTP/1.1" 200 27
116.238.194.138 - - [13/Oct/2022:10:32:38 +0800] "GET /xingrg/kc/buy/cgsh_order_list.html HTTP/1.1" 200 53251
116.238.194.138 - - [13/Oct/2022:10:32:39 +0800] "GET /xingrg/all/function/internal_message.html?_=1665628359285&CODE_STATE=getMsg HTTP/1.1" 200 27
116.238.194.138 - - [13/Oct/2022:10:32:41 +0800] "POST /xingrg/kc/buy/cgsh_list_operate.html HTTP/1.1" 200 1852
116.238.194.138 - - [13/Oct/2022:10:32:43 +0800] "POST /xingrg/kc/buy/cgsh_list_operate.html HTTP/1.1" 200 358
116.238.194.138 - - [13/Oct/2022:10:32:44 +0800] "GET /xingrg/kc/buy/cgsh_order_info.html?code=212022101304020 HTTP/1.1" 200 69026
116.238.194.138 - - [13/Oct/2022:10:32:44 +0800] "GET /xingrg/words/20221013093351_words.js HTTP/1.1" 304 -
116.238.194.138 - - [13/Oct/2022:10:32:44 +0800] "GET /xingrg/javascript/easyui/themes/default/validatebox.css HTTP/1.1" 404 1104
116.238.194.138 - - [13/Oct/2022:10:32:45 +0800] "POST /xingrg/kc/buy/cgsh_order_operate.html HTTP/1.1" 200 3862
114.88.159.190 - - [13/Oct/2022:10:32:46 +0800] "GET /xingrg/kc/buy/cgsh_order_operate.html?command=get_materiel&rest_code=00141&code=00101006194&supplier_code=00100012&order_time=2022-10-13 HTTP/1.1" 200 413
116.230.114.213 - - [13/Oct/2022:10:32:48 +0800] "GET /xingrg/all/function/internal_message.html?_=1665628382249&CODE_STATE=getMsg HTTP/1.1" 200 27
114.83.219.23 - - [13/Oct/2022:10:32:49 +0800] "GET /xingrg/kc/buy/cgsh_order_operate.html?command=get_materiel&rest_code=00149&code=00101009011&supplier_code=00100201&order_time=2022-10-13 HTTP/1.1" 200 416
114.83.219.23 - - [13/Oct/2022:10:32:49 +0800] "GET /xingrg/all/function/internal_message.html?_=1665628368194&CODE_STATE=getMsg HTTP/1.1" 200 27
116.238.194.138 - - [13/Oct/2022:10:32:53 +0800] "GET /xingrg/kc/buy/cgsh_order_operate.html?command=get_materiel&rest_code=00150&code=00101020087&supplier_code=00100151&order_time=2022-10-13 HTTP/1.1" 200 409
58.37.5.200 - - [13/Oct/2022:10:32:53 +0800] "GET /xingrg/all/function/internal_message.html?_=1665628371989&CODE_STATE=getMsg HTTP/1.1" 200 27
116.228.172.94 - - [13/Oct/2022:10:32:56 +0800] "GET /xingrg/all/function/internal_message.html?_=1665628370359&CODE_STATE=getMsg HTTP/1.1" 200 27
116.228.172.94 - - [13/Oct/2022:10:32:56 +0800] "GET /xingrg/check_reg.html?_=1665628370850 HTTP/1.1" 200 22
222.70.183.206 - - [13/Oct/2022:10:32:58 +0800] "GET /xingrg/all/function/internal_message.html?_=1665628377120&CODE_STATE=getMsg HTTP/1.1" 200 27
116.238.194.138 - - [13/Oct/2022:10:33:01 +0800] "GET /xingrg/all/function/internal_message.html?_=1665628322290&CODE_STATE=getMsg HTTP/1.1" 200 27
120.253.135.82 - - [13/Oct/2022:10:33:01 +0800] "GET /xingrg/check_reg.html?_=1665628177631 HTTP/1.1" 200 22
114.83.219.23 - - [13/Oct/2022:10:33:08 +0800] "GET /xingrg/kc/buy/cgsh_order_operate.html?command=get_materiel&rest_code=00149&code=00101009062&supplier_code=00100201&order_time=2022-10-13 HTTP/1.1" 200 412
124.79.74.72 - - [13/Oct/2022:10:33:10 +0800] "GET /xingrg/all/function/internal_message.html?_=1665628389193&CODE_STATE=getMsg HTTP/1.1" 200 27
114.88.159.190 - - [13/Oct/2022:10:33:12 +0800] "GET /xingrg/check_reg.html?_=1665628023116 HTTP/1.1" 200 22
114.88.159.190 - - [13/Oct/2022:10:33:12 +0800] "GET /xingrg/all/function/internal_message.html?_=1665628023118&CODE_STATE=getMsg HTTP/1.1" 200 27
180.169.147.146 - - [13/Oct/2022:10:33:13 +0800] "GET /xingrg/all/function/internal_message.html?_=1665628393219&CODE_STATE=getMsg HTTP/1.1" 200 27
116.230.105.139 - - [13/Oct/2022:10:33:14 +0800] "GET /xingrg/all/function/internal_message.html?_=1665628393792&CODE_STATE=getMsg HTTP/1.1" 200 27
116.230.105.139 - - [13/Oct/2022:10:33:14 +0800] "GET /xingrg/check_reg.html?_=1665628393794 HTTP/1.1" 200 22
116.238.194.138 - - [13/Oct/2022:10:33:16 +0800] "GET /xingrg/kc/buy/cgsh_order_operate.html?command=get_materiel&rest_code=00150&code=00101019337&supplier_code=00100151&order_time=2022-10-13 HTTP/1.1" 200 413
124.79.243.136 - - [13/Oct/2022:10:33:21 +0800] "GET /xingrg/all/function/internal_message.html?_=1665628605432&CODE_STATE=getMsg HTTP/1.1" 200 27
114.83.219.23 - - [13/Oct/2022:10:33:21 +0800] "GET /xingrg/kc/buy/cgsh_order_operate.html?command=get_materiel&rest_code=00149&code=00101009122&supplier_code=00100201&order_time=2022-10-13 HTTP/1.1" 200 405
101.83.146.154 - - [13/Oct/2022:10:33:22 +0800] "GET /xingrg/all/function/internal_message.html?_=1665628256707&CODE_STATE=getMsg HTTP/1.1" 200 27
58.37.5.200 - - [13/Oct/2022:10:33:23 +0800] "GET /xingrg/kc/buy/cgsh_order_add.html HTTP/1.1" 200 69027
58.37.5.200 - - [13/Oct/2022:10:33:23 +0800] "GET /xingrg/javascript/easyui/themes/default/validatebox.css HTTP/1.1" 404 1104
58.37.5.200 - - [13/Oct/2022:10:33:23 +0800] "POST /xingrg/kc/buy/cgsh_order_operate.html HTTP/1.1" 200 8245
58.37.5.200 - - [13/Oct/2022:10:33:26 +0800] "GET /xingrg/javascript/easyui/themes/default/tree.css HTTP/1.1" 404 1090
58.37.5.200 - - [13/Oct/2022:10:33:26 +0800] "POST /xingrg/all/common/load_tree.html?tree=supplier_tree_json&isDelete=1 HTTP/1.1" 200 69161
221.239.141.151 - - [13/Oct/2022:10:33:26 +0800] "GET /xingrg/all/function/internal_message.html?_=1665628427458&CODE_STATE=getMsg HTTP/1.1" 200 27
114.83.219.57 - - [13/Oct/2022:10:33:27 +0800] "GET /xingrg/all/function/internal_message.html?_=1665628503388&CODE_STATE=getMsg HTTP/1.1" 200 27
114.88.159.190 - - [13/Oct/2022:10:33:28 +0800] "GET /xingrg/kc/buy/cgsh_order_operate.html?command=get_materiel&rest_code=00141&code=00101006128&supplier_code=00100012&order_time=2022-10-13 HTTP/1.1" 200 427
114.83.219.23 - - [13/Oct/2022:10:33:32 +0800] "GET /xingrg/kc/buy/cgsh_order_operate.html?command=get_materiel&rest_code=00149&code=00101009118&supplier_code=00100201&order_time=2022-10-13 HTTP/1.1" 200 405
101.83.146.154 - - [13/Oct/2022:10:33:33 +0800] "GET /xingrg/all/function/internal_message.html?_=1665628415941&CODE_STATE=getMsg HTTP/1.1" 200 27
116.238.194.138 - - [13/Oct/2022:10:33:39 +0800] "GET /xingrg/all/function/internal_message.html?_=1665628419266&CODE_STATE=getMsg HTTP/1.1" 200 27
114.84.81.136 - - [13/Oct/2022:10:33:41 +0800] "GET /xingrg/check_reg.html?_=1665628422925 HTTP/1.1" 302 -
114.84.81.136 - - [13/Oct/2022:10:33:41 +0800] "GET /xingrg/all/function/internal_message.html?_=1665628422925&CODE_STATE=getMsg HTTP/1.1" 302 -
114.83.219.23 - - [13/Oct/2022:10:33:43 +0800] "POST /xingrg/kc/buy/cgsh_order_operate.html HTTP/1.1" 200 37
58.37.5.200 - - [13/Oct/2022:10:33:45 +0800] "GET /xingrg/kc/buy/cgsh_order_operate.html?command=get_materiel&rest_code=00106&code=00101007081&supplier_code=00100002&order_time=2022-10-13 HTTP/1.1" 200 414
116.230.114.213 - - [13/Oct/2022:10:33:48 +0800] "GET /xingrg/all/function/internal_message.html?_=1665628442263&CODE_STATE=getMsg HTTP/1.1" 200 27
114.83.219.23 - - [13/Oct/2022:10:33:48 +0800] "POST /xingrg/kc/buy/cgsh_order_operate.html HTTP/1.1" 200 12
114.83.219.23 - - [13/Oct/2022:10:33:51 +0800] "GET /xingrg/kc/buy/cgsh_order_info.html?code=212022101304025 HTTP/1.1" 200 64018
114.83.219.23 - - [13/Oct/2022:10:33:51 +0800] "GET /xingrg/words/20221013093351_words.js HTTP/1.1" 200 925346
114.83.219.23 - - [13/Oct/2022:10:33:53 +0800] "GET /xingrg/javascript/easyui/themes/default/validatebox.css HTTP/1.1" 404 1104
58.37.5.200 - - [13/Oct/2022:10:33:53 +0800] "GET /xingrg/all/function/internal_message.html?_=1665628431974&CODE_STATE=getMsg HTTP/1.1" 200 27
114.83.219.23 - - [13/Oct/2022:10:33:54 +0800] "POST /xingrg/kc/buy/cgsh_order_operate.html HTTP/1.1" 200 2365
114.83.219.23 - - [13/Oct/2022:10:33:55 +0800] "GET /xingrg/kc/print/load_data.html?order_code=212022101304025&kc_code=cgsh&condition= HTTP/1.1" 200 1374
116.228.172.94 - - [13/Oct/2022:10:33:56 +0800] "GET /xingrg/all/function/internal_message.html?_=1665628430341&CODE_STATE=getMsg HTTP/1.1" 200 27
116.238.194.138 - - [13/Oct/2022:10:33:58 +0800] "POST /xingrg/kc/buy/cgsh_order_operate.html HTTP/1.1" 200 37
222.70.183.206 - - [13/Oct/2022:10:33:58 +0800] "GET /xingrg/all/function/internal_message.html?_=1665628437106&CODE_STATE=getMsg HTTP/1.1" 200 27
114.83.219.23 - - [13/Oct/2022:10:33:59 +0800] "GET /xingrg/kc/buy/cgsh_order_add.html HTTP/1.1" 200 69115
114.83.219.23 - - [13/Oct/2022:10:33:59 +0800] "POST /xingrg/kc/buy/cgsh_order_operate.html HTTP/1.1" 200 8245
114.83.219.23 - - [13/Oct/2022:10:33:59 +0800] "GET /xingrg/javascript/easyui/themes/default/validatebox.css HTTP/1.1" 404 1104
116.238.194.138 - - [13/Oct/2022:10:34:01 +0800] "GET /xingrg/check_reg.html?_=1665628382252 HTTP/1.1" 200 22
116.238.194.138 - - [13/Oct/2022:10:34:01 +0800] "GET /xingrg/all/function/internal_message.html?_=1665628382304&CODE_STATE=getMsg HTTP/1.1" 200 27
124.79.74.72 - - [13/Oct/2022:10:34:10 +0800] "GET /xingrg/all/function/internal_message.html?_=1665628449169&CODE_STATE=getMsg HTTP/1.1" 200 27
180.169.147.146 - - [13/Oct/2022:10:34:13 +0800] "GET /xingrg/all/function/internal_message.html?_=1665628453227&CODE_STATE=getMsg HTTP/1.1" 200 27
116.230.105.139 - - [13/Oct/2022:10:34:14 +0800] "GET /xingrg/all/function/internal_message.html?_=1665628453799&CODE_STATE=getMsg HTTP/1.1" 200 27
180.169.147.146 - - [13/Oct/2022:10:34:15 +0800] "POST /xingrg/dwr/call/plaincall/AjaxReportQueryService.refreshCache.dwr HTTP/1.1" 200 78
114.88.159.190 - - [13/Oct/2022:10:34:16 +0800] "POST /xingrg/kc/buy/cgsh_order_operate.html HTTP/1.1" 200 37
114.83.219.23 - - [13/Oct/2022:10:34:17 +0800] "GET /xingrg/kc/buy/cgsh_order_operate.html?command=get_materiel&rest_code=00149&code=00101012025&supplier_code=00100036&order_time=2022-10-13 HTTP/1.1" 200 412
116.238.194.138 - - [13/Oct/2022:10:34:18 +0800] "POST /xingrg/kc/buy/cgsh_order_operate.html HTTP/1.1" 200 12
58.37.5.200 - - [13/Oct/2022:10:34:19 +0800] "GET /xingrg/kc/buy/cgsh_order_operate.html?command=get_materiel&rest_code=00106&code=00101007085&supplier_code=00100002&order_time=2022-10-13 HTTP/1.1" 200 413
114.88.159.190 - - [13/Oct/2022:10:34:20 +0800] "POST /xingrg/kc/buy/cgsh_order_operate.html HTTP/1.1" 200 12
180.169.147.146 - - [13/Oct/2022:10:34:20 +0800] "POST /xingrg/all/report/load_report_page.html HTTP/1.1" 200 89
116.238.194.138 - - [13/Oct/2022:10:34:20 +0800] "GET /xingrg/kc/buy/cgsh_order_info.html?code=212022101304020 HTTP/1.1" 200 63920
124.79.243.136 - - [13/Oct/2022:10:34:21 +0800] "GET /xingrg/all/function/internal_message.html?_=1665628665430&CODE_STATE=getMsg HTTP/1.1" 200 27
116.238.194.138 - - [13/Oct/2022:10:34:21 +0800] "GET /xingrg/javascript/easyui/themes/default/validatebox.css HTTP/1.1" 404 1104
116.238.194.138 - - [13/Oct/2022:10:34:22 +0800] "POST /xingrg/kc/buy/cgsh_order_operate.html HTTP/1.1" 200 1808
114.88.159.190 - - [13/Oct/2022:10:34:22 +0800] "GET /xingrg/kc/buy/cgsh_order_info.html?code=212022101304026 HTTP/1.1" 200 63930
114.88.159.190 - - [13/Oct/2022:10:34:22 +0800] "GET /xingrg/javascript/easyui/themes/default/validatebox.css HTTP/1.1" 404 1104
101.83.146.154 - - [13/Oct/2022:10:34:22 +0800] "GET /xingrg/all/function/internal_message.html?_=1665628316721&CODE_STATE=getMsg HTTP/1.1" 200 27
114.88.159.190 - - [13/Oct/2022:10:34:23 +0800] "POST /xingrg/kc/buy/cgsh_order_operate.html HTTP/1.1" 200 2390
116.238.194.138 - - [13/Oct/2022:10:34:23 +0800] "GET /xingrg/kc/print/load_data.html?order_code=212022101304020&kc_code=cgsh&condition= HTTP/1.1" 200 1154
114.88.159.190 - - [13/Oct/2022:10:34:26 +0800] "GET /xingrg/kc/print/load_data.html?order_code=212022101304026&kc_code=cgsh&condition= HTTP/1.1" 200 1484
221.239.141.151 - - [13/Oct/2022:10:34:26 +0800] "GET /xingrg/all/function/internal_message.html?_=1665628487459&CODE_STATE=getMsg HTTP/1.1" 200 27
114.83.219.57 - - [13/Oct/2022:10:34:27 +0800] "GET /xingrg/all/function/internal_message.html?_=1665628563392&CODE_STATE=getMsg HTTP/1.1" 200 27
101.83.146.154 - - [13/Oct/2022:10:34:33 +0800] "GET /xingrg/all/function/internal_message.html?_=1665628475923&CODE_STATE=getMsg HTTP/1.1" 200 27
124.79.74.72 - - [13/Oct/2022:10:34:34 +0800] "GET /xingrg/check_reg.html?_=1665628473638 HTTP/1.1" 200 22
116.238.194.138 - - [13/Oct/2022:10:34:39 +0800] "GET /xingrg/all/function/internal_message.html?_=1665628479248&CODE_STATE=getMsg HTTP/1.1" 200 27
114.88.159.190 - - [13/Oct/2022:10:34:39 +0800] "GET /xingrg/kc/buy/cgsh_order_add.html HTTP/1.1" 200 69027
114.88.159.190 - - [13/Oct/2022:10:34:40 +0800] "POST /xingrg/kc/buy/cgsh_order_operate.html HTTP/1.1" 200 8245
114.88.159.190 - - [13/Oct/2022:10:34:40 +0800] "GET /xingrg/javascript/easyui/themes/default/validatebox.css HTTP/1.1" 404 1104
116.238.194.138 - - [13/Oct/2022:10:34:43 +0800] "GET /xingrg/kc/buy/cgsh_order_add.html HTTP/1.1" 200 69027
