58.37.5.200 - - [13/Oct/2022:11:59:54 +0800] "POST /xingrg/kc/base/wldb_order_operate.html HTTP/1.1" 200 5219
114.88.159.190 - - [13/Oct/2022:11:59:54 +0800] "GET /xingrg/kc/mdqp/pssh_order_info.html?code=312022101200274 HTTP/1.1" 200 14388
114.88.159.190 - - [13/Oct/2022:11:59:54 +0800] "GET /xingrg/javascript/jquery_tools/jquery-1.4.2.min.js HTTP/1.1" 404 1094
114.88.159.190 - - [13/Oct/2022:11:59:55 +0800] "POST /xingrg/kc/mdqp/pssh_order_operate.html HTTP/1.1" 200 1042
114.88.159.190 - - [13/Oct/2022:11:59:55 +0800] "GET /xingrg/javascript/easyui/themes/default/validatebox.css HTTP/1.1" 404 1104
116.228.172.94 - - [13/Oct/2022:11:59:55 +0800] "GET /xingrg/all/function/internal_message.html?_=1665633590061&CODE_STATE=getMsg HTTP/1.1" 200 27
114.88.159.190 - - [13/Oct/2022:11:59:57 +0800] "GET /xingrg/kc/print/load_data.html?order_code=312022101200274&kc_code=pssh&condition= HTTP/1.1" 200 820
120.253.135.82 - - [13/Oct/2022:11:59:57 +0800] "GET /xingrg/kc/buy/cgsh_order_operate.html?command=get_materiel&rest_code=00101&code=00102002881&supplier_code=00100135&order_time=2022-10-13 HTTP/1.1" 200 469
222.70.183.206 - - [13/Oct/2022:11:59:58 +0800] "GET /xingrg/all/function/internal_message.html?_=1665633597210&CODE_STATE=getMsg HTTP/1.1" 200 27
172.20.0.100 - - [13/Oct/2022:12:00:00 +0800] "GET /xingrg/check_reg.html?_=1665633599655 HTTP/1.1" 200 22
58.37.5.200 - - [13/Oct/2022:12:00:01 +0800] "GET /xingrg/javascript/auto/indicator.gif HTTP/1.1" 404 1066
116.238.194.138 - - [13/Oct/2022:12:00:02 +0800] "GET /xingrg/all/function/internal_message.html?_=1665633544097&CODE_STATE=getMsg HTTP/1.1" 200 27
114.88.159.190 - - [13/Oct/2022:12:00:04 +0800] "GET /xingrg/all/function/internal_message.html?_=1665633234894&CODE_STATE=getMsg HTTP/1.1" 200 27
58.37.5.200 - - [13/Oct/2022:12:00:07 +0800] "GET /xingrg/kc/base/wldb_order_operate.html?command=get_materiel&rest_code=00106&base_code=0010396&code=00101027001 HTTP/1.1" 200 471
124.79.74.72 - - [13/Oct/2022:12:00:08 +0800] "GET /xingrg/all/function/internal_message.html?_=1665633607296&CODE_STATE=getMsg HTTP/1.1" 200 27
114.88.159.190 - - [13/Oct/2022:12:00:09 +0800] "POST /xingrg/kc/mdqp/pssh_list_operate.html HTTP/1.1" 200 814
114.83.219.57 - - [13/Oct/2022:12:00:10 +0800] "GET /xingrg/all/function/internal_message.html?_=1665633707085&CODE_STATE=getMsg HTTP/1.1" 200 27
114.88.159.190 - - [13/Oct/2022:12:00:11 +0800] "GET /xingrg/kc/buy/buy_main.html HTTP/1.1" 200 12412
114.88.159.190 - - [13/Oct/2022:12:00:11 +0800] "GET /xingrg/css/new_ie.css HTTP/1.1" 404 1036
114.88.159.190 - - [13/Oct/2022:12:00:11 +0800] "GET /xingrg/images/yd/bt.gif HTTP/1.1" 404 1040
114.83.219.57 - - [13/Oct/2022:12:00:13 +0800] "GET /xingrg/all/function/internal_message.html?_=1665633611624&CODE_STATE=getMsg HTTP/1.1" 200 27
120.253.135.82 - - [13/Oct/2022:12:00:13 +0800] "GET /xingrg/login.html HTTP/1.1" 200 7641
101.83.146.154 - - [13/Oct/2022:12:00:13 +0800] "POST /xingrg/kc/buy/cgsh_order_operate.html HTTP/1.1" 200 37
120.253.135.82 - - [13/Oct/2022:12:00:13 +0800] "GET /xingrg/images/blue/jxLogo.png HTTP/1.1" 304 -
116.230.105.139 - - [13/Oct/2022:12:00:14 +0800] "GET /xingrg/all/function/internal_message.html?_=1665633613801&CODE_STATE=getMsg HTTP/1.1" 200 27
101.83.146.154 - - [13/Oct/2022:12:00:14 +0800] "POST /xingrg/kc/buy/cgsh_order_operate.html HTTP/1.1" 200 3265
120.253.135.82 - - [13/Oct/2022:12:00:14 +0800] "GET /xingrg/kc/buy/cgsh_order_operate.html?command=get_materiel&rest_code=00101&code=00102002448&supplier_code=00100135&order_time=2022-10-13 HTTP/1.1" 200 438
120.253.135.82 - - [13/Oct/2022:12:00:14 +0800] "GET /xingrg/images/blue/login_bg.png HTTP/1.1" 304 -
120.253.135.82 - - [13/Oct/2022:12:00:15 +0800] "GET /xingrg/images/blue/srbg.png HTTP/1.1" 304 -
120.253.135.82 - - [13/Oct/2022:12:00:15 +0800] "GET /xingrg/images/blue/hj.png HTTP/1.1" 304 -
114.88.159.190 - - [13/Oct/2022:12:00:15 +0800] "GET /xingrg/kc/mdqp/qp_main.html HTTP/1.1" 200 10633
120.253.135.82 - - [13/Oct/2022:12:00:15 +0800] "GET /favicon.ico HTTP/1.1" 404 -
101.83.146.154 - - [13/Oct/2022:12:00:15 +0800] "GET /xingrg/kc/print/load_data.html?order_code=212022101304049&kc_code=cgsh&condition= HTTP/1.1" 200 915
120.253.135.82 - - [13/Oct/2022:12:00:16 +0800] "POST /xingrg/all/common/load_select.html HTTP/1.1" 200 25
114.88.159.190 - - [13/Oct/2022:12:00:16 +0800] "GET /xingrg/kc/mdqp/pssh_order_list.html HTTP/1.1" 200 17860
114.88.159.190 - - [13/Oct/2022:12:00:16 +0800] "POST /xingrg/kc/mdqp/pssh_list_operate.html HTTP/1.1" 200 5425
101.83.146.154 - - [13/Oct/2022:12:00:18 +0800] "GET /xingrg/kc/buy/cgsh_order_add.html HTTP/1.1" 200 69109
101.83.146.154 - - [13/Oct/2022:12:00:19 +0800] "GET /xingrg/javascript/easyui/themes/default/validatebox.css HTTP/1.1" 404 1104
101.83.146.154 - - [13/Oct/2022:12:00:19 +0800] "POST /xingrg/kc/buy/cgsh_order_operate.html HTTP/1.1" 200 8245
120.253.135.82 - - [13/Oct/2022:12:00:21 +0800] "GET /xingrg/kc/buy/cgsh_order_operate.html?command=get_materiel_price&rest_code=00101&code=00102002448&unit_code=00100333&supplier_code=00100135&order_time=2022-10-13 HTTP/1.1" 200 29
124.79.243.136 - - [13/Oct/2022:12:00:21 +0800] "GET /xingrg/all/function/internal_message.html?_=1665633825573&CODE_STATE=getMsg HTTP/1.1" 200 27
58.37.5.200 - - [13/Oct/2022:12:00:21 +0800] "POST /xingrg/kc/base/wldb_order_operate.html HTTP/1.1" 200 37
58.37.5.200 - - [13/Oct/2022:12:00:22 +0800] "POST /xingrg/kc/base/wldb_order_operate.html HTTP/1.1" 200 5219
101.85.92.173 - - [13/Oct/2022:12:00:22 +0800] "GET /xingrg/all/function/internal_message.html?_=1665633622642&CODE_STATE=getMsg HTTP/1.1" 200 27
101.83.146.154 - - [13/Oct/2022:12:00:22 +0800] "GET /xingrg/all/function/internal_message.html?_=1665633476808&CODE_STATE=getMsg HTTP/1.1" 200 27
58.37.5.200 - - [13/Oct/2022:12:00:22 +0800] "GET /xingrg/kc/base/wldb_order_info.html?code=422022101300997 HTTP/1.1" 200 30412
58.37.5.200 - - [13/Oct/2022:12:00:23 +0800] "GET /xingrg/javascript/easyui/themes/default/validatebox.css HTTP/1.1" 404 1104
114.88.159.190 - - [13/Oct/2022:12:00:23 +0800] "POST /xingrg/kc/mdqp/pssh_list_operate.html HTTP/1.1" 200 658
58.37.5.200 - - [13/Oct/2022:12:00:23 +0800] "POST /xingrg/kc/base/wldb_order_operate.html HTTP/1.1" 200 5219
120.253.135.82 - - [13/Oct/2022:12:00:24 +0800] "POST /xingrg/login.do HTTP/1.1" 302 -
120.253.135.82 - - [13/Oct/2022:12:00:24 +0800] "GET /xingrg/index.html?sysBaseUrl=http%3A%2F%2F180.169.147.146%3A18081%2Fxingrg%2F&costTime=44×tamp=1665633624657 HTTP/1.1" 200 17173
120.253.135.82 - - [13/Oct/2022:12:00:24 +0800] "GET /xingrg/javascript/jquery_easy_ui/themes/default/easyui.css HTTP/1.1" 304 -
120.253.135.82 - - [13/Oct/2022:12:00:24 +0800] "GET /xingrg/javascript/jquery_easy_ui/themes/icon.css HTTP/1.1" 304 -
120.253.135.82 - - [13/Oct/2022:12:00:24 +0800] "GET /xingrg/css/form.css HTTP/1.1" 304 -
120.253.135.82 - - [13/Oct/2022:12:00:24 +0800] "GET /xingrg/javascript/jquery-1.4.2.min.js HTTP/1.1" 304 -
120.253.135.82 - - [13/Oct/2022:12:00:24 +0800] "GET /xingrg/javascript/jquery_easy_ui/jquery.easyui.min.js HTTP/1.1" 304 -
120.253.135.82 - - [13/Oct/2022:12:00:24 +0800] "GET /xingrg/javascript/jquery_easy_ui/easyui-lang-zh_CN.js HTTP/1.1" 304 -
120.253.135.82 - - [13/Oct/2022:12:00:24 +0800] "GET /xingrg/javascript/jquery.form.js HTTP/1.1" 304 -
120.253.135.82 - - [13/Oct/2022:12:00:24 +0800] "GET /xingrg/javascript/jquery.timers.js HTTP/1.1" 304 -
120.253.135.82 - - [13/Oct/2022:12:00:24 +0800] "GET /xingrg/javascript/jquery.utils.js HTTP/1.1" 304 -
120.253.135.82 - - [13/Oct/2022:12:00:24 +0800] "GET /favicon.ico HTTP/1.1" 404 -
120.253.135.82 - - [13/Oct/2022:12:00:24 +0800] "GET /xingrg/images/blue/navBackgound.jpg HTTP/1.1" 304 -
120.253.135.82 - - [13/Oct/2022:12:00:24 +0800] "GET /xingrg/javascript/jquery_easy_ui/themes/icons/settle_new.png HTTP/1.1" 304 -
120.253.135.82 - - [13/Oct/2022:12:00:25 +0800] "POST /xingrg/all/common/load_tree.html?tree=area_rest_tree_json&manage=1 HTTP/1.1" 200 344
120.253.135.82 - - [13/Oct/2022:12:00:25 +0800] "GET /xingrg/images/blue/pingpu.png HTTP/1.1" 304 -
120.253.135.82 - - [13/Oct/2022:12:00:25 +0800] "GET /xingrg/javascript/jquery_easy_ui/themes/default/images/tabs_rightarrow.png HTTP/1.1" 304 -
120.253.135.82 - - [13/Oct/2022:12:00:25 +0800] "GET /xingrg/javascript/jquery_easy_ui/themes/default/images/tabs_leftarrow.png HTTP/1.1" 304 -
120.253.135.82 - - [13/Oct/2022:12:00:25 +0800] "GET /xingrg/javascript/jquery_easy_ui/themes/default/images/panel_tool_collapse.gif HTTP/1.1" 304 -
120.253.135.82 - - [13/Oct/2022:12:00:25 +0800] "GET /xingrg/check_reg.html?_=1665633740161 HTTP/1.1" 200 22
120.253.135.82 - - [13/Oct/2022:12:00:25 +0800] "GET /xingrg/all/function/internal_message.html?_=1665633740160&CODE_STATE=count HTTP/1.1" 200 11
120.253.135.82 - - [13/Oct/2022:12:00:25 +0800] "GET /xingrg/javascript/jquery_easy_ui/themes/default/images/tree_arrows.gif HTTP/1.1" 304 -
120.253.135.82 - - [13/Oct/2022:12:00:25 +0800] "POST /xingrg/load_menu.html HTTP/1.1" 200 6743
116.230.105.139 - - [13/Oct/2022:12:00:25 +0800] "GET /xingrg/all/function/internal_message.html?_=1665633625158&CODE_STATE=getMsg HTTP/1.1" 200 27
58.37.5.200 - - [13/Oct/2022:12:00:25 +0800] "GET /xingrg/kc/base/base_main.html HTTP/1.1" 200 12142
120.253.135.82 - - [13/Oct/2022:12:00:25 +0800] "GET /xingrg/javascript/jquery_easy_ui/themes/default/images/tree_folder_open.gif HTTP/1.1" 304 -
120.253.135.82 - - [13/Oct/2022:12:00:25 +0800] "GET /xingrg/javascript/jquery_easy_ui/themes/icons/search_new.png HTTP/1.1" 304 -
120.253.135.82 - - [13/Oct/2022:12:00:25 +0800] "GET /xingrg/javascript/jquery_easy_ui/themes/icons/delivery_new.png HTTP/1.1" 304 -
120.253.135.82 - - [13/Oct/2022:12:00:25 +0800] "GET /xingrg/javascript/jquery_easy_ui/themes/icons/storage_new.png HTTP/1.1" 304 -
120.253.135.82 - - [13/Oct/2022:12:00:25 +0800] "GET /xingrg/javascript/jquery_easy_ui/themes/icons/forms_new.png HTTP/1.1" 304 -
120.253.135.82 - - [13/Oct/2022:12:00:25 +0800] "GET /xingrg/javascript/jquery_easy_ui/themes/default/images/tree_file.gif HTTP/1.1" 304 -
120.253.135.82 - - [13/Oct/2022:12:00:25 +0800] "GET /xingrg/javascript/jquery_easy_ui/themes/default/images/tree_folder.gif HTTP/1.1" 304 -
114.88.159.190 - - [13/Oct/2022:12:00:25 +0800] "GET /xingrg/kc/mdqp/pssh_order_info.html?code=312022101200273 HTTP/1.1" 200 17299
114.88.159.190 - - [13/Oct/2022:12:00:25 +0800] "GET /xingrg/javascript/jquery_tools/jquery-1.4.2.min.js HTTP/1.1" 404 1094
114.88.159.190 - - [13/Oct/2022:12:00:26 +0800] "POST /xingrg/kc/mdqp/pssh_order_operate.html HTTP/1.1" 200 2611
114.88.159.190 - - [13/Oct/2022:12:00:26 +0800] "GET /xingrg/javascript/easyui/themes/default/validatebox.css HTTP/1.1" 404 1104
221.239.141.151 - - [13/Oct/2022:12:00:26 +0800] "GET /xingrg/all/function/internal_message.html?_=1665633647517&CODE_STATE=getMsg HTTP/1.1" 200 27
114.88.159.190 - - [13/Oct/2022:12:00:29 +0800] "POST /xingrg/all/common/load_combo.html?type=employee HTTP/1.1" 200 362
120.253.135.82 - - [13/Oct/2022:12:00:29 +0800] "GET /xingrg/javascript/jquery_easy_ui/themes/default/images/tabs_close.gif HTTP/1.1" 304 -
120.253.135.82 - - [13/Oct/2022:12:00:29 +0800] "GET /xingrg/css/base.css HTTP/1.1" 304 -
120.253.135.82 - - [13/Oct/2022:12:00:29 +0800] "GET /xingrg/css/site.css HTTP/1.1" 304 -
120.253.135.82 - - [13/Oct/2022:12:00:29 +0800] "GET /xingrg/kc/buy/cgsh_order_list.html HTTP/1.1" 200 53245
120.253.135.82 - - [13/Oct/2022:12:00:29 +0800] "GET /xingrg/javascript/easyui/themes/default/easyui.css HTTP/1.1" 304 -
120.253.135.82 - - [13/Oct/2022:12:00:29 +0800] "GET /xingrg/javascript/easyui/themes/icon.css HTTP/1.1" 304 -
120.253.135.82 - - [13/Oct/2022:12:00:29 +0800] "GET /xingrg/javascript/jquery_tools/datebox.css HTTP/1.1" 304 -
120.253.135.82 - - [13/Oct/2022:12:00:29 +0800] "GET /xingrg/javascript/auto/jquery.autocomplete.css HTTP/1.1" 304 -
120.253.135.82 - - [13/Oct/2022:12:00:29 +0800] "GET /xingrg/javascript/jquery_tools/table.css HTTP/1.1" 304 -
120.253.135.82 - - [13/Oct/2022:12:00:29 +0800] "GET /xingrg/javascript/jquery_tools/fix.css HTTP/1.1" 304 -
120.253.135.82 - - [13/Oct/2022:12:00:29 +0800] "GET /xingrg/javascript/jquery_tools/jquery.tools.min.js HTTP/1.1" 304 -
120.253.135.82 - - [13/Oct/2022:12:00:29 +0800] "GET /xingrg/javascript/jquery_tools/jquery.tools.extend.js HTTP/1.1" 304 -
120.253.135.82 - - [13/Oct/2022:12:00:29 +0800] "GET /xingrg/javascript/jquery_tools/jquery.tools.table.js HTTP/1.1" 304 -
120.253.135.82 - - [13/Oct/2022:12:00:29 +0800] "GET /xingrg/javascript/jquery_tools/list_manager.js HTTP/1.1" 304 -
120.253.135.82 - - [13/Oct/2022:12:00:29 +0800] "GET /xingrg/javascript/auto/jquery.autocomplete.js HTTP/1.1" 304 -
120.253.135.82 - - [13/Oct/2022:12:00:29 +0800] "GET /xingrg/javascript/jquery_tools/jquery.tools.hotkey.js HTTP/1.1" 304 -
120.253.135.82 - - [13/Oct/2022:12:00:29 +0800] "GET /xingrg/javascript/jquery.cookie.js HTTP/1.1" 304 -
120.253.135.82 - - [13/Oct/2022:12:00:29 +0800] "GET /xingrg/javascript/easyui/easyloader.js HTTP/1.1" 304 -
120.253.135.82 - - [13/Oct/2022:12:00:29 +0800] "GET /xingrg/javascript/print/LodopFuncs.js HTTP/1.1" 304 -
101.83.146.154 - - [13/Oct/2022:12:00:30 +0800] "GET /xingrg/kc/buy/cgsh_order_operate.html?command=get_materiel&rest_code=00105&code=00101010241&supplier_code=00100323&order_time=2022-10-13 HTTP/1.1" 200 409
120.253.135.82 - - [13/Oct/2022:12:00:31 +0800] "GET /xingrg/javascript/easyui/themes/icons/edit_add_new.png HTTP/1.1" 304 -
120.253.135.82 - - [13/Oct/2022:12:00:31 +0800] "GET /xingrg/javascript/easyui/themes/icons/cance_new.png HTTP/1.1" 304 -
120.253.135.82 - - [13/Oct/2022:12:00:31 +0800] "GET /xingrg/javascript/easyui/themes/icons/check_new.png HTTP/1.1" 304 -
120.253.135.82 - - [13/Oct/2022:12:00:31 +0800] "GET /xingrg/javascript/easyui/themes/icons/field_new.png HTTP/1.1" 304 -
120.253.135.82 - - [13/Oct/2022:12:00:31 +0800] "GET /xingrg/javascript/easyui/themes/icons/import_new.png HTTP/1.1" 304 -
120.253.135.82 - - [13/Oct/2022:12:00:31 +0800] "GET /xingrg/javascript/jquery_easy_ui/themes/icons/manage.png HTTP/1.1" 304 -
120.253.135.82 - - [13/Oct/2022:12:00:31 +0800] "GET /xingrg/javascript/jquery_easy_ui/themes/icons/area.png HTTP/1.1" 304 -
120.253.135.82 - - [13/Oct/2022:12:00:31 +0800] "GET /xingrg/javascript/easyui/plugins/jquery.parser.js HTTP/1.1" 304 -
120.253.135.82 - - [13/Oct/2022:12:00:31 +0800] "GET /xingrg/images/control/ajaxLoader.gif HTTP/1.1" 304 -
101.83.146.154 - - [13/Oct/2022:12:00:31 +0800] "GET /xingrg/all/function/internal_message.html?_=1665633633910&CODE_STATE=getMsg HTTP/1.1" 200 27
120.253.135.82 - - [13/Oct/2022:12:00:34 +0800] "POST /xingrg/kc/buy/cgsh_order_operate.html HTTP/1.1" 200 37
120.253.135.82 - - [13/Oct/2022:12:00:34 +0800] "POST /xingrg/kc/buy/cgsh_list_operate.html HTTP/1.1" 200 1414
120.253.135.82 - - [13/Oct/2022:12:00:36 +0800] "POST /xingrg/kc/buy/cgsh_order_operate.html HTTP/1.1" 200 3294
120.253.135.82 - - [13/Oct/2022:12:00:37 +0800] "GET /xingrg/kc/print/load_config.html?kc_code=cgsh HTTP/1.1" 200 1943
120.253.135.82 - - [13/Oct/2022:12:00:37 +0800] "GET /xingrg/kc/print/load_data.html?order_code=212022101304050&kc_code=cgsh&condition= HTTP/1.1" 200 1011
116.238.194.138 - - [13/Oct/2022:12:00:39 +0800] "GET /xingrg/all/function/internal_message.html?_=1665633639751&CODE_STATE=getMsg HTTP/1.1" 200 27
116.238.194.138 - - [13/Oct/2022:12:00:39 +0800] "GET /xingrg/check_reg.html?_=1665633639754 HTTP/1.1" 200 22
120.253.135.82 - - [13/Oct/2022:12:00:39 +0800] "GET /xingrg/javascript/easyui/themes/default/images/button_plain_hover.png HTTP/1.1" 304 -
120.253.135.82 - - [13/Oct/2022:12:00:40 +0800] "GET /xingrg/javascript/jquery_tools/order_manager.js HTTP/1.1" 304 -
120.253.135.82 - - [13/Oct/2022:12:00:40 +0800] "GET /xingrg/javascript/pic_change.js HTTP/1.1" 304 -
120.253.135.82 - - [13/Oct/2022:12:00:40 +0800] "GET /xingrg/javascript/json2.js HTTP/1.1" 304 -
120.253.135.82 - - [13/Oct/2022:12:00:40 +0800] "GET /xingrg/javascript/convert.js HTTP/1.1" 304 -
120.253.135.82 - - [13/Oct/2022:12:00:40 +0800] "GET /xingrg/javascript/print/kc_print.js HTTP/1.1" 304 -
120.253.135.82 - - [13/Oct/2022:12:00:40 +0800] "GET /xingrg/kc/buy/cgsh_order_add.html HTTP/1.1" 200 68085
120.253.135.82 - - [13/Oct/2022:12:00:40 +0800] "GET /xingrg/words/20221013093351_words.js HTTP/1.1" 200 925346
120.253.135.82 - - [13/Oct/2022:12:00:40 +0800] "GET /xingrg/javascript/easyui/themes/icons/template_new.png HTTP/1.1" 304 -
120.253.135.82 - - [13/Oct/2022:12:00:40 +0800] "GET /xingrg/javascript/easyui/themes/icons/copy_new.png HTTP/1.1" 304 -
120.253.135.82 - - [13/Oct/2022:12:00:40 +0800] "GET /xingrg/javascript/easyui/themes/icons/ok.png HTTP/1.1" 304 -
120.253.135.82 - - [13/Oct/2022:12:00:40 +0800] "GET /xingrg/javascript/easyui/themes/default/images/menu_downarrow.png HTTP/1.1" 304 -
120.253.135.82 - - [13/Oct/2022:12:00:40 +0800] "GET /xingrg/javascript/easyui/themes/icons/print.png HTTP/1.1" 304 -
120.253.135.82 - - [13/Oct/2022:12:00:40 +0800] "GET /xingrg/javascript/easyui/themes/icons/cancel.png HTTP/1.1" 304 -
120.253.135.82 - - [13/Oct/2022:12:00:41 +0800] "POST /xingrg/kc/buy/cgsh_order_operate.html HTTP/1.1" 200 8245
120.253.135.82 - - [13/Oct/2022:12:00:41 +0800] "GET /xingrg/all/common/auto_word.html?type=employee&rest_code=00101 HTTP/1.1" 200 977
120.253.135.82 - - [13/Oct/2022:12:00:41 +0800] "GET /xingrg/all/common/auto_word.html?type=employee&rest_code=00101 HTTP/1.1" 200 977
120.253.135.82 - - [13/Oct/2022:12:00:41 +0800] "GET /xingrg/javascript/easyui/themes/icons/edit_remove.png HTTP/1.1" 304 -
120.253.135.82 - - [13/Oct/2022:12:00:41 +0800] "GET /xingrg/javascript/easyui/themes/default/validatebox.css HTTP/1.1" 404 1104
114.88.159.190 - - [13/Oct/2022:12:00:41 +0800] "POST /xingrg/kc/mdqp/pssh_order_operate.html HTTP/1.1" 200 37
120.253.135.82 - - [13/Oct/2022:12:00:41 +0800] "GET /xingrg/javascript/easyui/plugins/jquery.validatebox.js HTTP/1.1" 304 -
120.253.135.82 - - [13/Oct/2022:12:00:41 +0800] "GET /xingrg/javascript/easyui/plugins/jquery.numberbox.js HTTP/1.1" 304 -
120.253.135.82 - - [13/Oct/2022:12:00:42 +0800] "GET /xingrg/css/images/panel_loading.gif HTTP/1.1" 304 -
120.253.135.82 - - [13/Oct/2022:12:00:42 +0800] "POST /xingrg/all/common/load_combo.html?type=employee HTTP/1.1" 200 1752
114.88.159.190 - - [13/Oct/2022:12:00:42 +0800] "POST /xingrg/kc/mdqp/pssh_order_operate.html HTTP/1.1" 200 12
120.253.135.82 - - [13/Oct/2022:12:00:43 +0800] "GET /xingrg/check_reg.html?_=1665633438065 HTTP/1.1" 200 22
114.88.159.190 - - [13/Oct/2022:12:00:43 +0800] "GET /xingrg/kc/mdqp/pssh_order_info.html?code=312022101200273 HTTP/1.1" 200 14388
114.88.159.190 - - [13/Oct/2022:12:00:43 +0800] "GET /xingrg/javascript/jquery_tools/jquery-1.4.2.min.js HTTP/1.1" 404 1094
114.88.159.190 - - [13/Oct/2022:12:00:43 +0800] "POST /xingrg/kc/mdqp/pssh_order_operate.html HTTP/1.1" 200 2611
114.88.159.190 - - [13/Oct/2022:12:00:43 +0800] "GET /xingrg/javascript/easyui/themes/default/validatebox.css HTTP/1.1" 404 1104
101.83.146.154 - - [13/Oct/2022:12:00:43 +0800] "GET /xingrg/kc/buy/cgsh_order_operate.html?command=get_materiel&rest_code=00105&code=00101004017&supplier_code=00100323&order_time=2022-10-13 HTTP/1.1" 200 413
114.88.159.190 - - [13/Oct/2022:12:00:45 +0800] "GET /xingrg/kc/print/load_data.html?order_code=312022101200273&kc_code=pssh&condition= HTTP/1.1" 200 1358
221.239.141.151 - - [13/Oct/2022:12:00:47 +0800] "GET /xingrg/check_reg.html?_=1665633648885 HTTP/1.1" 200 22
116.230.114.213 - - [13/Oct/2022:12:00:50 +0800] "GET /xingrg/all/function/internal_message.html?_=1665633664351&CODE_STATE=getMsg HTTP/1.1" 200 27
120.253.135.82 - - [13/Oct/2022:12:00:50 +0800] "GET /xingrg/javascript/easyui/plugins/jquery.draggable.js HTTP/1.1" 304 -
120.253.135.82 - - [13/Oct/2022:12:00:50 +0800] "GET /xingrg/javascript/easyui/plugins/jquery.droppable.js HTTP/1.1" 304 -
120.253.135.82 - - [13/Oct/2022:12:00:50 +0800] "GET /xingrg/javascript/easyui/themes/default/tree.css HTTP/1.1" 404 1090
120.253.135.82 - - [13/Oct/2022:12:00:50 +0800] "GET /xingrg/javascript/easyui/plugins/jquery.tree.js HTTP/1.1" 304 -
120.253.135.82 - - [13/Oct/2022:12:00:50 +0800] "POST /xingrg/all/common/load_tree.html?tree=supplier_tree_json&isDelete=1 HTTP/1.1" 200 69161
120.253.135.82 - - [13/Oct/2022:12:00:51 +0800] "POST /xingrg/kc/buy/cgsh_order_operate.html HTTP/1.1" 200 37
120.253.135.82 - - [13/Oct/2022:12:00:52 +0800] "GET /xingrg/javascript/easyui/themes/default/images/tree_arrows.gif HTTP/1.1" 304 -
58.37.5.200 - - [13/Oct/2022:12:00:52 +0800] "GET /xingrg/all/function/internal_message.html?_=1665633650034&CODE_STATE=getMsg HTTP/1.1" 200 27
120.253.135.82 - - [13/Oct/2022:12:00:52 +0800] "GET /xingrg/javascript/easyui/themes/default/images/tree_folder_open.gif HTTP/1.1" 304 -
120.253.135.82 - - [13/Oct/2022:12:00:52 +0800] "GET /xingrg/javascript/easyui/themes/default/images/tree_folder.gif HTTP/1.1" 200 952
180.169.147.146 - - [13/Oct/2022:12:00:52 +0800] "GET /xingrg/all/function/internal_message.html?_=1665633644242&CODE_STATE=getMsg HTTP/1.1" 302 -
120.253.135.82 - - [13/Oct/2022:12:00:52 +0800] "GET /xingrg/javascript/easyui/themes/default/images/tree_file.gif HTTP/1.1" 200 118
180.169.147.146 - - [13/Oct/2022:12:00:52 +0800] "GET /xingrg/login.html HTTP/1.1" 200 7641
116.228.172.94 - - [13/Oct/2022:12:00:55 +0800] "GET /xingrg/all/function/internal_message.html?_=1665633650071&CODE_STATE=getMsg HTTP/1.1" 200 27
120.253.135.82 - - [13/Oct/2022:12:00:57 +0800] "POST /xingrg/kc/buy/cgsh_order_operate.html HTTP/1.1" 200 12
101.83.146.154 - - [13/Oct/2022:12:00:57 +0800] "GET /xingrg/kc/buy/cgsh_order_operate.html?command=get_materiel&rest_code=00105&code=00101010063&supplier_code=00100323&order_time=2022-10-13 HTTP/1.1" 200 409
222.70.183.206 - - [13/Oct/2022:12:00:58 +0800] "GET /xingrg/check_reg.html?_=1665633657215 HTTP/1.1" 200 22
222.70.183.206 - - [13/Oct/2022:12:00:58 +0800] "GET /xingrg/all/function/internal_message.html?_=1665633657211&CODE_STATE=getMsg HTTP/1.1" 200 27
120.253.135.82 - - [13/Oct/2022:12:01:02 +0800] "GET /xingrg/kc/buy/cgsh_order_info.html?code=212022101304050 HTTP/1.1" 200 62998
116.238.194.138 - - [13/Oct/2022:12:01:03 +0800] "GET /xingrg/all/function/internal_message.html?_=1665633604110&CODE_STATE=getMsg HTTP/1.1" 200 27
120.253.135.82 - - [13/Oct/2022:12:01:03 +0800] "GET /xingrg/javascript/easyui/themes/default/validatebox.css HTTP/1.1" 404 1104
120.253.135.82 - - [13/Oct/2022:12:01:04 +0800] "POST /xingrg/kc/buy/cgsh_order_operate.html HTTP/1.1" 200 1244
114.88.159.190 - - [13/Oct/2022:12:01:04 +0800] "GET /xingrg/all/function/internal_message.html?_=1665633294885&CODE_STATE=getMsg HTTP/1.1" 200 27
114.88.159.190 - - [13/Oct/2022:12:01:06 +0800] "GET /xingrg/kc/mdqp/qp_main.html HTTP/1.1" 200 10633
114.88.159.190 - - [13/Oct/2022:12:01:07 +0800] "GET /xingrg/images/yd/bt.gif HTTP/1.1" 404 1040
124.79.74.72 - - [13/Oct/2022:12:01:08 +0800] "GET /xingrg/all/function/internal_message.html?_=1665633667281&CODE_STATE=getMsg HTTP/1.1" 200 27
114.88.159.190 - - [13/Oct/2022:12:01:08 +0800] "GET /xingrg/kc/mdqp/pssh_order_list.html HTTP/1.1" 200 17860
114.88.159.190 - - [13/Oct/2022:12:01:08 +0800] "POST /xingrg/kc/mdqp/pssh_list_operate.html HTTP/1.1" 200 5450
120.253.135.82 - - [13/Oct/2022:12:01:08 +0800] "GET /xingrg/javascript/auto/indicator.gif HTTP/1.1" 404 1066
114.83.219.57 - - [13/Oct/2022:12:01:10 +0800] "GET /xingrg/all/function/internal_message.html?_=1665633767096&CODE_STATE=getMsg HTTP/1.1" 200 27
114.83.219.57 - - [13/Oct/2022:12:01:13 +0800] "GET /xingrg/all/function/internal_message.html?_=1665633671626&CODE_STATE=getMsg HTTP/1.1" 200 27
116.230.105.139 - - [13/Oct/2022:12:01:14 +0800] "GET /xingrg/all/function/internal_message.html?_=1665633673793&CODE_STATE=getMsg HTTP/1.1" 200 27
114.88.159.190 - - [13/Oct/2022:12:01:14 +0800] "POST /xingrg/kc/mdqp/pssh_list_operate.html HTTP/1.1" 200 346
101.83.146.154 - - [13/Oct/2022:12:01:16 +0800] "POST /xingrg/kc/buy/cgsh_order_operate.html HTTP/1.1" 200 37
101.83.146.154 - - [13/Oct/2022:12:01:17 +0800] "POST /xingrg/kc/buy/cgsh_order_operate.html HTTP/1.1" 200 3835
101.83.146.154 - - [13/Oct/2022:12:01:18 +0800] "GET /xingrg/kc/print/load_data.html?order_code=212022101304051&kc_code=cgsh&condition= HTTP/1.1" 200 1119
124.79.243.136 - - [13/Oct/2022:12:01:21 +0800] "GET /xingrg/all/function/internal_message.html?_=1665633885572&CODE_STATE=getMsg HTTP/1.1" 200 27
101.83.146.154 - - [13/Oct/2022:12:01:21 +0800] "GET /xingrg/kc/buy/cgsh_order_add.html HTTP/1.1" 200 69109
101.83.146.154 - - [13/Oct/2022:12:01:22 +0800] "POST /xingrg/kc/buy/cgsh_order_operate.html HTTP/1.1" 200 8245
101.83.146.154 - - [13/Oct/2022:12:01:22 +0800] "GET /xingrg/javascript/easyui/themes/default/validatebox.css HTTP/1.1" 404 1104
101.85.92.173 - - [13/Oct/2022:12:01:22 +0800] "GET /xingrg/all/function/internal_message.html?_=1665633682658&CODE_STATE=getMsg HTTP/1.1" 200 27
101.83.146.154 - - [13/Oct/2022:12:01:22 +0800] "GET /xingrg/check_reg.html?_=1665633536809 HTTP/1.1" 200 22
101.83.146.154 - - [13/Oct/2022:12:01:22 +0800] "GET /xingrg/all/function/internal_message.html?_=1665633536812&CODE_STATE=getMsg HTTP/1.1" 200 27
120.253.135.82 - - [13/Oct/2022:12:01:25 +0800] "GET /xingrg/kc/buy/cgsh_order_operate.html?command=get_materiel&rest_code=00101&code=00101013093&supplier_code=00100101&order_time=2022-10-13 HTTP/1.1" 200 428
120.253.135.82 - - [13/Oct/2022:12:01:25 +0800] "GET /xingrg/all/function/internal_message.html?_=1665633800182&CODE_STATE=getMsg HTTP/1.1" 200 27
116.230.105.139 - - [13/Oct/2022:12:01:25 +0800] "GET /xingrg/all/function/internal_message.html?_=1665633685153&CODE_STATE=getMsg HTTP/1.1" 200 27
221.239.141.151 - - [13/Oct/2022:12:01:26 +0800] "GET /xingrg/all/function/internal_message.html?_=1665633707519&CODE_STATE=getMsg HTTP/1.1" 200 27
221.239.141.151 - - [13/Oct/2022:12:01:26 +0800] "GET /xingrg/check_reg.html?_=1665633707523 HTTP/1.1" 200 22
101.83.146.154 - - [13/Oct/2022:12:01:31 +0800] "GET /xingrg/all/function/internal_message.html?_=1665633693880&CODE_STATE=getMsg HTTP/1.1" 200 27
101.83.146.154 - - [13/Oct/2022:12:01:36 +0800] "GET /xingrg/check_reg.html?_=1665633698217 HTTP/1.1" 200 22
101.83.146.154 - - [13/Oct/2022:12:01:37 +0800] "GET /xingrg/kc/buy/cgsh_order_operate.html?command=get_materiel&rest_code=00105&code=00101003011&supplier_code=00100348&order_time=2022-10-13 HTTP/1.1" 200 429
116.238.194.138 - - [13/Oct/2022:12:01:39 +0800] "GET /xingrg/all/function/internal_message.html?_=1665633699759&CODE_STATE=getMsg HTTP/1.1" 200 27
120.253.135.82 - - [13/Oct/2022:12:01:42 +0800] "POST /xingrg/kc/buy/cgsh_order_operate.html HTTP/1.1" 200 37
120.253.135.82 - - [13/Oct/2022:12:01:44 +0800] "POST /xingrg/kc/buy/cgsh_order_operate.html HTTP/1.1" 200 2672
116.230.114.213 - - [13/Oct/2022:12:01:47 +0800] "GET /xingrg/check_reg.html?_=1665633722024 HTTP/1.1" 200 22
120.253.135.82 - - [13/Oct/2022:12:01:48 +0800] "GET /xingrg/kc/buy/cgsh_order_add.html HTTP/1.1" 200 68085
120.253.135.82 - - [13/Oct/2022:12:01:49 +0800] "POST /xingrg/kc/buy/cgsh_order_operate.html HTTP/1.1" 200 8245
120.253.135.82 - - [13/Oct/2022:12:01:49 +0800] "GET /xingrg/javascript/easyui/themes/default/validatebox.css HTTP/1.1" 404 1104
116.230.114.213 - - [13/Oct/2022:12:01:50 +0800] "GET /xingrg/all/function/internal_message.html?_=1665633724363&CODE_STATE=getMsg HTTP/1.1" 200 27
101.83.146.154 - - [13/Oct/2022:12:01:50 +0800] "GET /xingrg/kc/buy/cgsh_order_operate.html?command=get_materiel&rest_code=00105&code=00101003031&supplier_code=00100348&order_time=2022-10-13 HTTP/1.1" 200 428
120.253.135.82 - - [13/Oct/2022:12:01:51 +0800] "POST /xingrg/all/common/load_combo.html?type=employee HTTP/1.1" 200 1752
58.37.5.200 - - [13/Oct/2022:12:01:52 +0800] "GET /xingrg/all/function/internal_message.html?_=1665633710011&CODE_STATE=getMsg HTTP/1.1" 200 27
180.169.147.146 - - [13/Oct/2022:12:01:52 +0800] "GET /xingrg/all/function/internal_message.html?_=1665633704245&CODE_STATE=getMsg HTTP/1.1" 302 -
180.169.147.146 - - [13/Oct/2022:12:01:52 +0800] "GET /xingrg/login.html HTTP/1.1" 200 7641
114.84.81.136 - - [13/Oct/2022:12:01:53 +0800] "GET /xingrg/all/function/internal_message.html?_=1665633714812&CODE_STATE=getMsg HTTP/1.1" 302 -
114.84.81.136 - - [13/Oct/2022:12:01:53 +0800] "GET /xingrg/check_reg.html?_=1665633714812 HTTP/1.1" 302 -
58.37.5.200 - - [13/Oct/2022:12:01:53 +0800] "GET /xingrg/check_reg.html?_=1665633711779 HTTP/1.1" 200 22
116.228.172.94 - - [13/Oct/2022:12:01:55 +0800] "GET /xingrg/all/function/internal_message.html?_=1665633710089&CODE_STATE=getMsg HTTP/1.1" 200 27
222.70.183.206 - - [13/Oct/2022:12:01:58 +0800] "GET /xingrg/all/function/internal_message.html?_=1665633717215&CODE_STATE=getMsg HTTP/1.1" 200 27
101.83.146.154 - - [13/Oct/2022:12:02:02 +0800] "POST /xingrg/kc/buy/cgsh_order_operate.html HTTP/1.1" 200 37
116.238.194.138 - - [13/Oct/2022:12:02:03 +0800] "GET /xingrg/all/function/internal_message.html?_=1665633664156&CODE_STATE=getMsg HTTP/1.1" 200 27
101.83.146.154 - - [13/Oct/2022:12:02:03 +0800] "POST /xingrg/kc/buy/cgsh_order_operate.html HTTP/1.1" 200 3286
114.88.159.190 - - [13/Oct/2022:12:02:04 +0800] "GET /xingrg/check_reg.html?_=1665633354898 HTTP/1.1" 200 22
114.88.159.190 - - [13/Oct/2022:12:02:04 +0800] "GET /xingrg/all/function/internal_message.html?_=1665633354899&CODE_STATE=getMsg HTTP/1.1" 200 27
101.83.146.154 - - [13/Oct/2022:12:02:04 +0800] "GET /xingrg/kc/print/load_data.html?order_code=212022101304053&kc_code=cgsh&condition= HTTP/1.1" 200 939
101.83.146.154 - - [13/Oct/2022:12:02:07 +0800] "GET /xingrg/kc/buy/cgsh_order_add.html HTTP/1.1" 200 69109
101.83.146.154 - - [13/Oct/2022:12:02:08 +0800] "GET /xingrg/javascript/easyui/themes/default/validatebox.css HTTP/1.1" 404 1104
101.83.146.154 - - [13/Oct/2022:12:02:08 +0800] "POST /xingrg/kc/buy/cgsh_order_operate.html HTTP/1.1" 200 8245
124.79.74.72 - - [13/Oct/2022:12:02:08 +0800] "GET /xingrg/all/function/internal_message.html?_=1665633727267&CODE_STATE=getMsg HTTP/1.1" 200 27
114.83.219.57 - - [13/Oct/2022:12:02:10 +0800] "GET /xingrg/all/function/internal_message.html?_=1665633827086&CODE_STATE=getMsg HTTP/1.1" 200 27
114.83.219.57 - - [13/Oct/2022:12:02:13 +0800] "GET /xingrg/all/function/internal_message.html?_=1665633731627&CODE_STATE=getMsg HTTP/1.1" 200 27
120.253.135.82 - - [13/Oct/2022:12:02:13 +0800] "GET /xingrg/kc/buy/cgsh_order_add.html HTTP/1.1" 200 68091
120.253.135.82 - - [13/Oct/2022:12:02:13 +0800] "POST /xingrg/kc/buy/cgsh_order_operate.html HTTP/1.1" 200 8245
120.253.135.82 - - [13/Oct/2022:12:02:14 +0800] "GET /xingrg/javascript/easyui/themes/default/validatebox.css HTTP/1.1" 404 1104
116.230.105.139 - - [13/Oct/2022:12:02:14 +0800] "GET /xingrg/all/function/internal_message.html?_=1665633733807&CODE_STATE=getMsg HTTP/1.1" 200 27
101.83.146.154 - - [13/Oct/2022:12:02:18 +0800] "GET /xingrg/kc/buy/cgsh_order_operate.html?command=get_materiel&rest_code=00105&code=00101008512&supplier_code=00100339&order_time=2022-10-13 HTTP/1.1" 200 413
124.79.243.136 - - [13/Oct/2022:12:02:21 +0800] "GET /xingrg/check_reg.html?_=1665633945566 HTTP/1.1" 200 22
124.79.243.136 - - [13/Oct/2022:12:02:21 +0800] "GET /xingrg/all/function/internal_message.html?_=1665633945567&CODE_STATE=getMsg HTTP/1.1" 200 27
101.85.92.173 - - [13/Oct/2022:12:02:22 +0800] "GET /xingrg/all/function/internal_message.html?_=1665633742644&CODE_STATE=getMsg HTTP/1.1" 200 27
101.83.146.154 - - [13/Oct/2022:12:02:22 +0800] "GET /xingrg/all/function/internal_message.html?_=1665633596799&CODE_STATE=getMsg HTTP/1.1" 200 27
120.253.135.82 - - [13/Oct/2022:12:02:23 +0800] "POST /xingrg/all/common/load_combo.html?type=employee HTTP/1.1" 200 1752
120.253.135.82 - - [13/Oct/2022:12:02:25 +0800] "GET /xingrg/all/function/internal_message.html?_=1665633860190&CODE_STATE=getMsg HTTP/1.1" 200 27
116.230.105.139 - - [13/Oct/2022:12:02:25 +0800] "GET /xingrg/all/function/internal_message.html?_=1665633745149&CODE_STATE=getMsg HTTP/1.1" 200 27
116.238.194.138 - - [13/Oct/2022:12:02:25 +0800] "GET /xingrg/kc/base/wldb_order_operate.html?command=get_materiel&rest_code=00150&base_code=0010445&code=00101013221 HTTP/1.1" 200 433
221.239.141.151 - - [13/Oct/2022:12:02:26 +0800] "GET /xingrg/all/function/internal_message.html?_=1665633767524&CODE_STATE=getMsg HTTP/1.1" 200 27
101.83.146.154 - - [13/Oct/2022:12:02:31 +0800] "GET /xingrg/all/function/internal_message.html?_=1665633753857&CODE_STATE=getMsg HTTP/1.1" 200 27
101.83.146.154 - - [13/Oct/2022:12:02:33 +0800] "POST /xingrg/kc/buy/cgsh_order_operate.html HTTP/1.1" 200 37
120.253.135.82 - - [13/Oct/2022:12:02:34 +0800] "GET /xingrg/kc/buy/cgsh_order_operate.html?command=get_materiel&rest_code=00101&code=00101020351&supplier_code=00100409&order_time=2022-10-13 HTTP/1.1" 200 438
116.238.194.138 - - [13/Oct/2022:12:02:39 +0800] "GET /xingrg/all/function/internal_message.html?_=1665633759773&CODE_STATE=getMsg HTTP/1.1" 200 27
101.83.146.154 - - [13/Oct/2022:12:02:40 +0800] "POST /xingrg/kc/buy/cgsh_order_operate.html HTTP/1.1" 200 2656
101.83.146.154 - - [13/Oct/2022:12:02:41 +0800] "GET /xingrg/kc/print/load_data.html?order_code=212022101304054&kc_code=cgsh&condition= HTTP/1.1" 200 669
101.83.146.154 - - [13/Oct/2022:12:02:44 +0800] "GET /xingrg/kc/buy/cgsh_order_add.html HTTP/1.1" 200 69109
101.83.146.154 - - [13/Oct/2022:12:02:45 +0800] "GET /xingrg/javascript/easyui/themes/default/validatebox.css HTTP/1.1" 404 1104
101.83.146.154 - - [13/Oct/2022:12:02:45 +0800] "POST /xingrg/kc/buy/cgsh_order_operate.html HTTP/1.1" 200 8245
120.253.135.82 - - [13/Oct/2022:12:02:49 +0800] "POST /xingrg/kc/buy/cgsh_order_operate.html HTTP/1.1" 200 37
116.230.114.213 - - [13/Oct/2022:12:02:50 +0800] "GET /xingrg/all/function/internal_message.html?_=1665633784377&CODE_STATE=getMsg HTTP/1.1" 200 27
120.253.135.82 - - [13/Oct/2022:12:02:51 +0800] "POST /xingrg/kc/buy/cgsh_order_operate.html HTTP/1.1" 200 2683
58.37.5.200 - - [13/Oct/2022:12:02:52 +0800] "GET /xingrg/all/function/internal_message.html?_=1665633769980&CODE_STATE=getMsg HTTP/1.1" 200 27
180.169.147.146 - - [13/Oct/2022:12:02:52 +0800] "GET /xingrg/all/function/internal_message.html?_=1665633764245&CODE_STATE=getMsg HTTP/1.1" 302 -
180.169.147.146 - - [13/Oct/2022:12:02:52 +0800] "GET /xingrg/login.html HTTP/1.1" 200 7641
120.253.135.82 - - [13/Oct/2022:12:02:53 +0800] "GET /xingrg/kc/print/load_data.html?order_code=212022101304055&kc_code=cgsh&condition= HTTP/1.1" 200 691
116.228.172.94 - - [13/Oct/2022:12:02:55 +0800] "GET /xingrg/all/function/internal_message.html?_=1665633770086&CODE_STATE=getMsg HTTP/1.1" 200 27
116.228.172.94 - - [13/Oct/2022:12:02:56 +0800] "GET /xingrg/check_reg.html?_=1665633770583 HTTP/1.1" 200 22
101.83.146.154 - - [13/Oct/2022:12:02:58 +0800] "GET /xingrg/kc/buy/cgsh_order_operate.html?command=get_materiel&rest_code=00105&code=00101020225&supplier_code=00100485&order_time=2022-10-13 HTTP/1.1" 200 417
222.70.183.206 - - [13/Oct/2022:12:02:58 +0800] "GET /xingrg/all/function/internal_message.html?_=1665633777216&CODE_STATE=getMsg HTTP/1.1" 200 27
116.238.194.138 - - [13/Oct/2022:12:03:03 +0800] "GET /xingrg/all/function/internal_message.html?_=1665633724169&CODE_STATE=getMsg HTTP/1.1" 200 27
116.238.194.138 - - [13/Oct/2022:12:03:03 +0800] "POST /xingrg/kc/base/wldb_order_operate.html HTTP/1.1" 200 37
114.88.159.190 - - [13/Oct/2022:12:03:04 +0800] "GET /xingrg/all/function/internal_message.html?_=1665633414886&CODE_STATE=getMsg HTTP/1.1" 200 27
116.238.194.138 - - [13/Oct/2022:12:03:06 +0800] "POST /xingrg/kc/base/wldb_order_operate.html HTTP/1.1" 200 12
116.238.194.138 - - [13/Oct/2022:12:03:06 +0800] "POST /xingrg/kc/base/wldb_order_operate.html HTTP/1.1" 200 5680
124.79.74.72 - - [13/Oct/2022:12:03:08 +0800] "GET /xingrg/all/function/internal_message.html?_=1665633787252&CODE_STATE=getMsg HTTP/1.1" 200 27
101.83.146.154 - - [13/Oct/2022:12:03:10 +0800] "POST /xingrg/kc/buy/cgsh_order_operate.html HTTP/1.1" 200 37
114.83.219.57 - - [13/Oct/2022:12:03:10 +0800] "GET /xingrg/check_reg.html?_=1665633887081 HTTP/1.1" 200 22
114.83.219.57 - - [13/Oct/2022:12:03:10 +0800] "GET /xingrg/all/function/internal_message.html?_=1665633887082&CODE_STATE=getMsg HTTP/1.1" 200 27
114.83.219.57 - - [13/Oct/2022:12:03:13 +0800] "GET /xingrg/all/function/internal_message.html?_=1665633791633&CODE_STATE=getMsg HTTP/1.1" 200 27
116.230.105.139 - - [13/Oct/2022:12:03:14 +0800] "GET /xingrg/check_reg.html?_=1665633793815 HTTP/1.1" 200 22
116.230.105.139 - - [13/Oct/2022:12:03:14 +0800] "GET /xingrg/all/function/internal_message.html?_=1665633793824&CODE_STATE=getMsg HTTP/1.1" 200 27
120.253.135.82 - - [13/Oct/2022:12:03:15 +0800] "GET /xingrg/kc/buy/cgsh_order_operate.html?command=get_materiel&rest_code=00101&code=00101013063&supplier_code=00100106&order_time=2022-10-13 HTTP/1.1" 200 432
101.83.146.154 - - [13/Oct/2022:12:03:16 +0800] "POST /xingrg/kc/buy/cgsh_order_operate.html HTTP/1.1" 200 2662
101.83.146.154 - - [13/Oct/2022:12:03:17 +0800] "GET /xingrg/kc/print/load_data.html?order_code=212022101304056&kc_code=cgsh&condition= HTTP/1.1" 200 669
101.83.146.154 - - [13/Oct/2022:12:03:20 +0800] "GET /xingrg/kc/buy/cgsh_order_add.html HTTP/1.1" 200 69109
101.83.146.154 - - [13/Oct/2022:12:03:20 +0800] "GET /xingrg/javascript/easyui/themes/default/validatebox.css HTTP/1.1" 404 1104
101.83.146.154 - - [13/Oct/2022:12:03:20 +0800] "POST /xingrg/kc/buy/cgsh_order_operate.html HTTP/1.1" 200 8245
124.79.243.136 - - [13/Oct/2022:12:03:21 +0800] "GET /xingrg/all/function/internal_message.html?_=1665634005564&CODE_STATE=getMsg HTTP/1.1" 200 27
101.85.92.173 - - [13/Oct/2022:12:03:22 +0800] "GET /xingrg/all/function/internal_message.html?_=1665633802643&CODE_STATE=getMsg HTTP/1.1" 200 27
101.83.146.154 - - [13/Oct/2022:12:03:22 +0800] "GET /xingrg/all/function/internal_message.html?_=1665633656800&CODE_STATE=getMsg HTTP/1.1" 200 27
120.253.135.82 - - [13/Oct/2022:12:03:25 +0800] "GET /xingrg/all/function/internal_message.html?_=1665633920203&CODE_STATE=getMsg HTTP/1.1" 200 27
116.230.105.139 - - [13/Oct/2022:12:03:25 +0800] "GET /xingrg/all/function/internal_message.html?_=1665633805167&CODE_STATE=getMsg HTTP/1.1" 200 27
116.230.105.139 - - [13/Oct/2022:12:03:25 +0800] "GET /xingrg/check_reg.html?_=1665633805245 HTTP/1.1" 200 22
221.239.141.151 - - [13/Oct/2022:12:03:26 +0800] "GET /xingrg/all/function/internal_message.html?_=1665633827524&CODE_STATE=getMsg HTTP/1.1" 200 27
116.238.194.138 - - [13/Oct/2022:12:03:30 +0800] "GET /xingrg/kc/base/wldb_order_info.html?code=422022101301008 HTTP/1.1" 200 26284
116.238.194.138 - - [13/Oct/2022:12:03:31 +0800] "GET /xingrg/javascript/easyui/themes/default/validatebox.css HTTP/1.1" 404 1104
116.238.194.138 - - [13/Oct/2022:12:03:31 +0800] "POST /xingrg/kc/base/wldb_order_operate.html HTTP/1.1" 200 3898
101.83.146.154 - - [13/Oct/2022:12:03:31 +0800] "GET /xingrg/all/function/internal_message.html?_=1665633813827&CODE_STATE=getMsg HTTP/1.1" 200 27
120.253.135.82 - - [13/Oct/2022:12:03:37 +0800] "GET /xingrg/kc/buy/cgsh_order_operate.html?command=get_materiel&rest_code=00101&code=00101019755&supplier_code=00100106&order_time=2022-10-13 HTTP/1.1" 200 414
116.238.194.138 - - [13/Oct/2022:12:03:39 +0800] "GET /xingrg/all/function/internal_message.html?_=1665633819787&CODE_STATE=getMsg HTTP/1.1" 200 27
180.163.29.103 - - [13/Oct/2022:12:03:45 +0800] "GET /xingrg/kc/base/wldb_order_list.html HTTP/1.1" 302 -
180.163.29.103 - - [13/Oct/2022:12:03:45 +0800] "GET /xingrg/login.html HTTP/1.1" 200 7641
180.163.30.85 - - [13/Oct/2022:12:03:47 +0800] "GET /xingrg/all/function/internal_message.html?_=1665629871453&CODE_STATE=getMsg HTTP/1.1" 302 -
180.163.30.85 - - [13/Oct/2022:12:03:47 +0800] "GET /xingrg/login.html HTTP/1.1" 200 7641
116.230.114.213 - - [13/Oct/2022:12:03:50 +0800] "GET /xingrg/all/function/internal_message.html?_=1665633844390&CODE_STATE=getMsg HTTP/1.1" 200 27
116.238.194.138 - - [13/Oct/2022:12:03:50 +0800] "GET /xingrg/kc/base/wldb_order_add.html HTTP/1.1" 200 30403
116.238.194.138 - - [13/Oct/2022:12:03:51 +0800] "GET /xingrg/javascript/easyui/themes/default/validatebox.css HTTP/1.1" 404 1104
116.238.194.138 - - [13/Oct/2022:12:03:51 +0800] "POST /xingrg/kc/base/wldb_order_operate.html HTTP/1.1" 200 6806
58.37.5.200 - - [13/Oct/2022:12:03:52 +0800] "GET /xingrg/all/function/internal_message.html?_=1665633829961&CODE_STATE=getMsg HTTP/1.1" 200 27
180.169.147.146 - - [13/Oct/2022:12:03:52 +0800] "GET /xingrg/all/function/internal_message.html?_=1665633824247&CODE_STATE=getMsg HTTP/1.1" 302 -
180.169.147.146 - - [13/Oct/2022:12:03:52 +0800] "GET /xingrg/login.html HTTP/1.1" 200 7641
120.253.135.82 - - [13/Oct/2022:12:03:52 +0800] "GET /xingrg/kc/buy/cgsh_order_operate.html?command=get_materiel&rest_code=00101&code=00101013168&supplier_code=00100106&order_time=2022-10-13 HTTP/1.1" 200 432
116.228.172.94 - - [13/Oct/2022:12:03:55 +0800] "GET /xingrg/all/function/internal_message.html?_=1665633830073&CODE_STATE=getMsg HTTP/1.1" 200 27
222.70.183.206 - - [13/Oct/2022:12:03:58 +0800] "GET /xingrg/all/function/internal_message.html?_=1665633837218&CODE_STATE=getMsg HTTP/1.1" 200 27
101.83.146.154 - - [13/Oct/2022:12:03:59 +0800] "GET /xingrg/kc/buy/cgsh_order_operate.html?command=get_materiel&rest_code=00105&code=00101021027&supplier_code=00100479&order_time=2022-10-13 HTTP/1.1" 200 414
120.253.135.82 - - [13/Oct/2022:12:04:00 +0800] "POST /xingrg/kc/buy/cgsh_order_operate.html HTTP/1.1" 200 37
116.238.194.138 - - [13/Oct/2022:12:04:01 +0800] "GET /xingrg/check_reg.html?_=1665633782767 HTTP/1.1" 200 22
116.238.194.138 - - [13/Oct/2022:12:04:03 +0800] "GET /xingrg/all/function/internal_message.html?_=1665633784182&CODE_STATE=getMsg HTTP/1.1" 200 27
120.253.135.82 - - [13/Oct/2022:12:04:04 +0800] "POST /xingrg/kc/buy/cgsh_order_operate.html HTTP/1.1" 200 12
114.88.159.190 - - [13/Oct/2022:12:04:04 +0800] "GET /xingrg/all/function/internal_message.html?_=1665633474889&CODE_STATE=getMsg HTTP/1.1" 200 27
116.238.194.138 - - [13/Oct/2022:12:04:04 +0800] "GET /xingrg/kc/base/wldb_order_operate.html?command=get_materiel&rest_code=00150&base_code=0010446&code=00102002006 HTTP/1.1" 200 469
120.253.135.82 - - [13/Oct/2022:12:04:05 +0800] "GET /xingrg/kc/buy/cgsh_order_info.html?code=212022101304055 HTTP/1.1" 200 62994
114.84.81.136 - - [13/Oct/2022:12:04:05 +0800] "GET /xingrg/all/function/internal_message.html?_=1665633847104&CODE_STATE=getMsg HTTP/1.1" 302 -
120.253.135.82 - - [13/Oct/2022:12:04:05 +0800] "GET /xingrg/kc/buy/cgsh_order_operate.html?command=get_materiel&rest_code=00101&code=00101013229&supplier_code=00100106&order_time=2022-10-13 HTTP/1.1" 200 432
120.253.135.82 - - [13/Oct/2022:12:04:06 +0800] "GET /xingrg/javascript/easyui/themes/default/validatebox.css HTTP/1.1" 404 1104
120.253.135.82 - - [13/Oct/2022:12:04:07 +0800] "POST /xingrg/kc/buy/cgsh_order_operate.html HTTP/1.1" 200 633
124.79.74.72 - - [13/Oct/2022:12:04:08 +0800] "GET /xingrg/all/function/internal_message.html?_=1665633847238&CODE_STATE=getMsg HTTP/1.1" 200 27
101.83.146.154 - - [13/Oct/2022:12:04:10 +0800] "POST /xingrg/kc/buy/cgsh_order_operate.html HTTP/1.1" 200 37
114.83.219.57 - - [13/Oct/2022:12:04:10 +0800] "GET /xingrg/all/function/internal_message.html?_=1665633947081&CODE_STATE=getMsg HTTP/1.1" 200 27
116.238.194.138 - - [13/Oct/2022:12:04:11 +0800] "POST /xingrg/kc/base/wldb_order_operate.html HTTP/1.1" 200 37
101.83.146.154 - - [13/Oct/2022:12:04:11 +0800] "POST /xingrg/kc/buy/cgsh_order_operate.html HTTP/1.1" 200 2661
101.83.146.154 - - [13/Oct/2022:12:04:12 +0800] "GET /xingrg/kc/print/load_data.html?order_code=212022101304057&kc_code=cgsh&condition= HTTP/1.1" 200 677
120.253.135.82 - - [13/Oct/2022:12:04:12 +0800] "POST /xingrg/kc/buy/cgsh_list_operate.html HTTP/1.1" 200 1863
114.83.219.57 - - [13/Oct/2022:12:04:13 +0800] "GET /xingrg/check_reg.html?_=1665633851633 HTTP/1.1" 200 22
114.83.219.57 - - [13/Oct/2022:12:04:13 +0800] "GET /xingrg/all/function/internal_message.html?_=1665633851636&CODE_STATE=getMsg HTTP/1.1" 200 27
116.238.194.138 - - [13/Oct/2022:12:04:13 +0800] "POST /xingrg/kc/base/wldb_order_operate.html HTTP/1.1" 200 12
116.238.194.138 - - [13/Oct/2022:12:04:13 +0800] "POST /xingrg/kc/base/wldb_order_operate.html HTTP/1.1" 200 2211
116.230.105.139 - - [13/Oct/2022:12:04:14 +0800] "GET /xingrg/all/function/internal_message.html?_=1665633853804&CODE_STATE=getMsg HTTP/1.1" 200 27
101.83.146.154 - - [13/Oct/2022:12:04:15 +0800] "GET /xingrg/kc/buy/cgsh_order_add.html HTTP/1.1" 200 69109
120.253.135.82 - - [13/Oct/2022:12:04:15 +0800] "POST /xingrg/kc/buy/cgsh_list_operate.html HTTP/1.1" 200 204
101.83.146.154 - - [13/Oct/2022:12:04:15 +0800] "POST /xingrg/kc/buy/cgsh_order_operate.html HTTP/1.1" 200 8245
101.83.146.154 - - [13/Oct/2022:12:04:15 +0800] "GET /xingrg/javascript/easyui/themes/default/validatebox.css HTTP/1.1" 404 1104
116.238.194.138 - - [13/Oct/2022:12:04:16 +0800] "GET /xingrg/kc/base/wldb_order_info.html?code=422022101301009 HTTP/1.1" 200 26281
116.238.194.138 - - [13/Oct/2022:12:04:17 +0800] "GET /xingrg/javascript/easyui/themes/default/validatebox.css HTTP/1.1" 404 1104
116.238.194.138 - - [13/Oct/2022:12:04:17 +0800] "POST /xingrg/kc/base/wldb_order_operate.html HTTP/1.1" 200 505
116.238.194.138 - - [13/Oct/2022:12:04:21 +0800] "GET /xingrg/kc/base/wldb_order_add.html HTTP/1.1" 200 30403
124.79.243.136 - - [13/Oct/2022:12:04:21 +0800] "GET /xingrg/all/function/internal_message.html?_=1665634065562&CODE_STATE=getMsg HTTP/1.1" 200 27
116.238.194.138 - - [13/Oct/2022:12:04:21 +0800] "GET /xingrg/javascript/easyui/themes/default/validatebox.css HTTP/1.1" 404 1104
116.238.194.138 - - [13/Oct/2022:12:04:21 +0800] "POST /xingrg/kc/base/wldb_order_operate.html HTTP/1.1" 200 6806
101.85.92.173 - - [13/Oct/2022:12:04:22 +0800] "GET /xingrg/all/function/internal_message.html?_=1665633862643&CODE_STATE=getMsg HTTP/1.1" 200 27
101.83.146.154 - - [13/Oct/2022:12:04:22 +0800] "GET /xingrg/all/function/internal_message.html?_=1665633716800&CODE_STATE=getMsg HTTP/1.1" 200 27
101.85.92.173 - - [13/Oct/2022:12:04:22 +0800] "GET /xingrg/check_reg.html?_=1665633862645 HTTP/1.1" 200 22
120.253.135.82 - - [13/Oct/2022:12:04:24 +0800] "GET /xingrg/kc/pszx/mdps_order_list.html?orderType=0 HTTP/1.1" 200 21048
120.253.135.82 - - [13/Oct/2022:12:04:24 +0800] "POST /xingrg/kc/pszx/mdps_list_operate.html HTTP/1.1" 200 5284
120.253.135.82 - - [13/Oct/2022:12:04:25 +0800] "GET /xingrg/all/function/internal_message.html?_=1665633980217&CODE_STATE=getMsg HTTP/1.1" 200 27
116.230.105.139 - - [13/Oct/2022:12:04:25 +0800] "GET /xingrg/all/function/internal_message.html?_=1665633865159&CODE_STATE=getMsg HTTP/1.1" 200 27
221.239.141.151 - - [13/Oct/2022:12:04:26 +0800] "GET /xingrg/all/function/internal_message.html?_=1665633887510&CODE_STATE=getMsg HTTP/1.1" 200 27
120.253.135.82 - - [13/Oct/2022:12:04:26 +0800] "POST /xingrg/kc/buy/cgsh_order_operate.html HTTP/1.1" 200 37
101.83.146.154 - - [13/Oct/2022:12:04:29 +0800] "GET /xingrg/kc/buy/cgsh_order_operate.html?command=get_materiel&rest_code=00105&code=00101015128&supplier_code=00100565&order_time=2022-10-13 HTTP/1.1" 200 421
101.83.146.154 - - [13/Oct/2022:12:04:31 +0800] "GET /xingrg/all/function/internal_message.html?_=1665633873808&CODE_STATE=getMsg HTTP/1.1" 200 27
116.238.194.138 - - [13/Oct/2022:12:04:32 +0800] "GET /xingrg/kc/base/wldb_order_operate.html?command=get_materiel&rest_code=00150&base_code=0010446&code=00102002685 HTTP/1.1" 200 458
120.253.135.82 - - [13/Oct/2022:12:04:32 +0800] "POST /xingrg/kc/buy/cgsh_order_operate.html HTTP/1.1" 200 4454
116.238.194.138 - - [13/Oct/2022:12:04:33 +0800] "POST /xingrg/all/common/load_select.html HTTP/1.1" 200 25
124.79.74.72 - - [13/Oct/2022:12:04:34 +0800] "GET /xingrg/check_reg.html?_=1665633873645 HTTP/1.1" 200 22
120.253.135.82 - - [13/Oct/2022:12:04:35 +0800] "POST /xingrg/kc/pszx/mdps_list_operate.html HTTP/1.1" 200 2806
116.238.194.138 - - [13/Oct/2022:12:04:36 +0800] "GET /xingrg/kc/base/wldb_order_operate.html?command=get_materiel_price&rest_code=00150&base_code=0010446&code=00102002685&unit_code=00100347 HTTP/1.1" 200 36
120.253.135.82 - - [13/Oct/2022:12:04:37 +0800] "POST /xingrg/kc/pszx/mdps_list_operate.html HTTP/1.1" 200 635
120.253.135.82 - - [13/Oct/2022:12:04:38 +0800] "GET /xingrg/kc/pszx/mdps_order_info.html?code=312022101300287 HTTP/1.1" 200 23978
120.253.135.82 - - [13/Oct/2022:12:04:38 +0800] "GET /xingrg/javascript/easyui/themes/default/validatebox.css HTTP/1.1" 404 1104
116.238.194.138 - - [13/Oct/2022:12:04:39 +0800] "GET /xingrg/kc/base/wldb_order_operate.html?command=get_materiel_price&rest_code=00150&base_code=0010446&code=00102002685&unit_code=00100348 HTTP/1.1" 200 36
120.253.135.82 - - [13/Oct/2022:12:04:39 +0800] "POST /xingrg/kc/pszx/mdps_order_operate.html HTTP/1.1" 200 7333
101.83.146.154 - - [13/Oct/2022:12:04:39 +0800] "POST /xingrg/kc/buy/cgsh_order_operate.html HTTP/1.1" 200 37
116.238.194.138 - - [13/Oct/2022:12:04:39 +0800] "GET /xingrg/all/function/internal_message.html?_=1665633879786&CODE_STATE=getMsg HTTP/1.1" 200 27
120.253.135.82 - - [13/Oct/2022:12:04:43 +0800] "POST /xingrg/kc/buy/cgsh_order_operate.html HTTP/1.1" 200 37
120.253.135.82 - - [13/Oct/2022:12:04:44 +0800] "POST /xingrg/kc/buy/cgsh_order_operate.html HTTP/1.1" 200 4454
116.238.194.138 - - [13/Oct/2022:12:04:46 +0800] "GET /xingrg/kc/base/wldb_order_operate.html?command=get_materiel&rest_code=00150&base_code=0010446&code=00102002269 HTTP/1.1" 200 433
101.83.146.154 - - [13/Oct/2022:12:04:46 +0800] "POST /xingrg/kc/buy/cgsh_order_operate.html HTTP/1.1" 200 2665
101.83.146.154 - - [13/Oct/2022:12:04:47 +0800] "GET /xingrg/kc/print/load_data.html?order_code=212022101304059&kc_code=cgsh&condition= HTTP/1.1" 200 669
120.253.135.82 - - [13/Oct/2022:12:04:49 +0800] "POST /xingrg/kc/pszx/mdps_order_operate.html HTTP/1.1" 200 37
120.253.135.82 - - [13/Oct/2022:12:04:50 +0800] "GET /xingrg/kc/pszx/mdps_order_info.html?code=312022101300287 HTTP/1.1" 200 23978
