116.238.194.138 - - [13/Oct/2022:10:34:44 +0800] "POST /xingrg/kc/buy/cgsh_order_operate.html HTTP/1.1" 200 8245
116.238.194.138 - - [13/Oct/2022:10:34:44 +0800] "GET /xingrg/javascript/easyui/themes/default/validatebox.css HTTP/1.1" 404 1104
116.238.194.138 - - [13/Oct/2022:10:34:45 +0800] "GET /xingrg/kc/base/wldb_order_list.html HTTP/1.1" 200 19186
116.238.194.138 - - [13/Oct/2022:10:34:46 +0800] "POST /xingrg/kc/base/wldb_list_operate.html HTTP/1.1" 200 928
116.238.194.138 - - [13/Oct/2022:10:34:47 +0800] "GET /xingrg/kc/base/wldb_order_add.html HTTP/1.1" 200 30403
114.83.219.23 - - [13/Oct/2022:10:34:47 +0800] "GET /xingrg/kc/buy/cgsh_order_operate.html?command=get_materiel&rest_code=00149&code=00101012051&supplier_code=00100036&order_time=2022-10-13 HTTP/1.1" 200 408
116.238.194.138 - - [13/Oct/2022:10:34:47 +0800] "POST /xingrg/kc/base/wldb_order_operate.html HTTP/1.1" 200 6806
116.238.194.138 - - [13/Oct/2022:10:34:48 +0800] "GET /xingrg/javascript/easyui/themes/default/validatebox.css HTTP/1.1" 404 1104
116.230.114.213 - - [13/Oct/2022:10:34:48 +0800] "GET /xingrg/all/function/internal_message.html?_=1665628502299&CODE_STATE=getMsg HTTP/1.1" 200 27
114.83.219.23 - - [13/Oct/2022:10:34:49 +0800] "GET /xingrg/all/function/internal_message.html?_=1665628488210&CODE_STATE=getMsg HTTP/1.1" 200 27
58.37.5.200 - - [13/Oct/2022:10:34:53 +0800] "GET /xingrg/all/function/internal_message.html?_=1665628491949&CODE_STATE=getMsg HTTP/1.1" 200 27
116.228.172.94 - - [13/Oct/2022:10:34:56 +0800] "GET /xingrg/all/function/internal_message.html?_=1665628490324&CODE_STATE=getMsg HTTP/1.1" 200 27
114.83.219.23 - - [13/Oct/2022:10:34:56 +0800] "GET /xingrg/kc/buy/cgsh_order_operate.html?command=get_materiel&rest_code=00149&code=00101012030&supplier_code=00100036&order_time=2022-10-13 HTTP/1.1" 200 416
180.169.147.146 - - [13/Oct/2022:10:34:57 +0800] "POST /xingrg/dwr/call/plaincall/AjaxReportQueryService.refreshCache.dwr HTTP/1.1" 200 78
180.169.147.146 - - [13/Oct/2022:10:34:58 +0800] "POST /xingrg/all/report/load_report_page.html HTTP/1.1" 200 49471
180.169.147.146 - - [13/Oct/2022:10:34:58 +0800] "GET /xingrg/servlets/image?cache=0.9643936123684073&image=px HTTP/1.1" 200 807
222.70.183.206 - - [13/Oct/2022:10:34:58 +0800] "GET /xingrg/all/function/internal_message.html?_=1665628497107&CODE_STATE=getMsg HTTP/1.1" 200 27
172.20.0.100 - - [13/Oct/2022:10:35:01 +0800] "GET /xingrg/check_reg.html?_=1665628500106 HTTP/1.1" 200 22
116.238.194.138 - - [13/Oct/2022:10:35:01 +0800] "GET /xingrg/kc/base/wldb_order_operate.html?command=get_materiel&rest_code=00150&base_code=0010446&code=00102001146 HTTP/1.1" 200 444
116.238.194.138 - - [13/Oct/2022:10:35:01 +0800] "GET /xingrg/all/function/internal_message.html?_=1665628442318&CODE_STATE=getMsg HTTP/1.1" 200 27
116.238.194.138 - - [13/Oct/2022:10:35:02 +0800] "POST /xingrg/all/common/load_select.html HTTP/1.1" 200 25
114.83.219.23 - - [13/Oct/2022:10:35:04 +0800] "POST /xingrg/kc/buy/cgsh_order_operate.html HTTP/1.1" 200 37
116.238.194.138 - - [13/Oct/2022:10:35:04 +0800] "GET /xingrg/kc/base/wldb_order_operate.html?command=get_materiel_price&rest_code=00150&base_code=0010446&code=00102001146&unit_code=00100319 HTTP/1.1" 200 35
114.88.159.190 - - [13/Oct/2022:10:35:08 +0800] "GET /xingrg/kc/buy/cgsh_order_operate.html?command=get_materiel&rest_code=00141&code=00101012038&supplier_code=00100036&order_time=2022-10-13 HTTP/1.1" 200 412
114.83.219.23 - - [13/Oct/2022:10:35:08 +0800] "POST /xingrg/kc/buy/cgsh_order_operate.html HTTP/1.1" 200 12
114.83.219.23 - - [13/Oct/2022:10:35:09 +0800] "GET /xingrg/kc/buy/cgsh_order_info.html?code=212022101304027 HTTP/1.1" 200 64020
124.79.74.72 - - [13/Oct/2022:10:35:10 +0800] "GET /xingrg/all/function/internal_message.html?_=1665628509138&CODE_STATE=getMsg HTTP/1.1" 200 27
114.83.219.23 - - [13/Oct/2022:10:35:10 +0800] "GET /xingrg/javascript/easyui/themes/default/validatebox.css HTTP/1.1" 404 1104
114.83.219.23 - - [13/Oct/2022:10:35:10 +0800] "POST /xingrg/kc/buy/cgsh_order_operate.html HTTP/1.1" 200 1792
116.238.194.138 - - [13/Oct/2022:10:35:10 +0800] "GET /xingrg/kc/base/wldb_order_operate.html?command=get_materiel&rest_code=00150&base_code=0010446&code=00102001093 HTTP/1.1" 200 429
116.238.194.138 - - [13/Oct/2022:10:35:12 +0800] "POST /xingrg/all/common/load_select.html HTTP/1.1" 200 12
114.88.159.190 - - [13/Oct/2022:10:35:12 +0800] "GET /xingrg/all/function/internal_message.html?_=1665628143140&CODE_STATE=getMsg HTTP/1.1" 200 27
180.169.147.146 - - [13/Oct/2022:10:35:13 +0800] "GET /xingrg/all/function/internal_message.html?_=1665628513247&CODE_STATE=getMsg HTTP/1.1" 200 27
116.230.105.139 - - [13/Oct/2022:10:35:14 +0800] "GET /xingrg/all/function/internal_message.html?_=1665628513802&CODE_STATE=getMsg HTTP/1.1" 200 27
116.238.194.138 - - [13/Oct/2022:10:35:14 +0800] "GET /xingrg/kc/base/wldb_order_operate.html?command=get_materiel_price&rest_code=00150&base_code=0010446&code=00102001093&unit_code=00100002 HTTP/1.1" 200 34
114.83.219.23 - - [13/Oct/2022:10:35:14 +0800] "GET /xingrg/kc/print/load_data.html?order_code=212022101304027&kc_code=cgsh&condition= HTTP/1.1" 200 1227
114.83.219.23 - - [13/Oct/2022:10:35:19 +0800] "GET /xingrg/kc/buy/cgsh_order_add.html HTTP/1.1" 200 69115
114.83.219.23 - - [13/Oct/2022:10:35:19 +0800] "POST /xingrg/kc/buy/cgsh_order_operate.html HTTP/1.1" 200 8245
114.83.219.23 - - [13/Oct/2022:10:35:20 +0800] "GET /xingrg/javascript/easyui/themes/default/validatebox.css HTTP/1.1" 404 1104
124.79.243.136 - - [13/Oct/2022:10:35:21 +0800] "GET /xingrg/all/function/internal_message.html?_=1665628725428&CODE_STATE=getMsg HTTP/1.1" 200 27
101.83.146.154 - - [13/Oct/2022:10:35:22 +0800] "GET /xingrg/all/function/internal_message.html?_=1665628376721&CODE_STATE=getMsg HTTP/1.1" 200 27
114.88.159.190 - - [13/Oct/2022:10:35:25 +0800] "GET /xingrg/kc/buy/cgsh_order_operate.html?command=get_materiel&rest_code=00141&code=00101011005&supplier_code=00100036&order_time=2022-10-13 HTTP/1.1" 200 428
221.239.141.151 - - [13/Oct/2022:10:35:26 +0800] "GET /xingrg/all/function/internal_message.html?_=1665628547460&CODE_STATE=getMsg HTTP/1.1" 200 27
114.83.219.57 - - [13/Oct/2022:10:35:27 +0800] "GET /xingrg/all/function/internal_message.html?_=1665628623389&CODE_STATE=getMsg HTTP/1.1" 200 27
114.83.219.57 - - [13/Oct/2022:10:35:27 +0800] "GET /xingrg/check_reg.html?_=1665628623390 HTTP/1.1" 200 22
180.169.147.146 - - [13/Oct/2022:10:35:32 +0800] "POST /xingrg/dwr/call/plaincall/AjaxReportQueryService.refreshCache.dwr HTTP/1.1" 200 78
180.169.147.146 - - [13/Oct/2022:10:35:33 +0800] "POST /xingrg/all/report/load_report_page.html HTTP/1.1" 200 49473
180.169.147.146 - - [13/Oct/2022:10:35:33 +0800] "GET /xingrg/servlets/image?cache=0.7891593831819284&image=px HTTP/1.1" 200 807
101.83.146.154 - - [13/Oct/2022:10:35:33 +0800] "GET /xingrg/all/function/internal_message.html?_=1665628535893&CODE_STATE=getMsg HTTP/1.1" 200 27
116.238.194.138 - - [13/Oct/2022:10:35:39 +0800] "GET /xingrg/all/function/internal_message.html?_=1665628539259&CODE_STATE=getMsg HTTP/1.1" 200 27
116.238.194.138 - - [13/Oct/2022:10:35:39 +0800] "GET /xingrg/check_reg.html?_=1665628539266 HTTP/1.1" 200 22
114.88.159.190 - - [13/Oct/2022:10:35:39 +0800] "GET /xingrg/kc/buy/cgsh_order_operate.html?command=get_materiel&rest_code=00141&code=00101010839&supplier_code=00100036&order_time=2022-10-13 HTTP/1.1" 200 409
116.238.194.138 - - [13/Oct/2022:10:35:40 +0800] "GET /xingrg/kc/base/wldb_order_operate.html?command=get_materiel&rest_code=00150&base_code=0010446&code=00102002321 HTTP/1.1" 200 447
116.238.194.138 - - [13/Oct/2022:10:35:46 +0800] "GET /xingrg/kc/base/wldb_order_operate.html?command=get_materiel&rest_code=00150&base_code=0010446&code=00102002543 HTTP/1.1" 200 441
114.83.219.23 - - [13/Oct/2022:10:35:47 +0800] "GET /xingrg/kc/buy/cgsh_order_operate.html?command=get_materiel&rest_code=00149&code=00101006130&supplier_code=00100012&order_time=2022-10-13 HTTP/1.1" 200 427
116.230.114.213 - - [13/Oct/2022:10:35:48 +0800] "GET /xingrg/all/function/internal_message.html?_=1665628562306&CODE_STATE=getMsg HTTP/1.1" 200 27
114.83.219.23 - - [13/Oct/2022:10:35:49 +0800] "GET /xingrg/all/function/internal_message.html?_=1665628548194&CODE_STATE=getMsg HTTP/1.1" 200 27
58.37.5.200 - - [13/Oct/2022:10:35:53 +0800] "GET /xingrg/all/function/internal_message.html?_=1665628551922&CODE_STATE=getMsg HTTP/1.1" 200 27
114.84.81.136 - - [13/Oct/2022:10:35:53 +0800] "GET /xingrg/all/function/internal_message.html?_=1665628555217&CODE_STATE=getMsg HTTP/1.1" 302 -
114.88.159.190 - - [13/Oct/2022:10:35:54 +0800] "GET /xingrg/kc/buy/cgsh_order_operate.html?command=get_materiel&rest_code=00141&code=00101012002&supplier_code=00100036&order_time=2022-10-13 HTTP/1.1" 200 419
116.228.172.94 - - [13/Oct/2022:10:35:56 +0800] "GET /xingrg/all/function/internal_message.html?_=1665628550307&CODE_STATE=getMsg HTTP/1.1" 200 27
116.238.194.138 - - [13/Oct/2022:10:35:57 +0800] "POST /xingrg/kc/base/wldb_order_operate.html HTTP/1.1" 200 37
222.70.183.206 - - [13/Oct/2022:10:35:58 +0800] "GET /xingrg/check_reg.html?_=1665628557110 HTTP/1.1" 200 22
222.70.183.206 - - [13/Oct/2022:10:35:58 +0800] "GET /xingrg/all/function/internal_message.html?_=1665628557107&CODE_STATE=getMsg HTTP/1.1" 200 27
114.83.219.23 - - [13/Oct/2022:10:35:59 +0800] "GET /xingrg/kc/buy/cgsh_order_operate.html?command=get_materiel&rest_code=00149&code=00101006058&supplier_code=00100012&order_time=2022-10-13 HTTP/1.1" 200 413
116.238.194.138 - - [13/Oct/2022:10:36:00 +0800] "POST /xingrg/kc/base/wldb_order_operate.html HTTP/1.1" 200 12
116.238.194.138 - - [13/Oct/2022:10:36:00 +0800] "POST /xingrg/kc/base/wldb_order_operate.html HTTP/1.1" 200 3138
116.238.194.138 - - [13/Oct/2022:10:36:01 +0800] "GET /xingrg/all/function/internal_message.html?_=1665628502331&CODE_STATE=getMsg HTTP/1.1" 200 27
116.238.194.138 - - [13/Oct/2022:10:36:01 +0800] "GET /xingrg/kc/base/wldb_order_info.html?code=422022101300985 HTTP/1.1" 200 26279
116.238.194.138 - - [13/Oct/2022:10:36:02 +0800] "GET /xingrg/javascript/easyui/themes/default/validatebox.css HTTP/1.1" 404 1104
116.238.194.138 - - [13/Oct/2022:10:36:02 +0800] "POST /xingrg/kc/base/wldb_order_operate.html HTTP/1.1" 200 1409
114.83.219.23 - - [13/Oct/2022:10:36:09 +0800] "GET /xingrg/kc/buy/cgsh_order_operate.html?command=get_materiel&rest_code=00149&code=00101006057&supplier_code=00100012&order_time=2022-10-13 HTTP/1.1" 200 413
124.79.74.72 - - [13/Oct/2022:10:36:10 +0800] "GET /xingrg/all/function/internal_message.html?_=1665628569125&CODE_STATE=getMsg HTTP/1.1" 200 27
116.238.194.138 - - [13/Oct/2022:10:36:10 +0800] "GET /xingrg/kc/base/wldb_order_add.html HTTP/1.1" 200 30403
116.238.194.138 - - [13/Oct/2022:10:36:11 +0800] "POST /xingrg/kc/base/wldb_order_operate.html HTTP/1.1" 200 6806
116.238.194.138 - - [13/Oct/2022:10:36:11 +0800] "GET /xingrg/javascript/easyui/themes/default/validatebox.css HTTP/1.1" 404 1104
114.88.159.190 - - [13/Oct/2022:10:36:11 +0800] "GET /xingrg/kc/buy/cgsh_order_operate.html?command=get_materiel&rest_code=00141&code=00101007109&supplier_code=00100036&order_time=2022-10-13 HTTP/1.1" 200 408
114.88.159.190 - - [13/Oct/2022:10:36:12 +0800] "GET /xingrg/all/function/internal_message.html?_=1665628203109&CODE_STATE=getMsg HTTP/1.1" 200 27
116.230.105.139 - - [13/Oct/2022:10:36:14 +0800] "GET /xingrg/all/function/internal_message.html?_=1665628573808&CODE_STATE=getMsg HTTP/1.1" 200 27
114.83.219.23 - - [13/Oct/2022:10:36:18 +0800] "POST /xingrg/kc/buy/cgsh_order_operate.html HTTP/1.1" 200 37
124.79.243.136 - - [13/Oct/2022:10:36:21 +0800] "GET /xingrg/all/function/internal_message.html?_=1665628785426&CODE_STATE=getMsg HTTP/1.1" 200 27
114.83.219.23 - - [13/Oct/2022:10:36:21 +0800] "POST /xingrg/kc/buy/cgsh_order_operate.html HTTP/1.1" 200 12
101.83.146.154 - - [13/Oct/2022:10:36:22 +0800] "GET /xingrg/check_reg.html?_=1665628436719 HTTP/1.1" 200 22
101.83.146.154 - - [13/Oct/2022:10:36:22 +0800] "GET /xingrg/all/function/internal_message.html?_=1665628436721&CODE_STATE=getMsg HTTP/1.1" 200 27
114.83.219.23 - - [13/Oct/2022:10:36:23 +0800] "GET /xingrg/kc/buy/cgsh_order_info.html?code=212022101304028 HTTP/1.1" 200 64018
114.83.219.23 - - [13/Oct/2022:10:36:23 +0800] "GET /xingrg/javascript/easyui/themes/default/validatebox.css HTTP/1.1" 404 1104
114.83.219.23 - - [13/Oct/2022:10:36:24 +0800] "POST /xingrg/kc/buy/cgsh_order_operate.html HTTP/1.1" 200 1812
114.83.219.23 - - [13/Oct/2022:10:36:25 +0800] "GET /xingrg/kc/print/load_data.html?order_code=212022101304028&kc_code=cgsh&condition= HTTP/1.1" 200 1264
114.88.159.190 - - [13/Oct/2022:10:36:26 +0800] "GET /xingrg/kc/buy/cgsh_order_operate.html?command=get_materiel&rest_code=00141&code=00101011001&supplier_code=00100036&order_time=2022-10-13 HTTP/1.1" 200 423
221.239.141.151 - - [13/Oct/2022:10:36:26 +0800] "GET /xingrg/check_reg.html?_=1665628607462 HTTP/1.1" 200 22
221.239.141.151 - - [13/Oct/2022:10:36:26 +0800] "GET /xingrg/all/function/internal_message.html?_=1665628607466&CODE_STATE=getMsg HTTP/1.1" 200 27
114.83.219.57 - - [13/Oct/2022:10:36:27 +0800] "GET /xingrg/all/function/internal_message.html?_=1665628683381&CODE_STATE=getMsg HTTP/1.1" 200 27
114.83.219.23 - - [13/Oct/2022:10:36:31 +0800] "GET /xingrg/kc/buy/cgsh_order_add.html HTTP/1.1" 200 69115
114.83.219.23 - - [13/Oct/2022:10:36:31 +0800] "POST /xingrg/kc/buy/cgsh_order_operate.html HTTP/1.1" 200 8245
114.83.219.23 - - [13/Oct/2022:10:36:31 +0800] "GET /xingrg/javascript/easyui/themes/default/validatebox.css HTTP/1.1" 404 1104
101.83.146.154 - - [13/Oct/2022:10:36:33 +0800] "GET /xingrg/all/function/internal_message.html?_=1665628595875&CODE_STATE=getMsg HTTP/1.1" 200 27
101.83.146.154 - - [13/Oct/2022:10:36:35 +0800] "GET /xingrg/check_reg.html?_=1665628598061 HTTP/1.1" 200 22
116.238.194.138 - - [13/Oct/2022:10:36:39 +0800] "GET /xingrg/all/function/internal_message.html?_=1665628599258&CODE_STATE=getMsg HTTP/1.1" 200 27
114.83.219.23 - - [13/Oct/2022:10:36:42 +0800] "GET /xingrg/kc/buy/cgsh_order_operate.html?command=get_materiel&rest_code=00149&code=00101011003&supplier_code=00100051&order_time=2022-10-13 HTTP/1.1" 200 413
114.88.159.190 - - [13/Oct/2022:10:36:46 +0800] "POST /xingrg/kc/buy/cgsh_order_operate.html HTTP/1.1" 200 37
116.230.114.213 - - [13/Oct/2022:10:36:47 +0800] "GET /xingrg/check_reg.html?_=1665628621175 HTTP/1.1" 200 22
116.230.114.213 - - [13/Oct/2022:10:36:48 +0800] "GET /xingrg/all/function/internal_message.html?_=1665628622319&CODE_STATE=getMsg HTTP/1.1" 200 27
114.83.219.23 - - [13/Oct/2022:10:36:49 +0800] "GET /xingrg/all/function/internal_message.html?_=1665628608166&CODE_STATE=getMsg HTTP/1.1" 200 27
114.88.159.190 - - [13/Oct/2022:10:36:49 +0800] "POST /xingrg/kc/buy/cgsh_order_operate.html HTTP/1.1" 200 12
114.88.159.190 - - [13/Oct/2022:10:36:51 +0800] "GET /xingrg/kc/buy/cgsh_order_info.html?code=212022101304029 HTTP/1.1" 200 63932
114.88.159.190 - - [13/Oct/2022:10:36:51 +0800] "GET /xingrg/javascript/easyui/themes/default/validatebox.css HTTP/1.1" 404 1104
114.88.159.190 - - [13/Oct/2022:10:36:52 +0800] "POST /xingrg/kc/buy/cgsh_order_operate.html HTTP/1.1" 200 2984
58.37.5.200 - - [13/Oct/2022:10:36:53 +0800] "GET /xingrg/all/function/internal_message.html?_=1665628611890&CODE_STATE=getMsg HTTP/1.1" 200 27
58.37.5.200 - - [13/Oct/2022:10:36:54 +0800] "GET /xingrg/check_reg.html?_=1665628612078 HTTP/1.1" 200 22
114.88.159.190 - - [13/Oct/2022:10:36:54 +0800] "GET /xingrg/kc/print/load_data.html?order_code=212022101304029&kc_code=cgsh&condition= HTTP/1.1" 200 1700
116.230.114.213 - - [13/Oct/2022:10:36:55 +0800] "POST /xingrg/kc/buy/cgsh_order_operate.html HTTP/1.1" 200 37
116.228.172.94 - - [13/Oct/2022:10:36:56 +0800] "GET /xingrg/all/function/internal_message.html?_=1665628610283&CODE_STATE=getMsg HTTP/1.1" 200 27
222.70.183.206 - - [13/Oct/2022:10:36:58 +0800] "GET /xingrg/all/function/internal_message.html?_=1665628617110&CODE_STATE=getMsg HTTP/1.1" 200 27
114.83.219.23 - - [13/Oct/2022:10:36:59 +0800] "POST /xingrg/kc/buy/cgsh_order_operate.html HTTP/1.1" 200 37
116.230.114.213 - - [13/Oct/2022:10:36:59 +0800] "POST /xingrg/kc/buy/cgsh_order_operate.html HTTP/1.1" 200 5620
116.238.194.138 - - [13/Oct/2022:10:37:01 +0800] "GET /xingrg/all/function/internal_message.html?_=1665628562345&CODE_STATE=getMsg HTTP/1.1" 200 27
114.83.219.23 - - [13/Oct/2022:10:37:04 +0800] "POST /xingrg/kc/buy/cgsh_order_operate.html HTTP/1.1" 200 12
114.83.219.23 - - [13/Oct/2022:10:37:06 +0800] "GET /xingrg/kc/buy/cgsh_order_info.html?code=212022101304030 HTTP/1.1" 200 64018
114.83.219.23 - - [13/Oct/2022:10:37:06 +0800] "GET /xingrg/javascript/easyui/themes/default/validatebox.css HTTP/1.1" 404 1104
114.83.219.23 - - [13/Oct/2022:10:37:07 +0800] "POST /xingrg/kc/buy/cgsh_order_operate.html HTTP/1.1" 200 606
114.83.219.23 - - [13/Oct/2022:10:37:08 +0800] "GET /xingrg/kc/print/load_data.html?order_code=212022101304030&kc_code=cgsh&condition= HTTP/1.1" 200 717
124.79.74.72 - - [13/Oct/2022:10:37:10 +0800] "GET /xingrg/all/function/internal_message.html?_=1665628629093&CODE_STATE=getMsg HTTP/1.1" 200 27
116.230.114.213 - - [13/Oct/2022:10:37:10 +0800] "GET /xingrg/kc/buy/cgsh_order_add.html HTTP/1.1" 200 69027
116.230.114.213 - - [13/Oct/2022:10:37:10 +0800] "GET /xingrg/words/20221013093351_words.js HTTP/1.1" 200 925346
116.230.114.213 - - [13/Oct/2022:10:37:11 +0800] "GET /xingrg/javascript/easyui/themes/default/validatebox.css HTTP/1.1" 404 1104
116.230.114.213 - - [13/Oct/2022:10:37:11 +0800] "POST /xingrg/kc/buy/cgsh_order_operate.html HTTP/1.1" 200 8245
114.88.159.190 - - [13/Oct/2022:10:37:12 +0800] "GET /xingrg/all/function/internal_message.html?_=1665628263091&CODE_STATE=getMsg HTTP/1.1" 200 27
116.230.105.139 - - [13/Oct/2022:10:37:14 +0800] "GET /xingrg/all/function/internal_message.html?_=1665628633811&CODE_STATE=getMsg HTTP/1.1" 200 27
124.79.243.136 - - [13/Oct/2022:10:37:21 +0800] "GET /xingrg/check_reg.html?_=1665628845441 HTTP/1.1" 200 22
124.79.243.136 - - [13/Oct/2022:10:37:21 +0800] "GET /xingrg/all/function/internal_message.html?_=1665628845440&CODE_STATE=getMsg HTTP/1.1" 200 27
101.83.146.154 - - [13/Oct/2022:10:37:22 +0800] "GET /xingrg/all/function/internal_message.html?_=1665628496720&CODE_STATE=getMsg HTTP/1.1" 200 27
221.239.141.151 - - [13/Oct/2022:10:37:26 +0800] "GET /xingrg/all/function/internal_message.html?_=1665628667452&CODE_STATE=getMsg HTTP/1.1" 200 27
114.83.219.57 - - [13/Oct/2022:10:37:27 +0800] "GET /xingrg/all/function/internal_message.html?_=1665628743383&CODE_STATE=getMsg HTTP/1.1" 200 27
101.83.146.154 - - [13/Oct/2022:10:37:33 +0800] "GET /xingrg/all/function/internal_message.html?_=1665628655846&CODE_STATE=getMsg HTTP/1.1" 200 27
116.230.114.213 - - [13/Oct/2022:10:37:34 +0800] "GET /xingrg/kc/buy/cgsh_order_operate.html?command=get_materiel&rest_code=00146&code=00101001111&supplier_code=00100041&order_time=2022-10-13 HTTP/1.1" 200 409
116.238.194.138 - - [13/Oct/2022:10:37:39 +0800] "GET /xingrg/all/function/internal_message.html?_=1665628659258&CODE_STATE=getMsg HTTP/1.1" 200 27
114.88.159.190 - - [13/Oct/2022:10:37:42 +0800] "GET /xingrg/kc/buy/cgsh_order_add.html HTTP/1.1" 200 69027
114.88.159.190 - - [13/Oct/2022:10:37:43 +0800] "POST /xingrg/kc/buy/cgsh_order_operate.html HTTP/1.1" 200 8245
114.88.159.190 - - [13/Oct/2022:10:37:43 +0800] "GET /xingrg/javascript/easyui/themes/default/validatebox.css HTTP/1.1" 404 1104
116.230.114.213 - - [13/Oct/2022:10:37:48 +0800] "GET /xingrg/all/function/internal_message.html?_=1665628682333&CODE_STATE=getMsg HTTP/1.1" 200 27
114.83.219.23 - - [13/Oct/2022:10:37:49 +0800] "GET /xingrg/all/function/internal_message.html?_=1665628668149&CODE_STATE=getMsg HTTP/1.1" 200 27
116.230.114.213 - - [13/Oct/2022:10:37:52 +0800] "GET /xingrg/kc/buy/cgsh_order_operate.html?command=get_materiel&rest_code=00146&code=00101010161&supplier_code=00100041&order_time=2022-10-13 HTTP/1.1" 200 409
58.37.5.200 - - [13/Oct/2022:10:37:53 +0800] "GET /xingrg/all/function/internal_message.html?_=1665628671866&CODE_STATE=getMsg HTTP/1.1" 200 27
116.228.172.94 - - [13/Oct/2022:10:37:56 +0800] "GET /xingrg/all/function/internal_message.html?_=1665628670256&CODE_STATE=getMsg HTTP/1.1" 200 27
116.228.172.94 - - [13/Oct/2022:10:37:56 +0800] "GET /xingrg/check_reg.html?_=1665628670825 HTTP/1.1" 200 22
222.70.183.206 - - [13/Oct/2022:10:37:58 +0800] "GET /xingrg/all/function/internal_message.html?_=1665628677109&CODE_STATE=getMsg HTTP/1.1" 200 27
116.238.194.138 - - [13/Oct/2022:10:38:01 +0800] "GET /xingrg/all/function/internal_message.html?_=1665628622359&CODE_STATE=getMsg HTTP/1.1" 200 27
114.88.159.190 - - [13/Oct/2022:10:38:01 +0800] "GET /xingrg/kc/buy/cgsh_order_operate.html?command=get_materiel&rest_code=00141&code=00101007038&supplier_code=00100004&order_time=2022-10-13 HTTP/1.1" 200 420
114.84.81.136 - - [13/Oct/2022:10:38:06 +0800] "GET /xingrg/all/function/internal_message.html?_=1665628687510&CODE_STATE=getMsg HTTP/1.1" 302 -
58.35.213.73 - - [13/Oct/2022:10:38:07 +0800] "POST /xingrg/services/DataTransmitService HTTP/1.1" 200 524
58.35.213.73 - - [13/Oct/2022:10:38:08 +0800] "POST /xingrg/services/DataTransmitService HTTP/1.1" 200 2147
58.35.213.73 - - [13/Oct/2022:10:38:08 +0800] "POST /xingrg/services/DataTransmitService HTTP/1.1" 200 524
114.83.219.57 - - [13/Oct/2022:10:38:08 +0800] "GET /xingrg/login.html HTTP/1.1" 200 7641
58.35.213.73 - - [13/Oct/2022:10:38:08 +0800] "POST /xingrg/services/DataTransmitService HTTP/1.1" 200 2147
58.35.213.73 - - [13/Oct/2022:10:38:09 +0800] "POST /xingrg/services/DataTransmitService HTTP/1.1" 200 524
114.83.219.57 - - [13/Oct/2022:10:38:09 +0800] "GET /favicon.ico HTTP/1.1" 404 -
58.35.213.73 - - [13/Oct/2022:10:38:09 +0800] "POST /xingrg/services/DataTransmitService HTTP/1.1" 200 2147
58.35.213.73 - - [13/Oct/2022:10:38:09 +0800] "POST /xingrg/services/DataTransmitService HTTP/1.1" 200 524
124.79.74.72 - - [13/Oct/2022:10:38:10 +0800] "GET /xingrg/all/function/internal_message.html?_=1665628689078&CODE_STATE=getMsg HTTP/1.1" 200 27
58.35.213.73 - - [13/Oct/2022:10:38:10 +0800] "POST /xingrg/services/DataTransmitService HTTP/1.1" 200 2147
114.83.219.57 - - [13/Oct/2022:10:38:10 +0800] "POST /xingrg/login.do HTTP/1.1" 302 -
114.83.219.57 - - [13/Oct/2022:10:38:10 +0800] "GET /xingrg/index.html?sysBaseUrl=http%3A%2F%2F180.169.147.146%3A18081%2Fxingrg%2F&costTime=56×tamp=1665628690779 HTTP/1.1" 200 17179
114.83.219.57 - - [13/Oct/2022:10:38:10 +0800] "GET /favicon.ico HTTP/1.1" 404 -
114.83.219.57 - - [13/Oct/2022:10:38:10 +0800] "POST /xingrg/all/common/load_tree.html?tree=area_rest_tree_json&manage=1 HTTP/1.1" 200 351
114.83.219.57 - - [13/Oct/2022:10:38:11 +0800] "GET /xingrg/all/function/internal_message.html?_=1665628787065&CODE_STATE=count HTTP/1.1" 200 11
114.83.219.57 - - [13/Oct/2022:10:38:11 +0800] "GET /xingrg/check_reg.html?_=1665628787065 HTTP/1.1" 200 22
114.83.219.57 - - [13/Oct/2022:10:38:11 +0800] "POST /xingrg/load_menu.html HTTP/1.1" 200 5138
58.35.213.73 - - [13/Oct/2022:10:38:11 +0800] "POST /xingrg/services/DataTransmitService HTTP/1.1" 200 524
58.35.213.73 - - [13/Oct/2022:10:38:12 +0800] "POST /xingrg/services/DataTransmitService HTTP/1.1" 200 2147
114.88.159.190 - - [13/Oct/2022:10:38:12 +0800] "GET /xingrg/all/function/internal_message.html?_=1665628323060&CODE_STATE=getMsg HTTP/1.1" 200 27
114.88.159.190 - - [13/Oct/2022:10:38:12 +0800] "GET /xingrg/check_reg.html?_=1665628323092 HTTP/1.1" 200 22
58.35.213.73 - - [13/Oct/2022:10:38:12 +0800] "POST /xingrg/services/DataTransmitService HTTP/1.1" 200 524
58.35.213.73 - - [13/Oct/2022:10:38:13 +0800] "POST /xingrg/services/DataTransmitService HTTP/1.1" 200 2147
58.35.213.73 - - [13/Oct/2022:10:38:13 +0800] "POST /xingrg/services/DataTransmitService HTTP/1.1" 200 524
58.35.213.73 - - [13/Oct/2022:10:38:13 +0800] "POST /xingrg/services/DataTransmitService HTTP/1.1" 200 2147
58.35.213.73 - - [13/Oct/2022:10:38:13 +0800] "POST /xingrg/services/DataTransmitService HTTP/1.1" 200 524
114.83.219.57 - - [13/Oct/2022:10:38:14 +0800] "GET /xingrg/kc/base/wldb_order_list.html HTTP/1.1" 200 19186
116.230.105.139 - - [13/Oct/2022:10:38:14 +0800] "GET /xingrg/check_reg.html?_=1665628693807 HTTP/1.1" 200 22
116.230.105.139 - - [13/Oct/2022:10:38:14 +0800] "GET /xingrg/all/function/internal_message.html?_=1665628693809&CODE_STATE=getMsg HTTP/1.1" 200 27
58.35.213.73 - - [13/Oct/2022:10:38:14 +0800] "POST /xingrg/services/DataTransmitService HTTP/1.1" 200 2147
114.83.219.57 - - [13/Oct/2022:10:38:14 +0800] "POST /xingrg/kc/base/wldb_list_operate.html HTTP/1.1" 200 928
58.35.213.73 - - [13/Oct/2022:10:38:14 +0800] "POST /xingrg/services/DataTransmitService HTTP/1.1" 200 524
58.35.213.73 - - [13/Oct/2022:10:38:15 +0800] "POST /xingrg/services/DataTransmitService HTTP/1.1" 200 2147
58.35.213.73 - - [13/Oct/2022:10:38:15 +0800] "POST /xingrg/services/DataTransmitService HTTP/1.1" 200 524
114.83.219.57 - - [13/Oct/2022:10:38:15 +0800] "GET /xingrg/kc/base/wldb_order_add.html HTTP/1.1" 200 30403
114.83.219.57 - - [13/Oct/2022:10:38:15 +0800] "GET /xingrg/words/20221013093351_words.js HTTP/1.1" 304 -
58.35.213.73 - - [13/Oct/2022:10:38:15 +0800] "POST /xingrg/services/DataTransmitService HTTP/1.1" 200 2147
114.83.219.57 - - [13/Oct/2022:10:38:15 +0800] "POST /xingrg/kc/base/wldb_order_operate.html HTTP/1.1" 200 6806
114.83.219.57 - - [13/Oct/2022:10:38:15 +0800] "GET /xingrg/all/common/auto_word.html?type=base&rest_code=00154 HTTP/1.1" 200 831
114.83.219.57 - - [13/Oct/2022:10:38:15 +0800] "GET /xingrg/all/common/auto_word.html?type=base&rest_code=00154 HTTP/1.1" 200 831
114.83.219.57 - - [13/Oct/2022:10:38:15 +0800] "GET /xingrg/javascript/easyui/themes/default/validatebox.css HTTP/1.1" 404 1104
58.35.213.73 - - [13/Oct/2022:10:38:16 +0800] "POST /xingrg/services/DataTransmitService HTTP/1.1" 200 524
58.35.213.73 - - [13/Oct/2022:10:38:16 +0800] "POST /xingrg/services/DataTransmitService HTTP/1.1" 200 2147
114.83.219.57 - - [13/Oct/2022:10:38:16 +0800] "POST /xingrg/all/common/load_combo.html?type=base HTTP/1.1" 200 1491
58.35.213.73 - - [13/Oct/2022:10:38:17 +0800] "POST /xingrg/services/DataTransmitService HTTP/1.1" 200 524
58.35.213.73 - - [13/Oct/2022:10:38:17 +0800] "POST /xingrg/services/DataTransmitService HTTP/1.1" 200 2147
58.35.213.73 - - [13/Oct/2022:10:38:17 +0800] "POST /xingrg/services/DataTransmitService HTTP/1.1" 200 524
58.35.213.73 - - [13/Oct/2022:10:38:18 +0800] "POST /xingrg/services/DataTransmitService HTTP/1.1" 200 2147
58.35.213.73 - - [13/Oct/2022:10:38:19 +0800] "POST /xingrg/services/DataTransmitService HTTP/1.1" 200 524
58.35.213.73 - - [13/Oct/2022:10:38:19 +0800] "POST /xingrg/services/DataTransmitService HTTP/1.1" 200 2147
58.35.213.73 - - [13/Oct/2022:10:38:19 +0800] "POST /xingrg/services/DataTransmitService HTTP/1.1" 200 524
116.238.194.138 - - [13/Oct/2022:10:38:20 +0800] "GET /xingrg/kc/base/wldb_order_operate.html?command=get_materiel&rest_code=00150&base_code=0010445&code=00101019373 HTTP/1.1" 200 466
58.35.213.73 - - [13/Oct/2022:10:38:20 +0800] "POST /xingrg/services/DataTransmitService HTTP/1.1" 200 2147
58.35.213.73 - - [13/Oct/2022:10:38:20 +0800] "POST /xingrg/services/DataTransmitService HTTP/1.1" 200 524
58.35.213.73 - - [13/Oct/2022:10:38:20 +0800] "POST /xingrg/services/DataTransmitService HTTP/1.1" 200 2147
124.79.243.136 - - [13/Oct/2022:10:38:21 +0800] "GET /xingrg/all/function/internal_message.html?_=1665628905466&CODE_STATE=getMsg HTTP/1.1" 200 27
116.230.114.213 - - [13/Oct/2022:10:38:22 +0800] "GET /xingrg/kc/buy/cgsh_order_operate.html?command=get_materiel&rest_code=00146&code=00101001032&supplier_code=00100041&order_time=2022-10-13 HTTP/1.1" 200 413
101.83.146.154 - - [13/Oct/2022:10:38:22 +0800] "GET /xingrg/all/function/internal_message.html?_=1665628556718&CODE_STATE=getMsg HTTP/1.1" 200 27
58.35.213.73 - - [13/Oct/2022:10:38:24 +0800] "POST /xingrg/services/DataTransmitService HTTP/1.1" 200 524
58.35.213.73 - - [13/Oct/2022:10:38:24 +0800] "POST /xingrg/services/DataTransmitService HTTP/1.1" 200 2147
58.35.213.73 - - [13/Oct/2022:10:38:24 +0800] "POST /xingrg/services/DataTransmitService HTTP/1.1" 200 524
58.35.213.73 - - [13/Oct/2022:10:38:25 +0800] "POST /xingrg/services/DataTransmitService HTTP/1.1" 200 2147
58.35.213.73 - - [13/Oct/2022:10:38:25 +0800] "POST /xingrg/services/DataTransmitService HTTP/1.1" 200 524
114.83.219.57 - - [13/Oct/2022:10:38:25 +0800] "GET /xingrg/javascript/auto/indicator.gif HTTP/1.1" 404 1066
58.35.213.73 - - [13/Oct/2022:10:38:26 +0800] "POST /xingrg/services/DataTransmitService HTTP/1.1" 200 2147
58.35.213.73 - - [13/Oct/2022:10:38:26 +0800] "POST /xingrg/services/DataTransmitService HTTP/1.1" 200 524
58.35.213.73 - - [13/Oct/2022:10:38:26 +0800] "POST /xingrg/services/DataTransmitService HTTP/1.1" 200 2147
221.239.141.151 - - [13/Oct/2022:10:38:26 +0800] "GET /xingrg/all/function/internal_message.html?_=1665628727455&CODE_STATE=getMsg HTTP/1.1" 200 27
114.83.219.57 - - [13/Oct/2022:10:38:27 +0800] "GET /xingrg/kc/base/wldb_order_operate.html?command=get_materiel&rest_code=00154&base_code=0010724&code=00101040002 HTTP/1.1" 200 460
114.83.219.57 - - [13/Oct/2022:10:38:28 +0800] "POST /xingrg/all/common/load_select.html HTTP/1.1" 200 25
114.83.219.57 - - [13/Oct/2022:10:38:31 +0800] "GET /xingrg/kc/base/wldb_order_operate.html?command=get_materiel_price&rest_code=00154&base_code=0010724&code=00101040002&unit_code=00100619 HTTP/1.1" 200 37
114.88.159.190 - - [13/Oct/2022:10:38:32 +0800] "GET /xingrg/kc/buy/cgsh_order_operate.html?command=get_materiel&rest_code=00141&code=00101010864&supplier_code=00100004&order_time=2022-10-13 HTTP/1.1" 200 424
101.83.146.154 - - [13/Oct/2022:10:38:33 +0800] "GET /xingrg/all/function/internal_message.html?_=1665628715816&CODE_STATE=getMsg HTTP/1.1" 200 27
116.238.194.138 - - [13/Oct/2022:10:38:39 +0800] "GET /xingrg/all/function/internal_message.html?_=1665628719260&CODE_STATE=getMsg HTTP/1.1" 200 27
114.83.219.57 - - [13/Oct/2022:10:38:39 +0800] "GET /xingrg/kc/base/wldb_order_operate.html?command=get_materiel&rest_code=00154&base_code=0010724&code=00101022099 HTTP/1.1" 200 448
116.230.114.213 - - [13/Oct/2022:10:38:41 +0800] "GET /xingrg/kc/buy/cgsh_order_operate.html?command=get_materiel&rest_code=00146&code=00101005037&supplier_code=00100041&order_time=2022-10-13 HTTP/1.1" 200 409
114.88.159.190 - - [13/Oct/2022:10:38:43 +0800] "GET /xingrg/kc/buy/cgsh_order_operate.html?command=get_materiel&rest_code=00141&code=00101010391&supplier_code=00100004&order_time=2022-10-13 HTTP/1.1" 200 414
116.238.194.138 - - [13/Oct/2022:10:38:44 +0800] "GET /xingrg/kc/base/wldb_order_operate.html?command=get_materiel&rest_code=00150&base_code=0010445&code=00101019374 HTTP/1.1" 200 467
116.238.194.138 - - [13/Oct/2022:10:38:46 +0800] "GET /xingrg/javascript/jquery_tools/images/next.gif HTTP/1.1" 404 1086
116.238.194.138 - - [13/Oct/2022:10:38:46 +0800] "GET /xingrg/javascript/jquery_tools/images/prev.gif HTTP/1.1" 404 1086
114.84.81.136 - - [13/Oct/2022:10:38:47 +0800] "POST /xingrg/services/DataTransmitService HTTP/1.1" 200 524
114.84.81.136 - - [13/Oct/2022:10:38:48 +0800] "POST /xingrg/services/DataTransmitService HTTP/1.1" 200 412
116.230.114.213 - - [13/Oct/2022:10:38:48 +0800] "GET /xingrg/all/function/internal_message.html?_=1665628742346&CODE_STATE=getMsg HTTP/1.1" 200 27
114.83.219.23 - - [13/Oct/2022:10:38:49 +0800] "GET /xingrg/all/function/internal_message.html?_=1665628728138&CODE_STATE=getMsg HTTP/1.1" 200 27
114.83.219.23 - - [13/Oct/2022:10:38:49 +0800] "GET /xingrg/check_reg.html?_=1665628728171 HTTP/1.1" 200 22
58.37.5.200 - - [13/Oct/2022:10:38:50 +0800] "GET /xingrg/kc/buy/cgsh_order_operate.html?command=get_materiel&rest_code=00106&code=00101007027&supplier_code=00100002&order_time=2022-10-13 HTTP/1.1" 200 421
116.238.194.138 - - [13/Oct/2022:10:38:52 +0800] "GET /xingrg/kc/base/wldb_order_operate.html?command=get_materiel&rest_code=00150&base_code=0010445&code=00101019358 HTTP/1.1" 200 459
58.37.5.200 - - [13/Oct/2022:10:38:53 +0800] "GET /xingrg/all/function/internal_message.html?_=1665628731846&CODE_STATE=getMsg HTTP/1.1" 200 27
116.228.172.94 - - [13/Oct/2022:10:38:56 +0800] "GET /xingrg/all/function/internal_message.html?_=1665628730240&CODE_STATE=getMsg HTTP/1.1" 200 27
222.70.183.206 - - [13/Oct/2022:10:38:58 +0800] "GET /xingrg/all/function/internal_message.html?_=1665628737108&CODE_STATE=getMsg HTTP/1.1" 200 27
116.238.194.138 - - [13/Oct/2022:10:39:01 +0800] "GET /xingrg/check_reg.html?_=1665628682247 HTTP/1.1" 200 22
116.238.194.138 - - [13/Oct/2022:10:39:01 +0800] "GET /xingrg/all/function/internal_message.html?_=1665628682403&CODE_STATE=getMsg HTTP/1.1" 200 27
58.37.5.200 - - [13/Oct/2022:10:39:02 +0800] "POST /xingrg/kc/buy/cgsh_order_operate.html HTTP/1.1" 200 37
116.230.114.213 - - [13/Oct/2022:10:39:04 +0800] "GET /xingrg/kc/buy/cgsh_order_operate.html?command=get_materiel&rest_code=00146&code=00101001075&supplier_code=00100041&order_time=2022-10-13 HTTP/1.1" 200 409
58.37.5.200 - - [13/Oct/2022:10:39:06 +0800] "POST /xingrg/kc/buy/cgsh_order_operate.html HTTP/1.1" 200 12
58.37.5.200 - - [13/Oct/2022:10:39:08 +0800] "GET /xingrg/kc/buy/cgsh_order_info.html?code=212022101304031 HTTP/1.1" 200 63932
58.37.5.200 - - [13/Oct/2022:10:39:08 +0800] "GET /xingrg/javascript/easyui/themes/default/validatebox.css HTTP/1.1" 404 1104
58.37.5.200 - - [13/Oct/2022:10:39:09 +0800] "POST /xingrg/kc/buy/cgsh_order_operate.html HTTP/1.1" 200 1799
124.79.74.72 - - [13/Oct/2022:10:39:10 +0800] "GET /xingrg/all/function/internal_message.html?_=1665628749064&CODE_STATE=getMsg HTTP/1.1" 200 27
114.83.219.57 - - [13/Oct/2022:10:39:11 +0800] "GET /xingrg/all/function/internal_message.html?_=1665628847075&CODE_STATE=getMsg HTTP/1.1" 200 27
58.37.5.200 - - [13/Oct/2022:10:39:11 +0800] "GET /xingrg/kc/print/load_data.html?order_code=212022101304031&kc_code=cgsh&condition= HTTP/1.1" 200 1237
114.88.159.190 - - [13/Oct/2022:10:39:12 +0800] "GET /xingrg/all/function/internal_message.html?_=1665628383033&CODE_STATE=getMsg HTTP/1.1" 200 27
116.230.105.139 - - [13/Oct/2022:10:39:14 +0800] "GET /xingrg/all/function/internal_message.html?_=1665628753801&CODE_STATE=getMsg HTTP/1.1" 200 27
58.37.5.200 - - [13/Oct/2022:10:39:19 +0800] "GET /xingrg/kc/print/load_data.html?order_code=212022101304031&kc_code=cgsh HTTP/1.1" 200 1237
124.79.243.136 - - [13/Oct/2022:10:39:21 +0800] "GET /xingrg/all/function/internal_message.html?_=1665628965465&CODE_STATE=getMsg HTTP/1.1" 200 27
101.83.146.154 - - [13/Oct/2022:10:39:22 +0800] "GET /xingrg/all/function/internal_message.html?_=1665628616718&CODE_STATE=getMsg HTTP/1.1" 200 27
221.239.141.151 - - [13/Oct/2022:10:39:26 +0800] "GET /xingrg/all/function/internal_message.html?_=1665628787455&CODE_STATE=getMsg HTTP/1.1" 200 27
101.83.146.154 - - [13/Oct/2022:10:39:33 +0800] "GET /xingrg/all/function/internal_message.html?_=1665628775794&CODE_STATE=getMsg HTTP/1.1" 200 27
124.79.74.72 - - [13/Oct/2022:10:39:34 +0800] "GET /xingrg/check_reg.html?_=1665628773643 HTTP/1.1" 200 22
116.238.194.138 - - [13/Oct/2022:10:39:39 +0800] "GET /xingrg/all/function/internal_message.html?_=1665628779283&CODE_STATE=getMsg HTTP/1.1" 200 27
116.238.194.138 - - [13/Oct/2022:10:39:40 +0800] "POST /xingrg/kc/buy/cgsh_list_operate.html HTTP/1.1" 200 6380
114.88.159.190 - - [13/Oct/2022:10:39:41 +0800] "GET /xingrg/kc/buy/cgsh_order_operate.html?command=get_materiel&rest_code=00141&code=00101007184&supplier_code=00100004&order_time=2022-10-13 HTTP/1.1" 200 409
116.230.114.213 - - [13/Oct/2022:10:39:48 +0800] "GET /xingrg/all/function/internal_message.html?_=1665628802361&CODE_STATE=getMsg HTTP/1.1" 200 27
114.83.219.23 - - [13/Oct/2022:10:39:49 +0800] "GET /xingrg/all/function/internal_message.html?_=1665628788109&CODE_STATE=getMsg HTTP/1.1" 200 27
58.37.5.200 - - [13/Oct/2022:10:39:51 +0800] "GET /xingrg/kc/buy/cgsh_order_add.html HTTP/1.1" 200 69027
58.37.5.200 - - [13/Oct/2022:10:39:51 +0800] "GET /xingrg/javascript/easyui/themes/default/validatebox.css HTTP/1.1" 404 1104
58.37.5.200 - - [13/Oct/2022:10:39:52 +0800] "POST /xingrg/kc/buy/cgsh_order_operate.html HTTP/1.1" 200 8245
114.83.219.57 - - [13/Oct/2022:10:39:52 +0800] "GET /xingrg/kc/base/wldb_order_operate.html?command=get_materiel&rest_code=00154&base_code=0010724&code=00101040001 HTTP/1.1" 200 469
58.37.5.200 - - [13/Oct/2022:10:39:53 +0800] "GET /xingrg/all/function/internal_message.html?_=1665628791877&CODE_STATE=getMsg HTTP/1.1" 200 27
114.83.219.57 - - [13/Oct/2022:10:39:54 +0800] "POST /xingrg/all/common/load_select.html HTTP/1.1" 200 25
58.37.5.200 - - [13/Oct/2022:10:39:55 +0800] "GET /xingrg/javascript/easyui/themes/default/tree.css HTTP/1.1" 404 1090
58.37.5.200 - - [13/Oct/2022:10:39:55 +0800] "POST /xingrg/all/common/load_tree.html?tree=supplier_tree_json&isDelete=1 HTTP/1.1" 200 69161
114.83.219.57 - - [13/Oct/2022:10:39:55 +0800] "GET /xingrg/kc/base/wldb_order_operate.html?command=get_materiel_price&rest_code=00154&base_code=0010724&code=00101040001&unit_code=00100619 HTTP/1.1" 200 37
116.228.172.94 - - [13/Oct/2022:10:39:56 +0800] "GET /xingrg/all/function/internal_message.html?_=1665628790240&CODE_STATE=getMsg HTTP/1.1" 200 27
116.238.194.138 - - [13/Oct/2022:10:39:57 +0800] "POST /xingrg/kc/base/wldb_order_operate.html HTTP/1.1" 200 37
222.70.183.206 - - [13/Oct/2022:10:39:58 +0800] "GET /xingrg/all/function/internal_message.html?_=1665628797109&CODE_STATE=getMsg HTTP/1.1" 200 27
116.238.194.138 - - [13/Oct/2022:10:40:00 +0800] "POST /xingrg/kc/base/wldb_order_operate.html HTTP/1.1" 200 12
116.238.194.138 - - [13/Oct/2022:10:40:00 +0800] "POST /xingrg/kc/base/wldb_order_operate.html HTTP/1.1" 200 3198
172.20.0.100 - - [13/Oct/2022:10:40:01 +0800] "GET /xingrg/check_reg.html?_=1665628800078 HTTP/1.1" 200 22
116.238.194.138 - - [13/Oct/2022:10:40:01 +0800] "GET /xingrg/all/function/internal_message.html?_=1665628742417&CODE_STATE=getMsg HTTP/1.1" 200 27
58.37.5.200 - - [13/Oct/2022:10:40:07 +0800] "GET /xingrg/kc/buy/cgsh_order_operate.html?command=get_materiel&rest_code=00106&code=00101006062&supplier_code=00100015&order_time=2022-10-13 HTTP/1.1" 200 409
116.238.194.138 - - [13/Oct/2022:10:40:08 +0800] "GET /xingrg/kc/base/wldb_order_info.html?code=422022101300986 HTTP/1.1" 200 26279
116.238.194.138 - - [13/Oct/2022:10:40:08 +0800] "GET /xingrg/words/20221013093351_words.js HTTP/1.1" 304 -
116.238.194.138 - - [13/Oct/2022:10:40:09 +0800] "GET /xingrg/javascript/easyui/themes/default/validatebox.css HTTP/1.1" 404 1104
116.238.194.138 - - [13/Oct/2022:10:40:09 +0800] "POST /xingrg/kc/base/wldb_order_operate.html HTTP/1.1" 200 1472
124.79.74.72 - - [13/Oct/2022:10:40:09 +0800] "GET /xingrg/all/function/internal_message.html?_=1665628809036&CODE_STATE=getMsg HTTP/1.1" 200 27
114.83.219.57 - - [13/Oct/2022:10:40:11 +0800] "GET /xingrg/all/function/internal_message.html?_=1665628907078&CODE_STATE=getMsg HTTP/1.1" 200 27
114.88.159.190 - - [13/Oct/2022:10:40:12 +0800] "GET /xingrg/all/function/internal_message.html?_=1665628443009&CODE_STATE=getMsg HTTP/1.1" 200 27
116.230.105.139 - - [13/Oct/2022:10:40:14 +0800] "GET /xingrg/all/function/internal_message.html?_=1665628813804&CODE_STATE=getMsg HTTP/1.1" 200 27
58.37.5.200 - - [13/Oct/2022:10:40:17 +0800] "GET /xingrg/kc/buy/cgsh_order_operate.html?command=get_materiel&rest_code=00106&code=00101006109&supplier_code=00100015&order_time=2022-10-13 HTTP/1.1" 200 411
114.84.81.136 - - [13/Oct/2022:10:40:18 +0800] "GET /xingrg/all/function/internal_message.html?_=1665628819801&CODE_STATE=getMsg HTTP/1.1" 302 -
124.79.243.136 - - [13/Oct/2022:10:40:21 +0800] "GET /xingrg/all/function/internal_message.html?_=1665629025463&CODE_STATE=getMsg HTTP/1.1" 200 27
101.83.146.154 - - [13/Oct/2022:10:40:22 +0800] "GET /xingrg/all/function/internal_message.html?_=1665628676717&CODE_STATE=getMsg HTTP/1.1" 200 27
116.230.114.213 - - [13/Oct/2022:10:40:25 +0800] "POST /xingrg/kc/buy/cgsh_order_operate.html HTTP/1.1" 200 37
221.239.141.151 - - [13/Oct/2022:10:40:26 +0800] "GET /xingrg/all/function/internal_message.html?_=1665628847456&CODE_STATE=getMsg HTTP/1.1" 200 27
116.230.114.213 - - [13/Oct/2022:10:40:28 +0800] "POST /xingrg/kc/buy/cgsh_order_operate.html HTTP/1.1" 200 5010
114.83.219.57 - - [13/Oct/2022:10:40:29 +0800] "GET /xingrg/kc/base/wldb_order_operate.html?command=get_materiel&rest_code=00154&base_code=0010724&code=00101022110 HTTP/1.1" 200 442
58.35.213.73 - - [13/Oct/2022:10:40:29 +0800] "POST /xingrg/services/DataTransmitService HTTP/1.1" 200 524
116.230.114.213 - - [13/Oct/2022:10:40:30 +0800] "GET /xingrg/kc/buy/cgsh_order_add.html HTTP/1.1" 200 69027
116.230.114.213 - - [13/Oct/2022:10:40:30 +0800] "POST /xingrg/kc/buy/cgsh_order_operate.html HTTP/1.1" 200 8245
116.230.114.213 - - [13/Oct/2022:10:40:30 +0800] "GET /xingrg/javascript/easyui/themes/default/validatebox.css HTTP/1.1" 404 1104
58.37.5.200 - - [13/Oct/2022:10:40:31 +0800] "GET /xingrg/kc/buy/cgsh_order_operate.html?command=get_materiel&rest_code=00106&code=00101006111&supplier_code=00100015&order_time=2022-10-13 HTTP/1.1" 200 409
58.35.213.73 - - [13/Oct/2022:10:40:33 +0800] "POST /xingrg/services/DataTransmitService HTTP/1.1" 200 501
101.83.146.154 - - [13/Oct/2022:10:40:33 +0800] "GET /xingrg/all/function/internal_message.html?_=1665628835765&CODE_STATE=getMsg HTTP/1.1" 200 27
114.83.219.57 - - [13/Oct/2022:10:40:38 +0800] "GET /xingrg/kc/base/wldb_order_operate.html?command=get_materiel&rest_code=00154&base_code=0010724&code=00101040025 HTTP/1.1" 200 455
116.238.194.138 - - [13/Oct/2022:10:40:39 +0800] "GET /xingrg/all/function/internal_message.html?_=1665628839323&CODE_STATE=getMsg HTTP/1.1" 200 27
58.37.5.200 - - [13/Oct/2022:10:40:39 +0800] "GET /xingrg/kc/buy/cgsh_order_operate.html?command=get_materiel&rest_code=00106&code=00101006112&supplier_code=00100015&order_time=2022-10-13 HTTP/1.1" 200 409
116.238.194.138 - - [13/Oct/2022:10:40:39 +0800] "GET /xingrg/check_reg.html?_=1665628839327 HTTP/1.1" 200 22
221.239.141.151 - - [13/Oct/2022:10:40:47 +0800] "GET /xingrg/check_reg.html?_=1665628849119 HTTP/1.1" 200 22
116.230.114.213 - - [13/Oct/2022:10:40:48 +0800] "GET /xingrg/all/function/internal_message.html?_=1665628862375&CODE_STATE=getMsg HTTP/1.1" 200 27
114.83.219.23 - - [13/Oct/2022:10:40:49 +0800] "GET /xingrg/all/function/internal_message.html?_=1665628848093&CODE_STATE=getMsg HTTP/1.1" 200 27
58.37.5.200 - - [13/Oct/2022:10:40:53 +0800] "GET /xingrg/all/function/internal_message.html?_=1665628851856&CODE_STATE=getMsg HTTP/1.1" 200 27
120.253.135.82 - - [13/Oct/2022:10:40:54 +0800] "GET /xingrg/kc/pszx/mdqp_order_list.html?state=10 HTTP/1.1" 200 10219
120.253.135.82 - - [13/Oct/2022:10:40:54 +0800] "GET /xingrg/dwr/interface/AjaxReportQueryService.js HTTP/1.1" 200 13203
120.253.135.82 - - [13/Oct/2022:10:40:54 +0800] "GET /xingrg/dwr/interface/AjaxQqpsService.js HTTP/1.1" 200 16326
120.253.135.82 - - [13/Oct/2022:10:40:54 +0800] "GET /xingrg/dwr/engine.js HTTP/1.1" 200 43631
116.228.172.94 - - [13/Oct/2022:10:40:56 +0800] "GET /xingrg/all/function/internal_message.html?_=1665628850227&CODE_STATE=getMsg HTTP/1.1" 200 27
222.70.183.206 - - [13/Oct/2022:10:40:58 +0800] "GET /xingrg/all/function/internal_message.html?_=1665628857109&CODE_STATE=getMsg HTTP/1.1" 200 27
222.70.183.206 - - [13/Oct/2022:10:40:58 +0800] "GET /xingrg/check_reg.html?_=1665628857114 HTTP/1.1" 200 22
116.238.194.138 - - [13/Oct/2022:10:41:01 +0800] "GET /xingrg/all/function/internal_message.html?_=1665628802464&CODE_STATE=getMsg HTTP/1.1" 200 27
221.239.141.151 - - [13/Oct/2022:10:41:01 +0800] "GET /xingrg/kc/base/wldb_order_list.html HTTP/1.1" 200 19180
221.239.141.151 - - [13/Oct/2022:10:41:01 +0800] "POST /xingrg/kc/base/wldb_list_operate.html HTTP/1.1" 200 928
58.37.5.200 - - [13/Oct/2022:10:41:02 +0800] "POST /xingrg/kc/buy/cgsh_order_operate.html HTTP/1.1" 200 37
221.239.141.151 - - [13/Oct/2022:10:41:03 +0800] "GET /xingrg/kc/base/wldb_order_add.html HTTP/1.1" 200 30393
221.239.141.151 - - [13/Oct/2022:10:41:03 +0800] "GET /xingrg/words/20221013093351_words.js HTTP/1.1" 304 -
221.239.141.151 - - [13/Oct/2022:10:41:03 +0800] "POST /xingrg/kc/base/wldb_order_operate.html HTTP/1.1" 200 6806
221.239.141.151 - - [13/Oct/2022:10:41:03 +0800] "GET /xingrg/all/common/auto_word.html?type=base&rest_code=00102 HTTP/1.1" 200 1857
221.239.141.151 - - [13/Oct/2022:10:41:03 +0800] "GET /xingrg/all/common/auto_word.html?type=base&rest_code=00102 HTTP/1.1" 200 1857
221.239.141.151 - - [13/Oct/2022:10:41:03 +0800] "GET /xingrg/javascript/easyui/themes/default/validatebox.css HTTP/1.1" 404 1104
221.239.141.151 - - [13/Oct/2022:10:41:04 +0800] "POST /xingrg/all/common/load_combo.html?type=base HTTP/1.1" 200 3321
116.230.114.213 - - [13/Oct/2022:10:41:04 +0800] "GET /xingrg/kc/buy/cgsh_order_operate.html?command=get_materiel&rest_code=00146&code=00101016025&supplier_code=00100033&order_time=2022-10-13 HTTP/1.1" 200 408
58.37.5.200 - - [13/Oct/2022:10:41:06 +0800] "POST /xingrg/kc/buy/cgsh_order_operate.html HTTP/1.1" 200 12
58.37.5.200 - - [13/Oct/2022:10:41:09 +0800] "GET /xingrg/kc/buy/cgsh_order_info.html?code=212022101304033 HTTP/1.1" 200 63932
58.37.5.200 - - [13/Oct/2022:10:41:09 +0800] "GET /xingrg/javascript/easyui/themes/default/validatebox.css HTTP/1.1" 404 1104
124.79.74.72 - - [13/Oct/2022:10:41:09 +0800] "GET /xingrg/all/function/internal_message.html?_=1665628869022&CODE_STATE=getMsg HTTP/1.1" 200 27
58.37.5.200 - - [13/Oct/2022:10:41:10 +0800] "POST /xingrg/kc/buy/cgsh_order_operate.html HTTP/1.1" 200 2375
114.83.219.57 - - [13/Oct/2022:10:41:11 +0800] "GET /xingrg/all/function/internal_message.html?_=1665628967087&CODE_STATE=getMsg HTTP/1.1" 200 27
114.88.159.190 - - [13/Oct/2022:10:41:12 +0800] "GET /xingrg/all/function/internal_message.html?_=1665628502977&CODE_STATE=getMsg HTTP/1.1" 200 27
58.37.5.200 - - [13/Oct/2022:10:41:13 +0800] "GET /xingrg/kc/print/load_data.html?order_code=212022101304033&kc_code=cgsh&condition= HTTP/1.1" 200 1464
116.230.105.139 - - [13/Oct/2022:10:41:14 +0800] "GET /xingrg/all/function/internal_message.html?_=1665628873796&CODE_STATE=getMsg HTTP/1.1" 200 27
221.239.141.151 - - [13/Oct/2022:10:41:18 +0800] "POST /xingrg/all/common/load_combo.html?type=base HTTP/1.1" 200 3321
58.37.5.200 - - [13/Oct/2022:10:41:18 +0800] "GET /xingrg/kc/print/load_data.html?order_code=212022101304033&kc_code=cgsh HTTP/1.1" 200 1464
124.79.243.136 - - [13/Oct/2022:10:41:21 +0800] "GET /xingrg/all/function/internal_message.html?_=1665629085461&CODE_STATE=getMsg HTTP/1.1" 200 27
101.83.146.154 - - [13/Oct/2022:10:41:22 +0800] "GET /xingrg/all/function/internal_message.html?_=1665628736716&CODE_STATE=getMsg HTTP/1.1" 200 27
101.83.146.154 - - [13/Oct/2022:10:41:22 +0800] "GET /xingrg/check_reg.html?_=1665628736717 HTTP/1.1" 200 22
221.239.141.151 - - [13/Oct/2022:10:41:26 +0800] "GET /xingrg/all/function/internal_message.html?_=1665628907458&CODE_STATE=getMsg HTTP/1.1" 200 27
221.239.141.151 - - [13/Oct/2022:10:41:26 +0800] "GET /xingrg/check_reg.html?_=1665628907462 HTTP/1.1" 200 22
114.88.159.190 - - [13/Oct/2022:10:41:31 +0800] "GET /xingrg/kc/buy/cgsh_order_operate.html?command=get_materiel&rest_code=00141&code=00101007077&supplier_code=00100004&order_time=2022-10-13 HTTP/1.1" 200 415
116.230.114.213 - - [13/Oct/2022:10:41:33 +0800] "GET /xingrg/kc/buy/cgsh_order_operate.html?command=get_materiel&rest_code=00146&code=00101012003&supplier_code=00100033&order_time=2022-10-13 HTTP/1.1" 200 413
101.83.146.154 - - [13/Oct/2022:10:41:33 +0800] "GET /xingrg/all/function/internal_message.html?_=1665628895760&CODE_STATE=getMsg HTTP/1.1" 200 27
101.83.146.154 - - [13/Oct/2022:10:41:35 +0800] "GET /xingrg/check_reg.html?_=1665628898086 HTTP/1.1" 200 22
116.238.194.138 - - [13/Oct/2022:10:41:39 +0800] "GET /xingrg/all/function/internal_message.html?_=1665628899278&CODE_STATE=getMsg HTTP/1.1" 200 27
120.253.135.82 - - [13/Oct/2022:10:41:43 +0800] "GET /xingrg/kc/pszx/mdqp_order_list.html?state=10 HTTP/1.1" 200 10219
120.253.135.82 - - [13/Oct/2022:10:41:43 +0800] "GET /xingrg/dwr/interface/AjaxQqpsService.js HTTP/1.1" 200 16326
120.253.135.82 - - [13/Oct/2022:10:41:43 +0800] "GET /xingrg/dwr/interface/AjaxReportQueryService.js HTTP/1.1" 200 13203
120.253.135.82 - - [13/Oct/2022:10:41:43 +0800] "GET /xingrg/dwr/engine.js HTTP/1.1" 200 43631
116.230.114.213 - - [13/Oct/2022:10:41:47 +0800] "GET /xingrg/check_reg.html?_=1665628921170 HTTP/1.1" 200 22
116.230.114.213 - - [13/Oct/2022:10:41:48 +0800] "GET /xingrg/all/function/internal_message.html?_=1665628922388&CODE_STATE=getMsg HTTP/1.1" 200 27
114.83.219.23 - - [13/Oct/2022:10:41:49 +0800] "GET /xingrg/all/function/internal_message.html?_=1665628908088&CODE_STATE=getMsg HTTP/1.1" 200 27
114.88.159.190 - - [13/Oct/2022:10:41:52 +0800] "GET /xingrg/kc/buy/cgsh_order_operate.html?command=get_materiel&rest_code=00141&code=00101007061&supplier_code=00100004&order_time=2022-10-13 HTTP/1.1" 200 409
58.37.5.200 - - [13/Oct/2022:10:41:53 +0800] "GET /xingrg/all/function/internal_message.html?_=1665628911825&CODE_STATE=getMsg HTTP/1.1" 200 27
58.37.5.200 - - [13/Oct/2022:10:41:54 +0800] "GET /xingrg/check_reg.html?_=1665628912066 HTTP/1.1" 200 22
116.228.172.94 - - [13/Oct/2022:10:41:56 +0800] "GET /xingrg/all/function/internal_message.html?_=1665628910205&CODE_STATE=getMsg HTTP/1.1" 200 27
222.70.183.206 - - [13/Oct/2022:10:41:58 +0800] "GET /xingrg/all/function/internal_message.html?_=1665628917112&CODE_STATE=getMsg HTTP/1.1" 200 27
116.230.114.213 - - [13/Oct/2022:10:41:59 +0800] "GET /xingrg/kc/buy/cgsh_order_operate.html?command=get_materiel&rest_code=00146&code=00101008220&supplier_code=00100033&order_time=2022-10-13 HTTP/1.1" 200 412
116.238.194.138 - - [13/Oct/2022:10:42:01 +0800] "GET /xingrg/all/function/internal_message.html?_=1665628862475&CODE_STATE=getMsg HTTP/1.1" 200 27
124.79.74.72 - - [13/Oct/2022:10:42:09 +0800] "GET /xingrg/all/function/internal_message.html?_=1665628929009&CODE_STATE=getMsg HTTP/1.1" 200 27
