114.88.159.190 - - [13/Oct/2022:11:30:11 +0800] "GET /xingrg/all/function/internal_message.html?_=1665631441874&CODE_STATE=getMsg HTTP/1.1" 200 27
116.230.105.139 - - [13/Oct/2022:11:30:14 +0800] "GET /xingrg/all/function/internal_message.html?_=1665631813809&CODE_STATE=getMsg HTTP/1.1" 200 27
124.79.243.136 - - [13/Oct/2022:11:30:21 +0800] "GET /xingrg/all/function/internal_message.html?_=1665632025521&CODE_STATE=getMsg HTTP/1.1" 200 27
101.85.92.173 - - [13/Oct/2022:11:30:22 +0800] "GET /xingrg/all/function/internal_message.html?_=1665631822608&CODE_STATE=getMsg HTTP/1.1" 200 27
101.83.146.154 - - [13/Oct/2022:11:30:22 +0800] "GET /xingrg/all/function/internal_message.html?_=1665631676773&CODE_STATE=getMsg HTTP/1.1" 200 27
116.230.105.139 - - [13/Oct/2022:11:30:25 +0800] "GET /xingrg/all/function/internal_message.html?_=1665631825569&CODE_STATE=getMsg HTTP/1.1" 200 27
221.239.141.151 - - [13/Oct/2022:11:30:26 +0800] "GET /xingrg/all/function/internal_message.html?_=1665631847480&CODE_STATE=getMsg HTTP/1.1" 200 27
101.83.146.154 - - [13/Oct/2022:11:30:32 +0800] "GET /xingrg/all/function/internal_message.html?_=1665631834587&CODE_STATE=getMsg HTTP/1.1" 200 27
116.238.194.138 - - [13/Oct/2022:11:30:39 +0800] "GET /xingrg/check_reg.html?_=1665631839581 HTTP/1.1" 200 22
116.238.194.138 - - [13/Oct/2022:11:30:39 +0800] "GET /xingrg/all/function/internal_message.html?_=1665631839585&CODE_STATE=getMsg HTTP/1.1" 200 27
120.253.135.82 - - [13/Oct/2022:11:30:42 +0800] "GET /xingrg/check_reg.html?_=1665631637957 HTTP/1.1" 200 22
221.239.141.151 - - [13/Oct/2022:11:30:47 +0800] "GET /xingrg/check_reg.html?_=1665631848972 HTTP/1.1" 200 22
114.83.219.23 - - [13/Oct/2022:11:30:48 +0800] "GET /xingrg/all/function/internal_message.html?_=1665631847339&CODE_STATE=getMsg HTTP/1.1" 200 27
116.230.114.213 - - [13/Oct/2022:11:30:49 +0800] "GET /xingrg/all/function/internal_message.html?_=1665631863646&CODE_STATE=getMsg HTTP/1.1" 200 27
180.169.147.146 - - [13/Oct/2022:11:30:52 +0800] "GET /xingrg/all/function/internal_message.html?_=1665631844201&CODE_STATE=getMsg HTTP/1.1" 302 -
180.169.147.146 - - [13/Oct/2022:11:30:52 +0800] "GET /xingrg/login.html HTTP/1.1" 200 7641
58.37.5.200 - - [13/Oct/2022:11:30:52 +0800] "GET /xingrg/all/function/internal_message.html?_=1665631850705&CODE_STATE=getMsg HTTP/1.1" 200 27
101.85.92.173 - - [13/Oct/2022:11:30:54 +0800] "POST /xingrg/dwr/call/plaincall/AjaxYddbService.checkOrder.dwr HTTP/1.1" 200 79
116.228.172.94 - - [13/Oct/2022:11:30:55 +0800] "GET /xingrg/all/function/internal_message.html?_=1665631850067&CODE_STATE=getMsg HTTP/1.1" 200 27
222.70.183.206 - - [13/Oct/2022:11:30:58 +0800] "GET /xingrg/all/function/internal_message.html?_=1665631857160&CODE_STATE=getMsg HTTP/1.1" 200 27
222.70.183.206 - - [13/Oct/2022:11:30:58 +0800] "GET /xingrg/check_reg.html?_=1665631857162 HTTP/1.1" 200 22
101.85.92.173 - - [13/Oct/2022:11:30:59 +0800] "GET /xingrg/kc/base/yddb_order_info.html?code=482022101300075 HTTP/1.1" 200 28724
101.85.92.173 - - [13/Oct/2022:11:30:59 +0800] "GET /xingrg/dwr/interface/AjaxYddbService.js HTTP/1.1" 200 13201
101.85.92.173 - - [13/Oct/2022:11:30:59 +0800] "GET /xingrg/dwr/interface/AjaxComOrderService.js HTTP/1.1" 200 18264
101.85.92.173 - - [13/Oct/2022:11:30:59 +0800] "GET /xingrg/dwr/engine.js HTTP/1.1" 200 43631
101.85.92.173 - - [13/Oct/2022:11:30:59 +0800] "POST /xingrg/dwr/call/plaincall/AjaxYddbService.loadMaterielItems.dwr HTTP/1.1" 200 3063
114.84.81.136 - - [13/Oct/2022:11:31:01 +0800] "GET /xingrg/all/function/internal_message.html?_=1665631862655&CODE_STATE=getMsg HTTP/1.1" 302 -
116.238.194.138 - - [13/Oct/2022:11:31:02 +0800] "GET /xingrg/all/function/internal_message.html?_=1665631803563&CODE_STATE=getMsg HTTP/1.1" 200 27
101.85.92.173 - - [13/Oct/2022:11:31:04 +0800] "POST /xingrg/kc/base/yddb_list_operate.html HTTP/1.1" 200 4381
101.85.92.173 - - [13/Oct/2022:11:31:05 +0800] "POST /xingrg/kc/base/yddb_list_operate.html HTTP/1.1" 200 4381
124.79.74.72 - - [13/Oct/2022:11:31:08 +0800] "GET /xingrg/all/function/internal_message.html?_=1665631867897&CODE_STATE=getMsg HTTP/1.1" 200 27
114.83.219.57 - - [13/Oct/2022:11:31:10 +0800] "GET /xingrg/all/function/internal_message.html?_=1665631967084&CODE_STATE=getMsg HTTP/1.1" 200 27
114.88.159.190 - - [13/Oct/2022:11:31:11 +0800] "GET /xingrg/all/function/internal_message.html?_=1665631501843&CODE_STATE=getMsg HTTP/1.1" 200 27
116.230.105.139 - - [13/Oct/2022:11:31:14 +0800] "GET /xingrg/all/function/internal_message.html?_=1665631873826&CODE_STATE=getMsg HTTP/1.1" 200 27
124.79.243.136 - - [13/Oct/2022:11:31:21 +0800] "GET /xingrg/all/function/internal_message.html?_=1665632085519&CODE_STATE=getMsg HTTP/1.1" 200 27
101.85.92.173 - - [13/Oct/2022:11:31:22 +0800] "GET /xingrg/all/function/internal_message.html?_=1665631882620&CODE_STATE=getMsg HTTP/1.1" 200 27
101.83.146.154 - - [13/Oct/2022:11:31:22 +0800] "GET /xingrg/all/function/internal_message.html?_=1665631736781&CODE_STATE=getMsg HTTP/1.1" 200 27
101.83.146.154 - - [13/Oct/2022:11:31:22 +0800] "GET /xingrg/check_reg.html?_=1665631736785 HTTP/1.1" 200 22
116.230.105.139 - - [13/Oct/2022:11:31:25 +0800] "GET /xingrg/all/function/internal_message.html?_=1665631885543&CODE_STATE=getMsg HTTP/1.1" 200 27
221.239.141.151 - - [13/Oct/2022:11:31:26 +0800] "GET /xingrg/all/function/internal_message.html?_=1665631907481&CODE_STATE=getMsg HTTP/1.1" 200 27
221.239.141.151 - - [13/Oct/2022:11:31:26 +0800] "GET /xingrg/check_reg.html?_=1665631907486 HTTP/1.1" 200 22
101.83.146.154 - - [13/Oct/2022:11:31:32 +0800] "GET /xingrg/all/function/internal_message.html?_=1665631894568&CODE_STATE=getMsg HTTP/1.1" 200 27
101.83.146.154 - - [13/Oct/2022:11:31:36 +0800] "GET /xingrg/check_reg.html?_=1665631898141 HTTP/1.1" 200 22
116.238.194.138 - - [13/Oct/2022:11:31:39 +0800] "GET /xingrg/all/function/internal_message.html?_=1665631899585&CODE_STATE=getMsg HTTP/1.1" 200 27
116.230.114.213 - - [13/Oct/2022:11:31:47 +0800] "GET /xingrg/check_reg.html?_=1665631921655 HTTP/1.1" 200 22
114.83.219.23 - - [13/Oct/2022:11:31:48 +0800] "GET /xingrg/all/function/internal_message.html?_=1665631907324&CODE_STATE=getMsg HTTP/1.1" 200 27
116.230.114.213 - - [13/Oct/2022:11:31:49 +0800] "GET /xingrg/all/function/internal_message.html?_=1665631923659&CODE_STATE=getMsg HTTP/1.1" 200 27
180.169.147.146 - - [13/Oct/2022:11:31:52 +0800] "GET /xingrg/all/function/internal_message.html?_=1665631904203&CODE_STATE=getMsg HTTP/1.1" 302 -
180.169.147.146 - - [13/Oct/2022:11:31:52 +0800] "GET /xingrg/login.html HTTP/1.1" 200 7641
58.37.5.200 - - [13/Oct/2022:11:31:52 +0800] "GET /xingrg/all/function/internal_message.html?_=1665631910681&CODE_STATE=getMsg HTTP/1.1" 200 27
58.37.5.200 - - [13/Oct/2022:11:31:53 +0800] "GET /xingrg/check_reg.html?_=1665631911881 HTTP/1.1" 200 22
116.228.172.94 - - [13/Oct/2022:11:31:55 +0800] "GET /xingrg/all/function/internal_message.html?_=1665631910071&CODE_STATE=getMsg HTTP/1.1" 200 27
222.70.183.206 - - [13/Oct/2022:11:31:58 +0800] "GET /xingrg/all/function/internal_message.html?_=1665631917162&CODE_STATE=getMsg HTTP/1.1" 200 27
116.238.194.138 - - [13/Oct/2022:11:32:02 +0800] "GET /xingrg/all/function/internal_message.html?_=1665631863603&CODE_STATE=getMsg HTTP/1.1" 200 27
124.79.74.72 - - [13/Oct/2022:11:32:08 +0800] "GET /xingrg/all/function/internal_message.html?_=1665631927883&CODE_STATE=getMsg HTTP/1.1" 200 27
114.83.219.57 - - [13/Oct/2022:11:32:10 +0800] "GET /xingrg/all/function/internal_message.html?_=1665632027087&CODE_STATE=getMsg HTTP/1.1" 200 27
114.88.159.190 - - [13/Oct/2022:11:32:11 +0800] "GET /xingrg/all/function/internal_message.html?_=1665631561818&CODE_STATE=getMsg HTTP/1.1" 200 27
116.230.105.139 - - [13/Oct/2022:11:32:14 +0800] "GET /xingrg/all/function/internal_message.html?_=1665631933807&CODE_STATE=getMsg HTTP/1.1" 200 27
124.79.243.136 - - [13/Oct/2022:11:32:21 +0800] "GET /xingrg/all/function/internal_message.html?_=1665632145518&CODE_STATE=getMsg HTTP/1.1" 200 27
124.79.243.136 - - [13/Oct/2022:11:32:21 +0800] "GET /xingrg/check_reg.html?_=1665632145517 HTTP/1.1" 200 22
101.85.92.173 - - [13/Oct/2022:11:32:22 +0800] "GET /xingrg/all/function/internal_message.html?_=1665631942612&CODE_STATE=getMsg HTTP/1.1" 200 27
101.83.146.154 - - [13/Oct/2022:11:32:22 +0800] "GET /xingrg/all/function/internal_message.html?_=1665631796771&CODE_STATE=getMsg HTTP/1.1" 200 27
116.230.105.139 - - [13/Oct/2022:11:32:25 +0800] "GET /xingrg/all/function/internal_message.html?_=1665631945525&CODE_STATE=getMsg HTTP/1.1" 200 27
221.239.141.151 - - [13/Oct/2022:11:32:26 +0800] "GET /xingrg/all/function/internal_message.html?_=1665631967486&CODE_STATE=getMsg HTTP/1.1" 200 27
101.83.146.154 - - [13/Oct/2022:11:32:32 +0800] "GET /xingrg/all/function/internal_message.html?_=1665631954541&CODE_STATE=getMsg HTTP/1.1" 200 27
116.238.194.138 - - [13/Oct/2022:11:32:39 +0800] "GET /xingrg/all/function/internal_message.html?_=1665631959586&CODE_STATE=getMsg HTTP/1.1" 200 27
114.83.219.23 - - [13/Oct/2022:11:32:48 +0800] "GET /xingrg/all/function/internal_message.html?_=1665631967304&CODE_STATE=getMsg HTTP/1.1" 200 27
116.230.114.213 - - [13/Oct/2022:11:32:49 +0800] "GET /xingrg/all/function/internal_message.html?_=1665631983674&CODE_STATE=getMsg HTTP/1.1" 200 27
180.169.147.146 - - [13/Oct/2022:11:32:52 +0800] "GET /xingrg/all/function/internal_message.html?_=1665631964204&CODE_STATE=getMsg HTTP/1.1" 302 -
180.169.147.146 - - [13/Oct/2022:11:32:52 +0800] "GET /xingrg/login.html HTTP/1.1" 200 7641
58.37.5.200 - - [13/Oct/2022:11:32:52 +0800] "GET /xingrg/all/function/internal_message.html?_=1665631970654&CODE_STATE=getMsg HTTP/1.1" 200 27
116.228.172.94 - - [13/Oct/2022:11:32:55 +0800] "GET /xingrg/all/function/internal_message.html?_=1665631970083&CODE_STATE=getMsg HTTP/1.1" 200 27
116.228.172.94 - - [13/Oct/2022:11:32:56 +0800] "GET /xingrg/check_reg.html?_=1665631970666 HTTP/1.1" 200 22
222.70.183.206 - - [13/Oct/2022:11:32:58 +0800] "GET /xingrg/all/function/internal_message.html?_=1665631977189&CODE_STATE=getMsg HTTP/1.1" 200 27
120.253.135.82 - - [13/Oct/2022:11:32:59 +0800] "GET /xingrg/kc/pszx/mdqp_order_list.html?state=10 HTTP/1.1" 200 10219
120.253.135.82 - - [13/Oct/2022:11:32:59 +0800] "GET /xingrg/dwr/engine.js HTTP/1.1" 200 43631
120.253.135.82 - - [13/Oct/2022:11:32:59 +0800] "GET /xingrg/dwr/interface/AjaxReportQueryService.js HTTP/1.1" 200 13203
120.253.135.82 - - [13/Oct/2022:11:32:59 +0800] "GET /xingrg/dwr/interface/AjaxQqpsService.js HTTP/1.1" 200 16326
116.238.194.138 - - [13/Oct/2022:11:33:02 +0800] "GET /xingrg/all/function/internal_message.html?_=1665631923605&CODE_STATE=getMsg HTTP/1.1" 200 27
124.79.74.72 - - [13/Oct/2022:11:33:08 +0800] "GET /xingrg/all/function/internal_message.html?_=1665631987853&CODE_STATE=getMsg HTTP/1.1" 200 27
114.83.219.57 - - [13/Oct/2022:11:33:10 +0800] "GET /xingrg/check_reg.html?_=1665632087095 HTTP/1.1" 200 22
114.83.219.57 - - [13/Oct/2022:11:33:11 +0800] "GET /xingrg/all/function/internal_message.html?_=1665632087096&CODE_STATE=getMsg HTTP/1.1" 200 27
114.88.159.190 - - [13/Oct/2022:11:33:11 +0800] "GET /xingrg/all/function/internal_message.html?_=1665631621794&CODE_STATE=getMsg HTTP/1.1" 200 27
114.88.159.190 - - [13/Oct/2022:11:33:12 +0800] "GET /xingrg/check_reg.html?_=1665631623196 HTTP/1.1" 200 22
114.84.81.136 - - [13/Oct/2022:11:33:13 +0800] "GET /xingrg/all/function/internal_message.html?_=1665631994947&CODE_STATE=getMsg HTTP/1.1" 302 -
116.230.105.139 - - [13/Oct/2022:11:33:14 +0800] "GET /xingrg/all/function/internal_message.html?_=1665631993804&CODE_STATE=getMsg HTTP/1.1" 200 27
116.230.105.139 - - [13/Oct/2022:11:33:14 +0800] "GET /xingrg/check_reg.html?_=1665631993808 HTTP/1.1" 200 22
120.253.135.82 - - [13/Oct/2022:11:33:16 +0800] "GET /xingrg/kc/pszx/mdqp_order_list.html?state=10 HTTP/1.1" 200 10219
120.253.135.82 - - [13/Oct/2022:11:33:16 +0800] "GET /xingrg/dwr/interface/AjaxQqpsService.js HTTP/1.1" 200 16326
120.253.135.82 - - [13/Oct/2022:11:33:16 +0800] "GET /xingrg/dwr/interface/AjaxReportQueryService.js HTTP/1.1" 200 13203
120.253.135.82 - - [13/Oct/2022:11:33:16 +0800] "GET /xingrg/dwr/engine.js HTTP/1.1" 200 43631
124.79.243.136 - - [13/Oct/2022:11:33:21 +0800] "GET /xingrg/all/function/internal_message.html?_=1665632205520&CODE_STATE=getMsg HTTP/1.1" 200 27
101.85.92.173 - - [13/Oct/2022:11:33:22 +0800] "GET /xingrg/all/function/internal_message.html?_=1665632002612&CODE_STATE=getMsg HTTP/1.1" 200 27
101.83.146.154 - - [13/Oct/2022:11:33:22 +0800] "GET /xingrg/all/function/internal_message.html?_=1665631856780&CODE_STATE=getMsg HTTP/1.1" 200 27
116.230.105.139 - - [13/Oct/2022:11:33:25 +0800] "GET /xingrg/check_reg.html?_=1665632005317 HTTP/1.1" 200 22
116.230.105.139 - - [13/Oct/2022:11:33:25 +0800] "GET /xingrg/all/function/internal_message.html?_=1665632005512&CODE_STATE=getMsg HTTP/1.1" 200 27
221.239.141.151 - - [13/Oct/2022:11:33:26 +0800] "GET /xingrg/all/function/internal_message.html?_=1665632027488&CODE_STATE=getMsg HTTP/1.1" 200 27
101.83.146.154 - - [13/Oct/2022:11:33:32 +0800] "GET /xingrg/all/function/internal_message.html?_=1665632014543&CODE_STATE=getMsg HTTP/1.1" 200 27
116.238.194.138 - - [13/Oct/2022:11:33:39 +0800] "GET /xingrg/all/function/internal_message.html?_=1665632019587&CODE_STATE=getMsg HTTP/1.1" 200 27
114.83.219.23 - - [13/Oct/2022:11:33:48 +0800] "GET /xingrg/all/function/internal_message.html?_=1665632027276&CODE_STATE=getMsg HTTP/1.1" 200 27
114.83.219.23 - - [13/Oct/2022:11:33:49 +0800] "GET /xingrg/check_reg.html?_=1665632028097 HTTP/1.1" 200 22
116.230.114.213 - - [13/Oct/2022:11:33:49 +0800] "GET /xingrg/all/function/internal_message.html?_=1665632043687&CODE_STATE=getMsg HTTP/1.1" 200 27
114.88.159.190 - - [13/Oct/2022:11:33:50 +0800] "POST /xingrg/dwr/call/plaincall/AjaxYddbService.getMaterielByMap.dwr HTTP/1.1" 200 2739
180.169.147.146 - - [13/Oct/2022:11:33:52 +0800] "GET /xingrg/all/function/internal_message.html?_=1665632024206&CODE_STATE=getMsg HTTP/1.1" 302 -
180.169.147.146 - - [13/Oct/2022:11:33:52 +0800] "GET /xingrg/login.html HTTP/1.1" 200 7641
58.37.5.200 - - [13/Oct/2022:11:33:52 +0800] "GET /xingrg/all/function/internal_message.html?_=1665632030634&CODE_STATE=getMsg HTTP/1.1" 200 27
116.228.172.94 - - [13/Oct/2022:11:33:55 +0800] "GET /xingrg/all/function/internal_message.html?_=1665632030085&CODE_STATE=getMsg HTTP/1.1" 200 27
114.88.159.190 - - [13/Oct/2022:11:33:58 +0800] "POST /xingrg/dwr/call/plaincall/AjaxYddbService.saveMaterielItem.dwr HTTP/1.1" 200 79
222.70.183.206 - - [13/Oct/2022:11:33:58 +0800] "GET /xingrg/all/function/internal_message.html?_=1665632037190&CODE_STATE=getMsg HTTP/1.1" 200 27
116.238.194.138 - - [13/Oct/2022:11:34:01 +0800] "GET /xingrg/check_reg.html?_=1665631982618 HTTP/1.1" 200 22
116.238.194.138 - - [13/Oct/2022:11:34:02 +0800] "GET /xingrg/all/function/internal_message.html?_=1665631983619&CODE_STATE=getMsg HTTP/1.1" 200 27
124.79.74.72 - - [13/Oct/2022:11:34:08 +0800] "GET /xingrg/all/function/internal_message.html?_=1665632047838&CODE_STATE=getMsg HTTP/1.1" 200 27
114.83.219.57 - - [13/Oct/2022:11:34:10 +0800] "GET /xingrg/all/function/internal_message.html?_=1665632147086&CODE_STATE=getMsg HTTP/1.1" 200 27
114.88.159.190 - - [13/Oct/2022:11:34:11 +0800] "GET /xingrg/all/function/internal_message.html?_=1665631681782&CODE_STATE=getMsg HTTP/1.1" 200 27
116.230.105.139 - - [13/Oct/2022:11:34:14 +0800] "GET /xingrg/all/function/internal_message.html?_=1665632053808&CODE_STATE=getMsg HTTP/1.1" 200 27
124.79.243.136 - - [13/Oct/2022:11:34:21 +0800] "GET /xingrg/all/function/internal_message.html?_=1665632265519&CODE_STATE=getMsg HTTP/1.1" 200 27
101.85.92.173 - - [13/Oct/2022:11:34:22 +0800] "GET /xingrg/all/function/internal_message.html?_=1665632062612&CODE_STATE=getMsg HTTP/1.1" 200 27
101.85.92.173 - - [13/Oct/2022:11:34:22 +0800] "GET /xingrg/check_reg.html?_=1665632062615 HTTP/1.1" 200 22
101.83.146.154 - - [13/Oct/2022:11:34:22 +0800] "GET /xingrg/all/function/internal_message.html?_=1665631916789&CODE_STATE=getMsg HTTP/1.1" 200 27
116.230.105.139 - - [13/Oct/2022:11:34:25 +0800] "GET /xingrg/all/function/internal_message.html?_=1665632065494&CODE_STATE=getMsg HTTP/1.1" 200 27
221.239.141.151 - - [13/Oct/2022:11:34:26 +0800] "GET /xingrg/all/function/internal_message.html?_=1665632087489&CODE_STATE=getMsg HTTP/1.1" 200 27
101.83.146.154 - - [13/Oct/2022:11:34:32 +0800] "GET /xingrg/all/function/internal_message.html?_=1665632074525&CODE_STATE=getMsg HTTP/1.1" 200 27
124.79.74.72 - - [13/Oct/2022:11:34:34 +0800] "GET /xingrg/check_reg.html?_=1665632073636 HTTP/1.1" 200 22
116.238.194.138 - - [13/Oct/2022:11:34:39 +0800] "GET /xingrg/all/function/internal_message.html?_=1665632079605&CODE_STATE=getMsg HTTP/1.1" 200 27
114.83.219.23 - - [13/Oct/2022:11:34:48 +0800] "GET /xingrg/all/function/internal_message.html?_=1665632087254&CODE_STATE=getMsg HTTP/1.1" 200 27
116.230.114.213 - - [13/Oct/2022:11:34:49 +0800] "GET /xingrg/all/function/internal_message.html?_=1665632103760&CODE_STATE=getMsg HTTP/1.1" 200 27
180.169.147.146 - - [13/Oct/2022:11:34:52 +0800] "GET /xingrg/all/function/internal_message.html?_=1665632084207&CODE_STATE=getMsg HTTP/1.1" 302 -
180.169.147.146 - - [13/Oct/2022:11:34:52 +0800] "GET /xingrg/check_reg.html?_=1665632084208 HTTP/1.1" 302 -
180.169.147.146 - - [13/Oct/2022:11:34:52 +0800] "GET /xingrg/login.html HTTP/1.1" 200 7641
180.169.147.146 - - [13/Oct/2022:11:34:52 +0800] "GET /xingrg/login.html HTTP/1.1" 200 7641
58.37.5.200 - - [13/Oct/2022:11:34:52 +0800] "GET /xingrg/all/function/internal_message.html?_=1665632090609&CODE_STATE=getMsg HTTP/1.1" 200 27
116.228.172.94 - - [13/Oct/2022:11:34:55 +0800] "GET /xingrg/all/function/internal_message.html?_=1665632090076&CODE_STATE=getMsg HTTP/1.1" 200 27
101.85.92.173 - - [13/Oct/2022:11:34:57 +0800] "GET /xingrg/kc/buy/cgsh_order_list.html HTTP/1.1" 200 53251
101.85.92.173 - - [13/Oct/2022:11:34:58 +0800] "POST /xingrg/kc/buy/cgsh_list_operate.html HTTP/1.1" 200 986
222.70.183.206 - - [13/Oct/2022:11:34:58 +0800] "GET /xingrg/all/function/internal_message.html?_=1665632097191&CODE_STATE=getMsg HTTP/1.1" 200 27
101.85.92.173 - - [13/Oct/2022:11:34:59 +0800] "GET /xingrg/kc/buy/cgsh_order_add.html HTTP/1.1" 200 68146
101.85.92.173 - - [13/Oct/2022:11:34:59 +0800] "GET /xingrg/javascript/easyui/themes/icons/copy_new.png HTTP/1.1" 304 -
101.85.92.173 - - [13/Oct/2022:11:34:59 +0800] "POST /xingrg/kc/buy/cgsh_order_operate.html HTTP/1.1" 200 8245
101.85.92.173 - - [13/Oct/2022:11:34:59 +0800] "GET /xingrg/all/common/auto_word.html?type=employee&rest_code=00142 HTTP/1.1" 200 105
101.85.92.173 - - [13/Oct/2022:11:34:59 +0800] "GET /xingrg/javascript/easyui/themes/default/validatebox.css HTTP/1.1" 404 1104
101.85.92.173 - - [13/Oct/2022:11:34:59 +0800] "GET /xingrg/all/common/auto_word.html?type=employee&rest_code=00142 HTTP/1.1" 200 105
172.20.0.100 - - [13/Oct/2022:11:35:00 +0800] "GET /xingrg/check_reg.html?_=1665632099781 HTTP/1.1" 200 22
116.238.194.138 - - [13/Oct/2022:11:35:02 +0800] "GET /xingrg/all/function/internal_message.html?_=1665632043632&CODE_STATE=getMsg HTTP/1.1" 200 27
124.79.74.72 - - [13/Oct/2022:11:35:08 +0800] "GET /xingrg/all/function/internal_message.html?_=1665632107807&CODE_STATE=getMsg HTTP/1.1" 200 27
114.83.219.57 - - [13/Oct/2022:11:35:10 +0800] "GET /xingrg/all/function/internal_message.html?_=1665632207080&CODE_STATE=getMsg HTTP/1.1" 200 27
114.88.159.190 - - [13/Oct/2022:11:35:11 +0800] "GET /xingrg/all/function/internal_message.html?_=1665631741745&CODE_STATE=getMsg HTTP/1.1" 200 27
116.230.105.139 - - [13/Oct/2022:11:35:14 +0800] "GET /xingrg/all/function/internal_message.html?_=1665632113804&CODE_STATE=getMsg HTTP/1.1" 200 27
101.85.92.173 - - [13/Oct/2022:11:35:17 +0800] "GET /xingrg/kc/buy/cgsh_order_operate.html?command=get_materiel&rest_code=00142&code=00101008108&supplier_code=00100161&order_time=2022-10-13 HTTP/1.1" 200 412
180.163.28.114 - - [13/Oct/2022:11:35:19 +0800] "GET /xingrg/all/function/internal_message.html?_=1665628431974&CODE_STATE=getMsg HTTP/1.1" 302 -
180.163.28.114 - - [13/Oct/2022:11:35:19 +0800] "GET /xingrg/login.html HTTP/1.1" 200 7641
124.79.243.136 - - [13/Oct/2022:11:35:21 +0800] "GET /xingrg/all/function/internal_message.html?_=1665632325517&CODE_STATE=getMsg HTTP/1.1" 200 27
101.85.92.173 - - [13/Oct/2022:11:35:22 +0800] "GET /xingrg/all/function/internal_message.html?_=1665632122619&CODE_STATE=getMsg HTTP/1.1" 200 27
101.83.146.154 - - [13/Oct/2022:11:35:22 +0800] "GET /xingrg/all/function/internal_message.html?_=1665631976778&CODE_STATE=getMsg HTTP/1.1" 200 27
116.230.105.139 - - [13/Oct/2022:11:35:25 +0800] "GET /xingrg/all/function/internal_message.html?_=1665632125477&CODE_STATE=getMsg HTTP/1.1" 200 27
114.84.81.136 - - [13/Oct/2022:11:35:25 +0800] "GET /xingrg/all/function/internal_message.html?_=1665632127239&CODE_STATE=getMsg HTTP/1.1" 302 -
221.239.141.151 - - [13/Oct/2022:11:35:26 +0800] "GET /xingrg/all/function/internal_message.html?_=1665632147475&CODE_STATE=getMsg HTTP/1.1" 200 27
101.85.92.173 - - [13/Oct/2022:11:35:29 +0800] "GET /xingrg/kc/buy/cgsh_order_operate.html?command=get_materiel&rest_code=00142&code=00101008368&supplier_code=00100161&order_time=2022-10-13 HTTP/1.1" 200 408
116.238.194.138 - - [13/Oct/2022:11:35:29 +0800] "POST /xingrg/services/DataTransmitService HTTP/1.1" 200 524
116.238.194.138 - - [13/Oct/2022:11:35:30 +0800] "POST /xingrg/services/DataTransmitService HTTP/1.1" 200 412
101.83.146.154 - - [13/Oct/2022:11:35:32 +0800] "GET /xingrg/all/function/internal_message.html?_=1665632134500&CODE_STATE=getMsg HTTP/1.1" 200 27
101.85.92.173 - - [13/Oct/2022:11:35:37 +0800] "GET /xingrg/kc/buy/cgsh_order_operate.html?command=get_materiel&rest_code=00142&code=00101008005&supplier_code=00100161&order_time=2022-10-13 HTTP/1.1" 200 412
116.238.194.138 - - [13/Oct/2022:11:35:39 +0800] "GET /xingrg/all/function/internal_message.html?_=1665632139606&CODE_STATE=getMsg HTTP/1.1" 200 27
116.238.194.138 - - [13/Oct/2022:11:35:39 +0800] "GET /xingrg/check_reg.html?_=1665632139608 HTTP/1.1" 200 22
120.253.135.82 - - [13/Oct/2022:11:35:42 +0800] "GET /xingrg/check_reg.html?_=1665631937957 HTTP/1.1" 200 22
101.85.92.173 - - [13/Oct/2022:11:35:46 +0800] "GET /xingrg/kc/buy/cgsh_order_operate.html?command=get_materiel&rest_code=00142&code=00101008261&supplier_code=00100161&order_time=2022-10-13 HTTP/1.1" 200 408
221.239.141.151 - - [13/Oct/2022:11:35:47 +0800] "GET /xingrg/check_reg.html?_=1665632148957 HTTP/1.1" 200 22
114.83.219.23 - - [13/Oct/2022:11:35:48 +0800] "GET /xingrg/all/function/internal_message.html?_=1665632147238&CODE_STATE=getMsg HTTP/1.1" 200 27
116.230.114.213 - - [13/Oct/2022:11:35:49 +0800] "GET /xingrg/all/function/internal_message.html?_=1665632163760&CODE_STATE=getMsg HTTP/1.1" 200 27
180.169.147.146 - - [13/Oct/2022:11:35:52 +0800] "GET /xingrg/all/function/internal_message.html?_=1665632144209&CODE_STATE=getMsg HTTP/1.1" 302 -
180.169.147.146 - - [13/Oct/2022:11:35:52 +0800] "GET /xingrg/login.html HTTP/1.1" 200 7641
58.37.5.200 - - [13/Oct/2022:11:35:52 +0800] "GET /xingrg/all/function/internal_message.html?_=1665632150591&CODE_STATE=getMsg HTTP/1.1" 200 27
101.85.92.173 - - [13/Oct/2022:11:35:55 +0800] "GET /xingrg/kc/buy/cgsh_order_operate.html?command=get_materiel&rest_code=00142&code=00101008268&supplier_code=00100161&order_time=2022-10-13 HTTP/1.1" 200 408
116.228.172.94 - - [13/Oct/2022:11:35:55 +0800] "GET /xingrg/all/function/internal_message.html?_=1665632150075&CODE_STATE=getMsg HTTP/1.1" 200 27
222.70.183.206 - - [13/Oct/2022:11:35:58 +0800] "GET /xingrg/check_reg.html?_=1665632157193 HTTP/1.1" 200 22
222.70.183.206 - - [13/Oct/2022:11:35:58 +0800] "GET /xingrg/all/function/internal_message.html?_=1665632157197&CODE_STATE=getMsg HTTP/1.1" 200 27
116.238.194.138 - - [13/Oct/2022:11:36:02 +0800] "GET /xingrg/all/function/internal_message.html?_=1665632103645&CODE_STATE=getMsg HTTP/1.1" 200 27
101.85.92.173 - - [13/Oct/2022:11:36:04 +0800] "GET /xingrg/kc/buy/cgsh_order_operate.html?command=get_materiel&rest_code=00142&code=00101008361&supplier_code=00100161&order_time=2022-10-13 HTTP/1.1" 200 408
124.79.74.72 - - [13/Oct/2022:11:36:08 +0800] "GET /xingrg/all/function/internal_message.html?_=1665632167793&CODE_STATE=getMsg HTTP/1.1" 200 27
114.83.219.57 - - [13/Oct/2022:11:36:10 +0800] "GET /xingrg/all/function/internal_message.html?_=1665632267084&CODE_STATE=getMsg HTTP/1.1" 200 27
114.88.159.190 - - [13/Oct/2022:11:36:11 +0800] "GET /xingrg/all/function/internal_message.html?_=1665631801719&CODE_STATE=getMsg HTTP/1.1" 200 27
101.85.92.173 - - [13/Oct/2022:11:36:11 +0800] "GET /xingrg/kc/buy/cgsh_order_operate.html?command=get_materiel&rest_code=00142&code=00101008155&supplier_code=00100161&order_time=2022-10-13 HTTP/1.1" 200 408
116.230.105.139 - - [13/Oct/2022:11:36:14 +0800] "GET /xingrg/all/function/internal_message.html?_=1665632173801&CODE_STATE=getMsg HTTP/1.1" 200 27
101.85.92.173 - - [13/Oct/2022:11:36:19 +0800] "GET /xingrg/kc/buy/cgsh_order_operate.html?command=get_materiel&rest_code=00142&code=00101008371&supplier_code=00100161&order_time=2022-10-13 HTTP/1.1" 200 412
124.79.243.136 - - [13/Oct/2022:11:36:21 +0800] "GET /xingrg/all/function/internal_message.html?_=1665632385515&CODE_STATE=getMsg HTTP/1.1" 200 27
101.83.146.154 - - [13/Oct/2022:11:36:22 +0800] "GET /xingrg/all/function/internal_message.html?_=1665632036787&CODE_STATE=getMsg HTTP/1.1" 200 27
101.83.146.154 - - [13/Oct/2022:11:36:22 +0800] "GET /xingrg/check_reg.html?_=1665632036790 HTTP/1.1" 200 22
101.85.92.173 - - [13/Oct/2022:11:36:22 +0800] "GET /xingrg/all/function/internal_message.html?_=1665632182700&CODE_STATE=getMsg HTTP/1.1" 200 27
116.230.105.139 - - [13/Oct/2022:11:36:25 +0800] "GET /xingrg/all/function/internal_message.html?_=1665632185468&CODE_STATE=getMsg HTTP/1.1" 200 27
221.239.141.151 - - [13/Oct/2022:11:36:26 +0800] "GET /xingrg/all/function/internal_message.html?_=1665632207477&CODE_STATE=getMsg HTTP/1.1" 200 27
221.239.141.151 - - [13/Oct/2022:11:36:26 +0800] "GET /xingrg/check_reg.html?_=1665632207481 HTTP/1.1" 200 22
101.85.92.173 - - [13/Oct/2022:11:36:28 +0800] "GET /xingrg/kc/buy/cgsh_order_operate.html?command=get_materiel&rest_code=00142&code=00101008355&supplier_code=00100161&order_time=2022-10-13 HTTP/1.1" 200 408
101.83.146.154 - - [13/Oct/2022:11:36:32 +0800] "GET /xingrg/all/function/internal_message.html?_=1665632194471&CODE_STATE=getMsg HTTP/1.1" 200 27
101.83.146.154 - - [13/Oct/2022:11:36:36 +0800] "GET /xingrg/check_reg.html?_=1665632198168 HTTP/1.1" 200 22
101.85.92.173 - - [13/Oct/2022:11:36:37 +0800] "GET /xingrg/kc/buy/cgsh_order_operate.html?command=get_materiel&rest_code=00142&code=00101008024&supplier_code=00100161&order_time=2022-10-13 HTTP/1.1" 200 408
116.238.194.138 - - [13/Oct/2022:11:36:39 +0800] "GET /xingrg/all/function/internal_message.html?_=1665632199609&CODE_STATE=getMsg HTTP/1.1" 200 27
101.85.92.173 - - [13/Oct/2022:11:36:44 +0800] "GET /xingrg/kc/buy/cgsh_order_operate.html?command=get_materiel&rest_code=00142&code=00101008356&supplier_code=00100161&order_time=2022-10-13 HTTP/1.1" 200 408
116.230.114.213 - - [13/Oct/2022:11:36:47 +0800] "GET /xingrg/check_reg.html?_=1665632221728 HTTP/1.1" 200 22
114.83.219.23 - - [13/Oct/2022:11:36:48 +0800] "GET /xingrg/all/function/internal_message.html?_=1665632207221&CODE_STATE=getMsg HTTP/1.1" 200 27
116.230.114.213 - - [13/Oct/2022:11:36:49 +0800] "GET /xingrg/all/function/internal_message.html?_=1665632223775&CODE_STATE=getMsg HTTP/1.1" 200 27
180.169.147.146 - - [13/Oct/2022:11:36:52 +0800] "GET /xingrg/all/function/internal_message.html?_=1665632204210&CODE_STATE=getMsg HTTP/1.1" 302 -
180.169.147.146 - - [13/Oct/2022:11:36:52 +0800] "GET /xingrg/login.html HTTP/1.1" 200 7641
101.85.92.173 - - [13/Oct/2022:11:36:52 +0800] "GET /xingrg/kc/buy/cgsh_order_operate.html?command=get_materiel&rest_code=00142&code=00101008286&supplier_code=00100161&order_time=2022-10-13 HTTP/1.1" 200 408
58.37.5.200 - - [13/Oct/2022:11:36:52 +0800] "GET /xingrg/all/function/internal_message.html?_=1665632210567&CODE_STATE=getMsg HTTP/1.1" 200 27
58.37.5.200 - - [13/Oct/2022:11:36:53 +0800] "GET /xingrg/check_reg.html?_=1665632211856 HTTP/1.1" 200 22
116.228.172.94 - - [13/Oct/2022:11:36:55 +0800] "GET /xingrg/all/function/internal_message.html?_=1665632210075&CODE_STATE=getMsg HTTP/1.1" 200 27
222.70.183.206 - - [13/Oct/2022:11:36:58 +0800] "GET /xingrg/all/function/internal_message.html?_=1665632217183&CODE_STATE=getMsg HTTP/1.1" 200 27
116.238.194.138 - - [13/Oct/2022:11:37:02 +0800] "GET /xingrg/all/function/internal_message.html?_=1665632163688&CODE_STATE=getMsg HTTP/1.1" 200 27
101.85.92.173 - - [13/Oct/2022:11:37:03 +0800] "GET /xingrg/kc/buy/cgsh_order_operate.html?command=get_materiel&rest_code=00142&code=00101008351&supplier_code=00100161&order_time=2022-10-13 HTTP/1.1" 200 408
124.79.74.72 - - [13/Oct/2022:11:37:08 +0800] "GET /xingrg/all/function/internal_message.html?_=1665632227763&CODE_STATE=getMsg HTTP/1.1" 200 27
114.83.219.57 - - [13/Oct/2022:11:37:10 +0800] "GET /xingrg/all/function/internal_message.html?_=1665632327083&CODE_STATE=getMsg HTTP/1.1" 200 27
114.88.159.190 - - [13/Oct/2022:11:37:11 +0800] "GET /xingrg/all/function/internal_message.html?_=1665631861701&CODE_STATE=getMsg HTTP/1.1" 200 27
101.85.92.173 - - [13/Oct/2022:11:37:13 +0800] "GET /xingrg/kc/buy/cgsh_order_operate.html?command=get_materiel&rest_code=00142&code=00101008366&supplier_code=00100161&order_time=2022-10-13 HTTP/1.1" 200 408
116.230.105.139 - - [13/Oct/2022:11:37:14 +0800] "GET /xingrg/all/function/internal_message.html?_=1665632233799&CODE_STATE=getMsg HTTP/1.1" 200 27
124.79.243.136 - - [13/Oct/2022:11:37:21 +0800] "GET /xingrg/all/function/internal_message.html?_=1665632445514&CODE_STATE=getMsg HTTP/1.1" 200 27
124.79.243.136 - - [13/Oct/2022:11:37:21 +0800] "GET /xingrg/check_reg.html?_=1665632445515 HTTP/1.1" 200 22
101.83.146.154 - - [13/Oct/2022:11:37:22 +0800] "GET /xingrg/all/function/internal_message.html?_=1665632096776&CODE_STATE=getMsg HTTP/1.1" 200 27
101.85.92.173 - - [13/Oct/2022:11:37:22 +0800] "GET /xingrg/all/function/internal_message.html?_=1665632242671&CODE_STATE=getMsg HTTP/1.1" 200 27
101.85.92.173 - - [13/Oct/2022:11:37:24 +0800] "GET /xingrg/kc/buy/cgsh_order_operate.html?command=get_materiel&rest_code=00142&code=00101008350&supplier_code=00100161&order_time=2022-10-13 HTTP/1.1" 200 408
116.230.105.139 - - [13/Oct/2022:11:37:25 +0800] "GET /xingrg/all/function/internal_message.html?_=1665632245454&CODE_STATE=getMsg HTTP/1.1" 200 27
221.239.141.151 - - [13/Oct/2022:11:37:26 +0800] "GET /xingrg/all/function/internal_message.html?_=1665632267482&CODE_STATE=getMsg HTTP/1.1" 200 27
101.83.146.154 - - [13/Oct/2022:11:37:32 +0800] "GET /xingrg/all/function/internal_message.html?_=1665632254441&CODE_STATE=getMsg HTTP/1.1" 200 27
101.85.92.173 - - [13/Oct/2022:11:37:34 +0800] "GET /xingrg/kc/buy/cgsh_order_operate.html?command=get_materiel&rest_code=00142&code=00101008312&supplier_code=00100161&order_time=2022-10-13 HTTP/1.1" 200 412
114.84.81.136 - - [13/Oct/2022:11:37:38 +0800] "GET /xingrg/all/function/internal_message.html?_=1665632259530&CODE_STATE=getMsg HTTP/1.1" 302 -
116.238.194.138 - - [13/Oct/2022:11:37:39 +0800] "GET /xingrg/all/function/internal_message.html?_=1665632259622&CODE_STATE=getMsg HTTP/1.1" 200 27
101.85.92.173 - - [13/Oct/2022:11:37:42 +0800] "GET /xingrg/kc/buy/cgsh_order_operate.html?command=get_materiel&rest_code=00142&code=00101008264&supplier_code=00100161&order_time=2022-10-13 HTTP/1.1" 200 412
116.230.114.213 - - [13/Oct/2022:11:37:49 +0800] "GET /xingrg/all/function/internal_message.html?_=1665632283787&CODE_STATE=getMsg HTTP/1.1" 200 27
180.169.147.146 - - [13/Oct/2022:11:37:52 +0800] "GET /xingrg/all/function/internal_message.html?_=1665632264211&CODE_STATE=getMsg HTTP/1.1" 302 -
180.169.147.146 - - [13/Oct/2022:11:37:52 +0800] "GET /xingrg/login.html HTTP/1.1" 200 7641
58.37.5.200 - - [13/Oct/2022:11:37:52 +0800] "GET /xingrg/all/function/internal_message.html?_=1665632270542&CODE_STATE=getMsg HTTP/1.1" 200 27
101.85.92.173 - - [13/Oct/2022:11:37:54 +0800] "GET /xingrg/kc/buy/cgsh_order_operate.html?command=get_materiel&rest_code=00142&code=00101008298&supplier_code=00100161&order_time=2022-10-13 HTTP/1.1" 200 412
116.228.172.94 - - [13/Oct/2022:11:37:55 +0800] "GET /xingrg/all/function/internal_message.html?_=1665632270070&CODE_STATE=getMsg HTTP/1.1" 200 27
116.228.172.94 - - [13/Oct/2022:11:37:56 +0800] "GET /xingrg/check_reg.html?_=1665632270661 HTTP/1.1" 200 22
222.70.183.206 - - [13/Oct/2022:11:37:58 +0800] "GET /xingrg/all/function/internal_message.html?_=1665632277182&CODE_STATE=getMsg HTTP/1.1" 200 27
101.85.92.173 - - [13/Oct/2022:11:38:02 +0800] "GET /xingrg/kc/buy/cgsh_order_operate.html?command=get_materiel&rest_code=00142&code=00101008352&supplier_code=00100161&order_time=2022-10-13 HTTP/1.1" 200 412
116.238.194.138 - - [13/Oct/2022:11:38:02 +0800] "GET /xingrg/all/function/internal_message.html?_=1665632223706&CODE_STATE=getMsg HTTP/1.1" 200 27
101.85.92.173 - - [13/Oct/2022:11:38:04 +0800] "POST /xingrg/kc/buy/cgsh_order_operate.html HTTP/1.1" 200 2065
124.79.74.72 - - [13/Oct/2022:11:38:08 +0800] "GET /xingrg/all/function/internal_message.html?_=1665632287733&CODE_STATE=getMsg HTTP/1.1" 200 27
101.85.92.173 - - [13/Oct/2022:11:38:09 +0800] "GET /xingrg/kc/buy/cgsh_order_operate.html?command=get_materiel&rest_code=00142&code=00101043010&supplier_code=00100161&order_time=2022-10-13 HTTP/1.1" 200 395
114.88.159.190 - - [13/Oct/2022:11:38:10 +0800] "GET /xingrg/all/function/internal_message.html?_=1665631921671&CODE_STATE=getMsg HTTP/1.1" 200 27
114.83.219.57 - - [13/Oct/2022:11:38:11 +0800] "GET /xingrg/all/function/internal_message.html?_=1665632387094&CODE_STATE=getMsg HTTP/1.1" 200 27
114.83.219.57 - - [13/Oct/2022:11:38:11 +0800] "GET /xingrg/check_reg.html?_=1665632387095 HTTP/1.1" 200 22
114.88.159.190 - - [13/Oct/2022:11:38:12 +0800] "GET /xingrg/check_reg.html?_=1665631923193 HTTP/1.1" 200 22
116.230.105.139 - - [13/Oct/2022:11:38:14 +0800] "GET /xingrg/all/function/internal_message.html?_=1665632293818&CODE_STATE=getMsg HTTP/1.1" 200 27
116.230.105.139 - - [13/Oct/2022:11:38:14 +0800] "GET /xingrg/check_reg.html?_=1665632293821 HTTP/1.1" 200 22
101.85.92.173 - - [13/Oct/2022:11:38:21 +0800] "GET /xingrg/kc/buy/cgsh_order_operate.html?command=get_materiel&rest_code=00142&code=00101008321&supplier_code=00100161&order_time=2022-10-13 HTTP/1.1" 200 412
124.79.243.136 - - [13/Oct/2022:11:38:21 +0800] "GET /xingrg/all/function/internal_message.html?_=1665632505513&CODE_STATE=getMsg HTTP/1.1" 200 27
101.83.146.154 - - [13/Oct/2022:11:38:22 +0800] "GET /xingrg/all/function/internal_message.html?_=1665632156777&CODE_STATE=getMsg HTTP/1.1" 200 27
101.85.92.173 - - [13/Oct/2022:11:38:22 +0800] "GET /xingrg/all/function/internal_message.html?_=1665632302657&CODE_STATE=getMsg HTTP/1.1" 200 27
116.230.105.139 - - [13/Oct/2022:11:38:25 +0800] "GET /xingrg/check_reg.html?_=1665632305295 HTTP/1.1" 200 22
116.230.105.139 - - [13/Oct/2022:11:38:25 +0800] "GET /xingrg/all/function/internal_message.html?_=1665632305432&CODE_STATE=getMsg HTTP/1.1" 200 27
221.239.141.151 - - [13/Oct/2022:11:38:26 +0800] "GET /xingrg/all/function/internal_message.html?_=1665632327509&CODE_STATE=getMsg HTTP/1.1" 200 27
101.85.92.173 - - [13/Oct/2022:11:38:29 +0800] "GET /xingrg/kc/buy/cgsh_order_operate.html?command=get_materiel&rest_code=00142&code=00101012029&supplier_code=00100161&order_time=2022-10-13 HTTP/1.1" 200 412
101.83.146.154 - - [13/Oct/2022:11:38:32 +0800] "GET /xingrg/all/function/internal_message.html?_=1665632314417&CODE_STATE=getMsg HTTP/1.1" 200 27
101.85.92.173 - - [13/Oct/2022:11:38:37 +0800] "GET /xingrg/kc/buy/cgsh_order_operate.html?command=get_materiel&rest_code=00142&code=00101012024&supplier_code=00100161&order_time=2022-10-13 HTTP/1.1" 200 408
116.238.194.138 - - [13/Oct/2022:11:38:39 +0800] "GET /xingrg/all/function/internal_message.html?_=1665632319623&CODE_STATE=getMsg HTTP/1.1" 200 27
101.85.92.173 - - [13/Oct/2022:11:38:44 +0800] "GET /xingrg/kc/buy/cgsh_order_operate.html?command=get_materiel&rest_code=00142&code=00101012059&supplier_code=00100161&order_time=2022-10-13 HTTP/1.1" 200 412
101.85.92.173 - - [13/Oct/2022:11:38:46 +0800] "POST /xingrg/kc/buy/cgsh_order_operate.html HTTP/1.1" 200 2065
116.230.114.213 - - [13/Oct/2022:11:38:49 +0800] "GET /xingrg/all/function/internal_message.html?_=1665632343801&CODE_STATE=getMsg HTTP/1.1" 200 27
180.169.147.146 - - [13/Oct/2022:11:38:52 +0800] "GET /xingrg/all/function/internal_message.html?_=1665632324213&CODE_STATE=getMsg HTTP/1.1" 302 -
180.169.147.146 - - [13/Oct/2022:11:38:52 +0800] "GET /xingrg/login.html HTTP/1.1" 200 7641
58.37.5.200 - - [13/Oct/2022:11:38:52 +0800] "GET /xingrg/all/function/internal_message.html?_=1665632330522&CODE_STATE=getMsg HTTP/1.1" 200 27
101.85.92.173 - - [13/Oct/2022:11:38:54 +0800] "GET /xingrg/kc/buy/cgsh_order_operate.html?command=get_materiel&rest_code=00142&code=00101012051&supplier_code=00100161&order_time=2022-10-13 HTTP/1.1" 200 408
116.228.172.94 - - [13/Oct/2022:11:38:55 +0800] "GET /xingrg/all/function/internal_message.html?_=1665632330072&CODE_STATE=getMsg HTTP/1.1" 200 27
222.70.183.206 - - [13/Oct/2022:11:38:58 +0800] "GET /xingrg/all/function/internal_message.html?_=1665632337197&CODE_STATE=getMsg HTTP/1.1" 200 27
101.85.92.173 - - [13/Oct/2022:11:39:01 +0800] "POST /xingrg/kc/buy/cgsh_order_operate.html HTTP/1.1" 200 37
116.238.194.138 - - [13/Oct/2022:11:39:01 +0800] "GET /xingrg/check_reg.html?_=1665632282637 HTTP/1.1" 200 22
116.238.194.138 - - [13/Oct/2022:11:39:02 +0800] "GET /xingrg/all/function/internal_message.html?_=1665632283718&CODE_STATE=getMsg HTTP/1.1" 200 27
101.85.92.173 - - [13/Oct/2022:11:39:03 +0800] "POST /xingrg/kc/buy/cgsh_order_operate.html HTTP/1.1" 200 16206
101.85.92.173 - - [13/Oct/2022:11:39:07 +0800] "POST /xingrg/kc/buy/cgsh_order_operate.html HTTP/1.1" 200 37
124.79.74.72 - - [13/Oct/2022:11:39:08 +0800] "GET /xingrg/all/function/internal_message.html?_=1665632347719&CODE_STATE=getMsg HTTP/1.1" 200 27
101.85.92.173 - - [13/Oct/2022:11:39:08 +0800] "POST /xingrg/kc/buy/cgsh_order_operate.html HTTP/1.1" 200 16206
114.88.159.190 - - [13/Oct/2022:11:39:10 +0800] "GET /xingrg/all/function/internal_message.html?_=1665631981639&CODE_STATE=getMsg HTTP/1.1" 200 27
114.83.219.57 - - [13/Oct/2022:11:39:10 +0800] "GET /xingrg/all/function/internal_message.html?_=1665632447083&CODE_STATE=getMsg HTTP/1.1" 200 27
101.85.92.173 - - [13/Oct/2022:11:39:13 +0800] "POST /xingrg/kc/buy/cgsh_list_operate.html HTTP/1.1" 200 1869
116.230.105.139 - - [13/Oct/2022:11:39:14 +0800] "GET /xingrg/all/function/internal_message.html?_=1665632353803&CODE_STATE=getMsg HTTP/1.1" 200 27
180.163.29.217 - - [13/Oct/2022:11:39:20 +0800] "GET /xingrg/all/function/internal_message.html?_=1665628671866&CODE_STATE=getMsg HTTP/1.1" 302 -
180.163.29.217 - - [13/Oct/2022:11:39:20 +0800] "GET /xingrg/login.html HTTP/1.1" 200 7641
124.79.243.136 - - [13/Oct/2022:11:39:21 +0800] "GET /xingrg/all/function/internal_message.html?_=1665632565537&CODE_STATE=getMsg HTTP/1.1" 200 27
101.85.92.173 - - [13/Oct/2022:11:39:22 +0800] "GET /xingrg/check_reg.html?_=1665632362626 HTTP/1.1" 200 22
101.85.92.173 - - [13/Oct/2022:11:39:22 +0800] "GET /xingrg/all/function/internal_message.html?_=1665632362629&CODE_STATE=getMsg HTTP/1.1" 200 27
101.83.146.154 - - [13/Oct/2022:11:39:22 +0800] "GET /xingrg/all/function/internal_message.html?_=1665632216778&CODE_STATE=getMsg HTTP/1.1" 200 27
116.230.105.139 - - [13/Oct/2022:11:39:25 +0800] "GET /xingrg/all/function/internal_message.html?_=1665632365420&CODE_STATE=getMsg HTTP/1.1" 200 27
221.239.141.151 - - [13/Oct/2022:11:39:26 +0800] "GET /xingrg/all/function/internal_message.html?_=1665632387510&CODE_STATE=getMsg HTTP/1.1" 200 27
101.83.146.154 - - [13/Oct/2022:11:39:32 +0800] "GET /xingrg/all/function/internal_message.html?_=1665632374388&CODE_STATE=getMsg HTTP/1.1" 200 27
124.79.74.72 - - [13/Oct/2022:11:39:34 +0800] "GET /xingrg/check_reg.html?_=1665632373645 HTTP/1.1" 200 22
116.238.194.138 - - [13/Oct/2022:11:39:39 +0800] "GET /xingrg/all/function/internal_message.html?_=1665632379624&CODE_STATE=getMsg HTTP/1.1" 200 27
116.230.114.213 - - [13/Oct/2022:11:39:49 +0800] "GET /xingrg/all/function/internal_message.html?_=1665632403875&CODE_STATE=getMsg HTTP/1.1" 200 27
114.84.81.136 - - [13/Oct/2022:11:39:50 +0800] "GET /xingrg/all/function/internal_message.html?_=1665632391821&CODE_STATE=getMsg HTTP/1.1" 302 -
114.84.81.136 - - [13/Oct/2022:11:39:50 +0800] "GET /xingrg/check_reg.html?_=1665632391821 HTTP/1.1" 302 -
114.88.159.190 - - [13/Oct/2022:11:39:51 +0800] "POST /xingrg/dwr/call/plaincall/AjaxYddbService.removeMaterielItem.dwr HTTP/1.1" 200 79
180.169.147.146 - - [13/Oct/2022:11:39:52 +0800] "GET /xingrg/all/function/internal_message.html?_=1665632384214&CODE_STATE=getMsg HTTP/1.1" 302 -
180.169.147.146 - - [13/Oct/2022:11:39:52 +0800] "GET /xingrg/check_reg.html?_=1665632384215 HTTP/1.1" 302 -
180.169.147.146 - - [13/Oct/2022:11:39:52 +0800] "GET /xingrg/login.html HTTP/1.1" 200 7641
180.169.147.146 - - [13/Oct/2022:11:39:52 +0800] "GET /xingrg/login.html HTTP/1.1" 200 7641
58.37.5.200 - - [13/Oct/2022:11:39:52 +0800] "GET /xingrg/all/function/internal_message.html?_=1665632390506&CODE_STATE=getMsg HTTP/1.1" 200 27
116.228.172.94 - - [13/Oct/2022:11:39:55 +0800] "GET /xingrg/all/function/internal_message.html?_=1665632390083&CODE_STATE=getMsg HTTP/1.1" 200 27
180.163.29.219 - - [13/Oct/2022:11:39:56 +0800] "GET /xingrg/check_reg.html?_=1665628612078 HTTP/1.1" 302 -
180.163.29.219 - - [13/Oct/2022:11:39:56 +0800] "GET /xingrg/login.html HTTP/1.1" 200 7641
222.70.183.206 - - [13/Oct/2022:11:39:58 +0800] "GET /xingrg/all/function/internal_message.html?_=1665632397196&CODE_STATE=getMsg HTTP/1.1" 200 27
172.20.0.100 - - [13/Oct/2022:11:40:00 +0800] "GET /xingrg/check_reg.html?_=1665632399758 HTTP/1.1" 200 22
116.238.194.138 - - [13/Oct/2022:11:40:02 +0800] "GET /xingrg/all/function/internal_message.html?_=1665632343731&CODE_STATE=getMsg HTTP/1.1" 200 27
114.88.159.190 - - [13/Oct/2022:11:40:02 +0800] "POST /xingrg/dwr/call/plaincall/AjaxYddbService.removeMaterielItem.dwr HTTP/1.1" 200 79
124.79.74.72 - - [13/Oct/2022:11:40:08 +0800] "GET /xingrg/all/function/internal_message.html?_=1665632407693&CODE_STATE=getMsg HTTP/1.1" 200 27
114.88.159.190 - - [13/Oct/2022:11:40:10 +0800] "GET /xingrg/all/function/internal_message.html?_=1665632041614&CODE_STATE=getMsg HTTP/1.1" 200 27
114.83.219.57 - - [13/Oct/2022:11:40:10 +0800] "GET /xingrg/all/function/internal_message.html?_=1665632507071&CODE_STATE=getMsg HTTP/1.1" 200 27
116.230.105.139 - - [13/Oct/2022:11:40:14 +0800] "GET /xingrg/all/function/internal_message.html?_=1665632413800&CODE_STATE=getMsg HTTP/1.1" 200 27
124.79.243.136 - - [13/Oct/2022:11:40:21 +0800] "GET /xingrg/all/function/internal_message.html?_=1665632625535&CODE_STATE=getMsg HTTP/1.1" 200 27
101.85.92.173 - - [13/Oct/2022:11:40:22 +0800] "GET /xingrg/all/function/internal_message.html?_=1665632422629&CODE_STATE=getMsg HTTP/1.1" 200 27
101.83.146.154 - - [13/Oct/2022:11:40:22 +0800] "GET /xingrg/all/function/internal_message.html?_=1665632276779&CODE_STATE=getMsg HTTP/1.1" 200 27
116.230.105.139 - - [13/Oct/2022:11:40:25 +0800] "GET /xingrg/all/function/internal_message.html?_=1665632425407&CODE_STATE=getMsg HTTP/1.1" 200 27
221.239.141.151 - - [13/Oct/2022:11:40:26 +0800] "GET /xingrg/all/function/internal_message.html?_=1665632447512&CODE_STATE=getMsg HTTP/1.1" 200 27
101.83.146.154 - - [13/Oct/2022:11:40:32 +0800] "GET /xingrg/all/function/internal_message.html?_=1665632434364&CODE_STATE=getMsg HTTP/1.1" 200 27
116.238.194.138 - - [13/Oct/2022:11:40:39 +0800] "GET /xingrg/check_reg.html?_=1665632439626 HTTP/1.1" 200 22
116.238.194.138 - - [13/Oct/2022:11:40:39 +0800] "GET /xingrg/all/function/internal_message.html?_=1665632439653&CODE_STATE=getMsg HTTP/1.1" 200 27
120.253.135.82 - - [13/Oct/2022:11:40:42 +0800] "GET /xingrg/check_reg.html?_=1665632237965 HTTP/1.1" 200 22
221.239.141.151 - - [13/Oct/2022:11:40:47 +0800] "GET /xingrg/check_reg.html?_=1665632448940 HTTP/1.1" 200 22
116.230.114.213 - - [13/Oct/2022:11:40:49 +0800] "GET /xingrg/all/function/internal_message.html?_=1665632463891&CODE_STATE=getMsg HTTP/1.1" 200 27
180.169.147.146 - - [13/Oct/2022:11:40:52 +0800] "GET /xingrg/all/function/internal_message.html?_=1665632444216&CODE_STATE=getMsg HTTP/1.1" 302 -
180.169.147.146 - - [13/Oct/2022:11:40:52 +0800] "GET /xingrg/login.html HTTP/1.1" 200 7641
58.37.5.200 - - [13/Oct/2022:11:40:52 +0800] "GET /xingrg/all/function/internal_message.html?_=1665632450505&CODE_STATE=getMsg HTTP/1.1" 200 27
116.228.172.94 - - [13/Oct/2022:11:40:55 +0800] "GET /xingrg/all/function/internal_message.html?_=1665632450075&CODE_STATE=getMsg HTTP/1.1" 200 27
101.83.146.154 - - [13/Oct/2022:11:40:58 +0800] "POST /xingrg/services/DataTransmitService HTTP/1.1" 200 524
222.70.183.206 - - [13/Oct/2022:11:40:58 +0800] "GET /xingrg/check_reg.html?_=1665632457184 HTTP/1.1" 200 22
222.70.183.206 - - [13/Oct/2022:11:40:58 +0800] "GET /xingrg/all/function/internal_message.html?_=1665632457188&CODE_STATE=getMsg HTTP/1.1" 200 27
101.83.146.154 - - [13/Oct/2022:11:40:59 +0800] "POST /xingrg/services/DataTransmitService HTTP/1.1" 200 501
101.83.146.154 - - [13/Oct/2022:11:40:59 +0800] "POST /xingrg/services/DataTransmitService HTTP/1.1" 200 501
101.83.146.154 - - [13/Oct/2022:11:40:59 +0800] "POST /xingrg/services/DataTransmitService HTTP/1.1" 200 501
101.83.146.154 - - [13/Oct/2022:11:40:59 +0800] "POST /xingrg/services/DataTransmitService HTTP/1.1" 200 501
101.83.146.154 - - [13/Oct/2022:11:40:59 +0800] "POST /xingrg/services/DataTransmitService HTTP/1.1" 200 501
101.83.146.154 - - [13/Oct/2022:11:41:00 +0800] "POST /xingrg/services/DataTransmitService HTTP/1.1" 200 501
101.83.146.154 - - [13/Oct/2022:11:41:00 +0800] "POST /xingrg/services/DataTransmitService HTTP/1.1" 200 412
116.238.194.138 - - [13/Oct/2022:11:41:02 +0800] "GET /xingrg/all/function/internal_message.html?_=1665632403746&CODE_STATE=getMsg HTTP/1.1" 200 27
124.79.74.72 - - [13/Oct/2022:11:41:08 +0800] "GET /xingrg/all/function/internal_message.html?_=1665632467678&CODE_STATE=getMsg HTTP/1.1" 200 27
114.88.159.190 - - [13/Oct/2022:11:41:10 +0800] "GET /xingrg/all/function/internal_message.html?_=1665632101577&CODE_STATE=getMsg HTTP/1.1" 200 27
114.83.219.57 - - [13/Oct/2022:11:41:10 +0800] "GET /xingrg/all/function/internal_message.html?_=1665632567088&CODE_STATE=getMsg HTTP/1.1" 200 27
116.230.105.139 - - [13/Oct/2022:11:41:14 +0800] "GET /xingrg/all/function/internal_message.html?_=1665632473809&CODE_STATE=getMsg HTTP/1.1" 200 27
124.79.243.136 - - [13/Oct/2022:11:41:21 +0800] "GET /xingrg/all/function/internal_message.html?_=1665632685534&CODE_STATE=getMsg HTTP/1.1" 200 27
101.85.92.173 - - [13/Oct/2022:11:41:22 +0800] "GET /xingrg/all/function/internal_message.html?_=1665632482630&CODE_STATE=getMsg HTTP/1.1" 200 27
101.83.146.154 - - [13/Oct/2022:11:41:22 +0800] "GET /xingrg/all/function/internal_message.html?_=1665632336780&CODE_STATE=getMsg HTTP/1.1" 200 27
101.83.146.154 - - [13/Oct/2022:11:41:22 +0800] "GET /xingrg/check_reg.html?_=1665632336783 HTTP/1.1" 200 22
116.230.105.139 - - [13/Oct/2022:11:41:25 +0800] "GET /xingrg/all/function/internal_message.html?_=1665632485395&CODE_STATE=getMsg HTTP/1.1" 200 27
221.239.141.151 - - [13/Oct/2022:11:41:26 +0800] "GET /xingrg/check_reg.html?_=1665632507513 HTTP/1.1" 200 22
221.239.141.151 - - [13/Oct/2022:11:41:26 +0800] "GET /xingrg/all/function/internal_message.html?_=1665632507518&CODE_STATE=getMsg HTTP/1.1" 200 27
101.83.146.154 - - [13/Oct/2022:11:41:32 +0800] "GET /xingrg/all/function/internal_message.html?_=1665632494337&CODE_STATE=getMsg HTTP/1.1" 200 27
101.83.146.154 - - [13/Oct/2022:11:41:36 +0800] "GET /xingrg/check_reg.html?_=1665632498166 HTTP/1.1" 200 22
116.238.194.138 - - [13/Oct/2022:11:41:39 +0800] "GET /xingrg/all/function/internal_message.html?_=1665632499652&CODE_STATE=getMsg HTTP/1.1" 200 27
116.230.114.213 - - [13/Oct/2022:11:41:47 +0800] "GET /xingrg/check_reg.html?_=1665632521780 HTTP/1.1" 200 22
116.230.114.213 - - [13/Oct/2022:11:41:49 +0800] "GET /xingrg/all/function/internal_message.html?_=1665632523904&CODE_STATE=getMsg HTTP/1.1" 200 27
180.169.147.146 - - [13/Oct/2022:11:41:52 +0800] "GET /xingrg/all/function/internal_message.html?_=1665632504217&CODE_STATE=getMsg HTTP/1.1" 302 -
180.169.147.146 - - [13/Oct/2022:11:41:52 +0800] "GET /xingrg/login.html HTTP/1.1" 200 7641
58.37.5.200 - - [13/Oct/2022:11:41:52 +0800] "GET /xingrg/all/function/internal_message.html?_=1665632510481&CODE_STATE=getMsg HTTP/1.1" 200 27
58.37.5.200 - - [13/Oct/2022:11:41:53 +0800] "GET /xingrg/check_reg.html?_=1665632511861 HTTP/1.1" 200 22
116.228.172.94 - - [13/Oct/2022:11:41:55 +0800] "GET /xingrg/all/function/internal_message.html?_=1665632510068&CODE_STATE=getMsg HTTP/1.1" 200 27
222.70.183.206 - - [13/Oct/2022:11:41:58 +0800] "GET /xingrg/all/function/internal_message.html?_=1665632517190&CODE_STATE=getMsg HTTP/1.1" 200 27
116.238.194.138 - - [13/Oct/2022:11:42:02 +0800] "GET /xingrg/all/function/internal_message.html?_=1665632463784&CODE_STATE=getMsg HTTP/1.1" 200 27
114.84.81.136 - - [13/Oct/2022:11:42:02 +0800] "GET /xingrg/all/function/internal_message.html?_=1665632524114&CODE_STATE=getMsg HTTP/1.1" 302 -
124.79.74.72 - - [13/Oct/2022:11:42:08 +0800] "GET /xingrg/all/function/internal_message.html?_=1665632527663&CODE_STATE=getMsg HTTP/1.1" 200 27
114.88.159.190 - - [13/Oct/2022:11:42:10 +0800] "GET /xingrg/all/function/internal_message.html?_=1665632161545&CODE_STATE=getMsg HTTP/1.1" 200 27
114.83.219.57 - - [13/Oct/2022:11:42:10 +0800] "GET /xingrg/all/function/internal_message.html?_=1665632627084&CODE_STATE=getMsg HTTP/1.1" 200 27
