101.83.146.154 - - [13/Oct/2022:08:34:38 +0800] "POST /xingrg/kc/buy/cgsh_order_operate.html HTTP/1.1" 200 2065
101.83.146.154 - - [13/Oct/2022:08:34:40 +0800] "POST /xingrg/kc/buy/cgsh_order_operate.html HTTP/1.1" 200 2065
101.83.146.154 - - [13/Oct/2022:08:34:48 +0800] "GET /xingrg/kc/buy/cgsh_order_operate.html?command=get_materiel&rest_code=00105&code=00101008096&supplier_code=00100203&order_time=2022-10-13 HTTP/1.1" 200 412
180.169.147.146 - - [13/Oct/2022:08:34:49 +0800] "GET /xingrg/all/function/internal_message.html?_=1665621289737&CODE_STATE=getMsg HTTP/1.1" 200 27
101.83.146.154 - - [13/Oct/2022:08:34:57 +0800] "GET /xingrg/kc/buy/cgsh_order_operate.html?command=get_materiel&rest_code=00105&code=00101008038&supplier_code=00100203&order_time=2022-10-13 HTTP/1.1" 200 412
116.230.114.213 - - [13/Oct/2022:08:34:58 +0800] "GET /xingrg/kc/buy/cgsh_order_operate.html?command=get_materiel&rest_code=00146&code=00101008300&supplier_code=00100005&order_time=2022-10-13 HTTP/1.1" 200 412
172.20.0.100 - - [13/Oct/2022:08:35:01 +0800] "GET /xingrg/check_reg.html?_=1665621300718 HTTP/1.1" 200 22
116.238.194.138 - - [13/Oct/2022:08:35:03 +0800] "GET /xingrg/check_reg.html?_=1665621303549 HTTP/1.1" 302 -
116.238.194.138 - - [13/Oct/2022:08:35:03 +0800] "GET /xingrg/login.html HTTP/1.1" 200 7641
116.230.114.213 - - [13/Oct/2022:08:35:05 +0800] "GET /xingrg/all/function/internal_message.html?_=1665621319617&CODE_STATE=getMsg HTTP/1.1" 200 27
101.83.146.154 - - [13/Oct/2022:08:35:06 +0800] "GET /xingrg/kc/buy/cgsh_order_operate.html?command=get_materiel&rest_code=00105&code=00101008224&supplier_code=00100203&order_time=2022-10-13 HTTP/1.1" 200 416
124.79.74.72 - - [13/Oct/2022:08:35:12 +0800] "GET /xingrg/all/function/internal_message.html?_=1665621311620&CODE_STATE=getMsg HTTP/1.1" 200 27
116.230.114.213 - - [13/Oct/2022:08:35:15 +0800] "GET /xingrg/kc/buy/cgsh_order_operate.html?command=get_materiel&rest_code=00146&code=00101008196&supplier_code=00100005&order_time=2022-10-13 HTTP/1.1" 200 416
101.83.146.154 - - [13/Oct/2022:08:35:29 +0800] "GET /xingrg/kc/buy/cgsh_order_operate.html?command=get_materiel&rest_code=00105&code=00101008201&supplier_code=00100203&order_time=2022-10-13 HTTP/1.1" 200 412
116.238.194.138 - - [13/Oct/2022:08:35:29 +0800] "POST /xingrg/services/DataTransmitService HTTP/1.1" 200 524
116.230.114.213 - - [13/Oct/2022:08:35:33 +0800] "GET /xingrg/kc/buy/cgsh_order_operate.html?command=get_materiel&rest_code=00146&code=00101008357&supplier_code=00100005&order_time=2022-10-13 HTTP/1.1" 200 408
101.83.146.154 - - [13/Oct/2022:08:35:35 +0800] "GET /xingrg/all/function/internal_message.html?_=1665621337898&CODE_STATE=getMsg HTTP/1.1" 200 27
180.169.147.146 - - [13/Oct/2022:08:35:49 +0800] "GET /xingrg/all/function/internal_message.html?_=1665621349735&CODE_STATE=getMsg HTTP/1.1" 200 27
101.83.146.154 - - [13/Oct/2022:08:35:53 +0800] "GET /xingrg/index.html?sysBaseUrl=http%3A%2F%2F180.169.147.146%3A18081%2Fxingrg%2F&costTime=32×tamp=1585224308505 HTTP/1.1" 302 -
101.83.146.154 - - [13/Oct/2022:08:35:53 +0800] "GET /xingrg/login.html HTTP/1.1" 200 7641
101.83.146.154 - - [13/Oct/2022:08:35:54 +0800] "GET /xingrg/images/blue/jxLogo.png HTTP/1.1" 304 -
101.83.146.154 - - [13/Oct/2022:08:36:00 +0800] "GET /xingrg/images/blue/login_bg.png HTTP/1.1" 304 -
101.83.146.154 - - [13/Oct/2022:08:36:00 +0800] "GET /xingrg/images/blue/hj.png HTTP/1.1" 304 -
101.83.146.154 - - [13/Oct/2022:08:36:00 +0800] "GET /xingrg/images/blue/srbg.png HTTP/1.1" 304 -
116.230.114.213 - - [13/Oct/2022:08:36:00 +0800] "GET /xingrg/kc/buy/cgsh_order_operate.html?command=get_materiel&rest_code=00146&code=00101008286&supplier_code=00100005&order_time=2022-10-13 HTTP/1.1" 200 408
120.253.135.82 - - [13/Oct/2022:08:36:03 +0800] "GET /xingrg/check_reg.html?_=1665621158967 HTTP/1.1" 200 22
101.83.146.154 - - [13/Oct/2022:08:36:03 +0800] "GET /favicon.ico HTTP/1.1" 404 -
116.230.114.213 - - [13/Oct/2022:08:36:05 +0800] "GET /xingrg/check_reg.html?_=1665621379505 HTTP/1.1" 200 22
116.230.114.213 - - [13/Oct/2022:08:36:05 +0800] "GET /xingrg/all/function/internal_message.html?_=1665621379630&CODE_STATE=getMsg HTTP/1.1" 200 27
101.83.146.154 - - [13/Oct/2022:08:36:10 +0800] "GET /xingrg/kc/buy/cgsh_order_operate.html?command=get_materiel&rest_code=00105&code=00101008277&supplier_code=00100203&order_time=2022-10-13 HTTP/1.1" 200 412
116.230.114.213 - - [13/Oct/2022:08:36:11 +0800] "POST /xingrg/kc/buy/cgsh_order_operate.html HTTP/1.1" 200 2065
120.253.135.82 - - [13/Oct/2022:08:36:12 +0800] "GET /xingrg/check_reg.html?_=1665621355890 HTTP/1.1" 302 -
120.253.135.82 - - [13/Oct/2022:08:36:12 +0800] "GET /xingrg/all/function/internal_message.html?_=1665621355529&CODE_STATE=getMsg HTTP/1.1" 302 -
120.253.135.82 - - [13/Oct/2022:08:36:12 +0800] "GET /xingrg/login.html HTTP/1.1" 200 7641
120.253.135.82 - - [13/Oct/2022:08:36:12 +0800] "GET /xingrg/login.html HTTP/1.1" 200 7641
124.79.74.72 - - [13/Oct/2022:08:36:12 +0800] "GET /xingrg/all/function/internal_message.html?_=1665621371606&CODE_STATE=getMsg HTTP/1.1" 200 27
101.83.146.154 - - [13/Oct/2022:08:36:20 +0800] "POST /xingrg/login.do HTTP/1.1" 302 -
101.83.146.154 - - [13/Oct/2022:08:36:20 +0800] "GET /xingrg/index.html?sysBaseUrl=http%3A%2F%2F180.169.147.146%3A18081%2Fxingrg%2F&costTime=38×tamp=1665621380409 HTTP/1.1" 200 17173
101.83.146.154 - - [13/Oct/2022:08:36:20 +0800] "GET /xingrg/javascript/jquery_easy_ui/themes/default/easyui.css HTTP/1.1" 304 -
101.83.146.154 - - [13/Oct/2022:08:36:20 +0800] "GET /xingrg/javascript/jquery_easy_ui/themes/icon.css HTTP/1.1" 304 -
101.83.146.154 - - [13/Oct/2022:08:36:20 +0800] "GET /xingrg/css/form.css HTTP/1.1" 304 -
101.83.146.154 - - [13/Oct/2022:08:36:20 +0800] "GET /xingrg/javascript/jquery-1.4.2.min.js HTTP/1.1" 304 -
101.83.146.154 - - [13/Oct/2022:08:36:20 +0800] "GET /xingrg/javascript/jquery_easy_ui/jquery.easyui.min.js HTTP/1.1" 304 -
101.83.146.154 - - [13/Oct/2022:08:36:20 +0800] "GET /xingrg/javascript/jquery_easy_ui/easyui-lang-zh_CN.js HTTP/1.1" 304 -
101.83.146.154 - - [13/Oct/2022:08:36:20 +0800] "GET /xingrg/javascript/jquery.form.js HTTP/1.1" 304 -
101.83.146.154 - - [13/Oct/2022:08:36:20 +0800] "GET /xingrg/javascript/jquery.timers.js HTTP/1.1" 304 -
101.83.146.154 - - [13/Oct/2022:08:36:20 +0800] "GET /xingrg/javascript/jquery.utils.js HTTP/1.1" 304 -
101.83.146.154 - - [13/Oct/2022:08:36:21 +0800] "GET /xingrg/javascript/jquery_easy_ui/themes/icons/settle_new.png HTTP/1.1" 304 -
101.83.146.154 - - [13/Oct/2022:08:36:21 +0800] "GET /xingrg/images/blue/navBackgound.jpg HTTP/1.1" 304 -
101.83.146.154 - - [13/Oct/2022:08:36:21 +0800] "GET /favicon.ico HTTP/1.1" 404 -
101.83.146.154 - - [13/Oct/2022:08:36:22 +0800] "POST /xingrg/all/common/load_tree.html?tree=area_rest_tree_json&manage=1 HTTP/1.1" 200 342
101.83.146.154 - - [13/Oct/2022:08:36:22 +0800] "GET /xingrg/all/function/internal_message.html?_=1665621236599&CODE_STATE=count HTTP/1.1" 200 11
101.83.146.154 - - [13/Oct/2022:08:36:22 +0800] "GET /xingrg/check_reg.html?_=1665621236601 HTTP/1.1" 200 22
101.83.146.154 - - [13/Oct/2022:08:36:22 +0800] "GET /xingrg/images/blue/pingpu.png HTTP/1.1" 304 -
101.83.146.154 - - [13/Oct/2022:08:36:22 +0800] "GET /xingrg/javascript/jquery_easy_ui/themes/default/images/tabs_leftarrow.png HTTP/1.1" 304 -
101.83.146.154 - - [13/Oct/2022:08:36:22 +0800] "GET /xingrg/javascript/jquery_easy_ui/themes/default/images/panel_tool_collapse.gif HTTP/1.1" 304 -
101.83.146.154 - - [13/Oct/2022:08:36:22 +0800] "GET /xingrg/javascript/jquery_easy_ui/themes/default/images/tabs_rightarrow.png HTTP/1.1" 304 -
101.83.146.154 - - [13/Oct/2022:08:36:22 +0800] "POST /xingrg/load_menu.html HTTP/1.1" 200 5138
101.83.146.154 - - [13/Oct/2022:08:36:23 +0800] "GET /xingrg/javascript/jquery_easy_ui/themes/default/images/tree_arrows.gif HTTP/1.1" 304 -
101.83.146.154 - - [13/Oct/2022:08:36:23 +0800] "GET /xingrg/javascript/jquery_easy_ui/themes/default/images/tree_folder_open.gif HTTP/1.1" 304 -
101.83.146.154 - - [13/Oct/2022:08:36:23 +0800] "GET /xingrg/javascript/jquery_easy_ui/themes/icons/search_new.png HTTP/1.1" 304 -
101.83.146.154 - - [13/Oct/2022:08:36:23 +0800] "GET /xingrg/javascript/jquery_easy_ui/themes/default/images/tree_folder.gif HTTP/1.1" 304 -
101.83.146.154 - - [13/Oct/2022:08:36:23 +0800] "GET /xingrg/javascript/jquery_easy_ui/themes/icons/storage_new.png HTTP/1.1" 304 -
101.83.146.154 - - [13/Oct/2022:08:36:23 +0800] "GET /xingrg/javascript/jquery_easy_ui/themes/icons/forms_new.png HTTP/1.1" 304 -
101.83.146.154 - - [13/Oct/2022:08:36:23 +0800] "GET /xingrg/javascript/jquery_easy_ui/themes/default/images/tree_file.gif HTTP/1.1" 304 -
116.230.114.213 - - [13/Oct/2022:08:36:23 +0800] "GET /xingrg/kc/buy/cgsh_order_operate.html?command=get_materiel&rest_code=00146&code=00101008353&supplier_code=00100005&order_time=2022-10-13 HTTP/1.1" 200 408
101.83.146.154 - - [13/Oct/2022:08:36:35 +0800] "GET /xingrg/check_reg.html?_=1665621397901 HTTP/1.1" 200 22
101.83.146.154 - - [13/Oct/2022:08:36:35 +0800] "GET /xingrg/all/function/internal_message.html?_=1665621397904&CODE_STATE=getMsg HTTP/1.1" 200 27
101.83.146.154 - - [13/Oct/2022:08:36:44 +0800] "GET /xingrg/kc/buy/cgsh_order_operate.html?command=get_materiel&rest_code=00105&code=00101008350&supplier_code=00100203&order_time=2022-10-13 HTTP/1.1" 200 408
180.169.147.146 - - [13/Oct/2022:08:36:49 +0800] "GET /xingrg/check_reg.html?_=1665621409724 HTTP/1.1" 200 22
180.169.147.146 - - [13/Oct/2022:08:36:49 +0800] "GET /xingrg/all/function/internal_message.html?_=1665621409725&CODE_STATE=getMsg HTTP/1.1" 200 27
114.84.81.136 - - [13/Oct/2022:08:36:49 +0800] "GET /xingrg/all/function/internal_message.html?_=1665621411175&CODE_STATE=getMsg HTTP/1.1" 302 -
116.230.114.213 - - [13/Oct/2022:08:36:51 +0800] "GET /xingrg/kc/buy/cgsh_order_operate.html?command=get_materiel&rest_code=00146&code=00101008098&supplier_code=00100005&order_time=2022-10-13 HTTP/1.1" 200 412
101.83.146.154 - - [13/Oct/2022:08:36:55 +0800] "GET /xingrg/kc/buy/cgsh_order_operate.html?command=get_materiel&rest_code=00105&code=00101008036&supplier_code=00100203&order_time=2022-10-13 HTTP/1.1" 200 408
120.253.135.82 - - [13/Oct/2022:08:37:00 +0800] "GET /xingrg/all/function/internal_message.html?_=1665621415551&CODE_STATE=getMsg HTTP/1.1" 302 -
116.230.114.213 - - [13/Oct/2022:08:37:05 +0800] "GET /xingrg/all/function/internal_message.html?_=1665621439643&CODE_STATE=getMsg HTTP/1.1" 200 27
116.230.114.213 - - [13/Oct/2022:08:37:06 +0800] "POST /xingrg/kc/buy/cgsh_order_operate.html HTTP/1.1" 200 37
101.83.146.154 - - [13/Oct/2022:08:37:08 +0800] "GET /xingrg/kc/buy/cgsh_order_operate.html?command=get_materiel&rest_code=00105&code=00101008357&supplier_code=00100203&order_time=2022-10-13 HTTP/1.1" 200 408
116.230.114.213 - - [13/Oct/2022:08:37:08 +0800] "POST /xingrg/kc/buy/cgsh_order_operate.html HTTP/1.1" 200 13918
124.79.74.72 - - [13/Oct/2022:08:37:12 +0800] "GET /xingrg/all/function/internal_message.html?_=1665621431591&CODE_STATE=getMsg HTTP/1.1" 200 27
116.230.114.213 - - [13/Oct/2022:08:37:20 +0800] "GET /xingrg/kc/buy/cgsh_order_operate.html?command=get_materiel&rest_code=00146&code=00101008469&supplier_code=00100005&order_time=2022-10-13 HTTP/1.1" 200 413
101.83.146.154 - - [13/Oct/2022:08:37:22 +0800] "GET /xingrg/all/function/internal_message.html?_=1665621296623&CODE_STATE=getMsg HTTP/1.1" 200 27
101.83.146.154 - - [13/Oct/2022:08:37:35 +0800] "GET /xingrg/all/function/internal_message.html?_=1665621457891&CODE_STATE=getMsg HTTP/1.1" 200 27
116.230.114.213 - - [13/Oct/2022:08:37:37 +0800] "GET /xingrg/kc/buy/cgsh_order_operate.html?command=get_materiel&rest_code=00146&code=00101008055&supplier_code=00100005&order_time=2022-10-13 HTTP/1.1" 200 409
180.169.147.146 - - [13/Oct/2022:08:37:49 +0800] "GET /xingrg/all/function/internal_message.html?_=1665621469739&CODE_STATE=getMsg HTTP/1.1" 200 27
120.253.135.82 - - [13/Oct/2022:08:38:00 +0800] "GET /xingrg/all/function/internal_message.html?_=1665621475498&CODE_STATE=getMsg HTTP/1.1" 302 -
116.230.114.213 - - [13/Oct/2022:08:38:02 +0800] "GET /xingrg/kc/buy/cgsh_order_operate.html?command=get_materiel&rest_code=00146&code=00101008331&supplier_code=00100005&order_time=2022-10-13 HTTP/1.1" 200 416
116.230.114.213 - - [13/Oct/2022:08:38:05 +0800] "GET /xingrg/all/function/internal_message.html?_=1665621499657&CODE_STATE=getMsg HTTP/1.1" 200 27
124.79.74.72 - - [13/Oct/2022:08:38:12 +0800] "GET /xingrg/all/function/internal_message.html?_=1665621491577&CODE_STATE=getMsg HTTP/1.1" 200 27
116.230.114.213 - - [13/Oct/2022:08:38:19 +0800] "GET /xingrg/kc/buy/cgsh_order_operate.html?command=get_materiel&rest_code=00146&code=00101008010&supplier_code=00100005&order_time=2022-10-13 HTTP/1.1" 200 412
101.83.146.154 - - [13/Oct/2022:08:38:22 +0800] "GET /xingrg/all/function/internal_message.html?_=1665621356615&CODE_STATE=getMsg HTTP/1.1" 200 27
116.230.114.213 - - [13/Oct/2022:08:38:28 +0800] "POST /xingrg/kc/buy/cgsh_order_operate.html HTTP/1.1" 200 2065
101.83.146.154 - - [13/Oct/2022:08:38:35 +0800] "GET /xingrg/all/function/internal_message.html?_=1665621517891&CODE_STATE=getMsg HTTP/1.1" 200 27
101.83.146.154 - - [13/Oct/2022:08:38:37 +0800] "GET /xingrg/kc/buy/cgsh_order_operate.html?command=get_materiel&rest_code=00105&code=00101008356&supplier_code=00100203&order_time=2022-10-13 HTTP/1.1" 200 408
116.230.114.213 - - [13/Oct/2022:08:38:37 +0800] "GET /xingrg/kc/buy/cgsh_order_operate.html?command=get_materiel&rest_code=00146&code=00101008038&supplier_code=00100005&order_time=2022-10-13 HTTP/1.1" 200 412
101.83.146.154 - - [13/Oct/2022:08:38:44 +0800] "GET /xingrg/kc/buy/cgsh_order_operate.html?command=get_materiel&rest_code=00105&code=00101008223&supplier_code=00100203&order_time=2022-10-13 HTTP/1.1" 200 412
180.169.147.146 - - [13/Oct/2022:08:38:49 +0800] "GET /xingrg/all/function/internal_message.html?_=1665621529732&CODE_STATE=getMsg HTTP/1.1" 200 27
101.83.146.154 - - [13/Oct/2022:08:38:51 +0800] "GET /xingrg/kc/buy/cgsh_order_operate.html?command=get_materiel&rest_code=00105&code=00101008439&supplier_code=00100203&order_time=2022-10-13 HTTP/1.1" 200 413
101.83.146.154 - - [13/Oct/2022:08:38:54 +0800] "POST /xingrg/kc/buy/cgsh_order_operate.html HTTP/1.1" 200 2065
101.83.146.154 - - [13/Oct/2022:08:38:56 +0800] "POST /xingrg/kc/buy/cgsh_order_operate.html HTTP/1.1" 200 2065
120.253.135.82 - - [13/Oct/2022:08:39:00 +0800] "GET /xingrg/all/function/internal_message.html?_=1665621535485&CODE_STATE=getMsg HTTP/1.1" 302 -
114.84.81.136 - - [13/Oct/2022:08:39:02 +0800] "GET /xingrg/all/function/internal_message.html?_=1665621543468&CODE_STATE=getMsg HTTP/1.1" 302 -
116.230.114.213 - - [13/Oct/2022:08:39:04 +0800] "GET /xingrg/kc/buy/cgsh_order_operate.html?command=get_materiel&rest_code=00146&code=00101008403&supplier_code=00100005&order_time=2022-10-13 HTTP/1.1" 200 412
101.83.146.154 - - [13/Oct/2022:08:39:05 +0800] "GET /xingrg/kc/buy/cgsh_order_operate.html?command=get_materiel&rest_code=00105&code=00101008098&supplier_code=00100203&order_time=2022-10-13 HTTP/1.1" 200 412
116.230.114.213 - - [13/Oct/2022:08:39:05 +0800] "GET /xingrg/all/function/internal_message.html?_=1665621559671&CODE_STATE=getMsg HTTP/1.1" 200 27
120.253.135.82 - - [13/Oct/2022:08:39:06 +0800] "GET /xingrg/kc/pszx/mdqp_order_list.html?state=10 HTTP/1.1" 200 10219
120.253.135.82 - - [13/Oct/2022:08:39:06 +0800] "GET /xingrg/dwr/interface/AjaxReportQueryService.js HTTP/1.1" 200 13203
120.253.135.82 - - [13/Oct/2022:08:39:06 +0800] "GET /xingrg/dwr/interface/AjaxQqpsService.js HTTP/1.1" 200 16326
120.253.135.82 - - [13/Oct/2022:08:39:06 +0800] "GET /xingrg/dwr/engine.js HTTP/1.1" 200 43631
124.79.74.72 - - [13/Oct/2022:08:39:12 +0800] "GET /xingrg/all/function/internal_message.html?_=1665621551562&CODE_STATE=getMsg HTTP/1.1" 200 27
101.83.146.154 - - [13/Oct/2022:08:39:22 +0800] "GET /xingrg/all/function/internal_message.html?_=1665621416615&CODE_STATE=getMsg HTTP/1.1" 200 27
116.230.114.213 - - [13/Oct/2022:08:39:22 +0800] "POST /xingrg/kc/buy/cgsh_order_operate.html HTTP/1.1" 200 37
101.83.146.154 - - [13/Oct/2022:08:39:22 +0800] "GET /xingrg/kc/buy/cgsh_order_operate.html?command=get_materiel&rest_code=00105&code=00101008119&supplier_code=00100203&order_time=2022-10-13 HTTP/1.1" 200 412
116.230.114.213 - - [13/Oct/2022:08:39:24 +0800] "POST /xingrg/kc/buy/cgsh_order_operate.html HTTP/1.1" 200 17473
101.83.146.154 - - [13/Oct/2022:08:39:30 +0800] "GET /xingrg/kc/buy/cgsh_order_operate.html?command=get_materiel&rest_code=00105&code=00101008114&supplier_code=00100203&order_time=2022-10-13 HTTP/1.1" 200 412
124.79.74.72 - - [13/Oct/2022:08:39:34 +0800] "GET /xingrg/check_reg.html?_=1665621573642 HTTP/1.1" 200 22
101.83.146.154 - - [13/Oct/2022:08:39:35 +0800] "GET /xingrg/all/function/internal_message.html?_=1665621577884&CODE_STATE=getMsg HTTP/1.1" 200 27
101.83.146.154 - - [13/Oct/2022:08:39:37 +0800] "GET /xingrg/kc/buy/cgsh_order_operate.html?command=get_materiel&rest_code=00105&code=00101008123&supplier_code=00100203&order_time=2022-10-13 HTTP/1.1" 200 412
101.83.146.154 - - [13/Oct/2022:08:39:44 +0800] "GET /xingrg/kc/buy/cgsh_order_operate.html?command=get_materiel&rest_code=00105&code=00101008568&supplier_code=00100203&order_time=2022-10-13 HTTP/1.1" 200 412
180.169.147.146 - - [13/Oct/2022:08:39:49 +0800] "GET /xingrg/all/function/internal_message.html?_=1665621589723&CODE_STATE=getMsg HTTP/1.1" 200 27
120.253.135.82 - - [13/Oct/2022:08:40:00 +0800] "GET /xingrg/all/function/internal_message.html?_=1665621595469&CODE_STATE=getMsg HTTP/1.1" 302 -
116.230.114.213 - - [13/Oct/2022:08:40:00 +0800] "GET /xingrg/kc/buy/cgsh_order_operate.html?command=get_materiel&rest_code=00146&code=00101008529&supplier_code=00100005&order_time=2022-10-13 HTTP/1.1" 200 417
172.20.0.100 - - [13/Oct/2022:08:40:01 +0800] "GET /xingrg/check_reg.html?_=1665621600687 HTTP/1.1" 200 22
101.83.146.154 - - [13/Oct/2022:08:40:03 +0800] "GET /xingrg/kc/buy/cgsh_order_operate.html?command=get_materiel&rest_code=00105&code=00101008049&supplier_code=00100203&order_time=2022-10-13 HTTP/1.1" 200 408
116.238.194.138 - - [13/Oct/2022:08:40:03 +0800] "GET /xingrg/check_reg.html?_=1665621603559 HTTP/1.1" 302 -
116.230.114.213 - - [13/Oct/2022:08:40:05 +0800] "GET /xingrg/all/function/internal_message.html?_=1665621619684&CODE_STATE=getMsg HTTP/1.1" 200 27
101.83.146.154 - - [13/Oct/2022:08:40:10 +0800] "GET /xingrg/kc/buy/cgsh_order_operate.html?command=get_materiel&rest_code=00105&code=00101008246&supplier_code=00100203&order_time=2022-10-13 HTTP/1.1" 200 408
124.79.74.72 - - [13/Oct/2022:08:40:12 +0800] "GET /xingrg/all/function/internal_message.html?_=1665621611534&CODE_STATE=getMsg HTTP/1.1" 200 27
116.230.105.139 - - [13/Oct/2022:08:40:17 +0800] "GET /xingrg/index.html?sysBaseUrl=http%3A%2F%2F180.169.147.146%3A18081%2Fxingrg%2F&costTime=1277×tamp=1606817596806 HTTP/1.1" 302 -
116.230.105.139 - - [13/Oct/2022:08:40:18 +0800] "GET /xingrg/login.html HTTP/1.1" 200 7641
101.83.146.154 - - [13/Oct/2022:08:40:18 +0800] "GET /xingrg/kc/buy/cgsh_order_operate.html?command=get_materiel&rest_code=00105&code=00101008003&supplier_code=00100203&order_time=2022-10-13 HTTP/1.1" 200 408
116.230.105.139 - - [13/Oct/2022:08:40:19 +0800] "GET /favicon.ico HTTP/1.1" 404 -
101.83.146.154 - - [13/Oct/2022:08:40:22 +0800] "GET /xingrg/all/function/internal_message.html?_=1665621476615&CODE_STATE=getMsg HTTP/1.1" 200 27
116.230.105.139 - - [13/Oct/2022:08:40:23 +0800] "POST /xingrg/login.do HTTP/1.1" 302 -
116.230.105.139 - - [13/Oct/2022:08:40:23 +0800] "GET /xingrg/index.html?sysBaseUrl=http%3A%2F%2F180.169.147.146%3A18081%2Fxingrg%2F&costTime=40×tamp=1665621623644 HTTP/1.1" 200 17179
116.230.105.139 - - [13/Oct/2022:08:40:23 +0800] "GET /favicon.ico HTTP/1.1" 404 -
116.230.105.139 - - [13/Oct/2022:08:40:24 +0800] "POST /xingrg/all/common/load_tree.html?tree=area_rest_tree_json&manage=1 HTTP/1.1" 200 479
116.230.105.139 - - [13/Oct/2022:08:40:24 +0800] "GET /xingrg/all/function/internal_message.html?_=1665621587198&CODE_STATE=count HTTP/1.1" 200 11
116.230.105.139 - - [13/Oct/2022:08:40:24 +0800] "GET /xingrg/check_reg.html?_=1665621587199 HTTP/1.1" 200 22
116.230.105.139 - - [13/Oct/2022:08:40:24 +0800] "POST /xingrg/load_menu.html HTTP/1.1" 200 5138
101.83.146.154 - - [13/Oct/2022:08:40:27 +0800] "GET /xingrg/kc/buy/cgsh_order_operate.html?command=get_materiel&rest_code=00105&code=00101008355&supplier_code=00100203&order_time=2022-10-13 HTTP/1.1" 200 408
120.253.135.82 - - [13/Oct/2022:08:40:32 +0800] "GET /xingrg/kc/pszx/mdqp_order_list.html?state=10 HTTP/1.1" 200 10219
120.253.135.82 - - [13/Oct/2022:08:40:32 +0800] "GET /xingrg/css/blue.css HTTP/1.1" 304 -
120.253.135.82 - - [13/Oct/2022:08:40:32 +0800] "GET /xingrg/javascript/pic_change.js HTTP/1.1" 304 -
120.253.135.82 - - [13/Oct/2022:08:40:32 +0800] "GET /xingrg/dwr/util.js HTTP/1.1" 304 -
120.253.135.82 - - [13/Oct/2022:08:40:32 +0800] "GET /xingrg/javascript/myfunction.js HTTP/1.1" 304 -
120.253.135.82 - - [13/Oct/2022:08:40:32 +0800] "GET /xingrg/javascript/jquery_easy_ui/themes/default/easyui.css HTTP/1.1" 304 -
120.253.135.82 - - [13/Oct/2022:08:40:32 +0800] "GET /xingrg/javascript/Calendar.js HTTP/1.1" 304 -
120.253.135.82 - - [13/Oct/2022:08:40:32 +0800] "GET /xingrg/javascript/jquery_easy_ui/themes/icon.css HTTP/1.1" 304 -
120.253.135.82 - - [13/Oct/2022:08:40:32 +0800] "GET /xingrg/dwr/interface/AjaxReportQueryService.js HTTP/1.1" 200 13203
120.253.135.82 - - [13/Oct/2022:08:40:32 +0800] "GET /xingrg/dwr/interface/AjaxQqpsService.js HTTP/1.1" 200 16326
120.253.135.82 - - [13/Oct/2022:08:40:32 +0800] "GET /xingrg/dwr/engine.js HTTP/1.1" 200 43631
120.253.135.82 - - [13/Oct/2022:08:40:32 +0800] "GET /xingrg/javascript/jquery_easy_ui/themes/icons/check_new.png HTTP/1.1" 304 -
120.253.135.82 - - [13/Oct/2022:08:40:32 +0800] "GET /xingrg/javascript/jquery_easy_ui/themes/icons/uncheck_new.png HTTP/1.1" 304 -
120.253.135.82 - - [13/Oct/2022:08:40:32 +0800] "GET /xingrg/javascript/jquery_easy_ui/themes/icons/back_new.png HTTP/1.1" 304 -
120.253.135.82 - - [13/Oct/2022:08:40:32 +0800] "GET /favicon.ico HTTP/1.1" 404 -
116.230.105.139 - - [13/Oct/2022:08:40:32 +0800] "GET /xingrg/kc/mdqp/pssh_order_list.html HTTP/1.1" 200 17864
116.230.105.139 - - [13/Oct/2022:08:40:33 +0800] "POST /xingrg/kc/mdqp/pssh_list_operate.html HTTP/1.1" 200 5401
101.83.146.154 - - [13/Oct/2022:08:40:35 +0800] "GET /xingrg/kc/buy/cgsh_order_operate.html?command=get_materiel&rest_code=00105&code=00101008118&supplier_code=00100203&order_time=2022-10-13 HTTP/1.1" 200 418
101.83.146.154 - - [13/Oct/2022:08:40:35 +0800] "GET /xingrg/all/function/internal_message.html?_=1665621637895&CODE_STATE=getMsg HTTP/1.1" 200 27
116.230.105.139 - - [13/Oct/2022:08:40:36 +0800] "POST /xingrg/kc/mdqp/pssh_list_operate.html HTTP/1.1" 200 2248
120.253.135.82 - - [13/Oct/2022:08:40:39 +0800] "GET /xingrg/javascript/jquery_easy_ui/themes/default/images/tabs_active.png HTTP/1.1" 200 2894
116.230.105.139 - - [13/Oct/2022:08:40:40 +0800] "POST /xingrg/kc/mdqp/pssh_list_operate.html HTTP/1.1" 200 9012
116.230.105.139 - - [13/Oct/2022:08:40:41 +0800] "POST /xingrg/kc/mdqp/pssh_list_operate.html HTTP/1.1" 200 255
101.83.146.154 - - [13/Oct/2022:08:40:42 +0800] "GET /xingrg/kc/buy/cgsh_order_operate.html?command=get_materiel&rest_code=00105&code=00101008059&supplier_code=00100203&order_time=2022-10-13 HTTP/1.1" 200 408
116.230.105.139 - - [13/Oct/2022:08:40:43 +0800] "POST /xingrg/kc/mdqp/pssh_list_operate.html HTTP/1.1" 200 365
116.230.105.139 - - [13/Oct/2022:08:40:45 +0800] "POST /xingrg/kc/mdqp/pssh_list_operate.html HTTP/1.1" 200 787
116.230.105.139 - - [13/Oct/2022:08:40:45 +0800] "GET /xingrg/kc/mdqp/pssh_order_info.html?code=312022101200280 HTTP/1.1" 200 17285
116.230.105.139 - - [13/Oct/2022:08:40:45 +0800] "GET /xingrg/javascript/jquery_tools/jquery-1.4.2.min.js HTTP/1.1" 404 1094
116.230.105.139 - - [13/Oct/2022:08:40:45 +0800] "GET /xingrg/words/20221012170406_words.js HTTP/1.1" 304 -
116.230.105.139 - - [13/Oct/2022:08:40:47 +0800] "POST /xingrg/kc/mdqp/pssh_order_operate.html HTTP/1.1" 200 3192
116.230.105.139 - - [13/Oct/2022:08:40:47 +0800] "GET /xingrg/all/common/auto_word.html?type=base&rest_code=00155&rest_code=00155 HTTP/1.1" 200 1807
116.230.105.139 - - [13/Oct/2022:08:40:47 +0800] "GET /xingrg/javascript/easyui/themes/default/validatebox.css HTTP/1.1" 404 1104
116.230.105.139 - - [13/Oct/2022:08:40:47 +0800] "GET /xingrg/all/common/auto_word.html?type=employee&rest_code=00155 HTTP/1.1" 200 205
120.253.135.82 - - [13/Oct/2022:08:40:49 +0800] "GET /xingrg/kc/pszx/mdqp_order_list.html?state=10 HTTP/1.1" 200 10219
120.253.135.82 - - [13/Oct/2022:08:40:49 +0800] "GET /xingrg/dwr/interface/AjaxQqpsService.js HTTP/1.1" 200 16326
120.253.135.82 - - [13/Oct/2022:08:40:49 +0800] "GET /xingrg/dwr/interface/AjaxReportQueryService.js HTTP/1.1" 200 13203
120.253.135.82 - - [13/Oct/2022:08:40:49 +0800] "GET /xingrg/dwr/engine.js HTTP/1.1" 200 43631
180.169.147.146 - - [13/Oct/2022:08:40:49 +0800] "GET /xingrg/all/function/internal_message.html?_=1665621649738&CODE_STATE=getMsg HTTP/1.1" 200 27
120.253.135.82 - - [13/Oct/2022:08:40:50 +0800] "GET /xingrg/kc/pszx/mdqp_order_list.html?state=10 HTTP/1.1" 200 10219
120.253.135.82 - - [13/Oct/2022:08:40:50 +0800] "GET /xingrg/dwr/interface/AjaxQqpsService.js HTTP/1.1" 200 16326
120.253.135.82 - - [13/Oct/2022:08:40:50 +0800] "GET /xingrg/dwr/interface/AjaxReportQueryService.js HTTP/1.1" 200 13203
120.253.135.82 - - [13/Oct/2022:08:40:50 +0800] "GET /xingrg/dwr/engine.js HTTP/1.1" 200 43631
101.83.146.154 - - [13/Oct/2022:08:40:51 +0800] "POST /xingrg/kc/buy/cgsh_order_operate.html HTTP/1.1" 200 2065
101.83.146.154 - - [13/Oct/2022:08:40:52 +0800] "POST /xingrg/services/DataTransmitService HTTP/1.1" 200 524
116.230.105.139 - - [13/Oct/2022:08:40:54 +0800] "GET /xingrg/kc/buy/cgsh_order_list.html HTTP/1.1" 200 53251
116.230.105.139 - - [13/Oct/2022:08:40:55 +0800] "POST /xingrg/kc/buy/cgsh_list_operate.html HTTP/1.1" 200 986
101.83.146.154 - - [13/Oct/2022:08:40:57 +0800] "POST /xingrg/services/DataTransmitService HTTP/1.1" 200 501
120.253.135.82 - - [13/Oct/2022:08:41:00 +0800] "GET /xingrg/all/function/internal_message.html?_=1665621655452&CODE_STATE=getMsg HTTP/1.1" 302 -
101.83.146.154 - - [13/Oct/2022:08:41:00 +0800] "GET /xingrg/kc/buy/cgsh_order_operate.html?command=get_materiel&rest_code=00105&code=00101010136&supplier_code=00100203&order_time=2022-10-13 HTTP/1.1" 200 408
120.253.135.82 - - [13/Oct/2022:08:41:00 +0800] "GET /xingrg/check_reg.html?_=1665621655877 HTTP/1.1" 302 -
120.253.135.82 - - [13/Oct/2022:08:41:03 +0800] "GET /xingrg/check_reg.html?_=1665621459058 HTTP/1.1" 200 22
116.230.114.213 - - [13/Oct/2022:08:41:05 +0800] "GET /xingrg/check_reg.html?_=1665621679540 HTTP/1.1" 200 22
116.230.114.213 - - [13/Oct/2022:08:41:05 +0800] "GET /xingrg/all/function/internal_message.html?_=1665621679697&CODE_STATE=getMsg HTTP/1.1" 200 27
101.83.146.154 - - [13/Oct/2022:08:41:06 +0800] "POST /xingrg/kc/buy/cgsh_order_operate.html HTTP/1.1" 200 37
101.83.146.154 - - [13/Oct/2022:08:41:08 +0800] "POST /xingrg/kc/buy/cgsh_order_operate.html HTTP/1.1" 200 26289
101.83.146.154 - - [13/Oct/2022:08:41:09 +0800] "GET /xingrg/kc/buy/cgsh_order_add.html HTTP/1.1" 200 69109
101.83.146.154 - - [13/Oct/2022:08:41:09 +0800] "GET /xingrg/javascript/easyui/themes/default/validatebox.css HTTP/1.1" 404 1104
101.83.146.154 - - [13/Oct/2022:08:41:09 +0800] "POST /xingrg/kc/buy/cgsh_order_operate.html HTTP/1.1" 200 8245
116.230.114.213 - - [13/Oct/2022:08:41:10 +0800] "GET /xingrg/kc/buy/cgsh_order_operate.html?command=get_materiel&rest_code=00146&code=00101008069&supplier_code=00100005&order_time=2022-10-13 HTTP/1.1" 200 412
124.79.74.72 - - [13/Oct/2022:08:41:12 +0800] "GET /xingrg/all/function/internal_message.html?_=1665621671503&CODE_STATE=getMsg HTTP/1.1" 200 27
116.230.105.139 - - [13/Oct/2022:08:41:14 +0800] "GET /xingrg/kc/buy/cgsh_order_add.html HTTP/1.1" 200 69033
116.230.105.139 - - [13/Oct/2022:08:41:14 +0800] "POST /xingrg/kc/buy/cgsh_order_operate.html HTTP/1.1" 200 8245
114.84.81.136 - - [13/Oct/2022:08:41:14 +0800] "GET /xingrg/all/function/internal_message.html?_=1665621675759&CODE_STATE=getMsg HTTP/1.1" 302 -
116.230.105.139 - - [13/Oct/2022:08:41:14 +0800] "GET /xingrg/javascript/easyui/themes/default/validatebox.css HTTP/1.1" 404 1104
101.83.146.154 - - [13/Oct/2022:08:41:16 +0800] "GET /xingrg/kc/buy/cgsh_order_operate.html?command=get_materiel&rest_code=00105&code=00101008055&supplier_code=&order_time=2022-10-13 HTTP/1.1" 200 409
116.230.114.213 - - [13/Oct/2022:08:41:17 +0800] "POST /xingrg/kc/buy/cgsh_order_operate.html HTTP/1.1" 200 2065
116.230.105.139 - - [13/Oct/2022:08:41:19 +0800] "GET /xingrg/javascript/auto/indicator.gif HTTP/1.1" 404 1066
116.230.105.139 - - [13/Oct/2022:08:41:21 +0800] "GET /xingrg/javascript/jquery_tools/images/prev.gif HTTP/1.1" 404 1086
116.230.105.139 - - [13/Oct/2022:08:41:21 +0800] "GET /xingrg/javascript/jquery_tools/images/next.gif HTTP/1.1" 404 1086
101.83.146.154 - - [13/Oct/2022:08:41:22 +0800] "GET /xingrg/check_reg.html?_=1665621536615 HTTP/1.1" 200 22
101.83.146.154 - - [13/Oct/2022:08:41:22 +0800] "GET /xingrg/all/function/internal_message.html?_=1665621536619&CODE_STATE=getMsg HTTP/1.1" 200 27
116.230.105.139 - - [13/Oct/2022:08:41:24 +0800] "GET /xingrg/all/function/internal_message.html?_=1665621647210&CODE_STATE=getMsg HTTP/1.1" 200 27
101.83.146.154 - - [13/Oct/2022:08:41:25 +0800] "GET /xingrg/kc/buy/cgsh_order_operate.html?command=get_materiel&rest_code=00105&code=00101008049&supplier_code=&order_time=2022-10-13 HTTP/1.1" 200 408
116.230.114.213 - - [13/Oct/2022:08:41:32 +0800] "GET /xingrg/kc/buy/cgsh_order_operate.html?command=get_materiel&rest_code=00146&code=00101008131&supplier_code=00100005&order_time=2022-10-13 HTTP/1.1" 200 408
101.83.146.154 - - [13/Oct/2022:08:41:32 +0800] "GET /xingrg/kc/buy/cgsh_order_operate.html?command=get_materiel&rest_code=00105&code=00101008003&supplier_code=&order_time=2022-10-13 HTTP/1.1" 200 408
101.83.146.154 - - [13/Oct/2022:08:41:35 +0800] "GET /xingrg/all/function/internal_message.html?_=1665621698037&CODE_STATE=getMsg HTTP/1.1" 200 27
101.83.146.154 - - [13/Oct/2022:08:41:35 +0800] "GET /xingrg/check_reg.html?_=1665621698038 HTTP/1.1" 200 22
101.83.146.154 - - [13/Oct/2022:08:41:41 +0800] "GET /xingrg/kc/buy/cgsh_order_operate.html?command=get_materiel&rest_code=00105&code=00101008223&supplier_code=&order_time=2022-10-13 HTTP/1.1" 200 412
116.230.105.139 - - [13/Oct/2022:08:41:42 +0800] "GET /xingrg/kc/buy/cgsh_order_operate.html?command=get_materiel&rest_code=00155&code=00101008349&supplier_code=00100005&order_time=2022-10-13 HTTP/1.1" 200 412
101.83.146.154 - - [13/Oct/2022:08:41:48 +0800] "GET /xingrg/kc/buy/cgsh_order_operate.html?command=get_materiel&rest_code=00105&code=00101008005&supplier_code=&order_time=2022-10-13 HTTP/1.1" 200 412
180.169.147.146 - - [13/Oct/2022:08:41:49 +0800] "GET /xingrg/check_reg.html?_=1665621709735 HTTP/1.1" 200 22
180.169.147.146 - - [13/Oct/2022:08:41:49 +0800] "GET /xingrg/all/function/internal_message.html?_=1665621709736&CODE_STATE=getMsg HTTP/1.1" 200 27
116.230.105.139 - - [13/Oct/2022:08:41:50 +0800] "GET /xingrg/kc/buy/cgsh_order_operate.html?command=get_materiel&rest_code=00155&code=00101008358&supplier_code=00100005&order_time=2022-10-13 HTTP/1.1" 200 412
116.230.114.213 - - [13/Oct/2022:08:41:52 +0800] "GET /xingrg/kc/buy/cgsh_order_operate.html?command=get_materiel&rest_code=00146&code=00101008352&supplier_code=00100005&order_time=2022-10-13 HTTP/1.1" 200 412
116.230.105.139 - - [13/Oct/2022:08:41:57 +0800] "GET /xingrg/kc/buy/cgsh_order_operate.html?command=get_materiel&rest_code=00155&code=00101008126&supplier_code=00100005&order_time=2022-10-13 HTTP/1.1" 200 412
101.83.146.154 - - [13/Oct/2022:08:41:58 +0800] "GET /xingrg/kc/buy/cgsh_order_operate.html?command=get_materiel&rest_code=00105&code=00101008271&supplier_code=&order_time=2022-10-13 HTTP/1.1" 200 408
120.253.135.82 - - [13/Oct/2022:08:42:00 +0800] "GET /xingrg/all/function/internal_message.html?_=1665621715426&CODE_STATE=getMsg HTTP/1.1" 302 -
116.230.105.139 - - [13/Oct/2022:08:42:03 +0800] "GET /xingrg/kc/buy/cgsh_order_operate.html?command=get_materiel&rest_code=00155&code=00101008359&supplier_code=00100005&order_time=2022-10-13 HTTP/1.1" 200 408
116.230.114.213 - - [13/Oct/2022:08:42:05 +0800] "GET /xingrg/all/function/internal_message.html?_=1665621739711&CODE_STATE=getMsg HTTP/1.1" 200 27
116.230.105.139 - - [13/Oct/2022:08:42:09 +0800] "GET /xingrg/kc/buy/cgsh_order_operate.html?command=get_materiel&rest_code=00155&code=00101008027&supplier_code=00100005&order_time=2022-10-13 HTTP/1.1" 200 408
124.79.74.72 - - [13/Oct/2022:08:42:12 +0800] "GET /xingrg/all/function/internal_message.html?_=1665621731488&CODE_STATE=getMsg HTTP/1.1" 200 27
116.230.105.139 - - [13/Oct/2022:08:42:17 +0800] "GET /xingrg/kc/buy/cgsh_order_operate.html?command=get_materiel&rest_code=00155&code=00101008257&supplier_code=00100005&order_time=2022-10-13 HTTP/1.1" 200 416
120.253.135.82 - - [13/Oct/2022:08:42:21 +0800] "GET /xingrg/kc/pszx/mdqp_order_list.html?state=10 HTTP/1.1" 200 10219
120.253.135.82 - - [13/Oct/2022:08:42:22 +0800] "GET /xingrg/dwr/interface/AjaxReportQueryService.js HTTP/1.1" 200 13203
120.253.135.82 - - [13/Oct/2022:08:42:22 +0800] "GET /xingrg/dwr/interface/AjaxQqpsService.js HTTP/1.1" 200 16326
120.253.135.82 - - [13/Oct/2022:08:42:22 +0800] "GET /xingrg/dwr/engine.js HTTP/1.1" 200 43631
101.83.146.154 - - [13/Oct/2022:08:42:22 +0800] "GET /xingrg/all/function/internal_message.html?_=1665621596620&CODE_STATE=getMsg HTTP/1.1" 200 27
116.230.105.139 - - [13/Oct/2022:08:42:22 +0800] "GET /xingrg/kc/buy/cgsh_order_operate.html?command=get_materiel&rest_code=00155&code=00101008331&supplier_code=00100005&order_time=2022-10-13 HTTP/1.1" 200 416
116.230.105.139 - - [13/Oct/2022:08:42:24 +0800] "GET /xingrg/all/function/internal_message.html?_=1665621707203&CODE_STATE=getMsg HTTP/1.1" 200 27
120.253.135.82 - - [13/Oct/2022:08:42:27 +0800] "GET /xingrg/kc/pszx/mdps_order_list.html?orderType=0 HTTP/1.1" 200 21048
120.253.135.82 - - [13/Oct/2022:08:42:27 +0800] "POST /xingrg/kc/pszx/mdps_list_operate.html HTTP/1.1" 200 5342
116.230.105.139 - - [13/Oct/2022:08:42:28 +0800] "GET /xingrg/kc/buy/cgsh_order_operate.html?command=get_materiel&rest_code=00155&code=00101008010&supplier_code=00100005&order_time=2022-10-13 HTTP/1.1" 200 412
116.230.105.139 - - [13/Oct/2022:08:42:34 +0800] "GET /xingrg/kc/buy/cgsh_order_operate.html?command=get_materiel&rest_code=00155&code=00101008646&supplier_code=00100005&order_time=2022-10-13 HTTP/1.1" 200 413
116.238.194.138 - - [13/Oct/2022:08:42:35 +0800] "GET /xingrg/kc/buy/cgsh_order_add.html HTTP/1.1" 302 -
116.238.194.138 - - [13/Oct/2022:08:42:35 +0800] "GET /xingrg/login.html HTTP/1.1" 200 7641
116.238.194.138 - - [13/Oct/2022:08:42:35 +0800] "GET /xingrg/login.html HTTP/1.1" 200 7641
101.83.146.154 - - [13/Oct/2022:08:42:35 +0800] "GET /xingrg/all/function/internal_message.html?_=1665621757898&CODE_STATE=getMsg HTTP/1.1" 200 27
116.238.194.138 - - [13/Oct/2022:08:42:35 +0800] "GET /favicon.ico HTTP/1.1" 404 -
116.238.194.138 - - [13/Oct/2022:08:42:37 +0800] "POST /xingrg/login.do HTTP/1.1" 302 -
116.238.194.138 - - [13/Oct/2022:08:42:37 +0800] "GET /favicon.ico HTTP/1.1" 404 -
116.238.194.138 - - [13/Oct/2022:08:42:37 +0800] "GET /xingrg/index.html?sysBaseUrl=http%3A%2F%2F180.169.147.146%3A18081%2Fxingrg%2F&costTime=39×tamp=1665621757290 HTTP/1.1" 200 17177
116.238.194.138 - - [13/Oct/2022:08:42:37 +0800] "POST /xingrg/all/common/load_tree.html?tree=area_rest_tree_json&manage=1 HTTP/1.1" 200 476
116.238.194.138 - - [13/Oct/2022:08:42:37 +0800] "GET /xingrg/all/function/internal_message.html?_=1665621758031&CODE_STATE=count HTTP/1.1" 200 11
116.238.194.138 - - [13/Oct/2022:08:42:37 +0800] "GET /xingrg/check_reg.html?_=1665621758032 HTTP/1.1" 200 22
116.238.194.138 - - [13/Oct/2022:08:42:37 +0800] "POST /xingrg/load_menu.html HTTP/1.1" 200 5138
116.238.194.138 - - [13/Oct/2022:08:42:40 +0800] "GET /xingrg/kc/buy/cgsh_order_list.html HTTP/1.1" 200 53249
116.238.194.138 - - [13/Oct/2022:08:42:41 +0800] "POST /xingrg/kc/buy/cgsh_list_operate.html HTTP/1.1" 200 986
116.230.105.139 - - [13/Oct/2022:08:42:41 +0800] "GET /xingrg/kc/buy/cgsh_order_operate.html?command=get_materiel&rest_code=00155&code=00101008290&supplier_code=00100005&order_time=2022-10-13 HTTP/1.1" 200 416
116.238.194.138 - - [13/Oct/2022:08:42:41 +0800] "GET /xingrg/words/20221012170406_words.js HTTP/1.1" 200 925145
116.238.194.138 - - [13/Oct/2022:08:42:42 +0800] "GET /xingrg/kc/buy/cgsh_order_add.html HTTP/1.1" 200 68625
116.238.194.138 - - [13/Oct/2022:08:42:45 +0800] "GET /xingrg/all/common/auto_word.html?type=employee&rest_code=00151 HTTP/1.1" 200 293
116.238.194.138 - - [13/Oct/2022:08:42:45 +0800] "GET /xingrg/all/common/auto_word.html?type=employee&rest_code=00151 HTTP/1.1" 200 293
116.238.194.138 - - [13/Oct/2022:08:42:45 +0800] "GET /xingrg/javascript/easyui/themes/default/validatebox.css HTTP/1.1" 404 1104
116.238.194.138 - - [13/Oct/2022:08:42:46 +0800] "POST /xingrg/kc/buy/cgsh_order_operate.html HTTP/1.1" 200 8245
116.238.194.138 - - [13/Oct/2022:08:42:47 +0800] "GET /xingrg/javascript/auto/indicator.gif HTTP/1.1" 404 1066
116.230.105.139 - - [13/Oct/2022:08:42:48 +0800] "GET /xingrg/kc/buy/cgsh_order_operate.html?command=get_materiel&rest_code=00155&code=00101008355&supplier_code=00100005&order_time=2022-10-13 HTTP/1.1" 200 408
180.169.147.146 - - [13/Oct/2022:08:42:49 +0800] "GET /xingrg/all/function/internal_message.html?_=1665621769727&CODE_STATE=getMsg HTTP/1.1" 200 27
101.83.146.154 - - [13/Oct/2022:08:42:49 +0800] "GET /xingrg/kc/buy/cgsh_order_operate.html?command=get_materiel&rest_code=00105&code=00101002027&supplier_code=&order_time=2022-10-13 HTTP/1.1" 200 413
116.230.105.139 - - [13/Oct/2022:08:42:55 +0800] "GET /xingrg/kc/buy/cgsh_order_operate.html?command=get_materiel&rest_code=00155&code=00101008264&supplier_code=00100005&order_time=2022-10-13 HTTP/1.1" 200 412
120.253.135.82 - - [13/Oct/2022:08:42:56 +0800] "POST /xingrg/kc/pszx/mdps_list_operate.html HTTP/1.1" 200 2452
116.238.194.138 - - [13/Oct/2022:08:42:57 +0800] "GET /xingrg/kc/buy/cgsh_order_operate.html?command=get_materiel&rest_code=00151&code=00101016105&supplier_code=00100096&order_time=2022-10-13 HTTP/1.1" 200 409
120.253.135.82 - - [13/Oct/2022:08:43:00 +0800] "GET /xingrg/all/function/internal_message.html?_=1665621775413&CODE_STATE=getMsg HTTP/1.1" 302 -
116.230.105.139 - - [13/Oct/2022:08:43:03 +0800] "GET /xingrg/kc/buy/cgsh_order_operate.html?command=get_materiel&rest_code=00155&code=00101008024&supplier_code=00100005&order_time=2022-10-13 HTTP/1.1" 200 408
116.230.114.213 - - [13/Oct/2022:08:43:05 +0800] "GET /xingrg/all/function/internal_message.html?_=1665621799725&CODE_STATE=getMsg HTTP/1.1" 200 27
116.230.114.213 - - [13/Oct/2022:08:43:10 +0800] "GET /xingrg/kc/buy/cgsh_order_operate.html?command=get_materiel&rest_code=00146&code=00101008298&supplier_code=00100005&order_time=2022-10-13 HTTP/1.1" 200 412
124.79.74.72 - - [13/Oct/2022:08:43:12 +0800] "GET /xingrg/all/function/internal_message.html?_=1665621791459&CODE_STATE=getMsg HTTP/1.1" 200 27
116.230.105.139 - - [13/Oct/2022:08:43:12 +0800] "GET /xingrg/kc/buy/cgsh_order_operate.html?command=get_materiel&rest_code=00155&code=00101008356&supplier_code=00100005&order_time=2022-10-13 HTTP/1.1" 200 408
120.253.135.82 - - [13/Oct/2022:08:43:17 +0800] "POST /xingrg/kc/pszx/mdps_list_operate.html HTTP/1.1" 200 646
120.253.135.82 - - [13/Oct/2022:08:43:18 +0800] "GET /xingrg/kc/pszx/mdps_order_info.html?code=312022101200279 HTTP/1.1" 200 23982
120.253.135.82 - - [13/Oct/2022:08:43:18 +0800] "GET /xingrg/javascript/easyui/themes/default/validatebox.css HTTP/1.1" 404 1104
120.253.135.82 - - [13/Oct/2022:08:43:18 +0800] "POST /xingrg/kc/pszx/mdps_order_operate.html HTTP/1.1" 200 11081
116.230.105.139 - - [13/Oct/2022:08:43:19 +0800] "GET /xingrg/kc/buy/cgsh_order_operate.html?command=get_materiel&rest_code=00155&code=00101008301&supplier_code=00100005&order_time=2022-10-13 HTTP/1.1" 200 422
101.83.146.154 - - [13/Oct/2022:08:43:22 +0800] "GET /xingrg/all/function/internal_message.html?_=1665621656605&CODE_STATE=getMsg HTTP/1.1" 200 27
120.253.135.82 - - [13/Oct/2022:08:43:23 +0800] "POST /xingrg/kc/pszx/mdps_order_operate.html HTTP/1.1" 200 37
116.230.105.139 - - [13/Oct/2022:08:43:24 +0800] "GET /xingrg/all/function/internal_message.html?_=1665621767219&CODE_STATE=getMsg HTTP/1.1" 200 27
120.253.135.82 - - [13/Oct/2022:08:43:24 +0800] "POST /xingrg/kc/pszx/mdps_order_operate.html HTTP/1.1" 200 12
114.84.81.136 - - [13/Oct/2022:08:43:26 +0800] "GET /xingrg/check_reg.html?_=1665621808087 HTTP/1.1" 302 -
114.84.81.136 - - [13/Oct/2022:08:43:26 +0800] "GET /xingrg/all/function/internal_message.html?_=1665621808087&CODE_STATE=getMsg HTTP/1.1" 302 -
120.253.135.82 - - [13/Oct/2022:08:43:27 +0800] "GET /xingrg/kc/pszx/mdps_order_info.html?code=312022101200279 HTTP/1.1" 200 19642
116.238.194.138 - - [13/Oct/2022:08:43:27 +0800] "GET /xingrg/kc/buy/cgsh_order_operate.html?command=get_materiel&rest_code=00151&code=00101016025&supplier_code=00100096&order_time=2022-10-13 HTTP/1.1" 200 410
120.253.135.82 - - [13/Oct/2022:08:43:27 +0800] "GET /xingrg/javascript/easyui/themes/default/validatebox.css HTTP/1.1" 404 1104
120.253.135.82 - - [13/Oct/2022:08:43:27 +0800] "POST /xingrg/kc/pszx/mdps_order_operate.html HTTP/1.1" 200 9232
116.230.114.213 - - [13/Oct/2022:08:43:28 +0800] "GET /xingrg/kc/buy/cgsh_order_operate.html?command=get_materiel&rest_code=00146&code=00101008350&supplier_code=00100005&order_time=2022-10-13 HTTP/1.1" 200 408
116.230.114.213 - - [13/Oct/2022:08:43:35 +0800] "POST /xingrg/kc/buy/cgsh_order_operate.html HTTP/1.1" 200 2065
101.83.146.154 - - [13/Oct/2022:08:43:35 +0800] "GET /xingrg/all/function/internal_message.html?_=1665621817909&CODE_STATE=getMsg HTTP/1.1" 200 27
116.238.194.138 - - [13/Oct/2022:08:43:36 +0800] "GET /xingrg/kc/buy/cgsh_order_operate.html?command=get_materiel&rest_code=00151&code=00101012039&supplier_code=00100096&order_time=2022-10-13 HTTP/1.1" 200 408
116.238.194.138 - - [13/Oct/2022:08:43:37 +0800] "GET /xingrg/all/function/internal_message.html?_=1665621818047&CODE_STATE=getMsg HTTP/1.1" 200 27
116.238.194.138 - - [13/Oct/2022:08:43:43 +0800] "GET /xingrg/kc/buy/cgsh_order_operate.html?command=get_materiel&rest_code=00151&code=00101016038&supplier_code=00100096&order_time=2022-10-13 HTTP/1.1" 200 408
120.253.135.82 - - [13/Oct/2022:08:43:45 +0800] "POST /xingrg/kc/pszx/mdps_list_operate.html HTTP/1.1" 200 291
120.253.135.82 - - [13/Oct/2022:08:43:46 +0800] "GET /xingrg/kc/pszx/mdps_order_info.html?code=312022101200281 HTTP/1.1" 200 23980
120.253.135.82 - - [13/Oct/2022:08:43:47 +0800] "GET /xingrg/javascript/easyui/themes/default/validatebox.css HTTP/1.1" 404 1104
120.253.135.82 - - [13/Oct/2022:08:43:47 +0800] "POST /xingrg/kc/pszx/mdps_order_operate.html HTTP/1.1" 200 2816
116.230.114.213 - - [13/Oct/2022:08:43:49 +0800] "GET /xingrg/kc/buy/cgsh_order_operate.html?command=get_materiel&rest_code=00146&code=00101008314&supplier_code=00100005&order_time=2022-10-13 HTTP/1.1" 200 413
180.169.147.146 - - [13/Oct/2022:08:43:49 +0800] "GET /xingrg/all/function/internal_message.html?_=1665621829734&CODE_STATE=getMsg HTTP/1.1" 200 27
120.253.135.82 - - [13/Oct/2022:08:43:50 +0800] "POST /xingrg/kc/pszx/mdps_order_operate.html HTTP/1.1" 200 37
116.230.105.139 - - [13/Oct/2022:08:43:51 +0800] "GET /xingrg/kc/buy/cgsh_order_operate.html?command=get_materiel&rest_code=00155&code=00101008360&supplier_code=00100005&order_time=2022-10-13 HTTP/1.1" 200 413
120.253.135.82 - - [13/Oct/2022:08:43:52 +0800] "POST /xingrg/kc/pszx/mdps_order_operate.html HTTP/1.1" 200 12
116.238.194.138 - - [13/Oct/2022:08:43:53 +0800] "GET /xingrg/kc/buy/cgsh_order_operate.html?command=get_materiel&rest_code=00151&code=00101012019&supplier_code=00100096&order_time=2022-10-13 HTTP/1.1" 200 412
116.230.105.139 - - [13/Oct/2022:08:43:57 +0800] "GET /xingrg/kc/buy/cgsh_order_operate.html?command=get_materiel&rest_code=00155&code=00101008196&supplier_code=00100005&order_time=2022-10-13 HTTP/1.1" 200 416
120.253.135.82 - - [13/Oct/2022:08:44:00 +0800] "GET /xingrg/all/function/internal_message.html?_=1665621835397&CODE_STATE=getMsg HTTP/1.1" 302 -
116.230.105.139 - - [13/Oct/2022:08:44:02 +0800] "GET /xingrg/kc/buy/cgsh_order_operate.html?command=get_materiel&rest_code=00155&code=00101008197&supplier_code=00100005&order_time=2022-10-13 HTTP/1.1" 200 416
120.253.135.82 - - [13/Oct/2022:08:44:04 +0800] "GET /xingrg/kc/pszx/mdps_order_info.html?code=312022101200281 HTTP/1.1" 200 19640
120.253.135.82 - - [13/Oct/2022:08:44:04 +0800] "POST /xingrg/kc/pszx/mdps_order_operate.html HTTP/1.1" 200 1033
120.253.135.82 - - [13/Oct/2022:08:44:04 +0800] "GET /xingrg/javascript/easyui/themes/default/validatebox.css HTTP/1.1" 404 1104
101.83.146.154 - - [13/Oct/2022:08:44:04 +0800] "GET /xingrg/kc/buy/cgsh_order_add.html HTTP/1.1" 200 69109
101.83.146.154 - - [13/Oct/2022:08:44:05 +0800] "POST /xingrg/kc/buy/cgsh_order_operate.html HTTP/1.1" 200 8245
101.83.146.154 - - [13/Oct/2022:08:44:05 +0800] "GET /xingrg/javascript/easyui/themes/default/validatebox.css HTTP/1.1" 404 1104
120.253.135.82 - - [13/Oct/2022:08:44:05 +0800] "POST /xingrg/kc/pszx/mdps_list_operate.html HTTP/1.1" 200 1698
116.230.114.213 - - [13/Oct/2022:08:44:05 +0800] "GET /xingrg/all/function/internal_message.html?_=1665621859738&CODE_STATE=getMsg HTTP/1.1" 200 27
116.230.105.139 - - [13/Oct/2022:08:44:08 +0800] "GET /xingrg/kc/buy/cgsh_order_operate.html?command=get_materiel&rest_code=00155&code=00101008238&supplier_code=00100005&order_time=2022-10-13 HTTP/1.1" 200 416
120.253.135.82 - - [13/Oct/2022:08:44:10 +0800] "POST /xingrg/kc/pszx/mdps_list_operate.html HTTP/1.1" 200 629
116.230.105.139 - - [13/Oct/2022:08:44:10 +0800] "POST /xingrg/kc/buy/cgsh_order_operate.html HTTP/1.1" 200 2065
120.253.135.82 - - [13/Oct/2022:08:44:10 +0800] "GET /xingrg/kc/pszx/mdps_order_info.html?code=312022101200280 HTTP/1.1" 200 23982
120.253.135.82 - - [13/Oct/2022:08:44:11 +0800] "GET /xingrg/javascript/easyui/themes/default/validatebox.css HTTP/1.1" 404 1104
120.253.135.82 - - [13/Oct/2022:08:44:11 +0800] "POST /xingrg/kc/pszx/mdps_order_operate.html HTTP/1.1" 200 4829
124.79.74.72 - - [13/Oct/2022:08:44:12 +0800] "GET /xingrg/all/function/internal_message.html?_=1665621851443&CODE_STATE=getMsg HTTP/1.1" 200 27
116.238.194.138 - - [13/Oct/2022:08:44:13 +0800] "GET /xingrg/kc/buy/cgsh_order_operate.html?command=get_materiel&rest_code=00151&code=00101012051&supplier_code=00100096&order_time=2022-10-13 HTTP/1.1" 200 408
116.230.105.139 - - [13/Oct/2022:08:44:13 +0800] "GET /xingrg/kc/buy/cgsh_order_operate.html?command=get_materiel&rest_code=00155&code=00101008134&supplier_code=00100005&order_time=2022-10-13 HTTP/1.1" 200 412
101.83.146.154 - - [13/Oct/2022:08:44:15 +0800] "GET /xingrg/kc/buy/cgsh_order_operate.html?command=get_materiel&rest_code=00105&code=00101016030&supplier_code=00100034&order_time=2022-10-13 HTTP/1.1" 200 412
120.253.135.82 - - [13/Oct/2022:08:44:16 +0800] "POST /xingrg/kc/pszx/mdps_order_operate.html HTTP/1.1" 200 37
120.253.135.82 - - [13/Oct/2022:08:44:18 +0800] "POST /xingrg/kc/pszx/mdps_order_operate.html HTTP/1.1" 200 12
116.230.105.139 - - [13/Oct/2022:08:44:19 +0800] "GET /xingrg/kc/buy/cgsh_order_operate.html?command=get_materiel&rest_code=00155&code=00101008357&supplier_code=00100005&order_time=2022-10-13 HTTP/1.1" 200 408
101.83.146.154 - - [13/Oct/2022:08:44:22 +0800] "GET /xingrg/all/function/internal_message.html?_=1665621716606&CODE_STATE=getMsg HTTP/1.1" 200 27
116.230.105.139 - - [13/Oct/2022:08:44:24 +0800] "GET /xingrg/all/function/internal_message.html?_=1665621827204&CODE_STATE=getMsg HTTP/1.1" 200 27
116.230.105.139 - - [13/Oct/2022:08:44:25 +0800] "GET /xingrg/kc/buy/cgsh_order_operate.html?command=get_materiel&rest_code=00155&code=00101008006&supplier_code=00100005&order_time=2022-10-13 HTTP/1.1" 200 416
116.238.194.138 - - [13/Oct/2022:08:44:29 +0800] "GET /xingrg/kc/buy/cgsh_order_operate.html?command=get_materiel&rest_code=00151&code=00101006058&supplier_code=00100096&order_time=2022-10-13 HTTP/1.1" 200 413
120.253.135.82 - - [13/Oct/2022:08:44:32 +0800] "GET /xingrg/kc/pszx/mdps_order_info.html?code=312022101200280 HTTP/1.1" 200 19642
120.253.135.82 - - [13/Oct/2022:08:44:32 +0800] "POST /xingrg/kc/pszx/mdps_order_operate.html HTTP/1.1" 200 3027
120.253.135.82 - - [13/Oct/2022:08:44:32 +0800] "GET /xingrg/javascript/easyui/themes/default/validatebox.css HTTP/1.1" 404 1104
120.253.135.82 - - [13/Oct/2022:08:44:33 +0800] "POST /xingrg/kc/pszx/mdps_list_operate.html HTTP/1.1" 200 868
116.230.105.139 - - [13/Oct/2022:08:44:34 +0800] "GET /xingrg/kc/buy/cgsh_order_operate.html?command=get_materiel&rest_code=00155&code=00101008108&supplier_code=00100005&order_time=2022-10-13 HTTP/1.1" 200 412
124.79.74.72 - - [13/Oct/2022:08:44:34 +0800] "GET /xingrg/check_reg.html?_=1665621873649 HTTP/1.1" 200 22
101.83.146.154 - - [13/Oct/2022:08:44:35 +0800] "GET /xingrg/all/function/internal_message.html?_=1665621877913&CODE_STATE=getMsg HTTP/1.1" 200 27
116.230.114.213 - - [13/Oct/2022:08:44:37 +0800] "GET /xingrg/kc/buy/cgsh_order_operate.html?command=get_materiel&rest_code=00146&code=00101008060&supplier_code=00100005&order_time=2022-10-13 HTTP/1.1" 200 416
116.238.194.138 - - [13/Oct/2022:08:44:37 +0800] "GET /xingrg/all/function/internal_message.html?_=1665621878046&CODE_STATE=getMsg HTTP/1.1" 200 27
101.83.146.154 - - [13/Oct/2022:08:44:41 +0800] "POST /xingrg/kc/buy/cgsh_order_operate.html HTTP/1.1" 200 37
116.238.194.138 - - [13/Oct/2022:08:44:43 +0800] "GET /xingrg/kc/buy/cgsh_order_operate.html?command=get_materiel&rest_code=00151&code=00101006013&supplier_code=00100096&order_time=2022-10-13 HTTP/1.1" 200 409
