114.83.219.72 - - [06/Oct/2022:10:48:30 +0800] "GET /xingrg/all/function/internal_message.html?_=1665024507927&CODE_STATE=getMsg HTTP/1.1" 200 27
116.230.105.139 - - [06/Oct/2022:10:48:31 +0800] "GET /xingrg/kc/buy/cgsh_order_operate.html?command=get_materiel&rest_code=00155&code=00101009051&supplier_code=00100037&order_time=2022-10-06 HTTP/1.1" 200 408
116.225.121.189 - - [06/Oct/2022:10:48:32 +0800] "GET /xingrg/check_reg.html?_=1665024362732 HTTP/1.1" 200 22
116.225.121.189 - - [06/Oct/2022:10:48:32 +0800] "GET /xingrg/all/function/internal_message.html?_=1665024362800&CODE_STATE=getMsg HTTP/1.1" 200 27
120.253.135.82 - - [06/Oct/2022:10:48:32 +0800] "GET /xingrg/check_reg.html?_=1665024305757 HTTP/1.1" 200 22
116.225.121.189 - - [06/Oct/2022:10:48:33 +0800] "GET /xingrg/kc/buy/cgsh_order_operate.html?command=get_materiel&rest_code=00105&code=00101009109&supplier_code=00100024&order_time=2022-10-06 HTTP/1.1" 200 413
58.37.225.132 - - [06/Oct/2022:10:48:33 +0800] "GET /xingrg/kc/buy/cgsh_order_operate.html?command=get_materiel&rest_code=00141&code=00101016113&supplier_code=00100256&order_time=2022-10-06 HTTP/1.1" 200 403
221.239.141.151 - - [06/Oct/2022:10:48:34 +0800] "GET /xingrg/all/function/internal_message.html?_=1665024528337&CODE_STATE=getMsg HTTP/1.1" 200 27
180.169.147.146 - - [06/Oct/2022:10:48:34 +0800] "GET /xingrg/all/function/internal_message.html?_=1665024510691&CODE_STATE=getMsg HTTP/1.1" 200 27
114.83.219.72 - - [06/Oct/2022:10:48:38 +0800] "GET /xingrg/kc/buy/cgsh_order_operate.html?command=get_materiel&rest_code=00149&code=00101008233&supplier_code=00100008&order_time=2022-10-06 HTTP/1.1" 200 427
124.79.246.218 - - [06/Oct/2022:10:48:39 +0800] "GET /xingrg/all/function/internal_message.html?_=1665024716067&CODE_STATE=getMsg HTTP/1.1" 200 27
58.37.225.132 - - [06/Oct/2022:10:48:40 +0800] "GET /xingrg/kc/buy/cgsh_order_operate.html?command=get_materiel&rest_code=00141&code=00101008434&supplier_code=00100256&order_time=2022-10-06 HTTP/1.1" 200 415
116.238.194.138 - - [06/Oct/2022:10:48:51 +0800] "GET /xingrg/all/function/internal_message.html?_=1665024475433&CODE_STATE=getMsg HTTP/1.1" 200 27
114.83.219.72 - - [06/Oct/2022:10:48:52 +0800] "GET /xingrg/kc/buy/cgsh_order_operate.html?command=get_materiel&rest_code=00149&code=00101008296&supplier_code=00100008&order_time=2022-10-06 HTTP/1.1" 200 416
120.253.135.82 - - [06/Oct/2022:10:48:55 +0800] "GET /xingrg/all/function/internal_message.html?_=1665024328487&CODE_STATE=getMsg HTTP/1.1" 200 27
58.37.225.132 - - [06/Oct/2022:10:48:56 +0800] "POST /xingrg/kc/buy/cgsh_order_operate.html HTTP/1.1" 200 37
116.230.105.139 - - [06/Oct/2022:10:48:57 +0800] "GET /xingrg/kc/buy/cgsh_order_operate.html?command=get_materiel&rest_code=00155&code=00101011005&supplier_code=00100037&order_time=2022-10-06 HTTP/1.1" 200 428
116.225.121.189 - - [06/Oct/2022:10:48:57 +0800] "GET /xingrg/kc/buy/cgsh_order_operate.html?command=get_materiel&rest_code=00105&code=00101009001&supplier_code=00100024&order_time=2022-10-06 HTTP/1.1" 200 416
114.83.219.72 - - [06/Oct/2022:10:48:57 +0800] "GET /xingrg/all/function/internal_message.html?_=1665024531390&CODE_STATE=getMsg HTTP/1.1" 200 27
172.20.0.100 - - [06/Oct/2022:10:49:01 +0800] "GET /xingrg/all/function/internal_message.html?_=1665024536981&CODE_STATE=getMsg HTTP/1.1" 200 27
120.253.135.82 - - [06/Oct/2022:10:49:02 +0800] "GET /xingrg/all/function/internal_message.html?_=1665024654817&CODE_STATE=getMsg HTTP/1.1" 200 27
58.37.225.132 - - [06/Oct/2022:10:49:03 +0800] "POST /xingrg/kc/buy/cgsh_order_operate.html HTTP/1.1" 200 12
58.37.225.132 - - [06/Oct/2022:10:49:05 +0800] "GET /xingrg/kc/buy/cgsh_order_info.html?code=212022100601861 HTTP/1.1" 200 63870
116.237.76.114 - - [06/Oct/2022:10:49:05 +0800] "GET /xingrg/all/function/internal_message.html?_=1665024537700&CODE_STATE=getMsg HTTP/1.1" 200 27
58.37.225.132 - - [06/Oct/2022:10:49:05 +0800] "GET /xingrg/javascript/easyui/themes/default/validatebox.css HTTP/1.1" 404 1104
116.237.76.114 - - [06/Oct/2022:10:49:05 +0800] "GET /xingrg/check_reg.html?_=1665024538074 HTTP/1.1" 200 22
58.37.225.132 - - [06/Oct/2022:10:49:06 +0800] "POST /xingrg/kc/buy/cgsh_order_operate.html HTTP/1.1" 200 609
116.230.105.139 - - [06/Oct/2022:10:49:06 +0800] "GET /xingrg/all/function/internal_message.html?_=1665024518659&CODE_STATE=getMsg HTTP/1.1" 200 27
58.37.225.132 - - [06/Oct/2022:10:49:07 +0800] "GET /xingrg/kc/print/load_data.html?order_code=212022100601861&kc_code=cgsh&condition= HTTP/1.1" 200 706
116.230.105.139 - - [06/Oct/2022:10:49:08 +0800] "GET /xingrg/kc/buy/cgsh_order_operate.html?command=get_materiel&rest_code=00155&code=00101012032&supplier_code=00100037&order_time=2022-10-06 HTTP/1.1" 200 416
58.37.225.132 - - [06/Oct/2022:10:49:10 +0800] "GET /xingrg/kc/buy/cgsh_order_add.html HTTP/1.1" 200 68961
58.37.225.132 - - [06/Oct/2022:10:49:10 +0800] "POST /xingrg/kc/buy/cgsh_order_operate.html HTTP/1.1" 200 8245
58.37.225.132 - - [06/Oct/2022:10:49:10 +0800] "GET /xingrg/javascript/easyui/themes/default/validatebox.css HTTP/1.1" 404 1104
116.230.105.139 - - [06/Oct/2022:10:49:22 +0800] "GET /xingrg/kc/buy/cgsh_order_operate.html?command=get_materiel&rest_code=00155&code=00101011010&supplier_code=00100037&order_time=2022-10-06 HTTP/1.1" 200 418
180.169.147.146 - - [06/Oct/2022:10:49:22 +0800] "POST /xingrg/dwr/call/plaincall/AjaxReportQueryService.refreshCache.dwr HTTP/1.1" 200 79
180.169.147.146 - - [06/Oct/2022:10:49:24 +0800] "POST /xingrg/all/report/load_report_page.html HTTP/1.1" 200 8944
180.169.147.146 - - [06/Oct/2022:10:49:24 +0800] "GET /xingrg/servlets/image?cache=0.7249241973460313&image=px HTTP/1.1" 200 807
180.169.147.146 - - [06/Oct/2022:10:49:24 +0800] "GET /xingrg/all/function/internal_message.html?_=1665024557963&CODE_STATE=getMsg HTTP/1.1" 200 27
180.169.147.146 - - [06/Oct/2022:10:49:25 +0800] "GET /xingrg/all/report/report_query.html?isQuery=1&fileName=kc/buy/wlcg_cate_hz.xml&queryString=(CONVERT(char(10)%252Ca.order_time%252C%2520120)%253E%253D'2022-09-01')%2520and%2520(CONVERT(char(10)%252Ca.order_time%252C%2520120)%253C%253D'2022-09-30')%2520and%2520(a.supplier_code%2520in%2520('00100329'))%2520and%2520(a.number%253E0%2520and%2520a.supplier_code%253D'00100329')&queryText=%25E3%2580%2590%25E9%2587%2587%25E8%25B4%25AD%25E6%2597%25A5%25E6%259C%259F%253A2022-09-01%2520%25E8%2587%25B3%25202022-09-30%25E3%2580%2591%2520%25E5%25B9%25B6%25E4%25B8%2594%2520%2520%25E3%2580%2590%25E4%25BE%259B%25E5%25BA%2594%25E5%2595%2586%2520%253D%2520%25E6%2596%258C%25E8%25AF%25A6%25E9%25A3%259F%25E5%2593%2581%25EF%25BC%2588%25E6%25BD%2598%25E6%2599%2593%25E5%258D%259A%25EF%25BC%2589%25E3%2580%2591%2520%25E5%25B9%25B6%25E4%25B8%2594%2520%25E3%2580%2590%25E4%25BE%259B%25E5%25BA%2594%25E5%2595%2586%253D%25E6%2596%258C%25E8%25AF%25A6%25E9%25A3%259F%25E5%2593%2581%25EF%25BC%2588%25E6%25BD%2598%25E6%2599%2593%25E5%258D%259A%25EF%25BC%2589%25E3%2580%2591 HTTP/1.1" 200 54496
180.169.147.146 - - [06/Oct/2022:10:49:25 +0800] "GET /xingrg/dwr/interface/AjaxReportQueryService.js HTTP/1.1" 200 13203
180.169.147.146 - - [06/Oct/2022:10:49:25 +0800] "GET /xingrg/dwr/engine.js HTTP/1.1" 200 43631
116.230.114.213 - - [06/Oct/2022:10:49:28 +0800] "GET /xingrg/all/function/internal_message.html?_=1665024577698&CODE_STATE=getMsg HTTP/1.1" 200 27
180.169.147.146 - - [06/Oct/2022:10:49:28 +0800] "POST /xingrg/all/report/load_report_page.html HTTP/1.1" 200 8713
180.169.147.146 - - [06/Oct/2022:10:49:28 +0800] "GET /xingrg/servlets/image?cache=0.4445949514956209&image=px HTTP/1.1" 200 807
222.70.183.206 - - [06/Oct/2022:10:49:28 +0800] "GET /xingrg/all/function/internal_message.html?_=1665024562146&CODE_STATE=getMsg HTTP/1.1" 200 27
114.83.219.72 - - [06/Oct/2022:10:49:30 +0800] "GET /xingrg/all/function/internal_message.html?_=1665024567928&CODE_STATE=getMsg HTTP/1.1" 200 27
114.83.219.72 - - [06/Oct/2022:10:49:30 +0800] "GET /xingrg/check_reg.html?_=1665024567931 HTTP/1.1" 200 22
180.169.147.146 - - [06/Oct/2022:10:49:31 +0800] "POST /xingrg/all/report/load_report_page.html HTTP/1.1" 200 57038
180.169.147.146 - - [06/Oct/2022:10:49:31 +0800] "GET /xingrg/servlets/image?cache=0.4601613178994989&image=px HTTP/1.1" 200 807
116.225.121.189 - - [06/Oct/2022:10:49:32 +0800] "GET /xingrg/all/function/internal_message.html?_=1665024422781&CODE_STATE=getMsg HTTP/1.1" 200 27
180.169.147.146 - - [06/Oct/2022:10:49:33 +0800] "POST /xingrg/all/report/report_print.html HTTP/1.1" 302 -
180.169.147.146 - - [06/Oct/2022:10:49:33 +0800] "GET /xingrg/servlets/image?image=px HTTP/1.1" 200 807
180.169.147.146 - - [06/Oct/2022:10:49:33 +0800] "GET /xingrg/servlets/html?sysBaseUrl=http%3A%2F%2F180.169.147.146%3A18081%2Fxingrg%2F&costTime=852×tamp=1665024573294 HTTP/1.1" 200 55394
221.239.141.151 - - [06/Oct/2022:10:49:34 +0800] "GET /xingrg/all/function/internal_message.html?_=1665024588335&CODE_STATE=getMsg HTTP/1.1" 200 27
180.169.147.146 - - [06/Oct/2022:10:49:34 +0800] "GET /xingrg/all/function/internal_message.html?_=1665024570692&CODE_STATE=getMsg HTTP/1.1" 200 27
58.37.225.132 - - [06/Oct/2022:10:49:37 +0800] "POST /xingrg/kc/buy/cgsh_order_operate.html HTTP/1.1" 200 37
116.230.105.139 - - [06/Oct/2022:10:49:38 +0800] "GET /xingrg/kc/buy/cgsh_order_operate.html?command=get_materiel&rest_code=00155&code=00101011007&supplier_code=00100037&order_time=2022-10-06 HTTP/1.1" 200 414
124.79.246.218 - - [06/Oct/2022:10:49:39 +0800] "GET /xingrg/all/function/internal_message.html?_=1665024776065&CODE_STATE=getMsg HTTP/1.1" 200 27
58.37.225.132 - - [06/Oct/2022:10:49:42 +0800] "POST /xingrg/kc/buy/cgsh_order_operate.html HTTP/1.1" 200 12
58.37.225.132 - - [06/Oct/2022:10:49:43 +0800] "GET /xingrg/kc/buy/cgsh_order_info.html?code=212022100601862 HTTP/1.1" 200 63870
58.37.225.132 - - [06/Oct/2022:10:49:44 +0800] "GET /xingrg/javascript/easyui/themes/default/validatebox.css HTTP/1.1" 404 1104
58.37.225.132 - - [06/Oct/2022:10:49:45 +0800] "POST /xingrg/kc/buy/cgsh_order_operate.html HTTP/1.1" 200 609
58.37.225.132 - - [06/Oct/2022:10:49:46 +0800] "GET /xingrg/kc/print/load_data.html?order_code=212022100601862&kc_code=cgsh&condition= HTTP/1.1" 200 706
58.37.225.132 - - [06/Oct/2022:10:49:46 +0800] "GET /xingrg/check_reg.html?_=1665024241160 HTTP/1.1" 200 22
116.230.105.139 - - [06/Oct/2022:10:49:48 +0800] "GET /xingrg/kc/buy/cgsh_order_operate.html?command=get_materiel&rest_code=00155&code=00101011001&supplier_code=00100037&order_time=2022-10-06 HTTP/1.1" 200 423
114.83.219.72 - - [06/Oct/2022:10:49:48 +0800] "POST /xingrg/kc/buy/cgsh_order_operate.html HTTP/1.1" 200 2065
116.238.194.138 - - [06/Oct/2022:10:49:51 +0800] "GET /xingrg/all/function/internal_message.html?_=1665024535443&CODE_STATE=getMsg HTTP/1.1" 200 27
114.83.219.72 - - [06/Oct/2022:10:49:55 +0800] "GET /xingrg/kc/buy/cgsh_order_operate.html?command=get_materiel&rest_code=00149&code=00101008318&supplier_code=00100008&order_time=2022-10-06 HTTP/1.1" 200 408
120.253.135.82 - - [06/Oct/2022:10:49:55 +0800] "GET /xingrg/all/function/internal_message.html?_=1665024388500&CODE_STATE=getMsg HTTP/1.1" 200 27
101.85.93.113 - - [06/Oct/2022:10:49:55 +0800] "GET /favicon.ico HTTP/1.1" 404 -
101.85.93.113 - - [06/Oct/2022:10:49:56 +0800] "GET /xingrg/login.html HTTP/1.1" 200 7641
101.85.93.113 - - [06/Oct/2022:10:49:56 +0800] "GET /xingrg/images/blue/jxLogo.png HTTP/1.1" 304 -
101.85.93.113 - - [06/Oct/2022:10:49:57 +0800] "GET /xingrg/images/blue/login_bg.png HTTP/1.1" 304 -
101.85.93.113 - - [06/Oct/2022:10:49:57 +0800] "GET /xingrg/images/blue/srbg.png HTTP/1.1" 304 -
101.85.93.113 - - [06/Oct/2022:10:49:57 +0800] "GET /xingrg/images/blue/hj.png HTTP/1.1" 304 -
101.85.93.113 - - [06/Oct/2022:10:49:57 +0800] "GET /favicon.ico HTTP/1.1" 404 -
114.83.219.72 - - [06/Oct/2022:10:49:57 +0800] "GET /xingrg/all/function/internal_message.html?_=1665024591390&CODE_STATE=getMsg HTTP/1.1" 200 27
116.230.105.139 - - [06/Oct/2022:10:49:59 +0800] "GET /xingrg/kc/buy/cgsh_order_operate.html?command=get_materiel&rest_code=00155&code=00101016030&supplier_code=00100037&order_time=2022-10-06 HTTP/1.1" 200 412
172.20.0.100 - - [06/Oct/2022:10:50:01 +0800] "GET /xingrg/all/function/internal_message.html?_=1665024596953&CODE_STATE=getMsg HTTP/1.1" 200 27
116.225.121.189 - - [06/Oct/2022:10:50:02 +0800] "GET /xingrg/css/new_ie.css HTTP/1.1" 404 1036
120.253.135.82 - - [06/Oct/2022:10:50:02 +0800] "GET /xingrg/all/function/internal_message.html?_=1665024714830&CODE_STATE=getMsg HTTP/1.1" 200 27
116.237.76.114 - - [06/Oct/2022:10:50:05 +0800] "GET /xingrg/all/function/internal_message.html?_=1665024597696&CODE_STATE=getMsg HTTP/1.1" 200 27
101.85.93.113 - - [06/Oct/2022:10:50:06 +0800] "POST /xingrg/login.do HTTP/1.1" 302 -
116.230.105.139 - - [06/Oct/2022:10:50:06 +0800] "GET /xingrg/all/function/internal_message.html?_=1665024578657&CODE_STATE=getMsg HTTP/1.1" 200 27
101.85.93.113 - - [06/Oct/2022:10:50:06 +0800] "GET /xingrg/javascript/jquery_easy_ui/themes/default/easyui.css HTTP/1.1" 304 -
101.85.93.113 - - [06/Oct/2022:10:50:06 +0800] "GET /xingrg/javascript/jquery_easy_ui/themes/icon.css HTTP/1.1" 304 -
101.85.93.113 - - [06/Oct/2022:10:50:06 +0800] "GET /xingrg/javascript/jquery_easy_ui/jquery.easyui.min.js HTTP/1.1" 304 -
101.85.93.113 - - [06/Oct/2022:10:50:06 +0800] "GET /xingrg/javascript/jquery_easy_ui/easyui-lang-zh_CN.js HTTP/1.1" 304 -
101.85.93.113 - - [06/Oct/2022:10:50:06 +0800] "GET /xingrg/javascript/jquery.utils.js HTTP/1.1" 304 -
101.85.93.113 - - [06/Oct/2022:10:50:06 +0800] "GET /xingrg/javascript/jquery.timers.js HTTP/1.1" 304 -
101.85.93.113 - - [06/Oct/2022:10:50:06 +0800] "GET /xingrg/index.html?sysBaseUrl=http%3A%2F%2F180.169.147.146%3A18081%2Fxingrg%2F&costTime=46×tamp=1665024606109 HTTP/1.1" 200 17179
101.85.93.113 - - [06/Oct/2022:10:50:06 +0800] "GET /xingrg/css/form.css HTTP/1.1" 304 -
101.85.93.113 - - [06/Oct/2022:10:50:06 +0800] "GET /xingrg/javascript/jquery-1.4.2.min.js HTTP/1.1" 304 -
101.85.93.113 - - [06/Oct/2022:10:50:06 +0800] "GET /xingrg/javascript/jquery.form.js HTTP/1.1" 304 -
101.85.93.113 - - [06/Oct/2022:10:50:06 +0800] "GET /favicon.ico HTTP/1.1" 404 -
101.85.93.113 - - [06/Oct/2022:10:50:06 +0800] "GET /xingrg/javascript/jquery_easy_ui/themes/icons/settle_new.png HTTP/1.1" 304 -
101.85.93.113 - - [06/Oct/2022:10:50:06 +0800] "GET /xingrg/images/blue/navBackgound.jpg HTTP/1.1" 304 -
101.85.93.113 - - [06/Oct/2022:10:50:06 +0800] "POST /xingrg/all/common/load_tree.html?tree=area_rest_tree_json&manage=1 HTTP/1.1" 200 351
101.85.93.113 - - [06/Oct/2022:10:50:07 +0800] "GET /xingrg/all/function/internal_message.html?_=1665024602812&CODE_STATE=count HTTP/1.1" 200 11
101.85.93.113 - - [06/Oct/2022:10:50:07 +0800] "GET /xingrg/check_reg.html?_=1665024602813 HTTP/1.1" 200 22
101.85.93.113 - - [06/Oct/2022:10:50:07 +0800] "GET /xingrg/images/blue/pingpu.png HTTP/1.1" 304 -
101.85.93.113 - - [06/Oct/2022:10:50:07 +0800] "GET /xingrg/javascript/jquery_easy_ui/themes/default/images/tabs_leftarrow.png HTTP/1.1" 304 -
101.85.93.113 - - [06/Oct/2022:10:50:07 +0800] "GET /xingrg/javascript/jquery_easy_ui/themes/default/images/tabs_rightarrow.png HTTP/1.1" 304 -
101.85.93.113 - - [06/Oct/2022:10:50:07 +0800] "GET /xingrg/javascript/jquery_easy_ui/themes/default/images/panel_tool_collapse.gif HTTP/1.1" 304 -
101.85.93.113 - - [06/Oct/2022:10:50:07 +0800] "POST /xingrg/load_menu.html HTTP/1.1" 200 5138
101.85.93.113 - - [06/Oct/2022:10:50:07 +0800] "GET /xingrg/javascript/jquery_easy_ui/themes/default/images/tree_arrows.gif HTTP/1.1" 304 -
101.85.93.113 - - [06/Oct/2022:10:50:07 +0800] "GET /xingrg/javascript/jquery_easy_ui/themes/default/images/tree_folder_open.gif HTTP/1.1" 304 -
101.85.93.113 - - [06/Oct/2022:10:50:07 +0800] "GET /xingrg/javascript/jquery_easy_ui/themes/icons/search_new.png HTTP/1.1" 304 -
101.85.93.113 - - [06/Oct/2022:10:50:07 +0800] "GET /xingrg/javascript/jquery_easy_ui/themes/default/images/tree_folder.gif HTTP/1.1" 304 -
101.85.93.113 - - [06/Oct/2022:10:50:07 +0800] "GET /xingrg/javascript/jquery_easy_ui/themes/icons/storage_new.png HTTP/1.1" 304 -
101.85.93.113 - - [06/Oct/2022:10:50:07 +0800] "GET /xingrg/javascript/jquery_easy_ui/themes/icons/forms_new.png HTTP/1.1" 304 -
101.85.93.113 - - [06/Oct/2022:10:50:07 +0800] "GET /xingrg/javascript/jquery_easy_ui/themes/default/images/tree_file.gif HTTP/1.1" 304 -
116.230.105.139 - - [06/Oct/2022:10:50:09 +0800] "GET /xingrg/kc/buy/cgsh_order_operate.html?command=get_materiel&rest_code=00155&code=00101010136&supplier_code=00100037&order_time=2022-10-06 HTTP/1.1" 200 408
114.83.219.72 - - [06/Oct/2022:10:50:12 +0800] "GET /xingrg/kc/buy/cgsh_order_operate.html?command=get_materiel&rest_code=00149&code=00101008352&supplier_code=00100008&order_time=2022-10-06 HTTP/1.1" 200 412
101.85.93.113 - - [06/Oct/2022:10:50:12 +0800] "GET /xingrg/javascript/jquery_easy_ui/themes/icons/area.png HTTP/1.1" 304 -
101.85.93.113 - - [06/Oct/2022:10:50:12 +0800] "GET /xingrg/javascript/jquery_easy_ui/themes/icons/rest.png HTTP/1.1" 304 -
222.70.183.206 - - [06/Oct/2022:10:50:18 +0800] "POST /xingrg/services/DataTransmitService HTTP/1.1" 200 524
116.225.121.189 - - [06/Oct/2022:10:50:19 +0800] "GET /xingrg/kc/buy/cgsh_order_operate.html?command=get_materiel&rest_code=00105&code=00101009050&supplier_code=00100024&order_time=2022-10-06 HTTP/1.1" 200 408
101.85.93.113 - - [06/Oct/2022:10:50:19 +0800] "GET /xingrg/javascript/jquery_easy_ui/themes/default/images/tabs_close.gif HTTP/1.1" 304 -
101.85.93.113 - - [06/Oct/2022:10:50:19 +0800] "GET /xingrg/css/base.css HTTP/1.1" 304 -
101.85.93.113 - - [06/Oct/2022:10:50:19 +0800] "GET /xingrg/css/site.css HTTP/1.1" 304 -
101.85.93.113 - - [06/Oct/2022:10:50:19 +0800] "GET /xingrg/javascript/easyui/themes/default/easyui.css HTTP/1.1" 304 -
101.85.93.113 - - [06/Oct/2022:10:50:19 +0800] "GET /xingrg/javascript/jquery_tools/datebox.css HTTP/1.1" 304 -
101.85.93.113 - - [06/Oct/2022:10:50:19 +0800] "GET /xingrg/javascript/auto/jquery.autocomplete.css HTTP/1.1" 304 -
101.85.93.113 - - [06/Oct/2022:10:50:19 +0800] "GET /xingrg/javascript/easyui/themes/icon.css HTTP/1.1" 304 -
101.85.93.113 - - [06/Oct/2022:10:50:19 +0800] "GET /xingrg/javascript/jquery_tools/fix.css HTTP/1.1" 304 -
101.85.93.113 - - [06/Oct/2022:10:50:19 +0800] "GET /xingrg/javascript/jquery_tools/table.css HTTP/1.1" 304 -
101.85.93.113 - - [06/Oct/2022:10:50:19 +0800] "GET /xingrg/javascript/jquery_tools/jquery.tools.min.js HTTP/1.1" 304 -
101.85.93.113 - - [06/Oct/2022:10:50:19 +0800] "GET /xingrg/kc/mdqp/pssh_order_list.html HTTP/1.1" 200 16987
101.85.93.113 - - [06/Oct/2022:10:50:19 +0800] "GET /xingrg/javascript/jquery_tools/jquery.tools.extend.js HTTP/1.1" 304 -
101.85.93.113 - - [06/Oct/2022:10:50:19 +0800] "GET /xingrg/javascript/jquery_tools/jquery.tools.table.js HTTP/1.1" 304 -
101.85.93.113 - - [06/Oct/2022:10:50:19 +0800] "GET /xingrg/javascript/jquery_tools/jquery.tools.hotkey.js HTTP/1.1" 304 -
101.85.93.113 - - [06/Oct/2022:10:50:19 +0800] "GET /xingrg/javascript/jquery_tools/list_manager.js HTTP/1.1" 304 -
101.85.93.113 - - [06/Oct/2022:10:50:19 +0800] "GET /xingrg/javascript/auto/jquery.autocomplete.js HTTP/1.1" 304 -
101.85.93.113 - - [06/Oct/2022:10:50:19 +0800] "GET /xingrg/javascript/easyui/easyloader.js HTTP/1.1" 304 -
101.85.93.113 - - [06/Oct/2022:10:50:19 +0800] "GET /xingrg/javascript/jquery.cookie.js HTTP/1.1" 304 -
101.85.93.113 - - [06/Oct/2022:10:50:20 +0800] "GET /xingrg/javascript/easyui/themes/icons/field_new.png HTTP/1.1" 304 -
101.85.93.113 - - [06/Oct/2022:10:50:20 +0800] "GET /xingrg/javascript/easyui/plugins/jquery.parser.js HTTP/1.1" 304 -
101.85.93.113 - - [06/Oct/2022:10:50:20 +0800] "GET /xingrg/images/control/ajaxLoader.gif HTTP/1.1" 304 -
101.85.93.113 - - [06/Oct/2022:10:50:20 +0800] "POST /xingrg/kc/mdqp/pssh_list_operate.html HTTP/1.1" 200 5417
58.40.7.146 - - [06/Oct/2022:10:50:21 +0800] "GET /favicon.ico HTTP/1.1" 404 -
222.70.183.206 - - [06/Oct/2022:10:50:24 +0800] "POST /xingrg/services/DataTransmitService HTTP/1.1" 200 501
180.169.147.146 - - [06/Oct/2022:10:50:24 +0800] "GET /xingrg/all/function/internal_message.html?_=1665024617972&CODE_STATE=getMsg HTTP/1.1" 200 27
101.85.93.113 - - [06/Oct/2022:10:50:24 +0800] "POST /xingrg/kc/mdqp/pssh_list_operate.html HTTP/1.1" 200 539
101.85.93.113 - - [06/Oct/2022:10:50:24 +0800] "GET /xingrg/kc/mdqp/pssh_order_info.html?code=312022100600133 HTTP/1.1" 200 17275
101.85.93.113 - - [06/Oct/2022:10:50:24 +0800] "GET /xingrg/javascript/pic_change.js HTTP/1.1" 304 -
101.85.93.113 - - [06/Oct/2022:10:50:24 +0800] "GET /xingrg/javascript/jquery_tools/jquery-1.4.2.min.js HTTP/1.1" 404 1094
101.85.93.113 - - [06/Oct/2022:10:50:25 +0800] "GET /xingrg/javascript/jquery_tools/order_manager.js HTTP/1.1" 304 -
101.85.93.113 - - [06/Oct/2022:10:50:25 +0800] "GET /xingrg/javascript/convert.js HTTP/1.1" 304 -
101.85.93.113 - - [06/Oct/2022:10:50:25 +0800] "GET /xingrg/javascript/json2.js HTTP/1.1" 304 -
101.85.93.113 - - [06/Oct/2022:10:50:25 +0800] "GET /xingrg/javascript/print/kc_print.js HTTP/1.1" 304 -
101.85.93.113 - - [06/Oct/2022:10:50:25 +0800] "GET /xingrg/javascript/print/LodopFuncs.js HTTP/1.1" 304 -
101.85.93.113 - - [06/Oct/2022:10:50:25 +0800] "GET /xingrg/words/20221005172558_words.js HTTP/1.1" 200 923489
101.85.93.113 - - [06/Oct/2022:10:50:25 +0800] "GET /xingrg/javascript/easyui/themes/icons/check_new.png HTTP/1.1" 304 -
101.85.93.113 - - [06/Oct/2022:10:50:25 +0800] "GET /xingrg/javascript/easyui/themes/icons/ok.png HTTP/1.1" 304 -
101.85.93.113 - - [06/Oct/2022:10:50:25 +0800] "GET /xingrg/javascript/easyui/themes/icons/cance_new.png HTTP/1.1" 304 -
101.85.93.113 - - [06/Oct/2022:10:50:25 +0800] "GET /xingrg/javascript/easyui/themes/icons/print.png HTTP/1.1" 304 -
101.85.93.113 - - [06/Oct/2022:10:50:25 +0800] "GET /xingrg/javascript/easyui/themes/default/images/menu_downarrow.png HTTP/1.1" 304 -
101.85.93.113 - - [06/Oct/2022:10:50:25 +0800] "GET /xingrg/javascript/easyui/themes/icons/back_new.png HTTP/1.1" 304 -
116.230.105.139 - - [06/Oct/2022:10:50:25 +0800] "GET /xingrg/kc/buy/cgsh_order_operate.html?command=get_materiel&rest_code=00155&code=00101012029&supplier_code=00100037&order_time=2022-10-06 HTTP/1.1" 200 412
101.85.93.113 - - [06/Oct/2022:10:50:25 +0800] "POST /xingrg/kc/mdqp/pssh_order_operate.html HTTP/1.1" 200 2075
101.85.93.113 - - [06/Oct/2022:10:50:25 +0800] "GET /xingrg/all/common/auto_word.html?type=base&rest_code=00142&rest_code=00142 HTTP/1.1" 200 719
101.85.93.113 - - [06/Oct/2022:10:50:25 +0800] "GET /xingrg/all/common/auto_word.html?type=employee&rest_code=00142 HTTP/1.1" 200 105
101.85.93.113 - - [06/Oct/2022:10:50:25 +0800] "GET /xingrg/javascript/easyui/themes/default/validatebox.css HTTP/1.1" 404 1104
101.85.93.113 - - [06/Oct/2022:10:50:25 +0800] "GET /xingrg/javascript/easyui/plugins/jquery.validatebox.js HTTP/1.1" 304 -
101.85.93.113 - - [06/Oct/2022:10:50:25 +0800] "GET /xingrg/javascript/easyui/plugins/jquery.numberbox.js HTTP/1.1" 304 -
116.230.114.213 - - [06/Oct/2022:10:50:28 +0800] "GET /xingrg/all/function/internal_message.html?_=1665024637711&CODE_STATE=getMsg HTTP/1.1" 200 27
222.70.183.206 - - [06/Oct/2022:10:50:28 +0800] "GET /xingrg/check_reg.html?_=1665024622152 HTTP/1.1" 200 22
222.70.183.206 - - [06/Oct/2022:10:50:28 +0800] "GET /xingrg/all/function/internal_message.html?_=1665024622148&CODE_STATE=getMsg HTTP/1.1" 200 27
114.83.219.72 - - [06/Oct/2022:10:50:30 +0800] "GET /xingrg/all/function/internal_message.html?_=1665024627931&CODE_STATE=getMsg HTTP/1.1" 200 27
116.225.121.189 - - [06/Oct/2022:10:50:32 +0800] "GET /xingrg/all/function/internal_message.html?_=1665024482760&CODE_STATE=getMsg HTTP/1.1" 200 27
221.239.141.151 - - [06/Oct/2022:10:50:34 +0800] "GET /xingrg/all/function/internal_message.html?_=1665024648332&CODE_STATE=getMsg HTTP/1.1" 200 27
180.169.147.146 - - [06/Oct/2022:10:50:34 +0800] "GET /xingrg/all/function/internal_message.html?_=1665024630674&CODE_STATE=getMsg HTTP/1.1" 200 27
180.169.147.146 - - [06/Oct/2022:10:50:35 +0800] "POST /xingrg/dwr/call/plaincall/AjaxReportQueryService.refreshCache.dwr HTTP/1.1" 200 79
180.169.147.146 - - [06/Oct/2022:10:50:36 +0800] "POST /xingrg/all/report/load_report_page.html HTTP/1.1" 200 8928
180.169.147.146 - - [06/Oct/2022:10:50:36 +0800] "GET /xingrg/servlets/image?cache=0.8737214259928309&image=px HTTP/1.1" 200 807
180.169.147.146 - - [06/Oct/2022:10:50:37 +0800] "GET /xingrg/all/report/report_query.html?isQuery=1&fileName=kc/buy/wlcg_cate_hz.xml&queryString=(CONVERT(char(10)%252Ca.order_time%252C%2520120)%253E%253D'2022-09-01')%2520and%2520(CONVERT(char(10)%252Ca.order_time%252C%2520120)%253C%253D'2022-09-30')%2520and%2520(a.supplier_code%2520in%2520('00100331'))%2520and%2520(a.number%253E0%2520and%2520a.supplier_code%253D'00100331')&queryText=%25E3%2580%2590%25E9%2587%2587%25E8%25B4%25AD%25E6%2597%25A5%25E6%259C%259F%253A2022-09-01%2520%25E8%2587%25B3%25202022-09-30%25E3%2580%2591%2520%25E5%25B9%25B6%25E4%25B8%2594%2520%2520%25E3%2580%2590%25E4%25BE%259B%25E5%25BA%2594%25E5%2595%2586%2520%253D%2520%25E5%258E%25A8%25E6%2596%25B0%25E9%25A3%259F%25E6%259D%2590%25EF%25BC%2588%25E8%25B0%25A2%25E8%2590%258D%25EF%25BC%2589%25E3%2580%2591%2520%25E5%25B9%25B6%25E4%25B8%2594%2520%25E3%2580%2590%25E4%25BE%259B%25E5%25BA%2594%25E5%2595%2586%253D%25E5%258E%25A8%25E6%2596%25B0%25E9%25A3%259F%25E6%259D%2590%25EF%25BC%2588%25E8%25B0%25A2%25E8%2590%258D%25EF%25BC%2589%25E3%2580%2591 HTTP/1.1" 200 54488
180.169.147.146 - - [06/Oct/2022:10:50:37 +0800] "GET /xingrg/dwr/interface/AjaxReportQueryService.js HTTP/1.1" 200 13203
180.169.147.146 - - [06/Oct/2022:10:50:37 +0800] "GET /xingrg/dwr/engine.js HTTP/1.1" 200 43631
116.230.105.139 - - [06/Oct/2022:10:50:38 +0800] "GET /xingrg/kc/buy/cgsh_order_operate.html?command=get_materiel&rest_code=00155&code=00101019313&supplier_code=00100037&order_time=2022-10-06 HTTP/1.1" 200 454
124.79.246.218 - - [06/Oct/2022:10:50:39 +0800] "GET /xingrg/all/function/internal_message.html?_=1665024836063&CODE_STATE=getMsg HTTP/1.1" 200 27
114.83.219.72 - - [06/Oct/2022:10:50:39 +0800] "GET /xingrg/kc/buy/cgsh_order_operate.html?command=get_materiel&rest_code=00149&code=00101008098&supplier_code=00100008&order_time=2022-10-06 HTTP/1.1" 200 412
180.169.147.146 - - [06/Oct/2022:10:50:40 +0800] "POST /xingrg/all/report/load_report_page.html HTTP/1.1" 200 8717
180.169.147.146 - - [06/Oct/2022:10:50:40 +0800] "GET /xingrg/servlets/image?cache=0.28671505949495146&image=px HTTP/1.1" 200 807
180.169.147.146 - - [06/Oct/2022:10:50:43 +0800] "POST /xingrg/all/report/load_report_page.html HTTP/1.1" 200 13042
180.169.147.146 - - [06/Oct/2022:10:50:43 +0800] "GET /xingrg/servlets/image?cache=0.7306138496186385&image=px HTTP/1.1" 200 807
180.169.147.146 - - [06/Oct/2022:10:50:46 +0800] "POST /xingrg/all/report/report_print.html HTTP/1.1" 302 -
180.169.147.146 - - [06/Oct/2022:10:50:46 +0800] "GET /xingrg/servlets/html?sysBaseUrl=http%3A%2F%2F180.169.147.146%3A18081%2Fxingrg%2F&costTime=884×tamp=1665024646523 HTTP/1.1" 200 14744
180.169.147.146 - - [06/Oct/2022:10:50:46 +0800] "GET /xingrg/servlets/image?image=px HTTP/1.1" 200 807
116.230.105.139 - - [06/Oct/2022:10:50:50 +0800] "GET /xingrg/kc/buy/cgsh_order_operate.html?command=get_materiel&rest_code=00155&code=00102002026&supplier_code=00100037&order_time=2022-10-06 HTTP/1.1" 200 412
116.238.194.138 - - [06/Oct/2022:10:50:50 +0800] "GET /xingrg/check_reg.html?_=1665024594858 HTTP/1.1" 200 22
116.238.194.138 - - [06/Oct/2022:10:50:51 +0800] "GET /xingrg/all/function/internal_message.html?_=1665024595457&CODE_STATE=getMsg HTTP/1.1" 200 27
120.253.135.82 - - [06/Oct/2022:10:50:55 +0800] "GET /xingrg/all/function/internal_message.html?_=1665024448566&CODE_STATE=getMsg HTTP/1.1" 200 27
116.230.105.139 - - [06/Oct/2022:10:50:57 +0800] "GET /xingrg/kc/buy/cgsh_order_operate.html?command=get_materiel&rest_code=00155&code=00101019015&supplier_code=00100037&order_time=2022-10-06 HTTP/1.1" 200 450
114.83.219.72 - - [06/Oct/2022:10:50:57 +0800] "GET /xingrg/all/function/internal_message.html?_=1665024651394&CODE_STATE=getMsg HTTP/1.1" 200 27
101.85.93.113 - - [06/Oct/2022:10:50:59 +0800] "GET /xingrg/javascript/jquery_easy_ui/themes/default/images/tabs_active.png HTTP/1.1" 304 -
172.20.0.100 - - [06/Oct/2022:10:51:00 +0800] "GET /xingrg/check_reg.html?_=1665024655550 HTTP/1.1" 200 22
124.79.246.218 - - [06/Oct/2022:10:51:00 +0800] "POST /xingrg/services/DataTransmitService HTTP/1.1" 200 524
172.20.0.100 - - [06/Oct/2022:10:51:01 +0800] "GET /xingrg/all/function/internal_message.html?_=1665024656930&CODE_STATE=getMsg HTTP/1.1" 200 27
101.85.93.113 - - [06/Oct/2022:10:51:02 +0800] "POST /xingrg/kc/mdqp/pssh_list_operate.html HTTP/1.1" 200 762
101.85.93.113 - - [06/Oct/2022:10:51:02 +0800] "GET /xingrg/kc/mdqp/pssh_order_info.html?code=312022100600134 HTTP/1.1" 200 17277
101.85.93.113 - - [06/Oct/2022:10:51:02 +0800] "GET /xingrg/javascript/jquery_tools/jquery-1.4.2.min.js HTTP/1.1" 404 1094
120.253.135.82 - - [06/Oct/2022:10:51:02 +0800] "GET /xingrg/check_reg.html?_=1665024774599 HTTP/1.1" 200 22
101.85.93.113 - - [06/Oct/2022:10:51:02 +0800] "POST /xingrg/kc/mdqp/pssh_order_operate.html HTTP/1.1" 200 3698
101.85.93.113 - - [06/Oct/2022:10:51:02 +0800] "GET /xingrg/javascript/easyui/themes/default/validatebox.css HTTP/1.1" 404 1104
120.253.135.82 - - [06/Oct/2022:10:51:02 +0800] "GET /xingrg/all/function/internal_message.html?_=1665024774859&CODE_STATE=getMsg HTTP/1.1" 200 27
116.237.76.114 - - [06/Oct/2022:10:51:05 +0800] "GET /xingrg/all/function/internal_message.html?_=1665024657664&CODE_STATE=getMsg HTTP/1.1" 200 27
124.79.246.218 - - [06/Oct/2022:10:51:05 +0800] "POST /xingrg/services/DataTransmitService HTTP/1.1" 200 501
116.230.105.139 - - [06/Oct/2022:10:51:06 +0800] "GET /xingrg/check_reg.html?_=1665024638652 HTTP/1.1" 200 22
116.230.105.139 - - [06/Oct/2022:10:51:06 +0800] "GET /xingrg/all/function/internal_message.html?_=1665024638656&CODE_STATE=getMsg HTTP/1.1" 200 27
101.85.93.113 - - [06/Oct/2022:10:51:07 +0800] "GET /xingrg/all/function/internal_message.html?_=1665024662825&CODE_STATE=getMsg HTTP/1.1" 200 27
116.225.121.189 - - [06/Oct/2022:10:51:07 +0800] "GET /xingrg/kc/buy/cgsh_order_operate.html?command=get_materiel&rest_code=00105&code=00101009124&supplier_code=00100024&order_time=2022-10-06 HTTP/1.1" 200 416
116.230.105.139 - - [06/Oct/2022:10:51:22 +0800] "POST /xingrg/kc/buy/cgsh_order_operate.html HTTP/1.1" 200 37
116.230.105.139 - - [06/Oct/2022:10:51:24 +0800] "POST /xingrg/kc/buy/cgsh_order_operate.html HTTP/1.1" 200 12204
180.169.147.146 - - [06/Oct/2022:10:51:24 +0800] "GET /xingrg/all/function/internal_message.html?_=1665024677977&CODE_STATE=getMsg HTTP/1.1" 200 27
116.230.114.213 - - [06/Oct/2022:10:51:28 +0800] "GET /xingrg/all/function/internal_message.html?_=1665024697931&CODE_STATE=getMsg HTTP/1.1" 200 27
222.70.183.206 - - [06/Oct/2022:10:51:28 +0800] "GET /xingrg/all/function/internal_message.html?_=1665024682151&CODE_STATE=getMsg HTTP/1.1" 200 27
116.230.105.139 - - [06/Oct/2022:10:51:30 +0800] "GET /xingrg/kc/buy/cgsh_order_add.html HTTP/1.1" 200 68967
114.83.219.72 - - [06/Oct/2022:10:51:30 +0800] "GET /xingrg/all/function/internal_message.html?_=1665024687936&CODE_STATE=getMsg HTTP/1.1" 200 27
116.230.105.139 - - [06/Oct/2022:10:51:30 +0800] "POST /xingrg/kc/buy/cgsh_order_operate.html HTTP/1.1" 200 8245
116.230.105.139 - - [06/Oct/2022:10:51:30 +0800] "GET /xingrg/javascript/easyui/themes/default/validatebox.css HTTP/1.1" 404 1104
101.85.93.113 - - [06/Oct/2022:10:51:31 +0800] "POST /xingrg/kc/mdqp/pssh_list_operate.html HTTP/1.1" 200 1901
116.225.121.189 - - [06/Oct/2022:10:51:32 +0800] "GET /xingrg/all/function/internal_message.html?_=1665024542746&CODE_STATE=getMsg HTTP/1.1" 200 27
101.85.93.113 - - [06/Oct/2022:10:51:32 +0800] "POST /xingrg/kc/mdqp/pssh_list_operate.html HTTP/1.1" 200 762
101.85.93.113 - - [06/Oct/2022:10:51:32 +0800] "GET /xingrg/kc/mdqp/pssh_order_info.html?code=312022100600134 HTTP/1.1" 200 17277
101.85.93.113 - - [06/Oct/2022:10:51:32 +0800] "GET /xingrg/javascript/jquery_tools/jquery-1.4.2.min.js HTTP/1.1" 404 1094
101.85.93.113 - - [06/Oct/2022:10:51:33 +0800] "POST /xingrg/kc/mdqp/pssh_order_operate.html HTTP/1.1" 200 3698
101.85.93.113 - - [06/Oct/2022:10:51:33 +0800] "GET /xingrg/javascript/easyui/themes/default/validatebox.css HTTP/1.1" 404 1104
101.85.93.113 - - [06/Oct/2022:10:51:34 +0800] "POST /xingrg/kc/mdqp/pssh_list_operate.html HTTP/1.1" 200 1901
221.239.141.151 - - [06/Oct/2022:10:51:34 +0800] "GET /xingrg/all/function/internal_message.html?_=1665024708330&CODE_STATE=getMsg HTTP/1.1" 200 27
221.239.141.151 - - [06/Oct/2022:10:51:34 +0800] "GET /xingrg/check_reg.html?_=1665024708334 HTTP/1.1" 200 22
180.169.147.146 - - [06/Oct/2022:10:51:34 +0800] "GET /xingrg/all/function/internal_message.html?_=1665024690685&CODE_STATE=getMsg HTTP/1.1" 200 27
101.85.93.113 - - [06/Oct/2022:10:51:35 +0800] "POST /xingrg/kc/mdqp/pssh_list_operate.html HTTP/1.1" 200 539
101.85.93.113 - - [06/Oct/2022:10:51:35 +0800] "GET /xingrg/kc/mdqp/pssh_order_info.html?code=312022100600133 HTTP/1.1" 200 17275
101.85.93.113 - - [06/Oct/2022:10:51:35 +0800] "GET /xingrg/javascript/jquery_tools/jquery-1.4.2.min.js HTTP/1.1" 404 1094
101.85.93.113 - - [06/Oct/2022:10:51:35 +0800] "POST /xingrg/kc/mdqp/pssh_order_operate.html HTTP/1.1" 200 2075
101.85.93.113 - - [06/Oct/2022:10:51:36 +0800] "GET /xingrg/javascript/easyui/themes/default/validatebox.css HTTP/1.1" 404 1104
101.85.93.113 - - [06/Oct/2022:10:51:37 +0800] "GET /xingrg/javascript/easyui/themes/default/images/button_plain_hover.png HTTP/1.1" 304 -
124.79.246.218 - - [06/Oct/2022:10:51:39 +0800] "GET /xingrg/all/function/internal_message.html?_=1665024896062&CODE_STATE=getMsg HTTP/1.1" 200 27
124.79.246.218 - - [06/Oct/2022:10:51:39 +0800] "GET /xingrg/check_reg.html?_=1665024896063 HTTP/1.1" 200 22
114.83.219.72 - - [06/Oct/2022:10:51:43 +0800] "GET /xingrg/kc/buy/cgsh_order_operate.html?command=get_materiel&rest_code=00149&code=00101008005&supplier_code=00100008&order_time=2022-10-06 HTTP/1.1" 200 412
116.230.105.139 - - [06/Oct/2022:10:51:43 +0800] "GET /xingrg/kc/buy/cgsh_order_operate.html?command=get_materiel&rest_code=00155&code=00101001135&supplier_code=00100313&order_time=2022-10-06 HTTP/1.1" 200 413
120.253.135.82 - - [06/Oct/2022:10:51:45 +0800] "POST /xingrg/kc/pszx/mdps_list_operate.html HTTP/1.1" 200 639
120.253.135.82 - - [06/Oct/2022:10:51:46 +0800] "POST /xingrg/kc/pszx/mdps_list_operate.html HTTP/1.1" 200 629
120.253.135.82 - - [06/Oct/2022:10:51:46 +0800] "GET /xingrg/kc/pszx/mdps_order_info.html?code=312022100500117 HTTP/1.1" 200 23970
120.253.135.82 - - [06/Oct/2022:10:51:47 +0800] "GET /xingrg/javascript/easyui/themes/default/validatebox.css HTTP/1.1" 404 1104
120.253.135.82 - - [06/Oct/2022:10:51:47 +0800] "POST /xingrg/kc/pszx/mdps_order_operate.html HTTP/1.1" 200 8813
116.225.121.189 - - [06/Oct/2022:10:51:49 +0800] "GET /xingrg/kc/buy/cgsh_order_operate.html?command=get_materiel&rest_code=00105&code=00101009015&supplier_code=00100024&order_time=2022-10-06 HTTP/1.1" 200 416
116.238.194.138 - - [06/Oct/2022:10:51:51 +0800] "GET /xingrg/all/function/internal_message.html?_=1665024655470&CODE_STATE=getMsg HTTP/1.1" 200 27
101.85.93.113 - - [06/Oct/2022:10:51:52 +0800] "POST /xingrg/all/common/load_combo.html?type=employee HTTP/1.1" 200 189
101.85.93.113 - - [06/Oct/2022:10:51:52 +0800] "GET /xingrg/css/images/panel_loading.gif HTTP/1.1" 304 -
120.253.135.82 - - [06/Oct/2022:10:51:55 +0800] "GET /xingrg/all/function/internal_message.html?_=1665024508575&CODE_STATE=getMsg HTTP/1.1" 200 27
120.253.135.82 - - [06/Oct/2022:10:51:55 +0800] "POST /xingrg/kc/pszx/mdps_list_operate.html HTTP/1.1" 200 281
120.253.135.82 - - [06/Oct/2022:10:51:55 +0800] "GET /xingrg/kc/pszx/mdps_order_info.html?code=312022100500118 HTTP/1.1" 200 23970
120.253.135.82 - - [06/Oct/2022:10:51:56 +0800] "POST /xingrg/kc/pszx/mdps_order_operate.html HTTP/1.1" 200 2772
120.253.135.82 - - [06/Oct/2022:10:51:56 +0800] "GET /xingrg/javascript/easyui/themes/default/validatebox.css HTTP/1.1" 404 1104
114.83.219.72 - - [06/Oct/2022:10:51:57 +0800] "GET /xingrg/all/function/internal_message.html?_=1665024711400&CODE_STATE=getMsg HTTP/1.1" 200 27
116.238.194.138 - - [06/Oct/2022:10:51:58 +0800] "POST /xingrg/services/DataTransmitService HTTP/1.1" 200 524
120.253.135.82 - - [06/Oct/2022:10:51:58 +0800] "POST /xingrg/kc/pszx/mdps_list_operate.html HTTP/1.1" 200 5323
116.238.194.138 - - [06/Oct/2022:10:51:58 +0800] "POST /xingrg/services/DataTransmitService HTTP/1.1" 200 2167
116.238.194.138 - - [06/Oct/2022:10:51:59 +0800] "POST /xingrg/services/DataTransmitService HTTP/1.1" 200 129800
120.253.135.82 - - [06/Oct/2022:10:52:00 +0800] "POST /xingrg/kc/pszx/mdps_list_operate.html HTTP/1.1" 200 281
120.253.135.82 - - [06/Oct/2022:10:52:00 +0800] "GET /xingrg/kc/pszx/mdps_order_info.html?code=312022100500118 HTTP/1.1" 200 23970
120.253.135.82 - - [06/Oct/2022:10:52:00 +0800] "POST /xingrg/kc/pszx/mdps_order_operate.html HTTP/1.1" 200 2772
120.253.135.82 - - [06/Oct/2022:10:52:00 +0800] "GET /xingrg/javascript/easyui/themes/default/validatebox.css HTTP/1.1" 404 1104
172.20.0.100 - - [06/Oct/2022:10:52:01 +0800] "GET /xingrg/all/function/internal_message.html?_=1665024716901&CODE_STATE=getMsg HTTP/1.1" 200 27
120.253.135.82 - - [06/Oct/2022:10:52:02 +0800] "GET /xingrg/all/function/internal_message.html?_=1665024834888&CODE_STATE=getMsg HTTP/1.1" 200 27
120.253.135.82 - - [06/Oct/2022:10:52:03 +0800] "POST /xingrg/kc/pszx/mdps_list_operate.html HTTP/1.1" 200 5323
116.237.76.114 - - [06/Oct/2022:10:52:05 +0800] "GET /xingrg/all/function/internal_message.html?_=1665024717637&CODE_STATE=getMsg HTTP/1.1" 200 27
101.85.93.113 - - [06/Oct/2022:10:52:06 +0800] "GET /xingrg/javascript/jquery_tools/images/next.gif HTTP/1.1" 404 1086
101.85.93.113 - - [06/Oct/2022:10:52:06 +0800] "GET /xingrg/javascript/jquery_tools/images/prev.gif HTTP/1.1" 404 1086
116.230.105.139 - - [06/Oct/2022:10:52:06 +0800] "GET /xingrg/all/function/internal_message.html?_=1665024698655&CODE_STATE=getMsg HTTP/1.1" 200 27
116.230.105.139 - - [06/Oct/2022:10:52:06 +0800] "GET /xingrg/kc/buy/cgsh_order_operate.html?command=get_materiel&rest_code=00155&code=00101002058&supplier_code=00100313&order_time=2022-10-06 HTTP/1.1" 200 410
101.85.93.113 - - [06/Oct/2022:10:52:07 +0800] "GET /xingrg/all/function/internal_message.html?_=1665024722823&CODE_STATE=getMsg HTTP/1.1" 200 27
114.83.219.72 - - [06/Oct/2022:10:52:09 +0800] "POST /xingrg/kc/buy/cgsh_order_operate.html HTTP/1.1" 200 2065
101.85.93.113 - - [06/Oct/2022:10:52:12 +0800] "POST /xingrg/kc/mdqp/pssh_order_operate.html HTTP/1.1" 200 37
120.253.135.82 - - [06/Oct/2022:10:52:13 +0800] "POST /xingrg/kc/pszx/mdps_list_operate.html HTTP/1.1" 200 5451
101.85.93.113 - - [06/Oct/2022:10:52:13 +0800] "POST /xingrg/kc/mdqp/pssh_order_operate.html HTTP/1.1" 200 2075
116.225.121.189 - - [06/Oct/2022:10:52:13 +0800] "POST /xingrg/kc/buy/cgsh_order_operate.html HTTP/1.1" 200 37
120.253.135.82 - - [06/Oct/2022:10:52:15 +0800] "POST /xingrg/kc/pszx/mdps_list_operate.html HTTP/1.1" 200 660
116.230.105.139 - - [06/Oct/2022:10:52:15 +0800] "GET /xingrg/kc/buy/cgsh_order_operate.html?command=get_materiel&rest_code=00155&code=00102026001&supplier_code=00100313&order_time=2022-10-06 HTTP/1.1" 200 409
120.253.135.82 - - [06/Oct/2022:10:52:15 +0800] "GET /xingrg/kc/pszx/mdps_order_info.html?code=312022100500119 HTTP/1.1" 200 23970
114.83.219.72 - - [06/Oct/2022:10:52:15 +0800] "GET /xingrg/kc/buy/cgsh_order_operate.html?command=get_materiel&rest_code=00149&code=00101008353&supplier_code=00100008&order_time=2022-10-06 HTTP/1.1" 200 408
120.253.135.82 - - [06/Oct/2022:10:52:15 +0800] "GET /xingrg/javascript/easyui/themes/default/validatebox.css HTTP/1.1" 404 1104
120.253.135.82 - - [06/Oct/2022:10:52:15 +0800] "POST /xingrg/kc/pszx/mdps_order_operate.html HTTP/1.1" 200 13155
116.225.121.189 - - [06/Oct/2022:10:52:15 +0800] "POST /xingrg/kc/buy/cgsh_order_operate.html HTTP/1.1" 200 3852
101.85.93.113 - - [06/Oct/2022:10:52:17 +0800] "POST /xingrg/kc/mdqp/pssh_list_operate.html HTTP/1.1" 200 1923
116.230.105.139 - - [06/Oct/2022:10:52:22 +0800] "POST /xingrg/kc/buy/cgsh_order_operate.html HTTP/1.1" 200 37
101.85.93.113 - - [06/Oct/2022:10:52:22 +0800] "POST /xingrg/kc/mdqp/pssh_list_operate.html HTTP/1.1" 200 539
101.85.93.113 - - [06/Oct/2022:10:52:22 +0800] "GET /xingrg/kc/mdqp/pssh_order_info.html?code=312022100600133 HTTP/1.1" 200 17310
101.85.93.113 - - [06/Oct/2022:10:52:22 +0800] "GET /xingrg/javascript/jquery_tools/jquery-1.4.2.min.js HTTP/1.1" 404 1094
101.85.93.113 - - [06/Oct/2022:10:52:23 +0800] "POST /xingrg/kc/mdqp/pssh_order_operate.html HTTP/1.1" 200 2075
101.85.93.113 - - [06/Oct/2022:10:52:23 +0800] "GET /xingrg/javascript/easyui/themes/default/validatebox.css HTTP/1.1" 404 1104
116.230.105.139 - - [06/Oct/2022:10:52:23 +0800] "POST /xingrg/kc/buy/cgsh_order_operate.html HTTP/1.1" 200 3835
180.169.147.146 - - [06/Oct/2022:10:52:24 +0800] "GET /xingrg/check_reg.html?_=1665024737976 HTTP/1.1" 200 22
180.169.147.146 - - [06/Oct/2022:10:52:24 +0800] "GET /xingrg/all/function/internal_message.html?_=1665024737977&CODE_STATE=getMsg HTTP/1.1" 200 27
116.230.105.139 - - [06/Oct/2022:10:52:25 +0800] "GET /xingrg/kc/print/load_config.html?kc_code=cgsh HTTP/1.1" 200 1943
116.230.105.139 - - [06/Oct/2022:10:52:25 +0800] "GET /xingrg/kc/print/load_data.html?order_code=212022100601865&kc_code=cgsh&condition= HTTP/1.1" 200 1127
116.230.114.213 - - [06/Oct/2022:10:52:28 +0800] "GET /xingrg/all/function/internal_message.html?_=1665024757941&CODE_STATE=getMsg HTTP/1.1" 200 27
222.70.183.206 - - [06/Oct/2022:10:52:28 +0800] "GET /xingrg/all/function/internal_message.html?_=1665024742152&CODE_STATE=getMsg HTTP/1.1" 200 27
114.83.219.72 - - [06/Oct/2022:10:52:30 +0800] "GET /xingrg/all/function/internal_message.html?_=1665024747936&CODE_STATE=getMsg HTTP/1.1" 200 27
116.225.121.189 - - [06/Oct/2022:10:52:32 +0800] "GET /xingrg/all/function/internal_message.html?_=1665024602783&CODE_STATE=getMsg HTTP/1.1" 200 27
221.239.141.151 - - [06/Oct/2022:10:52:34 +0800] "GET /xingrg/all/function/internal_message.html?_=1665024768328&CODE_STATE=getMsg HTTP/1.1" 200 27
180.169.147.146 - - [06/Oct/2022:10:52:34 +0800] "GET /xingrg/all/function/internal_message.html?_=1665024750685&CODE_STATE=getMsg HTTP/1.1" 200 27
180.169.147.146 - - [06/Oct/2022:10:52:35 +0800] "GET /xingrg/check_reg.html?_=1665024750688 HTTP/1.1" 200 22
101.85.93.113 - - [06/Oct/2022:10:52:36 +0800] "POST /xingrg/kc/mdqp/pssh_list_operate.html HTTP/1.1" 200 1923
114.83.219.72 - - [06/Oct/2022:10:52:38 +0800] "GET /xingrg/kc/buy/cgsh_order_operate.html?command=get_materiel&rest_code=00149&code=00101008213&supplier_code=00100008&order_time=2022-10-06 HTTP/1.1" 200 412
116.225.121.189 - - [06/Oct/2022:10:52:38 +0800] "POST /xingrg/kc/buy/cgsh_order_operate.html HTTP/1.1" 200 37
124.79.246.218 - - [06/Oct/2022:10:52:39 +0800] "GET /xingrg/all/function/internal_message.html?_=1665024956061&CODE_STATE=getMsg HTTP/1.1" 200 27
116.225.121.189 - - [06/Oct/2022:10:52:40 +0800] "POST /xingrg/kc/buy/cgsh_order_operate.html HTTP/1.1" 200 3852
116.225.121.189 - - [06/Oct/2022:10:52:42 +0800] "GET /xingrg/kc/print/load_data.html?order_code=212022100601864&kc_code=cgsh&condition= HTTP/1.1" 200 1152
120.253.135.82 - - [06/Oct/2022:10:52:43 +0800] "POST /xingrg/kc/pszx/mdps_order_operate.html HTTP/1.1" 200 37
120.253.135.82 - - [06/Oct/2022:10:52:43 +0800] "GET /xingrg/kc/pszx/mdps_order_info.html?code=312022100500119 HTTP/1.1" 200 23970
120.253.135.82 - - [06/Oct/2022:10:52:44 +0800] "GET /xingrg/javascript/easyui/themes/default/validatebox.css HTTP/1.1" 404 1104
120.253.135.82 - - [06/Oct/2022:10:52:44 +0800] "POST /xingrg/kc/pszx/mdps_order_operate.html HTTP/1.1" 200 13155
116.238.194.138 - - [06/Oct/2022:10:52:51 +0800] "GET /xingrg/all/function/internal_message.html?_=1665024715484&CODE_STATE=getMsg HTTP/1.1" 200 27
120.253.135.82 - - [06/Oct/2022:10:52:55 +0800] "GET /xingrg/all/function/internal_message.html?_=1665024568637&CODE_STATE=getMsg HTTP/1.1" 200 27
114.83.219.72 - - [06/Oct/2022:10:52:57 +0800] "GET /xingrg/all/function/internal_message.html?_=1665024771416&CODE_STATE=getMsg HTTP/1.1" 200 27
114.83.219.72 - - [06/Oct/2022:10:52:57 +0800] "GET /xingrg/check_reg.html?_=1665024771461 HTTP/1.1" 200 22
114.83.219.72 - - [06/Oct/2022:10:53:00 +0800] "GET /xingrg/kc/buy/cgsh_order_operate.html?command=get_materiel&rest_code=00149&code=00101008095&supplier_code=00100008&order_time=2022-10-06 HTTP/1.1" 200 412
172.20.0.100 - - [06/Oct/2022:10:53:01 +0800] "GET /xingrg/all/function/internal_message.html?_=1665024776873&CODE_STATE=getMsg HTTP/1.1" 200 27
120.253.135.82 - - [06/Oct/2022:10:53:02 +0800] "GET /xingrg/all/function/internal_message.html?_=1665024894903&CODE_STATE=getMsg HTTP/1.1" 200 27
116.237.76.114 - - [06/Oct/2022:10:53:05 +0800] "GET /xingrg/all/function/internal_message.html?_=1665024777614&CODE_STATE=getMsg HTTP/1.1" 200 27
116.230.105.139 - - [06/Oct/2022:10:53:06 +0800] "GET /xingrg/all/function/internal_message.html?_=1665024758665&CODE_STATE=getMsg HTTP/1.1" 200 27
101.85.93.113 - - [06/Oct/2022:10:53:07 +0800] "GET /xingrg/all/function/internal_message.html?_=1665024782830&CODE_STATE=getMsg HTTP/1.1" 200 27
116.238.194.138 - - [06/Oct/2022:10:53:24 +0800] "POST /xingrg/services/DataTransmitService HTTP/1.1" 200 524
180.169.147.146 - - [06/Oct/2022:10:53:24 +0800] "GET /xingrg/all/function/internal_message.html?_=1665024797975&CODE_STATE=getMsg HTTP/1.1" 200 27
116.238.194.138 - - [06/Oct/2022:10:53:24 +0800] "POST /xingrg/services/DataTransmitService HTTP/1.1" 200 2167
116.230.114.213 - - [06/Oct/2022:10:53:27 +0800] "GET /xingrg/check_reg.html?_=1665024816558 HTTP/1.1" 200 22
114.83.219.72 - - [06/Oct/2022:10:53:28 +0800] "GET /xingrg/kc/buy/cgsh_order_operate.html?command=get_materiel&rest_code=00149&code=00101008674&supplier_code=00100008&order_time=2022-10-06 HTTP/1.1" 200 398
116.230.114.213 - - [06/Oct/2022:10:53:28 +0800] "GET /xingrg/all/function/internal_message.html?_=1665024817954&CODE_STATE=getMsg HTTP/1.1" 200 27
222.70.183.206 - - [06/Oct/2022:10:53:28 +0800] "GET /xingrg/all/function/internal_message.html?_=1665024802178&CODE_STATE=getMsg HTTP/1.1" 200 27
114.83.219.72 - - [06/Oct/2022:10:53:30 +0800] "GET /xingrg/all/function/internal_message.html?_=1665024807934&CODE_STATE=getMsg HTTP/1.1" 200 27
116.225.121.189 - - [06/Oct/2022:10:53:32 +0800] "GET /xingrg/check_reg.html?_=1665024662747 HTTP/1.1" 200 22
116.225.121.189 - - [06/Oct/2022:10:53:32 +0800] "GET /xingrg/all/function/internal_message.html?_=1665024662750&CODE_STATE=getMsg HTTP/1.1" 200 27
120.253.135.82 - - [06/Oct/2022:10:53:32 +0800] "GET /xingrg/check_reg.html?_=1665024605761 HTTP/1.1" 200 22
221.239.141.151 - - [06/Oct/2022:10:53:34 +0800] "GET /xingrg/all/function/internal_message.html?_=1665024828341&CODE_STATE=getMsg HTTP/1.1" 200 27
180.169.147.146 - - [06/Oct/2022:10:53:34 +0800] "GET /xingrg/all/function/internal_message.html?_=1665024810686&CODE_STATE=getMsg HTTP/1.1" 200 27
124.79.246.218 - - [06/Oct/2022:10:53:39 +0800] "GET /xingrg/all/function/internal_message.html?_=1665025016075&CODE_STATE=getMsg HTTP/1.1" 200 27
116.225.121.189 - - [06/Oct/2022:10:53:49 +0800] "GET /xingrg/kc/buy/cgsh_order_add.html HTTP/1.1" 200 69043
116.225.121.189 - - [06/Oct/2022:10:53:50 +0800] "POST /xingrg/kc/buy/cgsh_order_operate.html HTTP/1.1" 200 8245
116.225.121.189 - - [06/Oct/2022:10:53:50 +0800] "GET /xingrg/javascript/easyui/themes/default/validatebox.css HTTP/1.1" 404 1104
116.238.194.138 - - [06/Oct/2022:10:53:51 +0800] "GET /xingrg/all/function/internal_message.html?_=1665024775523&CODE_STATE=getMsg HTTP/1.1" 200 27
116.225.121.189 - - [06/Oct/2022:10:53:54 +0800] "GET /xingrg/javascript/auto/indicator.gif HTTP/1.1" 404 1066
120.253.135.82 - - [06/Oct/2022:10:53:55 +0800] "GET /xingrg/all/function/internal_message.html?_=1665024628647&CODE_STATE=getMsg HTTP/1.1" 200 27
114.83.219.72 - - [06/Oct/2022:10:53:57 +0800] "GET /xingrg/all/function/internal_message.html?_=1665024831395&CODE_STATE=getMsg HTTP/1.1" 200 27
101.85.93.113 - - [06/Oct/2022:10:53:58 +0800] "GET /xingrg/kc/buy/cgsh_order_list.html HTTP/1.1" 200 53185
101.85.93.113 - - [06/Oct/2022:10:53:58 +0800] "GET /xingrg/javascript/easyui/themes/icons/import_new.png HTTP/1.1" 304 -
101.85.93.113 - - [06/Oct/2022:10:53:58 +0800] "GET /xingrg/javascript/easyui/themes/icons/edit_add_new.png HTTP/1.1" 304 -
101.85.93.113 - - [06/Oct/2022:10:54:00 +0800] "POST /xingrg/kc/buy/cgsh_list_operate.html HTTP/1.1" 200 3596
172.20.0.100 - - [06/Oct/2022:10:54:01 +0800] "GET /xingrg/all/function/internal_message.html?_=1665024836843&CODE_STATE=getMsg HTTP/1.1" 200 27
101.85.93.113 - - [06/Oct/2022:10:54:02 +0800] "GET /xingrg/kc/buy/cgsh_order_add.html HTTP/1.1" 200 68080
101.85.93.113 - - [06/Oct/2022:10:54:02 +0800] "GET /xingrg/javascript/easyui/themes/icons/copy_new.png HTTP/1.1" 304 -
101.85.93.113 - - [06/Oct/2022:10:54:02 +0800] "GET /xingrg/javascript/easyui/themes/icons/template_new.png HTTP/1.1" 304 -
101.85.93.113 - - [06/Oct/2022:10:54:02 +0800] "GET /xingrg/javascript/easyui/themes/icons/cancel.png HTTP/1.1" 304 -
101.85.93.113 - - [06/Oct/2022:10:54:02 +0800] "GET /xingrg/javascript/easyui/themes/default/validatebox.css HTTP/1.1" 404 1104
101.85.93.113 - - [06/Oct/2022:10:54:02 +0800] "POST /xingrg/kc/buy/cgsh_order_operate.html HTTP/1.1" 200 8245
120.253.135.82 - - [06/Oct/2022:10:54:02 +0800] "GET /xingrg/all/function/internal_message.html?_=1665024954916&CODE_STATE=getMsg HTTP/1.1" 200 27
101.85.93.113 - - [06/Oct/2022:10:54:02 +0800] "GET /xingrg/javascript/easyui/themes/icons/edit_remove.png HTTP/1.1" 304 -
101.85.93.113 - - [06/Oct/2022:10:54:04 +0800] "GET /xingrg/javascript/auto/indicator.gif HTTP/1.1" 404 1066
116.237.76.114 - - [06/Oct/2022:10:54:05 +0800] "GET /xingrg/all/function/internal_message.html?_=1665024837588&CODE_STATE=getMsg HTTP/1.1" 200 27
