116.225.121.189 - - [06/Oct/2022:08:47:15 +0800] "GET /xingrg/index.html?sysBaseUrl=http%3A%2F%2F180.169.147.146%3A18081%2Fxingrg%2F&costTime=32×tamp=1585224308505 HTTP/1.1" 302 -
116.225.121.189 - - [06/Oct/2022:08:47:16 +0800] "GET /xingrg/login.html HTTP/1.1" 200 7641
116.238.194.138 - - [06/Oct/2022:08:47:19 +0800] "GET /xingrg/all/function/internal_message.html?_=1665017184083&CODE_STATE=getMsg HTTP/1.1" 200 27
116.225.121.189 - - [06/Oct/2022:08:47:26 +0800] "GET /xingrg/images/blue/jxLogo.png HTTP/1.1" 304 -
221.239.141.151 - - [06/Oct/2022:08:47:29 +0800] "GET /xingrg/check_reg.html?_=1665017246041 HTTP/1.1" 200 22
221.239.141.151 - - [06/Oct/2022:08:47:29 +0800] "GET /xingrg/all/function/internal_message.html?_=1665017246042&CODE_STATE=getMsg HTTP/1.1" 200 27
116.238.194.138 - - [06/Oct/2022:08:47:31 +0800] "POST /xingrg/kc/base/wldb_order_operate.html HTTP/1.1" 200 37
116.238.194.138 - - [06/Oct/2022:08:47:34 +0800] "POST /xingrg/kc/base/wldb_order_operate.html HTTP/1.1" 200 12
116.238.194.138 - - [06/Oct/2022:08:47:34 +0800] "POST /xingrg/kc/base/wldb_order_operate.html HTTP/1.1" 200 4131
221.239.141.151 - - [06/Oct/2022:08:47:34 +0800] "GET /xingrg/all/function/internal_message.html?_=1665017268258&CODE_STATE=getMsg HTTP/1.1" 200 27
222.70.183.206 - - [06/Oct/2022:08:47:35 +0800] "POST /xingrg/kc/base/wldb_order_operate.html HTTP/1.1" 200 37
116.238.194.138 - - [06/Oct/2022:08:47:35 +0800] "GET /xingrg/kc/base/wldb_order_info.html?code=422022100600466 HTTP/1.1" 200 26293
222.70.183.206 - - [06/Oct/2022:08:47:35 +0800] "POST /xingrg/kc/base/wldb_order_operate.html HTTP/1.1" 200 7280
116.238.194.138 - - [06/Oct/2022:08:47:35 +0800] "GET /xingrg/javascript/easyui/themes/default/validatebox.css HTTP/1.1" 404 1104
116.238.194.138 - - [06/Oct/2022:08:47:35 +0800] "POST /xingrg/kc/base/wldb_order_operate.html HTTP/1.1" 200 2382
222.70.183.206 - - [06/Oct/2022:08:47:36 +0800] "GET /xingrg/kc/base/wldb_order_info.html?code=422022100500410 HTTP/1.1" 200 30407
222.70.183.206 - - [06/Oct/2022:08:47:36 +0800] "GET /xingrg/javascript/easyui/themes/default/validatebox.css HTTP/1.1" 404 1104
222.70.183.206 - - [06/Oct/2022:08:47:37 +0800] "POST /xingrg/kc/base/wldb_order_operate.html HTTP/1.1" 200 7280
116.238.194.138 - - [06/Oct/2022:08:47:37 +0800] "GET /xingrg/kc/base/wldb_order_add.html HTTP/1.1" 200 30408
116.238.194.138 - - [06/Oct/2022:08:47:38 +0800] "POST /xingrg/kc/base/wldb_order_operate.html HTTP/1.1" 200 6806
116.238.194.138 - - [06/Oct/2022:08:47:38 +0800] "GET /xingrg/javascript/easyui/themes/default/validatebox.css HTTP/1.1" 404 1104
116.238.194.138 - - [06/Oct/2022:08:47:39 +0800] "POST /xingrg/all/common/load_combo.html?type=base HTTP/1.1" 200 3227
120.253.135.82 - - [06/Oct/2022:08:47:40 +0800] "GET /xingrg/all/function/internal_message.html?_=1665017372956&CODE_STATE=getMsg HTTP/1.1" 200 27
222.70.183.206 - - [06/Oct/2022:08:47:45 +0800] "GET /xingrg/kc/print/load_config.html?kc_code=wldb HTTP/1.1" 200 2173
116.225.121.189 - - [06/Oct/2022:08:47:45 +0800] "GET /xingrg/images/blue/login_bg.png HTTP/1.1" 304 -
222.70.183.206 - - [06/Oct/2022:08:47:45 +0800] "GET /xingrg/kc/print/load_data.html?order_code=422022100500410&kc_code=wldb&condition= HTTP/1.1" 200 2231
116.225.121.189 - - [06/Oct/2022:08:47:47 +0800] "GET /xingrg/images/blue/hj.png HTTP/1.1" 304 -
222.70.183.206 - - [06/Oct/2022:08:47:48 +0800] "GET /xingrg/all/function/internal_message.html?_=1665017261448&CODE_STATE=getMsg HTTP/1.1" 200 27
116.225.121.189 - - [06/Oct/2022:08:47:48 +0800] "GET /xingrg/images/blue/srbg.png HTTP/1.1" 304 -
116.238.194.138 - - [06/Oct/2022:08:47:49 +0800] "GET /xingrg/kc/base/wldb_order_operate.html?command=get_materiel&rest_code=00150&base_code=0010445&code=00101018006 HTTP/1.1" 200 442
172.20.0.100 - - [06/Oct/2022:08:47:49 +0800] "GET /xingrg/all/function/internal_message.html?_=1665017264700&CODE_STATE=getMsg HTTP/1.1" 200 27
116.230.114.213 - - [06/Oct/2022:08:47:49 +0800] "GET /xingrg/all/function/internal_message.html?_=1665017278961&CODE_STATE=getMsg HTTP/1.1" 200 27
120.253.135.82 - - [06/Oct/2022:08:47:51 +0800] "GET /xingrg/all/function/internal_message.html?_=1665017064590&CODE_STATE=getMsg HTTP/1.1" 200 27
116.238.194.138 - - [06/Oct/2022:08:47:53 +0800] "GET /xingrg/kc/base/wldb_order_operate.html?command=get_materiel&rest_code=00150&base_code=0010445&code=00101018031 HTTP/1.1" 200 443
222.70.183.206 - - [06/Oct/2022:08:47:54 +0800] "POST /xingrg/kc/base/wldb_order_operate.html HTTP/1.1" 200 37
116.225.121.189 - - [06/Oct/2022:08:47:56 +0800] "GET /favicon.ico HTTP/1.1" 404 -
222.70.183.206 - - [06/Oct/2022:08:47:57 +0800] "POST /xingrg/kc/base/wldb_order_operate.html HTTP/1.1" 200 12
116.238.194.138 - - [06/Oct/2022:08:47:57 +0800] "GET /xingrg/kc/base/wldb_order_operate.html?command=get_materiel&rest_code=00150&base_code=0010445&code=00101013092 HTTP/1.1" 200 432
222.70.183.206 - - [06/Oct/2022:08:47:57 +0800] "POST /xingrg/kc/base/wldb_order_operate.html HTTP/1.1" 200 7280
222.70.183.206 - - [06/Oct/2022:08:47:58 +0800] "GET /xingrg/kc/base/wldb_order_info.html?code=422022100500410 HTTP/1.1" 200 26271
222.70.183.206 - - [06/Oct/2022:08:47:58 +0800] "GET /xingrg/javascript/easyui/themes/default/validatebox.css HTTP/1.1" 404 1104
222.70.183.206 - - [06/Oct/2022:08:47:58 +0800] "POST /xingrg/kc/base/wldb_order_operate.html HTTP/1.1" 200 5442
116.230.105.139 - - [06/Oct/2022:08:47:58 +0800] "GET /xingrg/all/function/internal_message.html?_=1665017251317&CODE_STATE=getMsg HTTP/1.1" 200 27
116.238.194.138 - - [06/Oct/2022:08:48:09 +0800] "POST /xingrg/kc/base/wldb_order_operate.html HTTP/1.1" 200 37
116.238.194.138 - - [06/Oct/2022:08:48:12 +0800] "POST /xingrg/kc/base/wldb_order_operate.html HTTP/1.1" 200 12
116.238.194.138 - - [06/Oct/2022:08:48:12 +0800] "POST /xingrg/kc/base/wldb_order_operate.html HTTP/1.1" 200 2180
116.238.194.138 - - [06/Oct/2022:08:48:13 +0800] "GET /xingrg/kc/base/wldb_order_info.html?code=422022100600467 HTTP/1.1" 200 26287
116.238.194.138 - - [06/Oct/2022:08:48:13 +0800] "GET /xingrg/javascript/easyui/themes/default/validatebox.css HTTP/1.1" 404 1104
116.238.194.138 - - [06/Oct/2022:08:48:13 +0800] "POST /xingrg/kc/base/wldb_order_operate.html HTTP/1.1" 200 475
116.238.194.138 - - [06/Oct/2022:08:48:16 +0800] "GET /xingrg/kc/base/wldb_order_add.html HTTP/1.1" 200 30408
116.238.194.138 - - [06/Oct/2022:08:48:16 +0800] "POST /xingrg/kc/base/wldb_order_operate.html HTTP/1.1" 200 6806
116.238.194.138 - - [06/Oct/2022:08:48:16 +0800] "GET /xingrg/javascript/easyui/themes/default/validatebox.css HTTP/1.1" 404 1104
116.238.194.138 - - [06/Oct/2022:08:48:17 +0800] "POST /xingrg/all/common/load_combo.html?type=base HTTP/1.1" 200 3227
116.238.194.138 - - [06/Oct/2022:08:48:19 +0800] "GET /xingrg/all/function/internal_message.html?_=1665017244097&CODE_STATE=getMsg HTTP/1.1" 200 27
116.238.194.138 - - [06/Oct/2022:08:48:26 +0800] "GET /xingrg/kc/base/wldb_order_operate.html?command=get_materiel&rest_code=00150&base_code=0010445&code=00101019118 HTTP/1.1" 200 472
221.239.141.151 - - [06/Oct/2022:08:48:29 +0800] "GET /xingrg/all/function/internal_message.html?_=1665017306038&CODE_STATE=getMsg HTTP/1.1" 200 27
116.225.121.189 - - [06/Oct/2022:08:48:29 +0800] "POST /xingrg/login.do HTTP/1.1" 302 -
116.225.121.189 - - [06/Oct/2022:08:48:29 +0800] "GET /xingrg/index.html?sysBaseUrl=http%3A%2F%2F180.169.147.146%3A18081%2Fxingrg%2F&costTime=47×tamp=1665017309594 HTTP/1.1" 200 17173
116.225.121.189 - - [06/Oct/2022:08:48:29 +0800] "GET /xingrg/javascript/jquery_easy_ui/themes/default/easyui.css HTTP/1.1" 304 -
116.225.121.189 - - [06/Oct/2022:08:48:29 +0800] "GET /xingrg/javascript/jquery_easy_ui/themes/icon.css HTTP/1.1" 304 -
116.225.121.189 - - [06/Oct/2022:08:48:29 +0800] "GET /xingrg/css/form.css HTTP/1.1" 304 -
116.225.121.189 - - [06/Oct/2022:08:48:29 +0800] "GET /xingrg/javascript/jquery-1.4.2.min.js HTTP/1.1" 304 -
116.225.121.189 - - [06/Oct/2022:08:48:29 +0800] "GET /xingrg/javascript/jquery_easy_ui/jquery.easyui.min.js HTTP/1.1" 304 -
116.225.121.189 - - [06/Oct/2022:08:48:29 +0800] "GET /xingrg/javascript/jquery_easy_ui/easyui-lang-zh_CN.js HTTP/1.1" 304 -
116.225.121.189 - - [06/Oct/2022:08:48:30 +0800] "GET /xingrg/javascript/jquery.form.js HTTP/1.1" 304 -
116.225.121.189 - - [06/Oct/2022:08:48:30 +0800] "GET /xingrg/javascript/jquery.utils.js HTTP/1.1" 304 -
116.225.121.189 - - [06/Oct/2022:08:48:30 +0800] "GET /xingrg/javascript/jquery.timers.js HTTP/1.1" 304 -
116.225.121.189 - - [06/Oct/2022:08:48:30 +0800] "GET /favicon.ico HTTP/1.1" 404 -
116.225.121.189 - - [06/Oct/2022:08:48:30 +0800] "GET /xingrg/javascript/jquery_easy_ui/themes/icons/settle_new.png HTTP/1.1" 304 -
116.225.121.189 - - [06/Oct/2022:08:48:30 +0800] "GET /xingrg/images/blue/navBackgound.jpg HTTP/1.1" 304 -
116.225.121.189 - - [06/Oct/2022:08:48:31 +0800] "POST /xingrg/all/common/load_tree.html?tree=area_rest_tree_json&manage=1 HTTP/1.1" 200 342
116.225.121.189 - - [06/Oct/2022:08:48:32 +0800] "GET /xingrg/all/function/internal_message.html?_=1665017162651&CODE_STATE=count HTTP/1.1" 200 11
116.225.121.189 - - [06/Oct/2022:08:48:32 +0800] "GET /xingrg/check_reg.html?_=1665017162653 HTTP/1.1" 200 22
116.225.121.189 - - [06/Oct/2022:08:48:32 +0800] "GET /xingrg/images/blue/pingpu.png HTTP/1.1" 304 -
116.225.121.189 - - [06/Oct/2022:08:48:32 +0800] "GET /xingrg/javascript/jquery_easy_ui/themes/default/images/tabs_leftarrow.png HTTP/1.1" 304 -
116.225.121.189 - - [06/Oct/2022:08:48:32 +0800] "GET /xingrg/javascript/jquery_easy_ui/themes/default/images/panel_tool_collapse.gif HTTP/1.1" 304 -
116.225.121.189 - - [06/Oct/2022:08:48:32 +0800] "POST /xingrg/load_menu.html HTTP/1.1" 200 5138
116.225.121.189 - - [06/Oct/2022:08:48:32 +0800] "GET /xingrg/javascript/jquery_easy_ui/themes/default/images/tabs_rightarrow.png HTTP/1.1" 304 -
120.253.135.82 - - [06/Oct/2022:08:48:32 +0800] "GET /xingrg/check_reg.html?_=1665017105342 HTTP/1.1" 200 22
116.238.194.138 - - [06/Oct/2022:08:48:32 +0800] "GET /xingrg/kc/base/wldb_order_operate.html?command=get_materiel&rest_code=00150&base_code=0010445&code=00101019071 HTTP/1.1" 200 471
116.225.121.189 - - [06/Oct/2022:08:48:32 +0800] "GET /xingrg/javascript/jquery_easy_ui/themes/default/images/tree_arrows.gif HTTP/1.1" 304 -
116.225.121.189 - - [06/Oct/2022:08:48:32 +0800] "GET /xingrg/javascript/jquery_easy_ui/themes/default/images/tree_folder_open.gif HTTP/1.1" 304 -
116.225.121.189 - - [06/Oct/2022:08:48:32 +0800] "GET /xingrg/javascript/jquery_easy_ui/themes/icons/search_new.png HTTP/1.1" 304 -
116.225.121.189 - - [06/Oct/2022:08:48:32 +0800] "GET /xingrg/javascript/jquery_easy_ui/themes/default/images/tree_folder.gif HTTP/1.1" 304 -
116.225.121.189 - - [06/Oct/2022:08:48:32 +0800] "GET /xingrg/javascript/jquery_easy_ui/themes/icons/storage_new.png HTTP/1.1" 304 -
116.225.121.189 - - [06/Oct/2022:08:48:32 +0800] "GET /xingrg/javascript/jquery_easy_ui/themes/icons/forms_new.png HTTP/1.1" 304 -
116.225.121.189 - - [06/Oct/2022:08:48:32 +0800] "GET /xingrg/javascript/jquery_easy_ui/themes/default/images/tree_file.gif HTTP/1.1" 304 -
221.239.141.151 - - [06/Oct/2022:08:48:34 +0800] "GET /xingrg/all/function/internal_message.html?_=1665017328255&CODE_STATE=getMsg HTTP/1.1" 200 27
116.238.194.138 - - [06/Oct/2022:08:48:39 +0800] "GET /xingrg/kc/base/wldb_order_operate.html?command=get_materiel&rest_code=00150&base_code=0010445&code=00101019056 HTTP/1.1" 200 477
120.253.135.82 - - [06/Oct/2022:08:48:40 +0800] "GET /xingrg/all/function/internal_message.html?_=1665017432970&CODE_STATE=getMsg HTTP/1.1" 200 27
116.225.121.189 - - [06/Oct/2022:08:48:42 +0800] "GET /xingrg/kc/buy/buy_main.html HTTP/1.1" 200 12412
116.225.121.189 - - [06/Oct/2022:08:48:42 +0800] "GET /xingrg/javascript/jquery_easy_ui/themes/default/images/tabs_close.gif HTTP/1.1" 304 -
116.225.121.189 - - [06/Oct/2022:08:48:42 +0800] "GET /xingrg/css/blue.css HTTP/1.1" 304 -
116.225.121.189 - - [06/Oct/2022:08:48:42 +0800] "GET /xingrg/css/new_ie.css HTTP/1.1" 404 1036
116.225.121.189 - - [06/Oct/2022:08:48:42 +0800] "GET /xingrg/javascript/jquery_ui/themes/humanity/humanity.css HTTP/1.1" 304 -
116.225.121.189 - - [06/Oct/2022:08:48:42 +0800] "GET /xingrg/javascript/pic_change.js HTTP/1.1" 304 -
116.225.121.189 - - [06/Oct/2022:08:48:42 +0800] "GET /xingrg/javascript/ToolTips.js HTTP/1.1" 304 -
116.225.121.189 - - [06/Oct/2022:08:48:42 +0800] "GET /xingrg/javascript/myfunction.js HTTP/1.1" 304 -
116.225.121.189 - - [06/Oct/2022:08:48:42 +0800] "GET /xingrg/javascript/jquery_ui/jquery-ui.min.js HTTP/1.1" 304 -
116.225.121.189 - - [06/Oct/2022:08:48:42 +0800] "GET /xingrg/images/blue/button/cgxqd.gif HTTP/1.1" 304 -
116.225.121.189 - - [06/Oct/2022:08:48:42 +0800] "GET /xingrg/images/blue/button/cgydd.gif HTTP/1.1" 304 -
116.225.121.189 - - [06/Oct/2022:08:48:42 +0800] "GET /xingrg/images/blue/button/cgshd.gif HTTP/1.1" 304 -
116.225.121.189 - - [06/Oct/2022:08:48:42 +0800] "GET /xingrg/images/blue/button/cgfkd.gif HTTP/1.1" 304 -
116.225.121.189 - - [06/Oct/2022:08:48:42 +0800] "GET /xingrg/images/blue/button/kc.gif HTTP/1.1" 304 -
116.225.121.189 - - [06/Oct/2022:08:48:42 +0800] "GET /xingrg/images/blue/button/ckthd.gif HTTP/1.1" 304 -
116.225.121.189 - - [06/Oct/2022:08:48:42 +0800] "GET /xingrg/images/blue/pic_form2.gif HTTP/1.1" 304 -
116.225.121.189 - - [06/Oct/2022:08:48:43 +0800] "GET /xingrg/javascript/jquery_ui/themes/humanity/images/ui-bg_inset-soft_100_f4f0ec_1x100.png HTTP/1.1" 304 -
116.225.121.189 - - [06/Oct/2022:08:48:43 +0800] "GET /xingrg/images/blue/bg_dotted.jpg HTTP/1.1" 304 -
116.225.121.189 - - [06/Oct/2022:08:48:43 +0800] "GET /xingrg/images/blue/button/right_ah.jpg HTTP/1.1" 304 -
116.225.121.189 - - [06/Oct/2022:08:48:43 +0800] "GET /xingrg/images/blue/button/down_ah.jpg HTTP/1.1" 304 -
116.225.121.189 - - [06/Oct/2022:08:48:43 +0800] "GET /xingrg/javascript/jquery_ui/themes/humanity/images/ui-iconsnew.jpg HTTP/1.1" 304 -
116.225.121.189 - - [06/Oct/2022:08:48:43 +0800] "GET /xingrg/javascript/jquery_ui/themes/humanity/images/ui-icons_ffffff_256x240.png HTTP/1.1" 304 -
116.225.121.189 - - [06/Oct/2022:08:48:43 +0800] "GET /xingrg/javascript/jquery_ui/themes/humanity/images/ui-icons_c47a23_256x240.png HTTP/1.1" 304 -
116.225.121.189 - - [06/Oct/2022:08:48:43 +0800] "GET /xingrg/javascript/jquery_ui/themes/humanity/images/ui-bg_glass_70_ede4d4_1x400.png HTTP/1.1" 304 -
116.225.121.189 - - [06/Oct/2022:08:48:43 +0800] "GET /xingrg/images/yd/bt.gif HTTP/1.1" 404 1040
116.225.121.189 - - [06/Oct/2022:08:48:44 +0800] "GET /xingrg/kc/buy/cgsh_order_list.html HTTP/1.1" 200 53179
116.225.121.189 - - [06/Oct/2022:08:48:44 +0800] "GET /xingrg/css/base.css HTTP/1.1" 304 -
116.225.121.189 - - [06/Oct/2022:08:48:44 +0800] "GET /xingrg/css/site.css HTTP/1.1" 304 -
116.225.121.189 - - [06/Oct/2022:08:48:44 +0800] "GET /xingrg/javascript/jquery_tools/datebox.css HTTP/1.1" 304 -
116.225.121.189 - - [06/Oct/2022:08:48:44 +0800] "GET /xingrg/javascript/easyui/themes/default/easyui.css HTTP/1.1" 304 -
116.225.121.189 - - [06/Oct/2022:08:48:44 +0800] "GET /xingrg/javascript/easyui/themes/icon.css HTTP/1.1" 304 -
116.225.121.189 - - [06/Oct/2022:08:48:44 +0800] "GET /xingrg/javascript/auto/jquery.autocomplete.css HTTP/1.1" 304 -
116.225.121.189 - - [06/Oct/2022:08:48:44 +0800] "GET /xingrg/javascript/jquery_tools/fix.css HTTP/1.1" 304 -
116.225.121.189 - - [06/Oct/2022:08:48:44 +0800] "GET /xingrg/javascript/jquery_tools/table.css HTTP/1.1" 304 -
116.225.121.189 - - [06/Oct/2022:08:48:44 +0800] "GET /xingrg/javascript/jquery_tools/jquery.tools.min.js HTTP/1.1" 304 -
116.225.121.189 - - [06/Oct/2022:08:48:44 +0800] "GET /xingrg/javascript/jquery_tools/jquery.tools.extend.js HTTP/1.1" 304 -
116.225.121.189 - - [06/Oct/2022:08:48:44 +0800] "GET /xingrg/javascript/jquery_tools/jquery.tools.hotkey.js HTTP/1.1" 304 -
116.225.121.189 - - [06/Oct/2022:08:48:44 +0800] "GET /xingrg/javascript/jquery_tools/jquery.tools.table.js HTTP/1.1" 304 -
116.225.121.189 - - [06/Oct/2022:08:48:44 +0800] "GET /xingrg/javascript/jquery_tools/list_manager.js HTTP/1.1" 304 -
116.225.121.189 - - [06/Oct/2022:08:48:44 +0800] "GET /xingrg/javascript/auto/jquery.autocomplete.js HTTP/1.1" 304 -
116.225.121.189 - - [06/Oct/2022:08:48:45 +0800] "GET /xingrg/javascript/easyui/easyloader.js HTTP/1.1" 304 -
116.225.121.189 - - [06/Oct/2022:08:48:45 +0800] "GET /xingrg/javascript/jquery.cookie.js HTTP/1.1" 304 -
116.225.121.189 - - [06/Oct/2022:08:48:45 +0800] "GET /xingrg/javascript/print/LodopFuncs.js HTTP/1.1" 304 -
116.238.194.138 - - [06/Oct/2022:08:48:45 +0800] "GET /xingrg/kc/base/wldb_order_operate.html?command=get_materiel&rest_code=00150&base_code=0010445&code=00101019164 HTTP/1.1" 200 466
222.70.183.206 - - [06/Oct/2022:08:48:48 +0800] "GET /xingrg/all/function/internal_message.html?_=1665017321437&CODE_STATE=getMsg HTTP/1.1" 200 27
116.225.121.189 - - [06/Oct/2022:08:48:48 +0800] "GET /xingrg/javascript/easyui/themes/icons/cance_new.png HTTP/1.1" 304 -
116.225.121.189 - - [06/Oct/2022:08:48:48 +0800] "GET /xingrg/javascript/easyui/themes/icons/check_new.png HTTP/1.1" 304 -
116.225.121.189 - - [06/Oct/2022:08:48:48 +0800] "GET /xingrg/javascript/easyui/themes/icons/field_new.png HTTP/1.1" 304 -
116.225.121.189 - - [06/Oct/2022:08:48:48 +0800] "GET /xingrg/javascript/easyui/themes/icons/import_new.png HTTP/1.1" 304 -
116.225.121.189 - - [06/Oct/2022:08:48:48 +0800] "GET /xingrg/javascript/easyui/themes/icons/edit_add_new.png HTTP/1.1" 304 -
116.225.121.189 - - [06/Oct/2022:08:48:48 +0800] "GET /xingrg/javascript/easyui/plugins/jquery.parser.js HTTP/1.1" 304 -
116.225.121.189 - - [06/Oct/2022:08:48:48 +0800] "GET /xingrg/images/control/ajaxLoader.gif HTTP/1.1" 304 -
172.20.0.100 - - [06/Oct/2022:08:48:49 +0800] "GET /xingrg/all/function/internal_message.html?_=1665017324685&CODE_STATE=getMsg HTTP/1.1" 200 27
116.230.114.213 - - [06/Oct/2022:08:48:49 +0800] "GET /xingrg/all/function/internal_message.html?_=1665017338970&CODE_STATE=getMsg HTTP/1.1" 200 27
116.225.121.189 - - [06/Oct/2022:08:48:49 +0800] "POST /xingrg/kc/buy/cgsh_list_operate.html HTTP/1.1" 200 986
116.238.194.138 - - [06/Oct/2022:08:48:50 +0800] "GET /xingrg/kc/base/wldb_order_operate.html?command=get_materiel&rest_code=00150&base_code=0010445&code=00101019427 HTTP/1.1" 200 446
116.225.121.189 - - [06/Oct/2022:08:48:50 +0800] "GET /xingrg/javascript/easyui/themes/default/images/button_plain_hover.png HTTP/1.1" 304 -
120.253.135.82 - - [06/Oct/2022:08:48:51 +0800] "GET /xingrg/all/function/internal_message.html?_=1665017124599&CODE_STATE=getMsg HTTP/1.1" 200 27
116.225.121.189 - - [06/Oct/2022:08:48:52 +0800] "GET /xingrg/kc/buy/cgsh_order_add.html HTTP/1.1" 200 69043
116.225.121.189 - - [06/Oct/2022:08:48:52 +0800] "GET /xingrg/javascript/jquery_tools/order_manager.js HTTP/1.1" 304 -
116.225.121.189 - - [06/Oct/2022:08:48:52 +0800] "GET /xingrg/javascript/convert.js HTTP/1.1" 304 -
116.225.121.189 - - [06/Oct/2022:08:48:52 +0800] "GET /xingrg/javascript/json2.js HTTP/1.1" 304 -
116.225.121.189 - - [06/Oct/2022:08:48:52 +0800] "GET /xingrg/javascript/print/kc_print.js HTTP/1.1" 304 -
116.225.121.189 - - [06/Oct/2022:08:48:53 +0800] "GET /xingrg/words/20221005172558_words.js HTTP/1.1" 200 923489
116.225.121.189 - - [06/Oct/2022:08:48:53 +0800] "GET /xingrg/javascript/easyui/themes/icons/copy_new.png HTTP/1.1" 304 -
116.225.121.189 - - [06/Oct/2022:08:48:53 +0800] "GET /xingrg/javascript/easyui/themes/icons/template_new.png HTTP/1.1" 304 -
116.225.121.189 - - [06/Oct/2022:08:48:53 +0800] "GET /xingrg/javascript/easyui/themes/icons/ok.png HTTP/1.1" 304 -
116.225.121.189 - - [06/Oct/2022:08:48:53 +0800] "GET /xingrg/javascript/easyui/themes/icons/print.png HTTP/1.1" 304 -
116.225.121.189 - - [06/Oct/2022:08:48:53 +0800] "GET /xingrg/javascript/easyui/themes/default/images/menu_downarrow.png HTTP/1.1" 304 -
116.225.121.189 - - [06/Oct/2022:08:48:53 +0800] "GET /xingrg/javascript/easyui/themes/icons/cancel.png HTTP/1.1" 304 -
116.225.121.189 - - [06/Oct/2022:08:48:53 +0800] "POST /xingrg/kc/buy/cgsh_order_operate.html HTTP/1.1" 200 8245
116.225.121.189 - - [06/Oct/2022:08:48:53 +0800] "GET /xingrg/all/common/auto_word.html?type=employee&rest_code=00105 HTTP/1.1" 200 193
116.225.121.189 - - [06/Oct/2022:08:48:53 +0800] "GET /xingrg/javascript/easyui/themes/default/validatebox.css HTTP/1.1" 404 1104
116.225.121.189 - - [06/Oct/2022:08:48:53 +0800] "GET /xingrg/all/common/auto_word.html?type=employee&rest_code=00105 HTTP/1.1" 200 193
116.225.121.189 - - [06/Oct/2022:08:48:53 +0800] "GET /xingrg/javascript/easyui/plugins/jquery.validatebox.js HTTP/1.1" 304 -
116.225.121.189 - - [06/Oct/2022:08:48:53 +0800] "GET /xingrg/javascript/easyui/plugins/jquery.numberbox.js HTTP/1.1" 304 -
116.225.121.189 - - [06/Oct/2022:08:48:54 +0800] "GET /xingrg/javascript/easyui/themes/icons/edit_remove.png HTTP/1.1" 304 -
116.230.105.139 - - [06/Oct/2022:08:48:58 +0800] "GET /xingrg/all/function/internal_message.html?_=1665017311314&CODE_STATE=getMsg HTTP/1.1" 200 27
116.225.121.189 - - [06/Oct/2022:08:49:00 +0800] "GET /xingrg/javascript/auto/indicator.gif HTTP/1.1" 404 1066
116.238.194.138 - - [06/Oct/2022:08:49:02 +0800] "POST /xingrg/kc/base/wldb_order_operate.html HTTP/1.1" 200 37
116.238.194.138 - - [06/Oct/2022:08:49:05 +0800] "POST /xingrg/kc/base/wldb_order_operate.html HTTP/1.1" 200 12
116.238.194.138 - - [06/Oct/2022:08:49:05 +0800] "POST /xingrg/kc/base/wldb_order_operate.html HTTP/1.1" 200 4207
116.238.194.138 - - [06/Oct/2022:08:49:06 +0800] "GET /xingrg/kc/base/wldb_order_info.html?code=422022100600468 HTTP/1.1" 200 26290
116.238.194.138 - - [06/Oct/2022:08:49:07 +0800] "GET /xingrg/javascript/easyui/themes/default/validatebox.css HTTP/1.1" 404 1104
116.238.194.138 - - [06/Oct/2022:08:49:07 +0800] "POST /xingrg/kc/base/wldb_order_operate.html HTTP/1.1" 200 2458
116.238.194.138 - - [06/Oct/2022:08:49:09 +0800] "GET /xingrg/kc/base/wldb_order_add.html HTTP/1.1" 200 30408
116.238.194.138 - - [06/Oct/2022:08:49:10 +0800] "POST /xingrg/kc/base/wldb_order_operate.html HTTP/1.1" 200 6806
116.238.194.138 - - [06/Oct/2022:08:49:10 +0800] "GET /xingrg/javascript/easyui/themes/default/validatebox.css HTTP/1.1" 404 1104
221.239.141.151 - - [06/Oct/2022:08:49:11 +0800] "GET /xingrg/index.html HTTP/1.1" 200 17173
221.239.141.151 - - [06/Oct/2022:08:49:11 +0800] "POST /xingrg/all/common/load_tree.html?tree=area_rest_tree_json&manage=1 HTTP/1.1" 200 342
221.239.141.151 - - [06/Oct/2022:08:49:12 +0800] "GET /favicon.ico HTTP/1.1" 404 -
221.239.141.151 - - [06/Oct/2022:08:49:12 +0800] "POST /xingrg/load_menu.html HTTP/1.1" 200 5138
221.239.141.151 - - [06/Oct/2022:08:49:12 +0800] "GET /xingrg/all/function/internal_message.html?_=1665017348768&CODE_STATE=count HTTP/1.1" 200 11
221.239.141.151 - - [06/Oct/2022:08:49:12 +0800] "GET /xingrg/check_reg.html?_=1665017348769 HTTP/1.1" 200 22
116.238.194.138 - - [06/Oct/2022:08:49:20 +0800] "GET /xingrg/all/function/internal_message.html?_=1665017304110&CODE_STATE=getMsg HTTP/1.1" 200 27
116.225.121.189 - - [06/Oct/2022:08:49:23 +0800] "GET /xingrg/kc/buy/cgsh_order_operate.html?command=get_materiel&rest_code=00105&code=00101007032&supplier_code=00100002&order_time=2022-10-06 HTTP/1.1" 200 432
116.238.194.138 - - [06/Oct/2022:08:49:24 +0800] "POST /xingrg/all/common/load_combo.html?type=base HTTP/1.1" 200 3227
116.225.121.189 - - [06/Oct/2022:08:49:32 +0800] "GET /xingrg/all/function/internal_message.html?_=1665017222712&CODE_STATE=getMsg HTTP/1.1" 200 27
116.238.194.138 - - [06/Oct/2022:08:49:32 +0800] "GET /xingrg/kc/base/wldb_order_operate.html?command=get_materiel&rest_code=00150&base_code=0010445&code=00101027001 HTTP/1.1" 200 471
221.239.141.151 - - [06/Oct/2022:08:49:34 +0800] "GET /xingrg/all/function/internal_message.html?_=1665017388252&CODE_STATE=getMsg HTTP/1.1" 200 27
116.238.194.138 - - [06/Oct/2022:08:49:38 +0800] "GET /xingrg/kc/base/wldb_order_operate.html?command=get_materiel&rest_code=00150&base_code=0010445&code=00101019425 HTTP/1.1" 200 458
221.239.141.151 - - [06/Oct/2022:08:49:39 +0800] "GET /xingrg/kc/buy/cgsh_order_list.html HTTP/1.1" 200 53179
120.253.135.82 - - [06/Oct/2022:08:49:41 +0800] "GET /xingrg/all/function/internal_message.html?_=1665017493419&CODE_STATE=getMsg HTTP/1.1" 200 27
116.225.121.189 - - [06/Oct/2022:08:49:42 +0800] "POST /xingrg/kc/buy/cgsh_order_operate.html HTTP/1.1" 200 37
221.239.141.151 - - [06/Oct/2022:08:49:43 +0800] "POST /xingrg/kc/buy/cgsh_list_operate.html HTTP/1.1" 200 986
116.225.121.189 - - [06/Oct/2022:08:49:44 +0800] "POST /xingrg/kc/buy/cgsh_order_operate.html HTTP/1.1" 200 2658
116.225.121.189 - - [06/Oct/2022:08:49:47 +0800] "GET /xingrg/kc/print/load_config.html?kc_code=cgsh HTTP/1.1" 200 1943
116.225.121.189 - - [06/Oct/2022:08:49:47 +0800] "GET /xingrg/kc/print/load_data.html?order_code=212022100601827&kc_code=cgsh&condition= HTTP/1.1" 200 741
222.70.183.206 - - [06/Oct/2022:08:49:48 +0800] "GET /xingrg/all/function/internal_message.html?_=1665017381445&CODE_STATE=getMsg HTTP/1.1" 200 27
222.70.183.206 - - [06/Oct/2022:08:49:48 +0800] "GET /xingrg/check_reg.html?_=1665017381441 HTTP/1.1" 200 22
172.20.0.100 - - [06/Oct/2022:08:49:49 +0800] "GET /xingrg/all/function/internal_message.html?_=1665017384671&CODE_STATE=getMsg HTTP/1.1" 200 27
116.230.114.213 - - [06/Oct/2022:08:49:49 +0800] "GET /xingrg/all/function/internal_message.html?_=1665017398989&CODE_STATE=getMsg HTTP/1.1" 200 27
120.253.135.82 - - [06/Oct/2022:08:49:51 +0800] "GET /xingrg/all/function/internal_message.html?_=1665017184612&CODE_STATE=getMsg HTTP/1.1" 200 27
116.238.194.138 - - [06/Oct/2022:08:49:52 +0800] "POST /xingrg/kc/base/wldb_order_operate.html HTTP/1.1" 200 37
116.238.194.138 - - [06/Oct/2022:08:49:55 +0800] "POST /xingrg/kc/base/wldb_order_operate.html HTTP/1.1" 200 12
116.238.194.138 - - [06/Oct/2022:08:49:55 +0800] "POST /xingrg/kc/base/wldb_order_operate.html HTTP/1.1" 200 2705
116.238.194.138 - - [06/Oct/2022:08:49:56 +0800] "GET /xingrg/kc/base/wldb_order_info.html?code=422022100600469 HTTP/1.1" 200 26291
116.238.194.138 - - [06/Oct/2022:08:49:57 +0800] "GET /xingrg/javascript/easyui/themes/default/validatebox.css HTTP/1.1" 404 1104
116.238.194.138 - - [06/Oct/2022:08:49:57 +0800] "POST /xingrg/kc/base/wldb_order_operate.html HTTP/1.1" 200 989
116.230.105.139 - - [06/Oct/2022:08:49:58 +0800] "GET /xingrg/all/function/internal_message.html?_=1665017371310&CODE_STATE=getMsg HTTP/1.1" 200 27
116.238.194.138 - - [06/Oct/2022:08:50:04 +0800] "GET /xingrg/kc/base/wldb_order_add.html HTTP/1.1" 200 30408
116.238.194.138 - - [06/Oct/2022:08:50:05 +0800] "POST /xingrg/kc/base/wldb_order_operate.html HTTP/1.1" 200 6806
116.238.194.138 - - [06/Oct/2022:08:50:05 +0800] "GET /xingrg/javascript/easyui/themes/default/validatebox.css HTTP/1.1" 404 1104
116.238.194.138 - - [06/Oct/2022:08:50:06 +0800] "POST /xingrg/all/common/load_combo.html?type=base HTTP/1.1" 200 3227
221.239.141.151 - - [06/Oct/2022:08:50:07 +0800] "GET /xingrg/kc/buy/cgsh_order_add.html HTTP/1.1" 200 68996
221.239.141.151 - - [06/Oct/2022:08:50:07 +0800] "POST /xingrg/kc/buy/cgsh_order_operate.html HTTP/1.1" 200 8245
221.239.141.151 - - [06/Oct/2022:08:50:07 +0800] "GET /xingrg/all/common/auto_word.html?type=employee&rest_code=00102 HTTP/1.1" 200 189
221.239.141.151 - - [06/Oct/2022:08:50:07 +0800] "GET /xingrg/javascript/easyui/themes/default/validatebox.css HTTP/1.1" 404 1104
221.239.141.151 - - [06/Oct/2022:08:50:07 +0800] "GET /xingrg/all/common/auto_word.html?type=employee&rest_code=00102 HTTP/1.1" 200 189
221.239.141.151 - - [06/Oct/2022:08:50:09 +0800] "GET /xingrg/javascript/auto/indicator.gif HTTP/1.1" 404 1066
221.239.141.151 - - [06/Oct/2022:08:50:12 +0800] "GET /xingrg/all/function/internal_message.html?_=1665017408796&CODE_STATE=getMsg HTTP/1.1" 200 27
116.238.194.138 - - [06/Oct/2022:08:50:14 +0800] "GET /xingrg/kc/base/wldb_order_operate.html?command=get_materiel&rest_code=00150&base_code=0010446&code=00102002238 HTTP/1.1" 200 434
116.238.194.138 - - [06/Oct/2022:08:50:20 +0800] "GET /xingrg/all/function/internal_message.html?_=1665017364124&CODE_STATE=getMsg HTTP/1.1" 200 27
116.225.121.189 - - [06/Oct/2022:08:50:28 +0800] "GET /xingrg/kc/buy/cgsh_order_add.html HTTP/1.1" 200 69043
116.225.121.189 - - [06/Oct/2022:08:50:29 +0800] "POST /xingrg/kc/buy/cgsh_order_operate.html HTTP/1.1" 200 8245
116.225.121.189 - - [06/Oct/2022:08:50:29 +0800] "GET /xingrg/javascript/easyui/themes/default/validatebox.css HTTP/1.1" 404 1104
116.225.121.189 - - [06/Oct/2022:08:50:32 +0800] "GET /xingrg/all/function/internal_message.html?_=1665017282657&CODE_STATE=getMsg HTTP/1.1" 200 27
116.238.194.138 - - [06/Oct/2022:08:50:32 +0800] "POST /xingrg/kc/base/wldb_order_operate.html HTTP/1.1" 200 37
221.239.141.151 - - [06/Oct/2022:08:50:34 +0800] "GET /xingrg/all/function/internal_message.html?_=1665017448265&CODE_STATE=getMsg HTTP/1.1" 200 27
116.238.194.138 - - [06/Oct/2022:08:50:35 +0800] "POST /xingrg/kc/base/wldb_order_operate.html HTTP/1.1" 200 12
116.238.194.138 - - [06/Oct/2022:08:50:35 +0800] "POST /xingrg/kc/base/wldb_order_operate.html HTTP/1.1" 200 2181
116.238.194.138 - - [06/Oct/2022:08:50:37 +0800] "GET /xingrg/kc/base/wldb_order_info.html?code=422022100600470 HTTP/1.1" 200 26289
116.238.194.138 - - [06/Oct/2022:08:50:37 +0800] "GET /xingrg/javascript/easyui/themes/default/validatebox.css HTTP/1.1" 404 1104
116.238.194.138 - - [06/Oct/2022:08:50:37 +0800] "POST /xingrg/kc/base/wldb_order_operate.html HTTP/1.1" 200 475
116.230.114.213 - - [06/Oct/2022:08:50:40 +0800] "GET /xingrg/check_reg.html?_=1665017450183 HTTP/1.1" 200 22
120.253.135.82 - - [06/Oct/2022:08:50:41 +0800] "GET /xingrg/all/function/internal_message.html?_=1665017553440&CODE_STATE=getMsg HTTP/1.1" 200 27
116.238.194.138 - - [06/Oct/2022:08:50:44 +0800] "GET /xingrg/kc/base/wldb_order_add.html HTTP/1.1" 200 30408
116.238.194.138 - - [06/Oct/2022:08:50:45 +0800] "POST /xingrg/kc/base/wldb_order_operate.html HTTP/1.1" 200 6806
116.238.194.138 - - [06/Oct/2022:08:50:45 +0800] "GET /xingrg/javascript/easyui/themes/default/validatebox.css HTTP/1.1" 404 1104
116.238.194.138 - - [06/Oct/2022:08:50:46 +0800] "POST /xingrg/all/common/load_combo.html?type=base HTTP/1.1" 200 3227
222.70.183.206 - - [06/Oct/2022:08:50:47 +0800] "GET /xingrg/all/function/internal_message.html?_=1665017441430&CODE_STATE=getMsg HTTP/1.1" 200 27
172.20.0.100 - - [06/Oct/2022:08:50:49 +0800] "GET /xingrg/all/function/internal_message.html?_=1665017444641&CODE_STATE=getMsg HTTP/1.1" 200 27
116.230.114.213 - - [06/Oct/2022:08:50:49 +0800] "GET /xingrg/all/function/internal_message.html?_=1665017458998&CODE_STATE=getMsg HTTP/1.1" 200 27
120.253.135.82 - - [06/Oct/2022:08:50:51 +0800] "GET /xingrg/all/function/internal_message.html?_=1665017244637&CODE_STATE=getMsg HTTP/1.1" 200 27
116.225.121.189 - - [06/Oct/2022:08:50:52 +0800] "GET /xingrg/kc/buy/cgsh_order_operate.html?command=get_materiel&rest_code=00105&code=00101016030&supplier_code=00100034&order_time=2022-10-06 HTTP/1.1" 200 412
116.230.105.139 - - [06/Oct/2022:08:50:58 +0800] "GET /xingrg/all/function/internal_message.html?_=1665017431302&CODE_STATE=getMsg HTTP/1.1" 200 27
116.230.105.139 - - [06/Oct/2022:08:50:58 +0800] "GET /xingrg/check_reg.html?_=1665017431304 HTTP/1.1" 200 22
221.239.141.151 - - [06/Oct/2022:08:51:12 +0800] "GET /xingrg/all/function/internal_message.html?_=1665017468792&CODE_STATE=getMsg HTTP/1.1" 200 27
172.20.0.100 - - [06/Oct/2022:08:51:12 +0800] "GET /xingrg/check_reg.html?_=1665017467659 HTTP/1.1" 200 22
116.238.194.138 - - [06/Oct/2022:08:51:17 +0800] "GET /xingrg/kc/base/wldb_order_operate.html?command=get_materiel&rest_code=00150&base_code=0010446&code=00102002321 HTTP/1.1" 200 447
116.225.121.189 - - [06/Oct/2022:08:51:18 +0800] "GET /xingrg/kc/buy/cgsh_order_operate.html?command=get_materiel&rest_code=00105&code=00101012029&supplier_code=00100034&order_time=2022-10-06 HTTP/1.1" 200 412
116.238.194.138 - - [06/Oct/2022:08:51:19 +0800] "GET /xingrg/check_reg.html?_=1665017424076 HTTP/1.1" 200 22
116.238.194.138 - - [06/Oct/2022:08:51:20 +0800] "GET /xingrg/all/function/internal_message.html?_=1665017424138&CODE_STATE=getMsg HTTP/1.1" 200 27
116.238.194.138 - - [06/Oct/2022:08:51:26 +0800] "POST /xingrg/kc/base/wldb_order_operate.html HTTP/1.1" 200 37
116.238.194.138 - - [06/Oct/2022:08:51:29 +0800] "POST /xingrg/kc/base/wldb_order_operate.html HTTP/1.1" 200 12
116.238.194.138 - - [06/Oct/2022:08:51:29 +0800] "POST /xingrg/kc/base/wldb_order_operate.html HTTP/1.1" 200 2196
116.238.194.138 - - [06/Oct/2022:08:51:30 +0800] "GET /xingrg/kc/base/wldb_order_info.html?code=422022100600471 HTTP/1.1" 200 26288
116.238.194.138 - - [06/Oct/2022:08:51:30 +0800] "GET /xingrg/javascript/easyui/themes/default/validatebox.css HTTP/1.1" 404 1104
116.238.194.138 - - [06/Oct/2022:08:51:30 +0800] "POST /xingrg/kc/base/wldb_order_operate.html HTTP/1.1" 200 490
116.225.121.189 - - [06/Oct/2022:08:51:32 +0800] "GET /xingrg/all/function/internal_message.html?_=1665017342660&CODE_STATE=getMsg HTTP/1.1" 200 27
116.238.194.138 - - [06/Oct/2022:08:51:33 +0800] "GET /xingrg/kc/base/wldb_order_add.html HTTP/1.1" 200 30408
116.238.194.138 - - [06/Oct/2022:08:51:33 +0800] "POST /xingrg/kc/base/wldb_order_operate.html HTTP/1.1" 200 6806
116.238.194.138 - - [06/Oct/2022:08:51:33 +0800] "GET /xingrg/javascript/easyui/themes/default/validatebox.css HTTP/1.1" 404 1104
221.239.141.151 - - [06/Oct/2022:08:51:34 +0800] "GET /xingrg/check_reg.html?_=1665017508264 HTTP/1.1" 200 22
221.239.141.151 - - [06/Oct/2022:08:51:34 +0800] "GET /xingrg/all/function/internal_message.html?_=1665017508267&CODE_STATE=getMsg HTTP/1.1" 200 27
120.253.135.82 - - [06/Oct/2022:08:51:39 +0800] "GET /xingrg/check_reg.html?_=1665017611765 HTTP/1.1" 200 22
116.238.194.138 - - [06/Oct/2022:08:51:40 +0800] "POST /xingrg/all/common/load_combo.html?type=base HTTP/1.1" 200 3227
120.253.135.82 - - [06/Oct/2022:08:51:41 +0800] "GET /xingrg/all/function/internal_message.html?_=1665017613451&CODE_STATE=getMsg HTTP/1.1" 200 27
222.70.183.206 - - [06/Oct/2022:08:51:48 +0800] "GET /xingrg/all/function/internal_message.html?_=1665017501431&CODE_STATE=getMsg HTTP/1.1" 200 27
116.238.194.138 - - [06/Oct/2022:08:51:48 +0800] "GET /xingrg/kc/base/wldb_order_operate.html?command=get_materiel&rest_code=00150&base_code=0010445&code=00101019280 HTTP/1.1" 200 478
172.20.0.100 - - [06/Oct/2022:08:51:49 +0800] "GET /xingrg/all/function/internal_message.html?_=1665017504617&CODE_STATE=getMsg HTTP/1.1" 200 27
116.230.114.213 - - [06/Oct/2022:08:51:49 +0800] "GET /xingrg/all/function/internal_message.html?_=1665017519011&CODE_STATE=getMsg HTTP/1.1" 200 27
120.253.135.82 - - [06/Oct/2022:08:51:51 +0800] "GET /xingrg/all/function/internal_message.html?_=1665017304656&CODE_STATE=getMsg HTTP/1.1" 200 27
116.238.194.138 - - [06/Oct/2022:08:51:55 +0800] "GET /xingrg/kc/base/wldb_order_operate.html?command=get_materiel&rest_code=00150&base_code=0010445&code=00101019339 HTTP/1.1" 200 468
116.230.105.139 - - [06/Oct/2022:08:51:58 +0800] "GET /xingrg/all/function/internal_message.html?_=1665017491312&CODE_STATE=getMsg HTTP/1.1" 200 27
116.238.194.138 - - [06/Oct/2022:08:52:07 +0800] "GET /xingrg/kc/base/wldb_order_operate.html?command=get_materiel&rest_code=00150&base_code=0010445&code=00101016019 HTTP/1.1" 200 450
116.237.76.114 - - [06/Oct/2022:08:52:08 +0800] "GET /favicon.ico HTTP/1.1" 404 -
221.239.141.151 - - [06/Oct/2022:08:52:12 +0800] "GET /xingrg/all/function/internal_message.html?_=1665017528786&CODE_STATE=getMsg HTTP/1.1" 200 27
116.238.194.138 - - [06/Oct/2022:08:52:14 +0800] "GET /xingrg/kc/base/wldb_order_operate.html?command=get_materiel&rest_code=00150&base_code=0010445&code=00101019019 HTTP/1.1" 200 477
116.238.194.138 - - [06/Oct/2022:08:52:20 +0800] "GET /xingrg/all/function/internal_message.html?_=1665017484151&CODE_STATE=getMsg HTTP/1.1" 200 27
116.237.76.114 - - [06/Oct/2022:08:52:28 +0800] "GET /xingrg/login.html HTTP/1.1" 200 7641
116.238.194.138 - - [06/Oct/2022:08:52:28 +0800] "GET /xingrg/kc/base/wldb_order_operate.html?command=get_materiel&rest_code=00150&base_code=0010445&code=00101019127 HTTP/1.1" 200 480
116.237.76.114 - - [06/Oct/2022:08:52:29 +0800] "GET /favicon.ico HTTP/1.1" 404 -
116.237.76.114 - - [06/Oct/2022:08:52:31 +0800] "POST /xingrg/login.do HTTP/1.1" 302 -
116.237.76.114 - - [06/Oct/2022:08:52:31 +0800] "GET /xingrg/index.html?sysBaseUrl=http%3A%2F%2F180.169.147.146%3A18081%2Fxingrg%2F&costTime=41×tamp=1665017551588 HTTP/1.1" 200 17173
116.237.76.114 - - [06/Oct/2022:08:52:32 +0800] "GET /favicon.ico HTTP/1.1" 404 -
116.237.76.114 - - [06/Oct/2022:08:52:32 +0800] "POST /xingrg/all/common/load_tree.html?tree=area_rest_tree_json&manage=1 HTTP/1.1" 200 342
116.225.121.189 - - [06/Oct/2022:08:52:32 +0800] "GET /xingrg/all/function/internal_message.html?_=1665017402667&CODE_STATE=getMsg HTTP/1.1" 200 27
116.237.76.114 - - [06/Oct/2022:08:52:32 +0800] "GET /xingrg/all/function/internal_message.html?_=1665017544888&CODE_STATE=count HTTP/1.1" 200 11
116.237.76.114 - - [06/Oct/2022:08:52:32 +0800] "GET /xingrg/check_reg.html?_=1665017544889 HTTP/1.1" 200 22
116.237.76.114 - - [06/Oct/2022:08:52:32 +0800] "POST /xingrg/load_menu.html HTTP/1.1" 200 5138
116.225.121.189 - - [06/Oct/2022:08:52:32 +0800] "POST /xingrg/kc/buy/cgsh_order_operate.html HTTP/1.1" 200 37
116.237.76.114 - - [06/Oct/2022:08:52:33 +0800] "GET /xingrg/kc/buy/buy_main.html HTTP/1.1" 200 12412
116.237.76.114 - - [06/Oct/2022:08:52:33 +0800] "GET /xingrg/css/new_ie.css HTTP/1.1" 404 1036
116.225.121.189 - - [06/Oct/2022:08:52:34 +0800] "POST /xingrg/kc/buy/cgsh_order_operate.html HTTP/1.1" 200 3252
116.237.76.114 - - [06/Oct/2022:08:52:34 +0800] "GET /xingrg/images/yd/bt.gif HTTP/1.1" 404 1040
221.239.141.151 - - [06/Oct/2022:08:52:34 +0800] "GET /xingrg/all/function/internal_message.html?_=1665017568247&CODE_STATE=getMsg HTTP/1.1" 200 27
116.238.194.138 - - [06/Oct/2022:08:52:35 +0800] "GET /xingrg/kc/base/wldb_order_operate.html?command=get_materiel&rest_code=00150&base_code=0010445&code=00101019306 HTTP/1.1" 200 479
116.237.76.114 - - [06/Oct/2022:08:52:35 +0800] "GET /xingrg/kc/buy/cgsh_order_list.html HTTP/1.1" 200 53179
116.225.121.189 - - [06/Oct/2022:08:52:36 +0800] "GET /xingrg/kc/print/load_data.html?order_code=212022100601828&kc_code=cgsh&condition= HTTP/1.1" 200 945
116.237.76.114 - - [06/Oct/2022:08:52:37 +0800] "POST /xingrg/kc/buy/cgsh_list_operate.html HTTP/1.1" 200 986
116.237.76.114 - - [06/Oct/2022:08:52:39 +0800] "GET /xingrg/kc/buy/cgsh_order_add.html HTTP/1.1" 200 68961
116.237.76.114 - - [06/Oct/2022:08:52:39 +0800] "GET /xingrg/words/20221005172558_words.js HTTP/1.1" 304 -
116.237.76.114 - - [06/Oct/2022:08:52:39 +0800] "GET /xingrg/all/common/auto_word.html?type=employee&rest_code=00106 HTTP/1.1" 200 205
116.237.76.114 - - [06/Oct/2022:08:52:39 +0800] "GET /xingrg/javascript/easyui/themes/default/validatebox.css HTTP/1.1" 404 1104
116.237.76.114 - - [06/Oct/2022:08:52:39 +0800] "GET /xingrg/all/common/auto_word.html?type=employee&rest_code=00106 HTTP/1.1" 200 205
116.237.76.114 - - [06/Oct/2022:08:52:39 +0800] "POST /xingrg/kc/buy/cgsh_order_operate.html HTTP/1.1" 200 8245
116.230.105.139 - - [06/Oct/2022:08:52:39 +0800] "POST /xingrg/services/DataTransmitService HTTP/1.1" 200 524
116.237.76.114 - - [06/Oct/2022:08:52:40 +0800] "GET /xingrg/javascript/easyui/themes/default/tree.css HTTP/1.1" 404 1090
116.237.76.114 - - [06/Oct/2022:08:52:40 +0800] "POST /xingrg/all/common/load_tree.html?tree=supplier_tree_json&isDelete=1 HTTP/1.1" 200 69036
120.253.135.82 - - [06/Oct/2022:08:52:41 +0800] "GET /xingrg/all/function/internal_message.html?_=1665017673471&CODE_STATE=getMsg HTTP/1.1" 200 27
116.238.194.138 - - [06/Oct/2022:08:52:43 +0800] "GET /xingrg/kc/base/wldb_order_operate.html?command=get_materiel&rest_code=00150&base_code=0010445&code=00101019185 HTTP/1.1" 200 469
222.70.183.206 - - [06/Oct/2022:08:52:48 +0800] "GET /xingrg/all/function/internal_message.html?_=1665017561433&CODE_STATE=getMsg HTTP/1.1" 200 27
172.20.0.100 - - [06/Oct/2022:08:52:49 +0800] "GET /xingrg/all/function/internal_message.html?_=1665017564588&CODE_STATE=getMsg HTTP/1.1" 200 27
116.230.114.213 - - [06/Oct/2022:08:52:49 +0800] "GET /xingrg/all/function/internal_message.html?_=1665017579031&CODE_STATE=getMsg HTTP/1.1" 200 27
120.253.135.82 - - [06/Oct/2022:08:52:51 +0800] "GET /xingrg/all/function/internal_message.html?_=1665017364692&CODE_STATE=getMsg HTTP/1.1" 200 27
116.238.194.138 - - [06/Oct/2022:08:52:57 +0800] "GET /xingrg/kc/base/wldb_order_operate.html?command=get_materiel&rest_code=00150&base_code=0010445&code=00101019253 HTTP/1.1" 200 482
116.230.105.139 - - [06/Oct/2022:08:52:58 +0800] "GET /xingrg/all/function/internal_message.html?_=1665017551314&CODE_STATE=getMsg HTTP/1.1" 200 27
116.237.76.114 - - [06/Oct/2022:08:52:59 +0800] "GET /xingrg/javascript/auto/indicator.gif HTTP/1.1" 404 1066
116.238.194.138 - - [06/Oct/2022:08:53:04 +0800] "GET /xingrg/kc/base/wldb_order_operate.html?command=get_materiel&rest_code=00150&base_code=0010445&code=00101016076 HTTP/1.1" 200 477
116.237.76.114 - - [06/Oct/2022:08:53:04 +0800] "GET /xingrg/kc/buy/cgsh_order_operate.html?command=get_materiel&rest_code=00106&code=00101008234&supplier_code=00100007&order_time=2022-10-06 HTTP/1.1" 200 408
221.239.141.151 - - [06/Oct/2022:08:53:12 +0800] "GET /xingrg/all/function/internal_message.html?_=1665017588778&CODE_STATE=getMsg HTTP/1.1" 200 27
116.238.194.138 - - [06/Oct/2022:08:53:12 +0800] "GET /xingrg/kc/base/wldb_order_operate.html?command=get_materiel&rest_code=00150&base_code=0010445&code=00101019438 HTTP/1.1" 200 462
116.237.76.114 - - [06/Oct/2022:08:53:15 +0800] "GET /xingrg/kc/buy/cgsh_order_operate.html?command=get_materiel&rest_code=00106&code=00101008155&supplier_code=00100007&order_time=2022-10-06 HTTP/1.1" 200 408
116.238.194.138 - - [06/Oct/2022:08:53:19 +0800] "GET /xingrg/kc/base/wldb_order_operate.html?command=get_materiel&rest_code=00150&base_code=0010445&code=00101019222 HTTP/1.1" 200 453
116.238.194.138 - - [06/Oct/2022:08:53:20 +0800] "GET /xingrg/all/function/internal_message.html?_=1665017544165&CODE_STATE=getMsg HTTP/1.1" 200 27
116.237.76.114 - - [06/Oct/2022:08:53:22 +0800] "GET /xingrg/kc/buy/cgsh_order_operate.html?command=get_materiel&rest_code=00106&code=00101008331&supplier_code=00100007&order_time=2022-10-06 HTTP/1.1" 200 416
116.238.194.138 - - [06/Oct/2022:08:53:28 +0800] "GET /xingrg/kc/base/wldb_order_operate.html?command=get_materiel&rest_code=00150&base_code=0010445&code=00101016094 HTTP/1.1" 200 468
116.225.121.189 - - [06/Oct/2022:08:53:32 +0800] "GET /xingrg/check_reg.html?_=1665017462661 HTTP/1.1" 200 22
116.225.121.189 - - [06/Oct/2022:08:53:32 +0800] "GET /xingrg/all/function/internal_message.html?_=1665017462665&CODE_STATE=getMsg HTTP/1.1" 200 27
116.237.76.114 - - [06/Oct/2022:08:53:32 +0800] "GET /xingrg/all/function/internal_message.html?_=1665017604895&CODE_STATE=getMsg HTTP/1.1" 200 27
120.253.135.82 - - [06/Oct/2022:08:53:32 +0800] "GET /xingrg/check_reg.html?_=1665017405348 HTTP/1.1" 200 22
116.237.76.114 - - [06/Oct/2022:08:53:32 +0800] "GET /xingrg/kc/buy/cgsh_order_operate.html?command=get_materiel&rest_code=00106&code=00101008185&supplier_code=00100007&order_time=2022-10-06 HTTP/1.1" 200 408
221.239.141.151 - - [06/Oct/2022:08:53:34 +0800] "GET /xingrg/all/function/internal_message.html?_=1665017628259&CODE_STATE=getMsg HTTP/1.1" 200 27
116.238.194.138 - - [06/Oct/2022:08:53:35 +0800] "GET /xingrg/kc/base/wldb_order_operate.html?command=get_materiel&rest_code=00150&base_code=0010445&code=00101016001 HTTP/1.1" 200 458
116.237.76.114 - - [06/Oct/2022:08:53:40 +0800] "GET /xingrg/kc/buy/cgsh_order_operate.html?command=get_materiel&rest_code=00106&code=00101008354&supplier_code=00100007&order_time=2022-10-06 HTTP/1.1" 200 412
120.253.135.82 - - [06/Oct/2022:08:53:41 +0800] "GET /xingrg/all/function/internal_message.html?_=1665017733473&CODE_STATE=getMsg HTTP/1.1" 200 27
116.238.194.138 - - [06/Oct/2022:08:53:42 +0800] "GET /xingrg/kc/base/wldb_order_operate.html?command=get_materiel&rest_code=00150&base_code=0010445&code=00101016020 HTTP/1.1" 200 447
222.70.183.206 - - [06/Oct/2022:08:53:48 +0800] "GET /xingrg/all/function/internal_message.html?_=1665017621434&CODE_STATE=getMsg HTTP/1.1" 200 27
172.20.0.100 - - [06/Oct/2022:08:53:49 +0800] "GET /xingrg/all/function/internal_message.html?_=1665017624558&CODE_STATE=getMsg HTTP/1.1" 200 27
116.230.114.213 - - [06/Oct/2022:08:53:49 +0800] "GET /xingrg/all/function/internal_message.html?_=1665017639038&CODE_STATE=getMsg HTTP/1.1" 200 27
116.237.76.114 - - [06/Oct/2022:08:53:51 +0800] "GET /xingrg/kc/buy/cgsh_order_operate.html?command=get_materiel&rest_code=00106&code=00101008351&supplier_code=00100007&order_time=2022-10-06 HTTP/1.1" 200 408
120.253.135.82 - - [06/Oct/2022:08:53:51 +0800] "GET /xingrg/all/function/internal_message.html?_=1665017424714&CODE_STATE=getMsg HTTP/1.1" 200 27
116.238.194.138 - - [06/Oct/2022:08:53:58 +0800] "POST /xingrg/kc/base/wldb_order_operate.html HTTP/1.1" 200 37
116.230.105.139 - - [06/Oct/2022:08:53:58 +0800] "GET /xingrg/all/function/internal_message.html?_=1665017611307&CODE_STATE=getMsg HTTP/1.1" 200 27
116.237.76.114 - - [06/Oct/2022:08:54:01 +0800] "GET /xingrg/kc/buy/cgsh_order_operate.html?command=get_materiel&rest_code=00106&code=00101008110&supplier_code=00100007&order_time=2022-10-06 HTTP/1.1" 200 408
116.238.194.138 - - [06/Oct/2022:08:54:01 +0800] "POST /xingrg/kc/base/wldb_order_operate.html HTTP/1.1" 200 12
116.238.194.138 - - [06/Oct/2022:08:54:01 +0800] "POST /xingrg/kc/base/wldb_order_operate.html HTTP/1.1" 200 9758
116.238.194.138 - - [06/Oct/2022:08:54:06 +0800] "GET /xingrg/kc/base/wldb_order_info.html?code=422022100600472 HTTP/1.1" 200 26293
116.238.194.138 - - [06/Oct/2022:08:54:07 +0800] "GET /xingrg/javascript/easyui/themes/default/validatebox.css HTTP/1.1" 404 1104
116.238.194.138 - - [06/Oct/2022:08:54:07 +0800] "POST /xingrg/kc/base/wldb_order_operate.html HTTP/1.1" 200 7866
221.239.141.151 - - [06/Oct/2022:08:54:12 +0800] "GET /xingrg/check_reg.html?_=1665017648796 HTTP/1.1" 200 22
221.239.141.151 - - [06/Oct/2022:08:54:12 +0800] "GET /xingrg/all/function/internal_message.html?_=1665017648799&CODE_STATE=getMsg HTTP/1.1" 200 27
116.238.194.138 - - [06/Oct/2022:08:54:12 +0800] "GET /xingrg/kc/base/wldb_order_add.html HTTP/1.1" 200 30408
116.238.194.138 - - [06/Oct/2022:08:54:13 +0800] "POST /xingrg/kc/base/wldb_order_operate.html HTTP/1.1" 200 6806
116.238.194.138 - - [06/Oct/2022:08:54:13 +0800] "GET /xingrg/javascript/easyui/themes/default/validatebox.css HTTP/1.1" 404 1104
116.238.194.138 - - [06/Oct/2022:08:54:16 +0800] "POST /xingrg/all/common/load_combo.html?type=base HTTP/1.1" 200 3227
116.237.76.114 - - [06/Oct/2022:08:54:16 +0800] "GET /xingrg/kc/buy/cgsh_order_operate.html?command=get_materiel&rest_code=00106&code=00101008038&supplier_code=00100007&order_time=2022-10-06 HTTP/1.1" 200 412
116.238.194.138 - - [06/Oct/2022:08:54:20 +0800] "GET /xingrg/all/function/internal_message.html?_=1665017604178&CODE_STATE=getMsg HTTP/1.1" 200 27
116.237.76.114 - - [06/Oct/2022:08:54:24 +0800] "GET /xingrg/kc/buy/cgsh_order_operate.html?command=get_materiel&rest_code=00106&code=00101008163&supplier_code=00100007&order_time=2022-10-06 HTTP/1.1" 200 409
116.238.194.138 - - [06/Oct/2022:08:54:31 +0800] "GET /xingrg/kc/base/wldb_order_operate.html?command=get_materiel&rest_code=00150&base_code=0010446&code=00102002362 HTTP/1.1" 200 434
116.225.121.189 - - [06/Oct/2022:08:54:32 +0800] "GET /xingrg/all/function/internal_message.html?_=1665017522665&CODE_STATE=getMsg HTTP/1.1" 200 27
116.237.76.114 - - [06/Oct/2022:08:54:32 +0800] "GET /xingrg/all/function/internal_message.html?_=1665017664895&CODE_STATE=getMsg HTTP/1.1" 200 27
221.239.141.151 - - [06/Oct/2022:08:54:34 +0800] "GET /xingrg/all/function/internal_message.html?_=1665017688258&CODE_STATE=getMsg HTTP/1.1" 200 27
116.237.76.114 - - [06/Oct/2022:08:54:34 +0800] "GET /xingrg/kc/buy/cgsh_order_operate.html?command=get_materiel&rest_code=00106&code=00101008355&supplier_code=00100007&order_time=2022-10-06 HTTP/1.1" 200 408
116.238.194.138 - - [06/Oct/2022:08:54:35 +0800] "POST /xingrg/services/DataTransmitService HTTP/1.1" 200 524
120.253.135.82 - - [06/Oct/2022:08:54:41 +0800] "GET /xingrg/all/function/internal_message.html?_=1665017793667&CODE_STATE=getMsg HTTP/1.1" 200 27
116.237.76.114 - - [06/Oct/2022:08:54:43 +0800] "GET /xingrg/kc/buy/cgsh_order_operate.html?command=get_materiel&rest_code=00106&code=00101008264&supplier_code=00100007&order_time=2022-10-06 HTTP/1.1" 200 412
116.238.194.138 - - [06/Oct/2022:08:54:45 +0800] "POST /xingrg/kc/base/wldb_order_operate.html HTTP/1.1" 200 37
222.70.183.206 - - [06/Oct/2022:08:54:48 +0800] "GET /xingrg/all/function/internal_message.html?_=1665017681435&CODE_STATE=getMsg HTTP/1.1" 200 27
222.70.183.206 - - [06/Oct/2022:08:54:48 +0800] "GET /xingrg/check_reg.html?_=1665017681439 HTTP/1.1" 200 22
116.238.194.138 - - [06/Oct/2022:08:54:48 +0800] "POST /xingrg/kc/base/wldb_order_operate.html HTTP/1.1" 200 12
116.238.194.138 - - [06/Oct/2022:08:54:48 +0800] "POST /xingrg/kc/base/wldb_order_operate.html HTTP/1.1" 200 2655
172.20.0.100 - - [06/Oct/2022:08:54:49 +0800] "GET /xingrg/all/function/internal_message.html?_=1665017684530&CODE_STATE=getMsg HTTP/1.1" 200 27
116.230.114.213 - - [06/Oct/2022:08:54:49 +0800] "GET /xingrg/all/function/internal_message.html?_=1665017699056&CODE_STATE=getMsg HTTP/1.1" 200 27
116.238.194.138 - - [06/Oct/2022:08:54:50 +0800] "GET /xingrg/kc/base/wldb_order_info.html?code=422022100600473 HTTP/1.1" 200 26292
116.238.194.138 - - [06/Oct/2022:08:54:51 +0800] "GET /xingrg/javascript/easyui/themes/default/validatebox.css HTTP/1.1" 404 1104
116.238.194.138 - - [06/Oct/2022:08:54:51 +0800] "POST /xingrg/kc/base/wldb_order_operate.html HTTP/1.1" 200 938
120.253.135.82 - - [06/Oct/2022:08:54:51 +0800] "GET /xingrg/all/function/internal_message.html?_=1665017484721&CODE_STATE=getMsg HTTP/1.1" 200 27
