116.238.194.138 - - [06/Oct/2022:09:01:37 +0800] "POST /xingrg/kc/base/yddb_list_operate.html HTTP/1.1" 200 214
116.238.194.138 - - [06/Oct/2022:09:01:38 +0800] "GET /xingrg/kc/base/yddb_order_info.html?code=482022100600030 HTTP/1.1" 200 31158
116.238.194.138 - - [06/Oct/2022:09:01:38 +0800] "GET /xingrg/dwr/interface/AjaxComOrderService.js HTTP/1.1" 200 18264
116.238.194.138 - - [06/Oct/2022:09:01:38 +0800] "GET /xingrg/dwr/interface/AjaxYddbService.js HTTP/1.1" 200 13201
116.238.194.138 - - [06/Oct/2022:09:01:38 +0800] "GET /xingrg/dwr/engine.js HTTP/1.1" 200 43631
116.238.194.138 - - [06/Oct/2022:09:01:38 +0800] "POST /xingrg/dwr/call/plaincall/AjaxYddbService.loadMaterielItems.dwr HTTP/1.1" 200 450
120.253.135.82 - - [06/Oct/2022:09:01:39 +0800] "GET /xingrg/check_reg.html?_=1665018212290 HTTP/1.1" 200 22
120.253.135.82 - - [06/Oct/2022:09:01:41 +0800] "GET /xingrg/all/function/internal_message.html?_=1665018213926&CODE_STATE=getMsg HTTP/1.1" 200 27
116.238.194.138 - - [06/Oct/2022:09:01:41 +0800] "POST /xingrg/dwr/call/plaincall/AjaxYddbService.saveOrder.dwr HTTP/1.1" 200 78
116.238.194.138 - - [06/Oct/2022:09:01:45 +0800] "POST /xingrg/dwr/call/plaincall/AjaxYddbService.objCheckOrder.dwr HTTP/1.1" 200 78
116.238.194.138 - - [06/Oct/2022:09:01:45 +0800] "GET /xingrg/kc/base/yddb_order_info.html?code=482022100600030 HTTP/1.1" 200 31283
116.238.194.138 - - [06/Oct/2022:09:01:45 +0800] "GET /xingrg/dwr/interface/AjaxYddbService.js HTTP/1.1" 200 13201
116.238.194.138 - - [06/Oct/2022:09:01:45 +0800] "GET /xingrg/dwr/interface/AjaxComOrderService.js HTTP/1.1" 200 18264
116.238.194.138 - - [06/Oct/2022:09:01:45 +0800] "GET /xingrg/dwr/engine.js HTTP/1.1" 200 43631
116.238.194.138 - - [06/Oct/2022:09:01:46 +0800] "POST /xingrg/dwr/call/plaincall/AjaxYddbService.loadMaterielItems.dwr HTTP/1.1" 200 450
222.70.183.206 - - [06/Oct/2022:09:01:48 +0800] "GET /xingrg/all/function/internal_message.html?_=1665018101436&CODE_STATE=getMsg HTTP/1.1" 200 27
116.238.194.138 - - [06/Oct/2022:09:01:48 +0800] "POST /xingrg/kc/base/yddb_list_operate.html HTTP/1.1" 200 635
172.20.0.100 - - [06/Oct/2022:09:01:49 +0800] "GET /xingrg/all/function/internal_message.html?_=1665018104337&CODE_STATE=getMsg HTTP/1.1" 200 27
116.238.194.138 - - [06/Oct/2022:09:01:49 +0800] "GET /xingrg/kc/base/yddb_order_info.html?code=482022100600029 HTTP/1.1" 200 31158
116.238.194.138 - - [06/Oct/2022:09:01:49 +0800] "GET /xingrg/dwr/interface/AjaxComOrderService.js HTTP/1.1" 200 18264
116.238.194.138 - - [06/Oct/2022:09:01:49 +0800] "GET /xingrg/dwr/interface/AjaxYddbService.js HTTP/1.1" 200 13201
116.238.194.138 - - [06/Oct/2022:09:01:49 +0800] "GET /xingrg/dwr/engine.js HTTP/1.1" 200 43631
116.230.114.213 - - [06/Oct/2022:09:01:49 +0800] "GET /xingrg/all/function/internal_message.html?_=1665018119148&CODE_STATE=getMsg HTTP/1.1" 200 27
116.238.194.138 - - [06/Oct/2022:09:01:49 +0800] "POST /xingrg/dwr/call/plaincall/AjaxYddbService.loadMaterielItems.dwr HTTP/1.1" 200 3750
120.253.135.82 - - [06/Oct/2022:09:01:51 +0800] "GET /xingrg/all/function/internal_message.html?_=1665017904895&CODE_STATE=getMsg HTTP/1.1" 200 27
116.238.194.138 - - [06/Oct/2022:09:01:53 +0800] "POST /xingrg/dwr/call/plaincall/AjaxYddbService.saveOrder.dwr HTTP/1.1" 200 78
116.238.194.138 - - [06/Oct/2022:09:01:57 +0800] "POST /xingrg/dwr/call/plaincall/AjaxYddbService.objCheckOrder.dwr HTTP/1.1" 200 78
116.238.194.138 - - [06/Oct/2022:09:01:58 +0800] "GET /xingrg/kc/base/yddb_order_info.html?code=482022100600029 HTTP/1.1" 200 31283
116.238.194.138 - - [06/Oct/2022:09:01:58 +0800] "GET /xingrg/dwr/interface/AjaxYddbService.js HTTP/1.1" 200 13201
116.238.194.138 - - [06/Oct/2022:09:01:58 +0800] "GET /xingrg/dwr/interface/AjaxComOrderService.js HTTP/1.1" 200 18264
116.238.194.138 - - [06/Oct/2022:09:01:58 +0800] "GET /xingrg/dwr/engine.js HTTP/1.1" 200 43631
116.238.194.138 - - [06/Oct/2022:09:01:58 +0800] "POST /xingrg/dwr/call/plaincall/AjaxYddbService.loadMaterielItems.dwr HTTP/1.1" 200 3750
116.230.105.139 - - [06/Oct/2022:09:01:58 +0800] "GET /xingrg/all/function/internal_message.html?_=1665018091299&CODE_STATE=getMsg HTTP/1.1" 200 27
116.237.76.114 - - [06/Oct/2022:09:01:59 +0800] "GET /xingrg/kc/buy/cgsh_order_operate.html?command=get_materiel&rest_code=00106&code=00101008049&supplier_code=00100007&order_time=2022-10-06 HTTP/1.1" 200 408
116.238.194.138 - - [06/Oct/2022:09:02:00 +0800] "POST /xingrg/kc/base/yddb_list_operate.html HTTP/1.1" 200 456
116.238.194.138 - - [06/Oct/2022:09:02:02 +0800] "GET /xingrg/kc/base/yddb_order_info.html?code=482022100600028 HTTP/1.1" 200 31158
116.238.194.138 - - [06/Oct/2022:09:02:02 +0800] "GET /xingrg/dwr/interface/AjaxYddbService.js HTTP/1.1" 200 13201
116.238.194.138 - - [06/Oct/2022:09:02:02 +0800] "GET /xingrg/dwr/interface/AjaxComOrderService.js HTTP/1.1" 200 18264
116.238.194.138 - - [06/Oct/2022:09:02:02 +0800] "GET /xingrg/dwr/engine.js HTTP/1.1" 200 43631
116.238.194.138 - - [06/Oct/2022:09:02:02 +0800] "POST /xingrg/dwr/call/plaincall/AjaxYddbService.loadMaterielItems.dwr HTTP/1.1" 200 1487
116.238.194.138 - - [06/Oct/2022:09:02:05 +0800] "POST /xingrg/dwr/call/plaincall/AjaxYddbService.saveOrder.dwr HTTP/1.1" 200 78
116.238.194.138 - - [06/Oct/2022:09:02:09 +0800] "POST /xingrg/dwr/call/plaincall/AjaxYddbService.objCheckOrder.dwr HTTP/1.1" 200 78
116.238.194.138 - - [06/Oct/2022:09:02:10 +0800] "GET /xingrg/kc/base/yddb_order_info.html?code=482022100600028 HTTP/1.1" 200 31283
116.238.194.138 - - [06/Oct/2022:09:02:10 +0800] "GET /xingrg/dwr/interface/AjaxComOrderService.js HTTP/1.1" 200 18264
116.238.194.138 - - [06/Oct/2022:09:02:10 +0800] "GET /xingrg/dwr/interface/AjaxYddbService.js HTTP/1.1" 200 13201
116.238.194.138 - - [06/Oct/2022:09:02:10 +0800] "GET /xingrg/dwr/engine.js HTTP/1.1" 200 43631
116.238.194.138 - - [06/Oct/2022:09:02:10 +0800] "POST /xingrg/dwr/call/plaincall/AjaxYddbService.loadMaterielItems.dwr HTTP/1.1" 200 1487
221.239.141.151 - - [06/Oct/2022:09:02:12 +0800] "GET /xingrg/all/function/internal_message.html?_=1665018128788&CODE_STATE=getMsg HTTP/1.1" 200 27
116.238.194.138 - - [06/Oct/2022:09:02:13 +0800] "POST /xingrg/kc/base/yddb_list_operate.html HTTP/1.1" 200 201
116.238.194.138 - - [06/Oct/2022:09:02:14 +0800] "GET /xingrg/kc/base/yddb_order_info.html?code=482022100600026 HTTP/1.1" 200 31156
116.238.194.138 - - [06/Oct/2022:09:02:14 +0800] "GET /xingrg/dwr/interface/AjaxYddbService.js HTTP/1.1" 200 13201
116.238.194.138 - - [06/Oct/2022:09:02:14 +0800] "GET /xingrg/dwr/interface/AjaxComOrderService.js HTTP/1.1" 200 18264
116.238.194.138 - - [06/Oct/2022:09:02:14 +0800] "GET /xingrg/dwr/engine.js HTTP/1.1" 200 43631
116.238.194.138 - - [06/Oct/2022:09:02:14 +0800] "POST /xingrg/dwr/call/plaincall/AjaxYddbService.loadMaterielItems.dwr HTTP/1.1" 200 391
116.238.194.138 - - [06/Oct/2022:09:02:14 +0800] "GET /xingrg/all/function/internal_message.html?_=1665018079092&CODE_STATE=getMsg HTTP/1.1" 200 27
116.238.194.138 - - [06/Oct/2022:09:02:19 +0800] "POST /xingrg/dwr/call/plaincall/AjaxYddbService.saveOrder.dwr HTTP/1.1" 200 78
116.238.194.138 - - [06/Oct/2022:09:02:23 +0800] "POST /xingrg/dwr/call/plaincall/AjaxYddbService.objCheckOrder.dwr HTTP/1.1" 200 78
116.238.194.138 - - [06/Oct/2022:09:02:24 +0800] "GET /xingrg/kc/base/yddb_order_info.html?code=482022100600026 HTTP/1.1" 200 31281
116.238.194.138 - - [06/Oct/2022:09:02:24 +0800] "GET /xingrg/dwr/interface/AjaxYddbService.js HTTP/1.1" 200 13201
116.238.194.138 - - [06/Oct/2022:09:02:24 +0800] "GET /xingrg/dwr/interface/AjaxComOrderService.js HTTP/1.1" 200 18264
116.238.194.138 - - [06/Oct/2022:09:02:24 +0800] "GET /xingrg/dwr/engine.js HTTP/1.1" 200 43631
116.238.194.138 - - [06/Oct/2022:09:02:24 +0800] "POST /xingrg/dwr/call/plaincall/AjaxYddbService.loadMaterielItems.dwr HTTP/1.1" 200 391
116.238.194.138 - - [06/Oct/2022:09:02:27 +0800] "POST /xingrg/kc/base/yddb_list_operate.html HTTP/1.1" 200 201
116.238.194.138 - - [06/Oct/2022:09:02:28 +0800] "GET /xingrg/kc/base/yddb_order_info.html?code=482022100600027 HTTP/1.1" 200 31157
116.238.194.138 - - [06/Oct/2022:09:02:28 +0800] "GET /xingrg/dwr/interface/AjaxYddbService.js HTTP/1.1" 200 13201
116.238.194.138 - - [06/Oct/2022:09:02:28 +0800] "GET /xingrg/dwr/interface/AjaxComOrderService.js HTTP/1.1" 200 18264
116.238.194.138 - - [06/Oct/2022:09:02:28 +0800] "GET /xingrg/dwr/engine.js HTTP/1.1" 200 43631
116.238.194.138 - - [06/Oct/2022:09:02:28 +0800] "POST /xingrg/dwr/call/plaincall/AjaxYddbService.loadMaterielItems.dwr HTTP/1.1" 200 411
116.238.194.138 - - [06/Oct/2022:09:02:31 +0800] "POST /xingrg/dwr/call/plaincall/AjaxYddbService.saveOrder.dwr HTTP/1.1" 200 78
116.225.121.189 - - [06/Oct/2022:09:02:32 +0800] "GET /xingrg/all/function/internal_message.html?_=1665018002655&CODE_STATE=getMsg HTTP/1.1" 200 27
116.237.76.114 - - [06/Oct/2022:09:02:32 +0800] "GET /xingrg/check_reg.html?_=1665018144918 HTTP/1.1" 200 22
116.237.76.114 - - [06/Oct/2022:09:02:32 +0800] "GET /xingrg/all/function/internal_message.html?_=1665018144919&CODE_STATE=getMsg HTTP/1.1" 200 27
221.239.141.151 - - [06/Oct/2022:09:02:34 +0800] "GET /xingrg/all/function/internal_message.html?_=1665018168257&CODE_STATE=getMsg HTTP/1.1" 200 27
116.237.76.114 - - [06/Oct/2022:09:02:35 +0800] "GET /xingrg/kc/buy/cgsh_order_operate.html?command=get_materiel&rest_code=00106&code=00101008003&supplier_code=00100007&order_time=2022-10-06 HTTP/1.1" 200 410
116.238.194.138 - - [06/Oct/2022:09:02:36 +0800] "POST /xingrg/dwr/call/plaincall/AjaxYddbService.objCheckOrder.dwr HTTP/1.1" 200 78
116.238.194.138 - - [06/Oct/2022:09:02:36 +0800] "GET /xingrg/kc/base/yddb_order_info.html?code=482022100600027 HTTP/1.1" 200 31282
116.238.194.138 - - [06/Oct/2022:09:02:36 +0800] "GET /xingrg/dwr/interface/AjaxYddbService.js HTTP/1.1" 200 13201
116.238.194.138 - - [06/Oct/2022:09:02:36 +0800] "GET /xingrg/dwr/interface/AjaxComOrderService.js HTTP/1.1" 200 18264
116.238.194.138 - - [06/Oct/2022:09:02:36 +0800] "GET /xingrg/dwr/engine.js HTTP/1.1" 200 43631
116.238.194.138 - - [06/Oct/2022:09:02:36 +0800] "POST /xingrg/dwr/call/plaincall/AjaxYddbService.loadMaterielItems.dwr HTTP/1.1" 200 411
116.238.194.138 - - [06/Oct/2022:09:02:40 +0800] "POST /xingrg/kc/base/yddb_list_operate.html HTTP/1.1" 200 643
116.238.194.138 - - [06/Oct/2022:09:02:41 +0800] "GET /xingrg/kc/base/yddb_order_info.html?code=482022100300013 HTTP/1.1" 200 31159
116.238.194.138 - - [06/Oct/2022:09:02:41 +0800] "GET /xingrg/dwr/interface/AjaxYddbService.js HTTP/1.1" 200 13201
116.238.194.138 - - [06/Oct/2022:09:02:41 +0800] "GET /xingrg/dwr/interface/AjaxComOrderService.js HTTP/1.1" 200 18264
116.238.194.138 - - [06/Oct/2022:09:02:41 +0800] "GET /xingrg/dwr/engine.js HTTP/1.1" 200 43631
116.238.194.138 - - [06/Oct/2022:09:02:41 +0800] "POST /xingrg/dwr/call/plaincall/AjaxYddbService.loadMaterielItems.dwr HTTP/1.1" 200 2265
120.253.135.82 - - [06/Oct/2022:09:02:41 +0800] "GET /xingrg/all/function/internal_message.html?_=1665018273939&CODE_STATE=getMsg HTTP/1.1" 200 27
116.237.76.114 - - [06/Oct/2022:09:02:41 +0800] "POST /xingrg/kc/buy/cgsh_order_operate.html HTTP/1.1" 200 2065
221.239.141.151 - - [06/Oct/2022:09:02:42 +0800] "GET /xingrg/kc/buy/cgsh_order_operate.html?command=get_materiel&rest_code=00102&code=00101006065&supplier_code=00100096&order_time=2022-10-06 HTTP/1.1" 200 409
116.238.194.138 - - [06/Oct/2022:09:02:44 +0800] "POST /xingrg/dwr/call/plaincall/AjaxYddbService.saveOrder.dwr HTTP/1.1" 200 78
116.237.76.114 - - [06/Oct/2022:09:02:47 +0800] "POST /xingrg/kc/buy/cgsh_order_operate.html HTTP/1.1" 200 37
222.70.183.206 - - [06/Oct/2022:09:02:48 +0800] "GET /xingrg/all/function/internal_message.html?_=1665018161437&CODE_STATE=getMsg HTTP/1.1" 200 27
116.238.194.138 - - [06/Oct/2022:09:02:48 +0800] "POST /xingrg/dwr/call/plaincall/AjaxYddbService.objCheckOrder.dwr HTTP/1.1" 200 78
172.20.0.100 - - [06/Oct/2022:09:02:48 +0800] "GET /xingrg/all/function/internal_message.html?_=1665018164308&CODE_STATE=getMsg HTTP/1.1" 200 27
116.238.194.138 - - [06/Oct/2022:09:02:49 +0800] "GET /xingrg/kc/base/yddb_order_info.html?code=482022100300013 HTTP/1.1" 200 31284
116.238.194.138 - - [06/Oct/2022:09:02:49 +0800] "GET /xingrg/dwr/interface/AjaxYddbService.js HTTP/1.1" 200 13201
116.238.194.138 - - [06/Oct/2022:09:02:49 +0800] "GET /xingrg/dwr/interface/AjaxComOrderService.js HTTP/1.1" 200 18264
116.238.194.138 - - [06/Oct/2022:09:02:49 +0800] "GET /xingrg/dwr/engine.js HTTP/1.1" 200 43631
116.238.194.138 - - [06/Oct/2022:09:02:49 +0800] "POST /xingrg/dwr/call/plaincall/AjaxYddbService.loadMaterielItems.dwr HTTP/1.1" 200 2265
116.230.114.213 - - [06/Oct/2022:09:02:49 +0800] "GET /xingrg/all/function/internal_message.html?_=1665018179165&CODE_STATE=getMsg HTTP/1.1" 200 27
120.253.135.82 - - [06/Oct/2022:09:02:51 +0800] "GET /xingrg/all/function/internal_message.html?_=1665017964937&CODE_STATE=getMsg HTTP/1.1" 200 27
116.238.194.138 - - [06/Oct/2022:09:02:53 +0800] "POST /xingrg/kc/base/yddb_list_operate.html HTTP/1.1" 200 636
116.238.194.138 - - [06/Oct/2022:09:02:56 +0800] "GET /xingrg/kc/buy/cgsh_order_list.html HTTP/1.1" 200 53183
116.238.194.138 - - [06/Oct/2022:09:02:57 +0800] "POST /xingrg/kc/buy/cgsh_list_operate.html HTTP/1.1" 200 986
116.230.105.139 - - [06/Oct/2022:09:02:58 +0800] "GET /xingrg/all/function/internal_message.html?_=1665018151314&CODE_STATE=getMsg HTTP/1.1" 200 27
116.230.114.213 - - [06/Oct/2022:09:03:04 +0800] "POST /xingrg/services/DataTransmitService HTTP/1.1" 200 524
116.238.194.138 - - [06/Oct/2022:09:03:04 +0800] "GET /xingrg/kc/buy/cgsh_order_add.html HTTP/1.1" 200 68571
116.238.194.138 - - [06/Oct/2022:09:03:05 +0800] "POST /xingrg/kc/buy/cgsh_order_operate.html HTTP/1.1" 200 8245
116.238.194.138 - - [06/Oct/2022:09:03:05 +0800] "GET /xingrg/javascript/easyui/themes/default/validatebox.css HTTP/1.1" 404 1104
116.230.114.213 - - [06/Oct/2022:09:03:05 +0800] "POST /xingrg/services/DataTransmitService HTTP/1.1" 200 412
221.239.141.151 - - [06/Oct/2022:09:03:12 +0800] "GET /xingrg/all/function/internal_message.html?_=1665018188788&CODE_STATE=getMsg HTTP/1.1" 200 27
116.238.194.138 - - [06/Oct/2022:09:03:13 +0800] "GET /xingrg/javascript/auto/indicator.gif HTTP/1.1" 404 1066
116.238.194.138 - - [06/Oct/2022:09:03:15 +0800] "GET /xingrg/all/function/internal_message.html?_=1665018139106&CODE_STATE=getMsg HTTP/1.1" 200 27
116.238.194.138 - - [06/Oct/2022:09:03:20 +0800] "GET /xingrg/kc/buy/cgsh_order_operate.html?command=get_materiel&rest_code=00151&code=00101008323&supplier_code=00100008&order_time=2022-10-06 HTTP/1.1" 200 408
116.238.194.138 - - [06/Oct/2022:09:03:30 +0800] "GET /xingrg/kc/buy/cgsh_order_operate.html?command=get_materiel&rest_code=00151&code=00101008132&supplier_code=00100008&order_time=2022-10-06 HTTP/1.1" 200 408
221.239.141.151 - - [06/Oct/2022:09:03:31 +0800] "GET /xingrg/kc/buy/cgsh_order_operate.html?command=get_materiel&rest_code=00102&code=00101006055&supplier_code=00100096&order_time=2022-10-06 HTTP/1.1" 200 411
116.225.121.189 - - [06/Oct/2022:09:03:32 +0800] "GET /xingrg/all/function/internal_message.html?_=1665018062659&CODE_STATE=getMsg HTTP/1.1" 200 27
116.225.121.189 - - [06/Oct/2022:09:03:32 +0800] "GET /xingrg/check_reg.html?_=1665018062662 HTTP/1.1" 200 22
120.253.135.82 - - [06/Oct/2022:09:03:32 +0800] "GET /xingrg/check_reg.html?_=1665018005516 HTTP/1.1" 200 22
221.239.141.151 - - [06/Oct/2022:09:03:34 +0800] "GET /xingrg/all/function/internal_message.html?_=1665018228254&CODE_STATE=getMsg HTTP/1.1" 200 27
116.238.194.138 - - [06/Oct/2022:09:03:40 +0800] "GET /xingrg/kc/buy/cgsh_order_operate.html?command=get_materiel&rest_code=00151&code=00101008361&supplier_code=00100008&order_time=2022-10-06 HTTP/1.1" 200 408
120.253.135.82 - - [06/Oct/2022:09:03:41 +0800] "GET /xingrg/all/function/internal_message.html?_=1665018333953&CODE_STATE=getMsg HTTP/1.1" 200 27
222.70.183.206 - - [06/Oct/2022:09:03:48 +0800] "GET /xingrg/all/function/internal_message.html?_=1665018221438&CODE_STATE=getMsg HTTP/1.1" 200 27
116.238.194.138 - - [06/Oct/2022:09:03:48 +0800] "GET /xingrg/kc/buy/cgsh_order_operate.html?command=get_materiel&rest_code=00151&code=00101008004&supplier_code=00100008&order_time=2022-10-06 HTTP/1.1" 200 416
172.20.0.100 - - [06/Oct/2022:09:03:48 +0800] "GET /xingrg/all/function/internal_message.html?_=1665018224294&CODE_STATE=getMsg HTTP/1.1" 200 27
116.230.114.213 - - [06/Oct/2022:09:03:49 +0800] "GET /xingrg/all/function/internal_message.html?_=1665018239174&CODE_STATE=getMsg HTTP/1.1" 200 27
120.253.135.82 - - [06/Oct/2022:09:03:51 +0800] "GET /xingrg/all/function/internal_message.html?_=1665018024939&CODE_STATE=getMsg HTTP/1.1" 200 27
116.238.194.138 - - [06/Oct/2022:09:03:56 +0800] "GET /xingrg/kc/buy/cgsh_order_operate.html?command=get_materiel&rest_code=00151&code=00101008372&supplier_code=00100008&order_time=2022-10-06 HTTP/1.1" 200 408
116.230.105.139 - - [06/Oct/2022:09:03:58 +0800] "GET /xingrg/all/function/internal_message.html?_=1665018211315&CODE_STATE=getMsg HTTP/1.1" 200 27
116.238.194.138 - - [06/Oct/2022:09:04:06 +0800] "GET /xingrg/kc/buy/cgsh_order_operate.html?command=get_materiel&rest_code=00151&code=00101008300&supplier_code=00100008&order_time=2022-10-06 HTTP/1.1" 200 412
221.239.141.151 - - [06/Oct/2022:09:04:10 +0800] "GET /xingrg/kc/buy/cgsh_order_operate.html?command=get_materiel&rest_code=00102&code=00101007049&supplier_code=00100096&order_time=2022-10-06 HTTP/1.1" 200 409
221.239.141.151 - - [06/Oct/2022:09:04:12 +0800] "GET /xingrg/check_reg.html?_=1665018248793 HTTP/1.1" 200 22
221.239.141.151 - - [06/Oct/2022:09:04:12 +0800] "GET /xingrg/all/function/internal_message.html?_=1665018248794&CODE_STATE=getMsg HTTP/1.1" 200 27
116.238.194.138 - - [06/Oct/2022:09:04:14 +0800] "GET /xingrg/kc/buy/cgsh_order_operate.html?command=get_materiel&rest_code=00151&code=00101008362&supplier_code=00100008&order_time=2022-10-06 HTTP/1.1" 200 408
116.238.194.138 - - [06/Oct/2022:09:04:15 +0800] "GET /xingrg/all/function/internal_message.html?_=1665018199119&CODE_STATE=getMsg HTTP/1.1" 200 27
116.238.194.138 - - [06/Oct/2022:09:04:24 +0800] "GET /xingrg/kc/buy/cgsh_order_operate.html?command=get_materiel&rest_code=00151&code=00101008270&supplier_code=00100008&order_time=2022-10-06 HTTP/1.1" 200 412
116.225.121.189 - - [06/Oct/2022:09:04:32 +0800] "GET /xingrg/all/function/internal_message.html?_=1665018122662&CODE_STATE=getMsg HTTP/1.1" 200 27
116.238.194.138 - - [06/Oct/2022:09:04:33 +0800] "GET /xingrg/kc/buy/cgsh_order_operate.html?command=get_materiel&rest_code=00151&code=00101008077&supplier_code=00100008&order_time=2022-10-06 HTTP/1.1" 200 416
221.239.141.151 - - [06/Oct/2022:09:04:34 +0800] "GET /xingrg/all/function/internal_message.html?_=1665018288253&CODE_STATE=getMsg HTTP/1.1" 200 27
120.253.135.82 - - [06/Oct/2022:09:04:41 +0800] "GET /xingrg/all/function/internal_message.html?_=1665018394101&CODE_STATE=getMsg HTTP/1.1" 200 27
116.238.194.138 - - [06/Oct/2022:09:04:43 +0800] "GET /xingrg/kc/buy/cgsh_order_operate.html?command=get_materiel&rest_code=00151&code=00101008223&supplier_code=00100008&order_time=2022-10-06 HTTP/1.1" 200 412
221.239.141.151 - - [06/Oct/2022:09:04:47 +0800] "GET /xingrg/kc/buy/cgsh_order_operate.html?command=get_materiel&rest_code=00102&code=00101007033&supplier_code=00100096&order_time=2022-10-06 HTTP/1.1" 200 417
222.70.183.206 - - [06/Oct/2022:09:04:48 +0800] "GET /xingrg/all/function/internal_message.html?_=1665018281430&CODE_STATE=getMsg HTTP/1.1" 200 27
222.70.183.206 - - [06/Oct/2022:09:04:48 +0800] "GET /xingrg/check_reg.html?_=1665018281426 HTTP/1.1" 200 22
172.20.0.100 - - [06/Oct/2022:09:04:48 +0800] "GET /xingrg/all/function/internal_message.html?_=1665018284278&CODE_STATE=getMsg HTTP/1.1" 200 27
116.230.114.213 - - [06/Oct/2022:09:04:49 +0800] "GET /xingrg/all/function/internal_message.html?_=1665018299196&CODE_STATE=getMsg HTTP/1.1" 200 27
116.237.76.114 - - [06/Oct/2022:09:04:50 +0800] "GET /xingrg/all/function/internal_message.html?_=1665018282861&CODE_STATE=getMsg HTTP/1.1" 200 27
116.238.194.138 - - [06/Oct/2022:09:04:50 +0800] "GET /xingrg/kc/buy/cgsh_order_operate.html?command=get_materiel&rest_code=00151&code=00101008286&supplier_code=00100008&order_time=2022-10-06 HTTP/1.1" 200 408
116.237.76.114 - - [06/Oct/2022:09:04:50 +0800] "POST /xingrg/kc/buy/cgsh_order_operate.html HTTP/1.1" 200 20393
120.253.135.82 - - [06/Oct/2022:09:04:51 +0800] "GET /xingrg/all/function/internal_message.html?_=1665018084951&CODE_STATE=getMsg HTTP/1.1" 200 27
116.238.194.138 - - [06/Oct/2022:09:04:57 +0800] "GET /xingrg/kc/buy/cgsh_order_operate.html?command=get_materiel&rest_code=00151&code=00101008131&supplier_code=00100008&order_time=2022-10-06 HTTP/1.1" 200 408
116.230.105.139 - - [06/Oct/2022:09:04:58 +0800] "GET /xingrg/all/function/internal_message.html?_=1665018271308&CODE_STATE=getMsg HTTP/1.1" 200 27
116.238.194.138 - - [06/Oct/2022:09:05:05 +0800] "GET /xingrg/kc/buy/cgsh_order_operate.html?command=get_materiel&rest_code=00151&code=00101008169&supplier_code=00100008&order_time=2022-10-06 HTTP/1.1" 200 412
221.239.141.151 - - [06/Oct/2022:09:05:12 +0800] "GET /xingrg/all/function/internal_message.html?_=1665018308785&CODE_STATE=getMsg HTTP/1.1" 200 27
116.238.194.138 - - [06/Oct/2022:09:05:12 +0800] "GET /xingrg/kc/buy/cgsh_order_operate.html?command=get_materiel&rest_code=00151&code=00101008005&supplier_code=00100008&order_time=2022-10-06 HTTP/1.1" 200 412
116.237.76.114 - - [06/Oct/2022:09:05:13 +0800] "GET /xingrg/kc/buy/cgsh_order_operate.html?command=get_materiel&rest_code=00106&code=00101008141&supplier_code=00100007&order_time=2022-10-06 HTTP/1.1" 200 412
116.238.194.138 - - [06/Oct/2022:09:05:15 +0800] "GET /xingrg/all/function/internal_message.html?_=1665018259133&CODE_STATE=getMsg HTTP/1.1" 200 27
116.238.194.138 - - [06/Oct/2022:09:05:21 +0800] "GET /xingrg/kc/buy/cgsh_order_operate.html?command=get_materiel&rest_code=00151&code=00101008353&supplier_code=00100008&order_time=2022-10-06 HTTP/1.1" 200 408
116.237.76.114 - - [06/Oct/2022:09:05:23 +0800] "GET /xingrg/kc/buy/cgsh_order_operate.html?command=get_materiel&rest_code=00106&code=00101008361&supplier_code=00100007&order_time=2022-10-06 HTTP/1.1" 200 408
116.238.194.138 - - [06/Oct/2022:09:05:30 +0800] "GET /xingrg/kc/buy/cgsh_order_operate.html?command=get_materiel&rest_code=00151&code=00101008095&supplier_code=00100008&order_time=2022-10-06 HTTP/1.1" 200 412
116.225.121.189 - - [06/Oct/2022:09:05:32 +0800] "GET /xingrg/all/function/internal_message.html?_=1665018182662&CODE_STATE=getMsg HTTP/1.1" 200 27
221.239.141.151 - - [06/Oct/2022:09:05:34 +0800] "GET /xingrg/all/function/internal_message.html?_=1665018348266&CODE_STATE=getMsg HTTP/1.1" 200 27
116.237.76.114 - - [06/Oct/2022:09:05:35 +0800] "GET /xingrg/kc/buy/cgsh_order_operate.html?command=get_materiel&rest_code=00106&code=00101008297&supplier_code=00100007&order_time=2022-10-06 HTTP/1.1" 200 412
116.238.194.138 - - [06/Oct/2022:09:05:37 +0800] "GET /xingrg/kc/buy/cgsh_order_operate.html?command=get_materiel&rest_code=00151&code=00101008017&supplier_code=00100008&order_time=2022-10-06 HTTP/1.1" 200 416
116.230.114.213 - - [06/Oct/2022:09:05:40 +0800] "GET /xingrg/check_reg.html?_=1665018350207 HTTP/1.1" 200 22
120.253.135.82 - - [06/Oct/2022:09:05:41 +0800] "GET /xingrg/all/function/internal_message.html?_=1665018454107&CODE_STATE=getMsg HTTP/1.1" 200 27
116.238.194.138 - - [06/Oct/2022:09:05:47 +0800] "GET /xingrg/kc/buy/cgsh_order_operate.html?command=get_materiel&rest_code=00151&code=00101008089&supplier_code=00100008&order_time=2022-10-06 HTTP/1.1" 200 408
222.70.183.206 - - [06/Oct/2022:09:05:48 +0800] "GET /xingrg/all/function/internal_message.html?_=1665018341430&CODE_STATE=getMsg HTTP/1.1" 200 27
172.20.0.100 - - [06/Oct/2022:09:05:48 +0800] "GET /xingrg/all/function/internal_message.html?_=1665018344250&CODE_STATE=getMsg HTTP/1.1" 200 27
116.230.114.213 - - [06/Oct/2022:09:05:49 +0800] "GET /xingrg/all/function/internal_message.html?_=1665018359201&CODE_STATE=getMsg HTTP/1.1" 200 27
116.237.76.114 - - [06/Oct/2022:09:05:50 +0800] "GET /xingrg/all/function/internal_message.html?_=1665018342919&CODE_STATE=getMsg HTTP/1.1" 200 27
120.253.135.82 - - [06/Oct/2022:09:05:51 +0800] "GET /xingrg/all/function/internal_message.html?_=1665018144994&CODE_STATE=getMsg HTTP/1.1" 200 27
114.84.81.136 - - [06/Oct/2022:09:05:54 +0800] "POST /xingrg/services/DataTransmitService HTTP/1.1" 200 524
116.238.194.138 - - [06/Oct/2022:09:05:57 +0800] "GET /xingrg/kc/buy/cgsh_order_operate.html?command=get_materiel&rest_code=00151&code=00101008257&supplier_code=00100008&order_time=2022-10-06 HTTP/1.1" 200 416
116.230.105.139 - - [06/Oct/2022:09:05:58 +0800] "GET /xingrg/all/function/internal_message.html?_=1665018331321&CODE_STATE=getMsg HTTP/1.1" 200 27
116.230.105.139 - - [06/Oct/2022:09:05:58 +0800] "GET /xingrg/check_reg.html?_=1665018331321 HTTP/1.1" 200 22
116.238.194.138 - - [06/Oct/2022:09:06:10 +0800] "GET /xingrg/kc/buy/cgsh_order_operate.html?command=get_materiel&rest_code=00151&code=00101008440&supplier_code=00100008&order_time=2022-10-06 HTTP/1.1" 200 412
172.20.0.100 - - [06/Oct/2022:09:06:12 +0800] "GET /xingrg/check_reg.html?_=1665018367657 HTTP/1.1" 200 22
116.238.194.138 - - [06/Oct/2022:09:06:14 +0800] "GET /xingrg/check_reg.html?_=1665018319084 HTTP/1.1" 200 22
116.238.194.138 - - [06/Oct/2022:09:06:15 +0800] "GET /xingrg/all/function/internal_message.html?_=1665018319146&CODE_STATE=getMsg HTTP/1.1" 200 27
221.239.141.151 - - [06/Oct/2022:09:06:15 +0800] "POST /xingrg/kc/buy/cgsh_order_operate.html HTTP/1.1" 200 37
116.238.194.138 - - [06/Oct/2022:09:06:16 +0800] "POST /xingrg/kc/buy/cgsh_order_operate.html HTTP/1.1" 200 2065
116.238.194.138 - - [06/Oct/2022:09:06:22 +0800] "GET /xingrg/kc/buy/cgsh_order_operate.html?command=get_materiel&rest_code=00151&code=00101008111&supplier_code=00100008&order_time=2022-10-06 HTTP/1.1" 200 413
116.237.76.114 - - [06/Oct/2022:09:06:25 +0800] "POST /xingrg/kc/buy/cgsh_order_operate.html HTTP/1.1" 200 2065
221.239.141.151 - - [06/Oct/2022:09:06:25 +0800] "POST /xingrg/kc/buy/cgsh_order_operate.html HTTP/1.1" 200 12
116.238.194.138 - - [06/Oct/2022:09:06:28 +0800] "POST /xingrg/kc/buy/cgsh_order_operate.html HTTP/1.1" 200 37
221.239.141.151 - - [06/Oct/2022:09:06:28 +0800] "GET /xingrg/kc/buy/cgsh_order_info.html?code=212022100601830 HTTP/1.1" 200 63887
221.239.141.151 - - [06/Oct/2022:09:06:29 +0800] "GET /xingrg/javascript/easyui/themes/default/validatebox.css HTTP/1.1" 404 1104
221.239.141.151 - - [06/Oct/2022:09:06:29 +0800] "POST /xingrg/kc/buy/cgsh_order_operate.html HTTP/1.1" 200 7142
116.238.194.138 - - [06/Oct/2022:09:06:30 +0800] "POST /xingrg/kc/buy/cgsh_order_operate.html HTTP/1.1" 200 14669
221.239.141.151 - - [06/Oct/2022:09:06:32 +0800] "GET /xingrg/kc/print/load_config.html?kc_code=cgsh HTTP/1.1" 200 1943
221.239.141.151 - - [06/Oct/2022:09:06:32 +0800] "GET /xingrg/kc/print/load_data.html?order_code=212022100601830&kc_code=cgsh&condition= HTTP/1.1" 200 3161
116.225.121.189 - - [06/Oct/2022:09:06:32 +0800] "GET /xingrg/all/function/internal_message.html?_=1665018242663&CODE_STATE=getMsg HTTP/1.1" 200 27
116.237.76.114 - - [06/Oct/2022:09:06:32 +0800] "GET /xingrg/kc/buy/cgsh_order_operate.html?command=get_materiel&rest_code=00106&code=00101008027&supplier_code=00100007&order_time=2022-10-06 HTTP/1.1" 200 411
221.239.141.151 - - [06/Oct/2022:09:06:34 +0800] "GET /xingrg/check_reg.html?_=1665018408264 HTTP/1.1" 200 22
221.239.141.151 - - [06/Oct/2022:09:06:34 +0800] "GET /xingrg/all/function/internal_message.html?_=1665018408267&CODE_STATE=getMsg HTTP/1.1" 200 27
120.253.135.82 - - [06/Oct/2022:09:06:39 +0800] "GET /xingrg/check_reg.html?_=1665018512353 HTTP/1.1" 200 22
120.253.135.82 - - [06/Oct/2022:09:06:41 +0800] "GET /xingrg/all/function/internal_message.html?_=1665018514118&CODE_STATE=getMsg HTTP/1.1" 200 27
222.70.183.206 - - [06/Oct/2022:09:06:48 +0800] "GET /xingrg/all/function/internal_message.html?_=1665018401431&CODE_STATE=getMsg HTTP/1.1" 200 27
114.83.219.72 - - [06/Oct/2022:09:06:48 +0800] "POST /xingrg/services/DataTransmitService HTTP/1.1" 200 524
114.83.219.72 - - [06/Oct/2022:09:06:48 +0800] "POST /xingrg/services/DataTransmitService HTTP/1.1" 200 2163
172.20.0.100 - - [06/Oct/2022:09:06:48 +0800] "GET /xingrg/all/function/internal_message.html?_=1665018404221&CODE_STATE=getMsg HTTP/1.1" 200 27
116.230.114.213 - - [06/Oct/2022:09:06:49 +0800] "GET /xingrg/all/function/internal_message.html?_=1665018419216&CODE_STATE=getMsg HTTP/1.1" 200 27
116.237.76.114 - - [06/Oct/2022:09:06:50 +0800] "GET /xingrg/all/function/internal_message.html?_=1665018402822&CODE_STATE=getMsg HTTP/1.1" 200 27
120.253.135.82 - - [06/Oct/2022:09:06:51 +0800] "GET /xingrg/all/function/internal_message.html?_=1665018205009&CODE_STATE=getMsg HTTP/1.1" 200 27
114.83.219.72 - - [06/Oct/2022:09:06:55 +0800] "POST /xingrg/services/DataTransmitService HTTP/1.1" 200 524
116.230.105.139 - - [06/Oct/2022:09:06:58 +0800] "GET /xingrg/all/function/internal_message.html?_=1665018391317&CODE_STATE=getMsg HTTP/1.1" 200 27
221.239.141.151 - - [06/Oct/2022:09:07:12 +0800] "GET /xingrg/all/function/internal_message.html?_=1665018428816&CODE_STATE=getMsg HTTP/1.1" 200 27
116.238.194.138 - - [06/Oct/2022:09:07:15 +0800] "GET /xingrg/all/function/internal_message.html?_=1665018379160&CODE_STATE=getMsg HTTP/1.1" 200 27
116.225.121.189 - - [06/Oct/2022:09:07:32 +0800] "GET /xingrg/all/function/internal_message.html?_=1665018302662&CODE_STATE=getMsg HTTP/1.1" 200 27
116.237.76.114 - - [06/Oct/2022:09:07:32 +0800] "GET /xingrg/check_reg.html?_=1665018444896 HTTP/1.1" 200 22
221.239.141.151 - - [06/Oct/2022:09:07:34 +0800] "GET /xingrg/all/function/internal_message.html?_=1665018468262&CODE_STATE=getMsg HTTP/1.1" 200 27
114.83.219.72 - - [06/Oct/2022:09:07:36 +0800] "POST /xingrg/services/DataTransmitService HTTP/1.1" 200 501
114.83.219.72 - - [06/Oct/2022:09:07:36 +0800] "POST /xingrg/services/DataTransmitService HTTP/1.1" 200 501
114.83.219.72 - - [06/Oct/2022:09:07:37 +0800] "POST /xingrg/services/DataTransmitService HTTP/1.1" 200 501
114.83.219.72 - - [06/Oct/2022:09:07:39 +0800] "POST /xingrg/services/DataTransmitService HTTP/1.1" 200 501
114.83.219.72 - - [06/Oct/2022:09:07:40 +0800] "POST /xingrg/services/DataTransmitService HTTP/1.1" 200 501
114.83.219.72 - - [06/Oct/2022:09:07:40 +0800] "POST /xingrg/services/DataTransmitService HTTP/1.1" 200 501
114.83.219.72 - - [06/Oct/2022:09:07:41 +0800] "POST /xingrg/services/DataTransmitService HTTP/1.1" 200 501
120.253.135.82 - - [06/Oct/2022:09:07:41 +0800] "GET /xingrg/all/function/internal_message.html?_=1665018574133&CODE_STATE=getMsg HTTP/1.1" 200 27
114.83.219.72 - - [06/Oct/2022:09:07:42 +0800] "POST /xingrg/services/DataTransmitService HTTP/1.1" 200 501
114.83.219.72 - - [06/Oct/2022:09:07:42 +0800] "POST /xingrg/services/DataTransmitService HTTP/1.1" 200 501
114.83.219.72 - - [06/Oct/2022:09:07:44 +0800] "POST /xingrg/services/DataTransmitService HTTP/1.1" 200 412
222.70.183.206 - - [06/Oct/2022:09:07:48 +0800] "GET /xingrg/all/function/internal_message.html?_=1665018461433&CODE_STATE=getMsg HTTP/1.1" 200 27
172.20.0.100 - - [06/Oct/2022:09:07:48 +0800] "GET /xingrg/all/function/internal_message.html?_=1665018464197&CODE_STATE=getMsg HTTP/1.1" 200 27
116.230.114.213 - - [06/Oct/2022:09:07:49 +0800] "GET /xingrg/all/function/internal_message.html?_=1665018479235&CODE_STATE=getMsg HTTP/1.1" 200 27
116.237.76.114 - - [06/Oct/2022:09:07:50 +0800] "GET /xingrg/all/function/internal_message.html?_=1665018462789&CODE_STATE=getMsg HTTP/1.1" 200 27
120.253.135.82 - - [06/Oct/2022:09:07:52 +0800] "GET /xingrg/all/function/internal_message.html?_=1665018265046&CODE_STATE=getMsg HTTP/1.1" 200 27
222.70.183.206 - - [06/Oct/2022:09:07:52 +0800] "GET /xingrg/kc/buy/buy_main.html HTTP/1.1" 200 12412
222.70.183.206 - - [06/Oct/2022:09:07:52 +0800] "GET /xingrg/css/new_ie.css HTTP/1.1" 404 1036
222.70.183.206 - - [06/Oct/2022:09:07:52 +0800] "GET /xingrg/images/yd/bt.gif HTTP/1.1" 404 1040
222.70.183.206 - - [06/Oct/2022:09:07:53 +0800] "GET /xingrg/kc/buy/cgsh_order_list.html HTTP/1.1" 200 53179
222.70.183.206 - - [06/Oct/2022:09:07:54 +0800] "POST /xingrg/kc/buy/cgsh_list_operate.html HTTP/1.1" 200 986
222.70.183.206 - - [06/Oct/2022:09:07:55 +0800] "GET /xingrg/kc/buy/cgsh_order_add.html HTTP/1.1" 200 68917
222.70.183.206 - - [06/Oct/2022:09:07:55 +0800] "POST /xingrg/kc/buy/cgsh_order_operate.html HTTP/1.1" 200 8245
222.70.183.206 - - [06/Oct/2022:09:07:55 +0800] "GET /xingrg/all/common/auto_word.html?type=employee&rest_code=00111 HTTP/1.1" 200 155
222.70.183.206 - - [06/Oct/2022:09:07:55 +0800] "GET /xingrg/javascript/easyui/themes/default/validatebox.css HTTP/1.1" 404 1104
222.70.183.206 - - [06/Oct/2022:09:07:55 +0800] "GET /xingrg/all/common/auto_word.html?type=employee&rest_code=00111 HTTP/1.1" 200 155
116.238.194.138 - - [06/Oct/2022:09:07:58 +0800] "POST /xingrg/kc/buy/cgsh_order_operate.html HTTP/1.1" 200 37
116.230.105.139 - - [06/Oct/2022:09:07:58 +0800] "GET /xingrg/all/function/internal_message.html?_=1665018451316&CODE_STATE=getMsg HTTP/1.1" 200 27
222.70.183.206 - - [06/Oct/2022:09:08:00 +0800] "GET /xingrg/javascript/jquery_tools/images/next.gif HTTP/1.1" 404 1086
222.70.183.206 - - [06/Oct/2022:09:08:00 +0800] "GET /xingrg/javascript/jquery_tools/images/prev.gif HTTP/1.1" 404 1086
116.238.194.138 - - [06/Oct/2022:09:08:03 +0800] "POST /xingrg/kc/buy/cgsh_order_operate.html HTTP/1.1" 200 12
116.238.194.138 - - [06/Oct/2022:09:08:05 +0800] "GET /xingrg/kc/buy/cgsh_order_info.html?code=212022100601831 HTTP/1.1" 200 63478
116.238.194.138 - - [06/Oct/2022:09:08:06 +0800] "GET /xingrg/javascript/easyui/themes/default/validatebox.css HTTP/1.1" 404 1104
116.238.194.138 - - [06/Oct/2022:09:08:06 +0800] "POST /xingrg/kc/buy/cgsh_order_operate.html HTTP/1.1" 200 12614
116.237.76.114 - - [06/Oct/2022:09:08:07 +0800] "GET /xingrg/kc/buy/cgsh_order_operate.html?command=get_materiel&rest_code=00106&code=00101008349&supplier_code=00100007&order_time=2022-10-06 HTTP/1.1" 200 412
116.238.194.138 - - [06/Oct/2022:09:08:09 +0800] "GET /xingrg/kc/print/load_data.html?order_code=212022100601831&kc_code=cgsh&condition= HTTP/1.1" 200 5387
222.70.183.206 - - [06/Oct/2022:09:08:10 +0800] "GET /xingrg/kc/buy/cgsh_order_operate.html?command=get_materiel&rest_code=00111&code=00101007109&supplier_code=00100037&order_time=2022-10-06 HTTP/1.1" 200 408
221.239.141.151 - - [06/Oct/2022:09:08:12 +0800] "GET /xingrg/all/function/internal_message.html?_=1665018488804&CODE_STATE=getMsg HTTP/1.1" 200 27
116.238.194.138 - - [06/Oct/2022:09:08:15 +0800] "GET /xingrg/all/function/internal_message.html?_=1665018439174&CODE_STATE=getMsg HTTP/1.1" 200 27
222.70.183.206 - - [06/Oct/2022:09:08:20 +0800] "GET /xingrg/kc/buy/cgsh_order_operate.html?command=get_materiel&rest_code=00111&code=00101012025&supplier_code=00100037&order_time=2022-10-06 HTTP/1.1" 200 412
116.237.76.114 - - [06/Oct/2022:09:08:26 +0800] "GET /xingrg/kc/buy/cgsh_order_operate.html?command=get_materiel&rest_code=00106&code=00101008224&supplier_code=00100007&order_time=2022-10-06 HTTP/1.1" 200 416
116.225.121.189 - - [06/Oct/2022:09:08:32 +0800] "GET /xingrg/check_reg.html?_=1665018362663 HTTP/1.1" 200 22
116.225.121.189 - - [06/Oct/2022:09:08:32 +0800] "GET /xingrg/all/function/internal_message.html?_=1665018362666&CODE_STATE=getMsg HTTP/1.1" 200 27
120.253.135.82 - - [06/Oct/2022:09:08:32 +0800] "GET /xingrg/check_reg.html?_=1665018305525 HTTP/1.1" 200 22
120.242.1.46 - - [06/Oct/2022:09:08:33 +0800] "GET /xingrg HTTP/1.1" 302 -
120.242.1.46 - - [06/Oct/2022:09:08:34 +0800] "GET /xingrg/ HTTP/1.1" 200 292
120.242.1.46 - - [06/Oct/2022:09:08:34 +0800] "GET /xingrg/index.html HTTP/1.1" 302 -
120.242.1.46 - - [06/Oct/2022:09:08:34 +0800] "GET /xingrg/login.html HTTP/1.1" 200 2139
120.242.1.46 - - [06/Oct/2022:09:08:34 +0800] "GET /xingrg/javascript/mobile/jquery.mobile-1.3.2.min.css HTTP/1.1" 200 94670
120.242.1.46 - - [06/Oct/2022:09:08:34 +0800] "GET /xingrg/javascript/mobile/jquery-1.8.3.min.js HTTP/1.1" 200 93637
120.242.1.46 - - [06/Oct/2022:09:08:34 +0800] "GET /xingrg/javascript/mobile/jquery.mobile-1.3.2.min.js HTTP/1.1" 200 145396
221.239.141.151 - - [06/Oct/2022:09:08:34 +0800] "GET /xingrg/all/function/internal_message.html?_=1665018528260&CODE_STATE=getMsg HTTP/1.1" 200 27
120.242.1.46 - - [06/Oct/2022:09:08:34 +0800] "GET /xingrg/javascript/mobile/images/ajax-loader.gif HTTP/1.1" 200 7825
120.242.1.46 - - [06/Oct/2022:09:08:34 +0800] "GET /favicon.ico HTTP/1.1" 404 -
120.242.1.46 - - [06/Oct/2022:09:08:36 +0800] "POST /xingrg/login.do HTTP/1.1" 302 -
120.242.1.46 - - [06/Oct/2022:09:08:37 +0800] "GET /xingrg/index_mobile.html?sysBaseUrl=http%3A%2F%2F180.169.147.146%3A18081%2Fxingrg%2F&costTime=48×tamp=1665018516978 HTTP/1.1" 200 3182
120.242.1.46 - - [06/Oct/2022:09:08:37 +0800] "GET /xingrg/javascript/mobile/mobile.css HTTP/1.1" 200 347
120.242.1.46 - - [06/Oct/2022:09:08:37 +0800] "GET /xingrg/javascript/convert.js HTTP/1.1" 200 1239
120.242.1.46 - - [06/Oct/2022:09:08:37 +0800] "GET /xingrg/javascript/mobile/mobiscroll/mobiscroll.custom-2.6.2.min.css HTTP/1.1" 200 38004
120.242.1.46 - - [06/Oct/2022:09:08:37 +0800] "GET /xingrg/javascript/mobile/images/album-k.jpg HTTP/1.1" 200 4120
120.242.1.46 - - [06/Oct/2022:09:08:37 +0800] "GET /xingrg/javascript/mobile/mobiscroll/mobiscroll.custom-2.6.2.min.js HTTP/1.1" 200 43737
120.242.1.46 - - [06/Oct/2022:09:08:37 +0800] "GET /xingrg/javascript/mobile/images/icons-36-white.png HTTP/1.1" 200 3861
116.237.76.114 - - [06/Oct/2022:09:08:37 +0800] "POST /xingrg/kc/buy/cgsh_order_operate.html HTTP/1.1" 200 2065
120.242.1.46 - - [06/Oct/2022:09:08:38 +0800] "GET /xingrg/dma/mobile/column_pie.html?type=yyfx&title=%D3%AA%D2%B5%B7%D6%CE%F6 HTTP/1.1" 200 10245
120.242.1.46 - - [06/Oct/2022:09:08:38 +0800] "GET /xingrg/javascript/mobile/js/modules/exporting.js HTTP/1.1" 200 7123
120.242.1.46 - - [06/Oct/2022:09:08:38 +0800] "GET /xingrg/javascript/mobile/mobile-common.js HTTP/1.1" 200 1484
120.242.1.46 - - [06/Oct/2022:09:08:38 +0800] "GET /xingrg/javascript/mobile/js/highcharts.js HTTP/1.1" 200 134656
120.242.1.46 - - [06/Oct/2022:09:08:38 +0800] "POST /xingrg/dma/mobile/report_query.html HTTP/1.1" 200 121
120.253.135.82 - - [06/Oct/2022:09:08:41 +0800] "GET /xingrg/all/function/internal_message.html?_=1665018634154&CODE_STATE=getMsg HTTP/1.1" 200 27
120.242.1.46 - - [06/Oct/2022:09:08:44 +0800] "POST /xingrg/dma/mobile/report_query.html HTTP/1.1" 200 531
222.70.183.206 - - [06/Oct/2022:09:08:48 +0800] "GET /xingrg/all/function/internal_message.html?_=1665018521454&CODE_STATE=getMsg HTTP/1.1" 200 27
172.20.0.100 - - [06/Oct/2022:09:08:48 +0800] "GET /xingrg/all/function/internal_message.html?_=1665018524183&CODE_STATE=getMsg HTTP/1.1" 200 27
116.230.114.213 - - [06/Oct/2022:09:08:49 +0800] "GET /xingrg/all/function/internal_message.html?_=1665018539242&CODE_STATE=getMsg HTTP/1.1" 200 27
116.237.76.114 - - [06/Oct/2022:09:08:50 +0800] "GET /xingrg/all/function/internal_message.html?_=1665018522764&CODE_STATE=getMsg HTTP/1.1" 200 27
120.253.135.82 - - [06/Oct/2022:09:08:51 +0800] "GET /xingrg/all/function/internal_message.html?_=1665018325056&CODE_STATE=getMsg HTTP/1.1" 200 27
116.237.76.114 - - [06/Oct/2022:09:08:53 +0800] "GET /xingrg/kc/buy/cgsh_order_operate.html?command=get_materiel&rest_code=00106&code=00101008301&supplier_code=00100007&order_time=2022-10-06 HTTP/1.1" 200 422
116.238.194.138 - - [06/Oct/2022:09:08:53 +0800] "POST /xingrg/all/user/operate.html HTTP/1.1" 200 36
116.238.194.138 - - [06/Oct/2022:09:08:53 +0800] "GET /xingrg/index.html?sysBaseUrl=http%3A%2F%2F180.169.147.146%3A18081%2Fxingrg%2F&costTime=41×tamp=1665016588182 HTTP/1.1" 200 17179
116.238.194.138 - - [06/Oct/2022:09:08:53 +0800] "GET /xingrg/javascript/jquery_easy_ui/themes/default/easyui.css HTTP/1.1" 304 -
116.238.194.138 - - [06/Oct/2022:09:08:53 +0800] "GET /xingrg/javascript/jquery_easy_ui/themes/icon.css HTTP/1.1" 304 -
116.238.194.138 - - [06/Oct/2022:09:08:53 +0800] "GET /xingrg/css/form.css HTTP/1.1" 304 -
116.238.194.138 - - [06/Oct/2022:09:08:53 +0800] "GET /xingrg/javascript/jquery-1.4.2.min.js HTTP/1.1" 304 -
116.238.194.138 - - [06/Oct/2022:09:08:53 +0800] "GET /xingrg/javascript/jquery_easy_ui/jquery.easyui.min.js HTTP/1.1" 304 -
116.238.194.138 - - [06/Oct/2022:09:08:53 +0800] "GET /xingrg/javascript/jquery_easy_ui/easyui-lang-zh_CN.js HTTP/1.1" 304 -
116.238.194.138 - - [06/Oct/2022:09:08:53 +0800] "GET /xingrg/javascript/jquery.form.js HTTP/1.1" 304 -
116.238.194.138 - - [06/Oct/2022:09:08:53 +0800] "GET /xingrg/javascript/jquery.utils.js HTTP/1.1" 304 -
116.238.194.138 - - [06/Oct/2022:09:08:53 +0800] "GET /xingrg/javascript/jquery.timers.js HTTP/1.1" 304 -
116.238.194.138 - - [06/Oct/2022:09:08:53 +0800] "GET /xingrg/images/blue/jxLogo.png HTTP/1.1" 304 -
116.238.194.138 - - [06/Oct/2022:09:08:53 +0800] "GET /xingrg/images/blue/navBackgound.jpg HTTP/1.1" 304 -
116.238.194.138 - - [06/Oct/2022:09:08:54 +0800] "GET /xingrg/images/blue/pingpu.png HTTP/1.1" 304 -
116.238.194.138 - - [06/Oct/2022:09:08:54 +0800] "POST /xingrg/all/common/load_tree.html?tree=area_rest_tree_json&manage=1 HTTP/1.1" 200 476
116.238.194.138 - - [06/Oct/2022:09:08:54 +0800] "GET /xingrg/javascript/jquery_easy_ui/themes/icons/settle_new.png HTTP/1.1" 304 -
116.238.194.138 - - [06/Oct/2022:09:08:54 +0800] "GET /xingrg/javascript/jquery_easy_ui/themes/default/images/panel_tool_collapse.gif HTTP/1.1" 304 -
116.238.194.138 - - [06/Oct/2022:09:08:54 +0800] "GET /xingrg/all/function/internal_message.html?_=1665018478144&CODE_STATE=count HTTP/1.1" 200 11
116.238.194.138 - - [06/Oct/2022:09:08:54 +0800] "GET /xingrg/check_reg.html?_=1665018478145 HTTP/1.1" 200 22
116.238.194.138 - - [06/Oct/2022:09:08:54 +0800] "GET /xingrg/javascript/jquery_easy_ui/themes/default/images/tabs_rightarrow.png HTTP/1.1" 304 -
116.238.194.138 - - [06/Oct/2022:09:08:54 +0800] "GET /xingrg/javascript/jquery_easy_ui/themes/default/images/tree_arrows.gif HTTP/1.1" 304 -
116.238.194.138 - - [06/Oct/2022:09:08:54 +0800] "POST /xingrg/load_menu.html HTTP/1.1" 200 5138
116.238.194.138 - - [06/Oct/2022:09:08:54 +0800] "GET /xingrg/javascript/jquery_easy_ui/themes/default/images/tabs_leftarrow.png HTTP/1.1" 304 -
116.238.194.138 - - [06/Oct/2022:09:08:54 +0800] "GET /xingrg/javascript/jquery_easy_ui/themes/default/images/tree_folder_open.gif HTTP/1.1" 304 -
116.238.194.138 - - [06/Oct/2022:09:08:54 +0800] "GET /xingrg/javascript/jquery_easy_ui/themes/icons/search_new.png HTTP/1.1" 304 -
116.238.194.138 - - [06/Oct/2022:09:08:54 +0800] "GET /xingrg/javascript/jquery_easy_ui/themes/default/images/tree_folder.gif HTTP/1.1" 304 -
116.238.194.138 - - [06/Oct/2022:09:08:54 +0800] "GET /xingrg/javascript/jquery_easy_ui/themes/icons/storage_new.png HTTP/1.1" 304 -
116.238.194.138 - - [06/Oct/2022:09:08:54 +0800] "GET /xingrg/javascript/jquery_easy_ui/themes/icons/forms_new.png HTTP/1.1" 304 -
116.238.194.138 - - [06/Oct/2022:09:08:57 +0800] "GET /xingrg/javascript/jquery_easy_ui/themes/default/images/tree_file.gif HTTP/1.1" 304 -
116.238.194.138 - - [06/Oct/2022:09:08:57 +0800] "GET /xingrg/kc/buy/cgsh_order_list.html HTTP/1.1" 200 53185
116.238.194.138 - - [06/Oct/2022:09:08:58 +0800] "POST /xingrg/kc/buy/cgsh_list_operate.html HTTP/1.1" 200 986
116.230.105.139 - - [06/Oct/2022:09:08:58 +0800] "GET /xingrg/all/function/internal_message.html?_=1665018511313&CODE_STATE=getMsg HTTP/1.1" 200 27
116.238.194.138 - - [06/Oct/2022:09:09:09 +0800] "GET /xingrg/kc/buy/cgsh_order_add.html HTTP/1.1" 200 68973
116.238.194.138 - - [06/Oct/2022:09:09:09 +0800] "POST /xingrg/kc/buy/cgsh_order_operate.html HTTP/1.1" 200 8245
116.238.194.138 - - [06/Oct/2022:09:09:09 +0800] "GET /xingrg/javascript/easyui/themes/default/validatebox.css HTTP/1.1" 404 1104
116.237.76.114 - - [06/Oct/2022:09:09:09 +0800] "GET /xingrg/kc/buy/cgsh_order_operate.html?command=get_materiel&rest_code=00106&code=00101008295&supplier_code=00100007&order_time=2022-10-06 HTTP/1.1" 200 412
116.238.194.138 - - [06/Oct/2022:09:09:11 +0800] "GET /xingrg/javascript/auto/indicator.gif HTTP/1.1" 404 1066
221.239.141.151 - - [06/Oct/2022:09:09:12 +0800] "GET /xingrg/check_reg.html?_=1665018548787 HTTP/1.1" 200 22
221.239.141.151 - - [06/Oct/2022:09:09:12 +0800] "GET /xingrg/all/function/internal_message.html?_=1665018548788&CODE_STATE=getMsg HTTP/1.1" 200 27
116.237.76.114 - - [06/Oct/2022:09:09:20 +0800] "POST /xingrg/kc/buy/cgsh_order_operate.html HTTP/1.1" 200 2065
116.238.194.138 - - [06/Oct/2022:09:09:21 +0800] "GET /xingrg/kc/buy/cgsh_order_operate.html?command=get_materiel&rest_code=00150&code=00101008331&supplier_code=00100008&order_time=2022-10-06 HTTP/1.1" 200 416
116.237.76.114 - - [06/Oct/2022:09:09:26 +0800] "GET /xingrg/kc/buy/cgsh_order_operate.html?command=get_materiel&rest_code=00106&code=00101008213&supplier_code=00100007&order_time=2022-10-06 HTTP/1.1" 200 412
116.225.121.189 - - [06/Oct/2022:09:09:32 +0800] "GET /xingrg/all/function/internal_message.html?_=1665018422666&CODE_STATE=getMsg HTTP/1.1" 200 27
116.238.194.138 - - [06/Oct/2022:09:09:32 +0800] "GET /xingrg/kc/buy/cgsh_order_operate.html?command=get_materiel&rest_code=00150&code=00101008350&supplier_code=00100008&order_time=2022-10-06 HTTP/1.1" 200 408
221.239.141.151 - - [06/Oct/2022:09:09:34 +0800] "GET /xingrg/all/function/internal_message.html?_=1665018588257&CODE_STATE=getMsg HTTP/1.1" 200 27
116.237.76.114 - - [06/Oct/2022:09:09:36 +0800] "GET /xingrg/kc/buy/cgsh_order_operate.html?command=get_materiel&rest_code=00106&code=00101008375&supplier_code=00100007&order_time=2022-10-06 HTTP/1.1" 200 416
120.253.135.82 - - [06/Oct/2022:09:09:41 +0800] "GET /xingrg/all/function/internal_message.html?_=1665018694314&CODE_STATE=getMsg HTTP/1.1" 200 27
222.70.183.206 - - [06/Oct/2022:09:09:48 +0800] "GET /xingrg/all/function/internal_message.html?_=1665018581467&CODE_STATE=getMsg HTTP/1.1" 200 27
222.70.183.206 - - [06/Oct/2022:09:09:48 +0800] "GET /xingrg/check_reg.html?_=1665018581463 HTTP/1.1" 200 22
172.20.0.100 - - [06/Oct/2022:09:09:48 +0800] "GET /xingrg/all/function/internal_message.html?_=1665018584153&CODE_STATE=getMsg HTTP/1.1" 200 27
116.230.114.213 - - [06/Oct/2022:09:09:49 +0800] "GET /xingrg/all/function/internal_message.html?_=1665018599259&CODE_STATE=getMsg HTTP/1.1" 200 27
116.237.76.114 - - [06/Oct/2022:09:09:50 +0800] "GET /xingrg/all/function/internal_message.html?_=1665018582739&CODE_STATE=getMsg HTTP/1.1" 200 27
120.253.135.82 - - [06/Oct/2022:09:09:52 +0800] "GET /xingrg/all/function/internal_message.html?_=1665018385066&CODE_STATE=getMsg HTTP/1.1" 200 27
116.238.194.138 - - [06/Oct/2022:09:09:52 +0800] "GET /xingrg/kc/buy/cgsh_order_operate.html?command=get_materiel&rest_code=00150&code=00101008308&supplier_code=00100008&order_time=2022-10-06 HTTP/1.1" 200 420
116.238.194.138 - - [06/Oct/2022:09:09:54 +0800] "GET /xingrg/all/function/internal_message.html?_=1665018538165&CODE_STATE=getMsg HTTP/1.1" 200 27
116.230.105.139 - - [06/Oct/2022:09:09:58 +0800] "GET /xingrg/all/function/internal_message.html?_=1665018571317&CODE_STATE=getMsg HTTP/1.1" 200 27
221.239.141.151 - - [06/Oct/2022:09:10:03 +0800] "GET /xingrg/kc/mdqp/qqps_order_list.html HTTP/1.1" 200 9642
221.239.141.151 - - [06/Oct/2022:09:10:03 +0800] "GET /xingrg/dwr/interface/AjaxQqpsService.js HTTP/1.1" 200 16326
221.239.141.151 - - [06/Oct/2022:09:10:03 +0800] "GET /xingrg/dwr/interface/AjaxReportQueryService.js HTTP/1.1" 200 13203
221.239.141.151 - - [06/Oct/2022:09:10:04 +0800] "GET /xingrg/dwr/engine.js HTTP/1.1" 200 43631
116.238.194.138 - - [06/Oct/2022:09:10:06 +0800] "GET /xingrg/kc/buy/cgsh_order_operate.html?command=get_materiel&rest_code=00150&code=00101008096&supplier_code=00100008&order_time=2022-10-06 HTTP/1.1" 200 412
221.239.141.151 - - [06/Oct/2022:09:10:07 +0800] "GET /xingrg/kc/report/report_main.html HTTP/1.1" 200 7340
221.239.141.151 - - [06/Oct/2022:09:10:09 +0800] "GET /xingrg/all/report/report_query.html?fileName=kc/buy/wlcg_mx.xml HTTP/1.1" 200 51648
221.239.141.151 - - [06/Oct/2022:09:10:09 +0800] "GET /xingrg/dwr/interface/AjaxReportQueryService.js HTTP/1.1" 200 13203
221.239.141.151 - - [06/Oct/2022:09:10:09 +0800] "GET /xingrg/dwr/engine.js HTTP/1.1" 200 43631
221.239.141.151 - - [06/Oct/2022:09:10:09 +0800] "POST /xingrg/dwr/call/plaincall/AjaxReportQueryService.getFixDate.dwr HTTP/1.1" 200 111
221.239.141.151 - - [06/Oct/2022:09:10:09 +0800] "POST /xingrg/dwr/call/plaincall/AjaxReportQueryService.getInitString.dwr HTTP/1.1" 200 32023
221.239.141.151 - - [06/Oct/2022:09:10:10 +0800] "POST /xingrg/dwr/call/plaincall/AjaxReportQueryService.getInitString.dwr HTTP/1.1" 200 1035
221.239.141.151 - - [06/Oct/2022:09:10:10 +0800] "POST /xingrg/dwr/call/plaincall/AjaxReportQueryService.getInitString.dwr HTTP/1.1" 200 125
221.239.141.151 - - [06/Oct/2022:09:10:12 +0800] "GET /xingrg/all/function/internal_message.html?_=1665018608763&CODE_STATE=getMsg HTTP/1.1" 200 27
116.237.76.114 - - [06/Oct/2022:09:10:18 +0800] "GET /xingrg/kc/buy/cgsh_order_operate.html?command=get_materiel&rest_code=00106&code=00101013175&supplier_code=00100007&order_time=2022-10-06 HTTP/1.1" 200 412
116.238.194.138 - - [06/Oct/2022:09:10:18 +0800] "GET /xingrg/kc/buy/cgsh_order_operate.html?command=get_materiel&rest_code=00150&code=00101008038&supplier_code=00100008&order_time=2022-10-06 HTTP/1.1" 200 412
116.238.194.138 - - [06/Oct/2022:09:10:29 +0800] "GET /xingrg/kc/buy/cgsh_order_operate.html?command=get_materiel&rest_code=00150&code=00101008396&supplier_code=00100008&order_time=2022-10-06 HTTP/1.1" 200 412
116.225.121.189 - - [06/Oct/2022:09:10:32 +0800] "GET /xingrg/all/function/internal_message.html?_=1665018482666&CODE_STATE=getMsg HTTP/1.1" 200 27
221.239.141.151 - - [06/Oct/2022:09:10:34 +0800] "GET /xingrg/all/function/internal_message.html?_=1665018648255&CODE_STATE=getMsg HTTP/1.1" 200 27
