222.70.183.206 - - [06/Oct/2022:09:30:28 +0800] "GET /xingrg/all/function/internal_message.html?_=1665019822104&CODE_STATE=getMsg HTTP/1.1" 200 27
222.70.183.206 - - [06/Oct/2022:09:30:28 +0800] "GET /xingrg/check_reg.html?_=1665019822107 HTTP/1.1" 200 22
114.83.219.72 - - [06/Oct/2022:09:30:30 +0800] "GET /xingrg/all/function/internal_message.html?_=1665019827936&CODE_STATE=getMsg HTTP/1.1" 200 27
116.237.76.114 - - [06/Oct/2022:09:30:30 +0800] "GET /xingrg/all/function/internal_message.html?_=1665019823333&CODE_STATE=getMsg HTTP/1.1" 200 27
116.225.121.189 - - [06/Oct/2022:09:30:32 +0800] "GET /xingrg/all/function/internal_message.html?_=1665019682771&CODE_STATE=getMsg HTTP/1.1" 200 27
221.239.141.151 - - [06/Oct/2022:09:30:34 +0800] "GET /xingrg/all/function/internal_message.html?_=1665019848282&CODE_STATE=getMsg HTTP/1.1" 200 27
222.70.183.206 - - [06/Oct/2022:09:30:38 +0800] "GET /xingrg/kc/buy/cgsh_order_operate.html?command=get_materiel&rest_code=00111&code=00101008098&supplier_code=00100005&order_time=2022-10-06 HTTP/1.1" 200 412
116.230.114.213 - - [06/Oct/2022:09:30:40 +0800] "GET /xingrg/check_reg.html?_=1665019850227 HTTP/1.1" 200 22
120.253.135.82 - - [06/Oct/2022:09:30:42 +0800] "GET /xingrg/all/function/internal_message.html?_=1665019954993&CODE_STATE=getMsg HTTP/1.1" 200 27
172.20.0.100 - - [06/Oct/2022:09:30:48 +0800] "GET /xingrg/all/function/internal_message.html?_=1665019843602&CODE_STATE=getMsg HTTP/1.1" 200 27
116.225.121.189 - - [06/Oct/2022:09:30:48 +0800] "GET /xingrg/kc/buy/cgsh_order_operate.html?command=get_materiel&rest_code=00105&code=00101008045&supplier_code=00100203&order_time=2022-10-06 HTTP/1.1" 200 412
116.230.114.213 - - [06/Oct/2022:09:30:50 +0800] "GET /xingrg/all/function/internal_message.html?_=1665019859542&CODE_STATE=getMsg HTTP/1.1" 200 27
120.253.135.82 - - [06/Oct/2022:09:30:52 +0800] "GET /xingrg/all/function/internal_message.html?_=1665019645773&CODE_STATE=getMsg HTTP/1.1" 200 27
222.70.183.206 - - [06/Oct/2022:09:30:55 +0800] "GET /xingrg/kc/buy/cgsh_order_operate.html?command=get_materiel&rest_code=00111&code=00101008213&supplier_code=00100005&order_time=2022-10-06 HTTP/1.1" 200 412
222.70.183.206 - - [06/Oct/2022:09:30:58 +0800] "POST /xingrg/kc/buy/cgsh_order_operate.html HTTP/1.1" 200 2065
116.230.105.139 - - [06/Oct/2022:09:30:58 +0800] "GET /xingrg/check_reg.html?_=1665019831312 HTTP/1.1" 200 22
116.230.105.139 - - [06/Oct/2022:09:30:58 +0800] "GET /xingrg/all/function/internal_message.html?_=1665019831314&CODE_STATE=getMsg HTTP/1.1" 200 27
172.20.0.100 - - [06/Oct/2022:09:30:59 +0800] "GET /xingrg/index.html?sysBaseUrl=http%3A%2F%2F172.17.0.8%3A18081%2Fxingrg%2F&costTime=213×tamp=1585200360465 HTTP/1.1" 200 17454
172.20.0.100 - - [06/Oct/2022:09:30:59 +0800] "GET /xingrg/javascript/jquery_easy_ui/themes/default/easyui.css HTTP/1.1" 200 26500
172.20.0.100 - - [06/Oct/2022:09:30:59 +0800] "GET /xingrg/javascript/jquery_easy_ui/themes/icon.css HTTP/1.1" 200 3949
172.20.0.100 - - [06/Oct/2022:09:30:59 +0800] "GET /xingrg/css/form.css HTTP/1.1" 200 893
172.20.0.100 - - [06/Oct/2022:09:30:59 +0800] "GET /xingrg/javascript/jquery-1.4.2.min.js HTTP/1.1" 200 72205
172.20.0.100 - - [06/Oct/2022:09:30:59 +0800] "GET /xingrg/javascript/jquery_easy_ui/jquery.easyui.min.js HTTP/1.1" 200 213662
172.20.0.100 - - [06/Oct/2022:09:30:59 +0800] "GET /xingrg/javascript/jquery_easy_ui/easyui-lang-zh_CN.js HTTP/1.1" 200 1900
172.20.0.100 - - [06/Oct/2022:09:30:59 +0800] "GET /xingrg/javascript/jquery.form.js HTTP/1.1" 200 23110
172.20.0.100 - - [06/Oct/2022:09:30:59 +0800] "GET /xingrg/javascript/jquery.utils.js HTTP/1.1" 200 11805
172.20.0.100 - - [06/Oct/2022:09:30:59 +0800] "GET /xingrg/javascript/jquery.timers.js HTTP/1.1" 200 3532
172.20.0.100 - - [06/Oct/2022:09:30:59 +0800] "GET /xingrg/images/blue/jxLogo.png HTTP/1.1" 200 6156
172.20.0.100 - - [06/Oct/2022:09:30:59 +0800] "GET /favicon.ico HTTP/1.1" 404 -
172.20.0.100 - - [06/Oct/2022:09:31:00 +0800] "GET /xingrg/images/blue/navBackgound.jpg HTTP/1.1" 200 12378
172.20.0.100 - - [06/Oct/2022:09:31:00 +0800] "GET /xingrg/javascript/jquery_easy_ui/themes/icons/settle_new.png HTTP/1.1" 200 826
172.20.0.100 - - [06/Oct/2022:09:31:00 +0800] "POST /xingrg/all/common/load_tree.html?tree=area_rest_tree_json&manage=1 HTTP/1.1" 200 3472
172.20.0.100 - - [06/Oct/2022:09:31:00 +0800] "GET /xingrg/check_reg.html?_=1665019855536 HTTP/1.1" 200 22
172.20.0.100 - - [06/Oct/2022:09:31:00 +0800] "GET /xingrg/all/function/internal_message.html?_=1665019855535&CODE_STATE=count HTTP/1.1" 200 11
172.20.0.100 - - [06/Oct/2022:09:31:00 +0800] "GET /xingrg/images/blue/pingpu.png HTTP/1.1" 200 231
172.20.0.100 - - [06/Oct/2022:09:31:00 +0800] "GET /xingrg/javascript/jquery_easy_ui/themes/default/images/tabs_leftarrow.png HTTP/1.1" 200 389
172.20.0.100 - - [06/Oct/2022:09:31:00 +0800] "GET /xingrg/javascript/jquery_easy_ui/themes/default/images/tabs_rightarrow.png HTTP/1.1" 200 395
172.20.0.100 - - [06/Oct/2022:09:31:00 +0800] "GET /xingrg/javascript/jquery_easy_ui/themes/default/images/panel_tool_expand.gif HTTP/1.1" 200 247
172.20.0.100 - - [06/Oct/2022:09:31:00 +0800] "GET /xingrg/javascript/jquery_easy_ui/themes/default/images/panel_tool_collapse.gif HTTP/1.1" 200 246
172.20.0.100 - - [06/Oct/2022:09:31:00 +0800] "POST /xingrg/load_menu.html HTTP/1.1" 200 9924
172.20.0.100 - - [06/Oct/2022:09:31:00 +0800] "GET /xingrg/javascript/jquery_easy_ui/themes/default/images/tree_arrows.gif HTTP/1.1" 200 1043
172.20.0.100 - - [06/Oct/2022:09:31:00 +0800] "GET /xingrg/javascript/jquery_easy_ui/themes/default/images/tree_folder_open.gif HTTP/1.1" 200 956
172.20.0.100 - - [06/Oct/2022:09:31:00 +0800] "GET /xingrg/javascript/jquery_easy_ui/themes/icons/search_new.png HTTP/1.1" 200 586
172.20.0.100 - - [06/Oct/2022:09:31:00 +0800] "GET /xingrg/javascript/jquery_easy_ui/themes/default/images/tree_folder.gif HTTP/1.1" 200 952
172.20.0.100 - - [06/Oct/2022:09:31:00 +0800] "GET /xingrg/javascript/jquery_easy_ui/themes/icons/storage_new.png HTTP/1.1" 200 853
172.20.0.100 - - [06/Oct/2022:09:31:00 +0800] "GET /xingrg/javascript/jquery_easy_ui/themes/icons/checkout_new.png HTTP/1.1" 200 744
172.20.0.100 - - [06/Oct/2022:09:31:00 +0800] "GET /xingrg/javascript/jquery_easy_ui/themes/icons/forms_new.png HTTP/1.1" 200 350
172.20.0.100 - - [06/Oct/2022:09:31:00 +0800] "GET /xingrg/javascript/jquery_easy_ui/themes/icons/setting_new.png HTTP/1.1" 200 450
172.20.0.100 - - [06/Oct/2022:09:31:00 +0800] "GET /xingrg/javascript/jquery_easy_ui/themes/icons/systemset_new.png HTTP/1.1" 200 606
172.20.0.100 - - [06/Oct/2022:09:31:00 +0800] "GET /xingrg/javascript/jquery_easy_ui/themes/default/images/tree_file.gif HTTP/1.1" 200 118
172.20.0.100 - - [06/Oct/2022:09:31:03 +0800] "GET /xingrg/javascript/jquery_easy_ui/themes/default/images/tabs_close.gif HTTP/1.1" 200 829
172.20.0.100 - - [06/Oct/2022:09:31:03 +0800] "GET /xingrg/kc/report/report_main.html HTTP/1.1" 200 7320
172.20.0.100 - - [06/Oct/2022:09:31:03 +0800] "GET /xingrg/css/blue.css HTTP/1.1" 200 15949
172.20.0.100 - - [06/Oct/2022:09:31:03 +0800] "GET /xingrg/javascript/pic_change.js HTTP/1.1" 200 4739
172.20.0.100 - - [06/Oct/2022:09:31:03 +0800] "GET /xingrg/javascript/json2.js HTTP/1.1" 200 11259
172.20.0.100 - - [06/Oct/2022:09:31:03 +0800] "GET /xingrg/javascript/myfunction.js HTTP/1.1" 200 24559
172.20.0.100 - - [06/Oct/2022:09:31:03 +0800] "GET /xingrg/javascript/jquery_ui/themes/humanity/humanity.css HTTP/1.1" 200 27801
172.20.0.100 - - [06/Oct/2022:09:31:03 +0800] "GET /xingrg/javascript/jquery_easy_ui/themes/icons/back_new.png HTTP/1.1" 200 3414
222.70.183.206 - - [06/Oct/2022:09:31:04 +0800] "GET /xingrg/kc/buy/cgsh_order_operate.html?command=get_materiel&rest_code=00111&code=00101008291&supplier_code=00100005&order_time=2022-10-06 HTTP/1.1" 200 408
172.20.0.100 - - [06/Oct/2022:09:31:05 +0800] "GET /xingrg/kc/base/crk_hz.html HTTP/1.1" 200 11227
172.20.0.100 - - [06/Oct/2022:09:31:05 +0800] "GET /xingrg/javascript/step/step.css HTTP/1.1" 200 999
172.20.0.100 - - [06/Oct/2022:09:31:05 +0800] "GET /xingrg/css/table.css HTTP/1.1" 200 3684
172.20.0.100 - - [06/Oct/2022:09:31:05 +0800] "POST /xingrg/kc/cost/cost_operate.html?command=get_base_tree HTTP/1.1" 200 1170
172.20.0.100 - - [06/Oct/2022:09:31:05 +0800] "POST /xingrg/all/common/load_tree.html?tree=materiel_sort_tree_json HTTP/1.1" 200 9500
172.20.0.100 - - [06/Oct/2022:09:31:05 +0800] "GET /xingrg/javascript/jquery_easy_ui/themes/default/images/button_a_bg.gif HTTP/1.1" 200 1194
172.20.0.100 - - [06/Oct/2022:09:31:05 +0800] "GET /xingrg/javascript/jquery_easy_ui/themes/default/images/button_span_bg.gif HTTP/1.1" 200 2061
172.20.0.100 - - [06/Oct/2022:09:31:05 +0800] "GET /xingrg/images/control/ajaxLoader.gif HTTP/1.1" 200 4659
172.20.0.100 - - [06/Oct/2022:09:31:05 +0800] "GET /xingrg/javascript/jquery_easy_ui/themes/icons/search.png HTTP/1.1" 200 813
172.20.0.100 - - [06/Oct/2022:09:31:05 +0800] "GET /xingrg/javascript/jquery_easy_ui/themes/default/images/menu_downarrow.png HTTP/1.1" 200 173
172.20.0.100 - - [06/Oct/2022:09:31:05 +0800] "GET /xingrg/javascript/jquery_easy_ui/themes/icons/print.png HTTP/1.1" 200 1057
172.20.0.100 - - [06/Oct/2022:09:31:05 +0800] "GET /xingrg/javascript/jquery_easy_ui/themes/default/images/menu.gif HTTP/1.1" 200 834
172.20.0.100 - - [06/Oct/2022:09:31:05 +0800] "GET /xingrg/javascript/jquery_easy_ui/themes/default/images/combo_arrow_dot.gif HTTP/1.1" 200 79
172.20.0.100 - - [06/Oct/2022:09:31:05 +0800] "GET /xingrg/javascript/jquery_easy_ui/themes/default/images/calendar_prevmonth.gif HTTP/1.1" 200 66
172.20.0.100 - - [06/Oct/2022:09:31:05 +0800] "GET /xingrg/javascript/jquery_easy_ui/themes/default/images/calendar_nextmonth.gif HTTP/1.1" 200 64
172.20.0.100 - - [06/Oct/2022:09:31:05 +0800] "GET /xingrg/javascript/jquery_easy_ui/themes/default/images/calendar_prevyear.gif HTTP/1.1" 200 76
172.20.0.100 - - [06/Oct/2022:09:31:05 +0800] "GET /xingrg/javascript/jquery_easy_ui/themes/default/images/calendar_nextyear.gif HTTP/1.1" 200 75
172.20.0.100 - - [06/Oct/2022:09:31:05 +0800] "GET /xingrg/javascript/jquery_easy_ui/themes/default/images/tree_checkbox_0.gif HTTP/1.1" 200 168
172.20.0.100 - - [06/Oct/2022:09:31:06 +0800] "GET /xingrg/all/common/get_data_part.html?part=previousMonth&_=1665019862225 HTTP/1.1" 200 41
172.20.0.100 - - [06/Oct/2022:09:31:09 +0800] "GET /xingrg/javascript/jquery_easy_ui/themes/default/images/tree_checkbox_1.gif HTTP/1.1" 200 174
172.20.0.100 - - [06/Oct/2022:09:31:09 +0800] "GET /xingrg/javascript/jquery_easy_ui/themes/default/images/tree_checkbox_2.gif HTTP/1.1" 200 181
221.239.141.151 - - [06/Oct/2022:09:31:11 +0800] "GET /xingrg/all/function/internal_message.html?_=1665019868485&CODE_STATE=getMsg HTTP/1.1" 200 27
172.20.0.100 - - [06/Oct/2022:09:31:13 +0800] "GET /xingrg/kc/base/crk_hz.html?_=1665019868538&command=get_cost_id&end_date=2022-09-30&start_date=2022-09-01 HTTP/1.1" 200 51
172.20.0.100 - - [06/Oct/2022:09:31:13 +0800] "GET /xingrg/all/report/report_query.html?isQuery=1&onlyBody=1&rh=99999&rw=1800&varString=start:20220901,cost_id:3896,mid:20220901&fileName=kc/base/crk_hz_type_by_base.xml&queryString=%20a.base_code%20in%20('0010296')%20%20and%20m.sort_code%20in%20('00101001','00101002','00101003','00101004','00101005','00101006','00101007','00101008','00101009','00101010','00101011','00101012','00101013','00101014','00101015','00101016','00101017','00101018','00101019','00101020','00101021','00101022','00101023','00101024','00101025','00101026','00101027','00101028','00101029','00101030','00101031','00101032','00101033','00101034','00101036','00101037','00101038','00101039','00101040','00101041','00101042','00101043')%20&queryText=ÈÕÆÚ£º2022-09-01ÖÁ2022-09-30%20²Ö¿â£º³ø·¿&tableQueryString=materiel_table$sp1$$sp$before_table$sp1$$sp$crk_table$sp1$order_day%20between%2020220901%20and%2020220930 HTTP/1.1" 200 49809
172.20.0.100 - - [06/Oct/2022:09:31:13 +0800] "GET /xingrg/javascript/multi_select/jqueryMultiSelect.css HTTP/1.1" 200 951
172.20.0.100 - - [06/Oct/2022:09:31:13 +0800] "GET /xingrg/javascript/calendar/timePicker.css HTTP/1.1" 200 523
172.20.0.100 - - [06/Oct/2022:09:31:13 +0800] "GET /xingrg/javascript/bigrid/fix.css HTTP/1.1" 200 1702
172.20.0.100 - - [06/Oct/2022:09:31:13 +0800] "GET /xingrg/dwr/interface/AjaxReportQueryService.js HTTP/1.1" 200 13203
172.20.0.100 - - [06/Oct/2022:09:31:13 +0800] "GET /xingrg/dwr/engine.js HTTP/1.1" 200 43631
172.20.0.100 - - [06/Oct/2022:09:31:13 +0800] "GET /xingrg/dwr/util.js HTTP/1.1" 200 35990
172.20.0.100 - - [06/Oct/2022:09:31:13 +0800] "GET /xingrg/javascript/jqueryMultiSelect.js HTTP/1.1" 200 11866
172.20.0.100 - - [06/Oct/2022:09:31:13 +0800] "GET /xingrg/javascript/Calendar.js HTTP/1.1" 200 31561
172.20.0.100 - - [06/Oct/2022:09:31:13 +0800] "GET /xingrg/javascript/calendar/jquery.timePicker.min.js HTTP/1.1" 200 2997
172.20.0.100 - - [06/Oct/2022:09:31:13 +0800] "GET /xingrg/javascript/bigrid/fix.js HTTP/1.1" 200 6439
172.20.0.100 - - [06/Oct/2022:09:31:13 +0800] "GET /xingrg/images/control/loading.gif HTTP/1.1" 200 13463
172.20.0.100 - - [06/Oct/2022:09:31:13 +0800] "GET /xingrg/images/blue/button/advanceover.gif HTTP/1.1" 200 1347
172.20.0.100 - - [06/Oct/2022:09:31:13 +0800] "GET /xingrg/images/blue/button/advance2over.gif HTTP/1.1" 200 1336
172.20.0.100 - - [06/Oct/2022:09:31:13 +0800] "GET /xingrg/images/blue/button/back2over.gif HTTP/1.1" 200 1335
172.20.0.100 - - [06/Oct/2022:09:31:13 +0800] "GET /xingrg/images/blue/button/backover.gif HTTP/1.1" 200 1348
172.20.0.100 - - [06/Oct/2022:09:31:13 +0800] "GET /xingrg/javascript/jquery_easy_ui/themes/icons/help.png HTTP/1.1" 200 1187
172.20.0.100 - - [06/Oct/2022:09:31:14 +0800] "POST /xingrg/all/report/load_report_page.html HTTP/1.1" 200 94884
172.20.0.100 - - [06/Oct/2022:09:31:14 +0800] "GET /xingrg/servlets/image?cache=0.4464370031786882&image=px HTTP/1.1" 200 807
222.70.183.206 - - [06/Oct/2022:09:31:17 +0800] "GET /xingrg/kc/buy/cgsh_order_operate.html?command=get_materiel&rest_code=00111&code=00101016081&supplier_code=00100005&order_time=2022-10-06 HTTP/1.1" 200 447
172.20.0.100 - - [06/Oct/2022:09:31:17 +0800] "GET /xingrg/kc/base/check_order_list.html HTTP/1.1" 200 16546
172.20.0.100 - - [06/Oct/2022:09:31:18 +0800] "GET /xingrg/css/base.css HTTP/1.1" 200 2811
172.20.0.100 - - [06/Oct/2022:09:31:18 +0800] "GET /xingrg/css/site.css HTTP/1.1" 200 7541
172.20.0.100 - - [06/Oct/2022:09:31:18 +0800] "GET /xingrg/javascript/jquery_tools/datebox.css HTTP/1.1" 200 2597
172.20.0.100 - - [06/Oct/2022:09:31:18 +0800] "GET /xingrg/javascript/easyui/themes/icon.css HTTP/1.1" 200 4483
172.20.0.100 - - [06/Oct/2022:09:31:18 +0800] "GET /xingrg/javascript/easyui/themes/default/easyui.css HTTP/1.1" 200 30432
172.20.0.100 - - [06/Oct/2022:09:31:18 +0800] "GET /xingrg/javascript/auto/jquery.autocomplete.css HTTP/1.1" 200 587
172.20.0.100 - - [06/Oct/2022:09:31:18 +0800] "GET /xingrg/javascript/jquery_tools/fix.css HTTP/1.1" 200 1702
172.20.0.100 - - [06/Oct/2022:09:31:18 +0800] "GET /xingrg/javascript/jquery_tools/table.css HTTP/1.1" 200 1032
172.20.0.100 - - [06/Oct/2022:09:31:18 +0800] "GET /xingrg/javascript/jquery_tools/jquery.tools.min.js HTTP/1.1" 200 138801
172.20.0.100 - - [06/Oct/2022:09:31:18 +0800] "GET /xingrg/javascript/jquery_tools/jquery.tools.extend.js HTTP/1.1" 200 15385
172.20.0.100 - - [06/Oct/2022:09:31:18 +0800] "GET /xingrg/javascript/jquery_tools/jquery.tools.hotkey.js HTTP/1.1" 200 3242
172.20.0.100 - - [06/Oct/2022:09:31:18 +0800] "GET /xingrg/javascript/jquery_tools/jquery.tools.table.js HTTP/1.1" 200 6994
172.20.0.100 - - [06/Oct/2022:09:31:18 +0800] "GET /xingrg/javascript/jquery_tools/list_manager.js HTTP/1.1" 200 3652
172.20.0.100 - - [06/Oct/2022:09:31:18 +0800] "GET /xingrg/javascript/auto/jquery.autocomplete.js HTTP/1.1" 200 21624
172.20.0.100 - - [06/Oct/2022:09:31:18 +0800] "GET /xingrg/javascript/easyui/easyloader.js HTTP/1.1" 200 5975
116.238.194.138 - - [06/Oct/2022:09:31:18 +0800] "GET /xingrg/all/function/internal_message.html?_=1665019822450&CODE_STATE=getMsg HTTP/1.1" 200 27
172.20.0.100 - - [06/Oct/2022:09:31:18 +0800] "GET /xingrg/javascript/jquery.cookie.js HTTP/1.1" 200 5513
172.20.0.100 - - [06/Oct/2022:09:31:18 +0800] "GET /xingrg/javascript/easyui/themes/icons/edit_add_new.png HTTP/1.1" 200 2997
172.20.0.100 - - [06/Oct/2022:09:31:18 +0800] "GET /xingrg/javascript/easyui/themes/icons/cance_new.png HTTP/1.1" 200 3986
172.20.0.100 - - [06/Oct/2022:09:31:18 +0800] "GET /xingrg/javascript/easyui/themes/icons/check_new.png HTTP/1.1" 200 3224
172.20.0.100 - - [06/Oct/2022:09:31:18 +0800] "GET /xingrg/javascript/easyui/themes/icons/uncheck_new.png HTTP/1.1" 200 3197
172.20.0.100 - - [06/Oct/2022:09:31:18 +0800] "GET /xingrg/javascript/easyui/themes/icons/field_new.png HTTP/1.1" 200 1097
172.20.0.100 - - [06/Oct/2022:09:31:18 +0800] "GET /xingrg/javascript/easyui/plugins/jquery.parser.js HTTP/1.1" 200 1142
172.20.0.100 - - [06/Oct/2022:09:31:18 +0800] "POST /xingrg/kc/base/check_list_operate.html HTTP/1.1" 200 781
172.20.0.100 - - [06/Oct/2022:09:31:20 +0800] "GET /xingrg/javascript/jquery_easy_ui/themes/default/images/tabs_active.png HTTP/1.1" 200 2894
222.70.183.206 - - [06/Oct/2022:09:31:26 +0800] "GET /xingrg/kc/buy/cgsh_order_operate.html?command=get_materiel&rest_code=00111&code=00101008283&supplier_code=00100005&order_time=2022-10-06 HTTP/1.1" 200 408
222.70.183.206 - - [06/Oct/2022:09:31:28 +0800] "GET /xingrg/all/function/internal_message.html?_=1665019882079&CODE_STATE=getMsg HTTP/1.1" 200 27
116.225.121.189 - - [06/Oct/2022:09:31:30 +0800] "GET /xingrg/kc/buy/cgsh_order_operate.html?command=get_materiel&rest_code=00105&code=00101008354&supplier_code=00100203&order_time=2022-10-06 HTTP/1.1" 200 412
114.83.219.72 - - [06/Oct/2022:09:31:30 +0800] "GET /xingrg/all/function/internal_message.html?_=1665019887935&CODE_STATE=getMsg HTTP/1.1" 200 27
116.237.76.114 - - [06/Oct/2022:09:31:30 +0800] "GET /xingrg/all/function/internal_message.html?_=1665019883308&CODE_STATE=getMsg HTTP/1.1" 200 27
116.225.121.189 - - [06/Oct/2022:09:31:32 +0800] "GET /xingrg/all/function/internal_message.html?_=1665019742745&CODE_STATE=getMsg HTTP/1.1" 200 27
221.239.141.151 - - [06/Oct/2022:09:31:34 +0800] "GET /xingrg/all/function/internal_message.html?_=1665019908280&CODE_STATE=getMsg HTTP/1.1" 200 27
221.239.141.151 - - [06/Oct/2022:09:31:34 +0800] "GET /xingrg/check_reg.html?_=1665019908284 HTTP/1.1" 200 22
222.70.183.206 - - [06/Oct/2022:09:31:36 +0800] "GET /xingrg/kc/buy/cgsh_order_operate.html?command=get_materiel&rest_code=00111&code=00101008350&supplier_code=00100005&order_time=2022-10-06 HTTP/1.1" 200 408
120.253.135.82 - - [06/Oct/2022:09:31:40 +0800] "GET /xingrg/check_reg.html?_=1665020013047 HTTP/1.1" 200 22
120.253.135.82 - - [06/Oct/2022:09:31:42 +0800] "GET /xingrg/all/function/internal_message.html?_=1665020015004&CODE_STATE=getMsg HTTP/1.1" 200 27
116.225.121.189 - - [06/Oct/2022:09:31:49 +0800] "GET /xingrg/kc/buy/cgsh_order_operate.html?command=get_materiel&rest_code=00105&code=00101008010&supplier_code=00100203&order_time=2022-10-06 HTTP/1.1" 200 412
116.230.114.213 - - [06/Oct/2022:09:31:50 +0800] "GET /xingrg/all/function/internal_message.html?_=1665019919554&CODE_STATE=getMsg HTTP/1.1" 200 27
120.253.135.82 - - [06/Oct/2022:09:31:52 +0800] "GET /xingrg/all/function/internal_message.html?_=1665019705788&CODE_STATE=getMsg HTTP/1.1" 200 27
222.70.183.206 - - [06/Oct/2022:09:31:53 +0800] "GET /xingrg/kc/buy/cgsh_order_operate.html?command=get_materiel&rest_code=00111&code=00101013179&supplier_code=00100005&order_time=2022-10-06 HTTP/1.1" 200 413
222.70.183.206 - - [06/Oct/2022:09:31:56 +0800] "POST /xingrg/kc/buy/cgsh_order_operate.html HTTP/1.1" 200 2065
116.230.105.139 - - [06/Oct/2022:09:31:58 +0800] "GET /xingrg/all/function/internal_message.html?_=1665019891322&CODE_STATE=getMsg HTTP/1.1" 200 27
172.20.0.100 - - [06/Oct/2022:09:32:00 +0800] "GET /xingrg/all/function/internal_message.html?_=1665019915542&CODE_STATE=getMsg HTTP/1.1" 200 27
222.70.183.206 - - [06/Oct/2022:09:32:02 +0800] "GET /xingrg/kc/buy/cgsh_order_operate.html?command=get_materiel&rest_code=00111&code=00101008150&supplier_code=00100005&order_time=2022-10-06 HTTP/1.1" 200 409
116.225.121.189 - - [06/Oct/2022:09:32:05 +0800] "GET /xingrg/kc/buy/cgsh_order_operate.html?command=get_materiel&rest_code=00105&code=00101008096&supplier_code=00100203&order_time=2022-10-06 HTTP/1.1" 200 412
221.239.141.151 - - [06/Oct/2022:09:32:11 +0800] "GET /xingrg/all/function/internal_message.html?_=1665019928468&CODE_STATE=getMsg HTTP/1.1" 200 27
222.70.183.206 - - [06/Oct/2022:09:32:12 +0800] "GET /xingrg/kc/buy/cgsh_order_operate.html?command=get_materiel&rest_code=00111&code=00101008558&supplier_code=00100005&order_time=2022-10-06 HTTP/1.1" 200 409
116.238.194.138 - - [06/Oct/2022:09:32:17 +0800] "GET /xingrg/check_reg.html?_=1665019881933 HTTP/1.1" 200 22
116.238.194.138 - - [06/Oct/2022:09:32:18 +0800] "GET /xingrg/all/function/internal_message.html?_=1665019882463&CODE_STATE=getMsg HTTP/1.1" 200 27
116.225.121.189 - - [06/Oct/2022:09:32:18 +0800] "GET /xingrg/kc/buy/cgsh_order_operate.html?command=get_materiel&rest_code=00105&code=00101008163&supplier_code=00100203&order_time=2022-10-06 HTTP/1.1" 200 409
222.70.183.206 - - [06/Oct/2022:09:32:28 +0800] "GET /xingrg/all/function/internal_message.html?_=1665019942069&CODE_STATE=getMsg HTTP/1.1" 200 27
114.83.219.72 - - [06/Oct/2022:09:32:30 +0800] "GET /xingrg/all/function/internal_message.html?_=1665019947926&CODE_STATE=getMsg HTTP/1.1" 200 27
116.237.76.114 - - [06/Oct/2022:09:32:30 +0800] "GET /xingrg/all/function/internal_message.html?_=1665019943276&CODE_STATE=getMsg HTTP/1.1" 200 27
116.225.121.189 - - [06/Oct/2022:09:32:32 +0800] "GET /xingrg/all/function/internal_message.html?_=1665019802738&CODE_STATE=getMsg HTTP/1.1" 200 27
221.239.141.151 - - [06/Oct/2022:09:32:34 +0800] "GET /xingrg/all/function/internal_message.html?_=1665019968279&CODE_STATE=getMsg HTTP/1.1" 200 27
120.253.135.82 - - [06/Oct/2022:09:32:40 +0800] "GET /xingrg/kc/pszx/mdqp_order_list.html?state=10 HTTP/1.1" 200 10217
120.253.135.82 - - [06/Oct/2022:09:32:40 +0800] "GET /xingrg/dwr/interface/AjaxQqpsService.js HTTP/1.1" 200 16326
116.225.121.189 - - [06/Oct/2022:09:32:40 +0800] "GET /xingrg/kc/buy/cgsh_order_operate.html?command=get_materiel&rest_code=00105&code=00101008355&supplier_code=00100203&order_time=2022-10-06 HTTP/1.1" 200 408
120.253.135.82 - - [06/Oct/2022:09:32:40 +0800] "GET /xingrg/dwr/interface/AjaxReportQueryService.js HTTP/1.1" 200 13203
120.253.135.82 - - [06/Oct/2022:09:32:40 +0800] "GET /xingrg/dwr/engine.js HTTP/1.1" 200 43631
120.253.135.82 - - [06/Oct/2022:09:32:42 +0800] "GET /xingrg/all/function/internal_message.html?_=1665020075017&CODE_STATE=getMsg HTTP/1.1" 200 27
120.253.135.82 - - [06/Oct/2022:09:32:43 +0800] "GET /xingrg/kc/pszx/mdps_order_list.html?orderType=0 HTTP/1.1" 200 21045
116.230.105.139 - - [06/Oct/2022:09:32:43 +0800] "GET /xingrg/kc/buy/cgsh_order_add.html HTTP/1.1" 200 68967
116.230.105.139 - - [06/Oct/2022:09:32:44 +0800] "POST /xingrg/kc/buy/cgsh_order_operate.html HTTP/1.1" 200 8245
120.253.135.82 - - [06/Oct/2022:09:32:44 +0800] "POST /xingrg/kc/pszx/mdps_list_operate.html HTTP/1.1" 200 5305
116.230.105.139 - - [06/Oct/2022:09:32:44 +0800] "GET /xingrg/javascript/easyui/themes/default/validatebox.css HTTP/1.1" 404 1104
120.253.135.82 - - [06/Oct/2022:09:32:46 +0800] "POST /xingrg/kc/pszx/mdps_list_operate.html HTTP/1.1" 200 638
120.253.135.82 - - [06/Oct/2022:09:32:46 +0800] "GET /xingrg/kc/pszx/mdps_order_info.html?code=312022100500124 HTTP/1.1" 200 23976
120.253.135.82 - - [06/Oct/2022:09:32:47 +0800] "GET /xingrg/javascript/easyui/themes/default/validatebox.css HTTP/1.1" 404 1104
120.253.135.82 - - [06/Oct/2022:09:32:47 +0800] "POST /xingrg/kc/pszx/mdps_order_operate.html HTTP/1.1" 200 8954
116.230.114.213 - - [06/Oct/2022:09:32:50 +0800] "GET /xingrg/all/function/internal_message.html?_=1665019979577&CODE_STATE=getMsg HTTP/1.1" 200 27
120.253.135.82 - - [06/Oct/2022:09:32:52 +0800] "GET /xingrg/all/function/internal_message.html?_=1665019765849&CODE_STATE=getMsg HTTP/1.1" 200 27
116.230.105.139 - - [06/Oct/2022:09:32:54 +0800] "GET /xingrg/kc/buy/cgsh_order_operate.html?command=get_materiel&rest_code=00155&code=00101002027&supplier_code=00100199&order_time=2022-10-06 HTTP/1.1" 200 415
116.230.105.139 - - [06/Oct/2022:09:32:58 +0800] "GET /xingrg/all/function/internal_message.html?_=1665019951329&CODE_STATE=getMsg HTTP/1.1" 200 27
172.20.0.100 - - [06/Oct/2022:09:33:00 +0800] "GET /xingrg/all/function/internal_message.html?_=1665019975544&CODE_STATE=getMsg HTTP/1.1" 200 27
116.225.121.189 - - [06/Oct/2022:09:33:01 +0800] "GET /xingrg/kc/buy/cgsh_order_operate.html?command=get_materiel&rest_code=00105&code=00101008077&supplier_code=00100203&order_time=2022-10-06 HTTP/1.1" 200 416
222.70.183.206 - - [06/Oct/2022:09:33:09 +0800] "GET /xingrg/check_reg.html?_=1665019986011 HTTP/1.1" 200 22
221.239.141.151 - - [06/Oct/2022:09:33:11 +0800] "GET /xingrg/all/function/internal_message.html?_=1665019988447&CODE_STATE=getMsg HTTP/1.1" 200 27
116.230.105.139 - - [06/Oct/2022:09:33:12 +0800] "GET /xingrg/kc/buy/cgsh_order_operate.html?command=get_materiel&rest_code=00155&code=00101002006&supplier_code=00100199&order_time=2022-10-06 HTTP/1.1" 200 414
116.238.194.138 - - [06/Oct/2022:09:33:18 +0800] "GET /xingrg/all/function/internal_message.html?_=1665019942477&CODE_STATE=getMsg HTTP/1.1" 200 27
222.70.183.206 - - [06/Oct/2022:09:33:18 +0800] "GET /xingrg/kc/buy/cgsh_order_operate.html?command=get_materiel&rest_code=00111&code=00101008223&supplier_code=00100005&order_time=2022-10-06 HTTP/1.1" 200 412
222.70.183.206 - - [06/Oct/2022:09:33:28 +0800] "GET /xingrg/all/function/internal_message.html?_=1665020002078&CODE_STATE=getMsg HTTP/1.1" 200 27
114.83.219.72 - - [06/Oct/2022:09:33:30 +0800] "GET /xingrg/all/function/internal_message.html?_=1665020007940&CODE_STATE=getMsg HTTP/1.1" 200 27
116.237.76.114 - - [06/Oct/2022:09:33:30 +0800] "GET /xingrg/all/function/internal_message.html?_=1665020003248&CODE_STATE=getMsg HTTP/1.1" 200 27
116.225.121.189 - - [06/Oct/2022:09:33:32 +0800] "GET /xingrg/check_reg.html?_=1665019862694 HTTP/1.1" 200 22
116.225.121.189 - - [06/Oct/2022:09:33:32 +0800] "GET /xingrg/all/function/internal_message.html?_=1665019862697&CODE_STATE=getMsg HTTP/1.1" 200 27
120.253.135.82 - - [06/Oct/2022:09:33:32 +0800] "GET /xingrg/check_reg.html?_=1665019805630 HTTP/1.1" 200 22
221.239.141.151 - - [06/Oct/2022:09:33:34 +0800] "GET /xingrg/all/function/internal_message.html?_=1665020028276&CODE_STATE=getMsg HTTP/1.1" 200 27
222.70.183.206 - - [06/Oct/2022:09:33:36 +0800] "GET /xingrg/kc/buy/cgsh_order_operate.html?command=get_materiel&rest_code=00111&code=00101008114&supplier_code=00100005&order_time=2022-10-06 HTTP/1.1" 200 412
222.70.183.206 - - [06/Oct/2022:09:33:39 +0800] "POST /xingrg/kc/buy/cgsh_order_operate.html HTTP/1.1" 200 2065
120.253.135.82 - - [06/Oct/2022:09:33:42 +0800] "GET /xingrg/all/function/internal_message.html?_=1665020135092&CODE_STATE=getMsg HTTP/1.1" 200 27
222.70.183.206 - - [06/Oct/2022:09:33:46 +0800] "GET /xingrg/kc/buy/cgsh_order_operate.html?command=get_materiel&rest_code=00111&code=00101008061&supplier_code=00100005&order_time=2022-10-06 HTTP/1.1" 200 422
116.230.114.213 - - [06/Oct/2022:09:33:50 +0800] "GET /xingrg/all/function/internal_message.html?_=1665020039581&CODE_STATE=getMsg HTTP/1.1" 200 27
120.253.135.82 - - [06/Oct/2022:09:33:52 +0800] "GET /xingrg/all/function/internal_message.html?_=1665019825860&CODE_STATE=getMsg HTTP/1.1" 200 27
222.70.183.206 - - [06/Oct/2022:09:33:57 +0800] "GET /xingrg/kc/buy/cgsh_order_operate.html?command=get_materiel&rest_code=00111&code=00101008095&supplier_code=00100005&order_time=2022-10-06 HTTP/1.1" 200 412
116.230.105.139 - - [06/Oct/2022:09:33:58 +0800] "GET /xingrg/all/function/internal_message.html?_=1665020011309&CODE_STATE=getMsg HTTP/1.1" 200 27
172.20.0.100 - - [06/Oct/2022:09:34:00 +0800] "GET /xingrg/all/function/internal_message.html?_=1665020035546&CODE_STATE=getMsg HTTP/1.1" 200 27
116.230.105.139 - - [06/Oct/2022:09:34:00 +0800] "GET /xingrg/kc/buy/cgsh_order_operate.html?command=get_materiel&rest_code=00155&code=00101001125&supplier_code=00100199&order_time=2022-10-06 HTTP/1.1" 200 417
222.70.183.206 - - [06/Oct/2022:09:34:05 +0800] "GET /xingrg/kc/buy/cgsh_order_operate.html?command=get_materiel&rest_code=00111&code=00101008674&supplier_code=00100005&order_time=2022-10-06 HTTP/1.1" 200 398
221.239.141.151 - - [06/Oct/2022:09:34:11 +0800] "GET /xingrg/all/function/internal_message.html?_=1665020048427&CODE_STATE=getMsg HTTP/1.1" 200 27
221.239.141.151 - - [06/Oct/2022:09:34:12 +0800] "GET /xingrg/check_reg.html?_=1665020048777 HTTP/1.1" 200 22
116.230.105.139 - - [06/Oct/2022:09:34:12 +0800] "GET /xingrg/kc/buy/cgsh_order_operate.html?command=get_materiel&rest_code=00155&code=00101001069&supplier_code=00100199&order_time=2022-10-06 HTTP/1.1" 200 409
116.238.194.138 - - [06/Oct/2022:09:34:18 +0800] "GET /xingrg/all/function/internal_message.html?_=1665020002491&CODE_STATE=getMsg HTTP/1.1" 200 27
116.230.105.139 - - [06/Oct/2022:09:34:26 +0800] "GET /xingrg/kc/buy/cgsh_order_operate.html?command=get_materiel&rest_code=00155&code=00101002016&supplier_code=00100199&order_time=2022-10-06 HTTP/1.1" 200 413
222.70.183.206 - - [06/Oct/2022:09:34:28 +0800] "POST /xingrg/kc/buy/cgsh_order_operate.html HTTP/1.1" 200 2065
222.70.183.206 - - [06/Oct/2022:09:34:28 +0800] "GET /xingrg/all/function/internal_message.html?_=1665020062157&CODE_STATE=getMsg HTTP/1.1" 200 27
114.83.219.72 - - [06/Oct/2022:09:34:30 +0800] "GET /xingrg/check_reg.html?_=1665020067936 HTTP/1.1" 200 22
114.83.219.72 - - [06/Oct/2022:09:34:30 +0800] "GET /xingrg/all/function/internal_message.html?_=1665020067939&CODE_STATE=getMsg HTTP/1.1" 200 27
116.225.121.189 - - [06/Oct/2022:09:34:32 +0800] "GET /xingrg/all/function/internal_message.html?_=1665019922688&CODE_STATE=getMsg HTTP/1.1" 200 27
221.239.141.151 - - [06/Oct/2022:09:34:34 +0800] "GET /xingrg/all/function/internal_message.html?_=1665020088290&CODE_STATE=getMsg HTTP/1.1" 200 27
116.230.105.139 - - [06/Oct/2022:09:34:39 +0800] "POST /xingrg/kc/buy/cgsh_order_operate.html HTTP/1.1" 200 37
116.230.105.139 - - [06/Oct/2022:09:34:41 +0800] "POST /xingrg/kc/buy/cgsh_order_operate.html HTTP/1.1" 200 5039
116.230.105.139 - - [06/Oct/2022:09:34:42 +0800] "GET /xingrg/kc/print/load_data.html?order_code=212022100601835&kc_code=cgsh&condition= HTTP/1.1" 200 1591
120.253.135.82 - - [06/Oct/2022:09:34:42 +0800] "GET /xingrg/all/function/internal_message.html?_=1665020195108&CODE_STATE=getMsg HTTP/1.1" 200 27
116.230.114.213 - - [06/Oct/2022:09:34:50 +0800] "GET /xingrg/all/function/internal_message.html?_=1665020099600&CODE_STATE=getMsg HTTP/1.1" 200 27
120.253.135.82 - - [06/Oct/2022:09:34:52 +0800] "GET /xingrg/all/function/internal_message.html?_=1665019885873&CODE_STATE=getMsg HTTP/1.1" 200 27
116.230.105.139 - - [06/Oct/2022:09:34:58 +0800] "GET /xingrg/all/function/internal_message.html?_=1665020071318&CODE_STATE=getMsg HTTP/1.1" 200 27
172.20.0.100 - - [06/Oct/2022:09:35:00 +0800] "GET /xingrg/all/function/internal_message.html?_=1665020095548&CODE_STATE=getMsg HTTP/1.1" 200 27
221.239.141.151 - - [06/Oct/2022:09:35:11 +0800] "GET /xingrg/all/function/internal_message.html?_=1665020108406&CODE_STATE=getMsg HTTP/1.1" 200 27
116.238.194.138 - - [06/Oct/2022:09:35:18 +0800] "GET /xingrg/all/function/internal_message.html?_=1665020062596&CODE_STATE=getMsg HTTP/1.1" 200 27
222.70.183.206 - - [06/Oct/2022:09:35:28 +0800] "GET /xingrg/check_reg.html?_=1665020122084 HTTP/1.1" 200 22
222.70.183.206 - - [06/Oct/2022:09:35:28 +0800] "GET /xingrg/all/function/internal_message.html?_=1665020122133&CODE_STATE=getMsg HTTP/1.1" 200 27
114.83.219.72 - - [06/Oct/2022:09:35:30 +0800] "GET /xingrg/all/function/internal_message.html?_=1665020127941&CODE_STATE=getMsg HTTP/1.1" 200 27
116.225.121.189 - - [06/Oct/2022:09:35:32 +0800] "GET /xingrg/all/function/internal_message.html?_=1665019982677&CODE_STATE=getMsg HTTP/1.1" 200 27
221.239.141.151 - - [06/Oct/2022:09:35:34 +0800] "GET /xingrg/all/function/internal_message.html?_=1665020148287&CODE_STATE=getMsg HTTP/1.1" 200 27
120.253.135.82 - - [06/Oct/2022:09:35:40 +0800] "POST /xingrg/kc/pszx/mdps_list_operate.html HTTP/1.1" 200 629
120.253.135.82 - - [06/Oct/2022:09:35:40 +0800] "GET /xingrg/kc/pszx/mdps_order_info.html?code=312022100500111 HTTP/1.1" 200 23970
116.230.114.213 - - [06/Oct/2022:09:35:40 +0800] "GET /xingrg/check_reg.html?_=1665020150237 HTTP/1.1" 200 22
120.253.135.82 - - [06/Oct/2022:09:35:41 +0800] "GET /xingrg/javascript/easyui/themes/default/validatebox.css HTTP/1.1" 404 1104
120.253.135.82 - - [06/Oct/2022:09:35:41 +0800] "POST /xingrg/kc/pszx/mdps_order_operate.html HTTP/1.1" 200 8904
120.253.135.82 - - [06/Oct/2022:09:35:42 +0800] "GET /xingrg/all/function/internal_message.html?_=1665020255120&CODE_STATE=getMsg HTTP/1.1" 200 27
120.253.135.82 - - [06/Oct/2022:09:35:44 +0800] "POST /xingrg/kc/pszx/mdps_list_operate.html HTTP/1.1" 200 5305
120.253.135.82 - - [06/Oct/2022:09:35:46 +0800] "POST /xingrg/kc/pszx/mdps_list_operate.html HTTP/1.1" 200 5477
116.230.114.213 - - [06/Oct/2022:09:35:50 +0800] "GET /xingrg/all/function/internal_message.html?_=1665020159610&CODE_STATE=getMsg HTTP/1.1" 200 27
120.253.135.82 - - [06/Oct/2022:09:35:51 +0800] "POST /xingrg/kc/pszx/mdps_list_operate.html HTTP/1.1" 200 600
120.253.135.82 - - [06/Oct/2022:09:35:51 +0800] "GET /xingrg/kc/pszx/mdps_order_info.html?code=312022100600130 HTTP/1.1" 200 23976
120.253.135.82 - - [06/Oct/2022:09:35:51 +0800] "POST /xingrg/kc/pszx/mdps_order_operate.html HTTP/1.1" 200 5766
120.253.135.82 - - [06/Oct/2022:09:35:51 +0800] "GET /xingrg/javascript/easyui/themes/default/validatebox.css HTTP/1.1" 404 1104
120.253.135.82 - - [06/Oct/2022:09:35:52 +0800] "GET /xingrg/all/function/internal_message.html?_=1665019945927&CODE_STATE=getMsg HTTP/1.1" 200 27
116.230.105.139 - - [06/Oct/2022:09:35:58 +0800] "GET /xingrg/check_reg.html?_=1665020131322 HTTP/1.1" 200 22
116.230.105.139 - - [06/Oct/2022:09:35:58 +0800] "GET /xingrg/all/function/internal_message.html?_=1665020131324&CODE_STATE=getMsg HTTP/1.1" 200 27
172.20.0.100 - - [06/Oct/2022:09:36:00 +0800] "GET /xingrg/check_reg.html?_=1665020155550 HTTP/1.1" 200 22
172.20.0.100 - - [06/Oct/2022:09:36:00 +0800] "GET /xingrg/all/function/internal_message.html?_=1665020155552&CODE_STATE=getMsg HTTP/1.1" 200 27
221.239.141.151 - - [06/Oct/2022:09:36:11 +0800] "GET /xingrg/all/function/internal_message.html?_=1665020168391&CODE_STATE=getMsg HTTP/1.1" 200 27
116.238.194.138 - - [06/Oct/2022:09:36:18 +0800] "GET /xingrg/all/function/internal_message.html?_=1665020122596&CODE_STATE=getMsg HTTP/1.1" 200 27
222.70.183.206 - - [06/Oct/2022:09:36:28 +0800] "GET /xingrg/all/function/internal_message.html?_=1665020182116&CODE_STATE=getMsg HTTP/1.1" 200 27
114.83.219.72 - - [06/Oct/2022:09:36:30 +0800] "GET /xingrg/all/function/internal_message.html?_=1665020187943&CODE_STATE=getMsg HTTP/1.1" 200 27
116.225.121.189 - - [06/Oct/2022:09:36:32 +0800] "GET /xingrg/all/function/internal_message.html?_=1665020042683&CODE_STATE=getMsg HTTP/1.1" 200 27
221.239.141.151 - - [06/Oct/2022:09:36:34 +0800] "GET /xingrg/check_reg.html?_=1665020208286 HTTP/1.1" 200 22
221.239.141.151 - - [06/Oct/2022:09:36:34 +0800] "GET /xingrg/all/function/internal_message.html?_=1665020208289&CODE_STATE=getMsg HTTP/1.1" 200 27
120.253.135.82 - - [06/Oct/2022:09:36:40 +0800] "GET /xingrg/check_reg.html?_=1665020313044 HTTP/1.1" 200 22
120.253.135.82 - - [06/Oct/2022:09:36:42 +0800] "GET /xingrg/all/function/internal_message.html?_=1665020315134&CODE_STATE=getMsg HTTP/1.1" 200 27
116.230.114.213 - - [06/Oct/2022:09:36:45 +0800] "POST /xingrg/services/DataTransmitService HTTP/1.1" 200 524
116.230.114.213 - - [06/Oct/2022:09:36:46 +0800] "POST /xingrg/services/DataTransmitService HTTP/1.1" 200 2339
116.230.114.213 - - [06/Oct/2022:09:36:46 +0800] "POST /xingrg/services/DataTransmitService HTTP/1.1" 200 204144
116.230.114.213 - - [06/Oct/2022:09:36:50 +0800] "GET /xingrg/all/function/internal_message.html?_=1665020219622&CODE_STATE=getMsg HTTP/1.1" 200 27
120.253.135.82 - - [06/Oct/2022:09:36:52 +0800] "GET /xingrg/all/function/internal_message.html?_=1665020005931&CODE_STATE=getMsg HTTP/1.1" 200 27
116.230.105.139 - - [06/Oct/2022:09:36:58 +0800] "GET /xingrg/all/function/internal_message.html?_=1665020191318&CODE_STATE=getMsg HTTP/1.1" 200 27
172.20.0.100 - - [06/Oct/2022:09:37:00 +0800] "GET /xingrg/all/function/internal_message.html?_=1665020215539&CODE_STATE=getMsg HTTP/1.1" 200 27
221.239.141.151 - - [06/Oct/2022:09:37:11 +0800] "GET /xingrg/all/function/internal_message.html?_=1665020228369&CODE_STATE=getMsg HTTP/1.1" 200 27
116.238.194.138 - - [06/Oct/2022:09:37:18 +0800] "GET /xingrg/check_reg.html?_=1665020182030 HTTP/1.1" 200 22
116.238.194.138 - - [06/Oct/2022:09:37:18 +0800] "GET /xingrg/all/function/internal_message.html?_=1665020182609&CODE_STATE=getMsg HTTP/1.1" 200 27
222.70.183.206 - - [06/Oct/2022:09:37:28 +0800] "GET /xingrg/all/function/internal_message.html?_=1665020242093&CODE_STATE=getMsg HTTP/1.1" 200 27
114.83.219.72 - - [06/Oct/2022:09:37:30 +0800] "GET /xingrg/all/function/internal_message.html?_=1665020247928&CODE_STATE=getMsg HTTP/1.1" 200 27
116.225.121.189 - - [06/Oct/2022:09:37:32 +0800] "GET /xingrg/all/function/internal_message.html?_=1665020102682&CODE_STATE=getMsg HTTP/1.1" 200 27
221.239.141.151 - - [06/Oct/2022:09:37:34 +0800] "GET /xingrg/all/function/internal_message.html?_=1665020268285&CODE_STATE=getMsg HTTP/1.1" 200 27
120.253.135.82 - - [06/Oct/2022:09:37:42 +0800] "GET /xingrg/all/function/internal_message.html?_=1665020375148&CODE_STATE=getMsg HTTP/1.1" 200 27
222.70.183.206 - - [06/Oct/2022:09:37:48 +0800] "POST /xingrg/kc/buy/cgsh_order_operate.html HTTP/1.1" 200 37
116.230.114.213 - - [06/Oct/2022:09:37:50 +0800] "GET /xingrg/all/function/internal_message.html?_=1665020279641&CODE_STATE=getMsg HTTP/1.1" 200 27
222.70.183.206 - - [06/Oct/2022:09:37:51 +0800] "POST /xingrg/kc/buy/cgsh_order_operate.html HTTP/1.1" 200 31624
120.253.135.82 - - [06/Oct/2022:09:37:52 +0800] "GET /xingrg/all/function/internal_message.html?_=1665020065990&CODE_STATE=getMsg HTTP/1.1" 200 27
222.70.183.206 - - [06/Oct/2022:09:37:53 +0800] "GET /xingrg/kc/print/load_data.html?order_code=212022100601836&kc_code=cgsh&condition= HTTP/1.1" 200 11661
116.230.105.139 - - [06/Oct/2022:09:37:58 +0800] "GET /xingrg/all/function/internal_message.html?_=1665020251320&CODE_STATE=getMsg HTTP/1.1" 200 27
222.70.183.206 - - [06/Oct/2022:09:37:59 +0800] "GET /xingrg/kc/buy/cgsh_order_add.html HTTP/1.1" 200 68917
222.70.183.206 - - [06/Oct/2022:09:37:59 +0800] "POST /xingrg/kc/buy/cgsh_order_operate.html HTTP/1.1" 200 8245
222.70.183.206 - - [06/Oct/2022:09:37:59 +0800] "GET /xingrg/javascript/easyui/themes/default/validatebox.css HTTP/1.1" 404 1104
172.20.0.100 - - [06/Oct/2022:09:38:00 +0800] "GET /xingrg/all/function/internal_message.html?_=1665020275542&CODE_STATE=getMsg HTTP/1.1" 200 27
222.70.183.206 - - [06/Oct/2022:09:38:09 +0800] "GET /xingrg/check_reg.html?_=1665020286009 HTTP/1.1" 200 22
221.239.141.151 - - [06/Oct/2022:09:38:11 +0800] "GET /xingrg/all/function/internal_message.html?_=1665020288353&CODE_STATE=getMsg HTTP/1.1" 200 27
222.70.183.206 - - [06/Oct/2022:09:38:11 +0800] "GET /xingrg/kc/buy/cgsh_order_operate.html?command=get_materiel&rest_code=00111&code=00101006168&supplier_code=00100012&order_time=2022-10-06 HTTP/1.1" 200 421
116.238.194.138 - - [06/Oct/2022:09:38:18 +0800] "GET /xingrg/all/function/internal_message.html?_=1665020242623&CODE_STATE=getMsg HTTP/1.1" 200 27
222.70.183.206 - - [06/Oct/2022:09:38:19 +0800] "GET /xingrg/kc/buy/cgsh_order_operate.html?command=get_materiel&rest_code=00111&code=00101006109&supplier_code=00100012&order_time=2022-10-06 HTTP/1.1" 200 409
222.70.183.206 - - [06/Oct/2022:09:38:28 +0800] "GET /xingrg/kc/buy/cgsh_order_operate.html?command=get_materiel&rest_code=00111&code=00101006111&supplier_code=00100012&order_time=2022-10-06 HTTP/1.1" 200 409
222.70.183.206 - - [06/Oct/2022:09:38:28 +0800] "GET /xingrg/all/function/internal_message.html?_=1665020302092&CODE_STATE=getMsg HTTP/1.1" 200 27
114.83.219.72 - - [06/Oct/2022:09:38:30 +0800] "GET /xingrg/all/function/internal_message.html?_=1665020307920&CODE_STATE=getMsg HTTP/1.1" 200 27
116.225.121.189 - - [06/Oct/2022:09:38:32 +0800] "GET /xingrg/all/function/internal_message.html?_=1665020162688&CODE_STATE=getMsg HTTP/1.1" 200 27
116.225.121.189 - - [06/Oct/2022:09:38:32 +0800] "GET /xingrg/check_reg.html?_=1665020162691 HTTP/1.1" 200 22
120.253.135.82 - - [06/Oct/2022:09:38:32 +0800] "GET /xingrg/check_reg.html?_=1665020105645 HTTP/1.1" 200 22
221.239.141.151 - - [06/Oct/2022:09:38:34 +0800] "GET /xingrg/all/function/internal_message.html?_=1665020328281&CODE_STATE=getMsg HTTP/1.1" 200 27
222.70.183.206 - - [06/Oct/2022:09:38:37 +0800] "GET /xingrg/kc/buy/cgsh_order_operate.html?command=get_materiel&rest_code=00111&code=00101006192&supplier_code=00100012&order_time=2022-10-06 HTTP/1.1" 200 409
120.253.135.82 - - [06/Oct/2022:09:38:42 +0800] "GET /xingrg/all/function/internal_message.html?_=1665020435162&CODE_STATE=getMsg HTTP/1.1" 200 27
222.70.183.206 - - [06/Oct/2022:09:38:49 +0800] "GET /xingrg/kc/buy/cgsh_order_operate.html?command=get_materiel&rest_code=00111&code=00101006084&supplier_code=00100012&order_time=2022-10-06 HTTP/1.1" 200 413
116.230.114.213 - - [06/Oct/2022:09:38:50 +0800] "GET /xingrg/all/function/internal_message.html?_=1665020339650&CODE_STATE=getMsg HTTP/1.1" 200 27
120.253.135.82 - - [06/Oct/2022:09:38:52 +0800] "GET /xingrg/all/function/internal_message.html?_=1665020126007&CODE_STATE=getMsg HTTP/1.1" 200 27
116.230.105.139 - - [06/Oct/2022:09:38:58 +0800] "GET /xingrg/all/function/internal_message.html?_=1665020311317&CODE_STATE=getMsg HTTP/1.1" 200 27
172.20.0.100 - - [06/Oct/2022:09:39:00 +0800] "GET /xingrg/all/function/internal_message.html?_=1665020335543&CODE_STATE=getMsg HTTP/1.1" 200 27
222.70.183.206 - - [06/Oct/2022:09:39:00 +0800] "GET /xingrg/kc/buy/cgsh_order_operate.html?command=get_materiel&rest_code=00111&code=00101006113&supplier_code=00100012&order_time=2022-10-06 HTTP/1.1" 200 413
221.239.141.151 - - [06/Oct/2022:09:39:11 +0800] "GET /xingrg/all/function/internal_message.html?_=1665020348335&CODE_STATE=getMsg HTTP/1.1" 200 27
221.239.141.151 - - [06/Oct/2022:09:39:12 +0800] "GET /xingrg/check_reg.html?_=1665020348778 HTTP/1.1" 200 22
172.20.0.100 - - [06/Oct/2022:09:39:14 +0800] "GET /xingrg/kc/cost/cost_list.html HTTP/1.1" 200 6073
172.20.0.100 - - [06/Oct/2022:09:39:14 +0800] "GET /xingrg/dwr/interface/AjaxReportQueryService.js HTTP/1.1" 200 13203
172.20.0.100 - - [06/Oct/2022:09:39:14 +0800] "GET /xingrg/dwr/engine.js HTTP/1.1" 200 43631
172.20.0.100 - - [06/Oct/2022:09:39:14 +0800] "GET /xingrg/javascript/jquery_easy_ui/themes/icons/edit_add.png HTTP/1.1" 200 1088
172.20.0.100 - - [06/Oct/2022:09:39:14 +0800] "GET /xingrg/javascript/jquery_easy_ui/themes/icons/edit_remove.png HTTP/1.1" 200 625
172.20.0.100 - - [06/Oct/2022:09:39:14 +0800] "GET /xingrg/javascript/jquery_easy_ui/themes/icons/pencil.png HTTP/1.1" 200 713
172.20.0.100 - - [06/Oct/2022:09:39:14 +0800] "GET /xingrg/javascript/jquery_easy_ui/themes/default/images/datagrid_header_bg.gif HTTP/1.1" 200 97
172.20.0.100 - - [06/Oct/2022:09:39:14 +0800] "GET /xingrg/javascript/jquery_easy_ui/themes/default/images/pagination_loading.gif HTTP/1.1" 200 1737
172.20.0.100 - - [06/Oct/2022:09:39:14 +0800] "GET /xingrg/kc/cost/cost_operate.html?_=1665020350076&command=load_cost_list HTTP/1.1" 200 8510
222.70.183.206 - - [06/Oct/2022:09:39:14 +0800] "POST /xingrg/kc/buy/cgsh_order_operate.html HTTP/1.1" 200 37
172.20.0.100 - - [06/Oct/2022:09:39:17 +0800] "GET /xingrg/javascript/jquery_easy_ui/themes/default/images/button_plain_hover.png HTTP/1.1" 200 252
222.70.183.206 - - [06/Oct/2022:09:39:17 +0800] "POST /xingrg/kc/buy/cgsh_order_operate.html HTTP/1.1" 200 5622
172.20.0.100 - - [06/Oct/2022:09:39:17 +0800] "GET /xingrg/kc/cost/cost_page.html HTTP/1.1" 200 4078
172.20.0.100 - - [06/Oct/2022:09:39:17 +0800] "GET /xingrg/dwr/interface/AjaxReportQueryService.js HTTP/1.1" 200 13203
172.20.0.100 - - [06/Oct/2022:09:39:17 +0800] "GET /xingrg/dwr/engine.js HTTP/1.1" 200 43631
116.238.194.138 - - [06/Oct/2022:09:39:18 +0800] "GET /xingrg/all/function/internal_message.html?_=1665020302637&CODE_STATE=getMsg HTTP/1.1" 200 27
222.70.183.206 - - [06/Oct/2022:09:39:19 +0800] "GET /xingrg/kc/print/load_data.html?order_code=212022100601837&kc_code=cgsh&condition= HTTP/1.1" 200 1893
172.20.0.100 - - [06/Oct/2022:09:39:20 +0800] "POST /xingrg/kc/cost/cost_operate.html HTTP/1.1" 200 4
172.20.0.100 - - [06/Oct/2022:09:39:21 +0800] "GET /xingrg/kc/cost/cost_page.html HTTP/1.1" 200 4348
172.20.0.100 - - [06/Oct/2022:09:39:21 +0800] "GET /xingrg/css/blue.css HTTP/1.1" 304 -
172.20.0.100 - - [06/Oct/2022:09:39:21 +0800] "GET /xingrg/javascript/jquery_easy_ui/themes/default/easyui.css HTTP/1.1" 304 -
172.20.0.100 - - [06/Oct/2022:09:39:21 +0800] "GET /xingrg/javascript/jquery_easy_ui/themes/icon.css HTTP/1.1" 304 -
172.20.0.100 - - [06/Oct/2022:09:39:21 +0800] "GET /xingrg/javascript/step/step.css HTTP/1.1" 304 -
172.20.0.100 - - [06/Oct/2022:09:39:21 +0800] "GET /xingrg/css/table.css HTTP/1.1" 304 -
172.20.0.100 - - [06/Oct/2022:09:39:21 +0800] "GET /xingrg/dwr/interface/AjaxReportQueryService.js HTTP/1.1" 200 13203
172.20.0.100 - - [06/Oct/2022:09:39:21 +0800] "GET /xingrg/dwr/engine.js HTTP/1.1" 200 43631
172.20.0.100 - - [06/Oct/2022:09:39:21 +0800] "GET /xingrg/dwr/util.js HTTP/1.1" 304 -
172.20.0.100 - - [06/Oct/2022:09:39:21 +0800] "GET /xingrg/javascript/jquery-1.4.2.min.js HTTP/1.1" 304 -
172.20.0.100 - - [06/Oct/2022:09:39:21 +0800] "GET /xingrg/javascript/jquery_easy_ui/jquery.easyui.min.js HTTP/1.1" 304 -
172.20.0.100 - - [06/Oct/2022:09:39:21 +0800] "GET /xingrg/javascript/jquery_easy_ui/easyui-lang-zh_CN.js HTTP/1.1" 304 -
172.20.0.100 - - [06/Oct/2022:09:39:21 +0800] "GET /xingrg/javascript/jquery.utils.js HTTP/1.1" 304 -
172.20.0.100 - - [06/Oct/2022:09:39:21 +0800] "GET /xingrg/images/control/ajaxLoader.gif HTTP/1.1" 304 -
222.70.183.206 - - [06/Oct/2022:09:39:23 +0800] "GET /xingrg/kc/buy/cgsh_order_add.html HTTP/1.1" 200 68917
222.70.183.206 - - [06/Oct/2022:09:39:24 +0800] "POST /xingrg/kc/buy/cgsh_order_operate.html HTTP/1.1" 200 8245
222.70.183.206 - - [06/Oct/2022:09:39:24 +0800] "GET /xingrg/javascript/easyui/themes/default/validatebox.css HTTP/1.1" 404 1104
222.70.183.206 - - [06/Oct/2022:09:39:28 +0800] "GET /xingrg/all/function/internal_message.html?_=1665020362090&CODE_STATE=getMsg HTTP/1.1" 200 27
114.83.219.72 - - [06/Oct/2022:09:39:30 +0800] "GET /xingrg/all/function/internal_message.html?_=1665020367928&CODE_STATE=getMsg HTTP/1.1" 200 27
114.83.219.72 - - [06/Oct/2022:09:39:30 +0800] "GET /xingrg/check_reg.html?_=1665020367930 HTTP/1.1" 200 22
116.225.121.189 - - [06/Oct/2022:09:39:32 +0800] "GET /xingrg/all/function/internal_message.html?_=1665020222698&CODE_STATE=getMsg HTTP/1.1" 200 27
221.239.141.151 - - [06/Oct/2022:09:39:34 +0800] "GET /xingrg/all/function/internal_message.html?_=1665020388278&CODE_STATE=getMsg HTTP/1.1" 200 27
222.70.183.206 - - [06/Oct/2022:09:39:35 +0800] "GET /xingrg/kc/buy/cgsh_order_operate.html?command=get_materiel&rest_code=00111&code=00101007085&supplier_code=00100004&order_time=2022-10-06 HTTP/1.1" 200 413
172.20.0.100 - - [06/Oct/2022:09:39:41 +0800] "POST /xingrg/kc/cost/cost_operate.html HTTP/1.1" 200 4
120.253.135.82 - - [06/Oct/2022:09:39:42 +0800] "GET /xingrg/all/function/internal_message.html?_=1665020495222&CODE_STATE=getMsg HTTP/1.1" 200 27
116.230.114.213 - - [06/Oct/2022:09:39:50 +0800] "GET /xingrg/all/function/internal_message.html?_=1665020399668&CODE_STATE=getMsg HTTP/1.1" 200 27
120.253.135.82 - - [06/Oct/2022:09:39:52 +0800] "GET /xingrg/all/function/internal_message.html?_=1665020186019&CODE_STATE=getMsg HTTP/1.1" 200 27
116.230.114.213 - - [06/Oct/2022:09:39:53 +0800] "POST /xingrg/services/DataTransmitService HTTP/1.1" 200 524
116.230.105.139 - - [06/Oct/2022:09:39:58 +0800] "GET /xingrg/all/function/internal_message.html?_=1665020371317&CODE_STATE=getMsg HTTP/1.1" 200 27
116.230.114.213 - - [06/Oct/2022:09:39:59 +0800] "POST /xingrg/services/DataTransmitService HTTP/1.1" 200 501
172.20.0.100 - - [06/Oct/2022:09:40:03 +0800] "GET /xingrg/kc/cost/cost_page.html HTTP/1.1" 200 4079
172.20.0.100 - - [06/Oct/2022:09:40:03 +0800] "GET /xingrg/all/function/internal_message.html?_=1665020398839&CODE_STATE=getMsg HTTP/1.1" 200 27
172.20.0.100 - - [06/Oct/2022:09:40:03 +0800] "GET /xingrg/css/blue.css HTTP/1.1" 304 -
172.20.0.100 - - [06/Oct/2022:09:40:03 +0800] "GET /xingrg/javascript/jquery_easy_ui/themes/default/easyui.css HTTP/1.1" 304 -
172.20.0.100 - - [06/Oct/2022:09:40:03 +0800] "GET /xingrg/javascript/jquery_easy_ui/themes/icon.css HTTP/1.1" 304 -
172.20.0.100 - - [06/Oct/2022:09:40:03 +0800] "GET /xingrg/javascript/step/step.css HTTP/1.1" 304 -
172.20.0.100 - - [06/Oct/2022:09:40:03 +0800] "GET /xingrg/css/table.css HTTP/1.1" 304 -
172.20.0.100 - - [06/Oct/2022:09:40:03 +0800] "GET /xingrg/dwr/interface/AjaxReportQueryService.js HTTP/1.1" 200 13203
172.20.0.100 - - [06/Oct/2022:09:40:03 +0800] "GET /xingrg/dwr/engine.js HTTP/1.1" 200 43631
172.20.0.100 - - [06/Oct/2022:09:40:03 +0800] "GET /xingrg/dwr/util.js HTTP/1.1" 304 -
172.20.0.100 - - [06/Oct/2022:09:40:03 +0800] "GET /xingrg/javascript/jquery-1.4.2.min.js HTTP/1.1" 304 -
172.20.0.100 - - [06/Oct/2022:09:40:03 +0800] "GET /xingrg/javascript/jquery_easy_ui/jquery.easyui.min.js HTTP/1.1" 304 -
172.20.0.100 - - [06/Oct/2022:09:40:03 +0800] "GET /xingrg/javascript/jquery_easy_ui/easyui-lang-zh_CN.js HTTP/1.1" 304 -
