114.84.151.49 - - [06/Oct/2022:10:10:46 +0800] "GET /xingrg/all/function/internal_message.html?_=1665021901033&CODE_STATE=getMsg HTTP/1.1" 200 27
116.238.194.138 - - [06/Oct/2022:10:10:47 +0800] "POST /xingrg/kc/buy/cgsh_order_operate.html HTTP/1.1" 200 8245
116.238.194.138 - - [06/Oct/2022:10:10:47 +0800] "GET /xingrg/javascript/jquery_easy_ui/themes/default/images/button_a_bg.gif HTTP/1.1" 304 -
116.238.194.138 - - [06/Oct/2022:10:10:47 +0800] "GET /xingrg/javascript/jquery_easy_ui/themes/icons/ok.png HTTP/1.1" 304 -
116.238.194.138 - - [06/Oct/2022:10:10:47 +0800] "GET /xingrg/javascript/jquery_easy_ui/themes/default/images/button_span_bg.gif HTTP/1.1" 304 -
116.230.114.213 - - [06/Oct/2022:10:10:47 +0800] "GET /xingrg/kc/print/load_config.html?kc_code=cgsh HTTP/1.1" 200 1943
116.238.194.138 - - [06/Oct/2022:10:10:47 +0800] "GET /xingrg/javascript/easyui/themes/default/validatebox.css HTTP/1.1" 404 1104
116.238.194.138 - - [06/Oct/2022:10:10:47 +0800] "GET /xingrg/javascript/jquery_easy_ui/themes/default/images/panel_tools.gif HTTP/1.1" 304 -
116.238.194.138 - - [06/Oct/2022:10:10:47 +0800] "GET /xingrg/javascript/jquery_easy_ui/themes/default/images/panel_title.png HTTP/1.1" 304 -
116.230.114.213 - - [06/Oct/2022:10:10:47 +0800] "GET /xingrg/kc/print/load_data.html?order_code=212022100601850&kc_code=cgsh&condition= HTTP/1.1" 200 14542
116.238.194.138 - - [06/Oct/2022:10:10:49 +0800] "POST /xingrg/all/user/operate.html HTTP/1.1" 200 36
116.238.194.138 - - [06/Oct/2022:10:10:50 +0800] "GET /xingrg/javascript/jquery_easy_ui/themes/default/easyui.css HTTP/1.1" 304 -
116.238.194.138 - - [06/Oct/2022:10:10:50 +0800] "GET /xingrg/javascript/jquery_easy_ui/themes/icon.css HTTP/1.1" 304 -
116.238.194.138 - - [06/Oct/2022:10:10:50 +0800] "GET /xingrg/index.html?sysBaseUrl=http%3A%2F%2F180.169.147.146%3A18081%2Fxingrg%2F&costTime=47×tamp=1665018737399 HTTP/1.1" 200 17177
116.238.194.138 - - [06/Oct/2022:10:10:50 +0800] "GET /xingrg/css/form.css HTTP/1.1" 304 -
116.238.194.138 - - [06/Oct/2022:10:10:50 +0800] "GET /xingrg/javascript/jquery-1.4.2.min.js HTTP/1.1" 304 -
116.238.194.138 - - [06/Oct/2022:10:10:50 +0800] "GET /xingrg/javascript/jquery_easy_ui/jquery.easyui.min.js HTTP/1.1" 304 -
116.238.194.138 - - [06/Oct/2022:10:10:50 +0800] "GET /xingrg/javascript/jquery_easy_ui/easyui-lang-zh_CN.js HTTP/1.1" 304 -
116.238.194.138 - - [06/Oct/2022:10:10:50 +0800] "GET /xingrg/javascript/jquery.form.js HTTP/1.1" 304 -
116.238.194.138 - - [06/Oct/2022:10:10:50 +0800] "GET /xingrg/javascript/jquery.utils.js HTTP/1.1" 304 -
116.238.194.138 - - [06/Oct/2022:10:10:50 +0800] "GET /xingrg/javascript/jquery.timers.js HTTP/1.1" 304 -
116.238.194.138 - - [06/Oct/2022:10:10:50 +0800] "GET /xingrg/images/blue/jxLogo.png HTTP/1.1" 304 -
116.238.194.138 - - [06/Oct/2022:10:10:50 +0800] "GET /xingrg/javascript/jquery_easy_ui/themes/icons/settle_new.png HTTP/1.1" 304 -
116.238.194.138 - - [06/Oct/2022:10:10:50 +0800] "GET /xingrg/images/blue/navBackgound.jpg HTTP/1.1" 304 -
116.225.121.189 - - [06/Oct/2022:10:10:50 +0800] "POST /xingrg/kc/buy/cgsh_order_operate.html HTTP/1.1" 200 2065
116.238.194.138 - - [06/Oct/2022:10:10:50 +0800] "POST /xingrg/all/common/load_tree.html?tree=area_rest_tree_json&manage=1 HTTP/1.1" 200 476
116.238.194.138 - - [06/Oct/2022:10:10:50 +0800] "GET /xingrg/images/blue/pingpu.png HTTP/1.1" 304 -
116.238.194.138 - - [06/Oct/2022:10:10:50 +0800] "GET /xingrg/javascript/jquery_easy_ui/themes/default/images/tabs_leftarrow.png HTTP/1.1" 304 -
116.238.194.138 - - [06/Oct/2022:10:10:50 +0800] "GET /xingrg/javascript/jquery_easy_ui/themes/default/images/tabs_rightarrow.png HTTP/1.1" 304 -
116.238.194.138 - - [06/Oct/2022:10:10:50 +0800] "GET /xingrg/javascript/jquery_easy_ui/themes/default/images/panel_tool_collapse.gif HTTP/1.1" 304 -
116.238.194.138 - - [06/Oct/2022:10:10:50 +0800] "GET /xingrg/check_reg.html?_=1665022194688 HTTP/1.1" 200 22
116.238.194.138 - - [06/Oct/2022:10:10:50 +0800] "GET /xingrg/all/function/internal_message.html?_=1665022194687&CODE_STATE=count HTTP/1.1" 200 11
116.238.194.138 - - [06/Oct/2022:10:10:50 +0800] "POST /xingrg/load_menu.html HTTP/1.1" 200 5138
114.84.151.49 - - [06/Oct/2022:10:10:53 +0800] "POST /xingrg/kc/buy/cgsh_order_operate.html HTTP/1.1" 200 2065
120.253.135.82 - - [06/Oct/2022:10:10:54 +0800] "GET /xingrg/all/function/internal_message.html?_=1665022047138&CODE_STATE=getMsg HTTP/1.1" 200 27
116.238.194.138 - - [06/Oct/2022:10:10:54 +0800] "GET /xingrg/kc/buy/cgsh_order_list.html HTTP/1.1" 200 53183
116.238.194.138 - - [06/Oct/2022:10:10:55 +0800] "POST /xingrg/kc/buy/cgsh_list_operate.html HTTP/1.1" 200 986
116.238.194.138 - - [06/Oct/2022:10:10:57 +0800] "GET /xingrg/kc/buy/cgsh_order_add.html HTTP/1.1" 200 68571
116.238.194.138 - - [06/Oct/2022:10:10:58 +0800] "GET /xingrg/all/common/auto_word.html?type=employee&rest_code=00151 HTTP/1.1" 200 293
116.238.194.138 - - [06/Oct/2022:10:10:58 +0800] "GET /xingrg/all/common/auto_word.html?type=employee&rest_code=00151 HTTP/1.1" 200 293
116.238.194.138 - - [06/Oct/2022:10:10:58 +0800] "GET /xingrg/javascript/easyui/themes/default/validatebox.css HTTP/1.1" 404 1104
116.238.194.138 - - [06/Oct/2022:10:10:58 +0800] "POST /xingrg/kc/buy/cgsh_order_operate.html HTTP/1.1" 200 8245
114.84.151.49 - - [06/Oct/2022:10:10:58 +0800] "GET /xingrg/kc/buy/cgsh_order_operate.html?command=get_materiel&rest_code=00141&code=00101019738&supplier_code=00100007&order_time=2022-10-06 HTTP/1.1" 200 448
172.20.0.100 - - [06/Oct/2022:10:11:00 +0800] "GET /xingrg/check_reg.html?_=1665022255545 HTTP/1.1" 200 22
116.238.194.138 - - [06/Oct/2022:10:11:01 +0800] "GET /xingrg/javascript/auto/indicator.gif HTTP/1.1" 404 1066
172.20.0.100 - - [06/Oct/2022:10:11:02 +0800] "GET /xingrg/all/function/internal_message.html?_=1665022257984&CODE_STATE=getMsg HTTP/1.1" 200 27
116.237.76.114 - - [06/Oct/2022:10:11:05 +0800] "GET /xingrg/all/function/internal_message.html?_=1665022258144&CODE_STATE=getMsg HTTP/1.1" 200 27
114.84.151.49 - - [06/Oct/2022:10:11:07 +0800] "GET /xingrg/kc/buy/cgsh_order_operate.html?command=get_materiel&rest_code=00141&code=00101008301&supplier_code=00100007&order_time=2022-10-06 HTTP/1.1" 200 422
116.230.105.139 - - [06/Oct/2022:10:11:09 +0800] "GET /xingrg/all/function/internal_message.html?_=1665022241314&CODE_STATE=getMsg HTTP/1.1" 200 27
221.239.141.151 - - [06/Oct/2022:10:11:11 +0800] "GET /xingrg/all/function/internal_message.html?_=1665022267894&CODE_STATE=getMsg HTTP/1.1" 200 27
221.239.141.151 - - [06/Oct/2022:10:11:12 +0800] "GET /xingrg/kc/mdqp/qqps_order_list.html HTTP/1.1" 200 9642
221.239.141.151 - - [06/Oct/2022:10:11:12 +0800] "GET /xingrg/dwr/interface/AjaxQqpsService.js HTTP/1.1" 200 16326
221.239.141.151 - - [06/Oct/2022:10:11:12 +0800] "GET /xingrg/dwr/interface/AjaxReportQueryService.js HTTP/1.1" 200 13203
221.239.141.151 - - [06/Oct/2022:10:11:12 +0800] "GET /xingrg/dwr/engine.js HTTP/1.1" 200 43631
116.238.194.138 - - [06/Oct/2022:10:11:13 +0800] "GET /xingrg/kc/buy/cgsh_order_operate.html?command=get_materiel&rest_code=00151&code=00101009078&supplier_code=00100026&order_time=2022-10-06 HTTP/1.1" 200 408
114.84.151.49 - - [06/Oct/2022:10:11:19 +0800] "POST /xingrg/kc/buy/cgsh_order_operate.html HTTP/1.1" 200 37
116.225.121.189 - - [06/Oct/2022:10:11:21 +0800] "GET /xingrg/kc/buy/cgsh_order_operate.html?command=get_materiel&rest_code=00105&code=00101015112&supplier_code=00100203&order_time=2022-10-06 HTTP/1.1" 200 416
116.230.114.213 - - [06/Oct/2022:10:11:26 +0800] "GET /xingrg/all/function/internal_message.html?_=1665022295544&CODE_STATE=getMsg HTTP/1.1" 200 27
180.169.147.146 - - [06/Oct/2022:10:11:26 +0800] "GET /xingrg/all/function/internal_message.html?_=1665022279627&CODE_STATE=getMsg HTTP/1.1" 200 27
114.84.151.49 - - [06/Oct/2022:10:11:26 +0800] "POST /xingrg/kc/buy/cgsh_order_operate.html HTTP/1.1" 200 12
114.84.151.49 - - [06/Oct/2022:10:11:27 +0800] "GET /xingrg/kc/buy/cgsh_order_info.html?code=212022100601848 HTTP/1.1" 200 63864
114.84.151.49 - - [06/Oct/2022:10:11:28 +0800] "GET /xingrg/javascript/easyui/themes/default/validatebox.css HTTP/1.1" 404 1104
116.238.194.138 - - [06/Oct/2022:10:11:28 +0800] "GET /xingrg/kc/buy/cgsh_order_operate.html?command=get_materiel&rest_code=00151&code=00101009062&supplier_code=00100026&order_time=2022-10-06 HTTP/1.1" 200 412
222.70.183.206 - - [06/Oct/2022:10:11:28 +0800] "GET /xingrg/all/function/internal_message.html?_=1665022282121&CODE_STATE=getMsg HTTP/1.1" 200 27
114.84.151.49 - - [06/Oct/2022:10:11:29 +0800] "POST /xingrg/kc/buy/cgsh_order_operate.html HTTP/1.1" 200 31940
114.83.219.72 - - [06/Oct/2022:10:11:30 +0800] "GET /xingrg/all/function/internal_message.html?_=1665022287930&CODE_STATE=getMsg HTTP/1.1" 200 27
114.84.151.49 - - [06/Oct/2022:10:11:30 +0800] "GET /xingrg/kc/print/load_config.html?kc_code=cgsh HTTP/1.1" 200 1943
114.84.151.49 - - [06/Oct/2022:10:11:31 +0800] "GET /xingrg/kc/print/load_data.html?order_code=212022100601848&kc_code=cgsh&condition= HTTP/1.1" 200 12609
116.225.121.189 - - [06/Oct/2022:10:11:32 +0800] "GET /xingrg/all/function/internal_message.html?_=1665022142713&CODE_STATE=getMsg HTTP/1.1" 200 27
221.239.141.151 - - [06/Oct/2022:10:11:34 +0800] "GET /xingrg/check_reg.html?_=1665022308314 HTTP/1.1" 200 22
221.239.141.151 - - [06/Oct/2022:10:11:34 +0800] "GET /xingrg/all/function/internal_message.html?_=1665022308317&CODE_STATE=getMsg HTTP/1.1" 200 27
116.225.121.189 - - [06/Oct/2022:10:11:37 +0800] "GET /xingrg/kc/buy/cgsh_order_operate.html?command=get_materiel&rest_code=00105&code=00101015066&supplier_code=00100203&order_time=2022-10-06 HTTP/1.1" 200 413
116.238.194.138 - - [06/Oct/2022:10:11:38 +0800] "GET /xingrg/kc/buy/cgsh_order_operate.html?command=get_materiel&rest_code=00151&code=00101009088&supplier_code=00100026&order_time=2022-10-06 HTTP/1.1" 200 405
116.237.76.114 - - [06/Oct/2022:10:11:38 +0800] "GET /xingrg/kc/buy/cgsh_order_add.html HTTP/1.1" 200 68961
116.237.76.114 - - [06/Oct/2022:10:11:39 +0800] "POST /xingrg/kc/buy/cgsh_order_operate.html HTTP/1.1" 200 8245
116.237.76.114 - - [06/Oct/2022:10:11:39 +0800] "GET /xingrg/javascript/easyui/themes/default/validatebox.css HTTP/1.1" 404 1104
124.79.246.218 - - [06/Oct/2022:10:11:39 +0800] "GET /xingrg/all/function/internal_message.html?_=1665022496012&CODE_STATE=getMsg HTTP/1.1" 200 27
124.79.246.218 - - [06/Oct/2022:10:11:39 +0800] "GET /xingrg/check_reg.html?_=1665022496014 HTTP/1.1" 200 22
120.253.135.82 - - [06/Oct/2022:10:11:41 +0800] "GET /xingrg/check_reg.html?_=1665022413390 HTTP/1.1" 200 22
116.237.76.114 - - [06/Oct/2022:10:11:42 +0800] "GET /xingrg/javascript/easyui/themes/default/tree.css HTTP/1.1" 404 1090
116.237.76.114 - - [06/Oct/2022:10:11:42 +0800] "POST /xingrg/all/common/load_tree.html?tree=supplier_tree_json&isDelete=1 HTTP/1.1" 200 69036
120.253.135.82 - - [06/Oct/2022:10:11:44 +0800] "GET /xingrg/all/function/internal_message.html?_=1665022416795&CODE_STATE=getMsg HTTP/1.1" 200 27
114.84.151.49 - - [06/Oct/2022:10:11:46 +0800] "GET /xingrg/all/function/internal_message.html?_=1665021961021&CODE_STATE=getMsg HTTP/1.1" 200 27
116.238.194.138 - - [06/Oct/2022:10:11:48 +0800] "GET /xingrg/kc/buy/cgsh_order_operate.html?command=get_materiel&rest_code=00151&code=00101009011&supplier_code=00100026&order_time=2022-10-06 HTTP/1.1" 200 416
116.238.194.138 - - [06/Oct/2022:10:11:50 +0800] "GET /xingrg/all/function/internal_message.html?_=1665022254788&CODE_STATE=getMsg HTTP/1.1" 200 27
120.253.135.82 - - [06/Oct/2022:10:11:54 +0800] "GET /xingrg/all/function/internal_message.html?_=1665022107140&CODE_STATE=getMsg HTTP/1.1" 200 27
116.237.76.114 - - [06/Oct/2022:10:11:56 +0800] "GET /xingrg/kc/buy/cgsh_order_operate.html?command=get_materiel&rest_code=00106&code=00101007125&supplier_code=00100002&order_time=2022-10-06 HTTP/1.1" 200 406
116.238.194.138 - - [06/Oct/2022:10:11:56 +0800] "GET /xingrg/kc/buy/cgsh_order_operate.html?command=get_materiel&rest_code=00151&code=00101009049&supplier_code=00100026&order_time=2022-10-06 HTTP/1.1" 200 416
172.20.0.100 - - [06/Oct/2022:10:12:02 +0800] "GET /xingrg/all/function/internal_message.html?_=1665022317955&CODE_STATE=getMsg HTTP/1.1" 200 27
116.237.76.114 - - [06/Oct/2022:10:12:05 +0800] "GET /xingrg/all/function/internal_message.html?_=1665022318162&CODE_STATE=getMsg HTTP/1.1" 200 27
116.230.105.139 - - [06/Oct/2022:10:12:08 +0800] "GET /xingrg/all/function/internal_message.html?_=1665022301300&CODE_STATE=getMsg HTTP/1.1" 200 27
221.239.141.151 - - [06/Oct/2022:10:12:11 +0800] "GET /xingrg/all/function/internal_message.html?_=1665022327882&CODE_STATE=getMsg HTTP/1.1" 200 27
116.230.114.213 - - [06/Oct/2022:10:12:26 +0800] "GET /xingrg/all/function/internal_message.html?_=1665022355558&CODE_STATE=getMsg HTTP/1.1" 200 27
180.169.147.146 - - [06/Oct/2022:10:12:26 +0800] "GET /xingrg/all/function/internal_message.html?_=1665022339628&CODE_STATE=getMsg HTTP/1.1" 200 27
180.169.147.146 - - [06/Oct/2022:10:12:26 +0800] "GET /xingrg/check_reg.html?_=1665022339629 HTTP/1.1" 200 22
222.70.183.206 - - [06/Oct/2022:10:12:28 +0800] "GET /xingrg/all/function/internal_message.html?_=1665022342122&CODE_STATE=getMsg HTTP/1.1" 200 27
116.225.121.189 - - [06/Oct/2022:10:12:28 +0800] "GET /xingrg/kc/buy/cgsh_order_operate.html?command=get_materiel&rest_code=00105&code=00101020147&supplier_code=00100203&order_time=2022-10-06 HTTP/1.1" 200 408
114.83.219.72 - - [06/Oct/2022:10:12:30 +0800] "GET /xingrg/all/function/internal_message.html?_=1665022347928&CODE_STATE=getMsg HTTP/1.1" 200 27
116.225.121.189 - - [06/Oct/2022:10:12:32 +0800] "GET /xingrg/all/function/internal_message.html?_=1665022202713&CODE_STATE=getMsg HTTP/1.1" 200 27
221.239.141.151 - - [06/Oct/2022:10:12:34 +0800] "GET /xingrg/all/function/internal_message.html?_=1665022368311&CODE_STATE=getMsg HTTP/1.1" 200 27
124.79.246.218 - - [06/Oct/2022:10:12:39 +0800] "GET /xingrg/all/function/internal_message.html?_=1665022556012&CODE_STATE=getMsg HTTP/1.1" 200 27
116.225.121.189 - - [06/Oct/2022:10:12:43 +0800] "POST /xingrg/kc/buy/cgsh_order_operate.html HTTP/1.1" 200 37
120.253.135.82 - - [06/Oct/2022:10:12:44 +0800] "GET /xingrg/all/function/internal_message.html?_=1665022476809&CODE_STATE=getMsg HTTP/1.1" 200 27
116.237.76.114 - - [06/Oct/2022:10:12:44 +0800] "GET /xingrg/kc/buy/cgsh_order_operate.html?command=get_materiel&rest_code=00106&code=00101007090&supplier_code=00100002&order_time=2022-10-06 HTTP/1.1" 200 415
114.84.151.49 - - [06/Oct/2022:10:12:46 +0800] "GET /xingrg/all/function/internal_message.html?_=1665022021028&CODE_STATE=getMsg HTTP/1.1" 200 27
116.228.172.94 - - [06/Oct/2022:10:12:47 +0800] "GET /favicon.ico HTTP/1.1" 404 -
116.238.194.138 - - [06/Oct/2022:10:12:50 +0800] "GET /xingrg/all/function/internal_message.html?_=1665022314824&CODE_STATE=getMsg HTTP/1.1" 200 27
116.228.172.94 - - [06/Oct/2022:10:12:52 +0800] "GET /xingrg/login.html HTTP/1.1" 200 7641
116.228.172.94 - - [06/Oct/2022:10:12:54 +0800] "GET /favicon.ico HTTP/1.1" 404 -
120.253.135.82 - - [06/Oct/2022:10:12:54 +0800] "GET /xingrg/all/function/internal_message.html?_=1665022167202&CODE_STATE=getMsg HTTP/1.1" 200 27
116.228.172.94 - - [06/Oct/2022:10:12:55 +0800] "POST /xingrg/login.do HTTP/1.1" 302 -
116.228.172.94 - - [06/Oct/2022:10:12:55 +0800] "GET /xingrg/index.html?sysBaseUrl=http%3A%2F%2F180.169.147.146%3A18081%2Fxingrg%2F&costTime=106×tamp=1665022375399 HTTP/1.1" 200 17417
116.228.172.94 - - [06/Oct/2022:10:12:55 +0800] "GET /favicon.ico HTTP/1.1" 404 -
116.228.172.94 - - [06/Oct/2022:10:12:55 +0800] "POST /xingrg/all/common/load_tree.html?tree=area_rest_tree_json&manage=1 HTTP/1.1" 200 348
116.228.172.94 - - [06/Oct/2022:10:12:56 +0800] "GET /xingrg/all/function/internal_message.html?_=1665021886320&CODE_STATE=count HTTP/1.1" 200 11
116.228.172.94 - - [06/Oct/2022:10:12:56 +0800] "GET /xingrg/check_reg.html?_=1665021886322 HTTP/1.1" 200 22
116.228.172.94 - - [06/Oct/2022:10:12:56 +0800] "POST /xingrg/load_menu.html HTTP/1.1" 200 9959
116.225.121.189 - - [06/Oct/2022:10:12:56 +0800] "POST /xingrg/kc/buy/cgsh_order_operate.html HTTP/1.1" 200 14481
116.228.172.94 - - [06/Oct/2022:10:12:58 +0800] "GET /xingrg/kc/buy/buy_main.html HTTP/1.1" 200 12412
116.228.172.94 - - [06/Oct/2022:10:12:58 +0800] "GET /xingrg/css/new_ie.css HTTP/1.1" 404 1036
116.228.172.94 - - [06/Oct/2022:10:12:59 +0800] "GET /xingrg/images/yd/bt.gif HTTP/1.1" 404 1040
116.228.172.94 - - [06/Oct/2022:10:12:59 +0800] "GET /xingrg/kc/buy/cgsh_order_list.html HTTP/1.1" 200 53183
116.228.172.94 - - [06/Oct/2022:10:13:02 +0800] "POST /xingrg/kc/buy/cgsh_list_operate.html HTTP/1.1" 200 986
172.20.0.100 - - [06/Oct/2022:10:13:02 +0800] "GET /xingrg/all/function/internal_message.html?_=1665022377926&CODE_STATE=getMsg HTTP/1.1" 200 27
116.237.76.114 - - [06/Oct/2022:10:13:05 +0800] "GET /xingrg/all/function/internal_message.html?_=1665022378147&CODE_STATE=getMsg HTTP/1.1" 200 27
116.228.172.94 - - [06/Oct/2022:10:13:07 +0800] "GET /xingrg/kc/buy/cgsh_order_add.html HTTP/1.1" 200 68008
116.228.172.94 - - [06/Oct/2022:10:13:07 +0800] "GET /xingrg/words/20221005172558_words.js HTTP/1.1" 200 923489
116.228.172.94 - - [06/Oct/2022:10:13:08 +0800] "POST /xingrg/kc/buy/cgsh_order_operate.html HTTP/1.1" 200 8245
116.228.172.94 - - [06/Oct/2022:10:13:08 +0800] "GET /xingrg/all/common/auto_word.html?type=employee&rest_code=00153 HTTP/1.1" 200 47
116.228.172.94 - - [06/Oct/2022:10:13:08 +0800] "GET /xingrg/javascript/easyui/themes/default/validatebox.css HTTP/1.1" 404 1104
116.228.172.94 - - [06/Oct/2022:10:13:08 +0800] "GET /xingrg/all/common/auto_word.html?type=employee&rest_code=00153 HTTP/1.1" 200 47
116.230.105.139 - - [06/Oct/2022:10:13:09 +0800] "GET /xingrg/all/function/internal_message.html?_=1665022361314&CODE_STATE=getMsg HTTP/1.1" 200 27
222.70.183.206 - - [06/Oct/2022:10:13:09 +0800] "GET /xingrg/check_reg.html?_=1665022385936 HTTP/1.1" 200 22
116.228.172.94 - - [06/Oct/2022:10:13:09 +0800] "GET /xingrg/javascript/auto/indicator.gif HTTP/1.1" 404 1066
221.239.141.151 - - [06/Oct/2022:10:13:11 +0800] "GET /xingrg/all/function/internal_message.html?_=1665022387869&CODE_STATE=getMsg HTTP/1.1" 200 27
116.228.172.94 - - [06/Oct/2022:10:13:13 +0800] "GET /xingrg/javascript/jquery_tools/images/prev.gif HTTP/1.1" 404 1086
116.228.172.94 - - [06/Oct/2022:10:13:13 +0800] "GET /xingrg/javascript/jquery_tools/images/next.gif HTTP/1.1" 404 1086
116.228.172.94 - - [06/Oct/2022:10:13:23 +0800] "GET /xingrg/kc/buy/cgsh_order_operate.html?command=get_materiel&rest_code=00153&code=00101008418&supplier_code=00100476&order_time=2022-10-05 HTTP/1.1" 200 413
116.230.114.213 - - [06/Oct/2022:10:13:25 +0800] "GET /xingrg/check_reg.html?_=1665022415025 HTTP/1.1" 200 22
180.169.147.146 - - [06/Oct/2022:10:13:26 +0800] "GET /xingrg/all/function/internal_message.html?_=1665022399630&CODE_STATE=getMsg HTTP/1.1" 200 27
116.230.114.213 - - [06/Oct/2022:10:13:26 +0800] "GET /xingrg/all/function/internal_message.html?_=1665022415570&CODE_STATE=getMsg HTTP/1.1" 200 27
222.70.183.206 - - [06/Oct/2022:10:13:28 +0800] "GET /xingrg/all/function/internal_message.html?_=1665022402123&CODE_STATE=getMsg HTTP/1.1" 200 27
116.225.121.189 - - [06/Oct/2022:10:13:28 +0800] "GET /xingrg/kc/buy/cgsh_order_operate.html?command=get_materiel&rest_code=00105&code=00101008312&supplier_code=00100203&order_time=2022-10-06 HTTP/1.1" 200 412
114.83.219.72 - - [06/Oct/2022:10:13:30 +0800] "GET /xingrg/all/function/internal_message.html?_=1665022407931&CODE_STATE=getMsg HTTP/1.1" 200 27
116.225.121.189 - - [06/Oct/2022:10:13:32 +0800] "GET /xingrg/all/function/internal_message.html?_=1665022262707&CODE_STATE=getMsg HTTP/1.1" 200 27
116.225.121.189 - - [06/Oct/2022:10:13:32 +0800] "GET /xingrg/check_reg.html?_=1665022262710 HTTP/1.1" 200 22
120.253.135.82 - - [06/Oct/2022:10:13:32 +0800] "GET /xingrg/check_reg.html?_=1665022205687 HTTP/1.1" 200 22
221.239.141.151 - - [06/Oct/2022:10:13:34 +0800] "GET /xingrg/all/function/internal_message.html?_=1665022428308&CODE_STATE=getMsg HTTP/1.1" 200 27
124.79.246.218 - - [06/Oct/2022:10:13:39 +0800] "GET /xingrg/all/function/internal_message.html?_=1665022616012&CODE_STATE=getMsg HTTP/1.1" 200 27
116.237.76.114 - - [06/Oct/2022:10:13:43 +0800] "GET /xingrg/kc/buy/cgsh_order_operate.html?command=get_materiel&rest_code=00106&code=00101007085&supplier_code=00100002&order_time=2022-10-06 HTTP/1.1" 200 413
120.253.135.82 - - [06/Oct/2022:10:13:44 +0800] "GET /xingrg/all/function/internal_message.html?_=1665022536882&CODE_STATE=getMsg HTTP/1.1" 200 27
114.84.151.49 - - [06/Oct/2022:10:13:46 +0800] "GET /xingrg/all/function/internal_message.html?_=1665022081029&CODE_STATE=getMsg HTTP/1.1" 200 27
116.228.172.94 - - [06/Oct/2022:10:13:50 +0800] "GET /xingrg/kc/buy/cgsh_order_operate.html?command=get_materiel&rest_code=00153&code=00101009053&supplier_code=00100476&order_time=2022-10-05 HTTP/1.1" 200 410
116.238.194.138 - - [06/Oct/2022:10:13:50 +0800] "GET /xingrg/all/function/internal_message.html?_=1665022374829&CODE_STATE=getMsg HTTP/1.1" 200 27
120.253.135.82 - - [06/Oct/2022:10:13:54 +0800] "GET /xingrg/all/function/internal_message.html?_=1665022227214&CODE_STATE=getMsg HTTP/1.1" 200 27
116.228.172.94 - - [06/Oct/2022:10:13:56 +0800] "GET /xingrg/all/function/internal_message.html?_=1665021946355&CODE_STATE=getMsg HTTP/1.1" 200 27
116.237.76.114 - - [06/Oct/2022:10:13:57 +0800] "GET /xingrg/kc/buy/cgsh_order_operate.html?command=get_materiel&rest_code=00106&code=00101007027&supplier_code=00100002&order_time=2022-10-06 HTTP/1.1" 200 421
172.20.0.100 - - [06/Oct/2022:10:14:02 +0800] "GET /xingrg/all/function/internal_message.html?_=1665022437900&CODE_STATE=getMsg HTTP/1.1" 200 27
116.237.76.114 - - [06/Oct/2022:10:14:05 +0800] "GET /xingrg/check_reg.html?_=1665022438147 HTTP/1.1" 200 22
116.237.76.114 - - [06/Oct/2022:10:14:05 +0800] "GET /xingrg/all/function/internal_message.html?_=1665022438146&CODE_STATE=getMsg HTTP/1.1" 200 27
116.225.121.189 - - [06/Oct/2022:10:14:06 +0800] "GET /xingrg/kc/buy/cgsh_order_operate.html?command=get_materiel&rest_code=00105&code=00101008230&supplier_code=00100203&order_time=2022-10-06 HTTP/1.1" 200 408
116.238.194.138 - - [06/Oct/2022:10:14:06 +0800] "POST /xingrg/kc/buy/cgsh_order_operate.html HTTP/1.1" 200 37
116.230.105.139 - - [06/Oct/2022:10:14:09 +0800] "GET /xingrg/all/function/internal_message.html?_=1665022421311&CODE_STATE=getMsg HTTP/1.1" 200 27
221.239.141.151 - - [06/Oct/2022:10:14:11 +0800] "GET /xingrg/all/function/internal_message.html?_=1665022447856&CODE_STATE=getMsg HTTP/1.1" 200 27
116.228.172.94 - - [06/Oct/2022:10:14:11 +0800] "POST /xingrg/kc/buy/cgsh_order_operate.html HTTP/1.1" 200 37
116.238.194.138 - - [06/Oct/2022:10:14:11 +0800] "POST /xingrg/kc/buy/cgsh_order_operate.html HTTP/1.1" 200 12
221.239.141.151 - - [06/Oct/2022:10:14:12 +0800] "GET /xingrg/check_reg.html?_=1665022448791 HTTP/1.1" 200 22
116.238.194.138 - - [06/Oct/2022:10:14:13 +0800] "GET /xingrg/kc/buy/cgsh_order_info.html?code=212022100601852 HTTP/1.1" 200 63478
116.238.194.138 - - [06/Oct/2022:10:14:13 +0800] "GET /xingrg/javascript/easyui/themes/default/validatebox.css HTTP/1.1" 404 1104
116.238.194.138 - - [06/Oct/2022:10:14:13 +0800] "POST /xingrg/kc/buy/cgsh_order_operate.html HTTP/1.1" 200 3016
116.228.172.94 - - [06/Oct/2022:10:14:16 +0800] "POST /xingrg/kc/buy/cgsh_order_operate.html HTTP/1.1" 200 12
116.228.172.94 - - [06/Oct/2022:10:14:18 +0800] "GET /xingrg/kc/buy/cgsh_order_info.html?code=212022100601853 HTTP/1.1" 200 62909
116.228.172.94 - - [06/Oct/2022:10:14:18 +0800] "GET /xingrg/javascript/easyui/themes/default/validatebox.css HTTP/1.1" 404 1104
116.228.172.94 - - [06/Oct/2022:10:14:19 +0800] "POST /xingrg/kc/buy/cgsh_order_operate.html HTTP/1.1" 200 1200
116.238.194.138 - - [06/Oct/2022:10:14:20 +0800] "GET /xingrg/kc/print/load_data.html?order_code=212022100601852&kc_code=cgsh&condition= HTTP/1.1" 200 1720
116.228.172.94 - - [06/Oct/2022:10:14:21 +0800] "GET /xingrg/kc/print/load_config.html?kc_code=cgsh HTTP/1.1" 200 1943
116.228.172.94 - - [06/Oct/2022:10:14:21 +0800] "GET /xingrg/kc/print/load_data.html?order_code=212022100601853&kc_code=cgsh&condition= HTTP/1.1" 200 910
180.169.147.146 - - [06/Oct/2022:10:14:26 +0800] "GET /xingrg/all/function/internal_message.html?_=1665022459633&CODE_STATE=getMsg HTTP/1.1" 200 27
116.230.114.213 - - [06/Oct/2022:10:14:26 +0800] "GET /xingrg/all/function/internal_message.html?_=1665022475740&CODE_STATE=getMsg HTTP/1.1" 200 27
222.70.183.206 - - [06/Oct/2022:10:14:28 +0800] "GET /xingrg/all/function/internal_message.html?_=1665022462124&CODE_STATE=getMsg HTTP/1.1" 200 27
114.83.219.72 - - [06/Oct/2022:10:14:30 +0800] "GET /xingrg/check_reg.html?_=1665022467925 HTTP/1.1" 200 22
114.83.219.72 - - [06/Oct/2022:10:14:30 +0800] "GET /xingrg/all/function/internal_message.html?_=1665022467928&CODE_STATE=getMsg HTTP/1.1" 200 27
116.225.121.189 - - [06/Oct/2022:10:14:32 +0800] "GET /xingrg/all/function/internal_message.html?_=1665022322708&CODE_STATE=getMsg HTTP/1.1" 200 27
221.239.141.151 - - [06/Oct/2022:10:14:34 +0800] "GET /xingrg/all/function/internal_message.html?_=1665022488307&CODE_STATE=getMsg HTTP/1.1" 200 27
124.79.246.218 - - [06/Oct/2022:10:14:39 +0800] "GET /xingrg/all/function/internal_message.html?_=1665022676012&CODE_STATE=getMsg HTTP/1.1" 200 27
116.237.76.114 - - [06/Oct/2022:10:14:44 +0800] "POST /xingrg/kc/buy/cgsh_order_operate.html HTTP/1.1" 200 37
120.253.135.82 - - [06/Oct/2022:10:14:44 +0800] "GET /xingrg/all/function/internal_message.html?_=1665022596883&CODE_STATE=getMsg HTTP/1.1" 200 27
114.84.151.49 - - [06/Oct/2022:10:14:46 +0800] "GET /xingrg/check_reg.html?_=1665022141027 HTTP/1.1" 200 22
114.84.151.49 - - [06/Oct/2022:10:14:46 +0800] "GET /xingrg/all/function/internal_message.html?_=1665022141028&CODE_STATE=getMsg HTTP/1.1" 200 27
116.237.76.114 - - [06/Oct/2022:10:14:48 +0800] "POST /xingrg/kc/buy/cgsh_order_operate.html HTTP/1.1" 200 12
116.238.194.138 - - [06/Oct/2022:10:14:50 +0800] "GET /xingrg/all/function/internal_message.html?_=1665022434843&CODE_STATE=getMsg HTTP/1.1" 200 27
116.237.76.114 - - [06/Oct/2022:10:14:54 +0800] "GET /xingrg/kc/buy/cgsh_order_info.html?code=212022100601854 HTTP/1.1" 200 63866
120.253.135.82 - - [06/Oct/2022:10:14:54 +0800] "GET /xingrg/all/function/internal_message.html?_=1665022287230&CODE_STATE=getMsg HTTP/1.1" 200 27
116.237.76.114 - - [06/Oct/2022:10:14:54 +0800] "GET /xingrg/javascript/easyui/themes/default/validatebox.css HTTP/1.1" 404 1104
116.225.121.189 - - [06/Oct/2022:10:14:54 +0800] "GET /xingrg/kc/buy/cgsh_order_operate.html?command=get_materiel&rest_code=00105&code=00101008286&supplier_code=00100203&order_time=2022-10-06 HTTP/1.1" 200 408
116.237.76.114 - - [06/Oct/2022:10:14:55 +0800] "POST /xingrg/kc/buy/cgsh_order_operate.html HTTP/1.1" 200 2985
116.228.172.94 - - [06/Oct/2022:10:14:56 +0800] "GET /xingrg/all/function/internal_message.html?_=1665022006343&CODE_STATE=getMsg HTTP/1.1" 200 27
172.20.0.100 - - [06/Oct/2022:10:15:02 +0800] "GET /xingrg/all/function/internal_message.html?_=1665022497872&CODE_STATE=getMsg HTTP/1.1" 200 27
116.237.76.114 - - [06/Oct/2022:10:15:05 +0800] "GET /xingrg/all/function/internal_message.html?_=1665022498146&CODE_STATE=getMsg HTTP/1.1" 200 27
116.237.76.114 - - [06/Oct/2022:10:15:07 +0800] "GET /xingrg/kc/print/load_data.html?order_code=212022100601854&kc_code=cgsh&condition= HTTP/1.1" 200 1694
116.230.105.139 - - [06/Oct/2022:10:15:08 +0800] "GET /xingrg/check_reg.html?_=1665022481303 HTTP/1.1" 200 22
116.230.105.139 - - [06/Oct/2022:10:15:09 +0800] "GET /xingrg/all/function/internal_message.html?_=1665022481305&CODE_STATE=getMsg HTTP/1.1" 200 27
221.239.141.151 - - [06/Oct/2022:10:15:11 +0800] "GET /xingrg/all/function/internal_message.html?_=1665022507838&CODE_STATE=getMsg HTTP/1.1" 200 27
116.237.76.114 - - [06/Oct/2022:10:15:14 +0800] "GET /xingrg/kc/print/load_data.html?order_code=212022100601854&kc_code=cgsh HTTP/1.1" 200 1694
116.225.121.189 - - [06/Oct/2022:10:15:25 +0800] "GET /xingrg/kc/buy/cgsh_order_operate.html?command=get_materiel&rest_code=00105&code=00101008275&supplier_code=00100203&order_time=2022-10-06 HTTP/1.1" 200 416
180.169.147.146 - - [06/Oct/2022:10:15:26 +0800] "GET /xingrg/all/function/internal_message.html?_=1665022519634&CODE_STATE=getMsg HTTP/1.1" 200 27
116.230.114.213 - - [06/Oct/2022:10:15:26 +0800] "GET /xingrg/all/function/internal_message.html?_=1665022535753&CODE_STATE=getMsg HTTP/1.1" 200 27
222.70.183.206 - - [06/Oct/2022:10:15:28 +0800] "GET /xingrg/check_reg.html?_=1665022522128 HTTP/1.1" 200 22
222.70.183.206 - - [06/Oct/2022:10:15:28 +0800] "GET /xingrg/all/function/internal_message.html?_=1665022522125&CODE_STATE=getMsg HTTP/1.1" 200 27
114.83.219.72 - - [06/Oct/2022:10:15:30 +0800] "GET /xingrg/all/function/internal_message.html?_=1665022527922&CODE_STATE=getMsg HTTP/1.1" 200 27
116.225.121.189 - - [06/Oct/2022:10:15:32 +0800] "GET /xingrg/all/function/internal_message.html?_=1665022382714&CODE_STATE=getMsg HTTP/1.1" 200 27
221.239.141.151 - - [06/Oct/2022:10:15:34 +0800] "GET /xingrg/all/function/internal_message.html?_=1665022548303&CODE_STATE=getMsg HTTP/1.1" 200 27
116.225.121.189 - - [06/Oct/2022:10:15:38 +0800] "POST /xingrg/kc/buy/cgsh_order_operate.html HTTP/1.1" 200 2065
124.79.246.218 - - [06/Oct/2022:10:15:39 +0800] "GET /xingrg/all/function/internal_message.html?_=1665022736079&CODE_STATE=getMsg HTTP/1.1" 200 27
120.253.135.82 - - [06/Oct/2022:10:15:44 +0800] "GET /xingrg/all/function/internal_message.html?_=1665022656957&CODE_STATE=getMsg HTTP/1.1" 200 27
114.84.151.49 - - [06/Oct/2022:10:15:46 +0800] "GET /xingrg/all/function/internal_message.html?_=1665022201027&CODE_STATE=getMsg HTTP/1.1" 200 27
116.228.172.94 - - [06/Oct/2022:10:15:46 +0800] "GET /xingrg/kc/buy/cgsh_order_add.html HTTP/1.1" 200 68008
116.228.172.94 - - [06/Oct/2022:10:15:46 +0800] "POST /xingrg/kc/buy/cgsh_order_operate.html HTTP/1.1" 200 8245
116.228.172.94 - - [06/Oct/2022:10:15:47 +0800] "GET /xingrg/javascript/easyui/themes/default/validatebox.css HTTP/1.1" 404 1104
116.238.194.138 - - [06/Oct/2022:10:15:50 +0800] "GET /xingrg/check_reg.html?_=1665022494709 HTTP/1.1" 200 22
116.238.194.138 - - [06/Oct/2022:10:15:50 +0800] "GET /xingrg/all/function/internal_message.html?_=1665022494857&CODE_STATE=getMsg HTTP/1.1" 200 27
120.253.135.82 - - [06/Oct/2022:10:15:54 +0800] "GET /xingrg/all/function/internal_message.html?_=1665022347352&CODE_STATE=getMsg HTTP/1.1" 200 27
116.228.172.94 - - [06/Oct/2022:10:15:56 +0800] "GET /xingrg/all/function/internal_message.html?_=1665022066414&CODE_STATE=getMsg HTTP/1.1" 200 27
180.169.147.146 - - [06/Oct/2022:10:15:56 +0800] "GET /xingrg/index.html?sysBaseUrl=http%3A%2F%2F180.169.147.146%3A18081%2Fxingrg%2F&costTime=39×tamp=1592034574635 HTTP/1.1" 302 -
180.169.147.146 - - [06/Oct/2022:10:15:56 +0800] "GET /xingrg/login.html HTTP/1.1" 200 7641
180.169.147.146 - - [06/Oct/2022:10:15:56 +0800] "GET /xingrg/images/blue/jxLogo.png HTTP/1.1" 200 6156
180.169.147.146 - - [06/Oct/2022:10:15:57 +0800] "GET /xingrg/images/blue/login_bg.png HTTP/1.1" 200 22101
180.169.147.146 - - [06/Oct/2022:10:15:57 +0800] "GET /favicon.ico HTTP/1.1" 404 -
180.169.147.146 - - [06/Oct/2022:10:15:57 +0800] "GET /xingrg/images/blue/srbg.png HTTP/1.1" 200 138
180.169.147.146 - - [06/Oct/2022:10:15:57 +0800] "GET /xingrg/images/blue/hj.png HTTP/1.1" 200 1014
172.20.0.100 - - [06/Oct/2022:10:16:00 +0800] "GET /xingrg/check_reg.html?_=1665022555546 HTTP/1.1" 200 22
172.20.0.100 - - [06/Oct/2022:10:16:02 +0800] "GET /xingrg/all/function/internal_message.html?_=1665022557848&CODE_STATE=getMsg HTTP/1.1" 200 27
116.237.76.114 - - [06/Oct/2022:10:16:05 +0800] "GET /xingrg/all/function/internal_message.html?_=1665022558159&CODE_STATE=getMsg HTTP/1.1" 200 27
116.225.121.189 - - [06/Oct/2022:10:16:08 +0800] "GET /xingrg/kc/buy/cgsh_order_operate.html?command=get_materiel&rest_code=00105&code=00101008176&supplier_code=00100203&order_time=2022-10-06 HTTP/1.1" 200 413
116.230.105.139 - - [06/Oct/2022:10:16:09 +0800] "GET /xingrg/all/function/internal_message.html?_=1665022541307&CODE_STATE=getMsg HTTP/1.1" 200 27
221.239.141.151 - - [06/Oct/2022:10:16:11 +0800] "GET /xingrg/all/function/internal_message.html?_=1665022567838&CODE_STATE=getMsg HTTP/1.1" 200 27
116.228.172.94 - - [06/Oct/2022:10:16:19 +0800] "GET /xingrg/kc/buy/cgsh_order_operate.html?command=get_materiel&rest_code=00153&code=00102021015&supplier_code=00100224&order_time=2022-10-06 HTTP/1.1" 200 431
180.169.147.146 - - [06/Oct/2022:10:16:26 +0800] "GET /xingrg/all/function/internal_message.html?_=1665022579636&CODE_STATE=getMsg HTTP/1.1" 200 27
116.230.114.213 - - [06/Oct/2022:10:16:26 +0800] "GET /xingrg/all/function/internal_message.html?_=1665022595936&CODE_STATE=getMsg HTTP/1.1" 200 27
222.70.183.206 - - [06/Oct/2022:10:16:28 +0800] "GET /xingrg/all/function/internal_message.html?_=1665022582128&CODE_STATE=getMsg HTTP/1.1" 200 27
114.83.219.72 - - [06/Oct/2022:10:16:30 +0800] "GET /xingrg/all/function/internal_message.html?_=1665022587932&CODE_STATE=getMsg HTTP/1.1" 200 27
116.225.121.189 - - [06/Oct/2022:10:16:32 +0800] "GET /xingrg/all/function/internal_message.html?_=1665022442711&CODE_STATE=getMsg HTTP/1.1" 200 27
221.239.141.151 - - [06/Oct/2022:10:16:34 +0800] "GET /xingrg/check_reg.html?_=1665022608322 HTTP/1.1" 200 22
221.239.141.151 - - [06/Oct/2022:10:16:34 +0800] "GET /xingrg/all/function/internal_message.html?_=1665022608318&CODE_STATE=getMsg HTTP/1.1" 200 27
116.230.105.139 - - [06/Oct/2022:10:16:35 +0800] "POST /xingrg/services/DataTransmitService HTTP/1.1" 200 524
116.225.121.189 - - [06/Oct/2022:10:16:37 +0800] "GET /xingrg/kc/buy/cgsh_order_operate.html?command=get_materiel&rest_code=00105&code=00101008219&supplier_code=00100203&order_time=2022-10-06 HTTP/1.1" 200 412
116.230.105.139 - - [06/Oct/2022:10:16:38 +0800] "POST /xingrg/services/DataTransmitService HTTP/1.1" 200 524
124.79.246.218 - - [06/Oct/2022:10:16:39 +0800] "GET /xingrg/check_reg.html?_=1665022796015 HTTP/1.1" 200 22
124.79.246.218 - - [06/Oct/2022:10:16:39 +0800] "GET /xingrg/all/function/internal_message.html?_=1665022796046&CODE_STATE=getMsg HTTP/1.1" 200 27
120.253.135.82 - - [06/Oct/2022:10:16:41 +0800] "GET /xingrg/check_reg.html?_=1665022713392 HTTP/1.1" 200 22
116.228.172.94 - - [06/Oct/2022:10:16:41 +0800] "GET /xingrg/kc/buy/cgsh_order_operate.html?command=get_materiel&rest_code=00153&code=00102021008&supplier_code=00100224&order_time=2022-10-06 HTTP/1.1" 200 430
116.230.105.139 - - [06/Oct/2022:10:16:41 +0800] "POST /xingrg/services/DataTransmitService HTTP/1.1" 200 524
116.230.105.139 - - [06/Oct/2022:10:16:42 +0800] "POST /xingrg/services/DataTransmitService HTTP/1.1" 200 524
116.230.105.139 - - [06/Oct/2022:10:16:42 +0800] "POST /xingrg/services/DataTransmitService HTTP/1.1" 200 524
116.230.105.139 - - [06/Oct/2022:10:16:42 +0800] "POST /xingrg/services/DataTransmitService HTTP/1.1" 200 524
116.230.105.139 - - [06/Oct/2022:10:16:42 +0800] "POST /xingrg/services/DataTransmitService HTTP/1.1" 200 524
120.253.135.82 - - [06/Oct/2022:10:16:44 +0800] "GET /xingrg/all/function/internal_message.html?_=1665022716978&CODE_STATE=getMsg HTTP/1.1" 200 27
114.84.151.49 - - [06/Oct/2022:10:16:46 +0800] "GET /xingrg/all/function/internal_message.html?_=1665022261026&CODE_STATE=getMsg HTTP/1.1" 200 27
116.238.194.138 - - [06/Oct/2022:10:16:50 +0800] "GET /xingrg/all/function/internal_message.html?_=1665022554870&CODE_STATE=getMsg HTTP/1.1" 200 27
120.253.135.82 - - [06/Oct/2022:10:16:54 +0800] "GET /xingrg/all/function/internal_message.html?_=1665022407364&CODE_STATE=getMsg HTTP/1.1" 200 27
116.228.172.94 - - [06/Oct/2022:10:16:56 +0800] "GET /xingrg/all/function/internal_message.html?_=1665022126399&CODE_STATE=getMsg HTTP/1.1" 200 27
172.20.0.100 - - [06/Oct/2022:10:17:02 +0800] "GET /xingrg/all/function/internal_message.html?_=1665022617822&CODE_STATE=getMsg HTTP/1.1" 200 27
116.237.76.114 - - [06/Oct/2022:10:17:05 +0800] "GET /xingrg/all/function/internal_message.html?_=1665022618149&CODE_STATE=getMsg HTTP/1.1" 200 27
116.230.105.139 - - [06/Oct/2022:10:17:08 +0800] "GET /xingrg/all/function/internal_message.html?_=1665022601297&CODE_STATE=getMsg HTTP/1.1" 200 27
221.239.141.151 - - [06/Oct/2022:10:17:11 +0800] "GET /xingrg/all/function/internal_message.html?_=1665022627832&CODE_STATE=getMsg HTTP/1.1" 200 27
180.169.147.146 - - [06/Oct/2022:10:17:26 +0800] "GET /xingrg/all/function/internal_message.html?_=1665022639637&CODE_STATE=getMsg HTTP/1.1" 200 27
180.169.147.146 - - [06/Oct/2022:10:17:26 +0800] "GET /xingrg/check_reg.html?_=1665022639638 HTTP/1.1" 200 22
116.230.114.213 - - [06/Oct/2022:10:17:26 +0800] "GET /xingrg/all/function/internal_message.html?_=1665022655937&CODE_STATE=getMsg HTTP/1.1" 200 27
222.70.183.206 - - [06/Oct/2022:10:17:28 +0800] "GET /xingrg/all/function/internal_message.html?_=1665022642129&CODE_STATE=getMsg HTTP/1.1" 200 27
114.83.219.72 - - [06/Oct/2022:10:17:30 +0800] "GET /xingrg/all/function/internal_message.html?_=1665022647931&CODE_STATE=getMsg HTTP/1.1" 200 27
116.225.121.189 - - [06/Oct/2022:10:17:32 +0800] "GET /xingrg/all/function/internal_message.html?_=1665022502706&CODE_STATE=getMsg HTTP/1.1" 200 27
221.239.141.151 - - [06/Oct/2022:10:17:34 +0800] "GET /xingrg/all/function/internal_message.html?_=1665022668299&CODE_STATE=getMsg HTTP/1.1" 200 27
116.230.105.139 - - [06/Oct/2022:10:17:38 +0800] "POST /xingrg/services/DataTransmitService HTTP/1.1" 200 524
124.79.246.218 - - [06/Oct/2022:10:17:39 +0800] "GET /xingrg/all/function/internal_message.html?_=1665022856019&CODE_STATE=getMsg HTTP/1.1" 200 27
120.253.135.82 - - [06/Oct/2022:10:17:44 +0800] "GET /xingrg/all/function/internal_message.html?_=1665022776991&CODE_STATE=getMsg HTTP/1.1" 200 27
116.238.194.138 - - [06/Oct/2022:10:17:45 +0800] "GET /xingrg/kc/base/yddb_order_list.html HTTP/1.1" 200 16790
116.238.194.138 - - [06/Oct/2022:10:17:45 +0800] "POST /xingrg/kc/base/yddb_list_operate.html HTTP/1.1" 200 636
114.84.151.49 - - [06/Oct/2022:10:17:46 +0800] "GET /xingrg/all/function/internal_message.html?_=1665022321025&CODE_STATE=getMsg HTTP/1.1" 200 27
116.238.194.138 - - [06/Oct/2022:10:17:46 +0800] "GET /xingrg/kc/base/yddb_order_add.html HTTP/1.1" 200 29841
116.238.194.138 - - [06/Oct/2022:10:17:46 +0800] "GET /xingrg/javascript/AjaxInfoList.js HTTP/1.1" 304 -
116.238.194.138 - - [06/Oct/2022:10:17:46 +0800] "GET /xingrg/javascript/ToolTips.js HTTP/1.1" 304 -
116.238.194.138 - - [06/Oct/2022:10:17:46 +0800] "GET /xingrg/css/blue.css HTTP/1.1" 304 -
116.238.194.138 - - [06/Oct/2022:10:17:47 +0800] "GET /xingrg/dwr/util.js HTTP/1.1" 304 -
116.238.194.138 - - [06/Oct/2022:10:17:47 +0800] "GET /xingrg/dwr/interface/AjaxComOrderService.js HTTP/1.1" 200 18264
116.238.194.138 - - [06/Oct/2022:10:17:47 +0800] "GET /xingrg/dwr/engine.js HTTP/1.1" 200 43631
116.238.194.138 - - [06/Oct/2022:10:17:47 +0800] "GET /xingrg/dwr/interface/AjaxYddbService.js HTTP/1.1" 200 13201
116.238.194.138 - - [06/Oct/2022:10:17:47 +0800] "GET /xingrg/javascript/checkform.js HTTP/1.1" 304 -
116.238.194.138 - - [06/Oct/2022:10:17:47 +0800] "GET /xingrg/javascript/Calendar.js HTTP/1.1" 304 -
116.238.194.138 - - [06/Oct/2022:10:17:47 +0800] "GET /xingrg/javascript/myfunction.js HTTP/1.1" 304 -
116.238.194.138 - - [06/Oct/2022:10:17:47 +0800] "GET /xingrg/javascript/Grid.js HTTP/1.1" 304 -
116.238.194.138 - - [06/Oct/2022:10:17:47 +0800] "GET /xingrg/javascript/jquery_easy_ui/themes/icons/edit_add_new.png HTTP/1.1" 304 -
116.238.194.138 - - [06/Oct/2022:10:17:47 +0800] "GET /xingrg/javascript/jquery_easy_ui/themes/icons/check_new.png HTTP/1.1" 304 -
116.238.194.138 - - [06/Oct/2022:10:17:47 +0800] "GET /xingrg/javascript/jquery_easy_ui/themes/icons/print.png HTTP/1.1" 304 -
116.238.194.138 - - [06/Oct/2022:10:17:47 +0800] "GET /xingrg/javascript/jquery_easy_ui/themes/default/images/menu_downarrow.png HTTP/1.1" 304 -
116.238.194.138 - - [06/Oct/2022:10:17:47 +0800] "GET /xingrg/javascript/jquery_easy_ui/themes/icons/cance_new.png HTTP/1.1" 304 -
116.238.194.138 - - [06/Oct/2022:10:17:47 +0800] "GET /xingrg/javascript/jquery_easy_ui/themes/icons/back_new.png HTTP/1.1" 304 -
116.238.194.138 - - [06/Oct/2022:10:17:47 +0800] "GET /xingrg/images/blue/button/kc_tab_add.gif HTTP/1.1" 304 -
116.238.194.138 - - [06/Oct/2022:10:17:47 +0800] "GET /xingrg/images/blue/button/kc_tab_edit.gif HTTP/1.1" 304 -
116.238.194.138 - - [06/Oct/2022:10:17:47 +0800] "GET /xingrg/images/blue/button/kc_tab_save.gif HTTP/1.1" 304 -
116.238.194.138 - - [06/Oct/2022:10:17:47 +0800] "GET /xingrg/images/blue/button/kc_tab_del.gif HTTP/1.1" 304 -
116.238.194.138 - - [06/Oct/2022:10:17:47 +0800] "GET /xingrg/images/blue/kc_tab_left.gif HTTP/1.1" 304 -
116.238.194.138 - - [06/Oct/2022:10:17:47 +0800] "GET /xingrg/images/blue/kc_tab_mid.gif HTTP/1.1" 304 -
116.238.194.138 - - [06/Oct/2022:10:17:47 +0800] "GET /xingrg/images/blue/kc_tab_right.gif HTTP/1.1" 304 -
116.238.194.138 - - [06/Oct/2022:10:17:47 +0800] "GET /xingrg/images/blue/kc_tab2_left.gif HTTP/1.1" 304 -
116.238.194.138 - - [06/Oct/2022:10:17:47 +0800] "GET /xingrg/images/blue/kc_tab2_right.gif HTTP/1.1" 304 -
116.238.194.138 - - [06/Oct/2022:10:17:50 +0800] "GET /xingrg/all/function/internal_message.html?_=1665022614911&CODE_STATE=getMsg HTTP/1.1" 200 27
116.238.194.138 - - [06/Oct/2022:10:17:50 +0800] "GET /xingrg/images/blue/wait.gif HTTP/1.1" 304 -
116.238.194.138 - - [06/Oct/2022:10:17:50 +0800] "POST /xingrg/dwr/call/plaincall/AjaxYddbService.getRestBases.dwr HTTP/1.1" 200 824
116.230.105.139 - - [06/Oct/2022:10:17:51 +0800] "POST /xingrg/services/DataTransmitService HTTP/1.1" 401 565
116.230.105.139 - - [06/Oct/2022:10:17:51 +0800] "POST /xingrg/services/DataTransmitService HTTP/1.1" 200 478
116.230.105.139 - - [06/Oct/2022:10:17:51 +0800] "POST /xingrg/services/DataTransmitService HTTP/1.1" 200 1319
116.230.105.139 - - [06/Oct/2022:10:17:51 +0800] "POST /xingrg/services/DataTransmitService HTTP/1.1" 200 478
116.230.105.139 - - [06/Oct/2022:10:17:51 +0800] "POST /xingrg/services/DataTransmitService HTTP/1.1" 200 1319
116.230.105.139 - - [06/Oct/2022:10:17:51 +0800] "POST /xingrg/services/DataTransmitService HTTP/1.1" 200 524
116.230.105.139 - - [06/Oct/2022:10:17:51 +0800] "POST /xingrg/services/DataTransmitService HTTP/1.1" 200 2155
116.230.105.139 - - [06/Oct/2022:10:17:52 +0800] "POST /xingrg/services/DataTransmitService HTTP/1.1" 200 182163
120.253.135.82 - - [06/Oct/2022:10:17:54 +0800] "GET /xingrg/all/function/internal_message.html?_=1665022467428&CODE_STATE=getMsg HTTP/1.1" 200 27
116.228.172.94 - - [06/Oct/2022:10:17:56 +0800] "GET /xingrg/check_reg.html?_=1665022186336 HTTP/1.1" 200 22
116.228.172.94 - - [06/Oct/2022:10:17:56 +0800] "GET /xingrg/all/function/internal_message.html?_=1665022186380&CODE_STATE=getMsg HTTP/1.1" 200 27
116.238.194.138 - - [06/Oct/2022:10:17:58 +0800] "POST /xingrg/dwr/call/plaincall/AjaxYddbService.saveOrder.dwr HTTP/1.1" 200 78
172.20.0.100 - - [06/Oct/2022:10:18:02 +0800] "GET /xingrg/all/function/internal_message.html?_=1665022677793&CODE_STATE=getMsg HTTP/1.1" 200 27
116.238.194.138 - - [06/Oct/2022:10:18:04 +0800] "POST /xingrg/dwr/call/plaincall/AjaxComOrderService.getMaterielSearchList.dwr HTTP/1.1" 200 210545
116.237.76.114 - - [06/Oct/2022:10:18:05 +0800] "GET /xingrg/all/function/internal_message.html?_=1665022678149&CODE_STATE=getMsg HTTP/1.1" 200 27
116.238.194.138 - - [06/Oct/2022:10:18:05 +0800] "POST /xingrg/dwr/call/plaincall/AjaxComOrderService.getMaterielSearchList.dwr HTTP/1.1" 200 8772
116.238.194.138 - - [06/Oct/2022:10:18:06 +0800] "POST /xingrg/dwr/call/plaincall/AjaxComOrderService.getMaterielSearchList.dwr HTTP/1.1" 200 2921
221.239.141.151 - - [06/Oct/2022:10:18:09 +0800] "POST /xingrg/services/DataTransmitService HTTP/1.1" 200 524
116.230.105.139 - - [06/Oct/2022:10:18:09 +0800] "GET /xingrg/all/function/internal_message.html?_=1665022661313&CODE_STATE=getMsg HTTP/1.1" 200 27
222.70.183.206 - - [06/Oct/2022:10:18:09 +0800] "GET /xingrg/check_reg.html?_=1665022685916 HTTP/1.1" 200 22
221.239.141.151 - - [06/Oct/2022:10:18:09 +0800] "POST /xingrg/services/DataTransmitService HTTP/1.1" 200 2487
221.239.141.151 - - [06/Oct/2022:10:18:10 +0800] "POST /xingrg/services/DataTransmitService HTTP/1.1" 200 195668
221.239.141.151 - - [06/Oct/2022:10:18:11 +0800] "GET /xingrg/all/function/internal_message.html?_=1665022687804&CODE_STATE=getMsg HTTP/1.1" 200 27
116.228.172.94 - - [06/Oct/2022:10:18:14 +0800] "POST /xingrg/kc/buy/cgsh_order_operate.html HTTP/1.1" 200 37
116.228.172.94 - - [06/Oct/2022:10:18:18 +0800] "POST /xingrg/kc/buy/cgsh_order_operate.html HTTP/1.1" 200 12
116.228.172.94 - - [06/Oct/2022:10:18:20 +0800] "GET /xingrg/kc/buy/cgsh_order_info.html?code=212022100601855 HTTP/1.1" 200 62902
116.228.172.94 - - [06/Oct/2022:10:18:21 +0800] "GET /xingrg/javascript/easyui/themes/default/validatebox.css HTTP/1.1" 404 1104
116.228.172.94 - - [06/Oct/2022:10:18:21 +0800] "POST /xingrg/kc/buy/cgsh_order_operate.html HTTP/1.1" 200 1244
116.238.194.138 - - [06/Oct/2022:10:18:21 +0800] "POST /xingrg/dwr/call/plaincall/AjaxYddbService.getMaterielByMap.dwr HTTP/1.1" 200 2366
116.238.194.138 - - [06/Oct/2022:10:18:22 +0800] "GET /xingrg/images/yd/bt.gif HTTP/1.1" 404 1040
116.228.172.94 - - [06/Oct/2022:10:18:23 +0800] "GET /xingrg/kc/print/load_data.html?order_code=212022100601855&kc_code=cgsh&condition= HTTP/1.1" 200 958
116.230.114.213 - - [06/Oct/2022:10:18:25 +0800] "GET /xingrg/check_reg.html?_=1665022715218 HTTP/1.1" 200 22
116.230.105.139 - - [06/Oct/2022:10:18:26 +0800] "POST /xingrg/services/DataTransmitService HTTP/1.1" 200 45454
116.230.105.139 - - [06/Oct/2022:10:18:26 +0800] "POST /xingrg/services/DataTransmitService HTTP/1.1" 200 19237
180.169.147.146 - - [06/Oct/2022:10:18:26 +0800] "GET /xingrg/all/function/internal_message.html?_=1665022699639&CODE_STATE=getMsg HTTP/1.1" 200 27
116.230.114.213 - - [06/Oct/2022:10:18:26 +0800] "GET /xingrg/all/function/internal_message.html?_=1665022715950&CODE_STATE=getMsg HTTP/1.1" 200 27
116.230.105.139 - - [06/Oct/2022:10:18:28 +0800] "POST /xingrg/services/DataTransmitService HTTP/1.1" 200 524
222.70.183.206 - - [06/Oct/2022:10:18:28 +0800] "GET /xingrg/all/function/internal_message.html?_=1665022702131&CODE_STATE=getMsg HTTP/1.1" 200 27
116.230.105.139 - - [06/Oct/2022:10:18:28 +0800] "POST /xingrg/services/DataTransmitService HTTP/1.1" 200 2155
114.83.219.72 - - [06/Oct/2022:10:18:30 +0800] "GET /xingrg/all/function/internal_message.html?_=1665022707926&CODE_STATE=getMsg HTTP/1.1" 200 27
116.225.121.189 - - [06/Oct/2022:10:18:32 +0800] "GET /xingrg/all/function/internal_message.html?_=1665022562717&CODE_STATE=getMsg HTTP/1.1" 200 27
116.225.121.189 - - [06/Oct/2022:10:18:32 +0800] "GET /xingrg/check_reg.html?_=1665022562720 HTTP/1.1" 200 22
120.253.135.82 - - [06/Oct/2022:10:18:32 +0800] "GET /xingrg/check_reg.html?_=1665022505691 HTTP/1.1" 200 22
114.84.81.136 - - [06/Oct/2022:10:18:34 +0800] "GET /favicon.ico HTTP/1.1" 404 -
116.225.121.189 - - [06/Oct/2022:10:18:34 +0800] "GET /xingrg/kc/buy/cgsh_order_operate.html?command=get_materiel&rest_code=00105&code=00101008027&supplier_code=00100203&order_time=2022-10-06 HTTP/1.1" 200 408
221.239.141.151 - - [06/Oct/2022:10:18:34 +0800] "GET /xingrg/all/function/internal_message.html?_=1665022728312&CODE_STATE=getMsg HTTP/1.1" 200 27
116.230.105.139 - - [06/Oct/2022:10:18:38 +0800] "POST /xingrg/services/DataTransmitService HTTP/1.1" 200 524
124.79.246.218 - - [06/Oct/2022:10:18:39 +0800] "GET /xingrg/all/function/internal_message.html?_=1665022916018&CODE_STATE=getMsg HTTP/1.1" 200 27
116.238.194.138 - - [06/Oct/2022:10:18:41 +0800] "POST /xingrg/dwr/call/plaincall/AjaxYddbService.getUnitPrice.dwr HTTP/1.1" 200 87
116.230.105.139 - - [06/Oct/2022:10:18:43 +0800] "POST /xingrg/services/DataTransmitService HTTP/1.1" 200 501
120.253.135.82 - - [06/Oct/2022:10:18:45 +0800] "GET /xingrg/all/function/internal_message.html?_=1665022837283&CODE_STATE=getMsg HTTP/1.1" 200 27
114.84.151.49 - - [06/Oct/2022:10:18:46 +0800] "GET /xingrg/all/function/internal_message.html?_=1665022381024&CODE_STATE=getMsg HTTP/1.1" 200 27
116.225.121.189 - - [06/Oct/2022:10:18:49 +0800] "GET /xingrg/kc/buy/cgsh_order_operate.html?command=get_materiel&rest_code=00105&code=00101008132&supplier_code=00100203&order_time=2022-10-06 HTTP/1.1" 200 408
116.238.194.138 - - [06/Oct/2022:10:18:50 +0800] "POST /xingrg/dwr/call/plaincall/AjaxYddbService.saveMaterielItem.dwr HTTP/1.1" 200 78
116.238.194.138 - - [06/Oct/2022:10:18:50 +0800] "GET /xingrg/all/function/internal_message.html?_=1665022674912&CODE_STATE=getMsg HTTP/1.1" 200 27
116.238.194.138 - - [06/Oct/2022:10:18:51 +0800] "GET /xingrg/javascript/jquery_easy_ui/themes/default/images/button_plain_hover.png HTTP/1.1" 304 -
120.253.135.82 - - [06/Oct/2022:10:18:54 +0800] "GET /xingrg/all/function/internal_message.html?_=1665022527438&CODE_STATE=getMsg HTTP/1.1" 200 27
116.238.194.138 - - [06/Oct/2022:10:18:55 +0800] "POST /xingrg/dwr/call/plaincall/AjaxYddbService.checkOrder.dwr HTTP/1.1" 200 78
116.228.172.94 - - [06/Oct/2022:10:18:56 +0800] "GET /xingrg/all/function/internal_message.html?_=1665022246373&CODE_STATE=getMsg HTTP/1.1" 200 27
116.238.194.138 - - [06/Oct/2022:10:18:56 +0800] "GET /xingrg/dwr/interface/AjaxYddbService.js HTTP/1.1" 200 13201
116.238.194.138 - - [06/Oct/2022:10:18:56 +0800] "GET /xingrg/kc/base/yddb_order_info.html?code=482022100600032 HTTP/1.1" 200 29186
116.238.194.138 - - [06/Oct/2022:10:18:56 +0800] "GET /xingrg/dwr/interface/AjaxComOrderService.js HTTP/1.1" 200 18264
116.238.194.138 - - [06/Oct/2022:10:18:56 +0800] "GET /xingrg/dwr/engine.js HTTP/1.1" 200 43631
116.238.194.138 - - [06/Oct/2022:10:18:57 +0800] "POST /xingrg/dwr/call/plaincall/AjaxYddbService.loadMaterielItems.dwr HTTP/1.1" 200 444
172.20.0.100 - - [06/Oct/2022:10:19:02 +0800] "GET /xingrg/all/function/internal_message.html?_=1665022737763&CODE_STATE=getMsg HTTP/1.1" 200 27
