172.20.0.100 - - [06/Oct/2022:08:35:49 +0800] "GET /xingrg/all/function/internal_message.html?_=1665016545017&CODE_STATE=getMsg HTTP/1.1" 200 27
120.253.135.82 - - [06/Oct/2022:08:35:51 +0800] "GET /xingrg/all/function/internal_message.html?_=1665016344238&CODE_STATE=getMsg HTTP/1.1" 200 27
116.230.105.139 - - [06/Oct/2022:08:35:58 +0800] "GET /xingrg/all/function/internal_message.html?_=1665016531322&CODE_STATE=getMsg HTTP/1.1" 200 27
116.230.105.139 - - [06/Oct/2022:08:35:58 +0800] "GET /xingrg/check_reg.html?_=1665016531324 HTTP/1.1" 200 22
116.230.105.139 - - [06/Oct/2022:08:36:00 +0800] "GET /xingrg/kc/buy/cgsh_order_operate.html?command=get_materiel&rest_code=00155&code=00101006129&supplier_code=00100012&order_time=2022-10-06 HTTP/1.1" 200 431
120.253.135.82 - - [06/Oct/2022:08:36:04 +0800] "POST /xingrg/kc/pszx/mdps_list_operate.html HTTP/1.1" 200 5477
116.230.105.139 - - [06/Oct/2022:08:36:07 +0800] "POST /xingrg/kc/buy/cgsh_order_operate.html HTTP/1.1" 200 37
116.230.105.139 - - [06/Oct/2022:08:36:08 +0800] "POST /xingrg/kc/buy/cgsh_order_operate.html HTTP/1.1" 200 5036
116.230.105.139 - - [06/Oct/2022:08:36:09 +0800] "GET /xingrg/kc/print/load_data.html?order_code=212022100601822&kc_code=cgsh&condition= HTTP/1.1" 200 1684
116.230.105.139 - - [06/Oct/2022:08:36:12 +0800] "GET /xingrg/kc/print/load_data.html?order_code=212022100601822&kc_code=cgsh HTTP/1.1" 200 1684
172.20.0.100 - - [06/Oct/2022:08:36:12 +0800] "GET /xingrg/check_reg.html?_=1665016567660 HTTP/1.1" 200 22
120.253.135.82 - - [06/Oct/2022:08:36:14 +0800] "POST /xingrg/kc/pszx/mdps_list_operate.html HTTP/1.1" 200 644
120.253.135.82 - - [06/Oct/2022:08:36:14 +0800] "GET /xingrg/kc/pszx/mdps_order_info.html?code=312022100600131 HTTP/1.1" 200 23976
120.253.135.82 - - [06/Oct/2022:08:36:14 +0800] "GET /xingrg/javascript/easyui/themes/default/validatebox.css HTTP/1.1" 404 1104
120.253.135.82 - - [06/Oct/2022:08:36:14 +0800] "POST /xingrg/kc/pszx/mdps_order_operate.html HTTP/1.1" 200 26659
116.238.194.138 - - [06/Oct/2022:08:36:26 +0800] "GET /xingrg/login.html HTTP/1.1" 200 7641
116.238.194.138 - - [06/Oct/2022:08:36:26 +0800] "GET /xingrg/images/blue/jxLogo.png HTTP/1.1" 304 -
116.238.194.138 - - [06/Oct/2022:08:36:26 +0800] "GET /xingrg/images/blue/login_bg.png HTTP/1.1" 304 -
116.238.194.138 - - [06/Oct/2022:08:36:26 +0800] "GET /xingrg/images/blue/hj.png HTTP/1.1" 304 -
116.238.194.138 - - [06/Oct/2022:08:36:26 +0800] "GET /xingrg/images/blue/srbg.png HTTP/1.1" 304 -
116.238.194.138 - - [06/Oct/2022:08:36:26 +0800] "GET /favicon.ico HTTP/1.1" 404 -
116.238.194.138 - - [06/Oct/2022:08:36:28 +0800] "POST /xingrg/login.do HTTP/1.1" 302 -
116.238.194.138 - - [06/Oct/2022:08:36:28 +0800] "GET /xingrg/css/form.css HTTP/1.1" 304 -
116.238.194.138 - - [06/Oct/2022:08:36:28 +0800] "GET /xingrg/javascript/jquery_easy_ui/themes/default/easyui.css HTTP/1.1" 304 -
116.238.194.138 - - [06/Oct/2022:08:36:28 +0800] "GET /xingrg/javascript/jquery-1.4.2.min.js HTTP/1.1" 304 -
116.238.194.138 - - [06/Oct/2022:08:36:28 +0800] "GET /xingrg/javascript/jquery.utils.js HTTP/1.1" 304 -
116.238.194.138 - - [06/Oct/2022:08:36:28 +0800] "GET /xingrg/javascript/jquery_easy_ui/themes/icon.css HTTP/1.1" 304 -
116.238.194.138 - - [06/Oct/2022:08:36:28 +0800] "GET /xingrg/javascript/jquery.form.js HTTP/1.1" 304 -
116.238.194.138 - - [06/Oct/2022:08:36:28 +0800] "GET /favicon.ico HTTP/1.1" 404 -
116.238.194.138 - - [06/Oct/2022:08:36:28 +0800] "GET /xingrg/javascript/jquery_easy_ui/jquery.easyui.min.js HTTP/1.1" 304 -
116.238.194.138 - - [06/Oct/2022:08:36:28 +0800] "GET /xingrg/index.html?sysBaseUrl=http%3A%2F%2F180.169.147.146%3A18081%2Fxingrg%2F&costTime=41×tamp=1665016588182 HTTP/1.1" 200 17179
116.238.194.138 - - [06/Oct/2022:08:36:28 +0800] "GET /xingrg/javascript/jquery.timers.js HTTP/1.1" 304 -
221.239.141.151 - - [06/Oct/2022:08:36:29 +0800] "GET /xingrg/all/function/internal_message.html?_=1665016586028&CODE_STATE=getMsg HTTP/1.1" 200 27
116.238.194.138 - - [06/Oct/2022:08:36:31 +0800] "GET /xingrg/javascript/jquery_easy_ui/easyui-lang-zh_CN.js HTTP/1.1" 304 -
116.238.194.138 - - [06/Oct/2022:08:36:31 +0800] "GET /xingrg/images/blue/navBackgound.jpg HTTP/1.1" 304 -
116.238.194.138 - - [06/Oct/2022:08:36:31 +0800] "GET /xingrg/javascript/jquery_easy_ui/themes/icons/settle_new.png HTTP/1.1" 304 -
116.238.194.138 - - [06/Oct/2022:08:36:31 +0800] "POST /xingrg/all/common/load_tree.html?tree=area_rest_tree_json&manage=1 HTTP/1.1" 200 476
116.238.194.138 - - [06/Oct/2022:08:36:31 +0800] "GET /xingrg/images/blue/pingpu.png HTTP/1.1" 304 -
116.238.194.138 - - [06/Oct/2022:08:36:31 +0800] "GET /xingrg/javascript/jquery_easy_ui/themes/default/images/tabs_leftarrow.png HTTP/1.1" 304 -
116.238.194.138 - - [06/Oct/2022:08:36:31 +0800] "GET /xingrg/javascript/jquery_easy_ui/themes/default/images/tabs_rightarrow.png HTTP/1.1" 304 -
116.238.194.138 - - [06/Oct/2022:08:36:31 +0800] "GET /xingrg/javascript/jquery_easy_ui/themes/default/images/panel_tool_collapse.gif HTTP/1.1" 304 -
116.238.194.138 - - [06/Oct/2022:08:36:31 +0800] "GET /xingrg/all/function/internal_message.html?_=1665016535559&CODE_STATE=count HTTP/1.1" 200 11
116.238.194.138 - - [06/Oct/2022:08:36:31 +0800] "GET /xingrg/check_reg.html?_=1665016535559 HTTP/1.1" 200 22
116.238.194.138 - - [06/Oct/2022:08:36:31 +0800] "POST /xingrg/load_menu.html HTTP/1.1" 200 5138
116.238.194.138 - - [06/Oct/2022:08:36:31 +0800] "GET /xingrg/javascript/jquery_easy_ui/themes/default/images/tree_arrows.gif HTTP/1.1" 304 -
116.238.194.138 - - [06/Oct/2022:08:36:31 +0800] "GET /xingrg/javascript/jquery_easy_ui/themes/default/images/tree_folder_open.gif HTTP/1.1" 304 -
116.238.194.138 - - [06/Oct/2022:08:36:31 +0800] "GET /xingrg/javascript/jquery_easy_ui/themes/icons/search_new.png HTTP/1.1" 304 -
116.238.194.138 - - [06/Oct/2022:08:36:31 +0800] "GET /xingrg/javascript/jquery_easy_ui/themes/default/images/tree_folder.gif HTTP/1.1" 304 -
116.238.194.138 - - [06/Oct/2022:08:36:31 +0800] "GET /xingrg/javascript/jquery_easy_ui/themes/icons/storage_new.png HTTP/1.1" 304 -
116.238.194.138 - - [06/Oct/2022:08:36:31 +0800] "GET /xingrg/javascript/jquery_easy_ui/themes/icons/forms_new.png HTTP/1.1" 304 -
116.238.194.138 - - [06/Oct/2022:08:36:31 +0800] "GET /xingrg/javascript/jquery_easy_ui/themes/default/images/tree_file.gif HTTP/1.1" 304 -
116.238.194.138 - - [06/Oct/2022:08:36:34 +0800] "GET /xingrg/javascript/jquery_easy_ui/themes/default/images/tabs_close.gif HTTP/1.1" 304 -
116.238.194.138 - - [06/Oct/2022:08:36:34 +0800] "GET /xingrg/css/base.css HTTP/1.1" 304 -
116.238.194.138 - - [06/Oct/2022:08:36:34 +0800] "GET /xingrg/javascript/easyui/themes/default/easyui.css HTTP/1.1" 304 -
116.238.194.138 - - [06/Oct/2022:08:36:34 +0800] "GET /xingrg/css/site.css HTTP/1.1" 304 -
116.238.194.138 - - [06/Oct/2022:08:36:34 +0800] "GET /xingrg/javascript/jquery_tools/datebox.css HTTP/1.1" 304 -
116.238.194.138 - - [06/Oct/2022:08:36:34 +0800] "GET /xingrg/javascript/jquery_tools/jquery.tools.extend.js HTTP/1.1" 304 -
116.238.194.138 - - [06/Oct/2022:08:36:34 +0800] "GET /xingrg/javascript/jquery_tools/jquery.tools.table.js HTTP/1.1" 304 -
116.238.194.138 - - [06/Oct/2022:08:36:34 +0800] "GET /xingrg/javascript/jquery_tools/list_manager.js HTTP/1.1" 304 -
116.238.194.138 - - [06/Oct/2022:08:36:34 +0800] "GET /xingrg/javascript/jquery_tools/jquery.tools.hotkey.js HTTP/1.1" 304 -
116.238.194.138 - - [06/Oct/2022:08:36:34 +0800] "GET /xingrg/javascript/easyui/easyloader.js HTTP/1.1" 304 -
116.238.194.138 - - [06/Oct/2022:08:36:34 +0800] "GET /xingrg/javascript/jquery.cookie.js HTTP/1.1" 304 -
116.238.194.138 - - [06/Oct/2022:08:36:34 +0800] "GET /xingrg/javascript/auto/jquery.autocomplete.js HTTP/1.1" 304 -
116.238.194.138 - - [06/Oct/2022:08:36:34 +0800] "GET /xingrg/javascript/print/LodopFuncs.js HTTP/1.1" 304 -
116.238.194.138 - - [06/Oct/2022:08:36:34 +0800] "GET /xingrg/kc/buy/cgsh_order_list.html HTTP/1.1" 200 53185
116.238.194.138 - - [06/Oct/2022:08:36:34 +0800] "GET /xingrg/javascript/jquery_tools/fix.css HTTP/1.1" 304 -
116.238.194.138 - - [06/Oct/2022:08:36:34 +0800] "GET /xingrg/javascript/easyui/themes/icon.css HTTP/1.1" 304 -
116.238.194.138 - - [06/Oct/2022:08:36:34 +0800] "GET /xingrg/javascript/auto/jquery.autocomplete.css HTTP/1.1" 304 -
221.239.141.151 - - [06/Oct/2022:08:36:34 +0800] "GET /xingrg/all/function/internal_message.html?_=1665016608225&CODE_STATE=getMsg HTTP/1.1" 200 27
221.239.141.151 - - [06/Oct/2022:08:36:34 +0800] "GET /xingrg/check_reg.html?_=1665016608229 HTTP/1.1" 200 22
116.238.194.138 - - [06/Oct/2022:08:36:37 +0800] "GET /xingrg/javascript/jquery_tools/table.css HTTP/1.1" 304 -
120.253.135.82 - - [06/Oct/2022:08:36:38 +0800] "GET /xingrg/check_reg.html?_=1665016711296 HTTP/1.1" 200 22
116.238.194.138 - - [06/Oct/2022:08:36:39 +0800] "GET /xingrg/javascript/jquery_easy_ui/themes/icons/rest.png HTTP/1.1" 304 -
116.238.194.138 - - [06/Oct/2022:08:36:39 +0800] "GET /xingrg/javascript/jquery_easy_ui/themes/icons/area.png HTTP/1.1" 304 -
120.253.135.82 - - [06/Oct/2022:08:36:40 +0800] "GET /xingrg/all/function/internal_message.html?_=1665016712600&CODE_STATE=getMsg HTTP/1.1" 200 27
116.238.194.138 - - [06/Oct/2022:08:36:40 +0800] "GET /xingrg/javascript/jquery_tools/jquery.tools.min.js HTTP/1.1" 304 -
116.238.194.138 - - [06/Oct/2022:08:36:40 +0800] "GET /xingrg/javascript/easyui/themes/icons/edit_add_new.png HTTP/1.1" 304 -
116.238.194.138 - - [06/Oct/2022:08:36:40 +0800] "GET /xingrg/javascript/easyui/themes/icons/cance_new.png HTTP/1.1" 304 -
116.238.194.138 - - [06/Oct/2022:08:36:40 +0800] "GET /xingrg/javascript/easyui/themes/icons/field_new.png HTTP/1.1" 304 -
116.238.194.138 - - [06/Oct/2022:08:36:40 +0800] "GET /xingrg/javascript/easyui/themes/icons/check_new.png HTTP/1.1" 304 -
116.238.194.138 - - [06/Oct/2022:08:36:40 +0800] "GET /xingrg/javascript/easyui/themes/icons/import_new.png HTTP/1.1" 304 -
116.238.194.138 - - [06/Oct/2022:08:36:40 +0800] "GET /xingrg/javascript/easyui/plugins/jquery.parser.js HTTP/1.1" 304 -
116.238.194.138 - - [06/Oct/2022:08:36:40 +0800] "GET /xingrg/images/control/ajaxLoader.gif HTTP/1.1" 304 -
116.238.194.138 - - [06/Oct/2022:08:36:41 +0800] "POST /xingrg/kc/buy/cgsh_list_operate.html HTTP/1.1" 200 986
116.238.194.138 - - [06/Oct/2022:08:36:41 +0800] "GET /xingrg/javascript/easyui/themes/default/images/button_plain_hover.png HTTP/1.1" 304 -
116.238.194.138 - - [06/Oct/2022:08:36:42 +0800] "GET /xingrg/javascript/pic_change.js HTTP/1.1" 304 -
116.238.194.138 - - [06/Oct/2022:08:36:42 +0800] "GET /xingrg/javascript/print/kc_print.js HTTP/1.1" 304 -
116.238.194.138 - - [06/Oct/2022:08:36:42 +0800] "GET /xingrg/javascript/convert.js HTTP/1.1" 304 -
116.238.194.138 - - [06/Oct/2022:08:36:42 +0800] "GET /xingrg/javascript/jquery_tools/order_manager.js HTTP/1.1" 304 -
116.238.194.138 - - [06/Oct/2022:08:36:42 +0800] "GET /xingrg/kc/buy/cgsh_order_add.html HTTP/1.1" 200 68973
116.238.194.138 - - [06/Oct/2022:08:36:42 +0800] "GET /xingrg/javascript/json2.js HTTP/1.1" 304 -
116.238.194.138 - - [06/Oct/2022:08:36:42 +0800] "GET /xingrg/words/20221005172558_words.js HTTP/1.1" 304 -
116.238.194.138 - - [06/Oct/2022:08:36:42 +0800] "GET /xingrg/javascript/easyui/themes/icons/copy_new.png HTTP/1.1" 304 -
116.238.194.138 - - [06/Oct/2022:08:36:42 +0800] "GET /xingrg/javascript/easyui/themes/icons/template_new.png HTTP/1.1" 304 -
116.238.194.138 - - [06/Oct/2022:08:36:42 +0800] "GET /xingrg/javascript/easyui/themes/icons/ok.png HTTP/1.1" 304 -
116.238.194.138 - - [06/Oct/2022:08:36:42 +0800] "GET /xingrg/javascript/easyui/themes/default/images/menu_downarrow.png HTTP/1.1" 304 -
116.238.194.138 - - [06/Oct/2022:08:36:42 +0800] "GET /xingrg/javascript/easyui/themes/icons/print.png HTTP/1.1" 304 -
116.238.194.138 - - [06/Oct/2022:08:36:42 +0800] "GET /xingrg/javascript/easyui/themes/icons/cancel.png HTTP/1.1" 304 -
116.238.194.138 - - [06/Oct/2022:08:36:43 +0800] "POST /xingrg/kc/buy/cgsh_order_operate.html HTTP/1.1" 200 8245
116.238.194.138 - - [06/Oct/2022:08:36:43 +0800] "GET /xingrg/javascript/easyui/themes/icons/edit_remove.png HTTP/1.1" 304 -
116.238.194.138 - - [06/Oct/2022:08:36:43 +0800] "GET /xingrg/all/common/auto_word.html?type=employee&rest_code=00150 HTTP/1.1" 200 159
116.238.194.138 - - [06/Oct/2022:08:36:43 +0800] "GET /xingrg/all/common/auto_word.html?type=employee&rest_code=00150 HTTP/1.1" 200 159
116.238.194.138 - - [06/Oct/2022:08:36:43 +0800] "GET /xingrg/javascript/easyui/themes/default/validatebox.css HTTP/1.1" 404 1104
116.238.194.138 - - [06/Oct/2022:08:36:43 +0800] "GET /xingrg/javascript/easyui/plugins/jquery.validatebox.js HTTP/1.1" 304 -
116.238.194.138 - - [06/Oct/2022:08:36:43 +0800] "GET /xingrg/javascript/easyui/plugins/jquery.numberbox.js HTTP/1.1" 304 -
120.253.135.82 - - [06/Oct/2022:08:36:43 +0800] "POST /xingrg/kc/pszx/mdps_list_operate.html HTTP/1.1" 200 5477
116.238.194.138 - - [06/Oct/2022:08:36:48 +0800] "GET /xingrg/javascript/auto/indicator.gif HTTP/1.1" 404 1066
116.230.114.213 - - [06/Oct/2022:08:36:49 +0800] "GET /xingrg/all/function/internal_message.html?_=1665016618808&CODE_STATE=getMsg HTTP/1.1" 200 27
172.20.0.100 - - [06/Oct/2022:08:36:49 +0800] "GET /xingrg/all/function/internal_message.html?_=1665016604993&CODE_STATE=getMsg HTTP/1.1" 200 27
120.253.135.82 - - [06/Oct/2022:08:36:51 +0800] "GET /xingrg/all/function/internal_message.html?_=1665016404244&CODE_STATE=getMsg HTTP/1.1" 200 27
116.230.105.139 - - [06/Oct/2022:08:36:58 +0800] "GET /xingrg/all/function/internal_message.html?_=1665016591304&CODE_STATE=getMsg HTTP/1.1" 200 27
116.238.194.138 - - [06/Oct/2022:08:37:03 +0800] "GET /xingrg/kc/buy/cgsh_order_operate.html?command=get_materiel&rest_code=00150&code=00101031001&supplier_code=00100064&order_time=2022-10-06 HTTP/1.1" 200 419
222.70.183.206 - - [06/Oct/2022:08:37:27 +0800] "GET /xingrg/check_reg.html?_=1665016641192 HTTP/1.1" 200 22
116.238.194.138 - - [06/Oct/2022:08:37:29 +0800] "POST /xingrg/kc/buy/cgsh_order_operate.html HTTP/1.1" 200 37
221.239.141.151 - - [06/Oct/2022:08:37:29 +0800] "GET /xingrg/check_reg.html?_=1665016646018 HTTP/1.1" 200 22
221.239.141.151 - - [06/Oct/2022:08:37:29 +0800] "GET /xingrg/all/function/internal_message.html?_=1665016646019&CODE_STATE=getMsg HTTP/1.1" 200 27
116.238.194.138 - - [06/Oct/2022:08:37:31 +0800] "GET /xingrg/all/function/internal_message.html?_=1665016595606&CODE_STATE=getMsg HTTP/1.1" 200 27
116.238.194.138 - - [06/Oct/2022:08:37:34 +0800] "POST /xingrg/kc/buy/cgsh_order_operate.html HTTP/1.1" 200 12
221.239.141.151 - - [06/Oct/2022:08:37:34 +0800] "GET /xingrg/all/function/internal_message.html?_=1665016668222&CODE_STATE=getMsg HTTP/1.1" 200 27
116.238.194.138 - - [06/Oct/2022:08:37:35 +0800] "GET /xingrg/kc/buy/cgsh_order_info.html?code=212022100601823 HTTP/1.1" 200 63880
116.238.194.138 - - [06/Oct/2022:08:37:35 +0800] "GET /xingrg/javascript/easyui/themes/default/validatebox.css HTTP/1.1" 404 1104
116.238.194.138 - - [06/Oct/2022:08:37:36 +0800] "POST /xingrg/kc/buy/cgsh_order_operate.html HTTP/1.1" 200 615
116.238.194.138 - - [06/Oct/2022:08:37:37 +0800] "GET /xingrg/kc/print/load_config.html?kc_code=cgsh HTTP/1.1" 200 1943
116.238.194.138 - - [06/Oct/2022:08:37:37 +0800] "GET /xingrg/kc/print/load_data.html?order_code=212022100601823&kc_code=cgsh&condition= HTTP/1.1" 200 775
120.253.135.82 - - [06/Oct/2022:08:37:40 +0800] "GET /xingrg/all/function/internal_message.html?_=1665016772656&CODE_STATE=getMsg HTTP/1.1" 200 27
116.238.194.138 - - [06/Oct/2022:08:37:44 +0800] "GET /xingrg/kc/buy/cgsh_order_add.html HTTP/1.1" 200 68973
116.238.194.138 - - [06/Oct/2022:08:37:44 +0800] "POST /xingrg/kc/buy/cgsh_order_operate.html HTTP/1.1" 200 8245
116.238.194.138 - - [06/Oct/2022:08:37:44 +0800] "GET /xingrg/javascript/easyui/themes/default/validatebox.css HTTP/1.1" 404 1104
116.238.194.138 - - [06/Oct/2022:08:37:45 +0800] "GET /xingrg/javascript/jquery_easy_ui/themes/default/images/tabs_active.png HTTP/1.1" 304 -
172.20.0.100 - - [06/Oct/2022:08:37:49 +0800] "GET /xingrg/all/function/internal_message.html?_=1665016664964&CODE_STATE=getMsg HTTP/1.1" 200 27
116.230.114.213 - - [06/Oct/2022:08:37:49 +0800] "GET /xingrg/all/function/internal_message.html?_=1665016678825&CODE_STATE=getMsg HTTP/1.1" 200 27
120.253.135.82 - - [06/Oct/2022:08:37:51 +0800] "GET /xingrg/all/function/internal_message.html?_=1665016464280&CODE_STATE=getMsg HTTP/1.1" 200 27
116.238.194.138 - - [06/Oct/2022:08:37:55 +0800] "GET /xingrg/kc/buy/cgsh_order_operate.html?command=get_materiel&rest_code=00150&code=00101031012&supplier_code=00100054&order_time=2022-10-06 HTTP/1.1" 200 417
116.230.105.139 - - [06/Oct/2022:08:37:58 +0800] "GET /xingrg/all/function/internal_message.html?_=1665016651313&CODE_STATE=getMsg HTTP/1.1" 200 27
116.238.194.138 - - [06/Oct/2022:08:38:03 +0800] "POST /xingrg/kc/buy/cgsh_order_operate.html HTTP/1.1" 200 37
116.238.194.138 - - [06/Oct/2022:08:38:07 +0800] "POST /xingrg/kc/buy/cgsh_order_operate.html HTTP/1.1" 200 12
116.238.194.138 - - [06/Oct/2022:08:38:08 +0800] "GET /xingrg/kc/buy/cgsh_order_info.html?code=212022100601824 HTTP/1.1" 200 63878
116.238.194.138 - - [06/Oct/2022:08:38:08 +0800] "GET /xingrg/javascript/easyui/themes/default/validatebox.css HTTP/1.1" 404 1104
116.238.194.138 - - [06/Oct/2022:08:38:09 +0800] "POST /xingrg/kc/buy/cgsh_order_operate.html HTTP/1.1" 200 614
116.238.194.138 - - [06/Oct/2022:08:38:10 +0800] "GET /xingrg/kc/print/load_data.html?order_code=212022100601824&kc_code=cgsh&condition= HTTP/1.1" 200 736
221.239.141.151 - - [06/Oct/2022:08:38:29 +0800] "GET /xingrg/all/function/internal_message.html?_=1665016706024&CODE_STATE=getMsg HTTP/1.1" 200 27
116.238.194.138 - - [06/Oct/2022:08:38:31 +0800] "GET /xingrg/all/function/internal_message.html?_=1665016655634&CODE_STATE=getMsg HTTP/1.1" 200 27
120.253.135.82 - - [06/Oct/2022:08:38:32 +0800] "GET /xingrg/check_reg.html?_=1665016505336 HTTP/1.1" 200 22
221.239.141.151 - - [06/Oct/2022:08:38:34 +0800] "GET /xingrg/all/function/internal_message.html?_=1665016728237&CODE_STATE=getMsg HTTP/1.1" 200 27
120.253.135.82 - - [06/Oct/2022:08:38:40 +0800] "GET /xingrg/all/function/internal_message.html?_=1665016832661&CODE_STATE=getMsg HTTP/1.1" 200 27
172.20.0.100 - - [06/Oct/2022:08:38:49 +0800] "GET /xingrg/all/function/internal_message.html?_=1665016724934&CODE_STATE=getMsg HTTP/1.1" 200 27
116.230.114.213 - - [06/Oct/2022:08:38:49 +0800] "GET /xingrg/all/function/internal_message.html?_=1665016738835&CODE_STATE=getMsg HTTP/1.1" 200 27
120.253.135.82 - - [06/Oct/2022:08:38:51 +0800] "GET /xingrg/all/function/internal_message.html?_=1665016524287&CODE_STATE=getMsg HTTP/1.1" 200 27
116.230.105.139 - - [06/Oct/2022:08:38:58 +0800] "GET /xingrg/all/function/internal_message.html?_=1665016711313&CODE_STATE=getMsg HTTP/1.1" 200 27
116.238.194.138 - - [06/Oct/2022:08:39:02 +0800] "GET /xingrg/kc/buy/cgsh_order_add.html HTTP/1.1" 200 68973
116.238.194.138 - - [06/Oct/2022:08:39:03 +0800] "POST /xingrg/kc/buy/cgsh_order_operate.html HTTP/1.1" 200 8245
116.238.194.138 - - [06/Oct/2022:08:39:03 +0800] "GET /xingrg/javascript/easyui/themes/default/validatebox.css HTTP/1.1" 404 1104
116.238.194.138 - - [06/Oct/2022:08:39:12 +0800] "GET /xingrg/kc/buy/cgsh_order_operate.html?command=get_materiel&rest_code=00150&code=00101012029&supplier_code=00100096&order_time=2022-10-06 HTTP/1.1" 200 414
221.239.141.151 - - [06/Oct/2022:08:39:29 +0800] "GET /xingrg/all/function/internal_message.html?_=1665016766035&CODE_STATE=getMsg HTTP/1.1" 200 27
116.238.194.138 - - [06/Oct/2022:08:39:31 +0800] "GET /xingrg/all/function/internal_message.html?_=1665016715643&CODE_STATE=getMsg HTTP/1.1" 200 27
221.239.141.151 - - [06/Oct/2022:08:39:34 +0800] "GET /xingrg/all/function/internal_message.html?_=1665016788233&CODE_STATE=getMsg HTTP/1.1" 200 27
116.238.194.138 - - [06/Oct/2022:08:39:37 +0800] "GET /xingrg/kc/buy/cgsh_order_operate.html?command=get_materiel&rest_code=00150&code=00101006168&supplier_code=00100096&order_time=2022-10-06 HTTP/1.1" 200 422
120.253.135.82 - - [06/Oct/2022:08:39:40 +0800] "GET /xingrg/all/function/internal_message.html?_=1665016892727&CODE_STATE=getMsg HTTP/1.1" 200 27
172.20.0.100 - - [06/Oct/2022:08:39:49 +0800] "GET /xingrg/all/function/internal_message.html?_=1665016784906&CODE_STATE=getMsg HTTP/1.1" 200 27
116.230.114.213 - - [06/Oct/2022:08:39:49 +0800] "GET /xingrg/all/function/internal_message.html?_=1665016798853&CODE_STATE=getMsg HTTP/1.1" 200 27
120.253.135.82 - - [06/Oct/2022:08:39:51 +0800] "GET /xingrg/all/function/internal_message.html?_=1665016584299&CODE_STATE=getMsg HTTP/1.1" 200 27
116.238.194.138 - - [06/Oct/2022:08:39:54 +0800] "GET /xingrg/kc/buy/cgsh_order_operate.html?command=get_materiel&rest_code=00150&code=00101007077&supplier_code=00100096&order_time=2022-10-06 HTTP/1.1" 200 415
116.230.105.139 - - [06/Oct/2022:08:39:58 +0800] "GET /xingrg/all/function/internal_message.html?_=1665016771316&CODE_STATE=getMsg HTTP/1.1" 200 27
116.238.194.138 - - [06/Oct/2022:08:40:02 +0800] "GET /xingrg/kc/buy/cgsh_order_operate.html?command=get_materiel&rest_code=00150&code=00101007081&supplier_code=00100096&order_time=2022-10-06 HTTP/1.1" 200 413
221.239.141.151 - - [06/Oct/2022:08:40:29 +0800] "GET /xingrg/all/function/internal_message.html?_=1665016826022&CODE_STATE=getMsg HTTP/1.1" 200 27
116.238.194.138 - - [06/Oct/2022:08:40:31 +0800] "GET /xingrg/all/function/internal_message.html?_=1665016775657&CODE_STATE=getMsg HTTP/1.1" 200 27
221.239.141.151 - - [06/Oct/2022:08:40:34 +0800] "GET /xingrg/all/function/internal_message.html?_=1665016848231&CODE_STATE=getMsg HTTP/1.1" 200 27
116.238.194.138 - - [06/Oct/2022:08:40:35 +0800] "GET /xingrg/kc/buy/cgsh_order_operate.html?command=get_materiel&rest_code=00150&code=00101006065&supplier_code=00100096&order_time=2022-10-06 HTTP/1.1" 200 411
120.253.135.82 - - [06/Oct/2022:08:40:40 +0800] "GET /xingrg/all/function/internal_message.html?_=1665016952736&CODE_STATE=getMsg HTTP/1.1" 200 27
116.230.114.213 - - [06/Oct/2022:08:40:40 +0800] "GET /xingrg/check_reg.html?_=1665016850172 HTTP/1.1" 200 22
172.20.0.100 - - [06/Oct/2022:08:40:49 +0800] "GET /xingrg/all/function/internal_message.html?_=1665016844876&CODE_STATE=getMsg HTTP/1.1" 200 27
116.230.114.213 - - [06/Oct/2022:08:40:49 +0800] "GET /xingrg/all/function/internal_message.html?_=1665016858862&CODE_STATE=getMsg HTTP/1.1" 200 27
120.253.135.82 - - [06/Oct/2022:08:40:51 +0800] "GET /xingrg/all/function/internal_message.html?_=1665016644342&CODE_STATE=getMsg HTTP/1.1" 200 27
116.238.194.138 - - [06/Oct/2022:08:40:51 +0800] "GET /xingrg/kc/buy/cgsh_order_operate.html?command=get_materiel&rest_code=00150&code=00101012025&supplier_code=00100096&order_time=2022-10-06 HTTP/1.1" 200 412
116.230.105.139 - - [06/Oct/2022:08:40:58 +0800] "GET /xingrg/all/function/internal_message.html?_=1665016831313&CODE_STATE=getMsg HTTP/1.1" 200 27
116.230.105.139 - - [06/Oct/2022:08:40:58 +0800] "GET /xingrg/check_reg.html?_=1665016831319 HTTP/1.1" 200 22
172.20.0.100 - - [06/Oct/2022:08:41:12 +0800] "GET /xingrg/check_reg.html?_=1665016867660 HTTP/1.1" 200 22
116.238.194.138 - - [06/Oct/2022:08:41:15 +0800] "POST /xingrg/kc/buy/cgsh_order_operate.html HTTP/1.1" 200 37
116.238.194.138 - - [06/Oct/2022:08:41:22 +0800] "POST /xingrg/kc/buy/cgsh_order_operate.html HTTP/1.1" 200 12
116.238.194.138 - - [06/Oct/2022:08:41:23 +0800] "GET /xingrg/kc/buy/cgsh_order_info.html?code=212022100601825 HTTP/1.1" 200 63870
116.238.194.138 - - [06/Oct/2022:08:41:23 +0800] "GET /xingrg/javascript/easyui/themes/default/validatebox.css HTTP/1.1" 404 1104
116.238.194.138 - - [06/Oct/2022:08:41:24 +0800] "POST /xingrg/kc/buy/cgsh_order_operate.html HTTP/1.1" 200 4170
116.238.194.138 - - [06/Oct/2022:08:41:26 +0800] "GET /xingrg/kc/print/load_data.html?order_code=212022100601825&kc_code=cgsh&condition= HTTP/1.1" 200 2074
221.239.141.151 - - [06/Oct/2022:08:41:29 +0800] "GET /xingrg/all/function/internal_message.html?_=1665016886033&CODE_STATE=getMsg HTTP/1.1" 200 27
116.238.194.138 - - [06/Oct/2022:08:41:31 +0800] "GET /xingrg/check_reg.html?_=1665016835561 HTTP/1.1" 200 22
116.238.194.138 - - [06/Oct/2022:08:41:31 +0800] "GET /xingrg/all/function/internal_message.html?_=1665016835671&CODE_STATE=getMsg HTTP/1.1" 200 27
221.239.141.151 - - [06/Oct/2022:08:41:34 +0800] "GET /xingrg/check_reg.html?_=1665016908229 HTTP/1.1" 200 22
221.239.141.151 - - [06/Oct/2022:08:41:34 +0800] "GET /xingrg/all/function/internal_message.html?_=1665016908233&CODE_STATE=getMsg HTTP/1.1" 200 27
116.238.194.138 - - [06/Oct/2022:08:41:36 +0800] "GET /xingrg/javascript/jquery_easy_ui/themes/default/images/button_a_bg.gif HTTP/1.1" 304 -
116.238.194.138 - - [06/Oct/2022:08:41:36 +0800] "GET /xingrg/javascript/jquery_easy_ui/themes/default/images/panel_tools.gif HTTP/1.1" 304 -
116.238.194.138 - - [06/Oct/2022:08:41:36 +0800] "GET /xingrg/javascript/jquery_easy_ui/themes/default/images/button_span_bg.gif HTTP/1.1" 304 -
116.238.194.138 - - [06/Oct/2022:08:41:36 +0800] "GET /xingrg/javascript/jquery_easy_ui/themes/icons/ok.png HTTP/1.1" 304 -
116.238.194.138 - - [06/Oct/2022:08:41:36 +0800] "GET /xingrg/javascript/jquery_easy_ui/themes/default/images/panel_title.png HTTP/1.1" 304 -
116.238.194.138 - - [06/Oct/2022:08:41:38 +0800] "POST /xingrg/all/user/operate.html HTTP/1.1" 200 36
116.238.194.138 - - [06/Oct/2022:08:41:38 +0800] "GET /xingrg/javascript/jquery_easy_ui/themes/default/easyui.css HTTP/1.1" 304 -
116.238.194.138 - - [06/Oct/2022:08:41:38 +0800] "GET /xingrg/javascript/jquery_easy_ui/themes/icon.css HTTP/1.1" 304 -
116.238.194.138 - - [06/Oct/2022:08:41:38 +0800] "GET /xingrg/index.html?sysBaseUrl=http%3A%2F%2F180.169.147.146%3A18081%2Fxingrg%2F&costTime=41×tamp=1665016588182 HTTP/1.1" 200 17177
120.253.135.82 - - [06/Oct/2022:08:41:38 +0800] "GET /xingrg/check_reg.html?_=1665017011358 HTTP/1.1" 200 22
116.238.194.138 - - [06/Oct/2022:08:41:38 +0800] "GET /xingrg/css/form.css HTTP/1.1" 304 -
116.238.194.138 - - [06/Oct/2022:08:41:38 +0800] "GET /xingrg/javascript/jquery-1.4.2.min.js HTTP/1.1" 304 -
116.238.194.138 - - [06/Oct/2022:08:41:39 +0800] "GET /xingrg/javascript/jquery_easy_ui/jquery.easyui.min.js HTTP/1.1" 304 -
116.238.194.138 - - [06/Oct/2022:08:41:39 +0800] "GET /xingrg/javascript/jquery_easy_ui/easyui-lang-zh_CN.js HTTP/1.1" 304 -
116.238.194.138 - - [06/Oct/2022:08:41:39 +0800] "GET /xingrg/javascript/jquery.form.js HTTP/1.1" 304 -
116.238.194.138 - - [06/Oct/2022:08:41:39 +0800] "GET /xingrg/javascript/jquery.utils.js HTTP/1.1" 304 -
116.238.194.138 - - [06/Oct/2022:08:41:39 +0800] "GET /xingrg/javascript/jquery.timers.js HTTP/1.1" 304 -
116.238.194.138 - - [06/Oct/2022:08:41:39 +0800] "GET /xingrg/images/blue/jxLogo.png HTTP/1.1" 304 -
116.238.194.138 - - [06/Oct/2022:08:41:39 +0800] "GET /xingrg/images/blue/navBackgound.jpg HTTP/1.1" 304 -
116.238.194.138 - - [06/Oct/2022:08:41:39 +0800] "GET /xingrg/javascript/jquery_easy_ui/themes/icons/settle_new.png HTTP/1.1" 304 -
116.238.194.138 - - [06/Oct/2022:08:41:39 +0800] "GET /xingrg/images/blue/pingpu.png HTTP/1.1" 304 -
116.238.194.138 - - [06/Oct/2022:08:41:39 +0800] "POST /xingrg/all/common/load_tree.html?tree=area_rest_tree_json&manage=1 HTTP/1.1" 200 476
116.238.194.138 - - [06/Oct/2022:08:41:39 +0800] "GET /xingrg/javascript/jquery_easy_ui/themes/default/images/tabs_leftarrow.png HTTP/1.1" 304 -
116.238.194.138 - - [06/Oct/2022:08:41:39 +0800] "GET /xingrg/javascript/jquery_easy_ui/themes/default/images/tabs_rightarrow.png HTTP/1.1" 304 -
116.238.194.138 - - [06/Oct/2022:08:41:39 +0800] "GET /xingrg/javascript/jquery_easy_ui/themes/default/images/panel_tool_collapse.gif HTTP/1.1" 304 -
116.238.194.138 - - [06/Oct/2022:08:41:39 +0800] "GET /xingrg/check_reg.html?_=1665016843279 HTTP/1.1" 200 22
116.238.194.138 - - [06/Oct/2022:08:41:39 +0800] "GET /xingrg/all/function/internal_message.html?_=1665016843278&CODE_STATE=count HTTP/1.1" 200 11
116.238.194.138 - - [06/Oct/2022:08:41:39 +0800] "POST /xingrg/load_menu.html HTTP/1.1" 200 5138
120.253.135.82 - - [06/Oct/2022:08:41:40 +0800] "GET /xingrg/all/function/internal_message.html?_=1665017012749&CODE_STATE=getMsg HTTP/1.1" 200 27
116.238.194.138 - - [06/Oct/2022:08:41:41 +0800] "GET /xingrg/kc/buy/cgsh_order_list.html HTTP/1.1" 200 53183
116.238.194.138 - - [06/Oct/2022:08:41:43 +0800] "POST /xingrg/kc/buy/cgsh_list_operate.html HTTP/1.1" 200 986
116.238.194.138 - - [06/Oct/2022:08:41:44 +0800] "GET /xingrg/kc/buy/cgsh_order_add.html HTTP/1.1" 200 68571
116.238.194.138 - - [06/Oct/2022:08:41:44 +0800] "POST /xingrg/kc/buy/cgsh_order_operate.html HTTP/1.1" 200 8245
116.238.194.138 - - [06/Oct/2022:08:41:44 +0800] "GET /xingrg/all/common/auto_word.html?type=employee&rest_code=00151 HTTP/1.1" 200 293
116.238.194.138 - - [06/Oct/2022:08:41:44 +0800] "GET /xingrg/all/common/auto_word.html?type=employee&rest_code=00151 HTTP/1.1" 200 293
116.238.194.138 - - [06/Oct/2022:08:41:44 +0800] "GET /xingrg/javascript/easyui/themes/default/validatebox.css HTTP/1.1" 404 1104
116.238.194.138 - - [06/Oct/2022:08:41:49 +0800] "GET /xingrg/javascript/auto/indicator.gif HTTP/1.1" 404 1066
172.20.0.100 - - [06/Oct/2022:08:41:49 +0800] "GET /xingrg/all/function/internal_message.html?_=1665016904853&CODE_STATE=getMsg HTTP/1.1" 200 27
116.230.114.213 - - [06/Oct/2022:08:41:49 +0800] "GET /xingrg/all/function/internal_message.html?_=1665016918875&CODE_STATE=getMsg HTTP/1.1" 200 27
120.253.135.82 - - [06/Oct/2022:08:41:51 +0800] "GET /xingrg/all/function/internal_message.html?_=1665016704358&CODE_STATE=getMsg HTTP/1.1" 200 27
116.230.105.139 - - [06/Oct/2022:08:41:58 +0800] "GET /xingrg/all/function/internal_message.html?_=1665016891320&CODE_STATE=getMsg HTTP/1.1" 200 27
116.238.194.138 - - [06/Oct/2022:08:42:03 +0800] "GET /xingrg/kc/buy/cgsh_order_operate.html?command=get_materiel&rest_code=00151&code=00101008084&supplier_code=00100096&order_time=2022-10-06 HTTP/1.1" 200 412
221.239.141.151 - - [06/Oct/2022:08:42:29 +0800] "GET /xingrg/check_reg.html?_=1665016946021 HTTP/1.1" 200 22
221.239.141.151 - - [06/Oct/2022:08:42:29 +0800] "GET /xingrg/all/function/internal_message.html?_=1665016946025&CODE_STATE=getMsg HTTP/1.1" 200 27
221.239.141.151 - - [06/Oct/2022:08:42:34 +0800] "GET /xingrg/all/function/internal_message.html?_=1665016968227&CODE_STATE=getMsg HTTP/1.1" 200 27
116.238.194.138 - - [06/Oct/2022:08:42:38 +0800] "GET /xingrg/kc/buy/cgsh_order_operate.html?command=get_materiel&rest_code=00151&code=00101016025&supplier_code=00100096&order_time=2022-10-06 HTTP/1.1" 200 408
116.238.194.138 - - [06/Oct/2022:08:42:39 +0800] "GET /xingrg/all/function/internal_message.html?_=1665016903281&CODE_STATE=getMsg HTTP/1.1" 200 27
120.253.135.82 - - [06/Oct/2022:08:42:40 +0800] "GET /xingrg/all/function/internal_message.html?_=1665017072763&CODE_STATE=getMsg HTTP/1.1" 200 27
116.238.194.138 - - [06/Oct/2022:08:42:49 +0800] "GET /xingrg/kc/buy/cgsh_order_operate.html?command=get_materiel&rest_code=00151&code=00101012039&supplier_code=00100096&order_time=2022-10-06 HTTP/1.1" 200 408
172.20.0.100 - - [06/Oct/2022:08:42:49 +0800] "GET /xingrg/all/function/internal_message.html?_=1665016964824&CODE_STATE=getMsg HTTP/1.1" 200 27
116.230.114.213 - - [06/Oct/2022:08:42:49 +0800] "GET /xingrg/all/function/internal_message.html?_=1665016978894&CODE_STATE=getMsg HTTP/1.1" 200 27
120.253.135.82 - - [06/Oct/2022:08:42:51 +0800] "GET /xingrg/all/function/internal_message.html?_=1665016764394&CODE_STATE=getMsg HTTP/1.1" 200 27
116.238.194.138 - - [06/Oct/2022:08:42:58 +0800] "GET /xingrg/kc/buy/cgsh_order_operate.html?command=get_materiel&rest_code=00151&code=00101016038&supplier_code=00100096&order_time=2022-10-06 HTTP/1.1" 200 408
116.230.105.139 - - [06/Oct/2022:08:42:58 +0800] "GET /xingrg/all/function/internal_message.html?_=1665016951309&CODE_STATE=getMsg HTTP/1.1" 200 27
116.238.194.138 - - [06/Oct/2022:08:43:05 +0800] "GET /xingrg/kc/buy/cgsh_order_operate.html?command=get_materiel&rest_code=00151&code=00101016051&supplier_code=00100096&order_time=2022-10-06 HTTP/1.1" 200 408
116.238.194.138 - - [06/Oct/2022:08:43:11 +0800] "GET /xingrg/kc/buy/cgsh_order_operate.html?command=get_materiel&rest_code=00151&code=00101012025&supplier_code=00100096&order_time=2022-10-06 HTTP/1.1" 200 412
116.238.194.138 - - [06/Oct/2022:08:43:20 +0800] "GET /xingrg/kc/buy/cgsh_order_operate.html?command=get_materiel&rest_code=00151&code=00101012051&supplier_code=00100096&order_time=2022-10-06 HTTP/1.1" 200 408
116.238.194.138 - - [06/Oct/2022:08:43:28 +0800] "GET /xingrg/kc/buy/cgsh_order_operate.html?command=get_materiel&rest_code=00151&code=00101012059&supplier_code=00100096&order_time=2022-10-06 HTTP/1.1" 200 412
221.239.141.151 - - [06/Oct/2022:08:43:29 +0800] "GET /xingrg/all/function/internal_message.html?_=1665017006028&CODE_STATE=getMsg HTTP/1.1" 200 27
120.253.135.82 - - [06/Oct/2022:08:43:32 +0800] "GET /xingrg/check_reg.html?_=1665016805337 HTTP/1.1" 200 22
221.239.141.151 - - [06/Oct/2022:08:43:34 +0800] "GET /xingrg/all/function/internal_message.html?_=1665017028241&CODE_STATE=getMsg HTTP/1.1" 200 27
116.238.194.138 - - [06/Oct/2022:08:43:39 +0800] "GET /xingrg/all/function/internal_message.html?_=1665016963295&CODE_STATE=getMsg HTTP/1.1" 200 27
120.253.135.82 - - [06/Oct/2022:08:43:40 +0800] "GET /xingrg/all/function/internal_message.html?_=1665017132777&CODE_STATE=getMsg HTTP/1.1" 200 27
116.238.194.138 - - [06/Oct/2022:08:43:40 +0800] "GET /xingrg/kc/buy/cgsh_order_operate.html?command=get_materiel&rest_code=00151&code=00101006109&supplier_code=00100096&order_time=2022-10-06 HTTP/1.1" 200 411
172.20.0.100 - - [06/Oct/2022:08:43:49 +0800] "GET /xingrg/all/function/internal_message.html?_=1665017024795&CODE_STATE=getMsg HTTP/1.1" 200 27
116.230.114.213 - - [06/Oct/2022:08:43:49 +0800] "GET /xingrg/all/function/internal_message.html?_=1665017038903&CODE_STATE=getMsg HTTP/1.1" 200 27
120.253.135.82 - - [06/Oct/2022:08:43:51 +0800] "GET /xingrg/all/function/internal_message.html?_=1665016824401&CODE_STATE=getMsg HTTP/1.1" 200 27
116.238.194.138 - - [06/Oct/2022:08:43:56 +0800] "GET /xingrg/kc/buy/cgsh_order_operate.html?command=get_materiel&rest_code=00151&code=00101006013&supplier_code=00100096&order_time=2022-10-06 HTTP/1.1" 200 409
116.230.105.139 - - [06/Oct/2022:08:43:58 +0800] "GET /xingrg/all/function/internal_message.html?_=1665017011315&CODE_STATE=getMsg HTTP/1.1" 200 27
116.238.194.138 - - [06/Oct/2022:08:44:06 +0800] "GET /xingrg/kc/buy/cgsh_order_operate.html?command=get_materiel&rest_code=00151&code=00101006184&supplier_code=00100096&order_time=2022-10-06 HTTP/1.1" 200 410
116.238.194.138 - - [06/Oct/2022:08:44:20 +0800] "GET /xingrg/kc/buy/cgsh_order_operate.html?command=get_materiel&rest_code=00151&code=00101006055&supplier_code=00100096&order_time=2022-10-06 HTTP/1.1" 200 411
221.239.141.151 - - [06/Oct/2022:08:44:29 +0800] "GET /xingrg/all/function/internal_message.html?_=1665017066019&CODE_STATE=getMsg HTTP/1.1" 200 27
116.238.194.138 - - [06/Oct/2022:08:44:33 +0800] "GET /xingrg/kc/buy/cgsh_order_operate.html?command=get_materiel&rest_code=00151&code=00101010711&supplier_code=00100096&order_time=2022-10-06 HTTP/1.1" 200 408
221.239.141.151 - - [06/Oct/2022:08:44:34 +0800] "GET /xingrg/all/function/internal_message.html?_=1665017088238&CODE_STATE=getMsg HTTP/1.1" 200 27
222.70.183.206 - - [06/Oct/2022:08:44:39 +0800] "GET /xingrg/login.html HTTP/1.1" 200 7641
116.238.194.138 - - [06/Oct/2022:08:44:39 +0800] "GET /xingrg/all/function/internal_message.html?_=1665017023308&CODE_STATE=getMsg HTTP/1.1" 200 27
222.70.183.206 - - [06/Oct/2022:08:44:39 +0800] "GET /favicon.ico HTTP/1.1" 404 -
120.253.135.82 - - [06/Oct/2022:08:44:40 +0800] "GET /xingrg/all/function/internal_message.html?_=1665017192924&CODE_STATE=getMsg HTTP/1.1" 200 27
116.238.194.138 - - [06/Oct/2022:08:44:45 +0800] "GET /xingrg/kc/buy/cgsh_order_operate.html?command=get_materiel&rest_code=00151&code=00101006112&supplier_code=00100096&order_time=2022-10-06 HTTP/1.1" 200 409
222.70.183.206 - - [06/Oct/2022:08:44:47 +0800] "POST /xingrg/login.do HTTP/1.1" 302 -
222.70.183.206 - - [06/Oct/2022:08:44:47 +0800] "GET /xingrg/index.html?sysBaseUrl=http%3A%2F%2F180.169.147.146%3A18081%2Fxingrg%2F&costTime=42×tamp=1665017087724 HTTP/1.1" 200 17173
222.70.183.206 - - [06/Oct/2022:08:44:47 +0800] "GET /favicon.ico HTTP/1.1" 404 -
222.70.183.206 - - [06/Oct/2022:08:44:47 +0800] "POST /xingrg/all/common/load_tree.html?tree=area_rest_tree_json&manage=1 HTTP/1.1" 200 342
222.70.183.206 - - [06/Oct/2022:08:44:48 +0800] "GET /xingrg/all/function/internal_message.html?_=1665017081420&CODE_STATE=count HTTP/1.1" 200 11
222.70.183.206 - - [06/Oct/2022:08:44:48 +0800] "GET /xingrg/check_reg.html?_=1665017081421 HTTP/1.1" 200 22
222.70.183.206 - - [06/Oct/2022:08:44:48 +0800] "POST /xingrg/load_menu.html HTTP/1.1" 200 5138
172.20.0.100 - - [06/Oct/2022:08:44:49 +0800] "GET /xingrg/all/function/internal_message.html?_=1665017084766&CODE_STATE=getMsg HTTP/1.1" 200 27
222.70.183.206 - - [06/Oct/2022:08:44:49 +0800] "GET /xingrg/kc/buy/buy_main.html HTTP/1.1" 200 12412
222.70.183.206 - - [06/Oct/2022:08:44:49 +0800] "GET /xingrg/css/new_ie.css HTTP/1.1" 404 1036
116.230.114.213 - - [06/Oct/2022:08:44:49 +0800] "GET /xingrg/all/function/internal_message.html?_=1665017098921&CODE_STATE=getMsg HTTP/1.1" 200 27
222.70.183.206 - - [06/Oct/2022:08:44:50 +0800] "GET /xingrg/images/yd/bt.gif HTTP/1.1" 404 1040
222.70.183.206 - - [06/Oct/2022:08:44:50 +0800] "GET /xingrg/kc/buy/cgsh_order_list.html HTTP/1.1" 200 53179
120.253.135.82 - - [06/Oct/2022:08:44:51 +0800] "GET /xingrg/all/function/internal_message.html?_=1665016884414&CODE_STATE=getMsg HTTP/1.1" 200 27
222.70.183.206 - - [06/Oct/2022:08:44:53 +0800] "POST /xingrg/kc/buy/cgsh_list_operate.html HTTP/1.1" 200 5925
116.238.194.138 - - [06/Oct/2022:08:44:57 +0800] "GET /xingrg/kc/buy/cgsh_order_operate.html?command=get_materiel&rest_code=00151&code=00101006124&supplier_code=00100096&order_time=2022-10-06 HTTP/1.1" 200 411
116.230.105.139 - - [06/Oct/2022:08:44:58 +0800] "GET /xingrg/all/function/internal_message.html?_=1665017071316&CODE_STATE=getMsg HTTP/1.1" 200 27
116.238.194.138 - - [06/Oct/2022:08:45:10 +0800] "GET /xingrg/kc/buy/cgsh_order_operate.html?command=get_materiel&rest_code=00151&code=00101007049&supplier_code=00100096&order_time=2022-10-06 HTTP/1.1" 200 409
221.239.141.151 - - [06/Oct/2022:08:45:29 +0800] "GET /xingrg/all/function/internal_message.html?_=1665017126037&CODE_STATE=getMsg HTTP/1.1" 200 27
222.70.183.206 - - [06/Oct/2022:08:45:29 +0800] "POST /xingrg/kc/buy/cgsh_list_operate.html HTTP/1.1" 200 4
222.70.183.206 - - [06/Oct/2022:08:45:33 +0800] "POST /xingrg/kc/buy/cgsh_list_operate.html HTTP/1.1" 200 5874
221.239.141.151 - - [06/Oct/2022:08:45:34 +0800] "GET /xingrg/all/function/internal_message.html?_=1665017148236&CODE_STATE=getMsg HTTP/1.1" 200 27
116.238.194.138 - - [06/Oct/2022:08:45:37 +0800] "POST /xingrg/kc/buy/cgsh_order_operate.html HTTP/1.1" 200 37
120.253.135.82 - - [06/Oct/2022:08:45:40 +0800] "GET /xingrg/all/function/internal_message.html?_=1665017252929&CODE_STATE=getMsg HTTP/1.1" 200 27
116.230.114.213 - - [06/Oct/2022:08:45:40 +0800] "GET /xingrg/check_reg.html?_=1665017150178 HTTP/1.1" 200 22
116.238.194.138 - - [06/Oct/2022:08:45:43 +0800] "POST /xingrg/kc/buy/cgsh_order_operate.html HTTP/1.1" 200 12
116.238.194.138 - - [06/Oct/2022:08:45:45 +0800] "GET /xingrg/kc/buy/cgsh_order_info.html?code=212022100601826 HTTP/1.1" 200 63468
116.238.194.138 - - [06/Oct/2022:08:45:45 +0800] "GET /xingrg/javascript/easyui/themes/default/validatebox.css HTTP/1.1" 404 1104
116.238.194.138 - - [06/Oct/2022:08:45:45 +0800] "GET /xingrg/all/function/internal_message.html?_=1665017089711&CODE_STATE=getMsg HTTP/1.1" 200 27
116.238.194.138 - - [06/Oct/2022:08:45:46 +0800] "POST /xingrg/kc/buy/cgsh_order_operate.html HTTP/1.1" 200 9594
116.238.194.138 - - [06/Oct/2022:08:45:47 +0800] "GET /xingrg/kc/print/load_data.html?order_code=212022100601826&kc_code=cgsh&condition= HTTP/1.1" 200 4166
222.70.183.206 - - [06/Oct/2022:08:45:47 +0800] "GET /xingrg/all/function/internal_message.html?_=1665017141427&CODE_STATE=getMsg HTTP/1.1" 200 27
172.20.0.100 - - [06/Oct/2022:08:45:49 +0800] "GET /xingrg/all/function/internal_message.html?_=1665017144753&CODE_STATE=getMsg HTTP/1.1" 200 27
116.230.114.213 - - [06/Oct/2022:08:45:49 +0800] "GET /xingrg/all/function/internal_message.html?_=1665017158929&CODE_STATE=getMsg HTTP/1.1" 200 27
120.253.135.82 - - [06/Oct/2022:08:45:51 +0800] "GET /xingrg/all/function/internal_message.html?_=1665016944548&CODE_STATE=getMsg HTTP/1.1" 200 27
116.230.105.139 - - [06/Oct/2022:08:45:58 +0800] "GET /xingrg/all/function/internal_message.html?_=1665017131309&CODE_STATE=getMsg HTTP/1.1" 200 27
116.230.105.139 - - [06/Oct/2022:08:45:58 +0800] "GET /xingrg/check_reg.html?_=1665017131315 HTTP/1.1" 200 22
222.70.183.206 - - [06/Oct/2022:08:46:09 +0800] "POST /xingrg/kc/buy/cgsh_list_operate.html HTTP/1.1" 200 4
172.20.0.100 - - [06/Oct/2022:08:46:12 +0800] "GET /xingrg/check_reg.html?_=1665017167645 HTTP/1.1" 200 22
222.70.183.206 - - [06/Oct/2022:08:46:14 +0800] "POST /xingrg/kc/buy/cgsh_list_operate.html HTTP/1.1" 200 4408
116.238.194.138 - - [06/Oct/2022:08:46:19 +0800] "POST /xingrg/all/user/operate.html HTTP/1.1" 200 36
116.238.194.138 - - [06/Oct/2022:08:46:19 +0800] "GET /xingrg/index.html?sysBaseUrl=http%3A%2F%2F180.169.147.146%3A18081%2Fxingrg%2F&costTime=41×tamp=1665016588182 HTTP/1.1" 200 17179
116.238.194.138 - - [06/Oct/2022:08:46:19 +0800] "GET /xingrg/javascript/jquery_easy_ui/themes/default/easyui.css HTTP/1.1" 304 -
116.238.194.138 - - [06/Oct/2022:08:46:19 +0800] "GET /xingrg/javascript/jquery_easy_ui/themes/icon.css HTTP/1.1" 304 -
116.238.194.138 - - [06/Oct/2022:08:46:19 +0800] "GET /xingrg/css/form.css HTTP/1.1" 304 -
116.238.194.138 - - [06/Oct/2022:08:46:19 +0800] "GET /xingrg/javascript/jquery-1.4.2.min.js HTTP/1.1" 304 -
116.238.194.138 - - [06/Oct/2022:08:46:19 +0800] "GET /xingrg/javascript/jquery_easy_ui/jquery.easyui.min.js HTTP/1.1" 304 -
116.238.194.138 - - [06/Oct/2022:08:46:19 +0800] "GET /xingrg/javascript/jquery_easy_ui/easyui-lang-zh_CN.js HTTP/1.1" 304 -
116.238.194.138 - - [06/Oct/2022:08:46:19 +0800] "GET /xingrg/javascript/jquery.form.js HTTP/1.1" 304 -
116.238.194.138 - - [06/Oct/2022:08:46:19 +0800] "GET /xingrg/javascript/jquery.utils.js HTTP/1.1" 304 -
116.238.194.138 - - [06/Oct/2022:08:46:19 +0800] "GET /xingrg/javascript/jquery.timers.js HTTP/1.1" 304 -
116.238.194.138 - - [06/Oct/2022:08:46:19 +0800] "GET /xingrg/images/blue/jxLogo.png HTTP/1.1" 304 -
116.238.194.138 - - [06/Oct/2022:08:46:19 +0800] "GET /xingrg/images/blue/navBackgound.jpg HTTP/1.1" 304 -
116.238.194.138 - - [06/Oct/2022:08:46:19 +0800] "GET /xingrg/javascript/jquery_easy_ui/themes/icons/settle_new.png HTTP/1.1" 304 -
116.238.194.138 - - [06/Oct/2022:08:46:19 +0800] "POST /xingrg/all/common/load_tree.html?tree=area_rest_tree_json&manage=1 HTTP/1.1" 200 476
116.238.194.138 - - [06/Oct/2022:08:46:19 +0800] "GET /xingrg/images/blue/pingpu.png HTTP/1.1" 304 -
116.238.194.138 - - [06/Oct/2022:08:46:19 +0800] "GET /xingrg/javascript/jquery_easy_ui/themes/default/images/panel_tool_collapse.gif HTTP/1.1" 304 -
116.238.194.138 - - [06/Oct/2022:08:46:19 +0800] "GET /xingrg/check_reg.html?_=1665017124070 HTTP/1.1" 200 22
116.238.194.138 - - [06/Oct/2022:08:46:19 +0800] "GET /xingrg/all/function/internal_message.html?_=1665017124070&CODE_STATE=count HTTP/1.1" 200 11
116.238.194.138 - - [06/Oct/2022:08:46:19 +0800] "GET /xingrg/javascript/jquery_easy_ui/themes/default/images/tabs_leftarrow.png HTTP/1.1" 304 -
116.238.194.138 - - [06/Oct/2022:08:46:19 +0800] "POST /xingrg/load_menu.html HTTP/1.1" 200 5138
116.238.194.138 - - [06/Oct/2022:08:46:19 +0800] "GET /xingrg/javascript/jquery_easy_ui/themes/default/images/tabs_rightarrow.png HTTP/1.1" 304 -
116.238.194.138 - - [06/Oct/2022:08:46:20 +0800] "GET /xingrg/javascript/jquery_easy_ui/themes/default/images/tree_arrows.gif HTTP/1.1" 304 -
116.238.194.138 - - [06/Oct/2022:08:46:20 +0800] "GET /xingrg/javascript/jquery_easy_ui/themes/icons/search_new.png HTTP/1.1" 304 -
116.238.194.138 - - [06/Oct/2022:08:46:20 +0800] "GET /xingrg/javascript/jquery_easy_ui/themes/default/images/tree_folder_open.gif HTTP/1.1" 304 -
116.238.194.138 - - [06/Oct/2022:08:46:20 +0800] "GET /xingrg/javascript/jquery_easy_ui/themes/default/images/tree_file.gif HTTP/1.1" 304 -
116.238.194.138 - - [06/Oct/2022:08:46:20 +0800] "GET /xingrg/javascript/jquery_easy_ui/themes/default/images/tree_folder.gif HTTP/1.1" 304 -
116.238.194.138 - - [06/Oct/2022:08:46:20 +0800] "GET /xingrg/javascript/jquery_easy_ui/themes/icons/storage_new.png HTTP/1.1" 304 -
116.238.194.138 - - [06/Oct/2022:08:46:20 +0800] "GET /xingrg/javascript/jquery_easy_ui/themes/icons/forms_new.png HTTP/1.1" 304 -
116.238.194.138 - - [06/Oct/2022:08:46:23 +0800] "GET /xingrg/kc/base/wldb_order_list.html HTTP/1.1" 200 19186
116.238.194.138 - - [06/Oct/2022:08:46:24 +0800] "POST /xingrg/kc/base/wldb_list_operate.html HTTP/1.1" 200 928
116.238.194.138 - - [06/Oct/2022:08:46:25 +0800] "GET /xingrg/kc/base/wldb_order_add.html HTTP/1.1" 200 30408
116.238.194.138 - - [06/Oct/2022:08:46:25 +0800] "POST /xingrg/kc/base/wldb_order_operate.html HTTP/1.1" 200 6806
116.238.194.138 - - [06/Oct/2022:08:46:25 +0800] "GET /xingrg/all/common/auto_word.html?type=base&rest_code=00150 HTTP/1.1" 200 1799
116.238.194.138 - - [06/Oct/2022:08:46:25 +0800] "GET /xingrg/all/common/auto_word.html?type=base&rest_code=00150 HTTP/1.1" 200 1799
116.238.194.138 - - [06/Oct/2022:08:46:25 +0800] "GET /xingrg/javascript/easyui/themes/default/validatebox.css HTTP/1.1" 404 1104
116.238.194.138 - - [06/Oct/2022:08:46:26 +0800] "GET /xingrg/css/images/panel_loading.gif HTTP/1.1" 304 -
116.238.194.138 - - [06/Oct/2022:08:46:26 +0800] "POST /xingrg/all/common/load_combo.html?type=base HTTP/1.1" 200 3227
221.239.141.151 - - [06/Oct/2022:08:46:29 +0800] "GET /xingrg/all/function/internal_message.html?_=1665017186023&CODE_STATE=getMsg HTTP/1.1" 200 27
116.238.194.138 - - [06/Oct/2022:08:46:34 +0800] "GET /xingrg/javascript/auto/indicator.gif HTTP/1.1" 404 1066
221.239.141.151 - - [06/Oct/2022:08:46:34 +0800] "GET /xingrg/check_reg.html?_=1665017208235 HTTP/1.1" 200 22
221.239.141.151 - - [06/Oct/2022:08:46:34 +0800] "GET /xingrg/all/function/internal_message.html?_=1665017208238&CODE_STATE=getMsg HTTP/1.1" 200 27
120.253.135.82 - - [06/Oct/2022:08:46:39 +0800] "GET /xingrg/check_reg.html?_=1665017311514 HTTP/1.1" 200 22
120.253.135.82 - - [06/Oct/2022:08:46:40 +0800] "GET /xingrg/all/function/internal_message.html?_=1665017312942&CODE_STATE=getMsg HTTP/1.1" 200 27
222.70.183.206 - - [06/Oct/2022:08:46:41 +0800] "POST /xingrg/kc/buy/cgsh_list_operate.html HTTP/1.1" 200 4
116.238.194.138 - - [06/Oct/2022:08:46:43 +0800] "GET /xingrg/kc/base/wldb_order_operate.html?command=get_materiel&rest_code=00150&base_code=0010446&code=00102002457 HTTP/1.1" 200 454
222.70.183.206 - - [06/Oct/2022:08:46:46 +0800] "POST /xingrg/kc/buy/cgsh_list_operate.html HTTP/1.1" 200 986
222.70.183.206 - - [06/Oct/2022:08:46:47 +0800] "GET /xingrg/all/function/internal_message.html?_=1665017201434&CODE_STATE=getMsg HTTP/1.1" 200 27
172.20.0.100 - - [06/Oct/2022:08:46:49 +0800] "GET /xingrg/all/function/internal_message.html?_=1665017204730&CODE_STATE=getMsg HTTP/1.1" 200 27
222.70.183.206 - - [06/Oct/2022:08:46:49 +0800] "GET /xingrg/kc/base/wldb_order_list.html HTTP/1.1" 200 19180
116.230.114.213 - - [06/Oct/2022:08:46:49 +0800] "GET /xingrg/all/function/internal_message.html?_=1665017218943&CODE_STATE=getMsg HTTP/1.1" 200 27
222.70.183.206 - - [06/Oct/2022:08:46:49 +0800] "POST /xingrg/kc/base/wldb_list_operate.html HTTP/1.1" 200 1769
116.238.194.138 - - [06/Oct/2022:08:46:50 +0800] "GET /xingrg/kc/base/wldb_order_operate.html?command=get_materiel&rest_code=00150&base_code=0010446&code=00102002685 HTTP/1.1" 200 458
120.253.135.82 - - [06/Oct/2022:08:46:51 +0800] "GET /xingrg/all/function/internal_message.html?_=1665017004551&CODE_STATE=getMsg HTTP/1.1" 200 27
222.70.183.206 - - [06/Oct/2022:08:46:51 +0800] "POST /xingrg/kc/base/wldb_list_operate.html HTTP/1.1" 200 628
222.70.183.206 - - [06/Oct/2022:08:46:52 +0800] "GET /xingrg/kc/base/wldb_order_info.html?code=422022100500410 HTTP/1.1" 200 30407
222.70.183.206 - - [06/Oct/2022:08:46:52 +0800] "GET /xingrg/words/20221005172558_words.js HTTP/1.1" 200 923489
222.70.183.206 - - [06/Oct/2022:08:46:53 +0800] "GET /xingrg/all/common/auto_word.html?type=base&rest_code=00111 HTTP/1.1" 200 1753
222.70.183.206 - - [06/Oct/2022:08:46:53 +0800] "GET /xingrg/all/common/auto_word.html?type=base&rest_code=00111 HTTP/1.1" 200 1753
222.70.183.206 - - [06/Oct/2022:08:46:53 +0800] "GET /xingrg/javascript/easyui/themes/default/validatebox.css HTTP/1.1" 404 1104
222.70.183.206 - - [06/Oct/2022:08:46:53 +0800] "POST /xingrg/kc/base/wldb_order_operate.html HTTP/1.1" 200 6773
222.70.183.206 - - [06/Oct/2022:08:46:56 +0800] "GET /xingrg/javascript/auto/indicator.gif HTTP/1.1" 404 1066
116.230.105.139 - - [06/Oct/2022:08:46:58 +0800] "GET /xingrg/all/function/internal_message.html?_=1665017191318&CODE_STATE=getMsg HTTP/1.1" 200 27
116.238.194.138 - - [06/Oct/2022:08:47:00 +0800] "GET /xingrg/kc/base/wldb_order_operate.html?command=get_materiel&rest_code=00150&base_code=0010446&code=00102002679 HTTP/1.1" 200 457
222.70.183.206 - - [06/Oct/2022:08:47:00 +0800] "GET /xingrg/kc/base/wldb_order_operate.html?command=get_materiel&rest_code=00111&base_code=0010309&code=00101027003 HTTP/1.1" 200 473
116.238.194.138 - - [06/Oct/2022:08:47:08 +0800] "GET /xingrg/kc/base/wldb_order_operate.html?command=get_materiel&rest_code=00150&base_code=0010446&code=00102021018 HTTP/1.1" 200 446
116.238.194.138 - - [06/Oct/2022:08:47:15 +0800] "GET /xingrg/kc/base/wldb_order_operate.html?command=get_materiel&rest_code=00150&base_code=0010446&code=00102002357 HTTP/1.1" 200 432
