120.253.135.82 - - [06/Oct/2022:11:23:56 +0800] "GET /xingrg/all/function/internal_message.html?_=1665026429646&CODE_STATE=getMsg HTTP/1.1" 200 27
114.83.219.72 - - [06/Oct/2022:11:23:57 +0800] "GET /xingrg/all/function/internal_message.html?_=1665026631500&CODE_STATE=getMsg HTTP/1.1" 200 27
172.20.0.100 - - [06/Oct/2022:11:24:00 +0800] "GET /xingrg/all/function/internal_message.html?_=1665026636100&CODE_STATE=getMsg HTTP/1.1" 200 27
221.239.141.151 - - [06/Oct/2022:11:24:02 +0800] "GET /xingrg/kc/base/wldb_order_add.html HTTP/1.1" 200 30390
221.239.141.151 - - [06/Oct/2022:11:24:02 +0800] "POST /xingrg/kc/base/wldb_order_operate.html HTTP/1.1" 200 6806
221.239.141.151 - - [06/Oct/2022:11:24:02 +0800] "GET /xingrg/javascript/easyui/themes/default/validatebox.css HTTP/1.1" 404 1104
120.253.135.82 - - [06/Oct/2022:11:24:03 +0800] "GET /xingrg/all/function/internal_message.html?_=1665026755504&CODE_STATE=getMsg HTTP/1.1" 200 27
221.239.141.151 - - [06/Oct/2022:11:24:04 +0800] "POST /xingrg/all/common/load_combo.html?type=base HTTP/1.1" 200 3321
116.237.76.114 - - [06/Oct/2022:11:24:04 +0800] "GET /xingrg/all/function/internal_message.html?_=1665026636867&CODE_STATE=getMsg HTTP/1.1" 200 27
116.237.76.114 - - [06/Oct/2022:11:24:05 +0800] "GET /xingrg/check_reg.html?_=1665026637954 HTTP/1.1" 200 22
116.230.105.139 - - [06/Oct/2022:11:24:06 +0800] "GET /xingrg/all/function/internal_message.html?_=1665026618660&CODE_STATE=getMsg HTTP/1.1" 200 27
101.85.93.113 - - [06/Oct/2022:11:24:07 +0800] "GET /xingrg/all/function/internal_message.html?_=1665026642863&CODE_STATE=getMsg HTTP/1.1" 200 27
114.83.219.72 - - [06/Oct/2022:11:24:15 +0800] "GET /xingrg/kc/buy/cgsh_order_operate.html?command=get_materiel&rest_code=00149&code=00101011001&supplier_code=00100051&order_time=2022-10-06 HTTP/1.1" 200 423
116.230.114.213 - - [06/Oct/2022:11:24:23 +0800] "GET /xingrg/kc/buy/cgsh_order_operate.html?command=get_materiel&rest_code=00146&code=00101006184&supplier_code=00100012&order_time=2022-10-06 HTTP/1.1" 200 408
116.237.76.114 - - [06/Oct/2022:11:24:27 +0800] "GET /xingrg/check_reg.html?_=1665026666656 HTTP/1.1" 200 22
116.237.76.114 - - [06/Oct/2022:11:24:27 +0800] "GET /xingrg/all/function/internal_message.html?_=1665026666659&CODE_STATE=getMsg HTTP/1.1" 200 27
222.70.183.206 - - [06/Oct/2022:11:24:28 +0800] "GET /xingrg/all/function/internal_message.html?_=1665026662200&CODE_STATE=getMsg HTTP/1.1" 200 27
116.230.114.213 - - [06/Oct/2022:11:24:29 +0800] "GET /xingrg/all/function/internal_message.html?_=1665026679140&CODE_STATE=getMsg HTTP/1.1" 200 27
114.83.219.72 - - [06/Oct/2022:11:24:30 +0800] "GET /xingrg/all/function/internal_message.html?_=1665026667929&CODE_STATE=getMsg HTTP/1.1" 200 27
114.83.219.72 - - [06/Oct/2022:11:24:30 +0800] "GET /xingrg/check_reg.html?_=1665026667930 HTTP/1.1" 200 22
116.225.121.189 - - [06/Oct/2022:11:24:32 +0800] "GET /xingrg/all/function/internal_message.html?_=1665026522757&CODE_STATE=getMsg HTTP/1.1" 200 27
221.239.141.151 - - [06/Oct/2022:11:24:34 +0800] "GET /xingrg/all/function/internal_message.html?_=1665026688363&CODE_STATE=getMsg HTTP/1.1" 200 27
180.169.147.146 - - [06/Oct/2022:11:24:34 +0800] "GET /xingrg/all/function/internal_message.html?_=1665026670693&CODE_STATE=getMsg HTTP/1.1" 200 27
124.79.246.218 - - [06/Oct/2022:11:24:39 +0800] "GET /xingrg/all/function/internal_message.html?_=1665026876125&CODE_STATE=getMsg HTTP/1.1" 200 27
114.83.219.72 - - [06/Oct/2022:11:24:39 +0800] "POST /xingrg/kc/buy/cgsh_order_operate.html HTTP/1.1" 200 37
180.169.147.146 - - [06/Oct/2022:11:24:40 +0800] "GET /xingrg/all/function/internal_message.html?_=1665026673236&CODE_STATE=getMsg HTTP/1.1" 200 27
180.169.147.146 - - [06/Oct/2022:11:24:40 +0800] "GET /xingrg/check_reg.html?_=1665026673238 HTTP/1.1" 200 22
124.79.246.218 - - [06/Oct/2022:11:24:41 +0800] "GET /xingrg/all/function/internal_message.html?_=1665026869119&CODE_STATE=getMsg HTTP/1.1" 200 27
116.230.114.213 - - [06/Oct/2022:11:24:43 +0800] "POST /xingrg/kc/buy/cgsh_order_operate.html HTTP/1.1" 200 37
58.37.225.132 - - [06/Oct/2022:11:24:46 +0800] "GET /xingrg/check_reg.html?_=1665026341024 HTTP/1.1" 200 22
114.83.219.72 - - [06/Oct/2022:11:24:46 +0800] "POST /xingrg/kc/buy/cgsh_order_operate.html HTTP/1.1" 200 12
116.230.114.213 - - [06/Oct/2022:11:24:48 +0800] "POST /xingrg/kc/buy/cgsh_order_operate.html HTTP/1.1" 200 6787
116.230.114.213 - - [06/Oct/2022:11:24:51 +0800] "GET /xingrg/kc/print/load_data.html?order_code=212022100601878&kc_code=cgsh&condition= HTTP/1.1" 200 2337
116.238.194.138 - - [06/Oct/2022:11:24:52 +0800] "GET /xingrg/all/function/internal_message.html?_=1665026636059&CODE_STATE=getMsg HTTP/1.1" 200 27
221.239.141.151 - - [06/Oct/2022:11:24:52 +0800] "GET /xingrg/all/function/internal_message.html?_=1665026688848&CODE_STATE=getMsg HTTP/1.1" 200 27
114.83.219.72 - - [06/Oct/2022:11:24:54 +0800] "GET /xingrg/kc/buy/cgsh_order_info.html?code=212022100601877 HTTP/1.1" 200 63952
114.83.219.72 - - [06/Oct/2022:11:24:54 +0800] "GET /xingrg/javascript/easyui/themes/default/validatebox.css HTTP/1.1" 404 1104
114.83.219.72 - - [06/Oct/2022:11:24:55 +0800] "POST /xingrg/kc/buy/cgsh_order_operate.html HTTP/1.1" 200 1799
120.253.135.82 - - [06/Oct/2022:11:24:56 +0800] "GET /xingrg/all/function/internal_message.html?_=1665026489662&CODE_STATE=getMsg HTTP/1.1" 200 27
114.83.219.72 - - [06/Oct/2022:11:24:57 +0800] "GET /xingrg/all/function/internal_message.html?_=1665026691504&CODE_STATE=getMsg HTTP/1.1" 200 27
172.20.0.100 - - [06/Oct/2022:11:25:00 +0800] "GET /xingrg/all/function/internal_message.html?_=1665026696074&CODE_STATE=getMsg HTTP/1.1" 200 27
120.253.135.82 - - [06/Oct/2022:11:25:03 +0800] "GET /xingrg/all/function/internal_message.html?_=1665026815512&CODE_STATE=getMsg HTTP/1.1" 200 27
116.237.76.114 - - [06/Oct/2022:11:25:04 +0800] "GET /xingrg/all/function/internal_message.html?_=1665026696843&CODE_STATE=getMsg HTTP/1.1" 200 27
114.83.219.72 - - [06/Oct/2022:11:25:04 +0800] "GET /xingrg/kc/print/load_data.html?order_code=212022100601877&kc_code=cgsh&condition= HTTP/1.1" 200 1182
116.230.105.139 - - [06/Oct/2022:11:25:06 +0800] "GET /xingrg/all/function/internal_message.html?_=1665026678659&CODE_STATE=getMsg HTTP/1.1" 200 27
101.85.93.113 - - [06/Oct/2022:11:25:07 +0800] "GET /xingrg/check_reg.html?_=1665026702863 HTTP/1.1" 200 22
101.85.93.113 - - [06/Oct/2022:11:25:07 +0800] "GET /xingrg/all/function/internal_message.html?_=1665026702865&CODE_STATE=getMsg HTTP/1.1" 200 27
116.230.114.213 - - [06/Oct/2022:11:25:12 +0800] "GET /xingrg/kc/buy/cgsh_order_add.html HTTP/1.1" 200 68961
116.230.114.213 - - [06/Oct/2022:11:25:13 +0800] "POST /xingrg/kc/buy/cgsh_order_operate.html HTTP/1.1" 200 8245
116.230.114.213 - - [06/Oct/2022:11:25:14 +0800] "GET /xingrg/javascript/easyui/themes/default/validatebox.css HTTP/1.1" 404 1104
180.169.147.146 - - [06/Oct/2022:11:25:25 +0800] "POST /xingrg/load_menu.html HTTP/1.1" 200 9695
116.237.76.114 - - [06/Oct/2022:11:25:27 +0800] "GET /xingrg/all/function/internal_message.html?_=1665026726671&CODE_STATE=getMsg HTTP/1.1" 200 27
222.70.183.206 - - [06/Oct/2022:11:25:28 +0800] "GET /xingrg/all/function/internal_message.html?_=1665026722201&CODE_STATE=getMsg HTTP/1.1" 200 27
222.70.183.206 - - [06/Oct/2022:11:25:28 +0800] "GET /xingrg/check_reg.html?_=1665026722205 HTTP/1.1" 200 22
116.230.114.213 - - [06/Oct/2022:11:25:29 +0800] "GET /xingrg/kc/buy/cgsh_order_operate.html?command=get_materiel&rest_code=00146&code=00101002027&supplier_code=00100199&order_time=2022-10-06 HTTP/1.1" 200 413
180.169.147.146 - - [06/Oct/2022:11:25:29 +0800] "GET /xingrg/all/report/report_query.html?fileName=dma/new_5.0/menu/menu_category_hz.xml HTTP/1.1" 200 53064
180.169.147.146 - - [06/Oct/2022:11:25:29 +0800] "GET /xingrg/javascript/multi_select/jqueryMultiSelect.css HTTP/1.1" 200 951
180.169.147.146 - - [06/Oct/2022:11:25:29 +0800] "GET /xingrg/javascript/calendar/timePicker.css HTTP/1.1" 200 523
180.169.147.146 - - [06/Oct/2022:11:25:29 +0800] "GET /xingrg/javascript/bigrid/fix.css HTTP/1.1" 200 1702
180.169.147.146 - - [06/Oct/2022:11:25:29 +0800] "GET /xingrg/dwr/interface/AjaxReportQueryService.js HTTP/1.1" 200 13203
116.230.114.213 - - [06/Oct/2022:11:25:29 +0800] "GET /xingrg/all/function/internal_message.html?_=1665026739154&CODE_STATE=getMsg HTTP/1.1" 200 27
180.169.147.146 - - [06/Oct/2022:11:25:29 +0800] "GET /xingrg/dwr/engine.js HTTP/1.1" 200 43631
180.169.147.146 - - [06/Oct/2022:11:25:29 +0800] "GET /xingrg/javascript/jqueryMultiSelect.js HTTP/1.1" 200 11866
180.169.147.146 - - [06/Oct/2022:11:25:29 +0800] "GET /xingrg/javascript/Calendar.js HTTP/1.1" 200 31561
180.169.147.146 - - [06/Oct/2022:11:25:29 +0800] "GET /xingrg/javascript/bigrid/fix.js HTTP/1.1" 200 6439
180.169.147.146 - - [06/Oct/2022:11:25:29 +0800] "GET /xingrg/dwr/util.js HTTP/1.1" 200 35990
180.169.147.146 - - [06/Oct/2022:11:25:29 +0800] "GET /xingrg/javascript/calendar/jquery.timePicker.min.js HTTP/1.1" 200 2997
180.169.147.146 - - [06/Oct/2022:11:25:29 +0800] "GET /xingrg/images/blue/button/advanceover.gif HTTP/1.1" 200 1347
180.169.147.146 - - [06/Oct/2022:11:25:29 +0800] "GET /xingrg/images/control/loading.gif HTTP/1.1" 200 13463
180.169.147.146 - - [06/Oct/2022:11:25:29 +0800] "GET /xingrg/images/blue/button/back2over.gif HTTP/1.1" 200 1335
180.169.147.146 - - [06/Oct/2022:11:25:29 +0800] "GET /xingrg/images/blue/button/backover.gif HTTP/1.1" 200 1348
180.169.147.146 - - [06/Oct/2022:11:25:29 +0800] "GET /xingrg/images/blue/button/advance2over.gif HTTP/1.1" 200 1336
180.169.147.146 - - [06/Oct/2022:11:25:29 +0800] "GET /xingrg/javascript/jquery_easy_ui/themes/default/images/menu.gif HTTP/1.1" 200 834
180.169.147.146 - - [06/Oct/2022:11:25:29 +0800] "GET /xingrg/javascript/jquery_easy_ui/themes/icons/help.png HTTP/1.1" 200 1187
180.169.147.146 - - [06/Oct/2022:11:25:29 +0800] "GET /xingrg/javascript/jquery_easy_ui/themes/default/images/menu_rightarrow.png HTTP/1.1" 200 3617
180.169.147.146 - - [06/Oct/2022:11:25:29 +0800] "GET /xingrg/javascript/jquery_easy_ui/themes/default/images/menu_downarrow.png HTTP/1.1" 200 173
180.169.147.146 - - [06/Oct/2022:11:25:29 +0800] "POST /xingrg/dwr/call/plaincall/AjaxReportQueryService.getFixDate.dwr HTTP/1.1" 200 111
180.169.147.146 - - [06/Oct/2022:11:25:29 +0800] "GET /xingrg/javascript/jquery_easy_ui/themes/icons/pencil.png HTTP/1.1" 200 713
180.169.147.146 - - [06/Oct/2022:11:25:29 +0800] "GET /xingrg/javascript/jquery_easy_ui/themes/icons/print.png HTTP/1.1" 200 1057
180.169.147.146 - - [06/Oct/2022:11:25:30 +0800] "GET /xingrg/javascript/jquery_easy_ui/themes/default/images/combo_arrow_dot.gif HTTP/1.1" 200 79
180.169.147.146 - - [06/Oct/2022:11:25:30 +0800] "POST /xingrg/all/common/load_tree.html?tree=area_station_tree_json&manage=1 HTTP/1.1" 200 3364
180.169.147.146 - - [06/Oct/2022:11:25:30 +0800] "GET /xingrg/javascript/multi_select/dropdown.gif HTTP/1.1" 200 61
114.83.219.72 - - [06/Oct/2022:11:25:30 +0800] "GET /xingrg/all/function/internal_message.html?_=1665026727929&CODE_STATE=getMsg HTTP/1.1" 200 27
180.169.147.146 - - [06/Oct/2022:11:25:31 +0800] "GET /xingrg/all/report/report_query.html?fileName=dma/new_5.0/menu/menu_stca_hz.xml HTTP/1.1" 200 51418
180.169.147.146 - - [06/Oct/2022:11:25:31 +0800] "GET /xingrg/dwr/interface/AjaxReportQueryService.js HTTP/1.1" 200 13203
180.169.147.146 - - [06/Oct/2022:11:25:31 +0800] "GET /xingrg/dwr/engine.js HTTP/1.1" 200 43631
180.169.147.146 - - [06/Oct/2022:11:25:31 +0800] "POST /xingrg/dwr/call/plaincall/AjaxReportQueryService.getFixDate.dwr HTTP/1.1" 200 111
180.169.147.146 - - [06/Oct/2022:11:25:31 +0800] "POST /xingrg/all/common/load_tree.html?tree=area_station_tree_json&manage=1 HTTP/1.1" 200 3364
180.169.147.146 - - [06/Oct/2022:11:25:31 +0800] "GET /xingrg/javascript/jquery_easy_ui/themes/default/images/tree_checkbox_0.gif HTTP/1.1" 200 168
116.225.121.189 - - [06/Oct/2022:11:25:32 +0800] "GET /xingrg/all/function/internal_message.html?_=1665026582766&CODE_STATE=getMsg HTTP/1.1" 200 27
221.239.141.151 - - [06/Oct/2022:11:25:34 +0800] "GET /xingrg/all/function/internal_message.html?_=1665026748360&CODE_STATE=getMsg HTTP/1.1" 200 27
180.169.147.146 - - [06/Oct/2022:11:25:34 +0800] "GET /xingrg/all/function/internal_message.html?_=1665026730688&CODE_STATE=getMsg HTTP/1.1" 200 27
114.83.219.72 - - [06/Oct/2022:11:25:38 +0800] "GET /xingrg/kc/buy/cgsh_order_add.html HTTP/1.1" 200 69049
114.83.219.72 - - [06/Oct/2022:11:25:38 +0800] "POST /xingrg/kc/buy/cgsh_order_operate.html HTTP/1.1" 200 8245
114.83.219.72 - - [06/Oct/2022:11:25:38 +0800] "GET /xingrg/javascript/easyui/themes/default/validatebox.css HTTP/1.1" 404 1104
124.79.246.218 - - [06/Oct/2022:11:25:39 +0800] "GET /xingrg/all/function/internal_message.html?_=1665026936124&CODE_STATE=getMsg HTTP/1.1" 200 27
180.169.147.146 - - [06/Oct/2022:11:25:40 +0800] "GET /xingrg/all/function/internal_message.html?_=1665026733247&CODE_STATE=getMsg HTTP/1.1" 200 27
180.169.147.146 - - [06/Oct/2022:11:25:41 +0800] "GET /xingrg/javascript/jquery_easy_ui/themes/default/images/tree_checkbox_2.gif HTTP/1.1" 200 181
180.169.147.146 - - [06/Oct/2022:11:25:41 +0800] "GET /xingrg/javascript/jquery_easy_ui/themes/default/images/tree_checkbox_1.gif HTTP/1.1" 200 174
124.79.246.218 - - [06/Oct/2022:11:25:41 +0800] "GET /xingrg/all/function/internal_message.html?_=1665026929133&CODE_STATE=getMsg HTTP/1.1" 200 27
180.169.147.146 - - [06/Oct/2022:11:25:42 +0800] "POST /xingrg/dwr/call/plaincall/AjaxReportQueryService.refreshCache.dwr HTTP/1.1" 200 78
180.169.147.146 - - [06/Oct/2022:11:25:43 +0800] "POST /xingrg/all/report/load_report_page.html HTTP/1.1" 200 64161
180.169.147.146 - - [06/Oct/2022:11:25:43 +0800] "GET /xingrg/servlets/image?cache=0.32897637528053736&image=px HTTP/1.1" 200 807
180.169.147.146 - - [06/Oct/2022:11:25:46 +0800] "GET /xingrg/all/report/report_query.html?isQuery=1&fileName=dma/new_5.0/menu/menu_hz.xml&queryString=(a.sale_day%2520between%252020220701%2520and%252020221006)%2520and%2520(a.sid%2520in%2520(13))%2520and%2520(a.tj_code%253D10)&queryText=%25E3%2580%2590%25E8%2590%25A5%25E4%25B8%259A%25E6%2597%25A5%25E6%259C%259F%253A2022-07-01%2520%25E8%2587%25B3%25202022-10-06%25E3%2580%2591%2520%25E5%25B9%25B6%25E4%25B8%2594%2520%2520%25E3%2580%2590%25E9%2597%25A8%25E5%25BA%2597%25E5%2590%258D%25E7%25A7%25B0%2520%253D%2520%25E6%25A6%2595%25E6%25B8%25AF%25E5%2590%258D%25E8%25BD%25A9%25E5%2590%25B4%25E4%25B8%25AD%25E5%25BA%2597%25E3%2580%2591%2520%25E5%25B9%25B6%25E4%25B8%2594%2520%25E3%2580%2590%25E7%25BB%259F%25E8%25AE%25A1%25E7%25B1%25BB%25E5%2588%25AB%2520%253D%2520%25E6%259C%2588%25E9%25A5%25BC%25E3%2580%2591 HTTP/1.1" 200 54116
180.169.147.146 - - [06/Oct/2022:11:25:46 +0800] "GET /xingrg/dwr/engine.js HTTP/1.1" 200 43631
180.169.147.146 - - [06/Oct/2022:11:25:46 +0800] "GET /favicon.ico HTTP/1.1" 404 -
116.230.114.213 - - [06/Oct/2022:11:25:47 +0800] "GET /xingrg/kc/buy/cgsh_order_operate.html?command=get_materiel&rest_code=00146&code=00101002006&supplier_code=00100199&order_time=2022-10-06 HTTP/1.1" 200 416
180.169.147.146 - - [06/Oct/2022:11:25:47 +0800] "POST /xingrg/all/report/load_report_page.html HTTP/1.1" 200 82052
180.169.147.146 - - [06/Oct/2022:11:25:47 +0800] "GET /xingrg/servlets/image?cache=0.7388355510111934&image=px HTTP/1.1" 200 807
116.238.194.138 - - [06/Oct/2022:11:25:51 +0800] "GET /xingrg/check_reg.html?_=1665026695012 HTTP/1.1" 200 22
180.169.147.146 - - [06/Oct/2022:11:25:51 +0800] "GET /xingrg/javascript/jquery_easy_ui/themes/default/images/button_plain_hover.png HTTP/1.1" 200 252
116.238.194.138 - - [06/Oct/2022:11:25:52 +0800] "GET /xingrg/all/function/internal_message.html?_=1665026696072&CODE_STATE=getMsg HTTP/1.1" 200 27
221.239.141.151 - - [06/Oct/2022:11:25:52 +0800] "GET /xingrg/all/function/internal_message.html?_=1665026748824&CODE_STATE=getMsg HTTP/1.1" 200 27
180.169.147.146 - - [06/Oct/2022:11:25:55 +0800] "POST /xingrg/dwr/call/plaincall/AjaxReportQueryService.getFixDate.dwr HTTP/1.1" 200 111
180.169.147.146 - - [06/Oct/2022:11:25:56 +0800] "POST /xingrg/dwr/call/plaincall/AjaxReportQueryService.refreshCache.dwr HTTP/1.1" 200 78
180.169.147.146 - - [06/Oct/2022:11:25:56 +0800] "POST /xingrg/all/report/load_report_page.html HTTP/1.1" 200 58989
120.253.135.82 - - [06/Oct/2022:11:25:56 +0800] "GET /xingrg/all/function/internal_message.html?_=1665026549726&CODE_STATE=getMsg HTTP/1.1" 200 27
180.169.147.146 - - [06/Oct/2022:11:25:56 +0800] "GET /xingrg/servlets/image?cache=0.7879814554686935&image=px HTTP/1.1" 200 807
114.83.219.72 - - [06/Oct/2022:11:25:57 +0800] "GET /xingrg/all/function/internal_message.html?_=1665026751508&CODE_STATE=getMsg HTTP/1.1" 200 27
180.169.147.146 - - [06/Oct/2022:11:25:58 +0800] "GET /xingrg/all/report/report_query.html?isQuery=1&fileName=dma/new_5.0/menu/menu_hz.xml&queryString=(a.sale_day%2520between%252020221001%2520and%252020221031)%2520and%2520(a.sid%2520in%2520(13))%2520and%2520(a.tj_code%253D10)&queryText=%25E3%2580%2590%25E8%2590%25A5%25E4%25B8%259A%25E6%2597%25A5%25E6%259C%259F%253A2022-10-01%2520%25E8%2587%25B3%25202022-10-31%25E3%2580%2591%2520%25E5%25B9%25B6%25E4%25B8%2594%2520%2520%25E3%2580%2590%25E9%2597%25A8%25E5%25BA%2597%25E5%2590%258D%25E7%25A7%25B0%2520%253D%2520%25E6%25A6%2595%25E6%25B8%25AF%25E5%2590%258D%25E8%25BD%25A9%25E5%2590%25B4%25E4%25B8%25AD%25E5%25BA%2597%25E3%2580%2591%2520%25E5%25B9%25B6%25E4%25B8%2594%2520%25E3%2580%2590%25E7%25BB%259F%25E8%25AE%25A1%25E7%25B1%25BB%25E5%2588%25AB%2520%253D%2520%25E6%259C%2588%25E9%25A5%25BC%25E3%2580%2591 HTTP/1.1" 200 54116
180.169.147.146 - - [06/Oct/2022:11:25:58 +0800] "GET /xingrg/dwr/engine.js HTTP/1.1" 200 43631
180.169.147.146 - - [06/Oct/2022:11:25:58 +0800] "GET /favicon.ico HTTP/1.1" 404 -
180.169.147.146 - - [06/Oct/2022:11:25:58 +0800] "POST /xingrg/all/report/load_report_page.html HTTP/1.1" 200 22078
180.169.147.146 - - [06/Oct/2022:11:25:58 +0800] "GET /xingrg/servlets/image?cache=0.7139785476448665&image=px HTTP/1.1" 200 807
172.20.0.100 - - [06/Oct/2022:11:26:00 +0800] "GET /xingrg/check_reg.html?_=1665026755545 HTTP/1.1" 200 22
172.20.0.100 - - [06/Oct/2022:11:26:00 +0800] "GET /xingrg/all/function/internal_message.html?_=1665026756047&CODE_STATE=getMsg HTTP/1.1" 200 27
124.79.246.218 - - [06/Oct/2022:11:26:01 +0800] "GET /xingrg/javascript/multi_select/dropdown_hover.gif HTTP/1.1" 304 -
124.79.246.218 - - [06/Oct/2022:11:26:01 +0800] "GET /xingrg/javascript/multi_select/dropdown.gif HTTP/1.1" 304 -
124.79.246.218 - - [06/Oct/2022:11:26:01 +0800] "GET /xingrg/javascript/multi_select/dropdown_hover.gif HTTP/1.1" 304 -
124.79.246.218 - - [06/Oct/2022:11:26:02 +0800] "GET /xingrg/javascript/multi_select/dropdown.gif HTTP/1.1" 304 -
120.253.135.82 - - [06/Oct/2022:11:26:02 +0800] "GET /xingrg/check_reg.html?_=1665026874753 HTTP/1.1" 200 22
120.253.135.82 - - [06/Oct/2022:11:26:03 +0800] "GET /xingrg/all/function/internal_message.html?_=1665026875529&CODE_STATE=getMsg HTTP/1.1" 200 27
124.79.246.218 - - [06/Oct/2022:11:26:03 +0800] "GET /xingrg/javascript/multi_select/dropdown_hover.gif HTTP/1.1" 304 -
116.230.114.213 - - [06/Oct/2022:11:26:03 +0800] "GET /xingrg/kc/buy/cgsh_order_operate.html?command=get_materiel&rest_code=00146&code=00101002007&supplier_code=00100199&order_time=2022-10-06 HTTP/1.1" 200 409
124.79.246.218 - - [06/Oct/2022:11:26:03 +0800] "GET /xingrg/javascript/multi_select/dropdown_active.gif HTTP/1.1" 304 -
116.237.76.114 - - [06/Oct/2022:11:26:04 +0800] "GET /xingrg/all/function/internal_message.html?_=1665026756823&CODE_STATE=getMsg HTTP/1.1" 200 27
116.230.105.139 - - [06/Oct/2022:11:26:06 +0800] "GET /xingrg/check_reg.html?_=1665026738653 HTTP/1.1" 200 22
116.230.105.139 - - [06/Oct/2022:11:26:06 +0800] "GET /xingrg/all/function/internal_message.html?_=1665026738655&CODE_STATE=getMsg HTTP/1.1" 200 27
101.85.93.113 - - [06/Oct/2022:11:26:07 +0800] "GET /xingrg/all/function/internal_message.html?_=1665026762851&CODE_STATE=getMsg HTTP/1.1" 200 27
124.79.246.218 - - [06/Oct/2022:11:26:24 +0800] "GET /xingrg/javascript/multi_select/dropdown.gif HTTP/1.1" 304 -
116.237.76.114 - - [06/Oct/2022:11:26:27 +0800] "GET /xingrg/all/function/internal_message.html?_=1665026786671&CODE_STATE=getMsg HTTP/1.1" 200 27
222.70.183.206 - - [06/Oct/2022:11:26:28 +0800] "GET /xingrg/all/function/internal_message.html?_=1665026782204&CODE_STATE=getMsg HTTP/1.1" 200 27
116.230.114.213 - - [06/Oct/2022:11:26:29 +0800] "GET /xingrg/all/function/internal_message.html?_=1665026799168&CODE_STATE=getMsg HTTP/1.1" 200 27
114.83.219.72 - - [06/Oct/2022:11:26:30 +0800] "GET /xingrg/all/function/internal_message.html?_=1665026787931&CODE_STATE=getMsg HTTP/1.1" 200 27
116.225.121.189 - - [06/Oct/2022:11:26:32 +0800] "GET /xingrg/all/function/internal_message.html?_=1665026642753&CODE_STATE=getMsg HTTP/1.1" 200 27
221.239.141.151 - - [06/Oct/2022:11:26:34 +0800] "GET /xingrg/check_reg.html?_=1665026808360 HTTP/1.1" 200 22
221.239.141.151 - - [06/Oct/2022:11:26:34 +0800] "GET /xingrg/all/function/internal_message.html?_=1665026808363&CODE_STATE=getMsg HTTP/1.1" 200 27
180.169.147.146 - - [06/Oct/2022:11:26:35 +0800] "GET /xingrg/all/function/internal_message.html?_=1665026790706&CODE_STATE=getMsg HTTP/1.1" 200 27
124.79.246.218 - - [06/Oct/2022:11:26:39 +0800] "GET /xingrg/all/function/internal_message.html?_=1665026996123&CODE_STATE=getMsg HTTP/1.1" 200 27
124.79.246.218 - - [06/Oct/2022:11:26:39 +0800] "GET /xingrg/check_reg.html?_=1665026996124 HTTP/1.1" 200 22
180.169.147.146 - - [06/Oct/2022:11:26:40 +0800] "GET /xingrg/all/function/internal_message.html?_=1665026793244&CODE_STATE=getMsg HTTP/1.1" 200 27
124.79.246.218 - - [06/Oct/2022:11:26:41 +0800] "GET /xingrg/all/function/internal_message.html?_=1665026989160&CODE_STATE=getMsg HTTP/1.1" 200 27
116.230.114.213 - - [06/Oct/2022:11:26:42 +0800] "GET /xingrg/kc/buy/cgsh_order_operate.html?command=get_materiel&rest_code=00146&code=00101004030&supplier_code=00100199&order_time=2022-10-06 HTTP/1.1" 200 409
116.238.194.138 - - [06/Oct/2022:11:26:52 +0800] "GET /xingrg/all/function/internal_message.html?_=1665026756086&CODE_STATE=getMsg HTTP/1.1" 200 27
221.239.141.151 - - [06/Oct/2022:11:26:52 +0800] "GET /xingrg/all/function/internal_message.html?_=1665026808815&CODE_STATE=getMsg HTTP/1.1" 200 27
221.239.141.151 - - [06/Oct/2022:11:26:52 +0800] "GET /xingrg/check_reg.html?_=1665026808949 HTTP/1.1" 200 22
120.253.135.82 - - [06/Oct/2022:11:26:56 +0800] "GET /xingrg/all/function/internal_message.html?_=1665026609737&CODE_STATE=getMsg HTTP/1.1" 200 27
114.83.219.72 - - [06/Oct/2022:11:26:57 +0800] "GET /xingrg/all/function/internal_message.html?_=1665026811518&CODE_STATE=getMsg HTTP/1.1" 200 27
172.20.0.100 - - [06/Oct/2022:11:27:00 +0800] "GET /xingrg/all/function/internal_message.html?_=1665026816034&CODE_STATE=getMsg HTTP/1.1" 200 27
116.230.114.213 - - [06/Oct/2022:11:27:01 +0800] "GET /xingrg/kc/buy/cgsh_order_operate.html?command=get_materiel&rest_code=00146&code=00101004057&supplier_code=00100199&order_time=2022-10-06 HTTP/1.1" 200 409
120.253.135.82 - - [06/Oct/2022:11:27:03 +0800] "GET /xingrg/all/function/internal_message.html?_=1665026935535&CODE_STATE=getMsg HTTP/1.1" 200 27
116.237.76.114 - - [06/Oct/2022:11:27:04 +0800] "GET /xingrg/all/function/internal_message.html?_=1665026816796&CODE_STATE=getMsg HTTP/1.1" 200 27
116.230.105.139 - - [06/Oct/2022:11:27:06 +0800] "GET /xingrg/all/function/internal_message.html?_=1665026798667&CODE_STATE=getMsg HTTP/1.1" 200 27
101.85.93.113 - - [06/Oct/2022:11:27:07 +0800] "GET /xingrg/all/function/internal_message.html?_=1665026822849&CODE_STATE=getMsg HTTP/1.1" 200 27
116.237.76.114 - - [06/Oct/2022:11:27:27 +0800] "GET /xingrg/all/function/internal_message.html?_=1665026846672&CODE_STATE=getMsg HTTP/1.1" 200 27
222.70.183.206 - - [06/Oct/2022:11:27:28 +0800] "GET /xingrg/all/function/internal_message.html?_=1665026842205&CODE_STATE=getMsg HTTP/1.1" 200 27
116.230.114.213 - - [06/Oct/2022:11:27:29 +0800] "GET /xingrg/all/function/internal_message.html?_=1665026859181&CODE_STATE=getMsg HTTP/1.1" 200 27
114.83.219.72 - - [06/Oct/2022:11:27:30 +0800] "GET /xingrg/all/function/internal_message.html?_=1665026847927&CODE_STATE=getMsg HTTP/1.1" 200 27
116.225.121.189 - - [06/Oct/2022:11:27:32 +0800] "GET /xingrg/all/function/internal_message.html?_=1665026702761&CODE_STATE=getMsg HTTP/1.1" 200 27
221.239.141.151 - - [06/Oct/2022:11:27:34 +0800] "GET /xingrg/all/function/internal_message.html?_=1665026868355&CODE_STATE=getMsg HTTP/1.1" 200 27
180.169.147.146 - - [06/Oct/2022:11:27:35 +0800] "GET /xingrg/check_reg.html?_=1665026850695 HTTP/1.1" 200 22
180.169.147.146 - - [06/Oct/2022:11:27:35 +0800] "GET /xingrg/all/function/internal_message.html?_=1665026850697&CODE_STATE=getMsg HTTP/1.1" 200 27
221.239.141.151 - - [06/Oct/2022:11:27:38 +0800] "POST /xingrg/all/common/load_combo.html?type=base HTTP/1.1" 200 3321
124.79.246.218 - - [06/Oct/2022:11:27:39 +0800] "GET /xingrg/all/function/internal_message.html?_=1665027056122&CODE_STATE=getMsg HTTP/1.1" 200 27
180.169.147.146 - - [06/Oct/2022:11:27:40 +0800] "GET /xingrg/all/function/internal_message.html?_=1665026853240&CODE_STATE=getMsg HTTP/1.1" 200 27
124.79.246.218 - - [06/Oct/2022:11:27:41 +0800] "GET /xingrg/check_reg.html?_=1665027049100 HTTP/1.1" 200 22
124.79.246.218 - - [06/Oct/2022:11:27:41 +0800] "GET /xingrg/all/function/internal_message.html?_=1665027049176&CODE_STATE=getMsg HTTP/1.1" 200 27
114.83.219.72 - - [06/Oct/2022:11:27:49 +0800] "GET /xingrg/kc/buy/cgsh_order_operate.html?command=get_materiel&rest_code=00149&code=00101007048&supplier_code=00100205&order_time=2022-10-06 HTTP/1.1" 200 408
116.238.194.138 - - [06/Oct/2022:11:27:52 +0800] "GET /xingrg/all/function/internal_message.html?_=1665026816100&CODE_STATE=getMsg HTTP/1.1" 200 27
221.239.141.151 - - [06/Oct/2022:11:27:52 +0800] "GET /xingrg/all/function/internal_message.html?_=1665026868799&CODE_STATE=getMsg HTTP/1.1" 200 27
120.253.135.82 - - [06/Oct/2022:11:27:56 +0800] "GET /xingrg/all/function/internal_message.html?_=1665026669807&CODE_STATE=getMsg HTTP/1.1" 200 27
114.83.219.72 - - [06/Oct/2022:11:27:57 +0800] "GET /xingrg/all/function/internal_message.html?_=1665026871522&CODE_STATE=getMsg HTTP/1.1" 200 27
114.83.219.72 - - [06/Oct/2022:11:27:58 +0800] "GET /xingrg/check_reg.html?_=1665026871528 HTTP/1.1" 200 22
172.20.0.100 - - [06/Oct/2022:11:28:00 +0800] "GET /xingrg/all/function/internal_message.html?_=1665026876005&CODE_STATE=getMsg HTTP/1.1" 200 27
120.253.135.82 - - [06/Oct/2022:11:28:03 +0800] "GET /xingrg/all/function/internal_message.html?_=1665026995550&CODE_STATE=getMsg HTTP/1.1" 200 27
116.237.76.114 - - [06/Oct/2022:11:28:04 +0800] "GET /xingrg/all/function/internal_message.html?_=1665026876766&CODE_STATE=getMsg HTTP/1.1" 200 27
116.230.105.139 - - [06/Oct/2022:11:28:06 +0800] "GET /xingrg/all/function/internal_message.html?_=1665026858665&CODE_STATE=getMsg HTTP/1.1" 200 27
101.85.93.113 - - [06/Oct/2022:11:28:07 +0800] "GET /xingrg/all/function/internal_message.html?_=1665026882851&CODE_STATE=getMsg HTTP/1.1" 200 27
221.239.141.151 - - [06/Oct/2022:11:28:13 +0800] "GET /xingrg/kc/base/wldb_order_operate.html?command=get_materiel&rest_code=00102&base_code=0010476&code=00101019358 HTTP/1.1" 200 459
114.83.219.72 - - [06/Oct/2022:11:28:17 +0800] "GET /xingrg/kc/buy/cgsh_order_operate.html?command=get_materiel&rest_code=00149&code=00101007061&supplier_code=00100205&order_time=2022-10-06 HTTP/1.1" 200 409
221.239.141.151 - - [06/Oct/2022:11:28:19 +0800] "POST /xingrg/kc/base/wldb_order_operate.html HTTP/1.1" 200 37
221.239.141.151 - - [06/Oct/2022:11:28:22 +0800] "POST /xingrg/kc/base/wldb_order_operate.html HTTP/1.1" 200 12
221.239.141.151 - - [06/Oct/2022:11:28:22 +0800] "POST /xingrg/kc/base/wldb_order_operate.html HTTP/1.1" 200 2201
180.169.147.146 - - [06/Oct/2022:11:28:24 +0800] "POST /xingrg/dwr/call/plaincall/AjaxReportQueryService.refreshCache.dwr HTTP/1.1" 200 78
180.169.147.146 - - [06/Oct/2022:11:28:24 +0800] "POST /xingrg/all/report/load_report_page.html HTTP/1.1" 200 61581
180.169.147.146 - - [06/Oct/2022:11:28:24 +0800] "GET /xingrg/servlets/image?cache=0.7034159686221714&image=px HTTP/1.1" 200 807
221.239.141.151 - - [06/Oct/2022:11:28:25 +0800] "GET /xingrg/kc/base/wldb_order_info.html?code=422022100600481 HTTP/1.1" 200 26264
221.239.141.151 - - [06/Oct/2022:11:28:25 +0800] "GET /xingrg/javascript/easyui/themes/default/validatebox.css HTTP/1.1" 404 1104
221.239.141.151 - - [06/Oct/2022:11:28:25 +0800] "POST /xingrg/kc/base/wldb_order_operate.html HTTP/1.1" 200 496
116.237.76.114 - - [06/Oct/2022:11:28:27 +0800] "GET /xingrg/all/function/internal_message.html?_=1665026906672&CODE_STATE=getMsg HTTP/1.1" 200 27
116.230.114.213 - - [06/Oct/2022:11:28:27 +0800] "GET /xingrg/check_reg.html?_=1665026917322 HTTP/1.1" 200 22
180.169.147.146 - - [06/Oct/2022:11:28:28 +0800] "GET /xingrg/all/report/report_query.html?isQuery=1&fileName=dma/new_5.0/menu/menu_hz.xml&queryString=(a.sale_day%2520between%252020220801%2520and%252020221031)%2520and%2520(a.sid%2520in%2520(13))%2520and%2520(a.tj_code%253D10)&queryText=%25E3%2580%2590%25E8%2590%25A5%25E4%25B8%259A%25E6%2597%25A5%25E6%259C%259F%253A2022-08-01%2520%25E8%2587%25B3%25202022-10-31%25E3%2580%2591%2520%25E5%25B9%25B6%25E4%25B8%2594%2520%2520%25E3%2580%2590%25E9%2597%25A8%25E5%25BA%2597%25E5%2590%258D%25E7%25A7%25B0%2520%253D%2520%25E6%25A6%2595%25E6%25B8%25AF%25E5%2590%258D%25E8%25BD%25A9%25E5%2590%25B4%25E4%25B8%25AD%25E5%25BA%2597%25E3%2580%2591%2520%25E5%25B9%25B6%25E4%25B8%2594%2520%25E3%2580%2590%25E7%25BB%259F%25E8%25AE%25A1%25E7%25B1%25BB%25E5%2588%25AB%2520%253D%2520%25E6%259C%2588%25E9%25A5%25BC%25E3%2580%2591 HTTP/1.1" 200 54116
180.169.147.146 - - [06/Oct/2022:11:28:28 +0800] "GET /xingrg/dwr/engine.js HTTP/1.1" 200 43631
221.239.141.151 - - [06/Oct/2022:11:28:28 +0800] "GET /xingrg/kc/base/wldb_order_add.html HTTP/1.1" 200 30390
180.169.147.146 - - [06/Oct/2022:11:28:28 +0800] "GET /favicon.ico HTTP/1.1" 404 -
221.239.141.151 - - [06/Oct/2022:11:28:28 +0800] "POST /xingrg/kc/base/wldb_order_operate.html HTTP/1.1" 200 6806
221.239.141.151 - - [06/Oct/2022:11:28:28 +0800] "GET /xingrg/javascript/easyui/themes/default/validatebox.css HTTP/1.1" 404 1104
180.169.147.146 - - [06/Oct/2022:11:28:28 +0800] "POST /xingrg/all/report/load_report_page.html HTTP/1.1" 200 82052
180.169.147.146 - - [06/Oct/2022:11:28:28 +0800] "GET /xingrg/servlets/image?cache=0.3313092868065881&image=px HTTP/1.1" 200 807
222.70.183.206 - - [06/Oct/2022:11:28:28 +0800] "GET /xingrg/all/function/internal_message.html?_=1665026902206&CODE_STATE=getMsg HTTP/1.1" 200 27
221.239.141.151 - - [06/Oct/2022:11:28:29 +0800] "POST /xingrg/all/common/load_combo.html?type=base HTTP/1.1" 200 3321
116.230.114.213 - - [06/Oct/2022:11:28:29 +0800] "GET /xingrg/all/function/internal_message.html?_=1665026919195&CODE_STATE=getMsg HTTP/1.1" 200 27
114.83.219.72 - - [06/Oct/2022:11:28:30 +0800] "GET /xingrg/all/function/internal_message.html?_=1665026907928&CODE_STATE=getMsg HTTP/1.1" 200 27
221.239.141.151 - - [06/Oct/2022:11:28:31 +0800] "POST /xingrg/all/common/load_combo.html?type=base HTTP/1.1" 200 3321
116.225.121.189 - - [06/Oct/2022:11:28:32 +0800] "GET /xingrg/all/function/internal_message.html?_=1665026762768&CODE_STATE=getMsg HTTP/1.1" 200 27
116.225.121.189 - - [06/Oct/2022:11:28:32 +0800] "GET /xingrg/check_reg.html?_=1665026762771 HTTP/1.1" 200 22
120.253.135.82 - - [06/Oct/2022:11:28:32 +0800] "GET /xingrg/check_reg.html?_=1665026705940 HTTP/1.1" 200 22
221.239.141.151 - - [06/Oct/2022:11:28:34 +0800] "GET /xingrg/all/function/internal_message.html?_=1665026928370&CODE_STATE=getMsg HTTP/1.1" 200 27
180.169.147.146 - - [06/Oct/2022:11:28:34 +0800] "GET /xingrg/all/function/internal_message.html?_=1665026910684&CODE_STATE=getMsg HTTP/1.1" 200 27
114.83.219.72 - - [06/Oct/2022:11:28:37 +0800] "GET /xingrg/kc/buy/cgsh_order_operate.html?command=get_materiel&rest_code=00149&code=00101007059&supplier_code=00100205&order_time=2022-10-06 HTTP/1.1" 200 409
124.79.246.218 - - [06/Oct/2022:11:28:39 +0800] "GET /xingrg/all/function/internal_message.html?_=1665027116121&CODE_STATE=getMsg HTTP/1.1" 200 27
180.169.147.146 - - [06/Oct/2022:11:28:40 +0800] "GET /xingrg/all/function/internal_message.html?_=1665026913246&CODE_STATE=getMsg HTTP/1.1" 200 27
124.79.246.218 - - [06/Oct/2022:11:28:41 +0800] "GET /xingrg/all/function/internal_message.html?_=1665027109212&CODE_STATE=getMsg HTTP/1.1" 200 27
221.239.141.151 - - [06/Oct/2022:11:28:45 +0800] "GET /xingrg/kc/base/wldb_order_operate.html?command=get_materiel&rest_code=00102&base_code=0010476&code=00101019142 HTTP/1.1" 200 464
116.238.194.138 - - [06/Oct/2022:11:28:52 +0800] "GET /xingrg/all/function/internal_message.html?_=1665026876138&CODE_STATE=getMsg HTTP/1.1" 200 27
221.239.141.151 - - [06/Oct/2022:11:28:52 +0800] "GET /xingrg/all/function/internal_message.html?_=1665026928783&CODE_STATE=getMsg HTTP/1.1" 200 27
114.83.219.72 - - [06/Oct/2022:11:28:55 +0800] "GET /xingrg/kc/buy/cgsh_order_operate.html?command=get_materiel&rest_code=00149&code=00101007071&supplier_code=00100205&order_time=2022-10-06 HTTP/1.1" 200 417
120.253.135.82 - - [06/Oct/2022:11:28:56 +0800] "GET /xingrg/all/function/internal_message.html?_=1665026729809&CODE_STATE=getMsg HTTP/1.1" 200 27
114.83.219.72 - - [06/Oct/2022:11:28:57 +0800] "GET /xingrg/all/function/internal_message.html?_=1665026931525&CODE_STATE=getMsg HTTP/1.1" 200 27
172.20.0.100 - - [06/Oct/2022:11:29:00 +0800] "GET /xingrg/all/function/internal_message.html?_=1665026935982&CODE_STATE=getMsg HTTP/1.1" 200 27
120.253.135.82 - - [06/Oct/2022:11:29:03 +0800] "GET /xingrg/all/function/internal_message.html?_=1665027055595&CODE_STATE=getMsg HTTP/1.1" 200 27
116.237.76.114 - - [06/Oct/2022:11:29:04 +0800] "GET /xingrg/all/function/internal_message.html?_=1665026936740&CODE_STATE=getMsg HTTP/1.1" 200 27
116.237.76.114 - - [06/Oct/2022:11:29:05 +0800] "GET /xingrg/check_reg.html?_=1665026937936 HTTP/1.1" 200 22
116.230.105.139 - - [06/Oct/2022:11:29:06 +0800] "GET /xingrg/all/function/internal_message.html?_=1665026918660&CODE_STATE=getMsg HTTP/1.1" 200 27
101.85.93.113 - - [06/Oct/2022:11:29:07 +0800] "GET /xingrg/all/function/internal_message.html?_=1665026942876&CODE_STATE=getMsg HTTP/1.1" 200 27
114.83.219.72 - - [06/Oct/2022:11:29:09 +0800] "POST /xingrg/kc/buy/cgsh_order_operate.html HTTP/1.1" 200 37
114.95.212.31 - - [06/Oct/2022:11:29:11 +0800] "GET /xingrg/login.html HTTP/1.1" 200 7641
114.95.212.31 - - [06/Oct/2022:11:29:12 +0800] "GET /favicon.ico HTTP/1.1" 404 -
114.83.219.72 - - [06/Oct/2022:11:29:13 +0800] "POST /xingrg/kc/buy/cgsh_order_operate.html HTTP/1.1" 200 12
114.95.212.31 - - [06/Oct/2022:11:29:13 +0800] "POST /xingrg/login.do HTTP/1.1" 302 -
114.95.212.31 - - [06/Oct/2022:11:29:13 +0800] "GET /xingrg/index.html?sysBaseUrl=http%3A%2F%2F180.169.147.146%3A18081%2Fxingrg%2F&costTime=48×tamp=1665026953697 HTTP/1.1" 200 17503
114.95.212.31 - - [06/Oct/2022:11:29:13 +0800] "POST /xingrg/all/common/load_tree.html?tree=area_rest_tree_json&manage=1 HTTP/1.1" 200 2091
114.95.212.31 - - [06/Oct/2022:11:29:13 +0800] "GET /favicon.ico HTTP/1.1" 404 -
114.95.212.31 - - [06/Oct/2022:11:29:13 +0800] "GET /xingrg/all/function/internal_message.html?_=1665026949687&CODE_STATE=count HTTP/1.1" 200 11
114.95.212.31 - - [06/Oct/2022:11:29:14 +0800] "GET /xingrg/check_reg.html?_=1665026949687 HTTP/1.1" 200 22
114.95.212.31 - - [06/Oct/2022:11:29:14 +0800] "POST /xingrg/load_menu.html HTTP/1.1" 200 11564
114.83.219.72 - - [06/Oct/2022:11:29:14 +0800] "GET /xingrg/kc/buy/cgsh_order_info.html?code=212022100601879 HTTP/1.1" 200 63950
114.83.219.72 - - [06/Oct/2022:11:29:15 +0800] "GET /xingrg/javascript/easyui/themes/default/validatebox.css HTTP/1.1" 404 1104
114.83.219.72 - - [06/Oct/2022:11:29:16 +0800] "POST /xingrg/kc/buy/cgsh_order_operate.html HTTP/1.1" 200 2379
114.95.212.31 - - [06/Oct/2022:11:29:17 +0800] "POST /xingrg/load_menu.html HTTP/1.1" 200 10483
114.95.212.31 - - [06/Oct/2022:11:29:18 +0800] "GET /xingrg/dwr/util.js HTTP/1.1" 304 -
114.95.212.31 - - [06/Oct/2022:11:29:18 +0800] "GET /xingrg/all/report/report_query.html?fileName=dma/new_5.0/menu/menu_category_hz.xml HTTP/1.1" 200 53064
114.95.212.31 - - [06/Oct/2022:11:29:18 +0800] "GET /xingrg/dwr/interface/AjaxReportQueryService.js HTTP/1.1" 200 13203
114.95.212.31 - - [06/Oct/2022:11:29:18 +0800] "GET /xingrg/dwr/engine.js HTTP/1.1" 200 43631
114.95.212.31 - - [06/Oct/2022:11:29:18 +0800] "POST /xingrg/dwr/call/plaincall/AjaxReportQueryService.getFixDate.dwr HTTP/1.1" 200 111
114.95.212.31 - - [06/Oct/2022:11:29:18 +0800] "POST /xingrg/all/common/load_tree.html?tree=area_station_tree_json&manage=1 HTTP/1.1" 200 2019
114.95.212.31 - - [06/Oct/2022:11:29:20 +0800] "GET /xingrg/dwr/interface/AjaxReportQueryService.js HTTP/1.1" 200 13203
114.95.212.31 - - [06/Oct/2022:11:29:20 +0800] "GET /xingrg/all/report/report_query.html?fileName=dma/new_5.0/menu/menu_stca_hz.xml HTTP/1.1" 200 51418
114.95.212.31 - - [06/Oct/2022:11:29:20 +0800] "GET /xingrg/dwr/engine.js HTTP/1.1" 200 43631
114.95.212.31 - - [06/Oct/2022:11:29:20 +0800] "POST /xingrg/dwr/call/plaincall/AjaxReportQueryService.getFixDate.dwr HTTP/1.1" 200 111
114.95.212.31 - - [06/Oct/2022:11:29:20 +0800] "POST /xingrg/all/common/load_tree.html?tree=area_station_tree_json&manage=1 HTTP/1.1" 200 2019
116.230.114.213 - - [06/Oct/2022:11:29:23 +0800] "POST /xingrg/kc/buy/cgsh_order_operate.html HTTP/1.1" 200 37
116.230.114.213 - - [06/Oct/2022:11:29:25 +0800] "POST /xingrg/kc/buy/cgsh_order_operate.html HTTP/1.1" 200 5035
114.83.219.72 - - [06/Oct/2022:11:29:26 +0800] "GET /xingrg/kc/print/load_data.html?order_code=212022100601879&kc_code=cgsh&condition= HTTP/1.1" 200 1368
116.230.114.213 - - [06/Oct/2022:11:29:26 +0800] "GET /xingrg/kc/print/load_data.html?order_code=212022100601880&kc_code=cgsh&condition= HTTP/1.1" 200 1588
116.237.76.114 - - [06/Oct/2022:11:29:27 +0800] "GET /xingrg/all/function/internal_message.html?_=1665026966673&CODE_STATE=getMsg HTTP/1.1" 200 27
116.237.76.114 - - [06/Oct/2022:11:29:27 +0800] "GET /xingrg/check_reg.html?_=1665026966675 HTTP/1.1" 200 22
222.70.183.206 - - [06/Oct/2022:11:29:28 +0800] "GET /xingrg/all/function/internal_message.html?_=1665026962209&CODE_STATE=getMsg HTTP/1.1" 200 27
114.95.212.31 - - [06/Oct/2022:11:29:29 +0800] "POST /xingrg/dwr/call/plaincall/AjaxReportQueryService.refreshCache.dwr HTTP/1.1" 200 78
114.95.212.31 - - [06/Oct/2022:11:29:29 +0800] "POST /xingrg/all/report/load_report_page.html HTTP/1.1" 200 50698
116.230.114.213 - - [06/Oct/2022:11:29:29 +0800] "GET /xingrg/all/function/internal_message.html?_=1665026979208&CODE_STATE=getMsg HTTP/1.1" 200 27
114.95.212.31 - - [06/Oct/2022:11:29:29 +0800] "GET /xingrg/servlets/image?cache=0.8565612007622773&image=px HTTP/1.1" 200 807
114.83.219.72 - - [06/Oct/2022:11:29:30 +0800] "GET /xingrg/all/function/internal_message.html?_=1665026967923&CODE_STATE=getMsg HTTP/1.1" 200 27
114.83.219.72 - - [06/Oct/2022:11:29:30 +0800] "GET /xingrg/check_reg.html?_=1665026967926 HTTP/1.1" 200 22
116.225.121.189 - - [06/Oct/2022:11:29:32 +0800] "GET /xingrg/all/function/internal_message.html?_=1665026822757&CODE_STATE=getMsg HTTP/1.1" 200 27
114.95.212.31 - - [06/Oct/2022:11:29:33 +0800] "GET /xingrg/all/report/report_query.html?isQuery=1&fileName=dma/new_5.0/menu/menu_hz.xml&queryString=(a.sale_day%2520between%252020220701%2520and%252020221006)%2520and%2520(a.sid%2520in%2520(3))%2520and%2520(a.tj_code%253D10)&queryText=%25E3%2580%2590%25E8%2590%25A5%25E4%25B8%259A%25E6%2597%25A5%25E6%259C%259F%253A2022-07-01%2520%25E8%2587%25B3%25202022-10-06%25E3%2580%2591%2520%25E5%25B9%25B6%25E4%25B8%2594%2520%2520%25E3%2580%2590%25E9%2597%25A8%25E5%25BA%2597%25E5%2590%258D%25E7%25A7%25B0%2520%253D%2520%25E5%2598%2589%25E5%25AE%259A%25E6%25A6%2595%25E6%25B8%25AF%25E3%2580%2591%2520%25E5%25B9%25B6%25E4%25B8%2594%2520%25E3%2580%2590%25E7%25BB%259F%25E8%25AE%25A1%25E7%25B1%25BB%25E5%2588%25AB%2520%253D%2520%25E6%259C%2588%25E9%25A5%25BC%25E3%2580%2591 HTTP/1.1" 200 54103
114.95.212.31 - - [06/Oct/2022:11:29:33 +0800] "GET /xingrg/dwr/engine.js HTTP/1.1" 200 43631
114.95.212.31 - - [06/Oct/2022:11:29:33 +0800] "GET /favicon.ico HTTP/1.1" 404 -
114.95.212.31 - - [06/Oct/2022:11:29:33 +0800] "POST /xingrg/all/report/load_report_page.html HTTP/1.1" 200 58966
114.95.212.31 - - [06/Oct/2022:11:29:33 +0800] "GET /xingrg/servlets/image?cache=0.8644248650128861&image=px HTTP/1.1" 200 807
221.239.141.151 - - [06/Oct/2022:11:29:33 +0800] "POST /xingrg/kc/base/wldb_order_operate.html HTTP/1.1" 200 37
221.239.141.151 - - [06/Oct/2022:11:29:34 +0800] "POST /xingrg/kc/base/wldb_order_operate.html HTTP/1.1" 200 2208
221.239.141.151 - - [06/Oct/2022:11:29:34 +0800] "GET /xingrg/all/function/internal_message.html?_=1665026988367&CODE_STATE=getMsg HTTP/1.1" 200 27
180.169.147.146 - - [06/Oct/2022:11:29:35 +0800] "GET /xingrg/all/function/internal_message.html?_=1665026970704&CODE_STATE=getMsg HTTP/1.1" 200 27
114.95.212.31 - - [06/Oct/2022:11:29:36 +0800] "GET /xingrg/all/report/report_query.html?isQuery=1&fileName=dma/new_5.0/menu/menu_mx.xml&queryString=(a.sale_day%2520between%252020220701%2520and%252020221006)%2520and%2520(a.sid%2520in%2520(3))%2520and%2520(a.tj_code%253D10)%2520and%2520(a.menu_name%253D'%25E9%259B%2585%25E6%259C%2588(%25E8%25B5%25A0%25E9%2580%2581)'%2520and%2520a.menu_unit%253D'%25E7%259B%2592')&queryText=%25E3%2580%2590%25E8%2590%25A5%25E4%25B8%259A%25E6%2597%25A5%25E6%259C%259F%253A2022-07-01%2520%25E8%2587%25B3%25202022-10-06%25E3%2580%2591%2520%25E5%25B9%25B6%25E4%25B8%2594%2520%2520%25E3%2580%2590%25E9%2597%25A8%25E5%25BA%2597%25E5%2590%258D%25E7%25A7%25B0%2520%253D%2520%25E5%2598%2589%25E5%25AE%259A%25E6%25A6%2595%25E6%25B8%25AF%25E3%2580%2591%2520%25E5%25B9%25B6%25E4%25B8%2594%2520%25E3%2580%2590%25E7%25BB%259F%25E8%25AE%25A1%25E7%25B1%25BB%25E5%2588%25AB%2520%253D%2520%25E6%259C%2588%25E9%25A5%25BC%25E3%2580%2591%2520%25E5%25B9%25B6%25E4%25B8%2594%2520%25E3%2580%2590%25E8%258F%259C%25E5%2593%2581%25E5%2590%258D%25E7%25A7%25B0%2520%253D%2520%25E9%259B%2585%25E6%259C%2588(%25E8%25B5%25A0%25E9%2580%2581)%25E3%2580%2591%2520%25E3%2580%2590%25E5%258D%2595%25E4%25BD%258D%2520%253D%2520%25E7%259B%2592%25E3%2580%2591 HTTP/1.1" 200 51805
114.95.212.31 - - [06/Oct/2022:11:29:36 +0800] "GET /xingrg/dwr/engine.js HTTP/1.1" 200 43631
114.95.212.31 - - [06/Oct/2022:11:29:36 +0800] "GET /favicon.ico HTTP/1.1" 404 -
114.83.219.72 - - [06/Oct/2022:11:29:37 +0800] "GET /xingrg/kc/buy/cgsh_order_add.html HTTP/1.1" 200 69049
114.95.212.31 - - [06/Oct/2022:11:29:37 +0800] "POST /xingrg/all/report/load_report_page.html HTTP/1.1" 200 53658
114.95.212.31 - - [06/Oct/2022:11:29:37 +0800] "GET /xingrg/servlets/image?cache=0.6978476696561914&image=px HTTP/1.1" 200 807
114.83.219.72 - - [06/Oct/2022:11:29:37 +0800] "POST /xingrg/kc/buy/cgsh_order_operate.html HTTP/1.1" 200 8245
114.83.219.72 - - [06/Oct/2022:11:29:37 +0800] "GET /xingrg/javascript/easyui/themes/default/validatebox.css HTTP/1.1" 404 1104
116.230.114.213 - - [06/Oct/2022:11:29:37 +0800] "GET /xingrg/kc/buy/cgsh_order_add.html HTTP/1.1" 200 68961
116.230.114.213 - - [06/Oct/2022:11:29:38 +0800] "POST /xingrg/kc/buy/cgsh_order_operate.html HTTP/1.1" 200 8245
116.230.114.213 - - [06/Oct/2022:11:29:38 +0800] "GET /xingrg/javascript/easyui/themes/default/validatebox.css HTTP/1.1" 404 1104
124.79.246.218 - - [06/Oct/2022:11:29:39 +0800] "GET /xingrg/all/function/internal_message.html?_=1665027176121&CODE_STATE=getMsg HTTP/1.1" 200 27
221.239.141.151 - - [06/Oct/2022:11:29:40 +0800] "GET /xingrg/kc/base/wldb_order_info.html?code=422022100600482 HTTP/1.1" 200 30405
221.239.141.151 - - [06/Oct/2022:11:29:40 +0800] "GET /xingrg/javascript/easyui/themes/default/validatebox.css HTTP/1.1" 404 1104
180.169.147.146 - - [06/Oct/2022:11:29:40 +0800] "GET /xingrg/check_reg.html?_=1665026973242 HTTP/1.1" 200 22
180.169.147.146 - - [06/Oct/2022:11:29:40 +0800] "GET /xingrg/all/function/internal_message.html?_=1665026973245&CODE_STATE=getMsg HTTP/1.1" 200 27
221.239.141.151 - - [06/Oct/2022:11:29:41 +0800] "POST /xingrg/kc/base/wldb_order_operate.html HTTP/1.1" 200 2208
124.79.246.218 - - [06/Oct/2022:11:29:41 +0800] "GET /xingrg/all/function/internal_message.html?_=1665027169229&CODE_STATE=getMsg HTTP/1.1" 200 27
114.95.212.31 - - [06/Oct/2022:11:29:43 +0800] "GET /xingrg/all/report/report_query.html?isQuery=1&fileName=dma/new_5.0/menu/menu_hz.xml&queryString=(a.sale_day%2520between%252020220701%2520and%252020221006)%2520and%2520(a.sid%2520in%2520(3))%2520and%2520(a.tj_code%253D10)&queryText=%25E3%2580%2590%25E8%2590%25A5%25E4%25B8%259A%25E6%2597%25A5%25E6%259C%259F%253A2022-07-01%2520%25E8%2587%25B3%25202022-10-06%25E3%2580%2591%2520%25E5%25B9%25B6%25E4%25B8%2594%2520%2520%25E3%2580%2590%25E9%2597%25A8%25E5%25BA%2597%25E5%2590%258D%25E7%25A7%25B0%2520%253D%2520%25E5%2598%2589%25E5%25AE%259A%25E6%25A6%2595%25E6%25B8%25AF%25E3%2580%2591%2520%25E5%25B9%25B6%25E4%25B8%2594%2520%25E3%2580%2590%25E7%25BB%259F%25E8%25AE%25A1%25E7%25B1%25BB%25E5%2588%25AB%2520%253D%2520%25E6%259C%2588%25E9%25A5%25BC%25E3%2580%2591 HTTP/1.1" 200 54103
114.95.212.31 - - [06/Oct/2022:11:29:43 +0800] "GET /xingrg/dwr/engine.js HTTP/1.1" 200 43631
114.95.212.31 - - [06/Oct/2022:11:29:43 +0800] "GET /favicon.ico HTTP/1.1" 404 -
114.95.212.31 - - [06/Oct/2022:11:29:44 +0800] "POST /xingrg/all/report/load_report_page.html HTTP/1.1" 200 58966
114.95.212.31 - - [06/Oct/2022:11:29:44 +0800] "GET /xingrg/servlets/image?cache=0.5259004711688788&image=px HTTP/1.1" 200 807
221.239.141.151 - - [06/Oct/2022:11:29:45 +0800] "GET /xingrg/kc/base/wldb_order_add.html HTTP/1.1" 200 30390
221.239.141.151 - - [06/Oct/2022:11:29:45 +0800] "POST /xingrg/kc/base/wldb_order_operate.html HTTP/1.1" 200 6806
221.239.141.151 - - [06/Oct/2022:11:29:45 +0800] "GET /xingrg/javascript/easyui/themes/default/validatebox.css HTTP/1.1" 404 1104
58.37.225.132 - - [06/Oct/2022:11:29:46 +0800] "GET /xingrg/check_reg.html?_=1665026640996 HTTP/1.1" 200 22
221.239.141.151 - - [06/Oct/2022:11:29:47 +0800] "POST /xingrg/all/common/load_combo.html?type=base HTTP/1.1" 200 3321
116.238.194.138 - - [06/Oct/2022:11:29:52 +0800] "GET /xingrg/all/function/internal_message.html?_=1665026936143&CODE_STATE=getMsg HTTP/1.1" 200 27
221.239.141.151 - - [06/Oct/2022:11:29:52 +0800] "GET /xingrg/all/function/internal_message.html?_=1665026988773&CODE_STATE=getMsg HTTP/1.1" 200 27
120.253.135.82 - - [06/Oct/2022:11:29:56 +0800] "GET /xingrg/all/function/internal_message.html?_=1665026789822&CODE_STATE=getMsg HTTP/1.1" 200 27
114.83.219.72 - - [06/Oct/2022:11:29:58 +0800] "GET /xingrg/all/function/internal_message.html?_=1665026991530&CODE_STATE=getMsg HTTP/1.1" 200 27
114.83.219.72 - - [06/Oct/2022:11:29:59 +0800] "GET /xingrg/kc/buy/cgsh_order_operate.html?command=get_materiel&rest_code=00149&code=00101006109&supplier_code=00100012&order_time=2022-10-06 HTTP/1.1" 200 409
172.20.0.100 - - [06/Oct/2022:11:30:00 +0800] "GET /xingrg/all/function/internal_message.html?_=1665026995952&CODE_STATE=getMsg HTTP/1.1" 200 27
116.230.114.213 - - [06/Oct/2022:11:30:01 +0800] "GET /xingrg/kc/buy/cgsh_order_operate.html?command=get_materiel&rest_code=00146&code=00101007049&supplier_code=00100002&order_time=2022-10-06 HTTP/1.1" 200 409
120.253.135.82 - - [06/Oct/2022:11:30:03 +0800] "GET /xingrg/all/function/internal_message.html?_=1665027115607&CODE_STATE=getMsg HTTP/1.1" 200 27
116.237.76.114 - - [06/Oct/2022:11:30:04 +0800] "GET /xingrg/all/function/internal_message.html?_=1665026996719&CODE_STATE=getMsg HTTP/1.1" 200 27
116.230.105.139 - - [06/Oct/2022:11:30:06 +0800] "GET /xingrg/all/function/internal_message.html?_=1665026978660&CODE_STATE=getMsg HTTP/1.1" 200 27
101.85.93.113 - - [06/Oct/2022:11:30:07 +0800] "GET /xingrg/all/function/internal_message.html?_=1665027002890&CODE_STATE=getMsg HTTP/1.1" 200 27
101.85.93.113 - - [06/Oct/2022:11:30:07 +0800] "GET /xingrg/check_reg.html?_=1665027002891 HTTP/1.1" 200 22
114.83.219.72 - - [06/Oct/2022:11:30:07 +0800] "GET /xingrg/kc/buy/cgsh_order_operate.html?command=get_materiel&rest_code=00149&code=00101006058&supplier_code=00100012&order_time=2022-10-06 HTTP/1.1" 200 413
114.95.212.31 - - [06/Oct/2022:11:30:13 +0800] "GET /xingrg/all/function/internal_message.html?_=1665027009705&CODE_STATE=getMsg HTTP/1.1" 200 27
114.83.219.72 - - [06/Oct/2022:11:30:18 +0800] "GET /xingrg/kc/buy/cgsh_order_operate.html?command=get_materiel&rest_code=00149&code=00101006144&supplier_code=00100012&order_time=2022-10-06 HTTP/1.1" 200 409
124.79.246.218 - - [06/Oct/2022:11:30:18 +0800] "GET /xingrg/javascript/multi_select/dropdown_hover.gif HTTP/1.1" 304 -
221.239.141.151 - - [06/Oct/2022:11:30:19 +0800] "POST /xingrg/all/common/load_combo.html?type=base HTTP/1.1" 200 3321
116.230.114.213 - - [06/Oct/2022:11:30:19 +0800] "GET /xingrg/kc/buy/cgsh_order_operate.html?command=get_materiel&rest_code=00146&code=00101007032&supplier_code=00100002&order_time=2022-10-06 HTTP/1.1" 200 432
124.79.246.218 - - [06/Oct/2022:11:30:19 +0800] "GET /xingrg/javascript/multi_select/dropdown_active.gif HTTP/1.1" 304 -
124.79.246.218 - - [06/Oct/2022:11:30:20 +0800] "GET /xingrg/javascript/multi_select/dropdown.gif HTTP/1.1" 304 -
124.79.246.218 - - [06/Oct/2022:11:30:21 +0800] "GET /xingrg/javascript/multi_select/dropdown_hover.gif HTTP/1.1" 304 -
124.79.246.218 - - [06/Oct/2022:11:30:21 +0800] "GET /xingrg/javascript/multi_select/dropdown.gif HTTP/1.1" 304 -
