221.239.141.151 - - [06/Oct/2022:09:10:37 +0800] "POST /xingrg/dwr/call/plaincall/AjaxReportQueryService.refreshCache.dwr HTTP/1.1" 200 78
221.239.141.151 - - [06/Oct/2022:09:10:38 +0800] "POST /xingrg/dwr/call/plaincall/AjaxReportQueryService.refreshCache.dwr HTTP/1.1" 200 78
116.230.114.213 - - [06/Oct/2022:09:10:40 +0800] "GET /xingrg/check_reg.html?_=1665018650208 HTTP/1.1" 200 22
116.238.194.138 - - [06/Oct/2022:09:10:41 +0800] "GET /xingrg/kc/buy/cgsh_order_operate.html?command=get_materiel&rest_code=00150&code=00101008240&supplier_code=00100008&order_time=2022-10-06 HTTP/1.1" 200 23
116.237.76.114 - - [06/Oct/2022:09:10:41 +0800] "POST /xingrg/kc/buy/cgsh_order_operate.html HTTP/1.1" 200 37
221.239.141.151 - - [06/Oct/2022:09:10:41 +0800] "POST /xingrg/all/report/load_report_page.html HTTP/1.1" 200 113250
221.239.141.151 - - [06/Oct/2022:09:10:41 +0800] "POST /xingrg/all/report/load_report_page.html HTTP/1.1" 200 113262
221.239.141.151 - - [06/Oct/2022:09:10:41 +0800] "GET /xingrg/servlets/image?cache=0.161713715360716&image=px HTTP/1.1" 200 807
221.239.141.151 - - [06/Oct/2022:09:10:41 +0800] "GET /xingrg/servlets/image?cache=0.8549608860878231&image=px HTTP/1.1" 200 807
120.253.135.82 - - [06/Oct/2022:09:10:42 +0800] "GET /xingrg/all/function/internal_message.html?_=1665018754330&CODE_STATE=getMsg HTTP/1.1" 200 27
222.70.183.206 - - [06/Oct/2022:09:10:48 +0800] "GET /xingrg/all/function/internal_message.html?_=1665018641460&CODE_STATE=getMsg HTTP/1.1" 200 27
172.20.0.100 - - [06/Oct/2022:09:10:48 +0800] "GET /xingrg/all/function/internal_message.html?_=1665018644138&CODE_STATE=getMsg HTTP/1.1" 200 27
116.230.114.213 - - [06/Oct/2022:09:10:49 +0800] "GET /xingrg/all/function/internal_message.html?_=1665018659269&CODE_STATE=getMsg HTTP/1.1" 200 27
120.253.135.82 - - [06/Oct/2022:09:10:52 +0800] "GET /xingrg/all/function/internal_message.html?_=1665018445107&CODE_STATE=getMsg HTTP/1.1" 200 27
116.238.194.138 - - [06/Oct/2022:09:10:52 +0800] "POST /xingrg/kc/buy/cgsh_order_operate.html HTTP/1.1" 200 37
116.238.194.138 - - [06/Oct/2022:09:10:54 +0800] "GET /xingrg/all/function/internal_message.html?_=1665018598170&CODE_STATE=getMsg HTTP/1.1" 200 27
221.239.141.151 - - [06/Oct/2022:09:10:54 +0800] "GET /xingrg/dwr/interface/AjaxReportQueryService.js HTTP/1.1" 200 13203
221.239.141.151 - - [06/Oct/2022:09:10:54 +0800] "GET /xingrg/all/report/report_query.html?fileName=kc/buy/wlcg_mx.xml HTTP/1.1" 200 51648
221.239.141.151 - - [06/Oct/2022:09:10:54 +0800] "GET /xingrg/dwr/engine.js HTTP/1.1" 200 43631
116.238.194.138 - - [06/Oct/2022:09:10:54 +0800] "POST /xingrg/kc/buy/cgsh_order_operate.html HTTP/1.1" 200 6204
221.239.141.151 - - [06/Oct/2022:09:10:54 +0800] "POST /xingrg/dwr/call/plaincall/AjaxReportQueryService.getFixDate.dwr HTTP/1.1" 200 111
221.239.141.151 - - [06/Oct/2022:09:10:55 +0800] "POST /xingrg/dwr/call/plaincall/AjaxReportQueryService.getInitString.dwr HTTP/1.1" 200 32023
221.239.141.151 - - [06/Oct/2022:09:10:55 +0800] "POST /xingrg/dwr/call/plaincall/AjaxReportQueryService.getInitString.dwr HTTP/1.1" 200 1035
221.239.141.151 - - [06/Oct/2022:09:10:55 +0800] "POST /xingrg/dwr/call/plaincall/AjaxReportQueryService.getInitString.dwr HTTP/1.1" 200 125
116.230.105.139 - - [06/Oct/2022:09:10:58 +0800] "GET /xingrg/all/function/internal_message.html?_=1665018631311&CODE_STATE=getMsg HTTP/1.1" 200 27
116.230.105.139 - - [06/Oct/2022:09:10:58 +0800] "GET /xingrg/check_reg.html?_=1665018631313 HTTP/1.1" 200 22
116.238.194.138 - - [06/Oct/2022:09:11:02 +0800] "GET /xingrg/kc/buy/cgsh_order_operate.html?command=get_materiel&rest_code=00150&code=00101008016&supplier_code=00100008&order_time=2022-10-06 HTTP/1.1" 200 416
221.239.141.151 - - [06/Oct/2022:09:11:04 +0800] "POST /xingrg/dwr/call/plaincall/AjaxReportQueryService.refreshCache.dwr HTTP/1.1" 200 78
221.239.141.151 - - [06/Oct/2022:09:11:04 +0800] "POST /xingrg/all/report/load_report_page.html HTTP/1.1" 200 113262
221.239.141.151 - - [06/Oct/2022:09:11:04 +0800] "GET /xingrg/servlets/image?cache=0.3617219707917617&image=px HTTP/1.1" 200 807
221.239.141.151 - - [06/Oct/2022:09:11:07 +0800] "POST /xingrg/all/report/load_report_page.html HTTP/1.1" 200 48633
221.239.141.151 - - [06/Oct/2022:09:11:07 +0800] "GET /xingrg/servlets/image?cache=0.5329079418367062&image=px HTTP/1.1" 200 807
221.239.141.151 - - [06/Oct/2022:09:11:12 +0800] "GET /xingrg/all/function/internal_message.html?_=1665018668756&CODE_STATE=getMsg HTTP/1.1" 200 27
172.20.0.100 - - [06/Oct/2022:09:11:12 +0800] "GET /xingrg/check_reg.html?_=1665018667656 HTTP/1.1" 200 22
116.238.194.138 - - [06/Oct/2022:09:11:13 +0800] "GET /xingrg/kc/buy/cgsh_order_operate.html?command=get_materiel&rest_code=00150&code=00101008010&supplier_code=00100008&order_time=2022-10-06 HTTP/1.1" 200 412
116.238.194.138 - - [06/Oct/2022:09:11:22 +0800] "GET /xingrg/kc/buy/cgsh_order_operate.html?command=get_materiel&rest_code=00150&code=00101008125&supplier_code=00100008&order_time=2022-10-06 HTTP/1.1" 200 413
116.238.194.138 - - [06/Oct/2022:09:11:31 +0800] "GET /xingrg/kc/buy/cgsh_order_operate.html?command=get_materiel&rest_code=00150&code=00101008370&supplier_code=00100008&order_time=2022-10-06 HTTP/1.1" 200 412
116.225.121.189 - - [06/Oct/2022:09:11:32 +0800] "GET /xingrg/all/function/internal_message.html?_=1665018542666&CODE_STATE=getMsg HTTP/1.1" 200 27
221.239.141.151 - - [06/Oct/2022:09:11:34 +0800] "GET /xingrg/all/function/internal_message.html?_=1665018708252&CODE_STATE=getMsg HTTP/1.1" 200 27
221.239.141.151 - - [06/Oct/2022:09:11:34 +0800] "GET /xingrg/check_reg.html?_=1665018708256 HTTP/1.1" 200 22
120.253.135.82 - - [06/Oct/2022:09:11:40 +0800] "GET /xingrg/check_reg.html?_=1665018812577 HTTP/1.1" 200 22
120.253.135.82 - - [06/Oct/2022:09:11:41 +0800] "GET /xingrg/all/function/internal_message.html?_=1665018814342&CODE_STATE=getMsg HTTP/1.1" 200 27
222.70.183.206 - - [06/Oct/2022:09:11:48 +0800] "GET /xingrg/all/function/internal_message.html?_=1665018701451&CODE_STATE=getMsg HTTP/1.1" 200 27
116.238.194.138 - - [06/Oct/2022:09:11:48 +0800] "POST /xingrg/kc/buy/cgsh_order_operate.html HTTP/1.1" 200 75
172.20.0.100 - - [06/Oct/2022:09:11:48 +0800] "GET /xingrg/all/function/internal_message.html?_=1665018704112&CODE_STATE=getMsg HTTP/1.1" 200 27
116.230.114.213 - - [06/Oct/2022:09:11:50 +0800] "GET /xingrg/all/function/internal_message.html?_=1665018719283&CODE_STATE=getMsg HTTP/1.1" 200 27
120.253.135.82 - - [06/Oct/2022:09:11:52 +0800] "GET /xingrg/all/function/internal_message.html?_=1665018505110&CODE_STATE=getMsg HTTP/1.1" 200 27
116.238.194.138 - - [06/Oct/2022:09:11:54 +0800] "GET /xingrg/all/function/internal_message.html?_=1665018658184&CODE_STATE=getMsg HTTP/1.1" 200 27
116.230.105.139 - - [06/Oct/2022:09:11:58 +0800] "GET /xingrg/all/function/internal_message.html?_=1665018691324&CODE_STATE=getMsg HTTP/1.1" 200 27
116.238.194.138 - - [06/Oct/2022:09:12:00 +0800] "POST /xingrg/kc/buy/cgsh_order_operate.html HTTP/1.1" 200 37
116.238.194.138 - - [06/Oct/2022:09:12:02 +0800] "POST /xingrg/kc/buy/cgsh_order_operate.html HTTP/1.1" 200 8594
221.239.141.151 - - [06/Oct/2022:09:12:12 +0800] "GET /xingrg/all/function/internal_message.html?_=1665018728748&CODE_STATE=getMsg HTTP/1.1" 200 27
116.238.194.138 - - [06/Oct/2022:09:12:15 +0800] "GET /xingrg/login.html HTTP/1.1" 200 7641
116.238.194.138 - - [06/Oct/2022:09:12:15 +0800] "GET /xingrg/images/blue/jxLogo.png HTTP/1.1" 304 -
116.238.194.138 - - [06/Oct/2022:09:12:15 +0800] "GET /xingrg/images/blue/login_bg.png HTTP/1.1" 304 -
116.238.194.138 - - [06/Oct/2022:09:12:15 +0800] "GET /xingrg/images/blue/srbg.png HTTP/1.1" 304 -
116.238.194.138 - - [06/Oct/2022:09:12:15 +0800] "GET /xingrg/images/blue/hj.png HTTP/1.1" 304 -
116.238.194.138 - - [06/Oct/2022:09:12:16 +0800] "GET /favicon.ico HTTP/1.1" 404 -
116.238.194.138 - - [06/Oct/2022:09:12:17 +0800] "POST /xingrg/login.do HTTP/1.1" 302 -
116.238.194.138 - - [06/Oct/2022:09:12:17 +0800] "GET /xingrg/css/form.css HTTP/1.1" 304 -
116.238.194.138 - - [06/Oct/2022:09:12:17 +0800] "GET /xingrg/javascript/jquery_easy_ui/themes/default/easyui.css HTTP/1.1" 304 -
116.238.194.138 - - [06/Oct/2022:09:12:17 +0800] "GET /xingrg/index.html?sysBaseUrl=http%3A%2F%2F180.169.147.146%3A18081%2Fxingrg%2F&costTime=47×tamp=1665018737399 HTTP/1.1" 200 17179
116.238.194.138 - - [06/Oct/2022:09:12:17 +0800] "GET /xingrg/javascript/jquery_easy_ui/themes/icon.css HTTP/1.1" 304 -
116.238.194.138 - - [06/Oct/2022:09:12:17 +0800] "GET /xingrg/javascript/jquery-1.4.2.min.js HTTP/1.1" 304 -
116.238.194.138 - - [06/Oct/2022:09:12:17 +0800] "GET /xingrg/javascript/jquery.timers.js HTTP/1.1" 304 -
116.238.194.138 - - [06/Oct/2022:09:12:17 +0800] "GET /favicon.ico HTTP/1.1" 404 -
116.238.194.138 - - [06/Oct/2022:09:12:17 +0800] "GET /xingrg/javascript/jquery.utils.js HTTP/1.1" 304 -
116.238.194.138 - - [06/Oct/2022:09:12:17 +0800] "GET /xingrg/javascript/jquery_easy_ui/easyui-lang-zh_CN.js HTTP/1.1" 304 -
116.238.194.138 - - [06/Oct/2022:09:12:17 +0800] "GET /xingrg/javascript/jquery.form.js HTTP/1.1" 304 -
116.238.194.138 - - [06/Oct/2022:09:12:17 +0800] "GET /xingrg/javascript/jquery_easy_ui/jquery.easyui.min.js HTTP/1.1" 304 -
116.238.194.138 - - [06/Oct/2022:09:12:17 +0800] "GET /xingrg/images/blue/navBackgound.jpg HTTP/1.1" 304 -
116.238.194.138 - - [06/Oct/2022:09:12:17 +0800] "GET /xingrg/javascript/jquery_easy_ui/themes/icons/settle_new.png HTTP/1.1" 304 -
116.238.194.138 - - [06/Oct/2022:09:12:17 +0800] "POST /xingrg/all/common/load_tree.html?tree=area_rest_tree_json&manage=1 HTTP/1.1" 200 476
116.238.194.138 - - [06/Oct/2022:09:12:17 +0800] "GET /xingrg/images/blue/pingpu.png HTTP/1.1" 304 -
116.238.194.138 - - [06/Oct/2022:09:12:17 +0800] "GET /xingrg/javascript/jquery_easy_ui/themes/default/images/tabs_leftarrow.png HTTP/1.1" 304 -
116.238.194.138 - - [06/Oct/2022:09:12:17 +0800] "GET /xingrg/javascript/jquery_easy_ui/themes/default/images/tabs_rightarrow.png HTTP/1.1" 304 -
116.238.194.138 - - [06/Oct/2022:09:12:17 +0800] "GET /xingrg/javascript/jquery_easy_ui/themes/default/images/panel_tool_collapse.gif HTTP/1.1" 304 -
116.238.194.138 - - [06/Oct/2022:09:12:17 +0800] "GET /xingrg/all/function/internal_message.html?_=1665018681912&CODE_STATE=count HTTP/1.1" 200 11
116.238.194.138 - - [06/Oct/2022:09:12:17 +0800] "GET /xingrg/check_reg.html?_=1665018681913 HTTP/1.1" 200 22
116.238.194.138 - - [06/Oct/2022:09:12:17 +0800] "GET /xingrg/javascript/jquery_easy_ui/themes/default/images/tree_arrows.gif HTTP/1.1" 304 -
116.238.194.138 - - [06/Oct/2022:09:12:17 +0800] "POST /xingrg/load_menu.html HTTP/1.1" 200 5138
116.238.194.138 - - [06/Oct/2022:09:12:17 +0800] "GET /xingrg/javascript/jquery_easy_ui/themes/default/images/tree_folder_open.gif HTTP/1.1" 304 -
116.238.194.138 - - [06/Oct/2022:09:12:17 +0800] "GET /xingrg/javascript/jquery_easy_ui/themes/default/images/tree_folder.gif HTTP/1.1" 304 -
116.238.194.138 - - [06/Oct/2022:09:12:17 +0800] "GET /xingrg/javascript/jquery_easy_ui/themes/icons/search_new.png HTTP/1.1" 304 -
116.238.194.138 - - [06/Oct/2022:09:12:17 +0800] "GET /xingrg/javascript/jquery_easy_ui/themes/icons/storage_new.png HTTP/1.1" 304 -
116.238.194.138 - - [06/Oct/2022:09:12:17 +0800] "GET /xingrg/javascript/jquery_easy_ui/themes/default/images/tree_file.gif HTTP/1.1" 304 -
116.238.194.138 - - [06/Oct/2022:09:12:17 +0800] "GET /xingrg/javascript/jquery_easy_ui/themes/icons/forms_new.png HTTP/1.1" 304 -
116.238.194.138 - - [06/Oct/2022:09:12:20 +0800] "GET /xingrg/javascript/jquery_easy_ui/themes/default/images/tabs_close.gif HTTP/1.1" 304 -
116.238.194.138 - - [06/Oct/2022:09:12:20 +0800] "GET /xingrg/css/base.css HTTP/1.1" 304 -
116.238.194.138 - - [06/Oct/2022:09:12:20 +0800] "GET /xingrg/css/site.css HTTP/1.1" 304 -
116.238.194.138 - - [06/Oct/2022:09:12:20 +0800] "GET /xingrg/javascript/jquery_tools/datebox.css HTTP/1.1" 304 -
116.238.194.138 - - [06/Oct/2022:09:12:20 +0800] "GET /xingrg/javascript/easyui/themes/default/easyui.css HTTP/1.1" 304 -
116.238.194.138 - - [06/Oct/2022:09:12:20 +0800] "GET /xingrg/javascript/jquery_tools/table.css HTTP/1.1" 304 -
116.238.194.138 - - [06/Oct/2022:09:12:20 +0800] "GET /xingrg/javascript/easyui/themes/icon.css HTTP/1.1" 304 -
116.238.194.138 - - [06/Oct/2022:09:12:20 +0800] "GET /xingrg/javascript/jquery_tools/fix.css HTTP/1.1" 304 -
116.238.194.138 - - [06/Oct/2022:09:12:20 +0800] "GET /xingrg/javascript/auto/jquery.autocomplete.css HTTP/1.1" 304 -
116.238.194.138 - - [06/Oct/2022:09:12:20 +0800] "GET /xingrg/javascript/jquery_tools/jquery.tools.hotkey.js HTTP/1.1" 304 -
116.238.194.138 - - [06/Oct/2022:09:12:20 +0800] "GET /xingrg/javascript/jquery_tools/list_manager.js HTTP/1.1" 304 -
116.238.194.138 - - [06/Oct/2022:09:12:20 +0800] "GET /xingrg/javascript/jquery_tools/jquery.tools.table.js HTTP/1.1" 304 -
116.238.194.138 - - [06/Oct/2022:09:12:20 +0800] "GET /xingrg/javascript/auto/jquery.autocomplete.js HTTP/1.1" 304 -
116.238.194.138 - - [06/Oct/2022:09:12:20 +0800] "GET /xingrg/javascript/jquery.cookie.js HTTP/1.1" 304 -
116.238.194.138 - - [06/Oct/2022:09:12:20 +0800] "GET /xingrg/javascript/jquery_tools/jquery.tools.extend.js HTTP/1.1" 304 -
116.238.194.138 - - [06/Oct/2022:09:12:20 +0800] "GET /xingrg/javascript/print/LodopFuncs.js HTTP/1.1" 304 -
116.238.194.138 - - [06/Oct/2022:09:12:20 +0800] "GET /xingrg/javascript/easyui/easyloader.js HTTP/1.1" 304 -
116.238.194.138 - - [06/Oct/2022:09:12:20 +0800] "GET /xingrg/javascript/jquery_tools/jquery.tools.min.js HTTP/1.1" 304 -
116.238.194.138 - - [06/Oct/2022:09:12:20 +0800] "GET /xingrg/kc/buy/cgsh_order_list.html HTTP/1.1" 200 53185
116.238.194.138 - - [06/Oct/2022:09:12:20 +0800] "GET /xingrg/javascript/easyui/themes/icons/cance_new.png HTTP/1.1" 304 -
116.238.194.138 - - [06/Oct/2022:09:12:20 +0800] "GET /xingrg/javascript/easyui/themes/icons/edit_add_new.png HTTP/1.1" 304 -
116.238.194.138 - - [06/Oct/2022:09:12:20 +0800] "GET /xingrg/javascript/easyui/themes/icons/import_new.png HTTP/1.1" 304 -
116.238.194.138 - - [06/Oct/2022:09:12:20 +0800] "GET /xingrg/javascript/easyui/themes/icons/field_new.png HTTP/1.1" 304 -
116.238.194.138 - - [06/Oct/2022:09:12:20 +0800] "GET /xingrg/javascript/easyui/themes/icons/check_new.png HTTP/1.1" 304 -
116.238.194.138 - - [06/Oct/2022:09:12:21 +0800] "GET /xingrg/javascript/jquery_easy_ui/themes/icons/area.png HTTP/1.1" 304 -
116.238.194.138 - - [06/Oct/2022:09:12:21 +0800] "GET /xingrg/javascript/jquery_easy_ui/themes/icons/rest.png HTTP/1.1" 304 -
116.238.194.138 - - [06/Oct/2022:09:12:21 +0800] "GET /xingrg/javascript/easyui/plugins/jquery.parser.js HTTP/1.1" 304 -
116.238.194.138 - - [06/Oct/2022:09:12:21 +0800] "GET /xingrg/images/control/ajaxLoader.gif HTTP/1.1" 304 -
116.238.194.138 - - [06/Oct/2022:09:12:23 +0800] "POST /xingrg/kc/buy/cgsh_list_operate.html HTTP/1.1" 200 1885
116.238.194.138 - - [06/Oct/2022:09:12:25 +0800] "POST /xingrg/kc/buy/cgsh_list_operate.html HTTP/1.1" 200 575
116.238.194.138 - - [06/Oct/2022:09:12:25 +0800] "GET /xingrg/javascript/jquery_tools/order_manager.js HTTP/1.1" 304 -
116.238.194.138 - - [06/Oct/2022:09:12:25 +0800] "GET /xingrg/javascript/convert.js HTTP/1.1" 304 -
116.238.194.138 - - [06/Oct/2022:09:12:25 +0800] "GET /xingrg/javascript/pic_change.js HTTP/1.1" 304 -
116.238.194.138 - - [06/Oct/2022:09:12:25 +0800] "GET /xingrg/javascript/print/kc_print.js HTTP/1.1" 304 -
116.238.194.138 - - [06/Oct/2022:09:12:25 +0800] "GET /xingrg/javascript/json2.js HTTP/1.1" 304 -
116.238.194.138 - - [06/Oct/2022:09:12:25 +0800] "GET /xingrg/words/20221005172558_words.js HTTP/1.1" 304 -
116.238.194.138 - - [06/Oct/2022:09:12:25 +0800] "GET /xingrg/kc/buy/cgsh_order_info.html?code=212022100601832 HTTP/1.1" 200 68982
116.238.194.138 - - [06/Oct/2022:09:12:26 +0800] "GET /xingrg/javascript/easyui/themes/icons/template_new.png HTTP/1.1" 304 -
116.238.194.138 - - [06/Oct/2022:09:12:26 +0800] "GET /xingrg/javascript/easyui/themes/icons/copy_new.png HTTP/1.1" 304 -
116.238.194.138 - - [06/Oct/2022:09:12:26 +0800] "GET /xingrg/javascript/easyui/themes/icons/print.png HTTP/1.1" 304 -
116.238.194.138 - - [06/Oct/2022:09:12:26 +0800] "GET /xingrg/javascript/easyui/themes/icons/ok.png HTTP/1.1" 304 -
116.238.194.138 - - [06/Oct/2022:09:12:26 +0800] "GET /xingrg/javascript/easyui/themes/default/images/menu_downarrow.png HTTP/1.1" 304 -
116.238.194.138 - - [06/Oct/2022:09:12:26 +0800] "GET /xingrg/javascript/easyui/themes/icons/cancel.png HTTP/1.1" 304 -
116.238.194.138 - - [06/Oct/2022:09:12:26 +0800] "GET /xingrg/all/common/auto_word.html?type=employee&rest_code=00150 HTTP/1.1" 200 159
116.238.194.138 - - [06/Oct/2022:09:12:26 +0800] "GET /xingrg/all/common/auto_word.html?type=employee&rest_code=00150 HTTP/1.1" 200 159
116.238.194.138 - - [06/Oct/2022:09:12:26 +0800] "GET /xingrg/javascript/easyui/themes/default/validatebox.css HTTP/1.1" 404 1104
116.238.194.138 - - [06/Oct/2022:09:12:26 +0800] "GET /xingrg/javascript/easyui/plugins/jquery.validatebox.js HTTP/1.1" 304 -
116.238.194.138 - - [06/Oct/2022:09:12:26 +0800] "GET /xingrg/javascript/easyui/plugins/jquery.numberbox.js HTTP/1.1" 304 -
116.238.194.138 - - [06/Oct/2022:09:12:26 +0800] "POST /xingrg/kc/buy/cgsh_order_operate.html HTTP/1.1" 200 8594
116.238.194.138 - - [06/Oct/2022:09:12:26 +0800] "GET /xingrg/javascript/easyui/themes/icons/edit_remove.png HTTP/1.1" 304 -
116.225.121.189 - - [06/Oct/2022:09:12:32 +0800] "GET /xingrg/all/function/internal_message.html?_=1665018602667&CODE_STATE=getMsg HTTP/1.1" 200 27
116.238.194.138 - - [06/Oct/2022:09:12:33 +0800] "GET /xingrg/javascript/auto/indicator.gif HTTP/1.1" 404 1066
221.239.141.151 - - [06/Oct/2022:09:12:34 +0800] "GET /xingrg/all/function/internal_message.html?_=1665018768251&CODE_STATE=getMsg HTTP/1.1" 200 27
120.253.135.82 - - [06/Oct/2022:09:12:42 +0800] "GET /xingrg/all/function/internal_message.html?_=1665018874357&CODE_STATE=getMsg HTTP/1.1" 200 27
222.70.183.206 - - [06/Oct/2022:09:12:48 +0800] "GET /xingrg/all/function/internal_message.html?_=1665018761455&CODE_STATE=getMsg HTTP/1.1" 200 27
172.20.0.100 - - [06/Oct/2022:09:12:48 +0800] "GET /xingrg/all/function/internal_message.html?_=1665018764082&CODE_STATE=getMsg HTTP/1.1" 200 27
116.230.114.213 - - [06/Oct/2022:09:12:50 +0800] "GET /xingrg/all/function/internal_message.html?_=1665018779300&CODE_STATE=getMsg HTTP/1.1" 200 27
120.253.135.82 - - [06/Oct/2022:09:12:52 +0800] "GET /xingrg/all/function/internal_message.html?_=1665018565153&CODE_STATE=getMsg HTTP/1.1" 200 27
222.70.183.206 - - [06/Oct/2022:09:12:58 +0800] "GET /xingrg/kc/buy/cgsh_order_operate.html?command=get_materiel&rest_code=00111&code=00101006065&supplier_code=00100037&order_time=2022-10-06 HTTP/1.1" 200 409
116.230.105.139 - - [06/Oct/2022:09:12:58 +0800] "GET /xingrg/all/function/internal_message.html?_=1665018751311&CODE_STATE=getMsg HTTP/1.1" 200 27
116.238.194.138 - - [06/Oct/2022:09:12:59 +0800] "GET /xingrg/kc/buy/cgsh_order_operate.html?command=get_materiel&rest_code=00150&code=00101008126&supplier_code=00100008&order_time=2022-10-06 HTTP/1.1" 200 412
221.239.141.151 - - [06/Oct/2022:09:13:11 +0800] "GET /xingrg/all/function/internal_message.html?_=1665018788728&CODE_STATE=getMsg HTTP/1.1" 200 27
120.253.135.82 - - [06/Oct/2022:09:13:14 +0800] "POST /xingrg/kc/pszx/mdps_list_operate.html HTTP/1.1" 200 566
120.253.135.82 - - [06/Oct/2022:09:13:14 +0800] "GET /xingrg/kc/pszx/mdps_order_info.html?code=312022100600133 HTTP/1.1" 200 23976
120.253.135.82 - - [06/Oct/2022:09:13:14 +0800] "GET /xingrg/javascript/auto/jquery.autocomplete.css HTTP/1.1" 200 587
120.253.135.82 - - [06/Oct/2022:09:13:14 +0800] "GET /xingrg/javascript/jquery_tools/jquery.tools.hotkey.js HTTP/1.1" 200 3242
120.253.135.82 - - [06/Oct/2022:09:13:14 +0800] "GET /xingrg/javascript/jquery_easy_ui/jquery.easyui.min.js HTTP/1.1" 200 213662
120.253.135.82 - - [06/Oct/2022:09:13:14 +0800] "GET /xingrg/css/base.css HTTP/1.1" 200 2811
120.253.135.82 - - [06/Oct/2022:09:13:14 +0800] "GET /xingrg/javascript/jquery_tools/datebox.css HTTP/1.1" 200 2597
120.253.135.82 - - [06/Oct/2022:09:13:14 +0800] "GET /xingrg/javascript/auto/jquery.autocomplete.js HTTP/1.1" 200 21624
120.253.135.82 - - [06/Oct/2022:09:13:14 +0800] "GET /xingrg/javascript/easyui/easyloader.js HTTP/1.1" 200 5975
120.253.135.82 - - [06/Oct/2022:09:13:14 +0800] "GET /xingrg/css/site.css HTTP/1.1" 200 7541
120.253.135.82 - - [06/Oct/2022:09:13:14 +0800] "GET /xingrg/javascript/jquery.utils.js HTTP/1.1" 200 11805
120.253.135.82 - - [06/Oct/2022:09:13:14 +0800] "GET /xingrg/javascript/convert.js HTTP/1.1" 200 1239
120.253.135.82 - - [06/Oct/2022:09:13:14 +0800] "GET /xingrg/javascript/jquery_tools/order_manager.js HTTP/1.1" 200 11183
120.253.135.82 - - [06/Oct/2022:09:13:14 +0800] "GET /xingrg/javascript/print/LodopFuncs.js HTTP/1.1" 200 5121
120.253.135.82 - - [06/Oct/2022:09:13:14 +0800] "GET /xingrg/javascript/json2.js HTTP/1.1" 200 11259
120.253.135.82 - - [06/Oct/2022:09:13:14 +0800] "GET /xingrg/javascript/print/kc_print.js HTTP/1.1" 200 11415
120.253.135.82 - - [06/Oct/2022:09:13:14 +0800] "GET /xingrg/javascript/pic_change.js HTTP/1.1" 200 4739
120.253.135.82 - - [06/Oct/2022:09:13:14 +0800] "GET /xingrg/javascript/easyui/themes/default/easyui.css HTTP/1.1" 200 30432
120.253.135.82 - - [06/Oct/2022:09:13:15 +0800] "GET /xingrg/javascript/easyui/themes/icon.css HTTP/1.1" 200 4483
120.253.135.82 - - [06/Oct/2022:09:13:15 +0800] "GET /xingrg/javascript/jquery_tools/jquery.tools.min.js HTTP/1.1" 200 138801
120.253.135.82 - - [06/Oct/2022:09:13:15 +0800] "GET /xingrg/javascript/myfunction.js HTTP/1.1" 200 24559
120.253.135.82 - - [06/Oct/2022:09:13:15 +0800] "GET /xingrg/javascript/jquery_tools/jquery.tools.extend.js HTTP/1.1" 200 15385
120.253.135.82 - - [06/Oct/2022:09:13:15 +0800] "GET /xingrg/words/20221005172558_words.js HTTP/1.1" 200 923489
120.253.135.82 - - [06/Oct/2022:09:13:15 +0800] "GET /xingrg/javascript/easyui/themes/icons/copy_new.png HTTP/1.1" 200 815
120.253.135.82 - - [06/Oct/2022:09:13:15 +0800] "GET /xingrg/javascript/easyui/themes/default/images/menu_downarrow.png HTTP/1.1" 200 173
120.253.135.82 - - [06/Oct/2022:09:13:15 +0800] "GET /xingrg/javascript/easyui/themes/icons/cancel.png HTTP/1.1" 200 1133
120.253.135.82 - - [06/Oct/2022:09:13:15 +0800] "GET /xingrg/javascript/easyui/themes/icons/print.png HTTP/1.1" 200 1057
120.253.135.82 - - [06/Oct/2022:09:13:15 +0800] "GET /xingrg/javascript/easyui/themes/icons/ok.png HTTP/1.1" 200 883
120.253.135.82 - - [06/Oct/2022:09:13:16 +0800] "GET /xingrg/javascript/easyui/plugins/jquery.parser.js HTTP/1.1" 200 1142
120.253.135.82 - - [06/Oct/2022:09:13:16 +0800] "GET /xingrg/all/common/auto_word.html?type=base&rest_code=00101 HTTP/1.1" 200 671
120.253.135.82 - - [06/Oct/2022:09:13:16 +0800] "GET /xingrg/javascript/easyui/themes/default/validatebox.css HTTP/1.1" 404 1104
120.253.135.82 - - [06/Oct/2022:09:13:16 +0800] "GET /xingrg/javascript/easyui/plugins/jquery.validatebox.js HTTP/1.1" 200 6103
120.253.135.82 - - [06/Oct/2022:09:13:16 +0800] "POST /xingrg/kc/pszx/mdps_order_operate.html HTTP/1.1" 200 5193
120.253.135.82 - - [06/Oct/2022:09:13:16 +0800] "GET /xingrg/javascript/easyui/plugins/jquery.numberbox.js HTTP/1.1" 200 5213
120.253.135.82 - - [06/Oct/2022:09:13:16 +0800] "GET /xingrg/javascript/easyui/themes/icons/edit_remove.png HTTP/1.1" 200 625
222.70.183.206 - - [06/Oct/2022:09:13:16 +0800] "GET /xingrg/kc/buy/cgsh_order_operate.html?command=get_materiel&rest_code=00111&code=00101016105&supplier_code=00100037&order_time=2022-10-06 HTTP/1.1" 200 409
116.238.194.138 - - [06/Oct/2022:09:13:17 +0800] "GET /xingrg/all/function/internal_message.html?_=1665018741984&CODE_STATE=getMsg HTTP/1.1" 200 27
116.238.194.138 - - [06/Oct/2022:09:13:23 +0800] "GET /xingrg/kc/buy/cgsh_order_operate.html?command=get_materiel&rest_code=00150&code=00101008355&supplier_code=00100008&order_time=2022-10-06 HTTP/1.1" 200 408
120.253.135.82 - - [06/Oct/2022:09:13:25 +0800] "GET /xingrg/javascript/easyui/themes/default/images/button_plain_hover.png HTTP/1.1" 200 144
120.253.135.82 - - [06/Oct/2022:09:13:26 +0800] "POST /xingrg/kc/pszx/mdps_list_operate.html HTTP/1.1" 200 5477
120.253.135.82 - - [06/Oct/2022:09:13:28 +0800] "POST /xingrg/kc/pszx/mdps_list_operate.html HTTP/1.1" 200 607
120.253.135.82 - - [06/Oct/2022:09:13:28 +0800] "GET /xingrg/kc/pszx/mdps_order_info.html?code=312022100600134 HTTP/1.1" 200 23976
120.253.135.82 - - [06/Oct/2022:09:13:29 +0800] "GET /xingrg/javascript/easyui/themes/default/validatebox.css HTTP/1.1" 404 1104
120.253.135.82 - - [06/Oct/2022:09:13:29 +0800] "POST /xingrg/kc/pszx/mdps_order_operate.html HTTP/1.1" 200 5317
116.225.121.189 - - [06/Oct/2022:09:13:32 +0800] "GET /xingrg/check_reg.html?_=1665018662668 HTTP/1.1" 200 22
116.225.121.189 - - [06/Oct/2022:09:13:32 +0800] "GET /xingrg/all/function/internal_message.html?_=1665018662671&CODE_STATE=getMsg HTTP/1.1" 200 27
120.253.135.82 - - [06/Oct/2022:09:13:32 +0800] "GET /xingrg/check_reg.html?_=1665018605526 HTTP/1.1" 200 22
221.239.141.151 - - [06/Oct/2022:09:13:34 +0800] "GET /xingrg/all/function/internal_message.html?_=1665018828262&CODE_STATE=getMsg HTTP/1.1" 200 27
120.253.135.82 - - [06/Oct/2022:09:13:36 +0800] "GET /xingrg/kc/print/load_config.html?kc_code=mdps HTTP/1.1" 200 2390
120.253.135.82 - - [06/Oct/2022:09:13:36 +0800] "GET /xingrg/kc/print/load_data.html?order_code=312022100600134&kc_code=mdps&condition= HTTP/1.1" 200 2115
222.70.183.206 - - [06/Oct/2022:09:13:39 +0800] "GET /xingrg/kc/buy/cgsh_order_operate.html?command=get_materiel&rest_code=00111&code=00101019238&supplier_code=00100037&order_time=2022-10-06 HTTP/1.1" 200 467
120.253.135.82 - - [06/Oct/2022:09:13:42 +0800] "GET /xingrg/all/function/internal_message.html?_=1665018934373&CODE_STATE=getMsg HTTP/1.1" 200 27
120.253.135.82 - - [06/Oct/2022:09:13:42 +0800] "POST /xingrg/kc/pszx/mdps_list_operate.html HTTP/1.1" 200 5477
120.253.135.82 - - [06/Oct/2022:09:13:46 +0800] "POST /xingrg/kc/pszx/mdps_list_operate.html HTTP/1.1" 200 566
120.253.135.82 - - [06/Oct/2022:09:13:47 +0800] "GET /xingrg/kc/pszx/mdps_order_info.html?code=312022100600133 HTTP/1.1" 200 23976
120.253.135.82 - - [06/Oct/2022:09:13:48 +0800] "GET /xingrg/javascript/easyui/themes/default/validatebox.css HTTP/1.1" 404 1104
120.253.135.82 - - [06/Oct/2022:09:13:48 +0800] "POST /xingrg/kc/pszx/mdps_order_operate.html HTTP/1.1" 200 5193
222.70.183.206 - - [06/Oct/2022:09:13:48 +0800] "GET /xingrg/all/function/internal_message.html?_=1665018821449&CODE_STATE=getMsg HTTP/1.1" 200 27
172.20.0.100 - - [06/Oct/2022:09:13:48 +0800] "GET /xingrg/all/function/internal_message.html?_=1665018824069&CODE_STATE=getMsg HTTP/1.1" 200 27
116.230.114.213 - - [06/Oct/2022:09:13:50 +0800] "GET /xingrg/all/function/internal_message.html?_=1665018839310&CODE_STATE=getMsg HTTP/1.1" 200 27
222.70.183.206 - - [06/Oct/2022:09:13:50 +0800] "GET /xingrg/kc/buy/cgsh_order_operate.html?command=get_materiel&rest_code=00111&code=00101019108&supplier_code=00100037&order_time=2022-10-06 HTTP/1.1" 200 476
120.253.135.82 - - [06/Oct/2022:09:13:52 +0800] "GET /xingrg/all/function/internal_message.html?_=1665018625167&CODE_STATE=getMsg HTTP/1.1" 200 27
222.70.183.206 - - [06/Oct/2022:09:13:58 +0800] "GET /xingrg/kc/buy/cgsh_order_operate.html?command=get_materiel&rest_code=00111&code=00101008418&supplier_code=00100037&order_time=2022-10-06 HTTP/1.1" 200 412
116.230.105.139 - - [06/Oct/2022:09:13:58 +0800] "GET /xingrg/all/function/internal_message.html?_=1665018811322&CODE_STATE=getMsg HTTP/1.1" 200 27
116.238.194.138 - - [06/Oct/2022:09:13:59 +0800] "GET /xingrg/kc/buy/cgsh_order_operate.html?command=get_materiel&rest_code=00150&code=00101008004&supplier_code=00100008&order_time=2022-10-06 HTTP/1.1" 200 416
221.239.141.151 - - [06/Oct/2022:09:14:11 +0800] "GET /xingrg/all/function/internal_message.html?_=1665018848710&CODE_STATE=getMsg HTTP/1.1" 200 27
221.239.141.151 - - [06/Oct/2022:09:14:12 +0800] "GET /xingrg/check_reg.html?_=1665018848782 HTTP/1.1" 200 22
222.70.183.206 - - [06/Oct/2022:09:14:16 +0800] "GET /xingrg/kc/buy/cgsh_order_operate.html?command=get_materiel&rest_code=00111&code=00101008041&supplier_code=00100037&order_time=2022-10-06 HTTP/1.1" 200 408
116.238.194.138 - - [06/Oct/2022:09:14:17 +0800] "GET /xingrg/all/function/internal_message.html?_=1665018801985&CODE_STATE=getMsg HTTP/1.1" 200 27
116.238.194.138 - - [06/Oct/2022:09:14:24 +0800] "GET /xingrg/kc/buy/cgsh_order_operate.html?command=get_materiel&rest_code=00150&code=00101008264&supplier_code=00100008&order_time=2022-10-06 HTTP/1.1" 200 412
222.70.183.206 - - [06/Oct/2022:09:14:26 +0800] "GET /xingrg/kc/buy/cgsh_order_operate.html?command=get_materiel&rest_code=00111&code=00101015062&supplier_code=00100037&order_time=2022-10-06 HTTP/1.1" 200 412
116.238.194.138 - - [06/Oct/2022:09:14:26 +0800] "GET /xingrg/javascript/easyui/themes/default/images/button_plain_hover.png HTTP/1.1" 304 -
116.237.76.114 - - [06/Oct/2022:09:14:29 +0800] "GET /xingrg/all/function/internal_message.html?_=1665018862073&CODE_STATE=getMsg HTTP/1.1" 200 27
116.237.76.114 - - [06/Oct/2022:09:14:29 +0800] "GET /xingrg/check_reg.html?_=1665018862075 HTTP/1.1" 200 22
116.225.121.189 - - [06/Oct/2022:09:14:32 +0800] "GET /xingrg/all/function/internal_message.html?_=1665018722656&CODE_STATE=getMsg HTTP/1.1" 200 27
116.238.194.138 - - [06/Oct/2022:09:14:33 +0800] "POST /xingrg/kc/buy/cgsh_order_operate.html HTTP/1.1" 200 37
116.237.76.114 - - [06/Oct/2022:09:14:34 +0800] "POST /xingrg/kc/buy/cgsh_order_operate.html HTTP/1.1" 200 58847
221.239.141.151 - - [06/Oct/2022:09:14:34 +0800] "GET /xingrg/all/function/internal_message.html?_=1665018888260&CODE_STATE=getMsg HTTP/1.1" 200 27
116.238.194.138 - - [06/Oct/2022:09:14:35 +0800] "POST /xingrg/kc/buy/cgsh_order_operate.html HTTP/1.1" 200 11555
221.239.141.151 - - [06/Oct/2022:09:14:36 +0800] "POST /xingrg/dwr/call/plaincall/AjaxReportQueryService.refreshCache.dwr HTTP/1.1" 200 78
222.70.183.206 - - [06/Oct/2022:09:14:38 +0800] "GET /xingrg/kc/buy/cgsh_order_operate.html?command=get_materiel&rest_code=00111&code=00101015012&supplier_code=00100037&order_time=2022-10-06 HTTP/1.1" 200 413
221.239.141.151 - - [06/Oct/2022:09:14:39 +0800] "POST /xingrg/all/report/load_report_page.html HTTP/1.1" 200 43744
221.239.141.151 - - [06/Oct/2022:09:14:39 +0800] "GET /xingrg/servlets/image?cache=0.806004922870196&image=px HTTP/1.1" 200 807
120.253.135.82 - - [06/Oct/2022:09:14:42 +0800] "GET /xingrg/all/function/internal_message.html?_=1665018994436&CODE_STATE=getMsg HTTP/1.1" 200 27
116.238.194.138 - - [06/Oct/2022:09:14:44 +0800] "GET /xingrg/kc/buy/cgsh_order_operate.html?command=get_materiel&rest_code=00150&code=00102002052&supplier_code=00100008&order_time=2022-10-06 HTTP/1.1" 200 409
120.253.135.82 - - [06/Oct/2022:09:14:46 +0800] "POST /xingrg/kc/pszx/mdps_order_operate.html HTTP/1.1" 200 37
120.253.135.82 - - [06/Oct/2022:09:14:46 +0800] "GET /xingrg/kc/pszx/mdps_order_info.html?code=312022100600133 HTTP/1.1" 200 23976
120.253.135.82 - - [06/Oct/2022:09:14:47 +0800] "GET /xingrg/javascript/easyui/themes/default/validatebox.css HTTP/1.1" 404 1104
120.253.135.82 - - [06/Oct/2022:09:14:47 +0800] "POST /xingrg/kc/pszx/mdps_order_operate.html HTTP/1.1" 200 3741
222.70.183.206 - - [06/Oct/2022:09:14:48 +0800] "GET /xingrg/check_reg.html?_=1665018881449 HTTP/1.1" 200 22
222.70.183.206 - - [06/Oct/2022:09:14:48 +0800] "GET /xingrg/all/function/internal_message.html?_=1665018881446&CODE_STATE=getMsg HTTP/1.1" 200 27
222.70.183.206 - - [06/Oct/2022:09:14:48 +0800] "GET /xingrg/kc/buy/cgsh_order_operate.html?command=get_materiel&rest_code=00111&code=00101008092&supplier_code=00100037&order_time=2022-10-06 HTTP/1.1" 200 412
172.20.0.100 - - [06/Oct/2022:09:14:48 +0800] "GET /xingrg/all/function/internal_message.html?_=1665018884039&CODE_STATE=getMsg HTTP/1.1" 200 27
120.253.135.82 - - [06/Oct/2022:09:14:49 +0800] "GET /xingrg/kc/print/load_data.html?order_code=312022100600133&kc_code=mdps&condition= HTTP/1.1" 200 1338
116.230.114.213 - - [06/Oct/2022:09:14:50 +0800] "GET /xingrg/all/function/internal_message.html?_=1665018899327&CODE_STATE=getMsg HTTP/1.1" 200 27
116.238.194.138 - - [06/Oct/2022:09:14:50 +0800] "GET /xingrg/kc/buy/cgsh_order_operate.html?command=get_materiel&rest_code=00150&code=00101008024&supplier_code=00100008&order_time=2022-10-06 HTTP/1.1" 200 408
116.237.76.114 - - [06/Oct/2022:09:14:51 +0800] "GET /xingrg/kc/buy/cgsh_order_operate.html?command=get_materiel&rest_code=00106&code=00101008323&supplier_code=00100007&order_time=2022-10-06 HTTP/1.1" 200 408
120.253.135.82 - - [06/Oct/2022:09:14:52 +0800] "GET /xingrg/all/function/internal_message.html?_=1665018685181&CODE_STATE=getMsg HTTP/1.1" 200 27
116.230.105.139 - - [06/Oct/2022:09:14:58 +0800] "GET /xingrg/all/function/internal_message.html?_=1665018871311&CODE_STATE=getMsg HTTP/1.1" 200 27
116.238.194.138 - - [06/Oct/2022:09:15:01 +0800] "GET /xingrg/kc/buy/cgsh_order_operate.html?command=get_materiel&rest_code=00150&code=00101008356&supplier_code=00100008&order_time=2022-10-06 HTTP/1.1" 200 408
222.70.183.206 - - [06/Oct/2022:09:15:02 +0800] "GET /xingrg/kc/buy/cgsh_order_operate.html?command=get_materiel&rest_code=00111&code=00101011005&supplier_code=00100037&order_time=2022-10-06 HTTP/1.1" 200 428
221.239.141.151 - - [06/Oct/2022:09:15:03 +0800] "POST /xingrg/dwr/call/plaincall/AjaxReportQueryService.refreshCache.dwr HTTP/1.1" 200 78
120.253.135.82 - - [06/Oct/2022:09:15:04 +0800] "POST /xingrg/kc/pszx/mdps_list_operate.html HTTP/1.1" 200 5477
221.239.141.151 - - [06/Oct/2022:09:15:05 +0800] "POST /xingrg/all/report/load_report_page.html HTTP/1.1" 200 33788
221.239.141.151 - - [06/Oct/2022:09:15:05 +0800] "GET /xingrg/servlets/image?cache=0.6311916774234871&image=px HTTP/1.1" 200 807
116.238.194.138 - - [06/Oct/2022:09:15:08 +0800] "GET /xingrg/kc/buy/cgsh_order_operate.html?command=get_materiel&rest_code=00150&code=00101008411&supplier_code=00100008&order_time=2022-10-06 HTTP/1.1" 200 413
116.237.76.114 - - [06/Oct/2022:09:15:08 +0800] "GET /xingrg/kc/buy/cgsh_order_operate.html?command=get_materiel&rest_code=00106&code=00101008175&supplier_code=00100007&order_time=2022-10-06 HTTP/1.1" 200 412
120.253.135.82 - - [06/Oct/2022:09:15:10 +0800] "POST /xingrg/kc/pszx/mdps_list_operate.html HTTP/1.1" 200 5305
221.239.141.151 - - [06/Oct/2022:09:15:11 +0800] "GET /xingrg/all/function/internal_message.html?_=1665018908693&CODE_STATE=getMsg HTTP/1.1" 200 27
222.70.183.206 - - [06/Oct/2022:09:15:12 +0800] "GET /xingrg/kc/buy/cgsh_order_operate.html?command=get_materiel&rest_code=00111&code=00101009113&supplier_code=00100037&order_time=2022-10-06 HTTP/1.1" 200 413
120.253.135.82 - - [06/Oct/2022:09:15:12 +0800] "POST /xingrg/kc/pszx/mdps_list_operate.html HTTP/1.1" 200 638
120.253.135.82 - - [06/Oct/2022:09:15:13 +0800] "GET /xingrg/kc/pszx/mdps_order_info.html?code=312022100500124 HTTP/1.1" 200 23976
120.253.135.82 - - [06/Oct/2022:09:15:14 +0800] "GET /xingrg/javascript/easyui/themes/default/validatebox.css HTTP/1.1" 404 1104
120.253.135.82 - - [06/Oct/2022:09:15:14 +0800] "POST /xingrg/kc/pszx/mdps_order_operate.html HTTP/1.1" 200 9443
116.232.33.248 - - [06/Oct/2022:09:15:16 +0800] "POST /xingrg/services/DataTransmitService HTTP/1.1" 200 524
116.238.194.138 - - [06/Oct/2022:09:15:17 +0800] "GET /xingrg/all/function/internal_message.html?_=1665018861999&CODE_STATE=getMsg HTTP/1.1" 200 27
116.237.76.114 - - [06/Oct/2022:09:15:18 +0800] "GET /xingrg/kc/buy/cgsh_order_operate.html?command=get_materiel&rest_code=00106&code=00101008350&supplier_code=00100007&order_time=2022-10-06 HTTP/1.1" 200 408
116.238.194.138 - - [06/Oct/2022:09:15:21 +0800] "GET /xingrg/kc/buy/cgsh_order_operate.html?command=get_materiel&rest_code=00150&code=00101008077&supplier_code=00100008&order_time=2022-10-06 HTTP/1.1" 200 416
120.253.135.82 - - [06/Oct/2022:09:15:23 +0800] "POST /xingrg/kc/pszx/mdps_order_operate.html HTTP/1.1" 200 37
120.253.135.82 - - [06/Oct/2022:09:15:24 +0800] "GET /xingrg/kc/pszx/mdps_order_info.html?code=312022100500124 HTTP/1.1" 200 23976
120.253.135.82 - - [06/Oct/2022:09:15:24 +0800] "GET /xingrg/javascript/easyui/themes/default/validatebox.css HTTP/1.1" 404 1104
120.253.135.82 - - [06/Oct/2022:09:15:24 +0800] "POST /xingrg/kc/pszx/mdps_order_operate.html HTTP/1.1" 200 8954
120.253.135.82 - - [06/Oct/2022:09:15:26 +0800] "GET /xingrg/kc/print/load_data.html?order_code=312022100500124&kc_code=mdps&condition= HTTP/1.1" 200 3834
116.237.76.114 - - [06/Oct/2022:09:15:28 +0800] "GET /xingrg/kc/buy/cgsh_order_operate.html?command=get_materiel&rest_code=00106&code=00101008223&supplier_code=00100007&order_time=2022-10-06 HTTP/1.1" 200 414
116.237.76.114 - - [06/Oct/2022:09:15:29 +0800] "GET /xingrg/all/function/internal_message.html?_=1665018922051&CODE_STATE=getMsg HTTP/1.1" 200 27
120.253.135.82 - - [06/Oct/2022:09:15:31 +0800] "POST /xingrg/kc/pszx/mdps_list_operate.html HTTP/1.1" 200 5305
116.225.121.189 - - [06/Oct/2022:09:15:32 +0800] "GET /xingrg/all/function/internal_message.html?_=1665018782657&CODE_STATE=getMsg HTTP/1.1" 200 27
221.239.141.151 - - [06/Oct/2022:09:15:32 +0800] "POST /xingrg/dwr/call/plaincall/AjaxReportQueryService.refreshCache.dwr HTTP/1.1" 200 78
120.253.135.82 - - [06/Oct/2022:09:15:32 +0800] "POST /xingrg/kc/pszx/mdps_list_operate.html HTTP/1.1" 200 296
120.253.135.82 - - [06/Oct/2022:09:15:32 +0800] "GET /xingrg/kc/pszx/mdps_order_info.html?code=312022100500125 HTTP/1.1" 200 23976
120.253.135.82 - - [06/Oct/2022:09:15:33 +0800] "POST /xingrg/kc/pszx/mdps_order_operate.html HTTP/1.1" 200 2817
120.253.135.82 - - [06/Oct/2022:09:15:33 +0800] "GET /xingrg/javascript/easyui/themes/default/validatebox.css HTTP/1.1" 404 1104
116.237.76.114 - - [06/Oct/2022:09:15:34 +0800] "POST /xingrg/kc/buy/cgsh_order_operate.html HTTP/1.1" 200 2065
221.239.141.151 - - [06/Oct/2022:09:15:34 +0800] "GET /xingrg/all/function/internal_message.html?_=1665018948259&CODE_STATE=getMsg HTTP/1.1" 200 27
221.239.141.151 - - [06/Oct/2022:09:15:35 +0800] "POST /xingrg/all/report/load_report_page.html HTTP/1.1" 200 89
120.253.135.82 - - [06/Oct/2022:09:15:39 +0800] "GET /xingrg/kc/print/load_data.html?order_code=312022100500125&kc_code=mdps&condition= HTTP/1.1" 200 949
116.238.194.138 - - [06/Oct/2022:09:15:40 +0800] "GET /xingrg/kc/buy/cgsh_order_operate.html?command=get_materiel&rest_code=00150&code=00101008223&supplier_code=00100008&order_time=2022-10-06 HTTP/1.1" 200 412
116.230.114.213 - - [06/Oct/2022:09:15:40 +0800] "GET /xingrg/check_reg.html?_=1665018950215 HTTP/1.1" 200 22
120.253.135.82 - - [06/Oct/2022:09:15:42 +0800] "GET /xingrg/all/function/internal_message.html?_=1665019054444&CODE_STATE=getMsg HTTP/1.1" 200 27
222.70.183.206 - - [06/Oct/2022:09:15:43 +0800] "GET /xingrg/kc/buy/cgsh_order_operate.html?command=get_materiel&rest_code=00111&code=00101008509&supplier_code=00100037&order_time=2022-10-06 HTTP/1.1" 200 409
120.253.135.82 - - [06/Oct/2022:09:15:44 +0800] "POST /xingrg/kc/pszx/mdps_list_operate.html HTTP/1.1" 200 5305
120.253.135.82 - - [06/Oct/2022:09:15:47 +0800] "POST /xingrg/kc/pszx/mdps_list_operate.html HTTP/1.1" 200 5477
222.70.183.206 - - [06/Oct/2022:09:15:48 +0800] "GET /xingrg/all/function/internal_message.html?_=1665018941452&CODE_STATE=getMsg HTTP/1.1" 200 27
172.20.0.100 - - [06/Oct/2022:09:15:48 +0800] "GET /xingrg/all/function/internal_message.html?_=1665018944010&CODE_STATE=getMsg HTTP/1.1" 200 27
116.230.114.213 - - [06/Oct/2022:09:15:50 +0800] "GET /xingrg/all/function/internal_message.html?_=1665018959337&CODE_STATE=getMsg HTTP/1.1" 200 27
120.253.135.82 - - [06/Oct/2022:09:15:51 +0800] "POST /xingrg/kc/pszx/mdps_list_operate.html HTTP/1.1" 200 5432
116.238.194.138 - - [06/Oct/2022:09:15:51 +0800] "POST /xingrg/kc/buy/cgsh_order_operate.html HTTP/1.1" 200 37
120.253.135.82 - - [06/Oct/2022:09:15:52 +0800] "GET /xingrg/all/function/internal_message.html?_=1665018745363&CODE_STATE=getMsg HTTP/1.1" 200 27
222.70.183.206 - - [06/Oct/2022:09:15:53 +0800] "GET /xingrg/kc/buy/cgsh_order_operate.html?command=get_materiel&rest_code=00111&code=00101008284&supplier_code=00100037&order_time=2022-10-06 HTTP/1.1" 200 412
120.253.135.82 - - [06/Oct/2022:09:15:53 +0800] "POST /xingrg/kc/pszx/mdps_list_operate.html HTTP/1.1" 200 5504
116.238.194.138 - - [06/Oct/2022:09:15:54 +0800] "POST /xingrg/kc/buy/cgsh_order_operate.html HTTP/1.1" 200 14513
116.230.105.139 - - [06/Oct/2022:09:15:58 +0800] "GET /xingrg/all/function/internal_message.html?_=1665018931320&CODE_STATE=getMsg HTTP/1.1" 200 27
116.230.105.139 - - [06/Oct/2022:09:15:58 +0800] "GET /xingrg/check_reg.html?_=1665018931322 HTTP/1.1" 200 22
120.253.135.82 - - [06/Oct/2022:09:15:59 +0800] "POST /xingrg/kc/pszx/mdps_list_operate.html HTTP/1.1" 200 295
222.70.183.206 - - [06/Oct/2022:09:16:01 +0800] "GET /xingrg/kc/buy/cgsh_order_operate.html?command=get_materiel&rest_code=00111&code=00101008123&supplier_code=00100037&order_time=2022-10-06 HTTP/1.1" 200 412
116.237.76.114 - - [06/Oct/2022:09:16:02 +0800] "GET /xingrg/kc/buy/cgsh_order_operate.html?command=get_materiel&rest_code=00106&code=00101008095&supplier_code=00100007&order_time=2022-10-06 HTTP/1.1" 200 412
120.253.135.82 - - [06/Oct/2022:09:16:05 +0800] "POST /xingrg/kc/pszx/mdps_list_operate.html HTTP/1.1" 200 285
221.239.141.151 - - [06/Oct/2022:09:16:11 +0800] "GET /xingrg/all/function/internal_message.html?_=1665018968677&CODE_STATE=getMsg HTTP/1.1" 200 27
172.20.0.100 - - [06/Oct/2022:09:16:12 +0800] "GET /xingrg/check_reg.html?_=1665018967652 HTTP/1.1" 200 22
120.253.135.82 - - [06/Oct/2022:09:16:13 +0800] "GET /xingrg/kc/pszx/mdps_order_info.html?code=312022100100045 HTTP/1.1" 200 23974
120.253.135.82 - - [06/Oct/2022:09:16:13 +0800] "POST /xingrg/kc/pszx/mdps_order_operate.html HTTP/1.1" 200 2802
120.253.135.82 - - [06/Oct/2022:09:16:13 +0800] "GET /xingrg/javascript/easyui/themes/default/validatebox.css HTTP/1.1" 404 1104
222.70.183.206 - - [06/Oct/2022:09:16:13 +0800] "GET /xingrg/kc/buy/cgsh_order_operate.html?command=get_materiel&rest_code=00111&code=00101015038&supplier_code=00100037&order_time=2022-10-06 HTTP/1.1" 200 418
222.70.183.206 - - [06/Oct/2022:09:16:16 +0800] "POST /xingrg/kc/buy/cgsh_order_operate.html HTTP/1.1" 200 2065
120.253.135.82 - - [06/Oct/2022:09:16:16 +0800] "POST /xingrg/kc/pszx/mdps_list_operate.html HTTP/1.1" 200 5504
116.238.194.138 - - [06/Oct/2022:09:16:17 +0800] "GET /xingrg/all/function/internal_message.html?_=1665018922012&CODE_STATE=getMsg HTTP/1.1" 200 27
120.253.135.82 - - [06/Oct/2022:09:16:18 +0800] "POST /xingrg/kc/pszx/mdps_list_operate.html HTTP/1.1" 200 295
222.70.183.206 - - [06/Oct/2022:09:16:20 +0800] "GET /xingrg/kc/buy/cgsh_order_operate.html?command=get_materiel&rest_code=00111&code=00101015097&supplier_code=00100037&order_time=2022-10-06 HTTP/1.1" 200 417
120.253.135.82 - - [06/Oct/2022:09:16:28 +0800] "POST /xingrg/kc/pszx/mdps_list_operate.html HTTP/1.1" 200 5305
116.237.76.114 - - [06/Oct/2022:09:16:29 +0800] "GET /xingrg/all/function/internal_message.html?_=1665018982165&CODE_STATE=getMsg HTTP/1.1" 200 27
116.237.76.114 - - [06/Oct/2022:09:16:29 +0800] "GET /xingrg/kc/buy/cgsh_order_operate.html?command=get_materiel&rest_code=00106&code=00101008168&supplier_code=00100007&order_time=2022-10-06 HTTP/1.1" 200 413
116.237.76.114 - - [06/Oct/2022:09:16:32 +0800] "POST /xingrg/kc/buy/cgsh_order_operate.html HTTP/1.1" 200 2065
116.225.121.189 - - [06/Oct/2022:09:16:32 +0800] "GET /xingrg/all/function/internal_message.html?_=1665018842657&CODE_STATE=getMsg HTTP/1.1" 200 27
221.239.141.151 - - [06/Oct/2022:09:16:34 +0800] "GET /xingrg/check_reg.html?_=1665019008256 HTTP/1.1" 200 22
221.239.141.151 - - [06/Oct/2022:09:16:34 +0800] "GET /xingrg/all/function/internal_message.html?_=1665019008260&CODE_STATE=getMsg HTTP/1.1" 200 27
116.237.76.114 - - [06/Oct/2022:09:16:39 +0800] "GET /xingrg/kc/buy/cgsh_order_operate.html?command=get_materiel&rest_code=00106&code=00101008114&supplier_code=00100007&order_time=2022-10-06 HTTP/1.1" 200 412
222.70.183.206 - - [06/Oct/2022:09:16:39 +0800] "GET /xingrg/kc/buy/cgsh_order_operate.html?command=get_materiel&rest_code=00111&code=00101019380&supplier_code=00100037&order_time=2022-10-06 HTTP/1.1" 200 477
120.253.135.82 - - [06/Oct/2022:09:16:40 +0800] "GET /xingrg/check_reg.html?_=1665019112734 HTTP/1.1" 200 22
120.253.135.82 - - [06/Oct/2022:09:16:42 +0800] "GET /xingrg/all/function/internal_message.html?_=1665019114458&CODE_STATE=getMsg HTTP/1.1" 200 27
222.70.183.206 - - [06/Oct/2022:09:16:48 +0800] "GET /xingrg/all/function/internal_message.html?_=1665019001458&CODE_STATE=getMsg HTTP/1.1" 200 27
172.20.0.100 - - [06/Oct/2022:09:16:48 +0800] "GET /xingrg/all/function/internal_message.html?_=1665019003981&CODE_STATE=getMsg HTTP/1.1" 200 27
116.230.114.213 - - [06/Oct/2022:09:16:50 +0800] "GET /xingrg/all/function/internal_message.html?_=1665019019351&CODE_STATE=getMsg HTTP/1.1" 200 27
116.237.76.114 - - [06/Oct/2022:09:16:50 +0800] "GET /xingrg/kc/buy/cgsh_order_operate.html?command=get_materiel&rest_code=00106&code=00101008150&supplier_code=00100007&order_time=2022-10-06 HTTP/1.1" 200 409
120.253.135.82 - - [06/Oct/2022:09:16:52 +0800] "GET /xingrg/all/function/internal_message.html?_=1665018805363&CODE_STATE=getMsg HTTP/1.1" 200 27
222.70.183.206 - - [06/Oct/2022:09:16:53 +0800] "GET /xingrg/kc/buy/cgsh_order_operate.html?command=get_materiel&rest_code=00111&code=00101007073&supplier_code=00100037&order_time=2022-10-06 HTTP/1.1" 200 417
116.230.105.139 - - [06/Oct/2022:09:16:58 +0800] "GET /xingrg/all/function/internal_message.html?_=1665018991315&CODE_STATE=getMsg HTTP/1.1" 200 27
222.70.183.206 - - [06/Oct/2022:09:17:03 +0800] "POST /xingrg/kc/buy/cgsh_order_operate.html HTTP/1.1" 200 37
222.70.183.206 - - [06/Oct/2022:09:17:09 +0800] "POST /xingrg/kc/buy/cgsh_order_operate.html HTTP/1.1" 200 15187
116.237.76.114 - - [06/Oct/2022:09:17:10 +0800] "GET /xingrg/kc/buy/cgsh_order_operate.html?command=get_materiel&rest_code=00106&code=00101015038&supplier_code=00100007&order_time=2022-10-06 HTTP/1.1" 200 419
222.70.183.206 - - [06/Oct/2022:09:17:11 +0800] "GET /xingrg/kc/print/load_config.html?kc_code=cgsh HTTP/1.1" 200 1943
222.70.183.206 - - [06/Oct/2022:09:17:11 +0800] "GET /xingrg/kc/print/load_data.html?order_code=212022100601833&kc_code=cgsh&condition= HTTP/1.1" 200 5517
221.239.141.151 - - [06/Oct/2022:09:17:11 +0800] "GET /xingrg/all/function/internal_message.html?_=1665019028665&CODE_STATE=getMsg HTTP/1.1" 200 27
116.238.194.138 - - [06/Oct/2022:09:17:17 +0800] "GET /xingrg/check_reg.html?_=1665018981916 HTTP/1.1" 200 22
116.238.194.138 - - [06/Oct/2022:09:17:18 +0800] "GET /xingrg/all/function/internal_message.html?_=1665018982057&CODE_STATE=getMsg HTTP/1.1" 200 27
116.237.76.114 - - [06/Oct/2022:09:17:18 +0800] "GET /xingrg/kc/buy/cgsh_order_operate.html?command=get_materiel&rest_code=00106&code=00101015112&supplier_code=00100007&order_time=2022-10-06 HTTP/1.1" 200 417
116.237.76.114 - - [06/Oct/2022:09:17:25 +0800] "GET /xingrg/kc/buy/cgsh_order_operate.html?command=get_materiel&rest_code=00106&code=00102014106&supplier_code=00100007&order_time=2022-10-06 HTTP/1.1" 200 413
116.237.76.114 - - [06/Oct/2022:09:17:29 +0800] "GET /xingrg/all/function/internal_message.html?_=1665019042032&CODE_STATE=getMsg HTTP/1.1" 200 27
116.225.121.189 - - [06/Oct/2022:09:17:32 +0800] "GET /xingrg/all/function/internal_message.html?_=1665018902657&CODE_STATE=getMsg HTTP/1.1" 200 27
116.237.76.114 - - [06/Oct/2022:09:17:33 +0800] "POST /xingrg/kc/buy/cgsh_order_operate.html HTTP/1.1" 200 37
221.239.141.151 - - [06/Oct/2022:09:17:34 +0800] "GET /xingrg/all/function/internal_message.html?_=1665019068254&CODE_STATE=getMsg HTTP/1.1" 200 27
116.237.76.114 - - [06/Oct/2022:09:17:35 +0800] "POST /xingrg/kc/buy/cgsh_order_operate.html HTTP/1.1" 200 38142
120.253.135.82 - - [06/Oct/2022:09:17:35 +0800] "POST /xingrg/kc/pszx/mdps_list_operate.html HTTP/1.1" 200 638
120.253.135.82 - - [06/Oct/2022:09:17:36 +0800] "GET /xingrg/kc/pszx/mdps_order_info.html?code=312022100500124 HTTP/1.1" 200 23976
120.253.135.82 - - [06/Oct/2022:09:17:36 +0800] "POST /xingrg/kc/pszx/mdps_order_operate.html HTTP/1.1" 200 8954
120.253.135.82 - - [06/Oct/2022:09:17:36 +0800] "GET /xingrg/javascript/easyui/themes/default/validatebox.css HTTP/1.1" 404 1104
120.253.135.82 - - [06/Oct/2022:09:17:42 +0800] "GET /xingrg/all/function/internal_message.html?_=1665019174470&CODE_STATE=getMsg HTTP/1.1" 200 27
116.237.76.114 - - [06/Oct/2022:09:17:42 +0800] "POST /xingrg/kc/buy/cgsh_list_operate.html HTTP/1.1" 200 1869
116.237.76.114 - - [06/Oct/2022:09:17:46 +0800] "POST /xingrg/kc/buy/cgsh_list_operate.html HTTP/1.1" 200 564
116.237.76.114 - - [06/Oct/2022:09:17:46 +0800] "GET /xingrg/kc/buy/cgsh_order_info.html?code=212022100601829 HTTP/1.1" 200 68970
116.237.76.114 - - [06/Oct/2022:09:17:47 +0800] "GET /xingrg/javascript/easyui/themes/default/validatebox.css HTTP/1.1" 404 1104
116.237.76.114 - - [06/Oct/2022:09:17:47 +0800] "POST /xingrg/kc/buy/cgsh_order_operate.html HTTP/1.1" 200 38142
222.70.183.206 - - [06/Oct/2022:09:17:48 +0800] "GET /xingrg/all/function/internal_message.html?_=1665019061471&CODE_STATE=getMsg HTTP/1.1" 200 27
172.20.0.100 - - [06/Oct/2022:09:17:48 +0800] "GET /xingrg/all/function/internal_message.html?_=1665019063950&CODE_STATE=getMsg HTTP/1.1" 200 27
116.230.114.213 - - [06/Oct/2022:09:17:50 +0800] "GET /xingrg/all/function/internal_message.html?_=1665019079371&CODE_STATE=getMsg HTTP/1.1" 200 27
120.253.135.82 - - [06/Oct/2022:09:17:52 +0800] "GET /xingrg/all/function/internal_message.html?_=1665018865377&CODE_STATE=getMsg HTTP/1.1" 200 27
116.238.194.138 - - [06/Oct/2022:09:17:57 +0800] "GET /xingrg/kc/buy/cgsh_order_operate.html?command=get_materiel&rest_code=00150&code=00101008079&supplier_code=00100008&order_time=2022-10-06 HTTP/1.1" 200 416
116.230.105.139 - - [06/Oct/2022:09:17:58 +0800] "GET /xingrg/all/function/internal_message.html?_=1665019051314&CODE_STATE=getMsg HTTP/1.1" 200 27
