101.85.93.113 - - [03/Oct/2022:11:24:45 +0800] "GET /xingrg/javascript/jquery_easy_ui/jquery.easyui.min.js HTTP/1.1" 304 -
101.85.93.113 - - [03/Oct/2022:11:24:45 +0800] "GET /xingrg/javascript/jquery_easy_ui/themes/icons/settle_new.png HTTP/1.1" 304 -
101.85.93.113 - - [03/Oct/2022:11:24:45 +0800] "GET /xingrg/images/blue/navBackgound.jpg HTTP/1.1" 304 -
101.85.93.113 - - [03/Oct/2022:11:24:45 +0800] "POST /xingrg/all/common/load_tree.html?tree=area_rest_tree_json&manage=1 HTTP/1.1" 200 351
101.85.93.113 - - [03/Oct/2022:11:24:45 +0800] "GET /xingrg/all/function/internal_message.html?_=1664767481064&CODE_STATE=count HTTP/1.1" 200 11
101.85.93.113 - - [03/Oct/2022:11:24:45 +0800] "GET /xingrg/check_reg.html?_=1664767481064 HTTP/1.1" 200 22
101.85.93.113 - - [03/Oct/2022:11:24:45 +0800] "GET /xingrg/images/blue/pingpu.png HTTP/1.1" 304 -
101.85.93.113 - - [03/Oct/2022:11:24:45 +0800] "GET /xingrg/javascript/jquery_easy_ui/themes/default/images/tabs_leftarrow.png HTTP/1.1" 304 -
101.85.93.113 - - [03/Oct/2022:11:24:45 +0800] "GET /xingrg/javascript/jquery_easy_ui/themes/default/images/panel_tool_collapse.gif HTTP/1.1" 304 -
101.85.93.113 - - [03/Oct/2022:11:24:45 +0800] "GET /xingrg/javascript/jquery_easy_ui/themes/default/images/tabs_rightarrow.png HTTP/1.1" 304 -
101.85.93.113 - - [03/Oct/2022:11:24:45 +0800] "POST /xingrg/load_menu.html HTTP/1.1" 200 5138
101.85.93.113 - - [03/Oct/2022:11:24:45 +0800] "GET /xingrg/javascript/jquery_easy_ui/themes/default/images/tree_arrows.gif HTTP/1.1" 304 -
101.85.93.113 - - [03/Oct/2022:11:24:45 +0800] "GET /xingrg/javascript/jquery_easy_ui/themes/default/images/tree_folder_open.gif HTTP/1.1" 304 -
101.85.93.113 - - [03/Oct/2022:11:24:45 +0800] "GET /xingrg/javascript/jquery_easy_ui/themes/icons/search_new.png HTTP/1.1" 304 -
101.85.93.113 - - [03/Oct/2022:11:24:45 +0800] "GET /xingrg/javascript/jquery_easy_ui/themes/default/images/tree_folder.gif HTTP/1.1" 304 -
101.85.93.113 - - [03/Oct/2022:11:24:45 +0800] "GET /xingrg/javascript/jquery_easy_ui/themes/icons/forms_new.png HTTP/1.1" 304 -
101.85.93.113 - - [03/Oct/2022:11:24:45 +0800] "GET /xingrg/javascript/jquery_easy_ui/themes/icons/storage_new.png HTTP/1.1" 304 -
101.85.93.113 - - [03/Oct/2022:11:24:45 +0800] "GET /xingrg/javascript/jquery_easy_ui/themes/default/images/tree_file.gif HTTP/1.1" 304 -
114.84.81.136 - - [03/Oct/2022:11:24:46 +0800] "GET /xingrg/all/function/internal_message.html?_=1664767483589&CODE_STATE=getMsg HTTP/1.1" 200 27
221.239.141.151 - - [03/Oct/2022:11:24:49 +0800] "GET /xingrg/kc/base/wldb_order_operate.html?command=get_materiel&rest_code=00102&base_code=0010476&code=00101014084 HTTP/1.1" 200 431
101.85.93.113 - - [03/Oct/2022:11:24:51 +0800] "GET /xingrg/javascript/jquery_easy_ui/themes/icons/area.png HTTP/1.1" 304 -
101.85.93.113 - - [03/Oct/2022:11:24:51 +0800] "GET /xingrg/javascript/jquery_easy_ui/themes/icons/rest.png HTTP/1.1" 304 -
114.83.216.252 - - [03/Oct/2022:11:24:52 +0800] "GET /xingrg/kc/buy/cgsh_order_operate.html?command=get_materiel&rest_code=00149&code=00101002027&supplier_code=00100039&order_time=2022-10-03 HTTP/1.1" 200 413
180.169.147.146 - - [03/Oct/2022:11:24:54 +0800] "GET /xingrg/check_reg.html?_=1664767491910 HTTP/1.1" 200 22
180.169.147.146 - - [03/Oct/2022:11:24:54 +0800] "GET /xingrg/all/function/internal_message.html?_=1664767491909&CODE_STATE=getMsg HTTP/1.1" 200 27
124.79.74.72 - - [03/Oct/2022:11:24:54 +0800] "GET /xingrg/all/function/internal_message.html?_=1664767491999&CODE_STATE=getMsg HTTP/1.1" 200 27
58.37.225.234 - - [03/Oct/2022:11:24:54 +0800] "GET /xingrg/all/function/internal_message.html?_=1664767492490&CODE_STATE=getMsg HTTP/1.1" 200 27
180.169.147.146 - - [03/Oct/2022:11:24:56 +0800] "GET /xingrg/all/function/internal_message.html?_=1664767494776&CODE_STATE=getMsg HTTP/1.1" 200 27
180.169.147.146 - - [03/Oct/2022:11:24:56 +0800] "GET /xingrg/check_reg.html?_=1664767494779 HTTP/1.1" 200 22
58.37.225.234 - - [03/Oct/2022:11:24:57 +0800] "POST /xingrg/kc/buy/cgsh_order_operate.html HTTP/1.1" 200 37
116.230.105.139 - - [03/Oct/2022:11:24:57 +0800] "GET /xingrg/all/function/internal_message.html?_=1664767477852&CODE_STATE=getMsg HTTP/1.1" 200 27
172.20.0.100 - - [03/Oct/2022:11:24:59 +0800] "GET /xingrg/check_reg.html?_=1664767495889 HTTP/1.1" 200 22
222.70.183.206 - - [03/Oct/2022:11:24:59 +0800] "POST /xingrg/kc/buy/cgsh_order_operate.html HTTP/1.1" 200 37
222.70.183.206 - - [03/Oct/2022:11:25:00 +0800] "GET /xingrg/check_reg.html?_=1664767497711 HTTP/1.1" 200 22
222.70.183.206 - - [03/Oct/2022:11:25:00 +0800] "GET /xingrg/all/function/internal_message.html?_=1664767497712&CODE_STATE=getMsg HTTP/1.1" 200 27
222.70.183.206 - - [03/Oct/2022:11:25:01 +0800] "POST /xingrg/kc/buy/cgsh_order_operate.html HTTP/1.1" 200 3265
180.169.147.146 - - [03/Oct/2022:11:25:01 +0800] "GET /xingrg/all/function/internal_message.html?_=1664767508428&CODE_STATE=getMsg HTTP/1.1" 200 27
222.70.183.206 - - [03/Oct/2022:11:25:02 +0800] "GET /xingrg/kc/print/load_data.html?order_code=212022100300816&kc_code=cgsh&condition= HTTP/1.1" 200 926
116.225.121.189 - - [03/Oct/2022:11:25:02 +0800] "GET /xingrg/all/function/internal_message.html?_=1664767502368&CODE_STATE=getMsg HTTP/1.1" 200 27
58.37.225.234 - - [03/Oct/2022:11:25:02 +0800] "POST /xingrg/kc/buy/cgsh_order_operate.html HTTP/1.1" 200 12
116.225.121.189 - - [03/Oct/2022:11:25:03 +0800] "GET /xingrg/check_reg.html?_=1664767502371 HTTP/1.1" 200 22
58.37.225.234 - - [03/Oct/2022:11:25:04 +0800] "GET /xingrg/kc/buy/cgsh_order_info.html?code=212022100300815 HTTP/1.1" 200 63812
114.83.216.252 - - [03/Oct/2022:11:25:04 +0800] "GET /xingrg/check_reg.html?_=1664767501664 HTTP/1.1" 200 22
114.83.216.252 - - [03/Oct/2022:11:25:04 +0800] "GET /xingrg/all/function/internal_message.html?_=1664767501810&CODE_STATE=getMsg HTTP/1.1" 200 27
58.37.225.234 - - [03/Oct/2022:11:25:04 +0800] "GET /xingrg/javascript/easyui/themes/default/validatebox.css HTTP/1.1" 404 1104
58.37.225.234 - - [03/Oct/2022:11:25:06 +0800] "POST /xingrg/kc/buy/cgsh_order_operate.html HTTP/1.1" 200 2403
222.70.183.206 - - [03/Oct/2022:11:25:06 +0800] "GET /xingrg/kc/buy/cgsh_order_add.html HTTP/1.1" 200 68861
222.70.183.206 - - [03/Oct/2022:11:25:07 +0800] "GET /xingrg/javascript/easyui/themes/default/validatebox.css HTTP/1.1" 404 1104
222.70.183.206 - - [03/Oct/2022:11:25:07 +0800] "POST /xingrg/kc/buy/cgsh_order_operate.html HTTP/1.1" 200 8245
58.37.225.234 - - [03/Oct/2022:11:25:07 +0800] "GET /xingrg/kc/print/load_data.html?order_code=212022100300815&kc_code=cgsh&condition= HTTP/1.1" 200 1475
58.37.225.234 - - [03/Oct/2022:11:25:09 +0800] "GET /xingrg/check_reg.html?_=1664767160959 HTTP/1.1" 200 22
120.253.135.82 - - [03/Oct/2022:11:25:10 +0800] "GET /xingrg/all/function/internal_message.html?_=1664767624936&CODE_STATE=getMsg HTTP/1.1" 200 27
58.22.0.67 - - [03/Oct/2022:11:25:11 +0800] "GET /xingrg/check_reg.html?_=1664767507158 HTTP/1.1" 200 22
58.37.225.234 - - [03/Oct/2022:11:25:13 +0800] "GET /xingrg/kc/buy/cgsh_order_add.html HTTP/1.1" 200 68905
58.37.225.234 - - [03/Oct/2022:11:25:13 +0800] "POST /xingrg/kc/buy/cgsh_order_operate.html HTTP/1.1" 200 8245
58.37.225.234 - - [03/Oct/2022:11:25:13 +0800] "GET /xingrg/javascript/easyui/themes/default/validatebox.css HTTP/1.1" 404 1104
124.79.246.218 - - [03/Oct/2022:11:25:16 +0800] "GET /xingrg/all/function/internal_message.html?_=1664767714589&CODE_STATE=getMsg HTTP/1.1" 200 27
172.20.0.100 - - [03/Oct/2022:11:25:16 +0800] "GET /xingrg/all/function/internal_message.html?_=1664767513531&CODE_STATE=getMsg HTTP/1.1" 200 27
222.70.183.206 - - [03/Oct/2022:11:25:20 +0800] "GET /xingrg/kc/buy/cgsh_order_operate.html?command=get_materiel&rest_code=00111&code=00101008555&supplier_code=00100327&order_time=2022-10-03 HTTP/1.1" 200 425
116.225.121.189 - - [03/Oct/2022:11:25:21 +0800] "GET /xingrg/all/function/internal_message.html?_=1664767374503&CODE_STATE=getMsg HTTP/1.1" 200 27
114.83.219.57 - - [03/Oct/2022:11:25:23 +0800] "POST /xingrg/kc/buy/cgsh_order_operate.html HTTP/1.1" 200 37
116.224.255.128 - - [03/Oct/2022:11:25:25 +0800] "GET /xingrg/all/function/internal_message.html?_=1664767551130&CODE_STATE=getMsg HTTP/1.1" 200 27
58.37.225.234 - - [03/Oct/2022:11:25:25 +0800] "GET /xingrg/kc/buy/cgsh_order_operate.html?command=get_materiel&rest_code=00141&code=00101010569&supplier_code=00100327&order_time=2022-10-03 HTTP/1.1" 200 411
114.83.219.57 - - [03/Oct/2022:11:25:27 +0800] "POST /xingrg/kc/buy/cgsh_order_operate.html HTTP/1.1" 200 12
114.83.219.57 - - [03/Oct/2022:11:25:28 +0800] "GET /xingrg/kc/buy/cgsh_order_info.html?code=212022100300817 HTTP/1.1" 200 63014
114.83.219.57 - - [03/Oct/2022:11:25:28 +0800] "GET /xingrg/javascript/easyui/themes/default/validatebox.css HTTP/1.1" 404 1104
114.83.219.57 - - [03/Oct/2022:11:25:29 +0800] "POST /xingrg/kc/buy/cgsh_order_operate.html HTTP/1.1" 200 1780
124.78.158.230 - - [03/Oct/2022:11:25:30 +0800] "GET /xingrg/all/function/internal_message.html?_=1664767526678&CODE_STATE=getMsg HTTP/1.1" 200 27
114.83.219.57 - - [03/Oct/2022:11:25:31 +0800] "GET /xingrg/kc/print/load_data.html?order_code=212022100300817&kc_code=cgsh&condition= HTTP/1.1" 200 1142
222.70.183.206 - - [03/Oct/2022:11:25:31 +0800] "GET /xingrg/kc/buy/cgsh_order_operate.html?command=get_materiel&rest_code=00111&code=00101010569&supplier_code=00100327&order_time=2022-10-03 HTTP/1.1" 200 411
222.70.183.206 - - [03/Oct/2022:11:25:33 +0800] "GET /xingrg/all/function/internal_message.html?_=1664767264644&CODE_STATE=getMsg HTTP/1.1" 200 27
116.230.114.213 - - [03/Oct/2022:11:25:34 +0800] "GET /xingrg/all/function/internal_message.html?_=1664767533353&CODE_STATE=getMsg HTTP/1.1" 200 27
116.224.255.128 - - [03/Oct/2022:11:25:37 +0800] "GET /xingrg/all/function/internal_message.html?_=1664767451425&CODE_STATE=getMsg HTTP/1.1" 200 27
114.83.219.57 - - [03/Oct/2022:11:25:38 +0800] "GET /xingrg/all/function/internal_message.html?_=1664767625983&CODE_STATE=getMsg HTTP/1.1" 200 27
222.70.183.206 - - [03/Oct/2022:11:25:39 +0800] "GET /xingrg/kc/buy/cgsh_order_operate.html?command=get_materiel&rest_code=00111&code=00101015100&supplier_code=00100327&order_time=2022-10-03 HTTP/1.1" 200 426
58.37.225.234 - - [03/Oct/2022:11:25:41 +0800] "GET /xingrg/kc/buy/cgsh_order_operate.html?command=get_materiel&rest_code=00141&code=00101008145&supplier_code=00100327&order_time=2022-10-03 HTTP/1.1" 200 417
221.239.141.151 - - [03/Oct/2022:11:25:41 +0800] "GET /xingrg/all/function/internal_message.html?_=1664767541305&CODE_STATE=getMsg HTTP/1.1" 200 27
180.169.147.146 - - [03/Oct/2022:11:25:43 +0800] "GET /xingrg/all/function/internal_message.html?_=1664767540099&CODE_STATE=getMsg HTTP/1.1" 200 27
180.169.147.146 - - [03/Oct/2022:11:25:43 +0800] "GET /xingrg/check_reg.html?_=1664767549642 HTTP/1.1" 200 22
101.85.93.113 - - [03/Oct/2022:11:25:45 +0800] "GET /xingrg/all/function/internal_message.html?_=1664767541080&CODE_STATE=getMsg HTTP/1.1" 200 27
114.84.81.136 - - [03/Oct/2022:11:25:46 +0800] "GET /xingrg/all/function/internal_message.html?_=1664767543604&CODE_STATE=getMsg HTTP/1.1" 200 27
222.70.183.206 - - [03/Oct/2022:11:25:49 +0800] "GET /xingrg/kc/buy/cgsh_order_operate.html?command=get_materiel&rest_code=00111&code=00102002504&supplier_code=00100327&order_time=2022-10-03 HTTP/1.1" 200 417
58.37.225.234 - - [03/Oct/2022:11:25:49 +0800] "GET /xingrg/kc/buy/cgsh_order_operate.html?command=get_materiel&rest_code=00141&code=00101010792&supplier_code=00100327&order_time=2022-10-03 HTTP/1.1" 200 410
58.39.104.23 - - [03/Oct/2022:11:25:49 +0800] "GET /favicon.ico HTTP/1.1" 404 -
180.169.147.146 - - [03/Oct/2022:11:25:54 +0800] "GET /xingrg/all/function/internal_message.html?_=1664767551889&CODE_STATE=getMsg HTTP/1.1" 200 27
124.79.74.72 - - [03/Oct/2022:11:25:54 +0800] "GET /xingrg/all/function/internal_message.html?_=1664767552000&CODE_STATE=getMsg HTTP/1.1" 200 27
58.37.225.234 - - [03/Oct/2022:11:25:54 +0800] "GET /xingrg/all/function/internal_message.html?_=1664767552458&CODE_STATE=getMsg HTTP/1.1" 200 27
180.169.147.146 - - [03/Oct/2022:11:25:56 +0800] "GET /xingrg/all/function/internal_message.html?_=1664767554779&CODE_STATE=getMsg HTTP/1.1" 200 27
116.230.105.139 - - [03/Oct/2022:11:25:57 +0800] "GET /xingrg/all/function/internal_message.html?_=1664767537846&CODE_STATE=getMsg HTTP/1.1" 200 27
58.37.225.234 - - [03/Oct/2022:11:25:58 +0800] "POST /xingrg/kc/buy/cgsh_order_operate.html HTTP/1.1" 200 37
221.239.141.151 - - [03/Oct/2022:11:25:59 +0800] "GET /xingrg/kc/base/wldb_order_operate.html?command=get_materiel&rest_code=00102&base_code=0010476&code=00101014007 HTTP/1.1" 200 433
222.70.183.206 - - [03/Oct/2022:11:26:00 +0800] "GET /xingrg/all/function/internal_message.html?_=1664767557713&CODE_STATE=getMsg HTTP/1.1" 200 27
180.169.147.146 - - [03/Oct/2022:11:26:01 +0800] "GET /xingrg/all/function/internal_message.html?_=1664767568442&CODE_STATE=getMsg HTTP/1.1" 200 27
222.70.183.206 - - [03/Oct/2022:11:26:02 +0800] "POST /xingrg/kc/buy/cgsh_order_operate.html HTTP/1.1" 200 37
116.225.121.189 - - [03/Oct/2022:11:26:02 +0800] "GET /xingrg/all/function/internal_message.html?_=1664767562370&CODE_STATE=getMsg HTTP/1.1" 200 27
114.83.216.252 - - [03/Oct/2022:11:26:04 +0800] "GET /xingrg/all/function/internal_message.html?_=1664767561805&CODE_STATE=getMsg HTTP/1.1" 200 27
222.70.183.206 - - [03/Oct/2022:11:26:05 +0800] "POST /xingrg/kc/buy/cgsh_order_operate.html HTTP/1.1" 200 4462
58.37.225.234 - - [03/Oct/2022:11:26:05 +0800] "POST /xingrg/kc/buy/cgsh_order_operate.html HTTP/1.1" 200 12
58.37.225.234 - - [03/Oct/2022:11:26:07 +0800] "GET /xingrg/kc/buy/cgsh_order_info.html?code=212022100300818 HTTP/1.1" 200 63808
58.37.225.234 - - [03/Oct/2022:11:26:07 +0800] "GET /xingrg/javascript/easyui/themes/default/validatebox.css HTTP/1.1" 404 1104
58.37.225.234 - - [03/Oct/2022:11:26:08 +0800] "POST /xingrg/kc/buy/cgsh_order_operate.html HTTP/1.1" 200 1790
221.239.141.151 - - [03/Oct/2022:11:26:08 +0800] "GET /xingrg/kc/base/wldb_order_operate.html?command=get_materiel&rest_code=00102&base_code=0010478&code=00101014007 HTTP/1.1" 200 433
58.37.225.234 - - [03/Oct/2022:11:26:09 +0800] "GET /xingrg/kc/print/load_data.html?order_code=212022100300818&kc_code=cgsh&condition= HTTP/1.1" 200 1157
120.253.135.82 - - [03/Oct/2022:11:26:10 +0800] "GET /xingrg/all/function/internal_message.html?_=1664767685090&CODE_STATE=getMsg HTTP/1.1" 200 27
222.70.183.206 - - [03/Oct/2022:11:26:13 +0800] "GET /xingrg/kc/print/load_data.html?order_code=212022100300819&kc_code=cgsh&condition= HTTP/1.1" 200 1371
58.37.225.234 - - [03/Oct/2022:11:26:13 +0800] "GET /xingrg/kc/buy/cgsh_order_add.html HTTP/1.1" 200 68905
58.22.0.67 - - [03/Oct/2022:11:26:14 +0800] "POST /xingrg/dwr/call/plaincall/AjaxCheckService.setItemNumber.dwr HTTP/1.1" 200 76
58.37.225.234 - - [03/Oct/2022:11:26:14 +0800] "POST /xingrg/kc/buy/cgsh_order_operate.html HTTP/1.1" 200 8245
58.37.225.234 - - [03/Oct/2022:11:26:14 +0800] "GET /xingrg/javascript/easyui/themes/default/validatebox.css HTTP/1.1" 404 1104
124.79.246.218 - - [03/Oct/2022:11:26:16 +0800] "GET /xingrg/all/function/internal_message.html?_=1664767774587&CODE_STATE=getMsg HTTP/1.1" 200 27
172.20.0.100 - - [03/Oct/2022:11:26:16 +0800] "GET /xingrg/all/function/internal_message.html?_=1664767573502&CODE_STATE=getMsg HTTP/1.1" 200 27
222.70.183.206 - - [03/Oct/2022:11:26:18 +0800] "GET /xingrg/kc/buy/cgsh_order_add.html HTTP/1.1" 200 68861
222.70.183.206 - - [03/Oct/2022:11:26:18 +0800] "POST /xingrg/kc/buy/cgsh_order_operate.html HTTP/1.1" 200 8245
222.70.183.206 - - [03/Oct/2022:11:26:18 +0800] "GET /xingrg/javascript/easyui/themes/default/validatebox.css HTTP/1.1" 404 1104
116.225.121.189 - - [03/Oct/2022:11:26:21 +0800] "GET /xingrg/all/function/internal_message.html?_=1664767434503&CODE_STATE=getMsg HTTP/1.1" 200 27
221.239.141.151 - - [03/Oct/2022:11:26:21 +0800] "GET /xingrg/kc/base/wldb_order_operate.html?command=get_materiel&rest_code=00102&base_code=0010478&code=00101010057 HTTP/1.1" 200 439
58.22.0.67 - - [03/Oct/2022:11:26:23 +0800] "POST /xingrg/dwr/call/plaincall/AjaxCheckService.setItemNumber.dwr HTTP/1.1" 200 76
116.224.255.128 - - [03/Oct/2022:11:26:25 +0800] "GET /xingrg/all/function/internal_message.html?_=1664767611135&CODE_STATE=getMsg HTTP/1.1" 200 27
58.37.225.234 - - [03/Oct/2022:11:26:27 +0800] "GET /xingrg/kc/buy/cgsh_order_operate.html?command=get_materiel&rest_code=00141&code=00101006164&supplier_code=00100326&order_time=2022-10-03 HTTP/1.1" 200 415
221.239.141.151 - - [03/Oct/2022:11:26:27 +0800] "GET /xingrg/kc/base/wldb_order_operate.html?command=get_materiel&rest_code=00102&base_code=0010476&code=00101010057 HTTP/1.1" 200 439
124.78.158.230 - - [03/Oct/2022:11:26:30 +0800] "GET /xingrg/all/function/internal_message.html?_=1664767586655&CODE_STATE=getMsg HTTP/1.1" 200 27
222.70.183.206 - - [03/Oct/2022:11:26:30 +0800] "GET /xingrg/kc/buy/cgsh_order_operate.html?command=get_materiel&rest_code=00111&code=00101007057&supplier_code=00100323&order_time=2022-10-03 HTTP/1.1" 200 413
222.70.183.206 - - [03/Oct/2022:11:26:33 +0800] "GET /xingrg/all/function/internal_message.html?_=1664767324654&CODE_STATE=getMsg HTTP/1.1" 200 27
116.230.114.213 - - [03/Oct/2022:11:26:34 +0800] "GET /xingrg/all/function/internal_message.html?_=1664767593596&CODE_STATE=getMsg HTTP/1.1" 200 27
116.224.255.128 - - [03/Oct/2022:11:26:37 +0800] "GET /xingrg/all/function/internal_message.html?_=1664767511433&CODE_STATE=getMsg HTTP/1.1" 200 27
114.83.219.57 - - [03/Oct/2022:11:26:38 +0800] "GET /xingrg/all/function/internal_message.html?_=1664767685964&CODE_STATE=getMsg HTTP/1.1" 200 27
58.37.225.234 - - [03/Oct/2022:11:26:39 +0800] "POST /xingrg/kc/buy/cgsh_order_operate.html HTTP/1.1" 200 37
221.239.141.151 - - [03/Oct/2022:11:26:39 +0800] "GET /xingrg/check_reg.html?_=1664767599667 HTTP/1.1" 200 22
222.70.183.206 - - [03/Oct/2022:11:26:41 +0800] "GET /xingrg/kc/buy/cgsh_order_operate.html?command=get_materiel&rest_code=00111&code=00101001261&supplier_code=00100323&order_time=2022-10-03 HTTP/1.1" 200 410
221.239.141.151 - - [03/Oct/2022:11:26:41 +0800] "GET /xingrg/all/function/internal_message.html?_=1664767601282&CODE_STATE=getMsg HTTP/1.1" 200 27
221.239.141.151 - - [03/Oct/2022:11:26:41 +0800] "GET /xingrg/kc/base/wldb_order_operate.html?command=get_materiel&rest_code=00102&base_code=0010476&code=00101019438 HTTP/1.1" 200 462
180.169.147.146 - - [03/Oct/2022:11:26:43 +0800] "GET /xingrg/all/function/internal_message.html?_=1664767600098&CODE_STATE=getMsg HTTP/1.1" 200 27
58.37.225.234 - - [03/Oct/2022:11:26:44 +0800] "POST /xingrg/kc/buy/cgsh_order_operate.html HTTP/1.1" 200 12
101.85.93.113 - - [03/Oct/2022:11:26:45 +0800] "GET /xingrg/all/function/internal_message.html?_=1664767601080&CODE_STATE=getMsg HTTP/1.1" 200 27
221.239.141.151 - - [03/Oct/2022:11:26:45 +0800] "GET /xingrg/kc/base/wldb_order_operate.html?command=get_materiel&rest_code=00102&base_code=0010476&code=00101019391 HTTP/1.1" 200 485
114.84.81.136 - - [03/Oct/2022:11:26:46 +0800] "GET /xingrg/all/function/internal_message.html?_=1664767603615&CODE_STATE=getMsg HTTP/1.1" 200 27
58.22.0.67 - - [03/Oct/2022:11:26:47 +0800] "POST /xingrg/dwr/call/plaincall/AjaxCheckService.setItemNumber.dwr HTTP/1.1" 200 77
58.37.225.234 - - [03/Oct/2022:11:26:49 +0800] "GET /xingrg/kc/buy/cgsh_order_info.html?code=212022100300820 HTTP/1.1" 200 63812
58.37.225.234 - - [03/Oct/2022:11:26:50 +0800] "GET /xingrg/javascript/easyui/themes/default/validatebox.css HTTP/1.1" 404 1104
221.239.141.151 - - [03/Oct/2022:11:26:50 +0800] "GET /xingrg/kc/base/wldb_order_operate.html?command=get_materiel&rest_code=00102&base_code=0010476&code=00101016007 HTTP/1.1" 200 447
58.37.225.234 - - [03/Oct/2022:11:26:51 +0800] "POST /xingrg/kc/buy/cgsh_order_operate.html HTTP/1.1" 200 610
58.37.225.234 - - [03/Oct/2022:11:26:53 +0800] "GET /xingrg/kc/print/load_data.html?order_code=212022100300820&kc_code=cgsh&condition= HTTP/1.1" 200 711
180.169.147.146 - - [03/Oct/2022:11:26:54 +0800] "GET /xingrg/all/function/internal_message.html?_=1664767611898&CODE_STATE=getMsg HTTP/1.1" 200 27
124.79.74.72 - - [03/Oct/2022:11:26:54 +0800] "GET /xingrg/all/function/internal_message.html?_=1664767612002&CODE_STATE=getMsg HTTP/1.1" 200 27
58.37.225.234 - - [03/Oct/2022:11:26:54 +0800] "GET /xingrg/all/function/internal_message.html?_=1664767612433&CODE_STATE=getMsg HTTP/1.1" 200 27
221.239.141.151 - - [03/Oct/2022:11:26:54 +0800] "GET /xingrg/kc/base/wldb_order_operate.html?command=get_materiel&rest_code=00102&base_code=0010476&code=00101016019 HTTP/1.1" 200 451
180.169.147.146 - - [03/Oct/2022:11:26:56 +0800] "GET /xingrg/all/function/internal_message.html?_=1664767614778&CODE_STATE=getMsg HTTP/1.1" 200 27
116.230.105.139 - - [03/Oct/2022:11:26:57 +0800] "GET /xingrg/all/function/internal_message.html?_=1664767597853&CODE_STATE=getMsg HTTP/1.1" 200 27
221.239.141.151 - - [03/Oct/2022:11:27:00 +0800] "GET /xingrg/kc/base/wldb_order_operate.html?command=get_materiel&rest_code=00102&base_code=0010476&code=00101016064 HTTP/1.1" 200 470
58.37.225.234 - - [03/Oct/2022:11:27:00 +0800] "GET /xingrg/kc/buy/cgsh_order_add.html HTTP/1.1" 200 68905
222.70.183.206 - - [03/Oct/2022:11:27:00 +0800] "GET /xingrg/all/function/internal_message.html?_=1664767617713&CODE_STATE=getMsg HTTP/1.1" 200 27
58.22.0.67 - - [03/Oct/2022:11:27:00 +0800] "POST /xingrg/dwr/call/plaincall/AjaxCheckService.setItemNumber.dwr HTTP/1.1" 200 77
120.253.135.82 - - [03/Oct/2022:11:27:00 +0800] "GET /xingrg/check_reg.html?_=1664767735779 HTTP/1.1" 200 22
222.70.183.206 - - [03/Oct/2022:11:27:01 +0800] "GET /xingrg/kc/buy/cgsh_order_operate.html?command=get_materiel&rest_code=00111&code=00101002029&supplier_code=00100323&order_time=2022-10-03 HTTP/1.1" 200 414
58.37.225.234 - - [03/Oct/2022:11:27:01 +0800] "POST /xingrg/kc/buy/cgsh_order_operate.html HTTP/1.1" 200 8245
58.37.225.234 - - [03/Oct/2022:11:27:01 +0800] "GET /xingrg/javascript/easyui/themes/default/validatebox.css HTTP/1.1" 404 1104
180.169.147.146 - - [03/Oct/2022:11:27:01 +0800] "GET /xingrg/all/function/internal_message.html?_=1664767628454&CODE_STATE=getMsg HTTP/1.1" 200 27
116.225.121.189 - - [03/Oct/2022:11:27:02 +0800] "GET /xingrg/all/function/internal_message.html?_=1664767622370&CODE_STATE=getMsg HTTP/1.1" 200 27
114.83.216.252 - - [03/Oct/2022:11:27:04 +0800] "GET /xingrg/all/function/internal_message.html?_=1664767621771&CODE_STATE=getMsg HTTP/1.1" 200 27
221.239.141.151 - - [03/Oct/2022:11:27:04 +0800] "GET /xingrg/kc/base/wldb_order_operate.html?command=get_materiel&rest_code=00102&base_code=0010476&code=00101019056 HTTP/1.1" 200 477
221.239.141.151 - - [03/Oct/2022:11:27:09 +0800] "GET /xingrg/kc/base/wldb_order_operate.html?command=get_materiel&rest_code=00102&base_code=0010476&code=00101019072 HTTP/1.1" 200 474
222.70.183.206 - - [03/Oct/2022:11:27:09 +0800] "POST /xingrg/kc/buy/cgsh_order_operate.html HTTP/1.1" 200 37
120.253.135.82 - - [03/Oct/2022:11:27:10 +0800] "GET /xingrg/all/function/internal_message.html?_=1664767745104&CODE_STATE=getMsg HTTP/1.1" 200 27
222.70.183.206 - - [03/Oct/2022:11:27:11 +0800] "POST /xingrg/kc/buy/cgsh_order_operate.html HTTP/1.1" 200 3839
58.37.225.234 - - [03/Oct/2022:11:27:12 +0800] "GET /xingrg/kc/buy/cgsh_order_operate.html?command=get_materiel&rest_code=00141&code=00101002006&supplier_code=00100091&order_time=2022-10-03 HTTP/1.1" 200 414
222.70.183.206 - - [03/Oct/2022:11:27:12 +0800] "GET /xingrg/kc/print/load_data.html?order_code=212022100300821&kc_code=cgsh&condition= HTTP/1.1" 200 1123
221.239.141.151 - - [03/Oct/2022:11:27:14 +0800] "GET /xingrg/kc/base/wldb_order_operate.html?command=get_materiel&rest_code=00102&base_code=0010476&code=00101019071 HTTP/1.1" 200 471
124.79.246.218 - - [03/Oct/2022:11:27:16 +0800] "GET /xingrg/check_reg.html?_=1664767834592 HTTP/1.1" 200 22
124.79.246.218 - - [03/Oct/2022:11:27:16 +0800] "GET /xingrg/all/function/internal_message.html?_=1664767834591&CODE_STATE=getMsg HTTP/1.1" 200 27
172.20.0.100 - - [03/Oct/2022:11:27:16 +0800] "GET /xingrg/all/function/internal_message.html?_=1664767633488&CODE_STATE=getMsg HTTP/1.1" 200 27
58.22.0.67 - - [03/Oct/2022:11:27:17 +0800] "POST /xingrg/dwr/call/plaincall/AjaxCheckService.setItemNumber.dwr HTTP/1.1" 200 77
222.70.183.206 - - [03/Oct/2022:11:27:17 +0800] "GET /xingrg/kc/buy/cgsh_order_add.html HTTP/1.1" 200 68861
222.70.183.206 - - [03/Oct/2022:11:27:17 +0800] "POST /xingrg/kc/buy/cgsh_order_operate.html HTTP/1.1" 200 8245
222.70.183.206 - - [03/Oct/2022:11:27:17 +0800] "GET /xingrg/javascript/easyui/themes/default/validatebox.css HTTP/1.1" 404 1104
221.239.141.151 - - [03/Oct/2022:11:27:18 +0800] "POST /xingrg/kc/base/wldb_order_operate.html HTTP/1.1" 200 37
114.83.216.252 - - [03/Oct/2022:11:27:18 +0800] "GET /xingrg/kc/buy/cgsh_order_operate.html?command=get_materiel&rest_code=00149&code=00101002007&supplier_code=00100039&order_time=2022-10-03 HTTP/1.1" 200 411
116.230.114.213 - - [03/Oct/2022:11:27:20 +0800] "GET /xingrg/check_reg.html?_=1664767640013 HTTP/1.1" 200 22
116.225.121.189 - - [03/Oct/2022:11:27:21 +0800] "GET /xingrg/all/function/internal_message.html?_=1664767494493&CODE_STATE=getMsg HTTP/1.1" 200 27
221.239.141.151 - - [03/Oct/2022:11:27:21 +0800] "POST /xingrg/kc/base/wldb_order_operate.html HTTP/1.1" 200 12
221.239.141.151 - - [03/Oct/2022:11:27:21 +0800] "POST /xingrg/kc/base/wldb_order_operate.html HTTP/1.1" 200 5196
221.239.141.151 - - [03/Oct/2022:11:27:23 +0800] "GET /xingrg/kc/base/wldb_order_info.html?code=422022100300194 HTTP/1.1" 200 26272
221.239.141.151 - - [03/Oct/2022:11:27:23 +0800] "GET /xingrg/javascript/easyui/themes/default/validatebox.css HTTP/1.1" 404 1104
221.239.141.151 - - [03/Oct/2022:11:27:23 +0800] "POST /xingrg/kc/base/wldb_order_operate.html HTTP/1.1" 200 3422
58.37.225.234 - - [03/Oct/2022:11:27:25 +0800] "GET /xingrg/kc/buy/cgsh_order_operate.html?command=get_materiel&rest_code=00141&code=00101002034&supplier_code=00100091&order_time=2022-10-03 HTTP/1.1" 200 409
116.224.255.128 - - [03/Oct/2022:11:27:25 +0800] "GET /xingrg/all/function/internal_message.html?_=1664767671123&CODE_STATE=getMsg HTTP/1.1" 200 27
58.22.0.67 - - [03/Oct/2022:11:27:26 +0800] "POST /xingrg/dwr/call/plaincall/AjaxCheckService.setItemNumber.dwr HTTP/1.1" 200 77
221.239.141.151 - - [03/Oct/2022:11:27:26 +0800] "GET /xingrg/kc/base/wldb_order_add.html HTTP/1.1" 200 30394
222.70.183.206 - - [03/Oct/2022:11:27:26 +0800] "GET /xingrg/kc/buy/cgsh_order_operate.html?command=get_materiel&rest_code=00111&code=00101007077&supplier_code=00100328&order_time=2022-10-03 HTTP/1.1" 200 432
221.239.141.151 - - [03/Oct/2022:11:27:27 +0800] "POST /xingrg/kc/base/wldb_order_operate.html HTTP/1.1" 200 6806
221.239.141.151 - - [03/Oct/2022:11:27:27 +0800] "GET /xingrg/javascript/easyui/themes/default/validatebox.css HTTP/1.1" 404 1104
124.78.158.230 - - [03/Oct/2022:11:27:30 +0800] "GET /xingrg/all/function/internal_message.html?_=1664767646626&CODE_STATE=getMsg HTTP/1.1" 200 27
58.37.225.234 - - [03/Oct/2022:11:27:32 +0800] "POST /xingrg/kc/buy/cgsh_order_operate.html HTTP/1.1" 200 37
222.70.183.206 - - [03/Oct/2022:11:27:33 +0800] "GET /xingrg/all/function/internal_message.html?_=1664767384653&CODE_STATE=getMsg HTTP/1.1" 200 27
116.230.114.213 - - [03/Oct/2022:11:27:34 +0800] "GET /xingrg/all/function/internal_message.html?_=1664767653597&CODE_STATE=getMsg HTTP/1.1" 200 27
221.239.141.151 - - [03/Oct/2022:11:27:35 +0800] "GET /xingrg/kc/base/wldb_order_operate.html?command=get_materiel&rest_code=00102&base_code=0010476&code=00101019074 HTTP/1.1" 200 471
222.70.183.206 - - [03/Oct/2022:11:27:35 +0800] "POST /xingrg/kc/buy/cgsh_order_operate.html HTTP/1.1" 200 37
116.224.255.128 - - [03/Oct/2022:11:27:36 +0800] "GET /xingrg/check_reg.html?_=1664767571080 HTTP/1.1" 200 22
116.224.255.128 - - [03/Oct/2022:11:27:37 +0800] "GET /xingrg/all/function/internal_message.html?_=1664767571447&CODE_STATE=getMsg HTTP/1.1" 200 27
58.22.0.67 - - [03/Oct/2022:11:27:37 +0800] "POST /xingrg/dwr/call/plaincall/AjaxCheckService.setItemNumber.dwr HTTP/1.1" 200 77
222.70.183.206 - - [03/Oct/2022:11:27:37 +0800] "POST /xingrg/kc/buy/cgsh_order_operate.html HTTP/1.1" 200 2660
114.83.219.57 - - [03/Oct/2022:11:27:38 +0800] "GET /xingrg/all/function/internal_message.html?_=1664767745948&CODE_STATE=getMsg HTTP/1.1" 200 27
114.83.219.57 - - [03/Oct/2022:11:27:38 +0800] "GET /xingrg/check_reg.html?_=1664767746166 HTTP/1.1" 200 22
222.70.183.206 - - [03/Oct/2022:11:27:38 +0800] "GET /xingrg/kc/print/load_data.html?order_code=212022100300823&kc_code=cgsh&condition= HTTP/1.1" 200 682
58.37.225.234 - - [03/Oct/2022:11:27:38 +0800] "POST /xingrg/kc/buy/cgsh_order_operate.html HTTP/1.1" 200 12
58.37.225.234 - - [03/Oct/2022:11:27:40 +0800] "GET /xingrg/kc/buy/cgsh_order_info.html?code=212022100300822 HTTP/1.1" 200 63812
221.239.141.151 - - [03/Oct/2022:11:27:40 +0800] "GET /xingrg/kc/base/wldb_order_operate.html?command=get_materiel&rest_code=00102&base_code=0010476&code=00101019507 HTTP/1.1" 200 461
58.37.225.234 - - [03/Oct/2022:11:27:40 +0800] "GET /xingrg/javascript/easyui/themes/default/validatebox.css HTTP/1.1" 404 1104
58.37.225.234 - - [03/Oct/2022:11:27:41 +0800] "POST /xingrg/kc/buy/cgsh_order_operate.html HTTP/1.1" 200 1202
221.239.141.151 - - [03/Oct/2022:11:27:41 +0800] "GET /xingrg/all/function/internal_message.html?_=1664767661258&CODE_STATE=getMsg HTTP/1.1" 200 27
58.37.225.234 - - [03/Oct/2022:11:27:42 +0800] "GET /xingrg/kc/print/load_data.html?order_code=212022100300822&kc_code=cgsh&condition= HTTP/1.1" 200 1002
222.70.183.206 - - [03/Oct/2022:11:27:42 +0800] "GET /xingrg/kc/buy/cgsh_order_add.html HTTP/1.1" 200 68861
222.70.183.206 - - [03/Oct/2022:11:27:42 +0800] "POST /xingrg/kc/buy/cgsh_order_operate.html HTTP/1.1" 200 8245
222.70.183.206 - - [03/Oct/2022:11:27:42 +0800] "GET /xingrg/javascript/easyui/themes/default/validatebox.css HTTP/1.1" 404 1104
180.169.147.146 - - [03/Oct/2022:11:27:43 +0800] "GET /xingrg/all/function/internal_message.html?_=1664767660113&CODE_STATE=getMsg HTTP/1.1" 200 27
58.22.0.67 - - [03/Oct/2022:11:27:44 +0800] "POST /xingrg/dwr/call/plaincall/AjaxCheckService.setItemNumber.dwr HTTP/1.1" 200 77
101.85.93.113 - - [03/Oct/2022:11:27:45 +0800] "GET /xingrg/all/function/internal_message.html?_=1664767661080&CODE_STATE=getMsg HTTP/1.1" 200 27
114.84.81.136 - - [03/Oct/2022:11:27:46 +0800] "GET /xingrg/all/function/internal_message.html?_=1664767663616&CODE_STATE=getMsg HTTP/1.1" 200 27
114.84.81.136 - - [03/Oct/2022:11:27:46 +0800] "GET /xingrg/check_reg.html?_=1664767663619 HTTP/1.1" 200 22
58.37.225.234 - - [03/Oct/2022:11:27:47 +0800] "GET /xingrg/kc/buy/cgsh_order_add.html HTTP/1.1" 200 68905
58.37.225.234 - - [03/Oct/2022:11:27:48 +0800] "POST /xingrg/kc/buy/cgsh_order_operate.html HTTP/1.1" 200 8245
58.37.225.234 - - [03/Oct/2022:11:27:48 +0800] "GET /xingrg/javascript/easyui/themes/default/validatebox.css HTTP/1.1" 404 1104
221.239.141.151 - - [03/Oct/2022:11:27:49 +0800] "GET /xingrg/kc/base/wldb_order_operate.html?command=get_materiel&rest_code=00102&base_code=0010476&code=00101019066 HTTP/1.1" 200 455
58.22.0.67 - - [03/Oct/2022:11:27:54 +0800] "POST /xingrg/dwr/call/plaincall/AjaxCheckService.setItemNumber.dwr HTTP/1.1" 200 77
180.169.147.146 - - [03/Oct/2022:11:27:54 +0800] "GET /xingrg/all/function/internal_message.html?_=1664767671887&CODE_STATE=getMsg HTTP/1.1" 200 27
58.37.225.234 - - [03/Oct/2022:11:27:54 +0800] "GET /xingrg/all/function/internal_message.html?_=1664767672411&CODE_STATE=getMsg HTTP/1.1" 200 27
124.79.74.72 - - [03/Oct/2022:11:27:54 +0800] "GET /xingrg/all/function/internal_message.html?_=1664767672003&CODE_STATE=getMsg HTTP/1.1" 200 27
222.70.183.206 - - [03/Oct/2022:11:27:55 +0800] "GET /xingrg/kc/buy/cgsh_order_operate.html?command=get_materiel&rest_code=00111&code=00101012046&supplier_code=00100487&order_time=2022-10-03 HTTP/1.1" 200 417
58.37.225.234 - - [03/Oct/2022:11:27:56 +0800] "GET /xingrg/kc/buy/cgsh_order_operate.html?command=get_materiel&rest_code=00141&code=00101020225&supplier_code=00100485&order_time=2022-10-03 HTTP/1.1" 200 417
180.169.147.146 - - [03/Oct/2022:11:27:56 +0800] "GET /xingrg/all/function/internal_message.html?_=1664767674776&CODE_STATE=getMsg HTTP/1.1" 200 27
116.230.105.139 - - [03/Oct/2022:11:27:57 +0800] "GET /xingrg/all/function/internal_message.html?_=1664767657844&CODE_STATE=getMsg HTTP/1.1" 200 27
116.230.105.139 - - [03/Oct/2022:11:27:57 +0800] "GET /xingrg/check_reg.html?_=1664767657847 HTTP/1.1" 200 22
222.70.183.206 - - [03/Oct/2022:11:28:00 +0800] "GET /xingrg/all/function/internal_message.html?_=1664767677724&CODE_STATE=getMsg HTTP/1.1" 200 27
180.169.147.146 - - [03/Oct/2022:11:28:02 +0800] "GET /xingrg/all/function/internal_message.html?_=1664767688481&CODE_STATE=getMsg HTTP/1.1" 200 27
116.225.121.189 - - [03/Oct/2022:11:28:02 +0800] "GET /xingrg/all/function/internal_message.html?_=1664767682371&CODE_STATE=getMsg HTTP/1.1" 200 27
114.83.216.252 - - [03/Oct/2022:11:28:04 +0800] "GET /xingrg/all/function/internal_message.html?_=1664767681755&CODE_STATE=getMsg HTTP/1.1" 200 27
222.70.183.206 - - [03/Oct/2022:11:28:04 +0800] "POST /xingrg/kc/buy/cgsh_order_operate.html HTTP/1.1" 200 37
222.70.183.206 - - [03/Oct/2022:11:28:06 +0800] "POST /xingrg/kc/buy/cgsh_order_operate.html HTTP/1.1" 200 2660
221.239.141.151 - - [03/Oct/2022:11:28:06 +0800] "GET /xingrg/kc/base/wldb_order_operate.html?command=get_materiel&rest_code=00102&base_code=0010476&code=00101019405 HTTP/1.1" 200 482
222.70.183.206 - - [03/Oct/2022:11:28:07 +0800] "GET /xingrg/kc/print/load_data.html?order_code=212022100300824&kc_code=cgsh&condition= HTTP/1.1" 200 675
120.253.135.82 - - [03/Oct/2022:11:28:10 +0800] "GET /xingrg/all/function/internal_message.html?_=1664767805119&CODE_STATE=getMsg HTTP/1.1" 200 27
222.70.183.206 - - [03/Oct/2022:11:28:11 +0800] "GET /xingrg/kc/buy/cgsh_order_add.html HTTP/1.1" 200 68861
222.70.183.206 - - [03/Oct/2022:11:28:11 +0800] "POST /xingrg/kc/buy/cgsh_order_operate.html HTTP/1.1" 200 8245
222.70.183.206 - - [03/Oct/2022:11:28:12 +0800] "GET /xingrg/javascript/easyui/themes/default/validatebox.css HTTP/1.1" 404 1104
221.239.141.151 - - [03/Oct/2022:11:28:15 +0800] "GET /xingrg/kc/base/wldb_order_operate.html?command=get_materiel&rest_code=00102&base_code=0010476&code=00101019073 HTTP/1.1" 200 474
124.79.246.218 - - [03/Oct/2022:11:28:16 +0800] "GET /xingrg/all/function/internal_message.html?_=1664767894616&CODE_STATE=getMsg HTTP/1.1" 200 27
116.230.114.213 - - [03/Oct/2022:11:28:16 +0800] "GET /xingrg/check_reg.html?_=1664767695298 HTTP/1.1" 302 -
172.20.0.100 - - [03/Oct/2022:11:28:16 +0800] "GET /xingrg/all/function/internal_message.html?_=1664767693460&CODE_STATE=getMsg HTTP/1.1" 200 27
221.239.141.151 - - [03/Oct/2022:11:28:19 +0800] "POST /xingrg/kc/base/wldb_order_operate.html HTTP/1.1" 200 37
116.225.121.189 - - [03/Oct/2022:11:28:21 +0800] "GET /xingrg/all/function/internal_message.html?_=1664767554493&CODE_STATE=getMsg HTTP/1.1" 200 27
116.225.121.189 - - [03/Oct/2022:11:28:21 +0800] "GET /xingrg/check_reg.html?_=1664767554513 HTTP/1.1" 200 22
58.37.225.234 - - [03/Oct/2022:11:28:22 +0800] "POST /xingrg/kc/buy/cgsh_order_operate.html HTTP/1.1" 200 37
221.239.141.151 - - [03/Oct/2022:11:28:22 +0800] "POST /xingrg/kc/base/wldb_order_operate.html HTTP/1.1" 200 12
221.239.141.151 - - [03/Oct/2022:11:28:22 +0800] "POST /xingrg/kc/base/wldb_order_operate.html HTTP/1.1" 200 4737
221.239.141.151 - - [03/Oct/2022:11:28:23 +0800] "GET /xingrg/kc/base/wldb_order_info.html?code=422022100300195 HTTP/1.1" 200 26272
222.70.183.206 - - [03/Oct/2022:11:28:23 +0800] "GET /xingrg/kc/buy/cgsh_order_operate.html?command=get_materiel&rest_code=00111&code=00101001115&supplier_code=00100089&order_time=2022-10-03 HTTP/1.1" 200 433
58.37.225.234 - - [03/Oct/2022:11:28:24 +0800] "GET /xingrg/check_reg.html?_=1664767701850 HTTP/1.1" 200 22
221.239.141.151 - - [03/Oct/2022:11:28:24 +0800] "GET /xingrg/javascript/easyui/themes/default/validatebox.css HTTP/1.1" 404 1104
221.239.141.151 - - [03/Oct/2022:11:28:24 +0800] "POST /xingrg/kc/base/wldb_order_operate.html HTTP/1.1" 200 2976
116.224.255.128 - - [03/Oct/2022:11:28:25 +0800] "GET /xingrg/all/function/internal_message.html?_=1664767731124&CODE_STATE=getMsg HTTP/1.1" 200 27
221.239.141.151 - - [03/Oct/2022:11:28:25 +0800] "GET /xingrg/kc/base/wldb_order_add.html HTTP/1.1" 200 30394
221.239.141.151 - - [03/Oct/2022:11:28:25 +0800] "POST /xingrg/kc/base/wldb_order_operate.html HTTP/1.1" 200 6806
221.239.141.151 - - [03/Oct/2022:11:28:26 +0800] "GET /xingrg/javascript/easyui/themes/default/validatebox.css HTTP/1.1" 404 1104
58.37.225.234 - - [03/Oct/2022:11:28:26 +0800] "POST /xingrg/kc/buy/cgsh_order_operate.html HTTP/1.1" 200 12
58.37.225.234 - - [03/Oct/2022:11:28:27 +0800] "GET /xingrg/kc/buy/cgsh_order_info.html?code=212022100300825 HTTP/1.1" 200 63810
58.37.225.234 - - [03/Oct/2022:11:28:27 +0800] "GET /xingrg/javascript/easyui/themes/default/validatebox.css HTTP/1.1" 404 1104
58.37.225.234 - - [03/Oct/2022:11:28:28 +0800] "POST /xingrg/kc/buy/cgsh_order_operate.html HTTP/1.1" 200 612
58.37.225.234 - - [03/Oct/2022:11:28:29 +0800] "GET /xingrg/kc/print/load_data.html?order_code=212022100300825&kc_code=cgsh&condition= HTTP/1.1" 200 707
124.78.158.230 - - [03/Oct/2022:11:28:30 +0800] "GET /xingrg/all/function/internal_message.html?_=1664767706599&CODE_STATE=getMsg HTTP/1.1" 200 27
124.78.158.230 - - [03/Oct/2022:11:28:31 +0800] "GET /xingrg/check_reg.html?_=1664767708234 HTTP/1.1" 200 22
221.239.141.151 - - [03/Oct/2022:11:28:33 +0800] "GET /xingrg/kc/base/wldb_order_operate.html?command=get_materiel&rest_code=00102&base_code=0010476&code=00101027001 HTTP/1.1" 200 471
222.70.183.206 - - [03/Oct/2022:11:28:33 +0800] "GET /xingrg/all/function/internal_message.html?_=1664767444665&CODE_STATE=getMsg HTTP/1.1" 200 27
222.70.183.206 - - [03/Oct/2022:11:28:33 +0800] "GET /xingrg/check_reg.html?_=1664767444667 HTTP/1.1" 200 22
116.230.114.213 - - [03/Oct/2022:11:28:34 +0800] "GET /xingrg/all/function/internal_message.html?_=1664767713612&CODE_STATE=getMsg HTTP/1.1" 200 27
58.37.225.234 - - [03/Oct/2022:11:28:34 +0800] "GET /xingrg/kc/buy/cgsh_order_add.html HTTP/1.1" 200 68905
58.37.225.234 - - [03/Oct/2022:11:28:35 +0800] "GET /xingrg/javascript/easyui/themes/default/validatebox.css HTTP/1.1" 404 1104
58.37.225.234 - - [03/Oct/2022:11:28:35 +0800] "POST /xingrg/kc/buy/cgsh_order_operate.html HTTP/1.1" 200 8245
222.70.183.206 - - [03/Oct/2022:11:28:35 +0800] "POST /xingrg/kc/buy/cgsh_order_operate.html HTTP/1.1" 200 37
221.239.141.151 - - [03/Oct/2022:11:28:36 +0800] "GET /xingrg/kc/base/wldb_order_operate.html?command=get_materiel&rest_code=00102&base_code=0010476&code=00101019400 HTTP/1.1" 200 463
116.224.255.128 - - [03/Oct/2022:11:28:37 +0800] "GET /xingrg/all/function/internal_message.html?_=1664767631461&CODE_STATE=getMsg HTTP/1.1" 200 27
222.70.183.206 - - [03/Oct/2022:11:28:37 +0800] "POST /xingrg/kc/buy/cgsh_order_operate.html HTTP/1.1" 200 2661
114.83.219.57 - - [03/Oct/2022:11:28:38 +0800] "GET /xingrg/all/function/internal_message.html?_=1664767805919&CODE_STATE=getMsg HTTP/1.1" 200 27
222.70.183.206 - - [03/Oct/2022:11:28:38 +0800] "GET /xingrg/kc/print/load_data.html?order_code=212022100300826&kc_code=cgsh&condition= HTTP/1.1" 200 754
221.239.141.151 - - [03/Oct/2022:11:28:41 +0800] "GET /xingrg/kc/base/wldb_order_operate.html?command=get_materiel&rest_code=00102&base_code=0010476&code=00101019026 HTTP/1.1" 200 480
221.239.141.151 - - [03/Oct/2022:11:28:41 +0800] "GET /xingrg/all/function/internal_message.html?_=1664767721242&CODE_STATE=getMsg HTTP/1.1" 200 27
222.70.183.206 - - [03/Oct/2022:11:28:42 +0800] "GET /xingrg/kc/buy/cgsh_order_add.html HTTP/1.1" 200 68861
222.70.183.206 - - [03/Oct/2022:11:28:43 +0800] "POST /xingrg/kc/buy/cgsh_order_operate.html HTTP/1.1" 200 8245
222.70.183.206 - - [03/Oct/2022:11:28:43 +0800] "GET /xingrg/javascript/easyui/themes/default/validatebox.css HTTP/1.1" 404 1104
180.169.147.146 - - [03/Oct/2022:11:28:43 +0800] "GET /xingrg/check_reg.html?_=1664767720112 HTTP/1.1" 200 22
180.169.147.146 - - [03/Oct/2022:11:28:43 +0800] "GET /xingrg/all/function/internal_message.html?_=1664767720113&CODE_STATE=getMsg HTTP/1.1" 200 27
58.37.225.234 - - [03/Oct/2022:11:28:43 +0800] "GET /xingrg/kc/buy/cgsh_order_operate.html?command=get_materiel&rest_code=00141&code=00101003037&supplier_code=00100088&order_time=2022-10-03 HTTP/1.1" 200 415
101.85.93.113 - - [03/Oct/2022:11:28:45 +0800] "GET /xingrg/all/function/internal_message.html?_=1664767721080&CODE_STATE=getMsg HTTP/1.1" 200 27
114.84.81.136 - - [03/Oct/2022:11:28:46 +0800] "GET /xingrg/all/function/internal_message.html?_=1664767723619&CODE_STATE=getMsg HTTP/1.1" 200 27
221.239.141.151 - - [03/Oct/2022:11:28:47 +0800] "POST /xingrg/kc/base/wldb_order_operate.html HTTP/1.1" 200 37
114.83.216.252 - - [03/Oct/2022:11:28:50 +0800] "GET /xingrg/kc/buy/cgsh_order_operate.html?command=get_materiel&rest_code=00149&code=00101003035&supplier_code=00100039&order_time=2022-10-03 HTTP/1.1" 200 411
221.239.141.151 - - [03/Oct/2022:11:28:50 +0800] "POST /xingrg/kc/base/wldb_order_operate.html HTTP/1.1" 200 12
221.239.141.151 - - [03/Oct/2022:11:28:50 +0800] "POST /xingrg/kc/base/wldb_order_operate.html HTTP/1.1" 200 3736
221.239.141.151 - - [03/Oct/2022:11:28:51 +0800] "GET /xingrg/kc/base/wldb_order_info.html?code=422022100300196 HTTP/1.1" 200 26272
221.239.141.151 - - [03/Oct/2022:11:28:51 +0800] "GET /xingrg/javascript/easyui/themes/default/validatebox.css HTTP/1.1" 404 1104
221.239.141.151 - - [03/Oct/2022:11:28:51 +0800] "POST /xingrg/kc/base/wldb_order_operate.html HTTP/1.1" 200 1997
221.239.141.151 - - [03/Oct/2022:11:28:53 +0800] "GET /xingrg/kc/base/wldb_order_add.html HTTP/1.1" 200 30394
222.70.183.206 - - [03/Oct/2022:11:28:53 +0800] "GET /xingrg/kc/buy/cgsh_order_operate.html?command=get_materiel&rest_code=00111&code=00101010079&supplier_code=00100336&order_time=2022-10-03 HTTP/1.1" 200 413
221.239.141.151 - - [03/Oct/2022:11:28:53 +0800] "GET /xingrg/javascript/easyui/themes/default/validatebox.css HTTP/1.1" 404 1104
221.239.141.151 - - [03/Oct/2022:11:28:53 +0800] "POST /xingrg/kc/base/wldb_order_operate.html HTTP/1.1" 200 6806
180.169.147.146 - - [03/Oct/2022:11:28:54 +0800] "GET /xingrg/all/function/internal_message.html?_=1664767731901&CODE_STATE=getMsg HTTP/1.1" 200 27
58.37.225.234 - - [03/Oct/2022:11:28:54 +0800] "GET /xingrg/all/function/internal_message.html?_=1664767732410&CODE_STATE=getMsg HTTP/1.1" 200 27
124.79.74.72 - - [03/Oct/2022:11:28:54 +0800] "GET /xingrg/check_reg.html?_=1664767731988 HTTP/1.1" 200 22
124.79.74.72 - - [03/Oct/2022:11:28:54 +0800] "GET /xingrg/all/function/internal_message.html?_=1664767731989&CODE_STATE=getMsg HTTP/1.1" 200 27
180.169.147.146 - - [03/Oct/2022:11:28:56 +0800] "GET /xingrg/all/function/internal_message.html?_=1664767734803&CODE_STATE=getMsg HTTP/1.1" 200 27
116.230.105.139 - - [03/Oct/2022:11:28:57 +0800] "GET /xingrg/all/function/internal_message.html?_=1664767717849&CODE_STATE=getMsg HTTP/1.1" 200 27
58.37.225.234 - - [03/Oct/2022:11:28:57 +0800] "POST /xingrg/kc/buy/cgsh_order_operate.html HTTP/1.1" 200 37
222.70.183.206 - - [03/Oct/2022:11:29:00 +0800] "GET /xingrg/all/function/internal_message.html?_=1664767737708&CODE_STATE=getMsg HTTP/1.1" 200 27
180.169.147.146 - - [03/Oct/2022:11:29:02 +0800] "GET /xingrg/all/function/internal_message.html?_=1664767748498&CODE_STATE=getMsg HTTP/1.1" 200 27
222.70.183.206 - - [03/Oct/2022:11:29:02 +0800] "POST /xingrg/kc/buy/cgsh_order_operate.html HTTP/1.1" 200 37
116.225.121.189 - - [03/Oct/2022:11:29:02 +0800] "GET /xingrg/all/function/internal_message.html?_=1664767742370&CODE_STATE=getMsg HTTP/1.1" 200 27
222.70.183.206 - - [03/Oct/2022:11:29:04 +0800] "POST /xingrg/kc/buy/cgsh_order_operate.html HTTP/1.1" 200 2658
114.83.216.252 - - [03/Oct/2022:11:29:04 +0800] "GET /xingrg/all/function/internal_message.html?_=1664767741732&CODE_STATE=getMsg HTTP/1.1" 200 27
222.70.183.206 - - [03/Oct/2022:11:29:05 +0800] "GET /xingrg/kc/print/load_data.html?order_code=212022100300828&kc_code=cgsh&condition= HTTP/1.1" 200 671
58.37.225.234 - - [03/Oct/2022:11:29:06 +0800] "POST /xingrg/kc/buy/cgsh_order_operate.html HTTP/1.1" 200 12
116.225.121.189 - - [03/Oct/2022:11:29:06 +0800] "POST /xingrg/services/DataTransmitService HTTP/1.1" 200 524
221.239.141.151 - - [03/Oct/2022:11:29:06 +0800] "GET /xingrg/kc/base/wldb_order_operate.html?command=get_materiel&rest_code=00102&base_code=0010476&code=00101019373 HTTP/1.1" 200 466
58.37.225.234 - - [03/Oct/2022:11:29:06 +0800] "GET /xingrg/kc/buy/cgsh_order_info.html?code=212022100300827 HTTP/1.1" 200 63810
116.225.121.189 - - [03/Oct/2022:11:29:07 +0800] "POST /xingrg/services/DataTransmitService HTTP/1.1" 200 501
58.37.225.234 - - [03/Oct/2022:11:29:07 +0800] "GET /xingrg/javascript/easyui/themes/default/validatebox.css HTTP/1.1" 404 1104
116.225.121.189 - - [03/Oct/2022:11:29:07 +0800] "POST /xingrg/services/DataTransmitService HTTP/1.1" 200 501
116.225.121.189 - - [03/Oct/2022:11:29:07 +0800] "POST /xingrg/services/DataTransmitService HTTP/1.1" 200 501
116.225.121.189 - - [03/Oct/2022:11:29:07 +0800] "POST /xingrg/services/DataTransmitService HTTP/1.1" 200 501
221.239.141.151 - - [03/Oct/2022:11:29:07 +0800] "GET /xingrg/login.html HTTP/1.1" 200 7641
58.37.225.234 - - [03/Oct/2022:11:29:08 +0800] "POST /xingrg/kc/buy/cgsh_order_operate.html HTTP/1.1" 200 614
116.225.121.189 - - [03/Oct/2022:11:29:08 +0800] "POST /xingrg/services/DataTransmitService HTTP/1.1" 200 501
221.239.141.151 - - [03/Oct/2022:11:29:08 +0800] "GET /favicon.ico HTTP/1.1" 404 -
116.225.121.189 - - [03/Oct/2022:11:29:09 +0800] "POST /xingrg/services/DataTransmitService HTTP/1.1" 200 412
222.70.183.206 - - [03/Oct/2022:11:29:09 +0800] "GET /xingrg/kc/buy/cgsh_order_add.html HTTP/1.1" 200 68861
58.37.225.234 - - [03/Oct/2022:11:29:09 +0800] "GET /xingrg/kc/print/load_data.html?order_code=212022100300827&kc_code=cgsh&condition= HTTP/1.1" 200 790
221.239.141.151 - - [03/Oct/2022:11:29:09 +0800] "POST /xingrg/login.do HTTP/1.1" 302 -
222.70.183.206 - - [03/Oct/2022:11:29:09 +0800] "POST /xingrg/kc/buy/cgsh_order_operate.html HTTP/1.1" 200 8245
221.239.141.151 - - [03/Oct/2022:11:29:09 +0800] "GET /xingrg/index.html?sysBaseUrl=http%3A%2F%2F180.169.147.146%3A18081%2Fxingrg%2F&costTime=45×tamp=1664767749617 HTTP/1.1" 200 17503
222.70.183.206 - - [03/Oct/2022:11:29:09 +0800] "GET /xingrg/javascript/easyui/themes/default/validatebox.css HTTP/1.1" 404 1104
221.239.141.151 - - [03/Oct/2022:11:29:09 +0800] "GET /favicon.ico HTTP/1.1" 404 -
221.239.141.151 - - [03/Oct/2022:11:29:09 +0800] "POST /xingrg/all/common/load_tree.html?tree=area_rest_tree_json&manage=1 HTTP/1.1" 200 3472
221.239.141.151 - - [03/Oct/2022:11:29:10 +0800] "GET /xingrg/check_reg.html?_=1664767749482 HTTP/1.1" 200 22
221.239.141.151 - - [03/Oct/2022:11:29:10 +0800] "GET /xingrg/all/function/internal_message.html?_=1664767749482&CODE_STATE=count HTTP/1.1" 200 11
221.239.141.151 - - [03/Oct/2022:11:29:10 +0800] "POST /xingrg/load_menu.html HTTP/1.1" 200 11443
120.253.135.82 - - [03/Oct/2022:11:29:10 +0800] "GET /xingrg/all/function/internal_message.html?_=1664767865132&CODE_STATE=getMsg HTTP/1.1" 200 27
221.239.141.151 - - [03/Oct/2022:11:29:13 +0800] "POST /xingrg/kc/base/wldb_order_operate.html HTTP/1.1" 200 37
58.37.225.234 - - [03/Oct/2022:11:29:14 +0800] "GET /xingrg/kc/buy/cgsh_order_add.html HTTP/1.1" 200 68905
58.37.225.234 - - [03/Oct/2022:11:29:15 +0800] "POST /xingrg/kc/buy/cgsh_order_operate.html HTTP/1.1" 200 8245
58.37.225.234 - - [03/Oct/2022:11:29:15 +0800] "GET /xingrg/javascript/easyui/themes/default/validatebox.css HTTP/1.1" 404 1104
221.239.141.151 - - [03/Oct/2022:11:29:16 +0800] "POST /xingrg/all/user/operate.html HTTP/1.1" 200 36
124.79.246.218 - - [03/Oct/2022:11:29:16 +0800] "GET /xingrg/all/function/internal_message.html?_=1664767954614&CODE_STATE=getMsg HTTP/1.1" 200 27
221.239.141.151 - - [03/Oct/2022:11:29:16 +0800] "GET /xingrg/javascript/jquery_easy_ui/themes/default/easyui.css HTTP/1.1" 304 -
221.239.141.151 - - [03/Oct/2022:11:29:16 +0800] "GET /xingrg/index.html?sysBaseUrl=http%3A%2F%2F180.169.147.146%3A18081%2Fxingrg%2F&costTime=45×tamp=1664767749617 HTTP/1.1" 200 17509
221.239.141.151 - - [03/Oct/2022:11:29:16 +0800] "GET /xingrg/javascript/jquery_easy_ui/themes/icon.css HTTP/1.1" 304 -
221.239.141.151 - - [03/Oct/2022:11:29:16 +0800] "GET /xingrg/css/form.css HTTP/1.1" 304 -
221.239.141.151 - - [03/Oct/2022:11:29:16 +0800] "GET /xingrg/javascript/jquery-1.4.2.min.js HTTP/1.1" 304 -
221.239.141.151 - - [03/Oct/2022:11:29:16 +0800] "GET /xingrg/javascript/jquery_easy_ui/jquery.easyui.min.js HTTP/1.1" 304 -
221.239.141.151 - - [03/Oct/2022:11:29:16 +0800] "GET /xingrg/javascript/jquery_easy_ui/easyui-lang-zh_CN.js HTTP/1.1" 304 -
221.239.141.151 - - [03/Oct/2022:11:29:16 +0800] "GET /xingrg/javascript/jquery.form.js HTTP/1.1" 304 -
221.239.141.151 - - [03/Oct/2022:11:29:16 +0800] "GET /xingrg/javascript/jquery.utils.js HTTP/1.1" 304 -
221.239.141.151 - - [03/Oct/2022:11:29:16 +0800] "GET /xingrg/javascript/jquery.timers.js HTTP/1.1" 304 -
221.239.141.151 - - [03/Oct/2022:11:29:16 +0800] "GET /xingrg/images/blue/jxLogo.png HTTP/1.1" 304 -
221.239.141.151 - - [03/Oct/2022:11:29:16 +0800] "GET /xingrg/images/blue/navBackgound.jpg HTTP/1.1" 304 -
221.239.141.151 - - [03/Oct/2022:11:29:16 +0800] "GET /xingrg/javascript/jquery_easy_ui/themes/icons/settle_new.png HTTP/1.1" 304 -
221.239.141.151 - - [03/Oct/2022:11:29:16 +0800] "POST /xingrg/all/common/load_tree.html?tree=area_rest_tree_json&manage=1 HTTP/1.1" 200 3472
221.239.141.151 - - [03/Oct/2022:11:29:16 +0800] "GET /xingrg/all/function/internal_message.html?_=1664767755919&CODE_STATE=count HTTP/1.1" 200 11
221.239.141.151 - - [03/Oct/2022:11:29:16 +0800] "GET /xingrg/check_reg.html?_=1664767755920 HTTP/1.1" 200 22
