180.169.147.146 - - [03/Oct/2022:11:10:54 +0800] "GET /xingrg/all/function/internal_message.html?_=1664766651884&CODE_STATE=getMsg HTTP/1.1" 200 27
124.79.74.72 - - [03/Oct/2022:11:10:54 +0800] "GET /xingrg/all/function/internal_message.html?_=1664766651996&CODE_STATE=getMsg HTTP/1.1" 200 27
58.37.225.234 - - [03/Oct/2022:11:10:55 +0800] "GET /xingrg/all/function/internal_message.html?_=1664766652804&CODE_STATE=getMsg HTTP/1.1" 200 27
180.169.147.146 - - [03/Oct/2022:11:10:55 +0800] "POST /xingrg/dwr/call/plaincall/AjaxCheckService.setItemNumber.dwr HTTP/1.1" 200 76
180.169.147.146 - - [03/Oct/2022:11:10:56 +0800] "GET /xingrg/all/function/internal_message.html?_=1664766654778&CODE_STATE=getMsg HTTP/1.1" 200 27
116.230.105.139 - - [03/Oct/2022:11:10:57 +0800] "GET /xingrg/all/function/internal_message.html?_=1664766637852&CODE_STATE=getMsg HTTP/1.1" 200 27
180.169.147.146 - - [03/Oct/2022:11:10:58 +0800] "POST /xingrg/dwr/call/plaincall/AjaxComOrderService.getMaterielSearchList.dwr HTTP/1.1" 200 203
180.169.147.146 - - [03/Oct/2022:11:10:59 +0800] "POST /xingrg/dwr/call/plaincall/AjaxComOrderService.getMaterielSearchList.dwr HTTP/1.1" 200 203
180.169.147.146 - - [03/Oct/2022:11:10:59 +0800] "POST /xingrg/dwr/call/plaincall/AjaxComOrderService.getMaterielSearchList.dwr HTTP/1.1" 200 203
180.169.147.146 - - [03/Oct/2022:11:11:01 +0800] "GET /xingrg/all/function/internal_message.html?_=1664766668205&CODE_STATE=getMsg HTTP/1.1" 200 27
221.239.141.151 - - [03/Oct/2022:11:11:02 +0800] "GET /xingrg/kc/buy/cgsh_order_operate.html?command=get_materiel&rest_code=00102&code=00101008244&supplier_code=00100008&order_time=2022-10-03 HTTP/1.1" 200 408
180.169.147.146 - - [03/Oct/2022:11:11:02 +0800] "POST /xingrg/dwr/call/plaincall/AjaxComOrderService.getMaterielSearchList.dwr HTTP/1.1" 200 506241
180.169.147.146 - - [03/Oct/2022:11:11:02 +0800] "POST /xingrg/dwr/call/plaincall/AjaxComOrderService.getMaterielSearchList.dwr HTTP/1.1" 200 203
116.225.121.189 - - [03/Oct/2022:11:11:02 +0800] "GET /xingrg/all/function/internal_message.html?_=1664766662376&CODE_STATE=getMsg HTTP/1.1" 200 27
180.169.147.146 - - [03/Oct/2022:11:11:03 +0800] "POST /xingrg/dwr/call/plaincall/AjaxComOrderService.getMaterielSearchList.dwr HTTP/1.1" 200 76
180.169.147.146 - - [03/Oct/2022:11:11:04 +0800] "POST /xingrg/dwr/call/plaincall/AjaxComOrderService.getMaterielSearchList.dwr HTTP/1.1" 200 76
180.169.147.146 - - [03/Oct/2022:11:11:04 +0800] "POST /xingrg/dwr/call/plaincall/AjaxComOrderService.getMaterielSearchList.dwr HTTP/1.1" 200 76
114.83.216.252 - - [03/Oct/2022:11:11:04 +0800] "GET /xingrg/all/function/internal_message.html?_=1664766662015&CODE_STATE=getMsg HTTP/1.1" 200 27
180.169.147.146 - - [03/Oct/2022:11:11:05 +0800] "POST /xingrg/dwr/call/plaincall/AjaxComOrderService.getMaterielSearchList.dwr HTTP/1.1" 200 77
180.169.147.146 - - [03/Oct/2022:11:11:06 +0800] "POST /xingrg/dwr/call/plaincall/AjaxComOrderService.getMaterielSearchList.dwr HTTP/1.1" 200 77
180.169.147.146 - - [03/Oct/2022:11:11:06 +0800] "POST /xingrg/dwr/call/plaincall/AjaxComOrderService.getMaterielSearchList.dwr HTTP/1.1" 200 77
180.169.147.146 - - [03/Oct/2022:11:11:07 +0800] "POST /xingrg/dwr/call/plaincall/AjaxComOrderService.getMaterielSearchList.dwr HTTP/1.1" 200 77
180.169.147.146 - - [03/Oct/2022:11:11:08 +0800] "POST /xingrg/dwr/call/plaincall/AjaxComOrderService.getMaterielSearchList.dwr HTTP/1.1" 200 77
180.169.147.146 - - [03/Oct/2022:11:11:09 +0800] "POST /xingrg/dwr/call/plaincall/AjaxComOrderService.getMaterielSearchList.dwr HTTP/1.1" 200 689
120.253.135.82 - - [03/Oct/2022:11:11:09 +0800] "GET /xingrg/all/function/internal_message.html?_=1664766784195&CODE_STATE=getMsg HTTP/1.1" 200 27
221.239.141.151 - - [03/Oct/2022:11:11:10 +0800] "POST /xingrg/kc/buy/cgsh_order_operate.html HTTP/1.1" 200 37
58.22.0.67 - - [03/Oct/2022:11:11:11 +0800] "GET /xingrg/all/function/internal_message.html?_=1664766667221&CODE_STATE=getMsg HTTP/1.1" 200 27
180.169.147.146 - - [03/Oct/2022:11:11:11 +0800] "POST /xingrg/dwr/call/plaincall/AjaxComOrderService.getMaterielByCode.dwr HTTP/1.1" 200 2785
221.239.141.151 - - [03/Oct/2022:11:11:12 +0800] "POST /xingrg/kc/buy/cgsh_order_operate.html HTTP/1.1" 200 27494
124.79.246.218 - - [03/Oct/2022:11:11:16 +0800] "GET /xingrg/all/function/internal_message.html?_=1664766874591&CODE_STATE=getMsg HTTP/1.1" 200 27
221.239.141.151 - - [03/Oct/2022:11:11:16 +0800] "POST /xingrg/kc/buy/cgsh_list_operate.html HTTP/1.1" 200 2281
172.20.0.100 - - [03/Oct/2022:11:11:17 +0800] "GET /xingrg/all/function/internal_message.html?_=1664766673868&CODE_STATE=getMsg HTTP/1.1" 200 27
180.169.147.146 - - [03/Oct/2022:11:11:17 +0800] "POST /xingrg/dwr/call/plaincall/AjaxCheckService.addOrderItem.dwr HTTP/1.1" 200 715
221.239.141.151 - - [03/Oct/2022:11:11:20 +0800] "POST /xingrg/kc/buy/cgsh_list_operate.html HTTP/1.1" 200 2281
116.225.121.189 - - [03/Oct/2022:11:11:21 +0800] "GET /xingrg/all/function/internal_message.html?_=1664766534477&CODE_STATE=getMsg HTTP/1.1" 200 27
116.224.255.128 - - [03/Oct/2022:11:11:25 +0800] "GET /xingrg/all/function/internal_message.html?_=1664766711120&CODE_STATE=getMsg HTTP/1.1" 200 27
221.239.141.151 - - [03/Oct/2022:11:11:29 +0800] "POST /xingrg/kc/buy/cgsh_list_operate.html HTTP/1.1" 200 4
124.78.158.230 - - [03/Oct/2022:11:11:30 +0800] "GET /xingrg/all/function/internal_message.html?_=1664766687028&CODE_STATE=getMsg HTTP/1.1" 200 27
116.230.114.213 - - [03/Oct/2022:11:11:32 +0800] "GET /xingrg/all/function/internal_message.html?_=1664766691785&CODE_STATE=getMsg HTTP/1.1" 200 27
114.83.219.57 - - [03/Oct/2022:11:11:32 +0800] "POST /xingrg/kc/buy/cgsh_order_operate.html HTTP/1.1" 200 12
222.70.183.206 - - [03/Oct/2022:11:11:33 +0800] "GET /xingrg/all/function/internal_message.html?_=1664766424655&CODE_STATE=getMsg HTTP/1.1" 200 27
114.83.219.57 - - [03/Oct/2022:11:11:34 +0800] "GET /xingrg/kc/buy/cgsh_order_info.html?code=212022100300804 HTTP/1.1" 200 63015
114.83.219.57 - - [03/Oct/2022:11:11:34 +0800] "GET /xingrg/javascript/easyui/themes/default/validatebox.css HTTP/1.1" 404 1104
114.83.219.57 - - [03/Oct/2022:11:11:35 +0800] "POST /xingrg/kc/buy/cgsh_order_operate.html HTTP/1.1" 200 600
116.224.255.128 - - [03/Oct/2022:11:11:37 +0800] "GET /xingrg/all/function/internal_message.html?_=1664766611231&CODE_STATE=getMsg HTTP/1.1" 200 27
114.83.219.57 - - [03/Oct/2022:11:11:37 +0800] "GET /xingrg/kc/print/load_data.html?order_code=212022100300804&kc_code=cgsh&condition= HTTP/1.1" 200 715
114.83.219.57 - - [03/Oct/2022:11:11:38 +0800] "GET /xingrg/all/function/internal_message.html?_=1664766786198&CODE_STATE=getMsg HTTP/1.1" 200 27
180.169.147.146 - - [03/Oct/2022:11:11:39 +0800] "POST /xingrg/dwr/call/plaincall/AjaxCheckService.checkOrder.dwr HTTP/1.1" 200 79
221.239.141.151 - - [03/Oct/2022:11:11:39 +0800] "GET /xingrg/all/function/internal_message.html?_=1664766699695&CODE_STATE=getMsg HTTP/1.1" 200 27
221.239.141.151 - - [03/Oct/2022:11:11:40 +0800] "GET /xingrg/check_reg.html?_=1664766699699 HTTP/1.1" 200 22
221.239.141.151 - - [03/Oct/2022:11:11:40 +0800] "POST /xingrg/kc/buy/cgsh_list_operate.html HTTP/1.1" 200 986
180.169.147.146 - - [03/Oct/2022:11:11:40 +0800] "GET /xingrg/kc/base/check_order_info.html?code=452022093000398 HTTP/1.1" 200 23124
180.169.147.146 - - [03/Oct/2022:11:11:40 +0800] "GET /xingrg/dwr/interface/AjaxComOrderService.js HTTP/1.1" 200 18264
180.169.147.146 - - [03/Oct/2022:11:11:41 +0800] "GET /xingrg/dwr/interface/AjaxCheckService.js HTTP/1.1" 200 14003
180.169.147.146 - - [03/Oct/2022:11:11:41 +0800] "GET /xingrg/dwr/engine.js HTTP/1.1" 200 43631
180.169.147.146 - - [03/Oct/2022:11:11:42 +0800] "POST /xingrg/dwr/call/plaincall/AjaxCheckService.loadOrderItems.dwr HTTP/1.1" 200 21807
180.169.147.146 - - [03/Oct/2022:11:11:43 +0800] "GET /xingrg/all/function/internal_message.html?_=1664766700087&CODE_STATE=getMsg HTTP/1.1" 200 27
114.84.81.136 - - [03/Oct/2022:11:11:46 +0800] "GET /xingrg/all/function/internal_message.html?_=1664766703593&CODE_STATE=getMsg HTTP/1.1" 200 27
180.169.147.146 - - [03/Oct/2022:11:11:54 +0800] "GET /xingrg/all/function/internal_message.html?_=1664766711895&CODE_STATE=getMsg HTTP/1.1" 200 27
124.79.74.72 - - [03/Oct/2022:11:11:54 +0800] "GET /xingrg/all/function/internal_message.html?_=1664766711997&CODE_STATE=getMsg HTTP/1.1" 200 27
58.37.225.234 - - [03/Oct/2022:11:11:54 +0800] "GET /xingrg/all/function/internal_message.html?_=1664766712777&CODE_STATE=getMsg HTTP/1.1" 200 27
180.169.147.146 - - [03/Oct/2022:11:11:56 +0800] "GET /xingrg/all/function/internal_message.html?_=1664766714794&CODE_STATE=getMsg HTTP/1.1" 200 27
116.230.105.139 - - [03/Oct/2022:11:11:57 +0800] "GET /xingrg/all/function/internal_message.html?_=1664766697842&CODE_STATE=getMsg HTTP/1.1" 200 27
120.253.135.82 - - [03/Oct/2022:11:12:00 +0800] "GET /xingrg/check_reg.html?_=1664766835510 HTTP/1.1" 200 22
180.169.147.146 - - [03/Oct/2022:11:12:01 +0800] "GET /xingrg/all/function/internal_message.html?_=1664766728218&CODE_STATE=getMsg HTTP/1.1" 200 27
116.225.121.189 - - [03/Oct/2022:11:12:02 +0800] "GET /xingrg/all/function/internal_message.html?_=1664766722376&CODE_STATE=getMsg HTTP/1.1" 200 27
114.83.216.252 - - [03/Oct/2022:11:12:04 +0800] "GET /xingrg/all/function/internal_message.html?_=1664766721986&CODE_STATE=getMsg HTTP/1.1" 200 27
116.230.105.139 - - [03/Oct/2022:11:12:07 +0800] "POST /xingrg/services/DataTransmitService HTTP/1.1" 200 524
116.230.105.139 - - [03/Oct/2022:11:12:08 +0800] "POST /xingrg/services/DataTransmitService HTTP/1.1" 200 2155
116.230.105.139 - - [03/Oct/2022:11:12:08 +0800] "POST /xingrg/services/DataTransmitService HTTP/1.1" 200 182123
120.253.135.82 - - [03/Oct/2022:11:12:09 +0800] "GET /xingrg/all/function/internal_message.html?_=1664766844198&CODE_STATE=getMsg HTTP/1.1" 200 27
58.22.0.67 - - [03/Oct/2022:11:12:11 +0800] "GET /xingrg/all/function/internal_message.html?_=1664766727197&CODE_STATE=getMsg HTTP/1.1" 200 27
124.79.246.218 - - [03/Oct/2022:11:12:16 +0800] "GET /xingrg/all/function/internal_message.html?_=1664766934589&CODE_STATE=getMsg HTTP/1.1" 200 27
124.79.246.218 - - [03/Oct/2022:11:12:16 +0800] "GET /xingrg/check_reg.html?_=1664766934591 HTTP/1.1" 200 22
172.20.0.100 - - [03/Oct/2022:11:12:17 +0800] "GET /xingrg/all/function/internal_message.html?_=1664766733856&CODE_STATE=getMsg HTTP/1.1" 200 27
180.169.147.146 - - [03/Oct/2022:11:12:18 +0800] "POST /xingrg/kc/base/check_list_operate.html HTTP/1.1" 200 1905
116.230.114.213 - - [03/Oct/2022:11:12:20 +0800] "GET /xingrg/check_reg.html?_=1664766739993 HTTP/1.1" 200 22
116.225.121.189 - - [03/Oct/2022:11:12:21 +0800] "GET /xingrg/all/function/internal_message.html?_=1664766594477&CODE_STATE=getMsg HTTP/1.1" 200 27
114.83.219.57 - - [03/Oct/2022:11:12:24 +0800] "GET /xingrg/kc/buy/cgsh_order_add.html HTTP/1.1" 200 68109
114.83.219.57 - - [03/Oct/2022:11:12:24 +0800] "POST /xingrg/kc/buy/cgsh_order_operate.html HTTP/1.1" 200 8245
114.83.219.57 - - [03/Oct/2022:11:12:24 +0800] "GET /xingrg/javascript/easyui/themes/default/validatebox.css HTTP/1.1" 404 1104
116.224.255.128 - - [03/Oct/2022:11:12:25 +0800] "GET /xingrg/all/function/internal_message.html?_=1664766771121&CODE_STATE=getMsg HTTP/1.1" 200 27
58.37.225.234 - - [03/Oct/2022:11:12:28 +0800] "POST /xingrg/services/DataTransmitService HTTP/1.1" 200 524
58.37.225.234 - - [03/Oct/2022:11:12:29 +0800] "POST /xingrg/services/DataTransmitService HTTP/1.1" 200 2415
58.37.225.234 - - [03/Oct/2022:11:12:30 +0800] "POST /xingrg/services/DataTransmitService HTTP/1.1" 200 206703
124.78.158.230 - - [03/Oct/2022:11:12:30 +0800] "GET /xingrg/all/function/internal_message.html?_=1664766747001&CODE_STATE=getMsg HTTP/1.1" 200 27
116.230.114.213 - - [03/Oct/2022:11:12:32 +0800] "GET /xingrg/all/function/internal_message.html?_=1664766751788&CODE_STATE=getMsg HTTP/1.1" 200 27
222.70.183.206 - - [03/Oct/2022:11:12:33 +0800] "GET /xingrg/all/function/internal_message.html?_=1664766484648&CODE_STATE=getMsg HTTP/1.1" 200 27
116.224.255.128 - - [03/Oct/2022:11:12:36 +0800] "GET /xingrg/check_reg.html?_=1664766671061 HTTP/1.1" 200 22
116.224.255.128 - - [03/Oct/2022:11:12:36 +0800] "GET /xingrg/all/function/internal_message.html?_=1664766671244&CODE_STATE=getMsg HTTP/1.1" 200 27
114.83.219.57 - - [03/Oct/2022:11:12:38 +0800] "GET /xingrg/check_reg.html?_=1664766846147 HTTP/1.1" 200 22
114.83.219.57 - - [03/Oct/2022:11:12:38 +0800] "GET /xingrg/all/function/internal_message.html?_=1664766846165&CODE_STATE=getMsg HTTP/1.1" 200 27
221.239.141.151 - - [03/Oct/2022:11:12:39 +0800] "GET /xingrg/all/function/internal_message.html?_=1664766759680&CODE_STATE=getMsg HTTP/1.1" 200 27
114.83.219.57 - - [03/Oct/2022:11:12:40 +0800] "GET /xingrg/kc/buy/cgsh_order_operate.html?command=get_materiel&rest_code=00154&code=00101011001&supplier_code=00100051&order_time=2022-10-03 HTTP/1.1" 200 423
180.169.147.146 - - [03/Oct/2022:11:12:43 +0800] "GET /xingrg/all/function/internal_message.html?_=1664766760086&CODE_STATE=getMsg HTTP/1.1" 200 27
114.84.81.136 - - [03/Oct/2022:11:12:46 +0800] "GET /xingrg/all/function/internal_message.html?_=1664766763594&CODE_STATE=getMsg HTTP/1.1" 200 27
114.84.81.136 - - [03/Oct/2022:11:12:46 +0800] "GET /xingrg/check_reg.html?_=1664766763596 HTTP/1.1" 200 22
114.83.219.57 - - [03/Oct/2022:11:12:53 +0800] "POST /xingrg/kc/buy/cgsh_order_operate.html HTTP/1.1" 200 37
180.169.147.146 - - [03/Oct/2022:11:12:54 +0800] "GET /xingrg/all/function/internal_message.html?_=1664766771896&CODE_STATE=getMsg HTTP/1.1" 200 27
124.79.74.72 - - [03/Oct/2022:11:12:54 +0800] "GET /xingrg/all/function/internal_message.html?_=1664766771998&CODE_STATE=getMsg HTTP/1.1" 200 27
58.37.225.234 - - [03/Oct/2022:11:12:54 +0800] "GET /xingrg/all/function/internal_message.html?_=1664766772758&CODE_STATE=getMsg HTTP/1.1" 200 27
180.169.147.146 - - [03/Oct/2022:11:12:56 +0800] "GET /xingrg/all/function/internal_message.html?_=1664766774788&CODE_STATE=getMsg HTTP/1.1" 200 27
114.83.219.57 - - [03/Oct/2022:11:12:57 +0800] "POST /xingrg/kc/buy/cgsh_order_operate.html HTTP/1.1" 200 12
116.230.105.139 - - [03/Oct/2022:11:12:57 +0800] "GET /xingrg/all/function/internal_message.html?_=1664766757848&CODE_STATE=getMsg HTTP/1.1" 200 27
116.230.105.139 - - [03/Oct/2022:11:12:57 +0800] "GET /xingrg/check_reg.html?_=1664766757851 HTTP/1.1" 200 22
114.83.219.57 - - [03/Oct/2022:11:12:58 +0800] "GET /xingrg/kc/buy/cgsh_order_info.html?code=212022100300805 HTTP/1.1" 200 63012
114.83.219.57 - - [03/Oct/2022:11:12:58 +0800] "GET /xingrg/javascript/easyui/themes/default/validatebox.css HTTP/1.1" 404 1104
114.83.219.57 - - [03/Oct/2022:11:12:59 +0800] "POST /xingrg/kc/buy/cgsh_order_operate.html HTTP/1.1" 200 617
114.83.219.57 - - [03/Oct/2022:11:13:01 +0800] "GET /xingrg/kc/print/load_data.html?order_code=212022100300805&kc_code=cgsh&condition= HTTP/1.1" 200 732
180.169.147.146 - - [03/Oct/2022:11:13:01 +0800] "GET /xingrg/all/function/internal_message.html?_=1664766788250&CODE_STATE=getMsg HTTP/1.1" 200 27
116.225.121.189 - - [03/Oct/2022:11:13:02 +0800] "GET /xingrg/all/function/internal_message.html?_=1664766782377&CODE_STATE=getMsg HTTP/1.1" 200 27
114.83.216.252 - - [03/Oct/2022:11:13:04 +0800] "GET /xingrg/all/function/internal_message.html?_=1664766781967&CODE_STATE=getMsg HTTP/1.1" 200 27
120.253.135.82 - - [03/Oct/2022:11:13:09 +0800] "GET /xingrg/all/function/internal_message.html?_=1664766904213&CODE_STATE=getMsg HTTP/1.1" 200 27
58.22.0.67 - - [03/Oct/2022:11:13:11 +0800] "GET /xingrg/all/function/internal_message.html?_=1664766787177&CODE_STATE=getMsg HTTP/1.1" 200 27
124.79.246.218 - - [03/Oct/2022:11:13:16 +0800] "GET /xingrg/all/function/internal_message.html?_=1664766994589&CODE_STATE=getMsg HTTP/1.1" 200 27
116.230.114.213 - - [03/Oct/2022:11:13:16 +0800] "GET /xingrg/check_reg.html?_=1664766795230 HTTP/1.1" 302 -
172.20.0.100 - - [03/Oct/2022:11:13:17 +0800] "GET /xingrg/all/function/internal_message.html?_=1664766793826&CODE_STATE=getMsg HTTP/1.1" 200 27
116.225.121.189 - - [03/Oct/2022:11:13:20 +0800] "GET /xingrg/all/function/internal_message.html?_=1664766654467&CODE_STATE=getMsg HTTP/1.1" 200 27
116.225.121.189 - - [03/Oct/2022:11:13:21 +0800] "GET /xingrg/check_reg.html?_=1664766654471 HTTP/1.1" 200 22
58.37.225.234 - - [03/Oct/2022:11:13:24 +0800] "GET /xingrg/check_reg.html?_=1664766801815 HTTP/1.1" 200 22
116.224.255.128 - - [03/Oct/2022:11:13:25 +0800] "GET /xingrg/all/function/internal_message.html?_=1664766831122&CODE_STATE=getMsg HTTP/1.1" 200 27
124.78.158.230 - - [03/Oct/2022:11:13:30 +0800] "GET /xingrg/all/function/internal_message.html?_=1664766806982&CODE_STATE=getMsg HTTP/1.1" 200 27
124.78.158.230 - - [03/Oct/2022:11:13:31 +0800] "GET /xingrg/check_reg.html?_=1664766808297 HTTP/1.1" 200 22
116.230.114.213 - - [03/Oct/2022:11:13:32 +0800] "GET /xingrg/all/function/internal_message.html?_=1664766811803&CODE_STATE=getMsg HTTP/1.1" 200 27
222.70.183.206 - - [03/Oct/2022:11:13:33 +0800] "GET /xingrg/all/function/internal_message.html?_=1664766544663&CODE_STATE=getMsg HTTP/1.1" 200 27
222.70.183.206 - - [03/Oct/2022:11:13:33 +0800] "GET /xingrg/check_reg.html?_=1664766544664 HTTP/1.1" 200 22
116.224.255.128 - - [03/Oct/2022:11:13:37 +0800] "GET /xingrg/all/function/internal_message.html?_=1664766731257&CODE_STATE=getMsg HTTP/1.1" 200 27
114.83.219.57 - - [03/Oct/2022:11:13:38 +0800] "GET /xingrg/all/function/internal_message.html?_=1664766906157&CODE_STATE=getMsg HTTP/1.1" 200 27
221.239.141.151 - - [03/Oct/2022:11:13:39 +0800] "GET /xingrg/all/function/internal_message.html?_=1664766819661&CODE_STATE=getMsg HTTP/1.1" 200 27
180.169.147.146 - - [03/Oct/2022:11:13:43 +0800] "GET /xingrg/all/function/internal_message.html?_=1664766820087&CODE_STATE=getMsg HTTP/1.1" 200 27
180.169.147.146 - - [03/Oct/2022:11:13:43 +0800] "GET /xingrg/check_reg.html?_=1664766820089 HTTP/1.1" 200 22
114.83.219.57 - - [03/Oct/2022:11:13:45 +0800] "GET /xingrg/kc/buy/cgsh_order_add.html HTTP/1.1" 200 68109
114.83.219.57 - - [03/Oct/2022:11:13:45 +0800] "POST /xingrg/kc/buy/cgsh_order_operate.html HTTP/1.1" 200 8245
114.83.219.57 - - [03/Oct/2022:11:13:45 +0800] "GET /xingrg/javascript/easyui/themes/default/validatebox.css HTTP/1.1" 404 1104
114.84.81.136 - - [03/Oct/2022:11:13:46 +0800] "GET /xingrg/all/function/internal_message.html?_=1664766823596&CODE_STATE=getMsg HTTP/1.1" 200 27
180.169.147.146 - - [03/Oct/2022:11:13:54 +0800] "GET /xingrg/all/function/internal_message.html?_=1664766831890&CODE_STATE=getMsg HTTP/1.1" 200 27
124.79.74.72 - - [03/Oct/2022:11:13:54 +0800] "GET /xingrg/check_reg.html?_=1664766832001 HTTP/1.1" 200 22
124.79.74.72 - - [03/Oct/2022:11:13:54 +0800] "GET /xingrg/all/function/internal_message.html?_=1664766832001&CODE_STATE=getMsg HTTP/1.1" 200 27
58.37.225.234 - - [03/Oct/2022:11:13:54 +0800] "GET /xingrg/all/function/internal_message.html?_=1664766832728&CODE_STATE=getMsg HTTP/1.1" 200 27
180.169.147.146 - - [03/Oct/2022:11:13:56 +0800] "GET /xingrg/all/function/internal_message.html?_=1664766834787&CODE_STATE=getMsg HTTP/1.1" 200 27
116.230.105.139 - - [03/Oct/2022:11:13:57 +0800] "GET /xingrg/all/function/internal_message.html?_=1664766817842&CODE_STATE=getMsg HTTP/1.1" 200 27
114.83.219.57 - - [03/Oct/2022:11:14:01 +0800] "GET /xingrg/kc/buy/cgsh_order_operate.html?command=get_materiel&rest_code=00154&code=00101006252&supplier_code=00100501&order_time=2022-10-03 HTTP/1.1" 200 409
180.169.147.146 - - [03/Oct/2022:11:14:01 +0800] "GET /xingrg/all/function/internal_message.html?_=1664766848261&CODE_STATE=getMsg HTTP/1.1" 200 27
116.225.121.189 - - [03/Oct/2022:11:14:02 +0800] "GET /xingrg/all/function/internal_message.html?_=1664766842377&CODE_STATE=getMsg HTTP/1.1" 200 27
114.83.216.252 - - [03/Oct/2022:11:14:04 +0800] "GET /xingrg/all/function/internal_message.html?_=1664766841953&CODE_STATE=getMsg HTTP/1.1" 200 27
120.253.135.82 - - [03/Oct/2022:11:14:09 +0800] "GET /xingrg/all/function/internal_message.html?_=1664766964226&CODE_STATE=getMsg HTTP/1.1" 200 27
58.22.0.67 - - [03/Oct/2022:11:14:11 +0800] "GET /xingrg/all/function/internal_message.html?_=1664766847163&CODE_STATE=getMsg HTTP/1.1" 200 27
124.79.246.218 - - [03/Oct/2022:11:14:16 +0800] "GET /xingrg/all/function/internal_message.html?_=1664767054587&CODE_STATE=getMsg HTTP/1.1" 200 27
172.20.0.100 - - [03/Oct/2022:11:14:17 +0800] "GET /xingrg/all/function/internal_message.html?_=1664766853798&CODE_STATE=getMsg HTTP/1.1" 200 27
114.83.219.57 - - [03/Oct/2022:11:14:18 +0800] "POST /xingrg/kc/buy/cgsh_order_operate.html HTTP/1.1" 200 37
116.225.121.189 - - [03/Oct/2022:11:14:21 +0800] "GET /xingrg/all/function/internal_message.html?_=1664766714477&CODE_STATE=getMsg HTTP/1.1" 200 27
114.83.219.57 - - [03/Oct/2022:11:14:23 +0800] "POST /xingrg/kc/buy/cgsh_order_operate.html HTTP/1.1" 200 12
114.83.219.57 - - [03/Oct/2022:11:14:24 +0800] "GET /xingrg/kc/buy/cgsh_order_info.html?code=212022100300806 HTTP/1.1" 200 63016
114.83.219.57 - - [03/Oct/2022:11:14:24 +0800] "GET /xingrg/javascript/easyui/themes/default/validatebox.css HTTP/1.1" 404 1104
114.83.219.57 - - [03/Oct/2022:11:14:25 +0800] "POST /xingrg/kc/buy/cgsh_order_operate.html HTTP/1.1" 200 603
116.224.255.128 - - [03/Oct/2022:11:14:25 +0800] "GET /xingrg/all/function/internal_message.html?_=1664766891124&CODE_STATE=getMsg HTTP/1.1" 200 27
116.224.255.128 - - [03/Oct/2022:11:14:25 +0800] "GET /xingrg/check_reg.html?_=1664766891130 HTTP/1.1" 200 22
114.83.219.57 - - [03/Oct/2022:11:14:26 +0800] "GET /xingrg/kc/print/load_data.html?order_code=212022100300806&kc_code=cgsh&condition= HTTP/1.1" 200 704
124.78.158.230 - - [03/Oct/2022:11:14:30 +0800] "GET /xingrg/all/function/internal_message.html?_=1664766866957&CODE_STATE=getMsg HTTP/1.1" 200 27
116.230.114.213 - - [03/Oct/2022:11:14:32 +0800] "GET /xingrg/all/function/internal_message.html?_=1664766872107&CODE_STATE=getMsg HTTP/1.1" 200 27
222.70.183.206 - - [03/Oct/2022:11:14:33 +0800] "GET /xingrg/all/function/internal_message.html?_=1664766604662&CODE_STATE=getMsg HTTP/1.1" 200 27
116.224.255.128 - - [03/Oct/2022:11:14:37 +0800] "GET /xingrg/all/function/internal_message.html?_=1664766791270&CODE_STATE=getMsg HTTP/1.1" 200 27
114.83.219.57 - - [03/Oct/2022:11:14:38 +0800] "GET /xingrg/all/function/internal_message.html?_=1664766966145&CODE_STATE=getMsg HTTP/1.1" 200 27
221.239.141.151 - - [03/Oct/2022:11:14:39 +0800] "GET /xingrg/all/function/internal_message.html?_=1664766879640&CODE_STATE=getMsg HTTP/1.1" 200 27
180.169.147.146 - - [03/Oct/2022:11:14:43 +0800] "GET /xingrg/all/function/internal_message.html?_=1664766880087&CODE_STATE=getMsg HTTP/1.1" 200 27
114.84.81.136 - - [03/Oct/2022:11:14:46 +0800] "GET /xingrg/all/function/internal_message.html?_=1664766883595&CODE_STATE=getMsg HTTP/1.1" 200 27
180.169.147.146 - - [03/Oct/2022:11:14:54 +0800] "GET /xingrg/all/function/internal_message.html?_=1664766891882&CODE_STATE=getMsg HTTP/1.1" 200 27
180.169.147.146 - - [03/Oct/2022:11:14:54 +0800] "GET /xingrg/check_reg.html?_=1664766891886 HTTP/1.1" 200 22
124.79.74.72 - - [03/Oct/2022:11:14:54 +0800] "GET /xingrg/all/function/internal_message.html?_=1664766892002&CODE_STATE=getMsg HTTP/1.1" 200 27
58.37.225.234 - - [03/Oct/2022:11:14:54 +0800] "GET /xingrg/all/function/internal_message.html?_=1664766892697&CODE_STATE=getMsg HTTP/1.1" 200 27
180.169.147.146 - - [03/Oct/2022:11:14:56 +0800] "GET /xingrg/check_reg.html?_=1664766894788 HTTP/1.1" 200 22
180.169.147.146 - - [03/Oct/2022:11:14:56 +0800] "GET /xingrg/all/function/internal_message.html?_=1664766894791&CODE_STATE=getMsg HTTP/1.1" 200 27
116.230.105.139 - - [03/Oct/2022:11:14:57 +0800] "GET /xingrg/all/function/internal_message.html?_=1664766877853&CODE_STATE=getMsg HTTP/1.1" 200 27
172.20.0.100 - - [03/Oct/2022:11:14:59 +0800] "GET /xingrg/check_reg.html?_=1664766895877 HTTP/1.1" 200 22
180.169.147.146 - - [03/Oct/2022:11:15:01 +0800] "GET /xingrg/all/function/internal_message.html?_=1664766908285&CODE_STATE=getMsg HTTP/1.1" 200 27
116.225.121.189 - - [03/Oct/2022:11:15:02 +0800] "GET /xingrg/check_reg.html?_=1664766902377 HTTP/1.1" 200 22
116.225.121.189 - - [03/Oct/2022:11:15:03 +0800] "GET /xingrg/all/function/internal_message.html?_=1664766902381&CODE_STATE=getMsg HTTP/1.1" 200 27
114.83.216.252 - - [03/Oct/2022:11:15:04 +0800] "GET /xingrg/check_reg.html?_=1664766901603 HTTP/1.1" 200 22
114.83.216.252 - - [03/Oct/2022:11:15:04 +0800] "GET /xingrg/all/function/internal_message.html?_=1664766901939&CODE_STATE=getMsg HTTP/1.1" 200 27
58.37.225.234 - - [03/Oct/2022:11:15:09 +0800] "GET /xingrg/check_reg.html?_=1664766560848 HTTP/1.1" 200 22
120.253.135.82 - - [03/Oct/2022:11:15:09 +0800] "GET /xingrg/all/function/internal_message.html?_=1664767024612&CODE_STATE=getMsg HTTP/1.1" 200 27
58.22.0.67 - - [03/Oct/2022:11:15:11 +0800] "GET /xingrg/check_reg.html?_=1664766907157 HTTP/1.1" 200 22
58.22.0.67 - - [03/Oct/2022:11:15:11 +0800] "GET /xingrg/all/function/internal_message.html?_=1664766907164&CODE_STATE=getMsg HTTP/1.1" 200 27
114.83.219.57 - - [03/Oct/2022:11:15:14 +0800] "GET /xingrg/kc/buy/cgsh_order_add.html HTTP/1.1" 200 68109
114.83.219.57 - - [03/Oct/2022:11:15:14 +0800] "POST /xingrg/kc/buy/cgsh_order_operate.html HTTP/1.1" 200 8245
114.83.219.57 - - [03/Oct/2022:11:15:14 +0800] "GET /xingrg/javascript/easyui/themes/default/validatebox.css HTTP/1.1" 404 1104
124.79.246.218 - - [03/Oct/2022:11:15:16 +0800] "GET /xingrg/all/function/internal_message.html?_=1664767114585&CODE_STATE=getMsg HTTP/1.1" 200 27
172.20.0.100 - - [03/Oct/2022:11:15:17 +0800] "GET /xingrg/all/function/internal_message.html?_=1664766913770&CODE_STATE=getMsg HTTP/1.1" 200 27
116.225.121.189 - - [03/Oct/2022:11:15:21 +0800] "GET /xingrg/all/function/internal_message.html?_=1664766774477&CODE_STATE=getMsg HTTP/1.1" 200 27
116.224.255.128 - - [03/Oct/2022:11:15:25 +0800] "GET /xingrg/all/function/internal_message.html?_=1664766951133&CODE_STATE=getMsg HTTP/1.1" 200 27
124.78.158.230 - - [03/Oct/2022:11:15:30 +0800] "GET /xingrg/all/function/internal_message.html?_=1664766926937&CODE_STATE=getMsg HTTP/1.1" 200 27
116.230.114.213 - - [03/Oct/2022:11:15:32 +0800] "GET /xingrg/all/function/internal_message.html?_=1664766932109&CODE_STATE=getMsg HTTP/1.1" 200 27
222.70.183.206 - - [03/Oct/2022:11:15:33 +0800] "GET /xingrg/all/function/internal_message.html?_=1664766664663&CODE_STATE=getMsg HTTP/1.1" 200 27
116.224.255.128 - - [03/Oct/2022:11:15:37 +0800] "GET /xingrg/all/function/internal_message.html?_=1664766851287&CODE_STATE=getMsg HTTP/1.1" 200 27
114.83.219.57 - - [03/Oct/2022:11:15:38 +0800] "GET /xingrg/all/function/internal_message.html?_=1664767026126&CODE_STATE=getMsg HTTP/1.1" 200 27
221.239.141.151 - - [03/Oct/2022:11:15:39 +0800] "GET /xingrg/all/function/internal_message.html?_=1664766939613&CODE_STATE=getMsg HTTP/1.1" 200 27
114.83.219.57 - - [03/Oct/2022:11:15:42 +0800] "GET /xingrg/kc/buy/cgsh_order_operate.html?command=get_materiel&rest_code=00154&code=00101006198&supplier_code=00100501&order_time=2022-10-03 HTTP/1.1" 200 410
180.169.147.146 - - [03/Oct/2022:11:15:43 +0800] "GET /xingrg/all/function/internal_message.html?_=1664766940086&CODE_STATE=getMsg HTTP/1.1" 200 27
180.169.147.146 - - [03/Oct/2022:11:15:43 +0800] "GET /xingrg/check_reg.html?_=1664766949630 HTTP/1.1" 200 22
114.84.81.136 - - [03/Oct/2022:11:15:46 +0800] "GET /xingrg/all/function/internal_message.html?_=1664766943596&CODE_STATE=getMsg HTTP/1.1" 200 27
180.169.147.146 - - [03/Oct/2022:11:15:54 +0800] "GET /xingrg/all/function/internal_message.html?_=1664766951894&CODE_STATE=getMsg HTTP/1.1" 200 27
124.79.74.72 - - [03/Oct/2022:11:15:54 +0800] "GET /xingrg/all/function/internal_message.html?_=1664766952003&CODE_STATE=getMsg HTTP/1.1" 200 27
58.37.225.234 - - [03/Oct/2022:11:15:54 +0800] "GET /xingrg/all/function/internal_message.html?_=1664766952668&CODE_STATE=getMsg HTTP/1.1" 200 27
180.169.147.146 - - [03/Oct/2022:11:15:56 +0800] "GET /xingrg/all/function/internal_message.html?_=1664766954775&CODE_STATE=getMsg HTTP/1.1" 200 27
116.230.105.139 - - [03/Oct/2022:11:15:57 +0800] "GET /xingrg/all/function/internal_message.html?_=1664766937843&CODE_STATE=getMsg HTTP/1.1" 200 27
58.22.0.67 - - [03/Oct/2022:11:15:59 +0800] "GET /xingrg/kc/base/check_order_info.html?code=452022093000166 HTTP/1.1" 200 25422
58.22.0.67 - - [03/Oct/2022:11:15:59 +0800] "GET /xingrg/dwr/interface/AjaxComOrderService.js HTTP/1.1" 200 18264
58.22.0.67 - - [03/Oct/2022:11:15:59 +0800] "GET /xingrg/dwr/interface/AjaxCheckService.js HTTP/1.1" 200 14003
58.22.0.67 - - [03/Oct/2022:11:15:59 +0800] "GET /xingrg/dwr/engine.js HTTP/1.1" 200 43631
58.22.0.67 - - [03/Oct/2022:11:16:00 +0800] "POST /xingrg/dwr/call/plaincall/AjaxCheckService.loadOrderItems.dwr HTTP/1.1" 200 24984
180.169.147.146 - - [03/Oct/2022:11:16:01 +0800] "GET /xingrg/all/function/internal_message.html?_=1664766968290&CODE_STATE=getMsg HTTP/1.1" 200 27
116.225.121.189 - - [03/Oct/2022:11:16:02 +0800] "GET /xingrg/all/function/internal_message.html?_=1664766962381&CODE_STATE=getMsg HTTP/1.1" 200 27
58.37.225.234 - - [03/Oct/2022:11:16:04 +0800] "POST /xingrg/services/DataTransmitService HTTP/1.1" 200 524
114.83.216.252 - - [03/Oct/2022:11:16:04 +0800] "GET /xingrg/all/function/internal_message.html?_=1664766961910&CODE_STATE=getMsg HTTP/1.1" 200 27
120.253.135.82 - - [03/Oct/2022:11:16:09 +0800] "GET /xingrg/all/function/internal_message.html?_=1664767084628&CODE_STATE=getMsg HTTP/1.1" 200 27
58.37.225.234 - - [03/Oct/2022:11:16:11 +0800] "POST /xingrg/services/DataTransmitService HTTP/1.1" 200 501
58.22.0.67 - - [03/Oct/2022:11:16:11 +0800] "GET /xingrg/all/function/internal_message.html?_=1664766967163&CODE_STATE=getMsg HTTP/1.1" 200 27
114.83.219.57 - - [03/Oct/2022:11:16:13 +0800] "POST /xingrg/kc/buy/cgsh_order_operate.html HTTP/1.1" 200 37
124.79.246.218 - - [03/Oct/2022:11:16:16 +0800] "GET /xingrg/all/function/internal_message.html?_=1664767174602&CODE_STATE=getMsg HTTP/1.1" 200 27
172.20.0.100 - - [03/Oct/2022:11:16:17 +0800] "GET /xingrg/all/function/internal_message.html?_=1664766973741&CODE_STATE=getMsg HTTP/1.1" 200 27
114.83.219.57 - - [03/Oct/2022:11:16:17 +0800] "POST /xingrg/kc/buy/cgsh_order_operate.html HTTP/1.1" 200 12
114.83.219.57 - - [03/Oct/2022:11:16:18 +0800] "GET /xingrg/kc/buy/cgsh_order_info.html?code=212022100300807 HTTP/1.1" 200 63016
114.83.219.57 - - [03/Oct/2022:11:16:18 +0800] "GET /xingrg/javascript/easyui/themes/default/validatebox.css HTTP/1.1" 404 1104
114.83.219.57 - - [03/Oct/2022:11:16:19 +0800] "POST /xingrg/kc/buy/cgsh_order_operate.html HTTP/1.1" 200 1192
114.83.219.57 - - [03/Oct/2022:11:16:20 +0800] "GET /xingrg/kc/print/load_data.html?order_code=212022100300807&kc_code=cgsh&condition= HTTP/1.1" 200 926
116.225.121.189 - - [03/Oct/2022:11:16:21 +0800] "GET /xingrg/all/function/internal_message.html?_=1664766834503&CODE_STATE=getMsg HTTP/1.1" 200 27
116.224.255.128 - - [03/Oct/2022:11:16:25 +0800] "GET /xingrg/all/function/internal_message.html?_=1664767011121&CODE_STATE=getMsg HTTP/1.1" 200 27
124.78.158.230 - - [03/Oct/2022:11:16:30 +0800] "GET /xingrg/all/function/internal_message.html?_=1664766986914&CODE_STATE=getMsg HTTP/1.1" 200 27
116.230.114.213 - - [03/Oct/2022:11:16:33 +0800] "GET /xingrg/all/function/internal_message.html?_=1664766992415&CODE_STATE=getMsg HTTP/1.1" 200 27
222.70.183.206 - - [03/Oct/2022:11:16:33 +0800] "GET /xingrg/all/function/internal_message.html?_=1664766724654&CODE_STATE=getMsg HTTP/1.1" 200 27
116.224.255.128 - - [03/Oct/2022:11:16:37 +0800] "GET /xingrg/all/function/internal_message.html?_=1664766911298&CODE_STATE=getMsg HTTP/1.1" 200 27
114.83.219.57 - - [03/Oct/2022:11:16:38 +0800] "GET /xingrg/all/function/internal_message.html?_=1664767086122&CODE_STATE=getMsg HTTP/1.1" 200 27
221.239.141.151 - - [03/Oct/2022:11:16:39 +0800] "GET /xingrg/all/function/internal_message.html?_=1664766999585&CODE_STATE=getMsg HTTP/1.1" 200 27
221.239.141.151 - - [03/Oct/2022:11:16:39 +0800] "GET /xingrg/check_reg.html?_=1664766999687 HTTP/1.1" 200 22
180.169.147.146 - - [03/Oct/2022:11:16:43 +0800] "GET /xingrg/all/function/internal_message.html?_=1664767000085&CODE_STATE=getMsg HTTP/1.1" 200 27
114.84.81.136 - - [03/Oct/2022:11:16:46 +0800] "GET /xingrg/all/function/internal_message.html?_=1664767003596&CODE_STATE=getMsg HTTP/1.1" 200 27
180.169.147.146 - - [03/Oct/2022:11:16:54 +0800] "GET /xingrg/all/function/internal_message.html?_=1664767011888&CODE_STATE=getMsg HTTP/1.1" 200 27
124.79.74.72 - - [03/Oct/2022:11:16:54 +0800] "GET /xingrg/all/function/internal_message.html?_=1664767011988&CODE_STATE=getMsg HTTP/1.1" 200 27
58.37.225.234 - - [03/Oct/2022:11:16:54 +0800] "GET /xingrg/all/function/internal_message.html?_=1664767012674&CODE_STATE=getMsg HTTP/1.1" 200 27
180.169.147.146 - - [03/Oct/2022:11:16:56 +0800] "GET /xingrg/all/function/internal_message.html?_=1664767014788&CODE_STATE=getMsg HTTP/1.1" 200 27
116.230.105.139 - - [03/Oct/2022:11:16:57 +0800] "GET /xingrg/all/function/internal_message.html?_=1664766997845&CODE_STATE=getMsg HTTP/1.1" 200 27
120.253.135.82 - - [03/Oct/2022:11:17:00 +0800] "GET /xingrg/check_reg.html?_=1664767135645 HTTP/1.1" 200 22
180.169.147.146 - - [03/Oct/2022:11:17:01 +0800] "GET /xingrg/all/function/internal_message.html?_=1664767028304&CODE_STATE=getMsg HTTP/1.1" 200 27
116.225.121.189 - - [03/Oct/2022:11:17:02 +0800] "GET /xingrg/all/function/internal_message.html?_=1664767022381&CODE_STATE=getMsg HTTP/1.1" 200 27
114.83.216.252 - - [03/Oct/2022:11:17:04 +0800] "GET /xingrg/all/function/internal_message.html?_=1664767021886&CODE_STATE=getMsg HTTP/1.1" 200 27
120.253.135.82 - - [03/Oct/2022:11:17:09 +0800] "GET /xingrg/all/function/internal_message.html?_=1664767144642&CODE_STATE=getMsg HTTP/1.1" 200 27
114.83.219.57 - - [03/Oct/2022:11:17:10 +0800] "GET /xingrg/kc/buy/cgsh_order_add.html HTTP/1.1" 200 68109
114.83.219.57 - - [03/Oct/2022:11:17:10 +0800] "POST /xingrg/kc/buy/cgsh_order_operate.html HTTP/1.1" 200 8245
114.83.219.57 - - [03/Oct/2022:11:17:10 +0800] "GET /xingrg/javascript/easyui/themes/default/validatebox.css HTTP/1.1" 404 1104
58.22.0.67 - - [03/Oct/2022:11:17:11 +0800] "GET /xingrg/all/function/internal_message.html?_=1664767027164&CODE_STATE=getMsg HTTP/1.1" 200 27
124.79.246.218 - - [03/Oct/2022:11:17:16 +0800] "GET /xingrg/check_reg.html?_=1664767234585 HTTP/1.1" 200 22
124.79.246.218 - - [03/Oct/2022:11:17:16 +0800] "GET /xingrg/all/function/internal_message.html?_=1664767234586&CODE_STATE=getMsg HTTP/1.1" 200 27
172.20.0.100 - - [03/Oct/2022:11:17:17 +0800] "GET /xingrg/all/function/internal_message.html?_=1664767033726&CODE_STATE=getMsg HTTP/1.1" 200 27
116.230.114.213 - - [03/Oct/2022:11:17:20 +0800] "GET /xingrg/check_reg.html?_=1664767040004 HTTP/1.1" 200 22
116.225.121.189 - - [03/Oct/2022:11:17:21 +0800] "GET /xingrg/all/function/internal_message.html?_=1664766894504&CODE_STATE=getMsg HTTP/1.1" 200 27
116.224.255.128 - - [03/Oct/2022:11:17:25 +0800] "GET /xingrg/all/function/internal_message.html?_=1664767071123&CODE_STATE=getMsg HTTP/1.1" 200 27
124.78.158.230 - - [03/Oct/2022:11:17:30 +0800] "GET /xingrg/all/function/internal_message.html?_=1664767046884&CODE_STATE=getMsg HTTP/1.1" 200 27
120.253.135.82 - - [03/Oct/2022:11:17:30 +0800] "GET /xingrg/kc/pszx/jzcl_ps.html HTTP/1.1" 200 7683
120.253.135.82 - - [03/Oct/2022:11:17:30 +0800] "POST /xingrg/all/common/load_tree.html?tree=area_rest_tree_json HTTP/1.1" 200 3472
120.253.135.82 - - [03/Oct/2022:11:17:31 +0800] "POST /xingrg/kc/pszx/jzcl_ps_operate.html HTTP/1.1" 200 434
120.253.135.82 - - [03/Oct/2022:11:17:31 +0800] "POST /xingrg/kc/pszx/jzcl_ps_operate.html HTTP/1.1" 200 434
116.230.114.213 - - [03/Oct/2022:11:17:33 +0800] "GET /xingrg/all/function/internal_message.html?_=1664767052416&CODE_STATE=getMsg HTTP/1.1" 200 27
222.70.183.206 - - [03/Oct/2022:11:17:33 +0800] "GET /xingrg/all/function/internal_message.html?_=1664766784645&CODE_STATE=getMsg HTTP/1.1" 200 27
120.253.135.82 - - [03/Oct/2022:11:17:36 +0800] "POST /xingrg/kc/pszx/jzcl_ps_operate.html HTTP/1.1" 200 4
120.253.135.82 - - [03/Oct/2022:11:17:36 +0800] "GET /xingrg/javascript/step/images/navBtn.gif HTTP/1.1" 200 361
116.224.255.128 - - [03/Oct/2022:11:17:36 +0800] "GET /xingrg/check_reg.html?_=1664766971071 HTTP/1.1" 200 22
116.224.255.128 - - [03/Oct/2022:11:17:37 +0800] "GET /xingrg/all/function/internal_message.html?_=1664766971312&CODE_STATE=getMsg HTTP/1.1" 200 27
120.253.135.82 - - [03/Oct/2022:11:17:37 +0800] "GET /xingrg/kc/pszx/mdps_order_list.html HTTP/1.1" 200 21045
120.253.135.82 - - [03/Oct/2022:11:17:37 +0800] "POST /xingrg/kc/pszx/jzcl_ps_operate.html HTTP/1.1" 200 21
120.253.135.82 - - [03/Oct/2022:11:17:37 +0800] "POST /xingrg/kc/pszx/mdps_list_operate.html HTTP/1.1" 200 5307
114.83.219.57 - - [03/Oct/2022:11:17:38 +0800] "GET /xingrg/all/function/internal_message.html?_=1664767146093&CODE_STATE=getMsg HTTP/1.1" 200 27
114.83.219.57 - - [03/Oct/2022:11:17:38 +0800] "GET /xingrg/check_reg.html?_=1664767146146 HTTP/1.1" 200 22
221.239.141.151 - - [03/Oct/2022:11:17:39 +0800] "GET /xingrg/all/function/internal_message.html?_=1664767059563&CODE_STATE=getMsg HTTP/1.1" 200 27
120.253.135.82 - - [03/Oct/2022:11:17:40 +0800] "POST /xingrg/kc/pszx/mdps_list_operate.html HTTP/1.1" 200 294
120.253.135.82 - - [03/Oct/2022:11:17:42 +0800] "GET /xingrg/kc/pszx/mdps_order_info.html?code=312022100300087 HTTP/1.1" 200 23974
120.253.135.82 - - [03/Oct/2022:11:17:42 +0800] "GET /xingrg/javascript/easyui/themes/default/validatebox.css HTTP/1.1" 404 1104
120.253.135.82 - - [03/Oct/2022:11:17:42 +0800] "POST /xingrg/kc/pszx/mdps_order_operate.html HTTP/1.1" 200 2780
180.169.147.146 - - [03/Oct/2022:11:17:43 +0800] "GET /xingrg/all/function/internal_message.html?_=1664767060084&CODE_STATE=getMsg HTTP/1.1" 200 27
114.83.219.57 - - [03/Oct/2022:11:17:46 +0800] "POST /xingrg/kc/buy/cgsh_order_operate.html HTTP/1.1" 200 37
114.84.81.136 - - [03/Oct/2022:11:17:46 +0800] "GET /xingrg/all/function/internal_message.html?_=1664767063596&CODE_STATE=getMsg HTTP/1.1" 200 27
114.84.81.136 - - [03/Oct/2022:11:17:46 +0800] "GET /xingrg/check_reg.html?_=1664767063599 HTTP/1.1" 200 22
120.253.135.82 - - [03/Oct/2022:11:17:47 +0800] "POST /xingrg/kc/pszx/mdps_order_operate.html HTTP/1.1" 200 37
120.253.135.82 - - [03/Oct/2022:11:17:49 +0800] "GET /xingrg/kc/pszx/mdps_order_info.html?code=312022100300087 HTTP/1.1" 200 23974
120.253.135.82 - - [03/Oct/2022:11:17:49 +0800] "GET /xingrg/javascript/easyui/themes/default/validatebox.css HTTP/1.1" 404 1104
114.83.219.57 - - [03/Oct/2022:11:17:51 +0800] "POST /xingrg/kc/buy/cgsh_order_operate.html HTTP/1.1" 200 12
120.253.135.82 - - [03/Oct/2022:11:17:51 +0800] "POST /xingrg/kc/pszx/mdps_order_operate.html HTTP/1.1" 200 2795
114.83.219.57 - - [03/Oct/2022:11:17:52 +0800] "GET /xingrg/kc/buy/cgsh_order_info.html?code=212022100300808 HTTP/1.1" 200 63016
114.83.219.57 - - [03/Oct/2022:11:17:52 +0800] "GET /xingrg/javascript/easyui/themes/default/validatebox.css HTTP/1.1" 404 1104
114.83.219.57 - - [03/Oct/2022:11:17:53 +0800] "POST /xingrg/kc/buy/cgsh_order_operate.html HTTP/1.1" 200 603
180.169.147.146 - - [03/Oct/2022:11:17:54 +0800] "GET /xingrg/all/function/internal_message.html?_=1664767071893&CODE_STATE=getMsg HTTP/1.1" 200 27
124.79.74.72 - - [03/Oct/2022:11:17:54 +0800] "GET /xingrg/all/function/internal_message.html?_=1664767071990&CODE_STATE=getMsg HTTP/1.1" 200 27
114.83.219.57 - - [03/Oct/2022:11:17:54 +0800] "GET /xingrg/kc/print/load_data.html?order_code=212022100300808&kc_code=cgsh&condition= HTTP/1.1" 200 704
58.37.225.234 - - [03/Oct/2022:11:17:54 +0800] "GET /xingrg/all/function/internal_message.html?_=1664767072652&CODE_STATE=getMsg HTTP/1.1" 200 27
180.169.147.146 - - [03/Oct/2022:11:17:56 +0800] "GET /xingrg/all/function/internal_message.html?_=1664767074787&CODE_STATE=getMsg HTTP/1.1" 200 27
116.230.105.139 - - [03/Oct/2022:11:17:57 +0800] "GET /xingrg/check_reg.html?_=1664767057860 HTTP/1.1" 200 22
116.230.105.139 - - [03/Oct/2022:11:17:57 +0800] "GET /xingrg/all/function/internal_message.html?_=1664767057858&CODE_STATE=getMsg HTTP/1.1" 200 27
58.22.0.67 - - [03/Oct/2022:11:18:00 +0800] "POST /xingrg/dwr/call/plaincall/AjaxCheckService.setItemNumber.dwr HTTP/1.1" 200 76
180.169.147.146 - - [03/Oct/2022:11:18:01 +0800] "GET /xingrg/all/function/internal_message.html?_=1664767088325&CODE_STATE=getMsg HTTP/1.1" 200 27
116.225.121.189 - - [03/Oct/2022:11:18:03 +0800] "GET /xingrg/all/function/internal_message.html?_=1664767082381&CODE_STATE=getMsg HTTP/1.1" 200 27
114.83.216.252 - - [03/Oct/2022:11:18:04 +0800] "GET /xingrg/all/function/internal_message.html?_=1664767081856&CODE_STATE=getMsg HTTP/1.1" 200 27
120.253.135.82 - - [03/Oct/2022:11:18:09 +0800] "GET /xingrg/all/function/internal_message.html?_=1664767204655&CODE_STATE=getMsg HTTP/1.1" 200 27
58.22.0.67 - - [03/Oct/2022:11:18:11 +0800] "GET /xingrg/all/function/internal_message.html?_=1664767087169&CODE_STATE=getMsg HTTP/1.1" 200 27
58.22.0.67 - - [03/Oct/2022:11:18:14 +0800] "POST /xingrg/dwr/call/plaincall/AjaxCheckService.setItemNumber.dwr HTTP/1.1" 200 76
124.79.246.218 - - [03/Oct/2022:11:18:16 +0800] "GET /xingrg/all/function/internal_message.html?_=1664767294583&CODE_STATE=getMsg HTTP/1.1" 200 27
116.230.114.213 - - [03/Oct/2022:11:18:16 +0800] "GET /xingrg/check_reg.html?_=1664767095257 HTTP/1.1" 302 -
172.20.0.100 - - [03/Oct/2022:11:18:17 +0800] "GET /xingrg/all/function/internal_message.html?_=1664767093697&CODE_STATE=getMsg HTTP/1.1" 200 27
116.225.121.189 - - [03/Oct/2022:11:18:21 +0800] "GET /xingrg/check_reg.html?_=1664766954490 HTTP/1.1" 200 22
116.225.121.189 - - [03/Oct/2022:11:18:21 +0800] "GET /xingrg/all/function/internal_message.html?_=1664766954493&CODE_STATE=getMsg HTTP/1.1" 200 27
222.70.183.206 - - [03/Oct/2022:11:18:23 +0800] "POST /xingrg/load_menu.html HTTP/1.1" 200 10483
58.37.225.234 - - [03/Oct/2022:11:18:24 +0800] "GET /xingrg/check_reg.html?_=1664767101845 HTTP/1.1" 200 22
116.224.255.128 - - [03/Oct/2022:11:18:25 +0800] "GET /xingrg/all/function/internal_message.html?_=1664767131127&CODE_STATE=getMsg HTTP/1.1" 200 27
222.70.183.206 - - [03/Oct/2022:11:18:26 +0800] "GET /xingrg/all/report/report_query.html?fileName=dma/new_5.0/menu/menu_category_hz.xml HTTP/1.1" 200 53064
222.70.183.206 - - [03/Oct/2022:11:18:26 +0800] "GET /xingrg/dwr/interface/AjaxReportQueryService.js HTTP/1.1" 200 13203
222.70.183.206 - - [03/Oct/2022:11:18:26 +0800] "GET /xingrg/dwr/engine.js HTTP/1.1" 200 43631
222.70.183.206 - - [03/Oct/2022:11:18:26 +0800] "POST /xingrg/dwr/call/plaincall/AjaxReportQueryService.getFixDate.dwr HTTP/1.1" 200 111
222.70.183.206 - - [03/Oct/2022:11:18:26 +0800] "POST /xingrg/all/common/load_tree.html?tree=area_station_tree_json&manage=1 HTTP/1.1" 200 575
58.22.0.67 - - [03/Oct/2022:11:18:27 +0800] "POST /xingrg/dwr/call/plaincall/AjaxCheckService.setItemNumber.dwr HTTP/1.1" 200 76
124.78.158.230 - - [03/Oct/2022:11:18:30 +0800] "GET /xingrg/all/function/internal_message.html?_=1664767106855&CODE_STATE=getMsg HTTP/1.1" 200 27
222.70.183.206 - - [03/Oct/2022:11:18:30 +0800] "POST /xingrg/dwr/call/plaincall/AjaxReportQueryService.getFixDate.dwr HTTP/1.1" 200 111
124.78.158.230 - - [03/Oct/2022:11:18:31 +0800] "GET /xingrg/check_reg.html?_=1664767108275 HTTP/1.1" 200 22
116.230.114.213 - - [03/Oct/2022:11:18:33 +0800] "GET /xingrg/all/function/internal_message.html?_=1664767112432&CODE_STATE=getMsg HTTP/1.1" 200 27
222.70.183.206 - - [03/Oct/2022:11:18:33 +0800] "POST /xingrg/dwr/call/plaincall/AjaxReportQueryService.queryInitializeString.dwr HTTP/1.1" 200 1066
222.70.183.206 - - [03/Oct/2022:11:18:33 +0800] "GET /xingrg/all/function/internal_message.html?_=1664766844646&CODE_STATE=getMsg HTTP/1.1" 200 27
222.70.183.206 - - [03/Oct/2022:11:18:33 +0800] "GET /xingrg/check_reg.html?_=1664766844648 HTTP/1.1" 200 22
222.70.183.206 - - [03/Oct/2022:11:18:35 +0800] "POST /xingrg/dwr/call/plaincall/AjaxReportQueryService.refreshCache.dwr HTTP/1.1" 200 78
222.70.183.206 - - [03/Oct/2022:11:18:36 +0800] "POST /xingrg/all/report/load_report_page.html HTTP/1.1" 200 98689
222.70.183.206 - - [03/Oct/2022:11:18:36 +0800] "GET /xingrg/images/blue/button/back2.gif HTTP/1.1" 200 1339
222.70.183.206 - - [03/Oct/2022:11:18:36 +0800] "GET /xingrg/images/blue/button/back.gif HTTP/1.1" 200 1352
222.70.183.206 - - [03/Oct/2022:11:18:36 +0800] "GET /xingrg/servlets/image?cache=0.8182112882104106&image=px HTTP/1.1" 200 807
116.224.255.128 - - [03/Oct/2022:11:18:37 +0800] "GET /xingrg/all/function/internal_message.html?_=1664767031326&CODE_STATE=getMsg HTTP/1.1" 200 27
114.83.219.57 - - [03/Oct/2022:11:18:38 +0800] "GET /xingrg/all/function/internal_message.html?_=1664767206088&CODE_STATE=getMsg HTTP/1.1" 200 27
221.239.141.151 - - [03/Oct/2022:11:18:39 +0800] "GET /xingrg/all/function/internal_message.html?_=1664767119556&CODE_STATE=getMsg HTTP/1.1" 200 27
222.70.183.206 - - [03/Oct/2022:11:18:41 +0800] "GET /xingrg/all/report/report_query.html?fileName=dma/new_5.0/menu/menu_stca_hz.xml HTTP/1.1" 200 51418
222.70.183.206 - - [03/Oct/2022:11:18:41 +0800] "GET /xingrg/dwr/interface/AjaxReportQueryService.js HTTP/1.1" 200 13203
222.70.183.206 - - [03/Oct/2022:11:18:41 +0800] "GET /xingrg/dwr/engine.js HTTP/1.1" 200 43631
222.70.183.206 - - [03/Oct/2022:11:18:41 +0800] "POST /xingrg/dwr/call/plaincall/AjaxReportQueryService.getFixDate.dwr HTTP/1.1" 200 111
222.70.183.206 - - [03/Oct/2022:11:18:41 +0800] "POST /xingrg/all/common/load_tree.html?tree=area_station_tree_json&manage=1 HTTP/1.1" 200 575
180.169.147.146 - - [03/Oct/2022:11:18:43 +0800] "GET /xingrg/all/function/internal_message.html?_=1664767120082&CODE_STATE=getMsg HTTP/1.1" 200 27
180.169.147.146 - - [03/Oct/2022:11:18:43 +0800] "GET /xingrg/check_reg.html?_=1664767120084 HTTP/1.1" 200 22
222.70.183.206 - - [03/Oct/2022:11:18:46 +0800] "POST /xingrg/dwr/call/plaincall/AjaxReportQueryService.getFixDate.dwr HTTP/1.1" 200 111
114.84.81.136 - - [03/Oct/2022:11:18:46 +0800] "GET /xingrg/all/function/internal_message.html?_=1664767123599&CODE_STATE=getMsg HTTP/1.1" 200 27
222.70.183.206 - - [03/Oct/2022:11:18:49 +0800] "POST /xingrg/dwr/call/plaincall/AjaxReportQueryService.refreshCache.dwr HTTP/1.1" 200 78
58.22.0.67 - - [03/Oct/2022:11:18:49 +0800] "POST /xingrg/dwr/call/plaincall/AjaxCheckService.setItemNumber.dwr HTTP/1.1" 200 76
222.70.183.206 - - [03/Oct/2022:11:18:50 +0800] "POST /xingrg/all/report/load_report_page.html HTTP/1.1" 200 66585
222.70.183.206 - - [03/Oct/2022:11:18:50 +0800] "GET /xingrg/servlets/image?cache=0.60683866144226&image=px HTTP/1.1" 200 807
222.70.183.206 - - [03/Oct/2022:11:18:53 +0800] "POST /xingrg/dwr/call/plaincall/AjaxReportQueryService.refreshCache.dwr HTTP/1.1" 200 78
222.70.183.206 - - [03/Oct/2022:11:18:54 +0800] "POST /xingrg/all/report/load_report_page.html HTTP/1.1" 200 56443
222.70.183.206 - - [03/Oct/2022:11:18:54 +0800] "GET /xingrg/servlets/image?cache=0.5325446020813015&image=px HTTP/1.1" 200 807
180.169.147.146 - - [03/Oct/2022:11:18:54 +0800] "GET /xingrg/all/function/internal_message.html?_=1664767131888&CODE_STATE=getMsg HTTP/1.1" 200 27
124.79.74.72 - - [03/Oct/2022:11:18:54 +0800] "GET /xingrg/all/function/internal_message.html?_=1664767131991&CODE_STATE=getMsg HTTP/1.1" 200 27
124.79.74.72 - - [03/Oct/2022:11:18:54 +0800] "GET /xingrg/check_reg.html?_=1664767131991 HTTP/1.1" 200 22
58.37.225.234 - - [03/Oct/2022:11:18:54 +0800] "GET /xingrg/all/function/internal_message.html?_=1664767132623&CODE_STATE=getMsg HTTP/1.1" 200 27
180.169.147.146 - - [03/Oct/2022:11:18:56 +0800] "GET /xingrg/all/function/internal_message.html?_=1664767134787&CODE_STATE=getMsg HTTP/1.1" 200 27
116.230.105.139 - - [03/Oct/2022:11:18:57 +0800] "GET /xingrg/all/function/internal_message.html?_=1664767117858&CODE_STATE=getMsg HTTP/1.1" 200 27
180.169.147.146 - - [03/Oct/2022:11:19:01 +0800] "GET /xingrg/all/function/internal_message.html?_=1664767148330&CODE_STATE=getMsg HTTP/1.1" 200 27
116.225.121.189 - - [03/Oct/2022:11:19:02 +0800] "GET /xingrg/all/function/internal_message.html?_=1664767142382&CODE_STATE=getMsg HTTP/1.1" 200 27
114.83.216.252 - - [03/Oct/2022:11:19:04 +0800] "GET /xingrg/all/function/internal_message.html?_=1664767141833&CODE_STATE=getMsg HTTP/1.1" 200 27
222.70.183.206 - - [03/Oct/2022:11:19:05 +0800] "POST /xingrg/services/DataTransmitService HTTP/1.1" 200 524
222.70.183.206 - - [03/Oct/2022:11:19:05 +0800] "POST /xingrg/services/DataTransmitService HTTP/1.1" 200 2587
222.70.183.206 - - [03/Oct/2022:11:19:06 +0800] "POST /xingrg/services/DataTransmitService HTTP/1.1" 200 213943
114.83.219.57 - - [03/Oct/2022:11:19:06 +0800] "GET /xingrg/kc/buy/cgsh_order_add.html HTTP/1.1" 200 68109
114.83.219.57 - - [03/Oct/2022:11:19:07 +0800] "POST /xingrg/kc/buy/cgsh_order_operate.html HTTP/1.1" 200 8245
114.83.219.57 - - [03/Oct/2022:11:19:07 +0800] "GET /xingrg/javascript/easyui/themes/default/validatebox.css HTTP/1.1" 404 1104
120.253.135.82 - - [03/Oct/2022:11:19:09 +0800] "GET /xingrg/all/function/internal_message.html?_=1664767264736&CODE_STATE=getMsg HTTP/1.1" 200 27
222.70.183.206 - - [03/Oct/2022:11:19:09 +0800] "GET /xingrg/login.html HTTP/1.1" 200 7641
222.70.183.206 - - [03/Oct/2022:11:19:10 +0800] "GET /favicon.ico HTTP/1.1" 404 -
58.22.0.67 - - [03/Oct/2022:11:19:11 +0800] "GET /xingrg/all/function/internal_message.html?_=1664767147155&CODE_STATE=getMsg HTTP/1.1" 200 27
58.22.0.67 - - [03/Oct/2022:11:19:13 +0800] "POST /xingrg/dwr/call/plaincall/AjaxCheckService.setItemNumber.dwr HTTP/1.1" 200 76
124.79.246.218 - - [03/Oct/2022:11:19:16 +0800] "GET /xingrg/all/function/internal_message.html?_=1664767354597&CODE_STATE=getMsg HTTP/1.1" 200 27
172.20.0.100 - - [03/Oct/2022:11:19:17 +0800] "GET /xingrg/all/function/internal_message.html?_=1664767153684&CODE_STATE=getMsg HTTP/1.1" 200 27
116.225.121.189 - - [03/Oct/2022:11:19:21 +0800] "GET /xingrg/all/function/internal_message.html?_=1664767014504&CODE_STATE=getMsg HTTP/1.1" 200 27
