222.70.183.206 - - [03/Oct/2022:11:05:33 +0800] "GET /xingrg/all/function/internal_message.html?_=1664766064655&CODE_STATE=getMsg HTTP/1.1" 200 27
116.224.255.128 - - [03/Oct/2022:11:05:36 +0800] "GET /xingrg/all/function/internal_message.html?_=1664766251153&CODE_STATE=getMsg HTTP/1.1" 200 27
221.239.141.151 - - [03/Oct/2022:11:05:40 +0800] "POST /xingrg/services/DataTransmitService HTTP/1.1" 200 524
221.239.141.151 - - [03/Oct/2022:11:05:41 +0800] "POST /xingrg/services/DataTransmitService HTTP/1.1" 200 412
58.22.0.67 - - [03/Oct/2022:11:05:41 +0800] "POST /xingrg/dwr/call/plaincall/AjaxCheckService.setItemNumber.dwr HTTP/1.1" 200 76
180.169.147.146 - - [03/Oct/2022:11:05:43 +0800] "GET /xingrg/all/function/internal_message.html?_=1664766340076&CODE_STATE=getMsg HTTP/1.1" 200 27
180.169.147.146 - - [03/Oct/2022:11:05:43 +0800] "GET /xingrg/check_reg.html?_=1664766349622 HTTP/1.1" 200 22
114.84.81.136 - - [03/Oct/2022:11:05:46 +0800] "GET /xingrg/all/function/internal_message.html?_=1664766343567&CODE_STATE=getMsg HTTP/1.1" 200 27
58.22.0.67 - - [03/Oct/2022:11:05:49 +0800] "POST /xingrg/dwr/call/plaincall/AjaxCheckService.setItemNumber.dwr HTTP/1.1" 200 76
180.169.147.146 - - [03/Oct/2022:11:05:54 +0800] "GET /xingrg/all/function/internal_message.html?_=1664766351902&CODE_STATE=getMsg HTTP/1.1" 200 27
124.79.74.72 - - [03/Oct/2022:11:05:54 +0800] "GET /xingrg/all/function/internal_message.html?_=1664766351988&CODE_STATE=getMsg HTTP/1.1" 200 27
58.37.225.234 - - [03/Oct/2022:11:05:55 +0800] "GET /xingrg/all/function/internal_message.html?_=1664766352925&CODE_STATE=getMsg HTTP/1.1" 200 27
180.169.147.146 - - [03/Oct/2022:11:05:56 +0800] "GET /xingrg/all/function/internal_message.html?_=1664766354776&CODE_STATE=getMsg HTTP/1.1" 200 27
58.22.0.67 - - [03/Oct/2022:11:05:57 +0800] "POST /xingrg/dwr/call/plaincall/AjaxCheckService.setItemNumber.dwr HTTP/1.1" 200 76
116.230.105.139 - - [03/Oct/2022:11:05:57 +0800] "GET /xingrg/all/function/internal_message.html?_=1664766337854&CODE_STATE=getMsg HTTP/1.1" 200 27
180.169.147.146 - - [03/Oct/2022:11:06:01 +0800] "GET /xingrg/all/function/internal_message.html?_=1664766368121&CODE_STATE=getMsg HTTP/1.1" 200 27
116.225.121.189 - - [03/Oct/2022:11:06:02 +0800] "GET /xingrg/all/function/internal_message.html?_=1664766362349&CODE_STATE=getMsg HTTP/1.1" 200 27
58.22.0.67 - - [03/Oct/2022:11:06:03 +0800] "POST /xingrg/dwr/call/plaincall/AjaxCheckService.setItemNumber.dwr HTTP/1.1" 200 76
114.83.216.252 - - [03/Oct/2022:11:06:05 +0800] "GET /xingrg/all/function/internal_message.html?_=1664766362144&CODE_STATE=getMsg HTTP/1.1" 200 27
120.253.135.82 - - [03/Oct/2022:11:06:09 +0800] "GET /xingrg/all/function/internal_message.html?_=1664766484010&CODE_STATE=getMsg HTTP/1.1" 200 27
180.169.147.146 - - [03/Oct/2022:11:06:09 +0800] "GET /xingrg/kc/report/report_main.html HTTP/1.1" 200 7340
58.22.0.67 - - [03/Oct/2022:11:06:09 +0800] "POST /xingrg/dwr/call/plaincall/AjaxCheckService.setItemNumber.dwr HTTP/1.1" 200 76
180.169.147.146 - - [03/Oct/2022:11:06:10 +0800] "GET /xingrg/kc/base/crk_hz.html HTTP/1.1" 200 11247
180.169.147.146 - - [03/Oct/2022:11:06:10 +0800] "POST /xingrg/kc/cost/cost_operate.html?command=get_base_tree HTTP/1.1" 200 2722
180.169.147.146 - - [03/Oct/2022:11:06:10 +0800] "POST /xingrg/all/common/load_tree.html?tree=materiel_sort_tree_json HTTP/1.1" 200 9500
58.22.0.67 - - [03/Oct/2022:11:06:11 +0800] "GET /xingrg/all/function/internal_message.html?_=1664766367167&CODE_STATE=getMsg HTTP/1.1" 200 27
180.169.147.146 - - [03/Oct/2022:11:06:12 +0800] "GET /xingrg/all/common/get_data_part.html?part=previousMonth&_=1664766370209 HTTP/1.1" 200 41
124.79.246.218 - - [03/Oct/2022:11:06:16 +0800] "GET /xingrg/all/function/internal_message.html?_=1664766574583&CODE_STATE=getMsg HTTP/1.1" 200 27
172.20.0.100 - - [03/Oct/2022:11:06:17 +0800] "GET /xingrg/all/function/internal_message.html?_=1664766373976&CODE_STATE=getMsg HTTP/1.1" 200 27
58.22.0.67 - - [03/Oct/2022:11:06:19 +0800] "POST /xingrg/dwr/call/plaincall/AjaxCheckService.setItemNumber.dwr HTTP/1.1" 200 76
180.169.147.146 - - [03/Oct/2022:11:06:20 +0800] "GET /xingrg/kc/base/crk_hz.html?_=1664766378205&command=get_cost_id&end_date=2022-09-30&start_date=2022-09-01 HTTP/1.1" 200 51
180.169.147.146 - - [03/Oct/2022:11:06:20 +0800] "GET /xingrg/all/report/report_query.html?isQuery=1&onlyBody=1&rh=99999&rw=1800&varString=start:20220901,cost_id:3898,mid:20220901&fileName=kc/base/crk_hz_type_by_base.xml&queryString=%20a.base_code%20in%20('0010376')%20%20and%20m.sort_code%20in%20('00101001','00101002','00101003','00101004','00101005','00101006','00101007','00101008','00101009','00101010','00101011','00101012','00101013','00101014','00101015','00101016','00101017','00101018','00101019','00101020','00101021','00101022','00101023','00101024','00101025','00101026','00101027','00101028','00101029','00101030','00101031','00101032','00101033','00101034','00101036','00101037','00101038','00101039','00101040','00101041','00101042','00101043')%20&queryText=ÈÕÆÚ£º2022-09-01ÖÁ2022-09-30%20²Ö¿â£ºº£ÏʳØ&tableQueryString=materiel_table$sp1$$sp$before_table$sp1$$sp$crk_table$sp1$order_day%20between%2020220901%20and%2020220930 HTTP/1.1" 200 49885
180.169.147.146 - - [03/Oct/2022:11:06:20 +0800] "GET /xingrg/dwr/interface/AjaxReportQueryService.js HTTP/1.1" 200 13203
180.169.147.146 - - [03/Oct/2022:11:06:20 +0800] "GET /xingrg/dwr/engine.js HTTP/1.1" 200 43631
116.225.121.189 - - [03/Oct/2022:11:06:20 +0800] "GET /xingrg/all/function/internal_message.html?_=1664766234467&CODE_STATE=getMsg HTTP/1.1" 200 27
180.169.147.146 - - [03/Oct/2022:11:06:22 +0800] "POST /xingrg/all/report/load_report_page.html HTTP/1.1" 200 94973
180.169.147.146 - - [03/Oct/2022:11:06:22 +0800] "GET /xingrg/servlets/image?cache=0.1252073473879446&image=px HTTP/1.1" 200 807
114.83.219.57 - - [03/Oct/2022:11:06:22 +0800] "POST /xingrg/kc/buy/cgsh_order_operate.html HTTP/1.1" 200 37
58.22.0.67 - - [03/Oct/2022:11:06:25 +0800] "POST /xingrg/dwr/call/plaincall/AjaxCheckService.setItemNumber.dwr HTTP/1.1" 200 76
116.224.255.128 - - [03/Oct/2022:11:06:25 +0800] "GET /xingrg/all/function/internal_message.html?_=1664766411121&CODE_STATE=getMsg HTTP/1.1" 200 27
124.78.158.230 - - [03/Oct/2022:11:06:30 +0800] "GET /xingrg/all/function/internal_message.html?_=1664766387129&CODE_STATE=getMsg HTTP/1.1" 200 27
221.239.141.151 - - [03/Oct/2022:11:06:31 +0800] "GET /xingrg/all/function/internal_message.html?_=1664766391379&CODE_STATE=getMsg HTTP/1.1" 200 27
221.239.141.151 - - [03/Oct/2022:11:06:31 +0800] "GET /xingrg/check_reg.html?_=1664766391383 HTTP/1.1" 200 22
116.230.114.213 - - [03/Oct/2022:11:06:31 +0800] "GET /xingrg/all/function/internal_message.html?_=1664766391157&CODE_STATE=getMsg HTTP/1.1" 200 27
222.70.183.206 - - [03/Oct/2022:11:06:33 +0800] "GET /xingrg/all/function/internal_message.html?_=1664766124645&CODE_STATE=getMsg HTTP/1.1" 200 27
116.224.255.128 - - [03/Oct/2022:11:06:36 +0800] "GET /xingrg/all/function/internal_message.html?_=1664766311162&CODE_STATE=getMsg HTTP/1.1" 200 27
58.22.0.67 - - [03/Oct/2022:11:06:37 +0800] "POST /xingrg/dwr/call/plaincall/AjaxCheckService.setItemNumber.dwr HTTP/1.1" 200 76
180.169.147.146 - - [03/Oct/2022:11:06:43 +0800] "GET /xingrg/all/function/internal_message.html?_=1664766400075&CODE_STATE=getMsg HTTP/1.1" 200 27
114.84.81.136 - - [03/Oct/2022:11:06:46 +0800] "GET /xingrg/all/function/internal_message.html?_=1664766403594&CODE_STATE=getMsg HTTP/1.1" 200 27
221.239.141.151 - - [03/Oct/2022:11:06:53 +0800] "GET /xingrg/kc/buy/cgsh_order_operate.html?command=get_materiel&rest_code=00102&code=00101008061&supplier_code=00100008&order_time=2022-10-03 HTTP/1.1" 200 422
180.169.147.146 - - [03/Oct/2022:11:06:54 +0800] "GET /xingrg/all/function/internal_message.html?_=1664766411890&CODE_STATE=getMsg HTTP/1.1" 200 27
124.79.74.72 - - [03/Oct/2022:11:06:54 +0800] "GET /xingrg/all/function/internal_message.html?_=1664766411990&CODE_STATE=getMsg HTTP/1.1" 200 27
58.37.225.234 - - [03/Oct/2022:11:06:55 +0800] "GET /xingrg/all/function/internal_message.html?_=1664766412895&CODE_STATE=getMsg HTTP/1.1" 200 27
180.169.147.146 - - [03/Oct/2022:11:06:57 +0800] "GET /xingrg/all/function/internal_message.html?_=1664766414807&CODE_STATE=getMsg HTTP/1.1" 200 27
116.230.105.139 - - [03/Oct/2022:11:06:57 +0800] "GET /xingrg/all/function/internal_message.html?_=1664766397845&CODE_STATE=getMsg HTTP/1.1" 200 27
221.239.141.151 - - [03/Oct/2022:11:07:00 +0800] "GET /xingrg/kc/buy/cgsh_order_operate.html?command=get_materiel&rest_code=00102&code=00101008168&supplier_code=00100008&order_time=2022-10-03 HTTP/1.1" 200 413
120.253.135.82 - - [03/Oct/2022:11:07:00 +0800] "GET /xingrg/check_reg.html?_=1664766535509 HTTP/1.1" 200 22
180.169.147.146 - - [03/Oct/2022:11:07:01 +0800] "GET /xingrg/all/function/internal_message.html?_=1664766428135&CODE_STATE=getMsg HTTP/1.1" 200 27
116.225.121.189 - - [03/Oct/2022:11:07:02 +0800] "GET /xingrg/all/function/internal_message.html?_=1664766422349&CODE_STATE=getMsg HTTP/1.1" 200 27
114.83.219.57 - - [03/Oct/2022:11:07:03 +0800] "GET /xingrg/check_reg.html?_=1664766511508 HTTP/1.1" 200 22
114.83.219.57 - - [03/Oct/2022:11:07:03 +0800] "GET /xingrg/all/function/internal_message.html?_=1664766511507&CODE_STATE=getMsg HTTP/1.1" 200 27
180.169.147.146 - - [03/Oct/2022:11:07:04 +0800] "GET /xingrg/all/report/report_query.html?isQuery=1&fileName=kc/base/crk_detail_by_small.xml&rh=99999&queryString=&queryText=%25E3%2580%2590%25E4%25BB%2593%25E5%25BA%2593%25E5%2590%258D%25E7%25A7%25B0%253A%25E6%25B5%25B7%25E9%25B2%259C%25E6%25B1%25A0%25E3%2580%2591%25E3%2580%2590%25E4%25B8%259A%25E5%258A%25A1%25E7%25B1%25BB%25E5%259E%258B%25EF%25BC%259A%25E9%2587%2587%25E8%25B4%25AD%25E5%2585%25A5%25E5%25BA%2593%25E3%2580%2591%2520%253F%253F%253F%253F%253F2022-09-01%253F%253F2022-09-30%2520%253F%253F%253F%253F%253F%253F%253F%253F&tableQueryString=crk_table%2524sp1%2524order_day%2520between%252020220901%2520and%252020220930%2520and%2520(base_code%253D'0010376')%2520and%2520(src_order_type%2520in%2520(21))%2520and%2520(is_rk%2520in%2520(1)) HTTP/1.1" 200 53784
180.169.147.146 - - [03/Oct/2022:11:07:04 +0800] "GET /xingrg/dwr/interface/AjaxReportQueryService.js HTTP/1.1" 200 13203
180.169.147.146 - - [03/Oct/2022:11:07:04 +0800] "GET /xingrg/dwr/engine.js HTTP/1.1" 200 43631
114.83.219.57 - - [03/Oct/2022:11:07:04 +0800] "POST /xingrg/kc/buy/cgsh_order_operate.html HTTP/1.1" 200 116
180.169.147.146 - - [03/Oct/2022:11:07:04 +0800] "POST /xingrg/all/report/load_report_page.html HTTP/1.1" 200 43389
180.169.147.146 - - [03/Oct/2022:11:07:04 +0800] "GET /xingrg/servlets/image?cache=0.2089086354685039&image=px HTTP/1.1" 200 807
114.83.216.252 - - [03/Oct/2022:11:07:05 +0800] "GET /xingrg/all/function/internal_message.html?_=1664766422115&CODE_STATE=getMsg HTTP/1.1" 200 27
180.169.147.146 - - [03/Oct/2022:11:07:06 +0800] "POST /xingrg/all/report/load_report_page.html HTTP/1.1" 200 295557
180.169.147.146 - - [03/Oct/2022:11:07:06 +0800] "GET /xingrg/servlets/image?cache=0.508429756216536&image=px HTTP/1.1" 200 807
221.239.141.151 - - [03/Oct/2022:11:07:07 +0800] "GET /xingrg/kc/buy/cgsh_order_operate.html?command=get_materiel&rest_code=00102&code=00101008095&supplier_code=00100008&order_time=2022-10-03 HTTP/1.1" 200 412
120.253.135.82 - - [03/Oct/2022:11:07:09 +0800] "GET /xingrg/all/function/internal_message.html?_=1664766544022&CODE_STATE=getMsg HTTP/1.1" 200 27
58.22.0.67 - - [03/Oct/2022:11:07:11 +0800] "GET /xingrg/all/function/internal_message.html?_=1664766427151&CODE_STATE=getMsg HTTP/1.1" 200 27
58.22.0.67 - - [03/Oct/2022:11:07:12 +0800] "POST /xingrg/dwr/call/plaincall/AjaxCheckService.setItemNumber.dwr HTTP/1.1" 200 76
180.169.147.146 - - [03/Oct/2022:11:07:12 +0800] "POST /xingrg/all/report/report_print.html HTTP/1.1" 302 -
180.169.147.146 - - [03/Oct/2022:11:07:12 +0800] "GET /xingrg/servlets/image?image=px HTTP/1.1" 200 807
180.169.147.146 - - [03/Oct/2022:11:07:12 +0800] "GET /xingrg/servlets/html?sysBaseUrl=http%3A%2F%2F180.169.147.146%3A18081%2Fxingrg%2F&costTime=99×tamp=1664766432621 HTTP/1.1" 200 292052
180.169.147.146 - - [03/Oct/2022:11:07:13 +0800] "GET /favicon.ico HTTP/1.1" 404 -
221.239.141.151 - - [03/Oct/2022:11:07:14 +0800] "GET /xingrg/kc/buy/cgsh_order_operate.html?command=get_materiel&rest_code=00102&code=00101008114&supplier_code=00100008&order_time=2022-10-03 HTTP/1.1" 200 412
58.22.0.67 - - [03/Oct/2022:11:07:14 +0800] "POST /xingrg/dwr/call/plaincall/AjaxCheckService.setItemNumber.dwr HTTP/1.1" 200 77
124.79.246.218 - - [03/Oct/2022:11:07:16 +0800] "GET /xingrg/all/function/internal_message.html?_=1664766634597&CODE_STATE=getMsg HTTP/1.1" 200 27
124.79.246.218 - - [03/Oct/2022:11:07:16 +0800] "GET /xingrg/check_reg.html?_=1664766634598 HTTP/1.1" 200 22
172.20.0.100 - - [03/Oct/2022:11:07:17 +0800] "GET /xingrg/all/function/internal_message.html?_=1664766433947&CODE_STATE=getMsg HTTP/1.1" 200 27
114.83.219.57 - - [03/Oct/2022:11:07:18 +0800] "GET /xingrg/kc/buy/cgsh_order_list.html HTTP/1.1" 200 53129
114.83.219.57 - - [03/Oct/2022:11:07:20 +0800] "POST /xingrg/kc/buy/cgsh_list_operate.html HTTP/1.1" 200 1866
116.230.114.213 - - [03/Oct/2022:11:07:20 +0800] "GET /xingrg/check_reg.html?_=1664766439988 HTTP/1.1" 200 22
221.239.141.151 - - [03/Oct/2022:11:07:20 +0800] "GET /xingrg/kc/buy/cgsh_order_operate.html?command=get_materiel&rest_code=00102&code=00101008145&supplier_code=00100008&order_time=2022-10-03 HTTP/1.1" 200 416
116.225.121.189 - - [03/Oct/2022:11:07:21 +0800] "GET /xingrg/all/function/internal_message.html?_=1664766294487&CODE_STATE=getMsg HTTP/1.1" 200 27
114.83.219.57 - - [03/Oct/2022:11:07:23 +0800] "POST /xingrg/kc/buy/cgsh_list_operate.html HTTP/1.1" 200 -
116.224.255.128 - - [03/Oct/2022:11:07:25 +0800] "GET /xingrg/all/function/internal_message.html?_=1664766471123&CODE_STATE=getMsg HTTP/1.1" 200 27
114.83.219.57 - - [03/Oct/2022:11:07:25 +0800] "POST /xingrg/kc/buy/cgsh_list_operate.html HTTP/1.1" 200 -
114.83.219.57 - - [03/Oct/2022:11:07:27 +0800] "POST /xingrg/kc/buy/cgsh_list_operate.html HTTP/1.1" 200 -
58.22.0.67 - - [03/Oct/2022:11:07:27 +0800] "POST /xingrg/dwr/call/plaincall/AjaxCheckService.setItemNumber.dwr HTTP/1.1" 200 77
221.239.141.151 - - [03/Oct/2022:11:07:28 +0800] "GET /xingrg/kc/buy/cgsh_order_operate.html?command=get_materiel&rest_code=00102&code=00101008140&supplier_code=00100008&order_time=2022-10-03 HTTP/1.1" 200 417
114.83.219.57 - - [03/Oct/2022:11:07:30 +0800] "POST /xingrg/kc/buy/cgsh_list_operate.html HTTP/1.1" 200 -
124.78.158.230 - - [03/Oct/2022:11:07:30 +0800] "GET /xingrg/all/function/internal_message.html?_=1664766447104&CODE_STATE=getMsg HTTP/1.1" 200 27
221.239.141.151 - - [03/Oct/2022:11:07:31 +0800] "GET /xingrg/all/function/internal_message.html?_=1664766451386&CODE_STATE=getMsg HTTP/1.1" 200 27
116.230.114.213 - - [03/Oct/2022:11:07:31 +0800] "GET /xingrg/all/function/internal_message.html?_=1664766451158&CODE_STATE=getMsg HTTP/1.1" 200 27
114.83.219.57 - - [03/Oct/2022:11:07:32 +0800] "POST /xingrg/kc/buy/cgsh_list_operate.html HTTP/1.1" 200 -
222.70.183.206 - - [03/Oct/2022:11:07:33 +0800] "GET /xingrg/all/function/internal_message.html?_=1664766184663&CODE_STATE=getMsg HTTP/1.1" 200 27
221.239.141.151 - - [03/Oct/2022:11:07:34 +0800] "GET /xingrg/kc/buy/cgsh_order_operate.html?command=get_materiel&rest_code=00102&code=00101008123&supplier_code=00100008&order_time=2022-10-03 HTTP/1.1" 200 412
58.40.7.146 - - [03/Oct/2022:11:07:36 +0800] "POST /xingrg/services/DataTransmitService HTTP/1.1" 200 524
114.83.219.57 - - [03/Oct/2022:11:07:36 +0800] "GET /xingrg/login.html HTTP/1.1" 200 7641
114.83.219.57 - - [03/Oct/2022:11:07:36 +0800] "GET /favicon.ico HTTP/1.1" 404 -
116.224.255.128 - - [03/Oct/2022:11:07:36 +0800] "GET /xingrg/check_reg.html?_=1664766371060 HTTP/1.1" 200 22
116.224.255.128 - - [03/Oct/2022:11:07:36 +0800] "GET /xingrg/all/function/internal_message.html?_=1664766371176&CODE_STATE=getMsg HTTP/1.1" 200 27
114.83.219.57 - - [03/Oct/2022:11:07:38 +0800] "POST /xingrg/login.do HTTP/1.1" 302 -
114.83.219.57 - - [03/Oct/2022:11:07:38 +0800] "GET /xingrg/index.html?sysBaseUrl=http%3A%2F%2F180.169.147.146%3A18081%2Fxingrg%2F&costTime=50×tamp=1664766458100 HTTP/1.1" 200 17179
114.83.219.57 - - [03/Oct/2022:11:07:38 +0800] "GET /favicon.ico HTTP/1.1" 404 -
114.83.219.57 - - [03/Oct/2022:11:07:38 +0800] "POST /xingrg/all/common/load_tree.html?tree=area_rest_tree_json&manage=1 HTTP/1.1" 200 351
114.83.219.57 - - [03/Oct/2022:11:07:38 +0800] "GET /xingrg/all/function/internal_message.html?_=1664766546141&CODE_STATE=count HTTP/1.1" 200 11
114.83.219.57 - - [03/Oct/2022:11:07:38 +0800] "GET /xingrg/check_reg.html?_=1664766546142 HTTP/1.1" 200 22
114.83.219.57 - - [03/Oct/2022:11:07:38 +0800] "POST /xingrg/load_menu.html HTTP/1.1" 200 5138
58.22.0.67 - - [03/Oct/2022:11:07:42 +0800] "POST /xingrg/dwr/call/plaincall/AjaxCheckService.setItemNumber.dwr HTTP/1.1" 200 77
180.169.147.146 - - [03/Oct/2022:11:07:43 +0800] "GET /xingrg/all/function/internal_message.html?_=1664766460073&CODE_STATE=getMsg HTTP/1.1" 200 27
114.83.219.57 - - [03/Oct/2022:11:07:43 +0800] "GET /xingrg/kc/buy/cgsh_order_list.html HTTP/1.1" 200 53129
120.253.135.82 - - [03/Oct/2022:11:07:43 +0800] "GET /xingrg/kc/pszx/mdqp_order_list.html?state=10 HTTP/1.1" 200 11068
221.239.141.151 - - [03/Oct/2022:11:07:43 +0800] "GET /xingrg/kc/buy/cgsh_order_operate.html?command=get_materiel&rest_code=00102&code=00101009015&supplier_code=00100008&order_time=2022-10-03 HTTP/1.1" 200 416
120.253.135.82 - - [03/Oct/2022:11:07:43 +0800] "GET /xingrg/dwr/interface/AjaxReportQueryService.js HTTP/1.1" 200 13203
120.253.135.82 - - [03/Oct/2022:11:07:43 +0800] "GET /xingrg/dwr/engine.js HTTP/1.1" 200 43631
120.253.135.82 - - [03/Oct/2022:11:07:43 +0800] "GET /xingrg/dwr/interface/AjaxQqpsService.js HTTP/1.1" 200 16326
114.83.219.57 - - [03/Oct/2022:11:07:45 +0800] "POST /xingrg/kc/buy/cgsh_list_operate.html HTTP/1.1" 200 1866
114.84.81.136 - - [03/Oct/2022:11:07:46 +0800] "GET /xingrg/all/function/internal_message.html?_=1664766463595&CODE_STATE=getMsg HTTP/1.1" 200 27
114.84.81.136 - - [03/Oct/2022:11:07:46 +0800] "GET /xingrg/check_reg.html?_=1664766463598 HTTP/1.1" 200 22
120.253.135.82 - - [03/Oct/2022:11:07:47 +0800] "GET /xingrg/kc/pszx/mdqp_order_info.html?code=302022100300051 HTTP/1.1" 200 13346
120.253.135.82 - - [03/Oct/2022:11:07:47 +0800] "GET /xingrg/dwr/interface/AjaxQqpsService.js HTTP/1.1" 200 16326
120.253.135.82 - - [03/Oct/2022:11:07:47 +0800] "GET /xingrg/dwr/interface/AjaxComOrderService.js HTTP/1.1" 200 18264
120.253.135.82 - - [03/Oct/2022:11:07:47 +0800] "GET /xingrg/dwr/engine.js HTTP/1.1" 200 43631
120.253.135.82 - - [03/Oct/2022:11:07:47 +0800] "POST /xingrg/dwr/call/plaincall/AjaxQqpsService.loadMaterielItems.dwr HTTP/1.1" 200 667
114.83.219.57 - - [03/Oct/2022:11:07:49 +0800] "POST /xingrg/kc/buy/cgsh_list_operate.html HTTP/1.1" 200 -
58.22.0.67 - - [03/Oct/2022:11:07:49 +0800] "POST /xingrg/dwr/call/plaincall/AjaxCheckService.setItemNumber.dwr HTTP/1.1" 200 77
221.239.141.151 - - [03/Oct/2022:11:07:50 +0800] "GET /xingrg/kc/buy/cgsh_order_operate.html?command=get_materiel&rest_code=00102&code=00101008041&supplier_code=00100008&order_time=2022-10-03 HTTP/1.1" 200 408
114.83.219.57 - - [03/Oct/2022:11:07:50 +0800] "POST /xingrg/kc/buy/cgsh_list_operate.html HTTP/1.1" 200 -
120.253.135.82 - - [03/Oct/2022:11:07:51 +0800] "GET /xingrg/javascript/jquery_easy_ui/themes/default/images/button_plain_hover.png HTTP/1.1" 304 -
120.253.135.82 - - [03/Oct/2022:11:07:52 +0800] "GET /xingrg/kc/pszx/mdqp_order_list.html?isBack=1 HTTP/1.1" 302 -
120.253.135.82 - - [03/Oct/2022:11:07:52 +0800] "GET /xingrg/kc/pszx/mdqp_order_list.html?state=10 HTTP/1.1" 200 11068
120.253.135.82 - - [03/Oct/2022:11:07:52 +0800] "GET /xingrg/dwr/interface/AjaxQqpsService.js HTTP/1.1" 200 16326
120.253.135.82 - - [03/Oct/2022:11:07:52 +0800] "GET /xingrg/dwr/interface/AjaxReportQueryService.js HTTP/1.1" 200 13203
120.253.135.82 - - [03/Oct/2022:11:07:52 +0800] "GET /xingrg/dwr/engine.js HTTP/1.1" 200 43631
114.83.219.57 - - [03/Oct/2022:11:07:54 +0800] "POST /xingrg/kc/buy/cgsh_list_operate.html HTTP/1.1" 200 -
180.169.147.146 - - [03/Oct/2022:11:07:54 +0800] "GET /xingrg/all/function/internal_message.html?_=1664766471884&CODE_STATE=getMsg HTTP/1.1" 200 27
124.79.74.72 - - [03/Oct/2022:11:07:54 +0800] "GET /xingrg/all/function/internal_message.html?_=1664766471991&CODE_STATE=getMsg HTTP/1.1" 200 27
120.253.135.82 - - [03/Oct/2022:11:07:54 +0800] "GET /xingrg/kc/pszx/mdqp_order_info.html?code=302022100300050 HTTP/1.1" 200 13350
120.253.135.82 - - [03/Oct/2022:11:07:54 +0800] "GET /xingrg/dwr/interface/AjaxComOrderService.js HTTP/1.1" 200 18264
120.253.135.82 - - [03/Oct/2022:11:07:54 +0800] "GET /xingrg/dwr/interface/AjaxQqpsService.js HTTP/1.1" 200 16326
120.253.135.82 - - [03/Oct/2022:11:07:54 +0800] "GET /xingrg/dwr/engine.js HTTP/1.1" 200 43631
58.37.225.234 - - [03/Oct/2022:11:07:55 +0800] "GET /xingrg/all/function/internal_message.html?_=1664766472871&CODE_STATE=getMsg HTTP/1.1" 200 27
120.253.135.82 - - [03/Oct/2022:11:07:55 +0800] "POST /xingrg/dwr/call/plaincall/AjaxQqpsService.loadMaterielItems.dwr HTTP/1.1" 200 7292
180.169.147.146 - - [03/Oct/2022:11:07:56 +0800] "GET /xingrg/all/function/internal_message.html?_=1664766474786&CODE_STATE=getMsg HTTP/1.1" 200 27
58.22.0.67 - - [03/Oct/2022:11:07:57 +0800] "POST /xingrg/dwr/call/plaincall/AjaxCheckService.setItemNumber.dwr HTTP/1.1" 200 77
116.230.105.139 - - [03/Oct/2022:11:07:57 +0800] "GET /xingrg/check_reg.html?_=1664766457864 HTTP/1.1" 200 22
116.230.105.139 - - [03/Oct/2022:11:07:57 +0800] "GET /xingrg/all/function/internal_message.html?_=1664766457862&CODE_STATE=getMsg HTTP/1.1" 200 27
221.239.141.151 - - [03/Oct/2022:11:07:58 +0800] "GET /xingrg/kc/buy/cgsh_order_operate.html?command=get_materiel&rest_code=00102&code=00101010237&supplier_code=00100008&order_time=2022-10-03 HTTP/1.1" 200 431
114.83.219.57 - - [03/Oct/2022:11:07:58 +0800] "POST /xingrg/kc/buy/cgsh_list_operate.html HTTP/1.1" 200 4
120.253.135.82 - - [03/Oct/2022:11:07:59 +0800] "GET /xingrg/kc/pszx/mdqp_order_list.html?isBack=1 HTTP/1.1" 302 -
120.253.135.82 - - [03/Oct/2022:11:07:59 +0800] "GET /xingrg/kc/pszx/mdqp_order_list.html?state=10 HTTP/1.1" 200 11068
120.253.135.82 - - [03/Oct/2022:11:07:59 +0800] "GET /xingrg/dwr/interface/AjaxQqpsService.js HTTP/1.1" 200 16326
120.253.135.82 - - [03/Oct/2022:11:07:59 +0800] "GET /xingrg/dwr/interface/AjaxReportQueryService.js HTTP/1.1" 200 13203
120.253.135.82 - - [03/Oct/2022:11:07:59 +0800] "GET /xingrg/dwr/engine.js HTTP/1.1" 200 43631
114.83.219.57 - - [03/Oct/2022:11:08:00 +0800] "POST /xingrg/kc/buy/cgsh_list_operate.html HTTP/1.1" 200 986
180.169.147.146 - - [03/Oct/2022:11:08:01 +0800] "GET /xingrg/all/function/internal_message.html?_=1664766488160&CODE_STATE=getMsg HTTP/1.1" 200 27
114.83.219.57 - - [03/Oct/2022:11:08:01 +0800] "GET /xingrg/kc/buy/cgsh_order_add.html HTTP/1.1" 200 68109
114.83.219.57 - - [03/Oct/2022:11:08:02 +0800] "POST /xingrg/kc/buy/cgsh_order_operate.html HTTP/1.1" 200 8245
114.83.219.57 - - [03/Oct/2022:11:08:02 +0800] "GET /xingrg/all/common/auto_word.html?type=employee&rest_code=00154 HTTP/1.1" 200 101
114.83.219.57 - - [03/Oct/2022:11:08:02 +0800] "GET /xingrg/all/common/auto_word.html?type=employee&rest_code=00154 HTTP/1.1" 200 101
114.83.219.57 - - [03/Oct/2022:11:08:02 +0800] "GET /xingrg/javascript/easyui/themes/default/validatebox.css HTTP/1.1" 404 1104
58.22.0.67 - - [03/Oct/2022:11:08:02 +0800] "POST /xingrg/dwr/call/plaincall/AjaxCheckService.setItemNumber.dwr HTTP/1.1" 200 77
116.225.121.189 - - [03/Oct/2022:11:08:02 +0800] "GET /xingrg/all/function/internal_message.html?_=1664766482375&CODE_STATE=getMsg HTTP/1.1" 200 27
180.169.147.146 - - [03/Oct/2022:11:08:03 +0800] "GET /xingrg/all/report/report_query.html?isQuery=1&fileName=kc/base/crk_detail_by_small.xml&rh=99999&queryString=&queryText=%25E3%2580%2590%25E4%25BB%2593%25E5%25BA%2593%25E5%2590%258D%25E7%25A7%25B0%253A%25E6%25B5%25B7%25E9%25B2%259C%25E6%25B1%25A0%25E3%2580%2591%25E3%2580%2590%25E4%25B8%259A%25E5%258A%25A1%25E7%25B1%25BB%25E5%259E%258B%25EF%25BC%259A%25E5%25BC%2582%25E5%25BA%2597%25E8%25B0%2583%25E5%2585%25A5%25E3%2580%2591%2520%253F%253F%253F%253F%253F2022-09-01%253F%253F2022-09-30%2520%253F%253F%253F%253F%253F%253F%253F%253F&tableQueryString=crk_table%2524sp1%2524order_day%2520between%252020220901%2520and%252020220930%2520and%2520(base_code%253D'0010376')%2520and%2520(src_order_type%2520in%2520(48))%2520and%2520(is_rk%2520in%2520(1)) HTTP/1.1" 200 53784
180.169.147.146 - - [03/Oct/2022:11:08:03 +0800] "GET /xingrg/dwr/interface/AjaxReportQueryService.js HTTP/1.1" 200 13203
180.169.147.146 - - [03/Oct/2022:11:08:03 +0800] "GET /xingrg/dwr/engine.js HTTP/1.1" 200 43631
114.83.219.57 - - [03/Oct/2022:11:08:03 +0800] "GET /xingrg/javascript/auto/indicator.gif HTTP/1.1" 404 1066
180.169.147.146 - - [03/Oct/2022:11:08:03 +0800] "POST /xingrg/all/report/load_report_page.html HTTP/1.1" 200 13896
180.169.147.146 - - [03/Oct/2022:11:08:03 +0800] "GET /xingrg/servlets/image?cache=0.7234778722732916&image=px HTTP/1.1" 200 807
120.253.135.82 - - [03/Oct/2022:11:08:04 +0800] "GET /xingrg/kc/pszx/jzcl_ps.html HTTP/1.1" 200 7683
120.253.135.82 - - [03/Oct/2022:11:08:04 +0800] "POST /xingrg/all/common/load_tree.html?tree=area_rest_tree_json HTTP/1.1" 200 3472
114.83.216.252 - - [03/Oct/2022:11:08:04 +0800] "GET /xingrg/all/function/internal_message.html?_=1664766482093&CODE_STATE=getMsg HTTP/1.1" 200 27
120.253.135.82 - - [03/Oct/2022:11:08:05 +0800] "POST /xingrg/kc/pszx/jzcl_ps_operate.html HTTP/1.1" 200 908
180.169.147.146 - - [03/Oct/2022:11:08:05 +0800] "POST /xingrg/all/report/load_report_page.html HTTP/1.1" 200 22825
180.169.147.146 - - [03/Oct/2022:11:08:05 +0800] "GET /xingrg/servlets/image?cache=0.3888430808814609&image=px HTTP/1.1" 200 807
120.253.135.82 - - [03/Oct/2022:11:08:05 +0800] "POST /xingrg/kc/pszx/jzcl_ps_operate.html HTTP/1.1" 200 908
120.253.135.82 - - [03/Oct/2022:11:08:09 +0800] "GET /xingrg/all/function/internal_message.html?_=1664766604035&CODE_STATE=getMsg HTTP/1.1" 200 27
180.169.147.146 - - [03/Oct/2022:11:08:09 +0800] "POST /xingrg/all/report/report_print.html HTTP/1.1" 302 -
180.169.147.146 - - [03/Oct/2022:11:08:09 +0800] "GET /xingrg/servlets/html?sysBaseUrl=http%3A%2F%2F180.169.147.146%3A18081%2Fxingrg%2F&costTime=52×tamp=1664766489434 HTTP/1.1" 200 22446
180.169.147.146 - - [03/Oct/2022:11:08:09 +0800] "GET /xingrg/servlets/image?image=px HTTP/1.1" 200 807
180.169.147.146 - - [03/Oct/2022:11:08:09 +0800] "GET /favicon.ico HTTP/1.1" 404 -
120.253.135.82 - - [03/Oct/2022:11:08:10 +0800] "POST /xingrg/kc/pszx/jzcl_ps_operate.html HTTP/1.1" 200 4
58.22.0.67 - - [03/Oct/2022:11:08:10 +0800] "POST /xingrg/dwr/call/plaincall/AjaxCheckService.setItemNumber.dwr HTTP/1.1" 200 77
120.253.135.82 - - [03/Oct/2022:11:08:10 +0800] "GET /xingrg/javascript/step/images/navBtn.gif HTTP/1.1" 200 361
120.253.135.82 - - [03/Oct/2022:11:08:10 +0800] "GET /xingrg/javascript/step/images/navBtn.gif HTTP/1.1" 200 361
58.22.0.67 - - [03/Oct/2022:11:08:11 +0800] "GET /xingrg/all/function/internal_message.html?_=1664766487169&CODE_STATE=getMsg HTTP/1.1" 200 27
120.253.135.82 - - [03/Oct/2022:11:08:11 +0800] "GET /xingrg/kc/pszx/mdps_order_list.html HTTP/1.1" 200 21045
120.253.135.82 - - [03/Oct/2022:11:08:12 +0800] "POST /xingrg/kc/pszx/jzcl_ps_operate.html HTTP/1.1" 200 434
120.253.135.82 - - [03/Oct/2022:11:08:12 +0800] "POST /xingrg/kc/pszx/mdps_list_operate.html HTTP/1.1" 200 5310
221.239.141.151 - - [03/Oct/2022:11:08:14 +0800] "GET /xingrg/kc/buy/cgsh_order_operate.html?command=get_materiel&rest_code=00102&code=00101008003&supplier_code=00100008&order_time=2022-10-03 HTTP/1.1" 200 408
114.83.219.57 - - [03/Oct/2022:11:08:14 +0800] "GET /xingrg/kc/buy/cgsh_order_operate.html?command=get_materiel&rest_code=00154&code=00101006201&supplier_code=00100176&order_time=2022-10-03 HTTP/1.1" 200 405
124.79.246.218 - - [03/Oct/2022:11:08:16 +0800] "GET /xingrg/all/function/internal_message.html?_=1664766694595&CODE_STATE=getMsg HTTP/1.1" 200 27
116.230.114.213 - - [03/Oct/2022:11:08:16 +0800] "GET /xingrg/check_reg.html?_=1664766495209 HTTP/1.1" 302 -
172.20.0.100 - - [03/Oct/2022:11:08:17 +0800] "GET /xingrg/all/function/internal_message.html?_=1664766493932&CODE_STATE=getMsg HTTP/1.1" 200 27
58.22.0.67 - - [03/Oct/2022:11:08:17 +0800] "POST /xingrg/dwr/call/plaincall/AjaxCheckService.setItemNumber.dwr HTTP/1.1" 200 77
221.239.141.151 - - [03/Oct/2022:11:08:17 +0800] "POST /xingrg/kc/buy/cgsh_order_operate.html HTTP/1.1" 200 2065
116.225.121.189 - - [03/Oct/2022:11:08:21 +0800] "GET /xingrg/all/function/internal_message.html?_=1664766354487&CODE_STATE=getMsg HTTP/1.1" 200 27
116.225.121.189 - - [03/Oct/2022:11:08:21 +0800] "GET /xingrg/check_reg.html?_=1664766354491 HTTP/1.1" 200 22
221.239.141.151 - - [03/Oct/2022:11:08:21 +0800] "GET /xingrg/kc/buy/cgsh_order_operate.html?command=get_materiel&rest_code=00102&code=00101008126&supplier_code=00100008&order_time=2022-10-03 HTTP/1.1" 200 412
221.239.141.151 - - [03/Oct/2022:11:08:22 +0800] "POST /xingrg/services/DataTransmitService HTTP/1.1" 200 524
120.253.135.82 - - [03/Oct/2022:11:08:22 +0800] "POST /xingrg/kc/pszx/mdps_list_operate.html HTTP/1.1" 200 624
120.253.135.82 - - [03/Oct/2022:11:08:22 +0800] "GET /xingrg/kc/pszx/mdps_order_info.html?code=312022100300086 HTTP/1.1" 200 23976
58.22.0.67 - - [03/Oct/2022:11:08:22 +0800] "POST /xingrg/dwr/call/plaincall/AjaxCheckService.setItemNumber.dwr HTTP/1.1" 200 77
221.239.141.151 - - [03/Oct/2022:11:08:22 +0800] "POST /xingrg/services/DataTransmitService HTTP/1.1" 200 2487
120.253.135.82 - - [03/Oct/2022:11:08:23 +0800] "GET /xingrg/javascript/easyui/themes/default/validatebox.css HTTP/1.1" 404 1104
120.253.135.82 - - [03/Oct/2022:11:08:23 +0800] "POST /xingrg/kc/pszx/mdps_order_operate.html HTTP/1.1" 200 13401
221.239.141.151 - - [03/Oct/2022:11:08:23 +0800] "POST /xingrg/services/DataTransmitService HTTP/1.1" 200 195576
58.37.225.234 - - [03/Oct/2022:11:08:24 +0800] "GET /xingrg/check_reg.html?_=1664766501816 HTTP/1.1" 200 22
116.224.255.128 - - [03/Oct/2022:11:08:25 +0800] "GET /xingrg/all/function/internal_message.html?_=1664766531128&CODE_STATE=getMsg HTTP/1.1" 200 27
120.253.135.82 - - [03/Oct/2022:11:08:26 +0800] "POST /xingrg/kc/pszx/mdps_order_operate.html HTTP/1.1" 200 37
120.253.135.82 - - [03/Oct/2022:11:08:27 +0800] "GET /xingrg/kc/pszx/mdps_order_info.html?code=312022100300086 HTTP/1.1" 200 23976
114.83.219.57 - - [03/Oct/2022:11:08:28 +0800] "POST /xingrg/kc/buy/cgsh_order_operate.html HTTP/1.1" 200 37
120.253.135.82 - - [03/Oct/2022:11:08:28 +0800] "GET /xingrg/javascript/easyui/themes/default/validatebox.css HTTP/1.1" 404 1104
120.253.135.82 - - [03/Oct/2022:11:08:28 +0800] "POST /xingrg/kc/pszx/mdps_order_operate.html HTTP/1.1" 200 13579
180.169.147.146 - - [03/Oct/2022:11:08:29 +0800] "GET /xingrg/all/report/report_query.html?isQuery=1&fileName=kc/base/crk_detail_by_small.xml&rh=99999&queryString=&queryText=%25E3%2580%2590%25E4%25BB%2593%25E5%25BA%2593%25E5%2590%258D%25E7%25A7%25B0%253A%25E6%25B5%25B7%25E9%25B2%259C%25E6%25B1%25A0%25E3%2580%2591%25E3%2580%2590%25E4%25B8%259A%25E5%258A%25A1%25E7%25B1%25BB%25E5%259E%258B%25EF%25BC%259A%25E8%25B0%2583%25E5%25BE%2580%25E5%25BC%2582%25E5%25BA%2597%25E3%2580%2591%2520%253F%253F%253F%253F%253F2022-09-01%253F%253F2022-09-30%2520%253F%253F%253F%253F%253F%253F%253F%253F&tableQueryString=crk_table%2524sp1%2524order_day%2520between%252020220901%2520and%252020220930%2520and%2520(base_code%253D'0010376')%2520and%2520(src_order_type%2520in%2520(48))%2520and%2520(is_rk%2520in%2520(0)) HTTP/1.1" 200 53784
180.169.147.146 - - [03/Oct/2022:11:08:29 +0800] "GET /xingrg/dwr/interface/AjaxReportQueryService.js HTTP/1.1" 200 13203
180.169.147.146 - - [03/Oct/2022:11:08:29 +0800] "GET /xingrg/dwr/engine.js HTTP/1.1" 200 43631
221.239.141.151 - - [03/Oct/2022:11:08:29 +0800] "GET /xingrg/kc/buy/cgsh_order_operate.html?command=get_materiel&rest_code=00102&code=00101008321&supplier_code=00100008&order_time=2022-10-03 HTTP/1.1" 200 412
180.169.147.146 - - [03/Oct/2022:11:08:30 +0800] "POST /xingrg/all/report/load_report_page.html HTTP/1.1" 200 13914
180.169.147.146 - - [03/Oct/2022:11:08:30 +0800] "GET /xingrg/servlets/image?cache=0.06118645893273167&image=px HTTP/1.1" 200 807
124.78.158.230 - - [03/Oct/2022:11:08:30 +0800] "GET /xingrg/all/function/internal_message.html?_=1664766507083&CODE_STATE=getMsg HTTP/1.1" 200 27
221.239.141.151 - - [03/Oct/2022:11:08:31 +0800] "GET /xingrg/all/function/internal_message.html?_=1664766511399&CODE_STATE=getMsg HTTP/1.1" 200 27
180.169.147.146 - - [03/Oct/2022:11:08:31 +0800] "POST /xingrg/all/report/load_report_page.html HTTP/1.1" 200 25905
180.169.147.146 - - [03/Oct/2022:11:08:31 +0800] "GET /xingrg/servlets/image?cache=0.09006814700349763&image=px HTTP/1.1" 200 807
116.230.114.213 - - [03/Oct/2022:11:08:31 +0800] "GET /xingrg/all/function/internal_message.html?_=1664766511171&CODE_STATE=getMsg HTTP/1.1" 200 27
124.78.158.230 - - [03/Oct/2022:11:08:31 +0800] "GET /xingrg/check_reg.html?_=1664766508295 HTTP/1.1" 200 22
114.83.219.57 - - [03/Oct/2022:11:08:32 +0800] "POST /xingrg/kc/buy/cgsh_order_operate.html HTTP/1.1" 200 12
222.70.183.206 - - [03/Oct/2022:11:08:33 +0800] "GET /xingrg/check_reg.html?_=1664766244664 HTTP/1.1" 200 22
222.70.183.206 - - [03/Oct/2022:11:08:33 +0800] "GET /xingrg/all/function/internal_message.html?_=1664766244665&CODE_STATE=getMsg HTTP/1.1" 200 27
114.83.219.57 - - [03/Oct/2022:11:08:34 +0800] "GET /xingrg/kc/buy/cgsh_order_info.html?code=212022100300802 HTTP/1.1" 200 63015
114.83.219.57 - - [03/Oct/2022:11:08:34 +0800] "GET /xingrg/javascript/easyui/themes/default/validatebox.css HTTP/1.1" 404 1104
114.83.219.57 - - [03/Oct/2022:11:08:35 +0800] "POST /xingrg/kc/buy/cgsh_order_operate.html HTTP/1.1" 200 600
221.239.141.151 - - [03/Oct/2022:11:08:36 +0800] "GET /xingrg/kc/buy/cgsh_order_operate.html?command=get_materiel&rest_code=00102&code=00101008270&supplier_code=00100008&order_time=2022-10-03 HTTP/1.1" 200 412
180.169.147.146 - - [03/Oct/2022:11:08:36 +0800] "POST /xingrg/all/report/report_print.html HTTP/1.1" 200 5632
114.83.219.57 - - [03/Oct/2022:11:08:36 +0800] "GET /xingrg/kc/print/load_config.html?kc_code=cgsh HTTP/1.1" 200 1943
116.224.255.128 - - [03/Oct/2022:11:08:36 +0800] "GET /xingrg/all/function/internal_message.html?_=1664766431189&CODE_STATE=getMsg HTTP/1.1" 200 27
114.83.219.57 - - [03/Oct/2022:11:08:37 +0800] "GET /xingrg/kc/print/load_data.html?order_code=212022100300802&kc_code=cgsh&condition= HTTP/1.1" 200 715
114.83.219.57 - - [03/Oct/2022:11:08:38 +0800] "GET /xingrg/all/function/internal_message.html?_=1664766606189&CODE_STATE=getMsg HTTP/1.1" 200 27
221.239.141.151 - - [03/Oct/2022:11:08:42 +0800] "GET /xingrg/kc/buy/cgsh_order_operate.html?command=get_materiel&rest_code=00102&code=00101008358&supplier_code=00100008&order_time=2022-10-03 HTTP/1.1" 200 412
180.169.147.146 - - [03/Oct/2022:11:08:43 +0800] "GET /xingrg/all/function/internal_message.html?_=1664766520088&CODE_STATE=getMsg HTTP/1.1" 200 27
180.169.147.146 - - [03/Oct/2022:11:08:43 +0800] "GET /xingrg/check_reg.html?_=1664766520089 HTTP/1.1" 200 22
180.169.147.146 - - [03/Oct/2022:11:08:43 +0800] "POST /xingrg/all/report/report_print.html HTTP/1.1" 302 -
180.169.147.146 - - [03/Oct/2022:11:08:43 +0800] "GET /xingrg/servlets/html?sysBaseUrl=http%3A%2F%2F180.169.147.146%3A18081%2Fxingrg%2F&costTime=56×tamp=1664766523560 HTTP/1.1" 200 25241
180.169.147.146 - - [03/Oct/2022:11:08:43 +0800] "GET /xingrg/servlets/image?image=px HTTP/1.1" 200 807
180.169.147.146 - - [03/Oct/2022:11:08:43 +0800] "GET /favicon.ico HTTP/1.1" 404 -
114.84.81.136 - - [03/Oct/2022:11:08:46 +0800] "GET /xingrg/all/function/internal_message.html?_=1664766523599&CODE_STATE=getMsg HTTP/1.1" 200 27
180.169.147.146 - - [03/Oct/2022:11:08:54 +0800] "GET /xingrg/all/function/internal_message.html?_=1664766531900&CODE_STATE=getMsg HTTP/1.1" 200 27
124.79.74.72 - - [03/Oct/2022:11:08:54 +0800] "GET /xingrg/all/function/internal_message.html?_=1664766531993&CODE_STATE=getMsg HTTP/1.1" 200 27
124.79.74.72 - - [03/Oct/2022:11:08:54 +0800] "GET /xingrg/check_reg.html?_=1664766531994 HTTP/1.1" 200 22
58.37.225.234 - - [03/Oct/2022:11:08:55 +0800] "GET /xingrg/all/function/internal_message.html?_=1664766532851&CODE_STATE=getMsg HTTP/1.1" 200 27
180.169.147.146 - - [03/Oct/2022:11:08:56 +0800] "GET /xingrg/all/function/internal_message.html?_=1664766534778&CODE_STATE=getMsg HTTP/1.1" 200 27
116.230.105.139 - - [03/Oct/2022:11:08:57 +0800] "GET /xingrg/all/function/internal_message.html?_=1664766517846&CODE_STATE=getMsg HTTP/1.1" 200 27
221.239.141.151 - - [03/Oct/2022:11:08:59 +0800] "POST /xingrg/kc/buy/cgsh_order_operate.html HTTP/1.1" 200 2065
116.224.255.128 - - [03/Oct/2022:11:09:00 +0800] "POST /xingrg/services/DataTransmitService HTTP/1.1" 200 524
116.224.255.128 - - [03/Oct/2022:11:09:00 +0800] "POST /xingrg/services/DataTransmitService HTTP/1.1" 200 2167
116.224.255.128 - - [03/Oct/2022:11:09:01 +0800] "POST /xingrg/services/DataTransmitService HTTP/1.1" 200 129776
180.169.147.146 - - [03/Oct/2022:11:09:01 +0800] "GET /xingrg/all/function/internal_message.html?_=1664766548163&CODE_STATE=getMsg HTTP/1.1" 200 27
116.225.121.189 - - [03/Oct/2022:11:09:02 +0800] "GET /xingrg/all/function/internal_message.html?_=1664766542375&CODE_STATE=getMsg HTTP/1.1" 200 27
221.239.141.151 - - [03/Oct/2022:11:09:03 +0800] "GET /xingrg/kc/buy/cgsh_order_operate.html?command=get_materiel&rest_code=00102&code=00101008213&supplier_code=00100008&order_time=2022-10-03 HTTP/1.1" 200 412
114.83.216.252 - - [03/Oct/2022:11:09:04 +0800] "GET /xingrg/all/function/internal_message.html?_=1664766542068&CODE_STATE=getMsg HTTP/1.1" 200 27
58.22.0.67 - - [03/Oct/2022:11:09:06 +0800] "POST /xingrg/dwr/call/plaincall/AjaxCheckService.setItemNumber.dwr HTTP/1.1" 200 77
120.253.135.82 - - [03/Oct/2022:11:09:09 +0800] "GET /xingrg/all/function/internal_message.html?_=1664766664049&CODE_STATE=getMsg HTTP/1.1" 200 27
58.22.0.67 - - [03/Oct/2022:11:09:11 +0800] "GET /xingrg/all/function/internal_message.html?_=1664766547155&CODE_STATE=getMsg HTTP/1.1" 200 27
221.239.141.151 - - [03/Oct/2022:11:09:11 +0800] "POST /xingrg/services/DataTransmitService HTTP/1.1" 200 524
221.239.141.151 - - [03/Oct/2022:11:09:12 +0800] "POST /xingrg/services/DataTransmitService HTTP/1.1" 200 2487
221.239.141.151 - - [03/Oct/2022:11:09:12 +0800] "POST /xingrg/services/DataTransmitService HTTP/1.1" 200 524
221.239.141.151 - - [03/Oct/2022:11:09:13 +0800] "POST /xingrg/services/DataTransmitService HTTP/1.1" 200 2487
180.169.147.146 - - [03/Oct/2022:11:09:13 +0800] "GET /xingrg/kc/base/base_main.html HTTP/1.1" 200 12142
221.239.141.151 - - [03/Oct/2022:11:09:13 +0800] "POST /xingrg/services/DataTransmitService HTTP/1.1" 200 524
221.239.141.151 - - [03/Oct/2022:11:09:13 +0800] "POST /xingrg/services/DataTransmitService HTTP/1.1" 200 2487
180.169.147.146 - - [03/Oct/2022:11:09:14 +0800] "GET /xingrg/kc/base/check_order_list.html HTTP/1.1" 200 16566
180.169.147.146 - - [03/Oct/2022:11:09:14 +0800] "POST /xingrg/kc/base/check_list_operate.html HTTP/1.1" 200 1905
124.79.246.218 - - [03/Oct/2022:11:09:16 +0800] "GET /xingrg/all/function/internal_message.html?_=1664766754594&CODE_STATE=getMsg HTTP/1.1" 200 27
180.169.147.146 - - [03/Oct/2022:11:09:17 +0800] "POST /xingrg/kc/base/check_list_operate.html HTTP/1.1" 200 5535
172.20.0.100 - - [03/Oct/2022:11:09:17 +0800] "GET /xingrg/all/function/internal_message.html?_=1664766553923&CODE_STATE=getMsg HTTP/1.1" 200 27
116.225.121.189 - - [03/Oct/2022:11:09:21 +0800] "GET /xingrg/all/function/internal_message.html?_=1664766414477&CODE_STATE=getMsg HTTP/1.1" 200 27
221.239.141.151 - - [03/Oct/2022:11:09:24 +0800] "POST /xingrg/kc/buy/cgsh_order_operate.html HTTP/1.1" 200 37
180.169.147.146 - - [03/Oct/2022:11:09:24 +0800] "POST /xingrg/kc/base/check_list_operate.html HTTP/1.1" 200 5601
116.224.255.128 - - [03/Oct/2022:11:09:25 +0800] "GET /xingrg/all/function/internal_message.html?_=1664766591129&CODE_STATE=getMsg HTTP/1.1" 200 27
116.224.255.128 - - [03/Oct/2022:11:09:25 +0800] "GET /xingrg/check_reg.html?_=1664766591131 HTTP/1.1" 200 22
221.239.141.151 - - [03/Oct/2022:11:09:26 +0800] "POST /xingrg/kc/buy/cgsh_order_operate.html HTTP/1.1" 200 16886
221.239.141.151 - - [03/Oct/2022:11:09:30 +0800] "POST /xingrg/kc/buy/cgsh_list_operate.html HTTP/1.1" 200 2281
124.78.158.230 - - [03/Oct/2022:11:09:30 +0800] "GET /xingrg/all/function/internal_message.html?_=1664766567055&CODE_STATE=getMsg HTTP/1.1" 200 27
221.239.141.151 - - [03/Oct/2022:11:09:31 +0800] "GET /xingrg/all/function/internal_message.html?_=1664766571388&CODE_STATE=getMsg HTTP/1.1" 200 27
221.239.141.151 - - [03/Oct/2022:11:09:31 +0800] "POST /xingrg/kc/buy/cgsh_list_operate.html HTTP/1.1" 200 571
116.230.114.213 - - [03/Oct/2022:11:09:32 +0800] "GET /xingrg/all/function/internal_message.html?_=1664766571470&CODE_STATE=getMsg HTTP/1.1" 200 27
221.239.141.151 - - [03/Oct/2022:11:09:32 +0800] "GET /xingrg/kc/buy/cgsh_order_info.html?code=212022100300800 HTTP/1.1" 200 68955
180.169.147.146 - - [03/Oct/2022:11:09:32 +0800] "POST /xingrg/kc/base/check_list_operate.html HTTP/1.1" 200 4
221.239.141.151 - - [03/Oct/2022:11:09:32 +0800] "GET /xingrg/javascript/easyui/themes/default/validatebox.css HTTP/1.1" 404 1104
180.169.147.146 - - [03/Oct/2022:11:09:33 +0800] "POST /xingrg/kc/base/check_list_operate.html HTTP/1.1" 200 5535
222.70.183.206 - - [03/Oct/2022:11:09:33 +0800] "GET /xingrg/all/function/internal_message.html?_=1664766304659&CODE_STATE=getMsg HTTP/1.1" 200 27
221.239.141.151 - - [03/Oct/2022:11:09:33 +0800] "POST /xingrg/kc/buy/cgsh_order_operate.html HTTP/1.1" 200 26906
221.239.141.151 - - [03/Oct/2022:11:09:34 +0800] "POST /xingrg/kc/buy/cgsh_list_operate.html HTTP/1.1" 200 2281
116.224.255.128 - - [03/Oct/2022:11:09:36 +0800] "POST /xingrg/services/DataTransmitService HTTP/1.1" 200 524
180.169.147.146 - - [03/Oct/2022:11:09:36 +0800] "POST /xingrg/kc/base/check_list_operate.html HTTP/1.1" 200 2244
116.224.255.128 - - [03/Oct/2022:11:09:36 +0800] "POST /xingrg/services/DataTransmitService HTTP/1.1" 200 2167
116.224.255.128 - - [03/Oct/2022:11:09:36 +0800] "POST /xingrg/services/DataTransmitService HTTP/1.1" 200 524
116.224.255.128 - - [03/Oct/2022:11:09:36 +0800] "GET /xingrg/all/function/internal_message.html?_=1664766491204&CODE_STATE=getMsg HTTP/1.1" 200 27
116.224.255.128 - - [03/Oct/2022:11:09:37 +0800] "POST /xingrg/services/DataTransmitService HTTP/1.1" 200 2167
116.224.255.128 - - [03/Oct/2022:11:09:37 +0800] "POST /xingrg/services/DataTransmitService HTTP/1.1" 200 524
180.169.147.146 - - [03/Oct/2022:11:09:37 +0800] "GET /xingrg/kc/base/check_order_info.html?code=452022093000398 HTTP/1.1" 200 26402
116.224.255.128 - - [03/Oct/2022:11:09:37 +0800] "POST /xingrg/services/DataTransmitService HTTP/1.1" 200 2167
180.169.147.146 - - [03/Oct/2022:11:09:37 +0800] "GET /xingrg/dwr/interface/AjaxComOrderService.js HTTP/1.1" 200 18264
180.169.147.146 - - [03/Oct/2022:11:09:37 +0800] "GET /xingrg/dwr/interface/AjaxCheckService.js HTTP/1.1" 200 14003
180.169.147.146 - - [03/Oct/2022:11:09:37 +0800] "GET /xingrg/dwr/engine.js HTTP/1.1" 200 43631
114.83.219.57 - - [03/Oct/2022:11:09:38 +0800] "GET /xingrg/all/function/internal_message.html?_=1664766666183&CODE_STATE=getMsg HTTP/1.1" 200 27
180.169.147.146 - - [03/Oct/2022:11:09:38 +0800] "POST /xingrg/dwr/call/plaincall/AjaxCheckService.loadOrderItems.dwr HTTP/1.1" 200 48603
221.239.141.151 - - [03/Oct/2022:11:09:42 +0800] "POST /xingrg/kc/buy/cgsh_order_operate.html HTTP/1.1" 200 37
180.169.147.146 - - [03/Oct/2022:11:09:43 +0800] "GET /xingrg/all/function/internal_message.html?_=1664766580073&CODE_STATE=getMsg HTTP/1.1" 200 27
221.239.141.151 - - [03/Oct/2022:11:09:45 +0800] "POST /xingrg/kc/buy/cgsh_order_operate.html HTTP/1.1" 200 26906
114.84.81.136 - - [03/Oct/2022:11:09:46 +0800] "GET /xingrg/all/function/internal_message.html?_=1664766583605&CODE_STATE=getMsg HTTP/1.1" 200 27
114.83.219.57 - - [03/Oct/2022:11:09:46 +0800] "GET /xingrg/kc/buy/cgsh_order_add.html HTTP/1.1" 200 68109
114.83.219.57 - - [03/Oct/2022:11:09:46 +0800] "POST /xingrg/kc/buy/cgsh_order_operate.html HTTP/1.1" 200 8245
114.83.219.57 - - [03/Oct/2022:11:09:46 +0800] "GET /xingrg/javascript/easyui/themes/default/validatebox.css HTTP/1.1" 404 1104
180.169.147.146 - - [03/Oct/2022:11:09:54 +0800] "GET /xingrg/check_reg.html?_=1664766591905 HTTP/1.1" 200 22
180.169.147.146 - - [03/Oct/2022:11:09:54 +0800] "GET /xingrg/all/function/internal_message.html?_=1664766591913&CODE_STATE=getMsg HTTP/1.1" 200 27
124.79.74.72 - - [03/Oct/2022:11:09:54 +0800] "GET /xingrg/all/function/internal_message.html?_=1664766591994&CODE_STATE=getMsg HTTP/1.1" 200 27
58.37.225.234 - - [03/Oct/2022:11:09:55 +0800] "GET /xingrg/all/function/internal_message.html?_=1664766592824&CODE_STATE=getMsg HTTP/1.1" 200 27
180.169.147.146 - - [03/Oct/2022:11:09:56 +0800] "GET /xingrg/check_reg.html?_=1664766594777 HTTP/1.1" 200 22
180.169.147.146 - - [03/Oct/2022:11:09:56 +0800] "GET /xingrg/all/function/internal_message.html?_=1664766594776&CODE_STATE=getMsg HTTP/1.1" 200 27
116.230.105.139 - - [03/Oct/2022:11:09:57 +0800] "GET /xingrg/all/function/internal_message.html?_=1664766577854&CODE_STATE=getMsg HTTP/1.1" 200 27
172.20.0.100 - - [03/Oct/2022:11:09:59 +0800] "GET /xingrg/check_reg.html?_=1664766595881 HTTP/1.1" 200 22
58.22.0.67 - - [03/Oct/2022:11:10:01 +0800] "GET /xingrg/javascript/jquery_easy_ui/themes/default/images/button_plain_hover.png HTTP/1.1" 200 252
180.169.147.146 - - [03/Oct/2022:11:10:01 +0800] "GET /xingrg/all/function/internal_message.html?_=1664766608190&CODE_STATE=getMsg HTTP/1.1" 200 27
58.22.0.67 - - [03/Oct/2022:11:10:01 +0800] "GET /xingrg/kc/base/check_order_list.html?isBack=1 HTTP/1.1" 200 16303
58.22.0.67 - - [03/Oct/2022:11:10:02 +0800] "POST /xingrg/kc/base/check_list_operate.html HTTP/1.1" 200 2550
116.225.121.189 - - [03/Oct/2022:11:10:02 +0800] "GET /xingrg/check_reg.html?_=1664766602374 HTTP/1.1" 200 22
116.225.121.189 - - [03/Oct/2022:11:10:03 +0800] "GET /xingrg/all/function/internal_message.html?_=1664766602377&CODE_STATE=getMsg HTTP/1.1" 200 27
114.83.216.252 - - [03/Oct/2022:11:10:04 +0800] "GET /xingrg/check_reg.html?_=1664766601589 HTTP/1.1" 200 22
114.83.216.252 - - [03/Oct/2022:11:10:04 +0800] "GET /xingrg/all/function/internal_message.html?_=1664766602045&CODE_STATE=getMsg HTTP/1.1" 200 27
58.37.225.234 - - [03/Oct/2022:11:10:09 +0800] "GET /xingrg/check_reg.html?_=1664766260879 HTTP/1.1" 200 22
120.253.135.82 - - [03/Oct/2022:11:10:09 +0800] "GET /xingrg/all/function/internal_message.html?_=1664766724062&CODE_STATE=getMsg HTTP/1.1" 200 27
180.169.147.146 - - [03/Oct/2022:11:10:10 +0800] "GET /xingrg/javascript/jquery_tools/images/next.gif HTTP/1.1" 404 1086
180.169.147.146 - - [03/Oct/2022:11:10:10 +0800] "GET /xingrg/javascript/jquery_tools/images/prev.gif HTTP/1.1" 404 1086
58.22.0.67 - - [03/Oct/2022:11:10:11 +0800] "GET /xingrg/check_reg.html?_=1664766607240 HTTP/1.1" 200 22
58.22.0.67 - - [03/Oct/2022:11:10:11 +0800] "GET /xingrg/all/function/internal_message.html?_=1664766607247&CODE_STATE=getMsg HTTP/1.1" 200 27
114.83.219.57 - - [03/Oct/2022:11:10:12 +0800] "POST /xingrg/kc/buy/cgsh_order_operate.html HTTP/1.1" 200 37
221.239.141.151 - - [03/Oct/2022:11:10:15 +0800] "POST /xingrg/kc/buy/cgsh_list_operate.html HTTP/1.1" 200 2281
124.79.246.218 - - [03/Oct/2022:11:10:16 +0800] "GET /xingrg/all/function/internal_message.html?_=1664766814592&CODE_STATE=getMsg HTTP/1.1" 200 27
172.20.0.100 - - [03/Oct/2022:11:10:17 +0800] "GET /xingrg/all/function/internal_message.html?_=1664766613897&CODE_STATE=getMsg HTTP/1.1" 200 27
221.239.141.151 - - [03/Oct/2022:11:10:20 +0800] "POST /xingrg/kc/buy/cgsh_list_operate.html HTTP/1.1" 200 564
116.225.121.189 - - [03/Oct/2022:11:10:21 +0800] "GET /xingrg/all/function/internal_message.html?_=1664766474477&CODE_STATE=getMsg HTTP/1.1" 200 27
221.239.141.151 - - [03/Oct/2022:11:10:21 +0800] "POST /xingrg/kc/buy/cgsh_list_operate.html HTTP/1.1" 200 571
221.239.141.151 - - [03/Oct/2022:11:10:22 +0800] "GET /xingrg/kc/buy/cgsh_order_info.html?code=212022100300800 HTTP/1.1" 200 68955
221.239.141.151 - - [03/Oct/2022:11:10:22 +0800] "GET /xingrg/javascript/easyui/themes/default/validatebox.css HTTP/1.1" 404 1104
221.239.141.151 - - [03/Oct/2022:11:10:23 +0800] "POST /xingrg/kc/buy/cgsh_order_operate.html HTTP/1.1" 200 26906
221.239.141.151 - - [03/Oct/2022:11:10:24 +0800] "POST /xingrg/kc/buy/cgsh_list_operate.html HTTP/1.1" 200 2281
116.224.255.128 - - [03/Oct/2022:11:10:25 +0800] "GET /xingrg/all/function/internal_message.html?_=1664766651132&CODE_STATE=getMsg HTTP/1.1" 200 27
124.78.158.230 - - [03/Oct/2022:11:10:30 +0800] "GET /xingrg/all/function/internal_message.html?_=1664766627031&CODE_STATE=getMsg HTTP/1.1" 200 27
221.239.141.151 - - [03/Oct/2022:11:10:31 +0800] "GET /xingrg/all/function/internal_message.html?_=1664766631370&CODE_STATE=getMsg HTTP/1.1" 200 27
116.230.114.213 - - [03/Oct/2022:11:10:32 +0800] "GET /xingrg/all/function/internal_message.html?_=1664766631479&CODE_STATE=getMsg HTTP/1.1" 200 27
222.70.183.206 - - [03/Oct/2022:11:10:33 +0800] "GET /xingrg/all/function/internal_message.html?_=1664766364655&CODE_STATE=getMsg HTTP/1.1" 200 27
116.224.255.128 - - [03/Oct/2022:11:10:36 +0800] "GET /xingrg/all/function/internal_message.html?_=1664766551221&CODE_STATE=getMsg HTTP/1.1" 200 27
180.169.147.146 - - [03/Oct/2022:11:10:43 +0800] "GET /xingrg/all/function/internal_message.html?_=1664766640088&CODE_STATE=getMsg HTTP/1.1" 200 27
180.169.147.146 - - [03/Oct/2022:11:10:43 +0800] "GET /xingrg/check_reg.html?_=1664766649625 HTTP/1.1" 200 22
114.84.81.136 - - [03/Oct/2022:11:10:46 +0800] "GET /xingrg/all/function/internal_message.html?_=1664766643590&CODE_STATE=getMsg HTTP/1.1" 200 27
