124.79.74.72 - - [03/Oct/2022:09:38:55 +0800] "GET /xingrg/images/blue/button/cgxqd.gif HTTP/1.1" 200 2619
124.79.74.72 - - [03/Oct/2022:09:38:55 +0800] "GET /xingrg/images/blue/button/qqpsd.gif HTTP/1.1" 200 2548
124.79.74.72 - - [03/Oct/2022:09:38:55 +0800] "GET /xingrg/images/blue/button/pszx.gif HTTP/1.1" 200 2648
124.79.74.72 - - [03/Oct/2022:09:38:55 +0800] "GET /xingrg/javascript/jquery_ui/themes/humanity/humanity.css HTTP/1.1" 200 27801
124.79.74.72 - - [03/Oct/2022:09:38:55 +0800] "GET /xingrg/images/blue/button/psshd.gif HTTP/1.1" 200 2692
124.79.74.72 - - [03/Oct/2022:09:38:55 +0800] "GET /xingrg/images/blue/pic_form2.gif HTTP/1.1" 200 1853
124.79.74.72 - - [03/Oct/2022:09:38:55 +0800] "GET /xingrg/javascript/myfunction.js HTTP/1.1" 200 24559
124.79.74.72 - - [03/Oct/2022:09:38:55 +0800] "GET /xingrg/javascript/jquery_ui/themes/humanity/images/ui-bg_inset-soft_100_f4f0ec_1x100.png HTTP/1.1" 200 141
124.79.74.72 - - [03/Oct/2022:09:38:55 +0800] "GET /xingrg/images/blue/bg_dotted.jpg HTTP/1.1" 200 319
124.79.74.72 - - [03/Oct/2022:09:38:55 +0800] "GET /xingrg/images/blue/button/down_ah.jpg HTTP/1.1" 200 1732
124.79.74.72 - - [03/Oct/2022:09:38:55 +0800] "GET /xingrg/images/blue/button/right_ah.jpg HTTP/1.1" 200 1744
124.79.74.72 - - [03/Oct/2022:09:38:56 +0800] "GET /xingrg/javascript/jquery_ui/themes/humanity/images/ui-icons_ffffff_256x240.png HTTP/1.1" 200 4369
124.79.74.72 - - [03/Oct/2022:09:38:56 +0800] "GET /xingrg/javascript/jquery_ui/themes/humanity/images/ui-icons_c47a23_256x240.png HTTP/1.1" 200 5355
124.79.74.72 - - [03/Oct/2022:09:38:56 +0800] "GET /xingrg/javascript/jquery_ui/themes/humanity/images/ui-iconsnew.jpg HTTP/1.1" 200 337
124.79.74.72 - - [03/Oct/2022:09:38:56 +0800] "GET /xingrg/javascript/jquery_ui/themes/humanity/images/ui-bg_glass_70_ede4d4_1x400.png HTTP/1.1" 200 161
124.79.74.72 - - [03/Oct/2022:09:38:56 +0800] "GET /xingrg/kc/base/base_main.html HTTP/1.1" 200 12142
124.79.74.72 - - [03/Oct/2022:09:38:56 +0800] "GET /xingrg/images/blue/button/wlsy.gif HTTP/1.1" 200 2536
124.79.74.72 - - [03/Oct/2022:09:38:56 +0800] "GET /xingrg/images/blue/button/ckpd.gif HTTP/1.1" 200 2051
124.79.74.72 - - [03/Oct/2022:09:38:56 +0800] "GET /xingrg/images/blue/button/kc.gif HTTP/1.1" 200 2160
124.79.74.72 - - [03/Oct/2022:09:38:56 +0800] "GET /xingrg/images/blue/button/ckdb.gif HTTP/1.1" 200 1950
124.79.74.72 - - [03/Oct/2022:09:38:56 +0800] "GET /xingrg/images/blue/button/yddb.gif HTTP/1.1" 200 2040
124.79.74.72 - - [03/Oct/2022:09:38:56 +0800] "GET /xingrg/images/blue/button/top_left.jpg HTTP/1.1" 200 1632
124.79.74.72 - - [03/Oct/2022:09:38:56 +0800] "GET /xingrg/images/blue/button/top_right.jpg HTTP/1.1" 200 1708
124.79.74.72 - - [03/Oct/2022:09:38:56 +0800] "GET /xingrg/images/blue/button/down.jpg HTTP/1.1" 200 1560
124.79.74.72 - - [03/Oct/2022:09:38:56 +0800] "GET /xingrg/images/blue/button/left_ah.jpg HTTP/1.1" 200 1643
124.79.74.72 - - [03/Oct/2022:09:38:56 +0800] "GET /xingrg/images/blue/button/bottom_right.jpg HTTP/1.1" 200 1436
124.79.74.72 - - [03/Oct/2022:09:38:56 +0800] "GET /xingrg/images/blue/button/bottom_left.jpg HTTP/1.1" 200 1524
172.20.0.100 - - [03/Oct/2022:09:38:56 +0800] "POST /xingrg/login.do HTTP/1.1" 302 -
116.230.105.139 - - [03/Oct/2022:09:38:56 +0800] "POST /xingrg/services/DataTransmitService HTTP/1.1" 200 524
172.20.0.100 - - [03/Oct/2022:09:38:56 +0800] "GET /xingrg/index.html?sysBaseUrl=http%3A%2F%2F172.20.0.8%3A18081%2Fxingrg%2F&costTime=44×tamp=1664761136602 HTTP/1.1" 200 17448
172.20.0.100 - - [03/Oct/2022:09:38:56 +0800] "GET /xingrg/javascript/jquery_easy_ui/themes/default/easyui.css HTTP/1.1" 200 26500
172.20.0.100 - - [03/Oct/2022:09:38:56 +0800] "GET /xingrg/javascript/jquery_easy_ui/themes/icon.css HTTP/1.1" 200 3949
172.20.0.100 - - [03/Oct/2022:09:38:56 +0800] "GET /xingrg/css/form.css HTTP/1.1" 200 893
172.20.0.100 - - [03/Oct/2022:09:38:56 +0800] "GET /xingrg/javascript/jquery-1.4.2.min.js HTTP/1.1" 200 72205
172.20.0.100 - - [03/Oct/2022:09:38:56 +0800] "GET /xingrg/javascript/jquery_easy_ui/jquery.easyui.min.js HTTP/1.1" 200 213662
172.20.0.100 - - [03/Oct/2022:09:38:56 +0800] "GET /xingrg/javascript/jquery_easy_ui/easyui-lang-zh_CN.js HTTP/1.1" 200 1900
172.20.0.100 - - [03/Oct/2022:09:38:56 +0800] "GET /xingrg/javascript/jquery.form.js HTTP/1.1" 200 23110
172.20.0.100 - - [03/Oct/2022:09:38:56 +0800] "GET /xingrg/javascript/jquery.timers.js HTTP/1.1" 200 3532
172.20.0.100 - - [03/Oct/2022:09:38:56 +0800] "GET /xingrg/javascript/jquery.utils.js HTTP/1.1" 200 11805
172.20.0.100 - - [03/Oct/2022:09:38:56 +0800] "GET /xingrg/javascript/jquery_easy_ui/themes/icons/settle_new.png HTTP/1.1" 200 826
172.20.0.100 - - [03/Oct/2022:09:38:56 +0800] "GET /xingrg/images/blue/navBackgound.jpg HTTP/1.1" 200 12378
172.20.0.100 - - [03/Oct/2022:09:38:56 +0800] "GET /favicon.ico HTTP/1.1" 404 -
172.20.0.100 - - [03/Oct/2022:09:38:56 +0800] "POST /xingrg/all/common/load_tree.html?tree=area_rest_tree_json&manage=1 HTTP/1.1" 200 3472
180.169.147.146 - - [03/Oct/2022:09:38:56 +0800] "GET /xingrg/all/function/internal_message.html?_=1664761134632&CODE_STATE=getMsg HTTP/1.1" 200 27
172.20.0.100 - - [03/Oct/2022:09:38:57 +0800] "GET /xingrg/all/function/internal_message.html?_=1664761133814&CODE_STATE=count HTTP/1.1" 200 11
172.20.0.100 - - [03/Oct/2022:09:38:57 +0800] "GET /xingrg/check_reg.html?_=1664761133814 HTTP/1.1" 200 22
172.20.0.100 - - [03/Oct/2022:09:38:57 +0800] "GET /xingrg/images/blue/pingpu.png HTTP/1.1" 200 231
172.20.0.100 - - [03/Oct/2022:09:38:57 +0800] "GET /xingrg/javascript/jquery_easy_ui/themes/default/images/tabs_leftarrow.png HTTP/1.1" 200 389
172.20.0.100 - - [03/Oct/2022:09:38:57 +0800] "GET /xingrg/javascript/jquery_easy_ui/themes/default/images/tabs_rightarrow.png HTTP/1.1" 200 395
172.20.0.100 - - [03/Oct/2022:09:38:57 +0800] "GET /xingrg/javascript/jquery_easy_ui/themes/default/images/panel_tool_expand.gif HTTP/1.1" 200 247
172.20.0.100 - - [03/Oct/2022:09:38:57 +0800] "GET /xingrg/javascript/jquery_easy_ui/themes/default/images/panel_tool_collapse.gif HTTP/1.1" 200 246
172.20.0.100 - - [03/Oct/2022:09:38:57 +0800] "POST /xingrg/load_menu.html HTTP/1.1" 200 11529
172.20.0.100 - - [03/Oct/2022:09:38:57 +0800] "GET /xingrg/javascript/jquery_easy_ui/themes/default/images/tree_arrows.gif HTTP/1.1" 200 1043
172.20.0.100 - - [03/Oct/2022:09:38:57 +0800] "GET /xingrg/javascript/jquery_easy_ui/themes/default/images/tree_folder_open.gif HTTP/1.1" 200 956
172.20.0.100 - - [03/Oct/2022:09:38:57 +0800] "GET /xingrg/javascript/jquery_easy_ui/themes/icons/search_new.png HTTP/1.1" 200 586
172.20.0.100 - - [03/Oct/2022:09:38:57 +0800] "GET /xingrg/javascript/jquery_easy_ui/themes/icons/delivery_new.png HTTP/1.1" 200 700
172.20.0.100 - - [03/Oct/2022:09:38:57 +0800] "GET /xingrg/javascript/jquery_easy_ui/themes/icons/storage_new.png HTTP/1.1" 200 853
172.20.0.100 - - [03/Oct/2022:09:38:57 +0800] "GET /xingrg/javascript/jquery_easy_ui/themes/icons/checkout_new.png HTTP/1.1" 200 744
172.20.0.100 - - [03/Oct/2022:09:38:57 +0800] "GET /xingrg/javascript/jquery_easy_ui/themes/icons/forms_new.png HTTP/1.1" 200 350
172.20.0.100 - - [03/Oct/2022:09:38:57 +0800] "GET /xingrg/javascript/jquery_easy_ui/themes/icons/setting_new.png HTTP/1.1" 200 450
172.20.0.100 - - [03/Oct/2022:09:38:57 +0800] "GET /xingrg/javascript/jquery_easy_ui/themes/icons/systemset_new.png HTTP/1.1" 200 606
172.20.0.100 - - [03/Oct/2022:09:38:57 +0800] "GET /xingrg/javascript/jquery_easy_ui/themes/default/images/tree_file.gif HTTP/1.1" 200 118
172.20.0.100 - - [03/Oct/2022:09:38:57 +0800] "GET /xingrg/javascript/jquery_easy_ui/themes/default/images/tree_folder.gif HTTP/1.1" 200 952
116.230.105.139 - - [03/Oct/2022:09:38:57 +0800] "GET /xingrg/all/function/internal_message.html?_=1664761117851&CODE_STATE=getMsg HTTP/1.1" 200 27
124.79.74.72 - - [03/Oct/2022:09:38:57 +0800] "GET /xingrg/kc/base/wldb_order_list.html HTTP/1.1" 200 19186
124.79.74.72 - - [03/Oct/2022:09:38:57 +0800] "GET /xingrg/css/base.css HTTP/1.1" 200 2811
124.79.74.72 - - [03/Oct/2022:09:38:57 +0800] "GET /xingrg/css/site.css HTTP/1.1" 200 7541
124.79.74.72 - - [03/Oct/2022:09:38:57 +0800] "GET /xingrg/javascript/jquery_tools/datebox.css HTTP/1.1" 200 2597
124.79.74.72 - - [03/Oct/2022:09:38:57 +0800] "GET /xingrg/javascript/easyui/themes/icon.css HTTP/1.1" 200 4483
124.79.74.72 - - [03/Oct/2022:09:38:57 +0800] "GET /xingrg/javascript/auto/jquery.autocomplete.css HTTP/1.1" 200 587
124.79.74.72 - - [03/Oct/2022:09:38:57 +0800] "GET /xingrg/javascript/jquery_tools/fix.css HTTP/1.1" 200 1702
124.79.74.72 - - [03/Oct/2022:09:38:57 +0800] "GET /xingrg/javascript/jquery_tools/table.css HTTP/1.1" 200 1032
124.79.74.72 - - [03/Oct/2022:09:38:57 +0800] "GET /xingrg/javascript/jquery_tools/jquery.tools.min.js HTTP/1.1" 200 138801
124.79.74.72 - - [03/Oct/2022:09:38:57 +0800] "GET /xingrg/javascript/jquery_tools/jquery.tools.hotkey.js HTTP/1.1" 200 3242
124.79.74.72 - - [03/Oct/2022:09:38:57 +0800] "GET /xingrg/javascript/easyui/themes/default/easyui.css HTTP/1.1" 200 30432
124.79.74.72 - - [03/Oct/2022:09:38:57 +0800] "GET /xingrg/javascript/jquery_tools/jquery.tools.extend.js HTTP/1.1" 200 15385
124.79.74.72 - - [03/Oct/2022:09:38:57 +0800] "GET /xingrg/javascript/jquery_tools/jquery.tools.table.js HTTP/1.1" 200 6994
124.79.74.72 - - [03/Oct/2022:09:38:57 +0800] "GET /xingrg/javascript/jquery_tools/list_manager.js HTTP/1.1" 200 3652
124.79.74.72 - - [03/Oct/2022:09:38:57 +0800] "GET /xingrg/javascript/easyui/easyloader.js HTTP/1.1" 200 5975
124.79.74.72 - - [03/Oct/2022:09:38:57 +0800] "GET /xingrg/javascript/jquery.cookie.js HTTP/1.1" 200 5513
124.79.74.72 - - [03/Oct/2022:09:38:57 +0800] "GET /xingrg/javascript/print/LodopFuncs.js HTTP/1.1" 200 5121
124.79.74.72 - - [03/Oct/2022:09:38:57 +0800] "GET /xingrg/javascript/auto/jquery.autocomplete.js HTTP/1.1" 200 21624
221.239.141.151 - - [03/Oct/2022:09:38:57 +0800] "GET /xingrg/kc/buy/cgsh_order_operate.html?command=get_materiel&rest_code=00102&code=00101010731&supplier_code=00100096&order_time=2022-10-03 HTTP/1.1" 200 425
116.230.114.213 - - [03/Oct/2022:09:38:58 +0800] "GET /xingrg/kc/buy/cgsh_order_operate.html?command=get_materiel&rest_code=00146&code=00101008223&supplier_code=00100005&order_time=2022-10-03 HTTP/1.1" 200 412
124.79.74.72 - - [03/Oct/2022:09:38:58 +0800] "GET /xingrg/javascript/easyui/themes/icons/edit_add_new.png HTTP/1.1" 200 2997
124.79.74.72 - - [03/Oct/2022:09:38:58 +0800] "GET /xingrg/javascript/easyui/themes/icons/field_new.png HTTP/1.1" 200 1097
124.79.74.72 - - [03/Oct/2022:09:38:58 +0800] "GET /xingrg/javascript/easyui/themes/icons/import_new.png HTTP/1.1" 200 1247
124.79.74.72 - - [03/Oct/2022:09:38:58 +0800] "GET /xingrg/javascript/easyui/themes/icons/check_new.png HTTP/1.1" 200 3224
124.79.74.72 - - [03/Oct/2022:09:38:58 +0800] "GET /xingrg/javascript/easyui/themes/icons/cance_new.png HTTP/1.1" 200 3986
124.79.74.72 - - [03/Oct/2022:09:38:58 +0800] "GET /xingrg/javascript/easyui/plugins/jquery.parser.js HTTP/1.1" 200 1142
124.79.74.72 - - [03/Oct/2022:09:38:58 +0800] "GET /xingrg/images/control/ajaxLoader.gif HTTP/1.1" 200 4659
124.79.74.72 - - [03/Oct/2022:09:38:59 +0800] "POST /xingrg/kc/base/wldb_list_operate.html HTTP/1.1" 200 928
124.79.74.72 - - [03/Oct/2022:09:38:59 +0800] "GET /xingrg/javascript/easyui/themes/default/images/button_plain_hover.png HTTP/1.1" 200 144
124.79.74.72 - - [03/Oct/2022:09:39:00 +0800] "GET /xingrg/kc/base/wldb_order_add.html HTTP/1.1" 200 30400
116.224.255.128 - - [03/Oct/2022:09:39:00 +0800] "GET /xingrg/all/function/internal_message.html?_=1664761054433&CODE_STATE=getMsg HTTP/1.1" 200 27
124.79.74.72 - - [03/Oct/2022:09:39:00 +0800] "GET /xingrg/javascript/convert.js HTTP/1.1" 200 1239
124.79.74.72 - - [03/Oct/2022:09:39:00 +0800] "GET /xingrg/javascript/json2.js HTTP/1.1" 200 11259
124.79.74.72 - - [03/Oct/2022:09:39:00 +0800] "GET /xingrg/javascript/jquery_tools/order_manager.js HTTP/1.1" 200 11183
124.79.74.72 - - [03/Oct/2022:09:39:00 +0800] "GET /xingrg/javascript/print/kc_print.js HTTP/1.1" 200 11415
124.79.74.72 - - [03/Oct/2022:09:39:00 +0800] "GET /xingrg/words/20221001163054_words.js HTTP/1.1" 200 923236
124.79.74.72 - - [03/Oct/2022:09:39:00 +0800] "GET /xingrg/javascript/easyui/themes/icons/template_new.png HTTP/1.1" 200 3956
124.79.74.72 - - [03/Oct/2022:09:39:00 +0800] "GET /xingrg/javascript/easyui/themes/icons/ok.png HTTP/1.1" 200 883
124.79.74.72 - - [03/Oct/2022:09:39:00 +0800] "GET /xingrg/javascript/easyui/themes/icons/print.png HTTP/1.1" 200 1057
124.79.74.72 - - [03/Oct/2022:09:39:00 +0800] "GET /xingrg/javascript/easyui/themes/default/images/menu_downarrow.png HTTP/1.1" 200 173
124.79.74.72 - - [03/Oct/2022:09:39:00 +0800] "GET /xingrg/javascript/easyui/themes/icons/cancel.png HTTP/1.1" 200 1133
180.169.147.146 - - [03/Oct/2022:09:39:00 +0800] "GET /xingrg/all/function/internal_message.html?_=1664761146705&CODE_STATE=getMsg HTTP/1.1" 200 27
124.79.74.72 - - [03/Oct/2022:09:39:00 +0800] "POST /xingrg/kc/base/wldb_order_operate.html HTTP/1.1" 200 6806
124.79.74.72 - - [03/Oct/2022:09:39:00 +0800] "GET /xingrg/all/common/auto_word.html?type=base&rest_code=00156 HTTP/1.1" 200 1903
124.79.74.72 - - [03/Oct/2022:09:39:00 +0800] "GET /xingrg/all/common/auto_word.html?type=base&rest_code=00156 HTTP/1.1" 200 1903
124.79.74.72 - - [03/Oct/2022:09:39:00 +0800] "GET /xingrg/javascript/easyui/themes/default/validatebox.css HTTP/1.1" 404 1104
124.79.74.72 - - [03/Oct/2022:09:39:00 +0800] "GET /xingrg/javascript/easyui/plugins/jquery.validatebox.js HTTP/1.1" 200 6103
124.79.74.72 - - [03/Oct/2022:09:39:00 +0800] "GET /xingrg/javascript/easyui/themes/icons/edit_remove.png HTTP/1.1" 200 625
124.79.74.72 - - [03/Oct/2022:09:39:00 +0800] "GET /xingrg/javascript/easyui/plugins/jquery.numberbox.js HTTP/1.1" 200 5213
120.253.135.82 - - [03/Oct/2022:09:39:01 +0800] "GET /xingrg/all/function/internal_message.html?_=1664761256180&CODE_STATE=getMsg HTTP/1.1" 200 27
124.79.74.72 - - [03/Oct/2022:09:39:02 +0800] "GET /xingrg/javascript/auto/indicator.gif HTTP/1.1" 404 1066
114.83.216.252 - - [03/Oct/2022:09:39:04 +0800] "GET /xingrg/all/function/internal_message.html?_=1664761141254&CODE_STATE=getMsg HTTP/1.1" 200 27
222.70.183.206 - - [03/Oct/2022:09:39:05 +0800] "GET /xingrg/all/function/internal_message.html?_=1664761142610&CODE_STATE=getMsg HTTP/1.1" 200 27
221.239.141.151 - - [03/Oct/2022:09:39:06 +0800] "GET /xingrg/kc/buy/cgsh_order_operate.html?command=get_materiel&rest_code=00102&code=00101006133&supplier_code=00100096&order_time=2022-10-03 HTTP/1.1" 200 413
124.79.74.72 - - [03/Oct/2022:09:39:07 +0800] "GET /xingrg/javascript/jquery_tools/images/prev.gif HTTP/1.1" 404 1086
124.79.74.72 - - [03/Oct/2022:09:39:07 +0800] "GET /xingrg/javascript/jquery_tools/images/next.gif HTTP/1.1" 404 1086
116.228.172.94 - - [03/Oct/2022:09:39:14 +0800] "GET /xingrg/all/function/internal_message.html?_=1664760665910&CODE_STATE=getMsg HTTP/1.1" 200 27
124.79.246.218 - - [03/Oct/2022:09:39:15 +0800] "GET /xingrg/all/function/internal_message.html?_=1664761354486&CODE_STATE=getMsg HTTP/1.1" 200 27
116.228.172.94 - - [03/Oct/2022:09:39:18 +0800] "POST /xingrg/dwr/call/plaincall/AjaxCheckService.setItemNumber.dwr HTTP/1.1" 200 77
221.239.141.151 - - [03/Oct/2022:09:39:19 +0800] "GET /xingrg/kc/buy/cgsh_order_operate.html?command=get_materiel&rest_code=00102&code=00101012029&supplier_code=00100096&order_time=2022-10-03 HTTP/1.1" 200 413
116.230.114.213 - - [03/Oct/2022:09:39:19 +0800] "GET /xingrg/all/function/internal_message.html?_=1664761158902&CODE_STATE=getMsg HTTP/1.1" 200 27
116.225.121.189 - - [03/Oct/2022:09:39:20 +0800] "GET /xingrg/all/function/internal_message.html?_=1664761014339&CODE_STATE=getMsg HTTP/1.1" 200 27
116.228.172.94 - - [03/Oct/2022:09:39:21 +0800] "POST /xingrg/dwr/call/plaincall/AjaxCheckService.setItemNumber.dwr HTTP/1.1" 200 77
221.239.141.151 - - [03/Oct/2022:09:39:23 +0800] "GET /xingrg/all/function/internal_message.html?_=1664761162816&CODE_STATE=getMsg HTTP/1.1" 200 27
116.228.172.94 - - [03/Oct/2022:09:39:24 +0800] "POST /xingrg/dwr/call/plaincall/AjaxCheckService.setItemNumber.dwr HTTP/1.1" 200 77
116.224.255.128 - - [03/Oct/2022:09:39:25 +0800] "GET /xingrg/check_reg.html?_=1664761191120 HTTP/1.1" 200 22
116.224.255.128 - - [03/Oct/2022:09:39:25 +0800] "GET /xingrg/all/function/internal_message.html?_=1664761191126&CODE_STATE=getMsg HTTP/1.1" 200 27
116.228.172.94 - - [03/Oct/2022:09:39:29 +0800] "POST /xingrg/dwr/call/plaincall/AjaxCheckService.setItemNumber.dwr HTTP/1.1" 200 77
114.83.219.57 - - [03/Oct/2022:09:39:30 +0800] "GET /xingrg/all/function/internal_message.html?_=1664761258481&CODE_STATE=getMsg HTTP/1.1" 200 27
124.78.158.230 - - [03/Oct/2022:09:39:32 +0800] "GET /xingrg/all/function/internal_message.html?_=1664761168437&CODE_STATE=getMsg HTTP/1.1" 200 27
116.228.172.94 - - [03/Oct/2022:09:39:32 +0800] "POST /xingrg/dwr/call/plaincall/AjaxCheckService.setItemNumber.dwr HTTP/1.1" 200 77
221.239.141.151 - - [03/Oct/2022:09:39:35 +0800] "GET /xingrg/kc/buy/cgsh_order_operate.html?command=get_materiel&rest_code=00102&code=00101007077&supplier_code=00100096&order_time=2022-10-03 HTTP/1.1" 200 415
116.228.172.94 - - [03/Oct/2022:09:39:35 +0800] "POST /xingrg/dwr/call/plaincall/AjaxCheckService.setItemNumber.dwr HTTP/1.1" 200 77
116.228.172.94 - - [03/Oct/2022:09:39:38 +0800] "POST /xingrg/dwr/call/plaincall/AjaxCheckService.setItemNumber.dwr HTTP/1.1" 200 77
221.239.141.151 - - [03/Oct/2022:09:39:41 +0800] "GET /xingrg/kc/buy/cgsh_order_operate.html?command=get_materiel&rest_code=00102&code=00101007085&supplier_code=00100096&order_time=2022-10-03 HTTP/1.1" 200 432
116.228.172.94 - - [03/Oct/2022:09:39:48 +0800] "POST /xingrg/dwr/call/plaincall/AjaxCheckService.setItemNumber.dwr HTTP/1.1" 200 77
180.169.147.146 - - [03/Oct/2022:09:39:54 +0800] "GET /xingrg/all/function/internal_message.html?_=1664761191849&CODE_STATE=getMsg HTTP/1.1" 200 27
180.169.147.146 - - [03/Oct/2022:09:39:54 +0800] "GET /xingrg/check_reg.html?_=1664761191853 HTTP/1.1" 200 22
124.79.74.72 - - [03/Oct/2022:09:39:54 +0800] "GET /xingrg/all/function/internal_message.html?_=1664761192010&CODE_STATE=getMsg HTTP/1.1" 200 27
221.239.141.151 - - [03/Oct/2022:09:39:55 +0800] "GET /xingrg/kc/buy/cgsh_order_operate.html?command=get_materiel&rest_code=00102&code=00101006184&supplier_code=00100096&order_time=2022-10-03 HTTP/1.1" 200 408
116.228.172.94 - - [03/Oct/2022:09:39:55 +0800] "POST /xingrg/dwr/call/plaincall/AjaxCheckService.setItemNumber.dwr HTTP/1.1" 200 77
180.169.147.146 - - [03/Oct/2022:09:39:57 +0800] "GET /xingrg/check_reg.html?_=1664761194631 HTTP/1.1" 200 22
180.169.147.146 - - [03/Oct/2022:09:39:57 +0800] "GET /xingrg/all/function/internal_message.html?_=1664761194634&CODE_STATE=getMsg HTTP/1.1" 200 27
172.20.0.100 - - [03/Oct/2022:09:39:57 +0800] "GET /xingrg/all/function/internal_message.html?_=1664761193827&CODE_STATE=getMsg HTTP/1.1" 200 27
116.230.105.139 - - [03/Oct/2022:09:39:57 +0800] "GET /xingrg/all/function/internal_message.html?_=1664761177838&CODE_STATE=getMsg HTTP/1.1" 200 27
116.225.121.189 - - [03/Oct/2022:09:39:58 +0800] "GET /favicon.ico HTTP/1.1" 404 -
116.225.121.189 - - [03/Oct/2022:09:39:58 +0800] "GET /xingrg/index.html?sysBaseUrl=http%3A%2F%2F180.169.147.146%3A18081%2Fxingrg%2F&costTime=36×tamp=1585223203754 HTTP/1.1" 302 -
116.225.121.189 - - [03/Oct/2022:09:39:58 +0800] "GET /xingrg/login.html HTTP/1.1" 200 7641
116.225.121.189 - - [03/Oct/2022:09:39:58 +0800] "GET /xingrg/images/blue/jxLogo.png HTTP/1.1" 304 -
116.225.121.189 - - [03/Oct/2022:09:39:58 +0800] "GET /xingrg/images/blue/login_bg.png HTTP/1.1" 304 -
116.225.121.189 - - [03/Oct/2022:09:39:58 +0800] "GET /favicon.ico HTTP/1.1" 404 -
116.225.121.189 - - [03/Oct/2022:09:39:58 +0800] "GET /xingrg/images/blue/hj.png HTTP/1.1" 304 -
116.225.121.189 - - [03/Oct/2022:09:39:58 +0800] "GET /xingrg/images/blue/srbg.png HTTP/1.1" 304 -
116.224.255.128 - - [03/Oct/2022:09:40:00 +0800] "GET /xingrg/all/function/internal_message.html?_=1664761114441&CODE_STATE=getMsg HTTP/1.1" 200 27
180.169.147.146 - - [03/Oct/2022:09:40:00 +0800] "GET /xingrg/all/function/internal_message.html?_=1664761206735&CODE_STATE=getMsg HTTP/1.1" 200 27
116.225.121.189 - - [03/Oct/2022:09:40:01 +0800] "POST /xingrg/login.do HTTP/1.1" 200 2421
116.225.121.189 - - [03/Oct/2022:09:40:01 +0800] "GET /xingrg/css/blue.css HTTP/1.1" 304 -
116.225.121.189 - - [03/Oct/2022:09:40:01 +0800] "GET /xingrg/javascript/myfunction.js HTTP/1.1" 304 -
116.225.121.189 - - [03/Oct/2022:09:40:01 +0800] "GET /xingrg/images/blue/pic_notice.jpg HTTP/1.1" 304 -
116.225.121.189 - - [03/Oct/2022:09:40:01 +0800] "GET /xingrg/images/blue/pic_top.gif HTTP/1.1" 304 -
116.225.121.189 - - [03/Oct/2022:09:40:01 +0800] "GET /xingrg/images/blue/error_top.gif HTTP/1.1" 304 -
116.225.121.189 - - [03/Oct/2022:09:40:01 +0800] "GET /xingrg/images/blue/error_buttom.gif HTTP/1.1" 304 -
116.225.121.189 - - [03/Oct/2022:09:40:01 +0800] "GET /xingrg/images/blue/error_mid.gif HTTP/1.1" 304 -
116.225.121.189 - - [03/Oct/2022:09:40:01 +0800] "GET /favicon.ico HTTP/1.1" 404 -
120.253.135.82 - - [03/Oct/2022:09:40:01 +0800] "GET /xingrg/all/function/internal_message.html?_=1664761316294&CODE_STATE=getMsg HTTP/1.1" 200 27
116.228.172.94 - - [03/Oct/2022:09:40:01 +0800] "POST /xingrg/dwr/call/plaincall/AjaxCheckService.setItemNumber.dwr HTTP/1.1" 200 77
116.225.121.189 - - [03/Oct/2022:09:40:01 +0800] "GET /xingrg/login.html HTTP/1.1" 200 7641
116.225.121.189 - - [03/Oct/2022:09:40:01 +0800] "GET /favicon.ico HTTP/1.1" 404 -
116.225.121.189 - - [03/Oct/2022:09:40:02 +0800] "POST /xingrg/login.do HTTP/1.1" 302 -
116.225.121.189 - - [03/Oct/2022:09:40:02 +0800] "GET /xingrg/css/form.css HTTP/1.1" 304 -
116.225.121.189 - - [03/Oct/2022:09:40:02 +0800] "GET /xingrg/javascript/jquery_easy_ui/themes/icon.css HTTP/1.1" 304 -
116.225.121.189 - - [03/Oct/2022:09:40:02 +0800] "GET /xingrg/javascript/jquery_easy_ui/themes/default/easyui.css HTTP/1.1" 304 -
116.225.121.189 - - [03/Oct/2022:09:40:02 +0800] "GET /favicon.ico HTTP/1.1" 404 -
116.225.121.189 - - [03/Oct/2022:09:40:02 +0800] "GET /xingrg/javascript/jquery_easy_ui/jquery.easyui.min.js HTTP/1.1" 304 -
116.225.121.189 - - [03/Oct/2022:09:40:02 +0800] "GET /xingrg/javascript/jquery_easy_ui/easyui-lang-zh_CN.js HTTP/1.1" 304 -
116.225.121.189 - - [03/Oct/2022:09:40:02 +0800] "GET /xingrg/javascript/jquery.form.js HTTP/1.1" 304 -
116.225.121.189 - - [03/Oct/2022:09:40:02 +0800] "GET /xingrg/index.html?sysBaseUrl=http%3A%2F%2F180.169.147.146%3A18081%2Fxingrg%2F&costTime=46×tamp=1664761202398 HTTP/1.1" 200 17173
116.225.121.189 - - [03/Oct/2022:09:40:02 +0800] "GET /xingrg/javascript/jquery.timers.js HTTP/1.1" 304 -
116.225.121.189 - - [03/Oct/2022:09:40:02 +0800] "GET /xingrg/javascript/jquery-1.4.2.min.js HTTP/1.1" 304 -
116.225.121.189 - - [03/Oct/2022:09:40:02 +0800] "GET /xingrg/javascript/jquery.utils.js HTTP/1.1" 304 -
116.225.121.189 - - [03/Oct/2022:09:40:02 +0800] "GET /xingrg/images/blue/navBackgound.jpg HTTP/1.1" 304 -
116.225.121.189 - - [03/Oct/2022:09:40:02 +0800] "GET /xingrg/javascript/jquery_easy_ui/themes/icons/settle_new.png HTTP/1.1" 304 -
116.225.121.189 - - [03/Oct/2022:09:40:02 +0800] "POST /xingrg/all/common/load_tree.html?tree=area_rest_tree_json&manage=1 HTTP/1.1" 200 3472
116.225.121.189 - - [03/Oct/2022:09:40:02 +0800] "GET /xingrg/check_reg.html?_=1664761202264 HTTP/1.1" 200 22
116.225.121.189 - - [03/Oct/2022:09:40:02 +0800] "GET /xingrg/all/function/internal_message.html?_=1664761202264&CODE_STATE=count HTTP/1.1" 200 11
116.225.121.189 - - [03/Oct/2022:09:40:02 +0800] "GET /xingrg/images/blue/pingpu.png HTTP/1.1" 304 -
116.225.121.189 - - [03/Oct/2022:09:40:02 +0800] "GET /xingrg/javascript/jquery_easy_ui/themes/default/images/tabs_rightarrow.png HTTP/1.1" 304 -
116.225.121.189 - - [03/Oct/2022:09:40:02 +0800] "GET /xingrg/javascript/jquery_easy_ui/themes/default/images/tabs_leftarrow.png HTTP/1.1" 304 -
116.225.121.189 - - [03/Oct/2022:09:40:02 +0800] "GET /xingrg/javascript/jquery_easy_ui/themes/default/images/panel_tool_collapse.gif HTTP/1.1" 304 -
116.225.121.189 - - [03/Oct/2022:09:40:02 +0800] "GET /xingrg/javascript/jquery_easy_ui/themes/default/images/tree_arrows.gif HTTP/1.1" 304 -
116.225.121.189 - - [03/Oct/2022:09:40:02 +0800] "POST /xingrg/load_menu.html HTTP/1.1" 200 5138
116.225.121.189 - - [03/Oct/2022:09:40:03 +0800] "GET /xingrg/javascript/jquery_easy_ui/themes/icons/search_new.png HTTP/1.1" 304 -
116.225.121.189 - - [03/Oct/2022:09:40:03 +0800] "GET /xingrg/javascript/jquery_easy_ui/themes/default/images/tree_folder.gif HTTP/1.1" 304 -
116.225.121.189 - - [03/Oct/2022:09:40:03 +0800] "GET /xingrg/javascript/jquery_easy_ui/themes/default/images/tree_folder_open.gif HTTP/1.1" 304 -
116.225.121.189 - - [03/Oct/2022:09:40:03 +0800] "GET /xingrg/javascript/jquery_easy_ui/themes/icons/storage_new.png HTTP/1.1" 304 -
116.225.121.189 - - [03/Oct/2022:09:40:03 +0800] "GET /xingrg/javascript/jquery_easy_ui/themes/icons/forms_new.png HTTP/1.1" 304 -
116.225.121.189 - - [03/Oct/2022:09:40:03 +0800] "GET /xingrg/javascript/jquery_easy_ui/themes/default/images/tree_file.gif HTTP/1.1" 304 -
114.83.216.252 - - [03/Oct/2022:09:40:04 +0800] "GET /xingrg/all/function/internal_message.html?_=1664761201250&CODE_STATE=getMsg HTTP/1.1" 200 27
114.83.216.252 - - [03/Oct/2022:09:40:04 +0800] "GET /xingrg/check_reg.html?_=1664761201253 HTTP/1.1" 200 22
222.70.183.206 - - [03/Oct/2022:09:40:05 +0800] "GET /xingrg/all/function/internal_message.html?_=1664761202611&CODE_STATE=getMsg HTTP/1.1" 200 27
221.239.141.151 - - [03/Oct/2022:09:40:05 +0800] "GET /xingrg/kc/buy/cgsh_order_operate.html?command=get_materiel&rest_code=00102&code=00101007061&supplier_code=00100096&order_time=2022-10-03 HTTP/1.1" 200 411
116.225.121.189 - - [03/Oct/2022:09:40:06 +0800] "GET /xingrg/javascript/jquery_easy_ui/themes/default/images/tabs_close.gif HTTP/1.1" 304 -
116.225.121.189 - - [03/Oct/2022:09:40:06 +0800] "GET /xingrg/css/base.css HTTP/1.1" 304 -
116.225.121.189 - - [03/Oct/2022:09:40:06 +0800] "GET /xingrg/css/site.css HTTP/1.1" 304 -
116.225.121.189 - - [03/Oct/2022:09:40:06 +0800] "GET /xingrg/javascript/easyui/themes/default/easyui.css HTTP/1.1" 304 -
116.225.121.189 - - [03/Oct/2022:09:40:06 +0800] "GET /xingrg/javascript/jquery_tools/datebox.css HTTP/1.1" 304 -
116.225.121.189 - - [03/Oct/2022:09:40:06 +0800] "GET /xingrg/javascript/easyui/themes/icon.css HTTP/1.1" 304 -
116.225.121.189 - - [03/Oct/2022:09:40:06 +0800] "GET /xingrg/javascript/auto/jquery.autocomplete.css HTTP/1.1" 304 -
116.225.121.189 - - [03/Oct/2022:09:40:06 +0800] "GET /xingrg/kc/mdqp/pssh_order_list.html HTTP/1.1" 200 17941
116.225.121.189 - - [03/Oct/2022:09:40:06 +0800] "GET /xingrg/javascript/jquery_tools/jquery.tools.extend.js HTTP/1.1" 304 -
116.225.121.189 - - [03/Oct/2022:09:40:06 +0800] "GET /xingrg/javascript/jquery_tools/jquery.tools.hotkey.js HTTP/1.1" 304 -
116.225.121.189 - - [03/Oct/2022:09:40:06 +0800] "GET /xingrg/javascript/auto/jquery.autocomplete.js HTTP/1.1" 304 -
116.225.121.189 - - [03/Oct/2022:09:40:06 +0800] "GET /xingrg/javascript/jquery.cookie.js HTTP/1.1" 304 -
116.225.121.189 - - [03/Oct/2022:09:40:06 +0800] "GET /xingrg/javascript/jquery_tools/jquery.tools.table.js HTTP/1.1" 304 -
116.225.121.189 - - [03/Oct/2022:09:40:06 +0800] "GET /xingrg/javascript/jquery_tools/list_manager.js HTTP/1.1" 304 -
116.225.121.189 - - [03/Oct/2022:09:40:06 +0800] "GET /xingrg/javascript/easyui/easyloader.js HTTP/1.1" 304 -
116.225.121.189 - - [03/Oct/2022:09:40:06 +0800] "GET /xingrg/javascript/jquery_tools/fix.css HTTP/1.1" 304 -
116.225.121.189 - - [03/Oct/2022:09:40:06 +0800] "GET /xingrg/javascript/jquery_tools/jquery.tools.min.js HTTP/1.1" 304 -
116.225.121.189 - - [03/Oct/2022:09:40:06 +0800] "GET /xingrg/javascript/jquery_tools/table.css HTTP/1.1" 304 -
116.225.121.189 - - [03/Oct/2022:09:40:06 +0800] "GET /xingrg/javascript/easyui/themes/icons/field_new.png HTTP/1.1" 304 -
116.225.121.189 - - [03/Oct/2022:09:40:06 +0800] "GET /xingrg/javascript/easyui/plugins/jquery.parser.js HTTP/1.1" 304 -
116.225.121.189 - - [03/Oct/2022:09:40:06 +0800] "GET /xingrg/images/control/ajaxLoader.gif HTTP/1.1" 304 -
116.225.121.189 - - [03/Oct/2022:09:40:06 +0800] "POST /xingrg/kc/mdqp/pssh_list_operate.html HTTP/1.1" 200 5268
116.225.121.189 - - [03/Oct/2022:09:40:08 +0800] "POST /xingrg/kc/mdqp/pssh_list_operate.html HTTP/1.1" 200 808
116.225.121.189 - - [03/Oct/2022:09:40:08 +0800] "GET /xingrg/kc/mdqp/pssh_order_info.html?code=312022100100009 HTTP/1.1" 200 17297
116.225.121.189 - - [03/Oct/2022:09:40:08 +0800] "GET /xingrg/javascript/jquery_tools/jquery-1.4.2.min.js HTTP/1.1" 404 1094
116.225.121.189 - - [03/Oct/2022:09:40:08 +0800] "GET /xingrg/javascript/pic_change.js HTTP/1.1" 304 -
116.225.121.189 - - [03/Oct/2022:09:40:08 +0800] "GET /xingrg/javascript/jquery_tools/order_manager.js HTTP/1.1" 304 -
116.225.121.189 - - [03/Oct/2022:09:40:08 +0800] "GET /xingrg/javascript/json2.js HTTP/1.1" 304 -
116.225.121.189 - - [03/Oct/2022:09:40:08 +0800] "GET /xingrg/javascript/convert.js HTTP/1.1" 304 -
116.225.121.189 - - [03/Oct/2022:09:40:08 +0800] "GET /xingrg/javascript/print/kc_print.js HTTP/1.1" 304 -
116.225.121.189 - - [03/Oct/2022:09:40:08 +0800] "GET /xingrg/javascript/print/LodopFuncs.js HTTP/1.1" 304 -
116.225.121.189 - - [03/Oct/2022:09:40:08 +0800] "GET /xingrg/words/20221001163054_words.js HTTP/1.1" 200 923236
116.225.121.189 - - [03/Oct/2022:09:40:09 +0800] "GET /xingrg/javascript/easyui/themes/icons/back_new.png HTTP/1.1" 304 -
116.225.121.189 - - [03/Oct/2022:09:40:09 +0800] "GET /xingrg/javascript/easyui/themes/icons/cance_new.png HTTP/1.1" 304 -
116.225.121.189 - - [03/Oct/2022:09:40:09 +0800] "GET /xingrg/javascript/easyui/themes/icons/print.png HTTP/1.1" 304 -
116.225.121.189 - - [03/Oct/2022:09:40:09 +0800] "GET /xingrg/javascript/easyui/themes/icons/ok.png HTTP/1.1" 304 -
116.225.121.189 - - [03/Oct/2022:09:40:09 +0800] "GET /xingrg/javascript/easyui/themes/icons/check_new.png HTTP/1.1" 304 -
116.225.121.189 - - [03/Oct/2022:09:40:09 +0800] "GET /xingrg/javascript/easyui/themes/default/images/menu_downarrow.png HTTP/1.1" 304 -
58.37.225.234 - - [03/Oct/2022:09:40:09 +0800] "GET /xingrg/check_reg.html?_=1664760861129 HTTP/1.1" 200 22
116.225.121.189 - - [03/Oct/2022:09:40:09 +0800] "POST /xingrg/kc/mdqp/pssh_order_operate.html HTTP/1.1" 200 5823
116.225.121.189 - - [03/Oct/2022:09:40:09 +0800] "GET /xingrg/javascript/easyui/themes/default/validatebox.css HTTP/1.1" 404 1104
116.225.121.189 - - [03/Oct/2022:09:40:09 +0800] "GET /xingrg/javascript/easyui/plugins/jquery.validatebox.js HTTP/1.1" 304 -
116.225.121.189 - - [03/Oct/2022:09:40:09 +0800] "GET /xingrg/all/common/auto_word.html?type=base&rest_code=00105&rest_code=00105 HTTP/1.1" 200 1907
116.225.121.189 - - [03/Oct/2022:09:40:09 +0800] "GET /xingrg/all/common/auto_word.html?type=employee&rest_code=00105 HTTP/1.1" 200 193
116.225.121.189 - - [03/Oct/2022:09:40:09 +0800] "GET /xingrg/javascript/easyui/plugins/jquery.numberbox.js HTTP/1.1" 304 -
116.228.172.94 - - [03/Oct/2022:09:40:14 +0800] "GET /xingrg/all/function/internal_message.html?_=1664760725904&CODE_STATE=getMsg HTTP/1.1" 200 27
124.79.246.218 - - [03/Oct/2022:09:40:15 +0800] "GET /xingrg/all/function/internal_message.html?_=1664761414484&CODE_STATE=getMsg HTTP/1.1" 200 27
221.239.141.151 - - [03/Oct/2022:09:40:16 +0800] "GET /xingrg/kc/buy/cgsh_order_operate.html?command=get_materiel&rest_code=00102&code=00101007049&supplier_code=00100096&order_time=2022-10-03 HTTP/1.1" 200 409
116.230.114.213 - - [03/Oct/2022:09:40:19 +0800] "GET /xingrg/all/function/internal_message.html?_=1664761218917&CODE_STATE=getMsg HTTP/1.1" 200 27
116.225.121.189 - - [03/Oct/2022:09:40:20 +0800] "GET /xingrg/all/function/internal_message.html?_=1664761074385&CODE_STATE=getMsg HTTP/1.1" 200 27
116.230.114.213 - - [03/Oct/2022:09:40:21 +0800] "GET /xingrg/kc/buy/cgsh_order_operate.html?command=get_materiel&rest_code=00146&code=00101008095&supplier_code=00100005&order_time=2022-10-03 HTTP/1.1" 200 412
221.239.141.151 - - [03/Oct/2022:09:40:23 +0800] "GET /xingrg/all/function/internal_message.html?_=1664761222820&CODE_STATE=getMsg HTTP/1.1" 200 27
116.230.114.213 - - [03/Oct/2022:09:40:24 +0800] "POST /xingrg/kc/buy/cgsh_order_operate.html HTTP/1.1" 200 2065
116.228.172.94 - - [03/Oct/2022:09:40:24 +0800] "POST /xingrg/dwr/call/plaincall/AjaxCheckService.setItemNumber.dwr HTTP/1.1" 200 77
116.224.255.128 - - [03/Oct/2022:09:40:25 +0800] "GET /xingrg/all/function/internal_message.html?_=1664761251128&CODE_STATE=getMsg HTTP/1.1" 200 27
221.239.141.151 - - [03/Oct/2022:09:40:27 +0800] "GET /xingrg/kc/buy/cgsh_order_operate.html?command=get_materiel&rest_code=00102&code=00101012003&supplier_code=00100096&order_time=2022-10-03 HTTP/1.1" 200 412
114.83.219.57 - - [03/Oct/2022:09:40:30 +0800] "GET /xingrg/all/function/internal_message.html?_=1664761318491&CODE_STATE=getMsg HTTP/1.1" 200 27
124.78.158.230 - - [03/Oct/2022:09:40:32 +0800] "GET /xingrg/all/function/internal_message.html?_=1664761228436&CODE_STATE=getMsg HTTP/1.1" 200 27
116.230.114.213 - - [03/Oct/2022:09:40:34 +0800] "GET /xingrg/kc/buy/cgsh_order_operate.html?command=get_materiel&rest_code=00146&code=00101008110&supplier_code=00100005&order_time=2022-10-03 HTTP/1.1" 200 408
116.228.172.94 - - [03/Oct/2022:09:40:36 +0800] "POST /xingrg/dwr/call/plaincall/AjaxCheckService.setItemNumber.dwr HTTP/1.1" 200 77
221.239.141.151 - - [03/Oct/2022:09:40:39 +0800] "GET /xingrg/kc/buy/cgsh_order_operate.html?command=get_materiel&rest_code=00102&code=00101006109&supplier_code=00100096&order_time=2022-10-03 HTTP/1.1" 200 411
116.228.172.94 - - [03/Oct/2022:09:40:40 +0800] "POST /xingrg/dwr/call/plaincall/AjaxCheckService.setItemNumber.dwr HTTP/1.1" 200 77
180.169.147.146 - - [03/Oct/2022:09:40:43 +0800] "GET /xingrg/check_reg.html?_=1664761249525 HTTP/1.1" 200 22
116.228.172.94 - - [03/Oct/2022:09:40:44 +0800] "POST /xingrg/dwr/call/plaincall/AjaxCheckService.setItemNumber.dwr HTTP/1.1" 200 77
221.239.141.151 - - [03/Oct/2022:09:40:47 +0800] "GET /xingrg/kc/buy/cgsh_order_operate.html?command=get_materiel&rest_code=00102&code=00101006110&supplier_code=00100096&order_time=2022-10-03 HTTP/1.1" 200 409
116.228.172.94 - - [03/Oct/2022:09:40:49 +0800] "POST /xingrg/dwr/call/plaincall/AjaxCheckService.setItemNumber.dwr HTTP/1.1" 200 77
116.228.172.94 - - [03/Oct/2022:09:40:53 +0800] "POST /xingrg/dwr/call/plaincall/AjaxCheckService.setItemNumber.dwr HTTP/1.1" 200 77
180.169.147.146 - - [03/Oct/2022:09:40:54 +0800] "GET /xingrg/all/function/internal_message.html?_=1664761251867&CODE_STATE=getMsg HTTP/1.1" 200 27
124.79.74.72 - - [03/Oct/2022:09:40:54 +0800] "GET /xingrg/all/function/internal_message.html?_=1664761251992&CODE_STATE=getMsg HTTP/1.1" 200 27
221.239.141.151 - - [03/Oct/2022:09:40:55 +0800] "GET /xingrg/kc/buy/cgsh_order_operate.html?command=get_materiel&rest_code=00102&code=00101006111&supplier_code=00100096&order_time=2022-10-03 HTTP/1.1" 200 411
180.169.147.146 - - [03/Oct/2022:09:40:57 +0800] "GET /xingrg/all/function/internal_message.html?_=1664761254633&CODE_STATE=getMsg HTTP/1.1" 200 27
172.20.0.100 - - [03/Oct/2022:09:40:57 +0800] "GET /xingrg/all/function/internal_message.html?_=1664761253816&CODE_STATE=getMsg HTTP/1.1" 200 27
116.230.105.139 - - [03/Oct/2022:09:40:57 +0800] "GET /xingrg/all/function/internal_message.html?_=1664761237858&CODE_STATE=getMsg HTTP/1.1" 200 27
116.228.172.94 - - [03/Oct/2022:09:40:59 +0800] "POST /xingrg/dwr/call/plaincall/AjaxCheckService.setItemNumber.dwr HTTP/1.1" 200 77
124.79.74.72 - - [03/Oct/2022:09:40:59 +0800] "GET /xingrg/kc/mdqp/qp_main.html HTTP/1.1" 200 10633
124.79.74.72 - - [03/Oct/2022:09:41:00 +0800] "GET /xingrg/images/yd/bt.gif HTTP/1.1" 404 1040
116.224.255.128 - - [03/Oct/2022:09:41:00 +0800] "GET /xingrg/all/function/internal_message.html?_=1664761174478&CODE_STATE=getMsg HTTP/1.1" 200 27
180.169.147.146 - - [03/Oct/2022:09:41:00 +0800] "GET /xingrg/all/function/internal_message.html?_=1664761266749&CODE_STATE=getMsg HTTP/1.1" 200 27
120.253.135.82 - - [03/Oct/2022:09:41:01 +0800] "GET /xingrg/all/function/internal_message.html?_=1664761376302&CODE_STATE=getMsg HTTP/1.1" 200 27
124.79.74.72 - - [03/Oct/2022:09:41:01 +0800] "GET /xingrg/kc/mdqp/qqps_order_list.html HTTP/1.1" 200 9222
124.79.74.72 - - [03/Oct/2022:09:41:01 +0800] "GET /xingrg/dwr/interface/AjaxQqpsService.js HTTP/1.1" 200 16326
124.79.74.72 - - [03/Oct/2022:09:41:01 +0800] "GET /xingrg/dwr/util.js HTTP/1.1" 200 35990
124.79.74.72 - - [03/Oct/2022:09:41:01 +0800] "GET /xingrg/dwr/interface/AjaxReportQueryService.js HTTP/1.1" 200 13203
124.79.74.72 - - [03/Oct/2022:09:41:01 +0800] "GET /xingrg/javascript/Calendar.js HTTP/1.1" 200 31561
124.79.74.72 - - [03/Oct/2022:09:41:01 +0800] "GET /xingrg/dwr/engine.js HTTP/1.1" 200 43631
124.79.74.72 - - [03/Oct/2022:09:41:01 +0800] "GET /xingrg/javascript/jquery_easy_ui/themes/icons/edit_add_new.png HTTP/1.1" 200 2997
124.79.74.72 - - [03/Oct/2022:09:41:01 +0800] "GET /xingrg/javascript/jquery_easy_ui/themes/icons/check_new.png HTTP/1.1" 200 3224
124.79.74.72 - - [03/Oct/2022:09:41:01 +0800] "GET /xingrg/javascript/jquery_easy_ui/themes/icons/cance_new.png HTTP/1.1" 200 3986
124.79.74.72 - - [03/Oct/2022:09:41:01 +0800] "GET /xingrg/javascript/jquery_easy_ui/themes/icons/uncheck_new.png HTTP/1.1" 200 3197
116.225.121.189 - - [03/Oct/2022:09:41:02 +0800] "GET /xingrg/all/function/internal_message.html?_=1664761262293&CODE_STATE=getMsg HTTP/1.1" 200 27
114.83.216.252 - - [03/Oct/2022:09:41:04 +0800] "GET /xingrg/all/function/internal_message.html?_=1664761261262&CODE_STATE=getMsg HTTP/1.1" 200 27
124.79.74.72 - - [03/Oct/2022:09:41:05 +0800] "GET /xingrg/javascript/jquery_easy_ui/themes/default/images/button_plain_hover.png HTTP/1.1" 200 252
222.70.183.206 - - [03/Oct/2022:09:41:05 +0800] "GET /xingrg/all/function/internal_message.html?_=1664761262612&CODE_STATE=getMsg HTTP/1.1" 200 27
116.228.172.94 - - [03/Oct/2022:09:41:14 +0800] "GET /xingrg/all/function/internal_message.html?_=1664760785890&CODE_STATE=getMsg HTTP/1.1" 200 27
124.79.246.218 - - [03/Oct/2022:09:41:15 +0800] "GET /xingrg/all/function/internal_message.html?_=1664761474482&CODE_STATE=getMsg HTTP/1.1" 200 27
116.228.172.94 - - [03/Oct/2022:09:41:17 +0800] "POST /xingrg/dwr/call/plaincall/AjaxCheckService.setItemNumber.dwr HTTP/1.1" 200 77
221.239.141.151 - - [03/Oct/2022:09:41:19 +0800] "POST /xingrg/kc/buy/cgsh_order_operate.html HTTP/1.1" 200 37
116.230.114.213 - - [03/Oct/2022:09:41:19 +0800] "GET /xingrg/all/function/internal_message.html?_=1664761278929&CODE_STATE=getMsg HTTP/1.1" 200 27
116.228.172.94 - - [03/Oct/2022:09:41:20 +0800] "POST /xingrg/dwr/call/plaincall/AjaxCheckService.setItemNumber.dwr HTTP/1.1" 200 77
116.225.121.189 - - [03/Oct/2022:09:41:20 +0800] "GET /xingrg/all/function/internal_message.html?_=1664761134374&CODE_STATE=getMsg HTTP/1.1" 200 27
116.228.172.94 - - [03/Oct/2022:09:41:21 +0800] "POST /xingrg/dwr/call/plaincall/AjaxCheckService.setItemNumber.dwr HTTP/1.1" 200 77
221.239.141.151 - - [03/Oct/2022:09:41:23 +0800] "GET /xingrg/all/function/internal_message.html?_=1664761282836&CODE_STATE=getMsg HTTP/1.1" 200 27
221.239.141.151 - - [03/Oct/2022:09:41:24 +0800] "POST /xingrg/kc/buy/cgsh_order_operate.html HTTP/1.1" 200 12
116.224.255.128 - - [03/Oct/2022:09:41:25 +0800] "GET /xingrg/all/function/internal_message.html?_=1664761311132&CODE_STATE=getMsg HTTP/1.1" 200 27
221.239.141.151 - - [03/Oct/2022:09:41:25 +0800] "GET /xingrg/kc/buy/cgsh_order_info.html?code=212022100300778 HTTP/1.1" 200 63839
116.228.172.94 - - [03/Oct/2022:09:41:25 +0800] "POST /xingrg/dwr/call/plaincall/AjaxCheckService.setItemNumber.dwr HTTP/1.1" 200 77
221.239.141.151 - - [03/Oct/2022:09:41:26 +0800] "GET /xingrg/javascript/easyui/themes/default/validatebox.css HTTP/1.1" 404 1104
221.239.141.151 - - [03/Oct/2022:09:41:26 +0800] "POST /xingrg/kc/buy/cgsh_order_operate.html HTTP/1.1" 200 8322
221.239.141.151 - - [03/Oct/2022:09:41:27 +0800] "GET /xingrg/kc/print/load_config.html?kc_code=cgsh HTTP/1.1" 200 1943
221.239.141.151 - - [03/Oct/2022:09:41:28 +0800] "GET /xingrg/kc/print/load_data.html?order_code=212022100300778&kc_code=cgsh&condition= HTTP/1.1" 200 3594
114.83.219.57 - - [03/Oct/2022:09:41:30 +0800] "GET /xingrg/all/function/internal_message.html?_=1664761378483&CODE_STATE=getMsg HTTP/1.1" 200 27
114.83.219.57 - - [03/Oct/2022:09:41:30 +0800] "GET /xingrg/check_reg.html?_=1664761378483 HTTP/1.1" 200 22
116.228.172.94 - - [03/Oct/2022:09:41:31 +0800] "POST /xingrg/dwr/call/plaincall/AjaxCheckService.setItemNumber.dwr HTTP/1.1" 200 77
124.78.158.230 - - [03/Oct/2022:09:41:32 +0800] "GET /xingrg/all/function/internal_message.html?_=1664761288436&CODE_STATE=getMsg HTTP/1.1" 200 27
221.239.141.151 - - [03/Oct/2022:09:41:32 +0800] "GET /xingrg/kc/buy/cgsh_order_list.html HTTP/1.1" 200 53123
116.228.172.94 - - [03/Oct/2022:09:41:32 +0800] "POST /xingrg/dwr/call/plaincall/AjaxCheckService.setItemNumber.dwr HTTP/1.1" 200 77
221.239.141.151 - - [03/Oct/2022:09:41:34 +0800] "POST /xingrg/kc/buy/cgsh_list_operate.html HTTP/1.1" 200 986
116.230.114.213 - - [03/Oct/2022:09:41:36 +0800] "GET /xingrg/kc/buy/cgsh_order_operate.html?command=get_materiel&rest_code=00146&code=00101008255&supplier_code=00100005&order_time=2022-10-03 HTTP/1.1" 200 412
116.228.172.94 - - [03/Oct/2022:09:41:39 +0800] "POST /xingrg/dwr/call/plaincall/AjaxCheckService.setItemNumber.dwr HTTP/1.1" 200 77
116.224.255.128 - - [03/Oct/2022:09:41:47 +0800] "POST /xingrg/services/DataTransmitService HTTP/1.1" 200 524
116.228.172.94 - - [03/Oct/2022:09:41:47 +0800] "POST /xingrg/dwr/call/plaincall/AjaxCheckService.setItemNumber.dwr HTTP/1.1" 200 77
116.230.114.213 - - [03/Oct/2022:09:41:49 +0800] "GET /xingrg/kc/buy/cgsh_order_operate.html?command=get_materiel&rest_code=00146&code=00101015061&supplier_code=00100005&order_time=2022-10-03 HTTP/1.1" 200 412
116.228.172.94 - - [03/Oct/2022:09:41:53 +0800] "POST /xingrg/dwr/call/plaincall/AjaxCheckService.setItemNumber.dwr HTTP/1.1" 200 77
180.169.147.146 - - [03/Oct/2022:09:41:54 +0800] "GET /xingrg/all/function/internal_message.html?_=1664761311862&CODE_STATE=getMsg HTTP/1.1" 200 27
124.79.74.72 - - [03/Oct/2022:09:41:54 +0800] "GET /xingrg/all/function/internal_message.html?_=1664761311989&CODE_STATE=getMsg HTTP/1.1" 200 27
116.224.255.128 - - [03/Oct/2022:09:41:54 +0800] "GET /xingrg/check_reg.html?_=1664761229166 HTTP/1.1" 200 22
180.169.147.146 - - [03/Oct/2022:09:41:56 +0800] "GET /xingrg/all/function/internal_message.html?_=1664761314632&CODE_STATE=getMsg HTTP/1.1" 200 27
172.20.0.100 - - [03/Oct/2022:09:41:57 +0800] "GET /xingrg/all/function/internal_message.html?_=1664761313827&CODE_STATE=getMsg HTTP/1.1" 200 27
116.230.105.139 - - [03/Oct/2022:09:41:57 +0800] "GET /xingrg/all/function/internal_message.html?_=1664761297850&CODE_STATE=getMsg HTTP/1.1" 200 27
116.228.172.94 - - [03/Oct/2022:09:41:58 +0800] "POST /xingrg/dwr/call/plaincall/AjaxCheckService.setItemNumber.dwr HTTP/1.1" 200 77
120.253.135.82 - - [03/Oct/2022:09:41:59 +0800] "GET /xingrg/check_reg.html?_=1664761434182 HTTP/1.1" 200 22
116.224.255.128 - - [03/Oct/2022:09:42:00 +0800] "GET /xingrg/all/function/internal_message.html?_=1664761234483&CODE_STATE=getMsg HTTP/1.1" 200 27
180.169.147.146 - - [03/Oct/2022:09:42:00 +0800] "GET /xingrg/all/function/internal_message.html?_=1664761326762&CODE_STATE=getMsg HTTP/1.1" 200 27
120.253.135.82 - - [03/Oct/2022:09:42:01 +0800] "GET /xingrg/all/function/internal_message.html?_=1664761436314&CODE_STATE=getMsg HTTP/1.1" 200 27
116.225.121.189 - - [03/Oct/2022:09:42:02 +0800] "GET /xingrg/all/function/internal_message.html?_=1664761322279&CODE_STATE=getMsg HTTP/1.1" 200 27
114.83.216.252 - - [03/Oct/2022:09:42:04 +0800] "GET /xingrg/all/function/internal_message.html?_=1664761321262&CODE_STATE=getMsg HTTP/1.1" 200 27
116.230.114.213 - - [03/Oct/2022:09:42:04 +0800] "GET /xingrg/kc/buy/cgsh_order_operate.html?command=get_materiel&rest_code=00146&code=00101015107&supplier_code=00100005&order_time=2022-10-03 HTTP/1.1" 200 411
116.228.172.94 - - [03/Oct/2022:09:42:05 +0800] "POST /xingrg/dwr/call/plaincall/AjaxCheckService.setItemNumber.dwr HTTP/1.1" 200 77
222.70.183.206 - - [03/Oct/2022:09:42:05 +0800] "GET /xingrg/all/function/internal_message.html?_=1664761322616&CODE_STATE=getMsg HTTP/1.1" 200 27
222.70.183.206 - - [03/Oct/2022:09:42:05 +0800] "GET /xingrg/check_reg.html?_=1664761322612 HTTP/1.1" 200 22
116.230.114.213 - - [03/Oct/2022:09:42:07 +0800] "POST /xingrg/kc/buy/cgsh_order_operate.html HTTP/1.1" 200 2065
116.228.172.94 - - [03/Oct/2022:09:42:13 +0800] "POST /xingrg/dwr/call/plaincall/AjaxCheckService.setItemNumber.dwr HTTP/1.1" 200 77
116.228.172.94 - - [03/Oct/2022:09:42:14 +0800] "GET /xingrg/all/function/internal_message.html?_=1664760845873&CODE_STATE=getMsg HTTP/1.1" 200 27
124.79.246.218 - - [03/Oct/2022:09:42:15 +0800] "GET /xingrg/all/function/internal_message.html?_=1664761534481&CODE_STATE=getMsg HTTP/1.1" 200 27
124.79.246.218 - - [03/Oct/2022:09:42:16 +0800] "GET /xingrg/check_reg.html?_=1664761534482 HTTP/1.1" 200 22
116.230.114.213 - - [03/Oct/2022:09:42:19 +0800] "GET /xingrg/check_reg.html?_=1664761338638 HTTP/1.1" 200 22
116.230.114.213 - - [03/Oct/2022:09:42:19 +0800] "GET /xingrg/all/function/internal_message.html?_=1664761338943&CODE_STATE=getMsg HTTP/1.1" 200 27
116.228.172.94 - - [03/Oct/2022:09:42:19 +0800] "POST /xingrg/dwr/call/plaincall/AjaxCheckService.setItemNumber.dwr HTTP/1.1" 200 77
116.225.121.189 - - [03/Oct/2022:09:42:20 +0800] "GET /xingrg/all/function/internal_message.html?_=1664761194375&CODE_STATE=getMsg HTTP/1.1" 200 27
221.239.141.151 - - [03/Oct/2022:09:42:23 +0800] "GET /xingrg/check_reg.html?_=1664761342828 HTTP/1.1" 200 22
221.239.141.151 - - [03/Oct/2022:09:42:23 +0800] "GET /xingrg/all/function/internal_message.html?_=1664761342832&CODE_STATE=getMsg HTTP/1.1" 200 27
116.224.255.128 - - [03/Oct/2022:09:42:25 +0800] "GET /xingrg/all/function/internal_message.html?_=1664761371133&CODE_STATE=getMsg HTTP/1.1" 200 27
116.228.172.94 - - [03/Oct/2022:09:42:26 +0800] "POST /xingrg/dwr/call/plaincall/AjaxCheckService.setItemNumber.dwr HTTP/1.1" 200 77
116.230.114.213 - - [03/Oct/2022:09:42:29 +0800] "GET /xingrg/kc/buy/cgsh_order_operate.html?command=get_materiel&rest_code=00146&code=00101008036&supplier_code=00100005&order_time=2022-10-03 HTTP/1.1" 200 408
114.83.219.57 - - [03/Oct/2022:09:42:30 +0800] "GET /xingrg/all/function/internal_message.html?_=1664761438491&CODE_STATE=getMsg HTTP/1.1" 200 27
124.78.158.230 - - [03/Oct/2022:09:42:32 +0800] "GET /xingrg/all/function/internal_message.html?_=1664761348436&CODE_STATE=getMsg HTTP/1.1" 200 27
116.228.172.94 - - [03/Oct/2022:09:42:34 +0800] "POST /xingrg/dwr/call/plaincall/AjaxCheckService.setItemNumber.dwr HTTP/1.1" 200 77
116.228.172.94 - - [03/Oct/2022:09:42:42 +0800] "POST /xingrg/dwr/call/plaincall/AjaxCheckService.setItemNumber.dwr HTTP/1.1" 200 77
180.169.147.146 - - [03/Oct/2022:09:42:54 +0800] "GET /xingrg/all/function/internal_message.html?_=1664761371856&CODE_STATE=getMsg HTTP/1.1" 200 27
124.79.74.72 - - [03/Oct/2022:09:42:54 +0800] "GET /xingrg/all/function/internal_message.html?_=1664761371991&CODE_STATE=getMsg HTTP/1.1" 200 27
116.228.172.94 - - [03/Oct/2022:09:42:54 +0800] "POST /xingrg/dwr/call/plaincall/AjaxCheckService.setItemNumber.dwr HTTP/1.1" 200 77
180.169.147.146 - - [03/Oct/2022:09:42:57 +0800] "GET /xingrg/all/function/internal_message.html?_=1664761374631&CODE_STATE=getMsg HTTP/1.1" 200 27
172.20.0.100 - - [03/Oct/2022:09:42:57 +0800] "GET /xingrg/all/function/internal_message.html?_=1664761373818&CODE_STATE=getMsg HTTP/1.1" 200 27
116.230.105.139 - - [03/Oct/2022:09:42:57 +0800] "GET /xingrg/check_reg.html?_=1664761357849 HTTP/1.1" 200 22
116.230.105.139 - - [03/Oct/2022:09:42:57 +0800] "GET /xingrg/all/function/internal_message.html?_=1664761357851&CODE_STATE=getMsg HTTP/1.1" 200 27
116.224.255.128 - - [03/Oct/2022:09:43:00 +0800] "GET /xingrg/all/function/internal_message.html?_=1664761294497&CODE_STATE=getMsg HTTP/1.1" 200 27
180.169.147.146 - - [03/Oct/2022:09:43:00 +0800] "GET /xingrg/all/function/internal_message.html?_=1664761386791&CODE_STATE=getMsg HTTP/1.1" 200 27
120.253.135.82 - - [03/Oct/2022:09:43:01 +0800] "GET /xingrg/all/function/internal_message.html?_=1664761496334&CODE_STATE=getMsg HTTP/1.1" 200 27
116.225.121.189 - - [03/Oct/2022:09:43:02 +0800] "GET /xingrg/all/function/internal_message.html?_=1664761382281&CODE_STATE=getMsg HTTP/1.1" 200 27
114.83.216.252 - - [03/Oct/2022:09:43:04 +0800] "GET /xingrg/all/function/internal_message.html?_=1664761381272&CODE_STATE=getMsg HTTP/1.1" 200 27
222.70.183.206 - - [03/Oct/2022:09:43:05 +0800] "GET /xingrg/all/function/internal_message.html?_=1664761382616&CODE_STATE=getMsg HTTP/1.1" 200 27
124.79.74.72 - - [03/Oct/2022:09:43:14 +0800] "GET /xingrg/kc/mdqp/qqps_order_add.html HTTP/1.1" 200 28231
116.228.172.94 - - [03/Oct/2022:09:43:14 +0800] "GET /xingrg/all/function/internal_message.html?_=1664760905857&CODE_STATE=getMsg HTTP/1.1" 200 27
124.79.74.72 - - [03/Oct/2022:09:43:14 +0800] "GET /xingrg/javascript/Grid.js HTTP/1.1" 200 58908
124.79.74.72 - - [03/Oct/2022:09:43:14 +0800] "GET /xingrg/javascript/tools/jquery.qtip-1.0.0-rc3.min.js HTTP/1.1" 200 38404
124.79.74.72 - - [03/Oct/2022:09:43:14 +0800] "GET /xingrg/dwr/interface/AjaxComOrderService.js HTTP/1.1" 200 18264
124.79.74.72 - - [03/Oct/2022:09:43:14 +0800] "GET /xingrg/dwr/engine.js HTTP/1.1" 200 43631
116.228.172.94 - - [03/Oct/2022:09:43:14 +0800] "GET /xingrg/check_reg.html?_=1664760905967 HTTP/1.1" 200 22
124.79.74.72 - - [03/Oct/2022:09:43:14 +0800] "GET /xingrg/dwr/interface/AjaxQqpsService.js HTTP/1.1" 200 16326
124.79.74.72 - - [03/Oct/2022:09:43:14 +0800] "GET /xingrg/javascript/AjaxInfoList.js HTTP/1.1" 200 3774
