116.225.121.189 - - [03/Oct/2022:09:09:29 +0800] "GET /xingrg/javascript/jquery_ui/themes/humanity/images/ui-icons_c47a23_256x240.png HTTP/1.1" 304 -
116.225.121.189 - - [03/Oct/2022:09:09:29 +0800] "GET /xingrg/javascript/jquery_ui/themes/humanity/images/ui-bg_glass_70_ede4d4_1x400.png HTTP/1.1" 304 -
116.225.121.189 - - [03/Oct/2022:09:09:29 +0800] "GET /xingrg/images/yd/bt.gif HTTP/1.1" 404 1040
116.225.121.189 - - [03/Oct/2022:09:09:30 +0800] "GET /xingrg/kc/buy/cgsh_order_list.html HTTP/1.1" 200 53123
116.225.121.189 - - [03/Oct/2022:09:09:30 +0800] "GET /xingrg/css/base.css HTTP/1.1" 304 -
116.225.121.189 - - [03/Oct/2022:09:09:30 +0800] "GET /xingrg/css/site.css HTTP/1.1" 304 -
116.225.121.189 - - [03/Oct/2022:09:09:30 +0800] "GET /xingrg/javascript/jquery_tools/datebox.css HTTP/1.1" 304 -
116.225.121.189 - - [03/Oct/2022:09:09:30 +0800] "GET /xingrg/javascript/easyui/themes/default/easyui.css HTTP/1.1" 304 -
116.225.121.189 - - [03/Oct/2022:09:09:30 +0800] "GET /xingrg/javascript/easyui/themes/icon.css HTTP/1.1" 304 -
116.225.121.189 - - [03/Oct/2022:09:09:30 +0800] "GET /xingrg/javascript/auto/jquery.autocomplete.css HTTP/1.1" 304 -
116.225.121.189 - - [03/Oct/2022:09:09:30 +0800] "GET /xingrg/javascript/jquery_tools/fix.css HTTP/1.1" 304 -
116.225.121.189 - - [03/Oct/2022:09:09:30 +0800] "GET /xingrg/javascript/jquery_tools/table.css HTTP/1.1" 304 -
116.225.121.189 - - [03/Oct/2022:09:09:30 +0800] "GET /xingrg/javascript/jquery_tools/jquery.tools.min.js HTTP/1.1" 304 -
116.225.121.189 - - [03/Oct/2022:09:09:30 +0800] "GET /xingrg/javascript/jquery_tools/jquery.tools.extend.js HTTP/1.1" 304 -
116.225.121.189 - - [03/Oct/2022:09:09:31 +0800] "GET /xingrg/javascript/jquery_tools/jquery.tools.hotkey.js HTTP/1.1" 304 -
116.225.121.189 - - [03/Oct/2022:09:09:31 +0800] "GET /xingrg/javascript/jquery_tools/jquery.tools.table.js HTTP/1.1" 304 -
116.225.121.189 - - [03/Oct/2022:09:09:31 +0800] "GET /xingrg/javascript/auto/jquery.autocomplete.js HTTP/1.1" 304 -
116.225.121.189 - - [03/Oct/2022:09:09:31 +0800] "GET /xingrg/javascript/jquery_tools/list_manager.js HTTP/1.1" 304 -
116.225.121.189 - - [03/Oct/2022:09:09:31 +0800] "GET /xingrg/javascript/easyui/easyloader.js HTTP/1.1" 304 -
116.225.121.189 - - [03/Oct/2022:09:09:31 +0800] "GET /xingrg/javascript/jquery.cookie.js HTTP/1.1" 304 -
116.225.121.189 - - [03/Oct/2022:09:09:31 +0800] "GET /xingrg/javascript/print/LodopFuncs.js HTTP/1.1" 304 -
124.78.158.230 - - [03/Oct/2022:09:09:31 +0800] "GET /xingrg/all/function/internal_message.html?_=1664759368395&CODE_STATE=getMsg HTTP/1.1" 200 27
116.230.114.213 - - [03/Oct/2022:09:09:32 +0800] "POST /xingrg/services/DataTransmitService HTTP/1.1" 200 524
116.225.121.189 - - [03/Oct/2022:09:09:32 +0800] "GET /xingrg/javascript/easyui/themes/icons/import_new.png HTTP/1.1" 304 -
116.225.121.189 - - [03/Oct/2022:09:09:32 +0800] "GET /xingrg/javascript/easyui/themes/icons/check_new.png HTTP/1.1" 304 -
116.225.121.189 - - [03/Oct/2022:09:09:32 +0800] "GET /xingrg/javascript/easyui/themes/icons/field_new.png HTTP/1.1" 304 -
116.225.121.189 - - [03/Oct/2022:09:09:32 +0800] "GET /xingrg/javascript/easyui/themes/icons/cance_new.png HTTP/1.1" 304 -
116.225.121.189 - - [03/Oct/2022:09:09:32 +0800] "GET /xingrg/javascript/easyui/themes/icons/edit_add_new.png HTTP/1.1" 304 -
116.225.121.189 - - [03/Oct/2022:09:09:32 +0800] "GET /xingrg/javascript/easyui/plugins/jquery.parser.js HTTP/1.1" 304 -
116.225.121.189 - - [03/Oct/2022:09:09:32 +0800] "GET /xingrg/images/control/ajaxLoader.gif HTTP/1.1" 304 -
116.225.121.189 - - [03/Oct/2022:09:09:33 +0800] "POST /xingrg/kc/buy/cgsh_list_operate.html HTTP/1.1" 200 986
116.230.114.213 - - [03/Oct/2022:09:09:34 +0800] "POST /xingrg/services/DataTransmitService HTTP/1.1" 200 501
116.230.114.213 - - [03/Oct/2022:09:09:35 +0800] "GET /xingrg/check_reg.html?_=1664759374000 HTTP/1.1" 200 22
116.225.121.189 - - [03/Oct/2022:09:09:37 +0800] "GET /xingrg/javascript/easyui/themes/default/images/button_plain_hover.png HTTP/1.1" 304 -
116.225.121.189 - - [03/Oct/2022:09:09:39 +0800] "GET /xingrg/javascript/jquery_tools/order_manager.js HTTP/1.1" 304 -
116.225.121.189 - - [03/Oct/2022:09:09:39 +0800] "GET /xingrg/kc/buy/cgsh_order_add.html HTTP/1.1" 200 68987
116.225.121.189 - - [03/Oct/2022:09:09:39 +0800] "GET /xingrg/javascript/convert.js HTTP/1.1" 304 -
116.225.121.189 - - [03/Oct/2022:09:09:39 +0800] "GET /xingrg/javascript/json2.js HTTP/1.1" 304 -
116.225.121.189 - - [03/Oct/2022:09:09:39 +0800] "GET /xingrg/javascript/print/kc_print.js HTTP/1.1" 304 -
116.225.121.189 - - [03/Oct/2022:09:09:39 +0800] "GET /xingrg/words/20221001163054_words.js HTTP/1.1" 200 923236
116.225.121.189 - - [03/Oct/2022:09:09:39 +0800] "GET /xingrg/javascript/easyui/themes/icons/ok.png HTTP/1.1" 304 -
116.225.121.189 - - [03/Oct/2022:09:09:39 +0800] "GET /xingrg/javascript/easyui/themes/icons/template_new.png HTTP/1.1" 304 -
116.225.121.189 - - [03/Oct/2022:09:09:39 +0800] "GET /xingrg/javascript/easyui/themes/icons/copy_new.png HTTP/1.1" 304 -
116.225.121.189 - - [03/Oct/2022:09:09:39 +0800] "GET /xingrg/javascript/easyui/themes/icons/print.png HTTP/1.1" 304 -
116.225.121.189 - - [03/Oct/2022:09:09:39 +0800] "GET /xingrg/javascript/easyui/themes/default/images/menu_downarrow.png HTTP/1.1" 304 -
116.225.121.189 - - [03/Oct/2022:09:09:39 +0800] "GET /xingrg/javascript/easyui/themes/icons/cancel.png HTTP/1.1" 304 -
116.225.121.189 - - [03/Oct/2022:09:09:40 +0800] "POST /xingrg/kc/buy/cgsh_order_operate.html HTTP/1.1" 200 8245
116.225.121.189 - - [03/Oct/2022:09:09:40 +0800] "GET /xingrg/javascript/easyui/themes/default/validatebox.css HTTP/1.1" 404 1104
116.225.121.189 - - [03/Oct/2022:09:09:40 +0800] "GET /xingrg/all/common/auto_word.html?type=employee&rest_code=00105 HTTP/1.1" 200 193
116.225.121.189 - - [03/Oct/2022:09:09:40 +0800] "GET /xingrg/all/common/auto_word.html?type=employee&rest_code=00105 HTTP/1.1" 200 193
116.225.121.189 - - [03/Oct/2022:09:09:40 +0800] "GET /xingrg/javascript/easyui/plugins/jquery.validatebox.js HTTP/1.1" 304 -
116.225.121.189 - - [03/Oct/2022:09:09:40 +0800] "GET /xingrg/javascript/easyui/themes/icons/edit_remove.png HTTP/1.1" 304 -
116.225.121.189 - - [03/Oct/2022:09:09:40 +0800] "GET /xingrg/javascript/easyui/plugins/jquery.numberbox.js HTTP/1.1" 304 -
116.230.114.213 - - [03/Oct/2022:09:09:42 +0800] "POST /xingrg/services/DataTransmitService HTTP/1.1" 200 524
222.70.183.206 - - [03/Oct/2022:09:09:43 +0800] "GET /xingrg/kc/buy/cgsh_order_operate.html?command=get_materiel&rest_code=00111&code=00101008027&supplier_code=00100005&order_time=2022-10-03 HTTP/1.1" 200 408
116.225.121.189 - - [03/Oct/2022:09:09:43 +0800] "GET /xingrg/javascript/auto/indicator.gif HTTP/1.1" 404 1066
172.20.0.100 - - [03/Oct/2022:09:09:45 +0800] "GET /xingrg/all/function/internal_message.html?_=1664759382455&CODE_STATE=getMsg HTTP/1.1" 200 27
172.20.0.100 - - [03/Oct/2022:09:09:45 +0800] "GET /xingrg/check_reg.html?_=1664759382456 HTTP/1.1" 200 22
116.230.114.213 - - [03/Oct/2022:09:09:51 +0800] "GET /xingrg/all/function/internal_message.html?_=1664759390693&CODE_STATE=getMsg HTTP/1.1" 200 27
180.169.147.146 - - [03/Oct/2022:09:09:52 +0800] "GET /xingrg/index.html?sysBaseUrl=http%3A%2F%2F180.169.147.146%3A18081%2Fxingrg%2F&costTime=39×tamp=1592034574635 HTTP/1.1" 302 -
180.169.147.146 - - [03/Oct/2022:09:09:52 +0800] "GET /xingrg/login.html HTTP/1.1" 200 7641
180.169.147.146 - - [03/Oct/2022:09:09:52 +0800] "GET /xingrg/images/blue/jxLogo.png HTTP/1.1" 200 6156
180.169.147.146 - - [03/Oct/2022:09:09:52 +0800] "GET /xingrg/images/blue/login_bg.png HTTP/1.1" 200 22101
180.169.147.146 - - [03/Oct/2022:09:09:52 +0800] "GET /favicon.ico HTTP/1.1" 404 -
180.169.147.146 - - [03/Oct/2022:09:09:52 +0800] "GET /xingrg/images/blue/srbg.png HTTP/1.1" 200 138
180.169.147.146 - - [03/Oct/2022:09:09:52 +0800] "GET /xingrg/images/blue/hj.png HTTP/1.1" 200 1014
180.169.147.146 - - [03/Oct/2022:09:09:53 +0800] "POST /xingrg/login.do HTTP/1.1" 302 -
180.169.147.146 - - [03/Oct/2022:09:09:54 +0800] "GET /xingrg/index.html?sysBaseUrl=http%3A%2F%2F180.169.147.146%3A18081%2Fxingrg%2F&costTime=42×tamp=1664759393988 HTTP/1.1" 200 17503
180.169.147.146 - - [03/Oct/2022:09:09:54 +0800] "GET /xingrg/javascript/jquery_easy_ui/themes/icon.css HTTP/1.1" 200 3949
180.169.147.146 - - [03/Oct/2022:09:09:54 +0800] "GET /xingrg/css/form.css HTTP/1.1" 200 893
180.169.147.146 - - [03/Oct/2022:09:09:54 +0800] "GET /xingrg/javascript/jquery_easy_ui/themes/default/easyui.css HTTP/1.1" 200 26500
180.169.147.146 - - [03/Oct/2022:09:09:54 +0800] "GET /xingrg/javascript/jquery.form.js HTTP/1.1" 200 23110
180.169.147.146 - - [03/Oct/2022:09:09:54 +0800] "GET /xingrg/javascript/jquery.timers.js HTTP/1.1" 200 3532
180.169.147.146 - - [03/Oct/2022:09:09:54 +0800] "GET /xingrg/javascript/jquery.utils.js HTTP/1.1" 200 11805
180.169.147.146 - - [03/Oct/2022:09:09:54 +0800] "GET /xingrg/javascript/jquery-1.4.2.min.js HTTP/1.1" 200 72205
180.169.147.146 - - [03/Oct/2022:09:09:54 +0800] "GET /xingrg/javascript/jquery_easy_ui/jquery.easyui.min.js HTTP/1.1" 200 213662
180.169.147.146 - - [03/Oct/2022:09:09:54 +0800] "GET /favicon.ico HTTP/1.1" 404 -
180.169.147.146 - - [03/Oct/2022:09:09:54 +0800] "GET /xingrg/javascript/jquery_easy_ui/easyui-lang-zh_CN.js HTTP/1.1" 200 1900
180.169.147.146 - - [03/Oct/2022:09:09:54 +0800] "GET /xingrg/javascript/jquery_easy_ui/themes/icons/settle_new.png HTTP/1.1" 200 826
180.169.147.146 - - [03/Oct/2022:09:09:54 +0800] "GET /xingrg/images/blue/navBackgound.jpg HTTP/1.1" 200 12378
180.169.147.146 - - [03/Oct/2022:09:09:54 +0800] "POST /xingrg/all/common/load_tree.html?tree=area_rest_tree_json&manage=1 HTTP/1.1" 200 3472
180.169.147.146 - - [03/Oct/2022:09:09:54 +0800] "GET /xingrg/all/function/internal_message.html?_=1664759391826&CODE_STATE=count HTTP/1.1" 200 11
180.169.147.146 - - [03/Oct/2022:09:09:54 +0800] "GET /xingrg/check_reg.html?_=1664759391827 HTTP/1.1" 200 22
180.169.147.146 - - [03/Oct/2022:09:09:54 +0800] "GET /xingrg/images/blue/pingpu.png HTTP/1.1" 200 231
180.169.147.146 - - [03/Oct/2022:09:09:54 +0800] "GET /xingrg/javascript/jquery_easy_ui/themes/default/images/tabs_leftarrow.png HTTP/1.1" 200 389
180.169.147.146 - - [03/Oct/2022:09:09:54 +0800] "GET /xingrg/javascript/jquery_easy_ui/themes/default/images/tabs_rightarrow.png HTTP/1.1" 200 395
180.169.147.146 - - [03/Oct/2022:09:09:54 +0800] "GET /xingrg/javascript/jquery_easy_ui/themes/default/images/panel_tool_collapse.gif HTTP/1.1" 200 246
180.169.147.146 - - [03/Oct/2022:09:09:54 +0800] "GET /xingrg/javascript/jquery_easy_ui/themes/default/images/panel_tool_expand.gif HTTP/1.1" 200 247
180.169.147.146 - - [03/Oct/2022:09:09:54 +0800] "POST /xingrg/load_menu.html HTTP/1.1" 200 11564
180.169.147.146 - - [03/Oct/2022:09:09:54 +0800] "GET /xingrg/javascript/jquery_easy_ui/themes/default/images/tree_arrows.gif HTTP/1.1" 200 1043
180.169.147.146 - - [03/Oct/2022:09:09:54 +0800] "GET /xingrg/javascript/jquery_easy_ui/themes/icons/search_new.png HTTP/1.1" 200 586
180.169.147.146 - - [03/Oct/2022:09:09:54 +0800] "GET /xingrg/javascript/jquery_easy_ui/themes/default/images/tree_folder_open.gif HTTP/1.1" 200 956
180.169.147.146 - - [03/Oct/2022:09:09:54 +0800] "GET /xingrg/javascript/jquery_easy_ui/themes/icons/delivery_new.png HTTP/1.1" 200 700
180.169.147.146 - - [03/Oct/2022:09:09:54 +0800] "GET /xingrg/javascript/jquery_easy_ui/themes/icons/storage_new.png HTTP/1.1" 200 853
180.169.147.146 - - [03/Oct/2022:09:09:54 +0800] "GET /xingrg/javascript/jquery_easy_ui/themes/icons/forms_new.png HTTP/1.1" 200 350
180.169.147.146 - - [03/Oct/2022:09:09:54 +0800] "GET /xingrg/javascript/jquery_easy_ui/themes/icons/checkout_new.png HTTP/1.1" 200 744
180.169.147.146 - - [03/Oct/2022:09:09:54 +0800] "GET /xingrg/javascript/jquery_easy_ui/themes/icons/setting_new.png HTTP/1.1" 200 450
180.169.147.146 - - [03/Oct/2022:09:09:54 +0800] "GET /xingrg/javascript/jquery_easy_ui/themes/default/images/tree_folder.gif HTTP/1.1" 200 952
180.169.147.146 - - [03/Oct/2022:09:09:54 +0800] "GET /xingrg/javascript/jquery_easy_ui/themes/icons/systemset_new.png HTTP/1.1" 200 606
180.169.147.146 - - [03/Oct/2022:09:09:54 +0800] "GET /xingrg/javascript/jquery_easy_ui/themes/default/images/tree_file.gif HTTP/1.1" 200 118
180.169.147.146 - - [03/Oct/2022:09:09:55 +0800] "GET /xingrg/kc/report/report_main.html HTTP/1.1" 200 8599
180.169.147.146 - - [03/Oct/2022:09:09:55 +0800] "GET /xingrg/javascript/jquery_easy_ui/themes/default/images/tabs_close.gif HTTP/1.1" 200 829
180.169.147.146 - - [03/Oct/2022:09:09:55 +0800] "GET /xingrg/javascript/pic_change.js HTTP/1.1" 200 4739
180.169.147.146 - - [03/Oct/2022:09:09:55 +0800] "GET /xingrg/css/blue.css HTTP/1.1" 200 15949
180.169.147.146 - - [03/Oct/2022:09:09:55 +0800] "GET /xingrg/javascript/jquery_ui/themes/humanity/humanity.css HTTP/1.1" 200 27801
180.169.147.146 - - [03/Oct/2022:09:09:55 +0800] "GET /xingrg/javascript/json2.js HTTP/1.1" 200 11259
180.169.147.146 - - [03/Oct/2022:09:09:55 +0800] "GET /xingrg/javascript/myfunction.js HTTP/1.1" 200 24559
180.169.147.146 - - [03/Oct/2022:09:09:55 +0800] "GET /xingrg/javascript/jquery_easy_ui/themes/icons/back_new.png HTTP/1.1" 200 3414
222.70.183.206 - - [03/Oct/2022:09:09:55 +0800] "POST /xingrg/kc/buy/cgsh_order_operate.html HTTP/1.1" 200 37
180.169.147.146 - - [03/Oct/2022:09:09:56 +0800] "GET /xingrg/all/report/report_query.html?fileName=kc/buy/gys_amount_base_rest.xml HTTP/1.1" 200 51664
180.169.147.146 - - [03/Oct/2022:09:09:56 +0800] "GET /xingrg/javascript/multi_select/jqueryMultiSelect.css HTTP/1.1" 200 951
180.169.147.146 - - [03/Oct/2022:09:09:56 +0800] "GET /xingrg/javascript/calendar/timePicker.css HTTP/1.1" 200 523
180.169.147.146 - - [03/Oct/2022:09:09:56 +0800] "GET /xingrg/javascript/bigrid/fix.css HTTP/1.1" 200 1702
180.169.147.146 - - [03/Oct/2022:09:09:57 +0800] "GET /xingrg/dwr/interface/AjaxReportQueryService.js HTTP/1.1" 200 13203
180.169.147.146 - - [03/Oct/2022:09:09:57 +0800] "GET /xingrg/dwr/util.js HTTP/1.1" 200 35990
180.169.147.146 - - [03/Oct/2022:09:09:57 +0800] "GET /xingrg/javascript/calendar/jquery.timePicker.min.js HTTP/1.1" 200 2997
180.169.147.146 - - [03/Oct/2022:09:09:57 +0800] "GET /xingrg/javascript/bigrid/fix.js HTTP/1.1" 200 6439
180.169.147.146 - - [03/Oct/2022:09:09:57 +0800] "GET /xingrg/check_reg.html?_=1664759394586 HTTP/1.1" 200 22
180.169.147.146 - - [03/Oct/2022:09:09:57 +0800] "GET /xingrg/dwr/engine.js HTTP/1.1" 200 43631
180.169.147.146 - - [03/Oct/2022:09:09:57 +0800] "GET /xingrg/javascript/jqueryMultiSelect.js HTTP/1.1" 200 11866
180.169.147.146 - - [03/Oct/2022:09:09:57 +0800] "GET /xingrg/javascript/Calendar.js HTTP/1.1" 200 31561
180.169.147.146 - - [03/Oct/2022:09:09:57 +0800] "GET /xingrg/all/function/internal_message.html?_=1664759394592&CODE_STATE=getMsg HTTP/1.1" 200 27
180.169.147.146 - - [03/Oct/2022:09:09:57 +0800] "GET /xingrg/images/blue/button/advanceover.gif HTTP/1.1" 200 1347
180.169.147.146 - - [03/Oct/2022:09:09:57 +0800] "GET /xingrg/images/blue/button/advance2over.gif HTTP/1.1" 200 1336
180.169.147.146 - - [03/Oct/2022:09:09:57 +0800] "GET /xingrg/images/blue/button/backover.gif HTTP/1.1" 200 1348
180.169.147.146 - - [03/Oct/2022:09:09:57 +0800] "GET /xingrg/images/control/loading.gif HTTP/1.1" 200 13463
180.169.147.146 - - [03/Oct/2022:09:09:57 +0800] "GET /xingrg/images/blue/button/back2over.gif HTTP/1.1" 200 1335
180.169.147.146 - - [03/Oct/2022:09:09:57 +0800] "GET /xingrg/javascript/jquery_easy_ui/themes/icons/help.png HTTP/1.1" 200 1187
180.169.147.146 - - [03/Oct/2022:09:09:57 +0800] "GET /xingrg/javascript/jquery_easy_ui/themes/default/images/menu_downarrow.png HTTP/1.1" 200 173
180.169.147.146 - - [03/Oct/2022:09:09:57 +0800] "GET /xingrg/javascript/jquery_easy_ui/themes/default/images/button_a_bg.gif HTTP/1.1" 200 1194
180.169.147.146 - - [03/Oct/2022:09:09:57 +0800] "POST /xingrg/dwr/call/plaincall/AjaxReportQueryService.getFixDate.dwr HTTP/1.1" 200 111
180.169.147.146 - - [03/Oct/2022:09:09:57 +0800] "GET /xingrg/javascript/jquery_easy_ui/themes/default/images/menu.gif HTTP/1.1" 200 834
180.169.147.146 - - [03/Oct/2022:09:09:57 +0800] "GET /xingrg/javascript/jquery_easy_ui/themes/icons/print.png HTTP/1.1" 200 1057
180.169.147.146 - - [03/Oct/2022:09:09:57 +0800] "GET /xingrg/javascript/jquery_easy_ui/themes/icons/pencil.png HTTP/1.1" 200 713
180.169.147.146 - - [03/Oct/2022:09:09:57 +0800] "GET /xingrg/javascript/jquery_easy_ui/themes/default/images/menu_rightarrow.png HTTP/1.1" 200 3617
180.169.147.146 - - [03/Oct/2022:09:09:57 +0800] "GET /xingrg/javascript/jquery_easy_ui/themes/default/images/combo_arrow_dot.gif HTTP/1.1" 200 79
180.169.147.146 - - [03/Oct/2022:09:09:57 +0800] "POST /xingrg/all/common/load_tree.html?tree=area_rest_tree_json&manage=1 HTTP/1.1" 200 3472
116.230.105.139 - - [03/Oct/2022:09:09:57 +0800] "GET /xingrg/all/function/internal_message.html?_=1664759377844&CODE_STATE=getMsg HTTP/1.1" 200 27
180.169.147.146 - - [03/Oct/2022:09:09:57 +0800] "GET /xingrg/javascript/jquery_easy_ui/themes/default/images/tree_checkbox_0.gif HTTP/1.1" 200 168
180.169.147.146 - - [03/Oct/2022:09:09:57 +0800] "GET /xingrg/javascript/jquery_easy_ui/themes/icons/rest.png HTTP/1.1" 200 695
180.169.147.146 - - [03/Oct/2022:09:09:57 +0800] "POST /xingrg/all/common/load_tree.html?tree=supplier_tree_json&manage=1 HTTP/1.1" 200 70256
222.70.183.206 - - [03/Oct/2022:09:09:58 +0800] "POST /xingrg/kc/buy/cgsh_order_operate.html HTTP/1.1" 200 29305
180.169.147.146 - - [03/Oct/2022:09:09:59 +0800] "GET /xingrg/javascript/jquery_easy_ui/themes/icons/area.png HTTP/1.1" 200 262
180.169.147.146 - - [03/Oct/2022:09:09:59 +0800] "GET /xingrg/javascript/jquery_easy_ui/themes/icons/manage.png HTTP/1.1" 200 696
120.253.135.82 - - [03/Oct/2022:09:09:59 +0800] "GET /xingrg/all/function/internal_message.html?_=1664759514855&CODE_STATE=getMsg HTTP/1.1" 200 27
180.169.147.146 - - [03/Oct/2022:09:10:00 +0800] "GET /xingrg/all/function/internal_message.html?_=1664759406280&CODE_STATE=getMsg HTTP/1.1" 200 27
116.225.121.189 - - [03/Oct/2022:09:10:01 +0800] "GET /xingrg/javascript/jquery_easy_ui/themes/default/images/tabs_active.png HTTP/1.1" 304 -
116.225.121.189 - - [03/Oct/2022:09:10:04 +0800] "GET /xingrg/all/function/internal_message.html?_=1664759257634&CODE_STATE=getMsg HTTP/1.1" 200 27
222.70.183.206 - - [03/Oct/2022:09:10:05 +0800] "GET /xingrg/all/function/internal_message.html?_=1664759402578&CODE_STATE=getMsg HTTP/1.1" 200 27
116.225.121.189 - - [03/Oct/2022:09:10:05 +0800] "GET /xingrg/kc/buy/cgsh_order_operate.html?command=get_materiel&rest_code=00105&code=00101007072&supplier_code=00100002&order_time=2022-10-03 HTTP/1.1" 200 413
58.37.225.234 - - [03/Oct/2022:09:10:09 +0800] "GET /xingrg/check_reg.html?_=1664759061229 HTTP/1.1" 200 22
180.169.147.146 - - [03/Oct/2022:09:10:09 +0800] "GET /xingrg/javascript/jquery_easy_ui/themes/default/images/tree_checkbox_2.gif HTTP/1.1" 200 181
180.169.147.146 - - [03/Oct/2022:09:10:09 +0800] "GET /xingrg/javascript/jquery_easy_ui/themes/default/images/tree_checkbox_1.gif HTTP/1.1" 200 174
180.169.147.146 - - [03/Oct/2022:09:10:10 +0800] "POST /xingrg/dwr/call/plaincall/AjaxReportQueryService.refreshCache.dwr HTTP/1.1" 200 78
180.169.147.146 - - [03/Oct/2022:09:10:11 +0800] "POST /xingrg/all/report/load_report_page.html HTTP/1.1" 200 49648
180.169.147.146 - - [03/Oct/2022:09:10:12 +0800] "GET /xingrg/servlets/image?cache=0.24154857971953514&image=px HTTP/1.1" 200 807
120.253.135.82 - - [03/Oct/2022:09:10:14 +0800] "GET /xingrg/all/function/internal_message.html?_=1664759210752&CODE_STATE=getMsg HTTP/1.1" 200 27
124.79.246.218 - - [03/Oct/2022:09:10:15 +0800] "GET /xingrg/all/function/internal_message.html?_=1664759614437&CODE_STATE=getMsg HTTP/1.1" 200 27
116.224.255.128 - - [03/Oct/2022:09:10:18 +0800] "GET /xingrg/all/function/internal_message.html?_=1664759333003&CODE_STATE=getMsg HTTP/1.1" 200 27
116.224.255.128 - - [03/Oct/2022:09:10:25 +0800] "GET /xingrg/all/function/internal_message.html?_=1664759451121&CODE_STATE=getMsg HTTP/1.1" 200 27
124.78.158.230 - - [03/Oct/2022:09:10:31 +0800] "GET /xingrg/all/function/internal_message.html?_=1664759428394&CODE_STATE=getMsg HTTP/1.1" 200 27
222.70.183.206 - - [03/Oct/2022:09:10:33 +0800] "POST /xingrg/kc/buy/cgsh_order_operate.html HTTP/1.1" 200 37
116.225.121.189 - - [03/Oct/2022:09:10:33 +0800] "GET /xingrg/kc/buy/cgsh_order_operate.html?command=get_materiel&rest_code=00105&code=00101007048&supplier_code=00100002&order_time=2022-10-03 HTTP/1.1" 200 408
222.70.183.206 - - [03/Oct/2022:09:10:35 +0800] "POST /xingrg/kc/buy/cgsh_order_operate.html HTTP/1.1" 200 29305
222.70.183.206 - - [03/Oct/2022:09:10:37 +0800] "GET /xingrg/kc/print/load_config.html?kc_code=cgsh HTTP/1.1" 200 1943
222.70.183.206 - - [03/Oct/2022:09:10:37 +0800] "GET /xingrg/kc/print/load_data.html?order_code=212022100300760&kc_code=cgsh&condition= HTTP/1.1" 200 10811
180.169.147.146 - - [03/Oct/2022:09:10:43 +0800] "GET /xingrg/check_reg.html?_=1664759449495 HTTP/1.1" 200 22
172.20.0.100 - - [03/Oct/2022:09:10:45 +0800] "GET /xingrg/all/function/internal_message.html?_=1664759442456&CODE_STATE=getMsg HTTP/1.1" 200 27
180.169.147.146 - - [03/Oct/2022:09:10:50 +0800] "GET /xingrg/javascript/jquery_easy_ui/themes/default/images/button_plain_hover.png HTTP/1.1" 200 252
116.230.114.213 - - [03/Oct/2022:09:10:51 +0800] "GET /xingrg/all/function/internal_message.html?_=1664759450706&CODE_STATE=getMsg HTTP/1.1" 200 27
180.169.147.146 - - [03/Oct/2022:09:10:52 +0800] "POST /xingrg/all/report/report_print.html HTTP/1.1" 200 7168
180.169.147.146 - - [03/Oct/2022:09:10:54 +0800] "GET /xingrg/all/function/internal_message.html?_=1664759451838&CODE_STATE=getMsg HTTP/1.1" 200 27
180.169.147.146 - - [03/Oct/2022:09:10:57 +0800] "GET /xingrg/all/function/internal_message.html?_=1664759454576&CODE_STATE=getMsg HTTP/1.1" 200 27
116.225.121.189 - - [03/Oct/2022:09:10:57 +0800] "POST /xingrg/kc/buy/cgsh_order_operate.html HTTP/1.1" 200 37
116.230.105.139 - - [03/Oct/2022:09:10:57 +0800] "GET /xingrg/all/function/internal_message.html?_=1664759437855&CODE_STATE=getMsg HTTP/1.1" 200 27
116.225.121.189 - - [03/Oct/2022:09:10:59 +0800] "POST /xingrg/kc/buy/cgsh_order_operate.html HTTP/1.1" 200 3245
120.253.135.82 - - [03/Oct/2022:09:10:59 +0800] "GET /xingrg/all/function/internal_message.html?_=1664759574866&CODE_STATE=getMsg HTTP/1.1" 200 27
180.169.147.146 - - [03/Oct/2022:09:11:00 +0800] "GET /xingrg/all/function/internal_message.html?_=1664759466294&CODE_STATE=getMsg HTTP/1.1" 200 27
222.70.183.206 - - [03/Oct/2022:09:11:00 +0800] "GET /xingrg/kc/buy/cgsh_order_add.html HTTP/1.1" 200 68861
222.70.183.206 - - [03/Oct/2022:09:11:00 +0800] "POST /xingrg/kc/buy/cgsh_order_operate.html HTTP/1.1" 200 8245
222.70.183.206 - - [03/Oct/2022:09:11:00 +0800] "GET /xingrg/javascript/easyui/themes/default/validatebox.css HTTP/1.1" 404 1104
116.225.121.189 - - [03/Oct/2022:09:11:02 +0800] "GET /xingrg/kc/print/load_config.html?kc_code=cgsh HTTP/1.1" 200 1943
116.225.121.189 - - [03/Oct/2022:09:11:02 +0800] "GET /xingrg/kc/print/load_data.html?order_code=212022100300761&kc_code=cgsh&condition= HTTP/1.1" 200 961
116.225.121.189 - - [03/Oct/2022:09:11:04 +0800] "GET /xingrg/all/function/internal_message.html?_=1664759317640&CODE_STATE=getMsg HTTP/1.1" 200 27
222.70.183.206 - - [03/Oct/2022:09:11:05 +0800] "GET /xingrg/all/function/internal_message.html?_=1664759462615&CODE_STATE=getMsg HTTP/1.1" 200 27
222.70.183.206 - - [03/Oct/2022:09:11:12 +0800] "GET /xingrg/kc/buy/cgsh_order_operate.html?command=get_materiel&rest_code=00111&code=00101006111&supplier_code=00100012&order_time=2022-10-03 HTTP/1.1" 200 409
116.230.114.213 - - [03/Oct/2022:09:11:15 +0800] "POST /xingrg/services/DataTransmitService HTTP/1.1" 200 501
116.230.114.213 - - [03/Oct/2022:09:11:15 +0800] "POST /xingrg/services/DataTransmitService HTTP/1.1" 200 501
124.79.246.218 - - [03/Oct/2022:09:11:15 +0800] "GET /xingrg/all/function/internal_message.html?_=1664759674434&CODE_STATE=getMsg HTTP/1.1" 200 27
116.224.255.128 - - [03/Oct/2022:09:11:18 +0800] "GET /xingrg/all/function/internal_message.html?_=1664759393017&CODE_STATE=getMsg HTTP/1.1" 200 27
116.230.114.213 - - [03/Oct/2022:09:11:22 +0800] "POST /xingrg/services/DataTransmitService HTTP/1.1" 200 501
116.224.255.128 - - [03/Oct/2022:09:11:25 +0800] "GET /xingrg/all/function/internal_message.html?_=1664759511123&CODE_STATE=getMsg HTTP/1.1" 200 27
116.230.114.213 - - [03/Oct/2022:09:11:26 +0800] "POST /xingrg/services/DataTransmitService HTTP/1.1" 200 501
116.230.114.213 - - [03/Oct/2022:09:11:27 +0800] "POST /xingrg/services/DataTransmitService HTTP/1.1" 200 501
116.230.114.213 - - [03/Oct/2022:09:11:27 +0800] "POST /xingrg/services/DataTransmitService HTTP/1.1" 200 501
116.230.114.213 - - [03/Oct/2022:09:11:29 +0800] "POST /xingrg/services/DataTransmitService HTTP/1.1" 200 501
222.70.183.206 - - [03/Oct/2022:09:11:29 +0800] "GET /xingrg/kc/buy/cgsh_order_operate.html?command=get_materiel&rest_code=00111&code=00101006129&supplier_code=00100012&order_time=2022-10-03 HTTP/1.1" 200 433
116.230.114.213 - - [03/Oct/2022:09:11:29 +0800] "POST /xingrg/services/DataTransmitService HTTP/1.1" 200 501
116.230.114.213 - - [03/Oct/2022:09:11:29 +0800] "POST /xingrg/services/DataTransmitService HTTP/1.1" 200 501
116.230.114.213 - - [03/Oct/2022:09:11:30 +0800] "POST /xingrg/services/DataTransmitService HTTP/1.1" 200 412
124.78.158.230 - - [03/Oct/2022:09:11:31 +0800] "GET /xingrg/all/function/internal_message.html?_=1664759488394&CODE_STATE=getMsg HTTP/1.1" 200 27
222.70.183.206 - - [03/Oct/2022:09:11:41 +0800] "GET /xingrg/kc/buy/cgsh_order_operate.html?command=get_materiel&rest_code=00111&code=00101006178&supplier_code=00100012&order_time=2022-10-03 HTTP/1.1" 200 409
222.70.183.206 - - [03/Oct/2022:09:11:51 +0800] "GET /xingrg/kc/buy/cgsh_order_operate.html?command=get_materiel&rest_code=00111&code=00101016080&supplier_code=00100012&order_time=2022-10-03 HTTP/1.1" 200 408
116.230.114.213 - - [03/Oct/2022:09:11:52 +0800] "GET /xingrg/all/function/internal_message.html?_=1664759511429&CODE_STATE=getMsg HTTP/1.1" 200 27
180.169.147.146 - - [03/Oct/2022:09:11:54 +0800] "GET /xingrg/all/function/internal_message.html?_=1664759511832&CODE_STATE=getMsg HTTP/1.1" 200 27
116.225.121.189 - - [03/Oct/2022:09:11:55 +0800] "GET /xingrg/kc/buy/cgsh_order_add.html HTTP/1.1" 200 68987
116.225.121.189 - - [03/Oct/2022:09:11:55 +0800] "POST /xingrg/kc/buy/cgsh_order_operate.html HTTP/1.1" 200 8245
116.225.121.189 - - [03/Oct/2022:09:11:55 +0800] "GET /xingrg/javascript/easyui/themes/default/validatebox.css HTTP/1.1" 404 1104
180.169.147.146 - - [03/Oct/2022:09:11:57 +0800] "GET /xingrg/all/function/internal_message.html?_=1664759514581&CODE_STATE=getMsg HTTP/1.1" 200 27
116.230.105.139 - - [03/Oct/2022:09:11:57 +0800] "GET /xingrg/all/function/internal_message.html?_=1664759497851&CODE_STATE=getMsg HTTP/1.1" 200 27
120.253.135.82 - - [03/Oct/2022:09:11:58 +0800] "GET /xingrg/check_reg.html?_=1664759633767 HTTP/1.1" 200 22
120.253.135.82 - - [03/Oct/2022:09:11:59 +0800] "GET /xingrg/all/function/internal_message.html?_=1664759634878&CODE_STATE=getMsg HTTP/1.1" 200 27
180.169.147.146 - - [03/Oct/2022:09:12:00 +0800] "GET /xingrg/all/function/internal_message.html?_=1664759526308&CODE_STATE=getMsg HTTP/1.1" 200 27
116.225.121.189 - - [03/Oct/2022:09:12:04 +0800] "GET /xingrg/all/function/internal_message.html?_=1664759377630&CODE_STATE=getMsg HTTP/1.1" 200 27
222.70.183.206 - - [03/Oct/2022:09:12:04 +0800] "GET /xingrg/kc/buy/cgsh_order_operate.html?command=get_materiel&rest_code=00111&code=00101012010&supplier_code=00100012&order_time=2022-10-03 HTTP/1.1" 200 409
222.70.183.206 - - [03/Oct/2022:09:12:05 +0800] "GET /xingrg/all/function/internal_message.html?_=1664759522597&CODE_STATE=getMsg HTTP/1.1" 200 27
222.70.183.206 - - [03/Oct/2022:09:12:05 +0800] "GET /xingrg/check_reg.html?_=1664759522593 HTTP/1.1" 200 22
116.230.114.213 - - [03/Oct/2022:09:12:10 +0800] "POST /xingrg/services/DataTransmitService HTTP/1.1" 200 524
116.230.114.213 - - [03/Oct/2022:09:12:12 +0800] "POST /xingrg/services/DataTransmitService HTTP/1.1" 200 501
124.79.246.218 - - [03/Oct/2022:09:12:15 +0800] "GET /xingrg/all/function/internal_message.html?_=1664759734429&CODE_STATE=getMsg HTTP/1.1" 200 27
124.79.246.218 - - [03/Oct/2022:09:12:15 +0800] "GET /xingrg/check_reg.html?_=1664759734430 HTTP/1.1" 200 22
116.224.255.128 - - [03/Oct/2022:09:12:18 +0800] "GET /xingrg/all/function/internal_message.html?_=1664759453125&CODE_STATE=getMsg HTTP/1.1" 200 27
222.70.183.206 - - [03/Oct/2022:09:12:19 +0800] "GET /xingrg/kc/buy/cgsh_order_operate.html?command=get_materiel&rest_code=00111&code=00101006184&supplier_code=00100012&order_time=2022-10-03 HTTP/1.1" 200 408
116.230.114.213 - - [03/Oct/2022:09:12:21 +0800] "POST /xingrg/services/DataTransmitService HTTP/1.1" 200 524
116.224.255.128 - - [03/Oct/2022:09:12:25 +0800] "GET /xingrg/all/function/internal_message.html?_=1664759571125&CODE_STATE=getMsg HTTP/1.1" 200 27
116.225.121.189 - - [03/Oct/2022:09:12:29 +0800] "GET /xingrg/kc/buy/cgsh_order_operate.html?command=get_materiel&rest_code=00105&code=00101012033&supplier_code=00100034&order_time=2022-10-03 HTTP/1.1" 200 426
222.70.183.206 - - [03/Oct/2022:09:12:30 +0800] "GET /xingrg/kc/buy/cgsh_order_operate.html?command=get_materiel&rest_code=00111&code=00101006056&supplier_code=00100012&order_time=2022-10-03 HTTP/1.1" 200 413
124.78.158.230 - - [03/Oct/2022:09:12:31 +0800] "GET /xingrg/all/function/internal_message.html?_=1664759548396&CODE_STATE=getMsg HTTP/1.1" 200 27
222.70.183.206 - - [03/Oct/2022:09:12:40 +0800] "POST /xingrg/kc/buy/cgsh_order_operate.html HTTP/1.1" 200 37
222.70.183.206 - - [03/Oct/2022:09:12:42 +0800] "POST /xingrg/kc/buy/cgsh_order_operate.html HTTP/1.1" 200 6214
222.70.183.206 - - [03/Oct/2022:09:12:43 +0800] "GET /xingrg/kc/print/load_data.html?order_code=212022100300762&kc_code=cgsh&condition= HTTP/1.1" 200 2116
116.225.121.189 - - [03/Oct/2022:09:12:48 +0800] "GET /xingrg/kc/buy/cgsh_order_operate.html?command=get_materiel&rest_code=00105&code=00101016030&supplier_code=00100034&order_time=2022-10-03 HTTP/1.1" 200 412
222.70.183.206 - - [03/Oct/2022:09:12:49 +0800] "GET /xingrg/kc/buy/cgsh_order_add.html HTTP/1.1" 200 68861
222.70.183.206 - - [03/Oct/2022:09:12:49 +0800] "POST /xingrg/kc/buy/cgsh_order_operate.html HTTP/1.1" 200 8245
222.70.183.206 - - [03/Oct/2022:09:12:49 +0800] "GET /xingrg/javascript/easyui/themes/default/validatebox.css HTTP/1.1" 404 1104
116.230.114.213 - - [03/Oct/2022:09:12:52 +0800] "GET /xingrg/all/function/internal_message.html?_=1664759571435&CODE_STATE=getMsg HTTP/1.1" 200 27
180.169.147.146 - - [03/Oct/2022:09:12:54 +0800] "GET /xingrg/all/function/internal_message.html?_=1664759571850&CODE_STATE=getMsg HTTP/1.1" 200 27
222.64.59.102 - - [03/Oct/2022:09:12:54 +0800] "POST /xingrg/services/DataTransmitService HTTP/1.1" 200 524
222.64.59.102 - - [03/Oct/2022:09:12:55 +0800] "POST /xingrg/services/DataTransmitService HTTP/1.1" 200 412
180.169.147.146 - - [03/Oct/2022:09:12:57 +0800] "GET /xingrg/all/function/internal_message.html?_=1664759574586&CODE_STATE=getMsg HTTP/1.1" 200 27
116.230.105.139 - - [03/Oct/2022:09:12:57 +0800] "GET /xingrg/check_reg.html?_=1664759557842 HTTP/1.1" 200 22
116.230.105.139 - - [03/Oct/2022:09:12:57 +0800] "GET /xingrg/all/function/internal_message.html?_=1664759557844&CODE_STATE=getMsg HTTP/1.1" 200 27
120.253.135.82 - - [03/Oct/2022:09:12:59 +0800] "GET /xingrg/all/function/internal_message.html?_=1664759694893&CODE_STATE=getMsg HTTP/1.1" 200 27
180.169.147.146 - - [03/Oct/2022:09:13:00 +0800] "GET /xingrg/all/function/internal_message.html?_=1664759586330&CODE_STATE=getMsg HTTP/1.1" 200 27
116.225.121.189 - - [03/Oct/2022:09:13:02 +0800] "POST /xingrg/kc/buy/cgsh_order_operate.html HTTP/1.1" 200 37
222.70.183.206 - - [03/Oct/2022:09:13:02 +0800] "GET /xingrg/kc/buy/cgsh_order_operate.html?command=get_materiel&rest_code=00111&code=00101002027&supplier_code=00100199&order_time=2022-10-03 HTTP/1.1" 200 415
116.225.121.189 - - [03/Oct/2022:09:13:04 +0800] "GET /xingrg/all/function/internal_message.html?_=1664759437619&CODE_STATE=getMsg HTTP/1.1" 200 27
116.225.121.189 - - [03/Oct/2022:09:13:04 +0800] "POST /xingrg/kc/buy/cgsh_order_operate.html HTTP/1.1" 200 3255
222.70.183.206 - - [03/Oct/2022:09:13:05 +0800] "GET /xingrg/all/function/internal_message.html?_=1664759582581&CODE_STATE=getMsg HTTP/1.1" 200 27
116.225.121.189 - - [03/Oct/2022:09:13:07 +0800] "GET /xingrg/kc/print/load_data.html?order_code=212022100300763&kc_code=cgsh&condition= HTTP/1.1" 200 940
116.230.114.213 - - [03/Oct/2022:09:13:08 +0800] "POST /xingrg/services/DataTransmitService HTTP/1.1" 200 501
116.230.114.213 - - [03/Oct/2022:09:13:08 +0800] "POST /xingrg/services/DataTransmitService HTTP/1.1" 200 501
116.230.114.213 - - [03/Oct/2022:09:13:10 +0800] "POST /xingrg/services/DataTransmitService HTTP/1.1" 200 501
116.230.114.213 - - [03/Oct/2022:09:13:13 +0800] "POST /xingrg/services/DataTransmitService HTTP/1.1" 200 501
116.230.114.213 - - [03/Oct/2022:09:13:13 +0800] "POST /xingrg/services/DataTransmitService HTTP/1.1" 200 501
116.230.114.213 - - [03/Oct/2022:09:13:14 +0800] "POST /xingrg/services/DataTransmitService HTTP/1.1" 200 501
222.70.183.206 - - [03/Oct/2022:09:13:14 +0800] "GET /xingrg/kc/buy/cgsh_order_operate.html?command=get_materiel&rest_code=00111&code=00101002006&supplier_code=00100199&order_time=2022-10-03 HTTP/1.1" 200 414
116.230.114.213 - - [03/Oct/2022:09:13:15 +0800] "POST /xingrg/services/DataTransmitService HTTP/1.1" 200 501
116.230.114.213 - - [03/Oct/2022:09:13:15 +0800] "POST /xingrg/services/DataTransmitService HTTP/1.1" 200 501
116.230.114.213 - - [03/Oct/2022:09:13:15 +0800] "POST /xingrg/services/DataTransmitService HTTP/1.1" 200 501
124.79.246.218 - - [03/Oct/2022:09:13:15 +0800] "GET /xingrg/all/function/internal_message.html?_=1664759794428&CODE_STATE=getMsg HTTP/1.1" 200 27
116.230.114.213 - - [03/Oct/2022:09:13:16 +0800] "GET /xingrg/check_reg.html?_=1664759594728 HTTP/1.1" 302 -
116.230.114.213 - - [03/Oct/2022:09:13:17 +0800] "POST /xingrg/services/DataTransmitService HTTP/1.1" 200 412
116.224.255.128 - - [03/Oct/2022:09:13:18 +0800] "GET /xingrg/all/function/internal_message.html?_=1664759513235&CODE_STATE=getMsg HTTP/1.1" 200 27
116.224.255.128 - - [03/Oct/2022:09:13:25 +0800] "GET /xingrg/all/function/internal_message.html?_=1664759631130&CODE_STATE=getMsg HTTP/1.1" 200 27
116.225.121.189 - - [03/Oct/2022:09:13:31 +0800] "GET /xingrg/kc/buy/cgsh_order_add.html HTTP/1.1" 200 68987
116.225.121.189 - - [03/Oct/2022:09:13:31 +0800] "POST /xingrg/kc/buy/cgsh_order_operate.html HTTP/1.1" 200 8245
116.225.121.189 - - [03/Oct/2022:09:13:31 +0800] "GET /xingrg/javascript/easyui/themes/default/validatebox.css HTTP/1.1" 404 1104
124.78.158.230 - - [03/Oct/2022:09:13:31 +0800] "GET /xingrg/all/function/internal_message.html?_=1664759608399&CODE_STATE=getMsg HTTP/1.1" 200 27
124.78.158.230 - - [03/Oct/2022:09:13:31 +0800] "GET /xingrg/check_reg.html?_=1664759608396 HTTP/1.1" 200 22
222.70.183.206 - - [03/Oct/2022:09:13:42 +0800] "POST /xingrg/kc/buy/cgsh_order_operate.html HTTP/1.1" 200 37
222.70.183.206 - - [03/Oct/2022:09:13:49 +0800] "POST /xingrg/kc/buy/cgsh_order_operate.html HTTP/1.1" 200 3259
222.70.183.206 - - [03/Oct/2022:09:13:51 +0800] "GET /xingrg/kc/print/load_data.html?order_code=212022100300764&kc_code=cgsh&condition= HTTP/1.1" 200 907
116.230.114.213 - - [03/Oct/2022:09:13:53 +0800] "GET /xingrg/all/function/internal_message.html?_=1664759632136&CODE_STATE=getMsg HTTP/1.1" 200 27
180.169.147.146 - - [03/Oct/2022:09:13:54 +0800] "GET /xingrg/all/function/internal_message.html?_=1664759631847&CODE_STATE=getMsg HTTP/1.1" 200 27
180.169.147.146 - - [03/Oct/2022:09:13:57 +0800] "GET /xingrg/all/function/internal_message.html?_=1664759634576&CODE_STATE=getMsg HTTP/1.1" 200 27
222.70.183.206 - - [03/Oct/2022:09:13:57 +0800] "GET /xingrg/kc/buy/cgsh_order_add.html HTTP/1.1" 200 68861
116.230.105.139 - - [03/Oct/2022:09:13:57 +0800] "GET /xingrg/all/function/internal_message.html?_=1664759617852&CODE_STATE=getMsg HTTP/1.1" 200 27
222.70.183.206 - - [03/Oct/2022:09:13:57 +0800] "POST /xingrg/kc/buy/cgsh_order_operate.html HTTP/1.1" 200 8245
222.70.183.206 - - [03/Oct/2022:09:13:57 +0800] "GET /xingrg/javascript/easyui/themes/default/validatebox.css HTTP/1.1" 404 1104
120.253.135.82 - - [03/Oct/2022:09:13:59 +0800] "GET /xingrg/all/function/internal_message.html?_=1664759754904&CODE_STATE=getMsg HTTP/1.1" 200 27
180.169.147.146 - - [03/Oct/2022:09:14:00 +0800] "GET /xingrg/all/function/internal_message.html?_=1664759646335&CODE_STATE=getMsg HTTP/1.1" 200 27
116.225.121.189 - - [03/Oct/2022:09:14:04 +0800] "GET /xingrg/all/function/internal_message.html?_=1664759497643&CODE_STATE=getMsg HTTP/1.1" 200 27
116.225.121.189 - - [03/Oct/2022:09:14:04 +0800] "GET /xingrg/check_reg.html?_=1664759497647 HTTP/1.1" 200 22
222.70.183.206 - - [03/Oct/2022:09:14:05 +0800] "GET /xingrg/all/function/internal_message.html?_=1664759642590&CODE_STATE=getMsg HTTP/1.1" 200 27
222.70.183.206 - - [03/Oct/2022:09:14:11 +0800] "GET /xingrg/kc/buy/cgsh_order_operate.html?command=get_materiel&rest_code=00111&code=00101007059&supplier_code=00100004&order_time=2022-10-03 HTTP/1.1" 200 409
124.79.246.218 - - [03/Oct/2022:09:14:15 +0800] "GET /xingrg/all/function/internal_message.html?_=1664759854468&CODE_STATE=getMsg HTTP/1.1" 200 27
116.224.255.128 - - [03/Oct/2022:09:14:18 +0800] "GET /xingrg/check_reg.html?_=1664759572996 HTTP/1.1" 200 22
116.224.255.128 - - [03/Oct/2022:09:14:18 +0800] "GET /xingrg/all/function/internal_message.html?_=1664759573245&CODE_STATE=getMsg HTTP/1.1" 200 27
116.225.121.189 - - [03/Oct/2022:09:14:21 +0800] "GET /xingrg/kc/buy/cgsh_order_operate.html?command=get_materiel&rest_code=00105&code=00101013196&supplier_code=00100151&order_time=2022-10-03 HTTP/1.1" 200 409
222.70.183.206 - - [03/Oct/2022:09:14:23 +0800] "GET /xingrg/kc/buy/cgsh_order_operate.html?command=get_materiel&rest_code=00111&code=00101007085&supplier_code=00100004&order_time=2022-10-03 HTTP/1.1" 200 432
116.224.255.128 - - [03/Oct/2022:09:14:25 +0800] "GET /xingrg/all/function/internal_message.html?_=1664759691131&CODE_STATE=getMsg HTTP/1.1" 200 27
116.224.255.128 - - [03/Oct/2022:09:14:25 +0800] "GET /xingrg/check_reg.html?_=1664759691133 HTTP/1.1" 200 22
124.78.158.230 - - [03/Oct/2022:09:14:31 +0800] "GET /xingrg/all/function/internal_message.html?_=1664759668411&CODE_STATE=getMsg HTTP/1.1" 200 27
222.70.183.206 - - [03/Oct/2022:09:14:34 +0800] "POST /xingrg/kc/buy/cgsh_order_operate.html HTTP/1.1" 200 37
116.230.114.213 - - [03/Oct/2022:09:14:35 +0800] "GET /xingrg/check_reg.html?_=1664759674479 HTTP/1.1" 200 22
222.70.183.206 - - [03/Oct/2022:09:14:35 +0800] "POST /xingrg/kc/buy/cgsh_order_operate.html HTTP/1.1" 200 3246
222.70.183.206 - - [03/Oct/2022:09:14:38 +0800] "GET /xingrg/kc/print/load_data.html?order_code=212022100300765&kc_code=cgsh&condition= HTTP/1.1" 200 949
116.230.114.213 - - [03/Oct/2022:09:14:53 +0800] "GET /xingrg/all/function/internal_message.html?_=1664759692149&CODE_STATE=getMsg HTTP/1.1" 200 27
180.169.147.146 - - [03/Oct/2022:09:14:54 +0800] "GET /xingrg/check_reg.html?_=1664759691850 HTTP/1.1" 200 22
180.169.147.146 - - [03/Oct/2022:09:14:54 +0800] "GET /xingrg/all/function/internal_message.html?_=1664759691851&CODE_STATE=getMsg HTTP/1.1" 200 27
180.169.147.146 - - [03/Oct/2022:09:14:57 +0800] "GET /xingrg/all/function/internal_message.html?_=1664759694576&CODE_STATE=getMsg HTTP/1.1" 200 27
180.169.147.146 - - [03/Oct/2022:09:14:57 +0800] "GET /xingrg/check_reg.html?_=1664759694583 HTTP/1.1" 200 22
116.230.105.139 - - [03/Oct/2022:09:14:57 +0800] "GET /xingrg/all/function/internal_message.html?_=1664759677843&CODE_STATE=getMsg HTTP/1.1" 200 27
120.253.135.82 - - [03/Oct/2022:09:15:00 +0800] "GET /xingrg/all/function/internal_message.html?_=1664759815122&CODE_STATE=getMsg HTTP/1.1" 200 27
180.169.147.146 - - [03/Oct/2022:09:15:00 +0800] "GET /xingrg/all/function/internal_message.html?_=1664759706358&CODE_STATE=getMsg HTTP/1.1" 200 27
116.225.121.189 - - [03/Oct/2022:09:15:04 +0800] "GET /xingrg/all/function/internal_message.html?_=1664759557633&CODE_STATE=getMsg HTTP/1.1" 200 27
222.70.183.206 - - [03/Oct/2022:09:15:05 +0800] "GET /xingrg/all/function/internal_message.html?_=1664759702590&CODE_STATE=getMsg HTTP/1.1" 200 27
58.37.225.234 - - [03/Oct/2022:09:15:09 +0800] "GET /xingrg/check_reg.html?_=1664759361204 HTTP/1.1" 200 22
124.79.246.218 - - [03/Oct/2022:09:15:15 +0800] "GET /xingrg/all/function/internal_message.html?_=1664759914466&CODE_STATE=getMsg HTTP/1.1" 200 27
116.224.255.128 - - [03/Oct/2022:09:15:18 +0800] "GET /xingrg/all/function/internal_message.html?_=1664759633373&CODE_STATE=getMsg HTTP/1.1" 200 27
116.224.255.128 - - [03/Oct/2022:09:15:25 +0800] "GET /xingrg/all/function/internal_message.html?_=1664759751132&CODE_STATE=getMsg HTTP/1.1" 200 27
124.78.158.230 - - [03/Oct/2022:09:15:31 +0800] "GET /xingrg/all/function/internal_message.html?_=1664759728412&CODE_STATE=getMsg HTTP/1.1" 200 27
180.169.147.146 - - [03/Oct/2022:09:15:43 +0800] "GET /xingrg/check_reg.html?_=1664759749503 HTTP/1.1" 200 22
116.230.114.213 - - [03/Oct/2022:09:15:53 +0800] "GET /xingrg/all/function/internal_message.html?_=1664759752163&CODE_STATE=getMsg HTTP/1.1" 200 27
180.169.147.146 - - [03/Oct/2022:09:15:54 +0800] "GET /xingrg/all/function/internal_message.html?_=1664759751848&CODE_STATE=getMsg HTTP/1.1" 200 27
180.169.147.146 - - [03/Oct/2022:09:15:57 +0800] "GET /xingrg/all/function/internal_message.html?_=1664759754583&CODE_STATE=getMsg HTTP/1.1" 200 27
116.230.105.139 - - [03/Oct/2022:09:15:57 +0800] "GET /xingrg/all/function/internal_message.html?_=1664759737858&CODE_STATE=getMsg HTTP/1.1" 200 27
120.253.135.82 - - [03/Oct/2022:09:16:00 +0800] "GET /xingrg/all/function/internal_message.html?_=1664759875136&CODE_STATE=getMsg HTTP/1.1" 200 27
180.169.147.146 - - [03/Oct/2022:09:16:00 +0800] "GET /xingrg/all/function/internal_message.html?_=1664759766362&CODE_STATE=getMsg HTTP/1.1" 200 27
116.225.121.189 - - [03/Oct/2022:09:16:04 +0800] "GET /xingrg/all/function/internal_message.html?_=1664759617638&CODE_STATE=getMsg HTTP/1.1" 200 27
222.70.183.206 - - [03/Oct/2022:09:16:05 +0800] "GET /xingrg/all/function/internal_message.html?_=1664759762591&CODE_STATE=getMsg HTTP/1.1" 200 27
116.225.121.189 - - [03/Oct/2022:09:16:08 +0800] "POST /xingrg/kc/buy/cgsh_order_operate.html HTTP/1.1" 200 37
116.225.121.189 - - [03/Oct/2022:09:16:10 +0800] "POST /xingrg/kc/buy/cgsh_order_operate.html HTTP/1.1" 200 2654
116.230.114.213 - - [03/Oct/2022:09:16:13 +0800] "GET /xingrg/javascript/print/kc_print.js HTTP/1.1" 304 -
116.230.114.213 - - [03/Oct/2022:09:16:13 +0800] "GET /xingrg/kc/buy/cgsh_order_add.html HTTP/1.1" 200 68867
116.230.114.213 - - [03/Oct/2022:09:16:13 +0800] "GET /xingrg/javascript/pic_change.js HTTP/1.1" 304 -
116.230.114.213 - - [03/Oct/2022:09:16:13 +0800] "GET /xingrg/javascript/convert.js HTTP/1.1" 304 -
116.230.114.213 - - [03/Oct/2022:09:16:13 +0800] "GET /xingrg/javascript/json2.js HTTP/1.1" 304 -
116.230.114.213 - - [03/Oct/2022:09:16:13 +0800] "GET /xingrg/javascript/jquery_tools/order_manager.js HTTP/1.1" 304 -
116.230.114.213 - - [03/Oct/2022:09:16:13 +0800] "GET /xingrg/words/20221001163054_words.js HTTP/1.1" 304 -
116.230.114.213 - - [03/Oct/2022:09:16:13 +0800] "POST /xingrg/kc/buy/cgsh_order_operate.html HTTP/1.1" 200 8245
116.230.114.213 - - [03/Oct/2022:09:16:13 +0800] "GET /xingrg/all/common/auto_word.html?type=employee&rest_code=00146 HTTP/1.1" 200 101
116.230.114.213 - - [03/Oct/2022:09:16:13 +0800] "GET /xingrg/all/common/auto_word.html?type=employee&rest_code=00146 HTTP/1.1" 200 101
116.230.114.213 - - [03/Oct/2022:09:16:13 +0800] "GET /xingrg/javascript/easyui/themes/default/validatebox.css HTTP/1.1" 404 1104
116.230.114.213 - - [03/Oct/2022:09:16:13 +0800] "GET /xingrg/javascript/easyui/plugins/jquery.validatebox.js HTTP/1.1" 304 -
116.230.114.213 - - [03/Oct/2022:09:16:13 +0800] "GET /xingrg/javascript/easyui/plugins/jquery.numberbox.js HTTP/1.1" 304 -
124.79.246.218 - - [03/Oct/2022:09:16:15 +0800] "GET /xingrg/all/function/internal_message.html?_=1664759974464&CODE_STATE=getMsg HTTP/1.1" 200 27
116.225.121.189 - - [03/Oct/2022:09:16:16 +0800] "GET /xingrg/kc/print/load_data.html?order_code=212022100300766&kc_code=cgsh&condition= HTTP/1.1" 200 646
116.224.255.128 - - [03/Oct/2022:09:16:19 +0800] "GET /xingrg/all/function/internal_message.html?_=1664759693384&CODE_STATE=getMsg HTTP/1.1" 200 27
116.224.255.128 - - [03/Oct/2022:09:16:23 +0800] "POST /xingrg/all/user/operate.html HTTP/1.1" 200 36
116.224.255.128 - - [03/Oct/2022:09:16:24 +0800] "GET /xingrg/index.html?sysBaseUrl=http%3A%2F%2F180.169.147.146%3A18081%2Fxingrg%2F&costTime=43×tamp=1664758081426 HTTP/1.1" 200 17179
116.224.255.128 - - [03/Oct/2022:09:16:24 +0800] "GET /xingrg/javascript/jquery_easy_ui/themes/default/easyui.css HTTP/1.1" 304 -
116.224.255.128 - - [03/Oct/2022:09:16:24 +0800] "GET /xingrg/javascript/jquery_easy_ui/themes/icon.css HTTP/1.1" 304 -
116.224.255.128 - - [03/Oct/2022:09:16:24 +0800] "GET /xingrg/css/form.css HTTP/1.1" 304 -
116.224.255.128 - - [03/Oct/2022:09:16:24 +0800] "GET /xingrg/javascript/jquery-1.4.2.min.js HTTP/1.1" 304 -
116.224.255.128 - - [03/Oct/2022:09:16:24 +0800] "GET /xingrg/javascript/jquery_easy_ui/jquery.easyui.min.js HTTP/1.1" 304 -
116.224.255.128 - - [03/Oct/2022:09:16:24 +0800] "GET /xingrg/javascript/jquery_easy_ui/easyui-lang-zh_CN.js HTTP/1.1" 304 -
116.224.255.128 - - [03/Oct/2022:09:16:24 +0800] "GET /xingrg/javascript/jquery.form.js HTTP/1.1" 304 -
116.224.255.128 - - [03/Oct/2022:09:16:24 +0800] "GET /xingrg/javascript/jquery.utils.js HTTP/1.1" 304 -
116.224.255.128 - - [03/Oct/2022:09:16:24 +0800] "GET /xingrg/javascript/jquery.timers.js HTTP/1.1" 304 -
116.224.255.128 - - [03/Oct/2022:09:16:24 +0800] "GET /xingrg/images/blue/jxLogo.png HTTP/1.1" 304 -
116.224.255.128 - - [03/Oct/2022:09:16:24 +0800] "GET /xingrg/images/blue/navBackgound.jpg HTTP/1.1" 304 -
116.224.255.128 - - [03/Oct/2022:09:16:24 +0800] "GET /xingrg/javascript/jquery_easy_ui/themes/icons/settle_new.png HTTP/1.1" 304 -
116.224.255.128 - - [03/Oct/2022:09:16:24 +0800] "POST /xingrg/all/common/load_tree.html?tree=area_rest_tree_json&manage=1 HTTP/1.1" 200 476
116.224.255.128 - - [03/Oct/2022:09:16:24 +0800] "GET /xingrg/images/blue/pingpu.png HTTP/1.1" 304 -
116.224.255.128 - - [03/Oct/2022:09:16:24 +0800] "GET /xingrg/javascript/jquery_easy_ui/themes/default/images/tabs_rightarrow.png HTTP/1.1" 304 -
116.224.255.128 - - [03/Oct/2022:09:16:24 +0800] "GET /xingrg/javascript/jquery_easy_ui/themes/default/images/tabs_leftarrow.png HTTP/1.1" 304 -
116.224.255.128 - - [03/Oct/2022:09:16:24 +0800] "GET /xingrg/javascript/jquery_easy_ui/themes/default/images/panel_tool_collapse.gif HTTP/1.1" 304 -
116.224.255.128 - - [03/Oct/2022:09:16:24 +0800] "GET /xingrg/all/function/internal_message.html?_=1664759698754&CODE_STATE=count HTTP/1.1" 200 11
116.224.255.128 - - [03/Oct/2022:09:16:24 +0800] "GET /xingrg/check_reg.html?_=1664759698755 HTTP/1.1" 200 22
116.224.255.128 - - [03/Oct/2022:09:16:24 +0800] "POST /xingrg/load_menu.html HTTP/1.1" 200 5138
116.224.255.128 - - [03/Oct/2022:09:16:25 +0800] "GET /xingrg/all/function/internal_message.html?_=1664759811133&CODE_STATE=getMsg HTTP/1.1" 200 27
116.224.255.128 - - [03/Oct/2022:09:16:26 +0800] "GET /xingrg/kc/buy/cgsh_order_list.html HTTP/1.1" 200 53129
116.224.255.128 - - [03/Oct/2022:09:16:29 +0800] "POST /xingrg/kc/buy/cgsh_list_operate.html HTTP/1.1" 200 1887
222.70.183.206 - - [03/Oct/2022:09:16:29 +0800] "GET /xingrg/kc/buy/cgsh_order_add.html HTTP/1.1" 200 68861
222.70.183.206 - - [03/Oct/2022:09:16:29 +0800] "POST /xingrg/kc/buy/cgsh_order_operate.html HTTP/1.1" 200 8245
222.70.183.206 - - [03/Oct/2022:09:16:29 +0800] "GET /xingrg/javascript/easyui/themes/default/validatebox.css HTTP/1.1" 404 1104
116.224.255.128 - - [03/Oct/2022:09:16:30 +0800] "POST /xingrg/kc/buy/cgsh_list_operate.html HTTP/1.1" 200 569
116.224.255.128 - - [03/Oct/2022:09:16:31 +0800] "GET /xingrg/kc/buy/cgsh_order_info.html?code=212022100300750 HTTP/1.1" 200 68926
124.78.158.230 - - [03/Oct/2022:09:16:31 +0800] "GET /xingrg/all/function/internal_message.html?_=1664759788413&CODE_STATE=getMsg HTTP/1.1" 200 27
116.224.255.128 - - [03/Oct/2022:09:16:32 +0800] "GET /xingrg/javascript/easyui/themes/default/validatebox.css HTTP/1.1" 404 1104
116.224.255.128 - - [03/Oct/2022:09:16:32 +0800] "POST /xingrg/kc/buy/cgsh_order_operate.html HTTP/1.1" 200 34636
222.70.183.206 - - [03/Oct/2022:09:16:41 +0800] "GET /xingrg/kc/buy/cgsh_order_operate.html?command=get_materiel&rest_code=00111&code=00101001111&supplier_code=00100042&order_time=2022-10-03 HTTP/1.1" 200 409
116.230.114.213 - - [03/Oct/2022:09:16:49 +0800] "GET /xingrg/kc/buy/cgsh_order_operate.html?command=get_materiel&rest_code=00146&code=00101008072&supplier_code=00100005&order_time=2022-10-03 HTTP/1.1" 200 408
116.225.121.189 - - [03/Oct/2022:09:16:50 +0800] "GET /xingrg/kc/buy/cgsh_order_add.html HTTP/1.1" 200 68987
116.225.121.189 - - [03/Oct/2022:09:16:51 +0800] "POST /xingrg/kc/buy/cgsh_order_operate.html HTTP/1.1" 200 8245
116.225.121.189 - - [03/Oct/2022:09:16:51 +0800] "GET /xingrg/javascript/easyui/themes/default/validatebox.css HTTP/1.1" 404 1104
116.230.114.213 - - [03/Oct/2022:09:16:53 +0800] "GET /xingrg/all/function/internal_message.html?_=1664759812329&CODE_STATE=getMsg HTTP/1.1" 200 27
180.169.147.146 - - [03/Oct/2022:09:16:54 +0800] "GET /xingrg/all/function/internal_message.html?_=1664759811846&CODE_STATE=getMsg HTTP/1.1" 200 27
180.169.147.146 - - [03/Oct/2022:09:16:57 +0800] "GET /xingrg/all/function/internal_message.html?_=1664759814610&CODE_STATE=getMsg HTTP/1.1" 200 27
116.230.105.139 - - [03/Oct/2022:09:16:57 +0800] "GET /xingrg/all/function/internal_message.html?_=1664759797853&CODE_STATE=getMsg HTTP/1.1" 200 27
