120.253.135.82 - - [03/Oct/2022:08:41:00 +0800] "GET /xingrg/kc/pszx/mdps_order_operate.html?command=get_materiel&pszx_code=00101&rest_code=00147&base_code=0010250&code=00101017003 HTTP/1.1" 200 448
124.78.158.230 - - [03/Oct/2022:08:41:05 +0800] "GET /xingrg/kc/buy/cgsh_order_operate.html?command=get_materiel&rest_code=00106&code=00101008354&supplier_code=00100007&order_time=2022-10-03 HTTP/1.1" 200 412
116.224.255.128 - - [03/Oct/2022:08:41:06 +0800] "GET /xingrg/kc/buy/cgsh_order_operate.html?command=get_materiel&rest_code=00150&code=00101008112&supplier_code=00100008&order_time=2022-10-03 HTTP/1.1" 200 412
120.253.135.82 - - [03/Oct/2022:08:41:08 +0800] "POST /xingrg/kc/pszx/mdps_order_operate.html HTTP/1.1" 200 37
120.253.135.82 - - [03/Oct/2022:08:41:09 +0800] "GET /xingrg/kc/pszx/mdps_order_info.html?code=312022100300081 HTTP/1.1" 200 23976
120.253.135.82 - - [03/Oct/2022:08:41:09 +0800] "GET /xingrg/javascript/easyui/themes/default/validatebox.css HTTP/1.1" 404 1104
120.253.135.82 - - [03/Oct/2022:08:41:09 +0800] "POST /xingrg/kc/pszx/mdps_order_operate.html HTTP/1.1" 200 5852
120.253.135.82 - - [03/Oct/2022:08:41:11 +0800] "POST /xingrg/kc/pszx/mdps_list_operate.html HTTP/1.1" 200 5454
124.78.158.230 - - [03/Oct/2022:08:41:12 +0800] "GET /xingrg/kc/buy/cgsh_order_operate.html?command=get_materiel&rest_code=00106&code=00101008026&supplier_code=00100007&order_time=2022-10-03 HTTP/1.1" 200 409
120.253.135.82 - - [03/Oct/2022:08:41:14 +0800] "GET /xingrg/all/function/internal_message.html?_=1664757470242&CODE_STATE=getMsg HTTP/1.1" 200 27
120.253.135.82 - - [03/Oct/2022:08:41:17 +0800] "POST /xingrg/kc/pszx/mdps_list_operate.html HTTP/1.1" 200 5315
116.224.255.128 - - [03/Oct/2022:08:41:17 +0800] "GET /xingrg/kc/buy/cgsh_order_operate.html?command=get_materiel&rest_code=00150&code=00101008125&supplier_code=00100008&order_time=2022-10-03 HTTP/1.1" 200 413
120.253.135.82 - - [03/Oct/2022:08:41:18 +0800] "POST /xingrg/kc/pszx/mdps_list_operate.html HTTP/1.1" 200 212
120.253.135.82 - - [03/Oct/2022:08:41:18 +0800] "GET /xingrg/kc/pszx/mdps_order_info.html?code=312022100300079 HTTP/1.1" 200 23976
120.253.135.82 - - [03/Oct/2022:08:41:19 +0800] "GET /xingrg/javascript/easyui/themes/default/validatebox.css HTTP/1.1" 404 1104
120.253.135.82 - - [03/Oct/2022:08:41:19 +0800] "POST /xingrg/kc/pszx/mdps_order_operate.html HTTP/1.1" 200 2298
120.253.135.82 - - [03/Oct/2022:08:41:22 +0800] "POST /xingrg/kc/pszx/mdps_order_operate.html HTTP/1.1" 200 12
120.253.135.82 - - [03/Oct/2022:08:41:23 +0800] "POST /xingrg/kc/pszx/mdps_list_operate.html HTTP/1.1" 200 5316
116.224.255.128 - - [03/Oct/2022:08:41:25 +0800] "GET /xingrg/all/function/internal_message.html?_=1664757711120&CODE_STATE=getMsg HTTP/1.1" 200 27
116.224.255.128 - - [03/Oct/2022:08:41:25 +0800] "GET /xingrg/kc/buy/cgsh_order_operate.html?command=get_materiel&rest_code=00150&code=00101008004&supplier_code=00100008&order_time=2022-10-03 HTTP/1.1" 200 416
120.253.135.82 - - [03/Oct/2022:08:41:25 +0800] "POST /xingrg/kc/pszx/mdps_list_operate.html HTTP/1.1" 200 417
120.253.135.82 - - [03/Oct/2022:08:41:26 +0800] "GET /xingrg/kc/pszx/mdps_order_info.html?code=312022100300080 HTTP/1.1" 200 23976
120.253.135.82 - - [03/Oct/2022:08:41:26 +0800] "GET /xingrg/javascript/easyui/themes/default/validatebox.css HTTP/1.1" 404 1104
120.253.135.82 - - [03/Oct/2022:08:41:26 +0800] "POST /xingrg/kc/pszx/mdps_order_operate.html HTTP/1.1" 200 3382
124.78.158.230 - - [03/Oct/2022:08:41:28 +0800] "GET /xingrg/kc/buy/cgsh_order_operate.html?command=get_materiel&rest_code=00106&code=00101008163&supplier_code=00100007&order_time=2022-10-03 HTTP/1.1" 200 409
120.253.135.82 - - [03/Oct/2022:08:41:29 +0800] "POST /xingrg/kc/pszx/mdps_list_operate.html HTTP/1.1" 200 5316
124.78.158.230 - - [03/Oct/2022:08:41:31 +0800] "GET /xingrg/all/function/internal_message.html?_=1664757688422&CODE_STATE=getMsg HTTP/1.1" 200 27
120.253.135.82 - - [03/Oct/2022:08:41:33 +0800] "POST /xingrg/kc/pszx/mdps_list_operate.html HTTP/1.1" 200 205
120.253.135.82 - - [03/Oct/2022:08:41:33 +0800] "GET /xingrg/kc/pszx/mdps_order_info.html?code=312022100200065 HTTP/1.1" 200 23976
116.224.255.128 - - [03/Oct/2022:08:41:33 +0800] "GET /xingrg/kc/buy/cgsh_order_operate.html?command=get_materiel&rest_code=00150&code=00101008024&supplier_code=00100008&order_time=2022-10-03 HTTP/1.1" 200 408
120.253.135.82 - - [03/Oct/2022:08:41:33 +0800] "POST /xingrg/kc/pszx/mdps_order_operate.html HTTP/1.1" 200 2276
120.253.135.82 - - [03/Oct/2022:08:41:33 +0800] "GET /xingrg/javascript/easyui/themes/default/validatebox.css HTTP/1.1" 404 1104
120.253.135.82 - - [03/Oct/2022:08:41:35 +0800] "POST /xingrg/kc/pszx/mdps_list_operate.html HTTP/1.1" 200 5316
124.78.158.230 - - [03/Oct/2022:08:41:37 +0800] "GET /xingrg/kc/buy/cgsh_order_operate.html?command=get_materiel&rest_code=00106&code=00101008355&supplier_code=00100007&order_time=2022-10-03 HTTP/1.1" 200 408
120.253.135.82 - - [03/Oct/2022:08:41:37 +0800] "POST /xingrg/kc/pszx/mdps_list_operate.html HTTP/1.1" 200 5451
120.253.135.82 - - [03/Oct/2022:08:41:42 +0800] "POST /xingrg/kc/pszx/mdps_list_operate.html HTTP/1.1" 200 202
120.253.135.82 - - [03/Oct/2022:08:41:42 +0800] "GET /xingrg/kc/pszx/mdps_order_info.html?code=312022093000711 HTTP/1.1" 200 23978
120.253.135.82 - - [03/Oct/2022:08:41:42 +0800] "GET /xingrg/javascript/easyui/themes/default/validatebox.css HTTP/1.1" 404 1104
120.253.135.82 - - [03/Oct/2022:08:41:42 +0800] "POST /xingrg/kc/pszx/mdps_order_operate.html HTTP/1.1" 200 2276
116.230.105.139 - - [03/Oct/2022:08:41:43 +0800] "GET /xingrg/kc/buy/cgsh_order_operate.html?command=get_materiel&rest_code=00155&code=00101008141&supplier_code=00100005&order_time=2022-10-03 HTTP/1.1" 200 412
116.230.114.213 - - [03/Oct/2022:08:41:44 +0800] "GET /xingrg/all/function/internal_message.html?_=1664757702995&CODE_STATE=getMsg HTTP/1.1" 200 27
172.20.0.100 - - [03/Oct/2022:08:41:45 +0800] "GET /xingrg/all/function/internal_message.html?_=1664757702458&CODE_STATE=getMsg HTTP/1.1" 200 27
124.78.158.230 - - [03/Oct/2022:08:41:45 +0800] "GET /xingrg/kc/buy/cgsh_order_operate.html?command=get_materiel&rest_code=00106&code=00101008144&supplier_code=00100007&order_time=2022-10-03 HTTP/1.1" 200 412
116.224.255.128 - - [03/Oct/2022:08:41:45 +0800] "GET /xingrg/all/function/internal_message.html?_=1664757620112&CODE_STATE=getMsg HTTP/1.1" 200 27
120.253.135.82 - - [03/Oct/2022:08:41:46 +0800] "POST /xingrg/kc/pszx/mdps_list_operate.html HTTP/1.1" 200 5451
116.224.255.128 - - [03/Oct/2022:08:41:46 +0800] "GET /xingrg/kc/buy/cgsh_order_operate.html?command=get_materiel&rest_code=00150&code=00101008300&supplier_code=00100008&order_time=2022-10-03 HTTP/1.1" 200 412
120.253.135.82 - - [03/Oct/2022:08:41:48 +0800] "POST /xingrg/kc/pszx/mdps_list_operate.html HTTP/1.1" 200 625
120.253.135.82 - - [03/Oct/2022:08:41:48 +0800] "GET /xingrg/kc/pszx/mdps_order_info.html?code=312022100300081 HTTP/1.1" 200 23976
120.253.135.82 - - [03/Oct/2022:08:41:48 +0800] "GET /xingrg/javascript/easyui/themes/default/validatebox.css HTTP/1.1" 404 1104
120.253.135.82 - - [03/Oct/2022:08:41:48 +0800] "POST /xingrg/kc/pszx/mdps_order_operate.html HTTP/1.1" 200 5852
116.230.105.139 - - [03/Oct/2022:08:41:51 +0800] "GET /xingrg/kc/buy/cgsh_order_operate.html?command=get_materiel&rest_code=00155&code=00101008361&supplier_code=00100005&order_time=2022-10-03 HTTP/1.1" 200 408
124.78.158.230 - - [03/Oct/2022:08:41:54 +0800] "GET /xingrg/kc/buy/cgsh_order_operate.html?command=get_materiel&rest_code=00106&code=00101008264&supplier_code=00100007&order_time=2022-10-03 HTTP/1.1" 200 412
120.253.135.82 - - [03/Oct/2022:08:41:54 +0800] "GET /xingrg/kc/pszx/mdps_order_operate.html?command=get_materiel&pszx_code=00101&rest_code=00147&base_code=0010250&code=00102002097 HTTP/1.1" 200 433
116.230.105.139 - - [03/Oct/2022:08:41:57 +0800] "GET /xingrg/all/function/internal_message.html?_=1664757697841&CODE_STATE=getMsg HTTP/1.1" 200 27
116.230.105.139 - - [03/Oct/2022:08:41:57 +0800] "GET /xingrg/kc/buy/cgsh_order_operate.html?command=get_materiel&rest_code=00155&code=00101008264&supplier_code=00100005&order_time=2022-10-03 HTTP/1.1" 200 412
120.253.135.82 - - [03/Oct/2022:08:41:58 +0800] "GET /xingrg/check_reg.html?_=1664757833332 HTTP/1.1" 200 22
120.253.135.82 - - [03/Oct/2022:08:41:58 +0800] "GET /xingrg/all/function/internal_message.html?_=1664757833333&CODE_STATE=getMsg HTTP/1.1" 200 27
180.169.147.146 - - [03/Oct/2022:08:41:59 +0800] "GET /xingrg/all/function/internal_message.html?_=1664757725776&CODE_STATE=getMsg HTTP/1.1" 200 27
124.78.158.230 - - [03/Oct/2022:08:42:01 +0800] "GET /xingrg/kc/buy/cgsh_order_operate.html?command=get_materiel&rest_code=00106&code=00101008356&supplier_code=00100007&order_time=2022-10-03 HTTP/1.1" 200 408
120.253.135.82 - - [03/Oct/2022:08:42:01 +0800] "POST /xingrg/kc/pszx/mdps_order_operate.html HTTP/1.1" 200 37
120.253.135.82 - - [03/Oct/2022:08:42:03 +0800] "GET /xingrg/kc/pszx/mdps_order_info.html?code=312022100300081 HTTP/1.1" 200 23976
120.253.135.82 - - [03/Oct/2022:08:42:03 +0800] "GET /xingrg/javascript/easyui/themes/default/validatebox.css HTTP/1.1" 404 1104
120.253.135.82 - - [03/Oct/2022:08:42:03 +0800] "POST /xingrg/kc/pszx/mdps_order_operate.html HTTP/1.1" 200 6339
116.230.105.139 - - [03/Oct/2022:08:42:05 +0800] "GET /xingrg/kc/buy/cgsh_order_operate.html?command=get_materiel&rest_code=00155&code=00101008356&supplier_code=00100005&order_time=2022-10-03 HTTP/1.1" 200 408
120.253.135.82 - - [03/Oct/2022:08:42:06 +0800] "POST /xingrg/kc/pszx/mdps_list_operate.html HTTP/1.1" 200 5451
124.78.158.230 - - [03/Oct/2022:08:42:08 +0800] "GET /xingrg/kc/buy/cgsh_order_operate.html?command=get_materiel&rest_code=00106&code=00101008362&supplier_code=00100007&order_time=2022-10-03 HTTP/1.1" 200 408
120.253.135.82 - - [03/Oct/2022:08:42:10 +0800] "POST /xingrg/kc/pszx/mdps_list_operate.html HTTP/1.1" 200 202
120.253.135.82 - - [03/Oct/2022:08:42:11 +0800] "GET /xingrg/kc/pszx/mdps_order_info.html?code=312022093000711 HTTP/1.1" 200 23978
116.224.255.128 - - [03/Oct/2022:08:42:11 +0800] "POST /xingrg/kc/buy/cgsh_order_operate.html HTTP/1.1" 200 37
120.253.135.82 - - [03/Oct/2022:08:42:11 +0800] "GET /xingrg/javascript/easyui/themes/default/validatebox.css HTTP/1.1" 404 1104
120.253.135.82 - - [03/Oct/2022:08:42:11 +0800] "POST /xingrg/kc/pszx/mdps_order_operate.html HTTP/1.1" 200 2276
116.224.255.128 - - [03/Oct/2022:08:42:12 +0800] "POST /xingrg/kc/buy/cgsh_order_operate.html HTTP/1.1" 200 13906
116.230.105.139 - - [03/Oct/2022:08:42:12 +0800] "GET /xingrg/kc/buy/cgsh_order_operate.html?command=get_materiel&rest_code=00155&code=00101008223&supplier_code=00100005&order_time=2022-10-03 HTTP/1.1" 200 412
120.253.135.82 - - [03/Oct/2022:08:42:14 +0800] "GET /xingrg/all/function/internal_message.html?_=1664757530265&CODE_STATE=getMsg HTTP/1.1" 200 27
116.230.105.139 - - [03/Oct/2022:08:42:14 +0800] "POST /xingrg/kc/buy/cgsh_order_operate.html HTTP/1.1" 200 2065
124.78.158.230 - - [03/Oct/2022:08:42:15 +0800] "GET /xingrg/kc/buy/cgsh_order_operate.html?command=get_materiel&rest_code=00106&code=00101008360&supplier_code=00100007&order_time=2022-10-03 HTTP/1.1" 200 413
120.253.135.82 - - [03/Oct/2022:08:42:15 +0800] "POST /xingrg/kc/pszx/mdps_order_operate.html HTTP/1.1" 200 12
120.253.135.82 - - [03/Oct/2022:08:42:16 +0800] "POST /xingrg/kc/pszx/mdps_list_operate.html HTTP/1.1" 200 5449
116.230.105.139 - - [03/Oct/2022:08:42:19 +0800] "GET /xingrg/kc/buy/cgsh_order_operate.html?command=get_materiel&rest_code=00155&code=00101008197&supplier_code=00100005&order_time=2022-10-03 HTTP/1.1" 200 416
116.224.255.128 - - [03/Oct/2022:08:42:20 +0800] "GET /xingrg/kc/buy/cgsh_order_operate.html?command=get_materiel&rest_code=00150&code=00101008360&supplier_code=00100008&order_time=2022-10-03 HTTP/1.1" 200 413
124.78.158.230 - - [03/Oct/2022:08:42:22 +0800] "GET /xingrg/kc/buy/cgsh_order_operate.html?command=get_materiel&rest_code=00106&code=00101008439&supplier_code=00100007&order_time=2022-10-03 HTTP/1.1" 200 412
120.253.135.82 - - [03/Oct/2022:08:42:24 +0800] "POST /xingrg/kc/pszx/mdps_list_operate.html HTTP/1.1" 200 625
116.224.255.128 - - [03/Oct/2022:08:42:25 +0800] "GET /xingrg/all/function/internal_message.html?_=1664757771124&CODE_STATE=getMsg HTTP/1.1" 200 27
116.230.105.139 - - [03/Oct/2022:08:42:25 +0800] "GET /xingrg/kc/buy/cgsh_order_operate.html?command=get_materiel&rest_code=00155&code=00101008069&supplier_code=00100005&order_time=2022-10-03 HTTP/1.1" 200 412
120.253.135.82 - - [03/Oct/2022:08:42:26 +0800] "GET /xingrg/kc/pszx/mdps_order_info.html?code=312022100300081 HTTP/1.1" 200 23976
120.253.135.82 - - [03/Oct/2022:08:42:26 +0800] "GET /xingrg/javascript/easyui/themes/default/validatebox.css HTTP/1.1" 404 1104
120.253.135.82 - - [03/Oct/2022:08:42:26 +0800] "POST /xingrg/kc/pszx/mdps_order_operate.html HTTP/1.1" 200 6339
116.224.255.128 - - [03/Oct/2022:08:42:29 +0800] "GET /xingrg/kc/buy/cgsh_order_operate.html?command=get_materiel&rest_code=00150&code=00101008077&supplier_code=00100008&order_time=2022-10-03 HTTP/1.1" 200 416
124.78.158.230 - - [03/Oct/2022:08:42:29 +0800] "GET /xingrg/kc/buy/cgsh_order_operate.html?command=get_materiel&rest_code=00106&code=00101008357&supplier_code=00100007&order_time=2022-10-03 HTTP/1.1" 200 408
124.78.158.230 - - [03/Oct/2022:08:42:31 +0800] "GET /xingrg/all/function/internal_message.html?_=1664757748417&CODE_STATE=getMsg HTTP/1.1" 200 27
116.230.105.139 - - [03/Oct/2022:08:42:32 +0800] "GET /xingrg/kc/buy/cgsh_order_operate.html?command=get_materiel&rest_code=00155&code=00101008006&supplier_code=00100005&order_time=2022-10-03 HTTP/1.1" 200 416
124.78.158.230 - - [03/Oct/2022:08:42:37 +0800] "GET /xingrg/kc/buy/cgsh_order_operate.html?command=get_materiel&rest_code=00106&code=00101008286&supplier_code=00100007&order_time=2022-10-03 HTTP/1.1" 200 408
120.253.135.82 - - [03/Oct/2022:08:42:37 +0800] "POST /xingrg/kc/pszx/mdps_list_operate.html HTTP/1.1" 200 5449
120.253.135.82 - - [03/Oct/2022:08:42:42 +0800] "POST /xingrg/kc/pszx/mdps_list_operate.html HTTP/1.1" 200 218
120.253.135.82 - - [03/Oct/2022:08:42:43 +0800] "GET /xingrg/kc/pszx/mdps_order_info.html?code=312022092700657 HTTP/1.1" 200 23978
120.253.135.82 - - [03/Oct/2022:08:42:43 +0800] "GET /xingrg/javascript/easyui/themes/default/validatebox.css HTTP/1.1" 404 1104
120.253.135.82 - - [03/Oct/2022:08:42:43 +0800] "POST /xingrg/kc/pszx/mdps_order_operate.html HTTP/1.1" 200 2311
116.230.114.213 - - [03/Oct/2022:08:42:44 +0800] "GET /xingrg/all/function/internal_message.html?_=1664757763009&CODE_STATE=getMsg HTTP/1.1" 200 27
124.78.158.230 - - [03/Oct/2022:08:42:44 +0800] "GET /xingrg/kc/buy/cgsh_order_operate.html?command=get_materiel&rest_code=00106&code=00101008131&supplier_code=00100007&order_time=2022-10-03 HTTP/1.1" 200 408
172.20.0.100 - - [03/Oct/2022:08:42:45 +0800] "GET /xingrg/all/function/internal_message.html?_=1664757762447&CODE_STATE=getMsg HTTP/1.1" 200 27
120.253.135.82 - - [03/Oct/2022:08:42:45 +0800] "POST /xingrg/kc/pszx/mdps_list_operate.html HTTP/1.1" 200 5449
116.224.255.128 - - [03/Oct/2022:08:42:45 +0800] "GET /xingrg/all/function/internal_message.html?_=1664757680126&CODE_STATE=getMsg HTTP/1.1" 200 27
116.230.105.139 - - [03/Oct/2022:08:42:46 +0800] "GET /xingrg/kc/buy/cgsh_order_operate.html?command=get_materiel&rest_code=00155&code=00101008352&supplier_code=00100005&order_time=2022-10-03 HTTP/1.1" 200 412
120.253.135.82 - - [03/Oct/2022:08:42:47 +0800] "POST /xingrg/kc/pszx/mdps_list_operate.html HTTP/1.1" 200 5316
116.230.105.139 - - [03/Oct/2022:08:42:51 +0800] "POST /xingrg/kc/buy/cgsh_order_operate.html HTTP/1.1" 200 2065
124.78.158.230 - - [03/Oct/2022:08:42:52 +0800] "GET /xingrg/kc/buy/cgsh_order_operate.html?command=get_materiel&rest_code=00106&code=00101008352&supplier_code=00100007&order_time=2022-10-03 HTTP/1.1" 200 412
120.253.135.82 - - [03/Oct/2022:08:42:52 +0800] "POST /xingrg/kc/pszx/mdps_list_operate.html HTTP/1.1" 200 631
120.253.135.82 - - [03/Oct/2022:08:42:52 +0800] "GET /xingrg/kc/pszx/mdps_order_info.html?code=312022100300072 HTTP/1.1" 200 23976
120.253.135.82 - - [03/Oct/2022:08:42:53 +0800] "GET /xingrg/javascript/easyui/themes/default/validatebox.css HTTP/1.1" 404 1104
120.253.135.82 - - [03/Oct/2022:08:42:53 +0800] "POST /xingrg/kc/pszx/mdps_order_operate.html HTTP/1.1" 200 10010
116.224.255.128 - - [03/Oct/2022:08:42:54 +0800] "GET /xingrg/kc/buy/cgsh_order_operate.html?command=get_materiel&rest_code=00150&code=00101008223&supplier_code=00100008&order_time=2022-10-03 HTTP/1.1" 200 412
120.253.135.82 - - [03/Oct/2022:08:42:55 +0800] "POST /xingrg/kc/pszx/mdps_list_operate.html HTTP/1.1" 200 5316
120.253.135.82 - - [03/Oct/2022:08:42:56 +0800] "POST /xingrg/kc/pszx/mdps_list_operate.html HTTP/1.1" 200 622
116.230.105.139 - - [03/Oct/2022:08:42:57 +0800] "GET /xingrg/check_reg.html?_=1664757757842 HTTP/1.1" 200 22
116.230.105.139 - - [03/Oct/2022:08:42:57 +0800] "GET /xingrg/kc/buy/cgsh_order_operate.html?command=get_materiel&rest_code=00155&code=00101008353&supplier_code=00100005&order_time=2022-10-03 HTTP/1.1" 200 408
116.230.105.139 - - [03/Oct/2022:08:42:57 +0800] "GET /xingrg/all/function/internal_message.html?_=1664757757843&CODE_STATE=getMsg HTTP/1.1" 200 27
120.253.135.82 - - [03/Oct/2022:08:42:58 +0800] "GET /xingrg/kc/pszx/mdps_order_info.html?code=312022100300073 HTTP/1.1" 200 23976
120.253.135.82 - - [03/Oct/2022:08:42:58 +0800] "GET /xingrg/all/function/internal_message.html?_=1664757893379&CODE_STATE=getMsg HTTP/1.1" 200 27
120.253.135.82 - - [03/Oct/2022:08:42:58 +0800] "GET /xingrg/javascript/easyui/themes/default/validatebox.css HTTP/1.1" 404 1104
120.253.135.82 - - [03/Oct/2022:08:42:58 +0800] "POST /xingrg/kc/pszx/mdps_order_operate.html HTTP/1.1" 200 5297
180.169.147.146 - - [03/Oct/2022:08:42:59 +0800] "GET /xingrg/all/function/internal_message.html?_=1664757785805&CODE_STATE=getMsg HTTP/1.1" 200 27
124.78.158.230 - - [03/Oct/2022:08:43:01 +0800] "GET /xingrg/kc/buy/cgsh_order_operate.html?command=get_materiel&rest_code=00106&code=00101008005&supplier_code=00100007&order_time=2022-10-03 HTTP/1.1" 200 433
124.78.158.230 - - [03/Oct/2022:08:43:03 +0800] "POST /xingrg/kc/buy/cgsh_order_operate.html HTTP/1.1" 200 2065
116.230.105.139 - - [03/Oct/2022:08:43:04 +0800] "GET /xingrg/kc/buy/cgsh_order_operate.html?command=get_materiel&rest_code=00155&code=00101008312&supplier_code=00100005&order_time=2022-10-03 HTTP/1.1" 200 412
120.253.135.82 - - [03/Oct/2022:08:43:05 +0800] "POST /xingrg/kc/pszx/mdps_list_operate.html HTTP/1.1" 200 5316
116.224.255.128 - - [03/Oct/2022:08:43:05 +0800] "GET /xingrg/kc/buy/cgsh_order_operate.html?command=get_materiel&rest_code=00150&code=00101008079&supplier_code=00100008&order_time=2022-10-03 HTTP/1.1" 200 416
120.253.135.82 - - [03/Oct/2022:08:43:06 +0800] "POST /xingrg/kc/pszx/mdps_list_operate.html HTTP/1.1" 200 583
120.253.135.82 - - [03/Oct/2022:08:43:06 +0800] "GET /xingrg/kc/pszx/mdps_order_info.html?code=312022100300075 HTTP/1.1" 200 23976
120.253.135.82 - - [03/Oct/2022:08:43:07 +0800] "POST /xingrg/kc/pszx/mdps_order_operate.html HTTP/1.1" 200 7721
120.253.135.82 - - [03/Oct/2022:08:43:07 +0800] "GET /xingrg/javascript/easyui/themes/default/validatebox.css HTTP/1.1" 404 1104
124.78.158.230 - - [03/Oct/2022:08:43:09 +0800] "GET /xingrg/kc/buy/cgsh_order_operate.html?command=get_materiel&rest_code=00106&code=00101008353&supplier_code=00100007&order_time=2022-10-03 HTTP/1.1" 200 408
120.253.135.82 - - [03/Oct/2022:08:43:13 +0800] "POST /xingrg/kc/pszx/mdps_list_operate.html HTTP/1.1" 200 5316
120.253.135.82 - - [03/Oct/2022:08:43:14 +0800] "GET /xingrg/check_reg.html?_=1664757589997 HTTP/1.1" 200 22
120.253.135.82 - - [03/Oct/2022:08:43:14 +0800] "GET /xingrg/all/function/internal_message.html?_=1664757590276&CODE_STATE=getMsg HTTP/1.1" 200 27
116.224.255.128 - - [03/Oct/2022:08:43:15 +0800] "POST /xingrg/kc/buy/cgsh_order_operate.html HTTP/1.1" 200 37
116.230.114.213 - - [03/Oct/2022:08:43:15 +0800] "GET /xingrg/check_reg.html?_=1664757794600 HTTP/1.1" 302 -
120.253.135.82 - - [03/Oct/2022:08:43:16 +0800] "POST /xingrg/kc/pszx/mdps_list_operate.html HTTP/1.1" 200 583
120.253.135.82 - - [03/Oct/2022:08:43:16 +0800] "GET /xingrg/kc/pszx/mdps_order_info.html?code=312022100300075 HTTP/1.1" 200 23976
120.253.135.82 - - [03/Oct/2022:08:43:17 +0800] "POST /xingrg/kc/pszx/mdps_order_operate.html HTTP/1.1" 200 7721
120.253.135.82 - - [03/Oct/2022:08:43:17 +0800] "GET /xingrg/javascript/easyui/themes/default/validatebox.css HTTP/1.1" 404 1104
116.230.105.139 - - [03/Oct/2022:08:43:17 +0800] "GET /xingrg/kc/buy/cgsh_order_operate.html?command=get_materiel&rest_code=00155&code=00101008095&supplier_code=00100005&order_time=2022-10-03 HTTP/1.1" 200 412
124.78.158.230 - - [03/Oct/2022:08:43:17 +0800] "GET /xingrg/kc/buy/cgsh_order_operate.html?command=get_materiel&rest_code=00106&code=00101008283&supplier_code=00100007&order_time=2022-10-03 HTTP/1.1" 200 408
120.253.135.82 - - [03/Oct/2022:08:43:20 +0800] "POST /xingrg/kc/pszx/mdps_list_operate.html HTTP/1.1" 200 5316
120.253.135.82 - - [03/Oct/2022:08:43:22 +0800] "POST /xingrg/kc/pszx/mdps_list_operate.html HTTP/1.1" 200 212
120.253.135.82 - - [03/Oct/2022:08:43:22 +0800] "GET /xingrg/kc/pszx/mdps_order_info.html?code=312022100300078 HTTP/1.1" 200 23974
120.253.135.82 - - [03/Oct/2022:08:43:22 +0800] "POST /xingrg/kc/pszx/mdps_order_operate.html HTTP/1.1" 200 2310
120.253.135.82 - - [03/Oct/2022:08:43:22 +0800] "GET /xingrg/javascript/easyui/themes/default/validatebox.css HTTP/1.1" 404 1104
116.230.105.139 - - [03/Oct/2022:08:43:23 +0800] "GET /xingrg/kc/buy/cgsh_order_operate.html?command=get_materiel&rest_code=00155&code=00101008674&supplier_code=00100005&order_time=2022-10-03 HTTP/1.1" 200 398
124.78.158.230 - - [03/Oct/2022:08:43:24 +0800] "GET /xingrg/kc/buy/cgsh_order_operate.html?command=get_materiel&rest_code=00106&code=00101008096&supplier_code=00100007&order_time=2022-10-03 HTTP/1.1" 200 412
116.224.255.128 - - [03/Oct/2022:08:43:25 +0800] "GET /xingrg/all/function/internal_message.html?_=1664757831128&CODE_STATE=getMsg HTTP/1.1" 200 27
120.253.135.82 - - [03/Oct/2022:08:43:27 +0800] "POST /xingrg/kc/pszx/mdps_list_operate.html HTTP/1.1" 200 5316
120.253.135.82 - - [03/Oct/2022:08:43:29 +0800] "POST /xingrg/kc/pszx/mdps_list_operate.html HTTP/1.1" 200 417
120.253.135.82 - - [03/Oct/2022:08:43:29 +0800] "GET /xingrg/kc/pszx/mdps_order_info.html?code=312022100300080 HTTP/1.1" 200 23976
120.253.135.82 - - [03/Oct/2022:08:43:29 +0800] "GET /xingrg/javascript/easyui/themes/default/validatebox.css HTTP/1.1" 404 1104
120.253.135.82 - - [03/Oct/2022:08:43:29 +0800] "POST /xingrg/kc/pszx/mdps_order_operate.html HTTP/1.1" 200 3382
116.230.105.139 - - [03/Oct/2022:08:43:31 +0800] "POST /xingrg/kc/buy/cgsh_order_operate.html HTTP/1.1" 200 2065
124.78.158.230 - - [03/Oct/2022:08:43:31 +0800] "GET /xingrg/kc/buy/cgsh_order_operate.html?command=get_materiel&rest_code=00106&code=00101008312&supplier_code=00100007&order_time=2022-10-03 HTTP/1.1" 200 412
124.78.158.230 - - [03/Oct/2022:08:43:31 +0800] "GET /xingrg/check_reg.html?_=1664757808421 HTTP/1.1" 200 22
124.78.158.230 - - [03/Oct/2022:08:43:31 +0800] "GET /xingrg/all/function/internal_message.html?_=1664757808440&CODE_STATE=getMsg HTTP/1.1" 200 27
116.230.105.139 - - [03/Oct/2022:08:43:36 +0800] "GET /xingrg/kc/buy/cgsh_order_operate.html?command=get_materiel&rest_code=00155&code=00101008331&supplier_code=00100005&order_time=2022-10-03 HTTP/1.1" 200 416
124.78.158.230 - - [03/Oct/2022:08:43:39 +0800] "GET /xingrg/kc/buy/cgsh_order_operate.html?command=get_materiel&rest_code=00106&code=00101008114&supplier_code=00100007&order_time=2022-10-03 HTTP/1.1" 200 412
120.253.135.82 - - [03/Oct/2022:08:43:41 +0800] "POST /xingrg/kc/pszx/mdps_list_operate.html HTTP/1.1" 200 5316
124.78.158.230 - - [03/Oct/2022:08:43:41 +0800] "POST /xingrg/kc/buy/cgsh_order_operate.html HTTP/1.1" 200 2065
120.253.135.82 - - [03/Oct/2022:08:43:43 +0800] "GET /xingrg/kc/pszx/mdqp_order_list.html?state=10 HTTP/1.1" 200 10217
120.253.135.82 - - [03/Oct/2022:08:43:43 +0800] "GET /xingrg/dwr/interface/AjaxQqpsService.js HTTP/1.1" 200 16326
120.253.135.82 - - [03/Oct/2022:08:43:43 +0800] "GET /xingrg/dwr/interface/AjaxReportQueryService.js HTTP/1.1" 200 13203
120.253.135.82 - - [03/Oct/2022:08:43:43 +0800] "GET /xingrg/dwr/engine.js HTTP/1.1" 200 43631
116.230.114.213 - - [03/Oct/2022:08:43:44 +0800] "GET /xingrg/all/function/internal_message.html?_=1664757823654&CODE_STATE=getMsg HTTP/1.1" 200 27
120.253.135.82 - - [03/Oct/2022:08:43:45 +0800] "GET /xingrg/kc/pszx/mdps_order_list.html?orderType=0 HTTP/1.1" 200 21045
172.20.0.100 - - [03/Oct/2022:08:43:45 +0800] "GET /xingrg/all/function/internal_message.html?_=1664757822453&CODE_STATE=getMsg HTTP/1.1" 200 27
120.253.135.82 - - [03/Oct/2022:08:43:45 +0800] "POST /xingrg/kc/pszx/mdps_list_operate.html HTTP/1.1" 200 5316
124.78.158.230 - - [03/Oct/2022:08:43:46 +0800] "GET /xingrg/kc/buy/cgsh_order_operate.html?command=get_materiel&rest_code=00106&code=00101008010&supplier_code=00100007&order_time=2022-10-03 HTTP/1.1" 200 412
116.230.105.139 - - [03/Oct/2022:08:43:49 +0800] "GET /xingrg/kc/buy/cgsh_order_operate.html?command=get_materiel&rest_code=00155&code=00101008196&supplier_code=00100005&order_time=2022-10-03 HTTP/1.1" 200 416
124.78.158.230 - - [03/Oct/2022:08:43:53 +0800] "GET /xingrg/kc/buy/cgsh_order_operate.html?command=get_materiel&rest_code=00106&code=00101008125&supplier_code=00100007&order_time=2022-10-03 HTTP/1.1" 200 413
116.230.105.139 - - [03/Oct/2022:08:43:57 +0800] "GET /xingrg/all/function/internal_message.html?_=1664757817851&CODE_STATE=getMsg HTTP/1.1" 200 27
116.230.105.139 - - [03/Oct/2022:08:43:58 +0800] "GET /xingrg/kc/buy/cgsh_order_operate.html?command=get_materiel&rest_code=00155&code=00101008229&supplier_code=00100005&order_time=2022-10-03 HTTP/1.1" 200 420
120.253.135.82 - - [03/Oct/2022:08:43:58 +0800] "GET /xingrg/all/function/internal_message.html?_=1664757953487&CODE_STATE=getMsg HTTP/1.1" 200 27
180.169.147.146 - - [03/Oct/2022:08:43:59 +0800] "GET /xingrg/all/function/internal_message.html?_=1664757845818&CODE_STATE=getMsg HTTP/1.1" 200 27
124.78.158.230 - - [03/Oct/2022:08:44:02 +0800] "GET /xingrg/kc/buy/cgsh_order_operate.html?command=get_materiel&rest_code=00106&code=00101008126&supplier_code=00100007&order_time=2022-10-03 HTTP/1.1" 200 412
120.253.135.82 - - [03/Oct/2022:08:44:14 +0800] "GET /xingrg/all/function/internal_message.html?_=1664757650290&CODE_STATE=getMsg HTTP/1.1" 200 27
124.78.158.230 - - [03/Oct/2022:08:44:14 +0800] "GET /xingrg/kc/buy/cgsh_order_operate.html?command=get_materiel&rest_code=00106&code=00101008098&supplier_code=00100007&order_time=2022-10-03 HTTP/1.1" 200 412
124.78.158.230 - - [03/Oct/2022:08:44:21 +0800] "GET /xingrg/kc/buy/cgsh_order_operate.html?command=get_materiel&rest_code=00106&code=00101008213&supplier_code=00100007&order_time=2022-10-03 HTTP/1.1" 200 412
124.78.158.230 - - [03/Oct/2022:08:44:23 +0800] "POST /xingrg/kc/buy/cgsh_order_operate.html HTTP/1.1" 200 2065
116.224.255.128 - - [03/Oct/2022:08:44:25 +0800] "GET /xingrg/all/function/internal_message.html?_=1664757891133&CODE_STATE=getMsg HTTP/1.1" 200 27
116.224.255.128 - - [03/Oct/2022:08:44:25 +0800] "GET /xingrg/check_reg.html?_=1664757891136 HTTP/1.1" 200 22
124.78.158.230 - - [03/Oct/2022:08:44:28 +0800] "GET /xingrg/kc/buy/cgsh_order_operate.html?command=get_materiel&rest_code=00106&code=00101011005&supplier_code=00100007&order_time=2022-10-03 HTTP/1.1" 200 428
124.78.158.230 - - [03/Oct/2022:08:44:31 +0800] "GET /xingrg/all/function/internal_message.html?_=1664757868504&CODE_STATE=getMsg HTTP/1.1" 200 27
116.230.114.213 - - [03/Oct/2022:08:44:35 +0800] "GET /xingrg/check_reg.html?_=1664757873975 HTTP/1.1" 200 22
124.78.158.230 - - [03/Oct/2022:08:44:36 +0800] "GET /xingrg/kc/buy/cgsh_order_operate.html?command=get_materiel&rest_code=00106&code=00101008332&supplier_code=00100007&order_time=2022-10-03 HTTP/1.1" 200 412
116.230.105.139 - - [03/Oct/2022:08:44:44 +0800] "GET /xingrg/kc/buy/cgsh_order_operate.html?command=get_materiel&rest_code=00155&code=00101008399&supplier_code=00100005&order_time=2022-10-03 HTTP/1.1" 200 410
116.230.114.213 - - [03/Oct/2022:08:44:44 +0800] "GET /xingrg/all/function/internal_message.html?_=1664757883661&CODE_STATE=getMsg HTTP/1.1" 200 27
124.78.158.230 - - [03/Oct/2022:08:44:45 +0800] "GET /xingrg/kc/buy/cgsh_order_operate.html?command=get_materiel&rest_code=00106&code=00101008361&supplier_code=00100007&order_time=2022-10-03 HTTP/1.1" 200 408
172.20.0.100 - - [03/Oct/2022:08:44:45 +0800] "GET /xingrg/all/function/internal_message.html?_=1664757882455&CODE_STATE=getMsg HTTP/1.1" 200 27
172.20.0.100 - - [03/Oct/2022:08:44:45 +0800] "GET /xingrg/check_reg.html?_=1664757882456 HTTP/1.1" 200 22
116.230.105.139 - - [03/Oct/2022:08:44:48 +0800] "POST /xingrg/kc/buy/cgsh_order_operate.html HTTP/1.1" 200 2065
124.78.158.230 - - [03/Oct/2022:08:44:53 +0800] "POST /xingrg/kc/buy/cgsh_order_operate.html HTTP/1.1" 200 37
116.230.105.139 - - [03/Oct/2022:08:44:55 +0800] "GET /xingrg/kc/buy/cgsh_order_operate.html?command=get_materiel&rest_code=00155&code=00101008350&supplier_code=00100005&order_time=2022-10-03 HTTP/1.1" 200 429
124.78.158.230 - - [03/Oct/2022:08:44:55 +0800] "POST /xingrg/kc/buy/cgsh_order_operate.html HTTP/1.1" 200 20993
116.230.105.139 - - [03/Oct/2022:08:44:57 +0800] "GET /xingrg/all/function/internal_message.html?_=1664757877838&CODE_STATE=getMsg HTTP/1.1" 200 27
120.253.135.82 - - [03/Oct/2022:08:44:58 +0800] "GET /xingrg/all/function/internal_message.html?_=1664758013496&CODE_STATE=getMsg HTTP/1.1" 200 27
180.169.147.146 - - [03/Oct/2022:08:44:59 +0800] "GET /xingrg/all/function/internal_message.html?_=1664757905844&CODE_STATE=getMsg HTTP/1.1" 200 27
116.230.105.139 - - [03/Oct/2022:08:45:01 +0800] "GET /xingrg/kc/buy/cgsh_order_operate.html?command=get_materiel&rest_code=00155&code=00101008036&supplier_code=00100005&order_time=2022-10-03 HTTP/1.1" 200 408
58.37.225.234 - - [03/Oct/2022:08:45:09 +0800] "GET /xingrg/check_reg.html?_=1664757561303 HTTP/1.1" 200 22
116.230.105.139 - - [03/Oct/2022:08:45:10 +0800] "POST /xingrg/kc/buy/cgsh_order_operate.html HTTP/1.1" 200 37
116.230.105.139 - - [03/Oct/2022:08:45:12 +0800] "POST /xingrg/kc/buy/cgsh_order_operate.html HTTP/1.1" 200 22790
124.78.158.230 - - [03/Oct/2022:08:45:12 +0800] "GET /xingrg/kc/buy/cgsh_order_operate.html?command=get_materiel&rest_code=00106&code=00101011010&supplier_code=00100007&order_time=2022-10-03 HTTP/1.1" 200 418
116.230.105.139 - - [03/Oct/2022:08:45:12 +0800] "GET /xingrg/kc/print/load_config.html?kc_code=cgsh HTTP/1.1" 200 1943
116.230.105.139 - - [03/Oct/2022:08:45:13 +0800] "GET /xingrg/kc/print/load_data.html?order_code=212022100300752&kc_code=cgsh&condition= HTTP/1.1" 200 8365
120.253.135.82 - - [03/Oct/2022:08:45:14 +0800] "GET /xingrg/all/function/internal_message.html?_=1664757710303&CODE_STATE=getMsg HTTP/1.1" 200 27
116.230.105.139 - - [03/Oct/2022:08:45:17 +0800] "GET /xingrg/kc/print/load_data.html?order_code=212022100300752&kc_code=cgsh HTTP/1.1" 200 8365
124.78.158.230 - - [03/Oct/2022:08:45:23 +0800] "GET /xingrg/kc/buy/cgsh_order_operate.html?command=get_materiel&rest_code=00106&code=00101008027&supplier_code=00100007&order_time=2022-10-03 HTTP/1.1" 200 408
116.224.255.128 - - [03/Oct/2022:08:45:25 +0800] "GET /xingrg/all/function/internal_message.html?_=1664757951121&CODE_STATE=getMsg HTTP/1.1" 200 27
124.78.158.230 - - [03/Oct/2022:08:45:31 +0800] "GET /xingrg/all/function/internal_message.html?_=1664757928392&CODE_STATE=getMsg HTTP/1.1" 200 27
124.78.158.230 - - [03/Oct/2022:08:45:41 +0800] "GET /xingrg/kc/buy/cgsh_order_operate.html?command=get_materiel&rest_code=00106&code=00101008295&supplier_code=00100007&order_time=2022-10-03 HTTP/1.1" 200 412
116.230.105.139 - - [03/Oct/2022:08:45:41 +0800] "GET /xingrg/kc/buy/cgsh_order_add.html HTTP/1.1" 200 68911
116.230.105.139 - - [03/Oct/2022:08:45:42 +0800] "POST /xingrg/kc/buy/cgsh_order_operate.html HTTP/1.1" 200 8245
116.230.105.139 - - [03/Oct/2022:08:45:42 +0800] "GET /xingrg/javascript/easyui/themes/default/validatebox.css HTTP/1.1" 404 1104
180.169.147.146 - - [03/Oct/2022:08:45:43 +0800] "GET /xingrg/check_reg.html?_=1664757949465 HTTP/1.1" 200 22
124.78.158.230 - - [03/Oct/2022:08:45:43 +0800] "POST /xingrg/kc/buy/cgsh_order_operate.html HTTP/1.1" 200 2065
116.230.114.213 - - [03/Oct/2022:08:45:44 +0800] "GET /xingrg/all/function/internal_message.html?_=1664757943675&CODE_STATE=getMsg HTTP/1.1" 200 27
172.20.0.100 - - [03/Oct/2022:08:45:45 +0800] "GET /xingrg/all/function/internal_message.html?_=1664757942458&CODE_STATE=getMsg HTTP/1.1" 200 27
120.253.135.82 - - [03/Oct/2022:08:45:46 +0800] "POST /xingrg/kc/pszx/mdps_list_operate.html HTTP/1.1" 200 5449
120.253.135.82 - - [03/Oct/2022:08:45:48 +0800] "POST /xingrg/kc/pszx/mdps_list_operate.html HTTP/1.1" 200 218
120.253.135.82 - - [03/Oct/2022:08:45:48 +0800] "GET /xingrg/kc/pszx/mdps_order_info.html?code=312022092700657 HTTP/1.1" 200 23978
120.253.135.82 - - [03/Oct/2022:08:45:49 +0800] "GET /xingrg/javascript/easyui/themes/default/validatebox.css HTTP/1.1" 404 1104
120.253.135.82 - - [03/Oct/2022:08:45:49 +0800] "POST /xingrg/kc/pszx/mdps_order_operate.html HTTP/1.1" 200 2311
116.230.105.139 - - [03/Oct/2022:08:45:50 +0800] "GET /xingrg/kc/buy/cgsh_order_operate.html?command=get_materiel&rest_code=00155&code=00101007072&supplier_code=00100002&order_time=2022-10-03 HTTP/1.1" 200 413
116.224.255.128 - - [03/Oct/2022:08:45:53 +0800] "POST /xingrg/kc/buy/cgsh_order_operate.html HTTP/1.1" 200 16888
120.253.135.82 - - [03/Oct/2022:08:45:56 +0800] "POST /xingrg/kc/pszx/mdps_list_operate.html HTTP/1.1" 200 5448
116.230.105.139 - - [03/Oct/2022:08:45:57 +0800] "GET /xingrg/all/function/internal_message.html?_=1664757937839&CODE_STATE=getMsg HTTP/1.1" 200 27
120.253.135.82 - - [03/Oct/2022:08:45:58 +0800] "GET /xingrg/all/function/internal_message.html?_=1664758073544&CODE_STATE=getMsg HTTP/1.1" 200 27
180.169.147.146 - - [03/Oct/2022:08:45:59 +0800] "GET /xingrg/all/function/internal_message.html?_=1664757965846&CODE_STATE=getMsg HTTP/1.1" 200 27
116.230.105.139 - - [03/Oct/2022:08:46:01 +0800] "GET /xingrg/kc/buy/cgsh_order_operate.html?command=get_materiel&rest_code=00155&code=00101007032&supplier_code=00100002&order_time=2022-10-03 HTTP/1.1" 200 413
120.253.135.82 - - [03/Oct/2022:08:46:01 +0800] "POST /xingrg/kc/pszx/mdps_list_operate.html HTTP/1.1" 200 4572
124.78.158.230 - - [03/Oct/2022:08:46:03 +0800] "GET /xingrg/kc/buy/cgsh_order_operate.html?command=get_materiel&rest_code=00106&code=00101009155&supplier_code=00100007&order_time=2022-10-03 HTTP/1.1" 200 403
120.253.135.82 - - [03/Oct/2022:08:46:03 +0800] "POST /xingrg/kc/pszx/mdps_list_operate.html HTTP/1.1" 200 201
120.253.135.82 - - [03/Oct/2022:08:46:04 +0800] "GET /xingrg/kc/pszx/mdps_order_info.html?code=312022100200061 HTTP/1.1" 200 23976
120.253.135.82 - - [03/Oct/2022:08:46:04 +0800] "GET /xingrg/javascript/easyui/themes/default/validatebox.css HTTP/1.1" 404 1104
120.253.135.82 - - [03/Oct/2022:08:46:04 +0800] "POST /xingrg/kc/pszx/mdps_order_operate.html HTTP/1.1" 200 2275
116.230.105.139 - - [03/Oct/2022:08:46:07 +0800] "POST /xingrg/kc/buy/cgsh_order_operate.html HTTP/1.1" 200 37
116.230.105.139 - - [03/Oct/2022:08:46:08 +0800] "POST /xingrg/kc/buy/cgsh_order_operate.html HTTP/1.1" 200 3250
116.224.255.128 - - [03/Oct/2022:08:46:09 +0800] "GET /xingrg/kc/buy/cgsh_order_operate.html?command=get_materiel&rest_code=00150&code=00101008357&supplier_code=00100008&order_time=2022-10-03 HTTP/1.1" 200 408
116.230.105.139 - - [03/Oct/2022:08:46:09 +0800] "GET /xingrg/kc/print/load_data.html?order_code=212022100300753&kc_code=cgsh&condition= HTTP/1.1" 200 985
124.78.158.230 - - [03/Oct/2022:08:46:11 +0800] "GET /xingrg/kc/buy/cgsh_order_operate.html?command=get_materiel&rest_code=00106&code=00101008403&supplier_code=00100007&order_time=2022-10-03 HTTP/1.1" 200 412
116.230.105.139 - - [03/Oct/2022:08:46:12 +0800] "GET /xingrg/kc/print/load_data.html?order_code=212022100300753&kc_code=cgsh HTTP/1.1" 200 985
120.253.135.82 - - [03/Oct/2022:08:46:14 +0800] "GET /xingrg/all/function/internal_message.html?_=1664757770326&CODE_STATE=getMsg HTTP/1.1" 200 27
116.224.255.128 - - [03/Oct/2022:08:46:19 +0800] "GET /xingrg/kc/buy/cgsh_order_operate.html?command=get_materiel&rest_code=00150&code=00101008069&supplier_code=00100008&order_time=2022-10-03 HTTP/1.1" 200 412
124.78.158.230 - - [03/Oct/2022:08:46:20 +0800] "GET /xingrg/kc/buy/cgsh_order_operate.html?command=get_materiel&rest_code=00106&code=00101008323&supplier_code=00100007&order_time=2022-10-03 HTTP/1.1" 200 408
116.224.255.128 - - [03/Oct/2022:08:46:25 +0800] "GET /xingrg/all/function/internal_message.html?_=1664758011123&CODE_STATE=getMsg HTTP/1.1" 200 27
124.78.158.230 - - [03/Oct/2022:08:46:26 +0800] "POST /xingrg/kc/buy/cgsh_order_operate.html HTTP/1.1" 200 2065
116.224.255.128 - - [03/Oct/2022:08:46:26 +0800] "GET /xingrg/kc/buy/cgsh_order_operate.html?command=get_materiel&rest_code=00150&code=00101008286&supplier_code=00100008&order_time=2022-10-03 HTTP/1.1" 200 408
124.78.158.230 - - [03/Oct/2022:08:46:31 +0800] "GET /xingrg/all/function/internal_message.html?_=1664757988363&CODE_STATE=getMsg HTTP/1.1" 200 27
124.78.158.230 - - [03/Oct/2022:08:46:33 +0800] "GET /xingrg/kc/buy/cgsh_order_operate.html?command=get_materiel&rest_code=00106&code=00101008350&supplier_code=00100007&order_time=2022-10-03 HTTP/1.1" 200 429
116.224.255.128 - - [03/Oct/2022:08:46:36 +0800] "GET /xingrg/kc/buy/cgsh_order_operate.html?command=get_materiel&rest_code=00150&code=00101008036&supplier_code=00100008&order_time=2022-10-03 HTTP/1.1" 200 408
124.78.158.230 - - [03/Oct/2022:08:46:41 +0800] "GET /xingrg/kc/buy/cgsh_order_operate.html?command=get_materiel&rest_code=00106&code=00101008223&supplier_code=00100007&order_time=2022-10-03 HTTP/1.1" 200 412
116.230.114.213 - - [03/Oct/2022:08:46:45 +0800] "GET /xingrg/all/function/internal_message.html?_=1664758004442&CODE_STATE=getMsg HTTP/1.1" 200 27
172.20.0.100 - - [03/Oct/2022:08:46:45 +0800] "GET /xingrg/all/function/internal_message.html?_=1664758002461&CODE_STATE=getMsg HTTP/1.1" 200 27
116.224.255.128 - - [03/Oct/2022:08:46:45 +0800] "GET /xingrg/all/function/internal_message.html?_=1664757920180&CODE_STATE=getMsg HTTP/1.1" 200 27
116.224.255.128 - - [03/Oct/2022:08:46:54 +0800] "GET /xingrg/check_reg.html?_=1664757928959 HTTP/1.1" 200 22
124.78.158.230 - - [03/Oct/2022:08:46:56 +0800] "GET /xingrg/kc/buy/cgsh_order_operate.html?command=get_materiel&rest_code=00106&code=00101008095&supplier_code=00100007&order_time=2022-10-03 HTTP/1.1" 200 412
116.230.105.139 - - [03/Oct/2022:08:46:57 +0800] "GET /xingrg/all/function/internal_message.html?_=1664757997843&CODE_STATE=getMsg HTTP/1.1" 200 27
120.253.135.82 - - [03/Oct/2022:08:46:58 +0800] "GET /xingrg/check_reg.html?_=1664758133420 HTTP/1.1" 200 22
120.253.135.82 - - [03/Oct/2022:08:46:58 +0800] "GET /xingrg/all/function/internal_message.html?_=1664758133556&CODE_STATE=getMsg HTTP/1.1" 200 27
116.224.255.128 - - [03/Oct/2022:08:46:59 +0800] "POST /xingrg/kc/buy/cgsh_order_operate.html HTTP/1.1" 200 37
180.169.147.146 - - [03/Oct/2022:08:46:59 +0800] "GET /xingrg/all/function/internal_message.html?_=1664758025858&CODE_STATE=getMsg HTTP/1.1" 200 27
124.78.158.230 - - [03/Oct/2022:08:47:05 +0800] "GET /xingrg/kc/buy/cgsh_order_operate.html?command=get_materiel&rest_code=00106&code=00101008110&supplier_code=00100007&order_time=2022-10-03 HTTP/1.1" 200 408
124.78.158.230 - - [03/Oct/2022:08:47:13 +0800] "POST /xingrg/kc/buy/cgsh_order_operate.html HTTP/1.1" 200 2065
120.253.135.82 - - [03/Oct/2022:08:47:14 +0800] "GET /xingrg/all/function/internal_message.html?_=1664757830331&CODE_STATE=getMsg HTTP/1.1" 200 27
124.78.158.230 - - [03/Oct/2022:08:47:20 +0800] "GET /xingrg/kc/buy/cgsh_order_operate.html?command=get_materiel&rest_code=00106&code=00101008061&supplier_code=00100007&order_time=2022-10-03 HTTP/1.1" 200 422
116.224.255.128 - - [03/Oct/2022:08:47:25 +0800] "GET /xingrg/all/function/internal_message.html?_=1664758071129&CODE_STATE=getMsg HTTP/1.1" 200 27
124.78.158.230 - - [03/Oct/2022:08:47:31 +0800] "GET /xingrg/all/function/internal_message.html?_=1664758048457&CODE_STATE=getMsg HTTP/1.1" 200 27
124.78.158.230 - - [03/Oct/2022:08:47:35 +0800] "GET /xingrg/kc/buy/cgsh_order_operate.html?command=get_materiel&rest_code=00106&code=00101008041&supplier_code=00100007&order_time=2022-10-03 HTTP/1.1" 200 408
116.224.255.128 - - [03/Oct/2022:08:47:38 +0800] "POST /xingrg/kc/buy/cgsh_order_operate.html HTTP/1.1" 200 19830
116.230.114.213 - - [03/Oct/2022:08:47:45 +0800] "GET /xingrg/all/function/internal_message.html?_=1664758064450&CODE_STATE=getMsg HTTP/1.1" 200 27
172.20.0.100 - - [03/Oct/2022:08:47:45 +0800] "GET /xingrg/all/function/internal_message.html?_=1664758062451&CODE_STATE=getMsg HTTP/1.1" 200 27
116.224.255.128 - - [03/Oct/2022:08:47:45 +0800] "GET /xingrg/all/function/internal_message.html?_=1664757980194&CODE_STATE=getMsg HTTP/1.1" 200 27
124.78.158.230 - - [03/Oct/2022:08:47:47 +0800] "POST /xingrg/kc/buy/cgsh_order_operate.html HTTP/1.1" 200 37
116.224.255.128 - - [03/Oct/2022:08:47:47 +0800] "GET /xingrg/kc/buy/cgsh_order_operate.html?command=get_materiel&rest_code=00150&code=00101008131&supplier_code=00100008&order_time=2022-10-03 HTTP/1.1" 200 23
124.78.158.230 - - [03/Oct/2022:08:47:55 +0800] "POST /xingrg/kc/buy/cgsh_order_operate.html HTTP/1.1" 200 31049
116.230.105.139 - - [03/Oct/2022:08:47:57 +0800] "GET /xingrg/check_reg.html?_=1664758057856 HTTP/1.1" 200 22
116.230.105.139 - - [03/Oct/2022:08:47:57 +0800] "GET /xingrg/all/function/internal_message.html?_=1664758057858&CODE_STATE=getMsg HTTP/1.1" 200 27
120.253.135.82 - - [03/Oct/2022:08:47:58 +0800] "GET /xingrg/all/function/internal_message.html?_=1664758193568&CODE_STATE=getMsg HTTP/1.1" 200 27
116.224.255.128 - - [03/Oct/2022:08:47:58 +0800] "GET /xingrg/login.html HTTP/1.1" 200 7641
180.169.147.146 - - [03/Oct/2022:08:47:59 +0800] "GET /xingrg/all/function/internal_message.html?_=1664758085888&CODE_STATE=getMsg HTTP/1.1" 200 27
116.224.255.128 - - [03/Oct/2022:08:47:59 +0800] "GET /xingrg/images/blue/jxLogo.png HTTP/1.1" 304 -
116.224.255.128 - - [03/Oct/2022:08:48:00 +0800] "GET /xingrg/images/blue/login_bg.png HTTP/1.1" 304 -
116.224.255.128 - - [03/Oct/2022:08:48:00 +0800] "GET /xingrg/images/blue/hj.png HTTP/1.1" 304 -
116.224.255.128 - - [03/Oct/2022:08:48:00 +0800] "GET /xingrg/images/blue/srbg.png HTTP/1.1" 304 -
116.224.255.128 - - [03/Oct/2022:08:48:00 +0800] "GET /favicon.ico HTTP/1.1" 404 -
116.224.255.128 - - [03/Oct/2022:08:48:01 +0800] "POST /xingrg/login.do HTTP/1.1" 302 -
116.224.255.128 - - [03/Oct/2022:08:48:01 +0800] "GET /xingrg/index.html?sysBaseUrl=http%3A%2F%2F180.169.147.146%3A18081%2Fxingrg%2F&costTime=43×tamp=1664758081426 HTTP/1.1" 200 17179
116.224.255.128 - - [03/Oct/2022:08:48:01 +0800] "GET /xingrg/javascript/jquery_easy_ui/themes/default/easyui.css HTTP/1.1" 304 -
116.224.255.128 - - [03/Oct/2022:08:48:01 +0800] "GET /xingrg/javascript/jquery_easy_ui/themes/icon.css HTTP/1.1" 304 -
116.224.255.128 - - [03/Oct/2022:08:48:01 +0800] "GET /xingrg/javascript/jquery.form.js HTTP/1.1" 304 -
116.224.255.128 - - [03/Oct/2022:08:48:01 +0800] "GET /xingrg/css/form.css HTTP/1.1" 304 -
116.224.255.128 - - [03/Oct/2022:08:48:01 +0800] "GET /xingrg/javascript/jquery-1.4.2.min.js HTTP/1.1" 304 -
116.224.255.128 - - [03/Oct/2022:08:48:01 +0800] "GET /xingrg/javascript/jquery.utils.js HTTP/1.1" 304 -
116.224.255.128 - - [03/Oct/2022:08:48:01 +0800] "GET /favicon.ico HTTP/1.1" 404 -
116.224.255.128 - - [03/Oct/2022:08:48:01 +0800] "GET /xingrg/javascript/jquery_easy_ui/jquery.easyui.min.js HTTP/1.1" 304 -
116.224.255.128 - - [03/Oct/2022:08:48:01 +0800] "GET /xingrg/javascript/jquery_easy_ui/easyui-lang-zh_CN.js HTTP/1.1" 304 -
116.224.255.128 - - [03/Oct/2022:08:48:01 +0800] "GET /xingrg/javascript/jquery.timers.js HTTP/1.1" 304 -
116.224.255.128 - - [03/Oct/2022:08:48:01 +0800] "GET /xingrg/images/blue/navBackgound.jpg HTTP/1.1" 304 -
116.224.255.128 - - [03/Oct/2022:08:48:01 +0800] "GET /xingrg/javascript/jquery_easy_ui/themes/icons/settle_new.png HTTP/1.1" 304 -
116.224.255.128 - - [03/Oct/2022:08:48:01 +0800] "GET /xingrg/images/blue/pingpu.png HTTP/1.1" 304 -
116.224.255.128 - - [03/Oct/2022:08:48:01 +0800] "POST /xingrg/all/common/load_tree.html?tree=area_rest_tree_json&manage=1 HTTP/1.1" 200 476
116.224.255.128 - - [03/Oct/2022:08:48:01 +0800] "GET /xingrg/javascript/jquery_easy_ui/themes/default/images/tabs_leftarrow.png HTTP/1.1" 304 -
116.224.255.128 - - [03/Oct/2022:08:48:01 +0800] "GET /xingrg/javascript/jquery_easy_ui/themes/default/images/tabs_rightarrow.png HTTP/1.1" 304 -
116.224.255.128 - - [03/Oct/2022:08:48:01 +0800] "GET /xingrg/javascript/jquery_easy_ui/themes/default/images/panel_tool_collapse.gif HTTP/1.1" 304 -
116.224.255.128 - - [03/Oct/2022:08:48:02 +0800] "GET /xingrg/all/function/internal_message.html?_=1664757996459&CODE_STATE=count HTTP/1.1" 200 11
116.224.255.128 - - [03/Oct/2022:08:48:02 +0800] "GET /xingrg/check_reg.html?_=1664757996460 HTTP/1.1" 200 22
116.224.255.128 - - [03/Oct/2022:08:48:02 +0800] "POST /xingrg/load_menu.html HTTP/1.1" 200 5138
116.224.255.128 - - [03/Oct/2022:08:48:02 +0800] "GET /xingrg/javascript/jquery_easy_ui/themes/default/images/tree_arrows.gif HTTP/1.1" 304 -
116.224.255.128 - - [03/Oct/2022:08:48:02 +0800] "GET /xingrg/javascript/jquery_easy_ui/themes/default/images/tree_folder_open.gif HTTP/1.1" 304 -
116.224.255.128 - - [03/Oct/2022:08:48:02 +0800] "GET /xingrg/javascript/jquery_easy_ui/themes/icons/search_new.png HTTP/1.1" 304 -
116.224.255.128 - - [03/Oct/2022:08:48:02 +0800] "GET /xingrg/javascript/jquery_easy_ui/themes/default/images/tree_folder.gif HTTP/1.1" 304 -
116.224.255.128 - - [03/Oct/2022:08:48:02 +0800] "GET /xingrg/javascript/jquery_easy_ui/themes/icons/storage_new.png HTTP/1.1" 304 -
116.224.255.128 - - [03/Oct/2022:08:48:02 +0800] "GET /xingrg/javascript/jquery_easy_ui/themes/icons/forms_new.png HTTP/1.1" 304 -
116.224.255.128 - - [03/Oct/2022:08:48:02 +0800] "GET /xingrg/javascript/jquery_easy_ui/themes/default/images/tree_file.gif HTTP/1.1" 304 -
116.224.255.128 - - [03/Oct/2022:08:48:04 +0800] "GET /xingrg/javascript/jquery_easy_ui/themes/default/images/tabs_close.gif HTTP/1.1" 304 -
116.224.255.128 - - [03/Oct/2022:08:48:04 +0800] "GET /xingrg/css/site.css HTTP/1.1" 304 -
116.224.255.128 - - [03/Oct/2022:08:48:04 +0800] "GET /xingrg/javascript/jquery_tools/datebox.css HTTP/1.1" 304 -
116.224.255.128 - - [03/Oct/2022:08:48:04 +0800] "GET /xingrg/css/base.css HTTP/1.1" 304 -
116.224.255.128 - - [03/Oct/2022:08:48:04 +0800] "GET /xingrg/javascript/easyui/themes/icon.css HTTP/1.1" 304 -
116.224.255.128 - - [03/Oct/2022:08:48:04 +0800] "GET /xingrg/javascript/easyui/themes/default/easyui.css HTTP/1.1" 304 -
116.224.255.128 - - [03/Oct/2022:08:48:04 +0800] "GET /xingrg/javascript/auto/jquery.autocomplete.css HTTP/1.1" 304 -
116.224.255.128 - - [03/Oct/2022:08:48:04 +0800] "GET /xingrg/javascript/jquery_tools/fix.css HTTP/1.1" 304 -
116.224.255.128 - - [03/Oct/2022:08:48:04 +0800] "GET /xingrg/javascript/jquery_tools/table.css HTTP/1.1" 304 -
116.224.255.128 - - [03/Oct/2022:08:48:04 +0800] "GET /xingrg/javascript/jquery_tools/jquery.tools.table.js HTTP/1.1" 304 -
116.224.255.128 - - [03/Oct/2022:08:48:04 +0800] "GET /xingrg/javascript/jquery_tools/jquery.tools.hotkey.js HTTP/1.1" 304 -
116.224.255.128 - - [03/Oct/2022:08:48:04 +0800] "GET /xingrg/javascript/jquery_tools/jquery.tools.min.js HTTP/1.1" 304 -
116.224.255.128 - - [03/Oct/2022:08:48:04 +0800] "GET /xingrg/javascript/jquery.cookie.js HTTP/1.1" 304 -
116.224.255.128 - - [03/Oct/2022:08:48:04 +0800] "GET /xingrg/javascript/print/LodopFuncs.js HTTP/1.1" 304 -
116.224.255.128 - - [03/Oct/2022:08:48:04 +0800] "GET /xingrg/javascript/jquery_tools/list_manager.js HTTP/1.1" 304 -
116.224.255.128 - - [03/Oct/2022:08:48:04 +0800] "GET /xingrg/javascript/auto/jquery.autocomplete.js HTTP/1.1" 304 -
116.224.255.128 - - [03/Oct/2022:08:48:04 +0800] "GET /xingrg/javascript/easyui/easyloader.js HTTP/1.1" 304 -
116.224.255.128 - - [03/Oct/2022:08:48:04 +0800] "GET /xingrg/kc/buy/cgsh_order_list.html HTTP/1.1" 200 53129
116.224.255.128 - - [03/Oct/2022:08:48:04 +0800] "GET /xingrg/javascript/jquery_tools/jquery.tools.extend.js HTTP/1.1" 304 -
116.224.255.128 - - [03/Oct/2022:08:48:05 +0800] "GET /xingrg/javascript/easyui/themes/icons/edit_add_new.png HTTP/1.1" 304 -
116.224.255.128 - - [03/Oct/2022:08:48:05 +0800] "GET /xingrg/javascript/easyui/themes/icons/cance_new.png HTTP/1.1" 304 -
116.224.255.128 - - [03/Oct/2022:08:48:05 +0800] "GET /xingrg/javascript/easyui/themes/icons/field_new.png HTTP/1.1" 304 -
116.224.255.128 - - [03/Oct/2022:08:48:05 +0800] "GET /xingrg/javascript/easyui/themes/icons/check_new.png HTTP/1.1" 304 -
116.224.255.128 - - [03/Oct/2022:08:48:05 +0800] "GET /xingrg/javascript/easyui/themes/icons/import_new.png HTTP/1.1" 304 -
116.224.255.128 - - [03/Oct/2022:08:48:05 +0800] "GET /xingrg/javascript/easyui/plugins/jquery.parser.js HTTP/1.1" 304 -
116.224.255.128 - - [03/Oct/2022:08:48:05 +0800] "GET /xingrg/images/control/ajaxLoader.gif HTTP/1.1" 304 -
116.224.255.128 - - [03/Oct/2022:08:48:07 +0800] "POST /xingrg/kc/buy/cgsh_list_operate.html HTTP/1.1" 200 1887
116.224.255.128 - - [03/Oct/2022:08:48:09 +0800] "POST /xingrg/kc/buy/cgsh_list_operate.html HTTP/1.1" 200 569
116.224.255.128 - - [03/Oct/2022:08:48:10 +0800] "GET /xingrg/kc/buy/cgsh_order_info.html?code=212022100300750 HTTP/1.1" 200 68926
116.224.255.128 - - [03/Oct/2022:08:48:10 +0800] "GET /xingrg/javascript/pic_change.js HTTP/1.1" 304 -
116.224.255.128 - - [03/Oct/2022:08:48:10 +0800] "GET /xingrg/javascript/convert.js HTTP/1.1" 304 -
116.224.255.128 - - [03/Oct/2022:08:48:10 +0800] "GET /xingrg/javascript/jquery_tools/order_manager.js HTTP/1.1" 304 -
