58.37.225.234 - - [03/Oct/2022:10:55:55 +0800] "GET /xingrg/all/function/internal_message.html?_=1664765753133&CODE_STATE=getMsg HTTP/1.1" 200 27
180.169.147.146 - - [03/Oct/2022:10:55:56 +0800] "GET /xingrg/all/function/internal_message.html?_=1664765754739&CODE_STATE=getMsg HTTP/1.1" 200 27
116.230.105.139 - - [03/Oct/2022:10:55:57 +0800] "GET /xingrg/all/function/internal_message.html?_=1664765737853&CODE_STATE=getMsg HTTP/1.1" 200 27
221.239.141.151 - - [03/Oct/2022:10:55:58 +0800] "GET /xingrg/kc/buy/cgsh_order_operate.html?command=get_materiel&rest_code=00102&code=00101008347&supplier_code=00100008&order_time=2022-10-03 HTTP/1.1" 200 408
180.169.147.146 - - [03/Oct/2022:10:56:01 +0800] "GET /xingrg/all/function/internal_message.html?_=1664765767970&CODE_STATE=getMsg HTTP/1.1" 200 27
180.169.147.146 - - [03/Oct/2022:10:56:02 +0800] "GET /xingrg/all/report/report_query.html?isQuery=1&fileName=kc/buy/wlcg_cate_hz.xml&queryString=(CONVERT(char(10)%2Ca.order_time%2C%20120)%3E%3D'2022-09-01')%20and%20(CONVERT(char(10)%2Ca.order_time%2C%20120)%3C%3D'2022-09-30')%20and%20(a.base_code%20in%20('0010376'))%20and%20(a.supplier_code%3D'00100242')%20and%20(a.base_code%3D'0010376')&queryText=%E3%80%90%E9%87%87%E8%B4%AD%E6%97%A5%E6%9C%9F%3A2022-09-01%20%E8%87%B3%202022-09-30%E3%80%91%20%E5%B9%B6%E4%B8%94%20%20%E3%80%90%E6%9F%A5%E8%AF%A2%E4%BB%93%E5%BA%93%20%3D%20%E6%B5%B7%E9%B2%9C%E6%B1%A0%E3%80%91%20%E5%B9%B6%E4%B8%94%20%E3%80%90%E4%BE%9B%E5%BA%94%E5%95%86%3D%E8%91%B1%E6%B2%B9%E9%A5%BC%E3%80%91%E5%B9%B6%E4%B8%94%E3%80%90%E4%BB%93%E5%BA%93%E5%90%8D%E7%A7%B0%20%3D%20%E6%B5%B7%E9%B2%9C%E6%B1%A0%E3%80%91&rand=0.9611331512039375 HTTP/1.1" 200 54510
180.169.147.146 - - [03/Oct/2022:10:56:02 +0800] "GET /xingrg/all/report/report_query.html?isQuery=1&fileName=kc/buy/wlcg_cate_hz.xml&queryString=(CONVERT(char(10)%2Ca.order_time%2C%20120)%3E%3D'2022-09-01')%20and%20(CONVERT(char(10)%2Ca.order_time%2C%20120)%3C%3D'2022-09-30')%20and%20(a.base_code%20in%20('0010376'))%20and%20(a.supplier_code%3D'00100242')%20and%20(a.base_code%3D'0010376')&queryText=%E3%80%90%E9%87%87%E8%B4%AD%E6%97%A5%E6%9C%9F%3A2022-09-01%20%E8%87%B3%202022-09-30%E3%80%91%20%E5%B9%B6%E4%B8%94%20%20%E3%80%90%E6%9F%A5%E8%AF%A2%E4%BB%93%E5%BA%93%20%3D%20%E6%B5%B7%E9%B2%9C%E6%B1%A0%E3%80%91%20%E5%B9%B6%E4%B8%94%20%E3%80%90%E4%BE%9B%E5%BA%94%E5%95%86%3D%E8%91%B1%E6%B2%B9%E9%A5%BC%E3%80%91%E5%B9%B6%E4%B8%94%E3%80%90%E4%BB%93%E5%BA%93%E5%90%8D%E7%A7%B0%20%3D%20%E6%B5%B7%E9%B2%9C%E6%B1%A0%E3%80%91&rand=0.9611331512039375 HTTP/1.1" 200 54510
180.169.147.146 - - [03/Oct/2022:10:56:02 +0800] "GET /xingrg/dwr/interface/AjaxReportQueryService.js HTTP/1.1" 200 13203
180.169.147.146 - - [03/Oct/2022:10:56:02 +0800] "GET /xingrg/dwr/engine.js HTTP/1.1" 200 43631
116.225.121.189 - - [03/Oct/2022:10:56:02 +0800] "GET /xingrg/all/function/internal_message.html?_=1664765762354&CODE_STATE=getMsg HTTP/1.1" 200 27
180.169.147.146 - - [03/Oct/2022:10:56:03 +0800] "POST /xingrg/all/report/load_report_page.html HTTP/1.1" 200 8705
180.169.147.146 - - [03/Oct/2022:10:56:03 +0800] "GET /xingrg/servlets/image?cache=0.5402568551612565&image=px HTTP/1.1" 200 807
114.83.216.252 - - [03/Oct/2022:10:56:05 +0800] "GET /xingrg/all/function/internal_message.html?_=1664765762319&CODE_STATE=getMsg HTTP/1.1" 200 27
180.169.147.146 - - [03/Oct/2022:10:56:06 +0800] "POST /xingrg/all/report/load_report_page.html HTTP/1.1" 200 13058
180.169.147.146 - - [03/Oct/2022:10:56:06 +0800] "GET /xingrg/servlets/image?cache=0.37077952369558986&image=px HTTP/1.1" 200 807
116.230.114.213 - - [03/Oct/2022:10:56:07 +0800] "POST /xingrg/services/DataTransmitService HTTP/1.1" 200 524
120.253.135.82 - - [03/Oct/2022:10:56:07 +0800] "GET /xingrg/all/function/internal_message.html?_=1664765882810&CODE_STATE=getMsg HTTP/1.1" 200 27
116.230.114.213 - - [03/Oct/2022:10:56:09 +0800] "POST /xingrg/services/DataTransmitService HTTP/1.1" 200 412
221.239.141.151 - - [03/Oct/2022:10:56:09 +0800] "GET /xingrg/kc/buy/cgsh_order_operate.html?command=get_materiel&rest_code=00102&code=00101015004&supplier_code=00100008&order_time=2022-10-03 HTTP/1.1" 200 428
58.35.213.73 - - [03/Oct/2022:10:56:13 +0800] "POST /xingrg/services/DataTransmitService HTTP/1.1" 200 524
58.35.213.73 - - [03/Oct/2022:10:56:14 +0800] "POST /xingrg/services/DataTransmitService HTTP/1.1" 200 2147
58.35.213.73 - - [03/Oct/2022:10:56:14 +0800] "POST /xingrg/services/DataTransmitService HTTP/1.1" 200 125655
124.79.246.218 - - [03/Oct/2022:10:56:16 +0800] "GET /xingrg/all/function/internal_message.html?_=1664765974565&CODE_STATE=getMsg HTTP/1.1" 200 27
172.20.0.100 - - [03/Oct/2022:10:56:17 +0800] "GET /xingrg/all/function/internal_message.html?_=1664765774250&CODE_STATE=getMsg HTTP/1.1" 200 27
116.224.255.128 - - [03/Oct/2022:10:56:18 +0800] "GET /xingrg/all/function/internal_message.html?_=1664765692555&CODE_STATE=getMsg HTTP/1.1" 200 27
116.225.121.189 - - [03/Oct/2022:10:56:20 +0800] "GET /xingrg/all/function/internal_message.html?_=1664765634497&CODE_STATE=getMsg HTTP/1.1" 200 27
221.239.141.151 - - [03/Oct/2022:10:56:21 +0800] "GET /xingrg/kc/buy/cgsh_order_operate.html?command=get_materiel&rest_code=00102&code=00101015060&supplier_code=00100008&order_time=2022-10-03 HTTP/1.1" 200 412
116.224.255.128 - - [03/Oct/2022:10:56:25 +0800] "GET /xingrg/all/function/internal_message.html?_=1664765811132&CODE_STATE=getMsg HTTP/1.1" 200 27
180.169.147.146 - - [03/Oct/2022:10:56:29 +0800] "GET /xingrg/all/report/report_query.html?isQuery=1&fileName=kc/buy/wlcg_cate_hz.xml&queryString=(CONVERT(char(10)%2Ca.order_time%2C%20120)%3E%3D'2022-09-01')%20and%20(CONVERT(char(10)%2Ca.order_time%2C%20120)%3C%3D'2022-09-30')%20and%20(a.base_code%20in%20('0010376'))%20and%20(a.supplier_code%3D'00100454')%20and%20(a.base_code%3D'0010376')&queryText=%E3%80%90%E9%87%87%E8%B4%AD%E6%97%A5%E6%9C%9F%3A2022-09-01%20%E8%87%B3%202022-09-30%E3%80%91%20%E5%B9%B6%E4%B8%94%20%20%E3%80%90%E6%9F%A5%E8%AF%A2%E4%BB%93%E5%BA%93%20%3D%20%E6%B5%B7%E9%B2%9C%E6%B1%A0%E3%80%91%20%E5%B9%B6%E4%B8%94%20%E3%80%90%E4%BE%9B%E5%BA%94%E5%95%86%3D%E6%B2%B3%E9%B2%9C%EF%BC%88%E7%8E%8B%E6%A0%91%E6%9E%97%EF%BC%89%E3%80%91%E5%B9%B6%E4%B8%94%E3%80%90%E4%BB%93%E5%BA%93%E5%90%8D%E7%A7%B0%20%3D%20%E6%B5%B7%E9%B2%9C%E6%B1%A0%E3%80%91&rand=0.4222730359414813 HTTP/1.1" 200 54526
180.169.147.146 - - [03/Oct/2022:10:56:29 +0800] "GET /xingrg/all/report/report_query.html?isQuery=1&fileName=kc/buy/wlcg_cate_hz.xml&queryString=(CONVERT(char(10)%2Ca.order_time%2C%20120)%3E%3D'2022-09-01')%20and%20(CONVERT(char(10)%2Ca.order_time%2C%20120)%3C%3D'2022-09-30')%20and%20(a.base_code%20in%20('0010376'))%20and%20(a.supplier_code%3D'00100454')%20and%20(a.base_code%3D'0010376')&queryText=%E3%80%90%E9%87%87%E8%B4%AD%E6%97%A5%E6%9C%9F%3A2022-09-01%20%E8%87%B3%202022-09-30%E3%80%91%20%E5%B9%B6%E4%B8%94%20%20%E3%80%90%E6%9F%A5%E8%AF%A2%E4%BB%93%E5%BA%93%20%3D%20%E6%B5%B7%E9%B2%9C%E6%B1%A0%E3%80%91%20%E5%B9%B6%E4%B8%94%20%E3%80%90%E4%BE%9B%E5%BA%94%E5%95%86%3D%E6%B2%B3%E9%B2%9C%EF%BC%88%E7%8E%8B%E6%A0%91%E6%9E%97%EF%BC%89%E3%80%91%E5%B9%B6%E4%B8%94%E3%80%90%E4%BB%93%E5%BA%93%E5%90%8D%E7%A7%B0%20%3D%20%E6%B5%B7%E9%B2%9C%E6%B1%A0%E3%80%91&rand=0.4222730359414813 HTTP/1.1" 200 54526
180.169.147.146 - - [03/Oct/2022:10:56:29 +0800] "GET /xingrg/dwr/interface/AjaxReportQueryService.js HTTP/1.1" 200 13203
180.169.147.146 - - [03/Oct/2022:10:56:29 +0800] "GET /xingrg/dwr/engine.js HTTP/1.1" 200 43631
116.225.121.189 - - [03/Oct/2022:10:56:29 +0800] "GET /xingrg/kc/buy/cgsh_order_operate.html?command=get_materiel&rest_code=00105&code=00101008096&supplier_code=00100203&order_time=2022-10-03 HTTP/1.1" 200 412
114.83.219.57 - - [03/Oct/2022:10:56:30 +0800] "GET /xingrg/check_reg.html?_=1664765878490 HTTP/1.1" 200 22
116.230.114.213 - - [03/Oct/2022:10:56:30 +0800] "GET /xingrg/all/function/internal_message.html?_=1664765789947&CODE_STATE=getMsg HTTP/1.1" 200 27
180.169.147.146 - - [03/Oct/2022:10:56:30 +0800] "POST /xingrg/all/report/load_report_page.html HTTP/1.1" 200 8707
114.83.219.57 - - [03/Oct/2022:10:56:30 +0800] "GET /xingrg/all/function/internal_message.html?_=1664765878491&CODE_STATE=getMsg HTTP/1.1" 200 27
180.169.147.146 - - [03/Oct/2022:10:56:30 +0800] "GET /xingrg/servlets/image?cache=0.3250523560652382&image=px HTTP/1.1" 200 807
124.78.158.230 - - [03/Oct/2022:10:56:31 +0800] "GET /xingrg/all/function/internal_message.html?_=1664765787393&CODE_STATE=getMsg HTTP/1.1" 200 27
221.239.141.151 - - [03/Oct/2022:10:56:31 +0800] "GET /xingrg/check_reg.html?_=1664765791380 HTTP/1.1" 200 22
221.239.141.151 - - [03/Oct/2022:10:56:31 +0800] "GET /xingrg/all/function/internal_message.html?_=1664765791430&CODE_STATE=getMsg HTTP/1.1" 200 27
180.169.147.146 - - [03/Oct/2022:10:56:32 +0800] "POST /xingrg/all/report/load_report_page.html HTTP/1.1" 200 19787
180.169.147.146 - - [03/Oct/2022:10:56:32 +0800] "GET /xingrg/servlets/image?cache=0.9425695371890693&image=px HTTP/1.1" 200 807
222.70.183.206 - - [03/Oct/2022:10:56:33 +0800] "GET /xingrg/all/function/internal_message.html?_=1664765524662&CODE_STATE=getMsg HTTP/1.1" 200 27
221.239.141.151 - - [03/Oct/2022:10:56:34 +0800] "GET /xingrg/kc/buy/cgsh_order_operate.html?command=get_materiel&rest_code=00102&code=00101008439&supplier_code=00100008&order_time=2022-10-03 HTTP/1.1" 200 412
116.224.255.128 - - [03/Oct/2022:10:56:38 +0800] "GET /xingrg/check_reg.html?_=1664765713117 HTTP/1.1" 200 22
221.239.141.151 - - [03/Oct/2022:10:56:42 +0800] "GET /xingrg/kc/buy/cgsh_order_operate.html?command=get_materiel&rest_code=00102&code=00101015003&supplier_code=00100008&order_time=2022-10-03 HTTP/1.1" 200 412
180.169.147.146 - - [03/Oct/2022:10:56:43 +0800] "GET /xingrg/all/function/internal_message.html?_=1664765800063&CODE_STATE=getMsg HTTP/1.1" 200 27
180.169.147.146 - - [03/Oct/2022:10:56:43 +0800] "GET /xingrg/all/report/report_query.html?isQuery=1&fileName=kc/buy/wlcg_cate_hz.xml&queryString=(CONVERT(char(10)%2Ca.order_time%2C%20120)%3E%3D'2022-09-01')%20and%20(CONVERT(char(10)%2Ca.order_time%2C%20120)%3C%3D'2022-09-30')%20and%20(a.base_code%20in%20('0010376'))%20and%20(a.supplier_code%3D'00100561')%20and%20(a.base_code%3D'0010376')&queryText=%E3%80%90%E9%87%87%E8%B4%AD%E6%97%A5%E6%9C%9F%3A2022-09-01%20%E8%87%B3%202022-09-30%E3%80%91%20%E5%B9%B6%E4%B8%94%20%20%E3%80%90%E6%9F%A5%E8%AF%A2%E4%BB%93%E5%BA%93%20%3D%20%E6%B5%B7%E9%B2%9C%E6%B1%A0%E3%80%91%20%E5%B9%B6%E4%B8%94%20%E3%80%90%E4%BE%9B%E5%BA%94%E5%95%86%3D%E4%B8%8A%E6%B5%B7%E8%87%BB%E5%AE%B4%E9%A3%9F%E5%93%81%E6%9C%89%E9%99%90%E5%85%AC%E5%8F%B8%E3%80%91%E5%B9%B6%E4%B8%94%E3%80%90%E4%BB%93%E5%BA%93%E5%90%8D%E7%A7%B0%20%3D%20%E6%B5%B7%E9%B2%9C%E6%B1%A0%E3%80%91&rand=0.021629070493085267 HTTP/1.1" 200 54538
180.169.147.146 - - [03/Oct/2022:10:56:43 +0800] "GET /xingrg/all/report/report_query.html?isQuery=1&fileName=kc/buy/wlcg_cate_hz.xml&queryString=(CONVERT(char(10)%2Ca.order_time%2C%20120)%3E%3D'2022-09-01')%20and%20(CONVERT(char(10)%2Ca.order_time%2C%20120)%3C%3D'2022-09-30')%20and%20(a.base_code%20in%20('0010376'))%20and%20(a.supplier_code%3D'00100561')%20and%20(a.base_code%3D'0010376')&queryText=%E3%80%90%E9%87%87%E8%B4%AD%E6%97%A5%E6%9C%9F%3A2022-09-01%20%E8%87%B3%202022-09-30%E3%80%91%20%E5%B9%B6%E4%B8%94%20%20%E3%80%90%E6%9F%A5%E8%AF%A2%E4%BB%93%E5%BA%93%20%3D%20%E6%B5%B7%E9%B2%9C%E6%B1%A0%E3%80%91%20%E5%B9%B6%E4%B8%94%20%E3%80%90%E4%BE%9B%E5%BA%94%E5%95%86%3D%E4%B8%8A%E6%B5%B7%E8%87%BB%E5%AE%B4%E9%A3%9F%E5%93%81%E6%9C%89%E9%99%90%E5%85%AC%E5%8F%B8%E3%80%91%E5%B9%B6%E4%B8%94%E3%80%90%E4%BB%93%E5%BA%93%E5%90%8D%E7%A7%B0%20%3D%20%E6%B5%B7%E9%B2%9C%E6%B1%A0%E3%80%91&rand=0.021629070493085267 HTTP/1.1" 200 54538
180.169.147.146 - - [03/Oct/2022:10:56:43 +0800] "GET /xingrg/dwr/interface/AjaxReportQueryService.js HTTP/1.1" 200 13203
180.169.147.146 - - [03/Oct/2022:10:56:44 +0800] "GET /xingrg/dwr/engine.js HTTP/1.1" 200 43631
180.169.147.146 - - [03/Oct/2022:10:56:45 +0800] "POST /xingrg/all/report/load_report_page.html HTTP/1.1" 200 8723
180.169.147.146 - - [03/Oct/2022:10:56:45 +0800] "GET /xingrg/servlets/image?cache=0.009898668631962981&image=px HTTP/1.1" 200 807
114.84.81.136 - - [03/Oct/2022:10:56:46 +0800] "GET /xingrg/all/function/internal_message.html?_=1664765803567&CODE_STATE=getMsg HTTP/1.1" 200 27
180.169.147.146 - - [03/Oct/2022:10:56:47 +0800] "POST /xingrg/all/report/load_report_page.html HTTP/1.1" 200 13034
180.169.147.146 - - [03/Oct/2022:10:56:47 +0800] "GET /xingrg/servlets/image?cache=0.8036502960852442&image=px HTTP/1.1" 200 807
58.35.213.73 - - [03/Oct/2022:10:56:50 +0800] "POST /xingrg/services/DataTransmitService HTTP/1.1" 200 524
58.35.213.73 - - [03/Oct/2022:10:56:51 +0800] "POST /xingrg/services/DataTransmitService HTTP/1.1" 200 2147
58.35.213.73 - - [03/Oct/2022:10:56:51 +0800] "POST /xingrg/services/DataTransmitService HTTP/1.1" 200 524
58.35.213.73 - - [03/Oct/2022:10:56:51 +0800] "POST /xingrg/services/DataTransmitService HTTP/1.1" 200 2147
58.35.213.73 - - [03/Oct/2022:10:56:52 +0800] "POST /xingrg/services/DataTransmitService HTTP/1.1" 200 524
180.169.147.146 - - [03/Oct/2022:10:56:52 +0800] "GET /xingrg/all/report/report_query.html?isQuery=1&fileName=kc/buy/wlcg_cate_hz.xml&queryString=(CONVERT(char(10)%2Ca.order_time%2C%20120)%3E%3D'2022-09-01')%20and%20(CONVERT(char(10)%2Ca.order_time%2C%20120)%3C%3D'2022-09-30')%20and%20(a.base_code%20in%20('0010376'))%20and%20(a.supplier_code%3D'00100486')%20and%20(a.base_code%3D'0010376')&queryText=%E3%80%90%E9%87%87%E8%B4%AD%E6%97%A5%E6%9C%9F%3A2022-09-01%20%E8%87%B3%202022-09-30%E3%80%91%20%E5%B9%B6%E4%B8%94%20%20%E3%80%90%E6%9F%A5%E8%AF%A2%E4%BB%93%E5%BA%93%20%3D%20%E6%B5%B7%E9%B2%9C%E6%B1%A0%E3%80%91%20%E5%B9%B6%E4%B8%94%20%E3%80%90%E4%BE%9B%E5%BA%94%E5%95%86%3D%E4%B8%8A%E6%B5%B7%E8%B0%A2%E6%B0%8F%E6%B8%94%E5%85%B7%E8%AE%BE%E5%A4%87%E5%95%86%E8%A1%8C%E3%80%91%E5%B9%B6%E4%B8%94%E3%80%90%E4%BB%93%E5%BA%93%E5%90%8D%E7%A7%B0%20%3D%20%E6%B5%B7%E9%B2%9C%E6%B1%A0%E3%80%91&rand=0.1361140488746309 HTTP/1.1" 200 54538
180.169.147.146 - - [03/Oct/2022:10:56:52 +0800] "GET /xingrg/all/report/report_query.html?isQuery=1&fileName=kc/buy/wlcg_cate_hz.xml&queryString=(CONVERT(char(10)%2Ca.order_time%2C%20120)%3E%3D'2022-09-01')%20and%20(CONVERT(char(10)%2Ca.order_time%2C%20120)%3C%3D'2022-09-30')%20and%20(a.base_code%20in%20('0010376'))%20and%20(a.supplier_code%3D'00100486')%20and%20(a.base_code%3D'0010376')&queryText=%E3%80%90%E9%87%87%E8%B4%AD%E6%97%A5%E6%9C%9F%3A2022-09-01%20%E8%87%B3%202022-09-30%E3%80%91%20%E5%B9%B6%E4%B8%94%20%20%E3%80%90%E6%9F%A5%E8%AF%A2%E4%BB%93%E5%BA%93%20%3D%20%E6%B5%B7%E9%B2%9C%E6%B1%A0%E3%80%91%20%E5%B9%B6%E4%B8%94%20%E3%80%90%E4%BE%9B%E5%BA%94%E5%95%86%3D%E4%B8%8A%E6%B5%B7%E8%B0%A2%E6%B0%8F%E6%B8%94%E5%85%B7%E8%AE%BE%E5%A4%87%E5%95%86%E8%A1%8C%E3%80%91%E5%B9%B6%E4%B8%94%E3%80%90%E4%BB%93%E5%BA%93%E5%90%8D%E7%A7%B0%20%3D%20%E6%B5%B7%E9%B2%9C%E6%B1%A0%E3%80%91&rand=0.1361140488746309 HTTP/1.1" 200 54538
58.35.213.73 - - [03/Oct/2022:10:56:52 +0800] "POST /xingrg/services/DataTransmitService HTTP/1.1" 200 2147
180.169.147.146 - - [03/Oct/2022:10:56:52 +0800] "GET /xingrg/dwr/interface/AjaxReportQueryService.js HTTP/1.1" 200 13203
180.169.147.146 - - [03/Oct/2022:10:56:52 +0800] "GET /xingrg/dwr/engine.js HTTP/1.1" 200 43631
58.35.213.73 - - [03/Oct/2022:10:56:52 +0800] "POST /xingrg/services/DataTransmitService HTTP/1.1" 200 524
58.35.213.73 - - [03/Oct/2022:10:56:53 +0800] "POST /xingrg/services/DataTransmitService HTTP/1.1" 200 2147
58.35.213.73 - - [03/Oct/2022:10:56:53 +0800] "POST /xingrg/services/DataTransmitService HTTP/1.1" 200 524
58.35.213.73 - - [03/Oct/2022:10:56:53 +0800] "POST /xingrg/services/DataTransmitService HTTP/1.1" 200 2147
180.169.147.146 - - [03/Oct/2022:10:56:53 +0800] "POST /xingrg/all/report/load_report_page.html HTTP/1.1" 200 8705
180.169.147.146 - - [03/Oct/2022:10:56:53 +0800] "GET /xingrg/servlets/image?cache=0.5560736223298894&image=px HTTP/1.1" 200 807
180.169.147.146 - - [03/Oct/2022:10:56:54 +0800] "GET /xingrg/all/function/internal_message.html?_=1664765811895&CODE_STATE=getMsg HTTP/1.1" 200 27
124.79.74.72 - - [03/Oct/2022:10:56:54 +0800] "GET /xingrg/all/function/internal_message.html?_=1664765811989&CODE_STATE=getMsg HTTP/1.1" 200 27
221.239.141.151 - - [03/Oct/2022:10:56:55 +0800] "GET /xingrg/kc/buy/cgsh_order_operate.html?command=get_materiel&rest_code=00102&code=00101015100&supplier_code=00100008&order_time=2022-10-03 HTTP/1.1" 200 426
58.37.225.234 - - [03/Oct/2022:10:56:55 +0800] "GET /xingrg/all/function/internal_message.html?_=1664765813104&CODE_STATE=getMsg HTTP/1.1" 200 27
180.169.147.146 - - [03/Oct/2022:10:56:55 +0800] "POST /xingrg/all/report/load_report_page.html HTTP/1.1" 200 13040
180.169.147.146 - - [03/Oct/2022:10:56:55 +0800] "GET /xingrg/servlets/image?cache=0.19011811794331035&image=px HTTP/1.1" 200 807
180.169.147.146 - - [03/Oct/2022:10:56:56 +0800] "GET /xingrg/all/function/internal_message.html?_=1664765814739&CODE_STATE=getMsg HTTP/1.1" 200 27
116.230.105.139 - - [03/Oct/2022:10:56:57 +0800] "GET /xingrg/all/function/internal_message.html?_=1664765797847&CODE_STATE=getMsg HTTP/1.1" 200 27
180.169.147.146 - - [03/Oct/2022:10:57:00 +0800] "GET /xingrg/all/report/report_query.html?isQuery=1&fileName=kc/buy/wlcg_cate_hz.xml&queryString=(CONVERT(char(10)%2Ca.order_time%2C%20120)%3E%3D'2022-09-01')%20and%20(CONVERT(char(10)%2Ca.order_time%2C%20120)%3C%3D'2022-09-30')%20and%20(a.base_code%20in%20('0010376'))%20and%20(a.supplier_code%3D'00100482')%20and%20(a.base_code%3D'0010376')&queryText=%E3%80%90%E9%87%87%E8%B4%AD%E6%97%A5%E6%9C%9F%3A2022-09-01%20%E8%87%B3%202022-09-30%E3%80%91%20%E5%B9%B6%E4%B8%94%20%20%E3%80%90%E6%9F%A5%E8%AF%A2%E4%BB%93%E5%BA%93%20%3D%20%E6%B5%B7%E9%B2%9C%E6%B1%A0%E3%80%91%20%E5%B9%B6%E4%B8%94%20%E3%80%90%E4%BE%9B%E5%BA%94%E5%95%86%3D%E4%B8%8A%E6%B5%B7%E5%B8%82%E5%AE%9D%E5%B1%B1%E5%8C%BA%E5%90%B4%E5%80%A9%E7%BB%8F%E8%90%A5%E9%83%A8%E3%80%91%E5%B9%B6%E4%B8%94%E3%80%90%E4%BB%93%E5%BA%93%E5%90%8D%E7%A7%B0%20%3D%20%E6%B5%B7%E9%B2%9C%E6%B1%A0%E3%80%91&rand=0.9928000166862319 HTTP/1.1" 200 54542
180.169.147.146 - - [03/Oct/2022:10:57:00 +0800] "GET /xingrg/all/report/report_query.html?isQuery=1&fileName=kc/buy/wlcg_cate_hz.xml&queryString=(CONVERT(char(10)%2Ca.order_time%2C%20120)%3E%3D'2022-09-01')%20and%20(CONVERT(char(10)%2Ca.order_time%2C%20120)%3C%3D'2022-09-30')%20and%20(a.base_code%20in%20('0010376'))%20and%20(a.supplier_code%3D'00100482')%20and%20(a.base_code%3D'0010376')&queryText=%E3%80%90%E9%87%87%E8%B4%AD%E6%97%A5%E6%9C%9F%3A2022-09-01%20%E8%87%B3%202022-09-30%E3%80%91%20%E5%B9%B6%E4%B8%94%20%20%E3%80%90%E6%9F%A5%E8%AF%A2%E4%BB%93%E5%BA%93%20%3D%20%E6%B5%B7%E9%B2%9C%E6%B1%A0%E3%80%91%20%E5%B9%B6%E4%B8%94%20%E3%80%90%E4%BE%9B%E5%BA%94%E5%95%86%3D%E4%B8%8A%E6%B5%B7%E5%B8%82%E5%AE%9D%E5%B1%B1%E5%8C%BA%E5%90%B4%E5%80%A9%E7%BB%8F%E8%90%A5%E9%83%A8%E3%80%91%E5%B9%B6%E4%B8%94%E3%80%90%E4%BB%93%E5%BA%93%E5%90%8D%E7%A7%B0%20%3D%20%E6%B5%B7%E9%B2%9C%E6%B1%A0%E3%80%91&rand=0.9928000166862319 HTTP/1.1" 200 54542
180.169.147.146 - - [03/Oct/2022:10:57:00 +0800] "GET /xingrg/dwr/interface/AjaxReportQueryService.js HTTP/1.1" 200 13203
180.169.147.146 - - [03/Oct/2022:10:57:00 +0800] "GET /xingrg/dwr/engine.js HTTP/1.1" 200 43631
120.253.135.82 - - [03/Oct/2022:10:57:00 +0800] "GET /xingrg/check_reg.html?_=1664765935498 HTTP/1.1" 200 22
180.169.147.146 - - [03/Oct/2022:10:57:01 +0800] "POST /xingrg/all/report/load_report_page.html HTTP/1.1" 200 8717
180.169.147.146 - - [03/Oct/2022:10:57:01 +0800] "GET /xingrg/servlets/image?cache=0.18528796085674448&image=px HTTP/1.1" 200 807
180.169.147.146 - - [03/Oct/2022:10:57:01 +0800] "GET /xingrg/all/function/internal_message.html?_=1664765827983&CODE_STATE=getMsg HTTP/1.1" 200 27
116.225.121.189 - - [03/Oct/2022:10:57:02 +0800] "GET /xingrg/all/function/internal_message.html?_=1664765822354&CODE_STATE=getMsg HTTP/1.1" 200 27
114.83.216.252 - - [03/Oct/2022:10:57:05 +0800] "GET /xingrg/all/function/internal_message.html?_=1664765822289&CODE_STATE=getMsg HTTP/1.1" 200 27
180.169.147.146 - - [03/Oct/2022:10:57:05 +0800] "GET /xingrg/all/report/report_query.html?isQuery=1&fileName=kc/buy/wlcg_cate_hz.xml&queryString=(CONVERT(char(10)%2Ca.order_time%2C%20120)%3E%3D'2022-09-01')%20and%20(CONVERT(char(10)%2Ca.order_time%2C%20120)%3C%3D'2022-09-30')%20and%20(a.base_code%20in%20('0010376'))%20and%20(a.supplier_code%3D'00100482')%20and%20(a.base_code%3D'0010376')&queryText=%E3%80%90%E9%87%87%E8%B4%AD%E6%97%A5%E6%9C%9F%3A2022-09-01%20%E8%87%B3%202022-09-30%E3%80%91%20%E5%B9%B6%E4%B8%94%20%20%E3%80%90%E6%9F%A5%E8%AF%A2%E4%BB%93%E5%BA%93%20%3D%20%E6%B5%B7%E9%B2%9C%E6%B1%A0%E3%80%91%20%E5%B9%B6%E4%B8%94%20%E3%80%90%E4%BE%9B%E5%BA%94%E5%95%86%3D%E4%B8%8A%E6%B5%B7%E5%B8%82%E5%AE%9D%E5%B1%B1%E5%8C%BA%E5%90%B4%E5%80%A9%E7%BB%8F%E8%90%A5%E9%83%A8%E3%80%91%E5%B9%B6%E4%B8%94%E3%80%90%E4%BB%93%E5%BA%93%E5%90%8D%E7%A7%B0%20%3D%20%E6%B5%B7%E9%B2%9C%E6%B1%A0%E3%80%91&rand=0.3093759709425989 HTTP/1.1" 200 54542
180.169.147.146 - - [03/Oct/2022:10:57:05 +0800] "GET /xingrg/all/report/report_query.html?isQuery=1&fileName=kc/buy/wlcg_cate_hz.xml&queryString=(CONVERT(char(10)%2Ca.order_time%2C%20120)%3E%3D'2022-09-01')%20and%20(CONVERT(char(10)%2Ca.order_time%2C%20120)%3C%3D'2022-09-30')%20and%20(a.base_code%20in%20('0010376'))%20and%20(a.supplier_code%3D'00100482')%20and%20(a.base_code%3D'0010376')&queryText=%E3%80%90%E9%87%87%E8%B4%AD%E6%97%A5%E6%9C%9F%3A2022-09-01%20%E8%87%B3%202022-09-30%E3%80%91%20%E5%B9%B6%E4%B8%94%20%20%E3%80%90%E6%9F%A5%E8%AF%A2%E4%BB%93%E5%BA%93%20%3D%20%E6%B5%B7%E9%B2%9C%E6%B1%A0%E3%80%91%20%E5%B9%B6%E4%B8%94%20%E3%80%90%E4%BE%9B%E5%BA%94%E5%95%86%3D%E4%B8%8A%E6%B5%B7%E5%B8%82%E5%AE%9D%E5%B1%B1%E5%8C%BA%E5%90%B4%E5%80%A9%E7%BB%8F%E8%90%A5%E9%83%A8%E3%80%91%E5%B9%B6%E4%B8%94%E3%80%90%E4%BB%93%E5%BA%93%E5%90%8D%E7%A7%B0%20%3D%20%E6%B5%B7%E9%B2%9C%E6%B1%A0%E3%80%91&rand=0.3093759709425989 HTTP/1.1" 200 54542
116.224.255.128 - - [03/Oct/2022:10:57:05 +0800] "GET /xingrg/images/yd/bt2.gif HTTP/1.1" 404 1042
116.224.255.128 - - [03/Oct/2022:10:57:05 +0800] "GET /xingrg/images/yd/bt.gif HTTP/1.1" 404 1040
180.169.147.146 - - [03/Oct/2022:10:57:05 +0800] "GET /xingrg/dwr/interface/AjaxReportQueryService.js HTTP/1.1" 200 13203
180.169.147.146 - - [03/Oct/2022:10:57:05 +0800] "GET /xingrg/dwr/engine.js HTTP/1.1" 200 43631
180.169.147.146 - - [03/Oct/2022:10:57:06 +0800] "POST /xingrg/all/report/load_report_page.html HTTP/1.1" 200 8709
180.169.147.146 - - [03/Oct/2022:10:57:06 +0800] "GET /xingrg/servlets/image?cache=0.9042602916570994&image=px HTTP/1.1" 200 807
120.253.135.82 - - [03/Oct/2022:10:57:07 +0800] "GET /xingrg/all/function/internal_message.html?_=1664765942825&CODE_STATE=getMsg HTTP/1.1" 200 27
180.169.147.146 - - [03/Oct/2022:10:57:08 +0800] "POST /xingrg/all/report/load_report_page.html HTTP/1.1" 200 13036
180.169.147.146 - - [03/Oct/2022:10:57:08 +0800] "GET /xingrg/servlets/image?cache=0.9302045001272699&image=px HTTP/1.1" 200 807
116.224.255.128 - - [03/Oct/2022:10:57:09 +0800] "POST /xingrg/dwr/call/plaincall/AjaxQqpsService.uncheckOrder.dwr HTTP/1.1" 200 78
116.224.255.128 - - [03/Oct/2022:10:57:10 +0800] "GET /xingrg/css/blue.css HTTP/1.1" 304 -
116.224.255.128 - - [03/Oct/2022:10:57:10 +0800] "GET /xingrg/javascript/jquery.utils.js HTTP/1.1" 304 -
116.224.255.128 - - [03/Oct/2022:10:57:10 +0800] "GET /xingrg/kc/mdqp/qqps_order_info.html?code=302022100300050 HTTP/1.1" 200 28326
116.224.255.128 - - [03/Oct/2022:10:57:10 +0800] "GET /xingrg/javascript/jquery_easy_ui/themes/icon.css HTTP/1.1" 304 -
116.224.255.128 - - [03/Oct/2022:10:57:10 +0800] "GET /xingrg/dwr/interface/AjaxQqpsService.js HTTP/1.1" 200 16326
116.224.255.128 - - [03/Oct/2022:10:57:10 +0800] "GET /xingrg/dwr/interface/AjaxComOrderService.js HTTP/1.1" 200 18264
116.224.255.128 - - [03/Oct/2022:10:57:10 +0800] "GET /xingrg/javascript/AjaxInfoList.js HTTP/1.1" 304 -
116.224.255.128 - - [03/Oct/2022:10:57:10 +0800] "GET /xingrg/javascript/myfunction.js HTTP/1.1" 304 -
116.224.255.128 - - [03/Oct/2022:10:57:10 +0800] "GET /xingrg/javascript/jquery-1.4.2.min.js HTTP/1.1" 304 -
116.224.255.128 - - [03/Oct/2022:10:57:10 +0800] "GET /xingrg/javascript/Calendar.js HTTP/1.1" 304 -
116.224.255.128 - - [03/Oct/2022:10:57:10 +0800] "GET /xingrg/javascript/Grid.js HTTP/1.1" 304 -
116.224.255.128 - - [03/Oct/2022:10:57:10 +0800] "GET /xingrg/dwr/util.js HTTP/1.1" 304 -
116.224.255.128 - - [03/Oct/2022:10:57:10 +0800] "GET /xingrg/javascript/print/kc_print.js HTTP/1.1" 304 -
116.224.255.128 - - [03/Oct/2022:10:57:10 +0800] "GET /xingrg/javascript/print/LodopFuncs.js HTTP/1.1" 304 -
116.224.255.128 - - [03/Oct/2022:10:57:10 +0800] "GET /xingrg/javascript/ToolTips.js HTTP/1.1" 304 -
116.224.255.128 - - [03/Oct/2022:10:57:10 +0800] "GET /xingrg/javascript/jquery_easy_ui/easyui-lang-zh_CN.js HTTP/1.1" 304 -
116.224.255.128 - - [03/Oct/2022:10:57:10 +0800] "GET /xingrg/dwr/engine.js HTTP/1.1" 200 43631
116.224.255.128 - - [03/Oct/2022:10:57:10 +0800] "GET /xingrg/javascript/auto/jquery.autocomplete.css HTTP/1.1" 304 -
116.224.255.128 - - [03/Oct/2022:10:57:10 +0800] "GET /xingrg/javascript/jquery_easy_ui/themes/icon.css HTTP/1.1" 304 -
116.224.255.128 - - [03/Oct/2022:10:57:10 +0800] "GET /xingrg/javascript/jquery_easy_ui/themes/default/easyui.css HTTP/1.1" 304 -
116.224.255.128 - - [03/Oct/2022:10:57:10 +0800] "GET /xingrg/javascript/pic_change.js HTTP/1.1" 304 -
116.224.255.128 - - [03/Oct/2022:10:57:10 +0800] "GET /xingrg/javascript/auto/jquery.autocomplete.js HTTP/1.1" 304 -
116.224.255.128 - - [03/Oct/2022:10:57:10 +0800] "GET /xingrg/javascript/tools/jquery.qtip-1.0.0-rc3.min.js HTTP/1.1" 304 -
116.224.255.128 - - [03/Oct/2022:10:57:10 +0800] "GET /xingrg/javascript/jquery_easy_ui/jquery.easyui.min.js HTTP/1.1" 304 -
116.224.255.128 - - [03/Oct/2022:10:57:10 +0800] "GET /xingrg/words/20221001163054_words.js HTTP/1.1" 304 -
116.224.255.128 - - [03/Oct/2022:10:57:10 +0800] "GET /xingrg/javascript/jquery_easy_ui/themes/icons/template_new.png HTTP/1.1" 304 -
116.224.255.128 - - [03/Oct/2022:10:57:10 +0800] "GET /xingrg/javascript/jquery_easy_ui/themes/icons/edit_add_new.png HTTP/1.1" 304 -
116.224.255.128 - - [03/Oct/2022:10:57:10 +0800] "GET /xingrg/javascript/jquery_easy_ui/themes/icons/copy_new.png HTTP/1.1" 304 -
116.224.255.128 - - [03/Oct/2022:10:57:10 +0800] "GET /xingrg/javascript/jquery_easy_ui/themes/icons/check_new.png HTTP/1.1" 304 -
116.224.255.128 - - [03/Oct/2022:10:57:10 +0800] "GET /xingrg/javascript/jquery_easy_ui/themes/icons/ok.png HTTP/1.1" 304 -
116.224.255.128 - - [03/Oct/2022:10:57:10 +0800] "GET /xingrg/javascript/jquery_easy_ui/themes/icons/cance_new.png HTTP/1.1" 304 -
116.224.255.128 - - [03/Oct/2022:10:57:10 +0800] "GET /xingrg/javascript/jquery_easy_ui/themes/icons/print.png HTTP/1.1" 304 -
116.224.255.128 - - [03/Oct/2022:10:57:10 +0800] "GET /xingrg/javascript/jquery_easy_ui/themes/default/images/menu_downarrow.png HTTP/1.1" 304 -
116.224.255.128 - - [03/Oct/2022:10:57:10 +0800] "GET /xingrg/javascript/jquery_easy_ui/themes/icons/back_new.png HTTP/1.1" 304 -
116.224.255.128 - - [03/Oct/2022:10:57:10 +0800] "GET /xingrg/javascript/jquery_easy_ui/themes/default/images/combo_arrow_dot.gif HTTP/1.1" 304 -
221.239.141.151 - - [03/Oct/2022:10:57:10 +0800] "GET /xingrg/kc/buy/cgsh_order_operate.html?command=get_materiel&rest_code=00102&code=00101008210&supplier_code=00100008&order_time=2022-10-03 HTTP/1.1" 200 408
116.224.255.128 - - [03/Oct/2022:10:57:11 +0800] "GET /xingrg/images/blue/button/kc_tab_add.gif HTTP/1.1" 304 -
116.224.255.128 - - [03/Oct/2022:10:57:11 +0800] "GET /xingrg/images/blue/button/kc_tab_save.gif HTTP/1.1" 304 -
116.224.255.128 - - [03/Oct/2022:10:57:11 +0800] "GET /xingrg/images/blue/button/kc_tab_edit.gif HTTP/1.1" 304 -
116.224.255.128 - - [03/Oct/2022:10:57:11 +0800] "GET /xingrg/images/blue/button/kc_tab_del.gif HTTP/1.1" 304 -
116.224.255.128 - - [03/Oct/2022:10:57:11 +0800] "GET /xingrg/images/blue/kc_tab_right.gif HTTP/1.1" 304 -
116.224.255.128 - - [03/Oct/2022:10:57:11 +0800] "GET /xingrg/images/blue/kc_tab_left.gif HTTP/1.1" 304 -
116.224.255.128 - - [03/Oct/2022:10:57:11 +0800] "GET /xingrg/images/blue/kc_tab_mid.gif HTTP/1.1" 304 -
116.224.255.128 - - [03/Oct/2022:10:57:11 +0800] "GET /xingrg/images/blue/kc_tab2_left.gif HTTP/1.1" 304 -
116.224.255.128 - - [03/Oct/2022:10:57:11 +0800] "GET /xingrg/images/blue/kc_tab2_right.gif HTTP/1.1" 304 -
116.224.255.128 - - [03/Oct/2022:10:57:11 +0800] "GET /xingrg/images/blue/wait.gif HTTP/1.1" 304 -
116.224.255.128 - - [03/Oct/2022:10:57:11 +0800] "POST /xingrg/dwr/call/plaincall/AjaxQqpsService.loadMaterielItems.dwr HTTP/1.1" 200 6977
116.224.255.128 - - [03/Oct/2022:10:57:13 +0800] "GET /xingrg/javascript/auto/indicator.gif HTTP/1.1" 404 1066
116.225.121.189 - - [03/Oct/2022:10:57:15 +0800] "POST /xingrg/kc/buy/cgsh_order_operate.html HTTP/1.1" 200 2065
124.79.246.218 - - [03/Oct/2022:10:57:16 +0800] "GET /xingrg/all/function/internal_message.html?_=1664766034565&CODE_STATE=getMsg HTTP/1.1" 200 27
124.79.246.218 - - [03/Oct/2022:10:57:16 +0800] "GET /xingrg/check_reg.html?_=1664766034564 HTTP/1.1" 200 22
116.224.255.128 - - [03/Oct/2022:10:57:17 +0800] "POST /xingrg/dwr/call/plaincall/AjaxQqpsService.getMaterielByCode.dwr HTTP/1.1" 200 3852
172.20.0.100 - - [03/Oct/2022:10:57:17 +0800] "GET /xingrg/all/function/internal_message.html?_=1664765834221&CODE_STATE=getMsg HTTP/1.1" 200 27
116.224.255.128 - - [03/Oct/2022:10:57:17 +0800] "GET /xingrg/images/yd/bt.gif HTTP/1.1" 404 1040
116.224.255.128 - - [03/Oct/2022:10:57:18 +0800] "GET /xingrg/all/function/internal_message.html?_=1664765752569&CODE_STATE=getMsg HTTP/1.1" 200 27
221.239.141.151 - - [03/Oct/2022:10:57:19 +0800] "GET /xingrg/kc/buy/cgsh_order_operate.html?command=get_materiel&rest_code=00102&code=00101008257&supplier_code=00100008&order_time=2022-10-03 HTTP/1.1" 200 416
116.224.255.128 - - [03/Oct/2022:10:57:19 +0800] "GET /xingrg/images/yd/bt2.gif HTTP/1.1" 404 1042
116.230.114.213 - - [03/Oct/2022:10:57:20 +0800] "GET /xingrg/check_reg.html?_=1664765839984 HTTP/1.1" 200 22
116.224.255.128 - - [03/Oct/2022:10:57:20 +0800] "POST /xingrg/dwr/call/plaincall/AjaxQqpsService.saveMaterielItem.dwr HTTP/1.1" 200 78
116.225.121.189 - - [03/Oct/2022:10:57:20 +0800] "GET /xingrg/all/function/internal_message.html?_=1664765694477&CODE_STATE=getMsg HTTP/1.1" 200 27
116.224.255.128 - - [03/Oct/2022:10:57:25 +0800] "GET /xingrg/all/function/internal_message.html?_=1664765871120&CODE_STATE=getMsg HTTP/1.1" 200 27
221.239.141.151 - - [03/Oct/2022:10:57:26 +0800] "GET /xingrg/kc/buy/cgsh_order_operate.html?command=get_materiel&rest_code=00102&code=00101008296&supplier_code=00100008&order_time=2022-10-03 HTTP/1.1" 200 416
180.169.147.146 - - [03/Oct/2022:10:57:28 +0800] "GET /xingrg/all/report/report_query.html?isQuery=1&fileName=kc/buy/wlcg_cate_hz.xml&queryString=(CONVERT(char(10)%2Ca.order_time%2C%20120)%3E%3D'2022-09-01')%20and%20(CONVERT(char(10)%2Ca.order_time%2C%20120)%3C%3D'2022-09-30')%20and%20(a.base_code%20in%20('0010376'))%20and%20(a.supplier_code%3D'00100091')%20and%20(a.base_code%3D'0010376')&queryText=%E3%80%90%E9%87%87%E8%B4%AD%E6%97%A5%E6%9C%9F%3A2022-09-01%20%E8%87%B3%202022-09-30%E3%80%91%20%E5%B9%B6%E4%B8%94%20%20%E3%80%90%E6%9F%A5%E8%AF%A2%E4%BB%93%E5%BA%93%20%3D%20%E6%B5%B7%E9%B2%9C%E6%B1%A0%E3%80%91%20%E5%B9%B6%E4%B8%94%20%E3%80%90%E4%BE%9B%E5%BA%94%E5%95%86%3D%E5%8D%97%E5%AE%89%E6%B0%B4%E4%BA%A7%EF%BC%88%E9%99%88%E7%8E%89%E7%A7%80%EF%BC%89%E3%80%91%E5%B9%B6%E4%B8%94%E3%80%90%E4%BB%93%E5%BA%93%E5%90%8D%E7%A7%B0%20%3D%20%E6%B5%B7%E9%B2%9C%E6%B1%A0%E3%80%91&rand=0.6747154197882293 HTTP/1.1" 200 54534
180.169.147.146 - - [03/Oct/2022:10:57:28 +0800] "GET /xingrg/all/report/report_query.html?isQuery=1&fileName=kc/buy/wlcg_cate_hz.xml&queryString=(CONVERT(char(10)%2Ca.order_time%2C%20120)%3E%3D'2022-09-01')%20and%20(CONVERT(char(10)%2Ca.order_time%2C%20120)%3C%3D'2022-09-30')%20and%20(a.base_code%20in%20('0010376'))%20and%20(a.supplier_code%3D'00100091')%20and%20(a.base_code%3D'0010376')&queryText=%E3%80%90%E9%87%87%E8%B4%AD%E6%97%A5%E6%9C%9F%3A2022-09-01%20%E8%87%B3%202022-09-30%E3%80%91%20%E5%B9%B6%E4%B8%94%20%20%E3%80%90%E6%9F%A5%E8%AF%A2%E4%BB%93%E5%BA%93%20%3D%20%E6%B5%B7%E9%B2%9C%E6%B1%A0%E3%80%91%20%E5%B9%B6%E4%B8%94%20%E3%80%90%E4%BE%9B%E5%BA%94%E5%95%86%3D%E5%8D%97%E5%AE%89%E6%B0%B4%E4%BA%A7%EF%BC%88%E9%99%88%E7%8E%89%E7%A7%80%EF%BC%89%E3%80%91%E5%B9%B6%E4%B8%94%E3%80%90%E4%BB%93%E5%BA%93%E5%90%8D%E7%A7%B0%20%3D%20%E6%B5%B7%E9%B2%9C%E6%B1%A0%E3%80%91&rand=0.6747154197882293 HTTP/1.1" 200 54534
180.169.147.146 - - [03/Oct/2022:10:57:28 +0800] "GET /xingrg/dwr/interface/AjaxReportQueryService.js HTTP/1.1" 200 13203
180.169.147.146 - - [03/Oct/2022:10:57:28 +0800] "GET /xingrg/dwr/engine.js HTTP/1.1" 200 43631
221.239.141.151 - - [03/Oct/2022:10:57:29 +0800] "POST /xingrg/kc/buy/cgsh_order_operate.html HTTP/1.1" 200 2065
116.224.255.128 - - [03/Oct/2022:10:57:30 +0800] "POST /xingrg/dwr/call/plaincall/AjaxQqpsService.checkOrder.dwr HTTP/1.1" 200 78
114.83.219.57 - - [03/Oct/2022:10:57:30 +0800] "GET /xingrg/all/function/internal_message.html?_=1664765938500&CODE_STATE=getMsg HTTP/1.1" 200 27
116.230.114.213 - - [03/Oct/2022:10:57:30 +0800] "GET /xingrg/all/function/internal_message.html?_=1664765849961&CODE_STATE=getMsg HTTP/1.1" 200 27
180.169.147.146 - - [03/Oct/2022:10:57:30 +0800] "POST /xingrg/all/report/load_report_page.html HTTP/1.1" 200 8716
180.169.147.146 - - [03/Oct/2022:10:57:30 +0800] "GET /xingrg/servlets/image?cache=0.8841984457706326&image=px HTTP/1.1" 200 807
124.78.158.230 - - [03/Oct/2022:10:57:31 +0800] "GET /xingrg/all/function/internal_message.html?_=1664765847365&CODE_STATE=getMsg HTTP/1.1" 200 27
221.239.141.151 - - [03/Oct/2022:10:57:31 +0800] "GET /xingrg/all/function/internal_message.html?_=1664765851407&CODE_STATE=getMsg HTTP/1.1" 200 27
116.224.255.128 - - [03/Oct/2022:10:57:32 +0800] "GET /xingrg/kc/mdqp/qqps_order_info.html?code=302022100300050 HTTP/1.1" 200 26571
116.224.255.128 - - [03/Oct/2022:10:57:32 +0800] "GET /xingrg/dwr/interface/AjaxQqpsService.js HTTP/1.1" 200 16326
116.224.255.128 - - [03/Oct/2022:10:57:32 +0800] "GET /xingrg/dwr/interface/AjaxComOrderService.js HTTP/1.1" 200 18264
116.224.255.128 - - [03/Oct/2022:10:57:32 +0800] "GET /xingrg/dwr/engine.js HTTP/1.1" 200 43631
116.224.255.128 - - [03/Oct/2022:10:57:32 +0800] "POST /xingrg/dwr/call/plaincall/AjaxQqpsService.loadMaterielItems.dwr HTTP/1.1" 200 7292
180.169.147.146 - - [03/Oct/2022:10:57:33 +0800] "POST /xingrg/all/report/load_report_page.html HTTP/1.1" 200 19781
116.230.105.139 - - [03/Oct/2022:10:57:33 +0800] "GET /favicon.ico HTTP/1.1" 404 -
180.169.147.146 - - [03/Oct/2022:10:57:33 +0800] "GET /xingrg/servlets/image?cache=0.928488515691086&image=px HTTP/1.1" 200 807
222.70.183.206 - - [03/Oct/2022:10:57:33 +0800] "GET /xingrg/all/function/internal_message.html?_=1664765584655&CODE_STATE=getMsg HTTP/1.1" 200 27
221.239.141.151 - - [03/Oct/2022:10:57:34 +0800] "GET /xingrg/kc/buy/cgsh_order_operate.html?command=get_materiel&rest_code=00102&code=00101008610&supplier_code=00100008&order_time=2022-10-03 HTTP/1.1" 200 413
116.224.255.128 - - [03/Oct/2022:10:57:36 +0800] "POST /xingrg/all/user/operate.html HTTP/1.1" 200 36
116.224.255.128 - - [03/Oct/2022:10:57:36 +0800] "GET /xingrg/javascript/jquery_easy_ui/themes/default/easyui.css HTTP/1.1" 304 -
116.224.255.128 - - [03/Oct/2022:10:57:36 +0800] "GET /xingrg/index.html?sysBaseUrl=http%3A%2F%2F180.169.147.146%3A18081%2Fxingrg%2F&costTime=43×tamp=1664758081426 HTTP/1.1" 200 17177
116.224.255.128 - - [03/Oct/2022:10:57:36 +0800] "GET /xingrg/javascript/jquery_easy_ui/themes/icon.css HTTP/1.1" 304 -
116.224.255.128 - - [03/Oct/2022:10:57:36 +0800] "GET /xingrg/css/form.css HTTP/1.1" 304 -
116.224.255.128 - - [03/Oct/2022:10:57:36 +0800] "GET /xingrg/javascript/jquery-1.4.2.min.js HTTP/1.1" 304 -
116.224.255.128 - - [03/Oct/2022:10:57:36 +0800] "GET /xingrg/javascript/jquery_easy_ui/jquery.easyui.min.js HTTP/1.1" 304 -
116.224.255.128 - - [03/Oct/2022:10:57:36 +0800] "GET /xingrg/javascript/jquery_easy_ui/easyui-lang-zh_CN.js HTTP/1.1" 304 -
116.224.255.128 - - [03/Oct/2022:10:57:36 +0800] "GET /xingrg/javascript/jquery.form.js HTTP/1.1" 304 -
116.224.255.128 - - [03/Oct/2022:10:57:36 +0800] "GET /xingrg/javascript/jquery.utils.js HTTP/1.1" 304 -
116.224.255.128 - - [03/Oct/2022:10:57:36 +0800] "GET /xingrg/javascript/jquery.timers.js HTTP/1.1" 304 -
116.224.255.128 - - [03/Oct/2022:10:57:36 +0800] "GET /xingrg/images/blue/jxLogo.png HTTP/1.1" 304 -
116.224.255.128 - - [03/Oct/2022:10:57:36 +0800] "GET /xingrg/images/blue/navBackgound.jpg HTTP/1.1" 304 -
116.224.255.128 - - [03/Oct/2022:10:57:36 +0800] "GET /xingrg/javascript/jquery_easy_ui/themes/icons/settle_new.png HTTP/1.1" 304 -
116.224.255.128 - - [03/Oct/2022:10:57:36 +0800] "POST /xingrg/all/common/load_tree.html?tree=area_rest_tree_json&manage=1 HTTP/1.1" 200 476
116.224.255.128 - - [03/Oct/2022:10:57:36 +0800] "GET /xingrg/images/blue/pingpu.png HTTP/1.1" 304 -
116.224.255.128 - - [03/Oct/2022:10:57:36 +0800] "GET /xingrg/javascript/jquery_easy_ui/themes/default/images/tabs_leftarrow.png HTTP/1.1" 304 -
116.224.255.128 - - [03/Oct/2022:10:57:36 +0800] "GET /xingrg/javascript/jquery_easy_ui/themes/default/images/tabs_rightarrow.png HTTP/1.1" 304 -
116.224.255.128 - - [03/Oct/2022:10:57:36 +0800] "GET /xingrg/javascript/jquery_easy_ui/themes/default/images/panel_tool_collapse.gif HTTP/1.1" 304 -
116.224.255.128 - - [03/Oct/2022:10:57:36 +0800] "GET /xingrg/all/function/internal_message.html?_=1664765771039&CODE_STATE=count HTTP/1.1" 200 11
116.224.255.128 - - [03/Oct/2022:10:57:36 +0800] "GET /xingrg/check_reg.html?_=1664765771040 HTTP/1.1" 200 22
116.224.255.128 - - [03/Oct/2022:10:57:36 +0800] "POST /xingrg/load_menu.html HTTP/1.1" 200 5138
116.224.255.128 - - [03/Oct/2022:10:57:39 +0800] "GET /xingrg/kc/mdqp/qqps_order_list.html HTTP/1.1" 200 9222
116.224.255.128 - - [03/Oct/2022:10:57:39 +0800] "GET /xingrg/dwr/interface/AjaxQqpsService.js HTTP/1.1" 200 16326
116.224.255.128 - - [03/Oct/2022:10:57:39 +0800] "GET /xingrg/dwr/interface/AjaxReportQueryService.js HTTP/1.1" 200 13203
116.224.255.128 - - [03/Oct/2022:10:57:39 +0800] "GET /xingrg/dwr/engine.js HTTP/1.1" 200 43631
116.224.255.128 - - [03/Oct/2022:10:57:40 +0800] "GET /xingrg/kc/mdqp/qqps_order_add.html HTTP/1.1" 200 27580
116.224.255.128 - - [03/Oct/2022:10:57:40 +0800] "GET /xingrg/dwr/interface/AjaxQqpsService.js HTTP/1.1" 200 16326
116.224.255.128 - - [03/Oct/2022:10:57:40 +0800] "GET /xingrg/dwr/interface/AjaxComOrderService.js HTTP/1.1" 200 18264
116.224.255.128 - - [03/Oct/2022:10:57:40 +0800] "GET /xingrg/dwr/engine.js HTTP/1.1" 200 43631
221.239.141.151 - - [03/Oct/2022:10:57:41 +0800] "GET /xingrg/kc/buy/cgsh_order_operate.html?command=get_materiel&rest_code=00102&code=00101015002&supplier_code=00100008&order_time=2022-10-03 HTTP/1.1" 200 413
180.169.147.146 - - [03/Oct/2022:10:57:43 +0800] "GET /xingrg/all/function/internal_message.html?_=1664765860073&CODE_STATE=getMsg HTTP/1.1" 200 27
116.225.121.189 - - [03/Oct/2022:10:57:45 +0800] "GET /xingrg/kc/buy/cgsh_order_operate.html?command=get_materiel&rest_code=00105&code=00101008358&supplier_code=00100203&order_time=2022-10-03 HTTP/1.1" 200 412
114.84.81.136 - - [03/Oct/2022:10:57:46 +0800] "GET /xingrg/all/function/internal_message.html?_=1664765863567&CODE_STATE=getMsg HTTP/1.1" 200 27
114.84.81.136 - - [03/Oct/2022:10:57:46 +0800] "GET /xingrg/check_reg.html?_=1664765863571 HTTP/1.1" 200 22
221.239.141.151 - - [03/Oct/2022:10:57:49 +0800] "GET /xingrg/kc/buy/cgsh_order_operate.html?command=get_materiel&rest_code=00102&code=00101008403&supplier_code=00100008&order_time=2022-10-03 HTTP/1.1" 200 412
116.224.255.128 - - [03/Oct/2022:10:57:49 +0800] "POST /xingrg/dwr/call/plaincall/AjaxQqpsService.saveOrder.dwr HTTP/1.1" 200 78
116.224.255.128 - - [03/Oct/2022:10:57:51 +0800] "GET /xingrg/javascript/auto/indicator.gif HTTP/1.1" 404 1066
116.224.255.128 - - [03/Oct/2022:10:57:52 +0800] "POST /xingrg/dwr/call/plaincall/AjaxQqpsService.getMaterielByCode.dwr HTTP/1.1" 200 2247
180.169.147.146 - - [03/Oct/2022:10:57:54 +0800] "GET /xingrg/all/function/internal_message.html?_=1664765871887&CODE_STATE=getMsg HTTP/1.1" 200 27
124.79.74.72 - - [03/Oct/2022:10:57:54 +0800] "GET /xingrg/all/function/internal_message.html?_=1664765871990&CODE_STATE=getMsg HTTP/1.1" 200 27
116.224.255.128 - - [03/Oct/2022:10:57:55 +0800] "POST /xingrg/dwr/call/plaincall/AjaxQqpsService.saveMaterielItem.dwr HTTP/1.1" 200 78
58.37.225.234 - - [03/Oct/2022:10:57:55 +0800] "GET /xingrg/all/function/internal_message.html?_=1664765873078&CODE_STATE=getMsg HTTP/1.1" 200 27
221.239.141.151 - - [03/Oct/2022:10:57:55 +0800] "POST /xingrg/kc/buy/cgsh_order_operate.html HTTP/1.1" 200 37
180.169.147.146 - - [03/Oct/2022:10:57:56 +0800] "GET /xingrg/all/function/internal_message.html?_=1664765874766&CODE_STATE=getMsg HTTP/1.1" 200 27
221.239.141.151 - - [03/Oct/2022:10:57:57 +0800] "POST /xingrg/kc/buy/cgsh_order_operate.html HTTP/1.1" 200 26906
116.230.105.139 - - [03/Oct/2022:10:57:57 +0800] "GET /xingrg/check_reg.html?_=1664765857847 HTTP/1.1" 200 22
116.230.105.139 - - [03/Oct/2022:10:57:57 +0800] "GET /xingrg/all/function/internal_message.html?_=1664765857848&CODE_STATE=getMsg HTTP/1.1" 200 27
58.35.213.73 - - [03/Oct/2022:10:57:58 +0800] "POST /xingrg/services/DataTransmitService HTTP/1.1" 200 524
58.35.213.73 - - [03/Oct/2022:10:57:59 +0800] "POST /xingrg/services/DataTransmitService HTTP/1.1" 200 2147
58.35.213.73 - - [03/Oct/2022:10:57:59 +0800] "POST /xingrg/services/DataTransmitService HTTP/1.1" 200 524
116.224.255.128 - - [03/Oct/2022:10:57:59 +0800] "POST /xingrg/dwr/call/plaincall/AjaxQqpsService.getMaterielByCode.dwr HTTP/1.1" 200 2277
58.35.213.73 - - [03/Oct/2022:10:57:59 +0800] "POST /xingrg/services/DataTransmitService HTTP/1.1" 200 2147
180.169.147.146 - - [03/Oct/2022:10:58:01 +0800] "GET /xingrg/all/function/internal_message.html?_=1664765888007&CODE_STATE=getMsg HTTP/1.1" 200 27
116.224.255.128 - - [03/Oct/2022:10:58:01 +0800] "POST /xingrg/dwr/call/plaincall/AjaxQqpsService.saveMaterielItem.dwr HTTP/1.1" 200 78
58.35.213.73 - - [03/Oct/2022:10:58:02 +0800] "POST /xingrg/services/DataTransmitService HTTP/1.1" 200 524
116.225.121.189 - - [03/Oct/2022:10:58:02 +0800] "GET /xingrg/all/function/internal_message.html?_=1664765882355&CODE_STATE=getMsg HTTP/1.1" 200 27
58.35.213.73 - - [03/Oct/2022:10:58:03 +0800] "POST /xingrg/services/DataTransmitService HTTP/1.1" 200 2147
116.224.255.128 - - [03/Oct/2022:10:58:04 +0800] "POST /xingrg/dwr/call/plaincall/AjaxQqpsService.checkOrder.dwr HTTP/1.1" 200 78
221.239.141.151 - - [03/Oct/2022:10:58:04 +0800] "GET /xingrg/kc/buy/cgsh_order_add.html HTTP/1.1" 200 68946
221.239.141.151 - - [03/Oct/2022:10:58:05 +0800] "POST /xingrg/kc/buy/cgsh_order_operate.html HTTP/1.1" 200 8245
114.83.216.252 - - [03/Oct/2022:10:58:05 +0800] "GET /xingrg/all/function/internal_message.html?_=1664765882299&CODE_STATE=getMsg HTTP/1.1" 200 27
221.239.141.151 - - [03/Oct/2022:10:58:05 +0800] "GET /xingrg/javascript/easyui/themes/default/validatebox.css HTTP/1.1" 404 1104
58.35.213.73 - - [03/Oct/2022:10:58:05 +0800] "POST /xingrg/services/DataTransmitService HTTP/1.1" 200 524
58.35.213.73 - - [03/Oct/2022:10:58:05 +0800] "POST /xingrg/services/DataTransmitService HTTP/1.1" 200 2147
58.35.213.73 - - [03/Oct/2022:10:58:06 +0800] "POST /xingrg/services/DataTransmitService HTTP/1.1" 200 524
58.35.213.73 - - [03/Oct/2022:10:58:06 +0800] "POST /xingrg/services/DataTransmitService HTTP/1.1" 200 2147
58.35.213.73 - - [03/Oct/2022:10:58:06 +0800] "POST /xingrg/services/DataTransmitService HTTP/1.1" 200 524
58.35.213.73 - - [03/Oct/2022:10:58:07 +0800] "POST /xingrg/services/DataTransmitService HTTP/1.1" 200 2147
116.224.255.128 - - [03/Oct/2022:10:58:07 +0800] "GET /xingrg/kc/mdqp/qqps_order_info.html?code=302022100300051 HTTP/1.1" 200 25987
116.224.255.128 - - [03/Oct/2022:10:58:07 +0800] "GET /xingrg/dwr/interface/AjaxQqpsService.js HTTP/1.1" 200 16326
120.253.135.82 - - [03/Oct/2022:10:58:07 +0800] "GET /xingrg/all/function/internal_message.html?_=1664766002838&CODE_STATE=getMsg HTTP/1.1" 200 27
116.224.255.128 - - [03/Oct/2022:10:58:08 +0800] "GET /xingrg/dwr/engine.js HTTP/1.1" 200 43631
116.224.255.128 - - [03/Oct/2022:10:58:08 +0800] "GET /xingrg/dwr/interface/AjaxComOrderService.js HTTP/1.1" 200 18264
116.224.255.128 - - [03/Oct/2022:10:58:09 +0800] "POST /xingrg/dwr/call/plaincall/AjaxQqpsService.loadMaterielItems.dwr HTTP/1.1" 200 667
221.239.141.151 - - [03/Oct/2022:10:58:12 +0800] "GET /xingrg/kc/buy/cgsh_order_operate.html?command=get_materiel&rest_code=00102&code=00101008350&supplier_code=00100008&order_time=2022-10-03 HTTP/1.1" 200 429
124.79.246.218 - - [03/Oct/2022:10:58:16 +0800] "GET /xingrg/all/function/internal_message.html?_=1664766094563&CODE_STATE=getMsg HTTP/1.1" 200 27
116.230.114.213 - - [03/Oct/2022:10:58:16 +0800] "GET /xingrg/check_reg.html?_=1664765895166 HTTP/1.1" 302 -
172.20.0.100 - - [03/Oct/2022:10:58:17 +0800] "GET /xingrg/all/function/internal_message.html?_=1664765894207&CODE_STATE=getMsg HTTP/1.1" 200 27
114.84.81.136 - - [03/Oct/2022:10:58:18 +0800] "POST /xingrg/services/DataTransmitService HTTP/1.1" 200 524
114.84.81.136 - - [03/Oct/2022:10:58:18 +0800] "POST /xingrg/services/DataTransmitService HTTP/1.1" 200 2263
114.84.81.136 - - [03/Oct/2022:10:58:19 +0800] "POST /xingrg/services/DataTransmitService HTTP/1.1" 200 194876
116.225.121.189 - - [03/Oct/2022:10:58:21 +0800] "GET /xingrg/check_reg.html?_=1664765754517 HTTP/1.1" 200 22
116.225.121.189 - - [03/Oct/2022:10:58:21 +0800] "GET /xingrg/all/function/internal_message.html?_=1664765754518&CODE_STATE=getMsg HTTP/1.1" 200 27
58.37.225.234 - - [03/Oct/2022:10:58:24 +0800] "GET /xingrg/check_reg.html?_=1664765901791 HTTP/1.1" 200 22
116.224.255.128 - - [03/Oct/2022:10:58:25 +0800] "GET /xingrg/all/function/internal_message.html?_=1664765931123&CODE_STATE=getMsg HTTP/1.1" 200 27
114.83.219.57 - - [03/Oct/2022:10:58:30 +0800] "GET /xingrg/all/function/internal_message.html?_=1664765998494&CODE_STATE=getMsg HTTP/1.1" 200 27
116.230.114.213 - - [03/Oct/2022:10:58:30 +0800] "GET /xingrg/all/function/internal_message.html?_=1664765909974&CODE_STATE=getMsg HTTP/1.1" 200 27
124.78.158.230 - - [03/Oct/2022:10:58:30 +0800] "GET /xingrg/all/function/internal_message.html?_=1664765907336&CODE_STATE=getMsg HTTP/1.1" 200 27
221.239.141.151 - - [03/Oct/2022:10:58:31 +0800] "GET /xingrg/kc/buy/cgsh_order_operate.html?command=get_materiel&rest_code=00102&code=00101008088&supplier_code=00100008&order_time=2022-10-03 HTTP/1.1" 200 408
180.169.147.146 - - [03/Oct/2022:10:58:31 +0800] "GET /xingrg/all/report/report_query.html?isQuery=1&fileName=kc/buy/wlcg_cate_hz.xml&queryString=(CONVERT(char(10)%2Ca.order_time%2C%20120)%3E%3D'2022-09-01')%20and%20(CONVERT(char(10)%2Ca.order_time%2C%20120)%3C%3D'2022-09-30')%20and%20(a.base_code%20in%20('0010376'))%20and%20(a.supplier_code%3D'00100087')%20and%20(a.base_code%3D'0010376')&queryText=%E3%80%90%E9%87%87%E8%B4%AD%E6%97%A5%E6%9C%9F%3A2022-09-01%20%E8%87%B3%202022-09-30%E3%80%91%20%E5%B9%B6%E4%B8%94%20%20%E3%80%90%E6%9F%A5%E8%AF%A2%E4%BB%93%E5%BA%93%20%3D%20%E6%B5%B7%E9%B2%9C%E6%B1%A0%E3%80%91%20%E5%B9%B6%E4%B8%94%20%E3%80%90%E4%BE%9B%E5%BA%94%E5%95%86%3D%E9%BE%99%E8%99%BE%EF%BC%88%E9%83%91%E6%B5%B7%E6%BB%A8%EF%BC%89%E3%80%91%E5%B9%B6%E4%B8%94%E3%80%90%E4%BB%93%E5%BA%93%E5%90%8D%E7%A7%B0%20%3D%20%E6%B5%B7%E9%B2%9C%E6%B1%A0%E3%80%91&rand=0.1068993727686482 HTTP/1.1" 200 54526
180.169.147.146 - - [03/Oct/2022:10:58:31 +0800] "GET /xingrg/all/report/report_query.html?isQuery=1&fileName=kc/buy/wlcg_cate_hz.xml&queryString=(CONVERT(char(10)%2Ca.order_time%2C%20120)%3E%3D'2022-09-01')%20and%20(CONVERT(char(10)%2Ca.order_time%2C%20120)%3C%3D'2022-09-30')%20and%20(a.base_code%20in%20('0010376'))%20and%20(a.supplier_code%3D'00100087')%20and%20(a.base_code%3D'0010376')&queryText=%E3%80%90%E9%87%87%E8%B4%AD%E6%97%A5%E6%9C%9F%3A2022-09-01%20%E8%87%B3%202022-09-30%E3%80%91%20%E5%B9%B6%E4%B8%94%20%20%E3%80%90%E6%9F%A5%E8%AF%A2%E4%BB%93%E5%BA%93%20%3D%20%E6%B5%B7%E9%B2%9C%E6%B1%A0%E3%80%91%20%E5%B9%B6%E4%B8%94%20%E3%80%90%E4%BE%9B%E5%BA%94%E5%95%86%3D%E9%BE%99%E8%99%BE%EF%BC%88%E9%83%91%E6%B5%B7%E6%BB%A8%EF%BC%89%E3%80%91%E5%B9%B6%E4%B8%94%E3%80%90%E4%BB%93%E5%BA%93%E5%90%8D%E7%A7%B0%20%3D%20%E6%B5%B7%E9%B2%9C%E6%B1%A0%E3%80%91&rand=0.1068993727686482 HTTP/1.1" 200 54526
180.169.147.146 - - [03/Oct/2022:10:58:31 +0800] "GET /xingrg/dwr/interface/AjaxReportQueryService.js HTTP/1.1" 200 13203
180.169.147.146 - - [03/Oct/2022:10:58:31 +0800] "GET /xingrg/dwr/engine.js HTTP/1.1" 200 43631
221.239.141.151 - - [03/Oct/2022:10:58:31 +0800] "GET /xingrg/all/function/internal_message.html?_=1664765911391&CODE_STATE=getMsg HTTP/1.1" 200 27
124.78.158.230 - - [03/Oct/2022:10:58:31 +0800] "GET /xingrg/check_reg.html?_=1664765908341 HTTP/1.1" 200 22
222.70.183.206 - - [03/Oct/2022:10:58:33 +0800] "GET /xingrg/check_reg.html?_=1664765644644 HTTP/1.1" 200 22
180.169.147.146 - - [03/Oct/2022:10:58:33 +0800] "POST /xingrg/all/report/load_report_page.html HTTP/1.1" 200 8716
180.169.147.146 - - [03/Oct/2022:10:58:33 +0800] "GET /xingrg/servlets/image?cache=0.3017153119516397&image=px HTTP/1.1" 200 807
222.70.183.206 - - [03/Oct/2022:10:58:33 +0800] "GET /xingrg/all/function/internal_message.html?_=1664765644646&CODE_STATE=getMsg HTTP/1.1" 200 27
180.169.147.146 - - [03/Oct/2022:10:58:36 +0800] "POST /xingrg/all/report/load_report_page.html HTTP/1.1" 200 19830
180.169.147.146 - - [03/Oct/2022:10:58:36 +0800] "GET /xingrg/servlets/image?cache=0.18639083774721088&image=px HTTP/1.1" 200 807
116.224.255.128 - - [03/Oct/2022:10:58:36 +0800] "GET /xingrg/all/function/internal_message.html?_=1664765831053&CODE_STATE=getMsg HTTP/1.1" 200 27
221.239.141.151 - - [03/Oct/2022:10:58:37 +0800] "GET /xingrg/kc/buy/cgsh_order_operate.html?command=get_materiel&rest_code=00102&code=00101008360&supplier_code=00100008&order_time=2022-10-03 HTTP/1.1" 200 413
