222.70.183.206 - - [02/Oct/2022:10:19:07 +0800] "GET /xingrg/all/function/internal_message.html?_=1664677140521&CODE_STATE=getMsg HTTP/1.1" 200 27
114.83.219.57 - - [02/Oct/2022:10:19:07 +0800] "GET /xingrg/all/function/internal_message.html?_=1664677235905&CODE_STATE=getMsg HTTP/1.1" 200 27
124.79.74.72 - - [02/Oct/2022:10:19:08 +0800] "GET /xingrg/all/function/internal_message.html?_=1664677144862&CODE_STATE=getMsg HTTP/1.1" 200 27
116.230.114.213 - - [02/Oct/2022:10:19:10 +0800] "GET /xingrg/kc/buy/cgsh_order_operate.html?command=get_materiel&rest_code=00146&code=00101008125&supplier_code=00100005&order_time=2022-10-02 HTTP/1.1" 200 413
58.37.4.145 - - [02/Oct/2022:10:19:11 +0800] "GET /xingrg/check_reg.html?_=1664677149126 HTTP/1.1" 200 22
116.230.105.139 - - [02/Oct/2022:10:19:13 +0800] "GET /xingrg/all/function/internal_message.html?_=1664677136676&CODE_STATE=getMsg HTTP/1.1" 200 27
116.224.255.128 - - [02/Oct/2022:10:19:15 +0800] "GET /xingrg/all/function/internal_message.html?_=1664677071632&CODE_STATE=getMsg HTTP/1.1" 200 27
116.230.114.213 - - [02/Oct/2022:10:19:18 +0800] "GET /xingrg/all/function/internal_message.html?_=1664677182518&CODE_STATE=getMsg HTTP/1.1" 200 27
114.84.81.136 - - [02/Oct/2022:10:19:22 +0800] "GET /xingrg/check_reg.html?_=1664677160833 HTTP/1.1" 200 22
114.84.81.136 - - [02/Oct/2022:10:19:22 +0800] "GET /xingrg/all/function/internal_message.html?_=1664677160832&CODE_STATE=getMsg HTTP/1.1" 200 27
116.230.114.213 - - [02/Oct/2022:10:19:23 +0800] "GET /xingrg/kc/buy/cgsh_order_operate.html?command=get_materiel&rest_code=00146&code=00101008350&supplier_code=00100005&order_time=2022-10-02 HTTP/1.1" 200 408
120.253.135.82 - - [02/Oct/2022:10:19:28 +0800] "GET /xingrg/all/function/internal_message.html?_=1664677285472&CODE_STATE=getMsg HTTP/1.1" 200 27
124.79.74.72 - - [02/Oct/2022:10:19:37 +0800] "GET /xingrg/all/function/internal_message.html?_=1664677173999&CODE_STATE=getMsg HTTP/1.1" 200 27
124.79.246.218 - - [02/Oct/2022:10:19:37 +0800] "GET /xingrg/all/function/internal_message.html?_=1664677376179&CODE_STATE=getMsg HTTP/1.1" 200 27
116.230.114.213 - - [02/Oct/2022:10:19:37 +0800] "GET /xingrg/kc/buy/cgsh_order_operate.html?command=get_materiel&rest_code=00146&code=00101008132&supplier_code=00100005&order_time=2022-10-02 HTTP/1.1" 200 408
116.225.121.189 - - [02/Oct/2022:10:19:39 +0800] "GET /xingrg/all/function/internal_message.html?_=1664677178665&CODE_STATE=getMsg HTTP/1.1" 200 27
101.85.93.113 - - [02/Oct/2022:10:19:39 +0800] "GET /xingrg/all/function/internal_message.html?_=1664677177566&CODE_STATE=getMsg HTTP/1.1" 200 27
116.230.114.213 - - [02/Oct/2022:10:19:42 +0800] "POST /xingrg/kc/buy/cgsh_order_operate.html HTTP/1.1" 200 2065
172.20.0.100 - - [02/Oct/2022:10:19:44 +0800] "GET /xingrg/all/function/internal_message.html?_=1664677181249&CODE_STATE=getMsg HTTP/1.1" 200 27
172.20.0.100 - - [02/Oct/2022:10:19:44 +0800] "GET /xingrg/check_reg.html?_=1664677181250 HTTP/1.1" 200 22
58.37.4.145 - - [02/Oct/2022:10:19:49 +0800] "GET /xingrg/all/function/internal_message.html?_=1664677187209&CODE_STATE=getMsg HTTP/1.1" 200 27
116.225.121.189 - - [02/Oct/2022:10:19:51 +0800] "GET /xingrg/all/function/internal_message.html?_=1664677045373&CODE_STATE=getMsg HTTP/1.1" 200 27
180.169.147.146 - - [02/Oct/2022:10:19:53 +0800] "GET /xingrg/check_reg.html?_=1664677191555 HTTP/1.1" 200 22
180.169.147.146 - - [02/Oct/2022:10:19:53 +0800] "GET /xingrg/all/function/internal_message.html?_=1664677191560&CODE_STATE=getMsg HTTP/1.1" 200 27
116.230.114.213 - - [02/Oct/2022:10:19:54 +0800] "GET /xingrg/kc/buy/cgsh_order_operate.html?command=get_materiel&rest_code=00146&code=00101008061&supplier_code=00100005&order_time=2022-10-02 HTTP/1.1" 200 422
222.70.183.206 - - [02/Oct/2022:10:20:07 +0800] "GET /xingrg/all/function/internal_message.html?_=1664677200515&CODE_STATE=getMsg HTTP/1.1" 200 27
114.83.219.57 - - [02/Oct/2022:10:20:07 +0800] "GET /xingrg/all/function/internal_message.html?_=1664677295918&CODE_STATE=getMsg HTTP/1.1" 200 27
124.79.74.72 - - [02/Oct/2022:10:20:08 +0800] "GET /xingrg/all/function/internal_message.html?_=1664677204862&CODE_STATE=getMsg HTTP/1.1" 200 27
116.230.105.139 - - [02/Oct/2022:10:20:13 +0800] "GET /xingrg/all/function/internal_message.html?_=1664677196649&CODE_STATE=getMsg HTTP/1.1" 200 27
58.37.225.234 - - [02/Oct/2022:10:20:14 +0800] "GET /xingrg/check_reg.html?_=1664676864899 HTTP/1.1" 200 22
116.224.255.128 - - [02/Oct/2022:10:20:15 +0800] "GET /xingrg/all/function/internal_message.html?_=1664677131849&CODE_STATE=getMsg HTTP/1.1" 200 27
116.230.114.213 - - [02/Oct/2022:10:20:18 +0800] "GET /xingrg/all/function/internal_message.html?_=1664677242532&CODE_STATE=getMsg HTTP/1.1" 200 27
114.84.81.136 - - [02/Oct/2022:10:20:22 +0800] "GET /xingrg/all/function/internal_message.html?_=1664677220832&CODE_STATE=getMsg HTTP/1.1" 200 27
120.253.135.82 - - [02/Oct/2022:10:20:28 +0800] "GET /xingrg/all/function/internal_message.html?_=1664677345474&CODE_STATE=getMsg HTTP/1.1" 200 27
124.79.74.72 - - [02/Oct/2022:10:20:37 +0800] "GET /xingrg/check_reg.html?_=1664677234004 HTTP/1.1" 200 22
124.79.74.72 - - [02/Oct/2022:10:20:37 +0800] "GET /xingrg/all/function/internal_message.html?_=1664677234006&CODE_STATE=getMsg HTTP/1.1" 200 27
124.79.246.218 - - [02/Oct/2022:10:20:37 +0800] "GET /xingrg/all/function/internal_message.html?_=1664677436182&CODE_STATE=getMsg HTTP/1.1" 200 27
116.225.121.189 - - [02/Oct/2022:10:20:39 +0800] "GET /xingrg/all/function/internal_message.html?_=1664677238638&CODE_STATE=getMsg HTTP/1.1" 200 27
101.85.93.113 - - [02/Oct/2022:10:20:39 +0800] "GET /xingrg/all/function/internal_message.html?_=1664677237569&CODE_STATE=getMsg HTTP/1.1" 200 27
116.230.114.213 - - [02/Oct/2022:10:20:41 +0800] "GET /xingrg/kc/buy/cgsh_order_operate.html?command=get_materiel&rest_code=00146&code=00101008439&supplier_code=00100005&order_time=2022-10-02 HTTP/1.1" 200 412
172.20.0.100 - - [02/Oct/2022:10:20:44 +0800] "GET /xingrg/all/function/internal_message.html?_=1664677241253&CODE_STATE=getMsg HTTP/1.1" 200 27
58.37.4.145 - - [02/Oct/2022:10:20:49 +0800] "GET /xingrg/all/function/internal_message.html?_=1664677247187&CODE_STATE=getMsg HTTP/1.1" 200 27
116.225.121.189 - - [02/Oct/2022:10:20:51 +0800] "GET /xingrg/check_reg.html?_=1664677105362 HTTP/1.1" 200 22
116.225.121.189 - - [02/Oct/2022:10:20:51 +0800] "GET /xingrg/all/function/internal_message.html?_=1664677105365&CODE_STATE=getMsg HTTP/1.1" 200 27
180.169.147.146 - - [02/Oct/2022:10:20:53 +0800] "GET /xingrg/all/function/internal_message.html?_=1664677251553&CODE_STATE=getMsg HTTP/1.1" 200 27
116.230.114.213 - - [02/Oct/2022:10:20:55 +0800] "GET /xingrg/kc/buy/cgsh_order_operate.html?command=get_materiel&rest_code=00146&code=00101008168&supplier_code=00100005&order_time=2022-10-02 HTTP/1.1" 200 413
222.70.183.206 - - [02/Oct/2022:10:21:07 +0800] "GET /xingrg/all/function/internal_message.html?_=1664677260518&CODE_STATE=getMsg HTTP/1.1" 200 27
114.83.219.57 - - [02/Oct/2022:10:21:07 +0800] "GET /xingrg/check_reg.html?_=1664677355910 HTTP/1.1" 200 22
114.83.219.57 - - [02/Oct/2022:10:21:07 +0800] "GET /xingrg/all/function/internal_message.html?_=1664677355913&CODE_STATE=getMsg HTTP/1.1" 200 27
124.79.74.72 - - [02/Oct/2022:10:21:08 +0800] "GET /xingrg/all/function/internal_message.html?_=1664677264861&CODE_STATE=getMsg HTTP/1.1" 200 27
124.79.74.72 - - [02/Oct/2022:10:21:08 +0800] "GET /xingrg/check_reg.html?_=1664677264862 HTTP/1.1" 200 22
116.230.105.139 - - [02/Oct/2022:10:21:13 +0800] "GET /xingrg/all/function/internal_message.html?_=1664677256629&CODE_STATE=getMsg HTTP/1.1" 200 27
116.224.255.128 - - [02/Oct/2022:10:21:15 +0800] "GET /xingrg/all/function/internal_message.html?_=1664677191862&CODE_STATE=getMsg HTTP/1.1" 200 27
116.230.114.213 - - [02/Oct/2022:10:21:18 +0800] "GET /xingrg/all/function/internal_message.html?_=1664677302593&CODE_STATE=getMsg HTTP/1.1" 200 27
114.84.81.136 - - [02/Oct/2022:10:21:22 +0800] "GET /xingrg/all/function/internal_message.html?_=1664677280830&CODE_STATE=getMsg HTTP/1.1" 200 27
222.70.183.206 - - [02/Oct/2022:10:21:26 +0800] "GET /xingrg/kc/buy/cgsh_order_operate.html?command=get_materiel&rest_code=00111&code=00101001096&supplier_code=00100199&order_time=2022-10-02 HTTP/1.1" 200 413
120.253.135.82 - - [02/Oct/2022:10:21:28 +0800] "GET /xingrg/all/function/internal_message.html?_=1664677405550&CODE_STATE=getMsg HTTP/1.1" 200 27
116.230.114.213 - - [02/Oct/2022:10:21:31 +0800] "GET /xingrg/kc/buy/cgsh_order_operate.html?command=get_materiel&rest_code=00146&code=00101008041&supplier_code=00100005&order_time=2022-10-02 HTTP/1.1" 200 408
222.70.183.206 - - [02/Oct/2022:10:21:36 +0800] "GET /xingrg/kc/buy/cgsh_order_operate.html?command=get_materiel&rest_code=00111&code=00101004020&supplier_code=00100199&order_time=2022-10-02 HTTP/1.1" 200 409
124.79.74.72 - - [02/Oct/2022:10:21:37 +0800] "GET /xingrg/all/function/internal_message.html?_=1664677293994&CODE_STATE=getMsg HTTP/1.1" 200 27
124.79.246.218 - - [02/Oct/2022:10:21:37 +0800] "GET /xingrg/all/function/internal_message.html?_=1664677496181&CODE_STATE=getMsg HTTP/1.1" 200 27
116.225.121.189 - - [02/Oct/2022:10:21:39 +0800] "GET /xingrg/all/function/internal_message.html?_=1664677298616&CODE_STATE=getMsg HTTP/1.1" 200 27
101.85.93.113 - - [02/Oct/2022:10:21:39 +0800] "GET /xingrg/all/function/internal_message.html?_=1664677297569&CODE_STATE=getMsg HTTP/1.1" 200 27
172.20.0.100 - - [02/Oct/2022:10:21:44 +0800] "GET /xingrg/all/function/internal_message.html?_=1664677301255&CODE_STATE=getMsg HTTP/1.1" 200 27
222.70.183.206 - - [02/Oct/2022:10:21:46 +0800] "POST /xingrg/kc/buy/cgsh_order_operate.html HTTP/1.1" 200 37
58.37.4.145 - - [02/Oct/2022:10:21:49 +0800] "GET /xingrg/all/function/internal_message.html?_=1664677307163&CODE_STATE=getMsg HTTP/1.1" 200 27
222.70.183.206 - - [02/Oct/2022:10:21:49 +0800] "POST /xingrg/kc/buy/cgsh_order_operate.html HTTP/1.1" 200 5639
116.225.121.189 - - [02/Oct/2022:10:21:51 +0800] "GET /xingrg/all/function/internal_message.html?_=1664677165372&CODE_STATE=getMsg HTTP/1.1" 200 27
222.70.183.206 - - [02/Oct/2022:10:21:52 +0800] "GET /xingrg/kc/print/load_data.html?order_code=212022100200422&kc_code=cgsh&condition= HTTP/1.1" 200 1812
180.169.147.146 - - [02/Oct/2022:10:21:53 +0800] "GET /xingrg/all/function/internal_message.html?_=1664677311554&CODE_STATE=getMsg HTTP/1.1" 200 27
116.230.114.213 - - [02/Oct/2022:10:21:54 +0800] "GET /xingrg/kc/buy/cgsh_order_operate.html?command=get_materiel&rest_code=00146&code=00101008098&supplier_code=00100005&order_time=2022-10-02 HTTP/1.1" 200 412
116.230.114.213 - - [02/Oct/2022:10:21:57 +0800] "POST /xingrg/kc/buy/cgsh_order_operate.html HTTP/1.1" 200 2065
120.253.135.82 - - [02/Oct/2022:10:22:03 +0800] "GET /favicon.ico HTTP/1.1" 404 -
116.230.114.213 - - [02/Oct/2022:10:22:05 +0800] "GET /xingrg/kc/buy/cgsh_order_operate.html?command=get_materiel&rest_code=00146&code=00101015107&supplier_code=00100005&order_time=2022-10-02 HTTP/1.1" 200 411
222.70.183.206 - - [02/Oct/2022:10:22:07 +0800] "GET /xingrg/check_reg.html?_=1664677320529 HTTP/1.1" 200 22
222.70.183.206 - - [02/Oct/2022:10:22:07 +0800] "GET /xingrg/all/function/internal_message.html?_=1664677320525&CODE_STATE=getMsg HTTP/1.1" 200 27
114.83.219.57 - - [02/Oct/2022:10:22:07 +0800] "GET /xingrg/all/function/internal_message.html?_=1664677415915&CODE_STATE=getMsg HTTP/1.1" 200 27
124.79.74.72 - - [02/Oct/2022:10:22:08 +0800] "GET /xingrg/all/function/internal_message.html?_=1664677324868&CODE_STATE=getMsg HTTP/1.1" 200 27
116.230.105.139 - - [02/Oct/2022:10:22:10 +0800] "GET /xingrg/check_reg.html?_=1664677313053 HTTP/1.1" 200 22
116.230.105.139 - - [02/Oct/2022:10:22:13 +0800] "GET /xingrg/all/function/internal_message.html?_=1664677316617&CODE_STATE=getMsg HTTP/1.1" 200 27
116.224.255.128 - - [02/Oct/2022:10:22:16 +0800] "GET /xingrg/all/function/internal_message.html?_=1664677252070&CODE_STATE=getMsg HTTP/1.1" 200 27
116.230.114.213 - - [02/Oct/2022:10:22:18 +0800] "GET /xingrg/kc/buy/cgsh_order_operate.html?command=get_materiel&rest_code=00146&code=00101008286&supplier_code=00100005&order_time=2022-10-02 HTTP/1.1" 200 408
116.230.114.213 - - [02/Oct/2022:10:22:18 +0800] "GET /xingrg/all/function/internal_message.html?_=1664677362607&CODE_STATE=getMsg HTTP/1.1" 200 27
120.253.135.82 - - [02/Oct/2022:10:22:20 +0800] "GET /xingrg/login.html HTTP/1.1" 200 7641
120.253.135.82 - - [02/Oct/2022:10:22:22 +0800] "GET /xingrg/images/blue/jxLogo.png HTTP/1.1" 200 6156
114.84.81.136 - - [02/Oct/2022:10:22:22 +0800] "GET /xingrg/all/function/internal_message.html?_=1664677340828&CODE_STATE=getMsg HTTP/1.1" 200 27
120.253.135.82 - - [02/Oct/2022:10:22:23 +0800] "GET /xingrg/images/blue/login_bg.png HTTP/1.1" 200 22101
120.253.135.82 - - [02/Oct/2022:10:22:23 +0800] "GET /xingrg/images/blue/hj.png HTTP/1.1" 200 1014
120.253.135.82 - - [02/Oct/2022:10:22:23 +0800] "GET /xingrg/images/blue/srbg.png HTTP/1.1" 200 138
120.253.135.82 - - [02/Oct/2022:10:22:23 +0800] "GET /favicon.ico HTTP/1.1" 404 -
120.253.135.82 - - [02/Oct/2022:10:22:28 +0800] "POST /xingrg/login.do HTTP/1.1" 302 -
120.253.135.82 - - [02/Oct/2022:10:22:28 +0800] "GET /xingrg/javascript/jquery_easy_ui/themes/icon.css HTTP/1.1" 200 3949
120.253.135.82 - - [02/Oct/2022:10:22:28 +0800] "GET /xingrg/index.html?sysBaseUrl=http%3A%2F%2F180.169.147.146%3A18081%2Fxingrg%2F&costTime=41×tamp=1664677348163 HTTP/1.1" 200 17173
120.253.135.82 - - [02/Oct/2022:10:22:28 +0800] "GET /xingrg/javascript/jquery_easy_ui/themes/default/easyui.css HTTP/1.1" 200 26500
120.253.135.82 - - [02/Oct/2022:10:22:28 +0800] "GET /xingrg/javascript/jquery_easy_ui/jquery.easyui.min.js HTTP/1.1" 200 213662
120.253.135.82 - - [02/Oct/2022:10:22:28 +0800] "GET /xingrg/javascript/jquery.timers.js HTTP/1.1" 200 3532
120.253.135.82 - - [02/Oct/2022:10:22:28 +0800] "GET /xingrg/css/form.css HTTP/1.1" 200 893
120.253.135.82 - - [02/Oct/2022:10:22:28 +0800] "GET /xingrg/javascript/jquery-1.4.2.min.js HTTP/1.1" 200 72205
120.253.135.82 - - [02/Oct/2022:10:22:28 +0800] "GET /favicon.ico HTTP/1.1" 404 -
120.253.135.82 - - [02/Oct/2022:10:22:28 +0800] "GET /xingrg/javascript/jquery_easy_ui/easyui-lang-zh_CN.js HTTP/1.1" 200 1900
120.253.135.82 - - [02/Oct/2022:10:22:28 +0800] "GET /xingrg/javascript/jquery.form.js HTTP/1.1" 200 23110
120.253.135.82 - - [02/Oct/2022:10:22:28 +0800] "GET /xingrg/check_reg.html?_=1664677465048 HTTP/1.1" 200 22
120.253.135.82 - - [02/Oct/2022:10:22:28 +0800] "GET /xingrg/javascript/jquery.utils.js HTTP/1.1" 200 11805
120.253.135.82 - - [02/Oct/2022:10:22:28 +0800] "GET /xingrg/images/blue/navBackgound.jpg HTTP/1.1" 200 12378
120.253.135.82 - - [02/Oct/2022:10:22:28 +0800] "GET /xingrg/javascript/jquery_easy_ui/themes/icons/settle_new.png HTTP/1.1" 200 826
120.253.135.82 - - [02/Oct/2022:10:22:28 +0800] "POST /xingrg/all/common/load_tree.html?tree=area_rest_tree_json&manage=1 HTTP/1.1" 200 344
120.253.135.82 - - [02/Oct/2022:10:22:28 +0800] "GET /xingrg/images/blue/pingpu.png HTTP/1.1" 200 231
120.253.135.82 - - [02/Oct/2022:10:22:28 +0800] "GET /xingrg/javascript/jquery_easy_ui/themes/default/images/tabs_leftarrow.png HTTP/1.1" 200 389
120.253.135.82 - - [02/Oct/2022:10:22:28 +0800] "GET /xingrg/javascript/jquery_easy_ui/themes/default/images/tabs_rightarrow.png HTTP/1.1" 200 395
120.253.135.82 - - [02/Oct/2022:10:22:28 +0800] "GET /xingrg/javascript/jquery_easy_ui/themes/default/images/panel_tool_collapse.gif HTTP/1.1" 200 246
120.253.135.82 - - [02/Oct/2022:10:22:28 +0800] "GET /xingrg/all/function/internal_message.html?_=1664677465628&CODE_STATE=getMsg HTTP/1.1" 200 27
120.253.135.82 - - [02/Oct/2022:10:22:28 +0800] "GET /xingrg/check_reg.html?_=1664677145413 HTTP/1.1" 200 22
120.253.135.82 - - [02/Oct/2022:10:22:28 +0800] "GET /xingrg/all/function/internal_message.html?_=1664677145412&CODE_STATE=count HTTP/1.1" 200 11
120.253.135.82 - - [02/Oct/2022:10:22:28 +0800] "GET /xingrg/javascript/jquery_easy_ui/themes/default/images/tree_arrows.gif HTTP/1.1" 200 1043
120.253.135.82 - - [02/Oct/2022:10:22:28 +0800] "POST /xingrg/load_menu.html HTTP/1.1" 200 6743
120.253.135.82 - - [02/Oct/2022:10:22:29 +0800] "GET /xingrg/javascript/jquery_easy_ui/themes/icons/search_new.png HTTP/1.1" 200 586
120.253.135.82 - - [02/Oct/2022:10:22:29 +0800] "GET /xingrg/javascript/jquery_easy_ui/themes/icons/storage_new.png HTTP/1.1" 200 853
120.253.135.82 - - [02/Oct/2022:10:22:29 +0800] "GET /xingrg/javascript/jquery_easy_ui/themes/icons/delivery_new.png HTTP/1.1" 200 700
120.253.135.82 - - [02/Oct/2022:10:22:29 +0800] "GET /xingrg/javascript/jquery_easy_ui/themes/icons/forms_new.png HTTP/1.1" 200 350
120.253.135.82 - - [02/Oct/2022:10:22:29 +0800] "GET /xingrg/javascript/jquery_easy_ui/themes/default/images/tree_folder_open.gif HTTP/1.1" 200 956
120.253.135.82 - - [02/Oct/2022:10:22:29 +0800] "GET /xingrg/javascript/jquery_easy_ui/themes/default/images/tree_file.gif HTTP/1.1" 200 118
120.253.135.82 - - [02/Oct/2022:10:22:29 +0800] "GET /xingrg/javascript/jquery_easy_ui/themes/default/images/tree_folder.gif HTTP/1.1" 200 952
116.230.114.213 - - [02/Oct/2022:10:22:37 +0800] "GET /xingrg/kc/buy/cgsh_order_operate.html?command=get_materiel&rest_code=00146&code=00101008036&supplier_code=00100005&order_time=2022-10-02 HTTP/1.1" 200 408
124.79.74.72 - - [02/Oct/2022:10:22:37 +0800] "GET /xingrg/all/function/internal_message.html?_=1664677354000&CODE_STATE=getMsg HTTP/1.1" 200 27
124.79.246.218 - - [02/Oct/2022:10:22:37 +0800] "GET /xingrg/all/function/internal_message.html?_=1664677556206&CODE_STATE=getMsg HTTP/1.1" 200 27
116.225.121.189 - - [02/Oct/2022:10:22:39 +0800] "GET /xingrg/all/function/internal_message.html?_=1664677358595&CODE_STATE=getMsg HTTP/1.1" 200 27
101.85.93.113 - - [02/Oct/2022:10:22:39 +0800] "GET /xingrg/check_reg.html?_=1664677357569 HTTP/1.1" 200 22
101.85.93.113 - - [02/Oct/2022:10:22:39 +0800] "GET /xingrg/all/function/internal_message.html?_=1664677357572&CODE_STATE=getMsg HTTP/1.1" 200 27
116.225.121.189 - - [02/Oct/2022:10:22:40 +0800] "GET /xingrg/check_reg.html?_=1664677359762 HTTP/1.1" 200 22
120.253.135.82 - - [02/Oct/2022:10:22:41 +0800] "GET /xingrg/javascript/jquery_easy_ui/themes/default/images/tabs_close.gif HTTP/1.1" 200 829
120.253.135.82 - - [02/Oct/2022:10:22:41 +0800] "GET /xingrg/css/base.css HTTP/1.1" 200 2811
120.253.135.82 - - [02/Oct/2022:10:22:41 +0800] "GET /xingrg/css/site.css HTTP/1.1" 200 7541
120.253.135.82 - - [02/Oct/2022:10:22:41 +0800] "GET /xingrg/javascript/easyui/themes/icon.css HTTP/1.1" 200 4483
120.253.135.82 - - [02/Oct/2022:10:22:41 +0800] "GET /xingrg/javascript/auto/jquery.autocomplete.css HTTP/1.1" 200 587
120.253.135.82 - - [02/Oct/2022:10:22:41 +0800] "GET /xingrg/javascript/jquery_tools/datebox.css HTTP/1.1" 200 2597
120.253.135.82 - - [02/Oct/2022:10:22:41 +0800] "GET /xingrg/javascript/jquery_tools/table.css HTTP/1.1" 200 1032
120.253.135.82 - - [02/Oct/2022:10:22:41 +0800] "GET /xingrg/javascript/jquery_tools/fix.css HTTP/1.1" 200 1702
120.253.135.82 - - [02/Oct/2022:10:22:41 +0800] "GET /xingrg/kc/pszx/mdps_order_list.html?orderType=0 HTTP/1.1" 200 21045
120.253.135.82 - - [02/Oct/2022:10:22:41 +0800] "GET /xingrg/javascript/jquery_tools/jquery.tools.extend.js HTTP/1.1" 200 15385
120.253.135.82 - - [02/Oct/2022:10:22:41 +0800] "GET /xingrg/javascript/jquery_tools/jquery.tools.min.js HTTP/1.1" 200 138801
120.253.135.82 - - [02/Oct/2022:10:22:41 +0800] "GET /xingrg/javascript/jquery_tools/jquery.tools.hotkey.js HTTP/1.1" 200 3242
120.253.135.82 - - [02/Oct/2022:10:22:41 +0800] "GET /xingrg/javascript/jquery_tools/jquery.tools.table.js HTTP/1.1" 200 6994
120.253.135.82 - - [02/Oct/2022:10:22:41 +0800] "GET /xingrg/javascript/jquery_tools/list_manager.js HTTP/1.1" 200 3652
120.253.135.82 - - [02/Oct/2022:10:22:41 +0800] "GET /xingrg/javascript/print/LodopFuncs.js HTTP/1.1" 200 5121
120.253.135.82 - - [02/Oct/2022:10:22:41 +0800] "GET /xingrg/javascript/jquery.cookie.js HTTP/1.1" 200 5513
120.253.135.82 - - [02/Oct/2022:10:22:41 +0800] "GET /xingrg/javascript/easyui/easyloader.js HTTP/1.1" 200 5975
120.253.135.82 - - [02/Oct/2022:10:22:41 +0800] "GET /xingrg/javascript/auto/jquery.autocomplete.js HTTP/1.1" 200 21624
120.253.135.82 - - [02/Oct/2022:10:22:41 +0800] "GET /xingrg/javascript/easyui/themes/default/easyui.css HTTP/1.1" 200 30432
120.253.135.82 - - [02/Oct/2022:10:22:41 +0800] "GET /xingrg/javascript/easyui/themes/icons/edit_add_new.png HTTP/1.1" 200 2997
120.253.135.82 - - [02/Oct/2022:10:22:41 +0800] "GET /xingrg/javascript/easyui/themes/icons/check_new.png HTTP/1.1" 200 3224
120.253.135.82 - - [02/Oct/2022:10:22:41 +0800] "GET /xingrg/javascript/easyui/themes/icons/uncheck_new.png HTTP/1.1" 200 3197
120.253.135.82 - - [02/Oct/2022:10:22:41 +0800] "GET /xingrg/javascript/easyui/themes/icons/field_new.png HTTP/1.1" 200 1097
120.253.135.82 - - [02/Oct/2022:10:22:41 +0800] "GET /xingrg/javascript/easyui/themes/icons/cance_new.png HTTP/1.1" 200 3986
120.253.135.82 - - [02/Oct/2022:10:22:41 +0800] "GET /xingrg/javascript/easyui/themes/icons/import_new.png HTTP/1.1" 200 1247
120.253.135.82 - - [02/Oct/2022:10:22:41 +0800] "GET /xingrg/javascript/easyui/plugins/jquery.parser.js HTTP/1.1" 200 1142
120.253.135.82 - - [02/Oct/2022:10:22:41 +0800] "GET /xingrg/images/control/ajaxLoader.gif HTTP/1.1" 200 4659
120.253.135.82 - - [02/Oct/2022:10:22:41 +0800] "POST /xingrg/kc/pszx/mdps_list_operate.html HTTP/1.1" 200 5444
172.20.0.100 - - [02/Oct/2022:10:22:44 +0800] "GET /xingrg/all/function/internal_message.html?_=1664677361258&CODE_STATE=getMsg HTTP/1.1" 200 27
120.253.135.82 - - [02/Oct/2022:10:22:46 +0800] "POST /xingrg/kc/pszx/mdps_list_operate.html HTTP/1.1" 200 5558
58.37.4.145 - - [02/Oct/2022:10:22:49 +0800] "GET /xingrg/all/function/internal_message.html?_=1664677367134&CODE_STATE=getMsg HTTP/1.1" 200 27
120.253.135.82 - - [02/Oct/2022:10:22:49 +0800] "POST /xingrg/kc/pszx/mdps_list_operate.html HTTP/1.1" 200 5583
116.225.121.189 - - [02/Oct/2022:10:22:51 +0800] "GET /xingrg/all/function/internal_message.html?_=1664677225364&CODE_STATE=getMsg HTTP/1.1" 200 27
120.253.135.82 - - [02/Oct/2022:10:22:52 +0800] "POST /xingrg/kc/pszx/mdps_list_operate.html HTTP/1.1" 200 286
120.253.135.82 - - [02/Oct/2022:10:22:52 +0800] "GET /xingrg/kc/pszx/mdps_order_info.html?code=312022100200055 HTTP/1.1" 200 23976
120.253.135.82 - - [02/Oct/2022:10:22:52 +0800] "GET /xingrg/javascript/pic_change.js HTTP/1.1" 200 4739
120.253.135.82 - - [02/Oct/2022:10:22:52 +0800] "GET /xingrg/javascript/convert.js HTTP/1.1" 200 1239
120.253.135.82 - - [02/Oct/2022:10:22:52 +0800] "GET /xingrg/javascript/print/kc_print.js HTTP/1.1" 200 11415
120.253.135.82 - - [02/Oct/2022:10:22:52 +0800] "GET /xingrg/javascript/json2.js HTTP/1.1" 200 11259
120.253.135.82 - - [02/Oct/2022:10:22:52 +0800] "GET /xingrg/javascript/jquery_tools/order_manager.js HTTP/1.1" 200 11183
120.253.135.82 - - [02/Oct/2022:10:22:52 +0800] "GET /xingrg/javascript/myfunction.js HTTP/1.1" 200 24559
120.253.135.82 - - [02/Oct/2022:10:22:53 +0800] "GET /xingrg/words/20221001163054_words.js HTTP/1.1" 200 923236
120.253.135.82 - - [02/Oct/2022:10:22:53 +0800] "GET /xingrg/javascript/easyui/themes/icons/copy_new.png HTTP/1.1" 200 815
120.253.135.82 - - [02/Oct/2022:10:22:53 +0800] "GET /xingrg/javascript/easyui/themes/icons/ok.png HTTP/1.1" 200 883
120.253.135.82 - - [02/Oct/2022:10:22:53 +0800] "GET /xingrg/javascript/easyui/themes/icons/cancel.png HTTP/1.1" 200 1133
120.253.135.82 - - [02/Oct/2022:10:22:53 +0800] "GET /xingrg/javascript/easyui/themes/icons/print.png HTTP/1.1" 200 1057
120.253.135.82 - - [02/Oct/2022:10:22:53 +0800] "GET /xingrg/javascript/easyui/themes/default/images/menu_downarrow.png HTTP/1.1" 200 173
180.169.147.146 - - [02/Oct/2022:10:22:53 +0800] "GET /xingrg/all/function/internal_message.html?_=1664677371541&CODE_STATE=getMsg HTTP/1.1" 200 27
120.253.135.82 - - [02/Oct/2022:10:22:53 +0800] "GET /xingrg/all/common/auto_word.html?type=base&rest_code=00101 HTTP/1.1" 200 671
120.253.135.82 - - [02/Oct/2022:10:22:53 +0800] "GET /xingrg/javascript/easyui/themes/default/validatebox.css HTTP/1.1" 404 1104
120.253.135.82 - - [02/Oct/2022:10:22:53 +0800] "GET /xingrg/javascript/easyui/plugins/jquery.validatebox.js HTTP/1.1" 200 6103
120.253.135.82 - - [02/Oct/2022:10:22:54 +0800] "POST /xingrg/kc/pszx/mdps_order_operate.html HTTP/1.1" 200 2790
120.253.135.82 - - [02/Oct/2022:10:22:54 +0800] "GET /xingrg/javascript/easyui/plugins/jquery.numberbox.js HTTP/1.1" 200 5213
120.253.135.82 - - [02/Oct/2022:10:22:54 +0800] "GET /xingrg/javascript/easyui/themes/icons/edit_remove.png HTTP/1.1" 200 625
120.253.135.82 - - [02/Oct/2022:10:22:56 +0800] "GET /xingrg/javascript/easyui/themes/default/images/button_plain_hover.png HTTP/1.1" 200 144
120.253.135.82 - - [02/Oct/2022:10:22:58 +0800] "GET /xingrg/kc/print/load_config.html?kc_code=mdps HTTP/1.1" 200 2390
120.253.135.82 - - [02/Oct/2022:10:22:58 +0800] "GET /xingrg/kc/print/load_data.html?order_code=312022100200055&kc_code=mdps&condition= HTTP/1.1" 200 913
222.70.183.206 - - [02/Oct/2022:10:23:02 +0800] "GET /xingrg/kc/buy/cgsh_order_add.html HTTP/1.1" 200 68861
222.70.183.206 - - [02/Oct/2022:10:23:03 +0800] "POST /xingrg/kc/buy/cgsh_order_operate.html HTTP/1.1" 200 8245
222.70.183.206 - - [02/Oct/2022:10:23:03 +0800] "GET /xingrg/javascript/easyui/themes/default/validatebox.css HTTP/1.1" 404 1104
116.224.255.128 - - [02/Oct/2022:10:23:07 +0800] "GET /xingrg/check_reg.html?_=1664677303506 HTTP/1.1" 200 22
222.70.183.206 - - [02/Oct/2022:10:23:07 +0800] "GET /xingrg/all/function/internal_message.html?_=1664677380530&CODE_STATE=getMsg HTTP/1.1" 200 27
114.83.219.57 - - [02/Oct/2022:10:23:07 +0800] "GET /xingrg/all/function/internal_message.html?_=1664677475908&CODE_STATE=getMsg HTTP/1.1" 200 27
124.79.74.72 - - [02/Oct/2022:10:23:08 +0800] "GET /xingrg/all/function/internal_message.html?_=1664677384863&CODE_STATE=getMsg HTTP/1.1" 200 27
116.230.114.213 - - [02/Oct/2022:10:23:12 +0800] "GET /xingrg/check_reg.html?_=1664677412137 HTTP/1.1" 302 -
116.230.105.139 - - [02/Oct/2022:10:23:13 +0800] "GET /xingrg/all/function/internal_message.html?_=1664677376587&CODE_STATE=getMsg HTTP/1.1" 200 27
116.224.255.128 - - [02/Oct/2022:10:23:16 +0800] "GET /xingrg/all/function/internal_message.html?_=1664677312077&CODE_STATE=getMsg HTTP/1.1" 200 27
116.230.114.213 - - [02/Oct/2022:10:23:18 +0800] "GET /xingrg/check_reg.html?_=1664677422510 HTTP/1.1" 200 22
116.230.114.213 - - [02/Oct/2022:10:23:18 +0800] "GET /xingrg/all/function/internal_message.html?_=1664677422619&CODE_STATE=getMsg HTTP/1.1" 200 27
120.253.135.82 - - [02/Oct/2022:10:23:21 +0800] "GET /xingrg/javascript/jquery_easy_ui/themes/icons/area.png HTTP/1.1" 200 262
120.253.135.82 - - [02/Oct/2022:10:23:21 +0800] "GET /xingrg/javascript/jquery_easy_ui/themes/icons/manage.png HTTP/1.1" 200 696
114.84.81.136 - - [02/Oct/2022:10:23:22 +0800] "GET /xingrg/all/function/internal_message.html?_=1664677400826&CODE_STATE=getMsg HTTP/1.1" 200 27
120.253.135.82 - - [02/Oct/2022:10:23:28 +0800] "GET /xingrg/all/function/internal_message.html?_=1664677205426&CODE_STATE=getMsg HTTP/1.1" 200 27
120.253.135.82 - - [02/Oct/2022:10:23:28 +0800] "GET /xingrg/all/function/internal_message.html?_=1664677525639&CODE_STATE=getMsg HTTP/1.1" 200 27
120.253.135.82 - - [02/Oct/2022:10:23:29 +0800] "POST /xingrg/kc/pszx/mdps_list_operate.html HTTP/1.1" 200 443
120.253.135.82 - - [02/Oct/2022:10:23:29 +0800] "GET /xingrg/kc/pszx/mdps_order_info.html?code=312022100100041 HTTP/1.1" 200 23976
120.253.135.82 - - [02/Oct/2022:10:23:30 +0800] "POST /xingrg/kc/pszx/mdps_order_operate.html HTTP/1.1" 200 3787
120.253.135.82 - - [02/Oct/2022:10:23:30 +0800] "GET /xingrg/javascript/easyui/themes/default/validatebox.css HTTP/1.1" 404 1104
120.253.135.82 - - [02/Oct/2022:10:23:33 +0800] "GET /xingrg/kc/print/load_data.html?order_code=312022100100041&kc_code=mdps&condition= HTTP/1.1" 200 1370
116.230.114.213 - - [02/Oct/2022:10:23:35 +0800] "POST /xingrg/kc/buy/cgsh_order_operate.html HTTP/1.1" 200 37
124.79.74.72 - - [02/Oct/2022:10:23:37 +0800] "GET /xingrg/all/function/internal_message.html?_=1664677414005&CODE_STATE=getMsg HTTP/1.1" 200 27
124.79.246.218 - - [02/Oct/2022:10:23:37 +0800] "GET /xingrg/all/function/internal_message.html?_=1664677616204&CODE_STATE=getMsg HTTP/1.1" 200 27
124.79.246.218 - - [02/Oct/2022:10:23:37 +0800] "GET /xingrg/check_reg.html?_=1664677616206 HTTP/1.1" 200 22
116.230.114.213 - - [02/Oct/2022:10:23:38 +0800] "POST /xingrg/kc/buy/cgsh_order_operate.html HTTP/1.1" 200 46414
116.225.121.189 - - [02/Oct/2022:10:23:38 +0800] "GET /xingrg/kc/buy/cgsh_order_add.html HTTP/1.1" 200 68987
116.225.121.189 - - [02/Oct/2022:10:23:38 +0800] "GET /xingrg/javascript/easyui/themes/default/validatebox.css HTTP/1.1" 404 1104
116.225.121.189 - - [02/Oct/2022:10:23:38 +0800] "POST /xingrg/kc/buy/cgsh_order_operate.html HTTP/1.1" 200 8245
116.225.121.189 - - [02/Oct/2022:10:23:39 +0800] "GET /xingrg/all/function/internal_message.html?_=1664677418611&CODE_STATE=getMsg HTTP/1.1" 200 27
101.85.93.113 - - [02/Oct/2022:10:23:39 +0800] "GET /xingrg/all/function/internal_message.html?_=1664677417558&CODE_STATE=getMsg HTTP/1.1" 200 27
116.230.114.213 - - [02/Oct/2022:10:23:40 +0800] "GET /xingrg/kc/print/load_config.html?kc_code=cgsh HTTP/1.1" 200 1943
116.230.114.213 - - [02/Oct/2022:10:23:40 +0800] "GET /xingrg/kc/print/load_data.html?order_code=212022100200421&kc_code=cgsh&condition= HTTP/1.1" 200 17239
172.20.0.100 - - [02/Oct/2022:10:23:44 +0800] "GET /xingrg/all/function/internal_message.html?_=1664677421247&CODE_STATE=getMsg HTTP/1.1" 200 27
58.37.4.145 - - [02/Oct/2022:10:23:49 +0800] "GET /xingrg/all/function/internal_message.html?_=1664677427103&CODE_STATE=getMsg HTTP/1.1" 200 27
116.225.121.189 - - [02/Oct/2022:10:23:51 +0800] "GET /xingrg/all/function/internal_message.html?_=1664677285373&CODE_STATE=getMsg HTTP/1.1" 200 27
180.169.147.146 - - [02/Oct/2022:10:23:53 +0800] "GET /xingrg/all/function/internal_message.html?_=1664677431547&CODE_STATE=getMsg HTTP/1.1" 200 27
120.253.135.82 - - [02/Oct/2022:10:23:55 +0800] "POST /xingrg/kc/pszx/mdps_list_operate.html HTTP/1.1" 200 5583
116.225.121.189 - - [02/Oct/2022:10:23:55 +0800] "GET /xingrg/kc/buy/cgsh_order_operate.html?command=get_materiel&rest_code=00105&code=00101006171&supplier_code=00100012&order_time=2022-10-02 HTTP/1.1" 200 425
120.253.135.82 - - [02/Oct/2022:10:23:59 +0800] "POST /xingrg/kc/pszx/mdps_list_operate.html HTTP/1.1" 200 616
120.253.135.82 - - [02/Oct/2022:10:24:00 +0800] "GET /xingrg/kc/pszx/mdps_order_info.html?code=312022100100043 HTTP/1.1" 200 23976
120.253.135.82 - - [02/Oct/2022:10:24:00 +0800] "GET /xingrg/javascript/easyui/themes/default/validatebox.css HTTP/1.1" 404 1104
120.253.135.82 - - [02/Oct/2022:10:24:00 +0800] "POST /xingrg/kc/pszx/mdps_order_operate.html HTTP/1.1" 200 9962
222.70.183.206 - - [02/Oct/2022:10:24:07 +0800] "GET /xingrg/all/function/internal_message.html?_=1664677440533&CODE_STATE=getMsg HTTP/1.1" 200 27
114.83.219.57 - - [02/Oct/2022:10:24:07 +0800] "GET /xingrg/all/function/internal_message.html?_=1664677535906&CODE_STATE=getMsg HTTP/1.1" 200 27
124.79.74.72 - - [02/Oct/2022:10:24:08 +0800] "GET /xingrg/all/function/internal_message.html?_=1664677444863&CODE_STATE=getMsg HTTP/1.1" 200 27
58.37.4.145 - - [02/Oct/2022:10:24:11 +0800] "GET /xingrg/check_reg.html?_=1664677449102 HTTP/1.1" 200 22
116.230.105.139 - - [02/Oct/2022:10:24:13 +0800] "GET /xingrg/all/function/internal_message.html?_=1664677436565&CODE_STATE=getMsg HTTP/1.1" 200 27
116.225.121.189 - - [02/Oct/2022:10:24:14 +0800] "GET /xingrg/kc/buy/cgsh_order_operate.html?command=get_materiel&rest_code=00105&code=00101006122&supplier_code=00100012&order_time=2022-10-02 HTTP/1.1" 200 408
116.224.255.128 - - [02/Oct/2022:10:24:16 +0800] "GET /xingrg/all/function/internal_message.html?_=1664677372090&CODE_STATE=getMsg HTTP/1.1" 200 27
116.230.114.213 - - [02/Oct/2022:10:24:18 +0800] "GET /xingrg/all/function/internal_message.html?_=1664677482693&CODE_STATE=getMsg HTTP/1.1" 200 27
114.84.81.136 - - [02/Oct/2022:10:24:22 +0800] "GET /xingrg/all/function/internal_message.html?_=1664677460866&CODE_STATE=getMsg HTTP/1.1" 200 27
114.84.81.136 - - [02/Oct/2022:10:24:22 +0800] "GET /xingrg/check_reg.html?_=1664677460866 HTTP/1.1" 200 22
120.253.135.82 - - [02/Oct/2022:10:24:28 +0800] "GET /xingrg/all/function/internal_message.html?_=1664677585652&CODE_STATE=getMsg HTTP/1.1" 200 27
120.253.135.82 - - [02/Oct/2022:10:24:29 +0800] "GET /xingrg/all/function/internal_message.html?_=1664677265609&CODE_STATE=getMsg HTTP/1.1" 200 27
120.253.135.82 - - [02/Oct/2022:10:24:30 +0800] "GET /xingrg/kc/print/load_data.html?order_code=312022100100043&kc_code=mdps&condition= HTTP/1.1" 200 4306
116.225.121.189 - - [02/Oct/2022:10:24:30 +0800] "GET /xingrg/kc/buy/cgsh_order_operate.html?command=get_materiel&rest_code=00105&code=00101006063&supplier_code=00100012&order_time=2022-10-02 HTTP/1.1" 200 413
124.79.74.72 - - [02/Oct/2022:10:24:37 +0800] "GET /xingrg/all/function/internal_message.html?_=1664677473994&CODE_STATE=getMsg HTTP/1.1" 200 27
124.79.246.218 - - [02/Oct/2022:10:24:37 +0800] "GET /xingrg/all/function/internal_message.html?_=1664677676211&CODE_STATE=getMsg HTTP/1.1" 200 27
116.225.121.189 - - [02/Oct/2022:10:24:39 +0800] "GET /xingrg/all/function/internal_message.html?_=1664677478585&CODE_STATE=getMsg HTTP/1.1" 200 27
101.85.93.113 - - [02/Oct/2022:10:24:39 +0800] "GET /xingrg/all/function/internal_message.html?_=1664677477558&CODE_STATE=getMsg HTTP/1.1" 200 27
180.171.134.177 - - [02/Oct/2022:10:24:42 +0800] "GET /favicon.ico HTTP/1.1" 404 -
172.20.0.100 - - [02/Oct/2022:10:24:44 +0800] "GET /xingrg/check_reg.html?_=1664677481259 HTTP/1.1" 200 22
172.20.0.100 - - [02/Oct/2022:10:24:44 +0800] "GET /xingrg/all/function/internal_message.html?_=1664677481257&CODE_STATE=getMsg HTTP/1.1" 200 27
116.225.121.189 - - [02/Oct/2022:10:24:47 +0800] "GET /xingrg/kc/buy/cgsh_order_operate.html?command=get_materiel&rest_code=00105&code=00101010847&supplier_code=00100012&order_time=2022-10-02 HTTP/1.1" 200 410
58.37.4.145 - - [02/Oct/2022:10:24:49 +0800] "GET /xingrg/all/function/internal_message.html?_=1664677487072&CODE_STATE=getMsg HTTP/1.1" 200 27
116.225.121.189 - - [02/Oct/2022:10:24:51 +0800] "GET /xingrg/all/function/internal_message.html?_=1664677345363&CODE_STATE=getMsg HTTP/1.1" 200 27
180.169.147.146 - - [02/Oct/2022:10:24:53 +0800] "GET /xingrg/all/function/internal_message.html?_=1664677491558&CODE_STATE=getMsg HTTP/1.1" 200 27
180.169.147.146 - - [02/Oct/2022:10:24:53 +0800] "GET /xingrg/check_reg.html?_=1664677491560 HTTP/1.1" 200 22
116.225.121.189 - - [02/Oct/2022:10:24:55 +0800] "GET /xingrg/kc/buy/cgsh_order_operate.html?command=get_materiel&rest_code=00105&code=00101010248&supplier_code=00100012&order_time=2022-10-02 HTTP/1.1" 200 430
116.225.121.189 - - [02/Oct/2022:10:24:56 +0800] "POST /xingrg/all/common/load_select.html HTTP/1.1" 200 25
116.225.121.189 - - [02/Oct/2022:10:24:59 +0800] "GET /xingrg/kc/buy/cgsh_order_operate.html?command=get_materiel_price&rest_code=00105&code=00101010248&unit_code=00100043&supplier_code=00100012&order_time=2022-10-02 HTTP/1.1" 200 29
222.70.183.206 - - [02/Oct/2022:10:25:07 +0800] "GET /xingrg/all/function/internal_message.html?_=1664677500527&CODE_STATE=getMsg HTTP/1.1" 200 27
114.83.219.57 - - [02/Oct/2022:10:25:07 +0800] "GET /xingrg/all/function/internal_message.html?_=1664677595908&CODE_STATE=getMsg HTTP/1.1" 200 27
124.79.74.72 - - [02/Oct/2022:10:25:08 +0800] "GET /xingrg/all/function/internal_message.html?_=1664677504861&CODE_STATE=getMsg HTTP/1.1" 200 27
116.230.105.139 - - [02/Oct/2022:10:25:13 +0800] "GET /xingrg/all/function/internal_message.html?_=1664677496545&CODE_STATE=getMsg HTTP/1.1" 200 27
58.37.225.234 - - [02/Oct/2022:10:25:14 +0800] "GET /xingrg/check_reg.html?_=1664677164902 HTTP/1.1" 200 22
116.224.255.128 - - [02/Oct/2022:10:25:16 +0800] "GET /xingrg/all/function/internal_message.html?_=1664677432310&CODE_STATE=getMsg HTTP/1.1" 200 27
116.230.114.213 - - [02/Oct/2022:10:25:18 +0800] "GET /xingrg/all/function/internal_message.html?_=1664677542709&CODE_STATE=getMsg HTTP/1.1" 200 27
114.84.81.136 - - [02/Oct/2022:10:25:22 +0800] "GET /xingrg/all/function/internal_message.html?_=1664677520864&CODE_STATE=getMsg HTTP/1.1" 200 27
222.70.183.206 - - [02/Oct/2022:10:25:23 +0800] "GET /xingrg/kc/buy/cgsh_order_operate.html?command=get_materiel&rest_code=00111&code=00101008096&supplier_code=00100005&order_time=2022-10-02 HTTP/1.1" 200 412
116.225.121.189 - - [02/Oct/2022:10:25:28 +0800] "POST /xingrg/kc/buy/cgsh_order_operate.html HTTP/1.1" 200 37
120.253.135.82 - - [02/Oct/2022:10:25:29 +0800] "GET /xingrg/all/function/internal_message.html?_=1664677645793&CODE_STATE=getMsg HTTP/1.1" 200 27
120.253.135.82 - - [02/Oct/2022:10:25:29 +0800] "GET /xingrg/all/function/internal_message.html?_=1664677325625&CODE_STATE=getMsg HTTP/1.1" 200 27
116.225.121.189 - - [02/Oct/2022:10:25:30 +0800] "POST /xingrg/kc/buy/cgsh_order_operate.html HTTP/1.1" 200 5037
116.225.121.189 - - [02/Oct/2022:10:25:31 +0800] "GET /xingrg/kc/print/load_data.html?order_code=212022100200423&kc_code=cgsh&condition= HTTP/1.1" 200 1682
116.225.121.189 - - [02/Oct/2022:10:25:34 +0800] "GET /xingrg/kc/buy/cgsh_order_add.html HTTP/1.1" 200 68987
116.225.121.189 - - [02/Oct/2022:10:25:34 +0800] "POST /xingrg/kc/buy/cgsh_order_operate.html HTTP/1.1" 200 8245
116.225.121.189 - - [02/Oct/2022:10:25:34 +0800] "GET /xingrg/javascript/easyui/themes/default/validatebox.css HTTP/1.1" 404 1104
222.70.183.206 - - [02/Oct/2022:10:25:35 +0800] "GET /xingrg/kc/buy/cgsh_order_operate.html?command=get_materiel&rest_code=00111&code=00101008361&supplier_code=00100005&order_time=2022-10-02 HTTP/1.1" 200 408
124.79.74.72 - - [02/Oct/2022:10:25:37 +0800] "GET /xingrg/all/function/internal_message.html?_=1664677533996&CODE_STATE=getMsg HTTP/1.1" 200 27
124.79.74.72 - - [02/Oct/2022:10:25:37 +0800] "GET /xingrg/check_reg.html?_=1664677534000 HTTP/1.1" 200 22
124.79.246.218 - - [02/Oct/2022:10:25:37 +0800] "GET /xingrg/all/function/internal_message.html?_=1664677736204&CODE_STATE=getMsg HTTP/1.1" 200 27
116.225.121.189 - - [02/Oct/2022:10:25:39 +0800] "GET /xingrg/all/function/internal_message.html?_=1664677538595&CODE_STATE=getMsg HTTP/1.1" 200 27
101.85.93.113 - - [02/Oct/2022:10:25:39 +0800] "GET /xingrg/all/function/internal_message.html?_=1664677537558&CODE_STATE=getMsg HTTP/1.1" 200 27
172.20.0.100 - - [02/Oct/2022:10:25:44 +0800] "GET /xingrg/all/function/internal_message.html?_=1664677541247&CODE_STATE=getMsg HTTP/1.1" 200 27
222.70.183.206 - - [02/Oct/2022:10:25:45 +0800] "GET /xingrg/kc/buy/cgsh_order_operate.html?command=get_materiel&rest_code=00111&code=00101008270&supplier_code=00100005&order_time=2022-10-02 HTTP/1.1" 200 412
58.37.4.145 - - [02/Oct/2022:10:25:49 +0800] "GET /xingrg/all/function/internal_message.html?_=1664677547075&CODE_STATE=getMsg HTTP/1.1" 200 27
116.225.121.189 - - [02/Oct/2022:10:25:51 +0800] "GET /xingrg/check_reg.html?_=1664677405372 HTTP/1.1" 200 22
116.225.121.189 - - [02/Oct/2022:10:25:51 +0800] "GET /xingrg/all/function/internal_message.html?_=1664677405375&CODE_STATE=getMsg HTTP/1.1" 200 27
116.225.121.189 - - [02/Oct/2022:10:25:51 +0800] "GET /xingrg/kc/buy/cgsh_order_operate.html?command=get_materiel&rest_code=00105&code=00101009124&supplier_code=00100024&order_time=2022-10-02 HTTP/1.1" 200 439
222.70.183.206 - - [02/Oct/2022:10:25:52 +0800] "GET /xingrg/kc/buy/cgsh_order_operate.html?command=get_materiel&rest_code=00111&code=00101008283&supplier_code=00100005&order_time=2022-10-02 HTTP/1.1" 200 408
180.169.147.146 - - [02/Oct/2022:10:25:53 +0800] "GET /xingrg/all/function/internal_message.html?_=1664677551553&CODE_STATE=getMsg HTTP/1.1" 200 27
221.239.141.151 - - [02/Oct/2022:10:26:02 +0800] "GET /xingrg/login.html HTTP/1.1" 200 7641
221.239.141.151 - - [02/Oct/2022:10:26:03 +0800] "GET /favicon.ico HTTP/1.1" 404 -
116.225.121.189 - - [02/Oct/2022:10:26:05 +0800] "GET /xingrg/kc/buy/cgsh_order_operate.html?command=get_materiel&rest_code=00105&code=00101009001&supplier_code=00100024&order_time=2022-10-02 HTTP/1.1" 200 416
222.70.183.206 - - [02/Oct/2022:10:26:07 +0800] "GET /xingrg/all/function/internal_message.html?_=1664677560529&CODE_STATE=getMsg HTTP/1.1" 200 27
114.83.219.57 - - [02/Oct/2022:10:26:07 +0800] "GET /xingrg/all/function/internal_message.html?_=1664677655896&CODE_STATE=getMsg HTTP/1.1" 200 27
114.83.219.57 - - [02/Oct/2022:10:26:07 +0800] "GET /xingrg/check_reg.html?_=1664677655899 HTTP/1.1" 200 22
221.239.141.151 - - [02/Oct/2022:10:26:07 +0800] "POST /xingrg/login.do HTTP/1.1" 302 -
221.239.141.151 - - [02/Oct/2022:10:26:07 +0800] "GET /xingrg/index.html?sysBaseUrl=http%3A%2F%2F180.169.147.146%3A18081%2Fxingrg%2F&costTime=40×tamp=1664677567839 HTTP/1.1" 200 17173
221.239.141.151 - - [02/Oct/2022:10:26:08 +0800] "GET /favicon.ico HTTP/1.1" 404 -
221.239.141.151 - - [02/Oct/2022:10:26:08 +0800] "POST /xingrg/all/common/load_tree.html?tree=area_rest_tree_json&manage=1 HTTP/1.1" 200 342
124.79.74.72 - - [02/Oct/2022:10:26:08 +0800] "GET /xingrg/all/function/internal_message.html?_=1664677564862&CODE_STATE=getMsg HTTP/1.1" 200 27
124.79.74.72 - - [02/Oct/2022:10:26:08 +0800] "GET /xingrg/check_reg.html?_=1664677564863 HTTP/1.1" 200 22
221.239.141.151 - - [02/Oct/2022:10:26:08 +0800] "GET /xingrg/all/function/internal_message.html?_=1664677568925&CODE_STATE=count HTTP/1.1" 200 11
221.239.141.151 - - [02/Oct/2022:10:26:08 +0800] "GET /xingrg/check_reg.html?_=1664677568927 HTTP/1.1" 200 22
221.239.141.151 - - [02/Oct/2022:10:26:08 +0800] "POST /xingrg/load_menu.html HTTP/1.1" 200 5138
120.253.135.82 - - [02/Oct/2022:10:26:08 +0800] "POST /xingrg/kc/pszx/mdps_list_operate.html HTTP/1.1" 200 5583
221.239.141.151 - - [02/Oct/2022:10:26:10 +0800] "GET /xingrg/kc/mdqp/pssh_order_list.html HTTP/1.1" 200 17901
221.239.141.151 - - [02/Oct/2022:10:26:11 +0800] "POST /xingrg/kc/mdqp/pssh_list_operate.html HTTP/1.1" 200 5413
221.239.141.151 - - [02/Oct/2022:10:26:12 +0800] "POST /xingrg/kc/mdqp/pssh_list_operate.html HTTP/1.1" 200 261
222.70.183.206 - - [02/Oct/2022:10:26:12 +0800] "GET /xingrg/kc/buy/cgsh_order_operate.html?command=get_materiel&rest_code=00111&code=00101008261&supplier_code=00100005&order_time=2022-10-02 HTTP/1.1" 200 408
116.230.105.139 - - [02/Oct/2022:10:26:13 +0800] "GET /xingrg/all/function/internal_message.html?_=1664677556524&CODE_STATE=getMsg HTTP/1.1" 200 27
221.239.141.151 - - [02/Oct/2022:10:26:14 +0800] "POST /xingrg/kc/mdqp/pssh_list_operate.html HTTP/1.1" 200 256
120.253.135.82 - - [02/Oct/2022:10:26:14 +0800] "POST /xingrg/kc/pszx/mdps_list_operate.html HTTP/1.1" 200 612
120.253.135.82 - - [02/Oct/2022:10:26:15 +0800] "GET /xingrg/kc/pszx/mdps_order_info.html?code=312022100100044 HTTP/1.1" 200 23976
221.239.141.151 - - [02/Oct/2022:10:26:15 +0800] "GET /xingrg/kc/mdqp/pssh_order_info.html?code=312022100100029 HTTP/1.1" 200 17266
116.225.121.189 - - [02/Oct/2022:10:26:15 +0800] "GET /xingrg/kc/buy/cgsh_order_operate.html?command=get_materiel&rest_code=00105&code=00101009062&supplier_code=00100024&order_time=2022-10-02 HTTP/1.1" 200 434
221.239.141.151 - - [02/Oct/2022:10:26:15 +0800] "GET /xingrg/javascript/jquery_tools/jquery-1.4.2.min.js HTTP/1.1" 404 1094
221.239.141.151 - - [02/Oct/2022:10:26:15 +0800] "GET /xingrg/words/20221001163054_words.js HTTP/1.1" 304 -
120.253.135.82 - - [02/Oct/2022:10:26:16 +0800] "POST /xingrg/kc/pszx/mdps_order_operate.html HTTP/1.1" 200 5798
120.253.135.82 - - [02/Oct/2022:10:26:16 +0800] "GET /xingrg/javascript/easyui/themes/default/validatebox.css HTTP/1.1" 404 1104
116.224.255.128 - - [02/Oct/2022:10:26:16 +0800] "GET /xingrg/all/function/internal_message.html?_=1664677492320&CODE_STATE=getMsg HTTP/1.1" 200 27
221.239.141.151 - - [02/Oct/2022:10:26:16 +0800] "POST /xingrg/kc/mdqp/pssh_order_operate.html HTTP/1.1" 200 540
221.239.141.151 - - [02/Oct/2022:10:26:16 +0800] "GET /xingrg/all/common/auto_word.html?type=base&rest_code=00102&rest_code=00102 HTTP/1.1" 200 1857
221.239.141.151 - - [02/Oct/2022:10:26:16 +0800] "GET /xingrg/all/common/auto_word.html?type=employee&rest_code=00102 HTTP/1.1" 200 189
221.239.141.151 - - [02/Oct/2022:10:26:16 +0800] "GET /xingrg/javascript/easyui/themes/default/validatebox.css HTTP/1.1" 404 1104
221.239.141.151 - - [02/Oct/2022:10:26:17 +0800] "POST /xingrg/all/common/load_combo.html?type=base&rest_code=00102 HTTP/1.1" 200 3321
116.230.114.213 - - [02/Oct/2022:10:26:19 +0800] "GET /xingrg/all/function/internal_message.html?_=1664677602773&CODE_STATE=getMsg HTTP/1.1" 200 27
221.239.141.151 - - [02/Oct/2022:10:26:19 +0800] "POST /xingrg/all/common/load_combo.html?type=employee HTTP/1.1" 200 353
221.239.141.151 - - [02/Oct/2022:10:26:22 +0800] "POST /xingrg/kc/mdqp/pssh_order_operate.html HTTP/1.1" 200 37
114.84.81.136 - - [02/Oct/2022:10:26:22 +0800] "GET /xingrg/all/function/internal_message.html?_=1664677580864&CODE_STATE=getMsg HTTP/1.1" 200 27
221.239.141.151 - - [02/Oct/2022:10:26:23 +0800] "POST /xingrg/kc/mdqp/pssh_order_operate.html HTTP/1.1" 200 12
221.239.141.151 - - [02/Oct/2022:10:26:23 +0800] "GET /xingrg/kc/mdqp/pssh_order_info.html?code=312022100100029 HTTP/1.1" 200 14382
221.239.141.151 - - [02/Oct/2022:10:26:23 +0800] "GET /xingrg/javascript/jquery_tools/jquery-1.4.2.min.js HTTP/1.1" 404 1094
221.239.141.151 - - [02/Oct/2022:10:26:24 +0800] "GET /xingrg/javascript/easyui/themes/default/validatebox.css HTTP/1.1" 404 1104
221.239.141.151 - - [02/Oct/2022:10:26:24 +0800] "POST /xingrg/kc/mdqp/pssh_order_operate.html HTTP/1.1" 200 540
221.239.141.151 - - [02/Oct/2022:10:26:25 +0800] "GET /xingrg/kc/print/load_config.html?kc_code=pssh HTTP/1.1" 200 2291
221.239.141.151 - - [02/Oct/2022:10:26:25 +0800] "GET /xingrg/kc/print/load_data.html?order_code=312022100100029&kc_code=pssh&condition= HTTP/1.1" 200 663
222.70.183.206 - - [02/Oct/2022:10:26:25 +0800] "GET /xingrg/kc/buy/cgsh_order_operate.html?command=get_materiel&rest_code=00111&code=00101008331&supplier_code=00100005&order_time=2022-10-02 HTTP/1.1" 200 416
116.225.121.189 - - [02/Oct/2022:10:26:28 +0800] "GET /xingrg/kc/buy/cgsh_order_operate.html?command=get_materiel&rest_code=00105&code=00101009118&supplier_code=00100024&order_time=2022-10-02 HTTP/1.1" 200 405
120.253.135.82 - - [02/Oct/2022:10:26:29 +0800] "GET /xingrg/all/function/internal_message.html?_=1664677705805&CODE_STATE=getMsg HTTP/1.1" 200 27
120.253.135.82 - - [02/Oct/2022:10:26:29 +0800] "GET /xingrg/all/function/internal_message.html?_=1664677385750&CODE_STATE=getMsg HTTP/1.1" 200 27
221.239.141.151 - - [02/Oct/2022:10:26:30 +0800] "GET /xingrg/kc/mdqp/pssh_order_info.html?code=312022093000703 HTTP/1.1" 200 17266
221.239.141.151 - - [02/Oct/2022:10:26:30 +0800] "GET /xingrg/javascript/jquery_tools/jquery-1.4.2.min.js HTTP/1.1" 404 1094
221.239.141.151 - - [02/Oct/2022:10:26:30 +0800] "POST /xingrg/kc/mdqp/pssh_order_operate.html HTTP/1.1" 200 526
221.239.141.151 - - [02/Oct/2022:10:26:30 +0800] "GET /xingrg/javascript/easyui/themes/default/validatebox.css HTTP/1.1" 404 1104
221.239.141.151 - - [02/Oct/2022:10:26:31 +0800] "POST /xingrg/all/common/load_combo.html?type=employee HTTP/1.1" 200 353
221.239.141.151 - - [02/Oct/2022:10:26:32 +0800] "POST /xingrg/all/common/load_combo.html?type=base&rest_code=00102 HTTP/1.1" 200 3321
222.70.183.206 - - [02/Oct/2022:10:26:34 +0800] "GET /xingrg/kc/buy/cgsh_order_operate.html?command=get_materiel&rest_code=00111&code=00101008358&supplier_code=00100005&order_time=2022-10-02 HTTP/1.1" 200 412
221.239.141.151 - - [02/Oct/2022:10:26:36 +0800] "POST /xingrg/kc/mdqp/pssh_order_operate.html HTTP/1.1" 200 37
221.239.141.151 - - [02/Oct/2022:10:26:37 +0800] "POST /xingrg/kc/mdqp/pssh_order_operate.html HTTP/1.1" 200 12
124.79.74.72 - - [02/Oct/2022:10:26:37 +0800] "GET /xingrg/all/function/internal_message.html?_=1664677594002&CODE_STATE=getMsg HTTP/1.1" 200 27
124.79.246.218 - - [02/Oct/2022:10:26:37 +0800] "GET /xingrg/all/function/internal_message.html?_=1664677796203&CODE_STATE=getMsg HTTP/1.1" 200 27
120.253.135.82 - - [02/Oct/2022:10:26:38 +0800] "POST /xingrg/all/common/load_select.html HTTP/1.1" 200 25
116.225.121.189 - - [02/Oct/2022:10:26:39 +0800] "GET /xingrg/all/function/internal_message.html?_=1664677598596&CODE_STATE=getMsg HTTP/1.1" 200 27
101.85.93.113 - - [02/Oct/2022:10:26:39 +0800] "GET /xingrg/all/function/internal_message.html?_=1664677597557&CODE_STATE=getMsg HTTP/1.1" 200 27
116.225.121.189 - - [02/Oct/2022:10:26:39 +0800] "GET /xingrg/kc/buy/cgsh_order_operate.html?command=get_materiel&rest_code=00105&code=00101009044&supplier_code=00100024&order_time=2022-10-02 HTTP/1.1" 200 431
221.239.141.151 - - [02/Oct/2022:10:26:39 +0800] "GET /xingrg/kc/mdqp/pssh_order_info.html?code=312022093000703 HTTP/1.1" 200 14382
221.239.141.151 - - [02/Oct/2022:10:26:39 +0800] "GET /xingrg/javascript/jquery_tools/jquery-1.4.2.min.js HTTP/1.1" 404 1094
221.239.141.151 - - [02/Oct/2022:10:26:40 +0800] "POST /xingrg/kc/mdqp/pssh_order_operate.html HTTP/1.1" 200 526
221.239.141.151 - - [02/Oct/2022:10:26:40 +0800] "GET /xingrg/javascript/easyui/themes/default/validatebox.css HTTP/1.1" 404 1104
120.253.135.82 - - [02/Oct/2022:10:26:41 +0800] "GET /xingrg/kc/pszx/mdps_order_operate.html?command=get_materiel_price&pszx_code=00101&rest_code=00145&base_code=0010250&code=00102002685&unit_code=00100348&order_time=2022-10-02 HTTP/1.1" 200 35
222.70.183.206 - - [02/Oct/2022:10:26:42 +0800] "GET /xingrg/kc/buy/cgsh_order_operate.html?command=get_materiel&rest_code=00111&code=00101008126&supplier_code=00100005&order_time=2022-10-02 HTTP/1.1" 200 412
172.20.0.100 - - [02/Oct/2022:10:26:44 +0800] "GET /xingrg/all/function/internal_message.html?_=1664677601249&CODE_STATE=getMsg HTTP/1.1" 200 27
116.225.121.189 - - [02/Oct/2022:10:26:48 +0800] "GET /xingrg/kc/buy/cgsh_order_operate.html?command=get_materiel&rest_code=00105&code=00101009016&supplier_code=00100024&order_time=2022-10-02 HTTP/1.1" 200 412
