116.224.255.128 - - [02/Oct/2022:10:50:25 +0800] "GET /xingrg/all/function/internal_message.html?_=1664678941200&CODE_STATE=getMsg HTTP/1.1" 200 27
120.253.135.82 - - [02/Oct/2022:10:50:30 +0800] "GET /xingrg/all/function/internal_message.html?_=1664679146736&CODE_STATE=getMsg HTTP/1.1" 200 27
222.70.183.206 - - [02/Oct/2022:10:50:35 +0800] "POST /xingrg/kc/buy/cgsh_order_operate.html HTTP/1.1" 200 37
124.79.246.218 - - [02/Oct/2022:10:50:35 +0800] "GET /xingrg/javascript/easyui/themes/default/images/tree_checkbox_1.gif HTTP/1.1" 304 -
124.79.246.218 - - [02/Oct/2022:10:50:35 +0800] "GET /xingrg/javascript/easyui/themes/default/images/tree_checkbox_2.gif HTTP/1.1" 304 -
222.70.183.206 - - [02/Oct/2022:10:50:36 +0800] "POST /xingrg/kc/buy/cgsh_order_operate.html HTTP/1.1" 200 16301
124.79.74.72 - - [02/Oct/2022:10:50:37 +0800] "GET /xingrg/all/function/internal_message.html?_=1664679033997&CODE_STATE=getMsg HTTP/1.1" 200 27
124.79.74.72 - - [02/Oct/2022:10:50:37 +0800] "GET /xingrg/check_reg.html?_=1664679034000 HTTP/1.1" 200 22
124.79.246.218 - - [02/Oct/2022:10:50:37 +0800] "GET /xingrg/all/function/internal_message.html?_=1664679236227&CODE_STATE=getMsg HTTP/1.1" 200 27
114.83.219.254 - - [02/Oct/2022:10:50:37 +0800] "GET /xingrg/kc/buy/cgsh_order_operate.html?command=get_materiel&rest_code=00149&code=00101008439&supplier_code=00100008&order_time=2022-10-02 HTTP/1.1" 200 412
116.225.121.189 - - [02/Oct/2022:10:50:38 +0800] "GET /xingrg/all/function/internal_message.html?_=1664679038009&CODE_STATE=getMsg HTTP/1.1" 200 27
101.85.93.113 - - [02/Oct/2022:10:50:39 +0800] "GET /xingrg/all/function/internal_message.html?_=1664679037586&CODE_STATE=getMsg HTTP/1.1" 200 27
124.79.246.218 - - [02/Oct/2022:10:50:40 +0800] "POST /xingrg/kc/buy/cgsh_list_operate.html HTTP/1.1" 200 2822
114.83.219.254 - - [02/Oct/2022:10:50:41 +0800] "POST /xingrg/services/DataTransmitService HTTP/1.1" 200 524
114.83.219.254 - - [02/Oct/2022:10:50:42 +0800] "POST /xingrg/services/DataTransmitService HTTP/1.1" 200 412
172.20.0.100 - - [02/Oct/2022:10:50:44 +0800] "GET /xingrg/all/function/internal_message.html?_=1664679041244&CODE_STATE=getMsg HTTP/1.1" 200 27
114.83.219.254 - - [02/Oct/2022:10:50:47 +0800] "GET /xingrg/kc/buy/cgsh_order_operate.html?command=get_materiel&rest_code=00149&code=00101008370&supplier_code=00100008&order_time=2022-10-02 HTTP/1.1" 200 412
116.225.121.189 - - [02/Oct/2022:10:50:51 +0800] "GET /xingrg/all/function/internal_message.html?_=1664678905377&CODE_STATE=getMsg HTTP/1.1" 200 27
116.225.121.189 - - [02/Oct/2022:10:50:51 +0800] "GET /xingrg/check_reg.html?_=1664678905381 HTTP/1.1" 200 22
58.37.4.145 - - [02/Oct/2022:10:50:52 +0800] "POST /xingrg/kc/buy/cgsh_order_operate.html HTTP/1.1" 200 37
114.83.219.254 - - [02/Oct/2022:10:50:57 +0800] "GET /xingrg/kc/buy/cgsh_order_operate.html?command=get_materiel&rest_code=00149&code=00101008087&supplier_code=00100008&order_time=2022-10-02 HTTP/1.1" 200 412
222.70.183.206 - - [02/Oct/2022:10:51:00 +0800] "GET /xingrg/kc/mdqp/qqps_order_list.html HTTP/1.1" 200 9222
222.70.183.206 - - [02/Oct/2022:10:51:00 +0800] "GET /xingrg/dwr/interface/AjaxReportQueryService.js HTTP/1.1" 200 13203
222.70.183.206 - - [02/Oct/2022:10:51:00 +0800] "GET /xingrg/dwr/interface/AjaxQqpsService.js HTTP/1.1" 200 16326
222.70.183.206 - - [02/Oct/2022:10:51:00 +0800] "GET /xingrg/dwr/engine.js HTTP/1.1" 200 43631
124.79.246.218 - - [02/Oct/2022:10:51:00 +0800] "GET /xingrg/all/function/internal_message.html?_=1664679248709&CODE_STATE=getMsg HTTP/1.1" 200 27
58.37.4.145 - - [02/Oct/2022:10:51:02 +0800] "POST /xingrg/kc/buy/cgsh_order_operate.html HTTP/1.1" 200 12
114.83.219.254 - - [02/Oct/2022:10:51:02 +0800] "POST /xingrg/kc/buy/cgsh_order_operate.html HTTP/1.1" 200 2065
222.70.183.206 - - [02/Oct/2022:10:51:02 +0800] "GET /xingrg/kc/mdqp/pssh_order_list.html HTTP/1.1" 200 17819
222.70.183.206 - - [02/Oct/2022:10:51:02 +0800] "POST /xingrg/kc/mdqp/pssh_list_operate.html HTTP/1.1" 200 5350
124.79.246.218 - - [02/Oct/2022:10:51:03 +0800] "GET /xingrg/javascript/easyui/themes/default/images/tree_checkbox_1.gif HTTP/1.1" 304 -
124.79.246.218 - - [02/Oct/2022:10:51:03 +0800] "GET /xingrg/javascript/easyui/themes/default/images/tree_checkbox_2.gif HTTP/1.1" 304 -
58.37.4.145 - - [02/Oct/2022:10:51:03 +0800] "GET /xingrg/kc/buy/cgsh_order_info.html?code=212022100200432 HTTP/1.1" 200 63810
58.37.4.145 - - [02/Oct/2022:10:51:04 +0800] "GET /xingrg/javascript/easyui/themes/default/validatebox.css HTTP/1.1" 404 1104
58.37.4.145 - - [02/Oct/2022:10:51:04 +0800] "POST /xingrg/kc/buy/cgsh_order_operate.html HTTP/1.1" 200 5391
58.37.4.145 - - [02/Oct/2022:10:51:06 +0800] "GET /xingrg/kc/print/load_data.html?order_code=212022100200432&kc_code=cgsh&condition= HTTP/1.1" 200 2650
222.70.183.206 - - [02/Oct/2022:10:51:07 +0800] "POST /xingrg/kc/mdqp/pssh_list_operate.html HTTP/1.1" 200 788
222.70.183.206 - - [02/Oct/2022:10:51:07 +0800] "GET /xingrg/kc/mdqp/pssh_order_info.html?code=312022093000704 HTTP/1.1" 200 17297
222.70.183.206 - - [02/Oct/2022:10:51:07 +0800] "GET /xingrg/javascript/jquery_tools/jquery-1.4.2.min.js HTTP/1.1" 404 1094
114.83.219.57 - - [02/Oct/2022:10:51:07 +0800] "GET /xingrg/all/function/internal_message.html?_=1664679155895&CODE_STATE=getMsg HTTP/1.1" 200 27
222.70.183.206 - - [02/Oct/2022:10:51:07 +0800] "POST /xingrg/kc/mdqp/pssh_order_operate.html HTTP/1.1" 200 8517
114.83.219.57 - - [02/Oct/2022:10:51:07 +0800] "GET /xingrg/check_reg.html?_=1664679155897 HTTP/1.1" 200 22
222.70.183.206 - - [02/Oct/2022:10:51:07 +0800] "GET /xingrg/javascript/easyui/themes/default/validatebox.css HTTP/1.1" 404 1104
222.70.183.206 - - [02/Oct/2022:10:51:07 +0800] "GET /xingrg/all/common/auto_word.html?type=base&rest_code=00111&rest_code=00111 HTTP/1.1" 200 1753
222.70.183.206 - - [02/Oct/2022:10:51:07 +0800] "GET /xingrg/all/function/internal_message.html?_=1664679060569&CODE_STATE=getMsg HTTP/1.1" 200 27
221.239.141.151 - - [02/Oct/2022:10:51:08 +0800] "GET /xingrg/all/function/internal_message.html?_=1664679068806&CODE_STATE=getMsg HTTP/1.1" 200 27
124.79.74.72 - - [02/Oct/2022:10:51:08 +0800] "GET /xingrg/all/function/internal_message.html?_=1664679064861&CODE_STATE=getMsg HTTP/1.1" 200 27
124.79.74.72 - - [02/Oct/2022:10:51:08 +0800] "GET /xingrg/check_reg.html?_=1664679064862 HTTP/1.1" 200 22
221.239.141.151 - - [02/Oct/2022:10:51:08 +0800] "GET /xingrg/check_reg.html?_=1664679068975 HTTP/1.1" 200 22
114.83.219.254 - - [02/Oct/2022:10:51:09 +0800] "GET /xingrg/kc/buy/cgsh_order_operate.html?command=get_materiel&rest_code=00149&code=00101008361&supplier_code=00100008&order_time=2022-10-02 HTTP/1.1" 200 408
124.79.246.218 - - [02/Oct/2022:10:51:10 +0800] "POST /xingrg/kc/buy/cgsh_list_operate.html HTTP/1.1" 200 10875
58.37.4.145 - - [02/Oct/2022:10:51:10 +0800] "GET /xingrg/kc/print/load_data.html?order_code=212022100200432&kc_code=cgsh HTTP/1.1" 200 2650
180.169.147.146 - - [02/Oct/2022:10:51:10 +0800] "GET /xingrg/check_reg.html?_=1664679068358 HTTP/1.1" 200 22
180.169.147.146 - - [02/Oct/2022:10:51:10 +0800] "GET /xingrg/all/function/internal_message.html?_=1664679068361&CODE_STATE=getMsg HTTP/1.1" 200 27
222.70.183.206 - - [02/Oct/2022:10:51:10 +0800] "POST /xingrg/all/common/load_combo.html?type=employee HTTP/1.1" 200 277
116.230.105.139 - - [02/Oct/2022:10:51:13 +0800] "GET /xingrg/all/function/internal_message.html?_=1664679055990&CODE_STATE=getMsg HTTP/1.1" 200 27
114.83.219.254 - - [02/Oct/2022:10:51:14 +0800] "GET /xingrg/all/function/internal_message.html?_=1664679072924&CODE_STATE=getMsg HTTP/1.1" 200 27
222.70.183.206 - - [02/Oct/2022:10:51:14 +0800] "POST /xingrg/kc/mdqp/pssh_order_operate.html HTTP/1.1" 200 37
58.37.4.145 - - [02/Oct/2022:10:51:15 +0800] "POST /xingrg/kc/base/wldb_order_operate.html HTTP/1.1" 200 37
58.37.4.145 - - [02/Oct/2022:10:51:15 +0800] "GET /xingrg/all/function/internal_message.html?_=1664679078343&CODE_STATE=getMsg HTTP/1.1" 200 27
222.70.183.206 - - [02/Oct/2022:10:51:15 +0800] "POST /xingrg/kc/mdqp/pssh_order_operate.html HTTP/1.1" 200 8517
58.37.4.145 - - [02/Oct/2022:10:51:16 +0800] "POST /xingrg/kc/base/wldb_order_operate.html HTTP/1.1" 200 2210
58.37.4.145 - - [02/Oct/2022:10:51:16 +0800] "GET /xingrg/kc/base/wldb_order_info.html?code=422022100200110 HTTP/1.1" 200 30407
58.37.4.145 - - [02/Oct/2022:10:51:16 +0800] "GET /xingrg/javascript/easyui/themes/default/validatebox.css HTTP/1.1" 404 1104
58.37.4.145 - - [02/Oct/2022:10:51:17 +0800] "POST /xingrg/kc/base/wldb_order_operate.html HTTP/1.1" 200 2210
58.37.4.145 - - [02/Oct/2022:10:51:18 +0800] "GET /xingrg/all/function/internal_message.html?_=1664679078268&CODE_STATE=getMsg HTTP/1.1" 200 27
222.70.183.206 - - [02/Oct/2022:10:51:18 +0800] "POST /xingrg/kc/mdqp/pssh_order_operate.html HTTP/1.1" 200 37
222.70.183.206 - - [02/Oct/2022:10:51:19 +0800] "POST /xingrg/kc/mdqp/pssh_order_operate.html HTTP/1.1" 200 12
222.70.183.206 - - [02/Oct/2022:10:51:20 +0800] "GET /xingrg/kc/mdqp/pssh_order_info.html?code=312022093000704 HTTP/1.1" 200 14386
222.70.183.206 - - [02/Oct/2022:10:51:20 +0800] "GET /xingrg/javascript/jquery_tools/jquery-1.4.2.min.js HTTP/1.1" 404 1094
58.37.4.145 - - [02/Oct/2022:10:51:20 +0800] "GET /xingrg/kc/base/wldb_order_add.html HTTP/1.1" 200 30394
222.70.183.206 - - [02/Oct/2022:10:51:20 +0800] "POST /xingrg/kc/mdqp/pssh_order_operate.html HTTP/1.1" 200 8517
222.70.183.206 - - [02/Oct/2022:10:51:20 +0800] "GET /xingrg/javascript/easyui/themes/default/validatebox.css HTTP/1.1" 404 1104
58.37.4.145 - - [02/Oct/2022:10:51:21 +0800] "POST /xingrg/kc/base/wldb_order_operate.html HTTP/1.1" 200 6806
58.37.4.145 - - [02/Oct/2022:10:51:21 +0800] "GET /xingrg/javascript/easyui/themes/default/validatebox.css HTTP/1.1" 404 1104
58.39.35.118 - - [02/Oct/2022:10:51:21 +0800] "GET /xingrg/all/function/internal_message.html?_=1664679079859&CODE_STATE=getMsg HTTP/1.1" 200 27
114.83.219.254 - - [02/Oct/2022:10:51:22 +0800] "GET /xingrg/kc/buy/cgsh_order_operate.html?command=get_materiel&rest_code=00149&code=00101008355&supplier_code=00100008&order_time=2022-10-02 HTTP/1.1" 200 408
58.37.4.145 - - [02/Oct/2022:10:51:22 +0800] "POST /xingrg/all/common/load_combo.html?type=base HTTP/1.1" 200 3227
222.70.183.206 - - [02/Oct/2022:10:51:22 +0800] "GET /xingrg/kc/print/load_config.html?kc_code=pssh HTTP/1.1" 200 2291
116.230.114.213 - - [02/Oct/2022:10:51:22 +0800] "GET /xingrg/all/function/internal_message.html?_=1664679106354&CODE_STATE=getMsg HTTP/1.1" 200 27
222.70.183.206 - - [02/Oct/2022:10:51:22 +0800] "GET /xingrg/kc/print/load_data.html?order_code=312022093000704&kc_code=pssh&condition= HTTP/1.1" 200 3443
114.84.81.136 - - [02/Oct/2022:10:51:22 +0800] "GET /xingrg/all/function/internal_message.html?_=1664679080879&CODE_STATE=getMsg HTTP/1.1" 200 27
116.224.255.128 - - [02/Oct/2022:10:51:25 +0800] "GET /xingrg/all/function/internal_message.html?_=1664679001209&CODE_STATE=getMsg HTTP/1.1" 200 27
58.37.4.145 - - [02/Oct/2022:10:51:29 +0800] "GET /xingrg/kc/buy/cgsh_order_add.html HTTP/1.1" 200 68905
124.79.246.218 - - [02/Oct/2022:10:51:29 +0800] "POST /xingrg/kc/buy/cgsh_order_operate.html HTTP/1.1" 200 37
58.37.4.145 - - [02/Oct/2022:10:51:29 +0800] "POST /xingrg/kc/buy/cgsh_order_operate.html HTTP/1.1" 200 8245
58.37.4.145 - - [02/Oct/2022:10:51:29 +0800] "GET /xingrg/javascript/easyui/themes/default/validatebox.css HTTP/1.1" 404 1104
58.37.4.145 - - [02/Oct/2022:10:51:30 +0800] "POST /xingrg/all/common/load_combo.html?type=base HTTP/1.1" 200 3227
120.253.135.82 - - [02/Oct/2022:10:51:30 +0800] "GET /xingrg/all/function/internal_message.html?_=1664679206752&CODE_STATE=getMsg HTTP/1.1" 200 27
58.37.4.145 - - [02/Oct/2022:10:51:30 +0800] "GET /xingrg/javascript/easyui/themes/default/tree.css HTTP/1.1" 404 1090
58.37.4.145 - - [02/Oct/2022:10:51:30 +0800] "POST /xingrg/all/common/load_tree.html?tree=supplier_tree_json&isDelete=1 HTTP/1.1" 200 68920
124.79.246.218 - - [02/Oct/2022:10:51:30 +0800] "POST /xingrg/kc/buy/cgsh_order_operate.html HTTP/1.1" 200 3312
124.79.246.218 - - [02/Oct/2022:10:51:31 +0800] "GET /xingrg/kc/print/load_config.html?kc_code=cgsh HTTP/1.1" 200 1943
124.79.246.218 - - [02/Oct/2022:10:51:31 +0800] "GET /xingrg/kc/print/load_data.html?order_code=212022100200433&kc_code=cgsh&condition= HTTP/1.1" 200 948
222.70.183.206 - - [02/Oct/2022:10:51:32 +0800] "GET /xingrg/kc/mdqp/pssh_order_list.html?isBack=1 HTTP/1.1" 200 17819
222.70.183.206 - - [02/Oct/2022:10:51:32 +0800] "POST /xingrg/kc/mdqp/pssh_list_operate.html HTTP/1.1" 200 5375
222.70.183.206 - - [02/Oct/2022:10:51:34 +0800] "POST /xingrg/kc/mdqp/pssh_list_operate.html HTTP/1.1" 200 571
222.70.183.206 - - [02/Oct/2022:10:51:34 +0800] "GET /xingrg/kc/mdqp/pssh_order_info.html?code=312022093000706 HTTP/1.1" 200 17295
222.70.183.206 - - [02/Oct/2022:10:51:34 +0800] "GET /xingrg/javascript/jquery_tools/jquery-1.4.2.min.js HTTP/1.1" 404 1094
222.70.183.206 - - [02/Oct/2022:10:51:34 +0800] "POST /xingrg/kc/mdqp/pssh_order_operate.html HTTP/1.1" 200 2159
222.70.183.206 - - [02/Oct/2022:10:51:34 +0800] "GET /xingrg/javascript/easyui/themes/default/validatebox.css HTTP/1.1" 404 1104
124.79.74.72 - - [02/Oct/2022:10:51:37 +0800] "GET /xingrg/all/function/internal_message.html?_=1664679094001&CODE_STATE=getMsg HTTP/1.1" 200 27
124.79.246.218 - - [02/Oct/2022:10:51:37 +0800] "GET /xingrg/all/function/internal_message.html?_=1664679296237&CODE_STATE=getMsg HTTP/1.1" 200 27
116.225.121.189 - - [02/Oct/2022:10:51:38 +0800] "GET /xingrg/all/function/internal_message.html?_=1664679097990&CODE_STATE=getMsg HTTP/1.1" 200 27
101.85.93.113 - - [02/Oct/2022:10:51:39 +0800] "GET /xingrg/all/function/internal_message.html?_=1664679097590&CODE_STATE=getMsg HTTP/1.1" 200 27
58.37.4.145 - - [02/Oct/2022:10:51:43 +0800] "GET /xingrg/kc/buy/cgsh_order_operate.html?command=get_materiel&rest_code=00106&code=00101007061&supplier_code=00100002&order_time=2022-10-02 HTTP/1.1" 200 409
172.20.0.100 - - [02/Oct/2022:10:51:44 +0800] "GET /xingrg/all/function/internal_message.html?_=1664679101247&CODE_STATE=getMsg HTTP/1.1" 200 27
222.70.183.206 - - [02/Oct/2022:10:51:44 +0800] "POST /xingrg/all/common/load_combo.html?type=employee HTTP/1.1" 200 277
58.37.4.145 - - [02/Oct/2022:10:51:49 +0800] "GET /xingrg/kc/base/wldb_order_operate.html?command=get_materiel&rest_code=00106&base_code=0010419&code=00101036003 HTTP/1.1" 200 441
58.37.4.145 - - [02/Oct/2022:10:51:49 +0800] "GET /xingrg/all/function/internal_message.html?_=1664679107380&CODE_STATE=getMsg HTTP/1.1" 200 27
222.70.183.206 - - [02/Oct/2022:10:51:51 +0800] "POST /xingrg/kc/mdqp/pssh_order_operate.html HTTP/1.1" 200 37
116.225.121.189 - - [02/Oct/2022:10:51:51 +0800] "GET /xingrg/all/function/internal_message.html?_=1664678965381&CODE_STATE=getMsg HTTP/1.1" 200 27
222.70.183.206 - - [02/Oct/2022:10:51:52 +0800] "POST /xingrg/kc/mdqp/pssh_order_operate.html HTTP/1.1" 200 2159
222.70.183.206 - - [02/Oct/2022:10:51:56 +0800] "POST /xingrg/kc/mdqp/pssh_order_operate.html HTTP/1.1" 200 37
58.37.4.145 - - [02/Oct/2022:10:51:57 +0800] "GET /xingrg/kc/buy/cgsh_order_operate.html?command=get_materiel&rest_code=00106&code=00101007076&supplier_code=00100002&order_time=2022-10-02 HTTP/1.1" 200 410
222.70.183.206 - - [02/Oct/2022:10:51:57 +0800] "POST /xingrg/kc/mdqp/pssh_order_operate.html HTTP/1.1" 200 12
222.70.183.206 - - [02/Oct/2022:10:51:58 +0800] "GET /xingrg/kc/mdqp/pssh_order_info.html?code=312022093000706 HTTP/1.1" 200 14384
222.70.183.206 - - [02/Oct/2022:10:51:58 +0800] "GET /xingrg/javascript/jquery_tools/jquery-1.4.2.min.js HTTP/1.1" 404 1094
222.70.183.206 - - [02/Oct/2022:10:51:58 +0800] "GET /xingrg/javascript/easyui/themes/default/validatebox.css HTTP/1.1" 404 1104
222.70.183.206 - - [02/Oct/2022:10:51:58 +0800] "POST /xingrg/kc/mdqp/pssh_order_operate.html HTTP/1.1" 200 2159
114.83.219.254 - - [02/Oct/2022:10:51:59 +0800] "GET /xingrg/kc/buy/cgsh_order_operate.html?command=get_materiel&rest_code=00149&code=00101008372&supplier_code=00100008&order_time=2022-10-02 HTTP/1.1" 200 408
222.70.183.206 - - [02/Oct/2022:10:52:00 +0800] "GET /xingrg/kc/print/load_data.html?order_code=312022093000706&kc_code=pssh&condition= HTTP/1.1" 200 1258
124.79.246.218 - - [02/Oct/2022:10:52:01 +0800] "GET /xingrg/all/function/internal_message.html?_=1664679308756&CODE_STATE=getMsg HTTP/1.1" 200 27
222.70.183.206 - - [02/Oct/2022:10:52:05 +0800] "GET /xingrg/kc/mdqp/pssh_order_list.html?isBack=1 HTTP/1.1" 200 17819
222.70.183.206 - - [02/Oct/2022:10:52:05 +0800] "POST /xingrg/kc/mdqp/pssh_list_operate.html HTTP/1.1" 200 5400
222.70.183.206 - - [02/Oct/2022:10:52:07 +0800] "POST /xingrg/kc/mdqp/pssh_list_operate.html HTTP/1.1" 200 460
114.83.219.57 - - [02/Oct/2022:10:52:07 +0800] "GET /xingrg/all/function/internal_message.html?_=1664679215913&CODE_STATE=getMsg HTTP/1.1" 200 27
222.70.183.206 - - [02/Oct/2022:10:52:07 +0800] "GET /xingrg/check_reg.html?_=1664679120611 HTTP/1.1" 200 22
222.70.183.206 - - [02/Oct/2022:10:52:07 +0800] "POST /xingrg/kc/mdqp/pssh_list_operate.html HTTP/1.1" 200 814
222.70.183.206 - - [02/Oct/2022:10:52:07 +0800] "GET /xingrg/all/function/internal_message.html?_=1664679120612&CODE_STATE=getMsg HTTP/1.1" 200 27
222.70.183.206 - - [02/Oct/2022:10:52:07 +0800] "GET /xingrg/javascript/jquery_tools/jquery-1.4.2.min.js HTTP/1.1" 404 1094
222.70.183.206 - - [02/Oct/2022:10:52:07 +0800] "GET /xingrg/kc/mdqp/pssh_order_info.html?code=312022093000708 HTTP/1.1" 200 17293
222.70.183.206 - - [02/Oct/2022:10:52:07 +0800] "POST /xingrg/kc/mdqp/pssh_order_operate.html HTTP/1.1" 200 1582
222.70.183.206 - - [02/Oct/2022:10:52:07 +0800] "GET /xingrg/javascript/easyui/themes/default/validatebox.css HTTP/1.1" 404 1104
221.239.141.151 - - [02/Oct/2022:10:52:08 +0800] "GET /xingrg/all/function/internal_message.html?_=1664679128793&CODE_STATE=getMsg HTTP/1.1" 200 27
124.79.74.72 - - [02/Oct/2022:10:52:08 +0800] "GET /xingrg/all/function/internal_message.html?_=1664679124861&CODE_STATE=getMsg HTTP/1.1" 200 27
116.230.105.139 - - [02/Oct/2022:10:52:10 +0800] "GET /xingrg/check_reg.html?_=1664679113064 HTTP/1.1" 200 22
180.169.147.146 - - [02/Oct/2022:10:52:10 +0800] "GET /xingrg/all/function/internal_message.html?_=1664679128345&CODE_STATE=getMsg HTTP/1.1" 200 27
58.37.4.145 - - [02/Oct/2022:10:52:10 +0800] "GET /xingrg/kc/buy/cgsh_order_operate.html?command=get_materiel&rest_code=00106&code=00101007085&supplier_code=00100002&order_time=2022-10-02 HTTP/1.1" 200 432
58.37.4.145 - - [02/Oct/2022:10:52:11 +0800] "POST /xingrg/kc/base/wldb_order_operate.html HTTP/1.1" 200 37
58.37.4.145 - - [02/Oct/2022:10:52:12 +0800] "POST /xingrg/kc/base/wldb_order_operate.html HTTP/1.1" 200 2190
116.230.105.139 - - [02/Oct/2022:10:52:13 +0800] "GET /xingrg/all/function/internal_message.html?_=1664679115984&CODE_STATE=getMsg HTTP/1.1" 200 27
58.37.4.145 - - [02/Oct/2022:10:52:13 +0800] "GET /xingrg/kc/base/wldb_order_info.html?code=422022100200111 HTTP/1.1" 200 30402
58.37.4.145 - - [02/Oct/2022:10:52:13 +0800] "GET /xingrg/javascript/easyui/themes/default/validatebox.css HTTP/1.1" 404 1104
58.37.4.145 - - [02/Oct/2022:10:52:14 +0800] "POST /xingrg/kc/base/wldb_order_operate.html HTTP/1.1" 200 2190
114.83.219.254 - - [02/Oct/2022:10:52:14 +0800] "GET /xingrg/all/function/internal_message.html?_=1664679132909&CODE_STATE=getMsg HTTP/1.1" 200 27
58.37.4.145 - - [02/Oct/2022:10:52:15 +0800] "GET /xingrg/check_reg.html?_=1664679138329 HTTP/1.1" 200 22
58.37.4.145 - - [02/Oct/2022:10:52:15 +0800] "GET /xingrg/all/function/internal_message.html?_=1664679138331&CODE_STATE=getMsg HTTP/1.1" 200 27
58.37.4.145 - - [02/Oct/2022:10:52:16 +0800] "GET /xingrg/kc/base/base_main.html HTTP/1.1" 200 12142
222.70.183.206 - - [02/Oct/2022:10:52:17 +0800] "POST /xingrg/services/DataTransmitService HTTP/1.1" 200 524
114.83.219.254 - - [02/Oct/2022:10:52:17 +0800] "GET /xingrg/kc/buy/cgsh_order_operate.html?command=get_materiel&rest_code=00149&code=00101008330&supplier_code=00100008&order_time=2022-10-02 HTTP/1.1" 200 408
222.70.183.206 - - [02/Oct/2022:10:52:17 +0800] "POST /xingrg/services/DataTransmitService HTTP/1.1" 200 501
58.37.4.145 - - [02/Oct/2022:10:52:18 +0800] "GET /xingrg/all/function/internal_message.html?_=1664679138272&CODE_STATE=getMsg HTTP/1.1" 200 27
58.37.4.145 - - [02/Oct/2022:10:52:20 +0800] "GET /xingrg/kc/buy/cgsh_order_operate.html?command=get_materiel&rest_code=00106&code=00101007027&supplier_code=00100002&order_time=2022-10-02 HTTP/1.1" 200 421
222.70.183.206 - - [02/Oct/2022:10:52:20 +0800] "POST /xingrg/all/common/load_combo.html?type=employee HTTP/1.1" 200 277
58.37.4.145 - - [02/Oct/2022:10:52:21 +0800] "GET /xingrg/kc/base/wldb_order_list.html HTTP/1.1" 200 19180
58.39.35.118 - - [02/Oct/2022:10:52:21 +0800] "GET /xingrg/all/function/internal_message.html?_=1664679139845&CODE_STATE=getMsg HTTP/1.1" 200 27
58.37.4.145 - - [02/Oct/2022:10:52:22 +0800] "POST /xingrg/kc/base/wldb_list_operate.html HTTP/1.1" 200 3343
116.230.114.213 - - [02/Oct/2022:10:52:22 +0800] "GET /xingrg/all/function/internal_message.html?_=1664679166427&CODE_STATE=getMsg HTTP/1.1" 200 27
114.84.81.136 - - [02/Oct/2022:10:52:22 +0800] "GET /xingrg/all/function/internal_message.html?_=1664679140903&CODE_STATE=getMsg HTTP/1.1" 200 27
116.224.255.128 - - [02/Oct/2022:10:52:25 +0800] "GET /xingrg/all/function/internal_message.html?_=1664679061436&CODE_STATE=getMsg HTTP/1.1" 200 27
222.70.183.206 - - [02/Oct/2022:10:52:26 +0800] "GET /xingrg/kc/mdqp/pssh_order_list.html?isBack=1 HTTP/1.1" 200 17819
222.70.183.206 - - [02/Oct/2022:10:52:27 +0800] "POST /xingrg/kc/mdqp/pssh_list_operate.html HTTP/1.1" 200 5400
222.70.183.206 - - [02/Oct/2022:10:52:28 +0800] "POST /xingrg/kc/mdqp/pssh_list_operate.html HTTP/1.1" 200 765
222.70.183.206 - - [02/Oct/2022:10:52:28 +0800] "GET /xingrg/kc/mdqp/pssh_order_info.html?code=312022093000707 HTTP/1.1" 200 17293
222.70.183.206 - - [02/Oct/2022:10:52:28 +0800] "POST /xingrg/kc/mdqp/pssh_list_operate.html HTTP/1.1" 200 814
222.70.183.206 - - [02/Oct/2022:10:52:28 +0800] "GET /xingrg/javascript/jquery_tools/jquery-1.4.2.min.js HTTP/1.1" 404 1094
222.70.183.206 - - [02/Oct/2022:10:52:28 +0800] "POST /xingrg/kc/mdqp/pssh_order_operate.html HTTP/1.1" 200 4213
222.70.183.206 - - [02/Oct/2022:10:52:28 +0800] "GET /xingrg/javascript/easyui/themes/default/validatebox.css HTTP/1.1" 404 1104
120.253.135.82 - - [02/Oct/2022:10:52:29 +0800] "GET /xingrg/check_reg.html?_=1664679265740 HTTP/1.1" 200 22
120.253.135.82 - - [02/Oct/2022:10:52:30 +0800] "GET /xingrg/all/function/internal_message.html?_=1664679266768&CODE_STATE=getMsg HTTP/1.1" 200 27
222.70.183.206 - - [02/Oct/2022:10:52:32 +0800] "POST /xingrg/all/common/load_combo.html?type=employee HTTP/1.1" 200 277
222.70.183.206 - - [02/Oct/2022:10:52:35 +0800] "POST /xingrg/kc/mdqp/pssh_order_operate.html HTTP/1.1" 200 37
222.70.183.206 - - [02/Oct/2022:10:52:36 +0800] "POST /xingrg/kc/mdqp/pssh_order_operate.html HTTP/1.1" 200 4213
124.79.74.72 - - [02/Oct/2022:10:52:37 +0800] "GET /xingrg/all/function/internal_message.html?_=1664679153990&CODE_STATE=getMsg HTTP/1.1" 200 27
124.79.246.218 - - [02/Oct/2022:10:52:37 +0800] "GET /xingrg/all/function/internal_message.html?_=1664679356229&CODE_STATE=getMsg HTTP/1.1" 200 27
116.225.121.189 - - [02/Oct/2022:10:52:38 +0800] "GET /xingrg/all/function/internal_message.html?_=1664679157961&CODE_STATE=getMsg HTTP/1.1" 200 27
101.85.93.113 - - [02/Oct/2022:10:52:39 +0800] "GET /xingrg/all/function/internal_message.html?_=1664679157590&CODE_STATE=getMsg HTTP/1.1" 200 27
101.85.93.113 - - [02/Oct/2022:10:52:39 +0800] "GET /xingrg/check_reg.html?_=1664679157593 HTTP/1.1" 200 22
222.70.183.206 - - [02/Oct/2022:10:52:40 +0800] "POST /xingrg/kc/mdqp/pssh_order_operate.html HTTP/1.1" 200 37
116.225.121.189 - - [02/Oct/2022:10:52:40 +0800] "GET /xingrg/check_reg.html?_=1664679159686 HTTP/1.1" 200 22
124.79.246.218 - - [02/Oct/2022:10:52:40 +0800] "POST /xingrg/kc/buy/cgsh_list_operate.html HTTP/1.1" 200 5784
222.70.183.206 - - [02/Oct/2022:10:52:41 +0800] "POST /xingrg/kc/mdqp/pssh_order_operate.html HTTP/1.1" 200 12
222.70.183.206 - - [02/Oct/2022:10:52:42 +0800] "GET /xingrg/kc/mdqp/pssh_order_info.html?code=312022093000707 HTTP/1.1" 200 14382
222.70.183.206 - - [02/Oct/2022:10:52:42 +0800] "GET /xingrg/javascript/jquery_tools/jquery-1.4.2.min.js HTTP/1.1" 404 1094
222.70.183.206 - - [02/Oct/2022:10:52:42 +0800] "POST /xingrg/kc/mdqp/pssh_order_operate.html HTTP/1.1" 200 4213
222.70.183.206 - - [02/Oct/2022:10:52:42 +0800] "GET /xingrg/javascript/easyui/themes/default/validatebox.css HTTP/1.1" 404 1104
58.37.4.145 - - [02/Oct/2022:10:52:43 +0800] "POST /xingrg/services/DataTransmitService HTTP/1.1" 200 524
172.20.0.100 - - [02/Oct/2022:10:52:44 +0800] "GET /xingrg/all/function/internal_message.html?_=1664679161248&CODE_STATE=getMsg HTTP/1.1" 200 27
222.70.183.206 - - [02/Oct/2022:10:52:44 +0800] "GET /xingrg/kc/print/load_data.html?order_code=312022093000707&kc_code=pssh&condition= HTTP/1.1" 200 1921
58.37.4.145 - - [02/Oct/2022:10:52:44 +0800] "POST /xingrg/services/DataTransmitService HTTP/1.1" 200 501
58.37.4.145 - - [02/Oct/2022:10:52:45 +0800] "POST /xingrg/services/DataTransmitService HTTP/1.1" 200 501
58.37.4.145 - - [02/Oct/2022:10:52:45 +0800] "POST /xingrg/services/DataTransmitService HTTP/1.1" 200 501
58.37.4.145 - - [02/Oct/2022:10:52:45 +0800] "POST /xingrg/kc/buy/cgsh_order_operate.html HTTP/1.1" 200 37
58.37.4.145 - - [02/Oct/2022:10:52:45 +0800] "POST /xingrg/services/DataTransmitService HTTP/1.1" 200 501
58.37.4.145 - - [02/Oct/2022:10:52:45 +0800] "POST /xingrg/services/DataTransmitService HTTP/1.1" 200 501
58.37.4.145 - - [02/Oct/2022:10:52:47 +0800] "POST /xingrg/services/DataTransmitService HTTP/1.1" 200 412
58.37.4.145 - - [02/Oct/2022:10:52:49 +0800] "POST /xingrg/kc/buy/cgsh_order_operate.html HTTP/1.1" 200 12
222.70.183.206 - - [02/Oct/2022:10:52:49 +0800] "GET /xingrg/kc/mdqp/pssh_order_list.html?isBack=1 HTTP/1.1" 200 17819
222.70.183.206 - - [02/Oct/2022:10:52:49 +0800] "POST /xingrg/kc/mdqp/pssh_list_operate.html HTTP/1.1" 200 5425
114.83.219.254 - - [02/Oct/2022:10:52:50 +0800] "GET /xingrg/kc/buy/cgsh_order_operate.html?command=get_materiel&rest_code=00149&code=00101008024&supplier_code=00100008&order_time=2022-10-02 HTTP/1.1" 200 408
58.37.4.145 - - [02/Oct/2022:10:52:50 +0800] "GET /xingrg/kc/buy/cgsh_order_info.html?code=212022100200434 HTTP/1.1" 200 63810
58.37.4.145 - - [02/Oct/2022:10:52:50 +0800] "GET /xingrg/javascript/easyui/themes/default/validatebox.css HTTP/1.1" 404 1104
116.225.121.189 - - [02/Oct/2022:10:52:51 +0800] "GET /xingrg/all/function/internal_message.html?_=1664679025383&CODE_STATE=getMsg HTTP/1.1" 200 27
222.70.183.206 - - [02/Oct/2022:10:52:51 +0800] "POST /xingrg/kc/mdqp/pssh_list_operate.html HTTP/1.1" 200 769
58.37.4.145 - - [02/Oct/2022:10:52:51 +0800] "POST /xingrg/kc/buy/cgsh_order_operate.html HTTP/1.1" 200 2393
222.70.183.206 - - [02/Oct/2022:10:52:51 +0800] "POST /xingrg/kc/mdqp/pssh_list_operate.html HTTP/1.1" 200 814
222.70.183.206 - - [02/Oct/2022:10:52:51 +0800] "GET /xingrg/kc/mdqp/pssh_order_info.html?code=312022093000705 HTTP/1.1" 200 17297
222.70.183.206 - - [02/Oct/2022:10:52:51 +0800] "GET /xingrg/javascript/jquery_tools/jquery-1.4.2.min.js HTTP/1.1" 404 1094
222.70.183.206 - - [02/Oct/2022:10:52:52 +0800] "POST /xingrg/kc/mdqp/pssh_order_operate.html HTTP/1.1" 200 5232
222.70.183.206 - - [02/Oct/2022:10:52:52 +0800] "GET /xingrg/javascript/easyui/themes/default/validatebox.css HTTP/1.1" 404 1104
58.37.4.145 - - [02/Oct/2022:10:52:52 +0800] "GET /xingrg/kc/print/load_data.html?order_code=212022100200434&kc_code=cgsh&condition= HTTP/1.1" 200 1469
222.70.183.206 - - [02/Oct/2022:10:52:55 +0800] "POST /xingrg/all/common/load_combo.html?type=employee HTTP/1.1" 200 277
114.83.219.254 - - [02/Oct/2022:10:52:58 +0800] "POST /xingrg/kc/buy/cgsh_order_operate.html HTTP/1.1" 200 2065
124.79.246.218 - - [02/Oct/2022:10:52:59 +0800] "POST /xingrg/kc/buy/cgsh_list_operate.html HTTP/1.1" 200 11279
124.79.246.218 - - [02/Oct/2022:10:53:00 +0800] "GET /xingrg/check_reg.html?_=1664679368678 HTTP/1.1" 200 22
124.79.246.218 - - [02/Oct/2022:10:53:01 +0800] "GET /xingrg/all/function/internal_message.html?_=1664679368767&CODE_STATE=getMsg HTTP/1.1" 200 27
222.70.183.206 - - [02/Oct/2022:10:53:03 +0800] "POST /xingrg/kc/mdqp/pssh_order_operate.html HTTP/1.1" 200 37
114.83.219.254 - - [02/Oct/2022:10:53:04 +0800] "GET /xingrg/kc/buy/cgsh_order_operate.html?command=get_materiel&rest_code=00149&code=00101008356&supplier_code=00100008&order_time=2022-10-02 HTTP/1.1" 200 408
222.70.183.206 - - [02/Oct/2022:10:53:04 +0800] "POST /xingrg/kc/mdqp/pssh_order_operate.html HTTP/1.1" 200 5232
114.83.219.57 - - [02/Oct/2022:10:53:07 +0800] "GET /xingrg/all/function/internal_message.html?_=1664679275908&CODE_STATE=getMsg HTTP/1.1" 200 27
222.70.183.206 - - [02/Oct/2022:10:53:07 +0800] "GET /xingrg/all/function/internal_message.html?_=1664679180591&CODE_STATE=getMsg HTTP/1.1" 200 27
116.224.255.128 - - [02/Oct/2022:10:53:07 +0800] "GET /xingrg/check_reg.html?_=1664679103750 HTTP/1.1" 200 22
221.239.141.151 - - [02/Oct/2022:10:53:08 +0800] "GET /xingrg/all/function/internal_message.html?_=1664679188769&CODE_STATE=getMsg HTTP/1.1" 200 27
124.79.74.72 - - [02/Oct/2022:10:53:08 +0800] "GET /xingrg/all/function/internal_message.html?_=1664679184862&CODE_STATE=getMsg HTTP/1.1" 200 27
222.70.183.206 - - [02/Oct/2022:10:53:09 +0800] "POST /xingrg/kc/mdqp/pssh_order_operate.html HTTP/1.1" 200 37
180.169.147.146 - - [02/Oct/2022:10:53:10 +0800] "GET /xingrg/all/function/internal_message.html?_=1664679188346&CODE_STATE=getMsg HTTP/1.1" 200 27
222.70.183.206 - - [02/Oct/2022:10:53:11 +0800] "POST /xingrg/kc/mdqp/pssh_order_operate.html HTTP/1.1" 200 12
58.37.4.145 - - [02/Oct/2022:10:53:11 +0800] "GET /xingrg/kc/print/load_data.html?order_code=212022100200434&kc_code=cgsh HTTP/1.1" 200 1469
124.79.246.218 - - [02/Oct/2022:10:53:12 +0800] "POST /xingrg/kc/buy/cgsh_list_operate.html HTTP/1.1" 200 11425
222.70.183.206 - - [02/Oct/2022:10:53:12 +0800] "GET /xingrg/kc/mdqp/pssh_order_info.html?code=312022093000705 HTTP/1.1" 200 14386
222.70.183.206 - - [02/Oct/2022:10:53:12 +0800] "GET /xingrg/javascript/jquery_tools/jquery-1.4.2.min.js HTTP/1.1" 404 1094
222.70.183.206 - - [02/Oct/2022:10:53:12 +0800] "POST /xingrg/kc/mdqp/pssh_order_operate.html HTTP/1.1" 200 5232
222.70.183.206 - - [02/Oct/2022:10:53:12 +0800] "GET /xingrg/javascript/easyui/themes/default/validatebox.css HTTP/1.1" 404 1104
116.230.114.213 - - [02/Oct/2022:10:53:12 +0800] "GET /xingrg/check_reg.html?_=1664679212275 HTTP/1.1" 302 -
116.230.105.139 - - [02/Oct/2022:10:53:13 +0800] "GET /xingrg/all/function/internal_message.html?_=1664679175965&CODE_STATE=getMsg HTTP/1.1" 200 27
114.83.219.254 - - [02/Oct/2022:10:53:14 +0800] "GET /xingrg/all/function/internal_message.html?_=1664679192920&CODE_STATE=getMsg HTTP/1.1" 200 27
222.70.183.206 - - [02/Oct/2022:10:53:15 +0800] "GET /xingrg/kc/print/load_data.html?order_code=312022093000705&kc_code=pssh&condition= HTTP/1.1" 200 2249
58.37.4.145 - - [02/Oct/2022:10:53:15 +0800] "GET /xingrg/all/function/internal_message.html?_=1664679198333&CODE_STATE=getMsg HTTP/1.1" 200 27
58.37.4.145 - - [02/Oct/2022:10:53:18 +0800] "GET /xingrg/all/function/internal_message.html?_=1664679198265&CODE_STATE=getMsg HTTP/1.1" 200 27
116.230.114.213 - - [02/Oct/2022:10:53:18 +0800] "GET /xingrg/check_reg.html?_=1664679222777 HTTP/1.1" 200 22
222.70.183.206 - - [02/Oct/2022:10:53:19 +0800] "GET /xingrg/kc/mdqp/pssh_order_list.html?isBack=1 HTTP/1.1" 200 17819
222.70.183.206 - - [02/Oct/2022:10:53:20 +0800] "POST /xingrg/kc/mdqp/pssh_list_operate.html HTTP/1.1" 200 5450
124.79.246.218 - - [02/Oct/2022:10:53:21 +0800] "POST /xingrg/kc/buy/cgsh_list_operate.html HTTP/1.1" 200 11451
58.39.35.118 - - [02/Oct/2022:10:53:21 +0800] "GET /xingrg/all/function/internal_message.html?_=1664679199845&CODE_STATE=getMsg HTTP/1.1" 200 27
58.39.35.118 - - [02/Oct/2022:10:53:21 +0800] "GET /xingrg/check_reg.html?_=1664679199848 HTTP/1.1" 200 22
116.230.114.213 - - [02/Oct/2022:10:53:22 +0800] "GET /xingrg/all/function/internal_message.html?_=1664679226428&CODE_STATE=getMsg HTTP/1.1" 200 27
114.84.81.136 - - [02/Oct/2022:10:53:22 +0800] "GET /xingrg/all/function/internal_message.html?_=1664679200926&CODE_STATE=getMsg HTTP/1.1" 200 27
116.230.114.213 - - [02/Oct/2022:10:53:22 +0800] "POST /xingrg/services/DataTransmitService HTTP/1.1" 200 524
116.224.255.128 - - [02/Oct/2022:10:53:25 +0800] "GET /xingrg/all/function/internal_message.html?_=1664679121438&CODE_STATE=getMsg HTTP/1.1" 200 27
116.230.114.213 - - [02/Oct/2022:10:53:29 +0800] "POST /xingrg/services/DataTransmitService HTTP/1.1" 200 501
120.253.135.82 - - [02/Oct/2022:10:53:30 +0800] "GET /xingrg/all/function/internal_message.html?_=1664679326781&CODE_STATE=getMsg HTTP/1.1" 200 27
114.83.219.254 - - [02/Oct/2022:10:53:36 +0800] "GET /xingrg/kc/buy/cgsh_order_operate.html?command=get_materiel&rest_code=00149&code=00101008300&supplier_code=00100008&order_time=2022-10-02 HTTP/1.1" 200 412
124.79.74.72 - - [02/Oct/2022:10:53:37 +0800] "GET /xingrg/all/function/internal_message.html?_=1664679213994&CODE_STATE=getMsg HTTP/1.1" 200 27
124.79.246.218 - - [02/Oct/2022:10:53:37 +0800] "GET /xingrg/check_reg.html?_=1664679416228 HTTP/1.1" 200 22
124.79.246.218 - - [02/Oct/2022:10:53:37 +0800] "GET /xingrg/all/function/internal_message.html?_=1664679416229&CODE_STATE=getMsg HTTP/1.1" 200 27
116.225.121.189 - - [02/Oct/2022:10:53:38 +0800] "GET /xingrg/all/function/internal_message.html?_=1664679217933&CODE_STATE=getMsg HTTP/1.1" 200 27
101.85.93.113 - - [02/Oct/2022:10:53:39 +0800] "GET /xingrg/all/function/internal_message.html?_=1664679217594&CODE_STATE=getMsg HTTP/1.1" 200 27
172.20.0.100 - - [02/Oct/2022:10:53:44 +0800] "GET /xingrg/all/function/internal_message.html?_=1664679221252&CODE_STATE=getMsg HTTP/1.1" 200 27
58.37.4.145 - - [02/Oct/2022:10:53:49 +0800] "GET /xingrg/all/function/internal_message.html?_=1664679227395&CODE_STATE=getMsg HTTP/1.1" 200 27
116.225.121.189 - - [02/Oct/2022:10:53:51 +0800] "GET /xingrg/all/function/internal_message.html?_=1664679085383&CODE_STATE=getMsg HTTP/1.1" 200 27
58.37.4.145 - - [02/Oct/2022:10:53:51 +0800] "POST /xingrg/kc/buy/cgsh_list_operate.html HTTP/1.1" 200 986
58.37.4.145 - - [02/Oct/2022:10:53:55 +0800] "GET /xingrg/kc/base/base_main.html HTTP/1.1" 200 12142
58.37.4.145 - - [02/Oct/2022:10:53:56 +0800] "GET /xingrg/kc/base/wldb_order_list.html HTTP/1.1" 200 19180
58.37.4.145 - - [02/Oct/2022:10:53:57 +0800] "POST /xingrg/kc/base/wldb_list_operate.html HTTP/1.1" 200 3343
58.37.4.145 - - [02/Oct/2022:10:53:59 +0800] "POST /xingrg/kc/base/wldb_list_operate.html HTTP/1.1" 200 209
124.79.246.218 - - [02/Oct/2022:10:54:01 +0800] "GET /xingrg/all/function/internal_message.html?_=1664679428814&CODE_STATE=getMsg HTTP/1.1" 200 27
58.37.4.145 - - [02/Oct/2022:10:54:03 +0800] "GET /xingrg/kc/base/wldb_order_info.html?code=422022100200110 HTTP/1.1" 200 30407
58.37.4.145 - - [02/Oct/2022:10:54:03 +0800] "GET /xingrg/all/common/auto_word.html?type=base&rest_code=00106 HTTP/1.1" 200 1799
58.37.4.145 - - [02/Oct/2022:10:54:03 +0800] "GET /xingrg/all/common/auto_word.html?type=base&rest_code=00106 HTTP/1.1" 200 1799
58.37.4.145 - - [02/Oct/2022:10:54:03 +0800] "GET /xingrg/javascript/easyui/themes/default/validatebox.css HTTP/1.1" 404 1104
58.37.4.145 - - [02/Oct/2022:10:54:04 +0800] "POST /xingrg/kc/base/wldb_order_operate.html HTTP/1.1" 200 2210
114.83.219.57 - - [02/Oct/2022:10:54:07 +0800] "GET /xingrg/all/function/internal_message.html?_=1664679335908&CODE_STATE=getMsg HTTP/1.1" 200 27
222.70.183.206 - - [02/Oct/2022:10:54:07 +0800] "GET /xingrg/all/function/internal_message.html?_=1664679240569&CODE_STATE=getMsg HTTP/1.1" 200 27
221.239.141.151 - - [02/Oct/2022:10:54:08 +0800] "GET /xingrg/all/function/internal_message.html?_=1664679248756&CODE_STATE=getMsg HTTP/1.1" 200 27
124.79.74.72 - - [02/Oct/2022:10:54:08 +0800] "GET /xingrg/all/function/internal_message.html?_=1664679244862&CODE_STATE=getMsg HTTP/1.1" 200 27
114.83.219.254 - - [02/Oct/2022:10:54:09 +0800] "GET /xingrg/kc/buy/cgsh_order_operate.html?command=get_materiel&rest_code=00149&code=00101008347&supplier_code=00100008&order_time=2022-10-02 HTTP/1.1" 200 408
180.169.147.146 - - [02/Oct/2022:10:54:10 +0800] "GET /xingrg/all/function/internal_message.html?_=1664679248346&CODE_STATE=getMsg HTTP/1.1" 200 27
58.37.4.145 - - [02/Oct/2022:10:54:11 +0800] "GET /xingrg/check_reg.html?_=1664679249028 HTTP/1.1" 200 22
116.230.105.139 - - [02/Oct/2022:10:54:12 +0800] "GET /xingrg/all/function/internal_message.html?_=1664679235945&CODE_STATE=getMsg HTTP/1.1" 200 27
114.83.219.254 - - [02/Oct/2022:10:54:14 +0800] "GET /xingrg/all/function/internal_message.html?_=1664679252916&CODE_STATE=getMsg HTTP/1.1" 200 27
58.37.4.145 - - [02/Oct/2022:10:54:15 +0800] "GET /xingrg/all/function/internal_message.html?_=1664679258333&CODE_STATE=getMsg HTTP/1.1" 200 27
58.37.4.145 - - [02/Oct/2022:10:54:18 +0800] "GET /xingrg/all/function/internal_message.html?_=1664679258276&CODE_STATE=getMsg HTTP/1.1" 200 27
114.83.219.254 - - [02/Oct/2022:10:54:19 +0800] "GET /xingrg/kc/buy/cgsh_order_operate.html?command=get_materiel&rest_code=00149&code=00101008312&supplier_code=00100008&order_time=2022-10-02 HTTP/1.1" 200 412
58.39.35.118 - - [02/Oct/2022:10:54:21 +0800] "GET /xingrg/all/function/internal_message.html?_=1664679259849&CODE_STATE=getMsg HTTP/1.1" 200 27
116.230.114.213 - - [02/Oct/2022:10:54:22 +0800] "GET /xingrg/all/function/internal_message.html?_=1664679286442&CODE_STATE=getMsg HTTP/1.1" 200 27
114.84.81.136 - - [02/Oct/2022:10:54:22 +0800] "GET /xingrg/all/function/internal_message.html?_=1664679260904&CODE_STATE=getMsg HTTP/1.1" 200 27
114.84.81.136 - - [02/Oct/2022:10:54:22 +0800] "GET /xingrg/check_reg.html?_=1664679260903 HTTP/1.1" 200 22
114.83.219.254 - - [02/Oct/2022:10:54:24 +0800] "POST /xingrg/kc/buy/cgsh_order_operate.html HTTP/1.1" 200 2065
116.224.255.128 - - [02/Oct/2022:10:54:25 +0800] "GET /xingrg/all/function/internal_message.html?_=1664679181452&CODE_STATE=getMsg HTTP/1.1" 200 27
114.83.219.254 - - [02/Oct/2022:10:54:29 +0800] "GET /xingrg/kc/buy/cgsh_order_operate.html?command=get_materiel&rest_code=00149&code=00101009155&supplier_code=00100008&order_time=2022-10-02 HTTP/1.1" 200 402
120.253.135.82 - - [02/Oct/2022:10:54:30 +0800] "GET /xingrg/all/function/internal_message.html?_=1664679386793&CODE_STATE=getMsg HTTP/1.1" 200 27
58.37.4.145 - - [02/Oct/2022:10:54:33 +0800] "POST /xingrg/kc/base/wldb_list_operate.html HTTP/1.1" 200 202
58.37.4.145 - - [02/Oct/2022:10:54:33 +0800] "GET /xingrg/kc/base/wldb_order_info.html?code=422022100200111 HTTP/1.1" 200 30402
58.37.4.145 - - [02/Oct/2022:10:54:34 +0800] "GET /xingrg/javascript/easyui/themes/default/validatebox.css HTTP/1.1" 404 1104
58.37.4.145 - - [02/Oct/2022:10:54:34 +0800] "POST /xingrg/kc/base/wldb_order_operate.html HTTP/1.1" 200 2190
124.79.74.72 - - [02/Oct/2022:10:54:37 +0800] "GET /xingrg/all/function/internal_message.html?_=1664679273999&CODE_STATE=getMsg HTTP/1.1" 200 27
124.79.246.218 - - [02/Oct/2022:10:54:37 +0800] "GET /xingrg/all/function/internal_message.html?_=1664679476226&CODE_STATE=getMsg HTTP/1.1" 200 27
114.83.219.254 - - [02/Oct/2022:10:54:38 +0800] "GET /xingrg/kc/buy/cgsh_order_operate.html?command=get_materiel&rest_code=00149&code=00101008077&supplier_code=00100008&order_time=2022-10-02 HTTP/1.1" 200 416
116.225.121.189 - - [02/Oct/2022:10:54:38 +0800] "GET /xingrg/all/function/internal_message.html?_=1664679277909&CODE_STATE=getMsg HTTP/1.1" 200 27
101.85.93.113 - - [02/Oct/2022:10:54:39 +0800] "GET /xingrg/all/function/internal_message.html?_=1664679277593&CODE_STATE=getMsg HTTP/1.1" 200 27
172.20.0.100 - - [02/Oct/2022:10:54:44 +0800] "GET /xingrg/all/function/internal_message.html?_=1664679281254&CODE_STATE=getMsg HTTP/1.1" 200 27
172.20.0.100 - - [02/Oct/2022:10:54:44 +0800] "GET /xingrg/check_reg.html?_=1664679281256 HTTP/1.1" 200 22
58.37.4.145 - - [02/Oct/2022:10:54:49 +0800] "GET /xingrg/all/function/internal_message.html?_=1664679287369&CODE_STATE=getMsg HTTP/1.1" 200 27
116.225.121.189 - - [02/Oct/2022:10:54:51 +0800] "GET /xingrg/all/function/internal_message.html?_=1664679145384&CODE_STATE=getMsg HTTP/1.1" 200 27
124.79.246.218 - - [02/Oct/2022:10:55:01 +0800] "GET /xingrg/all/function/internal_message.html?_=1664679488826&CODE_STATE=getMsg HTTP/1.1" 200 27
114.83.219.57 - - [02/Oct/2022:10:55:07 +0800] "GET /xingrg/all/function/internal_message.html?_=1664679395897&CODE_STATE=getMsg HTTP/1.1" 200 27
222.70.183.206 - - [02/Oct/2022:10:55:07 +0800] "GET /xingrg/all/function/internal_message.html?_=1664679300571&CODE_STATE=getMsg HTTP/1.1" 200 27
221.239.141.151 - - [02/Oct/2022:10:55:08 +0800] "GET /xingrg/all/function/internal_message.html?_=1664679308742&CODE_STATE=getMsg HTTP/1.1" 200 27
116.230.114.213 - - [02/Oct/2022:10:55:08 +0800] "GET /xingrg/kc/buy/cgsh_order_add.html HTTP/1.1" 200 68867
124.79.74.72 - - [02/Oct/2022:10:55:08 +0800] "GET /xingrg/all/function/internal_message.html?_=1664679304861&CODE_STATE=getMsg HTTP/1.1" 200 27
116.230.114.213 - - [02/Oct/2022:10:55:08 +0800] "POST /xingrg/kc/buy/cgsh_order_operate.html HTTP/1.1" 200 8245
116.230.114.213 - - [02/Oct/2022:10:55:08 +0800] "GET /xingrg/javascript/easyui/themes/default/validatebox.css HTTP/1.1" 404 1104
114.83.219.254 - - [02/Oct/2022:10:55:09 +0800] "GET /xingrg/kc/buy/cgsh_order_operate.html?command=get_materiel&rest_code=00149&code=00101008223&supplier_code=00100008&order_time=2022-10-02 HTTP/1.1" 200 412
180.169.147.146 - - [02/Oct/2022:10:55:10 +0800] "GET /xingrg/all/function/internal_message.html?_=1664679308373&CODE_STATE=getMsg HTTP/1.1" 200 27
116.230.105.139 - - [02/Oct/2022:10:55:12 +0800] "GET /xingrg/all/function/internal_message.html?_=1664679295915&CODE_STATE=getMsg HTTP/1.1" 200 27
58.37.225.234 - - [02/Oct/2022:10:55:13 +0800] "GET /xingrg/check_reg.html?_=1664678964832 HTTP/1.1" 200 22
114.83.219.254 - - [02/Oct/2022:10:55:14 +0800] "GET /xingrg/all/function/internal_message.html?_=1664679312994&CODE_STATE=getMsg HTTP/1.1" 200 27
114.83.219.254 - - [02/Oct/2022:10:55:14 +0800] "GET /xingrg/check_reg.html?_=1664679312995 HTTP/1.1" 200 22
58.37.4.145 - - [02/Oct/2022:10:55:15 +0800] "GET /xingrg/all/function/internal_message.html?_=1664679318337&CODE_STATE=getMsg HTTP/1.1" 200 27
58.37.4.145 - - [02/Oct/2022:10:55:18 +0800] "GET /xingrg/all/function/internal_message.html?_=1664679318261&CODE_STATE=getMsg HTTP/1.1" 200 27
58.37.4.145 - - [02/Oct/2022:10:55:18 +0800] "GET /xingrg/check_reg.html?_=1664679318264 HTTP/1.1" 200 22
58.39.35.118 - - [02/Oct/2022:10:55:21 +0800] "GET /xingrg/all/function/internal_message.html?_=1664679319859&CODE_STATE=getMsg HTTP/1.1" 200 27
116.230.114.213 - - [02/Oct/2022:10:55:22 +0800] "GET /xingrg/all/function/internal_message.html?_=1664679346457&CODE_STATE=getMsg HTTP/1.1" 200 27
114.84.81.136 - - [02/Oct/2022:10:55:22 +0800] "GET /xingrg/all/function/internal_message.html?_=1664679320903&CODE_STATE=getMsg HTTP/1.1" 200 27
116.224.255.128 - - [02/Oct/2022:10:55:25 +0800] "GET /xingrg/all/function/internal_message.html?_=1664679241687&CODE_STATE=getMsg HTTP/1.1" 200 27
114.83.219.254 - - [02/Oct/2022:10:55:27 +0800] "GET /xingrg/kc/buy/cgsh_order_operate.html?command=get_materiel&rest_code=00149&code=00101019155&supplier_code=00100008&order_time=2022-10-02 HTTP/1.1" 200 458
120.253.135.82 - - [02/Oct/2022:10:55:30 +0800] "GET /xingrg/all/function/internal_message.html?_=1664679446926&CODE_STATE=getMsg HTTP/1.1" 200 27
58.37.4.145 - - [02/Oct/2022:10:55:30 +0800] "GET /xingrg/all/report/report_query.html?isQuery=1&fileName=dma/new_5.0/menu/menu_hz.xml&queryString=(a.sale_day%2520between%252020220901%2520and%252020220930)%2520and%2520(a.sid%2520in%2520(4))%2520and%2520(a.tj_code%253D10)&queryText=%25E3%2580%2590%25E8%2590%25A5%25E4%25B8%259A%25E6%2597%25A5%25E6%259C%259F%253A2022-09-01%2520%25E8%2587%25B3%25202022-09-30%25E3%2580%2591%2520%25E5%25B9%25B6%25E4%25B8%2594%2520%2520%25E3%2580%2590%25E9%2597%25A8%25E5%25BA%2597%25E5%2590%258D%25E7%25A7%25B0%2520%253D%2520%25E6%2599%25AE%25E9%2599%2580%25E6%25A6%2595%25E6%25B8%25AF%25E3%2580%2591%2520%25E5%25B9%25B6%25E4%25B8%2594%2520%25E3%2580%2590%25E7%25BB%259F%25E8%25AE%25A1%25E7%25B1%25BB%25E5%2588%25AB%2520%253D%2520%25E6%259C%2588%25E9%25A5%25BC%25E3%2580%2591 HTTP/1.1" 200 54103
58.37.4.145 - - [02/Oct/2022:10:55:31 +0800] "GET /xingrg/dwr/engine.js HTTP/1.1" 200 43631
58.37.4.145 - - [02/Oct/2022:10:55:31 +0800] "GET /favicon.ico HTTP/1.1" 404 -
58.37.4.145 - - [02/Oct/2022:10:55:31 +0800] "POST /xingrg/all/report/load_report_page.html HTTP/1.1" 200 68201
58.37.4.145 - - [02/Oct/2022:10:55:31 +0800] "GET /xingrg/servlets/image?cache=0.31261156015011093&image=px HTTP/1.1" 200 807
114.83.219.254 - - [02/Oct/2022:10:55:32 +0800] "POST /xingrg/all/common/load_select.html HTTP/1.1" 200 25
116.230.114.213 - - [02/Oct/2022:10:55:36 +0800] "GET /xingrg/kc/buy/cgsh_order_operate.html?command=get_materiel&rest_code=00146&code=00101009050&supplier_code=00100023&order_time=2022-10-02 HTTP/1.1" 200 429
124.79.74.72 - - [02/Oct/2022:10:55:37 +0800] "GET /xingrg/all/function/internal_message.html?_=1664679334004&CODE_STATE=getMsg HTTP/1.1" 200 27
124.79.74.72 - - [02/Oct/2022:10:55:37 +0800] "GET /xingrg/check_reg.html?_=1664679334006 HTTP/1.1" 200 22
124.79.246.218 - - [02/Oct/2022:10:55:37 +0800] "GET /xingrg/all/function/internal_message.html?_=1664679536236&CODE_STATE=getMsg HTTP/1.1" 200 27
114.83.219.254 - - [02/Oct/2022:10:55:38 +0800] "GET /xingrg/kc/buy/cgsh_order_operate.html?command=get_materiel_price&rest_code=00149&code=00101019155&unit_code=00100178&supplier_code=00100008&order_time=2022-10-02 HTTP/1.1" 200 27
116.225.121.189 - - [02/Oct/2022:10:55:38 +0800] "GET /xingrg/all/function/internal_message.html?_=1664679337889&CODE_STATE=getMsg HTTP/1.1" 200 27
120.253.135.82 - - [02/Oct/2022:10:55:39 +0800] "GET /xingrg/kc/pszx/mdqp_order_list.html?state=10 HTTP/1.1" 200 10655
120.253.135.82 - - [02/Oct/2022:10:55:39 +0800] "GET /xingrg/dwr/interface/AjaxReportQueryService.js HTTP/1.1" 200 13203
120.253.135.82 - - [02/Oct/2022:10:55:39 +0800] "GET /xingrg/dwr/interface/AjaxQqpsService.js HTTP/1.1" 200 16326
120.253.135.82 - - [02/Oct/2022:10:55:39 +0800] "GET /xingrg/dwr/engine.js HTTP/1.1" 200 43631
101.85.93.113 - - [02/Oct/2022:10:55:39 +0800] "GET /xingrg/all/function/internal_message.html?_=1664679337594&CODE_STATE=getMsg HTTP/1.1" 200 27
120.253.135.82 - - [02/Oct/2022:10:55:42 +0800] "GET /xingrg/kc/pszx/mdps_order_list.html?orderType=0 HTTP/1.1" 200 21045
120.253.135.82 - - [02/Oct/2022:10:55:43 +0800] "POST /xingrg/kc/pszx/mdps_list_operate.html HTTP/1.1" 200 5444
172.20.0.100 - - [02/Oct/2022:10:55:44 +0800] "GET /xingrg/all/function/internal_message.html?_=1664679341257&CODE_STATE=getMsg HTTP/1.1" 200 27
120.253.135.82 - - [02/Oct/2022:10:55:46 +0800] "POST /xingrg/kc/pszx/mdps_list_operate.html HTTP/1.1" 200 5583
58.37.4.145 - - [02/Oct/2022:10:55:49 +0800] "GET /xingrg/all/function/internal_message.html?_=1664679347339&CODE_STATE=getMsg HTTP/1.1" 200 27
120.253.135.82 - - [02/Oct/2022:10:55:50 +0800] "POST /xingrg/kc/pszx/mdps_list_operate.html HTTP/1.1" 200 612
116.225.121.189 - - [02/Oct/2022:10:55:51 +0800] "GET /xingrg/check_reg.html?_=1664679205384 HTTP/1.1" 200 22
116.225.121.189 - - [02/Oct/2022:10:55:51 +0800] "GET /xingrg/all/function/internal_message.html?_=1664679205387&CODE_STATE=getMsg HTTP/1.1" 200 27
120.253.135.82 - - [02/Oct/2022:10:55:51 +0800] "GET /xingrg/kc/pszx/mdps_order_info.html?code=312022100100044 HTTP/1.1" 200 23976
120.253.135.82 - - [02/Oct/2022:10:55:51 +0800] "GET /xingrg/javascript/easyui/themes/default/validatebox.css HTTP/1.1" 404 1104
120.253.135.82 - - [02/Oct/2022:10:55:51 +0800] "POST /xingrg/kc/pszx/mdps_order_operate.html HTTP/1.1" 200 5795
114.83.219.254 - - [02/Oct/2022:10:55:53 +0800] "GET /xingrg/kc/buy/cgsh_order_operate.html?command=get_materiel&rest_code=00149&code=00101008332&supplier_code=00100008&order_time=2022-10-02 HTTP/1.1" 200 412
116.230.114.213 - - [02/Oct/2022:10:55:56 +0800] "GET /xingrg/kc/buy/cgsh_order_operate.html?command=get_materiel&rest_code=00146&code=00101009062&supplier_code=00100023&order_time=2022-10-02 HTTP/1.1" 200 434
114.83.219.254 - - [02/Oct/2022:10:55:59 +0800] "POST /xingrg/kc/buy/cgsh_order_operate.html HTTP/1.1" 200 2065
124.79.246.218 - - [02/Oct/2022:10:56:01 +0800] "GET /xingrg/all/function/internal_message.html?_=1664679548863&CODE_STATE=getMsg HTTP/1.1" 200 27
114.83.219.254 - - [02/Oct/2022:10:56:05 +0800] "GET /xingrg/kc/buy/cgsh_order_operate.html?command=get_materiel&rest_code=00149&code=00101008304&supplier_code=00100008&order_time=2022-10-02 HTTP/1.1" 200 412
114.83.219.57 - - [02/Oct/2022:10:56:07 +0800] "GET /xingrg/all/function/internal_message.html?_=1664679455913&CODE_STATE=getMsg HTTP/1.1" 200 27
222.70.183.206 - - [02/Oct/2022:10:56:07 +0800] "GET /xingrg/all/function/internal_message.html?_=1664679360572&CODE_STATE=getMsg HTTP/1.1" 200 27
114.83.219.57 - - [02/Oct/2022:10:56:07 +0800] "GET /xingrg/check_reg.html?_=1664679455908 HTTP/1.1" 200 22
221.239.141.151 - - [02/Oct/2022:10:56:08 +0800] "GET /xingrg/all/function/internal_message.html?_=1664679368716&CODE_STATE=getMsg HTTP/1.1" 200 27
124.79.74.72 - - [02/Oct/2022:10:56:08 +0800] "GET /xingrg/all/function/internal_message.html?_=1664679364862&CODE_STATE=getMsg HTTP/1.1" 200 27
221.239.141.151 - - [02/Oct/2022:10:56:08 +0800] "GET /xingrg/check_reg.html?_=1664679368956 HTTP/1.1" 200 22
124.79.74.72 - - [02/Oct/2022:10:56:08 +0800] "GET /xingrg/check_reg.html?_=1664679364863 HTTP/1.1" 200 22
116.225.121.189 - - [02/Oct/2022:10:56:08 +0800] "GET /favicon.ico HTTP/1.1" 404 -
180.169.147.146 - - [02/Oct/2022:10:56:10 +0800] "GET /xingrg/all/function/internal_message.html?_=1664679368372&CODE_STATE=getMsg HTTP/1.1" 200 27
180.169.147.146 - - [02/Oct/2022:10:56:10 +0800] "GET /xingrg/check_reg.html?_=1664679368375 HTTP/1.1" 200 22
