58.37.4.145 - - [02/Oct/2022:10:26:49 +0800] "GET /xingrg/all/function/internal_message.html?_=1664677607054&CODE_STATE=getMsg HTTP/1.1" 200 27
116.225.121.189 - - [02/Oct/2022:10:26:51 +0800] "GET /xingrg/all/function/internal_message.html?_=1664677465367&CODE_STATE=getMsg HTTP/1.1" 200 27
120.253.135.82 - - [02/Oct/2022:10:26:51 +0800] "POST /xingrg/kc/pszx/mdps_order_operate.html HTTP/1.1" 200 37
120.253.135.82 - - [02/Oct/2022:10:26:52 +0800] "GET /xingrg/kc/pszx/mdps_order_info.html?code=312022100100044 HTTP/1.1" 200 23976
120.253.135.82 - - [02/Oct/2022:10:26:52 +0800] "POST /xingrg/kc/pszx/mdps_order_operate.html HTTP/1.1" 200 5795
120.253.135.82 - - [02/Oct/2022:10:26:52 +0800] "GET /xingrg/javascript/easyui/themes/default/validatebox.css HTTP/1.1" 404 1104
180.169.147.146 - - [02/Oct/2022:10:26:53 +0800] "GET /xingrg/all/function/internal_message.html?_=1664677611548&CODE_STATE=getMsg HTTP/1.1" 200 27
221.239.141.151 - - [02/Oct/2022:10:26:53 +0800] "GET /xingrg/kc/print/load_data.html?order_code=312022093000703&kc_code=pssh&condition= HTTP/1.1" 200 652
222.70.183.206 - - [02/Oct/2022:10:26:55 +0800] "GET /xingrg/kc/buy/cgsh_order_operate.html?command=get_materiel&rest_code=00111&code=00101008436&supplier_code=00100005&order_time=2022-10-02 HTTP/1.1" 200 412
120.253.135.82 - - [02/Oct/2022:10:26:58 +0800] "POST /xingrg/kc/pszx/mdps_list_operate.html HTTP/1.1" 200 5583
116.225.121.189 - - [02/Oct/2022:10:26:59 +0800] "GET /xingrg/kc/buy/cgsh_order_operate.html?command=get_materiel&rest_code=00105&code=00101009013&supplier_code=00100024&order_time=2022-10-02 HTTP/1.1" 200 420
120.253.135.82 - - [02/Oct/2022:10:27:02 +0800] "GET /xingrg/javascript/jquery_easy_ui/themes/default/images/tabs_active.png HTTP/1.1" 200 2894
222.70.183.206 - - [02/Oct/2022:10:27:07 +0800] "GET /xingrg/all/function/internal_message.html?_=1664677620537&CODE_STATE=getMsg HTTP/1.1" 200 27
222.70.183.206 - - [02/Oct/2022:10:27:07 +0800] "GET /xingrg/check_reg.html?_=1664677620542 HTTP/1.1" 200 22
114.83.219.57 - - [02/Oct/2022:10:27:07 +0800] "GET /xingrg/all/function/internal_message.html?_=1664677715910&CODE_STATE=getMsg HTTP/1.1" 200 27
124.79.74.72 - - [02/Oct/2022:10:27:08 +0800] "GET /xingrg/all/function/internal_message.html?_=1664677624862&CODE_STATE=getMsg HTTP/1.1" 200 27
221.239.141.151 - - [02/Oct/2022:10:27:08 +0800] "GET /xingrg/all/function/internal_message.html?_=1664677628942&CODE_STATE=getMsg HTTP/1.1" 200 27
116.230.105.139 - - [02/Oct/2022:10:27:10 +0800] "GET /xingrg/check_reg.html?_=1664677613069 HTTP/1.1" 200 22
222.70.183.206 - - [02/Oct/2022:10:27:12 +0800] "GET /xingrg/kc/buy/cgsh_order_operate.html?command=get_materiel&rest_code=00111&code=00101008010&supplier_code=00100005&order_time=2022-10-02 HTTP/1.1" 200 412
116.230.105.139 - - [02/Oct/2022:10:27:13 +0800] "GET /xingrg/all/function/internal_message.html?_=1664677616513&CODE_STATE=getMsg HTTP/1.1" 200 27
116.224.255.128 - - [02/Oct/2022:10:27:16 +0800] "GET /xingrg/all/function/internal_message.html?_=1664677552532&CODE_STATE=getMsg HTTP/1.1" 200 27
116.230.114.213 - - [02/Oct/2022:10:27:19 +0800] "GET /xingrg/all/function/internal_message.html?_=1664677662783&CODE_STATE=getMsg HTTP/1.1" 200 27
120.253.135.82 - - [02/Oct/2022:10:27:21 +0800] "GET /xingrg/login.html HTTP/1.1" 200 7641
120.253.135.82 - - [02/Oct/2022:10:27:22 +0800] "GET /xingrg/images/blue/login_bg.png HTTP/1.1" 304 -
120.253.135.82 - - [02/Oct/2022:10:27:22 +0800] "GET /xingrg/images/blue/jxLogo.png HTTP/1.1" 304 -
120.253.135.82 - - [02/Oct/2022:10:27:22 +0800] "GET /xingrg/images/blue/hj.png HTTP/1.1" 304 -
114.84.81.136 - - [02/Oct/2022:10:27:22 +0800] "GET /xingrg/all/function/internal_message.html?_=1664677640864&CODE_STATE=getMsg HTTP/1.1" 200 27
120.253.135.82 - - [02/Oct/2022:10:27:23 +0800] "GET /xingrg/images/blue/srbg.png HTTP/1.1" 304 -
120.253.135.82 - - [02/Oct/2022:10:27:23 +0800] "GET /favicon.ico HTTP/1.1" 404 -
120.253.135.82 - - [02/Oct/2022:10:27:28 +0800] "GET /xingrg/check_reg.html?_=1664677765188 HTTP/1.1" 200 22
120.253.135.82 - - [02/Oct/2022:10:27:29 +0800] "GET /xingrg/all/function/internal_message.html?_=1664677765819&CODE_STATE=getMsg HTTP/1.1" 200 27
222.70.183.206 - - [02/Oct/2022:10:27:29 +0800] "GET /xingrg/kc/buy/cgsh_order_operate.html?command=get_materiel&rest_code=00111&code=00101008163&supplier_code=00100005&order_time=2022-10-02 HTTP/1.1" 200 409
124.79.74.72 - - [02/Oct/2022:10:27:37 +0800] "GET /xingrg/all/function/internal_message.html?_=1664677653989&CODE_STATE=getMsg HTTP/1.1" 200 27
124.79.246.218 - - [02/Oct/2022:10:27:37 +0800] "GET /xingrg/all/function/internal_message.html?_=1664677856218&CODE_STATE=getMsg HTTP/1.1" 200 27
116.225.121.189 - - [02/Oct/2022:10:27:38 +0800] "GET /xingrg/all/function/internal_message.html?_=1664677658543&CODE_STATE=getMsg HTTP/1.1" 200 27
101.85.93.113 - - [02/Oct/2022:10:27:39 +0800] "GET /xingrg/all/function/internal_message.html?_=1664677657559&CODE_STATE=getMsg HTTP/1.1" 200 27
101.85.93.113 - - [02/Oct/2022:10:27:39 +0800] "GET /xingrg/check_reg.html?_=1664677657562 HTTP/1.1" 200 22
116.225.121.189 - - [02/Oct/2022:10:27:40 +0800] "GET /xingrg/check_reg.html?_=1664677659785 HTTP/1.1" 200 22
116.225.121.189 - - [02/Oct/2022:10:27:41 +0800] "GET /xingrg/kc/buy/cgsh_order_operate.html?command=get_materiel&rest_code=00105&code=00101009053&supplier_code=00100024&order_time=2022-10-02 HTTP/1.1" 200 408
172.20.0.100 - - [02/Oct/2022:10:27:44 +0800] "GET /xingrg/all/function/internal_message.html?_=1664677661251&CODE_STATE=getMsg HTTP/1.1" 200 27
58.37.4.145 - - [02/Oct/2022:10:27:49 +0800] "GET /xingrg/all/function/internal_message.html?_=1664677667022&CODE_STATE=getMsg HTTP/1.1" 200 27
116.225.121.189 - - [02/Oct/2022:10:27:51 +0800] "GET /xingrg/all/function/internal_message.html?_=1664677525353&CODE_STATE=getMsg HTTP/1.1" 200 27
180.169.147.146 - - [02/Oct/2022:10:27:53 +0800] "GET /xingrg/all/function/internal_message.html?_=1664677671554&CODE_STATE=getMsg HTTP/1.1" 200 27
222.70.183.206 - - [02/Oct/2022:10:27:55 +0800] "GET /xingrg/kc/buy/cgsh_order_operate.html?command=get_materiel&rest_code=00111&code=00101008118&supplier_code=00100005&order_time=2022-10-02 HTTP/1.1" 200 418
221.239.141.151 - - [02/Oct/2022:10:27:55 +0800] "GET /xingrg/kc/base/wldb_order_list.html HTTP/1.1" 200 19180
221.239.141.151 - - [02/Oct/2022:10:27:56 +0800] "POST /xingrg/kc/base/wldb_list_operate.html HTTP/1.1" 200 928
221.239.141.151 - - [02/Oct/2022:10:28:00 +0800] "GET /xingrg/kc/base/wldb_order_add.html HTTP/1.1" 200 30394
221.239.141.151 - - [02/Oct/2022:10:28:00 +0800] "GET /xingrg/all/common/auto_word.html?type=base&rest_code=00102 HTTP/1.1" 200 1857
221.239.141.151 - - [02/Oct/2022:10:28:00 +0800] "GET /xingrg/all/common/auto_word.html?type=base&rest_code=00102 HTTP/1.1" 200 1857
221.239.141.151 - - [02/Oct/2022:10:28:00 +0800] "POST /xingrg/kc/base/wldb_order_operate.html HTTP/1.1" 200 6806
221.239.141.151 - - [02/Oct/2022:10:28:00 +0800] "GET /xingrg/javascript/easyui/themes/default/validatebox.css HTTP/1.1" 404 1104
116.224.255.128 - - [02/Oct/2022:10:28:07 +0800] "GET /xingrg/check_reg.html?_=1664677603505 HTTP/1.1" 200 22
222.70.183.206 - - [02/Oct/2022:10:28:07 +0800] "GET /xingrg/all/function/internal_message.html?_=1664677680537&CODE_STATE=getMsg HTTP/1.1" 200 27
114.83.219.57 - - [02/Oct/2022:10:28:07 +0800] "GET /xingrg/all/function/internal_message.html?_=1664677775912&CODE_STATE=getMsg HTTP/1.1" 200 27
116.225.121.189 - - [02/Oct/2022:10:28:08 +0800] "POST /xingrg/kc/buy/cgsh_order_operate.html HTTP/1.1" 200 37
124.79.74.72 - - [02/Oct/2022:10:28:08 +0800] "GET /xingrg/all/function/internal_message.html?_=1664677684862&CODE_STATE=getMsg HTTP/1.1" 200 27
221.239.141.151 - - [02/Oct/2022:10:28:08 +0800] "GET /xingrg/all/function/internal_message.html?_=1664677688940&CODE_STATE=getMsg HTTP/1.1" 200 27
222.70.183.206 - - [02/Oct/2022:10:28:08 +0800] "GET /xingrg/kc/buy/cgsh_order_operate.html?command=get_materiel&rest_code=00111&code=00101008148&supplier_code=00100005&order_time=2022-10-02 HTTP/1.1" 200 416
116.225.121.189 - - [02/Oct/2022:10:28:10 +0800] "POST /xingrg/kc/buy/cgsh_order_operate.html HTTP/1.1" 200 7398
116.225.121.189 - - [02/Oct/2022:10:28:12 +0800] "GET /xingrg/kc/print/load_data.html?order_code=212022100200424&kc_code=cgsh&condition= HTTP/1.1" 200 2492
116.230.114.213 - - [02/Oct/2022:10:28:12 +0800] "GET /xingrg/check_reg.html?_=1664677712156 HTTP/1.1" 302 -
116.230.105.139 - - [02/Oct/2022:10:28:13 +0800] "GET /xingrg/all/function/internal_message.html?_=1664677676487&CODE_STATE=getMsg HTTP/1.1" 200 27
116.224.255.128 - - [02/Oct/2022:10:28:16 +0800] "GET /xingrg/all/function/internal_message.html?_=1664677612860&CODE_STATE=getMsg HTTP/1.1" 200 27
116.230.114.213 - - [02/Oct/2022:10:28:18 +0800] "GET /xingrg/check_reg.html?_=1664677722576 HTTP/1.1" 200 22
116.230.114.213 - - [02/Oct/2022:10:28:19 +0800] "GET /xingrg/all/function/internal_message.html?_=1664677722796&CODE_STATE=getMsg HTTP/1.1" 200 27
114.84.81.136 - - [02/Oct/2022:10:28:22 +0800] "GET /xingrg/all/function/internal_message.html?_=1664677700862&CODE_STATE=getMsg HTTP/1.1" 200 27
116.224.255.128 - - [02/Oct/2022:10:28:23 +0800] "GET /xingrg/kc/buy/cgsh_order_add.html HTTP/1.1" 200 68917
116.224.255.128 - - [02/Oct/2022:10:28:23 +0800] "GET /xingrg/javascript/easyui/themes/default/validatebox.css HTTP/1.1" 404 1104
116.224.255.128 - - [02/Oct/2022:10:28:24 +0800] "POST /xingrg/kc/buy/cgsh_order_operate.html HTTP/1.1" 200 8245
120.253.135.82 - - [02/Oct/2022:10:28:29 +0800] "GET /xingrg/all/function/internal_message.html?_=1664677825833&CODE_STATE=getMsg HTTP/1.1" 200 27
222.70.183.206 - - [02/Oct/2022:10:28:29 +0800] "GET /xingrg/kc/buy/cgsh_order_operate.html?command=get_materiel&rest_code=00111&code=00101008264&supplier_code=00100005&order_time=2022-10-02 HTTP/1.1" 200 412
116.224.255.128 - - [02/Oct/2022:10:28:33 +0800] "GET /xingrg/kc/buy/cgsh_order_operate.html?command=get_materiel&rest_code=00150&code=00101011005&supplier_code=00100047&order_time=2022-10-02 HTTP/1.1" 200 428
124.79.74.72 - - [02/Oct/2022:10:28:37 +0800] "GET /xingrg/all/function/internal_message.html?_=1664677713991&CODE_STATE=getMsg HTTP/1.1" 200 27
124.79.246.218 - - [02/Oct/2022:10:28:37 +0800] "GET /xingrg/check_reg.html?_=1664677916216 HTTP/1.1" 200 22
124.79.246.218 - - [02/Oct/2022:10:28:37 +0800] "GET /xingrg/all/function/internal_message.html?_=1664677916217&CODE_STATE=getMsg HTTP/1.1" 200 27
222.70.183.206 - - [02/Oct/2022:10:28:38 +0800] "GET /xingrg/kc/buy/cgsh_order_operate.html?command=get_materiel&rest_code=00111&code=00101008196&supplier_code=00100005&order_time=2022-10-02 HTTP/1.1" 200 416
116.225.121.189 - - [02/Oct/2022:10:28:38 +0800] "GET /xingrg/all/function/internal_message.html?_=1664677718526&CODE_STATE=getMsg HTTP/1.1" 200 27
101.85.93.113 - - [02/Oct/2022:10:28:39 +0800] "GET /xingrg/all/function/internal_message.html?_=1664677717561&CODE_STATE=getMsg HTTP/1.1" 200 27
172.20.0.100 - - [02/Oct/2022:10:28:44 +0800] "GET /xingrg/all/function/internal_message.html?_=1664677721251&CODE_STATE=getMsg HTTP/1.1" 200 27
116.224.255.128 - - [02/Oct/2022:10:28:44 +0800] "GET /xingrg/kc/buy/cgsh_order_operate.html?command=get_materiel&rest_code=00150&code=00101011001&supplier_code=00100047&order_time=2022-10-02 HTTP/1.1" 200 423
58.37.4.145 - - [02/Oct/2022:10:28:49 +0800] "GET /xingrg/all/function/internal_message.html?_=1664677727000&CODE_STATE=getMsg HTTP/1.1" 200 27
222.70.183.206 - - [02/Oct/2022:10:28:50 +0800] "GET /xingrg/kc/buy/cgsh_order_operate.html?command=get_materiel&rest_code=00111&code=00101008230&supplier_code=00100005&order_time=2022-10-02 HTTP/1.1" 200 408
116.225.121.189 - - [02/Oct/2022:10:28:51 +0800] "GET /xingrg/all/function/internal_message.html?_=1664677585354&CODE_STATE=getMsg HTTP/1.1" 200 27
180.169.147.146 - - [02/Oct/2022:10:28:53 +0800] "GET /xingrg/all/function/internal_message.html?_=1664677731546&CODE_STATE=getMsg HTTP/1.1" 200 27
116.224.255.128 - - [02/Oct/2022:10:28:53 +0800] "POST /xingrg/kc/buy/cgsh_order_operate.html HTTP/1.1" 200 37
222.70.183.206 - - [02/Oct/2022:10:28:57 +0800] "GET /xingrg/kc/buy/cgsh_order_operate.html?command=get_materiel&rest_code=00111&code=00101008069&supplier_code=00100005&order_time=2022-10-02 HTTP/1.1" 200 412
116.224.255.128 - - [02/Oct/2022:10:28:58 +0800] "POST /xingrg/kc/buy/cgsh_order_operate.html HTTP/1.1" 200 12
116.224.255.128 - - [02/Oct/2022:10:28:59 +0800] "GET /xingrg/kc/buy/cgsh_order_info.html?code=212022100200425 HTTP/1.1" 200 63824
116.224.255.128 - - [02/Oct/2022:10:29:00 +0800] "GET /xingrg/javascript/easyui/themes/default/validatebox.css HTTP/1.1" 404 1104
116.224.255.128 - - [02/Oct/2022:10:29:01 +0800] "POST /xingrg/kc/buy/cgsh_order_operate.html HTTP/1.1" 200 1207
116.224.255.128 - - [02/Oct/2022:10:29:03 +0800] "GET /xingrg/kc/print/load_data.html?order_code=212022100200425&kc_code=cgsh&condition= HTTP/1.1" 200 1023
222.70.183.206 - - [02/Oct/2022:10:29:07 +0800] "GET /xingrg/kc/buy/cgsh_order_operate.html?command=get_materiel&rest_code=00111&code=00101008286&supplier_code=00100005&order_time=2022-10-02 HTTP/1.1" 200 408
222.70.183.206 - - [02/Oct/2022:10:29:07 +0800] "GET /xingrg/all/function/internal_message.html?_=1664677740570&CODE_STATE=getMsg HTTP/1.1" 200 27
114.83.219.57 - - [02/Oct/2022:10:29:07 +0800] "GET /xingrg/all/function/internal_message.html?_=1664677835914&CODE_STATE=getMsg HTTP/1.1" 200 27
124.79.74.72 - - [02/Oct/2022:10:29:08 +0800] "GET /xingrg/all/function/internal_message.html?_=1664677744861&CODE_STATE=getMsg HTTP/1.1" 200 27
221.239.141.151 - - [02/Oct/2022:10:29:08 +0800] "GET /xingrg/all/function/internal_message.html?_=1664677748930&CODE_STATE=getMsg HTTP/1.1" 200 27
116.224.255.128 - - [02/Oct/2022:10:29:08 +0800] "GET /xingrg/kc/buy/cgsh_order_add.html HTTP/1.1" 200 68917
116.224.255.128 - - [02/Oct/2022:10:29:09 +0800] "POST /xingrg/kc/buy/cgsh_order_operate.html HTTP/1.1" 200 8245
116.224.255.128 - - [02/Oct/2022:10:29:10 +0800] "GET /xingrg/javascript/easyui/themes/default/validatebox.css HTTP/1.1" 404 1104
58.37.4.145 - - [02/Oct/2022:10:29:11 +0800] "GET /xingrg/check_reg.html?_=1664677749099 HTTP/1.1" 200 22
116.230.105.139 - - [02/Oct/2022:10:29:13 +0800] "GET /xingrg/all/function/internal_message.html?_=1664677736461&CODE_STATE=getMsg HTTP/1.1" 200 27
222.70.183.206 - - [02/Oct/2022:10:29:15 +0800] "GET /xingrg/kc/buy/cgsh_order_operate.html?command=get_materiel&rest_code=00111&code=00101008036&supplier_code=00100005&order_time=2022-10-02 HTTP/1.1" 200 408
116.224.255.128 - - [02/Oct/2022:10:29:16 +0800] "GET /xingrg/all/function/internal_message.html?_=1664677672860&CODE_STATE=getMsg HTTP/1.1" 200 27
222.70.183.206 - - [02/Oct/2022:10:29:17 +0800] "POST /xingrg/kc/buy/cgsh_order_operate.html HTTP/1.1" 200 2065
116.224.255.128 - - [02/Oct/2022:10:29:18 +0800] "GET /xingrg/kc/buy/cgsh_order_operate.html?command=get_materiel&rest_code=00150&code=00101009001&supplier_code=00100026&order_time=2022-10-02 HTTP/1.1" 200 416
116.230.114.213 - - [02/Oct/2022:10:29:19 +0800] "GET /xingrg/all/function/internal_message.html?_=1664677782853&CODE_STATE=getMsg HTTP/1.1" 200 27
114.84.81.136 - - [02/Oct/2022:10:29:22 +0800] "GET /xingrg/check_reg.html?_=1664677760861 HTTP/1.1" 200 22
114.84.81.136 - - [02/Oct/2022:10:29:22 +0800] "GET /xingrg/all/function/internal_message.html?_=1664677760860&CODE_STATE=getMsg HTTP/1.1" 200 27
222.70.183.206 - - [02/Oct/2022:10:29:23 +0800] "GET /xingrg/kc/buy/cgsh_order_operate.html?command=get_materiel&rest_code=00111&code=00101008131&supplier_code=00100005&order_time=2022-10-02 HTTP/1.1" 200 408
116.224.255.128 - - [02/Oct/2022:10:29:28 +0800] "GET /xingrg/kc/buy/cgsh_order_operate.html?command=get_materiel&rest_code=00150&code=00101009062&supplier_code=00100026&order_time=2022-10-02 HTTP/1.1" 200 434
120.253.135.82 - - [02/Oct/2022:10:29:29 +0800] "GET /xingrg/all/function/internal_message.html?_=1664677885850&CODE_STATE=getMsg HTTP/1.1" 200 27
116.224.255.128 - - [02/Oct/2022:10:29:35 +0800] "GET /xingrg/kc/buy/cgsh_order_operate.html?command=get_materiel&rest_code=00150&code=00101009124&supplier_code=00100026&order_time=2022-10-02 HTTP/1.1" 200 437
124.79.74.72 - - [02/Oct/2022:10:29:37 +0800] "GET /xingrg/all/function/internal_message.html?_=1664677773995&CODE_STATE=getMsg HTTP/1.1" 200 27
124.79.246.218 - - [02/Oct/2022:10:29:37 +0800] "GET /xingrg/all/function/internal_message.html?_=1664677976215&CODE_STATE=getMsg HTTP/1.1" 200 27
116.225.121.189 - - [02/Oct/2022:10:29:38 +0800] "GET /xingrg/all/function/internal_message.html?_=1664677778501&CODE_STATE=getMsg HTTP/1.1" 200 27
101.85.93.113 - - [02/Oct/2022:10:29:39 +0800] "GET /xingrg/all/function/internal_message.html?_=1664677777561&CODE_STATE=getMsg HTTP/1.1" 200 27
172.20.0.100 - - [02/Oct/2022:10:29:44 +0800] "GET /xingrg/all/function/internal_message.html?_=1664677781254&CODE_STATE=getMsg HTTP/1.1" 200 27
172.20.0.100 - - [02/Oct/2022:10:29:44 +0800] "GET /xingrg/check_reg.html?_=1664677781256 HTTP/1.1" 200 22
116.224.255.128 - - [02/Oct/2022:10:29:44 +0800] "GET /xingrg/kc/buy/cgsh_order_operate.html?command=get_materiel&rest_code=00150&code=00101009011&supplier_code=00100026&order_time=2022-10-02 HTTP/1.1" 200 416
58.37.4.145 - - [02/Oct/2022:10:29:49 +0800] "GET /xingrg/all/function/internal_message.html?_=1664677786967&CODE_STATE=getMsg HTTP/1.1" 200 27
116.225.121.189 - - [02/Oct/2022:10:29:51 +0800] "GET /xingrg/all/function/internal_message.html?_=1664677645355&CODE_STATE=getMsg HTTP/1.1" 200 27
116.224.255.128 - - [02/Oct/2022:10:29:52 +0800] "GET /xingrg/kc/buy/cgsh_order_operate.html?command=get_materiel&rest_code=00150&code=00101009041&supplier_code=00100026&order_time=2022-10-02 HTTP/1.1" 200 409
180.169.147.146 - - [02/Oct/2022:10:29:53 +0800] "GET /xingrg/all/function/internal_message.html?_=1664677791551&CODE_STATE=getMsg HTTP/1.1" 200 27
180.169.147.146 - - [02/Oct/2022:10:29:53 +0800] "GET /xingrg/check_reg.html?_=1664677791553 HTTP/1.1" 200 22
116.224.255.128 - - [02/Oct/2022:10:30:01 +0800] "GET /xingrg/kc/buy/cgsh_order_operate.html?command=get_materiel&rest_code=00150&code=00101009013&supplier_code=00100026&order_time=2022-10-02 HTTP/1.1" 200 420
222.70.183.206 - - [02/Oct/2022:10:30:07 +0800] "GET /xingrg/all/function/internal_message.html?_=1664677800554&CODE_STATE=getMsg HTTP/1.1" 200 27
114.83.219.57 - - [02/Oct/2022:10:30:07 +0800] "GET /xingrg/all/function/internal_message.html?_=1664677895920&CODE_STATE=getMsg HTTP/1.1" 200 27
124.79.74.72 - - [02/Oct/2022:10:30:08 +0800] "GET /xingrg/all/function/internal_message.html?_=1664677804861&CODE_STATE=getMsg HTTP/1.1" 200 27
221.239.141.151 - - [02/Oct/2022:10:30:08 +0800] "GET /xingrg/all/function/internal_message.html?_=1664677808933&CODE_STATE=getMsg HTTP/1.1" 200 27
116.230.105.139 - - [02/Oct/2022:10:30:13 +0800] "GET /xingrg/all/function/internal_message.html?_=1664677796447&CODE_STATE=getMsg HTTP/1.1" 200 27
58.37.225.234 - - [02/Oct/2022:10:30:14 +0800] "GET /xingrg/check_reg.html?_=1664677464880 HTTP/1.1" 200 22
116.224.255.128 - - [02/Oct/2022:10:30:15 +0800] "POST /xingrg/kc/buy/cgsh_order_operate.html HTTP/1.1" 200 37
116.230.114.213 - - [02/Oct/2022:10:30:19 +0800] "GET /xingrg/all/function/internal_message.html?_=1664677842855&CODE_STATE=getMsg HTTP/1.1" 200 27
116.224.255.128 - - [02/Oct/2022:10:30:21 +0800] "POST /xingrg/kc/buy/cgsh_order_operate.html HTTP/1.1" 200 12
116.224.255.128 - - [02/Oct/2022:10:30:22 +0800] "GET /xingrg/kc/buy/cgsh_order_info.html?code=212022100200426 HTTP/1.1" 200 63824
114.84.81.136 - - [02/Oct/2022:10:30:22 +0800] "GET /xingrg/all/function/internal_message.html?_=1664677820858&CODE_STATE=getMsg HTTP/1.1" 200 27
116.224.255.128 - - [02/Oct/2022:10:30:23 +0800] "GET /xingrg/javascript/easyui/themes/default/validatebox.css HTTP/1.1" 404 1104
116.224.255.128 - - [02/Oct/2022:10:30:23 +0800] "GET /xingrg/all/function/internal_message.html?_=1664677739442&CODE_STATE=getMsg HTTP/1.1" 200 27
116.224.255.128 - - [02/Oct/2022:10:30:24 +0800] "POST /xingrg/kc/buy/cgsh_order_operate.html HTTP/1.1" 200 3578
120.253.135.82 - - [02/Oct/2022:10:30:29 +0800] "GET /xingrg/all/function/internal_message.html?_=1664677945987&CODE_STATE=getMsg HTTP/1.1" 200 27
222.70.183.206 - - [02/Oct/2022:10:30:32 +0800] "GET /xingrg/kc/buy/cgsh_order_operate.html?command=get_materiel&rest_code=00111&code=00101008318&supplier_code=00100005&order_time=2022-10-02 HTTP/1.1" 200 408
124.79.74.72 - - [02/Oct/2022:10:30:37 +0800] "GET /xingrg/all/function/internal_message.html?_=1664677833996&CODE_STATE=getMsg HTTP/1.1" 200 27
124.79.74.72 - - [02/Oct/2022:10:30:37 +0800] "GET /xingrg/check_reg.html?_=1664677833997 HTTP/1.1" 200 22
124.79.246.218 - - [02/Oct/2022:10:30:37 +0800] "GET /xingrg/all/function/internal_message.html?_=1664678036214&CODE_STATE=getMsg HTTP/1.1" 200 27
116.225.121.189 - - [02/Oct/2022:10:30:38 +0800] "GET /xingrg/all/function/internal_message.html?_=1664677838482&CODE_STATE=getMsg HTTP/1.1" 200 27
101.85.93.113 - - [02/Oct/2022:10:30:39 +0800] "GET /xingrg/all/function/internal_message.html?_=1664677837563&CODE_STATE=getMsg HTTP/1.1" 200 27
222.70.183.206 - - [02/Oct/2022:10:30:42 +0800] "GET /xingrg/kc/buy/cgsh_order_operate.html?command=get_materiel&rest_code=00111&code=00101008352&supplier_code=00100005&order_time=2022-10-02 HTTP/1.1" 200 412
172.20.0.100 - - [02/Oct/2022:10:30:44 +0800] "GET /xingrg/all/function/internal_message.html?_=1664677841257&CODE_STATE=getMsg HTTP/1.1" 200 27
116.225.121.189 - - [02/Oct/2022:10:30:45 +0800] "GET /xingrg/kc/base/base_main.html HTTP/1.1" 200 12142
116.225.121.189 - - [02/Oct/2022:10:30:46 +0800] "GET /xingrg/css/blue.css HTTP/1.1" 304 -
116.225.121.189 - - [02/Oct/2022:10:30:46 +0800] "GET /xingrg/images/blue/button/ckdb.gif HTTP/1.1" 200 1950
116.225.121.189 - - [02/Oct/2022:10:30:46 +0800] "GET /xingrg/images/blue/button/ckpd.gif HTTP/1.1" 200 2051
116.225.121.189 - - [02/Oct/2022:10:30:46 +0800] "GET /xingrg/images/blue/button/wlsy.gif HTTP/1.1" 200 2536
116.225.121.189 - - [02/Oct/2022:10:30:46 +0800] "GET /xingrg/images/blue/button/kc.gif HTTP/1.1" 200 2160
116.225.121.189 - - [02/Oct/2022:10:30:46 +0800] "GET /xingrg/images/blue/pic_form2.gif HTTP/1.1" 200 1853
116.225.121.189 - - [02/Oct/2022:10:30:46 +0800] "GET /xingrg/javascript/myfunction.js HTTP/1.1" 304 -
116.225.121.189 - - [02/Oct/2022:10:30:46 +0800] "GET /xingrg/images/blue/button/yddb.gif HTTP/1.1" 200 2040
116.225.121.189 - - [02/Oct/2022:10:30:46 +0800] "GET /xingrg/images/blue/button/top_left.jpg HTTP/1.1" 200 1632
116.225.121.189 - - [02/Oct/2022:10:30:46 +0800] "GET /xingrg/images/blue/bg_dotted.jpg HTTP/1.1" 200 319
116.225.121.189 - - [02/Oct/2022:10:30:46 +0800] "GET /xingrg/images/blue/button/down.jpg HTTP/1.1" 200 1560
116.225.121.189 - - [02/Oct/2022:10:30:46 +0800] "GET /xingrg/images/blue/button/top_right.jpg HTTP/1.1" 200 1708
116.225.121.189 - - [02/Oct/2022:10:30:46 +0800] "GET /xingrg/images/blue/button/right_ah.jpg HTTP/1.1" 200 1744
116.225.121.189 - - [02/Oct/2022:10:30:46 +0800] "GET /xingrg/images/blue/button/left_ah.jpg HTTP/1.1" 200 1643
116.225.121.189 - - [02/Oct/2022:10:30:46 +0800] "GET /xingrg/images/blue/button/bottom_right.jpg HTTP/1.1" 200 1436
116.225.121.189 - - [02/Oct/2022:10:30:46 +0800] "GET /xingrg/images/blue/button/bottom_left.jpg HTTP/1.1" 200 1524
116.225.121.189 - - [02/Oct/2022:10:30:48 +0800] "GET /xingrg/kc/base/wldb_order_list.html HTTP/1.1" 200 19180
116.225.121.189 - - [02/Oct/2022:10:30:49 +0800] "POST /xingrg/kc/base/wldb_list_operate.html HTTP/1.1" 200 928
58.37.4.145 - - [02/Oct/2022:10:30:49 +0800] "GET /xingrg/all/function/internal_message.html?_=1664677846942&CODE_STATE=getMsg HTTP/1.1" 200 27
116.225.121.189 - - [02/Oct/2022:10:30:49 +0800] "GET /xingrg/kc/base/wldb_order_add.html HTTP/1.1" 200 30394
116.225.121.189 - - [02/Oct/2022:10:30:50 +0800] "GET /xingrg/all/common/auto_word.html?type=base&rest_code=00105 HTTP/1.1" 200 1907
116.225.121.189 - - [02/Oct/2022:10:30:50 +0800] "GET /xingrg/all/common/auto_word.html?type=base&rest_code=00105 HTTP/1.1" 200 1907
116.225.121.189 - - [02/Oct/2022:10:30:50 +0800] "GET /xingrg/javascript/easyui/themes/default/validatebox.css HTTP/1.1" 404 1104
116.225.121.189 - - [02/Oct/2022:10:30:50 +0800] "POST /xingrg/kc/base/wldb_order_operate.html HTTP/1.1" 200 6806
116.225.121.189 - - [02/Oct/2022:10:30:51 +0800] "GET /xingrg/all/function/internal_message.html?_=1664677705378&CODE_STATE=getMsg HTTP/1.1" 200 27
116.225.121.189 - - [02/Oct/2022:10:30:51 +0800] "GET /xingrg/check_reg.html?_=1664677705380 HTTP/1.1" 200 22
116.225.121.189 - - [02/Oct/2022:10:30:51 +0800] "POST /xingrg/all/common/load_combo.html?type=base HTTP/1.1" 200 3409
180.169.147.146 - - [02/Oct/2022:10:30:53 +0800] "GET /xingrg/all/function/internal_message.html?_=1664677851541&CODE_STATE=getMsg HTTP/1.1" 200 27
116.225.121.189 - - [02/Oct/2022:10:31:00 +0800] "GET /xingrg/kc/base/wldb_order_operate.html?command=get_materiel&rest_code=00105&base_code=0010508&code=00102002258 HTTP/1.1" 200 446
116.225.121.189 - - [02/Oct/2022:10:31:06 +0800] "GET /xingrg/kc/base/wldb_order_operate.html?command=get_materiel&rest_code=00105&base_code=0010508&code=00102002275 HTTP/1.1" 200 451
222.70.183.206 - - [02/Oct/2022:10:31:07 +0800] "GET /xingrg/all/function/internal_message.html?_=1664677860525&CODE_STATE=getMsg HTTP/1.1" 200 27
114.83.219.57 - - [02/Oct/2022:10:31:07 +0800] "GET /xingrg/check_reg.html?_=1664677955898 HTTP/1.1" 200 22
114.83.219.57 - - [02/Oct/2022:10:31:07 +0800] "GET /xingrg/all/function/internal_message.html?_=1664677955908&CODE_STATE=getMsg HTTP/1.1" 200 27
124.79.74.72 - - [02/Oct/2022:10:31:08 +0800] "GET /xingrg/all/function/internal_message.html?_=1664677864861&CODE_STATE=getMsg HTTP/1.1" 200 27
124.79.74.72 - - [02/Oct/2022:10:31:08 +0800] "GET /xingrg/check_reg.html?_=1664677864862 HTTP/1.1" 200 22
221.239.141.151 - - [02/Oct/2022:10:31:08 +0800] "GET /xingrg/check_reg.html?_=1664677868931 HTTP/1.1" 200 22
221.239.141.151 - - [02/Oct/2022:10:31:08 +0800] "GET /xingrg/all/function/internal_message.html?_=1664677868938&CODE_STATE=getMsg HTTP/1.1" 200 27
116.230.105.139 - - [02/Oct/2022:10:31:13 +0800] "GET /xingrg/all/function/internal_message.html?_=1664677856424&CODE_STATE=getMsg HTTP/1.1" 200 27
116.225.121.189 - - [02/Oct/2022:10:31:13 +0800] "GET /xingrg/kc/base/wldb_order_operate.html?command=get_materiel&rest_code=00105&base_code=0010508&code=00102002439 HTTP/1.1" 200 472
116.230.114.213 - - [02/Oct/2022:10:31:19 +0800] "GET /xingrg/all/function/internal_message.html?_=1664677902913&CODE_STATE=getMsg HTTP/1.1" 200 27
116.225.121.189 - - [02/Oct/2022:10:31:20 +0800] "GET /xingrg/kc/base/wldb_order_operate.html?command=get_materiel&rest_code=00105&base_code=0010508&code=00102002118 HTTP/1.1" 200 467
116.225.121.189 - - [02/Oct/2022:10:31:21 +0800] "POST /xingrg/all/common/load_select.html HTTP/1.1" 200 38
114.84.81.136 - - [02/Oct/2022:10:31:22 +0800] "GET /xingrg/all/function/internal_message.html?_=1664677880856&CODE_STATE=getMsg HTTP/1.1" 200 27
116.225.121.189 - - [02/Oct/2022:10:31:23 +0800] "GET /xingrg/kc/base/wldb_order_operate.html?command=get_materiel_price&rest_code=00105&base_code=0010508&code=00102002118&unit_code=00100339 HTTP/1.1" 200 36
116.224.255.128 - - [02/Oct/2022:10:31:23 +0800] "GET /xingrg/all/function/internal_message.html?_=1664677799456&CODE_STATE=getMsg HTTP/1.1" 200 27
120.253.135.82 - - [02/Oct/2022:10:31:29 +0800] "GET /xingrg/all/function/internal_message.html?_=1664678006000&CODE_STATE=getMsg HTTP/1.1" 200 27
116.225.121.189 - - [02/Oct/2022:10:31:30 +0800] "GET /xingrg/kc/base/wldb_order_operate.html?command=get_materiel&rest_code=00105&base_code=0010508&code=00102002603 HTTP/1.1" 200 430
116.225.121.189 - - [02/Oct/2022:10:31:34 +0800] "POST /xingrg/kc/base/wldb_order_operate.html HTTP/1.1" 200 37
116.225.121.189 - - [02/Oct/2022:10:31:35 +0800] "POST /xingrg/kc/base/wldb_order_operate.html HTTP/1.1" 200 4148
116.225.121.189 - - [02/Oct/2022:10:31:36 +0800] "GET /xingrg/kc/base/wldb_order_info.html?code=422022100200095 HTTP/1.1" 200 30409
116.225.121.189 - - [02/Oct/2022:10:31:36 +0800] "GET /xingrg/javascript/easyui/themes/default/validatebox.css HTTP/1.1" 404 1104
116.225.121.189 - - [02/Oct/2022:10:31:36 +0800] "POST /xingrg/kc/base/wldb_order_operate.html HTTP/1.1" 200 4148
124.79.74.72 - - [02/Oct/2022:10:31:37 +0800] "GET /xingrg/all/function/internal_message.html?_=1664677893999&CODE_STATE=getMsg HTTP/1.1" 200 27
124.79.246.218 - - [02/Oct/2022:10:31:37 +0800] "GET /xingrg/all/function/internal_message.html?_=1664678096211&CODE_STATE=getMsg HTTP/1.1" 200 27
116.225.121.189 - - [02/Oct/2022:10:31:38 +0800] "GET /xingrg/all/function/internal_message.html?_=1664677898458&CODE_STATE=getMsg HTTP/1.1" 200 27
101.85.93.113 - - [02/Oct/2022:10:31:39 +0800] "GET /xingrg/all/function/internal_message.html?_=1664677897564&CODE_STATE=getMsg HTTP/1.1" 200 27
172.20.0.100 - - [02/Oct/2022:10:31:44 +0800] "GET /xingrg/all/function/internal_message.html?_=1664677901247&CODE_STATE=getMsg HTTP/1.1" 200 27
116.225.121.189 - - [02/Oct/2022:10:31:47 +0800] "GET /xingrg/kc/base/wldb_order_add.html HTTP/1.1" 200 30394
116.225.121.189 - - [02/Oct/2022:10:31:47 +0800] "POST /xingrg/kc/base/wldb_order_operate.html HTTP/1.1" 200 6806
116.225.121.189 - - [02/Oct/2022:10:31:47 +0800] "GET /xingrg/javascript/easyui/themes/default/validatebox.css HTTP/1.1" 404 1104
116.225.121.189 - - [02/Oct/2022:10:31:48 +0800] "POST /xingrg/all/common/load_combo.html?type=base HTTP/1.1" 200 3409
58.37.4.145 - - [02/Oct/2022:10:31:49 +0800] "GET /xingrg/all/function/internal_message.html?_=1664677906914&CODE_STATE=getMsg HTTP/1.1" 200 27
116.225.121.189 - - [02/Oct/2022:10:31:51 +0800] "GET /xingrg/all/function/internal_message.html?_=1664677765383&CODE_STATE=getMsg HTTP/1.1" 200 27
180.169.147.146 - - [02/Oct/2022:10:31:53 +0800] "GET /xingrg/all/function/internal_message.html?_=1664677911554&CODE_STATE=getMsg HTTP/1.1" 200 27
116.225.121.189 - - [02/Oct/2022:10:32:00 +0800] "GET /xingrg/kc/base/wldb_order_operate.html?command=get_materiel&rest_code=00105&base_code=0010508&code=00102002041 HTTP/1.1" 200 435
116.225.121.189 - - [02/Oct/2022:10:32:05 +0800] "POST /xingrg/kc/base/wldb_order_operate.html HTTP/1.1" 200 37
116.225.121.189 - - [02/Oct/2022:10:32:06 +0800] "POST /xingrg/kc/base/wldb_order_operate.html HTTP/1.1" 200 2660
222.70.183.206 - - [02/Oct/2022:10:32:07 +0800] "GET /xingrg/check_reg.html?_=1664677920537 HTTP/1.1" 200 22
114.83.219.57 - - [02/Oct/2022:10:32:07 +0800] "GET /xingrg/all/function/internal_message.html?_=1664678015898&CODE_STATE=getMsg HTTP/1.1" 200 27
222.70.183.206 - - [02/Oct/2022:10:32:07 +0800] "GET /xingrg/all/function/internal_message.html?_=1664677920533&CODE_STATE=getMsg HTTP/1.1" 200 27
124.79.74.72 - - [02/Oct/2022:10:32:08 +0800] "GET /xingrg/all/function/internal_message.html?_=1664677924862&CODE_STATE=getMsg HTTP/1.1" 200 27
221.239.141.151 - - [02/Oct/2022:10:32:08 +0800] "GET /xingrg/all/function/internal_message.html?_=1664677928932&CODE_STATE=getMsg HTTP/1.1" 200 27
116.230.105.139 - - [02/Oct/2022:10:32:10 +0800] "GET /xingrg/check_reg.html?_=1664677913057 HTTP/1.1" 200 22
221.239.141.151 - - [02/Oct/2022:10:32:10 +0800] "GET /xingrg/javascript/auto/indicator.gif HTTP/1.1" 404 1066
221.239.141.151 - - [02/Oct/2022:10:32:11 +0800] "GET /xingrg/javascript/jquery_tools/images/prev.gif HTTP/1.1" 404 1086
221.239.141.151 - - [02/Oct/2022:10:32:11 +0800] "GET /xingrg/javascript/jquery_tools/images/next.gif HTTP/1.1" 404 1086
116.225.121.189 - - [02/Oct/2022:10:32:12 +0800] "GET /xingrg/kc/base/wldb_order_info.html?code=422022100200096 HTTP/1.1" 200 30408
116.225.121.189 - - [02/Oct/2022:10:32:12 +0800] "GET /xingrg/javascript/easyui/themes/default/validatebox.css HTTP/1.1" 404 1104
116.225.121.189 - - [02/Oct/2022:10:32:13 +0800] "POST /xingrg/kc/base/wldb_order_operate.html HTTP/1.1" 200 2660
116.230.105.139 - - [02/Oct/2022:10:32:13 +0800] "GET /xingrg/all/function/internal_message.html?_=1664677916403&CODE_STATE=getMsg HTTP/1.1" 200 27
222.70.183.206 - - [02/Oct/2022:10:32:14 +0800] "GET /xingrg/kc/buy/cgsh_order_operate.html?command=get_materiel&rest_code=00111&code=00101008005&supplier_code=00100005&order_time=2022-10-02 HTTP/1.1" 200 412
116.225.121.189 - - [02/Oct/2022:10:32:15 +0800] "GET /xingrg/kc/base/wldb_order_add.html HTTP/1.1" 200 30394
116.225.121.189 - - [02/Oct/2022:10:32:16 +0800] "GET /xingrg/javascript/easyui/themes/default/validatebox.css HTTP/1.1" 404 1104
116.225.121.189 - - [02/Oct/2022:10:32:16 +0800] "POST /xingrg/kc/base/wldb_order_operate.html HTTP/1.1" 200 6806
116.225.121.189 - - [02/Oct/2022:10:32:17 +0800] "POST /xingrg/all/common/load_combo.html?type=base HTTP/1.1" 200 3409
116.230.114.213 - - [02/Oct/2022:10:32:19 +0800] "GET /xingrg/all/function/internal_message.html?_=1664677962913&CODE_STATE=getMsg HTTP/1.1" 200 27
114.84.81.136 - - [02/Oct/2022:10:32:22 +0800] "GET /xingrg/all/function/internal_message.html?_=1664677940859&CODE_STATE=getMsg HTTP/1.1" 200 27
222.70.183.206 - - [02/Oct/2022:10:32:22 +0800] "GET /xingrg/kc/buy/cgsh_order_operate.html?command=get_materiel&rest_code=00111&code=00101008353&supplier_code=00100005&order_time=2022-10-02 HTTP/1.1" 200 408
116.224.255.128 - - [02/Oct/2022:10:32:23 +0800] "GET /xingrg/all/function/internal_message.html?_=1664677859470&CODE_STATE=getMsg HTTP/1.1" 200 27
222.70.183.206 - - [02/Oct/2022:10:32:24 +0800] "POST /xingrg/kc/buy/cgsh_order_operate.html HTTP/1.1" 200 2065
120.253.135.82 - - [02/Oct/2022:10:32:28 +0800] "GET /xingrg/check_reg.html?_=1664678065308 HTTP/1.1" 200 22
120.253.135.82 - - [02/Oct/2022:10:32:29 +0800] "GET /xingrg/all/function/internal_message.html?_=1664678066016&CODE_STATE=getMsg HTTP/1.1" 200 27
116.225.121.189 - - [02/Oct/2022:10:32:30 +0800] "GET /xingrg/kc/base/wldb_order_operate.html?command=get_materiel&rest_code=00105&base_code=0010508&code=00102002231 HTTP/1.1" 200 450
222.70.183.206 - - [02/Oct/2022:10:32:30 +0800] "GET /xingrg/kc/buy/cgsh_order_operate.html?command=get_materiel&rest_code=00111&code=00101008213&supplier_code=00100005&order_time=2022-10-02 HTTP/1.1" 200 412
116.225.121.189 - - [02/Oct/2022:10:32:34 +0800] "POST /xingrg/kc/base/wldb_order_operate.html HTTP/1.1" 200 37
116.225.121.189 - - [02/Oct/2022:10:32:35 +0800] "POST /xingrg/kc/base/wldb_order_operate.html HTTP/1.1" 200 2687
124.79.74.72 - - [02/Oct/2022:10:32:37 +0800] "GET /xingrg/all/function/internal_message.html?_=1664677954004&CODE_STATE=getMsg HTTP/1.1" 200 27
124.79.246.218 - - [02/Oct/2022:10:32:37 +0800] "GET /xingrg/all/function/internal_message.html?_=1664678156211&CODE_STATE=getMsg HTTP/1.1" 200 27
101.85.93.113 - - [02/Oct/2022:10:32:39 +0800] "GET /xingrg/check_reg.html?_=1664677957564 HTTP/1.1" 200 22
101.85.93.113 - - [02/Oct/2022:10:32:39 +0800] "GET /xingrg/all/function/internal_message.html?_=1664677957566&CODE_STATE=getMsg HTTP/1.1" 200 27
116.225.121.189 - - [02/Oct/2022:10:32:41 +0800] "GET /xingrg/kc/base/wldb_order_info.html?code=422022100200097 HTTP/1.1" 200 30408
116.225.121.189 - - [02/Oct/2022:10:32:42 +0800] "GET /xingrg/javascript/easyui/themes/default/validatebox.css HTTP/1.1" 404 1104
116.225.121.189 - - [02/Oct/2022:10:32:42 +0800] "POST /xingrg/kc/base/wldb_order_operate.html HTTP/1.1" 200 2687
172.20.0.100 - - [02/Oct/2022:10:32:44 +0800] "GET /xingrg/all/function/internal_message.html?_=1664677961250&CODE_STATE=getMsg HTTP/1.1" 200 27
116.225.121.189 - - [02/Oct/2022:10:32:44 +0800] "GET /xingrg/kc/base/wldb_order_add.html HTTP/1.1" 200 30394
116.225.121.189 - - [02/Oct/2022:10:32:44 +0800] "POST /xingrg/kc/base/wldb_order_operate.html HTTP/1.1" 200 6806
116.225.121.189 - - [02/Oct/2022:10:32:44 +0800] "GET /xingrg/javascript/easyui/themes/default/validatebox.css HTTP/1.1" 404 1104
116.225.121.189 - - [02/Oct/2022:10:32:45 +0800] "POST /xingrg/all/common/load_combo.html?type=base HTTP/1.1" 200 3409
58.37.4.145 - - [02/Oct/2022:10:32:49 +0800] "GET /xingrg/all/function/internal_message.html?_=1664677966891&CODE_STATE=getMsg HTTP/1.1" 200 27
116.225.121.189 - - [02/Oct/2022:10:32:51 +0800] "GET /xingrg/all/function/internal_message.html?_=1664677825385&CODE_STATE=getMsg HTTP/1.1" 200 27
180.169.147.146 - - [02/Oct/2022:10:32:53 +0800] "GET /xingrg/all/function/internal_message.html?_=1664677971546&CODE_STATE=getMsg HTTP/1.1" 200 27
222.70.183.206 - - [02/Oct/2022:10:32:54 +0800] "GET /xingrg/kc/buy/cgsh_order_operate.html?command=get_materiel&rest_code=00111&code=00101008674&supplier_code=00100005&order_time=2022-10-02 HTTP/1.1" 200 398
116.225.121.189 - - [02/Oct/2022:10:32:55 +0800] "GET /xingrg/kc/base/wldb_order_operate.html?command=get_materiel&rest_code=00105&base_code=0010508&code=00102002685 HTTP/1.1" 200 458
116.225.121.189 - - [02/Oct/2022:10:33:03 +0800] "GET /xingrg/kc/base/wldb_order_operate.html?command=get_materiel&rest_code=00105&base_code=0010508&code=00102028010 HTTP/1.1" 200 498
116.225.121.189 - - [02/Oct/2022:10:33:04 +0800] "POST /xingrg/all/common/load_select.html HTTP/1.1" 200 25
116.225.121.189 - - [02/Oct/2022:10:33:06 +0800] "GET /xingrg/kc/base/wldb_order_operate.html?command=get_materiel_price&rest_code=00105&base_code=0010508&code=00102028010&unit_code=00100193 HTTP/1.1" 200 35
222.70.183.206 - - [02/Oct/2022:10:33:07 +0800] "GET /xingrg/all/function/internal_message.html?_=1664677980525&CODE_STATE=getMsg HTTP/1.1" 200 27
114.83.219.57 - - [02/Oct/2022:10:33:07 +0800] "GET /xingrg/all/function/internal_message.html?_=1664678075912&CODE_STATE=getMsg HTTP/1.1" 200 27
116.224.255.128 - - [02/Oct/2022:10:33:07 +0800] "GET /xingrg/check_reg.html?_=1664677903728 HTTP/1.1" 200 22
124.79.74.72 - - [02/Oct/2022:10:33:08 +0800] "GET /xingrg/all/function/internal_message.html?_=1664677984862&CODE_STATE=getMsg HTTP/1.1" 200 27
221.239.141.151 - - [02/Oct/2022:10:33:08 +0800] "GET /xingrg/all/function/internal_message.html?_=1664677988931&CODE_STATE=getMsg HTTP/1.1" 200 27
114.84.81.136 - - [02/Oct/2022:10:33:10 +0800] "POST /xingrg/services/DataTransmitService HTTP/1.1" 200 524
114.84.81.136 - - [02/Oct/2022:10:33:11 +0800] "POST /xingrg/services/DataTransmitService HTTP/1.1" 200 501
116.230.114.213 - - [02/Oct/2022:10:33:12 +0800] "GET /xingrg/check_reg.html?_=1664678012190 HTTP/1.1" 302 -
116.230.105.139 - - [02/Oct/2022:10:33:13 +0800] "GET /xingrg/all/function/internal_message.html?_=1664677976384&CODE_STATE=getMsg HTTP/1.1" 200 27
124.79.246.218 - - [02/Oct/2022:10:33:14 +0800] "GET /xingrg/kc/base/wldb_order_add.html HTTP/1.1" 200 30400
124.79.246.218 - - [02/Oct/2022:10:33:14 +0800] "POST /xingrg/kc/base/wldb_order_operate.html HTTP/1.1" 200 6806
124.79.246.218 - - [02/Oct/2022:10:33:15 +0800] "GET /xingrg/all/common/auto_word.html?type=base&rest_code=00104 HTTP/1.1" 200 1849
124.79.246.218 - - [02/Oct/2022:10:33:15 +0800] "GET /xingrg/all/common/auto_word.html?type=base&rest_code=00104 HTTP/1.1" 200 1849
124.79.246.218 - - [02/Oct/2022:10:33:15 +0800] "GET /xingrg/javascript/easyui/themes/default/validatebox.css HTTP/1.1" 404 1104
124.79.246.218 - - [02/Oct/2022:10:33:17 +0800] "GET /xingrg/kc/buy/cgsh_order_list.html HTTP/1.1" 200 53129
124.79.246.218 - - [02/Oct/2022:10:33:18 +0800] "POST /xingrg/kc/buy/cgsh_list_operate.html HTTP/1.1" 200 986
116.230.114.213 - - [02/Oct/2022:10:33:18 +0800] "GET /xingrg/check_reg.html?_=1664678022583 HTTP/1.1" 200 22
116.230.114.213 - - [02/Oct/2022:10:33:19 +0800] "GET /xingrg/all/function/internal_message.html?_=1664678022928&CODE_STATE=getMsg HTTP/1.1" 200 27
114.84.81.136 - - [02/Oct/2022:10:33:22 +0800] "GET /xingrg/all/function/internal_message.html?_=1664678000857&CODE_STATE=getMsg HTTP/1.1" 200 27
116.224.255.128 - - [02/Oct/2022:10:33:23 +0800] "GET /xingrg/all/function/internal_message.html?_=1664677919482&CODE_STATE=getMsg HTTP/1.1" 200 27
222.70.183.206 - - [02/Oct/2022:10:33:29 +0800] "GET /xingrg/kc/buy/cgsh_order_operate.html?command=get_materiel&rest_code=00111&code=00101008478&supplier_code=00100005&order_time=2022-10-02 HTTP/1.1" 200 413
120.253.135.82 - - [02/Oct/2022:10:33:29 +0800] "GET /xingrg/all/function/internal_message.html?_=1664678126024&CODE_STATE=getMsg HTTP/1.1" 200 27
222.70.183.206 - - [02/Oct/2022:10:33:36 +0800] "GET /xingrg/kc/buy/cgsh_order_operate.html?command=get_materiel&rest_code=00111&code=00101008027&supplier_code=00100005&order_time=2022-10-02 HTTP/1.1" 200 408
124.79.74.72 - - [02/Oct/2022:10:33:37 +0800] "GET /xingrg/all/function/internal_message.html?_=1664678013990&CODE_STATE=getMsg HTTP/1.1" 200 27
124.79.246.218 - - [02/Oct/2022:10:33:37 +0800] "GET /xingrg/check_reg.html?_=1664678216226 HTTP/1.1" 200 22
124.79.246.218 - - [02/Oct/2022:10:33:37 +0800] "GET /xingrg/all/function/internal_message.html?_=1664678216225&CODE_STATE=getMsg HTTP/1.1" 200 27
116.225.121.189 - - [02/Oct/2022:10:33:38 +0800] "GET /xingrg/all/function/internal_message.html?_=1664678018461&CODE_STATE=getMsg HTTP/1.1" 200 27
101.85.93.113 - - [02/Oct/2022:10:33:39 +0800] "GET /xingrg/all/function/internal_message.html?_=1664678017566&CODE_STATE=getMsg HTTP/1.1" 200 27
172.20.0.100 - - [02/Oct/2022:10:33:44 +0800] "GET /xingrg/all/function/internal_message.html?_=1664678021253&CODE_STATE=getMsg HTTP/1.1" 200 27
58.37.4.145 - - [02/Oct/2022:10:33:49 +0800] "GET /xingrg/all/function/internal_message.html?_=1664678026868&CODE_STATE=getMsg HTTP/1.1" 200 27
116.225.121.189 - - [02/Oct/2022:10:33:51 +0800] "GET /xingrg/all/function/internal_message.html?_=1664677885385&CODE_STATE=getMsg HTTP/1.1" 200 27
180.169.147.146 - - [02/Oct/2022:10:33:53 +0800] "GET /xingrg/all/function/internal_message.html?_=1664678031557&CODE_STATE=getMsg HTTP/1.1" 200 27
116.225.121.189 - - [02/Oct/2022:10:34:02 +0800] "GET /xingrg/kc/base/wldb_order_operate.html?command=get_materiel&rest_code=00105&base_code=0010508&code=00102002197 HTTP/1.1" 200 459
222.70.183.206 - - [02/Oct/2022:10:34:07 +0800] "GET /xingrg/all/function/internal_message.html?_=1664678040531&CODE_STATE=getMsg HTTP/1.1" 200 27
114.83.219.57 - - [02/Oct/2022:10:34:07 +0800] "GET /xingrg/all/function/internal_message.html?_=1664678135907&CODE_STATE=getMsg HTTP/1.1" 200 27
124.79.74.72 - - [02/Oct/2022:10:34:08 +0800] "GET /xingrg/all/function/internal_message.html?_=1664678044862&CODE_STATE=getMsg HTTP/1.1" 200 27
221.239.141.151 - - [02/Oct/2022:10:34:08 +0800] "GET /xingrg/all/function/internal_message.html?_=1664678048927&CODE_STATE=getMsg HTTP/1.1" 200 27
116.225.121.189 - - [02/Oct/2022:10:34:08 +0800] "GET /xingrg/kc/base/wldb_order_operate.html?command=get_materiel&rest_code=00105&base_code=0010508&code=00102002671 HTTP/1.1" 200 429
58.37.4.145 - - [02/Oct/2022:10:34:11 +0800] "GET /xingrg/check_reg.html?_=1664678049069 HTTP/1.1" 200 22
116.230.105.139 - - [02/Oct/2022:10:34:13 +0800] "GET /xingrg/all/function/internal_message.html?_=1664678036362&CODE_STATE=getMsg HTTP/1.1" 200 27
116.225.121.189 - - [02/Oct/2022:10:34:16 +0800] "GET /xingrg/kc/base/wldb_order_operate.html?command=get_materiel&rest_code=00105&base_code=0010508&code=00102002610 HTTP/1.1" 200 444
116.230.114.213 - - [02/Oct/2022:10:34:19 +0800] "GET /xingrg/all/function/internal_message.html?_=1664678082940&CODE_STATE=getMsg HTTP/1.1" 200 27
116.230.114.213 - - [02/Oct/2022:10:34:20 +0800] "GET /xingrg/kc/buy/cgsh_order_add.html HTTP/1.1" 200 68867
116.230.114.213 - - [02/Oct/2022:10:34:20 +0800] "POST /xingrg/kc/buy/cgsh_order_operate.html HTTP/1.1" 200 8245
116.230.114.213 - - [02/Oct/2022:10:34:20 +0800] "GET /xingrg/javascript/easyui/themes/default/validatebox.css HTTP/1.1" 404 1104
114.84.81.136 - - [02/Oct/2022:10:34:22 +0800] "GET /xingrg/all/function/internal_message.html?_=1664678060855&CODE_STATE=getMsg HTTP/1.1" 200 27
114.84.81.136 - - [02/Oct/2022:10:34:22 +0800] "GET /xingrg/check_reg.html?_=1664678060855 HTTP/1.1" 200 22
116.224.255.128 - - [02/Oct/2022:10:34:23 +0800] "GET /xingrg/all/function/internal_message.html?_=1664677979495&CODE_STATE=getMsg HTTP/1.1" 200 27
116.225.121.189 - - [02/Oct/2022:10:34:23 +0800] "POST /xingrg/kc/base/wldb_order_operate.html HTTP/1.1" 200 37
116.225.121.189 - - [02/Oct/2022:10:34:24 +0800] "POST /xingrg/kc/base/wldb_order_operate.html HTTP/1.1" 200 4171
120.253.135.82 - - [02/Oct/2022:10:34:29 +0800] "GET /xingrg/all/function/internal_message.html?_=1664678186039&CODE_STATE=getMsg HTTP/1.1" 200 27
116.225.121.189 - - [02/Oct/2022:10:34:30 +0800] "GET /xingrg/kc/base/wldb_order_info.html?code=422022100200098 HTTP/1.1" 200 30411
222.70.183.206 - - [02/Oct/2022:10:34:30 +0800] "POST /xingrg/kc/buy/cgsh_order_operate.html HTTP/1.1" 200 2065
116.225.121.189 - - [02/Oct/2022:10:34:30 +0800] "GET /xingrg/javascript/easyui/themes/default/validatebox.css HTTP/1.1" 404 1104
116.225.121.189 - - [02/Oct/2022:10:34:31 +0800] "POST /xingrg/kc/base/wldb_order_operate.html HTTP/1.1" 200 4171
116.225.121.189 - - [02/Oct/2022:10:34:37 +0800] "GET /xingrg/kc/base/wldb_order_add.html HTTP/1.1" 200 30394
222.70.183.206 - - [02/Oct/2022:10:34:37 +0800] "GET /xingrg/kc/buy/cgsh_order_operate.html?command=get_materiel&rest_code=00111&code=00101008257&supplier_code=00100005&order_time=2022-10-02 HTTP/1.1" 200 416
116.225.121.189 - - [02/Oct/2022:10:34:37 +0800] "POST /xingrg/kc/base/wldb_order_operate.html HTTP/1.1" 200 6806
116.225.121.189 - - [02/Oct/2022:10:34:37 +0800] "GET /xingrg/javascript/easyui/themes/default/validatebox.css HTTP/1.1" 404 1104
124.79.74.72 - - [02/Oct/2022:10:34:37 +0800] "GET /xingrg/all/function/internal_message.html?_=1664678073994&CODE_STATE=getMsg HTTP/1.1" 200 27
124.79.246.218 - - [02/Oct/2022:10:34:37 +0800] "GET /xingrg/all/function/internal_message.html?_=1664678276211&CODE_STATE=getMsg HTTP/1.1" 200 27
116.225.121.189 - - [02/Oct/2022:10:34:38 +0800] "POST /xingrg/all/common/load_combo.html?type=base HTTP/1.1" 200 3409
116.225.121.189 - - [02/Oct/2022:10:34:38 +0800] "GET /xingrg/all/function/internal_message.html?_=1664678078430&CODE_STATE=getMsg HTTP/1.1" 200 27
101.85.93.113 - - [02/Oct/2022:10:34:39 +0800] "GET /xingrg/all/function/internal_message.html?_=1664678077590&CODE_STATE=getMsg HTTP/1.1" 200 27
172.20.0.100 - - [02/Oct/2022:10:34:44 +0800] "GET /xingrg/all/function/internal_message.html?_=1664678081256&CODE_STATE=getMsg HTTP/1.1" 200 27
172.20.0.100 - - [02/Oct/2022:10:34:44 +0800] "GET /xingrg/check_reg.html?_=1664678081259 HTTP/1.1" 200 22
116.225.121.189 - - [02/Oct/2022:10:34:47 +0800] "GET /xingrg/kc/base/wldb_order_operate.html?command=get_materiel&rest_code=00105&base_code=0010508&code=00102002448 HTTP/1.1" 200 440
58.37.4.145 - - [02/Oct/2022:10:34:49 +0800] "GET /xingrg/all/function/internal_message.html?_=1664678086837&CODE_STATE=getMsg HTTP/1.1" 200 27
222.70.183.206 - - [02/Oct/2022:10:34:50 +0800] "GET /xingrg/kc/buy/cgsh_order_operate.html?command=get_materiel&rest_code=00111&code=00101008349&supplier_code=00100005&order_time=2022-10-02 HTTP/1.1" 200 412
116.225.121.189 - - [02/Oct/2022:10:34:51 +0800] "GET /xingrg/all/function/internal_message.html?_=1664677945386&CODE_STATE=getMsg HTTP/1.1" 200 27
116.225.121.189 - - [02/Oct/2022:10:34:51 +0800] "POST /xingrg/kc/base/wldb_order_operate.html HTTP/1.1" 200 37
116.225.121.189 - - [02/Oct/2022:10:34:51 +0800] "POST /xingrg/kc/base/wldb_order_operate.html HTTP/1.1" 200 2190
180.169.147.146 - - [02/Oct/2022:10:34:53 +0800] "GET /xingrg/check_reg.html?_=1664678091552 HTTP/1.1" 200 22
180.169.147.146 - - [02/Oct/2022:10:34:53 +0800] "GET /xingrg/all/function/internal_message.html?_=1664678091553&CODE_STATE=getMsg HTTP/1.1" 200 27
116.225.121.189 - - [02/Oct/2022:10:34:58 +0800] "GET /xingrg/kc/base/wldb_order_info.html?code=422022100200099 HTTP/1.1" 200 30408
116.225.121.189 - - [02/Oct/2022:10:34:59 +0800] "GET /xingrg/javascript/easyui/themes/default/validatebox.css HTTP/1.1" 404 1104
116.225.121.189 - - [02/Oct/2022:10:35:00 +0800] "POST /xingrg/kc/base/wldb_order_operate.html HTTP/1.1" 200 2190
222.70.183.206 - - [02/Oct/2022:10:35:00 +0800] "GET /xingrg/kc/buy/cgsh_order_operate.html?command=get_materiel&rest_code=00111&code=00101009155&supplier_code=00100005&order_time=2022-10-02 HTTP/1.1" 200 403
222.70.183.206 - - [02/Oct/2022:10:35:07 +0800] "GET /xingrg/all/function/internal_message.html?_=1664678100530&CODE_STATE=getMsg HTTP/1.1" 200 27
114.83.219.57 - - [02/Oct/2022:10:35:07 +0800] "GET /xingrg/all/function/internal_message.html?_=1664678195899&CODE_STATE=getMsg HTTP/1.1" 200 27
124.79.74.72 - - [02/Oct/2022:10:35:08 +0800] "GET /xingrg/all/function/internal_message.html?_=1664678104862&CODE_STATE=getMsg HTTP/1.1" 200 27
221.239.141.151 - - [02/Oct/2022:10:35:08 +0800] "GET /xingrg/all/function/internal_message.html?_=1664678108933&CODE_STATE=getMsg HTTP/1.1" 200 27
222.70.183.206 - - [02/Oct/2022:10:35:10 +0800] "GET /xingrg/kc/buy/cgsh_order_operate.html?command=get_materiel&rest_code=00111&code=00101008003&supplier_code=00100005&order_time=2022-10-02 HTTP/1.1" 200 408
114.84.81.136 - - [02/Oct/2022:10:35:12 +0800] "GET /favicon.ico HTTP/1.1" 404 -
116.230.105.139 - - [02/Oct/2022:10:35:13 +0800] "GET /xingrg/all/function/internal_message.html?_=1664678096335&CODE_STATE=getMsg HTTP/1.1" 200 27
58.37.225.234 - - [02/Oct/2022:10:35:14 +0800] "GET /xingrg/check_reg.html?_=1664677764855 HTTP/1.1" 200 22
58.37.4.145 - - [02/Oct/2022:10:35:15 +0800] "GET /xingrg/login.html?r=1 HTTP/1.1" 200 7641
58.37.4.145 - - [02/Oct/2022:10:35:15 +0800] "GET /favicon.ico HTTP/1.1" 404 -
58.37.4.145 - - [02/Oct/2022:10:35:17 +0800] "POST /xingrg/login.do HTTP/1.1" 302 -
58.37.4.145 - - [02/Oct/2022:10:35:17 +0800] "GET /xingrg/index.html?sysBaseUrl=http%3A%2F%2F180.169.147.146%3A18081%2Fxingrg%2F&costTime=42×tamp=1664678117860 HTTP/1.1" 200 17173
58.37.4.145 - - [02/Oct/2022:10:35:17 +0800] "GET /favicon.ico HTTP/1.1" 404 -
58.37.4.145 - - [02/Oct/2022:10:35:18 +0800] "POST /xingrg/all/common/load_tree.html?tree=area_rest_tree_json&manage=1 HTTP/1.1" 200 342
