58.37.225.234 - - [02/Oct/2022:11:53:36 +0800] "POST /xingrg/kc/buy/cgsh_order_operate.html HTTP/1.1" 200 1799
116.225.121.189 - - [02/Oct/2022:11:53:36 +0800] "GET /xingrg/all/function/internal_message.html?_=1664682816521&CODE_STATE=getMsg HTTP/1.1" 200 27
58.37.225.234 - - [02/Oct/2022:11:53:37 +0800] "GET /xingrg/kc/print/load_data.html?order_code=212022100200502&kc_code=cgsh&condition= HTTP/1.1" 200 1177
116.230.114.213 - - [02/Oct/2022:11:53:37 +0800] "GET /xingrg/all/function/internal_message.html?_=1664682841345&CODE_STATE=getMsg HTTP/1.1" 200 27
116.230.105.139 - - [02/Oct/2022:11:53:37 +0800] "GET /xingrg/kc/buy/cgsh_order_operate.html?command=get_materiel&rest_code=00107&code=00101008270&supplier_code=00100005&order_time=2022-10-02 HTTP/1.1" 200 412
124.79.246.218 - - [02/Oct/2022:11:53:38 +0800] "GET /xingrg/check_reg.html?_=1664683016263 HTTP/1.1" 200 22
124.79.246.218 - - [02/Oct/2022:11:53:38 +0800] "GET /xingrg/all/function/internal_message.html?_=1664683016264&CODE_STATE=getMsg HTTP/1.1" 200 27
101.85.93.113 - - [02/Oct/2022:11:53:39 +0800] "GET /xingrg/all/function/internal_message.html?_=1664682817646&CODE_STATE=getMsg HTTP/1.1" 200 27
120.253.135.82 - - [02/Oct/2022:11:53:39 +0800] "GET /xingrg/all/function/internal_message.html?_=1664682936627&CODE_STATE=getMsg HTTP/1.1" 200 27
221.239.141.151 - - [02/Oct/2022:11:53:40 +0800] "POST /xingrg/kc/buy/cgsh_order_operate.html HTTP/1.1" 200 37
58.37.225.234 - - [02/Oct/2022:11:53:40 +0800] "GET /xingrg/kc/buy/cgsh_order_add.html HTTP/1.1" 200 68905
58.37.225.234 - - [02/Oct/2022:11:53:41 +0800] "POST /xingrg/kc/buy/cgsh_order_operate.html HTTP/1.1" 200 8245
58.37.225.234 - - [02/Oct/2022:11:53:41 +0800] "GET /xingrg/javascript/easyui/themes/default/validatebox.css HTTP/1.1" 404 1104
116.230.105.139 - - [02/Oct/2022:11:53:41 +0800] "GET /xingrg/all/function/internal_message.html?_=1664682804709&CODE_STATE=getMsg HTTP/1.1" 200 27
114.83.219.254 - - [02/Oct/2022:11:53:42 +0800] "GET /xingrg/all/function/internal_message.html?_=1664682820979&CODE_STATE=getMsg HTTP/1.1" 200 27
172.20.0.100 - - [02/Oct/2022:11:53:44 +0800] "GET /xingrg/all/function/internal_message.html?_=1664682821252&CODE_STATE=getMsg HTTP/1.1" 200 27
221.239.141.151 - - [02/Oct/2022:11:53:44 +0800] "POST /xingrg/kc/buy/cgsh_order_operate.html HTTP/1.1" 200 12
116.230.105.139 - - [02/Oct/2022:11:53:45 +0800] "GET /xingrg/kc/buy/cgsh_order_operate.html?command=get_materiel&rest_code=00107&code=00101008261&supplier_code=00100005&order_time=2022-10-02 HTTP/1.1" 200 408
221.239.141.151 - - [02/Oct/2022:11:53:46 +0800] "GET /xingrg/kc/buy/cgsh_order_info.html?code=212022100200503 HTTP/1.1" 200 63853
221.239.141.151 - - [02/Oct/2022:11:53:46 +0800] "GET /xingrg/javascript/easyui/themes/default/validatebox.css HTTP/1.1" 404 1104
221.239.141.151 - - [02/Oct/2022:11:53:47 +0800] "POST /xingrg/kc/buy/cgsh_order_operate.html HTTP/1.1" 200 6556
58.37.4.145 - - [02/Oct/2022:11:53:48 +0800] "GET /xingrg/all/function/internal_message.html?_=1664682826098&CODE_STATE=getMsg HTTP/1.1" 200 27
116.225.121.189 - - [02/Oct/2022:11:53:50 +0800] "GET /xingrg/all/function/internal_message.html?_=1664682826995&CODE_STATE=getMsg HTTP/1.1" 200 27
116.225.121.189 - - [02/Oct/2022:11:53:51 +0800] "GET /xingrg/all/function/internal_message.html?_=1664682685456&CODE_STATE=getMsg HTTP/1.1" 200 27
58.37.225.234 - - [02/Oct/2022:11:53:51 +0800] "GET /xingrg/kc/buy/cgsh_order_operate.html?command=get_materiel&rest_code=00141&code=00101001115&supplier_code=00100089&order_time=2022-10-02 HTTP/1.1" 200 435
180.162.24.227 - - [02/Oct/2022:11:53:53 +0800] "GET /xingrg/all/function/internal_message.html?_=1664682831374&CODE_STATE=getMsg HTTP/1.1" 200 27
116.230.105.139 - - [02/Oct/2022:11:53:54 +0800] "GET /xingrg/kc/buy/cgsh_order_operate.html?command=get_materiel&rest_code=00107&code=00101008036&supplier_code=00100005&order_time=2022-10-02 HTTP/1.1" 200 408
124.79.74.72 - - [02/Oct/2022:11:54:00 +0800] "GET /xingrg/all/function/internal_message.html?_=1664682836632&CODE_STATE=getMsg HTTP/1.1" 200 27
116.230.105.139 - - [02/Oct/2022:11:54:01 +0800] "GET /xingrg/kc/buy/cgsh_order_operate.html?command=get_materiel&rest_code=00107&code=00101008006&supplier_code=00100005&order_time=2022-10-02 HTTP/1.1" 200 416
124.79.246.218 - - [02/Oct/2022:11:54:02 +0800] "GET /xingrg/all/function/internal_message.html?_=1664683030455&CODE_STATE=getMsg HTTP/1.1" 200 27
222.70.183.206 - - [02/Oct/2022:11:54:07 +0800] "GET /xingrg/all/function/internal_message.html?_=1664682839946&CODE_STATE=getMsg HTTP/1.1" 200 27
221.239.141.151 - - [02/Oct/2022:11:54:07 +0800] "GET /xingrg/all/function/internal_message.html?_=1664682847784&CODE_STATE=getMsg HTTP/1.1" 200 27
114.83.219.57 - - [02/Oct/2022:11:54:07 +0800] "GET /xingrg/all/function/internal_message.html?_=1664682935916&CODE_STATE=getMsg HTTP/1.1" 200 27
180.162.112.101 - - [02/Oct/2022:11:54:08 +0800] "GET /xingrg/all/function/internal_message.html?_=1664681949505&CODE_STATE=getMsg HTTP/1.1" 200 27
120.253.135.82 - - [02/Oct/2022:11:54:08 +0800] "GET /xingrg/all/function/internal_message.html?_=1664682644322&CODE_STATE=getMsg HTTP/1.1" 200 27
116.224.255.128 - - [02/Oct/2022:11:54:08 +0800] "GET /xingrg/all/function/internal_message.html?_=1664682764494&CODE_STATE=getMsg HTTP/1.1" 200 27
180.169.147.146 - - [02/Oct/2022:11:54:10 +0800] "GET /xingrg/all/function/internal_message.html?_=1664682848498&CODE_STATE=getMsg HTTP/1.1" 200 27
58.37.4.145 - - [02/Oct/2022:11:54:11 +0800] "GET /xingrg/check_reg.html?_=1664682848801 HTTP/1.1" 200 22
58.37.225.234 - - [02/Oct/2022:11:54:12 +0800] "POST /xingrg/kc/buy/cgsh_order_operate.html HTTP/1.1" 200 37
221.239.141.151 - - [02/Oct/2022:11:54:13 +0800] "POST /xingrg/services/DataTransmitService HTTP/1.1" 200 524
116.230.105.139 - - [02/Oct/2022:11:54:14 +0800] "GET /xingrg/kc/buy/cgsh_order_operate.html?command=get_materiel&rest_code=00107&code=00101008038&supplier_code=00100005&order_time=2022-10-02 HTTP/1.1" 200 412
221.239.141.151 - - [02/Oct/2022:11:54:14 +0800] "POST /xingrg/services/DataTransmitService HTTP/1.1" 200 2487
221.239.141.151 - - [02/Oct/2022:11:54:15 +0800] "POST /xingrg/services/DataTransmitService HTTP/1.1" 200 195552
58.37.4.145 - - [02/Oct/2022:11:54:15 +0800] "GET /xingrg/all/function/internal_message.html?_=1664682858331&CODE_STATE=getMsg HTTP/1.1" 200 27
58.37.225.234 - - [02/Oct/2022:11:54:16 +0800] "POST /xingrg/kc/buy/cgsh_order_operate.html HTTP/1.1" 200 12
58.37.4.145 - - [02/Oct/2022:11:54:18 +0800] "GET /xingrg/all/function/internal_message.html?_=1664682858449&CODE_STATE=getMsg HTTP/1.1" 200 27
58.37.225.234 - - [02/Oct/2022:11:54:19 +0800] "GET /xingrg/kc/buy/cgsh_order_info.html?code=212022100200504 HTTP/1.1" 200 63810
58.37.225.234 - - [02/Oct/2022:11:54:20 +0800] "GET /xingrg/javascript/easyui/themes/default/validatebox.css HTTP/1.1" 404 1104
58.37.225.234 - - [02/Oct/2022:11:54:20 +0800] "POST /xingrg/kc/buy/cgsh_order_operate.html HTTP/1.1" 200 610
116.230.105.139 - - [02/Oct/2022:11:54:20 +0800] "GET /xingrg/kc/buy/cgsh_order_operate.html?command=get_materiel&rest_code=00107&code=00101008112&supplier_code=00100005&order_time=2022-10-02 HTTP/1.1" 200 412
58.37.225.234 - - [02/Oct/2022:11:54:22 +0800] "GET /xingrg/kc/print/load_data.html?order_code=212022100200504&kc_code=cgsh&condition= HTTP/1.1" 200 781
114.84.81.136 - - [02/Oct/2022:11:54:22 +0800] "GET /xingrg/all/function/internal_message.html?_=1664682861012&CODE_STATE=getMsg HTTP/1.1" 200 27
114.84.81.136 - - [02/Oct/2022:11:54:22 +0800] "GET /xingrg/check_reg.html?_=1664682861013 HTTP/1.1" 200 22
58.37.225.234 - - [02/Oct/2022:11:54:25 +0800] "GET /xingrg/kc/buy/cgsh_order_add.html HTTP/1.1" 200 68905
58.37.225.234 - - [02/Oct/2022:11:54:26 +0800] "POST /xingrg/kc/buy/cgsh_order_operate.html HTTP/1.1" 200 8245
58.37.225.234 - - [02/Oct/2022:11:54:26 +0800] "GET /xingrg/javascript/easyui/themes/default/validatebox.css HTTP/1.1" 404 1104
116.230.105.139 - - [02/Oct/2022:11:54:28 +0800] "GET /xingrg/kc/buy/cgsh_order_operate.html?command=get_materiel&rest_code=00107&code=00101008371&supplier_code=00100005&order_time=2022-10-02 HTTP/1.1" 200 412
221.239.141.151 - - [02/Oct/2022:11:54:33 +0800] "GET /xingrg/kc/print/load_data.html?order_code=212022100200503&kc_code=cgsh&condition= HTTP/1.1" 200 2983
58.37.225.234 - - [02/Oct/2022:11:54:34 +0800] "GET /xingrg/kc/buy/cgsh_order_operate.html?command=get_materiel&rest_code=00141&code=00101010079&supplier_code=00100336&order_time=2022-10-02 HTTP/1.1" 200 413
116.230.105.139 - - [02/Oct/2022:11:54:35 +0800] "GET /xingrg/kc/buy/cgsh_order_operate.html?command=get_materiel&rest_code=00107&code=00101008223&supplier_code=00100005&order_time=2022-10-02 HTTP/1.1" 200 412
116.225.121.189 - - [02/Oct/2022:11:54:36 +0800] "GET /xingrg/all/function/internal_message.html?_=1664682876496&CODE_STATE=getMsg HTTP/1.1" 200 27
221.239.141.151 - - [02/Oct/2022:11:54:36 +0800] "GET /xingrg/kc/buy/cgsh_order_add.html HTTP/1.1" 200 68946
116.230.114.213 - - [02/Oct/2022:11:54:37 +0800] "GET /xingrg/all/function/internal_message.html?_=1664682901359&CODE_STATE=getMsg HTTP/1.1" 200 27
221.239.141.151 - - [02/Oct/2022:11:54:37 +0800] "POST /xingrg/kc/buy/cgsh_order_operate.html HTTP/1.1" 200 8245
221.239.141.151 - - [02/Oct/2022:11:54:37 +0800] "GET /xingrg/javascript/easyui/themes/default/validatebox.css HTTP/1.1" 404 1104
116.230.105.139 - - [02/Oct/2022:11:54:37 +0800] "POST /xingrg/kc/buy/cgsh_order_operate.html HTTP/1.1" 200 2065
124.79.246.218 - - [02/Oct/2022:11:54:38 +0800] "GET /xingrg/all/function/internal_message.html?_=1664683076289&CODE_STATE=getMsg HTTP/1.1" 200 27
101.85.93.113 - - [02/Oct/2022:11:54:39 +0800] "GET /xingrg/all/function/internal_message.html?_=1664682877651&CODE_STATE=getMsg HTTP/1.1" 200 27
120.253.135.82 - - [02/Oct/2022:11:54:40 +0800] "GET /xingrg/all/function/internal_message.html?_=1664682996944&CODE_STATE=getMsg HTTP/1.1" 200 27
116.230.105.139 - - [02/Oct/2022:11:54:41 +0800] "GET /xingrg/all/function/internal_message.html?_=1664682864693&CODE_STATE=getMsg HTTP/1.1" 200 27
114.83.219.254 - - [02/Oct/2022:11:54:42 +0800] "GET /xingrg/all/function/internal_message.html?_=1664682880948&CODE_STATE=getMsg HTTP/1.1" 200 27
172.20.0.100 - - [02/Oct/2022:11:54:44 +0800] "GET /xingrg/all/function/internal_message.html?_=1664682881254&CODE_STATE=getMsg HTTP/1.1" 200 27
172.20.0.100 - - [02/Oct/2022:11:54:44 +0800] "GET /xingrg/check_reg.html?_=1664682881255 HTTP/1.1" 200 22
116.230.105.139 - - [02/Oct/2022:11:54:44 +0800] "GET /xingrg/kc/buy/cgsh_order_operate.html?command=get_materiel&rest_code=00107&code=00101008150&supplier_code=00100005&order_time=2022-10-02 HTTP/1.1" 200 409
221.239.141.151 - - [02/Oct/2022:11:54:45 +0800] "GET /xingrg/kc/buy/cgsh_order_operate.html?command=get_materiel&rest_code=00102&code=00101010672&supplier_code=00100318&order_time=2022-10-01 HTTP/1.1" 200 409
58.37.225.234 - - [02/Oct/2022:11:54:46 +0800] "GET /xingrg/kc/buy/cgsh_order_operate.html?command=get_materiel&rest_code=00141&code=00101010885&supplier_code=00100336&order_time=2022-10-02 HTTP/1.1" 200 409
58.37.4.145 - - [02/Oct/2022:11:54:48 +0800] "GET /xingrg/all/function/internal_message.html?_=1664682886069&CODE_STATE=getMsg HTTP/1.1" 200 27
116.225.121.189 - - [02/Oct/2022:11:54:50 +0800] "GET /xingrg/all/function/internal_message.html?_=1664682887008&CODE_STATE=getMsg HTTP/1.1" 200 27
116.225.121.189 - - [02/Oct/2022:11:54:51 +0800] "GET /xingrg/all/function/internal_message.html?_=1664682745442&CODE_STATE=getMsg HTTP/1.1" 200 27
116.230.105.139 - - [02/Oct/2022:11:54:51 +0800] "GET /xingrg/kc/buy/cgsh_order_operate.html?command=get_materiel&rest_code=00107&code=00101008350&supplier_code=00100005&order_time=2022-10-02 HTTP/1.1" 200 429
180.162.24.227 - - [02/Oct/2022:11:54:53 +0800] "GET /xingrg/all/function/internal_message.html?_=1664682891355&CODE_STATE=getMsg HTTP/1.1" 200 27
58.37.225.234 - - [02/Oct/2022:11:54:56 +0800] "POST /xingrg/kc/buy/cgsh_order_operate.html HTTP/1.1" 200 37
116.230.105.139 - - [02/Oct/2022:11:54:59 +0800] "GET /xingrg/kc/buy/cgsh_order_operate.html?command=get_materiel&rest_code=00107&code=00101008356&supplier_code=00100005&order_time=2022-10-02 HTTP/1.1" 200 409
124.79.74.72 - - [02/Oct/2022:11:55:00 +0800] "GET /xingrg/all/function/internal_message.html?_=1664682896634&CODE_STATE=getMsg HTTP/1.1" 200 27
124.79.246.218 - - [02/Oct/2022:11:55:02 +0800] "GET /xingrg/all/function/internal_message.html?_=1664683090468&CODE_STATE=getMsg HTTP/1.1" 200 27
221.239.141.151 - - [02/Oct/2022:11:55:03 +0800] "POST /xingrg/kc/buy/cgsh_order_operate.html HTTP/1.1" 200 37
58.37.225.234 - - [02/Oct/2022:11:55:04 +0800] "POST /xingrg/kc/buy/cgsh_order_operate.html HTTP/1.1" 200 12
58.37.225.234 - - [02/Oct/2022:11:55:05 +0800] "GET /xingrg/kc/buy/cgsh_order_info.html?code=212022100200505 HTTP/1.1" 200 63808
58.37.225.234 - - [02/Oct/2022:11:55:05 +0800] "GET /xingrg/javascript/easyui/themes/default/validatebox.css HTTP/1.1" 404 1104
58.37.225.234 - - [02/Oct/2022:11:55:06 +0800] "POST /xingrg/kc/buy/cgsh_order_operate.html HTTP/1.1" 200 618
221.239.141.151 - - [02/Oct/2022:11:55:06 +0800] "POST /xingrg/services/DataTransmitService HTTP/1.1" 200 524
221.239.141.151 - - [02/Oct/2022:11:55:06 +0800] "POST /xingrg/services/DataTransmitService HTTP/1.1" 200 2487
222.70.183.206 - - [02/Oct/2022:11:55:07 +0800] "GET /xingrg/all/function/internal_message.html?_=1664682899924&CODE_STATE=getMsg HTTP/1.1" 200 27
221.239.141.151 - - [02/Oct/2022:11:55:07 +0800] "GET /xingrg/all/function/internal_message.html?_=1664682907764&CODE_STATE=getMsg HTTP/1.1" 200 27
58.37.225.234 - - [02/Oct/2022:11:55:07 +0800] "GET /xingrg/kc/print/load_data.html?order_code=212022100200505&kc_code=cgsh&condition= HTTP/1.1" 200 719
114.83.219.57 - - [02/Oct/2022:11:55:07 +0800] "GET /xingrg/all/function/internal_message.html?_=1664682995906&CODE_STATE=getMsg HTTP/1.1" 200 27
120.253.135.82 - - [02/Oct/2022:11:55:07 +0800] "GET /xingrg/check_reg.html?_=1664682704145 HTTP/1.1" 200 22
116.230.105.139 - - [02/Oct/2022:11:55:07 +0800] "GET /xingrg/kc/buy/cgsh_order_operate.html?command=get_materiel&rest_code=00107&code=00101015006&supplier_code=00100005&order_time=2022-10-02 HTTP/1.1" 200 413
120.253.135.82 - - [02/Oct/2022:11:55:08 +0800] "GET /xingrg/all/function/internal_message.html?_=1664682704340&CODE_STATE=getMsg HTTP/1.1" 200 27
180.162.112.101 - - [02/Oct/2022:11:55:08 +0800] "GET /xingrg/all/function/internal_message.html?_=1664682009519&CODE_STATE=getMsg HTTP/1.1" 200 27
116.224.255.128 - - [02/Oct/2022:11:55:08 +0800] "GET /xingrg/all/function/internal_message.html?_=1664682824497&CODE_STATE=getMsg HTTP/1.1" 200 27
221.239.141.151 - - [02/Oct/2022:11:55:09 +0800] "POST /xingrg/kc/buy/cgsh_order_operate.html HTTP/1.1" 200 12
180.169.147.146 - - [02/Oct/2022:11:55:10 +0800] "GET /xingrg/all/function/internal_message.html?_=1664682908498&CODE_STATE=getMsg HTTP/1.1" 200 27
58.37.225.234 - - [02/Oct/2022:11:55:11 +0800] "GET /xingrg/kc/buy/cgsh_order_add.html HTTP/1.1" 200 68905
58.37.225.234 - - [02/Oct/2022:11:55:12 +0800] "POST /xingrg/kc/buy/cgsh_order_operate.html HTTP/1.1" 200 8245
58.37.225.234 - - [02/Oct/2022:11:55:12 +0800] "GET /xingrg/javascript/easyui/themes/default/validatebox.css HTTP/1.1" 404 1104
58.37.225.234 - - [02/Oct/2022:11:55:13 +0800] "GET /xingrg/check_reg.html?_=1664682564853 HTTP/1.1" 200 22
116.230.105.139 - - [02/Oct/2022:11:55:15 +0800] "GET /xingrg/kc/buy/cgsh_order_operate.html?command=get_materiel&rest_code=00107&code=00101008256&supplier_code=00100005&order_time=2022-10-02 HTTP/1.1" 200 413
58.37.4.145 - - [02/Oct/2022:11:55:15 +0800] "GET /xingrg/all/function/internal_message.html?_=1664682918333&CODE_STATE=getMsg HTTP/1.1" 200 27
58.37.4.145 - - [02/Oct/2022:11:55:18 +0800] "GET /xingrg/check_reg.html?_=1664682918452 HTTP/1.1" 200 22
58.37.4.145 - - [02/Oct/2022:11:55:18 +0800] "GET /xingrg/all/function/internal_message.html?_=1664682918455&CODE_STATE=getMsg HTTP/1.1" 200 27
221.239.141.151 - - [02/Oct/2022:11:55:19 +0800] "GET /xingrg/kc/buy/cgsh_order_info.html?code=212022100200506 HTTP/1.1" 200 63853
221.239.141.151 - - [02/Oct/2022:11:55:20 +0800] "GET /xingrg/javascript/easyui/themes/default/validatebox.css HTTP/1.1" 404 1104
114.84.81.136 - - [02/Oct/2022:11:55:22 +0800] "GET /xingrg/all/function/internal_message.html?_=1664682921011&CODE_STATE=getMsg HTTP/1.1" 200 27
116.230.105.139 - - [02/Oct/2022:11:55:23 +0800] "POST /xingrg/kc/buy/cgsh_order_operate.html HTTP/1.1" 200 37
58.37.225.234 - - [02/Oct/2022:11:55:23 +0800] "GET /xingrg/kc/buy/cgsh_order_operate.html?command=get_materiel&rest_code=00141&code=00101007077&supplier_code=00100328&order_time=2022-10-02 HTTP/1.1" 200 415
221.239.141.151 - - [02/Oct/2022:11:55:23 +0800] "POST /xingrg/kc/buy/cgsh_order_operate.html HTTP/1.1" 200 606
116.230.105.139 - - [02/Oct/2022:11:55:24 +0800] "POST /xingrg/kc/buy/cgsh_order_operate.html HTTP/1.1" 200 16344
221.239.141.151 - - [02/Oct/2022:11:55:25 +0800] "GET /xingrg/kc/print/load_data.html?order_code=212022100200506&kc_code=cgsh&condition= HTTP/1.1" 200 698
116.230.105.139 - - [02/Oct/2022:11:55:25 +0800] "GET /xingrg/kc/print/report_design.html?orderType=cgsh HTTP/1.1" 200 8625
116.230.105.139 - - [02/Oct/2022:11:55:26 +0800] "GET /xingrg/kc/print/design_operate.html?_=1664682909106&command=load_config&code=cgsh HTTP/1.1" 200 2853
116.230.105.139 - - [02/Oct/2022:11:55:26 +0800] "GET /favicon.ico HTTP/1.1" 404 -
221.239.141.151 - - [02/Oct/2022:11:55:28 +0800] "GET /xingrg/kc/buy/cgsh_order_add.html HTTP/1.1" 200 68946
221.239.141.151 - - [02/Oct/2022:11:55:29 +0800] "POST /xingrg/kc/buy/cgsh_order_operate.html HTTP/1.1" 200 8245
221.239.141.151 - - [02/Oct/2022:11:55:29 +0800] "GET /xingrg/javascript/easyui/themes/default/validatebox.css HTTP/1.1" 404 1104
124.79.246.218 - - [02/Oct/2022:11:55:33 +0800] "GET /xingrg/javascript/easyui/themes/default/tree.css HTTP/1.1" 404 1090
124.79.246.218 - - [02/Oct/2022:11:55:33 +0800] "POST /xingrg/all/common/load_tree.html?tree=supplier_tree_json&manage=1 HTTP/1.1" 200 70256
58.37.225.234 - - [02/Oct/2022:11:55:34 +0800] "POST /xingrg/kc/buy/cgsh_order_operate.html HTTP/1.1" 200 37
116.230.105.139 - - [02/Oct/2022:11:55:34 +0800] "GET /xingrg/kc/print/load_data.html?order_code=212022100200507&kc_code=cgsh&condition= HTTP/1.1" 200 5956
124.79.246.218 - - [02/Oct/2022:11:55:34 +0800] "GET /xingrg/javascript/easyui/themes/default/images/tree_checkbox_0.gif HTTP/1.1" 200 168
116.225.121.189 - - [02/Oct/2022:11:55:36 +0800] "GET /xingrg/all/function/internal_message.html?_=1664682936468&CODE_STATE=getMsg HTTP/1.1" 200 27
221.239.141.151 - - [02/Oct/2022:11:55:37 +0800] "GET /xingrg/kc/buy/cgsh_order_operate.html?command=get_materiel&rest_code=00102&code=00101004034&supplier_code=00100085&order_time=2022-10-01 HTTP/1.1" 200 416
116.230.114.213 - - [02/Oct/2022:11:55:37 +0800] "GET /xingrg/all/function/internal_message.html?_=1664682961586&CODE_STATE=getMsg HTTP/1.1" 200 27
124.79.246.218 - - [02/Oct/2022:11:55:38 +0800] "GET /xingrg/all/function/internal_message.html?_=1664683136283&CODE_STATE=getMsg HTTP/1.1" 200 27
101.85.93.113 - - [02/Oct/2022:11:55:39 +0800] "GET /xingrg/all/function/internal_message.html?_=1664682937653&CODE_STATE=getMsg HTTP/1.1" 200 27
58.37.225.234 - - [02/Oct/2022:11:55:39 +0800] "POST /xingrg/kc/buy/cgsh_order_operate.html HTTP/1.1" 200 12
120.253.135.82 - - [02/Oct/2022:11:55:40 +0800] "GET /xingrg/all/function/internal_message.html?_=1664683056955&CODE_STATE=getMsg HTTP/1.1" 200 27
58.37.225.234 - - [02/Oct/2022:11:55:40 +0800] "GET /xingrg/kc/buy/cgsh_order_info.html?code=212022100200508 HTTP/1.1" 200 63812
58.37.225.234 - - [02/Oct/2022:11:55:41 +0800] "GET /xingrg/javascript/easyui/themes/default/validatebox.css HTTP/1.1" 404 1104
58.37.225.234 - - [02/Oct/2022:11:55:41 +0800] "POST /xingrg/kc/buy/cgsh_order_operate.html HTTP/1.1" 200 611
116.230.105.139 - - [02/Oct/2022:11:55:41 +0800] "GET /xingrg/all/function/internal_message.html?_=1664682924672&CODE_STATE=getMsg HTTP/1.1" 200 27
114.83.219.254 - - [02/Oct/2022:11:55:42 +0800] "GET /xingrg/all/function/internal_message.html?_=1664682940936&CODE_STATE=getMsg HTTP/1.1" 200 27
114.83.219.254 - - [02/Oct/2022:11:55:42 +0800] "GET /xingrg/check_reg.html?_=1664682941020 HTTP/1.1" 200 22
116.230.105.139 - - [02/Oct/2022:11:55:42 +0800] "POST /xingrg/kc/buy/cgsh_order_operate.html HTTP/1.1" 200 37
58.37.225.234 - - [02/Oct/2022:11:55:42 +0800] "GET /xingrg/kc/print/load_data.html?order_code=212022100200508&kc_code=cgsh&condition= HTTP/1.1" 200 725
172.20.0.100 - - [02/Oct/2022:11:55:44 +0800] "GET /xingrg/all/function/internal_message.html?_=1664682941257&CODE_STATE=getMsg HTTP/1.1" 200 27
116.230.105.139 - - [02/Oct/2022:11:55:46 +0800] "POST /xingrg/kc/buy/cgsh_order_operate.html HTTP/1.1" 200 12
58.37.225.234 - - [02/Oct/2022:11:55:46 +0800] "GET /xingrg/kc/buy/cgsh_order_add.html HTTP/1.1" 200 68905
124.79.246.218 - - [02/Oct/2022:11:55:46 +0800] "POST /xingrg/kc/buy/cgsh_list_operate.html HTTP/1.1" 200 1852
58.37.225.234 - - [02/Oct/2022:11:55:46 +0800] "POST /xingrg/kc/buy/cgsh_order_operate.html HTTP/1.1" 200 8245
116.230.105.139 - - [02/Oct/2022:11:55:47 +0800] "GET /xingrg/kc/buy/cgsh_order_info.html?code=212022100200507 HTTP/1.1" 200 62450
58.37.225.234 - - [02/Oct/2022:11:55:47 +0800] "GET /xingrg/javascript/easyui/themes/default/validatebox.css HTTP/1.1" 404 1104
116.230.105.139 - - [02/Oct/2022:11:55:47 +0800] "GET /xingrg/javascript/easyui/themes/default/validatebox.css HTTP/1.1" 404 1104
58.37.4.145 - - [02/Oct/2022:11:55:48 +0800] "GET /xingrg/all/function/internal_message.html?_=1664682946048&CODE_STATE=getMsg HTTP/1.1" 200 27
221.239.141.151 - - [02/Oct/2022:11:55:48 +0800] "POST /xingrg/kc/buy/cgsh_order_operate.html HTTP/1.1" 200 37
116.230.105.139 - - [02/Oct/2022:11:55:48 +0800] "POST /xingrg/kc/buy/cgsh_order_operate.html HTTP/1.1" 200 14289
116.225.121.189 - - [02/Oct/2022:11:55:50 +0800] "GET /xingrg/all/function/internal_message.html?_=1664682947005&CODE_STATE=getMsg HTTP/1.1" 200 27
116.230.105.139 - - [02/Oct/2022:11:55:50 +0800] "GET /xingrg/kc/buy/cgsh_order_add.html HTTP/1.1" 200 67547
116.230.105.139 - - [02/Oct/2022:11:55:50 +0800] "POST /xingrg/kc/buy/cgsh_order_operate.html HTTP/1.1" 200 8245
116.230.105.139 - - [02/Oct/2022:11:55:50 +0800] "GET /xingrg/javascript/easyui/themes/default/validatebox.css HTTP/1.1" 404 1104
116.225.121.189 - - [02/Oct/2022:11:55:51 +0800] "GET /xingrg/all/function/internal_message.html?_=1664682805442&CODE_STATE=getMsg HTTP/1.1" 200 27
116.225.121.189 - - [02/Oct/2022:11:55:51 +0800] "GET /xingrg/check_reg.html?_=1664682805445 HTTP/1.1" 200 22
180.162.24.227 - - [02/Oct/2022:11:55:53 +0800] "GET /xingrg/all/function/internal_message.html?_=1664682951336&CODE_STATE=getMsg HTTP/1.1" 200 27
221.239.141.151 - - [02/Oct/2022:11:55:55 +0800] "POST /xingrg/kc/buy/cgsh_order_operate.html HTTP/1.1" 200 12
58.37.225.234 - - [02/Oct/2022:11:55:57 +0800] "GET /xingrg/kc/buy/cgsh_order_operate.html?command=get_materiel&rest_code=00141&code=00101007074&supplier_code=00100323&order_time=2022-10-02 HTTP/1.1" 200 417
124.79.246.218 - - [02/Oct/2022:11:55:58 +0800] "POST /xingrg/kc/buy/cgsh_list_operate.html HTTP/1.1" 200 1852
116.230.105.139 - - [02/Oct/2022:11:55:59 +0800] "GET /xingrg/kc/buy/cgsh_order_operate.html?command=get_materiel&rest_code=00107&code=00101011005&supplier_code=00100012&order_time=2022-10-02 HTTP/1.1" 200 428
124.79.74.72 - - [02/Oct/2022:11:56:00 +0800] "GET /xingrg/all/function/internal_message.html?_=1664682956633&CODE_STATE=getMsg HTTP/1.1" 200 27
124.79.246.218 - - [02/Oct/2022:11:56:02 +0800] "GET /xingrg/all/function/internal_message.html?_=1664683150507&CODE_STATE=getMsg HTTP/1.1" 200 27
222.70.183.206 - - [02/Oct/2022:11:56:07 +0800] "GET /xingrg/all/function/internal_message.html?_=1664682959894&CODE_STATE=getMsg HTTP/1.1" 200 27
114.83.219.57 - - [02/Oct/2022:11:56:07 +0800] "GET /xingrg/check_reg.html?_=1664683055902 HTTP/1.1" 200 22
114.83.219.57 - - [02/Oct/2022:11:56:07 +0800] "GET /xingrg/all/function/internal_message.html?_=1664683055904&CODE_STATE=getMsg HTTP/1.1" 200 27
124.79.246.218 - - [02/Oct/2022:11:56:07 +0800] "POST /xingrg/kc/buy/cgsh_list_operate.html HTTP/1.1" 200 1852
180.162.112.101 - - [02/Oct/2022:11:56:08 +0800] "GET /xingrg/all/function/internal_message.html?_=1664682069530&CODE_STATE=getMsg HTTP/1.1" 200 27
120.253.135.82 - - [02/Oct/2022:11:56:08 +0800] "GET /xingrg/all/function/internal_message.html?_=1664682764353&CODE_STATE=getMsg HTTP/1.1" 200 27
116.224.255.128 - - [02/Oct/2022:11:56:08 +0800] "GET /xingrg/check_reg.html?_=1664682884335 HTTP/1.1" 200 22
116.224.255.128 - - [02/Oct/2022:11:56:08 +0800] "GET /xingrg/all/function/internal_message.html?_=1664682884510&CODE_STATE=getMsg HTTP/1.1" 200 27
180.169.147.146 - - [02/Oct/2022:11:56:10 +0800] "GET /xingrg/check_reg.html?_=1664682968498 HTTP/1.1" 200 22
180.169.147.146 - - [02/Oct/2022:11:56:10 +0800] "GET /xingrg/all/function/internal_message.html?_=1664682968501&CODE_STATE=getMsg HTTP/1.1" 200 27
116.230.105.139 - - [02/Oct/2022:11:56:10 +0800] "GET /xingrg/kc/buy/cgsh_order_operate.html?command=get_materiel&rest_code=00107&code=00101006056&supplier_code=00100012&order_time=2022-10-02 HTTP/1.1" 200 413
124.79.246.218 - - [02/Oct/2022:11:56:12 +0800] "POST /xingrg/kc/buy/cgsh_list_operate.html HTTP/1.1" 200 986
124.79.246.218 - - [02/Oct/2022:11:56:14 +0800] "POST /xingrg/kc/buy/cgsh_list_operate.html HTTP/1.1" 200 986
58.37.4.145 - - [02/Oct/2022:11:56:15 +0800] "GET /xingrg/all/function/internal_message.html?_=1664682978335&CODE_STATE=getMsg HTTP/1.1" 200 27
116.230.105.139 - - [02/Oct/2022:11:56:17 +0800] "POST /xingrg/kc/buy/cgsh_order_operate.html HTTP/1.1" 200 37
116.230.105.139 - - [02/Oct/2022:11:56:18 +0800] "POST /xingrg/kc/buy/cgsh_order_operate.html HTTP/1.1" 200 3252
58.37.4.145 - - [02/Oct/2022:11:56:18 +0800] "GET /xingrg/all/function/internal_message.html?_=1664682978455&CODE_STATE=getMsg HTTP/1.1" 200 27
116.230.105.139 - - [02/Oct/2022:11:56:19 +0800] "GET /xingrg/kc/print/load_data.html?order_code=212022100200510&kc_code=cgsh&condition= HTTP/1.1" 200 1001
124.79.246.218 - - [02/Oct/2022:11:56:20 +0800] "POST /xingrg/kc/buy/cgsh_list_operate.html HTTP/1.1" 200 986
114.84.81.136 - - [02/Oct/2022:11:56:22 +0800] "GET /xingrg/all/function/internal_message.html?_=1664682981009&CODE_STATE=getMsg HTTP/1.1" 200 27
116.230.105.139 - - [02/Oct/2022:11:56:24 +0800] "POST /xingrg/kc/buy/cgsh_order_operate.html HTTP/1.1" 200 37
116.230.105.139 - - [02/Oct/2022:11:56:28 +0800] "POST /xingrg/kc/buy/cgsh_order_operate.html HTTP/1.1" 200 12
221.239.141.151 - - [02/Oct/2022:11:56:28 +0800] "GET /xingrg/kc/buy/cgsh_order_info.html?code=212022100200509 HTTP/1.1" 200 63851
221.239.141.151 - - [02/Oct/2022:11:56:28 +0800] "GET /xingrg/javascript/easyui/themes/default/validatebox.css HTTP/1.1" 404 1104
116.230.105.139 - - [02/Oct/2022:11:56:29 +0800] "GET /xingrg/kc/buy/cgsh_order_info.html?code=212022100200510 HTTP/1.1" 200 62450
116.230.105.139 - - [02/Oct/2022:11:56:29 +0800] "GET /xingrg/javascript/easyui/themes/default/validatebox.css HTTP/1.1" 404 1104
221.239.141.151 - - [02/Oct/2022:11:56:29 +0800] "POST /xingrg/kc/buy/cgsh_order_operate.html HTTP/1.1" 200 614
116.230.105.139 - - [02/Oct/2022:11:56:30 +0800] "POST /xingrg/kc/buy/cgsh_order_operate.html HTTP/1.1" 200 1202
116.230.105.139 - - [02/Oct/2022:11:56:30 +0800] "GET /xingrg/kc/buy/cgsh_order_add.html HTTP/1.1" 200 67547
116.230.105.139 - - [02/Oct/2022:11:56:30 +0800] "POST /xingrg/kc/buy/cgsh_order_operate.html HTTP/1.1" 200 8245
116.230.105.139 - - [02/Oct/2022:11:56:31 +0800] "GET /xingrg/javascript/easyui/themes/default/validatebox.css HTTP/1.1" 404 1104
221.239.141.151 - - [02/Oct/2022:11:56:31 +0800] "GET /xingrg/kc/print/load_data.html?order_code=212022100200509&kc_code=cgsh&condition= HTTP/1.1" 200 763
124.79.246.218 - - [02/Oct/2022:11:56:33 +0800] "POST /xingrg/kc/buy/cgsh_list_operate.html HTTP/1.1" 200 6208
221.239.141.151 - - [02/Oct/2022:11:56:34 +0800] "GET /xingrg/kc/buy/cgsh_order_add.html HTTP/1.1" 200 68946
221.239.141.151 - - [02/Oct/2022:11:56:35 +0800] "POST /xingrg/kc/buy/cgsh_order_operate.html HTTP/1.1" 200 8245
221.239.141.151 - - [02/Oct/2022:11:56:35 +0800] "GET /xingrg/javascript/easyui/themes/default/validatebox.css HTTP/1.1" 404 1104
116.225.121.189 - - [02/Oct/2022:11:56:36 +0800] "GET /xingrg/all/function/internal_message.html?_=1664682996440&CODE_STATE=getMsg HTTP/1.1" 200 27
116.230.114.213 - - [02/Oct/2022:11:56:37 +0800] "GET /xingrg/all/function/internal_message.html?_=1664683021590&CODE_STATE=getMsg HTTP/1.1" 200 27
124.79.246.218 - - [02/Oct/2022:11:56:38 +0800] "GET /xingrg/all/function/internal_message.html?_=1664683196290&CODE_STATE=getMsg HTTP/1.1" 200 27
101.85.93.113 - - [02/Oct/2022:11:56:39 +0800] "GET /xingrg/all/function/internal_message.html?_=1664682997654&CODE_STATE=getMsg HTTP/1.1" 200 27
58.37.4.145 - - [02/Oct/2022:11:56:40 +0800] "GET /xingrg/kc/buy/buy_main.html HTTP/1.1" 200 12412
58.37.4.145 - - [02/Oct/2022:11:56:40 +0800] "GET /xingrg/css/new_ie.css HTTP/1.1" 404 1036
120.253.135.82 - - [02/Oct/2022:11:56:40 +0800] "GET /xingrg/all/function/internal_message.html?_=1664683117312&CODE_STATE=getMsg HTTP/1.1" 200 27
58.37.4.145 - - [02/Oct/2022:11:56:41 +0800] "GET /xingrg/images/yd/bt.gif HTTP/1.1" 404 1040
116.230.105.139 - - [02/Oct/2022:11:56:41 +0800] "GET /xingrg/check_reg.html?_=1664682984687 HTTP/1.1" 200 22
116.230.105.139 - - [02/Oct/2022:11:56:41 +0800] "GET /xingrg/all/function/internal_message.html?_=1664682984691&CODE_STATE=getMsg HTTP/1.1" 200 27
114.83.219.254 - - [02/Oct/2022:11:56:42 +0800] "GET /xingrg/all/function/internal_message.html?_=1664683000912&CODE_STATE=getMsg HTTP/1.1" 200 27
116.230.105.139 - - [02/Oct/2022:11:56:43 +0800] "GET /xingrg/kc/buy/cgsh_order_operate.html?command=get_materiel&rest_code=00107&code=00101014011&supplier_code=00100327&order_time=2022-10-02 HTTP/1.1" 200 413
58.37.4.145 - - [02/Oct/2022:11:56:43 +0800] "GET /xingrg/kc/buy/cgsh_order_list.html HTTP/1.1" 200 53123
172.20.0.100 - - [02/Oct/2022:11:56:44 +0800] "GET /xingrg/all/function/internal_message.html?_=1664683001245&CODE_STATE=getMsg HTTP/1.1" 200 27
58.37.4.145 - - [02/Oct/2022:11:56:44 +0800] "POST /xingrg/kc/buy/cgsh_list_operate.html HTTP/1.1" 200 986
124.79.246.218 - - [02/Oct/2022:11:56:46 +0800] "POST /xingrg/kc/buy/cgsh_list_operate.html HTTP/1.1" 200 5300
58.37.4.145 - - [02/Oct/2022:11:56:46 +0800] "GET /xingrg/kc/buy/cgsh_order_add.html HTTP/1.1" 200 68899
58.37.4.145 - - [02/Oct/2022:11:56:46 +0800] "POST /xingrg/kc/buy/cgsh_order_operate.html HTTP/1.1" 200 8245
58.37.4.145 - - [02/Oct/2022:11:56:46 +0800] "GET /xingrg/all/common/auto_word.html?type=employee&rest_code=00106 HTTP/1.1" 200 205
58.37.4.145 - - [02/Oct/2022:11:56:46 +0800] "GET /xingrg/javascript/easyui/themes/default/validatebox.css HTTP/1.1" 404 1104
58.37.4.145 - - [02/Oct/2022:11:56:46 +0800] "GET /xingrg/all/common/auto_word.html?type=employee&rest_code=00106 HTTP/1.1" 200 205
58.37.4.145 - - [02/Oct/2022:11:56:48 +0800] "GET /xingrg/javascript/easyui/themes/default/tree.css HTTP/1.1" 404 1090
58.37.4.145 - - [02/Oct/2022:11:56:48 +0800] "POST /xingrg/all/common/load_tree.html?tree=supplier_tree_json&isDelete=1 HTTP/1.1" 200 68920
58.37.4.145 - - [02/Oct/2022:11:56:48 +0800] "GET /xingrg/all/function/internal_message.html?_=1664683006028&CODE_STATE=getMsg HTTP/1.1" 200 27
221.239.141.151 - - [02/Oct/2022:11:56:48 +0800] "GET /xingrg/kc/buy/cgsh_order_operate.html?command=get_materiel&rest_code=00102&code=00102002476&supplier_code=00100486&order_time=2022-10-01 HTTP/1.1" 200 409
116.225.121.189 - - [02/Oct/2022:11:56:50 +0800] "GET /xingrg/check_reg.html?_=1664683007009 HTTP/1.1" 200 22
116.225.121.189 - - [02/Oct/2022:11:56:50 +0800] "GET /xingrg/all/function/internal_message.html?_=1664683007010&CODE_STATE=getMsg HTTP/1.1" 200 27
124.79.246.218 - - [02/Oct/2022:11:56:50 +0800] "POST /xingrg/kc/buy/cgsh_list_operate.html HTTP/1.1" 200 275
116.225.121.189 - - [02/Oct/2022:11:56:51 +0800] "GET /xingrg/all/function/internal_message.html?_=1664682865445&CODE_STATE=getMsg HTTP/1.1" 200 27
124.79.246.218 - - [02/Oct/2022:11:56:51 +0800] "GET /xingrg/kc/buy/cgsh_order_info.html?code=212022092107772 HTTP/1.1" 200 63853
124.79.246.218 - - [02/Oct/2022:11:56:52 +0800] "GET /xingrg/javascript/easyui/themes/default/validatebox.css HTTP/1.1" 404 1104
124.79.246.218 - - [02/Oct/2022:11:56:52 +0800] "POST /xingrg/kc/buy/cgsh_order_operate.html HTTP/1.1" 200 1205
180.162.24.227 - - [02/Oct/2022:11:56:53 +0800] "GET /xingrg/all/function/internal_message.html?_=1664683011316&CODE_STATE=getMsg HTTP/1.1" 200 27
221.239.141.151 - - [02/Oct/2022:11:56:58 +0800] "POST /xingrg/kc/buy/cgsh_order_operate.html HTTP/1.1" 200 37
124.79.74.72 - - [02/Oct/2022:11:57:00 +0800] "GET /xingrg/all/function/internal_message.html?_=1664683016632&CODE_STATE=getMsg HTTP/1.1" 200 27
124.79.74.72 - - [02/Oct/2022:11:57:00 +0800] "GET /xingrg/check_reg.html?_=1664683016633 HTTP/1.1" 200 22
221.239.141.151 - - [02/Oct/2022:11:57:02 +0800] "POST /xingrg/kc/buy/cgsh_order_operate.html HTTP/1.1" 200 12
124.79.246.218 - - [02/Oct/2022:11:57:02 +0800] "GET /xingrg/all/function/internal_message.html?_=1664683210512&CODE_STATE=getMsg HTTP/1.1" 200 27
221.239.141.151 - - [02/Oct/2022:11:57:03 +0800] "GET /xingrg/kc/buy/cgsh_order_info.html?code=212022100200511 HTTP/1.1" 200 63855
221.239.141.151 - - [02/Oct/2022:11:57:03 +0800] "GET /xingrg/javascript/easyui/themes/default/validatebox.css HTTP/1.1" 404 1104
221.239.141.151 - - [02/Oct/2022:11:57:04 +0800] "POST /xingrg/kc/buy/cgsh_order_operate.html HTTP/1.1" 200 605
221.239.141.151 - - [02/Oct/2022:11:57:05 +0800] "GET /xingrg/kc/print/load_data.html?order_code=212022100200511&kc_code=cgsh&condition= HTTP/1.1" 200 690
222.70.183.206 - - [02/Oct/2022:11:57:07 +0800] "GET /xingrg/all/function/internal_message.html?_=1664683019877&CODE_STATE=getMsg HTTP/1.1" 200 27
221.239.141.151 - - [02/Oct/2022:11:57:07 +0800] "GET /xingrg/all/function/internal_message.html?_=1664683027783&CODE_STATE=getMsg HTTP/1.1" 200 27
114.83.219.57 - - [02/Oct/2022:11:57:07 +0800] "GET /xingrg/all/function/internal_message.html?_=1664683115898&CODE_STATE=getMsg HTTP/1.1" 200 27
222.70.183.206 - - [02/Oct/2022:11:57:07 +0800] "GET /xingrg/check_reg.html?_=1664683020629 HTTP/1.1" 200 22
180.162.112.101 - - [02/Oct/2022:11:57:08 +0800] "GET /xingrg/all/function/internal_message.html?_=1664682129531&CODE_STATE=getMsg HTTP/1.1" 200 27
180.162.112.101 - - [02/Oct/2022:11:57:08 +0800] "GET /xingrg/check_reg.html?_=1664682129534 HTTP/1.1" 200 22
120.253.135.82 - - [02/Oct/2022:11:57:08 +0800] "GET /xingrg/all/function/internal_message.html?_=1664682824363&CODE_STATE=getMsg HTTP/1.1" 200 27
116.224.255.128 - - [02/Oct/2022:11:57:08 +0800] "GET /xingrg/all/function/internal_message.html?_=1664682944524&CODE_STATE=getMsg HTTP/1.1" 200 27
221.239.141.151 - - [02/Oct/2022:11:57:08 +0800] "GET /xingrg/kc/buy/cgsh_order_add.html HTTP/1.1" 200 68946
221.239.141.151 - - [02/Oct/2022:11:57:09 +0800] "POST /xingrg/kc/buy/cgsh_order_operate.html HTTP/1.1" 200 8245
221.239.141.151 - - [02/Oct/2022:11:57:09 +0800] "GET /xingrg/javascript/easyui/themes/default/validatebox.css HTTP/1.1" 404 1104
180.169.147.146 - - [02/Oct/2022:11:57:10 +0800] "GET /xingrg/all/function/internal_message.html?_=1664683028501&CODE_STATE=getMsg HTTP/1.1" 200 27
58.37.4.145 - - [02/Oct/2022:11:57:10 +0800] "GET /xingrg/javascript/auto/indicator.gif HTTP/1.1" 404 1066
116.230.105.139 - - [02/Oct/2022:11:57:11 +0800] "GET /xingrg/kc/buy/cgsh_order_operate.html?command=get_materiel&rest_code=00107&code=00101014060&supplier_code=00100327&order_time=2022-10-02 HTTP/1.1" 200 416
221.239.141.151 - - [02/Oct/2022:11:57:15 +0800] "GET /xingrg/kc/buy/cgsh_order_operate.html?command=get_materiel&rest_code=00102&code=00101002006&supplier_code=00100091&order_time=2022-10-01 HTTP/1.1" 200 414
58.37.4.145 - - [02/Oct/2022:11:57:15 +0800] "GET /xingrg/all/function/internal_message.html?_=1664683038337&CODE_STATE=getMsg HTTP/1.1" 200 27
58.37.4.145 - - [02/Oct/2022:11:57:15 +0800] "GET /xingrg/check_reg.html?_=1664683038341 HTTP/1.1" 200 22
58.37.4.145 - - [02/Oct/2022:11:57:18 +0800] "GET /xingrg/all/function/internal_message.html?_=1664683038459&CODE_STATE=getMsg HTTP/1.1" 200 27
58.37.4.145 - - [02/Oct/2022:11:57:19 +0800] "GET /xingrg/kc/buy/cgsh_order_operate.html?command=get_materiel&rest_code=00106&code=00101004124&supplier_code=00100090&order_time=2022-10-02 HTTP/1.1" 200 398
116.230.105.139 - - [02/Oct/2022:11:57:21 +0800] "GET /xingrg/kc/buy/cgsh_order_operate.html?command=get_materiel&rest_code=00107&code=00101010693&supplier_code=00100327&order_time=2022-10-02 HTTP/1.1" 200 415
221.239.141.151 - - [02/Oct/2022:11:57:22 +0800] "GET /xingrg/kc/buy/cgsh_order_operate.html?command=get_materiel&rest_code=00102&code=00101003037&supplier_code=00100091&order_time=2022-10-01 HTTP/1.1" 200 417
114.84.81.136 - - [02/Oct/2022:11:57:22 +0800] "GET /xingrg/all/function/internal_message.html?_=1664683041008&CODE_STATE=getMsg HTTP/1.1" 200 27
58.37.225.234 - - [02/Oct/2022:11:57:25 +0800] "GET /xingrg/kc/buy/cgsh_order_operate.html?command=get_materiel&rest_code=00141&code=00101008113&supplier_code=00100323&order_time=2022-10-02 HTTP/1.1" 200 413
120.253.135.82 - - [02/Oct/2022:11:57:29 +0800] "GET /xingrg/check_reg.html?_=1664683165815 HTTP/1.1" 200 22
221.239.141.151 - - [02/Oct/2022:11:57:31 +0800] "POST /xingrg/kc/buy/cgsh_order_operate.html HTTP/1.1" 200 37
124.79.246.218 - - [02/Oct/2022:11:57:33 +0800] "POST /xingrg/kc/buy/cgsh_list_operate.html HTTP/1.1" 200 5300
116.225.121.189 - - [02/Oct/2022:11:57:36 +0800] "GET /xingrg/all/function/internal_message.html?_=1664683056421&CODE_STATE=getMsg HTTP/1.1" 200 27
221.239.141.151 - - [02/Oct/2022:11:57:37 +0800] "POST /xingrg/kc/buy/cgsh_order_operate.html HTTP/1.1" 200 12
116.230.114.213 - - [02/Oct/2022:11:57:37 +0800] "GET /xingrg/all/function/internal_message.html?_=1664683081802&CODE_STATE=getMsg HTTP/1.1" 200 27
124.79.246.218 - - [02/Oct/2022:11:57:38 +0800] "GET /xingrg/all/function/internal_message.html?_=1664683256277&CODE_STATE=getMsg HTTP/1.1" 200 27
101.85.93.113 - - [02/Oct/2022:11:57:39 +0800] "GET /xingrg/all/function/internal_message.html?_=1664683057655&CODE_STATE=getMsg HTTP/1.1" 200 27
116.225.121.189 - - [02/Oct/2022:11:57:39 +0800] "GET /xingrg/check_reg.html?_=1664683059434 HTTP/1.1" 200 22
120.253.135.82 - - [02/Oct/2022:11:57:40 +0800] "GET /xingrg/all/function/internal_message.html?_=1664683177322&CODE_STATE=getMsg HTTP/1.1" 200 27
116.230.105.139 - - [02/Oct/2022:11:57:41 +0800] "GET /xingrg/all/function/internal_message.html?_=1664683044670&CODE_STATE=getMsg HTTP/1.1" 200 27
124.79.246.218 - - [02/Oct/2022:11:57:41 +0800] "GET /xingrg/javascript/easyui/themes/default/images/button_plain_hover.png HTTP/1.1" 304 -
124.79.246.218 - - [02/Oct/2022:11:57:41 +0800] "GET /xingrg/javascript/easyui/themes/default/images/button_plain_hover.png HTTP/1.1" 304 -
124.79.246.218 - - [02/Oct/2022:11:57:41 +0800] "GET /xingrg/javascript/easyui/themes/default/images/button_plain_hover.png HTTP/1.1" 304 -
124.79.246.218 - - [02/Oct/2022:11:57:42 +0800] "GET /xingrg/javascript/easyui/themes/default/images/button_plain_hover.png HTTP/1.1" 304 -
116.230.105.139 - - [02/Oct/2022:11:57:42 +0800] "GET /xingrg/kc/buy/cgsh_order_operate.html?command=get_materiel&rest_code=00107&code=00101010638&supplier_code=00100327&order_time=2022-10-02 HTTP/1.1" 200 413
114.83.219.254 - - [02/Oct/2022:11:57:42 +0800] "GET /xingrg/all/function/internal_message.html?_=1664683060896&CODE_STATE=getMsg HTTP/1.1" 200 27
101.85.93.113 - - [02/Oct/2022:11:57:42 +0800] "GET /xingrg/check_reg.html?_=1664683057657 HTTP/1.1" 200 22
124.79.246.218 - - [02/Oct/2022:11:57:44 +0800] "GET /xingrg/javascript/easyui/themes/default/images/button_plain_hover.png HTTP/1.1" 304 -
172.20.0.100 - - [02/Oct/2022:11:57:44 +0800] "GET /xingrg/all/function/internal_message.html?_=1664683061248&CODE_STATE=getMsg HTTP/1.1" 200 27
124.79.246.218 - - [02/Oct/2022:11:57:44 +0800] "GET /xingrg/javascript/easyui/themes/default/images/button_plain_hover.png HTTP/1.1" 304 -
58.37.4.145 - - [02/Oct/2022:11:57:48 +0800] "GET /xingrg/all/function/internal_message.html?_=1664683066004&CODE_STATE=getMsg HTTP/1.1" 200 27
116.225.121.189 - - [02/Oct/2022:11:57:50 +0800] "GET /xingrg/all/function/internal_message.html?_=1664683067004&CODE_STATE=getMsg HTTP/1.1" 200 27
116.225.121.189 - - [02/Oct/2022:11:57:51 +0800] "GET /xingrg/all/function/internal_message.html?_=1664682925446&CODE_STATE=getMsg HTTP/1.1" 200 27
58.37.4.145 - - [02/Oct/2022:11:57:51 +0800] "GET /xingrg/kc/buy/cgsh_order_operate.html?command=get_materiel&rest_code=00106&code=00101001140&supplier_code=00100090&order_time=2022-10-02 HTTP/1.1" 200 417
180.162.24.227 - - [02/Oct/2022:11:57:53 +0800] "GET /xingrg/all/function/internal_message.html?_=1664683071306&CODE_STATE=getMsg HTTP/1.1" 200 27
116.230.105.139 - - [02/Oct/2022:11:57:55 +0800] "GET /xingrg/kc/buy/cgsh_order_operate.html?command=get_materiel&rest_code=00107&code=00101014092&supplier_code=00100327&order_time=2022-10-02 HTTP/1.1" 200 419
58.37.225.234 - - [02/Oct/2022:11:57:57 +0800] "GET /xingrg/kc/buy/cgsh_order_operate.html?command=get_materiel&rest_code=00141&code=00101008214&supplier_code=00100323&order_time=2022-10-02 HTTP/1.1" 200 409
124.79.74.72 - - [02/Oct/2022:11:58:00 +0800] "GET /xingrg/all/function/internal_message.html?_=1664683076634&CODE_STATE=getMsg HTTP/1.1" 200 27
124.79.246.218 - - [02/Oct/2022:11:58:01 +0800] "GET /xingrg/check_reg.html?_=1664683268937 HTTP/1.1" 200 22
124.79.246.218 - - [02/Oct/2022:11:58:02 +0800] "GET /xingrg/all/function/internal_message.html?_=1664683270524&CODE_STATE=getMsg HTTP/1.1" 200 27
116.230.105.139 - - [02/Oct/2022:11:58:06 +0800] "POST /xingrg/kc/buy/cgsh_order_operate.html HTTP/1.1" 200 37
222.70.183.206 - - [02/Oct/2022:11:58:06 +0800] "GET /xingrg/all/function/internal_message.html?_=1664683079855&CODE_STATE=getMsg HTTP/1.1" 200 27
114.83.219.57 - - [02/Oct/2022:11:58:07 +0800] "GET /xingrg/all/function/internal_message.html?_=1664683175915&CODE_STATE=getMsg HTTP/1.1" 200 27
58.37.4.145 - - [02/Oct/2022:11:58:07 +0800] "GET /xingrg/kc/buy/cgsh_order_operate.html?command=get_materiel&rest_code=00106&code=00101001148&supplier_code=00100090&order_time=2022-10-02 HTTP/1.1" 200 411
180.162.112.101 - - [02/Oct/2022:11:58:08 +0800] "GET /xingrg/all/function/internal_message.html?_=1664682189546&CODE_STATE=getMsg HTTP/1.1" 200 27
120.253.135.82 - - [02/Oct/2022:11:58:08 +0800] "GET /xingrg/all/function/internal_message.html?_=1664682884385&CODE_STATE=getMsg HTTP/1.1" 200 27
116.224.255.128 - - [02/Oct/2022:11:58:08 +0800] "GET /xingrg/all/function/internal_message.html?_=1664683004537&CODE_STATE=getMsg HTTP/1.1" 200 27
116.230.105.139 - - [02/Oct/2022:11:58:09 +0800] "POST /xingrg/kc/buy/cgsh_order_operate.html HTTP/1.1" 200 12
180.169.147.146 - - [02/Oct/2022:11:58:10 +0800] "GET /xingrg/all/function/internal_message.html?_=1664683088501&CODE_STATE=getMsg HTTP/1.1" 200 27
116.230.105.139 - - [02/Oct/2022:11:58:10 +0800] "GET /xingrg/kc/buy/cgsh_order_info.html?code=212022100200513 HTTP/1.1" 200 62450
116.230.105.139 - - [02/Oct/2022:11:58:11 +0800] "GET /xingrg/javascript/easyui/themes/default/validatebox.css HTTP/1.1" 404 1104
124.79.246.218 - - [02/Oct/2022:11:58:11 +0800] "GET /xingrg/javascript/easyui/themes/default/images/tree_checkbox_1.gif HTTP/1.1" 304 -
124.79.246.218 - - [02/Oct/2022:11:58:11 +0800] "GET /xingrg/javascript/easyui/themes/default/images/tree_checkbox_2.gif HTTP/1.1" 304 -
116.230.105.139 - - [02/Oct/2022:11:58:11 +0800] "POST /xingrg/kc/buy/cgsh_order_operate.html HTTP/1.1" 200 2410
116.230.114.213 - - [02/Oct/2022:11:58:12 +0800] "GET /xingrg/check_reg.html?_=1664683112588 HTTP/1.1" 302 -
116.230.105.139 - - [02/Oct/2022:11:58:14 +0800] "GET /xingrg/kc/print/load_data.html?order_code=212022100200513&kc_code=cgsh&condition= HTTP/1.1" 200 1421
58.37.4.145 - - [02/Oct/2022:11:58:15 +0800] "GET /xingrg/all/function/internal_message.html?_=1664683098341&CODE_STATE=getMsg HTTP/1.1" 200 27
124.79.246.218 - - [02/Oct/2022:11:58:16 +0800] "POST /xingrg/kc/buy/cgsh_list_operate.html HTTP/1.1" 200 10875
58.37.4.145 - - [02/Oct/2022:11:58:18 +0800] "GET /xingrg/all/function/internal_message.html?_=1664683098472&CODE_STATE=getMsg HTTP/1.1" 200 27
116.230.114.213 - - [02/Oct/2022:11:58:19 +0800] "GET /xingrg/check_reg.html?_=1664683123020 HTTP/1.1" 200 22
58.37.225.234 - - [02/Oct/2022:11:58:22 +0800] "GET /xingrg/kc/buy/cgsh_order_operate.html?command=get_materiel&rest_code=00141&code=00101004069&supplier_code=00100323&order_time=2022-10-02 HTTP/1.1" 200 418
114.84.81.136 - - [02/Oct/2022:11:58:22 +0800] "GET /xingrg/all/function/internal_message.html?_=1664683101006&CODE_STATE=getMsg HTTP/1.1" 200 27
58.37.4.145 - - [02/Oct/2022:11:58:27 +0800] "POST /xingrg/kc/buy/cgsh_order_operate.html HTTP/1.1" 200 37
124.79.246.218 - - [02/Oct/2022:11:58:28 +0800] "POST /xingrg/kc/buy/cgsh_list_operate.html HTTP/1.1" 200 986
221.239.141.151 - - [02/Oct/2022:11:58:28 +0800] "GET /xingrg/kc/buy/cgsh_order_info.html?code=212022100200512 HTTP/1.1" 200 63853
221.239.141.151 - - [02/Oct/2022:11:58:29 +0800] "GET /xingrg/javascript/easyui/themes/default/validatebox.css HTTP/1.1" 404 1104
58.37.225.234 - - [02/Oct/2022:11:58:29 +0800] "GET /xingrg/kc/buy/cgsh_order_operate.html?command=get_materiel&rest_code=00141&code=00101010082&supplier_code=00100323&order_time=2022-10-02 HTTP/1.1" 200 425
221.239.141.151 - - [02/Oct/2022:11:58:29 +0800] "POST /xingrg/kc/buy/cgsh_order_operate.html HTTP/1.1" 200 1213
180.162.24.227 - - [02/Oct/2022:11:58:32 +0800] "GET /xingrg/check_reg.html?_=1664683110723 HTTP/1.1" 200 22
58.37.4.145 - - [02/Oct/2022:11:58:32 +0800] "POST /xingrg/kc/buy/cgsh_order_operate.html HTTP/1.1" 200 12
124.79.246.218 - - [02/Oct/2022:11:58:33 +0800] "POST /xingrg/kc/buy/cgsh_list_operate.html HTTP/1.1" 200 986
58.37.4.145 - - [02/Oct/2022:11:58:34 +0800] "GET /xingrg/kc/buy/cgsh_order_info.html?code=212022100200514 HTTP/1.1" 200 63806
58.37.4.145 - - [02/Oct/2022:11:58:34 +0800] "GET /xingrg/javascript/easyui/themes/default/validatebox.css HTTP/1.1" 404 1104
58.37.4.145 - - [02/Oct/2022:11:58:35 +0800] "POST /xingrg/kc/buy/cgsh_order_operate.html HTTP/1.1" 200 1803
116.225.121.189 - - [02/Oct/2022:11:58:36 +0800] "GET /xingrg/all/function/internal_message.html?_=1664683116390&CODE_STATE=getMsg HTTP/1.1" 200 27
116.230.114.213 - - [02/Oct/2022:11:58:37 +0800] "GET /xingrg/all/function/internal_message.html?_=1664683141803&CODE_STATE=getMsg HTTP/1.1" 200 27
124.79.246.218 - - [02/Oct/2022:11:58:38 +0800] "GET /xingrg/check_reg.html?_=1664683316285 HTTP/1.1" 200 22
124.79.246.218 - - [02/Oct/2022:11:58:38 +0800] "GET /xingrg/all/function/internal_message.html?_=1664683316283&CODE_STATE=getMsg HTTP/1.1" 200 27
58.37.4.145 - - [02/Oct/2022:11:58:38 +0800] "GET /xingrg/kc/print/load_config.html?kc_code=cgsh HTTP/1.1" 200 1943
124.79.246.218 - - [02/Oct/2022:11:58:38 +0800] "POST /xingrg/kc/buy/cgsh_list_operate.html HTTP/1.1" 200 986
58.37.4.145 - - [02/Oct/2022:11:58:38 +0800] "GET /xingrg/kc/print/load_data.html?order_code=212022100200514&kc_code=cgsh&condition= HTTP/1.1" 200 1233
101.85.93.113 - - [02/Oct/2022:11:58:39 +0800] "GET /xingrg/all/function/internal_message.html?_=1664683117656&CODE_STATE=getMsg HTTP/1.1" 200 27
120.253.135.82 - - [02/Oct/2022:11:58:40 +0800] "GET /xingrg/all/function/internal_message.html?_=1664683237334&CODE_STATE=getMsg HTTP/1.1" 200 27
116.230.105.139 - - [02/Oct/2022:11:58:41 +0800] "GET /xingrg/all/function/internal_message.html?_=1664683104676&CODE_STATE=getMsg HTTP/1.1" 200 27
114.83.219.254 - - [02/Oct/2022:11:58:42 +0800] "GET /xingrg/all/function/internal_message.html?_=1664683120896&CODE_STATE=getMsg HTTP/1.1" 200 27
172.20.0.100 - - [02/Oct/2022:11:58:44 +0800] "GET /xingrg/all/function/internal_message.html?_=1664683121251&CODE_STATE=getMsg HTTP/1.1" 200 27
58.37.4.145 - - [02/Oct/2022:11:58:47 +0800] "GET /xingrg/kc/buy/cgsh_order_add.html HTTP/1.1" 200 68899
58.37.4.145 - - [02/Oct/2022:11:58:48 +0800] "POST /xingrg/kc/buy/cgsh_order_operate.html HTTP/1.1" 200 8245
58.37.4.145 - - [02/Oct/2022:11:58:48 +0800] "GET /xingrg/javascript/easyui/themes/default/validatebox.css HTTP/1.1" 404 1104
58.37.4.145 - - [02/Oct/2022:11:58:48 +0800] "GET /xingrg/all/function/internal_message.html?_=1664683125980&CODE_STATE=getMsg HTTP/1.1" 200 27
58.37.4.145 - - [02/Oct/2022:11:58:49 +0800] "GET /xingrg/javascript/easyui/themes/default/tree.css HTTP/1.1" 404 1090
58.37.4.145 - - [02/Oct/2022:11:58:49 +0800] "POST /xingrg/all/common/load_tree.html?tree=supplier_tree_json&isDelete=1 HTTP/1.1" 200 68920
221.239.141.151 - - [02/Oct/2022:11:58:50 +0800] "GET /xingrg/kc/print/load_data.html?order_code=212022100200512&kc_code=cgsh&condition= HTTP/1.1" 200 1009
116.225.121.189 - - [02/Oct/2022:11:58:50 +0800] "GET /xingrg/all/function/internal_message.html?_=1664683127003&CODE_STATE=getMsg HTTP/1.1" 200 27
58.37.225.234 - - [02/Oct/2022:11:58:50 +0800] "GET /xingrg/kc/buy/cgsh_order_operate.html?command=get_materiel&rest_code=00141&code=00101010247&supplier_code=00100323&order_time=2022-10-02 HTTP/1.1" 200 408
116.225.121.189 - - [02/Oct/2022:11:58:51 +0800] "GET /xingrg/all/function/internal_message.html?_=1664682985446&CODE_STATE=getMsg HTTP/1.1" 200 27
180.162.24.227 - - [02/Oct/2022:11:58:53 +0800] "GET /xingrg/all/function/internal_message.html?_=1664683131297&CODE_STATE=getMsg HTTP/1.1" 200 27
221.239.141.151 - - [02/Oct/2022:11:58:53 +0800] "GET /xingrg/kc/buy/cgsh_order_add.html HTTP/1.1" 200 68946
221.239.141.151 - - [02/Oct/2022:11:58:54 +0800] "POST /xingrg/kc/buy/cgsh_order_operate.html HTTP/1.1" 200 8245
