222.70.183.206 - - [02/Oct/2022:09:35:56 +0800] "POST /xingrg/kc/buy/cgsh_order_operate.html HTTP/1.1" 200 2658
116.224.255.128 - - [02/Oct/2022:09:36:02 +0800] "GET /xingrg/all/function/internal_message.html?_=1664674478740&CODE_STATE=getMsg HTTP/1.1" 200 27
222.70.183.206 - - [02/Oct/2022:09:36:06 +0800] "POST /xingrg/kc/buy/cgsh_order_operate.html HTTP/1.1" 200 37
114.83.219.57 - - [02/Oct/2022:09:36:07 +0800] "GET /xingrg/check_reg.html?_=1664674655911 HTTP/1.1" 200 22
114.83.219.57 - - [02/Oct/2022:09:36:07 +0800] "GET /xingrg/all/function/internal_message.html?_=1664674655913&CODE_STATE=getMsg HTTP/1.1" 200 27
222.70.183.206 - - [02/Oct/2022:09:36:08 +0800] "POST /xingrg/kc/buy/cgsh_order_operate.html HTTP/1.1" 200 2658
124.79.74.72 - - [02/Oct/2022:09:36:08 +0800] "GET /xingrg/all/function/internal_message.html?_=1664674564862&CODE_STATE=getMsg HTTP/1.1" 200 27
124.79.74.72 - - [02/Oct/2022:09:36:08 +0800] "GET /xingrg/check_reg.html?_=1664674564863 HTTP/1.1" 200 22
222.70.183.206 - - [02/Oct/2022:09:36:09 +0800] "GET /xingrg/kc/print/load_config.html?kc_code=cgsh HTTP/1.1" 200 1943
222.70.183.206 - - [02/Oct/2022:09:36:09 +0800] "GET /xingrg/kc/print/load_data.html?order_code=212022100100344&kc_code=cgsh&condition= HTTP/1.1" 200 650
116.230.105.139 - - [02/Oct/2022:09:36:14 +0800] "GET /xingrg/all/function/internal_message.html?_=1664674557436&CODE_STATE=getMsg HTTP/1.1" 200 27
114.84.81.136 - - [02/Oct/2022:09:36:22 +0800] "GET /xingrg/all/function/internal_message.html?_=1664674580768&CODE_STATE=getMsg HTTP/1.1" 200 27
124.79.74.72 - - [02/Oct/2022:09:36:37 +0800] "GET /xingrg/all/function/internal_message.html?_=1664674593990&CODE_STATE=getMsg HTTP/1.1" 200 27
124.79.246.218 - - [02/Oct/2022:09:36:37 +0800] "GET /xingrg/all/function/internal_message.html?_=1664674796165&CODE_STATE=getMsg HTTP/1.1" 200 27
116.225.121.189 - - [02/Oct/2022:09:36:40 +0800] "GET /xingrg/all/function/internal_message.html?_=1664674599624&CODE_STATE=getMsg HTTP/1.1" 200 27
222.70.183.206 - - [02/Oct/2022:09:36:49 +0800] "GET /xingrg/all/function/internal_message.html?_=1664674602454&CODE_STATE=getMsg HTTP/1.1" 200 27
58.37.4.145 - - [02/Oct/2022:09:36:50 +0800] "GET /xingrg/all/function/internal_message.html?_=1664674608288&CODE_STATE=getMsg HTTP/1.1" 200 27
116.225.121.189 - - [02/Oct/2022:09:36:50 +0800] "GET /xingrg/all/function/internal_message.html?_=1664674465336&CODE_STATE=getMsg HTTP/1.1" 200 27
116.230.114.213 - - [02/Oct/2022:09:36:55 +0800] "GET /xingrg/all/function/internal_message.html?_=1664674638672&CODE_STATE=getMsg HTTP/1.1" 200 27
116.224.255.128 - - [02/Oct/2022:09:37:02 +0800] "GET /xingrg/all/function/internal_message.html?_=1664674538902&CODE_STATE=getMsg HTTP/1.1" 200 27
114.83.219.57 - - [02/Oct/2022:09:37:07 +0800] "GET /xingrg/all/function/internal_message.html?_=1664674715905&CODE_STATE=getMsg HTTP/1.1" 200 27
124.79.74.72 - - [02/Oct/2022:09:37:08 +0800] "GET /xingrg/all/function/internal_message.html?_=1664674624862&CODE_STATE=getMsg HTTP/1.1" 200 27
116.230.105.139 - - [02/Oct/2022:09:37:09 +0800] "GET /xingrg/check_reg.html?_=1664674613052 HTTP/1.1" 200 22
116.230.105.139 - - [02/Oct/2022:09:37:14 +0800] "GET /xingrg/all/function/internal_message.html?_=1664674617418&CODE_STATE=getMsg HTTP/1.1" 200 27
114.84.81.136 - - [02/Oct/2022:09:37:22 +0800] "GET /xingrg/all/function/internal_message.html?_=1664674640768&CODE_STATE=getMsg HTTP/1.1" 200 27
124.79.74.72 - - [02/Oct/2022:09:37:37 +0800] "GET /xingrg/all/function/internal_message.html?_=1664674653996&CODE_STATE=getMsg HTTP/1.1" 200 27
124.79.246.218 - - [02/Oct/2022:09:37:37 +0800] "GET /xingrg/all/function/internal_message.html?_=1664674856170&CODE_STATE=getMsg HTTP/1.1" 200 27
116.225.121.189 - - [02/Oct/2022:09:37:40 +0800] "GET /xingrg/all/function/internal_message.html?_=1664674659597&CODE_STATE=getMsg HTTP/1.1" 200 27
116.225.121.189 - - [02/Oct/2022:09:37:40 +0800] "GET /xingrg/check_reg.html?_=1664674659926 HTTP/1.1" 200 22
222.70.183.206 - - [02/Oct/2022:09:37:49 +0800] "GET /xingrg/all/function/internal_message.html?_=1664674662446&CODE_STATE=getMsg HTTP/1.1" 200 27
58.37.4.145 - - [02/Oct/2022:09:37:50 +0800] "GET /xingrg/all/function/internal_message.html?_=1664674668260&CODE_STATE=getMsg HTTP/1.1" 200 27
116.225.121.189 - - [02/Oct/2022:09:37:50 +0800] "GET /xingrg/all/function/internal_message.html?_=1664674525327&CODE_STATE=getMsg HTTP/1.1" 200 27
116.230.114.213 - - [02/Oct/2022:09:37:55 +0800] "GET /xingrg/all/function/internal_message.html?_=1664674699383&CODE_STATE=getMsg HTTP/1.1" 200 27
116.230.114.213 - - [02/Oct/2022:09:38:01 +0800] "GET /xingrg/check_reg.html?_=1664674704666 HTTP/1.1" 200 22
116.224.255.128 - - [02/Oct/2022:09:38:02 +0800] "GET /xingrg/check_reg.html?_=1664674598304 HTTP/1.1" 200 22
116.224.255.128 - - [02/Oct/2022:09:38:03 +0800] "GET /xingrg/all/function/internal_message.html?_=1664674599128&CODE_STATE=getMsg HTTP/1.1" 200 27
114.83.219.57 - - [02/Oct/2022:09:38:07 +0800] "GET /xingrg/all/function/internal_message.html?_=1664674775897&CODE_STATE=getMsg HTTP/1.1" 200 27
124.79.74.72 - - [02/Oct/2022:09:38:08 +0800] "GET /xingrg/all/function/internal_message.html?_=1664674684861&CODE_STATE=getMsg HTTP/1.1" 200 27
116.230.114.213 - - [02/Oct/2022:09:38:12 +0800] "GET /xingrg/check_reg.html?_=1664674711928 HTTP/1.1" 302 -
116.230.105.139 - - [02/Oct/2022:09:38:14 +0800] "GET /xingrg/all/function/internal_message.html?_=1664674677399&CODE_STATE=getMsg HTTP/1.1" 200 27
222.70.183.206 - - [02/Oct/2022:09:38:17 +0800] "POST /xingrg/kc/buy/cgsh_list_operate.html HTTP/1.1" 200 4
58.37.225.234 - - [02/Oct/2022:09:38:19 +0800] "GET /xingrg/kc/buy/cgsh_order_add.html HTTP/1.1" 200 68905
58.37.225.234 - - [02/Oct/2022:09:38:20 +0800] "GET /xingrg/words/20221001163054_words.js HTTP/1.1" 304 -
58.37.225.234 - - [02/Oct/2022:09:38:20 +0800] "POST /xingrg/kc/buy/cgsh_order_operate.html HTTP/1.1" 200 8245
58.37.225.234 - - [02/Oct/2022:09:38:20 +0800] "GET /xingrg/all/common/auto_word.html?type=employee&rest_code=00141 HTTP/1.1" 200 201
58.37.225.234 - - [02/Oct/2022:09:38:20 +0800] "GET /xingrg/javascript/easyui/themes/default/validatebox.css HTTP/1.1" 404 1104
58.37.225.234 - - [02/Oct/2022:09:38:20 +0800] "GET /xingrg/all/common/auto_word.html?type=employee&rest_code=00141 HTTP/1.1" 200 201
114.84.81.136 - - [02/Oct/2022:09:38:22 +0800] "GET /xingrg/all/function/internal_message.html?_=1664674700768&CODE_STATE=getMsg HTTP/1.1" 200 27
116.230.105.139 - - [02/Oct/2022:09:38:30 +0800] "POST /xingrg/services/DataTransmitService HTTP/1.1" 200 524
222.70.183.206 - - [02/Oct/2022:09:38:31 +0800] "POST /xingrg/kc/buy/cgsh_list_operate.html HTTP/1.1" 200 5928
124.79.74.72 - - [02/Oct/2022:09:38:37 +0800] "GET /xingrg/all/function/internal_message.html?_=1664674714000&CODE_STATE=getMsg HTTP/1.1" 200 27
124.79.246.218 - - [02/Oct/2022:09:38:37 +0800] "GET /xingrg/check_reg.html?_=1664674916157 HTTP/1.1" 200 22
124.79.246.218 - - [02/Oct/2022:09:38:37 +0800] "GET /xingrg/all/function/internal_message.html?_=1664674916158&CODE_STATE=getMsg HTTP/1.1" 200 27
116.225.121.189 - - [02/Oct/2022:09:38:40 +0800] "GET /xingrg/all/function/internal_message.html?_=1664674719565&CODE_STATE=getMsg HTTP/1.1" 200 27
222.70.183.206 - - [02/Oct/2022:09:38:49 +0800] "GET /xingrg/all/function/internal_message.html?_=1664674722455&CODE_STATE=getMsg HTTP/1.1" 200 27
58.37.4.145 - - [02/Oct/2022:09:38:50 +0800] "GET /xingrg/all/function/internal_message.html?_=1664674728230&CODE_STATE=getMsg HTTP/1.1" 200 27
116.225.121.189 - - [02/Oct/2022:09:38:50 +0800] "GET /xingrg/all/function/internal_message.html?_=1664674585337&CODE_STATE=getMsg HTTP/1.1" 200 27
114.83.219.57 - - [02/Oct/2022:09:38:55 +0800] "POST /xingrg/kc/base/wldb_order_operate.html HTTP/1.1" 200 37
116.230.114.213 - - [02/Oct/2022:09:38:55 +0800] "GET /xingrg/all/function/internal_message.html?_=1664674759387&CODE_STATE=getMsg HTTP/1.1" 200 27
114.83.219.57 - - [02/Oct/2022:09:38:57 +0800] "POST /xingrg/kc/base/wldb_order_operate.html HTTP/1.1" 200 12
114.83.219.57 - - [02/Oct/2022:09:38:57 +0800] "POST /xingrg/kc/base/wldb_order_operate.html HTTP/1.1" 200 5257
116.224.255.128 - - [02/Oct/2022:09:39:03 +0800] "GET /xingrg/all/function/internal_message.html?_=1664674659155&CODE_STATE=getMsg HTTP/1.1" 200 27
114.83.219.57 - - [02/Oct/2022:09:39:05 +0800] "GET /xingrg/kc/base/wldb_order_info.html?code=422022100200094 HTTP/1.1" 200 26277
114.83.219.57 - - [02/Oct/2022:09:39:05 +0800] "GET /xingrg/javascript/easyui/themes/default/validatebox.css HTTP/1.1" 404 1104
114.83.219.57 - - [02/Oct/2022:09:39:05 +0800] "POST /xingrg/kc/base/wldb_order_operate.html HTTP/1.1" 200 3489
114.83.219.57 - - [02/Oct/2022:09:39:07 +0800] "GET /xingrg/all/function/internal_message.html?_=1664674835912&CODE_STATE=getMsg HTTP/1.1" 200 27
124.79.74.72 - - [02/Oct/2022:09:39:08 +0800] "GET /xingrg/all/function/internal_message.html?_=1664674744861&CODE_STATE=getMsg HTTP/1.1" 200 27
58.37.4.145 - - [02/Oct/2022:09:39:11 +0800] "GET /xingrg/check_reg.html?_=1664674749277 HTTP/1.1" 200 22
116.230.105.139 - - [02/Oct/2022:09:39:14 +0800] "GET /xingrg/all/function/internal_message.html?_=1664674737373&CODE_STATE=getMsg HTTP/1.1" 200 27
58.37.225.234 - - [02/Oct/2022:09:39:18 +0800] "GET /xingrg/kc/buy/cgsh_order_operate.html?command=get_materiel&rest_code=00141&code=00101007085&supplier_code=00100004&order_time=2022-10-02 HTTP/1.1" 200 432
222.70.183.206 - - [02/Oct/2022:09:39:19 +0800] "POST /xingrg/kc/buy/cgsh_list_operate.html HTTP/1.1" 200 4
114.84.81.136 - - [02/Oct/2022:09:39:22 +0800] "GET /xingrg/check_reg.html?_=1664674760781 HTTP/1.1" 200 22
114.84.81.136 - - [02/Oct/2022:09:39:22 +0800] "GET /xingrg/all/function/internal_message.html?_=1664674760783&CODE_STATE=getMsg HTTP/1.1" 200 27
222.70.183.206 - - [02/Oct/2022:09:39:22 +0800] "POST /xingrg/kc/buy/cgsh_list_operate.html HTTP/1.1" 200 5884
58.37.225.234 - - [02/Oct/2022:09:39:26 +0800] "GET /xingrg/kc/buy/cgsh_order_operate.html?command=get_materiel&rest_code=00141&code=00101007005&supplier_code=00100004&order_time=2022-10-02 HTTP/1.1" 200 409
124.79.74.72 - - [02/Oct/2022:09:39:37 +0800] "GET /xingrg/all/function/internal_message.html?_=1664674774002&CODE_STATE=getMsg HTTP/1.1" 200 27
124.79.246.218 - - [02/Oct/2022:09:39:37 +0800] "GET /xingrg/all/function/internal_message.html?_=1664674976158&CODE_STATE=getMsg HTTP/1.1" 200 27
116.225.121.189 - - [02/Oct/2022:09:39:39 +0800] "GET /xingrg/all/function/internal_message.html?_=1664674779538&CODE_STATE=getMsg HTTP/1.1" 200 27
222.70.183.206 - - [02/Oct/2022:09:39:49 +0800] "GET /xingrg/all/function/internal_message.html?_=1664674782457&CODE_STATE=getMsg HTTP/1.1" 200 27
58.37.4.145 - - [02/Oct/2022:09:39:50 +0800] "GET /xingrg/all/function/internal_message.html?_=1664674788198&CODE_STATE=getMsg HTTP/1.1" 200 27
116.225.121.189 - - [02/Oct/2022:09:39:50 +0800] "GET /xingrg/all/function/internal_message.html?_=1664674645326&CODE_STATE=getMsg HTTP/1.1" 200 27
116.230.114.213 - - [02/Oct/2022:09:39:55 +0800] "GET /xingrg/all/function/internal_message.html?_=1664674819399&CODE_STATE=getMsg HTTP/1.1" 200 27
222.70.183.206 - - [02/Oct/2022:09:40:02 +0800] "POST /xingrg/kc/buy/cgsh_list_operate.html HTTP/1.1" 200 4
116.224.255.128 - - [02/Oct/2022:09:40:03 +0800] "GET /xingrg/all/function/internal_message.html?_=1664674719200&CODE_STATE=getMsg HTTP/1.1" 200 27
222.70.183.206 - - [02/Oct/2022:09:40:06 +0800] "POST /xingrg/kc/buy/cgsh_list_operate.html HTTP/1.1" 200 1873
114.83.219.57 - - [02/Oct/2022:09:40:07 +0800] "GET /xingrg/all/function/internal_message.html?_=1664674895908&CODE_STATE=getMsg HTTP/1.1" 200 27
124.79.74.72 - - [02/Oct/2022:09:40:08 +0800] "GET /xingrg/all/function/internal_message.html?_=1664674804862&CODE_STATE=getMsg HTTP/1.1" 200 27
58.37.225.234 - - [02/Oct/2022:09:40:12 +0800] "GET /xingrg/kc/buy/cgsh_order_operate.html?command=get_materiel&rest_code=00141&code=00101007061&supplier_code=00100004&order_time=2022-10-02 HTTP/1.1" 200 409
58.37.225.234 - - [02/Oct/2022:09:40:14 +0800] "GET /xingrg/check_reg.html?_=1664674465060 HTTP/1.1" 200 22
116.230.105.139 - - [02/Oct/2022:09:40:14 +0800] "GET /xingrg/all/function/internal_message.html?_=1664674797360&CODE_STATE=getMsg HTTP/1.1" 200 27
222.70.183.206 - - [02/Oct/2022:09:40:17 +0800] "POST /xingrg/kc/buy/cgsh_list_operate.html HTTP/1.1" 200 4
222.70.183.206 - - [02/Oct/2022:09:40:19 +0800] "POST /xingrg/kc/buy/cgsh_list_operate.html HTTP/1.1" 200 986
222.70.183.206 - - [02/Oct/2022:09:40:22 +0800] "GET /xingrg/kc/base/wldb_order_list.html HTTP/1.1" 200 19180
222.70.183.206 - - [02/Oct/2022:09:40:22 +0800] "POST /xingrg/kc/base/wldb_list_operate.html HTTP/1.1" 200 4909
114.84.81.136 - - [02/Oct/2022:09:40:22 +0800] "GET /xingrg/all/function/internal_message.html?_=1664674820768&CODE_STATE=getMsg HTTP/1.1" 200 27
222.70.183.206 - - [02/Oct/2022:09:40:23 +0800] "POST /xingrg/kc/buy/cgsh_list_operate.html HTTP/1.1" 200 986
124.79.74.72 - - [02/Oct/2022:09:40:37 +0800] "GET /xingrg/all/function/internal_message.html?_=1664674834004&CODE_STATE=getMsg HTTP/1.1" 200 27
124.79.74.72 - - [02/Oct/2022:09:40:37 +0800] "GET /xingrg/check_reg.html?_=1664674834005 HTTP/1.1" 200 22
124.79.246.218 - - [02/Oct/2022:09:40:37 +0800] "GET /xingrg/all/function/internal_message.html?_=1664675036160&CODE_STATE=getMsg HTTP/1.1" 200 27
116.225.121.189 - - [02/Oct/2022:09:40:39 +0800] "GET /xingrg/all/function/internal_message.html?_=1664674839521&CODE_STATE=getMsg HTTP/1.1" 200 27
58.37.225.234 - - [02/Oct/2022:09:40:48 +0800] "POST /xingrg/kc/buy/cgsh_order_operate.html HTTP/1.1" 200 37
222.70.183.206 - - [02/Oct/2022:09:40:49 +0800] "GET /xingrg/all/function/internal_message.html?_=1664674842458&CODE_STATE=getMsg HTTP/1.1" 200 27
222.70.183.206 - - [02/Oct/2022:09:40:49 +0800] "GET /xingrg/check_reg.html?_=1664674842461 HTTP/1.1" 200 22
58.37.4.145 - - [02/Oct/2022:09:40:50 +0800] "GET /xingrg/all/function/internal_message.html?_=1664674848169&CODE_STATE=getMsg HTTP/1.1" 200 27
116.225.121.189 - - [02/Oct/2022:09:40:50 +0800] "GET /xingrg/all/function/internal_message.html?_=1664674705328&CODE_STATE=getMsg HTTP/1.1" 200 27
116.225.121.189 - - [02/Oct/2022:09:40:50 +0800] "GET /xingrg/check_reg.html?_=1664674705331 HTTP/1.1" 200 22
116.230.114.213 - - [02/Oct/2022:09:40:56 +0800] "GET /xingrg/all/function/internal_message.html?_=1664674879971&CODE_STATE=getMsg HTTP/1.1" 200 27
58.37.225.234 - - [02/Oct/2022:09:40:58 +0800] "POST /xingrg/kc/buy/cgsh_order_operate.html HTTP/1.1" 200 12
58.37.225.234 - - [02/Oct/2022:09:41:00 +0800] "GET /xingrg/kc/buy/cgsh_order_info.html?code=212022100200410 HTTP/1.1" 200 63808
58.37.225.234 - - [02/Oct/2022:09:41:00 +0800] "GET /xingrg/javascript/easyui/themes/default/validatebox.css HTTP/1.1" 404 1104
58.37.225.234 - - [02/Oct/2022:09:41:01 +0800] "POST /xingrg/kc/buy/cgsh_order_operate.html HTTP/1.1" 200 2374
58.37.225.234 - - [02/Oct/2022:09:41:02 +0800] "GET /xingrg/kc/print/load_config.html?kc_code=cgsh HTTP/1.1" 200 1943
58.37.225.234 - - [02/Oct/2022:09:41:02 +0800] "GET /xingrg/kc/print/load_data.html?order_code=212022100200410&kc_code=cgsh&condition= HTTP/1.1" 200 1435
116.224.255.128 - - [02/Oct/2022:09:41:03 +0800] "GET /xingrg/all/function/internal_message.html?_=1664674779337&CODE_STATE=getMsg HTTP/1.1" 200 27
58.37.225.234 - - [02/Oct/2022:09:41:06 +0800] "GET /xingrg/kc/buy/cgsh_order_add.html HTTP/1.1" 200 68905
58.37.225.234 - - [02/Oct/2022:09:41:06 +0800] "POST /xingrg/kc/buy/cgsh_order_operate.html HTTP/1.1" 200 8245
58.37.225.234 - - [02/Oct/2022:09:41:07 +0800] "GET /xingrg/javascript/easyui/themes/default/validatebox.css HTTP/1.1" 404 1104
114.83.219.57 - - [02/Oct/2022:09:41:07 +0800] "GET /xingrg/all/function/internal_message.html?_=1664674955899&CODE_STATE=getMsg HTTP/1.1" 200 27
114.83.219.57 - - [02/Oct/2022:09:41:07 +0800] "GET /xingrg/check_reg.html?_=1664674955899 HTTP/1.1" 200 22
124.79.74.72 - - [02/Oct/2022:09:41:08 +0800] "GET /xingrg/all/function/internal_message.html?_=1664674864861&CODE_STATE=getMsg HTTP/1.1" 200 27
124.79.74.72 - - [02/Oct/2022:09:41:08 +0800] "GET /xingrg/check_reg.html?_=1664674864862 HTTP/1.1" 200 22
222.70.183.206 - - [02/Oct/2022:09:41:09 +0800] "POST /xingrg/kc/base/wldb_list_operate.html HTTP/1.1" 200 4
222.70.183.206 - - [02/Oct/2022:09:41:12 +0800] "POST /xingrg/kc/base/wldb_list_operate.html HTTP/1.1" 200 928
116.230.105.139 - - [02/Oct/2022:09:41:14 +0800] "GET /xingrg/all/function/internal_message.html?_=1664674857350&CODE_STATE=getMsg HTTP/1.1" 200 27
116.224.255.128 - - [02/Oct/2022:09:41:14 +0800] "POST /xingrg/services/DataTransmitService HTTP/1.1" 200 524
114.84.81.136 - - [02/Oct/2022:09:41:22 +0800] "GET /xingrg/all/function/internal_message.html?_=1664674880773&CODE_STATE=getMsg HTTP/1.1" 200 27
124.79.74.72 - - [02/Oct/2022:09:41:37 +0800] "GET /xingrg/all/function/internal_message.html?_=1664674893989&CODE_STATE=getMsg HTTP/1.1" 200 27
124.79.246.218 - - [02/Oct/2022:09:41:37 +0800] "GET /xingrg/all/function/internal_message.html?_=1664675096160&CODE_STATE=getMsg HTTP/1.1" 200 27
116.225.121.189 - - [02/Oct/2022:09:41:39 +0800] "GET /xingrg/all/function/internal_message.html?_=1664674899489&CODE_STATE=getMsg HTTP/1.1" 200 27
58.37.225.234 - - [02/Oct/2022:09:41:47 +0800] "GET /xingrg/kc/buy/cgsh_order_operate.html?command=get_materiel&rest_code=00141&code=00101011005&supplier_code=00100036&order_time=2022-10-02 HTTP/1.1" 200 428
58.37.4.145 - - [02/Oct/2022:09:41:50 +0800] "GET /xingrg/all/function/internal_message.html?_=1664674908140&CODE_STATE=getMsg HTTP/1.1" 200 27
116.225.121.189 - - [02/Oct/2022:09:41:50 +0800] "GET /xingrg/all/function/internal_message.html?_=1664674765317&CODE_STATE=getMsg HTTP/1.1" 200 27
116.230.114.213 - - [02/Oct/2022:09:41:56 +0800] "GET /xingrg/all/function/internal_message.html?_=1664674939973&CODE_STATE=getMsg HTTP/1.1" 200 27
58.37.225.234 - - [02/Oct/2022:09:41:59 +0800] "GET /xingrg/kc/buy/cgsh_order_operate.html?command=get_materiel&rest_code=00141&code=00101012059&supplier_code=00100036&order_time=2022-10-02 HTTP/1.1" 200 413
116.224.255.128 - - [02/Oct/2022:09:42:03 +0800] "GET /xingrg/all/function/internal_message.html?_=1664674839352&CODE_STATE=getMsg HTTP/1.1" 200 27
58.37.225.234 - - [02/Oct/2022:09:42:07 +0800] "GET /xingrg/kc/buy/cgsh_order_operate.html?command=get_materiel&rest_code=00141&code=00101016025&supplier_code=00100036&order_time=2022-10-02 HTTP/1.1" 200 408
114.83.219.57 - - [02/Oct/2022:09:42:07 +0800] "GET /xingrg/all/function/internal_message.html?_=1664675015913&CODE_STATE=getMsg HTTP/1.1" 200 27
124.79.74.72 - - [02/Oct/2022:09:42:08 +0800] "GET /xingrg/all/function/internal_message.html?_=1664674924861&CODE_STATE=getMsg HTTP/1.1" 200 27
116.230.105.139 - - [02/Oct/2022:09:42:09 +0800] "GET /xingrg/check_reg.html?_=1664674913061 HTTP/1.1" 200 22
58.37.225.234 - - [02/Oct/2022:09:42:14 +0800] "GET /xingrg/kc/buy/cgsh_order_operate.html?command=get_materiel&rest_code=00141&code=00101012038&supplier_code=00100036&order_time=2022-10-02 HTTP/1.1" 200 412
116.230.105.139 - - [02/Oct/2022:09:42:14 +0800] "GET /xingrg/all/function/internal_message.html?_=1664674917340&CODE_STATE=getMsg HTTP/1.1" 200 27
114.84.81.136 - - [02/Oct/2022:09:42:22 +0800] "GET /xingrg/all/function/internal_message.html?_=1664674940766&CODE_STATE=getMsg HTTP/1.1" 200 27
58.37.225.234 - - [02/Oct/2022:09:42:23 +0800] "GET /xingrg/kc/buy/cgsh_order_operate.html?command=get_materiel&rest_code=00141&code=00101012026&supplier_code=00100036&order_time=2022-10-02 HTTP/1.1" 200 408
220.250.46.172 - - [02/Oct/2022:09:42:35 +0800] "GET /favicon.ico HTTP/1.1" 404 -
58.37.225.234 - - [02/Oct/2022:09:42:35 +0800] "GET /xingrg/kc/buy/cgsh_order_operate.html?command=get_materiel&rest_code=00141&code=00101011001&supplier_code=00100036&order_time=2022-10-02 HTTP/1.1" 200 423
124.79.74.72 - - [02/Oct/2022:09:42:37 +0800] "GET /xingrg/all/function/internal_message.html?_=1664674953990&CODE_STATE=getMsg HTTP/1.1" 200 27
124.79.246.218 - - [02/Oct/2022:09:42:37 +0800] "GET /xingrg/all/function/internal_message.html?_=1664675156164&CODE_STATE=getMsg HTTP/1.1" 200 27
116.225.121.189 - - [02/Oct/2022:09:42:39 +0800] "GET /xingrg/all/function/internal_message.html?_=1664674959457&CODE_STATE=getMsg HTTP/1.1" 200 27
116.225.121.189 - - [02/Oct/2022:09:42:40 +0800] "GET /xingrg/check_reg.html?_=1664674959907 HTTP/1.1" 200 22
58.37.225.234 - - [02/Oct/2022:09:42:47 +0800] "GET /xingrg/kc/buy/cgsh_order_operate.html?command=get_materiel&rest_code=00141&code=00101016010&supplier_code=00100036&order_time=2022-10-02 HTTP/1.1" 200 408
58.37.4.145 - - [02/Oct/2022:09:42:50 +0800] "GET /xingrg/all/function/internal_message.html?_=1664674968108&CODE_STATE=getMsg HTTP/1.1" 200 27
116.225.121.189 - - [02/Oct/2022:09:42:50 +0800] "GET /xingrg/all/function/internal_message.html?_=1664674825326&CODE_STATE=getMsg HTTP/1.1" 200 27
116.230.114.213 - - [02/Oct/2022:09:42:57 +0800] "GET /xingrg/all/function/internal_message.html?_=1664675000663&CODE_STATE=getMsg HTTP/1.1" 200 27
58.37.225.234 - - [02/Oct/2022:09:42:59 +0800] "GET /xingrg/kc/buy/cgsh_order_operate.html?command=get_materiel&rest_code=00141&code=00101016105&supplier_code=00100036&order_time=2022-10-02 HTTP/1.1" 200 409
116.230.114.213 - - [02/Oct/2022:09:43:01 +0800] "GET /xingrg/check_reg.html?_=1664675004670 HTTP/1.1" 200 22
116.224.255.128 - - [02/Oct/2022:09:43:02 +0800] "GET /xingrg/check_reg.html?_=1664674898470 HTTP/1.1" 200 22
116.224.255.128 - - [02/Oct/2022:09:43:03 +0800] "GET /xingrg/all/function/internal_message.html?_=1664674899365&CODE_STATE=getMsg HTTP/1.1" 200 27
114.83.219.57 - - [02/Oct/2022:09:43:07 +0800] "GET /xingrg/all/function/internal_message.html?_=1664675075908&CODE_STATE=getMsg HTTP/1.1" 200 27
124.79.74.72 - - [02/Oct/2022:09:43:08 +0800] "GET /xingrg/all/function/internal_message.html?_=1664674984861&CODE_STATE=getMsg HTTP/1.1" 200 27
116.230.114.213 - - [02/Oct/2022:09:43:12 +0800] "GET /xingrg/check_reg.html?_=1664675011943 HTTP/1.1" 302 -
116.230.105.139 - - [02/Oct/2022:09:43:14 +0800] "GET /xingrg/all/function/internal_message.html?_=1664674977325&CODE_STATE=getMsg HTTP/1.1" 200 27
58.37.225.234 - - [02/Oct/2022:09:43:15 +0800] "POST /xingrg/kc/buy/cgsh_order_operate.html HTTP/1.1" 200 37
58.37.225.234 - - [02/Oct/2022:09:43:21 +0800] "POST /xingrg/kc/buy/cgsh_order_operate.html HTTP/1.1" 200 12
114.84.81.136 - - [02/Oct/2022:09:43:22 +0800] "GET /xingrg/all/function/internal_message.html?_=1664675000779&CODE_STATE=getMsg HTTP/1.1" 200 27
58.37.225.234 - - [02/Oct/2022:09:43:22 +0800] "GET /xingrg/kc/buy/cgsh_order_info.html?code=212022100200411 HTTP/1.1" 200 63810
58.37.225.234 - - [02/Oct/2022:09:43:23 +0800] "GET /xingrg/javascript/easyui/themes/default/validatebox.css HTTP/1.1" 404 1104
58.37.225.234 - - [02/Oct/2022:09:43:24 +0800] "POST /xingrg/kc/buy/cgsh_order_operate.html HTTP/1.1" 200 4743
58.37.225.234 - - [02/Oct/2022:09:43:25 +0800] "GET /xingrg/kc/print/load_data.html?order_code=212022100200411&kc_code=cgsh&condition= HTTP/1.1" 200 2358
58.37.225.234 - - [02/Oct/2022:09:43:29 +0800] "GET /xingrg/kc/buy/cgsh_order_add.html HTTP/1.1" 200 68905
58.37.225.234 - - [02/Oct/2022:09:43:29 +0800] "POST /xingrg/kc/buy/cgsh_order_operate.html HTTP/1.1" 200 8245
58.37.225.234 - - [02/Oct/2022:09:43:29 +0800] "GET /xingrg/javascript/easyui/themes/default/validatebox.css HTTP/1.1" 404 1104
124.79.74.72 - - [02/Oct/2022:09:43:37 +0800] "GET /xingrg/all/function/internal_message.html?_=1664675013995&CODE_STATE=getMsg HTTP/1.1" 200 27
124.79.246.218 - - [02/Oct/2022:09:43:37 +0800] "GET /xingrg/check_reg.html?_=1664675216164 HTTP/1.1" 200 22
124.79.246.218 - - [02/Oct/2022:09:43:37 +0800] "GET /xingrg/all/function/internal_message.html?_=1664675216165&CODE_STATE=getMsg HTTP/1.1" 200 27
58.37.225.234 - - [02/Oct/2022:09:43:39 +0800] "GET /xingrg/kc/buy/cgsh_order_operate.html?command=get_materiel&rest_code=00141&code=00101006110&supplier_code=00100012&order_time=2022-10-02 HTTP/1.1" 200 408
116.225.121.189 - - [02/Oct/2022:09:43:39 +0800] "GET /xingrg/all/function/internal_message.html?_=1664675019425&CODE_STATE=getMsg HTTP/1.1" 200 27
58.37.225.234 - - [02/Oct/2022:09:43:45 +0800] "GET /xingrg/kc/buy/cgsh_order_operate.html?command=get_materiel&rest_code=00141&code=00101006111&supplier_code=00100012&order_time=2022-10-02 HTTP/1.1" 200 409
58.37.4.145 - - [02/Oct/2022:09:43:50 +0800] "GET /xingrg/all/function/internal_message.html?_=1664675028083&CODE_STATE=getMsg HTTP/1.1" 200 27
116.225.121.189 - - [02/Oct/2022:09:43:50 +0800] "GET /xingrg/all/function/internal_message.html?_=1664674885326&CODE_STATE=getMsg HTTP/1.1" 200 27
58.37.225.234 - - [02/Oct/2022:09:43:56 +0800] "GET /xingrg/kc/buy/cgsh_order_operate.html?command=get_materiel&rest_code=00141&code=00101006129&supplier_code=00100012&order_time=2022-10-02 HTTP/1.1" 200 431
116.230.114.213 - - [02/Oct/2022:09:43:57 +0800] "GET /xingrg/all/function/internal_message.html?_=1664675060670&CODE_STATE=getMsg HTTP/1.1" 200 27
116.224.255.128 - - [02/Oct/2022:09:44:03 +0800] "GET /xingrg/all/function/internal_message.html?_=1664674959509&CODE_STATE=getMsg HTTP/1.1" 200 27
114.83.219.57 - - [02/Oct/2022:09:44:07 +0800] "GET /xingrg/all/function/internal_message.html?_=1664675135910&CODE_STATE=getMsg HTTP/1.1" 200 27
124.79.74.72 - - [02/Oct/2022:09:44:08 +0800] "GET /xingrg/all/function/internal_message.html?_=1664675044861&CODE_STATE=getMsg HTTP/1.1" 200 27
58.37.225.234 - - [02/Oct/2022:09:44:09 +0800] "GET /xingrg/kc/buy/cgsh_order_operate.html?command=get_materiel&rest_code=00141&code=00101006168&supplier_code=00100012&order_time=2022-10-02 HTTP/1.1" 200 421
58.37.4.145 - - [02/Oct/2022:09:44:11 +0800] "GET /xingrg/check_reg.html?_=1664675049251 HTTP/1.1" 200 22
116.230.105.139 - - [02/Oct/2022:09:44:14 +0800] "GET /xingrg/all/function/internal_message.html?_=1664675037309&CODE_STATE=getMsg HTTP/1.1" 200 27
114.84.81.136 - - [02/Oct/2022:09:44:22 +0800] "GET /xingrg/all/function/internal_message.html?_=1664675060763&CODE_STATE=getMsg HTTP/1.1" 200 27
114.84.81.136 - - [02/Oct/2022:09:44:22 +0800] "GET /xingrg/check_reg.html?_=1664675060765 HTTP/1.1" 200 22
58.37.225.234 - - [02/Oct/2022:09:44:31 +0800] "GET /xingrg/kc/buy/cgsh_order_operate.html?command=get_materiel&rest_code=00141&code=00101006006&supplier_code=00100012&order_time=2022-10-02 HTTP/1.1" 200 409
124.79.74.72 - - [02/Oct/2022:09:44:37 +0800] "GET /xingrg/all/function/internal_message.html?_=1664675074000&CODE_STATE=getMsg HTTP/1.1" 200 27
124.79.246.218 - - [02/Oct/2022:09:44:37 +0800] "GET /xingrg/all/function/internal_message.html?_=1664675276167&CODE_STATE=getMsg HTTP/1.1" 200 27
116.230.114.213 - - [02/Oct/2022:09:44:38 +0800] "POST /xingrg/kc/buy/cgsh_list_operate.html HTTP/1.1" 200 4275
116.225.121.189 - - [02/Oct/2022:09:44:39 +0800] "GET /xingrg/all/function/internal_message.html?_=1664675079400&CODE_STATE=getMsg HTTP/1.1" 200 27
58.37.225.234 - - [02/Oct/2022:09:44:40 +0800] "GET /xingrg/kc/buy/cgsh_order_operate.html?command=get_materiel&rest_code=00141&code=00101006293&supplier_code=00100012&order_time=2022-10-02 HTTP/1.1" 200 430
116.230.114.213 - - [02/Oct/2022:09:44:41 +0800] "GET /xingrg/kc/buy/cgsh_order_add.html HTTP/1.1" 200 68867
116.230.114.213 - - [02/Oct/2022:09:44:42 +0800] "POST /xingrg/kc/buy/cgsh_order_operate.html HTTP/1.1" 200 8245
116.230.114.213 - - [02/Oct/2022:09:44:42 +0800] "GET /xingrg/javascript/easyui/themes/default/validatebox.css HTTP/1.1" 404 1104
58.37.4.145 - - [02/Oct/2022:09:44:50 +0800] "GET /xingrg/all/function/internal_message.html?_=1664675088057&CODE_STATE=getMsg HTTP/1.1" 200 27
116.225.121.189 - - [02/Oct/2022:09:44:50 +0800] "GET /xingrg/all/function/internal_message.html?_=1664674945326&CODE_STATE=getMsg HTTP/1.1" 200 27
58.37.225.234 - - [02/Oct/2022:09:44:54 +0800] "GET /xingrg/kc/buy/cgsh_order_operate.html?command=get_materiel&rest_code=00141&code=00101006174&supplier_code=00100012&order_time=2022-10-02 HTTP/1.1" 200 414
116.230.114.213 - - [02/Oct/2022:09:44:57 +0800] "GET /xingrg/all/function/internal_message.html?_=1664675120684&CODE_STATE=getMsg HTTP/1.1" 200 27
116.224.255.128 - - [02/Oct/2022:09:45:03 +0800] "GET /xingrg/all/function/internal_message.html?_=1664675019517&CODE_STATE=getMsg HTTP/1.1" 200 27
58.37.225.234 - - [02/Oct/2022:09:45:04 +0800] "GET /xingrg/kc/buy/cgsh_order_operate.html?command=get_materiel&rest_code=00141&code=00101006109&supplier_code=00100012&order_time=2022-10-02 HTTP/1.1" 200 409
116.230.114.213 - - [02/Oct/2022:09:45:06 +0800] "GET /xingrg/kc/buy/cgsh_order_operate.html?command=get_materiel&rest_code=00146&code=00101008083&supplier_code=00100005&order_time=2022-10-02 HTTP/1.1" 200 428
114.83.219.57 - - [02/Oct/2022:09:45:07 +0800] "GET /xingrg/all/function/internal_message.html?_=1664675195910&CODE_STATE=getMsg HTTP/1.1" 200 27
124.79.74.72 - - [02/Oct/2022:09:45:08 +0800] "GET /xingrg/all/function/internal_message.html?_=1664675104862&CODE_STATE=getMsg HTTP/1.1" 200 27
116.230.114.213 - - [02/Oct/2022:09:45:09 +0800] "POST /xingrg/all/common/load_select.html HTTP/1.1" 200 25
58.37.225.234 - - [02/Oct/2022:09:45:12 +0800] "GET /xingrg/kc/buy/cgsh_order_operate.html?command=get_materiel&rest_code=00141&code=00101006056&supplier_code=00100012&order_time=2022-10-02 HTTP/1.1" 200 413
116.230.105.139 - - [02/Oct/2022:09:45:14 +0800] "GET /xingrg/all/function/internal_message.html?_=1664675097292&CODE_STATE=getMsg HTTP/1.1" 200 27
58.37.225.234 - - [02/Oct/2022:09:45:14 +0800] "GET /xingrg/check_reg.html?_=1664674765112 HTTP/1.1" 200 22
116.230.114.213 - - [02/Oct/2022:09:45:17 +0800] "GET /xingrg/kc/buy/cgsh_order_operate.html?command=get_materiel_price&rest_code=00146&code=00101008083&unit_code=00100026&supplier_code=00100005&order_time=2022-10-02 HTTP/1.1" 200 27
114.84.81.136 - - [02/Oct/2022:09:45:22 +0800] "GET /xingrg/all/function/internal_message.html?_=1664675120793&CODE_STATE=getMsg HTTP/1.1" 200 27
58.37.225.234 - - [02/Oct/2022:09:45:23 +0800] "GET /xingrg/kc/buy/cgsh_order_operate.html?command=get_materiel&rest_code=00141&code=00101006178&supplier_code=00100012&order_time=2022-10-02 HTTP/1.1" 200 409
58.37.225.234 - - [02/Oct/2022:09:45:25 +0800] "POST /xingrg/services/DataTransmitService HTTP/1.1" 200 524
124.79.74.72 - - [02/Oct/2022:09:45:37 +0800] "GET /xingrg/all/function/internal_message.html?_=1664675134002&CODE_STATE=getMsg HTTP/1.1" 200 27
124.79.74.72 - - [02/Oct/2022:09:45:37 +0800] "GET /xingrg/check_reg.html?_=1664675134005 HTTP/1.1" 200 22
124.79.246.218 - - [02/Oct/2022:09:45:37 +0800] "GET /xingrg/all/function/internal_message.html?_=1664675336168&CODE_STATE=getMsg HTTP/1.1" 200 27
116.225.121.189 - - [02/Oct/2022:09:45:39 +0800] "GET /xingrg/all/function/internal_message.html?_=1664675139377&CODE_STATE=getMsg HTTP/1.1" 200 27
58.37.225.234 - - [02/Oct/2022:09:45:48 +0800] "POST /xingrg/kc/buy/cgsh_order_operate.html HTTP/1.1" 200 37
58.37.4.145 - - [02/Oct/2022:09:45:50 +0800] "GET /xingrg/all/function/internal_message.html?_=1664675148032&CODE_STATE=getMsg HTTP/1.1" 200 27
116.225.121.189 - - [02/Oct/2022:09:45:50 +0800] "GET /xingrg/all/function/internal_message.html?_=1664675005336&CODE_STATE=getMsg HTTP/1.1" 200 27
116.225.121.189 - - [02/Oct/2022:09:45:51 +0800] "GET /xingrg/check_reg.html?_=1664675005339 HTTP/1.1" 200 22
116.230.114.213 - - [02/Oct/2022:09:45:51 +0800] "GET /xingrg/kc/buy/cgsh_order_operate.html?command=get_materiel&rest_code=00146&code=00101008246&supplier_code=00100005&order_time=2022-10-02 HTTP/1.1" 200 408
116.224.255.128 - - [02/Oct/2022:09:45:51 +0800] "GET /xingrg/kc/buy/cgsh_order_operate.html?command=get_materiel&rest_code=00150&code=00101008270&supplier_code=00100008&order_time=2022-10-02 HTTP/1.1" 200 412
58.37.225.234 - - [02/Oct/2022:09:45:54 +0800] "POST /xingrg/kc/buy/cgsh_order_operate.html HTTP/1.1" 200 12
58.37.225.234 - - [02/Oct/2022:09:45:55 +0800] "GET /xingrg/kc/buy/cgsh_order_info.html?code=212022100200412 HTTP/1.1" 200 63808
58.37.225.234 - - [02/Oct/2022:09:45:55 +0800] "GET /xingrg/javascript/easyui/themes/default/validatebox.css HTTP/1.1" 404 1104
58.37.225.234 - - [02/Oct/2022:09:45:57 +0800] "POST /xingrg/kc/buy/cgsh_order_operate.html HTTP/1.1" 200 5988
116.230.114.213 - - [02/Oct/2022:09:45:57 +0800] "GET /xingrg/all/function/internal_message.html?_=1664675180699&CODE_STATE=getMsg HTTP/1.1" 200 27
58.37.225.234 - - [02/Oct/2022:09:45:58 +0800] "GET /xingrg/kc/print/load_data.html?order_code=212022100200412&kc_code=cgsh&condition= HTTP/1.1" 200 2887
58.37.225.234 - - [02/Oct/2022:09:46:02 +0800] "GET /xingrg/kc/buy/cgsh_order_add.html HTTP/1.1" 200 68905
58.37.225.234 - - [02/Oct/2022:09:46:02 +0800] "POST /xingrg/kc/buy/cgsh_order_operate.html HTTP/1.1" 200 8245
58.37.225.234 - - [02/Oct/2022:09:46:02 +0800] "GET /xingrg/javascript/easyui/themes/default/validatebox.css HTTP/1.1" 404 1104
114.83.219.57 - - [02/Oct/2022:09:46:07 +0800] "GET /xingrg/check_reg.html?_=1664675255899 HTTP/1.1" 200 22
114.83.219.57 - - [02/Oct/2022:09:46:07 +0800] "GET /xingrg/all/function/internal_message.html?_=1664675255901&CODE_STATE=getMsg HTTP/1.1" 200 27
116.224.255.128 - - [02/Oct/2022:09:46:08 +0800] "POST /xingrg/kc/buy/cgsh_order_operate.html HTTP/1.1" 200 37
124.79.74.72 - - [02/Oct/2022:09:46:08 +0800] "GET /xingrg/all/function/internal_message.html?_=1664675164861&CODE_STATE=getMsg HTTP/1.1" 200 27
124.79.74.72 - - [02/Oct/2022:09:46:08 +0800] "GET /xingrg/check_reg.html?_=1664675164863 HTTP/1.1" 200 22
58.37.225.234 - - [02/Oct/2022:09:46:11 +0800] "GET /xingrg/kc/buy/cgsh_order_operate.html?command=get_materiel&rest_code=00141&code=00101005037&supplier_code=00100040&order_time=2022-10-02 HTTP/1.1" 200 409
116.224.255.128 - - [02/Oct/2022:09:46:13 +0800] "POST /xingrg/kc/buy/cgsh_order_operate.html HTTP/1.1" 200 31091
116.230.105.139 - - [02/Oct/2022:09:46:14 +0800] "GET /xingrg/all/function/internal_message.html?_=1664675157268&CODE_STATE=getMsg HTTP/1.1" 200 27
58.37.225.234 - - [02/Oct/2022:09:46:22 +0800] "GET /xingrg/kc/buy/cgsh_order_operate.html?command=get_materiel&rest_code=00141&code=00101004040&supplier_code=00100040&order_time=2022-10-02 HTTP/1.1" 200 413
114.84.81.136 - - [02/Oct/2022:09:46:22 +0800] "GET /xingrg/all/function/internal_message.html?_=1664675180803&CODE_STATE=getMsg HTTP/1.1" 200 27
58.37.225.234 - - [02/Oct/2022:09:46:34 +0800] "GET /xingrg/kc/buy/cgsh_order_operate.html?command=get_materiel&rest_code=00141&code=00101001075&supplier_code=00100040&order_time=2022-10-02 HTTP/1.1" 200 409
124.79.74.72 - - [02/Oct/2022:09:46:37 +0800] "GET /xingrg/all/function/internal_message.html?_=1664675193991&CODE_STATE=getMsg HTTP/1.1" 200 27
124.79.246.218 - - [02/Oct/2022:09:46:37 +0800] "GET /xingrg/all/function/internal_message.html?_=1664675396171&CODE_STATE=getMsg HTTP/1.1" 200 27
116.225.121.189 - - [02/Oct/2022:09:46:39 +0800] "GET /xingrg/all/function/internal_message.html?_=1664675199347&CODE_STATE=getMsg HTTP/1.1" 200 27
58.37.225.234 - - [02/Oct/2022:09:46:47 +0800] "POST /xingrg/kc/buy/cgsh_order_operate.html HTTP/1.1" 200 37
116.225.121.189 - - [02/Oct/2022:09:46:47 +0800] "POST /xingrg/kc/buy/cgsh_list_operate.html HTTP/1.1" 200 352
116.225.121.189 - - [02/Oct/2022:09:46:48 +0800] "GET /xingrg/kc/buy/cgsh_order_info.html?code=212022100200409 HTTP/1.1" 200 68998
116.225.121.189 - - [02/Oct/2022:09:46:48 +0800] "GET /xingrg/javascript/easyui/themes/default/validatebox.css HTTP/1.1" 404 1104
116.225.121.189 - - [02/Oct/2022:09:46:49 +0800] "POST /xingrg/kc/buy/cgsh_order_operate.html HTTP/1.1" 200 3847
58.37.4.145 - - [02/Oct/2022:09:46:50 +0800] "GET /xingrg/all/function/internal_message.html?_=1664675208009&CODE_STATE=getMsg HTTP/1.1" 200 27
116.225.121.189 - - [02/Oct/2022:09:46:50 +0800] "GET /xingrg/all/function/internal_message.html?_=1664675065326&CODE_STATE=getMsg HTTP/1.1" 200 27
58.37.225.234 - - [02/Oct/2022:09:46:53 +0800] "POST /xingrg/kc/buy/cgsh_order_operate.html HTTP/1.1" 200 12
116.230.114.213 - - [02/Oct/2022:09:46:53 +0800] "GET /xingrg/kc/buy/cgsh_order_operate.html?command=get_materiel&rest_code=00146&code=00101008126&supplier_code=00100005&order_time=2022-10-02 HTTP/1.1" 200 412
58.37.225.234 - - [02/Oct/2022:09:46:54 +0800] "GET /xingrg/kc/buy/cgsh_order_info.html?code=212022100200413 HTTP/1.1" 200 63808
58.37.225.234 - - [02/Oct/2022:09:46:54 +0800] "GET /xingrg/javascript/easyui/themes/default/validatebox.css HTTP/1.1" 404 1104
58.37.225.234 - - [02/Oct/2022:09:46:56 +0800] "POST /xingrg/kc/buy/cgsh_order_operate.html HTTP/1.1" 200 1783
116.230.114.213 - - [02/Oct/2022:09:46:57 +0800] "GET /xingrg/all/function/internal_message.html?_=1664675240711&CODE_STATE=getMsg HTTP/1.1" 200 27
58.37.225.234 - - [02/Oct/2022:09:46:57 +0800] "GET /xingrg/kc/print/load_data.html?order_code=212022100200413&kc_code=cgsh&condition= HTTP/1.1" 200 1230
58.37.225.234 - - [02/Oct/2022:09:47:00 +0800] "GET /xingrg/kc/buy/cgsh_order_add.html HTTP/1.1" 200 68905
58.37.225.234 - - [02/Oct/2022:09:47:01 +0800] "POST /xingrg/kc/buy/cgsh_order_operate.html HTTP/1.1" 200 8245
58.37.225.234 - - [02/Oct/2022:09:47:01 +0800] "GET /xingrg/javascript/easyui/themes/default/validatebox.css HTTP/1.1" 404 1104
116.225.121.189 - - [02/Oct/2022:09:47:01 +0800] "POST /xingrg/kc/buy/cgsh_order_operate.html HTTP/1.1" 200 37
116.225.121.189 - - [02/Oct/2022:09:47:03 +0800] "POST /xingrg/kc/buy/cgsh_order_operate.html HTTP/1.1" 200 3847
116.224.255.128 - - [02/Oct/2022:09:47:03 +0800] "GET /xingrg/all/function/internal_message.html?_=1664675139544&CODE_STATE=getMsg HTTP/1.1" 200 27
116.225.121.189 - - [02/Oct/2022:09:47:04 +0800] "GET /xingrg/kc/print/load_data.html?order_code=212022100200409&kc_code=cgsh&condition= HTTP/1.1" 200 1129
114.83.219.57 - - [02/Oct/2022:09:47:07 +0800] "GET /xingrg/all/function/internal_message.html?_=1664675315908&CODE_STATE=getMsg HTTP/1.1" 200 27
124.79.74.72 - - [02/Oct/2022:09:47:08 +0800] "GET /xingrg/all/function/internal_message.html?_=1664675224862&CODE_STATE=getMsg HTTP/1.1" 200 27
116.230.105.139 - - [02/Oct/2022:09:47:09 +0800] "GET /xingrg/check_reg.html?_=1664675213059 HTTP/1.1" 200 22
116.225.121.189 - - [02/Oct/2022:09:47:11 +0800] "POST /xingrg/kc/buy/cgsh_list_operate.html HTTP/1.1" 200 3537
116.225.121.189 - - [02/Oct/2022:09:47:13 +0800] "POST /xingrg/kc/buy/cgsh_list_operate.html HTTP/1.1" 200 564
116.225.121.189 - - [02/Oct/2022:09:47:13 +0800] "GET /xingrg/kc/buy/cgsh_order_info.html?code=212022100200408 HTTP/1.1" 200 68990
116.230.105.139 - - [02/Oct/2022:09:47:14 +0800] "GET /xingrg/all/function/internal_message.html?_=1664675217254&CODE_STATE=getMsg HTTP/1.1" 200 27
116.225.121.189 - - [02/Oct/2022:09:47:14 +0800] "GET /xingrg/javascript/easyui/themes/default/validatebox.css HTTP/1.1" 404 1104
116.225.121.189 - - [02/Oct/2022:09:47:14 +0800] "POST /xingrg/kc/buy/cgsh_order_operate.html HTTP/1.1" 200 49983
116.230.114.213 - - [02/Oct/2022:09:47:21 +0800] "GET /xingrg/kc/buy/cgsh_order_operate.html?command=get_materiel&rest_code=00146&code=00101008004&supplier_code=00100005&order_time=2022-10-02 HTTP/1.1" 200 416
114.84.81.136 - - [02/Oct/2022:09:47:22 +0800] "GET /xingrg/all/function/internal_message.html?_=1664675240789&CODE_STATE=getMsg HTTP/1.1" 200 27
58.37.225.234 - - [02/Oct/2022:09:47:25 +0800] "GET /xingrg/kc/buy/cgsh_order_operate.html?command=get_materiel&rest_code=00141&code=00101008112&supplier_code=00100007&order_time=2022-10-02 HTTP/1.1" 200 412
124.79.74.72 - - [02/Oct/2022:09:47:37 +0800] "GET /xingrg/all/function/internal_message.html?_=1664675253997&CODE_STATE=getMsg HTTP/1.1" 200 27
124.79.246.218 - - [02/Oct/2022:09:47:37 +0800] "GET /xingrg/all/function/internal_message.html?_=1664675456169&CODE_STATE=getMsg HTTP/1.1" 200 27
116.230.114.213 - - [02/Oct/2022:09:47:38 +0800] "GET /xingrg/kc/buy/cgsh_order_operate.html?command=get_materiel&rest_code=00146&code=00101008137&supplier_code=00100005&order_time=2022-10-02 HTTP/1.1" 200 408
58.37.225.234 - - [02/Oct/2022:09:47:38 +0800] "GET /xingrg/kc/buy/cgsh_order_operate.html?command=get_materiel&rest_code=00141&code=00101008351&supplier_code=00100007&order_time=2022-10-02 HTTP/1.1" 200 408
116.225.121.189 - - [02/Oct/2022:09:47:39 +0800] "GET /xingrg/all/function/internal_message.html?_=1664675259358&CODE_STATE=getMsg HTTP/1.1" 200 27
116.225.121.189 - - [02/Oct/2022:09:47:40 +0800] "GET /xingrg/check_reg.html?_=1664675259904 HTTP/1.1" 200 22
116.224.255.128 - - [02/Oct/2022:09:47:41 +0800] "POST /xingrg/kc/buy/cgsh_order_operate.html HTTP/1.1" 200 37
58.37.4.145 - - [02/Oct/2022:09:47:50 +0800] "GET /xingrg/all/function/internal_message.html?_=1664675267980&CODE_STATE=getMsg HTTP/1.1" 200 27
116.225.121.189 - - [02/Oct/2022:09:47:50 +0800] "GET /xingrg/all/function/internal_message.html?_=1664675125327&CODE_STATE=getMsg HTTP/1.1" 200 27
116.230.114.213 - - [02/Oct/2022:09:47:51 +0800] "GET /xingrg/kc/buy/cgsh_order_operate.html?command=get_materiel&rest_code=00146&code=00101008270&supplier_code=00100005&order_time=2022-10-02 HTTP/1.1" 200 412
116.224.255.128 - - [02/Oct/2022:09:47:52 +0800] "POST /xingrg/kc/buy/cgsh_order_operate.html HTTP/1.1" 200 12
116.224.255.128 - - [02/Oct/2022:09:47:55 +0800] "GET /xingrg/kc/buy/cgsh_order_info.html?code=212022100200405 HTTP/1.1" 200 63824
116.230.114.213 - - [02/Oct/2022:09:47:57 +0800] "GET /xingrg/all/function/internal_message.html?_=1664675300725&CODE_STATE=getMsg HTTP/1.1" 200 27
116.224.255.128 - - [02/Oct/2022:09:47:58 +0800] "GET /xingrg/javascript/easyui/themes/default/validatebox.css HTTP/1.1" 404 1104
58.37.225.234 - - [02/Oct/2022:09:47:58 +0800] "GET /xingrg/kc/buy/cgsh_order_operate.html?command=get_materiel&rest_code=00141&code=00101008038&supplier_code=00100007&order_time=2022-10-02 HTTP/1.1" 200 412
116.224.255.128 - - [02/Oct/2022:09:47:59 +0800] "POST /xingrg/kc/buy/cgsh_order_operate.html HTTP/1.1" 200 29036
116.224.255.128 - - [02/Oct/2022:09:48:00 +0800] "GET /xingrg/kc/print/load_data.html?order_code=212022100200405&kc_code=cgsh&condition= HTTP/1.1" 200 11519
116.230.114.213 - - [02/Oct/2022:09:48:01 +0800] "GET /xingrg/check_reg.html?_=1664675304676 HTTP/1.1" 200 22
58.37.225.234 - - [02/Oct/2022:09:48:07 +0800] "GET /xingrg/kc/buy/cgsh_order_operate.html?command=get_materiel&rest_code=00141&code=00101008355&supplier_code=00100007&order_time=2022-10-02 HTTP/1.1" 200 408
116.224.255.128 - - [02/Oct/2022:09:48:07 +0800] "GET /xingrg/check_reg.html?_=1664675203257 HTTP/1.1" 200 22
116.224.255.128 - - [02/Oct/2022:09:48:07 +0800] "GET /xingrg/all/function/internal_message.html?_=1664675203258&CODE_STATE=getMsg HTTP/1.1" 200 27
114.83.219.57 - - [02/Oct/2022:09:48:07 +0800] "GET /xingrg/all/function/internal_message.html?_=1664675375906&CODE_STATE=getMsg HTTP/1.1" 200 27
124.79.74.72 - - [02/Oct/2022:09:48:08 +0800] "GET /xingrg/all/function/internal_message.html?_=1664675284862&CODE_STATE=getMsg HTTP/1.1" 200 27
116.230.114.213 - - [02/Oct/2022:09:48:11 +0800] "GET /xingrg/kc/buy/cgsh_order_operate.html?command=get_materiel&rest_code=00146&code=00101008169&supplier_code=00100005&order_time=2022-10-02 HTTP/1.1" 200 412
116.230.114.213 - - [02/Oct/2022:09:48:12 +0800] "GET /xingrg/check_reg.html?_=1664675311970 HTTP/1.1" 302 -
116.230.105.139 - - [02/Oct/2022:09:48:14 +0800] "GET /xingrg/all/function/internal_message.html?_=1664675277231&CODE_STATE=getMsg HTTP/1.1" 200 27
116.224.255.128 - - [02/Oct/2022:09:48:15 +0800] "GET /xingrg/kc/buy/cgsh_order_add.html HTTP/1.1" 200 68917
58.37.225.234 - - [02/Oct/2022:09:48:15 +0800] "GET /xingrg/kc/buy/cgsh_order_operate.html?command=get_materiel&rest_code=00141&code=00101008264&supplier_code=00100007&order_time=2022-10-02 HTTP/1.1" 200 412
116.224.255.128 - - [02/Oct/2022:09:48:15 +0800] "POST /xingrg/kc/buy/cgsh_order_operate.html HTTP/1.1" 200 8245
116.224.255.128 - - [02/Oct/2022:09:48:15 +0800] "GET /xingrg/javascript/easyui/themes/default/validatebox.css HTTP/1.1" 404 1104
114.84.81.136 - - [02/Oct/2022:09:48:22 +0800] "GET /xingrg/all/function/internal_message.html?_=1664675300797&CODE_STATE=getMsg HTTP/1.1" 200 27
58.37.225.234 - - [02/Oct/2022:09:48:23 +0800] "GET /xingrg/kc/buy/cgsh_order_operate.html?command=get_materiel&rest_code=00141&code=00101008079&supplier_code=00100007&order_time=2022-10-02 HTTP/1.1" 200 416
116.230.114.213 - - [02/Oct/2022:09:48:26 +0800] "GET /xingrg/kc/buy/cgsh_order_operate.html?command=get_materiel&rest_code=00146&code=00101008359&supplier_code=00100005&order_time=2022-10-02 HTTP/1.1" 200 408
116.224.255.128 - - [02/Oct/2022:09:48:27 +0800] "GET /xingrg/kc/buy/cgsh_order_operate.html?command=get_materiel&rest_code=00150&code=00101015021&supplier_code=00100054&order_time=2022-10-02 HTTP/1.1" 200 408
58.37.225.234 - - [02/Oct/2022:09:48:33 +0800] "GET /xingrg/kc/buy/cgsh_order_operate.html?command=get_materiel&rest_code=00141&code=00101008077&supplier_code=00100007&order_time=2022-10-02 HTTP/1.1" 200 416
116.224.255.128 - - [02/Oct/2022:09:48:37 +0800] "GET /xingrg/kc/buy/cgsh_order_operate.html?command=get_materiel&rest_code=00150&code=00101015026&supplier_code=00100054&order_time=2022-10-02 HTTP/1.1" 200 412
124.79.74.72 - - [02/Oct/2022:09:48:37 +0800] "GET /xingrg/all/function/internal_message.html?_=1664675313998&CODE_STATE=getMsg HTTP/1.1" 200 27
124.79.246.218 - - [02/Oct/2022:09:48:37 +0800] "GET /xingrg/check_reg.html?_=1664675516166 HTTP/1.1" 200 22
124.79.246.218 - - [02/Oct/2022:09:48:37 +0800] "GET /xingrg/all/function/internal_message.html?_=1664675516167&CODE_STATE=getMsg HTTP/1.1" 200 27
116.225.121.189 - - [02/Oct/2022:09:48:39 +0800] "GET /xingrg/all/function/internal_message.html?_=1664675319320&CODE_STATE=getMsg HTTP/1.1" 200 27
58.37.225.234 - - [02/Oct/2022:09:48:40 +0800] "GET /xingrg/kc/buy/cgsh_order_operate.html?command=get_materiel&rest_code=00141&code=00101008069&supplier_code=00100007&order_time=2022-10-02 HTTP/1.1" 200 412
116.224.255.128 - - [02/Oct/2022:09:48:44 +0800] "GET /xingrg/kc/buy/cgsh_order_operate.html?command=get_materiel&rest_code=00150&code=00101015062&supplier_code=00100054&order_time=2022-10-02 HTTP/1.1" 200 412
116.230.114.213 - - [02/Oct/2022:09:48:45 +0800] "GET /xingrg/kc/buy/cgsh_order_operate.html?command=get_materiel&rest_code=00146&code=00101008502&supplier_code=00100005&order_time=2022-10-02 HTTP/1.1" 200 412
58.37.225.234 - - [02/Oct/2022:09:48:48 +0800] "GET /xingrg/kc/buy/cgsh_order_operate.html?command=get_materiel&rest_code=00141&code=00101008286&supplier_code=00100007&order_time=2022-10-02 HTTP/1.1" 200 408
58.37.4.145 - - [02/Oct/2022:09:48:50 +0800] "GET /xingrg/all/function/internal_message.html?_=1664675327947&CODE_STATE=getMsg HTTP/1.1" 200 27
116.225.121.189 - - [02/Oct/2022:09:48:50 +0800] "GET /xingrg/all/function/internal_message.html?_=1664675185336&CODE_STATE=getMsg HTTP/1.1" 200 27
116.224.255.128 - - [02/Oct/2022:09:48:53 +0800] "GET /xingrg/kc/buy/cgsh_order_operate.html?command=get_materiel&rest_code=00150&code=00101015022&supplier_code=00100054&order_time=2022-10-02 HTTP/1.1" 200 408
58.37.225.234 - - [02/Oct/2022:09:48:55 +0800] "GET /xingrg/kc/buy/cgsh_order_operate.html?command=get_materiel&rest_code=00141&code=00101008131&supplier_code=00100007&order_time=2022-10-02 HTTP/1.1" 200 408
116.230.114.213 - - [02/Oct/2022:09:48:57 +0800] "GET /xingrg/all/function/internal_message.html?_=1664675360739&CODE_STATE=getMsg HTTP/1.1" 200 27
116.230.114.213 - - [02/Oct/2022:09:48:57 +0800] "GET /xingrg/kc/buy/cgsh_order_operate.html?command=get_materiel&rest_code=00146&code=00101008219&supplier_code=00100005&order_time=2022-10-02 HTTP/1.1" 200 412
116.224.255.128 - - [02/Oct/2022:09:49:02 +0800] "POST /xingrg/kc/buy/cgsh_order_operate.html HTTP/1.1" 200 37
58.37.225.234 - - [02/Oct/2022:09:49:05 +0800] "GET /xingrg/kc/buy/cgsh_order_operate.html?command=get_materiel&rest_code=00141&code=00101008318&supplier_code=00100007&order_time=2022-10-02 HTTP/1.1" 200 408
114.83.219.57 - - [02/Oct/2022:09:49:07 +0800] "GET /xingrg/all/function/internal_message.html?_=1664675435894&CODE_STATE=getMsg HTTP/1.1" 200 27
124.79.74.72 - - [02/Oct/2022:09:49:08 +0800] "GET /xingrg/all/function/internal_message.html?_=1664675344861&CODE_STATE=getMsg HTTP/1.1" 200 27
58.37.4.145 - - [02/Oct/2022:09:49:11 +0800] "GET /xingrg/check_reg.html?_=1664675349229 HTTP/1.1" 200 22
116.224.255.128 - - [02/Oct/2022:09:49:11 +0800] "POST /xingrg/kc/buy/cgsh_order_operate.html HTTP/1.1" 200 12
116.224.255.128 - - [02/Oct/2022:09:49:12 +0800] "GET /xingrg/kc/buy/cgsh_order_info.html?code=212022100200414 HTTP/1.1" 200 63822
58.37.225.234 - - [02/Oct/2022:09:49:13 +0800] "GET /xingrg/kc/buy/cgsh_order_operate.html?command=get_materiel&rest_code=00141&code=00101008005&supplier_code=00100007&order_time=2022-10-02 HTTP/1.1" 200 412
116.224.255.128 - - [02/Oct/2022:09:49:13 +0800] "GET /xingrg/javascript/easyui/themes/default/validatebox.css HTTP/1.1" 404 1104
116.224.255.128 - - [02/Oct/2022:09:49:13 +0800] "GET /xingrg/all/function/internal_message.html?_=1664675269618&CODE_STATE=getMsg HTTP/1.1" 200 27
116.224.255.128 - - [02/Oct/2022:09:49:14 +0800] "POST /xingrg/kc/buy/cgsh_order_operate.html HTTP/1.1" 200 2377
116.230.105.139 - - [02/Oct/2022:09:49:14 +0800] "GET /xingrg/all/function/internal_message.html?_=1664675337216&CODE_STATE=getMsg HTTP/1.1" 200 27
116.224.255.128 - - [02/Oct/2022:09:49:15 +0800] "GET /xingrg/kc/print/load_data.html?order_code=212022100200414&kc_code=cgsh&condition= HTTP/1.1" 200 1391
58.37.225.234 - - [02/Oct/2022:09:49:21 +0800] "GET /xingrg/kc/buy/cgsh_order_operate.html?command=get_materiel&rest_code=00141&code=00101008353&supplier_code=00100007&order_time=2022-10-02 HTTP/1.1" 200 408
114.84.81.136 - - [02/Oct/2022:09:49:22 +0800] "GET /xingrg/all/function/internal_message.html?_=1664675360782&CODE_STATE=getMsg HTTP/1.1" 200 27
114.84.81.136 - - [02/Oct/2022:09:49:22 +0800] "GET /xingrg/check_reg.html?_=1664675360781 HTTP/1.1" 200 22
