114.84.81.136 - - [02/Oct/2022:11:24:22 +0800] "GET /xingrg/check_reg.html?_=1664681060968 HTTP/1.1" 200 22
222.70.183.206 - - [02/Oct/2022:11:24:23 +0800] "GET /xingrg/kc/buy/cgsh_order_operate.html?command=get_materiel&rest_code=00111&code=00101001138&supplier_code=00100439&order_time=2022-10-02 HTTP/1.1" 200 413
114.83.219.254 - - [02/Oct/2022:11:24:26 +0800] "GET /xingrg/kc/buy/cgsh_order_operate.html?command=get_materiel&rest_code=00149&code=00101009053&supplier_code=00100201&order_time=2022-10-02 HTTP/1.1" 200 408
116.224.255.128 - - [02/Oct/2022:11:24:28 +0800] "GET /xingrg/all/function/internal_message.html?_=1664680984449&CODE_STATE=getMsg HTTP/1.1" 200 27
116.230.114.213 - - [02/Oct/2022:11:24:34 +0800] "GET /xingrg/all/function/internal_message.html?_=1664681098519&CODE_STATE=getMsg HTTP/1.1" 200 27
116.225.121.189 - - [02/Oct/2022:11:24:37 +0800] "GET /xingrg/all/function/internal_message.html?_=1664681077209&CODE_STATE=getMsg HTTP/1.1" 200 27
124.79.246.218 - - [02/Oct/2022:11:24:37 +0800] "GET /xingrg/all/function/internal_message.html?_=1664681276251&CODE_STATE=getMsg HTTP/1.1" 200 27
120.253.135.82 - - [02/Oct/2022:11:24:38 +0800] "GET /xingrg/all/function/internal_message.html?_=1664681194705&CODE_STATE=getMsg HTTP/1.1" 200 27
101.85.93.113 - - [02/Oct/2022:11:24:39 +0800] "GET /xingrg/all/function/internal_message.html?_=1664681077620&CODE_STATE=getMsg HTTP/1.1" 200 27
222.70.183.206 - - [02/Oct/2022:11:24:41 +0800] "POST /xingrg/kc/buy/cgsh_order_operate.html HTTP/1.1" 200 37
172.20.0.100 - - [02/Oct/2022:11:24:44 +0800] "GET /xingrg/check_reg.html?_=1664681081258 HTTP/1.1" 200 22
172.20.0.100 - - [02/Oct/2022:11:24:44 +0800] "GET /xingrg/all/function/internal_message.html?_=1664681081261&CODE_STATE=getMsg HTTP/1.1" 200 27
222.70.183.206 - - [02/Oct/2022:11:24:44 +0800] "POST /xingrg/kc/buy/cgsh_order_operate.html HTTP/1.1" 200 3264
222.70.183.206 - - [02/Oct/2022:11:24:47 +0800] "GET /xingrg/kc/print/load_data.html?order_code=212022100200452&kc_code=cgsh&condition= HTTP/1.1" 200 919
58.37.4.145 - - [02/Oct/2022:11:24:49 +0800] "GET /xingrg/all/function/internal_message.html?_=1664681086764&CODE_STATE=getMsg HTTP/1.1" 200 27
116.225.121.189 - - [02/Oct/2022:11:24:51 +0800] "GET /xingrg/all/function/internal_message.html?_=1664680945431&CODE_STATE=getMsg HTTP/1.1" 200 27
222.70.183.206 - - [02/Oct/2022:11:24:51 +0800] "GET /xingrg/kc/buy/cgsh_order_add.html HTTP/1.1" 200 68861
222.70.183.206 - - [02/Oct/2022:11:24:51 +0800] "POST /xingrg/kc/buy/cgsh_order_operate.html HTTP/1.1" 200 8245
222.70.183.206 - - [02/Oct/2022:11:24:51 +0800] "GET /xingrg/javascript/easyui/themes/default/validatebox.css HTTP/1.1" 404 1104
114.83.219.254 - - [02/Oct/2022:11:24:53 +0800] "GET /xingrg/kc/buy/cgsh_order_operate.html?command=get_materiel&rest_code=00149&code=00101009122&supplier_code=00100201&order_time=2022-10-02 HTTP/1.1" 200 405
58.37.4.145 - - [02/Oct/2022:11:24:58 +0800] "GET /xingrg/all/report/report_query.html?isQuery=1&fileName=dma/new_5.0/menu/menu_hz.xml&queryString=(a.sale_day%2520between%252020220601%2520and%252020220930)%2520and%2520(a.sid%2520in%2520(11))%2520and%2520(a.tj_code%253D10)&queryText=%25E3%2580%2590%25E8%2590%25A5%25E4%25B8%259A%25E6%2597%25A5%25E6%259C%259F%253A2022-06-01%2520%25E8%2587%25B3%25202022-09-30%25E3%2580%2591%2520%25E5%25B9%25B6%25E4%25B8%2594%2520%2520%25E3%2580%2590%25E9%2597%25A8%25E5%25BA%2597%25E5%2590%258D%25E7%25A7%25B0%2520%253D%2520%25E6%25B7%25B1%25E6%25B5%25B7%25E6%25B8%2594%25E6%25B8%25AF%25E9%2595%25BF%25E5%25AF%25BF%25E8%25B7%25AF%25E3%2580%2591%2520%25E5%25B9%25B6%25E4%25B8%2594%2520%25E3%2580%2590%25E7%25BB%259F%25E8%25AE%25A1%25E7%25B1%25BB%25E5%2588%25AB%2520%253D%2520%25E6%259C%2588%25E9%25A5%25BC%25E3%2580%2591 HTTP/1.1" 200 54116
58.37.4.145 - - [02/Oct/2022:11:24:58 +0800] "GET /xingrg/dwr/engine.js HTTP/1.1" 200 43631
58.37.4.145 - - [02/Oct/2022:11:24:58 +0800] "GET /favicon.ico HTTP/1.1" 404 -
58.37.4.145 - - [02/Oct/2022:11:24:59 +0800] "POST /xingrg/all/report/load_report_page.html HTTP/1.1" 200 63578
58.37.4.145 - - [02/Oct/2022:11:24:59 +0800] "GET /xingrg/servlets/image?cache=0.9264633530213294&image=px HTTP/1.1" 200 807
124.79.74.72 - - [02/Oct/2022:11:25:00 +0800] "GET /xingrg/all/function/internal_message.html?_=1664681096632&CODE_STATE=getMsg HTTP/1.1" 200 27
124.79.246.218 - - [02/Oct/2022:11:25:01 +0800] "GET /xingrg/all/function/internal_message.html?_=1664681289358&CODE_STATE=getMsg HTTP/1.1" 200 27
114.83.219.57 - - [02/Oct/2022:11:25:07 +0800] "GET /xingrg/all/function/internal_message.html?_=1664681195900&CODE_STATE=getMsg HTTP/1.1" 200 27
222.70.183.206 - - [02/Oct/2022:11:25:07 +0800] "GET /xingrg/all/function/internal_message.html?_=1664681100524&CODE_STATE=getMsg HTTP/1.1" 200 27
221.239.141.151 - - [02/Oct/2022:11:25:07 +0800] "GET /xingrg/all/function/internal_message.html?_=1664681108289&CODE_STATE=getMsg HTTP/1.1" 200 27
180.169.147.146 - - [02/Oct/2022:11:25:10 +0800] "GET /xingrg/all/function/internal_message.html?_=1664681108439&CODE_STATE=getMsg HTTP/1.1" 200 27
116.230.105.139 - - [02/Oct/2022:11:25:12 +0800] "GET /xingrg/all/function/internal_message.html?_=1664681095457&CODE_STATE=getMsg HTTP/1.1" 200 27
58.37.225.234 - - [02/Oct/2022:11:25:13 +0800] "GET /xingrg/check_reg.html?_=1664680764734 HTTP/1.1" 200 22
114.83.219.254 - - [02/Oct/2022:11:25:14 +0800] "GET /xingrg/check_reg.html?_=1664681113015 HTTP/1.1" 200 22
114.83.219.254 - - [02/Oct/2022:11:25:14 +0800] "GET /xingrg/all/function/internal_message.html?_=1664681113019&CODE_STATE=getMsg HTTP/1.1" 200 27
58.37.4.145 - - [02/Oct/2022:11:25:15 +0800] "GET /xingrg/all/function/internal_message.html?_=1664681118341&CODE_STATE=getMsg HTTP/1.1" 200 27
58.37.4.145 - - [02/Oct/2022:11:25:18 +0800] "GET /xingrg/check_reg.html?_=1664681118354 HTTP/1.1" 200 22
58.37.4.145 - - [02/Oct/2022:11:25:18 +0800] "GET /xingrg/all/function/internal_message.html?_=1664681118357&CODE_STATE=getMsg HTTP/1.1" 200 27
114.84.81.136 - - [02/Oct/2022:11:25:22 +0800] "GET /xingrg/all/function/internal_message.html?_=1664681120967&CODE_STATE=getMsg HTTP/1.1" 200 27
222.70.183.206 - - [02/Oct/2022:11:25:23 +0800] "GET /xingrg/kc/buy/cgsh_order_operate.html?command=get_materiel&rest_code=00111&code=00101010184&supplier_code=00100479&order_time=2022-10-02 HTTP/1.1" 200 413
116.224.255.128 - - [02/Oct/2022:11:25:28 +0800] "GET /xingrg/all/function/internal_message.html?_=1664681044677&CODE_STATE=getMsg HTTP/1.1" 200 27
116.230.114.213 - - [02/Oct/2022:11:25:34 +0800] "GET /xingrg/all/function/internal_message.html?_=1664681158742&CODE_STATE=getMsg HTTP/1.1" 200 27
116.225.121.189 - - [02/Oct/2022:11:25:37 +0800] "GET /xingrg/all/function/internal_message.html?_=1664681137210&CODE_STATE=getMsg HTTP/1.1" 200 27
124.79.246.218 - - [02/Oct/2022:11:25:37 +0800] "GET /xingrg/all/function/internal_message.html?_=1664681336250&CODE_STATE=getMsg HTTP/1.1" 200 27
120.253.135.82 - - [02/Oct/2022:11:25:38 +0800] "GET /xingrg/all/function/internal_message.html?_=1664681254722&CODE_STATE=getMsg HTTP/1.1" 200 27
101.85.93.113 - - [02/Oct/2022:11:25:39 +0800] "GET /xingrg/all/function/internal_message.html?_=1664681137621&CODE_STATE=getMsg HTTP/1.1" 200 27
172.20.0.100 - - [02/Oct/2022:11:25:44 +0800] "GET /xingrg/all/function/internal_message.html?_=1664681141247&CODE_STATE=getMsg HTTP/1.1" 200 27
58.37.4.145 - - [02/Oct/2022:11:25:49 +0800] "GET /xingrg/all/function/internal_message.html?_=1664681146744&CODE_STATE=getMsg HTTP/1.1" 200 27
116.225.121.189 - - [02/Oct/2022:11:25:51 +0800] "GET /xingrg/all/function/internal_message.html?_=1664681005431&CODE_STATE=getMsg HTTP/1.1" 200 27
116.225.121.189 - - [02/Oct/2022:11:25:51 +0800] "GET /xingrg/check_reg.html?_=1664681005437 HTTP/1.1" 200 22
124.79.74.72 - - [02/Oct/2022:11:26:00 +0800] "GET /xingrg/all/function/internal_message.html?_=1664681156632&CODE_STATE=getMsg HTTP/1.1" 200 27
124.79.246.218 - - [02/Oct/2022:11:26:01 +0800] "GET /xingrg/all/function/internal_message.html?_=1664681349396&CODE_STATE=getMsg HTTP/1.1" 200 27
221.239.141.151 - - [02/Oct/2022:11:26:06 +0800] "GET /xingrg/kc/buy/cgsh_order_add.html HTTP/1.1" 200 68946
221.239.141.151 - - [02/Oct/2022:11:26:07 +0800] "POST /xingrg/kc/buy/cgsh_order_operate.html HTTP/1.1" 200 8245
221.239.141.151 - - [02/Oct/2022:11:26:07 +0800] "GET /xingrg/javascript/easyui/themes/default/validatebox.css HTTP/1.1" 404 1104
114.83.219.57 - - [02/Oct/2022:11:26:07 +0800] "GET /xingrg/check_reg.html?_=1664681255913 HTTP/1.1" 200 22
114.83.219.57 - - [02/Oct/2022:11:26:07 +0800] "GET /xingrg/all/function/internal_message.html?_=1664681255915&CODE_STATE=getMsg HTTP/1.1" 200 27
222.70.183.206 - - [02/Oct/2022:11:26:07 +0800] "GET /xingrg/all/function/internal_message.html?_=1664681160509&CODE_STATE=getMsg HTTP/1.1" 200 27
221.239.141.151 - - [02/Oct/2022:11:26:07 +0800] "GET /xingrg/all/function/internal_message.html?_=1664681168263&CODE_STATE=getMsg HTTP/1.1" 200 27
221.239.141.151 - - [02/Oct/2022:11:26:08 +0800] "GET /xingrg/check_reg.html?_=1664681168953 HTTP/1.1" 200 22
180.169.147.146 - - [02/Oct/2022:11:26:10 +0800] "GET /xingrg/check_reg.html?_=1664681168425 HTTP/1.1" 200 22
180.169.147.146 - - [02/Oct/2022:11:26:10 +0800] "GET /xingrg/all/function/internal_message.html?_=1664681168428&CODE_STATE=getMsg HTTP/1.1" 200 27
116.230.105.139 - - [02/Oct/2022:11:26:12 +0800] "GET /xingrg/all/function/internal_message.html?_=1664681155436&CODE_STATE=getMsg HTTP/1.1" 200 27
114.83.219.254 - - [02/Oct/2022:11:26:14 +0800] "GET /xingrg/all/function/internal_message.html?_=1664681173028&CODE_STATE=getMsg HTTP/1.1" 200 27
58.37.4.145 - - [02/Oct/2022:11:26:15 +0800] "GET /xingrg/all/function/internal_message.html?_=1664681178343&CODE_STATE=getMsg HTTP/1.1" 200 27
58.37.4.145 - - [02/Oct/2022:11:26:18 +0800] "GET /xingrg/all/function/internal_message.html?_=1664681178357&CODE_STATE=getMsg HTTP/1.1" 200 27
114.83.219.254 - - [02/Oct/2022:11:26:19 +0800] "GET /xingrg/kc/buy/cgsh_order_operate.html?command=get_materiel&rest_code=00149&code=00101009118&supplier_code=00100201&order_time=2022-10-02 HTTP/1.1" 200 424
222.70.183.206 - - [02/Oct/2022:11:26:22 +0800] "GET /xingrg/kc/buy/cgsh_order_operate.html?command=get_materiel&rest_code=00111&code=00101001256&supplier_code=00100479&order_time=2022-10-02 HTTP/1.1" 200 439
114.84.81.136 - - [02/Oct/2022:11:26:22 +0800] "GET /xingrg/all/function/internal_message.html?_=1664681180964&CODE_STATE=getMsg HTTP/1.1" 200 27
116.224.255.128 - - [02/Oct/2022:11:26:28 +0800] "GET /xingrg/all/function/internal_message.html?_=1664681104679&CODE_STATE=getMsg HTTP/1.1" 200 27
222.70.183.206 - - [02/Oct/2022:11:26:34 +0800] "POST /xingrg/kc/buy/cgsh_order_operate.html HTTP/1.1" 200 37
116.230.114.213 - - [02/Oct/2022:11:26:34 +0800] "GET /xingrg/all/function/internal_message.html?_=1664681218747&CODE_STATE=getMsg HTTP/1.1" 200 27
114.83.219.254 - - [02/Oct/2022:11:26:36 +0800] "GET /xingrg/kc/buy/cgsh_order_operate.html?command=get_materiel&rest_code=00149&code=00101009016&supplier_code=00100201&order_time=2022-10-02 HTTP/1.1" 200 412
116.225.121.189 - - [02/Oct/2022:11:26:37 +0800] "GET /xingrg/all/function/internal_message.html?_=1664681197188&CODE_STATE=getMsg HTTP/1.1" 200 27
124.79.246.218 - - [02/Oct/2022:11:26:37 +0800] "GET /xingrg/all/function/internal_message.html?_=1664681396264&CODE_STATE=getMsg HTTP/1.1" 200 27
120.253.135.82 - - [02/Oct/2022:11:26:38 +0800] "GET /xingrg/all/function/internal_message.html?_=1664681315025&CODE_STATE=getMsg HTTP/1.1" 200 27
101.85.93.113 - - [02/Oct/2022:11:26:39 +0800] "GET /xingrg/all/function/internal_message.html?_=1664681197621&CODE_STATE=getMsg HTTP/1.1" 200 27
222.70.183.206 - - [02/Oct/2022:11:26:41 +0800] "POST /xingrg/kc/buy/cgsh_order_operate.html HTTP/1.1" 200 3253
222.70.183.206 - - [02/Oct/2022:11:26:42 +0800] "GET /xingrg/kc/print/load_data.html?order_code=212022100200453&kc_code=cgsh&condition= HTTP/1.1" 200 902
172.20.0.100 - - [02/Oct/2022:11:26:44 +0800] "GET /xingrg/all/function/internal_message.html?_=1664681201251&CODE_STATE=getMsg HTTP/1.1" 200 27
222.70.183.206 - - [02/Oct/2022:11:26:46 +0800] "GET /xingrg/kc/buy/cgsh_order_add.html HTTP/1.1" 200 68861
222.70.183.206 - - [02/Oct/2022:11:26:46 +0800] "GET /xingrg/javascript/easyui/themes/default/validatebox.css HTTP/1.1" 404 1104
222.70.183.206 - - [02/Oct/2022:11:26:46 +0800] "POST /xingrg/kc/buy/cgsh_order_operate.html HTTP/1.1" 200 8245
180.162.112.101 - - [02/Oct/2022:11:26:47 +0800] "GET /xingrg HTTP/1.1" 302 -
180.162.112.101 - - [02/Oct/2022:11:26:47 +0800] "GET /xingrg/ HTTP/1.1" 304 -
180.162.112.101 - - [02/Oct/2022:11:26:48 +0800] "GET /xingrg/index.html HTTP/1.1" 302 -
180.162.112.101 - - [02/Oct/2022:11:26:48 +0800] "GET /xingrg/login.html HTTP/1.1" 200 7641
180.162.112.101 - - [02/Oct/2022:11:26:48 +0800] "GET /xingrg/images/blue/jxLogo.png HTTP/1.1" 304 -
180.162.112.101 - - [02/Oct/2022:11:26:48 +0800] "GET /xingrg/images/blue/login_bg.png HTTP/1.1" 304 -
180.162.112.101 - - [02/Oct/2022:11:26:48 +0800] "GET /xingrg/images/blue/hj.png HTTP/1.1" 304 -
180.162.112.101 - - [02/Oct/2022:11:26:48 +0800] "GET /xingrg/images/blue/srbg.png HTTP/1.1" 304 -
58.37.4.145 - - [02/Oct/2022:11:26:48 +0800] "GET /xingrg/all/function/internal_message.html?_=1664681206719&CODE_STATE=getMsg HTTP/1.1" 200 27
114.83.219.254 - - [02/Oct/2022:11:26:49 +0800] "GET /xingrg/kc/buy/cgsh_order_operate.html?command=get_materiel&rest_code=00149&code=00101009013&supplier_code=00100201&order_time=2022-10-02 HTTP/1.1" 200 420
180.162.112.101 - - [02/Oct/2022:11:26:49 +0800] "GET /favicon.ico HTTP/1.1" 404 -
116.225.121.189 - - [02/Oct/2022:11:26:51 +0800] "GET /xingrg/all/function/internal_message.html?_=1664681065438&CODE_STATE=getMsg HTTP/1.1" 200 27
222.70.183.206 - - [02/Oct/2022:11:26:55 +0800] "GET /xingrg/kc/buy/cgsh_order_operate.html?command=get_materiel&rest_code=00111&code=00101010691&supplier_code=00100327&order_time=2022-10-02 HTTP/1.1" 200 411
124.79.74.72 - - [02/Oct/2022:11:27:00 +0800] "GET /xingrg/all/function/internal_message.html?_=1664681216633&CODE_STATE=getMsg HTTP/1.1" 200 27
124.79.74.72 - - [02/Oct/2022:11:27:00 +0800] "GET /xingrg/check_reg.html?_=1664681216635 HTTP/1.1" 200 22
58.37.4.145 - - [02/Oct/2022:11:27:00 +0800] "GET /xingrg/kc/base/base_main.html HTTP/1.1" 200 12142
124.79.246.218 - - [02/Oct/2022:11:27:01 +0800] "GET /xingrg/all/function/internal_message.html?_=1664681409402&CODE_STATE=getMsg HTTP/1.1" 200 27
58.37.4.145 - - [02/Oct/2022:11:27:02 +0800] "GET /xingrg/kc/base/wldb_order_list.html HTTP/1.1" 200 19180
58.37.4.145 - - [02/Oct/2022:11:27:02 +0800] "POST /xingrg/kc/base/wldb_list_operate.html HTTP/1.1" 200 5339
222.70.183.206 - - [02/Oct/2022:11:27:04 +0800] "GET /xingrg/kc/buy/cgsh_order_operate.html?command=get_materiel&rest_code=00111&code=00101010569&supplier_code=00100327&order_time=2022-10-02 HTTP/1.1" 200 411
114.83.219.57 - - [02/Oct/2022:11:27:07 +0800] "GET /xingrg/all/function/internal_message.html?_=1664681315916&CODE_STATE=getMsg HTTP/1.1" 200 27
222.70.183.206 - - [02/Oct/2022:11:27:07 +0800] "GET /xingrg/all/function/internal_message.html?_=1664681220485&CODE_STATE=getMsg HTTP/1.1" 200 27
180.162.112.101 - - [02/Oct/2022:11:27:07 +0800] "POST /xingrg/login.do HTTP/1.1" 302 -
180.162.112.101 - - [02/Oct/2022:11:27:07 +0800] "GET /xingrg/javascript/jquery_easy_ui/themes/default/easyui.css HTTP/1.1" 304 -
180.162.112.101 - - [02/Oct/2022:11:27:07 +0800] "GET /xingrg/javascript/jquery_easy_ui/themes/icon.css HTTP/1.1" 304 -
180.162.112.101 - - [02/Oct/2022:11:27:07 +0800] "GET /xingrg/index.html?sysBaseUrl=http%3A%2F%2F180.169.147.146%3A18081%2Fxingrg%2F&costTime=46×tamp=1664681227674 HTTP/1.1" 200 17179
180.162.112.101 - - [02/Oct/2022:11:27:07 +0800] "GET /xingrg/javascript/jquery_easy_ui/easyui-lang-zh_CN.js HTTP/1.1" 304 -
180.162.112.101 - - [02/Oct/2022:11:27:07 +0800] "GET /xingrg/javascript/jquery.form.js HTTP/1.1" 304 -
180.162.112.101 - - [02/Oct/2022:11:27:07 +0800] "GET /xingrg/javascript/jquery-1.4.2.min.js HTTP/1.1" 304 -
222.70.183.206 - - [02/Oct/2022:11:27:07 +0800] "GET /xingrg/check_reg.html?_=1664681220683 HTTP/1.1" 200 22
180.162.112.101 - - [02/Oct/2022:11:27:07 +0800] "GET /xingrg/css/form.css HTTP/1.1" 304 -
180.162.112.101 - - [02/Oct/2022:11:27:07 +0800] "GET /favicon.ico HTTP/1.1" 404 -
180.162.112.101 - - [02/Oct/2022:11:27:07 +0800] "GET /xingrg/javascript/jquery_easy_ui/jquery.easyui.min.js HTTP/1.1" 304 -
180.162.112.101 - - [02/Oct/2022:11:27:07 +0800] "GET /xingrg/javascript/jquery.utils.js HTTP/1.1" 304 -
180.162.112.101 - - [02/Oct/2022:11:27:07 +0800] "GET /xingrg/javascript/jquery.timers.js HTTP/1.1" 304 -
221.239.141.151 - - [02/Oct/2022:11:27:07 +0800] "GET /xingrg/all/function/internal_message.html?_=1664681228241&CODE_STATE=getMsg HTTP/1.1" 200 27
180.162.112.101 - - [02/Oct/2022:11:27:07 +0800] "GET /xingrg/javascript/jquery_easy_ui/themes/icons/settle_new.png HTTP/1.1" 304 -
180.162.112.101 - - [02/Oct/2022:11:27:07 +0800] "GET /xingrg/images/blue/navBackgound.jpg HTTP/1.1" 304 -
180.162.112.101 - - [02/Oct/2022:11:27:07 +0800] "POST /xingrg/all/common/load_tree.html?tree=area_rest_tree_json&manage=1 HTTP/1.1" 200 351
180.162.112.101 - - [02/Oct/2022:11:27:07 +0800] "GET /xingrg/all/function/internal_message.html?_=1664680329494&CODE_STATE=count HTTP/1.1" 200 11
180.162.112.101 - - [02/Oct/2022:11:27:07 +0800] "GET /xingrg/check_reg.html?_=1664680329495 HTTP/1.1" 200 22
180.162.112.101 - - [02/Oct/2022:11:27:07 +0800] "GET /xingrg/images/blue/pingpu.png HTTP/1.1" 304 -
180.162.112.101 - - [02/Oct/2022:11:27:07 +0800] "GET /xingrg/javascript/jquery_easy_ui/themes/default/images/tabs_leftarrow.png HTTP/1.1" 304 -
180.162.112.101 - - [02/Oct/2022:11:27:07 +0800] "GET /xingrg/javascript/jquery_easy_ui/themes/default/images/tabs_rightarrow.png HTTP/1.1" 304 -
180.162.112.101 - - [02/Oct/2022:11:27:07 +0800] "GET /xingrg/javascript/jquery_easy_ui/themes/default/images/panel_tool_collapse.gif HTTP/1.1" 304 -
180.162.112.101 - - [02/Oct/2022:11:27:08 +0800] "POST /xingrg/load_menu.html HTTP/1.1" 200 5138
180.162.112.101 - - [02/Oct/2022:11:27:08 +0800] "GET /xingrg/javascript/jquery_easy_ui/themes/default/images/tree_arrows.gif HTTP/1.1" 304 -
180.162.112.101 - - [02/Oct/2022:11:27:08 +0800] "GET /xingrg/javascript/jquery_easy_ui/themes/default/images/tree_folder_open.gif HTTP/1.1" 304 -
180.162.112.101 - - [02/Oct/2022:11:27:08 +0800] "GET /xingrg/javascript/jquery_easy_ui/themes/icons/search_new.png HTTP/1.1" 304 -
180.162.112.101 - - [02/Oct/2022:11:27:08 +0800] "GET /xingrg/javascript/jquery_easy_ui/themes/default/images/tree_folder.gif HTTP/1.1" 304 -
180.162.112.101 - - [02/Oct/2022:11:27:08 +0800] "GET /xingrg/javascript/jquery_easy_ui/themes/icons/storage_new.png HTTP/1.1" 304 -
180.162.112.101 - - [02/Oct/2022:11:27:08 +0800] "GET /xingrg/javascript/jquery_easy_ui/themes/default/images/tree_file.gif HTTP/1.1" 304 -
180.162.112.101 - - [02/Oct/2022:11:27:08 +0800] "GET /xingrg/javascript/jquery_easy_ui/themes/icons/forms_new.png HTTP/1.1" 304 -
116.230.105.139 - - [02/Oct/2022:11:27:10 +0800] "GET /xingrg/check_reg.html?_=1664681213062 HTTP/1.1" 200 22
180.169.147.146 - - [02/Oct/2022:11:27:10 +0800] "GET /xingrg/all/function/internal_message.html?_=1664681228428&CODE_STATE=getMsg HTTP/1.1" 200 27
116.230.105.139 - - [02/Oct/2022:11:27:12 +0800] "GET /xingrg/all/function/internal_message.html?_=1664681215412&CODE_STATE=getMsg HTTP/1.1" 200 27
114.83.219.254 - - [02/Oct/2022:11:27:14 +0800] "GET /xingrg/all/function/internal_message.html?_=1664681233026&CODE_STATE=getMsg HTTP/1.1" 200 27
222.70.183.206 - - [02/Oct/2022:11:27:15 +0800] "GET /xingrg/kc/buy/cgsh_order_operate.html?command=get_materiel&rest_code=00111&code=00101010794&supplier_code=00100327&order_time=2022-10-02 HTTP/1.1" 200 429
58.37.4.145 - - [02/Oct/2022:11:27:15 +0800] "GET /xingrg/check_reg.html?_=1664681238329 HTTP/1.1" 200 22
58.37.4.145 - - [02/Oct/2022:11:27:15 +0800] "GET /xingrg/all/function/internal_message.html?_=1664681238331&CODE_STATE=getMsg HTTP/1.1" 200 27
58.37.4.145 - - [02/Oct/2022:11:27:18 +0800] "GET /xingrg/all/function/internal_message.html?_=1664681238373&CODE_STATE=getMsg HTTP/1.1" 200 27
222.70.183.206 - - [02/Oct/2022:11:27:22 +0800] "POST /xingrg/kc/buy/cgsh_order_operate.html HTTP/1.1" 200 37
114.84.81.136 - - [02/Oct/2022:11:27:22 +0800] "GET /xingrg/all/function/internal_message.html?_=1664681240962&CODE_STATE=getMsg HTTP/1.1" 200 27
222.70.183.206 - - [02/Oct/2022:11:27:23 +0800] "POST /xingrg/kc/buy/cgsh_order_operate.html HTTP/1.1" 200 3855
222.70.183.206 - - [02/Oct/2022:11:27:25 +0800] "GET /xingrg/kc/print/load_data.html?order_code=212022100200454&kc_code=cgsh&condition= HTTP/1.1" 200 1138
116.224.255.128 - - [02/Oct/2022:11:27:28 +0800] "GET /xingrg/all/function/internal_message.html?_=1664681164912&CODE_STATE=getMsg HTTP/1.1" 200 27
222.70.183.206 - - [02/Oct/2022:11:27:28 +0800] "GET /xingrg/kc/buy/cgsh_order_add.html HTTP/1.1" 200 68861
120.253.135.82 - - [02/Oct/2022:11:27:29 +0800] "GET /xingrg/check_reg.html?_=1664681365778 HTTP/1.1" 200 22
222.70.183.206 - - [02/Oct/2022:11:27:29 +0800] "POST /xingrg/kc/buy/cgsh_order_operate.html HTTP/1.1" 200 8245
222.70.183.206 - - [02/Oct/2022:11:27:29 +0800] "GET /xingrg/javascript/easyui/themes/default/validatebox.css HTTP/1.1" 404 1104
116.230.114.213 - - [02/Oct/2022:11:27:35 +0800] "GET /xingrg/all/function/internal_message.html?_=1664681278966&CODE_STATE=getMsg HTTP/1.1" 200 27
116.225.121.189 - - [02/Oct/2022:11:27:37 +0800] "GET /xingrg/all/function/internal_message.html?_=1664681257157&CODE_STATE=getMsg HTTP/1.1" 200 27
124.79.246.218 - - [02/Oct/2022:11:27:37 +0800] "GET /xingrg/all/function/internal_message.html?_=1664681456252&CODE_STATE=getMsg HTTP/1.1" 200 27
120.253.135.82 - - [02/Oct/2022:11:27:38 +0800] "GET /xingrg/all/function/internal_message.html?_=1664681375027&CODE_STATE=getMsg HTTP/1.1" 200 27
101.85.93.113 - - [02/Oct/2022:11:27:39 +0800] "GET /xingrg/check_reg.html?_=1664681257616 HTTP/1.1" 200 22
101.85.93.113 - - [02/Oct/2022:11:27:39 +0800] "GET /xingrg/all/function/internal_message.html?_=1664681257619&CODE_STATE=getMsg HTTP/1.1" 200 27
116.225.121.189 - - [02/Oct/2022:11:27:40 +0800] "GET /xingrg/check_reg.html?_=1664681259557 HTTP/1.1" 200 22
180.169.147.146 - - [02/Oct/2022:11:27:41 +0800] "POST /xingrg/load_menu.html HTTP/1.1" 200 9695
222.70.183.206 - - [02/Oct/2022:11:27:42 +0800] "GET /xingrg/kc/buy/cgsh_order_operate.html?command=get_materiel&rest_code=00111&code=00101001079&supplier_code=00100323&order_time=2022-10-02 HTTP/1.1" 200 413
180.169.147.146 - - [02/Oct/2022:11:27:42 +0800] "GET /xingrg/all/report/report_query.html?fileName=dma/new_5.0/menu/menu_category_hz.xml HTTP/1.1" 200 53064
180.169.147.146 - - [02/Oct/2022:11:27:42 +0800] "GET /xingrg/dwr/interface/AjaxReportQueryService.js HTTP/1.1" 200 13203
180.169.147.146 - - [02/Oct/2022:11:27:42 +0800] "GET /xingrg/dwr/engine.js HTTP/1.1" 200 43631
180.169.147.146 - - [02/Oct/2022:11:27:43 +0800] "POST /xingrg/dwr/call/plaincall/AjaxReportQueryService.getFixDate.dwr HTTP/1.1" 200 111
180.169.147.146 - - [02/Oct/2022:11:27:43 +0800] "POST /xingrg/all/common/load_tree.html?tree=area_station_tree_json&manage=1 HTTP/1.1" 200 3364
172.20.0.100 - - [02/Oct/2022:11:27:44 +0800] "GET /xingrg/all/function/internal_message.html?_=1664681261253&CODE_STATE=getMsg HTTP/1.1" 200 27
180.169.147.146 - - [02/Oct/2022:11:27:44 +0800] "GET /xingrg/all/report/report_query.html?fileName=dma/new_5.0/menu/menu_hz.xml HTTP/1.1" 200 53697
180.169.147.146 - - [02/Oct/2022:11:27:44 +0800] "GET /xingrg/dwr/interface/AjaxReportQueryService.js HTTP/1.1" 200 13203
180.169.147.146 - - [02/Oct/2022:11:27:44 +0800] "GET /xingrg/dwr/engine.js HTTP/1.1" 200 43631
180.169.147.146 - - [02/Oct/2022:11:27:44 +0800] "POST /xingrg/dwr/call/plaincall/AjaxReportQueryService.getFixDate.dwr HTTP/1.1" 200 111
180.169.147.146 - - [02/Oct/2022:11:27:44 +0800] "POST /xingrg/all/common/load_tree.html?tree=area_station_tree_json&manage=1 HTTP/1.1" 200 3364
180.169.147.146 - - [02/Oct/2022:11:27:45 +0800] "GET /xingrg/all/report/report_query.html?fileName=dma/new_5.0/menu/menu_stca_hz.xml HTTP/1.1" 200 51418
180.169.147.146 - - [02/Oct/2022:11:27:45 +0800] "GET /xingrg/dwr/interface/AjaxReportQueryService.js HTTP/1.1" 200 13203
180.169.147.146 - - [02/Oct/2022:11:27:45 +0800] "GET /xingrg/dwr/engine.js HTTP/1.1" 200 43631
180.169.147.146 - - [02/Oct/2022:11:27:45 +0800] "POST /xingrg/dwr/call/plaincall/AjaxReportQueryService.getFixDate.dwr HTTP/1.1" 200 111
180.169.147.146 - - [02/Oct/2022:11:27:45 +0800] "POST /xingrg/all/common/load_tree.html?tree=area_station_tree_json&manage=1 HTTP/1.1" 200 3364
180.169.147.146 - - [02/Oct/2022:11:27:47 +0800] "POST /xingrg/dwr/call/plaincall/AjaxReportQueryService.getFixDate.dwr HTTP/1.1" 200 111
58.37.4.145 - - [02/Oct/2022:11:27:48 +0800] "GET /xingrg/all/function/internal_message.html?_=1664681266698&CODE_STATE=getMsg HTTP/1.1" 200 27
116.225.121.189 - - [02/Oct/2022:11:27:51 +0800] "GET /xingrg/all/function/internal_message.html?_=1664681125438&CODE_STATE=getMsg HTTP/1.1" 200 27
180.169.147.146 - - [02/Oct/2022:11:27:54 +0800] "POST /xingrg/dwr/call/plaincall/AjaxReportQueryService.refreshCache.dwr HTTP/1.1" 200 78
180.169.147.146 - - [02/Oct/2022:11:27:55 +0800] "POST /xingrg/all/report/load_report_page.html HTTP/1.1" 200 59004
180.169.147.146 - - [02/Oct/2022:11:27:55 +0800] "GET /xingrg/servlets/image?cache=0.4664396552733646&image=px HTTP/1.1" 200 807
222.70.183.206 - - [02/Oct/2022:11:27:56 +0800] "GET /xingrg/kc/buy/cgsh_order_operate.html?command=get_materiel&rest_code=00111&code=00101004069&supplier_code=00100323&order_time=2022-10-02 HTTP/1.1" 200 418
180.169.147.146 - - [02/Oct/2022:11:28:00 +0800] "GET /xingrg/all/report/report_query.html?isQuery=1&fileName=dma/new_5.0/menu/menu_hz.xml&queryString=(a.sale_day%2520between%252020220901%2520and%252020220930)%2520and%2520(a.sid%2520in%2520(13))%2520and%2520(a.tj_code%253D14)&queryText=%25E3%2580%2590%25E8%2590%25A5%25E4%25B8%259A%25E6%2597%25A5%25E6%259C%259F%253A2022-09-01%2520%25E8%2587%25B3%25202022-09-30%25E3%2580%2591%2520%25E5%25B9%25B6%25E4%25B8%2594%2520%2520%25E3%2580%2590%25E9%2597%25A8%25E5%25BA%2597%25E5%2590%258D%25E7%25A7%25B0%2520%253D%2520%25E6%25A6%2595%25E6%25B8%25AF%25E5%2590%258D%25E8%25BD%25A9%25E5%2590%25B4%25E4%25B8%25AD%25E5%25BA%2597%25E3%2580%2591%2520%25E5%25B9%25B6%25E4%25B8%2594%2520%25E3%2580%2590%25E7%25BB%259F%25E8%25AE%25A1%25E7%25B1%25BB%25E5%2588%25AB%2520%253D%2520%25E7%25A4%25BC%25E7%259B%2592%25E3%2580%2591 HTTP/1.1" 200 54116
180.169.147.146 - - [02/Oct/2022:11:28:00 +0800] "GET /xingrg/dwr/engine.js HTTP/1.1" 200 43631
124.79.74.72 - - [02/Oct/2022:11:28:00 +0800] "GET /xingrg/all/function/internal_message.html?_=1664681276632&CODE_STATE=getMsg HTTP/1.1" 200 27
180.169.147.146 - - [02/Oct/2022:11:28:00 +0800] "GET /favicon.ico HTTP/1.1" 404 -
180.169.147.146 - - [02/Oct/2022:11:28:00 +0800] "POST /xingrg/all/report/load_report_page.html HTTP/1.1" 200 49984
180.169.147.146 - - [02/Oct/2022:11:28:00 +0800] "GET /xingrg/servlets/image?cache=0.10600035228842253&image=px HTTP/1.1" 200 807
124.79.246.218 - - [02/Oct/2022:11:28:01 +0800] "GET /xingrg/check_reg.html?_=1664681468824 HTTP/1.1" 200 22
124.79.246.218 - - [02/Oct/2022:11:28:01 +0800] "GET /xingrg/all/function/internal_message.html?_=1664681469415&CODE_STATE=getMsg HTTP/1.1" 200 27
116.225.121.189 - - [02/Oct/2022:11:28:03 +0800] "POST /xingrg/services/DataTransmitService HTTP/1.1" 200 524
116.225.121.189 - - [02/Oct/2022:11:28:05 +0800] "POST /xingrg/services/DataTransmitService HTTP/1.1" 200 412
180.162.112.101 - - [02/Oct/2022:11:28:06 +0800] "GET /xingrg/kc/buy/buy_main.html HTTP/1.1" 200 12412
180.162.112.101 - - [02/Oct/2022:11:28:06 +0800] "GET /xingrg/javascript/jquery_easy_ui/themes/default/images/tabs_close.gif HTTP/1.1" 304 -
180.162.112.101 - - [02/Oct/2022:11:28:06 +0800] "GET /xingrg/css/new_ie.css HTTP/1.1" 404 1036
180.162.112.101 - - [02/Oct/2022:11:28:06 +0800] "GET /xingrg/css/blue.css HTTP/1.1" 304 -
180.162.112.101 - - [02/Oct/2022:11:28:06 +0800] "GET /xingrg/javascript/jquery_ui/themes/humanity/humanity.css HTTP/1.1" 304 -
180.162.112.101 - - [02/Oct/2022:11:28:06 +0800] "GET /xingrg/javascript/pic_change.js HTTP/1.1" 304 -
180.162.112.101 - - [02/Oct/2022:11:28:06 +0800] "GET /xingrg/javascript/ToolTips.js HTTP/1.1" 304 -
180.162.112.101 - - [02/Oct/2022:11:28:06 +0800] "GET /xingrg/javascript/myfunction.js HTTP/1.1" 304 -
180.162.112.101 - - [02/Oct/2022:11:28:06 +0800] "GET /xingrg/javascript/jquery_ui/jquery-ui.min.js HTTP/1.1" 304 -
180.162.112.101 - - [02/Oct/2022:11:28:06 +0800] "GET /xingrg/images/blue/button/cgxqd.gif HTTP/1.1" 304 -
180.162.112.101 - - [02/Oct/2022:11:28:06 +0800] "GET /xingrg/images/blue/button/ckthd.gif HTTP/1.1" 304 -
180.162.112.101 - - [02/Oct/2022:11:28:06 +0800] "GET /xingrg/images/blue/button/kc.gif HTTP/1.1" 304 -
180.162.112.101 - - [02/Oct/2022:11:28:06 +0800] "GET /xingrg/images/blue/pic_form2.gif HTTP/1.1" 304 -
180.162.112.101 - - [02/Oct/2022:11:28:06 +0800] "GET /xingrg/images/blue/button/cgshd.gif HTTP/1.1" 304 -
180.162.112.101 - - [02/Oct/2022:11:28:06 +0800] "GET /xingrg/images/blue/button/cgydd.gif HTTP/1.1" 304 -
180.162.112.101 - - [02/Oct/2022:11:28:06 +0800] "GET /xingrg/javascript/jquery_ui/themes/humanity/images/ui-bg_inset-soft_100_f4f0ec_1x100.png HTTP/1.1" 304 -
180.162.112.101 - - [02/Oct/2022:11:28:06 +0800] "GET /xingrg/images/blue/bg_dotted.jpg HTTP/1.1" 304 -
180.162.112.101 - - [02/Oct/2022:11:28:06 +0800] "GET /xingrg/images/blue/button/right_ah.jpg HTTP/1.1" 304 -
180.162.112.101 - - [02/Oct/2022:11:28:06 +0800] "GET /xingrg/images/blue/button/down_ah.jpg HTTP/1.1" 304 -
180.162.112.101 - - [02/Oct/2022:11:28:06 +0800] "GET /xingrg/images/blue/button/cgfkd.gif HTTP/1.1" 304 -
180.162.112.101 - - [02/Oct/2022:11:28:06 +0800] "GET /xingrg/javascript/jquery_ui/themes/humanity/images/ui-iconsnew.jpg HTTP/1.1" 304 -
180.162.112.101 - - [02/Oct/2022:11:28:06 +0800] "GET /xingrg/javascript/jquery_ui/themes/humanity/images/ui-icons_ffffff_256x240.png HTTP/1.1" 304 -
180.162.112.101 - - [02/Oct/2022:11:28:06 +0800] "GET /xingrg/javascript/jquery_ui/themes/humanity/images/ui-icons_c47a23_256x240.png HTTP/1.1" 304 -
180.162.112.101 - - [02/Oct/2022:11:28:06 +0800] "GET /xingrg/javascript/jquery_ui/themes/humanity/images/ui-bg_glass_70_ede4d4_1x400.png HTTP/1.1" 304 -
180.162.112.101 - - [02/Oct/2022:11:28:07 +0800] "GET /xingrg/images/yd/bt.gif HTTP/1.1" 404 1040
114.83.219.57 - - [02/Oct/2022:11:28:07 +0800] "GET /xingrg/all/function/internal_message.html?_=1664681375907&CODE_STATE=getMsg HTTP/1.1" 200 27
222.70.183.206 - - [02/Oct/2022:11:28:07 +0800] "GET /xingrg/all/function/internal_message.html?_=1664681280463&CODE_STATE=getMsg HTTP/1.1" 200 27
222.70.183.206 - - [02/Oct/2022:11:28:07 +0800] "GET /xingrg/kc/buy/cgsh_order_operate.html?command=get_materiel&rest_code=00111&code=00101007106&supplier_code=00100323&order_time=2022-10-02 HTTP/1.1" 200 409
221.239.141.151 - - [02/Oct/2022:11:28:07 +0800] "GET /xingrg/all/function/internal_message.html?_=1664681288224&CODE_STATE=getMsg HTTP/1.1" 200 27
116.224.255.128 - - [02/Oct/2022:11:28:07 +0800] "GET /xingrg/check_reg.html?_=1664681203786 HTTP/1.1" 200 22
180.162.112.101 - - [02/Oct/2022:11:28:08 +0800] "GET /xingrg/all/function/internal_message.html?_=1664680389534&CODE_STATE=getMsg HTTP/1.1" 200 27
180.162.112.101 - - [02/Oct/2022:11:28:08 +0800] "GET /xingrg/css/base.css HTTP/1.1" 304 -
180.162.112.101 - - [02/Oct/2022:11:28:08 +0800] "GET /xingrg/css/site.css HTTP/1.1" 304 -
180.162.112.101 - - [02/Oct/2022:11:28:08 +0800] "GET /xingrg/kc/buy/cgsh_order_list.html HTTP/1.1" 200 53129
180.162.112.101 - - [02/Oct/2022:11:28:08 +0800] "GET /xingrg/javascript/jquery_tools/datebox.css HTTP/1.1" 304 -
180.162.112.101 - - [02/Oct/2022:11:28:08 +0800] "GET /xingrg/javascript/easyui/themes/default/easyui.css HTTP/1.1" 304 -
180.162.112.101 - - [02/Oct/2022:11:28:08 +0800] "GET /xingrg/javascript/easyui/themes/icon.css HTTP/1.1" 304 -
180.162.112.101 - - [02/Oct/2022:11:28:08 +0800] "GET /xingrg/javascript/auto/jquery.autocomplete.css HTTP/1.1" 304 -
180.162.112.101 - - [02/Oct/2022:11:28:08 +0800] "GET /xingrg/javascript/jquery_tools/fix.css HTTP/1.1" 304 -
180.162.112.101 - - [02/Oct/2022:11:28:08 +0800] "GET /xingrg/javascript/jquery_tools/table.css HTTP/1.1" 304 -
180.162.112.101 - - [02/Oct/2022:11:28:08 +0800] "GET /xingrg/javascript/jquery_tools/jquery.tools.min.js HTTP/1.1" 304 -
180.162.112.101 - - [02/Oct/2022:11:28:08 +0800] "GET /xingrg/javascript/jquery_tools/jquery.tools.extend.js HTTP/1.1" 304 -
180.162.112.101 - - [02/Oct/2022:11:28:08 +0800] "GET /xingrg/javascript/jquery_tools/jquery.tools.hotkey.js HTTP/1.1" 304 -
180.162.112.101 - - [02/Oct/2022:11:28:08 +0800] "GET /xingrg/javascript/jquery_tools/jquery.tools.table.js HTTP/1.1" 304 -
180.162.112.101 - - [02/Oct/2022:11:28:08 +0800] "GET /xingrg/javascript/jquery_tools/list_manager.js HTTP/1.1" 304 -
180.162.112.101 - - [02/Oct/2022:11:28:08 +0800] "GET /xingrg/javascript/auto/jquery.autocomplete.js HTTP/1.1" 304 -
180.162.112.101 - - [02/Oct/2022:11:28:08 +0800] "GET /xingrg/javascript/easyui/easyloader.js HTTP/1.1" 304 -
180.162.112.101 - - [02/Oct/2022:11:28:08 +0800] "GET /xingrg/javascript/jquery.cookie.js HTTP/1.1" 304 -
180.162.112.101 - - [02/Oct/2022:11:28:08 +0800] "GET /xingrg/javascript/print/LodopFuncs.js HTTP/1.1" 304 -
116.225.121.189 - - [02/Oct/2022:11:28:08 +0800] "GET /xingrg/kc/base/base_main.html HTTP/1.1" 200 12142
116.225.121.189 - - [02/Oct/2022:11:28:08 +0800] "GET /xingrg/images/blue/button/wlsy.gif HTTP/1.1" 304 -
180.162.112.101 - - [02/Oct/2022:11:28:08 +0800] "GET /xingrg/javascript/easyui/themes/icons/check_new.png HTTP/1.1" 304 -
180.162.112.101 - - [02/Oct/2022:11:28:08 +0800] "GET /xingrg/javascript/easyui/themes/icons/cance_new.png HTTP/1.1" 304 -
180.162.112.101 - - [02/Oct/2022:11:28:08 +0800] "GET /xingrg/javascript/easyui/themes/icons/field_new.png HTTP/1.1" 304 -
180.162.112.101 - - [02/Oct/2022:11:28:08 +0800] "GET /xingrg/javascript/easyui/themes/icons/edit_add_new.png HTTP/1.1" 304 -
180.162.112.101 - - [02/Oct/2022:11:28:08 +0800] "GET /xingrg/javascript/easyui/themes/icons/import_new.png HTTP/1.1" 304 -
116.225.121.189 - - [02/Oct/2022:11:28:08 +0800] "GET /xingrg/images/blue/button/kc.gif HTTP/1.1" 304 -
180.162.112.101 - - [02/Oct/2022:11:28:08 +0800] "GET /xingrg/javascript/easyui/plugins/jquery.parser.js HTTP/1.1" 304 -
180.162.112.101 - - [02/Oct/2022:11:28:08 +0800] "GET /xingrg/images/control/ajaxLoader.gif HTTP/1.1" 304 -
116.225.121.189 - - [02/Oct/2022:11:28:08 +0800] "GET /xingrg/images/blue/button/left_ah.jpg HTTP/1.1" 304 -
116.225.121.189 - - [02/Oct/2022:11:28:08 +0800] "GET /xingrg/images/blue/button/bottom_left.jpg HTTP/1.1" 304 -
116.225.121.189 - - [02/Oct/2022:11:28:08 +0800] "GET /xingrg/images/blue/button/bottom_right.jpg HTTP/1.1" 304 -
116.225.121.189 - - [02/Oct/2022:11:28:08 +0800] "GET /xingrg/images/blue/button/ckdb.gif HTTP/1.1" 304 -
116.225.121.189 - - [02/Oct/2022:11:28:08 +0800] "GET /xingrg/images/blue/button/ckpd.gif HTTP/1.1" 304 -
116.225.121.189 - - [02/Oct/2022:11:28:08 +0800] "GET /xingrg/images/blue/button/right_ah.jpg HTTP/1.1" 304 -
116.225.121.189 - - [02/Oct/2022:11:28:08 +0800] "GET /xingrg/images/blue/button/yddb.gif HTTP/1.1" 304 -
116.225.121.189 - - [02/Oct/2022:11:28:08 +0800] "GET /xingrg/images/blue/button/top_right.jpg HTTP/1.1" 304 -
116.225.121.189 - - [02/Oct/2022:11:28:08 +0800] "GET /xingrg/images/blue/button/down.jpg HTTP/1.1" 304 -
116.225.121.189 - - [02/Oct/2022:11:28:08 +0800] "GET /xingrg/images/blue/button/top_left.jpg HTTP/1.1" 304 -
116.225.121.189 - - [02/Oct/2022:11:28:08 +0800] "GET /xingrg/images/blue/bg_dotted.jpg HTTP/1.1" 304 -
116.225.121.189 - - [02/Oct/2022:11:28:08 +0800] "GET /xingrg/images/blue/pic_form2.gif HTTP/1.1" 304 -
116.225.121.189 - - [02/Oct/2022:11:28:09 +0800] "GET /xingrg/kc/base/wldb_order_list.html HTTP/1.1" 200 19180
116.225.121.189 - - [02/Oct/2022:11:28:09 +0800] "GET /xingrg/javascript/easyui/themes/default/easyui.css HTTP/1.1" 304 -
116.225.121.189 - - [02/Oct/2022:11:28:09 +0800] "GET /xingrg/javascript/jquery_tools/table.css HTTP/1.1" 304 -
116.225.121.189 - - [02/Oct/2022:11:28:09 +0800] "GET /xingrg/javascript/jquery_tools/jquery.tools.table.js HTTP/1.1" 304 -
180.169.147.146 - - [02/Oct/2022:11:28:10 +0800] "GET /xingrg/all/function/internal_message.html?_=1664681288443&CODE_STATE=getMsg HTTP/1.1" 200 27
116.225.121.189 - - [02/Oct/2022:11:28:10 +0800] "GET /xingrg/javascript/easyui/themes/icons/check_new.png HTTP/1.1" 304 -
180.162.112.101 - - [02/Oct/2022:11:28:10 +0800] "POST /xingrg/kc/buy/cgsh_list_operate.html HTTP/1.1" 200 1873
116.225.121.189 - - [02/Oct/2022:11:28:10 +0800] "GET /xingrg/javascript/easyui/themes/icons/cance_new.png HTTP/1.1" 304 -
116.225.121.189 - - [02/Oct/2022:11:28:10 +0800] "GET /xingrg/javascript/easyui/themes/icons/edit_add_new.png HTTP/1.1" 304 -
116.225.121.189 - - [02/Oct/2022:11:28:10 +0800] "POST /xingrg/kc/base/wldb_list_operate.html HTTP/1.1" 200 3345
116.230.105.139 - - [02/Oct/2022:11:28:12 +0800] "GET /xingrg/all/function/internal_message.html?_=1664681275390&CODE_STATE=getMsg HTTP/1.1" 200 27
116.230.114.213 - - [02/Oct/2022:11:28:12 +0800] "GET /xingrg/check_reg.html?_=1664681312438 HTTP/1.1" 302 -
180.162.112.101 - - [02/Oct/2022:11:28:12 +0800] "POST /xingrg/kc/buy/cgsh_list_operate.html HTTP/1.1" 200 433
180.162.112.101 - - [02/Oct/2022:11:28:13 +0800] "GET /xingrg/javascript/jquery_tools/order_manager.js HTTP/1.1" 304 -
180.162.112.101 - - [02/Oct/2022:11:28:13 +0800] "GET /xingrg/javascript/json2.js HTTP/1.1" 304 -
180.162.112.101 - - [02/Oct/2022:11:28:13 +0800] "GET /xingrg/javascript/convert.js HTTP/1.1" 304 -
180.162.112.101 - - [02/Oct/2022:11:28:13 +0800] "GET /xingrg/javascript/print/kc_print.js HTTP/1.1" 304 -
180.162.112.101 - - [02/Oct/2022:11:28:13 +0800] "GET /xingrg/kc/buy/cgsh_order_info.html?code=212022100100078 HTTP/1.1" 200 67993
180.162.112.101 - - [02/Oct/2022:11:28:13 +0800] "GET /xingrg/words/20221001163054_words.js HTTP/1.1" 200 923236
180.162.112.101 - - [02/Oct/2022:11:28:13 +0800] "GET /xingrg/javascript/easyui/themes/icons/cancel.png HTTP/1.1" 304 -
180.162.112.101 - - [02/Oct/2022:11:28:13 +0800] "GET /xingrg/javascript/easyui/themes/icons/print.png HTTP/1.1" 304 -
180.162.112.101 - - [02/Oct/2022:11:28:13 +0800] "GET /xingrg/javascript/easyui/themes/default/images/menu_downarrow.png HTTP/1.1" 304 -
180.162.112.101 - - [02/Oct/2022:11:28:13 +0800] "GET /xingrg/javascript/easyui/themes/icons/ok.png HTTP/1.1" 304 -
180.162.112.101 - - [02/Oct/2022:11:28:13 +0800] "GET /xingrg/javascript/easyui/themes/icons/template_new.png HTTP/1.1" 304 -
180.162.112.101 - - [02/Oct/2022:11:28:13 +0800] "GET /xingrg/javascript/easyui/themes/icons/copy_new.png HTTP/1.1" 304 -
180.162.112.101 - - [02/Oct/2022:11:28:14 +0800] "GET /xingrg/all/common/auto_word.html?type=employee&rest_code=00143 HTTP/1.1" 200 55
180.162.112.101 - - [02/Oct/2022:11:28:14 +0800] "GET /xingrg/javascript/easyui/themes/default/validatebox.css HTTP/1.1" 404 1104
180.162.112.101 - - [02/Oct/2022:11:28:14 +0800] "GET /xingrg/all/common/auto_word.html?type=employee&rest_code=00143 HTTP/1.1" 200 55
180.162.112.101 - - [02/Oct/2022:11:28:14 +0800] "GET /xingrg/javascript/easyui/plugins/jquery.validatebox.js HTTP/1.1" 304 -
180.162.112.101 - - [02/Oct/2022:11:28:14 +0800] "GET /xingrg/javascript/easyui/plugins/jquery.numberbox.js HTTP/1.1" 304 -
114.83.219.254 - - [02/Oct/2022:11:28:14 +0800] "GET /xingrg/all/function/internal_message.html?_=1664681293023&CODE_STATE=getMsg HTTP/1.1" 200 27
180.162.112.101 - - [02/Oct/2022:11:28:14 +0800] "POST /xingrg/kc/buy/cgsh_order_operate.html HTTP/1.1" 200 4446
180.162.112.101 - - [02/Oct/2022:11:28:14 +0800] "GET /xingrg/javascript/easyui/themes/icons/edit_remove.png HTTP/1.1" 304 -
58.37.4.145 - - [02/Oct/2022:11:28:15 +0800] "GET /xingrg/all/function/internal_message.html?_=1664681298331&CODE_STATE=getMsg HTTP/1.1" 200 27
116.225.121.189 - - [02/Oct/2022:11:28:16 +0800] "GET /xingrg/kc/base/base_main.html HTTP/1.1" 200 12142
221.239.141.151 - - [02/Oct/2022:11:28:17 +0800] "GET /xingrg/kc/buy/cgsh_order_operate.html?command=get_materiel&rest_code=00102&code=00101009051&supplier_code=00100026&order_time=2022-10-02 HTTP/1.1" 200 408
116.225.121.189 - - [02/Oct/2022:11:28:17 +0800] "GET /xingrg/kc/base/wldb_order_list.html HTTP/1.1" 200 19180
58.37.4.145 - - [02/Oct/2022:11:28:18 +0800] "GET /xingrg/all/function/internal_message.html?_=1664681298378&CODE_STATE=getMsg HTTP/1.1" 200 27
116.225.121.189 - - [02/Oct/2022:11:28:18 +0800] "POST /xingrg/kc/base/wldb_list_operate.html HTTP/1.1" 200 3345
116.230.114.213 - - [02/Oct/2022:11:28:19 +0800] "GET /xingrg/check_reg.html?_=1664681322989 HTTP/1.1" 200 22
116.225.121.189 - - [02/Oct/2022:11:28:21 +0800] "GET /xingrg/javascript/easyui/themes/default/images/button_plain_hover.png HTTP/1.1" 304 -
116.225.121.189 - - [02/Oct/2022:11:28:22 +0800] "GET /xingrg/kc/base/wldb_order_add.html HTTP/1.1" 200 30394
116.225.121.189 - - [02/Oct/2022:11:28:22 +0800] "GET /xingrg/javascript/jquery_tools/order_manager.js HTTP/1.1" 304 -
116.225.121.189 - - [02/Oct/2022:11:28:22 +0800] "GET /xingrg/javascript/print/kc_print.js HTTP/1.1" 304 -
116.225.121.189 - - [02/Oct/2022:11:28:22 +0800] "GET /xingrg/words/20221001163054_words.js HTTP/1.1" 200 923236
116.225.121.189 - - [02/Oct/2022:11:28:22 +0800] "GET /xingrg/javascript/easyui/themes/icons/print.png HTTP/1.1" 304 -
116.225.121.189 - - [02/Oct/2022:11:28:22 +0800] "GET /xingrg/javascript/easyui/themes/icons/cancel.png HTTP/1.1" 304 -
116.225.121.189 - - [02/Oct/2022:11:28:22 +0800] "GET /xingrg/javascript/easyui/themes/icons/ok.png HTTP/1.1" 304 -
116.225.121.189 - - [02/Oct/2022:11:28:22 +0800] "GET /xingrg/javascript/easyui/themes/default/images/menu_downarrow.png HTTP/1.1" 304 -
116.225.121.189 - - [02/Oct/2022:11:28:22 +0800] "GET /xingrg/javascript/easyui/themes/icons/template_new.png HTTP/1.1" 304 -
114.84.81.136 - - [02/Oct/2022:11:28:22 +0800] "GET /xingrg/all/function/internal_message.html?_=1664681300960&CODE_STATE=getMsg HTTP/1.1" 200 27
116.225.121.189 - - [02/Oct/2022:11:28:22 +0800] "POST /xingrg/kc/base/wldb_order_operate.html HTTP/1.1" 200 6806
116.225.121.189 - - [02/Oct/2022:11:28:22 +0800] "GET /xingrg/javascript/easyui/themes/default/validatebox.css HTTP/1.1" 404 1104
116.225.121.189 - - [02/Oct/2022:11:28:22 +0800] "GET /xingrg/javascript/easyui/plugins/jquery.validatebox.js HTTP/1.1" 304 -
116.225.121.189 - - [02/Oct/2022:11:28:22 +0800] "GET /xingrg/javascript/easyui/plugins/jquery.numberbox.js HTTP/1.1" 304 -
116.225.121.189 - - [02/Oct/2022:11:28:23 +0800] "GET /xingrg/javascript/easyui/themes/icons/edit_remove.png HTTP/1.1" 304 -
116.230.105.139 - - [02/Oct/2022:11:28:25 +0800] "GET /xingrg/kc/buy/cgsh_order_add.html HTTP/1.1" 200 68911
116.230.105.139 - - [02/Oct/2022:11:28:25 +0800] "GET /xingrg/words/20221001163054_words.js HTTP/1.1" 304 -
116.230.105.139 - - [02/Oct/2022:11:28:25 +0800] "POST /xingrg/kc/buy/cgsh_order_operate.html HTTP/1.1" 200 8245
116.230.105.139 - - [02/Oct/2022:11:28:26 +0800] "GET /xingrg/javascript/easyui/themes/default/validatebox.css HTTP/1.1" 404 1104
116.225.121.189 - - [02/Oct/2022:11:28:26 +0800] "GET /xingrg/javascript/auto/indicator.gif HTTP/1.1" 404 1066
180.162.112.101 - - [02/Oct/2022:11:28:28 +0800] "GET /xingrg/javascript/auto/indicator.gif HTTP/1.1" 404 1066
116.224.255.128 - - [02/Oct/2022:11:28:28 +0800] "GET /xingrg/all/function/internal_message.html?_=1664681224925&CODE_STATE=getMsg HTTP/1.1" 200 27
222.70.183.206 - - [02/Oct/2022:11:28:33 +0800] "GET /xingrg/kc/buy/cgsh_order_operate.html?command=get_materiel&rest_code=00111&code=00101013175&supplier_code=00100323&order_time=2022-10-02 HTTP/1.1" 200 413
180.162.112.101 - - [02/Oct/2022:11:28:33 +0800] "GET /xingrg/kc/buy/cgsh_order_operate.html?command=get_materiel&rest_code=00143&code=00101019359&supplier_code=00100207&order_time=2022-10-01 HTTP/1.1" 200 462
116.230.114.213 - - [02/Oct/2022:11:28:35 +0800] "GET /xingrg/all/function/internal_message.html?_=1664681338977&CODE_STATE=getMsg HTTP/1.1" 200 27
221.239.141.151 - - [02/Oct/2022:11:28:37 +0800] "GET /xingrg/kc/buy/cgsh_order_operate.html?command=get_materiel&rest_code=00102&code=00101009028&supplier_code=00100026&order_time=2022-10-02 HTTP/1.1" 200 409
116.225.121.189 - - [02/Oct/2022:11:28:37 +0800] "GET /xingrg/all/function/internal_message.html?_=1664681317126&CODE_STATE=getMsg HTTP/1.1" 200 27
124.79.246.218 - - [02/Oct/2022:11:28:37 +0800] "GET /xingrg/check_reg.html?_=1664681516251 HTTP/1.1" 200 22
124.79.246.218 - - [02/Oct/2022:11:28:38 +0800] "GET /xingrg/all/function/internal_message.html?_=1664681516250&CODE_STATE=getMsg HTTP/1.1" 200 27
120.253.135.82 - - [02/Oct/2022:11:28:38 +0800] "GET /xingrg/all/function/internal_message.html?_=1664681435039&CODE_STATE=getMsg HTTP/1.1" 200 27
101.85.93.113 - - [02/Oct/2022:11:28:39 +0800] "GET /xingrg/all/function/internal_message.html?_=1664681317625&CODE_STATE=getMsg HTTP/1.1" 200 27
222.70.183.206 - - [02/Oct/2022:11:28:41 +0800] "GET /xingrg/kc/buy/cgsh_order_operate.html?command=get_materiel&rest_code=00111&code=00101007057&supplier_code=00100323&order_time=2022-10-02 HTTP/1.1" 200 413
116.230.105.139 - - [02/Oct/2022:11:28:42 +0800] "GET /xingrg/kc/buy/cgsh_order_operate.html?command=get_materiel&rest_code=00155&code=00101019899&supplier_code=00100337&order_time=2022-10-02 HTTP/1.1" 200 434
172.20.0.100 - - [02/Oct/2022:11:28:44 +0800] "GET /xingrg/all/function/internal_message.html?_=1664681321256&CODE_STATE=getMsg HTTP/1.1" 200 27
58.37.4.145 - - [02/Oct/2022:11:28:48 +0800] "GET /xingrg/all/function/internal_message.html?_=1664681326671&CODE_STATE=getMsg HTTP/1.1" 200 27
116.225.121.189 - - [02/Oct/2022:11:28:50 +0800] "GET /xingrg/kc/base/wldb_order_operate.html?command=get_materiel&rest_code=00105&base_code=0010507&code=00101019187 HTTP/1.1" 200 478
116.225.121.189 - - [02/Oct/2022:11:28:51 +0800] "GET /xingrg/all/function/internal_message.html?_=1664681185446&CODE_STATE=getMsg HTTP/1.1" 200 27
222.70.183.206 - - [02/Oct/2022:11:28:54 +0800] "GET /xingrg/kc/buy/cgsh_order_operate.html?command=get_materiel&rest_code=00111&code=00101007144&supplier_code=00100323&order_time=2022-10-02 HTTP/1.1" 200 442
124.79.74.72 - - [02/Oct/2022:11:29:00 +0800] "GET /xingrg/all/function/internal_message.html?_=1664681336632&CODE_STATE=getMsg HTTP/1.1" 200 27
124.79.246.218 - - [02/Oct/2022:11:29:01 +0800] "GET /xingrg/all/function/internal_message.html?_=1664681529427&CODE_STATE=getMsg HTTP/1.1" 200 27
116.225.121.189 - - [02/Oct/2022:11:29:03 +0800] "GET /xingrg/kc/base/wldb_order_operate.html?command=get_materiel&rest_code=00105&base_code=0010507&code=00101019175 HTTP/1.1" 200 439
221.239.141.151 - - [02/Oct/2022:11:29:04 +0800] "GET /xingrg/kc/buy/cgsh_order_operate.html?command=get_materiel&rest_code=00102&code=00101009057&supplier_code=00100026&order_time=2022-10-02 HTTP/1.1" 200 408
222.70.183.206 - - [02/Oct/2022:11:29:07 +0800] "GET /xingrg/all/function/internal_message.html?_=1664681340445&CODE_STATE=getMsg HTTP/1.1" 200 27
114.83.219.57 - - [02/Oct/2022:11:29:07 +0800] "GET /xingrg/all/function/internal_message.html?_=1664681435966&CODE_STATE=getMsg HTTP/1.1" 200 27
222.70.183.206 - - [02/Oct/2022:11:29:07 +0800] "GET /xingrg/kc/buy/cgsh_order_operate.html?command=get_materiel&rest_code=00111&code=00101001213&supplier_code=00100323&order_time=2022-10-02 HTTP/1.1" 200 438
221.239.141.151 - - [02/Oct/2022:11:29:07 +0800] "GET /xingrg/all/function/internal_message.html?_=1664681348211&CODE_STATE=getMsg HTTP/1.1" 200 27
180.162.112.101 - - [02/Oct/2022:11:29:08 +0800] "GET /xingrg/all/function/internal_message.html?_=1664680449520&CODE_STATE=getMsg HTTP/1.1" 200 27
222.70.183.206 - - [02/Oct/2022:11:29:09 +0800] "POST /xingrg/all/common/load_select.html HTTP/1.1" 200 38
180.169.147.146 - - [02/Oct/2022:11:29:10 +0800] "GET /xingrg/all/function/internal_message.html?_=1664681348441&CODE_STATE=getMsg HTTP/1.1" 200 27
58.37.4.145 - - [02/Oct/2022:11:29:11 +0800] "GET /xingrg/check_reg.html?_=1664681348907 HTTP/1.1" 200 22
116.230.105.139 - - [02/Oct/2022:11:29:12 +0800] "GET /xingrg/all/function/internal_message.html?_=1664681335382&CODE_STATE=getMsg HTTP/1.1" 200 27
116.225.121.189 - - [02/Oct/2022:11:29:12 +0800] "GET /xingrg/kc/base/wldb_order_operate.html?command=get_materiel&rest_code=00105&base_code=0010507&code=00101019306 HTTP/1.1" 200 479
222.70.183.206 - - [02/Oct/2022:11:29:14 +0800] "GET /xingrg/kc/buy/cgsh_order_operate.html?command=get_materiel_price&rest_code=00111&code=00101001213&unit_code=00100487&supplier_code=00100323&order_time=2022-10-02 HTTP/1.1" 200 28
221.239.141.151 - - [02/Oct/2022:11:29:14 +0800] "GET /xingrg/kc/buy/cgsh_order_operate.html?command=get_materiel&rest_code=00102&code=00101009124&supplier_code=00100026&order_time=2022-10-02 HTTP/1.1" 200 437
114.83.219.254 - - [02/Oct/2022:11:29:14 +0800] "GET /xingrg/all/function/internal_message.html?_=1664681353121&CODE_STATE=getMsg HTTP/1.1" 200 27
58.37.4.145 - - [02/Oct/2022:11:29:15 +0800] "GET /xingrg/all/function/internal_message.html?_=1664681358333&CODE_STATE=getMsg HTTP/1.1" 200 27
114.83.219.254 - - [02/Oct/2022:11:29:16 +0800] "GET /xingrg/kc/buy/cgsh_order_operate.html?command=get_materiel&rest_code=00149&code=00101009107&supplier_code=00100201&order_time=2022-10-02 HTTP/1.1" 200 409
58.37.4.145 - - [02/Oct/2022:11:29:18 +0800] "GET /xingrg/all/function/internal_message.html?_=1664681358378&CODE_STATE=getMsg HTTP/1.1" 200 27
116.225.121.189 - - [02/Oct/2022:11:29:22 +0800] "GET /xingrg/kc/base/wldb_order_operate.html?command=get_materiel&rest_code=00105&base_code=0010507&code=00101019185 HTTP/1.1" 200 468
