124.79.246.218 - - [01/Oct/2022:09:46:50 +0800] "GET /xingrg/all/function/internal_message.html?_=1664589008680&CODE_STATE=getMsg HTTP/1.1" 200 27
114.84.81.136 - - [01/Oct/2022:09:46:52 +0800] "GET /xingrg/kc/buy/cgsh_order_list.html HTTP/1.1" 200 53129
114.84.81.136 - - [01/Oct/2022:09:46:53 +0800] "POST /xingrg/kc/buy/cgsh_list_operate.html HTTP/1.1" 200 927
116.224.255.128 - - [01/Oct/2022:09:46:53 +0800] "GET /xingrg/kc/buy/cgsh_order_operate.html?command=get_materiel&rest_code=00151&code=00101031034&supplier_code=00100393&order_time=2022-10-01 HTTP/1.1" 200 412
116.230.114.213 - - [01/Oct/2022:09:46:54 +0800] "GET /xingrg/all/function/internal_message.html?_=1664588831172&CODE_STATE=getMsg HTTP/1.1" 302 -
114.83.219.57 - - [01/Oct/2022:09:46:56 +0800] "POST /xingrg/dwr/call/plaincall/AjaxCheckService.setItemNumber.dwr HTTP/1.1" 200 77
222.70.183.206 - - [01/Oct/2022:09:46:57 +0800] "GET /xingrg/all/function/internal_message.html?_=1664588812026&CODE_STATE=getMsg HTTP/1.1" 200 27
222.70.183.206 - - [01/Oct/2022:09:46:57 +0800] "GET /xingrg/check_reg.html?_=1664588812122 HTTP/1.1" 200 22
58.40.7.146 - - [01/Oct/2022:09:46:58 +0800] "GET /xingrg/all/function/internal_message.html?_=1664588818071&CODE_STATE=getMsg HTTP/1.1" 200 27
114.84.81.136 - - [01/Oct/2022:09:46:59 +0800] "GET /xingrg/index.html?sysBaseUrl=http%3A%2F%2F180.169.147.146%3A18081%2Fxingrg%2F&costTime=44×tamp=1622098168715 HTTP/1.1" 302 -
114.84.81.136 - - [01/Oct/2022:09:46:59 +0800] "GET /xingrg/login.html HTTP/1.1" 200 7641
114.84.81.136 - - [01/Oct/2022:09:47:00 +0800] "GET /favicon.ico HTTP/1.1" 404 -
116.225.121.189 - - [01/Oct/2022:09:47:00 +0800] "GET /xingrg/all/function/internal_message.html?_=1664588675265&CODE_STATE=getMsg HTTP/1.1" 200 27
114.83.219.57 - - [01/Oct/2022:09:47:03 +0800] "POST /xingrg/dwr/call/plaincall/AjaxCheckService.setItemNumber.dwr HTTP/1.1" 200 77
116.224.255.128 - - [01/Oct/2022:09:47:03 +0800] "GET /xingrg/kc/buy/cgsh_order_operate.html?command=get_materiel&rest_code=00151&code=00101020311&supplier_code=00100393&order_time=2022-10-01 HTTP/1.1" 200 418
114.84.81.136 - - [01/Oct/2022:09:47:04 +0800] "POST /xingrg/login.do HTTP/1.1" 200 2421
114.84.81.136 - - [01/Oct/2022:09:47:04 +0800] "GET /xingrg/images/blue/pic_top.gif HTTP/1.1" 200 3656
114.84.81.136 - - [01/Oct/2022:09:47:04 +0800] "GET /xingrg/images/blue/error_mid.gif HTTP/1.1" 200 215
114.84.81.136 - - [01/Oct/2022:09:47:04 +0800] "GET /xingrg/images/blue/pic_notice.jpg HTTP/1.1" 200 3583
114.84.81.136 - - [01/Oct/2022:09:47:04 +0800] "GET /xingrg/images/blue/error_buttom.gif HTTP/1.1" 200 1750
114.84.81.136 - - [01/Oct/2022:09:47:04 +0800] "GET /xingrg/images/blue/error_top.gif HTTP/1.1" 200 1790
114.84.81.136 - - [01/Oct/2022:09:47:04 +0800] "GET /favicon.ico HTTP/1.1" 404 -
114.84.81.136 - - [01/Oct/2022:09:47:06 +0800] "GET /xingrg/login.html HTTP/1.1" 200 7641
114.84.81.136 - - [01/Oct/2022:09:47:06 +0800] "GET /favicon.ico HTTP/1.1" 404 -
114.83.219.57 - - [01/Oct/2022:09:47:11 +0800] "POST /xingrg/dwr/call/plaincall/AjaxCheckService.setItemNumber.dwr HTTP/1.1" 200 77
58.37.225.234 - - [01/Oct/2022:09:47:11 +0800] "GET /xingrg/all/function/internal_message.html?_=1664588828495&CODE_STATE=getMsg HTTP/1.1" 200 27
221.239.141.151 - - [01/Oct/2022:09:47:14 +0800] "GET /xingrg/all/function/internal_message.html?_=1664588833687&CODE_STATE=getMsg HTTP/1.1" 200 27
114.83.219.57 - - [01/Oct/2022:09:47:15 +0800] "POST /xingrg/dwr/call/plaincall/AjaxCheckService.setItemNumber.dwr HTTP/1.1" 200 77
116.224.255.128 - - [01/Oct/2022:09:47:18 +0800] "GET /xingrg/kc/buy/cgsh_order_operate.html?command=get_materiel&rest_code=00151&code=00101037258&supplier_code=00100393&order_time=2022-10-01 HTTP/1.1" 200 440
114.83.219.57 - - [01/Oct/2022:09:47:19 +0800] "POST /xingrg/dwr/call/plaincall/AjaxCheckService.setItemNumber.dwr HTTP/1.1" 200 77
114.83.219.57 - - [01/Oct/2022:09:47:21 +0800] "GET /xingrg/all/function/internal_message.html?_=1664588930292&CODE_STATE=getMsg HTTP/1.1" 200 27
114.83.219.57 - - [01/Oct/2022:09:47:21 +0800] "GET /xingrg/check_reg.html?_=1664588930293 HTTP/1.1" 200 22
114.83.219.57 - - [01/Oct/2022:09:47:23 +0800] "POST /xingrg/dwr/call/plaincall/AjaxCheckService.setItemNumber.dwr HTTP/1.1" 200 77
116.224.255.128 - - [01/Oct/2022:09:47:28 +0800] "GET /xingrg/kc/buy/cgsh_order_operate.html?command=get_materiel&rest_code=00151&code=00101010808&supplier_code=00100393&order_time=2022-10-01 HTTP/1.1" 200 428
116.237.75.135 - - [01/Oct/2022:09:47:29 +0800] "GET /xingrg/all/function/internal_message.html?_=1664588859558&CODE_STATE=getMsg HTTP/1.1" 200 27
114.84.81.136 - - [01/Oct/2022:09:47:30 +0800] "GET /xingrg/all/function/internal_message.html?_=1664588849491&CODE_STATE=getMsg HTTP/1.1" 200 27
116.230.114.213 - - [01/Oct/2022:09:47:31 +0800] "GET /xingrg/check_reg.html?_=1664588872120 HTTP/1.1" 200 22
114.84.81.136 - - [01/Oct/2022:09:47:34 +0800] "POST /xingrg/login.do HTTP/1.1" 302 -
114.84.81.136 - - [01/Oct/2022:09:47:34 +0800] "GET /xingrg/index.html?sysBaseUrl=http%3A%2F%2F180.169.147.146%3A18081%2Fxingrg%2F&costTime=52×tamp=1664588854357 HTTP/1.1" 200 17503
114.84.81.136 - - [01/Oct/2022:09:47:34 +0800] "GET /favicon.ico HTTP/1.1" 404 -
114.84.81.136 - - [01/Oct/2022:09:47:34 +0800] "POST /xingrg/all/common/load_tree.html?tree=area_rest_tree_json&manage=1 HTTP/1.1" 200 3472
114.84.81.136 - - [01/Oct/2022:09:47:34 +0800] "GET /xingrg/check_reg.html?_=1664588864094 HTTP/1.1" 200 22
114.84.81.136 - - [01/Oct/2022:09:47:34 +0800] "GET /xingrg/all/function/internal_message.html?_=1664588864093&CODE_STATE=count HTTP/1.1" 200 11
114.84.81.136 - - [01/Oct/2022:09:47:34 +0800] "POST /xingrg/load_menu.html HTTP/1.1" 200 11564
116.230.105.139 - - [01/Oct/2022:09:47:36 +0800] "GET /xingrg/all/function/internal_message.html?_=1664588842363&CODE_STATE=getMsg HTTP/1.1" 200 27
116.225.121.189 - - [01/Oct/2022:09:47:37 +0800] "GET /xingrg/all/function/internal_message.html?_=1664588857153&CODE_STATE=getMsg HTTP/1.1" 200 27
101.85.93.113 - - [01/Oct/2022:09:47:37 +0800] "GET /xingrg/all/function/internal_message.html?_=1664588856534&CODE_STATE=getMsg HTTP/1.1" 200 27
114.84.81.136 - - [01/Oct/2022:09:47:38 +0800] "GET /xingrg/kc/base/check_order_list.html HTTP/1.1" 200 16560
114.84.81.136 - - [01/Oct/2022:09:47:38 +0800] "POST /xingrg/kc/base/check_list_operate.html HTTP/1.1" 200 4546
116.224.255.128 - - [01/Oct/2022:09:47:39 +0800] "POST /xingrg/kc/buy/cgsh_order_operate.html HTTP/1.1" 200 37
114.83.219.57 - - [01/Oct/2022:09:47:41 +0800] "POST /xingrg/dwr/call/plaincall/AjaxCheckService.setItemNumber.dwr HTTP/1.1" 200 77
116.224.255.128 - - [01/Oct/2022:09:47:44 +0800] "POST /xingrg/kc/buy/cgsh_order_operate.html HTTP/1.1" 200 12
116.230.114.213 - - [01/Oct/2022:09:47:46 +0800] "GET /xingrg/all/function/internal_message.html?_=1664588886685&CODE_STATE=getMsg HTTP/1.1" 200 27
114.83.219.254 - - [01/Oct/2022:09:47:47 +0800] "GET /xingrg/check_reg.html?_=1664588866095 HTTP/1.1" 200 22
114.83.219.254 - - [01/Oct/2022:09:47:47 +0800] "GET /xingrg/all/function/internal_message.html?_=1664588866107&CODE_STATE=getMsg HTTP/1.1" 200 27
116.224.255.128 - - [01/Oct/2022:09:47:47 +0800] "GET /xingrg/kc/buy/cgsh_order_info.html?code=212022100100029 HTTP/1.1" 200 63432
114.84.81.136 - - [01/Oct/2022:09:47:48 +0800] "GET /xingrg/javascript/easyui/themes/default/tree.css HTTP/1.1" 404 1090
114.84.81.136 - - [01/Oct/2022:09:47:48 +0800] "POST /xingrg/all/common/load_tree.html?tree=area_rest_tree_json&manage=1 HTTP/1.1" 200 3472
116.224.255.128 - - [01/Oct/2022:09:47:48 +0800] "GET /xingrg/javascript/easyui/themes/default/validatebox.css HTTP/1.1" 404 1104
116.224.255.128 - - [01/Oct/2022:09:47:48 +0800] "GET /xingrg/all/function/internal_message.html?_=1664588786470&CODE_STATE=getMsg HTTP/1.1" 200 27
116.224.255.128 - - [01/Oct/2022:09:47:49 +0800] "POST /xingrg/kc/buy/cgsh_order_operate.html HTTP/1.1" 200 3669
124.79.246.218 - - [01/Oct/2022:09:47:50 +0800] "GET /xingrg/all/function/internal_message.html?_=1664589068680&CODE_STATE=getMsg HTTP/1.1" 200 27
116.224.255.128 - - [01/Oct/2022:09:47:50 +0800] "GET /xingrg/kc/print/load_data.html?order_code=212022100100029&kc_code=cgsh&condition= HTTP/1.1" 200 1985
114.84.81.136 - - [01/Oct/2022:09:47:53 +0800] "POST /xingrg/kc/base/check_list_operate.html HTTP/1.1" 200 4067
116.230.114.213 - - [01/Oct/2022:09:47:54 +0800] "GET /xingrg/all/function/internal_message.html?_=1664588891195&CODE_STATE=getMsg HTTP/1.1" 302 -
222.70.183.206 - - [01/Oct/2022:09:47:57 +0800] "GET /xingrg/all/function/internal_message.html?_=1664588872000&CODE_STATE=getMsg HTTP/1.1" 200 27
116.224.255.128 - - [01/Oct/2022:09:47:58 +0800] "GET /xingrg/kc/buy/cgsh_order_add.html HTTP/1.1" 200 68515
58.40.7.146 - - [01/Oct/2022:09:47:58 +0800] "GET /xingrg/all/function/internal_message.html?_=1664588878074&CODE_STATE=getMsg HTTP/1.1" 302 -
116.224.255.128 - - [01/Oct/2022:09:47:59 +0800] "POST /xingrg/kc/buy/cgsh_order_operate.html HTTP/1.1" 200 8245
116.224.255.128 - - [01/Oct/2022:09:47:59 +0800] "GET /xingrg/javascript/easyui/themes/default/validatebox.css HTTP/1.1" 404 1104
116.225.121.189 - - [01/Oct/2022:09:48:00 +0800] "GET /xingrg/all/function/internal_message.html?_=1664588735266&CODE_STATE=getMsg HTTP/1.1" 200 27
114.84.81.136 - - [01/Oct/2022:09:48:05 +0800] "GET /xingrg/javascript/jquery_tools/images/prev.gif HTTP/1.1" 404 1086
114.84.81.136 - - [01/Oct/2022:09:48:05 +0800] "GET /xingrg/javascript/jquery_tools/images/next.gif HTTP/1.1" 404 1086
114.84.81.136 - - [01/Oct/2022:09:48:08 +0800] "POST /xingrg/kc/base/check_list_operate.html HTTP/1.1" 200 4956
58.37.225.234 - - [01/Oct/2022:09:48:11 +0800] "GET /xingrg/all/function/internal_message.html?_=1664588888498&CODE_STATE=getMsg HTTP/1.1" 200 27
114.84.81.136 - - [01/Oct/2022:09:48:11 +0800] "POST /xingrg/kc/base/check_list_operate.html HTTP/1.1" 200 1773
114.83.219.57 - - [01/Oct/2022:09:48:12 +0800] "POST /xingrg/dwr/call/plaincall/AjaxCheckService.setItemNumber.dwr HTTP/1.1" 200 77
221.239.141.151 - - [01/Oct/2022:09:48:14 +0800] "GET /xingrg/all/function/internal_message.html?_=1664588893697&CODE_STATE=getMsg HTTP/1.1" 200 27
114.84.81.136 - - [01/Oct/2022:09:48:14 +0800] "POST /xingrg/kc/base/check_list_operate.html HTTP/1.1" 200 4956
120.253.135.82 - - [01/Oct/2022:09:48:19 +0800] "GET /xingrg/check_reg.html?_=1664588697023 HTTP/1.1" 200 22
116.224.255.128 - - [01/Oct/2022:09:48:20 +0800] "GET /xingrg/kc/buy/cgsh_order_operate.html?command=get_materiel&rest_code=00151&code=00101011007&supplier_code=00100047&order_time=2022-10-01 HTTP/1.1" 200 414
114.83.219.57 - - [01/Oct/2022:09:48:21 +0800] "GET /xingrg/all/function/internal_message.html?_=1664588990296&CODE_STATE=getMsg HTTP/1.1" 200 27
114.84.81.136 - - [01/Oct/2022:09:48:23 +0800] "POST /xingrg/kc/base/check_list_operate.html HTTP/1.1" 200 1773
114.84.81.136 - - [01/Oct/2022:09:48:26 +0800] "POST /xingrg/kc/base/check_list_operate.html HTTP/1.1" 200 4956
116.224.255.128 - - [01/Oct/2022:09:48:29 +0800] "POST /xingrg/kc/buy/cgsh_order_operate.html HTTP/1.1" 200 37
116.237.75.135 - - [01/Oct/2022:09:48:29 +0800] "GET /xingrg/all/function/internal_message.html?_=1664588919529&CODE_STATE=getMsg HTTP/1.1" 200 27
114.84.81.136 - - [01/Oct/2022:09:48:30 +0800] "GET /xingrg/all/function/internal_message.html?_=1664588909461&CODE_STATE=getMsg HTTP/1.1" 200 27
114.83.219.57 - - [01/Oct/2022:09:48:33 +0800] "POST /xingrg/dwr/call/plaincall/AjaxCheckService.setItemNumber.dwr HTTP/1.1" 200 77
116.224.255.128 - - [01/Oct/2022:09:48:34 +0800] "POST /xingrg/kc/buy/cgsh_order_operate.html HTTP/1.1" 200 12
114.84.81.136 - - [01/Oct/2022:09:48:34 +0800] "GET /xingrg/all/function/internal_message.html?_=1664588924082&CODE_STATE=getMsg HTTP/1.1" 200 27
116.224.255.128 - - [01/Oct/2022:09:48:35 +0800] "GET /xingrg/kc/buy/cgsh_order_info.html?code=212022100100030 HTTP/1.1" 200 63422
116.224.255.128 - - [01/Oct/2022:09:48:36 +0800] "GET /xingrg/javascript/easyui/themes/default/validatebox.css HTTP/1.1" 404 1104
116.230.105.139 - - [01/Oct/2022:09:48:36 +0800] "GET /xingrg/all/function/internal_message.html?_=1664588902364&CODE_STATE=getMsg HTTP/1.1" 200 27
116.224.255.128 - - [01/Oct/2022:09:48:36 +0800] "POST /xingrg/kc/buy/cgsh_order_operate.html HTTP/1.1" 200 617
116.225.121.189 - - [01/Oct/2022:09:48:37 +0800] "GET /xingrg/all/function/internal_message.html?_=1664588917159&CODE_STATE=getMsg HTTP/1.1" 200 27
101.85.93.113 - - [01/Oct/2022:09:48:37 +0800] "GET /xingrg/all/function/internal_message.html?_=1664588916534&CODE_STATE=getMsg HTTP/1.1" 200 27
116.224.255.128 - - [01/Oct/2022:09:48:38 +0800] "GET /xingrg/kc/print/load_data.html?order_code=212022100100030&kc_code=cgsh&condition= HTTP/1.1" 200 784
114.84.81.136 - - [01/Oct/2022:09:48:40 +0800] "GET /xingrg/kc/base/wldb_order_list.html HTTP/1.1" 200 19435
114.84.81.136 - - [01/Oct/2022:09:48:41 +0800] "POST /xingrg/kc/base/wldb_list_operate.html HTTP/1.1" 200 928
116.224.255.128 - - [01/Oct/2022:09:48:45 +0800] "GET /xingrg/check_reg.html?_=1664588842905 HTTP/1.1" 200 22
116.230.114.213 - - [01/Oct/2022:09:48:46 +0800] "GET /xingrg/all/function/internal_message.html?_=1664588946699&CODE_STATE=getMsg HTTP/1.1" 200 27
114.83.219.254 - - [01/Oct/2022:09:48:47 +0800] "GET /xingrg/all/function/internal_message.html?_=1664588926092&CODE_STATE=getMsg HTTP/1.1" 200 27
114.84.81.136 - - [01/Oct/2022:09:48:48 +0800] "POST /xingrg/kc/base/wldb_list_operate.html HTTP/1.1" 200 928
116.224.255.128 - - [01/Oct/2022:09:48:48 +0800] "GET /xingrg/all/function/internal_message.html?_=1664588846484&CODE_STATE=getMsg HTTP/1.1" 200 27
124.79.246.218 - - [01/Oct/2022:09:48:50 +0800] "GET /xingrg/all/function/internal_message.html?_=1664589128679&CODE_STATE=getMsg HTTP/1.1" 200 27
124.79.246.218 - - [01/Oct/2022:09:48:50 +0800] "GET /xingrg/check_reg.html?_=1664589128681 HTTP/1.1" 200 22
114.84.81.136 - - [01/Oct/2022:09:48:50 +0800] "GET /xingrg/javascript/easyui/themes/default/tree.css HTTP/1.1" 404 1090
114.84.81.136 - - [01/Oct/2022:09:48:50 +0800] "POST /xingrg/all/common/load_tree.html?tree=area_rest_tree_json&manage=1 HTTP/1.1" 200 3472
116.230.114.213 - - [01/Oct/2022:09:48:54 +0800] "GET /xingrg/all/function/internal_message.html?_=1664588951199&CODE_STATE=getMsg HTTP/1.1" 302 -
222.70.183.206 - - [01/Oct/2022:09:48:55 +0800] "POST /xingrg/dwr/call/plaincall/AjaxCheckService.setItemNumber.dwr HTTP/1.1" 200 78
114.84.81.136 - - [01/Oct/2022:09:48:56 +0800] "POST /xingrg/kc/base/wldb_list_operate.html HTTP/1.1" 200 5698
222.70.183.206 - - [01/Oct/2022:09:48:57 +0800] "GET /xingrg/all/function/internal_message.html?_=1664588931972&CODE_STATE=getMsg HTTP/1.1" 200 27
116.224.255.128 - - [01/Oct/2022:09:48:58 +0800] "GET /xingrg/kc/buy/cgsh_order_add.html HTTP/1.1" 200 68515
114.83.219.57 - - [01/Oct/2022:09:48:58 +0800] "POST /xingrg/dwr/call/plaincall/AjaxCheckService.setItemNumber.dwr HTTP/1.1" 200 77
116.224.255.128 - - [01/Oct/2022:09:48:58 +0800] "POST /xingrg/kc/buy/cgsh_order_operate.html HTTP/1.1" 200 8245
116.224.255.128 - - [01/Oct/2022:09:48:58 +0800] "GET /xingrg/javascript/easyui/themes/default/validatebox.css HTTP/1.1" 404 1104
58.40.7.146 - - [01/Oct/2022:09:48:58 +0800] "GET /xingrg/all/function/internal_message.html?_=1664588938059&CODE_STATE=getMsg HTTP/1.1" 302 -
116.225.121.189 - - [01/Oct/2022:09:49:00 +0800] "GET /xingrg/check_reg.html?_=1664588795268 HTTP/1.1" 200 22
116.225.121.189 - - [01/Oct/2022:09:49:00 +0800] "GET /xingrg/all/function/internal_message.html?_=1664588795272&CODE_STATE=getMsg HTTP/1.1" 200 27
222.70.183.206 - - [01/Oct/2022:09:49:02 +0800] "POST /xingrg/dwr/call/plaincall/AjaxCheckService.setItemNumber.dwr HTTP/1.1" 200 78
114.84.81.136 - - [01/Oct/2022:09:49:03 +0800] "POST /xingrg/kc/base/wldb_list_operate.html HTTP/1.1" 200 206
114.84.81.136 - - [01/Oct/2022:09:49:06 +0800] "POST /xingrg/kc/base/wldb_list_operate.html HTTP/1.1" 200 271
114.84.81.136 - - [01/Oct/2022:09:49:06 +0800] "GET /xingrg/kc/base/wldb_order_info.html?code=422022093002708 HTTP/1.1" 200 26530
114.84.81.136 - - [01/Oct/2022:09:49:07 +0800] "GET /xingrg/javascript/easyui/themes/default/validatebox.css HTTP/1.1" 404 1104
114.84.81.136 - - [01/Oct/2022:09:49:07 +0800] "POST /xingrg/kc/base/wldb_order_operate.html HTTP/1.1" 200 936
116.224.255.128 - - [01/Oct/2022:09:49:08 +0800] "GET /xingrg/kc/buy/cgsh_order_operate.html?command=get_materiel&rest_code=00151&code=00101008323&supplier_code=00100008&order_time=2022-10-01 HTTP/1.1" 200 408
58.37.225.234 - - [01/Oct/2022:09:49:11 +0800] "GET /xingrg/all/function/internal_message.html?_=1664588948475&CODE_STATE=getMsg HTTP/1.1" 200 27
114.84.81.136 - - [01/Oct/2022:09:49:12 +0800] "POST /xingrg/kc/base/wldb_order_operate.html HTTP/1.1" 200 12
114.84.81.136 - - [01/Oct/2022:09:49:13 +0800] "GET /xingrg/kc/base/wldb_order_info.html?code=422022093002708 HTTP/1.1" 200 30411
58.37.225.234 - - [01/Oct/2022:09:49:13 +0800] "GET /xingrg/check_reg.html?_=1664588950222 HTTP/1.1" 200 22
114.84.81.136 - - [01/Oct/2022:09:49:13 +0800] "GET /xingrg/all/common/auto_word.html?type=base&rest_code=00148 HTTP/1.1" 200 1799
114.84.81.136 - - [01/Oct/2022:09:49:13 +0800] "GET /xingrg/all/common/auto_word.html?type=base&rest_code=00148 HTTP/1.1" 200 1799
114.84.81.136 - - [01/Oct/2022:09:49:13 +0800] "GET /xingrg/javascript/easyui/themes/default/validatebox.css HTTP/1.1" 404 1104
114.83.219.57 - - [01/Oct/2022:09:49:14 +0800] "POST /xingrg/dwr/call/plaincall/AjaxCheckService.setItemNumber.dwr HTTP/1.1" 200 77
114.84.81.136 - - [01/Oct/2022:09:49:14 +0800] "POST /xingrg/kc/base/wldb_order_operate.html HTTP/1.1" 200 2655
221.239.141.151 - - [01/Oct/2022:09:49:14 +0800] "GET /xingrg/check_reg.html?_=1664588953695 HTTP/1.1" 200 22
221.239.141.151 - - [01/Oct/2022:09:49:14 +0800] "GET /xingrg/all/function/internal_message.html?_=1664588953696&CODE_STATE=getMsg HTTP/1.1" 200 27
114.84.81.136 - - [01/Oct/2022:09:49:18 +0800] "GET /xingrg/index.html?sysBaseUrl=http%3A%2F%2F180.169.147.146%3A18081%2Fxingrg%2F&costTime=44×tamp=1622098168715 HTTP/1.1" 200 17503
114.84.81.136 - - [01/Oct/2022:09:49:18 +0800] "POST /xingrg/all/common/load_tree.html?tree=area_rest_tree_json&manage=1 HTTP/1.1" 200 3472
114.84.81.136 - - [01/Oct/2022:09:49:18 +0800] "GET /xingrg/all/function/internal_message.html?_=1664588968261&CODE_STATE=count HTTP/1.1" 200 11
114.84.81.136 - - [01/Oct/2022:09:49:18 +0800] "GET /xingrg/check_reg.html?_=1664588968262 HTTP/1.1" 200 22
114.84.81.136 - - [01/Oct/2022:09:49:18 +0800] "POST /xingrg/load_menu.html HTTP/1.1" 500 2545
222.70.183.206 - - [01/Oct/2022:09:49:20 +0800] "POST /xingrg/dwr/call/plaincall/AjaxCheckService.setItemNumber.dwr HTTP/1.1" 200 78
116.224.255.128 - - [01/Oct/2022:09:49:20 +0800] "GET /xingrg/kc/buy/cgsh_order_operate.html?command=get_materiel&rest_code=00151&code=00101008349&supplier_code=00100008&order_time=2022-10-01 HTTP/1.1" 200 412
114.83.219.57 - - [01/Oct/2022:09:49:21 +0800] "GET /xingrg/all/function/internal_message.html?_=1664589050305&CODE_STATE=getMsg HTTP/1.1" 200 27
114.84.81.136 - - [01/Oct/2022:09:49:22 +0800] "GET /xingrg/index.html?sysBaseUrl=http%3A%2F%2F180.169.147.146%3A18081%2Fxingrg%2F&costTime=44×tamp=1622098168715 HTTP/1.1" 302 -
114.84.81.136 - - [01/Oct/2022:09:49:22 +0800] "GET /xingrg/login.html HTTP/1.1" 200 7641
114.84.81.136 - - [01/Oct/2022:09:49:22 +0800] "GET /favicon.ico HTTP/1.1" 404 -
114.83.219.57 - - [01/Oct/2022:09:49:23 +0800] "POST /xingrg/dwr/call/plaincall/AjaxCheckService.setItemNumber.dwr HTTP/1.1" 200 77
114.84.81.136 - - [01/Oct/2022:09:49:25 +0800] "GET /xingrg/index.html?sysBaseUrl=http%3A%2F%2F180.169.147.146%3A18081%2Fxingrg%2F&costTime=44×tamp=1622098168715 HTTP/1.1" 302 -
114.84.81.136 - - [01/Oct/2022:09:49:25 +0800] "GET /xingrg/login.html HTTP/1.1" 200 7641
114.84.81.136 - - [01/Oct/2022:09:49:26 +0800] "GET /favicon.ico HTTP/1.1" 404 -
114.84.81.136 - - [01/Oct/2022:09:49:27 +0800] "POST /xingrg/login.do HTTP/1.1" 302 -
114.84.81.136 - - [01/Oct/2022:09:49:27 +0800] "GET /xingrg/index.html?sysBaseUrl=http%3A%2F%2F180.169.147.146%3A18081%2Fxingrg%2F&costTime=44×tamp=1664588967113 HTTP/1.1" 200 17179
114.84.81.136 - - [01/Oct/2022:09:49:27 +0800] "GET /favicon.ico HTTP/1.1" 404 -
114.84.81.136 - - [01/Oct/2022:09:49:27 +0800] "POST /xingrg/all/common/load_tree.html?tree=area_rest_tree_json&manage=1 HTTP/1.1" 200 351
114.84.81.136 - - [01/Oct/2022:09:49:27 +0800] "POST /xingrg/load_menu.html HTTP/1.1" 200 5138
114.84.81.136 - - [01/Oct/2022:09:49:27 +0800] "GET /xingrg/all/function/internal_message.html?_=1664588976801&CODE_STATE=count HTTP/1.1" 200 11
114.84.81.136 - - [01/Oct/2022:09:49:27 +0800] "GET /xingrg/check_reg.html?_=1664588976802 HTTP/1.1" 200 22
114.84.81.136 - - [01/Oct/2022:09:49:27 +0800] "GET /xingrg/kc/base/base_main.html HTTP/1.1" 200 12142
116.237.75.135 - - [01/Oct/2022:09:49:29 +0800] "GET /xingrg/all/function/internal_message.html?_=1664588979503&CODE_STATE=getMsg HTTP/1.1" 200 27
114.84.81.136 - - [01/Oct/2022:09:49:29 +0800] "GET /xingrg/kc/base/check_order_list.html HTTP/1.1" 200 16305
114.84.81.136 - - [01/Oct/2022:09:49:29 +0800] "POST /xingrg/kc/base/check_list_operate.html HTTP/1.1" 200 2553
114.84.81.136 - - [01/Oct/2022:09:49:30 +0800] "GET /xingrg/all/function/internal_message.html?_=1664588969450&CODE_STATE=getMsg HTTP/1.1" 200 27
116.224.255.128 - - [01/Oct/2022:09:49:32 +0800] "GET /xingrg/kc/buy/cgsh_order_operate.html?command=get_materiel&rest_code=00151&code=00101008350&supplier_code=00100008&order_time=2022-10-01 HTTP/1.1" 200 408
114.83.219.57 - - [01/Oct/2022:09:49:35 +0800] "POST /xingrg/dwr/call/plaincall/AjaxCheckService.setItemNumber.dwr HTTP/1.1" 200 77
116.230.105.139 - - [01/Oct/2022:09:49:36 +0800] "GET /xingrg/check_reg.html?_=1664588962366 HTTP/1.1" 200 22
116.230.105.139 - - [01/Oct/2022:09:49:36 +0800] "GET /xingrg/all/function/internal_message.html?_=1664588962368&CODE_STATE=getMsg HTTP/1.1" 200 27
116.225.121.189 - - [01/Oct/2022:09:49:37 +0800] "GET /xingrg/all/function/internal_message.html?_=1664588977164&CODE_STATE=getMsg HTTP/1.1" 200 27
101.85.93.113 - - [01/Oct/2022:09:49:37 +0800] "GET /xingrg/all/function/internal_message.html?_=1664588976527&CODE_STATE=getMsg HTTP/1.1" 200 27
101.85.93.113 - - [01/Oct/2022:09:49:37 +0800] "GET /xingrg/check_reg.html?_=1664588976529 HTTP/1.1" 200 22
114.84.81.136 - - [01/Oct/2022:09:49:40 +0800] "GET /xingrg/kc/base/wldb_order_list.html HTTP/1.1" 200 19186
114.84.81.136 - - [01/Oct/2022:09:49:40 +0800] "POST /xingrg/kc/base/wldb_list_operate.html HTTP/1.1" 200 1775
116.224.255.128 - - [01/Oct/2022:09:49:43 +0800] "GET /xingrg/kc/buy/cgsh_order_operate.html?command=get_materiel&rest_code=00151&code=00101015006&supplier_code=00100008&order_time=2022-10-01 HTTP/1.1" 200 412
222.70.183.206 - - [01/Oct/2022:09:49:43 +0800] "POST /xingrg/dwr/call/plaincall/AjaxCheckService.setItemNumber.dwr HTTP/1.1" 200 78
116.230.114.213 - - [01/Oct/2022:09:49:46 +0800] "GET /xingrg/all/function/internal_message.html?_=1664589006730&CODE_STATE=getMsg HTTP/1.1" 200 27
114.83.219.254 - - [01/Oct/2022:09:49:47 +0800] "GET /xingrg/all/function/internal_message.html?_=1664588986097&CODE_STATE=getMsg HTTP/1.1" 200 27
222.70.183.206 - - [01/Oct/2022:09:49:47 +0800] "POST /xingrg/dwr/call/plaincall/AjaxCheckService.setItemNumber.dwr HTTP/1.1" 200 78
116.224.255.128 - - [01/Oct/2022:09:49:48 +0800] "GET /xingrg/all/function/internal_message.html?_=1664588906497&CODE_STATE=getMsg HTTP/1.1" 200 27
124.79.246.218 - - [01/Oct/2022:09:49:50 +0800] "GET /xingrg/all/function/internal_message.html?_=1664589188680&CODE_STATE=getMsg HTTP/1.1" 200 27
222.70.183.206 - - [01/Oct/2022:09:49:50 +0800] "POST /xingrg/dwr/call/plaincall/AjaxCheckService.setItemNumber.dwr HTTP/1.1" 200 78
222.70.183.206 - - [01/Oct/2022:09:49:53 +0800] "POST /xingrg/dwr/call/plaincall/AjaxCheckService.setItemNumber.dwr HTTP/1.1" 200 78
116.230.114.213 - - [01/Oct/2022:09:49:54 +0800] "GET /xingrg/all/function/internal_message.html?_=1664589011220&CODE_STATE=getMsg HTTP/1.1" 302 -
116.225.121.189 - - [01/Oct/2022:09:49:55 +0800] "POST /xingrg/kc/buy/cgsh_order_operate.html HTTP/1.1" 200 37
222.70.183.206 - - [01/Oct/2022:09:49:57 +0800] "GET /xingrg/all/function/internal_message.html?_=1664588991961&CODE_STATE=getMsg HTTP/1.1" 200 27
116.224.255.128 - - [01/Oct/2022:09:49:57 +0800] "GET /xingrg/kc/buy/cgsh_order_operate.html?command=get_materiel&rest_code=00151&code=00101008141&supplier_code=00100008&order_time=2022-10-01 HTTP/1.1" 200 412
58.40.7.146 - - [01/Oct/2022:09:49:58 +0800] "GET /xingrg/check_reg.html?_=1664588998064 HTTP/1.1" 302 -
58.40.7.146 - - [01/Oct/2022:09:49:59 +0800] "GET /xingrg/all/function/internal_message.html?_=1664588998068&CODE_STATE=getMsg HTTP/1.1" 302 -
116.225.121.189 - - [01/Oct/2022:09:49:59 +0800] "POST /xingrg/kc/buy/cgsh_order_operate.html HTTP/1.1" 200 58858
116.225.121.189 - - [01/Oct/2022:09:50:00 +0800] "GET /xingrg/all/function/internal_message.html?_=1664588855256&CODE_STATE=getMsg HTTP/1.1" 200 27
58.37.225.234 - - [01/Oct/2022:09:50:11 +0800] "GET /xingrg/all/function/internal_message.html?_=1664589008452&CODE_STATE=getMsg HTTP/1.1" 200 27
116.224.255.128 - - [01/Oct/2022:09:50:12 +0800] "GET /xingrg/kc/buy/cgsh_order_operate.html?command=get_materiel&rest_code=00151&code=00101008087&supplier_code=00100008&order_time=2022-10-01 HTTP/1.1" 200 412
114.83.219.57 - - [01/Oct/2022:09:50:12 +0800] "POST /xingrg/dwr/call/plaincall/AjaxCheckService.checkOrder.dwr HTTP/1.1" 200 79
114.83.219.57 - - [01/Oct/2022:09:50:13 +0800] "GET /xingrg/kc/base/check_order_info.html?code=452022093000412 HTTP/1.1" 200 22868
114.83.219.57 - - [01/Oct/2022:09:50:13 +0800] "GET /xingrg/dwr/interface/AjaxComOrderService.js HTTP/1.1" 200 18264
114.83.219.57 - - [01/Oct/2022:09:50:13 +0800] "GET /xingrg/dwr/interface/AjaxCheckService.js HTTP/1.1" 200 14003
114.83.219.57 - - [01/Oct/2022:09:50:13 +0800] "GET /xingrg/dwr/engine.js HTTP/1.1" 200 43631
114.83.219.57 - - [01/Oct/2022:09:50:13 +0800] "POST /xingrg/dwr/call/plaincall/AjaxCheckService.loadOrderItems.dwr HTTP/1.1" 200 9470
221.239.141.151 - - [01/Oct/2022:09:50:14 +0800] "GET /xingrg/all/function/internal_message.html?_=1664589013686&CODE_STATE=getMsg HTTP/1.1" 200 27
114.83.219.57 - - [01/Oct/2022:09:50:16 +0800] "GET /xingrg/kc/base/check_order_list.html?isBack=1 HTTP/1.1" 200 16305
114.83.219.57 - - [01/Oct/2022:09:50:16 +0800] "POST /xingrg/kc/base/check_list_operate.html HTTP/1.1" 200 1560
222.70.183.206 - - [01/Oct/2022:09:50:16 +0800] "POST /xingrg/dwr/call/plaincall/AjaxCheckService.setItemNumber.dwr HTTP/1.1" 200 78
114.83.219.57 - - [01/Oct/2022:09:50:18 +0800] "GET /xingrg/kc/base/check_order_info.html?code=452022093000206 HTTP/1.1" 200 25607
114.83.219.57 - - [01/Oct/2022:09:50:18 +0800] "GET /xingrg/dwr/interface/AjaxCheckService.js HTTP/1.1" 200 14003
114.83.219.57 - - [01/Oct/2022:09:50:18 +0800] "GET /xingrg/dwr/interface/AjaxComOrderService.js HTTP/1.1" 200 18264
114.83.219.57 - - [01/Oct/2022:09:50:18 +0800] "GET /xingrg/dwr/engine.js HTTP/1.1" 200 43631
114.83.219.57 - - [01/Oct/2022:09:50:18 +0800] "POST /xingrg/dwr/call/plaincall/AjaxCheckService.loadOrderItems.dwr HTTP/1.1" 200 29130
58.37.225.234 - - [01/Oct/2022:09:50:19 +0800] "GET /xingrg/check_reg.html?_=1664588669218 HTTP/1.1" 200 22
114.83.219.57 - - [01/Oct/2022:09:50:21 +0800] "GET /xingrg/all/function/internal_message.html?_=1664589110297&CODE_STATE=getMsg HTTP/1.1" 200 27
116.224.255.128 - - [01/Oct/2022:09:50:25 +0800] "GET /xingrg/kc/buy/cgsh_order_operate.html?command=get_materiel&rest_code=00151&code=00101008361&supplier_code=00100008&order_time=2022-10-01 HTTP/1.1" 200 408
114.84.81.136 - - [01/Oct/2022:09:50:27 +0800] "GET /xingrg/all/function/internal_message.html?_=1664589036821&CODE_STATE=getMsg HTTP/1.1" 200 27
116.237.75.135 - - [01/Oct/2022:09:50:29 +0800] "GET /xingrg/all/function/internal_message.html?_=1664589039474&CODE_STATE=getMsg HTTP/1.1" 200 27
114.84.81.136 - - [01/Oct/2022:09:50:30 +0800] "GET /xingrg/all/function/internal_message.html?_=1664589029434&CODE_STATE=getMsg HTTP/1.1" 200 27
114.84.81.136 - - [01/Oct/2022:09:50:30 +0800] "GET /xingrg/check_reg.html?_=1664589029594 HTTP/1.1" 200 22
116.237.75.135 - - [01/Oct/2022:09:50:30 +0800] "GET /xingrg/check_reg.html?_=1664589040282 HTTP/1.1" 200 22
222.68.27.219 - - [01/Oct/2022:09:50:31 +0800] "GET /xingrg/login_supplier.html HTTP/1.1" 200 3208
222.68.27.219 - - [01/Oct/2022:09:50:31 +0800] "GET /favicon.ico HTTP/1.1" 404 -
222.68.27.219 - - [01/Oct/2022:09:50:34 +0800] "POST /xingrg/login_supplier.html HTTP/1.1" 302 -
222.68.27.219 - - [01/Oct/2022:09:50:34 +0800] "GET /xingrg/supplier_index.html?sysBaseUrl=http%3A%2F%2F180.169.147.146%3A18081%2Fxingrg%2F&costTime=12×tamp=1664589034089 HTTP/1.1" 200 9061
116.224.255.128 - - [01/Oct/2022:09:50:35 +0800] "GET /xingrg/kc/buy/cgsh_order_operate.html?command=get_materiel&rest_code=00151&code=00101008209&supplier_code=00100008&order_time=2022-10-01 HTTP/1.1" 200 408
222.68.27.219 - - [01/Oct/2022:09:50:35 +0800] "GET /xingrg/supplier/cgsh_order_list.html HTTP/1.1" 200 10896
116.230.105.139 - - [01/Oct/2022:09:50:36 +0800] "GET /xingrg/all/function/internal_message.html?_=1664589022356&CODE_STATE=getMsg HTTP/1.1" 200 27
116.225.121.189 - - [01/Oct/2022:09:50:37 +0800] "GET /xingrg/all/function/internal_message.html?_=1664589037164&CODE_STATE=getMsg HTTP/1.1" 200 27
116.225.121.189 - - [01/Oct/2022:09:50:37 +0800] "GET /xingrg/check_reg.html?_=1664589037167 HTTP/1.1" 200 22
101.85.93.113 - - [01/Oct/2022:09:50:37 +0800] "GET /xingrg/all/function/internal_message.html?_=1664589036528&CODE_STATE=getMsg HTTP/1.1" 200 27
222.68.27.219 - - [01/Oct/2022:09:50:38 +0800] "POST /xingrg/supplier/cgsh_list_operate.html HTTP/1.1" 200 6462
222.68.27.219 - - [01/Oct/2022:09:50:40 +0800] "GET /xingrg/javascript/jquery_tools/images/prev.gif HTTP/1.1" 404 1086
222.68.27.219 - - [01/Oct/2022:09:50:41 +0800] "GET /xingrg/javascript/jquery_tools/images/next.gif HTTP/1.1" 404 1086
222.70.183.206 - - [01/Oct/2022:09:50:41 +0800] "POST /xingrg/dwr/call/plaincall/AjaxCheckService.setItemNumber.dwr HTTP/1.1" 200 78
222.70.183.206 - - [01/Oct/2022:09:50:42 +0800] "POST /xingrg/dwr/call/plaincall/AjaxCheckService.setItemNumber.dwr HTTP/1.1" 200 78
116.230.114.213 - - [01/Oct/2022:09:50:43 +0800] "GET /xingrg/check_reg.html?_=1664589059874 HTTP/1.1" 302 -
222.68.27.219 - - [01/Oct/2022:09:50:43 +0800] "POST /xingrg/supplier/cgsh_list_operate.html HTTP/1.1" 200 205
222.70.183.206 - - [01/Oct/2022:09:50:44 +0800] "POST /xingrg/dwr/call/plaincall/AjaxCheckService.setItemNumber.dwr HTTP/1.1" 200 78
222.70.183.206 - - [01/Oct/2022:09:50:45 +0800] "POST /xingrg/dwr/call/plaincall/AjaxCheckService.setItemNumber.dwr HTTP/1.1" 200 78
222.68.27.219 - - [01/Oct/2022:09:50:45 +0800] "POST /xingrg/supplier/cgsh_list_operate.html HTTP/1.1" 200 371
116.224.255.128 - - [01/Oct/2022:09:50:45 +0800] "GET /xingrg/kc/buy/cgsh_order_operate.html?command=get_materiel&rest_code=00151&code=00101008321&supplier_code=00100008&order_time=2022-10-01 HTTP/1.1" 200 412
116.230.114.213 - - [01/Oct/2022:09:50:46 +0800] "GET /xingrg/all/function/internal_message.html?_=1664589066741&CODE_STATE=getMsg HTTP/1.1" 200 27
114.83.219.254 - - [01/Oct/2022:09:50:47 +0800] "GET /xingrg/all/function/internal_message.html?_=1664589046100&CODE_STATE=getMsg HTTP/1.1" 200 27
116.224.255.128 - - [01/Oct/2022:09:50:48 +0800] "GET /xingrg/all/function/internal_message.html?_=1664588966511&CODE_STATE=getMsg HTTP/1.1" 200 27
222.70.183.206 - - [01/Oct/2022:09:50:49 +0800] "POST /xingrg/dwr/call/plaincall/AjaxCheckService.setItemNumber.dwr HTTP/1.1" 200 78
124.79.246.218 - - [01/Oct/2022:09:50:50 +0800] "GET /xingrg/all/function/internal_message.html?_=1664589248679&CODE_STATE=getMsg HTTP/1.1" 200 27
116.230.114.213 - - [01/Oct/2022:09:50:54 +0800] "GET /xingrg/all/function/internal_message.html?_=1664589071227&CODE_STATE=getMsg HTTP/1.1" 302 -
222.68.27.219 - - [01/Oct/2022:09:50:55 +0800] "GET /xingrg/javascript/easyui/themes/default/tree.css HTTP/1.1" 404 1090
222.68.27.219 - - [01/Oct/2022:09:50:55 +0800] "POST /xingrg/all/common/load_tree.html?tree=area_rest_tree_json HTTP/1.1" 200 3472
116.224.255.128 - - [01/Oct/2022:09:50:56 +0800] "GET /xingrg/kc/buy/cgsh_order_operate.html?command=get_materiel&rest_code=00151&code=00101008300&supplier_code=00100008&order_time=2022-10-01 HTTP/1.1" 200 412
222.70.183.206 - - [01/Oct/2022:09:50:57 +0800] "GET /xingrg/all/function/internal_message.html?_=1664589051965&CODE_STATE=getMsg HTTP/1.1" 200 27
58.40.7.146 - - [01/Oct/2022:09:50:58 +0800] "GET /xingrg/all/function/internal_message.html?_=1664589058066&CODE_STATE=getMsg HTTP/1.1" 302 -
222.70.183.206 - - [01/Oct/2022:09:50:59 +0800] "POST /xingrg/dwr/call/plaincall/AjaxCheckService.setItemNumber.dwr HTTP/1.1" 200 78
116.225.121.189 - - [01/Oct/2022:09:51:00 +0800] "GET /xingrg/all/function/internal_message.html?_=1664588915257&CODE_STATE=getMsg HTTP/1.1" 200 27
222.70.183.206 - - [01/Oct/2022:09:51:01 +0800] "POST /xingrg/dwr/call/plaincall/AjaxCheckService.setItemNumber.dwr HTTP/1.1" 200 78
222.70.183.206 - - [01/Oct/2022:09:51:03 +0800] "POST /xingrg/dwr/call/plaincall/AjaxCheckService.setItemNumber.dwr HTTP/1.1" 200 78
58.37.225.234 - - [01/Oct/2022:09:51:11 +0800] "GET /xingrg/all/function/internal_message.html?_=1664589068429&CODE_STATE=getMsg HTTP/1.1" 200 27
221.239.141.151 - - [01/Oct/2022:09:51:14 +0800] "GET /xingrg/all/function/internal_message.html?_=1664589073703&CODE_STATE=getMsg HTTP/1.1" 200 27
116.224.255.128 - - [01/Oct/2022:09:51:15 +0800] "GET /xingrg/kc/buy/cgsh_order_operate.html?command=get_materiel&rest_code=00151&code=00101015060&supplier_code=00100008&order_time=2022-10-01 HTTP/1.1" 200 412
114.83.219.57 - - [01/Oct/2022:09:51:21 +0800] "GET /xingrg/all/function/internal_message.html?_=1664589170311&CODE_STATE=getMsg HTTP/1.1" 200 27
222.68.27.219 - - [01/Oct/2022:09:51:23 +0800] "POST /xingrg/supplier/cgsh_list_operate.html HTTP/1.1" 200 5786
116.224.255.128 - - [01/Oct/2022:09:51:25 +0800] "GET /xingrg/kc/buy/cgsh_order_operate.html?command=get_materiel&rest_code=00151&code=00101008137&supplier_code=00100008&order_time=2022-10-01 HTTP/1.1" 200 408
222.70.183.206 - - [01/Oct/2022:09:51:25 +0800] "POST /xingrg/dwr/call/plaincall/AjaxCheckService.setItemNumber.dwr HTTP/1.1" 200 78
222.68.27.219 - - [01/Oct/2022:09:51:26 +0800] "POST /xingrg/supplier/cgsh_list_operate.html HTTP/1.1" 200 371
114.84.81.136 - - [01/Oct/2022:09:51:27 +0800] "GET /xingrg/all/function/internal_message.html?_=1664589096814&CODE_STATE=getMsg HTTP/1.1" 200 27
116.237.75.135 - - [01/Oct/2022:09:51:29 +0800] "GET /xingrg/all/function/internal_message.html?_=1664589099449&CODE_STATE=getMsg HTTP/1.1" 200 27
114.84.81.136 - - [01/Oct/2022:09:51:30 +0800] "GET /xingrg/all/function/internal_message.html?_=1664589089408&CODE_STATE=getMsg HTTP/1.1" 200 27
222.68.27.219 - - [01/Oct/2022:09:51:30 +0800] "POST /xingrg/supplier/cgsh_list_operate.html HTTP/1.1" 200 204
116.224.255.128 - - [01/Oct/2022:09:51:33 +0800] "GET /xingrg/kc/buy/cgsh_order_operate.html?command=get_materiel&rest_code=00151&code=00101008362&supplier_code=00100008&order_time=2022-10-01 HTTP/1.1" 200 408
222.70.183.206 - - [01/Oct/2022:09:51:33 +0800] "POST /xingrg/dwr/call/plaincall/AjaxCheckService.setItemNumber.dwr HTTP/1.1" 200 78
116.230.105.139 - - [01/Oct/2022:09:51:36 +0800] "GET /xingrg/all/function/internal_message.html?_=1664589082362&CODE_STATE=getMsg HTTP/1.1" 200 27
116.225.121.189 - - [01/Oct/2022:09:51:37 +0800] "GET /xingrg/all/function/internal_message.html?_=1664589097154&CODE_STATE=getMsg HTTP/1.1" 200 27
222.70.183.206 - - [01/Oct/2022:09:51:37 +0800] "POST /xingrg/dwr/call/plaincall/AjaxCheckService.setItemNumber.dwr HTTP/1.1" 200 78
101.85.93.113 - - [01/Oct/2022:09:51:37 +0800] "GET /xingrg/all/function/internal_message.html?_=1664589096528&CODE_STATE=getMsg HTTP/1.1" 200 27
222.68.27.219 - - [01/Oct/2022:09:51:39 +0800] "POST /xingrg/supplier/cgsh_list_operate.html HTTP/1.1" 200 205
116.230.114.213 - - [01/Oct/2022:09:51:46 +0800] "GET /xingrg/all/function/internal_message.html?_=1664589126772&CODE_STATE=getMsg HTTP/1.1" 200 27
114.83.219.254 - - [01/Oct/2022:09:51:47 +0800] "GET /xingrg/all/function/internal_message.html?_=1664589106108&CODE_STATE=getMsg HTTP/1.1" 200 27
116.224.255.128 - - [01/Oct/2022:09:51:48 +0800] "GET /xingrg/all/function/internal_message.html?_=1664589026524&CODE_STATE=getMsg HTTP/1.1" 200 27
124.79.246.218 - - [01/Oct/2022:09:51:50 +0800] "GET /xingrg/all/function/internal_message.html?_=1664589308677&CODE_STATE=getMsg HTTP/1.1" 200 27
116.230.114.213 - - [01/Oct/2022:09:51:54 +0800] "GET /xingrg/all/function/internal_message.html?_=1664589131251&CODE_STATE=getMsg HTTP/1.1" 302 -
222.70.183.206 - - [01/Oct/2022:09:51:57 +0800] "GET /xingrg/all/function/internal_message.html?_=1664589111956&CODE_STATE=getMsg HTTP/1.1" 200 27
222.70.183.206 - - [01/Oct/2022:09:51:57 +0800] "GET /xingrg/check_reg.html?_=1664589112099 HTTP/1.1" 200 22
58.40.7.146 - - [01/Oct/2022:09:51:58 +0800] "GET /xingrg/all/function/internal_message.html?_=1664589118068&CODE_STATE=getMsg HTTP/1.1" 302 -
116.225.121.189 - - [01/Oct/2022:09:52:00 +0800] "GET /xingrg/all/function/internal_message.html?_=1664588975257&CODE_STATE=getMsg HTTP/1.1" 200 27
222.70.183.206 - - [01/Oct/2022:09:52:01 +0800] "POST /xingrg/dwr/call/plaincall/AjaxCheckService.setItemNumber.dwr HTTP/1.1" 200 78
116.224.255.128 - - [01/Oct/2022:09:52:01 +0800] "GET /xingrg/kc/buy/cgsh_order_operate.html?command=get_materiel&rest_code=00151&code=00101008077&supplier_code=00100008&order_time=2022-10-01 HTTP/1.1" 200 416
222.70.183.206 - - [01/Oct/2022:09:52:04 +0800] "POST /xingrg/dwr/call/plaincall/AjaxCheckService.setItemNumber.dwr HTTP/1.1" 200 78
222.70.183.206 - - [01/Oct/2022:09:52:08 +0800] "POST /xingrg/dwr/call/plaincall/AjaxCheckService.setItemNumber.dwr HTTP/1.1" 200 78
222.70.183.206 - - [01/Oct/2022:09:52:11 +0800] "POST /xingrg/dwr/call/plaincall/AjaxCheckService.setItemNumber.dwr HTTP/1.1" 200 78
58.37.225.234 - - [01/Oct/2022:09:52:11 +0800] "GET /xingrg/all/function/internal_message.html?_=1664589128411&CODE_STATE=getMsg HTTP/1.1" 200 27
222.70.183.206 - - [01/Oct/2022:09:52:13 +0800] "POST /xingrg/dwr/call/plaincall/AjaxCheckService.setItemNumber.dwr HTTP/1.1" 200 78
221.239.141.151 - - [01/Oct/2022:09:52:14 +0800] "GET /xingrg/all/function/internal_message.html?_=1664589133696&CODE_STATE=getMsg HTTP/1.1" 200 27
116.224.255.128 - - [01/Oct/2022:09:52:15 +0800] "GET /xingrg/kc/buy/cgsh_order_operate.html?command=get_materiel&rest_code=00151&code=00101008223&supplier_code=00100008&order_time=2022-10-01 HTTP/1.1" 200 412
222.70.183.206 - - [01/Oct/2022:09:52:17 +0800] "POST /xingrg/dwr/call/plaincall/AjaxCheckService.setItemNumber.dwr HTTP/1.1" 200 78
114.83.219.57 - - [01/Oct/2022:09:52:21 +0800] "GET /xingrg/check_reg.html?_=1664589230297 HTTP/1.1" 200 22
114.83.219.57 - - [01/Oct/2022:09:52:21 +0800] "GET /xingrg/all/function/internal_message.html?_=1664589230300&CODE_STATE=getMsg HTTP/1.1" 200 27
222.70.183.206 - - [01/Oct/2022:09:52:23 +0800] "POST /xingrg/dwr/call/plaincall/AjaxCheckService.setItemNumber.dwr HTTP/1.1" 200 78
222.70.183.206 - - [01/Oct/2022:09:52:26 +0800] "POST /xingrg/dwr/call/plaincall/AjaxCheckService.setItemNumber.dwr HTTP/1.1" 200 78
114.84.81.136 - - [01/Oct/2022:09:52:27 +0800] "GET /xingrg/all/function/internal_message.html?_=1664589156812&CODE_STATE=getMsg HTTP/1.1" 200 27
222.70.183.206 - - [01/Oct/2022:09:52:28 +0800] "POST /xingrg/dwr/call/plaincall/AjaxCheckService.setItemNumber.dwr HTTP/1.1" 200 78
116.224.255.128 - - [01/Oct/2022:09:52:29 +0800] "GET /xingrg/kc/buy/cgsh_order_operate.html?command=get_materiel&rest_code=00151&code=00101008286&supplier_code=00100008&order_time=2022-10-01 HTTP/1.1" 200 408
116.237.75.135 - - [01/Oct/2022:09:52:29 +0800] "GET /xingrg/all/function/internal_message.html?_=1664589159431&CODE_STATE=getMsg HTTP/1.1" 200 27
114.84.81.136 - - [01/Oct/2022:09:52:30 +0800] "GET /xingrg/all/function/internal_message.html?_=1664589149394&CODE_STATE=getMsg HTTP/1.1" 200 27
222.70.183.206 - - [01/Oct/2022:09:52:30 +0800] "POST /xingrg/dwr/call/plaincall/AjaxCheckService.setItemNumber.dwr HTTP/1.1" 200 78
222.70.183.206 - - [01/Oct/2022:09:52:31 +0800] "POST /xingrg/dwr/call/plaincall/AjaxCheckService.setItemNumber.dwr HTTP/1.1" 200 78
116.230.114.213 - - [01/Oct/2022:09:52:31 +0800] "GET /xingrg/check_reg.html?_=1664589172120 HTTP/1.1" 200 22
222.70.183.206 - - [01/Oct/2022:09:52:32 +0800] "POST /xingrg/dwr/call/plaincall/AjaxCheckService.setItemNumber.dwr HTTP/1.1" 200 78
222.70.183.206 - - [01/Oct/2022:09:52:33 +0800] "POST /xingrg/dwr/call/plaincall/AjaxCheckService.setItemNumber.dwr HTTP/1.1" 200 78
222.70.183.206 - - [01/Oct/2022:09:52:34 +0800] "POST /xingrg/dwr/call/plaincall/AjaxCheckService.setItemNumber.dwr HTTP/1.1" 200 78
222.70.183.206 - - [01/Oct/2022:09:52:35 +0800] "POST /xingrg/dwr/call/plaincall/AjaxCheckService.setItemNumber.dwr HTTP/1.1" 200 78
116.230.105.139 - - [01/Oct/2022:09:52:36 +0800] "GET /xingrg/all/function/internal_message.html?_=1664589142355&CODE_STATE=getMsg HTTP/1.1" 200 27
222.70.183.206 - - [01/Oct/2022:09:52:37 +0800] "POST /xingrg/dwr/call/plaincall/AjaxCheckService.setItemNumber.dwr HTTP/1.1" 200 78
114.83.219.57 - - [01/Oct/2022:09:52:37 +0800] "POST /xingrg/dwr/call/plaincall/AjaxCheckService.setItemNumber.dwr HTTP/1.1" 200 76
116.225.121.189 - - [01/Oct/2022:09:52:37 +0800] "GET /xingrg/all/function/internal_message.html?_=1664589157147&CODE_STATE=getMsg HTTP/1.1" 200 27
101.85.93.113 - - [01/Oct/2022:09:52:37 +0800] "GET /xingrg/all/function/internal_message.html?_=1664589156529&CODE_STATE=getMsg HTTP/1.1" 200 27
222.70.183.206 - - [01/Oct/2022:09:52:38 +0800] "POST /xingrg/dwr/call/plaincall/AjaxCheckService.setItemNumber.dwr HTTP/1.1" 200 78
116.224.255.128 - - [01/Oct/2022:09:52:38 +0800] "GET /xingrg/kc/buy/cgsh_order_operate.html?command=get_materiel&rest_code=00151&code=00101008131&supplier_code=00100008&order_time=2022-10-01 HTTP/1.1" 200 408
222.70.183.206 - - [01/Oct/2022:09:52:40 +0800] "POST /xingrg/dwr/call/plaincall/AjaxCheckService.setItemNumber.dwr HTTP/1.1" 200 78
222.70.183.206 - - [01/Oct/2022:09:52:41 +0800] "POST /xingrg/dwr/call/plaincall/AjaxCheckService.setItemNumber.dwr HTTP/1.1" 200 78
114.84.81.136 - - [01/Oct/2022:09:52:43 +0800] "GET /xingrg/kc/report/report_main.html HTTP/1.1" 200 7340
114.84.81.136 - - [01/Oct/2022:09:52:44 +0800] "GET /xingrg/all/report/report_query.html?fileName=kc/buy/wlcg_mx.xml HTTP/1.1" 200 51648
114.84.81.136 - - [01/Oct/2022:09:52:44 +0800] "GET /xingrg/dwr/interface/AjaxReportQueryService.js HTTP/1.1" 200 13203
114.84.81.136 - - [01/Oct/2022:09:52:44 +0800] "GET /xingrg/dwr/engine.js HTTP/1.1" 200 43631
222.70.183.206 - - [01/Oct/2022:09:52:44 +0800] "POST /xingrg/dwr/call/plaincall/AjaxCheckService.setItemNumber.dwr HTTP/1.1" 200 78
114.84.81.136 - - [01/Oct/2022:09:52:44 +0800] "POST /xingrg/dwr/call/plaincall/AjaxReportQueryService.getFixDate.dwr HTTP/1.1" 200 111
114.84.81.136 - - [01/Oct/2022:09:52:44 +0800] "POST /xingrg/dwr/call/plaincall/AjaxReportQueryService.getInitString.dwr HTTP/1.1" 200 31971
114.84.81.136 - - [01/Oct/2022:09:52:46 +0800] "POST /xingrg/dwr/call/plaincall/AjaxReportQueryService.getInitString.dwr HTTP/1.1" 200 1023
114.84.81.136 - - [01/Oct/2022:09:52:46 +0800] "POST /xingrg/dwr/call/plaincall/AjaxReportQueryService.getInitString.dwr HTTP/1.1" 200 125
116.230.114.213 - - [01/Oct/2022:09:52:46 +0800] "GET /xingrg/all/function/internal_message.html?_=1664589186787&CODE_STATE=getMsg HTTP/1.1" 200 27
114.83.219.254 - - [01/Oct/2022:09:52:47 +0800] "GET /xingrg/all/function/internal_message.html?_=1664589166111&CODE_STATE=getMsg HTTP/1.1" 200 27
114.83.219.254 - - [01/Oct/2022:09:52:47 +0800] "GET /xingrg/check_reg.html?_=1664589166116 HTTP/1.1" 200 22
222.70.183.206 - - [01/Oct/2022:09:52:47 +0800] "POST /xingrg/dwr/call/plaincall/AjaxCheckService.setItemNumber.dwr HTTP/1.1" 200 78
114.83.219.57 - - [01/Oct/2022:09:52:48 +0800] "POST /xingrg/dwr/call/plaincall/AjaxCheckService.setItemNumber.dwr HTTP/1.1" 200 76
116.224.255.128 - - [01/Oct/2022:09:52:48 +0800] "GET /xingrg/all/function/internal_message.html?_=1664589086538&CODE_STATE=getMsg HTTP/1.1" 200 27
116.224.255.128 - - [01/Oct/2022:09:52:48 +0800] "GET /xingrg/kc/buy/cgsh_order_operate.html?command=get_materiel&rest_code=00151&code=00101008318&supplier_code=00100008&order_time=2022-10-01 HTTP/1.1" 200 408
124.79.246.218 - - [01/Oct/2022:09:52:50 +0800] "GET /xingrg/all/function/internal_message.html?_=1664589368691&CODE_STATE=getMsg HTTP/1.1" 200 27
222.70.183.206 - - [01/Oct/2022:09:52:52 +0800] "POST /xingrg/dwr/call/plaincall/AjaxCheckService.setItemNumber.dwr HTTP/1.1" 200 78
222.70.183.206 - - [01/Oct/2022:09:52:54 +0800] "POST /xingrg/dwr/call/plaincall/AjaxCheckService.setItemNumber.dwr HTTP/1.1" 200 78
114.83.219.57 - - [01/Oct/2022:09:52:54 +0800] "POST /xingrg/dwr/call/plaincall/AjaxCheckService.setItemNumber.dwr HTTP/1.1" 200 76
116.230.114.213 - - [01/Oct/2022:09:52:54 +0800] "GET /xingrg/all/function/internal_message.html?_=1664589191254&CODE_STATE=getMsg HTTP/1.1" 302 -
222.70.183.206 - - [01/Oct/2022:09:52:55 +0800] "POST /xingrg/dwr/call/plaincall/AjaxCheckService.setItemNumber.dwr HTTP/1.1" 200 78
222.70.183.206 - - [01/Oct/2022:09:52:55 +0800] "POST /xingrg/dwr/call/plaincall/AjaxCheckService.setItemNumber.dwr HTTP/1.1" 200 78
222.70.183.206 - - [01/Oct/2022:09:52:57 +0800] "POST /xingrg/dwr/call/plaincall/AjaxCheckService.setItemNumber.dwr HTTP/1.1" 200 78
222.70.183.206 - - [01/Oct/2022:09:52:57 +0800] "GET /xingrg/all/function/internal_message.html?_=1664589171958&CODE_STATE=getMsg HTTP/1.1" 200 27
222.70.183.206 - - [01/Oct/2022:09:52:58 +0800] "POST /xingrg/dwr/call/plaincall/AjaxCheckService.setItemNumber.dwr HTTP/1.1" 200 78
222.70.183.206 - - [01/Oct/2022:09:52:59 +0800] "POST /xingrg/dwr/call/plaincall/AjaxCheckService.setItemNumber.dwr HTTP/1.1" 200 78
116.224.255.128 - - [01/Oct/2022:09:53:00 +0800] "GET /xingrg/kc/buy/cgsh_order_operate.html?command=get_materiel&rest_code=00151&code=00101008352&supplier_code=00100008&order_time=2022-10-01 HTTP/1.1" 200 412
116.225.121.189 - - [01/Oct/2022:09:53:00 +0800] "GET /xingrg/all/function/internal_message.html?_=1664589035268&CODE_STATE=getMsg HTTP/1.1" 200 27
222.70.183.206 - - [01/Oct/2022:09:53:00 +0800] "POST /xingrg/dwr/call/plaincall/AjaxCheckService.setItemNumber.dwr HTTP/1.1" 200 78
222.70.183.206 - - [01/Oct/2022:09:53:01 +0800] "POST /xingrg/dwr/call/plaincall/AjaxCheckService.setItemNumber.dwr HTTP/1.1" 200 78
222.70.183.206 - - [01/Oct/2022:09:53:02 +0800] "POST /xingrg/dwr/call/plaincall/AjaxCheckService.setItemNumber.dwr HTTP/1.1" 200 78
222.70.183.206 - - [01/Oct/2022:09:53:03 +0800] "POST /xingrg/dwr/call/plaincall/AjaxCheckService.setItemNumber.dwr HTTP/1.1" 200 78
114.83.219.57 - - [01/Oct/2022:09:53:03 +0800] "POST /xingrg/dwr/call/plaincall/AjaxCheckService.setItemNumber.dwr HTTP/1.1" 200 76
222.70.183.206 - - [01/Oct/2022:09:53:04 +0800] "POST /xingrg/dwr/call/plaincall/AjaxCheckService.setItemNumber.dwr HTTP/1.1" 200 78
222.70.183.206 - - [01/Oct/2022:09:53:06 +0800] "POST /xingrg/dwr/call/plaincall/AjaxCheckService.setItemNumber.dwr HTTP/1.1" 200 78
222.70.183.206 - - [01/Oct/2022:09:53:07 +0800] "POST /xingrg/dwr/call/plaincall/AjaxCheckService.setItemNumber.dwr HTTP/1.1" 200 78
222.70.183.206 - - [01/Oct/2022:09:53:08 +0800] "POST /xingrg/dwr/call/plaincall/AjaxCheckService.setItemNumber.dwr HTTP/1.1" 200 78
58.37.225.234 - - [01/Oct/2022:09:53:11 +0800] "GET /xingrg/all/function/internal_message.html?_=1664589188383&CODE_STATE=getMsg HTTP/1.1" 200 27
222.70.183.206 - - [01/Oct/2022:09:53:11 +0800] "POST /xingrg/dwr/call/plaincall/AjaxCheckService.setItemNumber.dwr HTTP/1.1" 200 78
221.239.141.151 - - [01/Oct/2022:09:53:14 +0800] "GET /xingrg/all/function/internal_message.html?_=1664589193692&CODE_STATE=getMsg HTTP/1.1" 200 27
114.84.81.136 - - [01/Oct/2022:09:53:15 +0800] "POST /xingrg/dwr/call/plaincall/AjaxReportQueryService.refreshCache.dwr HTTP/1.1" 200 78
222.70.183.206 - - [01/Oct/2022:09:53:16 +0800] "POST /xingrg/dwr/call/plaincall/AjaxCheckService.setItemNumber.dwr HTTP/1.1" 200 78
222.70.183.206 - - [01/Oct/2022:09:53:19 +0800] "POST /xingrg/dwr/call/plaincall/AjaxCheckService.setItemNumber.dwr HTTP/1.1" 200 78
120.253.135.82 - - [01/Oct/2022:09:53:19 +0800] "GET /xingrg/check_reg.html?_=1664588997030 HTTP/1.1" 200 22
114.83.219.57 - - [01/Oct/2022:09:53:21 +0800] "GET /xingrg/all/function/internal_message.html?_=1664589290303&CODE_STATE=getMsg HTTP/1.1" 200 27
114.84.81.136 - - [01/Oct/2022:09:53:21 +0800] "POST /xingrg/all/report/load_report_page.html HTTP/1.1" 200 53440
114.84.81.136 - - [01/Oct/2022:09:53:21 +0800] "GET /xingrg/servlets/image?cache=0.711155827649147&image=px HTTP/1.1" 200 807
222.70.183.206 - - [01/Oct/2022:09:53:22 +0800] "POST /xingrg/dwr/call/plaincall/AjaxCheckService.setItemNumber.dwr HTTP/1.1" 200 78
114.84.81.136 - - [01/Oct/2022:09:53:24 +0800] "POST /xingrg/all/report/load_report_page.html HTTP/1.1" 200 43864
222.70.183.206 - - [01/Oct/2022:09:53:25 +0800] "POST /xingrg/dwr/call/plaincall/AjaxCheckService.setItemNumber.dwr HTTP/1.1" 200 78
114.84.81.136 - - [01/Oct/2022:09:53:26 +0800] "GET /xingrg/servlets/image?cache=0.6474260346751906&image=px HTTP/1.1" 200 807
222.70.183.206 - - [01/Oct/2022:09:53:27 +0800] "POST /xingrg/dwr/call/plaincall/AjaxCheckService.setItemNumber.dwr HTTP/1.1" 200 78
114.84.81.136 - - [01/Oct/2022:09:53:27 +0800] "GET /xingrg/all/function/internal_message.html?_=1664589216810&CODE_STATE=getMsg HTTP/1.1" 200 27
222.70.183.206 - - [01/Oct/2022:09:53:28 +0800] "POST /xingrg/dwr/call/plaincall/AjaxCheckService.setItemNumber.dwr HTTP/1.1" 200 78
116.237.75.135 - - [01/Oct/2022:09:53:29 +0800] "GET /xingrg/all/function/internal_message.html?_=1664589219410&CODE_STATE=getMsg HTTP/1.1" 200 27
