114.83.219.254 - - [01/Oct/2022:09:31:45 +0800] "POST /xingrg/dwr/call/plaincall/AjaxCheckService.setItemNumber.dwr HTTP/1.1" 200 78
116.230.114.213 - - [01/Oct/2022:09:31:46 +0800] "GET /xingrg/all/function/internal_message.html?_=1664587926314&CODE_STATE=getMsg HTTP/1.1" 200 27
114.83.219.254 - - [01/Oct/2022:09:31:46 +0800] "POST /xingrg/dwr/call/plaincall/AjaxCheckService.setItemNumber.dwr HTTP/1.1" 200 78
114.83.219.254 - - [01/Oct/2022:09:31:46 +0800] "POST /xingrg/dwr/call/plaincall/AjaxCheckService.setItemNumber.dwr HTTP/1.1" 200 78
114.83.219.254 - - [01/Oct/2022:09:31:47 +0800] "GET /xingrg/all/function/internal_message.html?_=1664587906037&CODE_STATE=getMsg HTTP/1.1" 200 27
114.83.219.254 - - [01/Oct/2022:09:31:47 +0800] "POST /xingrg/dwr/call/plaincall/AjaxCheckService.setItemNumber.dwr HTTP/1.1" 200 78
114.84.81.136 - - [01/Oct/2022:09:31:47 +0800] "GET /xingrg/all/function/internal_message.html?_=1664587916983&CODE_STATE=getMsg HTTP/1.1" 200 27
114.83.219.254 - - [01/Oct/2022:09:31:47 +0800] "POST /xingrg/dwr/call/plaincall/AjaxCheckService.setItemNumber.dwr HTTP/1.1" 200 78
114.83.219.254 - - [01/Oct/2022:09:31:48 +0800] "POST /xingrg/dwr/call/plaincall/AjaxCheckService.setItemNumber.dwr HTTP/1.1" 200 78
114.83.219.254 - - [01/Oct/2022:09:31:49 +0800] "POST /xingrg/dwr/call/plaincall/AjaxCheckService.setItemNumber.dwr HTTP/1.1" 200 78
124.79.246.218 - - [01/Oct/2022:09:31:50 +0800] "GET /xingrg/all/function/internal_message.html?_=1664588108670&CODE_STATE=getMsg HTTP/1.1" 200 27
114.83.219.254 - - [01/Oct/2022:09:31:50 +0800] "POST /xingrg/dwr/call/plaincall/AjaxCheckService.setItemNumber.dwr HTTP/1.1" 200 78
114.83.219.254 - - [01/Oct/2022:09:31:50 +0800] "POST /xingrg/dwr/call/plaincall/AjaxCheckService.setItemNumber.dwr HTTP/1.1" 200 78
114.83.219.254 - - [01/Oct/2022:09:31:51 +0800] "POST /xingrg/dwr/call/plaincall/AjaxCheckService.setItemNumber.dwr HTTP/1.1" 200 78
116.230.114.213 - - [01/Oct/2022:09:31:54 +0800] "GET /xingrg/all/function/internal_message.html?_=1664587930977&CODE_STATE=getMsg HTTP/1.1" 302 -
114.83.219.254 - - [01/Oct/2022:09:31:55 +0800] "POST /xingrg/dwr/call/plaincall/AjaxCheckService.setItemNumber.dwr HTTP/1.1" 200 78
114.83.219.254 - - [01/Oct/2022:09:31:55 +0800] "POST /xingrg/dwr/call/plaincall/AjaxCheckService.setItemNumber.dwr HTTP/1.1" 200 78
58.37.225.234 - - [01/Oct/2022:09:31:55 +0800] "GET /xingrg/kc/buy/cgsh_order_operate.html?command=get_materiel&rest_code=00141&code=00101008355&supplier_code=00100007&order_time=2022-10-01 HTTP/1.1" 200 408
114.83.219.254 - - [01/Oct/2022:09:31:56 +0800] "POST /xingrg/dwr/call/plaincall/AjaxCheckService.setItemNumber.dwr HTTP/1.1" 200 78
120.253.135.82 - - [01/Oct/2022:09:31:57 +0800] "GET /xingrg/kc/pszx/mdqp_order_list.html?state=10 HTTP/1.1" 200 10655
120.253.135.82 - - [01/Oct/2022:09:31:57 +0800] "GET /xingrg/dwr/interface/AjaxQqpsService.js HTTP/1.1" 200 16326
120.253.135.82 - - [01/Oct/2022:09:31:57 +0800] "GET /xingrg/dwr/interface/AjaxReportQueryService.js HTTP/1.1" 200 13203
120.253.135.82 - - [01/Oct/2022:09:31:57 +0800] "GET /xingrg/dwr/engine.js HTTP/1.1" 200 43631
114.83.219.254 - - [01/Oct/2022:09:31:58 +0800] "POST /xingrg/dwr/call/plaincall/AjaxCheckService.setItemNumber.dwr HTTP/1.1" 200 78
120.253.135.82 - - [01/Oct/2022:09:32:00 +0800] "GET /xingrg/kc/pszx/mdps_order_list.html?orderType=0 HTTP/1.1" 200 21045
116.225.121.189 - - [01/Oct/2022:09:32:00 +0800] "GET /xingrg/all/function/internal_message.html?_=1664587775243&CODE_STATE=getMsg HTTP/1.1" 200 27
120.253.135.82 - - [01/Oct/2022:09:32:00 +0800] "POST /xingrg/kc/pszx/mdps_list_operate.html HTTP/1.1" 200 5401
221.239.141.151 - - [01/Oct/2022:09:32:01 +0800] "GET /xingrg/javascript/auto/indicator.gif HTTP/1.1" 404 1066
120.253.135.82 - - [01/Oct/2022:09:32:04 +0800] "POST /xingrg/kc/pszx/mdps_list_operate.html HTTP/1.1" 200 5401
58.37.225.234 - - [01/Oct/2022:09:32:05 +0800] "GET /xingrg/kc/buy/cgsh_order_operate.html?command=get_materiel&rest_code=00141&code=00101008264&supplier_code=00100007&order_time=2022-10-01 HTTP/1.1" 200 412
221.239.141.151 - - [01/Oct/2022:09:32:05 +0800] "GET /xingrg/kc/buy/cgsh_order_operate.html?command=get_materiel&rest_code=00102&code=00101002027&supplier_code=00100400&order_time=2022-10-01 HTTP/1.1" 200 413
120.253.135.82 - - [01/Oct/2022:09:32:05 +0800] "GET /xingrg/kc/pszx/mdps_order_list.html?orderType=0 HTTP/1.1" 200 21045
114.83.219.254 - - [01/Oct/2022:09:32:05 +0800] "POST /xingrg/dwr/call/plaincall/AjaxCheckService.checkOrder.dwr HTTP/1.1" 200 80
120.253.135.82 - - [01/Oct/2022:09:32:05 +0800] "POST /xingrg/kc/pszx/mdps_list_operate.html HTTP/1.1" 200 5401
58.37.225.234 - - [01/Oct/2022:09:32:12 +0800] "GET /xingrg/all/function/internal_message.html?_=1664587928809&CODE_STATE=getMsg HTTP/1.1" 200 27
58.37.225.234 - - [01/Oct/2022:09:32:14 +0800] "GET /xingrg/kc/buy/cgsh_order_operate.html?command=get_materiel&rest_code=00141&code=00101008079&supplier_code=00100007&order_time=2022-10-01 HTTP/1.1" 200 416
116.225.121.189 - - [01/Oct/2022:09:32:14 +0800] "POST /xingrg/kc/buy/cgsh_order_operate.html HTTP/1.1" 200 37
221.239.141.151 - - [01/Oct/2022:09:32:14 +0800] "GET /xingrg/all/function/internal_message.html?_=1664587933695&CODE_STATE=getMsg HTTP/1.1" 200 27
114.83.219.254 - - [01/Oct/2022:09:32:16 +0800] "GET /xingrg/kc/base/check_order_info.html?code=452022093000267 HTTP/1.1" 200 22860
114.83.219.254 - - [01/Oct/2022:09:32:16 +0800] "GET /xingrg/dwr/interface/AjaxComOrderService.js HTTP/1.1" 200 18264
114.83.219.254 - - [01/Oct/2022:09:32:16 +0800] "GET /xingrg/dwr/interface/AjaxCheckService.js HTTP/1.1" 200 14003
114.83.219.254 - - [01/Oct/2022:09:32:16 +0800] "GET /xingrg/dwr/engine.js HTTP/1.1" 200 43631
221.239.141.151 - - [01/Oct/2022:09:32:16 +0800] "GET /xingrg/kc/buy/cgsh_order_operate.html?command=get_materiel&rest_code=00102&code=00101002007&supplier_code=00100400&order_time=2022-10-01 HTTP/1.1" 200 409
114.83.219.254 - - [01/Oct/2022:09:32:17 +0800] "POST /xingrg/dwr/call/plaincall/AjaxCheckService.loadOrderItems.dwr HTTP/1.1" 200 55256
116.225.121.189 - - [01/Oct/2022:09:32:17 +0800] "POST /xingrg/kc/buy/cgsh_order_operate.html HTTP/1.1" 200 58858
116.225.121.189 - - [01/Oct/2022:09:32:19 +0800] "GET /xingrg/kc/buy/cgsh_order_add.html HTTP/1.1" 200 68987
116.225.121.189 - - [01/Oct/2022:09:32:19 +0800] "POST /xingrg/kc/buy/cgsh_order_operate.html HTTP/1.1" 200 8245
116.225.121.189 - - [01/Oct/2022:09:32:19 +0800] "GET /xingrg/javascript/easyui/themes/default/validatebox.css HTTP/1.1" 404 1104
114.83.219.57 - - [01/Oct/2022:09:32:21 +0800] "GET /xingrg/check_reg.html?_=1664588030303 HTTP/1.1" 200 22
114.83.219.57 - - [01/Oct/2022:09:32:21 +0800] "GET /xingrg/all/function/internal_message.html?_=1664588030304&CODE_STATE=getMsg HTTP/1.1" 200 27
58.37.225.234 - - [01/Oct/2022:09:32:21 +0800] "GET /xingrg/kc/buy/cgsh_order_operate.html?command=get_materiel&rest_code=00141&code=00101008077&supplier_code=00100007&order_time=2022-10-01 HTTP/1.1" 200 416
114.84.81.136 - - [01/Oct/2022:09:32:29 +0800] "GET /xingrg/all/function/internal_message.html?_=1664587948483&CODE_STATE=getMsg HTTP/1.1" 200 27
116.237.75.135 - - [01/Oct/2022:09:32:29 +0800] "GET /xingrg/all/function/internal_message.html?_=1664587959883&CODE_STATE=getMsg HTTP/1.1" 200 27
116.230.114.213 - - [01/Oct/2022:09:32:31 +0800] "GET /xingrg/check_reg.html?_=1664587972100 HTTP/1.1" 200 22
58.37.225.234 - - [01/Oct/2022:09:32:32 +0800] "GET /xingrg/kc/buy/cgsh_order_operate.html?command=get_materiel&rest_code=00141&code=00101008286&supplier_code=00100007&order_time=2022-10-01 HTTP/1.1" 200 408
116.230.105.139 - - [01/Oct/2022:09:32:36 +0800] "GET /xingrg/all/function/internal_message.html?_=1664587942359&CODE_STATE=getMsg HTTP/1.1" 200 27
116.225.121.189 - - [01/Oct/2022:09:32:37 +0800] "GET /xingrg/all/function/internal_message.html?_=1664587957130&CODE_STATE=getMsg HTTP/1.1" 200 27
101.85.93.113 - - [01/Oct/2022:09:32:37 +0800] "GET /xingrg/all/function/internal_message.html?_=1664587956504&CODE_STATE=getMsg HTTP/1.1" 200 27
114.83.219.254 - - [01/Oct/2022:09:32:39 +0800] "GET /xingrg/kc/base/check_order_list.html?isBack=1 HTTP/1.1" 200 16305
116.225.121.189 - - [01/Oct/2022:09:32:40 +0800] "GET /xingrg/kc/buy/cgsh_order_operate.html?command=get_materiel&rest_code=00105&code=00101007089&supplier_code=00100002&order_time=2022-10-01 HTTP/1.1" 200 408
114.84.81.136 - - [01/Oct/2022:09:32:41 +0800] "POST /xingrg/dwr/call/plaincall/AjaxCheckService.checkOrder.dwr HTTP/1.1" 200 79
114.83.219.254 - - [01/Oct/2022:09:32:41 +0800] "POST /xingrg/kc/base/check_list_operate.html HTTP/1.1" 200 3594
114.83.219.254 - - [01/Oct/2022:09:32:43 +0800] "GET /xingrg/kc/base/check_order_info.html?code=452022093000277 HTTP/1.1" 200 26562
114.83.219.254 - - [01/Oct/2022:09:32:43 +0800] "GET /xingrg/dwr/interface/AjaxComOrderService.js HTTP/1.1" 200 18264
114.83.219.254 - - [01/Oct/2022:09:32:43 +0800] "GET /xingrg/dwr/interface/AjaxCheckService.js HTTP/1.1" 200 14003
114.83.219.254 - - [01/Oct/2022:09:32:43 +0800] "GET /xingrg/dwr/engine.js HTTP/1.1" 200 43631
58.37.225.234 - - [01/Oct/2022:09:32:44 +0800] "GET /xingrg/kc/buy/cgsh_order_operate.html?command=get_materiel&rest_code=00141&code=00101008036&supplier_code=00100007&order_time=2022-10-01 HTTP/1.1" 200 408
114.83.219.254 - - [01/Oct/2022:09:32:44 +0800] "POST /xingrg/dwr/call/plaincall/AjaxCheckService.loadOrderItems.dwr HTTP/1.1" 200 11475
116.224.255.128 - - [01/Oct/2022:09:32:45 +0800] "GET /xingrg/all/function/internal_message.html?_=1664587883443&CODE_STATE=getMsg HTTP/1.1" 200 27
116.230.114.213 - - [01/Oct/2022:09:32:46 +0800] "GET /xingrg/all/function/internal_message.html?_=1664587986326&CODE_STATE=getMsg HTTP/1.1" 200 27
114.83.219.254 - - [01/Oct/2022:09:32:47 +0800] "GET /xingrg/check_reg.html?_=1664587966039 HTTP/1.1" 200 22
114.83.219.254 - - [01/Oct/2022:09:32:47 +0800] "GET /xingrg/all/function/internal_message.html?_=1664587966041&CODE_STATE=getMsg HTTP/1.1" 200 27
114.84.81.136 - - [01/Oct/2022:09:32:47 +0800] "GET /xingrg/all/function/internal_message.html?_=1664587976974&CODE_STATE=getMsg HTTP/1.1" 200 27
114.83.219.254 - - [01/Oct/2022:09:32:48 +0800] "POST /xingrg/dwr/call/plaincall/AjaxCheckService.setItemNumber.dwr HTTP/1.1" 200 76
114.83.219.254 - - [01/Oct/2022:09:32:49 +0800] "POST /xingrg/dwr/call/plaincall/AjaxCheckService.setItemNumber.dwr HTTP/1.1" 200 76
114.83.219.254 - - [01/Oct/2022:09:32:49 +0800] "POST /xingrg/dwr/call/plaincall/AjaxCheckService.setItemNumber.dwr HTTP/1.1" 200 76
124.79.246.218 - - [01/Oct/2022:09:32:50 +0800] "GET /xingrg/all/function/internal_message.html?_=1664588168655&CODE_STATE=getMsg HTTP/1.1" 200 27
114.83.219.254 - - [01/Oct/2022:09:32:50 +0800] "POST /xingrg/dwr/call/plaincall/AjaxCheckService.setItemNumber.dwr HTTP/1.1" 200 76
114.83.219.254 - - [01/Oct/2022:09:32:50 +0800] "POST /xingrg/dwr/call/plaincall/AjaxCheckService.setItemNumber.dwr HTTP/1.1" 200 76
114.83.219.254 - - [01/Oct/2022:09:32:50 +0800] "POST /xingrg/dwr/call/plaincall/AjaxCheckService.setItemNumber.dwr HTTP/1.1" 200 76
58.37.225.234 - - [01/Oct/2022:09:32:51 +0800] "GET /xingrg/kc/buy/cgsh_order_operate.html?command=get_materiel&rest_code=00141&code=00101008131&supplier_code=00100007&order_time=2022-10-01 HTTP/1.1" 200 408
114.83.219.254 - - [01/Oct/2022:09:32:51 +0800] "POST /xingrg/dwr/call/plaincall/AjaxCheckService.setItemNumber.dwr HTTP/1.1" 200 76
114.83.219.254 - - [01/Oct/2022:09:32:52 +0800] "POST /xingrg/dwr/call/plaincall/AjaxCheckService.setItemNumber.dwr HTTP/1.1" 200 76
116.230.114.213 - - [01/Oct/2022:09:32:54 +0800] "GET /xingrg/all/function/internal_message.html?_=1664587990982&CODE_STATE=getMsg HTTP/1.1" 302 -
114.83.219.254 - - [01/Oct/2022:09:32:55 +0800] "POST /xingrg/dwr/call/plaincall/AjaxCheckService.setItemNumber.dwr HTTP/1.1" 200 76
114.83.219.254 - - [01/Oct/2022:09:32:56 +0800] "POST /xingrg/dwr/call/plaincall/AjaxCheckService.setItemNumber.dwr HTTP/1.1" 200 77
114.83.219.254 - - [01/Oct/2022:09:32:57 +0800] "POST /xingrg/dwr/call/plaincall/AjaxCheckService.setItemNumber.dwr HTTP/1.1" 200 77
114.83.219.254 - - [01/Oct/2022:09:32:58 +0800] "POST /xingrg/dwr/call/plaincall/AjaxCheckService.setItemNumber.dwr HTTP/1.1" 200 77
114.83.219.254 - - [01/Oct/2022:09:32:59 +0800] "POST /xingrg/dwr/call/plaincall/AjaxCheckService.setItemNumber.dwr HTTP/1.1" 200 77
114.83.219.254 - - [01/Oct/2022:09:32:59 +0800] "POST /xingrg/dwr/call/plaincall/AjaxCheckService.setItemNumber.dwr HTTP/1.1" 200 77
116.225.121.189 - - [01/Oct/2022:09:33:00 +0800] "GET /xingrg/all/function/internal_message.html?_=1664587835243&CODE_STATE=getMsg HTTP/1.1" 200 27
114.83.219.254 - - [01/Oct/2022:09:33:00 +0800] "POST /xingrg/dwr/call/plaincall/AjaxCheckService.setItemNumber.dwr HTTP/1.1" 200 77
114.83.219.254 - - [01/Oct/2022:09:33:01 +0800] "POST /xingrg/dwr/call/plaincall/AjaxCheckService.setItemNumber.dwr HTTP/1.1" 200 77
114.83.219.254 - - [01/Oct/2022:09:33:02 +0800] "POST /xingrg/dwr/call/plaincall/AjaxCheckService.setItemNumber.dwr HTTP/1.1" 200 77
58.37.225.234 - - [01/Oct/2022:09:33:03 +0800] "GET /xingrg/kc/buy/cgsh_order_operate.html?command=get_materiel&rest_code=00141&code=00101008318&supplier_code=00100007&order_time=2022-10-01 HTTP/1.1" 200 408
116.225.121.189 - - [01/Oct/2022:09:33:06 +0800] "GET /xingrg/kc/buy/cgsh_order_operate.html?command=get_materiel&rest_code=00105&code=00101007072&supplier_code=00100002&order_time=2022-10-01 HTTP/1.1" 200 413
58.37.225.234 - - [01/Oct/2022:09:33:10 +0800] "GET /xingrg/kc/buy/cgsh_order_operate.html?command=get_materiel&rest_code=00141&code=00101008005&supplier_code=00100007&order_time=2022-10-01 HTTP/1.1" 200 412
58.37.225.234 - - [01/Oct/2022:09:33:12 +0800] "GET /xingrg/all/function/internal_message.html?_=1664587988781&CODE_STATE=getMsg HTTP/1.1" 200 27
114.83.219.254 - - [01/Oct/2022:09:33:14 +0800] "POST /xingrg/dwr/call/plaincall/AjaxCheckService.checkOrder.dwr HTTP/1.1" 200 79
221.239.141.151 - - [01/Oct/2022:09:33:14 +0800] "GET /xingrg/all/function/internal_message.html?_=1664587993693&CODE_STATE=getMsg HTTP/1.1" 200 27
114.84.81.136 - - [01/Oct/2022:09:33:16 +0800] "GET /xingrg/kc/base/check_order_info.html?code=452022093000299 HTTP/1.1" 200 22854
114.84.81.136 - - [01/Oct/2022:09:33:16 +0800] "GET /xingrg/dwr/interface/AjaxComOrderService.js HTTP/1.1" 200 18264
114.84.81.136 - - [01/Oct/2022:09:33:16 +0800] "GET /xingrg/dwr/engine.js HTTP/1.1" 200 43631
114.84.81.136 - - [01/Oct/2022:09:33:16 +0800] "GET /xingrg/dwr/interface/AjaxCheckService.js HTTP/1.1" 200 14003
114.83.219.254 - - [01/Oct/2022:09:33:17 +0800] "GET /xingrg/kc/base/check_order_info.html?code=452022093000277 HTTP/1.1" 200 22864
114.83.219.254 - - [01/Oct/2022:09:33:17 +0800] "GET /xingrg/dwr/interface/AjaxComOrderService.js HTTP/1.1" 200 18264
114.83.219.254 - - [01/Oct/2022:09:33:17 +0800] "GET /xingrg/dwr/interface/AjaxCheckService.js HTTP/1.1" 200 14003
114.83.219.254 - - [01/Oct/2022:09:33:17 +0800] "GET /xingrg/dwr/engine.js HTTP/1.1" 200 43631
114.84.81.136 - - [01/Oct/2022:09:33:17 +0800] "POST /xingrg/dwr/call/plaincall/AjaxCheckService.loadOrderItems.dwr HTTP/1.1" 200 23945
114.83.219.254 - - [01/Oct/2022:09:33:18 +0800] "POST /xingrg/dwr/call/plaincall/AjaxCheckService.loadOrderItems.dwr HTTP/1.1" 200 5407
58.37.225.234 - - [01/Oct/2022:09:33:19 +0800] "GET /xingrg/kc/buy/cgsh_order_operate.html?command=get_materiel&rest_code=00141&code=00101008353&supplier_code=00100007&order_time=2022-10-01 HTTP/1.1" 200 408
120.253.135.82 - - [01/Oct/2022:09:33:19 +0800] "GET /xingrg/check_reg.html?_=1664587797005 HTTP/1.1" 200 22
114.84.81.136 - - [01/Oct/2022:09:33:20 +0800] "POST /xingrg/kc/base/check_list_operate.html HTTP/1.1" 200 2880
114.83.219.254 - - [01/Oct/2022:09:33:20 +0800] "GET /xingrg/kc/base/check_order_list.html?isBack=1 HTTP/1.1" 200 16305
114.83.219.254 - - [01/Oct/2022:09:33:20 +0800] "POST /xingrg/kc/base/check_list_operate.html HTTP/1.1" 200 3255
114.83.219.57 - - [01/Oct/2022:09:33:21 +0800] "GET /xingrg/all/function/internal_message.html?_=1664588090300&CODE_STATE=getMsg HTTP/1.1" 200 27
114.84.81.136 - - [01/Oct/2022:09:33:22 +0800] "GET /xingrg/kc/base/check_order_info.html?code=452022093000300 HTTP/1.1" 200 26514
114.84.81.136 - - [01/Oct/2022:09:33:22 +0800] "GET /xingrg/dwr/interface/AjaxComOrderService.js HTTP/1.1" 200 18264
114.84.81.136 - - [01/Oct/2022:09:33:22 +0800] "GET /xingrg/dwr/interface/AjaxCheckService.js HTTP/1.1" 200 14003
114.84.81.136 - - [01/Oct/2022:09:33:22 +0800] "GET /xingrg/dwr/engine.js HTTP/1.1" 200 43631
116.225.121.189 - - [01/Oct/2022:09:33:22 +0800] "GET /xingrg/kc/buy/cgsh_order_operate.html?command=get_materiel&rest_code=00105&code=00101007061&supplier_code=00100002&order_time=2022-10-01 HTTP/1.1" 200 409
114.83.219.254 - - [01/Oct/2022:09:33:23 +0800] "GET /xingrg/kc/base/check_order_info.html?code=452022093000280 HTTP/1.1" 200 26562
114.83.219.254 - - [01/Oct/2022:09:33:23 +0800] "GET /xingrg/dwr/interface/AjaxCheckService.js HTTP/1.1" 200 14003
114.83.219.254 - - [01/Oct/2022:09:33:23 +0800] "GET /xingrg/dwr/interface/AjaxComOrderService.js HTTP/1.1" 200 18264
114.84.81.136 - - [01/Oct/2022:09:33:23 +0800] "POST /xingrg/dwr/call/plaincall/AjaxCheckService.loadOrderItems.dwr HTTP/1.1" 200 15007
114.83.219.254 - - [01/Oct/2022:09:33:23 +0800] "GET /xingrg/dwr/engine.js HTTP/1.1" 200 43631
114.83.219.254 - - [01/Oct/2022:09:33:23 +0800] "POST /xingrg/dwr/call/plaincall/AjaxCheckService.loadOrderItems.dwr HTTP/1.1" 200 4203
58.37.225.234 - - [01/Oct/2022:09:33:26 +0800] "GET /xingrg/kc/buy/cgsh_order_operate.html?command=get_materiel&rest_code=00141&code=00101008283&supplier_code=00100007&order_time=2022-10-01 HTTP/1.1" 200 408
120.253.135.82 - - [01/Oct/2022:09:33:28 +0800] "POST /xingrg/kc/pszx/mdps_list_operate.html HTTP/1.1" 200 2806
114.84.81.136 - - [01/Oct/2022:09:33:29 +0800] "GET /xingrg/all/function/internal_message.html?_=1664588008458&CODE_STATE=getMsg HTTP/1.1" 200 27
114.83.219.254 - - [01/Oct/2022:09:33:29 +0800] "POST /xingrg/dwr/call/plaincall/AjaxCheckService.checkOrder.dwr HTTP/1.1" 200 78
114.84.81.136 - - [01/Oct/2022:09:33:29 +0800] "POST /xingrg/dwr/call/plaincall/AjaxCheckService.setItemNumber.dwr HTTP/1.1" 200 76
114.84.81.136 - - [01/Oct/2022:09:33:29 +0800] "POST /xingrg/dwr/call/plaincall/AjaxCheckService.setItemNumber.dwr HTTP/1.1" 200 76
120.253.135.82 - - [01/Oct/2022:09:33:29 +0800] "POST /xingrg/kc/pszx/mdps_list_operate.html HTTP/1.1" 200 632
116.237.75.135 - - [01/Oct/2022:09:33:29 +0800] "GET /xingrg/all/function/internal_message.html?_=1664588019865&CODE_STATE=getMsg HTTP/1.1" 200 27
114.83.219.254 - - [01/Oct/2022:09:33:31 +0800] "GET /xingrg/kc/base/check_order_info.html?code=452022093000280 HTTP/1.1" 200 22864
114.83.219.254 - - [01/Oct/2022:09:33:31 +0800] "GET /xingrg/dwr/interface/AjaxCheckService.js HTTP/1.1" 200 14003
114.83.219.254 - - [01/Oct/2022:09:33:31 +0800] "GET /xingrg/dwr/interface/AjaxComOrderService.js HTTP/1.1" 200 18264
114.83.219.254 - - [01/Oct/2022:09:33:31 +0800] "GET /xingrg/dwr/engine.js HTTP/1.1" 200 43631
114.83.219.254 - - [01/Oct/2022:09:33:31 +0800] "POST /xingrg/dwr/call/plaincall/AjaxCheckService.loadOrderItems.dwr HTTP/1.1" 200 2067
114.84.81.136 - - [01/Oct/2022:09:33:32 +0800] "POST /xingrg/dwr/call/plaincall/AjaxCheckService.setItemNumber.dwr HTTP/1.1" 200 76
114.84.81.136 - - [01/Oct/2022:09:33:32 +0800] "POST /xingrg/dwr/call/plaincall/AjaxCheckService.setItemNumber.dwr HTTP/1.1" 200 76
114.84.81.136 - - [01/Oct/2022:09:33:33 +0800] "POST /xingrg/dwr/call/plaincall/AjaxCheckService.setItemNumber.dwr HTTP/1.1" 200 76
114.83.219.254 - - [01/Oct/2022:09:33:33 +0800] "GET /xingrg/kc/base/check_order_list.html?isBack=1 HTTP/1.1" 200 16305
114.83.219.254 - - [01/Oct/2022:09:33:33 +0800] "POST /xingrg/kc/base/check_list_operate.html HTTP/1.1" 200 2916
116.225.121.189 - - [01/Oct/2022:09:33:34 +0800] "GET /xingrg/kc/buy/cgsh_order_operate.html?command=get_materiel&rest_code=00105&code=00101007081&supplier_code=00100002&order_time=2022-10-01 HTTP/1.1" 200 413
58.37.225.234 - - [01/Oct/2022:09:33:36 +0800] "GET /xingrg/kc/buy/cgsh_order_operate.html?command=get_materiel&rest_code=00141&code=00101008037&supplier_code=00100007&order_time=2022-10-01 HTTP/1.1" 200 413
116.230.105.139 - - [01/Oct/2022:09:33:36 +0800] "GET /xingrg/all/function/internal_message.html?_=1664588002359&CODE_STATE=getMsg HTTP/1.1" 200 27
116.225.121.189 - - [01/Oct/2022:09:33:37 +0800] "GET /xingrg/all/function/internal_message.html?_=1664588017135&CODE_STATE=getMsg HTTP/1.1" 200 27
114.83.219.254 - - [01/Oct/2022:09:33:37 +0800] "GET /xingrg/kc/base/check_order_info.html?code=452022093000287 HTTP/1.1" 200 26562
114.83.219.254 - - [01/Oct/2022:09:33:37 +0800] "GET /xingrg/dwr/interface/AjaxCheckService.js HTTP/1.1" 200 14003
114.83.219.254 - - [01/Oct/2022:09:33:37 +0800] "GET /xingrg/dwr/interface/AjaxComOrderService.js HTTP/1.1" 200 18264
114.83.219.254 - - [01/Oct/2022:09:33:37 +0800] "GET /xingrg/dwr/engine.js HTTP/1.1" 200 43631
101.85.93.113 - - [01/Oct/2022:09:33:37 +0800] "GET /xingrg/all/function/internal_message.html?_=1664588016506&CODE_STATE=getMsg HTTP/1.1" 200 27
114.83.219.254 - - [01/Oct/2022:09:33:37 +0800] "POST /xingrg/dwr/call/plaincall/AjaxCheckService.loadOrderItems.dwr HTTP/1.1" 200 8603
120.253.135.82 - - [01/Oct/2022:09:33:38 +0800] "POST /xingrg/kc/pszx/mdps_list_operate.html HTTP/1.1" 200 2066
120.253.135.82 - - [01/Oct/2022:09:33:39 +0800] "POST /xingrg/kc/pszx/mdps_list_operate.html HTTP/1.1" 200 215
120.253.135.82 - - [01/Oct/2022:09:33:40 +0800] "GET /xingrg/kc/pszx/mdps_order_info.html?code=312022100100003 HTTP/1.1" 200 23978
120.253.135.82 - - [01/Oct/2022:09:33:41 +0800] "POST /xingrg/kc/pszx/mdps_order_operate.html HTTP/1.1" 200 2301
120.253.135.82 - - [01/Oct/2022:09:33:41 +0800] "GET /xingrg/javascript/easyui/themes/default/validatebox.css HTTP/1.1" 404 1104
114.83.219.254 - - [01/Oct/2022:09:33:41 +0800] "POST /xingrg/dwr/call/plaincall/AjaxCheckService.setItemNumber.dwr HTTP/1.1" 200 76
114.83.219.254 - - [01/Oct/2022:09:33:41 +0800] "POST /xingrg/dwr/call/plaincall/AjaxCheckService.setItemNumber.dwr HTTP/1.1" 200 76
114.83.219.254 - - [01/Oct/2022:09:33:42 +0800] "POST /xingrg/dwr/call/plaincall/AjaxCheckService.setItemNumber.dwr HTTP/1.1" 200 76
114.83.219.254 - - [01/Oct/2022:09:33:42 +0800] "POST /xingrg/dwr/call/plaincall/AjaxCheckService.setItemNumber.dwr HTTP/1.1" 200 76
114.84.81.136 - - [01/Oct/2022:09:33:43 +0800] "POST /xingrg/dwr/call/plaincall/AjaxCheckService.setItemNumber.dwr HTTP/1.1" 200 76
120.253.135.82 - - [01/Oct/2022:09:33:44 +0800] "POST /xingrg/kc/pszx/mdps_list_operate.html HTTP/1.1" 200 648
114.84.81.136 - - [01/Oct/2022:09:33:44 +0800] "POST /xingrg/dwr/call/plaincall/AjaxCheckService.setItemNumber.dwr HTTP/1.1" 200 76
116.224.255.128 - - [01/Oct/2022:09:33:45 +0800] "GET /xingrg/check_reg.html?_=1664587942816 HTTP/1.1" 200 22
120.253.135.82 - - [01/Oct/2022:09:33:45 +0800] "GET /xingrg/kc/pszx/mdps_order_info.html?code=312022100100002 HTTP/1.1" 200 23978
221.239.141.151 - - [01/Oct/2022:09:33:45 +0800] "POST /xingrg/services/DataTransmitService HTTP/1.1" 200 524
116.224.255.128 - - [01/Oct/2022:09:33:45 +0800] "GET /xingrg/all/function/internal_message.html?_=1664587943456&CODE_STATE=getMsg HTTP/1.1" 200 27
120.253.135.82 - - [01/Oct/2022:09:33:45 +0800] "GET /xingrg/javascript/easyui/themes/default/validatebox.css HTTP/1.1" 404 1104
120.253.135.82 - - [01/Oct/2022:09:33:45 +0800] "POST /xingrg/kc/pszx/mdps_order_operate.html HTTP/1.1" 200 16044
116.230.114.213 - - [01/Oct/2022:09:33:46 +0800] "GET /xingrg/all/function/internal_message.html?_=1664588046340&CODE_STATE=getMsg HTTP/1.1" 200 27
114.83.219.254 - - [01/Oct/2022:09:33:46 +0800] "POST /xingrg/dwr/call/plaincall/AjaxCheckService.setItemNumber.dwr HTTP/1.1" 200 76
114.84.81.136 - - [01/Oct/2022:09:33:46 +0800] "POST /xingrg/dwr/call/plaincall/AjaxCheckService.setItemNumber.dwr HTTP/1.1" 200 76
221.239.141.151 - - [01/Oct/2022:09:33:47 +0800] "POST /xingrg/services/DataTransmitService HTTP/1.1" 200 412
114.83.219.254 - - [01/Oct/2022:09:33:47 +0800] "GET /xingrg/all/function/internal_message.html?_=1664588026054&CODE_STATE=getMsg HTTP/1.1" 200 27
114.84.81.136 - - [01/Oct/2022:09:33:47 +0800] "GET /xingrg/all/function/internal_message.html?_=1664588036985&CODE_STATE=getMsg HTTP/1.1" 200 27
114.83.219.254 - - [01/Oct/2022:09:33:47 +0800] "POST /xingrg/dwr/call/plaincall/AjaxCheckService.setItemNumber.dwr HTTP/1.1" 200 76
114.83.219.254 - - [01/Oct/2022:09:33:48 +0800] "POST /xingrg/dwr/call/plaincall/AjaxCheckService.setItemNumber.dwr HTTP/1.1" 200 76
114.84.81.136 - - [01/Oct/2022:09:33:49 +0800] "POST /xingrg/dwr/call/plaincall/AjaxCheckService.setItemNumber.dwr HTTP/1.1" 200 76
114.83.219.254 - - [01/Oct/2022:09:33:49 +0800] "POST /xingrg/dwr/call/plaincall/AjaxCheckService.setItemNumber.dwr HTTP/1.1" 200 76
124.79.246.218 - - [01/Oct/2022:09:33:50 +0800] "GET /xingrg/check_reg.html?_=1664588228660 HTTP/1.1" 200 22
124.79.246.218 - - [01/Oct/2022:09:33:50 +0800] "GET /xingrg/all/function/internal_message.html?_=1664588228659&CODE_STATE=getMsg HTTP/1.1" 200 27
58.37.225.234 - - [01/Oct/2022:09:33:50 +0800] "GET /xingrg/kc/buy/cgsh_order_operate.html?command=get_materiel&rest_code=00141&code=00101008323&supplier_code=00100007&order_time=2022-10-01 HTTP/1.1" 200 408
114.84.81.136 - - [01/Oct/2022:09:33:50 +0800] "POST /xingrg/dwr/call/plaincall/AjaxCheckService.setItemNumber.dwr HTTP/1.1" 200 77
114.83.219.254 - - [01/Oct/2022:09:33:50 +0800] "POST /xingrg/dwr/call/plaincall/AjaxCheckService.setItemNumber.dwr HTTP/1.1" 200 76
114.83.219.254 - - [01/Oct/2022:09:33:52 +0800] "POST /xingrg/dwr/call/plaincall/AjaxCheckService.setItemNumber.dwr HTTP/1.1" 200 77
114.83.219.254 - - [01/Oct/2022:09:33:53 +0800] "POST /xingrg/dwr/call/plaincall/AjaxCheckService.setItemNumber.dwr HTTP/1.1" 200 77
114.83.219.254 - - [01/Oct/2022:09:33:54 +0800] "POST /xingrg/dwr/call/plaincall/AjaxCheckService.setItemNumber.dwr HTTP/1.1" 200 77
116.230.114.213 - - [01/Oct/2022:09:33:54 +0800] "GET /xingrg/all/function/internal_message.html?_=1664588051003&CODE_STATE=getMsg HTTP/1.1" 302 -
114.83.219.254 - - [01/Oct/2022:09:33:54 +0800] "POST /xingrg/dwr/call/plaincall/AjaxCheckService.setItemNumber.dwr HTTP/1.1" 200 77
116.225.121.189 - - [01/Oct/2022:09:33:55 +0800] "GET /xingrg/kc/buy/cgsh_order_operate.html?command=get_materiel&rest_code=00105&code=00101007024&supplier_code=00100002&order_time=2022-10-01 HTTP/1.1" 200 415
116.225.121.189 - - [01/Oct/2022:09:34:00 +0800] "GET /xingrg/check_reg.html?_=1664587895230 HTTP/1.1" 200 22
116.225.121.189 - - [01/Oct/2022:09:34:00 +0800] "GET /xingrg/all/function/internal_message.html?_=1664587895234&CODE_STATE=getMsg HTTP/1.1" 200 27
58.37.225.234 - - [01/Oct/2022:09:34:02 +0800] "GET /xingrg/kc/buy/cgsh_order_operate.html?command=get_materiel&rest_code=00141&code=00101008176&supplier_code=00100007&order_time=2022-10-01 HTTP/1.1" 200 413
116.225.121.189 - - [01/Oct/2022:09:34:03 +0800] "GET /xingrg/kc/buy/cgsh_order_operate.html?command=get_materiel&rest_code=00105&code=00101007049&supplier_code=00100002&order_time=2022-10-01 HTTP/1.1" 200 409
58.37.225.234 - - [01/Oct/2022:09:34:11 +0800] "GET /xingrg/kc/buy/cgsh_order_operate.html?command=get_materiel&rest_code=00141&code=00101008302&supplier_code=00100007&order_time=2022-10-01 HTTP/1.1" 200 412
58.37.225.234 - - [01/Oct/2022:09:34:11 +0800] "GET /xingrg/all/function/internal_message.html?_=1664588048752&CODE_STATE=getMsg HTTP/1.1" 200 27
58.37.225.234 - - [01/Oct/2022:09:34:13 +0800] "GET /xingrg/check_reg.html?_=1664588050173 HTTP/1.1" 200 22
114.83.219.254 - - [01/Oct/2022:09:34:14 +0800] "POST /xingrg/dwr/call/plaincall/AjaxCheckService.checkOrder.dwr HTTP/1.1" 200 79
58.37.225.234 - - [01/Oct/2022:09:34:14 +0800] "POST /xingrg/kc/buy/cgsh_order_operate.html HTTP/1.1" 200 2065
221.239.141.151 - - [01/Oct/2022:09:34:14 +0800] "GET /xingrg/all/function/internal_message.html?_=1664588053699&CODE_STATE=getMsg HTTP/1.1" 200 27
221.239.141.151 - - [01/Oct/2022:09:34:14 +0800] "GET /xingrg/check_reg.html?_=1664588053700 HTTP/1.1" 200 22
114.83.219.254 - - [01/Oct/2022:09:34:16 +0800] "GET /xingrg/kc/base/check_order_info.html?code=452022093000287 HTTP/1.1" 200 22864
114.83.219.254 - - [01/Oct/2022:09:34:16 +0800] "GET /xingrg/dwr/interface/AjaxComOrderService.js HTTP/1.1" 200 18264
114.83.219.254 - - [01/Oct/2022:09:34:16 +0800] "GET /xingrg/dwr/interface/AjaxCheckService.js HTTP/1.1" 200 14003
114.83.219.254 - - [01/Oct/2022:09:34:16 +0800] "GET /xingrg/dwr/engine.js HTTP/1.1" 200 43631
114.83.219.254 - - [01/Oct/2022:09:34:17 +0800] "POST /xingrg/dwr/call/plaincall/AjaxCheckService.loadOrderItems.dwr HTTP/1.1" 200 3957
58.37.225.234 - - [01/Oct/2022:09:34:21 +0800] "GET /xingrg/kc/buy/cgsh_order_operate.html?command=get_materiel&rest_code=00141&code=00101008132&supplier_code=00100007&order_time=2022-10-01 HTTP/1.1" 200 408
114.83.219.57 - - [01/Oct/2022:09:34:21 +0800] "GET /xingrg/all/function/internal_message.html?_=1664588150308&CODE_STATE=getMsg HTTP/1.1" 200 27
114.84.81.136 - - [01/Oct/2022:09:34:29 +0800] "GET /xingrg/all/function/internal_message.html?_=1664588068470&CODE_STATE=getMsg HTTP/1.1" 200 27
116.237.75.135 - - [01/Oct/2022:09:34:29 +0800] "GET /xingrg/all/function/internal_message.html?_=1664588079841&CODE_STATE=getMsg HTTP/1.1" 200 27
58.37.225.234 - - [01/Oct/2022:09:34:31 +0800] "GET /xingrg/kc/buy/cgsh_order_operate.html?command=get_materiel&rest_code=00141&code=00101008112&supplier_code=00100007&order_time=2022-10-01 HTTP/1.1" 200 412
120.253.135.82 - - [01/Oct/2022:09:34:32 +0800] "POST /xingrg/kc/pszx/mdps_list_operate.html HTTP/1.1" 200 2066
120.253.135.82 - - [01/Oct/2022:09:34:36 +0800] "GET /xingrg/kc/pszx/mdth_order_list.html HTTP/1.1" 200 18469
120.253.135.82 - - [01/Oct/2022:09:34:36 +0800] "POST /xingrg/kc/pszx/mdth_order_new_list.html HTTP/1.1" 200 4717
116.230.105.139 - - [01/Oct/2022:09:34:36 +0800] "GET /xingrg/check_reg.html?_=1664588062350 HTTP/1.1" 200 22
116.230.105.139 - - [01/Oct/2022:09:34:36 +0800] "GET /xingrg/all/function/internal_message.html?_=1664588062354&CODE_STATE=getMsg HTTP/1.1" 200 27
116.225.121.189 - - [01/Oct/2022:09:34:37 +0800] "GET /xingrg/all/function/internal_message.html?_=1664588077193&CODE_STATE=getMsg HTTP/1.1" 200 27
101.85.93.113 - - [01/Oct/2022:09:34:37 +0800] "GET /xingrg/check_reg.html?_=1664588076507 HTTP/1.1" 200 22
101.85.93.113 - - [01/Oct/2022:09:34:37 +0800] "GET /xingrg/all/function/internal_message.html?_=1664588076511&CODE_STATE=getMsg HTTP/1.1" 200 27
114.83.219.254 - - [01/Oct/2022:09:34:38 +0800] "GET /xingrg/kc/base/check_order_list.html?isBack=1 HTTP/1.1" 200 16305
114.83.219.254 - - [01/Oct/2022:09:34:38 +0800] "POST /xingrg/kc/base/check_list_operate.html HTTP/1.1" 200 2577
114.83.219.254 - - [01/Oct/2022:09:34:41 +0800] "GET /xingrg/kc/base/check_order_info.html?code=452022093000283 HTTP/1.1" 200 26562
114.83.219.254 - - [01/Oct/2022:09:34:41 +0800] "GET /xingrg/dwr/interface/AjaxCheckService.js HTTP/1.1" 200 14003
114.83.219.254 - - [01/Oct/2022:09:34:41 +0800] "GET /xingrg/dwr/interface/AjaxComOrderService.js HTTP/1.1" 200 18264
114.83.219.254 - - [01/Oct/2022:09:34:41 +0800] "GET /xingrg/dwr/engine.js HTTP/1.1" 200 43631
114.83.219.254 - - [01/Oct/2022:09:34:42 +0800] "POST /xingrg/dwr/call/plaincall/AjaxCheckService.loadOrderItems.dwr HTTP/1.1" 200 7534
120.253.135.82 - - [01/Oct/2022:09:34:43 +0800] "GET /xingrg/kc/buy/cgth_order_list.html HTTP/1.1" 200 52526
58.37.225.234 - - [01/Oct/2022:09:34:43 +0800] "GET /xingrg/kc/buy/cgsh_order_operate.html?command=get_materiel&rest_code=00141&code=00101008038&supplier_code=00100007&order_time=2022-10-01 HTTP/1.1" 200 412
120.253.135.82 - - [01/Oct/2022:09:34:43 +0800] "POST /xingrg/kc/buy/cgth_list_operate.html HTTP/1.1" 200 1035
114.83.219.254 - - [01/Oct/2022:09:34:45 +0800] "POST /xingrg/dwr/call/plaincall/AjaxCheckService.setItemNumber.dwr HTTP/1.1" 200 76
120.253.135.82 - - [01/Oct/2022:09:34:45 +0800] "GET /xingrg/kc/buy/cgth_order_add.html HTTP/1.1" 200 70256
116.224.255.128 - - [01/Oct/2022:09:34:45 +0800] "GET /xingrg/all/function/internal_message.html?_=1664588003470&CODE_STATE=getMsg HTTP/1.1" 200 27
114.83.219.254 - - [01/Oct/2022:09:34:45 +0800] "POST /xingrg/dwr/call/plaincall/AjaxCheckService.setItemNumber.dwr HTTP/1.1" 200 76
120.253.135.82 - - [01/Oct/2022:09:34:45 +0800] "GET /xingrg/dwr/interface/AjaxComOrderService.js HTTP/1.1" 200 18264
120.253.135.82 - - [01/Oct/2022:09:34:45 +0800] "GET /xingrg/dwr/interface/AjaxCgthService.js HTTP/1.1" 200 14519
120.253.135.82 - - [01/Oct/2022:09:34:45 +0800] "GET /xingrg/javascript/Grid.js HTTP/1.1" 304 -
120.253.135.82 - - [01/Oct/2022:09:34:45 +0800] "GET /xingrg/javascript/ToolTips.js HTTP/1.1" 304 -
120.253.135.82 - - [01/Oct/2022:09:34:45 +0800] "GET /xingrg/javascript/AjaxInfoList.js HTTP/1.1" 304 -
120.253.135.82 - - [01/Oct/2022:09:34:45 +0800] "GET /xingrg/javascript/tools/jquery.qtip-1.0.0-rc3.min.js HTTP/1.1" 304 -
120.253.135.82 - - [01/Oct/2022:09:34:45 +0800] "GET /xingrg/dwr/engine.js HTTP/1.1" 200 43631
120.253.135.82 - - [01/Oct/2022:09:34:46 +0800] "GET /xingrg/javascript/jquery_easy_ui/themes/icons/edit_add_new.png HTTP/1.1" 200 2997
120.253.135.82 - - [01/Oct/2022:09:34:46 +0800] "GET /xingrg/javascript/jquery_easy_ui/themes/icons/print.png HTTP/1.1" 304 -
120.253.135.82 - - [01/Oct/2022:09:34:46 +0800] "GET /xingrg/javascript/jquery_easy_ui/themes/icons/ok.png HTTP/1.1" 200 883
120.253.135.82 - - [01/Oct/2022:09:34:46 +0800] "GET /xingrg/javascript/jquery_easy_ui/themes/icons/cance_new.png HTTP/1.1" 200 3986
120.253.135.82 - - [01/Oct/2022:09:34:46 +0800] "GET /xingrg/javascript/jquery_easy_ui/themes/default/images/menu_downarrow.png HTTP/1.1" 304 -
120.253.135.82 - - [01/Oct/2022:09:34:46 +0800] "GET /xingrg/javascript/jquery_easy_ui/themes/default/images/combo_arrow_dot.gif HTTP/1.1" 304 -
120.253.135.82 - - [01/Oct/2022:09:34:46 +0800] "GET /xingrg/javascript/jquery_easy_ui/themes/default/images/validatebox_warning.png HTTP/1.1" 200 921
120.253.135.82 - - [01/Oct/2022:09:34:46 +0800] "GET /xingrg/javascript/jquery_easy_ui/themes/default/images/validatebox_pointer.gif HTTP/1.1" 200 82
116.230.114.213 - - [01/Oct/2022:09:34:46 +0800] "GET /xingrg/all/function/internal_message.html?_=1664588106382&CODE_STATE=getMsg HTTP/1.1" 200 27
120.253.135.82 - - [01/Oct/2022:09:34:46 +0800] "GET /xingrg/javascript/jquery_easy_ui/themes/default/images/calendar_prevmonth.gif HTTP/1.1" 304 -
120.253.135.82 - - [01/Oct/2022:09:34:46 +0800] "GET /xingrg/javascript/jquery_easy_ui/themes/default/images/calendar_nextmonth.gif HTTP/1.1" 304 -
120.253.135.82 - - [01/Oct/2022:09:34:46 +0800] "GET /xingrg/javascript/jquery_easy_ui/themes/default/images/calendar_nextyear.gif HTTP/1.1" 304 -
120.253.135.82 - - [01/Oct/2022:09:34:46 +0800] "GET /xingrg/javascript/jquery_easy_ui/themes/default/images/calendar_prevyear.gif HTTP/1.1" 304 -
114.83.219.254 - - [01/Oct/2022:09:34:46 +0800] "POST /xingrg/dwr/call/plaincall/AjaxCheckService.setItemNumber.dwr HTTP/1.1" 200 76
120.253.135.82 - - [01/Oct/2022:09:34:46 +0800] "POST /xingrg/all/common/load_tree.html?tree=supplier_tree_json&isDelete=1 HTTP/1.1" 200 68920
120.253.135.82 - - [01/Oct/2022:09:34:46 +0800] "GET /xingrg/images/blue/button/kc_tab_del.gif HTTP/1.1" 200 383
120.253.135.82 - - [01/Oct/2022:09:34:46 +0800] "GET /xingrg/images/blue/button/kc_tab_add.gif HTTP/1.1" 200 375
120.253.135.82 - - [01/Oct/2022:09:34:46 +0800] "GET /xingrg/images/blue/button/kc_tab_save.gif HTTP/1.1" 304 -
120.253.135.82 - - [01/Oct/2022:09:34:46 +0800] "GET /xingrg/images/blue/button/kc_tab_edit.gif HTTP/1.1" 304 -
120.253.135.82 - - [01/Oct/2022:09:34:46 +0800] "GET /xingrg/images/blue/kc_tab_right.gif HTTP/1.1" 304 -
120.253.135.82 - - [01/Oct/2022:09:34:46 +0800] "GET /xingrg/images/blue/kc_tab_left.gif HTTP/1.1" 304 -
120.253.135.82 - - [01/Oct/2022:09:34:46 +0800] "GET /xingrg/images/blue/kc_tab_mid.gif HTTP/1.1" 304 -
120.253.135.82 - - [01/Oct/2022:09:34:46 +0800] "GET /xingrg/images/blue/kc_tab2_right.gif HTTP/1.1" 304 -
120.253.135.82 - - [01/Oct/2022:09:34:46 +0800] "GET /xingrg/images/blue/kc_tab2_left.gif HTTP/1.1" 304 -
114.83.219.254 - - [01/Oct/2022:09:34:46 +0800] "POST /xingrg/dwr/call/plaincall/AjaxCheckService.setItemNumber.dwr HTTP/1.1" 200 76
114.83.219.254 - - [01/Oct/2022:09:34:47 +0800] "GET /xingrg/all/function/internal_message.html?_=1664588086045&CODE_STATE=getMsg HTTP/1.1" 200 27
114.84.81.136 - - [01/Oct/2022:09:34:47 +0800] "GET /xingrg/all/function/internal_message.html?_=1664588096980&CODE_STATE=getMsg HTTP/1.1" 200 27
114.83.219.254 - - [01/Oct/2022:09:34:47 +0800] "POST /xingrg/dwr/call/plaincall/AjaxCheckService.setItemNumber.dwr HTTP/1.1" 200 76
114.83.219.254 - - [01/Oct/2022:09:34:48 +0800] "POST /xingrg/dwr/call/plaincall/AjaxCheckService.setItemNumber.dwr HTTP/1.1" 200 76
114.83.219.254 - - [01/Oct/2022:09:34:48 +0800] "POST /xingrg/dwr/call/plaincall/AjaxCheckService.setItemNumber.dwr HTTP/1.1" 200 76
114.83.219.254 - - [01/Oct/2022:09:34:49 +0800] "POST /xingrg/dwr/call/plaincall/AjaxCheckService.setItemNumber.dwr HTTP/1.1" 200 76
114.83.219.254 - - [01/Oct/2022:09:34:49 +0800] "POST /xingrg/dwr/call/plaincall/AjaxCheckService.setItemNumber.dwr HTTP/1.1" 200 76
124.79.246.218 - - [01/Oct/2022:09:34:50 +0800] "GET /xingrg/all/function/internal_message.html?_=1664588288658&CODE_STATE=getMsg HTTP/1.1" 200 27
58.37.225.234 - - [01/Oct/2022:09:34:50 +0800] "GET /xingrg/kc/buy/cgsh_order_operate.html?command=get_materiel&rest_code=00141&code=00101008224&supplier_code=00100007&order_time=2022-10-01 HTTP/1.1" 200 416
116.230.114.213 - - [01/Oct/2022:09:34:54 +0800] "GET /xingrg/all/function/internal_message.html?_=1664588111009&CODE_STATE=getMsg HTTP/1.1" 302 -
114.83.219.254 - - [01/Oct/2022:09:34:56 +0800] "POST /xingrg/dwr/call/plaincall/AjaxCheckService.setItemNumber.dwr HTTP/1.1" 200 77
114.83.219.254 - - [01/Oct/2022:09:34:58 +0800] "POST /xingrg/dwr/call/plaincall/AjaxCheckService.setItemNumber.dwr HTTP/1.1" 200 77
58.37.225.234 - - [01/Oct/2022:09:35:00 +0800] "GET /xingrg/kc/buy/cgsh_order_operate.html?command=get_materiel&rest_code=00141&code=00101008370&supplier_code=00100007&order_time=2022-10-01 HTTP/1.1" 200 412
116.225.121.189 - - [01/Oct/2022:09:35:00 +0800] "GET /xingrg/all/function/internal_message.html?_=1664587955235&CODE_STATE=getMsg HTTP/1.1" 200 27
120.253.135.82 - - [01/Oct/2022:09:35:00 +0800] "GET /xingrg/images/blue/wait.gif HTTP/1.1" 304 -
120.253.135.82 - - [01/Oct/2022:09:35:00 +0800] "POST /xingrg/dwr/call/plaincall/AjaxCgthService.saveOrder.dwr HTTP/1.1" 200 78
120.253.135.82 - - [01/Oct/2022:09:35:01 +0800] "GET /xingrg/images/yd/bt.gif HTTP/1.1" 404 1040
58.37.225.234 - - [01/Oct/2022:09:35:03 +0800] "POST /xingrg/kc/buy/cgsh_order_operate.html HTTP/1.1" 200 2065
120.253.135.82 - - [01/Oct/2022:09:35:04 +0800] "POST /xingrg/dwr/call/plaincall/AjaxComOrderService.getMaterielSearchList.dwr HTTP/1.1" 200 27368
120.253.135.82 - - [01/Oct/2022:09:35:05 +0800] "POST /xingrg/dwr/call/plaincall/AjaxComOrderService.getMaterielSearchList.dwr HTTP/1.1" 200 1261
120.253.135.82 - - [01/Oct/2022:09:35:06 +0800] "POST /xingrg/dwr/call/plaincall/AjaxComOrderService.getMaterielSearchList.dwr HTTP/1.1" 200 434
116.225.121.189 - - [01/Oct/2022:09:35:08 +0800] "POST /xingrg/kc/buy/cgsh_order_operate.html HTTP/1.1" 200 37
58.37.225.234 - - [01/Oct/2022:09:35:10 +0800] "GET /xingrg/kc/buy/cgsh_order_operate.html?command=get_materiel&rest_code=00141&code=00101008356&supplier_code=00100007&order_time=2022-10-01 HTTP/1.1" 200 409
116.225.121.189 - - [01/Oct/2022:09:35:10 +0800] "POST /xingrg/kc/buy/cgsh_order_operate.html HTTP/1.1" 200 6204
116.225.121.189 - - [01/Oct/2022:09:35:11 +0800] "GET /xingrg/kc/print/load_config.html?kc_code=cgsh HTTP/1.1" 200 1943
114.83.219.254 - - [01/Oct/2022:09:35:11 +0800] "POST /xingrg/dwr/call/plaincall/AjaxCheckService.checkOrder.dwr HTTP/1.1" 200 79
58.37.225.234 - - [01/Oct/2022:09:35:11 +0800] "GET /xingrg/all/function/internal_message.html?_=1664588108726&CODE_STATE=getMsg HTTP/1.1" 200 27
116.225.121.189 - - [01/Oct/2022:09:35:11 +0800] "GET /xingrg/kc/print/load_data.html?order_code=212022100100023&kc_code=cgsh&condition= HTTP/1.1" 200 2092
120.253.135.82 - - [01/Oct/2022:09:35:12 +0800] "POST /xingrg/dwr/call/plaincall/AjaxCgthService.getMaterielByMap.dwr HTTP/1.1" 200 1737
114.83.219.254 - - [01/Oct/2022:09:35:13 +0800] "GET /xingrg/kc/base/check_order_info.html?code=452022093000283 HTTP/1.1" 200 22864
114.83.219.254 - - [01/Oct/2022:09:35:13 +0800] "GET /xingrg/dwr/interface/AjaxCheckService.js HTTP/1.1" 200 14003
114.83.219.254 - - [01/Oct/2022:09:35:13 +0800] "GET /xingrg/dwr/interface/AjaxComOrderService.js HTTP/1.1" 200 18264
114.83.219.254 - - [01/Oct/2022:09:35:13 +0800] "GET /xingrg/dwr/engine.js HTTP/1.1" 200 43631
114.83.219.254 - - [01/Oct/2022:09:35:13 +0800] "POST /xingrg/dwr/call/plaincall/AjaxCheckService.loadOrderItems.dwr HTTP/1.1" 200 3627
221.239.141.151 - - [01/Oct/2022:09:35:14 +0800] "GET /xingrg/all/function/internal_message.html?_=1664588113686&CODE_STATE=getMsg HTTP/1.1" 200 27
114.83.219.254 - - [01/Oct/2022:09:35:15 +0800] "GET /xingrg/kc/base/check_order_list.html?isBack=1 HTTP/1.1" 200 16305
120.253.135.82 - - [01/Oct/2022:09:35:15 +0800] "POST /xingrg/dwr/call/plaincall/AjaxCgthService.saveMaterielItem.dwr HTTP/1.1" 200 78
114.83.219.254 - - [01/Oct/2022:09:35:15 +0800] "POST /xingrg/kc/base/check_list_operate.html HTTP/1.1" 200 2238
116.225.121.189 - - [01/Oct/2022:09:35:15 +0800] "GET /xingrg/kc/buy/cgsh_order_add.html HTTP/1.1" 200 68987
116.225.121.189 - - [01/Oct/2022:09:35:15 +0800] "POST /xingrg/kc/buy/cgsh_order_operate.html HTTP/1.1" 200 8245
116.225.121.189 - - [01/Oct/2022:09:35:16 +0800] "GET /xingrg/javascript/easyui/themes/default/validatebox.css HTTP/1.1" 404 1104
120.253.135.82 - - [01/Oct/2022:09:35:17 +0800] "GET /xingrg/javascript/jquery_easy_ui/themes/default/images/button_plain_hover.png HTTP/1.1" 304 -
114.83.219.254 - - [01/Oct/2022:09:35:18 +0800] "GET /xingrg/kc/base/check_order_info.html?code=452022093000269 HTTP/1.1" 200 26562
114.83.219.254 - - [01/Oct/2022:09:35:18 +0800] "GET /xingrg/dwr/interface/AjaxComOrderService.js HTTP/1.1" 200 18264
114.83.219.254 - - [01/Oct/2022:09:35:18 +0800] "GET /xingrg/dwr/interface/AjaxCheckService.js HTTP/1.1" 200 14003
114.83.219.254 - - [01/Oct/2022:09:35:18 +0800] "GET /xingrg/dwr/engine.js HTTP/1.1" 200 43631
114.83.219.254 - - [01/Oct/2022:09:35:18 +0800] "POST /xingrg/dwr/call/plaincall/AjaxCheckService.loadOrderItems.dwr HTTP/1.1" 200 13861
120.253.135.82 - - [01/Oct/2022:09:35:18 +0800] "POST /xingrg/dwr/call/plaincall/AjaxCgthService.saveOrder.dwr HTTP/1.1" 200 78
58.37.225.234 - - [01/Oct/2022:09:35:19 +0800] "GET /xingrg/check_reg.html?_=1664587769266 HTTP/1.1" 200 22
114.84.81.136 - - [01/Oct/2022:09:35:20 +0800] "POST /xingrg/dwr/call/plaincall/AjaxCheckService.setItemNumber.dwr HTTP/1.1" 200 77
114.84.81.136 - - [01/Oct/2022:09:35:20 +0800] "POST /xingrg/dwr/call/plaincall/AjaxCheckService.setItemNumber.dwr HTTP/1.1" 200 77
114.84.81.136 - - [01/Oct/2022:09:35:21 +0800] "POST /xingrg/dwr/call/plaincall/AjaxCheckService.setItemNumber.dwr HTTP/1.1" 200 77
114.84.81.136 - - [01/Oct/2022:09:35:21 +0800] "POST /xingrg/dwr/call/plaincall/AjaxCheckService.setItemNumber.dwr HTTP/1.1" 200 77
114.83.219.57 - - [01/Oct/2022:09:35:21 +0800] "GET /xingrg/all/function/internal_message.html?_=1664588210308&CODE_STATE=getMsg HTTP/1.1" 200 27
114.84.81.136 - - [01/Oct/2022:09:35:21 +0800] "POST /xingrg/dwr/call/plaincall/AjaxCheckService.setItemNumber.dwr HTTP/1.1" 200 77
114.84.81.136 - - [01/Oct/2022:09:35:21 +0800] "POST /xingrg/dwr/call/plaincall/AjaxCheckService.setItemNumber.dwr HTTP/1.1" 200 77
120.253.135.82 - - [01/Oct/2022:09:35:22 +0800] "GET /xingrg/kc/print/load_config.html?_=1664587919516&kc_code=cgth HTTP/1.1" 200 2458
120.253.135.82 - - [01/Oct/2022:09:35:22 +0800] "GET /xingrg/kc/print/load_data.html?_=1664587919540&order_code=232022100100001&kc_code=cgth&condition= HTTP/1.1" 200 528
114.83.219.254 - - [01/Oct/2022:09:35:23 +0800] "POST /xingrg/dwr/call/plaincall/AjaxCheckService.setItemNumber.dwr HTTP/1.1" 200 76
114.83.219.254 - - [01/Oct/2022:09:35:23 +0800] "POST /xingrg/dwr/call/plaincall/AjaxCheckService.setItemNumber.dwr HTTP/1.1" 200 76
114.83.219.254 - - [01/Oct/2022:09:35:24 +0800] "POST /xingrg/dwr/call/plaincall/AjaxCheckService.setItemNumber.dwr HTTP/1.1" 200 76
114.83.219.254 - - [01/Oct/2022:09:35:25 +0800] "POST /xingrg/dwr/call/plaincall/AjaxCheckService.setItemNumber.dwr HTTP/1.1" 200 76
114.84.81.136 - - [01/Oct/2022:09:35:25 +0800] "POST /xingrg/dwr/call/plaincall/AjaxCheckService.setItemNumber.dwr HTTP/1.1" 200 77
114.83.219.254 - - [01/Oct/2022:09:35:25 +0800] "POST /xingrg/dwr/call/plaincall/AjaxCheckService.setItemNumber.dwr HTTP/1.1" 200 76
114.83.219.254 - - [01/Oct/2022:09:35:26 +0800] "POST /xingrg/dwr/call/plaincall/AjaxCheckService.setItemNumber.dwr HTTP/1.1" 200 76
58.37.225.234 - - [01/Oct/2022:09:35:26 +0800] "GET /xingrg/kc/buy/cgsh_order_operate.html?command=get_materiel&rest_code=00141&code=00101008300&supplier_code=00100007&order_time=2022-10-01 HTTP/1.1" 200 412
114.83.219.254 - - [01/Oct/2022:09:35:26 +0800] "POST /xingrg/dwr/call/plaincall/AjaxCheckService.setItemNumber.dwr HTTP/1.1" 200 76
114.84.81.136 - - [01/Oct/2022:09:35:27 +0800] "POST /xingrg/dwr/call/plaincall/AjaxCheckService.setItemNumber.dwr HTTP/1.1" 200 77
114.83.219.254 - - [01/Oct/2022:09:35:27 +0800] "POST /xingrg/dwr/call/plaincall/AjaxCheckService.setItemNumber.dwr HTTP/1.1" 200 76
114.83.219.254 - - [01/Oct/2022:09:35:27 +0800] "POST /xingrg/dwr/call/plaincall/AjaxCheckService.setItemNumber.dwr HTTP/1.1" 200 76
114.83.219.254 - - [01/Oct/2022:09:35:28 +0800] "POST /xingrg/dwr/call/plaincall/AjaxCheckService.setItemNumber.dwr HTTP/1.1" 200 77
114.83.219.254 - - [01/Oct/2022:09:35:28 +0800] "POST /xingrg/dwr/call/plaincall/AjaxCheckService.setItemNumber.dwr HTTP/1.1" 200 77
114.83.219.254 - - [01/Oct/2022:09:35:29 +0800] "POST /xingrg/dwr/call/plaincall/AjaxCheckService.setItemNumber.dwr HTTP/1.1" 200 77
114.84.81.136 - - [01/Oct/2022:09:35:29 +0800] "GET /xingrg/check_reg.html?_=1664588128464 HTTP/1.1" 200 22
114.84.81.136 - - [01/Oct/2022:09:35:29 +0800] "GET /xingrg/all/function/internal_message.html?_=1664588128468&CODE_STATE=getMsg HTTP/1.1" 200 27
114.83.219.254 - - [01/Oct/2022:09:35:29 +0800] "POST /xingrg/dwr/call/plaincall/AjaxCheckService.setItemNumber.dwr HTTP/1.1" 200 77
114.84.81.136 - - [01/Oct/2022:09:35:29 +0800] "POST /xingrg/dwr/call/plaincall/AjaxCheckService.setItemNumber.dwr HTTP/1.1" 200 77
116.237.75.135 - - [01/Oct/2022:09:35:29 +0800] "GET /xingrg/all/function/internal_message.html?_=1664588139818&CODE_STATE=getMsg HTTP/1.1" 200 27
114.83.219.254 - - [01/Oct/2022:09:35:29 +0800] "POST /xingrg/dwr/call/plaincall/AjaxCheckService.setItemNumber.dwr HTTP/1.1" 200 77
116.237.75.135 - - [01/Oct/2022:09:35:30 +0800] "GET /xingrg/check_reg.html?_=1664588140328 HTTP/1.1" 200 22
114.83.219.254 - - [01/Oct/2022:09:35:30 +0800] "POST /xingrg/dwr/call/plaincall/AjaxCheckService.setItemNumber.dwr HTTP/1.1" 200 77
114.83.219.254 - - [01/Oct/2022:09:35:30 +0800] "POST /xingrg/dwr/call/plaincall/AjaxCheckService.setItemNumber.dwr HTTP/1.1" 200 77
114.84.81.136 - - [01/Oct/2022:09:35:30 +0800] "POST /xingrg/dwr/call/plaincall/AjaxCheckService.setItemNumber.dwr HTTP/1.1" 200 77
114.83.219.254 - - [01/Oct/2022:09:35:31 +0800] "POST /xingrg/dwr/call/plaincall/AjaxCheckService.setItemNumber.dwr HTTP/1.1" 200 77
114.84.81.136 - - [01/Oct/2022:09:35:31 +0800] "POST /xingrg/dwr/call/plaincall/AjaxCheckService.setItemNumber.dwr HTTP/1.1" 200 77
114.83.219.254 - - [01/Oct/2022:09:35:31 +0800] "POST /xingrg/dwr/call/plaincall/AjaxCheckService.setItemNumber.dwr HTTP/1.1" 200 77
114.83.219.254 - - [01/Oct/2022:09:35:32 +0800] "POST /xingrg/dwr/call/plaincall/AjaxCheckService.setItemNumber.dwr HTTP/1.1" 200 77
114.84.81.136 - - [01/Oct/2022:09:35:32 +0800] "POST /xingrg/dwr/call/plaincall/AjaxCheckService.setItemNumber.dwr HTTP/1.1" 200 77
114.83.219.254 - - [01/Oct/2022:09:35:32 +0800] "POST /xingrg/dwr/call/plaincall/AjaxCheckService.setItemNumber.dwr HTTP/1.1" 200 77
114.84.81.136 - - [01/Oct/2022:09:35:33 +0800] "POST /xingrg/dwr/call/plaincall/AjaxCheckService.setItemNumber.dwr HTTP/1.1" 200 77
116.225.121.189 - - [01/Oct/2022:09:35:33 +0800] "GET /xingrg/kc/buy/cgsh_order_operate.html?command=get_materiel&rest_code=00105&code=00101012033&supplier_code=00100034&order_time=2022-10-01 HTTP/1.1" 200 426
114.83.219.254 - - [01/Oct/2022:09:35:34 +0800] "POST /xingrg/dwr/call/plaincall/AjaxCheckService.setItemNumber.dwr HTTP/1.1" 200 77
120.253.135.82 - - [01/Oct/2022:09:35:34 +0800] "POST /xingrg/dwr/call/plaincall/AjaxCgthService.checkOrder.dwr HTTP/1.1" 200 78
114.84.81.136 - - [01/Oct/2022:09:35:35 +0800] "POST /xingrg/dwr/call/plaincall/AjaxCheckService.setItemNumber.dwr HTTP/1.1" 200 77
114.84.81.136 - - [01/Oct/2022:09:35:36 +0800] "GET /xingrg/kc/buy/cgsh_order_list.html HTTP/1.1" 200 53129
116.230.105.139 - - [01/Oct/2022:09:35:36 +0800] "GET /xingrg/all/function/internal_message.html?_=1664588122371&CODE_STATE=getMsg HTTP/1.1" 200 27
114.84.81.136 - - [01/Oct/2022:09:35:37 +0800] "POST /xingrg/kc/buy/cgsh_list_operate.html HTTP/1.1" 200 927
58.37.225.234 - - [01/Oct/2022:09:35:37 +0800] "GET /xingrg/kc/buy/cgsh_order_operate.html?command=get_materiel&rest_code=00141&code=00101008357&supplier_code=00100007&order_time=2022-10-01 HTTP/1.1" 200 408
116.225.121.189 - - [01/Oct/2022:09:35:37 +0800] "GET /xingrg/all/function/internal_message.html?_=1664588137147&CODE_STATE=getMsg HTTP/1.1" 200 27
116.225.121.189 - - [01/Oct/2022:09:35:37 +0800] "GET /xingrg/check_reg.html?_=1664588137150 HTTP/1.1" 200 22
120.253.135.82 - - [01/Oct/2022:09:35:37 +0800] "GET /xingrg/kc/buy/cgth_order_info.html?code=232022100100001&part=buyck HTTP/1.1" 200 68138
