114.84.81.136 - - [01/Oct/2022:10:19:27 +0800] "GET /xingrg/all/function/internal_message.html?_=1664590776851&CODE_STATE=getMsg HTTP/1.1" 200 27
114.84.81.136 - - [01/Oct/2022:10:19:28 +0800] "POST /xingrg/dwr/call/plaincall/AjaxCheckService.setItemNumber.dwr HTTP/1.1" 200 78
116.224.255.128 - - [01/Oct/2022:10:19:28 +0800] "GET /xingrg/all/function/internal_message.html?_=1664590686219&CODE_STATE=getMsg HTTP/1.1" 200 27
114.84.81.136 - - [01/Oct/2022:10:19:28 +0800] "POST /xingrg/dwr/call/plaincall/AjaxCheckService.setItemNumber.dwr HTTP/1.1" 200 78
116.237.75.135 - - [01/Oct/2022:10:19:29 +0800] "GET /xingrg/javascript/auto/indicator.gif HTTP/1.1" 404 1066
116.224.255.128 - - [01/Oct/2022:10:19:29 +0800] "GET /xingrg/kc/buy/cgsh_order_operate.html?command=get_materiel&rest_code=00150&code=00101008658&supplier_code=00100008&order_time=2022-10-01 HTTP/1.1" 200 408
114.84.81.136 - - [01/Oct/2022:10:19:30 +0800] "GET /xingrg/all/function/internal_message.html?_=1664590769492&CODE_STATE=getMsg HTTP/1.1" 200 27
222.70.183.206 - - [01/Oct/2022:10:19:30 +0800] "POST /xingrg/dwr/call/plaincall/AjaxCheckService.setItemNumber.dwr HTTP/1.1" 200 77
221.239.141.151 - - [01/Oct/2022:10:19:31 +0800] "GET /xingrg/login.html HTTP/1.1" 200 7641
114.84.81.136 - - [01/Oct/2022:10:19:31 +0800] "POST /xingrg/dwr/call/plaincall/AjaxCheckService.setItemNumber.dwr HTTP/1.1" 200 78
221.239.141.151 - - [01/Oct/2022:10:19:31 +0800] "GET /favicon.ico HTTP/1.1" 404 -
221.239.141.151 - - [01/Oct/2022:10:19:32 +0800] "POST /xingrg/login.do HTTP/1.1" 302 -
221.239.141.151 - - [01/Oct/2022:10:19:32 +0800] "GET /xingrg/index.html?sysBaseUrl=http%3A%2F%2F180.169.147.146%3A18081%2Fxingrg%2F&costTime=40×tamp=1664590772299 HTTP/1.1" 200 17173
221.239.141.151 - - [01/Oct/2022:10:19:32 +0800] "GET /favicon.ico HTTP/1.1" 404 -
221.239.141.151 - - [01/Oct/2022:10:19:32 +0800] "POST /xingrg/all/common/load_tree.html?tree=area_rest_tree_json&manage=1 HTTP/1.1" 200 342
116.237.75.135 - - [01/Oct/2022:10:19:32 +0800] "GET /xingrg/kc/buy/cgsh_order_operate.html?command=get_materiel&rest_code=00106&code=00101006109&supplier_code=00100015&order_time=2022-10-01 HTTP/1.1" 200 409
221.239.141.151 - - [01/Oct/2022:10:19:32 +0800] "GET /xingrg/all/function/internal_message.html?_=1664590773236&CODE_STATE=count HTTP/1.1" 200 11
221.239.141.151 - - [01/Oct/2022:10:19:32 +0800] "POST /xingrg/load_menu.html HTTP/1.1" 200 5138
221.239.141.151 - - [01/Oct/2022:10:19:32 +0800] "GET /xingrg/check_reg.html?_=1664590773241 HTTP/1.1" 200 22
114.84.81.136 - - [01/Oct/2022:10:19:32 +0800] "POST /xingrg/dwr/call/plaincall/AjaxCheckService.setItemNumber.dwr HTTP/1.1" 200 78
114.84.81.136 - - [01/Oct/2022:10:19:33 +0800] "POST /xingrg/dwr/call/plaincall/AjaxCheckService.setItemNumber.dwr HTTP/1.1" 200 78
114.84.81.136 - - [01/Oct/2022:10:19:33 +0800] "POST /xingrg/dwr/call/plaincall/AjaxCheckService.setItemNumber.dwr HTTP/1.1" 200 78
114.84.81.136 - - [01/Oct/2022:10:19:34 +0800] "POST /xingrg/dwr/call/plaincall/AjaxCheckService.setItemNumber.dwr HTTP/1.1" 200 78
221.239.141.151 - - [01/Oct/2022:10:19:34 +0800] "GET /xingrg/kc/buy/cgsh_order_list.html HTTP/1.1" 200 53123
114.84.81.136 - - [01/Oct/2022:10:19:34 +0800] "POST /xingrg/dwr/call/plaincall/AjaxCheckService.setItemNumber.dwr HTTP/1.1" 200 78
114.84.81.136 - - [01/Oct/2022:10:19:34 +0800] "POST /xingrg/dwr/call/plaincall/AjaxCheckService.setItemNumber.dwr HTTP/1.1" 200 78
114.84.81.136 - - [01/Oct/2022:10:19:35 +0800] "POST /xingrg/dwr/call/plaincall/AjaxCheckService.setItemNumber.dwr HTTP/1.1" 200 78
221.239.141.151 - - [01/Oct/2022:10:19:35 +0800] "POST /xingrg/kc/buy/cgsh_list_operate.html HTTP/1.1" 200 927
116.230.105.139 - - [01/Oct/2022:10:19:36 +0800] "GET /xingrg/check_reg.html?_=1664590762351 HTTP/1.1" 200 22
116.230.105.139 - - [01/Oct/2022:10:19:36 +0800] "GET /xingrg/all/function/internal_message.html?_=1664590762353&CODE_STATE=getMsg HTTP/1.1" 200 27
222.70.183.206 - - [01/Oct/2022:10:19:36 +0800] "POST /xingrg/dwr/call/plaincall/AjaxCheckService.setItemNumber.dwr HTTP/1.1" 200 77
114.84.81.136 - - [01/Oct/2022:10:19:37 +0800] "POST /xingrg/dwr/call/plaincall/AjaxCheckService.setItemNumber.dwr HTTP/1.1" 200 78
222.70.183.206 - - [01/Oct/2022:10:19:37 +0800] "POST /xingrg/dwr/call/plaincall/AjaxCheckService.setItemNumber.dwr HTTP/1.1" 200 77
101.85.93.113 - - [01/Oct/2022:10:19:37 +0800] "GET /xingrg/all/function/internal_message.html?_=1664590776558&CODE_STATE=getMsg HTTP/1.1" 200 27
101.85.93.113 - - [01/Oct/2022:10:19:37 +0800] "GET /xingrg/check_reg.html?_=1664590776560 HTTP/1.1" 200 22
114.84.81.136 - - [01/Oct/2022:10:19:38 +0800] "POST /xingrg/dwr/call/plaincall/AjaxCheckService.setItemNumber.dwr HTTP/1.1" 200 78
116.225.121.189 - - [01/Oct/2022:10:19:38 +0800] "GET /xingrg/all/function/internal_message.html?_=1664590777920&CODE_STATE=getMsg HTTP/1.1" 200 27
114.84.81.136 - - [01/Oct/2022:10:19:38 +0800] "POST /xingrg/dwr/call/plaincall/AjaxCheckService.setItemNumber.dwr HTTP/1.1" 200 78
221.239.141.151 - - [01/Oct/2022:10:19:38 +0800] "GET /xingrg/all/function/internal_message.html?_=1664590785987&CODE_STATE=getMsg HTTP/1.1" 200 27
116.224.255.128 - - [01/Oct/2022:10:19:39 +0800] "GET /xingrg/kc/buy/cgsh_order_operate.html?command=get_materiel&rest_code=00150&code=00101008150&supplier_code=00100008&order_time=2022-10-01 HTTP/1.1" 200 409
222.70.183.206 - - [01/Oct/2022:10:19:39 +0800] "POST /xingrg/dwr/call/plaincall/AjaxCheckService.setItemNumber.dwr HTTP/1.1" 200 77
114.84.81.136 - - [01/Oct/2022:10:19:39 +0800] "POST /xingrg/dwr/call/plaincall/AjaxCheckService.setItemNumber.dwr HTTP/1.1" 200 78
114.84.81.136 - - [01/Oct/2022:10:19:39 +0800] "POST /xingrg/dwr/call/plaincall/AjaxCheckService.setItemNumber.dwr HTTP/1.1" 200 78
222.70.183.206 - - [01/Oct/2022:10:19:40 +0800] "POST /xingrg/dwr/call/plaincall/AjaxCheckService.setItemNumber.dwr HTTP/1.1" 200 77
114.84.81.136 - - [01/Oct/2022:10:19:40 +0800] "POST /xingrg/dwr/call/plaincall/AjaxCheckService.setItemNumber.dwr HTTP/1.1" 200 78
114.84.81.136 - - [01/Oct/2022:10:19:41 +0800] "POST /xingrg/dwr/call/plaincall/AjaxCheckService.setItemNumber.dwr HTTP/1.1" 200 78
116.237.75.135 - - [01/Oct/2022:10:19:41 +0800] "GET /xingrg/kc/buy/cgsh_order_operate.html?command=get_materiel&rest_code=00106&code=00101006221&supplier_code=00100015&order_time=2022-10-01 HTTP/1.1" 200 417
222.70.183.206 - - [01/Oct/2022:10:19:41 +0800] "POST /xingrg/dwr/call/plaincall/AjaxCheckService.setItemNumber.dwr HTTP/1.1" 200 77
222.70.183.206 - - [01/Oct/2022:10:19:42 +0800] "POST /xingrg/dwr/call/plaincall/AjaxCheckService.setItemNumber.dwr HTTP/1.1" 200 77
114.84.81.136 - - [01/Oct/2022:10:19:43 +0800] "POST /xingrg/dwr/call/plaincall/AjaxCheckService.setItemNumber.dwr HTTP/1.1" 200 78
222.70.183.206 - - [01/Oct/2022:10:19:44 +0800] "POST /xingrg/dwr/call/plaincall/AjaxCheckService.setItemNumber.dwr HTTP/1.1" 200 77
114.84.81.136 - - [01/Oct/2022:10:19:45 +0800] "POST /xingrg/dwr/call/plaincall/AjaxCheckService.setItemNumber.dwr HTTP/1.1" 200 78
114.84.81.136 - - [01/Oct/2022:10:19:45 +0800] "POST /xingrg/dwr/call/plaincall/AjaxCheckService.setItemNumber.dwr HTTP/1.1" 200 78
222.70.183.206 - - [01/Oct/2022:10:19:45 +0800] "POST /xingrg/dwr/call/plaincall/AjaxCheckService.setItemNumber.dwr HTTP/1.1" 200 77
114.84.81.136 - - [01/Oct/2022:10:19:45 +0800] "POST /xingrg/dwr/call/plaincall/AjaxCheckService.setItemNumber.dwr HTTP/1.1" 200 78
114.84.81.136 - - [01/Oct/2022:10:19:46 +0800] "POST /xingrg/dwr/call/plaincall/AjaxCheckService.setItemNumber.dwr HTTP/1.1" 200 78
222.70.183.206 - - [01/Oct/2022:10:19:46 +0800] "POST /xingrg/dwr/call/plaincall/AjaxCheckService.setItemNumber.dwr HTTP/1.1" 200 77
114.84.81.136 - - [01/Oct/2022:10:19:46 +0800] "POST /xingrg/dwr/call/plaincall/AjaxCheckService.setItemNumber.dwr HTTP/1.1" 200 78
116.230.114.213 - - [01/Oct/2022:10:19:47 +0800] "GET /xingrg/all/function/internal_message.html?_=1664590807370&CODE_STATE=getMsg HTTP/1.1" 200 27
116.224.255.128 - - [01/Oct/2022:10:19:47 +0800] "GET /xingrg/kc/buy/cgsh_order_operate.html?command=get_materiel&rest_code=00150&code=00101008512&supplier_code=00100008&order_time=2022-10-01 HTTP/1.1" 200 413
114.83.219.254 - - [01/Oct/2022:10:19:47 +0800] "GET /xingrg/all/function/internal_message.html?_=1664590786213&CODE_STATE=getMsg HTTP/1.1" 200 27
222.70.183.206 - - [01/Oct/2022:10:19:48 +0800] "POST /xingrg/dwr/call/plaincall/AjaxCheckService.setItemNumber.dwr HTTP/1.1" 200 77
114.84.81.136 - - [01/Oct/2022:10:19:49 +0800] "POST /xingrg/dwr/call/plaincall/AjaxCheckService.setItemNumber.dwr HTTP/1.1" 200 78
116.237.75.135 - - [01/Oct/2022:10:19:49 +0800] "GET /xingrg/kc/buy/cgsh_order_operate.html?command=get_materiel&rest_code=00106&code=00101006112&supplier_code=00100015&order_time=2022-10-01 HTTP/1.1" 200 409
222.70.183.206 - - [01/Oct/2022:10:19:49 +0800] "POST /xingrg/dwr/call/plaincall/AjaxCheckService.setItemNumber.dwr HTTP/1.1" 200 77
124.79.246.218 - - [01/Oct/2022:10:19:50 +0800] "GET /xingrg/all/function/internal_message.html?_=1664590988711&CODE_STATE=getMsg HTTP/1.1" 200 27
222.70.183.206 - - [01/Oct/2022:10:19:51 +0800] "POST /xingrg/dwr/call/plaincall/AjaxCheckService.setItemNumber.dwr HTTP/1.1" 200 77
221.239.141.151 - - [01/Oct/2022:10:19:51 +0800] "GET /xingrg/all/report/report_query.html?fileName=dma/new_5.0/menu/menu_category_hz.xml HTTP/1.1" 200 53064
221.239.141.151 - - [01/Oct/2022:10:19:51 +0800] "GET /xingrg/dwr/interface/AjaxReportQueryService.js HTTP/1.1" 200 13203
221.239.141.151 - - [01/Oct/2022:10:19:51 +0800] "GET /xingrg/dwr/engine.js HTTP/1.1" 200 43631
221.239.141.151 - - [01/Oct/2022:10:19:51 +0800] "POST /xingrg/dwr/call/plaincall/AjaxReportQueryService.getFixDate.dwr HTTP/1.1" 200 111
221.239.141.151 - - [01/Oct/2022:10:19:52 +0800] "POST /xingrg/all/common/load_tree.html?tree=area_station_tree_json&manage=1 HTTP/1.1" 200 3364
221.239.141.151 - - [01/Oct/2022:10:19:52 +0800] "GET /xingrg/javascript/multi_select/dropdown.gif HTTP/1.1" 200 61
114.84.81.136 - - [01/Oct/2022:10:19:52 +0800] "POST /xingrg/dwr/call/plaincall/AjaxCheckService.setItemNumber.dwr HTTP/1.1" 200 78
114.84.81.136 - - [01/Oct/2022:10:19:52 +0800] "POST /xingrg/dwr/call/plaincall/AjaxCheckService.setItemNumber.dwr HTTP/1.1" 200 78
222.70.183.206 - - [01/Oct/2022:10:19:52 +0800] "POST /xingrg/dwr/call/plaincall/AjaxCheckService.setItemNumber.dwr HTTP/1.1" 200 77
114.84.81.136 - - [01/Oct/2022:10:19:53 +0800] "POST /xingrg/dwr/call/plaincall/AjaxCheckService.setItemNumber.dwr HTTP/1.1" 200 78
221.239.141.151 - - [01/Oct/2022:10:19:53 +0800] "GET /xingrg/kc/base/wldb_order_list.html HTTP/1.1" 200 19180
221.239.141.151 - - [01/Oct/2022:10:19:53 +0800] "POST /xingrg/kc/base/wldb_list_operate.html HTTP/1.1" 200 928
114.84.81.136 - - [01/Oct/2022:10:19:53 +0800] "POST /xingrg/dwr/call/plaincall/AjaxCheckService.setItemNumber.dwr HTTP/1.1" 200 78
222.70.183.206 - - [01/Oct/2022:10:19:53 +0800] "POST /xingrg/dwr/call/plaincall/AjaxCheckService.setItemNumber.dwr HTTP/1.1" 200 77
221.239.141.151 - - [01/Oct/2022:10:19:54 +0800] "GET /xingrg/kc/base/wldb_order_add.html HTTP/1.1" 200 30394
221.239.141.151 - - [01/Oct/2022:10:19:54 +0800] "GET /xingrg/words/20220930131040_words.js HTTP/1.1" 304 -
221.239.141.151 - - [01/Oct/2022:10:19:54 +0800] "GET /xingrg/all/report/report_query.html?fileName=dma/new_5.0/menu/menu_stca_hz.xml HTTP/1.1" 200 51418
116.230.114.213 - - [01/Oct/2022:10:19:54 +0800] "GET /xingrg/all/function/internal_message.html?_=1664590811661&CODE_STATE=getMsg HTTP/1.1" 302 -
221.239.141.151 - - [01/Oct/2022:10:19:54 +0800] "POST /xingrg/kc/base/wldb_order_operate.html HTTP/1.1" 200 6806
221.239.141.151 - - [01/Oct/2022:10:19:54 +0800] "GET /xingrg/dwr/interface/AjaxReportQueryService.js HTTP/1.1" 200 13203
221.239.141.151 - - [01/Oct/2022:10:19:54 +0800] "GET /xingrg/dwr/engine.js HTTP/1.1" 200 43631
221.239.141.151 - - [01/Oct/2022:10:19:54 +0800] "GET /xingrg/all/common/auto_word.html?type=base&rest_code=00102 HTTP/1.1" 200 1857
221.239.141.151 - - [01/Oct/2022:10:19:54 +0800] "GET /xingrg/all/common/auto_word.html?type=base&rest_code=00102 HTTP/1.1" 200 1857
114.84.81.136 - - [01/Oct/2022:10:19:54 +0800] "POST /xingrg/dwr/call/plaincall/AjaxCheckService.setItemNumber.dwr HTTP/1.1" 200 78
221.239.141.151 - - [01/Oct/2022:10:19:54 +0800] "POST /xingrg/dwr/call/plaincall/AjaxReportQueryService.getFixDate.dwr HTTP/1.1" 200 111
221.239.141.151 - - [01/Oct/2022:10:19:54 +0800] "GET /xingrg/javascript/easyui/themes/default/validatebox.css HTTP/1.1" 404 1104
221.239.141.151 - - [01/Oct/2022:10:19:55 +0800] "POST /xingrg/all/common/load_tree.html?tree=area_station_tree_json&manage=1 HTTP/1.1" 200 3364
222.70.183.206 - - [01/Oct/2022:10:19:55 +0800] "POST /xingrg/dwr/call/plaincall/AjaxCheckService.setItemNumber.dwr HTTP/1.1" 200 77
221.239.141.151 - - [01/Oct/2022:10:19:56 +0800] "GET /xingrg/javascript/auto/indicator.gif HTTP/1.1" 404 1066
114.84.81.136 - - [01/Oct/2022:10:19:56 +0800] "POST /xingrg/dwr/call/plaincall/AjaxCheckService.setItemNumber.dwr HTTP/1.1" 200 78
221.239.141.151 - - [01/Oct/2022:10:19:56 +0800] "POST /xingrg/dwr/call/plaincall/AjaxReportQueryService.getFixDate.dwr HTTP/1.1" 200 111
116.237.75.135 - - [01/Oct/2022:10:19:56 +0800] "GET /xingrg/kc/buy/cgsh_order_operate.html?command=get_materiel&rest_code=00106&code=00101006293&supplier_code=00100015&order_time=2022-10-01 HTTP/1.1" 200 432
222.70.183.206 - - [01/Oct/2022:10:19:56 +0800] "POST /xingrg/dwr/call/plaincall/AjaxCheckService.setItemNumber.dwr HTTP/1.1" 200 77
114.84.81.136 - - [01/Oct/2022:10:19:57 +0800] "POST /xingrg/dwr/call/plaincall/AjaxCheckService.setItemNumber.dwr HTTP/1.1" 200 78
222.70.183.206 - - [01/Oct/2022:10:19:57 +0800] "GET /xingrg/all/function/internal_message.html?_=1664590792012&CODE_STATE=getMsg HTTP/1.1" 200 27
222.70.183.206 - - [01/Oct/2022:10:19:58 +0800] "POST /xingrg/dwr/call/plaincall/AjaxCheckService.setItemNumber.dwr HTTP/1.1" 200 77
116.224.255.128 - - [01/Oct/2022:10:19:59 +0800] "GET /xingrg/kc/buy/cgsh_order_operate.html?command=get_materiel&rest_code=00150&code=00101008523&supplier_code=00100008&order_time=2022-10-01 HTTP/1.1" 200 413
222.70.183.206 - - [01/Oct/2022:10:19:59 +0800] "POST /xingrg/dwr/call/plaincall/AjaxCheckService.setItemNumber.dwr HTTP/1.1" 200 77
116.225.121.189 - - [01/Oct/2022:10:20:00 +0800] "GET /xingrg/all/function/internal_message.html?_=1664590655291&CODE_STATE=getMsg HTTP/1.1" 200 27
222.70.183.206 - - [01/Oct/2022:10:20:00 +0800] "POST /xingrg/dwr/call/plaincall/AjaxCheckService.setItemNumber.dwr HTTP/1.1" 200 77
222.70.183.206 - - [01/Oct/2022:10:20:01 +0800] "POST /xingrg/dwr/call/plaincall/AjaxCheckService.setItemNumber.dwr HTTP/1.1" 200 77
221.239.141.151 - - [01/Oct/2022:10:20:01 +0800] "GET /xingrg/kc/base/wldb_order_operate.html?command=get_materiel&rest_code=00102&base_code=0010477&code=00101017003 HTTP/1.1" 200 448
58.40.7.146 - - [01/Oct/2022:10:20:02 +0800] "GET /xingrg/check_reg.html?_=1664590801337 HTTP/1.1" 200 22
58.40.7.146 - - [01/Oct/2022:10:20:02 +0800] "GET /xingrg/all/function/internal_message.html?_=1664590801341&CODE_STATE=getMsg HTTP/1.1" 200 27
222.70.183.206 - - [01/Oct/2022:10:20:03 +0800] "POST /xingrg/dwr/call/plaincall/AjaxCheckService.setItemNumber.dwr HTTP/1.1" 200 77
222.70.183.206 - - [01/Oct/2022:10:20:04 +0800] "POST /xingrg/dwr/call/plaincall/AjaxCheckService.setItemNumber.dwr HTTP/1.1" 200 77
180.169.147.146 - - [01/Oct/2022:10:20:04 +0800] "GET /xingrg/all/function/internal_message.html?_=1664590792331&CODE_STATE=getMsg HTTP/1.1" 200 27
222.70.183.206 - - [01/Oct/2022:10:20:05 +0800] "POST /xingrg/dwr/call/plaincall/AjaxCheckService.setItemNumber.dwr HTTP/1.1" 200 77
221.239.141.151 - - [01/Oct/2022:10:20:06 +0800] "POST /xingrg/dwr/call/plaincall/AjaxReportQueryService.refreshCache.dwr HTTP/1.1" 200 78
222.70.183.206 - - [01/Oct/2022:10:20:07 +0800] "POST /xingrg/dwr/call/plaincall/AjaxCheckService.setItemNumber.dwr HTTP/1.1" 200 77
221.239.141.151 - - [01/Oct/2022:10:20:07 +0800] "POST /xingrg/all/report/load_report_page.html HTTP/1.1" 200 64062
221.239.141.151 - - [01/Oct/2022:10:20:07 +0800] "GET /xingrg/servlets/image?cache=0.6631459159344574&image=px HTTP/1.1" 200 807
222.70.183.206 - - [01/Oct/2022:10:20:08 +0800] "POST /xingrg/dwr/call/plaincall/AjaxCheckService.setItemNumber.dwr HTTP/1.1" 200 77
221.239.141.151 - - [01/Oct/2022:10:20:09 +0800] "GET /xingrg/all/report/report_query.html?isQuery=1&fileName=dma/new_5.0/menu/menu_hz.xml&queryString=(a.sale_day%2520between%252020220801%2520and%252020220930)%2520and%2520(a.sid%2520in%2520(1))%2520and%2520(a.tj_code%253D10)&queryText=%25E3%2580%2590%25E8%2590%25A5%25E4%25B8%259A%25E6%2597%25A5%25E6%259C%259F%253A2022-08-01%2520%25E8%2587%25B3%25202022-09-30%25E3%2580%2591%2520%25E5%25B9%25B6%25E4%25B8%2594%2520%2520%25E3%2580%2590%25E9%2597%25A8%25E5%25BA%2597%25E5%2590%258D%25E7%25A7%25B0%2520%253D%2520%25E6%259D%25BE%25E6%25B1%259F%25E6%25A6%2595%25E6%25B8%25AF%25E3%2580%2591%2520%25E5%25B9%25B6%25E4%25B8%2594%2520%25E3%2580%2590%25E7%25BB%259F%25E8%25AE%25A1%25E7%25B1%25BB%25E5%2588%25AB%2520%253D%2520%25E6%259C%2588%25E9%25A5%25BC%25E3%2580%2591 HTTP/1.1" 200 54103
221.239.141.151 - - [01/Oct/2022:10:20:09 +0800] "GET /xingrg/dwr/engine.js HTTP/1.1" 200 43631
221.239.141.151 - - [01/Oct/2022:10:20:09 +0800] "GET /favicon.ico HTTP/1.1" 404 -
221.239.141.151 - - [01/Oct/2022:10:20:09 +0800] "POST /xingrg/all/report/load_report_page.html HTTP/1.1" 200 72869
221.239.141.151 - - [01/Oct/2022:10:20:09 +0800] "GET /xingrg/servlets/image?cache=0.39221663787768934&image=px HTTP/1.1" 200 807
222.70.183.206 - - [01/Oct/2022:10:20:09 +0800] "POST /xingrg/dwr/call/plaincall/AjaxCheckService.setItemNumber.dwr HTTP/1.1" 200 77
116.225.121.189 - - [01/Oct/2022:10:20:10 +0800] "GET /xingrg/kc/buy/cgsh_order_operate.html?command=get_materiel&rest_code=00105&code=00101006184&supplier_code=00100012&order_time=2022-10-01 HTTP/1.1" 200 408
58.37.225.234 - - [01/Oct/2022:10:20:10 +0800] "GET /xingrg/all/function/internal_message.html?_=1664590807749&CODE_STATE=getMsg HTTP/1.1" 200 27
222.70.183.206 - - [01/Oct/2022:10:20:12 +0800] "POST /xingrg/dwr/call/plaincall/AjaxCheckService.setItemNumber.dwr HTTP/1.1" 200 77
116.230.114.213 - - [01/Oct/2022:10:20:13 +0800] "GET /xingrg/kc/buy/cgsh_order_add.html HTTP/1.1" 200 68867
116.230.114.213 - - [01/Oct/2022:10:20:13 +0800] "GET /xingrg/javascript/jquery_tools/order_manager.js HTTP/1.1" 304 -
116.230.114.213 - - [01/Oct/2022:10:20:13 +0800] "GET /xingrg/javascript/json2.js HTTP/1.1" 304 -
116.230.114.213 - - [01/Oct/2022:10:20:13 +0800] "GET /xingrg/words/20220930131040_words.js HTTP/1.1" 304 -
116.230.114.213 - - [01/Oct/2022:10:20:13 +0800] "POST /xingrg/kc/buy/cgsh_order_operate.html HTTP/1.1" 200 8245
116.230.114.213 - - [01/Oct/2022:10:20:13 +0800] "GET /xingrg/all/common/auto_word.html?type=employee&rest_code=00146 HTTP/1.1" 200 101
116.230.114.213 - - [01/Oct/2022:10:20:13 +0800] "GET /xingrg/all/common/auto_word.html?type=employee&rest_code=00146 HTTP/1.1" 200 101
116.230.114.213 - - [01/Oct/2022:10:20:13 +0800] "GET /xingrg/javascript/easyui/themes/default/validatebox.css HTTP/1.1" 404 1104
116.230.114.213 - - [01/Oct/2022:10:20:13 +0800] "GET /xingrg/javascript/easyui/plugins/jquery.validatebox.js HTTP/1.1" 304 -
116.230.114.213 - - [01/Oct/2022:10:20:13 +0800] "GET /xingrg/javascript/easyui/plugins/jquery.numberbox.js HTTP/1.1" 304 -
222.70.183.206 - - [01/Oct/2022:10:20:14 +0800] "POST /xingrg/dwr/call/plaincall/AjaxCheckService.setItemNumber.dwr HTTP/1.1" 200 77
221.239.141.151 - - [01/Oct/2022:10:20:14 +0800] "POST /xingrg/all/report/report_print.html HTTP/1.1" 200 8192
221.239.141.151 - - [01/Oct/2022:10:20:14 +0800] "GET /xingrg/all/function/internal_message.html?_=1664590813687&CODE_STATE=getMsg HTTP/1.1" 200 27
116.237.75.135 - - [01/Oct/2022:10:20:14 +0800] "GET /xingrg/all/function/internal_message.html?_=1664590824839&CODE_STATE=getMsg HTTP/1.1" 200 27
222.70.183.206 - - [01/Oct/2022:10:20:15 +0800] "POST /xingrg/dwr/call/plaincall/AjaxCheckService.setItemNumber.dwr HTTP/1.1" 200 77
222.70.183.206 - - [01/Oct/2022:10:20:16 +0800] "POST /xingrg/dwr/call/plaincall/AjaxCheckService.setItemNumber.dwr HTTP/1.1" 200 77
116.225.121.189 - - [01/Oct/2022:10:20:19 +0800] "POST /xingrg/kc/buy/cgsh_order_operate.html HTTP/1.1" 200 37
58.37.225.234 - - [01/Oct/2022:10:20:19 +0800] "GET /xingrg/check_reg.html?_=1664590469115 HTTP/1.1" 200 22
222.70.183.206 - - [01/Oct/2022:10:20:19 +0800] "POST /xingrg/dwr/call/plaincall/AjaxCheckService.setItemNumber.dwr HTTP/1.1" 200 77
222.70.183.206 - - [01/Oct/2022:10:20:20 +0800] "POST /xingrg/dwr/call/plaincall/AjaxCheckService.setItemNumber.dwr HTTP/1.1" 200 77
116.225.121.189 - - [01/Oct/2022:10:20:21 +0800] "POST /xingrg/kc/buy/cgsh_order_operate.html HTTP/1.1" 200 12840
114.83.219.57 - - [01/Oct/2022:10:20:21 +0800] "GET /xingrg/all/function/internal_message.html?_=1664590910310&CODE_STATE=getMsg HTTP/1.1" 200 27
222.70.183.206 - - [01/Oct/2022:10:20:21 +0800] "POST /xingrg/dwr/call/plaincall/AjaxCheckService.setItemNumber.dwr HTTP/1.1" 200 77
116.225.121.189 - - [01/Oct/2022:10:20:23 +0800] "GET /xingrg/kc/print/load_data.html?order_code=212022100100036&kc_code=cgsh&condition= HTTP/1.1" 200 4684
222.70.183.206 - - [01/Oct/2022:10:20:23 +0800] "POST /xingrg/dwr/call/plaincall/AjaxCheckService.setItemNumber.dwr HTTP/1.1" 200 77
222.70.183.206 - - [01/Oct/2022:10:20:25 +0800] "POST /xingrg/dwr/call/plaincall/AjaxCheckService.setItemNumber.dwr HTTP/1.1" 200 77
114.84.81.136 - - [01/Oct/2022:10:20:27 +0800] "GET /xingrg/all/function/internal_message.html?_=1664590836861&CODE_STATE=getMsg HTTP/1.1" 200 27
222.70.183.206 - - [01/Oct/2022:10:20:28 +0800] "POST /xingrg/dwr/call/plaincall/AjaxCheckService.setItemNumber.dwr HTTP/1.1" 200 77
116.225.121.189 - - [01/Oct/2022:10:20:28 +0800] "GET /xingrg/kc/buy/cgsh_order_add.html HTTP/1.1" 200 68987
116.224.255.128 - - [01/Oct/2022:10:20:28 +0800] "GET /xingrg/all/function/internal_message.html?_=1664590746233&CODE_STATE=getMsg HTTP/1.1" 200 27
116.225.121.189 - - [01/Oct/2022:10:20:28 +0800] "POST /xingrg/kc/buy/cgsh_order_operate.html HTTP/1.1" 200 8245
116.225.121.189 - - [01/Oct/2022:10:20:28 +0800] "GET /xingrg/javascript/easyui/themes/default/validatebox.css HTTP/1.1" 404 1104
114.84.81.136 - - [01/Oct/2022:10:20:30 +0800] "GET /xingrg/check_reg.html?_=1664590829472 HTTP/1.1" 200 22
114.84.81.136 - - [01/Oct/2022:10:20:30 +0800] "GET /xingrg/all/function/internal_message.html?_=1664590829475&CODE_STATE=getMsg HTTP/1.1" 200 27
222.70.183.206 - - [01/Oct/2022:10:20:30 +0800] "POST /xingrg/dwr/call/plaincall/AjaxCheckService.setItemNumber.dwr HTTP/1.1" 200 77
221.239.141.151 - - [01/Oct/2022:10:20:32 +0800] "GET /xingrg/all/function/internal_message.html?_=1664590833250&CODE_STATE=getMsg HTTP/1.1" 200 27
222.70.183.206 - - [01/Oct/2022:10:20:33 +0800] "POST /xingrg/dwr/call/plaincall/AjaxCheckService.setItemNumber.dwr HTTP/1.1" 200 77
222.70.183.206 - - [01/Oct/2022:10:20:35 +0800] "POST /xingrg/dwr/call/plaincall/AjaxCheckService.setItemNumber.dwr HTTP/1.1" 200 77
116.230.105.139 - - [01/Oct/2022:10:20:36 +0800] "GET /xingrg/all/function/internal_message.html?_=1664590822361&CODE_STATE=getMsg HTTP/1.1" 200 27
116.225.121.189 - - [01/Oct/2022:10:20:37 +0800] "GET /xingrg/check_reg.html?_=1664590837223 HTTP/1.1" 200 22
101.85.93.113 - - [01/Oct/2022:10:20:37 +0800] "GET /xingrg/all/function/internal_message.html?_=1664590836560&CODE_STATE=getMsg HTTP/1.1" 200 27
116.225.121.189 - - [01/Oct/2022:10:20:38 +0800] "GET /xingrg/all/function/internal_message.html?_=1664590837913&CODE_STATE=getMsg HTTP/1.1" 200 27
222.70.183.206 - - [01/Oct/2022:10:20:38 +0800] "POST /xingrg/dwr/call/plaincall/AjaxCheckService.setItemNumber.dwr HTTP/1.1" 200 77
221.239.141.151 - - [01/Oct/2022:10:20:38 +0800] "GET /xingrg/all/function/internal_message.html?_=1664590845987&CODE_STATE=getMsg HTTP/1.1" 200 27
116.230.114.213 - - [01/Oct/2022:10:20:40 +0800] "GET /xingrg/javascript/jquery_tools/images/prev.gif HTTP/1.1" 404 1086
116.230.114.213 - - [01/Oct/2022:10:20:40 +0800] "GET /xingrg/javascript/jquery_tools/images/next.gif HTTP/1.1" 404 1086
222.70.183.206 - - [01/Oct/2022:10:20:40 +0800] "POST /xingrg/dwr/call/plaincall/AjaxCheckService.setItemNumber.dwr HTTP/1.1" 200 77
222.70.183.206 - - [01/Oct/2022:10:20:41 +0800] "POST /xingrg/dwr/call/plaincall/AjaxCheckService.setItemNumber.dwr HTTP/1.1" 200 77
222.70.183.206 - - [01/Oct/2022:10:20:42 +0800] "POST /xingrg/dwr/call/plaincall/AjaxCheckService.setItemNumber.dwr HTTP/1.1" 200 77
116.230.114.213 - - [01/Oct/2022:10:20:42 +0800] "GET /xingrg/check_reg.html?_=1664590859905 HTTP/1.1" 302 -
116.230.114.213 - - [01/Oct/2022:10:20:47 +0800] "GET /xingrg/all/function/internal_message.html?_=1664590867384&CODE_STATE=getMsg HTTP/1.1" 200 27
116.224.255.128 - - [01/Oct/2022:10:20:47 +0800] "POST /xingrg/kc/buy/cgsh_order_operate.html HTTP/1.1" 200 37
114.83.219.254 - - [01/Oct/2022:10:20:47 +0800] "GET /xingrg/all/function/internal_message.html?_=1664590846213&CODE_STATE=getMsg HTTP/1.1" 200 27
114.84.81.136 - - [01/Oct/2022:10:20:47 +0800] "POST /xingrg/dwr/call/plaincall/AjaxCheckService.checkOrder.dwr HTTP/1.1" 200 80
222.70.183.206 - - [01/Oct/2022:10:20:47 +0800] "POST /xingrg/dwr/call/plaincall/AjaxCheckService.setItemNumber.dwr HTTP/1.1" 200 78
222.70.183.206 - - [01/Oct/2022:10:20:47 +0800] "POST /xingrg/dwr/call/plaincall/AjaxCheckService.setItemNumber.dwr HTTP/1.1" 200 78
222.70.183.206 - - [01/Oct/2022:10:20:48 +0800] "POST /xingrg/dwr/call/plaincall/AjaxCheckService.setItemNumber.dwr HTTP/1.1" 200 78
116.224.255.128 - - [01/Oct/2022:10:20:49 +0800] "POST /xingrg/kc/buy/cgsh_order_operate.html HTTP/1.1" 200 28700
222.70.183.206 - - [01/Oct/2022:10:20:49 +0800] "POST /xingrg/dwr/call/plaincall/AjaxCheckService.setItemNumber.dwr HTTP/1.1" 200 78
116.225.121.189 - - [01/Oct/2022:10:20:49 +0800] "GET /xingrg/kc/buy/cgsh_order_operate.html?command=get_materiel&rest_code=00105&code=00101009001&supplier_code=00100024&order_time=2022-10-01 HTTP/1.1" 200 416
124.79.246.218 - - [01/Oct/2022:10:20:50 +0800] "GET /xingrg/all/function/internal_message.html?_=1664591048711&CODE_STATE=getMsg HTTP/1.1" 200 27
222.70.183.206 - - [01/Oct/2022:10:20:52 +0800] "POST /xingrg/dwr/call/plaincall/AjaxCheckService.setItemNumber.dwr HTTP/1.1" 200 78
222.70.183.206 - - [01/Oct/2022:10:20:53 +0800] "POST /xingrg/dwr/call/plaincall/AjaxCheckService.setItemNumber.dwr HTTP/1.1" 200 78
222.70.183.206 - - [01/Oct/2022:10:20:54 +0800] "POST /xingrg/dwr/call/plaincall/AjaxCheckService.setItemNumber.dwr HTTP/1.1" 200 78
116.230.114.213 - - [01/Oct/2022:10:20:54 +0800] "GET /xingrg/all/function/internal_message.html?_=1664590871666&CODE_STATE=getMsg HTTP/1.1" 302 -
222.70.183.206 - - [01/Oct/2022:10:20:57 +0800] "POST /xingrg/dwr/call/plaincall/AjaxCheckService.setItemNumber.dwr HTTP/1.1" 200 78
222.70.183.206 - - [01/Oct/2022:10:20:57 +0800] "GET /xingrg/all/function/internal_message.html?_=1664590851998&CODE_STATE=getMsg HTTP/1.1" 200 27
222.70.183.206 - - [01/Oct/2022:10:20:58 +0800] "POST /xingrg/dwr/call/plaincall/AjaxCheckService.setItemNumber.dwr HTTP/1.1" 200 78
222.70.183.206 - - [01/Oct/2022:10:20:59 +0800] "POST /xingrg/dwr/call/plaincall/AjaxCheckService.setItemNumber.dwr HTTP/1.1" 200 78
116.225.121.189 - - [01/Oct/2022:10:21:00 +0800] "GET /xingrg/all/function/internal_message.html?_=1664590715291&CODE_STATE=getMsg HTTP/1.1" 200 27
221.239.141.151 - - [01/Oct/2022:10:21:00 +0800] "GET /xingrg/kc/buy/cgsh_order_list.html HTTP/1.1" 200 53123
114.84.81.136 - - [01/Oct/2022:10:21:01 +0800] "GET /xingrg/kc/base/check_order_info.html?code=452022093000289 HTTP/1.1" 200 22854
114.84.81.136 - - [01/Oct/2022:10:21:01 +0800] "GET /xingrg/dwr/interface/AjaxCheckService.js HTTP/1.1" 200 14003
114.84.81.136 - - [01/Oct/2022:10:21:01 +0800] "GET /xingrg/dwr/interface/AjaxComOrderService.js HTTP/1.1" 200 18264
114.84.81.136 - - [01/Oct/2022:10:21:01 +0800] "GET /xingrg/dwr/engine.js HTTP/1.1" 200 43631
221.239.141.151 - - [01/Oct/2022:10:21:01 +0800] "POST /xingrg/kc/buy/cgsh_list_operate.html HTTP/1.1" 200 927
58.40.7.146 - - [01/Oct/2022:10:21:02 +0800] "GET /xingrg/all/function/internal_message.html?_=1664590861321&CODE_STATE=getMsg HTTP/1.1" 200 27
116.225.121.189 - - [01/Oct/2022:10:21:03 +0800] "GET /xingrg/kc/buy/cgsh_order_operate.html?command=get_materiel&rest_code=00105&code=00101009062&supplier_code=00100024&order_time=2022-10-01 HTTP/1.1" 200 412
222.70.183.206 - - [01/Oct/2022:10:21:03 +0800] "POST /xingrg/dwr/call/plaincall/AjaxCheckService.setItemNumber.dwr HTTP/1.1" 200 78
114.84.81.136 - - [01/Oct/2022:10:21:03 +0800] "POST /xingrg/dwr/call/plaincall/AjaxCheckService.loadOrderItems.dwr HTTP/1.1" 200 57712
180.169.147.146 - - [01/Oct/2022:10:21:04 +0800] "GET /xingrg/all/function/internal_message.html?_=1664590852330&CODE_STATE=getMsg HTTP/1.1" 200 27
180.169.147.146 - - [01/Oct/2022:10:21:04 +0800] "GET /xingrg/check_reg.html?_=1664590852331 HTTP/1.1" 200 22
116.224.255.128 - - [01/Oct/2022:10:21:05 +0800] "GET /xingrg/kc/buy/cgsh_order_operate.html?command=get_materiel&rest_code=00150&code=00101008145&supplier_code=00100008&order_time=2022-10-01 HTTP/1.1" 200 417
222.70.183.206 - - [01/Oct/2022:10:21:06 +0800] "POST /xingrg/dwr/call/plaincall/AjaxCheckService.setItemNumber.dwr HTTP/1.1" 200 78
114.84.81.136 - - [01/Oct/2022:10:21:07 +0800] "POST /xingrg/kc/base/check_list_operate.html HTTP/1.1" 200 1890
222.70.183.206 - - [01/Oct/2022:10:21:07 +0800] "POST /xingrg/dwr/call/plaincall/AjaxCheckService.setItemNumber.dwr HTTP/1.1" 200 78
222.70.183.206 - - [01/Oct/2022:10:21:08 +0800] "POST /xingrg/dwr/call/plaincall/AjaxCheckService.setItemNumber.dwr HTTP/1.1" 200 78
222.70.183.206 - - [01/Oct/2022:10:21:09 +0800] "POST /xingrg/dwr/call/plaincall/AjaxCheckService.setItemNumber.dwr HTTP/1.1" 200 78
222.70.183.206 - - [01/Oct/2022:10:21:10 +0800] "POST /xingrg/dwr/call/plaincall/AjaxCheckService.setItemNumber.dwr HTTP/1.1" 200 78
58.37.225.234 - - [01/Oct/2022:10:21:10 +0800] "GET /xingrg/all/function/internal_message.html?_=1664590867732&CODE_STATE=getMsg HTTP/1.1" 200 27
222.70.183.206 - - [01/Oct/2022:10:21:11 +0800] "POST /xingrg/dwr/call/plaincall/AjaxCheckService.setItemNumber.dwr HTTP/1.1" 200 78
222.70.183.206 - - [01/Oct/2022:10:21:13 +0800] "POST /xingrg/dwr/call/plaincall/AjaxCheckService.setItemNumber.dwr HTTP/1.1" 200 78
222.70.183.206 - - [01/Oct/2022:10:21:14 +0800] "POST /xingrg/dwr/call/plaincall/AjaxCheckService.setItemNumber.dwr HTTP/1.1" 200 78
221.239.141.151 - - [01/Oct/2022:10:21:14 +0800] "GET /xingrg/all/function/internal_message.html?_=1664590873700&CODE_STATE=getMsg HTTP/1.1" 200 27
116.237.75.135 - - [01/Oct/2022:10:21:14 +0800] "GET /xingrg/all/function/internal_message.html?_=1664590884823&CODE_STATE=getMsg HTTP/1.1" 200 27
222.70.183.206 - - [01/Oct/2022:10:21:15 +0800] "POST /xingrg/dwr/call/plaincall/AjaxCheckService.setItemNumber.dwr HTTP/1.1" 200 78
116.224.255.128 - - [01/Oct/2022:10:21:17 +0800] "GET /xingrg/kc/buy/cgsh_order_operate.html?command=get_materiel&rest_code=00150&code=00101008619&supplier_code=00100008&order_time=2022-10-01 HTTP/1.1" 200 419
222.70.183.206 - - [01/Oct/2022:10:21:18 +0800] "POST /xingrg/dwr/call/plaincall/AjaxCheckService.setItemNumber.dwr HTTP/1.1" 200 78
222.70.183.206 - - [01/Oct/2022:10:21:19 +0800] "POST /xingrg/dwr/call/plaincall/AjaxCheckService.setItemNumber.dwr HTTP/1.1" 200 78
222.70.183.206 - - [01/Oct/2022:10:21:20 +0800] "POST /xingrg/dwr/call/plaincall/AjaxCheckService.setItemNumber.dwr HTTP/1.1" 200 78
116.237.75.135 - - [01/Oct/2022:10:21:21 +0800] "POST /xingrg/kc/buy/cgsh_order_operate.html HTTP/1.1" 200 37
114.83.219.57 - - [01/Oct/2022:10:21:21 +0800] "GET /xingrg/all/function/internal_message.html?_=1664590970300&CODE_STATE=getMsg HTTP/1.1" 200 27
222.70.183.206 - - [01/Oct/2022:10:21:21 +0800] "POST /xingrg/dwr/call/plaincall/AjaxCheckService.setItemNumber.dwr HTTP/1.1" 200 78
222.70.183.206 - - [01/Oct/2022:10:21:23 +0800] "POST /xingrg/dwr/call/plaincall/AjaxCheckService.setItemNumber.dwr HTTP/1.1" 200 78
222.70.183.206 - - [01/Oct/2022:10:21:24 +0800] "POST /xingrg/dwr/call/plaincall/AjaxCheckService.setItemNumber.dwr HTTP/1.1" 200 78
116.237.75.135 - - [01/Oct/2022:10:21:24 +0800] "POST /xingrg/kc/buy/cgsh_order_operate.html HTTP/1.1" 200 12
116.237.75.135 - - [01/Oct/2022:10:21:25 +0800] "GET /xingrg/kc/buy/cgsh_order_info.html?code=212022100100037 HTTP/1.1" 200 63810
116.237.75.135 - - [01/Oct/2022:10:21:25 +0800] "GET /xingrg/javascript/easyui/themes/default/validatebox.css HTTP/1.1" 404 1104
222.70.183.206 - - [01/Oct/2022:10:21:25 +0800] "POST /xingrg/dwr/call/plaincall/AjaxCheckService.setItemNumber.dwr HTTP/1.1" 200 78
116.237.75.135 - - [01/Oct/2022:10:21:26 +0800] "POST /xingrg/kc/buy/cgsh_order_operate.html HTTP/1.1" 200 2406
116.224.255.128 - - [01/Oct/2022:10:21:26 +0800] "GET /xingrg/kc/buy/cgsh_order_operate.html?command=get_materiel&rest_code=00150&code=00101008353&supplier_code=00100008&order_time=2022-10-01 HTTP/1.1" 200 408
222.70.183.206 - - [01/Oct/2022:10:21:27 +0800] "POST /xingrg/dwr/call/plaincall/AjaxCheckService.setItemNumber.dwr HTTP/1.1" 200 78
116.237.75.135 - - [01/Oct/2022:10:21:27 +0800] "GET /xingrg/kc/print/load_config.html?kc_code=cgsh HTTP/1.1" 200 1943
114.84.81.136 - - [01/Oct/2022:10:21:27 +0800] "GET /xingrg/all/function/internal_message.html?_=1664590896858&CODE_STATE=getMsg HTTP/1.1" 200 27
116.237.75.135 - - [01/Oct/2022:10:21:27 +0800] "GET /xingrg/kc/print/load_data.html?order_code=212022100100037&kc_code=cgsh&condition= HTTP/1.1" 200 1494
116.224.255.128 - - [01/Oct/2022:10:21:28 +0800] "GET /xingrg/check_reg.html?_=1664590805809 HTTP/1.1" 200 22
222.70.183.206 - - [01/Oct/2022:10:21:28 +0800] "POST /xingrg/dwr/call/plaincall/AjaxCheckService.setItemNumber.dwr HTTP/1.1" 200 78
116.230.114.213 - - [01/Oct/2022:10:21:28 +0800] "GET /xingrg/kc/buy/cgsh_order_operate.html?command=get_materiel&rest_code=00146&code=00101008261&supplier_code=00100005&order_time=2022-10-01 HTTP/1.1" 200 408
116.224.255.128 - - [01/Oct/2022:10:21:28 +0800] "GET /xingrg/all/function/internal_message.html?_=1664590806246&CODE_STATE=getMsg HTTP/1.1" 200 27
222.70.183.206 - - [01/Oct/2022:10:21:29 +0800] "POST /xingrg/dwr/call/plaincall/AjaxCheckService.setItemNumber.dwr HTTP/1.1" 200 78
114.84.81.136 - - [01/Oct/2022:10:21:30 +0800] "GET /xingrg/all/function/internal_message.html?_=1664590889461&CODE_STATE=getMsg HTTP/1.1" 200 27
116.237.75.135 - - [01/Oct/2022:10:21:32 +0800] "GET /xingrg/kc/print/load_data.html?order_code=212022100100037&kc_code=cgsh HTTP/1.1" 200 1494
221.239.141.151 - - [01/Oct/2022:10:21:32 +0800] "GET /xingrg/all/function/internal_message.html?_=1664590893240&CODE_STATE=getMsg HTTP/1.1" 200 27
222.70.183.206 - - [01/Oct/2022:10:21:35 +0800] "POST /xingrg/dwr/call/plaincall/AjaxCheckService.setItemNumber.dwr HTTP/1.1" 200 78
116.230.105.139 - - [01/Oct/2022:10:21:36 +0800] "GET /xingrg/all/function/internal_message.html?_=1664590882356&CODE_STATE=getMsg HTTP/1.1" 200 27
116.224.255.128 - - [01/Oct/2022:10:21:37 +0800] "GET /xingrg/kc/buy/cgsh_order_operate.html?command=get_materiel&rest_code=00150&code=00101008213&supplier_code=00100008&order_time=2022-10-01 HTTP/1.1" 200 412
221.239.141.151 - - [01/Oct/2022:10:21:37 +0800] "POST /xingrg/kc/buy/cgsh_list_operate.html HTTP/1.1" 200 927
101.85.93.113 - - [01/Oct/2022:10:21:37 +0800] "GET /xingrg/all/function/internal_message.html?_=1664590896560&CODE_STATE=getMsg HTTP/1.1" 200 27
116.225.121.189 - - [01/Oct/2022:10:21:38 +0800] "GET /xingrg/all/function/internal_message.html?_=1664590897881&CODE_STATE=getMsg HTTP/1.1" 200 27
221.239.141.151 - - [01/Oct/2022:10:21:38 +0800] "GET /xingrg/kc/buy/cgsh_order_add.html HTTP/1.1" 200 68946
221.239.141.151 - - [01/Oct/2022:10:21:38 +0800] "POST /xingrg/kc/buy/cgsh_order_operate.html HTTP/1.1" 200 8245
221.239.141.151 - - [01/Oct/2022:10:21:38 +0800] "GET /xingrg/all/common/auto_word.html?type=employee&rest_code=00102 HTTP/1.1" 200 189
221.239.141.151 - - [01/Oct/2022:10:21:38 +0800] "GET /xingrg/javascript/easyui/themes/default/validatebox.css HTTP/1.1" 404 1104
221.239.141.151 - - [01/Oct/2022:10:21:38 +0800] "GET /xingrg/all/function/internal_message.html?_=1664590905987&CODE_STATE=getMsg HTTP/1.1" 200 27
221.239.141.151 - - [01/Oct/2022:10:21:38 +0800] "GET /xingrg/all/common/auto_word.html?type=employee&rest_code=00102 HTTP/1.1" 200 189
221.239.141.151 - - [01/Oct/2022:10:21:38 +0800] "GET /xingrg/check_reg.html?_=1664590905989 HTTP/1.1" 200 22
221.239.141.151 - - [01/Oct/2022:10:21:40 +0800] "GET /xingrg/javascript/jquery_tools/images/prev.gif HTTP/1.1" 404 1086
221.239.141.151 - - [01/Oct/2022:10:21:40 +0800] "GET /xingrg/javascript/jquery_tools/images/next.gif HTTP/1.1" 404 1086
116.224.255.128 - - [01/Oct/2022:10:21:45 +0800] "GET /xingrg/kc/buy/cgsh_order_operate.html?command=get_materiel&rest_code=00150&code=00101008312&supplier_code=00100008&order_time=2022-10-01 HTTP/1.1" 200 412
116.230.114.213 - - [01/Oct/2022:10:21:47 +0800] "GET /xingrg/all/function/internal_message.html?_=1664590927398&CODE_STATE=getMsg HTTP/1.1" 200 27
114.83.219.254 - - [01/Oct/2022:10:21:47 +0800] "GET /xingrg/all/function/internal_message.html?_=1664590906220&CODE_STATE=getMsg HTTP/1.1" 200 27
124.79.246.218 - - [01/Oct/2022:10:21:50 +0800] "GET /xingrg/all/function/internal_message.html?_=1664591108710&CODE_STATE=getMsg HTTP/1.1" 200 27
221.239.141.151 - - [01/Oct/2022:10:21:50 +0800] "GET /xingrg/kc/buy/cgsh_order_add.html HTTP/1.1" 200 68940
221.239.141.151 - - [01/Oct/2022:10:21:50 +0800] "POST /xingrg/kc/buy/cgsh_order_operate.html HTTP/1.1" 200 8245
221.239.141.151 - - [01/Oct/2022:10:21:50 +0800] "GET /xingrg/javascript/easyui/themes/default/validatebox.css HTTP/1.1" 404 1104
222.70.183.206 - - [01/Oct/2022:10:21:50 +0800] "POST /xingrg/dwr/call/plaincall/AjaxCheckService.setItemNumber.dwr HTTP/1.1" 200 78
116.230.114.213 - - [01/Oct/2022:10:21:54 +0800] "GET /xingrg/all/function/internal_message.html?_=1664590931689&CODE_STATE=getMsg HTTP/1.1" 302 -
116.225.121.189 - - [01/Oct/2022:10:21:55 +0800] "GET /xingrg/kc/buy/cgsh_order_operate.html?command=get_materiel&rest_code=00105&code=00101009011&supplier_code=00100024&order_time=2022-10-01 HTTP/1.1" 200 416
116.224.255.128 - - [01/Oct/2022:10:21:55 +0800] "POST /xingrg/kc/buy/cgsh_order_operate.html HTTP/1.1" 200 37
116.230.114.213 - - [01/Oct/2022:10:21:55 +0800] "GET /xingrg/kc/buy/cgsh_order_operate.html?command=get_materiel&rest_code=00146&code=00101008072&supplier_code=00100005&order_time=2022-10-01 HTTP/1.1" 200 23
221.239.141.151 - - [01/Oct/2022:10:21:56 +0800] "GET /xingrg/kc/buy/cgsh_order_operate.html?command=get_materiel&rest_code=00102&code=00102002336&supplier_code=00100151&order_time=2022-10-01 HTTP/1.1" 200 408
222.70.183.206 - - [01/Oct/2022:10:21:57 +0800] "GET /xingrg/all/function/internal_message.html?_=1664590911999&CODE_STATE=getMsg HTTP/1.1" 200 27
222.70.183.206 - - [01/Oct/2022:10:21:57 +0800] "GET /xingrg/check_reg.html?_=1664590912063 HTTP/1.1" 200 22
116.224.255.128 - - [01/Oct/2022:10:21:57 +0800] "POST /xingrg/kc/buy/cgsh_order_operate.html HTTP/1.1" 200 31664
116.237.75.135 - - [01/Oct/2022:10:21:59 +0800] "GET /xingrg/kc/buy/cgsh_order_add.html HTTP/1.1" 200 68905
116.237.75.135 - - [01/Oct/2022:10:21:59 +0800] "POST /xingrg/kc/buy/cgsh_order_operate.html HTTP/1.1" 200 8245
116.237.75.135 - - [01/Oct/2022:10:21:59 +0800] "GET /xingrg/javascript/easyui/themes/default/validatebox.css HTTP/1.1" 404 1104
222.70.183.206 - - [01/Oct/2022:10:21:59 +0800] "POST /xingrg/dwr/call/plaincall/AjaxCheckService.setItemNumber.dwr HTTP/1.1" 200 78
221.239.141.151 - - [01/Oct/2022:10:22:00 +0800] "GET /xingrg/javascript/easyui/themes/default/tree.css HTTP/1.1" 404 1090
221.239.141.151 - - [01/Oct/2022:10:22:00 +0800] "POST /xingrg/all/common/load_tree.html?tree=supplier_tree_json&isDelete=1 HTTP/1.1" 200 68920
116.225.121.189 - - [01/Oct/2022:10:22:00 +0800] "GET /xingrg/all/function/internal_message.html?_=1664590775292&CODE_STATE=getMsg HTTP/1.1" 200 27
116.237.75.135 - - [01/Oct/2022:10:22:01 +0800] "GET /xingrg/javascript/easyui/themes/default/tree.css HTTP/1.1" 404 1090
116.237.75.135 - - [01/Oct/2022:10:22:01 +0800] "POST /xingrg/all/common/load_tree.html?tree=supplier_tree_json&isDelete=1 HTTP/1.1" 200 68920
58.40.7.146 - - [01/Oct/2022:10:22:02 +0800] "GET /xingrg/all/function/internal_message.html?_=1664590921337&CODE_STATE=getMsg HTTP/1.1" 200 27
222.70.183.206 - - [01/Oct/2022:10:22:03 +0800] "POST /xingrg/dwr/call/plaincall/AjaxCheckService.setItemNumber.dwr HTTP/1.1" 200 78
180.169.147.146 - - [01/Oct/2022:10:22:04 +0800] "GET /xingrg/all/function/internal_message.html?_=1664590912330&CODE_STATE=getMsg HTTP/1.1" 200 27
116.224.255.128 - - [01/Oct/2022:10:22:05 +0800] "GET /xingrg/kc/buy/cgsh_order_operate.html?command=get_materiel&rest_code=00150&code=00101008344&supplier_code=00100008&order_time=2022-10-01 HTTP/1.1" 200 412
116.230.114.213 - - [01/Oct/2022:10:22:09 +0800] "GET /xingrg/login.html HTTP/1.1" 200 7641
116.230.114.213 - - [01/Oct/2022:10:22:09 +0800] "GET /favicon.ico HTTP/1.1" 404 -
221.239.141.151 - - [01/Oct/2022:10:22:10 +0800] "POST /xingrg/kc/buy/cgsh_order_operate.html HTTP/1.1" 200 37
116.225.121.189 - - [01/Oct/2022:10:22:10 +0800] "GET /xingrg/kc/buy/cgsh_order_operate.html?command=get_materiel&rest_code=00105&code=00101009015&supplier_code=00100024&order_time=2022-10-01 HTTP/1.1" 200 416
222.70.183.206 - - [01/Oct/2022:10:22:10 +0800] "POST /xingrg/dwr/call/plaincall/AjaxCheckService.setItemNumber.dwr HTTP/1.1" 200 78
58.37.225.234 - - [01/Oct/2022:10:22:10 +0800] "GET /xingrg/all/function/internal_message.html?_=1664590927711&CODE_STATE=getMsg HTTP/1.1" 200 27
116.230.114.213 - - [01/Oct/2022:10:22:10 +0800] "POST /xingrg/login.do HTTP/1.1" 302 -
116.230.114.213 - - [01/Oct/2022:10:22:11 +0800] "GET /xingrg/index.html?sysBaseUrl=http%3A%2F%2F180.169.147.146%3A18081%2Fxingrg%2F&costTime=41×tamp=1664590930997 HTTP/1.1" 200 17179
116.230.114.213 - - [01/Oct/2022:10:22:11 +0800] "GET /favicon.ico HTTP/1.1" 404 -
116.230.114.213 - - [01/Oct/2022:10:22:11 +0800] "GET /xingrg/javascript/jquery_easy_ui/themes/default/easyui.css HTTP/1.1" 304 -
116.230.114.213 - - [01/Oct/2022:10:22:11 +0800] "GET /xingrg/javascript/jquery_easy_ui/themes/icon.css HTTP/1.1" 304 -
116.230.114.213 - - [01/Oct/2022:10:22:11 +0800] "GET /xingrg/css/form.css HTTP/1.1" 304 -
116.230.114.213 - - [01/Oct/2022:10:22:11 +0800] "GET /xingrg/javascript/jquery_easy_ui/easyui-lang-zh_CN.js HTTP/1.1" 304 -
116.230.114.213 - - [01/Oct/2022:10:22:11 +0800] "GET /xingrg/javascript/jquery_easy_ui/jquery.easyui.min.js HTTP/1.1" 304 -
116.230.114.213 - - [01/Oct/2022:10:22:11 +0800] "GET /xingrg/javascript/jquery-1.4.2.min.js HTTP/1.1" 304 -
116.230.114.213 - - [01/Oct/2022:10:22:11 +0800] "GET /xingrg/javascript/jquery.utils.js HTTP/1.1" 304 -
116.230.114.213 - - [01/Oct/2022:10:22:11 +0800] "GET /xingrg/javascript/jquery.form.js HTTP/1.1" 304 -
116.230.114.213 - - [01/Oct/2022:10:22:11 +0800] "GET /xingrg/javascript/jquery.timers.js HTTP/1.1" 304 -
116.230.114.213 - - [01/Oct/2022:10:22:11 +0800] "POST /xingrg/all/common/load_tree.html?tree=area_rest_tree_json&manage=1 HTTP/1.1" 200 479
116.230.114.213 - - [01/Oct/2022:10:22:11 +0800] "GET /xingrg/all/function/internal_message.html?_=1664590951836&CODE_STATE=count HTTP/1.1" 200 11
116.230.114.213 - - [01/Oct/2022:10:22:11 +0800] "GET /xingrg/check_reg.html?_=1664590951836 HTTP/1.1" 200 22
116.230.114.213 - - [01/Oct/2022:10:22:11 +0800] "POST /xingrg/load_menu.html HTTP/1.1" 200 5138
222.70.183.206 - - [01/Oct/2022:10:22:12 +0800] "POST /xingrg/dwr/call/plaincall/AjaxCheckService.setItemNumber.dwr HTTP/1.1" 200 78
116.237.75.135 - - [01/Oct/2022:10:22:12 +0800] "GET /xingrg/kc/buy/cgsh_order_operate.html?command=get_materiel&rest_code=00106&code=00101007125&supplier_code=00100002&order_time=2022-10-01 HTTP/1.1" 200 406
221.239.141.151 - - [01/Oct/2022:10:22:14 +0800] "POST /xingrg/kc/buy/cgsh_order_operate.html HTTP/1.1" 200 12
222.70.183.206 - - [01/Oct/2022:10:22:14 +0800] "POST /xingrg/dwr/call/plaincall/AjaxCheckService.setItemNumber.dwr HTTP/1.1" 200 78
221.239.141.151 - - [01/Oct/2022:10:22:14 +0800] "GET /xingrg/all/function/internal_message.html?_=1664590933710&CODE_STATE=getMsg HTTP/1.1" 200 27
116.237.75.135 - - [01/Oct/2022:10:22:14 +0800] "GET /xingrg/all/function/internal_message.html?_=1664590944816&CODE_STATE=getMsg HTTP/1.1" 200 27
116.230.114.213 - - [01/Oct/2022:10:22:15 +0800] "GET /xingrg/css/base.css HTTP/1.1" 304 -
116.230.114.213 - - [01/Oct/2022:10:22:15 +0800] "GET /xingrg/css/site.css HTTP/1.1" 304 -
116.230.114.213 - - [01/Oct/2022:10:22:15 +0800] "GET /xingrg/javascript/jquery_tools/datebox.css HTTP/1.1" 304 -
116.230.114.213 - - [01/Oct/2022:10:22:15 +0800] "GET /xingrg/javascript/easyui/themes/default/easyui.css HTTP/1.1" 304 -
116.230.114.213 - - [01/Oct/2022:10:22:15 +0800] "GET /xingrg/javascript/easyui/themes/icon.css HTTP/1.1" 304 -
116.230.114.213 - - [01/Oct/2022:10:22:15 +0800] "GET /xingrg/javascript/auto/jquery.autocomplete.css HTTP/1.1" 304 -
116.230.114.213 - - [01/Oct/2022:10:22:15 +0800] "GET /xingrg/javascript/jquery_tools/fix.css HTTP/1.1" 304 -
116.230.114.213 - - [01/Oct/2022:10:22:15 +0800] "GET /xingrg/javascript/jquery_tools/table.css HTTP/1.1" 304 -
116.230.114.213 - - [01/Oct/2022:10:22:15 +0800] "GET /xingrg/javascript/jquery_tools/jquery.tools.min.js HTTP/1.1" 304 -
116.230.114.213 - - [01/Oct/2022:10:22:15 +0800] "GET /xingrg/javascript/jquery_tools/jquery.tools.hotkey.js HTTP/1.1" 304 -
116.230.114.213 - - [01/Oct/2022:10:22:15 +0800] "GET /xingrg/javascript/jquery_tools/jquery.tools.table.js HTTP/1.1" 304 -
116.230.114.213 - - [01/Oct/2022:10:22:15 +0800] "GET /xingrg/javascript/jquery_tools/list_manager.js HTTP/1.1" 304 -
116.230.114.213 - - [01/Oct/2022:10:22:15 +0800] "GET /xingrg/javascript/auto/jquery.autocomplete.js HTTP/1.1" 304 -
116.230.114.213 - - [01/Oct/2022:10:22:15 +0800] "GET /xingrg/javascript/jquery_tools/jquery.tools.extend.js HTTP/1.1" 304 -
116.230.114.213 - - [01/Oct/2022:10:22:15 +0800] "GET /xingrg/javascript/jquery.cookie.js HTTP/1.1" 304 -
116.230.114.213 - - [01/Oct/2022:10:22:15 +0800] "GET /xingrg/javascript/easyui/easyloader.js HTTP/1.1" 304 -
116.230.114.213 - - [01/Oct/2022:10:22:15 +0800] "GET /xingrg/javascript/print/LodopFuncs.js HTTP/1.1" 304 -
116.230.114.213 - - [01/Oct/2022:10:22:15 +0800] "GET /xingrg/kc/buy/cgsh_order_list.html HTTP/1.1" 200 53129
116.230.114.213 - - [01/Oct/2022:10:22:15 +0800] "GET /xingrg/javascript/easyui/plugins/jquery.parser.js HTTP/1.1" 304 -
116.224.255.128 - - [01/Oct/2022:10:22:16 +0800] "GET /xingrg/kc/buy/cgsh_order_operate.html?command=get_materiel&rest_code=00150&code=00101008095&supplier_code=00100008&order_time=2022-10-01 HTTP/1.1" 200 412
116.230.114.213 - - [01/Oct/2022:10:22:16 +0800] "POST /xingrg/kc/buy/cgsh_list_operate.html HTTP/1.1" 200 927
221.239.141.151 - - [01/Oct/2022:10:22:17 +0800] "GET /xingrg/kc/buy/cgsh_order_info.html?code=212022100100038 HTTP/1.1" 200 63839
116.230.114.213 - - [01/Oct/2022:10:22:17 +0800] "GET /xingrg/javascript/pic_change.js HTTP/1.1" 304 -
116.230.114.213 - - [01/Oct/2022:10:22:17 +0800] "GET /xingrg/javascript/json2.js HTTP/1.1" 304 -
116.230.114.213 - - [01/Oct/2022:10:22:17 +0800] "GET /xingrg/javascript/jquery_tools/order_manager.js HTTP/1.1" 304 -
116.230.114.213 - - [01/Oct/2022:10:22:17 +0800] "GET /xingrg/javascript/convert.js HTTP/1.1" 304 -
116.230.114.213 - - [01/Oct/2022:10:22:17 +0800] "GET /xingrg/javascript/print/kc_print.js HTTP/1.1" 304 -
116.230.114.213 - - [01/Oct/2022:10:22:17 +0800] "GET /xingrg/kc/buy/cgsh_order_add.html HTTP/1.1" 200 68867
116.230.114.213 - - [01/Oct/2022:10:22:17 +0800] "GET /xingrg/words/20220930131040_words.js HTTP/1.1" 304 -
221.239.141.151 - - [01/Oct/2022:10:22:18 +0800] "GET /xingrg/javascript/easyui/themes/default/validatebox.css HTTP/1.1" 404 1104
116.230.114.213 - - [01/Oct/2022:10:22:18 +0800] "POST /xingrg/kc/buy/cgsh_order_operate.html HTTP/1.1" 200 8245
116.230.114.213 - - [01/Oct/2022:10:22:18 +0800] "GET /xingrg/all/common/auto_word.html?type=employee&rest_code=00146 HTTP/1.1" 200 101
116.230.114.213 - - [01/Oct/2022:10:22:18 +0800] "GET /xingrg/all/common/auto_word.html?type=employee&rest_code=00146 HTTP/1.1" 200 101
116.230.114.213 - - [01/Oct/2022:10:22:18 +0800] "GET /xingrg/javascript/easyui/themes/default/validatebox.css HTTP/1.1" 404 1104
116.230.114.213 - - [01/Oct/2022:10:22:18 +0800] "GET /xingrg/javascript/easyui/plugins/jquery.validatebox.js HTTP/1.1" 304 -
116.230.114.213 - - [01/Oct/2022:10:22:18 +0800] "GET /xingrg/javascript/easyui/plugins/jquery.numberbox.js HTTP/1.1" 304 -
222.70.183.206 - - [01/Oct/2022:10:22:18 +0800] "POST /xingrg/dwr/call/plaincall/AjaxCheckService.setItemNumber.dwr HTTP/1.1" 200 78
221.239.141.151 - - [01/Oct/2022:10:22:18 +0800] "POST /xingrg/kc/buy/cgsh_order_operate.html HTTP/1.1" 200 609
222.70.183.206 - - [01/Oct/2022:10:22:19 +0800] "POST /xingrg/dwr/call/plaincall/AjaxCheckService.setItemNumber.dwr HTTP/1.1" 200 78
221.239.141.151 - - [01/Oct/2022:10:22:20 +0800] "GET /xingrg/kc/print/load_config.html?kc_code=cgsh HTTP/1.1" 200 1943
116.225.121.189 - - [01/Oct/2022:10:22:20 +0800] "GET /xingrg/kc/buy/cgsh_order_operate.html?command=get_materiel&rest_code=00105&code=00101009016&supplier_code=00100024&order_time=2022-10-01 HTTP/1.1" 200 412
221.239.141.151 - - [01/Oct/2022:10:22:20 +0800] "GET /xingrg/kc/print/load_data.html?order_code=212022100100038&kc_code=cgsh&condition= HTTP/1.1" 200 684
222.70.183.206 - - [01/Oct/2022:10:22:20 +0800] "POST /xingrg/dwr/call/plaincall/AjaxCheckService.setItemNumber.dwr HTTP/1.1" 200 78
114.83.219.57 - - [01/Oct/2022:10:22:21 +0800] "GET /xingrg/all/function/internal_message.html?_=1664591030305&CODE_STATE=getMsg HTTP/1.1" 200 27
114.83.219.57 - - [01/Oct/2022:10:22:21 +0800] "GET /xingrg/check_reg.html?_=1664591030306 HTTP/1.1" 200 22
