120.253.135.82 - - [01/Oct/2022:09:35:37 +0800] "GET /xingrg/dwr/interface/AjaxCgthService.js HTTP/1.1" 200 14519
120.253.135.82 - - [01/Oct/2022:09:35:37 +0800] "GET /xingrg/dwr/interface/AjaxComOrderService.js HTTP/1.1" 200 18264
120.253.135.82 - - [01/Oct/2022:09:35:37 +0800] "GET /xingrg/dwr/engine.js HTTP/1.1" 200 43631
101.85.93.113 - - [01/Oct/2022:09:35:37 +0800] "GET /xingrg/all/function/internal_message.html?_=1664588136505&CODE_STATE=getMsg HTTP/1.1" 200 27
114.84.81.136 - - [01/Oct/2022:09:35:38 +0800] "POST /xingrg/dwr/call/plaincall/AjaxCheckService.setItemNumber.dwr HTTP/1.1" 200 77
120.253.135.82 - - [01/Oct/2022:09:35:38 +0800] "POST /xingrg/all/common/load_tree.html?tree=supplier_tree_json&isDelete=1 HTTP/1.1" 200 68920
120.253.135.82 - - [01/Oct/2022:09:35:40 +0800] "POST /xingrg/dwr/call/plaincall/AjaxCgthService.loadMaterielItems.dwr HTTP/1.1" 200 791
114.84.81.136 - - [01/Oct/2022:09:35:40 +0800] "POST /xingrg/dwr/call/plaincall/AjaxCheckService.setItemNumber.dwr HTTP/1.1" 200 77
116.230.114.213 - - [01/Oct/2022:09:35:43 +0800] "GET /xingrg/check_reg.html?_=1664588159865 HTTP/1.1" 302 -
114.83.219.254 - - [01/Oct/2022:09:35:44 +0800] "POST /xingrg/dwr/call/plaincall/AjaxCheckService.checkOrder.dwr HTTP/1.1" 200 79
114.84.81.136 - - [01/Oct/2022:09:35:44 +0800] "POST /xingrg/dwr/call/plaincall/AjaxCheckService.setItemNumber.dwr HTTP/1.1" 200 77
114.84.81.136 - - [01/Oct/2022:09:35:44 +0800] "POST /xingrg/dwr/call/plaincall/AjaxCheckService.setItemNumber.dwr HTTP/1.1" 200 77
114.83.219.254 - - [01/Oct/2022:09:35:45 +0800] "GET /xingrg/kc/base/check_order_info.html?code=452022093000269 HTTP/1.1" 200 22860
114.83.219.254 - - [01/Oct/2022:09:35:45 +0800] "GET /xingrg/dwr/interface/AjaxComOrderService.js HTTP/1.1" 200 18264
114.83.219.254 - - [01/Oct/2022:09:35:45 +0800] "GET /xingrg/dwr/interface/AjaxCheckService.js HTTP/1.1" 200 14003
114.83.219.254 - - [01/Oct/2022:09:35:45 +0800] "GET /xingrg/dwr/engine.js HTTP/1.1" 200 43631
116.224.255.128 - - [01/Oct/2022:09:35:45 +0800] "GET /xingrg/all/function/internal_message.html?_=1664588063483&CODE_STATE=getMsg HTTP/1.1" 200 27
114.83.219.254 - - [01/Oct/2022:09:35:45 +0800] "POST /xingrg/dwr/call/plaincall/AjaxCheckService.loadOrderItems.dwr HTTP/1.1" 200 6369
116.225.121.189 - - [01/Oct/2022:09:35:45 +0800] "GET /xingrg/kc/buy/cgsh_order_operate.html?command=get_materiel&rest_code=00105&code=00101016071&supplier_code=00100034&order_time=2022-10-01 HTTP/1.1" 200 416
116.230.114.213 - - [01/Oct/2022:09:35:46 +0800] "GET /xingrg/all/function/internal_message.html?_=1664588166398&CODE_STATE=getMsg HTTP/1.1" 200 27
114.84.81.136 - - [01/Oct/2022:09:35:46 +0800] "POST /xingrg/dwr/call/plaincall/AjaxCheckService.setItemNumber.dwr HTTP/1.1" 200 77
114.83.219.254 - - [01/Oct/2022:09:35:47 +0800] "GET /xingrg/all/function/internal_message.html?_=1664588146062&CODE_STATE=getMsg HTTP/1.1" 200 27
114.84.81.136 - - [01/Oct/2022:09:35:47 +0800] "GET /xingrg/check_reg.html?_=1664588156990 HTTP/1.1" 200 22
114.84.81.136 - - [01/Oct/2022:09:35:47 +0800] "GET /xingrg/all/function/internal_message.html?_=1664588156993&CODE_STATE=getMsg HTTP/1.1" 200 27
114.84.81.136 - - [01/Oct/2022:09:35:48 +0800] "POST /xingrg/dwr/call/plaincall/AjaxCheckService.setItemNumber.dwr HTTP/1.1" 200 77
114.84.81.136 - - [01/Oct/2022:09:35:49 +0800] "POST /xingrg/dwr/call/plaincall/AjaxCheckService.setItemNumber.dwr HTTP/1.1" 200 77
124.79.246.218 - - [01/Oct/2022:09:35:50 +0800] "GET /xingrg/all/function/internal_message.html?_=1664588348659&CODE_STATE=getMsg HTTP/1.1" 200 27
114.84.81.136 - - [01/Oct/2022:09:35:50 +0800] "POST /xingrg/dwr/call/plaincall/AjaxCheckService.setItemNumber.dwr HTTP/1.1" 200 77
114.84.81.136 - - [01/Oct/2022:09:35:52 +0800] "POST /xingrg/dwr/call/plaincall/AjaxCheckService.setItemNumber.dwr HTTP/1.1" 200 77
114.83.219.254 - - [01/Oct/2022:09:35:52 +0800] "GET /xingrg/kc/base/check_order_list.html?isBack=1 HTTP/1.1" 200 16305
114.83.219.254 - - [01/Oct/2022:09:35:52 +0800] "POST /xingrg/kc/base/check_list_operate.html HTTP/1.1" 200 1902
116.230.114.213 - - [01/Oct/2022:09:35:54 +0800] "GET /xingrg/all/function/internal_message.html?_=1664588171029&CODE_STATE=getMsg HTTP/1.1" 302 -
58.37.225.234 - - [01/Oct/2022:09:35:54 +0800] "POST /xingrg/kc/buy/cgsh_order_operate.html HTTP/1.1" 200 2065
58.37.225.234 - - [01/Oct/2022:09:35:59 +0800] "GET /xingrg/kc/buy/cgsh_order_operate.html?command=get_materiel&rest_code=00141&code=00101008295&supplier_code=00100007&order_time=2022-10-01 HTTP/1.1" 200 412
116.225.121.189 - - [01/Oct/2022:09:36:00 +0800] "GET /xingrg/all/function/internal_message.html?_=1664588015236&CODE_STATE=getMsg HTTP/1.1" 200 27
58.37.225.234 - - [01/Oct/2022:09:36:06 +0800] "GET /xingrg/kc/buy/cgsh_order_operate.html?command=get_materiel&rest_code=00141&code=00101008403&supplier_code=00100007&order_time=2022-10-01 HTTP/1.1" 200 412
58.37.225.234 - - [01/Oct/2022:09:36:11 +0800] "GET /xingrg/all/function/internal_message.html?_=1664588168706&CODE_STATE=getMsg HTTP/1.1" 200 27
221.239.141.151 - - [01/Oct/2022:09:36:14 +0800] "GET /xingrg/all/function/internal_message.html?_=1664588173686&CODE_STATE=getMsg HTTP/1.1" 200 27
114.84.81.136 - - [01/Oct/2022:09:36:17 +0800] "GET /xingrg/kc/base/check_order_list.html HTTP/1.1" 200 16305
114.84.81.136 - - [01/Oct/2022:09:36:17 +0800] "POST /xingrg/kc/base/check_list_operate.html HTTP/1.1" 200 2880
58.37.225.234 - - [01/Oct/2022:09:36:20 +0800] "GET /xingrg/kc/buy/cgsh_order_operate.html?command=get_materiel&rest_code=00141&code=00101009155&supplier_code=00100007&order_time=2022-10-01 HTTP/1.1" 200 403
114.83.219.57 - - [01/Oct/2022:09:36:21 +0800] "GET /xingrg/all/function/internal_message.html?_=1664588270301&CODE_STATE=getMsg HTTP/1.1" 200 27
114.84.81.136 - - [01/Oct/2022:09:36:29 +0800] "GET /xingrg/all/function/internal_message.html?_=1664588188465&CODE_STATE=getMsg HTTP/1.1" 200 27
116.237.75.135 - - [01/Oct/2022:09:36:29 +0800] "GET /xingrg/all/function/internal_message.html?_=1664588199796&CODE_STATE=getMsg HTTP/1.1" 200 27
116.225.121.189 - - [01/Oct/2022:09:36:32 +0800] "GET /xingrg/kc/buy/cgsh_order_operate.html?command=get_materiel&rest_code=00105&code=00101012030&supplier_code=00100034&order_time=2022-10-01 HTTP/1.1" 200 417
58.37.225.234 - - [01/Oct/2022:09:36:33 +0800] "GET /xingrg/kc/buy/cgsh_order_operate.html?command=get_materiel&rest_code=00141&code=00101008277&supplier_code=00100007&order_time=2022-10-01 HTTP/1.1" 200 412
116.230.105.139 - - [01/Oct/2022:09:36:36 +0800] "GET /xingrg/all/function/internal_message.html?_=1664588182358&CODE_STATE=getMsg HTTP/1.1" 200 27
116.225.121.189 - - [01/Oct/2022:09:36:37 +0800] "GET /xingrg/all/function/internal_message.html?_=1664588197160&CODE_STATE=getMsg HTTP/1.1" 200 27
101.85.93.113 - - [01/Oct/2022:09:36:37 +0800] "GET /xingrg/all/function/internal_message.html?_=1664588196520&CODE_STATE=getMsg HTTP/1.1" 200 27
58.37.225.234 - - [01/Oct/2022:09:36:38 +0800] "POST /xingrg/kc/buy/cgsh_order_operate.html HTTP/1.1" 200 2065
116.225.121.189 - - [01/Oct/2022:09:36:39 +0800] "GET /xingrg/kc/buy/cgsh_order_operate.html?command=get_materiel&rest_code=00105&code=00101016017&supplier_code=00100034&order_time=2022-10-01 HTTP/1.1" 200 408
116.224.255.128 - - [01/Oct/2022:09:36:45 +0800] "GET /xingrg/all/function/internal_message.html?_=1664588123536&CODE_STATE=getMsg HTTP/1.1" 200 27
116.230.114.213 - - [01/Oct/2022:09:36:46 +0800] "GET /xingrg/all/function/internal_message.html?_=1664588226427&CODE_STATE=getMsg HTTP/1.1" 200 27
114.83.219.254 - - [01/Oct/2022:09:36:47 +0800] "GET /xingrg/all/function/internal_message.html?_=1664588206050&CODE_STATE=getMsg HTTP/1.1" 200 27
114.84.81.136 - - [01/Oct/2022:09:36:47 +0800] "GET /xingrg/all/function/internal_message.html?_=1664588216980&CODE_STATE=getMsg HTTP/1.1" 200 27
116.225.121.189 - - [01/Oct/2022:09:36:49 +0800] "GET /xingrg/kc/buy/cgsh_order_operate.html?command=get_materiel&rest_code=00105&code=00101016030&supplier_code=00100034&order_time=2022-10-01 HTTP/1.1" 200 412
124.79.246.218 - - [01/Oct/2022:09:36:50 +0800] "GET /xingrg/all/function/internal_message.html?_=1664588408670&CODE_STATE=getMsg HTTP/1.1" 200 27
222.70.183.206 - - [01/Oct/2022:09:36:51 +0800] "GET /xingrg/login.html HTTP/1.1" 200 7641
222.70.183.206 - - [01/Oct/2022:09:36:52 +0800] "GET /favicon.ico HTTP/1.1" 404 -
58.37.225.234 - - [01/Oct/2022:09:36:53 +0800] "GET /xingrg/kc/buy/cgsh_order_operate.html?command=get_materiel&rest_code=00141&code=00101008350&supplier_code=00100007&order_time=2022-10-01 HTTP/1.1" 200 408
116.230.114.213 - - [01/Oct/2022:09:36:54 +0800] "GET /xingrg/all/function/internal_message.html?_=1664588231038&CODE_STATE=getMsg HTTP/1.1" 302 -
222.70.183.206 - - [01/Oct/2022:09:36:57 +0800] "POST /xingrg/login.do HTTP/1.1" 302 -
222.70.183.206 - - [01/Oct/2022:09:36:57 +0800] "GET /xingrg/index.html?sysBaseUrl=http%3A%2F%2F180.169.147.146%3A18081%2Fxingrg%2F&costTime=48×tamp=1664588217243 HTTP/1.1" 200 17173
222.70.183.206 - - [01/Oct/2022:09:36:57 +0800] "GET /favicon.ico HTTP/1.1" 404 -
222.70.183.206 - - [01/Oct/2022:09:36:57 +0800] "POST /xingrg/all/common/load_tree.html?tree=area_rest_tree_json&manage=1 HTTP/1.1" 200 342
222.70.183.206 - - [01/Oct/2022:09:36:57 +0800] "GET /xingrg/all/function/internal_message.html?_=1664588211949&CODE_STATE=count HTTP/1.1" 200 11
222.70.183.206 - - [01/Oct/2022:09:36:57 +0800] "POST /xingrg/load_menu.html HTTP/1.1" 200 5138
222.70.183.206 - - [01/Oct/2022:09:36:57 +0800] "GET /xingrg/check_reg.html?_=1664588211950 HTTP/1.1" 200 22
114.84.81.136 - - [01/Oct/2022:09:37:00 +0800] "POST /xingrg/dwr/call/plaincall/AjaxCheckService.checkOrder.dwr HTTP/1.1" 200 79
116.225.121.189 - - [01/Oct/2022:09:37:00 +0800] "GET /xingrg/all/function/internal_message.html?_=1664588075262&CODE_STATE=getMsg HTTP/1.1" 200 27
222.70.183.206 - - [01/Oct/2022:09:37:01 +0800] "GET /xingrg/kc/base/check_order_list.html HTTP/1.1" 200 16299
222.70.183.206 - - [01/Oct/2022:09:37:01 +0800] "POST /xingrg/kc/base/check_list_operate.html HTTP/1.1" 200 4700
114.84.81.136 - - [01/Oct/2022:09:37:04 +0800] "GET /xingrg/kc/base/check_order_info.html?code=452022093000300 HTTP/1.1" 200 22854
114.84.81.136 - - [01/Oct/2022:09:37:04 +0800] "GET /xingrg/dwr/interface/AjaxComOrderService.js HTTP/1.1" 200 18264
114.84.81.136 - - [01/Oct/2022:09:37:04 +0800] "GET /xingrg/dwr/interface/AjaxCheckService.js HTTP/1.1" 200 14003
114.84.81.136 - - [01/Oct/2022:09:37:04 +0800] "GET /xingrg/dwr/engine.js HTTP/1.1" 200 43631
114.84.81.136 - - [01/Oct/2022:09:37:05 +0800] "POST /xingrg/dwr/call/plaincall/AjaxCheckService.loadOrderItems.dwr HTTP/1.1" 200 6808
58.37.225.234 - - [01/Oct/2022:09:37:06 +0800] "GET /xingrg/kc/buy/cgsh_order_operate.html?command=get_materiel&rest_code=00141&code=00101015060&supplier_code=00100007&order_time=2022-10-01 HTTP/1.1" 200 412
222.70.183.206 - - [01/Oct/2022:09:37:07 +0800] "GET /xingrg/kc/base/check_order_info.html?code=452022093000191 HTTP/1.1" 200 26404
222.70.183.206 - - [01/Oct/2022:09:37:07 +0800] "GET /xingrg/dwr/interface/AjaxComOrderService.js HTTP/1.1" 200 18264
222.70.183.206 - - [01/Oct/2022:09:37:07 +0800] "GET /xingrg/dwr/interface/AjaxCheckService.js HTTP/1.1" 200 14003
222.70.183.206 - - [01/Oct/2022:09:37:07 +0800] "GET /xingrg/dwr/engine.js HTTP/1.1" 200 43631
222.70.183.206 - - [01/Oct/2022:09:37:07 +0800] "GET /xingrg/dwr/util.js HTTP/1.1" 304 -
222.70.183.206 - - [01/Oct/2022:09:37:08 +0800] "POST /xingrg/dwr/call/plaincall/AjaxCheckService.loadOrderItems.dwr HTTP/1.1" 200 168769
114.84.81.136 - - [01/Oct/2022:09:37:08 +0800] "POST /xingrg/kc/base/check_list_operate.html HTTP/1.1" 200 2550
114.84.81.136 - - [01/Oct/2022:09:37:10 +0800] "GET /xingrg/kc/base/check_order_info.html?code=452022093000289 HTTP/1.1" 200 26514
114.84.81.136 - - [01/Oct/2022:09:37:10 +0800] "GET /xingrg/dwr/interface/AjaxCheckService.js HTTP/1.1" 200 14003
114.84.81.136 - - [01/Oct/2022:09:37:10 +0800] "GET /xingrg/dwr/interface/AjaxComOrderService.js HTTP/1.1" 200 18264
114.84.81.136 - - [01/Oct/2022:09:37:10 +0800] "GET /xingrg/dwr/engine.js HTTP/1.1" 200 43631
114.84.81.136 - - [01/Oct/2022:09:37:11 +0800] "POST /xingrg/dwr/call/plaincall/AjaxCheckService.loadOrderItems.dwr HTTP/1.1" 200 128595
58.37.225.234 - - [01/Oct/2022:09:37:11 +0800] "GET /xingrg/all/function/internal_message.html?_=1664588228679&CODE_STATE=getMsg HTTP/1.1" 200 27
58.37.225.234 - - [01/Oct/2022:09:37:13 +0800] "GET /xingrg/kc/buy/cgsh_order_operate.html?command=get_materiel&rest_code=00141&code=00101008223&supplier_code=00100007&order_time=2022-10-01 HTTP/1.1" 200 412
221.239.141.151 - - [01/Oct/2022:09:37:14 +0800] "GET /xingrg/all/function/internal_message.html?_=1664588233695&CODE_STATE=getMsg HTTP/1.1" 200 27
114.84.81.136 - - [01/Oct/2022:09:37:17 +0800] "POST /xingrg/dwr/call/plaincall/AjaxCheckService.setItemNumber.dwr HTTP/1.1" 200 76
114.84.81.136 - - [01/Oct/2022:09:37:19 +0800] "POST /xingrg/dwr/call/plaincall/AjaxCheckService.setItemNumber.dwr HTTP/1.1" 200 76
114.84.81.136 - - [01/Oct/2022:09:37:19 +0800] "POST /xingrg/dwr/call/plaincall/AjaxCheckService.setItemNumber.dwr HTTP/1.1" 200 76
116.225.121.189 - - [01/Oct/2022:09:37:20 +0800] "GET /xingrg/kc/buy/cgsh_order_operate.html?command=get_materiel&rest_code=00105&code=00101012003&supplier_code=00100034&order_time=2022-10-01 HTTP/1.1" 200 413
114.84.81.136 - - [01/Oct/2022:09:37:20 +0800] "POST /xingrg/dwr/call/plaincall/AjaxCheckService.setItemNumber.dwr HTTP/1.1" 200 76
58.37.225.234 - - [01/Oct/2022:09:37:20 +0800] "GET /xingrg/kc/buy/cgsh_order_operate.html?command=get_materiel&rest_code=00141&code=00101008114&supplier_code=00100007&order_time=2022-10-01 HTTP/1.1" 200 412
114.84.81.136 - - [01/Oct/2022:09:37:21 +0800] "POST /xingrg/dwr/call/plaincall/AjaxCheckService.setItemNumber.dwr HTTP/1.1" 200 76
114.83.219.57 - - [01/Oct/2022:09:37:21 +0800] "GET /xingrg/all/function/internal_message.html?_=1664588330308&CODE_STATE=getMsg HTTP/1.1" 200 27
114.83.219.57 - - [01/Oct/2022:09:37:21 +0800] "GET /xingrg/check_reg.html?_=1664588330309 HTTP/1.1" 200 22
114.84.81.136 - - [01/Oct/2022:09:37:21 +0800] "POST /xingrg/dwr/call/plaincall/AjaxCheckService.setItemNumber.dwr HTTP/1.1" 200 76
114.84.81.136 - - [01/Oct/2022:09:37:22 +0800] "POST /xingrg/dwr/call/plaincall/AjaxCheckService.setItemNumber.dwr HTTP/1.1" 200 76
114.84.81.136 - - [01/Oct/2022:09:37:22 +0800] "POST /xingrg/dwr/call/plaincall/AjaxCheckService.setItemNumber.dwr HTTP/1.1" 200 76
222.70.183.206 - - [01/Oct/2022:09:37:23 +0800] "POST /xingrg/dwr/call/plaincall/AjaxCheckService.setItemNumber.dwr HTTP/1.1" 200 76
58.37.225.234 - - [01/Oct/2022:09:37:25 +0800] "POST /xingrg/kc/buy/cgsh_order_operate.html HTTP/1.1" 200 2065
114.84.81.136 - - [01/Oct/2022:09:37:26 +0800] "POST /xingrg/dwr/call/plaincall/AjaxCheckService.setItemNumber.dwr HTTP/1.1" 200 76
114.84.81.136 - - [01/Oct/2022:09:37:28 +0800] "GET /xingrg/kc/base/check_order_info.html?code=452022093000295 HTTP/1.1" 200 26514
114.84.81.136 - - [01/Oct/2022:09:37:28 +0800] "GET /xingrg/dwr/engine.js HTTP/1.1" 200 43631
114.84.81.136 - - [01/Oct/2022:09:37:28 +0800] "GET /xingrg/dwr/interface/AjaxComOrderService.js HTTP/1.1" 200 18264
114.84.81.136 - - [01/Oct/2022:09:37:28 +0800] "GET /xingrg/dwr/interface/AjaxCheckService.js HTTP/1.1" 200 14003
114.84.81.136 - - [01/Oct/2022:09:37:28 +0800] "GET /xingrg/dwr/util.js HTTP/1.1" 304 -
222.70.183.206 - - [01/Oct/2022:09:37:28 +0800] "POST /xingrg/dwr/call/plaincall/AjaxCheckService.setItemNumber.dwr HTTP/1.1" 200 76
114.84.81.136 - - [01/Oct/2022:09:37:28 +0800] "POST /xingrg/dwr/call/plaincall/AjaxCheckService.loadOrderItems.dwr HTTP/1.1" 200 36920
114.84.81.136 - - [01/Oct/2022:09:37:29 +0800] "GET /xingrg/all/function/internal_message.html?_=1664588248475&CODE_STATE=getMsg HTTP/1.1" 200 27
222.70.183.206 - - [01/Oct/2022:09:37:29 +0800] "POST /xingrg/dwr/call/plaincall/AjaxCheckService.setItemNumber.dwr HTTP/1.1" 200 76
116.237.75.135 - - [01/Oct/2022:09:37:29 +0800] "GET /xingrg/all/function/internal_message.html?_=1664588259768&CODE_STATE=getMsg HTTP/1.1" 200 27
222.70.183.206 - - [01/Oct/2022:09:37:30 +0800] "POST /xingrg/dwr/call/plaincall/AjaxCheckService.setItemNumber.dwr HTTP/1.1" 200 76
222.70.183.206 - - [01/Oct/2022:09:37:31 +0800] "POST /xingrg/dwr/call/plaincall/AjaxCheckService.setItemNumber.dwr HTTP/1.1" 200 76
114.84.81.136 - - [01/Oct/2022:09:37:31 +0800] "POST /xingrg/dwr/call/plaincall/AjaxCheckService.setItemNumber.dwr HTTP/1.1" 200 76
116.225.121.189 - - [01/Oct/2022:09:37:31 +0800] "GET /xingrg/kc/buy/cgsh_order_operate.html?command=get_materiel&rest_code=00105&code=00101012029&supplier_code=00100034&order_time=2022-10-01 HTTP/1.1" 200 412
116.230.114.213 - - [01/Oct/2022:09:37:31 +0800] "GET /xingrg/check_reg.html?_=1664588272104 HTTP/1.1" 200 22
114.84.81.136 - - [01/Oct/2022:09:37:31 +0800] "POST /xingrg/dwr/call/plaincall/AjaxCheckService.setItemNumber.dwr HTTP/1.1" 200 76
114.84.81.136 - - [01/Oct/2022:09:37:32 +0800] "POST /xingrg/dwr/call/plaincall/AjaxCheckService.setItemNumber.dwr HTTP/1.1" 200 76
58.37.225.234 - - [01/Oct/2022:09:37:32 +0800] "GET /xingrg/kc/buy/cgsh_order_operate.html?command=get_materiel&rest_code=00141&code=00101008150&supplier_code=00100007&order_time=2022-10-01 HTTP/1.1" 200 409
222.70.183.206 - - [01/Oct/2022:09:37:32 +0800] "POST /xingrg/dwr/call/plaincall/AjaxCheckService.setItemNumber.dwr HTTP/1.1" 200 76
114.84.81.136 - - [01/Oct/2022:09:37:32 +0800] "POST /xingrg/dwr/call/plaincall/AjaxCheckService.setItemNumber.dwr HTTP/1.1" 200 76
222.70.183.206 - - [01/Oct/2022:09:37:33 +0800] "POST /xingrg/dwr/call/plaincall/AjaxCheckService.setItemNumber.dwr HTTP/1.1" 200 76
114.84.81.136 - - [01/Oct/2022:09:37:34 +0800] "POST /xingrg/dwr/call/plaincall/AjaxCheckService.setItemNumber.dwr HTTP/1.1" 200 76
222.70.183.206 - - [01/Oct/2022:09:37:34 +0800] "POST /xingrg/dwr/call/plaincall/AjaxCheckService.setItemNumber.dwr HTTP/1.1" 200 76
222.70.183.206 - - [01/Oct/2022:09:37:35 +0800] "POST /xingrg/dwr/call/plaincall/AjaxCheckService.setItemNumber.dwr HTTP/1.1" 200 76
116.230.105.139 - - [01/Oct/2022:09:37:36 +0800] "GET /xingrg/all/function/internal_message.html?_=1664588242363&CODE_STATE=getMsg HTTP/1.1" 200 27
222.70.183.206 - - [01/Oct/2022:09:37:37 +0800] "POST /xingrg/dwr/call/plaincall/AjaxCheckService.setItemNumber.dwr HTTP/1.1" 200 77
116.225.121.189 - - [01/Oct/2022:09:37:37 +0800] "GET /xingrg/all/function/internal_message.html?_=1664588257136&CODE_STATE=getMsg HTTP/1.1" 200 27
101.85.93.113 - - [01/Oct/2022:09:37:37 +0800] "GET /xingrg/all/function/internal_message.html?_=1664588256507&CODE_STATE=getMsg HTTP/1.1" 200 27
222.70.183.206 - - [01/Oct/2022:09:37:38 +0800] "POST /xingrg/dwr/call/plaincall/AjaxCheckService.setItemNumber.dwr HTTP/1.1" 200 77
116.225.121.189 - - [01/Oct/2022:09:37:39 +0800] "POST /xingrg/kc/buy/cgsh_order_operate.html HTTP/1.1" 200 37
114.84.81.136 - - [01/Oct/2022:09:37:39 +0800] "POST /xingrg/dwr/call/plaincall/AjaxCheckService.setItemNumber.dwr HTTP/1.1" 200 76
222.70.183.206 - - [01/Oct/2022:09:37:39 +0800] "POST /xingrg/dwr/call/plaincall/AjaxCheckService.setItemNumber.dwr HTTP/1.1" 200 77
222.70.183.206 - - [01/Oct/2022:09:37:40 +0800] "POST /xingrg/dwr/call/plaincall/AjaxCheckService.setItemNumber.dwr HTTP/1.1" 200 77
114.84.81.136 - - [01/Oct/2022:09:37:41 +0800] "POST /xingrg/dwr/call/plaincall/AjaxCheckService.setItemNumber.dwr HTTP/1.1" 200 76
114.84.81.136 - - [01/Oct/2022:09:37:41 +0800] "POST /xingrg/dwr/call/plaincall/AjaxCheckService.setItemNumber.dwr HTTP/1.1" 200 76
114.84.81.136 - - [01/Oct/2022:09:37:42 +0800] "POST /xingrg/dwr/call/plaincall/AjaxCheckService.setItemNumber.dwr HTTP/1.1" 200 76
114.84.81.136 - - [01/Oct/2022:09:37:43 +0800] "POST /xingrg/dwr/call/plaincall/AjaxCheckService.setItemNumber.dwr HTTP/1.1" 200 77
116.225.121.189 - - [01/Oct/2022:09:37:43 +0800] "POST /xingrg/kc/buy/cgsh_order_operate.html HTTP/1.1" 200 5635
114.84.81.136 - - [01/Oct/2022:09:37:45 +0800] "POST /xingrg/dwr/call/plaincall/AjaxCheckService.setItemNumber.dwr HTTP/1.1" 200 77
116.224.255.128 - - [01/Oct/2022:09:37:45 +0800] "GET /xingrg/all/function/internal_message.html?_=1664588183541&CODE_STATE=getMsg HTTP/1.1" 200 27
222.70.183.206 - - [01/Oct/2022:09:37:46 +0800] "POST /xingrg/dwr/call/plaincall/AjaxCheckService.setItemNumber.dwr HTTP/1.1" 200 77
116.230.114.213 - - [01/Oct/2022:09:37:46 +0800] "GET /xingrg/all/function/internal_message.html?_=1664588286442&CODE_STATE=getMsg HTTP/1.1" 200 27
116.225.121.189 - - [01/Oct/2022:09:37:46 +0800] "GET /xingrg/kc/print/load_data.html?order_code=212022100100024&kc_code=cgsh&condition= HTTP/1.1" 200 1860
114.84.81.136 - - [01/Oct/2022:09:37:46 +0800] "POST /xingrg/dwr/call/plaincall/AjaxCheckService.setItemNumber.dwr HTTP/1.1" 200 77
222.70.183.206 - - [01/Oct/2022:09:37:47 +0800] "POST /xingrg/dwr/call/plaincall/AjaxCheckService.setItemNumber.dwr HTTP/1.1" 200 77
114.83.219.254 - - [01/Oct/2022:09:37:47 +0800] "GET /xingrg/all/function/internal_message.html?_=1664588266051&CODE_STATE=getMsg HTTP/1.1" 200 27
114.83.219.254 - - [01/Oct/2022:09:37:47 +0800] "GET /xingrg/check_reg.html?_=1664588266061 HTTP/1.1" 200 22
114.84.81.136 - - [01/Oct/2022:09:37:47 +0800] "GET /xingrg/all/function/internal_message.html?_=1664588276977&CODE_STATE=getMsg HTTP/1.1" 200 27
222.70.183.206 - - [01/Oct/2022:09:37:48 +0800] "POST /xingrg/dwr/call/plaincall/AjaxCheckService.setItemNumber.dwr HTTP/1.1" 200 77
114.84.81.136 - - [01/Oct/2022:09:37:49 +0800] "POST /xingrg/dwr/call/plaincall/AjaxCheckService.setItemNumber.dwr HTTP/1.1" 200 77
222.70.183.206 - - [01/Oct/2022:09:37:49 +0800] "POST /xingrg/dwr/call/plaincall/AjaxCheckService.setItemNumber.dwr HTTP/1.1" 200 77
124.79.246.218 - - [01/Oct/2022:09:37:50 +0800] "GET /xingrg/all/function/internal_message.html?_=1664588468667&CODE_STATE=getMsg HTTP/1.1" 200 27
116.225.121.189 - - [01/Oct/2022:09:37:50 +0800] "GET /xingrg/kc/buy/cgsh_order_add.html HTTP/1.1" 200 68987
116.225.121.189 - - [01/Oct/2022:09:37:50 +0800] "GET /xingrg/javascript/easyui/themes/default/validatebox.css HTTP/1.1" 404 1104
116.225.121.189 - - [01/Oct/2022:09:37:50 +0800] "POST /xingrg/kc/buy/cgsh_order_operate.html HTTP/1.1" 200 8245
114.84.81.136 - - [01/Oct/2022:09:37:50 +0800] "POST /xingrg/dwr/call/plaincall/AjaxCheckService.setItemNumber.dwr HTTP/1.1" 200 77
114.84.81.136 - - [01/Oct/2022:09:37:50 +0800] "POST /xingrg/dwr/call/plaincall/AjaxCheckService.setItemNumber.dwr HTTP/1.1" 200 77
114.84.81.136 - - [01/Oct/2022:09:37:51 +0800] "POST /xingrg/dwr/call/plaincall/AjaxCheckService.setItemNumber.dwr HTTP/1.1" 200 77
114.84.81.136 - - [01/Oct/2022:09:37:51 +0800] "POST /xingrg/dwr/call/plaincall/AjaxCheckService.setItemNumber.dwr HTTP/1.1" 200 77
114.84.81.136 - - [01/Oct/2022:09:37:51 +0800] "POST /xingrg/dwr/call/plaincall/AjaxCheckService.setItemNumber.dwr HTTP/1.1" 200 77
114.84.81.136 - - [01/Oct/2022:09:37:52 +0800] "POST /xingrg/dwr/call/plaincall/AjaxCheckService.setItemNumber.dwr HTTP/1.1" 200 77
114.84.81.136 - - [01/Oct/2022:09:37:52 +0800] "POST /xingrg/dwr/call/plaincall/AjaxCheckService.setItemNumber.dwr HTTP/1.1" 200 77
114.84.81.136 - - [01/Oct/2022:09:37:53 +0800] "POST /xingrg/dwr/call/plaincall/AjaxCheckService.setItemNumber.dwr HTTP/1.1" 200 77
114.84.81.136 - - [01/Oct/2022:09:37:53 +0800] "POST /xingrg/dwr/call/plaincall/AjaxCheckService.setItemNumber.dwr HTTP/1.1" 200 77
114.84.81.136 - - [01/Oct/2022:09:37:53 +0800] "POST /xingrg/dwr/call/plaincall/AjaxCheckService.setItemNumber.dwr HTTP/1.1" 200 77
114.84.81.136 - - [01/Oct/2022:09:37:54 +0800] "POST /xingrg/dwr/call/plaincall/AjaxCheckService.setItemNumber.dwr HTTP/1.1" 200 77
116.230.114.213 - - [01/Oct/2022:09:37:54 +0800] "GET /xingrg/all/function/internal_message.html?_=1664588291060&CODE_STATE=getMsg HTTP/1.1" 302 -
114.84.81.136 - - [01/Oct/2022:09:37:54 +0800] "POST /xingrg/dwr/call/plaincall/AjaxCheckService.setItemNumber.dwr HTTP/1.1" 200 77
58.37.225.234 - - [01/Oct/2022:09:37:54 +0800] "GET /xingrg/kc/buy/cgsh_order_operate.html?command=get_materiel&rest_code=00141&code=00101009016&supplier_code=00100007&order_time=2022-10-01 HTTP/1.1" 200 414
114.84.81.136 - - [01/Oct/2022:09:37:54 +0800] "POST /xingrg/dwr/call/plaincall/AjaxCheckService.setItemNumber.dwr HTTP/1.1" 200 77
114.84.81.136 - - [01/Oct/2022:09:37:55 +0800] "POST /xingrg/dwr/call/plaincall/AjaxCheckService.setItemNumber.dwr HTTP/1.1" 200 77
114.84.81.136 - - [01/Oct/2022:09:37:55 +0800] "POST /xingrg/dwr/call/plaincall/AjaxCheckService.setItemNumber.dwr HTTP/1.1" 200 77
114.84.81.136 - - [01/Oct/2022:09:37:55 +0800] "POST /xingrg/dwr/call/plaincall/AjaxCheckService.setItemNumber.dwr HTTP/1.1" 200 77
222.70.183.206 - - [01/Oct/2022:09:37:55 +0800] "POST /xingrg/dwr/call/plaincall/AjaxCheckService.setItemNumber.dwr HTTP/1.1" 200 77
114.84.81.136 - - [01/Oct/2022:09:37:56 +0800] "POST /xingrg/dwr/call/plaincall/AjaxCheckService.setItemNumber.dwr HTTP/1.1" 200 77
222.70.183.206 - - [01/Oct/2022:09:37:57 +0800] "POST /xingrg/dwr/call/plaincall/AjaxCheckService.setItemNumber.dwr HTTP/1.1" 200 77
114.84.81.136 - - [01/Oct/2022:09:37:57 +0800] "POST /xingrg/dwr/call/plaincall/AjaxCheckService.setItemNumber.dwr HTTP/1.1" 200 77
222.70.183.206 - - [01/Oct/2022:09:37:57 +0800] "GET /xingrg/all/function/internal_message.html?_=1664588271963&CODE_STATE=getMsg HTTP/1.1" 200 27
222.70.183.206 - - [01/Oct/2022:09:37:59 +0800] "POST /xingrg/dwr/call/plaincall/AjaxCheckService.setItemNumber.dwr HTTP/1.1" 200 77
114.84.81.136 - - [01/Oct/2022:09:38:00 +0800] "POST /xingrg/dwr/call/plaincall/AjaxCheckService.setItemNumber.dwr HTTP/1.1" 200 77
116.225.121.189 - - [01/Oct/2022:09:38:00 +0800] "GET /xingrg/all/function/internal_message.html?_=1664588135263&CODE_STATE=getMsg HTTP/1.1" 200 27
222.70.183.206 - - [01/Oct/2022:09:38:01 +0800] "POST /xingrg/dwr/call/plaincall/AjaxCheckService.setItemNumber.dwr HTTP/1.1" 200 77
116.230.105.139 - - [01/Oct/2022:09:38:02 +0800] "POST /xingrg/services/DataTransmitService HTTP/1.1" 200 524
116.230.105.139 - - [01/Oct/2022:09:38:02 +0800] "POST /xingrg/services/DataTransmitService HTTP/1.1" 200 412
222.70.183.206 - - [01/Oct/2022:09:38:02 +0800] "POST /xingrg/dwr/call/plaincall/AjaxCheckService.setItemNumber.dwr HTTP/1.1" 200 77
116.225.121.189 - - [01/Oct/2022:09:38:02 +0800] "GET /xingrg/kc/buy/cgsh_order_operate.html?command=get_materiel&rest_code=00105&code=00101011001&supplier_code=00100052&order_time=2022-10-01 HTTP/1.1" 200 423
222.70.183.206 - - [01/Oct/2022:09:38:04 +0800] "POST /xingrg/dwr/call/plaincall/AjaxCheckService.setItemNumber.dwr HTTP/1.1" 200 77
58.37.225.234 - - [01/Oct/2022:09:38:06 +0800] "GET /xingrg/kc/buy/cgsh_order_operate.html?command=get_materiel&rest_code=00141&code=00101009013&supplier_code=00100007&order_time=2022-10-01 HTTP/1.1" 200 420
58.37.225.234 - - [01/Oct/2022:09:38:10 +0800] "POST /xingrg/kc/base/check_list_operate.html HTTP/1.1" 200 4
114.84.81.136 - - [01/Oct/2022:09:38:10 +0800] "POST /xingrg/dwr/call/plaincall/AjaxCheckService.setItemNumber.dwr HTTP/1.1" 200 77
114.84.81.136 - - [01/Oct/2022:09:38:10 +0800] "POST /xingrg/dwr/call/plaincall/AjaxCheckService.setItemNumber.dwr HTTP/1.1" 200 77
58.37.225.234 - - [01/Oct/2022:09:38:12 +0800] "POST /xingrg/kc/base/check_list_operate.html HTTP/1.1" 200 3591
114.84.81.136 - - [01/Oct/2022:09:38:13 +0800] "POST /xingrg/dwr/call/plaincall/AjaxCheckService.setItemNumber.dwr HTTP/1.1" 200 77
221.239.141.151 - - [01/Oct/2022:09:38:14 +0800] "GET /xingrg/all/function/internal_message.html?_=1664588293697&CODE_STATE=getMsg HTTP/1.1" 200 27
222.70.183.206 - - [01/Oct/2022:09:38:14 +0800] "POST /xingrg/dwr/call/plaincall/AjaxCheckService.setItemNumber.dwr HTTP/1.1" 200 77
116.230.105.139 - - [01/Oct/2022:09:38:14 +0800] "GET /xingrg/kc/base/check_order_list.html HTTP/1.1" 200 16305
116.230.105.139 - - [01/Oct/2022:09:38:14 +0800] "POST /xingrg/kc/base/check_list_operate.html HTTP/1.1" 200 4799
114.84.81.136 - - [01/Oct/2022:09:38:15 +0800] "POST /xingrg/dwr/call/plaincall/AjaxCheckService.setItemNumber.dwr HTTP/1.1" 200 77
116.225.121.189 - - [01/Oct/2022:09:38:15 +0800] "POST /xingrg/kc/buy/cgsh_order_operate.html HTTP/1.1" 200 37
222.70.183.206 - - [01/Oct/2022:09:38:16 +0800] "POST /xingrg/dwr/call/plaincall/AjaxCheckService.setItemNumber.dwr HTTP/1.1" 200 77
114.84.81.136 - - [01/Oct/2022:09:38:16 +0800] "POST /xingrg/dwr/call/plaincall/AjaxCheckService.setItemNumber.dwr HTTP/1.1" 200 77
58.37.225.234 - - [01/Oct/2022:09:38:16 +0800] "GET /xingrg/kc/buy/cgsh_order_operate.html?command=get_materiel&rest_code=00141&code=00101009031&supplier_code=00100007&order_time=2022-10-01 HTTP/1.1" 200 409
222.70.183.206 - - [01/Oct/2022:09:38:17 +0800] "POST /xingrg/dwr/call/plaincall/AjaxCheckService.setItemNumber.dwr HTTP/1.1" 200 77
114.84.81.136 - - [01/Oct/2022:09:38:17 +0800] "POST /xingrg/dwr/call/plaincall/AjaxCheckService.setItemNumber.dwr HTTP/1.1" 200 77
114.84.81.136 - - [01/Oct/2022:09:38:18 +0800] "POST /xingrg/dwr/call/plaincall/AjaxCheckService.setItemNumber.dwr HTTP/1.1" 200 77
222.70.183.206 - - [01/Oct/2022:09:38:18 +0800] "POST /xingrg/dwr/call/plaincall/AjaxCheckService.setItemNumber.dwr HTTP/1.1" 200 77
114.84.81.136 - - [01/Oct/2022:09:38:18 +0800] "POST /xingrg/dwr/call/plaincall/AjaxCheckService.setItemNumber.dwr HTTP/1.1" 200 77
114.84.81.136 - - [01/Oct/2022:09:38:18 +0800] "POST /xingrg/dwr/call/plaincall/AjaxCheckService.setItemNumber.dwr HTTP/1.1" 200 77
114.84.81.136 - - [01/Oct/2022:09:38:19 +0800] "POST /xingrg/dwr/call/plaincall/AjaxCheckService.setItemNumber.dwr HTTP/1.1" 200 77
120.253.135.82 - - [01/Oct/2022:09:38:19 +0800] "GET /xingrg/check_reg.html?_=1664588097008 HTTP/1.1" 200 22
116.230.105.139 - - [01/Oct/2022:09:38:19 +0800] "GET /xingrg/kc/base/check_order_info.html?code=452022093000323 HTTP/1.1" 200 26486
116.230.105.139 - - [01/Oct/2022:09:38:20 +0800] "GET /xingrg/dwr/interface/AjaxComOrderService.js HTTP/1.1" 200 18264
116.230.105.139 - - [01/Oct/2022:09:38:20 +0800] "GET /xingrg/dwr/interface/AjaxCheckService.js HTTP/1.1" 200 14003
116.230.105.139 - - [01/Oct/2022:09:38:20 +0800] "GET /xingrg/dwr/engine.js HTTP/1.1" 200 43631
114.83.219.57 - - [01/Oct/2022:09:38:21 +0800] "GET /xingrg/all/function/internal_message.html?_=1664588390302&CODE_STATE=getMsg HTTP/1.1" 200 27
114.84.81.136 - - [01/Oct/2022:09:38:23 +0800] "POST /xingrg/dwr/call/plaincall/AjaxCheckService.setItemNumber.dwr HTTP/1.1" 200 77
222.70.183.206 - - [01/Oct/2022:09:38:23 +0800] "POST /xingrg/dwr/call/plaincall/AjaxCheckService.setItemNumber.dwr HTTP/1.1" 200 77
114.84.81.136 - - [01/Oct/2022:09:38:23 +0800] "POST /xingrg/dwr/call/plaincall/AjaxCheckService.setItemNumber.dwr HTTP/1.1" 200 77
222.70.183.206 - - [01/Oct/2022:09:38:23 +0800] "POST /xingrg/dwr/call/plaincall/AjaxCheckService.setItemNumber.dwr HTTP/1.1" 200 77
222.70.183.206 - - [01/Oct/2022:09:38:23 +0800] "POST /xingrg/dwr/call/plaincall/AjaxCheckService.setItemNumber.dwr HTTP/1.1" 200 77
222.70.183.206 - - [01/Oct/2022:09:38:23 +0800] "POST /xingrg/dwr/call/plaincall/AjaxCheckService.setItemNumber.dwr HTTP/1.1" 200 77
116.230.105.139 - - [01/Oct/2022:09:38:23 +0800] "POST /xingrg/dwr/call/plaincall/AjaxCheckService.loadOrderItems.dwr HTTP/1.1" 200 5420
116.225.121.189 - - [01/Oct/2022:09:38:24 +0800] "POST /xingrg/kc/buy/cgsh_order_operate.html HTTP/1.1" 200 2666
116.225.121.189 - - [01/Oct/2022:09:38:25 +0800] "GET /xingrg/kc/print/load_data.html?order_code=212022100100025&kc_code=cgsh&condition= HTTP/1.1" 200 720
58.37.225.234 - - [01/Oct/2022:09:38:27 +0800] "POST /xingrg/kc/base/check_list_operate.html HTTP/1.1" 200 4
222.70.183.206 - - [01/Oct/2022:09:38:27 +0800] "POST /xingrg/dwr/call/plaincall/AjaxCheckService.setItemNumber.dwr HTTP/1.1" 200 77
116.230.105.139 - - [01/Oct/2022:09:38:27 +0800] "POST /xingrg/dwr/call/plaincall/AjaxCheckService.setItemNumber.dwr HTTP/1.1" 200 76
114.84.81.136 - - [01/Oct/2022:09:38:27 +0800] "POST /xingrg/dwr/call/plaincall/AjaxCheckService.setItemNumber.dwr HTTP/1.1" 200 77
222.70.183.206 - - [01/Oct/2022:09:38:27 +0800] "POST /xingrg/dwr/call/plaincall/AjaxCheckService.setItemNumber.dwr HTTP/1.1" 200 77
114.84.81.136 - - [01/Oct/2022:09:38:27 +0800] "POST /xingrg/dwr/call/plaincall/AjaxCheckService.setItemNumber.dwr HTTP/1.1" 200 77
114.84.81.136 - - [01/Oct/2022:09:38:27 +0800] "POST /xingrg/dwr/call/plaincall/AjaxCheckService.setItemNumber.dwr HTTP/1.1" 200 77
222.70.183.206 - - [01/Oct/2022:09:38:28 +0800] "POST /xingrg/dwr/call/plaincall/AjaxCheckService.setItemNumber.dwr HTTP/1.1" 200 77
58.37.225.234 - - [01/Oct/2022:09:38:28 +0800] "POST /xingrg/kc/base/check_list_operate.html HTTP/1.1" 200 2916
116.230.105.139 - - [01/Oct/2022:09:38:28 +0800] "POST /xingrg/dwr/call/plaincall/AjaxCheckService.setItemNumber.dwr HTTP/1.1" 200 76
114.84.81.136 - - [01/Oct/2022:09:38:29 +0800] "GET /xingrg/all/function/internal_message.html?_=1664588308475&CODE_STATE=getMsg HTTP/1.1" 200 27
116.225.121.189 - - [01/Oct/2022:09:38:29 +0800] "GET /xingrg/kc/buy/cgsh_order_add.html HTTP/1.1" 200 68987
116.225.121.189 - - [01/Oct/2022:09:38:29 +0800] "POST /xingrg/kc/buy/cgsh_order_operate.html HTTP/1.1" 200 8245
116.230.105.139 - - [01/Oct/2022:09:38:29 +0800] "POST /xingrg/dwr/call/plaincall/AjaxCheckService.setItemNumber.dwr HTTP/1.1" 200 76
116.225.121.189 - - [01/Oct/2022:09:38:29 +0800] "GET /xingrg/javascript/easyui/themes/default/validatebox.css HTTP/1.1" 404 1104
116.237.75.135 - - [01/Oct/2022:09:38:29 +0800] "GET /xingrg/all/function/internal_message.html?_=1664588319748&CODE_STATE=getMsg HTTP/1.1" 200 27
116.230.105.139 - - [01/Oct/2022:09:38:30 +0800] "POST /xingrg/dwr/call/plaincall/AjaxCheckService.setItemNumber.dwr HTTP/1.1" 200 76
58.37.225.234 - - [01/Oct/2022:09:38:30 +0800] "POST /xingrg/kc/buy/cgsh_order_operate.html HTTP/1.1" 200 2065
58.37.225.234 - - [01/Oct/2022:09:38:30 +0800] "GET /xingrg/kc/base/check_order_info.html?code=452022093000210 HTTP/1.1" 200 26480
58.37.225.234 - - [01/Oct/2022:09:38:30 +0800] "GET /xingrg/dwr/interface/AjaxComOrderService.js HTTP/1.1" 200 18264
116.230.105.139 - - [01/Oct/2022:09:38:30 +0800] "POST /xingrg/dwr/call/plaincall/AjaxCheckService.setItemNumber.dwr HTTP/1.1" 200 76
58.37.225.234 - - [01/Oct/2022:09:38:30 +0800] "GET /xingrg/dwr/interface/AjaxCheckService.js HTTP/1.1" 200 14003
58.37.225.234 - - [01/Oct/2022:09:38:30 +0800] "GET /xingrg/dwr/engine.js HTTP/1.1" 200 43631
116.230.105.139 - - [01/Oct/2022:09:38:31 +0800] "POST /xingrg/dwr/call/plaincall/AjaxCheckService.setItemNumber.dwr HTTP/1.1" 200 76
222.70.183.206 - - [01/Oct/2022:09:38:31 +0800] "POST /xingrg/dwr/call/plaincall/AjaxCheckService.setItemNumber.dwr HTTP/1.1" 200 77
58.37.225.234 - - [01/Oct/2022:09:38:31 +0800] "POST /xingrg/dwr/call/plaincall/AjaxCheckService.loadOrderItems.dwr HTTP/1.1" 200 4195
116.230.105.139 - - [01/Oct/2022:09:38:31 +0800] "POST /xingrg/dwr/call/plaincall/AjaxCheckService.setItemNumber.dwr HTTP/1.1" 200 76
222.70.183.206 - - [01/Oct/2022:09:38:32 +0800] "POST /xingrg/dwr/call/plaincall/AjaxCheckService.setItemNumber.dwr HTTP/1.1" 200 77
58.37.225.234 - - [01/Oct/2022:09:38:35 +0800] "POST /xingrg/dwr/call/plaincall/AjaxCheckService.deleteOrder.dwr HTTP/1.1" 200 78
58.37.225.234 - - [01/Oct/2022:09:38:35 +0800] "GET /xingrg/kc/buy/cgsh_order_operate.html?command=get_materiel&rest_code=00141&code=00101008261&supplier_code=00100007&order_time=2022-10-01 HTTP/1.1" 200 408
58.37.225.234 - - [01/Oct/2022:09:38:36 +0800] "GET /xingrg/kc/base/check_order_list.html HTTP/1.1" 200 16566
58.37.225.234 - - [01/Oct/2022:09:38:36 +0800] "POST /xingrg/kc/base/check_list_operate.html HTTP/1.1" 200 2577
116.230.105.139 - - [01/Oct/2022:09:38:36 +0800] "GET /xingrg/all/function/internal_message.html?_=1664588302359&CODE_STATE=getMsg HTTP/1.1" 200 27
116.225.121.189 - - [01/Oct/2022:09:38:37 +0800] "GET /xingrg/all/function/internal_message.html?_=1664588317142&CODE_STATE=getMsg HTTP/1.1" 200 27
101.85.93.113 - - [01/Oct/2022:09:38:37 +0800] "GET /xingrg/all/function/internal_message.html?_=1664588316507&CODE_STATE=getMsg HTTP/1.1" 200 27
58.37.225.234 - - [01/Oct/2022:09:38:39 +0800] "GET /xingrg/kc/base/check_order_info.html?code=452022093000211 HTTP/1.1" 200 26480
58.37.225.234 - - [01/Oct/2022:09:38:39 +0800] "GET /xingrg/dwr/interface/AjaxComOrderService.js HTTP/1.1" 200 18264
58.37.225.234 - - [01/Oct/2022:09:38:39 +0800] "GET /xingrg/dwr/interface/AjaxCheckService.js HTTP/1.1" 200 14003
58.37.225.234 - - [01/Oct/2022:09:38:39 +0800] "GET /xingrg/dwr/engine.js HTTP/1.1" 200 43631
58.37.225.234 - - [01/Oct/2022:09:38:40 +0800] "POST /xingrg/dwr/call/plaincall/AjaxCheckService.loadOrderItems.dwr HTTP/1.1" 200 8945
222.70.183.206 - - [01/Oct/2022:09:38:43 +0800] "POST /xingrg/dwr/call/plaincall/AjaxCheckService.setItemNumber.dwr HTTP/1.1" 200 77
116.230.105.139 - - [01/Oct/2022:09:38:43 +0800] "POST /xingrg/dwr/call/plaincall/AjaxCheckService.setItemNumber.dwr HTTP/1.1" 200 76
116.225.121.189 - - [01/Oct/2022:09:38:43 +0800] "GET /xingrg/kc/buy/cgsh_order_operate.html?command=get_materiel&rest_code=00105&code=00101002027&supplier_code=00100397&order_time=2022-10-01 HTTP/1.1" 200 413
58.37.225.234 - - [01/Oct/2022:09:38:44 +0800] "POST /xingrg/dwr/call/plaincall/AjaxCheckService.deleteOrder.dwr HTTP/1.1" 200 78
58.37.225.234 - - [01/Oct/2022:09:38:44 +0800] "GET /xingrg/kc/buy/cgsh_order_operate.html?command=get_materiel&rest_code=00141&code=00101008199&supplier_code=00100007&order_time=2022-10-01 HTTP/1.1" 200 408
116.224.255.128 - - [01/Oct/2022:09:38:45 +0800] "GET /xingrg/check_reg.html?_=1664588242863 HTTP/1.1" 200 22
58.37.225.234 - - [01/Oct/2022:09:38:45 +0800] "GET /xingrg/kc/base/check_order_list.html HTTP/1.1" 200 16566
58.37.225.234 - - [01/Oct/2022:09:38:45 +0800] "POST /xingrg/kc/base/check_list_operate.html HTTP/1.1" 200 2238
116.224.255.128 - - [01/Oct/2022:09:38:45 +0800] "GET /xingrg/all/function/internal_message.html?_=1664588243555&CODE_STATE=getMsg HTTP/1.1" 200 27
116.230.114.213 - - [01/Oct/2022:09:38:46 +0800] "GET /xingrg/all/function/internal_message.html?_=1664588346454&CODE_STATE=getMsg HTTP/1.1" 200 27
222.70.183.206 - - [01/Oct/2022:09:38:46 +0800] "POST /xingrg/dwr/call/plaincall/AjaxCheckService.setItemNumber.dwr HTTP/1.1" 200 77
114.83.219.254 - - [01/Oct/2022:09:38:47 +0800] "GET /xingrg/all/function/internal_message.html?_=1664588326062&CODE_STATE=getMsg HTTP/1.1" 200 27
114.84.81.136 - - [01/Oct/2022:09:38:47 +0800] "GET /xingrg/all/function/internal_message.html?_=1664588336985&CODE_STATE=getMsg HTTP/1.1" 200 27
116.230.105.139 - - [01/Oct/2022:09:38:48 +0800] "GET /xingrg/kc/base/check_order_info.html?code=452022093000348 HTTP/1.1" 200 26486
116.230.105.139 - - [01/Oct/2022:09:38:48 +0800] "GET /xingrg/dwr/interface/AjaxComOrderService.js HTTP/1.1" 200 18264
116.230.105.139 - - [01/Oct/2022:09:38:48 +0800] "GET /xingrg/dwr/interface/AjaxCheckService.js HTTP/1.1" 200 14003
116.230.105.139 - - [01/Oct/2022:09:38:48 +0800] "GET /xingrg/dwr/engine.js HTTP/1.1" 200 43631
222.70.183.206 - - [01/Oct/2022:09:38:48 +0800] "POST /xingrg/dwr/call/plaincall/AjaxCheckService.setItemNumber.dwr HTTP/1.1" 200 77
116.230.105.139 - - [01/Oct/2022:09:38:49 +0800] "POST /xingrg/dwr/call/plaincall/AjaxCheckService.loadOrderItems.dwr HTTP/1.1" 200 131288
222.70.183.206 - - [01/Oct/2022:09:38:49 +0800] "POST /xingrg/dwr/call/plaincall/AjaxCheckService.setItemNumber.dwr HTTP/1.1" 200 77
124.79.246.218 - - [01/Oct/2022:09:38:50 +0800] "GET /xingrg/check_reg.html?_=1664588528691 HTTP/1.1" 200 22
124.79.246.218 - - [01/Oct/2022:09:38:50 +0800] "GET /xingrg/all/function/internal_message.html?_=1664588528692&CODE_STATE=getMsg HTTP/1.1" 200 27
222.70.183.206 - - [01/Oct/2022:09:38:50 +0800] "POST /xingrg/dwr/call/plaincall/AjaxCheckService.setItemNumber.dwr HTTP/1.1" 200 77
116.230.105.139 - - [01/Oct/2022:09:38:52 +0800] "POST /xingrg/dwr/call/plaincall/AjaxCheckService.setItemNumber.dwr HTTP/1.1" 200 76
58.37.225.234 - - [01/Oct/2022:09:38:53 +0800] "POST /xingrg/kc/base/check_list_operate.html HTTP/1.1" 200 5031
116.230.105.139 - - [01/Oct/2022:09:38:53 +0800] "POST /xingrg/dwr/call/plaincall/AjaxCheckService.setItemNumber.dwr HTTP/1.1" 200 76
116.230.114.213 - - [01/Oct/2022:09:38:54 +0800] "GET /xingrg/all/function/internal_message.html?_=1664588351064&CODE_STATE=getMsg HTTP/1.1" 302 -
116.230.105.139 - - [01/Oct/2022:09:38:54 +0800] "POST /xingrg/dwr/call/plaincall/AjaxCheckService.setItemNumber.dwr HTTP/1.1" 200 76
116.230.105.139 - - [01/Oct/2022:09:38:54 +0800] "POST /xingrg/dwr/call/plaincall/AjaxCheckService.setItemNumber.dwr HTTP/1.1" 200 76
116.230.105.139 - - [01/Oct/2022:09:38:55 +0800] "POST /xingrg/dwr/call/plaincall/AjaxCheckService.setItemNumber.dwr HTTP/1.1" 200 76
116.230.105.139 - - [01/Oct/2022:09:38:55 +0800] "POST /xingrg/dwr/call/plaincall/AjaxCheckService.setItemNumber.dwr HTTP/1.1" 200 76
222.70.183.206 - - [01/Oct/2022:09:38:55 +0800] "POST /xingrg/dwr/call/plaincall/AjaxCheckService.setItemNumber.dwr HTTP/1.1" 200 77
116.230.105.139 - - [01/Oct/2022:09:38:55 +0800] "POST /xingrg/dwr/call/plaincall/AjaxCheckService.setItemNumber.dwr HTTP/1.1" 200 76
116.230.105.139 - - [01/Oct/2022:09:38:56 +0800] "POST /xingrg/dwr/call/plaincall/AjaxCheckService.setItemNumber.dwr HTTP/1.1" 200 76
116.230.105.139 - - [01/Oct/2022:09:38:56 +0800] "POST /xingrg/dwr/call/plaincall/AjaxCheckService.setItemNumber.dwr HTTP/1.1" 200 76
222.70.183.206 - - [01/Oct/2022:09:38:56 +0800] "POST /xingrg/dwr/call/plaincall/AjaxCheckService.setItemNumber.dwr HTTP/1.1" 200 77
116.230.105.139 - - [01/Oct/2022:09:38:57 +0800] "POST /xingrg/dwr/call/plaincall/AjaxCheckService.setItemNumber.dwr HTTP/1.1" 200 77
58.37.225.234 - - [01/Oct/2022:09:38:57 +0800] "POST /xingrg/kc/base/check_list_operate.html HTTP/1.1" 200 2883
116.230.105.139 - - [01/Oct/2022:09:38:57 +0800] "POST /xingrg/dwr/call/plaincall/AjaxCheckService.setItemNumber.dwr HTTP/1.1" 200 77
222.70.183.206 - - [01/Oct/2022:09:38:57 +0800] "GET /xingrg/all/function/internal_message.html?_=1664588331959&CODE_STATE=getMsg HTTP/1.1" 200 27
222.70.183.206 - - [01/Oct/2022:09:38:57 +0800] "POST /xingrg/dwr/call/plaincall/AjaxCheckService.setItemNumber.dwr HTTP/1.1" 200 77
116.230.105.139 - - [01/Oct/2022:09:38:57 +0800] "POST /xingrg/dwr/call/plaincall/AjaxCheckService.setItemNumber.dwr HTTP/1.1" 200 77
116.230.105.139 - - [01/Oct/2022:09:38:58 +0800] "POST /xingrg/dwr/call/plaincall/AjaxCheckService.setItemNumber.dwr HTTP/1.1" 200 77
116.230.105.139 - - [01/Oct/2022:09:38:58 +0800] "POST /xingrg/dwr/call/plaincall/AjaxCheckService.setItemNumber.dwr HTTP/1.1" 200 77
222.70.183.206 - - [01/Oct/2022:09:38:58 +0800] "POST /xingrg/dwr/call/plaincall/AjaxCheckService.setItemNumber.dwr HTTP/1.1" 200 77
116.230.105.139 - - [01/Oct/2022:09:38:58 +0800] "POST /xingrg/dwr/call/plaincall/AjaxCheckService.setItemNumber.dwr HTTP/1.1" 200 77
116.230.105.139 - - [01/Oct/2022:09:38:59 +0800] "POST /xingrg/dwr/call/plaincall/AjaxCheckService.setItemNumber.dwr HTTP/1.1" 200 77
116.230.105.139 - - [01/Oct/2022:09:38:59 +0800] "POST /xingrg/dwr/call/plaincall/AjaxCheckService.setItemNumber.dwr HTTP/1.1" 200 77
222.70.183.206 - - [01/Oct/2022:09:39:00 +0800] "POST /xingrg/dwr/call/plaincall/AjaxCheckService.setItemNumber.dwr HTTP/1.1" 200 77
116.230.105.139 - - [01/Oct/2022:09:39:00 +0800] "POST /xingrg/dwr/call/plaincall/AjaxCheckService.setItemNumber.dwr HTTP/1.1" 200 77
116.225.121.189 - - [01/Oct/2022:09:39:00 +0800] "GET /xingrg/check_reg.html?_=1664588195266 HTTP/1.1" 200 22
116.230.105.139 - - [01/Oct/2022:09:39:00 +0800] "POST /xingrg/dwr/call/plaincall/AjaxCheckService.setItemNumber.dwr HTTP/1.1" 200 77
116.225.121.189 - - [01/Oct/2022:09:39:00 +0800] "GET /xingrg/all/function/internal_message.html?_=1664588195271&CODE_STATE=getMsg HTTP/1.1" 200 27
116.230.105.139 - - [01/Oct/2022:09:39:00 +0800] "POST /xingrg/dwr/call/plaincall/AjaxCheckService.setItemNumber.dwr HTTP/1.1" 200 77
116.230.105.139 - - [01/Oct/2022:09:39:01 +0800] "POST /xingrg/dwr/call/plaincall/AjaxCheckService.setItemNumber.dwr HTTP/1.1" 200 77
222.70.183.206 - - [01/Oct/2022:09:39:01 +0800] "POST /xingrg/dwr/call/plaincall/AjaxCheckService.setItemNumber.dwr HTTP/1.1" 200 77
116.230.105.139 - - [01/Oct/2022:09:39:01 +0800] "POST /xingrg/dwr/call/plaincall/AjaxCheckService.setItemNumber.dwr HTTP/1.1" 200 77
116.230.105.139 - - [01/Oct/2022:09:39:02 +0800] "POST /xingrg/dwr/call/plaincall/AjaxCheckService.setItemNumber.dwr HTTP/1.1" 200 77
116.230.105.139 - - [01/Oct/2022:09:39:02 +0800] "POST /xingrg/dwr/call/plaincall/AjaxCheckService.setItemNumber.dwr HTTP/1.1" 200 77
222.70.183.206 - - [01/Oct/2022:09:39:02 +0800] "POST /xingrg/dwr/call/plaincall/AjaxCheckService.setItemNumber.dwr HTTP/1.1" 200 77
222.70.183.206 - - [01/Oct/2022:09:39:04 +0800] "POST /xingrg/dwr/call/plaincall/AjaxCheckService.setItemNumber.dwr HTTP/1.1" 200 77
222.70.183.206 - - [01/Oct/2022:09:39:05 +0800] "POST /xingrg/dwr/call/plaincall/AjaxCheckService.setItemNumber.dwr HTTP/1.1" 200 77
116.230.105.139 - - [01/Oct/2022:09:39:06 +0800] "POST /xingrg/dwr/call/plaincall/AjaxCheckService.setItemNumber.dwr HTTP/1.1" 200 77
222.70.183.206 - - [01/Oct/2022:09:39:06 +0800] "POST /xingrg/dwr/call/plaincall/AjaxCheckService.setItemNumber.dwr HTTP/1.1" 200 77
58.37.225.234 - - [01/Oct/2022:09:39:06 +0800] "GET /xingrg/kc/buy/cgsh_order_operate.html?command=get_materiel&rest_code=00141&code=00101008126&supplier_code=00100007&order_time=2022-10-01 HTTP/1.1" 200 412
116.230.105.139 - - [01/Oct/2022:09:39:06 +0800] "POST /xingrg/dwr/call/plaincall/AjaxCheckService.setItemNumber.dwr HTTP/1.1" 200 77
116.230.105.139 - - [01/Oct/2022:09:39:07 +0800] "POST /xingrg/dwr/call/plaincall/AjaxCheckService.setItemNumber.dwr HTTP/1.1" 200 77
222.70.183.206 - - [01/Oct/2022:09:39:07 +0800] "POST /xingrg/dwr/call/plaincall/AjaxCheckService.setItemNumber.dwr HTTP/1.1" 200 77
222.70.183.206 - - [01/Oct/2022:09:39:08 +0800] "POST /xingrg/dwr/call/plaincall/AjaxCheckService.setItemNumber.dwr HTTP/1.1" 200 77
116.230.105.139 - - [01/Oct/2022:09:39:09 +0800] "POST /xingrg/dwr/call/plaincall/AjaxCheckService.setItemNumber.dwr HTTP/1.1" 200 77
222.70.183.206 - - [01/Oct/2022:09:39:10 +0800] "POST /xingrg/dwr/call/plaincall/AjaxCheckService.setItemNumber.dwr HTTP/1.1" 200 77
116.230.105.139 - - [01/Oct/2022:09:39:10 +0800] "POST /xingrg/dwr/call/plaincall/AjaxCheckService.setItemNumber.dwr HTTP/1.1" 200 77
116.230.105.139 - - [01/Oct/2022:09:39:10 +0800] "POST /xingrg/dwr/call/plaincall/AjaxCheckService.setItemNumber.dwr HTTP/1.1" 200 77
116.230.105.139 - - [01/Oct/2022:09:39:11 +0800] "POST /xingrg/dwr/call/plaincall/AjaxCheckService.setItemNumber.dwr HTTP/1.1" 200 77
116.230.105.139 - - [01/Oct/2022:09:39:11 +0800] "POST /xingrg/dwr/call/plaincall/AjaxCheckService.setItemNumber.dwr HTTP/1.1" 200 77
58.37.225.234 - - [01/Oct/2022:09:39:11 +0800] "GET /xingrg/all/function/internal_message.html?_=1664588348715&CODE_STATE=getMsg HTTP/1.1" 200 27
116.230.105.139 - - [01/Oct/2022:09:39:12 +0800] "POST /xingrg/dwr/call/plaincall/AjaxCheckService.setItemNumber.dwr HTTP/1.1" 200 77
116.230.105.139 - - [01/Oct/2022:09:39:12 +0800] "POST /xingrg/dwr/call/plaincall/AjaxCheckService.setItemNumber.dwr HTTP/1.1" 200 77
116.230.105.139 - - [01/Oct/2022:09:39:12 +0800] "POST /xingrg/dwr/call/plaincall/AjaxCheckService.setItemNumber.dwr HTTP/1.1" 200 77
116.230.105.139 - - [01/Oct/2022:09:39:13 +0800] "POST /xingrg/dwr/call/plaincall/AjaxCheckService.setItemNumber.dwr HTTP/1.1" 200 77
58.37.225.234 - - [01/Oct/2022:09:39:13 +0800] "GET /xingrg/check_reg.html?_=1664588350192 HTTP/1.1" 200 22
116.230.105.139 - - [01/Oct/2022:09:39:13 +0800] "POST /xingrg/dwr/call/plaincall/AjaxCheckService.setItemNumber.dwr HTTP/1.1" 200 77
116.230.105.139 - - [01/Oct/2022:09:39:13 +0800] "POST /xingrg/dwr/call/plaincall/AjaxCheckService.setItemNumber.dwr HTTP/1.1" 200 77
116.230.105.139 - - [01/Oct/2022:09:39:14 +0800] "POST /xingrg/dwr/call/plaincall/AjaxCheckService.setItemNumber.dwr HTTP/1.1" 200 77
221.239.141.151 - - [01/Oct/2022:09:39:14 +0800] "GET /xingrg/all/function/internal_message.html?_=1664588353700&CODE_STATE=getMsg HTTP/1.1" 200 27
221.239.141.151 - - [01/Oct/2022:09:39:14 +0800] "GET /xingrg/check_reg.html?_=1664588353702 HTTP/1.1" 200 22
116.230.105.139 - - [01/Oct/2022:09:39:14 +0800] "POST /xingrg/dwr/call/plaincall/AjaxCheckService.setItemNumber.dwr HTTP/1.1" 200 77
58.37.225.234 - - [01/Oct/2022:09:39:14 +0800] "GET /xingrg/kc/buy/cgsh_order_operate.html?command=get_materiel&rest_code=00141&code=00101008087&supplier_code=00100007&order_time=2022-10-01 HTTP/1.1" 200 412
116.230.105.139 - - [01/Oct/2022:09:39:15 +0800] "POST /xingrg/dwr/call/plaincall/AjaxCheckService.setItemNumber.dwr HTTP/1.1" 200 77
116.230.105.139 - - [01/Oct/2022:09:39:15 +0800] "POST /xingrg/dwr/call/plaincall/AjaxCheckService.setItemNumber.dwr HTTP/1.1" 200 77
116.230.105.139 - - [01/Oct/2022:09:39:15 +0800] "POST /xingrg/dwr/call/plaincall/AjaxCheckService.setItemNumber.dwr HTTP/1.1" 200 77
116.230.105.139 - - [01/Oct/2022:09:39:16 +0800] "POST /xingrg/dwr/call/plaincall/AjaxCheckService.setItemNumber.dwr HTTP/1.1" 200 77
116.230.105.139 - - [01/Oct/2022:09:39:16 +0800] "POST /xingrg/dwr/call/plaincall/AjaxCheckService.setItemNumber.dwr HTTP/1.1" 200 77
116.230.105.139 - - [01/Oct/2022:09:39:16 +0800] "POST /xingrg/dwr/call/plaincall/AjaxCheckService.setItemNumber.dwr HTTP/1.1" 200 77
222.70.183.206 - - [01/Oct/2022:09:39:16 +0800] "POST /xingrg/dwr/call/plaincall/AjaxCheckService.setItemNumber.dwr HTTP/1.1" 200 77
116.230.105.139 - - [01/Oct/2022:09:39:18 +0800] "POST /xingrg/dwr/call/plaincall/AjaxCheckService.setItemNumber.dwr HTTP/1.1" 200 77
116.230.105.139 - - [01/Oct/2022:09:39:18 +0800] "POST /xingrg/dwr/call/plaincall/AjaxCheckService.setItemNumber.dwr HTTP/1.1" 200 77
58.37.225.234 - - [01/Oct/2022:09:39:18 +0800] "POST /xingrg/kc/buy/cgsh_order_operate.html HTTP/1.1" 200 2065
