116.230.114.213 - - [01/Oct/2022:08:44:55 +0800] "POST /xingrg/dwr/call/plaincall/AjaxCheckService.setItemNumber.dwr HTTP/1.1" 200 77
116.224.255.128 - - [01/Oct/2022:08:44:55 +0800] "POST /xingrg/dwr/call/plaincall/AjaxCheckService.setItemNumber.dwr HTTP/1.1" 200 77
116.230.105.139 - - [01/Oct/2022:08:44:55 +0800] "GET /xingrg/all/function/internal_message.html?_=1664585081423&CODE_STATE=getMsg HTTP/1.1" 200 27
116.237.75.135 - - [01/Oct/2022:08:44:55 +0800] "POST /xingrg/kc/buy/cgsh_list_operate.html HTTP/1.1" 200 986
116.230.114.213 - - [01/Oct/2022:08:44:56 +0800] "POST /xingrg/dwr/call/plaincall/AjaxCheckService.setItemNumber.dwr HTTP/1.1" 200 77
116.230.114.213 - - [01/Oct/2022:08:44:56 +0800] "POST /xingrg/dwr/call/plaincall/AjaxCheckService.setItemNumber.dwr HTTP/1.1" 200 77
116.230.114.213 - - [01/Oct/2022:08:44:57 +0800] "POST /xingrg/dwr/call/plaincall/AjaxCheckService.setItemNumber.dwr HTTP/1.1" 200 77
116.230.114.213 - - [01/Oct/2022:08:44:58 +0800] "POST /xingrg/dwr/call/plaincall/AjaxCheckService.setItemNumber.dwr HTTP/1.1" 200 77
116.224.255.128 - - [01/Oct/2022:08:44:58 +0800] "POST /xingrg/dwr/call/plaincall/AjaxCheckService.setItemNumber.dwr HTTP/1.1" 200 77
116.237.75.135 - - [01/Oct/2022:08:44:58 +0800] "GET /xingrg/kc/buy/cgsh_order_add.html HTTP/1.1" 200 68899
116.237.75.135 - - [01/Oct/2022:08:44:58 +0800] "GET /xingrg/words/20220930131040_words.js HTTP/1.1" 304 -
116.237.75.135 - - [01/Oct/2022:08:44:59 +0800] "POST /xingrg/kc/buy/cgsh_order_operate.html HTTP/1.1" 200 8245
116.237.75.135 - - [01/Oct/2022:08:44:59 +0800] "GET /xingrg/javascript/easyui/themes/default/validatebox.css HTTP/1.1" 404 1104
116.237.75.135 - - [01/Oct/2022:08:44:59 +0800] "GET /xingrg/all/common/auto_word.html?type=employee&rest_code=00106 HTTP/1.1" 200 205
116.237.75.135 - - [01/Oct/2022:08:44:59 +0800] "GET /xingrg/all/common/auto_word.html?type=employee&rest_code=00106 HTTP/1.1" 200 205
116.230.114.213 - - [01/Oct/2022:08:44:59 +0800] "POST /xingrg/dwr/call/plaincall/AjaxCheckService.setItemNumber.dwr HTTP/1.1" 200 77
116.237.75.135 - - [01/Oct/2022:08:45:00 +0800] "GET /xingrg/javascript/easyui/themes/default/tree.css HTTP/1.1" 404 1090
116.224.255.128 - - [01/Oct/2022:08:45:01 +0800] "POST /xingrg/dwr/call/plaincall/AjaxCheckService.setItemNumber.dwr HTTP/1.1" 200 77
116.237.75.135 - - [01/Oct/2022:08:45:02 +0800] "POST /xingrg/all/common/load_tree.html?tree=supplier_tree_json&isDelete=1 HTTP/1.1" 200 68920
116.224.255.128 - - [01/Oct/2022:08:45:02 +0800] "POST /xingrg/dwr/call/plaincall/AjaxCheckService.setItemNumber.dwr HTTP/1.1" 200 77
116.230.105.139 - - [01/Oct/2022:08:45:02 +0800] "GET /xingrg/kc/buy/cgsh_order_operate.html?command=get_materiel&rest_code=00155&code=00101008005&supplier_code=00100005&order_time=2022-10-01 HTTP/1.1" 200 412
116.230.114.213 - - [01/Oct/2022:08:45:05 +0800] "POST /xingrg/dwr/call/plaincall/AjaxCheckService.setItemNumber.dwr HTTP/1.1" 200 77
116.230.114.213 - - [01/Oct/2022:08:45:08 +0800] "POST /xingrg/dwr/call/plaincall/AjaxCheckService.setItemNumber.dwr HTTP/1.1" 200 77
116.230.114.213 - - [01/Oct/2022:08:45:08 +0800] "POST /xingrg/dwr/call/plaincall/AjaxCheckService.setItemNumber.dwr HTTP/1.1" 200 77
116.230.105.139 - - [01/Oct/2022:08:45:09 +0800] "GET /xingrg/kc/buy/cgsh_order_operate.html?command=get_materiel&rest_code=00155&code=00101008256&supplier_code=00100005&order_time=2022-10-01 HTTP/1.1" 200 413
116.230.114.213 - - [01/Oct/2022:08:45:09 +0800] "POST /xingrg/dwr/call/plaincall/AjaxCheckService.setItemNumber.dwr HTTP/1.1" 200 77
116.230.114.213 - - [01/Oct/2022:08:45:10 +0800] "POST /xingrg/dwr/call/plaincall/AjaxCheckService.setItemNumber.dwr HTTP/1.1" 200 77
116.224.255.128 - - [01/Oct/2022:08:45:12 +0800] "GET /xingrg/check_reg.html?_=1664585030621 HTTP/1.1" 200 22
58.37.225.234 - - [01/Oct/2022:08:45:13 +0800] "GET /xingrg/all/function/internal_message.html?_=1664585109827&CODE_STATE=getMsg HTTP/1.1" 200 27
116.224.255.128 - - [01/Oct/2022:08:45:13 +0800] "GET /xingrg/all/function/internal_message.html?_=1664585031089&CODE_STATE=getMsg HTTP/1.1" 200 27
116.230.114.213 - - [01/Oct/2022:08:45:14 +0800] "POST /xingrg/dwr/call/plaincall/AjaxCheckService.setItemNumber.dwr HTTP/1.1" 200 77
116.230.105.139 - - [01/Oct/2022:08:45:19 +0800] "GET /xingrg/kc/buy/cgsh_order_operate.html?command=get_materiel&rest_code=00155&code=00101008027&supplier_code=00100005&order_time=2022-10-01 HTTP/1.1" 200 409
120.253.135.82 - - [01/Oct/2022:08:45:20 +0800] "GET /xingrg/all/function/internal_message.html?_=1664584918113&CODE_STATE=getMsg HTTP/1.1" 200 27
116.237.75.135 - - [01/Oct/2022:08:45:23 +0800] "GET /xingrg/javascript/auto/indicator.gif HTTP/1.1" 404 1066
116.230.114.213 - - [01/Oct/2022:08:45:26 +0800] "POST /xingrg/dwr/call/plaincall/AjaxCheckService.setItemNumber.dwr HTTP/1.1" 200 77
116.230.105.139 - - [01/Oct/2022:08:45:27 +0800] "GET /xingrg/kc/buy/cgsh_order_operate.html?command=get_materiel&rest_code=00155&code=00101008132&supplier_code=00100005&order_time=2022-10-01 HTTP/1.1" 200 408
116.230.114.213 - - [01/Oct/2022:08:45:28 +0800] "POST /xingrg/dwr/call/plaincall/AjaxCheckService.setItemNumber.dwr HTTP/1.1" 200 77
116.224.255.128 - - [01/Oct/2022:08:45:29 +0800] "POST /xingrg/dwr/call/plaincall/AjaxCheckService.setItemNumber.dwr HTTP/1.1" 200 77
116.237.75.135 - - [01/Oct/2022:08:45:29 +0800] "GET /xingrg/kc/buy/cgsh_order_operate.html?command=get_materiel&rest_code=00106&code=00101016094&supplier_code=00100028&order_time=2022-10-01 HTTP/1.1" 200 468
116.230.114.213 - - [01/Oct/2022:08:45:30 +0800] "POST /xingrg/dwr/call/plaincall/AjaxCheckService.setItemNumber.dwr HTTP/1.1" 200 77
116.230.114.213 - - [01/Oct/2022:08:45:31 +0800] "POST /xingrg/dwr/call/plaincall/AjaxCheckService.setItemNumber.dwr HTTP/1.1" 200 77
116.230.114.213 - - [01/Oct/2022:08:45:32 +0800] "POST /xingrg/dwr/call/plaincall/AjaxCheckService.setItemNumber.dwr HTTP/1.1" 200 77
116.230.114.213 - - [01/Oct/2022:08:45:33 +0800] "POST /xingrg/dwr/call/plaincall/AjaxCheckService.setItemNumber.dwr HTTP/1.1" 200 77
116.224.255.128 - - [01/Oct/2022:08:45:33 +0800] "POST /xingrg/dwr/call/plaincall/AjaxCheckService.setItemNumber.dwr HTTP/1.1" 200 77
116.230.114.213 - - [01/Oct/2022:08:45:34 +0800] "POST /xingrg/dwr/call/plaincall/AjaxCheckService.setItemNumber.dwr HTTP/1.1" 200 77
116.230.114.213 - - [01/Oct/2022:08:45:35 +0800] "POST /xingrg/dwr/call/plaincall/AjaxCheckService.setItemNumber.dwr HTTP/1.1" 200 77
116.230.105.139 - - [01/Oct/2022:08:45:35 +0800] "GET /xingrg/kc/buy/cgsh_order_operate.html?command=get_materiel&rest_code=00155&code=00101008349&supplier_code=00100005&order_time=2022-10-01 HTTP/1.1" 200 412
116.237.75.135 - - [01/Oct/2022:08:45:35 +0800] "POST /xingrg/all/common/load_select.html HTTP/1.1" 200 25
116.230.114.213 - - [01/Oct/2022:08:45:35 +0800] "POST /xingrg/dwr/call/plaincall/AjaxCheckService.setItemNumber.dwr HTTP/1.1" 200 77
116.224.255.128 - - [01/Oct/2022:08:45:35 +0800] "POST /xingrg/dwr/call/plaincall/AjaxCheckService.setItemNumber.dwr HTTP/1.1" 200 77
116.230.114.213 - - [01/Oct/2022:08:45:37 +0800] "POST /xingrg/dwr/call/plaincall/AjaxCheckService.setItemNumber.dwr HTTP/1.1" 200 77
116.230.114.213 - - [01/Oct/2022:08:45:38 +0800] "POST /xingrg/dwr/call/plaincall/AjaxCheckService.setItemNumber.dwr HTTP/1.1" 200 77
116.224.255.128 - - [01/Oct/2022:08:45:38 +0800] "POST /xingrg/dwr/call/plaincall/AjaxCheckService.setItemNumber.dwr HTTP/1.1" 200 77
116.230.114.213 - - [01/Oct/2022:08:45:39 +0800] "POST /xingrg/dwr/call/plaincall/AjaxCheckService.setItemNumber.dwr HTTP/1.1" 200 77
116.237.75.135 - - [01/Oct/2022:08:45:40 +0800] "GET /xingrg/kc/buy/cgsh_order_operate.html?command=get_materiel_price&rest_code=00106&code=00101016094&unit_code=00100160&supplier_code=00100028&order_time=2022-10-01 HTTP/1.1" 200 29
116.230.114.213 - - [01/Oct/2022:08:45:41 +0800] "POST /xingrg/dwr/call/plaincall/AjaxCheckService.setItemNumber.dwr HTTP/1.1" 200 77
116.224.255.128 - - [01/Oct/2022:08:45:41 +0800] "POST /xingrg/dwr/call/plaincall/AjaxCheckService.setItemNumber.dwr HTTP/1.1" 200 77
116.230.105.139 - - [01/Oct/2022:08:45:42 +0800] "GET /xingrg/kc/buy/cgsh_order_operate.html?command=get_materiel&rest_code=00155&code=00101008049&supplier_code=00100005&order_time=2022-10-01 HTTP/1.1" 200 408
116.230.114.213 - - [01/Oct/2022:08:45:43 +0800] "GET /xingrg/check_reg.html?_=1664585159795 HTTP/1.1" 302 -
116.224.255.128 - - [01/Oct/2022:08:45:43 +0800] "POST /xingrg/dwr/call/plaincall/AjaxCheckService.setItemNumber.dwr HTTP/1.1" 200 77
116.230.114.213 - - [01/Oct/2022:08:45:44 +0800] "POST /xingrg/dwr/call/plaincall/AjaxCheckService.setItemNumber.dwr HTTP/1.1" 200 77
116.224.255.128 - - [01/Oct/2022:08:45:44 +0800] "POST /xingrg/dwr/call/plaincall/AjaxCheckService.setItemNumber.dwr HTTP/1.1" 200 77
116.230.114.213 - - [01/Oct/2022:08:45:44 +0800] "GET /xingrg/all/function/internal_message.html?_=1664585164991&CODE_STATE=getMsg HTTP/1.1" 200 27
116.230.114.213 - - [01/Oct/2022:08:45:45 +0800] "POST /xingrg/dwr/call/plaincall/AjaxCheckService.setItemNumber.dwr HTTP/1.1" 200 77
116.230.114.213 - - [01/Oct/2022:08:45:45 +0800] "POST /xingrg/dwr/call/plaincall/AjaxCheckService.setItemNumber.dwr HTTP/1.1" 200 77
116.224.255.128 - - [01/Oct/2022:08:45:46 +0800] "POST /xingrg/dwr/call/plaincall/AjaxCheckService.setItemNumber.dwr HTTP/1.1" 200 77
116.230.114.213 - - [01/Oct/2022:08:45:47 +0800] "POST /xingrg/dwr/call/plaincall/AjaxCheckService.setItemNumber.dwr HTTP/1.1" 200 77
116.230.114.213 - - [01/Oct/2022:08:45:48 +0800] "POST /xingrg/dwr/call/plaincall/AjaxCheckService.setItemNumber.dwr HTTP/1.1" 200 77
116.237.75.135 - - [01/Oct/2022:08:45:48 +0800] "GET /xingrg/all/function/internal_message.html?_=1664585148966&CODE_STATE=getMsg HTTP/1.1" 200 27
116.230.114.213 - - [01/Oct/2022:08:45:49 +0800] "POST /xingrg/dwr/call/plaincall/AjaxCheckService.setItemNumber.dwr HTTP/1.1" 200 77
116.230.114.213 - - [01/Oct/2022:08:45:50 +0800] "POST /xingrg/dwr/call/plaincall/AjaxCheckService.setItemNumber.dwr HTTP/1.1" 200 77
116.230.105.139 - - [01/Oct/2022:08:45:50 +0800] "GET /xingrg/kc/buy/cgsh_order_operate.html?command=get_materiel&rest_code=00155&code=00101008354&supplier_code=00100005&order_time=2022-10-01 HTTP/1.1" 200 412
116.230.114.213 - - [01/Oct/2022:08:45:51 +0800] "POST /xingrg/dwr/call/plaincall/AjaxCheckService.setItemNumber.dwr HTTP/1.1" 200 77
116.230.114.213 - - [01/Oct/2022:08:45:53 +0800] "GET /xingrg/all/function/internal_message.html?_=1664585170350&CODE_STATE=getMsg HTTP/1.1" 302 -
116.230.105.139 - - [01/Oct/2022:08:45:55 +0800] "GET /xingrg/all/function/internal_message.html?_=1664585141411&CODE_STATE=getMsg HTTP/1.1" 200 27
116.230.105.139 - - [01/Oct/2022:08:45:59 +0800] "GET /xingrg/kc/buy/cgsh_order_operate.html?command=get_materiel&rest_code=00155&code=00101008010&supplier_code=00100005&order_time=2022-10-01 HTTP/1.1" 200 412
116.224.255.128 - - [01/Oct/2022:08:46:01 +0800] "POST /xingrg/dwr/call/plaincall/AjaxCheckService.checkOrder.dwr HTTP/1.1" 200 79
116.230.114.213 - - [01/Oct/2022:08:46:01 +0800] "POST /xingrg/dwr/call/plaincall/AjaxCheckService.setItemNumber.dwr HTTP/1.1" 200 77
116.230.114.213 - - [01/Oct/2022:08:46:01 +0800] "POST /xingrg/dwr/call/plaincall/AjaxCheckService.setItemNumber.dwr HTTP/1.1" 200 77
116.230.114.213 - - [01/Oct/2022:08:46:01 +0800] "POST /xingrg/dwr/call/plaincall/AjaxCheckService.setItemNumber.dwr HTTP/1.1" 200 77
116.230.114.213 - - [01/Oct/2022:08:46:01 +0800] "POST /xingrg/dwr/call/plaincall/AjaxCheckService.setItemNumber.dwr HTTP/1.1" 200 77
116.230.114.213 - - [01/Oct/2022:08:46:01 +0800] "POST /xingrg/dwr/call/plaincall/AjaxCheckService.setItemNumber.dwr HTTP/1.1" 200 77
116.230.114.213 - - [01/Oct/2022:08:46:01 +0800] "POST /xingrg/dwr/call/plaincall/AjaxCheckService.setItemNumber.dwr HTTP/1.1" 200 77
116.224.255.128 - - [01/Oct/2022:08:46:02 +0800] "GET /xingrg/kc/base/check_order_info.html?code=452022093000306 HTTP/1.1" 200 22872
116.224.255.128 - - [01/Oct/2022:08:46:02 +0800] "GET /xingrg/dwr/engine.js HTTP/1.1" 200 43631
116.224.255.128 - - [01/Oct/2022:08:46:02 +0800] "GET /xingrg/dwr/interface/AjaxComOrderService.js HTTP/1.1" 200 18264
116.224.255.128 - - [01/Oct/2022:08:46:02 +0800] "GET /xingrg/dwr/interface/AjaxCheckService.js HTTP/1.1" 200 14003
116.224.255.128 - - [01/Oct/2022:08:46:04 +0800] "POST /xingrg/dwr/call/plaincall/AjaxCheckService.loadOrderItems.dwr HTTP/1.1" 200 14586
116.230.114.213 - - [01/Oct/2022:08:46:04 +0800] "POST /xingrg/dwr/call/plaincall/AjaxCheckService.setItemNumber.dwr HTTP/1.1" 200 77
116.230.105.139 - - [01/Oct/2022:08:46:05 +0800] "GET /xingrg/kc/buy/cgsh_order_operate.html?command=get_materiel&rest_code=00155&code=00101008646&supplier_code=00100005&order_time=2022-10-01 HTTP/1.1" 200 413
116.230.114.213 - - [01/Oct/2022:08:46:05 +0800] "POST /xingrg/dwr/call/plaincall/AjaxCheckService.setItemNumber.dwr HTTP/1.1" 200 77
116.230.114.213 - - [01/Oct/2022:08:46:06 +0800] "POST /xingrg/dwr/call/plaincall/AjaxCheckService.setItemNumber.dwr HTTP/1.1" 200 77
116.230.114.213 - - [01/Oct/2022:08:46:09 +0800] "POST /xingrg/dwr/call/plaincall/AjaxCheckService.setItemNumber.dwr HTTP/1.1" 200 77
116.230.114.213 - - [01/Oct/2022:08:46:09 +0800] "POST /xingrg/dwr/call/plaincall/AjaxCheckService.setItemNumber.dwr HTTP/1.1" 200 77
116.230.114.213 - - [01/Oct/2022:08:46:10 +0800] "POST /xingrg/dwr/call/plaincall/AjaxCheckService.setItemNumber.dwr HTTP/1.1" 200 77
116.230.105.139 - - [01/Oct/2022:08:46:11 +0800] "GET /xingrg/kc/buy/cgsh_order_operate.html?command=get_materiel&rest_code=00155&code=00101008096&supplier_code=00100005&order_time=2022-10-01 HTTP/1.1" 200 412
116.230.114.213 - - [01/Oct/2022:08:46:11 +0800] "POST /xingrg/dwr/call/plaincall/AjaxCheckService.setItemNumber.dwr HTTP/1.1" 200 77
116.230.114.213 - - [01/Oct/2022:08:46:12 +0800] "POST /xingrg/dwr/call/plaincall/AjaxCheckService.setItemNumber.dwr HTTP/1.1" 200 77
58.37.225.234 - - [01/Oct/2022:08:46:13 +0800] "GET /xingrg/all/function/internal_message.html?_=1664585169835&CODE_STATE=getMsg HTTP/1.1" 200 27
116.224.255.128 - - [01/Oct/2022:08:46:13 +0800] "GET /xingrg/all/function/internal_message.html?_=1664585091103&CODE_STATE=getMsg HTTP/1.1" 200 27
116.230.114.213 - - [01/Oct/2022:08:46:14 +0800] "POST /xingrg/dwr/call/plaincall/AjaxCheckService.setItemNumber.dwr HTTP/1.1" 200 77
116.230.114.213 - - [01/Oct/2022:08:46:15 +0800] "POST /xingrg/dwr/call/plaincall/AjaxCheckService.setItemNumber.dwr HTTP/1.1" 200 77
116.230.114.213 - - [01/Oct/2022:08:46:17 +0800] "POST /xingrg/dwr/call/plaincall/AjaxCheckService.setItemNumber.dwr HTTP/1.1" 200 77
116.230.114.213 - - [01/Oct/2022:08:46:17 +0800] "POST /xingrg/dwr/call/plaincall/AjaxCheckService.setItemNumber.dwr HTTP/1.1" 200 77
116.230.105.139 - - [01/Oct/2022:08:46:17 +0800] "GET /xingrg/kc/buy/cgsh_order_operate.html?command=get_materiel&rest_code=00155&code=00101008290&supplier_code=00100005&order_time=2022-10-01 HTTP/1.1" 200 416
116.230.114.213 - - [01/Oct/2022:08:46:18 +0800] "POST /xingrg/dwr/call/plaincall/AjaxCheckService.setItemNumber.dwr HTTP/1.1" 200 77
116.230.114.213 - - [01/Oct/2022:08:46:19 +0800] "POST /xingrg/dwr/call/plaincall/AjaxCheckService.setItemNumber.dwr HTTP/1.1" 200 77
116.230.114.213 - - [01/Oct/2022:08:46:20 +0800] "POST /xingrg/dwr/call/plaincall/AjaxCheckService.setItemNumber.dwr HTTP/1.1" 200 77
120.253.135.82 - - [01/Oct/2022:08:46:21 +0800] "GET /xingrg/all/function/internal_message.html?_=1664584978199&CODE_STATE=getMsg HTTP/1.1" 200 27
116.230.114.213 - - [01/Oct/2022:08:46:21 +0800] "POST /xingrg/dwr/call/plaincall/AjaxCheckService.setItemNumber.dwr HTTP/1.1" 200 77
116.224.255.128 - - [01/Oct/2022:08:46:22 +0800] "POST /xingrg/kc/buy/cgsh_list_operate.html HTTP/1.1" 200 986
116.230.114.213 - - [01/Oct/2022:08:46:23 +0800] "POST /xingrg/dwr/call/plaincall/AjaxCheckService.setItemNumber.dwr HTTP/1.1" 200 77
116.230.105.139 - - [01/Oct/2022:08:46:24 +0800] "GET /xingrg/kc/buy/cgsh_order_operate.html?command=get_materiel&rest_code=00155&code=00101008361&supplier_code=00100005&order_time=2022-10-01 HTTP/1.1" 200 408
116.230.114.213 - - [01/Oct/2022:08:46:24 +0800] "POST /xingrg/dwr/call/plaincall/AjaxCheckService.setItemNumber.dwr HTTP/1.1" 200 77
116.230.114.213 - - [01/Oct/2022:08:46:25 +0800] "POST /xingrg/dwr/call/plaincall/AjaxCheckService.setItemNumber.dwr HTTP/1.1" 200 78
116.237.75.135 - - [01/Oct/2022:08:46:25 +0800] "GET /xingrg/kc/buy/cgsh_order_operate.html?command=get_materiel&rest_code=00106&code=00101016034&supplier_code=00100028&order_time=2022-10-01 HTTP/1.1" 200 437
116.230.114.213 - - [01/Oct/2022:08:46:26 +0800] "POST /xingrg/dwr/call/plaincall/AjaxCheckService.setItemNumber.dwr HTTP/1.1" 200 78
116.230.114.213 - - [01/Oct/2022:08:46:27 +0800] "POST /xingrg/dwr/call/plaincall/AjaxCheckService.setItemNumber.dwr HTTP/1.1" 200 78
116.230.114.213 - - [01/Oct/2022:08:46:28 +0800] "POST /xingrg/dwr/call/plaincall/AjaxCheckService.setItemNumber.dwr HTTP/1.1" 200 78
116.230.114.213 - - [01/Oct/2022:08:46:30 +0800] "POST /xingrg/dwr/call/plaincall/AjaxCheckService.setItemNumber.dwr HTTP/1.1" 200 78
116.230.114.213 - - [01/Oct/2022:08:46:32 +0800] "POST /xingrg/dwr/call/plaincall/AjaxCheckService.setItemNumber.dwr HTTP/1.1" 200 78
116.230.114.213 - - [01/Oct/2022:08:46:34 +0800] "POST /xingrg/dwr/call/plaincall/AjaxCheckService.setItemNumber.dwr HTTP/1.1" 200 78
116.230.114.213 - - [01/Oct/2022:08:46:36 +0800] "POST /xingrg/dwr/call/plaincall/AjaxCheckService.setItemNumber.dwr HTTP/1.1" 200 78
116.230.114.213 - - [01/Oct/2022:08:46:37 +0800] "POST /xingrg/dwr/call/plaincall/AjaxCheckService.setItemNumber.dwr HTTP/1.1" 200 78
116.230.114.213 - - [01/Oct/2022:08:46:38 +0800] "POST /xingrg/dwr/call/plaincall/AjaxCheckService.setItemNumber.dwr HTTP/1.1" 200 78
116.230.114.213 - - [01/Oct/2022:08:46:44 +0800] "GET /xingrg/all/function/internal_message.html?_=1664585224999&CODE_STATE=getMsg HTTP/1.1" 200 27
116.230.105.139 - - [01/Oct/2022:08:46:45 +0800] "GET /xingrg/kc/buy/cgsh_order_operate.html?command=get_materiel&rest_code=00155&code=00101008355&supplier_code=00100005&order_time=2022-10-01 HTTP/1.1" 200 408
116.230.105.139 - - [01/Oct/2022:08:46:47 +0800] "POST /xingrg/kc/buy/cgsh_order_operate.html HTTP/1.1" 200 2065
116.237.75.135 - - [01/Oct/2022:08:46:48 +0800] "GET /xingrg/kc/buy/cgsh_order_operate.html?command=get_materiel&rest_code=00106&code=00101016037&supplier_code=00100028&order_time=2022-10-01 HTTP/1.1" 200 432
116.237.75.135 - - [01/Oct/2022:08:46:48 +0800] "GET /xingrg/all/function/internal_message.html?_=1664585208970&CODE_STATE=getMsg HTTP/1.1" 200 27
116.230.105.139 - - [01/Oct/2022:08:46:52 +0800] "GET /xingrg/kc/buy/cgsh_order_operate.html?command=get_materiel&rest_code=00155&code=00101008264&supplier_code=00100005&order_time=2022-10-01 HTTP/1.1" 200 412
116.230.114.213 - - [01/Oct/2022:08:46:53 +0800] "GET /xingrg/all/function/internal_message.html?_=1664585230357&CODE_STATE=getMsg HTTP/1.1" 302 -
116.230.105.139 - - [01/Oct/2022:08:46:55 +0800] "GET /xingrg/all/function/internal_message.html?_=1664585201418&CODE_STATE=getMsg HTTP/1.1" 200 27
116.230.105.139 - - [01/Oct/2022:08:47:00 +0800] "GET /xingrg/kc/buy/cgsh_order_operate.html?command=get_materiel&rest_code=00155&code=00101008238&supplier_code=00100005&order_time=2022-10-01 HTTP/1.1" 200 416
116.230.114.213 - - [01/Oct/2022:08:47:02 +0800] "POST /xingrg/dwr/call/plaincall/AjaxCheckService.setItemNumber.dwr HTTP/1.1" 200 78
116.230.114.213 - - [01/Oct/2022:08:47:06 +0800] "POST /xingrg/dwr/call/plaincall/AjaxCheckService.setItemNumber.dwr HTTP/1.1" 200 78
116.230.105.139 - - [01/Oct/2022:08:47:06 +0800] "GET /xingrg/kc/buy/cgsh_order_operate.html?command=get_materiel&rest_code=00155&code=00101008356&supplier_code=00100005&order_time=2022-10-01 HTTP/1.1" 200 409
116.230.114.213 - - [01/Oct/2022:08:47:07 +0800] "POST /xingrg/dwr/call/plaincall/AjaxCheckService.setItemNumber.dwr HTTP/1.1" 200 78
116.230.114.213 - - [01/Oct/2022:08:47:08 +0800] "POST /xingrg/dwr/call/plaincall/AjaxCheckService.setItemNumber.dwr HTTP/1.1" 200 78
116.230.114.213 - - [01/Oct/2022:08:47:09 +0800] "POST /xingrg/dwr/call/plaincall/AjaxCheckService.setItemNumber.dwr HTTP/1.1" 200 78
116.230.114.213 - - [01/Oct/2022:08:47:11 +0800] "POST /xingrg/dwr/call/plaincall/AjaxCheckService.setItemNumber.dwr HTTP/1.1" 200 78
116.230.114.213 - - [01/Oct/2022:08:47:12 +0800] "POST /xingrg/dwr/call/plaincall/AjaxCheckService.setItemNumber.dwr HTTP/1.1" 200 78
58.37.225.234 - - [01/Oct/2022:08:47:13 +0800] "GET /xingrg/all/function/internal_message.html?_=1664585229813&CODE_STATE=getMsg HTTP/1.1" 200 27
116.224.255.128 - - [01/Oct/2022:08:47:13 +0800] "GET /xingrg/all/function/internal_message.html?_=1664585151175&CODE_STATE=getMsg HTTP/1.1" 200 27
116.230.114.213 - - [01/Oct/2022:08:47:14 +0800] "POST /xingrg/dwr/call/plaincall/AjaxCheckService.setItemNumber.dwr HTTP/1.1" 200 78
116.230.105.139 - - [01/Oct/2022:08:47:14 +0800] "GET /xingrg/kc/buy/cgsh_order_operate.html?command=get_materiel&rest_code=00155&code=00101008300&supplier_code=00100005&order_time=2022-10-01 HTTP/1.1" 200 412
116.230.114.213 - - [01/Oct/2022:08:47:15 +0800] "POST /xingrg/dwr/call/plaincall/AjaxCheckService.setItemNumber.dwr HTTP/1.1" 200 78
116.230.114.213 - - [01/Oct/2022:08:47:16 +0800] "POST /xingrg/dwr/call/plaincall/AjaxCheckService.setItemNumber.dwr HTTP/1.1" 200 78
116.230.114.213 - - [01/Oct/2022:08:47:18 +0800] "POST /xingrg/dwr/call/plaincall/AjaxCheckService.setItemNumber.dwr HTTP/1.1" 200 78
116.230.114.213 - - [01/Oct/2022:08:47:20 +0800] "POST /xingrg/dwr/call/plaincall/AjaxCheckService.setItemNumber.dwr HTTP/1.1" 200 78
120.253.135.82 - - [01/Oct/2022:08:47:21 +0800] "GET /xingrg/all/function/internal_message.html?_=1664585038202&CODE_STATE=getMsg HTTP/1.1" 200 27
116.230.105.139 - - [01/Oct/2022:08:47:22 +0800] "GET /xingrg/kc/buy/cgsh_order_operate.html?command=get_materiel&rest_code=00155&code=00101008272&supplier_code=00100005&order_time=2022-10-01 HTTP/1.1" 200 413
116.230.114.213 - - [01/Oct/2022:08:47:22 +0800] "POST /xingrg/dwr/call/plaincall/AjaxCheckService.setItemNumber.dwr HTTP/1.1" 200 78
116.230.114.213 - - [01/Oct/2022:08:47:23 +0800] "POST /xingrg/dwr/call/plaincall/AjaxCheckService.setItemNumber.dwr HTTP/1.1" 200 78
116.230.105.139 - - [01/Oct/2022:08:47:23 +0800] "POST /xingrg/kc/buy/cgsh_order_operate.html HTTP/1.1" 200 2065
116.230.114.213 - - [01/Oct/2022:08:47:25 +0800] "POST /xingrg/dwr/call/plaincall/AjaxCheckService.setItemNumber.dwr HTTP/1.1" 200 78
116.230.114.213 - - [01/Oct/2022:08:47:25 +0800] "POST /xingrg/dwr/call/plaincall/AjaxCheckService.setItemNumber.dwr HTTP/1.1" 200 78
116.230.114.213 - - [01/Oct/2022:08:47:26 +0800] "POST /xingrg/dwr/call/plaincall/AjaxCheckService.setItemNumber.dwr HTTP/1.1" 200 78
116.230.114.213 - - [01/Oct/2022:08:47:27 +0800] "POST /xingrg/dwr/call/plaincall/AjaxCheckService.setItemNumber.dwr HTTP/1.1" 200 78
116.230.114.213 - - [01/Oct/2022:08:47:28 +0800] "POST /xingrg/dwr/call/plaincall/AjaxCheckService.setItemNumber.dwr HTTP/1.1" 200 78
116.230.105.139 - - [01/Oct/2022:08:47:29 +0800] "GET /xingrg/kc/buy/cgsh_order_operate.html?command=get_materiel&rest_code=00155&code=00101008360&supplier_code=00100005&order_time=2022-10-01 HTTP/1.1" 200 412
116.230.114.213 - - [01/Oct/2022:08:47:30 +0800] "POST /xingrg/dwr/call/plaincall/AjaxCheckService.setItemNumber.dwr HTTP/1.1" 200 78
116.230.114.213 - - [01/Oct/2022:08:47:31 +0800] "POST /xingrg/dwr/call/plaincall/AjaxCheckService.setItemNumber.dwr HTTP/1.1" 200 78
116.230.114.213 - - [01/Oct/2022:08:47:31 +0800] "GET /xingrg/check_reg.html?_=1664585272000 HTTP/1.1" 200 22
116.230.114.213 - - [01/Oct/2022:08:47:33 +0800] "POST /xingrg/dwr/call/plaincall/AjaxCheckService.setItemNumber.dwr HTTP/1.1" 200 78
116.230.114.213 - - [01/Oct/2022:08:47:34 +0800] "POST /xingrg/dwr/call/plaincall/AjaxCheckService.setItemNumber.dwr HTTP/1.1" 200 78
116.230.114.213 - - [01/Oct/2022:08:47:34 +0800] "POST /xingrg/dwr/call/plaincall/AjaxCheckService.setItemNumber.dwr HTTP/1.1" 200 78
116.230.114.213 - - [01/Oct/2022:08:47:36 +0800] "POST /xingrg/dwr/call/plaincall/AjaxCheckService.setItemNumber.dwr HTTP/1.1" 200 78
116.230.114.213 - - [01/Oct/2022:08:47:36 +0800] "POST /xingrg/dwr/call/plaincall/AjaxCheckService.setItemNumber.dwr HTTP/1.1" 200 78
116.230.105.139 - - [01/Oct/2022:08:47:36 +0800] "GET /xingrg/kc/buy/cgsh_order_operate.html?command=get_materiel&rest_code=00155&code=00101008196&supplier_code=00100005&order_time=2022-10-01 HTTP/1.1" 200 416
116.230.114.213 - - [01/Oct/2022:08:47:38 +0800] "POST /xingrg/dwr/call/plaincall/AjaxCheckService.setItemNumber.dwr HTTP/1.1" 200 78
116.230.114.213 - - [01/Oct/2022:08:47:40 +0800] "POST /xingrg/dwr/call/plaincall/AjaxCheckService.setItemNumber.dwr HTTP/1.1" 200 78
116.230.114.213 - - [01/Oct/2022:08:47:41 +0800] "POST /xingrg/dwr/call/plaincall/AjaxCheckService.setItemNumber.dwr HTTP/1.1" 200 78
116.230.114.213 - - [01/Oct/2022:08:47:41 +0800] "POST /xingrg/dwr/call/plaincall/AjaxCheckService.setItemNumber.dwr HTTP/1.1" 200 78
116.230.114.213 - - [01/Oct/2022:08:47:42 +0800] "POST /xingrg/dwr/call/plaincall/AjaxCheckService.setItemNumber.dwr HTTP/1.1" 200 78
116.230.114.213 - - [01/Oct/2022:08:47:43 +0800] "POST /xingrg/dwr/call/plaincall/AjaxCheckService.setItemNumber.dwr HTTP/1.1" 200 78
116.230.105.139 - - [01/Oct/2022:08:47:44 +0800] "GET /xingrg/kc/buy/cgsh_order_operate.html?command=get_materiel&rest_code=00155&code=00101008197&supplier_code=00100005&order_time=2022-10-01 HTTP/1.1" 200 416
116.230.114.213 - - [01/Oct/2022:08:47:44 +0800] "GET /xingrg/all/function/internal_message.html?_=1664585285013&CODE_STATE=getMsg HTTP/1.1" 200 27
116.237.75.135 - - [01/Oct/2022:08:47:48 +0800] "GET /xingrg/all/function/internal_message.html?_=1664585268968&CODE_STATE=getMsg HTTP/1.1" 200 27
116.230.105.139 - - [01/Oct/2022:08:47:52 +0800] "GET /xingrg/kc/buy/cgsh_order_operate.html?command=get_materiel&rest_code=00155&code=00101008357&supplier_code=00100005&order_time=2022-10-01 HTTP/1.1" 200 408
116.230.114.213 - - [01/Oct/2022:08:47:53 +0800] "POST /xingrg/dwr/call/plaincall/AjaxCheckService.setItemNumber.dwr HTTP/1.1" 200 78
116.230.114.213 - - [01/Oct/2022:08:47:53 +0800] "GET /xingrg/all/function/internal_message.html?_=1664585290379&CODE_STATE=getMsg HTTP/1.1" 302 -
116.230.114.213 - - [01/Oct/2022:08:47:53 +0800] "POST /xingrg/dwr/call/plaincall/AjaxCheckService.setItemNumber.dwr HTTP/1.1" 200 78
116.230.114.213 - - [01/Oct/2022:08:47:55 +0800] "POST /xingrg/dwr/call/plaincall/AjaxCheckService.setItemNumber.dwr HTTP/1.1" 200 78
116.230.105.139 - - [01/Oct/2022:08:47:55 +0800] "GET /xingrg/all/function/internal_message.html?_=1664585261403&CODE_STATE=getMsg HTTP/1.1" 200 27
116.230.114.213 - - [01/Oct/2022:08:47:55 +0800] "POST /xingrg/dwr/call/plaincall/AjaxCheckService.setItemNumber.dwr HTTP/1.1" 200 78
116.230.114.213 - - [01/Oct/2022:08:47:56 +0800] "POST /xingrg/dwr/call/plaincall/AjaxCheckService.setItemNumber.dwr HTTP/1.1" 200 78
116.230.114.213 - - [01/Oct/2022:08:47:57 +0800] "POST /xingrg/dwr/call/plaincall/AjaxCheckService.setItemNumber.dwr HTTP/1.1" 200 78
116.230.105.139 - - [01/Oct/2022:08:47:59 +0800] "GET /xingrg/kc/buy/cgsh_order_operate.html?command=get_materiel&rest_code=00155&code=00101008069&supplier_code=00100005&order_time=2022-10-01 HTTP/1.1" 200 412
116.230.114.213 - - [01/Oct/2022:08:48:00 +0800] "POST /xingrg/dwr/call/plaincall/AjaxCheckService.setItemNumber.dwr HTTP/1.1" 200 78
116.237.75.135 - - [01/Oct/2022:08:48:03 +0800] "POST /xingrg/kc/buy/cgsh_order_operate.html HTTP/1.1" 200 37
124.79.246.218 - - [01/Oct/2022:08:48:04 +0800] "POST /xingrg/services/DataTransmitService HTTP/1.1" 200 524
116.230.114.213 - - [01/Oct/2022:08:48:04 +0800] "POST /xingrg/dwr/call/plaincall/AjaxCheckService.setItemNumber.dwr HTTP/1.1" 200 78
116.230.105.139 - - [01/Oct/2022:08:48:05 +0800] "POST /xingrg/kc/buy/cgsh_order_operate.html HTTP/1.1" 200 2065
116.230.114.213 - - [01/Oct/2022:08:48:06 +0800] "POST /xingrg/dwr/call/plaincall/AjaxCheckService.setItemNumber.dwr HTTP/1.1" 200 78
116.230.114.213 - - [01/Oct/2022:08:48:07 +0800] "POST /xingrg/dwr/call/plaincall/AjaxCheckService.setItemNumber.dwr HTTP/1.1" 200 78
116.230.114.213 - - [01/Oct/2022:08:48:08 +0800] "POST /xingrg/dwr/call/plaincall/AjaxCheckService.setItemNumber.dwr HTTP/1.1" 200 78
116.230.114.213 - - [01/Oct/2022:08:48:09 +0800] "POST /xingrg/dwr/call/plaincall/AjaxCheckService.setItemNumber.dwr HTTP/1.1" 200 78
116.230.105.139 - - [01/Oct/2022:08:48:09 +0800] "GET /xingrg/kc/buy/cgsh_order_operate.html?command=get_materiel&rest_code=00155&code=00101008006&supplier_code=00100005&order_time=2022-10-01 HTTP/1.1" 200 416
116.230.114.213 - - [01/Oct/2022:08:48:11 +0800] "POST /xingrg/dwr/call/plaincall/AjaxCheckService.setItemNumber.dwr HTTP/1.1" 200 78
116.237.75.135 - - [01/Oct/2022:08:48:11 +0800] "POST /xingrg/kc/buy/cgsh_order_operate.html HTTP/1.1" 200 12
116.230.114.213 - - [01/Oct/2022:08:48:12 +0800] "POST /xingrg/dwr/call/plaincall/AjaxCheckService.setItemNumber.dwr HTTP/1.1" 200 78
58.37.225.234 - - [01/Oct/2022:08:48:13 +0800] "GET /xingrg/all/function/internal_message.html?_=1664585289786&CODE_STATE=getMsg HTTP/1.1" 200 27
116.224.255.128 - - [01/Oct/2022:08:48:13 +0800] "GET /xingrg/all/function/internal_message.html?_=1664585211177&CODE_STATE=getMsg HTTP/1.1" 200 27
116.230.114.213 - - [01/Oct/2022:08:48:13 +0800] "POST /xingrg/dwr/call/plaincall/AjaxCheckService.setItemNumber.dwr HTTP/1.1" 200 78
116.237.75.135 - - [01/Oct/2022:08:48:14 +0800] "GET /xingrg/kc/buy/cgsh_order_info.html?code=212022100100006 HTTP/1.1" 200 63802
116.237.75.135 - - [01/Oct/2022:08:48:14 +0800] "GET /xingrg/javascript/easyui/themes/default/validatebox.css HTTP/1.1" 404 1104
116.230.114.213 - - [01/Oct/2022:08:48:15 +0800] "POST /xingrg/dwr/call/plaincall/AjaxCheckService.setItemNumber.dwr HTTP/1.1" 200 78
116.237.75.135 - - [01/Oct/2022:08:48:15 +0800] "POST /xingrg/kc/buy/cgsh_order_operate.html HTTP/1.1" 200 1865
116.230.114.213 - - [01/Oct/2022:08:48:16 +0800] "POST /xingrg/dwr/call/plaincall/AjaxCheckService.setItemNumber.dwr HTTP/1.1" 200 78
116.230.105.139 - - [01/Oct/2022:08:48:16 +0800] "GET /xingrg/kc/buy/cgsh_order_operate.html?command=get_materiel&rest_code=00155&code=00101008131&supplier_code=00100005&order_time=2022-10-01 HTTP/1.1" 200 408
116.230.114.213 - - [01/Oct/2022:08:48:16 +0800] "POST /xingrg/dwr/call/plaincall/AjaxCheckService.setItemNumber.dwr HTTP/1.1" 200 78
116.237.75.135 - - [01/Oct/2022:08:48:18 +0800] "GET /xingrg/kc/print/load_config.html?kc_code=cgsh HTTP/1.1" 200 1943
116.237.75.135 - - [01/Oct/2022:08:48:19 +0800] "GET /xingrg/kc/print/load_data.html?order_code=212022100100006&kc_code=cgsh&condition= HTTP/1.1" 200 1297
120.253.135.82 - - [01/Oct/2022:08:48:19 +0800] "GET /xingrg/check_reg.html?_=1664585096694 HTTP/1.1" 200 22
120.253.135.82 - - [01/Oct/2022:08:48:21 +0800] "GET /xingrg/all/function/internal_message.html?_=1664585098216&CODE_STATE=getMsg HTTP/1.1" 200 27
116.230.105.139 - - [01/Oct/2022:08:48:25 +0800] "GET /xingrg/kc/buy/cgsh_order_operate.html?command=get_materiel&rest_code=00155&code=00101008108&supplier_code=00100005&order_time=2022-10-01 HTTP/1.1" 200 412
116.230.105.139 - - [01/Oct/2022:08:48:30 +0800] "GET /xingrg/kc/buy/cgsh_order_operate.html?command=get_materiel&rest_code=00155&code=00101008318&supplier_code=00100005&order_time=2022-10-01 HTTP/1.1" 200 408
116.230.105.139 - - [01/Oct/2022:08:48:38 +0800] "GET /xingrg/kc/buy/cgsh_order_operate.html?command=get_materiel&rest_code=00155&code=00101008353&supplier_code=00100005&order_time=2022-10-01 HTTP/1.1" 200 408
116.230.105.139 - - [01/Oct/2022:08:48:39 +0800] "POST /xingrg/kc/buy/cgsh_order_operate.html HTTP/1.1" 200 2065
116.230.114.213 - - [01/Oct/2022:08:48:40 +0800] "POST /xingrg/dwr/call/plaincall/AjaxCheckService.setItemNumber.dwr HTTP/1.1" 200 78
116.230.114.213 - - [01/Oct/2022:08:48:43 +0800] "POST /xingrg/dwr/call/plaincall/AjaxCheckService.setItemNumber.dwr HTTP/1.1" 200 78
116.230.114.213 - - [01/Oct/2022:08:48:44 +0800] "POST /xingrg/dwr/call/plaincall/AjaxCheckService.setItemNumber.dwr HTTP/1.1" 200 78
116.230.114.213 - - [01/Oct/2022:08:48:44 +0800] "GET /xingrg/all/function/internal_message.html?_=1664585345026&CODE_STATE=getMsg HTTP/1.1" 200 27
116.230.105.139 - - [01/Oct/2022:08:48:45 +0800] "GET /xingrg/kc/buy/cgsh_order_operate.html?command=get_materiel&rest_code=00155&code=00101008312&supplier_code=00100005&order_time=2022-10-01 HTTP/1.1" 200 412
116.230.114.213 - - [01/Oct/2022:08:48:45 +0800] "POST /xingrg/dwr/call/plaincall/AjaxCheckService.setItemNumber.dwr HTTP/1.1" 200 78
116.230.114.213 - - [01/Oct/2022:08:48:47 +0800] "POST /xingrg/dwr/call/plaincall/AjaxCheckService.setItemNumber.dwr HTTP/1.1" 200 78
116.237.75.135 - - [01/Oct/2022:08:48:48 +0800] "GET /xingrg/all/function/internal_message.html?_=1664585328979&CODE_STATE=getMsg HTTP/1.1" 200 27
116.230.114.213 - - [01/Oct/2022:08:48:49 +0800] "POST /xingrg/dwr/call/plaincall/AjaxCheckService.setItemNumber.dwr HTTP/1.1" 200 78
116.230.114.213 - - [01/Oct/2022:08:48:49 +0800] "POST /xingrg/dwr/call/plaincall/AjaxCheckService.setItemNumber.dwr HTTP/1.1" 200 78
116.230.114.213 - - [01/Oct/2022:08:48:50 +0800] "POST /xingrg/dwr/call/plaincall/AjaxCheckService.setItemNumber.dwr HTTP/1.1" 200 78
116.230.114.213 - - [01/Oct/2022:08:48:51 +0800] "POST /xingrg/dwr/call/plaincall/AjaxCheckService.setItemNumber.dwr HTTP/1.1" 200 78
116.230.114.213 - - [01/Oct/2022:08:48:51 +0800] "POST /xingrg/dwr/call/plaincall/AjaxCheckService.setItemNumber.dwr HTTP/1.1" 200 78
116.230.105.139 - - [01/Oct/2022:08:48:53 +0800] "GET /xingrg/kc/buy/cgsh_order_operate.html?command=get_materiel&rest_code=00155&code=00101008095&supplier_code=00100005&order_time=2022-10-01 HTTP/1.1" 200 412
116.230.114.213 - - [01/Oct/2022:08:48:53 +0800] "GET /xingrg/all/function/internal_message.html?_=1664585350385&CODE_STATE=getMsg HTTP/1.1" 302 -
116.230.114.213 - - [01/Oct/2022:08:48:53 +0800] "POST /xingrg/dwr/call/plaincall/AjaxCheckService.setItemNumber.dwr HTTP/1.1" 200 78
116.230.114.213 - - [01/Oct/2022:08:48:55 +0800] "POST /xingrg/dwr/call/plaincall/AjaxCheckService.setItemNumber.dwr HTTP/1.1" 200 78
116.230.114.213 - - [01/Oct/2022:08:48:55 +0800] "POST /xingrg/dwr/call/plaincall/AjaxCheckService.setItemNumber.dwr HTTP/1.1" 200 78
116.230.105.139 - - [01/Oct/2022:08:48:55 +0800] "GET /xingrg/check_reg.html?_=1664585321411 HTTP/1.1" 200 22
116.230.105.139 - - [01/Oct/2022:08:48:55 +0800] "GET /xingrg/all/function/internal_message.html?_=1664585321414&CODE_STATE=getMsg HTTP/1.1" 200 27
116.230.114.213 - - [01/Oct/2022:08:48:56 +0800] "POST /xingrg/dwr/call/plaincall/AjaxCheckService.setItemNumber.dwr HTTP/1.1" 200 78
116.230.114.213 - - [01/Oct/2022:08:48:57 +0800] "POST /xingrg/dwr/call/plaincall/AjaxCheckService.setItemNumber.dwr HTTP/1.1" 200 78
116.230.114.213 - - [01/Oct/2022:08:48:58 +0800] "POST /xingrg/dwr/call/plaincall/AjaxCheckService.setItemNumber.dwr HTTP/1.1" 200 78
116.230.114.213 - - [01/Oct/2022:08:48:59 +0800] "POST /xingrg/dwr/call/plaincall/AjaxCheckService.setItemNumber.dwr HTTP/1.1" 200 78
116.230.114.213 - - [01/Oct/2022:08:49:00 +0800] "POST /xingrg/dwr/call/plaincall/AjaxCheckService.setItemNumber.dwr HTTP/1.1" 200 78
116.230.105.139 - - [01/Oct/2022:08:49:00 +0800] "GET /xingrg/kc/buy/cgsh_order_operate.html?command=get_materiel&rest_code=00155&code=00101008283&supplier_code=00100005&order_time=2022-10-01 HTTP/1.1" 200 408
116.230.114.213 - - [01/Oct/2022:08:49:01 +0800] "POST /xingrg/dwr/call/plaincall/AjaxCheckService.setItemNumber.dwr HTTP/1.1" 200 78
116.230.114.213 - - [01/Oct/2022:08:49:03 +0800] "POST /xingrg/dwr/call/plaincall/AjaxCheckService.setItemNumber.dwr HTTP/1.1" 200 78
116.230.114.213 - - [01/Oct/2022:08:49:04 +0800] "POST /xingrg/dwr/call/plaincall/AjaxCheckService.setItemNumber.dwr HTTP/1.1" 200 78
116.230.114.213 - - [01/Oct/2022:08:49:05 +0800] "POST /xingrg/dwr/call/plaincall/AjaxCheckService.setItemNumber.dwr HTTP/1.1" 200 78
116.230.114.213 - - [01/Oct/2022:08:49:06 +0800] "POST /xingrg/dwr/call/plaincall/AjaxCheckService.setItemNumber.dwr HTTP/1.1" 200 78
116.230.114.213 - - [01/Oct/2022:08:49:07 +0800] "POST /xingrg/dwr/call/plaincall/AjaxCheckService.setItemNumber.dwr HTTP/1.1" 200 78
116.230.114.213 - - [01/Oct/2022:08:49:08 +0800] "POST /xingrg/dwr/call/plaincall/AjaxCheckService.setItemNumber.dwr HTTP/1.1" 200 78
116.230.114.213 - - [01/Oct/2022:08:49:09 +0800] "POST /xingrg/dwr/call/plaincall/AjaxCheckService.setItemNumber.dwr HTTP/1.1" 200 78
221.239.141.151 - - [01/Oct/2022:08:49:10 +0800] "GET /xingrg/index.html HTTP/1.1" 302 -
116.230.114.213 - - [01/Oct/2022:08:49:10 +0800] "POST /xingrg/dwr/call/plaincall/AjaxCheckService.setItemNumber.dwr HTTP/1.1" 200 78
221.239.141.151 - - [01/Oct/2022:08:49:10 +0800] "GET /xingrg/login.html HTTP/1.1" 200 7641
221.239.141.151 - - [01/Oct/2022:08:49:10 +0800] "GET /favicon.ico HTTP/1.1" 404 -
58.37.225.234 - - [01/Oct/2022:08:49:13 +0800] "GET /xingrg/all/function/internal_message.html?_=1664585349763&CODE_STATE=getMsg HTTP/1.1" 200 27
58.37.225.234 - - [01/Oct/2022:08:49:13 +0800] "GET /xingrg/check_reg.html?_=1664585350064 HTTP/1.1" 200 22
116.224.255.128 - - [01/Oct/2022:08:49:13 +0800] "GET /xingrg/all/function/internal_message.html?_=1664585271252&CODE_STATE=getMsg HTTP/1.1" 200 27
221.239.141.151 - - [01/Oct/2022:08:49:14 +0800] "POST /xingrg/login.do HTTP/1.1" 302 -
221.239.141.151 - - [01/Oct/2022:08:49:14 +0800] "GET /xingrg/index.html?sysBaseUrl=http%3A%2F%2F180.169.147.146%3A18081%2Fxingrg%2F&costTime=1198×tamp=1664585354092 HTTP/1.1" 200 17173
221.239.141.151 - - [01/Oct/2022:08:49:14 +0800] "GET /favicon.ico HTTP/1.1" 404 -
221.239.141.151 - - [01/Oct/2022:08:49:14 +0800] "GET /xingrg/check_reg.html?_=1664585353678 HTTP/1.1" 200 22
221.239.141.151 - - [01/Oct/2022:08:49:14 +0800] "GET /xingrg/all/function/internal_message.html?_=1664585353678&CODE_STATE=count HTTP/1.1" 200 11
221.239.141.151 - - [01/Oct/2022:08:49:14 +0800] "POST /xingrg/all/common/load_tree.html?tree=area_rest_tree_json&manage=1 HTTP/1.1" 200 342
221.239.141.151 - - [01/Oct/2022:08:49:14 +0800] "POST /xingrg/load_menu.html HTTP/1.1" 200 5138
116.230.105.139 - - [01/Oct/2022:08:49:15 +0800] "GET /xingrg/kc/buy/cgsh_order_operate.html?command=get_materiel&rest_code=00155&code=00101008298&supplier_code=00100005&order_time=2022-10-01 HTTP/1.1" 200 412
221.239.141.151 - - [01/Oct/2022:08:49:17 +0800] "GET /xingrg/kc/buy/cgsh_order_list.html HTTP/1.1" 200 53123
221.239.141.151 - - [01/Oct/2022:08:49:20 +0800] "POST /xingrg/kc/buy/cgsh_list_operate.html HTTP/1.1" 200 986
120.253.135.82 - - [01/Oct/2022:08:49:21 +0800] "GET /xingrg/all/function/internal_message.html?_=1664585158230&CODE_STATE=getMsg HTTP/1.1" 200 27
221.239.141.151 - - [01/Oct/2022:08:49:21 +0800] "GET /xingrg/kc/buy/cgsh_order_add.html HTTP/1.1" 200 68940
221.239.141.151 - - [01/Oct/2022:08:49:21 +0800] "GET /xingrg/words/20220930131040_words.js HTTP/1.1" 304 -
221.239.141.151 - - [01/Oct/2022:08:49:21 +0800] "POST /xingrg/kc/buy/cgsh_order_operate.html HTTP/1.1" 200 8245
221.239.141.151 - - [01/Oct/2022:08:49:21 +0800] "GET /xingrg/javascript/easyui/themes/default/validatebox.css HTTP/1.1" 404 1104
221.239.141.151 - - [01/Oct/2022:08:49:21 +0800] "GET /xingrg/all/common/auto_word.html?type=employee&rest_code=00102 HTTP/1.1" 200 189
221.239.141.151 - - [01/Oct/2022:08:49:21 +0800] "GET /xingrg/all/common/auto_word.html?type=employee&rest_code=00102 HTTP/1.1" 200 189
221.239.141.151 - - [01/Oct/2022:08:49:22 +0800] "GET /xingrg/javascript/auto/indicator.gif HTTP/1.1" 404 1066
116.230.114.213 - - [01/Oct/2022:08:49:22 +0800] "POST /xingrg/dwr/call/plaincall/AjaxCheckService.setItemNumber.dwr HTTP/1.1" 200 78
116.230.114.213 - - [01/Oct/2022:08:49:23 +0800] "POST /xingrg/dwr/call/plaincall/AjaxCheckService.setItemNumber.dwr HTTP/1.1" 200 78
116.230.114.213 - - [01/Oct/2022:08:49:24 +0800] "POST /xingrg/dwr/call/plaincall/AjaxCheckService.setItemNumber.dwr HTTP/1.1" 200 78
116.230.114.213 - - [01/Oct/2022:08:49:25 +0800] "POST /xingrg/dwr/call/plaincall/AjaxCheckService.setItemNumber.dwr HTTP/1.1" 200 78
116.230.114.213 - - [01/Oct/2022:08:49:25 +0800] "POST /xingrg/dwr/call/plaincall/AjaxCheckService.setItemNumber.dwr HTTP/1.1" 200 78
116.230.114.213 - - [01/Oct/2022:08:49:26 +0800] "POST /xingrg/dwr/call/plaincall/AjaxCheckService.setItemNumber.dwr HTTP/1.1" 200 78
116.230.114.213 - - [01/Oct/2022:08:49:27 +0800] "POST /xingrg/dwr/call/plaincall/AjaxCheckService.setItemNumber.dwr HTTP/1.1" 200 78
116.230.114.213 - - [01/Oct/2022:08:49:28 +0800] "POST /xingrg/dwr/call/plaincall/AjaxCheckService.setItemNumber.dwr HTTP/1.1" 200 78
116.230.114.213 - - [01/Oct/2022:08:49:45 +0800] "GET /xingrg/all/function/internal_message.html?_=1664585405484&CODE_STATE=getMsg HTTP/1.1" 200 27
116.230.114.213 - - [01/Oct/2022:08:49:45 +0800] "POST /xingrg/dwr/call/plaincall/AjaxCheckService.setItemNumber.dwr HTTP/1.1" 200 78
116.230.114.213 - - [01/Oct/2022:08:49:47 +0800] "POST /xingrg/dwr/call/plaincall/AjaxCheckService.setItemNumber.dwr HTTP/1.1" 200 78
116.230.114.213 - - [01/Oct/2022:08:49:48 +0800] "POST /xingrg/dwr/call/plaincall/AjaxCheckService.setItemNumber.dwr HTTP/1.1" 200 78
116.230.114.213 - - [01/Oct/2022:08:49:49 +0800] "POST /xingrg/dwr/call/plaincall/AjaxCheckService.setItemNumber.dwr HTTP/1.1" 200 78
116.230.114.213 - - [01/Oct/2022:08:49:51 +0800] "POST /xingrg/dwr/call/plaincall/AjaxCheckService.setItemNumber.dwr HTTP/1.1" 200 78
116.230.105.139 - - [01/Oct/2022:08:49:51 +0800] "POST /xingrg/kc/buy/cgsh_order_operate.html HTTP/1.1" 200 2065
116.230.114.213 - - [01/Oct/2022:08:49:52 +0800] "POST /xingrg/dwr/call/plaincall/AjaxCheckService.setItemNumber.dwr HTTP/1.1" 200 78
116.230.114.213 - - [01/Oct/2022:08:49:52 +0800] "POST /xingrg/dwr/call/plaincall/AjaxCheckService.setItemNumber.dwr HTTP/1.1" 200 78
116.230.114.213 - - [01/Oct/2022:08:49:53 +0800] "POST /xingrg/dwr/call/plaincall/AjaxCheckService.setItemNumber.dwr HTTP/1.1" 200 78
116.230.114.213 - - [01/Oct/2022:08:49:53 +0800] "GET /xingrg/all/function/internal_message.html?_=1664585410406&CODE_STATE=getMsg HTTP/1.1" 302 -
116.230.114.213 - - [01/Oct/2022:08:49:54 +0800] "POST /xingrg/dwr/call/plaincall/AjaxCheckService.setItemNumber.dwr HTTP/1.1" 200 78
116.230.114.213 - - [01/Oct/2022:08:49:55 +0800] "POST /xingrg/dwr/call/plaincall/AjaxCheckService.setItemNumber.dwr HTTP/1.1" 200 78
116.230.105.139 - - [01/Oct/2022:08:49:55 +0800] "GET /xingrg/all/function/internal_message.html?_=1664585381425&CODE_STATE=getMsg HTTP/1.1" 200 27
116.230.114.213 - - [01/Oct/2022:08:49:56 +0800] "POST /xingrg/dwr/call/plaincall/AjaxCheckService.setItemNumber.dwr HTTP/1.1" 200 78
116.230.105.139 - - [01/Oct/2022:08:49:56 +0800] "GET /xingrg/kc/buy/cgsh_order_operate.html?command=get_materiel&rest_code=00155&code=00101008036&supplier_code=00100005&order_time=2022-10-01 HTTP/1.1" 200 408
116.230.114.213 - - [01/Oct/2022:08:49:57 +0800] "POST /xingrg/dwr/call/plaincall/AjaxCheckService.setItemNumber.dwr HTTP/1.1" 200 78
221.239.141.151 - - [01/Oct/2022:08:49:57 +0800] "GET /xingrg/kc/buy/cgsh_order_operate.html?command=get_materiel&rest_code=00102&code=00101012025&supplier_code=00100096&order_time=2022-10-01 HTTP/1.1" 200 413
116.230.114.213 - - [01/Oct/2022:08:49:59 +0800] "POST /xingrg/dwr/call/plaincall/AjaxCheckService.setItemNumber.dwr HTTP/1.1" 200 78
116.230.114.213 - - [01/Oct/2022:08:49:59 +0800] "POST /xingrg/dwr/call/plaincall/AjaxCheckService.setItemNumber.dwr HTTP/1.1" 200 78
116.230.114.213 - - [01/Oct/2022:08:50:00 +0800] "POST /xingrg/dwr/call/plaincall/AjaxCheckService.setItemNumber.dwr HTTP/1.1" 200 78
116.230.114.213 - - [01/Oct/2022:08:50:02 +0800] "POST /xingrg/dwr/call/plaincall/AjaxCheckService.setItemNumber.dwr HTTP/1.1" 200 78
116.230.114.213 - - [01/Oct/2022:08:50:02 +0800] "POST /xingrg/dwr/call/plaincall/AjaxCheckService.setItemNumber.dwr HTTP/1.1" 200 78
116.237.75.135 - - [01/Oct/2022:08:50:03 +0800] "GET /xingrg/login.html HTTP/1.1" 200 7641
116.230.105.139 - - [01/Oct/2022:08:50:06 +0800] "GET /xingrg/kc/buy/cgsh_order_operate.html?command=get_materiel&rest_code=00155&code=00101008331&supplier_code=00100005&order_time=2022-10-01 HTTP/1.1" 200 416
116.230.114.213 - - [01/Oct/2022:08:50:06 +0800] "POST /xingrg/dwr/call/plaincall/AjaxCheckService.setItemNumber.dwr HTTP/1.1" 200 78
116.230.114.213 - - [01/Oct/2022:08:50:07 +0800] "POST /xingrg/dwr/call/plaincall/AjaxCheckService.setItemNumber.dwr HTTP/1.1" 200 78
116.237.75.135 - - [01/Oct/2022:08:50:08 +0800] "GET /favicon.ico HTTP/1.1" 404 -
116.230.114.213 - - [01/Oct/2022:08:50:09 +0800] "POST /xingrg/dwr/call/plaincall/AjaxCheckService.setItemNumber.dwr HTTP/1.1" 200 78
116.230.114.213 - - [01/Oct/2022:08:50:10 +0800] "POST /xingrg/dwr/call/plaincall/AjaxCheckService.setItemNumber.dwr HTTP/1.1" 200 78
116.230.114.213 - - [01/Oct/2022:08:50:11 +0800] "POST /xingrg/dwr/call/plaincall/AjaxCheckService.setItemNumber.dwr HTTP/1.1" 200 78
116.230.114.213 - - [01/Oct/2022:08:50:12 +0800] "POST /xingrg/dwr/call/plaincall/AjaxCheckService.setItemNumber.dwr HTTP/1.1" 200 78
116.224.255.128 - - [01/Oct/2022:08:50:12 +0800] "GET /xingrg/check_reg.html?_=1664585330635 HTTP/1.1" 200 22
58.37.225.234 - - [01/Oct/2022:08:50:13 +0800] "GET /xingrg/all/function/internal_message.html?_=1664585409741&CODE_STATE=getMsg HTTP/1.1" 200 27
116.230.114.213 - - [01/Oct/2022:08:50:13 +0800] "POST /xingrg/dwr/call/plaincall/AjaxCheckService.setItemNumber.dwr HTTP/1.1" 200 78
116.237.75.135 - - [01/Oct/2022:08:50:13 +0800] "POST /xingrg/login.do HTTP/1.1" 302 -
116.237.75.135 - - [01/Oct/2022:08:50:13 +0800] "GET /xingrg/index.html?sysBaseUrl=http%3A%2F%2F180.169.147.146%3A18081%2Fxingrg%2F&costTime=2004×tamp=1664585413157 HTTP/1.1" 200 17173
116.224.255.128 - - [01/Oct/2022:08:50:13 +0800] "GET /xingrg/all/function/internal_message.html?_=1664585331325&CODE_STATE=getMsg HTTP/1.1" 200 27
116.237.75.135 - - [01/Oct/2022:08:50:13 +0800] "GET /favicon.ico HTTP/1.1" 404 -
116.230.114.213 - - [01/Oct/2022:08:50:13 +0800] "POST /xingrg/dwr/call/plaincall/AjaxCheckService.setItemNumber.dwr HTTP/1.1" 200 78
221.239.141.151 - - [01/Oct/2022:08:50:14 +0800] "GET /xingrg/all/function/internal_message.html?_=1664585413685&CODE_STATE=getMsg HTTP/1.1" 200 27
221.239.141.151 - - [01/Oct/2022:08:50:14 +0800] "GET /xingrg/kc/buy/cgsh_order_operate.html?command=get_materiel&rest_code=00102&code=00101006144&supplier_code=00100096&order_time=2022-10-01 HTTP/1.1" 200 409
116.237.75.135 - - [01/Oct/2022:08:50:14 +0800] "POST /xingrg/all/common/load_tree.html?tree=area_rest_tree_json&manage=1 HTTP/1.1" 200 342
116.237.75.135 - - [01/Oct/2022:08:50:14 +0800] "GET /xingrg/check_reg.html?_=1664585424768 HTTP/1.1" 200 22
116.237.75.135 - - [01/Oct/2022:08:50:14 +0800] "GET /xingrg/all/function/internal_message.html?_=1664585424767&CODE_STATE=count HTTP/1.1" 200 11
116.237.75.135 - - [01/Oct/2022:08:50:14 +0800] "POST /xingrg/load_menu.html HTTP/1.1" 200 5138
116.230.105.139 - - [01/Oct/2022:08:50:15 +0800] "GET /xingrg/kc/buy/cgsh_order_operate.html?command=get_materiel&rest_code=00155&code=00101008223&supplier_code=00100005&order_time=2022-10-01 HTTP/1.1" 200 412
116.230.114.213 - - [01/Oct/2022:08:50:15 +0800] "POST /xingrg/dwr/call/plaincall/AjaxCheckService.setItemNumber.dwr HTTP/1.1" 200 78
116.230.114.213 - - [01/Oct/2022:08:50:16 +0800] "POST /xingrg/dwr/call/plaincall/AjaxCheckService.setItemNumber.dwr HTTP/1.1" 200 78
116.237.75.135 - - [01/Oct/2022:08:50:16 +0800] "GET /xingrg/kc/buy/buy_main.html HTTP/1.1" 200 12412
116.237.75.135 - - [01/Oct/2022:08:50:16 +0800] "GET /xingrg/css/new_ie.css HTTP/1.1" 404 1036
116.237.75.135 - - [01/Oct/2022:08:50:17 +0800] "GET /xingrg/images/yd/bt.gif HTTP/1.1" 404 1040
116.230.114.213 - - [01/Oct/2022:08:50:17 +0800] "POST /xingrg/dwr/call/plaincall/AjaxCheckService.setItemNumber.dwr HTTP/1.1" 200 78
116.237.75.135 - - [01/Oct/2022:08:50:18 +0800] "GET /xingrg/kc/buy/cgsh_order_list.html HTTP/1.1" 200 53123
116.230.114.213 - - [01/Oct/2022:08:50:19 +0800] "POST /xingrg/dwr/call/plaincall/AjaxCheckService.setItemNumber.dwr HTTP/1.1" 200 78
116.230.114.213 - - [01/Oct/2022:08:50:20 +0800] "POST /xingrg/dwr/call/plaincall/AjaxCheckService.setItemNumber.dwr HTTP/1.1" 200 78
120.253.135.82 - - [01/Oct/2022:08:50:21 +0800] "GET /xingrg/all/function/internal_message.html?_=1664585218243&CODE_STATE=getMsg HTTP/1.1" 200 27
116.230.114.213 - - [01/Oct/2022:08:50:21 +0800] "POST /xingrg/dwr/call/plaincall/AjaxCheckService.setItemNumber.dwr HTTP/1.1" 200 78
116.237.75.135 - - [01/Oct/2022:08:50:21 +0800] "POST /xingrg/kc/buy/cgsh_list_operate.html HTTP/1.1" 200 986
116.237.75.135 - - [01/Oct/2022:08:50:23 +0800] "GET /xingrg/kc/buy/cgsh_order_add.html HTTP/1.1" 200 68905
116.237.75.135 - - [01/Oct/2022:08:50:24 +0800] "GET /xingrg/words/20220930131040_words.js HTTP/1.1" 304 -
116.237.75.135 - - [01/Oct/2022:08:50:24 +0800] "GET /xingrg/all/common/auto_word.html?type=employee&rest_code=00106 HTTP/1.1" 200 205
116.237.75.135 - - [01/Oct/2022:08:50:24 +0800] "GET /xingrg/javascript/easyui/themes/default/validatebox.css HTTP/1.1" 404 1104
116.237.75.135 - - [01/Oct/2022:08:50:24 +0800] "POST /xingrg/kc/buy/cgsh_order_operate.html HTTP/1.1" 200 8245
116.237.75.135 - - [01/Oct/2022:08:50:24 +0800] "GET /xingrg/all/common/auto_word.html?type=employee&rest_code=00106 HTTP/1.1" 200 205
116.230.105.139 - - [01/Oct/2022:08:50:25 +0800] "GET /xingrg/kc/buy/cgsh_order_operate.html?command=get_materiel&rest_code=00155&code=00101008402&supplier_code=00100005&order_time=2022-10-01 HTTP/1.1" 200 410
116.237.75.135 - - [01/Oct/2022:08:50:25 +0800] "GET /xingrg/javascript/easyui/themes/default/tree.css HTTP/1.1" 404 1090
116.237.75.135 - - [01/Oct/2022:08:50:26 +0800] "POST /xingrg/all/common/load_tree.html?tree=supplier_tree_json&isDelete=1 HTTP/1.1" 200 68920
