180.169.147.146 - - [23/Sep/2022:09:14:10 +0800] "GET /xingrg/all/function/internal_message.html?_=1663895644257&CODE_STATE=getMsg HTTP/1.1" 200 27
116.230.114.213 - - [23/Sep/2022:09:14:20 +0800] "GET /xingrg/all/function/internal_message.html?_=1663895675558&CODE_STATE=getMsg HTTP/1.1" 302 -
116.225.121.189 - - [23/Sep/2022:09:14:22 +0800] "GET /xingrg/all/function/internal_message.html?_=1663895660420&CODE_STATE=getMsg HTTP/1.1" 200 27
116.224.255.128 - - [23/Sep/2022:09:14:22 +0800] "GET /xingrg/all/function/internal_message.html?_=1663895659928&CODE_STATE=getMsg HTTP/1.1" 200 27
58.40.7.146 - - [23/Sep/2022:09:14:23 +0800] "GET /favicon.ico HTTP/1.1" 404 -
116.225.121.189 - - [23/Sep/2022:09:14:23 +0800] "GET /xingrg/all/function/internal_message.html?_=1663895519557&CODE_STATE=getMsg HTTP/1.1" 200 27
116.238.169.132 - - [23/Sep/2022:09:14:28 +0800] "GET /xingrg/check_reg.html?_=1663895665340 HTTP/1.1" 200 22
116.230.114.213 - - [23/Sep/2022:09:14:36 +0800] "GET /xingrg/all/function/internal_message.html?_=1663895695218&CODE_STATE=getMsg HTTP/1.1" 200 27
61.170.232.128 - - [23/Sep/2022:09:14:41 +0800] "GET /xingrg/all/function/internal_message.html?_=1663895670645&CODE_STATE=getMsg HTTP/1.1" 200 27
116.224.255.128 - - [23/Sep/2022:09:14:47 +0800] "GET /xingrg/all/function/internal_message.html?_=1663895612937&CODE_STATE=getMsg HTTP/1.1" 200 27
120.253.135.82 - - [23/Sep/2022:09:14:55 +0800] "GET /xingrg/all/function/internal_message.html?_=1663895491941&CODE_STATE=getMsg HTTP/1.1" 200 27
116.224.255.128 - - [23/Sep/2022:09:14:56 +0800] "POST /xingrg/all/user/operate.html HTTP/1.1" 200 36
116.224.255.128 - - [23/Sep/2022:09:14:56 +0800] "GET /xingrg/index.html?sysBaseUrl=http%3A%2F%2F180.169.147.146%3A18081%2Fxingrg%2F&costTime=45×tamp=1663845626570 HTTP/1.1" 200 17179
116.224.255.128 - - [23/Sep/2022:09:14:56 +0800] "GET /xingrg/javascript/jquery_easy_ui/themes/default/easyui.css HTTP/1.1" 304 -
116.224.255.128 - - [23/Sep/2022:09:14:56 +0800] "GET /xingrg/javascript/jquery_easy_ui/themes/icon.css HTTP/1.1" 304 -
116.224.255.128 - - [23/Sep/2022:09:14:56 +0800] "GET /xingrg/css/form.css HTTP/1.1" 304 -
116.224.255.128 - - [23/Sep/2022:09:14:56 +0800] "GET /xingrg/javascript/jquery-1.4.2.min.js HTTP/1.1" 304 -
116.224.255.128 - - [23/Sep/2022:09:14:56 +0800] "GET /xingrg/javascript/jquery_easy_ui/jquery.easyui.min.js HTTP/1.1" 304 -
116.224.255.128 - - [23/Sep/2022:09:14:56 +0800] "GET /xingrg/javascript/jquery_easy_ui/easyui-lang-zh_CN.js HTTP/1.1" 304 -
116.224.255.128 - - [23/Sep/2022:09:14:56 +0800] "GET /xingrg/javascript/jquery.form.js HTTP/1.1" 304 -
116.224.255.128 - - [23/Sep/2022:09:14:56 +0800] "GET /xingrg/javascript/jquery.utils.js HTTP/1.1" 304 -
116.224.255.128 - - [23/Sep/2022:09:14:56 +0800] "GET /xingrg/javascript/jquery.timers.js HTTP/1.1" 304 -
116.224.255.128 - - [23/Sep/2022:09:14:56 +0800] "GET /xingrg/images/blue/jxLogo.png HTTP/1.1" 304 -
116.224.255.128 - - [23/Sep/2022:09:14:56 +0800] "GET /xingrg/images/blue/navBackgound.jpg HTTP/1.1" 304 -
116.224.255.128 - - [23/Sep/2022:09:14:56 +0800] "GET /xingrg/javascript/jquery_easy_ui/themes/icons/settle_new.png HTTP/1.1" 304 -
116.224.255.128 - - [23/Sep/2022:09:14:56 +0800] "GET /xingrg/images/blue/pingpu.png HTTP/1.1" 304 -
116.224.255.128 - - [23/Sep/2022:09:14:56 +0800] "POST /xingrg/all/common/load_tree.html?tree=area_rest_tree_json&manage=1 HTTP/1.1" 200 476
116.224.255.128 - - [23/Sep/2022:09:14:56 +0800] "GET /xingrg/javascript/jquery_easy_ui/themes/default/images/tabs_leftarrow.png HTTP/1.1" 304 -
116.224.255.128 - - [23/Sep/2022:09:14:56 +0800] "GET /xingrg/javascript/jquery_easy_ui/themes/default/images/panel_tool_collapse.gif HTTP/1.1" 304 -
116.224.255.128 - - [23/Sep/2022:09:14:56 +0800] "GET /xingrg/all/function/internal_message.html?_=1663895622644&CODE_STATE=count HTTP/1.1" 200 11
116.224.255.128 - - [23/Sep/2022:09:14:56 +0800] "GET /xingrg/check_reg.html?_=1663895622645 HTTP/1.1" 200 22
116.224.255.128 - - [23/Sep/2022:09:14:56 +0800] "GET /xingrg/javascript/jquery_easy_ui/themes/default/images/tabs_rightarrow.png HTTP/1.1" 304 -
116.224.255.128 - - [23/Sep/2022:09:14:56 +0800] "GET /xingrg/javascript/jquery_easy_ui/themes/default/images/tree_arrows.gif HTTP/1.1" 304 -
116.224.255.128 - - [23/Sep/2022:09:14:56 +0800] "POST /xingrg/load_menu.html HTTP/1.1" 200 5138
124.79.74.72 - - [23/Sep/2022:09:14:57 +0800] "GET /xingrg/all/function/internal_message.html?_=1663895694904&CODE_STATE=getMsg HTTP/1.1" 200 27
116.224.255.128 - - [23/Sep/2022:09:15:00 +0800] "GET /xingrg/kc/buy/cgsh_order_list.html HTTP/1.1" 200 53003
116.224.255.128 - - [23/Sep/2022:09:15:01 +0800] "POST /xingrg/kc/buy/cgsh_list_operate.html HTTP/1.1" 200 986
116.224.255.128 - - [23/Sep/2022:09:15:04 +0800] "GET /xingrg/kc/buy/cgsh_order_add.html HTTP/1.1" 200 68791
116.224.255.128 - - [23/Sep/2022:09:15:04 +0800] "POST /xingrg/kc/buy/cgsh_order_operate.html HTTP/1.1" 200 8245
116.224.255.128 - - [23/Sep/2022:09:15:04 +0800] "GET /xingrg/javascript/easyui/themes/default/validatebox.css HTTP/1.1" 404 1104
180.169.147.146 - - [23/Sep/2022:09:15:10 +0800] "GET /xingrg/all/function/internal_message.html?_=1663895704256&CODE_STATE=getMsg HTTP/1.1" 200 27
124.79.74.72 - - [23/Sep/2022:09:15:12 +0800] "GET /xingrg/check_reg.html?_=1663895709811 HTTP/1.1" 200 22
116.230.114.213 - - [23/Sep/2022:09:15:20 +0800] "GET /xingrg/all/function/internal_message.html?_=1663895735561&CODE_STATE=getMsg HTTP/1.1" 302 -
116.225.121.189 - - [23/Sep/2022:09:15:22 +0800] "GET /xingrg/all/function/internal_message.html?_=1663895720393&CODE_STATE=getMsg HTTP/1.1" 200 27
116.224.255.128 - - [23/Sep/2022:09:15:22 +0800] "GET /xingrg/all/function/internal_message.html?_=1663895719929&CODE_STATE=getMsg HTTP/1.1" 200 27
116.224.255.128 - - [23/Sep/2022:09:15:22 +0800] "GET /xingrg/check_reg.html?_=1663895719932 HTTP/1.1" 200 22
116.225.121.189 - - [23/Sep/2022:09:15:23 +0800] "GET /xingrg/all/function/internal_message.html?_=1663895579555&CODE_STATE=getMsg HTTP/1.1" 200 27
116.224.255.128 - - [23/Sep/2022:09:15:30 +0800] "GET /xingrg/javascript/auto/indicator.gif HTTP/1.1" 404 1066
116.230.114.213 - - [23/Sep/2022:09:15:36 +0800] "GET /xingrg/all/function/internal_message.html?_=1663895755406&CODE_STATE=getMsg HTTP/1.1" 200 27
116.224.255.128 - - [23/Sep/2022:09:15:40 +0800] "GET /xingrg/kc/buy/cgsh_order_operate.html?command=get_materiel&rest_code=00150&code=00101015062&supplier_code=00100054&order_time=2022-09-23 HTTP/1.1" 200 412
61.170.232.128 - - [23/Sep/2022:09:15:41 +0800] "GET /xingrg/all/function/internal_message.html?_=1663895730617&CODE_STATE=getMsg HTTP/1.1" 200 27
61.170.232.128 - - [23/Sep/2022:09:15:49 +0800] "GET /xingrg/check_reg.html?_=1663895738887 HTTP/1.1" 200 22
120.253.135.82 - - [23/Sep/2022:09:15:55 +0800] "GET /xingrg/all/function/internal_message.html?_=1663895551955&CODE_STATE=getMsg HTTP/1.1" 200 27
116.224.255.128 - - [23/Sep/2022:09:15:56 +0800] "GET /xingrg/all/function/internal_message.html?_=1663895682654&CODE_STATE=getMsg HTTP/1.1" 200 27
124.79.74.72 - - [23/Sep/2022:09:15:57 +0800] "GET /xingrg/all/function/internal_message.html?_=1663895754875&CODE_STATE=getMsg HTTP/1.1" 200 27
180.169.147.146 - - [23/Sep/2022:09:16:05 +0800] "GET /xingrg/index.html?sysBaseUrl=http%3A%2F%2F180.169.147.146%3A18081%2Fxingrg%2F&costTime=39×tamp=1592034574635 HTTP/1.1" 302 -
180.169.147.146 - - [23/Sep/2022:09:16:05 +0800] "GET /xingrg/login.html HTTP/1.1" 200 7641
180.169.147.146 - - [23/Sep/2022:09:16:05 +0800] "GET /xingrg/images/blue/jxLogo.png HTTP/1.1" 200 6156
180.169.147.146 - - [23/Sep/2022:09:16:05 +0800] "GET /xingrg/images/blue/srbg.png HTTP/1.1" 200 138
180.169.147.146 - - [23/Sep/2022:09:16:05 +0800] "GET /favicon.ico HTTP/1.1" 404 -
180.169.147.146 - - [23/Sep/2022:09:16:05 +0800] "GET /xingrg/images/blue/login_bg.png HTTP/1.1" 200 22101
180.169.147.146 - - [23/Sep/2022:09:16:05 +0800] "GET /xingrg/images/blue/hj.png HTTP/1.1" 200 1014
180.169.147.146 - - [23/Sep/2022:09:16:06 +0800] "POST /xingrg/login.do HTTP/1.1" 302 -
180.169.147.146 - - [23/Sep/2022:09:16:06 +0800] "GET /xingrg/index.html?sysBaseUrl=http%3A%2F%2F180.169.147.146%3A18081%2Fxingrg%2F&costTime=44×tamp=1663895766298 HTTP/1.1" 200 17503
180.169.147.146 - - [23/Sep/2022:09:16:06 +0800] "GET /xingrg/javascript/jquery_easy_ui/themes/default/easyui.css HTTP/1.1" 200 26500
180.169.147.146 - - [23/Sep/2022:09:16:06 +0800] "GET /xingrg/javascript/jquery_easy_ui/themes/icon.css HTTP/1.1" 200 3949
180.169.147.146 - - [23/Sep/2022:09:16:06 +0800] "GET /xingrg/css/form.css HTTP/1.1" 200 893
180.169.147.146 - - [23/Sep/2022:09:16:06 +0800] "GET /xingrg/javascript/jquery_easy_ui/easyui-lang-zh_CN.js HTTP/1.1" 200 1900
180.169.147.146 - - [23/Sep/2022:09:16:06 +0800] "GET /xingrg/javascript/jquery.utils.js HTTP/1.1" 200 11805
180.169.147.146 - - [23/Sep/2022:09:16:06 +0800] "GET /xingrg/javascript/jquery.form.js HTTP/1.1" 200 23110
180.169.147.146 - - [23/Sep/2022:09:16:06 +0800] "GET /xingrg/javascript/jquery-1.4.2.min.js HTTP/1.1" 200 72205
180.169.147.146 - - [23/Sep/2022:09:16:06 +0800] "GET /xingrg/javascript/jquery_easy_ui/jquery.easyui.min.js HTTP/1.1" 200 213662
180.169.147.146 - - [23/Sep/2022:09:16:06 +0800] "GET /favicon.ico HTTP/1.1" 404 -
180.169.147.146 - - [23/Sep/2022:09:16:10 +0800] "GET /xingrg/all/function/internal_message.html?_=1663895764254&CODE_STATE=getMsg HTTP/1.1" 200 27
180.169.147.146 - - [23/Sep/2022:09:16:11 +0800] "GET /xingrg/javascript/jquery.timers.js HTTP/1.1" 200 3532
180.169.147.146 - - [23/Sep/2022:09:16:11 +0800] "GET /xingrg/javascript/jquery_easy_ui/themes/icons/settle_new.png HTTP/1.1" 200 826
180.169.147.146 - - [23/Sep/2022:09:16:11 +0800] "GET /xingrg/images/blue/navBackgound.jpg HTTP/1.1" 200 12378
180.169.147.146 - - [23/Sep/2022:09:16:11 +0800] "POST /xingrg/all/common/load_tree.html?tree=area_rest_tree_json&manage=1 HTTP/1.1" 200 3472
180.169.147.146 - - [23/Sep/2022:09:16:11 +0800] "GET /xingrg/all/function/internal_message.html?_=1663895768930&CODE_STATE=count HTTP/1.1" 200 11
180.169.147.146 - - [23/Sep/2022:09:16:11 +0800] "GET /xingrg/check_reg.html?_=1663895768931 HTTP/1.1" 200 22
180.169.147.146 - - [23/Sep/2022:09:16:11 +0800] "GET /xingrg/images/blue/pingpu.png HTTP/1.1" 200 231
180.169.147.146 - - [23/Sep/2022:09:16:11 +0800] "GET /xingrg/javascript/jquery_easy_ui/themes/default/images/tabs_leftarrow.png HTTP/1.1" 200 389
180.169.147.146 - - [23/Sep/2022:09:16:11 +0800] "GET /xingrg/javascript/jquery_easy_ui/themes/default/images/tabs_rightarrow.png HTTP/1.1" 200 395
180.169.147.146 - - [23/Sep/2022:09:16:11 +0800] "GET /xingrg/javascript/jquery_easy_ui/themes/default/images/panel_tool_expand.gif HTTP/1.1" 200 247
180.169.147.146 - - [23/Sep/2022:09:16:11 +0800] "GET /xingrg/javascript/jquery_easy_ui/themes/default/images/panel_tool_collapse.gif HTTP/1.1" 200 246
180.169.147.146 - - [23/Sep/2022:09:16:11 +0800] "POST /xingrg/load_menu.html HTTP/1.1" 200 11564
180.169.147.146 - - [23/Sep/2022:09:16:11 +0800] "GET /xingrg/javascript/jquery_easy_ui/themes/default/images/tree_arrows.gif HTTP/1.1" 200 1043
180.169.147.146 - - [23/Sep/2022:09:16:11 +0800] "GET /xingrg/javascript/jquery_easy_ui/themes/default/images/tree_folder_open.gif HTTP/1.1" 200 956
180.169.147.146 - - [23/Sep/2022:09:16:11 +0800] "GET /xingrg/javascript/jquery_easy_ui/themes/icons/search_new.png HTTP/1.1" 200 586
180.169.147.146 - - [23/Sep/2022:09:16:11 +0800] "GET /xingrg/javascript/jquery_easy_ui/themes/icons/delivery_new.png HTTP/1.1" 200 700
180.169.147.146 - - [23/Sep/2022:09:16:11 +0800] "GET /xingrg/javascript/jquery_easy_ui/themes/icons/storage_new.png HTTP/1.1" 200 853
180.169.147.146 - - [23/Sep/2022:09:16:11 +0800] "GET /xingrg/javascript/jquery_easy_ui/themes/icons/checkout_new.png HTTP/1.1" 200 744
180.169.147.146 - - [23/Sep/2022:09:16:11 +0800] "GET /xingrg/javascript/jquery_easy_ui/themes/icons/forms_new.png HTTP/1.1" 200 350
180.169.147.146 - - [23/Sep/2022:09:16:11 +0800] "GET /xingrg/javascript/jquery_easy_ui/themes/icons/setting_new.png HTTP/1.1" 200 450
180.169.147.146 - - [23/Sep/2022:09:16:11 +0800] "GET /xingrg/javascript/jquery_easy_ui/themes/icons/systemset_new.png HTTP/1.1" 200 606
180.169.147.146 - - [23/Sep/2022:09:16:11 +0800] "GET /xingrg/javascript/jquery_easy_ui/themes/default/images/tree_file.gif HTTP/1.1" 200 118
180.169.147.146 - - [23/Sep/2022:09:16:11 +0800] "GET /xingrg/javascript/jquery_easy_ui/themes/default/images/tree_folder.gif HTTP/1.1" 200 952
116.230.114.213 - - [23/Sep/2022:09:16:12 +0800] "GET /xingrg/check_reg.html?_=1663895787478 HTTP/1.1" 302 -
180.169.147.146 - - [23/Sep/2022:09:16:13 +0800] "GET /xingrg/kc/report/report_main.html HTTP/1.1" 200 8599
180.169.147.146 - - [23/Sep/2022:09:16:13 +0800] "GET /xingrg/javascript/jquery_easy_ui/themes/default/images/tabs_close.gif HTTP/1.1" 200 829
180.169.147.146 - - [23/Sep/2022:09:16:13 +0800] "GET /xingrg/css/blue.css HTTP/1.1" 200 15949
180.169.147.146 - - [23/Sep/2022:09:16:13 +0800] "GET /xingrg/javascript/pic_change.js HTTP/1.1" 200 4739
180.169.147.146 - - [23/Sep/2022:09:16:13 +0800] "GET /xingrg/javascript/jquery_ui/themes/humanity/humanity.css HTTP/1.1" 200 27801
180.169.147.146 - - [23/Sep/2022:09:16:13 +0800] "GET /xingrg/javascript/myfunction.js HTTP/1.1" 200 24559
180.169.147.146 - - [23/Sep/2022:09:16:13 +0800] "GET /xingrg/javascript/json2.js HTTP/1.1" 200 11259
180.169.147.146 - - [23/Sep/2022:09:16:13 +0800] "GET /xingrg/javascript/jquery_easy_ui/themes/icons/back_new.png HTTP/1.1" 200 3414
180.169.147.146 - - [23/Sep/2022:09:16:14 +0800] "GET /xingrg/all/report/report_query.html?fileName=kc/buy/gys_amount_base_rest.xml HTTP/1.1" 200 51664
180.169.147.146 - - [23/Sep/2022:09:16:14 +0800] "GET /xingrg/javascript/multi_select/jqueryMultiSelect.css HTTP/1.1" 200 951
180.169.147.146 - - [23/Sep/2022:09:16:14 +0800] "GET /xingrg/javascript/calendar/timePicker.css HTTP/1.1" 200 523
180.169.147.146 - - [23/Sep/2022:09:16:14 +0800] "GET /xingrg/javascript/bigrid/fix.css HTTP/1.1" 200 1702
180.169.147.146 - - [23/Sep/2022:09:16:14 +0800] "GET /xingrg/dwr/interface/AjaxReportQueryService.js HTTP/1.1" 200 13203
180.169.147.146 - - [23/Sep/2022:09:16:14 +0800] "GET /xingrg/dwr/util.js HTTP/1.1" 200 35990
180.169.147.146 - - [23/Sep/2022:09:16:14 +0800] "GET /xingrg/dwr/engine.js HTTP/1.1" 200 43631
180.169.147.146 - - [23/Sep/2022:09:16:14 +0800] "GET /xingrg/javascript/jqueryMultiSelect.js HTTP/1.1" 200 11866
180.169.147.146 - - [23/Sep/2022:09:16:14 +0800] "GET /xingrg/javascript/calendar/jquery.timePicker.min.js HTTP/1.1" 200 2997
180.169.147.146 - - [23/Sep/2022:09:16:14 +0800] "GET /xingrg/javascript/Calendar.js HTTP/1.1" 200 31561
180.169.147.146 - - [23/Sep/2022:09:16:14 +0800] "GET /xingrg/javascript/bigrid/fix.js HTTP/1.1" 200 6439
180.169.147.146 - - [23/Sep/2022:09:16:14 +0800] "GET /xingrg/images/blue/button/back2over.gif HTTP/1.1" 200 1335
180.169.147.146 - - [23/Sep/2022:09:16:14 +0800] "GET /xingrg/images/blue/button/advanceover.gif HTTP/1.1" 200 1347
180.169.147.146 - - [23/Sep/2022:09:16:14 +0800] "GET /xingrg/images/control/loading.gif HTTP/1.1" 200 13463
180.169.147.146 - - [23/Sep/2022:09:16:14 +0800] "GET /xingrg/images/blue/button/advance2over.gif HTTP/1.1" 200 1336
180.169.147.146 - - [23/Sep/2022:09:16:14 +0800] "GET /xingrg/images/blue/button/backover.gif HTTP/1.1" 200 1348
180.169.147.146 - - [23/Sep/2022:09:16:14 +0800] "GET /xingrg/javascript/jquery_easy_ui/themes/icons/help.png HTTP/1.1" 200 1187
180.169.147.146 - - [23/Sep/2022:09:16:14 +0800] "POST /xingrg/dwr/call/plaincall/AjaxReportQueryService.getFixDate.dwr HTTP/1.1" 200 111
180.169.147.146 - - [23/Sep/2022:09:16:14 +0800] "GET /xingrg/javascript/jquery_easy_ui/themes/default/images/menu_downarrow.png HTTP/1.1" 200 173
180.169.147.146 - - [23/Sep/2022:09:16:14 +0800] "GET /xingrg/javascript/jquery_easy_ui/themes/default/images/button_a_bg.gif HTTP/1.1" 200 1194
180.169.147.146 - - [23/Sep/2022:09:16:14 +0800] "GET /xingrg/javascript/jquery_easy_ui/themes/default/images/menu.gif HTTP/1.1" 200 834
180.169.147.146 - - [23/Sep/2022:09:16:14 +0800] "GET /xingrg/javascript/jquery_easy_ui/themes/icons/print.png HTTP/1.1" 200 1057
180.169.147.146 - - [23/Sep/2022:09:16:14 +0800] "GET /xingrg/javascript/jquery_easy_ui/themes/default/images/menu_rightarrow.png HTTP/1.1" 200 3617
180.169.147.146 - - [23/Sep/2022:09:16:14 +0800] "GET /xingrg/javascript/jquery_easy_ui/themes/icons/pencil.png HTTP/1.1" 200 713
180.169.147.146 - - [23/Sep/2022:09:16:15 +0800] "POST /xingrg/all/common/load_tree.html?tree=area_rest_tree_json&manage=1 HTTP/1.1" 200 3472
180.169.147.146 - - [23/Sep/2022:09:16:15 +0800] "GET /xingrg/javascript/jquery_easy_ui/themes/default/images/combo_arrow_dot.gif HTTP/1.1" 200 79
180.169.147.146 - - [23/Sep/2022:09:16:15 +0800] "GET /xingrg/javascript/jquery_easy_ui/themes/default/images/tree_checkbox_0.gif HTTP/1.1" 200 168
180.169.147.146 - - [23/Sep/2022:09:16:15 +0800] "GET /xingrg/javascript/jquery_easy_ui/themes/icons/rest.png HTTP/1.1" 200 695
180.169.147.146 - - [23/Sep/2022:09:16:15 +0800] "POST /xingrg/all/common/load_tree.html?tree=supplier_tree_json&manage=1 HTTP/1.1" 200 70006
180.169.147.146 - - [23/Sep/2022:09:16:17 +0800] "GET /xingrg/javascript/jquery_easy_ui/themes/icons/area.png HTTP/1.1" 200 262
180.169.147.146 - - [23/Sep/2022:09:16:17 +0800] "GET /xingrg/javascript/jquery_easy_ui/themes/icons/manage.png HTTP/1.1" 200 696
116.230.114.213 - - [23/Sep/2022:09:16:20 +0800] "GET /xingrg/all/function/internal_message.html?_=1663895795575&CODE_STATE=getMsg HTTP/1.1" 302 -
116.225.121.189 - - [23/Sep/2022:09:16:22 +0800] "GET /xingrg/all/function/internal_message.html?_=1663895780371&CODE_STATE=getMsg HTTP/1.1" 200 27
116.224.255.128 - - [23/Sep/2022:09:16:22 +0800] "GET /xingrg/all/function/internal_message.html?_=1663895779935&CODE_STATE=getMsg HTTP/1.1" 200 27
116.225.121.189 - - [23/Sep/2022:09:16:23 +0800] "GET /xingrg/all/function/internal_message.html?_=1663895639554&CODE_STATE=getMsg HTTP/1.1" 200 27
180.169.147.146 - - [23/Sep/2022:09:16:27 +0800] "GET /xingrg/javascript/jquery_easy_ui/themes/default/images/tree_checkbox_1.gif HTTP/1.1" 200 174
180.169.147.146 - - [23/Sep/2022:09:16:27 +0800] "GET /xingrg/javascript/jquery_easy_ui/themes/default/images/tree_checkbox_2.gif HTTP/1.1" 200 181
180.169.147.146 - - [23/Sep/2022:09:16:28 +0800] "POST /xingrg/dwr/call/plaincall/AjaxReportQueryService.refreshCache.dwr HTTP/1.1" 200 78
180.169.147.146 - - [23/Sep/2022:09:16:29 +0800] "GET /xingrg/javascript/jquery_easy_ui/themes/default/images/button_plain_hover.png HTTP/1.1" 200 252
180.169.147.146 - - [23/Sep/2022:09:16:29 +0800] "POST /xingrg/all/report/load_report_page.html HTTP/1.1" 200 49854
180.169.147.146 - - [23/Sep/2022:09:16:29 +0800] "GET /xingrg/servlets/image?cache=0.5751522054108228&image=px HTTP/1.1" 200 807
180.169.147.146 - - [23/Sep/2022:09:16:31 +0800] "POST /xingrg/all/report/report_print.html HTTP/1.1" 200 7168
116.230.114.213 - - [23/Sep/2022:09:16:36 +0800] "GET /xingrg/all/function/internal_message.html?_=1663895815417&CODE_STATE=getMsg HTTP/1.1" 200 27
61.170.232.128 - - [23/Sep/2022:09:16:41 +0800] "GET /xingrg/all/function/internal_message.html?_=1663895790587&CODE_STATE=getMsg HTTP/1.1" 200 27
120.253.135.82 - - [23/Sep/2022:09:16:55 +0800] "GET /xingrg/all/function/internal_message.html?_=1663895612091&CODE_STATE=getMsg HTTP/1.1" 200 27
116.224.255.128 - - [23/Sep/2022:09:16:56 +0800] "GET /xingrg/all/function/internal_message.html?_=1663895742678&CODE_STATE=getMsg HTTP/1.1" 200 27
124.79.74.72 - - [23/Sep/2022:09:16:57 +0800] "GET /xingrg/all/function/internal_message.html?_=1663895814862&CODE_STATE=getMsg HTTP/1.1" 200 27
180.169.147.146 - - [23/Sep/2022:09:17:10 +0800] "GET /xingrg/all/function/internal_message.html?_=1663895824269&CODE_STATE=getMsg HTTP/1.1" 200 27
180.169.147.146 - - [23/Sep/2022:09:17:10 +0800] "GET /xingrg/check_reg.html?_=1663895824271 HTTP/1.1" 200 22
180.169.147.146 - - [23/Sep/2022:09:17:11 +0800] "GET /xingrg/all/function/internal_message.html?_=1663895828936&CODE_STATE=getMsg HTTP/1.1" 200 27
116.230.114.213 - - [23/Sep/2022:09:17:20 +0800] "GET /xingrg/all/function/internal_message.html?_=1663895855620&CODE_STATE=getMsg HTTP/1.1" 302 -
116.225.121.189 - - [23/Sep/2022:09:17:22 +0800] "GET /xingrg/all/function/internal_message.html?_=1663895840346&CODE_STATE=getMsg HTTP/1.1" 200 27
116.224.255.128 - - [23/Sep/2022:09:17:22 +0800] "GET /xingrg/all/function/internal_message.html?_=1663895839938&CODE_STATE=getMsg HTTP/1.1" 200 27
116.224.255.128 - - [23/Sep/2022:09:17:23 +0800] "GET /xingrg/kc/buy/cgsh_order_operate.html?command=get_materiel&rest_code=00150&code=00101015021&supplier_code=00100054&order_time=2022-09-23 HTTP/1.1" 200 408
116.225.121.189 - - [23/Sep/2022:09:17:23 +0800] "GET /xingrg/all/function/internal_message.html?_=1663895699554&CODE_STATE=getMsg HTTP/1.1" 200 27
116.225.121.189 - - [23/Sep/2022:09:17:23 +0800] "GET /xingrg/check_reg.html?_=1663895699558 HTTP/1.1" 200 22
116.230.114.213 - - [23/Sep/2022:09:17:36 +0800] "GET /xingrg/all/function/internal_message.html?_=1663895875636&CODE_STATE=getMsg HTTP/1.1" 200 27
61.170.232.128 - - [23/Sep/2022:09:17:41 +0800] "GET /xingrg/all/function/internal_message.html?_=1663895850559&CODE_STATE=getMsg HTTP/1.1" 200 27
180.169.147.146 - - [23/Sep/2022:09:17:41 +0800] "POST /xingrg/dwr/call/plaincall/AjaxReportQueryService.refreshCache.dwr HTTP/1.1" 200 78
180.169.147.146 - - [23/Sep/2022:09:17:42 +0800] "POST /xingrg/all/report/load_report_page.html HTTP/1.1" 200 49906
180.169.147.146 - - [23/Sep/2022:09:17:42 +0800] "GET /xingrg/servlets/image?cache=0.45529898056460283&image=px HTTP/1.1" 200 807
180.169.147.146 - - [23/Sep/2022:09:17:50 +0800] "POST /xingrg/dwr/call/plaincall/AjaxReportQueryService.refreshCache.dwr HTTP/1.1" 200 78
180.169.147.146 - - [23/Sep/2022:09:17:51 +0800] "POST /xingrg/all/report/load_report_page.html HTTP/1.1" 200 49872
180.169.147.146 - - [23/Sep/2022:09:17:51 +0800] "GET /xingrg/servlets/image?cache=0.19232359629847906&image=px HTTP/1.1" 200 807
120.253.135.82 - - [23/Sep/2022:09:17:55 +0800] "GET /xingrg/all/function/internal_message.html?_=1663895672091&CODE_STATE=getMsg HTTP/1.1" 200 27
124.79.74.72 - - [23/Sep/2022:09:17:57 +0800] "GET /xingrg/all/function/internal_message.html?_=1663895874848&CODE_STATE=getMsg HTTP/1.1" 200 27
116.224.255.128 - - [23/Sep/2022:09:18:00 +0800] "POST /xingrg/kc/buy/cgsh_order_operate.html HTTP/1.1" 200 37
116.224.255.128 - - [23/Sep/2022:09:18:04 +0800] "POST /xingrg/kc/buy/cgsh_order_operate.html HTTP/1.1" 200 12
116.224.255.128 - - [23/Sep/2022:09:18:06 +0800] "GET /xingrg/kc/buy/cgsh_order_info.html?code=212022092308261 HTTP/1.1" 200 63696
116.224.255.128 - - [23/Sep/2022:09:18:06 +0800] "GET /xingrg/javascript/easyui/themes/default/validatebox.css HTTP/1.1" 404 1104
116.224.255.128 - - [23/Sep/2022:09:18:06 +0800] "GET /xingrg/all/function/internal_message.html?_=1663895812540&CODE_STATE=getMsg HTTP/1.1" 200 27
116.224.255.128 - - [23/Sep/2022:09:18:07 +0800] "POST /xingrg/kc/buy/cgsh_order_operate.html HTTP/1.1" 200 1192
116.238.169.132 - - [23/Sep/2022:09:18:09 +0800] "GET /xingrg/kc/buy/cgsh_order_operate.html?command=get_materiel&rest_code=00102&code=00101007061&supplier_code=00100096&order_time=2022-09-23 HTTP/1.1" 200 411
116.224.255.128 - - [23/Sep/2022:09:18:09 +0800] "GET /xingrg/kc/print/load_data.html?order_code=212022092308261&kc_code=cgsh&condition= HTTP/1.1" 200 949
180.169.147.146 - - [23/Sep/2022:09:18:10 +0800] "GET /xingrg/all/function/internal_message.html?_=1663895884255&CODE_STATE=getMsg HTTP/1.1" 200 27
180.169.147.146 - - [23/Sep/2022:09:18:11 +0800] "GET /xingrg/all/function/internal_message.html?_=1663895888955&CODE_STATE=getMsg HTTP/1.1" 200 27
116.230.114.213 - - [23/Sep/2022:09:18:20 +0800] "GET /xingrg/all/function/internal_message.html?_=1663895915633&CODE_STATE=getMsg HTTP/1.1" 302 -
116.225.121.189 - - [23/Sep/2022:09:18:21 +0800] "GET /xingrg/check_reg.html?_=1663895899752 HTTP/1.1" 200 22
116.225.121.189 - - [23/Sep/2022:09:18:21 +0800] "GET /xingrg/all/function/internal_message.html?_=1663895900322&CODE_STATE=getMsg HTTP/1.1" 200 27
116.224.255.128 - - [23/Sep/2022:09:18:22 +0800] "GET /xingrg/all/function/internal_message.html?_=1663895899948&CODE_STATE=getMsg HTTP/1.1" 200 27
116.225.121.189 - - [23/Sep/2022:09:18:23 +0800] "GET /xingrg/all/function/internal_message.html?_=1663895759557&CODE_STATE=getMsg HTTP/1.1" 200 27
116.238.169.132 - - [23/Sep/2022:09:18:25 +0800] "GET /xingrg/kc/buy/cgsh_order_operate.html?command=get_materiel&rest_code=00102&code=00101007049&supplier_code=00100096&order_time=2022-09-23 HTTP/1.1" 200 409
116.230.114.213 - - [23/Sep/2022:09:18:26 +0800] "GET /xingrg/check_reg.html?_=1663895925370 HTTP/1.1" 200 22
116.238.169.132 - - [23/Sep/2022:09:18:33 +0800] "GET /xingrg/kc/buy/cgsh_order_operate.html?command=get_materiel&rest_code=00102&code=00101006055&supplier_code=00100096&order_time=2022-09-23 HTTP/1.1" 200 409
116.230.114.213 - - [23/Sep/2022:09:18:36 +0800] "GET /xingrg/all/function/internal_message.html?_=1663895935648&CODE_STATE=getMsg HTTP/1.1" 200 27
114.84.81.136 - - [23/Sep/2022:09:18:37 +0800] "GET /favicon.ico HTTP/1.1" 404 -
61.170.232.128 - - [23/Sep/2022:09:18:41 +0800] "GET /xingrg/all/function/internal_message.html?_=1663895910534&CODE_STATE=getMsg HTTP/1.1" 200 27
116.238.169.132 - - [23/Sep/2022:09:18:44 +0800] "GET /xingrg/kc/buy/cgsh_order_operate.html?command=get_materiel&rest_code=00102&code=00101006111&supplier_code=00100096&order_time=2022-09-23 HTTP/1.1" 200 410
116.224.255.128 - - [23/Sep/2022:09:18:47 +0800] "GET /xingrg/kc/buy/cgsh_order_operate.html?command=get_materiel&rest_code=00150&code=00101008318&supplier_code=00100008&order_time=2022-09-23 HTTP/1.1" 200 408
120.253.135.82 - - [23/Sep/2022:09:18:52 +0800] "GET /xingrg/check_reg.html?_=1663895729432 HTTP/1.1" 200 22
120.253.135.82 - - [23/Sep/2022:09:18:55 +0800] "GET /xingrg/all/function/internal_message.html?_=1663895732105&CODE_STATE=getMsg HTTP/1.1" 200 27
124.79.74.72 - - [23/Sep/2022:09:18:57 +0800] "GET /xingrg/all/function/internal_message.html?_=1663895934833&CODE_STATE=getMsg HTTP/1.1" 200 27
116.224.255.128 - - [23/Sep/2022:09:19:06 +0800] "GET /xingrg/all/function/internal_message.html?_=1663895872553&CODE_STATE=getMsg HTTP/1.1" 200 27
180.169.147.146 - - [23/Sep/2022:09:19:10 +0800] "GET /xingrg/all/function/internal_message.html?_=1663895944294&CODE_STATE=getMsg HTTP/1.1" 200 27
180.169.147.146 - - [23/Sep/2022:09:19:11 +0800] "GET /xingrg/all/function/internal_message.html?_=1663895948952&CODE_STATE=getMsg HTTP/1.1" 200 27
116.224.255.128 - - [23/Sep/2022:09:19:18 +0800] "GET /xingrg/kc/buy/cgsh_order_operate.html?command=get_materiel&rest_code=00150&code=00101008352&supplier_code=00100008&order_time=2022-09-23 HTTP/1.1" 200 412
116.230.114.213 - - [23/Sep/2022:09:19:20 +0800] "GET /xingrg/all/function/internal_message.html?_=1663895975677&CODE_STATE=getMsg HTTP/1.1" 302 -
116.225.121.189 - - [23/Sep/2022:09:19:21 +0800] "GET /xingrg/all/function/internal_message.html?_=1663895960304&CODE_STATE=getMsg HTTP/1.1" 200 27
116.224.255.128 - - [23/Sep/2022:09:19:22 +0800] "GET /xingrg/all/function/internal_message.html?_=1663895959958&CODE_STATE=getMsg HTTP/1.1" 200 27
116.225.121.189 - - [23/Sep/2022:09:19:23 +0800] "GET /xingrg/all/function/internal_message.html?_=1663895819558&CODE_STATE=getMsg HTTP/1.1" 200 27
116.224.255.128 - - [23/Sep/2022:09:19:27 +0800] "GET /xingrg/kc/buy/cgsh_order_operate.html?command=get_materiel&rest_code=00150&code=00101008271&supplier_code=00100008&order_time=2022-09-23 HTTP/1.1" 200 408
116.238.169.132 - - [23/Sep/2022:09:19:27 +0800] "GET /xingrg/check_reg.html?_=1663895965318 HTTP/1.1" 200 22
116.224.255.128 - - [23/Sep/2022:09:19:36 +0800] "POST /xingrg/kc/buy/cgsh_order_operate.html HTTP/1.1" 200 37
116.230.114.213 - - [23/Sep/2022:09:19:36 +0800] "GET /xingrg/all/function/internal_message.html?_=1663895995661&CODE_STATE=getMsg HTTP/1.1" 200 27
116.225.121.189 - - [23/Sep/2022:09:19:37 +0800] "GET /xingrg/kc/mdqp/pssh_order_list.html HTTP/1.1" 200 17941
116.225.121.189 - - [23/Sep/2022:09:19:37 +0800] "POST /xingrg/kc/mdqp/pssh_list_operate.html HTTP/1.1" 200 5438
116.238.169.132 - - [23/Sep/2022:09:19:38 +0800] "GET /xingrg/kc/buy/cgsh_order_operate.html?command=get_materiel&rest_code=00102&code=00101007001&supplier_code=00100096&order_time=2022-09-23 HTTP/1.1" 200 409
116.224.255.128 - - [23/Sep/2022:09:19:39 +0800] "POST /xingrg/kc/buy/cgsh_order_operate.html HTTP/1.1" 200 25754
116.225.121.189 - - [23/Sep/2022:09:19:40 +0800] "POST /xingrg/kc/mdqp/pssh_list_operate.html HTTP/1.1" 200 761
116.225.121.189 - - [23/Sep/2022:09:19:40 +0800] "GET /xingrg/kc/mdqp/pssh_order_info.html?code=312022092100499 HTTP/1.1" 200 14386
116.225.121.189 - - [23/Sep/2022:09:19:40 +0800] "GET /xingrg/javascript/jquery_tools/jquery-1.4.2.min.js HTTP/1.1" 404 1094
116.225.121.189 - - [23/Sep/2022:09:19:40 +0800] "POST /xingrg/kc/mdqp/pssh_order_operate.html HTTP/1.1" 200 8941
116.225.121.189 - - [23/Sep/2022:09:19:40 +0800] "GET /xingrg/javascript/easyui/themes/default/validatebox.css HTTP/1.1" 404 1104
61.170.232.128 - - [23/Sep/2022:09:19:41 +0800] "GET /xingrg/all/function/internal_message.html?_=1663895970504&CODE_STATE=getMsg HTTP/1.1" 200 27
116.238.169.132 - - [23/Sep/2022:09:19:51 +0800] "GET /xingrg/kc/buy/cgsh_order_operate.html?command=get_materiel&rest_code=00102&code=00101007077&supplier_code=00100096&order_time=2022-09-23 HTTP/1.1" 200 415
116.238.169.132 - - [23/Sep/2022:09:19:54 +0800] "POST /xingrg/services/DataTransmitService HTTP/1.1" 200 524
120.253.135.82 - - [23/Sep/2022:09:19:55 +0800] "GET /xingrg/all/function/internal_message.html?_=1663895792119&CODE_STATE=getMsg HTTP/1.1" 200 27
116.224.255.128 - - [23/Sep/2022:09:19:56 +0800] "GET /xingrg/check_reg.html?_=1663895922646 HTTP/1.1" 200 22
124.79.74.72 - - [23/Sep/2022:09:19:57 +0800] "GET /xingrg/all/function/internal_message.html?_=1663895994819&CODE_STATE=getMsg HTTP/1.1" 200 27
116.224.255.128 - - [23/Sep/2022:09:20:06 +0800] "GET /xingrg/all/function/internal_message.html?_=1663895932567&CODE_STATE=getMsg HTTP/1.1" 200 27
180.169.147.146 - - [23/Sep/2022:09:20:10 +0800] "GET /xingrg/all/function/internal_message.html?_=1663896004293&CODE_STATE=getMsg HTTP/1.1" 200 27
180.169.147.146 - - [23/Sep/2022:09:20:11 +0800] "GET /xingrg/all/function/internal_message.html?_=1663896008950&CODE_STATE=getMsg HTTP/1.1" 200 27
124.79.74.72 - - [23/Sep/2022:09:20:12 +0800] "GET /xingrg/check_reg.html?_=1663896009789 HTTP/1.1" 200 22
116.230.114.213 - - [23/Sep/2022:09:20:20 +0800] "GET /xingrg/all/function/internal_message.html?_=1663896035692&CODE_STATE=getMsg HTTP/1.1" 302 -
116.225.121.189 - - [23/Sep/2022:09:20:21 +0800] "GET /xingrg/all/function/internal_message.html?_=1663896020314&CODE_STATE=getMsg HTTP/1.1" 200 27
116.224.255.128 - - [23/Sep/2022:09:20:22 +0800] "GET /xingrg/all/function/internal_message.html?_=1663896019961&CODE_STATE=getMsg HTTP/1.1" 200 27
116.224.255.128 - - [23/Sep/2022:09:20:22 +0800] "GET /xingrg/check_reg.html?_=1663896019964 HTTP/1.1" 200 22
116.225.121.189 - - [23/Sep/2022:09:20:23 +0800] "GET /xingrg/all/function/internal_message.html?_=1663895879560&CODE_STATE=getMsg HTTP/1.1" 200 27
116.230.114.213 - - [23/Sep/2022:09:20:36 +0800] "GET /xingrg/all/function/internal_message.html?_=1663896055831&CODE_STATE=getMsg HTTP/1.1" 200 27
61.170.232.128 - - [23/Sep/2022:09:20:41 +0800] "GET /xingrg/all/function/internal_message.html?_=1663896030474&CODE_STATE=getMsg HTTP/1.1" 200 27
61.170.232.128 - - [23/Sep/2022:09:20:49 +0800] "GET /xingrg/check_reg.html?_=1663896038886 HTTP/1.1" 200 22
120.253.135.82 - - [23/Sep/2022:09:20:55 +0800] "GET /xingrg/all/function/internal_message.html?_=1663895852132&CODE_STATE=getMsg HTTP/1.1" 200 27
124.79.74.72 - - [23/Sep/2022:09:20:57 +0800] "GET /xingrg/all/function/internal_message.html?_=1663896054790&CODE_STATE=getMsg HTTP/1.1" 200 27
116.224.255.128 - - [23/Sep/2022:09:21:06 +0800] "GET /xingrg/all/function/internal_message.html?_=1663895992581&CODE_STATE=getMsg HTTP/1.1" 200 27
180.169.147.146 - - [23/Sep/2022:09:21:10 +0800] "GET /xingrg/all/function/internal_message.html?_=1663896064292&CODE_STATE=getMsg HTTP/1.1" 200 27
180.169.147.146 - - [23/Sep/2022:09:21:11 +0800] "GET /xingrg/check_reg.html?_=1663896068945 HTTP/1.1" 200 22
180.169.147.146 - - [23/Sep/2022:09:21:11 +0800] "GET /xingrg/all/function/internal_message.html?_=1663896068947&CODE_STATE=getMsg HTTP/1.1" 200 27
116.230.114.213 - - [23/Sep/2022:09:21:12 +0800] "GET /xingrg/check_reg.html?_=1663896087499 HTTP/1.1" 302 -
116.230.114.213 - - [23/Sep/2022:09:21:20 +0800] "GET /xingrg/all/function/internal_message.html?_=1663896095705&CODE_STATE=getMsg HTTP/1.1" 302 -
116.225.121.189 - - [23/Sep/2022:09:21:21 +0800] "GET /xingrg/all/function/internal_message.html?_=1663896080263&CODE_STATE=getMsg HTTP/1.1" 200 27
116.224.255.128 - - [23/Sep/2022:09:21:22 +0800] "GET /xingrg/all/function/internal_message.html?_=1663896079964&CODE_STATE=getMsg HTTP/1.1" 200 27
116.225.121.189 - - [23/Sep/2022:09:21:23 +0800] "GET /xingrg/all/function/internal_message.html?_=1663895939567&CODE_STATE=getMsg HTTP/1.1" 200 27
116.230.114.213 - - [23/Sep/2022:09:21:37 +0800] "GET /xingrg/all/function/internal_message.html?_=1663896115845&CODE_STATE=getMsg HTTP/1.1" 200 27
61.170.232.128 - - [23/Sep/2022:09:21:41 +0800] "GET /xingrg/all/function/internal_message.html?_=1663896090450&CODE_STATE=getMsg HTTP/1.1" 200 27
120.253.135.82 - - [23/Sep/2022:09:21:55 +0800] "GET /xingrg/all/function/internal_message.html?_=1663895912259&CODE_STATE=getMsg HTTP/1.1" 200 27
124.79.74.72 - - [23/Sep/2022:09:21:57 +0800] "GET /xingrg/all/function/internal_message.html?_=1663896114776&CODE_STATE=getMsg HTTP/1.1" 200 27
116.224.255.128 - - [23/Sep/2022:09:22:06 +0800] "GET /xingrg/all/function/internal_message.html?_=1663896052616&CODE_STATE=getMsg HTTP/1.1" 200 27
180.169.147.146 - - [23/Sep/2022:09:22:10 +0800] "GET /xingrg/all/function/internal_message.html?_=1663896124290&CODE_STATE=getMsg HTTP/1.1" 200 27
180.169.147.146 - - [23/Sep/2022:09:22:10 +0800] "GET /xingrg/check_reg.html?_=1663896124292 HTTP/1.1" 200 22
180.169.147.146 - - [23/Sep/2022:09:22:11 +0800] "GET /xingrg/all/function/internal_message.html?_=1663896128943&CODE_STATE=getMsg HTTP/1.1" 200 27
116.230.114.213 - - [23/Sep/2022:09:22:20 +0800] "GET /xingrg/all/function/internal_message.html?_=1663896155752&CODE_STATE=getMsg HTTP/1.1" 302 -
116.225.121.189 - - [23/Sep/2022:09:22:21 +0800] "GET /xingrg/all/function/internal_message.html?_=1663896140237&CODE_STATE=getMsg HTTP/1.1" 200 27
116.224.255.128 - - [23/Sep/2022:09:22:22 +0800] "GET /xingrg/all/function/internal_message.html?_=1663896139984&CODE_STATE=getMsg HTTP/1.1" 200 27
116.224.255.128 - - [23/Sep/2022:09:22:23 +0800] "GET /xingrg/kc/buy/cgsh_order_operate.html?command=get_materiel&rest_code=00150&code=00101008353&supplier_code=00100008&order_time=2022-09-23 HTTP/1.1" 200 428
116.225.121.189 - - [23/Sep/2022:09:22:23 +0800] "GET /xingrg/check_reg.html?_=1663895999567 HTTP/1.1" 200 22
116.225.121.189 - - [23/Sep/2022:09:22:24 +0800] "GET /xingrg/all/function/internal_message.html?_=1663895999570&CODE_STATE=getMsg HTTP/1.1" 200 27
116.224.255.128 - - [23/Sep/2022:09:22:32 +0800] "GET /xingrg/kc/buy/cgsh_order_operate.html?command=get_materiel&rest_code=00150&code=00101008291&supplier_code=00100008&order_time=2022-09-23 HTTP/1.1" 200 408
116.230.114.213 - - [23/Sep/2022:09:22:37 +0800] "GET /xingrg/all/function/internal_message.html?_=1663896176036&CODE_STATE=getMsg HTTP/1.1" 200 27
61.170.232.128 - - [23/Sep/2022:09:22:41 +0800] "GET /xingrg/all/function/internal_message.html?_=1663896150429&CODE_STATE=getMsg HTTP/1.1" 200 27
116.224.255.128 - - [23/Sep/2022:09:22:42 +0800] "GET /xingrg/kc/buy/cgsh_order_operate.html?command=get_materiel&rest_code=00150&code=00101008312&supplier_code=00100008&order_time=2022-09-23 HTTP/1.1" 200 412
116.224.255.128 - - [23/Sep/2022:09:22:52 +0800] "GET /xingrg/kc/buy/cgsh_order_operate.html?command=get_materiel&rest_code=00150&code=00101008344&supplier_code=00100008&order_time=2022-09-23 HTTP/1.1" 200 412
120.253.135.82 - - [23/Sep/2022:09:22:55 +0800] "GET /xingrg/all/function/internal_message.html?_=1663895972269&CODE_STATE=getMsg HTTP/1.1" 200 27
124.79.74.72 - - [23/Sep/2022:09:22:57 +0800] "GET /xingrg/all/function/internal_message.html?_=1663896174762&CODE_STATE=getMsg HTTP/1.1" 200 27
116.224.255.128 - - [23/Sep/2022:09:22:59 +0800] "GET /xingrg/kc/buy/cgsh_order_operate.html?command=get_materiel&rest_code=00150&code=00101008399&supplier_code=00100008&order_time=2022-09-23 HTTP/1.1" 200 409
116.224.255.128 - - [23/Sep/2022:09:23:06 +0800] "GET /xingrg/all/function/internal_message.html?_=1663896112625&CODE_STATE=getMsg HTTP/1.1" 200 27
180.169.147.146 - - [23/Sep/2022:09:23:07 +0800] "POST /xingrg/dwr/call/plaincall/AjaxReportQueryService.refreshCache.dwr HTTP/1.1" 200 78
180.169.147.146 - - [23/Sep/2022:09:23:08 +0800] "POST /xingrg/all/report/load_report_page.html HTTP/1.1" 200 49494
180.169.147.146 - - [23/Sep/2022:09:23:08 +0800] "GET /xingrg/servlets/image?cache=0.7711752614201993&image=px HTTP/1.1" 200 807
116.224.255.128 - - [23/Sep/2022:09:23:08 +0800] "POST /xingrg/kc/buy/cgsh_order_operate.html HTTP/1.1" 200 2065
180.169.147.146 - - [23/Sep/2022:09:23:10 +0800] "GET /xingrg/all/function/internal_message.html?_=1663896184289&CODE_STATE=getMsg HTTP/1.1" 200 27
180.169.147.146 - - [23/Sep/2022:09:23:11 +0800] "GET /xingrg/all/function/internal_message.html?_=1663896188943&CODE_STATE=getMsg HTTP/1.1" 200 27
114.84.81.136 - - [23/Sep/2022:09:23:18 +0800] "GET /xingrg/check_reg.html?_=1663896195478 HTTP/1.1" 200 22
61.170.232.128 - - [23/Sep/2022:09:23:18 +0800] "GET /xingrg/login.html?r=1 HTTP/1.1" 200 7641
61.170.232.128 - - [23/Sep/2022:09:23:19 +0800] "GET /favicon.ico HTTP/1.1" 404 -
116.230.114.213 - - [23/Sep/2022:09:23:20 +0800] "GET /xingrg/all/function/internal_message.html?_=1663896215764&CODE_STATE=getMsg HTTP/1.1" 302 -
116.224.255.128 - - [23/Sep/2022:09:23:21 +0800] "GET /xingrg/kc/buy/cgsh_order_operate.html?command=get_materiel&rest_code=00150&code=00101008150&supplier_code=00100008&order_time=2022-09-23 HTTP/1.1" 200 409
116.225.121.189 - - [23/Sep/2022:09:23:21 +0800] "GET /xingrg/check_reg.html?_=1663896199760 HTTP/1.1" 200 22
61.170.232.128 - - [23/Sep/2022:09:23:21 +0800] "POST /xingrg/login.do HTTP/1.1" 302 -
61.170.232.128 - - [23/Sep/2022:09:23:21 +0800] "GET /xingrg/index.html?sysBaseUrl=http%3A%2F%2F180.169.147.146%3A18081%2Fxingrg%2F&costTime=48×tamp=1663896201498 HTTP/1.1" 200 17173
61.170.232.128 - - [23/Sep/2022:09:23:21 +0800] "GET /favicon.ico HTTP/1.1" 404 -
116.225.121.189 - - [23/Sep/2022:09:23:21 +0800] "GET /xingrg/all/function/internal_message.html?_=1663896200210&CODE_STATE=getMsg HTTP/1.1" 200 27
61.170.232.128 - - [23/Sep/2022:09:23:22 +0800] "POST /xingrg/all/common/load_tree.html?tree=area_rest_tree_json&manage=1 HTTP/1.1" 200 342
61.170.232.128 - - [23/Sep/2022:09:23:22 +0800] "GET /xingrg/all/function/internal_message.html?_=1663896201997&CODE_STATE=count HTTP/1.1" 200 11
61.170.232.128 - - [23/Sep/2022:09:23:22 +0800] "GET /xingrg/check_reg.html?_=1663896201998 HTTP/1.1" 200 22
61.170.232.128 - - [23/Sep/2022:09:23:22 +0800] "POST /xingrg/load_menu.html HTTP/1.1" 200 5138
116.224.255.128 - - [23/Sep/2022:09:23:22 +0800] "GET /xingrg/all/function/internal_message.html?_=1663896199981&CODE_STATE=getMsg HTTP/1.1" 200 27
116.225.121.189 - - [23/Sep/2022:09:23:23 +0800] "GET /xingrg/all/function/internal_message.html?_=1663896059554&CODE_STATE=getMsg HTTP/1.1" 200 27
61.170.232.128 - - [23/Sep/2022:09:23:24 +0800] "GET /xingrg/kc/mdqp/qp_main.html HTTP/1.1" 200 10633
61.170.232.128 - - [23/Sep/2022:09:23:26 +0800] "GET /xingrg/images/yd/bt.gif HTTP/1.1" 404 1040
61.170.232.128 - - [23/Sep/2022:09:23:26 +0800] "GET /xingrg/kc/mdqp/qqps_order_list.html HTTP/1.1" 200 9222
116.230.114.213 - - [23/Sep/2022:09:23:26 +0800] "GET /xingrg/check_reg.html?_=1663896225373 HTTP/1.1" 200 22
61.170.232.128 - - [23/Sep/2022:09:23:26 +0800] "GET /xingrg/dwr/interface/AjaxQqpsService.js HTTP/1.1" 200 16326
61.170.232.128 - - [23/Sep/2022:09:23:26 +0800] "GET /xingrg/dwr/interface/AjaxReportQueryService.js HTTP/1.1" 200 13203
61.170.232.128 - - [23/Sep/2022:09:23:26 +0800] "GET /xingrg/dwr/engine.js HTTP/1.1" 200 43631
114.84.81.136 - - [23/Sep/2022:09:23:31 +0800] "GET /xingrg/kc/base/base_main.html HTTP/1.1" 200 12142
61.170.232.128 - - [23/Sep/2022:09:23:31 +0800] "GET /xingrg/kc/mdqp/qp_main.html HTTP/1.1" 200 10633
114.84.81.136 - - [23/Sep/2022:09:23:31 +0800] "GET /xingrg/kc/mdqp/qp_main.html HTTP/1.1" 200 10633
114.84.81.136 - - [23/Sep/2022:09:23:32 +0800] "GET /xingrg/images/yd/bt.gif HTTP/1.1" 404 1040
114.84.81.136 - - [23/Sep/2022:09:23:32 +0800] "GET /xingrg/kc/mdqp/qqps_order_list.html HTTP/1.1" 200 9222
114.84.81.136 - - [23/Sep/2022:09:23:32 +0800] "GET /xingrg/dwr/interface/AjaxQqpsService.js HTTP/1.1" 200 16326
114.84.81.136 - - [23/Sep/2022:09:23:32 +0800] "GET /xingrg/dwr/interface/AjaxReportQueryService.js HTTP/1.1" 200 13203
114.84.81.136 - - [23/Sep/2022:09:23:32 +0800] "GET /xingrg/dwr/engine.js HTTP/1.1" 200 43631
61.170.232.128 - - [23/Sep/2022:09:23:33 +0800] "GET /xingrg/kc/mdqp/pssh_order_list.html HTTP/1.1" 200 17857
61.170.232.128 - - [23/Sep/2022:09:23:33 +0800] "POST /xingrg/kc/mdqp/pssh_list_operate.html HTTP/1.1" 200 5223
116.224.255.128 - - [23/Sep/2022:09:23:34 +0800] "GET /xingrg/kc/buy/cgsh_order_operate.html?command=get_materiel&rest_code=00150&code=00101008658&supplier_code=00100008&order_time=2022-09-23 HTTP/1.1" 200 408
180.169.147.146 - - [23/Sep/2022:09:23:34 +0800] "POST /xingrg/all/report/report_print.html HTTP/1.1" 200 7168
114.84.81.136 - - [23/Sep/2022:09:23:34 +0800] "GET /xingrg/kc/mdqp/qqps_order_add.html HTTP/1.1" 200 28300
114.84.81.136 - - [23/Sep/2022:09:23:34 +0800] "GET /xingrg/dwr/interface/AjaxComOrderService.js HTTP/1.1" 200 18264
114.84.81.136 - - [23/Sep/2022:09:23:34 +0800] "GET /xingrg/dwr/interface/AjaxQqpsService.js HTTP/1.1" 200 16326
114.84.81.136 - - [23/Sep/2022:09:23:34 +0800] "GET /xingrg/dwr/engine.js HTTP/1.1" 200 43631
114.84.81.136 - - [23/Sep/2022:09:23:35 +0800] "GET /xingrg/words/20220922150208_words.js HTTP/1.1" 304 -
116.230.114.213 - - [23/Sep/2022:09:23:37 +0800] "GET /xingrg/all/function/internal_message.html?_=1663896236044&CODE_STATE=getMsg HTTP/1.1" 200 27
114.84.81.136 - - [23/Sep/2022:09:23:39 +0800] "GET /xingrg/kc/mdqp/qp_main.html HTTP/1.1" 200 10633
61.170.232.128 - - [23/Sep/2022:09:23:40 +0800] "POST /xingrg/kc/mdqp/pssh_list_operate.html HTTP/1.1" 200 815
61.170.232.128 - - [23/Sep/2022:09:23:40 +0800] "GET /xingrg/kc/mdqp/pssh_order_info.html?code=312022092100504 HTTP/1.1" 200 17297
61.170.232.128 - - [23/Sep/2022:09:23:40 +0800] "GET /xingrg/javascript/jquery_tools/jquery-1.4.2.min.js HTTP/1.1" 404 1094
61.170.232.128 - - [23/Sep/2022:09:23:40 +0800] "GET /xingrg/words/20220922150208_words.js HTTP/1.1" 304 -
114.84.81.136 - - [23/Sep/2022:09:23:40 +0800] "GET /xingrg/kc/mdqp/qqps_order_list.html HTTP/1.1" 200 9222
114.84.81.136 - - [23/Sep/2022:09:23:40 +0800] "GET /xingrg/dwr/interface/AjaxQqpsService.js HTTP/1.1" 200 16326
114.84.81.136 - - [23/Sep/2022:09:23:40 +0800] "GET /xingrg/dwr/interface/AjaxReportQueryService.js HTTP/1.1" 200 13203
114.84.81.136 - - [23/Sep/2022:09:23:40 +0800] "GET /xingrg/dwr/engine.js HTTP/1.1" 200 43631
61.170.232.128 - - [23/Sep/2022:09:23:40 +0800] "POST /xingrg/kc/mdqp/pssh_order_operate.html HTTP/1.1" 200 12925
61.170.232.128 - - [23/Sep/2022:09:23:40 +0800] "GET /xingrg/all/common/auto_word.html?type=employee&rest_code=00106 HTTP/1.1" 200 205
61.170.232.128 - - [23/Sep/2022:09:23:40 +0800] "GET /xingrg/all/common/auto_word.html?type=base&rest_code=00106&rest_code=00106 HTTP/1.1" 200 1799
61.170.232.128 - - [23/Sep/2022:09:23:41 +0800] "GET /xingrg/javascript/easyui/themes/default/validatebox.css HTTP/1.1" 404 1104
61.170.232.128 - - [23/Sep/2022:09:23:41 +0800] "GET /xingrg/all/function/internal_message.html?_=1663896210408&CODE_STATE=getMsg HTTP/1.1" 200 27
116.224.255.128 - - [23/Sep/2022:09:23:41 +0800] "GET /xingrg/kc/buy/cgsh_order_operate.html?command=get_materiel&rest_code=00150&code=00101008114&supplier_code=00100008&order_time=2022-09-23 HTTP/1.1" 200 412
114.84.81.136 - - [23/Sep/2022:09:23:44 +0800] "GET /xingrg/kc/mdqp/qqps_order_list.html?isQuery=1&timeSelect=1&orderTime=day&startTime=2022-09-22&endTime=2022-09-23&state=all&query=%C8%B7++%B6%A8 HTTP/1.1" 200 10575
114.84.81.136 - - [23/Sep/2022:09:23:44 +0800] "GET /xingrg/dwr/interface/AjaxQqpsService.js HTTP/1.1" 200 16326
114.84.81.136 - - [23/Sep/2022:09:23:44 +0800] "GET /xingrg/dwr/interface/AjaxReportQueryService.js HTTP/1.1" 200 13203
114.84.81.136 - - [23/Sep/2022:09:23:44 +0800] "GET /xingrg/dwr/engine.js HTTP/1.1" 200 43631
114.84.81.136 - - [23/Sep/2022:09:23:46 +0800] "GET /xingrg/kc/mdqp/qqps_order_add.html HTTP/1.1" 200 28300
114.84.81.136 - - [23/Sep/2022:09:23:46 +0800] "GET /xingrg/dwr/interface/AjaxComOrderService.js HTTP/1.1" 200 18264
114.84.81.136 - - [23/Sep/2022:09:23:46 +0800] "GET /xingrg/dwr/interface/AjaxQqpsService.js HTTP/1.1" 200 16326
114.84.81.136 - - [23/Sep/2022:09:23:46 +0800] "GET /xingrg/dwr/engine.js HTTP/1.1" 200 43631
61.170.232.128 - - [23/Sep/2022:09:23:46 +0800] "POST /xingrg/all/common/load_combo.html?type=employee HTTP/1.1" 200 365
114.84.81.136 - - [23/Sep/2022:09:23:50 +0800] "GET /xingrg/kc/mdqp/qp_main.html HTTP/1.1" 200 10633
116.224.255.128 - - [23/Sep/2022:09:23:51 +0800] "GET /xingrg/kc/buy/cgsh_order_operate.html?command=get_materiel&rest_code=00150&code=00101008061&supplier_code=00100008&order_time=2022-09-23 HTTP/1.1" 200 422
61.170.232.128 - - [23/Sep/2022:09:23:51 +0800] "POST /xingrg/kc/mdqp/pssh_order_operate.html HTTP/1.1" 200 37
114.84.81.136 - - [23/Sep/2022:09:23:51 +0800] "GET /xingrg/kc/mdqp/qqps_order_list.html HTTP/1.1" 200 9222
114.84.81.136 - - [23/Sep/2022:09:23:51 +0800] "GET /xingrg/dwr/interface/AjaxQqpsService.js HTTP/1.1" 200 16326
114.84.81.136 - - [23/Sep/2022:09:23:51 +0800] "GET /xingrg/dwr/interface/AjaxReportQueryService.js HTTP/1.1" 200 13203
114.84.81.136 - - [23/Sep/2022:09:23:51 +0800] "GET /xingrg/dwr/engine.js HTTP/1.1" 200 43631
61.170.232.128 - - [23/Sep/2022:09:23:52 +0800] "POST /xingrg/kc/mdqp/pssh_order_operate.html HTTP/1.1" 200 12
61.170.232.128 - - [23/Sep/2022:09:23:52 +0800] "GET /xingrg/kc/mdqp/pssh_order_info.html?code=312022092100504 HTTP/1.1" 200 14386
61.170.232.128 - - [23/Sep/2022:09:23:52 +0800] "GET /xingrg/javascript/jquery_tools/jquery-1.4.2.min.js HTTP/1.1" 404 1094
120.253.135.82 - - [23/Sep/2022:09:23:53 +0800] "GET /xingrg/check_reg.html?_=1663896029546 HTTP/1.1" 200 22
61.170.232.128 - - [23/Sep/2022:09:23:53 +0800] "GET /xingrg/javascript/easyui/themes/default/validatebox.css HTTP/1.1" 404 1104
61.170.232.128 - - [23/Sep/2022:09:23:53 +0800] "POST /xingrg/kc/mdqp/pssh_order_operate.html HTTP/1.1" 200 12925
114.84.81.136 - - [23/Sep/2022:09:23:55 +0800] "GET /xingrg/kc/mdqp/qqps_order_list.html?isQuery=1&timeSelect=1&orderTime=day&startTime=2022-09-22&endTime=2022-09-23&state=all&query=%C8%B7++%B6%A8 HTTP/1.1" 200 10575
114.84.81.136 - - [23/Sep/2022:09:23:55 +0800] "GET /xingrg/dwr/interface/AjaxQqpsService.js HTTP/1.1" 200 16326
114.84.81.136 - - [23/Sep/2022:09:23:55 +0800] "GET /xingrg/dwr/interface/AjaxReportQueryService.js HTTP/1.1" 200 13203
114.84.81.136 - - [23/Sep/2022:09:23:55 +0800] "GET /xingrg/dwr/engine.js HTTP/1.1" 200 43631
120.253.135.82 - - [23/Sep/2022:09:23:55 +0800] "GET /xingrg/all/function/internal_message.html?_=1663896032282&CODE_STATE=getMsg HTTP/1.1" 200 27
114.84.81.136 - - [23/Sep/2022:09:23:56 +0800] "GET /xingrg/kc/mdqp/qqps_order_info.html?code=302022092200443 HTTP/1.1" 200 26701
114.84.81.136 - - [23/Sep/2022:09:23:56 +0800] "GET /xingrg/dwr/interface/AjaxQqpsService.js HTTP/1.1" 200 16326
114.84.81.136 - - [23/Sep/2022:09:23:56 +0800] "GET /xingrg/dwr/interface/AjaxComOrderService.js HTTP/1.1" 200 18264
114.84.81.136 - - [23/Sep/2022:09:23:56 +0800] "GET /xingrg/dwr/engine.js HTTP/1.1" 200 43631
61.170.232.128 - - [23/Sep/2022:09:23:56 +0800] "GET /xingrg/kc/print/load_config.html?kc_code=pssh HTTP/1.1" 200 2291
61.170.232.128 - - [23/Sep/2022:09:23:56 +0800] "GET /xingrg/kc/print/load_data.html?order_code=312022092100504&kc_code=pssh&condition= HTTP/1.1" 200 5126
124.79.74.72 - - [23/Sep/2022:09:23:57 +0800] "GET /xingrg/all/function/internal_message.html?_=1663896234747&CODE_STATE=getMsg HTTP/1.1" 200 27
114.84.81.136 - - [23/Sep/2022:09:23:57 +0800] "POST /xingrg/dwr/call/plaincall/AjaxQqpsService.loadMaterielItems.dwr HTTP/1.1" 200 3488
116.224.255.128 - - [23/Sep/2022:09:24:00 +0800] "GET /xingrg/kc/buy/cgsh_order_operate.html?command=get_materiel&rest_code=00150&code=00101008095&supplier_code=00100008&order_time=2022-09-23 HTTP/1.1" 200 412
114.84.81.136 - - [23/Sep/2022:09:24:02 +0800] "GET /xingrg/images/yd/bt2.gif HTTP/1.1" 404 1042
114.84.81.136 - - [23/Sep/2022:09:24:04 +0800] "GET /xingrg/kc/mdqp/qqps_order_list.html?isBack=1 HTTP/1.1" 302 -
114.84.81.136 - - [23/Sep/2022:09:24:04 +0800] "GET /xingrg/kc/mdqp/qqps_order_list.html?isQuery=1&timeSelect=1&orderTime=day&startTime=2022-09-22&endTime=2022-09-23&state=all&query=%C8%B7++%B6%A8 HTTP/1.1" 200 10575
114.84.81.136 - - [23/Sep/2022:09:24:04 +0800] "GET /xingrg/dwr/interface/AjaxQqpsService.js HTTP/1.1" 200 16326
114.84.81.136 - - [23/Sep/2022:09:24:04 +0800] "GET /xingrg/dwr/interface/AjaxReportQueryService.js HTTP/1.1" 200 13203
114.84.81.136 - - [23/Sep/2022:09:24:04 +0800] "GET /xingrg/dwr/engine.js HTTP/1.1" 200 43631
116.224.255.128 - - [23/Sep/2022:09:24:04 +0800] "POST /xingrg/kc/buy/cgsh_order_operate.html HTTP/1.1" 200 2065
114.84.81.136 - - [23/Sep/2022:09:24:05 +0800] "GET /xingrg/kc/mdqp/qqps_order_info.html?code=302022092200442 HTTP/1.1" 200 26701
