116.238.169.132 - - [23/Sep/2022:11:32:42 +0800] "GET /xingrg/javascript/easyui/themes/default/validatebox.css HTTP/1.1" 404 1104
114.83.219.57 - - [23/Sep/2022:11:32:42 +0800] "GET /xingrg/check_reg.html?_=1663904046305 HTTP/1.1" 200 22
116.230.105.139 - - [23/Sep/2022:11:32:44 +0800] "GET /xingrg/all/function/internal_message.html?_=1663903961212&CODE_STATE=getMsg HTTP/1.1" 200 27
180.169.147.146 - - [23/Sep/2022:11:32:46 +0800] "GET /xingrg/all/function/internal_message.html?_=1663903959612&CODE_STATE=getMsg HTTP/1.1" 200 27
116.230.114.213 - - [23/Sep/2022:11:32:46 +0800] "GET /xingrg/all/function/internal_message.html?_=1663903985939&CODE_STATE=getMsg HTTP/1.1" 200 27
101.85.93.113 - - [23/Sep/2022:11:32:47 +0800] "GET /xingrg/all/function/internal_message.html?_=1663903964429&CODE_STATE=getMsg HTTP/1.1" 200 27
180.169.147.146 - - [23/Sep/2022:11:32:51 +0800] "GET /xingrg/kc/buy/cgsh_order_operate.html?command=get_materiel&rest_code=00147&code=00101006117&supplier_code=00100015&order_time=2022-09-23 HTTP/1.1" 200 409
180.169.147.146 - - [23/Sep/2022:11:32:52 +0800] "GET /xingrg/check_reg.html?_=1663903965471 HTTP/1.1" 200 22
61.170.232.128 - - [23/Sep/2022:11:33:02 +0800] "GET /xingrg/all/function/internal_message.html?_=1663903971503&CODE_STATE=getMsg HTTP/1.1" 200 27
116.224.255.128 - - [23/Sep/2022:11:33:03 +0800] "GET /xingrg/all/function/internal_message.html?_=1663903909398&CODE_STATE=getMsg HTTP/1.1" 200 27
180.169.147.146 - - [23/Sep/2022:11:33:05 +0800] "GET /xingrg/all/function/internal_message.html?_=1663903982610&CODE_STATE=getMsg HTTP/1.1" 200 27
120.253.135.82 - - [23/Sep/2022:11:33:09 +0800] "GET /xingrg/all/function/internal_message.html?_=1663903786271&CODE_STATE=getMsg HTTP/1.1" 200 27
180.169.147.146 - - [23/Sep/2022:11:33:15 +0800] "POST /xingrg/kc/buy/cgsh_order_operate.html HTTP/1.1" 200 37
180.169.147.146 - - [23/Sep/2022:11:33:17 +0800] "POST /xingrg/kc/buy/cgsh_order_operate.html HTTP/1.1" 200 5026
58.221.95.50 - - [23/Sep/2022:11:33:18 +0800] "GET /xingrg/check_reg.html?_=1663904000457 HTTP/1.1" 302 -
116.225.121.189 - - [23/Sep/2022:11:33:18 +0800] "GET /xingrg/all/function/internal_message.html?_=1663903997132&CODE_STATE=getMsg HTTP/1.1" 200 27
61.170.232.128 - - [23/Sep/2022:11:33:20 +0800] "GET /xingrg/all/function/internal_message.html?_=1663904000293&CODE_STATE=getMsg HTTP/1.1" 200 27
116.225.121.189 - - [23/Sep/2022:11:33:21 +0800] "GET /xingrg/check_reg.html?_=1663903999854 HTTP/1.1" 200 22
61.170.232.128 - - [23/Sep/2022:11:33:22 +0800] "GET /xingrg/check_reg.html?_=1663904002400 HTTP/1.1" 200 22
116.230.114.213 - - [23/Sep/2022:11:33:22 +0800] "GET /xingrg/all/function/internal_message.html?_=1663904018435&CODE_STATE=getMsg HTTP/1.1" 302 -
180.169.147.146 - - [23/Sep/2022:11:33:23 +0800] "GET /xingrg/kc/print/load_data.html?order_code=212022092308306&kc_code=cgsh&condition= HTTP/1.1" 200 1675
116.225.121.189 - - [23/Sep/2022:11:33:24 +0800] "GET /xingrg/all/function/internal_message.html?_=1663903859685&CODE_STATE=getMsg HTTP/1.1" 200 27
180.169.147.146 - - [23/Sep/2022:11:33:26 +0800] "GET /xingrg/kc/buy/cgsh_order_add.html HTTP/1.1" 200 68782
180.169.147.146 - - [23/Sep/2022:11:33:26 +0800] "POST /xingrg/kc/buy/cgsh_order_operate.html HTTP/1.1" 200 8245
180.169.147.146 - - [23/Sep/2022:11:33:26 +0800] "GET /xingrg/javascript/easyui/themes/default/validatebox.css HTTP/1.1" 404 1104
116.230.114.213 - - [23/Sep/2022:11:33:27 +0800] "GET /xingrg/check_reg.html?_=1663904026311 HTTP/1.1" 200 22
116.230.105.139 - - [23/Sep/2022:11:33:28 +0800] "GET /xingrg/check_reg.html?_=1663904005257 HTTP/1.1" 200 22
116.230.105.139 - - [23/Sep/2022:11:33:28 +0800] "GET /xingrg/all/function/internal_message.html?_=1663904005259&CODE_STATE=getMsg HTTP/1.1" 200 27
222.70.183.206 - - [23/Sep/2022:11:33:29 +0800] "GET /xingrg/all/function/internal_message.html?_=1663904003345&CODE_STATE=getMsg HTTP/1.1" 200 27
116.224.255.128 - - [23/Sep/2022:11:33:34 +0800] "GET /xingrg/all/function/internal_message.html?_=1663904011116&CODE_STATE=getMsg HTTP/1.1" 200 27
116.230.105.139 - - [23/Sep/2022:11:33:38 +0800] "POST /xingrg/kc/buy/cgsh_order_operate.html HTTP/1.1" 200 37
124.79.74.72 - - [23/Sep/2022:11:33:39 +0800] "GET /xingrg/all/function/internal_message.html?_=1663904017018&CODE_STATE=getMsg HTTP/1.1" 200 27
116.230.105.139 - - [23/Sep/2022:11:33:41 +0800] "POST /xingrg/kc/buy/cgsh_order_operate.html HTTP/1.1" 200 2671
114.83.219.57 - - [23/Sep/2022:11:33:42 +0800] "GET /xingrg/all/function/internal_message.html?_=1663904105732&CODE_STATE=getMsg HTTP/1.1" 200 27
116.230.105.139 - - [23/Sep/2022:11:33:44 +0800] "GET /xingrg/all/function/internal_message.html?_=1663904021204&CODE_STATE=getMsg HTTP/1.1" 200 27
116.230.105.139 - - [23/Sep/2022:11:33:44 +0800] "GET /xingrg/kc/buy/cgsh_order_add.html HTTP/1.1" 200 68785
116.230.105.139 - - [23/Sep/2022:11:33:44 +0800] "POST /xingrg/kc/buy/cgsh_order_operate.html HTTP/1.1" 200 8245
116.230.105.139 - - [23/Sep/2022:11:33:44 +0800] "GET /xingrg/javascript/easyui/themes/default/validatebox.css HTTP/1.1" 404 1104
180.169.147.146 - - [23/Sep/2022:11:33:46 +0800] "GET /xingrg/all/function/internal_message.html?_=1663904019586&CODE_STATE=getMsg HTTP/1.1" 200 27
116.230.114.213 - - [23/Sep/2022:11:33:46 +0800] "GET /xingrg/all/function/internal_message.html?_=1663904045953&CODE_STATE=getMsg HTTP/1.1" 200 27
101.85.93.113 - - [23/Sep/2022:11:33:47 +0800] "GET /xingrg/all/function/internal_message.html?_=1663904024428&CODE_STATE=getMsg HTTP/1.1" 200 27
120.253.135.82 - - [23/Sep/2022:11:33:54 +0800] "GET /xingrg/check_reg.html?_=1663903830948 HTTP/1.1" 200 22
61.170.232.128 - - [23/Sep/2022:11:34:02 +0800] "GET /xingrg/all/function/internal_message.html?_=1663904031482&CODE_STATE=getMsg HTTP/1.1" 200 27
222.70.183.206 - - [23/Sep/2022:11:34:02 +0800] "GET /xingrg/check_reg.html?_=1663904036545 HTTP/1.1" 200 22
180.169.147.146 - - [23/Sep/2022:11:34:02 +0800] "GET /xingrg/kc/buy/cgsh_order_operate.html?command=get_materiel&rest_code=00147&code=00101012005&supplier_code=00100242&order_time=2022-09-23 HTTP/1.1" 200 413
116.224.255.128 - - [23/Sep/2022:11:34:03 +0800] "GET /xingrg/all/function/internal_message.html?_=1663903969411&CODE_STATE=getMsg HTTP/1.1" 200 27
180.169.147.146 - - [23/Sep/2022:11:34:05 +0800] "GET /xingrg/all/function/internal_message.html?_=1663904042603&CODE_STATE=getMsg HTTP/1.1" 200 27
120.253.135.82 - - [23/Sep/2022:11:34:09 +0800] "GET /xingrg/all/function/internal_message.html?_=1663903846278&CODE_STATE=getMsg HTTP/1.1" 200 27
116.225.121.189 - - [23/Sep/2022:11:34:11 +0800] "GET /xingrg/kc/mdqp/qp_main.html HTTP/1.1" 200 10633
116.225.121.189 - - [23/Sep/2022:11:34:11 +0800] "GET /xingrg/images/blue/button/qqpsd.gif HTTP/1.1" 304 -
116.225.121.189 - - [23/Sep/2022:11:34:11 +0800] "GET /xingrg/images/blue/button/psshd.gif HTTP/1.1" 304 -
116.225.121.189 - - [23/Sep/2022:11:34:11 +0800] "GET /xingrg/images/blue/button/pszx.gif HTTP/1.1" 304 -
116.225.121.189 - - [23/Sep/2022:11:34:12 +0800] "GET /xingrg/images/yd/bt.gif HTTP/1.1" 404 1040
180.169.147.146 - - [23/Sep/2022:11:34:15 +0800] "GET /xingrg/kc/buy/cgsh_order_operate.html?command=get_materiel&rest_code=00147&code=00101020019&supplier_code=00100242&order_time=2022-09-23 HTTP/1.1" 200 424
116.238.169.132 - - [23/Sep/2022:11:34:16 +0800] "GET /xingrg/check_reg.html?_=1663904053361 HTTP/1.1" 200 22
116.225.121.189 - - [23/Sep/2022:11:34:18 +0800] "GET /xingrg/all/function/internal_message.html?_=1663904057114&CODE_STATE=getMsg HTTP/1.1" 200 27
61.170.232.128 - - [23/Sep/2022:11:34:20 +0800] "GET /xingrg/all/function/internal_message.html?_=1663904060281&CODE_STATE=getMsg HTTP/1.1" 200 27
116.225.121.189 - - [23/Sep/2022:11:34:21 +0800] "GET /xingrg/kc/mdqp/psth_order_list1.html HTTP/1.1" 200 17965
116.225.121.189 - - [23/Sep/2022:11:34:21 +0800] "GET /xingrg/javascript/easyui/themes/icons/uncheck_new.png HTTP/1.1" 304 -
116.225.121.189 - - [23/Sep/2022:11:34:22 +0800] "POST /xingrg/kc/mdqp/psth_list_operate.html HTTP/1.1" 200 749
114.84.81.136 - - [23/Sep/2022:11:34:22 +0800] "GET /xingrg/all/function/internal_message.html?_=1663904059917&CODE_STATE=getMsg HTTP/1.1" 200 27
116.230.114.213 - - [23/Sep/2022:11:34:22 +0800] "GET /xingrg/all/function/internal_message.html?_=1663904078478&CODE_STATE=getMsg HTTP/1.1" 302 -
180.169.147.146 - - [23/Sep/2022:11:34:23 +0800] "POST /xingrg/kc/buy/cgsh_order_operate.html HTTP/1.1" 200 37
114.84.81.136 - - [23/Sep/2022:11:34:23 +0800] "POST /xingrg/kc/buy/cgsh_order_operate.html HTTP/1.1" 200 31005
116.230.105.139 - - [23/Sep/2022:11:34:23 +0800] "GET /xingrg/kc/buy/cgsh_order_operate.html?command=get_materiel&rest_code=00155&code=00102014088&supplier_code=00100450&order_time=2022-09-23 HTTP/1.1" 200 426
116.225.121.189 - - [23/Sep/2022:11:34:24 +0800] "GET /xingrg/all/function/internal_message.html?_=1663903919709&CODE_STATE=getMsg HTTP/1.1" 200 27
180.169.147.146 - - [23/Sep/2022:11:34:25 +0800] "POST /xingrg/kc/buy/cgsh_order_operate.html HTTP/1.1" 200 3259
116.225.121.189 - - [23/Sep/2022:11:34:25 +0800] "GET /xingrg/kc/mdqp/psth_order_add1.html HTTP/1.1" 200 25322
116.225.121.189 - - [23/Sep/2022:11:34:25 +0800] "GET /xingrg/javascript/jquery_tools/jquery-1.4.2.min.js HTTP/1.1" 404 1094
180.169.147.146 - - [23/Sep/2022:11:34:26 +0800] "GET /xingrg/kc/print/load_data.html?order_code=212022092308308&kc_code=cgsh&condition= HTTP/1.1" 200 889
116.225.121.189 - - [23/Sep/2022:11:34:26 +0800] "POST /xingrg/kc/mdqp/psth_order_operate.html HTTP/1.1" 200 6806
116.225.121.189 - - [23/Sep/2022:11:34:26 +0800] "GET /xingrg/all/common/auto_word.html?type=base&rest_code=00105&rest_code=00101 HTTP/1.1" 200 1907
116.225.121.189 - - [23/Sep/2022:11:34:26 +0800] "GET /xingrg/javascript/easyui/themes/default/validatebox.css HTTP/1.1" 404 1104
116.230.105.139 - - [23/Sep/2022:11:34:28 +0800] "GET /xingrg/all/function/internal_message.html?_=1663904065245&CODE_STATE=getMsg HTTP/1.1" 200 27
222.70.183.206 - - [23/Sep/2022:11:34:29 +0800] "GET /xingrg/all/function/internal_message.html?_=1663904063319&CODE_STATE=getMsg HTTP/1.1" 200 27
180.169.147.146 - - [23/Sep/2022:11:34:29 +0800] "GET /xingrg/kc/buy/cgsh_order_add.html HTTP/1.1" 200 68782
180.169.147.146 - - [23/Sep/2022:11:34:29 +0800] "POST /xingrg/kc/buy/cgsh_order_operate.html HTTP/1.1" 200 8245
180.169.147.146 - - [23/Sep/2022:11:34:29 +0800] "GET /xingrg/javascript/easyui/themes/default/validatebox.css HTTP/1.1" 404 1104
116.225.121.189 - - [23/Sep/2022:11:34:31 +0800] "GET /xingrg/javascript/auto/indicator.gif HTTP/1.1" 404 1066
116.224.255.128 - - [23/Sep/2022:11:34:34 +0800] "GET /xingrg/all/function/internal_message.html?_=1663904071117&CODE_STATE=getMsg HTTP/1.1" 200 27
124.79.74.72 - - [23/Sep/2022:11:34:39 +0800] "GET /xingrg/all/function/internal_message.html?_=1663904077019&CODE_STATE=getMsg HTTP/1.1" 200 27
114.83.219.57 - - [23/Sep/2022:11:34:42 +0800] "GET /xingrg/all/function/internal_message.html?_=1663904165718&CODE_STATE=getMsg HTTP/1.1" 200 27
116.230.105.139 - - [23/Sep/2022:11:34:44 +0800] "GET /xingrg/all/function/internal_message.html?_=1663904081201&CODE_STATE=getMsg HTTP/1.1" 200 27
116.238.169.132 - - [23/Sep/2022:11:34:44 +0800] "POST /xingrg/all/common/load_combo.html?type=base HTTP/1.1" 200 3321
180.169.147.146 - - [23/Sep/2022:11:34:46 +0800] "GET /xingrg/all/function/internal_message.html?_=1663904079562&CODE_STATE=getMsg HTTP/1.1" 200 27
116.230.114.213 - - [23/Sep/2022:11:34:46 +0800] "GET /xingrg/all/function/internal_message.html?_=1663904105967&CODE_STATE=getMsg HTTP/1.1" 200 27
101.85.93.113 - - [23/Sep/2022:11:34:47 +0800] "GET /xingrg/all/function/internal_message.html?_=1663904084428&CODE_STATE=getMsg HTTP/1.1" 200 27
116.238.169.132 - - [23/Sep/2022:11:34:50 +0800] "POST /xingrg/all/common/load_combo.html?type=base HTTP/1.1" 200 3321
116.225.121.189 - - [23/Sep/2022:11:34:53 +0800] "GET /xingrg/kc/mdqp/psth_order_operate.html?command=get_materiel&base_code=0010513&rest_code=00105&code=00101019937 HTTP/1.1" 200 405
61.170.232.128 - - [23/Sep/2022:11:35:02 +0800] "GET /xingrg/all/function/internal_message.html?_=1663904091457&CODE_STATE=getMsg HTTP/1.1" 200 27
116.224.255.128 - - [23/Sep/2022:11:35:03 +0800] "GET /xingrg/all/function/internal_message.html?_=1663904029425&CODE_STATE=getMsg HTTP/1.1" 200 27
116.225.121.189 - - [23/Sep/2022:11:35:05 +0800] "POST /xingrg/kc/mdqp/psth_order_operate.html HTTP/1.1" 200 37
116.238.169.132 - - [23/Sep/2022:11:35:05 +0800] "GET /xingrg/kc/base/wldb_order_operate.html?command=get_materiel&rest_code=00102&base_code=0010480&code=00101025041 HTTP/1.1" 200 455
180.169.147.146 - - [23/Sep/2022:11:35:05 +0800] "GET /xingrg/all/function/internal_message.html?_=1663904102611&CODE_STATE=getMsg HTTP/1.1" 200 27
116.225.121.189 - - [23/Sep/2022:11:35:06 +0800] "POST /xingrg/kc/mdqp/psth_order_operate.html HTTP/1.1" 200 2176
116.225.121.189 - - [23/Sep/2022:11:35:13 +0800] "POST /xingrg/kc/mdqp/psth_order_operate.html HTTP/1.1" 200 37
116.238.169.132 - - [23/Sep/2022:11:35:13 +0800] "POST /xingrg/kc/base/wldb_order_operate.html HTTP/1.1" 200 37
116.225.121.189 - - [23/Sep/2022:11:35:14 +0800] "POST /xingrg/kc/mdqp/psth_order_operate.html HTTP/1.1" 200 2176
116.238.169.132 - - [23/Sep/2022:11:35:15 +0800] "POST /xingrg/kc/base/wldb_order_operate.html HTTP/1.1" 200 12
116.238.169.132 - - [23/Sep/2022:11:35:16 +0800] "POST /xingrg/kc/base/wldb_order_operate.html HTTP/1.1" 200 2201
116.225.121.189 - - [23/Sep/2022:11:35:17 +0800] "POST /xingrg/kc/mdqp/psth_order_operate.html HTTP/1.1" 200 12
116.225.121.189 - - [23/Sep/2022:11:35:18 +0800] "GET /xingrg/kc/mdqp/psth_order_info1.html?code=322022092300017 HTTP/1.1" 200 22424
116.238.169.132 - - [23/Sep/2022:11:35:18 +0800] "GET /xingrg/kc/base/wldb_order_info.html?code=422022092301954 HTTP/1.1" 200 26267
116.225.121.189 - - [23/Sep/2022:11:35:18 +0800] "GET /xingrg/javascript/jquery_tools/jquery-1.4.2.min.js HTTP/1.1" 404 1094
116.225.121.189 - - [23/Sep/2022:11:35:18 +0800] "GET /xingrg/all/function/internal_message.html?_=1663904117117&CODE_STATE=getMsg HTTP/1.1" 200 27
116.238.169.132 - - [23/Sep/2022:11:35:18 +0800] "GET /xingrg/javascript/easyui/themes/default/validatebox.css HTTP/1.1" 404 1104
116.238.169.132 - - [23/Sep/2022:11:35:19 +0800] "POST /xingrg/kc/base/wldb_order_operate.html HTTP/1.1" 200 496
116.225.121.189 - - [23/Sep/2022:11:35:19 +0800] "POST /xingrg/kc/mdqp/psth_order_operate.html HTTP/1.1" 200 477
116.225.121.189 - - [23/Sep/2022:11:35:19 +0800] "GET /xingrg/javascript/easyui/themes/default/validatebox.css HTTP/1.1" 404 1104
61.170.232.128 - - [23/Sep/2022:11:35:20 +0800] "GET /xingrg/all/function/internal_message.html?_=1663904120266&CODE_STATE=getMsg HTTP/1.1" 200 27
116.225.121.189 - - [23/Sep/2022:11:35:22 +0800] "GET /xingrg/kc/print/load_config.html?kc_code=psth HTTP/1.1" 200 2351
114.84.81.136 - - [23/Sep/2022:11:35:22 +0800] "GET /xingrg/all/function/internal_message.html?_=1663904119898&CODE_STATE=getMsg HTTP/1.1" 200 27
116.225.121.189 - - [23/Sep/2022:11:35:22 +0800] "GET /xingrg/kc/print/load_data.html?order_code=322022092300017&kc_code=psth&condition= HTTP/1.1" 200 573
116.230.114.213 - - [23/Sep/2022:11:35:22 +0800] "GET /xingrg/all/function/internal_message.html?_=1663904138493&CODE_STATE=getMsg HTTP/1.1" 302 -
116.225.121.189 - - [23/Sep/2022:11:35:24 +0800] "GET /xingrg/all/function/internal_message.html?_=1663903979701&CODE_STATE=getMsg HTTP/1.1" 200 27
116.230.105.139 - - [23/Sep/2022:11:35:28 +0800] "GET /xingrg/all/function/internal_message.html?_=1663904125258&CODE_STATE=getMsg HTTP/1.1" 200 27
222.70.183.206 - - [23/Sep/2022:11:35:29 +0800] "GET /xingrg/all/function/internal_message.html?_=1663904123290&CODE_STATE=getMsg HTTP/1.1" 200 27
116.224.255.128 - - [23/Sep/2022:11:35:34 +0800] "GET /xingrg/all/function/internal_message.html?_=1663904131129&CODE_STATE=getMsg HTTP/1.1" 200 27
114.84.81.136 - - [23/Sep/2022:11:35:38 +0800] "GET /xingrg/check_reg.html?_=1663904135908 HTTP/1.1" 200 22
124.79.74.72 - - [23/Sep/2022:11:35:39 +0800] "GET /xingrg/all/function/internal_message.html?_=1663904137021&CODE_STATE=getMsg HTTP/1.1" 200 27
116.230.105.139 - - [23/Sep/2022:11:35:40 +0800] "GET /xingrg/kc/buy/cgsh_order_operate.html?command=get_materiel&rest_code=00155&code=00101015046&supplier_code=00100450&order_time=2022-09-23 HTTP/1.1" 200 413
114.83.219.57 - - [23/Sep/2022:11:35:42 +0800] "GET /xingrg/all/function/internal_message.html?_=1663904225695&CODE_STATE=getMsg HTTP/1.1" 200 27
116.230.105.139 - - [23/Sep/2022:11:35:43 +0800] "GET /xingrg/all/function/internal_message.html?_=1663904141179&CODE_STATE=getMsg HTTP/1.1" 200 27
180.169.147.146 - - [23/Sep/2022:11:35:46 +0800] "GET /xingrg/all/function/internal_message.html?_=1663904139537&CODE_STATE=getMsg HTTP/1.1" 200 27
116.230.114.213 - - [23/Sep/2022:11:35:46 +0800] "GET /xingrg/all/function/internal_message.html?_=1663904165980&CODE_STATE=getMsg HTTP/1.1" 200 27
101.85.93.113 - - [23/Sep/2022:11:35:47 +0800] "GET /xingrg/all/function/internal_message.html?_=1663904144428&CODE_STATE=getMsg HTTP/1.1" 200 27
61.170.232.128 - - [23/Sep/2022:11:35:49 +0800] "GET /xingrg/check_reg.html?_=1663904139049 HTTP/1.1" 200 22
61.170.232.128 - - [23/Sep/2022:11:36:02 +0800] "GET /xingrg/all/function/internal_message.html?_=1663904151435&CODE_STATE=getMsg HTTP/1.1" 200 27
116.224.255.128 - - [23/Sep/2022:11:36:02 +0800] "GET /xingrg/check_reg.html?_=1663904088394 HTTP/1.1" 200 22
116.224.255.128 - - [23/Sep/2022:11:36:03 +0800] "GET /xingrg/all/function/internal_message.html?_=1663904089438&CODE_STATE=getMsg HTTP/1.1" 200 27
180.169.147.146 - - [23/Sep/2022:11:36:05 +0800] "GET /xingrg/all/function/internal_message.html?_=1663904162616&CODE_STATE=getMsg HTTP/1.1" 200 27
116.230.105.139 - - [23/Sep/2022:11:36:06 +0800] "GET /xingrg/kc/buy/cgsh_order_operate.html?command=get_materiel&rest_code=00155&code=00101008102&supplier_code=00100450&order_time=2022-09-23 HTTP/1.1" 200 412
116.230.114.213 - - [23/Sep/2022:11:36:12 +0800] "GET /xingrg/check_reg.html?_=1663904188256 HTTP/1.1" 302 -
180.169.147.146 - - [23/Sep/2022:11:36:17 +0800] "GET /xingrg/kc/buy/cgsh_order_operate.html?command=get_materiel&rest_code=00147&code=00101008132&supplier_code=00100006&order_time=2022-09-23 HTTP/1.1" 200 408
116.225.121.189 - - [23/Sep/2022:11:36:18 +0800] "GET /xingrg/all/function/internal_message.html?_=1663904177095&CODE_STATE=getMsg HTTP/1.1" 200 27
61.170.232.128 - - [23/Sep/2022:11:36:20 +0800] "GET /xingrg/all/function/internal_message.html?_=1663904180251&CODE_STATE=getMsg HTTP/1.1" 200 27
114.84.81.136 - - [23/Sep/2022:11:36:22 +0800] "GET /xingrg/all/function/internal_message.html?_=1663904179872&CODE_STATE=getMsg HTTP/1.1" 200 27
116.230.114.213 - - [23/Sep/2022:11:36:22 +0800] "GET /xingrg/all/function/internal_message.html?_=1663904198532&CODE_STATE=getMsg HTTP/1.1" 302 -
116.225.121.189 - - [23/Sep/2022:11:36:24 +0800] "GET /xingrg/all/function/internal_message.html?_=1663904039709&CODE_STATE=getMsg HTTP/1.1" 200 27
180.169.147.146 - - [23/Sep/2022:11:36:26 +0800] "GET /xingrg/kc/buy/cgsh_order_operate.html?command=get_materiel&rest_code=00147&code=00101008257&supplier_code=00100006&order_time=2022-09-23 HTTP/1.1" 200 416
116.230.105.139 - - [23/Sep/2022:11:36:28 +0800] "GET /xingrg/all/function/internal_message.html?_=1663904185251&CODE_STATE=getMsg HTTP/1.1" 200 27
222.70.183.206 - - [23/Sep/2022:11:36:29 +0800] "GET /xingrg/all/function/internal_message.html?_=1663904183261&CODE_STATE=getMsg HTTP/1.1" 200 27
116.230.105.139 - - [23/Sep/2022:11:36:29 +0800] "GET /xingrg/kc/buy/cgsh_order_operate.html?command=get_materiel&rest_code=00155&code=00101015136&supplier_code=00100450&order_time=2022-09-23 HTTP/1.1" 200 413
116.224.255.128 - - [23/Sep/2022:11:36:34 +0800] "GET /xingrg/all/function/internal_message.html?_=1663904191134&CODE_STATE=getMsg HTTP/1.1" 200 27
116.224.255.128 - - [23/Sep/2022:11:36:34 +0800] "GET /xingrg/check_reg.html?_=1663904191136 HTTP/1.1" 200 22
124.79.74.72 - - [23/Sep/2022:11:36:39 +0800] "GET /xingrg/all/function/internal_message.html?_=1663904197023&CODE_STATE=getMsg HTTP/1.1" 200 27
114.83.219.57 - - [23/Sep/2022:11:36:41 +0800] "GET /xingrg/all/function/internal_message.html?_=1663904285681&CODE_STATE=getMsg HTTP/1.1" 200 27
116.230.105.139 - - [23/Sep/2022:11:36:43 +0800] "GET /xingrg/all/function/internal_message.html?_=1663904201186&CODE_STATE=getMsg HTTP/1.1" 200 27
116.230.105.139 - - [23/Sep/2022:11:36:44 +0800] "GET /xingrg/check_reg.html?_=1663904201188 HTTP/1.1" 200 22
180.169.147.146 - - [23/Sep/2022:11:36:46 +0800] "GET /xingrg/all/function/internal_message.html?_=1663904199517&CODE_STATE=getMsg HTTP/1.1" 200 27
116.230.114.213 - - [23/Sep/2022:11:36:47 +0800] "GET /xingrg/all/function/internal_message.html?_=1663904225994&CODE_STATE=getMsg HTTP/1.1" 200 27
101.85.93.113 - - [23/Sep/2022:11:36:47 +0800] "GET /xingrg/all/function/internal_message.html?_=1663904204428&CODE_STATE=getMsg HTTP/1.1" 200 27
101.85.93.113 - - [23/Sep/2022:11:36:47 +0800] "GET /xingrg/check_reg.html?_=1663904204431 HTTP/1.1" 200 22
180.169.147.146 - - [23/Sep/2022:11:36:48 +0800] "GET /xingrg/kc/buy/cgsh_order_operate.html?command=get_materiel&rest_code=00147&code=00101008354&supplier_code=00100006&order_time=2022-09-23 HTTP/1.1" 200 412
180.169.147.146 - - [23/Sep/2022:11:36:55 +0800] "GET /xingrg/kc/buy/cgsh_order_operate.html?command=get_materiel&rest_code=00147&code=00101008110&supplier_code=00100006&order_time=2022-09-23 HTTP/1.1" 200 408
61.170.232.128 - - [23/Sep/2022:11:37:02 +0800] "GET /xingrg/all/function/internal_message.html?_=1663904211407&CODE_STATE=getMsg HTTP/1.1" 200 27
180.169.147.146 - - [23/Sep/2022:11:37:02 +0800] "GET /xingrg/kc/buy/cgsh_order_operate.html?command=get_materiel&rest_code=00147&code=00101008038&supplier_code=00100006&order_time=2022-09-23 HTTP/1.1" 200 412
116.224.255.128 - - [23/Sep/2022:11:37:03 +0800] "GET /xingrg/all/function/internal_message.html?_=1663904149452&CODE_STATE=getMsg HTTP/1.1" 200 27
180.169.147.146 - - [23/Sep/2022:11:37:05 +0800] "GET /xingrg/check_reg.html?_=1663904222608 HTTP/1.1" 200 22
180.169.147.146 - - [23/Sep/2022:11:37:05 +0800] "GET /xingrg/all/function/internal_message.html?_=1663904222610&CODE_STATE=getMsg HTTP/1.1" 200 27
180.169.147.146 - - [23/Sep/2022:11:37:09 +0800] "GET /xingrg/kc/buy/cgsh_order_operate.html?command=get_materiel&rest_code=00147&code=00101008088&supplier_code=00100006&order_time=2022-09-23 HTTP/1.1" 200 408
116.225.121.189 - - [23/Sep/2022:11:37:18 +0800] "GET /xingrg/all/function/internal_message.html?_=1663904237075&CODE_STATE=getMsg HTTP/1.1" 200 27
61.170.232.128 - - [23/Sep/2022:11:37:20 +0800] "GET /xingrg/all/function/internal_message.html?_=1663904240222&CODE_STATE=getMsg HTTP/1.1" 200 27
180.169.147.146 - - [23/Sep/2022:11:37:21 +0800] "GET /xingrg/kc/buy/cgsh_order_operate.html?command=get_materiel&rest_code=00147&code=00101008190&supplier_code=00100006&order_time=2022-09-23 HTTP/1.1" 200 412
114.84.81.136 - - [23/Sep/2022:11:37:22 +0800] "GET /xingrg/all/function/internal_message.html?_=1663904239841&CODE_STATE=getMsg HTTP/1.1" 200 27
116.230.114.213 - - [23/Sep/2022:11:37:22 +0800] "GET /xingrg/all/function/internal_message.html?_=1663904258535&CODE_STATE=getMsg HTTP/1.1" 302 -
116.225.121.189 - - [23/Sep/2022:11:37:24 +0800] "GET /xingrg/all/function/internal_message.html?_=1663904099706&CODE_STATE=getMsg HTTP/1.1" 200 27
116.225.121.189 - - [23/Sep/2022:11:37:24 +0800] "GET /xingrg/check_reg.html?_=1663904099806 HTTP/1.1" 200 22
116.230.105.139 - - [23/Sep/2022:11:37:28 +0800] "GET /xingrg/all/function/internal_message.html?_=1663904245260&CODE_STATE=getMsg HTTP/1.1" 200 27
222.70.183.206 - - [23/Sep/2022:11:37:29 +0800] "GET /xingrg/all/function/internal_message.html?_=1663904243232&CODE_STATE=getMsg HTTP/1.1" 200 27
180.169.147.146 - - [23/Sep/2022:11:37:32 +0800] "GET /xingrg/kc/buy/cgsh_order_operate.html?command=get_materiel&rest_code=00147&code=00101008355&supplier_code=00100006&order_time=2022-09-23 HTTP/1.1" 200 408
116.224.255.128 - - [23/Sep/2022:11:37:34 +0800] "GET /xingrg/all/function/internal_message.html?_=1663904251138&CODE_STATE=getMsg HTTP/1.1" 200 27
116.230.105.139 - - [23/Sep/2022:11:37:34 +0800] "GET /xingrg/kc/buy/cgsh_order_operate.html?command=get_materiel&rest_code=00155&code=00101008593&supplier_code=00100450&order_time=2022-09-23 HTTP/1.1" 200 418
124.79.74.72 - - [23/Sep/2022:11:37:39 +0800] "GET /xingrg/check_reg.html?_=1663904257024 HTTP/1.1" 200 22
124.79.74.72 - - [23/Sep/2022:11:37:39 +0800] "GET /xingrg/all/function/internal_message.html?_=1663904257025&CODE_STATE=getMsg HTTP/1.1" 200 27
114.83.219.57 - - [23/Sep/2022:11:37:41 +0800] "GET /xingrg/all/function/internal_message.html?_=1663904345663&CODE_STATE=getMsg HTTP/1.1" 200 27
180.169.147.146 - - [23/Sep/2022:11:37:42 +0800] "GET /xingrg/kc/buy/cgsh_order_operate.html?command=get_materiel&rest_code=00147&code=00101008264&supplier_code=00100006&order_time=2022-09-23 HTTP/1.1" 200 412
114.83.219.57 - - [23/Sep/2022:11:37:42 +0800] "GET /xingrg/check_reg.html?_=1663904346309 HTTP/1.1" 200 22
116.230.105.139 - - [23/Sep/2022:11:37:43 +0800] "GET /xingrg/all/function/internal_message.html?_=1663904261182&CODE_STATE=getMsg HTTP/1.1" 200 27
180.169.147.146 - - [23/Sep/2022:11:37:46 +0800] "GET /xingrg/all/function/internal_message.html?_=1663904259490&CODE_STATE=getMsg HTTP/1.1" 200 27
116.230.114.213 - - [23/Sep/2022:11:37:47 +0800] "GET /xingrg/all/function/internal_message.html?_=1663904286429&CODE_STATE=getMsg HTTP/1.1" 200 27
101.85.93.113 - - [23/Sep/2022:11:37:47 +0800] "GET /xingrg/all/function/internal_message.html?_=1663904264431&CODE_STATE=getMsg HTTP/1.1" 200 27
180.169.147.146 - - [23/Sep/2022:11:37:49 +0800] "GET /xingrg/kc/buy/cgsh_order_operate.html?command=get_materiel&rest_code=00147&code=00101008321&supplier_code=00100006&order_time=2022-09-23 HTTP/1.1" 200 412
180.169.147.146 - - [23/Sep/2022:11:37:52 +0800] "GET /xingrg/check_reg.html?_=1663904265450 HTTP/1.1" 200 22
180.169.147.146 - - [23/Sep/2022:11:37:56 +0800] "GET /xingrg/kc/buy/cgsh_order_operate.html?command=get_materiel&rest_code=00147&code=00101008024&supplier_code=00100006&order_time=2022-09-23 HTTP/1.1" 200 408
61.170.232.128 - - [23/Sep/2022:11:38:02 +0800] "GET /xingrg/all/function/internal_message.html?_=1663904271390&CODE_STATE=getMsg HTTP/1.1" 200 27
116.224.255.128 - - [23/Sep/2022:11:38:03 +0800] "GET /xingrg/all/function/internal_message.html?_=1663904209466&CODE_STATE=getMsg HTTP/1.1" 200 27
180.169.147.146 - - [23/Sep/2022:11:38:05 +0800] "GET /xingrg/all/function/internal_message.html?_=1663904282607&CODE_STATE=getMsg HTTP/1.1" 200 27
116.225.121.189 - - [23/Sep/2022:11:38:13 +0800] "POST /xingrg/kc/buy/cgsh_list_operate.html HTTP/1.1" 200 5939
116.225.121.189 - - [23/Sep/2022:11:38:16 +0800] "POST /xingrg/kc/buy/cgsh_list_operate.html HTTP/1.1" 200 213
58.221.95.50 - - [23/Sep/2022:11:38:18 +0800] "GET /xingrg/check_reg.html?_=1663904300481 HTTP/1.1" 302 -
116.225.121.189 - - [23/Sep/2022:11:38:18 +0800] "GET /xingrg/all/function/internal_message.html?_=1663904297096&CODE_STATE=getMsg HTTP/1.1" 200 27
61.170.232.128 - - [23/Sep/2022:11:38:20 +0800] "GET /xingrg/all/function/internal_message.html?_=1663904300205&CODE_STATE=getMsg HTTP/1.1" 200 27
116.225.121.189 - - [23/Sep/2022:11:38:21 +0800] "GET /xingrg/check_reg.html?_=1663904299877 HTTP/1.1" 200 22
180.169.147.146 - - [23/Sep/2022:11:38:22 +0800] "GET /xingrg/kc/buy/cgsh_order_operate.html?command=get_materiel&rest_code=00147&code=00101008439&supplier_code=00100006&order_time=2022-09-23 HTTP/1.1" 200 413
61.170.232.128 - - [23/Sep/2022:11:38:22 +0800] "GET /xingrg/check_reg.html?_=1663904302411 HTTP/1.1" 200 22
114.84.81.136 - - [23/Sep/2022:11:38:22 +0800] "GET /xingrg/all/function/internal_message.html?_=1663904299827&CODE_STATE=getMsg HTTP/1.1" 200 27
116.230.114.213 - - [23/Sep/2022:11:38:22 +0800] "GET /xingrg/all/function/internal_message.html?_=1663904318571&CODE_STATE=getMsg HTTP/1.1" 302 -
116.225.121.189 - - [23/Sep/2022:11:38:24 +0800] "GET /xingrg/all/function/internal_message.html?_=1663904159716&CODE_STATE=getMsg HTTP/1.1" 200 27
116.230.114.213 - - [23/Sep/2022:11:38:27 +0800] "GET /xingrg/check_reg.html?_=1663904326321 HTTP/1.1" 200 22
116.230.105.139 - - [23/Sep/2022:11:38:28 +0800] "GET /xingrg/check_reg.html?_=1663904305258 HTTP/1.1" 200 22
116.230.105.139 - - [23/Sep/2022:11:38:28 +0800] "GET /xingrg/all/function/internal_message.html?_=1663904305258&CODE_STATE=getMsg HTTP/1.1" 200 27
222.70.183.206 - - [23/Sep/2022:11:38:29 +0800] "GET /xingrg/all/function/internal_message.html?_=1663904303203&CODE_STATE=getMsg HTTP/1.1" 200 27
116.225.121.189 - - [23/Sep/2022:11:38:29 +0800] "POST /xingrg/kc/buy/cgsh_list_operate.html HTTP/1.1" 200 505
180.169.147.146 - - [23/Sep/2022:11:38:30 +0800] "GET /xingrg/kc/buy/cgsh_order_operate.html?command=get_materiel&rest_code=00147&code=00101008360&supplier_code=00100006&order_time=2022-09-23 HTTP/1.1" 200 412
116.230.105.139 - - [23/Sep/2022:11:38:33 +0800] "GET /xingrg/kc/buy/cgsh_order_operate.html?command=get_materiel&rest_code=00155&code=00101008509&supplier_code=00100450&order_time=2022-09-23 HTTP/1.1" 200 410
116.224.255.128 - - [23/Sep/2022:11:38:34 +0800] "GET /xingrg/all/function/internal_message.html?_=1663904311149&CODE_STATE=getMsg HTTP/1.1" 200 27
116.230.105.139 - - [23/Sep/2022:11:38:38 +0800] "GET /xingrg/kc/buy/cgsh_order_operate.html?command=get_materiel&rest_code=00155&code=00101016113&supplier_code=00100450&order_time=2022-09-23 HTTP/1.1" 200 422
124.79.74.72 - - [23/Sep/2022:11:38:39 +0800] "GET /xingrg/all/function/internal_message.html?_=1663904317026&CODE_STATE=getMsg HTTP/1.1" 200 27
114.83.219.57 - - [23/Sep/2022:11:38:41 +0800] "GET /xingrg/all/function/internal_message.html?_=1663904405650&CODE_STATE=getMsg HTTP/1.1" 200 27
116.230.105.139 - - [23/Sep/2022:11:38:43 +0800] "GET /xingrg/all/function/internal_message.html?_=1663904321181&CODE_STATE=getMsg HTTP/1.1" 200 27
180.169.147.146 - - [23/Sep/2022:11:38:46 +0800] "GET /xingrg/kc/buy/cgsh_order_operate.html?command=get_materiel&rest_code=00147&code=00101008196&supplier_code=00100006&order_time=2022-09-23 HTTP/1.1" 200 416
180.169.147.146 - - [23/Sep/2022:11:38:46 +0800] "GET /xingrg/all/function/internal_message.html?_=1663904319464&CODE_STATE=getMsg HTTP/1.1" 200 27
116.230.114.213 - - [23/Sep/2022:11:38:47 +0800] "GET /xingrg/all/function/internal_message.html?_=1663904346444&CODE_STATE=getMsg HTTP/1.1" 200 27
101.85.93.113 - - [23/Sep/2022:11:38:47 +0800] "GET /xingrg/all/function/internal_message.html?_=1663904324431&CODE_STATE=getMsg HTTP/1.1" 200 27
61.170.232.128 - - [23/Sep/2022:11:39:02 +0800] "GET /xingrg/all/function/internal_message.html?_=1663904331366&CODE_STATE=getMsg HTTP/1.1" 200 27
222.70.183.206 - - [23/Sep/2022:11:39:02 +0800] "GET /xingrg/check_reg.html?_=1663904336529 HTTP/1.1" 200 22
116.224.255.128 - - [23/Sep/2022:11:39:03 +0800] "GET /xingrg/all/function/internal_message.html?_=1663904269479&CODE_STATE=getMsg HTTP/1.1" 200 27
180.169.147.146 - - [23/Sep/2022:11:39:05 +0800] "GET /xingrg/all/function/internal_message.html?_=1663904342618&CODE_STATE=getMsg HTTP/1.1" 200 27
116.238.169.132 - - [23/Sep/2022:11:39:16 +0800] "GET /xingrg/check_reg.html?_=1663904353344 HTTP/1.1" 200 22
116.230.105.139 - - [23/Sep/2022:11:39:17 +0800] "POST /xingrg/kc/buy/cgsh_order_operate.html HTTP/1.1" 200 37
116.225.121.189 - - [23/Sep/2022:11:39:18 +0800] "GET /xingrg/all/function/internal_message.html?_=1663904357091&CODE_STATE=getMsg HTTP/1.1" 200 27
61.170.232.128 - - [23/Sep/2022:11:39:20 +0800] "GET /xingrg/all/function/internal_message.html?_=1663904360179&CODE_STATE=getMsg HTTP/1.1" 200 27
116.230.105.139 - - [23/Sep/2022:11:39:20 +0800] "POST /xingrg/kc/buy/cgsh_order_operate.html HTTP/1.1" 200 5036
116.230.105.139 - - [23/Sep/2022:11:39:22 +0800] "GET /xingrg/kc/print/load_data.html?order_code=212022092308309&kc_code=cgsh&condition= HTTP/1.1" 200 1607
114.84.81.136 - - [23/Sep/2022:11:39:22 +0800] "GET /xingrg/all/function/internal_message.html?_=1663904359813&CODE_STATE=getMsg HTTP/1.1" 200 27
116.230.114.213 - - [23/Sep/2022:11:39:22 +0800] "GET /xingrg/all/function/internal_message.html?_=1663904378578&CODE_STATE=getMsg HTTP/1.1" 302 -
116.225.121.189 - - [23/Sep/2022:11:39:24 +0800] "GET /xingrg/all/function/internal_message.html?_=1663904219705&CODE_STATE=getMsg HTTP/1.1" 200 27
116.230.105.139 - - [23/Sep/2022:11:39:28 +0800] "GET /xingrg/all/function/internal_message.html?_=1663904365259&CODE_STATE=getMsg HTTP/1.1" 200 27
222.70.183.206 - - [23/Sep/2022:11:39:29 +0800] "GET /xingrg/all/function/internal_message.html?_=1663904363177&CODE_STATE=getMsg HTTP/1.1" 200 27
116.224.255.128 - - [23/Sep/2022:11:39:34 +0800] "GET /xingrg/all/function/internal_message.html?_=1663904371150&CODE_STATE=getMsg HTTP/1.1" 200 27
124.79.74.72 - - [23/Sep/2022:11:39:39 +0800] "GET /xingrg/all/function/internal_message.html?_=1663904377028&CODE_STATE=getMsg HTTP/1.1" 200 27
114.83.219.57 - - [23/Sep/2022:11:39:41 +0800] "GET /xingrg/all/function/internal_message.html?_=1663904465634&CODE_STATE=getMsg HTTP/1.1" 200 27
116.230.105.139 - - [23/Sep/2022:11:39:43 +0800] "GET /xingrg/all/function/internal_message.html?_=1663904381184&CODE_STATE=getMsg HTTP/1.1" 200 27
124.79.246.218 - - [23/Sep/2022:11:39:45 +0800] "POST /xingrg/services/DataTransmitService HTTP/1.1" 200 524
180.169.147.146 - - [23/Sep/2022:11:39:46 +0800] "GET /xingrg/all/function/internal_message.html?_=1663904379445&CODE_STATE=getMsg HTTP/1.1" 200 27
124.79.246.218 - - [23/Sep/2022:11:39:46 +0800] "POST /xingrg/services/DataTransmitService HTTP/1.1" 200 412
116.230.114.213 - - [23/Sep/2022:11:39:47 +0800] "GET /xingrg/all/function/internal_message.html?_=1663904406455&CODE_STATE=getMsg HTTP/1.1" 200 27
101.85.93.113 - - [23/Sep/2022:11:39:47 +0800] "GET /xingrg/all/function/internal_message.html?_=1663904384431&CODE_STATE=getMsg HTTP/1.1" 200 27
61.170.232.128 - - [23/Sep/2022:11:40:02 +0800] "GET /xingrg/all/function/internal_message.html?_=1663904391340&CODE_STATE=getMsg HTTP/1.1" 200 27
116.224.255.128 - - [23/Sep/2022:11:40:03 +0800] "GET /xingrg/all/function/internal_message.html?_=1663904329493&CODE_STATE=getMsg HTTP/1.1" 200 27
180.169.147.146 - - [23/Sep/2022:11:40:05 +0800] "GET /xingrg/all/function/internal_message.html?_=1663904402607&CODE_STATE=getMsg HTTP/1.1" 200 27
116.225.121.189 - - [23/Sep/2022:11:40:18 +0800] "GET /xingrg/all/function/internal_message.html?_=1663904417006&CODE_STATE=getMsg HTTP/1.1" 200 27
61.170.232.128 - - [23/Sep/2022:11:40:20 +0800] "GET /xingrg/all/function/internal_message.html?_=1663904420163&CODE_STATE=getMsg HTTP/1.1" 200 27
114.84.81.136 - - [23/Sep/2022:11:40:22 +0800] "GET /xingrg/all/function/internal_message.html?_=1663904419794&CODE_STATE=getMsg HTTP/1.1" 200 27
116.230.114.213 - - [23/Sep/2022:11:40:22 +0800] "GET /xingrg/all/function/internal_message.html?_=1663904438613&CODE_STATE=getMsg HTTP/1.1" 302 -
116.225.121.189 - - [23/Sep/2022:11:40:24 +0800] "GET /xingrg/all/function/internal_message.html?_=1663904279714&CODE_STATE=getMsg HTTP/1.1" 200 27
222.70.183.206 - - [23/Sep/2022:11:40:28 +0800] "GET /xingrg/all/function/internal_message.html?_=1663904423148&CODE_STATE=getMsg HTTP/1.1" 200 27
116.224.255.128 - - [23/Sep/2022:11:40:34 +0800] "GET /xingrg/all/function/internal_message.html?_=1663904431162&CODE_STATE=getMsg HTTP/1.1" 200 27
114.84.81.136 - - [23/Sep/2022:11:40:38 +0800] "GET /xingrg/check_reg.html?_=1663904435911 HTTP/1.1" 200 22
124.79.74.72 - - [23/Sep/2022:11:40:39 +0800] "GET /xingrg/all/function/internal_message.html?_=1663904437028&CODE_STATE=getMsg HTTP/1.1" 200 27
114.83.219.57 - - [23/Sep/2022:11:40:41 +0800] "GET /xingrg/all/function/internal_message.html?_=1663904525633&CODE_STATE=getMsg HTTP/1.1" 200 27
116.230.105.139 - - [23/Sep/2022:11:40:44 +0800] "GET /xingrg/all/function/internal_message.html?_=1663904441200&CODE_STATE=getMsg HTTP/1.1" 200 27
180.169.147.146 - - [23/Sep/2022:11:40:46 +0800] "GET /xingrg/all/function/internal_message.html?_=1663904439428&CODE_STATE=getMsg HTTP/1.1" 200 27
116.230.114.213 - - [23/Sep/2022:11:40:47 +0800] "GET /xingrg/all/function/internal_message.html?_=1663904466469&CODE_STATE=getMsg HTTP/1.1" 200 27
101.85.93.113 - - [23/Sep/2022:11:40:47 +0800] "GET /xingrg/all/function/internal_message.html?_=1663904444456&CODE_STATE=getMsg HTTP/1.1" 200 27
61.170.232.128 - - [23/Sep/2022:11:40:49 +0800] "GET /xingrg/check_reg.html?_=1663904439045 HTTP/1.1" 200 22
61.170.232.128 - - [23/Sep/2022:11:41:02 +0800] "GET /xingrg/all/function/internal_message.html?_=1663904451313&CODE_STATE=getMsg HTTP/1.1" 200 27
116.224.255.128 - - [23/Sep/2022:11:41:02 +0800] "GET /xingrg/check_reg.html?_=1663904388398 HTTP/1.1" 200 22
116.224.255.128 - - [23/Sep/2022:11:41:03 +0800] "GET /xingrg/all/function/internal_message.html?_=1663904389506&CODE_STATE=getMsg HTTP/1.1" 200 27
180.169.147.146 - - [23/Sep/2022:11:41:05 +0800] "GET /xingrg/all/function/internal_message.html?_=1663904462616&CODE_STATE=getMsg HTTP/1.1" 200 27
116.230.114.213 - - [23/Sep/2022:11:41:12 +0800] "GET /xingrg/check_reg.html?_=1663904488269 HTTP/1.1" 302 -
116.225.121.189 - - [23/Sep/2022:11:41:18 +0800] "GET /xingrg/all/function/internal_message.html?_=1663904476988&CODE_STATE=getMsg HTTP/1.1" 200 27
61.170.232.128 - - [23/Sep/2022:11:41:20 +0800] "GET /xingrg/all/function/internal_message.html?_=1663904480173&CODE_STATE=getMsg HTTP/1.1" 200 27
114.84.81.136 - - [23/Sep/2022:11:41:22 +0800] "GET /xingrg/all/function/internal_message.html?_=1663904479765&CODE_STATE=getMsg HTTP/1.1" 200 27
116.230.114.213 - - [23/Sep/2022:11:41:22 +0800] "GET /xingrg/all/function/internal_message.html?_=1663904498621&CODE_STATE=getMsg HTTP/1.1" 302 -
116.225.121.189 - - [23/Sep/2022:11:41:24 +0800] "GET /xingrg/all/function/internal_message.html?_=1663904339703&CODE_STATE=getMsg HTTP/1.1" 200 27
222.70.183.206 - - [23/Sep/2022:11:41:28 +0800] "GET /xingrg/all/function/internal_message.html?_=1663904483119&CODE_STATE=getMsg HTTP/1.1" 200 27
116.224.255.128 - - [23/Sep/2022:11:41:34 +0800] "GET /xingrg/check_reg.html?_=1663904491163 HTTP/1.1" 200 22
116.224.255.128 - - [23/Sep/2022:11:41:34 +0800] "GET /xingrg/all/function/internal_message.html?_=1663904491166&CODE_STATE=getMsg HTTP/1.1" 200 27
124.79.74.72 - - [23/Sep/2022:11:41:39 +0800] "GET /xingrg/all/function/internal_message.html?_=1663904497013&CODE_STATE=getMsg HTTP/1.1" 200 27
114.83.219.57 - - [23/Sep/2022:11:41:41 +0800] "GET /xingrg/all/function/internal_message.html?_=1663904585624&CODE_STATE=getMsg HTTP/1.1" 200 27
116.230.105.139 - - [23/Sep/2022:11:41:44 +0800] "GET /xingrg/check_reg.html?_=1663904501200 HTTP/1.1" 200 22
116.230.105.139 - - [23/Sep/2022:11:41:44 +0800] "GET /xingrg/all/function/internal_message.html?_=1663904501202&CODE_STATE=getMsg HTTP/1.1" 200 27
180.169.147.146 - - [23/Sep/2022:11:41:46 +0800] "GET /xingrg/all/function/internal_message.html?_=1663904499413&CODE_STATE=getMsg HTTP/1.1" 200 27
180.169.147.146 - - [23/Sep/2022:11:41:47 +0800] "POST /xingrg/kc/buy/cgsh_order_operate.html HTTP/1.1" 200 37
116.230.114.213 - - [23/Sep/2022:11:41:47 +0800] "GET /xingrg/all/function/internal_message.html?_=1663904526483&CODE_STATE=getMsg HTTP/1.1" 200 27
101.85.93.113 - - [23/Sep/2022:11:41:47 +0800] "GET /xingrg/check_reg.html?_=1663904504456 HTTP/1.1" 200 22
101.85.93.113 - - [23/Sep/2022:11:41:47 +0800] "GET /xingrg/all/function/internal_message.html?_=1663904504459&CODE_STATE=getMsg HTTP/1.1" 200 27
180.169.147.146 - - [23/Sep/2022:11:41:49 +0800] "POST /xingrg/kc/buy/cgsh_order_operate.html HTTP/1.1" 200 10347
61.170.232.128 - - [23/Sep/2022:11:42:02 +0800] "GET /xingrg/all/function/internal_message.html?_=1663904511290&CODE_STATE=getMsg HTTP/1.1" 200 27
116.224.255.128 - - [23/Sep/2022:11:42:04 +0800] "GET /xingrg/all/function/internal_message.html?_=1663904449520&CODE_STATE=getMsg HTTP/1.1" 200 27
180.169.147.146 - - [23/Sep/2022:11:42:05 +0800] "GET /xingrg/check_reg.html?_=1663904522620 HTTP/1.1" 200 22
180.169.147.146 - - [23/Sep/2022:11:42:05 +0800] "GET /xingrg/all/function/internal_message.html?_=1663904522622&CODE_STATE=getMsg HTTP/1.1" 200 27
180.169.147.146 - - [23/Sep/2022:11:42:16 +0800] "POST /xingrg/kc/buy/cgsh_order_operate.html HTTP/1.1" 200 37
116.225.121.189 - - [23/Sep/2022:11:42:18 +0800] "GET /xingrg/all/function/internal_message.html?_=1663904536964&CODE_STATE=getMsg HTTP/1.1" 200 27
180.169.147.146 - - [23/Sep/2022:11:42:18 +0800] "POST /xingrg/kc/buy/cgsh_order_operate.html HTTP/1.1" 200 10347
61.170.232.128 - - [23/Sep/2022:11:42:20 +0800] "GET /xingrg/all/function/internal_message.html?_=1663904540156&CODE_STATE=getMsg HTTP/1.1" 200 27
114.84.81.136 - - [23/Sep/2022:11:42:22 +0800] "GET /xingrg/all/function/internal_message.html?_=1663904539736&CODE_STATE=getMsg HTTP/1.1" 200 27
116.230.114.213 - - [23/Sep/2022:11:42:22 +0800] "GET /xingrg/all/function/internal_message.html?_=1663904558656&CODE_STATE=getMsg HTTP/1.1" 302 -
116.225.121.189 - - [23/Sep/2022:11:42:24 +0800] "GET /xingrg/all/function/internal_message.html?_=1663904399704&CODE_STATE=getMsg HTTP/1.1" 200 27
116.225.121.189 - - [23/Sep/2022:11:42:24 +0800] "GET /xingrg/check_reg.html?_=1663904399794 HTTP/1.1" 200 22
180.169.147.146 - - [23/Sep/2022:11:42:25 +0800] "GET /xingrg/kc/buy/cgsh_order_operate.html?command=get_materiel&rest_code=00147&code=00101008197&supplier_code=00100006&order_time=2022-09-23 HTTP/1.1" 200 416
222.70.183.206 - - [23/Sep/2022:11:42:28 +0800] "GET /xingrg/all/function/internal_message.html?_=1663904543090&CODE_STATE=getMsg HTTP/1.1" 200 27
116.224.255.128 - - [23/Sep/2022:11:42:34 +0800] "GET /xingrg/all/function/internal_message.html?_=1663904551177&CODE_STATE=getMsg HTTP/1.1" 200 27
180.169.147.146 - - [23/Sep/2022:11:42:35 +0800] "POST /xingrg/kc/buy/cgsh_order_operate.html HTTP/1.1" 200 37
124.79.74.72 - - [23/Sep/2022:11:42:39 +0800] "GET /xingrg/all/function/internal_message.html?_=1663904557024&CODE_STATE=getMsg HTTP/1.1" 200 27
124.79.74.72 - - [23/Sep/2022:11:42:39 +0800] "GET /xingrg/check_reg.html?_=1663904557025 HTTP/1.1" 200 22
114.83.219.57 - - [23/Sep/2022:11:42:41 +0800] "GET /xingrg/all/function/internal_message.html?_=1663904645613&CODE_STATE=getMsg HTTP/1.1" 200 27
114.83.219.57 - - [23/Sep/2022:11:42:42 +0800] "GET /xingrg/check_reg.html?_=1663904646310 HTTP/1.1" 200 22
116.230.105.139 - - [23/Sep/2022:11:42:44 +0800] "GET /xingrg/all/function/internal_message.html?_=1663904561197&CODE_STATE=getMsg HTTP/1.1" 200 27
116.230.114.213 - - [23/Sep/2022:11:42:47 +0800] "GET /xingrg/all/function/internal_message.html?_=1663904586497&CODE_STATE=getMsg HTTP/1.1" 200 27
101.85.93.113 - - [23/Sep/2022:11:42:47 +0800] "GET /xingrg/all/function/internal_message.html?_=1663904564458&CODE_STATE=getMsg HTTP/1.1" 200 27
61.170.232.128 - - [23/Sep/2022:11:43:02 +0800] "GET /xingrg/all/function/internal_message.html?_=1663904571258&CODE_STATE=getMsg HTTP/1.1" 200 27
116.224.255.128 - - [23/Sep/2022:11:43:04 +0800] "GET /xingrg/all/function/internal_message.html?_=1663904509534&CODE_STATE=getMsg HTTP/1.1" 200 27
180.169.147.146 - - [23/Sep/2022:11:43:05 +0800] "GET /xingrg/all/function/internal_message.html?_=1663904582621&CODE_STATE=getMsg HTTP/1.1" 200 27
58.221.95.50 - - [23/Sep/2022:11:43:18 +0800] "GET /xingrg/check_reg.html?_=1663904600515 HTTP/1.1" 302 -
116.225.121.189 - - [23/Sep/2022:11:43:18 +0800] "GET /xingrg/all/function/internal_message.html?_=1663904596944&CODE_STATE=getMsg HTTP/1.1" 200 27
61.170.232.128 - - [23/Sep/2022:11:43:20 +0800] "GET /xingrg/all/function/internal_message.html?_=1663904600141&CODE_STATE=getMsg HTTP/1.1" 200 27
116.225.121.189 - - [23/Sep/2022:11:43:21 +0800] "GET /xingrg/check_reg.html?_=1663904599870 HTTP/1.1" 200 22
114.84.81.136 - - [23/Sep/2022:11:43:22 +0800] "GET /xingrg/all/function/internal_message.html?_=1663904599721&CODE_STATE=getMsg HTTP/1.1" 200 27
61.170.232.128 - - [23/Sep/2022:11:43:22 +0800] "GET /xingrg/check_reg.html?_=1663904602436 HTTP/1.1" 200 22
116.230.114.213 - - [23/Sep/2022:11:43:22 +0800] "GET /xingrg/all/function/internal_message.html?_=1663904618664&CODE_STATE=getMsg HTTP/1.1" 302 -
116.225.121.189 - - [23/Sep/2022:11:43:24 +0800] "GET /xingrg/all/function/internal_message.html?_=1663904459704&CODE_STATE=getMsg HTTP/1.1" 200 27
116.230.114.213 - - [23/Sep/2022:11:43:27 +0800] "GET /xingrg/check_reg.html?_=1663904626331 HTTP/1.1" 200 22
222.70.183.206 - - [23/Sep/2022:11:43:28 +0800] "GET /xingrg/all/function/internal_message.html?_=1663904603062&CODE_STATE=getMsg HTTP/1.1" 200 27
180.169.147.146 - - [23/Sep/2022:11:43:29 +0800] "POST /xingrg/kc/buy/cgsh_order_operate.html HTTP/1.1" 200 10943
116.224.255.128 - - [23/Sep/2022:11:43:34 +0800] "GET /xingrg/all/function/internal_message.html?_=1663904611180&CODE_STATE=getMsg HTTP/1.1" 200 27
124.79.74.72 - - [23/Sep/2022:11:43:39 +0800] "GET /xingrg/all/function/internal_message.html?_=1663904617025&CODE_STATE=getMsg HTTP/1.1" 200 27
114.83.219.57 - - [23/Sep/2022:11:43:41 +0800] "GET /xingrg/all/function/internal_message.html?_=1663904705608&CODE_STATE=getMsg HTTP/1.1" 200 27
116.230.105.139 - - [23/Sep/2022:11:43:44 +0800] "GET /xingrg/all/function/internal_message.html?_=1663904621190&CODE_STATE=getMsg HTTP/1.1" 200 27
180.169.147.146 - - [23/Sep/2022:11:43:46 +0800] "GET /xingrg/all/function/internal_message.html?_=1663904619413&CODE_STATE=getMsg HTTP/1.1" 200 27
116.230.114.213 - - [23/Sep/2022:11:43:47 +0800] "GET /xingrg/all/function/internal_message.html?_=1663904646509&CODE_STATE=getMsg HTTP/1.1" 200 27
101.85.93.113 - - [23/Sep/2022:11:43:47 +0800] "GET /xingrg/all/function/internal_message.html?_=1663904624458&CODE_STATE=getMsg HTTP/1.1" 200 27
61.170.232.128 - - [23/Sep/2022:11:44:02 +0800] "GET /xingrg/all/function/internal_message.html?_=1663904631227&CODE_STATE=getMsg HTTP/1.1" 200 27
222.70.183.206 - - [23/Sep/2022:11:44:02 +0800] "GET /xingrg/check_reg.html?_=1663904636513 HTTP/1.1" 200 22
116.224.255.128 - - [23/Sep/2022:11:44:04 +0800] "GET /xingrg/all/function/internal_message.html?_=1663904569547&CODE_STATE=getMsg HTTP/1.1" 200 27
180.169.147.146 - - [23/Sep/2022:11:44:05 +0800] "GET /xingrg/all/function/internal_message.html?_=1663904642617&CODE_STATE=getMsg HTTP/1.1" 200 27
116.238.169.132 - - [23/Sep/2022:11:44:16 +0800] "GET /xingrg/check_reg.html?_=1663904653334 HTTP/1.1" 200 22
116.225.121.189 - - [23/Sep/2022:11:44:18 +0800] "GET /xingrg/all/function/internal_message.html?_=1663904656921&CODE_STATE=getMsg HTTP/1.1" 200 27
61.170.232.128 - - [23/Sep/2022:11:44:20 +0800] "GET /xingrg/all/function/internal_message.html?_=1663904660126&CODE_STATE=getMsg HTTP/1.1" 200 27
114.84.81.136 - - [23/Sep/2022:11:44:22 +0800] "GET /xingrg/all/function/internal_message.html?_=1663904659706&CODE_STATE=getMsg HTTP/1.1" 200 27
116.230.114.213 - - [23/Sep/2022:11:44:22 +0800] "GET /xingrg/all/function/internal_message.html?_=1663904678699&CODE_STATE=getMsg HTTP/1.1" 302 -
116.225.121.189 - - [23/Sep/2022:11:44:24 +0800] "GET /xingrg/all/function/internal_message.html?_=1663904519706&CODE_STATE=getMsg HTTP/1.1" 200 27
222.70.183.206 - - [23/Sep/2022:11:44:28 +0800] "GET /xingrg/all/function/internal_message.html?_=1663904663038&CODE_STATE=getMsg HTTP/1.1" 200 27
116.224.255.128 - - [23/Sep/2022:11:44:34 +0800] "GET /xingrg/all/function/internal_message.html?_=1663904671183&CODE_STATE=getMsg HTTP/1.1" 200 27
124.79.74.72 - - [23/Sep/2022:11:44:39 +0800] "GET /xingrg/all/function/internal_message.html?_=1663904677028&CODE_STATE=getMsg HTTP/1.1" 200 27
114.83.219.57 - - [23/Sep/2022:11:44:41 +0800] "GET /xingrg/all/function/internal_message.html?_=1663904765601&CODE_STATE=getMsg HTTP/1.1" 200 27
116.230.105.139 - - [23/Sep/2022:11:44:44 +0800] "GET /xingrg/all/function/internal_message.html?_=1663904681184&CODE_STATE=getMsg HTTP/1.1" 200 27
180.169.147.146 - - [23/Sep/2022:11:44:46 +0800] "GET /xingrg/all/function/internal_message.html?_=1663904679396&CODE_STATE=getMsg HTTP/1.1" 200 27
116.230.114.213 - - [23/Sep/2022:11:44:47 +0800] "GET /xingrg/all/function/internal_message.html?_=1663904706523&CODE_STATE=getMsg HTTP/1.1" 200 27
101.85.93.113 - - [23/Sep/2022:11:44:47 +0800] "GET /xingrg/all/function/internal_message.html?_=1663904684458&CODE_STATE=getMsg HTTP/1.1" 200 27
124.79.74.72 - - [23/Sep/2022:11:44:50 +0800] "POST /xingrg/kc/base/yddb_list_operate.html HTTP/1.1" 200 -
124.79.74.72 - - [23/Sep/2022:11:44:50 +0800] "GET /xingrg/kc/base/yddb_order_info.html?code=482022092300244 HTTP/1.1" 200 31486
124.79.74.72 - - [23/Sep/2022:11:44:50 +0800] "GET /xingrg/dwr/interface/AjaxComOrderService.js HTTP/1.1" 200 18264
124.79.74.72 - - [23/Sep/2022:11:44:50 +0800] "GET /xingrg/dwr/interface/AjaxYddbService.js HTTP/1.1" 200 13201
124.79.74.72 - - [23/Sep/2022:11:44:50 +0800] "GET /xingrg/dwr/engine.js HTTP/1.1" 200 43631
124.79.74.72 - - [23/Sep/2022:11:44:50 +0800] "POST /xingrg/dwr/call/plaincall/AjaxYddbService.loadMaterielItems.dwr HTTP/1.1" 200 76
124.79.74.72 - - [23/Sep/2022:11:44:54 +0800] "POST /xingrg/dwr/call/plaincall/AjaxComOrderService.getMaterielSearchList.dwr HTTP/1.1" 200 203
124.79.74.72 - - [23/Sep/2022:11:44:54 +0800] "POST /xingrg/dwr/call/plaincall/AjaxComOrderService.getMaterielSearchList.dwr HTTP/1.1" 200 76
124.79.74.72 - - [23/Sep/2022:11:44:55 +0800] "POST /xingrg/dwr/call/plaincall/AjaxComOrderService.getMaterielSearchList.dwr HTTP/1.1" 200 292
124.79.74.72 - - [23/Sep/2022:11:44:55 +0800] "POST /xingrg/dwr/call/plaincall/AjaxComOrderService.getMaterielSearchList.dwr HTTP/1.1" 200 203
124.79.74.72 - - [23/Sep/2022:11:44:56 +0800] "POST /xingrg/dwr/call/plaincall/AjaxComOrderService.getMaterielSearchList.dwr HTTP/1.1" 200 1410
124.79.74.72 - - [23/Sep/2022:11:44:59 +0800] "POST /xingrg/dwr/call/plaincall/AjaxYddbService.getMaterielByMap.dwr HTTP/1.1" 200 2863
61.170.232.128 - - [23/Sep/2022:11:45:02 +0800] "GET /xingrg/all/function/internal_message.html?_=1663904691205&CODE_STATE=getMsg HTTP/1.1" 200 27
