180.169.147.146 - - [23/Sep/2022:11:04:46 +0800] "GET /xingrg/all/function/internal_message.html?_=1663902279844&CODE_STATE=getMsg HTTP/1.1" 200 27
116.224.255.128 - - [23/Sep/2022:11:04:47 +0800] "POST /xingrg/dwr/call/plaincall/AjaxComOrderService.getMaterielSearchList.dwr HTTP/1.1" 200 1094
58.35.213.73 - - [23/Sep/2022:11:04:47 +0800] "POST /xingrg/services/DataTransmitService HTTP/1.1" 200 524
101.85.93.113 - - [23/Sep/2022:11:04:47 +0800] "GET /xingrg/all/function/internal_message.html?_=1663902284409&CODE_STATE=getMsg HTTP/1.1" 200 27
116.224.255.128 - - [23/Sep/2022:11:04:48 +0800] "POST /xingrg/dwr/call/plaincall/AjaxYddbService.getMaterielByMap.dwr HTTP/1.1" 200 3916
116.224.255.128 - - [23/Sep/2022:11:04:49 +0800] "POST /xingrg/dwr/call/plaincall/AjaxYddbService.saveMaterielItem.dwr HTTP/1.1" 200 78
116.230.114.213 - - [23/Sep/2022:11:04:52 +0800] "GET /xingrg/kc/buy/cgsh_order_operate.html?command=get_materiel&rest_code=00146&code=00101008361&supplier_code=00100005&order_time=2022-09-23 HTTP/1.1" 200 408
116.230.114.213 - - [23/Sep/2022:11:04:54 +0800] "POST /xingrg/kc/buy/cgsh_order_operate.html HTTP/1.1" 200 2065
114.84.81.136 - - [23/Sep/2022:11:04:56 +0800] "GET /xingrg/kc/buy/cgsh_order_operate.html?command=get_materiel&rest_code=00148&code=00101008213&supplier_code=00100008&order_time=2022-09-23 HTTP/1.1" 200 412
116.224.255.128 - - [23/Sep/2022:11:05:01 +0800] "GET /xingrg/all/function/internal_message.html?_=1663902298800&CODE_STATE=getMsg HTTP/1.1" 200 27
61.170.232.128 - - [23/Sep/2022:11:05:02 +0800] "GET /xingrg/all/function/internal_message.html?_=1663902292150&CODE_STATE=getMsg HTTP/1.1" 200 27
116.224.255.128 - - [23/Sep/2022:11:05:03 +0800] "GET /xingrg/all/function/internal_message.html?_=1663902229018&CODE_STATE=getMsg HTTP/1.1" 200 27
116.224.255.128 - - [23/Sep/2022:11:05:04 +0800] "POST /xingrg/dwr/call/plaincall/AjaxComOrderService.getMaterielSearchList.dwr HTTP/1.1" 200 11542
116.224.255.128 - - [23/Sep/2022:11:05:04 +0800] "POST /xingrg/dwr/call/plaincall/AjaxComOrderService.getMaterielSearchList.dwr HTTP/1.1" 200 734
116.230.114.213 - - [23/Sep/2022:11:05:05 +0800] "GET /xingrg/kc/buy/cgsh_order_operate.html?command=get_materiel&rest_code=00146&code=00101008355&supplier_code=00100005&order_time=2022-09-23 HTTP/1.1" 200 408
116.224.255.128 - - [23/Sep/2022:11:05:05 +0800] "POST /xingrg/dwr/call/plaincall/AjaxComOrderService.getMaterielSearchList.dwr HTTP/1.1" 200 734
180.169.147.146 - - [23/Sep/2022:11:05:05 +0800] "GET /xingrg/all/function/internal_message.html?_=1663902302601&CODE_STATE=getMsg HTTP/1.1" 200 27
116.224.255.128 - - [23/Sep/2022:11:05:05 +0800] "POST /xingrg/dwr/call/plaincall/AjaxYddbService.getMaterielByMap.dwr HTTP/1.1" 200 3872
114.84.81.136 - - [23/Sep/2022:11:05:06 +0800] "POST /xingrg/kc/buy/cgsh_order_operate.html HTTP/1.1" 200 2065
120.253.135.82 - - [23/Sep/2022:11:05:07 +0800] "GET /xingrg/all/function/internal_message.html?_=1663902103835&CODE_STATE=getMsg HTTP/1.1" 200 27
116.224.255.128 - - [23/Sep/2022:11:05:08 +0800] "POST /xingrg/dwr/call/plaincall/AjaxYddbService.saveMaterielItem.dwr HTTP/1.1" 200 79
116.230.105.139 - - [23/Sep/2022:11:05:13 +0800] "POST /xingrg/kc/buy/cgsh_order_operate.html HTTP/1.1" 200 37
114.84.81.136 - - [23/Sep/2022:11:05:13 +0800] "GET /xingrg/kc/buy/cgsh_order_operate.html?command=get_materiel&rest_code=00148&code=00101008298&supplier_code=00100008&order_time=2022-09-23 HTTP/1.1" 200 412
116.224.255.128 - - [23/Sep/2022:11:05:13 +0800] "POST /xingrg/dwr/call/plaincall/AjaxComOrderService.getMaterielSearchList.dwr HTTP/1.1" 200 20507
116.224.255.128 - - [23/Sep/2022:11:05:15 +0800] "POST /xingrg/dwr/call/plaincall/AjaxComOrderService.getMaterielSearchList.dwr HTTP/1.1" 200 607
124.79.74.72 - - [23/Sep/2022:11:05:16 +0800] "GET /xingrg/all/function/internal_message.html?_=1663902313802&CODE_STATE=getMsg HTTP/1.1" 200 27
116.224.255.128 - - [23/Sep/2022:11:05:18 +0800] "POST /xingrg/dwr/call/plaincall/AjaxYddbService.getMaterielByMap.dwr HTTP/1.1" 200 3952
116.225.121.189 - - [23/Sep/2022:11:05:19 +0800] "GET /xingrg/all/function/internal_message.html?_=1663902317862&CODE_STATE=getMsg HTTP/1.1" 200 27
116.230.105.139 - - [23/Sep/2022:11:05:19 +0800] "POST /xingrg/kc/buy/cgsh_order_operate.html HTTP/1.1" 200 28709
61.170.232.128 - - [23/Sep/2022:11:05:20 +0800] "GET /xingrg/all/function/internal_message.html?_=1663902320710&CODE_STATE=getMsg HTTP/1.1" 200 27
116.230.105.139 - - [23/Sep/2022:11:05:21 +0800] "GET /xingrg/kc/print/load_config.html?kc_code=cgsh HTTP/1.1" 200 1943
116.230.105.139 - - [23/Sep/2022:11:05:21 +0800] "GET /xingrg/kc/print/load_data.html?order_code=212022092308290&kc_code=cgsh HTTP/1.1" 200 10595
116.224.255.128 - - [23/Sep/2022:11:05:22 +0800] "GET /xingrg/images/yd/bt2.gif HTTP/1.1" 404 1042
116.230.114.213 - - [23/Sep/2022:11:05:22 +0800] "GET /xingrg/all/function/internal_message.html?_=1663902337867&CODE_STATE=getMsg HTTP/1.1" 302 -
116.224.255.128 - - [23/Sep/2022:11:05:22 +0800] "POST /xingrg/dwr/call/plaincall/AjaxYddbService.saveMaterielItem.dwr HTTP/1.1" 200 79
116.225.121.189 - - [23/Sep/2022:11:05:24 +0800] "GET /xingrg/all/function/internal_message.html?_=1663902179661&CODE_STATE=getMsg HTTP/1.1" 200 27
116.224.255.128 - - [23/Sep/2022:11:05:25 +0800] "POST /xingrg/dwr/call/plaincall/AjaxComOrderService.getMaterielSearchList.dwr HTTP/1.1" 200 7418
116.224.255.128 - - [23/Sep/2022:11:05:26 +0800] "POST /xingrg/dwr/call/plaincall/AjaxComOrderService.getMaterielSearchList.dwr HTTP/1.1" 200 1043
116.224.255.128 - - [23/Sep/2022:11:05:28 +0800] "POST /xingrg/dwr/call/plaincall/AjaxYddbService.getMaterielByMap.dwr HTTP/1.1" 200 3943
116.224.255.128 - - [23/Sep/2022:11:05:29 +0800] "POST /xingrg/dwr/call/plaincall/AjaxYddbService.getUnitPrice.dwr HTTP/1.1" 200 86
222.70.183.206 - - [23/Sep/2022:11:05:29 +0800] "GET /xingrg/all/function/internal_message.html?_=1663902324071&CODE_STATE=getMsg HTTP/1.1" 200 27
116.224.255.128 - - [23/Sep/2022:11:05:31 +0800] "POST /xingrg/dwr/call/plaincall/AjaxYddbService.saveMaterielItem.dwr HTTP/1.1" 200 79
116.224.255.128 - - [23/Sep/2022:11:05:34 +0800] "POST /xingrg/dwr/call/plaincall/AjaxComOrderService.getMaterielSearchList.dwr HTTP/1.1" 200 17764
116.224.255.128 - - [23/Sep/2022:11:05:35 +0800] "POST /xingrg/dwr/call/plaincall/AjaxComOrderService.getMaterielSearchList.dwr HTTP/1.1" 200 303
116.224.255.128 - - [23/Sep/2022:11:05:36 +0800] "POST /xingrg/dwr/call/plaincall/AjaxComOrderService.getMaterielSearchList.dwr HTTP/1.1" 200 303
116.224.255.128 - - [23/Sep/2022:11:05:36 +0800] "POST /xingrg/dwr/call/plaincall/AjaxYddbService.getMaterielByMap.dwr HTTP/1.1" 200 3939
116.224.255.128 - - [23/Sep/2022:11:05:38 +0800] "POST /xingrg/dwr/call/plaincall/AjaxYddbService.saveMaterielItem.dwr HTTP/1.1" 200 79
114.84.81.136 - - [23/Sep/2022:11:05:38 +0800] "GET /xingrg/all/function/internal_message.html?_=1663902335897&CODE_STATE=getMsg HTTP/1.1" 200 27
114.84.81.136 - - [23/Sep/2022:11:05:38 +0800] "GET /xingrg/check_reg.html?_=1663902335899 HTTP/1.1" 200 22
116.224.255.128 - - [23/Sep/2022:11:05:40 +0800] "POST /xingrg/dwr/call/plaincall/AjaxComOrderService.getMaterielSearchList.dwr HTTP/1.1" 200 27894
116.224.255.128 - - [23/Sep/2022:11:05:41 +0800] "POST /xingrg/dwr/call/plaincall/AjaxComOrderService.getMaterielSearchList.dwr HTTP/1.1" 200 1576
114.83.219.57 - - [23/Sep/2022:11:05:42 +0800] "GET /xingrg/all/function/internal_message.html?_=1663902426107&CODE_STATE=getMsg HTTP/1.1" 200 27
114.84.81.136 - - [23/Sep/2022:11:05:42 +0800] "GET /xingrg/kc/buy/cgsh_order_operate.html?command=get_materiel&rest_code=00148&code=00101008105&supplier_code=00100008&order_time=2022-09-23 HTTP/1.1" 200 412
116.224.255.128 - - [23/Sep/2022:11:05:42 +0800] "POST /xingrg/dwr/call/plaincall/AjaxYddbService.getMaterielByMap.dwr HTTP/1.1" 200 3962
116.230.105.139 - - [23/Sep/2022:11:05:43 +0800] "GET /xingrg/kc/print/load_data.html?order_code=212022092308290&kc_code=cgsh&condition= HTTP/1.1" 200 10595
116.224.255.128 - - [23/Sep/2022:11:05:43 +0800] "POST /xingrg/dwr/call/plaincall/AjaxYddbService.saveMaterielItem.dwr HTTP/1.1" 200 79
116.230.114.213 - - [23/Sep/2022:11:05:44 +0800] "GET /xingrg/all/function/internal_message.html?_=1663902363450&CODE_STATE=getMsg HTTP/1.1" 200 27
116.230.105.139 - - [23/Sep/2022:11:05:44 +0800] "GET /xingrg/all/function/internal_message.html?_=1663902341760&CODE_STATE=getMsg HTTP/1.1" 200 27
116.224.255.128 - - [23/Sep/2022:11:05:46 +0800] "POST /xingrg/dwr/call/plaincall/AjaxComOrderService.getMaterielSearchList.dwr HTTP/1.1" 200 18114
180.169.147.146 - - [23/Sep/2022:11:05:46 +0800] "GET /xingrg/all/function/internal_message.html?_=1663902339827&CODE_STATE=getMsg HTTP/1.1" 200 27
116.230.114.213 - - [23/Sep/2022:11:05:47 +0800] "GET /xingrg/kc/buy/cgsh_order_operate.html?command=get_materiel&rest_code=00146&code=00101008196&supplier_code=00100005&order_time=2022-09-23 HTTP/1.1" 200 416
116.224.255.128 - - [23/Sep/2022:11:05:47 +0800] "POST /xingrg/dwr/call/plaincall/AjaxComOrderService.getMaterielSearchList.dwr HTTP/1.1" 200 714
101.85.93.113 - - [23/Sep/2022:11:05:47 +0800] "GET /xingrg/all/function/internal_message.html?_=1663902344410&CODE_STATE=getMsg HTTP/1.1" 200 27
116.224.255.128 - - [23/Sep/2022:11:05:48 +0800] "POST /xingrg/dwr/call/plaincall/AjaxYddbService.getMaterielByMap.dwr HTTP/1.1" 200 3970
116.230.105.139 - - [23/Sep/2022:11:05:49 +0800] "GET /xingrg/kc/buy/cgsh_order_add.html HTTP/1.1" 200 68785
116.230.105.139 - - [23/Sep/2022:11:05:49 +0800] "POST /xingrg/kc/buy/cgsh_order_operate.html HTTP/1.1" 200 8245
116.230.105.139 - - [23/Sep/2022:11:05:49 +0800] "GET /xingrg/javascript/easyui/themes/default/validatebox.css HTTP/1.1" 404 1104
61.170.232.128 - - [23/Sep/2022:11:05:49 +0800] "GET /xingrg/check_reg.html?_=1663902338998 HTTP/1.1" 200 22
116.224.255.128 - - [23/Sep/2022:11:05:50 +0800] "POST /xingrg/dwr/call/plaincall/AjaxYddbService.getUnitPrice.dwr HTTP/1.1" 200 88
116.224.255.128 - - [23/Sep/2022:11:05:51 +0800] "POST /xingrg/dwr/call/plaincall/AjaxYddbService.saveMaterielItem.dwr HTTP/1.1" 200 79
114.84.81.136 - - [23/Sep/2022:11:05:53 +0800] "GET /xingrg/kc/buy/cgsh_order_operate.html?command=get_materiel&rest_code=00148&code=00101008119&supplier_code=00100008&order_time=2022-09-23 HTTP/1.1" 200 412
116.224.255.128 - - [23/Sep/2022:11:05:56 +0800] "POST /xingrg/dwr/call/plaincall/AjaxComOrderService.getMaterielSearchList.dwr HTTP/1.1" 200 1003
116.224.255.128 - - [23/Sep/2022:11:05:58 +0800] "POST /xingrg/dwr/call/plaincall/AjaxYddbService.getMaterielByMap.dwr HTTP/1.1" 200 3934
116.224.255.128 - - [23/Sep/2022:11:06:00 +0800] "POST /xingrg/dwr/call/plaincall/AjaxYddbService.saveMaterielItem.dwr HTTP/1.1" 200 79
116.230.114.213 - - [23/Sep/2022:11:06:00 +0800] "GET /xingrg/kc/buy/cgsh_order_operate.html?command=get_materiel&rest_code=00146&code=00101008197&supplier_code=00100005&order_time=2022-09-23 HTTP/1.1" 200 416
116.224.255.128 - - [23/Sep/2022:11:06:01 +0800] "GET /xingrg/all/function/internal_message.html?_=1663902358803&CODE_STATE=getMsg HTTP/1.1" 200 27
116.224.255.128 - - [23/Sep/2022:11:06:02 +0800] "POST /xingrg/dwr/call/plaincall/AjaxComOrderService.getMaterielSearchList.dwr HTTP/1.1" 200 29548
116.230.114.213 - - [23/Sep/2022:11:06:02 +0800] "POST /xingrg/kc/buy/cgsh_order_operate.html HTTP/1.1" 200 2065
61.170.232.128 - - [23/Sep/2022:11:06:02 +0800] "GET /xingrg/all/function/internal_message.html?_=1663902352124&CODE_STATE=getMsg HTTP/1.1" 200 27
116.224.255.128 - - [23/Sep/2022:11:06:03 +0800] "POST /xingrg/dwr/call/plaincall/AjaxComOrderService.getMaterielSearchList.dwr HTTP/1.1" 200 1937
116.224.255.128 - - [23/Sep/2022:11:06:03 +0800] "GET /xingrg/all/function/internal_message.html?_=1663902289031&CODE_STATE=getMsg HTTP/1.1" 200 27
114.84.81.136 - - [23/Sep/2022:11:06:03 +0800] "GET /xingrg/kc/buy/cgsh_order_operate.html?command=get_materiel&rest_code=00148&code=00101008109&supplier_code=00100008&order_time=2022-09-23 HTTP/1.1" 200 413
116.224.255.128 - - [23/Sep/2022:11:06:04 +0800] "POST /xingrg/dwr/call/plaincall/AjaxYddbService.getMaterielByMap.dwr HTTP/1.1" 200 3863
180.169.147.146 - - [23/Sep/2022:11:06:05 +0800] "GET /xingrg/all/function/internal_message.html?_=1663902362598&CODE_STATE=getMsg HTTP/1.1" 200 27
116.224.255.128 - - [23/Sep/2022:11:06:05 +0800] "GET /xingrg/check_reg.html?_=1663902288364 HTTP/1.1" 200 22
116.224.255.128 - - [23/Sep/2022:11:06:06 +0800] "POST /xingrg/dwr/call/plaincall/AjaxYddbService.saveMaterielItem.dwr HTTP/1.1" 200 79
120.253.135.82 - - [23/Sep/2022:11:06:07 +0800] "GET /xingrg/all/function/internal_message.html?_=1663902163839&CODE_STATE=getMsg HTTP/1.1" 200 27
114.84.81.136 - - [23/Sep/2022:11:06:07 +0800] "POST /xingrg/kc/buy/cgsh_order_operate.html HTTP/1.1" 200 2065
114.83.222.183 - - [23/Sep/2022:11:06:09 +0800] "POST /xingrg/services/DataTransmitService HTTP/1.1" 200 524
114.83.222.183 - - [23/Sep/2022:11:06:10 +0800] "POST /xingrg/services/DataTransmitService HTTP/1.1" 200 412
116.230.114.213 - - [23/Sep/2022:11:06:12 +0800] "GET /xingrg/check_reg.html?_=1663902388115 HTTP/1.1" 302 -
116.230.114.213 - - [23/Sep/2022:11:06:15 +0800] "GET /xingrg/kc/buy/cgsh_order_operate.html?command=get_materiel&rest_code=00146&code=00101008286&supplier_code=00100005&order_time=2022-09-23 HTTP/1.1" 200 408
114.84.81.136 - - [23/Sep/2022:11:06:15 +0800] "GET /xingrg/kc/buy/cgsh_order_operate.html?command=get_materiel&rest_code=00148&code=00101008125&supplier_code=00100008&order_time=2022-09-23 HTTP/1.1" 200 433
124.79.74.72 - - [23/Sep/2022:11:06:16 +0800] "GET /xingrg/all/function/internal_message.html?_=1663902373804&CODE_STATE=getMsg HTTP/1.1" 200 27
116.224.255.128 - - [23/Sep/2022:11:06:17 +0800] "POST /xingrg/dwr/call/plaincall/AjaxYddbService.checkOrder.dwr HTTP/1.1" 200 79
116.224.255.128 - - [23/Sep/2022:11:06:18 +0800] "GET /xingrg/kc/base/yddb_order_info.html?code=482022092300243 HTTP/1.1" 200 29586
116.224.255.128 - - [23/Sep/2022:11:06:19 +0800] "GET /xingrg/dwr/interface/AjaxComOrderService.js HTTP/1.1" 200 18264
116.225.121.189 - - [23/Sep/2022:11:06:19 +0800] "GET /xingrg/all/function/internal_message.html?_=1663902377838&CODE_STATE=getMsg HTTP/1.1" 200 27
116.224.255.128 - - [23/Sep/2022:11:06:19 +0800] "GET /xingrg/dwr/interface/AjaxYddbService.js HTTP/1.1" 200 13201
61.170.232.128 - - [23/Sep/2022:11:06:20 +0800] "GET /xingrg/all/function/internal_message.html?_=1663902380694&CODE_STATE=getMsg HTTP/1.1" 200 27
116.224.255.128 - - [23/Sep/2022:11:06:21 +0800] "GET /xingrg/dwr/engine.js HTTP/1.1" 200 43631
116.224.255.128 - - [23/Sep/2022:11:06:22 +0800] "POST /xingrg/dwr/call/plaincall/AjaxYddbService.loadMaterielItems.dwr HTTP/1.1" 200 3636
116.230.114.213 - - [23/Sep/2022:11:06:22 +0800] "GET /xingrg/all/function/internal_message.html?_=1663902397880&CODE_STATE=getMsg HTTP/1.1" 302 -
116.225.121.189 - - [23/Sep/2022:11:06:24 +0800] "GET /xingrg/all/function/internal_message.html?_=1663902239662&CODE_STATE=getMsg HTTP/1.1" 200 27
116.230.114.213 - - [23/Sep/2022:11:06:28 +0800] "GET /xingrg/kc/buy/cgsh_order_operate.html?command=get_materiel&rest_code=00146&code=00101008131&supplier_code=00100005&order_time=2022-09-23 HTTP/1.1" 200 428
222.70.183.206 - - [23/Sep/2022:11:06:29 +0800] "GET /xingrg/all/function/internal_message.html?_=1663902384042&CODE_STATE=getMsg HTTP/1.1" 200 27
116.224.255.128 - - [23/Sep/2022:11:06:31 +0800] "POST /xingrg/all/user/operate.html HTTP/1.1" 200 36
116.224.255.128 - - [23/Sep/2022:11:06:31 +0800] "GET /xingrg/index.html?sysBaseUrl=http%3A%2F%2F180.169.147.146%3A18081%2Fxingrg%2F&costTime=44×tamp=1663894658710 HTTP/1.1" 200 17177
116.224.255.128 - - [23/Sep/2022:11:06:33 +0800] "GET /xingrg/javascript/jquery_easy_ui/themes/default/easyui.css HTTP/1.1" 304 -
116.224.255.128 - - [23/Sep/2022:11:06:33 +0800] "GET /xingrg/javascript/jquery_easy_ui/themes/icon.css HTTP/1.1" 304 -
116.224.255.128 - - [23/Sep/2022:11:06:33 +0800] "GET /xingrg/css/form.css HTTP/1.1" 304 -
116.224.255.128 - - [23/Sep/2022:11:06:33 +0800] "GET /xingrg/javascript/jquery-1.4.2.min.js HTTP/1.1" 304 -
116.224.255.128 - - [23/Sep/2022:11:06:33 +0800] "GET /xingrg/javascript/jquery_easy_ui/jquery.easyui.min.js HTTP/1.1" 304 -
116.224.255.128 - - [23/Sep/2022:11:06:33 +0800] "GET /xingrg/javascript/jquery_easy_ui/easyui-lang-zh_CN.js HTTP/1.1" 304 -
116.224.255.128 - - [23/Sep/2022:11:06:33 +0800] "GET /xingrg/javascript/jquery.form.js HTTP/1.1" 304 -
116.224.255.128 - - [23/Sep/2022:11:06:33 +0800] "GET /xingrg/javascript/jquery.utils.js HTTP/1.1" 304 -
116.224.255.128 - - [23/Sep/2022:11:06:33 +0800] "GET /xingrg/javascript/jquery.timers.js HTTP/1.1" 304 -
116.224.255.128 - - [23/Sep/2022:11:06:33 +0800] "GET /xingrg/images/blue/jxLogo.png HTTP/1.1" 304 -
116.224.255.128 - - [23/Sep/2022:11:06:33 +0800] "GET /xingrg/images/blue/navBackgound.jpg HTTP/1.1" 304 -
116.224.255.128 - - [23/Sep/2022:11:06:33 +0800] "GET /xingrg/javascript/jquery_easy_ui/themes/icons/settle_new.png HTTP/1.1" 304 -
116.224.255.128 - - [23/Sep/2022:11:06:33 +0800] "POST /xingrg/all/common/load_tree.html?tree=area_rest_tree_json&manage=1 HTTP/1.1" 200 476
116.224.255.128 - - [23/Sep/2022:11:06:33 +0800] "GET /xingrg/all/function/internal_message.html?_=1663902390962&CODE_STATE=count HTTP/1.1" 200 11
116.224.255.128 - - [23/Sep/2022:11:06:33 +0800] "GET /xingrg/check_reg.html?_=1663902390963 HTTP/1.1" 200 22
116.224.255.128 - - [23/Sep/2022:11:06:33 +0800] "GET /xingrg/javascript/jquery_easy_ui/themes/default/images/tabs_rightarrow.png HTTP/1.1" 304 -
116.224.255.128 - - [23/Sep/2022:11:06:33 +0800] "POST /xingrg/load_menu.html HTTP/1.1" 200 5138
116.224.255.128 - - [23/Sep/2022:11:06:33 +0800] "GET /xingrg/javascript/jquery_easy_ui/themes/default/images/tabs_leftarrow.png HTTP/1.1" 304 -
116.224.255.128 - - [23/Sep/2022:11:06:33 +0800] "GET /xingrg/images/blue/pingpu.png HTTP/1.1" 304 -
116.224.255.128 - - [23/Sep/2022:11:06:33 +0800] "GET /xingrg/javascript/jquery_easy_ui/themes/default/images/panel_tool_collapse.gif HTTP/1.1" 304 -
116.224.255.128 - - [23/Sep/2022:11:06:33 +0800] "GET /xingrg/javascript/jquery_easy_ui/themes/icons/storage_new.png HTTP/1.1" 304 -
116.224.255.128 - - [23/Sep/2022:11:06:33 +0800] "GET /xingrg/javascript/jquery_easy_ui/themes/icons/search_new.png HTTP/1.1" 304 -
116.224.255.128 - - [23/Sep/2022:11:06:33 +0800] "GET /xingrg/javascript/jquery_easy_ui/themes/default/images/tree_arrows.gif HTTP/1.1" 304 -
116.224.255.128 - - [23/Sep/2022:11:06:33 +0800] "GET /xingrg/javascript/jquery_easy_ui/themes/icons/forms_new.png HTTP/1.1" 304 -
116.224.255.128 - - [23/Sep/2022:11:06:33 +0800] "GET /xingrg/javascript/jquery_easy_ui/themes/default/images/tree_file.gif HTTP/1.1" 304 -
116.224.255.128 - - [23/Sep/2022:11:06:33 +0800] "GET /xingrg/javascript/jquery_easy_ui/themes/default/images/tree_folder.gif HTTP/1.1" 304 -
116.224.255.128 - - [23/Sep/2022:11:06:33 +0800] "GET /xingrg/javascript/jquery_easy_ui/themes/default/images/tree_folder_open.gif HTTP/1.1" 304 -
116.224.255.128 - - [23/Sep/2022:11:06:36 +0800] "GET /xingrg/kc/base/yddb_order_list.html HTTP/1.1" 200 16790
116.224.255.128 - - [23/Sep/2022:11:06:36 +0800] "POST /xingrg/kc/base/yddb_list_operate.html HTTP/1.1" 200 636
116.224.255.128 - - [23/Sep/2022:11:06:38 +0800] "POST /xingrg/kc/base/yddb_list_operate.html HTTP/1.1" 200 1349
114.84.81.136 - - [23/Sep/2022:11:06:38 +0800] "GET /xingrg/all/function/internal_message.html?_=1663902395887&CODE_STATE=getMsg HTTP/1.1" 200 27
116.224.255.128 - - [23/Sep/2022:11:06:39 +0800] "POST /xingrg/kc/base/yddb_list_operate.html HTTP/1.1" 200 622
116.230.105.139 - - [23/Sep/2022:11:06:40 +0800] "GET /xingrg/kc/buy/cgsh_order_operate.html?command=get_materiel&rest_code=00155&code=00101002027&supplier_code=00100199&order_time=2022-09-23 HTTP/1.1" 200 435
116.224.255.128 - - [23/Sep/2022:11:06:40 +0800] "GET /xingrg/kc/base/yddb_order_info.html?code=482022092300243 HTTP/1.1" 200 31151
116.230.114.213 - - [23/Sep/2022:11:06:40 +0800] "GET /xingrg/kc/buy/cgsh_order_operate.html?command=get_materiel&rest_code=00146&code=00101008318&supplier_code=00100005&order_time=2022-09-23 HTTP/1.1" 200 408
116.224.255.128 - - [23/Sep/2022:11:06:41 +0800] "GET /xingrg/dwr/interface/AjaxYddbService.js HTTP/1.1" 200 13201
116.224.255.128 - - [23/Sep/2022:11:06:41 +0800] "GET /xingrg/dwr/interface/AjaxComOrderService.js HTTP/1.1" 200 18264
114.83.219.57 - - [23/Sep/2022:11:06:42 +0800] "GET /xingrg/all/function/internal_message.html?_=1663902486091&CODE_STATE=getMsg HTTP/1.1" 200 27
116.230.105.139 - - [23/Sep/2022:11:06:43 +0800] "GET /xingrg/check_reg.html?_=1663902401184 HTTP/1.1" 200 22
116.230.114.213 - - [23/Sep/2022:11:06:44 +0800] "GET /xingrg/all/function/internal_message.html?_=1663902423464&CODE_STATE=getMsg HTTP/1.1" 200 27
116.230.105.139 - - [23/Sep/2022:11:06:44 +0800] "GET /xingrg/all/function/internal_message.html?_=1663902401734&CODE_STATE=getMsg HTTP/1.1" 200 27
116.224.255.128 - - [23/Sep/2022:11:06:45 +0800] "GET /xingrg/dwr/engine.js HTTP/1.1" 200 43631
116.224.255.128 - - [23/Sep/2022:11:06:45 +0800] "POST /xingrg/dwr/call/plaincall/AjaxYddbService.loadMaterielItems.dwr HTTP/1.1" 200 3636
180.169.147.146 - - [23/Sep/2022:11:06:46 +0800] "GET /xingrg/all/function/internal_message.html?_=1663902399811&CODE_STATE=getMsg HTTP/1.1" 200 27
101.85.93.113 - - [23/Sep/2022:11:06:47 +0800] "GET /xingrg/check_reg.html?_=1663902404410 HTTP/1.1" 200 22
101.85.93.113 - - [23/Sep/2022:11:06:47 +0800] "GET /xingrg/all/function/internal_message.html?_=1663902404413&CODE_STATE=getMsg HTTP/1.1" 200 27
116.224.255.128 - - [23/Sep/2022:11:06:51 +0800] "POST /xingrg/dwr/call/plaincall/AjaxYddbService.saveOrder.dwr HTTP/1.1" 200 78
116.224.255.128 - - [23/Sep/2022:11:06:54 +0800] "POST /xingrg/dwr/call/plaincall/AjaxYddbService.objCheckOrder.dwr HTTP/1.1" 200 78
116.224.255.128 - - [23/Sep/2022:11:06:55 +0800] "GET /xingrg/dwr/interface/AjaxYddbService.js HTTP/1.1" 200 13201
116.224.255.128 - - [23/Sep/2022:11:06:55 +0800] "GET /xingrg/dwr/interface/AjaxComOrderService.js HTTP/1.1" 200 18264
116.224.255.128 - - [23/Sep/2022:11:06:56 +0800] "GET /xingrg/dwr/engine.js HTTP/1.1" 200 43631
114.84.151.24 - - [23/Sep/2022:11:06:58 +0800] "GET /xingrg/check_reg.html?_=1663902060421 HTTP/1.1" 200 22
116.224.255.128 - - [23/Sep/2022:11:07:02 +0800] "GET /xingrg/kc/base/yddb_order_info.html?code=482022092300243 HTTP/1.1" 200 31272
116.224.255.128 - - [23/Sep/2022:11:07:02 +0800] "POST /xingrg/dwr/call/plaincall/AjaxYddbService.loadMaterielItems.dwr HTTP/1.1" 200 3636
61.170.232.128 - - [23/Sep/2022:11:07:02 +0800] "GET /xingrg/all/function/internal_message.html?_=1663902412097&CODE_STATE=getMsg HTTP/1.1" 200 27
116.224.255.128 - - [23/Sep/2022:11:07:03 +0800] "GET /xingrg/all/function/internal_message.html?_=1663902349044&CODE_STATE=getMsg HTTP/1.1" 200 27
180.169.147.146 - - [23/Sep/2022:11:07:05 +0800] "GET /xingrg/all/function/internal_message.html?_=1663902422587&CODE_STATE=getMsg HTTP/1.1" 200 27
180.169.147.146 - - [23/Sep/2022:11:07:05 +0800] "GET /xingrg/check_reg.html?_=1663902422591 HTTP/1.1" 200 22
116.230.114.213 - - [23/Sep/2022:11:07:06 +0800] "GET /xingrg/kc/buy/cgsh_order_operate.html?command=get_materiel&rest_code=00146&code=00101008352&supplier_code=00100005&order_time=2022-09-23 HTTP/1.1" 200 412
120.253.135.82 - - [23/Sep/2022:11:07:07 +0800] "GET /xingrg/all/function/internal_message.html?_=1663902224023&CODE_STATE=getMsg HTTP/1.1" 200 27
124.79.74.72 - - [23/Sep/2022:11:07:16 +0800] "GET /xingrg/all/function/internal_message.html?_=1663902433810&CODE_STATE=getMsg HTTP/1.1" 200 27
124.79.74.72 - - [23/Sep/2022:11:07:16 +0800] "GET /xingrg/check_reg.html?_=1663902433812 HTTP/1.1" 200 22
116.225.121.189 - - [23/Sep/2022:11:07:19 +0800] "GET /xingrg/all/function/internal_message.html?_=1663902437813&CODE_STATE=getMsg HTTP/1.1" 200 27
58.40.7.146 - - [23/Sep/2022:11:07:20 +0800] "POST /xingrg/services/DataTransmitService HTTP/1.1" 200 524
61.170.232.128 - - [23/Sep/2022:11:07:20 +0800] "GET /xingrg/all/function/internal_message.html?_=1663902440679&CODE_STATE=getMsg HTTP/1.1" 200 27
116.230.114.213 - - [23/Sep/2022:11:07:20 +0800] "GET /xingrg/kc/buy/cgsh_order_operate.html?command=get_materiel&rest_code=00146&code=00101008098&supplier_code=00100005&order_time=2022-09-23 HTTP/1.1" 200 412
116.230.114.213 - - [23/Sep/2022:11:07:22 +0800] "GET /xingrg/all/function/internal_message.html?_=1663902457914&CODE_STATE=getMsg HTTP/1.1" 302 -
116.225.121.189 - - [23/Sep/2022:11:07:24 +0800] "GET /xingrg/all/function/internal_message.html?_=1663902299661&CODE_STATE=getMsg HTTP/1.1" 200 27
116.225.121.189 - - [23/Sep/2022:11:07:24 +0800] "GET /xingrg/check_reg.html?_=1663902299683 HTTP/1.1" 200 22
116.230.114.213 - - [23/Sep/2022:11:07:25 +0800] "POST /xingrg/kc/buy/cgsh_order_operate.html HTTP/1.1" 200 2065
222.70.183.206 - - [23/Sep/2022:11:07:29 +0800] "GET /xingrg/all/function/internal_message.html?_=1663902444012&CODE_STATE=getMsg HTTP/1.1" 200 27
116.224.255.128 - - [23/Sep/2022:11:07:33 +0800] "GET /xingrg/all/function/internal_message.html?_=1663902450978&CODE_STATE=getMsg HTTP/1.1" 200 27
114.84.81.136 - - [23/Sep/2022:11:07:38 +0800] "GET /xingrg/all/function/internal_message.html?_=1663902455884&CODE_STATE=getMsg HTTP/1.1" 200 27
116.238.169.132 - - [23/Sep/2022:11:07:41 +0800] "POST /xingrg/services/DataTransmitService HTTP/1.1" 200 524
114.83.219.57 - - [23/Sep/2022:11:07:42 +0800] "GET /xingrg/all/function/internal_message.html?_=1663902546071&CODE_STATE=getMsg HTTP/1.1" 200 27
114.83.219.57 - - [23/Sep/2022:11:07:42 +0800] "GET /xingrg/check_reg.html?_=1663902546307 HTTP/1.1" 200 22
116.230.114.213 - - [23/Sep/2022:11:07:44 +0800] "GET /xingrg/all/function/internal_message.html?_=1663902483577&CODE_STATE=getMsg HTTP/1.1" 200 27
116.230.105.139 - - [23/Sep/2022:11:07:44 +0800] "GET /xingrg/all/function/internal_message.html?_=1663902461717&CODE_STATE=getMsg HTTP/1.1" 200 27
180.169.147.146 - - [23/Sep/2022:11:07:46 +0800] "GET /xingrg/all/function/internal_message.html?_=1663902459795&CODE_STATE=getMsg HTTP/1.1" 200 27
116.230.105.139 - - [23/Sep/2022:11:07:46 +0800] "GET /xingrg/kc/buy/cgsh_order_operate.html?command=get_materiel&rest_code=00155&code=00101002006&supplier_code=00100199&order_time=2022-09-23 HTTP/1.1" 200 430
114.83.219.57 - - [23/Sep/2022:11:07:47 +0800] "GET /xingrg/kc/buy/cgsh_order_list.html HTTP/1.1" 200 53003
101.85.93.113 - - [23/Sep/2022:11:07:47 +0800] "GET /xingrg/all/function/internal_message.html?_=1663902464398&CODE_STATE=getMsg HTTP/1.1" 200 27
114.83.219.57 - - [23/Sep/2022:11:07:48 +0800] "POST /xingrg/kc/buy/cgsh_list_operate.html HTTP/1.1" 200 986
114.83.219.57 - - [23/Sep/2022:11:07:48 +0800] "GET /xingrg/kc/buy/cgsh_order_add.html HTTP/1.1" 200 67983
114.83.219.57 - - [23/Sep/2022:11:07:49 +0800] "POST /xingrg/kc/buy/cgsh_order_operate.html HTTP/1.1" 200 8245
114.83.219.57 - - [23/Sep/2022:11:07:49 +0800] "GET /xingrg/javascript/easyui/themes/default/validatebox.css HTTP/1.1" 404 1104
180.169.147.146 - - [23/Sep/2022:11:07:52 +0800] "GET /xingrg/check_reg.html?_=1663902465474 HTTP/1.1" 200 22
116.230.114.213 - - [23/Sep/2022:11:07:57 +0800] "GET /xingrg/kc/buy/cgsh_order_operate.html?command=get_materiel&rest_code=00146&code=00101008283&supplier_code=00100005&order_time=2022-09-23 HTTP/1.1" 200 428
61.170.232.128 - - [23/Sep/2022:11:08:02 +0800] "GET /xingrg/all/function/internal_message.html?_=1663902472102&CODE_STATE=getMsg HTTP/1.1" 200 27
116.224.255.128 - - [23/Sep/2022:11:08:03 +0800] "GET /xingrg/all/function/internal_message.html?_=1663902409059&CODE_STATE=getMsg HTTP/1.1" 200 27
124.79.74.72 - - [23/Sep/2022:11:08:04 +0800] "GET /xingrg/kc/base/wldb_order_list.html HTTP/1.1" 200 19186
124.79.74.72 - - [23/Sep/2022:11:08:04 +0800] "GET /xingrg/css/base.css HTTP/1.1" 200 2811
124.79.74.72 - - [23/Sep/2022:11:08:04 +0800] "GET /xingrg/css/site.css HTTP/1.1" 200 7541
124.79.74.72 - - [23/Sep/2022:11:08:04 +0800] "GET /xingrg/javascript/jquery_tools/fix.css HTTP/1.1" 200 1702
124.79.74.72 - - [23/Sep/2022:11:08:04 +0800] "GET /xingrg/javascript/jquery_tools/table.css HTTP/1.1" 200 1032
124.79.74.72 - - [23/Sep/2022:11:08:04 +0800] "GET /xingrg/javascript/jquery_tools/jquery.tools.min.js HTTP/1.1" 200 138801
124.79.74.72 - - [23/Sep/2022:11:08:04 +0800] "GET /xingrg/javascript/jquery_tools/jquery.tools.extend.js HTTP/1.1" 200 15385
124.79.74.72 - - [23/Sep/2022:11:08:04 +0800] "GET /xingrg/javascript/jquery_tools/jquery.tools.hotkey.js HTTP/1.1" 200 3242
124.79.74.72 - - [23/Sep/2022:11:08:04 +0800] "GET /xingrg/javascript/jquery_tools/datebox.css HTTP/1.1" 200 2597
124.79.74.72 - - [23/Sep/2022:11:08:04 +0800] "GET /xingrg/javascript/jquery_tools/jquery.tools.table.js HTTP/1.1" 200 6994
124.79.74.72 - - [23/Sep/2022:11:08:04 +0800] "GET /xingrg/javascript/jquery_tools/list_manager.js HTTP/1.1" 200 3652
124.79.74.72 - - [23/Sep/2022:11:08:04 +0800] "GET /xingrg/javascript/easyui/easyloader.js HTTP/1.1" 200 5975
124.79.74.72 - - [23/Sep/2022:11:08:04 +0800] "GET /xingrg/javascript/auto/jquery.autocomplete.js HTTP/1.1" 200 21624
124.79.74.72 - - [23/Sep/2022:11:08:04 +0800] "GET /xingrg/javascript/jquery.cookie.js HTTP/1.1" 200 5513
124.79.74.72 - - [23/Sep/2022:11:08:04 +0800] "GET /xingrg/javascript/jquery.utils.js HTTP/1.1" 200 11805
124.79.74.72 - - [23/Sep/2022:11:08:04 +0800] "GET /xingrg/javascript/print/LodopFuncs.js HTTP/1.1" 200 5121
124.79.74.72 - - [23/Sep/2022:11:08:05 +0800] "GET /xingrg/javascript/easyui/plugins/jquery.parser.js HTTP/1.1" 200 1142
124.79.74.72 - - [23/Sep/2022:11:08:05 +0800] "GET /xingrg/javascript/auto/jquery.autocomplete.css HTTP/1.1" 200 587
124.79.74.72 - - [23/Sep/2022:11:08:05 +0800] "GET /xingrg/javascript/easyui/themes/default/easyui.css HTTP/1.1" 200 8192
124.79.74.72 - - [23/Sep/2022:11:08:05 +0800] "GET /xingrg/javascript/easyui/themes/icon.css HTTP/1.1" 200 4483
180.169.147.146 - - [23/Sep/2022:11:08:05 +0800] "GET /xingrg/all/function/internal_message.html?_=1663902482605&CODE_STATE=getMsg HTTP/1.1" 200 27
124.79.74.72 - - [23/Sep/2022:11:08:05 +0800] "POST /xingrg/kc/base/wldb_list_operate.html HTTP/1.1" 200 2579
114.83.219.57 - - [23/Sep/2022:11:08:06 +0800] "GET /xingrg/kc/buy/cgsh_order_operate.html?command=get_materiel&rest_code=00154&code=00101029011&supplier_code=00100427&order_time=2022-09-23 HTTP/1.1" 200 480
124.79.74.72 - - [23/Sep/2022:11:08:07 +0800] "POST /xingrg/kc/base/wldb_list_operate.html HTTP/1.1" 200 442
120.253.135.82 - - [23/Sep/2022:11:08:07 +0800] "GET /xingrg/all/function/internal_message.html?_=1663902284037&CODE_STATE=getMsg HTTP/1.1" 200 27
124.79.74.72 - - [23/Sep/2022:11:08:08 +0800] "GET /xingrg/javascript/easyui/themes/icon.css HTTP/1.1" 200 4483
124.79.74.72 - - [23/Sep/2022:11:08:08 +0800] "GET /xingrg/javascript/jquery_tools/order_manager.js HTTP/1.1" 200 11183
124.79.74.72 - - [23/Sep/2022:11:08:08 +0800] "GET /xingrg/javascript/easyui/themes/default/easyui.css HTTP/1.1" 200 30432
124.79.74.72 - - [23/Sep/2022:11:08:08 +0800] "GET /xingrg/javascript/print/kc_print.js HTTP/1.1" 200 11415
124.79.74.72 - - [23/Sep/2022:11:08:08 +0800] "GET /xingrg/javascript/json2.js HTTP/1.1" 200 11259
124.79.74.72 - - [23/Sep/2022:11:08:08 +0800] "GET /xingrg/kc/base/wldb_order_info.html?code=422022092301935 HTTP/1.1" 200 30417
124.79.74.72 - - [23/Sep/2022:11:08:08 +0800] "GET /xingrg/javascript/auto/jquery.autocomplete.css HTTP/1.1" 200 587
124.79.74.72 - - [23/Sep/2022:11:08:08 +0800] "GET /xingrg/javascript/pic_change.js HTTP/1.1" 200 4739
124.79.74.72 - - [23/Sep/2022:11:08:08 +0800] "GET /xingrg/javascript/convert.js HTTP/1.1" 200 1239
124.79.74.72 - - [23/Sep/2022:11:08:08 +0800] "GET /xingrg/words/20220922150208_words.js HTTP/1.1" 200 922196
114.83.219.57 - - [23/Sep/2022:11:08:08 +0800] "POST /xingrg/all/common/load_select.html HTTP/1.1" 200 25
124.79.74.72 - - [23/Sep/2022:11:08:09 +0800] "GET /xingrg/all/common/auto_word.html?type=base&rest_code=00156 HTTP/1.1" 200 1903
124.79.74.72 - - [23/Sep/2022:11:08:09 +0800] "GET /xingrg/all/common/auto_word.html?type=base&rest_code=00156 HTTP/1.1" 200 1903
124.79.74.72 - - [23/Sep/2022:11:08:09 +0800] "GET /xingrg/javascript/easyui/themes/default/validatebox.css HTTP/1.1" 404 1104
124.79.74.72 - - [23/Sep/2022:11:08:09 +0800] "GET /xingrg/javascript/easyui/plugins/jquery.validatebox.js HTTP/1.1" 200 6103
124.79.74.72 - - [23/Sep/2022:11:08:09 +0800] "GET /xingrg/javascript/easyui/plugins/jquery.numberbox.js HTTP/1.1" 200 5213
124.79.74.72 - - [23/Sep/2022:11:08:09 +0800] "POST /xingrg/kc/base/wldb_order_operate.html HTTP/1.1" 200 3629
116.238.169.132 - - [23/Sep/2022:11:08:11 +0800] "GET /xingrg/kc/buy/cgsh_order_operate.html?command=get_materiel&rest_code=00102&code=00101009109&supplier_code=00100026&order_time=2022-09-23 HTTP/1.1" 200 413
114.83.219.57 - - [23/Sep/2022:11:08:12 +0800] "GET /xingrg/kc/buy/cgsh_order_operate.html?command=get_materiel_price&rest_code=00154&code=00101029011&unit_code=00100157&supplier_code=00100427&order_time=2022-09-23 HTTP/1.1" 200 29
124.79.74.72 - - [23/Sep/2022:11:08:16 +0800] "GET /xingrg/all/function/internal_message.html?_=1663902493806&CODE_STATE=getMsg HTTP/1.1" 200 27
58.221.95.50 - - [23/Sep/2022:11:08:18 +0800] "GET /xingrg/check_reg.html?_=1663902500353 HTTP/1.1" 302 -
116.225.121.189 - - [23/Sep/2022:11:08:19 +0800] "GET /xingrg/all/function/internal_message.html?_=1663902497782&CODE_STATE=getMsg HTTP/1.1" 200 27
61.170.232.128 - - [23/Sep/2022:11:08:20 +0800] "GET /xingrg/all/function/internal_message.html?_=1663902500663&CODE_STATE=getMsg HTTP/1.1" 200 27
116.225.121.189 - - [23/Sep/2022:11:08:21 +0800] "GET /xingrg/check_reg.html?_=1663902499848 HTTP/1.1" 200 22
116.230.114.213 - - [23/Sep/2022:11:08:22 +0800] "GET /xingrg/all/function/internal_message.html?_=1663902517923&CODE_STATE=getMsg HTTP/1.1" 302 -
61.170.232.128 - - [23/Sep/2022:11:08:22 +0800] "GET /xingrg/check_reg.html?_=1663902502300 HTTP/1.1" 200 22
114.84.81.136 - - [23/Sep/2022:11:08:22 +0800] "GET /xingrg/kc/buy/cgsh_order_operate.html?command=get_materiel&rest_code=00148&code=00101008168&supplier_code=00100008&order_time=2022-09-23 HTTP/1.1" 200 413
116.225.121.189 - - [23/Sep/2022:11:08:24 +0800] "GET /xingrg/all/function/internal_message.html?_=1663902359669&CODE_STATE=getMsg HTTP/1.1" 200 27
116.238.169.132 - - [23/Sep/2022:11:08:26 +0800] "GET /xingrg/kc/buy/cgsh_order_operate.html?command=get_materiel&rest_code=00102&code=00101009041&supplier_code=00100026&order_time=2022-09-23 HTTP/1.1" 200 408
116.230.114.213 - - [23/Sep/2022:11:08:26 +0800] "GET /xingrg/check_reg.html?_=1663902525992 HTTP/1.1" 200 22
116.230.114.213 - - [23/Sep/2022:11:08:28 +0800] "GET /xingrg/kc/buy/cgsh_order_operate.html?command=get_materiel&rest_code=00146&code=00101008109&supplier_code=00100005&order_time=2022-09-23 HTTP/1.1" 200 413
222.70.183.206 - - [23/Sep/2022:11:08:29 +0800] "GET /xingrg/all/function/internal_message.html?_=1663902503983&CODE_STATE=getMsg HTTP/1.1" 200 27
124.79.74.72 - - [23/Sep/2022:11:08:29 +0800] "GET /xingrg/kc/base/check_order_list.html HTTP/1.1" 200 16305
124.79.74.72 - - [23/Sep/2022:11:08:29 +0800] "POST /xingrg/kc/base/check_list_operate.html HTTP/1.1" 200 1902
116.230.114.213 - - [23/Sep/2022:11:08:31 +0800] "POST /xingrg/kc/buy/cgsh_order_operate.html HTTP/1.1" 200 2065
116.224.255.128 - - [23/Sep/2022:11:08:33 +0800] "GET /xingrg/all/function/internal_message.html?_=1663902510978&CODE_STATE=getMsg HTTP/1.1" 200 27
114.83.219.57 - - [23/Sep/2022:11:08:34 +0800] "GET /xingrg/kc/buy/cgsh_order_operate.html?command=get_materiel&rest_code=00154&code=00101028002&supplier_code=00100427&order_time=2022-09-23 HTTP/1.1" 200 476
116.238.169.132 - - [23/Sep/2022:11:08:34 +0800] "GET /xingrg/kc/buy/cgsh_order_operate.html?command=get_materiel&rest_code=00102&code=00101009137&supplier_code=00100026&order_time=2022-09-23 HTTP/1.1" 200 410
114.83.219.57 - - [23/Sep/2022:11:08:35 +0800] "POST /xingrg/all/common/load_select.html HTTP/1.1" 200 25
124.79.74.72 - - [23/Sep/2022:11:08:36 +0800] "GET /xingrg/javascript/easyui/themes/default/images/button_plain_hover.png HTTP/1.1" 200 144
124.79.74.72 - - [23/Sep/2022:11:08:38 +0800] "POST /xingrg/kc/base/check_list_operate.html HTTP/1.1" 200 4
114.84.81.136 - - [23/Sep/2022:11:08:38 +0800] "GET /xingrg/all/function/internal_message.html?_=1663902515873&CODE_STATE=getMsg HTTP/1.1" 200 27
114.83.219.57 - - [23/Sep/2022:11:08:39 +0800] "GET /xingrg/kc/buy/cgsh_order_operate.html?command=get_materiel_price&rest_code=00154&code=00101028002&unit_code=00100156&supplier_code=00100427&order_time=2022-09-23 HTTP/1.1" 200 29
116.230.114.213 - - [23/Sep/2022:11:08:39 +0800] "GET /xingrg/kc/buy/cgsh_order_operate.html?command=get_materiel&rest_code=00146&code=00101008223&supplier_code=00100005&order_time=2022-09-23 HTTP/1.1" 200 433
114.83.219.57 - - [23/Sep/2022:11:08:42 +0800] "GET /xingrg/all/function/internal_message.html?_=1663902606054&CODE_STATE=getMsg HTTP/1.1" 200 27
116.230.114.213 - - [23/Sep/2022:11:08:44 +0800] "GET /xingrg/all/function/internal_message.html?_=1663902543585&CODE_STATE=getMsg HTTP/1.1" 200 27
116.230.105.139 - - [23/Sep/2022:11:08:44 +0800] "GET /xingrg/all/function/internal_message.html?_=1663902521700&CODE_STATE=getMsg HTTP/1.1" 200 27
114.83.219.57 - - [23/Sep/2022:11:08:45 +0800] "GET /xingrg/kc/buy/cgsh_order_operate.html?command=get_materiel_price&rest_code=00154&code=00101028002&unit_code=00100157&supplier_code=00100427&order_time=2022-09-23 HTTP/1.1" 200 29
116.238.169.132 - - [23/Sep/2022:11:08:46 +0800] "GET /xingrg/kc/buy/cgsh_order_operate.html?command=get_materiel&rest_code=00102&code=00101009062&supplier_code=00100026&order_time=2022-09-23 HTTP/1.1" 200 412
180.169.147.146 - - [23/Sep/2022:11:08:46 +0800] "GET /xingrg/all/function/internal_message.html?_=1663902519780&CODE_STATE=getMsg HTTP/1.1" 200 27
101.85.93.113 - - [23/Sep/2022:11:08:47 +0800] "GET /xingrg/all/function/internal_message.html?_=1663902524397&CODE_STATE=getMsg HTTP/1.1" 200 27
124.79.74.72 - - [23/Sep/2022:11:08:54 +0800] "POST /xingrg/kc/base/check_list_operate.html HTTP/1.1" 200 781
120.253.135.82 - - [23/Sep/2022:11:08:54 +0800] "GET /xingrg/check_reg.html?_=1663902330925 HTTP/1.1" 200 22
114.84.81.136 - - [23/Sep/2022:11:08:56 +0800] "GET /xingrg/kc/buy/cgsh_order_operate.html?command=get_materiel&rest_code=00148&code=00101008403&supplier_code=00100008&order_time=2022-09-23 HTTP/1.1" 200 432
124.79.74.72 - - [23/Sep/2022:11:08:58 +0800] "GET /xingrg/kc/base/check_order_add.html HTTP/1.1" 200 26438
124.79.74.72 - - [23/Sep/2022:11:08:58 +0800] "GET /xingrg/css/table.css HTTP/1.1" 200 3684
124.79.74.72 - - [23/Sep/2022:11:08:58 +0800] "GET /xingrg/javascript/jquery_easy_ui/themes/icon.css HTTP/1.1" 200 3949
124.79.74.72 - - [23/Sep/2022:11:08:58 +0800] "GET /xingrg/css/blue.css HTTP/1.1" 200 15949
124.79.74.72 - - [23/Sep/2022:11:08:58 +0800] "GET /xingrg/dwr/interface/AjaxComOrderService.js HTTP/1.1" 200 18264
124.79.74.72 - - [23/Sep/2022:11:08:58 +0800] "GET /xingrg/javascript/AjaxInfoList.js HTTP/1.1" 200 3774
124.79.74.72 - - [23/Sep/2022:11:08:58 +0800] "GET /xingrg/dwr/util.js HTTP/1.1" 200 35990
124.79.74.72 - - [23/Sep/2022:11:08:58 +0800] "GET /xingrg/dwr/engine.js HTTP/1.1" 200 43631
124.79.74.72 - - [23/Sep/2022:11:08:58 +0800] "GET /xingrg/javascript/jquery_easy_ui/themes/default/easyui.css HTTP/1.1" 200 26500
124.79.74.72 - - [23/Sep/2022:11:08:58 +0800] "GET /xingrg/javascript/jquery-1.4.2.min.js HTTP/1.1" 200 72205
124.79.74.72 - - [23/Sep/2022:11:08:58 +0800] "GET /xingrg/javascript/Calendar.js HTTP/1.1" 200 31561
124.79.74.72 - - [23/Sep/2022:11:08:58 +0800] "GET /xingrg/javascript/jquery_easy_ui/jquery.easyui.min.js HTTP/1.1" 200 213662
124.79.74.72 - - [23/Sep/2022:11:08:58 +0800] "GET /xingrg/javascript/myfunction.js HTTP/1.1" 200 24559
124.79.74.72 - - [23/Sep/2022:11:08:58 +0800] "GET /xingrg/dwr/interface/AjaxCheckService.js HTTP/1.1" 200 14003
124.79.74.72 - - [23/Sep/2022:11:08:59 +0800] "GET /xingrg/javascript/jquery_easy_ui/themes/icons/cance_new.png HTTP/1.1" 200 3986
124.79.74.72 - - [23/Sep/2022:11:08:59 +0800] "GET /xingrg/javascript/jquery_easy_ui/themes/icons/check_new.png HTTP/1.1" 200 3224
222.70.183.206 - - [23/Sep/2022:11:09:02 +0800] "GET /xingrg/check_reg.html?_=1663902536592 HTTP/1.1" 200 22
61.170.232.128 - - [23/Sep/2022:11:09:02 +0800] "GET /xingrg/all/function/internal_message.html?_=1663902532076&CODE_STATE=getMsg HTTP/1.1" 200 27
114.84.81.136 - - [23/Sep/2022:11:09:03 +0800] "POST /xingrg/kc/buy/cgsh_order_operate.html HTTP/1.1" 200 37
116.224.255.128 - - [23/Sep/2022:11:09:03 +0800] "GET /xingrg/all/function/internal_message.html?_=1663902469072&CODE_STATE=getMsg HTTP/1.1" 200 27
180.169.147.146 - - [23/Sep/2022:11:09:05 +0800] "GET /xingrg/all/function/internal_message.html?_=1663902542600&CODE_STATE=getMsg HTTP/1.1" 200 27
114.84.81.136 - - [23/Sep/2022:11:09:05 +0800] "POST /xingrg/kc/buy/cgsh_order_operate.html HTTP/1.1" 200 31005
120.253.135.82 - - [23/Sep/2022:11:09:07 +0800] "GET /xingrg/all/function/internal_message.html?_=1663902344051&CODE_STATE=getMsg HTTP/1.1" 200 27
124.79.74.72 - - [23/Sep/2022:11:09:09 +0800] "POST /xingrg/dwr/call/plaincall/AjaxCheckService.saveOrder.dwr HTTP/1.1" 200 78
124.79.74.72 - - [23/Sep/2022:11:09:10 +0800] "POST /xingrg/dwr/call/plaincall/AjaxCheckService.loadOrderItems.dwr HTTP/1.1" 200 367
124.79.74.72 - - [23/Sep/2022:11:09:11 +0800] "GET /xingrg/javascript/jquery_easy_ui/themes/icons/pencil.png HTTP/1.1" 200 713
124.79.74.72 - - [23/Sep/2022:11:09:11 +0800] "GET /xingrg/javascript/jquery_easy_ui/themes/default/images/panel_title.png HTTP/1.1" 200 266
124.79.74.72 - - [23/Sep/2022:11:09:11 +0800] "GET /xingrg/javascript/jquery_easy_ui/themes/icons/ok.png HTTP/1.1" 200 883
124.79.74.72 - - [23/Sep/2022:11:09:11 +0800] "GET /xingrg/javascript/jquery_easy_ui/themes/default/images/panel_tools.gif HTTP/1.1" 200 737
116.230.114.213 - - [23/Sep/2022:11:09:12 +0800] "POST /xingrg/kc/buy/cgsh_order_operate.html HTTP/1.1" 200 37
116.230.114.213 - - [23/Sep/2022:11:09:13 +0800] "POST /xingrg/kc/buy/cgsh_order_operate.html HTTP/1.1" 200 29298
124.79.74.72 - - [23/Sep/2022:11:09:14 +0800] "POST /xingrg/dwr/call/plaincall/AjaxCheckService.importOrderItems.dwr HTTP/1.1" 200 78
116.238.169.132 - - [23/Sep/2022:11:09:16 +0800] "GET /xingrg/check_reg.html?_=1663902553434 HTTP/1.1" 200 22
124.79.74.72 - - [23/Sep/2022:11:09:16 +0800] "GET /xingrg/all/function/internal_message.html?_=1663902554034&CODE_STATE=getMsg HTTP/1.1" 200 27
124.79.74.72 - - [23/Sep/2022:11:09:16 +0800] "POST /xingrg/dwr/call/plaincall/AjaxCheckService.loadOrderItems.dwr HTTP/1.1" 200 10613
124.79.74.72 - - [23/Sep/2022:11:09:16 +0800] "GET /xingrg/javascript/jquery_easy_ui/themes/icons/no.png HTTP/1.1" 200 922
116.230.114.213 - - [23/Sep/2022:11:09:16 +0800] "GET /xingrg/kc/print/load_config.html?kc_code=cgsh HTTP/1.1" 200 1943
116.230.114.213 - - [23/Sep/2022:11:09:17 +0800] "GET /xingrg/kc/print/load_data.html?order_code=212022092308292&kc_code=cgsh&condition= HTTP/1.1" 200 10812
116.225.121.189 - - [23/Sep/2022:11:09:19 +0800] "GET /xingrg/all/function/internal_message.html?_=1663902557752&CODE_STATE=getMsg HTTP/1.1" 200 27
61.170.232.128 - - [23/Sep/2022:11:09:20 +0800] "GET /xingrg/all/function/internal_message.html?_=1663902560648&CODE_STATE=getMsg HTTP/1.1" 200 27
116.230.114.213 - - [23/Sep/2022:11:09:22 +0800] "GET /xingrg/all/function/internal_message.html?_=1663902577959&CODE_STATE=getMsg HTTP/1.1" 302 -
116.225.121.189 - - [23/Sep/2022:11:09:24 +0800] "GET /xingrg/all/function/internal_message.html?_=1663902419668&CODE_STATE=getMsg HTTP/1.1" 200 27
222.70.183.206 - - [23/Sep/2022:11:09:29 +0800] "GET /xingrg/all/function/internal_message.html?_=1663902563958&CODE_STATE=getMsg HTTP/1.1" 200 27
116.224.255.128 - - [23/Sep/2022:11:09:33 +0800] "GET /xingrg/all/function/internal_message.html?_=1663902570978&CODE_STATE=getMsg HTTP/1.1" 200 27
124.79.74.72 - - [23/Sep/2022:11:09:35 +0800] "GET /xingrg/javascript/jquery_easy_ui/themes/default/images/button_plain_hover.png HTTP/1.1" 200 252
116.238.169.132 - - [23/Sep/2022:11:09:36 +0800] "GET /xingrg/kc/buy/cgsh_order_operate.html?command=get_materiel&rest_code=00102&code=00101009031&supplier_code=00100026&order_time=2022-09-23 HTTP/1.1" 200 409
124.79.74.72 - - [23/Sep/2022:11:09:36 +0800] "GET /xingrg/kc/base/check_order_list.html?isBack=1 HTTP/1.1" 200 16305
124.79.74.72 - - [23/Sep/2022:11:09:36 +0800] "POST /xingrg/kc/base/check_list_operate.html HTTP/1.1" 200 1572
114.84.81.136 - - [23/Sep/2022:11:09:38 +0800] "GET /xingrg/all/function/internal_message.html?_=1663902575885&CODE_STATE=getMsg HTTP/1.1" 200 27
124.79.74.72 - - [23/Sep/2022:11:09:38 +0800] "GET /xingrg/kc/base/wldb_order_list.html HTTP/1.1" 200 19186
124.79.74.72 - - [23/Sep/2022:11:09:39 +0800] "POST /xingrg/kc/base/wldb_list_operate.html HTTP/1.1" 200 2579
124.79.74.72 - - [23/Sep/2022:11:09:40 +0800] "POST /xingrg/kc/base/wldb_list_operate.html HTTP/1.1" 200 442
124.79.74.72 - - [23/Sep/2022:11:09:41 +0800] "GET /xingrg/kc/base/wldb_order_info.html?code=422022092301935 HTTP/1.1" 200 30417
124.79.74.72 - - [23/Sep/2022:11:09:41 +0800] "GET /xingrg/javascript/easyui/themes/default/validatebox.css HTTP/1.1" 404 1104
124.79.74.72 - - [23/Sep/2022:11:09:42 +0800] "POST /xingrg/kc/base/wldb_order_operate.html HTTP/1.1" 200 3629
114.83.219.57 - - [23/Sep/2022:11:09:42 +0800] "GET /xingrg/all/function/internal_message.html?_=1663902666040&CODE_STATE=getMsg HTTP/1.1" 200 27
116.230.105.139 - - [23/Sep/2022:11:09:44 +0800] "GET /xingrg/all/function/internal_message.html?_=1663902581679&CODE_STATE=getMsg HTTP/1.1" 200 27
116.230.114.213 - - [23/Sep/2022:11:09:44 +0800] "GET /xingrg/all/function/internal_message.html?_=1663902603856&CODE_STATE=getMsg HTTP/1.1" 200 27
180.169.147.146 - - [23/Sep/2022:11:09:46 +0800] "GET /xingrg/all/function/internal_message.html?_=1663902579764&CODE_STATE=getMsg HTTP/1.1" 200 27
101.85.93.113 - - [23/Sep/2022:11:09:47 +0800] "GET /xingrg/all/function/internal_message.html?_=1663902584401&CODE_STATE=getMsg HTTP/1.1" 200 27
116.238.169.132 - - [23/Sep/2022:11:09:49 +0800] "GET /xingrg/kc/buy/cgsh_order_operate.html?command=get_materiel&rest_code=00102&code=00101009011&supplier_code=00100026&order_time=2022-09-23 HTTP/1.1" 200 416
114.83.219.57 - - [23/Sep/2022:11:09:50 +0800] "GET /xingrg/kc/buy/cgsh_order_operate.html?command=get_materiel&rest_code=00154&code=00101028027&supplier_code=00100427&order_time=2022-09-23 HTTP/1.1" 200 455
114.83.219.57 - - [23/Sep/2022:11:09:53 +0800] "POST /xingrg/all/common/load_select.html HTTP/1.1" 200 25
124.79.74.72 - - [23/Sep/2022:11:09:55 +0800] "GET /xingrg/javascript/jquery_easy_ui/themes/icons/rest.png HTTP/1.1" 200 695
124.79.74.72 - - [23/Sep/2022:11:09:55 +0800] "GET /xingrg/javascript/jquery_easy_ui/themes/icons/area.png HTTP/1.1" 200 262
124.79.74.72 - - [23/Sep/2022:11:09:57 +0800] "POST /xingrg/kc/base/wldb_order_operate.html HTTP/1.1" 200 37
114.83.219.57 - - [23/Sep/2022:11:09:58 +0800] "GET /xingrg/kc/buy/cgsh_order_operate.html?command=get_materiel_price&rest_code=00154&code=00101028027&unit_code=00100157&supplier_code=00100427&order_time=2022-09-23 HTTP/1.1" 200 28
116.238.169.132 - - [23/Sep/2022:11:09:58 +0800] "GET /xingrg/kc/buy/cgsh_order_operate.html?command=get_materiel&rest_code=00102&code=00101009066&supplier_code=00100026&order_time=2022-09-23 HTTP/1.1" 200 416
124.79.74.72 - - [23/Sep/2022:11:10:00 +0800] "POST /xingrg/kc/base/wldb_order_operate.html HTTP/1.1" 200 12
124.79.74.72 - - [23/Sep/2022:11:10:00 +0800] "POST /xingrg/kc/base/wldb_order_operate.html HTTP/1.1" 200 3628
61.170.232.128 - - [23/Sep/2022:11:10:02 +0800] "GET /xingrg/all/function/internal_message.html?_=1663902592057&CODE_STATE=getMsg HTTP/1.1" 200 27
116.224.255.128 - - [23/Sep/2022:11:10:03 +0800] "GET /xingrg/all/function/internal_message.html?_=1663902529085&CODE_STATE=getMsg HTTP/1.1" 200 27
180.169.147.146 - - [23/Sep/2022:11:10:05 +0800] "GET /xingrg/all/function/internal_message.html?_=1663902602607&CODE_STATE=getMsg HTTP/1.1" 200 27
120.253.135.82 - - [23/Sep/2022:11:10:07 +0800] "GET /xingrg/all/function/internal_message.html?_=1663902404066&CODE_STATE=getMsg HTTP/1.1" 200 27
116.238.169.132 - - [23/Sep/2022:11:10:17 +0800] "GET /xingrg/kc/buy/cgsh_order_operate.html?command=get_materiel&rest_code=00102&code=00101009079&supplier_code=00100026&order_time=2022-09-23 HTTP/1.1" 200 409
116.225.121.189 - - [23/Sep/2022:11:10:19 +0800] "GET /xingrg/all/function/internal_message.html?_=1663902617723&CODE_STATE=getMsg HTTP/1.1" 200 27
124.79.74.72 - - [23/Sep/2022:11:10:20 +0800] "GET /xingrg/all/function/internal_message.html?_=1663902618096&CODE_STATE=getMsg HTTP/1.1" 200 27
124.79.74.72 - - [23/Sep/2022:11:10:20 +0800] "GET /xingrg/kc/base/wldb_order_info.html?code=422022092301935 HTTP/1.1" 200 26281
124.79.74.72 - - [23/Sep/2022:11:10:20 +0800] "GET /xingrg/javascript/easyui/themes/default/validatebox.css HTTP/1.1" 404 1104
61.170.232.128 - - [23/Sep/2022:11:10:20 +0800] "GET /xingrg/all/function/internal_message.html?_=1663902620653&CODE_STATE=getMsg HTTP/1.1" 200 27
124.79.74.72 - - [23/Sep/2022:11:10:20 +0800] "POST /xingrg/kc/base/wldb_order_operate.html HTTP/1.1" 200 1892
116.230.114.213 - - [23/Sep/2022:11:10:22 +0800] "GET /xingrg/all/function/internal_message.html?_=1663902637966&CODE_STATE=getMsg HTTP/1.1" 302 -
124.79.74.72 - - [23/Sep/2022:11:10:23 +0800] "GET /xingrg/kc/base/yddb_order_list.html HTTP/1.1" 200 16792
124.79.74.72 - - [23/Sep/2022:11:10:23 +0800] "POST /xingrg/kc/base/yddb_list_operate.html HTTP/1.1" 200 636
116.225.121.189 - - [23/Sep/2022:11:10:24 +0800] "GET /xingrg/all/function/internal_message.html?_=1663902479669&CODE_STATE=getMsg HTTP/1.1" 200 27
124.79.74.72 - - [23/Sep/2022:11:10:25 +0800] "GET /xingrg/kc/base/yddb_order_add.html HTTP/1.1" 200 29837
124.79.74.72 - - [23/Sep/2022:11:10:25 +0800] "GET /xingrg/dwr/interface/AjaxComOrderService.js HTTP/1.1" 200 18264
