116.230.114.213 - - [23/Sep/2022:08:54:34 +0800] "GET /xingrg/all/function/internal_message.html?_=1663894493558&CODE_STATE=getMsg HTTP/1.1" 200 27
116.224.255.128 - - [23/Sep/2022:08:54:38 +0800] "GET /xingrg/all/function/internal_message.html?_=1663894403976&CODE_STATE=getMsg HTTP/1.1" 200 27
116.224.255.128 - - [23/Sep/2022:08:54:43 +0800] "GET /xingrg/kc/buy/cgsh_order_operate.html?command=get_materiel&rest_code=00150&code=00101007060&supplier_code=00100096&order_time=2022-09-23 HTTP/1.1" 200 408
61.170.232.128 - - [23/Sep/2022:08:54:49 +0800] "GET /xingrg/kc/buy/cgsh_order_operate.html?command=get_materiel&rest_code=00106&code=00101008098&supplier_code=00100007&order_time=2022-09-23 HTTP/1.1" 200 412
120.253.135.82 - - [23/Sep/2022:08:54:50 +0800] "GET /xingrg/kc/pszx/mdqp_order_list.html?state=10 HTTP/1.1" 200 10217
120.253.135.82 - - [23/Sep/2022:08:54:50 +0800] "GET /xingrg/dwr/interface/AjaxQqpsService.js HTTP/1.1" 200 16326
120.253.135.82 - - [23/Sep/2022:08:54:50 +0800] "GET /xingrg/dwr/interface/AjaxReportQueryService.js HTTP/1.1" 200 13203
120.253.135.82 - - [23/Sep/2022:08:54:50 +0800] "GET /xingrg/dwr/engine.js HTTP/1.1" 200 43631
120.253.135.82 - - [23/Sep/2022:08:54:54 +0800] "GET /xingrg/all/function/internal_message.html?_=1663894291282&CODE_STATE=getMsg HTTP/1.1" 200 27
116.225.121.189 - - [23/Sep/2022:08:54:54 +0800] "GET /xingrg/kc/buy/cgsh_order_operate.html?command=get_materiel&rest_code=00105&code=00101008098&supplier_code=00100203&order_time=2022-09-23 HTTP/1.1" 200 412
120.253.135.82 - - [23/Sep/2022:08:54:56 +0800] "GET /xingrg/kc/pszx/mdps_order_list.html?orderType=0 HTTP/1.1" 200 21045
120.253.135.82 - - [23/Sep/2022:08:54:56 +0800] "POST /xingrg/kc/pszx/mdps_list_operate.html HTTP/1.1" 200 5398
116.224.255.128 - - [23/Sep/2022:08:54:57 +0800] "GET /xingrg/kc/buy/cgsh_order_operate.html?command=get_materiel&rest_code=00150&code=00101007077&supplier_code=00100096&order_time=2022-09-23 HTTP/1.1" 200 415
124.79.74.72 - - [23/Sep/2022:08:54:57 +0800] "GET /xingrg/all/function/internal_message.html?_=1663894495294&CODE_STATE=getMsg HTTP/1.1" 200 27
61.170.232.128 - - [23/Sep/2022:08:54:58 +0800] "GET /xingrg/kc/buy/cgsh_order_operate.html?command=get_materiel&rest_code=00106&code=00101008027&supplier_code=00100007&order_time=2022-09-23 HTTP/1.1" 200 409
120.253.135.82 - - [23/Sep/2022:08:55:02 +0800] "POST /xingrg/kc/pszx/mdps_list_operate.html HTTP/1.1" 200 1682
120.253.135.82 - - [23/Sep/2022:08:55:03 +0800] "GET /xingrg/all/function/internal_message.html?_=1663893984230&CODE_STATE=getMsg HTTP/1.1" 302 -
120.253.135.82 - - [23/Sep/2022:08:55:04 +0800] "POST /xingrg/kc/pszx/mdps_list_operate.html HTTP/1.1" 200 205
116.225.121.189 - - [23/Sep/2022:08:55:06 +0800] "GET /xingrg/kc/buy/cgsh_order_operate.html?command=get_materiel&rest_code=00105&code=00101008307&supplier_code=00100203&order_time=2022-09-23 HTTP/1.1" 200 420
61.170.232.128 - - [23/Sep/2022:08:55:08 +0800] "GET /xingrg/kc/buy/cgsh_order_operate.html?command=get_materiel&rest_code=00106&code=00101008244&supplier_code=00100007&order_time=2022-09-23 HTTP/1.1" 200 408
180.169.147.146 - - [23/Sep/2022:08:55:10 +0800] "GET /xingrg/all/function/internal_message.html?_=1663894504262&CODE_STATE=getMsg HTTP/1.1" 200 27
61.170.232.128 - - [23/Sep/2022:08:55:11 +0800] "POST /xingrg/kc/buy/cgsh_order_operate.html HTTP/1.1" 200 2065
120.253.135.82 - - [23/Sep/2022:08:55:12 +0800] "POST /xingrg/kc/pszx/mdps_list_operate.html HTTP/1.1" 200 2055
124.79.74.72 - - [23/Sep/2022:08:55:12 +0800] "GET /xingrg/check_reg.html?_=1663894509905 HTTP/1.1" 200 22
116.225.121.189 - - [23/Sep/2022:08:55:13 +0800] "GET /xingrg/kc/buy/cgsh_order_operate.html?command=get_materiel&rest_code=00105&code=00101008092&supplier_code=00100203&order_time=2022-09-23 HTTP/1.1" 200 412
120.253.135.82 - - [23/Sep/2022:08:55:14 +0800] "POST /xingrg/kc/pszx/mdps_list_operate.html HTTP/1.1" 200 205
116.238.169.132 - - [23/Sep/2022:08:55:14 +0800] "GET /xingrg/all/function/internal_message.html?_=1663894512069&CODE_STATE=getMsg HTTP/1.1" 200 27
120.253.135.82 - - [23/Sep/2022:08:55:14 +0800] "POST /xingrg/kc/pszx/mdps_list_operate.html HTTP/1.1" 200 290
61.170.232.128 - - [23/Sep/2022:08:55:16 +0800] "GET /xingrg/kc/buy/cgsh_order_operate.html?command=get_materiel&rest_code=00106&code=00101008112&supplier_code=00100007&order_time=2022-09-23 HTTP/1.1" 200 414
120.253.135.82 - - [23/Sep/2022:08:55:16 +0800] "GET /xingrg/kc/pszx/mdps_order_info.html?code=312022092300541 HTTP/1.1" 200 23976
120.253.135.82 - - [23/Sep/2022:08:55:16 +0800] "GET /xingrg/javascript/easyui/themes/default/validatebox.css HTTP/1.1" 404 1104
120.253.135.82 - - [23/Sep/2022:08:55:16 +0800] "POST /xingrg/kc/pszx/mdps_order_operate.html HTTP/1.1" 200 2281
120.253.135.82 - - [23/Sep/2022:08:55:18 +0800] "GET /xingrg/kc/print/load_config.html?kc_code=mdps HTTP/1.1" 200 2390
120.253.135.82 - - [23/Sep/2022:08:55:18 +0800] "GET /xingrg/kc/print/load_data.html?order_code=312022092300541&kc_code=mdps&condition= HTTP/1.1" 200 683
116.230.114.213 - - [23/Sep/2022:08:55:19 +0800] "GET /xingrg/all/function/internal_message.html?_=1663894535087&CODE_STATE=getMsg HTTP/1.1" 302 -
116.224.255.128 - - [23/Sep/2022:08:55:20 +0800] "GET /xingrg/kc/buy/cgsh_order_operate.html?command=get_materiel&rest_code=00150&code=00101007081&supplier_code=00100096&order_time=2022-09-23 HTTP/1.1" 200 415
116.225.121.189 - - [23/Sep/2022:08:55:22 +0800] "GET /xingrg/all/function/internal_message.html?_=1663894520812&CODE_STATE=getMsg HTTP/1.1" 200 27
116.225.121.189 - - [23/Sep/2022:08:55:22 +0800] "GET /xingrg/kc/buy/cgsh_order_operate.html?command=get_materiel&rest_code=00105&code=00101008041&supplier_code=00100203&order_time=2022-09-23 HTTP/1.1" 200 408
61.170.232.128 - - [23/Sep/2022:08:55:23 +0800] "GET /xingrg/all/function/internal_message.html?_=1663894512402&CODE_STATE=getMsg HTTP/1.1" 200 27
116.225.121.189 - - [23/Sep/2022:08:55:23 +0800] "GET /xingrg/all/function/internal_message.html?_=1663894379530&CODE_STATE=getMsg HTTP/1.1" 200 27
61.170.232.128 - - [23/Sep/2022:08:55:25 +0800] "GET /xingrg/kc/buy/cgsh_order_operate.html?command=get_materiel&rest_code=00106&code=00101008096&supplier_code=00100007&order_time=2022-09-23 HTTP/1.1" 200 412
120.253.135.82 - - [23/Sep/2022:08:55:28 +0800] "POST /xingrg/kc/pszx/mdps_order_operate.html HTTP/1.1" 200 37
116.225.121.189 - - [23/Sep/2022:08:55:29 +0800] "GET /xingrg/kc/buy/cgsh_order_operate.html?command=get_materiel&rest_code=00105&code=00101015107&supplier_code=00100203&order_time=2022-09-23 HTTP/1.1" 200 411
120.253.135.82 - - [23/Sep/2022:08:55:30 +0800] "POST /xingrg/kc/pszx/mdps_order_operate.html HTTP/1.1" 200 12
116.230.114.213 - - [23/Sep/2022:08:55:34 +0800] "GET /xingrg/all/function/internal_message.html?_=1663894553746&CODE_STATE=getMsg HTTP/1.1" 200 27
120.253.135.82 - - [23/Sep/2022:08:55:36 +0800] "GET /xingrg/kc/pszx/mdps_order_info.html?code=312022092300541 HTTP/1.1" 200 19636
120.253.135.82 - - [23/Sep/2022:08:55:36 +0800] "POST /xingrg/kc/pszx/mdps_order_operate.html HTTP/1.1" 200 503
120.253.135.82 - - [23/Sep/2022:08:55:36 +0800] "GET /xingrg/javascript/easyui/themes/default/validatebox.css HTTP/1.1" 404 1104
116.225.121.189 - - [23/Sep/2022:08:55:37 +0800] "GET /xingrg/kc/buy/cgsh_order_operate.html?command=get_materiel&rest_code=00105&code=00101008323&supplier_code=00100203&order_time=2022-09-23 HTTP/1.1" 200 408
116.224.255.128 - - [23/Sep/2022:08:55:38 +0800] "GET /xingrg/all/function/internal_message.html?_=1663894463989&CODE_STATE=getMsg HTTP/1.1" 200 27
61.170.232.128 - - [23/Sep/2022:08:55:41 +0800] "GET /xingrg/kc/buy/cgsh_order_operate.html?command=get_materiel&rest_code=00106&code=00101008361&supplier_code=00100007&order_time=2022-09-23 HTTP/1.1" 200 408
61.170.232.128 - - [23/Sep/2022:08:55:48 +0800] "GET /xingrg/kc/buy/cgsh_order_operate.html?command=get_materiel&rest_code=00106&code=00101008300&supplier_code=00100007&order_time=2022-09-23 HTTP/1.1" 200 412
116.225.121.189 - - [23/Sep/2022:08:55:49 +0800] "GET /xingrg/kc/buy/cgsh_order_operate.html?command=get_materiel&rest_code=00105&code=00101008261&supplier_code=00100203&order_time=2022-09-23 HTTP/1.1" 200 408
61.170.232.128 - - [23/Sep/2022:08:55:49 +0800] "GET /xingrg/check_reg.html?_=1663894538853 HTTP/1.1" 200 22
61.170.232.128 - - [23/Sep/2022:08:55:52 +0800] "POST /xingrg/kc/buy/cgsh_order_operate.html HTTP/1.1" 200 2065
120.253.135.82 - - [23/Sep/2022:08:55:54 +0800] "GET /xingrg/all/function/internal_message.html?_=1663894351293&CODE_STATE=getMsg HTTP/1.1" 200 27
124.79.74.72 - - [23/Sep/2022:08:55:57 +0800] "GET /xingrg/all/function/internal_message.html?_=1663894555266&CODE_STATE=getMsg HTTP/1.1" 200 27
116.225.121.189 - - [23/Sep/2022:08:55:59 +0800] "GET /xingrg/kc/buy/cgsh_order_operate.html?command=get_materiel&rest_code=00105&code=00101008199&supplier_code=00100203&order_time=2022-09-23 HTTP/1.1" 200 408
120.253.135.82 - - [23/Sep/2022:08:56:03 +0800] "GET /xingrg/all/function/internal_message.html?_=1663894044162&CODE_STATE=getMsg HTTP/1.1" 302 -
61.170.232.128 - - [23/Sep/2022:08:56:04 +0800] "GET /xingrg/kc/buy/cgsh_order_operate.html?command=get_materiel&rest_code=00106&code=00101008213&supplier_code=00100007&order_time=2022-09-23 HTTP/1.1" 200 412
180.169.147.146 - - [23/Sep/2022:08:56:10 +0800] "GET /xingrg/all/function/internal_message.html?_=1663894564261&CODE_STATE=getMsg HTTP/1.1" 200 27
116.230.114.213 - - [23/Sep/2022:08:56:11 +0800] "GET /xingrg/check_reg.html?_=1663894587378 HTTP/1.1" 302 -
61.170.232.128 - - [23/Sep/2022:08:56:13 +0800] "POST /xingrg/kc/buy/cgsh_order_operate.html HTTP/1.1" 200 37
116.238.169.132 - - [23/Sep/2022:08:56:14 +0800] "GET /xingrg/all/function/internal_message.html?_=1663894572061&CODE_STATE=getMsg HTTP/1.1" 200 27
116.225.121.189 - - [23/Sep/2022:08:56:18 +0800] "GET /xingrg/kc/buy/cgsh_order_operate.html?command=get_materiel&rest_code=00105&code=00101008223&supplier_code=00100203&order_time=2022-09-23 HTTP/1.1" 200 433
116.230.114.213 - - [23/Sep/2022:08:56:19 +0800] "GET /xingrg/all/function/internal_message.html?_=1663894595100&CODE_STATE=getMsg HTTP/1.1" 302 -
116.225.121.189 - - [23/Sep/2022:08:56:22 +0800] "GET /xingrg/all/function/internal_message.html?_=1663894580750&CODE_STATE=getMsg HTTP/1.1" 200 27
116.225.121.189 - - [23/Sep/2022:08:56:23 +0800] "GET /xingrg/all/function/internal_message.html?_=1663894439531&CODE_STATE=getMsg HTTP/1.1" 200 27
116.225.121.189 - - [23/Sep/2022:08:56:25 +0800] "GET /xingrg/kc/buy/cgsh_order_operate.html?command=get_materiel&rest_code=00105&code=00101008439&supplier_code=00100203&order_time=2022-09-23 HTTP/1.1" 200 413
116.230.114.213 - - [23/Sep/2022:08:56:34 +0800] "GET /xingrg/all/function/internal_message.html?_=1663894613757&CODE_STATE=getMsg HTTP/1.1" 200 27
116.224.255.128 - - [23/Sep/2022:08:56:36 +0800] "POST /xingrg/kc/buy/cgsh_order_operate.html HTTP/1.1" 200 37
116.224.255.128 - - [23/Sep/2022:08:56:38 +0800] "GET /xingrg/all/function/internal_message.html?_=1663894524003&CODE_STATE=getMsg HTTP/1.1" 200 27
116.224.255.128 - - [23/Sep/2022:08:56:40 +0800] "POST /xingrg/kc/buy/cgsh_order_operate.html HTTP/1.1" 200 12
61.170.232.128 - - [23/Sep/2022:08:56:41 +0800] "GET /xingrg/all/function/internal_message.html?_=1663894591060&CODE_STATE=getMsg HTTP/1.1" 200 27
116.225.121.189 - - [23/Sep/2022:08:56:42 +0800] "POST /xingrg/kc/buy/cgsh_order_operate.html HTTP/1.1" 200 2065
61.170.232.128 - - [23/Sep/2022:08:56:42 +0800] "POST /xingrg/kc/buy/cgsh_order_operate.html HTTP/1.1" 200 29235
116.225.121.189 - - [23/Sep/2022:08:56:43 +0800] "POST /xingrg/kc/buy/cgsh_order_operate.html HTTP/1.1" 200 2065
116.224.255.128 - - [23/Sep/2022:08:56:49 +0800] "GET /xingrg/kc/buy/cgsh_order_info.html?code=212022092308257 HTTP/1.1" 200 63688
116.224.255.128 - - [23/Sep/2022:08:56:49 +0800] "GET /xingrg/javascript/easyui/themes/default/validatebox.css HTTP/1.1" 404 1104
116.224.255.128 - - [23/Sep/2022:08:56:50 +0800] "POST /xingrg/kc/buy/cgsh_order_operate.html HTTP/1.1" 200 7117
61.170.232.128 - - [23/Sep/2022:08:56:50 +0800] "GET /xingrg/kc/buy/cgsh_order_operate.html?command=get_materiel&rest_code=00106&code=00101008219&supplier_code=00100007&order_time=2022-09-23 HTTP/1.1" 200 412
120.253.135.82 - - [23/Sep/2022:08:56:52 +0800] "GET /xingrg/kc/pszx/mdps_order_info.html?code=312022092300541 HTTP/1.1" 200 19636
116.225.121.189 - - [23/Sep/2022:08:56:52 +0800] "GET /xingrg/kc/buy/cgsh_order_operate.html?command=get_materiel&rest_code=00105&code=00101008105&supplier_code=00100203&order_time=2022-09-23 HTTP/1.1" 200 412
120.253.135.82 - - [23/Sep/2022:08:56:52 +0800] "POST /xingrg/kc/pszx/mdps_order_operate.html HTTP/1.1" 200 503
120.253.135.82 - - [23/Sep/2022:08:56:52 +0800] "GET /xingrg/javascript/easyui/themes/default/validatebox.css HTTP/1.1" 404 1104
116.224.255.128 - - [23/Sep/2022:08:56:54 +0800] "GET /xingrg/kc/print/load_config.html?kc_code=cgsh HTTP/1.1" 200 1943
116.224.255.128 - - [23/Sep/2022:08:56:54 +0800] "GET /xingrg/kc/print/load_data.html?order_code=212022092308257&kc_code=cgsh&condition= HTTP/1.1" 200 3185
120.253.135.82 - - [23/Sep/2022:08:56:54 +0800] "POST /xingrg/kc/pszx/mdps_list_operate.html HTTP/1.1" 200 1687
120.253.135.82 - - [23/Sep/2022:08:56:54 +0800] "GET /xingrg/all/function/internal_message.html?_=1663894411307&CODE_STATE=getMsg HTTP/1.1" 200 27
120.253.135.82 - - [23/Sep/2022:08:56:56 +0800] "POST /xingrg/kc/pszx/mdps_list_operate.html HTTP/1.1" 200 290
124.79.74.72 - - [23/Sep/2022:08:56:57 +0800] "GET /xingrg/all/function/internal_message.html?_=1663894615252&CODE_STATE=getMsg HTTP/1.1" 200 27
61.170.232.128 - - [23/Sep/2022:08:57:01 +0800] "GET /xingrg/kc/buy/cgsh_order_operate.html?command=get_materiel&rest_code=00106&code=00101008283&supplier_code=00100007&order_time=2022-09-23 HTTP/1.1" 200 428
120.253.135.82 - - [23/Sep/2022:08:57:03 +0800] "GET /xingrg/all/function/internal_message.html?_=1663894104130&CODE_STATE=getMsg HTTP/1.1" 302 -
116.225.121.189 - - [23/Sep/2022:08:57:05 +0800] "GET /xingrg/kc/buy/cgsh_order_operate.html?command=get_materiel&rest_code=00105&code=00101008236&supplier_code=00100203&order_time=2022-09-23 HTTP/1.1" 200 416
120.253.135.82 - - [23/Sep/2022:08:57:07 +0800] "POST /xingrg/kc/pszx/mdps_list_operate.html HTTP/1.1" 200 2061
120.253.135.82 - - [23/Sep/2022:08:57:09 +0800] "POST /xingrg/kc/pszx/mdps_list_operate.html HTTP/1.1" 200 201
61.170.232.128 - - [23/Sep/2022:08:57:10 +0800] "GET /xingrg/kc/buy/cgsh_order_operate.html?command=get_materiel&rest_code=00106&code=00101008403&supplier_code=00100007&order_time=2022-09-23 HTTP/1.1" 200 432
120.253.135.82 - - [23/Sep/2022:08:57:10 +0800] "POST /xingrg/kc/pszx/mdps_list_operate.html HTTP/1.1" 200 280
180.169.147.146 - - [23/Sep/2022:08:57:10 +0800] "GET /xingrg/all/function/internal_message.html?_=1663894624259&CODE_STATE=getMsg HTTP/1.1" 200 27
180.169.147.146 - - [23/Sep/2022:08:57:10 +0800] "GET /xingrg/check_reg.html?_=1663894624261 HTTP/1.1" 200 22
120.253.135.82 - - [23/Sep/2022:08:57:11 +0800] "GET /xingrg/kc/pszx/mdps_order_info.html?code=312022092300540 HTTP/1.1" 200 23978
116.225.121.189 - - [23/Sep/2022:08:57:11 +0800] "GET /xingrg/kc/buy/cgsh_order_operate.html?command=get_materiel&rest_code=00105&code=00101008109&supplier_code=00100203&order_time=2022-09-23 HTTP/1.1" 200 413
120.253.135.82 - - [23/Sep/2022:08:57:11 +0800] "POST /xingrg/kc/pszx/mdps_order_operate.html HTTP/1.1" 200 2768
120.253.135.82 - - [23/Sep/2022:08:57:11 +0800] "GET /xingrg/javascript/easyui/themes/default/validatebox.css HTTP/1.1" 404 1104
120.253.135.82 - - [23/Sep/2022:08:57:14 +0800] "POST /xingrg/kc/pszx/mdps_list_operate.html HTTP/1.1" 200 2061
116.238.169.132 - - [23/Sep/2022:08:57:14 +0800] "GET /xingrg/all/function/internal_message.html?_=1663894632058&CODE_STATE=getMsg HTTP/1.1" 200 27
116.224.255.128 - - [23/Sep/2022:08:57:14 +0800] "GET /xingrg/javascript/jquery_easy_ui/themes/default/images/button_span_bg.gif HTTP/1.1" 304 -
116.224.255.128 - - [23/Sep/2022:08:57:15 +0800] "GET /xingrg/javascript/jquery_easy_ui/themes/default/images/button_a_bg.gif HTTP/1.1" 304 -
116.224.255.128 - - [23/Sep/2022:08:57:15 +0800] "GET /xingrg/javascript/jquery_easy_ui/themes/icons/ok.png HTTP/1.1" 304 -
116.224.255.128 - - [23/Sep/2022:08:57:15 +0800] "GET /xingrg/javascript/jquery_easy_ui/themes/default/images/panel_tools.gif HTTP/1.1" 304 -
116.224.255.128 - - [23/Sep/2022:08:57:15 +0800] "GET /xingrg/javascript/jquery_easy_ui/themes/default/images/panel_title.png HTTP/1.1" 304 -
61.170.232.128 - - [23/Sep/2022:08:57:19 +0800] "GET /xingrg/kc/buy/cgsh_order_operate.html?command=get_materiel&rest_code=00106&code=00101013175&supplier_code=00100007&order_time=2022-09-23 HTTP/1.1" 200 431
116.230.114.213 - - [23/Sep/2022:08:57:19 +0800] "GET /xingrg/all/function/internal_message.html?_=1663894655146&CODE_STATE=getMsg HTTP/1.1" 302 -
116.225.121.189 - - [23/Sep/2022:08:57:20 +0800] "GET /xingrg/kc/buy/cgsh_order_operate.html?command=get_materiel&rest_code=00105&code=00101008168&supplier_code=00100203&order_time=2022-09-23 HTTP/1.1" 200 413
61.170.232.128 - - [23/Sep/2022:08:57:22 +0800] "POST /xingrg/kc/buy/cgsh_order_operate.html HTTP/1.1" 200 2065
116.225.121.189 - - [23/Sep/2022:08:57:22 +0800] "GET /xingrg/all/function/internal_message.html?_=1663894640731&CODE_STATE=getMsg HTTP/1.1" 200 27
116.225.121.189 - - [23/Sep/2022:08:57:23 +0800] "GET /xingrg/all/function/internal_message.html?_=1663894499535&CODE_STATE=getMsg HTTP/1.1" 200 27
116.225.121.189 - - [23/Sep/2022:08:57:23 +0800] "GET /xingrg/check_reg.html?_=1663894499538 HTTP/1.1" 200 22
120.253.135.82 - - [23/Sep/2022:08:57:28 +0800] "GET /xingrg/kc/pszx/mdqp_order_list.html?state=10 HTTP/1.1" 200 10217
120.253.135.82 - - [23/Sep/2022:08:57:28 +0800] "GET /xingrg/dwr/interface/AjaxQqpsService.js HTTP/1.1" 200 16326
120.253.135.82 - - [23/Sep/2022:08:57:28 +0800] "GET /xingrg/dwr/interface/AjaxReportQueryService.js HTTP/1.1" 200 13203
120.253.135.82 - - [23/Sep/2022:08:57:28 +0800] "GET /xingrg/dwr/engine.js HTTP/1.1" 200 43631
61.170.232.128 - - [23/Sep/2022:08:57:28 +0800] "GET /xingrg/kc/buy/cgsh_order_operate.html?command=get_materiel&rest_code=00106&code=00101008350&supplier_code=00100007&order_time=2022-09-23 HTTP/1.1" 200 429
116.224.255.128 - - [23/Sep/2022:08:57:28 +0800] "GET /xingrg/login.html HTTP/1.1" 200 7641
120.253.135.82 - - [23/Sep/2022:08:57:30 +0800] "GET /xingrg/kc/pszx/mdps_order_list.html?orderType=0 HTTP/1.1" 200 21045
120.253.135.82 - - [23/Sep/2022:08:57:30 +0800] "POST /xingrg/kc/pszx/mdps_list_operate.html HTTP/1.1" 200 5398
116.224.255.128 - - [23/Sep/2022:08:57:31 +0800] "GET /xingrg/images/blue/jxLogo.png HTTP/1.1" 304 -
116.224.255.128 - - [23/Sep/2022:08:57:32 +0800] "GET /xingrg/images/blue/login_bg.png HTTP/1.1" 304 -
116.224.255.128 - - [23/Sep/2022:08:57:32 +0800] "GET /favicon.ico HTTP/1.1" 404 -
116.224.255.128 - - [23/Sep/2022:08:57:32 +0800] "GET /xingrg/images/blue/hj.png HTTP/1.1" 304 -
116.224.255.128 - - [23/Sep/2022:08:57:32 +0800] "GET /xingrg/images/blue/srbg.png HTTP/1.1" 304 -
116.225.121.189 - - [23/Sep/2022:08:57:34 +0800] "GET /xingrg/kc/buy/cgsh_order_operate.html?command=get_materiel&rest_code=00105&code=00101008114&supplier_code=00100203&order_time=2022-09-23 HTTP/1.1" 200 412
116.230.114.213 - - [23/Sep/2022:08:57:35 +0800] "GET /xingrg/all/function/internal_message.html?_=1663894673939&CODE_STATE=getMsg HTTP/1.1" 200 27
116.224.255.128 - - [23/Sep/2022:08:57:38 +0800] "GET /xingrg/all/function/internal_message.html?_=1663894584018&CODE_STATE=getMsg HTTP/1.1" 200 27
116.224.255.128 - - [23/Sep/2022:08:57:38 +0800] "POST /xingrg/login.do HTTP/1.1" 302 -
116.224.255.128 - - [23/Sep/2022:08:57:38 +0800] "GET /xingrg/javascript/jquery_easy_ui/themes/default/easyui.css HTTP/1.1" 304 -
116.224.255.128 - - [23/Sep/2022:08:57:38 +0800] "GET /xingrg/javascript/jquery_easy_ui/themes/icon.css HTTP/1.1" 304 -
116.224.255.128 - - [23/Sep/2022:08:57:38 +0800] "GET /xingrg/index.html?sysBaseUrl=http%3A%2F%2F180.169.147.146%3A18081%2Fxingrg%2F&costTime=44×tamp=1663894658710 HTTP/1.1" 200 17177
116.224.255.128 - - [23/Sep/2022:08:57:38 +0800] "GET /xingrg/javascript/jquery_easy_ui/jquery.easyui.min.js HTTP/1.1" 304 -
116.224.255.128 - - [23/Sep/2022:08:57:38 +0800] "GET /xingrg/javascript/jquery_easy_ui/easyui-lang-zh_CN.js HTTP/1.1" 304 -
116.224.255.128 - - [23/Sep/2022:08:57:38 +0800] "GET /xingrg/javascript/jquery.form.js HTTP/1.1" 304 -
116.224.255.128 - - [23/Sep/2022:08:57:38 +0800] "GET /xingrg/css/form.css HTTP/1.1" 304 -
116.224.255.128 - - [23/Sep/2022:08:57:38 +0800] "GET /xingrg/javascript/jquery-1.4.2.min.js HTTP/1.1" 304 -
116.224.255.128 - - [23/Sep/2022:08:57:38 +0800] "GET /xingrg/javascript/jquery.utils.js HTTP/1.1" 304 -
116.224.255.128 - - [23/Sep/2022:08:57:38 +0800] "GET /xingrg/javascript/jquery.timers.js HTTP/1.1" 304 -
116.224.255.128 - - [23/Sep/2022:08:57:38 +0800] "GET /favicon.ico HTTP/1.1" 404 -
116.224.255.128 - - [23/Sep/2022:08:57:38 +0800] "GET /xingrg/javascript/jquery_easy_ui/themes/icons/settle_new.png HTTP/1.1" 304 -
116.224.255.128 - - [23/Sep/2022:08:57:38 +0800] "GET /xingrg/images/blue/navBackgound.jpg HTTP/1.1" 304 -
116.224.255.128 - - [23/Sep/2022:08:57:39 +0800] "POST /xingrg/all/common/load_tree.html?tree=area_rest_tree_json&manage=1 HTTP/1.1" 200 476
116.224.255.128 - - [23/Sep/2022:08:57:39 +0800] "GET /xingrg/all/function/internal_message.html?_=1663894656266&CODE_STATE=count HTTP/1.1" 200 11
116.224.255.128 - - [23/Sep/2022:08:57:39 +0800] "GET /xingrg/check_reg.html?_=1663894656267 HTTP/1.1" 200 22
116.224.255.128 - - [23/Sep/2022:08:57:39 +0800] "GET /xingrg/images/blue/pingpu.png HTTP/1.1" 304 -
116.224.255.128 - - [23/Sep/2022:08:57:39 +0800] "GET /xingrg/javascript/jquery_easy_ui/themes/default/images/panel_tool_collapse.gif HTTP/1.1" 304 -
116.224.255.128 - - [23/Sep/2022:08:57:39 +0800] "GET /xingrg/javascript/jquery_easy_ui/themes/default/images/tabs_rightarrow.png HTTP/1.1" 304 -
116.224.255.128 - - [23/Sep/2022:08:57:39 +0800] "GET /xingrg/javascript/jquery_easy_ui/themes/default/images/tabs_leftarrow.png HTTP/1.1" 304 -
116.224.255.128 - - [23/Sep/2022:08:57:39 +0800] "POST /xingrg/load_menu.html HTTP/1.1" 200 5138
116.224.255.128 - - [23/Sep/2022:08:57:39 +0800] "GET /xingrg/javascript/jquery_easy_ui/themes/default/images/tree_arrows.gif HTTP/1.1" 304 -
116.224.255.128 - - [23/Sep/2022:08:57:39 +0800] "GET /xingrg/javascript/jquery_easy_ui/themes/default/images/tree_folder_open.gif HTTP/1.1" 304 -
116.224.255.128 - - [23/Sep/2022:08:57:39 +0800] "GET /xingrg/javascript/jquery_easy_ui/themes/icons/search_new.png HTTP/1.1" 304 -
116.224.255.128 - - [23/Sep/2022:08:57:39 +0800] "GET /xingrg/javascript/jquery_easy_ui/themes/default/images/tree_folder.gif HTTP/1.1" 304 -
116.224.255.128 - - [23/Sep/2022:08:57:39 +0800] "GET /xingrg/javascript/jquery_easy_ui/themes/icons/storage_new.png HTTP/1.1" 304 -
116.224.255.128 - - [23/Sep/2022:08:57:39 +0800] "GET /xingrg/javascript/jquery_easy_ui/themes/icons/forms_new.png HTTP/1.1" 304 -
116.224.255.128 - - [23/Sep/2022:08:57:39 +0800] "GET /xingrg/javascript/jquery_easy_ui/themes/default/images/tree_file.gif HTTP/1.1" 304 -
61.170.232.128 - - [23/Sep/2022:08:57:41 +0800] "GET /xingrg/all/function/internal_message.html?_=1663894651033&CODE_STATE=getMsg HTTP/1.1" 200 27
116.224.255.128 - - [23/Sep/2022:08:57:43 +0800] "GET /xingrg/javascript/jquery_easy_ui/themes/default/images/tabs_close.gif HTTP/1.1" 304 -
116.224.255.128 - - [23/Sep/2022:08:57:43 +0800] "GET /xingrg/css/base.css HTTP/1.1" 304 -
116.224.255.128 - - [23/Sep/2022:08:57:43 +0800] "GET /xingrg/css/site.css HTTP/1.1" 304 -
116.224.255.128 - - [23/Sep/2022:08:57:43 +0800] "GET /xingrg/javascript/jquery_tools/datebox.css HTTP/1.1" 304 -
116.224.255.128 - - [23/Sep/2022:08:57:43 +0800] "GET /xingrg/javascript/easyui/themes/icon.css HTTP/1.1" 304 -
116.224.255.128 - - [23/Sep/2022:08:57:43 +0800] "GET /xingrg/javascript/easyui/themes/default/easyui.css HTTP/1.1" 304 -
116.224.255.128 - - [23/Sep/2022:08:57:43 +0800] "GET /xingrg/javascript/auto/jquery.autocomplete.css HTTP/1.1" 304 -
116.224.255.128 - - [23/Sep/2022:08:57:43 +0800] "GET /xingrg/javascript/jquery_tools/fix.css HTTP/1.1" 304 -
116.224.255.128 - - [23/Sep/2022:08:57:43 +0800] "GET /xingrg/javascript/jquery_tools/table.css HTTP/1.1" 304 -
116.224.255.128 - - [23/Sep/2022:08:57:43 +0800] "GET /xingrg/javascript/jquery_tools/jquery.tools.min.js HTTP/1.1" 304 -
116.224.255.128 - - [23/Sep/2022:08:57:43 +0800] "GET /xingrg/javascript/jquery_tools/jquery.tools.hotkey.js HTTP/1.1" 304 -
116.224.255.128 - - [23/Sep/2022:08:57:43 +0800] "GET /xingrg/javascript/jquery_tools/jquery.tools.table.js HTTP/1.1" 304 -
116.224.255.128 - - [23/Sep/2022:08:57:43 +0800] "GET /xingrg/javascript/jquery_tools/list_manager.js HTTP/1.1" 304 -
116.224.255.128 - - [23/Sep/2022:08:57:43 +0800] "GET /xingrg/kc/buy/cgsh_order_list.html HTTP/1.1" 200 53001
116.224.255.128 - - [23/Sep/2022:08:57:43 +0800] "GET /xingrg/javascript/auto/jquery.autocomplete.js HTTP/1.1" 304 -
116.224.255.128 - - [23/Sep/2022:08:57:43 +0800] "GET /xingrg/javascript/easyui/easyloader.js HTTP/1.1" 304 -
116.224.255.128 - - [23/Sep/2022:08:57:43 +0800] "GET /xingrg/javascript/jquery.cookie.js HTTP/1.1" 304 -
116.224.255.128 - - [23/Sep/2022:08:57:43 +0800] "GET /xingrg/javascript/print/LodopFuncs.js HTTP/1.1" 304 -
116.224.255.128 - - [23/Sep/2022:08:57:43 +0800] "GET /xingrg/javascript/jquery_tools/jquery.tools.extend.js HTTP/1.1" 304 -
116.224.255.128 - - [23/Sep/2022:08:57:43 +0800] "GET /xingrg/javascript/easyui/themes/icons/edit_add_new.png HTTP/1.1" 304 -
116.224.255.128 - - [23/Sep/2022:08:57:43 +0800] "GET /xingrg/javascript/easyui/themes/icons/cance_new.png HTTP/1.1" 304 -
116.224.255.128 - - [23/Sep/2022:08:57:43 +0800] "GET /xingrg/javascript/easyui/themes/icons/check_new.png HTTP/1.1" 304 -
116.224.255.128 - - [23/Sep/2022:08:57:43 +0800] "GET /xingrg/javascript/easyui/themes/icons/field_new.png HTTP/1.1" 304 -
116.224.255.128 - - [23/Sep/2022:08:57:43 +0800] "GET /xingrg/javascript/easyui/themes/icons/import_new.png HTTP/1.1" 304 -
116.224.255.128 - - [23/Sep/2022:08:57:43 +0800] "GET /xingrg/javascript/easyui/plugins/jquery.parser.js HTTP/1.1" 304 -
116.224.255.128 - - [23/Sep/2022:08:57:43 +0800] "GET /xingrg/images/control/ajaxLoader.gif HTTP/1.1" 304 -
116.224.255.128 - - [23/Sep/2022:08:57:44 +0800] "POST /xingrg/kc/buy/cgsh_list_operate.html HTTP/1.1" 200 986
116.224.255.128 - - [23/Sep/2022:08:57:45 +0800] "GET /xingrg/javascript/easyui/themes/default/images/button_plain_hover.png HTTP/1.1" 304 -
116.224.255.128 - - [23/Sep/2022:08:57:45 +0800] "POST /xingrg/all/user/operate.html HTTP/1.1" 200 36
116.224.255.128 - - [23/Sep/2022:08:57:46 +0800] "GET /xingrg/index.html?sysBaseUrl=http%3A%2F%2F180.169.147.146%3A18081%2Fxingrg%2F&costTime=45×tamp=1663845626570 HTTP/1.1" 200 17177
116.224.255.128 - - [23/Sep/2022:08:57:46 +0800] "GET /xingrg/javascript/jquery_easy_ui/themes/default/easyui.css HTTP/1.1" 304 -
116.224.255.128 - - [23/Sep/2022:08:57:46 +0800] "GET /xingrg/javascript/jquery_easy_ui/themes/icon.css HTTP/1.1" 304 -
61.170.232.128 - - [23/Sep/2022:08:57:46 +0800] "GET /xingrg/kc/buy/cgsh_order_operate.html?command=get_materiel&rest_code=00106&code=00101008223&supplier_code=00100007&order_time=2022-09-23 HTTP/1.1" 200 433
116.224.255.128 - - [23/Sep/2022:08:57:46 +0800] "GET /xingrg/css/form.css HTTP/1.1" 304 -
116.224.255.128 - - [23/Sep/2022:08:57:46 +0800] "GET /xingrg/javascript/jquery-1.4.2.min.js HTTP/1.1" 304 -
116.224.255.128 - - [23/Sep/2022:08:57:46 +0800] "GET /xingrg/javascript/jquery_easy_ui/jquery.easyui.min.js HTTP/1.1" 304 -
116.224.255.128 - - [23/Sep/2022:08:57:46 +0800] "GET /xingrg/javascript/jquery_easy_ui/easyui-lang-zh_CN.js HTTP/1.1" 304 -
116.224.255.128 - - [23/Sep/2022:08:57:46 +0800] "GET /xingrg/javascript/jquery.form.js HTTP/1.1" 304 -
116.224.255.128 - - [23/Sep/2022:08:57:46 +0800] "GET /xingrg/javascript/jquery.utils.js HTTP/1.1" 304 -
116.224.255.128 - - [23/Sep/2022:08:57:46 +0800] "GET /xingrg/javascript/jquery.timers.js HTTP/1.1" 304 -
116.224.255.128 - - [23/Sep/2022:08:57:46 +0800] "GET /xingrg/images/blue/jxLogo.png HTTP/1.1" 304 -
116.224.255.128 - - [23/Sep/2022:08:57:46 +0800] "GET /xingrg/images/blue/navBackgound.jpg HTTP/1.1" 304 -
116.224.255.128 - - [23/Sep/2022:08:57:46 +0800] "GET /xingrg/javascript/jquery_easy_ui/themes/icons/settle_new.png HTTP/1.1" 304 -
116.224.255.128 - - [23/Sep/2022:08:57:46 +0800] "GET /xingrg/images/blue/pingpu.png HTTP/1.1" 304 -
116.224.255.128 - - [23/Sep/2022:08:57:46 +0800] "POST /xingrg/all/common/load_tree.html?tree=area_rest_tree_json&manage=1 HTTP/1.1" 200 476
116.224.255.128 - - [23/Sep/2022:08:57:46 +0800] "GET /xingrg/javascript/jquery_easy_ui/themes/default/images/tabs_leftarrow.png HTTP/1.1" 304 -
116.224.255.128 - - [23/Sep/2022:08:57:46 +0800] "GET /xingrg/javascript/jquery_easy_ui/themes/default/images/panel_tool_collapse.gif HTTP/1.1" 304 -
116.224.255.128 - - [23/Sep/2022:08:57:46 +0800] "GET /xingrg/all/function/internal_message.html?_=1663894592655&CODE_STATE=count HTTP/1.1" 200 11
116.224.255.128 - - [23/Sep/2022:08:57:46 +0800] "GET /xingrg/check_reg.html?_=1663894592656 HTTP/1.1" 200 22
116.224.255.128 - - [23/Sep/2022:08:57:46 +0800] "GET /xingrg/javascript/jquery_easy_ui/themes/default/images/tabs_rightarrow.png HTTP/1.1" 304 -
116.224.255.128 - - [23/Sep/2022:08:57:46 +0800] "GET /xingrg/javascript/jquery_easy_ui/themes/default/images/tree_arrows.gif HTTP/1.1" 304 -
116.224.255.128 - - [23/Sep/2022:08:57:46 +0800] "POST /xingrg/load_menu.html HTTP/1.1" 200 5138
116.224.255.128 - - [23/Sep/2022:08:57:47 +0800] "GET /xingrg/javascript/jquery_easy_ui/themes/default/images/tree_folder_open.gif HTTP/1.1" 304 -
116.224.255.128 - - [23/Sep/2022:08:57:47 +0800] "GET /xingrg/javascript/jquery_easy_ui/themes/default/images/tree_folder.gif HTTP/1.1" 304 -
116.224.255.128 - - [23/Sep/2022:08:57:47 +0800] "GET /xingrg/javascript/jquery_easy_ui/themes/icons/search_new.png HTTP/1.1" 304 -
116.224.255.128 - - [23/Sep/2022:08:57:47 +0800] "GET /xingrg/javascript/jquery_easy_ui/themes/icons/storage_new.png HTTP/1.1" 304 -
116.224.255.128 - - [23/Sep/2022:08:57:47 +0800] "GET /xingrg/javascript/jquery_easy_ui/themes/icons/forms_new.png HTTP/1.1" 304 -
116.224.255.128 - - [23/Sep/2022:08:57:47 +0800] "GET /xingrg/javascript/jquery_easy_ui/themes/default/images/tree_file.gif HTTP/1.1" 304 -
116.224.255.128 - - [23/Sep/2022:08:57:47 +0800] "GET /xingrg/javascript/pic_change.js HTTP/1.1" 304 -
116.224.255.128 - - [23/Sep/2022:08:57:47 +0800] "GET /xingrg/javascript/jquery_tools/order_manager.js HTTP/1.1" 304 -
116.224.255.128 - - [23/Sep/2022:08:57:47 +0800] "GET /xingrg/javascript/convert.js HTTP/1.1" 304 -
116.224.255.128 - - [23/Sep/2022:08:57:47 +0800] "GET /xingrg/javascript/json2.js HTTP/1.1" 304 -
116.224.255.128 - - [23/Sep/2022:08:57:47 +0800] "GET /xingrg/javascript/print/kc_print.js HTTP/1.1" 304 -
116.224.255.128 - - [23/Sep/2022:08:57:47 +0800] "GET /xingrg/kc/buy/cgsh_order_add.html HTTP/1.1" 200 68377
116.224.255.128 - - [23/Sep/2022:08:57:48 +0800] "GET /xingrg/words/20220922150208_words.js HTTP/1.1" 200 922196
116.224.255.128 - - [23/Sep/2022:08:57:48 +0800] "GET /xingrg/javascript/easyui/themes/icons/copy_new.png HTTP/1.1" 304 -
116.224.255.128 - - [23/Sep/2022:08:57:48 +0800] "GET /xingrg/javascript/easyui/themes/icons/template_new.png HTTP/1.1" 304 -
116.224.255.128 - - [23/Sep/2022:08:57:48 +0800] "GET /xingrg/javascript/easyui/themes/icons/ok.png HTTP/1.1" 304 -
116.224.255.128 - - [23/Sep/2022:08:57:48 +0800] "GET /xingrg/javascript/easyui/themes/icons/print.png HTTP/1.1" 304 -
116.224.255.128 - - [23/Sep/2022:08:57:48 +0800] "GET /xingrg/javascript/easyui/themes/default/images/menu_downarrow.png HTTP/1.1" 304 -
116.224.255.128 - - [23/Sep/2022:08:57:48 +0800] "GET /xingrg/javascript/easyui/themes/icons/cancel.png HTTP/1.1" 304 -
116.224.255.128 - - [23/Sep/2022:08:57:48 +0800] "GET /xingrg/all/common/auto_word.html?type=employee&rest_code=00151 HTTP/1.1" 200 293
116.224.255.128 - - [23/Sep/2022:08:57:48 +0800] "GET /xingrg/all/common/auto_word.html?type=employee&rest_code=00151 HTTP/1.1" 200 293
116.224.255.128 - - [23/Sep/2022:08:57:48 +0800] "GET /xingrg/javascript/easyui/themes/default/validatebox.css HTTP/1.1" 404 1104
116.224.255.128 - - [23/Sep/2022:08:57:48 +0800] "GET /xingrg/javascript/easyui/plugins/jquery.validatebox.js HTTP/1.1" 304 -
116.224.255.128 - - [23/Sep/2022:08:57:48 +0800] "GET /xingrg/javascript/easyui/plugins/jquery.numberbox.js HTTP/1.1" 304 -
116.224.255.128 - - [23/Sep/2022:08:57:48 +0800] "POST /xingrg/kc/buy/cgsh_order_operate.html HTTP/1.1" 200 8245
116.224.255.128 - - [23/Sep/2022:08:57:48 +0800] "GET /xingrg/javascript/easyui/themes/icons/edit_remove.png HTTP/1.1" 304 -
116.224.255.128 - - [23/Sep/2022:08:57:49 +0800] "GET /xingrg/javascript/jquery_easy_ui/themes/default/images/tabs_close.gif HTTP/1.1" 304 -
116.224.255.128 - - [23/Sep/2022:08:57:49 +0800] "GET /xingrg/javascript/jquery_tools/list_manager.js HTTP/1.1" 304 -
116.224.255.128 - - [23/Sep/2022:08:57:49 +0800] "GET /xingrg/kc/buy/cgsh_order_list.html HTTP/1.1" 200 53001
116.224.255.128 - - [23/Sep/2022:08:57:49 +0800] "GET /xingrg/javascript/easyui/themes/icons/edit_add_new.png HTTP/1.1" 304 -
116.224.255.128 - - [23/Sep/2022:08:57:49 +0800] "GET /xingrg/javascript/easyui/themes/icons/cance_new.png HTTP/1.1" 304 -
116.224.255.128 - - [23/Sep/2022:08:57:49 +0800] "GET /xingrg/javascript/easyui/themes/icons/check_new.png HTTP/1.1" 304 -
116.224.255.128 - - [23/Sep/2022:08:57:49 +0800] "GET /xingrg/javascript/easyui/themes/icons/field_new.png HTTP/1.1" 304 -
116.224.255.128 - - [23/Sep/2022:08:57:49 +0800] "GET /xingrg/javascript/easyui/themes/icons/import_new.png HTTP/1.1" 304 -
116.224.255.128 - - [23/Sep/2022:08:57:49 +0800] "GET /xingrg/images/control/ajaxLoader.gif HTTP/1.1" 304 -
116.224.255.128 - - [23/Sep/2022:08:57:50 +0800] "POST /xingrg/kc/buy/cgsh_list_operate.html HTTP/1.1" 200 986
116.224.255.128 - - [23/Sep/2022:08:57:51 +0800] "GET /xingrg/javascript/jquery_easy_ui/themes/icons/rest.png HTTP/1.1" 304 -
116.224.255.128 - - [23/Sep/2022:08:57:51 +0800] "GET /xingrg/javascript/jquery_easy_ui/themes/icons/area.png HTTP/1.1" 304 -
116.224.255.128 - - [23/Sep/2022:08:57:53 +0800] "GET /xingrg/kc/buy/cgsh_order_add.html HTTP/1.1" 200 68389
116.224.255.128 - - [23/Sep/2022:08:57:54 +0800] "POST /xingrg/kc/buy/cgsh_order_operate.html HTTP/1.1" 200 8245
116.224.255.128 - - [23/Sep/2022:08:57:54 +0800] "GET /xingrg/javascript/easyui/themes/icons/edit_remove.png HTTP/1.1" 304 -
116.224.255.128 - - [23/Sep/2022:08:57:54 +0800] "GET /xingrg/all/common/auto_word.html?type=employee&rest_code=00151 HTTP/1.1" 200 293
116.224.255.128 - - [23/Sep/2022:08:57:54 +0800] "GET /xingrg/all/common/auto_word.html?type=employee&rest_code=00151 HTTP/1.1" 200 293
116.224.255.128 - - [23/Sep/2022:08:57:54 +0800] "GET /xingrg/javascript/easyui/themes/default/validatebox.css HTTP/1.1" 404 1104
120.253.135.82 - - [23/Sep/2022:08:57:54 +0800] "GET /xingrg/all/function/internal_message.html?_=1663894471423&CODE_STATE=getMsg HTTP/1.1" 200 27
116.224.255.128 - - [23/Sep/2022:08:57:55 +0800] "GET /xingrg/javascript/auto/indicator.gif HTTP/1.1" 404 1066
116.224.255.128 - - [23/Sep/2022:08:57:57 +0800] "GET /xingrg/javascript/auto/indicator.gif HTTP/1.1" 404 1066
124.79.74.72 - - [23/Sep/2022:08:57:57 +0800] "GET /xingrg/all/function/internal_message.html?_=1663894675238&CODE_STATE=getMsg HTTP/1.1" 200 27
116.224.255.128 - - [23/Sep/2022:08:58:03 +0800] "GET /xingrg/kc/buy/cgsh_order_operate.html?command=get_materiel&rest_code=00151&code=00101016025&supplier_code=00100096&order_time=2022-09-23 HTTP/1.1" 200 408
120.253.135.82 - - [23/Sep/2022:08:58:03 +0800] "GET /xingrg/all/function/internal_message.html?_=1663894164106&CODE_STATE=getMsg HTTP/1.1" 302 -
116.224.255.128 - - [23/Sep/2022:08:58:05 +0800] "GET /xingrg/kc/buy/cgsh_order_operate.html?command=get_materiel&rest_code=00151&code=00101008091&supplier_code=00100008&order_time=2022-09-23 HTTP/1.1" 200 413
61.170.232.128 - - [23/Sep/2022:08:58:08 +0800] "GET /xingrg/kc/buy/cgsh_order_operate.html?command=get_materiel&rest_code=00106&code=00101008095&supplier_code=00100007&order_time=2022-09-23 HTTP/1.1" 200 412
116.225.121.189 - - [23/Sep/2022:08:58:09 +0800] "GET /xingrg/kc/buy/cgsh_order_operate.html?command=get_materiel&rest_code=00105&code=00101008201&supplier_code=00100203&order_time=2022-09-23 HTTP/1.1" 200 412
180.169.147.146 - - [23/Sep/2022:08:58:10 +0800] "GET /xingrg/all/function/internal_message.html?_=1663894684259&CODE_STATE=getMsg HTTP/1.1" 200 27
120.253.135.82 - - [23/Sep/2022:08:58:10 +0800] "GET /xingrg/check_reg.html?_=1663894171860 HTTP/1.1" 302 -
61.170.232.128 - - [23/Sep/2022:08:58:11 +0800] "POST /xingrg/kc/buy/cgsh_order_operate.html HTTP/1.1" 200 2065
116.238.169.132 - - [23/Sep/2022:08:58:14 +0800] "GET /xingrg/check_reg.html?_=1663894692074 HTTP/1.1" 200 22
116.238.169.132 - - [23/Sep/2022:08:58:14 +0800] "GET /xingrg/all/function/internal_message.html?_=1663894692078&CODE_STATE=getMsg HTTP/1.1" 200 27
116.224.255.128 - - [23/Sep/2022:08:58:15 +0800] "GET /xingrg/kc/buy/cgsh_order_operate.html?command=get_materiel&rest_code=00151&code=00101012039&supplier_code=00100096&order_time=2022-09-23 HTTP/1.1" 200 408
61.170.232.128 - - [23/Sep/2022:08:58:16 +0800] "GET /xingrg/kc/buy/cgsh_order_operate.html?command=get_materiel&rest_code=00106&code=00101008110&supplier_code=00100007&order_time=2022-09-23 HTTP/1.1" 200 408
116.225.121.189 - - [23/Sep/2022:08:58:18 +0800] "GET /xingrg/kc/buy/cgsh_order_operate.html?command=get_materiel&rest_code=00105&code=00101008087&supplier_code=00100203&order_time=2022-09-23 HTTP/1.1" 200 412
116.230.114.213 - - [23/Sep/2022:08:58:19 +0800] "GET /xingrg/all/function/internal_message.html?_=1663894715159&CODE_STATE=getMsg HTTP/1.1" 302 -
116.224.255.128 - - [23/Sep/2022:08:58:20 +0800] "GET /xingrg/kc/buy/cgsh_order_operate.html?command=get_materiel&rest_code=00151&code=00101008234&supplier_code=00100008&order_time=2022-09-23 HTTP/1.1" 200 408
116.225.121.189 - - [23/Sep/2022:08:58:21 +0800] "GET /xingrg/check_reg.html?_=1663894699746 HTTP/1.1" 200 22
116.225.121.189 - - [23/Sep/2022:08:58:22 +0800] "GET /xingrg/all/function/internal_message.html?_=1663894700705&CODE_STATE=getMsg HTTP/1.1" 200 27
116.225.121.189 - - [23/Sep/2022:08:58:23 +0800] "GET /xingrg/all/function/internal_message.html?_=1663894559538&CODE_STATE=getMsg HTTP/1.1" 200 27
116.230.114.213 - - [23/Sep/2022:08:58:26 +0800] "GET /xingrg/check_reg.html?_=1663894725190 HTTP/1.1" 200 22
116.225.121.189 - - [23/Sep/2022:08:58:27 +0800] "GET /xingrg/kc/buy/cgsh_order_operate.html?command=get_materiel&rest_code=00105&code=00101008361&supplier_code=00100203&order_time=2022-09-23 HTTP/1.1" 200 408
116.224.255.128 - - [23/Sep/2022:08:58:27 +0800] "GET /xingrg/kc/buy/cgsh_order_operate.html?command=get_materiel&rest_code=00151&code=00101008080&supplier_code=00100008&order_time=2022-09-23 HTTP/1.1" 200 416
116.230.114.213 - - [23/Sep/2022:08:58:35 +0800] "GET /xingrg/all/function/internal_message.html?_=1663894733941&CODE_STATE=getMsg HTTP/1.1" 200 27
116.225.121.189 - - [23/Sep/2022:08:58:35 +0800] "GET /xingrg/kc/buy/cgsh_order_operate.html?command=get_materiel&rest_code=00105&code=00101008137&supplier_code=00100203&order_time=2022-09-23 HTTP/1.1" 200 408
116.224.255.128 - - [23/Sep/2022:08:58:37 +0800] "GET /xingrg/kc/buy/cgsh_order_operate.html?command=get_materiel&rest_code=00151&code=00101008350&supplier_code=00100008&order_time=2022-09-23 HTTP/1.1" 200 429
116.224.255.128 - - [23/Sep/2022:08:58:39 +0800] "GET /xingrg/all/function/internal_message.html?_=1663894716277&CODE_STATE=getMsg HTTP/1.1" 200 27
116.224.255.128 - - [23/Sep/2022:08:58:39 +0800] "GET /xingrg/kc/buy/cgsh_order_operate.html?command=get_materiel&rest_code=00151&code=00101016038&supplier_code=00100096&order_time=2022-09-23 HTTP/1.1" 200 408
61.170.232.128 - - [23/Sep/2022:08:58:41 +0800] "GET /xingrg/all/function/internal_message.html?_=1663894711007&CODE_STATE=getMsg HTTP/1.1" 200 27
120.253.135.82 - - [23/Sep/2022:08:58:42 +0800] "GET /xingrg/kc/report/report_main.html HTTP/1.1" 200 8599
116.225.121.189 - - [23/Sep/2022:08:58:43 +0800] "GET /xingrg/kc/buy/cgsh_order_operate.html?command=get_materiel&rest_code=00105&code=00101008059&supplier_code=00100203&order_time=2022-09-23 HTTP/1.1" 200 408
120.253.135.82 - - [23/Sep/2022:08:58:45 +0800] "GET /xingrg/kc/base/kc_stocks.html HTTP/1.1" 200 16437
120.253.135.82 - - [23/Sep/2022:08:58:45 +0800] "GET /xingrg/javascript/easyui/themes/default/tree.css HTTP/1.1" 404 1090
120.253.135.82 - - [23/Sep/2022:08:58:45 +0800] "POST /xingrg/all/common/load_tree.html?tree=materiel_sort_tree_json HTTP/1.1" 200 9500
116.224.255.128 - - [23/Sep/2022:08:58:46 +0800] "GET /xingrg/kc/buy/cgsh_order_operate.html?command=get_materiel&rest_code=00151&code=00101016051&supplier_code=00100096&order_time=2022-09-23 HTTP/1.1" 200 429
116.224.255.128 - - [23/Sep/2022:08:58:46 +0800] "GET /xingrg/kc/buy/cgsh_order_operate.html?command=get_materiel&rest_code=00151&code=00101008088&supplier_code=00100008&order_time=2022-09-23 HTTP/1.1" 200 408
116.225.121.189 - - [23/Sep/2022:08:58:46 +0800] "POST /xingrg/kc/buy/cgsh_order_operate.html HTTP/1.1" 200 2065
120.253.135.82 - - [23/Sep/2022:08:58:46 +0800] "POST /xingrg/all/common/load_combo.html?type=base HTTP/1.1" 200 1169
116.224.255.128 - - [23/Sep/2022:08:58:46 +0800] "GET /xingrg/all/function/internal_message.html?_=1663894652657&CODE_STATE=getMsg HTTP/1.1" 200 27
61.170.232.128 - - [23/Sep/2022:08:58:47 +0800] "GET /xingrg/kc/buy/cgsh_order_operate.html?command=get_materiel&rest_code=00106&code=00101008402&supplier_code=00100007&order_time=2022-09-23 HTTP/1.1" 200 409
120.253.135.82 - - [23/Sep/2022:08:58:52 +0800] "GET /xingrg/check_reg.html?_=1663894528946 HTTP/1.1" 200 22
116.224.255.128 - - [23/Sep/2022:08:58:54 +0800] "GET /xingrg/kc/buy/cgsh_order_operate.html?command=get_materiel&rest_code=00151&code=00101012025&supplier_code=00100096&order_time=2022-09-23 HTTP/1.1" 200 412
120.253.135.82 - - [23/Sep/2022:08:58:54 +0800] "GET /xingrg/all/function/internal_message.html?_=1663894531428&CODE_STATE=getMsg HTTP/1.1" 200 27
120.253.135.82 - - [23/Sep/2022:08:58:55 +0800] "POST /xingrg/kc/base/stock_operate.html HTTP/1.1" 200 765
116.224.255.128 - - [23/Sep/2022:08:58:56 +0800] "GET /xingrg/kc/buy/cgsh_order_operate.html?command=get_materiel&rest_code=00151&code=00101008004&supplier_code=00100008&order_time=2022-09-23 HTTP/1.1" 200 416
124.79.74.72 - - [23/Sep/2022:08:58:57 +0800] "GET /xingrg/all/function/internal_message.html?_=1663894735207&CODE_STATE=getMsg HTTP/1.1" 200 27
120.253.135.82 - - [23/Sep/2022:08:59:03 +0800] "GET /xingrg/all/function/internal_message.html?_=1663894224084&CODE_STATE=getMsg HTTP/1.1" 302 -
116.224.255.128 - - [23/Sep/2022:08:59:04 +0800] "GET /xingrg/kc/buy/cgsh_order_operate.html?command=get_materiel&rest_code=00151&code=00101012044&supplier_code=00100096&order_time=2022-09-23 HTTP/1.1" 200 408
116.224.255.128 - - [23/Sep/2022:08:59:04 +0800] "GET /xingrg/kc/buy/cgsh_order_operate.html?command=get_materiel&rest_code=00151&code=00101008264&supplier_code=00100008&order_time=2022-09-23 HTTP/1.1" 200 412
180.169.147.146 - - [23/Sep/2022:08:59:10 +0800] "GET /xingrg/all/function/internal_message.html?_=1663894744258&CODE_STATE=getMsg HTTP/1.1" 200 27
120.253.135.82 - - [23/Sep/2022:08:59:12 +0800] "POST /xingrg/kc/base/stock_operate.html HTTP/1.1" 200 1463
116.224.255.128 - - [23/Sep/2022:08:59:13 +0800] "GET /xingrg/kc/buy/cgsh_order_operate.html?command=get_materiel&rest_code=00151&code=00101012059&supplier_code=00100096&order_time=2022-09-23 HTTP/1.1" 200 412
116.224.255.128 - - [23/Sep/2022:08:59:14 +0800] "GET /xingrg/kc/buy/cgsh_order_operate.html?command=get_materiel&rest_code=00151&code=00101008356&supplier_code=00100008&order_time=2022-09-23 HTTP/1.1" 200 428
61.170.232.128 - - [23/Sep/2022:08:59:15 +0800] "POST /xingrg/services/DataTransmitService HTTP/1.1" 200 524
116.225.121.189 - - [23/Sep/2022:08:59:18 +0800] "GET /xingrg/kc/buy/cgsh_order_operate.html?command=get_materiel&rest_code=00105&code=00101008213&supplier_code=00100203&order_time=2022-09-23 HTTP/1.1" 200 412
116.230.114.213 - - [23/Sep/2022:08:59:19 +0800] "GET /xingrg/all/function/internal_message.html?_=1663894775203&CODE_STATE=getMsg HTTP/1.1" 302 -
116.225.121.189 - - [23/Sep/2022:08:59:22 +0800] "GET /xingrg/all/function/internal_message.html?_=1663894760695&CODE_STATE=getMsg HTTP/1.1" 200 27
116.225.121.189 - - [23/Sep/2022:08:59:23 +0800] "GET /xingrg/all/function/internal_message.html?_=1663894619539&CODE_STATE=getMsg HTTP/1.1" 200 27
116.225.121.189 - - [23/Sep/2022:08:59:24 +0800] "GET /xingrg/kc/buy/cgsh_order_operate.html?command=get_materiel&rest_code=00105&code=00101010136&supplier_code=00100203&order_time=2022-09-23 HTTP/1.1" 200 408
116.224.255.128 - - [23/Sep/2022:08:59:27 +0800] "GET /xingrg/kc/buy/cgsh_order_operate.html?command=get_materiel&rest_code=00151&code=00101008300&supplier_code=00100008&order_time=2022-09-23 HTTP/1.1" 200 412
116.225.121.189 - - [23/Sep/2022:08:59:32 +0800] "POST /xingrg/kc/buy/cgsh_order_operate.html HTTP/1.1" 200 37
116.230.114.213 - - [23/Sep/2022:08:59:35 +0800] "GET /xingrg/all/function/internal_message.html?_=1663894793954&CODE_STATE=getMsg HTTP/1.1" 200 27
116.225.121.189 - - [23/Sep/2022:08:59:35 +0800] "POST /xingrg/kc/buy/cgsh_order_operate.html HTTP/1.1" 200 46382
116.224.255.128 - - [23/Sep/2022:08:59:35 +0800] "GET /xingrg/kc/buy/cgsh_order_operate.html?command=get_materiel&rest_code=00151&code=00101008137&supplier_code=00100008&order_time=2022-09-23 HTTP/1.1" 200 408
116.224.255.128 - - [23/Sep/2022:08:59:36 +0800] "GET /xingrg/kc/buy/cgsh_order_operate.html?command=get_materiel&rest_code=00151&code=00101006112&supplier_code=00100096&order_time=2022-09-23 HTTP/1.1" 200 411
116.224.255.128 - - [23/Sep/2022:08:59:39 +0800] "GET /xingrg/all/function/internal_message.html?_=1663894776293&CODE_STATE=getMsg HTTP/1.1" 200 27
61.170.232.128 - - [23/Sep/2022:08:59:41 +0800] "GET /xingrg/all/function/internal_message.html?_=1663894770980&CODE_STATE=getMsg HTTP/1.1" 200 27
116.224.255.128 - - [23/Sep/2022:08:59:44 +0800] "GET /xingrg/kc/buy/cgsh_order_operate.html?command=get_materiel&rest_code=00151&code=00101008362&supplier_code=00100008&order_time=2022-09-23 HTTP/1.1" 200 408
61.170.232.128 - - [23/Sep/2022:08:59:46 +0800] "GET /xingrg/kc/buy/cgsh_order_operate.html?command=get_materiel&rest_code=00106&code=00101013179&supplier_code=00100007&order_time=2022-09-23 HTTP/1.1" 200 413
116.224.255.128 - - [23/Sep/2022:08:59:46 +0800] "GET /xingrg/all/function/internal_message.html?_=1663894712671&CODE_STATE=getMsg HTTP/1.1" 200 27
120.253.135.82 - - [23/Sep/2022:08:59:54 +0800] "GET /xingrg/all/function/internal_message.html?_=1663894591441&CODE_STATE=getMsg HTTP/1.1" 200 27
124.79.74.72 - - [23/Sep/2022:08:59:57 +0800] "GET /xingrg/all/function/internal_message.html?_=1663894795194&CODE_STATE=getMsg HTTP/1.1" 200 27
120.253.135.82 - - [23/Sep/2022:09:00:03 +0800] "GET /xingrg/all/function/internal_message.html?_=1663894284078&CODE_STATE=getMsg HTTP/1.1" 302 -
61.170.232.128 - - [23/Sep/2022:09:00:05 +0800] "GET /xingrg/kc/buy/cgsh_order_operate.html?command=get_materiel&rest_code=00106&code=00101008168&supplier_code=00100007&order_time=2022-09-23 HTTP/1.1" 200 413
61.170.232.128 - - [23/Sep/2022:09:00:08 +0800] "POST /xingrg/kc/buy/cgsh_order_operate.html HTTP/1.1" 200 2065
180.169.147.146 - - [23/Sep/2022:09:00:10 +0800] "GET /xingrg/all/function/internal_message.html?_=1663894804256&CODE_STATE=getMsg HTTP/1.1" 200 27
124.79.74.72 - - [23/Sep/2022:09:00:12 +0800] "GET /xingrg/check_reg.html?_=1663894809883 HTTP/1.1" 200 22
61.170.232.128 - - [23/Sep/2022:09:00:13 +0800] "GET /xingrg/kc/buy/cgsh_order_operate.html?command=get_materiel&rest_code=00106&code=00101008061&supplier_code=00100007&order_time=2022-09-23 HTTP/1.1" 200 422
116.230.114.213 - - [23/Sep/2022:09:00:19 +0800] "GET /xingrg/all/function/internal_message.html?_=1663894835217&CODE_STATE=getMsg HTTP/1.1" 302 -
61.170.232.128 - - [23/Sep/2022:09:00:21 +0800] "GET /xingrg/kc/buy/cgsh_order_operate.html?command=get_materiel&rest_code=00106&code=00101008041&supplier_code=00100007&order_time=2022-09-23 HTTP/1.1" 200 408
116.225.121.189 - - [23/Sep/2022:09:00:23 +0800] "GET /xingrg/all/function/internal_message.html?_=1663894679539&CODE_STATE=getMsg HTTP/1.1" 200 27
116.225.121.189 - - [23/Sep/2022:09:00:24 +0800] "POST /xingrg/kc/buy/cgsh_order_operate.html HTTP/1.1" 200 37
116.225.121.189 - - [23/Sep/2022:09:00:27 +0800] "POST /xingrg/kc/buy/cgsh_order_operate.html HTTP/1.1" 200 46382
120.253.135.82 - - [23/Sep/2022:09:00:27 +0800] "GET /xingrg/kc/report/report_main.html HTTP/1.1" 200 8599
116.225.121.189 - - [23/Sep/2022:09:00:28 +0800] "GET /xingrg/kc/buy/cgsh_order_add.html HTTP/1.1" 200 68861
116.225.121.189 - - [23/Sep/2022:09:00:28 +0800] "POST /xingrg/kc/buy/cgsh_order_operate.html HTTP/1.1" 200 8245
116.225.121.189 - - [23/Sep/2022:09:00:28 +0800] "GET /xingrg/javascript/easyui/themes/default/validatebox.css HTTP/1.1" 404 1104
120.253.135.82 - - [23/Sep/2022:09:00:29 +0800] "GET /xingrg/kc/base/kc_stocks.html HTTP/1.1" 200 16437
120.253.135.82 - - [23/Sep/2022:09:00:29 +0800] "GET /xingrg/javascript/easyui/themes/default/tree.css HTTP/1.1" 404 1090
120.253.135.82 - - [23/Sep/2022:09:00:29 +0800] "POST /xingrg/all/common/load_tree.html?tree=materiel_sort_tree_json HTTP/1.1" 200 9500
120.253.135.82 - - [23/Sep/2022:09:00:30 +0800] "POST /xingrg/all/common/load_combo.html?type=base HTTP/1.1" 200 1169
61.170.232.128 - - [23/Sep/2022:09:00:34 +0800] "POST /xingrg/kc/buy/cgsh_order_operate.html HTTP/1.1" 200 37
116.230.114.213 - - [23/Sep/2022:09:00:35 +0800] "GET /xingrg/all/function/internal_message.html?_=1663894854144&CODE_STATE=getMsg HTTP/1.1" 200 27
