116.224.255.128 - - [22/Sep/2022:09:11:46 +0800] "GET /xingrg/javascript/jquery_easy_ui/themes/icons/forms_new.png HTTP/1.1" 304 -
116.224.255.128 - - [22/Sep/2022:09:11:46 +0800] "GET /xingrg/javascript/jquery_easy_ui/themes/icons/search_new.png HTTP/1.1" 304 -
116.224.255.128 - - [22/Sep/2022:09:11:46 +0800] "GET /xingrg/javascript/jquery_easy_ui/themes/icons/storage_new.png HTTP/1.1" 304 -
116.224.255.128 - - [22/Sep/2022:09:11:46 +0800] "GET /xingrg/javascript/jquery_easy_ui/themes/default/images/tree_file.gif HTTP/1.1" 304 -
116.224.255.128 - - [22/Sep/2022:09:11:46 +0800] "GET /xingrg/javascript/jquery_easy_ui/themes/default/images/tree_folder_open.gif HTTP/1.1" 304 -
180.169.147.146 - - [22/Sep/2022:09:11:48 +0800] "GET /xingrg/javascript/jquery_easy_ui/themes/default/images/tree_checkbox_1.gif HTTP/1.1" 200 174
180.169.147.146 - - [22/Sep/2022:09:11:48 +0800] "GET /xingrg/javascript/jquery_easy_ui/themes/default/images/tree_checkbox_2.gif HTTP/1.1" 200 181
116.230.114.213 - - [22/Sep/2022:09:11:49 +0800] "GET /xingrg/all/function/internal_message.html?_=1663809124714&CODE_STATE=getMsg HTTP/1.1" 200 27
180.169.147.146 - - [22/Sep/2022:09:11:49 +0800] "POST /xingrg/dwr/call/plaincall/AjaxReportQueryService.refreshCache.dwr HTTP/1.1" 200 78
116.230.114.213 - - [22/Sep/2022:09:11:50 +0800] "GET /xingrg/all/function/internal_message.html?_=1663809122949&CODE_STATE=getMsg HTTP/1.1" 302 -
180.169.147.146 - - [22/Sep/2022:09:11:50 +0800] "POST /xingrg/all/report/load_report_page.html HTTP/1.1" 200 50401
180.169.147.146 - - [22/Sep/2022:09:11:50 +0800] "GET /xingrg/servlets/image?cache=0.5459517370908755&image=px HTTP/1.1" 200 807
124.78.156.85 - - [22/Sep/2022:09:11:53 +0800] "GET /xingrg/all/function/internal_message.html?_=1663809103995&CODE_STATE=getMsg HTTP/1.1" 200 27
116.224.255.128 - - [22/Sep/2022:09:11:54 +0800] "GET /xingrg/kc/base/wldb_order_list.html HTTP/1.1" 200 19186
116.224.255.128 - - [22/Sep/2022:09:11:54 +0800] "POST /xingrg/kc/base/wldb_list_operate.html HTTP/1.1" 200 928
120.253.135.82 - - [22/Sep/2022:09:11:55 +0800] "POST /xingrg/kc/pszx/mdps_list_operate.html HTTP/1.1" 200 602
58.40.7.146 - - [22/Sep/2022:09:11:57 +0800] "GET /favicon.ico HTTP/1.1" 404 -
120.253.135.82 - - [22/Sep/2022:09:11:57 +0800] "GET /xingrg/kc/pszx/mdps_order_info.html?code=312022092100499 HTTP/1.1" 200 23972
116.225.121.189 - - [22/Sep/2022:09:11:57 +0800] "GET /xingrg/all/function/internal_message.html?_=1663808975006&CODE_STATE=getMsg HTTP/1.1" 200 27
120.253.135.82 - - [22/Sep/2022:09:11:57 +0800] "POST /xingrg/kc/pszx/mdps_order_operate.html HTTP/1.1" 200 10320
120.253.135.82 - - [22/Sep/2022:09:11:57 +0800] "GET /xingrg/javascript/easyui/themes/default/validatebox.css HTTP/1.1" 404 1104
116.225.121.189 - - [22/Sep/2022:09:12:00 +0800] "GET /xingrg/kc/buy/cgsh_order_operate.html?command=get_materiel&rest_code=00105&code=00101008219&supplier_code=00100203&order_time=2022-09-22 HTTP/1.1" 200 412
120.253.135.82 - - [22/Sep/2022:09:12:01 +0800] "POST /xingrg/kc/pszx/mdps_order_operate.html HTTP/1.1" 200 37
120.253.135.82 - - [22/Sep/2022:09:12:03 +0800] "POST /xingrg/kc/pszx/mdps_order_operate.html HTTP/1.1" 200 12
116.224.255.128 - - [22/Sep/2022:09:12:04 +0800] "GET /xingrg/all/function/internal_message.html?_=1663809052385&CODE_STATE=getMsg HTTP/1.1" 200 27
180.169.147.146 - - [22/Sep/2022:09:12:07 +0800] "GET /xingrg/javascript/jquery_easy_ui/themes/default/images/button_plain_hover.png HTTP/1.1" 200 252
180.169.147.146 - - [22/Sep/2022:09:12:08 +0800] "GET /xingrg/javascript/jquery_easy_ui/themes/default/images/button_span_bg.gif HTTP/1.1" 200 2061
180.169.147.146 - - [22/Sep/2022:09:12:08 +0800] "GET /xingrg/javascript/jquery_easy_ui/themes/icons/ok.png HTTP/1.1" 200 883
180.169.147.146 - - [22/Sep/2022:09:12:08 +0800] "GET /xingrg/javascript/jquery_easy_ui/themes/default/images/panel_title.png HTTP/1.1" 200 266
180.169.147.146 - - [22/Sep/2022:09:12:08 +0800] "GET /xingrg/javascript/jquery_easy_ui/themes/default/images/panel_tools.gif HTTP/1.1" 200 737
120.253.135.82 - - [22/Sep/2022:09:12:08 +0800] "GET /xingrg/kc/pszx/mdps_order_info.html?code=312022092100499 HTTP/1.1" 200 19632
120.253.135.82 - - [22/Sep/2022:09:12:08 +0800] "POST /xingrg/kc/pszx/mdps_order_operate.html HTTP/1.1" 200 8465
120.253.135.82 - - [22/Sep/2022:09:12:08 +0800] "GET /xingrg/javascript/easyui/themes/default/validatebox.css HTTP/1.1" 404 1104
120.253.135.82 - - [22/Sep/2022:09:12:10 +0800] "POST /xingrg/kc/pszx/mdps_list_operate.html HTTP/1.1" 200 1683
180.169.147.146 - - [22/Sep/2022:09:12:10 +0800] "GET /xingrg/images/control/ajaxLoader.gif HTTP/1.1" 200 4659
180.169.147.146 - - [22/Sep/2022:09:12:10 +0800] "POST /xingrg/all/user/operate.html HTTP/1.1" 200 36
180.169.147.146 - - [22/Sep/2022:09:12:11 +0800] "GET /xingrg/index.html?sysBaseUrl=http%3A%2F%2F180.169.147.146%3A18081%2Fxingrg%2F&costTime=42×tamp=1663808562618 HTTP/1.1" 200 17509
180.169.147.146 - - [22/Sep/2022:09:12:11 +0800] "GET /xingrg/javascript/jquery_easy_ui/themes/default/easyui.css HTTP/1.1" 304 -
180.169.147.146 - - [22/Sep/2022:09:12:11 +0800] "GET /xingrg/javascript/jquery_easy_ui/themes/icon.css HTTP/1.1" 304 -
180.169.147.146 - - [22/Sep/2022:09:12:11 +0800] "GET /xingrg/css/form.css HTTP/1.1" 304 -
180.169.147.146 - - [22/Sep/2022:09:12:11 +0800] "GET /xingrg/javascript/jquery-1.4.2.min.js HTTP/1.1" 304 -
180.169.147.146 - - [22/Sep/2022:09:12:11 +0800] "GET /xingrg/javascript/jquery_easy_ui/jquery.easyui.min.js HTTP/1.1" 304 -
180.169.147.146 - - [22/Sep/2022:09:12:11 +0800] "GET /xingrg/javascript/jquery_easy_ui/easyui-lang-zh_CN.js HTTP/1.1" 304 -
180.169.147.146 - - [22/Sep/2022:09:12:11 +0800] "GET /xingrg/javascript/jquery.form.js HTTP/1.1" 304 -
180.169.147.146 - - [22/Sep/2022:09:12:11 +0800] "GET /xingrg/javascript/jquery.utils.js HTTP/1.1" 304 -
180.169.147.146 - - [22/Sep/2022:09:12:11 +0800] "GET /xingrg/javascript/jquery.timers.js HTTP/1.1" 304 -
180.169.147.146 - - [22/Sep/2022:09:12:11 +0800] "GET /xingrg/images/blue/jxLogo.png HTTP/1.1" 304 -
180.169.147.146 - - [22/Sep/2022:09:12:11 +0800] "GET /xingrg/javascript/jquery_easy_ui/themes/icons/settle_new.png HTTP/1.1" 304 -
180.169.147.146 - - [22/Sep/2022:09:12:11 +0800] "GET /xingrg/images/blue/navBackgound.jpg HTTP/1.1" 304 -
180.169.147.146 - - [22/Sep/2022:09:12:11 +0800] "POST /xingrg/all/common/load_tree.html?tree=area_rest_tree_json&manage=1 HTTP/1.1" 200 3472
180.169.147.146 - - [22/Sep/2022:09:12:11 +0800] "GET /xingrg/check_reg.html?_=1663809129301 HTTP/1.1" 200 22
180.169.147.146 - - [22/Sep/2022:09:12:11 +0800] "GET /xingrg/all/function/internal_message.html?_=1663809129300&CODE_STATE=count HTTP/1.1" 200 11
180.169.147.146 - - [22/Sep/2022:09:12:11 +0800] "GET /xingrg/javascript/jquery_easy_ui/themes/default/images/tabs_leftarrow.png HTTP/1.1" 304 -
180.169.147.146 - - [22/Sep/2022:09:12:11 +0800] "GET /xingrg/images/blue/pingpu.png HTTP/1.1" 304 -
180.169.147.146 - - [22/Sep/2022:09:12:11 +0800] "GET /xingrg/javascript/jquery_easy_ui/themes/default/images/panel_tool_collapse.gif HTTP/1.1" 304 -
180.169.147.146 - - [22/Sep/2022:09:12:11 +0800] "GET /xingrg/javascript/jquery_easy_ui/themes/default/images/tabs_rightarrow.png HTTP/1.1" 304 -
180.169.147.146 - - [22/Sep/2022:09:12:11 +0800] "GET /xingrg/javascript/jquery_easy_ui/themes/default/images/panel_tool_expand.gif HTTP/1.1" 304 -
180.169.147.146 - - [22/Sep/2022:09:12:11 +0800] "POST /xingrg/load_menu.html HTTP/1.1" 200 9959
120.253.135.82 - - [22/Sep/2022:09:12:11 +0800] "POST /xingrg/kc/pszx/mdps_list_operate.html HTTP/1.1" 200 294
180.169.147.146 - - [22/Sep/2022:09:12:12 +0800] "GET /xingrg/kc/buy/cgsh_order_list.html HTTP/1.1" 200 53258
180.169.147.146 - - [22/Sep/2022:09:12:12 +0800] "GET /xingrg/css/base.css HTTP/1.1" 200 2811
180.169.147.146 - - [22/Sep/2022:09:12:12 +0800] "GET /xingrg/css/site.css HTTP/1.1" 200 7541
180.169.147.146 - - [22/Sep/2022:09:12:12 +0800] "GET /xingrg/javascript/jquery_tools/datebox.css HTTP/1.1" 200 2597
180.169.147.146 - - [22/Sep/2022:09:12:12 +0800] "GET /xingrg/javascript/auto/jquery.autocomplete.css HTTP/1.1" 200 587
180.169.147.146 - - [22/Sep/2022:09:12:12 +0800] "GET /xingrg/javascript/easyui/themes/default/easyui.css HTTP/1.1" 200 30432
180.169.147.146 - - [22/Sep/2022:09:12:12 +0800] "GET /xingrg/javascript/jquery_tools/jquery.tools.min.js HTTP/1.1" 200 138801
180.169.147.146 - - [22/Sep/2022:09:12:13 +0800] "GET /xingrg/javascript/jquery_tools/fix.css HTTP/1.1" 200 1702
180.169.147.146 - - [22/Sep/2022:09:12:13 +0800] "GET /xingrg/javascript/jquery_tools/list_manager.js HTTP/1.1" 200 3652
180.169.147.146 - - [22/Sep/2022:09:12:13 +0800] "GET /xingrg/javascript/jquery_tools/jquery.tools.extend.js HTTP/1.1" 200 15385
180.169.147.146 - - [22/Sep/2022:09:12:13 +0800] "GET /xingrg/javascript/jquery_tools/jquery.tools.table.js HTTP/1.1" 200 6994
180.169.147.146 - - [22/Sep/2022:09:12:13 +0800] "GET /xingrg/javascript/jquery_tools/jquery.tools.hotkey.js HTTP/1.1" 200 3242
180.169.147.146 - - [22/Sep/2022:09:12:13 +0800] "GET /xingrg/javascript/auto/jquery.autocomplete.js HTTP/1.1" 200 21624
180.169.147.146 - - [22/Sep/2022:09:12:13 +0800] "GET /xingrg/javascript/easyui/easyloader.js HTTP/1.1" 200 5975
180.169.147.146 - - [22/Sep/2022:09:12:13 +0800] "GET /xingrg/javascript/jquery.cookie.js HTTP/1.1" 200 5513
180.169.147.146 - - [22/Sep/2022:09:12:13 +0800] "GET /xingrg/javascript/print/LodopFuncs.js HTTP/1.1" 200 5121
180.169.147.146 - - [22/Sep/2022:09:12:13 +0800] "GET /xingrg/javascript/jquery_tools/table.css HTTP/1.1" 200 1032
180.169.147.146 - - [22/Sep/2022:09:12:13 +0800] "GET /xingrg/javascript/easyui/themes/icon.css HTTP/1.1" 200 4483
180.169.147.146 - - [22/Sep/2022:09:12:13 +0800] "GET /xingrg/javascript/easyui/themes/icons/uncheck_new.png HTTP/1.1" 200 3197
180.169.147.146 - - [22/Sep/2022:09:12:13 +0800] "GET /xingrg/javascript/easyui/themes/icons/check_new.png HTTP/1.1" 200 3224
180.169.147.146 - - [22/Sep/2022:09:12:13 +0800] "GET /xingrg/javascript/easyui/themes/icons/cance_new.png HTTP/1.1" 200 3986
180.169.147.146 - - [22/Sep/2022:09:12:13 +0800] "GET /xingrg/javascript/easyui/themes/icons/edit_add_new.png HTTP/1.1" 200 2997
180.169.147.146 - - [22/Sep/2022:09:12:13 +0800] "GET /xingrg/javascript/easyui/themes/icons/field_new.png HTTP/1.1" 200 1097
180.169.147.146 - - [22/Sep/2022:09:12:13 +0800] "GET /xingrg/javascript/easyui/themes/icons/import_new.png HTTP/1.1" 200 1247
180.169.147.146 - - [22/Sep/2022:09:12:13 +0800] "GET /xingrg/javascript/easyui/plugins/jquery.parser.js HTTP/1.1" 200 1142
116.224.255.128 - - [22/Sep/2022:09:12:13 +0800] "GET /xingrg/kc/base/wldb_order_add.html HTTP/1.1" 200 30400
116.224.255.128 - - [22/Sep/2022:09:12:13 +0800] "POST /xingrg/kc/base/wldb_order_operate.html HTTP/1.1" 200 6806
116.224.255.128 - - [22/Sep/2022:09:12:13 +0800] "GET /xingrg/all/common/auto_word.html?type=base&rest_code=00150 HTTP/1.1" 200 1799
116.224.255.128 - - [22/Sep/2022:09:12:13 +0800] "GET /xingrg/all/common/auto_word.html?type=base&rest_code=00150 HTTP/1.1" 200 1799
116.224.255.128 - - [22/Sep/2022:09:12:14 +0800] "GET /xingrg/javascript/easyui/themes/default/validatebox.css HTTP/1.1" 404 1104
180.169.147.146 - - [22/Sep/2022:09:12:15 +0800] "POST /xingrg/kc/buy/cgsh_list_operate.html HTTP/1.1" 200 6121
116.225.121.189 - - [22/Sep/2022:09:12:19 +0800] "GET /xingrg/kc/buy/cgsh_order_operate.html?command=get_materiel&rest_code=00105&code=00101008132&supplier_code=00100203&order_time=2022-09-22 HTTP/1.1" 200 408
116.224.255.128 - - [22/Sep/2022:09:12:19 +0800] "GET /xingrg/javascript/auto/indicator.gif HTTP/1.1" 404 1066
180.169.147.146 - - [22/Sep/2022:09:12:20 +0800] "POST /xingrg/kc/buy/cgsh_list_operate.html HTTP/1.1" 200 3903
116.225.121.189 - - [22/Sep/2022:09:12:24 +0800] "POST /xingrg/kc/buy/cgsh_order_operate.html HTTP/1.1" 200 2065
180.169.147.146 - - [22/Sep/2022:09:12:25 +0800] "POST /xingrg/kc/buy/cgsh_list_operate.html HTTP/1.1" 200 6202
116.224.255.128 - - [22/Sep/2022:09:12:28 +0800] "GET /xingrg/kc/base/wldb_order_operate.html?command=get_materiel&rest_code=00150&base_code=0010446&code=00102002145 HTTP/1.1" 200 432
180.169.147.146 - - [22/Sep/2022:09:12:32 +0800] "GET /xingrg/javascript/easyui/themes/default/images/button_plain_hover.png HTTP/1.1" 200 144
116.224.255.128 - - [22/Sep/2022:09:12:35 +0800] "POST /xingrg/kc/base/wldb_order_operate.html HTTP/1.1" 200 37
116.224.255.128 - - [22/Sep/2022:09:12:37 +0800] "POST /xingrg/kc/base/wldb_order_operate.html HTTP/1.1" 200 12
116.224.255.128 - - [22/Sep/2022:09:12:37 +0800] "POST /xingrg/kc/base/wldb_order_operate.html HTTP/1.1" 200 2181
116.224.255.128 - - [22/Sep/2022:09:12:38 +0800] "GET /xingrg/kc/base/wldb_order_info.html?code=422022092201853 HTTP/1.1" 200 26275
180.163.30.27 - - [22/Sep/2022:09:12:38 +0800] "GET /xingrg/login.html HTTP/1.1" 200 7641
116.224.255.128 - - [22/Sep/2022:09:12:39 +0800] "GET /xingrg/javascript/easyui/themes/default/validatebox.css HTTP/1.1" 404 1104
116.224.255.128 - - [22/Sep/2022:09:12:39 +0800] "POST /xingrg/kc/base/wldb_order_operate.html HTTP/1.1" 200 475
116.224.255.128 - - [22/Sep/2022:09:12:46 +0800] "GET /xingrg/all/function/internal_message.html?_=1663809163943&CODE_STATE=getMsg HTTP/1.1" 200 27
116.230.114.213 - - [22/Sep/2022:09:12:49 +0800] "GET /xingrg/all/function/internal_message.html?_=1663809185119&CODE_STATE=getMsg HTTP/1.1" 200 27
116.230.114.213 - - [22/Sep/2022:09:12:50 +0800] "GET /xingrg/all/function/internal_message.html?_=1663809182962&CODE_STATE=getMsg HTTP/1.1" 302 -
116.224.255.128 - - [22/Sep/2022:09:12:53 +0800] "GET /xingrg/kc/base/wldb_order_add.html HTTP/1.1" 200 30400
124.78.156.85 - - [22/Sep/2022:09:12:53 +0800] "GET /xingrg/all/function/internal_message.html?_=1663809163968&CODE_STATE=getMsg HTTP/1.1" 200 27
116.224.255.128 - - [22/Sep/2022:09:12:53 +0800] "POST /xingrg/kc/base/wldb_order_operate.html HTTP/1.1" 200 6806
116.224.255.128 - - [22/Sep/2022:09:12:53 +0800] "GET /xingrg/javascript/easyui/themes/default/validatebox.css HTTP/1.1" 404 1104
120.253.135.82 - - [22/Sep/2022:09:12:57 +0800] "GET /xingrg/kc/pszx/mdqp_order_list.html?state=10 HTTP/1.1" 200 10657
120.253.135.82 - - [22/Sep/2022:09:12:57 +0800] "GET /xingrg/dwr/interface/AjaxReportQueryService.js HTTP/1.1" 200 13203
120.253.135.82 - - [22/Sep/2022:09:12:57 +0800] "GET /xingrg/dwr/interface/AjaxQqpsService.js HTTP/1.1" 200 16326
120.253.135.82 - - [22/Sep/2022:09:12:57 +0800] "GET /xingrg/dwr/engine.js HTTP/1.1" 200 43631
116.225.121.189 - - [22/Sep/2022:09:12:57 +0800] "GET /xingrg/all/function/internal_message.html?_=1663809034985&CODE_STATE=getMsg HTTP/1.1" 200 27
116.225.121.189 - - [22/Sep/2022:09:12:58 +0800] "GET /xingrg/check_reg.html?_=1663809035435 HTTP/1.1" 200 22
180.169.147.146 - - [22/Sep/2022:09:12:59 +0800] "POST /xingrg/all/user/operate.html HTTP/1.1" 200 36
180.169.147.146 - - [22/Sep/2022:09:12:59 +0800] "GET /xingrg/index.html?sysBaseUrl=http%3A%2F%2F180.169.147.146%3A18081%2Fxingrg%2F&costTime=42×tamp=1663808562618 HTTP/1.1" 200 17503
180.169.147.146 - - [22/Sep/2022:09:12:59 +0800] "GET /xingrg/javascript/jquery_easy_ui/themes/default/easyui.css HTTP/1.1" 304 -
180.169.147.146 - - [22/Sep/2022:09:12:59 +0800] "GET /xingrg/javascript/jquery_easy_ui/themes/icon.css HTTP/1.1" 304 -
180.169.147.146 - - [22/Sep/2022:09:12:59 +0800] "GET /xingrg/css/form.css HTTP/1.1" 304 -
180.169.147.146 - - [22/Sep/2022:09:12:59 +0800] "GET /xingrg/javascript/jquery-1.4.2.min.js HTTP/1.1" 304 -
180.169.147.146 - - [22/Sep/2022:09:12:59 +0800] "GET /xingrg/javascript/jquery_easy_ui/jquery.easyui.min.js HTTP/1.1" 304 -
180.169.147.146 - - [22/Sep/2022:09:12:59 +0800] "GET /xingrg/javascript/jquery_easy_ui/easyui-lang-zh_CN.js HTTP/1.1" 304 -
180.169.147.146 - - [22/Sep/2022:09:12:59 +0800] "GET /xingrg/javascript/jquery.form.js HTTP/1.1" 304 -
180.169.147.146 - - [22/Sep/2022:09:12:59 +0800] "GET /xingrg/javascript/jquery.utils.js HTTP/1.1" 304 -
180.169.147.146 - - [22/Sep/2022:09:12:59 +0800] "GET /xingrg/javascript/jquery.timers.js HTTP/1.1" 304 -
180.169.147.146 - - [22/Sep/2022:09:12:59 +0800] "GET /xingrg/images/blue/jxLogo.png HTTP/1.1" 304 -
180.169.147.146 - - [22/Sep/2022:09:12:59 +0800] "GET /xingrg/images/blue/navBackgound.jpg HTTP/1.1" 304 -
180.169.147.146 - - [22/Sep/2022:09:12:59 +0800] "GET /xingrg/javascript/jquery_easy_ui/themes/icons/settle_new.png HTTP/1.1" 304 -
120.253.135.82 - - [22/Sep/2022:09:12:59 +0800] "GET /xingrg/kc/pszx/mdps_order_list.html?orderType=0 HTTP/1.1" 200 21045
180.169.147.146 - - [22/Sep/2022:09:12:59 +0800] "POST /xingrg/all/common/load_tree.html?tree=area_rest_tree_json&manage=1 HTTP/1.1" 200 3472
180.169.147.146 - - [22/Sep/2022:09:12:59 +0800] "GET /xingrg/all/function/internal_message.html?_=1663809177907&CODE_STATE=count HTTP/1.1" 200 11
180.169.147.146 - - [22/Sep/2022:09:12:59 +0800] "GET /xingrg/check_reg.html?_=1663809177907 HTTP/1.1" 200 22
180.169.147.146 - - [22/Sep/2022:09:12:59 +0800] "GET /xingrg/images/blue/pingpu.png HTTP/1.1" 304 -
180.169.147.146 - - [22/Sep/2022:09:12:59 +0800] "GET /xingrg/javascript/jquery_easy_ui/themes/default/images/tabs_rightarrow.png HTTP/1.1" 304 -
180.169.147.146 - - [22/Sep/2022:09:12:59 +0800] "GET /xingrg/javascript/jquery_easy_ui/themes/default/images/panel_tool_collapse.gif HTTP/1.1" 304 -
180.169.147.146 - - [22/Sep/2022:09:12:59 +0800] "GET /xingrg/javascript/jquery_easy_ui/themes/default/images/panel_tool_expand.gif HTTP/1.1" 304 -
180.169.147.146 - - [22/Sep/2022:09:12:59 +0800] "GET /xingrg/javascript/jquery_easy_ui/themes/default/images/tabs_leftarrow.png HTTP/1.1" 304 -
180.169.147.146 - - [22/Sep/2022:09:12:59 +0800] "POST /xingrg/load_menu.html HTTP/1.1" 200 11564
120.253.135.82 - - [22/Sep/2022:09:13:00 +0800] "POST /xingrg/kc/pszx/mdps_list_operate.html HTTP/1.1" 200 5402
180.169.147.146 - - [22/Sep/2022:09:13:00 +0800] "GET /xingrg/kc/report/report_main.html HTTP/1.1" 200 8599
180.169.147.146 - - [22/Sep/2022:09:13:03 +0800] "GET /xingrg/all/report/report_query.html?fileName=kc/buy/gys_amount_base_rest.xml HTTP/1.1" 200 51664
180.169.147.146 - - [22/Sep/2022:09:13:03 +0800] "GET /xingrg/dwr/interface/AjaxReportQueryService.js HTTP/1.1" 200 13203
180.169.147.146 - - [22/Sep/2022:09:13:03 +0800] "GET /xingrg/dwr/engine.js HTTP/1.1" 200 43631
180.169.147.146 - - [22/Sep/2022:09:13:03 +0800] "POST /xingrg/dwr/call/plaincall/AjaxReportQueryService.getFixDate.dwr HTTP/1.1" 200 111
180.169.147.146 - - [22/Sep/2022:09:13:03 +0800] "POST /xingrg/all/common/load_tree.html?tree=area_rest_tree_json&manage=1 HTTP/1.1" 200 3472
180.169.147.146 - - [22/Sep/2022:09:13:03 +0800] "POST /xingrg/all/common/load_tree.html?tree=supplier_tree_json&manage=1 HTTP/1.1" 200 70006
180.163.30.27 - - [22/Sep/2022:09:13:03 +0800] "GET /xingrg/all/function/internal_message.html?_=1663808402109&CODE_STATE=getMsg HTTP/1.1" 302 -
180.163.30.27 - - [22/Sep/2022:09:13:04 +0800] "GET /xingrg/login.html HTTP/1.1" 200 7641
116.224.255.128 - - [22/Sep/2022:09:13:04 +0800] "GET /xingrg/all/function/internal_message.html?_=1663809112395&CODE_STATE=getMsg HTTP/1.1" 200 27
120.253.135.82 - - [22/Sep/2022:09:13:10 +0800] "GET /xingrg/kc/pszx/mdqp_order_list.html?state=10 HTTP/1.1" 200 10657
120.253.135.82 - - [22/Sep/2022:09:13:10 +0800] "GET /xingrg/dwr/interface/AjaxReportQueryService.js HTTP/1.1" 200 13203
120.253.135.82 - - [22/Sep/2022:09:13:10 +0800] "GET /xingrg/dwr/interface/AjaxQqpsService.js HTTP/1.1" 200 16326
120.253.135.82 - - [22/Sep/2022:09:13:10 +0800] "GET /xingrg/dwr/engine.js HTTP/1.1" 200 43631
116.230.114.213 - - [22/Sep/2022:09:13:12 +0800] "GET /xingrg/check_reg.html?_=1663809208015 HTTP/1.1" 200 22
116.225.121.189 - - [22/Sep/2022:09:13:12 +0800] "GET /xingrg/kc/buy/cgsh_order_operate.html?command=get_materiel&rest_code=00105&code=00101008244&supplier_code=00100203&order_time=2022-09-22 HTTP/1.1" 200 408
120.253.135.82 - - [22/Sep/2022:09:13:13 +0800] "GET /xingrg/kc/pszx/mdps_order_list.html?orderType=0 HTTP/1.1" 200 21045
120.253.135.82 - - [22/Sep/2022:09:13:13 +0800] "POST /xingrg/kc/pszx/mdps_list_operate.html HTTP/1.1" 200 5402
180.169.147.146 - - [22/Sep/2022:09:13:14 +0800] "POST /xingrg/dwr/call/plaincall/AjaxReportQueryService.refreshCache.dwr HTTP/1.1" 200 78
180.169.147.146 - - [22/Sep/2022:09:13:18 +0800] "POST /xingrg/all/report/load_report_page.html HTTP/1.1" 200 306595
180.169.147.146 - - [22/Sep/2022:09:13:18 +0800] "GET /xingrg/images/blue/button/back2.gif HTTP/1.1" 200 1339
180.169.147.146 - - [22/Sep/2022:09:13:18 +0800] "GET /xingrg/images/blue/button/back.gif HTTP/1.1" 200 1352
180.169.147.146 - - [22/Sep/2022:09:13:18 +0800] "GET /xingrg/servlets/image?cache=0.17173227288523396&image=px HTTP/1.1" 200 807
180.169.147.146 - - [22/Sep/2022:09:13:25 +0800] "POST /xingrg/all/report/report_print.html HTTP/1.1" 200 46133
116.225.121.189 - - [22/Sep/2022:09:13:45 +0800] "GET /xingrg/kc/buy/cgsh_order_operate.html?command=get_materiel&rest_code=00105&code=00101008038&supplier_code=00100203&order_time=2022-09-22 HTTP/1.1" 200 412
116.224.255.128 - - [22/Sep/2022:09:13:46 +0800] "GET /xingrg/all/function/internal_message.html?_=1663809223937&CODE_STATE=getMsg HTTP/1.1" 200 27
116.230.114.213 - - [22/Sep/2022:09:13:49 +0800] "GET /xingrg/all/function/internal_message.html?_=1663809245128&CODE_STATE=getMsg HTTP/1.1" 200 27
116.230.114.213 - - [22/Sep/2022:09:13:50 +0800] "GET /xingrg/all/function/internal_message.html?_=1663809242995&CODE_STATE=getMsg HTTP/1.1" 302 -
124.78.156.85 - - [22/Sep/2022:09:13:53 +0800] "GET /xingrg/all/function/internal_message.html?_=1663809223947&CODE_STATE=getMsg HTTP/1.1" 200 27
116.225.121.189 - - [22/Sep/2022:09:13:57 +0800] "GET /xingrg/all/function/internal_message.html?_=1663809094973&CODE_STATE=getMsg HTTP/1.1" 200 27
180.169.147.146 - - [22/Sep/2022:09:13:59 +0800] "GET /xingrg/all/function/internal_message.html?_=1663809237940&CODE_STATE=getMsg HTTP/1.1" 200 27
116.224.255.128 - - [22/Sep/2022:09:14:04 +0800] "GET /xingrg/check_reg.html?_=1663809172076 HTTP/1.1" 200 22
116.224.255.128 - - [22/Sep/2022:09:14:04 +0800] "GET /xingrg/all/function/internal_message.html?_=1663809172408&CODE_STATE=getMsg HTTP/1.1" 200 27
116.225.121.189 - - [22/Sep/2022:09:14:13 +0800] "GET /xingrg/kc/buy/cgsh_order_operate.html?command=get_materiel&rest_code=00105&code=00101008224&supplier_code=00100203&order_time=2022-09-22 HTTP/1.1" 200 436
120.253.135.82 - - [22/Sep/2022:09:14:17 +0800] "GET /xingrg/kc/pszx/mdqp_order_list.html?state=10 HTTP/1.1" 200 10657
120.253.135.82 - - [22/Sep/2022:09:14:17 +0800] "GET /xingrg/dwr/engine.js HTTP/1.1" 200 43631
120.253.135.82 - - [22/Sep/2022:09:14:17 +0800] "GET /xingrg/css/blue.css HTTP/1.1" 200 15949
120.253.135.82 - - [22/Sep/2022:09:14:17 +0800] "GET /xingrg/javascript/pic_change.js HTTP/1.1" 200 4739
120.253.135.82 - - [22/Sep/2022:09:14:17 +0800] "GET /xingrg/dwr/interface/AjaxQqpsService.js HTTP/1.1" 200 16326
120.253.135.82 - - [22/Sep/2022:09:14:17 +0800] "GET /xingrg/dwr/util.js HTTP/1.1" 200 35990
120.253.135.82 - - [22/Sep/2022:09:14:17 +0800] "GET /xingrg/dwr/interface/AjaxReportQueryService.js HTTP/1.1" 200 13203
120.253.135.82 - - [22/Sep/2022:09:14:17 +0800] "GET /xingrg/javascript/Calendar.js HTTP/1.1" 200 31561
120.253.135.82 - - [22/Sep/2022:09:14:17 +0800] "GET /xingrg/javascript/jquery_easy_ui/themes/icon.css HTTP/1.1" 200 3949
120.253.135.82 - - [22/Sep/2022:09:14:17 +0800] "GET /xingrg/javascript/myfunction.js HTTP/1.1" 200 24559
120.253.135.82 - - [22/Sep/2022:09:14:17 +0800] "GET /xingrg/javascript/jquery_easy_ui/themes/default/easyui.css HTTP/1.1" 200 8192
120.253.135.82 - - [22/Sep/2022:09:14:17 +0800] "GET /xingrg/javascript/jquery_easy_ui/themes/icons/uncheck_new.png HTTP/1.1" 200 3197
120.253.135.82 - - [22/Sep/2022:09:14:19 +0800] "GET /xingrg/kc/pszx/mdps_order_list.html?orderType=0 HTTP/1.1" 200 21045
120.253.135.82 - - [22/Sep/2022:09:14:19 +0800] "GET /xingrg/css/base.css HTTP/1.1" 200 2811
120.253.135.82 - - [22/Sep/2022:09:14:19 +0800] "GET /xingrg/css/site.css HTTP/1.1" 200 7541
120.253.135.82 - - [22/Sep/2022:09:14:19 +0800] "GET /xingrg/javascript/jquery_tools/datebox.css HTTP/1.1" 200 2597
120.253.135.82 - - [22/Sep/2022:09:14:19 +0800] "GET /xingrg/javascript/jquery_tools/fix.css HTTP/1.1" 200 1702
120.253.135.82 - - [22/Sep/2022:09:14:19 +0800] "GET /xingrg/javascript/easyui/themes/icon.css HTTP/1.1" 200 4483
120.253.135.82 - - [22/Sep/2022:09:14:19 +0800] "GET /xingrg/javascript/jquery_tools/table.css HTTP/1.1" 200 1032
120.253.135.82 - - [22/Sep/2022:09:14:19 +0800] "GET /xingrg/javascript/auto/jquery.autocomplete.css HTTP/1.1" 200 587
120.253.135.82 - - [22/Sep/2022:09:14:19 +0800] "GET /xingrg/javascript/jquery_tools/jquery.tools.hotkey.js HTTP/1.1" 200 3242
120.253.135.82 - - [22/Sep/2022:09:14:19 +0800] "GET /xingrg/javascript/jquery_tools/list_manager.js HTTP/1.1" 200 3652
120.253.135.82 - - [22/Sep/2022:09:14:19 +0800] "GET /xingrg/javascript/jquery_tools/jquery.tools.table.js HTTP/1.1" 200 6994
120.253.135.82 - - [22/Sep/2022:09:14:19 +0800] "GET /xingrg/javascript/jquery_tools/jquery.tools.extend.js HTTP/1.1" 200 15385
120.253.135.82 - - [22/Sep/2022:09:14:19 +0800] "GET /xingrg/javascript/easyui/easyloader.js HTTP/1.1" 200 5975
120.253.135.82 - - [22/Sep/2022:09:14:19 +0800] "GET /xingrg/javascript/jquery.cookie.js HTTP/1.1" 200 5513
120.253.135.82 - - [22/Sep/2022:09:14:19 +0800] "GET /xingrg/javascript/print/LodopFuncs.js HTTP/1.1" 200 5121
120.253.135.82 - - [22/Sep/2022:09:14:19 +0800] "GET /xingrg/javascript/easyui/themes/default/easyui.css HTTP/1.1" 200 30432
120.253.135.82 - - [22/Sep/2022:09:14:19 +0800] "GET /xingrg/javascript/jquery.utils.js HTTP/1.1" 200 11805
120.253.135.82 - - [22/Sep/2022:09:14:19 +0800] "GET /xingrg/javascript/auto/jquery.autocomplete.js HTTP/1.1" 200 21624
120.253.135.82 - - [22/Sep/2022:09:14:19 +0800] "GET /xingrg/javascript/jquery_tools/jquery.tools.min.js HTTP/1.1" 200 138801
120.253.135.82 - - [22/Sep/2022:09:14:19 +0800] "GET /xingrg/javascript/easyui/plugins/jquery.parser.js HTTP/1.1" 200 1142
120.253.135.82 - - [22/Sep/2022:09:14:19 +0800] "POST /xingrg/kc/pszx/mdps_list_operate.html HTTP/1.1" 200 5402
116.225.121.189 - - [22/Sep/2022:09:14:20 +0800] "POST /xingrg/kc/buy/cgsh_order_operate.html HTTP/1.1" 200 2065
116.225.121.189 - - [22/Sep/2022:09:14:30 +0800] "GET /xingrg/kc/buy/cgsh_order_operate.html?command=get_materiel&rest_code=00105&code=00101008126&supplier_code=00100203&order_time=2022-09-22 HTTP/1.1" 200 412
116.224.255.128 - - [22/Sep/2022:09:14:34 +0800] "GET /xingrg/kc/base/wldb_order_operate.html?command=get_materiel&rest_code=00150&base_code=0010450&code=00101001135 HTTP/1.1" 200 435
120.253.135.82 - - [22/Sep/2022:09:14:39 +0800] "GET /xingrg/check_reg.html?_=1663809077139 HTTP/1.1" 200 22
180.163.30.85 - - [22/Sep/2022:09:14:40 +0800] "GET /xingrg/check_reg.html?_=1663808102098 HTTP/1.1" 302 -
180.163.30.85 - - [22/Sep/2022:09:14:40 +0800] "GET /xingrg/login.html HTTP/1.1" 200 7641
116.224.255.128 - - [22/Sep/2022:09:14:46 +0800] "GET /xingrg/all/function/internal_message.html?_=1663809283955&CODE_STATE=getMsg HTTP/1.1" 200 27
120.253.135.82 - - [22/Sep/2022:09:14:46 +0800] "POST /xingrg/kc/pszx/mdps_list_operate.html HTTP/1.1" 200 1692
120.253.135.82 - - [22/Sep/2022:09:14:47 +0800] "POST /xingrg/kc/pszx/mdps_list_operate.html HTTP/1.1" 200 625
120.253.135.82 - - [22/Sep/2022:09:14:48 +0800] "GET /xingrg/kc/pszx/mdps_order_info.html?code=312022092200516 HTTP/1.1" 200 23978
120.253.135.82 - - [22/Sep/2022:09:14:48 +0800] "GET /xingrg/javascript/jquery_easy_ui/jquery.easyui.min.js HTTP/1.1" 200 213662
120.253.135.82 - - [22/Sep/2022:09:14:48 +0800] "GET /xingrg/javascript/convert.js HTTP/1.1" 200 1239
120.253.135.82 - - [22/Sep/2022:09:14:48 +0800] "GET /xingrg/javascript/json2.js HTTP/1.1" 200 11259
120.253.135.82 - - [22/Sep/2022:09:14:48 +0800] "GET /xingrg/javascript/print/kc_print.js HTTP/1.1" 200 11415
120.253.135.82 - - [22/Sep/2022:09:14:48 +0800] "GET /xingrg/javascript/jquery_tools/order_manager.js HTTP/1.1" 200 11183
120.253.135.82 - - [22/Sep/2022:09:14:48 +0800] "GET /xingrg/words/20220921161920_words.js HTTP/1.1" 200 922139
120.253.135.82 - - [22/Sep/2022:09:14:48 +0800] "GET /xingrg/javascript/easyui/themes/icons/ok.png HTTP/1.1" 200 883
120.253.135.82 - - [22/Sep/2022:09:14:49 +0800] "GET /xingrg/all/common/auto_word.html?type=base&rest_code=00101 HTTP/1.1" 200 671
120.253.135.82 - - [22/Sep/2022:09:14:49 +0800] "GET /xingrg/javascript/easyui/themes/default/validatebox.css HTTP/1.1" 404 1104
120.253.135.82 - - [22/Sep/2022:09:14:49 +0800] "GET /xingrg/javascript/easyui/plugins/jquery.validatebox.js HTTP/1.1" 200 6103
120.253.135.82 - - [22/Sep/2022:09:14:49 +0800] "POST /xingrg/kc/pszx/mdps_order_operate.html HTTP/1.1" 200 8425
120.253.135.82 - - [22/Sep/2022:09:14:49 +0800] "GET /xingrg/javascript/easyui/plugins/jquery.numberbox.js HTTP/1.1" 200 5213
116.230.114.213 - - [22/Sep/2022:09:14:49 +0800] "GET /xingrg/all/function/internal_message.html?_=1663809305141&CODE_STATE=getMsg HTTP/1.1" 200 27
116.230.114.213 - - [22/Sep/2022:09:14:50 +0800] "GET /xingrg/all/function/internal_message.html?_=1663809303004&CODE_STATE=getMsg HTTP/1.1" 302 -
116.224.255.128 - - [22/Sep/2022:09:14:52 +0800] "GET /xingrg/kc/base/wldb_order_operate.html?command=get_materiel&rest_code=00150&base_code=0010450&code=00101002038 HTTP/1.1" 200 439
124.78.156.85 - - [22/Sep/2022:09:14:53 +0800] "GET /xingrg/all/function/internal_message.html?_=1663809283918&CODE_STATE=getMsg HTTP/1.1" 200 27
116.225.121.189 - - [22/Sep/2022:09:14:57 +0800] "GET /xingrg/all/function/internal_message.html?_=1663809154955&CODE_STATE=getMsg HTTP/1.1" 200 27
180.169.147.146 - - [22/Sep/2022:09:14:59 +0800] "GET /xingrg/all/function/internal_message.html?_=1663809297923&CODE_STATE=getMsg HTTP/1.1" 200 27
116.224.255.128 - - [22/Sep/2022:09:15:00 +0800] "GET /xingrg/kc/base/wldb_order_operate.html?command=get_materiel&rest_code=00150&base_code=0010450&code=00101004094 HTTP/1.1" 200 433
116.224.255.128 - - [22/Sep/2022:09:15:04 +0800] "GET /xingrg/all/function/internal_message.html?_=1663809232422&CODE_STATE=getMsg HTTP/1.1" 200 27
116.224.255.128 - - [22/Sep/2022:09:15:06 +0800] "GET /xingrg/kc/base/wldb_order_operate.html?command=get_materiel&rest_code=00150&base_code=0010450&code=00101003006 HTTP/1.1" 200 434
124.78.156.85 - - [22/Sep/2022:09:15:11 +0800] "GET /xingrg/check_reg.html?_=1663809302112 HTTP/1.1" 200 22
120.253.135.82 - - [22/Sep/2022:09:15:14 +0800] "POST /xingrg/kc/pszx/mdps_order_operate.html HTTP/1.1" 200 37
120.253.135.82 - - [22/Sep/2022:09:15:16 +0800] "POST /xingrg/kc/pszx/mdps_order_operate.html HTTP/1.1" 200 12
180.163.30.85 - - [22/Sep/2022:09:15:16 +0800] "GET /xingrg/kc/buy/cgsh_order_operate.html?command=get_materiel&rest_code=00106&code=00101008351&supplier_code=00100007&order_time=2022-09-22 HTTP/1.1" 302 -
180.163.30.85 - - [22/Sep/2022:09:15:16 +0800] "GET /xingrg/login.html HTTP/1.1" 200 7641
116.224.255.128 - - [22/Sep/2022:09:15:17 +0800] "GET /xingrg/kc/base/wldb_order_operate.html?command=get_materiel&rest_code=00150&base_code=0010450&code=00101010616 HTTP/1.1" 200 431
116.225.121.189 - - [22/Sep/2022:09:15:20 +0800] "GET /xingrg/kc/buy/cgsh_order_operate.html?command=get_materiel&rest_code=00105&code=00101008300&supplier_code=00100203&order_time=2022-09-22 HTTP/1.1" 200 412
222.70.183.206 - - [22/Sep/2022:09:15:21 +0800] "POST /xingrg/services/DataTransmitService HTTP/1.1" 200 524
120.253.135.82 - - [22/Sep/2022:09:15:22 +0800] "GET /xingrg/kc/pszx/mdps_order_info.html?code=312022092200516 HTTP/1.1" 200 19638
120.253.135.82 - - [22/Sep/2022:09:15:22 +0800] "POST /xingrg/kc/pszx/mdps_order_operate.html HTTP/1.1" 200 6573
120.253.135.82 - - [22/Sep/2022:09:15:22 +0800] "GET /xingrg/javascript/easyui/themes/default/validatebox.css HTTP/1.1" 404 1104
124.78.156.85 - - [22/Sep/2022:09:15:26 +0800] "POST /xingrg/kc/buy/cgsh_order_operate.html HTTP/1.1" 200 37
120.253.135.82 - - [22/Sep/2022:09:15:33 +0800] "POST /xingrg/kc/pszx/mdps_list_operate.html HTTP/1.1" 200 1693
120.253.135.82 - - [22/Sep/2022:09:15:35 +0800] "POST /xingrg/kc/pszx/mdps_list_operate.html HTTP/1.1" 200 591
120.253.135.82 - - [22/Sep/2022:09:15:36 +0800] "GET /xingrg/kc/pszx/mdps_order_info.html?code=312022092000463 HTTP/1.1" 200 23978
120.253.135.82 - - [22/Sep/2022:09:15:36 +0800] "GET /xingrg/javascript/easyui/themes/default/validatebox.css HTTP/1.1" 404 1104
120.253.135.82 - - [22/Sep/2022:09:15:36 +0800] "POST /xingrg/kc/pszx/mdps_order_operate.html HTTP/1.1" 200 8872
120.253.135.82 - - [22/Sep/2022:09:15:40 +0800] "POST /xingrg/kc/pszx/mdps_order_operate.html HTTP/1.1" 200 37
120.253.135.82 - - [22/Sep/2022:09:15:42 +0800] "POST /xingrg/kc/pszx/mdps_order_operate.html HTTP/1.1" 200 12
120.253.135.82 - - [22/Sep/2022:09:15:44 +0800] "GET /xingrg/kc/pszx/mdps_order_info.html?code=312022092000463 HTTP/1.1" 200 19638
120.253.135.82 - - [22/Sep/2022:09:15:44 +0800] "POST /xingrg/kc/pszx/mdps_order_operate.html HTTP/1.1" 200 7017
120.253.135.82 - - [22/Sep/2022:09:15:44 +0800] "GET /xingrg/javascript/easyui/themes/default/validatebox.css HTTP/1.1" 404 1104
116.225.121.189 - - [22/Sep/2022:09:15:45 +0800] "GET /xingrg/kc/buy/cgsh_order_operate.html?command=get_materiel&rest_code=00105&code=00101008212&supplier_code=00100203&order_time=2022-09-22 HTTP/1.1" 200 412
116.224.255.128 - - [22/Sep/2022:09:15:46 +0800] "GET /xingrg/all/function/internal_message.html?_=1663809343958&CODE_STATE=getMsg HTTP/1.1" 200 27
116.230.114.213 - - [22/Sep/2022:09:15:49 +0800] "GET /xingrg/all/function/internal_message.html?_=1663809365154&CODE_STATE=getMsg HTTP/1.1" 200 27
116.230.114.213 - - [22/Sep/2022:09:15:50 +0800] "GET /xingrg/all/function/internal_message.html?_=1663809363040&CODE_STATE=getMsg HTTP/1.1" 302 -
116.225.121.189 - - [22/Sep/2022:09:15:57 +0800] "GET /xingrg/all/function/internal_message.html?_=1663809214942&CODE_STATE=getMsg HTTP/1.1" 200 27
116.224.255.128 - - [22/Sep/2022:09:15:59 +0800] "POST /xingrg/kc/base/wldb_order_operate.html HTTP/1.1" 200 37
180.169.147.146 - - [22/Sep/2022:09:15:59 +0800] "GET /xingrg/all/function/internal_message.html?_=1663809357939&CODE_STATE=getMsg HTTP/1.1" 200 27
116.224.255.128 - - [22/Sep/2022:09:16:01 +0800] "POST /xingrg/kc/base/wldb_order_operate.html HTTP/1.1" 200 12
116.224.255.128 - - [22/Sep/2022:09:16:01 +0800] "POST /xingrg/kc/base/wldb_order_operate.html HTTP/1.1" 200 4079
116.224.255.128 - - [22/Sep/2022:09:16:04 +0800] "GET /xingrg/all/function/internal_message.html?_=1663809292436&CODE_STATE=getMsg HTTP/1.1" 200 27
116.224.255.128 - - [22/Sep/2022:09:16:07 +0800] "GET /xingrg/kc/base/wldb_order_info.html?code=422022092201854 HTTP/1.1" 200 26277
116.224.255.128 - - [22/Sep/2022:09:16:08 +0800] "GET /xingrg/javascript/easyui/themes/default/validatebox.css HTTP/1.1" 404 1104
116.224.255.128 - - [22/Sep/2022:09:16:08 +0800] "POST /xingrg/kc/base/wldb_order_operate.html HTTP/1.1" 200 2327
116.230.114.213 - - [22/Sep/2022:09:16:10 +0800] "GET /xingrg/check_reg.html?_=1663809382821 HTTP/1.1" 302 -
180.163.29.206 - - [22/Sep/2022:09:16:12 +0800] "GET /xingrg/all/function/internal_message.html?_=1663808162110&CODE_STATE=getMsg HTTP/1.1" 302 -
180.163.29.206 - - [22/Sep/2022:09:16:12 +0800] "GET /xingrg/login.html HTTP/1.1" 200 7641
116.224.255.128 - - [22/Sep/2022:09:16:16 +0800] "GET /xingrg/kc/base/wldb_order_add.html HTTP/1.1" 200 30400
116.224.255.128 - - [22/Sep/2022:09:16:16 +0800] "POST /xingrg/kc/base/wldb_order_operate.html HTTP/1.1" 200 6806
116.224.255.128 - - [22/Sep/2022:09:16:17 +0800] "GET /xingrg/javascript/easyui/themes/default/validatebox.css HTTP/1.1" 404 1104
120.253.135.82 - - [22/Sep/2022:09:16:20 +0800] "POST /xingrg/kc/pszx/mdps_list_operate.html HTTP/1.1" 200 868
180.163.28.55 - - [22/Sep/2022:09:16:22 +0800] "GET /xingrg/kc/buy/cgsh_order_operate.html?command=get_materiel&rest_code=00106&code=00101008038&supplier_code=00100007&order_time=2022-09-22 HTTP/1.1" 302 -
180.163.28.55 - - [22/Sep/2022:09:16:22 +0800] "GET /xingrg/login.html HTTP/1.1" 200 7641
116.225.121.189 - - [22/Sep/2022:09:16:29 +0800] "POST /xingrg/kc/buy/cgsh_order_operate.html HTTP/1.1" 200 2065
180.163.29.217 - - [22/Sep/2022:09:16:31 +0800] "GET /xingrg/kc/buy/cgsh_order_operate.html?command=get_materiel&rest_code=00106&code=00101008069&supplier_code=00100007&order_time=2022-09-22 HTTP/1.1" 302 -
180.163.29.217 - - [22/Sep/2022:09:16:31 +0800] "GET /xingrg/login.html HTTP/1.1" 200 7641
116.224.255.128 - - [22/Sep/2022:09:16:31 +0800] "GET /xingrg/kc/base/wldb_order_operate.html?command=get_materiel&rest_code=00150&base_code=0010462&code=00101026093 HTTP/1.1" 200 464
120.253.135.82 - - [22/Sep/2022:09:16:39 +0800] "POST /xingrg/kc/pszx/mdps_list_operate.html HTTP/1.1" 200 3550
116.225.121.189 - - [22/Sep/2022:09:16:40 +0800] "GET /xingrg/kc/buy/cgsh_order_operate.html?command=get_materiel&rest_code=00105&code=00101008108&supplier_code=00100203&order_time=2022-09-22 HTTP/1.1" 200 412
120.253.135.82 - - [22/Sep/2022:09:16:41 +0800] "POST /xingrg/kc/pszx/mdps_list_operate.html HTTP/1.1" 200 508
116.224.255.128 - - [22/Sep/2022:09:16:41 +0800] "POST /xingrg/kc/base/wldb_order_operate.html HTTP/1.1" 200 37
120.253.135.82 - - [22/Sep/2022:09:16:43 +0800] "POST /xingrg/kc/pszx/mdps_list_operate.html HTTP/1.1" 200 202
116.224.255.128 - - [22/Sep/2022:09:16:43 +0800] "POST /xingrg/kc/base/wldb_order_operate.html HTTP/1.1" 200 12
116.224.255.128 - - [22/Sep/2022:09:16:44 +0800] "POST /xingrg/kc/base/wldb_order_operate.html HTTP/1.1" 200 2208
120.253.135.82 - - [22/Sep/2022:09:16:45 +0800] "POST /xingrg/kc/pszx/mdps_list_operate.html HTTP/1.1" 200 631
116.224.255.128 - - [22/Sep/2022:09:16:48 +0800] "GET /xingrg/kc/base/wldb_order_info.html?code=422022092201855 HTTP/1.1" 200 26272
116.224.255.128 - - [22/Sep/2022:09:16:49 +0800] "GET /xingrg/javascript/easyui/themes/default/validatebox.css HTTP/1.1" 404 1104
116.224.255.128 - - [22/Sep/2022:09:16:49 +0800] "POST /xingrg/kc/base/wldb_order_operate.html HTTP/1.1" 200 502
116.230.114.213 - - [22/Sep/2022:09:16:49 +0800] "GET /xingrg/all/function/internal_message.html?_=1663809425168&CODE_STATE=getMsg HTTP/1.1" 200 27
116.230.114.213 - - [22/Sep/2022:09:16:50 +0800] "GET /xingrg/all/function/internal_message.html?_=1663809423047&CODE_STATE=getMsg HTTP/1.1" 302 -
120.253.135.82 - - [22/Sep/2022:09:16:52 +0800] "POST /xingrg/kc/pszx/mdps_list_operate.html HTTP/1.1" 200 299
120.253.135.82 - - [22/Sep/2022:09:16:56 +0800] "GET /xingrg/kc/pszx/mdps_order_info.html?code=312022092100494 HTTP/1.1" 200 23976
120.253.135.82 - - [22/Sep/2022:09:16:56 +0800] "GET /xingrg/javascript/easyui/themes/default/validatebox.css HTTP/1.1" 404 1104
120.253.135.82 - - [22/Sep/2022:09:16:56 +0800] "POST /xingrg/kc/pszx/mdps_order_operate.html HTTP/1.1" 200 2817
116.225.121.189 - - [22/Sep/2022:09:16:57 +0800] "GET /xingrg/all/function/internal_message.html?_=1663809274932&CODE_STATE=getMsg HTTP/1.1" 200 27
120.253.135.82 - - [22/Sep/2022:09:16:58 +0800] "POST /xingrg/kc/pszx/mdps_list_operate.html HTTP/1.1" 200 3550
180.169.147.146 - - [22/Sep/2022:09:16:59 +0800] "GET /xingrg/all/function/internal_message.html?_=1663809417932&CODE_STATE=getMsg HTTP/1.1" 200 27
120.253.135.82 - - [22/Sep/2022:09:17:00 +0800] "POST /xingrg/kc/pszx/mdps_list_operate.html HTTP/1.1" 200 460
116.225.121.189 - - [22/Sep/2022:09:17:01 +0800] "GET /xingrg/kc/buy/cgsh_order_operate.html?command=get_materiel&rest_code=00105&code=00101008371&supplier_code=00100203&order_time=2022-09-22 HTTP/1.1" 200 412
116.224.255.128 - - [22/Sep/2022:09:17:04 +0800] "GET /xingrg/kc/base/wldb_order_add.html HTTP/1.1" 200 30400
116.224.255.128 - - [22/Sep/2022:09:17:05 +0800] "GET /xingrg/all/function/internal_message.html?_=1663809352551&CODE_STATE=getMsg HTTP/1.1" 200 27
116.224.255.128 - - [22/Sep/2022:09:17:05 +0800] "POST /xingrg/kc/base/wldb_order_operate.html HTTP/1.1" 200 6806
116.224.255.128 - - [22/Sep/2022:09:17:05 +0800] "GET /xingrg/javascript/easyui/themes/default/validatebox.css HTTP/1.1" 404 1104
120.253.135.82 - - [22/Sep/2022:09:17:07 +0800] "POST /xingrg/kc/pszx/mdps_list_operate.html HTTP/1.1" 200 636
220.250.44.65 - - [22/Sep/2022:09:17:08 +0800] "GET /favicon.ico HTTP/1.1" 404 -
120.253.135.82 - - [22/Sep/2022:09:17:12 +0800] "GET /xingrg/kc/pszx/mdps_order_info.html?code=312022092100492 HTTP/1.1" 200 23978
116.224.255.128 - - [22/Sep/2022:09:17:12 +0800] "GET /xingrg/kc/base/wldb_order_operate.html?command=get_materiel&rest_code=00150&base_code=0010446&code=00101017003 HTTP/1.1" 200 448
120.253.135.82 - - [22/Sep/2022:09:17:12 +0800] "GET /xingrg/javascript/easyui/themes/default/validatebox.css HTTP/1.1" 404 1104
120.253.135.82 - - [22/Sep/2022:09:17:12 +0800] "POST /xingrg/kc/pszx/mdps_order_operate.html HTTP/1.1" 200 23737
116.225.121.189 - - [22/Sep/2022:09:17:14 +0800] "GET /xingrg/kc/buy/cgsh_order_operate.html?command=get_materiel&rest_code=00105&code=00101008098&supplier_code=00100203&order_time=2022-09-22 HTTP/1.1" 200 412
116.224.255.128 - - [22/Sep/2022:09:17:17 +0800] "POST /xingrg/kc/base/wldb_order_operate.html HTTP/1.1" 200 37
180.163.29.212 - - [22/Sep/2022:09:17:17 +0800] "GET /xingrg/kc/buy/cgsh_order_operate.html?command=get_materiel&rest_code=00106&code=00101008185&supplier_code=00100007&order_time=2022-09-22 HTTP/1.1" 302 -
180.163.29.212 - - [22/Sep/2022:09:17:17 +0800] "GET /xingrg/login.html HTTP/1.1" 200 7641
116.224.255.128 - - [22/Sep/2022:09:17:19 +0800] "POST /xingrg/kc/base/wldb_order_operate.html HTTP/1.1" 200 12
116.224.255.128 - - [22/Sep/2022:09:17:19 +0800] "POST /xingrg/kc/base/wldb_order_operate.html HTTP/1.1" 200 2200
116.224.255.128 - - [22/Sep/2022:09:17:21 +0800] "GET /xingrg/kc/base/wldb_order_info.html?code=422022092201856 HTTP/1.1" 200 26276
116.224.255.128 - - [22/Sep/2022:09:17:21 +0800] "GET /xingrg/javascript/easyui/themes/default/validatebox.css HTTP/1.1" 404 1104
116.224.255.128 - - [22/Sep/2022:09:17:21 +0800] "POST /xingrg/kc/base/wldb_order_operate.html HTTP/1.1" 200 492
116.224.255.128 - - [22/Sep/2022:09:17:26 +0800] "GET /xingrg/kc/base/wldb_order_add.html HTTP/1.1" 200 30400
116.224.255.128 - - [22/Sep/2022:09:17:27 +0800] "POST /xingrg/kc/base/wldb_order_operate.html HTTP/1.1" 200 6806
116.224.255.128 - - [22/Sep/2022:09:17:27 +0800] "GET /xingrg/javascript/easyui/themes/default/validatebox.css HTTP/1.1" 404 1104
180.163.29.212 - - [22/Sep/2022:09:17:35 +0800] "GET /xingrg/kc/buy/cgsh_order_operate.html?command=get_materiel&rest_code=00106&code=00101008403&supplier_code=00100007&order_time=2022-09-22 HTTP/1.1" 302 -
180.163.29.212 - - [22/Sep/2022:09:17:36 +0800] "GET /xingrg/login.html HTTP/1.1" 200 7641
180.163.30.100 - - [22/Sep/2022:09:17:37 +0800] "GET /xingrg/kc/buy/cgsh_order_operate.html?command=get_materiel&rest_code=00106&code=00101008199&supplier_code=00100007&order_time=2022-09-22 HTTP/1.1" 302 -
180.163.30.100 - - [22/Sep/2022:09:17:37 +0800] "GET /xingrg/login.html HTTP/1.1" 200 7641
180.163.29.103 - - [22/Sep/2022:09:17:37 +0800] "GET /xingrg/kc/buy/cgsh_order_operate.html?command=get_materiel&rest_code=00106&code=00101008353&supplier_code=00100007&order_time=2022-09-22 HTTP/1.1" 302 -
180.163.29.103 - - [22/Sep/2022:09:17:37 +0800] "GET /xingrg/login.html HTTP/1.1" 200 7641
116.224.255.128 - - [22/Sep/2022:09:17:38 +0800] "GET /xingrg/kc/base/wldb_order_operate.html?command=get_materiel&rest_code=00150&base_code=0010446&code=00102002028 HTTP/1.1" 200 468
180.163.30.100 - - [22/Sep/2022:09:17:38 +0800] "GET /xingrg/kc/buy/cgsh_order_operate.html?command=get_materiel&rest_code=00106&code=00101008355&supplier_code=00100007&order_time=2022-09-22 HTTP/1.1" 302 -
180.163.30.100 - - [22/Sep/2022:09:17:38 +0800] "GET /xingrg/login.html HTTP/1.1" 200 7641
116.224.255.128 - - [22/Sep/2022:09:17:46 +0800] "GET /xingrg/all/function/internal_message.html?_=1663809463979&CODE_STATE=getMsg HTTP/1.1" 200 27
116.230.114.213 - - [22/Sep/2022:09:17:49 +0800] "GET /xingrg/all/function/internal_message.html?_=1663809485181&CODE_STATE=getMsg HTTP/1.1" 200 27
116.230.114.213 - - [22/Sep/2022:09:17:50 +0800] "GET /xingrg/all/function/internal_message.html?_=1663809483078&CODE_STATE=getMsg HTTP/1.1" 302 -
116.224.255.128 - - [22/Sep/2022:09:17:51 +0800] "GET /xingrg/kc/base/wldb_order_operate.html?command=get_materiel&rest_code=00150&base_code=0010446&code=00102002106 HTTP/1.1" 200 443
116.225.121.189 - - [22/Sep/2022:09:17:57 +0800] "GET /xingrg/all/function/internal_message.html?_=1663809334907&CODE_STATE=getMsg HTTP/1.1" 200 27
116.225.121.189 - - [22/Sep/2022:09:17:58 +0800] "GET /xingrg/check_reg.html?_=1663809335428 HTTP/1.1" 200 22
180.169.147.146 - - [22/Sep/2022:09:17:59 +0800] "GET /xingrg/check_reg.html?_=1663809477933 HTTP/1.1" 200 22
180.169.147.146 - - [22/Sep/2022:09:18:00 +0800] "GET /xingrg/all/function/internal_message.html?_=1663809477934&CODE_STATE=getMsg HTTP/1.1" 200 27
116.224.255.128 - - [22/Sep/2022:09:18:05 +0800] "GET /xingrg/all/function/internal_message.html?_=1663809412556&CODE_STATE=getMsg HTTP/1.1" 200 27
116.230.114.213 - - [22/Sep/2022:09:18:12 +0800] "GET /xingrg/check_reg.html?_=1663809508447 HTTP/1.1" 200 22
116.224.255.128 - - [22/Sep/2022:09:18:24 +0800] "GET /xingrg/kc/base/wldb_order_operate.html?command=get_materiel&rest_code=00150&base_code=0010446&code=00102012040 HTTP/1.1" 200 452
180.163.29.206 - - [22/Sep/2022:09:18:27 +0800] "GET /xingrg/kc/buy/cgsh_order_operate.html?command=get_materiel&rest_code=00106&code=00101008125&supplier_code=00100007&order_time=2022-09-22 HTTP/1.1" 302 -
180.163.29.206 - - [22/Sep/2022:09:18:27 +0800] "GET /xingrg/login.html HTTP/1.1" 200 7641
180.163.30.100 - - [22/Sep/2022:09:18:31 +0800] "GET /xingrg/kc/buy/cgsh_order_operate.html?command=get_materiel&rest_code=00106&code=00101008098&supplier_code=00100007&order_time=2022-09-22 HTTP/1.1" 302 -
180.163.30.100 - - [22/Sep/2022:09:18:31 +0800] "GET /xingrg/login.html HTTP/1.1" 200 7641
116.224.255.128 - - [22/Sep/2022:09:18:33 +0800] "GET /xingrg/kc/base/wldb_order_operate.html?command=get_materiel&rest_code=00150&base_code=0010446&code=00102001014 HTTP/1.1" 200 460
116.224.255.128 - - [22/Sep/2022:09:18:38 +0800] "GET /xingrg/kc/base/wldb_order_operate.html?command=get_materiel&rest_code=00150&base_code=0010446&code=00102001074 HTTP/1.1" 200 434
116.224.255.128 - - [22/Sep/2022:09:18:44 +0800] "POST /xingrg/kc/base/wldb_order_operate.html HTTP/1.1" 200 37
116.224.255.128 - - [22/Sep/2022:09:18:46 +0800] "GET /xingrg/all/function/internal_message.html?_=1663809523961&CODE_STATE=getMsg HTTP/1.1" 200 27
116.224.255.128 - - [22/Sep/2022:09:18:47 +0800] "POST /xingrg/kc/base/wldb_order_operate.html HTTP/1.1" 200 12
116.224.255.128 - - [22/Sep/2022:09:18:47 +0800] "POST /xingrg/kc/base/wldb_order_operate.html HTTP/1.1" 200 4162
116.230.114.213 - - [22/Sep/2022:09:18:49 +0800] "GET /xingrg/all/function/internal_message.html?_=1663809545196&CODE_STATE=getMsg HTTP/1.1" 200 27
116.230.114.213 - - [22/Sep/2022:09:18:50 +0800] "GET /xingrg/all/function/internal_message.html?_=1663809543090&CODE_STATE=getMsg HTTP/1.1" 302 -
116.224.255.128 - - [22/Sep/2022:09:18:50 +0800] "GET /xingrg/kc/base/wldb_order_info.html?code=422022092201857 HTTP/1.1" 200 26279
116.224.255.128 - - [22/Sep/2022:09:18:51 +0800] "GET /xingrg/javascript/easyui/themes/default/validatebox.css HTTP/1.1" 404 1104
116.224.255.128 - - [22/Sep/2022:09:18:51 +0800] "POST /xingrg/kc/base/wldb_order_operate.html HTTP/1.1" 200 2409
180.163.29.79 - - [22/Sep/2022:09:18:57 +0800] "GET /xingrg/all/function/internal_message.html?_=1663808684182&CODE_STATE=getMsg HTTP/1.1" 302 -
116.224.255.128 - - [22/Sep/2022:09:18:57 +0800] "GET /xingrg/kc/base/yddb_order_list.html HTTP/1.1" 200 16792
180.163.29.79 - - [22/Sep/2022:09:18:57 +0800] "GET /xingrg/login.html HTTP/1.1" 200 7641
116.224.255.128 - - [22/Sep/2022:09:18:57 +0800] "POST /xingrg/kc/base/yddb_list_operate.html HTTP/1.1" 200 636
116.225.121.189 - - [22/Sep/2022:09:18:57 +0800] "GET /xingrg/all/function/internal_message.html?_=1663809394891&CODE_STATE=getMsg HTTP/1.1" 200 27
116.224.255.128 - - [22/Sep/2022:09:18:59 +0800] "GET /xingrg/kc/base/yddb_order_add.html HTTP/1.1" 200 29837
116.224.255.128 - - [22/Sep/2022:09:18:59 +0800] "GET /xingrg/dwr/interface/AjaxComOrderService.js HTTP/1.1" 200 18264
116.224.255.128 - - [22/Sep/2022:09:18:59 +0800] "GET /xingrg/dwr/interface/AjaxYddbService.js HTTP/1.1" 200 13201
116.224.255.128 - - [22/Sep/2022:09:18:59 +0800] "GET /xingrg/dwr/engine.js HTTP/1.1" 200 43631
180.169.147.146 - - [22/Sep/2022:09:18:59 +0800] "GET /xingrg/all/function/internal_message.html?_=1663809537937&CODE_STATE=getMsg HTTP/1.1" 200 27
116.224.255.128 - - [22/Sep/2022:09:19:01 +0800] "POST /xingrg/dwr/call/plaincall/AjaxYddbService.getRestBases.dwr HTTP/1.1" 200 1616
116.224.255.128 - - [22/Sep/2022:09:19:04 +0800] "GET /xingrg/check_reg.html?_=1663809472153 HTTP/1.1" 200 22
116.224.255.128 - - [22/Sep/2022:09:19:05 +0800] "GET /xingrg/all/function/internal_message.html?_=1663809472570&CODE_STATE=getMsg HTTP/1.1" 200 27
180.163.28.114 - - [22/Sep/2022:09:19:06 +0800] "GET /xingrg/kc/buy/cgsh_order_operate.html?command=get_materiel&rest_code=00106&code=00101008318&supplier_code=00100007&order_time=2022-09-22 HTTP/1.1" 302 -
180.163.28.114 - - [22/Sep/2022:09:19:06 +0800] "GET /xingrg/login.html HTTP/1.1" 200 7641
116.238.169.132 - - [22/Sep/2022:09:19:07 +0800] "POST /xingrg/services/DataTransmitService HTTP/1.1" 200 524
116.224.255.128 - - [22/Sep/2022:09:19:08 +0800] "POST /xingrg/dwr/call/plaincall/AjaxYddbService.saveOrder.dwr HTTP/1.1" 200 78
116.224.255.128 - - [22/Sep/2022:09:19:09 +0800] "GET /xingrg/images/yd/bt.gif HTTP/1.1" 404 1040
116.224.255.128 - - [22/Sep/2022:09:19:11 +0800] "POST /xingrg/dwr/call/plaincall/AjaxComOrderService.getMaterielSearchList.dwr HTTP/1.1" 200 2006
116.224.255.128 - - [22/Sep/2022:09:19:15 +0800] "POST /xingrg/dwr/call/plaincall/AjaxYddbService.getMaterielByMap.dwr HTTP/1.1" 200 3880
116.224.255.128 - - [22/Sep/2022:09:19:15 +0800] "GET /xingrg/images/yd/bt2.gif HTTP/1.1" 404 1042
