120.253.135.82 - - [22/Sep/2022:10:43:43 +0800] "GET /xingrg/check_reg.html?_=1663814727189 HTTP/1.1" 200 22
120.253.135.82 - - [22/Sep/2022:10:43:44 +0800] "GET /xingrg/all/function/internal_message.html?_=1663814728077&CODE_STATE=getMsg HTTP/1.1" 200 27
116.224.255.128 - - [22/Sep/2022:10:43:45 +0800] "GET /xingrg/all/function/internal_message.html?_=1663814623218&CODE_STATE=getMsg HTTP/1.1" 200 27
116.230.114.213 - - [22/Sep/2022:10:43:45 +0800] "GET /xingrg/kc/buy/cgsh_order_operate.html?command=get_materiel&rest_code=00146&code=00101016004&supplier_code=00100012&order_time=2022-09-22 HTTP/1.1" 200 441
180.169.147.146 - - [22/Sep/2022:10:43:47 +0800] "GET /xingrg/check_reg.html?_=1663814621684 HTTP/1.1" 200 22
101.85.93.113 - - [22/Sep/2022:10:43:48 +0800] "GET /xingrg/all/function/internal_message.html?_=1663814625958&CODE_STATE=getMsg HTTP/1.1" 200 27
116.230.114.213 - - [22/Sep/2022:10:43:52 +0800] "GET /xingrg/all/function/internal_message.html?_=1663814644982&CODE_STATE=getMsg HTTP/1.1" 302 -
116.230.105.139 - - [22/Sep/2022:10:43:54 +0800] "GET /xingrg/kc/buy/cgsh_order_operate.html?command=get_materiel&rest_code=00155&code=00101008286&supplier_code=00100005&order_time=2022-09-22 HTTP/1.1" 200 408
116.225.121.189 - - [22/Sep/2022:10:43:57 +0800] "GET /xingrg/all/function/internal_message.html?_=1663814494450&CODE_STATE=getMsg HTTP/1.1" 200 27
116.238.169.132 - - [22/Sep/2022:10:43:58 +0800] "POST /xingrg/kc/base/wldb_order_operate.html HTTP/1.1" 200 37
180.169.147.146 - - [22/Sep/2022:10:43:59 +0800] "GET /xingrg/all/function/internal_message.html?_=1663814636057&CODE_STATE=getMsg HTTP/1.1" 200 27
116.225.121.189 - - [22/Sep/2022:10:43:59 +0800] "GET /xingrg/kc/mdqp/pssh_order_list.html?isBack=1 HTTP/1.1" 200 17941
116.225.121.189 - - [22/Sep/2022:10:44:00 +0800] "POST /xingrg/kc/mdqp/pssh_list_operate.html HTTP/1.1" 200 5301
116.238.169.132 - - [22/Sep/2022:10:44:01 +0800] "POST /xingrg/kc/base/wldb_order_operate.html HTTP/1.1" 200 12
116.238.169.132 - - [22/Sep/2022:10:44:01 +0800] "POST /xingrg/kc/base/wldb_order_operate.html HTTP/1.1" 200 10668
114.84.81.136 - - [22/Sep/2022:10:44:02 +0800] "GET /xingrg/check_reg.html?_=1663814640007 HTTP/1.1" 200 22
114.84.81.136 - - [22/Sep/2022:10:44:02 +0800] "GET /xingrg/all/function/internal_message.html?_=1663814640011&CODE_STATE=getMsg HTTP/1.1" 200 27
116.230.114.213 - - [22/Sep/2022:10:44:03 +0800] "GET /xingrg/all/function/internal_message.html?_=1663814659051&CODE_STATE=getMsg HTTP/1.1" 200 27
116.238.169.132 - - [22/Sep/2022:10:44:04 +0800] "GET /xingrg/kc/base/wldb_order_info.html?code=422022092201862 HTTP/1.1" 200 26266
116.238.169.132 - - [22/Sep/2022:10:44:04 +0800] "GET /xingrg/javascript/easyui/themes/default/validatebox.css HTTP/1.1" 404 1104
116.238.169.132 - - [22/Sep/2022:10:44:05 +0800] "POST /xingrg/kc/base/wldb_order_operate.html HTTP/1.1" 200 8773
116.230.105.139 - - [22/Sep/2022:10:44:05 +0800] "GET /xingrg/kc/buy/cgsh_order_operate.html?command=get_materiel&rest_code=00155&code=00101008036&supplier_code=00100005&order_time=2022-09-22 HTTP/1.1" 200 408
116.238.169.132 - - [22/Sep/2022:10:44:07 +0800] "GET /xingrg/kc/base/wldb_order_add.html HTTP/1.1" 200 30390
116.238.169.132 - - [22/Sep/2022:10:44:07 +0800] "POST /xingrg/kc/base/wldb_order_operate.html HTTP/1.1" 200 6806
116.225.121.189 - - [22/Sep/2022:10:44:08 +0800] "POST /xingrg/kc/mdqp/pssh_list_operate.html HTTP/1.1" 200 753
116.238.169.132 - - [22/Sep/2022:10:44:08 +0800] "GET /xingrg/javascript/easyui/themes/default/validatebox.css HTTP/1.1" 404 1104
116.238.169.132 - - [22/Sep/2022:10:44:09 +0800] "POST /xingrg/all/common/load_combo.html?type=base HTTP/1.1" 200 3321
116.238.169.132 - - [22/Sep/2022:10:44:11 +0800] "POST /xingrg/all/common/load_combo.html?type=base HTTP/1.1" 200 3321
116.230.105.139 - - [22/Sep/2022:10:44:18 +0800] "GET /xingrg/kc/buy/cgsh_order_operate.html?command=get_materiel&rest_code=00155&code=00101008131&supplier_code=00100005&order_time=2022-09-22 HTTP/1.1" 200 428
222.70.183.206 - - [22/Sep/2022:10:44:18 +0800] "GET /xingrg/check_reg.html?_=1663814653754 HTTP/1.1" 200 22
120.204.56.145 - - [22/Sep/2022:10:44:18 +0800] "GET /xingrg/all/function/internal_message.html?_=1663814657192&CODE_STATE=getMsg HTTP/1.1" 200 27
116.230.105.139 - - [22/Sep/2022:10:44:20 +0800] "POST /xingrg/kc/buy/cgsh_order_operate.html HTTP/1.1" 200 2065
116.225.121.189 - - [22/Sep/2022:10:44:20 +0800] "POST /xingrg/kc/mdqp/pssh_list_operate.html HTTP/1.1" 200 1576
116.225.121.189 - - [22/Sep/2022:10:44:21 +0800] "GET /xingrg/javascript/jquery_tools/jquery-1.4.2.min.js HTTP/1.1" 404 1094
116.225.121.189 - - [22/Sep/2022:10:44:21 +0800] "GET /xingrg/kc/mdqp/pssh_order_info.html?code=312022092100497 HTTP/1.1" 200 17293
116.225.121.189 - - [22/Sep/2022:10:44:22 +0800] "POST /xingrg/kc/mdqp/pssh_order_operate.html HTTP/1.1" 200 11532
116.225.121.189 - - [22/Sep/2022:10:44:22 +0800] "GET /xingrg/javascript/easyui/themes/default/validatebox.css HTTP/1.1" 404 1104
116.238.169.132 - - [22/Sep/2022:10:44:23 +0800] "GET /xingrg/all/function/internal_message.html?_=1663814662783&CODE_STATE=getMsg HTTP/1.1" 200 27
116.230.105.139 - - [22/Sep/2022:10:44:24 +0800] "GET /xingrg/check_reg.html?_=1663814661730 HTTP/1.1" 200 22
116.230.105.139 - - [22/Sep/2022:10:44:24 +0800] "GET /xingrg/all/function/internal_message.html?_=1663814661732&CODE_STATE=getMsg HTTP/1.1" 200 27
116.238.169.132 - - [22/Sep/2022:10:44:24 +0800] "GET /xingrg/kc/base/wldb_order_operate.html?command=get_materiel&rest_code=00102&base_code=0010476&code=00101019079 HTTP/1.1" 200 479
222.70.183.206 - - [22/Sep/2022:10:44:27 +0800] "GET /xingrg/all/function/internal_message.html?_=1663814663397&CODE_STATE=getMsg HTTP/1.1" 200 27
116.230.114.213 - - [22/Sep/2022:10:44:29 +0800] "GET /xingrg/kc/buy/cgsh_order_operate.html?command=get_materiel&rest_code=00146&code=00101006027&supplier_code=00100012&order_time=2022-09-22 HTTP/1.1" 200 409
116.230.105.139 - - [22/Sep/2022:10:44:30 +0800] "GET /xingrg/kc/buy/cgsh_order_operate.html?command=get_materiel&rest_code=00155&code=00101008108&supplier_code=00100005&order_time=2022-09-22 HTTP/1.1" 200 412
180.169.147.146 - - [22/Sep/2022:10:44:31 +0800] "GET /xingrg/all/function/internal_message.html?_=1663814669819&CODE_STATE=getMsg HTTP/1.1" 200 27
114.84.81.136 - - [22/Sep/2022:10:44:32 +0800] "GET /xingrg/all/function/internal_message.html?_=1663814670032&CODE_STATE=getMsg HTTP/1.1" 200 27
116.224.255.128 - - [22/Sep/2022:10:44:34 +0800] "GET /xingrg/javascript/auto/indicator.gif HTTP/1.1" 404 1066
124.78.156.85 - - [22/Sep/2022:10:44:34 +0800] "GET /xingrg/all/function/internal_message.html?_=1663814676160&CODE_STATE=getMsg HTTP/1.1" 200 27
124.79.74.72 - - [22/Sep/2022:10:44:36 +0800] "GET /xingrg/all/function/internal_message.html?_=1663814672577&CODE_STATE=getMsg HTTP/1.1" 200 27
180.169.147.146 - - [22/Sep/2022:10:44:40 +0800] "GET /xingrg/all/function/internal_message.html?_=1663814674696&CODE_STATE=getMsg HTTP/1.1" 200 27
120.253.135.82 - - [22/Sep/2022:10:44:40 +0800] "GET /xingrg/check_reg.html?_=1663814477493 HTTP/1.1" 200 22
116.224.255.128 - - [22/Sep/2022:10:44:44 +0800] "GET /xingrg/kc/buy/cgsh_order_operate.html?command=get_materiel&rest_code=00150&code=00101001135&supplier_code=00100313&order_time=2022-09-22 HTTP/1.1" 200 433
120.253.135.82 - - [22/Sep/2022:10:44:44 +0800] "GET /xingrg/all/function/internal_message.html?_=1663814788090&CODE_STATE=getMsg HTTP/1.1" 200 27
116.224.255.128 - - [22/Sep/2022:10:44:45 +0800] "GET /xingrg/all/function/internal_message.html?_=1663814683208&CODE_STATE=getMsg HTTP/1.1" 200 27
116.230.114.213 - - [22/Sep/2022:10:44:46 +0800] "POST /xingrg/kc/buy/cgsh_order_operate.html HTTP/1.1" 200 37
116.230.105.139 - - [22/Sep/2022:10:44:47 +0800] "GET /xingrg/kc/buy/cgsh_order_operate.html?command=get_materiel&rest_code=00155&code=00101008318&supplier_code=00100005&order_time=2022-09-22 HTTP/1.1" 200 408
101.85.93.113 - - [22/Sep/2022:10:44:48 +0800] "GET /xingrg/all/function/internal_message.html?_=1663814685958&CODE_STATE=getMsg HTTP/1.1" 200 27
116.230.114.213 - - [22/Sep/2022:10:44:48 +0800] "POST /xingrg/kc/buy/cgsh_order_operate.html HTTP/1.1" 200 6231
116.238.169.132 - - [22/Sep/2022:10:44:48 +0800] "POST /xingrg/kc/base/wldb_order_operate.html HTTP/1.1" 200 37
116.238.169.132 - - [22/Sep/2022:10:44:51 +0800] "POST /xingrg/kc/base/wldb_order_operate.html HTTP/1.1" 200 2707
116.238.169.132 - - [22/Sep/2022:10:44:51 +0800] "POST /xingrg/kc/base/wldb_order_operate.html HTTP/1.1" 200 12
116.230.114.213 - - [22/Sep/2022:10:44:52 +0800] "GET /xingrg/all/function/internal_message.html?_=1663814704993&CODE_STATE=getMsg HTTP/1.1" 302 -
116.230.114.213 - - [22/Sep/2022:10:44:52 +0800] "GET /xingrg/kc/print/load_data.html?order_code=212022092207930&kc_code=cgsh&condition= HTTP/1.1" 200 2149
116.224.255.128 - - [22/Sep/2022:10:44:58 +0800] "GET /xingrg/kc/buy/cgsh_order_operate.html?command=get_materiel&rest_code=00150&code=00101002058&supplier_code=00100313&order_time=2022-09-22 HTTP/1.1" 200 430
116.225.121.189 - - [22/Sep/2022:10:44:58 +0800] "POST /xingrg/kc/mdqp/pssh_order_operate.html HTTP/1.1" 200 37
180.169.147.146 - - [22/Sep/2022:10:44:59 +0800] "GET /xingrg/all/function/internal_message.html?_=1663814696056&CODE_STATE=getMsg HTTP/1.1" 200 27
116.238.169.132 - - [22/Sep/2022:10:44:59 +0800] "GET /xingrg/kc/base/wldb_order_info.html?code=422022092201863 HTTP/1.1" 200 26267
116.238.169.132 - - [22/Sep/2022:10:44:59 +0800] "GET /xingrg/javascript/easyui/themes/default/validatebox.css HTTP/1.1" 404 1104
116.238.169.132 - - [22/Sep/2022:10:44:59 +0800] "POST /xingrg/kc/base/wldb_order_operate.html HTTP/1.1" 200 990
116.225.121.189 - - [22/Sep/2022:10:45:01 +0800] "POST /xingrg/kc/mdqp/pssh_order_operate.html HTTP/1.1" 200 11532
114.84.81.136 - - [22/Sep/2022:10:45:02 +0800] "GET /xingrg/all/function/internal_message.html?_=1663814700002&CODE_STATE=getMsg HTTP/1.1" 200 27
116.238.169.132 - - [22/Sep/2022:10:45:02 +0800] "GET /xingrg/kc/base/wldb_order_add.html HTTP/1.1" 200 30390
116.238.169.132 - - [22/Sep/2022:10:45:02 +0800] "POST /xingrg/kc/base/wldb_order_operate.html HTTP/1.1" 200 6806
116.238.169.132 - - [22/Sep/2022:10:45:02 +0800] "GET /xingrg/javascript/easyui/themes/default/validatebox.css HTTP/1.1" 404 1104
116.230.114.213 - - [22/Sep/2022:10:45:03 +0800] "GET /xingrg/all/function/internal_message.html?_=1663814719063&CODE_STATE=getMsg HTTP/1.1" 200 27
116.238.169.132 - - [22/Sep/2022:10:45:03 +0800] "POST /xingrg/all/common/load_combo.html?type=base HTTP/1.1" 200 3321
116.238.169.132 - - [22/Sep/2022:10:45:05 +0800] "POST /xingrg/all/common/load_combo.html?type=base HTTP/1.1" 200 3321
116.230.105.139 - - [22/Sep/2022:10:45:06 +0800] "GET /xingrg/kc/buy/cgsh_order_operate.html?command=get_materiel&rest_code=00155&code=00101008353&supplier_code=00100005&order_time=2022-09-22 HTTP/1.1" 200 428
116.224.255.128 - - [22/Sep/2022:10:45:08 +0800] "GET /xingrg/kc/buy/cgsh_order_operate.html?command=get_materiel&rest_code=00150&code=00101001016&supplier_code=00100313&order_time=2022-09-22 HTTP/1.1" 200 435
180.169.147.146 - - [22/Sep/2022:10:45:08 +0800] "GET /xingrg/kc/base/wldb_order_operate.html?command=get_materiel&rest_code=00147&base_code=0010362&code=00101029023 HTTP/1.1" 200 478
116.225.121.189 - - [22/Sep/2022:10:45:08 +0800] "POST /xingrg/kc/mdqp/pssh_order_operate.html HTTP/1.1" 200 37
116.225.121.189 - - [22/Sep/2022:10:45:09 +0800] "POST /xingrg/kc/mdqp/pssh_order_operate.html HTTP/1.1" 200 12
116.225.121.189 - - [22/Sep/2022:10:45:10 +0800] "GET /xingrg/kc/mdqp/pssh_order_info.html?code=312022092100497 HTTP/1.1" 200 14382
116.225.121.189 - - [22/Sep/2022:10:45:10 +0800] "GET /xingrg/javascript/jquery_tools/jquery-1.4.2.min.js HTTP/1.1" 404 1094
116.225.121.189 - - [22/Sep/2022:10:45:10 +0800] "GET /xingrg/javascript/easyui/themes/icons/uncheck_new.png HTTP/1.1" 304 -
116.225.121.189 - - [22/Sep/2022:10:45:10 +0800] "POST /xingrg/kc/mdqp/pssh_order_operate.html HTTP/1.1" 200 11532
116.225.121.189 - - [22/Sep/2022:10:45:10 +0800] "GET /xingrg/javascript/easyui/themes/default/validatebox.css HTTP/1.1" 404 1104
116.225.121.189 - - [22/Sep/2022:10:45:13 +0800] "GET /xingrg/kc/print/load_data.html?order_code=312022092100497&kc_code=pssh&condition= HTTP/1.1" 200 4332
180.169.147.146 - - [22/Sep/2022:10:45:13 +0800] "POST /xingrg/kc/base/wldb_order_operate.html HTTP/1.1" 200 37
180.169.147.146 - - [22/Sep/2022:10:45:14 +0800] "POST /xingrg/kc/base/wldb_order_operate.html HTTP/1.1" 200 2219
116.238.169.132 - - [22/Sep/2022:10:45:14 +0800] "GET /xingrg/kc/base/wldb_order_operate.html?command=get_materiel&rest_code=00102&base_code=0010476&code=00101019066 HTTP/1.1" 200 455
180.169.147.146 - - [22/Sep/2022:10:45:16 +0800] "GET /xingrg/kc/base/wldb_order_info.html?code=422022092201864 HTTP/1.1" 200 30409
116.224.255.128 - - [22/Sep/2022:10:45:16 +0800] "GET /xingrg/kc/buy/cgsh_order_operate.html?command=get_materiel&rest_code=00150&code=00102026001&supplier_code=00100313&order_time=2022-09-22 HTTP/1.1" 200 409
180.169.147.146 - - [22/Sep/2022:10:45:16 +0800] "GET /xingrg/javascript/easyui/themes/default/validatebox.css HTTP/1.1" 404 1104
180.169.147.146 - - [22/Sep/2022:10:45:17 +0800] "POST /xingrg/kc/base/wldb_order_operate.html HTTP/1.1" 200 2219
180.169.147.146 - - [22/Sep/2022:10:45:17 +0800] "GET /xingrg/kc/base/wldb_order_add.html HTTP/1.1" 200 30400
180.169.147.146 - - [22/Sep/2022:10:45:18 +0800] "POST /xingrg/kc/base/wldb_order_operate.html HTTP/1.1" 200 6806
180.169.147.146 - - [22/Sep/2022:10:45:18 +0800] "GET /xingrg/javascript/easyui/themes/default/validatebox.css HTTP/1.1" 404 1104
180.169.147.146 - - [22/Sep/2022:10:45:19 +0800] "POST /xingrg/all/common/load_combo.html?type=base HTTP/1.1" 200 3230
116.230.105.139 - - [22/Sep/2022:10:45:20 +0800] "GET /xingrg/kc/buy/cgsh_order_operate.html?command=get_materiel&rest_code=00155&code=00101008095&supplier_code=00100005&order_time=2022-09-22 HTTP/1.1" 200 412
116.238.169.132 - - [22/Sep/2022:10:45:23 +0800] "GET /xingrg/all/function/internal_message.html?_=1663814722766&CODE_STATE=getMsg HTTP/1.1" 200 27
116.230.105.139 - - [22/Sep/2022:10:45:24 +0800] "GET /xingrg/all/function/internal_message.html?_=1663814721741&CODE_STATE=getMsg HTTP/1.1" 200 27
116.238.169.132 - - [22/Sep/2022:10:45:26 +0800] "GET /xingrg/kc/base/wldb_order_operate.html?command=get_materiel&rest_code=00102&base_code=0010476&code=00101019135 HTTP/1.1" 200 473
222.70.183.206 - - [22/Sep/2022:10:45:27 +0800] "GET /xingrg/all/function/internal_message.html?_=1663814723383&CODE_STATE=getMsg HTTP/1.1" 200 27
180.169.147.146 - - [22/Sep/2022:10:45:30 +0800] "POST /xingrg/all/common/load_combo.html?type=base HTTP/1.1" 200 3230
180.169.147.146 - - [22/Sep/2022:10:45:31 +0800] "GET /xingrg/all/function/internal_message.html?_=1663814729817&CODE_STATE=getMsg HTTP/1.1" 200 27
114.84.81.136 - - [22/Sep/2022:10:45:32 +0800] "GET /xingrg/check_reg.html?_=1663814730033 HTTP/1.1" 200 22
114.84.81.136 - - [22/Sep/2022:10:45:32 +0800] "GET /xingrg/all/function/internal_message.html?_=1663814730036&CODE_STATE=getMsg HTTP/1.1" 200 27
116.224.255.128 - - [22/Sep/2022:10:45:33 +0800] "POST /xingrg/kc/buy/cgsh_order_operate.html HTTP/1.1" 200 37
116.230.105.139 - - [22/Sep/2022:10:45:33 +0800] "GET /xingrg/kc/buy/cgsh_order_operate.html?command=get_materiel&rest_code=00155&code=00101008110&supplier_code=00100005&order_time=2022-09-22 HTTP/1.1" 200 408
124.78.156.85 - - [22/Sep/2022:10:45:34 +0800] "GET /xingrg/check_reg.html?_=1663814736161 HTTP/1.1" 200 22
124.78.156.85 - - [22/Sep/2022:10:45:34 +0800] "GET /xingrg/all/function/internal_message.html?_=1663814725216&CODE_STATE=getMsg HTTP/1.1" 200 27
124.78.156.85 - - [22/Sep/2022:10:45:34 +0800] "GET /xingrg/check_reg.html?_=1663814725217 HTTP/1.1" 200 22
124.78.156.85 - - [22/Sep/2022:10:45:34 +0800] "GET /xingrg/all/function/internal_message.html?_=1663814736164&CODE_STATE=getMsg HTTP/1.1" 200 27
124.78.156.85 - - [22/Sep/2022:10:45:35 +0800] "POST /xingrg/kc/buy/cgsh_order_operate.html HTTP/1.1" 200 29823
116.230.105.139 - - [22/Sep/2022:10:45:35 +0800] "POST /xingrg/kc/buy/cgsh_order_operate.html HTTP/1.1" 200 2065
124.79.74.72 - - [22/Sep/2022:10:45:36 +0800] "GET /xingrg/all/function/internal_message.html?_=1663814732577&CODE_STATE=getMsg HTTP/1.1" 200 27
116.224.255.128 - - [22/Sep/2022:10:45:37 +0800] "POST /xingrg/kc/buy/cgsh_order_operate.html HTTP/1.1" 200 12
180.169.147.146 - - [22/Sep/2022:10:45:37 +0800] "GET /xingrg/kc/base/wldb_order_operate.html?command=get_materiel&rest_code=00147&base_code=0010270&code=00101019056 HTTP/1.1" 200 477
116.238.169.132 - - [22/Sep/2022:10:45:37 +0800] "POST /xingrg/kc/base/wldb_order_operate.html HTTP/1.1" 200 37
116.224.255.128 - - [22/Sep/2022:10:45:38 +0800] "GET /xingrg/kc/buy/cgsh_order_info.html?code=212022092207931 HTTP/1.1" 200 63686
116.224.255.128 - - [22/Sep/2022:10:45:38 +0800] "GET /xingrg/javascript/easyui/themes/default/validatebox.css HTTP/1.1" 404 1104
116.224.255.128 - - [22/Sep/2022:10:45:39 +0800] "POST /xingrg/kc/buy/cgsh_order_operate.html HTTP/1.1" 200 2391
180.169.147.146 - - [22/Sep/2022:10:45:40 +0800] "GET /xingrg/all/function/internal_message.html?_=1663814734673&CODE_STATE=getMsg HTTP/1.1" 200 27
116.238.169.132 - - [22/Sep/2022:10:45:40 +0800] "POST /xingrg/kc/base/wldb_order_operate.html HTTP/1.1" 200 12
116.238.169.132 - - [22/Sep/2022:10:45:40 +0800] "POST /xingrg/kc/base/wldb_order_operate.html HTTP/1.1" 200 2709
116.238.169.132 - - [22/Sep/2022:10:45:42 +0800] "GET /xingrg/kc/base/wldb_order_info.html?code=422022092201865 HTTP/1.1" 200 26266
116.224.255.128 - - [22/Sep/2022:10:45:42 +0800] "GET /xingrg/kc/print/load_data.html?order_code=212022092207931&kc_code=cgsh&condition= HTTP/1.1" 200 1393
116.238.169.132 - - [22/Sep/2022:10:45:42 +0800] "GET /xingrg/javascript/easyui/themes/default/validatebox.css HTTP/1.1" 404 1104
180.169.147.146 - - [22/Sep/2022:10:45:42 +0800] "GET /xingrg/kc/base/wldb_order_operate.html?command=get_materiel&rest_code=00147&base_code=0010270&code=00101019430 HTTP/1.1" 200 476
116.238.169.132 - - [22/Sep/2022:10:45:42 +0800] "POST /xingrg/kc/base/wldb_order_operate.html HTTP/1.1" 200 993
124.78.156.85 - - [22/Sep/2022:10:45:42 +0800] "GET /xingrg/kc/buy/cgsh_order_add.html HTTP/1.1" 200 68779
124.78.156.85 - - [22/Sep/2022:10:45:44 +0800] "GET /xingrg/javascript/easyui/themes/default/validatebox.css HTTP/1.1" 404 1104
124.78.156.85 - - [22/Sep/2022:10:45:44 +0800] "POST /xingrg/kc/buy/cgsh_order_operate.html HTTP/1.1" 200 8245
120.253.135.82 - - [22/Sep/2022:10:45:44 +0800] "GET /xingrg/all/function/internal_message.html?_=1663814848102&CODE_STATE=getMsg HTTP/1.1" 200 27
116.224.255.128 - - [22/Sep/2022:10:45:45 +0800] "GET /xingrg/all/function/internal_message.html?_=1663814743230&CODE_STATE=getMsg HTTP/1.1" 200 27
116.230.105.139 - - [22/Sep/2022:10:45:46 +0800] "GET /xingrg/kc/buy/cgsh_order_operate.html?command=get_materiel&rest_code=00155&code=00101008175&supplier_code=00100005&order_time=2022-09-22 HTTP/1.1" 200 412
114.88.158.224 - - [22/Sep/2022:10:45:47 +0800] "GET /xingrg/kc/buy/buy_main.html HTTP/1.1" 302 -
114.88.158.224 - - [22/Sep/2022:10:45:47 +0800] "GET /xingrg/login.html HTTP/1.1" 200 7641
114.88.158.224 - - [22/Sep/2022:10:45:47 +0800] "GET /xingrg/login.html HTTP/1.1" 200 7641
114.88.158.224 - - [22/Sep/2022:10:45:47 +0800] "GET /favicon.ico HTTP/1.1" 404 -
101.85.93.113 - - [22/Sep/2022:10:45:48 +0800] "GET /xingrg/all/function/internal_message.html?_=1663814745959&CODE_STATE=getMsg HTTP/1.1" 200 27
114.88.158.224 - - [22/Sep/2022:10:45:48 +0800] "POST /xingrg/login.do HTTP/1.1" 302 -
114.88.158.224 - - [22/Sep/2022:10:45:48 +0800] "GET /xingrg/index.html?sysBaseUrl=http%3A%2F%2F180.169.147.146%3A18081%2Fxingrg%2F&costTime=49×tamp=1663814748504 HTTP/1.1" 200 17179
114.88.158.224 - - [22/Sep/2022:10:45:48 +0800] "POST /xingrg/all/common/load_tree.html?tree=area_rest_tree_json&manage=1 HTTP/1.1" 200 351
114.88.158.224 - - [22/Sep/2022:10:45:48 +0800] "GET /favicon.ico HTTP/1.1" 404 -
114.88.158.224 - - [22/Sep/2022:10:45:48 +0800] "POST /xingrg/load_menu.html HTTP/1.1" 200 5138
114.88.158.224 - - [22/Sep/2022:10:45:48 +0800] "GET /xingrg/check_reg.html?_=1663814392786 HTTP/1.1" 200 22
114.88.158.224 - - [22/Sep/2022:10:45:48 +0800] "GET /xingrg/all/function/internal_message.html?_=1663814392785&CODE_STATE=count HTTP/1.1" 200 11
114.88.158.224 - - [22/Sep/2022:10:45:49 +0800] "GET /xingrg/kc/buy/buy_main.html HTTP/1.1" 200 12412
114.88.158.224 - - [22/Sep/2022:10:45:49 +0800] "GET /xingrg/css/new_ie.css HTTP/1.1" 404 1036
114.88.158.224 - - [22/Sep/2022:10:45:50 +0800] "GET /xingrg/images/yd/bt.gif HTTP/1.1" 404 1040
114.88.158.224 - - [22/Sep/2022:10:45:51 +0800] "GET /xingrg/kc/buy/cgsh_order_list.html HTTP/1.1" 200 53003
114.88.158.224 - - [22/Sep/2022:10:45:52 +0800] "POST /xingrg/kc/buy/cgsh_list_operate.html HTTP/1.1" 200 986
116.230.114.213 - - [22/Sep/2022:10:45:52 +0800] "GET /xingrg/all/function/internal_message.html?_=1663814765031&CODE_STATE=getMsg HTTP/1.1" 302 -
114.88.158.224 - - [22/Sep/2022:10:45:52 +0800] "GET /xingrg/kc/buy/cgsh_order_add.html HTTP/1.1" 200 68779
114.88.158.224 - - [22/Sep/2022:10:45:52 +0800] "GET /xingrg/words/20220921161920_words.js HTTP/1.1" 304 -
114.88.158.224 - - [22/Sep/2022:10:45:52 +0800] "GET /xingrg/all/common/auto_word.html?type=employee&rest_code=00141 HTTP/1.1" 200 201
114.88.158.224 - - [22/Sep/2022:10:45:52 +0800] "GET /xingrg/all/common/auto_word.html?type=employee&rest_code=00141 HTTP/1.1" 200 201
114.88.158.224 - - [22/Sep/2022:10:45:52 +0800] "POST /xingrg/kc/buy/cgsh_order_operate.html HTTP/1.1" 200 8245
114.88.158.224 - - [22/Sep/2022:10:45:53 +0800] "GET /xingrg/javascript/easyui/themes/default/validatebox.css HTTP/1.1" 404 1104
124.78.156.85 - - [22/Sep/2022:10:45:53 +0800] "GET /xingrg/javascript/easyui/themes/default/tree.css HTTP/1.1" 404 1090
124.78.156.85 - - [22/Sep/2022:10:45:53 +0800] "POST /xingrg/all/common/load_tree.html?tree=supplier_tree_json&isDelete=1 HTTP/1.1" 200 68670
116.225.121.189 - - [22/Sep/2022:10:45:57 +0800] "GET /xingrg/all/function/internal_message.html?_=1663814614473&CODE_STATE=getMsg HTTP/1.1" 200 27
222.70.183.206 - - [22/Sep/2022:10:45:58 +0800] "GET /xingrg/kc/mdqp/pssh_order_list.html HTTP/1.1" 200 17819
222.70.183.206 - - [22/Sep/2022:10:45:58 +0800] "POST /xingrg/kc/mdqp/pssh_list_operate.html HTTP/1.1" 200 5321
180.169.147.146 - - [22/Sep/2022:10:45:59 +0800] "GET /xingrg/all/function/internal_message.html?_=1663814756055&CODE_STATE=getMsg HTTP/1.1" 200 27
222.70.183.206 - - [22/Sep/2022:10:46:01 +0800] "POST /xingrg/kc/mdqp/pssh_list_operate.html HTTP/1.1" 200 809
222.70.183.206 - - [22/Sep/2022:10:46:01 +0800] "GET /xingrg/kc/mdqp/pssh_order_info.html?code=312022092000480 HTTP/1.1" 200 17297
222.70.183.206 - - [22/Sep/2022:10:46:01 +0800] "GET /xingrg/javascript/jquery_tools/jquery-1.4.2.min.js HTTP/1.1" 404 1094
222.70.183.206 - - [22/Sep/2022:10:46:01 +0800] "POST /xingrg/kc/mdqp/pssh_order_operate.html HTTP/1.1" 200 3790
222.70.183.206 - - [22/Sep/2022:10:46:02 +0800] "GET /xingrg/all/common/auto_word.html?type=base&rest_code=00111&rest_code=00111 HTTP/1.1" 200 1753
222.70.183.206 - - [22/Sep/2022:10:46:02 +0800] "GET /xingrg/javascript/easyui/themes/default/validatebox.css HTTP/1.1" 404 1104
114.84.81.136 - - [22/Sep/2022:10:46:02 +0800] "GET /xingrg/all/function/internal_message.html?_=1663814760003&CODE_STATE=getMsg HTTP/1.1" 200 27
116.230.114.213 - - [22/Sep/2022:10:46:04 +0800] "GET /xingrg/all/function/internal_message.html?_=1663814779549&CODE_STATE=getMsg HTTP/1.1" 200 27
116.230.105.139 - - [22/Sep/2022:10:46:09 +0800] "GET /xingrg/kc/buy/cgsh_order_operate.html?command=get_materiel&rest_code=00155&code=00101008331&supplier_code=00100005&order_time=2022-09-22 HTTP/1.1" 200 416
116.230.114.213 - - [22/Sep/2022:10:46:10 +0800] "GET /xingrg/check_reg.html?_=1663814783054 HTTP/1.1" 302 -
124.78.156.85 - - [22/Sep/2022:10:46:11 +0800] "GET /xingrg/kc/buy/cgsh_order_operate.html?command=get_materiel&rest_code=00106&code=00102014088&supplier_code=00100450&order_time=2022-09-22 HTTP/1.1" 200 426
116.230.105.139 - - [22/Sep/2022:10:46:20 +0800] "GET /xingrg/kc/buy/cgsh_order_operate.html?command=get_materiel&rest_code=00155&code=00101008558&supplier_code=00100005&order_time=2022-09-22 HTTP/1.1" 200 409
116.238.169.132 - - [22/Sep/2022:10:46:23 +0800] "GET /xingrg/all/function/internal_message.html?_=1663814782756&CODE_STATE=getMsg HTTP/1.1" 200 27
116.238.169.132 - - [22/Sep/2022:10:46:23 +0800] "GET /xingrg/check_reg.html?_=1663814782852 HTTP/1.1" 200 22
116.230.105.139 - - [22/Sep/2022:10:46:24 +0800] "GET /xingrg/all/function/internal_message.html?_=1663814781730&CODE_STATE=getMsg HTTP/1.1" 200 27
222.70.183.206 - - [22/Sep/2022:10:46:27 +0800] "GET /xingrg/all/function/internal_message.html?_=1663814783374&CODE_STATE=getMsg HTTP/1.1" 200 27
180.169.147.146 - - [22/Sep/2022:10:46:31 +0800] "GET /xingrg/check_reg.html?_=1663814789806 HTTP/1.1" 200 22
180.169.147.146 - - [22/Sep/2022:10:46:31 +0800] "GET /xingrg/all/function/internal_message.html?_=1663814789808&CODE_STATE=getMsg HTTP/1.1" 200 27
114.84.81.136 - - [22/Sep/2022:10:46:32 +0800] "GET /xingrg/all/function/internal_message.html?_=1663814790037&CODE_STATE=getMsg HTTP/1.1" 200 27
124.78.156.85 - - [22/Sep/2022:10:46:32 +0800] "GET /xingrg/kc/buy/cgsh_order_operate.html?command=get_materiel&rest_code=00106&code=00101008284&supplier_code=00100450&order_time=2022-09-22 HTTP/1.1" 200 413
124.78.156.85 - - [22/Sep/2022:10:46:34 +0800] "GET /xingrg/all/function/internal_message.html?_=1663814785190&CODE_STATE=getMsg HTTP/1.1" 200 27
124.78.156.85 - - [22/Sep/2022:10:46:34 +0800] "GET /xingrg/all/function/internal_message.html?_=1663814796149&CODE_STATE=getMsg HTTP/1.1" 200 27
116.230.105.139 - - [22/Sep/2022:10:46:35 +0800] "GET /xingrg/kc/buy/cgsh_order_operate.html?command=get_materiel&rest_code=00155&code=00101008223&supplier_code=00100005&order_time=2022-09-22 HTTP/1.1" 200 433
124.79.74.72 - - [22/Sep/2022:10:46:36 +0800] "GET /xingrg/all/function/internal_message.html?_=1663814792579&CODE_STATE=getMsg HTTP/1.1" 200 27
180.169.147.146 - - [22/Sep/2022:10:46:40 +0800] "GET /xingrg/all/function/internal_message.html?_=1663814794641&CODE_STATE=getMsg HTTP/1.1" 200 27
120.253.135.82 - - [22/Sep/2022:10:46:44 +0800] "GET /xingrg/all/function/internal_message.html?_=1663814908149&CODE_STATE=getMsg HTTP/1.1" 200 27
116.224.255.128 - - [22/Sep/2022:10:46:45 +0800] "GET /xingrg/check_reg.html?_=1663814803239 HTTP/1.1" 200 22
124.78.156.85 - - [22/Sep/2022:10:46:45 +0800] "GET /xingrg/kc/buy/cgsh_order_operate.html?command=get_materiel&rest_code=00106&code=00101008568&supplier_code=00100450&order_time=2022-09-22 HTTP/1.1" 200 413
116.224.255.128 - - [22/Sep/2022:10:46:45 +0800] "GET /xingrg/all/function/internal_message.html?_=1663814803241&CODE_STATE=getMsg HTTP/1.1" 200 27
101.85.93.113 - - [22/Sep/2022:10:46:48 +0800] "GET /xingrg/all/function/internal_message.html?_=1663814805959&CODE_STATE=getMsg HTTP/1.1" 200 27
116.230.114.213 - - [22/Sep/2022:10:46:52 +0800] "GET /xingrg/all/function/internal_message.html?_=1663814825034&CODE_STATE=getMsg HTTP/1.1" 302 -
116.230.105.139 - - [22/Sep/2022:10:46:54 +0800] "GET /xingrg/kc/buy/cgsh_order_operate.html?command=get_materiel&rest_code=00155&code=00101008060&supplier_code=00100005&order_time=2022-09-22 HTTP/1.1" 200 416
116.225.121.189 - - [22/Sep/2022:10:46:57 +0800] "GET /xingrg/all/function/internal_message.html?_=1663814674452&CODE_STATE=getMsg HTTP/1.1" 200 27
124.78.156.85 - - [22/Sep/2022:10:46:57 +0800] "GET /xingrg/kc/buy/cgsh_order_operate.html?command=get_materiel&rest_code=00106&code=00101008509&supplier_code=00100450&order_time=2022-09-22 HTTP/1.1" 200 410
180.169.147.146 - - [22/Sep/2022:10:46:59 +0800] "GET /xingrg/all/function/internal_message.html?_=1663814816053&CODE_STATE=getMsg HTTP/1.1" 200 27
180.169.147.146 - - [22/Sep/2022:10:46:59 +0800] "GET /xingrg/check_reg.html?_=1663814816055 HTTP/1.1" 200 22
116.230.105.139 - - [22/Sep/2022:10:46:59 +0800] "POST /xingrg/kc/buy/cgsh_order_operate.html HTTP/1.1" 200 2065
114.84.81.136 - - [22/Sep/2022:10:47:02 +0800] "GET /xingrg/all/function/internal_message.html?_=1663814820002&CODE_STATE=getMsg HTTP/1.1" 200 27
116.230.114.213 - - [22/Sep/2022:10:47:03 +0800] "GET /xingrg/all/function/internal_message.html?_=1663814839557&CODE_STATE=getMsg HTTP/1.1" 200 27
124.78.156.85 - - [22/Sep/2022:10:47:07 +0800] "GET /xingrg/kc/buy/cgsh_order_operate.html?command=get_materiel&rest_code=00106&code=00101008571&supplier_code=00100450&order_time=2022-09-22 HTTP/1.1" 200 412
116.230.105.139 - - [22/Sep/2022:10:47:19 +0800] "GET /xingrg/kc/buy/cgsh_order_operate.html?command=get_materiel&rest_code=00155&code=00101008229&supplier_code=00100005&order_time=2022-09-22 HTTP/1.1" 200 420
124.78.156.85 - - [22/Sep/2022:10:47:21 +0800] "GET /xingrg/kc/buy/cgsh_order_operate.html?command=get_materiel&rest_code=00106&code=00101015044&supplier_code=00100450&order_time=2022-09-22 HTTP/1.1" 200 409
180.169.147.146 - - [22/Sep/2022:10:47:21 +0800] "POST /xingrg/kc/base/wldb_order_operate.html HTTP/1.1" 200 37
180.169.147.146 - - [22/Sep/2022:10:47:21 +0800] "POST /xingrg/kc/base/wldb_order_operate.html HTTP/1.1" 200 2725
180.169.147.146 - - [22/Sep/2022:10:47:22 +0800] "GET /xingrg/kc/base/wldb_order_info.html?code=422022092201866 HTTP/1.1" 200 30414
180.169.147.146 - - [22/Sep/2022:10:47:22 +0800] "GET /xingrg/javascript/easyui/themes/default/validatebox.css HTTP/1.1" 404 1104
180.169.147.146 - - [22/Sep/2022:10:47:22 +0800] "POST /xingrg/kc/base/wldb_order_operate.html HTTP/1.1" 200 2725
116.238.169.132 - - [22/Sep/2022:10:47:23 +0800] "GET /xingrg/all/function/internal_message.html?_=1663814842731&CODE_STATE=getMsg HTTP/1.1" 200 27
116.230.105.139 - - [22/Sep/2022:10:47:24 +0800] "GET /xingrg/all/function/internal_message.html?_=1663814841729&CODE_STATE=getMsg HTTP/1.1" 200 27
222.70.183.206 - - [22/Sep/2022:10:47:27 +0800] "GET /xingrg/all/function/internal_message.html?_=1663814843345&CODE_STATE=getMsg HTTP/1.1" 200 27
114.84.151.24 - - [22/Sep/2022:10:47:30 +0800] "GET /xingrg/login.html HTTP/1.1" 200 7641
114.84.151.24 - - [22/Sep/2022:10:47:30 +0800] "GET /favicon.ico HTTP/1.1" 404 -
180.169.147.146 - - [22/Sep/2022:10:47:31 +0800] "GET /xingrg/all/function/internal_message.html?_=1663814849813&CODE_STATE=getMsg HTTP/1.1" 200 27
114.84.81.136 - - [22/Sep/2022:10:47:32 +0800] "GET /xingrg/all/function/internal_message.html?_=1663814850036&CODE_STATE=getMsg HTTP/1.1" 200 27
124.78.156.85 - - [22/Sep/2022:10:47:32 +0800] "GET /xingrg/kc/buy/cgsh_order_operate.html?command=get_materiel&rest_code=00106&code=00101015121&supplier_code=00100450&order_time=2022-09-22 HTTP/1.1" 200 418
124.78.156.85 - - [22/Sep/2022:10:47:34 +0800] "GET /xingrg/all/function/internal_message.html?_=1663814845204&CODE_STATE=getMsg HTTP/1.1" 200 27
124.78.156.85 - - [22/Sep/2022:10:47:34 +0800] "GET /xingrg/all/function/internal_message.html?_=1663814856152&CODE_STATE=getMsg HTTP/1.1" 200 27
124.79.74.72 - - [22/Sep/2022:10:47:36 +0800] "GET /xingrg/all/function/internal_message.html?_=1663814852579&CODE_STATE=getMsg HTTP/1.1" 200 27
114.84.151.24 - - [22/Sep/2022:10:47:37 +0800] "POST /xingrg/login.do HTTP/1.1" 302 -
114.84.151.24 - - [22/Sep/2022:10:47:37 +0800] "GET /xingrg/index.html?sysBaseUrl=http%3A%2F%2F180.169.147.146%3A18081%2Fxingrg%2F&costTime=46×tamp=1663814857105 HTTP/1.1" 200 17179
114.84.151.24 - - [22/Sep/2022:10:47:37 +0800] "GET /favicon.ico HTTP/1.1" 404 -
114.84.151.24 - - [22/Sep/2022:10:47:37 +0800] "POST /xingrg/all/common/load_tree.html?tree=area_rest_tree_json&manage=1 HTTP/1.1" 200 351
114.84.151.24 - - [22/Sep/2022:10:47:37 +0800] "POST /xingrg/load_menu.html HTTP/1.1" 200 5138
114.84.151.24 - - [22/Sep/2022:10:47:37 +0800] "GET /xingrg/check_reg.html?_=1663814501440 HTTP/1.1" 200 22
114.84.151.24 - - [22/Sep/2022:10:47:37 +0800] "GET /xingrg/all/function/internal_message.html?_=1663814501439&CODE_STATE=count HTTP/1.1" 200 11
114.84.151.24 - - [22/Sep/2022:10:47:39 +0800] "GET /xingrg/kc/buy/buy_main.html HTTP/1.1" 200 12412
114.84.151.24 - - [22/Sep/2022:10:47:39 +0800] "GET /xingrg/css/new_ie.css HTTP/1.1" 404 1036
114.84.151.24 - - [22/Sep/2022:10:47:39 +0800] "GET /xingrg/images/yd/bt.gif HTTP/1.1" 404 1040
180.169.147.146 - - [22/Sep/2022:10:47:40 +0800] "GET /xingrg/all/function/internal_message.html?_=1663814854623&CODE_STATE=getMsg HTTP/1.1" 200 27
114.84.151.24 - - [22/Sep/2022:10:47:40 +0800] "GET /xingrg/kc/buy/cgsh_order_list.html HTTP/1.1" 200 53003
124.78.156.85 - - [22/Sep/2022:10:47:41 +0800] "GET /xingrg/kc/buy/cgsh_order_operate.html?command=get_materiel&rest_code=00106&code=00102014106&supplier_code=00100450&order_time=2022-09-22 HTTP/1.1" 200 413
114.84.151.24 - - [22/Sep/2022:10:47:42 +0800] "POST /xingrg/kc/buy/cgsh_list_operate.html HTTP/1.1" 200 986
114.84.151.24 - - [22/Sep/2022:10:47:42 +0800] "GET /xingrg/kc/buy/cgsh_order_add.html HTTP/1.1" 200 68779
114.84.151.24 - - [22/Sep/2022:10:47:43 +0800] "GET /xingrg/all/common/auto_word.html?type=employee&rest_code=00141 HTTP/1.1" 200 201
114.84.151.24 - - [22/Sep/2022:10:47:43 +0800] "POST /xingrg/kc/buy/cgsh_order_operate.html HTTP/1.1" 200 8245
114.84.151.24 - - [22/Sep/2022:10:47:43 +0800] "GET /xingrg/javascript/easyui/themes/default/validatebox.css HTTP/1.1" 404 1104
114.84.151.24 - - [22/Sep/2022:10:47:43 +0800] "GET /xingrg/all/common/auto_word.html?type=employee&rest_code=00141 HTTP/1.1" 200 201
120.253.135.82 - - [22/Sep/2022:10:47:44 +0800] "GET /xingrg/all/function/internal_message.html?_=1663814968163&CODE_STATE=getMsg HTTP/1.1" 200 27
116.224.255.128 - - [22/Sep/2022:10:47:45 +0800] "GET /xingrg/all/function/internal_message.html?_=1663814863238&CODE_STATE=getMsg HTTP/1.1" 200 27
101.85.93.113 - - [22/Sep/2022:10:47:48 +0800] "GET /xingrg/check_reg.html?_=1663814865952 HTTP/1.1" 200 22
101.85.93.113 - - [22/Sep/2022:10:47:48 +0800] "GET /xingrg/all/function/internal_message.html?_=1663814865954&CODE_STATE=getMsg HTTP/1.1" 200 27
114.84.151.24 - - [22/Sep/2022:10:47:48 +0800] "GET /xingrg/javascript/auto/indicator.gif HTTP/1.1" 404 1066
114.84.151.24 - - [22/Sep/2022:10:47:51 +0800] "GET /xingrg/javascript/jquery_tools/images/next.gif HTTP/1.1" 404 1086
114.84.151.24 - - [22/Sep/2022:10:47:51 +0800] "GET /xingrg/javascript/jquery_tools/images/prev.gif HTTP/1.1" 404 1086
116.230.114.213 - - [22/Sep/2022:10:47:52 +0800] "GET /xingrg/all/function/internal_message.html?_=1663814885068&CODE_STATE=getMsg HTTP/1.1" 302 -
116.225.121.189 - - [22/Sep/2022:10:47:57 +0800] "GET /xingrg/all/function/internal_message.html?_=1663814734443&CODE_STATE=getMsg HTTP/1.1" 200 27
116.225.121.189 - - [22/Sep/2022:10:47:58 +0800] "GET /xingrg/check_reg.html?_=1663814735553 HTTP/1.1" 200 22
124.78.156.85 - - [22/Sep/2022:10:47:58 +0800] "POST /xingrg/kc/buy/cgsh_order_operate.html HTTP/1.1" 200 37
180.169.147.146 - - [22/Sep/2022:10:47:59 +0800] "GET /xingrg/all/function/internal_message.html?_=1663814876056&CODE_STATE=getMsg HTTP/1.1" 200 27
114.84.151.24 - - [22/Sep/2022:10:48:00 +0800] "GET /xingrg/kc/buy/cgsh_order_operate.html?command=get_materiel&rest_code=00141&code=00101006055&supplier_code=00100012&order_time=2022-09-22 HTTP/1.1" 200 409
116.230.105.139 - - [22/Sep/2022:10:48:00 +0800] "GET /xingrg/kc/buy/cgsh_order_operate.html?command=get_materiel&rest_code=00155&code=00101008350&supplier_code=00100005&order_time=2022-09-22 HTTP/1.1" 200 429
114.84.81.136 - - [22/Sep/2022:10:48:02 +0800] "GET /xingrg/all/function/internal_message.html?_=1663814880018&CODE_STATE=getMsg HTTP/1.1" 200 27
124.78.156.85 - - [22/Sep/2022:10:48:04 +0800] "POST /xingrg/kc/buy/cgsh_order_operate.html HTTP/1.1" 200 12
116.230.114.213 - - [22/Sep/2022:10:48:04 +0800] "GET /xingrg/all/function/internal_message.html?_=1663814900070&CODE_STATE=getMsg HTTP/1.1" 200 27
124.78.156.85 - - [22/Sep/2022:10:48:05 +0800] "GET /xingrg/kc/buy/cgsh_order_info.html?code=212022092207932 HTTP/1.1" 200 63696
124.78.156.85 - - [22/Sep/2022:10:48:05 +0800] "GET /xingrg/javascript/easyui/themes/default/validatebox.css HTTP/1.1" 404 1104
124.78.156.85 - - [22/Sep/2022:10:48:06 +0800] "POST /xingrg/kc/buy/cgsh_order_operate.html HTTP/1.1" 200 4753
124.78.156.85 - - [22/Sep/2022:10:48:09 +0800] "GET /xingrg/kc/print/load_config.html?kc_code=cgsh HTTP/1.1" 200 1943
124.78.156.85 - - [22/Sep/2022:10:48:09 +0800] "GET /xingrg/kc/print/load_data.html?order_code=212022092207932&kc_code=cgsh&condition= HTTP/1.1" 200 2306
114.84.151.24 - - [22/Sep/2022:10:48:09 +0800] "GET /xingrg/kc/buy/cgsh_order_operate.html?command=get_materiel&rest_code=00141&code=00101006111&supplier_code=00100012&order_time=2022-09-22 HTTP/1.1" 200 409
116.230.114.213 - - [22/Sep/2022:10:48:14 +0800] "GET /xingrg/check_reg.html?_=1663814909820 HTTP/1.1" 200 22
114.84.151.24 - - [22/Sep/2022:10:48:16 +0800] "GET /xingrg/kc/buy/cgsh_order_operate.html?command=get_materiel&rest_code=00141&code=00101006168&supplier_code=00100012&order_time=2022-09-22 HTTP/1.1" 200 421
116.238.169.132 - - [22/Sep/2022:10:48:23 +0800] "GET /xingrg/all/function/internal_message.html?_=1663814902730&CODE_STATE=getMsg HTTP/1.1" 200 27
116.230.105.139 - - [22/Sep/2022:10:48:24 +0800] "GET /xingrg/all/function/internal_message.html?_=1663814901731&CODE_STATE=getMsg HTTP/1.1" 200 27
124.78.156.85 - - [22/Sep/2022:10:48:25 +0800] "GET /xingrg/kc/buy/cgsh_order_add.html HTTP/1.1" 200 68779
124.78.156.85 - - [22/Sep/2022:10:48:25 +0800] "POST /xingrg/kc/buy/cgsh_order_operate.html HTTP/1.1" 200 8245
124.78.156.85 - - [22/Sep/2022:10:48:25 +0800] "GET /xingrg/javascript/easyui/themes/default/validatebox.css HTTP/1.1" 404 1104
124.78.156.85 - - [22/Sep/2022:10:48:27 +0800] "GET /xingrg/javascript/easyui/themes/default/tree.css HTTP/1.1" 404 1090
222.70.183.206 - - [22/Sep/2022:10:48:27 +0800] "GET /xingrg/all/function/internal_message.html?_=1663814903331&CODE_STATE=getMsg HTTP/1.1" 200 27
124.78.156.85 - - [22/Sep/2022:10:48:27 +0800] "POST /xingrg/all/common/load_tree.html?tree=supplier_tree_json&isDelete=1 HTTP/1.1" 200 68670
180.169.147.146 - - [22/Sep/2022:10:48:31 +0800] "GET /xingrg/all/function/internal_message.html?_=1663814909818&CODE_STATE=getMsg HTTP/1.1" 200 27
114.84.81.136 - - [22/Sep/2022:10:48:32 +0800] "GET /xingrg/all/function/internal_message.html?_=1663814910037&CODE_STATE=getMsg HTTP/1.1" 200 27
124.78.156.85 - - [22/Sep/2022:10:48:34 +0800] "GET /xingrg/all/function/internal_message.html?_=1663814905206&CODE_STATE=getMsg HTTP/1.1" 200 27
124.78.156.85 - - [22/Sep/2022:10:48:34 +0800] "GET /xingrg/all/function/internal_message.html?_=1663814916155&CODE_STATE=getMsg HTTP/1.1" 200 27
124.79.74.72 - - [22/Sep/2022:10:48:36 +0800] "GET /xingrg/check_reg.html?_=1663814912581 HTTP/1.1" 200 22
124.79.74.72 - - [22/Sep/2022:10:48:36 +0800] "GET /xingrg/all/function/internal_message.html?_=1663814912583&CODE_STATE=getMsg HTTP/1.1" 200 27
114.84.151.24 - - [22/Sep/2022:10:48:37 +0800] "GET /xingrg/all/function/internal_message.html?_=1663814561455&CODE_STATE=getMsg HTTP/1.1" 200 27
180.169.147.146 - - [22/Sep/2022:10:48:40 +0800] "GET /xingrg/all/function/internal_message.html?_=1663814914606&CODE_STATE=getMsg HTTP/1.1" 200 27
120.253.135.82 - - [22/Sep/2022:10:48:43 +0800] "GET /xingrg/check_reg.html?_=1663815027201 HTTP/1.1" 200 22
120.253.135.82 - - [22/Sep/2022:10:48:44 +0800] "GET /xingrg/all/function/internal_message.html?_=1663815028177&CODE_STATE=getMsg HTTP/1.1" 200 27
116.224.255.128 - - [22/Sep/2022:10:48:45 +0800] "GET /xingrg/all/function/internal_message.html?_=1663814923237&CODE_STATE=getMsg HTTP/1.1" 200 27
180.169.147.146 - - [22/Sep/2022:10:48:47 +0800] "GET /xingrg/check_reg.html?_=1663814921674 HTTP/1.1" 200 22
101.85.93.113 - - [22/Sep/2022:10:48:48 +0800] "GET /xingrg/all/function/internal_message.html?_=1663814925952&CODE_STATE=getMsg HTTP/1.1" 200 27
124.78.156.85 - - [22/Sep/2022:10:48:51 +0800] "GET /xingrg/kc/buy/cgsh_order_operate.html?command=get_materiel&rest_code=00106&code=00101008147&supplier_code=00100009&order_time=2022-09-22 HTTP/1.1" 200 416
116.230.114.213 - - [22/Sep/2022:10:48:52 +0800] "GET /xingrg/all/function/internal_message.html?_=1663814945078&CODE_STATE=getMsg HTTP/1.1" 302 -
116.225.121.189 - - [22/Sep/2022:10:48:57 +0800] "GET /xingrg/all/function/internal_message.html?_=1663814794422&CODE_STATE=getMsg HTTP/1.1" 200 27
180.169.147.146 - - [22/Sep/2022:10:48:59 +0800] "GET /xingrg/all/function/internal_message.html?_=1663814936057&CODE_STATE=getMsg HTTP/1.1" 200 27
114.84.81.136 - - [22/Sep/2022:10:49:02 +0800] "GET /xingrg/check_reg.html?_=1663814940018 HTTP/1.1" 200 22
114.84.81.136 - - [22/Sep/2022:10:49:02 +0800] "GET /xingrg/all/function/internal_message.html?_=1663814940022&CODE_STATE=getMsg HTTP/1.1" 200 27
116.230.114.213 - - [22/Sep/2022:10:49:04 +0800] "GET /xingrg/all/function/internal_message.html?_=1663814960083&CODE_STATE=getMsg HTTP/1.1" 200 27
114.84.151.24 - - [22/Sep/2022:10:49:04 +0800] "GET /xingrg/kc/buy/cgsh_order_operate.html?command=get_materiel&rest_code=00141&code=00101006193&supplier_code=00100012&order_time=2022-09-22 HTTP/1.1" 200 409
116.238.169.132 - - [22/Sep/2022:10:49:07 +0800] "POST /xingrg/services/DataTransmitService HTTP/1.1" 200 524
124.78.156.85 - - [22/Sep/2022:10:49:10 +0800] "POST /xingrg/kc/buy/cgsh_order_operate.html HTTP/1.1" 200 37
116.238.169.132 - - [22/Sep/2022:10:49:14 +0800] "POST /xingrg/services/DataTransmitService HTTP/1.1" 200 501
114.84.151.24 - - [22/Sep/2022:10:49:14 +0800] "GET /xingrg/kc/buy/cgsh_order_operate.html?command=get_materiel&rest_code=00141&code=00101006184&supplier_code=00100012&order_time=2022-09-22 HTTP/1.1" 200 408
124.78.156.85 - - [22/Sep/2022:10:49:15 +0800] "POST /xingrg/kc/buy/cgsh_order_operate.html HTTP/1.1" 200 12
124.78.156.85 - - [22/Sep/2022:10:49:16 +0800] "GET /xingrg/kc/buy/cgsh_order_info.html?code=212022092207933 HTTP/1.1" 200 63688
124.78.156.85 - - [22/Sep/2022:10:49:16 +0800] "GET /xingrg/javascript/easyui/themes/default/validatebox.css HTTP/1.1" 404 1104
124.78.156.85 - - [22/Sep/2022:10:49:17 +0800] "POST /xingrg/kc/buy/cgsh_order_operate.html HTTP/1.1" 200 610
222.70.183.206 - - [22/Sep/2022:10:49:18 +0800] "GET /xingrg/check_reg.html?_=1663814953767 HTTP/1.1" 200 22
124.78.156.85 - - [22/Sep/2022:10:49:18 +0800] "GET /xingrg/kc/print/load_data.html?order_code=212022092207933&kc_code=cgsh&condition= HTTP/1.1" 200 775
222.70.183.206 - - [22/Sep/2022:10:49:23 +0800] "POST /xingrg/all/common/load_combo.html?type=employee HTTP/1.1" 200 277
116.238.169.132 - - [22/Sep/2022:10:49:23 +0800] "GET /xingrg/all/function/internal_message.html?_=1663814962719&CODE_STATE=getMsg HTTP/1.1" 200 27
116.230.105.139 - - [22/Sep/2022:10:49:24 +0800] "GET /xingrg/check_reg.html?_=1663814961734 HTTP/1.1" 200 22
116.230.105.139 - - [22/Sep/2022:10:49:24 +0800] "GET /xingrg/all/function/internal_message.html?_=1663814961735&CODE_STATE=getMsg HTTP/1.1" 200 27
222.70.183.206 - - [22/Sep/2022:10:49:28 +0800] "POST /xingrg/kc/mdqp/pssh_order_operate.html HTTP/1.1" 200 37
114.84.151.24 - - [22/Sep/2022:10:49:28 +0800] "GET /xingrg/kc/buy/cgsh_order_operate.html?command=get_materiel&rest_code=00141&code=00101006109&supplier_code=00100012&order_time=2022-09-22 HTTP/1.1" 200 409
222.70.183.206 - - [22/Sep/2022:10:49:29 +0800] "POST /xingrg/kc/mdqp/pssh_order_operate.html HTTP/1.1" 200 3790
124.78.156.85 - - [22/Sep/2022:10:49:30 +0800] "GET /xingrg/kc/print/load_data.html?order_code=212022092207933&kc_code=cgsh HTTP/1.1" 200 775
222.70.183.206 - - [22/Sep/2022:10:49:31 +0800] "POST /xingrg/kc/mdqp/pssh_order_operate.html HTTP/1.1" 200 37
180.169.147.146 - - [22/Sep/2022:10:49:31 +0800] "GET /xingrg/all/function/internal_message.html?_=1663814969825&CODE_STATE=getMsg HTTP/1.1" 200 27
114.84.81.136 - - [22/Sep/2022:10:49:32 +0800] "GET /xingrg/all/function/internal_message.html?_=1663814970037&CODE_STATE=getMsg HTTP/1.1" 200 27
222.70.183.206 - - [22/Sep/2022:10:49:32 +0800] "POST /xingrg/kc/mdqp/pssh_order_operate.html HTTP/1.1" 200 12
222.70.183.206 - - [22/Sep/2022:10:49:32 +0800] "GET /xingrg/kc/mdqp/pssh_order_info.html?code=312022092000480 HTTP/1.1" 200 14386
222.70.183.206 - - [22/Sep/2022:10:49:32 +0800] "GET /xingrg/javascript/jquery_tools/jquery-1.4.2.min.js HTTP/1.1" 404 1094
222.70.183.206 - - [22/Sep/2022:10:49:33 +0800] "GET /xingrg/javascript/easyui/themes/default/validatebox.css HTTP/1.1" 404 1104
222.70.183.206 - - [22/Sep/2022:10:49:33 +0800] "POST /xingrg/kc/mdqp/pssh_order_operate.html HTTP/1.1" 200 3790
124.78.156.85 - - [22/Sep/2022:10:49:34 +0800] "GET /xingrg/all/function/internal_message.html?_=1663814965164&CODE_STATE=getMsg HTTP/1.1" 200 27
114.84.151.24 - - [22/Sep/2022:10:49:34 +0800] "GET /xingrg/kc/buy/cgsh_order_operate.html?command=get_materiel&rest_code=00141&code=00101006056&supplier_code=00100012&order_time=2022-09-22 HTTP/1.1" 200 413
124.78.156.85 - - [22/Sep/2022:10:49:34 +0800] "GET /xingrg/all/function/internal_message.html?_=1663814976158&CODE_STATE=getMsg HTTP/1.1" 200 27
222.70.183.206 - - [22/Sep/2022:10:49:35 +0800] "GET /xingrg/kc/print/load_config.html?kc_code=pssh HTTP/1.1" 200 2291
222.70.183.206 - - [22/Sep/2022:10:49:35 +0800] "GET /xingrg/kc/print/load_data.html?order_code=312022092000480&kc_code=pssh&condition= HTTP/1.1" 200 1864
124.79.74.72 - - [22/Sep/2022:10:49:36 +0800] "GET /xingrg/all/function/internal_message.html?_=1663814972568&CODE_STATE=getMsg HTTP/1.1" 200 27
114.84.151.24 - - [22/Sep/2022:10:49:37 +0800] "GET /xingrg/all/function/internal_message.html?_=1663814621526&CODE_STATE=getMsg HTTP/1.1" 200 27
120.253.135.82 - - [22/Sep/2022:10:49:40 +0800] "GET /xingrg/check_reg.html?_=1663814777496 HTTP/1.1" 200 22
180.169.147.146 - - [22/Sep/2022:10:49:40 +0800] "GET /xingrg/all/function/internal_message.html?_=1663814974590&CODE_STATE=getMsg HTTP/1.1" 200 27
114.84.151.24 - - [22/Sep/2022:10:49:41 +0800] "POST /xingrg/kc/buy/cgsh_order_operate.html HTTP/1.1" 200 37
222.70.183.206 - - [22/Sep/2022:10:49:42 +0800] "GET /xingrg/kc/mdqp/pssh_order_list.html?isBack=1 HTTP/1.1" 200 17819
222.70.183.206 - - [22/Sep/2022:10:49:42 +0800] "POST /xingrg/kc/mdqp/pssh_list_operate.html HTTP/1.1" 200 5346
222.70.183.206 - - [22/Sep/2022:10:49:44 +0800] "POST /xingrg/kc/mdqp/pssh_list_operate.html HTTP/1.1" 200 682
222.70.183.206 - - [22/Sep/2022:10:49:44 +0800] "GET /xingrg/kc/mdqp/pssh_order_info.html?code=312022092000482 HTTP/1.1" 200 17293
222.70.183.206 - - [22/Sep/2022:10:49:44 +0800] "GET /xingrg/javascript/jquery_tools/jquery-1.4.2.min.js HTTP/1.1" 404 1094
120.253.135.82 - - [22/Sep/2022:10:49:44 +0800] "GET /xingrg/all/function/internal_message.html?_=1663815088188&CODE_STATE=getMsg HTTP/1.1" 200 27
222.70.183.206 - - [22/Sep/2022:10:49:44 +0800] "GET /xingrg/javascript/easyui/themes/default/validatebox.css HTTP/1.1" 404 1104
222.70.183.206 - - [22/Sep/2022:10:49:44 +0800] "POST /xingrg/kc/mdqp/pssh_order_operate.html HTTP/1.1" 200 2655
116.224.255.128 - - [22/Sep/2022:10:49:45 +0800] "GET /xingrg/all/function/internal_message.html?_=1663814983254&CODE_STATE=getMsg HTTP/1.1" 200 27
101.85.93.113 - - [22/Sep/2022:10:49:48 +0800] "GET /xingrg/all/function/internal_message.html?_=1663814985959&CODE_STATE=getMsg HTTP/1.1" 200 27
114.84.151.24 - - [22/Sep/2022:10:49:51 +0800] "POST /xingrg/kc/buy/cgsh_order_operate.html HTTP/1.1" 200 12
222.70.183.206 - - [22/Sep/2022:10:49:51 +0800] "POST /xingrg/all/common/load_combo.html?type=employee HTTP/1.1" 200 277
116.230.114.213 - - [22/Sep/2022:10:49:52 +0800] "GET /xingrg/all/function/internal_message.html?_=1663815005117&CODE_STATE=getMsg HTTP/1.1" 302 -
114.84.151.24 - - [22/Sep/2022:10:49:52 +0800] "GET /xingrg/kc/buy/cgsh_order_info.html?code=212022092207934 HTTP/1.1" 200 63682
114.84.151.24 - - [22/Sep/2022:10:49:53 +0800] "GET /xingrg/javascript/easyui/themes/default/validatebox.css HTTP/1.1" 404 1104
114.84.151.24 - - [22/Sep/2022:10:49:53 +0800] "POST /xingrg/kc/buy/cgsh_order_operate.html HTTP/1.1" 200 4150
222.70.183.206 - - [22/Sep/2022:10:49:57 +0800] "POST /xingrg/kc/mdqp/pssh_order_operate.html HTTP/1.1" 200 37
114.84.151.24 - - [22/Sep/2022:10:49:57 +0800] "GET /xingrg/kc/print/load_config.html?kc_code=cgsh HTTP/1.1" 200 1943
116.225.121.189 - - [22/Sep/2022:10:49:57 +0800] "GET /xingrg/all/function/internal_message.html?_=1663814854413&CODE_STATE=getMsg HTTP/1.1" 200 27
114.84.151.24 - - [22/Sep/2022:10:49:57 +0800] "GET /xingrg/kc/print/load_data.html?order_code=212022092207934&kc_code=cgsh&condition= HTTP/1.1" 200 2144
222.70.183.206 - - [22/Sep/2022:10:49:57 +0800] "POST /xingrg/kc/mdqp/pssh_order_operate.html HTTP/1.1" 200 2655
180.169.147.146 - - [22/Sep/2022:10:49:59 +0800] "GET /xingrg/all/function/internal_message.html?_=1663814996057&CODE_STATE=getMsg HTTP/1.1" 200 27
114.84.151.24 - - [22/Sep/2022:10:50:00 +0800] "GET /xingrg/kc/buy/cgsh_order_add.html HTTP/1.1" 200 68779
222.70.183.206 - - [22/Sep/2022:10:50:00 +0800] "POST /xingrg/kc/mdqp/pssh_order_operate.html HTTP/1.1" 200 37
114.84.151.24 - - [22/Sep/2022:10:50:00 +0800] "POST /xingrg/kc/buy/cgsh_order_operate.html HTTP/1.1" 200 8245
114.84.151.24 - - [22/Sep/2022:10:50:01 +0800] "GET /xingrg/javascript/easyui/themes/default/validatebox.css HTTP/1.1" 404 1104
222.70.183.206 - - [22/Sep/2022:10:50:01 +0800] "POST /xingrg/kc/mdqp/pssh_order_operate.html HTTP/1.1" 200 12
114.84.81.136 - - [22/Sep/2022:10:50:02 +0800] "GET /xingrg/all/function/internal_message.html?_=1663814999999&CODE_STATE=getMsg HTTP/1.1" 200 27
222.70.183.206 - - [22/Sep/2022:10:50:02 +0800] "GET /xingrg/kc/mdqp/pssh_order_info.html?code=312022092000482 HTTP/1.1" 200 14382
222.70.183.206 - - [22/Sep/2022:10:50:02 +0800] "GET /xingrg/javascript/jquery_tools/jquery-1.4.2.min.js HTTP/1.1" 404 1094
222.70.183.206 - - [22/Sep/2022:10:50:02 +0800] "POST /xingrg/kc/mdqp/pssh_order_operate.html HTTP/1.1" 200 2655
