116.225.121.189 - - [22/Sep/2022:10:09:40 +0800] "GET /xingrg/kc/buy/cgsh_order_operate.html?command=get_materiel&rest_code=00105&code=00101008353&supplier_code=00100203&order_time=2022-09-22 HTTP/1.1" 200 428
120.253.135.82 - - [22/Sep/2022:10:09:43 +0800] "GET /xingrg/all/function/internal_message.html?_=1663812687459&CODE_STATE=getMsg HTTP/1.1" 200 27
101.85.93.113 - - [22/Sep/2022:10:09:48 +0800] "GET /xingrg/all/function/internal_message.html?_=1663812585927&CODE_STATE=getMsg HTTP/1.1" 200 27
116.230.114.213 - - [22/Sep/2022:10:09:51 +0800] "GET /xingrg/all/function/internal_message.html?_=1663812604230&CODE_STATE=getMsg HTTP/1.1" 302 -
116.225.121.189 - - [22/Sep/2022:10:09:57 +0800] "GET /xingrg/all/function/internal_message.html?_=1663812454248&CODE_STATE=getMsg HTTP/1.1" 200 27
116.230.114.213 - - [22/Sep/2022:10:09:58 +0800] "GET /xingrg/all/function/internal_message.html?_=1663812613688&CODE_STATE=getMsg HTTP/1.1" 200 27
180.169.147.146 - - [22/Sep/2022:10:09:59 +0800] "GET /xingrg/all/function/internal_message.html?_=1663812596012&CODE_STATE=getMsg HTTP/1.1" 200 27
116.225.121.189 - - [22/Sep/2022:10:10:04 +0800] "GET /xingrg/kc/buy/cgsh_order_operate.html?command=get_materiel&rest_code=00105&code=00101008114&supplier_code=00100203&order_time=2022-09-22 HTTP/1.1" 200 412
180.169.147.146 - - [22/Sep/2022:10:10:07 +0800] "GET /xingrg/all/function/internal_message.html?_=1663812605183&CODE_STATE=getMsg HTTP/1.1" 200 27
116.225.121.189 - - [22/Sep/2022:10:10:22 +0800] "GET /xingrg/kc/buy/cgsh_order_operate.html?command=get_materiel&rest_code=00105&code=00101015112&supplier_code=00100203&order_time=2022-09-22 HTTP/1.1" 200 416
116.238.169.132 - - [22/Sep/2022:10:10:23 +0800] "GET /xingrg/all/function/internal_message.html?_=1663812622848&CODE_STATE=getMsg HTTP/1.1" 200 27
116.230.105.139 - - [22/Sep/2022:10:10:24 +0800] "GET /xingrg/all/function/internal_message.html?_=1663812622023&CODE_STATE=getMsg HTTP/1.1" 200 27
222.70.183.206 - - [22/Sep/2022:10:10:28 +0800] "GET /xingrg/all/function/internal_message.html?_=1663812623969&CODE_STATE=getMsg HTTP/1.1" 200 27
116.224.255.128 - - [22/Sep/2022:10:10:31 +0800] "GET /xingrg/all/function/internal_message.html?_=1663812629634&CODE_STATE=getMsg HTTP/1.1" 200 27
101.93.220.199 - - [22/Sep/2022:10:10:34 +0800] "GET /favicon.ico HTTP/1.1" 404 -
116.225.121.189 - - [22/Sep/2022:10:10:38 +0800] "GET /xingrg/kc/buy/cgsh_order_operate.html?command=get_materiel&rest_code=00105&code=00101015066&supplier_code=00100203&order_time=2022-09-22 HTTP/1.1" 200 413
120.253.135.82 - - [22/Sep/2022:10:10:43 +0800] "GET /xingrg/all/function/internal_message.html?_=1663812747471&CODE_STATE=getMsg HTTP/1.1" 200 27
116.225.121.189 - - [22/Sep/2022:10:10:47 +0800] "POST /xingrg/kc/buy/cgsh_order_operate.html HTTP/1.1" 200 2065
101.85.93.113 - - [22/Sep/2022:10:10:48 +0800] "GET /xingrg/all/function/internal_message.html?_=1663812645927&CODE_STATE=getMsg HTTP/1.1" 200 27
116.230.114.213 - - [22/Sep/2022:10:10:51 +0800] "GET /xingrg/all/function/internal_message.html?_=1663812664233&CODE_STATE=getMsg HTTP/1.1" 302 -
116.225.121.189 - - [22/Sep/2022:10:10:57 +0800] "GET /xingrg/all/function/internal_message.html?_=1663812514212&CODE_STATE=getMsg HTTP/1.1" 200 27
116.230.114.213 - - [22/Sep/2022:10:10:58 +0800] "GET /xingrg/all/function/internal_message.html?_=1663812674147&CODE_STATE=getMsg HTTP/1.1" 200 27
180.169.147.146 - - [22/Sep/2022:10:10:59 +0800] "GET /xingrg/all/function/internal_message.html?_=1663812656012&CODE_STATE=getMsg HTTP/1.1" 200 27
116.225.121.189 - - [22/Sep/2022:10:11:02 +0800] "GET /xingrg/kc/buy/cgsh_order_operate.html?command=get_materiel&rest_code=00105&code=00101008509&supplier_code=00100203&order_time=2022-09-22 HTTP/1.1" 200 409
180.169.147.146 - - [22/Sep/2022:10:11:07 +0800] "GET /xingrg/all/function/internal_message.html?_=1663812665186&CODE_STATE=getMsg HTTP/1.1" 200 27
116.230.114.213 - - [22/Sep/2022:10:11:10 +0800] "GET /xingrg/check_reg.html?_=1663812682972 HTTP/1.1" 302 -
116.238.169.132 - - [22/Sep/2022:10:11:23 +0800] "GET /xingrg/check_reg.html?_=1663812682842 HTTP/1.1" 200 22
116.238.169.132 - - [22/Sep/2022:10:11:23 +0800] "GET /xingrg/all/function/internal_message.html?_=1663812682843&CODE_STATE=getMsg HTTP/1.1" 200 27
116.230.105.139 - - [22/Sep/2022:10:11:24 +0800] "GET /xingrg/all/function/internal_message.html?_=1663812682036&CODE_STATE=getMsg HTTP/1.1" 200 27
114.84.81.136 - - [22/Sep/2022:10:11:28 +0800] "POST /xingrg/services/DataTransmitService HTTP/1.1" 200 524
222.70.183.206 - - [22/Sep/2022:10:11:28 +0800] "GET /xingrg/all/function/internal_message.html?_=1663812683954&CODE_STATE=getMsg HTTP/1.1" 200 27
114.84.81.136 - - [22/Sep/2022:10:11:28 +0800] "POST /xingrg/services/DataTransmitService HTTP/1.1" 200 2263
114.84.81.136 - - [22/Sep/2022:10:11:29 +0800] "POST /xingrg/services/DataTransmitService HTTP/1.1" 200 192828
116.224.255.128 - - [22/Sep/2022:10:11:31 +0800] "GET /xingrg/all/function/internal_message.html?_=1663812689618&CODE_STATE=getMsg HTTP/1.1" 200 27
120.253.135.82 - - [22/Sep/2022:10:11:43 +0800] "GET /xingrg/all/function/internal_message.html?_=1663812807511&CODE_STATE=getMsg HTTP/1.1" 200 27
101.85.93.113 - - [22/Sep/2022:10:11:48 +0800] "GET /xingrg/all/function/internal_message.html?_=1663812705929&CODE_STATE=getMsg HTTP/1.1" 200 27
116.230.114.213 - - [22/Sep/2022:10:11:51 +0800] "GET /xingrg/all/function/internal_message.html?_=1663812724265&CODE_STATE=getMsg HTTP/1.1" 302 -
116.225.121.189 - - [22/Sep/2022:10:11:57 +0800] "GET /xingrg/all/function/internal_message.html?_=1663812574179&CODE_STATE=getMsg HTTP/1.1" 200 27
116.225.121.189 - - [22/Sep/2022:10:11:57 +0800] "GET /xingrg/kc/buy/cgsh_order_operate.html?command=get_materiel&rest_code=00105&code=00101008049&supplier_code=00100203&order_time=2022-09-22 HTTP/1.1" 200 408
116.230.114.213 - - [22/Sep/2022:10:11:58 +0800] "GET /xingrg/all/function/internal_message.html?_=1663812734152&CODE_STATE=getMsg HTTP/1.1" 200 27
180.169.147.146 - - [22/Sep/2022:10:11:59 +0800] "GET /xingrg/check_reg.html?_=1663812716011 HTTP/1.1" 200 22
180.169.147.146 - - [22/Sep/2022:10:11:59 +0800] "GET /xingrg/all/function/internal_message.html?_=1663812716013&CODE_STATE=getMsg HTTP/1.1" 200 27
180.169.147.146 - - [22/Sep/2022:10:12:07 +0800] "GET /xingrg/check_reg.html?_=1663812725187 HTTP/1.1" 200 22
180.169.147.146 - - [22/Sep/2022:10:12:07 +0800] "GET /xingrg/all/function/internal_message.html?_=1663812725190&CODE_STATE=getMsg HTTP/1.1" 200 27
116.238.169.132 - - [22/Sep/2022:10:12:23 +0800] "GET /xingrg/all/function/internal_message.html?_=1663812742853&CODE_STATE=getMsg HTTP/1.1" 200 27
116.230.105.139 - - [22/Sep/2022:10:12:24 +0800] "GET /xingrg/all/function/internal_message.html?_=1663812742041&CODE_STATE=getMsg HTTP/1.1" 200 27
222.70.183.206 - - [22/Sep/2022:10:12:28 +0800] "GET /xingrg/all/function/internal_message.html?_=1663812743940&CODE_STATE=getMsg HTTP/1.1" 200 27
116.224.255.128 - - [22/Sep/2022:10:12:31 +0800] "GET /xingrg/all/function/internal_message.html?_=1663812749601&CODE_STATE=getMsg HTTP/1.1" 200 27
120.253.135.82 - - [22/Sep/2022:10:12:43 +0800] "GET /xingrg/all/function/internal_message.html?_=1663812867515&CODE_STATE=getMsg HTTP/1.1" 200 27
101.85.93.113 - - [22/Sep/2022:10:12:48 +0800] "GET /xingrg/all/function/internal_message.html?_=1663812765933&CODE_STATE=getMsg HTTP/1.1" 200 27
101.85.93.113 - - [22/Sep/2022:10:12:48 +0800] "GET /xingrg/check_reg.html?_=1663812765936 HTTP/1.1" 200 22
116.230.114.213 - - [22/Sep/2022:10:12:51 +0800] "GET /xingrg/all/function/internal_message.html?_=1663812784276&CODE_STATE=getMsg HTTP/1.1" 302 -
116.225.121.189 - - [22/Sep/2022:10:12:52 +0800] "POST /xingrg/kc/buy/cgsh_order_operate.html HTTP/1.1" 200 2065
116.225.121.189 - - [22/Sep/2022:10:12:57 +0800] "GET /xingrg/all/function/internal_message.html?_=1663812634166&CODE_STATE=getMsg HTTP/1.1" 200 27
116.225.121.189 - - [22/Sep/2022:10:12:58 +0800] "GET /xingrg/check_reg.html?_=1663812635506 HTTP/1.1" 200 22
116.230.114.213 - - [22/Sep/2022:10:12:59 +0800] "GET /xingrg/all/function/internal_message.html?_=1663812794610&CODE_STATE=getMsg HTTP/1.1" 200 27
180.169.147.146 - - [22/Sep/2022:10:12:59 +0800] "GET /xingrg/all/function/internal_message.html?_=1663812776012&CODE_STATE=getMsg HTTP/1.1" 200 27
180.169.147.146 - - [22/Sep/2022:10:13:07 +0800] "GET /xingrg/all/function/internal_message.html?_=1663812785182&CODE_STATE=getMsg HTTP/1.1" 200 27
222.70.183.206 - - [22/Sep/2022:10:13:08 +0800] "GET /xingrg/kc/buy/buy_main.html HTTP/1.1" 200 12412
222.70.183.206 - - [22/Sep/2022:10:13:08 +0800] "GET /xingrg/css/new_ie.css HTTP/1.1" 404 1036
116.225.121.189 - - [22/Sep/2022:10:13:08 +0800] "GET /xingrg/kc/buy/cgsh_order_operate.html?command=get_materiel&rest_code=00105&code=00101008118&supplier_code=00100203&order_time=2022-09-22 HTTP/1.1" 200 418
222.70.183.206 - - [22/Sep/2022:10:13:09 +0800] "GET /xingrg/kc/buy/buy_main.html HTTP/1.1" 200 12412
222.70.183.206 - - [22/Sep/2022:10:13:09 +0800] "GET /xingrg/css/new_ie.css HTTP/1.1" 404 1036
222.70.183.206 - - [22/Sep/2022:10:13:09 +0800] "GET /xingrg/images/yd/bt.gif HTTP/1.1" 404 1040
222.70.183.206 - - [22/Sep/2022:10:13:11 +0800] "GET /xingrg/kc/buy/cgsh_order_list.html HTTP/1.1" 200 52997
222.70.183.206 - - [22/Sep/2022:10:13:13 +0800] "POST /xingrg/kc/buy/cgsh_list_operate.html HTTP/1.1" 200 1860
116.230.114.213 - - [22/Sep/2022:10:13:14 +0800] "GET /xingrg/check_reg.html?_=1663812809737 HTTP/1.1" 200 22
116.238.169.132 - - [22/Sep/2022:10:13:23 +0800] "GET /xingrg/all/function/internal_message.html?_=1663812802854&CODE_STATE=getMsg HTTP/1.1" 200 27
116.230.105.139 - - [22/Sep/2022:10:13:24 +0800] "GET /xingrg/check_reg.html?_=1663812802040 HTTP/1.1" 200 22
116.230.105.139 - - [22/Sep/2022:10:13:24 +0800] "GET /xingrg/all/function/internal_message.html?_=1663812802041&CODE_STATE=getMsg HTTP/1.1" 200 27
116.225.121.189 - - [22/Sep/2022:10:13:24 +0800] "GET /xingrg/kc/buy/cgsh_order_operate.html?command=get_materiel&rest_code=00105&code=00101008270&supplier_code=00100203&order_time=2022-09-22 HTTP/1.1" 200 412
222.70.183.206 - - [22/Sep/2022:10:13:28 +0800] "GET /xingrg/all/function/internal_message.html?_=1663812803926&CODE_STATE=getMsg HTTP/1.1" 200 27
116.224.255.128 - - [22/Sep/2022:10:13:31 +0800] "GET /xingrg/all/function/internal_message.html?_=1663812809613&CODE_STATE=getMsg HTTP/1.1" 200 27
116.224.255.128 - - [22/Sep/2022:10:13:32 +0800] "GET /xingrg/check_reg.html?_=1663812809960 HTTP/1.1" 200 22
120.253.135.82 - - [22/Sep/2022:10:13:43 +0800] "GET /xingrg/check_reg.html?_=1663812927012 HTTP/1.1" 200 22
120.253.135.82 - - [22/Sep/2022:10:13:43 +0800] "GET /xingrg/all/function/internal_message.html?_=1663812927527&CODE_STATE=getMsg HTTP/1.1" 200 27
101.85.93.113 - - [22/Sep/2022:10:13:48 +0800] "GET /xingrg/all/function/internal_message.html?_=1663812825937&CODE_STATE=getMsg HTTP/1.1" 200 27
114.84.81.136 - - [22/Sep/2022:10:13:48 +0800] "GET /xingrg/login.html HTTP/1.1" 200 7641
114.84.81.136 - - [22/Sep/2022:10:13:48 +0800] "GET /xingrg/images/blue/jxLogo.png HTTP/1.1" 200 6156
114.84.81.136 - - [22/Sep/2022:10:13:48 +0800] "GET /xingrg/images/blue/login_bg.png HTTP/1.1" 200 22101
114.84.81.136 - - [22/Sep/2022:10:13:48 +0800] "GET /xingrg/images/blue/hj.png HTTP/1.1" 200 1014
114.84.81.136 - - [22/Sep/2022:10:13:48 +0800] "GET /xingrg/images/blue/srbg.png HTTP/1.1" 200 138
114.84.81.136 - - [22/Sep/2022:10:13:48 +0800] "GET /favicon.ico HTTP/1.1" 404 -
116.230.114.213 - - [22/Sep/2022:10:13:51 +0800] "GET /xingrg/all/function/internal_message.html?_=1663812844311&CODE_STATE=getMsg HTTP/1.1" 302 -
116.225.121.189 - - [22/Sep/2022:10:13:57 +0800] "GET /xingrg/all/function/internal_message.html?_=1663812694148&CODE_STATE=getMsg HTTP/1.1" 200 27
116.230.114.213 - - [22/Sep/2022:10:13:58 +0800] "GET /xingrg/all/function/internal_message.html?_=1663812854617&CODE_STATE=getMsg HTTP/1.1" 200 27
180.169.147.146 - - [22/Sep/2022:10:13:59 +0800] "GET /xingrg/all/function/internal_message.html?_=1663812836009&CODE_STATE=getMsg HTTP/1.1" 200 27
222.70.183.206 - - [22/Sep/2022:10:13:59 +0800] "GET /xingrg/kc/buy/cgsh_order_add.html HTTP/1.1" 200 68735
222.70.183.206 - - [22/Sep/2022:10:13:59 +0800] "GET /xingrg/words/20220921161920_words.js HTTP/1.1" 304 -
222.70.183.206 - - [22/Sep/2022:10:13:59 +0800] "POST /xingrg/kc/buy/cgsh_order_operate.html HTTP/1.1" 200 8245
222.70.183.206 - - [22/Sep/2022:10:13:59 +0800] "GET /xingrg/javascript/easyui/themes/default/validatebox.css HTTP/1.1" 404 1104
114.84.81.136 - - [22/Sep/2022:10:14:01 +0800] "POST /xingrg/login.do HTTP/1.1" 302 -
114.84.81.136 - - [22/Sep/2022:10:14:01 +0800] "GET /xingrg/index.html?sysBaseUrl=http%3A%2F%2F180.169.147.146%3A18081%2Fxingrg%2F&costTime=45×tamp=1663812841623 HTTP/1.1" 200 17419
114.84.81.136 - - [22/Sep/2022:10:14:01 +0800] "GET /xingrg/javascript/jquery_easy_ui/themes/icon.css HTTP/1.1" 200 3949
114.84.81.136 - - [22/Sep/2022:10:14:01 +0800] "GET /xingrg/css/form.css HTTP/1.1" 200 893
114.84.81.136 - - [22/Sep/2022:10:14:01 +0800] "GET /xingrg/javascript/jquery_easy_ui/easyui-lang-zh_CN.js HTTP/1.1" 200 1900
114.84.81.136 - - [22/Sep/2022:10:14:01 +0800] "GET /xingrg/javascript/jquery_easy_ui/themes/default/easyui.css HTTP/1.1" 200 26500
114.84.81.136 - - [22/Sep/2022:10:14:01 +0800] "GET /xingrg/javascript/jquery.form.js HTTP/1.1" 200 23110
114.84.81.136 - - [22/Sep/2022:10:14:01 +0800] "GET /xingrg/javascript/jquery.timers.js HTTP/1.1" 200 3532
114.84.81.136 - - [22/Sep/2022:10:14:01 +0800] "GET /xingrg/javascript/jquery.utils.js HTTP/1.1" 200 11805
114.84.81.136 - - [22/Sep/2022:10:14:01 +0800] "GET /xingrg/javascript/jquery-1.4.2.min.js HTTP/1.1" 200 72205
114.84.81.136 - - [22/Sep/2022:10:14:01 +0800] "GET /xingrg/javascript/jquery_easy_ui/jquery.easyui.min.js HTTP/1.1" 200 213662
114.84.81.136 - - [22/Sep/2022:10:14:01 +0800] "GET /xingrg/javascript/jquery_easy_ui/themes/icons/settle_new.png HTTP/1.1" 200 826
114.84.81.136 - - [22/Sep/2022:10:14:01 +0800] "GET /xingrg/images/blue/navBackgound.jpg HTTP/1.1" 200 12378
114.84.81.136 - - [22/Sep/2022:10:14:01 +0800] "POST /xingrg/all/common/load_tree.html?tree=area_rest_tree_json&manage=1 HTTP/1.1" 200 3472
114.84.81.136 - - [22/Sep/2022:10:14:02 +0800] "GET /xingrg/all/function/internal_message.html?_=1663812839991&CODE_STATE=count HTTP/1.1" 200 11
114.84.81.136 - - [22/Sep/2022:10:14:02 +0800] "GET /xingrg/check_reg.html?_=1663812839992 HTTP/1.1" 200 22
114.84.81.136 - - [22/Sep/2022:10:14:02 +0800] "GET /xingrg/images/blue/pingpu.png HTTP/1.1" 200 231
114.84.81.136 - - [22/Sep/2022:10:14:02 +0800] "GET /xingrg/javascript/jquery_easy_ui/themes/default/images/panel_tool_expand.gif HTTP/1.1" 200 247
114.84.81.136 - - [22/Sep/2022:10:14:02 +0800] "GET /xingrg/javascript/jquery_easy_ui/themes/default/images/panel_tool_collapse.gif HTTP/1.1" 200 246
114.84.81.136 - - [22/Sep/2022:10:14:02 +0800] "GET /xingrg/javascript/jquery_easy_ui/themes/default/images/tabs_leftarrow.png HTTP/1.1" 200 389
114.84.81.136 - - [22/Sep/2022:10:14:02 +0800] "POST /xingrg/load_menu.html HTTP/1.1" 200 9959
114.84.81.136 - - [22/Sep/2022:10:14:02 +0800] "GET /xingrg/javascript/jquery_easy_ui/themes/default/images/tabs_rightarrow.png HTTP/1.1" 200 395
114.84.81.136 - - [22/Sep/2022:10:14:02 +0800] "GET /favicon.ico HTTP/1.1" 404 -
114.84.81.136 - - [22/Sep/2022:10:14:02 +0800] "GET /xingrg/javascript/jquery_easy_ui/themes/default/images/tree_arrows.gif HTTP/1.1" 200 1043
114.84.81.136 - - [22/Sep/2022:10:14:02 +0800] "GET /xingrg/javascript/jquery_easy_ui/themes/default/images/tree_folder_open.gif HTTP/1.1" 200 956
114.84.81.136 - - [22/Sep/2022:10:14:02 +0800] "GET /xingrg/javascript/jquery_easy_ui/themes/icons/search_new.png HTTP/1.1" 200 586
114.84.81.136 - - [22/Sep/2022:10:14:02 +0800] "GET /xingrg/javascript/jquery_easy_ui/themes/default/images/tree_folder.gif HTTP/1.1" 200 952
114.84.81.136 - - [22/Sep/2022:10:14:02 +0800] "GET /xingrg/javascript/jquery_easy_ui/themes/icons/storage_new.png HTTP/1.1" 200 853
114.84.81.136 - - [22/Sep/2022:10:14:02 +0800] "GET /xingrg/javascript/jquery_easy_ui/themes/icons/checkout_new.png HTTP/1.1" 200 744
114.84.81.136 - - [22/Sep/2022:10:14:02 +0800] "GET /xingrg/javascript/jquery_easy_ui/themes/icons/forms_new.png HTTP/1.1" 200 350
114.84.81.136 - - [22/Sep/2022:10:14:02 +0800] "GET /xingrg/javascript/jquery_easy_ui/themes/icons/setting_new.png HTTP/1.1" 200 450
114.84.81.136 - - [22/Sep/2022:10:14:02 +0800] "GET /xingrg/javascript/jquery_easy_ui/themes/icons/systemset_new.png HTTP/1.1" 200 606
114.84.81.136 - - [22/Sep/2022:10:14:02 +0800] "GET /xingrg/javascript/jquery_easy_ui/themes/default/images/tree_file.gif HTTP/1.1" 200 118
114.84.81.136 - - [22/Sep/2022:10:14:05 +0800] "POST /xingrg/load_menu.html HTTP/1.1" 200 9242
222.70.183.206 - - [22/Sep/2022:10:14:05 +0800] "GET /xingrg/javascript/jquery_tools/images/next.gif HTTP/1.1" 404 1086
222.70.183.206 - - [22/Sep/2022:10:14:05 +0800] "GET /xingrg/javascript/jquery_tools/images/prev.gif HTTP/1.1" 404 1086
114.84.81.136 - - [22/Sep/2022:10:14:06 +0800] "GET /xingrg/all/report/report_query.html?fileName=dma/new_5.0/yingye/order_list.xml HTTP/1.1" 200 55281
114.84.81.136 - - [22/Sep/2022:10:14:06 +0800] "GET /xingrg/javascript/jquery_easy_ui/themes/default/images/tabs_close.gif HTTP/1.1" 200 829
114.84.81.136 - - [22/Sep/2022:10:14:06 +0800] "GET /xingrg/javascript/multi_select/jqueryMultiSelect.css HTTP/1.1" 200 951
114.84.81.136 - - [22/Sep/2022:10:14:06 +0800] "GET /xingrg/css/blue.css HTTP/1.1" 200 15949
114.84.81.136 - - [22/Sep/2022:10:14:06 +0800] "GET /xingrg/javascript/calendar/timePicker.css HTTP/1.1" 200 523
114.84.81.136 - - [22/Sep/2022:10:14:06 +0800] "GET /xingrg/javascript/bigrid/fix.css HTTP/1.1" 200 1702
114.84.81.136 - - [22/Sep/2022:10:14:06 +0800] "GET /xingrg/javascript/pic_change.js HTTP/1.1" 200 4739
114.84.81.136 - - [22/Sep/2022:10:14:06 +0800] "GET /xingrg/dwr/interface/AjaxReportQueryService.js HTTP/1.1" 200 13203
114.84.81.136 - - [22/Sep/2022:10:14:06 +0800] "GET /xingrg/dwr/util.js HTTP/1.1" 200 35990
114.84.81.136 - - [22/Sep/2022:10:14:06 +0800] "GET /xingrg/dwr/engine.js HTTP/1.1" 200 43631
114.84.81.136 - - [22/Sep/2022:10:14:06 +0800] "GET /xingrg/javascript/myfunction.js HTTP/1.1" 200 24559
114.84.81.136 - - [22/Sep/2022:10:14:06 +0800] "GET /xingrg/javascript/calendar/jquery.timePicker.min.js HTTP/1.1" 200 2997
114.84.81.136 - - [22/Sep/2022:10:14:06 +0800] "GET /xingrg/javascript/bigrid/fix.js HTTP/1.1" 200 6439
114.84.81.136 - - [22/Sep/2022:10:14:06 +0800] "GET /xingrg/javascript/jqueryMultiSelect.js HTTP/1.1" 200 11866
114.84.81.136 - - [22/Sep/2022:10:14:06 +0800] "GET /xingrg/javascript/Calendar.js HTTP/1.1" 200 31561
114.84.81.136 - - [22/Sep/2022:10:14:06 +0800] "GET /xingrg/images/blue/button/advanceover.gif HTTP/1.1" 200 1347
114.84.81.136 - - [22/Sep/2022:10:14:06 +0800] "GET /xingrg/images/blue/button/advance2over.gif HTTP/1.1" 200 1336
114.84.81.136 - - [22/Sep/2022:10:14:06 +0800] "GET /xingrg/images/blue/button/back2over.gif HTTP/1.1" 200 1335
114.84.81.136 - - [22/Sep/2022:10:14:06 +0800] "GET /xingrg/images/control/loading.gif HTTP/1.1" 200 13463
114.84.81.136 - - [22/Sep/2022:10:14:06 +0800] "GET /xingrg/images/blue/button/backover.gif HTTP/1.1" 200 1348
114.84.81.136 - - [22/Sep/2022:10:14:06 +0800] "GET /xingrg/javascript/jquery_easy_ui/themes/icons/help.png HTTP/1.1" 200 1187
114.84.81.136 - - [22/Sep/2022:10:14:06 +0800] "GET /xingrg/javascript/jquery_easy_ui/themes/default/images/menu_downarrow.png HTTP/1.1" 200 173
114.84.81.136 - - [22/Sep/2022:10:14:06 +0800] "GET /xingrg/javascript/jquery_easy_ui/themes/default/images/button_a_bg.gif HTTP/1.1" 200 1194
114.84.81.136 - - [22/Sep/2022:10:14:06 +0800] "GET /xingrg/javascript/jquery_easy_ui/themes/default/images/menu.gif HTTP/1.1" 200 834
114.84.81.136 - - [22/Sep/2022:10:14:06 +0800] "GET /xingrg/javascript/jquery_easy_ui/themes/icons/print.png HTTP/1.1" 200 1057
114.84.81.136 - - [22/Sep/2022:10:14:06 +0800] "GET /xingrg/javascript/jquery_easy_ui/themes/icons/pencil.png HTTP/1.1" 200 713
114.84.81.136 - - [22/Sep/2022:10:14:06 +0800] "POST /xingrg/dwr/call/plaincall/AjaxReportQueryService.getFixDate.dwr HTTP/1.1" 200 111
114.84.81.136 - - [22/Sep/2022:10:14:06 +0800] "GET /xingrg/javascript/jquery_easy_ui/themes/default/images/menu_rightarrow.png HTTP/1.1" 200 3617
114.84.81.136 - - [22/Sep/2022:10:14:07 +0800] "GET /xingrg/javascript/jquery_easy_ui/themes/default/images/combo_arrow_dot.gif HTTP/1.1" 200 79
114.84.81.136 - - [22/Sep/2022:10:14:07 +0800] "POST /xingrg/all/common/load_tree.html?tree=area_station_tree_json&manage=1 HTTP/1.1" 200 3364
114.84.81.136 - - [22/Sep/2022:10:14:07 +0800] "GET /xingrg/javascript/jquery_easy_ui/themes/default/images/tree_checkbox_0.gif HTTP/1.1" 200 168
114.84.81.136 - - [22/Sep/2022:10:14:07 +0800] "GET /xingrg/javascript/jquery_easy_ui/themes/icons/rest.png HTTP/1.1" 200 695
114.84.81.136 - - [22/Sep/2022:10:14:07 +0800] "POST /xingrg/dwr/call/plaincall/AjaxReportQueryService.getInitString.dwr HTTP/1.1" 200 76
180.169.147.146 - - [22/Sep/2022:10:14:07 +0800] "GET /xingrg/all/function/internal_message.html?_=1663812845193&CODE_STATE=getMsg HTTP/1.1" 200 27
114.84.81.136 - - [22/Sep/2022:10:14:07 +0800] "GET /xingrg/javascript/multi_select/dropdown.gif HTTP/1.1" 200 61
114.84.81.136 - - [22/Sep/2022:10:14:08 +0800] "GET /xingrg/javascript/jquery_easy_ui/themes/icons/area.png HTTP/1.1" 200 262
114.84.81.136 - - [22/Sep/2022:10:14:08 +0800] "GET /xingrg/javascript/jquery_easy_ui/themes/icons/manage.png HTTP/1.1" 200 696
180.169.147.146 - - [22/Sep/2022:10:14:10 +0800] "POST /xingrg/all/user/operate.html HTTP/1.1" 200 36
180.169.147.146 - - [22/Sep/2022:10:14:10 +0800] "GET /xingrg/index.html?sysBaseUrl=http%3A%2F%2F180.169.147.146%3A18081%2Fxingrg%2F&costTime=42×tamp=1663808562618 HTTP/1.1" 200 17503
180.169.147.146 - - [22/Sep/2022:10:14:10 +0800] "GET /xingrg/javascript/jquery_easy_ui/themes/default/easyui.css HTTP/1.1" 304 -
180.169.147.146 - - [22/Sep/2022:10:14:10 +0800] "GET /xingrg/javascript/jquery_easy_ui/themes/icon.css HTTP/1.1" 304 -
180.169.147.146 - - [22/Sep/2022:10:14:10 +0800] "GET /xingrg/css/form.css HTTP/1.1" 304 -
180.169.147.146 - - [22/Sep/2022:10:14:10 +0800] "GET /xingrg/javascript/jquery-1.4.2.min.js HTTP/1.1" 304 -
180.169.147.146 - - [22/Sep/2022:10:14:10 +0800] "GET /xingrg/javascript/jquery_easy_ui/jquery.easyui.min.js HTTP/1.1" 304 -
180.169.147.146 - - [22/Sep/2022:10:14:10 +0800] "GET /xingrg/javascript/jquery_easy_ui/easyui-lang-zh_CN.js HTTP/1.1" 304 -
180.169.147.146 - - [22/Sep/2022:10:14:10 +0800] "GET /xingrg/javascript/jquery.form.js HTTP/1.1" 304 -
180.169.147.146 - - [22/Sep/2022:10:14:10 +0800] "GET /xingrg/javascript/jquery.utils.js HTTP/1.1" 304 -
180.169.147.146 - - [22/Sep/2022:10:14:10 +0800] "GET /xingrg/javascript/jquery.timers.js HTTP/1.1" 304 -
180.169.147.146 - - [22/Sep/2022:10:14:10 +0800] "GET /xingrg/images/blue/jxLogo.png HTTP/1.1" 304 -
180.169.147.146 - - [22/Sep/2022:10:14:10 +0800] "GET /xingrg/javascript/jquery_easy_ui/themes/icons/settle_new.png HTTP/1.1" 304 -
180.169.147.146 - - [22/Sep/2022:10:14:10 +0800] "POST /xingrg/all/common/load_tree.html?tree=area_rest_tree_json&manage=1 HTTP/1.1" 200 3472
180.169.147.146 - - [22/Sep/2022:10:14:10 +0800] "GET /xingrg/images/blue/navBackgound.jpg HTTP/1.1" 304 -
180.169.147.146 - - [22/Sep/2022:10:14:10 +0800] "GET /xingrg/javascript/jquery_easy_ui/themes/default/images/tabs_leftarrow.png HTTP/1.1" 304 -
180.169.147.146 - - [22/Sep/2022:10:14:10 +0800] "GET /xingrg/javascript/jquery_easy_ui/themes/default/images/panel_tool_collapse.gif HTTP/1.1" 304 -
180.169.147.146 - - [22/Sep/2022:10:14:10 +0800] "GET /xingrg/images/blue/pingpu.png HTTP/1.1" 304 -
180.169.147.146 - - [22/Sep/2022:10:14:10 +0800] "GET /xingrg/all/function/internal_message.html?_=1663812848565&CODE_STATE=count HTTP/1.1" 200 11
180.169.147.146 - - [22/Sep/2022:10:14:10 +0800] "POST /xingrg/load_menu.html HTTP/1.1" 200 11564
180.169.147.146 - - [22/Sep/2022:10:14:10 +0800] "GET /xingrg/check_reg.html?_=1663812848566 HTTP/1.1" 200 22
180.169.147.146 - - [22/Sep/2022:10:14:10 +0800] "GET /xingrg/javascript/jquery_easy_ui/themes/default/images/tabs_rightarrow.png HTTP/1.1" 304 -
180.169.147.146 - - [22/Sep/2022:10:14:10 +0800] "GET /xingrg/javascript/jquery_easy_ui/themes/default/images/panel_tool_expand.gif HTTP/1.1" 304 -
180.169.147.146 - - [22/Sep/2022:10:14:10 +0800] "GET /xingrg/javascript/jquery_easy_ui/themes/icons/storage_new.png HTTP/1.1" 304 -
180.169.147.146 - - [22/Sep/2022:10:14:10 +0800] "GET /xingrg/javascript/jquery_easy_ui/themes/icons/checkout_new.png HTTP/1.1" 304 -
180.169.147.146 - - [22/Sep/2022:10:14:10 +0800] "GET /xingrg/javascript/jquery_easy_ui/themes/icons/delivery_new.png HTTP/1.1" 304 -
180.169.147.146 - - [22/Sep/2022:10:14:10 +0800] "GET /xingrg/javascript/jquery_easy_ui/themes/icons/setting_new.png HTTP/1.1" 304 -
180.169.147.146 - - [22/Sep/2022:10:14:10 +0800] "GET /xingrg/javascript/jquery_easy_ui/themes/icons/forms_new.png HTTP/1.1" 304 -
180.169.147.146 - - [22/Sep/2022:10:14:10 +0800] "GET /xingrg/javascript/jquery_easy_ui/themes/default/images/tree_file.gif HTTP/1.1" 304 -
180.169.147.146 - - [22/Sep/2022:10:14:10 +0800] "GET /xingrg/javascript/jquery_easy_ui/themes/default/images/tree_folder.gif HTTP/1.1" 304 -
180.169.147.146 - - [22/Sep/2022:10:14:10 +0800] "GET /xingrg/javascript/jquery_easy_ui/themes/default/images/tree_arrows.gif HTTP/1.1" 304 -
180.169.147.146 - - [22/Sep/2022:10:14:10 +0800] "GET /xingrg/javascript/jquery_easy_ui/themes/icons/search_new.png HTTP/1.1" 304 -
180.169.147.146 - - [22/Sep/2022:10:14:10 +0800] "GET /xingrg/javascript/jquery_easy_ui/themes/icons/systemset_new.png HTTP/1.1" 304 -
180.169.147.146 - - [22/Sep/2022:10:14:10 +0800] "GET /xingrg/javascript/jquery_easy_ui/themes/default/images/tree_folder_open.gif HTTP/1.1" 304 -
114.84.81.136 - - [22/Sep/2022:10:14:13 +0800] "GET /xingrg/javascript/jquery_easy_ui/themes/default/images/tree_checkbox_1.gif HTTP/1.1" 200 174
114.84.81.136 - - [22/Sep/2022:10:14:13 +0800] "GET /xingrg/javascript/jquery_easy_ui/themes/default/images/tree_checkbox_2.gif HTTP/1.1" 200 181
114.84.81.136 - - [22/Sep/2022:10:14:13 +0800] "POST /xingrg/dwr/call/plaincall/AjaxReportQueryService.queryInitializeString.dwr HTTP/1.1" 200 76
180.169.147.146 - - [22/Sep/2022:10:14:14 +0800] "POST /xingrg/all/user/operate.html HTTP/1.1" 200 36
180.169.147.146 - - [22/Sep/2022:10:14:14 +0800] "GET /xingrg/index.html?sysBaseUrl=http%3A%2F%2F180.169.147.146%3A18081%2Fxingrg%2F&costTime=42×tamp=1663808562618 HTTP/1.1" 200 17509
180.169.147.146 - - [22/Sep/2022:10:14:14 +0800] "GET /xingrg/javascript/jquery_easy_ui/themes/default/easyui.css HTTP/1.1" 304 -
180.169.147.146 - - [22/Sep/2022:10:14:14 +0800] "GET /xingrg/javascript/jquery_easy_ui/themes/icon.css HTTP/1.1" 304 -
180.169.147.146 - - [22/Sep/2022:10:14:14 +0800] "GET /xingrg/css/form.css HTTP/1.1" 304 -
180.169.147.146 - - [22/Sep/2022:10:14:14 +0800] "GET /xingrg/javascript/jquery-1.4.2.min.js HTTP/1.1" 304 -
180.169.147.146 - - [22/Sep/2022:10:14:14 +0800] "GET /xingrg/javascript/jquery_easy_ui/jquery.easyui.min.js HTTP/1.1" 304 -
180.169.147.146 - - [22/Sep/2022:10:14:14 +0800] "GET /xingrg/javascript/jquery_easy_ui/easyui-lang-zh_CN.js HTTP/1.1" 304 -
180.169.147.146 - - [22/Sep/2022:10:14:14 +0800] "GET /xingrg/javascript/jquery.form.js HTTP/1.1" 304 -
180.169.147.146 - - [22/Sep/2022:10:14:14 +0800] "GET /xingrg/javascript/jquery.utils.js HTTP/1.1" 304 -
180.169.147.146 - - [22/Sep/2022:10:14:14 +0800] "GET /xingrg/javascript/jquery.timers.js HTTP/1.1" 304 -
180.169.147.146 - - [22/Sep/2022:10:14:14 +0800] "GET /xingrg/images/blue/jxLogo.png HTTP/1.1" 304 -
180.169.147.146 - - [22/Sep/2022:10:14:14 +0800] "GET /xingrg/javascript/jquery_easy_ui/themes/icons/settle_new.png HTTP/1.1" 304 -
180.169.147.146 - - [22/Sep/2022:10:14:14 +0800] "GET /xingrg/images/blue/navBackgound.jpg HTTP/1.1" 304 -
180.169.147.146 - - [22/Sep/2022:10:14:14 +0800] "POST /xingrg/all/common/load_tree.html?tree=area_rest_tree_json&manage=1 HTTP/1.1" 200 3472
180.169.147.146 - - [22/Sep/2022:10:14:14 +0800] "GET /xingrg/javascript/jquery_easy_ui/themes/default/images/panel_tool_expand.gif HTTP/1.1" 304 -
180.169.147.146 - - [22/Sep/2022:10:14:14 +0800] "GET /xingrg/javascript/jquery_easy_ui/themes/default/images/tabs_rightarrow.png HTTP/1.1" 304 -
180.169.147.146 - - [22/Sep/2022:10:14:14 +0800] "GET /xingrg/check_reg.html?_=1663812852569 HTTP/1.1" 200 22
180.169.147.146 - - [22/Sep/2022:10:14:14 +0800] "GET /xingrg/all/function/internal_message.html?_=1663812852569&CODE_STATE=count HTTP/1.1" 200 11
180.169.147.146 - - [22/Sep/2022:10:14:14 +0800] "GET /xingrg/javascript/jquery_easy_ui/themes/default/images/panel_tool_collapse.gif HTTP/1.1" 304 -
180.169.147.146 - - [22/Sep/2022:10:14:14 +0800] "GET /xingrg/images/blue/pingpu.png HTTP/1.1" 304 -
180.169.147.146 - - [22/Sep/2022:10:14:14 +0800] "GET /xingrg/javascript/jquery_easy_ui/themes/default/images/tabs_leftarrow.png HTTP/1.1" 304 -
180.169.147.146 - - [22/Sep/2022:10:14:14 +0800] "POST /xingrg/load_menu.html HTTP/1.1" 200 9959
114.84.81.136 - - [22/Sep/2022:10:14:15 +0800] "POST /xingrg/dwr/call/plaincall/AjaxReportQueryService.refreshCache.dwr HTTP/1.1" 200 78
114.84.81.136 - - [22/Sep/2022:10:14:16 +0800] "POST /xingrg/all/report/load_report_page.html HTTP/1.1" 200 89
180.169.147.146 - - [22/Sep/2022:10:14:16 +0800] "GET /xingrg/kc/buy/cgsh_order_list.html HTTP/1.1" 200 53258
222.70.183.206 - - [22/Sep/2022:10:14:18 +0800] "GET /xingrg/check_reg.html?_=1663812853710 HTTP/1.1" 200 22
222.70.183.206 - - [22/Sep/2022:10:14:18 +0800] "GET /xingrg/kc/buy/cgsh_order_operate.html?command=get_materiel&rest_code=00111&code=00101006129&supplier_code=00100012&order_time=2022-09-22 HTTP/1.1" 200 452
180.169.147.146 - - [22/Sep/2022:10:14:18 +0800] "POST /xingrg/kc/buy/cgsh_list_operate.html HTTP/1.1" 200 6121
180.169.147.146 - - [22/Sep/2022:10:14:20 +0800] "GET /xingrg/javascript/jquery_tools/images/prev.gif HTTP/1.1" 404 1086
180.169.147.146 - - [22/Sep/2022:10:14:20 +0800] "GET /xingrg/javascript/jquery_tools/images/next.gif HTTP/1.1" 404 1086
114.84.81.136 - - [22/Sep/2022:10:14:21 +0800] "POST /xingrg/dwr/call/plaincall/AjaxReportQueryService.getFixDate.dwr HTTP/1.1" 200 111
114.84.81.136 - - [22/Sep/2022:10:14:22 +0800] "POST /xingrg/dwr/call/plaincall/AjaxReportQueryService.refreshCache.dwr HTTP/1.1" 200 78
114.84.81.136 - - [22/Sep/2022:10:14:22 +0800] "POST /xingrg/all/report/load_report_page.html HTTP/1.1" 200 35703
114.84.81.136 - - [22/Sep/2022:10:14:22 +0800] "GET /xingrg/servlets/image?cache=0.890358283903286&image=px HTTP/1.1" 200 807
116.238.169.132 - - [22/Sep/2022:10:14:23 +0800] "GET /xingrg/all/function/internal_message.html?_=1663812862851&CODE_STATE=getMsg HTTP/1.1" 200 27
116.230.105.139 - - [22/Sep/2022:10:14:24 +0800] "GET /xingrg/all/function/internal_message.html?_=1663812862042&CODE_STATE=getMsg HTTP/1.1" 200 27
180.169.147.146 - - [22/Sep/2022:10:14:24 +0800] "GET /xingrg/javascript/auto/indicator.gif HTTP/1.1" 404 1066
222.70.183.206 - - [22/Sep/2022:10:14:28 +0800] "GET /xingrg/all/function/internal_message.html?_=1663812863899&CODE_STATE=getMsg HTTP/1.1" 200 27
180.169.147.146 - - [22/Sep/2022:10:14:30 +0800] "POST /xingrg/kc/buy/cgsh_list_operate.html HTTP/1.1" 200 3703
116.224.255.128 - - [22/Sep/2022:10:14:31 +0800] "GET /xingrg/all/function/internal_message.html?_=1663812869582&CODE_STATE=getMsg HTTP/1.1" 200 27
222.70.183.206 - - [22/Sep/2022:10:14:33 +0800] "GET /xingrg/kc/buy/cgsh_order_operate.html?command=get_materiel&rest_code=00111&code=00101006025&supplier_code=00100012&order_time=2022-09-22 HTTP/1.1" 200 417
180.169.147.146 - - [22/Sep/2022:10:14:34 +0800] "POST /xingrg/kc/buy/cgsh_list_operate.html HTTP/1.1" 200 208
180.169.147.146 - - [22/Sep/2022:10:14:37 +0800] "POST /xingrg/kc/buy/cgsh_list_operate.html HTTP/1.1" 200 208
120.253.135.82 - - [22/Sep/2022:10:14:39 +0800] "GET /xingrg/check_reg.html?_=1663812677440 HTTP/1.1" 200 22
120.253.135.82 - - [22/Sep/2022:10:14:43 +0800] "GET /xingrg/all/function/internal_message.html?_=1663812987542&CODE_STATE=getMsg HTTP/1.1" 200 27
222.70.183.206 - - [22/Sep/2022:10:14:43 +0800] "GET /xingrg/kc/buy/cgsh_order_operate.html?command=get_materiel&rest_code=00111&code=00101006038&supplier_code=00100012&order_time=2022-09-22 HTTP/1.1" 200 423
101.85.93.113 - - [22/Sep/2022:10:14:48 +0800] "GET /xingrg/all/function/internal_message.html?_=1663812885938&CODE_STATE=getMsg HTTP/1.1" 200 27
180.169.147.146 - - [22/Sep/2022:10:14:49 +0800] "POST /xingrg/kc/buy/cgsh_list_operate.html HTTP/1.1" 200 217
116.230.114.213 - - [22/Sep/2022:10:14:51 +0800] "GET /xingrg/all/function/internal_message.html?_=1663812904319&CODE_STATE=getMsg HTTP/1.1" 302 -
116.225.121.189 - - [22/Sep/2022:10:14:57 +0800] "GET /xingrg/all/function/internal_message.html?_=1663812754151&CODE_STATE=getMsg HTTP/1.1" 200 27
116.230.114.213 - - [22/Sep/2022:10:14:59 +0800] "GET /xingrg/all/function/internal_message.html?_=1663812914630&CODE_STATE=getMsg HTTP/1.1" 200 27
180.169.147.146 - - [22/Sep/2022:10:14:59 +0800] "GET /xingrg/all/function/internal_message.html?_=1663812896001&CODE_STATE=getMsg HTTP/1.1" 200 27
222.70.183.206 - - [22/Sep/2022:10:15:00 +0800] "GET /xingrg/kc/buy/cgsh_order_operate.html?command=get_materiel&rest_code=00111&code=00101011001&supplier_code=00100012&order_time=2022-09-22 HTTP/1.1" 200 423
114.84.81.136 - - [22/Sep/2022:10:15:02 +0800] "GET /xingrg/all/function/internal_message.html?_=1663812900001&CODE_STATE=getMsg HTTP/1.1" 200 27
116.225.121.189 - - [22/Sep/2022:10:15:02 +0800] "GET /xingrg/kc/buy/cgsh_order_operate.html?command=get_materiel&rest_code=00105&code=00101008169&supplier_code=00100203&order_time=2022-09-22 HTTP/1.1" 200 412
222.70.183.206 - - [22/Sep/2022:10:15:08 +0800] "GET /xingrg/kc/buy/cgsh_order_operate.html?command=get_materiel&rest_code=00111&code=00101006057&supplier_code=00100012&order_time=2022-09-22 HTTP/1.1" 200 413
180.169.147.146 - - [22/Sep/2022:10:15:14 +0800] "GET /xingrg/all/function/internal_message.html?_=1663812912585&CODE_STATE=getMsg HTTP/1.1" 200 27
116.238.169.132 - - [22/Sep/2022:10:15:23 +0800] "GET /xingrg/all/function/internal_message.html?_=1663812922842&CODE_STATE=getMsg HTTP/1.1" 200 27
116.230.105.139 - - [22/Sep/2022:10:15:24 +0800] "GET /xingrg/all/function/internal_message.html?_=1663812922032&CODE_STATE=getMsg HTTP/1.1" 200 27
222.70.183.206 - - [22/Sep/2022:10:15:27 +0800] "GET /xingrg/kc/buy/cgsh_order_operate.html?command=get_materiel&rest_code=00111&code=00101006026&supplier_code=00100012&order_time=2022-09-22 HTTP/1.1" 200 409
222.70.183.206 - - [22/Sep/2022:10:15:28 +0800] "GET /xingrg/all/function/internal_message.html?_=1663812923880&CODE_STATE=getMsg HTTP/1.1" 200 27
116.224.255.128 - - [22/Sep/2022:10:15:31 +0800] "GET /xingrg/all/function/internal_message.html?_=1663812929567&CODE_STATE=getMsg HTTP/1.1" 200 27
120.253.135.82 - - [22/Sep/2022:10:15:43 +0800] "GET /xingrg/all/function/internal_message.html?_=1663813047554&CODE_STATE=getMsg HTTP/1.1" 200 27
101.85.93.113 - - [22/Sep/2022:10:15:48 +0800] "GET /xingrg/all/function/internal_message.html?_=1663812945938&CODE_STATE=getMsg HTTP/1.1" 200 27
116.230.114.213 - - [22/Sep/2022:10:15:51 +0800] "GET /xingrg/all/function/internal_message.html?_=1663812964351&CODE_STATE=getMsg HTTP/1.1" 302 -
116.238.169.132 - - [22/Sep/2022:10:15:51 +0800] "GET /favicon.ico HTTP/1.1" 404 -
116.225.121.189 - - [22/Sep/2022:10:15:57 +0800] "GET /xingrg/all/function/internal_message.html?_=1663812814223&CODE_STATE=getMsg HTTP/1.1" 200 27
114.84.81.136 - - [22/Sep/2022:10:15:58 +0800] "GET /xingrg/javascript/jquery_easy_ui/themes/default/images/tabs_active.png HTTP/1.1" 200 2894
180.169.147.146 - - [22/Sep/2022:10:15:59 +0800] "GET /xingrg/all/function/internal_message.html?_=1663812956002&CODE_STATE=getMsg HTTP/1.1" 200 27
116.230.114.213 - - [22/Sep/2022:10:15:59 +0800] "GET /xingrg/all/function/internal_message.html?_=1663812975098&CODE_STATE=getMsg HTTP/1.1" 200 27
114.84.81.136 - - [22/Sep/2022:10:16:02 +0800] "GET /xingrg/all/function/internal_message.html?_=1663812960092&CODE_STATE=getMsg HTTP/1.1" 200 27
116.230.114.213 - - [22/Sep/2022:10:16:10 +0800] "GET /xingrg/check_reg.html?_=1663812982975 HTTP/1.1" 302 -
180.169.147.146 - - [22/Sep/2022:10:16:14 +0800] "GET /xingrg/all/function/internal_message.html?_=1663812972586&CODE_STATE=getMsg HTTP/1.1" 200 27
222.70.183.206 - - [22/Sep/2022:10:16:18 +0800] "POST /xingrg/kc/buy/cgsh_order_operate.html HTTP/1.1" 200 37
222.70.183.206 - - [22/Sep/2022:10:16:21 +0800] "POST /xingrg/kc/buy/cgsh_order_operate.html HTTP/1.1" 200 5660
222.70.183.206 - - [22/Sep/2022:10:16:23 +0800] "GET /xingrg/kc/print/load_data.html?order_code=212022092207914&kc_code=cgsh&condition= HTTP/1.1" 200 1937
116.225.121.189 - - [22/Sep/2022:10:16:23 +0800] "POST /xingrg/kc/buy/cgsh_order_operate.html HTTP/1.1" 200 2065
116.238.169.132 - - [22/Sep/2022:10:16:23 +0800] "GET /xingrg/check_reg.html?_=1663812982850 HTTP/1.1" 200 22
116.238.169.132 - - [22/Sep/2022:10:16:23 +0800] "GET /xingrg/all/function/internal_message.html?_=1663812982851&CODE_STATE=getMsg HTTP/1.1" 200 27
116.230.105.139 - - [22/Sep/2022:10:16:24 +0800] "GET /xingrg/all/function/internal_message.html?_=1663812982035&CODE_STATE=getMsg HTTP/1.1" 200 27
222.70.183.206 - - [22/Sep/2022:10:16:28 +0800] "GET /xingrg/all/function/internal_message.html?_=1663812983856&CODE_STATE=getMsg HTTP/1.1" 200 27
116.224.255.128 - - [22/Sep/2022:10:16:31 +0800] "GET /xingrg/all/function/internal_message.html?_=1663812989574&CODE_STATE=getMsg HTTP/1.1" 200 27
222.70.183.206 - - [22/Sep/2022:10:16:35 +0800] "GET /xingrg/kc/buy/cgsh_order_add.html HTTP/1.1" 200 68735
222.70.183.206 - - [22/Sep/2022:10:16:35 +0800] "POST /xingrg/kc/buy/cgsh_order_operate.html HTTP/1.1" 200 8245
222.70.183.206 - - [22/Sep/2022:10:16:35 +0800] "GET /xingrg/javascript/easyui/themes/default/validatebox.css HTTP/1.1" 404 1104
114.84.81.136 - - [22/Sep/2022:10:16:41 +0800] "POST /xingrg/services/DataTransmitService HTTP/1.1" 200 524
120.253.135.82 - - [22/Sep/2022:10:16:43 +0800] "GET /xingrg/all/function/internal_message.html?_=1663813107591&CODE_STATE=getMsg HTTP/1.1" 200 27
222.70.183.206 - - [22/Sep/2022:10:16:45 +0800] "GET /xingrg/kc/buy/cgsh_order_operate.html?command=get_materiel&rest_code=00111&code=00101010161&supplier_code=00100042&order_time=2022-09-22 HTTP/1.1" 200 429
120.253.135.82 - - [22/Sep/2022:10:16:47 +0800] "GET /xingrg/kc/pszx/mdqp_order_list.html?state=10 HTTP/1.1" 200 10657
120.253.135.82 - - [22/Sep/2022:10:16:47 +0800] "GET /xingrg/dwr/interface/AjaxQqpsService.js HTTP/1.1" 200 16326
120.253.135.82 - - [22/Sep/2022:10:16:48 +0800] "GET /xingrg/dwr/interface/AjaxReportQueryService.js HTTP/1.1" 200 13203
101.85.93.113 - - [22/Sep/2022:10:16:48 +0800] "GET /xingrg/all/function/internal_message.html?_=1663813005939&CODE_STATE=getMsg HTTP/1.1" 200 27
120.253.135.82 - - [22/Sep/2022:10:16:48 +0800] "GET /xingrg/dwr/engine.js HTTP/1.1" 200 43631
116.230.114.213 - - [22/Sep/2022:10:16:51 +0800] "GET /xingrg/all/function/internal_message.html?_=1663813024362&CODE_STATE=getMsg HTTP/1.1" 302 -
222.70.183.206 - - [22/Sep/2022:10:16:55 +0800] "GET /xingrg/kc/buy/cgsh_order_operate.html?command=get_materiel&rest_code=00111&code=00101003025&supplier_code=00100042&order_time=2022-09-22 HTTP/1.1" 200 409
116.225.121.189 - - [22/Sep/2022:10:16:57 +0800] "GET /xingrg/all/function/internal_message.html?_=1663812874207&CODE_STATE=getMsg HTTP/1.1" 200 27
180.169.147.146 - - [22/Sep/2022:10:16:59 +0800] "GET /xingrg/all/function/internal_message.html?_=1663813016003&CODE_STATE=getMsg HTTP/1.1" 200 27
180.169.147.146 - - [22/Sep/2022:10:16:59 +0800] "GET /xingrg/check_reg.html?_=1663813016005 HTTP/1.1" 200 22
116.230.114.213 - - [22/Sep/2022:10:16:59 +0800] "GET /xingrg/all/function/internal_message.html?_=1663813035109&CODE_STATE=getMsg HTTP/1.1" 200 27
114.84.81.136 - - [22/Sep/2022:10:17:02 +0800] "GET /xingrg/all/function/internal_message.html?_=1663813020083&CODE_STATE=getMsg HTTP/1.1" 200 27
222.70.183.206 - - [22/Sep/2022:10:17:05 +0800] "GET /xingrg/kc/buy/cgsh_order_operate.html?command=get_materiel&rest_code=00111&code=00101001111&supplier_code=00100042&order_time=2022-09-22 HTTP/1.1" 200 409
180.169.147.146 - - [22/Sep/2022:10:17:14 +0800] "GET /xingrg/all/function/internal_message.html?_=1663813032576&CODE_STATE=getMsg HTTP/1.1" 200 27
222.70.183.206 - - [22/Sep/2022:10:17:15 +0800] "POST /xingrg/kc/buy/cgsh_order_operate.html HTTP/1.1" 200 37
120.253.135.82 - - [22/Sep/2022:10:17:17 +0800] "GET /xingrg/kc/pszx/mdqp_order_list.html?state=10 HTTP/1.1" 200 10657
120.253.135.82 - - [22/Sep/2022:10:17:17 +0800] "GET /xingrg/dwr/interface/AjaxReportQueryService.js HTTP/1.1" 200 13203
120.253.135.82 - - [22/Sep/2022:10:17:17 +0800] "GET /xingrg/dwr/interface/AjaxQqpsService.js HTTP/1.1" 200 16326
120.253.135.82 - - [22/Sep/2022:10:17:17 +0800] "GET /xingrg/dwr/engine.js HTTP/1.1" 200 43631
222.70.183.206 - - [22/Sep/2022:10:17:17 +0800] "POST /xingrg/kc/buy/cgsh_order_operate.html HTTP/1.1" 200 3829
222.70.183.206 - - [22/Sep/2022:10:17:18 +0800] "GET /xingrg/kc/print/load_data.html?order_code=212022092207915&kc_code=cgsh&condition= HTTP/1.1" 200 1144
222.70.183.206 - - [22/Sep/2022:10:17:23 +0800] "GET /xingrg/kc/buy/cgsh_order_add.html HTTP/1.1" 200 68735
116.238.169.132 - - [22/Sep/2022:10:17:23 +0800] "GET /xingrg/all/function/internal_message.html?_=1663813042848&CODE_STATE=getMsg HTTP/1.1" 200 27
222.70.183.206 - - [22/Sep/2022:10:17:24 +0800] "POST /xingrg/kc/buy/cgsh_order_operate.html HTTP/1.1" 200 8245
222.70.183.206 - - [22/Sep/2022:10:17:24 +0800] "GET /xingrg/javascript/easyui/themes/default/validatebox.css HTTP/1.1" 404 1104
116.230.105.139 - - [22/Sep/2022:10:17:24 +0800] "GET /xingrg/all/function/internal_message.html?_=1663813042023&CODE_STATE=getMsg HTTP/1.1" 200 27
222.70.183.206 - - [22/Sep/2022:10:17:28 +0800] "GET /xingrg/all/function/internal_message.html?_=1663813043865&CODE_STATE=getMsg HTTP/1.1" 200 27
116.224.255.128 - - [22/Sep/2022:10:17:31 +0800] "GET /xingrg/all/function/internal_message.html?_=1663813049570&CODE_STATE=getMsg HTTP/1.1" 200 27
222.70.183.206 - - [22/Sep/2022:10:17:35 +0800] "GET /xingrg/kc/buy/cgsh_order_operate.html?command=get_materiel&rest_code=00111&code=00101002027&supplier_code=00100199&order_time=2022-09-22 HTTP/1.1" 200 435
120.253.135.82 - - [22/Sep/2022:10:17:43 +0800] "GET /xingrg/all/function/internal_message.html?_=1663813167597&CODE_STATE=getMsg HTTP/1.1" 200 27
116.225.121.189 - - [22/Sep/2022:10:17:45 +0800] "GET /xingrg/kc/buy/cgsh_order_operate.html?command=get_materiel&rest_code=00105&code=00101010136&supplier_code=00100203&order_time=2022-09-22 HTTP/1.1" 200 408
101.85.93.113 - - [22/Sep/2022:10:17:48 +0800] "GET /xingrg/check_reg.html?_=1663813065943 HTTP/1.1" 200 22
101.85.93.113 - - [22/Sep/2022:10:17:48 +0800] "GET /xingrg/all/function/internal_message.html?_=1663813065944&CODE_STATE=getMsg HTTP/1.1" 200 27
116.230.114.213 - - [22/Sep/2022:10:17:51 +0800] "GET /xingrg/all/function/internal_message.html?_=1663813084405&CODE_STATE=getMsg HTTP/1.1" 302 -
222.70.183.206 - - [22/Sep/2022:10:17:52 +0800] "GET /xingrg/kc/buy/cgsh_order_operate.html?command=get_materiel&rest_code=00111&code=00101002006&supplier_code=00100199&order_time=2022-09-22 HTTP/1.1" 200 430
116.225.121.189 - - [22/Sep/2022:10:17:57 +0800] "GET /xingrg/all/function/internal_message.html?_=1663812934197&CODE_STATE=getMsg HTTP/1.1" 200 27
116.225.121.189 - - [22/Sep/2022:10:17:58 +0800] "GET /xingrg/check_reg.html?_=1663812935507 HTTP/1.1" 200 22
180.169.147.146 - - [22/Sep/2022:10:17:59 +0800] "GET /xingrg/all/function/internal_message.html?_=1663813076005&CODE_STATE=getMsg HTTP/1.1" 200 27
116.230.114.213 - - [22/Sep/2022:10:17:59 +0800] "GET /xingrg/all/function/internal_message.html?_=1663813095574&CODE_STATE=getMsg HTTP/1.1" 200 27
114.84.81.136 - - [22/Sep/2022:10:18:02 +0800] "GET /xingrg/all/function/internal_message.html?_=1663813080062&CODE_STATE=getMsg HTTP/1.1" 200 27
222.70.183.206 - - [22/Sep/2022:10:18:07 +0800] "POST /xingrg/kc/buy/cgsh_order_operate.html HTTP/1.1" 200 37
222.70.183.206 - - [22/Sep/2022:10:18:09 +0800] "POST /xingrg/kc/buy/cgsh_order_operate.html HTTP/1.1" 200 3258
222.70.183.206 - - [22/Sep/2022:10:18:11 +0800] "GET /xingrg/kc/print/load_data.html?order_code=212022092207916&kc_code=cgsh&condition= HTTP/1.1" 200 899
116.230.114.213 - - [22/Sep/2022:10:18:14 +0800] "GET /xingrg/check_reg.html?_=1663813109745 HTTP/1.1" 200 22
180.169.147.146 - - [22/Sep/2022:10:18:14 +0800] "GET /xingrg/all/function/internal_message.html?_=1663813092590&CODE_STATE=getMsg HTTP/1.1" 200 27
116.238.169.132 - - [22/Sep/2022:10:18:23 +0800] "GET /xingrg/all/function/internal_message.html?_=1663813102833&CODE_STATE=getMsg HTTP/1.1" 200 27
116.230.105.139 - - [22/Sep/2022:10:18:24 +0800] "GET /xingrg/all/function/internal_message.html?_=1663813102031&CODE_STATE=getMsg HTTP/1.1" 200 27
116.230.105.139 - - [22/Sep/2022:10:18:24 +0800] "GET /xingrg/check_reg.html?_=1663813102034 HTTP/1.1" 200 22
222.70.183.206 - - [22/Sep/2022:10:18:25 +0800] "GET /xingrg/kc/buy/cgsh_order_add.html HTTP/1.1" 200 68735
222.70.183.206 - - [22/Sep/2022:10:18:25 +0800] "POST /xingrg/kc/buy/cgsh_order_operate.html HTTP/1.1" 200 8245
222.70.183.206 - - [22/Sep/2022:10:18:25 +0800] "GET /xingrg/javascript/easyui/themes/default/validatebox.css HTTP/1.1" 404 1104
222.70.183.206 - - [22/Sep/2022:10:18:28 +0800] "GET /xingrg/all/function/internal_message.html?_=1663813103838&CODE_STATE=getMsg HTTP/1.1" 200 27
116.224.255.128 - - [22/Sep/2022:10:18:31 +0800] "GET /xingrg/all/function/internal_message.html?_=1663813109562&CODE_STATE=getMsg HTTP/1.1" 200 27
116.224.255.128 - - [22/Sep/2022:10:18:32 +0800] "GET /xingrg/check_reg.html?_=1663813109990 HTTP/1.1" 200 22
180.169.147.146 - - [22/Sep/2022:10:18:41 +0800] "GET /xingrg/login.html HTTP/1.1" 200 7641
180.169.147.146 - - [22/Sep/2022:10:18:41 +0800] "GET /favicon.ico HTTP/1.1" 404 -
120.253.135.82 - - [22/Sep/2022:10:18:43 +0800] "GET /xingrg/check_reg.html?_=1663813227079 HTTP/1.1" 200 22
120.253.135.82 - - [22/Sep/2022:10:18:43 +0800] "GET /xingrg/all/function/internal_message.html?_=1663813227611&CODE_STATE=getMsg HTTP/1.1" 200 27
180.169.147.146 - - [22/Sep/2022:10:18:46 +0800] "POST /xingrg/login.do HTTP/1.1" 302 -
180.169.147.146 - - [22/Sep/2022:10:18:46 +0800] "GET /xingrg/index.html?sysBaseUrl=http%3A%2F%2F180.169.147.146%3A18081%2Fxingrg%2F&costTime=44×tamp=1663813126917 HTTP/1.1" 200 17179
180.169.147.146 - - [22/Sep/2022:10:18:46 +0800] "GET /favicon.ico HTTP/1.1" 404 -
180.169.147.146 - - [22/Sep/2022:10:18:47 +0800] "POST /xingrg/all/common/load_tree.html?tree=area_rest_tree_json&manage=1 HTTP/1.1" 200 351
180.169.147.146 - - [22/Sep/2022:10:18:47 +0800] "GET /xingrg/all/function/internal_message.html?_=1663813121648&CODE_STATE=count HTTP/1.1" 200 11
180.169.147.146 - - [22/Sep/2022:10:18:47 +0800] "POST /xingrg/load_menu.html HTTP/1.1" 200 5138
180.169.147.146 - - [22/Sep/2022:10:18:47 +0800] "GET /xingrg/check_reg.html?_=1663813121649 HTTP/1.1" 200 22
101.85.93.113 - - [22/Sep/2022:10:18:48 +0800] "GET /xingrg/all/function/internal_message.html?_=1663813125927&CODE_STATE=getMsg HTTP/1.1" 200 27
116.230.114.213 - - [22/Sep/2022:10:18:51 +0800] "GET /xingrg/all/function/internal_message.html?_=1663813144420&CODE_STATE=getMsg HTTP/1.1" 302 -
222.70.183.206 - - [22/Sep/2022:10:18:56 +0800] "GET /xingrg/kc/buy/cgsh_order_operate.html?command=get_materiel&rest_code=00111&code=00101007085&supplier_code=00100004&order_time=2022-09-22 HTTP/1.1" 200 433
116.225.121.189 - - [22/Sep/2022:10:18:57 +0800] "GET /xingrg/all/function/internal_message.html?_=1663812994178&CODE_STATE=getMsg HTTP/1.1" 200 27
180.169.147.146 - - [22/Sep/2022:10:18:59 +0800] "GET /xingrg/all/function/internal_message.html?_=1663813136006&CODE_STATE=getMsg HTTP/1.1" 200 27
116.230.114.213 - - [22/Sep/2022:10:18:59 +0800] "GET /xingrg/all/function/internal_message.html?_=1663813155589&CODE_STATE=getMsg HTTP/1.1" 200 27
114.84.81.136 - - [22/Sep/2022:10:19:02 +0800] "GET /xingrg/check_reg.html?_=1663813140008 HTTP/1.1" 200 22
114.84.81.136 - - [22/Sep/2022:10:19:02 +0800] "GET /xingrg/all/function/internal_message.html?_=1663813140053&CODE_STATE=getMsg HTTP/1.1" 200 27
180.169.147.146 - - [22/Sep/2022:10:19:04 +0800] "GET /xingrg/kc/base/wldb_order_list.html HTTP/1.1" 200 19186
180.169.147.146 - - [22/Sep/2022:10:19:05 +0800] "POST /xingrg/kc/base/wldb_list_operate.html HTTP/1.1" 200 5701
222.70.183.206 - - [22/Sep/2022:10:19:07 +0800] "GET /xingrg/kc/buy/cgsh_order_operate.html?command=get_materiel&rest_code=00111&code=00101007038&supplier_code=00100004&order_time=2022-09-22 HTTP/1.1" 200 420
180.169.147.146 - - [22/Sep/2022:10:19:11 +0800] "GET /xingrg/kc/base/wldb_order_add.html HTTP/1.1" 200 30400
180.169.147.146 - - [22/Sep/2022:10:19:11 +0800] "GET /xingrg/words/20220921161920_words.js HTTP/1.1" 304 -
180.169.147.146 - - [22/Sep/2022:10:19:11 +0800] "POST /xingrg/kc/base/wldb_order_operate.html HTTP/1.1" 200 6806
180.169.147.146 - - [22/Sep/2022:10:19:11 +0800] "GET /xingrg/all/common/auto_word.html?type=base&rest_code=00147 HTTP/1.1" 200 1803
180.169.147.146 - - [22/Sep/2022:10:19:11 +0800] "GET /xingrg/all/common/auto_word.html?type=base&rest_code=00147 HTTP/1.1" 200 1803
180.169.147.146 - - [22/Sep/2022:10:19:11 +0800] "GET /xingrg/javascript/easyui/themes/default/validatebox.css HTTP/1.1" 404 1104
180.169.147.146 - - [22/Sep/2022:10:19:14 +0800] "GET /xingrg/check_reg.html?_=1663813152584 HTTP/1.1" 200 22
180.169.147.146 - - [22/Sep/2022:10:19:14 +0800] "GET /xingrg/all/function/internal_message.html?_=1663813152587&CODE_STATE=getMsg HTTP/1.1" 200 27
222.70.183.206 - - [22/Sep/2022:10:19:18 +0800] "GET /xingrg/check_reg.html?_=1663813153715 HTTP/1.1" 200 22
