120.204.56.145 - - [22/Sep/2022:10:26:04 +0800] "GET /xingrg/images/control/ajaxLoader.gif HTTP/1.1" 200 4659
120.204.56.145 - - [22/Sep/2022:10:26:04 +0800] "GET /xingrg/javascript/jquery_easy_ui/themes/default/images/combo_arrow_dot.gif HTTP/1.1" 200 79
120.204.56.145 - - [22/Sep/2022:10:26:04 +0800] "GET /xingrg/javascript/jquery_easy_ui/themes/default/images/calendar_prevmonth.gif HTTP/1.1" 200 66
120.204.56.145 - - [22/Sep/2022:10:26:04 +0800] "GET /xingrg/javascript/jquery_easy_ui/themes/default/images/calendar_nextmonth.gif HTTP/1.1" 200 64
120.204.56.145 - - [22/Sep/2022:10:26:04 +0800] "GET /xingrg/javascript/jquery_easy_ui/themes/default/images/calendar_prevyear.gif HTTP/1.1" 200 76
120.204.56.145 - - [22/Sep/2022:10:26:04 +0800] "GET /xingrg/javascript/jquery_easy_ui/themes/default/images/calendar_nextyear.gif HTTP/1.1" 200 75
120.204.56.145 - - [22/Sep/2022:10:26:04 +0800] "GET /xingrg/javascript/jquery_easy_ui/themes/default/images/tree_checkbox_0.gif HTTP/1.1" 200 168
120.204.56.145 - - [22/Sep/2022:10:26:04 +0800] "GET /xingrg/javascript/jquery_easy_ui/themes/icons/rest.png HTTP/1.1" 200 695
120.204.56.145 - - [22/Sep/2022:10:26:05 +0800] "GET /xingrg/javascript/jquery_easy_ui/themes/default/images/button_a_bg.gif HTTP/1.1" 200 1194
120.204.56.145 - - [22/Sep/2022:10:26:05 +0800] "GET /xingrg/javascript/jquery_easy_ui/themes/default/images/button_span_bg.gif HTTP/1.1" 200 2061
120.204.56.145 - - [22/Sep/2022:10:26:05 +0800] "GET /xingrg/javascript/jquery_easy_ui/themes/icons/ok.png HTTP/1.1" 200 883
120.204.56.145 - - [22/Sep/2022:10:26:05 +0800] "GET /xingrg/javascript/jquery_easy_ui/themes/default/images/panel_title.png HTTP/1.1" 200 266
120.204.56.145 - - [22/Sep/2022:10:26:05 +0800] "GET /xingrg/javascript/jquery_easy_ui/themes/default/images/panel_tools.gif HTTP/1.1" 200 737
116.228.172.94 - - [22/Sep/2022:10:26:08 +0800] "GET /favicon.ico HTTP/1.1" 404 -
116.230.114.213 - - [22/Sep/2022:10:26:10 +0800] "GET /xingrg/check_reg.html?_=1663813583001 HTTP/1.1" 302 -
116.228.172.94 - - [22/Sep/2022:10:26:11 +0800] "GET /xingrg/login.html HTTP/1.1" 200 7641
116.228.172.94 - - [22/Sep/2022:10:26:12 +0800] "GET /favicon.ico HTTP/1.1" 404 -
116.228.172.94 - - [22/Sep/2022:10:26:12 +0800] "GET /xingrg/login.html HTTP/1.1" 200 7641
116.228.172.94 - - [22/Sep/2022:10:26:13 +0800] "GET /favicon.ico HTTP/1.1" 404 -
120.204.56.145 - - [22/Sep/2022:10:26:14 +0800] "GET /xingrg/javascript/jquery_easy_ui/themes/default/images/tree_checkbox_1.gif HTTP/1.1" 200 174
120.204.56.145 - - [22/Sep/2022:10:26:14 +0800] "GET /xingrg/javascript/jquery_easy_ui/themes/default/images/tree_checkbox_2.gif HTTP/1.1" 200 181
116.228.172.94 - - [22/Sep/2022:10:26:18 +0800] "POST /xingrg/login.do HTTP/1.1" 302 -
116.228.172.94 - - [22/Sep/2022:10:26:18 +0800] "GET /xingrg/index.html?sysBaseUrl=http%3A%2F%2F180.169.147.146%3A18081%2Fxingrg%2F&costTime=49×tamp=1663813578590 HTTP/1.1" 200 17417
116.228.172.94 - - [22/Sep/2022:10:26:18 +0800] "GET /favicon.ico HTTP/1.1" 404 -
116.228.172.94 - - [22/Sep/2022:10:26:18 +0800] "POST /xingrg/all/common/load_tree.html?tree=area_rest_tree_json&manage=1 HTTP/1.1" 200 348
116.228.172.94 - - [22/Sep/2022:10:26:19 +0800] "GET /xingrg/all/function/internal_message.html?_=1663813106665&CODE_STATE=count HTTP/1.1" 200 11
116.228.172.94 - - [22/Sep/2022:10:26:19 +0800] "POST /xingrg/load_menu.html HTTP/1.1" 200 9959
116.228.172.94 - - [22/Sep/2022:10:26:19 +0800] "GET /xingrg/check_reg.html?_=1663813106666 HTTP/1.1" 200 22
120.204.56.145 - - [22/Sep/2022:10:26:19 +0800] "GET /xingrg/javascript/jquery_easy_ui/themes/default/images/validatebox_warning.png HTTP/1.1" 200 921
120.204.56.145 - - [22/Sep/2022:10:26:19 +0800] "GET /xingrg/javascript/jquery_easy_ui/themes/default/images/validatebox_pointer.gif HTTP/1.1" 200 82
116.228.172.94 - - [22/Sep/2022:10:26:22 +0800] "GET /xingrg/kc/buy/buy_main.html HTTP/1.1" 200 12412
116.228.172.94 - - [22/Sep/2022:10:26:22 +0800] "GET /xingrg/css/new_ie.css HTTP/1.1" 404 1036
116.228.172.94 - - [22/Sep/2022:10:26:23 +0800] "GET /xingrg/images/yd/bt.gif HTTP/1.1" 404 1040
116.238.169.132 - - [22/Sep/2022:10:26:23 +0800] "GET /xingrg/all/function/internal_message.html?_=1663813582848&CODE_STATE=getMsg HTTP/1.1" 200 27
116.228.172.94 - - [22/Sep/2022:10:26:23 +0800] "GET /xingrg/kc/buy/cgsh_order_list.html HTTP/1.1" 200 53001
116.238.169.132 - - [22/Sep/2022:10:26:23 +0800] "GET /xingrg/check_reg.html?_=1663813582849 HTTP/1.1" 200 22
116.230.105.139 - - [22/Sep/2022:10:26:24 +0800] "GET /xingrg/all/function/internal_message.html?_=1663813582033&CODE_STATE=getMsg HTTP/1.1" 200 27
116.228.172.94 - - [22/Sep/2022:10:26:25 +0800] "POST /xingrg/kc/buy/cgsh_list_operate.html HTTP/1.1" 200 986
180.169.147.146 - - [22/Sep/2022:10:26:25 +0800] "GET /xingrg/all/function/internal_message.html?_=1663813580470&CODE_STATE=getMsg HTTP/1.1" 200 27
116.228.172.94 - - [22/Sep/2022:10:26:26 +0800] "GET /xingrg/kc/buy/cgsh_order_add.html HTTP/1.1" 200 67826
116.228.172.94 - - [22/Sep/2022:10:26:26 +0800] "GET /xingrg/words/20220921161920_words.js HTTP/1.1" 200 922139
116.228.172.94 - - [22/Sep/2022:10:26:27 +0800] "POST /xingrg/kc/buy/cgsh_order_operate.html HTTP/1.1" 200 8245
116.228.172.94 - - [22/Sep/2022:10:26:27 +0800] "GET /xingrg/all/common/auto_word.html?type=employee&rest_code=00153 HTTP/1.1" 200 47
116.228.172.94 - - [22/Sep/2022:10:26:27 +0800] "GET /xingrg/javascript/easyui/themes/default/validatebox.css HTTP/1.1" 404 1104
116.228.172.94 - - [22/Sep/2022:10:26:27 +0800] "GET /xingrg/all/common/auto_word.html?type=employee&rest_code=00153 HTTP/1.1" 200 47
116.228.172.94 - - [22/Sep/2022:10:26:28 +0800] "GET /xingrg/javascript/auto/indicator.gif HTTP/1.1" 404 1066
222.70.183.206 - - [22/Sep/2022:10:26:28 +0800] "GET /xingrg/all/function/internal_message.html?_=1663813583744&CODE_STATE=getMsg HTTP/1.1" 200 27
120.204.56.145 - - [22/Sep/2022:10:26:30 +0800] "POST /xingrg/dma/sys/setting_operate.html HTTP/1.1" 200 4
116.228.172.94 - - [22/Sep/2022:10:26:31 +0800] "GET /xingrg/javascript/jquery_tools/images/prev.gif HTTP/1.1" 404 1086
116.228.172.94 - - [22/Sep/2022:10:26:31 +0800] "GET /xingrg/javascript/jquery_tools/images/next.gif HTTP/1.1" 404 1086
116.224.255.128 - - [22/Sep/2022:10:26:31 +0800] "GET /xingrg/all/function/internal_message.html?_=1663813589475&CODE_STATE=getMsg HTTP/1.1" 200 27
180.169.147.146 - - [22/Sep/2022:10:26:31 +0800] "GET /xingrg/check_reg.html?_=1663813589807 HTTP/1.1" 200 22
180.169.147.146 - - [22/Sep/2022:10:26:31 +0800] "GET /xingrg/all/function/internal_message.html?_=1663813589811&CODE_STATE=getMsg HTTP/1.1" 200 27
222.70.183.206 - - [22/Sep/2022:10:26:34 +0800] "GET /xingrg/kc/buy/buy_main.html HTTP/1.1" 200 12412
222.70.183.206 - - [22/Sep/2022:10:26:34 +0800] "GET /xingrg/css/new_ie.css HTTP/1.1" 404 1036
124.78.156.85 - - [22/Sep/2022:10:26:34 +0800] "GET /xingrg/all/function/internal_message.html?_=1663813596163&CODE_STATE=getMsg HTTP/1.1" 200 27
222.70.183.206 - - [22/Sep/2022:10:26:35 +0800] "GET /xingrg/kc/buy/cgsh_order_list.html HTTP/1.1" 200 52997
222.70.183.206 - - [22/Sep/2022:10:26:38 +0800] "POST /xingrg/kc/buy/cgsh_list_operate.html HTTP/1.1" 200 3965
116.228.172.94 - - [22/Sep/2022:10:26:41 +0800] "GET /xingrg/kc/buy/cgsh_order_operate.html?command=get_materiel&rest_code=00153&code=00101009053&supplier_code=00100476&order_time=2022-09-21 HTTP/1.1" 200 410
120.253.135.82 - - [22/Sep/2022:10:26:43 +0800] "GET /xingrg/all/function/internal_message.html?_=1663813707766&CODE_STATE=getMsg HTTP/1.1" 200 27
101.85.93.113 - - [22/Sep/2022:10:26:48 +0800] "GET /xingrg/all/function/internal_message.html?_=1663813605933&CODE_STATE=getMsg HTTP/1.1" 200 27
116.230.114.213 - - [22/Sep/2022:10:26:51 +0800] "GET /xingrg/all/function/internal_message.html?_=1663813624591&CODE_STATE=getMsg HTTP/1.1" 302 -
116.225.121.189 - - [22/Sep/2022:10:26:57 +0800] "GET /xingrg/all/function/internal_message.html?_=1663813474694&CODE_STATE=getMsg HTTP/1.1" 200 27
180.169.147.146 - - [22/Sep/2022:10:26:59 +0800] "GET /xingrg/check_reg.html?_=1663813616039 HTTP/1.1" 200 22
180.169.147.146 - - [22/Sep/2022:10:26:59 +0800] "GET /xingrg/all/function/internal_message.html?_=1663813616042&CODE_STATE=getMsg HTTP/1.1" 200 27
116.228.172.94 - - [22/Sep/2022:10:26:59 +0800] "GET /xingrg/kc/buy/cgsh_order_operate.html?command=get_materiel&rest_code=00153&code=00101008418&supplier_code=00100476&order_time=2022-09-21 HTTP/1.1" 200 413
124.78.156.85 - - [22/Sep/2022:10:27:00 +0800] "POST /xingrg/services/DataTransmitService HTTP/1.1" 200 524
116.230.114.213 - - [22/Sep/2022:10:27:01 +0800] "GET /xingrg/all/function/internal_message.html?_=1663813637388&CODE_STATE=getMsg HTTP/1.1" 200 27
114.84.81.136 - - [22/Sep/2022:10:27:02 +0800] "GET /xingrg/all/function/internal_message.html?_=1663813619998&CODE_STATE=getMsg HTTP/1.1" 200 27
124.78.156.85 - - [22/Sep/2022:10:27:07 +0800] "POST /xingrg/services/DataTransmitService HTTP/1.1" 200 501
116.228.172.94 - - [22/Sep/2022:10:27:14 +0800] "POST /xingrg/kc/buy/cgsh_order_operate.html HTTP/1.1" 200 37
124.78.156.85 - - [22/Sep/2022:10:27:15 +0800] "GET /xingrg/javascript/easyui/themes/default/images/button_plain_hover.png HTTP/1.1" 200 144
116.228.172.94 - - [22/Sep/2022:10:27:18 +0800] "POST /xingrg/kc/buy/cgsh_order_operate.html HTTP/1.1" 200 12
116.228.172.94 - - [22/Sep/2022:10:27:20 +0800] "GET /xingrg/all/function/internal_message.html?_=1663813168061&CODE_STATE=getMsg HTTP/1.1" 200 27
116.228.172.94 - - [22/Sep/2022:10:27:20 +0800] "GET /xingrg/kc/buy/cgsh_order_info.html?code=212022092207920 HTTP/1.1" 200 62727
116.228.172.94 - - [22/Sep/2022:10:27:21 +0800] "GET /xingrg/javascript/easyui/themes/default/validatebox.css HTTP/1.1" 404 1104
116.228.172.94 - - [22/Sep/2022:10:27:21 +0800] "POST /xingrg/kc/buy/cgsh_order_operate.html HTTP/1.1" 200 1200
116.228.172.94 - - [22/Sep/2022:10:27:23 +0800] "GET /xingrg/kc/print/load_config.html?kc_code=cgsh HTTP/1.1" 200 1943
116.238.169.132 - - [22/Sep/2022:10:27:23 +0800] "GET /xingrg/all/function/internal_message.html?_=1663813642833&CODE_STATE=getMsg HTTP/1.1" 200 27
116.228.172.94 - - [22/Sep/2022:10:27:23 +0800] "GET /xingrg/kc/print/load_data.html?order_code=212022092207920&kc_code=cgsh&condition= HTTP/1.1" 200 904
116.230.105.139 - - [22/Sep/2022:10:27:24 +0800] "GET /xingrg/all/function/internal_message.html?_=1663813642032&CODE_STATE=getMsg HTTP/1.1" 200 27
180.169.147.146 - - [22/Sep/2022:10:27:25 +0800] "GET /xingrg/all/function/internal_message.html?_=1663813640454&CODE_STATE=getMsg HTTP/1.1" 200 27
222.70.183.206 - - [22/Sep/2022:10:27:28 +0800] "GET /xingrg/all/function/internal_message.html?_=1663813643732&CODE_STATE=getMsg HTTP/1.1" 200 27
116.224.255.128 - - [22/Sep/2022:10:27:31 +0800] "GET /xingrg/all/function/internal_message.html?_=1663813649470&CODE_STATE=getMsg HTTP/1.1" 200 27
180.169.147.146 - - [22/Sep/2022:10:27:31 +0800] "GET /xingrg/all/function/internal_message.html?_=1663813649806&CODE_STATE=getMsg HTTP/1.1" 200 27
116.228.172.94 - - [22/Sep/2022:10:27:32 +0800] "GET /xingrg/kc/buy/cgsh_order_add.html HTTP/1.1" 200 67826
116.228.172.94 - - [22/Sep/2022:10:27:32 +0800] "POST /xingrg/kc/buy/cgsh_order_operate.html HTTP/1.1" 200 8245
116.228.172.94 - - [22/Sep/2022:10:27:32 +0800] "GET /xingrg/javascript/easyui/themes/default/validatebox.css HTTP/1.1" 404 1104
124.78.156.85 - - [22/Sep/2022:10:27:34 +0800] "GET /xingrg/all/function/internal_message.html?_=1663813656151&CODE_STATE=getMsg HTTP/1.1" 200 27
120.253.135.82 - - [22/Sep/2022:10:27:43 +0800] "GET /xingrg/all/function/internal_message.html?_=1663813767780&CODE_STATE=getMsg HTTP/1.1" 200 27
120.253.135.82 - - [22/Sep/2022:10:27:44 +0800] "GET /xingrg/kc/report/report_main.html HTTP/1.1" 200 8599
116.225.121.189 - - [22/Sep/2022:10:27:44 +0800] "GET /xingrg/kc/buy/cgsh_order_add.html HTTP/1.1" 200 68861
116.225.121.189 - - [22/Sep/2022:10:27:44 +0800] "POST /xingrg/kc/buy/cgsh_order_operate.html HTTP/1.1" 200 8245
116.225.121.189 - - [22/Sep/2022:10:27:44 +0800] "GET /xingrg/javascript/easyui/themes/default/validatebox.css HTTP/1.1" 404 1104
120.253.135.82 - - [22/Sep/2022:10:27:45 +0800] "GET /xingrg/kc/base/kc_stocks.html HTTP/1.1" 200 16437
120.253.135.82 - - [22/Sep/2022:10:27:45 +0800] "GET /xingrg/javascript/easyui/themes/default/tree.css HTTP/1.1" 404 1090
120.253.135.82 - - [22/Sep/2022:10:27:46 +0800] "POST /xingrg/all/common/load_tree.html?tree=materiel_sort_tree_json HTTP/1.1" 200 9500
120.253.135.82 - - [22/Sep/2022:10:27:47 +0800] "POST /xingrg/all/common/load_combo.html?type=base HTTP/1.1" 200 1169
116.228.172.94 - - [22/Sep/2022:10:27:47 +0800] "GET /xingrg/kc/buy/cgsh_order_operate.html?command=get_materiel&rest_code=00153&code=00101011005&supplier_code=00100049&order_time=2022-09-21 HTTP/1.1" 200 427
101.85.93.113 - - [22/Sep/2022:10:27:48 +0800] "GET /xingrg/check_reg.html?_=1663813665934 HTTP/1.1" 200 22
101.85.93.113 - - [22/Sep/2022:10:27:48 +0800] "GET /xingrg/all/function/internal_message.html?_=1663813665962&CODE_STATE=getMsg HTTP/1.1" 200 27
116.230.114.213 - - [22/Sep/2022:10:27:51 +0800] "GET /xingrg/all/function/internal_message.html?_=1663813684632&CODE_STATE=getMsg HTTP/1.1" 302 -
116.225.121.189 - - [22/Sep/2022:10:27:57 +0800] "GET /xingrg/all/function/internal_message.html?_=1663813534674&CODE_STATE=getMsg HTTP/1.1" 200 27
120.253.135.82 - - [22/Sep/2022:10:27:57 +0800] "POST /xingrg/kc/base/stock_operate.html HTTP/1.1" 200 1460
116.225.121.189 - - [22/Sep/2022:10:27:58 +0800] "GET /xingrg/check_reg.html?_=1663813535524 HTTP/1.1" 200 22
180.169.147.146 - - [22/Sep/2022:10:27:59 +0800] "GET /xingrg/all/function/internal_message.html?_=1663813676026&CODE_STATE=getMsg HTTP/1.1" 200 27
114.84.81.136 - - [22/Sep/2022:10:28:02 +0800] "GET /xingrg/all/function/internal_message.html?_=1663813680008&CODE_STATE=getMsg HTTP/1.1" 200 27
116.230.114.213 - - [22/Sep/2022:10:28:02 +0800] "GET /xingrg/all/function/internal_message.html?_=1663813697397&CODE_STATE=getMsg HTTP/1.1" 200 27
116.230.114.213 - - [22/Sep/2022:10:28:14 +0800] "GET /xingrg/check_reg.html?_=1663813709751 HTTP/1.1" 200 22
116.225.121.189 - - [22/Sep/2022:10:28:18 +0800] "GET /xingrg/kc/buy/cgsh_order_operate.html?command=get_materiel&rest_code=00105&code=00101007061&supplier_code=00100002&order_time=2022-09-22 HTTP/1.1" 200 409
116.228.172.94 - - [22/Sep/2022:10:28:20 +0800] "GET /xingrg/all/function/internal_message.html?_=1663813228044&CODE_STATE=getMsg HTTP/1.1" 200 27
116.238.169.132 - - [22/Sep/2022:10:28:23 +0800] "GET /xingrg/all/function/internal_message.html?_=1663813702845&CODE_STATE=getMsg HTTP/1.1" 200 27
116.230.105.139 - - [22/Sep/2022:10:28:24 +0800] "GET /xingrg/all/function/internal_message.html?_=1663813702031&CODE_STATE=getMsg HTTP/1.1" 200 27
116.230.105.139 - - [22/Sep/2022:10:28:24 +0800] "GET /xingrg/check_reg.html?_=1663813702035 HTTP/1.1" 200 22
180.169.147.146 - - [22/Sep/2022:10:28:25 +0800] "GET /xingrg/all/function/internal_message.html?_=1663813700425&CODE_STATE=getMsg HTTP/1.1" 200 27
222.70.183.206 - - [22/Sep/2022:10:28:28 +0800] "GET /xingrg/all/function/internal_message.html?_=1663813703715&CODE_STATE=getMsg HTTP/1.1" 200 27
116.224.255.128 - - [22/Sep/2022:10:28:31 +0800] "GET /xingrg/all/function/internal_message.html?_=1663813709467&CODE_STATE=getMsg HTTP/1.1" 200 27
180.169.147.146 - - [22/Sep/2022:10:28:31 +0800] "GET /xingrg/all/function/internal_message.html?_=1663813709826&CODE_STATE=getMsg HTTP/1.1" 200 27
116.224.255.128 - - [22/Sep/2022:10:28:32 +0800] "GET /xingrg/check_reg.html?_=1663813710030 HTTP/1.1" 200 22
124.78.156.85 - - [22/Sep/2022:10:28:34 +0800] "GET /xingrg/all/function/internal_message.html?_=1663813716156&CODE_STATE=getMsg HTTP/1.1" 200 27
116.228.172.94 - - [22/Sep/2022:10:28:40 +0800] "GET /xingrg/kc/buy/cgsh_order_operate.html?command=get_materiel&rest_code=00153&code=00101011010&supplier_code=00100049&order_time=2022-09-21 HTTP/1.1" 200 418
120.253.135.82 - - [22/Sep/2022:10:28:43 +0800] "GET /xingrg/check_reg.html?_=1663813827152 HTTP/1.1" 200 22
120.253.135.82 - - [22/Sep/2022:10:28:43 +0800] "GET /xingrg/all/function/internal_message.html?_=1663813827794&CODE_STATE=getMsg HTTP/1.1" 200 27
222.70.183.206 - - [22/Sep/2022:10:28:45 +0800] "POST /xingrg/kc/buy/cgsh_list_operate.html HTTP/1.1" 200 500
180.169.147.146 - - [22/Sep/2022:10:28:47 +0800] "GET /xingrg/check_reg.html?_=1663813721655 HTTP/1.1" 200 22
222.70.183.206 - - [22/Sep/2022:10:28:47 +0800] "GET /xingrg/kc/buy/cgsh_order_info.html?code=212022092207918 HTTP/1.1" 200 68746
222.70.183.206 - - [22/Sep/2022:10:28:47 +0800] "GET /xingrg/javascript/easyui/themes/default/validatebox.css HTTP/1.1" 404 1104
101.85.93.113 - - [22/Sep/2022:10:28:48 +0800] "GET /xingrg/all/function/internal_message.html?_=1663813725963&CODE_STATE=getMsg HTTP/1.1" 200 27
222.70.183.206 - - [22/Sep/2022:10:28:48 +0800] "POST /xingrg/kc/buy/cgsh_order_operate.html HTTP/1.1" 200 5017
116.230.114.213 - - [22/Sep/2022:10:28:51 +0800] "GET /xingrg/all/function/internal_message.html?_=1663813744634&CODE_STATE=getMsg HTTP/1.1" 302 -
116.225.121.189 - - [22/Sep/2022:10:28:57 +0800] "GET /xingrg/all/function/internal_message.html?_=1663813594656&CODE_STATE=getMsg HTTP/1.1" 200 27
180.169.147.146 - - [22/Sep/2022:10:28:59 +0800] "GET /xingrg/all/function/internal_message.html?_=1663813736026&CODE_STATE=getMsg HTTP/1.1" 200 27
116.228.172.94 - - [22/Sep/2022:10:28:59 +0800] "GET /xingrg/kc/buy/cgsh_order_operate.html?command=get_materiel&rest_code=00153&code=00101008276&supplier_code=00100049&order_time=2022-09-21 HTTP/1.1" 200 412
114.84.81.136 - - [22/Sep/2022:10:29:02 +0800] "GET /xingrg/check_reg.html?_=1663813740014 HTTP/1.1" 200 22
114.84.81.136 - - [22/Sep/2022:10:29:02 +0800] "GET /xingrg/all/function/internal_message.html?_=1663813740019&CODE_STATE=getMsg HTTP/1.1" 200 27
116.230.114.213 - - [22/Sep/2022:10:29:02 +0800] "GET /xingrg/all/function/internal_message.html?_=1663813757846&CODE_STATE=getMsg HTTP/1.1" 200 27
222.70.183.206 - - [22/Sep/2022:10:29:03 +0800] "GET /xingrg/kc/buy/cgsh_order_operate.html?command=get_materiel&rest_code=00111&code=00101009013&supplier_code=00100037&order_time=2022-09-22 HTTP/1.1" 200 420
116.238.169.132 - - [22/Sep/2022:10:29:08 +0800] "GET /xingrg/kc/buy/cgsh_order_list.html HTTP/1.1" 200 52997
116.238.169.132 - - [22/Sep/2022:10:29:10 +0800] "POST /xingrg/kc/buy/cgsh_list_operate.html HTTP/1.1" 200 986
116.238.169.132 - - [22/Sep/2022:10:29:12 +0800] "GET /xingrg/kc/buy/cgsh_order_add.html HTTP/1.1" 200 68814
116.238.169.132 - - [22/Sep/2022:10:29:12 +0800] "POST /xingrg/kc/buy/cgsh_order_operate.html HTTP/1.1" 200 8245
116.238.169.132 - - [22/Sep/2022:10:29:12 +0800] "GET /xingrg/javascript/easyui/themes/default/validatebox.css HTTP/1.1" 404 1104
116.238.169.132 - - [22/Sep/2022:10:29:14 +0800] "GET /xingrg/javascript/easyui/themes/default/tree.css HTTP/1.1" 404 1090
116.228.172.94 - - [22/Sep/2022:10:29:14 +0800] "POST /xingrg/kc/buy/cgsh_order_operate.html HTTP/1.1" 200 37
116.238.169.132 - - [22/Sep/2022:10:29:14 +0800] "POST /xingrg/all/common/load_tree.html?tree=supplier_tree_json&isDelete=1 HTTP/1.1" 200 68670
222.70.183.206 - - [22/Sep/2022:10:29:18 +0800] "GET /xingrg/check_reg.html?_=1663813753733 HTTP/1.1" 200 22
116.225.121.189 - - [22/Sep/2022:10:29:18 +0800] "GET /xingrg/kc/buy/cgsh_order_operate.html?command=get_materiel&rest_code=00105&code=00101007081&supplier_code=00100002&order_time=2022-09-22 HTTP/1.1" 200 413
116.238.169.132 - - [22/Sep/2022:10:29:23 +0800] "GET /xingrg/all/function/internal_message.html?_=1663813762831&CODE_STATE=getMsg HTTP/1.1" 200 27
116.230.105.139 - - [22/Sep/2022:10:29:24 +0800] "GET /xingrg/all/function/internal_message.html?_=1663813762034&CODE_STATE=getMsg HTTP/1.1" 200 27
180.169.147.146 - - [22/Sep/2022:10:29:25 +0800] "GET /xingrg/all/function/internal_message.html?_=1663813760402&CODE_STATE=getMsg HTTP/1.1" 200 27
222.70.183.206 - - [22/Sep/2022:10:29:28 +0800] "GET /xingrg/all/function/internal_message.html?_=1663813763700&CODE_STATE=getMsg HTTP/1.1" 200 27
116.224.255.128 - - [22/Sep/2022:10:29:31 +0800] "GET /xingrg/all/function/internal_message.html?_=1663813769471&CODE_STATE=getMsg HTTP/1.1" 200 27
180.169.147.146 - - [22/Sep/2022:10:29:31 +0800] "GET /xingrg/all/function/internal_message.html?_=1663813769820&CODE_STATE=getMsg HTTP/1.1" 200 27
124.78.156.85 - - [22/Sep/2022:10:29:34 +0800] "GET /xingrg/all/function/internal_message.html?_=1663813776159&CODE_STATE=getMsg HTTP/1.1" 200 27
116.225.121.189 - - [22/Sep/2022:10:29:36 +0800] "POST /xingrg/kc/buy/cgsh_order_operate.html HTTP/1.1" 200 37
116.225.121.189 - - [22/Sep/2022:10:29:38 +0800] "POST /xingrg/kc/buy/cgsh_order_operate.html HTTP/1.1" 200 3245
116.228.172.94 - - [22/Sep/2022:10:29:38 +0800] "POST /xingrg/kc/buy/cgsh_order_operate.html HTTP/1.1" 200 12
120.253.135.82 - - [22/Sep/2022:10:29:39 +0800] "GET /xingrg/check_reg.html?_=1663813577456 HTTP/1.1" 200 22
116.228.172.94 - - [22/Sep/2022:10:29:40 +0800] "GET /xingrg/kc/buy/cgsh_order_info.html?code=212022092207921 HTTP/1.1" 200 62727
116.225.121.189 - - [22/Sep/2022:10:29:41 +0800] "GET /xingrg/kc/print/load_data.html?order_code=212022092207922&kc_code=cgsh&condition= HTTP/1.1" 200 961
116.228.172.94 - - [22/Sep/2022:10:29:41 +0800] "GET /xingrg/javascript/easyui/themes/default/validatebox.css HTTP/1.1" 404 1104
116.228.172.94 - - [22/Sep/2022:10:29:41 +0800] "POST /xingrg/kc/buy/cgsh_order_operate.html HTTP/1.1" 200 1800
120.253.135.82 - - [22/Sep/2022:10:29:43 +0800] "GET /xingrg/all/function/internal_message.html?_=1663813887807&CODE_STATE=getMsg HTTP/1.1" 200 27
116.228.172.94 - - [22/Sep/2022:10:29:44 +0800] "GET /xingrg/kc/print/load_data.html?order_code=212022092207921&kc_code=cgsh&condition= HTTP/1.1" 200 1205
101.85.93.113 - - [22/Sep/2022:10:29:48 +0800] "GET /xingrg/all/function/internal_message.html?_=1663813785963&CODE_STATE=getMsg HTTP/1.1" 200 27
116.228.172.94 - - [22/Sep/2022:10:29:50 +0800] "GET /xingrg/kc/buy/cgsh_order_add.html HTTP/1.1" 200 67826
116.228.172.94 - - [22/Sep/2022:10:29:50 +0800] "POST /xingrg/kc/buy/cgsh_order_operate.html HTTP/1.1" 200 8245
116.228.172.94 - - [22/Sep/2022:10:29:50 +0800] "GET /xingrg/javascript/easyui/themes/default/validatebox.css HTTP/1.1" 404 1104
116.230.114.213 - - [22/Sep/2022:10:29:51 +0800] "GET /xingrg/all/function/internal_message.html?_=1663813804669&CODE_STATE=getMsg HTTP/1.1" 302 -
101.93.220.199 - - [22/Sep/2022:10:29:55 +0800] "POST /xingrg/services/DataTransmitService HTTP/1.1" 401 565
101.93.220.199 - - [22/Sep/2022:10:29:55 +0800] "POST /xingrg/services/DataTransmitService HTTP/1.1" 200 478
101.93.220.199 - - [22/Sep/2022:10:29:55 +0800] "POST /xingrg/services/DataTransmitService HTTP/1.1" 200 1319
101.93.220.199 - - [22/Sep/2022:10:29:55 +0800] "POST /xingrg/services/DataTransmitService HTTP/1.1" 200 478
101.93.220.199 - - [22/Sep/2022:10:29:55 +0800] "POST /xingrg/services/DataTransmitService HTTP/1.1" 200 1319
101.93.220.199 - - [22/Sep/2022:10:29:55 +0800] "POST /xingrg/services/DataTransmitService HTTP/1.1" 200 524
101.93.220.199 - - [22/Sep/2022:10:29:56 +0800] "POST /xingrg/services/DataTransmitService HTTP/1.1" 200 2247
101.93.220.199 - - [22/Sep/2022:10:29:56 +0800] "POST /xingrg/services/DataTransmitService HTTP/1.1" 200 45454
101.93.220.199 - - [22/Sep/2022:10:29:56 +0800] "POST /xingrg/services/DataTransmitService HTTP/1.1" 200 19237
116.225.121.189 - - [22/Sep/2022:10:29:57 +0800] "GET /xingrg/all/function/internal_message.html?_=1663813654658&CODE_STATE=getMsg HTTP/1.1" 200 27
180.169.147.146 - - [22/Sep/2022:10:29:59 +0800] "GET /xingrg/all/function/internal_message.html?_=1663813796026&CODE_STATE=getMsg HTTP/1.1" 200 27
101.93.220.199 - - [22/Sep/2022:10:29:59 +0800] "POST /xingrg/services/DataTransmitService HTTP/1.1" 200 524
114.84.81.136 - - [22/Sep/2022:10:30:02 +0800] "GET /xingrg/all/function/internal_message.html?_=1663813800024&CODE_STATE=getMsg HTTP/1.1" 200 27
116.230.114.213 - - [22/Sep/2022:10:30:02 +0800] "GET /xingrg/all/function/internal_message.html?_=1663813817861&CODE_STATE=getMsg HTTP/1.1" 200 27
116.228.172.94 - - [22/Sep/2022:10:30:20 +0800] "GET /xingrg/all/function/internal_message.html?_=1663813348045&CODE_STATE=getMsg HTTP/1.1" 200 27
116.228.172.94 - - [22/Sep/2022:10:30:20 +0800] "GET /xingrg/kc/buy/cgsh_order_operate.html?command=get_materiel&rest_code=00153&code=00101008364&supplier_code=00100199&order_time=2022-09-22 HTTP/1.1" 200 413
116.230.114.213 - - [22/Sep/2022:10:30:23 +0800] "GET /xingrg/kc/buy/cgsh_order_operate.html?command=get_materiel&rest_code=00146&code=00101009050&supplier_code=00100023&order_time=2022-09-22 HTTP/1.1" 200 431
116.238.169.132 - - [22/Sep/2022:10:30:23 +0800] "GET /xingrg/all/function/internal_message.html?_=1663813822847&CODE_STATE=getMsg HTTP/1.1" 200 27
116.230.105.139 - - [22/Sep/2022:10:30:24 +0800] "GET /xingrg/all/function/internal_message.html?_=1663813822030&CODE_STATE=getMsg HTTP/1.1" 200 27
114.84.81.136 - - [22/Sep/2022:10:30:25 +0800] "GET /xingrg/login.html HTTP/1.1" 200 7641
180.169.147.146 - - [22/Sep/2022:10:30:25 +0800] "GET /xingrg/all/function/internal_message.html?_=1663813820385&CODE_STATE=getMsg HTTP/1.1" 200 27
114.84.81.136 - - [22/Sep/2022:10:30:26 +0800] "GET /favicon.ico HTTP/1.1" 404 -
222.70.183.206 - - [22/Sep/2022:10:30:28 +0800] "GET /xingrg/all/function/internal_message.html?_=1663813823673&CODE_STATE=getMsg HTTP/1.1" 200 27
114.84.81.136 - - [22/Sep/2022:10:30:31 +0800] "POST /xingrg/login.do HTTP/1.1" 302 -
114.84.81.136 - - [22/Sep/2022:10:30:31 +0800] "GET /xingrg/index.html?sysBaseUrl=http%3A%2F%2F180.169.147.146%3A18081%2Fxingrg%2F&costTime=52×tamp=1663813831463 HTTP/1.1" 200 17179
116.224.255.128 - - [22/Sep/2022:10:30:31 +0800] "GET /xingrg/all/function/internal_message.html?_=1663813829459&CODE_STATE=getMsg HTTP/1.1" 200 27
114.84.81.136 - - [22/Sep/2022:10:30:31 +0800] "GET /favicon.ico HTTP/1.1" 404 -
114.84.81.136 - - [22/Sep/2022:10:30:31 +0800] "POST /xingrg/all/common/load_tree.html?tree=area_rest_tree_json&manage=1 HTTP/1.1" 200 470
180.169.147.146 - - [22/Sep/2022:10:30:31 +0800] "GET /xingrg/all/function/internal_message.html?_=1663813829821&CODE_STATE=getMsg HTTP/1.1" 200 27
114.84.81.136 - - [22/Sep/2022:10:30:32 +0800] "GET /xingrg/all/function/internal_message.html?_=1663813830019&CODE_STATE=count HTTP/1.1" 200 11
114.84.81.136 - - [22/Sep/2022:10:30:32 +0800] "POST /xingrg/load_menu.html HTTP/1.1" 200 5138
114.84.81.136 - - [22/Sep/2022:10:30:32 +0800] "GET /xingrg/check_reg.html?_=1663813830021 HTTP/1.1" 200 22
124.78.156.85 - - [22/Sep/2022:10:30:34 +0800] "GET /xingrg/all/function/internal_message.html?_=1663813836160&CODE_STATE=getMsg HTTP/1.1" 200 27
124.78.156.85 - - [22/Sep/2022:10:30:34 +0800] "GET /xingrg/check_reg.html?_=1663813836162 HTTP/1.1" 200 22
114.84.81.136 - - [22/Sep/2022:10:30:34 +0800] "GET /xingrg/javascript/jquery_easy_ui/themes/default/images/button_plain_hover.png HTTP/1.1" 200 252
116.228.172.94 - - [22/Sep/2022:10:30:40 +0800] "GET /xingrg/kc/buy/cgsh_order_operate.html?command=get_materiel&rest_code=00153&code=00101016053&supplier_code=00100199&order_time=2022-09-22 HTTP/1.1" 200 408
116.230.114.213 - - [22/Sep/2022:10:30:42 +0800] "GET /xingrg/kc/buy/cgsh_order_operate.html?command=get_materiel&rest_code=00146&code=00101009062&supplier_code=00100023&order_time=2022-09-22 HTTP/1.1" 200 412
120.253.135.82 - - [22/Sep/2022:10:30:43 +0800] "GET /xingrg/all/function/internal_message.html?_=1663813947822&CODE_STATE=getMsg HTTP/1.1" 200 27
116.225.121.189 - - [22/Sep/2022:10:30:46 +0800] "GET /xingrg/kc/base/base_main.html HTTP/1.1" 200 12142
116.225.121.189 - - [22/Sep/2022:10:30:46 +0800] "GET /xingrg/images/blue/button/wlsy.gif HTTP/1.1" 304 -
116.225.121.189 - - [22/Sep/2022:10:30:46 +0800] "GET /xingrg/images/blue/button/ckdb.gif HTTP/1.1" 304 -
116.225.121.189 - - [22/Sep/2022:10:30:46 +0800] "GET /xingrg/images/blue/button/ckpd.gif HTTP/1.1" 304 -
116.225.121.189 - - [22/Sep/2022:10:30:46 +0800] "GET /xingrg/images/blue/button/yddb.gif HTTP/1.1" 304 -
116.225.121.189 - - [22/Sep/2022:10:30:46 +0800] "GET /xingrg/images/blue/button/top_left.jpg HTTP/1.1" 304 -
116.225.121.189 - - [22/Sep/2022:10:30:46 +0800] "GET /xingrg/images/blue/button/top_right.jpg HTTP/1.1" 304 -
116.225.121.189 - - [22/Sep/2022:10:30:46 +0800] "GET /xingrg/images/blue/button/down.jpg HTTP/1.1" 304 -
116.225.121.189 - - [22/Sep/2022:10:30:46 +0800] "GET /xingrg/images/blue/button/left_ah.jpg HTTP/1.1" 304 -
116.225.121.189 - - [22/Sep/2022:10:30:46 +0800] "GET /xingrg/images/blue/button/bottom_left.jpg HTTP/1.1" 304 -
116.225.121.189 - - [22/Sep/2022:10:30:46 +0800] "GET /xingrg/images/blue/button/bottom_right.jpg HTTP/1.1" 304 -
101.85.93.113 - - [22/Sep/2022:10:30:48 +0800] "GET /xingrg/all/function/internal_message.html?_=1663813845950&CODE_STATE=getMsg HTTP/1.1" 200 27
116.228.172.94 - - [22/Sep/2022:10:30:49 +0800] "GET /xingrg/kc/buy/cgsh_order_operate.html?command=get_materiel&rest_code=00153&code=00101008141&supplier_code=00100199&order_time=2022-09-22 HTTP/1.1" 200 414
116.225.121.189 - - [22/Sep/2022:10:30:50 +0800] "GET /xingrg/kc/mdqp/qp_main.html HTTP/1.1" 200 10633
116.225.121.189 - - [22/Sep/2022:10:30:50 +0800] "GET /xingrg/images/blue/button/qqpsd.gif HTTP/1.1" 304 -
116.225.121.189 - - [22/Sep/2022:10:30:50 +0800] "GET /xingrg/images/blue/button/pszx.gif HTTP/1.1" 304 -
116.225.121.189 - - [22/Sep/2022:10:30:50 +0800] "GET /xingrg/images/blue/button/psshd.gif HTTP/1.1" 304 -
116.225.121.189 - - [22/Sep/2022:10:30:51 +0800] "GET /xingrg/images/yd/bt.gif HTTP/1.1" 404 1040
116.230.114.213 - - [22/Sep/2022:10:30:51 +0800] "GET /xingrg/all/function/internal_message.html?_=1663813864677&CODE_STATE=getMsg HTTP/1.1" 302 -
116.225.121.189 - - [22/Sep/2022:10:30:53 +0800] "GET /xingrg/kc/mdqp/pssh_order_list.html HTTP/1.1" 200 17941
116.225.121.189 - - [22/Sep/2022:10:30:53 +0800] "POST /xingrg/kc/mdqp/pssh_list_operate.html HTTP/1.1" 200 5217
116.225.121.189 - - [22/Sep/2022:10:30:57 +0800] "GET /xingrg/all/function/internal_message.html?_=1663813714648&CODE_STATE=getMsg HTTP/1.1" 200 27
116.228.172.94 - - [22/Sep/2022:10:30:58 +0800] "GET /xingrg/kc/buy/cgsh_order_operate.html?command=get_materiel&rest_code=00153&code=00101008370&supplier_code=00100199&order_time=2022-09-22 HTTP/1.1" 200 412
180.169.147.146 - - [22/Sep/2022:10:30:59 +0800] "GET /xingrg/all/function/internal_message.html?_=1663813856026&CODE_STATE=getMsg HTTP/1.1" 200 27
114.84.81.136 - - [22/Sep/2022:10:31:02 +0800] "GET /xingrg/all/function/internal_message.html?_=1663813860036&CODE_STATE=getMsg HTTP/1.1" 200 27
116.230.114.213 - - [22/Sep/2022:10:31:02 +0800] "GET /xingrg/all/function/internal_message.html?_=1663813877874&CODE_STATE=getMsg HTTP/1.1" 200 27
116.230.114.213 - - [22/Sep/2022:10:31:04 +0800] "GET /xingrg/kc/buy/cgsh_order_operate.html?command=get_materiel&rest_code=00146&code=00101009011&supplier_code=00100023&order_time=2022-09-22 HTTP/1.1" 200 416
114.84.81.136 - - [22/Sep/2022:10:31:09 +0800] "GET /xingrg/kc/buy/buy_main.html HTTP/1.1" 200 12412
114.84.81.136 - - [22/Sep/2022:10:31:09 +0800] "GET /xingrg/css/new_ie.css HTTP/1.1" 404 1036
114.84.81.136 - - [22/Sep/2022:10:31:09 +0800] "GET /xingrg/javascript/jquery_ui/themes/humanity/humanity.css HTTP/1.1" 200 27801
114.84.81.136 - - [22/Sep/2022:10:31:09 +0800] "GET /xingrg/javascript/jquery_ui/jquery-ui.min.js HTTP/1.1" 200 186181
114.84.81.136 - - [22/Sep/2022:10:31:09 +0800] "GET /xingrg/images/blue/button/cgydd.gif HTTP/1.1" 200 2712
114.84.81.136 - - [22/Sep/2022:10:31:09 +0800] "GET /xingrg/images/blue/button/kc.gif HTTP/1.1" 200 2160
114.84.81.136 - - [22/Sep/2022:10:31:09 +0800] "GET /xingrg/images/blue/pic_form2.gif HTTP/1.1" 200 1853
114.84.81.136 - - [22/Sep/2022:10:31:09 +0800] "GET /xingrg/images/blue/button/cgxqd.gif HTTP/1.1" 200 2619
114.84.81.136 - - [22/Sep/2022:10:31:09 +0800] "GET /xingrg/images/blue/bg_dotted.jpg HTTP/1.1" 200 319
114.84.81.136 - - [22/Sep/2022:10:31:09 +0800] "GET /xingrg/javascript/jquery_ui/themes/humanity/images/ui-bg_inset-soft_100_f4f0ec_1x100.png HTTP/1.1" 200 141
114.84.81.136 - - [22/Sep/2022:10:31:09 +0800] "GET /xingrg/images/blue/button/right_ah.jpg HTTP/1.1" 200 1744
114.84.81.136 - - [22/Sep/2022:10:31:09 +0800] "GET /xingrg/images/blue/button/down_ah.jpg HTTP/1.1" 200 1732
114.84.81.136 - - [22/Sep/2022:10:31:09 +0800] "GET /xingrg/images/blue/button/cgshd.gif HTTP/1.1" 200 2618
114.84.81.136 - - [22/Sep/2022:10:31:09 +0800] "GET /xingrg/images/blue/button/cgfkd.gif HTTP/1.1" 200 2075
114.84.81.136 - - [22/Sep/2022:10:31:09 +0800] "GET /xingrg/images/blue/button/ckthd.gif HTTP/1.1" 200 2045
114.84.81.136 - - [22/Sep/2022:10:31:09 +0800] "GET /xingrg/javascript/jquery_ui/themes/humanity/images/ui-iconsnew.jpg HTTP/1.1" 200 337
114.84.81.136 - - [22/Sep/2022:10:31:09 +0800] "GET /xingrg/javascript/jquery_ui/themes/humanity/images/ui-bg_glass_70_ede4d4_1x400.png HTTP/1.1" 200 161
114.84.81.136 - - [22/Sep/2022:10:31:09 +0800] "GET /xingrg/javascript/jquery_ui/themes/humanity/images/ui-icons_ffffff_256x240.png HTTP/1.1" 200 4369
114.84.81.136 - - [22/Sep/2022:10:31:09 +0800] "GET /xingrg/javascript/jquery_ui/themes/humanity/images/ui-icons_c47a23_256x240.png HTTP/1.1" 200 5355
114.84.81.136 - - [22/Sep/2022:10:31:10 +0800] "GET /xingrg/images/yd/bt.gif HTTP/1.1" 404 1040
116.230.114.213 - - [22/Sep/2022:10:31:10 +0800] "GET /xingrg/check_reg.html?_=1663813883032 HTTP/1.1" 302 -
114.84.81.136 - - [22/Sep/2022:10:31:10 +0800] "GET /xingrg/kc/buy/cgsh_order_list.html HTTP/1.1" 200 53003
114.84.81.136 - - [22/Sep/2022:10:31:13 +0800] "POST /xingrg/kc/buy/cgsh_list_operate.html HTTP/1.1" 200 986
116.228.172.94 - - [22/Sep/2022:10:31:13 +0800] "GET /xingrg/kc/buy/cgsh_order_operate.html?command=get_materiel&rest_code=00153&code=00101008261&supplier_code=00100199&order_time=2022-09-22 HTTP/1.1" 200 408
180.169.147.146 - - [22/Sep/2022:10:31:14 +0800] "GET /xingrg/kc/base/wldb_order_operate.html?command=get_materiel&rest_code=00147&base_code=0010287&code=00102002150 HTTP/1.1" 200 447
116.228.172.94 - - [22/Sep/2022:10:31:19 +0800] "GET /xingrg/check_reg.html?_=1663813406689 HTTP/1.1" 200 22
116.225.121.189 - - [22/Sep/2022:10:31:19 +0800] "POST /xingrg/kc/mdqp/pssh_list_operate.html HTTP/1.1" 200 256
116.225.121.189 - - [22/Sep/2022:10:31:19 +0800] "GET /xingrg/kc/mdqp/pssh_order_info.html?code=312022092100502 HTTP/1.1" 200 17266
116.225.121.189 - - [22/Sep/2022:10:31:19 +0800] "GET /xingrg/javascript/jquery_tools/jquery-1.4.2.min.js HTTP/1.1" 404 1094
116.225.121.189 - - [22/Sep/2022:10:31:19 +0800] "GET /xingrg/javascript/easyui/themes/icons/back_new.png HTTP/1.1" 304 -
116.225.121.189 - - [22/Sep/2022:10:31:19 +0800] "POST /xingrg/kc/mdqp/pssh_order_operate.html HTTP/1.1" 200 526
116.225.121.189 - - [22/Sep/2022:10:31:19 +0800] "GET /xingrg/all/common/auto_word.html?type=base&rest_code=00105&rest_code=00105 HTTP/1.1" 200 1907
116.225.121.189 - - [22/Sep/2022:10:31:19 +0800] "GET /xingrg/javascript/easyui/themes/default/validatebox.css HTTP/1.1" 404 1104
116.228.172.94 - - [22/Sep/2022:10:31:21 +0800] "GET /xingrg/all/function/internal_message.html?_=1663813408973&CODE_STATE=getMsg HTTP/1.1" 200 27
101.93.220.199 - - [22/Sep/2022:10:31:21 +0800] "POST /xingrg/services/DataTransmitService HTTP/1.1" 200 501
101.93.220.199 - - [22/Sep/2022:10:31:22 +0800] "POST /xingrg/services/DataTransmitService HTTP/1.1" 200 501
116.230.114.213 - - [22/Sep/2022:10:31:23 +0800] "GET /xingrg/kc/buy/cgsh_order_operate.html?command=get_materiel&rest_code=00146&code=00101009015&supplier_code=00100023&order_time=2022-09-22 HTTP/1.1" 200 416
116.238.169.132 - - [22/Sep/2022:10:31:23 +0800] "GET /xingrg/all/function/internal_message.html?_=1663813882844&CODE_STATE=getMsg HTTP/1.1" 200 27
116.238.169.132 - - [22/Sep/2022:10:31:23 +0800] "GET /xingrg/check_reg.html?_=1663813882847 HTTP/1.1" 200 22
116.230.105.139 - - [22/Sep/2022:10:31:24 +0800] "GET /xingrg/all/function/internal_message.html?_=1663813882031&CODE_STATE=getMsg HTTP/1.1" 200 27
180.169.147.146 - - [22/Sep/2022:10:31:25 +0800] "GET /xingrg/kc/base/wldb_order_operate.html?command=get_materiel&rest_code=00147&base_code=0010287&code=00102002679 HTTP/1.1" 200 458
116.228.172.94 - - [22/Sep/2022:10:31:25 +0800] "GET /xingrg/kc/buy/cgsh_order_operate.html?command=get_materiel&rest_code=00153&code=00101008372&supplier_code=00100199&order_time=2022-09-22 HTTP/1.1" 200 408
180.169.147.146 - - [22/Sep/2022:10:31:25 +0800] "GET /xingrg/all/function/internal_message.html?_=1663813880370&CODE_STATE=getMsg HTTP/1.1" 200 27
101.93.220.199 - - [22/Sep/2022:10:31:26 +0800] "POST /xingrg/services/DataTransmitService HTTP/1.1" 200 501
222.70.183.206 - - [22/Sep/2022:10:31:28 +0800] "GET /xingrg/all/function/internal_message.html?_=1663813883657&CODE_STATE=getMsg HTTP/1.1" 200 27
101.93.220.199 - - [22/Sep/2022:10:31:30 +0800] "POST /xingrg/services/DataTransmitService HTTP/1.1" 200 501
101.93.220.199 - - [22/Sep/2022:10:31:31 +0800] "POST /xingrg/services/DataTransmitService HTTP/1.1" 200 501
116.224.255.128 - - [22/Sep/2022:10:31:31 +0800] "GET /xingrg/all/function/internal_message.html?_=1663813889446&CODE_STATE=getMsg HTTP/1.1" 200 27
180.169.147.146 - - [22/Sep/2022:10:31:31 +0800] "GET /xingrg/check_reg.html?_=1663813889824 HTTP/1.1" 200 22
180.169.147.146 - - [22/Sep/2022:10:31:31 +0800] "GET /xingrg/all/function/internal_message.html?_=1663813889828&CODE_STATE=getMsg HTTP/1.1" 200 27
101.93.220.199 - - [22/Sep/2022:10:31:31 +0800] "POST /xingrg/services/DataTransmitService HTTP/1.1" 200 501
114.84.81.136 - - [22/Sep/2022:10:31:32 +0800] "GET /xingrg/all/function/internal_message.html?_=1663813890035&CODE_STATE=getMsg HTTP/1.1" 200 27
101.93.220.199 - - [22/Sep/2022:10:31:32 +0800] "POST /xingrg/services/DataTransmitService HTTP/1.1" 200 501
101.93.220.199 - - [22/Sep/2022:10:31:33 +0800] "POST /xingrg/services/DataTransmitService HTTP/1.1" 200 501
101.93.220.199 - - [22/Sep/2022:10:31:34 +0800] "POST /xingrg/services/DataTransmitService HTTP/1.1" 200 501
124.78.156.85 - - [22/Sep/2022:10:31:34 +0800] "GET /xingrg/all/function/internal_message.html?_=1663813896162&CODE_STATE=getMsg HTTP/1.1" 200 27
101.93.220.199 - - [22/Sep/2022:10:31:34 +0800] "POST /xingrg/services/DataTransmitService HTTP/1.1" 200 501
101.93.220.199 - - [22/Sep/2022:10:31:35 +0800] "POST /xingrg/services/DataTransmitService HTTP/1.1" 200 412
116.230.114.213 - - [22/Sep/2022:10:31:35 +0800] "POST /xingrg/kc/buy/cgsh_order_operate.html HTTP/1.1" 200 37
116.238.169.132 - - [22/Sep/2022:10:31:40 +0800] "GET /xingrg/kc/base/wldb_order_list.html HTTP/1.1" 200 19180
116.238.169.132 - - [22/Sep/2022:10:31:40 +0800] "POST /xingrg/kc/base/wldb_list_operate.html HTTP/1.1" 200 928
116.228.172.94 - - [22/Sep/2022:10:31:41 +0800] "GET /xingrg/kc/buy/cgsh_order_operate.html?command=get_materiel&rest_code=00153&code=00101008155&supplier_code=00100199&order_time=2022-09-22 HTTP/1.1" 200 428
116.238.169.132 - - [22/Sep/2022:10:31:41 +0800] "GET /xingrg/kc/base/wldb_order_add.html HTTP/1.1" 200 30390
116.238.169.132 - - [22/Sep/2022:10:31:41 +0800] "POST /xingrg/kc/base/wldb_order_operate.html HTTP/1.1" 200 6806
116.238.169.132 - - [22/Sep/2022:10:31:41 +0800] "GET /xingrg/all/common/auto_word.html?type=base&rest_code=00102 HTTP/1.1" 200 1857
116.238.169.132 - - [22/Sep/2022:10:31:41 +0800] "GET /xingrg/all/common/auto_word.html?type=base&rest_code=00102 HTTP/1.1" 200 1857
116.238.169.132 - - [22/Sep/2022:10:31:42 +0800] "GET /xingrg/javascript/easyui/themes/default/validatebox.css HTTP/1.1" 404 1104
116.230.114.213 - - [22/Sep/2022:10:31:42 +0800] "POST /xingrg/kc/buy/cgsh_order_operate.html HTTP/1.1" 200 4431
180.169.147.146 - - [22/Sep/2022:10:31:42 +0800] "GET /xingrg/kc/base/wldb_order_operate.html?command=get_materiel&rest_code=00147&base_code=0010287&code=00102002022 HTTP/1.1" 200 472
116.238.169.132 - - [22/Sep/2022:10:31:43 +0800] "POST /xingrg/all/common/load_combo.html?type=base HTTP/1.1" 200 3321
120.253.135.82 - - [22/Sep/2022:10:31:43 +0800] "GET /xingrg/all/function/internal_message.html?_=1663814007859&CODE_STATE=getMsg HTTP/1.1" 200 27
116.230.114.213 - - [22/Sep/2022:10:31:45 +0800] "GET /xingrg/kc/print/load_data.html?order_code=212022092207923&kc_code=cgsh&condition= HTTP/1.1" 200 1375
116.238.169.132 - - [22/Sep/2022:10:31:46 +0800] "GET /xingrg/javascript/auto/indicator.gif HTTP/1.1" 404 1066
101.85.93.113 - - [22/Sep/2022:10:31:48 +0800] "GET /xingrg/all/function/internal_message.html?_=1663813905965&CODE_STATE=getMsg HTTP/1.1" 200 27
222.70.183.206 - - [22/Sep/2022:10:31:48 +0800] "GET /xingrg/kc/buy/cgsh_order_operate.html?command=get_materiel&rest_code=00111&code=00101009007&supplier_code=00100037&order_time=2022-09-22 HTTP/1.1" 200 410
116.238.169.132 - - [22/Sep/2022:10:31:50 +0800] "GET /xingrg/kc/base/wldb_order_operate.html?command=get_materiel&rest_code=00102&base_code=0010476&code=00101019503 HTTP/1.1" 200 466
116.230.114.213 - - [22/Sep/2022:10:31:51 +0800] "GET /xingrg/all/function/internal_message.html?_=1663813924711&CODE_STATE=getMsg HTTP/1.1" 302 -
116.228.172.94 - - [22/Sep/2022:10:31:53 +0800] "GET /xingrg/kc/buy/cgsh_order_operate.html?command=get_materiel&rest_code=00153&code=00101006109&supplier_code=00100199&order_time=2022-09-22 HTTP/1.1" 200 409
116.238.169.132 - - [22/Sep/2022:10:31:57 +0800] "GET /xingrg/kc/buy/cgsh_order_list.html HTTP/1.1" 200 52997
116.225.121.189 - - [22/Sep/2022:10:31:57 +0800] "GET /xingrg/all/function/internal_message.html?_=1663813774629&CODE_STATE=getMsg HTTP/1.1" 200 27
116.238.169.132 - - [22/Sep/2022:10:31:58 +0800] "POST /xingrg/kc/buy/cgsh_list_operate.html HTTP/1.1" 200 986
180.169.147.146 - - [22/Sep/2022:10:31:59 +0800] "GET /xingrg/all/function/internal_message.html?_=1663813916026&CODE_STATE=getMsg HTTP/1.1" 200 27
180.169.147.146 - - [22/Sep/2022:10:31:59 +0800] "GET /xingrg/check_reg.html?_=1663813916029 HTTP/1.1" 200 22
116.228.172.94 - - [22/Sep/2022:10:32:01 +0800] "GET /xingrg/kc/buy/cgsh_order_operate.html?command=get_materiel&rest_code=00153&code=00101006240&supplier_code=00100199&order_time=2022-09-22 HTTP/1.1" 200 422
114.84.81.136 - - [22/Sep/2022:10:32:02 +0800] "GET /xingrg/all/function/internal_message.html?_=1663813919998&CODE_STATE=getMsg HTTP/1.1" 200 27
116.230.114.213 - - [22/Sep/2022:10:32:02 +0800] "GET /xingrg/all/function/internal_message.html?_=1663813938298&CODE_STATE=getMsg HTTP/1.1" 200 27
114.84.81.136 - - [22/Sep/2022:10:32:03 +0800] "GET /xingrg/kc/buy/buy_main.html HTTP/1.1" 200 12412
114.84.81.136 - - [22/Sep/2022:10:32:03 +0800] "GET /xingrg/css/new_ie.css HTTP/1.1" 404 1036
114.84.81.136 - - [22/Sep/2022:10:32:04 +0800] "GET /xingrg/images/yd/bt.gif HTTP/1.1" 404 1040
114.84.81.136 - - [22/Sep/2022:10:32:05 +0800] "GET /xingrg/kc/buy/cgsh_order_list.html HTTP/1.1" 200 53003
116.225.121.189 - - [22/Sep/2022:10:32:05 +0800] "GET /xingrg/javascript/auto/indicator.gif HTTP/1.1" 404 1066
114.84.81.136 - - [22/Sep/2022:10:32:06 +0800] "POST /xingrg/kc/buy/cgsh_list_operate.html HTTP/1.1" 200 986
116.225.121.189 - - [22/Sep/2022:10:32:15 +0800] "POST /xingrg/all/common/load_combo.html?type=employee HTTP/1.1" 200 356
116.225.121.189 - - [22/Sep/2022:10:32:15 +0800] "GET /xingrg/css/images/panel_loading.gif HTTP/1.1" 304 -
116.228.172.94 - - [22/Sep/2022:10:32:18 +0800] "GET /xingrg/kc/buy/cgsh_order_operate.html?command=get_materiel&rest_code=00153&code=00101008053&supplier_code=00100199&order_time=2022-09-22 HTTP/1.1" 200 413
116.228.172.94 - - [22/Sep/2022:10:32:21 +0800] "GET /xingrg/all/function/internal_message.html?_=1663813468959&CODE_STATE=getMsg HTTP/1.1" 200 27
114.84.81.136 - - [22/Sep/2022:10:32:21 +0800] "GET /xingrg/kc/buy/buy_main.html HTTP/1.1" 200 12412
114.84.81.136 - - [22/Sep/2022:10:32:21 +0800] "GET /xingrg/css/new_ie.css HTTP/1.1" 404 1036
114.84.81.136 - - [22/Sep/2022:10:32:22 +0800] "GET /xingrg/images/yd/bt.gif HTTP/1.1" 404 1040
116.230.114.213 - - [22/Sep/2022:10:32:22 +0800] "GET /xingrg/kc/buy/cgsh_order_add.html HTTP/1.1" 200 68741
116.225.121.189 - - [22/Sep/2022:10:32:22 +0800] "POST /xingrg/kc/mdqp/pssh_order_operate.html HTTP/1.1" 200 37
114.84.81.136 - - [22/Sep/2022:10:32:23 +0800] "GET /xingrg/kc/buy/cgsh_order_list.html HTTP/1.1" 200 53003
116.225.121.189 - - [22/Sep/2022:10:32:23 +0800] "POST /xingrg/kc/mdqp/pssh_order_operate.html HTTP/1.1" 200 526
116.230.114.213 - - [22/Sep/2022:10:32:23 +0800] "POST /xingrg/kc/buy/cgsh_order_operate.html HTTP/1.1" 200 8245
116.238.169.132 - - [22/Sep/2022:10:32:23 +0800] "GET /xingrg/all/function/internal_message.html?_=1663813942839&CODE_STATE=getMsg HTTP/1.1" 200 27
116.230.114.213 - - [22/Sep/2022:10:32:23 +0800] "GET /xingrg/javascript/easyui/themes/default/validatebox.css HTTP/1.1" 404 1104
116.230.105.139 - - [22/Sep/2022:10:32:24 +0800] "GET /xingrg/all/function/internal_message.html?_=1663813942034&CODE_STATE=getMsg HTTP/1.1" 200 27
114.84.81.136 - - [22/Sep/2022:10:32:24 +0800] "POST /xingrg/kc/buy/cgsh_list_operate.html HTTP/1.1" 200 986
180.169.147.146 - - [22/Sep/2022:10:32:25 +0800] "GET /xingrg/all/function/internal_message.html?_=1663813940344&CODE_STATE=getMsg HTTP/1.1" 200 27
114.84.81.136 - - [22/Sep/2022:10:32:26 +0800] "GET /xingrg/kc/buy/cgsh_order_add.html HTTP/1.1" 200 68773
114.84.81.136 - - [22/Sep/2022:10:32:26 +0800] "GET /xingrg/words/20220921161920_words.js HTTP/1.1" 200 922139
114.84.81.136 - - [22/Sep/2022:10:32:26 +0800] "POST /xingrg/kc/buy/cgsh_order_operate.html HTTP/1.1" 200 8245
114.84.81.136 - - [22/Sep/2022:10:32:26 +0800] "GET /xingrg/all/common/auto_word.html?type=employee&rest_code=00148 HTTP/1.1" 200 243
114.84.81.136 - - [22/Sep/2022:10:32:26 +0800] "GET /xingrg/all/common/auto_word.html?type=employee&rest_code=00148 HTTP/1.1" 200 243
114.84.81.136 - - [22/Sep/2022:10:32:26 +0800] "GET /xingrg/javascript/easyui/themes/default/validatebox.css HTTP/1.1" 404 1104
116.225.121.189 - - [22/Sep/2022:10:32:27 +0800] "GET /xingrg/kc/print/load_config.html?kc_code=pssh HTTP/1.1" 200 2291
116.225.121.189 - - [22/Sep/2022:10:32:27 +0800] "GET /xingrg/kc/print/load_data.html?order_code=312022092100502&kc_code=pssh&condition= HTTP/1.1" 200 593
222.70.183.206 - - [22/Sep/2022:10:32:28 +0800] "GET /xingrg/all/function/internal_message.html?_=1663813943636&CODE_STATE=getMsg HTTP/1.1" 200 27
116.224.255.128 - - [22/Sep/2022:10:32:31 +0800] "GET /xingrg/all/function/internal_message.html?_=1663813949438&CODE_STATE=getMsg HTTP/1.1" 200 27
180.169.147.146 - - [22/Sep/2022:10:32:31 +0800] "GET /xingrg/all/function/internal_message.html?_=1663813949812&CODE_STATE=getMsg HTTP/1.1" 200 27
114.84.81.136 - - [22/Sep/2022:10:32:32 +0800] "GET /xingrg/all/function/internal_message.html?_=1663813950034&CODE_STATE=getMsg HTTP/1.1" 200 27
124.78.156.85 - - [22/Sep/2022:10:32:34 +0800] "GET /xingrg/all/function/internal_message.html?_=1663813956164&CODE_STATE=getMsg HTTP/1.1" 200 27
120.253.135.82 - - [22/Sep/2022:10:32:43 +0800] "GET /xingrg/all/function/internal_message.html?_=1663814067864&CODE_STATE=getMsg HTTP/1.1" 200 27
116.228.172.94 - - [22/Sep/2022:10:32:46 +0800] "GET /xingrg/kc/buy/cgsh_order_operate.html?command=get_materiel&rest_code=00153&code=00101008332&supplier_code=00100199&order_time=2022-09-22 HTTP/1.1" 200 431
101.85.93.113 - - [22/Sep/2022:10:32:48 +0800] "GET /xingrg/check_reg.html?_=1663813965951 HTTP/1.1" 200 22
101.85.93.113 - - [22/Sep/2022:10:32:48 +0800] "GET /xingrg/all/function/internal_message.html?_=1663813965954&CODE_STATE=getMsg HTTP/1.1" 200 27
58.35.213.73 - - [22/Sep/2022:10:32:50 +0800] "POST /xingrg/services/DataTransmitService HTTP/1.1" 200 524
58.35.213.73 - - [22/Sep/2022:10:32:50 +0800] "POST /xingrg/services/DataTransmitService HTTP/1.1" 200 2147
58.35.213.73 - - [22/Sep/2022:10:32:51 +0800] "POST /xingrg/services/DataTransmitService HTTP/1.1" 200 122688
116.230.114.213 - - [22/Sep/2022:10:32:51 +0800] "GET /xingrg/all/function/internal_message.html?_=1663813984719&CODE_STATE=getMsg HTTP/1.1" 302 -
116.225.121.189 - - [22/Sep/2022:10:32:57 +0800] "GET /xingrg/all/function/internal_message.html?_=1663813834621&CODE_STATE=getMsg HTTP/1.1" 200 27
116.225.121.189 - - [22/Sep/2022:10:32:58 +0800] "GET /xingrg/check_reg.html?_=1663813835551 HTTP/1.1" 200 22
116.230.114.213 - - [22/Sep/2022:10:32:58 +0800] "GET /xingrg/kc/buy/cgsh_order_operate.html?command=get_materiel&rest_code=00146&code=00101001111&supplier_code=00100041&order_time=2022-09-22 HTTP/1.1" 200 409
180.169.147.146 - - [22/Sep/2022:10:32:59 +0800] "GET /xingrg/all/function/internal_message.html?_=1663813976030&CODE_STATE=getMsg HTTP/1.1" 200 27
114.84.81.136 - - [22/Sep/2022:10:33:02 +0800] "GET /xingrg/all/function/internal_message.html?_=1663813980014&CODE_STATE=getMsg HTTP/1.1" 200 27
116.230.114.213 - - [22/Sep/2022:10:33:02 +0800] "GET /xingrg/all/function/internal_message.html?_=1663813998306&CODE_STATE=getMsg HTTP/1.1" 200 27
116.228.172.94 - - [22/Sep/2022:10:33:04 +0800] "GET /xingrg/kc/buy/cgsh_order_operate.html?command=get_materiel&rest_code=00153&code=00101007081&supplier_code=00100199&order_time=2022-09-22 HTTP/1.1" 200 413
114.88.158.224 - - [22/Sep/2022:10:33:06 +0800] "GET /xingrg/check_reg.html?_=1663813630497 HTTP/1.1" 302 -
114.88.158.224 - - [22/Sep/2022:10:33:06 +0800] "GET /xingrg/login.html HTTP/1.1" 200 7641
116.225.121.189 - - [22/Sep/2022:10:33:07 +0800] "GET /xingrg/kc/mdqp/pssh_order_list.html?isBack=1 HTTP/1.1" 200 17941
116.225.121.189 - - [22/Sep/2022:10:33:07 +0800] "POST /xingrg/kc/mdqp/pssh_list_operate.html HTTP/1.1" 200 5232
116.230.114.213 - - [22/Sep/2022:10:33:14 +0800] "GET /xingrg/check_reg.html?_=1663814009758 HTTP/1.1" 200 22
116.228.172.94 - - [22/Sep/2022:10:33:15 +0800] "GET /xingrg/kc/buy/cgsh_order_operate.html?command=get_materiel&rest_code=00153&code=00101012029&supplier_code=00100199&order_time=2022-09-22 HTTP/1.1" 200 412
116.225.121.189 - - [22/Sep/2022:10:33:16 +0800] "POST /xingrg/kc/mdqp/pssh_list_operate.html HTTP/1.1" 200 359
