116.230.114.213 - - [22/Sep/2022:07:41:39 +0800] "GET /xingrg/all/function/internal_message.html?_=1663803714564&CODE_STATE=getMsg HTTP/1.1" 200 27
222.69.131.150 - - [22/Sep/2022:07:41:39 +0800] "GET /xingrg/kc/buy/cgsh_order_operate.html?command=get_materiel&rest_code=00149&code=00101008125&supplier_code=00100008&order_time=2022-09-22 HTTP/1.1" 200 433
116.230.114.213 - - [22/Sep/2022:07:41:48 +0800] "GET /xingrg/all/function/internal_message.html?_=1663803720898&CODE_STATE=getMsg HTTP/1.1" 302 -
222.69.131.150 - - [22/Sep/2022:07:41:50 +0800] "GET /xingrg/kc/buy/cgsh_order_operate.html?command=get_materiel&rest_code=00149&code=00101008402&supplier_code=00100008&order_time=2022-09-22 HTTP/1.1" 200 409
222.69.131.150 - - [22/Sep/2022:07:42:01 +0800] "GET /xingrg/kc/buy/cgsh_order_operate.html?command=get_materiel&rest_code=00149&code=00101015026&supplier_code=00100008&order_time=2022-09-22 HTTP/1.1" 200 412
222.69.131.150 - - [22/Sep/2022:07:42:10 +0800] "GET /xingrg/kc/buy/cgsh_order_operate.html?command=get_materiel&rest_code=00149&code=00101015001&supplier_code=00100008&order_time=2022-09-22 HTTP/1.1" 200 414
222.69.131.150 - - [22/Sep/2022:07:42:14 +0800] "POST /xingrg/kc/buy/cgsh_order_operate.html HTTP/1.1" 200 2065
222.69.131.150 - - [22/Sep/2022:07:42:20 +0800] "GET /xingrg/kc/buy/cgsh_order_operate.html?command=get_materiel&rest_code=00149&code=00101008305&supplier_code=00100008&order_time=2022-09-22 HTTP/1.1" 200 412
222.69.131.150 - - [22/Sep/2022:07:42:29 +0800] "GET /xingrg/all/function/internal_message.html?_=1663803744377&CODE_STATE=getMsg HTTP/1.1" 200 27
222.69.131.150 - - [22/Sep/2022:07:42:36 +0800] "GET /xingrg/kc/buy/cgsh_order_operate.html?command=get_materiel&rest_code=00149&code=00101008276&supplier_code=00100008&order_time=2022-09-22 HTTP/1.1" 200 412
116.230.114.213 - - [22/Sep/2022:07:42:39 +0800] "GET /xingrg/all/function/internal_message.html?_=1663803774840&CODE_STATE=getMsg HTTP/1.1" 200 27
222.69.131.150 - - [22/Sep/2022:07:42:47 +0800] "GET /xingrg/kc/buy/cgsh_order_operate.html?command=get_materiel&rest_code=00149&code=00101008257&supplier_code=00100008&order_time=2022-09-22 HTTP/1.1" 200 416
116.230.114.213 - - [22/Sep/2022:07:42:48 +0800] "GET /xingrg/all/function/internal_message.html?_=1663803780912&CODE_STATE=getMsg HTTP/1.1" 302 -
116.230.114.213 - - [22/Sep/2022:07:43:12 +0800] "GET /xingrg/check_reg.html?_=1663803807406 HTTP/1.1" 200 22
222.69.131.150 - - [22/Sep/2022:07:43:29 +0800] "GET /xingrg/all/function/internal_message.html?_=1663803804386&CODE_STATE=getMsg HTTP/1.1" 200 27
222.69.131.150 - - [22/Sep/2022:07:43:30 +0800] "POST /xingrg/kc/buy/cgsh_order_operate.html HTTP/1.1" 200 37
222.69.131.150 - - [22/Sep/2022:07:43:37 +0800] "POST /xingrg/kc/buy/cgsh_order_operate.html HTTP/1.1" 200 12
116.230.114.213 - - [22/Sep/2022:07:43:39 +0800] "GET /xingrg/all/function/internal_message.html?_=1663803834842&CODE_STATE=getMsg HTTP/1.1" 200 27
222.69.131.150 - - [22/Sep/2022:07:43:42 +0800] "GET /xingrg/kc/buy/cgsh_order_info.html?code=212022092207891 HTTP/1.1" 200 63770
222.69.131.150 - - [22/Sep/2022:07:43:42 +0800] "GET /xingrg/javascript/easyui/themes/default/validatebox.css HTTP/1.1" 404 1104
222.69.131.150 - - [22/Sep/2022:07:43:43 +0800] "POST /xingrg/kc/buy/cgsh_order_operate.html HTTP/1.1" 200 39645
222.69.131.150 - - [22/Sep/2022:07:43:45 +0800] "GET /xingrg/kc/print/load_config.html?kc_code=cgsh HTTP/1.1" 200 1943
222.69.131.150 - - [22/Sep/2022:07:43:45 +0800] "GET /xingrg/kc/print/load_data.html?order_code=212022092207891&kc_code=cgsh&condition= HTTP/1.1" 200 15473
116.230.114.213 - - [22/Sep/2022:07:43:48 +0800] "GET /xingrg/all/function/internal_message.html?_=1663803840942&CODE_STATE=getMsg HTTP/1.1" 302 -
222.69.131.150 - - [22/Sep/2022:07:44:29 +0800] "GET /xingrg/all/function/internal_message.html?_=1663803864381&CODE_STATE=getMsg HTTP/1.1" 200 27
116.230.114.213 - - [22/Sep/2022:07:44:39 +0800] "GET /xingrg/all/function/internal_message.html?_=1663803894854&CODE_STATE=getMsg HTTP/1.1" 200 27
116.230.114.213 - - [22/Sep/2022:07:44:48 +0800] "GET /xingrg/all/function/internal_message.html?_=1663803900955&CODE_STATE=getMsg HTTP/1.1" 302 -
222.69.131.150 - - [22/Sep/2022:07:45:10 +0800] "GET /xingrg/kc/buy/cgsh_order_add.html HTTP/1.1" 200 68867
222.69.131.150 - - [22/Sep/2022:07:45:11 +0800] "POST /xingrg/kc/buy/cgsh_order_operate.html HTTP/1.1" 200 8245
222.69.131.150 - - [22/Sep/2022:07:45:11 +0800] "GET /xingrg/javascript/easyui/themes/default/validatebox.css HTTP/1.1" 404 1104
116.230.114.213 - - [22/Sep/2022:07:45:39 +0800] "GET /xingrg/all/function/internal_message.html?_=1663803955124&CODE_STATE=getMsg HTTP/1.1" 200 27
116.230.114.213 - - [22/Sep/2022:07:45:48 +0800] "GET /xingrg/all/function/internal_message.html?_=1663803960985&CODE_STATE=getMsg HTTP/1.1" 302 -
116.230.114.213 - - [22/Sep/2022:07:46:10 +0800] "GET /xingrg/check_reg.html?_=1663803982579 HTTP/1.1" 302 -
116.230.114.213 - - [22/Sep/2022:07:46:39 +0800] "GET /xingrg/all/function/internal_message.html?_=1663804015131&CODE_STATE=getMsg HTTP/1.1" 200 27
116.230.114.213 - - [22/Sep/2022:07:46:48 +0800] "GET /xingrg/all/function/internal_message.html?_=1663804020998&CODE_STATE=getMsg HTTP/1.1" 302 -
116.230.114.213 - - [22/Sep/2022:07:47:40 +0800] "GET /xingrg/all/function/internal_message.html?_=1663804075400&CODE_STATE=getMsg HTTP/1.1" 200 27
116.230.114.213 - - [22/Sep/2022:07:47:48 +0800] "GET /xingrg/all/function/internal_message.html?_=1663804081027&CODE_STATE=getMsg HTTP/1.1" 302 -
116.230.114.213 - - [22/Sep/2022:07:48:12 +0800] "GET /xingrg/check_reg.html?_=1663804107406 HTTP/1.1" 200 22
120.253.135.82 - - [22/Sep/2022:07:48:28 +0800] "GET /xingrg/all/function/internal_message.html?_=1663803581546&CODE_STATE=getMsg HTTP/1.1" 302 -
120.253.135.82 - - [22/Sep/2022:07:48:28 +0800] "GET /xingrg/check_reg.html?_=1663803589587 HTTP/1.1" 302 -
120.253.135.82 - - [22/Sep/2022:07:48:28 +0800] "GET /xingrg/login.html HTTP/1.1" 200 7641
120.253.135.82 - - [22/Sep/2022:07:48:28 +0800] "GET /xingrg/login.html HTTP/1.1" 200 7641
116.230.114.213 - - [22/Sep/2022:07:48:40 +0800] "GET /xingrg/all/function/internal_message.html?_=1663804135409&CODE_STATE=getMsg HTTP/1.1" 200 27
116.230.114.213 - - [22/Sep/2022:07:48:48 +0800] "GET /xingrg/all/function/internal_message.html?_=1663804141041&CODE_STATE=getMsg HTTP/1.1" 302 -
116.238.169.132 - - [22/Sep/2022:07:49:07 +0800] "POST /xingrg/services/DataTransmitService HTTP/1.1" 200 524
120.253.135.82 - - [22/Sep/2022:07:49:19 +0800] "GET /xingrg/all/function/internal_message.html?_=1663803641521&CODE_STATE=getMsg HTTP/1.1" 302 -
116.230.114.213 - - [22/Sep/2022:07:49:40 +0800] "GET /xingrg/all/function/internal_message.html?_=1663804195421&CODE_STATE=getMsg HTTP/1.1" 200 27
116.230.114.213 - - [22/Sep/2022:07:49:48 +0800] "GET /xingrg/all/function/internal_message.html?_=1663804201070&CODE_STATE=getMsg HTTP/1.1" 302 -
120.253.135.82 - - [22/Sep/2022:07:50:19 +0800] "GET /xingrg/all/function/internal_message.html?_=1663803701504&CODE_STATE=getMsg HTTP/1.1" 302 -
116.230.114.213 - - [22/Sep/2022:07:50:40 +0800] "GET /xingrg/all/function/internal_message.html?_=1663804255693&CODE_STATE=getMsg HTTP/1.1" 200 27
116.230.114.213 - - [22/Sep/2022:07:50:48 +0800] "GET /xingrg/all/function/internal_message.html?_=1663804261083&CODE_STATE=getMsg HTTP/1.1" 302 -
116.230.114.213 - - [22/Sep/2022:07:51:10 +0800] "GET /xingrg/check_reg.html?_=1663804282596 HTTP/1.1" 302 -
120.253.135.82 - - [22/Sep/2022:07:51:19 +0800] "GET /xingrg/all/function/internal_message.html?_=1663803761480&CODE_STATE=getMsg HTTP/1.1" 302 -
116.230.114.213 - - [22/Sep/2022:07:51:40 +0800] "GET /xingrg/all/function/internal_message.html?_=1663804315699&CODE_STATE=getMsg HTTP/1.1" 200 27
116.230.114.213 - - [22/Sep/2022:07:51:48 +0800] "GET /xingrg/all/function/internal_message.html?_=1663804321112&CODE_STATE=getMsg HTTP/1.1" 302 -
120.253.135.82 - - [22/Sep/2022:07:52:19 +0800] "GET /xingrg/all/function/internal_message.html?_=1663803821480&CODE_STATE=getMsg HTTP/1.1" 302 -
116.230.114.213 - - [22/Sep/2022:07:52:40 +0800] "GET /xingrg/all/function/internal_message.html?_=1663804375979&CODE_STATE=getMsg HTTP/1.1" 200 27
116.230.114.213 - - [22/Sep/2022:07:52:48 +0800] "GET /xingrg/all/function/internal_message.html?_=1663804381126&CODE_STATE=getMsg HTTP/1.1" 302 -
116.230.114.213 - - [22/Sep/2022:07:53:12 +0800] "GET /xingrg/check_reg.html?_=1663804407412 HTTP/1.1" 200 22
120.253.135.82 - - [22/Sep/2022:07:53:19 +0800] "GET /xingrg/all/function/internal_message.html?_=1663803881458&CODE_STATE=getMsg HTTP/1.1" 302 -
120.253.135.82 - - [22/Sep/2022:07:53:27 +0800] "GET /xingrg/check_reg.html?_=1663803889593 HTTP/1.1" 302 -
116.230.114.213 - - [22/Sep/2022:07:53:40 +0800] "GET /xingrg/all/function/internal_message.html?_=1663804435991&CODE_STATE=getMsg HTTP/1.1" 200 27
116.230.114.213 - - [22/Sep/2022:07:53:48 +0800] "GET /xingrg/all/function/internal_message.html?_=1663804441157&CODE_STATE=getMsg HTTP/1.1" 302 -
120.253.135.82 - - [22/Sep/2022:07:54:19 +0800] "GET /xingrg/all/function/internal_message.html?_=1663803941437&CODE_STATE=getMsg HTTP/1.1" 302 -
116.230.114.213 - - [22/Sep/2022:07:54:40 +0800] "GET /xingrg/all/function/internal_message.html?_=1663804496005&CODE_STATE=getMsg HTTP/1.1" 200 27
116.230.114.213 - - [22/Sep/2022:07:54:48 +0800] "GET /xingrg/all/function/internal_message.html?_=1663804501169&CODE_STATE=getMsg HTTP/1.1" 302 -
120.253.135.82 - - [22/Sep/2022:07:55:19 +0800] "GET /xingrg/all/function/internal_message.html?_=1663804001405&CODE_STATE=getMsg HTTP/1.1" 302 -
116.230.114.213 - - [22/Sep/2022:07:55:41 +0800] "GET /xingrg/all/function/internal_message.html?_=1663804556287&CODE_STATE=getMsg HTTP/1.1" 200 27
116.230.114.213 - - [22/Sep/2022:07:55:48 +0800] "GET /xingrg/all/function/internal_message.html?_=1663804561200&CODE_STATE=getMsg HTTP/1.1" 302 -
116.230.114.213 - - [22/Sep/2022:07:56:10 +0800] "GET /xingrg/check_reg.html?_=1663804582601 HTTP/1.1" 302 -
120.253.135.82 - - [22/Sep/2022:07:56:19 +0800] "GET /xingrg/all/function/internal_message.html?_=1663804061381&CODE_STATE=getMsg HTTP/1.1" 302 -
116.230.114.213 - - [22/Sep/2022:07:56:41 +0800] "GET /xingrg/all/function/internal_message.html?_=1663804616298&CODE_STATE=getMsg HTTP/1.1" 200 27
116.230.114.213 - - [22/Sep/2022:07:56:48 +0800] "GET /xingrg/all/function/internal_message.html?_=1663804621212&CODE_STATE=getMsg HTTP/1.1" 302 -
120.253.135.82 - - [22/Sep/2022:07:57:19 +0800] "GET /xingrg/all/function/internal_message.html?_=1663804121350&CODE_STATE=getMsg HTTP/1.1" 302 -
116.230.114.213 - - [22/Sep/2022:07:57:41 +0800] "GET /xingrg/all/function/internal_message.html?_=1663804676575&CODE_STATE=getMsg HTTP/1.1" 200 27
116.230.114.213 - - [22/Sep/2022:07:57:48 +0800] "GET /xingrg/all/function/internal_message.html?_=1663804681241&CODE_STATE=getMsg HTTP/1.1" 302 -
116.230.114.213 - - [22/Sep/2022:07:58:12 +0800] "GET /xingrg/check_reg.html?_=1663804707421 HTTP/1.1" 200 22
120.253.135.82 - - [22/Sep/2022:07:58:19 +0800] "GET /xingrg/all/function/internal_message.html?_=1663804181331&CODE_STATE=getMsg HTTP/1.1" 302 -
120.253.135.82 - - [22/Sep/2022:07:58:27 +0800] "GET /xingrg/check_reg.html?_=1663804189570 HTTP/1.1" 302 -
116.230.114.213 - - [22/Sep/2022:07:58:41 +0800] "GET /xingrg/all/function/internal_message.html?_=1663804736590&CODE_STATE=getMsg HTTP/1.1" 200 27
116.230.114.213 - - [22/Sep/2022:07:58:48 +0800] "GET /xingrg/all/function/internal_message.html?_=1663804741254&CODE_STATE=getMsg HTTP/1.1" 302 -
120.253.135.82 - - [22/Sep/2022:07:59:19 +0800] "GET /xingrg/all/function/internal_message.html?_=1663804241336&CODE_STATE=getMsg HTTP/1.1" 302 -
116.230.114.213 - - [22/Sep/2022:07:59:41 +0800] "GET /xingrg/all/function/internal_message.html?_=1663804796605&CODE_STATE=getMsg HTTP/1.1" 200 27
116.230.114.213 - - [22/Sep/2022:07:59:48 +0800] "GET /xingrg/all/function/internal_message.html?_=1663804801285&CODE_STATE=getMsg HTTP/1.1" 302 -
120.253.135.82 - - [22/Sep/2022:08:00:19 +0800] "GET /xingrg/all/function/internal_message.html?_=1663804301314&CODE_STATE=getMsg HTTP/1.1" 302 -
116.230.114.213 - - [22/Sep/2022:08:00:41 +0800] "GET /xingrg/all/function/internal_message.html?_=1663804856875&CODE_STATE=getMsg HTTP/1.1" 200 27
116.230.114.213 - - [22/Sep/2022:08:00:48 +0800] "GET /xingrg/all/function/internal_message.html?_=1663804861297&CODE_STATE=getMsg HTTP/1.1" 302 -
116.230.114.213 - - [22/Sep/2022:08:01:10 +0800] "GET /xingrg/check_reg.html?_=1663804882623 HTTP/1.1" 302 -
120.253.135.82 - - [22/Sep/2022:08:01:19 +0800] "GET /xingrg/all/function/internal_message.html?_=1663804361335&CODE_STATE=getMsg HTTP/1.1" 302 -
116.230.114.213 - - [22/Sep/2022:08:01:41 +0800] "GET /xingrg/all/function/internal_message.html?_=1663804916879&CODE_STATE=getMsg HTTP/1.1" 200 27
116.230.114.213 - - [22/Sep/2022:08:01:48 +0800] "GET /xingrg/all/function/internal_message.html?_=1663804921326&CODE_STATE=getMsg HTTP/1.1" 302 -
116.224.255.128 - - [22/Sep/2022:08:02:03 +0800] "POST /xingrg/services/DataTransmitService HTTP/1.1" 200 524
116.225.121.189 - - [22/Sep/2022:08:02:08 +0800] "POST /xingrg/services/DataTransmitService HTTP/1.1" 200 524
120.253.135.82 - - [22/Sep/2022:08:02:19 +0800] "GET /xingrg/all/function/internal_message.html?_=1663804421264&CODE_STATE=getMsg HTTP/1.1" 302 -
116.230.114.213 - - [22/Sep/2022:08:02:41 +0800] "GET /xingrg/all/function/internal_message.html?_=1663804977148&CODE_STATE=getMsg HTTP/1.1" 200 27
116.230.114.213 - - [22/Sep/2022:08:02:48 +0800] "GET /xingrg/all/function/internal_message.html?_=1663804981340&CODE_STATE=getMsg HTTP/1.1" 302 -
116.230.114.213 - - [22/Sep/2022:08:03:12 +0800] "GET /xingrg/check_reg.html?_=1663805007429 HTTP/1.1" 200 22
120.253.135.82 - - [22/Sep/2022:08:03:19 +0800] "GET /xingrg/all/function/internal_message.html?_=1663804481242&CODE_STATE=getMsg HTTP/1.1" 302 -
120.253.135.82 - - [22/Sep/2022:08:03:27 +0800] "GET /xingrg/check_reg.html?_=1663804489567 HTTP/1.1" 302 -
116.230.114.213 - - [22/Sep/2022:08:03:41 +0800] "GET /xingrg/all/function/internal_message.html?_=1663805037156&CODE_STATE=getMsg HTTP/1.1" 200 27
116.230.114.213 - - [22/Sep/2022:08:03:48 +0800] "GET /xingrg/all/function/internal_message.html?_=1663805041373&CODE_STATE=getMsg HTTP/1.1" 302 -
120.253.135.82 - - [22/Sep/2022:08:04:19 +0800] "GET /xingrg/all/function/internal_message.html?_=1663804541216&CODE_STATE=getMsg HTTP/1.1" 302 -
116.230.114.213 - - [22/Sep/2022:08:04:41 +0800] "GET /xingrg/all/function/internal_message.html?_=1663805097171&CODE_STATE=getMsg HTTP/1.1" 200 27
116.230.114.213 - - [22/Sep/2022:08:04:48 +0800] "GET /xingrg/all/function/internal_message.html?_=1663805101383&CODE_STATE=getMsg HTTP/1.1" 302 -
114.88.158.224 - - [22/Sep/2022:08:04:56 +0800] "POST /xingrg/services/DataTransmitService HTTP/1.1" 200 524
120.253.135.82 - - [22/Sep/2022:08:05:19 +0800] "GET /xingrg/all/function/internal_message.html?_=1663804601193&CODE_STATE=getMsg HTTP/1.1" 302 -
116.230.114.213 - - [22/Sep/2022:08:05:42 +0800] "GET /xingrg/all/function/internal_message.html?_=1663805157442&CODE_STATE=getMsg HTTP/1.1" 200 27
116.230.114.213 - - [22/Sep/2022:08:05:48 +0800] "GET /xingrg/all/function/internal_message.html?_=1663805161425&CODE_STATE=getMsg HTTP/1.1" 302 -
116.230.114.213 - - [22/Sep/2022:08:06:10 +0800] "GET /xingrg/check_reg.html?_=1663805182632 HTTP/1.1" 302 -
120.253.135.82 - - [22/Sep/2022:08:06:19 +0800] "GET /xingrg/all/function/internal_message.html?_=1663804661191&CODE_STATE=getMsg HTTP/1.1" 302 -
116.230.114.213 - - [22/Sep/2022:08:06:42 +0800] "GET /xingrg/all/function/internal_message.html?_=1663805217447&CODE_STATE=getMsg HTTP/1.1" 200 27
116.230.114.213 - - [22/Sep/2022:08:06:48 +0800] "GET /xingrg/all/function/internal_message.html?_=1663805221441&CODE_STATE=getMsg HTTP/1.1" 302 -
120.253.135.82 - - [22/Sep/2022:08:07:19 +0800] "GET /xingrg/all/function/internal_message.html?_=1663804721168&CODE_STATE=getMsg HTTP/1.1" 302 -
116.230.114.213 - - [22/Sep/2022:08:07:42 +0800] "GET /xingrg/all/function/internal_message.html?_=1663805277712&CODE_STATE=getMsg HTTP/1.1" 200 27
116.230.114.213 - - [22/Sep/2022:08:07:49 +0800] "GET /xingrg/all/function/internal_message.html?_=1663805281474&CODE_STATE=getMsg HTTP/1.1" 302 -
116.230.114.213 - - [22/Sep/2022:08:08:12 +0800] "GET /xingrg/check_reg.html?_=1663805307433 HTTP/1.1" 200 22
120.253.135.82 - - [22/Sep/2022:08:08:19 +0800] "GET /xingrg/all/function/internal_message.html?_=1663804781139&CODE_STATE=getMsg HTTP/1.1" 302 -
120.253.135.82 - - [22/Sep/2022:08:08:27 +0800] "GET /xingrg/check_reg.html?_=1663804789564 HTTP/1.1" 302 -
116.230.114.213 - - [22/Sep/2022:08:08:42 +0800] "GET /xingrg/all/function/internal_message.html?_=1663805337723&CODE_STATE=getMsg HTTP/1.1" 200 27
116.230.114.213 - - [22/Sep/2022:08:08:48 +0800] "GET /xingrg/all/function/internal_message.html?_=1663805341484&CODE_STATE=getMsg HTTP/1.1" 302 -
120.253.135.82 - - [22/Sep/2022:08:09:19 +0800] "GET /xingrg/all/function/internal_message.html?_=1663804841114&CODE_STATE=getMsg HTTP/1.1" 302 -
116.230.114.213 - - [22/Sep/2022:08:09:42 +0800] "GET /xingrg/all/function/internal_message.html?_=1663805397737&CODE_STATE=getMsg HTTP/1.1" 200 27
116.230.114.213 - - [22/Sep/2022:08:09:49 +0800] "GET /xingrg/all/function/internal_message.html?_=1663805401533&CODE_STATE=getMsg HTTP/1.1" 302 -
120.253.135.82 - - [22/Sep/2022:08:10:19 +0800] "GET /xingrg/all/function/internal_message.html?_=1663804901084&CODE_STATE=getMsg HTTP/1.1" 302 -
116.230.114.213 - - [22/Sep/2022:08:10:42 +0800] "GET /xingrg/all/function/internal_message.html?_=1663805458002&CODE_STATE=getMsg HTTP/1.1" 200 27
116.230.114.213 - - [22/Sep/2022:08:10:49 +0800] "GET /xingrg/all/function/internal_message.html?_=1663805461542&CODE_STATE=getMsg HTTP/1.1" 302 -
116.230.114.213 - - [22/Sep/2022:08:11:10 +0800] "GET /xingrg/check_reg.html?_=1663805482661 HTTP/1.1" 302 -
222.69.131.150 - - [22/Sep/2022:08:11:12 +0800] "POST /xingrg/services/DataTransmitService HTTP/1.1" 200 524
120.253.135.82 - - [22/Sep/2022:08:11:19 +0800] "GET /xingrg/all/function/internal_message.html?_=1663804961056&CODE_STATE=getMsg HTTP/1.1" 302 -
116.230.114.213 - - [22/Sep/2022:08:11:42 +0800] "GET /xingrg/all/function/internal_message.html?_=1663805518014&CODE_STATE=getMsg HTTP/1.1" 200 27
116.230.114.213 - - [22/Sep/2022:08:11:49 +0800] "GET /xingrg/all/function/internal_message.html?_=1663805521576&CODE_STATE=getMsg HTTP/1.1" 302 -
222.69.131.150 - - [22/Sep/2022:08:12:01 +0800] "POST /xingrg/services/DataTransmitService HTTP/1.1" 200 524
120.253.135.82 - - [22/Sep/2022:08:12:19 +0800] "GET /xingrg/all/function/internal_message.html?_=1663805021053&CODE_STATE=getMsg HTTP/1.1" 302 -
116.230.114.213 - - [22/Sep/2022:08:12:42 +0800] "GET /xingrg/all/function/internal_message.html?_=1663805578281&CODE_STATE=getMsg HTTP/1.1" 200 27
116.230.114.213 - - [22/Sep/2022:08:12:49 +0800] "GET /xingrg/all/function/internal_message.html?_=1663805581585&CODE_STATE=getMsg HTTP/1.1" 302 -
116.230.114.213 - - [22/Sep/2022:08:13:12 +0800] "GET /xingrg/check_reg.html?_=1663805607435 HTTP/1.1" 200 22
120.253.135.82 - - [22/Sep/2022:08:13:19 +0800] "GET /xingrg/all/function/internal_message.html?_=1663805081024&CODE_STATE=getMsg HTTP/1.1" 302 -
120.253.135.82 - - [22/Sep/2022:08:13:27 +0800] "GET /xingrg/check_reg.html?_=1663805089566 HTTP/1.1" 302 -
116.230.114.213 - - [22/Sep/2022:08:13:42 +0800] "GET /xingrg/all/function/internal_message.html?_=1663805638290&CODE_STATE=getMsg HTTP/1.1" 200 27
116.230.114.213 - - [22/Sep/2022:08:13:49 +0800] "GET /xingrg/all/function/internal_message.html?_=1663805641620&CODE_STATE=getMsg HTTP/1.1" 302 -
120.253.135.82 - - [22/Sep/2022:08:14:19 +0800] "GET /xingrg/all/function/internal_message.html?_=1663805140994&CODE_STATE=getMsg HTTP/1.1" 302 -
116.230.114.213 - - [22/Sep/2022:08:14:42 +0800] "GET /xingrg/all/function/internal_message.html?_=1663805698305&CODE_STATE=getMsg HTTP/1.1" 200 27
116.230.114.213 - - [22/Sep/2022:08:14:49 +0800] "GET /xingrg/all/function/internal_message.html?_=1663805701629&CODE_STATE=getMsg HTTP/1.1" 302 -
120.253.135.82 - - [22/Sep/2022:08:15:19 +0800] "GET /xingrg/all/function/internal_message.html?_=1663805200969&CODE_STATE=getMsg HTTP/1.1" 302 -
116.230.114.213 - - [22/Sep/2022:08:15:43 +0800] "GET /xingrg/all/function/internal_message.html?_=1663805758582&CODE_STATE=getMsg HTTP/1.1" 200 27
116.230.114.213 - - [22/Sep/2022:08:15:49 +0800] "GET /xingrg/all/function/internal_message.html?_=1663805761664&CODE_STATE=getMsg HTTP/1.1" 302 -
116.230.114.213 - - [22/Sep/2022:08:16:10 +0800] "GET /xingrg/check_reg.html?_=1663805782655 HTTP/1.1" 302 -
120.253.135.82 - - [22/Sep/2022:08:16:19 +0800] "GET /xingrg/all/function/internal_message.html?_=1663805260939&CODE_STATE=getMsg HTTP/1.1" 302 -
116.230.114.213 - - [22/Sep/2022:08:16:43 +0800] "GET /xingrg/all/function/internal_message.html?_=1663805818596&CODE_STATE=getMsg HTTP/1.1" 200 27
116.230.114.213 - - [22/Sep/2022:08:16:49 +0800] "GET /xingrg/all/function/internal_message.html?_=1663805821671&CODE_STATE=getMsg HTTP/1.1" 302 -
120.253.135.82 - - [22/Sep/2022:08:17:19 +0800] "GET /xingrg/all/function/internal_message.html?_=1663805320917&CODE_STATE=getMsg HTTP/1.1" 302 -
116.230.114.213 - - [22/Sep/2022:08:17:43 +0800] "GET /xingrg/all/function/internal_message.html?_=1663805878869&CODE_STATE=getMsg HTTP/1.1" 200 27
116.230.114.213 - - [22/Sep/2022:08:17:49 +0800] "GET /xingrg/all/function/internal_message.html?_=1663805881707&CODE_STATE=getMsg HTTP/1.1" 302 -
116.230.114.213 - - [22/Sep/2022:08:18:12 +0800] "GET /xingrg/check_reg.html?_=1663805907439 HTTP/1.1" 200 22
120.253.135.82 - - [22/Sep/2022:08:18:19 +0800] "GET /xingrg/all/function/internal_message.html?_=1663805380911&CODE_STATE=getMsg HTTP/1.1" 302 -
120.253.135.82 - - [22/Sep/2022:08:18:27 +0800] "GET /xingrg/check_reg.html?_=1663805389572 HTTP/1.1" 302 -
116.230.114.213 - - [22/Sep/2022:08:18:43 +0800] "GET /xingrg/all/function/internal_message.html?_=1663805938875&CODE_STATE=getMsg HTTP/1.1" 200 27
116.230.114.213 - - [22/Sep/2022:08:18:49 +0800] "GET /xingrg/all/function/internal_message.html?_=1663805941713&CODE_STATE=getMsg HTTP/1.1" 302 -
120.253.135.82 - - [22/Sep/2022:08:19:19 +0800] "GET /xingrg/all/function/internal_message.html?_=1663805440890&CODE_STATE=getMsg HTTP/1.1" 302 -
116.230.114.213 - - [22/Sep/2022:08:19:43 +0800] "GET /xingrg/all/function/internal_message.html?_=1663805998887&CODE_STATE=getMsg HTTP/1.1" 200 27
116.230.114.213 - - [22/Sep/2022:08:19:49 +0800] "GET /xingrg/all/function/internal_message.html?_=1663806001758&CODE_STATE=getMsg HTTP/1.1" 302 -
120.253.135.82 - - [22/Sep/2022:08:20:19 +0800] "GET /xingrg/all/function/internal_message.html?_=1663805500866&CODE_STATE=getMsg HTTP/1.1" 302 -
116.230.114.213 - - [22/Sep/2022:08:20:43 +0800] "GET /xingrg/all/function/internal_message.html?_=1663806059158&CODE_STATE=getMsg HTTP/1.1" 200 27
116.230.114.213 - - [22/Sep/2022:08:20:49 +0800] "GET /xingrg/all/function/internal_message.html?_=1663806061773&CODE_STATE=getMsg HTTP/1.1" 302 -
116.230.114.213 - - [22/Sep/2022:08:21:10 +0800] "GET /xingrg/check_reg.html?_=1663806082681 HTTP/1.1" 302 -
120.253.135.82 - - [22/Sep/2022:08:21:19 +0800] "GET /xingrg/all/function/internal_message.html?_=1663805560841&CODE_STATE=getMsg HTTP/1.1" 302 -
116.230.114.213 - - [22/Sep/2022:08:21:43 +0800] "GET /xingrg/all/function/internal_message.html?_=1663806119164&CODE_STATE=getMsg HTTP/1.1" 200 27
116.230.114.213 - - [22/Sep/2022:08:21:49 +0800] "GET /xingrg/all/function/internal_message.html?_=1663806121804&CODE_STATE=getMsg HTTP/1.1" 302 -
120.253.135.82 - - [22/Sep/2022:08:22:19 +0800] "GET /xingrg/all/function/internal_message.html?_=1663805620864&CODE_STATE=getMsg HTTP/1.1" 302 -
116.230.105.139 - - [22/Sep/2022:08:22:33 +0800] "POST /xingrg/services/DataTransmitService HTTP/1.1" 200 524
116.230.114.213 - - [22/Sep/2022:08:22:44 +0800] "GET /xingrg/all/function/internal_message.html?_=1663806179431&CODE_STATE=getMsg HTTP/1.1" 200 27
116.230.114.213 - - [22/Sep/2022:08:22:49 +0800] "GET /xingrg/all/function/internal_message.html?_=1663806181814&CODE_STATE=getMsg HTTP/1.1" 302 -
116.230.114.213 - - [22/Sep/2022:08:23:12 +0800] "GET /xingrg/check_reg.html?_=1663806207447 HTTP/1.1" 200 22
120.253.135.82 - - [22/Sep/2022:08:23:19 +0800] "GET /xingrg/all/function/internal_message.html?_=1663805680796&CODE_STATE=getMsg HTTP/1.1" 302 -
120.253.135.82 - - [22/Sep/2022:08:23:27 +0800] "GET /xingrg/check_reg.html?_=1663805689545 HTTP/1.1" 302 -
116.230.114.213 - - [22/Sep/2022:08:23:44 +0800] "GET /xingrg/all/function/internal_message.html?_=1663806239441&CODE_STATE=getMsg HTTP/1.1" 200 27
116.230.114.213 - - [22/Sep/2022:08:23:49 +0800] "GET /xingrg/all/function/internal_message.html?_=1663806241847&CODE_STATE=getMsg HTTP/1.1" 302 -
116.230.114.213 - - [22/Sep/2022:08:24:44 +0800] "GET /xingrg/all/function/internal_message.html?_=1663806299456&CODE_STATE=getMsg HTTP/1.1" 200 27
116.230.114.213 - - [22/Sep/2022:08:24:49 +0800] "GET /xingrg/all/function/internal_message.html?_=1663806301857&CODE_STATE=getMsg HTTP/1.1" 302 -
120.253.135.82 - - [22/Sep/2022:08:24:54 +0800] "GET /xingrg/kc/pszx/mdps_order_list.html?orderType=0 HTTP/1.1" 200 21045
120.253.135.82 - - [22/Sep/2022:08:24:54 +0800] "GET /xingrg/javascript/jquery_tools/jquery.tools.min.js HTTP/1.1" 200 138801
120.253.135.82 - - [22/Sep/2022:08:24:54 +0800] "GET /xingrg/css/base.css HTTP/1.1" 200 2811
120.253.135.82 - - [22/Sep/2022:08:24:54 +0800] "GET /xingrg/javascript/jquery_tools/jquery.tools.hotkey.js HTTP/1.1" 200 3242
120.253.135.82 - - [22/Sep/2022:08:24:54 +0800] "GET /xingrg/javascript/easyui/themes/icon.css HTTP/1.1" 200 4483
120.253.135.82 - - [22/Sep/2022:08:24:54 +0800] "GET /xingrg/javascript/jquery_tools/list_manager.js HTTP/1.1" 200 3652
120.253.135.82 - - [22/Sep/2022:08:24:54 +0800] "GET /xingrg/javascript/jquery_tools/jquery.tools.table.js HTTP/1.1" 200 6994
120.253.135.82 - - [22/Sep/2022:08:24:54 +0800] "GET /xingrg/javascript/easyui/easyloader.js HTTP/1.1" 200 5975
120.253.135.82 - - [22/Sep/2022:08:24:54 +0800] "GET /xingrg/javascript/jquery_tools/datebox.css HTTP/1.1" 200 2597
120.253.135.82 - - [22/Sep/2022:08:24:54 +0800] "GET /xingrg/javascript/print/LodopFuncs.js HTTP/1.1" 200 5121
120.253.135.82 - - [22/Sep/2022:08:24:54 +0800] "GET /xingrg/javascript/auto/jquery.autocomplete.js HTTP/1.1" 200 21624
120.253.135.82 - - [22/Sep/2022:08:24:54 +0800] "GET /xingrg/javascript/jquery.cookie.js HTTP/1.1" 200 5513
120.253.135.82 - - [22/Sep/2022:08:24:54 +0800] "GET /xingrg/javascript/jquery.utils.js HTTP/1.1" 200 11805
120.253.135.82 - - [22/Sep/2022:08:24:54 +0800] "GET /xingrg/javascript/easyui/themes/default/easyui.css HTTP/1.1" 200 30432
120.253.135.82 - - [22/Sep/2022:08:24:54 +0800] "GET /xingrg/javascript/auto/jquery.autocomplete.css HTTP/1.1" 200 587
120.253.135.82 - - [22/Sep/2022:08:24:54 +0800] "GET /xingrg/css/site.css HTTP/1.1" 200 7541
120.253.135.82 - - [22/Sep/2022:08:24:54 +0800] "GET /xingrg/javascript/jquery_tools/fix.css HTTP/1.1" 200 1702
120.253.135.82 - - [22/Sep/2022:08:24:54 +0800] "GET /xingrg/javascript/jquery_tools/table.css HTTP/1.1" 200 1032
120.253.135.82 - - [22/Sep/2022:08:24:54 +0800] "GET /xingrg/javascript/jquery_tools/jquery.tools.extend.js HTTP/1.1" 200 15385
120.253.135.82 - - [22/Sep/2022:08:24:55 +0800] "GET /xingrg/javascript/easyui/plugins/jquery.parser.js HTTP/1.1" 200 1142
120.253.135.82 - - [22/Sep/2022:08:24:55 +0800] "POST /xingrg/kc/pszx/mdps_list_operate.html HTTP/1.1" 200 5461
120.253.135.82 - - [22/Sep/2022:08:24:56 +0800] "GET /xingrg/kc/pszx/mdqp_order_list.html?state=10 HTTP/1.1" 200 10657
120.253.135.82 - - [22/Sep/2022:08:24:56 +0800] "GET /xingrg/javascript/pic_change.js HTTP/1.1" 200 4739
120.253.135.82 - - [22/Sep/2022:08:24:56 +0800] "GET /xingrg/javascript/jquery_easy_ui/themes/icon.css HTTP/1.1" 200 3949
120.253.135.82 - - [22/Sep/2022:08:24:56 +0800] "GET /xingrg/css/blue.css HTTP/1.1" 200 15949
120.253.135.82 - - [22/Sep/2022:08:24:56 +0800] "GET /xingrg/dwr/interface/AjaxQqpsService.js HTTP/1.1" 200 16326
120.253.135.82 - - [22/Sep/2022:08:24:56 +0800] "GET /xingrg/javascript/myfunction.js HTTP/1.1" 200 24559
120.253.135.82 - - [22/Sep/2022:08:24:56 +0800] "GET /xingrg/dwr/interface/AjaxReportQueryService.js HTTP/1.1" 200 13203
120.253.135.82 - - [22/Sep/2022:08:24:56 +0800] "GET /xingrg/javascript/Calendar.js HTTP/1.1" 200 31561
120.253.135.82 - - [22/Sep/2022:08:24:56 +0800] "GET /xingrg/javascript/jquery_easy_ui/themes/default/easyui.css HTTP/1.1" 200 26500
120.253.135.82 - - [22/Sep/2022:08:24:56 +0800] "GET /xingrg/dwr/engine.js HTTP/1.1" 200 43631
120.253.135.82 - - [22/Sep/2022:08:24:56 +0800] "GET /xingrg/dwr/util.js HTTP/1.1" 200 35990
120.253.135.82 - - [22/Sep/2022:08:24:56 +0800] "GET /xingrg/javascript/jquery_easy_ui/themes/icons/uncheck_new.png HTTP/1.1" 200 3197
116.224.255.128 - - [22/Sep/2022:08:24:59 +0800] "GET /xingrg/kc/buy/cgsh_order_list.html HTTP/1.1" 302 -
116.224.255.128 - - [22/Sep/2022:08:24:59 +0800] "GET /xingrg/login.html HTTP/1.1" 200 7641
116.224.255.128 - - [22/Sep/2022:08:24:59 +0800] "GET /xingrg/login.html HTTP/1.1" 200 7641
116.224.255.128 - - [22/Sep/2022:08:25:00 +0800] "GET /favicon.ico HTTP/1.1" 404 -
120.253.135.82 - - [22/Sep/2022:08:25:00 +0800] "GET /xingrg/kc/pszx/mdps_order_list.html?orderType=0 HTTP/1.1" 200 21045
120.253.135.82 - - [22/Sep/2022:08:25:00 +0800] "POST /xingrg/kc/pszx/mdps_list_operate.html HTTP/1.1" 200 5461
116.224.255.128 - - [22/Sep/2022:08:25:01 +0800] "POST /xingrg/login.do HTTP/1.1" 302 -
116.224.255.128 - - [22/Sep/2022:08:25:01 +0800] "GET /favicon.ico HTTP/1.1" 404 -
116.224.255.128 - - [22/Sep/2022:08:25:02 +0800] "GET /xingrg/index.html?sysBaseUrl=http%3A%2F%2F180.169.147.146%3A18081%2Fxingrg%2F&costTime=455×tamp=1663806301733 HTTP/1.1" 200 17177
116.224.255.128 - - [22/Sep/2022:08:25:02 +0800] "POST /xingrg/all/common/load_tree.html?tree=area_rest_tree_json&manage=1 HTTP/1.1" 200 476
116.224.255.128 - - [22/Sep/2022:08:25:02 +0800] "GET /xingrg/all/function/internal_message.html?_=1663806300181&CODE_STATE=count HTTP/1.1" 200 11
116.224.255.128 - - [22/Sep/2022:08:25:02 +0800] "GET /xingrg/check_reg.html?_=1663806300183 HTTP/1.1" 200 22
116.224.255.128 - - [22/Sep/2022:08:25:02 +0800] "POST /xingrg/load_menu.html HTTP/1.1" 200 5138
116.224.255.128 - - [22/Sep/2022:08:25:05 +0800] "GET /xingrg/kc/buy/cgsh_order_list.html HTTP/1.1" 200 53001
116.224.255.128 - - [22/Sep/2022:08:25:06 +0800] "POST /xingrg/kc/buy/cgsh_list_operate.html HTTP/1.1" 200 986
116.224.255.128 - - [22/Sep/2022:08:25:07 +0800] "GET /xingrg/kc/buy/cgsh_order_add.html HTTP/1.1" 200 68377
116.224.255.128 - - [22/Sep/2022:08:25:07 +0800] "GET /xingrg/words/20220921161920_words.js HTTP/1.1" 304 -
120.253.135.82 - - [22/Sep/2022:08:25:07 +0800] "POST /xingrg/kc/pszx/mdps_list_operate.html HTTP/1.1" 200 3550
116.224.255.128 - - [22/Sep/2022:08:25:08 +0800] "GET /xingrg/all/common/auto_word.html?type=employee&rest_code=00151 HTTP/1.1" 200 293
116.224.255.128 - - [22/Sep/2022:08:25:08 +0800] "GET /xingrg/all/common/auto_word.html?type=employee&rest_code=00151 HTTP/1.1" 200 293
116.224.255.128 - - [22/Sep/2022:08:25:08 +0800] "GET /xingrg/javascript/easyui/themes/default/validatebox.css HTTP/1.1" 404 1104
116.224.255.128 - - [22/Sep/2022:08:25:08 +0800] "POST /xingrg/kc/buy/cgsh_order_operate.html HTTP/1.1" 200 8245
120.253.135.82 - - [22/Sep/2022:08:25:10 +0800] "POST /xingrg/kc/pszx/mdps_list_operate.html HTTP/1.1" 200 636
120.253.135.82 - - [22/Sep/2022:08:25:11 +0800] "GET /xingrg/kc/pszx/mdps_order_info.html?code=312022092100492 HTTP/1.1" 200 23978
120.253.135.82 - - [22/Sep/2022:08:25:11 +0800] "GET /xingrg/javascript/jquery_easy_ui/jquery.easyui.min.js HTTP/1.1" 200 213662
120.253.135.82 - - [22/Sep/2022:08:25:11 +0800] "GET /xingrg/javascript/convert.js HTTP/1.1" 200 1239
120.253.135.82 - - [22/Sep/2022:08:25:11 +0800] "GET /xingrg/javascript/jquery_tools/order_manager.js HTTP/1.1" 200 11183
120.253.135.82 - - [22/Sep/2022:08:25:11 +0800] "GET /xingrg/javascript/print/kc_print.js HTTP/1.1" 200 11415
120.253.135.82 - - [22/Sep/2022:08:25:11 +0800] "GET /xingrg/javascript/json2.js HTTP/1.1" 200 11259
120.253.135.82 - - [22/Sep/2022:08:25:11 +0800] "GET /xingrg/words/20220921161920_words.js HTTP/1.1" 200 922139
120.253.135.82 - - [22/Sep/2022:08:25:11 +0800] "GET /xingrg/javascript/easyui/themes/icons/ok.png HTTP/1.1" 200 883
116.230.114.213 - - [22/Sep/2022:08:25:11 +0800] "GET /favicon.ico HTTP/1.1" 404 -
120.253.135.82 - - [22/Sep/2022:08:25:12 +0800] "GET /xingrg/all/common/auto_word.html?type=base&rest_code=00101 HTTP/1.1" 200 671
120.253.135.82 - - [22/Sep/2022:08:25:12 +0800] "GET /xingrg/javascript/easyui/themes/default/validatebox.css HTTP/1.1" 404 1104
120.253.135.82 - - [22/Sep/2022:08:25:12 +0800] "GET /xingrg/javascript/easyui/plugins/jquery.validatebox.js HTTP/1.1" 200 6103
120.253.135.82 - - [22/Sep/2022:08:25:12 +0800] "POST /xingrg/kc/pszx/mdps_order_operate.html HTTP/1.1" 200 23737
120.253.135.82 - - [22/Sep/2022:08:25:12 +0800] "GET /xingrg/javascript/easyui/plugins/jquery.numberbox.js HTTP/1.1" 200 5213
116.224.255.128 - - [22/Sep/2022:08:25:17 +0800] "GET /xingrg/javascript/auto/indicator.gif HTTP/1.1" 404 1066
116.224.255.128 - - [22/Sep/2022:08:25:27 +0800] "GET /xingrg/kc/buy/cgsh_order_operate.html?command=get_materiel&rest_code=00151&code=00101012084&supplier_code=00100096&order_time=2022-09-22 HTTP/1.1" 200 412
120.253.135.82 - - [22/Sep/2022:08:25:34 +0800] "POST /xingrg/kc/pszx/mdps_list_operate.html HTTP/1.1" 200 460
120.253.135.82 - - [22/Sep/2022:08:25:36 +0800] "POST /xingrg/kc/pszx/mdps_list_operate.html HTTP/1.1" 200 299
120.253.135.82 - - [22/Sep/2022:08:25:37 +0800] "POST /xingrg/kc/pszx/mdps_list_operate.html HTTP/1.1" 200 631
120.253.135.82 - - [22/Sep/2022:08:25:39 +0800] "POST /xingrg/kc/pszx/mdps_list_operate.html HTTP/1.1" 200 202
116.224.255.128 - - [22/Sep/2022:08:25:39 +0800] "GET /xingrg/kc/buy/cgsh_order_operate.html?command=get_materiel&rest_code=00151&code=00101016025&supplier_code=00100096&order_time=2022-09-22 HTTP/1.1" 200 408
120.253.135.82 - - [22/Sep/2022:08:25:40 +0800] "POST /xingrg/kc/pszx/mdps_list_operate.html HTTP/1.1" 200 508
116.230.114.213 - - [22/Sep/2022:08:25:44 +0800] "GET /xingrg/all/function/internal_message.html?_=1663806359711&CODE_STATE=getMsg HTTP/1.1" 200 27
116.224.255.128 - - [22/Sep/2022:08:25:47 +0800] "GET /xingrg/kc/buy/cgsh_order_operate.html?command=get_materiel&rest_code=00151&code=00101016051&supplier_code=00100096&order_time=2022-09-22 HTTP/1.1" 200 427
116.230.114.213 - - [22/Sep/2022:08:25:49 +0800] "GET /xingrg/all/function/internal_message.html?_=1663806361904&CODE_STATE=getMsg HTTP/1.1" 302 -
120.253.135.82 - - [22/Sep/2022:08:25:50 +0800] "POST /xingrg/kc/pszx/mdps_list_operate.html HTTP/1.1" 200 5144
120.253.135.82 - - [22/Sep/2022:08:25:52 +0800] "POST /xingrg/kc/pszx/mdps_list_operate.html HTTP/1.1" 200 205
120.253.135.82 - - [22/Sep/2022:08:25:52 +0800] "GET /xingrg/kc/pszx/mdps_order_info.html?code=312022091200307 HTTP/1.1" 200 23978
120.253.135.82 - - [22/Sep/2022:08:25:53 +0800] "GET /xingrg/javascript/easyui/themes/default/validatebox.css HTTP/1.1" 404 1104
120.253.135.82 - - [22/Sep/2022:08:25:53 +0800] "POST /xingrg/kc/pszx/mdps_order_operate.html HTTP/1.1" 200 2281
116.224.255.128 - - [22/Sep/2022:08:25:55 +0800] "GET /xingrg/kc/buy/cgsh_order_operate.html?command=get_materiel&rest_code=00151&code=00101012051&supplier_code=00100096&order_time=2022-09-22 HTTP/1.1" 200 408
120.253.135.82 - - [22/Sep/2022:08:25:57 +0800] "POST /xingrg/kc/pszx/mdps_list_operate.html HTTP/1.1" 200 5144
120.253.135.82 - - [22/Sep/2022:08:25:58 +0800] "POST /xingrg/kc/pszx/mdps_list_operate.html HTTP/1.1" 200 605
120.253.135.82 - - [22/Sep/2022:08:25:59 +0800] "GET /xingrg/kc/pszx/mdps_order_info.html?code=312022092100503 HTTP/1.1" 200 23972
120.253.135.82 - - [22/Sep/2022:08:25:59 +0800] "GET /xingrg/javascript/easyui/themes/default/validatebox.css HTTP/1.1" 404 1104
120.253.135.82 - - [22/Sep/2022:08:25:59 +0800] "POST /xingrg/kc/pszx/mdps_order_operate.html HTTP/1.1" 200 4770
116.224.255.128 - - [22/Sep/2022:08:26:02 +0800] "GET /xingrg/all/function/internal_message.html?_=1663806360199&CODE_STATE=getMsg HTTP/1.1" 200 27
116.224.255.128 - - [22/Sep/2022:08:26:03 +0800] "GET /xingrg/kc/buy/cgsh_order_operate.html?command=get_materiel&rest_code=00151&code=00101012033&supplier_code=00100096&order_time=2022-09-22 HTTP/1.1" 200 426
120.253.135.82 - - [22/Sep/2022:08:26:09 +0800] "POST /xingrg/kc/pszx/mdps_list_operate.html HTTP/1.1" 200 5144
120.253.135.82 - - [22/Sep/2022:08:26:10 +0800] "POST /xingrg/kc/pszx/mdps_list_operate.html HTTP/1.1" 200 661
116.230.114.213 - - [22/Sep/2022:08:26:10 +0800] "GET /xingrg/check_reg.html?_=1663806382681 HTTP/1.1" 302 -
120.253.135.82 - - [22/Sep/2022:08:26:12 +0800] "GET /xingrg/kc/pszx/mdps_order_info.html?code=312022092100504 HTTP/1.1" 200 23972
120.253.135.82 - - [22/Sep/2022:08:26:12 +0800] "GET /xingrg/javascript/easyui/themes/default/validatebox.css HTTP/1.1" 404 1104
120.253.135.82 - - [22/Sep/2022:08:26:12 +0800] "POST /xingrg/kc/pszx/mdps_order_operate.html HTTP/1.1" 200 14213
120.253.135.82 - - [22/Sep/2022:08:26:26 +0800] "POST /xingrg/kc/pszx/mdps_list_operate.html HTTP/1.1" 200 5144
120.253.135.82 - - [22/Sep/2022:08:26:29 +0800] "POST /xingrg/kc/pszx/mdps_list_operate.html HTTP/1.1" 200 542
120.253.135.82 - - [22/Sep/2022:08:26:29 +0800] "GET /xingrg/kc/pszx/mdps_order_info.html?code=312022092100505 HTTP/1.1" 200 23972
120.253.135.82 - - [22/Sep/2022:08:26:30 +0800] "GET /xingrg/javascript/easyui/themes/default/validatebox.css HTTP/1.1" 404 1104
120.253.135.82 - - [22/Sep/2022:08:26:30 +0800] "POST /xingrg/kc/pszx/mdps_order_operate.html HTTP/1.1" 200 4326
120.253.135.82 - - [22/Sep/2022:08:26:32 +0800] "POST /xingrg/kc/pszx/mdps_list_operate.html HTTP/1.1" 200 5144
120.253.135.82 - - [22/Sep/2022:08:26:34 +0800] "POST /xingrg/kc/pszx/mdps_list_operate.html HTTP/1.1" 200 208
120.253.135.82 - - [22/Sep/2022:08:26:35 +0800] "GET /xingrg/kc/pszx/mdps_order_info.html?code=312022092100506 HTTP/1.1" 200 23970
120.253.135.82 - - [22/Sep/2022:08:26:35 +0800] "GET /xingrg/javascript/easyui/themes/default/validatebox.css HTTP/1.1" 404 1104
120.253.135.82 - - [22/Sep/2022:08:26:35 +0800] "POST /xingrg/kc/pszx/mdps_order_operate.html HTTP/1.1" 200 2303
120.253.135.82 - - [22/Sep/2022:08:26:38 +0800] "POST /xingrg/kc/pszx/mdps_list_operate.html HTTP/1.1" 200 5144
120.253.135.82 - - [22/Sep/2022:08:26:41 +0800] "POST /xingrg/kc/pszx/mdps_list_operate.html HTTP/1.1" 200 279
120.253.135.82 - - [22/Sep/2022:08:26:43 +0800] "GET /xingrg/kc/pszx/mdps_order_info.html?code=312022092100507 HTTP/1.1" 200 23970
120.253.135.82 - - [22/Sep/2022:08:26:43 +0800] "GET /xingrg/javascript/easyui/themes/default/validatebox.css HTTP/1.1" 404 1104
120.253.135.82 - - [22/Sep/2022:08:26:43 +0800] "POST /xingrg/kc/pszx/mdps_order_operate.html HTTP/1.1" 200 2782
116.230.114.213 - - [22/Sep/2022:08:26:44 +0800] "GET /xingrg/all/function/internal_message.html?_=1663806419715&CODE_STATE=getMsg HTTP/1.1" 200 27
116.230.114.213 - - [22/Sep/2022:08:26:49 +0800] "GET /xingrg/all/function/internal_message.html?_=1663806421916&CODE_STATE=getMsg HTTP/1.1" 302 -
116.224.255.128 - - [22/Sep/2022:08:26:55 +0800] "GET /xingrg/kc/buy/cgsh_order_operate.html?command=get_materiel&rest_code=00151&code=00101007083&supplier_code=00100096&order_time=2022-09-22 HTTP/1.1" 200 421
116.224.255.128 - - [22/Sep/2022:08:27:02 +0800] "GET /xingrg/all/function/internal_message.html?_=1663806420203&CODE_STATE=getMsg HTTP/1.1" 200 27
116.224.255.128 - - [22/Sep/2022:08:27:09 +0800] "GET /xingrg/kc/buy/cgsh_order_operate.html?command=get_materiel&rest_code=00151&code=00101010711&supplier_code=00100096&order_time=2022-09-22 HTTP/1.1" 200 406
116.224.255.128 - - [22/Sep/2022:08:27:22 +0800] "GET /xingrg/kc/buy/cgsh_order_operate.html?command=get_materiel&rest_code=00151&code=00101006109&supplier_code=00100096&order_time=2022-09-22 HTTP/1.1" 200 409
116.224.255.128 - - [22/Sep/2022:08:27:37 +0800] "GET /xingrg/kc/buy/cgsh_order_operate.html?command=get_materiel&rest_code=00151&code=00101006131&supplier_code=00100096&order_time=2022-09-22 HTTP/1.1" 200 417
116.230.114.213 - - [22/Sep/2022:08:27:44 +0800] "GET /xingrg/all/function/internal_message.html?_=1663806479975&CODE_STATE=getMsg HTTP/1.1" 200 27
116.230.114.213 - - [22/Sep/2022:08:27:49 +0800] "GET /xingrg/all/function/internal_message.html?_=1663806481955&CODE_STATE=getMsg HTTP/1.1" 302 -
116.224.255.128 - - [22/Sep/2022:08:27:50 +0800] "GET /xingrg/kc/buy/cgsh_order_operate.html?command=get_materiel&rest_code=00151&code=00101006056&supplier_code=00100096&order_time=2022-09-22 HTTP/1.1" 200 413
116.224.255.128 - - [22/Sep/2022:08:27:59 +0800] "GET /xingrg/kc/buy/cgsh_order_operate.html?command=get_materiel&rest_code=00151&code=00101006065&supplier_code=00100096&order_time=2022-09-22 HTTP/1.1" 200 409
116.224.255.128 - - [22/Sep/2022:08:28:02 +0800] "GET /xingrg/all/function/internal_message.html?_=1663806480209&CODE_STATE=getMsg HTTP/1.1" 200 27
116.230.114.213 - - [22/Sep/2022:08:28:12 +0800] "GET /xingrg/check_reg.html?_=1663806507451 HTTP/1.1" 200 22
116.224.255.128 - - [22/Sep/2022:08:28:19 +0800] "GET /xingrg/kc/buy/cgsh_order_operate.html?command=get_materiel&rest_code=00151&code=00101006184&supplier_code=00100096&order_time=2022-09-22 HTTP/1.1" 200 410
116.230.114.213 - - [22/Sep/2022:08:28:25 +0800] "POST /xingrg/services/DataTransmitService HTTP/1.1" 200 524
116.230.114.213 - - [22/Sep/2022:08:28:26 +0800] "POST /xingrg/services/DataTransmitService HTTP/1.1" 200 412
116.224.255.128 - - [22/Sep/2022:08:28:32 +0800] "GET /xingrg/kc/buy/cgsh_order_operate.html?command=get_materiel&rest_code=00151&code=00101006058&supplier_code=00100096&order_time=2022-09-22 HTTP/1.1" 200 415
116.230.114.213 - - [22/Sep/2022:08:28:44 +0800] "GET /xingrg/all/function/internal_message.html?_=1663806539978&CODE_STATE=getMsg HTTP/1.1" 200 27
116.230.114.213 - - [22/Sep/2022:08:28:49 +0800] "GET /xingrg/all/function/internal_message.html?_=1663806541958&CODE_STATE=getMsg HTTP/1.1" 302 -
116.224.255.128 - - [22/Sep/2022:08:29:02 +0800] "GET /xingrg/all/function/internal_message.html?_=1663806540205&CODE_STATE=getMsg HTTP/1.1" 200 27
116.224.255.128 - - [22/Sep/2022:08:29:39 +0800] "POST /xingrg/kc/buy/cgsh_order_operate.html HTTP/1.1" 200 37
120.253.135.82 - - [22/Sep/2022:08:29:39 +0800] "GET /xingrg/check_reg.html?_=1663806376779 HTTP/1.1" 200 22
116.230.114.213 - - [22/Sep/2022:08:29:44 +0800] "GET /xingrg/all/function/internal_message.html?_=1663806599991&CODE_STATE=getMsg HTTP/1.1" 200 27
116.230.114.213 - - [22/Sep/2022:08:29:49 +0800] "GET /xingrg/all/function/internal_message.html?_=1663806602003&CODE_STATE=getMsg HTTP/1.1" 302 -
116.224.255.128 - - [22/Sep/2022:08:29:57 +0800] "POST /xingrg/kc/buy/cgsh_order_operate.html HTTP/1.1" 200 12
116.224.255.128 - - [22/Sep/2022:08:29:58 +0800] "GET /xingrg/kc/buy/cgsh_order_info.html?code=212022092207892 HTTP/1.1" 200 63270
116.224.255.128 - - [22/Sep/2022:08:29:59 +0800] "POST /xingrg/kc/buy/cgsh_order_operate.html HTTP/1.1" 200 7758
116.224.255.128 - - [22/Sep/2022:08:29:59 +0800] "GET /xingrg/javascript/easyui/themes/default/validatebox.css HTTP/1.1" 404 1104
116.224.255.128 - - [22/Sep/2022:08:30:02 +0800] "GET /xingrg/check_reg.html?_=1663806600312 HTTP/1.1" 200 22
116.224.255.128 - - [22/Sep/2022:08:30:02 +0800] "GET /xingrg/all/function/internal_message.html?_=1663806600315&CODE_STATE=getMsg HTTP/1.1" 200 27
116.230.114.213 - - [22/Sep/2022:08:30:15 +0800] "POST /xingrg/services/DataTransmitService HTTP/1.1" 200 524
116.230.114.213 - - [22/Sep/2022:08:30:15 +0800] "POST /xingrg/services/DataTransmitService HTTP/1.1" 200 2339
116.230.114.213 - - [22/Sep/2022:08:30:18 +0800] "POST /xingrg/services/DataTransmitService HTTP/1.1" 200 524
116.230.114.213 - - [22/Sep/2022:08:30:18 +0800] "POST /xingrg/services/DataTransmitService HTTP/1.1" 200 2339
116.230.114.213 - - [22/Sep/2022:08:30:44 +0800] "GET /xingrg/all/function/internal_message.html?_=1663806660261&CODE_STATE=getMsg HTTP/1.1" 200 27
116.230.114.213 - - [22/Sep/2022:08:30:49 +0800] "GET /xingrg/all/function/internal_message.html?_=1663806662018&CODE_STATE=getMsg HTTP/1.1" 302 -
116.224.255.128 - - [22/Sep/2022:08:31:02 +0800] "GET /xingrg/all/function/internal_message.html?_=1663806660293&CODE_STATE=getMsg HTTP/1.1" 200 27
116.230.114.213 - - [22/Sep/2022:08:31:10 +0800] "GET /xingrg/check_reg.html?_=1663806682713 HTTP/1.1" 302 -
116.230.114.213 - - [22/Sep/2022:08:31:44 +0800] "GET /xingrg/all/function/internal_message.html?_=1663806720267&CODE_STATE=getMsg HTTP/1.1" 200 27
116.230.114.213 - - [22/Sep/2022:08:31:49 +0800] "GET /xingrg/all/function/internal_message.html?_=1663806722049&CODE_STATE=getMsg HTTP/1.1" 302 -
116.224.255.128 - - [22/Sep/2022:08:32:02 +0800] "GET /xingrg/all/function/internal_message.html?_=1663806720283&CODE_STATE=getMsg HTTP/1.1" 200 27
116.230.114.213 - - [22/Sep/2022:08:32:45 +0800] "GET /xingrg/all/function/internal_message.html?_=1663806780638&CODE_STATE=getMsg HTTP/1.1" 200 27
116.230.114.213 - - [22/Sep/2022:08:32:49 +0800] "GET /xingrg/all/function/internal_message.html?_=1663806782060&CODE_STATE=getMsg HTTP/1.1" 302 -
116.230.114.213 - - [22/Sep/2022:08:32:51 +0800] "POST /xingrg/services/DataTransmitService HTTP/1.1" 200 524
116.230.114.213 - - [22/Sep/2022:08:32:52 +0800] "POST /xingrg/services/DataTransmitService HTTP/1.1" 200 501
116.230.114.213 - - [22/Sep/2022:08:32:54 +0800] "POST /xingrg/services/DataTransmitService HTTP/1.1" 200 524
116.230.114.213 - - [22/Sep/2022:08:32:54 +0800] "POST /xingrg/services/DataTransmitService HTTP/1.1" 200 501
116.230.114.213 - - [22/Sep/2022:08:32:57 +0800] "POST /xingrg/services/DataTransmitService HTTP/1.1" 200 524
116.224.255.128 - - [22/Sep/2022:08:33:02 +0800] "GET /xingrg/all/function/internal_message.html?_=1663806780266&CODE_STATE=getMsg HTTP/1.1" 200 27
116.230.114.213 - - [22/Sep/2022:08:33:12 +0800] "GET /xingrg/check_reg.html?_=1663806807455 HTTP/1.1" 200 22
116.230.114.213 - - [22/Sep/2022:08:33:35 +0800] "POST /xingrg/services/DataTransmitService HTTP/1.1" 200 501
116.230.114.213 - - [22/Sep/2022:08:33:36 +0800] "POST /xingrg/services/DataTransmitService HTTP/1.1" 200 501
116.224.255.128 - - [22/Sep/2022:08:33:36 +0800] "GET /xingrg/kc/print/load_config.html?kc_code=cgsh HTTP/1.1" 200 1943
116.224.255.128 - - [22/Sep/2022:08:33:36 +0800] "GET /xingrg/kc/print/load_data.html?order_code=212022092207892&kc_code=cgsh&condition= HTTP/1.1" 200 3426
116.230.114.213 - - [22/Sep/2022:08:33:37 +0800] "POST /xingrg/services/DataTransmitService HTTP/1.1" 200 501
116.230.114.213 - - [22/Sep/2022:08:33:39 +0800] "POST /xingrg/services/DataTransmitService HTTP/1.1" 200 501
116.230.114.213 - - [22/Sep/2022:08:33:40 +0800] "POST /xingrg/services/DataTransmitService HTTP/1.1" 200 501
116.230.114.213 - - [22/Sep/2022:08:33:40 +0800] "POST /xingrg/services/DataTransmitService HTTP/1.1" 200 501
116.230.114.213 - - [22/Sep/2022:08:33:40 +0800] "POST /xingrg/services/DataTransmitService HTTP/1.1" 200 501
116.230.114.213 - - [22/Sep/2022:08:33:41 +0800] "POST /xingrg/services/DataTransmitService HTTP/1.1" 200 501
116.230.114.213 - - [22/Sep/2022:08:33:41 +0800] "POST /xingrg/services/DataTransmitService HTTP/1.1" 200 501
116.230.114.213 - - [22/Sep/2022:08:33:43 +0800] "POST /xingrg/services/DataTransmitService HTTP/1.1" 200 412
116.230.114.213 - - [22/Sep/2022:08:33:45 +0800] "GET /xingrg/all/function/internal_message.html?_=1663806840653&CODE_STATE=getMsg HTTP/1.1" 200 27
116.230.114.213 - - [22/Sep/2022:08:33:49 +0800] "GET /xingrg/all/function/internal_message.html?_=1663806842092&CODE_STATE=getMsg HTTP/1.1" 302 -
222.70.183.206 - - [22/Sep/2022:08:33:56 +0800] "GET /xingrg/login.html HTTP/1.1" 200 7641
222.70.183.206 - - [22/Sep/2022:08:33:57 +0800] "GET /favicon.ico HTTP/1.1" 404 -
116.224.255.128 - - [22/Sep/2022:08:33:59 +0800] "POST /xingrg/all/user/operate.html HTTP/1.1" 200 36
116.224.255.128 - - [22/Sep/2022:08:33:59 +0800] "GET /xingrg/index.html?sysBaseUrl=http%3A%2F%2F180.169.147.146%3A18081%2Fxingrg%2F&costTime=455×tamp=1663806301733 HTTP/1.1" 200 17179
116.224.255.128 - - [22/Sep/2022:08:33:59 +0800] "GET /xingrg/javascript/jquery_easy_ui/themes/default/easyui.css HTTP/1.1" 304 -
116.224.255.128 - - [22/Sep/2022:08:33:59 +0800] "GET /xingrg/javascript/jquery_easy_ui/themes/icon.css HTTP/1.1" 304 -
116.224.255.128 - - [22/Sep/2022:08:33:59 +0800] "GET /xingrg/css/form.css HTTP/1.1" 304 -
116.224.255.128 - - [22/Sep/2022:08:33:59 +0800] "GET /xingrg/javascript/jquery-1.4.2.min.js HTTP/1.1" 304 -
116.224.255.128 - - [22/Sep/2022:08:33:59 +0800] "GET /xingrg/javascript/jquery_easy_ui/jquery.easyui.min.js HTTP/1.1" 304 -
116.224.255.128 - - [22/Sep/2022:08:33:59 +0800] "GET /xingrg/javascript/jquery_easy_ui/easyui-lang-zh_CN.js HTTP/1.1" 304 -
116.224.255.128 - - [22/Sep/2022:08:33:59 +0800] "GET /xingrg/javascript/jquery.form.js HTTP/1.1" 304 -
116.224.255.128 - - [22/Sep/2022:08:33:59 +0800] "GET /xingrg/javascript/jquery.utils.js HTTP/1.1" 304 -
116.224.255.128 - - [22/Sep/2022:08:33:59 +0800] "GET /xingrg/javascript/jquery.timers.js HTTP/1.1" 304 -
116.224.255.128 - - [22/Sep/2022:08:34:00 +0800] "GET /xingrg/images/blue/jxLogo.png HTTP/1.1" 304 -
116.224.255.128 - - [22/Sep/2022:08:34:00 +0800] "GET /xingrg/javascript/jquery_easy_ui/themes/icons/settle_new.png HTTP/1.1" 304 -
116.224.255.128 - - [22/Sep/2022:08:34:00 +0800] "GET /xingrg/images/blue/navBackgound.jpg HTTP/1.1" 304 -
116.224.255.128 - - [22/Sep/2022:08:34:00 +0800] "POST /xingrg/all/common/load_tree.html?tree=area_rest_tree_json&manage=1 HTTP/1.1" 200 476
116.224.255.128 - - [22/Sep/2022:08:34:00 +0800] "GET /xingrg/all/function/internal_message.html?_=1663806838055&CODE_STATE=count HTTP/1.1" 200 11
