120.253.135.82 - - [19/Sep/2022:07:25:29 +0800] "GET /xingrg/kc/pszx/mdps_order_info.html?code=312022090800191 HTTP/1.1" 200 23978
120.253.135.82 - - [19/Sep/2022:07:25:29 +0800] "POST /xingrg/kc/pszx/mdps_order_operate.html HTTP/1.1" 200 3770
120.253.135.82 - - [19/Sep/2022:07:25:29 +0800] "GET /xingrg/javascript/easyui/themes/default/validatebox.css HTTP/1.1" 404 1104
120.253.135.82 - - [19/Sep/2022:07:25:32 +0800] "GET /xingrg/all/function/internal_message.html?_=1663543331758&CODE_STATE=getMsg HTTP/1.1" 200 27
120.253.135.82 - - [19/Sep/2022:07:25:37 +0800] "POST /xingrg/kc/pszx/mdps_order_operate.html HTTP/1.1" 200 37
120.253.135.82 - - [19/Sep/2022:07:25:38 +0800] "GET /xingrg/kc/pszx/mdps_order_info.html?code=312022090800191 HTTP/1.1" 200 23978
120.253.135.82 - - [19/Sep/2022:07:25:38 +0800] "POST /xingrg/kc/pszx/mdps_order_operate.html HTTP/1.1" 200 3770
120.253.135.82 - - [19/Sep/2022:07:25:38 +0800] "GET /xingrg/javascript/easyui/themes/default/validatebox.css HTTP/1.1" 404 1104
116.230.114.213 - - [19/Sep/2022:07:25:38 +0800] "GET /xingrg/all/function/internal_message.html?_=1663543543934&CODE_STATE=getMsg HTTP/1.1" 200 27
120.253.135.82 - - [19/Sep/2022:07:25:41 +0800] "POST /xingrg/kc/pszx/mdps_list_operate.html HTTP/1.1" 200 3178
120.253.135.82 - - [19/Sep/2022:07:25:43 +0800] "POST /xingrg/kc/pszx/mdps_list_operate.html HTTP/1.1" 200 444
124.79.74.72 - - [19/Sep/2022:07:25:43 +0800] "GET /xingrg/all/function/internal_message.html?_=1663543543103&CODE_STATE=getMsg HTTP/1.1" 200 27
120.253.135.82 - - [19/Sep/2022:07:25:44 +0800] "GET /xingrg/kc/pszx/mdps_order_info.html?code=312022090800191 HTTP/1.1" 200 23978
120.253.135.82 - - [19/Sep/2022:07:25:44 +0800] "POST /xingrg/kc/pszx/mdps_order_operate.html HTTP/1.1" 200 3770
120.253.135.82 - - [19/Sep/2022:07:25:44 +0800] "GET /xingrg/javascript/easyui/themes/default/validatebox.css HTTP/1.1" 404 1104
120.253.135.82 - - [19/Sep/2022:07:25:46 +0800] "POST /xingrg/kc/pszx/mdps_list_operate.html HTTP/1.1" 200 3178
120.253.135.82 - - [19/Sep/2022:07:25:48 +0800] "POST /xingrg/kc/pszx/mdps_list_operate.html HTTP/1.1" 200 444
120.253.135.82 - - [19/Sep/2022:07:25:53 +0800] "GET /xingrg/kc/pszx/mdps_order_info.html?code=312022090800191 HTTP/1.1" 200 23978
120.253.135.82 - - [19/Sep/2022:07:25:54 +0800] "POST /xingrg/kc/pszx/mdps_order_operate.html HTTP/1.1" 200 3770
120.253.135.82 - - [19/Sep/2022:07:25:54 +0800] "GET /xingrg/javascript/easyui/themes/default/validatebox.css HTTP/1.1" 404 1104
120.253.135.82 - - [19/Sep/2022:07:25:56 +0800] "GET /xingrg/kc/print/load_data.html?order_code=312022090800191&kc_code=mdps&condition= HTTP/1.1" 200 1386
116.238.169.132 - - [19/Sep/2022:07:25:57 +0800] "GET /xingrg/all/function/internal_message.html?_=1663543558783&CODE_STATE=getMsg HTTP/1.1" 302 -
120.253.135.82 - - [19/Sep/2022:07:26:12 +0800] "GET /xingrg/check_reg.html?_=1663543682211 HTTP/1.1" 200 22
120.253.135.82 - - [19/Sep/2022:07:26:26 +0800] "GET /xingrg/all/function/internal_message.html?_=1663543696385&CODE_STATE=getMsg HTTP/1.1" 200 27
120.253.135.82 - - [19/Sep/2022:07:26:32 +0800] "GET /xingrg/all/function/internal_message.html?_=1663543391811&CODE_STATE=getMsg HTTP/1.1" 200 27
116.230.114.213 - - [19/Sep/2022:07:26:38 +0800] "GET /xingrg/all/function/internal_message.html?_=1663543603943&CODE_STATE=getMsg HTTP/1.1" 200 27
124.79.74.72 - - [19/Sep/2022:07:26:43 +0800] "GET /xingrg/all/function/internal_message.html?_=1663543603089&CODE_STATE=getMsg HTTP/1.1" 200 27
116.238.169.132 - - [19/Sep/2022:07:26:57 +0800] "GET /xingrg/all/function/internal_message.html?_=1663543618766&CODE_STATE=getMsg HTTP/1.1" 302 -
120.253.135.82 - - [19/Sep/2022:07:27:26 +0800] "GET /xingrg/all/function/internal_message.html?_=1663543756399&CODE_STATE=getMsg HTTP/1.1" 200 27
120.253.135.82 - - [19/Sep/2022:07:27:32 +0800] "GET /xingrg/all/function/internal_message.html?_=1663543451815&CODE_STATE=getMsg HTTP/1.1" 200 27
116.230.114.213 - - [19/Sep/2022:07:27:39 +0800] "GET /xingrg/all/function/internal_message.html?_=1663543663961&CODE_STATE=getMsg HTTP/1.1" 200 27
124.79.74.72 - - [19/Sep/2022:07:27:43 +0800] "GET /xingrg/all/function/internal_message.html?_=1663543663073&CODE_STATE=getMsg HTTP/1.1" 200 27
116.230.114.213 - - [19/Sep/2022:07:27:48 +0800] "GET /xingrg/check_reg.html?_=1663543673346 HTTP/1.1" 200 22
116.238.169.132 - - [19/Sep/2022:07:27:57 +0800] "GET /xingrg/all/function/internal_message.html?_=1663543678767&CODE_STATE=getMsg HTTP/1.1" 302 -
120.253.135.82 - - [19/Sep/2022:07:28:26 +0800] "GET /xingrg/all/function/internal_message.html?_=1663543816437&CODE_STATE=getMsg HTTP/1.1" 200 27
120.253.135.82 - - [19/Sep/2022:07:28:31 +0800] "GET /xingrg/check_reg.html?_=1663543510487 HTTP/1.1" 200 22
120.253.135.82 - - [19/Sep/2022:07:28:32 +0800] "GET /xingrg/all/function/internal_message.html?_=1663543511829&CODE_STATE=getMsg HTTP/1.1" 200 27
116.230.114.213 - - [19/Sep/2022:07:28:39 +0800] "GET /xingrg/all/function/internal_message.html?_=1663543723969&CODE_STATE=getMsg HTTP/1.1" 200 27
124.79.74.72 - - [19/Sep/2022:07:28:43 +0800] "GET /xingrg/all/function/internal_message.html?_=1663543723045&CODE_STATE=getMsg HTTP/1.1" 200 27
116.238.169.132 - - [19/Sep/2022:07:28:57 +0800] "GET /xingrg/all/function/internal_message.html?_=1663543738766&CODE_STATE=getMsg HTTP/1.1" 302 -
120.253.135.82 - - [19/Sep/2022:07:29:26 +0800] "GET /xingrg/all/function/internal_message.html?_=1663543876441&CODE_STATE=getMsg HTTP/1.1" 200 27
124.79.74.72 - - [19/Sep/2022:07:29:31 +0800] "GET /xingrg/check_reg.html?_=1663543771062 HTTP/1.1" 200 22
120.253.135.82 - - [19/Sep/2022:07:29:32 +0800] "GET /xingrg/all/function/internal_message.html?_=1663543571842&CODE_STATE=getMsg HTTP/1.1" 200 27
116.230.114.213 - - [19/Sep/2022:07:29:39 +0800] "GET /xingrg/all/function/internal_message.html?_=1663543783982&CODE_STATE=getMsg HTTP/1.1" 200 27
124.79.74.72 - - [19/Sep/2022:07:29:43 +0800] "GET /xingrg/all/function/internal_message.html?_=1663543783015&CODE_STATE=getMsg HTTP/1.1" 200 27
116.238.169.132 - - [19/Sep/2022:07:29:57 +0800] "GET /xingrg/all/function/internal_message.html?_=1663543798766&CODE_STATE=getMsg HTTP/1.1" 302 -
116.238.169.132 - - [19/Sep/2022:07:29:57 +0800] "GET /xingrg/check_reg.html?_=1663543798860 HTTP/1.1" 302 -
120.253.135.82 - - [19/Sep/2022:07:30:27 +0800] "GET /xingrg/all/function/internal_message.html?_=1663543936481&CODE_STATE=getMsg HTTP/1.1" 200 27
120.253.135.82 - - [19/Sep/2022:07:30:32 +0800] "GET /xingrg/all/function/internal_message.html?_=1663543631915&CODE_STATE=getMsg HTTP/1.1" 200 27
116.230.114.213 - - [19/Sep/2022:07:30:39 +0800] "GET /xingrg/all/function/internal_message.html?_=1663543844001&CODE_STATE=getMsg HTTP/1.1" 200 27
124.79.74.72 - - [19/Sep/2022:07:30:43 +0800] "GET /xingrg/all/function/internal_message.html?_=1663543842986&CODE_STATE=getMsg HTTP/1.1" 200 27
116.238.169.132 - - [19/Sep/2022:07:30:57 +0800] "GET /xingrg/all/function/internal_message.html?_=1663543857179&CODE_STATE=getMsg HTTP/1.1" 302 -
120.253.135.82 - - [19/Sep/2022:07:31:12 +0800] "GET /xingrg/check_reg.html?_=1663543982211 HTTP/1.1" 200 22
120.253.135.82 - - [19/Sep/2022:07:31:27 +0800] "GET /xingrg/all/function/internal_message.html?_=1663543996500&CODE_STATE=getMsg HTTP/1.1" 200 27
120.253.135.82 - - [19/Sep/2022:07:31:32 +0800] "GET /xingrg/all/function/internal_message.html?_=1663543691916&CODE_STATE=getMsg HTTP/1.1" 200 27
116.230.114.213 - - [19/Sep/2022:07:31:39 +0800] "GET /xingrg/all/function/internal_message.html?_=1663543904009&CODE_STATE=getMsg HTTP/1.1" 200 27
124.79.74.72 - - [19/Sep/2022:07:31:43 +0800] "GET /xingrg/all/function/internal_message.html?_=1663543902957&CODE_STATE=getMsg HTTP/1.1" 200 27
222.70.182.161 - - [19/Sep/2022:07:31:56 +0800] "POST /xingrg/services/DataTransmitService HTTP/1.1" 200 524
116.238.169.132 - - [19/Sep/2022:07:31:57 +0800] "GET /xingrg/all/function/internal_message.html?_=1663543917165&CODE_STATE=getMsg HTTP/1.1" 302 -
120.253.135.82 - - [19/Sep/2022:07:32:26 +0800] "POST /xingrg/kc/pszx/mdps_list_operate.html HTTP/1.1" 200 3178
120.253.135.82 - - [19/Sep/2022:07:32:27 +0800] "GET /xingrg/all/function/internal_message.html?_=1663544056516&CODE_STATE=getMsg HTTP/1.1" 200 27
120.253.135.82 - - [19/Sep/2022:07:32:32 +0800] "POST /xingrg/kc/pszx/mdps_list_operate.html HTTP/1.1" 200 3178
120.253.135.82 - - [19/Sep/2022:07:32:32 +0800] "GET /xingrg/kc/buy/cgsh_order_list.html HTTP/1.1" 200 52940
120.253.135.82 - - [19/Sep/2022:07:32:32 +0800] "GET /xingrg/all/function/internal_message.html?_=1663543751931&CODE_STATE=getMsg HTTP/1.1" 200 27
120.253.135.82 - - [19/Sep/2022:07:32:33 +0800] "POST /xingrg/kc/buy/cgsh_list_operate.html HTTP/1.1" 200 927
120.253.135.82 - - [19/Sep/2022:07:32:34 +0800] "GET /xingrg/kc/buy/cgsh_order_add.html HTTP/1.1" 200 67786
120.253.135.82 - - [19/Sep/2022:07:32:34 +0800] "POST /xingrg/kc/buy/cgsh_order_operate.html HTTP/1.1" 200 8245
120.253.135.82 - - [19/Sep/2022:07:32:35 +0800] "GET /xingrg/javascript/easyui/themes/default/validatebox.css HTTP/1.1" 404 1104
116.230.114.213 - - [19/Sep/2022:07:32:39 +0800] "GET /xingrg/all/function/internal_message.html?_=1663543964028&CODE_STATE=getMsg HTTP/1.1" 200 27
120.253.135.82 - - [19/Sep/2022:07:32:40 +0800] "GET /xingrg/javascript/jquery_tools/images/prev.gif HTTP/1.1" 404 1086
120.253.135.82 - - [19/Sep/2022:07:32:40 +0800] "GET /xingrg/javascript/jquery_tools/images/next.gif HTTP/1.1" 404 1086
124.79.74.72 - - [19/Sep/2022:07:32:43 +0800] "GET /xingrg/all/function/internal_message.html?_=1663543962926&CODE_STATE=getMsg HTTP/1.1" 200 27
120.253.135.82 - - [19/Sep/2022:07:32:43 +0800] "POST /xingrg/all/common/load_combo.html?type=employee HTTP/1.1" 200 1752
116.230.114.213 - - [19/Sep/2022:07:32:48 +0800] "GET /xingrg/check_reg.html?_=1663543973355 HTTP/1.1" 200 22
120.253.135.82 - - [19/Sep/2022:07:32:54 +0800] "GET /xingrg/kc/buy/cgsh_order_operate.html?command=get_materiel&rest_code=00101&code=00101014075&supplier_code=00100215&order_time=2022-09-19 HTTP/1.1" 200 452
116.238.169.132 - - [19/Sep/2022:07:32:57 +0800] "GET /xingrg/all/function/internal_message.html?_=1663543977155&CODE_STATE=getMsg HTTP/1.1" 302 -
120.253.135.82 - - [19/Sep/2022:07:33:08 +0800] "POST /xingrg/kc/buy/cgsh_order_operate.html HTTP/1.1" 200 37
120.253.135.82 - - [19/Sep/2022:07:33:09 +0800] "POST /xingrg/kc/buy/cgsh_order_operate.html HTTP/1.1" 200 2683
120.253.135.82 - - [19/Sep/2022:07:33:11 +0800] "GET /xingrg/kc/print/load_config.html?kc_code=cgsh HTTP/1.1" 200 1943
120.253.135.82 - - [19/Sep/2022:07:33:11 +0800] "GET /xingrg/kc/print/load_data.html?order_code=212022091906839&kc_code=cgsh&condition= HTTP/1.1" 200 697
120.253.135.82 - - [19/Sep/2022:07:33:27 +0800] "GET /xingrg/all/function/internal_message.html?_=1663544116555&CODE_STATE=getMsg HTTP/1.1" 200 27
120.253.135.82 - - [19/Sep/2022:07:33:31 +0800] "GET /xingrg/check_reg.html?_=1663543810555 HTTP/1.1" 200 22
120.253.135.82 - - [19/Sep/2022:07:33:32 +0800] "GET /xingrg/all/function/internal_message.html?_=1663543811944&CODE_STATE=getMsg HTTP/1.1" 200 27
116.230.114.213 - - [19/Sep/2022:07:33:39 +0800] "GET /xingrg/all/function/internal_message.html?_=1663544024037&CODE_STATE=getMsg HTTP/1.1" 200 27
124.79.74.72 - - [19/Sep/2022:07:33:43 +0800] "GET /xingrg/all/function/internal_message.html?_=1663544022915&CODE_STATE=getMsg HTTP/1.1" 200 27
116.238.169.132 - - [19/Sep/2022:07:33:57 +0800] "GET /xingrg/all/function/internal_message.html?_=1663544037155&CODE_STATE=getMsg HTTP/1.1" 302 -
120.253.135.82 - - [19/Sep/2022:07:34:27 +0800] "GET /xingrg/all/function/internal_message.html?_=1663544176555&CODE_STATE=getMsg HTTP/1.1" 200 27
124.79.74.72 - - [19/Sep/2022:07:34:31 +0800] "GET /xingrg/check_reg.html?_=1663544071056 HTTP/1.1" 200 22
120.253.135.82 - - [19/Sep/2022:07:34:32 +0800] "GET /xingrg/all/function/internal_message.html?_=1663543871957&CODE_STATE=getMsg HTTP/1.1" 200 27
116.230.114.213 - - [19/Sep/2022:07:34:39 +0800] "GET /xingrg/all/function/internal_message.html?_=1663544084050&CODE_STATE=getMsg HTTP/1.1" 200 27
124.79.74.72 - - [19/Sep/2022:07:34:43 +0800] "GET /xingrg/all/function/internal_message.html?_=1663544082886&CODE_STATE=getMsg HTTP/1.1" 200 27
116.238.169.132 - - [19/Sep/2022:07:34:57 +0800] "GET /xingrg/all/function/internal_message.html?_=1663544097148&CODE_STATE=getMsg HTTP/1.1" 302 -
116.238.169.132 - - [19/Sep/2022:07:34:57 +0800] "GET /xingrg/check_reg.html?_=1663544097270 HTTP/1.1" 302 -
120.253.135.82 - - [19/Sep/2022:07:35:27 +0800] "GET /xingrg/all/function/internal_message.html?_=1663544236590&CODE_STATE=getMsg HTTP/1.1" 200 27
120.253.135.82 - - [19/Sep/2022:07:35:32 +0800] "GET /xingrg/all/function/internal_message.html?_=1663543931971&CODE_STATE=getMsg HTTP/1.1" 200 27
116.230.114.213 - - [19/Sep/2022:07:35:39 +0800] "GET /xingrg/all/function/internal_message.html?_=1663544144069&CODE_STATE=getMsg HTTP/1.1" 200 27
120.253.135.82 - - [19/Sep/2022:07:35:42 +0800] "POST /xingrg/kc/buy/cgsh_order_operate.html HTTP/1.1" 200 37
124.79.74.72 - - [19/Sep/2022:07:35:43 +0800] "GET /xingrg/all/function/internal_message.html?_=1663544142871&CODE_STATE=getMsg HTTP/1.1" 200 27
120.253.135.82 - - [19/Sep/2022:07:35:46 +0800] "POST /xingrg/kc/buy/cgsh_order_operate.html HTTP/1.1" 200 12
120.253.135.82 - - [19/Sep/2022:07:35:47 +0800] "GET /xingrg/kc/buy/cgsh_order_info.html?code=212022091906839 HTTP/1.1" 200 62691
120.253.135.82 - - [19/Sep/2022:07:35:48 +0800] "GET /xingrg/javascript/easyui/themes/default/validatebox.css HTTP/1.1" 404 1104
120.253.135.82 - - [19/Sep/2022:07:35:49 +0800] "POST /xingrg/kc/buy/cgsh_order_operate.html HTTP/1.1" 200 633
120.253.135.82 - - [19/Sep/2022:07:35:53 +0800] "GET /xingrg/kc/pszx/mdps_order_list.html?orderType=0 HTTP/1.1" 200 21045
120.253.135.82 - - [19/Sep/2022:07:35:54 +0800] "POST /xingrg/kc/pszx/mdps_list_operate.html HTTP/1.1" 200 5341
120.253.135.82 - - [19/Sep/2022:07:35:54 +0800] "POST /xingrg/kc/buy/cgsh_list_operate.html HTTP/1.1" 200 927
116.238.169.132 - - [19/Sep/2022:07:35:57 +0800] "GET /xingrg/all/function/internal_message.html?_=1663544157142&CODE_STATE=getMsg HTTP/1.1" 302 -
120.253.135.82 - - [19/Sep/2022:07:36:03 +0800] "POST /xingrg/kc/pszx/mdps_list_operate.html HTTP/1.1" 200 3178
120.253.135.82 - - [19/Sep/2022:07:36:04 +0800] "POST /xingrg/kc/pszx/mdps_list_operate.html HTTP/1.1" 200 444
120.253.135.82 - - [19/Sep/2022:07:36:05 +0800] "GET /xingrg/kc/pszx/mdps_order_info.html?code=312022090800191 HTTP/1.1" 200 23978
120.253.135.82 - - [19/Sep/2022:07:36:05 +0800] "GET /xingrg/javascript/easyui/themes/default/validatebox.css HTTP/1.1" 404 1104
120.253.135.82 - - [19/Sep/2022:07:36:06 +0800] "POST /xingrg/kc/pszx/mdps_order_operate.html HTTP/1.1" 200 3770
120.253.135.82 - - [19/Sep/2022:07:36:12 +0800] "GET /xingrg/check_reg.html?_=1663544282222 HTTP/1.1" 200 22
120.253.135.82 - - [19/Sep/2022:07:36:27 +0800] "GET /xingrg/all/function/internal_message.html?_=1663544296602&CODE_STATE=getMsg HTTP/1.1" 200 27
120.253.135.82 - - [19/Sep/2022:07:36:32 +0800] "GET /xingrg/all/function/internal_message.html?_=1663543992051&CODE_STATE=getMsg HTTP/1.1" 200 27
116.230.114.213 - - [19/Sep/2022:07:36:39 +0800] "GET /xingrg/all/function/internal_message.html?_=1663544204077&CODE_STATE=getMsg HTTP/1.1" 200 27
124.79.74.72 - - [19/Sep/2022:07:36:43 +0800] "GET /xingrg/all/function/internal_message.html?_=1663544202857&CODE_STATE=getMsg HTTP/1.1" 200 27
116.238.169.132 - - [19/Sep/2022:07:36:57 +0800] "GET /xingrg/all/function/internal_message.html?_=1663544217146&CODE_STATE=getMsg HTTP/1.1" 302 -
120.253.135.82 - - [19/Sep/2022:07:37:27 +0800] "GET /xingrg/all/function/internal_message.html?_=1663544356613&CODE_STATE=getMsg HTTP/1.1" 200 27
120.253.135.82 - - [19/Sep/2022:07:37:32 +0800] "GET /xingrg/all/function/internal_message.html?_=1663544052060&CODE_STATE=getMsg HTTP/1.1" 200 27
116.230.114.213 - - [19/Sep/2022:07:37:39 +0800] "GET /xingrg/all/function/internal_message.html?_=1663544264098&CODE_STATE=getMsg HTTP/1.1" 200 27
124.79.74.72 - - [19/Sep/2022:07:37:43 +0800] "GET /xingrg/all/function/internal_message.html?_=1663544262827&CODE_STATE=getMsg HTTP/1.1" 200 27
116.230.114.213 - - [19/Sep/2022:07:37:48 +0800] "GET /xingrg/check_reg.html?_=1663544273357 HTTP/1.1" 200 22
116.238.169.132 - - [19/Sep/2022:07:37:57 +0800] "GET /xingrg/all/function/internal_message.html?_=1663544277127&CODE_STATE=getMsg HTTP/1.1" 302 -
58.35.213.73 - - [19/Sep/2022:07:38:01 +0800] "POST /xingrg/services/DataTransmitService HTTP/1.1" 200 524
120.253.135.82 - - [19/Sep/2022:07:38:27 +0800] "GET /xingrg/all/function/internal_message.html?_=1663544416640&CODE_STATE=getMsg HTTP/1.1" 200 27
120.253.135.82 - - [19/Sep/2022:07:38:31 +0800] "GET /xingrg/check_reg.html?_=1663544110677 HTTP/1.1" 200 22
120.253.135.82 - - [19/Sep/2022:07:38:32 +0800] "GET /xingrg/all/function/internal_message.html?_=1663544112074&CODE_STATE=getMsg HTTP/1.1" 200 27
116.230.114.213 - - [19/Sep/2022:07:38:39 +0800] "GET /xingrg/all/function/internal_message.html?_=1663544324104&CODE_STATE=getMsg HTTP/1.1" 200 27
124.79.74.72 - - [19/Sep/2022:07:38:43 +0800] "GET /xingrg/all/function/internal_message.html?_=1663544322814&CODE_STATE=getMsg HTTP/1.1" 200 27
116.238.169.132 - - [19/Sep/2022:07:38:57 +0800] "GET /xingrg/all/function/internal_message.html?_=1663544337116&CODE_STATE=getMsg HTTP/1.1" 302 -
120.253.135.82 - - [19/Sep/2022:07:39:27 +0800] "GET /xingrg/all/function/internal_message.html?_=1663544476655&CODE_STATE=getMsg HTTP/1.1" 200 27
124.79.74.72 - - [19/Sep/2022:07:39:31 +0800] "GET /xingrg/check_reg.html?_=1663544371049 HTTP/1.1" 200 22
120.253.135.82 - - [19/Sep/2022:07:39:32 +0800] "GET /xingrg/all/function/internal_message.html?_=1663544172088&CODE_STATE=getMsg HTTP/1.1" 200 27
116.230.114.213 - - [19/Sep/2022:07:39:39 +0800] "GET /xingrg/all/function/internal_message.html?_=1663544384118&CODE_STATE=getMsg HTTP/1.1" 200 27
124.79.74.72 - - [19/Sep/2022:07:39:43 +0800] "GET /xingrg/all/function/internal_message.html?_=1663544382786&CODE_STATE=getMsg HTTP/1.1" 200 27
116.238.169.132 - - [19/Sep/2022:07:39:57 +0800] "GET /xingrg/all/function/internal_message.html?_=1663544397108&CODE_STATE=getMsg HTTP/1.1" 302 -
116.238.169.132 - - [19/Sep/2022:07:39:57 +0800] "GET /xingrg/check_reg.html?_=1663544397263 HTTP/1.1" 302 -
123.6.49.36 - - [19/Sep/2022:07:40:15 +0800] "êætœ|÷MN8¾ÕLò°ÿŠ)ĉPgíð óꚆr ÐàÎÀˆO½x¡6{îØ]zlÙ~=sŽÑ%ÁE} " 400 -
123.6.49.4 - - [19/Sep/2022:07:40:15 +0800] "êæF¸Eàå?€‹ï…Xñæšê›ù¨ÖkŸˆWØ¥ ß Û÷àë€7é{ ?¾ñ9kû°ÚæøÿúMpîð¹uÀ7&À+À/À,À0̨̩À ÀÀ" 400 -
123.6.49.6 - - [19/Sep/2022:07:40:15 +0800] "êæ3œH"EÄ”¬UÚàÆÐúëôM“~¤OËz8:¾ ×0 °¼‹Sü˜×êR‰ÏåÏèm'íw0¾&v|Û¬E"&À+À/À,À0̨̩À ÀÀ" 400 -
123.6.49.4 - - [19/Sep/2022:07:40:16 +0800] "êæÜ/›&+­ž][M¾A]R >w-Ú*3Û¹Þ]oÇ>´ X‹-†áHêFV1´”kÆæNy½ \úŸ`ê–bÀ0À,À/À+ŸžÀ2À.À1À-¥¡¤ À(À$ÀÀ " 400 -
116.224.255.128 - - [19/Sep/2022:10:16:01 +0800] "POST /xingrg/kc/buy/cgsh_order_operate.html HTTP/1.1" 200 37
180.169.147.146 - - [19/Sep/2022:10:16:01 +0800] "GET /xingrg/all/function/internal_message.html?_=1663553760851&CODE_STATE=getMsg HTTP/1.1" 200 27
180.169.147.146 - - [19/Sep/2022:10:16:01 +0800] "GET /xingrg/check_reg.html?_=1663553761024 HTTP/1.1" 200 22
114.84.81.136 - - [19/Sep/2022:10:16:02 +0800] "GET /xingrg/all/function/internal_message.html?_=1663553759606&CODE_STATE=getMsg HTTP/1.1" 200 27
116.230.114.213 - - [19/Sep/2022:10:16:07 +0800] "GET /xingrg/kc/buy/cgsh_order_operate.html?command=get_materiel&rest_code=00146&code=00101008005&supplier_code=00100005&order_time=2022-09-19 HTTP/1.1" 200 412
116.238.169.132 - - [19/Sep/2022:10:16:08 +0800] "GET /xingrg/all/function/internal_message.html?_=1663553768468&CODE_STATE=getMsg HTTP/1.1" 200 27
180.169.147.146 - - [19/Sep/2022:10:16:10 +0800] "GET /xingrg/kc/report/report_main.html HTTP/1.1" 200 7340
116.225.121.189 - - [19/Sep/2022:10:16:11 +0800] "GET /xingrg/all/function/internal_message.html?_=1663553630608&CODE_STATE=getMsg HTTP/1.1" 200 27
180.169.147.146 - - [19/Sep/2022:10:16:12 +0800] "GET /xingrg/all/report/report_query.html?fileName=kc/buy/yfk_hz_supplier.xml HTTP/1.1" 200 53943
180.169.147.146 - - [19/Sep/2022:10:16:12 +0800] "GET /xingrg/dwr/interface/AjaxReportQueryService.js HTTP/1.1" 200 13203
180.169.147.146 - - [19/Sep/2022:10:16:12 +0800] "GET /xingrg/dwr/engine.js HTTP/1.1" 200 43631
180.169.147.146 - - [19/Sep/2022:10:16:12 +0800] "POST /xingrg/dwr/call/plaincall/AjaxReportQueryService.getFixDate.dwr HTTP/1.1" 200 111
180.169.147.146 - - [19/Sep/2022:10:16:12 +0800] "POST /xingrg/all/common/load_tree.html?tree=supplier_tree_json&manage=1 HTTP/1.1" 200 69887
61.170.235.57 - - [19/Sep/2022:10:16:14 +0800] "GET /xingrg/all/function/internal_message.html?_=1663553769553&CODE_STATE=getMsg HTTP/1.1" 200 27
58.221.95.50 - - [19/Sep/2022:10:16:15 +0800] "POST /xingrg/login.do HTTP/1.1" 200 2421
58.221.95.50 - - [19/Sep/2022:10:16:16 +0800] "GET /xingrg/login.html HTTP/1.1" 200 7641
61.147.15.67 - - [19/Sep/2022:10:16:17 +0800] "GET / HTTP/1.1" 404 -
116.224.255.128 - - [19/Sep/2022:10:16:22 +0800] "GET /xingrg/all/function/internal_message.html?_=1663553715007&CODE_STATE=getMsg HTTP/1.1" 200 27
180.169.147.146 - - [19/Sep/2022:10:16:24 +0800] "POST /xingrg/dwr/call/plaincall/AjaxReportQueryService.refreshCache.dwr HTTP/1.1" 200 78
180.169.147.146 - - [19/Sep/2022:10:16:25 +0800] "POST /xingrg/all/report/load_report_page.html HTTP/1.1" 200 10354
180.169.147.146 - - [19/Sep/2022:10:16:25 +0800] "GET /xingrg/servlets/image?cache=0.9312203617925484&image=px HTTP/1.1" 200 807
116.230.114.213 - - [19/Sep/2022:10:16:26 +0800] "GET /xingrg/kc/buy/cgsh_order_operate.html?command=get_materiel&rest_code=00146&code=00101008359&supplier_code=00100005&order_time=2022-09-19 HTTP/1.1" 200 408
116.230.105.139 - - [19/Sep/2022:10:16:27 +0800] "GET /xingrg/all/function/internal_message.html?_=1663553787098&CODE_STATE=getMsg HTTP/1.1" 200 27
180.169.147.146 - - [19/Sep/2022:10:16:29 +0800] "GET /xingrg/all/function/internal_message.html?_=1663553789227&CODE_STATE=getMsg HTTP/1.1" 200 27
180.169.147.146 - - [19/Sep/2022:10:16:29 +0800] "GET /xingrg/check_reg.html?_=1663553789229 HTTP/1.1" 200 22
114.84.81.136 - - [19/Sep/2022:10:16:29 +0800] "GET /xingrg/all/function/internal_message.html?_=1663553789503&CODE_STATE=getMsg HTTP/1.1" 200 27
61.147.15.65 - - [19/Sep/2022:10:16:29 +0800] "GET / HTTP/1.1" 404 -
114.83.217.204 - - [19/Sep/2022:10:16:37 +0800] "GET /xingrg/all/function/internal_message.html?_=1663553795938&CODE_STATE=getMsg HTTP/1.1" 200 27
116.230.114.213 - - [19/Sep/2022:10:16:39 +0800] "GET /xingrg/kc/buy/cgsh_order_operate.html?command=get_materiel&rest_code=00146&code=00101008502&supplier_code=00100005&order_time=2022-09-19 HTTP/1.1" 200 412
124.79.74.72 - - [19/Sep/2022:10:16:39 +0800] "GET /xingrg/all/function/internal_message.html?_=1663553799300&CODE_STATE=getMsg HTTP/1.1" 200 27
116.230.114.213 - - [19/Sep/2022:10:16:41 +0800] "GET /xingrg/all/function/internal_message.html?_=1663553806859&CODE_STATE=getMsg HTTP/1.1" 200 27
61.147.15.67 - - [19/Sep/2022:10:16:41 +0800] "GET / HTTP/1.1" 404 -
222.70.182.161 - - [19/Sep/2022:10:16:43 +0800] "GET /xingrg/all/function/internal_message.html?_=1663553802586&CODE_STATE=getMsg HTTP/1.1" 200 27
61.170.235.57 - - [19/Sep/2022:10:16:43 +0800] "GET /xingrg/kc/buy/buy_main.html HTTP/1.1" 200 12412
116.225.121.189 - - [19/Sep/2022:10:16:43 +0800] "GET /xingrg/all/function/internal_message.html?_=1663553804460&CODE_STATE=getMsg HTTP/1.1" 200 27
61.170.235.57 - - [19/Sep/2022:10:16:43 +0800] "GET /xingrg/css/new_ie.css HTTP/1.1" 404 1036
61.170.235.57 - - [19/Sep/2022:10:16:47 +0800] "GET /xingrg/images/yd/bt.gif HTTP/1.1" 404 1040
114.83.219.57 - - [19/Sep/2022:10:16:50 +0800] "GET /xingrg/all/function/internal_message.html?_=1663553895338&CODE_STATE=getMsg HTTP/1.1" 200 27
61.170.235.57 - - [19/Sep/2022:10:16:52 +0800] "GET /xingrg/kc/buy/cgsh_order_list.html HTTP/1.1" 200 52940
61.170.235.57 - - [19/Sep/2022:10:16:54 +0800] "POST /xingrg/kc/buy/cgsh_list_operate.html HTTP/1.1" 200 927
61.170.235.57 - - [19/Sep/2022:10:16:56 +0800] "GET /xingrg/kc/buy/cgsh_order_add.html HTTP/1.1" 200 68722
61.170.235.57 - - [19/Sep/2022:10:16:56 +0800] "GET /xingrg/javascript/easyui/themes/default/validatebox.css HTTP/1.1" 404 1104
61.170.235.57 - - [19/Sep/2022:10:16:56 +0800] "POST /xingrg/kc/buy/cgsh_order_operate.html HTTP/1.1" 200 8245
61.147.15.67 - - [19/Sep/2022:10:16:58 +0800] "-" 400 -
116.224.255.128 - - [19/Sep/2022:10:17:00 +0800] "POST /xingrg/kc/buy/cgsh_order_operate.html HTTP/1.1" 200 12
180.169.147.146 - - [19/Sep/2022:10:17:01 +0800] "GET /xingrg/all/function/internal_message.html?_=1663553820829&CODE_STATE=getMsg HTTP/1.1" 200 27
116.224.255.128 - - [19/Sep/2022:10:17:01 +0800] "GET /xingrg/kc/buy/cgsh_order_info.html?code=212022091906873 HTTP/1.1" 200 63625
116.224.255.128 - - [19/Sep/2022:10:17:02 +0800] "GET /xingrg/javascript/easyui/themes/default/validatebox.css HTTP/1.1" 404 1104
114.84.81.136 - - [19/Sep/2022:10:17:02 +0800] "GET /xingrg/all/function/internal_message.html?_=1663553819607&CODE_STATE=getMsg HTTP/1.1" 200 27
116.224.255.128 - - [19/Sep/2022:10:17:02 +0800] "POST /xingrg/kc/buy/cgsh_order_operate.html HTTP/1.1" 200 609
116.224.255.128 - - [19/Sep/2022:10:17:03 +0800] "GET /xingrg/kc/print/load_data.html?order_code=212022091906873&kc_code=cgsh&condition= HTTP/1.1" 200 759
116.238.169.132 - - [19/Sep/2022:10:17:07 +0800] "GET /xingrg/check_reg.html?_=1663553828008 HTTP/1.1" 200 22
116.238.169.132 - - [19/Sep/2022:10:17:08 +0800] "GET /xingrg/all/function/internal_message.html?_=1663553828449&CODE_STATE=getMsg HTTP/1.1" 200 27
116.224.255.128 - - [19/Sep/2022:10:17:09 +0800] "POST /xingrg/all/user/operate.html HTTP/1.1" 200 36
116.230.114.213 - - [19/Sep/2022:10:17:09 +0800] "GET /xingrg/kc/buy/cgsh_order_operate.html?command=get_materiel&rest_code=00146&code=00101008132&supplier_code=00100005&order_time=2022-09-19 HTTP/1.1" 200 408
116.224.255.128 - - [19/Sep/2022:10:17:09 +0800] "GET /xingrg/index.html?sysBaseUrl=http%3A%2F%2F180.169.147.146%3A18081%2Fxingrg%2F&costTime=40×tamp=1663547127075 HTTP/1.1" 200 17179
116.224.255.128 - - [19/Sep/2022:10:17:09 +0800] "GET /xingrg/javascript/jquery_easy_ui/themes/default/easyui.css HTTP/1.1" 304 -
116.224.255.128 - - [19/Sep/2022:10:17:09 +0800] "GET /xingrg/javascript/jquery_easy_ui/themes/icon.css HTTP/1.1" 304 -
116.224.255.128 - - [19/Sep/2022:10:17:09 +0800] "GET /xingrg/css/form.css HTTP/1.1" 304 -
116.224.255.128 - - [19/Sep/2022:10:17:09 +0800] "GET /xingrg/javascript/jquery-1.4.2.min.js HTTP/1.1" 304 -
116.224.255.128 - - [19/Sep/2022:10:17:09 +0800] "GET /xingrg/javascript/jquery_easy_ui/jquery.easyui.min.js HTTP/1.1" 304 -
116.224.255.128 - - [19/Sep/2022:10:17:09 +0800] "GET /xingrg/javascript/jquery_easy_ui/easyui-lang-zh_CN.js HTTP/1.1" 304 -
116.224.255.128 - - [19/Sep/2022:10:17:09 +0800] "GET /xingrg/javascript/jquery.form.js HTTP/1.1" 304 -
116.224.255.128 - - [19/Sep/2022:10:17:09 +0800] "GET /xingrg/javascript/jquery.utils.js HTTP/1.1" 304 -
116.224.255.128 - - [19/Sep/2022:10:17:09 +0800] "GET /xingrg/javascript/jquery.timers.js HTTP/1.1" 304 -
116.224.255.128 - - [19/Sep/2022:10:17:09 +0800] "GET /xingrg/images/blue/jxLogo.png HTTP/1.1" 304 -
116.224.255.128 - - [19/Sep/2022:10:17:09 +0800] "GET /xingrg/javascript/jquery_easy_ui/themes/icons/settle_new.png HTTP/1.1" 304 -
116.224.255.128 - - [19/Sep/2022:10:17:10 +0800] "GET /xingrg/images/blue/navBackgound.jpg HTTP/1.1" 304 -
116.224.255.128 - - [19/Sep/2022:10:17:10 +0800] "POST /xingrg/all/common/load_tree.html?tree=area_rest_tree_json&manage=1 HTTP/1.1" 200 476
116.224.255.128 - - [19/Sep/2022:10:17:10 +0800] "GET /xingrg/all/function/internal_message.html?_=1663553829904&CODE_STATE=count HTTP/1.1" 200 11
116.224.255.128 - - [19/Sep/2022:10:17:10 +0800] "GET /xingrg/check_reg.html?_=1663553829905 HTTP/1.1" 200 22
116.224.255.128 - - [19/Sep/2022:10:17:10 +0800] "GET /xingrg/javascript/jquery_easy_ui/themes/default/images/tabs_rightarrow.png HTTP/1.1" 304 -
116.224.255.128 - - [19/Sep/2022:10:17:10 +0800] "POST /xingrg/load_menu.html HTTP/1.1" 200 5138
116.224.255.128 - - [19/Sep/2022:10:17:10 +0800] "GET /xingrg/javascript/jquery_easy_ui/themes/default/images/tabs_leftarrow.png HTTP/1.1" 304 -
116.224.255.128 - - [19/Sep/2022:10:17:10 +0800] "GET /xingrg/images/blue/pingpu.png HTTP/1.1" 304 -
116.224.255.128 - - [19/Sep/2022:10:17:10 +0800] "GET /xingrg/javascript/jquery_easy_ui/themes/default/images/panel_tool_collapse.gif HTTP/1.1" 304 -
116.224.255.128 - - [19/Sep/2022:10:17:10 +0800] "GET /xingrg/javascript/jquery_easy_ui/themes/icons/forms_new.png HTTP/1.1" 304 -
116.224.255.128 - - [19/Sep/2022:10:17:10 +0800] "GET /xingrg/javascript/jquery_easy_ui/themes/default/images/tree_folder.gif HTTP/1.1" 304 -
116.224.255.128 - - [19/Sep/2022:10:17:10 +0800] "GET /xingrg/javascript/jquery_easy_ui/themes/default/images/tree_folder_open.gif HTTP/1.1" 304 -
116.224.255.128 - - [19/Sep/2022:10:17:10 +0800] "GET /xingrg/javascript/jquery_easy_ui/themes/icons/search_new.png HTTP/1.1" 304 -
116.224.255.128 - - [19/Sep/2022:10:17:10 +0800] "GET /xingrg/javascript/jquery_easy_ui/themes/default/images/tree_file.gif HTTP/1.1" 304 -
116.224.255.128 - - [19/Sep/2022:10:17:10 +0800] "GET /xingrg/javascript/jquery_easy_ui/themes/icons/storage_new.png HTTP/1.1" 304 -
116.224.255.128 - - [19/Sep/2022:10:17:10 +0800] "GET /xingrg/javascript/jquery_easy_ui/themes/default/images/tree_arrows.gif HTTP/1.1" 304 -
61.170.235.57 - - [19/Sep/2022:10:17:10 +0800] "GET /xingrg/javascript/easyui/themes/default/tree.css HTTP/1.1" 404 1090
61.170.235.57 - - [19/Sep/2022:10:17:10 +0800] "POST /xingrg/all/common/load_tree.html?tree=supplier_tree_json&isDelete=1 HTTP/1.1" 200 68551
116.225.121.189 - - [19/Sep/2022:10:17:11 +0800] "GET /xingrg/all/function/internal_message.html?_=1663553690617&CODE_STATE=getMsg HTTP/1.1" 200 27
116.224.255.128 - - [19/Sep/2022:10:17:12 +0800] "GET /xingrg/kc/buy/cgsh_order_list.html HTTP/1.1" 200 52946
116.224.255.128 - - [19/Sep/2022:10:17:13 +0800] "POST /xingrg/kc/buy/cgsh_list_operate.html HTTP/1.1" 200 927
116.224.255.128 - - [19/Sep/2022:10:17:13 +0800] "GET /xingrg/kc/buy/cgsh_order_add.html HTTP/1.1" 200 68722
116.224.255.128 - - [19/Sep/2022:10:17:14 +0800] "POST /xingrg/kc/buy/cgsh_order_operate.html HTTP/1.1" 200 8245
116.224.255.128 - - [19/Sep/2022:10:17:14 +0800] "GET /xingrg/javascript/easyui/themes/default/validatebox.css HTTP/1.1" 404 1104
61.170.235.57 - - [19/Sep/2022:10:17:14 +0800] "GET /xingrg/all/function/internal_message.html?_=1663553829540&CODE_STATE=getMsg HTTP/1.1" 200 27
116.224.255.128 - - [19/Sep/2022:10:17:15 +0800] "GET /xingrg/javascript/auto/indicator.gif HTTP/1.1" 404 1066
61.170.235.57 - - [19/Sep/2022:10:17:21 +0800] "GET /xingrg/javascript/auto/indicator.gif HTTP/1.1" 404 1066
116.224.255.128 - - [19/Sep/2022:10:17:21 +0800] "GET /xingrg/kc/buy/cgsh_order_operate.html?command=get_materiel&rest_code=00150&code=00101009053&supplier_code=00100026&order_time=2022-09-19 HTTP/1.1" 200 410
116.230.114.213 - - [19/Sep/2022:10:17:22 +0800] "GET /xingrg/kc/buy/cgsh_order_operate.html?command=get_materiel&rest_code=00146&code=00101008003&supplier_code=00100005&order_time=2022-09-19 HTTP/1.1" 200 408
116.224.255.128 - - [19/Sep/2022:10:17:23 +0800] "GET /xingrg/all/function/internal_message.html?_=1663553775013&CODE_STATE=getMsg HTTP/1.1" 200 27
180.169.147.146 - - [19/Sep/2022:10:17:25 +0800] "GET /xingrg/kc/buy/cgsh_order_add.html HTTP/1.1" 200 68725
180.169.147.146 - - [19/Sep/2022:10:17:25 +0800] "POST /xingrg/kc/buy/cgsh_order_operate.html HTTP/1.1" 200 8245
180.169.147.146 - - [19/Sep/2022:10:17:25 +0800] "GET /xingrg/javascript/easyui/themes/default/validatebox.css HTTP/1.1" 404 1104
61.170.235.57 - - [19/Sep/2022:10:17:25 +0800] "GET /xingrg/kc/buy/cgsh_order_operate.html?command=get_materiel&rest_code=00106&code=00101008146&supplier_code=00100009&order_time=2022-09-19 HTTP/1.1" 200 416
116.230.105.139 - - [19/Sep/2022:10:17:27 +0800] "GET /xingrg/all/function/internal_message.html?_=1663553847100&CODE_STATE=getMsg HTTP/1.1" 200 27
180.169.147.146 - - [19/Sep/2022:10:17:29 +0800] "GET /xingrg/all/function/internal_message.html?_=1663553849224&CODE_STATE=getMsg HTTP/1.1" 200 27
114.84.81.136 - - [19/Sep/2022:10:17:29 +0800] "GET /xingrg/all/function/internal_message.html?_=1663553849500&CODE_STATE=getMsg HTTP/1.1" 200 27
116.224.255.128 - - [19/Sep/2022:10:17:30 +0800] "POST /xingrg/all/user/operate.html HTTP/1.1" 200 36
116.224.255.128 - - [19/Sep/2022:10:17:30 +0800] "GET /xingrg/index.html?sysBaseUrl=http%3A%2F%2F180.169.147.146%3A18081%2Fxingrg%2F&costTime=40×tamp=1663547127075 HTTP/1.1" 200 17177
116.224.255.128 - - [19/Sep/2022:10:17:30 +0800] "GET /xingrg/javascript/jquery_easy_ui/themes/default/easyui.css HTTP/1.1" 304 -
116.224.255.128 - - [19/Sep/2022:10:17:30 +0800] "GET /xingrg/javascript/jquery_easy_ui/themes/icon.css HTTP/1.1" 304 -
116.224.255.128 - - [19/Sep/2022:10:17:30 +0800] "GET /xingrg/css/form.css HTTP/1.1" 304 -
116.224.255.128 - - [19/Sep/2022:10:17:30 +0800] "GET /xingrg/javascript/jquery-1.4.2.min.js HTTP/1.1" 304 -
116.224.255.128 - - [19/Sep/2022:10:17:30 +0800] "GET /xingrg/javascript/jquery_easy_ui/jquery.easyui.min.js HTTP/1.1" 304 -
116.224.255.128 - - [19/Sep/2022:10:17:30 +0800] "GET /xingrg/javascript/jquery_easy_ui/easyui-lang-zh_CN.js HTTP/1.1" 304 -
116.224.255.128 - - [19/Sep/2022:10:17:30 +0800] "GET /xingrg/javascript/jquery.form.js HTTP/1.1" 304 -
116.224.255.128 - - [19/Sep/2022:10:17:30 +0800] "GET /xingrg/javascript/jquery.utils.js HTTP/1.1" 304 -
116.224.255.128 - - [19/Sep/2022:10:17:30 +0800] "GET /xingrg/javascript/jquery.timers.js HTTP/1.1" 304 -
116.224.255.128 - - [19/Sep/2022:10:17:30 +0800] "GET /xingrg/images/blue/jxLogo.png HTTP/1.1" 304 -
116.224.255.128 - - [19/Sep/2022:10:17:30 +0800] "GET /xingrg/javascript/jquery_easy_ui/themes/icons/settle_new.png HTTP/1.1" 304 -
116.224.255.128 - - [19/Sep/2022:10:17:30 +0800] "GET /xingrg/images/blue/navBackgound.jpg HTTP/1.1" 304 -
116.224.255.128 - - [19/Sep/2022:10:17:31 +0800] "POST /xingrg/all/common/load_tree.html?tree=area_rest_tree_json&manage=1 HTTP/1.1" 200 476
116.224.255.128 - - [19/Sep/2022:10:17:31 +0800] "GET /xingrg/all/function/internal_message.html?_=1663553850890&CODE_STATE=count HTTP/1.1" 200 11
116.224.255.128 - - [19/Sep/2022:10:17:31 +0800] "GET /xingrg/javascript/jquery_easy_ui/themes/default/images/tabs_rightarrow.png HTTP/1.1" 304 -
116.224.255.128 - - [19/Sep/2022:10:17:31 +0800] "GET /xingrg/check_reg.html?_=1663553850890 HTTP/1.1" 200 22
116.224.255.128 - - [19/Sep/2022:10:17:31 +0800] "GET /xingrg/javascript/jquery_easy_ui/themes/default/images/panel_tool_collapse.gif HTTP/1.1" 304 -
116.224.255.128 - - [19/Sep/2022:10:17:31 +0800] "GET /xingrg/javascript/jquery_easy_ui/themes/default/images/tabs_leftarrow.png HTTP/1.1" 304 -
116.224.255.128 - - [19/Sep/2022:10:17:31 +0800] "POST /xingrg/load_menu.html HTTP/1.1" 200 5138
116.224.255.128 - - [19/Sep/2022:10:17:31 +0800] "GET /xingrg/images/blue/pingpu.png HTTP/1.1" 304 -
116.224.255.128 - - [19/Sep/2022:10:17:31 +0800] "GET /xingrg/javascript/jquery_easy_ui/themes/default/images/tree_folder_open.gif HTTP/1.1" 304 -
116.224.255.128 - - [19/Sep/2022:10:17:31 +0800] "GET /xingrg/javascript/jquery_easy_ui/themes/default/images/tree_file.gif HTTP/1.1" 304 -
116.224.255.128 - - [19/Sep/2022:10:17:31 +0800] "GET /xingrg/javascript/jquery_easy_ui/themes/icons/storage_new.png HTTP/1.1" 304 -
116.224.255.128 - - [19/Sep/2022:10:17:31 +0800] "GET /xingrg/javascript/jquery_easy_ui/themes/default/images/tree_arrows.gif HTTP/1.1" 304 -
116.224.255.128 - - [19/Sep/2022:10:17:31 +0800] "GET /xingrg/javascript/jquery_easy_ui/themes/icons/forms_new.png HTTP/1.1" 304 -
116.224.255.128 - - [19/Sep/2022:10:17:31 +0800] "GET /xingrg/javascript/jquery_easy_ui/themes/default/images/tree_folder.gif HTTP/1.1" 304 -
116.224.255.128 - - [19/Sep/2022:10:17:31 +0800] "GET /xingrg/javascript/jquery_easy_ui/themes/icons/search_new.png HTTP/1.1" 304 -
116.224.255.128 - - [19/Sep/2022:10:17:33 +0800] "GET /xingrg/kc/buy/cgsh_order_list.html HTTP/1.1" 200 52944
116.224.255.128 - - [19/Sep/2022:10:17:34 +0800] "POST /xingrg/kc/buy/cgsh_list_operate.html HTTP/1.1" 200 927
116.224.255.128 - - [19/Sep/2022:10:17:34 +0800] "GET /xingrg/kc/buy/cgsh_order_add.html HTTP/1.1" 200 68320
116.224.255.128 - - [19/Sep/2022:10:17:34 +0800] "POST /xingrg/kc/buy/cgsh_order_operate.html HTTP/1.1" 200 8245
116.224.255.128 - - [19/Sep/2022:10:17:34 +0800] "GET /xingrg/javascript/easyui/themes/default/validatebox.css HTTP/1.1" 404 1104
180.169.147.146 - - [19/Sep/2022:10:17:36 +0800] "GET /xingrg/kc/buy/cgsh_order_operate.html?command=get_materiel&rest_code=00147&code=00101007049&supplier_code=00100004&order_time=2022-09-19 HTTP/1.1" 200 409
116.224.255.128 - - [19/Sep/2022:10:17:36 +0800] "GET /xingrg/javascript/auto/indicator.gif HTTP/1.1" 404 1066
61.170.235.57 - - [19/Sep/2022:10:17:37 +0800] "GET /xingrg/kc/buy/cgsh_order_operate.html?command=get_materiel&rest_code=00106&code=00101008147&supplier_code=00100009&order_time=2022-09-19 HTTP/1.1" 200 417
114.83.217.204 - - [19/Sep/2022:10:17:37 +0800] "GET /xingrg/all/function/internal_message.html?_=1663553855946&CODE_STATE=getMsg HTTP/1.1" 200 27
114.83.217.204 - - [19/Sep/2022:10:17:37 +0800] "GET /xingrg/check_reg.html?_=1663553855956 HTTP/1.1" 200 22
124.79.74.72 - - [19/Sep/2022:10:17:39 +0800] "GET /xingrg/all/function/internal_message.html?_=1663553859286&CODE_STATE=getMsg HTTP/1.1" 200 27
116.230.114.213 - - [19/Sep/2022:10:17:41 +0800] "GET /xingrg/all/function/internal_message.html?_=1663553866872&CODE_STATE=getMsg HTTP/1.1" 200 27
116.224.255.128 - - [19/Sep/2022:10:17:42 +0800] "GET /xingrg/kc/buy/cgsh_order_operate.html?command=get_materiel&rest_code=00151&code=00101009053&supplier_code=00100026&order_time=2022-09-19 HTTP/1.1" 200 408
222.70.182.161 - - [19/Sep/2022:10:17:43 +0800] "GET /xingrg/all/function/internal_message.html?_=1663553862565&CODE_STATE=getMsg HTTP/1.1" 200 27
116.225.121.189 - - [19/Sep/2022:10:17:43 +0800] "GET /xingrg/all/function/internal_message.html?_=1663553864460&CODE_STATE=getMsg HTTP/1.1" 200 27
116.230.114.213 - - [19/Sep/2022:10:17:48 +0800] "GET /xingrg/check_reg.html?_=1663553873597 HTTP/1.1" 200 22
61.170.235.57 - - [19/Sep/2022:10:17:48 +0800] "POST /xingrg/kc/buy/cgsh_order_operate.html HTTP/1.1" 200 37
180.169.147.146 - - [19/Sep/2022:10:17:50 +0800] "GET /xingrg/kc/buy/cgsh_order_operate.html?command=get_materiel&rest_code=00147&code=00101007061&supplier_code=00100004&order_time=2022-09-19 HTTP/1.1" 200 409
114.83.219.57 - - [19/Sep/2022:10:17:50 +0800] "GET /xingrg/all/function/internal_message.html?_=1663553955339&CODE_STATE=getMsg HTTP/1.1" 200 27
61.170.235.57 - - [19/Sep/2022:10:17:51 +0800] "POST /xingrg/kc/buy/cgsh_order_operate.html HTTP/1.1" 200 12
61.170.235.57 - - [19/Sep/2022:10:17:53 +0800] "GET /xingrg/kc/buy/cgsh_order_info.html?code=212022091906874 HTTP/1.1" 200 63631
116.230.114.213 - - [19/Sep/2022:10:17:53 +0800] "GET /xingrg/kc/buy/cgsh_order_operate.html?command=get_materiel&rest_code=00146&code=00101008264&supplier_code=00100005&order_time=2022-09-19 HTTP/1.1" 200 412
61.170.235.57 - - [19/Sep/2022:10:17:53 +0800] "GET /xingrg/javascript/easyui/themes/default/validatebox.css HTTP/1.1" 404 1104
61.170.235.57 - - [19/Sep/2022:10:17:54 +0800] "POST /xingrg/kc/buy/cgsh_order_operate.html HTTP/1.1" 200 1208
61.170.235.57 - - [19/Sep/2022:10:17:55 +0800] "GET /xingrg/kc/print/load_data.html?order_code=212022091906874&kc_code=cgsh&condition= HTTP/1.1" 200 1012
180.169.147.146 - - [19/Sep/2022:10:18:01 +0800] "GET /xingrg/all/function/internal_message.html?_=1663553880811&CODE_STATE=getMsg HTTP/1.1" 200 27
61.170.235.57 - - [19/Sep/2022:10:18:01 +0800] "GET /xingrg/kc/print/load_data.html?order_code=212022091906874&kc_code=cgsh HTTP/1.1" 200 1012
114.84.81.136 - - [19/Sep/2022:10:18:02 +0800] "GET /xingrg/all/function/internal_message.html?_=1663553879609&CODE_STATE=getMsg HTTP/1.1" 200 27
116.224.255.128 - - [19/Sep/2022:10:18:05 +0800] "GET /xingrg/kc/buy/cgsh_order_operate.html?command=get_materiel&rest_code=00151&code=00101009062&supplier_code=00100026&order_time=2022-09-19 HTTP/1.1" 200 412
116.238.169.132 - - [19/Sep/2022:10:18:08 +0800] "GET /xingrg/all/function/internal_message.html?_=1663553888452&CODE_STATE=getMsg HTTP/1.1" 200 27
116.225.121.189 - - [19/Sep/2022:10:18:11 +0800] "GET /xingrg/all/function/internal_message.html?_=1663553750607&CODE_STATE=getMsg HTTP/1.1" 200 27
116.230.114.213 - - [19/Sep/2022:10:18:11 +0800] "GET /xingrg/kc/buy/cgsh_order_operate.html?command=get_materiel&rest_code=00146&code=00101008270&supplier_code=00100005&order_time=2022-09-19 HTTP/1.1" 200 412
116.224.255.128 - - [19/Sep/2022:10:18:13 +0800] "GET /xingrg/kc/buy/cgsh_order_operate.html?command=get_materiel&rest_code=00151&code=00101009039&supplier_code=00100026&order_time=2022-09-19 HTTP/1.1" 200 408
61.147.15.65 - - [19/Sep/2022:10:18:13 +0800] "GET / HTTP/1.1" 404 -
61.170.235.57 - - [19/Sep/2022:10:18:14 +0800] "GET /xingrg/all/function/internal_message.html?_=1663553889536&CODE_STATE=getMsg HTTP/1.1" 200 27
116.224.255.128 - - [19/Sep/2022:10:18:22 +0800] "GET /xingrg/check_reg.html?_=1663553834892 HTTP/1.1" 200 22
116.224.255.128 - - [19/Sep/2022:10:18:22 +0800] "GET /xingrg/all/function/internal_message.html?_=1663553835026&CODE_STATE=getMsg HTTP/1.1" 200 27
180.169.147.146 - - [19/Sep/2022:10:18:22 +0800] "POST /xingrg/kc/buy/cgsh_order_operate.html HTTP/1.1" 200 37
116.224.255.128 - - [19/Sep/2022:10:18:22 +0800] "GET /xingrg/kc/buy/cgsh_order_operate.html?command=get_materiel&rest_code=00151&code=00101009088&supplier_code=00100026&order_time=2022-09-19 HTTP/1.1" 200 405
180.169.147.146 - - [19/Sep/2022:10:18:27 +0800] "POST /xingrg/kc/buy/cgsh_order_operate.html HTTP/1.1" 200 3241
116.230.105.139 - - [19/Sep/2022:10:18:27 +0800] "GET /xingrg/check_reg.html?_=1663553907087 HTTP/1.1" 200 22
116.230.105.139 - - [19/Sep/2022:10:18:27 +0800] "GET /xingrg/all/function/internal_message.html?_=1663553907093&CODE_STATE=getMsg HTTP/1.1" 200 27
180.169.147.146 - - [19/Sep/2022:10:18:29 +0800] "GET /xingrg/all/function/internal_message.html?_=1663553909218&CODE_STATE=getMsg HTTP/1.1" 200 27
114.84.81.136 - - [19/Sep/2022:10:18:29 +0800] "GET /xingrg/all/function/internal_message.html?_=1663553909498&CODE_STATE=getMsg HTTP/1.1" 200 27
116.224.255.128 - - [19/Sep/2022:10:18:31 +0800] "GET /xingrg/all/function/internal_message.html?_=1663553910899&CODE_STATE=getMsg HTTP/1.1" 200 27
116.224.255.128 - - [19/Sep/2022:10:18:31 +0800] "GET /xingrg/kc/buy/cgsh_order_operate.html?command=get_materiel&rest_code=00151&code=00101009096&supplier_code=00100026&order_time=2022-09-19 HTTP/1.1" 200 409
180.169.147.146 - - [19/Sep/2022:10:18:33 +0800] "GET /xingrg/kc/print/load_data.html?order_code=212022091906875&kc_code=cgsh&condition= HTTP/1.1" 200 953
114.84.81.136 - - [19/Sep/2022:10:18:34 +0800] "POST /xingrg/services/DataTransmitService HTTP/1.1" 200 524
114.83.217.204 - - [19/Sep/2022:10:18:37 +0800] "GET /xingrg/all/function/internal_message.html?_=1663553915943&CODE_STATE=getMsg HTTP/1.1" 200 27
180.169.147.146 - - [19/Sep/2022:10:18:37 +0800] "GET /xingrg/kc/buy/cgsh_order_add.html HTTP/1.1" 200 68725
180.169.147.146 - - [19/Sep/2022:10:18:37 +0800] "POST /xingrg/kc/buy/cgsh_order_operate.html HTTP/1.1" 200 8245
180.169.147.146 - - [19/Sep/2022:10:18:38 +0800] "GET /xingrg/javascript/easyui/themes/default/validatebox.css HTTP/1.1" 404 1104
124.79.74.72 - - [19/Sep/2022:10:18:39 +0800] "GET /xingrg/all/function/internal_message.html?_=1663553919271&CODE_STATE=getMsg HTTP/1.1" 200 27
116.224.255.128 - - [19/Sep/2022:10:18:40 +0800] "GET /xingrg/kc/buy/cgsh_order_operate.html?command=get_materiel&rest_code=00151&code=00101009109&supplier_code=00100026&order_time=2022-09-19 HTTP/1.1" 200 414
116.230.114.213 - - [19/Sep/2022:10:18:41 +0800] "GET /xingrg/all/function/internal_message.html?_=1663553926887&CODE_STATE=getMsg HTTP/1.1" 200 27
116.230.114.213 - - [19/Sep/2022:10:18:41 +0800] "GET /xingrg/kc/buy/cgsh_order_operate.html?command=get_materiel&rest_code=00146&code=00101008357&supplier_code=00100005&order_time=2022-09-19 HTTP/1.1" 200 428
61.170.235.57 - - [19/Sep/2022:10:18:42 +0800] "GET /xingrg/kc/buy/cgsh_order_add.html HTTP/1.1" 200 68722
222.70.182.161 - - [19/Sep/2022:10:18:43 +0800] "GET /xingrg/all/function/internal_message.html?_=1663553922546&CODE_STATE=getMsg HTTP/1.1" 200 27
116.225.121.189 - - [19/Sep/2022:10:18:43 +0800] "GET /xingrg/all/function/internal_message.html?_=1663553924446&CODE_STATE=getMsg HTTP/1.1" 200 27
61.170.235.57 - - [19/Sep/2022:10:18:43 +0800] "POST /xingrg/kc/buy/cgsh_order_operate.html HTTP/1.1" 200 8245
61.170.235.57 - - [19/Sep/2022:10:18:43 +0800] "GET /xingrg/javascript/easyui/themes/default/validatebox.css HTTP/1.1" 404 1104
61.170.235.57 - - [19/Sep/2022:10:18:44 +0800] "GET /xingrg/javascript/easyui/themes/default/tree.css HTTP/1.1" 404 1090
61.170.235.57 - - [19/Sep/2022:10:18:45 +0800] "POST /xingrg/all/common/load_tree.html?tree=supplier_tree_json&isDelete=1 HTTP/1.1" 200 68551
114.83.219.57 - - [19/Sep/2022:10:18:50 +0800] "GET /xingrg/check_reg.html?_=1663554015327 HTTP/1.1" 200 22
114.83.219.57 - - [19/Sep/2022:10:18:50 +0800] "GET /xingrg/all/function/internal_message.html?_=1663554015335&CODE_STATE=getMsg HTTP/1.1" 200 27
222.70.182.161 - - [19/Sep/2022:10:18:54 +0800] "GET /xingrg/kc/buy/cgsh_order_list.html HTTP/1.1" 200 52940
116.230.114.213 - - [19/Sep/2022:10:18:55 +0800] "GET /xingrg/kc/buy/cgsh_order_operate.html?command=get_materiel&rest_code=00146&code=00101008131&supplier_code=00100005&order_time=2022-09-19 HTTP/1.1" 200 428
222.70.182.161 - - [19/Sep/2022:10:18:56 +0800] "POST /xingrg/kc/buy/cgsh_list_operate.html HTTP/1.1" 200 3685
61.170.235.57 - - [19/Sep/2022:10:18:58 +0800] "GET /xingrg/kc/buy/cgsh_order_operate.html?command=get_materiel&rest_code=00106&code=00101006113&supplier_code=00100015&order_time=2022-09-19 HTTP/1.1" 200 415
180.169.147.146 - - [19/Sep/2022:10:19:01 +0800] "GET /xingrg/all/function/internal_message.html?_=1663553940788&CODE_STATE=getMsg HTTP/1.1" 200 27
114.84.81.136 - - [19/Sep/2022:10:19:02 +0800] "GET /xingrg/all/function/internal_message.html?_=1663553939610&CODE_STATE=getMsg HTTP/1.1" 200 27
114.84.81.136 - - [19/Sep/2022:10:19:02 +0800] "GET /xingrg/check_reg.html?_=1663553939614 HTTP/1.1" 200 22
222.70.182.161 - - [19/Sep/2022:10:19:03 +0800] "POST /xingrg/kc/buy/cgsh_list_operate.html HTTP/1.1" 200 570
222.70.182.161 - - [19/Sep/2022:10:19:05 +0800] "GET /xingrg/kc/buy/cgsh_order_info.html?code=212022091906870 HTTP/1.1" 200 68687
222.70.182.161 - - [19/Sep/2022:10:19:06 +0800] "GET /xingrg/javascript/easyui/themes/default/validatebox.css HTTP/1.1" 404 1104
180.169.147.146 - - [19/Sep/2022:10:19:06 +0800] "GET /xingrg/kc/buy/cgsh_order_operate.html?command=get_materiel&rest_code=00147&code=00101001010&supplier_code=00100454&order_time=2022-09-19 HTTP/1.1" 200 409
222.70.182.161 - - [19/Sep/2022:10:19:06 +0800] "POST /xingrg/kc/buy/cgsh_order_operate.html HTTP/1.1" 200 28639
116.238.169.132 - - [19/Sep/2022:10:19:08 +0800] "GET /xingrg/all/function/internal_message.html?_=1663553948438&CODE_STATE=getMsg HTTP/1.1" 200 27
116.225.121.189 - - [19/Sep/2022:10:19:11 +0800] "GET /xingrg/all/function/internal_message.html?_=1663553810616&CODE_STATE=getMsg HTTP/1.1" 200 27
222.70.182.161 - - [19/Sep/2022:10:19:11 +0800] "GET /xingrg/kc/print/load_data.html?order_code=212022091906870&kc_code=cgsh HTTP/1.1" 200 10510
61.147.15.67 - - [19/Sep/2022:10:19:13 +0800] "-" 400 -
180.169.147.146 - - [19/Sep/2022:10:19:14 +0800] "POST /xingrg/kc/buy/cgsh_order_operate.html HTTP/1.1" 200 37
61.170.235.57 - - [19/Sep/2022:10:19:14 +0800] "GET /xingrg/all/function/internal_message.html?_=1663553949513&CODE_STATE=getMsg HTTP/1.1" 200 27
180.169.147.146 - - [19/Sep/2022:10:19:15 +0800] "POST /xingrg/kc/buy/cgsh_order_operate.html HTTP/1.1" 200 2654
61.170.235.57 - - [19/Sep/2022:10:19:16 +0800] "GET /xingrg/check_reg.html?_=1663553951581 HTTP/1.1" 200 22
61.170.235.57 - - [19/Sep/2022:10:19:17 +0800] "GET /xingrg/kc/buy/cgsh_order_operate.html?command=get_materiel&rest_code=00106&code=00101006065&supplier_code=00100015&order_time=2022-09-19 HTTP/1.1" 200 409
116.230.114.213 - - [19/Sep/2022:10:19:17 +0800] "GET /xingrg/kc/buy/cgsh_order_operate.html?command=get_materiel&rest_code=00146&code=00101008353&supplier_code=00100005&order_time=2022-09-19 HTTP/1.1" 200 428
180.169.147.146 - - [19/Sep/2022:10:19:18 +0800] "GET /xingrg/kc/print/load_data.html?order_code=212022091906876&kc_code=cgsh&condition= HTTP/1.1" 200 670
180.169.147.146 - - [19/Sep/2022:10:19:21 +0800] "GET /xingrg/kc/buy/cgsh_order_add.html HTTP/1.1" 200 68725
180.169.147.146 - - [19/Sep/2022:10:19:21 +0800] "POST /xingrg/kc/buy/cgsh_order_operate.html HTTP/1.1" 200 8245
180.169.147.146 - - [19/Sep/2022:10:19:21 +0800] "GET /xingrg/javascript/easyui/themes/default/validatebox.css HTTP/1.1" 404 1104
61.170.235.57 - - [19/Sep/2022:10:19:27 +0800] "GET /xingrg/kc/buy/cgsh_order_operate.html?command=get_materiel&rest_code=00106&code=00101006240&supplier_code=00100015&order_time=2022-09-19 HTTP/1.1" 200 423
116.230.105.139 - - [19/Sep/2022:10:19:27 +0800] "GET /xingrg/all/function/internal_message.html?_=1663553967104&CODE_STATE=getMsg HTTP/1.1" 200 27
180.169.147.146 - - [19/Sep/2022:10:19:29 +0800] "GET /xingrg/all/function/internal_message.html?_=1663553969209&CODE_STATE=getMsg HTTP/1.1" 200 27
114.84.81.136 - - [19/Sep/2022:10:19:29 +0800] "GET /xingrg/all/function/internal_message.html?_=1663553969499&CODE_STATE=getMsg HTTP/1.1" 200 27
114.84.81.136 - - [19/Sep/2022:10:19:29 +0800] "GET /xingrg/check_reg.html?_=1663553969500 HTTP/1.1" 200 22
116.224.255.128 - - [19/Sep/2022:10:19:31 +0800] "GET /xingrg/all/function/internal_message.html?_=1663553970907&CODE_STATE=getMsg HTTP/1.1" 200 27
