222.70.182.161 - - [19/Sep/2022:13:13:19 +0800] "GET /xingrg/kc/base/wldb_order_operate.html?command=get_materiel&rest_code=00111&base_code=0010283&code=00101019063 HTTP/1.1" 200 462
116.230.105.139 - - [19/Sep/2022:13:13:26 +0800] "GET /xingrg/all/function/internal_message.html?_=1663564404914&CODE_STATE=getMsg HTTP/1.1" 200 27
116.230.105.139 - - [19/Sep/2022:13:13:27 +0800] "GET /xingrg/check_reg.html?_=1663564406642 HTTP/1.1" 200 22
124.79.74.72 - - [19/Sep/2022:13:13:28 +0800] "GET /xingrg/all/function/internal_message.html?_=1663564407558&CODE_STATE=getMsg HTTP/1.1" 200 27
222.70.182.161 - - [19/Sep/2022:13:13:29 +0800] "GET /xingrg/kc/base/wldb_order_operate.html?command=get_materiel&rest_code=00111&base_code=0010283&code=00101019183 HTTP/1.1" 200 448
180.169.147.146 - - [19/Sep/2022:13:13:29 +0800] "GET /xingrg/all/function/internal_message.html?_=1663564408467&CODE_STATE=getMsg HTTP/1.1" 200 27
114.83.217.204 - - [19/Sep/2022:13:13:34 +0800] "GET /xingrg/all/function/internal_message.html?_=1663564413851&CODE_STATE=getMsg HTTP/1.1" 200 27
116.224.255.128 - - [19/Sep/2022:13:13:39 +0800] "GET /xingrg/all/function/internal_message.html?_=1663564419431&CODE_STATE=getMsg HTTP/1.1" 200 27
116.225.121.189 - - [19/Sep/2022:13:13:41 +0800] "GET /xingrg/all/function/internal_message.html?_=1663564422517&CODE_STATE=getMsg HTTP/1.1" 200 27
180.169.147.146 - - [19/Sep/2022:13:13:45 +0800] "GET /xingrg/all/function/internal_message.html?_=1663564424591&CODE_STATE=getMsg HTTP/1.1" 200 27
180.169.147.146 - - [19/Sep/2022:13:13:49 +0800] "GET /xingrg/all/function/internal_message.html?_=1663564429537&CODE_STATE=getMsg HTTP/1.1" 200 27
114.83.219.57 - - [19/Sep/2022:13:13:50 +0800] "GET /xingrg/check_reg.html?_=1663564515332 HTTP/1.1" 200 22
114.83.219.57 - - [19/Sep/2022:13:13:50 +0800] "GET /xingrg/all/function/internal_message.html?_=1663564515334&CODE_STATE=getMsg HTTP/1.1" 200 27
116.230.114.213 - - [19/Sep/2022:13:13:51 +0800] "GET /xingrg/all/function/internal_message.html?_=1663564437173&CODE_STATE=getMsg HTTP/1.1" 200 27
222.70.182.161 - - [19/Sep/2022:13:13:57 +0800] "GET /xingrg/kc/base/wldb_order_operate.html?command=get_materiel&rest_code=00111&base_code=0010283&code=00101019400 HTTP/1.1" 200 462
222.70.182.161 - - [19/Sep/2022:13:14:00 +0800] "GET /xingrg/check_reg.html?_=1663564439580 HTTP/1.1" 200 22
222.70.182.161 - - [19/Sep/2022:13:14:00 +0800] "GET /xingrg/all/function/internal_message.html?_=1663564440035&CODE_STATE=getMsg HTTP/1.1" 200 27
114.84.81.136 - - [19/Sep/2022:13:14:02 +0800] "GET /xingrg/check_reg.html?_=1663564439998 HTTP/1.1" 200 22
114.84.81.136 - - [19/Sep/2022:13:14:02 +0800] "GET /xingrg/all/function/internal_message.html?_=1663564440002&CODE_STATE=getMsg HTTP/1.1" 200 27
116.225.121.189 - - [19/Sep/2022:13:14:10 +0800] "GET /xingrg/all/function/internal_message.html?_=1663564310300&CODE_STATE=getMsg HTTP/1.1" 200 27
114.88.158.224 - - [19/Sep/2022:13:14:11 +0800] "GET /xingrg/all/function/internal_message.html?_=1663564098323&CODE_STATE=getMsg HTTP/1.1" 200 27
116.235.94.249 - - [19/Sep/2022:13:14:11 +0800] "GET /xingrg/check_reg.html?_=1663564646635 HTTP/1.1" 200 22
116.235.94.249 - - [19/Sep/2022:13:14:11 +0800] "GET /xingrg/all/function/internal_message.html?_=1663564646634&CODE_STATE=getMsg HTTP/1.1" 200 27
61.170.235.57 - - [19/Sep/2022:13:14:12 +0800] "GET /xingrg/all/function/internal_message.html?_=1663564446508&CODE_STATE=getMsg HTTP/1.1" 200 27
101.85.93.113 - - [19/Sep/2022:13:14:16 +0800] "GET /xingrg/all/function/internal_message.html?_=1663564456474&CODE_STATE=getMsg HTTP/1.1" 200 27
61.170.235.57 - - [19/Sep/2022:13:14:17 +0800] "GET /xingrg/check_reg.html?_=1663564451753 HTTP/1.1" 200 22
116.230.105.139 - - [19/Sep/2022:13:14:26 +0800] "GET /xingrg/all/function/internal_message.html?_=1663564464903&CODE_STATE=getMsg HTTP/1.1" 200 27
124.79.74.72 - - [19/Sep/2022:13:14:28 +0800] "GET /xingrg/all/function/internal_message.html?_=1663564467543&CODE_STATE=getMsg HTTP/1.1" 200 27
180.169.147.146 - - [19/Sep/2022:13:14:29 +0800] "GET /xingrg/all/function/internal_message.html?_=1663564468469&CODE_STATE=getMsg HTTP/1.1" 200 27
180.169.147.146 - - [19/Sep/2022:13:14:29 +0800] "GET /xingrg/check_reg.html?_=1663564468470 HTTP/1.1" 200 22
222.70.182.161 - - [19/Sep/2022:13:14:30 +0800] "POST /xingrg/kc/base/wldb_order_operate.html HTTP/1.1" 200 37
222.70.182.161 - - [19/Sep/2022:13:14:30 +0800] "POST /xingrg/kc/base/wldb_order_operate.html HTTP/1.1" 200 4691
222.70.182.161 - - [19/Sep/2022:13:14:31 +0800] "GET /xingrg/kc/base/wldb_order_info.html?code=422022091901664 HTTP/1.1" 200 30409
222.70.182.161 - - [19/Sep/2022:13:14:32 +0800] "GET /xingrg/javascript/easyui/themes/default/validatebox.css HTTP/1.1" 404 1104
222.70.182.161 - - [19/Sep/2022:13:14:32 +0800] "POST /xingrg/kc/base/wldb_order_operate.html HTTP/1.1" 200 4691
222.70.182.161 - - [19/Sep/2022:13:14:34 +0800] "GET /xingrg/kc/base/wldb_order_add.html HTTP/1.1" 200 30394
114.83.217.204 - - [19/Sep/2022:13:14:34 +0800] "GET /xingrg/all/function/internal_message.html?_=1663564473844&CODE_STATE=getMsg HTTP/1.1" 200 27
222.70.182.161 - - [19/Sep/2022:13:14:34 +0800] "POST /xingrg/kc/base/wldb_order_operate.html HTTP/1.1" 200 6806
222.70.182.161 - - [19/Sep/2022:13:14:35 +0800] "GET /xingrg/javascript/easyui/themes/default/validatebox.css HTTP/1.1" 404 1104
116.224.255.128 - - [19/Sep/2022:13:14:39 +0800] "GET /xingrg/check_reg.html?_=1663564479431 HTTP/1.1" 200 22
116.224.255.128 - - [19/Sep/2022:13:14:39 +0800] "GET /xingrg/all/function/internal_message.html?_=1663564479432&CODE_STATE=getMsg HTTP/1.1" 200 27
116.225.121.189 - - [19/Sep/2022:13:14:41 +0800] "GET /xingrg/all/function/internal_message.html?_=1663564482511&CODE_STATE=getMsg HTTP/1.1" 200 27
180.169.147.146 - - [19/Sep/2022:13:14:45 +0800] "GET /xingrg/all/function/internal_message.html?_=1663564484575&CODE_STATE=getMsg HTTP/1.1" 200 27
180.169.147.146 - - [19/Sep/2022:13:14:49 +0800] "GET /xingrg/all/function/internal_message.html?_=1663564489541&CODE_STATE=getMsg HTTP/1.1" 200 27
114.83.219.57 - - [19/Sep/2022:13:14:50 +0800] "GET /xingrg/all/function/internal_message.html?_=1663564575331&CODE_STATE=getMsg HTTP/1.1" 200 27
116.230.114.213 - - [19/Sep/2022:13:14:51 +0800] "GET /xingrg/all/function/internal_message.html?_=1663564497187&CODE_STATE=getMsg HTTP/1.1" 200 27
222.70.182.161 - - [19/Sep/2022:13:14:58 +0800] "GET /xingrg/kc/base/wldb_order_operate.html?command=get_materiel&rest_code=00111&base_code=0010283&code=00101019066 HTTP/1.1" 200 455
222.70.182.161 - - [19/Sep/2022:13:15:00 +0800] "GET /xingrg/all/function/internal_message.html?_=1663564500018&CODE_STATE=getMsg HTTP/1.1" 200 27
114.84.81.136 - - [19/Sep/2022:13:15:02 +0800] "GET /xingrg/all/function/internal_message.html?_=1663564500027&CODE_STATE=getMsg HTTP/1.1" 200 27
116.225.121.189 - - [19/Sep/2022:13:15:10 +0800] "GET /xingrg/all/function/internal_message.html?_=1663564370289&CODE_STATE=getMsg HTTP/1.1" 200 27
114.88.158.224 - - [19/Sep/2022:13:15:11 +0800] "GET /xingrg/all/function/internal_message.html?_=1663564158301&CODE_STATE=getMsg HTTP/1.1" 200 27
116.235.94.249 - - [19/Sep/2022:13:15:11 +0800] "GET /xingrg/all/function/internal_message.html?_=1663564706632&CODE_STATE=getMsg HTTP/1.1" 200 27
116.225.121.189 - - [19/Sep/2022:13:15:11 +0800] "GET /xingrg/check_reg.html?_=1663564370829 HTTP/1.1" 200 22
61.170.235.57 - - [19/Sep/2022:13:15:12 +0800] "GET /xingrg/all/function/internal_message.html?_=1663564506479&CODE_STATE=getMsg HTTP/1.1" 200 27
101.85.93.113 - - [19/Sep/2022:13:15:16 +0800] "GET /xingrg/all/function/internal_message.html?_=1663564516460&CODE_STATE=getMsg HTTP/1.1" 200 27
222.70.182.161 - - [19/Sep/2022:13:15:25 +0800] "GET /xingrg/kc/base/wldb_order_operate.html?command=get_materiel&rest_code=00111&base_code=0010283&code=00101019187 HTTP/1.1" 200 478
116.230.105.139 - - [19/Sep/2022:13:15:26 +0800] "GET /xingrg/all/function/internal_message.html?_=1663564524875&CODE_STATE=getMsg HTTP/1.1" 200 27
124.79.74.72 - - [19/Sep/2022:13:15:28 +0800] "GET /xingrg/all/function/internal_message.html?_=1663564527545&CODE_STATE=getMsg HTTP/1.1" 200 27
180.169.147.146 - - [19/Sep/2022:13:15:29 +0800] "GET /xingrg/all/function/internal_message.html?_=1663564528467&CODE_STATE=getMsg HTTP/1.1" 200 27
222.70.182.161 - - [19/Sep/2022:13:15:34 +0800] "GET /xingrg/kc/base/wldb_order_operate.html?command=get_materiel&rest_code=00111&base_code=0010283&code=00101019204 HTTP/1.1" 200 438
114.83.217.204 - - [19/Sep/2022:13:15:34 +0800] "GET /xingrg/all/function/internal_message.html?_=1663564533814&CODE_STATE=getMsg HTTP/1.1" 200 27
116.224.255.128 - - [19/Sep/2022:13:15:39 +0800] "GET /xingrg/all/function/internal_message.html?_=1663564539431&CODE_STATE=getMsg HTTP/1.1" 200 27
116.225.121.189 - - [19/Sep/2022:13:15:41 +0800] "GET /xingrg/all/function/internal_message.html?_=1663564542489&CODE_STATE=getMsg HTTP/1.1" 200 27
222.70.182.161 - - [19/Sep/2022:13:15:43 +0800] "GET /xingrg/kc/base/wldb_order_operate.html?command=get_materiel&rest_code=00111&base_code=0010283&code=00101019295 HTTP/1.1" 200 476
116.225.121.189 - - [19/Sep/2022:13:15:43 +0800] "GET /xingrg/check_reg.html?_=1663564544228 HTTP/1.1" 200 22
180.169.147.146 - - [19/Sep/2022:13:15:45 +0800] "GET /xingrg/all/function/internal_message.html?_=1663564544558&CODE_STATE=getMsg HTTP/1.1" 200 27
180.169.147.146 - - [19/Sep/2022:13:15:49 +0800] "GET /xingrg/check_reg.html?_=1663564549528 HTTP/1.1" 200 22
180.169.147.146 - - [19/Sep/2022:13:15:49 +0800] "GET /xingrg/all/function/internal_message.html?_=1663564549532&CODE_STATE=getMsg HTTP/1.1" 200 27
114.83.219.57 - - [19/Sep/2022:13:15:50 +0800] "GET /xingrg/all/function/internal_message.html?_=1663564635326&CODE_STATE=getMsg HTTP/1.1" 200 27
116.230.114.213 - - [19/Sep/2022:13:15:51 +0800] "GET /xingrg/all/function/internal_message.html?_=1663564557344&CODE_STATE=getMsg HTTP/1.1" 200 27
222.70.182.161 - - [19/Sep/2022:13:15:57 +0800] "GET /xingrg/kc/base/wldb_order_operate.html?command=get_materiel&rest_code=00111&base_code=0010283&code=00101019448 HTTP/1.1" 200 483
222.70.182.161 - - [19/Sep/2022:13:16:00 +0800] "GET /xingrg/all/function/internal_message.html?_=1663564560006&CODE_STATE=getMsg HTTP/1.1" 200 27
114.84.81.136 - - [19/Sep/2022:13:16:02 +0800] "GET /xingrg/all/function/internal_message.html?_=1663564560027&CODE_STATE=getMsg HTTP/1.1" 200 27
222.70.182.161 - - [19/Sep/2022:13:16:06 +0800] "GET /xingrg/kc/base/wldb_order_operate.html?command=get_materiel&rest_code=00111&base_code=0010283&code=00101019133 HTTP/1.1" 200 480
116.225.121.189 - - [19/Sep/2022:13:16:10 +0800] "GET /xingrg/all/function/internal_message.html?_=1663564430275&CODE_STATE=getMsg HTTP/1.1" 200 27
114.88.158.224 - - [19/Sep/2022:13:16:10 +0800] "GET /xingrg/all/function/internal_message.html?_=1663564218284&CODE_STATE=getMsg HTTP/1.1" 200 27
116.235.94.249 - - [19/Sep/2022:13:16:11 +0800] "GET /xingrg/all/function/internal_message.html?_=1663564766627&CODE_STATE=getMsg HTTP/1.1" 200 27
61.170.235.57 - - [19/Sep/2022:13:16:12 +0800] "GET /xingrg/all/function/internal_message.html?_=1663564566473&CODE_STATE=getMsg HTTP/1.1" 200 27
222.70.182.161 - - [19/Sep/2022:13:16:13 +0800] "GET /xingrg/kc/base/wldb_order_operate.html?command=get_materiel&rest_code=00111&base_code=0010283&code=00101016028 HTTP/1.1" 200 434
101.85.93.113 - - [19/Sep/2022:13:16:16 +0800] "GET /xingrg/check_reg.html?_=1663564576465 HTTP/1.1" 200 22
101.85.93.113 - - [19/Sep/2022:13:16:16 +0800] "GET /xingrg/all/function/internal_message.html?_=1663564576462&CODE_STATE=getMsg HTTP/1.1" 200 27
116.230.114.213 - - [19/Sep/2022:13:16:23 +0800] "GET /xingrg/kc/buy/cgsh_order_add.html HTTP/1.1" 200 68741
116.230.114.213 - - [19/Sep/2022:13:16:24 +0800] "POST /xingrg/kc/buy/cgsh_order_operate.html HTTP/1.1" 200 8245
116.230.114.213 - - [19/Sep/2022:13:16:24 +0800] "GET /xingrg/javascript/easyui/themes/default/validatebox.css HTTP/1.1" 404 1104
222.70.182.161 - - [19/Sep/2022:13:16:25 +0800] "POST /xingrg/kc/base/wldb_order_operate.html HTTP/1.1" 200 37
116.230.105.139 - - [19/Sep/2022:13:16:26 +0800] "GET /xingrg/all/function/internal_message.html?_=1663564584864&CODE_STATE=getMsg HTTP/1.1" 200 27
222.70.182.161 - - [19/Sep/2022:13:16:26 +0800] "POST /xingrg/kc/base/wldb_order_operate.html HTTP/1.1" 200 5717
124.79.74.72 - - [19/Sep/2022:13:16:28 +0800] "GET /xingrg/all/function/internal_message.html?_=1663564587546&CODE_STATE=getMsg HTTP/1.1" 200 27
222.70.182.161 - - [19/Sep/2022:13:16:28 +0800] "GET /xingrg/kc/base/wldb_order_info.html?code=422022091901665 HTTP/1.1" 200 30409
222.70.182.161 - - [19/Sep/2022:13:16:29 +0800] "GET /xingrg/javascript/easyui/themes/default/validatebox.css HTTP/1.1" 404 1104
222.70.182.161 - - [19/Sep/2022:13:16:29 +0800] "POST /xingrg/kc/base/wldb_order_operate.html HTTP/1.1" 200 5717
180.169.147.146 - - [19/Sep/2022:13:16:29 +0800] "GET /xingrg/all/function/internal_message.html?_=1663564588484&CODE_STATE=getMsg HTTP/1.1" 200 27
222.70.182.161 - - [19/Sep/2022:13:16:31 +0800] "GET /xingrg/kc/base/wldb_order_add.html HTTP/1.1" 200 30394
222.70.182.161 - - [19/Sep/2022:13:16:32 +0800] "POST /xingrg/kc/base/wldb_order_operate.html HTTP/1.1" 200 6806
222.70.182.161 - - [19/Sep/2022:13:16:32 +0800] "GET /xingrg/javascript/easyui/themes/default/validatebox.css HTTP/1.1" 404 1104
114.83.217.204 - - [19/Sep/2022:13:16:34 +0800] "GET /xingrg/all/function/internal_message.html?_=1663564593791&CODE_STATE=getMsg HTTP/1.1" 200 27
116.224.255.128 - - [19/Sep/2022:13:16:39 +0800] "GET /xingrg/all/function/internal_message.html?_=1663564599448&CODE_STATE=getMsg HTTP/1.1" 200 27
116.225.121.189 - - [19/Sep/2022:13:16:41 +0800] "GET /xingrg/all/function/internal_message.html?_=1663564602458&CODE_STATE=getMsg HTTP/1.1" 200 27
116.230.114.213 - - [19/Sep/2022:13:16:45 +0800] "GET /xingrg/kc/buy/cgsh_order_operate.html?command=get_materiel&rest_code=00146&code=00101009050&supplier_code=00100023&order_time=2022-09-19 HTTP/1.1" 200 431
180.169.147.146 - - [19/Sep/2022:13:16:45 +0800] "GET /xingrg/all/function/internal_message.html?_=1663564604542&CODE_STATE=getMsg HTTP/1.1" 200 27
180.169.147.146 - - [19/Sep/2022:13:16:45 +0800] "GET /xingrg/check_reg.html?_=1663564604715 HTTP/1.1" 200 22
222.70.182.161 - - [19/Sep/2022:13:16:45 +0800] "GET /xingrg/kc/base/wldb_order_operate.html?command=get_materiel&rest_code=00111&base_code=0010306&code=00102002204 HTTP/1.1" 200 447
180.169.147.146 - - [19/Sep/2022:13:16:49 +0800] "GET /xingrg/all/function/internal_message.html?_=1663564609518&CODE_STATE=getMsg HTTP/1.1" 200 27
114.83.219.57 - - [19/Sep/2022:13:16:50 +0800] "GET /xingrg/all/function/internal_message.html?_=1663564695340&CODE_STATE=getMsg HTTP/1.1" 200 27
116.230.114.213 - - [19/Sep/2022:13:16:51 +0800] "GET /xingrg/all/function/internal_message.html?_=1663564617355&CODE_STATE=getMsg HTTP/1.1" 200 27
222.70.182.161 - - [19/Sep/2022:13:16:54 +0800] "POST /xingrg/kc/base/wldb_order_operate.html HTTP/1.1" 200 37
222.70.182.161 - - [19/Sep/2022:13:16:54 +0800] "POST /xingrg/kc/base/wldb_order_operate.html HTTP/1.1" 200 2197
222.70.182.161 - - [19/Sep/2022:13:16:55 +0800] "GET /xingrg/kc/base/wldb_order_info.html?code=422022091901666 HTTP/1.1" 200 30408
222.70.182.161 - - [19/Sep/2022:13:16:56 +0800] "GET /xingrg/javascript/easyui/themes/default/validatebox.css HTTP/1.1" 404 1104
222.70.182.161 - - [19/Sep/2022:13:16:56 +0800] "POST /xingrg/kc/base/wldb_order_operate.html HTTP/1.1" 200 2197
222.70.182.161 - - [19/Sep/2022:13:16:58 +0800] "GET /xingrg/kc/base/wldb_order_add.html HTTP/1.1" 200 30394
222.70.182.161 - - [19/Sep/2022:13:16:58 +0800] "POST /xingrg/kc/base/wldb_order_operate.html HTTP/1.1" 200 6806
222.70.182.161 - - [19/Sep/2022:13:16:59 +0800] "GET /xingrg/javascript/easyui/themes/default/validatebox.css HTTP/1.1" 404 1104
222.70.182.161 - - [19/Sep/2022:13:17:00 +0800] "GET /xingrg/all/function/internal_message.html?_=1663564619990&CODE_STATE=getMsg HTTP/1.1" 200 27
114.84.81.136 - - [19/Sep/2022:13:17:02 +0800] "GET /xingrg/all/function/internal_message.html?_=1663564620028&CODE_STATE=getMsg HTTP/1.1" 200 27
116.230.114.213 - - [19/Sep/2022:13:17:03 +0800] "GET /xingrg/kc/buy/cgsh_order_operate.html?command=get_materiel&rest_code=00146&code=00101009013&supplier_code=00100023&order_time=2022-09-19 HTTP/1.1" 200 420
116.225.121.189 - - [19/Sep/2022:13:17:10 +0800] "GET /xingrg/all/function/internal_message.html?_=1663564490265&CODE_STATE=getMsg HTTP/1.1" 200 27
114.88.158.224 - - [19/Sep/2022:13:17:10 +0800] "GET /xingrg/all/function/internal_message.html?_=1663564278259&CODE_STATE=getMsg HTTP/1.1" 200 27
116.235.94.249 - - [19/Sep/2022:13:17:11 +0800] "GET /xingrg/all/function/internal_message.html?_=1663564826653&CODE_STATE=getMsg HTTP/1.1" 200 27
61.170.235.57 - - [19/Sep/2022:13:17:11 +0800] "GET /xingrg/all/function/internal_message.html?_=1663564626441&CODE_STATE=getMsg HTTP/1.1" 200 27
101.85.93.113 - - [19/Sep/2022:13:17:16 +0800] "GET /xingrg/all/function/internal_message.html?_=1663564636465&CODE_STATE=getMsg HTTP/1.1" 200 27
222.70.182.161 - - [19/Sep/2022:13:17:18 +0800] "GET /xingrg/kc/base/wldb_order_operate.html?command=get_materiel&rest_code=00111&base_code=0010283&code=00101019359 HTTP/1.1" 200 461
116.230.114.213 - - [19/Sep/2022:13:17:19 +0800] "GET /xingrg/kc/buy/cgsh_order_operate.html?command=get_materiel&rest_code=00146&code=00101009007&supplier_code=00100023&order_time=2022-09-19 HTTP/1.1" 200 409
116.230.105.139 - - [19/Sep/2022:13:17:26 +0800] "GET /xingrg/all/function/internal_message.html?_=1663564644849&CODE_STATE=getMsg HTTP/1.1" 200 27
124.79.74.72 - - [19/Sep/2022:13:17:28 +0800] "GET /xingrg/all/function/internal_message.html?_=1663564647549&CODE_STATE=getMsg HTTP/1.1" 200 27
124.79.74.72 - - [19/Sep/2022:13:17:28 +0800] "GET /xingrg/check_reg.html?_=1663564647549 HTTP/1.1" 200 22
180.169.147.146 - - [19/Sep/2022:13:17:29 +0800] "GET /xingrg/all/function/internal_message.html?_=1663564648482&CODE_STATE=getMsg HTTP/1.1" 200 27
222.70.182.161 - - [19/Sep/2022:13:17:30 +0800] "GET /xingrg/kc/base/wldb_order_operate.html?command=get_materiel&rest_code=00111&base_code=0010283&code=00101019184 HTTP/1.1" 200 458
114.83.217.204 - - [19/Sep/2022:13:17:34 +0800] "GET /xingrg/all/function/internal_message.html?_=1663564653761&CODE_STATE=getMsg HTTP/1.1" 200 27
114.83.217.204 - - [19/Sep/2022:13:17:36 +0800] "GET /xingrg/check_reg.html?_=1663564655989 HTTP/1.1" 200 22
116.224.255.128 - - [19/Sep/2022:13:17:39 +0800] "GET /xingrg/all/function/internal_message.html?_=1663564659449&CODE_STATE=getMsg HTTP/1.1" 200 27
116.225.121.189 - - [19/Sep/2022:13:17:41 +0800] "GET /xingrg/all/function/internal_message.html?_=1663564662434&CODE_STATE=getMsg HTTP/1.1" 200 27
116.230.114.213 - - [19/Sep/2022:13:17:41 +0800] "GET /xingrg/kc/buy/cgsh_order_operate.html?command=get_materiel&rest_code=00146&code=00101009031&supplier_code=00100023&order_time=2022-09-19 HTTP/1.1" 200 409
180.169.147.146 - - [19/Sep/2022:13:17:45 +0800] "GET /xingrg/all/function/internal_message.html?_=1663564664526&CODE_STATE=getMsg HTTP/1.1" 200 27
222.70.182.161 - - [19/Sep/2022:13:17:47 +0800] "GET /xingrg/kc/base/wldb_order_operate.html?command=get_materiel&rest_code=00111&base_code=0010283&code=00102007082 HTTP/1.1" 200 451
116.230.114.213 - - [19/Sep/2022:13:17:49 +0800] "GET /xingrg/check_reg.html?_=1663564675060 HTTP/1.1" 200 22
180.169.147.146 - - [19/Sep/2022:13:17:49 +0800] "GET /xingrg/all/function/internal_message.html?_=1663564669526&CODE_STATE=getMsg HTTP/1.1" 200 27
114.83.219.57 - - [19/Sep/2022:13:17:50 +0800] "GET /xingrg/all/function/internal_message.html?_=1663564755336&CODE_STATE=getMsg HTTP/1.1" 200 27
116.230.114.213 - - [19/Sep/2022:13:17:51 +0800] "GET /xingrg/all/function/internal_message.html?_=1663564677368&CODE_STATE=getMsg HTTP/1.1" 200 27
222.70.182.161 - - [19/Sep/2022:13:17:54 +0800] "GET /xingrg/kc/base/wldb_order_operate.html?command=get_materiel&rest_code=00111&base_code=0010283&code=00101019071 HTTP/1.1" 200 471
116.230.114.213 - - [19/Sep/2022:13:17:57 +0800] "POST /xingrg/kc/buy/cgsh_order_operate.html HTTP/1.1" 200 37
222.70.182.161 - - [19/Sep/2022:13:18:00 +0800] "GET /xingrg/all/function/internal_message.html?_=1663564679960&CODE_STATE=getMsg HTTP/1.1" 200 27
116.230.114.213 - - [19/Sep/2022:13:18:01 +0800] "POST /xingrg/kc/buy/cgsh_order_operate.html HTTP/1.1" 200 4424
114.84.81.136 - - [19/Sep/2022:13:18:02 +0800] "GET /xingrg/all/function/internal_message.html?_=1663564680029&CODE_STATE=getMsg HTTP/1.1" 200 27
222.70.182.161 - - [19/Sep/2022:13:18:02 +0800] "POST /xingrg/kc/base/wldb_order_operate.html HTTP/1.1" 200 37
222.70.182.161 - - [19/Sep/2022:13:18:03 +0800] "POST /xingrg/kc/base/wldb_order_operate.html HTTP/1.1" 200 4174
222.70.182.161 - - [19/Sep/2022:13:18:03 +0800] "GET /xingrg/kc/base/wldb_order_info.html?code=422022091901667 HTTP/1.1" 200 30407
116.230.114.213 - - [19/Sep/2022:13:18:04 +0800] "GET /xingrg/kc/print/load_data.html?order_code=212022091907052&kc_code=cgsh&condition= HTTP/1.1" 200 1368
222.70.182.161 - - [19/Sep/2022:13:18:04 +0800] "GET /xingrg/javascript/easyui/themes/default/validatebox.css HTTP/1.1" 404 1104
222.70.182.161 - - [19/Sep/2022:13:18:04 +0800] "POST /xingrg/kc/base/wldb_order_operate.html HTTP/1.1" 200 4174
222.70.182.161 - - [19/Sep/2022:13:18:06 +0800] "GET /xingrg/kc/base/wldb_order_add.html HTTP/1.1" 200 30394
222.70.182.161 - - [19/Sep/2022:13:18:07 +0800] "POST /xingrg/kc/base/wldb_order_operate.html HTTP/1.1" 200 6806
222.70.182.161 - - [19/Sep/2022:13:18:07 +0800] "GET /xingrg/javascript/easyui/themes/default/validatebox.css HTTP/1.1" 404 1104
116.225.121.189 - - [19/Sep/2022:13:18:10 +0800] "GET /xingrg/all/function/internal_message.html?_=1663564550277&CODE_STATE=getMsg HTTP/1.1" 200 27
114.88.158.224 - - [19/Sep/2022:13:18:10 +0800] "GET /xingrg/all/function/internal_message.html?_=1663564338233&CODE_STATE=getMsg HTTP/1.1" 200 27
116.235.94.249 - - [19/Sep/2022:13:18:11 +0800] "GET /xingrg/all/function/internal_message.html?_=1663564886656&CODE_STATE=getMsg HTTP/1.1" 200 27
61.170.235.57 - - [19/Sep/2022:13:18:11 +0800] "GET /xingrg/all/function/internal_message.html?_=1663564686411&CODE_STATE=getMsg HTTP/1.1" 200 27
114.88.158.224 - - [19/Sep/2022:13:18:14 +0800] "GET /xingrg/check_reg.html?_=1663564341933 HTTP/1.1" 200 22
101.85.93.113 - - [19/Sep/2022:13:18:16 +0800] "GET /xingrg/all/function/internal_message.html?_=1663564696465&CODE_STATE=getMsg HTTP/1.1" 200 27
116.230.105.139 - - [19/Sep/2022:13:18:25 +0800] "GET /xingrg/all/function/internal_message.html?_=1663564704837&CODE_STATE=getMsg HTTP/1.1" 200 27
116.230.105.139 - - [19/Sep/2022:13:18:27 +0800] "GET /xingrg/check_reg.html?_=1663564706635 HTTP/1.1" 200 22
124.79.74.72 - - [19/Sep/2022:13:18:28 +0800] "GET /xingrg/all/function/internal_message.html?_=1663564707550&CODE_STATE=getMsg HTTP/1.1" 200 27
222.70.182.161 - - [19/Sep/2022:13:18:28 +0800] "GET /xingrg/kc/base/wldb_order_operate.html?command=get_materiel&rest_code=00111&base_code=0010306&code=00102002610 HTTP/1.1" 200 443
180.169.147.146 - - [19/Sep/2022:13:18:29 +0800] "GET /xingrg/all/function/internal_message.html?_=1663564708481&CODE_STATE=getMsg HTTP/1.1" 200 27
116.230.114.213 - - [19/Sep/2022:13:18:34 +0800] "GET /xingrg/kc/buy/cgsh_order_add.html HTTP/1.1" 200 68741
114.83.217.204 - - [19/Sep/2022:13:18:34 +0800] "GET /xingrg/all/function/internal_message.html?_=1663564713746&CODE_STATE=getMsg HTTP/1.1" 200 27
116.230.114.213 - - [19/Sep/2022:13:18:35 +0800] "POST /xingrg/kc/buy/cgsh_order_operate.html HTTP/1.1" 200 8245
116.230.114.213 - - [19/Sep/2022:13:18:35 +0800] "GET /xingrg/javascript/easyui/themes/default/validatebox.css HTTP/1.1" 404 1104
114.84.81.136 - - [19/Sep/2022:13:18:35 +0800] "POST /xingrg/services/DataTransmitService HTTP/1.1" 200 524
114.84.81.136 - - [19/Sep/2022:13:18:35 +0800] "POST /xingrg/services/DataTransmitService HTTP/1.1" 200 501
114.84.81.136 - - [19/Sep/2022:13:18:36 +0800] "POST /xingrg/services/DataTransmitService HTTP/1.1" 200 501
114.84.81.136 - - [19/Sep/2022:13:18:36 +0800] "POST /xingrg/services/DataTransmitService HTTP/1.1" 200 501
114.84.81.136 - - [19/Sep/2022:13:18:36 +0800] "POST /xingrg/services/DataTransmitService HTTP/1.1" 200 501
114.84.81.136 - - [19/Sep/2022:13:18:36 +0800] "POST /xingrg/services/DataTransmitService HTTP/1.1" 200 501
114.84.81.136 - - [19/Sep/2022:13:18:37 +0800] "POST /xingrg/services/DataTransmitService HTTP/1.1" 200 412
116.224.255.128 - - [19/Sep/2022:13:18:39 +0800] "GET /xingrg/all/function/internal_message.html?_=1663564719448&CODE_STATE=getMsg HTTP/1.1" 200 27
116.225.121.189 - - [19/Sep/2022:13:18:41 +0800] "GET /xingrg/all/function/internal_message.html?_=1663564722413&CODE_STATE=getMsg HTTP/1.1" 200 27
180.169.147.146 - - [19/Sep/2022:13:18:45 +0800] "GET /xingrg/all/function/internal_message.html?_=1663564724510&CODE_STATE=getMsg HTTP/1.1" 200 27
180.169.147.146 - - [19/Sep/2022:13:18:49 +0800] "GET /xingrg/all/function/internal_message.html?_=1663564729528&CODE_STATE=getMsg HTTP/1.1" 200 27
114.83.219.57 - - [19/Sep/2022:13:18:50 +0800] "GET /xingrg/check_reg.html?_=1663564815336 HTTP/1.1" 200 22
114.83.219.57 - - [19/Sep/2022:13:18:50 +0800] "GET /xingrg/all/function/internal_message.html?_=1663564815337&CODE_STATE=getMsg HTTP/1.1" 200 27
116.230.114.213 - - [19/Sep/2022:13:18:51 +0800] "GET /xingrg/all/function/internal_message.html?_=1663564737381&CODE_STATE=getMsg HTTP/1.1" 200 27
116.230.114.213 - - [19/Sep/2022:13:18:51 +0800] "GET /xingrg/kc/buy/cgsh_order_operate.html?command=get_materiel&rest_code=00146&code=00101001032&supplier_code=00100041&order_time=2022-09-19 HTTP/1.1" 200 413
222.70.182.161 - - [19/Sep/2022:13:18:59 +0800] "GET /xingrg/kc/base/wldb_order_operate.html?command=get_materiel&rest_code=00111&base_code=0010306&code=00102002494 HTTP/1.1" 200 440
222.70.182.161 - - [19/Sep/2022:13:19:00 +0800] "GET /xingrg/check_reg.html?_=1663564739579 HTTP/1.1" 200 22
222.70.182.161 - - [19/Sep/2022:13:19:00 +0800] "GET /xingrg/all/function/internal_message.html?_=1663564739940&CODE_STATE=getMsg HTTP/1.1" 200 27
114.84.81.136 - - [19/Sep/2022:13:19:02 +0800] "GET /xingrg/check_reg.html?_=1663564740028 HTTP/1.1" 200 22
114.84.81.136 - - [19/Sep/2022:13:19:02 +0800] "GET /xingrg/all/function/internal_message.html?_=1663564740031&CODE_STATE=getMsg HTTP/1.1" 200 27
116.230.114.213 - - [19/Sep/2022:13:19:10 +0800] "GET /xingrg/kc/buy/cgsh_order_operate.html?command=get_materiel&rest_code=00146&code=00101010161&supplier_code=00100041&order_time=2022-09-19 HTTP/1.1" 200 429
116.225.121.189 - - [19/Sep/2022:13:19:10 +0800] "GET /xingrg/all/function/internal_message.html?_=1663564610266&CODE_STATE=getMsg HTTP/1.1" 200 27
114.88.158.224 - - [19/Sep/2022:13:19:10 +0800] "GET /xingrg/all/function/internal_message.html?_=1663564398232&CODE_STATE=getMsg HTTP/1.1" 200 27
116.235.94.249 - - [19/Sep/2022:13:19:11 +0800] "GET /xingrg/all/function/internal_message.html?_=1663564946646&CODE_STATE=getMsg HTTP/1.1" 200 27
116.235.94.249 - - [19/Sep/2022:13:19:11 +0800] "GET /xingrg/check_reg.html?_=1663564946647 HTTP/1.1" 200 22
61.170.235.57 - - [19/Sep/2022:13:19:11 +0800] "GET /xingrg/all/function/internal_message.html?_=1663564746380&CODE_STATE=getMsg HTTP/1.1" 200 27
101.85.93.113 - - [19/Sep/2022:13:19:16 +0800] "GET /xingrg/all/function/internal_message.html?_=1663564756467&CODE_STATE=getMsg HTTP/1.1" 200 27
61.170.235.57 - - [19/Sep/2022:13:19:17 +0800] "GET /xingrg/check_reg.html?_=1663564751786 HTTP/1.1" 200 22
222.70.182.161 - - [19/Sep/2022:13:19:20 +0800] "GET /xingrg/kc/base/wldb_order_operate.html?command=get_materiel&rest_code=00111&base_code=0010306&code=00102002543 HTTP/1.1" 200 442
116.230.114.213 - - [19/Sep/2022:13:19:22 +0800] "GET /xingrg/kc/buy/cgsh_order_operate.html?command=get_materiel&rest_code=00146&code=00101018007&supplier_code=00100041&order_time=2022-09-19 HTTP/1.1" 200 429
116.230.105.139 - - [19/Sep/2022:13:19:25 +0800] "GET /xingrg/all/function/internal_message.html?_=1663564764815&CODE_STATE=getMsg HTTP/1.1" 200 27
124.79.74.72 - - [19/Sep/2022:13:19:28 +0800] "GET /xingrg/all/function/internal_message.html?_=1663564767552&CODE_STATE=getMsg HTTP/1.1" 200 27
180.169.147.146 - - [19/Sep/2022:13:19:29 +0800] "GET /xingrg/check_reg.html?_=1663564768476 HTTP/1.1" 200 22
180.169.147.146 - - [19/Sep/2022:13:19:29 +0800] "GET /xingrg/all/function/internal_message.html?_=1663564768478&CODE_STATE=getMsg HTTP/1.1" 200 27
116.230.114.213 - - [19/Sep/2022:13:19:32 +0800] "GET /xingrg/kc/buy/cgsh_order_operate.html?command=get_materiel&rest_code=00146&code=00101002027&supplier_code=00100041&order_time=2022-09-19 HTTP/1.1" 200 435
114.83.217.204 - - [19/Sep/2022:13:19:34 +0800] "GET /xingrg/all/function/internal_message.html?_=1663564773722&CODE_STATE=getMsg HTTP/1.1" 200 27
116.224.255.128 - - [19/Sep/2022:13:19:39 +0800] "GET /xingrg/check_reg.html?_=1663564779467 HTTP/1.1" 200 22
116.224.255.128 - - [19/Sep/2022:13:19:39 +0800] "GET /xingrg/all/function/internal_message.html?_=1663564779470&CODE_STATE=getMsg HTTP/1.1" 200 27
116.225.121.189 - - [19/Sep/2022:13:19:41 +0800] "GET /xingrg/all/function/internal_message.html?_=1663564782387&CODE_STATE=getMsg HTTP/1.1" 200 27
180.169.147.146 - - [19/Sep/2022:13:19:45 +0800] "GET /xingrg/all/function/internal_message.html?_=1663564784494&CODE_STATE=getMsg HTTP/1.1" 200 27
116.230.114.213 - - [19/Sep/2022:13:19:48 +0800] "POST /xingrg/kc/buy/cgsh_order_operate.html HTTP/1.1" 200 37
180.169.147.146 - - [19/Sep/2022:13:19:49 +0800] "GET /xingrg/all/function/internal_message.html?_=1663564789528&CODE_STATE=getMsg HTTP/1.1" 200 27
114.83.219.57 - - [19/Sep/2022:13:19:50 +0800] "GET /xingrg/all/function/internal_message.html?_=1663564875323&CODE_STATE=getMsg HTTP/1.1" 200 27
116.230.114.213 - - [19/Sep/2022:13:19:50 +0800] "POST /xingrg/kc/buy/cgsh_order_operate.html HTTP/1.1" 200 4425
116.230.114.213 - - [19/Sep/2022:13:19:51 +0800] "GET /xingrg/all/function/internal_message.html?_=1663564797396&CODE_STATE=getMsg HTTP/1.1" 200 27
116.230.114.213 - - [19/Sep/2022:13:19:54 +0800] "GET /xingrg/kc/print/load_data.html?order_code=212022091907053&kc_code=cgsh&condition= HTTP/1.1" 200 1360
222.70.182.161 - - [19/Sep/2022:13:20:00 +0800] "GET /xingrg/all/function/internal_message.html?_=1663564799929&CODE_STATE=getMsg HTTP/1.1" 200 27
114.84.81.136 - - [19/Sep/2022:13:20:02 +0800] "GET /xingrg/all/function/internal_message.html?_=1663564800030&CODE_STATE=getMsg HTTP/1.1" 200 27
116.225.121.189 - - [19/Sep/2022:13:20:10 +0800] "GET /xingrg/all/function/internal_message.html?_=1663564670252&CODE_STATE=getMsg HTTP/1.1" 200 27
114.88.158.224 - - [19/Sep/2022:13:20:10 +0800] "GET /xingrg/all/function/internal_message.html?_=1663564458204&CODE_STATE=getMsg HTTP/1.1" 200 27
116.235.94.249 - - [19/Sep/2022:13:20:11 +0800] "GET /xingrg/all/function/internal_message.html?_=1663565006648&CODE_STATE=getMsg HTTP/1.1" 200 27
116.225.121.189 - - [19/Sep/2022:13:20:11 +0800] "GET /xingrg/check_reg.html?_=1663564670852 HTTP/1.1" 200 22
61.170.235.57 - - [19/Sep/2022:13:20:11 +0800] "GET /xingrg/all/function/internal_message.html?_=1663564806354&CODE_STATE=getMsg HTTP/1.1" 200 27
116.230.114.213 - - [19/Sep/2022:13:20:13 +0800] "GET /xingrg/kc/buy/cgsh_order_add.html HTTP/1.1" 200 68741
116.230.114.213 - - [19/Sep/2022:13:20:14 +0800] "POST /xingrg/kc/buy/cgsh_order_operate.html HTTP/1.1" 200 8245
116.230.114.213 - - [19/Sep/2022:13:20:14 +0800] "GET /xingrg/javascript/easyui/themes/default/validatebox.css HTTP/1.1" 404 1104
101.85.93.113 - - [19/Sep/2022:13:20:16 +0800] "GET /xingrg/all/function/internal_message.html?_=1663564816469&CODE_STATE=getMsg HTTP/1.1" 200 27
116.230.105.139 - - [19/Sep/2022:13:20:25 +0800] "GET /xingrg/all/function/internal_message.html?_=1663564824806&CODE_STATE=getMsg HTTP/1.1" 200 27
124.79.74.72 - - [19/Sep/2022:13:20:28 +0800] "GET /xingrg/all/function/internal_message.html?_=1663564827553&CODE_STATE=getMsg HTTP/1.1" 200 27
116.230.114.213 - - [19/Sep/2022:13:20:29 +0800] "GET /xingrg/kc/buy/cgsh_order_operate.html?command=get_materiel&rest_code=00146&code=00101012026&supplier_code=00100033&order_time=2022-09-19 HTTP/1.1" 200 408
180.169.147.146 - - [19/Sep/2022:13:20:29 +0800] "GET /xingrg/all/function/internal_message.html?_=1663564828466&CODE_STATE=getMsg HTTP/1.1" 200 27
114.83.217.204 - - [19/Sep/2022:13:20:34 +0800] "GET /xingrg/all/function/internal_message.html?_=1663564833696&CODE_STATE=getMsg HTTP/1.1" 200 27
222.70.182.161 - - [19/Sep/2022:13:20:37 +0800] "POST /xingrg/kc/base/wldb_order_operate.html HTTP/1.1" 200 37
222.70.182.161 - - [19/Sep/2022:13:20:38 +0800] "POST /xingrg/kc/base/wldb_order_operate.html HTTP/1.1" 200 2666
222.70.182.161 - - [19/Sep/2022:13:20:38 +0800] "GET /xingrg/kc/base/wldb_order_info.html?code=422022091901668 HTTP/1.1" 200 30410
222.70.182.161 - - [19/Sep/2022:13:20:39 +0800] "GET /xingrg/javascript/easyui/themes/default/validatebox.css HTTP/1.1" 404 1104
116.224.255.128 - - [19/Sep/2022:13:20:39 +0800] "GET /xingrg/all/function/internal_message.html?_=1663564839467&CODE_STATE=getMsg HTTP/1.1" 200 27
222.70.182.161 - - [19/Sep/2022:13:20:40 +0800] "POST /xingrg/kc/base/wldb_order_operate.html HTTP/1.1" 200 2666
116.225.121.189 - - [19/Sep/2022:13:20:41 +0800] "GET /xingrg/all/function/internal_message.html?_=1663564842355&CODE_STATE=getMsg HTTP/1.1" 200 27
116.225.121.189 - - [19/Sep/2022:13:20:43 +0800] "GET /xingrg/check_reg.html?_=1663564844199 HTTP/1.1" 200 22
222.70.182.161 - - [19/Sep/2022:13:20:45 +0800] "GET /xingrg/kc/base/wldb_order_add.html HTTP/1.1" 200 30394
180.169.147.146 - - [19/Sep/2022:13:20:45 +0800] "GET /xingrg/all/function/internal_message.html?_=1663564844503&CODE_STATE=getMsg HTTP/1.1" 200 27
222.70.182.161 - - [19/Sep/2022:13:20:45 +0800] "POST /xingrg/kc/base/wldb_order_operate.html HTTP/1.1" 200 6806
222.70.182.161 - - [19/Sep/2022:13:20:45 +0800] "GET /xingrg/javascript/easyui/themes/default/validatebox.css HTTP/1.1" 404 1104
116.230.114.213 - - [19/Sep/2022:13:20:48 +0800] "GET /xingrg/kc/buy/cgsh_order_operate.html?command=get_materiel&rest_code=00146&code=00101012040&supplier_code=00100033&order_time=2022-09-19 HTTP/1.1" 200 412
180.169.147.146 - - [19/Sep/2022:13:20:49 +0800] "GET /xingrg/all/function/internal_message.html?_=1663564849520&CODE_STATE=getMsg HTTP/1.1" 200 27
180.169.147.146 - - [19/Sep/2022:13:20:49 +0800] "GET /xingrg/check_reg.html?_=1663564849525 HTTP/1.1" 200 22
114.83.219.57 - - [19/Sep/2022:13:20:50 +0800] "GET /xingrg/all/function/internal_message.html?_=1663564935324&CODE_STATE=getMsg HTTP/1.1" 200 27
116.230.114.213 - - [19/Sep/2022:13:20:51 +0800] "GET /xingrg/all/function/internal_message.html?_=1663564857501&CODE_STATE=getMsg HTTP/1.1" 200 27
222.70.182.161 - - [19/Sep/2022:13:21:00 +0800] "GET /xingrg/all/function/internal_message.html?_=1663564859909&CODE_STATE=getMsg HTTP/1.1" 200 27
114.84.81.136 - - [19/Sep/2022:13:21:02 +0800] "GET /xingrg/all/function/internal_message.html?_=1663564860030&CODE_STATE=getMsg HTTP/1.1" 200 27
222.70.182.161 - - [19/Sep/2022:13:21:03 +0800] "GET /xingrg/kc/base/wldb_order_operate.html?command=get_materiel&rest_code=00111&base_code=0010306&code=00102002453 HTTP/1.1" 200 435
116.230.114.213 - - [19/Sep/2022:13:21:04 +0800] "GET /xingrg/kc/buy/cgsh_order_operate.html?command=get_materiel&rest_code=00146&code=00101016025&supplier_code=00100033&order_time=2022-09-19 HTTP/1.1" 200 408
116.225.121.189 - - [19/Sep/2022:13:21:10 +0800] "GET /xingrg/all/function/internal_message.html?_=1663564730235&CODE_STATE=getMsg HTTP/1.1" 200 27
114.88.158.224 - - [19/Sep/2022:13:21:10 +0800] "GET /xingrg/all/function/internal_message.html?_=1663564518181&CODE_STATE=getMsg HTTP/1.1" 200 27
116.235.94.249 - - [19/Sep/2022:13:21:11 +0800] "GET /xingrg/all/function/internal_message.html?_=1663565066646&CODE_STATE=getMsg HTTP/1.1" 200 27
61.170.235.57 - - [19/Sep/2022:13:21:11 +0800] "GET /xingrg/all/function/internal_message.html?_=1663564866334&CODE_STATE=getMsg HTTP/1.1" 200 27
222.70.182.161 - - [19/Sep/2022:13:21:12 +0800] "POST /xingrg/kc/base/wldb_order_operate.html HTTP/1.1" 200 37
222.70.182.161 - - [19/Sep/2022:13:21:13 +0800] "POST /xingrg/kc/base/wldb_order_operate.html HTTP/1.1" 200 2185
222.70.182.161 - - [19/Sep/2022:13:21:14 +0800] "GET /xingrg/kc/base/wldb_order_info.html?code=422022091901669 HTTP/1.1" 200 30407
222.70.182.161 - - [19/Sep/2022:13:21:14 +0800] "GET /xingrg/javascript/easyui/themes/default/validatebox.css HTTP/1.1" 404 1104
222.70.182.161 - - [19/Sep/2022:13:21:15 +0800] "POST /xingrg/kc/base/wldb_order_operate.html HTTP/1.1" 200 2185
101.85.93.113 - - [19/Sep/2022:13:21:16 +0800] "GET /xingrg/all/function/internal_message.html?_=1663564876474&CODE_STATE=getMsg HTTP/1.1" 200 27
101.85.93.113 - - [19/Sep/2022:13:21:17 +0800] "GET /xingrg/check_reg.html?_=1663564876470 HTTP/1.1" 200 22
116.230.114.213 - - [19/Sep/2022:13:21:17 +0800] "GET /xingrg/kc/buy/cgsh_order_operate.html?command=get_materiel&rest_code=00146&code=00101016080&supplier_code=00100033&order_time=2022-09-19 HTTP/1.1" 200 408
116.230.114.213 - - [19/Sep/2022:13:21:22 +0800] "POST /xingrg/services/DataTransmitService HTTP/1.1" 200 524
222.70.182.161 - - [19/Sep/2022:13:21:23 +0800] "POST /xingrg/kc/base/wldb_list_operate.html HTTP/1.1" 200 4915
116.230.105.139 - - [19/Sep/2022:13:21:25 +0800] "GET /xingrg/all/function/internal_message.html?_=1663564884787&CODE_STATE=getMsg HTTP/1.1" 200 27
222.70.182.161 - - [19/Sep/2022:13:21:27 +0800] "GET /xingrg/kc/buy/cgsh_order_list.html HTTP/1.1" 200 52997
124.79.74.72 - - [19/Sep/2022:13:21:28 +0800] "GET /xingrg/all/function/internal_message.html?_=1663564887555&CODE_STATE=getMsg HTTP/1.1" 200 27
180.169.147.146 - - [19/Sep/2022:13:21:29 +0800] "GET /xingrg/all/function/internal_message.html?_=1663564888478&CODE_STATE=getMsg HTTP/1.1" 200 27
116.230.114.213 - - [19/Sep/2022:13:21:31 +0800] "POST /xingrg/kc/buy/cgsh_order_operate.html HTTP/1.1" 200 37
222.70.182.161 - - [19/Sep/2022:13:21:31 +0800] "POST /xingrg/kc/buy/cgsh_list_operate.html HTTP/1.1" 200 5469
116.230.114.213 - - [19/Sep/2022:13:21:33 +0800] "POST /xingrg/kc/buy/cgsh_order_operate.html HTTP/1.1" 200 4418
114.83.217.204 - - [19/Sep/2022:13:21:34 +0800] "GET /xingrg/all/function/internal_message.html?_=1663564893685&CODE_STATE=getMsg HTTP/1.1" 200 27
116.230.114.213 - - [19/Sep/2022:13:21:35 +0800] "GET /xingrg/kc/print/load_data.html?order_code=212022091907054&kc_code=cgsh&condition= HTTP/1.1" 200 1381
116.224.255.128 - - [19/Sep/2022:13:21:39 +0800] "GET /xingrg/all/function/internal_message.html?_=1663564899466&CODE_STATE=getMsg HTTP/1.1" 200 27
116.225.121.189 - - [19/Sep/2022:13:21:41 +0800] "GET /xingrg/all/function/internal_message.html?_=1663564902336&CODE_STATE=getMsg HTTP/1.1" 200 27
180.169.147.146 - - [19/Sep/2022:13:21:45 +0800] "GET /xingrg/all/function/internal_message.html?_=1663564904487&CODE_STATE=getMsg HTTP/1.1" 200 27
180.169.147.146 - - [19/Sep/2022:13:21:45 +0800] "GET /xingrg/check_reg.html?_=1663564904753 HTTP/1.1" 200 22
180.169.147.146 - - [19/Sep/2022:13:21:49 +0800] "GET /xingrg/all/function/internal_message.html?_=1663564909530&CODE_STATE=getMsg HTTP/1.1" 200 27
114.83.219.57 - - [19/Sep/2022:13:21:50 +0800] "GET /xingrg/all/function/internal_message.html?_=1663564995332&CODE_STATE=getMsg HTTP/1.1" 200 27
116.230.114.213 - - [19/Sep/2022:13:21:51 +0800] "GET /xingrg/all/function/internal_message.html?_=1663564917653&CODE_STATE=getMsg HTTP/1.1" 200 27
222.70.182.161 - - [19/Sep/2022:13:22:00 +0800] "GET /xingrg/all/function/internal_message.html?_=1663564919892&CODE_STATE=getMsg HTTP/1.1" 200 27
114.84.81.136 - - [19/Sep/2022:13:22:02 +0800] "GET /xingrg/all/function/internal_message.html?_=1663564920030&CODE_STATE=getMsg HTTP/1.1" 200 27
114.88.158.224 - - [19/Sep/2022:13:22:10 +0800] "GET /xingrg/all/function/internal_message.html?_=1663564578160&CODE_STATE=getMsg HTTP/1.1" 200 27
116.225.121.189 - - [19/Sep/2022:13:22:10 +0800] "GET /xingrg/all/function/internal_message.html?_=1663564790226&CODE_STATE=getMsg HTTP/1.1" 200 27
116.235.94.249 - - [19/Sep/2022:13:22:11 +0800] "GET /xingrg/all/function/internal_message.html?_=1663565126649&CODE_STATE=getMsg HTTP/1.1" 200 27
61.170.235.57 - - [19/Sep/2022:13:22:11 +0800] "GET /xingrg/all/function/internal_message.html?_=1663564926306&CODE_STATE=getMsg HTTP/1.1" 200 27
101.85.93.113 - - [19/Sep/2022:13:22:16 +0800] "GET /xingrg/all/function/internal_message.html?_=1663564936466&CODE_STATE=getMsg HTTP/1.1" 200 27
116.230.105.139 - - [19/Sep/2022:13:22:25 +0800] "GET /xingrg/all/function/internal_message.html?_=1663564944770&CODE_STATE=getMsg HTTP/1.1" 200 27
124.79.74.72 - - [19/Sep/2022:13:22:28 +0800] "GET /xingrg/check_reg.html?_=1663564947556 HTTP/1.1" 200 22
124.79.74.72 - - [19/Sep/2022:13:22:28 +0800] "GET /xingrg/all/function/internal_message.html?_=1663564947557&CODE_STATE=getMsg HTTP/1.1" 200 27
180.169.147.146 - - [19/Sep/2022:13:22:29 +0800] "GET /xingrg/all/function/internal_message.html?_=1663564948464&CODE_STATE=getMsg HTTP/1.1" 200 27
114.83.217.204 - - [19/Sep/2022:13:22:34 +0800] "GET /xingrg/all/function/internal_message.html?_=1663564953660&CODE_STATE=getMsg HTTP/1.1" 200 27
114.83.217.204 - - [19/Sep/2022:13:22:36 +0800] "GET /xingrg/check_reg.html?_=1663564955994 HTTP/1.1" 200 22
116.224.255.128 - - [19/Sep/2022:13:22:39 +0800] "GET /xingrg/all/function/internal_message.html?_=1663564959466&CODE_STATE=getMsg HTTP/1.1" 200 27
116.225.121.189 - - [19/Sep/2022:13:22:41 +0800] "GET /xingrg/all/function/internal_message.html?_=1663564962305&CODE_STATE=getMsg HTTP/1.1" 200 27
180.169.147.146 - - [19/Sep/2022:13:22:45 +0800] "GET /xingrg/all/function/internal_message.html?_=1663564964471&CODE_STATE=getMsg HTTP/1.1" 200 27
116.230.114.213 - - [19/Sep/2022:13:22:49 +0800] "GET /xingrg/check_reg.html?_=1663564975067 HTTP/1.1" 200 22
180.169.147.146 - - [19/Sep/2022:13:22:49 +0800] "GET /xingrg/all/function/internal_message.html?_=1663564969519&CODE_STATE=getMsg HTTP/1.1" 200 27
114.83.219.57 - - [19/Sep/2022:13:22:50 +0800] "GET /xingrg/all/function/internal_message.html?_=1663565055329&CODE_STATE=getMsg HTTP/1.1" 200 27
101.85.93.113 - - [19/Sep/2022:13:22:50 +0800] "POST /xingrg/kc/buy/cgsh_order_operate.html HTTP/1.1" 200 37
61.170.235.57 - - [19/Sep/2022:13:22:50 +0800] "POST /xingrg/services/DataTransmitService HTTP/1.1" 200 524
61.170.235.57 - - [19/Sep/2022:13:22:51 +0800] "POST /xingrg/services/DataTransmitService HTTP/1.1" 200 501
116.230.114.213 - - [19/Sep/2022:13:22:51 +0800] "GET /xingrg/all/function/internal_message.html?_=1663564977655&CODE_STATE=getMsg HTTP/1.1" 200 27
101.85.93.113 - - [19/Sep/2022:13:22:53 +0800] "POST /xingrg/kc/buy/cgsh_order_operate.html HTTP/1.1" 200 12
101.85.93.113 - - [19/Sep/2022:13:22:54 +0800] "GET /xingrg/kc/buy/cgsh_order_info.html?code=212022091907049 HTTP/1.1" 200 62799
101.85.93.113 - - [19/Sep/2022:13:22:55 +0800] "GET /xingrg/javascript/easyui/themes/default/validatebox.css HTTP/1.1" 404 1104
101.85.93.113 - - [19/Sep/2022:13:22:56 +0800] "POST /xingrg/kc/buy/cgsh_order_operate.html HTTP/1.1" 200 2402
101.85.93.113 - - [19/Sep/2022:13:22:58 +0800] "GET /xingrg/kc/print/load_config.html?kc_code=cgsh HTTP/1.1" 200 1943
101.85.93.113 - - [19/Sep/2022:13:22:58 +0800] "GET /xingrg/kc/print/load_data.html?order_code=212022091907049&kc_code=cgsh&condition= HTTP/1.1" 200 1450
222.70.182.161 - - [19/Sep/2022:13:23:00 +0800] "GET /xingrg/all/function/internal_message.html?_=1663564979863&CODE_STATE=getMsg HTTP/1.1" 200 27
114.84.81.136 - - [19/Sep/2022:13:23:02 +0800] "GET /xingrg/all/function/internal_message.html?_=1663564980031&CODE_STATE=getMsg HTTP/1.1" 200 27
101.85.93.113 - - [19/Sep/2022:13:23:05 +0800] "POST /xingrg/kc/buy/cgsh_list_operate.html HTTP/1.1" 200 3390
114.88.158.224 - - [19/Sep/2022:13:23:10 +0800] "GET /xingrg/all/function/internal_message.html?_=1663564638131&CODE_STATE=getMsg HTTP/1.1" 200 27
116.225.121.189 - - [19/Sep/2022:13:23:10 +0800] "GET /xingrg/all/function/internal_message.html?_=1663564850216&CODE_STATE=getMsg HTTP/1.1" 200 27
116.235.94.249 - - [19/Sep/2022:13:23:11 +0800] "GET /xingrg/all/function/internal_message.html?_=1663565186649&CODE_STATE=getMsg HTTP/1.1" 200 27
61.170.235.57 - - [19/Sep/2022:13:23:11 +0800] "GET /xingrg/all/function/internal_message.html?_=1663564986274&CODE_STATE=getMsg HTTP/1.1" 200 27
114.88.158.224 - - [19/Sep/2022:13:23:14 +0800] "GET /xingrg/check_reg.html?_=1663564641956 HTTP/1.1" 200 22
101.85.93.113 - - [19/Sep/2022:13:23:16 +0800] "GET /xingrg/kc/base/wldb_order_list.html HTTP/1.1" 200 19186
101.85.93.113 - - [19/Sep/2022:13:23:16 +0800] "POST /xingrg/kc/base/wldb_list_operate.html HTTP/1.1" 200 928
101.85.93.113 - - [19/Sep/2022:13:23:17 +0800] "GET /xingrg/all/function/internal_message.html?_=1663564996546&CODE_STATE=getMsg HTTP/1.1" 200 27
101.85.93.113 - - [19/Sep/2022:13:23:17 +0800] "GET /xingrg/kc/base/wldb_order_add.html HTTP/1.1" 200 30404
101.85.93.113 - - [19/Sep/2022:13:23:18 +0800] "POST /xingrg/kc/base/wldb_order_operate.html HTTP/1.1" 200 6806
101.85.93.113 - - [19/Sep/2022:13:23:18 +0800] "GET /xingrg/all/common/auto_word.html?type=base&rest_code=00142 HTTP/1.1" 200 719
101.85.93.113 - - [19/Sep/2022:13:23:18 +0800] "GET /xingrg/all/common/auto_word.html?type=base&rest_code=00142 HTTP/1.1" 200 719
101.85.93.113 - - [19/Sep/2022:13:23:18 +0800] "GET /xingrg/javascript/easyui/themes/default/validatebox.css HTTP/1.1" 404 1104
116.230.114.213 - - [19/Sep/2022:13:23:24 +0800] "GET /xingrg/kc/buy/cgsh_order_add.html HTTP/1.1" 200 68741
116.230.114.213 - - [19/Sep/2022:13:23:24 +0800] "POST /xingrg/kc/buy/cgsh_order_operate.html HTTP/1.1" 200 8245
116.230.114.213 - - [19/Sep/2022:13:23:24 +0800] "GET /xingrg/javascript/easyui/themes/default/validatebox.css HTTP/1.1" 404 1104
116.230.105.139 - - [19/Sep/2022:13:23:25 +0800] "GET /xingrg/all/function/internal_message.html?_=1663565004749&CODE_STATE=getMsg HTTP/1.1" 200 27
101.85.93.113 - - [19/Sep/2022:13:23:27 +0800] "GET /xingrg/javascript/jquery_tools/images/next.gif HTTP/1.1" 404 1086
101.85.93.113 - - [19/Sep/2022:13:23:27 +0800] "GET /xingrg/javascript/jquery_tools/images/prev.gif HTTP/1.1" 404 1086
116.230.105.139 - - [19/Sep/2022:13:23:27 +0800] "GET /xingrg/check_reg.html?_=1663565006625 HTTP/1.1" 200 22
124.79.74.72 - - [19/Sep/2022:13:23:28 +0800] "GET /xingrg/all/function/internal_message.html?_=1663565007558&CODE_STATE=getMsg HTTP/1.1" 200 27
116.224.255.128 - - [19/Sep/2022:13:23:28 +0800] "GET /xingrg/kc/buy/cgsh_order_add.html HTTP/1.1" 200 68779
116.224.255.128 - - [19/Sep/2022:13:23:28 +0800] "GET /xingrg/words/20220918114309_words.js HTTP/1.1" 304 -
116.224.255.128 - - [19/Sep/2022:13:23:28 +0800] "POST /xingrg/kc/buy/cgsh_order_operate.html HTTP/1.1" 200 8245
116.224.255.128 - - [19/Sep/2022:13:23:28 +0800] "GET /xingrg/javascript/easyui/themes/default/validatebox.css HTTP/1.1" 404 1104
180.169.147.146 - - [19/Sep/2022:13:23:29 +0800] "GET /xingrg/all/function/internal_message.html?_=1663565008477&CODE_STATE=getMsg HTTP/1.1" 200 27
114.83.217.204 - - [19/Sep/2022:13:23:35 +0800] "GET /xingrg/all/function/internal_message.html?_=1663565014211&CODE_STATE=getMsg HTTP/1.1" 200 27
116.224.255.128 - - [19/Sep/2022:13:23:39 +0800] "GET /xingrg/all/function/internal_message.html?_=1663565019478&CODE_STATE=getMsg HTTP/1.1" 200 27
116.225.121.189 - - [19/Sep/2022:13:23:41 +0800] "GET /xingrg/all/function/internal_message.html?_=1663565022273&CODE_STATE=getMsg HTTP/1.1" 200 27
180.169.147.146 - - [19/Sep/2022:13:23:45 +0800] "GET /xingrg/all/function/internal_message.html?_=1663565024454&CODE_STATE=getMsg HTTP/1.1" 200 27
116.230.114.213 - - [19/Sep/2022:13:23:48 +0800] "GET /xingrg/kc/buy/cgsh_order_operate.html?command=get_materiel&rest_code=00146&code=00101011005&supplier_code=00100049&order_time=2022-09-19 HTTP/1.1" 200 430
180.169.147.146 - - [19/Sep/2022:13:23:49 +0800] "GET /xingrg/all/function/internal_message.html?_=1663565029537&CODE_STATE=getMsg HTTP/1.1" 200 27
114.83.219.57 - - [19/Sep/2022:13:23:50 +0800] "GET /xingrg/all/function/internal_message.html?_=1663565115322&CODE_STATE=getMsg HTTP/1.1" 200 27
114.83.219.57 - - [19/Sep/2022:13:23:50 +0800] "GET /xingrg/check_reg.html?_=1663565115323 HTTP/1.1" 200 22
116.230.114.213 - - [19/Sep/2022:13:23:51 +0800] "GET /xingrg/all/function/internal_message.html?_=1663565037667&CODE_STATE=getMsg HTTP/1.1" 200 27
116.224.255.128 - - [19/Sep/2022:13:23:54 +0800] "GET /xingrg/kc/buy/cgsh_order_operate.html?command=get_materiel&rest_code=00150&code=00101005037&supplier_code=00100400&order_time=2022-09-19 HTTP/1.1" 200 409
222.70.182.161 - - [19/Sep/2022:13:24:00 +0800] "GET /xingrg/check_reg.html?_=1663565039583 HTTP/1.1" 200 22
222.70.182.161 - - [19/Sep/2022:13:24:00 +0800] "GET /xingrg/all/function/internal_message.html?_=1663565039837&CODE_STATE=getMsg HTTP/1.1" 200 27
114.84.81.136 - - [19/Sep/2022:13:24:02 +0800] "GET /xingrg/check_reg.html?_=1663565040031 HTTP/1.1" 200 22
114.84.81.136 - - [19/Sep/2022:13:24:02 +0800] "GET /xingrg/all/function/internal_message.html?_=1663565040033&CODE_STATE=getMsg HTTP/1.1" 200 27
101.85.93.113 - - [19/Sep/2022:13:24:04 +0800] "GET /xingrg/kc/base/wldb_order_operate.html?command=get_materiel&rest_code=00142&base_code=0010169&code=00101019134 HTTP/1.1" 200 479
114.88.158.224 - - [19/Sep/2022:13:24:10 +0800] "GET /xingrg/all/function/internal_message.html?_=1663564698110&CODE_STATE=getMsg HTTP/1.1" 200 27
116.225.121.189 - - [19/Sep/2022:13:24:10 +0800] "GET /xingrg/all/function/internal_message.html?_=1663564910186&CODE_STATE=getMsg HTTP/1.1" 200 27
116.235.94.249 - - [19/Sep/2022:13:24:11 +0800] "GET /xingrg/check_reg.html?_=1663565246654 HTTP/1.1" 200 22
116.235.94.249 - - [19/Sep/2022:13:24:11 +0800] "GET /xingrg/all/function/internal_message.html?_=1663565246655&CODE_STATE=getMsg HTTP/1.1" 200 27
