180.169.147.146 - - [19/Sep/2022:11:30:48 +0800] "GET /xingrg/all/function/internal_message.html?_=1663558246879&CODE_STATE=getMsg HTTP/1.1" 200 27
180.169.147.146 - - [19/Sep/2022:11:30:49 +0800] "GET /xingrg/check_reg.html?_=1663558249480 HTTP/1.1" 200 22
180.169.147.146 - - [19/Sep/2022:11:30:49 +0800] "GET /xingrg/all/function/internal_message.html?_=1663558249481&CODE_STATE=getMsg HTTP/1.1" 200 27
114.83.219.57 - - [19/Sep/2022:11:30:50 +0800] "GET /xingrg/all/function/internal_message.html?_=1663558335347&CODE_STATE=getMsg HTTP/1.1" 200 27
120.253.135.82 - - [19/Sep/2022:11:30:57 +0800] "POST /xingrg/kc/buy/cgsh_order_operate.html HTTP/1.1" 200 37
120.253.135.82 - - [19/Sep/2022:11:30:58 +0800] "POST /xingrg/kc/buy/cgsh_order_operate.html HTTP/1.1" 200 3917
116.224.255.128 - - [19/Sep/2022:11:30:59 +0800] "GET /xingrg/all/function/internal_message.html?_=1663558259428&CODE_STATE=getMsg HTTP/1.1" 200 27
124.79.74.72 - - [19/Sep/2022:11:31:00 +0800] "GET /xingrg/kc/base/yddb_order_list.html HTTP/1.1" 200 16792
124.79.74.72 - - [19/Sep/2022:11:31:00 +0800] "POST /xingrg/kc/base/yddb_list_operate.html HTTP/1.1" 200 636
114.84.81.136 - - [19/Sep/2022:11:31:02 +0800] "GET /xingrg/all/function/internal_message.html?_=1663558259775&CODE_STATE=getMsg HTTP/1.1" 200 27
124.79.74.72 - - [19/Sep/2022:11:31:03 +0800] "POST /xingrg/kc/base/yddb_list_operate.html HTTP/1.1" 200 2160
124.79.74.72 - - [19/Sep/2022:11:31:05 +0800] "POST /xingrg/kc/base/yddb_list_operate.html HTTP/1.1" 200 3826
124.79.74.72 - - [19/Sep/2022:11:31:06 +0800] "POST /xingrg/kc/base/yddb_list_operate.html HTTP/1.1" 200 199
124.79.74.72 - - [19/Sep/2022:11:31:08 +0800] "POST /xingrg/kc/base/yddb_list_operate.html HTTP/1.1" 200 203
116.225.121.189 - - [19/Sep/2022:11:31:11 +0800] "GET /xingrg/all/function/internal_message.html?_=1663558130945&CODE_STATE=getMsg HTTP/1.1" 200 27
116.225.121.189 - - [19/Sep/2022:11:31:12 +0800] "GET /xingrg/kc/buy/cgsh_order_operate.html?command=get_materiel&rest_code=00105&code=00101006335&supplier_code=00100558&order_time=2022-09-19 HTTP/1.1" 200 421
114.88.158.224 - - [19/Sep/2022:11:31:13 +0800] "GET /xingrg/all/function/internal_message.html?_=1663557920550&CODE_STATE=getMsg HTTP/1.1" 200 27
61.170.235.57 - - [19/Sep/2022:11:31:13 +0800] "GET /xingrg/all/function/internal_message.html?_=1663558268243&CODE_STATE=getMsg HTTP/1.1" 200 27
116.238.169.132 - - [19/Sep/2022:11:31:15 +0800] "GET /xingrg/all/function/internal_message.html?_=1663558276261&CODE_STATE=getMsg HTTP/1.1" 200 27
101.85.93.113 - - [19/Sep/2022:11:31:16 +0800] "GET /xingrg/check_reg.html?_=1663558276270 HTTP/1.1" 200 22
101.85.93.113 - - [19/Sep/2022:11:31:16 +0800] "GET /xingrg/all/function/internal_message.html?_=1663558276273&CODE_STATE=getMsg HTTP/1.1" 200 27
180.169.147.146 - - [19/Sep/2022:11:31:19 +0800] "GET /xingrg/check_reg.html?_=1663558595121 HTTP/1.1" 200 22
180.169.147.146 - - [19/Sep/2022:11:31:19 +0800] "GET /xingrg/all/function/internal_message.html?_=1663558595118&CODE_STATE=getMsg HTTP/1.1" 200 27
116.225.121.189 - - [19/Sep/2022:11:31:22 +0800] "GET /xingrg/kc/buy/cgsh_order_operate.html?command=get_materiel&rest_code=00105&code=00101006285&supplier_code=00100558&order_time=2022-09-19 HTTP/1.1" 200 410
116.230.105.139 - - [19/Sep/2022:11:31:27 +0800] "GET /xingrg/all/function/internal_message.html?_=1663558286252&CODE_STATE=getMsg HTTP/1.1" 200 27
124.79.74.72 - - [19/Sep/2022:11:31:28 +0800] "GET /xingrg/all/function/internal_message.html?_=1663558287559&CODE_STATE=getMsg HTTP/1.1" 200 27
180.162.112.101 - - [19/Sep/2022:11:31:28 +0800] "GET /xingrg/all/function/internal_message.html?_=1663557410979&CODE_STATE=getMsg HTTP/1.1" 200 27
114.84.81.136 - - [19/Sep/2022:11:31:31 +0800] "GET /xingrg/all/function/internal_message.html?_=1663558290944&CODE_STATE=getMsg HTTP/1.1" 200 27
116.225.121.189 - - [19/Sep/2022:11:31:32 +0800] "GET /xingrg/kc/buy/cgsh_order_operate.html?command=get_materiel&rest_code=00105&code=00102026001&supplier_code=00100558&order_time=2022-09-19 HTTP/1.1" 200 409
114.83.217.204 - - [19/Sep/2022:11:31:36 +0800] "GET /xingrg/all/function/internal_message.html?_=1663558295249&CODE_STATE=getMsg HTTP/1.1" 200 27
222.70.182.161 - - [19/Sep/2022:11:31:41 +0800] "GET /xingrg/all/function/internal_message.html?_=1663558301279&CODE_STATE=getMsg HTTP/1.1" 200 27
116.230.114.213 - - [19/Sep/2022:11:31:45 +0800] "GET /xingrg/all/function/internal_message.html?_=1663558310889&CODE_STATE=getMsg HTTP/1.1" 200 27
116.225.121.189 - - [19/Sep/2022:11:31:46 +0800] "POST /xingrg/kc/buy/cgsh_order_operate.html HTTP/1.1" 200 37
116.225.121.189 - - [19/Sep/2022:11:31:47 +0800] "POST /xingrg/kc/buy/cgsh_order_operate.html HTTP/1.1" 200 5626
180.169.147.146 - - [19/Sep/2022:11:31:48 +0800] "GET /xingrg/all/function/internal_message.html?_=1663558306886&CODE_STATE=getMsg HTTP/1.1" 200 27
120.253.135.82 - - [19/Sep/2022:11:31:48 +0800] "GET /xingrg/kc/print/load_data.html?order_code=212022091906916&kc_code=cgsh&condition= HTTP/1.1" 200 1222
116.225.121.189 - - [19/Sep/2022:11:31:49 +0800] "GET /xingrg/kc/print/load_data.html?order_code=212022091906917&kc_code=cgsh&condition= HTTP/1.1" 200 1805
180.169.147.146 - - [19/Sep/2022:11:31:49 +0800] "GET /xingrg/all/function/internal_message.html?_=1663558309493&CODE_STATE=getMsg HTTP/1.1" 200 27
114.83.219.57 - - [19/Sep/2022:11:31:50 +0800] "GET /xingrg/all/function/internal_message.html?_=1663558395333&CODE_STATE=getMsg HTTP/1.1" 200 27
116.225.121.189 - - [19/Sep/2022:11:31:52 +0800] "GET /xingrg/kc/buy/cgsh_order_add.html HTTP/1.1" 200 68861
116.225.121.189 - - [19/Sep/2022:11:31:52 +0800] "GET /xingrg/javascript/easyui/themes/default/validatebox.css HTTP/1.1" 404 1104
116.225.121.189 - - [19/Sep/2022:11:31:52 +0800] "POST /xingrg/kc/buy/cgsh_order_operate.html HTTP/1.1" 200 8245
116.224.255.128 - - [19/Sep/2022:11:31:59 +0800] "GET /xingrg/all/function/internal_message.html?_=1663558319431&CODE_STATE=getMsg HTTP/1.1" 200 27
114.84.81.136 - - [19/Sep/2022:11:32:02 +0800] "GET /xingrg/all/function/internal_message.html?_=1663558319775&CODE_STATE=getMsg HTTP/1.1" 200 27
120.253.135.82 - - [19/Sep/2022:11:32:07 +0800] "GET /xingrg/check_reg.html?_=1663558126056 HTTP/1.1" 200 22
116.225.121.189 - - [19/Sep/2022:11:32:08 +0800] "GET /xingrg/kc/buy/cgsh_order_operate.html?command=get_materiel&rest_code=00105&code=00101010629&supplier_code=00100570&order_time=2022-09-19 HTTP/1.1" 200 421
116.225.121.189 - - [19/Sep/2022:11:32:11 +0800] "GET /xingrg/all/function/internal_message.html?_=1663558190932&CODE_STATE=getMsg HTTP/1.1" 200 27
114.88.158.224 - - [19/Sep/2022:11:32:13 +0800] "GET /xingrg/all/function/internal_message.html?_=1663557980532&CODE_STATE=getMsg HTTP/1.1" 200 27
61.170.235.57 - - [19/Sep/2022:11:32:13 +0800] "GET /xingrg/all/function/internal_message.html?_=1663558328223&CODE_STATE=getMsg HTTP/1.1" 200 27
116.238.169.132 - - [19/Sep/2022:11:32:15 +0800] "GET /xingrg/all/function/internal_message.html?_=1663558336250&CODE_STATE=getMsg HTTP/1.1" 200 27
101.85.93.113 - - [19/Sep/2022:11:32:16 +0800] "GET /xingrg/all/function/internal_message.html?_=1663558336273&CODE_STATE=getMsg HTTP/1.1" 200 27
180.169.147.146 - - [19/Sep/2022:11:32:19 +0800] "GET /xingrg/all/function/internal_message.html?_=1663558655121&CODE_STATE=getMsg HTTP/1.1" 200 27
116.225.121.189 - - [19/Sep/2022:11:32:23 +0800] "POST /xingrg/kc/buy/cgsh_order_operate.html HTTP/1.1" 200 37
116.230.105.139 - - [19/Sep/2022:11:32:27 +0800] "GET /xingrg/all/function/internal_message.html?_=1663558346232&CODE_STATE=getMsg HTTP/1.1" 200 27
222.70.182.161 - - [19/Sep/2022:11:32:27 +0800] "GET /xingrg/kc/buy/cgsh_order_operate.html?command=get_materiel&rest_code=00111&code=00101001019&supplier_code=00100318&order_time=2022-09-19 HTTP/1.1" 200 418
124.79.74.72 - - [19/Sep/2022:11:32:28 +0800] "GET /xingrg/check_reg.html?_=1663558347560 HTTP/1.1" 200 22
124.79.74.72 - - [19/Sep/2022:11:32:28 +0800] "GET /xingrg/all/function/internal_message.html?_=1663558347561&CODE_STATE=getMsg HTTP/1.1" 200 27
180.162.112.101 - - [19/Sep/2022:11:32:28 +0800] "GET /xingrg/all/function/internal_message.html?_=1663557470978&CODE_STATE=getMsg HTTP/1.1" 200 27
116.225.121.189 - - [19/Sep/2022:11:32:29 +0800] "POST /xingrg/kc/buy/cgsh_order_operate.html HTTP/1.1" 200 2666
116.225.121.189 - - [19/Sep/2022:11:32:30 +0800] "GET /xingrg/kc/print/load_data.html?order_code=212022091906918&kc_code=cgsh&condition= HTTP/1.1" 200 673
114.84.81.136 - - [19/Sep/2022:11:32:31 +0800] "GET /xingrg/all/function/internal_message.html?_=1663558350928&CODE_STATE=getMsg HTTP/1.1" 200 27
116.225.121.189 - - [19/Sep/2022:11:32:33 +0800] "GET /xingrg/kc/buy/cgsh_order_add.html HTTP/1.1" 200 68861
116.225.121.189 - - [19/Sep/2022:11:32:34 +0800] "POST /xingrg/kc/buy/cgsh_order_operate.html HTTP/1.1" 200 8245
116.225.121.189 - - [19/Sep/2022:11:32:34 +0800] "GET /xingrg/javascript/easyui/themes/default/validatebox.css HTTP/1.1" 404 1104
114.83.217.204 - - [19/Sep/2022:11:32:36 +0800] "GET /xingrg/all/function/internal_message.html?_=1663558355232&CODE_STATE=getMsg HTTP/1.1" 200 27
114.83.217.204 - - [19/Sep/2022:11:32:37 +0800] "GET /xingrg/check_reg.html?_=1663558356017 HTTP/1.1" 200 22
222.70.182.161 - - [19/Sep/2022:11:32:41 +0800] "GET /xingrg/all/function/internal_message.html?_=1663558361253&CODE_STATE=getMsg HTTP/1.1" 200 27
116.225.121.189 - - [19/Sep/2022:11:32:43 +0800] "GET /xingrg/kc/buy/cgsh_order_operate.html?command=get_materiel&rest_code=00105&code=00101019881&supplier_code=00100337&order_time=2022-09-19 HTTP/1.1" 200 412
116.225.121.189 - - [19/Sep/2022:11:32:43 +0800] "GET /xingrg/all/function/internal_message.html?_=1663558364619&CODE_STATE=getMsg HTTP/1.1" 200 27
116.230.114.213 - - [19/Sep/2022:11:32:45 +0800] "GET /xingrg/all/function/internal_message.html?_=1663558371037&CODE_STATE=getMsg HTTP/1.1" 200 27
222.70.182.161 - - [19/Sep/2022:11:32:47 +0800] "POST /xingrg/kc/buy/cgsh_order_operate.html HTTP/1.1" 200 37
180.169.147.146 - - [19/Sep/2022:11:32:48 +0800] "GET /xingrg/all/function/internal_message.html?_=1663558366885&CODE_STATE=getMsg HTTP/1.1" 200 27
116.230.114.213 - - [19/Sep/2022:11:32:48 +0800] "GET /xingrg/check_reg.html?_=1663558374121 HTTP/1.1" 200 22
180.169.147.146 - - [19/Sep/2022:11:32:49 +0800] "GET /xingrg/all/function/internal_message.html?_=1663558369486&CODE_STATE=getMsg HTTP/1.1" 200 27
222.70.182.161 - - [19/Sep/2022:11:32:49 +0800] "POST /xingrg/kc/buy/cgsh_order_operate.html HTTP/1.1" 200 2665
114.83.219.57 - - [19/Sep/2022:11:32:50 +0800] "GET /xingrg/all/function/internal_message.html?_=1663558455332&CODE_STATE=getMsg HTTP/1.1" 200 27
222.70.182.161 - - [19/Sep/2022:11:32:51 +0800] "GET /xingrg/kc/print/load_data.html?order_code=212022091906919&kc_code=cgsh&condition= HTTP/1.1" 200 685
116.224.255.128 - - [19/Sep/2022:11:32:59 +0800] "GET /xingrg/all/function/internal_message.html?_=1663558379432&CODE_STATE=getMsg HTTP/1.1" 200 27
114.84.81.136 - - [19/Sep/2022:11:33:02 +0800] "GET /xingrg/all/function/internal_message.html?_=1663558379801&CODE_STATE=getMsg HTTP/1.1" 200 27
116.225.121.189 - - [19/Sep/2022:11:33:11 +0800] "GET /xingrg/all/function/internal_message.html?_=1663558250919&CODE_STATE=getMsg HTTP/1.1" 200 27
116.238.169.132 - - [19/Sep/2022:11:33:11 +0800] "GET /xingrg/check_reg.html?_=1663558392094 HTTP/1.1" 200 22
180.162.112.101 - - [19/Sep/2022:11:33:11 +0800] "GET /xingrg/kc/base/base_main.html HTTP/1.1" 200 12142
114.88.158.224 - - [19/Sep/2022:11:33:13 +0800] "GET /xingrg/all/function/internal_message.html?_=1663558040535&CODE_STATE=getMsg HTTP/1.1" 200 27
61.170.235.57 - - [19/Sep/2022:11:33:13 +0800] "GET /xingrg/all/function/internal_message.html?_=1663558388205&CODE_STATE=getMsg HTTP/1.1" 200 27
114.88.158.224 - - [19/Sep/2022:11:33:14 +0800] "GET /xingrg/check_reg.html?_=1663558041738 HTTP/1.1" 200 22
180.162.112.101 - - [19/Sep/2022:11:33:15 +0800] "GET /xingrg/kc/base/yddb_order_list.html HTTP/1.1" 200 16792
116.238.169.132 - - [19/Sep/2022:11:33:15 +0800] "GET /xingrg/all/function/internal_message.html?_=1663558396222&CODE_STATE=getMsg HTTP/1.1" 200 27
180.162.112.101 - - [19/Sep/2022:11:33:15 +0800] "POST /xingrg/kc/base/yddb_list_operate.html HTTP/1.1" 200 636
101.85.93.113 - - [19/Sep/2022:11:33:16 +0800] "GET /xingrg/all/function/internal_message.html?_=1663558396274&CODE_STATE=getMsg HTTP/1.1" 200 27
180.169.147.146 - - [19/Sep/2022:11:33:19 +0800] "GET /xingrg/all/function/internal_message.html?_=1663558715122&CODE_STATE=getMsg HTTP/1.1" 200 27
116.225.121.189 - - [19/Sep/2022:11:33:20 +0800] "POST /xingrg/kc/buy/cgsh_order_operate.html HTTP/1.1" 200 37
116.225.121.189 - - [19/Sep/2022:11:33:21 +0800] "POST /xingrg/kc/buy/cgsh_order_operate.html HTTP/1.1" 200 2658
180.162.112.101 - - [19/Sep/2022:11:33:22 +0800] "POST /xingrg/kc/base/yddb_list_operate.html HTTP/1.1" 200 3913
116.225.121.189 - - [19/Sep/2022:11:33:23 +0800] "GET /xingrg/kc/print/load_data.html?order_code=212022091906920&kc_code=cgsh&condition= HTTP/1.1" 200 674
180.162.112.101 - - [19/Sep/2022:11:33:25 +0800] "POST /xingrg/kc/base/yddb_list_operate.html HTTP/1.1" 200 1541
116.225.121.189 - - [19/Sep/2022:11:33:26 +0800] "GET /xingrg/kc/buy/cgsh_order_add.html HTTP/1.1" 200 68861
116.225.121.189 - - [19/Sep/2022:11:33:26 +0800] "POST /xingrg/kc/buy/cgsh_order_operate.html HTTP/1.1" 200 8245
116.225.121.189 - - [19/Sep/2022:11:33:26 +0800] "GET /xingrg/javascript/easyui/themes/default/validatebox.css HTTP/1.1" 404 1104
61.170.235.57 - - [19/Sep/2022:11:33:26 +0800] "GET /xingrg/kc/buy/buy_main.html HTTP/1.1" 200 12412
61.170.235.57 - - [19/Sep/2022:11:33:26 +0800] "GET /xingrg/css/new_ie.css HTTP/1.1" 404 1036
61.170.235.57 - - [19/Sep/2022:11:33:27 +0800] "GET /xingrg/images/yd/bt.gif HTTP/1.1" 404 1040
116.230.105.139 - - [19/Sep/2022:11:33:27 +0800] "GET /xingrg/all/function/internal_message.html?_=1663558406211&CODE_STATE=getMsg HTTP/1.1" 200 27
61.170.235.57 - - [19/Sep/2022:11:33:27 +0800] "GET /xingrg/kc/buy/cgsh_order_list.html HTTP/1.1" 200 52997
116.230.105.139 - - [19/Sep/2022:11:33:27 +0800] "GET /xingrg/check_reg.html?_=1663558406956 HTTP/1.1" 200 22
124.79.74.72 - - [19/Sep/2022:11:33:28 +0800] "GET /xingrg/all/function/internal_message.html?_=1663558407546&CODE_STATE=getMsg HTTP/1.1" 200 27
180.162.112.101 - - [19/Sep/2022:11:33:28 +0800] "GET /xingrg/check_reg.html?_=1663557530982 HTTP/1.1" 200 22
180.162.112.101 - - [19/Sep/2022:11:33:28 +0800] "GET /xingrg/all/function/internal_message.html?_=1663557530984&CODE_STATE=getMsg HTTP/1.1" 200 27
61.170.235.57 - - [19/Sep/2022:11:33:28 +0800] "POST /xingrg/kc/buy/cgsh_list_operate.html HTTP/1.1" 200 927
61.170.235.57 - - [19/Sep/2022:11:33:29 +0800] "GET /xingrg/kc/buy/cgsh_order_add.html HTTP/1.1" 200 68779
180.162.112.101 - - [19/Sep/2022:11:33:29 +0800] "POST /xingrg/kc/base/yddb_list_operate.html HTTP/1.1" 200 3913
61.170.235.57 - - [19/Sep/2022:11:33:29 +0800] "GET /xingrg/javascript/easyui/themes/default/validatebox.css HTTP/1.1" 404 1104
61.170.235.57 - - [19/Sep/2022:11:33:29 +0800] "POST /xingrg/kc/buy/cgsh_order_operate.html HTTP/1.1" 200 8245
114.84.81.136 - - [19/Sep/2022:11:33:31 +0800] "GET /xingrg/all/function/internal_message.html?_=1663558410898&CODE_STATE=getMsg HTTP/1.1" 200 27
222.70.182.161 - - [19/Sep/2022:11:33:31 +0800] "GET /xingrg/kc/buy/cgsh_order_add.html HTTP/1.1" 200 68735
222.70.182.161 - - [19/Sep/2022:11:33:31 +0800] "POST /xingrg/kc/buy/cgsh_order_operate.html HTTP/1.1" 200 8245
222.70.182.161 - - [19/Sep/2022:11:33:31 +0800] "GET /xingrg/javascript/easyui/themes/default/validatebox.css HTTP/1.1" 404 1104
61.170.235.57 - - [19/Sep/2022:11:33:32 +0800] "GET /xingrg/javascript/easyui/themes/default/tree.css HTTP/1.1" 404 1090
61.170.235.57 - - [19/Sep/2022:11:33:32 +0800] "POST /xingrg/all/common/load_tree.html?tree=supplier_tree_json&isDelete=1 HTTP/1.1" 200 68670
180.162.112.101 - - [19/Sep/2022:11:33:32 +0800] "POST /xingrg/kc/base/yddb_list_operate.html HTTP/1.1" 200 364
180.162.112.101 - - [19/Sep/2022:11:33:35 +0800] "GET /xingrg/dwr/interface/AjaxComOrderService.js HTTP/1.1" 200 18264
180.162.112.101 - - [19/Sep/2022:11:33:35 +0800] "GET /xingrg/kc/base/yddb_order_info.html?code=482022090400059 HTTP/1.1" 200 29906
180.162.112.101 - - [19/Sep/2022:11:33:35 +0800] "GET /xingrg/dwr/interface/AjaxYddbService.js HTTP/1.1" 200 13201
180.162.112.101 - - [19/Sep/2022:11:33:35 +0800] "GET /xingrg/dwr/engine.js HTTP/1.1" 200 43631
116.225.121.189 - - [19/Sep/2022:11:33:35 +0800] "GET /xingrg/kc/buy/cgsh_order_operate.html?command=get_materiel&rest_code=00105&code=00101003037&supplier_code=00100088&order_time=2022-09-19 HTTP/1.1" 200 437
180.162.112.101 - - [19/Sep/2022:11:33:35 +0800] "POST /xingrg/dwr/call/plaincall/AjaxYddbService.loadMaterielItems.dwr HTTP/1.1" 200 1041
114.83.217.204 - - [19/Sep/2022:11:33:36 +0800] "GET /xingrg/all/function/internal_message.html?_=1663558415227&CODE_STATE=getMsg HTTP/1.1" 200 27
222.70.182.161 - - [19/Sep/2022:11:33:41 +0800] "GET /xingrg/all/function/internal_message.html?_=1663558421237&CODE_STATE=getMsg HTTP/1.1" 200 27
116.230.114.213 - - [19/Sep/2022:11:33:45 +0800] "GET /xingrg/all/function/internal_message.html?_=1663558431042&CODE_STATE=getMsg HTTP/1.1" 200 27
116.225.121.189 - - [19/Sep/2022:11:33:45 +0800] "POST /xingrg/kc/buy/cgsh_order_operate.html HTTP/1.1" 200 37
61.170.235.57 - - [19/Sep/2022:11:33:47 +0800] "GET /xingrg/javascript/auto/indicator.gif HTTP/1.1" 404 1066
180.169.147.146 - - [19/Sep/2022:11:33:48 +0800] "GET /xingrg/all/function/internal_message.html?_=1663558426873&CODE_STATE=getMsg HTTP/1.1" 200 27
120.253.135.82 - - [19/Sep/2022:11:33:48 +0800] "POST /xingrg/kc/buy/cgsh_order_operate.html HTTP/1.1" 200 37
180.169.147.146 - - [19/Sep/2022:11:33:49 +0800] "GET /xingrg/all/function/internal_message.html?_=1663558429491&CODE_STATE=getMsg HTTP/1.1" 200 27
114.83.219.57 - - [19/Sep/2022:11:33:50 +0800] "GET /xingrg/all/function/internal_message.html?_=1663558515328&CODE_STATE=getMsg HTTP/1.1" 200 27
114.83.219.57 - - [19/Sep/2022:11:33:50 +0800] "GET /xingrg/check_reg.html?_=1663558515330 HTTP/1.1" 200 22
116.225.121.189 - - [19/Sep/2022:11:33:52 +0800] "POST /xingrg/kc/buy/cgsh_order_operate.html HTTP/1.1" 200 2666
61.170.235.57 - - [19/Sep/2022:11:33:52 +0800] "GET /xingrg/kc/buy/cgsh_order_operate.html?command=get_materiel&rest_code=00106&code=00101001125&supplier_code=00100090&order_time=2022-09-19 HTTP/1.1" 200 417
116.225.121.189 - - [19/Sep/2022:11:33:53 +0800] "GET /xingrg/kc/print/load_data.html?order_code=212022091906921&kc_code=cgsh&condition= HTTP/1.1" 200 752
120.253.135.82 - - [19/Sep/2022:11:33:54 +0800] "POST /xingrg/kc/buy/cgsh_order_operate.html HTTP/1.1" 200 12
120.253.135.82 - - [19/Sep/2022:11:33:55 +0800] "GET /xingrg/kc/buy/cgsh_order_info.html?code=212022091906916 HTTP/1.1" 200 62746
120.253.135.82 - - [19/Sep/2022:11:33:56 +0800] "GET /xingrg/javascript/easyui/themes/default/validatebox.css HTTP/1.1" 404 1104
116.225.121.189 - - [19/Sep/2022:11:33:56 +0800] "GET /xingrg/kc/buy/cgsh_order_add.html HTTP/1.1" 200 68861
116.225.121.189 - - [19/Sep/2022:11:33:56 +0800] "POST /xingrg/kc/buy/cgsh_order_operate.html HTTP/1.1" 200 8245
116.225.121.189 - - [19/Sep/2022:11:33:56 +0800] "GET /xingrg/javascript/easyui/themes/default/validatebox.css HTTP/1.1" 404 1104
120.253.135.82 - - [19/Sep/2022:11:33:56 +0800] "POST /xingrg/kc/buy/cgsh_order_operate.html HTTP/1.1" 200 1867
222.70.182.161 - - [19/Sep/2022:11:33:57 +0800] "GET /xingrg/kc/buy/cgsh_order_operate.html?command=get_materiel&rest_code=00111&code=00101020133&supplier_code=00100485&order_time=2022-09-19 HTTP/1.1" 200 417
116.224.255.128 - - [19/Sep/2022:11:33:59 +0800] "GET /xingrg/all/function/internal_message.html?_=1663558439432&CODE_STATE=getMsg HTTP/1.1" 200 27
116.224.255.128 - - [19/Sep/2022:11:33:59 +0800] "GET /xingrg/check_reg.html?_=1663558439436 HTTP/1.1" 200 22
114.84.81.136 - - [19/Sep/2022:11:34:02 +0800] "GET /xingrg/check_reg.html?_=1663558439800 HTTP/1.1" 200 22
114.84.81.136 - - [19/Sep/2022:11:34:02 +0800] "GET /xingrg/all/function/internal_message.html?_=1663558439802&CODE_STATE=getMsg HTTP/1.1" 200 27
120.253.135.82 - - [19/Sep/2022:11:34:07 +0800] "GET /xingrg/kc/pszx/mdqp_order_list.html?state=10 HTTP/1.1" 200 13084
120.253.135.82 - - [19/Sep/2022:11:34:07 +0800] "GET /xingrg/dwr/engine.js HTTP/1.1" 200 43631
120.253.135.82 - - [19/Sep/2022:11:34:07 +0800] "GET /xingrg/dwr/interface/AjaxReportQueryService.js HTTP/1.1" 200 13203
120.253.135.82 - - [19/Sep/2022:11:34:07 +0800] "GET /xingrg/dwr/interface/AjaxQqpsService.js HTTP/1.1" 200 16326
116.225.121.189 - - [19/Sep/2022:11:34:09 +0800] "GET /xingrg/kc/buy/cgsh_order_operate.html?command=get_materiel&rest_code=00105&code=00101006001&supplier_code=00100504&order_time=2022-09-19 HTTP/1.1" 200 449
120.253.135.82 - - [19/Sep/2022:11:34:09 +0800] "GET /xingrg/kc/pszx/mdqp_order_info.html?code=302022091900364 HTTP/1.1" 200 13350
120.253.135.82 - - [19/Sep/2022:11:34:09 +0800] "GET /xingrg/javascript/tools/jquery.qtip-1.0.0-rc3.min.js HTTP/1.1" 304 -
120.253.135.82 - - [19/Sep/2022:11:34:09 +0800] "GET /xingrg/dwr/interface/AjaxComOrderService.js HTTP/1.1" 200 18264
120.253.135.82 - - [19/Sep/2022:11:34:09 +0800] "GET /xingrg/dwr/interface/AjaxQqpsService.js HTTP/1.1" 200 16326
120.253.135.82 - - [19/Sep/2022:11:34:09 +0800] "GET /xingrg/javascript/checkform.js HTTP/1.1" 304 -
120.253.135.82 - - [19/Sep/2022:11:34:10 +0800] "GET /xingrg/javascript/ToolTips.js HTTP/1.1" 304 -
120.253.135.82 - - [19/Sep/2022:11:34:10 +0800] "GET /xingrg/dwr/engine.js HTTP/1.1" 200 43631
120.253.135.82 - - [19/Sep/2022:11:34:10 +0800] "GET /xingrg/javascript/Grid.js HTTP/1.1" 304 -
120.253.135.82 - - [19/Sep/2022:11:34:10 +0800] "GET /xingrg/javascript/AjaxInfoList.js HTTP/1.1" 304 -
120.253.135.82 - - [19/Sep/2022:11:34:10 +0800] "GET /xingrg/javascript/jquery_easy_ui/themes/icons/print.png HTTP/1.1" 304 -
120.253.135.82 - - [19/Sep/2022:11:34:10 +0800] "GET /xingrg/javascript/jquery_easy_ui/themes/default/images/menu_downarrow.png HTTP/1.1" 304 -
120.253.135.82 - - [19/Sep/2022:11:34:10 +0800] "GET /xingrg/images/blue/button/kc_tab_save.gif HTTP/1.1" 304 -
120.253.135.82 - - [19/Sep/2022:11:34:10 +0800] "GET /xingrg/images/blue/button/kc_tab_edit.gif HTTP/1.1" 304 -
120.253.135.82 - - [19/Sep/2022:11:34:10 +0800] "GET /xingrg/images/blue/kc_tab2_right.gif HTTP/1.1" 304 -
120.253.135.82 - - [19/Sep/2022:11:34:10 +0800] "GET /xingrg/images/blue/kc_tab_right.gif HTTP/1.1" 304 -
120.253.135.82 - - [19/Sep/2022:11:34:10 +0800] "GET /xingrg/images/blue/kc_tab_left.gif HTTP/1.1" 304 -
120.253.135.82 - - [19/Sep/2022:11:34:10 +0800] "GET /xingrg/images/blue/kc_tab_mid.gif HTTP/1.1" 304 -
120.253.135.82 - - [19/Sep/2022:11:34:10 +0800] "GET /xingrg/images/blue/kc_tab2_left.gif HTTP/1.1" 304 -
120.253.135.82 - - [19/Sep/2022:11:34:10 +0800] "GET /xingrg/images/blue/wait.gif HTTP/1.1" 304 -
120.253.135.82 - - [19/Sep/2022:11:34:10 +0800] "POST /xingrg/dwr/call/plaincall/AjaxQqpsService.loadMaterielItems.dwr HTTP/1.1" 200 678
116.225.121.189 - - [19/Sep/2022:11:34:11 +0800] "GET /xingrg/all/function/internal_message.html?_=1663558310907&CODE_STATE=getMsg HTTP/1.1" 200 27
114.88.158.224 - - [19/Sep/2022:11:34:13 +0800] "GET /xingrg/all/function/internal_message.html?_=1663558100512&CODE_STATE=getMsg HTTP/1.1" 200 27
61.170.235.57 - - [19/Sep/2022:11:34:13 +0800] "GET /xingrg/all/function/internal_message.html?_=1663558448177&CODE_STATE=getMsg HTTP/1.1" 200 27
116.238.169.132 - - [19/Sep/2022:11:34:15 +0800] "GET /xingrg/all/function/internal_message.html?_=1663558456218&CODE_STATE=getMsg HTTP/1.1" 200 27
101.85.93.113 - - [19/Sep/2022:11:34:16 +0800] "GET /xingrg/all/function/internal_message.html?_=1663558456277&CODE_STATE=getMsg HTTP/1.1" 200 27
61.170.235.57 - - [19/Sep/2022:11:34:17 +0800] "GET /xingrg/check_reg.html?_=1663558451651 HTTP/1.1" 200 22
61.170.235.57 - - [19/Sep/2022:11:34:17 +0800] "GET /xingrg/kc/buy/cgsh_order_operate.html?command=get_materiel&rest_code=00106&code=00101001093&supplier_code=00100090&order_time=2022-09-19 HTTP/1.1" 200 431
180.169.147.146 - - [19/Sep/2022:11:34:19 +0800] "GET /xingrg/all/function/internal_message.html?_=1663558775122&CODE_STATE=getMsg HTTP/1.1" 200 27
222.70.182.161 - - [19/Sep/2022:11:34:21 +0800] "POST /xingrg/kc/buy/cgsh_order_operate.html HTTP/1.1" 200 64
116.225.121.189 - - [19/Sep/2022:11:34:22 +0800] "POST /xingrg/kc/buy/cgsh_order_operate.html HTTP/1.1" 200 37
120.253.135.82 - - [19/Sep/2022:11:34:23 +0800] "GET /xingrg/images/yd/bt.gif HTTP/1.1" 404 1040
120.253.135.82 - - [19/Sep/2022:11:34:23 +0800] "GET /xingrg/images/yd/bt2.gif HTTP/1.1" 404 1042
120.253.135.82 - - [19/Sep/2022:11:34:25 +0800] "GET /xingrg/javascript/jquery_easy_ui/themes/default/images/button_plain_hover.png HTTP/1.1" 304 -
120.253.135.82 - - [19/Sep/2022:11:34:26 +0800] "GET /xingrg/kc/pszx/mdqp_order_list.html?isBack=1 HTTP/1.1" 302 -
120.253.135.82 - - [19/Sep/2022:11:34:26 +0800] "GET /xingrg/kc/pszx/mdqp_order_list.html?state=10 HTTP/1.1" 200 13084
120.253.135.82 - - [19/Sep/2022:11:34:26 +0800] "GET /xingrg/dwr/interface/AjaxReportQueryService.js HTTP/1.1" 200 13203
120.253.135.82 - - [19/Sep/2022:11:34:26 +0800] "GET /xingrg/dwr/interface/AjaxQqpsService.js HTTP/1.1" 200 16326
120.253.135.82 - - [19/Sep/2022:11:34:26 +0800] "GET /xingrg/dwr/engine.js HTTP/1.1" 200 43631
180.162.112.101 - - [19/Sep/2022:11:34:27 +0800] "POST /xingrg/kc/base/yddb_list_operate.html HTTP/1.1" 200 204
116.230.105.139 - - [19/Sep/2022:11:34:27 +0800] "GET /xingrg/all/function/internal_message.html?_=1663558466207&CODE_STATE=getMsg HTTP/1.1" 200 27
222.70.182.161 - - [19/Sep/2022:11:34:27 +0800] "POST /xingrg/kc/buy/cgsh_order_operate.html HTTP/1.1" 200 37
116.225.121.189 - - [19/Sep/2022:11:34:27 +0800] "POST /xingrg/kc/buy/cgsh_order_operate.html HTTP/1.1" 200 2674
124.79.74.72 - - [19/Sep/2022:11:34:28 +0800] "GET /xingrg/all/function/internal_message.html?_=1663558467548&CODE_STATE=getMsg HTTP/1.1" 200 27
116.225.121.189 - - [19/Sep/2022:11:34:28 +0800] "GET /xingrg/kc/print/load_data.html?order_code=212022091906923&kc_code=cgsh&condition= HTTP/1.1" 200 692
180.162.112.101 - - [19/Sep/2022:11:34:28 +0800] "GET /xingrg/all/function/internal_message.html?_=1663557590999&CODE_STATE=getMsg HTTP/1.1" 200 27
222.70.182.161 - - [19/Sep/2022:11:34:29 +0800] "POST /xingrg/kc/buy/cgsh_order_operate.html HTTP/1.1" 200 2660
114.84.81.136 - - [19/Sep/2022:11:34:29 +0800] "GET /xingrg/check_reg.html?_=1663558469620 HTTP/1.1" 200 22
114.84.81.136 - - [19/Sep/2022:11:34:31 +0800] "GET /xingrg/all/function/internal_message.html?_=1663558470870&CODE_STATE=getMsg HTTP/1.1" 200 27
222.70.182.161 - - [19/Sep/2022:11:34:31 +0800] "GET /xingrg/kc/print/load_data.html?order_code=212022091906924&kc_code=cgsh&condition= HTTP/1.1" 200 660
116.225.121.189 - - [19/Sep/2022:11:34:31 +0800] "GET /xingrg/kc/buy/cgsh_order_add.html HTTP/1.1" 200 68861
116.225.121.189 - - [19/Sep/2022:11:34:31 +0800] "POST /xingrg/kc/buy/cgsh_order_operate.html HTTP/1.1" 200 8245
120.253.135.82 - - [19/Sep/2022:11:34:34 +0800] "GET /xingrg/kc/pszx/mdqp_order_info.html?code=302022091900363 HTTP/1.1" 200 13350
120.253.135.82 - - [19/Sep/2022:11:34:34 +0800] "GET /xingrg/dwr/interface/AjaxComOrderService.js HTTP/1.1" 200 18264
120.253.135.82 - - [19/Sep/2022:11:34:34 +0800] "GET /xingrg/dwr/interface/AjaxQqpsService.js HTTP/1.1" 200 16326
120.253.135.82 - - [19/Sep/2022:11:34:34 +0800] "GET /xingrg/dwr/engine.js HTTP/1.1" 200 43631
61.170.235.57 - - [19/Sep/2022:11:34:35 +0800] "POST /xingrg/kc/buy/cgsh_order_operate.html HTTP/1.1" 200 37
116.225.121.189 - - [19/Sep/2022:11:34:35 +0800] "GET /xingrg/javascript/easyui/themes/default/validatebox.css HTTP/1.1" 404 1104
120.253.135.82 - - [19/Sep/2022:11:34:35 +0800] "POST /xingrg/dwr/call/plaincall/AjaxQqpsService.loadMaterielItems.dwr HTTP/1.1" 200 329
114.83.217.204 - - [19/Sep/2022:11:34:36 +0800] "GET /xingrg/all/function/internal_message.html?_=1663558475212&CODE_STATE=getMsg HTTP/1.1" 200 27
120.253.135.82 - - [19/Sep/2022:11:34:37 +0800] "GET /xingrg/kc/pszx/mdqp_order_list.html?isBack=1 HTTP/1.1" 302 -
120.253.135.82 - - [19/Sep/2022:11:34:37 +0800] "GET /xingrg/kc/pszx/mdqp_order_list.html?state=10 HTTP/1.1" 200 13084
120.253.135.82 - - [19/Sep/2022:11:34:37 +0800] "GET /xingrg/dwr/interface/AjaxReportQueryService.js HTTP/1.1" 200 13203
120.253.135.82 - - [19/Sep/2022:11:34:37 +0800] "GET /xingrg/dwr/engine.js HTTP/1.1" 200 43631
120.253.135.82 - - [19/Sep/2022:11:34:37 +0800] "GET /xingrg/dwr/interface/AjaxQqpsService.js HTTP/1.1" 200 16326
61.170.235.57 - - [19/Sep/2022:11:34:38 +0800] "POST /xingrg/kc/buy/cgsh_order_operate.html HTTP/1.1" 200 12
61.170.235.57 - - [19/Sep/2022:11:34:38 +0800] "GET /xingrg/kc/buy/cgsh_order_info.html?code=212022091906925 HTTP/1.1" 200 63688
61.170.235.57 - - [19/Sep/2022:11:34:39 +0800] "GET /xingrg/javascript/easyui/themes/default/validatebox.css HTTP/1.1" 404 1104
61.170.235.57 - - [19/Sep/2022:11:34:40 +0800] "POST /xingrg/kc/buy/cgsh_order_operate.html HTTP/1.1" 200 1209
222.70.182.161 - - [19/Sep/2022:11:34:41 +0800] "GET /xingrg/all/function/internal_message.html?_=1663558481218&CODE_STATE=getMsg HTTP/1.1" 200 27
61.170.235.57 - - [19/Sep/2022:11:34:42 +0800] "GET /xingrg/kc/print/load_data.html?order_code=212022091906925&kc_code=cgsh&condition= HTTP/1.1" 200 1011
120.253.135.82 - - [19/Sep/2022:11:34:42 +0800] "GET /xingrg/kc/pszx/mdqp_order_info.html?code=302022091900362 HTTP/1.1" 200 13350
116.225.121.189 - - [19/Sep/2022:11:34:43 +0800] "GET /xingrg/kc/buy/cgsh_order_operate.html?command=get_materiel&rest_code=00105&code=00101004030&supplier_code=00100312&order_time=2022-09-19 HTTP/1.1" 200 428
120.253.135.82 - - [19/Sep/2022:11:34:43 +0800] "GET /xingrg/dwr/interface/AjaxComOrderService.js HTTP/1.1" 200 18264
120.253.135.82 - - [19/Sep/2022:11:34:43 +0800] "GET /xingrg/dwr/interface/AjaxQqpsService.js HTTP/1.1" 200 16326
120.253.135.82 - - [19/Sep/2022:11:34:43 +0800] "GET /xingrg/dwr/engine.js HTTP/1.1" 200 43631
120.253.135.82 - - [19/Sep/2022:11:34:43 +0800] "POST /xingrg/dwr/call/plaincall/AjaxQqpsService.loadMaterielItems.dwr HTTP/1.1" 200 391
116.225.121.189 - - [19/Sep/2022:11:34:43 +0800] "GET /xingrg/all/function/internal_message.html?_=1663558484634&CODE_STATE=getMsg HTTP/1.1" 200 27
116.230.114.213 - - [19/Sep/2022:11:34:45 +0800] "GET /xingrg/all/function/internal_message.html?_=1663558491054&CODE_STATE=getMsg HTTP/1.1" 200 27
120.253.135.82 - - [19/Sep/2022:11:34:46 +0800] "GET /xingrg/kc/pszx/mdqp_order_list.html?isBack=1 HTTP/1.1" 302 -
120.253.135.82 - - [19/Sep/2022:11:34:46 +0800] "GET /xingrg/kc/pszx/mdqp_order_list.html?state=10 HTTP/1.1" 200 13084
120.253.135.82 - - [19/Sep/2022:11:34:46 +0800] "GET /xingrg/dwr/interface/AjaxReportQueryService.js HTTP/1.1" 200 13203
120.253.135.82 - - [19/Sep/2022:11:34:46 +0800] "GET /xingrg/dwr/interface/AjaxQqpsService.js HTTP/1.1" 200 16326
120.253.135.82 - - [19/Sep/2022:11:34:46 +0800] "GET /xingrg/dwr/engine.js HTTP/1.1" 200 43631
180.169.147.146 - - [19/Sep/2022:11:34:48 +0800] "GET /xingrg/all/function/internal_message.html?_=1663558486879&CODE_STATE=getMsg HTTP/1.1" 200 27
180.169.147.146 - - [19/Sep/2022:11:34:49 +0800] "GET /xingrg/all/function/internal_message.html?_=1663558489496&CODE_STATE=getMsg HTTP/1.1" 200 27
114.83.219.57 - - [19/Sep/2022:11:34:50 +0800] "GET /xingrg/all/function/internal_message.html?_=1663558575322&CODE_STATE=getMsg HTTP/1.1" 200 27
120.253.135.82 - - [19/Sep/2022:11:34:50 +0800] "GET /xingrg/kc/pszx/mdqp_order_info.html?code=302022091900363 HTTP/1.1" 200 13350
120.253.135.82 - - [19/Sep/2022:11:34:50 +0800] "GET /xingrg/dwr/interface/AjaxComOrderService.js HTTP/1.1" 200 18264
120.253.135.82 - - [19/Sep/2022:11:34:50 +0800] "GET /xingrg/dwr/engine.js HTTP/1.1" 200 43631
120.253.135.82 - - [19/Sep/2022:11:34:51 +0800] "GET /xingrg/dwr/interface/AjaxQqpsService.js HTTP/1.1" 200 16326
120.253.135.82 - - [19/Sep/2022:11:34:51 +0800] "POST /xingrg/dwr/call/plaincall/AjaxQqpsService.loadMaterielItems.dwr HTTP/1.1" 200 329
61.170.235.57 - - [19/Sep/2022:11:34:53 +0800] "GET /xingrg/kc/buy/cgsh_order_add.html HTTP/1.1" 200 68779
61.170.235.57 - - [19/Sep/2022:11:34:54 +0800] "POST /xingrg/kc/buy/cgsh_order_operate.html HTTP/1.1" 200 8245
61.170.235.57 - - [19/Sep/2022:11:34:54 +0800] "GET /xingrg/javascript/easyui/themes/default/validatebox.css HTTP/1.1" 404 1104
61.170.235.57 - - [19/Sep/2022:11:34:57 +0800] "GET /xingrg/javascript/easyui/themes/default/tree.css HTTP/1.1" 404 1090
61.170.235.57 - - [19/Sep/2022:11:34:57 +0800] "POST /xingrg/all/common/load_tree.html?tree=supplier_tree_json&isDelete=1 HTTP/1.1" 200 68670
120.253.135.82 - - [19/Sep/2022:11:34:58 +0800] "GET /xingrg/images/yd/bt.gif HTTP/1.1" 404 1040
120.253.135.82 - - [19/Sep/2022:11:34:58 +0800] "GET /xingrg/images/yd/bt2.gif HTTP/1.1" 404 1042
120.253.135.82 - - [19/Sep/2022:11:34:59 +0800] "GET /xingrg/kc/pszx/mdqp_order_list.html?isBack=1 HTTP/1.1" 302 -
120.253.135.82 - - [19/Sep/2022:11:34:59 +0800] "GET /xingrg/kc/pszx/mdqp_order_list.html?state=10 HTTP/1.1" 200 13084
120.253.135.82 - - [19/Sep/2022:11:34:59 +0800] "GET /xingrg/dwr/interface/AjaxQqpsService.js HTTP/1.1" 200 16326
120.253.135.82 - - [19/Sep/2022:11:34:59 +0800] "GET /xingrg/dwr/interface/AjaxReportQueryService.js HTTP/1.1" 200 13203
120.253.135.82 - - [19/Sep/2022:11:34:59 +0800] "GET /xingrg/dwr/engine.js HTTP/1.1" 200 43631
116.224.255.128 - - [19/Sep/2022:11:34:59 +0800] "GET /xingrg/all/function/internal_message.html?_=1663558499421&CODE_STATE=getMsg HTTP/1.1" 200 27
114.84.81.136 - - [19/Sep/2022:11:35:02 +0800] "GET /xingrg/all/function/internal_message.html?_=1663558499801&CODE_STATE=getMsg HTTP/1.1" 200 27
120.253.135.82 - - [19/Sep/2022:11:35:07 +0800] "GET /xingrg/kc/pszx/jzcl_ps.html HTTP/1.1" 200 7683
120.253.135.82 - - [19/Sep/2022:11:35:07 +0800] "GET /xingrg/javascript/step/step.css HTTP/1.1" 304 -
120.253.135.82 - - [19/Sep/2022:11:35:07 +0800] "GET /xingrg/css/table.css HTTP/1.1" 304 -
120.253.135.82 - - [19/Sep/2022:11:35:07 +0800] "GET /xingrg/javascript/step/images/navCurrentBtn.gif HTTP/1.1" 304 -
120.253.135.82 - - [19/Sep/2022:11:35:07 +0800] "GET /xingrg/javascript/jquery_easy_ui/themes/default/images/button_span_bg.gif HTTP/1.1" 304 -
120.253.135.82 - - [19/Sep/2022:11:35:07 +0800] "GET /xingrg/javascript/jquery_easy_ui/themes/default/images/button_a_bg.gif HTTP/1.1" 304 -
120.253.135.82 - - [19/Sep/2022:11:35:07 +0800] "GET /xingrg/javascript/jquery_easy_ui/themes/icons/search.png HTTP/1.1" 304 -
120.253.135.82 - - [19/Sep/2022:11:35:07 +0800] "GET /xingrg/javascript/jquery_easy_ui/themes/default/images/combo_arrow_dot.gif HTTP/1.1" 304 -
120.253.135.82 - - [19/Sep/2022:11:35:07 +0800] "GET /xingrg/javascript/jquery_easy_ui/themes/default/images/calendar_nextyear.gif HTTP/1.1" 304 -
120.253.135.82 - - [19/Sep/2022:11:35:07 +0800] "POST /xingrg/all/common/load_tree.html?tree=area_rest_tree_json HTTP/1.1" 200 3472
120.253.135.82 - - [19/Sep/2022:11:35:07 +0800] "GET /xingrg/javascript/jquery_easy_ui/themes/default/images/calendar_prevmonth.gif HTTP/1.1" 304 -
120.253.135.82 - - [19/Sep/2022:11:35:07 +0800] "GET /xingrg/javascript/jquery_easy_ui/themes/default/images/calendar_nextmonth.gif HTTP/1.1" 304 -
120.253.135.82 - - [19/Sep/2022:11:35:07 +0800] "GET /xingrg/javascript/jquery_easy_ui/themes/default/images/calendar_prevyear.gif HTTP/1.1" 304 -
120.253.135.82 - - [19/Sep/2022:11:35:07 +0800] "GET /xingrg/javascript/jquery_easy_ui/themes/default/images/datagrid_header_bg.gif HTTP/1.1" 304 -
120.253.135.82 - - [19/Sep/2022:11:35:07 +0800] "GET /xingrg/javascript/jquery_easy_ui/themes/default/images/pagination_loading.gif HTTP/1.1" 304 -
120.253.135.82 - - [19/Sep/2022:11:35:07 +0800] "GET /xingrg/javascript/jquery_easy_ui/themes/default/images/tree_checkbox_0.gif HTTP/1.1" 304 -
120.253.135.82 - - [19/Sep/2022:11:35:07 +0800] "GET /xingrg/javascript/jquery_easy_ui/themes/icons/rest.png HTTP/1.1" 304 -
120.253.135.82 - - [19/Sep/2022:11:35:07 +0800] "POST /xingrg/kc/pszx/jzcl_ps_operate.html HTTP/1.1" 200 2944
120.253.135.82 - - [19/Sep/2022:11:35:07 +0800] "POST /xingrg/kc/pszx/jzcl_ps_operate.html HTTP/1.1" 200 2944
116.225.121.189 - - [19/Sep/2022:11:35:11 +0800] "GET /xingrg/check_reg.html?_=1663558370693 HTTP/1.1" 200 22
116.225.121.189 - - [19/Sep/2022:11:35:11 +0800] "GET /xingrg/all/function/internal_message.html?_=1663558370883&CODE_STATE=getMsg HTTP/1.1" 200 27
116.225.121.189 - - [19/Sep/2022:11:35:11 +0800] "GET /xingrg/kc/buy/cgsh_order_operate.html?command=get_materiel&rest_code=00105&code=00101001033&supplier_code=00100312&order_time=2022-09-19 HTTP/1.1" 200 417
114.88.158.224 - - [19/Sep/2022:11:35:13 +0800] "GET /xingrg/all/function/internal_message.html?_=1663558160493&CODE_STATE=getMsg HTTP/1.1" 200 27
61.170.235.57 - - [19/Sep/2022:11:35:13 +0800] "GET /xingrg/all/function/internal_message.html?_=1663558508170&CODE_STATE=getMsg HTTP/1.1" 200 27
116.238.169.132 - - [19/Sep/2022:11:35:15 +0800] "GET /xingrg/all/function/internal_message.html?_=1663558516216&CODE_STATE=getMsg HTTP/1.1" 200 27
101.85.93.113 - - [19/Sep/2022:11:35:16 +0800] "GET /xingrg/all/function/internal_message.html?_=1663558516262&CODE_STATE=getMsg HTTP/1.1" 200 27
120.253.135.82 - - [19/Sep/2022:11:35:16 +0800] "POST /xingrg/kc/pszx/jzcl_ps_operate.html HTTP/1.1" 200 4
120.253.135.82 - - [19/Sep/2022:11:35:16 +0800] "GET /xingrg/javascript/step/images/navBtn.gif HTTP/1.1" 200 361
120.253.135.82 - - [19/Sep/2022:11:35:16 +0800] "GET /xingrg/javascript/step/images/navLastDoneBtn.gif HTTP/1.1" 304 -
120.253.135.82 - - [19/Sep/2022:11:35:16 +0800] "GET /xingrg/javascript/step/images/navDoneBtn.gif HTTP/1.1" 304 -
61.170.235.57 - - [19/Sep/2022:11:35:17 +0800] "GET /xingrg/kc/buy/cgsh_order_operate.html?command=get_materiel&rest_code=00106&code=00101002002&supplier_code=00100087&order_time=2022-09-19 HTTP/1.1" 200 421
120.253.135.82 - - [19/Sep/2022:11:35:18 +0800] "GET /xingrg/kc/pszx/mdps_order_list.html HTTP/1.1" 200 21045
120.253.135.82 - - [19/Sep/2022:11:35:18 +0800] "POST /xingrg/kc/pszx/mdps_list_operate.html HTTP/1.1" 200 5340
116.225.121.189 - - [19/Sep/2022:11:35:18 +0800] "GET /xingrg/kc/buy/cgsh_order_operate.html?command=get_materiel&rest_code=00105&code=00101001096&supplier_code=00100312&order_time=2022-09-19 HTTP/1.1" 200 413
180.169.147.146 - - [19/Sep/2022:11:35:19 +0800] "GET /xingrg/all/function/internal_message.html?_=1663558835122&CODE_STATE=getMsg HTTP/1.1" 200 27
116.230.105.139 - - [19/Sep/2022:11:35:27 +0800] "GET /xingrg/all/function/internal_message.html?_=1663558526184&CODE_STATE=getMsg HTTP/1.1" 200 27
116.225.121.189 - - [19/Sep/2022:11:35:27 +0800] "POST /xingrg/kc/buy/cgsh_order_operate.html HTTP/1.1" 200 37
124.79.74.72 - - [19/Sep/2022:11:35:28 +0800] "GET /xingrg/all/function/internal_message.html?_=1663558527549&CODE_STATE=getMsg HTTP/1.1" 200 27
114.83.217.204 - - [19/Sep/2022:11:35:28 +0800] "GET /xingrg/kc/base/wldb_order_list.html HTTP/1.1" 200 19186
114.83.217.204 - - [19/Sep/2022:11:35:28 +0800] "POST /xingrg/kc/base/wldb_list_operate.html HTTP/1.1" 200 928
180.162.112.101 - - [19/Sep/2022:11:35:28 +0800] "GET /xingrg/all/function/internal_message.html?_=1663557650983&CODE_STATE=getMsg HTTP/1.1" 200 27
116.225.121.189 - - [19/Sep/2022:11:35:29 +0800] "POST /xingrg/kc/buy/cgsh_order_operate.html HTTP/1.1" 200 3849
114.83.217.204 - - [19/Sep/2022:11:35:30 +0800] "GET /xingrg/kc/base/wldb_order_add.html HTTP/1.1" 200 30400
116.225.121.189 - - [19/Sep/2022:11:35:30 +0800] "GET /xingrg/kc/print/load_data.html?order_code=212022091906926&kc_code=cgsh&condition= HTTP/1.1" 200 1132
114.83.217.204 - - [19/Sep/2022:11:35:30 +0800] "GET /xingrg/words/20220918114309_words.js HTTP/1.1" 304 -
114.83.217.204 - - [19/Sep/2022:11:35:30 +0800] "POST /xingrg/kc/base/wldb_order_operate.html HTTP/1.1" 200 6806
114.83.217.204 - - [19/Sep/2022:11:35:30 +0800] "GET /xingrg/all/common/auto_word.html?type=base&rest_code=00149 HTTP/1.1" 200 1907
114.83.217.204 - - [19/Sep/2022:11:35:30 +0800] "GET /xingrg/all/common/auto_word.html?type=base&rest_code=00149 HTTP/1.1" 200 1907
114.83.217.204 - - [19/Sep/2022:11:35:30 +0800] "GET /xingrg/javascript/easyui/themes/default/validatebox.css HTTP/1.1" 404 1104
114.84.81.136 - - [19/Sep/2022:11:35:31 +0800] "GET /xingrg/all/function/internal_message.html?_=1663558530853&CODE_STATE=getMsg HTTP/1.1" 200 27
61.170.235.57 - - [19/Sep/2022:11:35:33 +0800] "POST /xingrg/kc/buy/cgsh_order_operate.html HTTP/1.1" 200 37
116.225.121.189 - - [19/Sep/2022:11:35:34 +0800] "GET /xingrg/kc/buy/cgsh_order_add.html HTTP/1.1" 200 68861
120.253.135.82 - - [19/Sep/2022:11:35:34 +0800] "POST /xingrg/kc/pszx/mdps_list_operate.html HTTP/1.1" 200 5230
116.225.121.189 - - [19/Sep/2022:11:35:34 +0800] "POST /xingrg/kc/buy/cgsh_order_operate.html HTTP/1.1" 200 8245
116.225.121.189 - - [19/Sep/2022:11:35:34 +0800] "GET /xingrg/javascript/easyui/themes/default/validatebox.css HTTP/1.1" 404 1104
114.83.217.204 - - [19/Sep/2022:11:35:36 +0800] "GET /xingrg/all/function/internal_message.html?_=1663558535196&CODE_STATE=getMsg HTTP/1.1" 200 27
61.170.235.57 - - [19/Sep/2022:11:35:37 +0800] "POST /xingrg/kc/buy/cgsh_order_operate.html HTTP/1.1" 200 12
120.253.135.82 - - [19/Sep/2022:11:35:37 +0800] "POST /xingrg/kc/pszx/mdps_list_operate.html HTTP/1.1" 200 2623
222.70.182.161 - - [19/Sep/2022:11:35:38 +0800] "GET /xingrg/check_reg.html?_=1663558537583 HTTP/1.1" 200 22
61.170.235.57 - - [19/Sep/2022:11:35:38 +0800] "GET /xingrg/kc/buy/cgsh_order_info.html?code=212022091906927 HTTP/1.1" 200 63684
120.253.135.82 - - [19/Sep/2022:11:35:38 +0800] "POST /xingrg/kc/pszx/mdps_list_operate.html HTTP/1.1" 200 202
61.170.235.57 - - [19/Sep/2022:11:35:38 +0800] "GET /xingrg/javascript/easyui/themes/default/validatebox.css HTTP/1.1" 404 1104
61.170.235.57 - - [19/Sep/2022:11:35:39 +0800] "POST /xingrg/kc/buy/cgsh_order_operate.html HTTP/1.1" 200 618
120.253.135.82 - - [19/Sep/2022:11:35:40 +0800] "POST /xingrg/kc/pszx/mdps_list_operate.html HTTP/1.1" 200 205
61.170.235.57 - - [19/Sep/2022:11:35:41 +0800] "GET /xingrg/kc/print/load_data.html?order_code=212022091906927&kc_code=cgsh&condition= HTTP/1.1" 200 777
222.70.182.161 - - [19/Sep/2022:11:35:41 +0800] "GET /xingrg/all/function/internal_message.html?_=1663558541191&CODE_STATE=getMsg HTTP/1.1" 200 27
120.253.135.82 - - [19/Sep/2022:11:35:43 +0800] "GET /xingrg/kc/pszx/mdps_order_info.html?code=312022091900457 HTTP/1.1" 200 23978
116.225.121.189 - - [19/Sep/2022:11:35:43 +0800] "GET /xingrg/check_reg.html?_=1663558544567 HTTP/1.1" 200 22
120.253.135.82 - - [19/Sep/2022:11:35:43 +0800] "GET /xingrg/javascript/easyui/themes/default/validatebox.css HTTP/1.1" 404 1104
116.225.121.189 - - [19/Sep/2022:11:35:43 +0800] "GET /xingrg/all/function/internal_message.html?_=1663558544611&CODE_STATE=getMsg HTTP/1.1" 200 27
120.253.135.82 - - [19/Sep/2022:11:35:43 +0800] "POST /xingrg/kc/pszx/mdps_order_operate.html HTTP/1.1" 200 2271
116.225.121.189 - - [19/Sep/2022:11:35:44 +0800] "GET /xingrg/kc/buy/cgsh_order_operate.html?command=get_materiel&rest_code=00105&code=00101004101&supplier_code=00100086&order_time=2022-09-19 HTTP/1.1" 200 433
120.253.135.82 - - [19/Sep/2022:11:35:45 +0800] "POST /xingrg/all/common/load_combo.html?type=base HTTP/1.1" 200 1169
116.230.114.213 - - [19/Sep/2022:11:35:45 +0800] "GET /xingrg/all/function/internal_message.html?_=1663558551210&CODE_STATE=getMsg HTTP/1.1" 200 27
180.169.147.146 - - [19/Sep/2022:11:35:48 +0800] "GET /xingrg/check_reg.html?_=1663558546892 HTTP/1.1" 200 22
180.169.147.146 - - [19/Sep/2022:11:35:48 +0800] "GET /xingrg/all/function/internal_message.html?_=1663558546894&CODE_STATE=getMsg HTTP/1.1" 200 27
120.253.135.82 - - [19/Sep/2022:11:35:49 +0800] "POST /xingrg/kc/pszx/mdps_order_operate.html HTTP/1.1" 200 37
61.170.235.57 - - [19/Sep/2022:11:35:49 +0800] "GET /xingrg/kc/buy/cgsh_order_add.html HTTP/1.1" 200 68779
180.169.147.146 - - [19/Sep/2022:11:35:49 +0800] "GET /xingrg/check_reg.html?_=1663558549488 HTTP/1.1" 200 22
180.169.147.146 - - [19/Sep/2022:11:35:49 +0800] "GET /xingrg/all/function/internal_message.html?_=1663558549493&CODE_STATE=getMsg HTTP/1.1" 200 27
61.170.235.57 - - [19/Sep/2022:11:35:49 +0800] "POST /xingrg/kc/buy/cgsh_order_operate.html HTTP/1.1" 200 8245
61.170.235.57 - - [19/Sep/2022:11:35:49 +0800] "GET /xingrg/javascript/easyui/themes/default/validatebox.css HTTP/1.1" 404 1104
120.253.135.82 - - [19/Sep/2022:11:35:50 +0800] "GET /xingrg/kc/pszx/mdps_order_info.html?code=312022091900457 HTTP/1.1" 200 23978
114.83.219.57 - - [19/Sep/2022:11:35:50 +0800] "GET /xingrg/all/function/internal_message.html?_=1663558635334&CODE_STATE=getMsg HTTP/1.1" 200 27
120.253.135.82 - - [19/Sep/2022:11:35:50 +0800] "GET /xingrg/javascript/easyui/themes/default/validatebox.css HTTP/1.1" 404 1104
120.253.135.82 - - [19/Sep/2022:11:35:50 +0800] "POST /xingrg/kc/pszx/mdps_order_operate.html HTTP/1.1" 200 2279
120.253.135.82 - - [19/Sep/2022:11:35:53 +0800] "POST /xingrg/kc/pszx/mdps_list_operate.html HTTP/1.1" 200 210
116.225.121.189 - - [19/Sep/2022:11:35:54 +0800] "POST /xingrg/kc/buy/cgsh_order_operate.html HTTP/1.1" 200 37
116.225.121.189 - - [19/Sep/2022:11:35:55 +0800] "POST /xingrg/kc/buy/cgsh_order_operate.html HTTP/1.1" 200 2661
61.170.235.57 - - [19/Sep/2022:11:35:55 +0800] "GET /xingrg/javascript/easyui/themes/default/tree.css HTTP/1.1" 404 1090
61.170.235.57 - - [19/Sep/2022:11:35:55 +0800] "POST /xingrg/all/common/load_tree.html?tree=supplier_tree_json&isDelete=1 HTTP/1.1" 200 68670
120.253.135.82 - - [19/Sep/2022:11:35:55 +0800] "GET /xingrg/kc/pszx/mdps_order_info.html?code=312022091900458 HTTP/1.1" 200 23978
120.253.135.82 - - [19/Sep/2022:11:35:56 +0800] "GET /xingrg/javascript/easyui/themes/default/validatebox.css HTTP/1.1" 404 1104
120.253.135.82 - - [19/Sep/2022:11:35:56 +0800] "POST /xingrg/kc/pszx/mdps_order_operate.html HTTP/1.1" 200 2296
120.253.135.82 - - [19/Sep/2022:11:35:59 +0800] "POST /xingrg/kc/pszx/mdps_order_operate.html HTTP/1.1" 200 37
116.224.255.128 - - [19/Sep/2022:11:35:59 +0800] "GET /xingrg/all/function/internal_message.html?_=1663558559444&CODE_STATE=getMsg HTTP/1.1" 200 27
120.253.135.82 - - [19/Sep/2022:11:36:00 +0800] "GET /xingrg/kc/pszx/mdps_order_info.html?code=312022091900458 HTTP/1.1" 200 23978
120.253.135.82 - - [19/Sep/2022:11:36:00 +0800] "GET /xingrg/javascript/easyui/themes/default/validatebox.css HTTP/1.1" 404 1104
120.253.135.82 - - [19/Sep/2022:11:36:00 +0800] "POST /xingrg/kc/pszx/mdps_order_operate.html HTTP/1.1" 200 2305
114.84.81.136 - - [19/Sep/2022:11:36:02 +0800] "GET /xingrg/all/function/internal_message.html?_=1663558559800&CODE_STATE=getMsg HTTP/1.1" 200 27
116.225.121.189 - - [19/Sep/2022:11:36:04 +0800] "GET /xingrg/kc/print/load_data.html?order_code=212022091906928&kc_code=cgsh&condition= HTTP/1.1" 200 737
120.253.135.82 - - [19/Sep/2022:11:36:04 +0800] "GET /xingrg/kc/print/load_config.html?kc_code=mdps HTTP/1.1" 200 2390
120.253.135.82 - - [19/Sep/2022:11:36:04 +0800] "GET /xingrg/kc/print/load_data.html?order_code=312022091900458&kc_code=mdps&condition= HTTP/1.1" 200 707
116.225.121.189 - - [19/Sep/2022:11:36:08 +0800] "GET /xingrg/kc/buy/cgsh_order_add.html HTTP/1.1" 200 68861
116.225.121.189 - - [19/Sep/2022:11:36:08 +0800] "GET /xingrg/javascript/easyui/themes/default/validatebox.css HTTP/1.1" 404 1104
116.225.121.189 - - [19/Sep/2022:11:36:08 +0800] "POST /xingrg/kc/buy/cgsh_order_operate.html HTTP/1.1" 200 8245
120.253.135.82 - - [19/Sep/2022:11:36:10 +0800] "POST /xingrg/kc/pszx/mdps_list_operate.html HTTP/1.1" 200 2623
116.225.121.189 - - [19/Sep/2022:11:36:11 +0800] "GET /xingrg/all/function/internal_message.html?_=1663558430870&CODE_STATE=getMsg HTTP/1.1" 200 27
120.253.135.82 - - [19/Sep/2022:11:36:11 +0800] "POST /xingrg/kc/pszx/mdps_list_operate.html HTTP/1.1" 200 202
120.253.135.82 - - [19/Sep/2022:11:36:12 +0800] "GET /xingrg/kc/pszx/mdps_order_info.html?code=312022091900457 HTTP/1.1" 200 23978
120.253.135.82 - - [19/Sep/2022:11:36:12 +0800] "GET /xingrg/javascript/easyui/themes/default/validatebox.css HTTP/1.1" 404 1104
120.253.135.82 - - [19/Sep/2022:11:36:12 +0800] "POST /xingrg/kc/pszx/mdps_order_operate.html HTTP/1.1" 200 2279
114.88.158.224 - - [19/Sep/2022:11:36:13 +0800] "GET /xingrg/all/function/internal_message.html?_=1663558220471&CODE_STATE=getMsg HTTP/1.1" 200 27
61.170.235.57 - - [19/Sep/2022:11:36:13 +0800] "GET /xingrg/all/function/internal_message.html?_=1663558568130&CODE_STATE=getMsg HTTP/1.1" 200 27
120.253.135.82 - - [19/Sep/2022:11:36:15 +0800] "GET /xingrg/kc/print/load_data.html?order_code=312022091900457&kc_code=mdps&condition= HTTP/1.1" 200 691
116.238.169.132 - - [19/Sep/2022:11:36:15 +0800] "GET /xingrg/all/function/internal_message.html?_=1663558576215&CODE_STATE=getMsg HTTP/1.1" 200 27
101.85.93.113 - - [19/Sep/2022:11:36:16 +0800] "GET /xingrg/check_reg.html?_=1663558576268 HTTP/1.1" 200 22
101.85.93.113 - - [19/Sep/2022:11:36:16 +0800] "GET /xingrg/all/function/internal_message.html?_=1663558576264&CODE_STATE=getMsg HTTP/1.1" 200 27
116.225.121.189 - - [19/Sep/2022:11:36:17 +0800] "GET /xingrg/kc/buy/cgsh_order_operate.html?command=get_materiel&rest_code=00105&code=00101003016&supplier_code=00100093&order_time=2022-09-19 HTTP/1.1" 200 420
180.169.147.146 - - [19/Sep/2022:11:36:19 +0800] "GET /xingrg/check_reg.html?_=1663558895122 HTTP/1.1" 200 22
180.169.147.146 - - [19/Sep/2022:11:36:19 +0800] "GET /xingrg/all/function/internal_message.html?_=1663558895125&CODE_STATE=getMsg HTTP/1.1" 200 27
116.225.121.189 - - [19/Sep/2022:11:36:24 +0800] "GET /xingrg/kc/buy/cgsh_order_operate.html?command=get_materiel&rest_code=00105&code=00101003003&supplier_code=00100093&order_time=2022-09-19 HTTP/1.1" 200 417
61.170.235.57 - - [19/Sep/2022:11:36:25 +0800] "GET /xingrg/kc/buy/cgsh_order_operate.html?command=get_materiel&rest_code=00106&code=00101014104&supplier_code=00100211&order_time=2022-09-19 HTTP/1.1" 200 415
