120.253.135.82 - - [19/Sep/2022:11:36:25 +0800] "POST /xingrg/kc/pszx/mdps_list_operate.html HTTP/1.1" 200 2623
114.83.217.204 - - [19/Sep/2022:11:36:26 +0800] "GET /xingrg/kc/base/wldb_order_operate.html?command=get_materiel&rest_code=00149&base_code=0010400&code=00101001115 HTTP/1.1" 200 435
116.230.105.139 - - [19/Sep/2022:11:36:27 +0800] "GET /xingrg/all/function/internal_message.html?_=1663558586179&CODE_STATE=getMsg HTTP/1.1" 200 27
124.79.74.72 - - [19/Sep/2022:11:36:28 +0800] "GET /xingrg/all/function/internal_message.html?_=1663558587551&CODE_STATE=getMsg HTTP/1.1" 200 27
180.162.112.101 - - [19/Sep/2022:11:36:28 +0800] "GET /xingrg/all/function/internal_message.html?_=1663557710981&CODE_STATE=getMsg HTTP/1.1" 200 27
114.84.81.136 - - [19/Sep/2022:11:36:31 +0800] "GET /xingrg/all/function/internal_message.html?_=1663558590836&CODE_STATE=getMsg HTTP/1.1" 200 27
61.170.235.57 - - [19/Sep/2022:11:36:36 +0800] "GET /xingrg/kc/buy/cgsh_order_operate.html?command=get_materiel&rest_code=00106&code=00101014017&supplier_code=00100211&order_time=2022-09-19 HTTP/1.1" 200 419
114.83.217.204 - - [19/Sep/2022:11:36:36 +0800] "GET /xingrg/all/function/internal_message.html?_=1663558595178&CODE_STATE=getMsg HTTP/1.1" 200 27
116.225.121.189 - - [19/Sep/2022:11:36:40 +0800] "POST /xingrg/kc/buy/cgsh_order_operate.html HTTP/1.1" 200 37
222.70.182.161 - - [19/Sep/2022:11:36:41 +0800] "GET /xingrg/all/function/internal_message.html?_=1663558601176&CODE_STATE=getMsg HTTP/1.1" 200 27
116.230.114.213 - - [19/Sep/2022:11:36:45 +0800] "GET /xingrg/all/function/internal_message.html?_=1663558611224&CODE_STATE=getMsg HTTP/1.1" 200 27
61.170.235.57 - - [19/Sep/2022:11:36:47 +0800] "POST /xingrg/kc/buy/cgsh_order_operate.html HTTP/1.1" 200 37
116.225.121.189 - - [19/Sep/2022:11:36:47 +0800] "POST /xingrg/kc/buy/cgsh_order_operate.html HTTP/1.1" 200 2666
180.169.147.146 - - [19/Sep/2022:11:36:48 +0800] "GET /xingrg/all/function/internal_message.html?_=1663558606882&CODE_STATE=getMsg HTTP/1.1" 200 27
116.225.121.189 - - [19/Sep/2022:11:36:48 +0800] "GET /xingrg/kc/print/load_data.html?order_code=212022091906929&kc_code=cgsh&condition= HTTP/1.1" 200 737
114.83.217.204 - - [19/Sep/2022:11:36:49 +0800] "POST /xingrg/kc/base/wldb_order_operate.html HTTP/1.1" 200 37
180.169.147.146 - - [19/Sep/2022:11:36:49 +0800] "GET /xingrg/all/function/internal_message.html?_=1663558609493&CODE_STATE=getMsg HTTP/1.1" 200 27
114.83.217.204 - - [19/Sep/2022:11:36:50 +0800] "GET /xingrg/kc/base/wldb_order_info.html?code=422022091901640 HTTP/1.1" 200 30415
114.83.219.57 - - [19/Sep/2022:11:36:50 +0800] "GET /xingrg/all/function/internal_message.html?_=1663558695334&CODE_STATE=getMsg HTTP/1.1" 200 27
61.170.235.57 - - [19/Sep/2022:11:36:50 +0800] "POST /xingrg/kc/buy/cgsh_order_operate.html HTTP/1.1" 200 12
114.83.217.204 - - [19/Sep/2022:11:36:50 +0800] "POST /xingrg/kc/base/wldb_order_operate.html HTTP/1.1" 200 2187
114.83.217.204 - - [19/Sep/2022:11:36:50 +0800] "GET /xingrg/javascript/easyui/themes/default/validatebox.css HTTP/1.1" 404 1104
114.83.217.204 - - [19/Sep/2022:11:36:51 +0800] "POST /xingrg/kc/base/wldb_order_operate.html HTTP/1.1" 200 2187
116.225.121.189 - - [19/Sep/2022:11:36:51 +0800] "GET /xingrg/kc/buy/cgsh_order_add.html HTTP/1.1" 200 68861
116.225.121.189 - - [19/Sep/2022:11:36:52 +0800] "GET /xingrg/javascript/easyui/themes/default/validatebox.css HTTP/1.1" 404 1104
116.225.121.189 - - [19/Sep/2022:11:36:52 +0800] "POST /xingrg/kc/buy/cgsh_order_operate.html HTTP/1.1" 200 8245
61.170.235.57 - - [19/Sep/2022:11:36:55 +0800] "GET /xingrg/kc/buy/cgsh_order_info.html?code=212022091906930 HTTP/1.1" 200 63682
61.170.235.57 - - [19/Sep/2022:11:36:55 +0800] "GET /xingrg/javascript/easyui/themes/default/validatebox.css HTTP/1.1" 404 1104
61.170.235.57 - - [19/Sep/2022:11:36:56 +0800] "POST /xingrg/kc/buy/cgsh_order_operate.html HTTP/1.1" 200 1209
61.170.235.57 - - [19/Sep/2022:11:36:57 +0800] "GET /xingrg/kc/print/load_data.html?order_code=212022091906930&kc_code=cgsh&condition= HTTP/1.1" 200 941
114.83.217.204 - - [19/Sep/2022:11:36:57 +0800] "GET /xingrg/kc/base/wldb_order_add.html HTTP/1.1" 200 30400
114.83.217.204 - - [19/Sep/2022:11:36:57 +0800] "POST /xingrg/kc/base/wldb_order_operate.html HTTP/1.1" 200 6806
114.83.217.204 - - [19/Sep/2022:11:36:57 +0800] "GET /xingrg/javascript/easyui/themes/default/validatebox.css HTTP/1.1" 404 1104
116.224.255.128 - - [19/Sep/2022:11:36:59 +0800] "GET /xingrg/all/function/internal_message.html?_=1663558619444&CODE_STATE=getMsg HTTP/1.1" 200 27
114.84.81.136 - - [19/Sep/2022:11:37:02 +0800] "GET /xingrg/all/function/internal_message.html?_=1663558619800&CODE_STATE=getMsg HTTP/1.1" 200 27
116.225.121.189 - - [19/Sep/2022:11:37:03 +0800] "GET /xingrg/kc/buy/cgsh_order_operate.html?command=get_materiel&rest_code=00105&code=00101001037&supplier_code=00100090&order_time=2022-09-19 HTTP/1.1" 200 418
120.253.135.82 - - [19/Sep/2022:11:37:07 +0800] "GET /xingrg/check_reg.html?_=1663558426057 HTTP/1.1" 200 22
116.225.121.189 - - [19/Sep/2022:11:37:11 +0800] "GET /xingrg/all/function/internal_message.html?_=1663558490857&CODE_STATE=getMsg HTTP/1.1" 200 27
116.225.121.189 - - [19/Sep/2022:11:37:12 +0800] "POST /xingrg/kc/buy/cgsh_order_operate.html HTTP/1.1" 200 37
114.88.158.224 - - [19/Sep/2022:11:37:13 +0800] "GET /xingrg/all/function/internal_message.html?_=1663558280441&CODE_STATE=getMsg HTTP/1.1" 200 27
61.170.235.57 - - [19/Sep/2022:11:37:13 +0800] "GET /xingrg/all/function/internal_message.html?_=1663558628107&CODE_STATE=getMsg HTTP/1.1" 200 27
61.170.235.57 - - [19/Sep/2022:11:37:14 +0800] "GET /xingrg/kc/buy/cgsh_order_add.html HTTP/1.1" 200 68779
61.170.235.57 - - [19/Sep/2022:11:37:14 +0800] "POST /xingrg/kc/buy/cgsh_order_operate.html HTTP/1.1" 200 8245
61.170.235.57 - - [19/Sep/2022:11:37:14 +0800] "GET /xingrg/javascript/easyui/themes/default/validatebox.css HTTP/1.1" 404 1104
116.238.169.132 - - [19/Sep/2022:11:37:15 +0800] "GET /xingrg/all/function/internal_message.html?_=1663558636214&CODE_STATE=getMsg HTTP/1.1" 200 27
61.170.235.57 - - [19/Sep/2022:11:37:16 +0800] "GET /xingrg/javascript/easyui/themes/default/tree.css HTTP/1.1" 404 1090
61.170.235.57 - - [19/Sep/2022:11:37:16 +0800] "POST /xingrg/all/common/load_tree.html?tree=supplier_tree_json&isDelete=1 HTTP/1.1" 200 68670
101.85.93.113 - - [19/Sep/2022:11:37:16 +0800] "GET /xingrg/all/function/internal_message.html?_=1663558636267&CODE_STATE=getMsg HTTP/1.1" 200 27
116.225.121.189 - - [19/Sep/2022:11:37:17 +0800] "POST /xingrg/kc/buy/cgsh_order_operate.html HTTP/1.1" 200 2665
116.225.121.189 - - [19/Sep/2022:11:37:18 +0800] "GET /xingrg/kc/print/load_data.html?order_code=212022091906931&kc_code=cgsh&condition= HTTP/1.1" 200 742
180.169.147.146 - - [19/Sep/2022:11:37:19 +0800] "GET /xingrg/all/function/internal_message.html?_=1663558955153&CODE_STATE=getMsg HTTP/1.1" 200 27
116.225.121.189 - - [19/Sep/2022:11:37:22 +0800] "GET /xingrg/kc/buy/cgsh_order_add.html HTTP/1.1" 200 68861
116.225.121.189 - - [19/Sep/2022:11:37:22 +0800] "POST /xingrg/kc/buy/cgsh_order_operate.html HTTP/1.1" 200 8245
116.225.121.189 - - [19/Sep/2022:11:37:22 +0800] "GET /xingrg/javascript/easyui/themes/default/validatebox.css HTTP/1.1" 404 1104
116.230.105.139 - - [19/Sep/2022:11:37:27 +0800] "GET /xingrg/all/function/internal_message.html?_=1663558646177&CODE_STATE=getMsg HTTP/1.1" 200 27
124.79.74.72 - - [19/Sep/2022:11:37:28 +0800] "GET /xingrg/all/function/internal_message.html?_=1663558647552&CODE_STATE=getMsg HTTP/1.1" 200 27
124.79.74.72 - - [19/Sep/2022:11:37:28 +0800] "GET /xingrg/check_reg.html?_=1663558647553 HTTP/1.1" 200 22
180.162.112.101 - - [19/Sep/2022:11:37:28 +0800] "GET /xingrg/all/function/internal_message.html?_=1663557770983&CODE_STATE=getMsg HTTP/1.1" 200 27
120.253.135.82 - - [19/Sep/2022:11:37:28 +0800] "GET /xingrg/kc/pszx/jzcl_ps.html HTTP/1.1" 200 7683
120.253.135.82 - - [19/Sep/2022:11:37:29 +0800] "POST /xingrg/all/common/load_tree.html?tree=area_rest_tree_json HTTP/1.1" 200 3472
120.253.135.82 - - [19/Sep/2022:11:37:29 +0800] "POST /xingrg/kc/pszx/jzcl_ps_operate.html HTTP/1.1" 200 2175
120.253.135.82 - - [19/Sep/2022:11:37:29 +0800] "POST /xingrg/kc/pszx/jzcl_ps_operate.html HTTP/1.1" 200 2175
114.84.81.136 - - [19/Sep/2022:11:37:31 +0800] "GET /xingrg/all/function/internal_message.html?_=1663558650819&CODE_STATE=getMsg HTTP/1.1" 200 27
114.83.217.204 - - [19/Sep/2022:11:37:36 +0800] "GET /xingrg/all/function/internal_message.html?_=1663558655168&CODE_STATE=getMsg HTTP/1.1" 200 27
116.225.121.189 - - [19/Sep/2022:11:37:36 +0800] "GET /xingrg/kc/buy/cgsh_order_operate.html?command=get_materiel&rest_code=00105&code=00101010569&supplier_code=00100327&order_time=2022-09-19 HTTP/1.1" 200 411
114.83.217.204 - - [19/Sep/2022:11:37:37 +0800] "GET /xingrg/check_reg.html?_=1663558656027 HTTP/1.1" 200 22
120.253.135.82 - - [19/Sep/2022:11:37:40 +0800] "POST /xingrg/kc/pszx/jzcl_ps_operate.html HTTP/1.1" 200 4
222.70.182.161 - - [19/Sep/2022:11:37:41 +0800] "GET /xingrg/all/function/internal_message.html?_=1663558661170&CODE_STATE=getMsg HTTP/1.1" 200 27
120.253.135.82 - - [19/Sep/2022:11:37:42 +0800] "GET /xingrg/kc/pszx/mdps_order_list.html HTTP/1.1" 200 21045
120.253.135.82 - - [19/Sep/2022:11:37:42 +0800] "POST /xingrg/kc/pszx/jzcl_ps_operate.html HTTP/1.1" 200 1773
120.253.135.82 - - [19/Sep/2022:11:37:42 +0800] "POST /xingrg/kc/pszx/mdps_list_operate.html HTTP/1.1" 200 5340
116.225.121.189 - - [19/Sep/2022:11:37:43 +0800] "GET /xingrg/all/function/internal_message.html?_=1663558664621&CODE_STATE=getMsg HTTP/1.1" 200 27
116.225.121.189 - - [19/Sep/2022:11:37:44 +0800] "POST /xingrg/kc/buy/cgsh_order_operate.html HTTP/1.1" 200 37
116.230.114.213 - - [19/Sep/2022:11:37:45 +0800] "GET /xingrg/all/function/internal_message.html?_=1663558671370&CODE_STATE=getMsg HTTP/1.1" 200 27
180.169.147.146 - - [19/Sep/2022:11:37:48 +0800] "GET /xingrg/all/function/internal_message.html?_=1663558666890&CODE_STATE=getMsg HTTP/1.1" 200 27
116.230.114.213 - - [19/Sep/2022:11:37:48 +0800] "GET /xingrg/check_reg.html?_=1663558674125 HTTP/1.1" 200 22
180.169.147.146 - - [19/Sep/2022:11:37:49 +0800] "GET /xingrg/all/function/internal_message.html?_=1663558669491&CODE_STATE=getMsg HTTP/1.1" 200 27
116.225.121.189 - - [19/Sep/2022:11:37:50 +0800] "POST /xingrg/kc/buy/cgsh_order_operate.html HTTP/1.1" 200 2657
114.83.219.57 - - [19/Sep/2022:11:37:50 +0800] "GET /xingrg/all/function/internal_message.html?_=1663558755330&CODE_STATE=getMsg HTTP/1.1" 200 27
116.225.121.189 - - [19/Sep/2022:11:37:51 +0800] "GET /xingrg/kc/print/load_data.html?order_code=212022091906932&kc_code=cgsh&condition= HTTP/1.1" 200 674
116.225.121.189 - - [19/Sep/2022:11:37:54 +0800] "GET /xingrg/kc/buy/cgsh_order_add.html HTTP/1.1" 200 68861
116.225.121.189 - - [19/Sep/2022:11:37:54 +0800] "POST /xingrg/kc/buy/cgsh_order_operate.html HTTP/1.1" 200 8245
116.225.121.189 - - [19/Sep/2022:11:37:54 +0800] "GET /xingrg/javascript/easyui/themes/default/validatebox.css HTTP/1.1" 404 1104
120.253.135.82 - - [19/Sep/2022:11:37:57 +0800] "POST /xingrg/kc/pszx/mdps_list_operate.html HTTP/1.1" 200 2060
120.253.135.82 - - [19/Sep/2022:11:37:59 +0800] "POST /xingrg/kc/pszx/mdps_list_operate.html HTTP/1.1" 200 201
116.224.255.128 - - [19/Sep/2022:11:37:59 +0800] "GET /xingrg/all/function/internal_message.html?_=1663558679455&CODE_STATE=getMsg HTTP/1.1" 200 27
120.253.135.82 - - [19/Sep/2022:11:38:00 +0800] "POST /xingrg/kc/pszx/mdps_list_operate.html HTTP/1.1" 200 289
120.253.135.82 - - [19/Sep/2022:11:38:01 +0800] "GET /xingrg/kc/pszx/mdps_order_info.html?code=312022091900459 HTTP/1.1" 200 23978
120.253.135.82 - - [19/Sep/2022:11:38:01 +0800] "GET /xingrg/javascript/easyui/themes/default/validatebox.css HTTP/1.1" 404 1104
120.253.135.82 - - [19/Sep/2022:11:38:01 +0800] "POST /xingrg/kc/pszx/mdps_order_operate.html HTTP/1.1" 200 2785
114.84.81.136 - - [19/Sep/2022:11:38:02 +0800] "GET /xingrg/all/function/internal_message.html?_=1663558679800&CODE_STATE=getMsg HTTP/1.1" 200 27
116.225.121.189 - - [19/Sep/2022:11:38:03 +0800] "GET /xingrg/kc/buy/cgsh_order_operate.html?command=get_materiel&rest_code=00105&code=00102002167&supplier_code=00100494&order_time=2022-09-19 HTTP/1.1" 200 409
120.253.135.82 - - [19/Sep/2022:11:38:04 +0800] "POST /xingrg/kc/pszx/mdps_order_operate.html HTTP/1.1" 200 37
120.253.135.82 - - [19/Sep/2022:11:38:05 +0800] "GET /xingrg/kc/pszx/mdps_order_info.html?code=312022091900459 HTTP/1.1" 200 23978
120.253.135.82 - - [19/Sep/2022:11:38:06 +0800] "GET /xingrg/javascript/easyui/themes/default/validatebox.css HTTP/1.1" 404 1104
120.253.135.82 - - [19/Sep/2022:11:38:06 +0800] "POST /xingrg/kc/pszx/mdps_order_operate.html HTTP/1.1" 200 2803
116.225.121.189 - - [19/Sep/2022:11:38:11 +0800] "GET /xingrg/all/function/internal_message.html?_=1663558550845&CODE_STATE=getMsg HTTP/1.1" 200 27
116.238.169.132 - - [19/Sep/2022:11:38:11 +0800] "GET /xingrg/check_reg.html?_=1663558692090 HTTP/1.1" 200 22
114.88.158.224 - - [19/Sep/2022:11:38:13 +0800] "GET /xingrg/all/function/internal_message.html?_=1663558340412&CODE_STATE=getMsg HTTP/1.1" 200 27
61.170.235.57 - - [19/Sep/2022:11:38:13 +0800] "GET /xingrg/all/function/internal_message.html?_=1663558688085&CODE_STATE=getMsg HTTP/1.1" 200 27
114.88.158.224 - - [19/Sep/2022:11:38:14 +0800] "GET /xingrg/check_reg.html?_=1663558341739 HTTP/1.1" 200 22
116.225.121.189 - - [19/Sep/2022:11:38:14 +0800] "GET /xingrg/kc/buy/cgsh_order_operate.html?command=get_materiel&rest_code=00105&code=00102002326&supplier_code=00100494&order_time=2022-09-19 HTTP/1.1" 200 412
120.253.135.82 - - [19/Sep/2022:11:38:15 +0800] "GET /xingrg/kc/pszx/mdps_order_add.html HTTP/1.1" 200 29114
120.253.135.82 - - [19/Sep/2022:11:38:15 +0800] "POST /xingrg/kc/pszx/mdps_order_operate.html HTTP/1.1" 200 7126
116.238.169.132 - - [19/Sep/2022:11:38:15 +0800] "GET /xingrg/all/function/internal_message.html?_=1663558696210&CODE_STATE=getMsg HTTP/1.1" 200 27
120.253.135.82 - - [19/Sep/2022:11:38:15 +0800] "GET /xingrg/javascript/easyui/themes/default/validatebox.css HTTP/1.1" 404 1104
101.85.93.113 - - [19/Sep/2022:11:38:16 +0800] "GET /xingrg/all/function/internal_message.html?_=1663558696269&CODE_STATE=getMsg HTTP/1.1" 200 27
180.169.147.146 - - [19/Sep/2022:11:38:19 +0800] "GET /xingrg/all/function/internal_message.html?_=1663559015153&CODE_STATE=getMsg HTTP/1.1" 200 27
116.225.121.189 - - [19/Sep/2022:11:38:23 +0800] "POST /xingrg/kc/buy/cgsh_order_operate.html HTTP/1.1" 200 37
116.225.121.189 - - [19/Sep/2022:11:38:25 +0800] "POST /xingrg/kc/buy/cgsh_order_operate.html HTTP/1.1" 200 3241
116.225.121.189 - - [19/Sep/2022:11:38:26 +0800] "GET /xingrg/kc/print/load_data.html?order_code=212022091906933&kc_code=cgsh&condition= HTTP/1.1" 200 874
116.230.105.139 - - [19/Sep/2022:11:38:27 +0800] "GET /xingrg/all/function/internal_message.html?_=1663558706164&CODE_STATE=getMsg HTTP/1.1" 200 27
116.230.105.139 - - [19/Sep/2022:11:38:27 +0800] "GET /xingrg/check_reg.html?_=1663558706944 HTTP/1.1" 200 22
124.79.74.72 - - [19/Sep/2022:11:38:28 +0800] "GET /xingrg/all/function/internal_message.html?_=1663558707555&CODE_STATE=getMsg HTTP/1.1" 200 27
120.253.135.82 - - [19/Sep/2022:11:38:28 +0800] "POST /xingrg/all/common/load_combo.html?type=base HTTP/1.1" 200 1169
180.162.112.101 - - [19/Sep/2022:11:38:28 +0800] "GET /xingrg/all/function/internal_message.html?_=1663557830979&CODE_STATE=getMsg HTTP/1.1" 200 27
180.162.112.101 - - [19/Sep/2022:11:38:28 +0800] "GET /xingrg/check_reg.html?_=1663557830978 HTTP/1.1" 200 22
116.225.121.189 - - [19/Sep/2022:11:38:29 +0800] "GET /xingrg/kc/buy/cgsh_order_add.html HTTP/1.1" 200 68861
116.225.121.189 - - [19/Sep/2022:11:38:29 +0800] "POST /xingrg/kc/buy/cgsh_order_operate.html HTTP/1.1" 200 8245
116.225.121.189 - - [19/Sep/2022:11:38:29 +0800] "GET /xingrg/javascript/easyui/themes/default/validatebox.css HTTP/1.1" 404 1104
180.162.112.101 - - [19/Sep/2022:11:38:29 +0800] "GET /xingrg/kc/buy/buy_main.html HTTP/1.1" 200 12412
180.162.112.101 - - [19/Sep/2022:11:38:29 +0800] "GET /xingrg/css/new_ie.css HTTP/1.1" 404 1036
180.162.112.101 - - [19/Sep/2022:11:38:30 +0800] "GET /xingrg/images/yd/bt.gif HTTP/1.1" 404 1040
114.84.81.136 - - [19/Sep/2022:11:38:31 +0800] "GET /xingrg/all/function/internal_message.html?_=1663558710802&CODE_STATE=getMsg HTTP/1.1" 200 27
180.162.112.101 - - [19/Sep/2022:11:38:31 +0800] "GET /xingrg/kc/buy/cgsh_order_list.html HTTP/1.1" 200 53003
180.162.112.101 - - [19/Sep/2022:11:38:35 +0800] "POST /xingrg/kc/buy/cgsh_list_operate.html HTTP/1.1" 200 2590
114.83.217.204 - - [19/Sep/2022:11:38:36 +0800] "GET /xingrg/all/function/internal_message.html?_=1663558715146&CODE_STATE=getMsg HTTP/1.1" 200 27
180.162.112.101 - - [19/Sep/2022:11:38:39 +0800] "GET /xingrg/kc/buy/cgsh_order_add.html HTTP/1.1" 200 67860
180.162.112.101 - - [19/Sep/2022:11:38:40 +0800] "POST /xingrg/kc/buy/cgsh_order_operate.html HTTP/1.1" 200 8245
180.162.112.101 - - [19/Sep/2022:11:38:40 +0800] "GET /xingrg/javascript/easyui/themes/default/validatebox.css HTTP/1.1" 404 1104
180.162.112.101 - - [19/Sep/2022:11:38:41 +0800] "GET /xingrg/javascript/easyui/plugins/jquery.draggable.js HTTP/1.1" 304 -
180.162.112.101 - - [19/Sep/2022:11:38:41 +0800] "GET /xingrg/css/images/panel_loading.gif HTTP/1.1" 304 -
180.162.112.101 - - [19/Sep/2022:11:38:41 +0800] "GET /xingrg/javascript/easyui/plugins/jquery.droppable.js HTTP/1.1" 304 -
180.162.112.101 - - [19/Sep/2022:11:38:41 +0800] "GET /xingrg/javascript/easyui/themes/default/tree.css HTTP/1.1" 404 1090
180.162.112.101 - - [19/Sep/2022:11:38:41 +0800] "GET /xingrg/javascript/easyui/plugins/jquery.tree.js HTTP/1.1" 304 -
180.162.112.101 - - [19/Sep/2022:11:38:41 +0800] "POST /xingrg/all/common/load_tree.html?tree=supplier_tree_json&isDelete=1 HTTP/1.1" 200 68670
222.70.182.161 - - [19/Sep/2022:11:38:41 +0800] "GET /xingrg/all/function/internal_message.html?_=1663558721154&CODE_STATE=getMsg HTTP/1.1" 200 27
116.225.121.189 - - [19/Sep/2022:11:38:42 +0800] "GET /xingrg/kc/buy/cgsh_order_operate.html?command=get_materiel&rest_code=00105&code=00101020275&supplier_code=00100322&order_time=2022-09-19 HTTP/1.1" 200 434
180.162.112.101 - - [19/Sep/2022:11:38:43 +0800] "GET /xingrg/javascript/easyui/themes/default/images/tree_arrows.gif HTTP/1.1" 304 -
180.162.112.101 - - [19/Sep/2022:11:38:43 +0800] "GET /xingrg/javascript/easyui/themes/default/images/tree_folder.gif HTTP/1.1" 304 -
180.162.112.101 - - [19/Sep/2022:11:38:43 +0800] "GET /xingrg/javascript/easyui/themes/default/images/tree_folder_open.gif HTTP/1.1" 304 -
180.162.112.101 - - [19/Sep/2022:11:38:43 +0800] "GET /xingrg/javascript/easyui/themes/default/images/tree_file.gif HTTP/1.1" 304 -
116.225.121.189 - - [19/Sep/2022:11:38:43 +0800] "GET /xingrg/all/function/internal_message.html?_=1663558724602&CODE_STATE=getMsg HTTP/1.1" 200 27
116.230.114.213 - - [19/Sep/2022:11:38:45 +0800] "GET /xingrg/all/function/internal_message.html?_=1663558731374&CODE_STATE=getMsg HTTP/1.1" 200 27
180.169.147.146 - - [19/Sep/2022:11:38:48 +0800] "GET /xingrg/all/function/internal_message.html?_=1663558726887&CODE_STATE=getMsg HTTP/1.1" 200 27
180.162.112.101 - - [19/Sep/2022:11:38:49 +0800] "GET /xingrg/javascript/jquery_tools/images/prev.gif HTTP/1.1" 404 1086
180.162.112.101 - - [19/Sep/2022:11:38:49 +0800] "GET /xingrg/javascript/jquery_tools/images/next.gif HTTP/1.1" 404 1086
180.169.147.146 - - [19/Sep/2022:11:38:49 +0800] "GET /xingrg/all/function/internal_message.html?_=1663558729488&CODE_STATE=getMsg HTTP/1.1" 200 27
114.83.219.57 - - [19/Sep/2022:11:38:50 +0800] "GET /xingrg/check_reg.html?_=1663558815320 HTTP/1.1" 200 22
114.83.219.57 - - [19/Sep/2022:11:38:50 +0800] "GET /xingrg/all/function/internal_message.html?_=1663558815322&CODE_STATE=getMsg HTTP/1.1" 200 27
120.253.135.82 - - [19/Sep/2022:11:38:51 +0800] "GET /xingrg/kc/pszx/mdps_order_operate.html?command=get_materiel&pszx_code=00101&rest_code=00150&base_code=0010246&code=00101020267 HTTP/1.1" 200 456
116.225.121.189 - - [19/Sep/2022:11:38:52 +0800] "GET /xingrg/kc/buy/cgsh_order_operate.html?command=get_materiel&rest_code=00105&code=00101020281&supplier_code=00100322&order_time=2022-09-19 HTTP/1.1" 200 460
116.225.121.189 - - [19/Sep/2022:11:38:59 +0800] "POST /xingrg/all/common/load_select.html HTTP/1.1" 200 25
116.224.255.128 - - [19/Sep/2022:11:38:59 +0800] "GET /xingrg/all/function/internal_message.html?_=1663558739461&CODE_STATE=getMsg HTTP/1.1" 200 27
116.224.255.128 - - [19/Sep/2022:11:38:59 +0800] "GET /xingrg/check_reg.html?_=1663558739462 HTTP/1.1" 200 22
114.84.81.136 - - [19/Sep/2022:11:39:02 +0800] "GET /xingrg/check_reg.html?_=1663558739801 HTTP/1.1" 200 22
114.84.81.136 - - [19/Sep/2022:11:39:02 +0800] "GET /xingrg/all/function/internal_message.html?_=1663558739804&CODE_STATE=getMsg HTTP/1.1" 200 27
116.225.121.189 - - [19/Sep/2022:11:39:02 +0800] "GET /xingrg/kc/buy/cgsh_order_operate.html?command=get_materiel_price&rest_code=00105&code=00101020281&unit_code=00100291&supplier_code=00100322&order_time=2022-09-19 HTTP/1.1" 200 30
120.253.135.82 - - [19/Sep/2022:11:39:06 +0800] "GET /xingrg/kc/pszx/mdps_order_operate.html?command=get_materiel&pszx_code=00101&rest_code=00150&base_code=0010246&code=00101020350 HTTP/1.1" 200 459
116.225.121.189 - - [19/Sep/2022:11:39:11 +0800] "GET /xingrg/all/function/internal_message.html?_=1663558610832&CODE_STATE=getMsg HTTP/1.1" 200 27
114.88.158.224 - - [19/Sep/2022:11:39:13 +0800] "GET /xingrg/all/function/internal_message.html?_=1663558400381&CODE_STATE=getMsg HTTP/1.1" 200 27
116.225.121.189 - - [19/Sep/2022:11:39:13 +0800] "POST /xingrg/kc/buy/cgsh_order_operate.html HTTP/1.1" 200 37
61.170.235.57 - - [19/Sep/2022:11:39:13 +0800] "GET /xingrg/all/function/internal_message.html?_=1663558748063&CODE_STATE=getMsg HTTP/1.1" 200 27
116.225.121.189 - - [19/Sep/2022:11:39:14 +0800] "POST /xingrg/kc/buy/cgsh_order_operate.html HTTP/1.1" 200 2682
116.225.121.189 - - [19/Sep/2022:11:39:15 +0800] "GET /xingrg/kc/print/load_data.html?order_code=212022091906934&kc_code=cgsh&condition= HTTP/1.1" 200 686
116.238.169.132 - - [19/Sep/2022:11:39:15 +0800] "GET /xingrg/all/function/internal_message.html?_=1663558756200&CODE_STATE=getMsg HTTP/1.1" 200 27
101.85.93.113 - - [19/Sep/2022:11:39:16 +0800] "GET /xingrg/all/function/internal_message.html?_=1663558756269&CODE_STATE=getMsg HTTP/1.1" 200 27
61.170.235.57 - - [19/Sep/2022:11:39:17 +0800] "GET /xingrg/check_reg.html?_=1663558751656 HTTP/1.1" 200 22
120.253.135.82 - - [19/Sep/2022:11:39:18 +0800] "GET /xingrg/kc/pszx/mdps_order_operate.html?command=get_materiel&pszx_code=00101&rest_code=00150&base_code=0010246&code=00101020268 HTTP/1.1" 200 455
116.225.121.189 - - [19/Sep/2022:11:39:18 +0800] "GET /xingrg/kc/buy/cgsh_order_add.html HTTP/1.1" 200 68861
116.225.121.189 - - [19/Sep/2022:11:39:19 +0800] "POST /xingrg/kc/buy/cgsh_order_operate.html HTTP/1.1" 200 8245
116.225.121.189 - - [19/Sep/2022:11:39:19 +0800] "GET /xingrg/javascript/easyui/themes/default/validatebox.css HTTP/1.1" 404 1104
180.169.147.146 - - [19/Sep/2022:11:39:19 +0800] "GET /xingrg/all/function/internal_message.html?_=1663559075155&CODE_STATE=getMsg HTTP/1.1" 200 27
180.162.112.101 - - [19/Sep/2022:11:39:20 +0800] "GET /xingrg/javascript/auto/indicator.gif HTTP/1.1" 404 1066
120.253.135.82 - - [19/Sep/2022:11:39:24 +0800] "POST /xingrg/kc/pszx/mdps_order_operate.html HTTP/1.1" 200 37
120.253.135.82 - - [19/Sep/2022:11:39:25 +0800] "GET /xingrg/kc/pszx/mdps_order_info.html?code=312022091900460 HTTP/1.1" 200 23978
180.162.112.101 - - [19/Sep/2022:11:39:25 +0800] "GET /xingrg/kc/buy/cgsh_order_operate.html?command=get_materiel&rest_code=00143&code=00101008126&supplier_code=00100161&order_time=2022-09-16 HTTP/1.1" 200 412
120.253.135.82 - - [19/Sep/2022:11:39:25 +0800] "POST /xingrg/kc/pszx/mdps_order_operate.html HTTP/1.1" 200 3311
120.253.135.82 - - [19/Sep/2022:11:39:25 +0800] "GET /xingrg/javascript/easyui/themes/default/validatebox.css HTTP/1.1" 404 1104
116.230.105.139 - - [19/Sep/2022:11:39:27 +0800] "GET /xingrg/all/function/internal_message.html?_=1663558766163&CODE_STATE=getMsg HTTP/1.1" 200 27
124.79.74.72 - - [19/Sep/2022:11:39:28 +0800] "GET /xingrg/all/function/internal_message.html?_=1663558767557&CODE_STATE=getMsg HTTP/1.1" 200 27
180.162.112.101 - - [19/Sep/2022:11:39:28 +0800] "GET /xingrg/all/function/internal_message.html?_=1663557890995&CODE_STATE=getMsg HTTP/1.1" 200 27
116.225.121.189 - - [19/Sep/2022:11:39:29 +0800] "GET /xingrg/kc/buy/cgsh_order_operate.html?command=get_materiel&rest_code=00105&code=00101010088&supplier_code=00100323&order_time=2022-09-19 HTTP/1.1" 200 418
114.84.81.136 - - [19/Sep/2022:11:39:29 +0800] "GET /xingrg/check_reg.html?_=1663558769615 HTTP/1.1" 200 22
120.253.135.82 - - [19/Sep/2022:11:39:30 +0800] "POST /xingrg/kc/pszx/mdps_order_operate.html HTTP/1.1" 200 37
120.253.135.82 - - [19/Sep/2022:11:39:30 +0800] "GET /xingrg/kc/pszx/mdps_order_info.html?code=312022091900460 HTTP/1.1" 200 23978
114.84.81.136 - - [19/Sep/2022:11:39:30 +0800] "GET /xingrg/all/function/internal_message.html?_=1663558770774&CODE_STATE=getMsg HTTP/1.1" 200 27
120.253.135.82 - - [19/Sep/2022:11:39:31 +0800] "GET /xingrg/javascript/easyui/themes/default/validatebox.css HTTP/1.1" 404 1104
120.253.135.82 - - [19/Sep/2022:11:39:31 +0800] "POST /xingrg/kc/pszx/mdps_order_operate.html HTTP/1.1" 200 3311
120.253.135.82 - - [19/Sep/2022:11:39:33 +0800] "POST /xingrg/kc/pszx/mdps_list_operate.html HTTP/1.1" 200 2433
114.83.217.204 - - [19/Sep/2022:11:39:36 +0800] "GET /xingrg/all/function/internal_message.html?_=1663558775123&CODE_STATE=getMsg HTTP/1.1" 200 27
116.225.121.189 - - [19/Sep/2022:11:39:40 +0800] "GET /xingrg/kc/buy/cgsh_order_operate.html?command=get_materiel&rest_code=00105&code=00101010082&supplier_code=00100323&order_time=2022-09-19 HTTP/1.1" 200 445
120.253.135.82 - - [19/Sep/2022:11:39:40 +0800] "POST /xingrg/kc/pszx/mdps_list_operate.html HTTP/1.1" 200 289
222.70.182.161 - - [19/Sep/2022:11:39:41 +0800] "GET /xingrg/all/function/internal_message.html?_=1663558781138&CODE_STATE=getMsg HTTP/1.1" 200 27
120.253.135.82 - - [19/Sep/2022:11:39:42 +0800] "GET /xingrg/kc/pszx/mdps_order_info.html?code=312022091900459 HTTP/1.1" 200 23978
120.253.135.82 - - [19/Sep/2022:11:39:43 +0800] "GET /xingrg/javascript/easyui/themes/default/validatebox.css HTTP/1.1" 404 1104
120.253.135.82 - - [19/Sep/2022:11:39:43 +0800] "POST /xingrg/kc/pszx/mdps_order_operate.html HTTP/1.1" 200 2803
116.225.121.189 - - [19/Sep/2022:11:39:43 +0800] "GET /xingrg/all/function/internal_message.html?_=1663558784596&CODE_STATE=getMsg HTTP/1.1" 200 27
116.230.114.213 - - [19/Sep/2022:11:39:45 +0800] "GET /xingrg/all/function/internal_message.html?_=1663558791389&CODE_STATE=getMsg HTTP/1.1" 200 27
180.162.112.101 - - [19/Sep/2022:11:39:45 +0800] "GET /xingrg/kc/buy/cgsh_order_operate.html?command=get_materiel&rest_code=00143&code=00101008036&supplier_code=00100161&order_time=2022-09-16 HTTP/1.1" 200 408
180.169.147.146 - - [19/Sep/2022:11:39:48 +0800] "GET /xingrg/all/function/internal_message.html?_=1663558786886&CODE_STATE=getMsg HTTP/1.1" 200 27
101.85.93.113 - - [19/Sep/2022:11:39:48 +0800] "GET /xingrg/kc/buy/cgsh_order_add.html HTTP/1.1" 200 67898
101.85.93.113 - - [19/Sep/2022:11:39:48 +0800] "GET /xingrg/javascript/pic_change.js HTTP/1.1" 304 -
101.85.93.113 - - [19/Sep/2022:11:39:48 +0800] "GET /xingrg/javascript/jquery_tools/order_manager.js HTTP/1.1" 304 -
101.85.93.113 - - [19/Sep/2022:11:39:48 +0800] "GET /xingrg/javascript/convert.js HTTP/1.1" 304 -
101.85.93.113 - - [19/Sep/2022:11:39:48 +0800] "GET /xingrg/javascript/json2.js HTTP/1.1" 304 -
101.85.93.113 - - [19/Sep/2022:11:39:48 +0800] "GET /xingrg/javascript/print/kc_print.js HTTP/1.1" 304 -
101.85.93.113 - - [19/Sep/2022:11:39:48 +0800] "GET /xingrg/words/20220918114309_words.js HTTP/1.1" 200 921567
101.85.93.113 - - [19/Sep/2022:11:39:49 +0800] "GET /xingrg/javascript/easyui/themes/icons/copy_new.png HTTP/1.1" 304 -
101.85.93.113 - - [19/Sep/2022:11:39:49 +0800] "GET /xingrg/javascript/easyui/themes/icons/template_new.png HTTP/1.1" 304 -
101.85.93.113 - - [19/Sep/2022:11:39:49 +0800] "GET /xingrg/javascript/easyui/themes/icons/ok.png HTTP/1.1" 304 -
101.85.93.113 - - [19/Sep/2022:11:39:49 +0800] "GET /xingrg/javascript/easyui/themes/icons/print.png HTTP/1.1" 304 -
101.85.93.113 - - [19/Sep/2022:11:39:49 +0800] "GET /xingrg/javascript/easyui/themes/default/images/menu_downarrow.png HTTP/1.1" 304 -
101.85.93.113 - - [19/Sep/2022:11:39:49 +0800] "GET /xingrg/javascript/easyui/themes/icons/cancel.png HTTP/1.1" 304 -
120.253.135.82 - - [19/Sep/2022:11:39:49 +0800] "GET /xingrg/kc/print/load_data.html?order_code=312022091900459&kc_code=mdps&condition= HTTP/1.1" 200 934
101.85.93.113 - - [19/Sep/2022:11:39:49 +0800] "POST /xingrg/kc/buy/cgsh_order_operate.html HTTP/1.1" 200 8245
101.85.93.113 - - [19/Sep/2022:11:39:49 +0800] "GET /xingrg/all/common/auto_word.html?type=employee&rest_code=00142 HTTP/1.1" 200 105
101.85.93.113 - - [19/Sep/2022:11:39:49 +0800] "GET /xingrg/javascript/easyui/themes/default/validatebox.css HTTP/1.1" 404 1104
101.85.93.113 - - [19/Sep/2022:11:39:49 +0800] "GET /xingrg/all/common/auto_word.html?type=employee&rest_code=00142 HTTP/1.1" 200 105
101.85.93.113 - - [19/Sep/2022:11:39:49 +0800] "GET /xingrg/javascript/easyui/plugins/jquery.validatebox.js HTTP/1.1" 304 -
101.85.93.113 - - [19/Sep/2022:11:39:49 +0800] "GET /xingrg/javascript/easyui/themes/icons/edit_remove.png HTTP/1.1" 304 -
101.85.93.113 - - [19/Sep/2022:11:39:49 +0800] "GET /xingrg/javascript/easyui/plugins/jquery.numberbox.js HTTP/1.1" 304 -
180.169.147.146 - - [19/Sep/2022:11:39:49 +0800] "GET /xingrg/all/function/internal_message.html?_=1663558789492&CODE_STATE=getMsg HTTP/1.1" 200 27
114.83.219.57 - - [19/Sep/2022:11:39:50 +0800] "GET /xingrg/all/function/internal_message.html?_=1663558875327&CODE_STATE=getMsg HTTP/1.1" 200 27
101.85.93.113 - - [19/Sep/2022:11:39:50 +0800] "GET /xingrg/javascript/auto/indicator.gif HTTP/1.1" 404 1066
116.225.121.189 - - [19/Sep/2022:11:39:54 +0800] "GET /xingrg/kc/buy/cgsh_order_operate.html?command=get_materiel&rest_code=00105&code=00101002029&supplier_code=00100323&order_time=2022-09-19 HTTP/1.1" 200 414
120.253.135.82 - - [19/Sep/2022:11:39:55 +0800] "POST /xingrg/kc/pszx/mdps_list_operate.html HTTP/1.1" 200 2433
120.253.135.82 - - [19/Sep/2022:11:39:56 +0800] "POST /xingrg/kc/pszx/mdps_list_operate.html HTTP/1.1" 200 378
120.253.135.82 - - [19/Sep/2022:11:39:56 +0800] "GET /xingrg/kc/pszx/mdps_order_info.html?code=312022091900460 HTTP/1.1" 200 23978
120.253.135.82 - - [19/Sep/2022:11:39:57 +0800] "POST /xingrg/kc/pszx/mdps_order_operate.html HTTP/1.1" 200 3311
120.253.135.82 - - [19/Sep/2022:11:39:57 +0800] "GET /xingrg/javascript/easyui/themes/default/validatebox.css HTTP/1.1" 404 1104
180.162.112.101 - - [19/Sep/2022:11:39:59 +0800] "GET /xingrg/kc/buy/cgsh_order_operate.html?command=get_materiel&rest_code=00143&code=00101008005&supplier_code=00100161&order_time=2022-09-16 HTTP/1.1" 200 412
116.224.255.128 - - [19/Sep/2022:11:39:59 +0800] "GET /xingrg/all/function/internal_message.html?_=1663558799467&CODE_STATE=getMsg HTTP/1.1" 200 27
120.253.135.82 - - [19/Sep/2022:11:40:00 +0800] "GET /xingrg/kc/print/load_data.html?order_code=312022091900460&kc_code=mdps&condition= HTTP/1.1" 200 1211
114.84.81.136 - - [19/Sep/2022:11:40:02 +0800] "GET /xingrg/all/function/internal_message.html?_=1663558799804&CODE_STATE=getMsg HTTP/1.1" 200 27
120.253.135.82 - - [19/Sep/2022:11:40:05 +0800] "POST /xingrg/kc/pszx/mdps_list_operate.html HTTP/1.1" 200 2433
116.225.121.189 - - [19/Sep/2022:11:40:06 +0800] "GET /xingrg/kc/buy/cgsh_order_operate.html?command=get_materiel&rest_code=00105&code=00101001109&supplier_code=00100323&order_time=2022-09-19 HTTP/1.1" 200 414
120.253.135.82 - - [19/Sep/2022:11:40:07 +0800] "POST /xingrg/kc/pszx/mdps_list_operate.html HTTP/1.1" 200 201
101.85.93.113 - - [19/Sep/2022:11:40:08 +0800] "GET /xingrg/kc/buy/cgsh_order_operate.html?command=get_materiel&rest_code=00142&code=00101008108&supplier_code=00100161&order_time=2022-09-19 HTTP/1.1" 200 412
116.225.121.189 - - [19/Sep/2022:11:40:11 +0800] "GET /xingrg/check_reg.html?_=1663558670699 HTTP/1.1" 200 22
116.225.121.189 - - [19/Sep/2022:11:40:11 +0800] "GET /xingrg/all/function/internal_message.html?_=1663558670819&CODE_STATE=getMsg HTTP/1.1" 200 27
180.162.112.101 - - [19/Sep/2022:11:40:12 +0800] "GET /xingrg/kc/buy/cgsh_order_operate.html?command=get_materiel&rest_code=00143&code=00101008261&supplier_code=00100161&order_time=2022-09-16 HTTP/1.1" 200 408
114.88.158.224 - - [19/Sep/2022:11:40:13 +0800] "GET /xingrg/all/function/internal_message.html?_=1663558460353&CODE_STATE=getMsg HTTP/1.1" 200 27
61.170.235.57 - - [19/Sep/2022:11:40:13 +0800] "GET /xingrg/all/function/internal_message.html?_=1663558808041&CODE_STATE=getMsg HTTP/1.1" 200 27
116.238.169.132 - - [19/Sep/2022:11:40:15 +0800] "GET /xingrg/all/function/internal_message.html?_=1663558816190&CODE_STATE=getMsg HTTP/1.1" 200 27
101.85.93.113 - - [19/Sep/2022:11:40:16 +0800] "GET /xingrg/all/function/internal_message.html?_=1663558816296&CODE_STATE=getMsg HTTP/1.1" 200 27
180.169.147.146 - - [19/Sep/2022:11:40:19 +0800] "GET /xingrg/all/function/internal_message.html?_=1663559135158&CODE_STATE=getMsg HTTP/1.1" 200 27
101.85.93.113 - - [19/Sep/2022:11:40:20 +0800] "GET /xingrg/kc/buy/cgsh_order_operate.html?command=get_materiel&rest_code=00142&code=00101008368&supplier_code=00100161&order_time=2022-09-19 HTTP/1.1" 200 408
180.162.112.101 - - [19/Sep/2022:11:40:25 +0800] "GET /xingrg/kc/buy/cgsh_order_operate.html?command=get_materiel&rest_code=00143&code=00101008361&supplier_code=00100161&order_time=2022-09-16 HTTP/1.1" 200 408
116.230.105.139 - - [19/Sep/2022:11:40:27 +0800] "GET /xingrg/all/function/internal_message.html?_=1663558826147&CODE_STATE=getMsg HTTP/1.1" 200 27
124.79.74.72 - - [19/Sep/2022:11:40:28 +0800] "GET /xingrg/all/function/internal_message.html?_=1663558827559&CODE_STATE=getMsg HTTP/1.1" 200 27
180.162.112.101 - - [19/Sep/2022:11:40:28 +0800] "GET /xingrg/all/function/internal_message.html?_=1663557950993&CODE_STATE=getMsg HTTP/1.1" 200 27
101.85.93.113 - - [19/Sep/2022:11:40:30 +0800] "GET /xingrg/kc/buy/cgsh_order_operate.html?command=get_materiel&rest_code=00142&code=00101008005&supplier_code=00100161&order_time=2022-09-19 HTTP/1.1" 200 412
114.84.81.136 - - [19/Sep/2022:11:40:30 +0800] "GET /xingrg/all/function/internal_message.html?_=1663558830758&CODE_STATE=getMsg HTTP/1.1" 200 27
114.83.217.204 - - [19/Sep/2022:11:40:36 +0800] "GET /xingrg/all/function/internal_message.html?_=1663558835103&CODE_STATE=getMsg HTTP/1.1" 200 27
180.162.112.101 - - [19/Sep/2022:11:40:36 +0800] "GET /xingrg/kc/buy/cgsh_order_operate.html?command=get_materiel&rest_code=00143&code=00101008355&supplier_code=00100161&order_time=2022-09-16 HTTP/1.1" 200 408
116.225.121.189 - - [19/Sep/2022:11:40:37 +0800] "GET /xingrg/kc/buy/cgsh_order_operate.html?command=get_materiel&rest_code=00105&code=00101010338&supplier_code=00100323&order_time=2022-09-19 HTTP/1.1" 200 442
222.70.182.161 - - [19/Sep/2022:11:40:38 +0800] "GET /xingrg/check_reg.html?_=1663558837582 HTTP/1.1" 200 22
101.85.93.113 - - [19/Sep/2022:11:40:39 +0800] "GET /xingrg/kc/buy/cgsh_order_operate.html?command=get_materiel&rest_code=00142&code=00101008268&supplier_code=00100161&order_time=2022-09-19 HTTP/1.1" 200 408
222.70.182.161 - - [19/Sep/2022:11:40:41 +0800] "GET /xingrg/all/function/internal_message.html?_=1663558841110&CODE_STATE=getMsg HTTP/1.1" 200 27
116.225.121.189 - - [19/Sep/2022:11:40:43 +0800] "GET /xingrg/check_reg.html?_=1663558844545 HTTP/1.1" 200 22
116.225.121.189 - - [19/Sep/2022:11:40:43 +0800] "GET /xingrg/all/function/internal_message.html?_=1663558844548&CODE_STATE=getMsg HTTP/1.1" 200 27
116.230.114.213 - - [19/Sep/2022:11:40:46 +0800] "GET /xingrg/all/function/internal_message.html?_=1663558851541&CODE_STATE=getMsg HTTP/1.1" 200 27
180.162.112.101 - - [19/Sep/2022:11:40:48 +0800] "GET /xingrg/kc/buy/cgsh_order_operate.html?command=get_materiel&rest_code=00143&code=00101008024&supplier_code=00100161&order_time=2022-09-16 HTTP/1.1" 200 408
180.169.147.146 - - [19/Sep/2022:11:40:48 +0800] "GET /xingrg/all/function/internal_message.html?_=1663558846883&CODE_STATE=getMsg HTTP/1.1" 200 27
180.169.147.146 - - [19/Sep/2022:11:40:48 +0800] "GET /xingrg/check_reg.html?_=1663558846884 HTTP/1.1" 200 22
101.85.93.113 - - [19/Sep/2022:11:40:48 +0800] "GET /xingrg/kc/buy/cgsh_order_operate.html?command=get_materiel&rest_code=00142&code=00101008059&supplier_code=00100161&order_time=2022-09-19 HTTP/1.1" 200 408
180.169.147.146 - - [19/Sep/2022:11:40:49 +0800] "GET /xingrg/check_reg.html?_=1663558849489 HTTP/1.1" 200 22
180.169.147.146 - - [19/Sep/2022:11:40:49 +0800] "GET /xingrg/all/function/internal_message.html?_=1663558849491&CODE_STATE=getMsg HTTP/1.1" 200 27
114.83.219.57 - - [19/Sep/2022:11:40:50 +0800] "GET /xingrg/all/function/internal_message.html?_=1663558935332&CODE_STATE=getMsg HTTP/1.1" 200 27
116.225.121.189 - - [19/Sep/2022:11:40:53 +0800] "GET /xingrg/kc/buy/cgsh_order_operate.html?command=get_materiel&rest_code=00105&code=00101020115&supplier_code=00100323&order_time=2022-09-19 HTTP/1.1" 200 409
101.85.93.113 - - [19/Sep/2022:11:40:57 +0800] "GET /xingrg/kc/buy/cgsh_order_operate.html?command=get_materiel&rest_code=00142&code=00101008361&supplier_code=00100161&order_time=2022-09-19 HTTP/1.1" 200 408
116.224.255.128 - - [19/Sep/2022:11:40:59 +0800] "GET /xingrg/all/function/internal_message.html?_=1663558859467&CODE_STATE=getMsg HTTP/1.1" 200 27
114.84.81.136 - - [19/Sep/2022:11:41:02 +0800] "GET /xingrg/all/function/internal_message.html?_=1663558859790&CODE_STATE=getMsg HTTP/1.1" 200 27
180.162.112.101 - - [19/Sep/2022:11:41:02 +0800] "GET /xingrg/kc/buy/cgsh_order_operate.html?command=get_materiel&rest_code=00143&code=00101008356&supplier_code=00100161&order_time=2022-09-16 HTTP/1.1" 200 429
116.225.121.189 - - [19/Sep/2022:11:41:09 +0800] "POST /xingrg/kc/buy/cgsh_order_operate.html HTTP/1.1" 200 37
116.225.121.189 - - [19/Sep/2022:11:41:10 +0800] "POST /xingrg/kc/buy/cgsh_order_operate.html HTTP/1.1" 200 5653
101.85.93.113 - - [19/Sep/2022:11:41:10 +0800] "GET /xingrg/kc/buy/cgsh_order_operate.html?command=get_materiel&rest_code=00142&code=00101008355&supplier_code=00100161&order_time=2022-09-19 HTTP/1.1" 200 408
116.225.121.189 - - [19/Sep/2022:11:41:11 +0800] "GET /xingrg/all/function/internal_message.html?_=1663558730805&CODE_STATE=getMsg HTTP/1.1" 200 27
180.162.112.101 - - [19/Sep/2022:11:41:11 +0800] "GET /xingrg/kc/buy/cgsh_order_operate.html?command=get_materiel&rest_code=00143&code=00101008286&supplier_code=00100161&order_time=2022-09-16 HTTP/1.1" 200 408
116.225.121.189 - - [19/Sep/2022:11:41:11 +0800] "GET /xingrg/kc/print/load_data.html?order_code=212022091906935&kc_code=cgsh&condition= HTTP/1.1" 200 1846
114.88.158.224 - - [19/Sep/2022:11:41:13 +0800] "GET /xingrg/all/function/internal_message.html?_=1663558520325&CODE_STATE=getMsg HTTP/1.1" 200 27
61.170.235.57 - - [19/Sep/2022:11:41:13 +0800] "GET /xingrg/all/function/internal_message.html?_=1663558868020&CODE_STATE=getMsg HTTP/1.1" 200 27
116.225.121.189 - - [19/Sep/2022:11:41:15 +0800] "GET /xingrg/kc/buy/cgsh_order_add.html HTTP/1.1" 200 68861
116.225.121.189 - - [19/Sep/2022:11:41:15 +0800] "POST /xingrg/kc/buy/cgsh_order_operate.html HTTP/1.1" 200 8245
116.225.121.189 - - [19/Sep/2022:11:41:15 +0800] "GET /xingrg/javascript/easyui/themes/default/validatebox.css HTTP/1.1" 404 1104
116.238.169.132 - - [19/Sep/2022:11:41:15 +0800] "GET /xingrg/all/function/internal_message.html?_=1663558876180&CODE_STATE=getMsg HTTP/1.1" 200 27
101.85.93.113 - - [19/Sep/2022:11:41:16 +0800] "GET /xingrg/check_reg.html?_=1663558876295 HTTP/1.1" 200 22
101.85.93.113 - - [19/Sep/2022:11:41:16 +0800] "GET /xingrg/all/function/internal_message.html?_=1663558876300&CODE_STATE=getMsg HTTP/1.1" 200 27
180.169.147.146 - - [19/Sep/2022:11:41:19 +0800] "GET /xingrg/check_reg.html?_=1663559195144 HTTP/1.1" 200 22
180.169.147.146 - - [19/Sep/2022:11:41:19 +0800] "GET /xingrg/all/function/internal_message.html?_=1663559195146&CODE_STATE=getMsg HTTP/1.1" 200 27
101.85.93.113 - - [19/Sep/2022:11:41:19 +0800] "GET /xingrg/kc/buy/cgsh_order_operate.html?command=get_materiel&rest_code=00142&code=00101008024&supplier_code=00100161&order_time=2022-09-19 HTTP/1.1" 200 408
180.162.112.101 - - [19/Sep/2022:11:41:22 +0800] "GET /xingrg/kc/buy/cgsh_order_operate.html?command=get_materiel&rest_code=00143&code=00101008353&supplier_code=00100161&order_time=2022-09-16 HTTP/1.1" 200 428
116.225.121.189 - - [19/Sep/2022:11:41:26 +0800] "GET /xingrg/kc/buy/cgsh_order_operate.html?command=get_materiel&rest_code=00105&code=00101007032&supplier_code=00100328&order_time=2022-09-19 HTTP/1.1" 200 432
116.230.105.139 - - [19/Sep/2022:11:41:27 +0800] "GET /xingrg/all/function/internal_message.html?_=1663558886135&CODE_STATE=getMsg HTTP/1.1" 200 27
124.79.74.72 - - [19/Sep/2022:11:41:28 +0800] "GET /xingrg/all/function/internal_message.html?_=1663558887546&CODE_STATE=getMsg HTTP/1.1" 200 27
180.162.112.101 - - [19/Sep/2022:11:41:28 +0800] "GET /xingrg/all/function/internal_message.html?_=1663558010979&CODE_STATE=getMsg HTTP/1.1" 200 27
101.85.93.113 - - [19/Sep/2022:11:41:28 +0800] "GET /xingrg/kc/buy/cgsh_order_operate.html?command=get_materiel&rest_code=00142&code=00101008356&supplier_code=00100161&order_time=2022-09-19 HTTP/1.1" 200 429
114.84.81.136 - - [19/Sep/2022:11:41:30 +0800] "GET /xingrg/all/function/internal_message.html?_=1663558890743&CODE_STATE=getMsg HTTP/1.1" 200 27
114.83.217.204 - - [19/Sep/2022:11:41:36 +0800] "GET /xingrg/all/function/internal_message.html?_=1663558895085&CODE_STATE=getMsg HTTP/1.1" 200 27
116.225.121.189 - - [19/Sep/2022:11:41:36 +0800] "POST /xingrg/kc/buy/cgsh_order_operate.html HTTP/1.1" 200 37
101.85.93.113 - - [19/Sep/2022:11:41:37 +0800] "GET /xingrg/kc/buy/cgsh_order_operate.html?command=get_materiel&rest_code=00142&code=00101008286&supplier_code=00100161&order_time=2022-09-19 HTTP/1.1" 200 408
116.225.121.189 - - [19/Sep/2022:11:41:38 +0800] "POST /xingrg/kc/buy/cgsh_order_operate.html HTTP/1.1" 200 2658
116.225.121.189 - - [19/Sep/2022:11:41:40 +0800] "GET /xingrg/kc/print/load_data.html?order_code=212022091906936&kc_code=cgsh&condition= HTTP/1.1" 200 671
222.70.182.161 - - [19/Sep/2022:11:41:41 +0800] "GET /xingrg/all/function/internal_message.html?_=1663558901095&CODE_STATE=getMsg HTTP/1.1" 200 27
116.225.121.189 - - [19/Sep/2022:11:41:43 +0800] "GET /xingrg/all/function/internal_message.html?_=1663558904532&CODE_STATE=getMsg HTTP/1.1" 200 27
116.230.114.213 - - [19/Sep/2022:11:41:46 +0800] "GET /xingrg/all/function/internal_message.html?_=1663558911556&CODE_STATE=getMsg HTTP/1.1" 200 27
180.162.112.101 - - [19/Sep/2022:11:41:47 +0800] "GET /xingrg/kc/buy/cgsh_order_operate.html?command=get_materiel&rest_code=00143&code=00101013044&supplier_code=00100161&order_time=2022-09-16 HTTP/1.1" 200 448
180.169.147.146 - - [19/Sep/2022:11:41:48 +0800] "GET /xingrg/all/function/internal_message.html?_=1663558906900&CODE_STATE=getMsg HTTP/1.1" 200 27
180.169.147.146 - - [19/Sep/2022:11:41:49 +0800] "GET /xingrg/all/function/internal_message.html?_=1663558909489&CODE_STATE=getMsg HTTP/1.1" 200 27
116.225.121.189 - - [19/Sep/2022:11:41:50 +0800] "GET /xingrg/kc/buy/cgsh_order_add.html HTTP/1.1" 200 68861
116.225.121.189 - - [19/Sep/2022:11:41:50 +0800] "POST /xingrg/kc/buy/cgsh_order_operate.html HTTP/1.1" 200 8245
114.83.219.57 - - [19/Sep/2022:11:41:50 +0800] "GET /xingrg/all/function/internal_message.html?_=1663558995319&CODE_STATE=getMsg HTTP/1.1" 200 27
116.225.121.189 - - [19/Sep/2022:11:41:50 +0800] "GET /xingrg/javascript/easyui/themes/default/validatebox.css HTTP/1.1" 404 1104
101.85.93.113 - - [19/Sep/2022:11:41:51 +0800] "GET /xingrg/kc/buy/cgsh_order_operate.html?command=get_materiel&rest_code=00142&code=00101008366&supplier_code=00100161&order_time=2022-09-19 HTTP/1.1" 200 408
180.162.112.101 - - [19/Sep/2022:11:41:58 +0800] "GET /xingrg/kc/buy/cgsh_order_operate.html?command=get_materiel&rest_code=00143&code=00101008298&supplier_code=00100161&order_time=2022-09-16 HTTP/1.1" 200 412
116.224.255.128 - - [19/Sep/2022:11:41:59 +0800] "GET /xingrg/all/function/internal_message.html?_=1663558919483&CODE_STATE=getMsg HTTP/1.1" 200 27
116.225.121.189 - - [19/Sep/2022:11:42:00 +0800] "GET /xingrg/kc/buy/cgsh_order_operate.html?command=get_materiel&rest_code=00105&code=00101001045&supplier_code=00100439&order_time=2022-09-19 HTTP/1.1" 200 423
114.84.81.136 - - [19/Sep/2022:11:42:02 +0800] "GET /xingrg/all/function/internal_message.html?_=1663558919789&CODE_STATE=getMsg HTTP/1.1" 200 27
101.85.93.113 - - [19/Sep/2022:11:42:02 +0800] "GET /xingrg/kc/buy/cgsh_order_operate.html?command=get_materiel&rest_code=00142&code=00101008350&supplier_code=00100161&order_time=2022-09-19 HTTP/1.1" 200 429
120.253.135.82 - - [19/Sep/2022:11:42:07 +0800] "GET /xingrg/check_reg.html?_=1663558726061 HTTP/1.1" 200 22
180.162.112.101 - - [19/Sep/2022:11:42:09 +0800] "GET /xingrg/kc/buy/cgsh_order_operate.html?command=get_materiel&rest_code=00143&code=00101008354&supplier_code=00100161&order_time=2022-09-16 HTTP/1.1" 200 412
116.225.121.189 - - [19/Sep/2022:11:42:11 +0800] "GET /xingrg/all/function/internal_message.html?_=1663558790821&CODE_STATE=getMsg HTTP/1.1" 200 27
101.85.93.113 - - [19/Sep/2022:11:42:12 +0800] "GET /xingrg/kc/buy/cgsh_order_operate.html?command=get_materiel&rest_code=00142&code=00101008357&supplier_code=00100161&order_time=2022-09-19 HTTP/1.1" 200 428
114.88.158.224 - - [19/Sep/2022:11:42:13 +0800] "GET /xingrg/all/function/internal_message.html?_=1663558580304&CODE_STATE=getMsg HTTP/1.1" 200 27
61.170.235.57 - - [19/Sep/2022:11:42:13 +0800] "GET /xingrg/all/function/internal_message.html?_=1663558927988&CODE_STATE=getMsg HTTP/1.1" 200 27
116.225.121.189 - - [19/Sep/2022:11:42:15 +0800] "POST /xingrg/kc/buy/cgsh_order_operate.html HTTP/1.1" 200 37
116.238.169.132 - - [19/Sep/2022:11:42:15 +0800] "GET /xingrg/all/function/internal_message.html?_=1663558936179&CODE_STATE=getMsg HTTP/1.1" 200 27
116.225.121.189 - - [19/Sep/2022:11:42:16 +0800] "POST /xingrg/kc/buy/cgsh_order_operate.html HTTP/1.1" 200 2670
101.85.93.113 - - [19/Sep/2022:11:42:16 +0800] "GET /xingrg/all/function/internal_message.html?_=1663558936290&CODE_STATE=getMsg HTTP/1.1" 200 27
116.225.121.189 - - [19/Sep/2022:11:42:17 +0800] "GET /xingrg/kc/print/load_data.html?order_code=212022091906937&kc_code=cgsh&condition= HTTP/1.1" 200 687
180.169.147.146 - - [19/Sep/2022:11:42:19 +0800] "GET /xingrg/all/function/internal_message.html?_=1663559255145&CODE_STATE=getMsg HTTP/1.1" 200 27
180.162.112.101 - - [19/Sep/2022:11:42:19 +0800] "GET /xingrg/kc/buy/cgsh_order_operate.html?command=get_materiel&rest_code=00143&code=00101008352&supplier_code=00100161&order_time=2022-09-16 HTTP/1.1" 200 412
116.225.121.189 - - [19/Sep/2022:11:42:19 +0800] "GET /xingrg/kc/buy/cgsh_order_add.html HTTP/1.1" 200 68861
116.225.121.189 - - [19/Sep/2022:11:42:20 +0800] "POST /xingrg/kc/buy/cgsh_order_operate.html HTTP/1.1" 200 8245
116.225.121.189 - - [19/Sep/2022:11:42:20 +0800] "GET /xingrg/javascript/easyui/themes/default/validatebox.css HTTP/1.1" 404 1104
116.225.121.189 - - [19/Sep/2022:11:42:21 +0800] "GET /xingrg/kc/base/wldb_order_list.html HTTP/1.1" 200 19180
116.225.121.189 - - [19/Sep/2022:11:42:22 +0800] "POST /xingrg/kc/base/wldb_list_operate.html HTTP/1.1" 200 2559
101.85.93.113 - - [19/Sep/2022:11:42:23 +0800] "GET /xingrg/kc/buy/cgsh_order_operate.html?command=get_materiel&rest_code=00142&code=00101008312&supplier_code=00100161&order_time=2022-09-19 HTTP/1.1" 200 412
116.225.121.189 - - [19/Sep/2022:11:42:26 +0800] "GET /xingrg/kc/base/wldb_order_add.html HTTP/1.1" 200 30394
116.225.121.189 - - [19/Sep/2022:11:42:26 +0800] "GET /xingrg/all/common/auto_word.html?type=base&rest_code=00105 HTTP/1.1" 200 1907
116.225.121.189 - - [19/Sep/2022:11:42:26 +0800] "GET /xingrg/all/common/auto_word.html?type=base&rest_code=00105 HTTP/1.1" 200 1907
116.225.121.189 - - [19/Sep/2022:11:42:26 +0800] "POST /xingrg/kc/base/wldb_order_operate.html HTTP/1.1" 200 6806
116.225.121.189 - - [19/Sep/2022:11:42:27 +0800] "GET /xingrg/javascript/easyui/themes/default/validatebox.css HTTP/1.1" 404 1104
116.230.105.139 - - [19/Sep/2022:11:42:27 +0800] "GET /xingrg/all/function/internal_message.html?_=1663558946119&CODE_STATE=getMsg HTTP/1.1" 200 27
116.225.121.189 - - [19/Sep/2022:11:42:28 +0800] "GET /xingrg/css/images/panel_loading.gif HTTP/1.1" 304 -
116.225.121.189 - - [19/Sep/2022:11:42:28 +0800] "POST /xingrg/all/common/load_combo.html?type=base HTTP/1.1" 200 3409
124.79.74.72 - - [19/Sep/2022:11:42:28 +0800] "GET /xingrg/all/function/internal_message.html?_=1663558947546&CODE_STATE=getMsg HTTP/1.1" 200 27
124.79.74.72 - - [19/Sep/2022:11:42:28 +0800] "GET /xingrg/check_reg.html?_=1663558947548 HTTP/1.1" 200 22
180.162.112.101 - - [19/Sep/2022:11:42:28 +0800] "GET /xingrg/all/function/internal_message.html?_=1663558070982&CODE_STATE=getMsg HTTP/1.1" 200 27
180.162.112.101 - - [19/Sep/2022:11:42:29 +0800] "GET /xingrg/kc/buy/cgsh_order_operate.html?command=get_materiel&rest_code=00143&code=00101008323&supplier_code=00100161&order_time=2022-09-16 HTTP/1.1" 200 408
114.84.81.136 - - [19/Sep/2022:11:42:30 +0800] "GET /xingrg/all/function/internal_message.html?_=1663558950732&CODE_STATE=getMsg HTTP/1.1" 200 27
101.85.93.113 - - [19/Sep/2022:11:42:32 +0800] "GET /xingrg/kc/buy/cgsh_order_operate.html?command=get_materiel&rest_code=00142&code=00101008264&supplier_code=00100161&order_time=2022-09-19 HTTP/1.1" 200 412
114.83.217.204 - - [19/Sep/2022:11:42:36 +0800] "GET /xingrg/all/function/internal_message.html?_=1663558955055&CODE_STATE=getMsg HTTP/1.1" 200 27
