124.79.74.72 - - [19/Sep/2022:10:19:31 +0800] "GET /xingrg/check_reg.html?_=1663553971053 HTTP/1.1" 200 22
180.169.147.146 - - [19/Sep/2022:10:19:31 +0800] "GET /xingrg/kc/buy/cgsh_order_operate.html?command=get_materiel&rest_code=00147&code=00101006124&supplier_code=00100015&order_time=2022-09-19 HTTP/1.1" 200 409
222.70.182.161 - - [19/Sep/2022:10:19:34 +0800] "POST /xingrg/kc/buy/cgsh_list_operate.html HTTP/1.1" 200 344
116.230.114.213 - - [19/Sep/2022:10:19:34 +0800] "GET /xingrg/kc/buy/cgsh_order_operate.html?command=get_materiel&rest_code=00146&code=00101008305&supplier_code=00100005&order_time=2022-09-19 HTTP/1.1" 200 412
114.83.217.204 - - [19/Sep/2022:10:19:37 +0800] "GET /xingrg/all/function/internal_message.html?_=1663553975962&CODE_STATE=getMsg HTTP/1.1" 200 27
124.79.74.72 - - [19/Sep/2022:10:19:39 +0800] "GET /xingrg/all/function/internal_message.html?_=1663553979244&CODE_STATE=getMsg HTTP/1.1" 200 27
116.230.114.213 - - [19/Sep/2022:10:19:41 +0800] "GET /xingrg/all/function/internal_message.html?_=1663553986900&CODE_STATE=getMsg HTTP/1.1" 200 27
222.70.182.161 - - [19/Sep/2022:10:19:43 +0800] "GET /xingrg/all/function/internal_message.html?_=1663553982549&CODE_STATE=getMsg HTTP/1.1" 200 27
116.225.121.189 - - [19/Sep/2022:10:19:43 +0800] "GET /xingrg/all/function/internal_message.html?_=1663553984446&CODE_STATE=getMsg HTTP/1.1" 200 27
222.70.182.161 - - [19/Sep/2022:10:19:43 +0800] "POST /xingrg/kc/buy/cgsh_list_operate.html HTTP/1.1" 200 347
222.70.182.161 - - [19/Sep/2022:10:19:47 +0800] "POST /xingrg/kc/buy/cgsh_list_operate.html HTTP/1.1" 200 343
180.169.147.146 - - [19/Sep/2022:10:19:48 +0800] "GET /xingrg/kc/buy/cgsh_order_operate.html?command=get_materiel&rest_code=00147&code=00101006240&supplier_code=00100015&order_time=2022-09-19 HTTP/1.1" 200 422
114.83.219.57 - - [19/Sep/2022:10:19:50 +0800] "GET /xingrg/all/function/internal_message.html?_=1663554075342&CODE_STATE=getMsg HTTP/1.1" 200 27
116.230.114.213 - - [19/Sep/2022:10:19:50 +0800] "GET /xingrg/kc/buy/cgsh_order_operate.html?command=get_materiel&rest_code=00146&code=00101008180&supplier_code=00100005&order_time=2022-09-19 HTTP/1.1" 200 413
222.70.182.161 - - [19/Sep/2022:10:19:54 +0800] "POST /xingrg/kc/buy/cgsh_list_operate.html HTTP/1.1" 200 277
222.70.182.161 - - [19/Sep/2022:10:19:57 +0800] "POST /xingrg/kc/buy/cgsh_list_operate.html HTTP/1.1" 200 570
180.169.147.146 - - [19/Sep/2022:10:20:01 +0800] "GET /xingrg/all/function/internal_message.html?_=1663554000764&CODE_STATE=getMsg HTTP/1.1" 200 27
114.84.81.136 - - [19/Sep/2022:10:20:02 +0800] "GET /xingrg/all/function/internal_message.html?_=1663553999610&CODE_STATE=getMsg HTTP/1.1" 200 27
222.70.182.161 - - [19/Sep/2022:10:20:02 +0800] "GET /xingrg/kc/buy/cgsh_order_info.html?code=212022091906855 HTTP/1.1" 200 68689
222.70.182.161 - - [19/Sep/2022:10:20:03 +0800] "GET /xingrg/javascript/easyui/themes/default/validatebox.css HTTP/1.1" 404 1104
222.70.182.161 - - [19/Sep/2022:10:20:04 +0800] "POST /xingrg/kc/buy/cgsh_order_operate.html HTTP/1.1" 200 10955
116.230.114.213 - - [19/Sep/2022:10:20:05 +0800] "GET /xingrg/kc/buy/cgsh_order_operate.html?command=get_materiel&rest_code=00146&code=00101008283&supplier_code=00100005&order_time=2022-09-19 HTTP/1.1" 200 428
222.70.182.161 - - [19/Sep/2022:10:20:07 +0800] "GET /xingrg/kc/print/load_data.html?order_code=212022091906855&kc_code=cgsh HTTP/1.1" 200 3857
180.169.147.146 - - [19/Sep/2022:10:20:07 +0800] "GET /xingrg/kc/buy/cgsh_order_operate.html?command=get_materiel&rest_code=00147&code=00101006055&supplier_code=00100015&order_time=2022-09-19 HTTP/1.1" 200 409
116.238.169.132 - - [19/Sep/2022:10:20:08 +0800] "GET /xingrg/all/function/internal_message.html?_=1663554008441&CODE_STATE=getMsg HTTP/1.1" 200 27
116.230.114.213 - - [19/Sep/2022:10:20:10 +0800] "POST /xingrg/kc/buy/cgsh_order_operate.html HTTP/1.1" 200 2065
116.225.121.189 - - [19/Sep/2022:10:20:11 +0800] "GET /xingrg/check_reg.html?_=1663553870605 HTTP/1.1" 200 22
116.225.121.189 - - [19/Sep/2022:10:20:11 +0800] "GET /xingrg/all/function/internal_message.html?_=1663553870609&CODE_STATE=getMsg HTTP/1.1" 200 27
180.169.147.146 - - [19/Sep/2022:10:20:14 +0800] "POST /xingrg/kc/buy/cgsh_order_operate.html HTTP/1.1" 200 37
61.170.235.57 - - [19/Sep/2022:10:20:14 +0800] "GET /xingrg/all/function/internal_message.html?_=1663554009525&CODE_STATE=getMsg HTTP/1.1" 200 27
180.169.147.146 - - [19/Sep/2022:10:20:17 +0800] "POST /xingrg/kc/buy/cgsh_order_operate.html HTTP/1.1" 200 3848
61.170.235.57 - - [19/Sep/2022:10:20:17 +0800] "POST /xingrg/services/DataTransmitService HTTP/1.1" 200 524
180.169.147.146 - - [19/Sep/2022:10:20:18 +0800] "GET /xingrg/kc/print/load_data.html?order_code=212022091906877&kc_code=cgsh&condition= HTTP/1.1" 200 1231
61.170.235.57 - - [19/Sep/2022:10:20:19 +0800] "POST /xingrg/services/DataTransmitService HTTP/1.1" 200 501
116.230.114.213 - - [19/Sep/2022:10:20:20 +0800] "GET /xingrg/kc/buy/cgsh_order_operate.html?command=get_materiel&rest_code=00146&code=00101008403&supplier_code=00100005&order_time=2022-09-19 HTTP/1.1" 200 432
180.169.147.146 - - [19/Sep/2022:10:20:21 +0800] "GET /xingrg/kc/buy/cgsh_order_add.html HTTP/1.1" 200 68725
180.169.147.146 - - [19/Sep/2022:10:20:21 +0800] "POST /xingrg/kc/buy/cgsh_order_operate.html HTTP/1.1" 200 8245
180.169.147.146 - - [19/Sep/2022:10:20:21 +0800] "GET /xingrg/javascript/easyui/themes/default/validatebox.css HTTP/1.1" 404 1104
61.170.235.57 - - [19/Sep/2022:10:20:22 +0800] "POST /xingrg/services/DataTransmitService HTTP/1.1" 200 524
61.170.235.57 - - [19/Sep/2022:10:20:24 +0800] "GET /xingrg/kc/buy/cgsh_order_operate.html?command=get_materiel&rest_code=00106&code=00101006221&supplier_code=00100015&order_time=2022-09-19 HTTP/1.1" 200 419
61.170.235.57 - - [19/Sep/2022:10:20:24 +0800] "POST /xingrg/services/DataTransmitService HTTP/1.1" 200 412
61.170.235.57 - - [19/Sep/2022:10:20:25 +0800] "POST /xingrg/services/DataTransmitService HTTP/1.1" 200 524
61.170.235.57 - - [19/Sep/2022:10:20:26 +0800] "POST /xingrg/services/DataTransmitService HTTP/1.1" 200 412
61.170.235.57 - - [19/Sep/2022:10:20:26 +0800] "POST /xingrg/services/DataTransmitService HTTP/1.1" 200 524
61.170.235.57 - - [19/Sep/2022:10:20:27 +0800] "POST /xingrg/services/DataTransmitService HTTP/1.1" 200 412
116.230.105.139 - - [19/Sep/2022:10:20:27 +0800] "GET /xingrg/all/function/internal_message.html?_=1663554027101&CODE_STATE=getMsg HTTP/1.1" 200 27
180.169.147.146 - - [19/Sep/2022:10:20:29 +0800] "GET /xingrg/all/function/internal_message.html?_=1663554029224&CODE_STATE=getMsg HTTP/1.1" 200 27
114.84.81.136 - - [19/Sep/2022:10:20:29 +0800] "GET /xingrg/all/function/internal_message.html?_=1663554029498&CODE_STATE=getMsg HTTP/1.1" 200 27
116.224.255.128 - - [19/Sep/2022:10:20:31 +0800] "GET /xingrg/all/function/internal_message.html?_=1663554030965&CODE_STATE=getMsg HTTP/1.1" 200 27
222.70.182.161 - - [19/Sep/2022:10:20:33 +0800] "POST /xingrg/kc/buy/cgsh_list_operate.html HTTP/1.1" 200 3685
116.230.114.213 - - [19/Sep/2022:10:20:34 +0800] "GET /xingrg/kc/buy/cgsh_order_operate.html?command=get_materiel&rest_code=00146&code=00101008586&supplier_code=00100005&order_time=2022-09-19 HTTP/1.1" 200 409
61.170.235.57 - - [19/Sep/2022:10:20:34 +0800] "POST /xingrg/services/DataTransmitService HTTP/1.1" 200 524
61.170.235.57 - - [19/Sep/2022:10:20:35 +0800] "GET /xingrg/kc/buy/cgsh_order_operate.html?command=get_materiel&rest_code=00106&code=00101006006&supplier_code=00100015&order_time=2022-09-19 HTTP/1.1" 200 411
114.83.217.204 - - [19/Sep/2022:10:20:37 +0800] "GET /xingrg/all/function/internal_message.html?_=1663554035946&CODE_STATE=getMsg HTTP/1.1" 200 27
222.70.182.161 - - [19/Sep/2022:10:20:38 +0800] "GET /xingrg/check_reg.html?_=1663554037463 HTTP/1.1" 200 22
124.79.74.72 - - [19/Sep/2022:10:20:39 +0800] "GET /xingrg/all/function/internal_message.html?_=1663554039229&CODE_STATE=getMsg HTTP/1.1" 200 27
116.230.114.213 - - [19/Sep/2022:10:20:41 +0800] "GET /xingrg/all/function/internal_message.html?_=1663554046980&CODE_STATE=getMsg HTTP/1.1" 200 27
222.70.182.161 - - [19/Sep/2022:10:20:43 +0800] "GET /xingrg/all/function/internal_message.html?_=1663554042522&CODE_STATE=getMsg HTTP/1.1" 200 27
116.225.121.189 - - [19/Sep/2022:10:20:43 +0800] "GET /xingrg/all/function/internal_message.html?_=1663554044447&CODE_STATE=getMsg HTTP/1.1" 200 27
116.225.121.189 - - [19/Sep/2022:10:20:43 +0800] "GET /xingrg/check_reg.html?_=1663554044689 HTTP/1.1" 200 22
116.230.114.213 - - [19/Sep/2022:10:20:44 +0800] "GET /xingrg/kc/buy/cgsh_order_operate.html?command=get_materiel&rest_code=00146&code=00101009155&supplier_code=00100005&order_time=2022-09-19 HTTP/1.1" 200 402
114.83.219.57 - - [19/Sep/2022:10:20:50 +0800] "GET /xingrg/all/function/internal_message.html?_=1663554135320&CODE_STATE=getMsg HTTP/1.1" 200 27
180.169.147.146 - - [19/Sep/2022:10:21:00 +0800] "GET /xingrg/all/function/internal_message.html?_=1663554060741&CODE_STATE=getMsg HTTP/1.1" 200 27
180.169.147.146 - - [19/Sep/2022:10:21:01 +0800] "GET /xingrg/check_reg.html?_=1663554061023 HTTP/1.1" 200 22
114.84.81.136 - - [19/Sep/2022:10:21:02 +0800] "GET /xingrg/all/function/internal_message.html?_=1663554059605&CODE_STATE=getMsg HTTP/1.1" 200 27
116.224.255.128 - - [19/Sep/2022:10:21:05 +0800] "POST /xingrg/kc/buy/cgsh_order_operate.html HTTP/1.1" 200 37
114.84.81.136 - - [19/Sep/2022:10:21:06 +0800] "POST /xingrg/kc/buy/cgsh_list_operate.html HTTP/1.1" 200 927
116.238.169.132 - - [19/Sep/2022:10:21:08 +0800] "GET /xingrg/all/function/internal_message.html?_=1663554068442&CODE_STATE=getMsg HTTP/1.1" 200 27
101.85.93.113 - - [19/Sep/2022:10:21:09 +0800] "GET /favicon.ico HTTP/1.1" 404 -
116.225.121.189 - - [19/Sep/2022:10:21:11 +0800] "GET /xingrg/all/function/internal_message.html?_=1663553930594&CODE_STATE=getMsg HTTP/1.1" 200 27
101.85.93.113 - - [19/Sep/2022:10:21:11 +0800] "GET /xingrg/login.html HTTP/1.1" 200 7641
101.85.93.113 - - [19/Sep/2022:10:21:12 +0800] "GET /xingrg/images/blue/jxLogo.png HTTP/1.1" 304 -
116.224.255.128 - - [19/Sep/2022:10:21:12 +0800] "POST /xingrg/kc/buy/cgsh_order_operate.html HTTP/1.1" 200 12
101.85.93.113 - - [19/Sep/2022:10:21:12 +0800] "GET /xingrg/images/blue/login_bg.png HTTP/1.1" 304 -
101.85.93.113 - - [19/Sep/2022:10:21:12 +0800] "GET /xingrg/images/blue/hj.png HTTP/1.1" 304 -
101.85.93.113 - - [19/Sep/2022:10:21:12 +0800] "GET /xingrg/images/blue/srbg.png HTTP/1.1" 304 -
116.224.255.128 - - [19/Sep/2022:10:21:12 +0800] "GET /xingrg/kc/buy/cgsh_order_info.html?code=212022091906878 HTTP/1.1" 200 63223
116.224.255.128 - - [19/Sep/2022:10:21:13 +0800] "GET /xingrg/javascript/easyui/themes/default/validatebox.css HTTP/1.1" 404 1104
101.85.93.113 - - [19/Sep/2022:10:21:13 +0800] "GET /favicon.ico HTTP/1.1" 404 -
116.224.255.128 - - [19/Sep/2022:10:21:14 +0800] "POST /xingrg/kc/buy/cgsh_order_operate.html HTTP/1.1" 200 3601
61.170.235.57 - - [19/Sep/2022:10:21:14 +0800] "GET /xingrg/all/function/internal_message.html?_=1663554069500&CODE_STATE=getMsg HTTP/1.1" 200 27
101.85.93.113 - - [19/Sep/2022:10:21:15 +0800] "POST /xingrg/login.do HTTP/1.1" 302 -
101.85.93.113 - - [19/Sep/2022:10:21:15 +0800] "GET /xingrg/index.html?sysBaseUrl=http%3A%2F%2F180.169.147.146%3A18081%2Fxingrg%2F&costTime=39×tamp=1663554075120 HTTP/1.1" 200 17179
101.85.93.113 - - [19/Sep/2022:10:21:15 +0800] "GET /xingrg/javascript/jquery_easy_ui/themes/default/easyui.css HTTP/1.1" 304 -
101.85.93.113 - - [19/Sep/2022:10:21:15 +0800] "GET /xingrg/javascript/jquery_easy_ui/themes/icon.css HTTP/1.1" 304 -
101.85.93.113 - - [19/Sep/2022:10:21:15 +0800] "GET /xingrg/css/form.css HTTP/1.1" 304 -
101.85.93.113 - - [19/Sep/2022:10:21:15 +0800] "GET /xingrg/javascript/jquery.form.js HTTP/1.1" 304 -
101.85.93.113 - - [19/Sep/2022:10:21:15 +0800] "GET /xingrg/javascript/jquery.utils.js HTTP/1.1" 304 -
101.85.93.113 - - [19/Sep/2022:10:21:15 +0800] "GET /xingrg/javascript/jquery.timers.js HTTP/1.1" 304 -
101.85.93.113 - - [19/Sep/2022:10:21:15 +0800] "GET /xingrg/javascript/jquery-1.4.2.min.js HTTP/1.1" 304 -
101.85.93.113 - - [19/Sep/2022:10:21:15 +0800] "GET /xingrg/javascript/jquery_easy_ui/jquery.easyui.min.js HTTP/1.1" 304 -
101.85.93.113 - - [19/Sep/2022:10:21:15 +0800] "GET /xingrg/javascript/jquery_easy_ui/easyui-lang-zh_CN.js HTTP/1.1" 304 -
114.84.81.136 - - [19/Sep/2022:10:21:15 +0800] "POST /xingrg/kc/buy/cgsh_list_operate.html HTTP/1.1" 200 3004
101.85.93.113 - - [19/Sep/2022:10:21:15 +0800] "GET /favicon.ico HTTP/1.1" 404 -
101.85.93.113 - - [19/Sep/2022:10:21:15 +0800] "GET /xingrg/javascript/jquery_easy_ui/themes/icons/settle_new.png HTTP/1.1" 304 -
101.85.93.113 - - [19/Sep/2022:10:21:15 +0800] "GET /xingrg/images/blue/navBackgound.jpg HTTP/1.1" 304 -
101.85.93.113 - - [19/Sep/2022:10:21:16 +0800] "POST /xingrg/all/common/load_tree.html?tree=area_rest_tree_json&manage=1 HTTP/1.1" 200 351
101.85.93.113 - - [19/Sep/2022:10:21:16 +0800] "GET /xingrg/all/function/internal_message.html?_=1663554076130&CODE_STATE=count HTTP/1.1" 200 11
101.85.93.113 - - [19/Sep/2022:10:21:16 +0800] "GET /xingrg/check_reg.html?_=1663554076131 HTTP/1.1" 200 22
101.85.93.113 - - [19/Sep/2022:10:21:16 +0800] "GET /xingrg/javascript/jquery_easy_ui/themes/default/images/tabs_leftarrow.png HTTP/1.1" 304 -
101.85.93.113 - - [19/Sep/2022:10:21:16 +0800] "GET /xingrg/images/blue/pingpu.png HTTP/1.1" 304 -
101.85.93.113 - - [19/Sep/2022:10:21:16 +0800] "GET /xingrg/javascript/jquery_easy_ui/themes/default/images/tabs_rightarrow.png HTTP/1.1" 304 -
101.85.93.113 - - [19/Sep/2022:10:21:16 +0800] "GET /xingrg/javascript/jquery_easy_ui/themes/default/images/panel_tool_collapse.gif HTTP/1.1" 304 -
101.85.93.113 - - [19/Sep/2022:10:21:16 +0800] "POST /xingrg/load_menu.html HTTP/1.1" 200 5138
101.85.93.113 - - [19/Sep/2022:10:21:16 +0800] "GET /xingrg/javascript/jquery_easy_ui/themes/default/images/tree_arrows.gif HTTP/1.1" 304 -
101.85.93.113 - - [19/Sep/2022:10:21:16 +0800] "GET /xingrg/javascript/jquery_easy_ui/themes/default/images/tree_folder_open.gif HTTP/1.1" 304 -
101.85.93.113 - - [19/Sep/2022:10:21:16 +0800] "GET /xingrg/javascript/jquery_easy_ui/themes/icons/search_new.png HTTP/1.1" 304 -
101.85.93.113 - - [19/Sep/2022:10:21:16 +0800] "GET /xingrg/javascript/jquery_easy_ui/themes/default/images/tree_folder.gif HTTP/1.1" 304 -
101.85.93.113 - - [19/Sep/2022:10:21:16 +0800] "GET /xingrg/javascript/jquery_easy_ui/themes/icons/storage_new.png HTTP/1.1" 304 -
101.85.93.113 - - [19/Sep/2022:10:21:16 +0800] "GET /xingrg/javascript/jquery_easy_ui/themes/icons/forms_new.png HTTP/1.1" 304 -
101.85.93.113 - - [19/Sep/2022:10:21:16 +0800] "GET /xingrg/javascript/jquery_easy_ui/themes/default/images/tree_file.gif HTTP/1.1" 304 -
61.170.235.57 - - [19/Sep/2022:10:21:17 +0800] "GET /xingrg/kc/buy/cgsh_order_operate.html?command=get_materiel&rest_code=00106&code=00101006172&supplier_code=00100015&order_time=2022-09-19 HTTP/1.1" 200 415
101.85.93.113 - - [19/Sep/2022:10:21:21 +0800] "GET /xingrg/javascript/jquery_easy_ui/themes/icons/area.png HTTP/1.1" 304 -
101.85.93.113 - - [19/Sep/2022:10:21:21 +0800] "GET /xingrg/javascript/jquery_easy_ui/themes/icons/rest.png HTTP/1.1" 304 -
116.224.255.128 - - [19/Sep/2022:10:21:22 +0800] "GET /xingrg/kc/print/load_data.html?order_code=212022091906878&kc_code=cgsh&condition= HTTP/1.1" 200 1920
116.230.105.139 - - [19/Sep/2022:10:21:27 +0800] "GET /xingrg/all/function/internal_message.html?_=1663554087106&CODE_STATE=getMsg HTTP/1.1" 200 27
180.169.147.146 - - [19/Sep/2022:10:21:29 +0800] "GET /xingrg/all/function/internal_message.html?_=1663554089214&CODE_STATE=getMsg HTTP/1.1" 200 27
180.169.147.146 - - [19/Sep/2022:10:21:29 +0800] "GET /xingrg/check_reg.html?_=1663554089217 HTTP/1.1" 200 22
114.84.81.136 - - [19/Sep/2022:10:21:29 +0800] "GET /xingrg/all/function/internal_message.html?_=1663554089499&CODE_STATE=getMsg HTTP/1.1" 200 27
101.85.93.113 - - [19/Sep/2022:10:21:30 +0800] "GET /xingrg/javascript/jquery_easy_ui/themes/default/images/tabs_close.gif HTTP/1.1" 304 -
101.85.93.113 - - [19/Sep/2022:10:21:30 +0800] "GET /xingrg/kc/base/yddb_order_list.html HTTP/1.1" 200 16792
101.85.93.113 - - [19/Sep/2022:10:21:30 +0800] "GET /xingrg/css/base.css HTTP/1.1" 304 -
101.85.93.113 - - [19/Sep/2022:10:21:30 +0800] "GET /xingrg/css/site.css HTTP/1.1" 304 -
101.85.93.113 - - [19/Sep/2022:10:21:30 +0800] "GET /xingrg/javascript/jquery_tools/datebox.css HTTP/1.1" 304 -
101.85.93.113 - - [19/Sep/2022:10:21:30 +0800] "GET /xingrg/javascript/easyui/themes/icon.css HTTP/1.1" 304 -
101.85.93.113 - - [19/Sep/2022:10:21:30 +0800] "GET /xingrg/javascript/easyui/themes/default/easyui.css HTTP/1.1" 304 -
101.85.93.113 - - [19/Sep/2022:10:21:30 +0800] "GET /xingrg/javascript/jquery_tools/fix.css HTTP/1.1" 304 -
101.85.93.113 - - [19/Sep/2022:10:21:30 +0800] "GET /xingrg/javascript/auto/jquery.autocomplete.css HTTP/1.1" 304 -
101.85.93.113 - - [19/Sep/2022:10:21:30 +0800] "GET /xingrg/javascript/jquery_tools/table.css HTTP/1.1" 304 -
101.85.93.113 - - [19/Sep/2022:10:21:30 +0800] "GET /xingrg/javascript/jquery_tools/jquery.tools.min.js HTTP/1.1" 304 -
101.85.93.113 - - [19/Sep/2022:10:21:30 +0800] "GET /xingrg/javascript/jquery_tools/jquery.tools.extend.js HTTP/1.1" 304 -
101.85.93.113 - - [19/Sep/2022:10:21:30 +0800] "GET /xingrg/javascript/jquery_tools/jquery.tools.hotkey.js HTTP/1.1" 304 -
101.85.93.113 - - [19/Sep/2022:10:21:30 +0800] "GET /xingrg/javascript/jquery_tools/jquery.tools.table.js HTTP/1.1" 304 -
101.85.93.113 - - [19/Sep/2022:10:21:30 +0800] "GET /xingrg/javascript/jquery_tools/list_manager.js HTTP/1.1" 304 -
101.85.93.113 - - [19/Sep/2022:10:21:30 +0800] "GET /xingrg/javascript/auto/jquery.autocomplete.js HTTP/1.1" 304 -
101.85.93.113 - - [19/Sep/2022:10:21:30 +0800] "GET /xingrg/javascript/easyui/easyloader.js HTTP/1.1" 304 -
101.85.93.113 - - [19/Sep/2022:10:21:30 +0800] "GET /xingrg/javascript/jquery.cookie.js HTTP/1.1" 304 -
101.85.93.113 - - [19/Sep/2022:10:21:30 +0800] "GET /xingrg/javascript/print/LodopFuncs.js HTTP/1.1" 304 -
116.224.255.128 - - [19/Sep/2022:10:21:31 +0800] "GET /xingrg/all/function/internal_message.html?_=1663554090954&CODE_STATE=getMsg HTTP/1.1" 200 27
101.85.93.113 - - [19/Sep/2022:10:21:31 +0800] "GET /xingrg/javascript/easyui/themes/icons/edit_add_new.png HTTP/1.1" 304 -
101.85.93.113 - - [19/Sep/2022:10:21:31 +0800] "GET /xingrg/javascript/easyui/themes/icons/field_new.png HTTP/1.1" 304 -
101.85.93.113 - - [19/Sep/2022:10:21:31 +0800] "GET /xingrg/javascript/easyui/themes/icons/import_new.png HTTP/1.1" 304 -
101.85.93.113 - - [19/Sep/2022:10:21:31 +0800] "GET /xingrg/javascript/easyui/plugins/jquery.parser.js HTTP/1.1" 304 -
101.85.93.113 - - [19/Sep/2022:10:21:31 +0800] "GET /xingrg/images/control/ajaxLoader.gif HTTP/1.1" 304 -
101.85.93.113 - - [19/Sep/2022:10:21:31 +0800] "POST /xingrg/kc/base/yddb_list_operate.html HTTP/1.1" 200 636
101.85.93.113 - - [19/Sep/2022:10:21:34 +0800] "POST /xingrg/kc/base/yddb_list_operate.html HTTP/1.1" 200 4382
114.83.217.204 - - [19/Sep/2022:10:21:37 +0800] "GET /xingrg/all/function/internal_message.html?_=1663554095949&CODE_STATE=getMsg HTTP/1.1" 200 27
124.79.74.72 - - [19/Sep/2022:10:21:39 +0800] "GET /xingrg/all/function/internal_message.html?_=1663554099215&CODE_STATE=getMsg HTTP/1.1" 200 27
116.230.114.213 - - [19/Sep/2022:10:21:41 +0800] "GET /xingrg/all/function/internal_message.html?_=1663554106990&CODE_STATE=getMsg HTTP/1.1" 200 27
222.70.182.161 - - [19/Sep/2022:10:21:43 +0800] "GET /xingrg/all/function/internal_message.html?_=1663554102505&CODE_STATE=getMsg HTTP/1.1" 200 27
61.170.235.57 - - [19/Sep/2022:10:21:43 +0800] "POST /xingrg/kc/buy/cgsh_order_operate.html HTTP/1.1" 200 37
116.225.121.189 - - [19/Sep/2022:10:21:43 +0800] "GET /xingrg/all/function/internal_message.html?_=1663554104455&CODE_STATE=getMsg HTTP/1.1" 200 27
61.170.235.57 - - [19/Sep/2022:10:21:46 +0800] "POST /xingrg/kc/buy/cgsh_order_operate.html HTTP/1.1" 200 12
114.83.219.57 - - [19/Sep/2022:10:21:50 +0800] "GET /xingrg/all/function/internal_message.html?_=1663554195343&CODE_STATE=getMsg HTTP/1.1" 200 27
61.170.235.57 - - [19/Sep/2022:10:21:53 +0800] "GET /xingrg/kc/buy/cgsh_order_info.html?code=212022091906879 HTTP/1.1" 200 63627
61.170.235.57 - - [19/Sep/2022:10:21:54 +0800] "GET /xingrg/javascript/easyui/themes/default/validatebox.css HTTP/1.1" 404 1104
61.170.235.57 - - [19/Sep/2022:10:21:54 +0800] "POST /xingrg/kc/buy/cgsh_order_operate.html HTTP/1.1" 200 4195
61.170.235.57 - - [19/Sep/2022:10:21:56 +0800] "GET /xingrg/kc/print/load_data.html?order_code=212022091906879&kc_code=cgsh&condition= HTTP/1.1" 200 2182
180.169.147.146 - - [19/Sep/2022:10:22:00 +0800] "GET /xingrg/all/function/internal_message.html?_=1663554120726&CODE_STATE=getMsg HTTP/1.1" 200 27
114.84.81.136 - - [19/Sep/2022:10:22:02 +0800] "GET /xingrg/all/function/internal_message.html?_=1663554119605&CODE_STATE=getMsg HTTP/1.1" 200 27
61.170.235.57 - - [19/Sep/2022:10:22:02 +0800] "GET /xingrg/kc/print/load_data.html?order_code=212022091906879&kc_code=cgsh HTTP/1.1" 200 2182
116.238.169.132 - - [19/Sep/2022:10:22:07 +0800] "GET /xingrg/check_reg.html?_=1663554128010 HTTP/1.1" 200 22
116.238.169.132 - - [19/Sep/2022:10:22:08 +0800] "GET /xingrg/all/function/internal_message.html?_=1663554128420&CODE_STATE=getMsg HTTP/1.1" 200 27
116.225.121.189 - - [19/Sep/2022:10:22:11 +0800] "GET /xingrg/all/function/internal_message.html?_=1663553990603&CODE_STATE=getMsg HTTP/1.1" 200 27
61.170.235.57 - - [19/Sep/2022:10:22:14 +0800] "GET /xingrg/all/function/internal_message.html?_=1663554129481&CODE_STATE=getMsg HTTP/1.1" 200 27
101.85.93.113 - - [19/Sep/2022:10:22:16 +0800] "GET /xingrg/all/function/internal_message.html?_=1663554136144&CODE_STATE=getMsg HTTP/1.1" 200 27
116.230.114.213 - - [19/Sep/2022:10:22:18 +0800] "GET /xingrg/kc/buy/cgsh_order_operate.html?command=get_materiel&rest_code=00146&code=00101008225&supplier_code=00100005&order_time=2022-09-19 HTTP/1.1" 200 416
116.230.105.139 - - [19/Sep/2022:10:22:27 +0800] "GET /xingrg/all/function/internal_message.html?_=1663554147099&CODE_STATE=getMsg HTTP/1.1" 200 27
180.169.147.146 - - [19/Sep/2022:10:22:29 +0800] "GET /xingrg/all/function/internal_message.html?_=1663554149230&CODE_STATE=getMsg HTTP/1.1" 200 27
114.84.81.136 - - [19/Sep/2022:10:22:29 +0800] "GET /xingrg/all/function/internal_message.html?_=1663554149498&CODE_STATE=getMsg HTTP/1.1" 200 27
116.224.255.128 - - [19/Sep/2022:10:22:31 +0800] "GET /xingrg/check_reg.html?_=1663554150923 HTTP/1.1" 200 22
116.224.255.128 - - [19/Sep/2022:10:22:31 +0800] "GET /xingrg/all/function/internal_message.html?_=1663554150927&CODE_STATE=getMsg HTTP/1.1" 200 27
114.83.217.204 - - [19/Sep/2022:10:22:37 +0800] "GET /xingrg/all/function/internal_message.html?_=1663554155957&CODE_STATE=getMsg HTTP/1.1" 200 27
114.83.217.204 - - [19/Sep/2022:10:22:37 +0800] "GET /xingrg/check_reg.html?_=1663554155969 HTTP/1.1" 200 22
124.79.74.72 - - [19/Sep/2022:10:22:39 +0800] "GET /xingrg/all/function/internal_message.html?_=1663554159200&CODE_STATE=getMsg HTTP/1.1" 200 27
116.230.114.213 - - [19/Sep/2022:10:22:40 +0800] "GET /xingrg/kc/buy/cgsh_order_operate.html?command=get_materiel&rest_code=00146&code=00101008332&supplier_code=00100005&order_time=2022-09-19 HTTP/1.1" 200 431
116.230.114.213 - - [19/Sep/2022:10:22:41 +0800] "GET /xingrg/all/function/internal_message.html?_=1663554167004&CODE_STATE=getMsg HTTP/1.1" 200 27
61.170.235.57 - - [19/Sep/2022:10:22:41 +0800] "GET /xingrg/kc/buy/cgsh_order_add.html HTTP/1.1" 200 68722
61.170.235.57 - - [19/Sep/2022:10:22:42 +0800] "POST /xingrg/services/DataTransmitService HTTP/1.1" 200 501
61.170.235.57 - - [19/Sep/2022:10:22:42 +0800] "GET /xingrg/javascript/easyui/themes/default/validatebox.css HTTP/1.1" 404 1104
61.170.235.57 - - [19/Sep/2022:10:22:42 +0800] "POST /xingrg/kc/buy/cgsh_order_operate.html HTTP/1.1" 200 8245
61.170.235.57 - - [19/Sep/2022:10:22:42 +0800] "POST /xingrg/services/DataTransmitService HTTP/1.1" 200 501
222.70.182.161 - - [19/Sep/2022:10:22:43 +0800] "GET /xingrg/all/function/internal_message.html?_=1663554162477&CODE_STATE=getMsg HTTP/1.1" 200 27
116.225.121.189 - - [19/Sep/2022:10:22:43 +0800] "GET /xingrg/all/function/internal_message.html?_=1663554164456&CODE_STATE=getMsg HTTP/1.1" 200 27
61.170.235.57 - - [19/Sep/2022:10:22:44 +0800] "POST /xingrg/services/DataTransmitService HTTP/1.1" 200 501
61.170.235.57 - - [19/Sep/2022:10:22:46 +0800] "POST /xingrg/services/DataTransmitService HTTP/1.1" 200 501
61.170.235.57 - - [19/Sep/2022:10:22:46 +0800] "POST /xingrg/services/DataTransmitService HTTP/1.1" 200 501
61.170.235.57 - - [19/Sep/2022:10:22:47 +0800] "POST /xingrg/services/DataTransmitService HTTP/1.1" 200 501
61.170.235.57 - - [19/Sep/2022:10:22:48 +0800] "POST /xingrg/services/DataTransmitService HTTP/1.1" 200 501
116.230.114.213 - - [19/Sep/2022:10:22:48 +0800] "GET /xingrg/check_reg.html?_=1663554173602 HTTP/1.1" 200 22
61.170.235.57 - - [19/Sep/2022:10:22:48 +0800] "POST /xingrg/services/DataTransmitService HTTP/1.1" 200 501
61.170.235.57 - - [19/Sep/2022:10:22:48 +0800] "POST /xingrg/services/DataTransmitService HTTP/1.1" 200 501
61.170.235.57 - - [19/Sep/2022:10:22:49 +0800] "POST /xingrg/services/DataTransmitService HTTP/1.1" 200 412
114.83.219.57 - - [19/Sep/2022:10:22:50 +0800] "GET /xingrg/all/function/internal_message.html?_=1663554255335&CODE_STATE=getMsg HTTP/1.1" 200 27
61.170.235.57 - - [19/Sep/2022:10:22:54 +0800] "GET /xingrg/javascript/easyui/themes/default/tree.css HTTP/1.1" 404 1090
61.170.235.57 - - [19/Sep/2022:10:22:54 +0800] "POST /xingrg/all/common/load_tree.html?tree=supplier_tree_json&isDelete=1 HTTP/1.1" 200 68551
116.230.114.213 - - [19/Sep/2022:10:22:54 +0800] "GET /xingrg/kc/buy/cgsh_order_operate.html?command=get_materiel&rest_code=00146&code=00101008185&supplier_code=00100005&order_time=2022-09-19 HTTP/1.1" 200 408
180.169.147.146 - - [19/Sep/2022:10:23:00 +0800] "GET /xingrg/all/function/internal_message.html?_=1663554180709&CODE_STATE=getMsg HTTP/1.1" 200 27
114.84.81.136 - - [19/Sep/2022:10:23:02 +0800] "GET /xingrg/all/function/internal_message.html?_=1663554179629&CODE_STATE=getMsg HTTP/1.1" 200 27
116.232.35.43 - - [19/Sep/2022:10:23:02 +0800] "GET /favicon.ico HTTP/1.1" 404 -
116.230.114.213 - - [19/Sep/2022:10:23:05 +0800] "POST /xingrg/kc/buy/cgsh_order_operate.html HTTP/1.1" 200 2065
61.170.235.57 - - [19/Sep/2022:10:23:06 +0800] "GET /xingrg/kc/buy/cgsh_order_operate.html?command=get_materiel&rest_code=00106&code=00101007125&supplier_code=00100002&order_time=2022-09-19 HTTP/1.1" 200 406
116.238.169.132 - - [19/Sep/2022:10:23:08 +0800] "GET /xingrg/all/function/internal_message.html?_=1663554188419&CODE_STATE=getMsg HTTP/1.1" 200 27
116.225.121.189 - - [19/Sep/2022:10:23:11 +0800] "GET /xingrg/all/function/internal_message.html?_=1663554050612&CODE_STATE=getMsg HTTP/1.1" 200 27
116.230.114.213 - - [19/Sep/2022:10:23:14 +0800] "GET /xingrg/kc/buy/cgsh_order_operate.html?command=get_materiel&rest_code=00146&code=00101008313&supplier_code=00100005&order_time=2022-09-19 HTTP/1.1" 200 412
61.170.235.57 - - [19/Sep/2022:10:23:14 +0800] "GET /xingrg/all/function/internal_message.html?_=1663554189452&CODE_STATE=getMsg HTTP/1.1" 200 27
101.85.93.113 - - [19/Sep/2022:10:23:16 +0800] "GET /xingrg/all/function/internal_message.html?_=1663554196146&CODE_STATE=getMsg HTTP/1.1" 200 27
61.170.235.57 - - [19/Sep/2022:10:23:17 +0800] "GET /xingrg/kc/buy/cgsh_order_operate.html?command=get_materiel&rest_code=00106&code=00101007085&supplier_code=00100002&order_time=2022-09-19 HTTP/1.1" 200 433
116.230.105.139 - - [19/Sep/2022:10:23:27 +0800] "GET /xingrg/check_reg.html?_=1663554207100 HTTP/1.1" 200 22
116.230.105.139 - - [19/Sep/2022:10:23:27 +0800] "GET /xingrg/all/function/internal_message.html?_=1663554207107&CODE_STATE=getMsg HTTP/1.1" 200 27
116.230.114.213 - - [19/Sep/2022:10:23:28 +0800] "GET /xingrg/kc/buy/cgsh_order_operate.html?command=get_materiel&rest_code=00146&code=00101008125&supplier_code=00100005&order_time=2022-09-19 HTTP/1.1" 200 433
180.169.147.146 - - [19/Sep/2022:10:23:29 +0800] "GET /xingrg/all/function/internal_message.html?_=1663554209228&CODE_STATE=getMsg HTTP/1.1" 200 27
114.84.81.136 - - [19/Sep/2022:10:23:29 +0800] "GET /xingrg/all/function/internal_message.html?_=1663554209502&CODE_STATE=getMsg HTTP/1.1" 200 27
61.170.235.57 - - [19/Sep/2022:10:23:30 +0800] "GET /xingrg/kc/buy/cgsh_order_operate.html?command=get_materiel&rest_code=00106&code=00101007027&supplier_code=00100002&order_time=2022-09-19 HTTP/1.1" 200 421
116.224.255.128 - - [19/Sep/2022:10:23:31 +0800] "GET /xingrg/all/function/internal_message.html?_=1663554210925&CODE_STATE=getMsg HTTP/1.1" 200 27
114.83.217.204 - - [19/Sep/2022:10:23:37 +0800] "GET /xingrg/all/function/internal_message.html?_=1663554215959&CODE_STATE=getMsg HTTP/1.1" 200 27
124.79.74.72 - - [19/Sep/2022:10:23:39 +0800] "GET /xingrg/all/function/internal_message.html?_=1663554219170&CODE_STATE=getMsg HTTP/1.1" 200 27
116.230.114.213 - - [19/Sep/2022:10:23:41 +0800] "GET /xingrg/all/function/internal_message.html?_=1663554227017&CODE_STATE=getMsg HTTP/1.1" 200 27
222.70.182.161 - - [19/Sep/2022:10:23:42 +0800] "GET /xingrg/all/function/internal_message.html?_=1663554222446&CODE_STATE=getMsg HTTP/1.1" 200 27
116.225.121.189 - - [19/Sep/2022:10:23:43 +0800] "GET /xingrg/all/function/internal_message.html?_=1663554224456&CODE_STATE=getMsg HTTP/1.1" 200 27
116.230.114.213 - - [19/Sep/2022:10:23:49 +0800] "GET /xingrg/kc/buy/cgsh_order_operate.html?command=get_materiel&rest_code=00146&code=00101008110&supplier_code=00100005&order_time=2022-09-19 HTTP/1.1" 200 408
114.83.219.57 - - [19/Sep/2022:10:23:50 +0800] "GET /xingrg/check_reg.html?_=1663554315326 HTTP/1.1" 200 22
114.83.219.57 - - [19/Sep/2022:10:23:50 +0800] "GET /xingrg/all/function/internal_message.html?_=1663554315331&CODE_STATE=getMsg HTTP/1.1" 200 27
61.170.235.57 - - [19/Sep/2022:10:23:54 +0800] "POST /xingrg/kc/buy/cgsh_order_operate.html HTTP/1.1" 200 37
180.169.147.146 - - [19/Sep/2022:10:24:00 +0800] "GET /xingrg/all/function/internal_message.html?_=1663554240694&CODE_STATE=getMsg HTTP/1.1" 200 27
114.84.81.136 - - [19/Sep/2022:10:24:02 +0800] "GET /xingrg/all/function/internal_message.html?_=1663554239627&CODE_STATE=getMsg HTTP/1.1" 200 27
114.84.81.136 - - [19/Sep/2022:10:24:02 +0800] "GET /xingrg/check_reg.html?_=1663554239631 HTTP/1.1" 200 22
61.170.235.57 - - [19/Sep/2022:10:24:05 +0800] "POST /xingrg/kc/buy/cgsh_order_operate.html HTTP/1.1" 200 12
116.238.169.132 - - [19/Sep/2022:10:24:08 +0800] "GET /xingrg/all/function/internal_message.html?_=1663554248420&CODE_STATE=getMsg HTTP/1.1" 200 27
61.170.235.57 - - [19/Sep/2022:10:24:10 +0800] "GET /xingrg/kc/buy/cgsh_order_info.html?code=212022091906880 HTTP/1.1" 200 63627
116.225.121.189 - - [19/Sep/2022:10:24:11 +0800] "GET /xingrg/all/function/internal_message.html?_=1663554110600&CODE_STATE=getMsg HTTP/1.1" 200 27
61.170.235.57 - - [19/Sep/2022:10:24:11 +0800] "GET /xingrg/javascript/easyui/themes/default/validatebox.css HTTP/1.1" 404 1104
61.170.235.57 - - [19/Sep/2022:10:24:13 +0800] "POST /xingrg/kc/buy/cgsh_order_operate.html HTTP/1.1" 200 1791
61.170.235.57 - - [19/Sep/2022:10:24:14 +0800] "GET /xingrg/kc/print/load_data.html?order_code=212022091906880&kc_code=cgsh&condition= HTTP/1.1" 200 1231
61.170.235.57 - - [19/Sep/2022:10:24:15 +0800] "GET /xingrg/all/function/internal_message.html?_=1663554249737&CODE_STATE=getMsg HTTP/1.1" 200 27
101.85.93.113 - - [19/Sep/2022:10:24:16 +0800] "GET /xingrg/all/function/internal_message.html?_=1663554256147&CODE_STATE=getMsg HTTP/1.1" 200 27
61.170.235.57 - - [19/Sep/2022:10:24:16 +0800] "GET /xingrg/check_reg.html?_=1663554251595 HTTP/1.1" 200 22
61.170.235.57 - - [19/Sep/2022:10:24:19 +0800] "GET /xingrg/kc/print/load_data.html?order_code=212022091906880&kc_code=cgsh HTTP/1.1" 200 1231
116.230.114.213 - - [19/Sep/2022:10:24:20 +0800] "GET /xingrg/kc/buy/cgsh_order_operate.html?command=get_materiel&rest_code=00146&code=00101008038&supplier_code=00100005&order_time=2022-09-19 HTTP/1.1" 200 412
116.230.105.139 - - [19/Sep/2022:10:24:27 +0800] "GET /xingrg/all/function/internal_message.html?_=1663554267101&CODE_STATE=getMsg HTTP/1.1" 200 27
180.169.147.146 - - [19/Sep/2022:10:24:29 +0800] "GET /xingrg/all/function/internal_message.html?_=1663554269225&CODE_STATE=getMsg HTTP/1.1" 200 27
114.84.81.136 - - [19/Sep/2022:10:24:29 +0800] "GET /xingrg/all/function/internal_message.html?_=1663554269502&CODE_STATE=getMsg HTTP/1.1" 200 27
114.84.81.136 - - [19/Sep/2022:10:24:29 +0800] "GET /xingrg/check_reg.html?_=1663554269501 HTTP/1.1" 200 22
116.224.255.128 - - [19/Sep/2022:10:24:31 +0800] "GET /xingrg/all/function/internal_message.html?_=1663554270924&CODE_STATE=getMsg HTTP/1.1" 200 27
124.79.74.72 - - [19/Sep/2022:10:24:31 +0800] "GET /xingrg/check_reg.html?_=1663554271048 HTTP/1.1" 200 22
114.83.217.204 - - [19/Sep/2022:10:24:37 +0800] "GET /xingrg/all/function/internal_message.html?_=1663554275962&CODE_STATE=getMsg HTTP/1.1" 200 27
61.170.235.57 - - [19/Sep/2022:10:24:38 +0800] "GET /xingrg/kc/buy/cgsh_order_add.html HTTP/1.1" 200 68722
61.170.235.57 - - [19/Sep/2022:10:24:39 +0800] "GET /xingrg/javascript/easyui/themes/default/validatebox.css HTTP/1.1" 404 1104
61.170.235.57 - - [19/Sep/2022:10:24:39 +0800] "POST /xingrg/kc/buy/cgsh_order_operate.html HTTP/1.1" 200 8245
124.79.74.72 - - [19/Sep/2022:10:24:39 +0800] "GET /xingrg/all/function/internal_message.html?_=1663554279143&CODE_STATE=getMsg HTTP/1.1" 200 27
61.170.235.57 - - [19/Sep/2022:10:24:41 +0800] "GET /xingrg/javascript/easyui/themes/default/tree.css HTTP/1.1" 404 1090
61.170.235.57 - - [19/Sep/2022:10:24:41 +0800] "POST /xingrg/all/common/load_tree.html?tree=supplier_tree_json&isDelete=1 HTTP/1.1" 200 68551
116.230.114.213 - - [19/Sep/2022:10:24:41 +0800] "GET /xingrg/kc/buy/cgsh_order_operate.html?command=get_materiel&rest_code=00146&code=00101008163&supplier_code=00100005&order_time=2022-09-19 HTTP/1.1" 200 409
116.230.114.213 - - [19/Sep/2022:10:24:41 +0800] "GET /xingrg/all/function/internal_message.html?_=1663554287030&CODE_STATE=getMsg HTTP/1.1" 200 27
222.70.182.161 - - [19/Sep/2022:10:24:42 +0800] "GET /xingrg/all/function/internal_message.html?_=1663554282431&CODE_STATE=getMsg HTTP/1.1" 200 27
116.225.121.189 - - [19/Sep/2022:10:24:43 +0800] "GET /xingrg/all/function/internal_message.html?_=1663554284456&CODE_STATE=getMsg HTTP/1.1" 200 27
114.83.219.57 - - [19/Sep/2022:10:24:50 +0800] "GET /xingrg/all/function/internal_message.html?_=1663554375325&CODE_STATE=getMsg HTTP/1.1" 200 27
116.230.114.213 - - [19/Sep/2022:10:24:52 +0800] "POST /xingrg/kc/buy/cgsh_order_operate.html HTTP/1.1" 200 2065
61.170.235.57 - - [19/Sep/2022:10:24:54 +0800] "GET /xingrg/kc/buy/cgsh_order_operate.html?command=get_materiel&rest_code=00106&code=00101016025&supplier_code=00100032&order_time=2022-09-19 HTTP/1.1" 200 408
180.169.147.146 - - [19/Sep/2022:10:25:00 +0800] "GET /xingrg/all/function/internal_message.html?_=1663554300678&CODE_STATE=getMsg HTTP/1.1" 200 27
114.84.81.136 - - [19/Sep/2022:10:25:02 +0800] "GET /xingrg/all/function/internal_message.html?_=1663554299632&CODE_STATE=getMsg HTTP/1.1" 200 27
116.230.114.213 - - [19/Sep/2022:10:25:05 +0800] "GET /xingrg/kc/buy/cgsh_order_operate.html?command=get_materiel&rest_code=00146&code=00101008004&supplier_code=00100005&order_time=2022-09-19 HTTP/1.1" 200 416
61.170.235.57 - - [19/Sep/2022:10:25:07 +0800] "GET /xingrg/kc/buy/cgsh_order_operate.html?command=get_materiel&rest_code=00106&code=00101010248&supplier_code=00100032&order_time=2022-09-19 HTTP/1.1" 200 451
116.238.169.132 - - [19/Sep/2022:10:25:08 +0800] "GET /xingrg/all/function/internal_message.html?_=1663554308413&CODE_STATE=getMsg HTTP/1.1" 200 27
116.225.121.189 - - [19/Sep/2022:10:25:11 +0800] "GET /xingrg/all/function/internal_message.html?_=1663554170609&CODE_STATE=getMsg HTTP/1.1" 200 27
116.225.121.189 - - [19/Sep/2022:10:25:11 +0800] "GET /xingrg/check_reg.html?_=1663554170612 HTTP/1.1" 200 22
61.170.235.57 - - [19/Sep/2022:10:25:15 +0800] "GET /xingrg/all/function/internal_message.html?_=1663554309727&CODE_STATE=getMsg HTTP/1.1" 200 27
101.85.93.113 - - [19/Sep/2022:10:25:16 +0800] "GET /xingrg/all/function/internal_message.html?_=1663554316134&CODE_STATE=getMsg HTTP/1.1" 200 27
61.170.235.57 - - [19/Sep/2022:10:25:24 +0800] "GET /xingrg/kc/buy/cgsh_order_operate.html?command=get_materiel&rest_code=00106&code=00101005037&supplier_code=00100032&order_time=2022-09-19 HTTP/1.1" 200 409
116.230.105.139 - - [19/Sep/2022:10:25:27 +0800] "GET /xingrg/all/function/internal_message.html?_=1663554327103&CODE_STATE=getMsg HTTP/1.1" 200 27
180.169.147.146 - - [19/Sep/2022:10:25:29 +0800] "GET /xingrg/all/function/internal_message.html?_=1663554329228&CODE_STATE=getMsg HTTP/1.1" 200 27
114.84.81.136 - - [19/Sep/2022:10:25:29 +0800] "GET /xingrg/all/function/internal_message.html?_=1663554329500&CODE_STATE=getMsg HTTP/1.1" 200 27
116.224.255.128 - - [19/Sep/2022:10:25:31 +0800] "GET /xingrg/all/function/internal_message.html?_=1663554330925&CODE_STATE=getMsg HTTP/1.1" 200 27
116.230.114.213 - - [19/Sep/2022:10:25:31 +0800] "GET /xingrg/kc/buy/cgsh_order_operate.html?command=get_materiel&rest_code=00146&code=00101008137&supplier_code=00100005&order_time=2022-09-19 HTTP/1.1" 200 408
61.170.235.57 - - [19/Sep/2022:10:25:35 +0800] "GET /xingrg/kc/buy/cgsh_order_operate.html?command=get_materiel&rest_code=00106&code=00101012040&supplier_code=00100032&order_time=2022-09-19 HTTP/1.1" 200 412
114.83.217.204 - - [19/Sep/2022:10:25:37 +0800] "GET /xingrg/all/function/internal_message.html?_=1663554335970&CODE_STATE=getMsg HTTP/1.1" 200 27
222.70.182.161 - - [19/Sep/2022:10:25:38 +0800] "GET /xingrg/check_reg.html?_=1663554337470 HTTP/1.1" 200 22
124.79.74.72 - - [19/Sep/2022:10:25:39 +0800] "GET /xingrg/all/function/internal_message.html?_=1663554339113&CODE_STATE=getMsg HTTP/1.1" 200 27
116.230.114.213 - - [19/Sep/2022:10:25:41 +0800] "GET /xingrg/all/function/internal_message.html?_=1663554347044&CODE_STATE=getMsg HTTP/1.1" 200 27
61.170.235.57 - - [19/Sep/2022:10:25:42 +0800] "GET /xingrg/kc/buy/cgsh_order_operate.html?command=get_materiel&rest_code=00106&code=00101012025&supplier_code=00100032&order_time=2022-09-19 HTTP/1.1" 200 412
222.70.182.161 - - [19/Sep/2022:10:25:42 +0800] "GET /xingrg/all/function/internal_message.html?_=1663554342403&CODE_STATE=getMsg HTTP/1.1" 200 27
116.225.121.189 - - [19/Sep/2022:10:25:43 +0800] "GET /xingrg/all/function/internal_message.html?_=1663554344457&CODE_STATE=getMsg HTTP/1.1" 200 27
116.225.121.189 - - [19/Sep/2022:10:25:43 +0800] "GET /xingrg/check_reg.html?_=1663554344670 HTTP/1.1" 200 22
114.83.219.57 - - [19/Sep/2022:10:25:50 +0800] "GET /xingrg/all/function/internal_message.html?_=1663554435336&CODE_STATE=getMsg HTTP/1.1" 200 27
61.170.235.57 - - [19/Sep/2022:10:25:53 +0800] "GET /xingrg/kc/buy/cgsh_order_operate.html?command=get_materiel&rest_code=00106&code=00101016053&supplier_code=00100032&order_time=2022-09-19 HTTP/1.1" 200 408
116.230.114.213 - - [19/Sep/2022:10:25:55 +0800] "GET /xingrg/kc/buy/cgsh_order_operate.html?command=get_materiel&rest_code=00146&code=00101008360&supplier_code=00100005&order_time=2022-09-19 HTTP/1.1" 200 412
180.169.147.146 - - [19/Sep/2022:10:26:00 +0800] "GET /xingrg/all/function/internal_message.html?_=1663554360661&CODE_STATE=getMsg HTTP/1.1" 200 27
180.169.147.146 - - [19/Sep/2022:10:26:01 +0800] "GET /xingrg/check_reg.html?_=1663554361020 HTTP/1.1" 200 22
114.84.81.136 - - [19/Sep/2022:10:26:02 +0800] "GET /xingrg/all/function/internal_message.html?_=1663554359623&CODE_STATE=getMsg HTTP/1.1" 200 27
61.170.235.57 - - [19/Sep/2022:10:26:02 +0800] "GET /xingrg/kc/buy/cgsh_order_operate.html?command=get_materiel&rest_code=00106&code=00101016105&supplier_code=00100032&order_time=2022-09-19 HTTP/1.1" 200 411
116.238.169.132 - - [19/Sep/2022:10:26:08 +0800] "GET /xingrg/all/function/internal_message.html?_=1663554368410&CODE_STATE=getMsg HTTP/1.1" 200 27
116.225.121.189 - - [19/Sep/2022:10:26:11 +0800] "GET /xingrg/all/function/internal_message.html?_=1663554230598&CODE_STATE=getMsg HTTP/1.1" 200 27
116.230.114.213 - - [19/Sep/2022:10:26:14 +0800] "GET /xingrg/kc/buy/cgsh_order_operate.html?command=get_materiel&rest_code=00146&code=00101008196&supplier_code=00100005&order_time=2022-09-19 HTTP/1.1" 200 416
61.170.235.57 - - [19/Sep/2022:10:26:15 +0800] "GET /xingrg/all/function/internal_message.html?_=1663554369711&CODE_STATE=getMsg HTTP/1.1" 200 27
101.85.93.113 - - [19/Sep/2022:10:26:16 +0800] "GET /xingrg/all/function/internal_message.html?_=1663554376141&CODE_STATE=getMsg HTTP/1.1" 200 27
101.85.93.113 - - [19/Sep/2022:10:26:16 +0800] "GET /xingrg/check_reg.html?_=1663554376136 HTTP/1.1" 200 22
116.230.105.139 - - [19/Sep/2022:10:26:27 +0800] "GET /xingrg/all/function/internal_message.html?_=1663554387097&CODE_STATE=getMsg HTTP/1.1" 200 27
180.169.147.146 - - [19/Sep/2022:10:26:29 +0800] "GET /xingrg/check_reg.html?_=1663554389224 HTTP/1.1" 200 22
180.169.147.146 - - [19/Sep/2022:10:26:29 +0800] "GET /xingrg/all/function/internal_message.html?_=1663554389228&CODE_STATE=getMsg HTTP/1.1" 200 27
114.84.81.136 - - [19/Sep/2022:10:26:29 +0800] "GET /xingrg/all/function/internal_message.html?_=1663554389499&CODE_STATE=getMsg HTTP/1.1" 200 27
116.224.255.128 - - [19/Sep/2022:10:26:31 +0800] "GET /xingrg/all/function/internal_message.html?_=1663554390954&CODE_STATE=getMsg HTTP/1.1" 200 27
114.83.217.204 - - [19/Sep/2022:10:26:37 +0800] "GET /xingrg/all/function/internal_message.html?_=1663554395969&CODE_STATE=getMsg HTTP/1.1" 200 27
124.79.74.72 - - [19/Sep/2022:10:26:39 +0800] "GET /xingrg/all/function/internal_message.html?_=1663554399099&CODE_STATE=getMsg HTTP/1.1" 200 27
116.230.114.213 - - [19/Sep/2022:10:26:41 +0800] "GET /xingrg/all/function/internal_message.html?_=1663554407057&CODE_STATE=getMsg HTTP/1.1" 200 27
222.70.182.161 - - [19/Sep/2022:10:26:42 +0800] "GET /xingrg/all/function/internal_message.html?_=1663554402388&CODE_STATE=getMsg HTTP/1.1" 200 27
116.225.121.189 - - [19/Sep/2022:10:26:43 +0800] "GET /xingrg/all/function/internal_message.html?_=1663554404478&CODE_STATE=getMsg HTTP/1.1" 200 27
116.230.114.213 - - [19/Sep/2022:10:26:43 +0800] "GET /xingrg/kc/buy/cgsh_order_operate.html?command=get_materiel&rest_code=00146&code=00101008197&supplier_code=00100005&order_time=2022-09-19 HTTP/1.1" 200 416
114.83.219.57 - - [19/Sep/2022:10:26:50 +0800] "GET /xingrg/all/function/internal_message.html?_=1663554495334&CODE_STATE=getMsg HTTP/1.1" 200 27
180.169.147.146 - - [19/Sep/2022:10:27:00 +0800] "GET /xingrg/all/function/internal_message.html?_=1663554420645&CODE_STATE=getMsg HTTP/1.1" 200 27
114.84.81.136 - - [19/Sep/2022:10:27:02 +0800] "GET /xingrg/all/function/internal_message.html?_=1663554419627&CODE_STATE=getMsg HTTP/1.1" 200 27
116.238.169.132 - - [19/Sep/2022:10:27:07 +0800] "GET /xingrg/check_reg.html?_=1663554428012 HTTP/1.1" 200 22
116.238.169.132 - - [19/Sep/2022:10:27:08 +0800] "GET /xingrg/all/function/internal_message.html?_=1663554428394&CODE_STATE=getMsg HTTP/1.1" 200 27
116.225.121.189 - - [19/Sep/2022:10:27:11 +0800] "GET /xingrg/all/function/internal_message.html?_=1663554290607&CODE_STATE=getMsg HTTP/1.1" 200 27
61.170.235.57 - - [19/Sep/2022:10:27:15 +0800] "GET /xingrg/all/function/internal_message.html?_=1663554429680&CODE_STATE=getMsg HTTP/1.1" 200 27
101.85.93.113 - - [19/Sep/2022:10:27:16 +0800] "GET /xingrg/all/function/internal_message.html?_=1663554436142&CODE_STATE=getMsg HTTP/1.1" 200 27
116.230.114.213 - - [19/Sep/2022:10:27:26 +0800] "GET /xingrg/kc/buy/cgsh_order_operate.html?command=get_materiel&rest_code=00146&code=00101008286&supplier_code=00100005&order_time=2022-09-19 HTTP/1.1" 200 408
116.230.105.139 - - [19/Sep/2022:10:27:27 +0800] "GET /xingrg/all/function/internal_message.html?_=1663554447086&CODE_STATE=getMsg HTTP/1.1" 200 27
180.169.147.146 - - [19/Sep/2022:10:27:29 +0800] "GET /xingrg/all/function/internal_message.html?_=1663554449224&CODE_STATE=getMsg HTTP/1.1" 200 27
116.230.114.213 - - [19/Sep/2022:10:27:29 +0800] "POST /xingrg/kc/buy/cgsh_order_operate.html HTTP/1.1" 200 2065
114.84.81.136 - - [19/Sep/2022:10:27:29 +0800] "GET /xingrg/all/function/internal_message.html?_=1663554449497&CODE_STATE=getMsg HTTP/1.1" 200 27
116.224.255.128 - - [19/Sep/2022:10:27:31 +0800] "GET /xingrg/check_reg.html?_=1663554450958 HTTP/1.1" 200 22
116.224.255.128 - - [19/Sep/2022:10:27:31 +0800] "GET /xingrg/all/function/internal_message.html?_=1663554450965&CODE_STATE=getMsg HTTP/1.1" 200 27
114.83.217.204 - - [19/Sep/2022:10:27:37 +0800] "GET /xingrg/all/function/internal_message.html?_=1663554455986&CODE_STATE=getMsg HTTP/1.1" 200 27
114.83.217.204 - - [19/Sep/2022:10:27:37 +0800] "GET /xingrg/check_reg.html?_=1663554455988 HTTP/1.1" 200 22
124.79.74.72 - - [19/Sep/2022:10:27:39 +0800] "GET /xingrg/all/function/internal_message.html?_=1663554459086&CODE_STATE=getMsg HTTP/1.1" 200 27
116.230.114.213 - - [19/Sep/2022:10:27:41 +0800] "GET /xingrg/all/function/internal_message.html?_=1663554467071&CODE_STATE=getMsg HTTP/1.1" 200 27
222.70.182.161 - - [19/Sep/2022:10:27:42 +0800] "GET /xingrg/all/function/internal_message.html?_=1663554462373&CODE_STATE=getMsg HTTP/1.1" 200 27
116.225.121.189 - - [19/Sep/2022:10:27:43 +0800] "GET /xingrg/all/function/internal_message.html?_=1663554464477&CODE_STATE=getMsg HTTP/1.1" 200 27
116.230.114.213 - - [19/Sep/2022:10:27:48 +0800] "GET /xingrg/check_reg.html?_=1663554473613 HTTP/1.1" 200 22
114.83.219.57 - - [19/Sep/2022:10:27:50 +0800] "GET /xingrg/all/function/internal_message.html?_=1663554555326&CODE_STATE=getMsg HTTP/1.1" 200 27
61.170.235.57 - - [19/Sep/2022:10:28:00 +0800] "POST /xingrg/kc/buy/cgsh_order_operate.html HTTP/1.1" 200 37
180.169.147.146 - - [19/Sep/2022:10:28:00 +0800] "GET /xingrg/all/function/internal_message.html?_=1663554480629&CODE_STATE=getMsg HTTP/1.1" 200 27
114.84.81.136 - - [19/Sep/2022:10:28:02 +0800] "GET /xingrg/all/function/internal_message.html?_=1663554479627&CODE_STATE=getMsg HTTP/1.1" 200 27
116.238.169.132 - - [19/Sep/2022:10:28:08 +0800] "GET /xingrg/all/function/internal_message.html?_=1663554488391&CODE_STATE=getMsg HTTP/1.1" 200 27
116.230.114.213 - - [19/Sep/2022:10:28:09 +0800] "GET /xingrg/kc/buy/cgsh_order_operate.html?command=get_materiel&rest_code=00146&code=00101008318&supplier_code=00100005&order_time=2022-09-19 HTTP/1.1" 200 408
116.225.121.189 - - [19/Sep/2022:10:28:11 +0800] "GET /xingrg/all/function/internal_message.html?_=1663554350615&CODE_STATE=getMsg HTTP/1.1" 200 27
101.85.93.113 - - [19/Sep/2022:10:28:16 +0800] "GET /xingrg/all/function/internal_message.html?_=1663554496135&CODE_STATE=getMsg HTTP/1.1" 200 27
61.170.235.57 - - [19/Sep/2022:10:28:18 +0800] "POST /xingrg/kc/buy/cgsh_order_operate.html HTTP/1.1" 200 12
116.230.105.139 - - [19/Sep/2022:10:28:27 +0800] "GET /xingrg/all/function/internal_message.html?_=1663554507100&CODE_STATE=getMsg HTTP/1.1" 200 27
116.230.105.139 - - [19/Sep/2022:10:28:27 +0800] "GET /xingrg/check_reg.html?_=1663554507104 HTTP/1.1" 200 22
180.169.147.146 - - [19/Sep/2022:10:28:29 +0800] "GET /xingrg/all/function/internal_message.html?_=1663554509221&CODE_STATE=getMsg HTTP/1.1" 200 27
114.84.81.136 - - [19/Sep/2022:10:28:29 +0800] "GET /xingrg/all/function/internal_message.html?_=1663554509496&CODE_STATE=getMsg HTTP/1.1" 200 27
116.224.255.128 - - [19/Sep/2022:10:28:31 +0800] "GET /xingrg/all/function/internal_message.html?_=1663554510951&CODE_STATE=getMsg HTTP/1.1" 200 27
172.20.0.100 - - [19/Sep/2022:10:28:33 +0800] "GET /favicon.ico HTTP/1.1" 404 -
114.83.217.204 - - [19/Sep/2022:10:28:37 +0800] "GET /xingrg/all/function/internal_message.html?_=1663554515980&CODE_STATE=getMsg HTTP/1.1" 200 27
124.79.74.72 - - [19/Sep/2022:10:28:39 +0800] "GET /xingrg/all/function/internal_message.html?_=1663554519071&CODE_STATE=getMsg HTTP/1.1" 200 27
116.230.114.213 - - [19/Sep/2022:10:28:41 +0800] "GET /xingrg/all/function/internal_message.html?_=1663554527084&CODE_STATE=getMsg HTTP/1.1" 200 27
222.70.182.161 - - [19/Sep/2022:10:28:42 +0800] "GET /xingrg/all/function/internal_message.html?_=1663554522347&CODE_STATE=getMsg HTTP/1.1" 200 27
116.225.121.189 - - [19/Sep/2022:10:28:43 +0800] "GET /xingrg/all/function/internal_message.html?_=1663554524477&CODE_STATE=getMsg HTTP/1.1" 200 27
116.230.114.213 - - [19/Sep/2022:10:28:43 +0800] "GET /xingrg/kc/buy/cgsh_order_operate.html?command=get_materiel&rest_code=00146&code=00101008271&supplier_code=00100005&order_time=2022-09-19 HTTP/1.1" 200 410
61.170.235.57 - - [19/Sep/2022:10:28:47 +0800] "GET /xingrg/kc/buy/cgsh_order_info.html?code=212022091906881 HTTP/1.1" 200 63629
61.170.235.57 - - [19/Sep/2022:10:28:47 +0800] "GET /xingrg/javascript/easyui/themes/default/validatebox.css HTTP/1.1" 404 1104
61.170.235.57 - - [19/Sep/2022:10:28:48 +0800] "POST /xingrg/kc/buy/cgsh_order_operate.html HTTP/1.1" 200 4148
61.170.235.57 - - [19/Sep/2022:10:28:50 +0800] "GET /xingrg/kc/print/load_data.html?order_code=212022091906881&kc_code=cgsh&condition= HTTP/1.1" 200 2068
114.83.219.57 - - [19/Sep/2022:10:28:50 +0800] "GET /xingrg/check_reg.html?_=1663554615342 HTTP/1.1" 200 22
114.83.219.57 - - [19/Sep/2022:10:28:50 +0800] "GET /xingrg/all/function/internal_message.html?_=1663554615344&CODE_STATE=getMsg HTTP/1.1" 200 27
180.169.147.146 - - [19/Sep/2022:10:29:00 +0800] "GET /xingrg/all/function/internal_message.html?_=1663554540612&CODE_STATE=getMsg HTTP/1.1" 200 27
61.170.235.57 - - [19/Sep/2022:10:29:01 +0800] "GET /xingrg/kc/print/load_data.html?order_code=212022091906881&kc_code=cgsh HTTP/1.1" 200 2068
114.84.81.136 - - [19/Sep/2022:10:29:02 +0800] "GET /xingrg/all/function/internal_message.html?_=1663554539632&CODE_STATE=getMsg HTTP/1.1" 200 27
114.84.81.136 - - [19/Sep/2022:10:29:02 +0800] "GET /xingrg/check_reg.html?_=1663554539635 HTTP/1.1" 200 22
116.238.169.132 - - [19/Sep/2022:10:29:08 +0800] "GET /xingrg/all/function/internal_message.html?_=1663554548390&CODE_STATE=getMsg HTTP/1.1" 200 27
