120.253.135.82 - - [18/Sep/2022:09:10:01 +0800] "GET /xingrg/all/function/internal_message.html?_=1663463197647&CODE_STATE=getMsg HTTP/1.1" 200 27
124.79.74.72 - - [18/Sep/2022:09:10:16 +0800] "GET /xingrg/all/function/internal_message.html?_=1663463412837&CODE_STATE=getMsg HTTP/1.1" 200 27
180.169.147.146 - - [18/Sep/2022:09:10:16 +0800] "GET /xingrg/all/function/internal_message.html?_=1663463414007&CODE_STATE=getMsg HTTP/1.1" 200 27
116.225.121.189 - - [18/Sep/2022:09:10:17 +0800] "POST /xingrg/kc/base/wldb_order_operate.html HTTP/1.1" 200 37
116.225.121.189 - - [18/Sep/2022:09:10:17 +0800] "POST /xingrg/kc/base/wldb_order_operate.html HTTP/1.1" 200 2653
116.225.121.189 - - [18/Sep/2022:09:10:18 +0800] "GET /xingrg/kc/base/wldb_order_info.html?code=422022091801531 HTTP/1.1" 200 30402
116.225.121.189 - - [18/Sep/2022:09:10:18 +0800] "GET /xingrg/javascript/easyui/themes/default/validatebox.css HTTP/1.1" 404 1104
116.225.121.189 - - [18/Sep/2022:09:10:18 +0800] "POST /xingrg/kc/base/wldb_order_operate.html HTTP/1.1" 200 2653
116.225.121.189 - - [18/Sep/2022:09:10:22 +0800] "GET /xingrg/kc/base/wldb_order_add.html HTTP/1.1" 200 30394
116.225.121.189 - - [18/Sep/2022:09:10:22 +0800] "POST /xingrg/kc/base/wldb_order_operate.html HTTP/1.1" 200 6806
116.225.121.189 - - [18/Sep/2022:09:10:22 +0800] "GET /xingrg/javascript/easyui/themes/default/validatebox.css HTTP/1.1" 404 1104
116.224.255.128 - - [18/Sep/2022:09:10:35 +0800] "GET /xingrg/all/function/internal_message.html?_=1663463432297&CODE_STATE=getMsg HTTP/1.1" 200 27
120.253.135.82 - - [18/Sep/2022:09:10:37 +0800] "GET /xingrg/check_reg.html?_=1663463544240 HTTP/1.1" 200 22
120.253.135.82 - - [18/Sep/2022:09:10:38 +0800] "GET /xingrg/all/function/internal_message.html?_=1663463545104&CODE_STATE=getMsg HTTP/1.1" 200 27
116.238.169.132 - - [18/Sep/2022:09:10:41 +0800] "GET /xingrg/all/function/internal_message.html?_=1663463438829&CODE_STATE=getMsg HTTP/1.1" 200 27
222.70.182.161 - - [18/Sep/2022:09:10:41 +0800] "GET /xingrg/all/function/internal_message.html?_=1663463433449&CODE_STATE=getMsg HTTP/1.1" 200 27
116.237.79.130 - - [18/Sep/2022:09:10:42 +0800] "GET /xingrg/all/function/internal_message.html?_=1663463433972&CODE_STATE=getMsg HTTP/1.1" 200 27
116.238.169.132 - - [18/Sep/2022:09:10:43 +0800] "GET /xingrg/all/function/internal_message.html?_=1663463440776&CODE_STATE=getMsg HTTP/1.1" 200 27
116.238.169.132 - - [18/Sep/2022:09:10:45 +0800] "GET /xingrg/index.html HTTP/1.1" 200 17173
116.238.169.132 - - [18/Sep/2022:09:10:45 +0800] "GET /favicon.ico HTTP/1.1" 404 -
116.238.169.132 - - [18/Sep/2022:09:10:45 +0800] "POST /xingrg/all/common/load_tree.html?tree=area_rest_tree_json&manage=1 HTTP/1.1" 200 342
116.238.169.132 - - [18/Sep/2022:09:10:45 +0800] "POST /xingrg/load_menu.html HTTP/1.1" 200 5138
116.238.169.132 - - [18/Sep/2022:09:10:45 +0800] "GET /xingrg/all/function/internal_message.html?_=1663463442780&CODE_STATE=count HTTP/1.1" 200 11
116.238.169.132 - - [18/Sep/2022:09:10:45 +0800] "GET /xingrg/check_reg.html?_=1663463442780 HTTP/1.1" 200 22
116.225.121.189 - - [18/Sep/2022:09:10:54 +0800] "GET /xingrg/all/function/internal_message.html?_=1663463451867&CODE_STATE=getMsg HTTP/1.1" 200 27
116.238.169.132 - - [18/Sep/2022:09:10:55 +0800] "GET /xingrg/kc/buy/cgsh_order_list.html HTTP/1.1" 200 52940
116.238.169.132 - - [18/Sep/2022:09:10:56 +0800] "POST /xingrg/kc/buy/cgsh_list_operate.html HTTP/1.1" 200 1042
116.238.169.132 - - [18/Sep/2022:09:10:57 +0800] "GET /xingrg/kc/buy/cgsh_order_add.html HTTP/1.1" 200 68757
116.238.169.132 - - [18/Sep/2022:09:10:57 +0800] "POST /xingrg/kc/buy/cgsh_order_operate.html HTTP/1.1" 200 8245
116.238.169.132 - - [18/Sep/2022:09:10:57 +0800] "GET /xingrg/all/common/auto_word.html?type=employee&rest_code=00102 HTTP/1.1" 200 189
116.238.169.132 - - [18/Sep/2022:09:10:57 +0800] "GET /xingrg/all/common/auto_word.html?type=employee&rest_code=00102 HTTP/1.1" 200 189
116.238.169.132 - - [18/Sep/2022:09:10:57 +0800] "GET /xingrg/javascript/easyui/themes/default/validatebox.css HTTP/1.1" 404 1104
116.224.255.128 - - [18/Sep/2022:09:10:57 +0800] "GET /xingrg/all/function/internal_message.html?_=1663463387627&CODE_STATE=getMsg HTTP/1.1" 200 27
116.238.169.132 - - [18/Sep/2022:09:10:58 +0800] "GET /xingrg/javascript/auto/indicator.gif HTTP/1.1" 404 1066
180.163.28.68 - - [18/Sep/2022:09:11:01 +0800] "GET /xingrg/all/function/internal_message.html?_=1663463254036&CODE_STATE=getMsg HTTP/1.1" 302 -
180.163.28.68 - - [18/Sep/2022:09:11:01 +0800] "GET /xingrg/login.html HTTP/1.1" 200 7641
120.253.135.82 - - [18/Sep/2022:09:11:01 +0800] "GET /xingrg/all/function/internal_message.html?_=1663463257661&CODE_STATE=getMsg HTTP/1.1" 200 27
116.237.79.130 - - [18/Sep/2022:09:11:07 +0800] "GET /favicon.ico HTTP/1.1" 404 -
116.225.121.189 - - [18/Sep/2022:09:11:15 +0800] "GET /xingrg/all/function/internal_message.html?_=1663463331688&CODE_STATE=getMsg HTTP/1.1" 200 27
124.79.74.72 - - [18/Sep/2022:09:11:16 +0800] "GET /xingrg/all/function/internal_message.html?_=1663463472807&CODE_STATE=getMsg HTTP/1.1" 200 27
180.169.147.146 - - [18/Sep/2022:09:11:16 +0800] "GET /xingrg/all/function/internal_message.html?_=1663463473992&CODE_STATE=getMsg HTTP/1.1" 200 27
116.238.169.132 - - [18/Sep/2022:09:11:27 +0800] "GET /xingrg/kc/buy/cgsh_order_operate.html?command=get_materiel&rest_code=00102&code=00101007049&supplier_code=00100096&order_time=2022-09-18 HTTP/1.1" 200 409
180.163.28.114 - - [18/Sep/2022:09:11:34 +0800] "GET /xingrg/all/function/internal_message.html?_=1663463373993&CODE_STATE=getMsg HTTP/1.1" 302 -
180.163.28.114 - - [18/Sep/2022:09:11:34 +0800] "GET /xingrg/login.html HTTP/1.1" 200 7641
116.224.255.128 - - [18/Sep/2022:09:11:35 +0800] "GET /xingrg/check_reg.html?_=1663463492187 HTTP/1.1" 200 22
116.224.255.128 - - [18/Sep/2022:09:11:35 +0800] "GET /xingrg/all/function/internal_message.html?_=1663463492281&CODE_STATE=getMsg HTTP/1.1" 200 27
120.253.135.82 - - [18/Sep/2022:09:11:38 +0800] "GET /xingrg/all/function/internal_message.html?_=1663463605112&CODE_STATE=getMsg HTTP/1.1" 200 27
222.70.182.161 - - [18/Sep/2022:09:11:41 +0800] "GET /xingrg/all/function/internal_message.html?_=1663463493449&CODE_STATE=getMsg HTTP/1.1" 200 27
116.238.169.132 - - [18/Sep/2022:09:11:41 +0800] "GET /xingrg/kc/buy/cgsh_order_operate.html?command=get_materiel&rest_code=00102&code=00101007061&supplier_code=00100096&order_time=2022-09-18 HTTP/1.1" 200 411
116.237.79.130 - - [18/Sep/2022:09:11:42 +0800] "GET /xingrg/all/function/internal_message.html?_=1663463493948&CODE_STATE=getMsg HTTP/1.1" 200 27
116.238.169.132 - - [18/Sep/2022:09:11:43 +0800] "GET /xingrg/all/function/internal_message.html?_=1663463500774&CODE_STATE=getMsg HTTP/1.1" 200 27
116.238.169.132 - - [18/Sep/2022:09:11:45 +0800] "GET /xingrg/all/function/internal_message.html?_=1663463502819&CODE_STATE=getMsg HTTP/1.1" 200 27
180.163.29.212 - - [18/Sep/2022:09:11:53 +0800] "GET /xingrg/all/function/internal_message.html?_=1663463014131&CODE_STATE=getMsg HTTP/1.1" 302 -
180.163.29.212 - - [18/Sep/2022:09:11:54 +0800] "GET /xingrg/login.html HTTP/1.1" 200 7641
116.225.121.189 - - [18/Sep/2022:09:11:54 +0800] "GET /xingrg/all/function/internal_message.html?_=1663463511859&CODE_STATE=getMsg HTTP/1.1" 200 27
116.224.255.128 - - [18/Sep/2022:09:11:57 +0800] "GET /xingrg/all/function/internal_message.html?_=1663463447641&CODE_STATE=getMsg HTTP/1.1" 200 27
116.225.121.189 - - [18/Sep/2022:09:11:58 +0800] "GET /xingrg/kc/buy/cgsh_order_operate.html?command=get_materiel&rest_code=00105&code=00102005574&supplier_code=00100077&order_time=2022-09-18 HTTP/1.1" 200 422
116.238.169.132 - - [18/Sep/2022:09:11:58 +0800] "GET /xingrg/kc/buy/cgsh_order_operate.html?command=get_materiel&rest_code=00102&code=00101007077&supplier_code=00100096&order_time=2022-09-18 HTTP/1.1" 200 415
120.253.135.82 - - [18/Sep/2022:09:12:01 +0800] "GET /xingrg/all/function/internal_message.html?_=1663463317674&CODE_STATE=getMsg HTTP/1.1" 200 27
116.237.79.130 - - [18/Sep/2022:09:12:04 +0800] "GET /xingrg/check_reg.html?_=1663463516227 HTTP/1.1" 200 22
116.225.121.189 - - [18/Sep/2022:09:12:15 +0800] "GET /xingrg/all/function/internal_message.html?_=1663463391665&CODE_STATE=getMsg HTTP/1.1" 200 27
124.79.74.72 - - [18/Sep/2022:09:12:16 +0800] "GET /xingrg/all/function/internal_message.html?_=1663463532777&CODE_STATE=getMsg HTTP/1.1" 200 27
180.169.147.146 - - [18/Sep/2022:09:12:16 +0800] "GET /xingrg/all/function/internal_message.html?_=1663463533977&CODE_STATE=getMsg HTTP/1.1" 200 27
116.238.169.132 - - [18/Sep/2022:09:12:21 +0800] "GET /xingrg/kc/buy/cgsh_order_operate.html?command=get_materiel&rest_code=00102&code=00101012029&supplier_code=00100096&order_time=2022-09-18 HTTP/1.1" 200 414
114.84.81.136 - - [18/Sep/2022:09:12:23 +0800] "GET /xingrg/check_reg.html?_=1663463536971 HTTP/1.1" 200 22
116.238.169.132 - - [18/Sep/2022:09:12:30 +0800] "GET /xingrg/kc/buy/cgsh_order_operate.html?command=get_materiel&rest_code=00102&code=00101006134&supplier_code=00100096&order_time=2022-09-18 HTTP/1.1" 200 417
116.225.121.189 - - [18/Sep/2022:09:12:34 +0800] "GET /xingrg/kc/base/wldb_order_operate.html?command=get_materiel&rest_code=00105&base_code=0010514&code=00101019248 HTTP/1.1" 200 459
116.224.255.128 - - [18/Sep/2022:09:12:35 +0800] "GET /xingrg/all/function/internal_message.html?_=1663463552253&CODE_STATE=getMsg HTTP/1.1" 200 27
116.225.121.189 - - [18/Sep/2022:09:12:37 +0800] "GET /xingrg/kc/buy/cgsh_order_operate.html?command=get_materiel&rest_code=00105&code=00102006998&supplier_code=00100077&order_time=2022-09-18 HTTP/1.1" 200 426
120.253.135.82 - - [18/Sep/2022:09:12:38 +0800] "GET /xingrg/all/function/internal_message.html?_=1663463665125&CODE_STATE=getMsg HTTP/1.1" 200 27
222.70.182.161 - - [18/Sep/2022:09:12:41 +0800] "GET /xingrg/all/function/internal_message.html?_=1663463553448&CODE_STATE=getMsg HTTP/1.1" 200 27
116.237.79.130 - - [18/Sep/2022:09:12:42 +0800] "GET /xingrg/all/function/internal_message.html?_=1663463553921&CODE_STATE=getMsg HTTP/1.1" 200 27
116.238.169.132 - - [18/Sep/2022:09:12:43 +0800] "GET /xingrg/all/function/internal_message.html?_=1663463560781&CODE_STATE=getMsg HTTP/1.1" 200 27
116.238.169.132 - - [18/Sep/2022:09:12:43 +0800] "GET /xingrg/check_reg.html?_=1663463560783 HTTP/1.1" 200 22
116.238.169.132 - - [18/Sep/2022:09:12:45 +0800] "GET /xingrg/all/function/internal_message.html?_=1663463562796&CODE_STATE=getMsg HTTP/1.1" 200 27
180.163.30.85 - - [18/Sep/2022:09:12:48 +0800] "GET /xingrg/kc/buy/cgsh_order_operate.html?command=get_materiel&rest_code=00106&code=00101008088&supplier_code=00100007&order_time=2022-09-18 HTTP/1.1" 302 -
180.163.30.85 - - [18/Sep/2022:09:12:48 +0800] "GET /xingrg/login.html HTTP/1.1" 200 7641
116.238.169.132 - - [18/Sep/2022:09:12:52 +0800] "GET /xingrg/kc/buy/cgsh_order_operate.html?command=get_materiel&rest_code=00102&code=00101006056&supplier_code=00100096&order_time=2022-09-18 HTTP/1.1" 200 415
116.225.121.189 - - [18/Sep/2022:09:12:54 +0800] "GET /xingrg/all/function/internal_message.html?_=1663463571854&CODE_STATE=getMsg HTTP/1.1" 200 27
116.224.255.128 - - [18/Sep/2022:09:12:57 +0800] "GET /xingrg/all/function/internal_message.html?_=1663463507687&CODE_STATE=getMsg HTTP/1.1" 200 27
116.225.121.189 - - [18/Sep/2022:09:13:01 +0800] "GET /xingrg/kc/base/wldb_order_operate.html?command=get_materiel&rest_code=00105&base_code=0010514&code=00101019323 HTTP/1.1" 200 432
120.253.135.82 - - [18/Sep/2022:09:13:02 +0800] "GET /xingrg/all/function/internal_message.html?_=1663463377740&CODE_STATE=getMsg HTTP/1.1" 200 27
116.238.169.132 - - [18/Sep/2022:09:13:03 +0800] "GET /xingrg/kc/buy/cgsh_order_operate.html?command=get_materiel&rest_code=00102&code=00101006109&supplier_code=00100096&order_time=2022-09-18 HTTP/1.1" 200 411
124.79.74.72 - - [18/Sep/2022:09:13:16 +0800] "GET /xingrg/all/function/internal_message.html?_=1663463592747&CODE_STATE=getMsg HTTP/1.1" 200 27
116.225.121.189 - - [18/Sep/2022:09:13:16 +0800] "POST /xingrg/kc/base/wldb_order_operate.html HTTP/1.1" 200 37
180.169.147.146 - - [18/Sep/2022:09:13:16 +0800] "GET /xingrg/all/function/internal_message.html?_=1663463593962&CODE_STATE=getMsg HTTP/1.1" 200 27
116.238.169.132 - - [18/Sep/2022:09:13:16 +0800] "GET /xingrg/kc/buy/cgsh_order_operate.html?command=get_materiel&rest_code=00102&code=00101006144&supplier_code=00100096&order_time=2022-09-18 HTTP/1.1" 200 409
116.225.121.189 - - [18/Sep/2022:09:13:16 +0800] "POST /xingrg/kc/base/wldb_order_operate.html HTTP/1.1" 200 2671
116.225.121.189 - - [18/Sep/2022:09:13:17 +0800] "GET /xingrg/kc/buy/cgsh_order_operate.html?command=get_materiel&rest_code=00105&code=00102005634&supplier_code=00100077&order_time=2022-09-18 HTTP/1.1" 200 421
116.225.121.189 - - [18/Sep/2022:09:13:17 +0800] "GET /xingrg/kc/base/wldb_order_info.html?code=422022091801532 HTTP/1.1" 200 30402
116.225.121.189 - - [18/Sep/2022:09:13:18 +0800] "GET /xingrg/javascript/easyui/themes/default/validatebox.css HTTP/1.1" 404 1104
116.225.121.189 - - [18/Sep/2022:09:13:18 +0800] "POST /xingrg/kc/base/wldb_order_operate.html HTTP/1.1" 200 2671
116.230.114.213 - - [18/Sep/2022:09:13:31 +0800] "POST /xingrg/services/DataTransmitService HTTP/1.1" 200 524
116.230.114.213 - - [18/Sep/2022:09:13:32 +0800] "POST /xingrg/services/DataTransmitService HTTP/1.1" 200 412
116.224.255.128 - - [18/Sep/2022:09:13:35 +0800] "GET /xingrg/all/function/internal_message.html?_=1663463612239&CODE_STATE=getMsg HTTP/1.1" 200 27
116.238.169.132 - - [18/Sep/2022:09:13:37 +0800] "GET /xingrg/kc/buy/cgsh_order_operate.html?command=get_materiel&rest_code=00102&code=00101006111&supplier_code=00100096&order_time=2022-09-18 HTTP/1.1" 200 409
120.253.135.82 - - [18/Sep/2022:09:13:38 +0800] "GET /xingrg/all/function/internal_message.html?_=1663463725157&CODE_STATE=getMsg HTTP/1.1" 200 27
222.70.182.161 - - [18/Sep/2022:09:13:41 +0800] "GET /xingrg/check_reg.html?_=1663463613448 HTTP/1.1" 200 22
222.70.182.161 - - [18/Sep/2022:09:13:41 +0800] "GET /xingrg/all/function/internal_message.html?_=1663463613451&CODE_STATE=getMsg HTTP/1.1" 200 27
116.237.79.130 - - [18/Sep/2022:09:13:42 +0800] "GET /xingrg/all/function/internal_message.html?_=1663463613893&CODE_STATE=getMsg HTTP/1.1" 200 27
116.238.169.132 - - [18/Sep/2022:09:13:43 +0800] "GET /xingrg/all/function/internal_message.html?_=1663463620786&CODE_STATE=getMsg HTTP/1.1" 200 27
116.238.169.132 - - [18/Sep/2022:09:13:45 +0800] "GET /xingrg/all/function/internal_message.html?_=1663463622784&CODE_STATE=getMsg HTTP/1.1" 200 27
116.238.169.132 - - [18/Sep/2022:09:13:52 +0800] "GET /xingrg/kc/buy/cgsh_order_operate.html?command=get_materiel&rest_code=00102&code=00101016080&supplier_code=00100096&order_time=2022-09-18 HTTP/1.1" 200 408
116.225.121.189 - - [18/Sep/2022:09:13:54 +0800] "GET /xingrg/all/function/internal_message.html?_=1663463631857&CODE_STATE=getMsg HTTP/1.1" 200 27
116.224.255.128 - - [18/Sep/2022:09:13:57 +0800] "GET /xingrg/all/function/internal_message.html?_=1663463567700&CODE_STATE=getMsg HTTP/1.1" 200 27
120.253.135.82 - - [18/Sep/2022:09:14:02 +0800] "GET /xingrg/all/function/internal_message.html?_=1663463437750&CODE_STATE=getMsg HTTP/1.1" 200 27
116.238.169.132 - - [18/Sep/2022:09:14:02 +0800] "GET /xingrg/kc/buy/cgsh_order_operate.html?command=get_materiel&rest_code=00102&code=00101012070&supplier_code=00100096&order_time=2022-09-18 HTTP/1.1" 200 412
180.163.29.79 - - [18/Sep/2022:09:14:06 +0800] "GET /xingrg/check_reg.html?_=1663463216233 HTTP/1.1" 302 -
180.163.29.79 - - [18/Sep/2022:09:14:06 +0800] "GET /xingrg/login.html HTTP/1.1" 200 7641
180.169.147.146 - - [18/Sep/2022:09:14:07 +0800] "GET /xingrg/check_reg.html?_=1663463645090 HTTP/1.1" 200 22
180.163.30.100 - - [18/Sep/2022:09:14:12 +0800] "GET /xingrg/all/function/internal_message.html?_=1663463553921&CODE_STATE=getMsg HTTP/1.1" 302 -
180.163.30.100 - - [18/Sep/2022:09:14:12 +0800] "GET /xingrg/login.html HTTP/1.1" 200 7641
116.238.169.132 - - [18/Sep/2022:09:14:13 +0800] "GET /xingrg/kc/buy/cgsh_order_operate.html?command=get_materiel&rest_code=00102&code=00101012025&supplier_code=00100096&order_time=2022-09-18 HTTP/1.1" 200 412
116.225.121.189 - - [18/Sep/2022:09:14:15 +0800] "GET /xingrg/check_reg.html?_=1663463511678 HTTP/1.1" 200 22
116.225.121.189 - - [18/Sep/2022:09:14:15 +0800] "GET /xingrg/all/function/internal_message.html?_=1663463511673&CODE_STATE=getMsg HTTP/1.1" 200 27
114.88.158.224 - - [18/Sep/2022:09:14:15 +0800] "POST /xingrg/services/DataTransmitService HTTP/1.1" 200 524
124.79.74.72 - - [18/Sep/2022:09:14:16 +0800] "GET /xingrg/all/function/internal_message.html?_=1663463652733&CODE_STATE=getMsg HTTP/1.1" 200 27
180.169.147.146 - - [18/Sep/2022:09:14:16 +0800] "GET /xingrg/all/function/internal_message.html?_=1663463653938&CODE_STATE=getMsg HTTP/1.1" 200 27
124.79.74.72 - - [18/Sep/2022:09:14:34 +0800] "GET /xingrg/check_reg.html?_=1663463671047 HTTP/1.1" 200 22
116.224.255.128 - - [18/Sep/2022:09:14:35 +0800] "GET /xingrg/all/function/internal_message.html?_=1663463672229&CODE_STATE=getMsg HTTP/1.1" 200 27
114.83.217.204 - - [18/Sep/2022:09:14:36 +0800] "POST /xingrg/services/DataTransmitService HTTP/1.1" 200 524
116.238.169.132 - - [18/Sep/2022:09:14:37 +0800] "POST /xingrg/kc/buy/cgsh_order_operate.html HTTP/1.1" 200 37
120.253.135.82 - - [18/Sep/2022:09:14:38 +0800] "GET /xingrg/all/function/internal_message.html?_=1663463785169&CODE_STATE=getMsg HTTP/1.1" 200 27
222.70.182.161 - - [18/Sep/2022:09:14:41 +0800] "GET /xingrg/all/function/internal_message.html?_=1663463673450&CODE_STATE=getMsg HTTP/1.1" 200 27
116.237.79.130 - - [18/Sep/2022:09:14:42 +0800] "GET /xingrg/all/function/internal_message.html?_=1663463673873&CODE_STATE=getMsg HTTP/1.1" 200 27
116.238.169.132 - - [18/Sep/2022:09:14:43 +0800] "GET /xingrg/all/function/internal_message.html?_=1663463680788&CODE_STATE=getMsg HTTP/1.1" 200 27
116.238.169.132 - - [18/Sep/2022:09:14:52 +0800] "GET /xingrg/all/function/internal_message.html?_=1663463689614&CODE_STATE=getMsg HTTP/1.1" 200 27
180.163.28.114 - - [18/Sep/2022:09:14:54 +0800] "GET /xingrg/all/function/internal_message.html?_=1663462594249&CODE_STATE=getMsg HTTP/1.1" 302 -
180.163.28.114 - - [18/Sep/2022:09:14:54 +0800] "GET /xingrg/login.html HTTP/1.1" 200 7641
116.225.121.189 - - [18/Sep/2022:09:14:54 +0800] "GET /xingrg/all/function/internal_message.html?_=1663463691857&CODE_STATE=getMsg HTTP/1.1" 200 27
116.225.121.189 - - [18/Sep/2022:09:14:54 +0800] "GET /xingrg/check_reg.html?_=1663463691876 HTTP/1.1" 200 22
116.238.169.132 - - [18/Sep/2022:09:14:54 +0800] "POST /xingrg/kc/buy/cgsh_order_operate.html HTTP/1.1" 200 12
116.238.169.132 - - [18/Sep/2022:09:14:56 +0800] "GET /xingrg/kc/buy/cgsh_order_info.html?code=212022091806426 HTTP/1.1" 200 63648
116.238.169.132 - - [18/Sep/2022:09:14:56 +0800] "GET /xingrg/javascript/easyui/themes/default/validatebox.css HTTP/1.1" 404 1104
116.238.169.132 - - [18/Sep/2022:09:14:56 +0800] "POST /xingrg/kc/buy/cgsh_order_operate.html HTTP/1.1" 200 7117
116.224.255.128 - - [18/Sep/2022:09:14:57 +0800] "GET /xingrg/check_reg.html?_=1663463627384 HTTP/1.1" 200 22
116.224.255.128 - - [18/Sep/2022:09:14:57 +0800] "GET /xingrg/all/function/internal_message.html?_=1663463627713&CODE_STATE=getMsg HTTP/1.1" 200 27
116.238.169.132 - - [18/Sep/2022:09:14:58 +0800] "GET /xingrg/kc/print/load_config.html?kc_code=cgsh HTTP/1.1" 200 1943
116.238.169.132 - - [18/Sep/2022:09:14:58 +0800] "GET /xingrg/kc/print/load_data.html?order_code=212022091806426&kc_code=cgsh&condition= HTTP/1.1" 200 3134
120.253.135.82 - - [18/Sep/2022:09:15:00 +0800] "GET /xingrg/check_reg.html?_=1663463496362 HTTP/1.1" 200 22
120.253.135.82 - - [18/Sep/2022:09:15:02 +0800] "GET /xingrg/all/function/internal_message.html?_=1663463497764&CODE_STATE=getMsg HTTP/1.1" 200 27
116.238.169.132 - - [18/Sep/2022:09:15:04 +0800] "GET /xingrg/kc/buy/cgsh_order_add.html HTTP/1.1" 200 68757
116.238.169.132 - - [18/Sep/2022:09:15:05 +0800] "POST /xingrg/kc/buy/cgsh_order_operate.html HTTP/1.1" 200 8245
116.238.169.132 - - [18/Sep/2022:09:15:05 +0800] "GET /xingrg/javascript/easyui/themes/default/validatebox.css HTTP/1.1" 404 1104
116.237.79.130 - - [18/Sep/2022:09:15:13 +0800] "POST /xingrg/kc/buy/cgsh_order_operate.html HTTP/1.1" 200 37
114.83.219.57 - - [18/Sep/2022:09:15:15 +0800] "GET /xingrg/login.html HTTP/1.1" 200 7641
116.225.121.189 - - [18/Sep/2022:09:15:15 +0800] "GET /xingrg/all/function/internal_message.html?_=1663463571652&CODE_STATE=getMsg HTTP/1.1" 200 27
114.83.219.57 - - [18/Sep/2022:09:15:15 +0800] "GET /favicon.ico HTTP/1.1" 404 -
124.79.74.72 - - [18/Sep/2022:09:15:16 +0800] "GET /xingrg/all/function/internal_message.html?_=1663463712705&CODE_STATE=getMsg HTTP/1.1" 200 27
180.169.147.146 - - [18/Sep/2022:09:15:16 +0800] "GET /xingrg/all/function/internal_message.html?_=1663463713921&CODE_STATE=getMsg HTTP/1.1" 200 27
116.237.79.130 - - [18/Sep/2022:09:15:16 +0800] "POST /xingrg/kc/buy/cgsh_order_operate.html HTTP/1.1" 200 12
116.237.79.130 - - [18/Sep/2022:09:15:17 +0800] "GET /xingrg/kc/buy/cgsh_order_info.html?code=212022091806422 HTTP/1.1" 200 63627
114.83.219.57 - - [18/Sep/2022:09:15:17 +0800] "POST /xingrg/login.do HTTP/1.1" 302 -
114.83.219.57 - - [18/Sep/2022:09:15:18 +0800] "GET /xingrg/index.html?sysBaseUrl=http%3A%2F%2F180.169.147.146%3A18081%2Fxingrg%2F&costTime=39×tamp=1663463717985 HTTP/1.1" 200 17179
114.83.219.57 - - [18/Sep/2022:09:15:18 +0800] "GET /favicon.ico HTTP/1.1" 404 -
114.83.219.57 - - [18/Sep/2022:09:15:18 +0800] "POST /xingrg/all/common/load_tree.html?tree=area_rest_tree_json&manage=1 HTTP/1.1" 200 351
116.237.79.130 - - [18/Sep/2022:09:15:18 +0800] "GET /xingrg/javascript/easyui/themes/default/validatebox.css HTTP/1.1" 404 1104
114.83.219.57 - - [18/Sep/2022:09:15:18 +0800] "POST /xingrg/load_menu.html HTTP/1.1" 200 5138
114.83.219.57 - - [18/Sep/2022:09:15:18 +0800] "GET /xingrg/all/function/internal_message.html?_=1663463798595&CODE_STATE=count HTTP/1.1" 200 11
114.83.219.57 - - [18/Sep/2022:09:15:18 +0800] "GET /xingrg/check_reg.html?_=1663463798595 HTTP/1.1" 200 22
116.237.79.130 - - [18/Sep/2022:09:15:19 +0800] "POST /xingrg/kc/buy/cgsh_order_operate.html HTTP/1.1" 200 37809
116.237.79.130 - - [18/Sep/2022:09:15:20 +0800] "GET /xingrg/kc/print/load_config.html?kc_code=cgsh HTTP/1.1" 200 1943
116.237.79.130 - - [18/Sep/2022:09:15:20 +0800] "GET /xingrg/kc/print/load_data.html?order_code=212022091806422&kc_code=cgsh&condition= HTTP/1.1" 200 14779
116.225.121.189 - - [18/Sep/2022:09:15:28 +0800] "GET /xingrg/kc/buy/cgsh_order_operate.html?command=get_materiel&rest_code=00105&code=00102006748&supplier_code=00100077&order_time=2022-09-18 HTTP/1.1" 200 413
116.237.79.130 - - [18/Sep/2022:09:15:31 +0800] "GET /xingrg/kc/print/load_data.html?order_code=212022091806422&kc_code=cgsh HTTP/1.1" 200 14779
116.224.255.128 - - [18/Sep/2022:09:15:35 +0800] "GET /xingrg/all/function/internal_message.html?_=1663463732216&CODE_STATE=getMsg HTTP/1.1" 200 27
120.253.135.82 - - [18/Sep/2022:09:15:37 +0800] "GET /xingrg/check_reg.html?_=1663463844263 HTTP/1.1" 200 22
120.253.135.82 - - [18/Sep/2022:09:15:38 +0800] "GET /xingrg/all/function/internal_message.html?_=1663463845182&CODE_STATE=getMsg HTTP/1.1" 200 27
222.70.182.161 - - [18/Sep/2022:09:15:41 +0800] "GET /xingrg/all/function/internal_message.html?_=1663463733450&CODE_STATE=getMsg HTTP/1.1" 200 27
116.238.169.132 - - [18/Sep/2022:09:15:43 +0800] "GET /xingrg/all/function/internal_message.html?_=1663463740788&CODE_STATE=getMsg HTTP/1.1" 200 27
116.238.169.132 - - [18/Sep/2022:09:15:45 +0800] "GET /xingrg/check_reg.html?_=1663463742793 HTTP/1.1" 200 22
116.225.121.189 - - [18/Sep/2022:09:15:51 +0800] "GET /xingrg/kc/buy/cgsh_order_operate.html?command=get_materiel&rest_code=00105&code=00102006727&supplier_code=00100077&order_time=2022-09-18 HTTP/1.1" 200 405
116.238.169.132 - - [18/Sep/2022:09:15:52 +0800] "GET /xingrg/all/function/internal_message.html?_=1663463749590&CODE_STATE=getMsg HTTP/1.1" 200 27
116.225.121.189 - - [18/Sep/2022:09:15:54 +0800] "GET /xingrg/all/function/internal_message.html?_=1663463751896&CODE_STATE=getMsg HTTP/1.1" 200 27
116.224.255.128 - - [18/Sep/2022:09:15:57 +0800] "GET /xingrg/all/function/internal_message.html?_=1663463687726&CODE_STATE=getMsg HTTP/1.1" 200 27
116.238.169.132 - - [18/Sep/2022:09:15:58 +0800] "GET /xingrg/javascript/easyui/themes/default/tree.css HTTP/1.1" 404 1090
116.238.169.132 - - [18/Sep/2022:09:15:58 +0800] "POST /xingrg/all/common/load_tree.html?tree=supplier_tree_json&isDelete=1 HTTP/1.1" 200 68551
120.253.135.82 - - [18/Sep/2022:09:16:02 +0800] "GET /xingrg/all/function/internal_message.html?_=1663463557776&CODE_STATE=getMsg HTTP/1.1" 200 27
116.237.79.130 - - [18/Sep/2022:09:16:07 +0800] "GET /xingrg/all/function/internal_message.html?_=1663463759518&CODE_STATE=getMsg HTTP/1.1" 200 27
116.225.121.189 - - [18/Sep/2022:09:16:10 +0800] "GET /xingrg/kc/buy/cgsh_order_operate.html?command=get_materiel&rest_code=00105&code=00102005196&supplier_code=00100077&order_time=2022-09-18 HTTP/1.1" 200 409
116.225.121.189 - - [18/Sep/2022:09:16:15 +0800] "GET /xingrg/all/function/internal_message.html?_=1663463631638&CODE_STATE=getMsg HTTP/1.1" 200 27
124.79.74.72 - - [18/Sep/2022:09:16:16 +0800] "GET /xingrg/all/function/internal_message.html?_=1663463772674&CODE_STATE=getMsg HTTP/1.1" 200 27
180.169.147.146 - - [18/Sep/2022:09:16:16 +0800] "GET /xingrg/all/function/internal_message.html?_=1663463773891&CODE_STATE=getMsg HTTP/1.1" 200 27
114.83.219.57 - - [18/Sep/2022:09:16:18 +0800] "GET /xingrg/all/function/internal_message.html?_=1663463858614&CODE_STATE=getMsg HTTP/1.1" 200 27
116.238.169.132 - - [18/Sep/2022:09:16:25 +0800] "GET /xingrg/kc/buy/cgsh_order_operate.html?command=get_materiel&rest_code=00102&code=00101002027&supplier_code=00100400&order_time=2022-09-18 HTTP/1.1" 200 432
116.224.255.128 - - [18/Sep/2022:09:16:35 +0800] "GET /xingrg/check_reg.html?_=1663463792200 HTTP/1.1" 200 22
116.224.255.128 - - [18/Sep/2022:09:16:35 +0800] "GET /xingrg/all/function/internal_message.html?_=1663463792202&CODE_STATE=getMsg HTTP/1.1" 200 27
116.238.169.132 - - [18/Sep/2022:09:16:36 +0800] "GET /xingrg/kc/buy/cgsh_order_operate.html?command=get_materiel&rest_code=00102&code=00101004010&supplier_code=00100400&order_time=2022-09-18 HTTP/1.1" 200 409
120.253.135.82 - - [18/Sep/2022:09:16:38 +0800] "GET /xingrg/all/function/internal_message.html?_=1663463905196&CODE_STATE=getMsg HTTP/1.1" 200 27
222.70.182.161 - - [18/Sep/2022:09:16:41 +0800] "GET /xingrg/all/function/internal_message.html?_=1663463793448&CODE_STATE=getMsg HTTP/1.1" 200 27
116.238.169.132 - - [18/Sep/2022:09:16:43 +0800] "GET /xingrg/all/function/internal_message.html?_=1663463800790&CODE_STATE=getMsg HTTP/1.1" 200 27
180.163.30.85 - - [18/Sep/2022:09:16:48 +0800] "GET /xingrg/kc/buy/cgsh_order_operate.html?command=get_materiel&rest_code=00106&code=00101008352&supplier_code=00100007&order_time=2022-09-18 HTTP/1.1" 302 -
180.163.30.85 - - [18/Sep/2022:09:16:48 +0800] "GET /xingrg/login.html HTTP/1.1" 200 7641
116.238.169.132 - - [18/Sep/2022:09:16:48 +0800] "GET /xingrg/kc/buy/cgsh_order_operate.html?command=get_materiel&rest_code=00102&code=00101004030&supplier_code=00100400&order_time=2022-09-18 HTTP/1.1" 200 428
116.238.169.132 - - [18/Sep/2022:09:16:52 +0800] "GET /xingrg/all/function/internal_message.html?_=1663463809566&CODE_STATE=getMsg HTTP/1.1" 200 27
116.225.121.189 - - [18/Sep/2022:09:16:54 +0800] "GET /xingrg/all/function/internal_message.html?_=1663463811852&CODE_STATE=getMsg HTTP/1.1" 200 27
116.238.169.132 - - [18/Sep/2022:09:16:56 +0800] "GET /xingrg/kc/buy/cgsh_order_operate.html?command=get_materiel&rest_code=00102&code=00101005037&supplier_code=00100400&order_time=2022-09-18 HTTP/1.1" 200 409
116.224.255.128 - - [18/Sep/2022:09:16:57 +0800] "GET /xingrg/all/function/internal_message.html?_=1663463747740&CODE_STATE=getMsg HTTP/1.1" 200 27
120.253.135.82 - - [18/Sep/2022:09:17:02 +0800] "GET /xingrg/all/function/internal_message.html?_=1663463617789&CODE_STATE=getMsg HTTP/1.1" 200 27
116.237.79.130 - - [18/Sep/2022:09:17:04 +0800] "GET /xingrg/check_reg.html?_=1663463816252 HTTP/1.1" 200 22
116.238.169.132 - - [18/Sep/2022:09:17:04 +0800] "GET /xingrg/kc/buy/cgsh_order_operate.html?command=get_materiel&rest_code=00102&code=00101010161&supplier_code=00100400&order_time=2022-09-18 HTTP/1.1" 200 429
116.237.79.130 - - [18/Sep/2022:09:17:07 +0800] "GET /xingrg/all/function/internal_message.html?_=1663463819489&CODE_STATE=getMsg HTTP/1.1" 200 27
116.225.121.189 - - [18/Sep/2022:09:17:15 +0800] "GET /xingrg/all/function/internal_message.html?_=1663463691613&CODE_STATE=getMsg HTTP/1.1" 200 27
116.238.169.132 - - [18/Sep/2022:09:17:15 +0800] "GET /xingrg/kc/buy/cgsh_order_operate.html?command=get_materiel&rest_code=00102&code=00101001075&supplier_code=00100400&order_time=2022-09-18 HTTP/1.1" 200 410
124.79.74.72 - - [18/Sep/2022:09:17:16 +0800] "GET /xingrg/all/function/internal_message.html?_=1663463832644&CODE_STATE=getMsg HTTP/1.1" 200 27
180.169.147.146 - - [18/Sep/2022:09:17:16 +0800] "GET /xingrg/all/function/internal_message.html?_=1663463833877&CODE_STATE=getMsg HTTP/1.1" 200 27
114.83.219.57 - - [18/Sep/2022:09:17:18 +0800] "GET /xingrg/all/function/internal_message.html?_=1663463918602&CODE_STATE=getMsg HTTP/1.1" 200 27
114.84.81.136 - - [18/Sep/2022:09:17:23 +0800] "GET /xingrg/check_reg.html?_=1663463836950 HTTP/1.1" 200 22
116.225.121.189 - - [18/Sep/2022:09:17:25 +0800] "GET /xingrg/kc/buy/cgsh_order_operate.html?command=get_materiel&rest_code=00105&code=00102005583&supplier_code=00100077&order_time=2022-09-18 HTTP/1.1" 200 416
116.224.255.128 - - [18/Sep/2022:09:17:35 +0800] "GET /xingrg/all/function/internal_message.html?_=1663463852219&CODE_STATE=getMsg HTTP/1.1" 200 27
120.253.135.82 - - [18/Sep/2022:09:17:38 +0800] "GET /xingrg/all/function/internal_message.html?_=1663463965209&CODE_STATE=getMsg HTTP/1.1" 200 27
180.163.29.79 - - [18/Sep/2022:09:17:40 +0800] "GET /xingrg/kc/print/load_data.html?order_code=212022091806422&kc_code=cgsh&condition= HTTP/1.1" 302 -
180.163.29.79 - - [18/Sep/2022:09:17:40 +0800] "GET /xingrg/login.html HTTP/1.1" 200 7641
222.70.182.161 - - [18/Sep/2022:09:17:41 +0800] "GET /xingrg/all/function/internal_message.html?_=1663463853449&CODE_STATE=getMsg HTTP/1.1" 200 27
116.238.169.132 - - [18/Sep/2022:09:17:43 +0800] "GET /xingrg/check_reg.html?_=1663463860797 HTTP/1.1" 200 22
116.238.169.132 - - [18/Sep/2022:09:17:43 +0800] "GET /xingrg/all/function/internal_message.html?_=1663463860799&CODE_STATE=getMsg HTTP/1.1" 200 27
180.163.28.109 - - [18/Sep/2022:09:17:43 +0800] "GET /xingrg/kc/buy/cgsh_order_operate.html?command=get_materiel&rest_code=00106&code=00101008067&supplier_code=00100007&order_time=2022-09-18 HTTP/1.1" 302 -
180.163.28.109 - - [18/Sep/2022:09:17:43 +0800] "GET /xingrg/login.html HTTP/1.1" 200 7641
116.238.169.132 - - [18/Sep/2022:09:17:47 +0800] "POST /xingrg/services/DataTransmitService HTTP/1.1" 200 524
116.238.169.132 - - [18/Sep/2022:09:17:52 +0800] "GET /xingrg/all/function/internal_message.html?_=1663463869551&CODE_STATE=getMsg HTTP/1.1" 200 27
116.225.121.189 - - [18/Sep/2022:09:17:54 +0800] "GET /xingrg/all/function/internal_message.html?_=1663463871903&CODE_STATE=getMsg HTTP/1.1" 200 27
116.224.255.128 - - [18/Sep/2022:09:17:57 +0800] "GET /xingrg/all/function/internal_message.html?_=1663463807784&CODE_STATE=getMsg HTTP/1.1" 200 27
116.237.79.130 - - [18/Sep/2022:09:18:07 +0800] "GET /xingrg/all/function/internal_message.html?_=1663463879457&CODE_STATE=getMsg HTTP/1.1" 200 27
116.225.121.189 - - [18/Sep/2022:09:18:15 +0800] "GET /xingrg/all/function/internal_message.html?_=1663463751602&CODE_STATE=getMsg HTTP/1.1" 200 27
124.79.74.72 - - [18/Sep/2022:09:18:16 +0800] "GET /xingrg/all/function/internal_message.html?_=1663463892615&CODE_STATE=getMsg HTTP/1.1" 200 27
180.169.147.146 - - [18/Sep/2022:09:18:16 +0800] "GET /xingrg/all/function/internal_message.html?_=1663463893882&CODE_STATE=getMsg HTTP/1.1" 200 27
114.83.219.57 - - [18/Sep/2022:09:18:18 +0800] "GET /xingrg/all/function/internal_message.html?_=1663463978617&CODE_STATE=getMsg HTTP/1.1" 200 27
180.163.29.206 - - [18/Sep/2022:09:18:32 +0800] "GET /xingrg/all/function/internal_message.html?_=1663463314016&CODE_STATE=getMsg HTTP/1.1" 302 -
180.163.29.206 - - [18/Sep/2022:09:18:32 +0800] "GET /xingrg/login.html HTTP/1.1" 200 7641
116.224.255.128 - - [18/Sep/2022:09:18:35 +0800] "GET /xingrg/all/function/internal_message.html?_=1663463912227&CODE_STATE=getMsg HTTP/1.1" 200 27
116.225.121.189 - - [18/Sep/2022:09:18:36 +0800] "POST /xingrg/kc/buy/cgsh_order_operate.html HTTP/1.1" 200 37
116.225.121.189 - - [18/Sep/2022:09:18:37 +0800] "POST /xingrg/kc/buy/cgsh_order_operate.html HTTP/1.1" 200 8050
120.253.135.82 - - [18/Sep/2022:09:18:38 +0800] "GET /xingrg/all/function/internal_message.html?_=1663464025231&CODE_STATE=getMsg HTTP/1.1" 200 27
116.225.121.189 - - [18/Sep/2022:09:18:38 +0800] "GET /xingrg/kc/print/load_data.html?order_code=212022091806427&kc_code=cgsh&condition= HTTP/1.1" 200 2786
222.70.182.161 - - [18/Sep/2022:09:18:41 +0800] "GET /xingrg/check_reg.html?_=1663463913450 HTTP/1.1" 200 22
222.70.182.161 - - [18/Sep/2022:09:18:41 +0800] "GET /xingrg/all/function/internal_message.html?_=1663463913453&CODE_STATE=getMsg HTTP/1.1" 200 27
116.238.169.132 - - [18/Sep/2022:09:18:43 +0800] "GET /xingrg/all/function/internal_message.html?_=1663463920801&CODE_STATE=getMsg HTTP/1.1" 200 27
116.238.169.132 - - [18/Sep/2022:09:18:52 +0800] "POST /xingrg/kc/buy/cgsh_order_operate.html HTTP/1.1" 200 37
116.225.121.189 - - [18/Sep/2022:09:18:54 +0800] "GET /xingrg/all/function/internal_message.html?_=1663463931875&CODE_STATE=getMsg HTTP/1.1" 200 27
116.238.169.132 - - [18/Sep/2022:09:18:57 +0800] "POST /xingrg/kc/buy/cgsh_order_operate.html HTTP/1.1" 200 12
116.224.255.128 - - [18/Sep/2022:09:18:57 +0800] "GET /xingrg/all/function/internal_message.html?_=1663463867799&CODE_STATE=getMsg HTTP/1.1" 200 27
114.84.81.136 - - [18/Sep/2022:09:18:59 +0800] "GET /xingrg/kc/mdqp/qqps_order_list.html?isBack=1 HTTP/1.1" 200 9231
114.84.81.136 - - [18/Sep/2022:09:18:59 +0800] "GET /xingrg/dwr/interface/AjaxQqpsService.js HTTP/1.1" 200 16326
114.84.81.136 - - [18/Sep/2022:09:19:00 +0800] "GET /xingrg/dwr/engine.js HTTP/1.1" 200 43631
114.84.81.136 - - [18/Sep/2022:09:19:00 +0800] "GET /xingrg/dwr/interface/AjaxReportQueryService.js HTTP/1.1" 200 13203
116.238.169.132 - - [18/Sep/2022:09:19:00 +0800] "GET /xingrg/kc/buy/cgsh_order_info.html?code=212022091806428 HTTP/1.1" 200 63656
116.238.169.132 - - [18/Sep/2022:09:19:00 +0800] "GET /xingrg/javascript/easyui/themes/default/validatebox.css HTTP/1.1" 404 1104
116.238.169.132 - - [18/Sep/2022:09:19:01 +0800] "POST /xingrg/kc/buy/cgsh_order_operate.html HTTP/1.1" 200 3554
116.238.169.132 - - [18/Sep/2022:09:19:03 +0800] "GET /xingrg/kc/print/load_data.html?order_code=212022091806428&kc_code=cgsh&condition= HTTP/1.1" 200 1794
116.237.79.130 - - [18/Sep/2022:09:19:07 +0800] "GET /xingrg/all/function/internal_message.html?_=1663463939434&CODE_STATE=getMsg HTTP/1.1" 200 27
180.169.147.146 - - [18/Sep/2022:09:19:07 +0800] "GET /xingrg/check_reg.html?_=1663463945116 HTTP/1.1" 200 22
180.163.28.143 - - [18/Sep/2022:09:19:08 +0800] "GET /xingrg/kc/print/load_data.html?order_code=212022091806422&kc_code=cgsh HTTP/1.1" 302 -
180.163.28.143 - - [18/Sep/2022:09:19:08 +0800] "GET /xingrg/login.html HTTP/1.1" 200 7641
116.225.121.189 - - [18/Sep/2022:09:19:15 +0800] "GET /xingrg/all/function/internal_message.html?_=1663463811594&CODE_STATE=getMsg HTTP/1.1" 200 27
116.225.121.189 - - [18/Sep/2022:09:19:15 +0800] "GET /xingrg/check_reg.html?_=1663463811684 HTTP/1.1" 200 22
124.79.74.72 - - [18/Sep/2022:09:19:16 +0800] "GET /xingrg/all/function/internal_message.html?_=1663463952601&CODE_STATE=getMsg HTTP/1.1" 200 27
180.169.147.146 - - [18/Sep/2022:09:19:16 +0800] "GET /xingrg/all/function/internal_message.html?_=1663463953855&CODE_STATE=getMsg HTTP/1.1" 200 27
114.83.219.57 - - [18/Sep/2022:09:19:18 +0800] "GET /xingrg/all/function/internal_message.html?_=1663464038611&CODE_STATE=getMsg HTTP/1.1" 200 27
124.79.74.72 - - [18/Sep/2022:09:19:34 +0800] "GET /xingrg/check_reg.html?_=1663463971054 HTTP/1.1" 200 22
116.224.255.128 - - [18/Sep/2022:09:19:35 +0800] "GET /xingrg/all/function/internal_message.html?_=1663463972237&CODE_STATE=getMsg HTTP/1.1" 200 27
120.253.135.82 - - [18/Sep/2022:09:19:38 +0800] "GET /xingrg/all/function/internal_message.html?_=1663464085236&CODE_STATE=getMsg HTTP/1.1" 200 27
222.64.63.10 - - [18/Sep/2022:09:19:40 +0800] "POST /xingrg/services/DataTransmitService HTTP/1.1" 200 524
222.70.182.161 - - [18/Sep/2022:09:19:41 +0800] "GET /xingrg/all/function/internal_message.html?_=1663463973439&CODE_STATE=getMsg HTTP/1.1" 200 27
116.238.169.132 - - [18/Sep/2022:09:19:43 +0800] "GET /xingrg/all/function/internal_message.html?_=1663463980804&CODE_STATE=getMsg HTTP/1.1" 200 27
116.230.114.213 - - [18/Sep/2022:09:19:47 +0800] "GET /xingrg/login.html HTTP/1.1" 200 7641
116.230.114.213 - - [18/Sep/2022:09:19:47 +0800] "GET /xingrg/images/blue/jxLogo.png HTTP/1.1" 304 -
116.230.114.213 - - [18/Sep/2022:09:19:47 +0800] "GET /xingrg/images/blue/login_bg.png HTTP/1.1" 304 -
116.230.114.213 - - [18/Sep/2022:09:19:47 +0800] "GET /xingrg/images/blue/srbg.png HTTP/1.1" 304 -
116.230.114.213 - - [18/Sep/2022:09:19:47 +0800] "GET /favicon.ico HTTP/1.1" 404 -
116.230.114.213 - - [18/Sep/2022:09:19:47 +0800] "GET /xingrg/images/blue/hj.png HTTP/1.1" 304 -
116.230.114.213 - - [18/Sep/2022:09:19:48 +0800] "POST /xingrg/login.do HTTP/1.1" 302 -
116.230.114.213 - - [18/Sep/2022:09:19:48 +0800] "GET /xingrg/javascript/jquery_easy_ui/themes/default/easyui.css HTTP/1.1" 304 -
116.230.114.213 - - [18/Sep/2022:09:19:48 +0800] "GET /xingrg/javascript/jquery_easy_ui/themes/icon.css HTTP/1.1" 304 -
116.230.114.213 - - [18/Sep/2022:09:19:48 +0800] "GET /xingrg/index.html?sysBaseUrl=http%3A%2F%2F180.169.147.146%3A18081%2Fxingrg%2F&costTime=41×tamp=1663463988813 HTTP/1.1" 200 17179
116.230.114.213 - - [18/Sep/2022:09:19:48 +0800] "GET /favicon.ico HTTP/1.1" 404 -
116.230.114.213 - - [18/Sep/2022:09:19:48 +0800] "GET /xingrg/css/form.css HTTP/1.1" 304 -
116.230.114.213 - - [18/Sep/2022:09:19:48 +0800] "GET /xingrg/javascript/jquery_easy_ui/jquery.easyui.min.js HTTP/1.1" 304 -
116.230.114.213 - - [18/Sep/2022:09:19:48 +0800] "GET /xingrg/javascript/jquery_easy_ui/easyui-lang-zh_CN.js HTTP/1.1" 304 -
116.230.114.213 - - [18/Sep/2022:09:19:48 +0800] "GET /xingrg/javascript/jquery.timers.js HTTP/1.1" 304 -
116.230.114.213 - - [18/Sep/2022:09:19:48 +0800] "GET /xingrg/javascript/jquery-1.4.2.min.js HTTP/1.1" 304 -
116.230.114.213 - - [18/Sep/2022:09:19:49 +0800] "GET /xingrg/javascript/jquery.utils.js HTTP/1.1" 304 -
116.230.114.213 - - [18/Sep/2022:09:19:49 +0800] "GET /xingrg/javascript/jquery.form.js HTTP/1.1" 304 -
116.230.114.213 - - [18/Sep/2022:09:19:49 +0800] "GET /xingrg/images/blue/navBackgound.jpg HTTP/1.1" 304 -
116.230.114.213 - - [18/Sep/2022:09:19:49 +0800] "GET /xingrg/javascript/jquery_easy_ui/themes/icons/settle_new.png HTTP/1.1" 304 -
116.230.114.213 - - [18/Sep/2022:09:19:49 +0800] "GET /xingrg/images/blue/pingpu.png HTTP/1.1" 304 -
116.230.114.213 - - [18/Sep/2022:09:19:49 +0800] "POST /xingrg/all/common/load_tree.html?tree=area_rest_tree_json&manage=1 HTTP/1.1" 200 479
116.230.114.213 - - [18/Sep/2022:09:19:49 +0800] "GET /xingrg/javascript/jquery_easy_ui/themes/default/images/tabs_leftarrow.png HTTP/1.1" 304 -
116.230.114.213 - - [18/Sep/2022:09:19:49 +0800] "GET /xingrg/javascript/jquery_easy_ui/themes/default/images/tabs_rightarrow.png HTTP/1.1" 304 -
116.230.114.213 - - [18/Sep/2022:09:19:49 +0800] "GET /xingrg/javascript/jquery_easy_ui/themes/default/images/panel_tool_collapse.gif HTTP/1.1" 304 -
116.230.114.213 - - [18/Sep/2022:09:19:49 +0800] "GET /xingrg/all/function/internal_message.html?_=1663463986815&CODE_STATE=count HTTP/1.1" 200 11
116.230.114.213 - - [18/Sep/2022:09:19:49 +0800] "GET /xingrg/check_reg.html?_=1663463986816 HTTP/1.1" 200 22
116.230.114.213 - - [18/Sep/2022:09:19:49 +0800] "GET /xingrg/javascript/jquery_easy_ui/themes/default/images/tree_arrows.gif HTTP/1.1" 304 -
116.230.114.213 - - [18/Sep/2022:09:19:49 +0800] "POST /xingrg/load_menu.html HTTP/1.1" 200 5138
116.230.114.213 - - [18/Sep/2022:09:19:49 +0800] "GET /xingrg/javascript/jquery_easy_ui/themes/default/images/tree_folder_open.gif HTTP/1.1" 304 -
116.230.114.213 - - [18/Sep/2022:09:19:49 +0800] "GET /xingrg/javascript/jquery_easy_ui/themes/icons/search_new.png HTTP/1.1" 304 -
116.230.114.213 - - [18/Sep/2022:09:19:49 +0800] "GET /xingrg/javascript/jquery_easy_ui/themes/default/images/tree_folder.gif HTTP/1.1" 304 -
116.230.114.213 - - [18/Sep/2022:09:19:49 +0800] "GET /xingrg/javascript/jquery_easy_ui/themes/icons/storage_new.png HTTP/1.1" 304 -
116.230.114.213 - - [18/Sep/2022:09:19:49 +0800] "GET /xingrg/javascript/jquery_easy_ui/themes/icons/forms_new.png HTTP/1.1" 304 -
116.230.114.213 - - [18/Sep/2022:09:19:49 +0800] "GET /xingrg/javascript/jquery_easy_ui/themes/default/images/tree_file.gif HTTP/1.1" 304 -
116.238.169.132 - - [18/Sep/2022:09:19:52 +0800] "GET /xingrg/all/function/internal_message.html?_=1663463989566&CODE_STATE=getMsg HTTP/1.1" 200 27
116.225.121.189 - - [18/Sep/2022:09:19:54 +0800] "GET /xingrg/all/function/internal_message.html?_=1663463991867&CODE_STATE=getMsg HTTP/1.1" 200 27
116.225.121.189 - - [18/Sep/2022:09:19:54 +0800] "GET /xingrg/check_reg.html?_=1663463991871 HTTP/1.1" 200 22
116.230.114.213 - - [18/Sep/2022:09:20:07 +0800] "GET /xingrg/javascript/jquery_easy_ui/themes/default/images/tabs_close.gif HTTP/1.1" 304 -
116.230.114.213 - - [18/Sep/2022:09:20:07 +0800] "GET /xingrg/kc/buy/buy_main.html HTTP/1.1" 200 12412
116.230.114.213 - - [18/Sep/2022:09:20:07 +0800] "GET /xingrg/css/new_ie.css HTTP/1.1" 404 1036
116.230.114.213 - - [18/Sep/2022:09:20:07 +0800] "GET /xingrg/css/blue.css HTTP/1.1" 304 -
116.230.114.213 - - [18/Sep/2022:09:20:07 +0800] "GET /xingrg/javascript/pic_change.js HTTP/1.1" 304 -
116.230.114.213 - - [18/Sep/2022:09:20:07 +0800] "GET /xingrg/javascript/ToolTips.js HTTP/1.1" 304 -
116.230.114.213 - - [18/Sep/2022:09:20:07 +0800] "GET /xingrg/javascript/myfunction.js HTTP/1.1" 304 -
116.230.114.213 - - [18/Sep/2022:09:20:07 +0800] "GET /xingrg/javascript/jquery_ui/themes/humanity/humanity.css HTTP/1.1" 304 -
116.230.114.213 - - [18/Sep/2022:09:20:07 +0800] "GET /xingrg/javascript/jquery_ui/jquery-ui.min.js HTTP/1.1" 304 -
116.230.114.213 - - [18/Sep/2022:09:20:07 +0800] "GET /xingrg/images/blue/button/cgxqd.gif HTTP/1.1" 304 -
116.230.114.213 - - [18/Sep/2022:09:20:07 +0800] "GET /xingrg/images/blue/button/cgfkd.gif HTTP/1.1" 304 -
116.230.114.213 - - [18/Sep/2022:09:20:07 +0800] "GET /xingrg/images/blue/pic_form2.gif HTTP/1.1" 304 -
116.230.114.213 - - [18/Sep/2022:09:20:07 +0800] "GET /xingrg/images/blue/button/ckthd.gif HTTP/1.1" 304 -
116.230.114.213 - - [18/Sep/2022:09:20:07 +0800] "GET /xingrg/images/blue/button/cgshd.gif HTTP/1.1" 304 -
116.230.114.213 - - [18/Sep/2022:09:20:07 +0800] "GET /xingrg/images/blue/button/cgydd.gif HTTP/1.1" 304 -
116.230.114.213 - - [18/Sep/2022:09:20:07 +0800] "GET /xingrg/images/blue/button/kc.gif HTTP/1.1" 304 -
116.230.114.213 - - [18/Sep/2022:09:20:07 +0800] "GET /xingrg/javascript/jquery_ui/themes/humanity/images/ui-bg_inset-soft_100_f4f0ec_1x100.png HTTP/1.1" 304 -
116.230.114.213 - - [18/Sep/2022:09:20:07 +0800] "GET /xingrg/images/blue/bg_dotted.jpg HTTP/1.1" 304 -
116.230.114.213 - - [18/Sep/2022:09:20:07 +0800] "GET /xingrg/images/blue/button/down_ah.jpg HTTP/1.1" 304 -
116.230.114.213 - - [18/Sep/2022:09:20:07 +0800] "GET /xingrg/javascript/jquery_ui/themes/humanity/images/ui-iconsnew.jpg HTTP/1.1" 304 -
116.230.114.213 - - [18/Sep/2022:09:20:07 +0800] "GET /xingrg/javascript/jquery_ui/themes/humanity/images/ui-icons_ffffff_256x240.png HTTP/1.1" 304 -
116.230.114.213 - - [18/Sep/2022:09:20:07 +0800] "GET /xingrg/javascript/jquery_ui/themes/humanity/images/ui-icons_c47a23_256x240.png HTTP/1.1" 304 -
116.230.114.213 - - [18/Sep/2022:09:20:07 +0800] "GET /xingrg/javascript/jquery_ui/themes/humanity/images/ui-bg_glass_70_ede4d4_1x400.png HTTP/1.1" 304 -
116.230.114.213 - - [18/Sep/2022:09:20:07 +0800] "GET /xingrg/images/blue/button/right_ah.jpg HTTP/1.1" 304 -
116.237.79.130 - - [18/Sep/2022:09:20:07 +0800] "GET /xingrg/all/function/internal_message.html?_=1663463999408&CODE_STATE=getMsg HTTP/1.1" 200 27
116.230.114.213 - - [18/Sep/2022:09:20:07 +0800] "GET /xingrg/images/yd/bt.gif HTTP/1.1" 404 1040
180.163.30.76 - - [18/Sep/2022:09:20:09 +0800] "GET /xingrg/kc/buy/cgsh_order_operate.html?command=get_materiel&rest_code=00106&code=00101008300&supplier_code=00100007&order_time=2022-09-18 HTTP/1.1" 302 -
180.163.30.76 - - [18/Sep/2022:09:20:09 +0800] "GET /xingrg/login.html HTTP/1.1" 200 7641
116.230.114.213 - - [18/Sep/2022:09:20:09 +0800] "GET /xingrg/css/base.css HTTP/1.1" 304 -
116.230.114.213 - - [18/Sep/2022:09:20:09 +0800] "GET /xingrg/css/site.css HTTP/1.1" 304 -
116.230.114.213 - - [18/Sep/2022:09:20:09 +0800] "GET /xingrg/javascript/jquery_tools/datebox.css HTTP/1.1" 304 -
116.230.114.213 - - [18/Sep/2022:09:20:09 +0800] "GET /xingrg/javascript/easyui/themes/default/easyui.css HTTP/1.1" 304 -
116.230.114.213 - - [18/Sep/2022:09:20:09 +0800] "GET /xingrg/javascript/easyui/themes/icon.css HTTP/1.1" 304 -
116.230.114.213 - - [18/Sep/2022:09:20:09 +0800] "GET /xingrg/javascript/auto/jquery.autocomplete.css HTTP/1.1" 304 -
116.230.114.213 - - [18/Sep/2022:09:20:09 +0800] "GET /xingrg/javascript/jquery_tools/fix.css HTTP/1.1" 304 -
116.230.114.213 - - [18/Sep/2022:09:20:09 +0800] "GET /xingrg/javascript/jquery_tools/table.css HTTP/1.1" 304 -
116.230.114.213 - - [18/Sep/2022:09:20:09 +0800] "GET /xingrg/javascript/jquery_tools/jquery.tools.min.js HTTP/1.1" 304 -
116.230.114.213 - - [18/Sep/2022:09:20:09 +0800] "GET /xingrg/javascript/jquery_tools/jquery.tools.extend.js HTTP/1.1" 304 -
116.230.114.213 - - [18/Sep/2022:09:20:09 +0800] "GET /xingrg/javascript/jquery_tools/jquery.tools.hotkey.js HTTP/1.1" 304 -
116.230.114.213 - - [18/Sep/2022:09:20:09 +0800] "GET /xingrg/javascript/jquery_tools/jquery.tools.table.js HTTP/1.1" 304 -
116.230.114.213 - - [18/Sep/2022:09:20:09 +0800] "GET /xingrg/javascript/jquery_tools/list_manager.js HTTP/1.1" 304 -
116.230.114.213 - - [18/Sep/2022:09:20:09 +0800] "GET /xingrg/javascript/auto/jquery.autocomplete.js HTTP/1.1" 304 -
116.230.114.213 - - [18/Sep/2022:09:20:09 +0800] "GET /xingrg/javascript/easyui/easyloader.js HTTP/1.1" 304 -
116.230.114.213 - - [18/Sep/2022:09:20:09 +0800] "GET /xingrg/javascript/jquery.cookie.js HTTP/1.1" 304 -
116.230.114.213 - - [18/Sep/2022:09:20:09 +0800] "GET /xingrg/javascript/print/LodopFuncs.js HTTP/1.1" 304 -
116.230.114.213 - - [18/Sep/2022:09:20:09 +0800] "GET /xingrg/kc/buy/cgsh_order_list.html HTTP/1.1" 200 52946
116.230.114.213 - - [18/Sep/2022:09:20:09 +0800] "GET /xingrg/javascript/easyui/themes/icons/edit_add_new.png HTTP/1.1" 304 -
116.230.114.213 - - [18/Sep/2022:09:20:09 +0800] "GET /xingrg/javascript/easyui/themes/icons/cance_new.png HTTP/1.1" 304 -
116.230.114.213 - - [18/Sep/2022:09:20:09 +0800] "GET /xingrg/javascript/easyui/themes/icons/check_new.png HTTP/1.1" 304 -
116.230.114.213 - - [18/Sep/2022:09:20:09 +0800] "GET /xingrg/javascript/easyui/themes/icons/import_new.png HTTP/1.1" 304 -
116.230.114.213 - - [18/Sep/2022:09:20:09 +0800] "GET /xingrg/javascript/easyui/themes/icons/field_new.png HTTP/1.1" 304 -
116.230.114.213 - - [18/Sep/2022:09:20:09 +0800] "GET /xingrg/javascript/easyui/plugins/jquery.parser.js HTTP/1.1" 304 -
116.230.114.213 - - [18/Sep/2022:09:20:09 +0800] "GET /xingrg/images/control/ajaxLoader.gif HTTP/1.1" 304 -
116.230.114.213 - - [18/Sep/2022:09:20:09 +0800] "GET /xingrg/javascript/jquery_easy_ui/themes/icons/area.png HTTP/1.1" 304 -
116.230.114.213 - - [18/Sep/2022:09:20:09 +0800] "GET /xingrg/javascript/jquery_easy_ui/themes/icons/rest.png HTTP/1.1" 304 -
116.230.114.213 - - [18/Sep/2022:09:20:10 +0800] "POST /xingrg/kc/buy/cgsh_list_operate.html HTTP/1.1" 200 1042
116.230.114.213 - - [18/Sep/2022:09:20:11 +0800] "GET /xingrg/javascript/easyui/themes/default/images/button_plain_hover.png HTTP/1.1" 304 -
116.230.114.213 - - [18/Sep/2022:09:20:12 +0800] "GET /xingrg/javascript/jquery_tools/order_manager.js HTTP/1.1" 304 -
116.230.114.213 - - [18/Sep/2022:09:20:12 +0800] "GET /xingrg/javascript/json2.js HTTP/1.1" 304 -
116.230.114.213 - - [18/Sep/2022:09:20:12 +0800] "GET /xingrg/javascript/print/kc_print.js HTTP/1.1" 304 -
116.230.114.213 - - [18/Sep/2022:09:20:12 +0800] "GET /xingrg/javascript/convert.js HTTP/1.1" 304 -
116.230.114.213 - - [18/Sep/2022:09:20:12 +0800] "GET /xingrg/kc/buy/cgsh_order_add.html HTTP/1.1" 200 68684
116.230.114.213 - - [18/Sep/2022:09:20:12 +0800] "GET /xingrg/words/20220917113252_words.js HTTP/1.1" 304 -
116.230.114.213 - - [18/Sep/2022:09:20:12 +0800] "GET /xingrg/javascript/easyui/themes/icons/copy_new.png HTTP/1.1" 304 -
116.230.114.213 - - [18/Sep/2022:09:20:12 +0800] "GET /xingrg/javascript/easyui/themes/icons/ok.png HTTP/1.1" 304 -
116.230.114.213 - - [18/Sep/2022:09:20:12 +0800] "GET /xingrg/javascript/easyui/themes/icons/template_new.png HTTP/1.1" 304 -
116.230.114.213 - - [18/Sep/2022:09:20:12 +0800] "GET /xingrg/javascript/easyui/themes/icons/print.png HTTP/1.1" 304 -
116.230.114.213 - - [18/Sep/2022:09:20:12 +0800] "GET /xingrg/javascript/easyui/themes/default/images/menu_downarrow.png HTTP/1.1" 304 -
116.230.114.213 - - [18/Sep/2022:09:20:12 +0800] "GET /xingrg/javascript/easyui/themes/icons/cancel.png HTTP/1.1" 304 -
116.230.114.213 - - [18/Sep/2022:09:20:12 +0800] "GET /xingrg/all/common/auto_word.html?type=employee&rest_code=00146 HTTP/1.1" 200 101
116.230.114.213 - - [18/Sep/2022:09:20:12 +0800] "GET /xingrg/all/common/auto_word.html?type=employee&rest_code=00146 HTTP/1.1" 200 101
