116.238.169.132 - - [18/Sep/2022:11:38:51 +0800] "GET /xingrg/all/function/internal_message.html?_=1663472328163&CODE_STATE=getMsg HTTP/1.1" 200 27
116.224.255.128 - - [18/Sep/2022:11:38:51 +0800] "GET /xingrg/all/function/internal_message.html?_=1663472328152&CODE_STATE=getMsg HTTP/1.1" 200 27
116.237.79.130 - - [18/Sep/2022:11:38:52 +0800] "GET /xingrg/check_reg.html?_=1663472324047 HTTP/1.1" 200 22
116.237.79.130 - - [18/Sep/2022:11:38:52 +0800] "GET /xingrg/all/function/internal_message.html?_=1663472324049&CODE_STATE=getMsg HTTP/1.1" 200 27
180.169.147.146 - - [18/Sep/2022:11:38:52 +0800] "GET /xingrg/all/function/internal_message.html?_=1663472328436&CODE_STATE=getMsg HTTP/1.1" 200 27
116.224.255.128 - - [18/Sep/2022:11:38:53 +0800] "GET /xingrg/kc/buy/cgsh_order_operate.html?command=get_materiel&rest_code=00150&code=00101037054&supplier_code=00100337&order_time=2022-09-18 HTTP/1.1" 200 444
101.85.93.113 - - [18/Sep/2022:11:38:54 +0800] "GET /xingrg/all/function/internal_message.html?_=1663472330536&CODE_STATE=getMsg HTTP/1.1" 200 27
116.224.255.128 - - [18/Sep/2022:11:38:55 +0800] "POST /xingrg/all/common/load_select.html HTTP/1.1" 200 25
114.84.81.136 - - [18/Sep/2022:11:38:56 +0800] "GET /xingrg/kc/buy/cgsh_order_operate.html?command=get_materiel&rest_code=00148&code=00101008155&supplier_code=00100008&order_time=2022-09-18 HTTP/1.1" 200 428
116.224.255.128 - - [18/Sep/2022:11:38:59 +0800] "GET /xingrg/kc/buy/cgsh_order_operate.html?command=get_materiel_price&rest_code=00150&code=00101037054&unit_code=00100116&supplier_code=00100337&order_time=2022-09-18 HTTP/1.1" 200 27
116.225.121.189 - - [18/Sep/2022:11:39:00 +0800] "GET /xingrg/kc/base/wldb_order_info.html?code=422022091801560 HTTP/1.1" 200 30409
180.169.147.146 - - [18/Sep/2022:11:39:00 +0800] "GET /xingrg/all/function/internal_message.html?_=1663472336686&CODE_STATE=getMsg HTTP/1.1" 200 27
116.225.121.189 - - [18/Sep/2022:11:39:00 +0800] "GET /xingrg/javascript/easyui/themes/default/validatebox.css HTTP/1.1" 404 1104
116.225.121.189 - - [18/Sep/2022:11:39:01 +0800] "POST /xingrg/kc/base/wldb_order_operate.html HTTP/1.1" 200 3622
116.238.169.132 - - [18/Sep/2022:11:39:03 +0800] "POST /xingrg/kc/buy/cgsh_order_operate.html HTTP/1.1" 200 37
114.84.81.136 - - [18/Sep/2022:11:39:04 +0800] "GET /xingrg/kc/buy/cgsh_order_operate.html?command=get_materiel&rest_code=00148&code=00101008331&supplier_code=00100008&order_time=2022-09-18 HTTP/1.1" 200 416
180.169.147.146 - - [18/Sep/2022:11:39:07 +0800] "GET /xingrg/check_reg.html?_=1663472345401 HTTP/1.1" 200 22
116.238.169.132 - - [18/Sep/2022:11:39:08 +0800] "POST /xingrg/kc/buy/cgsh_order_operate.html HTTP/1.1" 200 12
116.238.169.132 - - [18/Sep/2022:11:39:09 +0800] "GET /xingrg/kc/buy/cgsh_order_info.html?code=212022091806559 HTTP/1.1" 200 63669
116.238.169.132 - - [18/Sep/2022:11:39:09 +0800] "GET /xingrg/javascript/easyui/themes/default/validatebox.css HTTP/1.1" 404 1104
116.238.169.132 - - [18/Sep/2022:11:39:11 +0800] "POST /xingrg/kc/buy/cgsh_order_operate.html HTTP/1.1" 200 4210
116.224.255.128 - - [18/Sep/2022:11:39:11 +0800] "POST /xingrg/kc/buy/cgsh_order_operate.html HTTP/1.1" 200 37
116.238.169.132 - - [18/Sep/2022:11:39:12 +0800] "GET /xingrg/kc/print/load_data.html?order_code=212022091806559&kc_code=cgsh&condition= HTTP/1.1" 200 2111
120.253.135.82 - - [18/Sep/2022:11:39:12 +0800] "GET /xingrg/check_reg.html?_=1663472148672 HTTP/1.1" 200 22
124.79.74.72 - - [18/Sep/2022:11:39:13 +0800] "GET /xingrg/all/function/internal_message.html?_=1663472349462&CODE_STATE=getMsg HTTP/1.1" 200 27
116.230.114.213 - - [18/Sep/2022:11:39:13 +0800] "GET /xingrg/kc/buy/cgsh_order_operate.html?command=get_materiel&rest_code=00146&code=00102014088&supplier_code=00100450&order_time=2022-09-18 HTTP/1.1" 200 426
116.225.121.189 - - [18/Sep/2022:11:39:13 +0800] "GET /xingrg/all/function/internal_message.html?_=1663472209884&CODE_STATE=getMsg HTTP/1.1" 200 27
180.169.147.146 - - [18/Sep/2022:11:39:13 +0800] "GET /xingrg/all/function/internal_message.html?_=1663472351394&CODE_STATE=getMsg HTTP/1.1" 200 27
114.84.81.136 - - [18/Sep/2022:11:39:15 +0800] "GET /xingrg/kc/buy/cgsh_order_operate.html?command=get_materiel&rest_code=00148&code=00101008350&supplier_code=00100008&order_time=2022-09-18 HTTP/1.1" 200 429
116.225.121.189 - - [18/Sep/2022:11:39:15 +0800] "GET /xingrg/check_reg.html?_=1663472211874 HTTP/1.1" 200 22
116.238.169.132 - - [18/Sep/2022:11:39:16 +0800] "GET /xingrg/kc/buy/cgsh_order_add.html HTTP/1.1" 200 68763
116.224.255.128 - - [18/Sep/2022:11:39:16 +0800] "POST /xingrg/kc/buy/cgsh_order_operate.html HTTP/1.1" 200 12
116.238.169.132 - - [18/Sep/2022:11:39:16 +0800] "POST /xingrg/kc/buy/cgsh_order_operate.html HTTP/1.1" 200 8245
116.238.169.132 - - [18/Sep/2022:11:39:17 +0800] "GET /xingrg/javascript/easyui/themes/default/validatebox.css HTTP/1.1" 404 1104
116.224.255.128 - - [18/Sep/2022:11:39:17 +0800] "GET /xingrg/kc/buy/cgsh_order_info.html?code=212022091806560 HTTP/1.1" 200 63643
116.224.255.128 - - [18/Sep/2022:11:39:18 +0800] "GET /xingrg/javascript/easyui/themes/default/validatebox.css HTTP/1.1" 404 1104
114.83.219.57 - - [18/Sep/2022:11:39:18 +0800] "GET /xingrg/all/function/internal_message.html?_=1663472438612&CODE_STATE=getMsg HTTP/1.1" 200 27
116.224.255.128 - - [18/Sep/2022:11:39:18 +0800] "POST /xingrg/kc/buy/cgsh_order_operate.html HTTP/1.1" 200 627
116.230.114.213 - - [18/Sep/2022:11:39:18 +0800] "GET /xingrg/all/function/internal_message.html?_=1663472356959&CODE_STATE=getMsg HTTP/1.1" 200 27
116.224.255.128 - - [18/Sep/2022:11:39:19 +0800] "GET /xingrg/kc/print/load_data.html?order_code=212022091806560&kc_code=cgsh&condition= HTTP/1.1" 200 747
116.224.255.128 - - [18/Sep/2022:11:39:21 +0800] "GET /xingrg/all/function/internal_message.html?_=1663472291587&CODE_STATE=getMsg HTTP/1.1" 200 27
116.224.255.128 - - [18/Sep/2022:11:39:23 +0800] "GET /xingrg/kc/buy/cgsh_order_add.html HTTP/1.1" 200 68734
116.224.255.128 - - [18/Sep/2022:11:39:24 +0800] "POST /xingrg/kc/buy/cgsh_order_operate.html HTTP/1.1" 200 8245
116.224.255.128 - - [18/Sep/2022:11:39:24 +0800] "GET /xingrg/javascript/easyui/themes/default/validatebox.css HTTP/1.1" 404 1104
114.84.81.136 - - [18/Sep/2022:11:39:25 +0800] "GET /xingrg/all/function/internal_message.html?_=1663472359688&CODE_STATE=getMsg HTTP/1.1" 200 27
116.238.169.132 - - [18/Sep/2022:11:39:26 +0800] "GET /xingrg/kc/buy/cgsh_order_operate.html?command=get_materiel&rest_code=00102&code=00101008583&supplier_code=00100327&order_time=2022-09-17 HTTP/1.1" 200 417
116.237.79.130 - - [18/Sep/2022:11:39:28 +0800] "GET /xingrg/all/function/internal_message.html?_=1663472365090&CODE_STATE=getMsg HTTP/1.1" 200 27
114.83.217.204 - - [18/Sep/2022:11:39:30 +0800] "GET /xingrg/all/function/internal_message.html?_=1663472366515&CODE_STATE=getMsg HTTP/1.1" 200 27
116.224.255.128 - - [18/Sep/2022:11:39:32 +0800] "GET /xingrg/kc/buy/cgsh_order_operate.html?command=get_materiel&rest_code=00150&code=00102002167&supplier_code=00100494&order_time=2022-09-18 HTTP/1.1" 200 409
116.225.121.189 - - [18/Sep/2022:11:39:34 +0800] "GET /xingrg/all/function/internal_message.html?_=1663472371446&CODE_STATE=getMsg HTTP/1.1" 200 27
124.79.74.72 - - [18/Sep/2022:11:39:34 +0800] "GET /xingrg/check_reg.html?_=1663472371057 HTTP/1.1" 200 22
116.238.169.132 - - [18/Sep/2022:11:39:37 +0800] "GET /xingrg/kc/buy/cgsh_order_operate.html?command=get_materiel&rest_code=00102&code=00101010825&supplier_code=00100327&order_time=2022-09-17 HTTP/1.1" 200 428
180.169.147.146 - - [18/Sep/2022:11:39:38 +0800] "GET /xingrg/all/function/internal_message.html?_=1663472367438&CODE_STATE=getMsg HTTP/1.1" 200 27
116.224.255.128 - - [18/Sep/2022:11:39:43 +0800] "POST /xingrg/kc/buy/cgsh_order_operate.html HTTP/1.1" 200 37
116.238.169.132 - - [18/Sep/2022:11:39:43 +0800] "GET /xingrg/all/function/internal_message.html?_=1663472381124&CODE_STATE=getMsg HTTP/1.1" 200 27
116.230.114.213 - - [18/Sep/2022:11:39:43 +0800] "GET /xingrg/kc/buy/cgsh_order_operate.html?command=get_materiel&rest_code=00146&code=00102014087&supplier_code=00100450&order_time=2022-09-18 HTTP/1.1" 200 418
116.238.169.132 - - [18/Sep/2022:11:39:45 +0800] "GET /xingrg/all/function/internal_message.html?_=1663472382495&CODE_STATE=getMsg HTTP/1.1" 200 27
222.70.182.161 - - [18/Sep/2022:11:39:45 +0800] "GET /xingrg/all/function/internal_message.html?_=1663472377292&CODE_STATE=getMsg HTTP/1.1" 200 27
116.238.169.132 - - [18/Sep/2022:11:39:45 +0800] "GET /xingrg/check_reg.html?_=1663472382725 HTTP/1.1" 200 22
120.253.135.82 - - [18/Sep/2022:11:39:46 +0800] "GET /xingrg/all/function/internal_message.html?_=1663472493145&CODE_STATE=getMsg HTTP/1.1" 200 27
116.238.169.132 - - [18/Sep/2022:11:39:46 +0800] "POST /xingrg/kc/buy/cgsh_order_operate.html HTTP/1.1" 200 37
114.84.81.136 - - [18/Sep/2022:11:39:46 +0800] "GET /xingrg/kc/buy/cgsh_order_operate.html?command=get_materiel&rest_code=00148&code=00101008354&supplier_code=00100008&order_time=2022-09-18 HTTP/1.1" 200 412
116.224.255.128 - - [18/Sep/2022:11:39:49 +0800] "POST /xingrg/kc/buy/cgsh_order_operate.html HTTP/1.1" 200 12
116.230.114.213 - - [18/Sep/2022:11:39:49 +0800] "GET /xingrg/check_reg.html?_=1663472387897 HTTP/1.1" 200 22
116.238.169.132 - - [18/Sep/2022:11:39:51 +0800] "GET /xingrg/all/function/internal_message.html?_=1663472388162&CODE_STATE=getMsg HTTP/1.1" 200 27
116.238.169.132 - - [18/Sep/2022:11:39:51 +0800] "POST /xingrg/kc/buy/cgsh_order_operate.html HTTP/1.1" 200 12
116.224.255.128 - - [18/Sep/2022:11:39:51 +0800] "GET /xingrg/all/function/internal_message.html?_=1663472388158&CODE_STATE=getMsg HTTP/1.1" 200 27
116.224.255.128 - - [18/Sep/2022:11:39:51 +0800] "GET /xingrg/kc/buy/cgsh_order_info.html?code=212022091806561 HTTP/1.1" 200 63641
116.224.255.128 - - [18/Sep/2022:11:39:51 +0800] "GET /xingrg/javascript/easyui/themes/default/validatebox.css HTTP/1.1" 404 1104
116.237.79.130 - - [18/Sep/2022:11:39:52 +0800] "GET /xingrg/all/function/internal_message.html?_=1663472384049&CODE_STATE=getMsg HTTP/1.1" 200 27
180.169.147.146 - - [18/Sep/2022:11:39:52 +0800] "GET /xingrg/all/function/internal_message.html?_=1663472388444&CODE_STATE=getMsg HTTP/1.1" 200 27
180.169.147.146 - - [18/Sep/2022:11:39:52 +0800] "GET /xingrg/check_reg.html?_=1663472388446 HTTP/1.1" 200 22
116.224.255.128 - - [18/Sep/2022:11:39:52 +0800] "POST /xingrg/kc/buy/cgsh_order_operate.html HTTP/1.1" 200 602
116.224.255.128 - - [18/Sep/2022:11:39:54 +0800] "GET /xingrg/kc/print/load_data.html?order_code=212022091806561&kc_code=cgsh&condition= HTTP/1.1" 200 714
101.85.93.113 - - [18/Sep/2022:11:39:54 +0800] "GET /xingrg/all/function/internal_message.html?_=1663472390537&CODE_STATE=getMsg HTTP/1.1" 200 27
116.224.255.128 - - [18/Sep/2022:11:39:58 +0800] "GET /xingrg/kc/buy/cgsh_order_add.html HTTP/1.1" 200 68734
116.224.255.128 - - [18/Sep/2022:11:39:58 +0800] "POST /xingrg/kc/buy/cgsh_order_operate.html HTTP/1.1" 200 8245
116.224.255.128 - - [18/Sep/2022:11:39:58 +0800] "GET /xingrg/javascript/easyui/themes/default/validatebox.css HTTP/1.1" 404 1104
180.169.147.146 - - [18/Sep/2022:11:40:00 +0800] "GET /xingrg/all/function/internal_message.html?_=1663472396677&CODE_STATE=getMsg HTTP/1.1" 200 27
114.84.81.136 - - [18/Sep/2022:11:40:03 +0800] "GET /xingrg/kc/buy/cgsh_order_operate.html?command=get_materiel&rest_code=00148&code=00101008312&supplier_code=00100008&order_time=2022-09-18 HTTP/1.1" 200 412
116.230.114.213 - - [18/Sep/2022:11:40:05 +0800] "GET /xingrg/kc/buy/cgsh_order_operate.html?command=get_materiel&rest_code=00146&code=00101015113&supplier_code=00100450&order_time=2022-09-18 HTTP/1.1" 200 417
116.224.255.128 - - [18/Sep/2022:11:40:12 +0800] "GET /xingrg/kc/buy/cgsh_order_operate.html?command=get_materiel&rest_code=00150&code=00101007106&supplier_code=00100323&order_time=2022-09-18 HTTP/1.1" 200 409
124.79.74.72 - - [18/Sep/2022:11:40:13 +0800] "GET /xingrg/all/function/internal_message.html?_=1663472409434&CODE_STATE=getMsg HTTP/1.1" 200 27
116.225.121.189 - - [18/Sep/2022:11:40:13 +0800] "GET /xingrg/all/function/internal_message.html?_=1663472269870&CODE_STATE=getMsg HTTP/1.1" 200 27
180.169.147.146 - - [18/Sep/2022:11:40:13 +0800] "GET /xingrg/all/function/internal_message.html?_=1663472411380&CODE_STATE=getMsg HTTP/1.1" 200 27
114.83.219.57 - - [18/Sep/2022:11:40:18 +0800] "GET /xingrg/check_reg.html?_=1663472498614 HTTP/1.1" 200 22
114.83.219.57 - - [18/Sep/2022:11:40:18 +0800] "GET /xingrg/all/function/internal_message.html?_=1663472498616&CODE_STATE=getMsg HTTP/1.1" 200 27
116.230.114.213 - - [18/Sep/2022:11:40:19 +0800] "GET /xingrg/all/function/internal_message.html?_=1663472416973&CODE_STATE=getMsg HTTP/1.1" 200 27
114.84.81.136 - - [18/Sep/2022:11:40:19 +0800] "GET /xingrg/kc/buy/cgsh_order_operate.html?command=get_materiel&rest_code=00148&code=00101008010&supplier_code=00100008&order_time=2022-09-18 HTTP/1.1" 200 412
116.237.79.130 - - [18/Sep/2022:11:40:19 +0800] "GET /xingrg/check_reg.html?_=1663472415874 HTTP/1.1" 200 22
116.224.255.128 - - [18/Sep/2022:11:40:21 +0800] "GET /xingrg/all/function/internal_message.html?_=1663472351601&CODE_STATE=getMsg HTTP/1.1" 200 27
116.224.255.128 - - [18/Sep/2022:11:40:23 +0800] "GET /xingrg/kc/buy/cgsh_order_operate.html?command=get_materiel&rest_code=00150&code=00101001080&supplier_code=00100323&order_time=2022-09-18 HTTP/1.1" 200 421
101.85.93.113 - - [18/Sep/2022:11:40:24 +0800] "POST /xingrg/dwr/call/plaincall/AjaxYddbService.checkOrder.dwr HTTP/1.1" 200 79
101.85.93.113 - - [18/Sep/2022:11:40:25 +0800] "GET /xingrg/kc/base/yddb_order_info.html?code=482022091800208 HTTP/1.1" 200 28720
101.85.93.113 - - [18/Sep/2022:11:40:25 +0800] "GET /xingrg/dwr/interface/AjaxComOrderService.js HTTP/1.1" 200 18264
101.85.93.113 - - [18/Sep/2022:11:40:25 +0800] "GET /xingrg/dwr/interface/AjaxYddbService.js HTTP/1.1" 200 13201
101.85.93.113 - - [18/Sep/2022:11:40:25 +0800] "GET /xingrg/dwr/engine.js HTTP/1.1" 200 43631
101.85.93.113 - - [18/Sep/2022:11:40:25 +0800] "POST /xingrg/dwr/call/plaincall/AjaxYddbService.loadMaterielItems.dwr HTTP/1.1" 200 4092
114.84.81.136 - - [18/Sep/2022:11:40:25 +0800] "GET /xingrg/all/function/internal_message.html?_=1663472419694&CODE_STATE=getMsg HTTP/1.1" 200 27
116.230.114.213 - - [18/Sep/2022:11:40:27 +0800] "GET /xingrg/kc/buy/cgsh_order_operate.html?command=get_materiel&rest_code=00146&code=00101015121&supplier_code=00100450&order_time=2022-09-18 HTTP/1.1" 200 418
116.237.79.130 - - [18/Sep/2022:11:40:28 +0800] "GET /xingrg/all/function/internal_message.html?_=1663472425064&CODE_STATE=getMsg HTTP/1.1" 200 27
114.83.217.204 - - [18/Sep/2022:11:40:30 +0800] "GET /xingrg/all/function/internal_message.html?_=1663472426508&CODE_STATE=getMsg HTTP/1.1" 200 27
116.238.169.132 - - [18/Sep/2022:11:40:32 +0800] "GET /xingrg/kc/buy/cgsh_order_info.html?code=212022091806562 HTTP/1.1" 200 63666
116.238.169.132 - - [18/Sep/2022:11:40:32 +0800] "GET /xingrg/javascript/easyui/themes/default/validatebox.css HTTP/1.1" 404 1104
116.238.169.132 - - [18/Sep/2022:11:40:33 +0800] "POST /xingrg/kc/buy/cgsh_order_operate.html HTTP/1.1" 200 1220
116.225.121.189 - - [18/Sep/2022:11:40:34 +0800] "GET /xingrg/all/function/internal_message.html?_=1663472431380&CODE_STATE=getMsg HTTP/1.1" 200 27
116.238.169.132 - - [18/Sep/2022:11:40:34 +0800] "GET /xingrg/kc/print/load_data.html?order_code=212022091806562&kc_code=cgsh&condition= HTTP/1.1" 200 949
116.225.121.189 - - [18/Sep/2022:11:40:34 +0800] "GET /xingrg/check_reg.html?_=1663472431628 HTTP/1.1" 200 22
114.84.81.136 - - [18/Sep/2022:11:40:35 +0800] "GET /xingrg/kc/buy/cgsh_order_operate.html?command=get_materiel&rest_code=00148&code=00101008351&supplier_code=00100008&order_time=2022-09-18 HTTP/1.1" 200 408
116.224.255.128 - - [18/Sep/2022:11:40:36 +0800] "GET /xingrg/kc/buy/cgsh_order_operate.html?command=get_materiel&rest_code=00150&code=00101004019&supplier_code=00100323&order_time=2022-09-18 HTTP/1.1" 200 413
180.169.147.146 - - [18/Sep/2022:11:40:38 +0800] "GET /xingrg/all/function/internal_message.html?_=1663472427435&CODE_STATE=getMsg HTTP/1.1" 200 27
116.238.169.132 - - [18/Sep/2022:11:40:39 +0800] "GET /xingrg/kc/buy/cgsh_order_add.html HTTP/1.1" 200 68763
116.238.169.132 - - [18/Sep/2022:11:40:40 +0800] "POST /xingrg/kc/buy/cgsh_order_operate.html HTTP/1.1" 200 8245
116.238.169.132 - - [18/Sep/2022:11:40:40 +0800] "GET /xingrg/javascript/easyui/themes/default/validatebox.css HTTP/1.1" 404 1104
114.84.81.136 - - [18/Sep/2022:11:40:43 +0800] "GET /xingrg/kc/buy/cgsh_order_operate.html?command=get_materiel&rest_code=00148&code=00101008096&supplier_code=00100008&order_time=2022-09-18 HTTP/1.1" 200 412
116.230.114.213 - - [18/Sep/2022:11:40:43 +0800] "GET /xingrg/kc/buy/cgsh_order_operate.html?command=get_materiel&rest_code=00146&code=00101015136&supplier_code=00100450&order_time=2022-09-18 HTTP/1.1" 200 413
116.238.169.132 - - [18/Sep/2022:11:40:43 +0800] "GET /xingrg/all/function/internal_message.html?_=1663472441132&CODE_STATE=getMsg HTTP/1.1" 200 27
116.224.255.128 - - [18/Sep/2022:11:40:45 +0800] "GET /xingrg/kc/buy/cgsh_order_operate.html?command=get_materiel&rest_code=00150&code=00101002029&supplier_code=00100323&order_time=2022-09-18 HTTP/1.1" 200 414
116.238.169.132 - - [18/Sep/2022:11:40:45 +0800] "GET /xingrg/all/function/internal_message.html?_=1663472442478&CODE_STATE=getMsg HTTP/1.1" 200 27
120.253.135.82 - - [18/Sep/2022:11:40:45 +0800] "GET /xingrg/check_reg.html?_=1663472552164 HTTP/1.1" 200 22
222.70.182.161 - - [18/Sep/2022:11:40:45 +0800] "GET /xingrg/all/function/internal_message.html?_=1663472437319&CODE_STATE=getMsg HTTP/1.1" 200 27
116.238.169.132 - - [18/Sep/2022:11:40:45 +0800] "GET /xingrg/check_reg.html?_=1663472442799 HTTP/1.1" 200 22
120.253.135.82 - - [18/Sep/2022:11:40:46 +0800] "GET /xingrg/all/function/internal_message.html?_=1663472553158&CODE_STATE=getMsg HTTP/1.1" 200 27
116.238.169.132 - - [18/Sep/2022:11:40:49 +0800] "GET /xingrg/kc/buy/cgsh_order_operate.html?command=get_materiel&rest_code=00102&code=00101007111&supplier_code=00100326&order_time=2022-09-17 HTTP/1.1" 200 417
116.238.169.132 - - [18/Sep/2022:11:40:51 +0800] "GET /xingrg/all/function/internal_message.html?_=1663472448151&CODE_STATE=getMsg HTTP/1.1" 200 27
116.224.255.128 - - [18/Sep/2022:11:40:51 +0800] "GET /xingrg/all/function/internal_message.html?_=1663472448162&CODE_STATE=getMsg HTTP/1.1" 200 27
116.237.79.130 - - [18/Sep/2022:11:40:52 +0800] "GET /xingrg/all/function/internal_message.html?_=1663472444049&CODE_STATE=getMsg HTTP/1.1" 200 27
180.169.147.146 - - [18/Sep/2022:11:40:52 +0800] "GET /xingrg/all/function/internal_message.html?_=1663472448443&CODE_STATE=getMsg HTTP/1.1" 200 27
101.85.93.113 - - [18/Sep/2022:11:40:54 +0800] "GET /xingrg/all/function/internal_message.html?_=1663472450537&CODE_STATE=getMsg HTTP/1.1" 200 27
116.238.169.132 - - [18/Sep/2022:11:40:56 +0800] "POST /xingrg/kc/buy/cgsh_order_operate.html HTTP/1.1" 200 37
116.224.255.128 - - [18/Sep/2022:11:40:56 +0800] "GET /xingrg/kc/buy/cgsh_order_operate.html?command=get_materiel&rest_code=00150&code=00101008203&supplier_code=00100323&order_time=2022-09-18 HTTP/1.1" 200 409
116.230.114.213 - - [18/Sep/2022:11:40:57 +0800] "GET /xingrg/kc/buy/cgsh_order_operate.html?command=get_materiel&rest_code=00146&code=00101015130&supplier_code=00100450&order_time=2022-09-18 HTTP/1.1" 200 409
116.238.169.132 - - [18/Sep/2022:11:40:59 +0800] "POST /xingrg/kc/buy/cgsh_order_operate.html HTTP/1.1" 200 12
116.238.169.132 - - [18/Sep/2022:11:40:59 +0800] "GET /xingrg/kc/buy/cgsh_order_info.html?code=212022091806563 HTTP/1.1" 200 63670
116.238.169.132 - - [18/Sep/2022:11:41:00 +0800] "GET /xingrg/javascript/easyui/themes/default/validatebox.css HTTP/1.1" 404 1104
180.169.147.146 - - [18/Sep/2022:11:41:00 +0800] "GET /xingrg/all/function/internal_message.html?_=1663472456680&CODE_STATE=getMsg HTTP/1.1" 200 27
116.238.169.132 - - [18/Sep/2022:11:41:01 +0800] "POST /xingrg/kc/buy/cgsh_order_operate.html HTTP/1.1" 200 612
116.238.169.132 - - [18/Sep/2022:11:41:01 +0800] "GET /xingrg/kc/print/load_data.html?order_code=212022091806563&kc_code=cgsh&condition= HTTP/1.1" 200 704
114.84.81.136 - - [18/Sep/2022:11:41:04 +0800] "GET /xingrg/kc/buy/cgsh_order_operate.html?command=get_materiel&rest_code=00148&code=00101008038&supplier_code=00100008&order_time=2022-09-18 HTTP/1.1" 200 412
116.238.169.132 - - [18/Sep/2022:11:41:04 +0800] "GET /xingrg/kc/buy/cgsh_order_add.html HTTP/1.1" 200 68763
116.238.169.132 - - [18/Sep/2022:11:41:05 +0800] "POST /xingrg/kc/buy/cgsh_order_operate.html HTTP/1.1" 200 8245
116.238.169.132 - - [18/Sep/2022:11:41:05 +0800] "GET /xingrg/javascript/easyui/themes/default/validatebox.css HTTP/1.1" 404 1104
114.84.81.136 - - [18/Sep/2022:11:41:10 +0800] "POST /xingrg/kc/buy/cgsh_order_operate.html HTTP/1.1" 200 2065
116.224.255.128 - - [18/Sep/2022:11:41:10 +0800] "GET /xingrg/kc/buy/cgsh_order_operate.html?command=get_materiel&rest_code=00150&code=00101006155&supplier_code=00100323&order_time=2022-09-18 HTTP/1.1" 200 415
124.79.74.72 - - [18/Sep/2022:11:41:13 +0800] "GET /xingrg/all/function/internal_message.html?_=1663472469420&CODE_STATE=getMsg HTTP/1.1" 200 27
116.225.121.189 - - [18/Sep/2022:11:41:13 +0800] "GET /xingrg/all/function/internal_message.html?_=1663472329857&CODE_STATE=getMsg HTTP/1.1" 200 27
180.169.147.146 - - [18/Sep/2022:11:41:13 +0800] "GET /xingrg/all/function/internal_message.html?_=1663472471365&CODE_STATE=getMsg HTTP/1.1" 200 27
114.83.219.57 - - [18/Sep/2022:11:41:18 +0800] "GET /xingrg/all/function/internal_message.html?_=1663472558609&CODE_STATE=getMsg HTTP/1.1" 200 27
116.230.114.213 - - [18/Sep/2022:11:41:19 +0800] "GET /xingrg/all/function/internal_message.html?_=1663472476986&CODE_STATE=getMsg HTTP/1.1" 200 27
116.224.255.128 - - [18/Sep/2022:11:41:20 +0800] "GET /xingrg/kc/buy/cgsh_order_operate.html?command=get_materiel&rest_code=00150&code=00101006120&supplier_code=00100323&order_time=2022-09-18 HTTP/1.1" 200 429
116.230.114.213 - - [18/Sep/2022:11:41:21 +0800] "GET /xingrg/kc/buy/cgsh_order_operate.html?command=get_materiel&rest_code=00146&code=00101008592&supplier_code=00100450&order_time=2022-09-18 HTTP/1.1" 200 418
116.224.255.128 - - [18/Sep/2022:11:41:21 +0800] "GET /xingrg/all/function/internal_message.html?_=1663472411615&CODE_STATE=getMsg HTTP/1.1" 200 27
116.238.169.132 - - [18/Sep/2022:11:41:25 +0800] "GET /xingrg/kc/buy/cgsh_order_operate.html?command=get_materiel&rest_code=00102&code=00101007032&supplier_code=00100328&order_time=2022-09-17 HTTP/1.1" 200 432
114.84.81.136 - - [18/Sep/2022:11:41:25 +0800] "GET /xingrg/all/function/internal_message.html?_=1663472479670&CODE_STATE=getMsg HTTP/1.1" 200 27
101.85.93.113 - - [18/Sep/2022:11:41:25 +0800] "POST /xingrg/kc/base/yddb_list_operate.html HTTP/1.1" 200 4376
101.85.93.113 - - [18/Sep/2022:11:41:26 +0800] "POST /xingrg/kc/base/yddb_list_operate.html HTTP/1.1" 200 4376
101.85.93.113 - - [18/Sep/2022:11:41:27 +0800] "POST /xingrg/kc/base/yddb_list_operate.html HTTP/1.1" 200 4376
116.237.79.130 - - [18/Sep/2022:11:41:28 +0800] "GET /xingrg/all/function/internal_message.html?_=1663472485048&CODE_STATE=getMsg HTTP/1.1" 200 27
114.83.217.204 - - [18/Sep/2022:11:41:30 +0800] "GET /xingrg/all/function/internal_message.html?_=1663472486493&CODE_STATE=getMsg HTTP/1.1" 200 27
114.83.217.204 - - [18/Sep/2022:11:41:30 +0800] "GET /xingrg/check_reg.html?_=1663472487161 HTTP/1.1" 200 22
116.238.169.132 - - [18/Sep/2022:11:41:32 +0800] "POST /xingrg/kc/buy/cgsh_order_operate.html HTTP/1.1" 200 37
116.224.255.128 - - [18/Sep/2022:11:41:32 +0800] "GET /xingrg/kc/buy/cgsh_order_operate.html?command=get_materiel&rest_code=00150&code=00101007122&supplier_code=00100323&order_time=2022-09-18 HTTP/1.1" 200 457
116.225.121.189 - - [18/Sep/2022:11:41:34 +0800] "GET /xingrg/all/function/internal_message.html?_=1663472491353&CODE_STATE=getMsg HTTP/1.1" 200 27
180.169.147.146 - - [18/Sep/2022:11:41:38 +0800] "GET /xingrg/all/function/internal_message.html?_=1663472487434&CODE_STATE=getMsg HTTP/1.1" 200 27
180.169.147.146 - - [18/Sep/2022:11:41:38 +0800] "GET /xingrg/check_reg.html?_=1663472487435 HTTP/1.1" 200 22
116.238.169.132 - - [18/Sep/2022:11:41:43 +0800] "GET /xingrg/all/function/internal_message.html?_=1663472501133&CODE_STATE=getMsg HTTP/1.1" 200 27
222.70.182.161 - - [18/Sep/2022:11:41:45 +0800] "GET /xingrg/all/function/internal_message.html?_=1663472497319&CODE_STATE=getMsg HTTP/1.1" 200 27
222.70.182.161 - - [18/Sep/2022:11:41:45 +0800] "GET /xingrg/check_reg.html?_=1663472497322 HTTP/1.1" 200 22
101.85.93.113 - - [18/Sep/2022:11:41:46 +0800] "POST /xingrg/kc/base/yddb_list_operate.html HTTP/1.1" 200 601
101.85.93.113 - - [18/Sep/2022:11:41:46 +0800] "GET /xingrg/kc/base/yddb_order_info.html?code=482022091500174 HTTP/1.1" 200 29934
101.85.93.113 - - [18/Sep/2022:11:41:46 +0800] "GET /xingrg/dwr/interface/AjaxYddbService.js HTTP/1.1" 200 13201
101.85.93.113 - - [18/Sep/2022:11:41:46 +0800] "GET /xingrg/dwr/interface/AjaxComOrderService.js HTTP/1.1" 200 18264
101.85.93.113 - - [18/Sep/2022:11:41:46 +0800] "GET /xingrg/dwr/engine.js HTTP/1.1" 200 43631
120.253.135.82 - - [18/Sep/2022:11:41:46 +0800] "GET /xingrg/all/function/internal_message.html?_=1663472613172&CODE_STATE=getMsg HTTP/1.1" 200 27
101.85.93.113 - - [18/Sep/2022:11:41:46 +0800] "POST /xingrg/dwr/call/plaincall/AjaxYddbService.loadMaterielItems.dwr HTTP/1.1" 200 3800
116.224.255.128 - - [18/Sep/2022:11:41:47 +0800] "POST /xingrg/kc/buy/cgsh_order_operate.html HTTP/1.1" 200 37
116.230.114.213 - - [18/Sep/2022:11:41:49 +0800] "GET /xingrg/kc/buy/cgsh_order_operate.html?command=get_materiel&rest_code=00146&code=00101008568&supplier_code=00100450&order_time=2022-09-18 HTTP/1.1" 200 413
116.238.169.132 - - [18/Sep/2022:11:41:51 +0800] "GET /xingrg/all/function/internal_message.html?_=1663472508147&CODE_STATE=getMsg HTTP/1.1" 200 27
116.238.169.132 - - [18/Sep/2022:11:41:51 +0800] "POST /xingrg/kc/buy/cgsh_order_operate.html HTTP/1.1" 200 12
116.224.255.128 - - [18/Sep/2022:11:41:51 +0800] "GET /xingrg/all/function/internal_message.html?_=1663472508164&CODE_STATE=getMsg HTTP/1.1" 200 27
116.224.255.128 - - [18/Sep/2022:11:41:51 +0800] "GET /xingrg/check_reg.html?_=1663472508166 HTTP/1.1" 200 22
116.238.169.132 - - [18/Sep/2022:11:41:52 +0800] "GET /xingrg/kc/buy/cgsh_order_info.html?code=212022091806564 HTTP/1.1" 200 63670
116.237.79.130 - - [18/Sep/2022:11:41:52 +0800] "GET /xingrg/all/function/internal_message.html?_=1663472504048&CODE_STATE=getMsg HTTP/1.1" 200 27
180.169.147.146 - - [18/Sep/2022:11:41:52 +0800] "GET /xingrg/all/function/internal_message.html?_=1663472508447&CODE_STATE=getMsg HTTP/1.1" 200 27
116.238.169.132 - - [18/Sep/2022:11:41:52 +0800] "GET /xingrg/javascript/easyui/themes/default/validatebox.css HTTP/1.1" 404 1104
116.238.169.132 - - [18/Sep/2022:11:41:53 +0800] "POST /xingrg/kc/buy/cgsh_order_operate.html HTTP/1.1" 200 608
116.238.169.132 - - [18/Sep/2022:11:41:54 +0800] "GET /xingrg/kc/print/load_data.html?order_code=212022091806564&kc_code=cgsh&condition= HTTP/1.1" 200 700
101.85.93.113 - - [18/Sep/2022:11:41:54 +0800] "GET /xingrg/all/function/internal_message.html?_=1663472510568&CODE_STATE=getMsg HTTP/1.1" 200 27
116.238.169.132 - - [18/Sep/2022:11:41:56 +0800] "GET /xingrg/kc/buy/cgsh_order_add.html HTTP/1.1" 200 68763
116.238.169.132 - - [18/Sep/2022:11:41:57 +0800] "POST /xingrg/kc/buy/cgsh_order_operate.html HTTP/1.1" 200 8245
116.238.169.132 - - [18/Sep/2022:11:41:57 +0800] "GET /xingrg/javascript/easyui/themes/default/validatebox.css HTTP/1.1" 404 1104
101.85.93.113 - - [18/Sep/2022:11:41:57 +0800] "GET /xingrg/kc/buy/cgsh_order_list.html HTTP/1.1" 200 52946
116.224.255.128 - - [18/Sep/2022:11:42:00 +0800] "POST /xingrg/kc/buy/cgsh_order_operate.html HTTP/1.1" 200 12
180.169.147.146 - - [18/Sep/2022:11:42:00 +0800] "GET /xingrg/all/function/internal_message.html?_=1663472516677&CODE_STATE=getMsg HTTP/1.1" 200 27
101.85.93.113 - - [18/Sep/2022:11:42:02 +0800] "POST /xingrg/kc/buy/cgsh_list_operate.html HTTP/1.1" 200 2182
116.224.255.128 - - [18/Sep/2022:11:42:03 +0800] "GET /xingrg/kc/buy/cgsh_order_info.html?code=212022091806565 HTTP/1.1" 200 63644
116.224.255.128 - - [18/Sep/2022:11:42:03 +0800] "GET /xingrg/javascript/easyui/themes/default/validatebox.css HTTP/1.1" 404 1104
116.224.255.128 - - [18/Sep/2022:11:42:04 +0800] "POST /xingrg/kc/buy/cgsh_order_operate.html HTTP/1.1" 200 4790
116.237.79.130 - - [18/Sep/2022:11:42:05 +0800] "POST /xingrg/dwr/call/plaincall/AjaxBaseInfoService.searchMateriels.dwr HTTP/1.1" 200 152
116.224.255.128 - - [18/Sep/2022:11:42:06 +0800] "GET /xingrg/kc/print/load_data.html?order_code=212022091806565&kc_code=cgsh&condition= HTTP/1.1" 200 2360
101.85.93.113 - - [18/Sep/2022:11:42:08 +0800] "GET /xingrg/kc/buy/cgsh_order_add.html HTTP/1.1" 200 67841
101.85.93.113 - - [18/Sep/2022:11:42:08 +0800] "GET /xingrg/javascript/easyui/themes/icons/copy_new.png HTTP/1.1" 304 -
101.85.93.113 - - [18/Sep/2022:11:42:08 +0800] "GET /xingrg/all/common/auto_word.html?type=employee&rest_code=00142 HTTP/1.1" 200 105
101.85.93.113 - - [18/Sep/2022:11:42:08 +0800] "GET /xingrg/javascript/easyui/themes/default/validatebox.css HTTP/1.1" 404 1104
101.85.93.113 - - [18/Sep/2022:11:42:08 +0800] "GET /xingrg/all/common/auto_word.html?type=employee&rest_code=00142 HTTP/1.1" 200 105
101.85.93.113 - - [18/Sep/2022:11:42:08 +0800] "POST /xingrg/kc/buy/cgsh_order_operate.html HTTP/1.1" 200 8245
116.230.114.213 - - [18/Sep/2022:11:42:12 +0800] "POST /xingrg/kc/buy/cgsh_order_operate.html HTTP/1.1" 200 37
124.79.74.72 - - [18/Sep/2022:11:42:13 +0800] "GET /xingrg/all/function/internal_message.html?_=1663472529390&CODE_STATE=getMsg HTTP/1.1" 200 27
116.237.79.130 - - [18/Sep/2022:11:42:13 +0800] "GET /xingrg/kc/base/wldb_order_list.html HTTP/1.1" 200 19180
116.225.121.189 - - [18/Sep/2022:11:42:13 +0800] "GET /xingrg/all/function/internal_message.html?_=1663472389844&CODE_STATE=getMsg HTTP/1.1" 200 27
116.237.79.130 - - [18/Sep/2022:11:42:13 +0800] "POST /xingrg/kc/base/wldb_list_operate.html HTTP/1.1" 200 928
180.169.147.146 - - [18/Sep/2022:11:42:13 +0800] "GET /xingrg/all/function/internal_message.html?_=1663472531350&CODE_STATE=getMsg HTTP/1.1" 200 27
116.238.169.132 - - [18/Sep/2022:11:42:14 +0800] "GET /xingrg/kc/buy/cgsh_order_operate.html?command=get_materiel&rest_code=00102&code=00101008263&supplier_code=00100488&order_time=2022-09-17 HTTP/1.1" 200 418
116.224.255.128 - - [18/Sep/2022:11:42:15 +0800] "GET /xingrg/kc/buy/cgsh_order_add.html HTTP/1.1" 200 68734
116.237.79.130 - - [18/Sep/2022:11:42:15 +0800] "GET /xingrg/kc/base/wldb_order_add.html HTTP/1.1" 200 30398
116.237.79.130 - - [18/Sep/2022:11:42:15 +0800] "GET /xingrg/words/20220918112529_words.js HTTP/1.1" 200 921513
116.224.255.128 - - [18/Sep/2022:11:42:15 +0800] "POST /xingrg/kc/buy/cgsh_order_operate.html HTTP/1.1" 200 8245
116.230.114.213 - - [18/Sep/2022:11:42:15 +0800] "POST /xingrg/kc/buy/cgsh_order_operate.html HTTP/1.1" 200 6825
116.224.255.128 - - [18/Sep/2022:11:42:15 +0800] "GET /xingrg/javascript/easyui/themes/default/validatebox.css HTTP/1.1" 404 1104
116.237.79.130 - - [18/Sep/2022:11:42:16 +0800] "POST /xingrg/kc/base/wldb_order_operate.html HTTP/1.1" 200 6806
116.237.79.130 - - [18/Sep/2022:11:42:16 +0800] "GET /xingrg/javascript/easyui/themes/default/validatebox.css HTTP/1.1" 404 1104
114.83.219.57 - - [18/Sep/2022:11:42:18 +0800] "GET /xingrg/all/function/internal_message.html?_=1663472618614&CODE_STATE=getMsg HTTP/1.1" 200 27
116.230.114.213 - - [18/Sep/2022:11:42:19 +0800] "GET /xingrg/all/function/internal_message.html?_=1663472537000&CODE_STATE=getMsg HTTP/1.1" 200 27
116.237.79.130 - - [18/Sep/2022:11:42:19 +0800] "POST /xingrg/dwr/call/plaincall/AjaxGetFirstChart.getFirstChart.dwr HTTP/1.1" 200 79
101.85.93.113 - - [18/Sep/2022:11:42:20 +0800] "GET /xingrg/kc/buy/cgsh_order_operate.html?command=get_materiel&rest_code=00142&code=00101008126&supplier_code=00100161&order_time=2022-09-18 HTTP/1.1" 200 412
116.224.255.128 - - [18/Sep/2022:11:42:21 +0800] "GET /xingrg/all/function/internal_message.html?_=1663472471630&CODE_STATE=getMsg HTTP/1.1" 200 27
116.237.79.130 - - [18/Sep/2022:11:42:21 +0800] "GET /xingrg/kc/buy/cgsh_order_add.html HTTP/1.1" 200 68722
116.237.79.130 - - [18/Sep/2022:11:42:22 +0800] "POST /xingrg/kc/buy/cgsh_order_operate.html HTTP/1.1" 200 8245
116.237.79.130 - - [18/Sep/2022:11:42:22 +0800] "GET /xingrg/javascript/easyui/themes/default/validatebox.css HTTP/1.1" 404 1104
116.237.79.130 - - [18/Sep/2022:11:42:22 +0800] "GET /xingrg/javascript/easyui/themes/default/tree.css HTTP/1.1" 404 1090
116.237.79.130 - - [18/Sep/2022:11:42:23 +0800] "POST /xingrg/all/common/load_tree.html?tree=supplier_tree_json&isDelete=1 HTTP/1.1" 200 68551
116.238.169.132 - - [18/Sep/2022:11:42:25 +0800] "POST /xingrg/kc/buy/cgsh_order_operate.html HTTP/1.1" 200 37
114.84.81.136 - - [18/Sep/2022:11:42:25 +0800] "GET /xingrg/check_reg.html?_=1663472539683 HTTP/1.1" 200 22
114.84.81.136 - - [18/Sep/2022:11:42:25 +0800] "GET /xingrg/all/function/internal_message.html?_=1663472539687&CODE_STATE=getMsg HTTP/1.1" 200 27
116.224.255.128 - - [18/Sep/2022:11:42:26 +0800] "GET /xingrg/kc/buy/cgsh_order_operate.html?command=get_materiel&rest_code=00150&code=00101020133&supplier_code=00100485&order_time=2022-09-18 HTTP/1.1" 200 417
116.238.169.132 - - [18/Sep/2022:11:42:28 +0800] "POST /xingrg/kc/buy/cgsh_order_operate.html HTTP/1.1" 200 12
116.237.79.130 - - [18/Sep/2022:11:42:28 +0800] "GET /xingrg/all/function/internal_message.html?_=1663472545034&CODE_STATE=getMsg HTTP/1.1" 200 27
116.238.169.132 - - [18/Sep/2022:11:42:29 +0800] "GET /xingrg/kc/buy/cgsh_order_info.html?code=212022091806567 HTTP/1.1" 200 63676
116.238.169.132 - - [18/Sep/2022:11:42:29 +0800] "GET /xingrg/javascript/easyui/themes/default/validatebox.css HTTP/1.1" 404 1104
114.83.217.204 - - [18/Sep/2022:11:42:30 +0800] "GET /xingrg/all/function/internal_message.html?_=1663472546476&CODE_STATE=getMsg HTTP/1.1" 200 27
116.238.169.132 - - [18/Sep/2022:11:42:30 +0800] "POST /xingrg/kc/buy/cgsh_order_operate.html HTTP/1.1" 200 614
116.238.169.132 - - [18/Sep/2022:11:42:31 +0800] "GET /xingrg/kc/print/load_data.html?order_code=212022091806567&kc_code=cgsh&condition= HTTP/1.1" 200 712
101.85.93.113 - - [18/Sep/2022:11:42:31 +0800] "GET /xingrg/kc/buy/cgsh_order_operate.html?command=get_materiel&rest_code=00142&code=00101008108&supplier_code=00100161&order_time=2022-09-18 HTTP/1.1" 200 412
114.88.158.224 - - [18/Sep/2022:11:42:33 +0800] "GET /xingrg/check_reg.html?_=1663472198448 HTTP/1.1" 200 22
116.238.169.132 - - [18/Sep/2022:11:42:33 +0800] "GET /xingrg/kc/buy/cgsh_order_add.html HTTP/1.1" 200 68763
116.225.121.189 - - [18/Sep/2022:11:42:34 +0800] "GET /xingrg/all/function/internal_message.html?_=1663472551331&CODE_STATE=getMsg HTTP/1.1" 200 27
116.238.169.132 - - [18/Sep/2022:11:42:34 +0800] "POST /xingrg/kc/buy/cgsh_order_operate.html HTTP/1.1" 200 8245
116.238.169.132 - - [18/Sep/2022:11:42:34 +0800] "GET /xingrg/javascript/easyui/themes/default/validatebox.css HTTP/1.1" 404 1104
116.224.255.128 - - [18/Sep/2022:11:42:36 +0800] "POST /xingrg/kc/buy/cgsh_order_operate.html HTTP/1.1" 200 37
116.237.79.130 - - [18/Sep/2022:11:42:37 +0800] "POST /xingrg/dwr/call/plaincall/AjaxBaseInfoService.getMateriels.dwr HTTP/1.1" 200 3017
116.237.79.130 - - [18/Sep/2022:11:42:37 +0800] "GET /xingrg/kc/buy/cgsh_order_operate.html?command=get_materiel&rest_code=00106&code=00101001140&supplier_code=00100090&order_time=2022-09-18 HTTP/1.1" 200 415
180.169.147.146 - - [18/Sep/2022:11:42:38 +0800] "GET /xingrg/all/function/internal_message.html?_=1663472547433&CODE_STATE=getMsg HTTP/1.1" 200 27
116.237.79.130 - - [18/Sep/2022:11:42:39 +0800] "GET /xingrg/system/info/materiel_info.html?code=00101006&isAdd=1 HTTP/1.1" 200 36620
116.237.79.130 - - [18/Sep/2022:11:42:40 +0800] "GET /xingrg/dwr/engine.js HTTP/1.1" 200 43631
116.237.79.130 - - [18/Sep/2022:11:42:40 +0800] "POST /xingrg/all/common/load_tree.html?tree=area_rest_tree_json HTTP/1.1" 200 3472
116.237.79.130 - - [18/Sep/2022:11:42:40 +0800] "POST /xingrg/dwr/call/plaincall/AjaxBaseInfoService.getMaterielInfo.dwr HTTP/1.1" 200 204
116.237.79.130 - - [18/Sep/2022:11:42:40 +0800] "GET /favicon.ico HTTP/1.1" 404 -
116.237.79.130 - - [18/Sep/2022:11:42:40 +0800] "POST /xingrg/all/common/load_tree.html?tree=area_rest_tree_json&defaultRests=undefined HTTP/1.1" 200 3472
116.224.255.128 - - [18/Sep/2022:11:42:40 +0800] "POST /xingrg/kc/buy/cgsh_order_operate.html HTTP/1.1" 200 12
101.85.93.113 - - [18/Sep/2022:11:42:40 +0800] "GET /xingrg/kc/buy/cgsh_order_operate.html?command=get_materiel&rest_code=00142&code=00101008368&supplier_code=00100161&order_time=2022-09-18 HTTP/1.1" 200 408
116.224.255.128 - - [18/Sep/2022:11:42:42 +0800] "GET /xingrg/kc/buy/cgsh_order_info.html?code=212022091806568 HTTP/1.1" 200 63643
116.230.114.213 - - [18/Sep/2022:11:42:42 +0800] "GET /xingrg/kc/print/load_data.html?order_code=212022091806566&kc_code=cgsh&condition= HTTP/1.1" 200 2292
116.224.255.128 - - [18/Sep/2022:11:42:42 +0800] "GET /xingrg/javascript/easyui/themes/default/validatebox.css HTTP/1.1" 404 1104
116.224.255.128 - - [18/Sep/2022:11:42:43 +0800] "POST /xingrg/kc/buy/cgsh_order_operate.html HTTP/1.1" 200 612
116.238.169.132 - - [18/Sep/2022:11:42:43 +0800] "GET /xingrg/kc/buy/cgsh_order_operate.html?command=get_materiel&rest_code=00102&code=00101019944&supplier_code=00100505&order_time=2022-09-17 HTTP/1.1" 200 403
116.238.169.132 - - [18/Sep/2022:11:42:43 +0800] "GET /xingrg/check_reg.html?_=1663472561133 HTTP/1.1" 200 22
116.238.169.132 - - [18/Sep/2022:11:42:43 +0800] "GET /xingrg/all/function/internal_message.html?_=1663472561141&CODE_STATE=getMsg HTTP/1.1" 200 27
116.224.255.128 - - [18/Sep/2022:11:42:44 +0800] "GET /xingrg/kc/print/load_data.html?order_code=212022091806568&kc_code=cgsh&condition= HTTP/1.1" 200 725
116.238.169.132 - - [18/Sep/2022:11:42:45 +0800] "GET /xingrg/all/function/internal_message.html?_=1663472562492&CODE_STATE=getMsg HTTP/1.1" 200 27
222.70.182.161 - - [18/Sep/2022:11:42:45 +0800] "GET /xingrg/all/function/internal_message.html?_=1663472557322&CODE_STATE=getMsg HTTP/1.1" 200 27
114.84.81.136 - - [18/Sep/2022:11:42:46 +0800] "GET /xingrg/kc/buy/cgsh_order_operate.html?command=get_materiel&rest_code=00148&code=00101008283&supplier_code=00100008&order_time=2022-09-18 HTTP/1.1" 200 428
120.253.135.82 - - [18/Sep/2022:11:42:46 +0800] "GET /xingrg/all/function/internal_message.html?_=1663472673185&CODE_STATE=getMsg HTTP/1.1" 200 27
116.237.79.130 - - [18/Sep/2022:11:42:47 +0800] "POST /xingrg/dwr/call/plaincall/AjaxGetFirstChart.getFirstChart.dwr HTTP/1.1" 200 79
116.224.255.128 - - [18/Sep/2022:11:42:49 +0800] "GET /xingrg/kc/buy/cgsh_order_add.html HTTP/1.1" 200 68734
101.85.93.113 - - [18/Sep/2022:11:42:50 +0800] "GET /xingrg/kc/buy/cgsh_order_operate.html?command=get_materiel&rest_code=00142&code=00101008005&supplier_code=00100161&order_time=2022-09-18 HTTP/1.1" 200 412
116.224.255.128 - - [18/Sep/2022:11:42:50 +0800] "POST /xingrg/kc/buy/cgsh_order_operate.html HTTP/1.1" 200 8245
116.224.255.128 - - [18/Sep/2022:11:42:50 +0800] "GET /xingrg/javascript/easyui/themes/default/validatebox.css HTTP/1.1" 404 1104
116.230.105.139 - - [18/Sep/2022:11:42:50 +0800] "GET /xingrg/index.html?sysBaseUrl=http%3A%2F%2F180.169.147.146%3A18081%2Fxingrg%2F&costTime=1277×tamp=1606817596806 HTTP/1.1" 302 -
116.230.105.139 - - [18/Sep/2022:11:42:50 +0800] "GET /xingrg/login.html HTTP/1.1" 200 7641
116.238.169.132 - - [18/Sep/2022:11:42:51 +0800] "GET /xingrg/all/function/internal_message.html?_=1663472568136&CODE_STATE=getMsg HTTP/1.1" 200 27
116.230.105.139 - - [18/Sep/2022:11:42:51 +0800] "GET /favicon.ico HTTP/1.1" 404 -
116.224.255.128 - - [18/Sep/2022:11:42:51 +0800] "GET /xingrg/all/function/internal_message.html?_=1663472568171&CODE_STATE=getMsg HTTP/1.1" 200 27
116.237.79.130 - - [18/Sep/2022:11:42:52 +0800] "GET /xingrg/all/function/internal_message.html?_=1663472564060&CODE_STATE=getMsg HTTP/1.1" 200 27
180.169.147.146 - - [18/Sep/2022:11:42:52 +0800] "GET /xingrg/all/function/internal_message.html?_=1663472568441&CODE_STATE=getMsg HTTP/1.1" 200 27
116.238.169.132 - - [18/Sep/2022:11:42:53 +0800] "POST /xingrg/kc/buy/cgsh_order_operate.html HTTP/1.1" 200 37
101.85.93.113 - - [18/Sep/2022:11:42:54 +0800] "GET /xingrg/all/function/internal_message.html?_=1663472570551&CODE_STATE=getMsg HTTP/1.1" 200 27
101.85.93.113 - - [18/Sep/2022:11:42:54 +0800] "GET /xingrg/check_reg.html?_=1663472570546 HTTP/1.1" 200 22
116.237.79.130 - - [18/Sep/2022:11:42:55 +0800] "GET /xingrg/kc/buy/cgsh_order_operate.html?command=get_materiel&rest_code=00106&code=00101001125&supplier_code=00100090&order_time=2022-09-18 HTTP/1.1" 200 417
114.84.81.136 - - [18/Sep/2022:11:42:56 +0800] "GET /xingrg/kc/buy/cgsh_order_operate.html?command=get_materiel&rest_code=00148&code=00101008358&supplier_code=00100008&order_time=2022-09-18 HTTP/1.1" 200 412
116.238.169.132 - - [18/Sep/2022:11:42:56 +0800] "POST /xingrg/kc/buy/cgsh_order_operate.html HTTP/1.1" 200 12
116.238.169.132 - - [18/Sep/2022:11:42:57 +0800] "GET /xingrg/kc/buy/cgsh_order_info.html?code=212022091806569 HTTP/1.1" 200 63668
116.238.169.132 - - [18/Sep/2022:11:42:57 +0800] "GET /xingrg/javascript/easyui/themes/default/validatebox.css HTTP/1.1" 404 1104
116.238.169.132 - - [18/Sep/2022:11:42:58 +0800] "POST /xingrg/kc/buy/cgsh_order_operate.html HTTP/1.1" 200 612
116.238.169.132 - - [18/Sep/2022:11:42:59 +0800] "GET /xingrg/kc/print/load_data.html?order_code=212022091806569&kc_code=cgsh&condition= HTTP/1.1" 200 692
101.85.93.113 - - [18/Sep/2022:11:42:59 +0800] "GET /xingrg/kc/buy/cgsh_order_operate.html?command=get_materiel&rest_code=00142&code=00101008049&supplier_code=00100161&order_time=2022-09-18 HTTP/1.1" 200 408
180.169.147.146 - - [18/Sep/2022:11:43:00 +0800] "GET /xingrg/all/function/internal_message.html?_=1663472576675&CODE_STATE=getMsg HTTP/1.1" 200 27
180.169.147.146 - - [18/Sep/2022:11:43:00 +0800] "GET /xingrg/check_reg.html?_=1663472576677 HTTP/1.1" 200 22
116.224.255.128 - - [18/Sep/2022:11:43:01 +0800] "GET /xingrg/kc/buy/cgsh_order_operate.html?command=get_materiel&rest_code=00150&code=00101010825&supplier_code=00100327&order_time=2022-09-18 HTTP/1.1" 200 429
116.238.169.132 - - [18/Sep/2022:11:43:02 +0800] "GET /xingrg/kc/buy/cgsh_order_add.html HTTP/1.1" 200 68763
116.238.169.132 - - [18/Sep/2022:11:43:03 +0800] "POST /xingrg/kc/buy/cgsh_order_operate.html HTTP/1.1" 200 8245
116.238.169.132 - - [18/Sep/2022:11:43:03 +0800] "GET /xingrg/javascript/easyui/themes/default/validatebox.css HTTP/1.1" 404 1104
114.84.81.136 - - [18/Sep/2022:11:43:05 +0800] "GET /xingrg/kc/buy/cgsh_order_operate.html?command=get_materiel&rest_code=00148&code=00101008224&supplier_code=00100008&order_time=2022-09-18 HTTP/1.1" 200 436
116.237.79.130 - - [18/Sep/2022:11:43:06 +0800] "POST /xingrg/dwr/call/plaincall/AjaxBaseInfoService.changeUnitGroup.dwr HTTP/1.1" 200 243
116.237.79.130 - - [18/Sep/2022:11:43:06 +0800] "GET /xingrg/kc/buy/cgsh_order_operate.html?command=get_materiel&rest_code=00106&code=00101001169&supplier_code=00100090&order_time=2022-09-18 HTTP/1.1" 200 415
116.237.79.130 - - [18/Sep/2022:11:43:09 +0800] "POST /xingrg/dwr/call/plaincall/AjaxBaseInfoService.saveMateriel.dwr HTTP/1.1" 200 109
116.237.79.130 - - [18/Sep/2022:11:43:09 +0800] "POST /xingrg/dwr/call/plaincall/AjaxBaseInfoService.getMateriels.dwr HTTP/1.1" 200 3018
116.238.169.132 - - [18/Sep/2022:11:43:10 +0800] "GET /xingrg/kc/buy/cgsh_order_operate.html?command=get_materiel&rest_code=00102&code=00101004011&supplier_code=00100086&order_time=2022-09-17 HTTP/1.1" 200 415
101.85.93.113 - - [18/Sep/2022:11:43:11 +0800] "GET /xingrg/kc/buy/cgsh_order_operate.html?command=get_materiel&rest_code=00142&code=00101008261&supplier_code=00100161&order_time=2022-09-18 HTTP/1.1" 200 408
124.79.74.72 - - [18/Sep/2022:11:43:13 +0800] "GET /xingrg/all/function/internal_message.html?_=1663472589375&CODE_STATE=getMsg HTTP/1.1" 200 27
116.225.121.189 - - [18/Sep/2022:11:43:13 +0800] "GET /xingrg/all/function/internal_message.html?_=1663472449822&CODE_STATE=getMsg HTTP/1.1" 200 27
180.169.147.146 - - [18/Sep/2022:11:43:13 +0800] "GET /xingrg/all/function/internal_message.html?_=1663472591323&CODE_STATE=getMsg HTTP/1.1" 200 27
116.237.79.130 - - [18/Sep/2022:11:43:18 +0800] "GET /xingrg/system/info/materiel_info.html?code=00101006&isAdd=1 HTTP/1.1" 200 36620
116.237.79.130 - - [18/Sep/2022:11:43:18 +0800] "GET /xingrg/dwr/interface/AjaxGetFirstChart.js HTTP/1.1" 200 631
114.83.219.57 - - [18/Sep/2022:11:43:18 +0800] "GET /xingrg/all/function/internal_message.html?_=1663472678605&CODE_STATE=getMsg HTTP/1.1" 200 27
116.237.79.130 - - [18/Sep/2022:11:43:18 +0800] "GET /xingrg/dwr/interface/AjaxBaseInfoService.js HTTP/1.1" 200 21363
116.237.79.130 - - [18/Sep/2022:11:43:18 +0800] "GET /xingrg/dwr/interface/AjaxComOrderService.js HTTP/1.1" 200 18264
116.237.79.130 - - [18/Sep/2022:11:43:18 +0800] "GET /xingrg/dwr/engine.js HTTP/1.1" 200 43631
116.237.79.130 - - [18/Sep/2022:11:43:18 +0800] "POST /xingrg/dwr/call/plaincall/AjaxBaseInfoService.getMaterielInfo.dwr HTTP/1.1" 200 204
116.237.79.130 - - [18/Sep/2022:11:43:18 +0800] "POST /xingrg/all/common/load_tree.html?tree=area_rest_tree_json HTTP/1.1" 200 3472
116.237.79.130 - - [18/Sep/2022:11:43:18 +0800] "POST /xingrg/all/common/load_tree.html?tree=area_rest_tree_json&defaultRests=undefined HTTP/1.1" 200 3472
116.230.114.213 - - [18/Sep/2022:11:43:19 +0800] "GET /xingrg/all/function/internal_message.html?_=1663472597013&CODE_STATE=getMsg HTTP/1.1" 200 27
116.238.169.132 - - [18/Sep/2022:11:43:20 +0800] "POST /xingrg/kc/buy/cgsh_order_operate.html HTTP/1.1" 200 64
116.224.255.128 - - [18/Sep/2022:11:43:21 +0800] "GET /xingrg/check_reg.html?_=1663472531440 HTTP/1.1" 200 22
116.224.255.128 - - [18/Sep/2022:11:43:21 +0800] "GET /xingrg/all/function/internal_message.html?_=1663472531685&CODE_STATE=getMsg HTTP/1.1" 200 27
116.237.79.130 - - [18/Sep/2022:11:43:22 +0800] "POST /xingrg/kc/buy/cgsh_order_operate.html HTTP/1.1" 200 37
114.88.158.224 - - [18/Sep/2022:11:43:24 +0800] "GET /xingrg/kc/buy/cgsh_order_add.html HTTP/1.1" 200 68722
114.88.158.224 - - [18/Sep/2022:11:43:24 +0800] "GET /xingrg/words/20220918114309_words.js HTTP/1.1" 200 921567
116.238.169.132 - - [18/Sep/2022:11:43:24 +0800] "POST /xingrg/kc/buy/cgsh_order_operate.html HTTP/1.1" 200 37
114.88.158.224 - - [18/Sep/2022:11:43:25 +0800] "POST /xingrg/kc/buy/cgsh_order_operate.html HTTP/1.1" 200 8245
114.88.158.224 - - [18/Sep/2022:11:43:25 +0800] "GET /xingrg/javascript/easyui/themes/default/validatebox.css HTTP/1.1" 404 1104
101.85.93.113 - - [18/Sep/2022:11:43:25 +0800] "GET /xingrg/kc/buy/cgsh_order_operate.html?command=get_materiel&rest_code=00142&code=00101008268&supplier_code=00100161&order_time=2022-09-18 HTTP/1.1" 200 408
114.84.81.136 - - [18/Sep/2022:11:43:25 +0800] "GET /xingrg/all/function/internal_message.html?_=1663472599674&CODE_STATE=getMsg HTTP/1.1" 200 27
116.224.255.128 - - [18/Sep/2022:11:43:26 +0800] "GET /xingrg/kc/buy/cgsh_order_operate.html?command=get_materiel&rest_code=00150&code=00101010638&supplier_code=00100327&order_time=2022-09-18 HTTP/1.1" 200 414
116.238.169.132 - - [18/Sep/2022:11:43:26 +0800] "POST /xingrg/kc/buy/cgsh_order_operate.html HTTP/1.1" 200 2663
116.237.79.130 - - [18/Sep/2022:11:43:28 +0800] "POST /xingrg/kc/buy/cgsh_order_operate.html HTTP/1.1" 200 12
116.237.79.130 - - [18/Sep/2022:11:43:28 +0800] "GET /xingrg/all/function/internal_message.html?_=1663472605008&CODE_STATE=getMsg HTTP/1.1" 200 27
116.237.79.130 - - [18/Sep/2022:11:43:29 +0800] "GET /xingrg/kc/buy/cgsh_order_info.html?code=212022091806570 HTTP/1.1" 200 63631
116.237.79.130 - - [18/Sep/2022:11:43:29 +0800] "GET /xingrg/words/20220918114309_words.js HTTP/1.1" 200 921567
116.237.79.130 - - [18/Sep/2022:11:43:29 +0800] "GET /xingrg/javascript/easyui/themes/default/validatebox.css HTTP/1.1" 404 1104
114.83.217.204 - - [18/Sep/2022:11:43:30 +0800] "GET /xingrg/all/function/internal_message.html?_=1663472606448&CODE_STATE=getMsg HTTP/1.1" 200 27
116.237.79.130 - - [18/Sep/2022:11:43:30 +0800] "POST /xingrg/kc/buy/cgsh_order_operate.html HTTP/1.1" 200 1813
116.237.79.130 - - [18/Sep/2022:11:43:31 +0800] "GET /xingrg/kc/print/load_data.html?order_code=212022091806570&kc_code=cgsh&condition= HTTP/1.1" 200 1255
116.225.121.189 - - [18/Sep/2022:11:43:34 +0800] "GET /xingrg/all/function/internal_message.html?_=1663472611306&CODE_STATE=getMsg HTTP/1.1" 200 27
116.237.79.130 - - [18/Sep/2022:11:43:35 +0800] "GET /xingrg/kc/buy/cgsh_order_add.html HTTP/1.1" 200 68722
116.237.79.130 - - [18/Sep/2022:11:43:35 +0800] "POST /xingrg/kc/buy/cgsh_order_operate.html HTTP/1.1" 200 8245
116.237.79.130 - - [18/Sep/2022:11:43:35 +0800] "GET /xingrg/javascript/easyui/themes/default/validatebox.css HTTP/1.1" 404 1104
116.238.169.132 - - [18/Sep/2022:11:43:36 +0800] "GET /xingrg/login.html HTTP/1.1" 200 7641
116.238.169.132 - - [18/Sep/2022:11:43:36 +0800] "GET /favicon.ico HTTP/1.1" 404 -
114.88.158.224 - - [18/Sep/2022:11:43:37 +0800] "GET /xingrg/kc/buy/cgsh_order_operate.html?command=get_materiel&rest_code=00141&code=00101006346&supplier_code=00100323&order_time=2022-09-18 HTTP/1.1" 200 395
116.224.255.128 - - [18/Sep/2022:11:43:37 +0800] "POST /xingrg/kc/buy/cgsh_order_operate.html HTTP/1.1" 200 37
116.237.79.130 - - [18/Sep/2022:11:43:38 +0800] "GET /xingrg/javascript/easyui/themes/default/tree.css HTTP/1.1" 404 1090
116.237.79.130 - - [18/Sep/2022:11:43:38 +0800] "POST /xingrg/all/common/load_tree.html?tree=supplier_tree_json&isDelete=1 HTTP/1.1" 200 68551
101.85.93.113 - - [18/Sep/2022:11:43:38 +0800] "GET /xingrg/kc/buy/cgsh_order_operate.html?command=get_materiel&rest_code=00142&code=00101008059&supplier_code=00100161&order_time=2022-09-18 HTTP/1.1" 200 408
180.169.147.146 - - [18/Sep/2022:11:43:38 +0800] "GET /xingrg/all/function/internal_message.html?_=1663472607446&CODE_STATE=getMsg HTTP/1.1" 200 27
