116.238.169.132 - - [18/Sep/2022:11:43:38 +0800] "POST /xingrg/login.do HTTP/1.1" 302 -
116.238.169.132 - - [18/Sep/2022:11:43:38 +0800] "GET /xingrg/index.html?sysBaseUrl=http%3A%2F%2F180.169.147.146%3A18081%2Fxingrg%2F&costTime=41×tamp=1663472618964 HTTP/1.1" 200 17173
116.238.169.132 - - [18/Sep/2022:11:43:39 +0800] "GET /favicon.ico HTTP/1.1" 404 -
116.238.169.132 - - [18/Sep/2022:11:43:39 +0800] "POST /xingrg/all/common/load_tree.html?tree=area_rest_tree_json&manage=1 HTTP/1.1" 200 342
116.238.169.132 - - [18/Sep/2022:11:43:39 +0800] "GET /xingrg/all/function/internal_message.html?_=1663472616206&CODE_STATE=count HTTP/1.1" 200 11
116.238.169.132 - - [18/Sep/2022:11:43:39 +0800] "POST /xingrg/load_menu.html HTTP/1.1" 200 5138
116.238.169.132 - - [18/Sep/2022:11:43:39 +0800] "GET /xingrg/check_reg.html?_=1663472616208 HTTP/1.1" 200 22
116.238.169.132 - - [18/Sep/2022:11:43:40 +0800] "GET /xingrg/kc/buy/cgsh_order_list.html HTTP/1.1" 200 52940
116.224.255.128 - - [18/Sep/2022:11:43:42 +0800] "POST /xingrg/kc/buy/cgsh_order_operate.html HTTP/1.1" 200 12
116.224.255.128 - - [18/Sep/2022:11:43:43 +0800] "GET /xingrg/kc/buy/cgsh_order_info.html?code=212022091806573 HTTP/1.1" 200 63641
116.238.169.132 - - [18/Sep/2022:11:43:43 +0800] "GET /xingrg/all/function/internal_message.html?_=1663472621139&CODE_STATE=getMsg HTTP/1.1" 200 27
116.224.255.128 - - [18/Sep/2022:11:43:43 +0800] "GET /xingrg/words/20220918114309_words.js HTTP/1.1" 200 921567
116.238.169.132 - - [18/Sep/2022:11:43:44 +0800] "POST /xingrg/kc/buy/cgsh_list_operate.html HTTP/1.1" 200 1762
116.224.255.128 - - [18/Sep/2022:11:43:44 +0800] "GET /xingrg/javascript/easyui/themes/default/validatebox.css HTTP/1.1" 404 1104
116.224.255.128 - - [18/Sep/2022:11:43:45 +0800] "POST /xingrg/kc/buy/cgsh_order_operate.html HTTP/1.1" 200 1216
116.238.169.132 - - [18/Sep/2022:11:43:45 +0800] "POST /xingrg/kc/buy/cgsh_list_operate.html HTTP/1.1" 200 203
222.70.182.161 - - [18/Sep/2022:11:43:45 +0800] "GET /xingrg/all/function/internal_message.html?_=1663472617322&CODE_STATE=getMsg HTTP/1.1" 200 27
116.238.169.132 - - [18/Sep/2022:11:43:45 +0800] "GET /xingrg/kc/buy/cgsh_order_info.html?code=212022091806572 HTTP/1.1" 200 68776
116.238.169.132 - - [18/Sep/2022:11:43:45 +0800] "GET /xingrg/words/20220918114309_words.js HTTP/1.1" 200 921567
116.224.255.128 - - [18/Sep/2022:11:43:46 +0800] "GET /xingrg/kc/print/load_data.html?order_code=212022091806573&kc_code=cgsh&condition= HTTP/1.1" 200 974
120.253.135.82 - - [18/Sep/2022:11:43:46 +0800] "GET /xingrg/all/function/internal_message.html?_=1663472733201&CODE_STATE=getMsg HTTP/1.1" 200 27
116.238.169.132 - - [18/Sep/2022:11:43:46 +0800] "GET /xingrg/all/common/auto_word.html?type=employee&rest_code=00102 HTTP/1.1" 200 189
116.238.169.132 - - [18/Sep/2022:11:43:46 +0800] "GET /xingrg/all/common/auto_word.html?type=employee&rest_code=00102 HTTP/1.1" 200 189
116.238.169.132 - - [18/Sep/2022:11:43:46 +0800] "GET /xingrg/javascript/easyui/themes/default/validatebox.css HTTP/1.1" 404 1104
116.238.169.132 - - [18/Sep/2022:11:43:47 +0800] "POST /xingrg/kc/buy/cgsh_order_operate.html HTTP/1.1" 200 2663
114.88.158.224 - - [18/Sep/2022:11:43:47 +0800] "GET /xingrg/kc/buy/cgsh_order_operate.html?command=get_materiel&rest_code=00141&code=00101010314&supplier_code=00100323&order_time=2022-09-18 HTTP/1.1" 200 413
116.224.255.128 - - [18/Sep/2022:11:43:50 +0800] "GET /xingrg/kc/buy/cgsh_order_add.html HTTP/1.1" 200 68734
116.224.255.128 - - [18/Sep/2022:11:43:50 +0800] "POST /xingrg/kc/buy/cgsh_order_operate.html HTTP/1.1" 200 8245
116.224.255.128 - - [18/Sep/2022:11:43:50 +0800] "GET /xingrg/javascript/easyui/themes/default/validatebox.css HTTP/1.1" 404 1104
116.238.169.132 - - [18/Sep/2022:11:43:51 +0800] "GET /xingrg/all/function/internal_message.html?_=1663472628133&CODE_STATE=getMsg HTTP/1.1" 200 27
116.224.255.128 - - [18/Sep/2022:11:43:51 +0800] "GET /xingrg/all/function/internal_message.html?_=1663472628188&CODE_STATE=getMsg HTTP/1.1" 200 27
116.238.169.132 - - [18/Sep/2022:11:43:52 +0800] "POST /xingrg/kc/buy/cgsh_order_operate.html HTTP/1.1" 200 37
101.85.93.113 - - [18/Sep/2022:11:43:52 +0800] "GET /xingrg/kc/buy/cgsh_order_operate.html?command=get_materiel&rest_code=00142&code=00101008199&supplier_code=00100161&order_time=2022-09-18 HTTP/1.1" 200 408
116.237.79.130 - - [18/Sep/2022:11:43:52 +0800] "GET /xingrg/all/function/internal_message.html?_=1663472624055&CODE_STATE=getMsg HTTP/1.1" 200 27
116.237.79.130 - - [18/Sep/2022:11:43:52 +0800] "GET /xingrg/check_reg.html?_=1663472624054 HTTP/1.1" 200 22
180.169.147.146 - - [18/Sep/2022:11:43:52 +0800] "GET /xingrg/all/function/internal_message.html?_=1663472628485&CODE_STATE=getMsg HTTP/1.1" 200 27
116.237.79.130 - - [18/Sep/2022:11:43:54 +0800] "GET /xingrg/kc/buy/cgsh_order_operate.html?command=get_materiel&rest_code=00106&code=00101002042&supplier_code=00100088&order_time=2022-09-18 HTTP/1.1" 200 416
101.85.93.113 - - [18/Sep/2022:11:43:54 +0800] "GET /xingrg/all/function/internal_message.html?_=1663472630604&CODE_STATE=getMsg HTTP/1.1" 200 27
116.238.169.132 - - [18/Sep/2022:11:43:55 +0800] "POST /xingrg/kc/buy/cgsh_order_operate.html HTTP/1.1" 200 12
116.238.169.132 - - [18/Sep/2022:11:43:56 +0800] "GET /xingrg/kc/buy/cgsh_order_info.html?code=212022091806572 HTTP/1.1" 200 63670
116.238.169.132 - - [18/Sep/2022:11:43:56 +0800] "GET /xingrg/javascript/easyui/themes/default/validatebox.css HTTP/1.1" 404 1104
116.238.169.132 - - [18/Sep/2022:11:43:57 +0800] "POST /xingrg/kc/buy/cgsh_order_operate.html HTTP/1.1" 200 613
116.238.169.132 - - [18/Sep/2022:11:43:57 +0800] "GET /xingrg/kc/print/load_config.html?kc_code=cgsh HTTP/1.1" 200 1943
116.238.169.132 - - [18/Sep/2022:11:43:58 +0800] "GET /xingrg/kc/print/load_data.html?order_code=212022091806572&kc_code=cgsh&condition= HTTP/1.1" 200 768
114.88.158.224 - - [18/Sep/2022:11:44:00 +0800] "GET /xingrg/kc/buy/cgsh_order_operate.html?command=get_materiel&rest_code=00141&code=00101019489&supplier_code=00100323&order_time=2022-09-18 HTTP/1.1" 200 410
180.169.147.146 - - [18/Sep/2022:11:44:00 +0800] "GET /xingrg/all/function/internal_message.html?_=1663472636694&CODE_STATE=getMsg HTTP/1.1" 200 27
101.85.93.113 - - [18/Sep/2022:11:44:00 +0800] "GET /xingrg/kc/buy/cgsh_order_operate.html?command=get_materiel&rest_code=00142&code=00101008361&supplier_code=00100161&order_time=2022-09-18 HTTP/1.1" 200 408
116.238.169.132 - - [18/Sep/2022:11:44:01 +0800] "GET /xingrg/kc/buy/cgsh_order_add.html HTTP/1.1" 200 68763
116.238.169.132 - - [18/Sep/2022:11:44:01 +0800] "POST /xingrg/kc/buy/cgsh_order_operate.html HTTP/1.1" 200 8245
116.238.169.132 - - [18/Sep/2022:11:44:01 +0800] "GET /xingrg/javascript/easyui/themes/default/validatebox.css HTTP/1.1" 404 1104
116.224.255.128 - - [18/Sep/2022:11:44:01 +0800] "GET /xingrg/kc/buy/cgsh_order_operate.html?command=get_materiel&rest_code=00150&code=00101015128&supplier_code=00100565&order_time=2022-09-18 HTTP/1.1" 200 421
116.238.169.132 - - [18/Sep/2022:11:44:02 +0800] "GET /xingrg/javascript/auto/indicator.gif HTTP/1.1" 404 1066
116.238.169.132 - - [18/Sep/2022:11:44:02 +0800] "GET /xingrg/javascript/jquery_tools/images/prev.gif HTTP/1.1" 404 1086
116.238.169.132 - - [18/Sep/2022:11:44:02 +0800] "GET /xingrg/javascript/jquery_tools/images/next.gif HTTP/1.1" 404 1086
116.237.79.130 - - [18/Sep/2022:11:44:06 +0800] "GET /xingrg/kc/buy/cgsh_order_operate.html?command=get_materiel&rest_code=00106&code=00101003037&supplier_code=00100088&order_time=2022-09-18 HTTP/1.1" 200 435
101.85.93.113 - - [18/Sep/2022:11:44:07 +0800] "GET /xingrg/kc/buy/cgsh_order_operate.html?command=get_materiel&rest_code=00142&code=00101008155&supplier_code=00100161&order_time=2022-09-18 HTTP/1.1" 200 428
180.169.147.146 - - [18/Sep/2022:11:44:07 +0800] "GET /xingrg/check_reg.html?_=1663472645395 HTTP/1.1" 200 22
114.88.158.224 - - [18/Sep/2022:11:44:09 +0800] "POST /xingrg/kc/buy/cgsh_order_operate.html HTTP/1.1" 200 37
116.230.114.213 - - [18/Sep/2022:11:44:11 +0800] "POST /xingrg/kc/buy/cgsh_order_operate.html HTTP/1.1" 200 37
124.79.74.72 - - [18/Sep/2022:11:44:13 +0800] "GET /xingrg/all/function/internal_message.html?_=1663472649344&CODE_STATE=getMsg HTTP/1.1" 200 27
116.225.121.189 - - [18/Sep/2022:11:44:13 +0800] "GET /xingrg/all/function/internal_message.html?_=1663472509808&CODE_STATE=getMsg HTTP/1.1" 200 27
180.169.147.146 - - [18/Sep/2022:11:44:13 +0800] "GET /xingrg/all/function/internal_message.html?_=1663472651294&CODE_STATE=getMsg HTTP/1.1" 200 27
116.230.114.213 - - [18/Sep/2022:11:44:14 +0800] "POST /xingrg/kc/buy/cgsh_order_operate.html HTTP/1.1" 200 6825
116.224.255.128 - - [18/Sep/2022:11:44:14 +0800] "POST /xingrg/kc/buy/cgsh_order_operate.html HTTP/1.1" 200 37
114.88.158.224 - - [18/Sep/2022:11:44:15 +0800] "POST /xingrg/kc/buy/cgsh_order_operate.html HTTP/1.1" 200 12
116.238.169.132 - - [18/Sep/2022:11:44:15 +0800] "GET /xingrg/kc/buy/cgsh_order_operate.html?command=get_materiel&rest_code=00102&code=00101004051&supplier_code=00100312&order_time=2022-09-17 HTTP/1.1" 200 408
116.225.121.189 - - [18/Sep/2022:11:44:15 +0800] "GET /xingrg/check_reg.html?_=1663472511878 HTTP/1.1" 200 22
101.85.93.113 - - [18/Sep/2022:11:44:17 +0800] "GET /xingrg/kc/buy/cgsh_order_operate.html?command=get_materiel&rest_code=00142&code=00101008097&supplier_code=00100161&order_time=2022-09-18 HTTP/1.1" 200 408
114.83.219.57 - - [18/Sep/2022:11:44:18 +0800] "GET /xingrg/all/function/internal_message.html?_=1663472738617&CODE_STATE=getMsg HTTP/1.1" 200 27
116.224.255.128 - - [18/Sep/2022:11:44:18 +0800] "POST /xingrg/kc/buy/cgsh_order_operate.html HTTP/1.1" 200 12
114.88.158.224 - - [18/Sep/2022:11:44:18 +0800] "GET /xingrg/kc/buy/cgsh_order_info.html?code=212022091806574 HTTP/1.1" 200 63628
116.230.114.213 - - [18/Sep/2022:11:44:19 +0800] "GET /xingrg/all/function/internal_message.html?_=1663472657026&CODE_STATE=getMsg HTTP/1.1" 200 27
114.88.158.224 - - [18/Sep/2022:11:44:19 +0800] "GET /xingrg/javascript/easyui/themes/default/validatebox.css HTTP/1.1" 404 1104
116.224.255.128 - - [18/Sep/2022:11:44:19 +0800] "GET /xingrg/kc/buy/cgsh_order_info.html?code=212022091806575 HTTP/1.1" 200 63641
114.88.158.224 - - [18/Sep/2022:11:44:19 +0800] "POST /xingrg/kc/buy/cgsh_order_operate.html HTTP/1.1" 200 1786
116.224.255.128 - - [18/Sep/2022:11:44:20 +0800] "GET /xingrg/javascript/easyui/themes/default/validatebox.css HTTP/1.1" 404 1104
114.88.158.224 - - [18/Sep/2022:11:44:20 +0800] "GET /xingrg/kc/print/load_data.html?order_code=212022091806574&kc_code=cgsh&condition= HTTP/1.1" 200 1158
116.224.255.128 - - [18/Sep/2022:11:44:20 +0800] "POST /xingrg/kc/buy/cgsh_order_operate.html HTTP/1.1" 200 615
116.224.255.128 - - [18/Sep/2022:11:44:21 +0800] "GET /xingrg/all/function/internal_message.html?_=1663472591687&CODE_STATE=getMsg HTTP/1.1" 200 27
116.224.255.128 - - [18/Sep/2022:11:44:21 +0800] "GET /xingrg/kc/print/load_data.html?order_code=212022091806575&kc_code=cgsh&condition= HTTP/1.1" 200 734
116.238.169.132 - - [18/Sep/2022:11:44:22 +0800] "GET /xingrg/kc/buy/cgsh_order_operate.html?command=get_materiel&rest_code=00102&code=00101004067&supplier_code=00100312&order_time=2022-09-17 HTTP/1.1" 200 413
114.88.158.224 - - [18/Sep/2022:11:44:25 +0800] "GET /xingrg/kc/buy/cgsh_order_add.html HTTP/1.1" 200 68722
114.88.158.224 - - [18/Sep/2022:11:44:25 +0800] "POST /xingrg/kc/buy/cgsh_order_operate.html HTTP/1.1" 200 8245
114.88.158.224 - - [18/Sep/2022:11:44:25 +0800] "GET /xingrg/javascript/easyui/themes/default/validatebox.css HTTP/1.1" 404 1104
114.84.81.136 - - [18/Sep/2022:11:44:25 +0800] "GET /xingrg/all/function/internal_message.html?_=1663472659678&CODE_STATE=getMsg HTTP/1.1" 200 27
101.85.93.113 - - [18/Sep/2022:11:44:28 +0800] "GET /xingrg/kc/buy/cgsh_order_operate.html?command=get_materiel&rest_code=00142&code=00101008371&supplier_code=00100161&order_time=2022-09-18 HTTP/1.1" 200 412
116.237.79.130 - - [18/Sep/2022:11:44:28 +0800] "POST /xingrg/kc/buy/cgsh_order_operate.html HTTP/1.1" 200 37
116.224.255.128 - - [18/Sep/2022:11:44:28 +0800] "GET /xingrg/kc/buy/cgsh_order_add.html HTTP/1.1" 200 68734
116.237.79.130 - - [18/Sep/2022:11:44:28 +0800] "GET /xingrg/all/function/internal_message.html?_=1663472664978&CODE_STATE=getMsg HTTP/1.1" 200 27
116.224.255.128 - - [18/Sep/2022:11:44:29 +0800] "POST /xingrg/kc/buy/cgsh_order_operate.html HTTP/1.1" 200 8245
116.224.255.128 - - [18/Sep/2022:11:44:29 +0800] "GET /xingrg/javascript/easyui/themes/default/validatebox.css HTTP/1.1" 404 1104
116.238.169.132 - - [18/Sep/2022:11:44:29 +0800] "GET /xingrg/kc/buy/cgsh_order_operate.html?command=get_materiel&rest_code=00102&code=00101004061&supplier_code=00100312&order_time=2022-09-17 HTTP/1.1" 200 409
114.83.217.204 - - [18/Sep/2022:11:44:30 +0800] "GET /xingrg/all/function/internal_message.html?_=1663472666418&CODE_STATE=getMsg HTTP/1.1" 200 27
116.237.79.130 - - [18/Sep/2022:11:44:31 +0800] "POST /xingrg/kc/buy/cgsh_order_operate.html HTTP/1.1" 200 12
116.237.79.130 - - [18/Sep/2022:11:44:32 +0800] "GET /xingrg/kc/buy/cgsh_order_info.html?code=212022091806576 HTTP/1.1" 200 63629
116.237.79.130 - - [18/Sep/2022:11:44:32 +0800] "GET /xingrg/javascript/easyui/themes/default/validatebox.css HTTP/1.1" 404 1104
116.237.79.130 - - [18/Sep/2022:11:44:33 +0800] "POST /xingrg/kc/buy/cgsh_order_operate.html HTTP/1.1" 200 1215
116.225.121.189 - - [18/Sep/2022:11:44:34 +0800] "GET /xingrg/all/function/internal_message.html?_=1663472671285&CODE_STATE=getMsg HTTP/1.1" 200 27
116.237.79.130 - - [18/Sep/2022:11:44:34 +0800] "GET /xingrg/kc/print/load_data.html?order_code=212022091806576&kc_code=cgsh&condition= HTTP/1.1" 200 1029
124.79.74.72 - - [18/Sep/2022:11:44:34 +0800] "GET /xingrg/check_reg.html?_=1663472671049 HTTP/1.1" 200 22
101.85.93.113 - - [18/Sep/2022:11:44:37 +0800] "GET /xingrg/kc/buy/cgsh_order_operate.html?command=get_materiel&rest_code=00142&code=00101008355&supplier_code=00100161&order_time=2022-09-18 HTTP/1.1" 200 408
116.238.169.132 - - [18/Sep/2022:11:44:38 +0800] "GET /xingrg/kc/buy/cgsh_order_operate.html?command=get_materiel&rest_code=00102&code=00101004050&supplier_code=00100312&order_time=2022-09-17 HTTP/1.1" 200 409
116.237.79.130 - - [18/Sep/2022:11:44:38 +0800] "GET /xingrg/kc/buy/cgsh_order_add.html HTTP/1.1" 200 68722
180.169.147.146 - - [18/Sep/2022:11:44:38 +0800] "GET /xingrg/all/function/internal_message.html?_=1663472667445&CODE_STATE=getMsg HTTP/1.1" 200 27
116.237.79.130 - - [18/Sep/2022:11:44:38 +0800] "POST /xingrg/kc/buy/cgsh_order_operate.html HTTP/1.1" 200 8245
116.237.79.130 - - [18/Sep/2022:11:44:38 +0800] "GET /xingrg/javascript/easyui/themes/default/validatebox.css HTTP/1.1" 404 1104
116.238.169.132 - - [18/Sep/2022:11:44:39 +0800] "GET /xingrg/all/function/internal_message.html?_=1663472676248&CODE_STATE=getMsg HTTP/1.1" 200 27
116.237.79.130 - - [18/Sep/2022:11:44:40 +0800] "GET /xingrg/javascript/easyui/themes/default/tree.css HTTP/1.1" 404 1090
116.237.79.130 - - [18/Sep/2022:11:44:40 +0800] "POST /xingrg/all/common/load_tree.html?tree=supplier_tree_json&isDelete=1 HTTP/1.1" 200 68551
116.224.255.128 - - [18/Sep/2022:11:44:40 +0800] "GET /xingrg/kc/buy/cgsh_order_operate.html?command=get_materiel&rest_code=00150&code=00101021034&supplier_code=00100443&order_time=2022-09-18 HTTP/1.1" 200 418
116.238.169.132 - - [18/Sep/2022:11:44:43 +0800] "GET /xingrg/all/function/internal_message.html?_=1663472681137&CODE_STATE=getMsg HTTP/1.1" 200 27
114.88.158.224 - - [18/Sep/2022:11:44:44 +0800] "GET /xingrg/kc/buy/cgsh_order_operate.html?command=get_materiel&rest_code=00141&code=00101010820&supplier_code=00100481&order_time=2022-09-18 HTTP/1.1" 200 424
222.70.182.161 - - [18/Sep/2022:11:44:45 +0800] "GET /xingrg/all/function/internal_message.html?_=1663472677322&CODE_STATE=getMsg HTTP/1.1" 200 27
116.238.169.132 - - [18/Sep/2022:11:44:46 +0800] "GET /xingrg/kc/buy/cgsh_order_operate.html?command=get_materiel&rest_code=00102&code=00101004030&supplier_code=00100312&order_time=2022-09-17 HTTP/1.1" 200 428
120.253.135.82 - - [18/Sep/2022:11:44:46 +0800] "GET /xingrg/all/function/internal_message.html?_=1663472793212&CODE_STATE=getMsg HTTP/1.1" 200 27
101.85.93.113 - - [18/Sep/2022:11:44:46 +0800] "GET /xingrg/kc/buy/cgsh_order_operate.html?command=get_materiel&rest_code=00142&code=00101008024&supplier_code=00100161&order_time=2022-09-18 HTTP/1.1" 200 408
116.230.114.213 - - [18/Sep/2022:11:44:49 +0800] "GET /xingrg/check_reg.html?_=1663472687899 HTTP/1.1" 200 22
116.238.169.132 - - [18/Sep/2022:11:44:51 +0800] "GET /xingrg/all/function/internal_message.html?_=1663472688128&CODE_STATE=getMsg HTTP/1.1" 200 27
116.224.255.128 - - [18/Sep/2022:11:44:51 +0800] "GET /xingrg/all/function/internal_message.html?_=1663472688193&CODE_STATE=getMsg HTTP/1.1" 200 27
116.238.169.132 - - [18/Sep/2022:11:44:52 +0800] "GET /xingrg/kc/buy/cgsh_order_operate.html?command=get_materiel&rest_code=00102&code=00101001156&supplier_code=00100312&order_time=2022-09-17 HTTP/1.1" 200 409
116.237.79.130 - - [18/Sep/2022:11:44:52 +0800] "GET /xingrg/kc/buy/cgsh_order_operate.html?command=get_materiel&rest_code=00106&code=00101004034&supplier_code=00100085&order_time=2022-09-18 HTTP/1.1" 200 416
116.237.79.130 - - [18/Sep/2022:11:44:52 +0800] "GET /xingrg/all/function/internal_message.html?_=1663472684076&CODE_STATE=getMsg HTTP/1.1" 200 27
180.169.147.146 - - [18/Sep/2022:11:44:52 +0800] "GET /xingrg/check_reg.html?_=1663472688475 HTTP/1.1" 200 22
180.169.147.146 - - [18/Sep/2022:11:44:52 +0800] "GET /xingrg/all/function/internal_message.html?_=1663472688477&CODE_STATE=getMsg HTTP/1.1" 200 27
101.85.93.113 - - [18/Sep/2022:11:44:54 +0800] "GET /xingrg/all/function/internal_message.html?_=1663472690577&CODE_STATE=getMsg HTTP/1.1" 200 27
116.224.255.128 - - [18/Sep/2022:11:44:55 +0800] "POST /xingrg/kc/buy/cgsh_order_operate.html HTTP/1.1" 200 37
101.85.93.113 - - [18/Sep/2022:11:44:56 +0800] "GET /xingrg/kc/buy/cgsh_order_operate.html?command=get_materiel&rest_code=00142&code=00101008356&supplier_code=00100161&order_time=2022-09-18 HTTP/1.1" 200 429
116.224.255.128 - - [18/Sep/2022:11:45:00 +0800] "POST /xingrg/kc/buy/cgsh_order_operate.html HTTP/1.1" 200 12
180.169.147.146 - - [18/Sep/2022:11:45:00 +0800] "GET /xingrg/all/function/internal_message.html?_=1663472696704&CODE_STATE=getMsg HTTP/1.1" 200 27
116.224.255.128 - - [18/Sep/2022:11:45:01 +0800] "GET /xingrg/kc/buy/cgsh_order_info.html?code=212022091806577 HTTP/1.1" 200 63643
116.224.255.128 - - [18/Sep/2022:11:45:02 +0800] "GET /xingrg/javascript/easyui/themes/default/validatebox.css HTTP/1.1" 404 1104
116.224.255.128 - - [18/Sep/2022:11:45:02 +0800] "POST /xingrg/kc/buy/cgsh_order_operate.html HTTP/1.1" 200 613
101.85.93.113 - - [18/Sep/2022:11:45:06 +0800] "GET /xingrg/kc/buy/cgsh_order_operate.html?command=get_materiel&rest_code=00142&code=00101008286&supplier_code=00100161&order_time=2022-09-18 HTTP/1.1" 200 408
116.224.255.128 - - [18/Sep/2022:11:45:06 +0800] "GET /xingrg/kc/print/load_data.html?order_code=212022091806577&kc_code=cgsh&condition= HTTP/1.1" 200 741
116.237.79.130 - - [18/Sep/2022:11:45:06 +0800] "POST /xingrg/kc/buy/cgsh_order_operate.html HTTP/1.1" 200 37
116.237.79.130 - - [18/Sep/2022:11:45:09 +0800] "POST /xingrg/kc/buy/cgsh_order_operate.html HTTP/1.1" 200 12
116.237.79.130 - - [18/Sep/2022:11:45:10 +0800] "GET /xingrg/kc/buy/cgsh_order_info.html?code=212022091806578 HTTP/1.1" 200 63629
116.237.79.130 - - [18/Sep/2022:11:45:10 +0800] "GET /xingrg/javascript/easyui/themes/default/validatebox.css HTTP/1.1" 404 1104
116.237.79.130 - - [18/Sep/2022:11:45:11 +0800] "POST /xingrg/kc/buy/cgsh_order_operate.html HTTP/1.1" 200 616
116.237.79.130 - - [18/Sep/2022:11:45:12 +0800] "GET /xingrg/kc/print/load_data.html?order_code=212022091806578&kc_code=cgsh&condition= HTTP/1.1" 200 778
124.79.74.72 - - [18/Sep/2022:11:45:13 +0800] "GET /xingrg/all/function/internal_message.html?_=1663472709317&CODE_STATE=getMsg HTTP/1.1" 200 27
116.224.255.128 - - [18/Sep/2022:11:45:13 +0800] "GET /xingrg/kc/buy/cgsh_order_add.html HTTP/1.1" 200 68734
116.225.121.189 - - [18/Sep/2022:11:45:13 +0800] "GET /xingrg/all/function/internal_message.html?_=1663472569795&CODE_STATE=getMsg HTTP/1.1" 200 27
180.169.147.146 - - [18/Sep/2022:11:45:13 +0800] "GET /xingrg/all/function/internal_message.html?_=1663472711279&CODE_STATE=getMsg HTTP/1.1" 200 27
116.224.255.128 - - [18/Sep/2022:11:45:13 +0800] "POST /xingrg/kc/buy/cgsh_order_operate.html HTTP/1.1" 200 8245
116.224.255.128 - - [18/Sep/2022:11:45:14 +0800] "GET /xingrg/javascript/easyui/themes/default/validatebox.css HTTP/1.1" 404 1104
101.85.93.113 - - [18/Sep/2022:11:45:14 +0800] "GET /xingrg/kc/buy/cgsh_order_operate.html?command=get_materiel&rest_code=00142&code=00101008353&supplier_code=00100161&order_time=2022-09-18 HTTP/1.1" 200 428
116.237.79.130 - - [18/Sep/2022:11:45:16 +0800] "GET /xingrg/kc/buy/cgsh_order_add.html HTTP/1.1" 200 68722
116.237.79.130 - - [18/Sep/2022:11:45:17 +0800] "POST /xingrg/kc/buy/cgsh_order_operate.html HTTP/1.1" 200 8245
116.237.79.130 - - [18/Sep/2022:11:45:17 +0800] "GET /xingrg/javascript/easyui/themes/default/validatebox.css HTTP/1.1" 404 1104
114.88.158.224 - - [18/Sep/2022:11:45:18 +0800] "POST /xingrg/kc/buy/cgsh_order_operate.html HTTP/1.1" 200 37
114.83.219.57 - - [18/Sep/2022:11:45:18 +0800] "GET /xingrg/check_reg.html?_=1663472798604 HTTP/1.1" 200 22
114.83.219.57 - - [18/Sep/2022:11:45:18 +0800] "GET /xingrg/all/function/internal_message.html?_=1663472798606&CODE_STATE=getMsg HTTP/1.1" 200 27
116.237.79.130 - - [18/Sep/2022:11:45:18 +0800] "GET /xingrg/javascript/easyui/themes/default/tree.css HTTP/1.1" 404 1090
116.237.79.130 - - [18/Sep/2022:11:45:18 +0800] "POST /xingrg/all/common/load_tree.html?tree=supplier_tree_json&isDelete=1 HTTP/1.1" 200 68551
116.230.114.213 - - [18/Sep/2022:11:45:19 +0800] "GET /xingrg/all/function/internal_message.html?_=1663472717040&CODE_STATE=getMsg HTTP/1.1" 200 27
116.237.79.130 - - [18/Sep/2022:11:45:19 +0800] "GET /xingrg/check_reg.html?_=1663472715870 HTTP/1.1" 200 22
116.224.255.128 - - [18/Sep/2022:11:45:21 +0800] "GET /xingrg/all/function/internal_message.html?_=1663472651701&CODE_STATE=getMsg HTTP/1.1" 200 27
114.88.158.224 - - [18/Sep/2022:11:45:23 +0800] "POST /xingrg/kc/buy/cgsh_order_operate.html HTTP/1.1" 200 12
114.88.158.224 - - [18/Sep/2022:11:45:24 +0800] "GET /xingrg/kc/buy/cgsh_order_info.html?code=212022091806579 HTTP/1.1" 200 63637
114.88.158.224 - - [18/Sep/2022:11:45:24 +0800] "GET /xingrg/javascript/easyui/themes/default/validatebox.css HTTP/1.1" 404 1104
114.88.158.224 - - [18/Sep/2022:11:45:25 +0800] "POST /xingrg/kc/buy/cgsh_order_operate.html HTTP/1.1" 200 620
101.85.93.113 - - [18/Sep/2022:11:45:25 +0800] "GET /xingrg/kc/buy/cgsh_order_operate.html?command=get_materiel&rest_code=00142&code=00101008350&supplier_code=00100161&order_time=2022-09-18 HTTP/1.1" 200 429
116.224.255.128 - - [18/Sep/2022:11:45:25 +0800] "GET /xingrg/kc/buy/cgsh_order_operate.html?command=get_materiel&rest_code=00150&code=00101019944&supplier_code=00100505&order_time=2022-09-18 HTTP/1.1" 200 403
114.84.81.136 - - [18/Sep/2022:11:45:25 +0800] "GET /xingrg/all/function/internal_message.html?_=1663472719683&CODE_STATE=getMsg HTTP/1.1" 200 27
114.88.158.224 - - [18/Sep/2022:11:45:26 +0800] "GET /xingrg/kc/print/load_data.html?order_code=212022091806579&kc_code=cgsh&condition= HTTP/1.1" 200 738
116.237.79.130 - - [18/Sep/2022:11:45:28 +0800] "GET /xingrg/all/function/internal_message.html?_=1663472724950&CODE_STATE=getMsg HTTP/1.1" 200 27
114.88.158.224 - - [18/Sep/2022:11:45:29 +0800] "GET /xingrg/kc/buy/cgsh_order_add.html HTTP/1.1" 200 68722
114.88.158.224 - - [18/Sep/2022:11:45:29 +0800] "POST /xingrg/kc/buy/cgsh_order_operate.html HTTP/1.1" 200 8245
101.85.93.113 - - [18/Sep/2022:11:45:29 +0800] "POST /xingrg/kc/buy/cgsh_order_operate.html HTTP/1.1" 200 2065
114.88.158.224 - - [18/Sep/2022:11:45:29 +0800] "GET /xingrg/javascript/easyui/themes/default/validatebox.css HTTP/1.1" 404 1104
114.83.217.204 - - [18/Sep/2022:11:45:30 +0800] "GET /xingrg/all/function/internal_message.html?_=1663472726400&CODE_STATE=getMsg HTTP/1.1" 200 27
116.225.121.189 - - [18/Sep/2022:11:45:34 +0800] "GET /xingrg/all/function/internal_message.html?_=1663472731263&CODE_STATE=getMsg HTTP/1.1" 200 27
116.225.121.189 - - [18/Sep/2022:11:45:34 +0800] "GET /xingrg/check_reg.html?_=1663472731634 HTTP/1.1" 200 22
116.224.255.128 - - [18/Sep/2022:11:45:37 +0800] "POST /xingrg/kc/buy/cgsh_order_operate.html HTTP/1.1" 200 37
180.169.147.146 - - [18/Sep/2022:11:45:38 +0800] "GET /xingrg/all/function/internal_message.html?_=1663472727470&CODE_STATE=getMsg HTTP/1.1" 200 27
116.238.169.132 - - [18/Sep/2022:11:45:39 +0800] "GET /xingrg/all/function/internal_message.html?_=1663472736230&CODE_STATE=getMsg HTTP/1.1" 200 27
114.84.81.136 - - [18/Sep/2022:11:45:39 +0800] "POST /xingrg/kc/buy/cgsh_order_operate.html HTTP/1.1" 200 37
116.237.79.130 - - [18/Sep/2022:11:45:39 +0800] "GET /xingrg/kc/buy/cgsh_order_operate.html?command=get_materiel&rest_code=00106&code=00101004065&supplier_code=00100086&order_time=2022-09-18 HTTP/1.1" 200 434
101.85.93.113 - - [18/Sep/2022:11:45:40 +0800] "GET /xingrg/kc/buy/cgsh_order_operate.html?command=get_materiel&rest_code=00142&code=00101008234&supplier_code=00100161&order_time=2022-09-18 HTTP/1.1" 200 408
114.88.158.224 - - [18/Sep/2022:11:45:41 +0800] "GET /xingrg/kc/buy/cgsh_order_operate.html?command=get_materiel&rest_code=00141&code=00101010696&supplier_code=00100565&order_time=2022-09-18 HTTP/1.1" 200 412
116.224.255.128 - - [18/Sep/2022:11:45:42 +0800] "POST /xingrg/kc/buy/cgsh_order_operate.html HTTP/1.1" 200 12
116.238.169.132 - - [18/Sep/2022:11:45:43 +0800] "GET /xingrg/all/function/internal_message.html?_=1663472741139&CODE_STATE=getMsg HTTP/1.1" 200 27
116.224.255.128 - - [18/Sep/2022:11:45:43 +0800] "GET /xingrg/kc/buy/cgsh_order_info.html?code=212022091806580 HTTP/1.1" 200 63643
114.84.81.136 - - [18/Sep/2022:11:45:44 +0800] "POST /xingrg/kc/buy/cgsh_order_operate.html HTTP/1.1" 200 15075
116.224.255.128 - - [18/Sep/2022:11:45:44 +0800] "GET /xingrg/javascript/easyui/themes/default/validatebox.css HTTP/1.1" 404 1104
116.224.255.128 - - [18/Sep/2022:11:45:44 +0800] "POST /xingrg/kc/buy/cgsh_order_operate.html HTTP/1.1" 200 612
120.253.135.82 - - [18/Sep/2022:11:45:45 +0800] "GET /xingrg/check_reg.html?_=1663472852171 HTTP/1.1" 200 22
222.70.182.161 - - [18/Sep/2022:11:45:45 +0800] "GET /xingrg/all/function/internal_message.html?_=1663472737322&CODE_STATE=getMsg HTTP/1.1" 200 27
116.238.169.132 - - [18/Sep/2022:11:45:45 +0800] "GET /xingrg/check_reg.html?_=1663472742800 HTTP/1.1" 200 22
116.224.255.128 - - [18/Sep/2022:11:45:46 +0800] "GET /xingrg/kc/print/load_data.html?order_code=212022091806580&kc_code=cgsh&condition= HTTP/1.1" 200 725
120.253.135.82 - - [18/Sep/2022:11:45:46 +0800] "GET /xingrg/all/function/internal_message.html?_=1663472853226&CODE_STATE=getMsg HTTP/1.1" 200 27
116.237.79.130 - - [18/Sep/2022:11:45:50 +0800] "POST /xingrg/kc/buy/cgsh_order_operate.html HTTP/1.1" 200 37
116.230.105.139 - - [18/Sep/2022:11:45:50 +0800] "GET /favicon.ico HTTP/1.1" 404 -
116.230.105.139 - - [18/Sep/2022:11:45:50 +0800] "GET /favicon.ico HTTP/1.1" 404 -
116.238.169.132 - - [18/Sep/2022:11:45:51 +0800] "GET /xingrg/all/function/internal_message.html?_=1663472748116&CODE_STATE=getMsg HTTP/1.1" 200 27
116.224.255.128 - - [18/Sep/2022:11:45:51 +0800] "GET /xingrg/kc/buy/cgsh_order_add.html HTTP/1.1" 200 68734
116.224.255.128 - - [18/Sep/2022:11:45:51 +0800] "GET /xingrg/all/function/internal_message.html?_=1663472748197&CODE_STATE=getMsg HTTP/1.1" 200 27
116.230.105.139 - - [18/Sep/2022:11:45:51 +0800] "GET /favicon.ico HTTP/1.1" 404 -
114.84.81.136 - - [18/Sep/2022:11:45:51 +0800] "GET /xingrg/kc/buy/cgsh_order_operate.html?command=get_materiel&rest_code=00148&code=00101008003&supplier_code=00100008&order_time=2022-09-18 HTTP/1.1" 200 408
101.85.93.113 - - [18/Sep/2022:11:45:51 +0800] "GET /xingrg/kc/buy/cgsh_order_operate.html?command=get_materiel&rest_code=00142&code=00101008312&supplier_code=00100161&order_time=2022-09-18 HTTP/1.1" 200 412
116.224.255.128 - - [18/Sep/2022:11:45:51 +0800] "POST /xingrg/kc/buy/cgsh_order_operate.html HTTP/1.1" 200 8245
116.224.255.128 - - [18/Sep/2022:11:45:51 +0800] "GET /xingrg/javascript/easyui/themes/default/validatebox.css HTTP/1.1" 404 1104
116.230.105.139 - - [18/Sep/2022:11:45:52 +0800] "GET /favicon.ico HTTP/1.1" 404 -
180.169.147.146 - - [18/Sep/2022:11:45:52 +0800] "GET /xingrg/all/function/internal_message.html?_=1663472748473&CODE_STATE=getMsg HTTP/1.1" 200 27
116.230.105.139 - - [18/Sep/2022:11:45:52 +0800] "GET /favicon.ico HTTP/1.1" 404 -
116.230.105.139 - - [18/Sep/2022:11:45:53 +0800] "GET /favicon.ico HTTP/1.1" 404 -
116.230.105.139 - - [18/Sep/2022:11:45:54 +0800] "GET /favicon.ico HTTP/1.1" 404 -
101.85.93.113 - - [18/Sep/2022:11:45:54 +0800] "GET /xingrg/all/function/internal_message.html?_=1663472750566&CODE_STATE=getMsg HTTP/1.1" 200 27
116.230.105.139 - - [18/Sep/2022:11:45:54 +0800] "GET /favicon.ico HTTP/1.1" 404 -
116.230.105.139 - - [18/Sep/2022:11:45:55 +0800] "GET /favicon.ico HTTP/1.1" 404 -
116.230.105.139 - - [18/Sep/2022:11:45:55 +0800] "GET /favicon.ico HTTP/1.1" 404 -
116.230.105.139 - - [18/Sep/2022:11:45:56 +0800] "GET /favicon.ico HTTP/1.1" 404 -
116.237.79.130 - - [18/Sep/2022:11:45:56 +0800] "POST /xingrg/kc/buy/cgsh_order_operate.html HTTP/1.1" 200 12
116.230.105.139 - - [18/Sep/2022:11:45:57 +0800] "GET /favicon.ico HTTP/1.1" 404 -
116.230.105.139 - - [18/Sep/2022:11:45:57 +0800] "GET /favicon.ico HTTP/1.1" 404 -
116.237.79.130 - - [18/Sep/2022:11:45:57 +0800] "GET /xingrg/kc/buy/cgsh_order_info.html?code=212022091806582 HTTP/1.1" 200 63631
116.237.79.130 - - [18/Sep/2022:11:45:58 +0800] "GET /xingrg/javascript/easyui/themes/default/validatebox.css HTTP/1.1" 404 1104
116.237.79.130 - - [18/Sep/2022:11:45:58 +0800] "POST /xingrg/kc/buy/cgsh_order_operate.html HTTP/1.1" 200 611
116.224.255.128 - - [18/Sep/2022:11:45:59 +0800] "GET /xingrg/kc/buy/cgsh_order_operate.html?command=get_materiel&rest_code=00150&code=00101007085&supplier_code=00100328&order_time=2022-09-18 HTTP/1.1" 200 433
114.84.81.136 - - [18/Sep/2022:11:45:59 +0800] "GET /xingrg/kc/buy/cgsh_order_operate.html?command=get_materiel&rest_code=00148&code=00101008126&supplier_code=00100008&order_time=2022-09-18 HTTP/1.1" 200 412
180.169.147.146 - - [18/Sep/2022:11:46:00 +0800] "GET /xingrg/all/function/internal_message.html?_=1663472756720&CODE_STATE=getMsg HTTP/1.1" 200 27
101.85.93.113 - - [18/Sep/2022:11:46:00 +0800] "GET /xingrg/kc/buy/cgsh_order_operate.html?command=get_materiel&rest_code=00142&code=00101008072&supplier_code=00100161&order_time=2022-09-18 HTTP/1.1" 200 408
114.88.158.224 - - [18/Sep/2022:11:46:06 +0800] "POST /xingrg/kc/buy/cgsh_order_operate.html HTTP/1.1" 200 37
116.237.79.130 - - [18/Sep/2022:11:46:06 +0800] "GET /xingrg/kc/print/load_data.html?order_code=212022091806582&kc_code=cgsh&condition= HTTP/1.1" 200 778
114.84.81.136 - - [18/Sep/2022:11:46:08 +0800] "GET /xingrg/kc/buy/cgsh_order_operate.html?command=get_materiel&rest_code=00148&code=00101008361&supplier_code=00100008&order_time=2022-09-18 HTTP/1.1" 200 408
101.85.93.113 - - [18/Sep/2022:11:46:08 +0800] "GET /xingrg/kc/buy/cgsh_order_operate.html?command=get_materiel&rest_code=00142&code=00101008264&supplier_code=00100161&order_time=2022-09-18 HTTP/1.1" 200 412
116.237.79.130 - - [18/Sep/2022:11:46:10 +0800] "GET /xingrg/kc/buy/cgsh_order_add.html HTTP/1.1" 200 68722
116.237.79.130 - - [18/Sep/2022:11:46:10 +0800] "POST /xingrg/kc/buy/cgsh_order_operate.html HTTP/1.1" 200 8245
116.237.79.130 - - [18/Sep/2022:11:46:10 +0800] "GET /xingrg/javascript/easyui/themes/default/validatebox.css HTTP/1.1" 404 1104
116.237.79.130 - - [18/Sep/2022:11:46:11 +0800] "GET /xingrg/javascript/easyui/themes/default/tree.css HTTP/1.1" 404 1090
116.224.255.128 - - [18/Sep/2022:11:46:11 +0800] "POST /xingrg/kc/buy/cgsh_order_operate.html HTTP/1.1" 200 37
116.237.79.130 - - [18/Sep/2022:11:46:11 +0800] "POST /xingrg/all/common/load_tree.html?tree=supplier_tree_json&isDelete=1 HTTP/1.1" 200 68551
124.79.74.72 - - [18/Sep/2022:11:46:12 +0800] "GET /xingrg/all/function/internal_message.html?_=1663472769287&CODE_STATE=getMsg HTTP/1.1" 200 27
116.225.121.189 - - [18/Sep/2022:11:46:13 +0800] "GET /xingrg/all/function/internal_message.html?_=1663472629782&CODE_STATE=getMsg HTTP/1.1" 200 27
180.169.147.146 - - [18/Sep/2022:11:46:13 +0800] "GET /xingrg/all/function/internal_message.html?_=1663472771264&CODE_STATE=getMsg HTTP/1.1" 200 27
114.88.158.224 - - [18/Sep/2022:11:46:14 +0800] "POST /xingrg/kc/buy/cgsh_order_operate.html HTTP/1.1" 200 12
116.224.255.128 - - [18/Sep/2022:11:46:15 +0800] "POST /xingrg/kc/buy/cgsh_order_operate.html HTTP/1.1" 200 12
116.224.255.128 - - [18/Sep/2022:11:46:17 +0800] "GET /xingrg/kc/buy/cgsh_order_info.html?code=212022091806584 HTTP/1.1" 200 63645
114.84.81.136 - - [18/Sep/2022:11:46:17 +0800] "GET /xingrg/kc/buy/cgsh_order_operate.html?command=get_materiel&rest_code=00148&code=00101008355&supplier_code=00100008&order_time=2022-09-18 HTTP/1.1" 200 408
116.224.255.128 - - [18/Sep/2022:11:46:17 +0800] "GET /xingrg/javascript/easyui/themes/default/validatebox.css HTTP/1.1" 404 1104
114.83.219.57 - - [18/Sep/2022:11:46:18 +0800] "GET /xingrg/all/function/internal_message.html?_=1663472858606&CODE_STATE=getMsg HTTP/1.1" 200 27
116.224.255.128 - - [18/Sep/2022:11:46:18 +0800] "POST /xingrg/kc/buy/cgsh_order_operate.html HTTP/1.1" 200 608
101.85.93.113 - - [18/Sep/2022:11:46:18 +0800] "GET /xingrg/kc/buy/cgsh_order_operate.html?command=get_materiel&rest_code=00142&code=00101008283&supplier_code=00100161&order_time=2022-09-18 HTTP/1.1" 200 428
116.230.114.213 - - [18/Sep/2022:11:46:19 +0800] "GET /xingrg/all/function/internal_message.html?_=1663472777054&CODE_STATE=getMsg HTTP/1.1" 200 27
116.224.255.128 - - [18/Sep/2022:11:46:19 +0800] "GET /xingrg/kc/print/load_data.html?order_code=212022091806584&kc_code=cgsh&condition= HTTP/1.1" 200 733
101.85.93.113 - - [18/Sep/2022:11:46:21 +0800] "POST /xingrg/kc/buy/cgsh_order_operate.html HTTP/1.1" 200 2065
116.224.255.128 - - [18/Sep/2022:11:46:21 +0800] "GET /xingrg/all/function/internal_message.html?_=1663472711714&CODE_STATE=getMsg HTTP/1.1" 200 27
116.237.79.130 - - [18/Sep/2022:11:46:23 +0800] "GET /xingrg/kc/buy/cgsh_order_operate.html?command=get_materiel&rest_code=00106&code=00101002006&supplier_code=00100091&order_time=2022-09-18 HTTP/1.1" 200 414
114.84.81.136 - - [18/Sep/2022:11:46:24 +0800] "POST /xingrg/kc/buy/cgsh_order_operate.html HTTP/1.1" 200 2065
116.224.255.128 - - [18/Sep/2022:11:46:24 +0800] "GET /xingrg/kc/buy/cgsh_order_add.html HTTP/1.1" 200 68734
116.224.255.128 - - [18/Sep/2022:11:46:24 +0800] "POST /xingrg/kc/buy/cgsh_order_operate.html HTTP/1.1" 200 8245
116.224.255.128 - - [18/Sep/2022:11:46:24 +0800] "GET /xingrg/javascript/easyui/themes/default/validatebox.css HTTP/1.1" 404 1104
101.85.93.113 - - [18/Sep/2022:11:46:25 +0800] "GET /xingrg/kc/buy/cgsh_order_operate.html?command=get_materiel&rest_code=00142&code=00101008298&supplier_code=00100161&order_time=2022-09-18 HTTP/1.1" 200 412
114.84.81.136 - - [18/Sep/2022:11:46:25 +0800] "GET /xingrg/all/function/internal_message.html?_=1663472779676&CODE_STATE=getMsg HTTP/1.1" 200 27
116.237.79.130 - - [18/Sep/2022:11:46:28 +0800] "GET /xingrg/all/function/internal_message.html?_=1663472784920&CODE_STATE=getMsg HTTP/1.1" 200 27
114.83.217.204 - - [18/Sep/2022:11:46:30 +0800] "GET /xingrg/all/function/internal_message.html?_=1663472786385&CODE_STATE=getMsg HTTP/1.1" 200 27
114.83.217.204 - - [18/Sep/2022:11:46:30 +0800] "GET /xingrg/check_reg.html?_=1663472787166 HTTP/1.1" 200 22
114.88.158.224 - - [18/Sep/2022:11:46:32 +0800] "GET /xingrg/kc/buy/cgsh_order_info.html?code=212022091806583 HTTP/1.1" 200 63625
114.88.158.224 - - [18/Sep/2022:11:46:33 +0800] "GET /xingrg/javascript/easyui/themes/default/validatebox.css HTTP/1.1" 404 1104
116.225.121.189 - - [18/Sep/2022:11:46:34 +0800] "GET /xingrg/all/function/internal_message.html?_=1663472791236&CODE_STATE=getMsg HTTP/1.1" 200 27
114.88.158.224 - - [18/Sep/2022:11:46:34 +0800] "POST /xingrg/kc/buy/cgsh_order_operate.html HTTP/1.1" 200 606
116.237.79.130 - - [18/Sep/2022:11:46:34 +0800] "POST /xingrg/kc/buy/cgsh_order_operate.html HTTP/1.1" 200 37
116.224.255.128 - - [18/Sep/2022:11:46:35 +0800] "GET /xingrg/kc/buy/cgsh_order_operate.html?command=get_materiel&rest_code=00150&code=00101010079&supplier_code=00100336&order_time=2022-09-18 HTTP/1.1" 200 413
116.230.114.213 - - [18/Sep/2022:11:46:35 +0800] "POST /xingrg/kc/buy/cgsh_order_operate.html HTTP/1.1" 200 37
114.84.81.136 - - [18/Sep/2022:11:46:36 +0800] "GET /xingrg/kc/buy/cgsh_order_operate.html?command=get_materiel&rest_code=00148&code=00101008004&supplier_code=00100008&order_time=2022-09-18 HTTP/1.1" 200 416
114.88.158.224 - - [18/Sep/2022:11:46:37 +0800] "GET /xingrg/kc/print/load_data.html?order_code=212022091806583&kc_code=cgsh&condition= HTTP/1.1" 200 707
180.169.147.146 - - [18/Sep/2022:11:46:38 +0800] "GET /xingrg/check_reg.html?_=1663472787468 HTTP/1.1" 200 22
180.169.147.146 - - [18/Sep/2022:11:46:38 +0800] "GET /xingrg/all/function/internal_message.html?_=1663472787469&CODE_STATE=getMsg HTTP/1.1" 200 27
116.230.114.213 - - [18/Sep/2022:11:46:39 +0800] "POST /xingrg/kc/buy/cgsh_order_operate.html HTTP/1.1" 200 6825
116.238.169.132 - - [18/Sep/2022:11:46:39 +0800] "GET /xingrg/all/function/internal_message.html?_=1663472796235&CODE_STATE=getMsg HTTP/1.1" 200 27
116.230.114.213 - - [18/Sep/2022:11:46:39 +0800] "GET /xingrg/kc/buy/cgsh_order_add.html HTTP/1.1" 200 68684
116.230.114.213 - - [18/Sep/2022:11:46:40 +0800] "GET /xingrg/words/20220918114309_words.js HTTP/1.1" 200 921567
116.230.114.213 - - [18/Sep/2022:11:46:41 +0800] "POST /xingrg/kc/buy/cgsh_order_operate.html HTTP/1.1" 200 8245
116.230.114.213 - - [18/Sep/2022:11:46:41 +0800] "GET /xingrg/javascript/easyui/themes/default/validatebox.css HTTP/1.1" 404 1104
116.237.79.130 - - [18/Sep/2022:11:46:42 +0800] "POST /xingrg/kc/buy/cgsh_order_operate.html HTTP/1.1" 200 12
116.238.169.132 - - [18/Sep/2022:11:46:43 +0800] "GET /xingrg/all/function/internal_message.html?_=1663472801144&CODE_STATE=getMsg HTTP/1.1" 200 27
116.237.79.130 - - [18/Sep/2022:11:46:44 +0800] "GET /xingrg/kc/buy/cgsh_order_info.html?code=212022091806585 HTTP/1.1" 200 63631
116.237.79.130 - - [18/Sep/2022:11:46:44 +0800] "GET /xingrg/javascript/easyui/themes/default/validatebox.css HTTP/1.1" 404 1104
222.70.182.161 - - [18/Sep/2022:11:46:45 +0800] "GET /xingrg/check_reg.html?_=1663472797322 HTTP/1.1" 200 22
222.70.182.161 - - [18/Sep/2022:11:46:45 +0800] "GET /xingrg/all/function/internal_message.html?_=1663472797325&CODE_STATE=getMsg HTTP/1.1" 200 27
114.88.158.224 - - [18/Sep/2022:11:46:45 +0800] "GET /xingrg/kc/buy/cgsh_order_add.html HTTP/1.1" 200 68722
114.88.158.224 - - [18/Sep/2022:11:46:46 +0800] "POST /xingrg/kc/buy/cgsh_order_operate.html HTTP/1.1" 200 8245
114.88.158.224 - - [18/Sep/2022:11:46:46 +0800] "GET /xingrg/javascript/easyui/themes/default/validatebox.css HTTP/1.1" 404 1104
120.253.135.82 - - [18/Sep/2022:11:46:46 +0800] "GET /xingrg/all/function/internal_message.html?_=1663472913239&CODE_STATE=getMsg HTTP/1.1" 200 27
116.237.79.130 - - [18/Sep/2022:11:46:48 +0800] "POST /xingrg/kc/buy/cgsh_order_operate.html HTTP/1.1" 200 15
116.238.169.132 - - [18/Sep/2022:11:46:51 +0800] "GET /xingrg/all/function/internal_message.html?_=1663472808109&CODE_STATE=getMsg HTTP/1.1" 200 27
116.224.255.128 - - [18/Sep/2022:11:46:51 +0800] "GET /xingrg/check_reg.html?_=1663472808203 HTTP/1.1" 200 22
116.224.255.128 - - [18/Sep/2022:11:46:51 +0800] "GET /xingrg/all/function/internal_message.html?_=1663472808207&CODE_STATE=getMsg HTTP/1.1" 200 27
180.169.147.146 - - [18/Sep/2022:11:46:52 +0800] "GET /xingrg/all/function/internal_message.html?_=1663472808462&CODE_STATE=getMsg HTTP/1.1" 200 27
116.237.79.130 - - [18/Sep/2022:11:46:52 +0800] "GET /xingrg/all/function/internal_message.html?_=1663472804093&CODE_STATE=getMsg HTTP/1.1" 200 27
101.85.93.113 - - [18/Sep/2022:11:46:53 +0800] "GET /xingrg/kc/buy/cgsh_order_operate.html?command=get_materiel&rest_code=00142&code=00101008354&supplier_code=00100161&order_time=2022-09-18 HTTP/1.1" 200 412
101.85.93.113 - - [18/Sep/2022:11:46:54 +0800] "GET /xingrg/all/function/internal_message.html?_=1663472810628&CODE_STATE=getMsg HTTP/1.1" 200 27
116.224.255.128 - - [18/Sep/2022:11:46:55 +0800] "POST /xingrg/kc/buy/cgsh_order_operate.html HTTP/1.1" 200 37
116.237.79.130 - - [18/Sep/2022:11:46:55 +0800] "GET /xingrg/kc/print/load_data.html?order_code=212022091806585&kc_code=cgsh&condition= HTTP/1.1" 200 784
116.238.169.132 - - [18/Sep/2022:11:46:55 +0800] "POST /xingrg/kc/buy/cgsh_order_operate.html HTTP/1.1" 200 88
114.88.158.224 - - [18/Sep/2022:11:46:57 +0800] "GET /xingrg/kc/buy/cgsh_order_operate.html?command=get_materiel&rest_code=00141&code=00101006249&supplier_code=00100443&order_time=2022-09-18 HTTP/1.1" 200 417
114.84.81.136 - - [18/Sep/2022:11:46:57 +0800] "GET /xingrg/kc/buy/cgsh_order_operate.html?command=get_materiel&rest_code=00148&code=00101008264&supplier_code=00100008&order_time=2022-09-18 HTTP/1.1" 200 412
180.169.147.146 - - [18/Sep/2022:11:47:00 +0800] "GET /xingrg/all/function/internal_message.html?_=1663472816694&CODE_STATE=getMsg HTTP/1.1" 200 27
116.237.79.130 - - [18/Sep/2022:11:47:04 +0800] "GET /xingrg/kc/buy/cgsh_order_add.html HTTP/1.1" 200 68722
116.237.79.130 - - [18/Sep/2022:11:47:04 +0800] "GET /xingrg/javascript/easyui/themes/default/validatebox.css HTTP/1.1" 404 1104
116.237.79.130 - - [18/Sep/2022:11:47:04 +0800] "POST /xingrg/kc/buy/cgsh_order_operate.html HTTP/1.1" 200 8245
101.85.93.113 - - [18/Sep/2022:11:47:06 +0800] "POST /xingrg/kc/buy/cgsh_order_operate.html HTTP/1.1" 200 37
116.224.255.128 - - [18/Sep/2022:11:47:07 +0800] "POST /xingrg/kc/buy/cgsh_order_operate.html HTTP/1.1" 200 12
101.85.93.113 - - [18/Sep/2022:11:47:08 +0800] "POST /xingrg/kc/buy/cgsh_order_operate.html HTTP/1.1" 200 16773
116.224.255.128 - - [18/Sep/2022:11:47:08 +0800] "GET /xingrg/kc/buy/cgsh_order_info.html?code=212022091806586 HTTP/1.1" 200 63641
116.224.255.128 - - [18/Sep/2022:11:47:08 +0800] "GET /xingrg/javascript/easyui/themes/default/validatebox.css HTTP/1.1" 404 1104
116.237.79.130 - - [18/Sep/2022:11:47:09 +0800] "GET /xingrg/javascript/easyui/themes/default/tree.css HTTP/1.1" 404 1090
116.237.79.130 - - [18/Sep/2022:11:47:09 +0800] "POST /xingrg/all/common/load_tree.html?tree=supplier_tree_json&isDelete=1 HTTP/1.1" 200 68551
114.88.158.224 - - [18/Sep/2022:11:47:11 +0800] "POST /xingrg/kc/buy/cgsh_order_operate.html HTTP/1.1" 200 37
114.84.81.136 - - [18/Sep/2022:11:47:11 +0800] "GET /xingrg/kc/buy/cgsh_order_operate.html?command=get_materiel&rest_code=00148&code=00101008372&supplier_code=00100008&order_time=2022-09-18 HTTP/1.1" 200 408
116.224.255.128 - - [18/Sep/2022:11:47:11 +0800] "POST /xingrg/kc/buy/cgsh_order_operate.html HTTP/1.1" 200 607
116.224.255.128 - - [18/Sep/2022:11:47:12 +0800] "GET /xingrg/kc/print/load_data.html?order_code=212022091806586&kc_code=cgsh&condition= HTTP/1.1" 200 732
124.79.74.72 - - [18/Sep/2022:11:47:12 +0800] "GET /xingrg/all/function/internal_message.html?_=1663472829258&CODE_STATE=getMsg HTTP/1.1" 200 27
116.225.121.189 - - [18/Sep/2022:11:47:13 +0800] "GET /xingrg/all/function/internal_message.html?_=1663472689760&CODE_STATE=getMsg HTTP/1.1" 200 27
180.169.147.146 - - [18/Sep/2022:11:47:13 +0800] "GET /xingrg/all/function/internal_message.html?_=1663472831262&CODE_STATE=getMsg HTTP/1.1" 200 27
114.88.158.224 - - [18/Sep/2022:11:47:15 +0800] "POST /xingrg/kc/buy/cgsh_order_operate.html HTTP/1.1" 200 12
101.85.93.113 - - [18/Sep/2022:11:47:15 +0800] "GET /xingrg/login.html HTTP/1.1" 200 7641
101.85.93.113 - - [18/Sep/2022:11:47:15 +0800] "GET /favicon.ico HTTP/1.1" 404 -
114.88.158.224 - - [18/Sep/2022:11:47:17 +0800] "GET /xingrg/kc/buy/cgsh_order_info.html?code=212022091806589 HTTP/1.1" 200 63627
114.88.158.224 - - [18/Sep/2022:11:47:17 +0800] "GET /xingrg/javascript/easyui/themes/default/validatebox.css HTTP/1.1" 404 1104
114.83.219.57 - - [18/Sep/2022:11:47:18 +0800] "GET /xingrg/all/function/internal_message.html?_=1663472918619&CODE_STATE=getMsg HTTP/1.1" 200 27
114.88.158.224 - - [18/Sep/2022:11:47:18 +0800] "POST /xingrg/kc/buy/cgsh_order_operate.html HTTP/1.1" 200 613
114.88.158.224 - - [18/Sep/2022:11:47:19 +0800] "GET /xingrg/kc/print/load_data.html?order_code=212022091806589&kc_code=cgsh&condition= HTTP/1.1" 200 733
116.230.114.213 - - [18/Sep/2022:11:47:19 +0800] "GET /xingrg/all/function/internal_message.html?_=1663472837069&CODE_STATE=getMsg HTTP/1.1" 200 27
116.224.255.128 - - [18/Sep/2022:11:47:21 +0800] "GET /xingrg/all/function/internal_message.html?_=1663472771727&CODE_STATE=getMsg HTTP/1.1" 200 27
116.237.79.130 - - [18/Sep/2022:11:47:22 +0800] "GET /xingrg/kc/buy/cgsh_order_operate.html?command=get_materiel&rest_code=00106&code=00101003033&supplier_code=00100092&order_time=2022-09-18 HTTP/1.1" 200 426
101.85.93.113 - - [18/Sep/2022:11:47:24 +0800] "POST /xingrg/login.do HTTP/1.1" 302 -
101.85.93.113 - - [18/Sep/2022:11:47:24 +0800] "GET /xingrg/index.html?sysBaseUrl=http%3A%2F%2F180.169.147.146%3A18081%2Fxingrg%2F&costTime=41×tamp=1663472844058 HTTP/1.1" 200 17179
101.85.93.113 - - [18/Sep/2022:11:47:24 +0800] "GET /favicon.ico HTTP/1.1" 404 -
101.85.93.113 - - [18/Sep/2022:11:47:24 +0800] "POST /xingrg/all/common/load_tree.html?tree=area_rest_tree_json&manage=1 HTTP/1.1" 200 351
101.85.93.113 - - [18/Sep/2022:11:47:24 +0800] "GET /xingrg/all/function/internal_message.html?_=1663472840353&CODE_STATE=count HTTP/1.1" 200 11
101.85.93.113 - - [18/Sep/2022:11:47:24 +0800] "POST /xingrg/load_menu.html HTTP/1.1" 200 5138
101.85.93.113 - - [18/Sep/2022:11:47:24 +0800] "GET /xingrg/check_reg.html?_=1663472840354 HTTP/1.1" 200 22
114.84.81.136 - - [18/Sep/2022:11:47:25 +0800] "POST /xingrg/kc/buy/cgsh_order_operate.html HTTP/1.1" 200 37
101.85.93.113 - - [18/Sep/2022:11:47:28 +0800] "GET /xingrg/kc/buy/cgsh_order_list.html HTTP/1.1" 200 52946
116.237.79.130 - - [18/Sep/2022:11:47:28 +0800] "GET /xingrg/all/function/internal_message.html?_=1663472844892&CODE_STATE=getMsg HTTP/1.1" 200 27
114.83.217.204 - - [18/Sep/2022:11:47:30 +0800] "GET /xingrg/all/function/internal_message.html?_=1663472846368&CODE_STATE=getMsg HTTP/1.1" 200 27
101.85.93.113 - - [18/Sep/2022:11:47:30 +0800] "POST /xingrg/kc/buy/cgsh_list_operate.html HTTP/1.1" 200 2582
114.88.158.224 - - [18/Sep/2022:11:47:33 +0800] "GET /xingrg/check_reg.html?_=1663472498442 HTTP/1.1" 200 22
116.225.121.189 - - [18/Sep/2022:11:47:34 +0800] "GET /xingrg/all/function/internal_message.html?_=1663472851211&CODE_STATE=getMsg HTTP/1.1" 200 27
116.238.169.132 - - [18/Sep/2022:11:47:36 +0800] "POST /xingrg/kc/buy/cgsh_order_operate.html HTTP/1.1" 200 37
101.85.93.113 - - [18/Sep/2022:11:47:36 +0800] "POST /xingrg/kc/buy/cgsh_list_operate.html HTTP/1.1" 200 564
116.237.79.130 - - [18/Sep/2022:11:47:36 +0800] "POST /xingrg/kc/buy/cgsh_order_operate.html HTTP/1.1" 200 88
101.85.93.113 - - [18/Sep/2022:11:47:37 +0800] "GET /xingrg/kc/buy/cgsh_order_info.html?code=212022091806588 HTTP/1.1" 200 67846
101.85.93.113 - - [18/Sep/2022:11:47:37 +0800] "GET /xingrg/words/20220918114309_words.js HTTP/1.1" 200 921567
116.238.169.132 - - [18/Sep/2022:11:47:37 +0800] "POST /xingrg/kc/buy/cgsh_order_operate.html HTTP/1.1" 200 5617
101.85.93.113 - - [18/Sep/2022:11:47:38 +0800] "GET /xingrg/javascript/easyui/themes/default/validatebox.css HTTP/1.1" 404 1104
101.85.93.113 - - [18/Sep/2022:11:47:38 +0800] "GET /xingrg/all/common/auto_word.html?type=employee&rest_code=00142 HTTP/1.1" 200 105
101.85.93.113 - - [18/Sep/2022:11:47:38 +0800] "GET /xingrg/all/common/auto_word.html?type=employee&rest_code=00142 HTTP/1.1" 200 105
180.169.147.146 - - [18/Sep/2022:11:47:38 +0800] "GET /xingrg/all/function/internal_message.html?_=1663472847468&CODE_STATE=getMsg HTTP/1.1" 200 27
101.85.93.113 - - [18/Sep/2022:11:47:38 +0800] "POST /xingrg/kc/buy/cgsh_order_operate.html HTTP/1.1" 200 16773
116.224.255.128 - - [18/Sep/2022:11:47:40 +0800] "GET /xingrg/kc/buy/cgsh_order_add.html HTTP/1.1" 200 68734
116.224.255.128 - - [18/Sep/2022:11:47:41 +0800] "POST /xingrg/kc/buy/cgsh_order_operate.html HTTP/1.1" 200 8245
116.224.255.128 - - [18/Sep/2022:11:47:41 +0800] "GET /xingrg/javascript/easyui/themes/default/validatebox.css HTTP/1.1" 404 1104
116.237.79.130 - - [18/Sep/2022:11:47:42 +0800] "POST /xingrg/kc/buy/cgsh_order_operate.html HTTP/1.1" 200 37
101.85.93.113 - - [18/Sep/2022:11:47:43 +0800] "GET /xingrg/javascript/auto/indicator.gif HTTP/1.1" 404 1066
116.238.169.132 - - [18/Sep/2022:11:47:43 +0800] "GET /xingrg/all/function/internal_message.html?_=1663472861146&CODE_STATE=getMsg HTTP/1.1" 200 27
116.238.169.132 - - [18/Sep/2022:11:47:43 +0800] "GET /xingrg/check_reg.html?_=1663472861150 HTTP/1.1" 200 22
116.237.79.130 - - [18/Sep/2022:11:47:43 +0800] "POST /xingrg/kc/buy/cgsh_order_operate.html HTTP/1.1" 200 2674
222.70.182.161 - - [18/Sep/2022:11:47:45 +0800] "GET /xingrg/all/function/internal_message.html?_=1663472857325&CODE_STATE=getMsg HTTP/1.1" 200 27
120.253.135.82 - - [18/Sep/2022:11:47:46 +0800] "GET /xingrg/all/function/internal_message.html?_=1663472973252&CODE_STATE=getMsg HTTP/1.1" 200 27
116.238.169.132 - - [18/Sep/2022:11:47:47 +0800] "GET /xingrg/login.html HTTP/1.1" 200 7641
116.238.169.132 - - [18/Sep/2022:11:47:47 +0800] "GET /favicon.ico HTTP/1.1" 404 -
101.85.93.113 - - [18/Sep/2022:11:47:48 +0800] "GET /xingrg/kc/buy/cgsh_order_operate.html?command=get_materiel&rest_code=00142&code=00101008354&supplier_code=00100161&order_time=2022-09-18 HTTP/1.1" 200 412
116.237.79.130 - - [18/Sep/2022:11:47:48 +0800] "POST /xingrg/kc/buy/cgsh_order_operate.html HTTP/1.1" 200 37
116.238.169.132 - - [18/Sep/2022:11:47:50 +0800] "POST /xingrg/login.do HTTP/1.1" 302 -
