116.238.169.132 - - [18/Sep/2022:11:30:51 +0800] "GET /xingrg/all/function/internal_message.html?_=1663471848219&CODE_STATE=getMsg HTTP/1.1" 200 27
116.224.255.128 - - [18/Sep/2022:11:30:51 +0800] "GET /xingrg/all/function/internal_message.html?_=1663471848357&CODE_STATE=getMsg HTTP/1.1" 200 27
116.237.79.130 - - [18/Sep/2022:11:30:52 +0800] "GET /xingrg/all/function/internal_message.html?_=1663471844025&CODE_STATE=getMsg HTTP/1.1" 200 27
180.169.147.146 - - [18/Sep/2022:11:30:52 +0800] "GET /xingrg/all/function/internal_message.html?_=1663471848439&CODE_STATE=getMsg HTTP/1.1" 200 27
101.85.93.113 - - [18/Sep/2022:11:30:54 +0800] "GET /xingrg/all/function/internal_message.html?_=1663471850524&CODE_STATE=getMsg HTTP/1.1" 200 27
116.225.121.189 - - [18/Sep/2022:11:30:56 +0800] "POST /xingrg/kc/buy/cgsh_order_operate.html HTTP/1.1" 200 37
101.85.93.113 - - [18/Sep/2022:11:30:56 +0800] "GET /xingrg/kc/base/wldb_order_operate.html?command=get_materiel&rest_code=00142&base_code=0010185&code=00101010291 HTTP/1.1" 200 450
116.225.121.189 - - [18/Sep/2022:11:30:57 +0800] "POST /xingrg/kc/buy/cgsh_order_operate.html HTTP/1.1" 200 3267
116.224.255.128 - - [18/Sep/2022:11:30:58 +0800] "GET /xingrg/kc/mdqp/pssh_order_list.html HTTP/1.1" 200 17857
116.224.255.128 - - [18/Sep/2022:11:30:59 +0800] "POST /xingrg/kc/mdqp/pssh_list_operate.html HTTP/1.1" 200 5440
116.225.121.189 - - [18/Sep/2022:11:30:59 +0800] "GET /xingrg/kc/print/load_data.html?order_code=212022091806541&kc_code=cgsh&condition= HTTP/1.1" 200 922
180.169.147.146 - - [18/Sep/2022:11:31:00 +0800] "GET /xingrg/all/function/internal_message.html?_=1663471856673&CODE_STATE=getMsg HTTP/1.1" 200 27
116.225.121.189 - - [18/Sep/2022:11:31:02 +0800] "GET /xingrg/kc/buy/cgsh_order_add.html HTTP/1.1" 200 68804
116.225.121.189 - - [18/Sep/2022:11:31:02 +0800] "GET /xingrg/javascript/easyui/themes/default/validatebox.css HTTP/1.1" 404 1104
116.225.121.189 - - [18/Sep/2022:11:31:02 +0800] "POST /xingrg/kc/buy/cgsh_order_operate.html HTTP/1.1" 200 8245
114.88.158.224 - - [18/Sep/2022:11:31:05 +0800] "POST /xingrg/kc/buy/cgsh_order_operate.html HTTP/1.1" 200 37
116.224.255.128 - - [18/Sep/2022:11:31:05 +0800] "POST /xingrg/kc/mdqp/pssh_list_operate.html HTTP/1.1" 200 258
116.224.255.128 - - [18/Sep/2022:11:31:07 +0800] "GET /xingrg/kc/mdqp/pssh_order_info.html?code=312022091700422 HTTP/1.1" 200 17272
116.224.255.128 - - [18/Sep/2022:11:31:07 +0800] "GET /xingrg/javascript/jquery_tools/jquery-1.4.2.min.js HTTP/1.1" 404 1094
101.85.93.113 - - [18/Sep/2022:11:31:07 +0800] "GET /xingrg/kc/base/wldb_order_operate.html?command=get_materiel&rest_code=00142&base_code=0010185&code=00101010645 HTTP/1.1" 200 452
116.224.255.128 - - [18/Sep/2022:11:31:07 +0800] "GET /xingrg/words/20220918112529_words.js HTTP/1.1" 304 -
116.224.255.128 - - [18/Sep/2022:11:31:07 +0800] "POST /xingrg/kc/mdqp/pssh_order_operate.html HTTP/1.1" 200 533
116.224.255.128 - - [18/Sep/2022:11:31:07 +0800] "GET /xingrg/all/common/auto_word.html?type=base&rest_code=00150&rest_code=00150 HTTP/1.1" 200 1799
116.224.255.128 - - [18/Sep/2022:11:31:07 +0800] "GET /xingrg/javascript/easyui/themes/default/validatebox.css HTTP/1.1" 404 1104
114.88.158.224 - - [18/Sep/2022:11:31:08 +0800] "POST /xingrg/kc/buy/cgsh_order_operate.html HTTP/1.1" 200 12
114.88.158.224 - - [18/Sep/2022:11:31:09 +0800] "GET /xingrg/kc/buy/cgsh_order_info.html?code=212022091806542 HTTP/1.1" 200 63629
114.88.158.224 - - [18/Sep/2022:11:31:09 +0800] "GET /xingrg/javascript/easyui/themes/default/validatebox.css HTTP/1.1" 404 1104
101.85.93.113 - - [18/Sep/2022:11:31:10 +0800] "POST /xingrg/all/common/load_select.html HTTP/1.1" 200 25
114.88.158.224 - - [18/Sep/2022:11:31:10 +0800] "POST /xingrg/kc/buy/cgsh_order_operate.html HTTP/1.1" 200 3585
114.88.158.224 - - [18/Sep/2022:11:31:11 +0800] "GET /xingrg/kc/print/load_data.html?order_code=212022091806542&kc_code=cgsh&condition= HTTP/1.1" 200 1858
116.224.255.128 - - [18/Sep/2022:11:31:11 +0800] "POST /xingrg/all/common/load_combo.html?type=employee HTTP/1.1" 200 280
101.85.93.113 - - [18/Sep/2022:11:31:11 +0800] "GET /xingrg/kc/base/wldb_order_operate.html?command=get_materiel_price&rest_code=00142&base_code=0010185&code=00101010645&unit_code=00100007 HTTP/1.1" 200 37
124.79.74.72 - - [18/Sep/2022:11:31:13 +0800] "GET /xingrg/all/function/internal_message.html?_=1663471869636&CODE_STATE=getMsg HTTP/1.1" 200 27
116.225.121.189 - - [18/Sep/2022:11:31:13 +0800] "GET /xingrg/all/function/internal_message.html?_=1663471729972&CODE_STATE=getMsg HTTP/1.1" 200 27
116.225.121.189 - - [18/Sep/2022:11:31:13 +0800] "GET /xingrg/kc/buy/cgsh_order_operate.html?command=get_materiel&rest_code=00105&code=00101010034&supplier_code=00100329&order_time=2022-09-18 HTTP/1.1" 200 432
180.169.147.146 - - [18/Sep/2022:11:31:13 +0800] "GET /xingrg/all/function/internal_message.html?_=1663471871527&CODE_STATE=getMsg HTTP/1.1" 200 27
116.224.255.128 - - [18/Sep/2022:11:31:14 +0800] "POST /xingrg/kc/mdqp/pssh_order_operate.html HTTP/1.1" 200 37
114.88.158.224 - - [18/Sep/2022:11:31:14 +0800] "GET /xingrg/kc/buy/cgsh_order_add.html HTTP/1.1" 200 68722
116.224.255.128 - - [18/Sep/2022:11:31:14 +0800] "POST /xingrg/kc/mdqp/pssh_order_operate.html HTTP/1.1" 200 12
114.88.158.224 - - [18/Sep/2022:11:31:14 +0800] "POST /xingrg/kc/buy/cgsh_order_operate.html HTTP/1.1" 200 8245
114.88.158.224 - - [18/Sep/2022:11:31:14 +0800] "GET /xingrg/javascript/easyui/themes/default/validatebox.css HTTP/1.1" 404 1104
116.224.255.128 - - [18/Sep/2022:11:31:15 +0800] "GET /xingrg/kc/mdqp/pssh_order_info.html?code=312022091700422 HTTP/1.1" 200 14388
116.224.255.128 - - [18/Sep/2022:11:31:15 +0800] "GET /xingrg/javascript/jquery_tools/jquery-1.4.2.min.js HTTP/1.1" 404 1094
116.224.255.128 - - [18/Sep/2022:11:31:15 +0800] "POST /xingrg/kc/mdqp/pssh_order_operate.html HTTP/1.1" 200 533
116.224.255.128 - - [18/Sep/2022:11:31:16 +0800] "GET /xingrg/javascript/easyui/themes/default/validatebox.css HTTP/1.1" 404 1104
116.224.255.128 - - [18/Sep/2022:11:31:17 +0800] "GET /xingrg/kc/print/load_config.html?kc_code=pssh HTTP/1.1" 200 2291
116.224.255.128 - - [18/Sep/2022:11:31:17 +0800] "GET /xingrg/kc/print/load_data.html?order_code=312022091700422&kc_code=pssh&condition= HTTP/1.1" 200 657
114.83.219.57 - - [18/Sep/2022:11:31:18 +0800] "GET /xingrg/all/function/internal_message.html?_=1663471958601&CODE_STATE=getMsg HTTP/1.1" 200 27
116.230.114.213 - - [18/Sep/2022:11:31:18 +0800] "GET /xingrg/all/function/internal_message.html?_=1663471876554&CODE_STATE=getMsg HTTP/1.1" 200 27
116.224.255.128 - - [18/Sep/2022:11:31:20 +0800] "GET /xingrg/kc/mdqp/pssh_order_list.html?isBack=1 HTTP/1.1" 200 17857
116.224.255.128 - - [18/Sep/2022:11:31:20 +0800] "POST /xingrg/kc/mdqp/pssh_list_operate.html HTTP/1.1" 200 5471
116.224.255.128 - - [18/Sep/2022:11:31:21 +0800] "POST /xingrg/kc/mdqp/pssh_list_operate.html HTTP/1.1" 200 371
116.224.255.128 - - [18/Sep/2022:11:31:22 +0800] "GET /xingrg/kc/mdqp/pssh_order_info.html?code=312022091800449 HTTP/1.1" 200 17299
116.224.255.128 - - [18/Sep/2022:11:31:23 +0800] "GET /xingrg/javascript/jquery_tools/jquery-1.4.2.min.js HTTP/1.1" 404 1094
116.224.255.128 - - [18/Sep/2022:11:31:23 +0800] "POST /xingrg/kc/mdqp/pssh_order_operate.html HTTP/1.1" 200 1081
116.224.255.128 - - [18/Sep/2022:11:31:23 +0800] "GET /xingrg/javascript/easyui/themes/default/validatebox.css HTTP/1.1" 404 1104
114.88.158.224 - - [18/Sep/2022:11:31:23 +0800] "GET /xingrg/kc/buy/cgsh_order_operate.html?command=get_materiel&rest_code=00141&code=00101006001&supplier_code=00100504&order_time=2022-09-18 HTTP/1.1" 200 447
116.224.255.128 - - [18/Sep/2022:11:31:25 +0800] "POST /xingrg/all/common/load_combo.html?type=employee HTTP/1.1" 200 280
116.225.121.189 - - [18/Sep/2022:11:31:26 +0800] "GET /xingrg/kc/buy/cgsh_order_operate.html?command=get_materiel&rest_code=00105&code=00101010106&supplier_code=00100329&order_time=2022-09-18 HTTP/1.1" 200 409
101.85.93.113 - - [18/Sep/2022:11:31:26 +0800] "GET /xingrg/kc/base/wldb_order_operate.html?command=get_materiel&rest_code=00142&base_code=0010185&code=00101010237 HTTP/1.1" 200 433
116.224.255.128 - - [18/Sep/2022:11:31:27 +0800] "POST /xingrg/kc/mdqp/pssh_order_operate.html HTTP/1.1" 200 37
116.224.255.128 - - [18/Sep/2022:11:31:27 +0800] "POST /xingrg/kc/mdqp/pssh_order_operate.html HTTP/1.1" 200 12
116.224.255.128 - - [18/Sep/2022:11:31:28 +0800] "GET /xingrg/kc/mdqp/pssh_order_info.html?code=312022091800449 HTTP/1.1" 200 14388
116.224.255.128 - - [18/Sep/2022:11:31:28 +0800] "GET /xingrg/javascript/jquery_tools/jquery-1.4.2.min.js HTTP/1.1" 404 1094
116.224.255.128 - - [18/Sep/2022:11:31:28 +0800] "POST /xingrg/kc/mdqp/pssh_order_operate.html HTTP/1.1" 200 1081
116.224.255.128 - - [18/Sep/2022:11:31:28 +0800] "GET /xingrg/javascript/easyui/themes/default/validatebox.css HTTP/1.1" 404 1104
116.237.79.130 - - [18/Sep/2022:11:31:29 +0800] "GET /xingrg/all/function/internal_message.html?_=1663471885230&CODE_STATE=getMsg HTTP/1.1" 200 27
116.224.255.128 - - [18/Sep/2022:11:31:29 +0800] "GET /xingrg/kc/print/load_data.html?order_code=312022091800449&kc_code=pssh&condition= HTTP/1.1" 200 868
114.83.217.204 - - [18/Sep/2022:11:31:30 +0800] "GET /xingrg/all/function/internal_message.html?_=1663471886699&CODE_STATE=getMsg HTTP/1.1" 200 27
114.83.217.204 - - [18/Sep/2022:11:31:30 +0800] "GET /xingrg/check_reg.html?_=1663471887109 HTTP/1.1" 200 22
116.225.121.189 - - [18/Sep/2022:11:31:34 +0800] "GET /xingrg/all/function/internal_message.html?_=1663471891417&CODE_STATE=getMsg HTTP/1.1" 200 27
114.88.158.224 - - [18/Sep/2022:11:31:36 +0800] "POST /xingrg/kc/buy/cgsh_order_operate.html HTTP/1.1" 200 37
58.39.35.118 - - [18/Sep/2022:11:31:36 +0800] "GET /xingrg/all/function/internal_message.html?_=1663471892768&CODE_STATE=getMsg HTTP/1.1" 200 27
116.225.121.189 - - [18/Sep/2022:11:31:38 +0800] "POST /xingrg/kc/buy/cgsh_order_operate.html HTTP/1.1" 200 37
180.169.147.146 - - [18/Sep/2022:11:31:38 +0800] "GET /xingrg/check_reg.html?_=1663471887437 HTTP/1.1" 200 22
180.169.147.146 - - [18/Sep/2022:11:31:38 +0800] "GET /xingrg/all/function/internal_message.html?_=1663471887438&CODE_STATE=getMsg HTTP/1.1" 200 27
116.225.121.189 - - [18/Sep/2022:11:31:41 +0800] "POST /xingrg/kc/buy/cgsh_order_operate.html HTTP/1.1" 200 3265
114.88.158.224 - - [18/Sep/2022:11:31:41 +0800] "POST /xingrg/kc/buy/cgsh_order_operate.html HTTP/1.1" 200 12
116.225.121.189 - - [18/Sep/2022:11:31:42 +0800] "GET /xingrg/kc/print/load_data.html?order_code=212022091806544&kc_code=cgsh&condition= HTTP/1.1" 200 917
114.88.158.224 - - [18/Sep/2022:11:31:43 +0800] "GET /xingrg/kc/buy/cgsh_order_info.html?code=212022091806543 HTTP/1.1" 200 63631
114.88.158.224 - - [18/Sep/2022:11:31:43 +0800] "GET /xingrg/javascript/easyui/themes/default/validatebox.css HTTP/1.1" 404 1104
116.238.169.132 - - [18/Sep/2022:11:31:43 +0800] "GET /xingrg/all/function/internal_message.html?_=1663471901094&CODE_STATE=getMsg HTTP/1.1" 200 27
114.88.158.224 - - [18/Sep/2022:11:31:43 +0800] "POST /xingrg/kc/buy/cgsh_order_operate.html HTTP/1.1" 200 621
116.225.121.189 - - [18/Sep/2022:11:31:45 +0800] "GET /xingrg/kc/buy/cgsh_order_add.html HTTP/1.1" 200 68804
114.88.158.224 - - [18/Sep/2022:11:31:45 +0800] "GET /xingrg/kc/print/load_data.html?order_code=212022091806543&kc_code=cgsh&condition= HTTP/1.1" 200 732
116.225.121.189 - - [18/Sep/2022:11:31:45 +0800] "POST /xingrg/kc/buy/cgsh_order_operate.html HTTP/1.1" 200 8245
222.70.182.161 - - [18/Sep/2022:11:31:45 +0800] "GET /xingrg/all/function/internal_message.html?_=1663471897289&CODE_STATE=getMsg HTTP/1.1" 200 27
116.225.121.189 - - [18/Sep/2022:11:31:45 +0800] "GET /xingrg/javascript/easyui/themes/default/validatebox.css HTTP/1.1" 404 1104
116.238.169.132 - - [18/Sep/2022:11:31:45 +0800] "GET /xingrg/all/function/internal_message.html?_=1663471902587&CODE_STATE=getMsg HTTP/1.1" 200 27
222.70.182.161 - - [18/Sep/2022:11:31:45 +0800] "GET /xingrg/check_reg.html?_=1663471897293 HTTP/1.1" 200 22
120.253.135.82 - - [18/Sep/2022:11:31:46 +0800] "GET /xingrg/all/function/internal_message.html?_=1663472013038&CODE_STATE=getMsg HTTP/1.1" 200 27
101.85.93.113 - - [18/Sep/2022:11:31:47 +0800] "POST /xingrg/kc/base/wldb_order_operate.html HTTP/1.1" 200 37
101.85.93.113 - - [18/Sep/2022:11:31:47 +0800] "POST /xingrg/kc/base/wldb_order_operate.html HTTP/1.1" 200 8935
101.85.93.113 - - [18/Sep/2022:11:31:48 +0800] "GET /xingrg/kc/base/wldb_order_info.html?code=422022091801555 HTTP/1.1" 200 30417
101.85.93.113 - - [18/Sep/2022:11:31:48 +0800] "GET /xingrg/javascript/easyui/themes/default/validatebox.css HTTP/1.1" 404 1104
101.85.93.113 - - [18/Sep/2022:11:31:49 +0800] "POST /xingrg/kc/base/wldb_order_operate.html HTTP/1.1" 200 8935
114.88.158.224 - - [18/Sep/2022:11:31:49 +0800] "GET /xingrg/kc/buy/cgsh_order_add.html HTTP/1.1" 200 68722
114.88.158.224 - - [18/Sep/2022:11:31:49 +0800] "POST /xingrg/kc/buy/cgsh_order_operate.html HTTP/1.1" 200 8245
114.88.158.224 - - [18/Sep/2022:11:31:49 +0800] "GET /xingrg/javascript/easyui/themes/default/validatebox.css HTTP/1.1" 404 1104
116.224.255.128 - - [18/Sep/2022:11:31:50 +0800] "POST /xingrg/all/user/operate.html HTTP/1.1" 200 36
116.224.255.128 - - [18/Sep/2022:11:31:51 +0800] "GET /xingrg/index.html?sysBaseUrl=http%3A%2F%2F180.169.147.146%3A18081%2Fxingrg%2F&costTime=41×tamp=1663462591242 HTTP/1.1" 200 17177
116.224.255.128 - - [18/Sep/2022:11:31:51 +0800] "GET /xingrg/javascript/jquery_easy_ui/themes/default/easyui.css HTTP/1.1" 304 -
116.224.255.128 - - [18/Sep/2022:11:31:51 +0800] "GET /xingrg/javascript/jquery_easy_ui/themes/icon.css HTTP/1.1" 304 -
116.224.255.128 - - [18/Sep/2022:11:31:51 +0800] "GET /xingrg/css/form.css HTTP/1.1" 304 -
116.224.255.128 - - [18/Sep/2022:11:31:51 +0800] "GET /xingrg/javascript/jquery-1.4.2.min.js HTTP/1.1" 304 -
116.238.169.132 - - [18/Sep/2022:11:31:51 +0800] "GET /xingrg/all/function/internal_message.html?_=1663471908219&CODE_STATE=getMsg HTTP/1.1" 200 27
116.224.255.128 - - [18/Sep/2022:11:31:51 +0800] "GET /xingrg/javascript/jquery_easy_ui/jquery.easyui.min.js HTTP/1.1" 304 -
116.224.255.128 - - [18/Sep/2022:11:31:51 +0800] "GET /xingrg/javascript/jquery_easy_ui/easyui-lang-zh_CN.js HTTP/1.1" 304 -
116.224.255.128 - - [18/Sep/2022:11:31:51 +0800] "GET /xingrg/javascript/jquery.form.js HTTP/1.1" 304 -
116.224.255.128 - - [18/Sep/2022:11:31:51 +0800] "GET /xingrg/javascript/jquery.utils.js HTTP/1.1" 304 -
116.224.255.128 - - [18/Sep/2022:11:31:51 +0800] "GET /xingrg/javascript/jquery.timers.js HTTP/1.1" 304 -
116.224.255.128 - - [18/Sep/2022:11:31:51 +0800] "GET /xingrg/images/blue/jxLogo.png HTTP/1.1" 304 -
116.224.255.128 - - [18/Sep/2022:11:31:51 +0800] "GET /xingrg/javascript/jquery_easy_ui/themes/icons/settle_new.png HTTP/1.1" 304 -
116.224.255.128 - - [18/Sep/2022:11:31:51 +0800] "GET /xingrg/images/blue/navBackgound.jpg HTTP/1.1" 304 -
116.224.255.128 - - [18/Sep/2022:11:31:51 +0800] "POST /xingrg/all/common/load_tree.html?tree=area_rest_tree_json&manage=1 HTTP/1.1" 200 476
116.224.255.128 - - [18/Sep/2022:11:31:51 +0800] "GET /xingrg/all/function/internal_message.html?_=1663471908114&CODE_STATE=count HTTP/1.1" 200 11
116.224.255.128 - - [18/Sep/2022:11:31:51 +0800] "GET /xingrg/check_reg.html?_=1663471908115 HTTP/1.1" 200 22
116.224.255.128 - - [18/Sep/2022:11:31:51 +0800] "GET /xingrg/javascript/jquery_easy_ui/themes/default/images/tabs_leftarrow.png HTTP/1.1" 304 -
116.224.255.128 - - [18/Sep/2022:11:31:51 +0800] "POST /xingrg/load_menu.html HTTP/1.1" 200 5138
116.224.255.128 - - [18/Sep/2022:11:31:51 +0800] "GET /xingrg/javascript/jquery_easy_ui/themes/default/images/panel_tool_collapse.gif HTTP/1.1" 304 -
116.224.255.128 - - [18/Sep/2022:11:31:51 +0800] "GET /xingrg/images/blue/pingpu.png HTTP/1.1" 304 -
116.224.255.128 - - [18/Sep/2022:11:31:51 +0800] "GET /xingrg/javascript/jquery_easy_ui/themes/default/images/tabs_rightarrow.png HTTP/1.1" 304 -
116.224.255.128 - - [18/Sep/2022:11:31:51 +0800] "GET /xingrg/javascript/jquery_easy_ui/themes/icons/search_new.png HTTP/1.1" 304 -
116.224.255.128 - - [18/Sep/2022:11:31:51 +0800] "GET /xingrg/javascript/jquery_easy_ui/themes/icons/forms_new.png HTTP/1.1" 304 -
116.224.255.128 - - [18/Sep/2022:11:31:51 +0800] "GET /xingrg/javascript/jquery_easy_ui/themes/default/images/tree_folder_open.gif HTTP/1.1" 304 -
116.224.255.128 - - [18/Sep/2022:11:31:51 +0800] "GET /xingrg/javascript/jquery_easy_ui/themes/icons/storage_new.png HTTP/1.1" 304 -
116.224.255.128 - - [18/Sep/2022:11:31:51 +0800] "GET /xingrg/javascript/jquery_easy_ui/themes/default/images/tree_folder.gif HTTP/1.1" 304 -
116.224.255.128 - - [18/Sep/2022:11:31:51 +0800] "GET /xingrg/javascript/jquery_easy_ui/themes/default/images/tree_arrows.gif HTTP/1.1" 304 -
116.224.255.128 - - [18/Sep/2022:11:31:51 +0800] "GET /xingrg/javascript/jquery_easy_ui/themes/default/images/tree_file.gif HTTP/1.1" 304 -
116.237.79.130 - - [18/Sep/2022:11:31:52 +0800] "GET /xingrg/all/function/internal_message.html?_=1663471904026&CODE_STATE=getMsg HTTP/1.1" 200 27
180.169.147.146 - - [18/Sep/2022:11:31:52 +0800] "GET /xingrg/all/function/internal_message.html?_=1663471908445&CODE_STATE=getMsg HTTP/1.1" 200 27
116.224.255.128 - - [18/Sep/2022:11:31:53 +0800] "GET /xingrg/kc/mdqp/pssh_order_list.html HTTP/1.1" 200 17450
116.224.255.128 - - [18/Sep/2022:11:31:54 +0800] "POST /xingrg/kc/mdqp/pssh_list_operate.html HTTP/1.1" 200 5422
101.85.93.113 - - [18/Sep/2022:11:31:54 +0800] "GET /xingrg/all/function/internal_message.html?_=1663471910531&CODE_STATE=getMsg HTTP/1.1" 200 27
116.224.255.128 - - [18/Sep/2022:11:31:55 +0800] "POST /xingrg/kc/mdqp/pssh_list_operate.html HTTP/1.1" 200 260
116.224.255.128 - - [18/Sep/2022:11:31:56 +0800] "GET /xingrg/kc/mdqp/pssh_order_info.html?code=312022091700420 HTTP/1.1" 200 17270
116.224.255.128 - - [18/Sep/2022:11:31:56 +0800] "GET /xingrg/javascript/jquery_tools/jquery-1.4.2.min.js HTTP/1.1" 404 1094
116.224.255.128 - - [18/Sep/2022:11:31:56 +0800] "GET /xingrg/words/20220918112529_words.js HTTP/1.1" 304 -
116.224.255.128 - - [18/Sep/2022:11:31:56 +0800] "POST /xingrg/kc/mdqp/pssh_order_operate.html HTTP/1.1" 200 532
116.224.255.128 - - [18/Sep/2022:11:31:56 +0800] "GET /xingrg/javascript/easyui/themes/default/validatebox.css HTTP/1.1" 404 1104
116.224.255.128 - - [18/Sep/2022:11:31:56 +0800] "GET /xingrg/all/common/auto_word.html?type=base&rest_code=00151&rest_code=00151 HTTP/1.1" 200 1315
116.225.121.189 - - [18/Sep/2022:11:31:57 +0800] "GET /xingrg/kc/buy/cgsh_order_operate.html?command=get_materiel&rest_code=00105&code=00101012049&supplier_code=00100338&order_time=2022-09-18 HTTP/1.1" 200 432
116.224.255.128 - - [18/Sep/2022:11:32:00 +0800] "GET /xingrg/javascript/auto/indicator.gif HTTP/1.1" 404 1066
180.169.147.146 - - [18/Sep/2022:11:32:00 +0800] "GET /xingrg/all/function/internal_message.html?_=1663471916661&CODE_STATE=getMsg HTTP/1.1" 200 27
116.225.121.189 - - [18/Sep/2022:11:32:01 +0800] "POST /xingrg/all/common/load_select.html HTTP/1.1" 200 25
116.224.255.128 - - [18/Sep/2022:11:32:02 +0800] "POST /xingrg/all/common/load_combo.html?type=employee HTTP/1.1" 200 532
114.88.158.224 - - [18/Sep/2022:11:32:02 +0800] "GET /xingrg/kc/buy/cgsh_order_operate.html?command=get_materiel&rest_code=00141&code=00101010885&supplier_code=00100336&order_time=2022-09-18 HTTP/1.1" 200 409
116.224.255.128 - - [18/Sep/2022:11:32:04 +0800] "POST /xingrg/kc/mdqp/pssh_order_operate.html HTTP/1.1" 200 37
116.224.255.128 - - [18/Sep/2022:11:32:05 +0800] "POST /xingrg/kc/mdqp/pssh_order_operate.html HTTP/1.1" 200 12
116.224.255.128 - - [18/Sep/2022:11:32:06 +0800] "GET /xingrg/kc/mdqp/pssh_order_info.html?code=312022091700420 HTTP/1.1" 200 14392
116.224.255.128 - - [18/Sep/2022:11:32:06 +0800] "GET /xingrg/javascript/jquery_tools/jquery-1.4.2.min.js HTTP/1.1" 404 1094
116.224.255.128 - - [18/Sep/2022:11:32:06 +0800] "POST /xingrg/kc/mdqp/pssh_order_operate.html HTTP/1.1" 200 532
116.224.255.128 - - [18/Sep/2022:11:32:06 +0800] "GET /xingrg/javascript/easyui/themes/default/validatebox.css HTTP/1.1" 404 1104
116.225.121.189 - - [18/Sep/2022:11:32:06 +0800] "GET /xingrg/kc/buy/cgsh_order_operate.html?command=get_materiel_price&rest_code=00105&code=00101012049&unit_code=00100086&supplier_code=00100338&order_time=2022-09-18 HTTP/1.1" 200 31
116.224.255.128 - - [18/Sep/2022:11:32:07 +0800] "GET /xingrg/kc/print/load_data.html?order_code=312022091700420&kc_code=pssh&condition= HTTP/1.1" 200 676
124.79.74.72 - - [18/Sep/2022:11:32:13 +0800] "GET /xingrg/all/function/internal_message.html?_=1663471929622&CODE_STATE=getMsg HTTP/1.1" 200 27
116.225.121.189 - - [18/Sep/2022:11:32:13 +0800] "GET /xingrg/all/function/internal_message.html?_=1663471789957&CODE_STATE=getMsg HTTP/1.1" 200 27
180.169.147.146 - - [18/Sep/2022:11:32:13 +0800] "GET /xingrg/all/function/internal_message.html?_=1663471931513&CODE_STATE=getMsg HTTP/1.1" 200 27
114.88.158.224 - - [18/Sep/2022:11:32:15 +0800] "POST /xingrg/kc/buy/cgsh_order_operate.html HTTP/1.1" 200 37
114.83.219.57 - - [18/Sep/2022:11:32:18 +0800] "GET /xingrg/all/function/internal_message.html?_=1663472018607&CODE_STATE=getMsg HTTP/1.1" 200 27
116.230.114.213 - - [18/Sep/2022:11:32:18 +0800] "GET /xingrg/all/function/internal_message.html?_=1663471936872&CODE_STATE=getMsg HTTP/1.1" 200 27
116.224.255.128 - - [18/Sep/2022:11:32:19 +0800] "GET /xingrg/kc/mdqp/pssh_order_list.html?isBack=1 HTTP/1.1" 200 17450
116.224.255.128 - - [18/Sep/2022:11:32:19 +0800] "POST /xingrg/kc/mdqp/pssh_list_operate.html HTTP/1.1" 200 5462
116.224.255.128 - - [18/Sep/2022:11:32:22 +0800] "POST /xingrg/kc/mdqp/pssh_list_operate.html HTTP/1.1" 200 266
116.225.121.189 - - [18/Sep/2022:11:32:22 +0800] "POST /xingrg/kc/buy/cgsh_order_operate.html HTTP/1.1" 200 37
116.225.121.189 - - [18/Sep/2022:11:32:24 +0800] "POST /xingrg/kc/buy/cgsh_order_operate.html HTTP/1.1" 200 2672
114.88.158.224 - - [18/Sep/2022:11:32:25 +0800] "POST /xingrg/kc/buy/cgsh_order_operate.html HTTP/1.1" 200 12
116.225.121.189 - - [18/Sep/2022:11:32:26 +0800] "GET /xingrg/kc/print/load_data.html?order_code=212022091806546&kc_code=cgsh&condition= HTTP/1.1" 200 689
114.88.158.224 - - [18/Sep/2022:11:32:26 +0800] "GET /xingrg/kc/buy/cgsh_order_info.html?code=212022091806545 HTTP/1.1" 200 63625
114.88.158.224 - - [18/Sep/2022:11:32:27 +0800] "GET /xingrg/javascript/easyui/themes/default/validatebox.css HTTP/1.1" 404 1104
114.88.158.224 - - [18/Sep/2022:11:32:27 +0800] "POST /xingrg/kc/buy/cgsh_order_operate.html HTTP/1.1" 200 617
116.225.121.189 - - [18/Sep/2022:11:32:28 +0800] "GET /xingrg/kc/buy/cgsh_order_add.html HTTP/1.1" 200 68804
114.88.158.224 - - [18/Sep/2022:11:32:28 +0800] "GET /xingrg/kc/print/load_data.html?order_code=212022091806545&kc_code=cgsh&condition= HTTP/1.1" 200 718
116.225.121.189 - - [18/Sep/2022:11:32:28 +0800] "POST /xingrg/kc/buy/cgsh_order_operate.html HTTP/1.1" 200 8245
116.225.121.189 - - [18/Sep/2022:11:32:28 +0800] "GET /xingrg/javascript/easyui/themes/default/validatebox.css HTTP/1.1" 404 1104
116.237.79.130 - - [18/Sep/2022:11:32:29 +0800] "GET /xingrg/all/function/internal_message.html?_=1663471945204&CODE_STATE=getMsg HTTP/1.1" 200 27
114.83.217.204 - - [18/Sep/2022:11:32:30 +0800] "GET /xingrg/all/function/internal_message.html?_=1663471946671&CODE_STATE=getMsg HTTP/1.1" 200 27
114.88.158.224 - - [18/Sep/2022:11:32:32 +0800] "GET /xingrg/kc/buy/cgsh_order_add.html HTTP/1.1" 200 68722
114.88.158.224 - - [18/Sep/2022:11:32:32 +0800] "POST /xingrg/kc/buy/cgsh_order_operate.html HTTP/1.1" 200 8245
114.88.158.224 - - [18/Sep/2022:11:32:32 +0800] "GET /xingrg/javascript/easyui/themes/default/validatebox.css HTTP/1.1" 404 1104
114.88.158.224 - - [18/Sep/2022:11:32:33 +0800] "GET /xingrg/check_reg.html?_=1663471598501 HTTP/1.1" 200 22
116.225.121.189 - - [18/Sep/2022:11:32:34 +0800] "GET /xingrg/all/function/internal_message.html?_=1663471951396&CODE_STATE=getMsg HTTP/1.1" 200 27
58.39.35.118 - - [18/Sep/2022:11:32:36 +0800] "GET /xingrg/all/function/internal_message.html?_=1663471952768&CODE_STATE=getMsg HTTP/1.1" 200 27
180.169.147.146 - - [18/Sep/2022:11:32:38 +0800] "GET /xingrg/all/function/internal_message.html?_=1663471947431&CODE_STATE=getMsg HTTP/1.1" 200 27
114.88.158.224 - - [18/Sep/2022:11:32:39 +0800] "GET /xingrg/kc/buy/cgsh_order_operate.html?command=get_materiel&rest_code=00141&code=00102003665&supplier_code=00100442&order_time=2022-09-18 HTTP/1.1" 200 391
116.225.121.189 - - [18/Sep/2022:11:32:42 +0800] "GET /xingrg/kc/buy/cgsh_order_operate.html?command=get_materiel&rest_code=00105&code=00101002042&supplier_code=00100094&order_time=2022-09-18 HTTP/1.1" 200 418
116.238.169.132 - - [18/Sep/2022:11:32:43 +0800] "GET /xingrg/all/function/internal_message.html?_=1663471961100&CODE_STATE=getMsg HTTP/1.1" 200 27
116.238.169.132 - - [18/Sep/2022:11:32:43 +0800] "GET /xingrg/check_reg.html?_=1663471961105 HTTP/1.1" 200 22
114.88.158.224 - - [18/Sep/2022:11:32:45 +0800] "GET /xingrg/kc/buy/cgsh_order_operate.html?command=get_materiel&rest_code=00141&code=00101002007&supplier_code=00100442&order_time=2022-09-18 HTTP/1.1" 200 409
222.70.182.161 - - [18/Sep/2022:11:32:45 +0800] "GET /xingrg/all/function/internal_message.html?_=1663471957293&CODE_STATE=getMsg HTTP/1.1" 200 27
116.238.169.132 - - [18/Sep/2022:11:32:45 +0800] "GET /xingrg/all/function/internal_message.html?_=1663471962571&CODE_STATE=getMsg HTTP/1.1" 200 27
120.253.135.82 - - [18/Sep/2022:11:32:46 +0800] "GET /xingrg/all/function/internal_message.html?_=1663472073049&CODE_STATE=getMsg HTTP/1.1" 200 27
116.238.169.132 - - [18/Sep/2022:11:32:51 +0800] "GET /xingrg/all/function/internal_message.html?_=1663471968215&CODE_STATE=getMsg HTTP/1.1" 200 27
116.224.255.128 - - [18/Sep/2022:11:32:51 +0800] "GET /xingrg/all/function/internal_message.html?_=1663471968125&CODE_STATE=getMsg HTTP/1.1" 200 27
116.237.79.130 - - [18/Sep/2022:11:32:52 +0800] "GET /xingrg/all/function/internal_message.html?_=1663471964025&CODE_STATE=getMsg HTTP/1.1" 200 27
180.169.147.146 - - [18/Sep/2022:11:32:52 +0800] "GET /xingrg/all/function/internal_message.html?_=1663471968438&CODE_STATE=getMsg HTTP/1.1" 200 27
114.88.158.224 - - [18/Sep/2022:11:32:53 +0800] "GET /xingrg/kc/buy/cgsh_order_operate.html?command=get_materiel&rest_code=00141&code=00101002041&supplier_code=00100442&order_time=2022-09-18 HTTP/1.1" 200 409
101.85.93.113 - - [18/Sep/2022:11:32:54 +0800] "GET /xingrg/check_reg.html?_=1663471970532 HTTP/1.1" 200 22
101.85.93.113 - - [18/Sep/2022:11:32:54 +0800] "GET /xingrg/all/function/internal_message.html?_=1663471970528&CODE_STATE=getMsg HTTP/1.1" 200 27
180.169.147.146 - - [18/Sep/2022:11:33:00 +0800] "GET /xingrg/all/function/internal_message.html?_=1663471976677&CODE_STATE=getMsg HTTP/1.1" 200 27
180.169.147.146 - - [18/Sep/2022:11:33:00 +0800] "GET /xingrg/check_reg.html?_=1663471976676 HTTP/1.1" 200 22
114.88.158.224 - - [18/Sep/2022:11:33:03 +0800] "POST /xingrg/kc/buy/cgsh_order_operate.html HTTP/1.1" 200 37
116.225.121.189 - - [18/Sep/2022:11:33:03 +0800] "POST /xingrg/kc/buy/cgsh_order_operate.html HTTP/1.1" 200 88
114.88.158.224 - - [18/Sep/2022:11:33:07 +0800] "POST /xingrg/kc/buy/cgsh_order_operate.html HTTP/1.1" 200 12
114.88.158.224 - - [18/Sep/2022:11:33:08 +0800] "GET /xingrg/kc/buy/cgsh_order_info.html?code=212022091806547 HTTP/1.1" 200 63627
114.88.158.224 - - [18/Sep/2022:11:33:08 +0800] "GET /xingrg/javascript/easyui/themes/default/validatebox.css HTTP/1.1" 404 1104
114.88.158.224 - - [18/Sep/2022:11:33:09 +0800] "POST /xingrg/kc/buy/cgsh_order_operate.html HTTP/1.1" 200 1197
116.225.121.189 - - [18/Sep/2022:11:33:12 +0800] "POST /xingrg/kc/buy/cgsh_order_operate.html HTTP/1.1" 200 37
114.88.158.224 - - [18/Sep/2022:11:33:12 +0800] "GET /xingrg/kc/print/load_data.html?order_code=212022091806547&kc_code=cgsh&condition= HTTP/1.1" 200 937
124.79.74.72 - - [18/Sep/2022:11:33:13 +0800] "GET /xingrg/all/function/internal_message.html?_=1663471989608&CODE_STATE=getMsg HTTP/1.1" 200 27
116.225.121.189 - - [18/Sep/2022:11:33:13 +0800] "POST /xingrg/kc/buy/cgsh_order_operate.html HTTP/1.1" 200 2666
116.225.121.189 - - [18/Sep/2022:11:33:13 +0800] "GET /xingrg/all/function/internal_message.html?_=1663471849946&CODE_STATE=getMsg HTTP/1.1" 200 27
180.169.147.146 - - [18/Sep/2022:11:33:13 +0800] "GET /xingrg/all/function/internal_message.html?_=1663471991482&CODE_STATE=getMsg HTTP/1.1" 200 27
116.225.121.189 - - [18/Sep/2022:11:33:14 +0800] "GET /xingrg/kc/print/load_data.html?order_code=212022091806549&kc_code=cgsh&condition= HTTP/1.1" 200 753
114.88.158.224 - - [18/Sep/2022:11:33:15 +0800] "GET /xingrg/kc/buy/cgsh_order_add.html HTTP/1.1" 200 68722
114.88.158.224 - - [18/Sep/2022:11:33:15 +0800] "POST /xingrg/kc/buy/cgsh_order_operate.html HTTP/1.1" 200 8245
114.88.158.224 - - [18/Sep/2022:11:33:15 +0800] "GET /xingrg/javascript/easyui/themes/default/validatebox.css HTTP/1.1" 404 1104
114.83.219.57 - - [18/Sep/2022:11:33:18 +0800] "GET /xingrg/all/function/internal_message.html?_=1663472078618&CODE_STATE=getMsg HTTP/1.1" 200 27
116.224.255.128 - - [18/Sep/2022:11:33:18 +0800] "GET /xingrg/login.html HTTP/1.1" 200 7641
116.230.114.213 - - [18/Sep/2022:11:33:18 +0800] "GET /xingrg/all/function/internal_message.html?_=1663471996880&CODE_STATE=getMsg HTTP/1.1" 200 27
116.224.255.128 - - [18/Sep/2022:11:33:18 +0800] "GET /xingrg/images/blue/jxLogo.png HTTP/1.1" 304 -
116.224.255.128 - - [18/Sep/2022:11:33:18 +0800] "GET /xingrg/images/blue/login_bg.png HTTP/1.1" 304 -
116.224.255.128 - - [18/Sep/2022:11:33:19 +0800] "GET /xingrg/images/blue/hj.png HTTP/1.1" 304 -
116.224.255.128 - - [18/Sep/2022:11:33:19 +0800] "GET /xingrg/images/blue/srbg.png HTTP/1.1" 304 -
101.85.93.113 - - [18/Sep/2022:11:33:19 +0800] "POST /xingrg/kc/base/wldb_order_operate.html HTTP/1.1" 200 37
116.224.255.128 - - [18/Sep/2022:11:33:19 +0800] "GET /favicon.ico HTTP/1.1" 404 -
116.224.255.128 - - [18/Sep/2022:11:33:20 +0800] "POST /xingrg/login.do HTTP/1.1" 302 -
116.224.255.128 - - [18/Sep/2022:11:33:20 +0800] "GET /xingrg/index.html?sysBaseUrl=http%3A%2F%2F180.169.147.146%3A18081%2Fxingrg%2F&costTime=43×tamp=1663472000938 HTTP/1.1" 200 17179
116.224.255.128 - - [18/Sep/2022:11:33:20 +0800] "GET /xingrg/css/form.css HTTP/1.1" 304 -
116.224.255.128 - - [18/Sep/2022:11:33:20 +0800] "GET /xingrg/javascript/jquery_easy_ui/themes/default/easyui.css HTTP/1.1" 304 -
116.224.255.128 - - [18/Sep/2022:11:33:21 +0800] "GET /xingrg/javascript/jquery_easy_ui/themes/icon.css HTTP/1.1" 304 -
116.224.255.128 - - [18/Sep/2022:11:33:21 +0800] "GET /favicon.ico HTTP/1.1" 404 -
116.224.255.128 - - [18/Sep/2022:11:33:21 +0800] "GET /xingrg/javascript/jquery-1.4.2.min.js HTTP/1.1" 304 -
116.224.255.128 - - [18/Sep/2022:11:33:21 +0800] "GET /xingrg/javascript/jquery.form.js HTTP/1.1" 304 -
116.224.255.128 - - [18/Sep/2022:11:33:21 +0800] "GET /xingrg/javascript/jquery_easy_ui/easyui-lang-zh_CN.js HTTP/1.1" 304 -
116.224.255.128 - - [18/Sep/2022:11:33:21 +0800] "GET /xingrg/javascript/jquery.timers.js HTTP/1.1" 304 -
116.224.255.128 - - [18/Sep/2022:11:33:21 +0800] "GET /xingrg/javascript/jquery.utils.js HTTP/1.1" 304 -
116.224.255.128 - - [18/Sep/2022:11:33:21 +0800] "GET /xingrg/javascript/jquery_easy_ui/jquery.easyui.min.js HTTP/1.1" 304 -
116.224.255.128 - - [18/Sep/2022:11:33:21 +0800] "GET /xingrg/images/blue/navBackgound.jpg HTTP/1.1" 304 -
116.224.255.128 - - [18/Sep/2022:11:33:21 +0800] "GET /xingrg/javascript/jquery_easy_ui/themes/icons/settle_new.png HTTP/1.1" 304 -
116.224.255.128 - - [18/Sep/2022:11:33:21 +0800] "POST /xingrg/all/common/load_tree.html?tree=area_rest_tree_json&manage=1 HTTP/1.1" 200 476
116.224.255.128 - - [18/Sep/2022:11:33:21 +0800] "GET /xingrg/images/blue/pingpu.png HTTP/1.1" 304 -
116.224.255.128 - - [18/Sep/2022:11:33:21 +0800] "GET /xingrg/javascript/jquery_easy_ui/themes/default/images/tabs_rightarrow.png HTTP/1.1" 304 -
116.224.255.128 - - [18/Sep/2022:11:33:21 +0800] "GET /xingrg/javascript/jquery_easy_ui/themes/default/images/tabs_leftarrow.png HTTP/1.1" 304 -
116.224.255.128 - - [18/Sep/2022:11:33:21 +0800] "GET /xingrg/javascript/jquery_easy_ui/themes/default/images/panel_tool_collapse.gif HTTP/1.1" 304 -
116.224.255.128 - - [18/Sep/2022:11:33:21 +0800] "GET /xingrg/all/function/internal_message.html?_=1663471931434&CODE_STATE=count HTTP/1.1" 200 11
116.224.255.128 - - [18/Sep/2022:11:33:21 +0800] "GET /xingrg/check_reg.html?_=1663471931435 HTTP/1.1" 200 22
116.224.255.128 - - [18/Sep/2022:11:33:21 +0800] "POST /xingrg/load_menu.html HTTP/1.1" 200 5138
116.224.255.128 - - [18/Sep/2022:11:33:21 +0800] "GET /xingrg/javascript/jquery_easy_ui/themes/default/images/tree_arrows.gif HTTP/1.1" 304 -
101.85.93.113 - - [18/Sep/2022:11:33:21 +0800] "POST /xingrg/kc/base/wldb_order_operate.html HTTP/1.1" 200 12
116.224.255.128 - - [18/Sep/2022:11:33:21 +0800] "GET /xingrg/javascript/jquery_easy_ui/themes/icons/search_new.png HTTP/1.1" 304 -
116.224.255.128 - - [18/Sep/2022:11:33:21 +0800] "GET /xingrg/javascript/jquery_easy_ui/themes/default/images/tree_folder_open.gif HTTP/1.1" 304 -
116.224.255.128 - - [18/Sep/2022:11:33:21 +0800] "GET /xingrg/javascript/jquery_easy_ui/themes/default/images/tree_folder.gif HTTP/1.1" 304 -
116.224.255.128 - - [18/Sep/2022:11:33:21 +0800] "GET /xingrg/javascript/jquery_easy_ui/themes/icons/storage_new.png HTTP/1.1" 304 -
116.224.255.128 - - [18/Sep/2022:11:33:21 +0800] "GET /xingrg/javascript/jquery_easy_ui/themes/icons/forms_new.png HTTP/1.1" 304 -
116.224.255.128 - - [18/Sep/2022:11:33:21 +0800] "GET /xingrg/javascript/jquery_easy_ui/themes/default/images/tree_file.gif HTTP/1.1" 304 -
101.85.93.113 - - [18/Sep/2022:11:33:21 +0800] "POST /xingrg/kc/base/wldb_order_operate.html HTTP/1.1" 200 8935
101.85.93.113 - - [18/Sep/2022:11:33:22 +0800] "GET /xingrg/kc/base/wldb_order_info.html?code=422022091801555 HTTP/1.1" 200 26283
101.85.93.113 - - [18/Sep/2022:11:33:22 +0800] "GET /xingrg/javascript/easyui/themes/default/validatebox.css HTTP/1.1" 404 1104
101.85.93.113 - - [18/Sep/2022:11:33:22 +0800] "POST /xingrg/kc/base/wldb_order_operate.html HTTP/1.1" 200 7041
101.85.93.113 - - [18/Sep/2022:11:33:23 +0800] "GET /xingrg/javascript/jquery_easy_ui/themes/default/images/tabs_active.png HTTP/1.1" 304 -
101.85.93.113 - - [18/Sep/2022:11:33:26 +0800] "POST /xingrg/kc/base/wldb_list_operate.html HTTP/1.1" 200 6258
116.224.255.128 - - [18/Sep/2022:11:33:27 +0800] "GET /xingrg/javascript/jquery_easy_ui/themes/default/images/tabs_close.gif HTTP/1.1" 304 -
116.224.255.128 - - [18/Sep/2022:11:33:27 +0800] "GET /xingrg/css/base.css HTTP/1.1" 304 -
116.224.255.128 - - [18/Sep/2022:11:33:27 +0800] "GET /xingrg/javascript/easyui/themes/default/easyui.css HTTP/1.1" 304 -
116.224.255.128 - - [18/Sep/2022:11:33:27 +0800] "GET /xingrg/javascript/jquery_tools/jquery.tools.min.js HTTP/1.1" 304 -
116.224.255.128 - - [18/Sep/2022:11:33:27 +0800] "GET /xingrg/kc/buy/cgsh_order_list.html HTTP/1.1" 200 52946
116.224.255.128 - - [18/Sep/2022:11:33:27 +0800] "GET /xingrg/javascript/jquery_tools/list_manager.js HTTP/1.1" 304 -
116.224.255.128 - - [18/Sep/2022:11:33:27 +0800] "GET /xingrg/javascript/jquery_tools/jquery.tools.table.js HTTP/1.1" 304 -
116.224.255.128 - - [18/Sep/2022:11:33:27 +0800] "GET /xingrg/javascript/jquery_tools/datebox.css HTTP/1.1" 304 -
116.224.255.128 - - [18/Sep/2022:11:33:27 +0800] "GET /xingrg/javascript/auto/jquery.autocomplete.js HTTP/1.1" 304 -
116.224.255.128 - - [18/Sep/2022:11:33:27 +0800] "GET /xingrg/javascript/easyui/easyloader.js HTTP/1.1" 304 -
116.224.255.128 - - [18/Sep/2022:11:33:27 +0800] "GET /xingrg/javascript/jquery.cookie.js HTTP/1.1" 304 -
116.224.255.128 - - [18/Sep/2022:11:33:27 +0800] "GET /xingrg/javascript/print/LodopFuncs.js HTTP/1.1" 304 -
116.224.255.128 - - [18/Sep/2022:11:33:27 +0800] "GET /xingrg/javascript/jquery_tools/table.css HTTP/1.1" 304 -
116.224.255.128 - - [18/Sep/2022:11:33:27 +0800] "GET /xingrg/css/site.css HTTP/1.1" 304 -
116.224.255.128 - - [18/Sep/2022:11:33:27 +0800] "GET /xingrg/javascript/easyui/themes/icon.css HTTP/1.1" 304 -
116.224.255.128 - - [18/Sep/2022:11:33:27 +0800] "GET /xingrg/javascript/auto/jquery.autocomplete.css HTTP/1.1" 304 -
116.224.255.128 - - [18/Sep/2022:11:33:27 +0800] "GET /xingrg/javascript/jquery_tools/jquery.tools.extend.js HTTP/1.1" 304 -
116.224.255.128 - - [18/Sep/2022:11:33:27 +0800] "GET /xingrg/javascript/jquery_tools/fix.css HTTP/1.1" 304 -
116.224.255.128 - - [18/Sep/2022:11:33:27 +0800] "GET /xingrg/javascript/jquery_tools/jquery.tools.hotkey.js HTTP/1.1" 304 -
101.85.93.113 - - [18/Sep/2022:11:33:27 +0800] "POST /xingrg/kc/base/wldb_list_operate.html HTTP/1.1" 200 6258
116.224.255.128 - - [18/Sep/2022:11:33:27 +0800] "GET /xingrg/javascript/easyui/themes/icons/edit_add_new.png HTTP/1.1" 304 -
116.224.255.128 - - [18/Sep/2022:11:33:27 +0800] "GET /xingrg/javascript/easyui/themes/icons/check_new.png HTTP/1.1" 304 -
116.224.255.128 - - [18/Sep/2022:11:33:27 +0800] "GET /xingrg/javascript/easyui/themes/icons/cance_new.png HTTP/1.1" 304 -
116.224.255.128 - - [18/Sep/2022:11:33:27 +0800] "GET /xingrg/javascript/easyui/themes/icons/import_new.png HTTP/1.1" 304 -
116.224.255.128 - - [18/Sep/2022:11:33:27 +0800] "GET /xingrg/javascript/easyui/themes/icons/field_new.png HTTP/1.1" 304 -
116.224.255.128 - - [18/Sep/2022:11:33:27 +0800] "GET /xingrg/javascript/easyui/plugins/jquery.parser.js HTTP/1.1" 304 -
116.224.255.128 - - [18/Sep/2022:11:33:27 +0800] "GET /xingrg/images/control/ajaxLoader.gif HTTP/1.1" 304 -
116.224.255.128 - - [18/Sep/2022:11:33:28 +0800] "GET /xingrg/javascript/jquery_easy_ui/themes/icons/area.png HTTP/1.1" 304 -
116.224.255.128 - - [18/Sep/2022:11:33:28 +0800] "GET /xingrg/javascript/jquery_easy_ui/themes/icons/rest.png HTTP/1.1" 304 -
116.224.255.128 - - [18/Sep/2022:11:33:28 +0800] "POST /xingrg/kc/buy/cgsh_list_operate.html HTTP/1.1" 200 927
116.237.79.130 - - [18/Sep/2022:11:33:29 +0800] "GET /xingrg/all/function/internal_message.html?_=1663472005192&CODE_STATE=getMsg HTTP/1.1" 200 27
114.83.217.204 - - [18/Sep/2022:11:33:30 +0800] "GET /xingrg/all/function/internal_message.html?_=1663472006642&CODE_STATE=getMsg HTTP/1.1" 200 27
101.85.93.113 - - [18/Sep/2022:11:33:30 +0800] "GET /xingrg/kc/base/yddb_order_list.html HTTP/1.1" 200 16792
116.224.255.128 - - [18/Sep/2022:11:33:30 +0800] "GET /xingrg/javascript/easyui/themes/default/images/button_plain_hover.png HTTP/1.1" 304 -
114.88.158.224 - - [18/Sep/2022:11:33:30 +0800] "GET /xingrg/kc/buy/cgsh_order_operate.html?command=get_materiel&rest_code=00141&code=00101007077&supplier_code=00100328&order_time=2022-09-18 HTTP/1.1" 200 415
101.85.93.113 - - [18/Sep/2022:11:33:30 +0800] "POST /xingrg/kc/base/yddb_list_operate.html HTTP/1.1" 200 636
116.224.255.128 - - [18/Sep/2022:11:33:31 +0800] "GET /xingrg/javascript/pic_change.js HTTP/1.1" 304 -
116.224.255.128 - - [18/Sep/2022:11:33:31 +0800] "GET /xingrg/javascript/jquery_tools/order_manager.js HTTP/1.1" 304 -
116.224.255.128 - - [18/Sep/2022:11:33:31 +0800] "GET /xingrg/javascript/json2.js HTTP/1.1" 304 -
116.224.255.128 - - [18/Sep/2022:11:33:31 +0800] "GET /xingrg/javascript/convert.js HTTP/1.1" 304 -
116.224.255.128 - - [18/Sep/2022:11:33:31 +0800] "GET /xingrg/javascript/print/kc_print.js HTTP/1.1" 304 -
116.224.255.128 - - [18/Sep/2022:11:33:31 +0800] "GET /xingrg/kc/buy/cgsh_order_add.html HTTP/1.1" 200 68734
116.224.255.128 - - [18/Sep/2022:11:33:31 +0800] "GET /xingrg/words/20220918112529_words.js HTTP/1.1" 200 921513
116.224.255.128 - - [18/Sep/2022:11:33:31 +0800] "GET /xingrg/javascript/easyui/themes/icons/copy_new.png HTTP/1.1" 304 -
116.224.255.128 - - [18/Sep/2022:11:33:31 +0800] "GET /xingrg/javascript/easyui/themes/icons/ok.png HTTP/1.1" 304 -
116.224.255.128 - - [18/Sep/2022:11:33:31 +0800] "GET /xingrg/javascript/easyui/themes/icons/template_new.png HTTP/1.1" 304 -
116.224.255.128 - - [18/Sep/2022:11:33:31 +0800] "GET /xingrg/javascript/easyui/themes/default/images/menu_downarrow.png HTTP/1.1" 304 -
116.224.255.128 - - [18/Sep/2022:11:33:31 +0800] "GET /xingrg/javascript/easyui/themes/icons/print.png HTTP/1.1" 304 -
116.224.255.128 - - [18/Sep/2022:11:33:31 +0800] "GET /xingrg/javascript/easyui/themes/icons/cancel.png HTTP/1.1" 304 -
101.85.93.113 - - [18/Sep/2022:11:33:31 +0800] "GET /xingrg/kc/base/yddb_order_add.html HTTP/1.1" 200 29839
101.85.93.113 - - [18/Sep/2022:11:33:31 +0800] "GET /xingrg/javascript/Calendar.js HTTP/1.1" 200 31561
101.85.93.113 - - [18/Sep/2022:11:33:31 +0800] "GET /xingrg/javascript/myfunction.js HTTP/1.1" 200 24559
101.85.93.113 - - [18/Sep/2022:11:33:31 +0800] "GET /xingrg/dwr/interface/AjaxYddbService.js HTTP/1.1" 200 13201
101.85.93.113 - - [18/Sep/2022:11:33:31 +0800] "GET /xingrg/javascript/AjaxInfoList.js HTTP/1.1" 200 3774
101.85.93.113 - - [18/Sep/2022:11:33:31 +0800] "GET /xingrg/javascript/checkform.js HTTP/1.1" 200 18351
101.85.93.113 - - [18/Sep/2022:11:33:31 +0800] "GET /xingrg/javascript/Grid.js HTTP/1.1" 200 58908
101.85.93.113 - - [18/Sep/2022:11:33:31 +0800] "GET /xingrg/javascript/ToolTips.js HTTP/1.1" 200 5615
101.85.93.113 - - [18/Sep/2022:11:33:31 +0800] "GET /xingrg/dwr/interface/AjaxComOrderService.js HTTP/1.1" 200 18264
101.85.93.113 - - [18/Sep/2022:11:33:31 +0800] "GET /xingrg/dwr/util.js HTTP/1.1" 200 35990
101.85.93.113 - - [18/Sep/2022:11:33:31 +0800] "GET /xingrg/dwr/engine.js HTTP/1.1" 200 43631
101.85.93.113 - - [18/Sep/2022:11:33:31 +0800] "GET /xingrg/css/blue.css HTTP/1.1" 200 15949
101.85.93.113 - - [18/Sep/2022:11:33:31 +0800] "GET /xingrg/javascript/jquery_easy_ui/themes/icons/edit_add_new.png HTTP/1.1" 200 2997
101.85.93.113 - - [18/Sep/2022:11:33:31 +0800] "GET /xingrg/javascript/jquery_easy_ui/themes/icons/print.png HTTP/1.1" 200 1057
101.85.93.113 - - [18/Sep/2022:11:33:31 +0800] "GET /xingrg/javascript/jquery_easy_ui/themes/icons/check_new.png HTTP/1.1" 200 3224
101.85.93.113 - - [18/Sep/2022:11:33:31 +0800] "GET /xingrg/javascript/jquery_easy_ui/themes/default/images/menu_downarrow.png HTTP/1.1" 200 173
101.85.93.113 - - [18/Sep/2022:11:33:31 +0800] "GET /xingrg/javascript/jquery_easy_ui/themes/icons/cance_new.png HTTP/1.1" 200 3986
101.85.93.113 - - [18/Sep/2022:11:33:31 +0800] "GET /xingrg/javascript/jquery_easy_ui/themes/icons/back_new.png HTTP/1.1" 200 3414
101.85.93.113 - - [18/Sep/2022:11:33:31 +0800] "GET /xingrg/images/blue/button/kc_tab_add.gif HTTP/1.1" 200 375
101.85.93.113 - - [18/Sep/2022:11:33:31 +0800] "GET /xingrg/images/blue/button/kc_tab_edit.gif HTTP/1.1" 200 551
101.85.93.113 - - [18/Sep/2022:11:33:31 +0800] "GET /xingrg/images/blue/button/kc_tab_del.gif HTTP/1.1" 200 383
101.85.93.113 - - [18/Sep/2022:11:33:31 +0800] "GET /xingrg/images/blue/button/kc_tab_save.gif HTTP/1.1" 200 777
101.85.93.113 - - [18/Sep/2022:11:33:31 +0800] "GET /xingrg/images/blue/kc_tab_mid.gif HTTP/1.1" 200 44
101.85.93.113 - - [18/Sep/2022:11:33:31 +0800] "GET /xingrg/images/blue/kc_tab_right.gif HTTP/1.1" 200 643
101.85.93.113 - - [18/Sep/2022:11:33:31 +0800] "GET /xingrg/images/blue/kc_tab_left.gif HTTP/1.1" 200 188
101.85.93.113 - - [18/Sep/2022:11:33:31 +0800] "GET /xingrg/images/blue/kc_tab2_left.gif HTTP/1.1" 200 625
101.85.93.113 - - [18/Sep/2022:11:33:31 +0800] "GET /xingrg/images/blue/kc_tab2_right.gif HTTP/1.1" 200 192
116.224.255.128 - - [18/Sep/2022:11:33:32 +0800] "POST /xingrg/kc/buy/cgsh_order_operate.html HTTP/1.1" 200 8245
116.224.255.128 - - [18/Sep/2022:11:33:32 +0800] "GET /xingrg/javascript/easyui/themes/icons/edit_remove.png HTTP/1.1" 304 -
116.224.255.128 - - [18/Sep/2022:11:33:32 +0800] "GET /xingrg/all/common/auto_word.html?type=employee&rest_code=00150 HTTP/1.1" 200 159
116.224.255.128 - - [18/Sep/2022:11:33:32 +0800] "GET /xingrg/all/common/auto_word.html?type=employee&rest_code=00150 HTTP/1.1" 200 159
116.224.255.128 - - [18/Sep/2022:11:33:32 +0800] "GET /xingrg/javascript/easyui/themes/default/validatebox.css HTTP/1.1" 404 1104
116.224.255.128 - - [18/Sep/2022:11:33:32 +0800] "GET /xingrg/javascript/easyui/plugins/jquery.validatebox.js HTTP/1.1" 304 -
116.224.255.128 - - [18/Sep/2022:11:33:32 +0800] "GET /xingrg/javascript/easyui/plugins/jquery.numberbox.js HTTP/1.1" 304 -
116.225.121.189 - - [18/Sep/2022:11:33:34 +0800] "GET /xingrg/all/function/internal_message.html?_=1663472011374&CODE_STATE=getMsg HTTP/1.1" 200 27
101.85.93.113 - - [18/Sep/2022:11:33:34 +0800] "GET /xingrg/images/blue/wait.gif HTTP/1.1" 200 1100
101.85.93.113 - - [18/Sep/2022:11:33:34 +0800] "POST /xingrg/dwr/call/plaincall/AjaxYddbService.getRestBases.dwr HTTP/1.1" 200 464
116.224.255.128 - - [18/Sep/2022:11:33:35 +0800] "GET /xingrg/javascript/auto/indicator.gif HTTP/1.1" 404 1066
180.169.147.146 - - [18/Sep/2022:11:33:38 +0800] "GET /xingrg/all/function/internal_message.html?_=1663472007446&CODE_STATE=getMsg HTTP/1.1" 200 27
114.88.158.224 - - [18/Sep/2022:11:33:41 +0800] "POST /xingrg/kc/buy/cgsh_order_operate.html HTTP/1.1" 200 37
116.238.169.132 - - [18/Sep/2022:11:33:43 +0800] "GET /xingrg/all/function/internal_message.html?_=1663472021108&CODE_STATE=getMsg HTTP/1.1" 200 27
101.85.93.113 - - [18/Sep/2022:11:33:45 +0800] "POST /xingrg/dwr/call/plaincall/AjaxYddbService.saveOrder.dwr HTTP/1.1" 200 78
116.224.255.128 - - [18/Sep/2022:11:33:45 +0800] "GET /xingrg/kc/buy/cgsh_order_operate.html?command=get_materiel&rest_code=00150&code=00101001037&supplier_code=00100090&order_time=2022-09-18 HTTP/1.1" 200 416
101.85.93.113 - - [18/Sep/2022:11:33:45 +0800] "GET /xingrg/images/yd/bt.gif HTTP/1.1" 404 1040
116.238.169.132 - - [18/Sep/2022:11:33:45 +0800] "GET /xingrg/all/function/internal_message.html?_=1663472022544&CODE_STATE=getMsg HTTP/1.1" 200 27
222.70.182.161 - - [18/Sep/2022:11:33:45 +0800] "GET /xingrg/all/function/internal_message.html?_=1663472017292&CODE_STATE=getMsg HTTP/1.1" 200 27
120.253.135.82 - - [18/Sep/2022:11:33:46 +0800] "GET /xingrg/all/function/internal_message.html?_=1663472133064&CODE_STATE=getMsg HTTP/1.1" 200 27
114.88.158.224 - - [18/Sep/2022:11:33:46 +0800] "POST /xingrg/kc/buy/cgsh_order_operate.html HTTP/1.1" 200 12
114.88.158.224 - - [18/Sep/2022:11:33:47 +0800] "GET /xingrg/kc/buy/cgsh_order_info.html?code=212022091806550 HTTP/1.1" 200 63629
114.88.158.224 - - [18/Sep/2022:11:33:48 +0800] "GET /xingrg/javascript/easyui/themes/default/validatebox.css HTTP/1.1" 404 1104
114.88.158.224 - - [18/Sep/2022:11:33:49 +0800] "POST /xingrg/kc/buy/cgsh_order_operate.html HTTP/1.1" 200 610
114.88.158.224 - - [18/Sep/2022:11:33:50 +0800] "GET /xingrg/kc/print/load_data.html?order_code=212022091806550&kc_code=cgsh&condition= HTTP/1.1" 200 720
116.238.169.132 - - [18/Sep/2022:11:33:51 +0800] "GET /xingrg/all/function/internal_message.html?_=1663472028208&CODE_STATE=getMsg HTTP/1.1" 200 27
116.224.255.128 - - [18/Sep/2022:11:33:51 +0800] "GET /xingrg/all/function/internal_message.html?_=1663472028125&CODE_STATE=getMsg HTTP/1.1" 200 27
116.237.79.130 - - [18/Sep/2022:11:33:52 +0800] "GET /xingrg/check_reg.html?_=1663472024048 HTTP/1.1" 200 22
116.237.79.130 - - [18/Sep/2022:11:33:52 +0800] "GET /xingrg/all/function/internal_message.html?_=1663472024050&CODE_STATE=getMsg HTTP/1.1" 200 27
180.169.147.146 - - [18/Sep/2022:11:33:52 +0800] "GET /xingrg/all/function/internal_message.html?_=1663472028450&CODE_STATE=getMsg HTTP/1.1" 200 27
114.88.158.224 - - [18/Sep/2022:11:33:53 +0800] "GET /xingrg/kc/buy/cgsh_order_add.html HTTP/1.1" 200 68722
114.88.158.224 - - [18/Sep/2022:11:33:54 +0800] "POST /xingrg/kc/buy/cgsh_order_operate.html HTTP/1.1" 200 8245
114.88.158.224 - - [18/Sep/2022:11:33:54 +0800] "GET /xingrg/javascript/easyui/themes/default/validatebox.css HTTP/1.1" 404 1104
101.85.93.113 - - [18/Sep/2022:11:33:54 +0800] "GET /xingrg/all/function/internal_message.html?_=1663472030539&CODE_STATE=getMsg HTTP/1.1" 200 27
101.85.93.113 - - [18/Sep/2022:11:33:55 +0800] "POST /xingrg/dwr/call/plaincall/AjaxComOrderService.getMaterielSearchList.dwr HTTP/1.1" 200 3662
101.85.93.113 - - [18/Sep/2022:11:33:56 +0800] "POST /xingrg/dwr/call/plaincall/AjaxComOrderService.getMaterielSearchList.dwr HTTP/1.1" 200 414
101.85.93.113 - - [18/Sep/2022:11:33:58 +0800] "POST /xingrg/dwr/call/plaincall/AjaxYddbService.getMaterielByMap.dwr HTTP/1.1" 200 1580
180.169.147.146 - - [18/Sep/2022:11:34:00 +0800] "GET /xingrg/all/function/internal_message.html?_=1663472036675&CODE_STATE=getMsg HTTP/1.1" 200 27
116.224.255.128 - - [18/Sep/2022:11:34:02 +0800] "GET /xingrg/kc/buy/cgsh_order_operate.html?command=get_materiel&rest_code=00150&code=00101001044&supplier_code=00100090&order_time=2022-09-18 HTTP/1.1" 200 413
101.85.93.113 - - [18/Sep/2022:11:34:06 +0800] "POST /xingrg/dwr/call/plaincall/AjaxYddbService.saveMaterielItem.dwr HTTP/1.1" 200 78
180.169.147.146 - - [18/Sep/2022:11:34:07 +0800] "GET /xingrg/check_reg.html?_=1663472045394 HTTP/1.1" 200 22
116.224.255.128 - - [18/Sep/2022:11:34:12 +0800] "GET /xingrg/kc/buy/cgsh_order_operate.html?command=get_materiel&rest_code=00150&code=00101004101&supplier_code=00100090&order_time=2022-09-18 HTTP/1.1" 200 433
120.253.135.82 - - [18/Sep/2022:11:34:12 +0800] "GET /xingrg/check_reg.html?_=1663471848671 HTTP/1.1" 200 22
124.79.74.72 - - [18/Sep/2022:11:34:13 +0800] "GET /xingrg/all/function/internal_message.html?_=1663472049595&CODE_STATE=getMsg HTTP/1.1" 200 27
116.225.121.189 - - [18/Sep/2022:11:34:13 +0800] "GET /xingrg/all/function/internal_message.html?_=1663471909931&CODE_STATE=getMsg HTTP/1.1" 200 27
180.169.147.146 - - [18/Sep/2022:11:34:13 +0800] "GET /xingrg/all/function/internal_message.html?_=1663472051480&CODE_STATE=getMsg HTTP/1.1" 200 27
116.225.121.189 - - [18/Sep/2022:11:34:15 +0800] "GET /xingrg/check_reg.html?_=1663471911841 HTTP/1.1" 200 22
114.83.219.57 - - [18/Sep/2022:11:34:18 +0800] "GET /xingrg/all/function/internal_message.html?_=1663472138612&CODE_STATE=getMsg HTTP/1.1" 200 27
116.230.114.213 - - [18/Sep/2022:11:34:18 +0800] "GET /xingrg/all/function/internal_message.html?_=1663472056893&CODE_STATE=getMsg HTTP/1.1" 200 27
