116.237.79.130 - - [18/Sep/2022:10:38:30 +0800] "GET /xingrg/all/function/internal_message.html?_=1663468706428&CODE_STATE=getMsg HTTP/1.1" 200 27
114.83.217.204 - - [18/Sep/2022:10:38:30 +0800] "GET /xingrg/all/function/internal_message.html?_=1663468707047&CODE_STATE=getMsg HTTP/1.1" 200 27
116.225.121.189 - - [18/Sep/2022:10:38:34 +0800] "GET /xingrg/all/function/internal_message.html?_=1663468711549&CODE_STATE=getMsg HTTP/1.1" 200 27
58.35.213.73 - - [18/Sep/2022:10:38:36 +0800] "POST /xingrg/services/DataTransmitService HTTP/1.1" 200 524
58.35.213.73 - - [18/Sep/2022:10:38:36 +0800] "POST /xingrg/services/DataTransmitService HTTP/1.1" 200 2147
58.35.213.73 - - [18/Sep/2022:10:38:37 +0800] "POST /xingrg/services/DataTransmitService HTTP/1.1" 200 524
58.35.213.73 - - [18/Sep/2022:10:38:37 +0800] "POST /xingrg/services/DataTransmitService HTTP/1.1" 200 2147
58.35.213.73 - - [18/Sep/2022:10:38:37 +0800] "POST /xingrg/services/DataTransmitService HTTP/1.1" 200 524
58.35.213.73 - - [18/Sep/2022:10:38:37 +0800] "POST /xingrg/services/DataTransmitService HTTP/1.1" 200 2147
58.35.213.73 - - [18/Sep/2022:10:38:37 +0800] "POST /xingrg/services/DataTransmitService HTTP/1.1" 200 524
58.35.213.73 - - [18/Sep/2022:10:38:38 +0800] "POST /xingrg/services/DataTransmitService HTTP/1.1" 200 2147
116.224.255.128 - - [18/Sep/2022:10:38:38 +0800] "POST /xingrg/kc/buy/cgsh_order_operate.html HTTP/1.1" 200 37
58.35.213.73 - - [18/Sep/2022:10:38:38 +0800] "POST /xingrg/services/DataTransmitService HTTP/1.1" 200 524
58.35.213.73 - - [18/Sep/2022:10:38:38 +0800] "POST /xingrg/services/DataTransmitService HTTP/1.1" 200 2147
180.169.147.146 - - [18/Sep/2022:10:38:38 +0800] "GET /xingrg/all/function/internal_message.html?_=1663468707414&CODE_STATE=getMsg HTTP/1.1" 200 27
58.35.213.73 - - [18/Sep/2022:10:38:38 +0800] "POST /xingrg/services/DataTransmitService HTTP/1.1" 200 524
114.83.217.204 - - [18/Sep/2022:10:38:39 +0800] "GET /xingrg/kc/buy/cgsh_order_operate.html?command=get_materiel&rest_code=00149&code=00101008284&supplier_code=00100008&order_time=2022-09-18 HTTP/1.1" 200 412
58.35.213.73 - - [18/Sep/2022:10:38:39 +0800] "POST /xingrg/services/DataTransmitService HTTP/1.1" 200 2147
58.35.213.73 - - [18/Sep/2022:10:38:39 +0800] "POST /xingrg/services/DataTransmitService HTTP/1.1" 200 524
58.35.213.73 - - [18/Sep/2022:10:38:39 +0800] "POST /xingrg/services/DataTransmitService HTTP/1.1" 200 2147
58.35.213.73 - - [18/Sep/2022:10:38:39 +0800] "POST /xingrg/services/DataTransmitService HTTP/1.1" 200 524
58.35.213.73 - - [18/Sep/2022:10:38:40 +0800] "POST /xingrg/services/DataTransmitService HTTP/1.1" 200 2147
58.35.213.73 - - [18/Sep/2022:10:38:40 +0800] "POST /xingrg/services/DataTransmitService HTTP/1.1" 200 524
58.35.213.73 - - [18/Sep/2022:10:38:40 +0800] "POST /xingrg/services/DataTransmitService HTTP/1.1" 200 2147
58.35.213.73 - - [18/Sep/2022:10:38:40 +0800] "POST /xingrg/services/DataTransmitService HTTP/1.1" 200 524
58.35.213.73 - - [18/Sep/2022:10:38:40 +0800] "POST /xingrg/services/DataTransmitService HTTP/1.1" 200 2147
58.35.213.73 - - [18/Sep/2022:10:38:41 +0800] "POST /xingrg/services/DataTransmitService HTTP/1.1" 200 524
58.35.213.73 - - [18/Sep/2022:10:38:41 +0800] "POST /xingrg/services/DataTransmitService HTTP/1.1" 200 2147
58.35.213.73 - - [18/Sep/2022:10:38:41 +0800] "POST /xingrg/services/DataTransmitService HTTP/1.1" 200 524
116.224.255.128 - - [18/Sep/2022:10:38:41 +0800] "POST /xingrg/kc/buy/cgsh_order_operate.html HTTP/1.1" 200 12
58.35.213.73 - - [18/Sep/2022:10:38:41 +0800] "POST /xingrg/services/DataTransmitService HTTP/1.1" 200 2147
58.35.213.73 - - [18/Sep/2022:10:38:42 +0800] "POST /xingrg/services/DataTransmitService HTTP/1.1" 200 524
58.35.213.73 - - [18/Sep/2022:10:38:42 +0800] "POST /xingrg/services/DataTransmitService HTTP/1.1" 200 2147
116.224.255.128 - - [18/Sep/2022:10:38:42 +0800] "GET /xingrg/kc/buy/cgsh_order_info.html?code=212022091806460 HTTP/1.1" 200 63223
116.224.255.128 - - [18/Sep/2022:10:38:43 +0800] "GET /xingrg/javascript/easyui/themes/default/validatebox.css HTTP/1.1" 404 1104
116.238.169.132 - - [18/Sep/2022:10:38:43 +0800] "GET /xingrg/all/function/internal_message.html?_=1663468720979&CODE_STATE=getMsg HTTP/1.1" 200 27
116.224.255.128 - - [18/Sep/2022:10:38:43 +0800] "POST /xingrg/kc/buy/cgsh_order_operate.html HTTP/1.1" 200 1795
116.224.255.128 - - [18/Sep/2022:10:38:45 +0800] "GET /xingrg/kc/print/load_data.html?order_code=212022091806460&kc_code=cgsh&condition= HTTP/1.1" 200 1217
120.253.135.82 - - [18/Sep/2022:10:38:45 +0800] "GET /xingrg/all/function/internal_message.html?_=1663468832319&CODE_STATE=getMsg HTTP/1.1" 200 27
222.70.182.161 - - [18/Sep/2022:10:38:45 +0800] "GET /xingrg/all/function/internal_message.html?_=1663468717217&CODE_STATE=getMsg HTTP/1.1" 200 27
114.83.217.204 - - [18/Sep/2022:10:38:49 +0800] "GET /xingrg/kc/buy/cgsh_order_operate.html?command=get_materiel&rest_code=00149&code=00101015038&supplier_code=00100008&order_time=2022-09-18 HTTP/1.1" 200 418
116.238.169.132 - - [18/Sep/2022:10:38:51 +0800] "GET /xingrg/all/function/internal_message.html?_=1663468728796&CODE_STATE=getMsg HTTP/1.1" 200 27
114.83.219.57 - - [18/Sep/2022:10:38:51 +0800] "POST /xingrg/kc/buy/cgsh_order_operate.html HTTP/1.1" 200 37
116.237.79.130 - - [18/Sep/2022:10:38:52 +0800] "GET /xingrg/check_reg.html?_=1663468723975 HTTP/1.1" 200 22
116.237.79.130 - - [18/Sep/2022:10:38:52 +0800] "GET /xingrg/all/function/internal_message.html?_=1663468723978&CODE_STATE=getMsg HTTP/1.1" 200 27
180.169.147.146 - - [18/Sep/2022:10:38:52 +0800] "GET /xingrg/all/function/internal_message.html?_=1663468728430&CODE_STATE=getMsg HTTP/1.1" 200 27
116.225.121.189 - - [18/Sep/2022:10:38:52 +0800] "GET /xingrg/kc/buy/buy_main.html HTTP/1.1" 200 12412
116.225.121.189 - - [18/Sep/2022:10:38:52 +0800] "GET /xingrg/css/new_ie.css HTTP/1.1" 404 1036
116.225.121.189 - - [18/Sep/2022:10:38:53 +0800] "GET /xingrg/images/yd/bt.gif HTTP/1.1" 404 1040
116.230.114.213 - - [18/Sep/2022:10:38:55 +0800] "POST /xingrg/kc/buy/cgsh_order_operate.html HTTP/1.1" 200 37
116.225.121.189 - - [18/Sep/2022:10:38:55 +0800] "GET /xingrg/kc/buy/cgsh_order_list.html HTTP/1.1" 200 52940
114.83.217.204 - - [18/Sep/2022:10:38:57 +0800] "POST /xingrg/kc/buy/cgsh_order_operate.html HTTP/1.1" 200 37
116.230.114.213 - - [18/Sep/2022:10:38:57 +0800] "POST /xingrg/kc/buy/cgsh_order_operate.html HTTP/1.1" 200 7993
116.230.105.139 - - [18/Sep/2022:10:38:58 +0800] "GET /xingrg/index.html?sysBaseUrl=http%3A%2F%2F180.169.147.146%3A18081%2Fxingrg%2F&costTime=55×tamp=1663464827152 HTTP/1.1" 200 17179
116.230.105.139 - - [18/Sep/2022:10:38:59 +0800] "POST /xingrg/all/common/load_tree.html?tree=area_rest_tree_json&manage=1 HTTP/1.1" 200 479
116.230.105.139 - - [18/Sep/2022:10:38:59 +0800] "GET /favicon.ico HTTP/1.1" 404 -
116.230.105.139 - - [18/Sep/2022:10:38:59 +0800] "GET /xingrg/all/function/internal_message.html?_=1663468728550&CODE_STATE=count HTTP/1.1" 200 11
116.230.105.139 - - [18/Sep/2022:10:38:59 +0800] "POST /xingrg/load_menu.html HTTP/1.1" 200 5138
116.230.105.139 - - [18/Sep/2022:10:38:59 +0800] "GET /xingrg/check_reg.html?_=1663468728551 HTTP/1.1" 200 22
114.83.219.57 - - [18/Sep/2022:10:39:00 +0800] "POST /xingrg/kc/buy/cgsh_order_operate.html HTTP/1.1" 200 12
116.230.114.213 - - [18/Sep/2022:10:39:00 +0800] "GET /xingrg/kc/print/load_data.html?order_code=212022091806462&kc_code=cgsh&condition= HTTP/1.1" 200 2718
180.169.147.146 - - [18/Sep/2022:10:39:00 +0800] "GET /xingrg/all/function/internal_message.html?_=1663468736657&CODE_STATE=getMsg HTTP/1.1" 200 27
114.88.158.224 - - [18/Sep/2022:10:39:01 +0800] "GET /xingrg/all/function/internal_message.html?_=1663468386019&CODE_STATE=getMsg HTTP/1.1" 200 27
114.83.219.57 - - [18/Sep/2022:10:39:01 +0800] "GET /xingrg/kc/buy/cgsh_order_info.html?code=212022091806461 HTTP/1.1" 200 62835
114.83.217.204 - - [18/Sep/2022:10:39:01 +0800] "POST /xingrg/kc/buy/cgsh_order_operate.html HTTP/1.1" 200 32220
114.83.219.57 - - [18/Sep/2022:10:39:01 +0800] "GET /xingrg/javascript/easyui/themes/default/validatebox.css HTTP/1.1" 404 1104
114.83.219.57 - - [18/Sep/2022:10:39:02 +0800] "POST /xingrg/kc/buy/cgsh_order_operate.html HTTP/1.1" 200 2499
116.225.121.189 - - [18/Sep/2022:10:39:02 +0800] "POST /xingrg/kc/buy/cgsh_list_operate.html HTTP/1.1" 200 4455
114.83.219.57 - - [18/Sep/2022:10:39:03 +0800] "GET /xingrg/kc/print/load_config.html?kc_code=cgsh HTTP/1.1" 200 1943
114.83.219.57 - - [18/Sep/2022:10:39:03 +0800] "GET /xingrg/kc/print/load_data.html?order_code=212022091806461&kc_code=cgsh&condition= HTTP/1.1" 200 1506
116.224.255.128 - - [18/Sep/2022:10:39:07 +0800] "GET /xingrg/all/function/internal_message.html?_=1663468744410&CODE_STATE=getMsg HTTP/1.1" 200 27
180.169.147.146 - - [18/Sep/2022:10:39:07 +0800] "GET /xingrg/check_reg.html?_=1663468745261 HTTP/1.1" 200 22
116.230.105.139 - - [18/Sep/2022:10:39:10 +0800] "GET /xingrg/kc/buy/buy_main.html HTTP/1.1" 200 12412
116.230.105.139 - - [18/Sep/2022:10:39:10 +0800] "GET /xingrg/css/new_ie.css HTTP/1.1" 404 1036
116.230.105.139 - - [18/Sep/2022:10:39:11 +0800] "GET /xingrg/images/yd/bt.gif HTTP/1.1" 404 1040
116.230.105.139 - - [18/Sep/2022:10:39:12 +0800] "GET /xingrg/kc/buy/cgyd_order_list.html HTTP/1.1" 200 52413
116.230.105.139 - - [18/Sep/2022:10:39:12 +0800] "POST /xingrg/kc/buy/cgyd_list_operate.html HTTP/1.1" 200 976
116.230.114.213 - - [18/Sep/2022:10:39:13 +0800] "GET /xingrg/all/function/internal_message.html?_=1663468751497&CODE_STATE=getMsg HTTP/1.1" 200 27
116.225.121.189 - - [18/Sep/2022:10:39:14 +0800] "GET /xingrg/all/function/internal_message.html?_=1663468610628&CODE_STATE=getMsg HTTP/1.1" 200 27
124.79.74.72 - - [18/Sep/2022:10:39:14 +0800] "GET /xingrg/all/function/internal_message.html?_=1663468750791&CODE_STATE=getMsg HTTP/1.1" 200 27
116.230.105.139 - - [18/Sep/2022:10:39:15 +0800] "GET /xingrg/kc/buy/buy_main.html HTTP/1.1" 200 12412
180.169.147.146 - - [18/Sep/2022:10:39:15 +0800] "GET /xingrg/all/function/internal_message.html?_=1663468752472&CODE_STATE=getMsg HTTP/1.1" 200 27
116.230.105.139 - - [18/Sep/2022:10:39:15 +0800] "GET /xingrg/css/new_ie.css HTTP/1.1" 404 1036
116.225.121.189 - - [18/Sep/2022:10:39:15 +0800] "GET /xingrg/check_reg.html?_=1663468611788 HTTP/1.1" 200 22
116.230.105.139 - - [18/Sep/2022:10:39:15 +0800] "GET /xingrg/images/yd/bt.gif HTTP/1.1" 404 1040
116.230.105.139 - - [18/Sep/2022:10:39:16 +0800] "GET /xingrg/kc/buy/cgsh_order_list.html HTTP/1.1" 200 52946
116.225.121.189 - - [18/Sep/2022:10:39:18 +0800] "POST /xingrg/kc/buy/cgsh_list_operate.html HTTP/1.1" 200 346
114.83.219.57 - - [18/Sep/2022:10:39:18 +0800] "GET /xingrg/all/function/internal_message.html?_=1663468838598&CODE_STATE=getMsg HTTP/1.1" 200 27
116.230.105.139 - - [18/Sep/2022:10:39:19 +0800] "POST /xingrg/kc/buy/cgsh_list_operate.html HTTP/1.1" 200 2952
116.225.121.189 - - [18/Sep/2022:10:39:24 +0800] "POST /xingrg/kc/buy/cgsh_list_operate.html HTTP/1.1" 200 569
116.225.121.189 - - [18/Sep/2022:10:39:27 +0800] "GET /xingrg/kc/buy/cgsh_order_info.html?code=212022091806434 HTTP/1.1" 200 68807
116.225.121.189 - - [18/Sep/2022:10:39:28 +0800] "GET /xingrg/javascript/easyui/themes/default/validatebox.css HTTP/1.1" 404 1104
116.225.121.189 - - [18/Sep/2022:10:39:29 +0800] "POST /xingrg/kc/buy/cgsh_order_operate.html HTTP/1.1" 200 39314
116.238.169.132 - - [18/Sep/2022:10:39:30 +0800] "GET /xingrg/all/function/internal_message.html?_=1663468766747&CODE_STATE=getMsg HTTP/1.1" 200 27
116.237.79.130 - - [18/Sep/2022:10:39:30 +0800] "GET /xingrg/all/function/internal_message.html?_=1663468766414&CODE_STATE=getMsg HTTP/1.1" 200 27
114.83.217.204 - - [18/Sep/2022:10:39:30 +0800] "GET /xingrg/all/function/internal_message.html?_=1663468767023&CODE_STATE=getMsg HTTP/1.1" 200 27
116.225.121.189 - - [18/Sep/2022:10:39:34 +0800] "GET /xingrg/all/function/internal_message.html?_=1663468771550&CODE_STATE=getMsg HTTP/1.1" 200 27
116.230.114.213 - - [18/Sep/2022:10:39:34 +0800] "GET /xingrg/kc/buy/cgsh_order_add.html HTTP/1.1" 200 68684
124.79.74.72 - - [18/Sep/2022:10:39:34 +0800] "GET /xingrg/check_reg.html?_=1663468771059 HTTP/1.1" 200 22
116.230.114.213 - - [18/Sep/2022:10:39:35 +0800] "POST /xingrg/kc/buy/cgsh_order_operate.html HTTP/1.1" 200 8245
116.230.114.213 - - [18/Sep/2022:10:39:35 +0800] "GET /xingrg/javascript/easyui/themes/default/validatebox.css HTTP/1.1" 404 1104
180.169.147.146 - - [18/Sep/2022:10:39:38 +0800] "GET /xingrg/all/function/internal_message.html?_=1663468767412&CODE_STATE=getMsg HTTP/1.1" 200 27
116.230.105.139 - - [18/Sep/2022:10:39:43 +0800] "POST /xingrg/kc/buy/cgsh_list_operate.html HTTP/1.1" 200 575
116.238.169.132 - - [18/Sep/2022:10:39:43 +0800] "GET /xingrg/all/function/internal_message.html?_=1663468780980&CODE_STATE=getMsg HTTP/1.1" 200 27
120.253.135.82 - - [18/Sep/2022:10:39:45 +0800] "GET /xingrg/all/function/internal_message.html?_=1663468892329&CODE_STATE=getMsg HTTP/1.1" 200 27
222.70.182.161 - - [18/Sep/2022:10:39:45 +0800] "GET /xingrg/all/function/internal_message.html?_=1663468777217&CODE_STATE=getMsg HTTP/1.1" 200 27
116.230.105.139 - - [18/Sep/2022:10:39:48 +0800] "GET /xingrg/kc/buy/cgsh_order_add.html HTTP/1.1" 200 68728
116.230.105.139 - - [18/Sep/2022:10:39:49 +0800] "POST /xingrg/kc/buy/cgsh_order_operate.html HTTP/1.1" 200 8245
116.230.105.139 - - [18/Sep/2022:10:39:49 +0800] "GET /xingrg/all/common/auto_word.html?type=employee&rest_code=00155 HTTP/1.1" 200 205
116.230.105.139 - - [18/Sep/2022:10:39:49 +0800] "GET /xingrg/javascript/easyui/themes/default/validatebox.css HTTP/1.1" 404 1104
116.230.105.139 - - [18/Sep/2022:10:39:49 +0800] "GET /xingrg/all/common/auto_word.html?type=employee&rest_code=00155 HTTP/1.1" 200 205
116.230.114.213 - - [18/Sep/2022:10:39:49 +0800] "GET /xingrg/check_reg.html?_=1663468787343 HTTP/1.1" 200 22
116.238.169.132 - - [18/Sep/2022:10:39:51 +0800] "GET /xingrg/all/function/internal_message.html?_=1663468788770&CODE_STATE=getMsg HTTP/1.1" 200 27
116.237.79.130 - - [18/Sep/2022:10:39:52 +0800] "GET /xingrg/all/function/internal_message.html?_=1663468783962&CODE_STATE=getMsg HTTP/1.1" 200 27
180.169.147.146 - - [18/Sep/2022:10:39:52 +0800] "GET /xingrg/check_reg.html?_=1663468788433 HTTP/1.1" 200 22
180.169.147.146 - - [18/Sep/2022:10:39:52 +0800] "GET /xingrg/all/function/internal_message.html?_=1663468788435&CODE_STATE=getMsg HTTP/1.1" 200 27
116.230.114.213 - - [18/Sep/2022:10:39:58 +0800] "GET /xingrg/kc/buy/cgsh_order_operate.html?command=get_materiel&rest_code=00146&code=00101007061&supplier_code=00100002&order_time=2022-09-18 HTTP/1.1" 200 409
116.230.105.139 - - [18/Sep/2022:10:39:59 +0800] "GET /xingrg/all/function/internal_message.html?_=1663468788565&CODE_STATE=getMsg HTTP/1.1" 200 27
180.169.147.146 - - [18/Sep/2022:10:40:00 +0800] "GET /xingrg/all/function/internal_message.html?_=1663468796657&CODE_STATE=getMsg HTTP/1.1" 200 27
114.88.158.224 - - [18/Sep/2022:10:40:01 +0800] "GET /xingrg/all/function/internal_message.html?_=1663468446023&CODE_STATE=getMsg HTTP/1.1" 200 27
180.163.29.206 - - [18/Sep/2022:10:40:03 +0800] "GET /xingrg/kc/buy/cgsh_order_operate.html?command=get_materiel&rest_code=00106&code=00102001231&supplier_code=00100151&order_time=2022-09-18 HTTP/1.1" 302 -
180.163.29.206 - - [18/Sep/2022:10:40:03 +0800] "GET /xingrg/login.html HTTP/1.1" 200 7641
116.224.255.128 - - [18/Sep/2022:10:40:07 +0800] "GET /xingrg/all/function/internal_message.html?_=1663468804410&CODE_STATE=getMsg HTTP/1.1" 200 27
116.230.114.213 - - [18/Sep/2022:10:40:13 +0800] "GET /xingrg/all/function/internal_message.html?_=1663468811508&CODE_STATE=getMsg HTTP/1.1" 200 27
116.225.121.189 - - [18/Sep/2022:10:40:14 +0800] "GET /xingrg/all/function/internal_message.html?_=1663468670597&CODE_STATE=getMsg HTTP/1.1" 200 27
124.79.74.72 - - [18/Sep/2022:10:40:14 +0800] "GET /xingrg/all/function/internal_message.html?_=1663468810763&CODE_STATE=getMsg HTTP/1.1" 200 27
180.169.147.146 - - [18/Sep/2022:10:40:15 +0800] "GET /xingrg/all/function/internal_message.html?_=1663468812457&CODE_STATE=getMsg HTTP/1.1" 200 27
114.83.219.57 - - [18/Sep/2022:10:40:18 +0800] "GET /xingrg/all/function/internal_message.html?_=1663468898607&CODE_STATE=getMsg HTTP/1.1" 200 27
114.83.219.57 - - [18/Sep/2022:10:40:18 +0800] "GET /xingrg/check_reg.html?_=1663468898609 HTTP/1.1" 200 22
116.237.79.130 - - [18/Sep/2022:10:40:19 +0800] "GET /xingrg/check_reg.html?_=1663468815869 HTTP/1.1" 200 22
116.230.105.139 - - [18/Sep/2022:10:40:22 +0800] "GET /xingrg/javascript/auto/indicator.gif HTTP/1.1" 404 1066
116.230.105.139 - - [18/Sep/2022:10:40:25 +0800] "GET /xingrg/javascript/jquery_tools/images/prev.gif HTTP/1.1" 404 1086
116.230.105.139 - - [18/Sep/2022:10:40:25 +0800] "GET /xingrg/javascript/jquery_tools/images/next.gif HTTP/1.1" 404 1086
116.238.169.132 - - [18/Sep/2022:10:40:30 +0800] "GET /xingrg/check_reg.html?_=1663468826759 HTTP/1.1" 200 22
116.238.169.132 - - [18/Sep/2022:10:40:30 +0800] "GET /xingrg/all/function/internal_message.html?_=1663468826755&CODE_STATE=getMsg HTTP/1.1" 200 27
116.237.79.130 - - [18/Sep/2022:10:40:30 +0800] "GET /xingrg/all/function/internal_message.html?_=1663468826385&CODE_STATE=getMsg HTTP/1.1" 200 27
116.230.114.213 - - [18/Sep/2022:10:40:30 +0800] "GET /xingrg/kc/buy/cgsh_order_operate.html?command=get_materiel&rest_code=00146&code=00101007032&supplier_code=00100002&order_time=2022-09-18 HTTP/1.1" 200 432
114.83.217.204 - - [18/Sep/2022:10:40:31 +0800] "GET /xingrg/all/function/internal_message.html?_=1663468827519&CODE_STATE=getMsg HTTP/1.1" 200 27
114.83.217.204 - - [18/Sep/2022:10:40:33 +0800] "POST /xingrg/kc/buy/cgsh_order_operate.html HTTP/1.1" 200 37
116.238.169.132 - - [18/Sep/2022:10:40:34 +0800] "POST /xingrg/services/DataTransmitService HTTP/1.1" 200 524
116.225.121.189 - - [18/Sep/2022:10:40:34 +0800] "GET /xingrg/all/function/internal_message.html?_=1663468831550&CODE_STATE=getMsg HTTP/1.1" 200 27
116.225.121.189 - - [18/Sep/2022:10:40:34 +0800] "GET /xingrg/check_reg.html?_=1663468831554 HTTP/1.1" 200 22
180.169.147.146 - - [18/Sep/2022:10:40:38 +0800] "GET /xingrg/all/function/internal_message.html?_=1663468827409&CODE_STATE=getMsg HTTP/1.1" 200 27
116.230.105.139 - - [18/Sep/2022:10:40:41 +0800] "GET /xingrg/kc/buy/cgsh_order_operate.html?command=get_materiel&rest_code=00155&code=00101009113&supplier_code=00100037&order_time=2022-09-18 HTTP/1.1" 200 413
114.83.217.204 - - [18/Sep/2022:10:40:43 +0800] "POST /xingrg/kc/buy/cgsh_order_operate.html HTTP/1.1" 200 12
116.238.169.132 - - [18/Sep/2022:10:40:43 +0800] "GET /xingrg/all/function/internal_message.html?_=1663468840992&CODE_STATE=getMsg HTTP/1.1" 200 27
120.253.135.82 - - [18/Sep/2022:10:40:45 +0800] "GET /xingrg/check_reg.html?_=1663468952085 HTTP/1.1" 200 22
120.253.135.82 - - [18/Sep/2022:10:40:45 +0800] "GET /xingrg/all/function/internal_message.html?_=1663468952343&CODE_STATE=getMsg HTTP/1.1" 200 27
222.70.182.161 - - [18/Sep/2022:10:40:45 +0800] "GET /xingrg/all/function/internal_message.html?_=1663468837216&CODE_STATE=getMsg HTTP/1.1" 200 27
116.238.169.132 - - [18/Sep/2022:10:40:45 +0800] "GET /xingrg/check_reg.html?_=1663468842789 HTTP/1.1" 200 22
116.238.169.132 - - [18/Sep/2022:10:40:51 +0800] "GET /xingrg/all/function/internal_message.html?_=1663468848756&CODE_STATE=getMsg HTTP/1.1" 200 27
120.253.135.82 - - [18/Sep/2022:10:40:51 +0800] "GET /xingrg/check_reg.html?_=1663468647682 HTTP/1.1" 200 22
116.237.79.130 - - [18/Sep/2022:10:40:52 +0800] "GET /xingrg/all/function/internal_message.html?_=1663468843977&CODE_STATE=getMsg HTTP/1.1" 200 27
180.169.147.146 - - [18/Sep/2022:10:40:52 +0800] "GET /xingrg/all/function/internal_message.html?_=1663468848428&CODE_STATE=getMsg HTTP/1.1" 200 27
116.230.114.213 - - [18/Sep/2022:10:40:55 +0800] "GET /xingrg/kc/buy/cgsh_order_operate.html?command=get_materiel&rest_code=00146&code=00101007090&supplier_code=00100002&order_time=2022-09-18 HTTP/1.1" 200 415
116.230.105.139 - - [18/Sep/2022:10:40:59 +0800] "GET /xingrg/all/function/internal_message.html?_=1663468848559&CODE_STATE=getMsg HTTP/1.1" 200 27
114.83.217.204 - - [18/Sep/2022:10:41:00 +0800] "GET /xingrg/kc/buy/cgsh_order_info.html?code=212022091806463 HTTP/1.1" 200 63713
180.169.147.146 - - [18/Sep/2022:10:41:00 +0800] "GET /xingrg/all/function/internal_message.html?_=1663468856654&CODE_STATE=getMsg HTTP/1.1" 200 27
114.83.217.204 - - [18/Sep/2022:10:41:00 +0800] "GET /xingrg/javascript/easyui/themes/default/validatebox.css HTTP/1.1" 404 1104
114.88.158.224 - - [18/Sep/2022:10:41:01 +0800] "GET /xingrg/all/function/internal_message.html?_=1663468506028&CODE_STATE=getMsg HTTP/1.1" 200 27
114.83.217.204 - - [18/Sep/2022:10:41:01 +0800] "POST /xingrg/kc/buy/cgsh_order_operate.html HTTP/1.1" 200 30165
116.224.255.128 - - [18/Sep/2022:10:41:07 +0800] "GET /xingrg/all/function/internal_message.html?_=1663468864407&CODE_STATE=getMsg HTTP/1.1" 200 27
116.230.114.213 - - [18/Sep/2022:10:41:13 +0800] "GET /xingrg/all/function/internal_message.html?_=1663468871522&CODE_STATE=getMsg HTTP/1.1" 200 27
116.225.121.189 - - [18/Sep/2022:10:41:14 +0800] "GET /xingrg/all/function/internal_message.html?_=1663468730573&CODE_STATE=getMsg HTTP/1.1" 200 27
114.83.217.204 - - [18/Sep/2022:10:41:14 +0800] "GET /xingrg/kc/print/load_config.html?kc_code=cgsh HTTP/1.1" 200 1943
124.79.74.72 - - [18/Sep/2022:10:41:14 +0800] "GET /xingrg/all/function/internal_message.html?_=1663468870733&CODE_STATE=getMsg HTTP/1.1" 200 27
114.83.217.204 - - [18/Sep/2022:10:41:14 +0800] "GET /xingrg/kc/print/load_data.html?order_code=212022091806463&kc_code=cgsh&condition= HTTP/1.1" 200 11881
180.169.147.146 - - [18/Sep/2022:10:41:14 +0800] "GET /xingrg/all/function/internal_message.html?_=1663468872427&CODE_STATE=getMsg HTTP/1.1" 200 27
114.83.219.57 - - [18/Sep/2022:10:41:18 +0800] "GET /xingrg/all/function/internal_message.html?_=1663468958615&CODE_STATE=getMsg HTTP/1.1" 200 27
180.163.28.143 - - [18/Sep/2022:10:41:19 +0800] "GET /xingrg/kc/print/load_data.html?order_code=212022091806443&kc_code=cgsh&condition= HTTP/1.1" 302 -
180.163.28.143 - - [18/Sep/2022:10:41:20 +0800] "GET /xingrg/login.html HTTP/1.1" 200 7641
116.238.169.132 - - [18/Sep/2022:10:41:30 +0800] "GET /xingrg/all/function/internal_message.html?_=1663468886749&CODE_STATE=getMsg HTTP/1.1" 200 27
116.237.79.130 - - [18/Sep/2022:10:41:30 +0800] "GET /xingrg/all/function/internal_message.html?_=1663468886371&CODE_STATE=getMsg HTTP/1.1" 200 27
114.83.217.204 - - [18/Sep/2022:10:41:30 +0800] "GET /xingrg/check_reg.html?_=1663468887019 HTTP/1.1" 200 22
114.83.217.204 - - [18/Sep/2022:10:41:31 +0800] "GET /xingrg/all/function/internal_message.html?_=1663468887502&CODE_STATE=getMsg HTTP/1.1" 200 27
114.83.217.204 - - [18/Sep/2022:10:41:31 +0800] "GET /xingrg/kc/buy/cgsh_order_add.html HTTP/1.1" 200 68810
114.83.217.204 - - [18/Sep/2022:10:41:31 +0800] "POST /xingrg/kc/buy/cgsh_order_operate.html HTTP/1.1" 200 8245
114.83.217.204 - - [18/Sep/2022:10:41:31 +0800] "GET /xingrg/javascript/easyui/themes/default/validatebox.css HTTP/1.1" 404 1104
116.225.121.189 - - [18/Sep/2022:10:41:34 +0800] "GET /xingrg/all/function/internal_message.html?_=1663468891553&CODE_STATE=getMsg HTTP/1.1" 200 27
180.169.147.146 - - [18/Sep/2022:10:41:38 +0800] "GET /xingrg/kc/buy/cgsh_order_add.html HTTP/1.1" 200 68725
180.169.147.146 - - [18/Sep/2022:10:41:38 +0800] "POST /xingrg/kc/buy/cgsh_order_operate.html HTTP/1.1" 200 8245
180.169.147.146 - - [18/Sep/2022:10:41:38 +0800] "GET /xingrg/javascript/easyui/themes/default/validatebox.css HTTP/1.1" 404 1104
180.169.147.146 - - [18/Sep/2022:10:41:38 +0800] "GET /xingrg/all/function/internal_message.html?_=1663468887411&CODE_STATE=getMsg HTTP/1.1" 200 27
180.169.147.146 - - [18/Sep/2022:10:41:38 +0800] "GET /xingrg/check_reg.html?_=1663468887412 HTTP/1.1" 200 22
116.238.169.132 - - [18/Sep/2022:10:41:43 +0800] "GET /xingrg/all/function/internal_message.html?_=1663468900996&CODE_STATE=getMsg HTTP/1.1" 200 27
116.238.169.132 - - [18/Sep/2022:10:41:45 +0800] "GET /xingrg/kc/buy/cgsh_order_operate.html?command=get_materiel&rest_code=00102&code=00101008233&supplier_code=00100008&order_time=2022-09-18 HTTP/1.1" 200 408
120.253.135.82 - - [18/Sep/2022:10:41:45 +0800] "GET /xingrg/all/function/internal_message.html?_=1663469012357&CODE_STATE=getMsg HTTP/1.1" 200 27
222.70.182.161 - - [18/Sep/2022:10:41:45 +0800] "GET /xingrg/check_reg.html?_=1663468897218 HTTP/1.1" 200 22
222.70.182.161 - - [18/Sep/2022:10:41:45 +0800] "GET /xingrg/all/function/internal_message.html?_=1663468897221&CODE_STATE=getMsg HTTP/1.1" 200 27
116.238.169.132 - - [18/Sep/2022:10:41:47 +0800] "POST /xingrg/kc/buy/cgsh_order_operate.html HTTP/1.1" 200 2065
180.169.147.146 - - [18/Sep/2022:10:41:47 +0800] "GET /xingrg/javascript/jquery_tools/images/prev.gif HTTP/1.1" 404 1086
180.169.147.146 - - [18/Sep/2022:10:41:47 +0800] "GET /xingrg/javascript/jquery_tools/images/next.gif HTTP/1.1" 404 1086
116.238.169.132 - - [18/Sep/2022:10:41:51 +0800] "GET /xingrg/kc/buy/cgsh_order_operate.html?command=get_materiel&rest_code=00102&code=00101008318&supplier_code=00100008&order_time=2022-09-18 HTTP/1.1" 200 408
116.238.169.132 - - [18/Sep/2022:10:41:51 +0800] "GET /xingrg/all/function/internal_message.html?_=1663468908759&CODE_STATE=getMsg HTTP/1.1" 200 27
116.237.79.130 - - [18/Sep/2022:10:41:52 +0800] "GET /xingrg/all/function/internal_message.html?_=1663468903976&CODE_STATE=getMsg HTTP/1.1" 200 27
180.169.147.146 - - [18/Sep/2022:10:41:52 +0800] "GET /xingrg/all/function/internal_message.html?_=1663468908433&CODE_STATE=getMsg HTTP/1.1" 200 27
180.169.147.146 - - [18/Sep/2022:10:41:55 +0800] "GET /xingrg/kc/buy/cgsh_order_operate.html?command=get_materiel&rest_code=00147&code=00101001010&supplier_code=00100454&order_time=2022-09-18 HTTP/1.1" 200 409
101.85.93.113 - - [18/Sep/2022:10:41:56 +0800] "GET /favicon.ico HTTP/1.1" 404 -
116.238.169.132 - - [18/Sep/2022:10:41:58 +0800] "GET /xingrg/kc/buy/cgsh_order_operate.html?command=get_materiel&rest_code=00102&code=00101008352&supplier_code=00100008&order_time=2022-09-18 HTTP/1.1" 200 412
116.230.105.139 - - [18/Sep/2022:10:41:59 +0800] "GET /xingrg/all/function/internal_message.html?_=1663468908564&CODE_STATE=getMsg HTTP/1.1" 200 27
180.169.147.146 - - [18/Sep/2022:10:42:00 +0800] "GET /xingrg/all/function/internal_message.html?_=1663468916657&CODE_STATE=getMsg HTTP/1.1" 200 27
101.85.93.113 - - [18/Sep/2022:10:42:00 +0800] "GET /xingrg/login.html HTTP/1.1" 200 7641
114.88.158.224 - - [18/Sep/2022:10:42:01 +0800] "GET /xingrg/all/function/internal_message.html?_=1663468566043&CODE_STATE=getMsg HTTP/1.1" 200 27
101.85.93.113 - - [18/Sep/2022:10:42:01 +0800] "GET /xingrg/images/blue/jxLogo.png HTTP/1.1" 304 -
101.85.93.113 - - [18/Sep/2022:10:42:01 +0800] "GET /xingrg/images/blue/login_bg.png HTTP/1.1" 304 -
101.85.93.113 - - [18/Sep/2022:10:42:01 +0800] "GET /xingrg/images/blue/srbg.png HTTP/1.1" 304 -
101.85.93.113 - - [18/Sep/2022:10:42:01 +0800] "GET /xingrg/images/blue/hj.png HTTP/1.1" 304 -
101.85.93.113 - - [18/Sep/2022:10:42:01 +0800] "GET /favicon.ico HTTP/1.1" 404 -
180.169.147.146 - - [18/Sep/2022:10:42:05 +0800] "POST /xingrg/kc/buy/cgsh_order_operate.html HTTP/1.1" 200 37
116.224.255.128 - - [18/Sep/2022:10:42:07 +0800] "GET /xingrg/check_reg.html?_=1663468924409 HTTP/1.1" 200 22
116.224.255.128 - - [18/Sep/2022:10:42:07 +0800] "GET /xingrg/all/function/internal_message.html?_=1663468924411&CODE_STATE=getMsg HTTP/1.1" 200 27
116.238.169.132 - - [18/Sep/2022:10:42:09 +0800] "GET /xingrg/kc/buy/cgsh_order_operate.html?command=get_materiel&rest_code=00102&code=00101008098&supplier_code=00100008&order_time=2022-09-18 HTTP/1.1" 200 414
116.225.121.189 - - [18/Sep/2022:10:42:10 +0800] "POST /xingrg/kc/buy/cgsh_list_operate.html HTTP/1.1" 200 581
116.225.121.189 - - [18/Sep/2022:10:42:12 +0800] "GET /xingrg/kc/buy/cgsh_order_info.html?code=212022091806427 HTTP/1.1" 200 68807
116.225.121.189 - - [18/Sep/2022:10:42:12 +0800] "GET /xingrg/javascript/easyui/themes/default/validatebox.css HTTP/1.1" 404 1104
116.225.121.189 - - [18/Sep/2022:10:42:13 +0800] "POST /xingrg/kc/buy/cgsh_order_operate.html HTTP/1.1" 200 8050
116.230.114.213 - - [18/Sep/2022:10:42:13 +0800] "GET /xingrg/all/function/internal_message.html?_=1663468931741&CODE_STATE=getMsg HTTP/1.1" 200 27
116.225.121.189 - - [18/Sep/2022:10:42:14 +0800] "GET /xingrg/all/function/internal_message.html?_=1663468790571&CODE_STATE=getMsg HTTP/1.1" 200 27
124.79.74.72 - - [18/Sep/2022:10:42:14 +0800] "GET /xingrg/all/function/internal_message.html?_=1663468930703&CODE_STATE=getMsg HTTP/1.1" 200 27
180.169.147.146 - - [18/Sep/2022:10:42:14 +0800] "GET /xingrg/all/function/internal_message.html?_=1663468932437&CODE_STATE=getMsg HTTP/1.1" 200 27
180.169.147.146 - - [18/Sep/2022:10:42:15 +0800] "POST /xingrg/kc/buy/cgsh_order_operate.html HTTP/1.1" 200 2654
180.169.147.146 - - [18/Sep/2022:10:42:15 +0800] "GET /xingrg/kc/print/load_config.html?kc_code=cgsh HTTP/1.1" 200 1943
180.169.147.146 - - [18/Sep/2022:10:42:15 +0800] "GET /xingrg/kc/print/load_data.html?order_code=212022091806464&kc_code=cgsh&condition= HTTP/1.1" 200 676
114.83.219.57 - - [18/Sep/2022:10:42:18 +0800] "GET /xingrg/all/function/internal_message.html?_=1663469018614&CODE_STATE=getMsg HTTP/1.1" 200 27
116.238.169.132 - - [18/Sep/2022:10:42:21 +0800] "GET /xingrg/kc/buy/cgsh_order_operate.html?command=get_materiel&rest_code=00102&code=00101008005&supplier_code=00100008&order_time=2022-09-18 HTTP/1.1" 200 412
114.84.81.136 - - [18/Sep/2022:10:42:22 +0800] "GET /xingrg/check_reg.html?_=1663468936775 HTTP/1.1" 200 22
180.169.147.146 - - [18/Sep/2022:10:42:23 +0800] "GET /xingrg/kc/buy/cgsh_order_add.html HTTP/1.1" 200 68725
180.169.147.146 - - [18/Sep/2022:10:42:23 +0800] "POST /xingrg/kc/buy/cgsh_order_operate.html HTTP/1.1" 200 8245
180.169.147.146 - - [18/Sep/2022:10:42:23 +0800] "GET /xingrg/javascript/easyui/themes/default/validatebox.css HTTP/1.1" 404 1104
116.238.169.132 - - [18/Sep/2022:10:42:29 +0800] "GET /xingrg/kc/buy/cgsh_order_operate.html?command=get_materiel&rest_code=00102&code=00101008271&supplier_code=00100008&order_time=2022-09-18 HTTP/1.1" 200 408
116.238.169.132 - - [18/Sep/2022:10:42:30 +0800] "GET /xingrg/all/function/internal_message.html?_=1663468946743&CODE_STATE=getMsg HTTP/1.1" 200 27
116.237.79.130 - - [18/Sep/2022:10:42:30 +0800] "GET /xingrg/all/function/internal_message.html?_=1663468946343&CODE_STATE=getMsg HTTP/1.1" 200 27
114.83.217.204 - - [18/Sep/2022:10:42:31 +0800] "GET /xingrg/all/function/internal_message.html?_=1663468947469&CODE_STATE=getMsg HTTP/1.1" 200 27
116.238.169.132 - - [18/Sep/2022:10:42:32 +0800] "POST /xingrg/kc/buy/cgsh_order_operate.html HTTP/1.1" 200 2065
116.225.121.189 - - [18/Sep/2022:10:42:34 +0800] "GET /xingrg/all/function/internal_message.html?_=1663468951554&CODE_STATE=getMsg HTTP/1.1" 200 27
116.238.169.132 - - [18/Sep/2022:10:42:36 +0800] "GET /xingrg/kc/buy/cgsh_order_operate.html?command=get_materiel&rest_code=00102&code=00101008245&supplier_code=00100008&order_time=2022-09-18 HTTP/1.1" 200 408
116.237.79.130 - - [18/Sep/2022:10:42:37 +0800] "GET /favicon.ico HTTP/1.1" 404 -
114.84.81.136 - - [18/Sep/2022:10:42:37 +0800] "GET /xingrg/kc/base/wldb_order_operate.html?command=get_materiel&rest_code=00148&base_code=0010001&code=00101019258 HTTP/1.1" 200 483
180.169.147.146 - - [18/Sep/2022:10:42:37 +0800] "GET /xingrg/kc/buy/cgsh_order_operate.html?command=get_materiel&rest_code=00147&code=00101002016&supplier_code=00100454&order_time=2022-09-18 HTTP/1.1" 200 413
180.169.147.146 - - [18/Sep/2022:10:42:38 +0800] "GET /xingrg/all/function/internal_message.html?_=1663468947418&CODE_STATE=getMsg HTTP/1.1" 200 27
116.238.169.132 - - [18/Sep/2022:10:42:41 +0800] "GET /xingrg/kc/buy/cgsh_order_operate.html?command=get_materiel&rest_code=00102&code=00101008353&supplier_code=00100008&order_time=2022-09-18 HTTP/1.1" 200 428
116.238.169.132 - - [18/Sep/2022:10:42:43 +0800] "GET /xingrg/check_reg.html?_=1663468960999 HTTP/1.1" 200 22
116.238.169.132 - - [18/Sep/2022:10:42:43 +0800] "GET /xingrg/all/function/internal_message.html?_=1663468961003&CODE_STATE=getMsg HTTP/1.1" 200 27
120.253.135.82 - - [18/Sep/2022:10:42:45 +0800] "GET /xingrg/all/function/internal_message.html?_=1663469072370&CODE_STATE=getMsg HTTP/1.1" 200 27
222.70.182.161 - - [18/Sep/2022:10:42:45 +0800] "GET /xingrg/all/function/internal_message.html?_=1663468957221&CODE_STATE=getMsg HTTP/1.1" 200 27
116.238.169.132 - - [18/Sep/2022:10:42:49 +0800] "GET /xingrg/kc/buy/cgsh_order_operate.html?command=get_materiel&rest_code=00102&code=00101008610&supplier_code=00100008&order_time=2022-09-18 HTTP/1.1" 200 413
116.230.114.213 - - [18/Sep/2022:10:42:50 +0800] "GET /xingrg/kc/buy/cgsh_order_operate.html?command=get_materiel&rest_code=00146&code=00101007085&supplier_code=00100002&order_time=2022-09-18 HTTP/1.1" 200 433
116.238.169.132 - - [18/Sep/2022:10:42:51 +0800] "GET /xingrg/all/function/internal_message.html?_=1663468968740&CODE_STATE=getMsg HTTP/1.1" 200 27
116.237.79.130 - - [18/Sep/2022:10:42:52 +0800] "GET /xingrg/all/function/internal_message.html?_=1663468963975&CODE_STATE=getMsg HTTP/1.1" 200 27
180.169.147.146 - - [18/Sep/2022:10:42:52 +0800] "GET /xingrg/all/function/internal_message.html?_=1663468968429&CODE_STATE=getMsg HTTP/1.1" 200 27
101.85.93.113 - - [18/Sep/2022:10:42:53 +0800] "POST /xingrg/login.do HTTP/1.1" 302 -
101.85.93.113 - - [18/Sep/2022:10:42:53 +0800] "GET /xingrg/javascript/jquery_easy_ui/themes/default/easyui.css HTTP/1.1" 304 -
101.85.93.113 - - [18/Sep/2022:10:42:53 +0800] "GET /xingrg/javascript/jquery_easy_ui/themes/icon.css HTTP/1.1" 304 -
101.85.93.113 - - [18/Sep/2022:10:42:53 +0800] "GET /xingrg/index.html?sysBaseUrl=http%3A%2F%2F180.169.147.146%3A18081%2Fxingrg%2F&costTime=42×tamp=1663468973792 HTTP/1.1" 200 17179
101.85.93.113 - - [18/Sep/2022:10:42:53 +0800] "GET /xingrg/javascript/jquery_easy_ui/easyui-lang-zh_CN.js HTTP/1.1" 304 -
101.85.93.113 - - [18/Sep/2022:10:42:53 +0800] "GET /xingrg/javascript/jquery.form.js HTTP/1.1" 304 -
101.85.93.113 - - [18/Sep/2022:10:42:53 +0800] "GET /xingrg/javascript/jquery.utils.js HTTP/1.1" 304 -
101.85.93.113 - - [18/Sep/2022:10:42:53 +0800] "GET /xingrg/javascript/jquery.timers.js HTTP/1.1" 304 -
101.85.93.113 - - [18/Sep/2022:10:42:53 +0800] "GET /xingrg/css/form.css HTTP/1.1" 304 -
101.85.93.113 - - [18/Sep/2022:10:42:53 +0800] "GET /xingrg/javascript/jquery-1.4.2.min.js HTTP/1.1" 304 -
101.85.93.113 - - [18/Sep/2022:10:42:53 +0800] "GET /xingrg/javascript/jquery_easy_ui/jquery.easyui.min.js HTTP/1.1" 304 -
101.85.93.113 - - [18/Sep/2022:10:42:54 +0800] "GET /favicon.ico HTTP/1.1" 404 -
101.85.93.113 - - [18/Sep/2022:10:42:54 +0800] "GET /xingrg/javascript/jquery_easy_ui/themes/icons/settle_new.png HTTP/1.1" 304 -
101.85.93.113 - - [18/Sep/2022:10:42:54 +0800] "GET /xingrg/images/blue/navBackgound.jpg HTTP/1.1" 304 -
101.85.93.113 - - [18/Sep/2022:10:42:54 +0800] "POST /xingrg/all/common/load_tree.html?tree=area_rest_tree_json&manage=1 HTTP/1.1" 200 351
101.85.93.113 - - [18/Sep/2022:10:42:54 +0800] "GET /xingrg/images/blue/pingpu.png HTTP/1.1" 304 -
101.85.93.113 - - [18/Sep/2022:10:42:54 +0800] "GET /xingrg/all/function/internal_message.html?_=1663468970460&CODE_STATE=count HTTP/1.1" 200 11
101.85.93.113 - - [18/Sep/2022:10:42:54 +0800] "GET /xingrg/check_reg.html?_=1663468970461 HTTP/1.1" 200 22
101.85.93.113 - - [18/Sep/2022:10:42:54 +0800] "GET /xingrg/javascript/jquery_easy_ui/themes/default/images/tabs_leftarrow.png HTTP/1.1" 304 -
101.85.93.113 - - [18/Sep/2022:10:42:54 +0800] "GET /xingrg/javascript/jquery_easy_ui/themes/default/images/tabs_rightarrow.png HTTP/1.1" 304 -
101.85.93.113 - - [18/Sep/2022:10:42:54 +0800] "GET /xingrg/javascript/jquery_easy_ui/themes/default/images/panel_tool_collapse.gif HTTP/1.1" 304 -
101.85.93.113 - - [18/Sep/2022:10:42:54 +0800] "POST /xingrg/load_menu.html HTTP/1.1" 200 5138
101.85.93.113 - - [18/Sep/2022:10:42:54 +0800] "GET /xingrg/javascript/jquery_easy_ui/themes/default/images/tree_arrows.gif HTTP/1.1" 304 -
101.85.93.113 - - [18/Sep/2022:10:42:54 +0800] "GET /xingrg/javascript/jquery_easy_ui/themes/default/images/tree_folder_open.gif HTTP/1.1" 304 -
101.85.93.113 - - [18/Sep/2022:10:42:54 +0800] "GET /xingrg/javascript/jquery_easy_ui/themes/icons/search_new.png HTTP/1.1" 304 -
101.85.93.113 - - [18/Sep/2022:10:42:54 +0800] "GET /xingrg/javascript/jquery_easy_ui/themes/icons/storage_new.png HTTP/1.1" 304 -
101.85.93.113 - - [18/Sep/2022:10:42:54 +0800] "GET /xingrg/javascript/jquery_easy_ui/themes/default/images/tree_folder.gif HTTP/1.1" 304 -
101.85.93.113 - - [18/Sep/2022:10:42:54 +0800] "GET /xingrg/javascript/jquery_easy_ui/themes/icons/forms_new.png HTTP/1.1" 304 -
101.85.93.113 - - [18/Sep/2022:10:42:54 +0800] "GET /xingrg/javascript/jquery_easy_ui/themes/default/images/tree_file.gif HTTP/1.1" 304 -
180.169.147.146 - - [18/Sep/2022:10:42:56 +0800] "GET /xingrg/kc/buy/cgsh_order_operate.html?command=get_materiel&rest_code=00147&code=00101004030&supplier_code=00100454&order_time=2022-09-18 HTTP/1.1" 200 428
116.238.169.132 - - [18/Sep/2022:10:42:56 +0800] "GET /xingrg/kc/buy/cgsh_order_operate.html?command=get_materiel&rest_code=00102&code=00101015074&supplier_code=00100008&order_time=2022-09-18 HTTP/1.1" 200 408
116.230.105.139 - - [18/Sep/2022:10:42:59 +0800] "GET /xingrg/all/function/internal_message.html?_=1663468968560&CODE_STATE=getMsg HTTP/1.1" 200 27
180.169.147.146 - - [18/Sep/2022:10:43:00 +0800] "GET /xingrg/all/function/internal_message.html?_=1663468976657&CODE_STATE=getMsg HTTP/1.1" 200 27
180.169.147.146 - - [18/Sep/2022:10:43:00 +0800] "GET /xingrg/check_reg.html?_=1663468976661 HTTP/1.1" 200 22
114.88.158.224 - - [18/Sep/2022:10:43:01 +0800] "GET /xingrg/all/function/internal_message.html?_=1663468626045&CODE_STATE=getMsg HTTP/1.1" 200 27
114.88.158.224 - - [18/Sep/2022:10:43:01 +0800] "GET /xingrg/check_reg.html?_=1663468626046 HTTP/1.1" 200 22
116.224.255.128 - - [18/Sep/2022:10:43:01 +0800] "POST /xingrg/all/user/operate.html HTTP/1.1" 200 36
116.224.255.128 - - [18/Sep/2022:10:43:01 +0800] "GET /xingrg/javascript/jquery_easy_ui/themes/default/easyui.css HTTP/1.1" 304 -
116.224.255.128 - - [18/Sep/2022:10:43:01 +0800] "GET /xingrg/index.html?sysBaseUrl=http%3A%2F%2F180.169.147.146%3A18081%2Fxingrg%2F&costTime=41×tamp=1663462591242 HTTP/1.1" 200 17179
116.224.255.128 - - [18/Sep/2022:10:43:01 +0800] "GET /xingrg/javascript/jquery_easy_ui/themes/icon.css HTTP/1.1" 304 -
116.224.255.128 - - [18/Sep/2022:10:43:01 +0800] "GET /xingrg/css/form.css HTTP/1.1" 304 -
116.224.255.128 - - [18/Sep/2022:10:43:01 +0800] "GET /xingrg/javascript/jquery-1.4.2.min.js HTTP/1.1" 304 -
116.224.255.128 - - [18/Sep/2022:10:43:01 +0800] "GET /xingrg/javascript/jquery_easy_ui/jquery.easyui.min.js HTTP/1.1" 304 -
116.224.255.128 - - [18/Sep/2022:10:43:01 +0800] "GET /xingrg/javascript/jquery_easy_ui/easyui-lang-zh_CN.js HTTP/1.1" 304 -
116.224.255.128 - - [18/Sep/2022:10:43:01 +0800] "GET /xingrg/javascript/jquery.form.js HTTP/1.1" 304 -
116.224.255.128 - - [18/Sep/2022:10:43:01 +0800] "GET /xingrg/javascript/jquery.utils.js HTTP/1.1" 304 -
116.224.255.128 - - [18/Sep/2022:10:43:01 +0800] "GET /xingrg/javascript/jquery.timers.js HTTP/1.1" 304 -
116.224.255.128 - - [18/Sep/2022:10:43:02 +0800] "GET /xingrg/images/blue/jxLogo.png HTTP/1.1" 304 -
116.224.255.128 - - [18/Sep/2022:10:43:02 +0800] "GET /xingrg/javascript/jquery_easy_ui/themes/icons/settle_new.png HTTP/1.1" 304 -
116.224.255.128 - - [18/Sep/2022:10:43:02 +0800] "GET /xingrg/images/blue/navBackgound.jpg HTTP/1.1" 304 -
116.224.255.128 - - [18/Sep/2022:10:43:02 +0800] "POST /xingrg/all/common/load_tree.html?tree=area_rest_tree_json&manage=1 HTTP/1.1" 200 476
116.224.255.128 - - [18/Sep/2022:10:43:02 +0800] "GET /xingrg/all/function/internal_message.html?_=1663468978818&CODE_STATE=count HTTP/1.1" 200 11
116.224.255.128 - - [18/Sep/2022:10:43:02 +0800] "GET /xingrg/check_reg.html?_=1663468978819 HTTP/1.1" 200 22
116.224.255.128 - - [18/Sep/2022:10:43:02 +0800] "POST /xingrg/load_menu.html HTTP/1.1" 200 5138
116.224.255.128 - - [18/Sep/2022:10:43:02 +0800] "GET /xingrg/javascript/jquery_easy_ui/themes/default/images/panel_tool_collapse.gif HTTP/1.1" 304 -
116.224.255.128 - - [18/Sep/2022:10:43:02 +0800] "GET /xingrg/images/blue/pingpu.png HTTP/1.1" 304 -
116.224.255.128 - - [18/Sep/2022:10:43:02 +0800] "GET /xingrg/javascript/jquery_easy_ui/themes/default/images/tabs_rightarrow.png HTTP/1.1" 304 -
116.224.255.128 - - [18/Sep/2022:10:43:02 +0800] "GET /xingrg/javascript/jquery_easy_ui/themes/default/images/tabs_leftarrow.png HTTP/1.1" 304 -
116.224.255.128 - - [18/Sep/2022:10:43:02 +0800] "GET /xingrg/javascript/jquery_easy_ui/themes/default/images/tree_folder.gif HTTP/1.1" 304 -
116.224.255.128 - - [18/Sep/2022:10:43:02 +0800] "GET /xingrg/javascript/jquery_easy_ui/themes/default/images/tree_folder_open.gif HTTP/1.1" 304 -
116.224.255.128 - - [18/Sep/2022:10:43:02 +0800] "GET /xingrg/javascript/jquery_easy_ui/themes/icons/storage_new.png HTTP/1.1" 304 -
116.224.255.128 - - [18/Sep/2022:10:43:02 +0800] "GET /xingrg/javascript/jquery_easy_ui/themes/default/images/tree_arrows.gif HTTP/1.1" 304 -
116.224.255.128 - - [18/Sep/2022:10:43:02 +0800] "GET /xingrg/javascript/jquery_easy_ui/themes/icons/forms_new.png HTTP/1.1" 304 -
116.224.255.128 - - [18/Sep/2022:10:43:02 +0800] "GET /xingrg/javascript/jquery_easy_ui/themes/default/images/tree_file.gif HTTP/1.1" 304 -
116.224.255.128 - - [18/Sep/2022:10:43:02 +0800] "GET /xingrg/javascript/jquery_easy_ui/themes/icons/search_new.png HTTP/1.1" 304 -
101.85.93.113 - - [18/Sep/2022:10:43:02 +0800] "GET /xingrg/javascript/jquery_easy_ui/themes/icons/area.png HTTP/1.1" 304 -
101.85.93.113 - - [18/Sep/2022:10:43:02 +0800] "GET /xingrg/javascript/jquery_easy_ui/themes/icons/rest.png HTTP/1.1" 304 -
116.238.169.132 - - [18/Sep/2022:10:43:02 +0800] "GET /xingrg/kc/buy/cgsh_order_list.html HTTP/1.1" 200 52940
180.169.147.146 - - [18/Sep/2022:10:43:03 +0800] "POST /xingrg/kc/buy/cgsh_order_operate.html HTTP/1.1" 200 37
116.238.169.132 - - [18/Sep/2022:10:43:04 +0800] "POST /xingrg/kc/buy/cgsh_list_operate.html HTTP/1.1" 200 927
116.224.255.128 - - [18/Sep/2022:10:43:04 +0800] "GET /xingrg/kc/base/wldb_order_list.html HTTP/1.1" 200 19186
116.224.255.128 - - [18/Sep/2022:10:43:05 +0800] "POST /xingrg/kc/base/wldb_list_operate.html HTTP/1.1" 200 928
116.238.169.132 - - [18/Sep/2022:10:43:05 +0800] "GET /xingrg/kc/buy/cgsh_order_operate.html?command=get_materiel&rest_code=00102&code=00101008188&supplier_code=00100008&order_time=2022-09-18 HTTP/1.1" 200 412
180.169.147.146 - - [18/Sep/2022:10:43:05 +0800] "POST /xingrg/kc/buy/cgsh_order_operate.html HTTP/1.1" 200 3244
116.224.255.128 - - [18/Sep/2022:10:43:05 +0800] "GET /xingrg/kc/base/wldb_order_add.html HTTP/1.1" 200 30400
116.224.255.128 - - [18/Sep/2022:10:43:06 +0800] "GET /xingrg/words/20220917113252_words.js HTTP/1.1" 304 -
116.238.169.132 - - [18/Sep/2022:10:43:06 +0800] "GET /xingrg/kc/buy/cgsh_order_add.html HTTP/1.1" 200 68757
116.238.169.132 - - [18/Sep/2022:10:43:06 +0800] "GET /xingrg/words/20220917113252_words.js HTTP/1.1" 304 -
116.224.255.128 - - [18/Sep/2022:10:43:06 +0800] "POST /xingrg/kc/base/wldb_order_operate.html HTTP/1.1" 200 6806
116.224.255.128 - - [18/Sep/2022:10:43:06 +0800] "GET /xingrg/javascript/easyui/themes/default/validatebox.css HTTP/1.1" 404 1104
116.238.169.132 - - [18/Sep/2022:10:43:06 +0800] "POST /xingrg/kc/buy/cgsh_order_operate.html HTTP/1.1" 200 8245
116.238.169.132 - - [18/Sep/2022:10:43:06 +0800] "GET /xingrg/javascript/easyui/themes/default/validatebox.css HTTP/1.1" 404 1104
116.230.114.213 - - [18/Sep/2022:10:43:09 +0800] "POST /xingrg/kc/buy/cgsh_order_operate.html HTTP/1.1" 200 37
116.224.255.128 - - [18/Sep/2022:10:43:11 +0800] "GET /xingrg/javascript/auto/indicator.gif HTTP/1.1" 404 1066
114.84.81.136 - - [18/Sep/2022:10:43:12 +0800] "GET /xingrg/kc/mdqp/qp_main.html HTTP/1.1" 200 10633
116.238.169.132 - - [18/Sep/2022:10:43:12 +0800] "GET /xingrg/kc/buy/cgsh_order_operate.html?command=get_materiel&rest_code=00102&code=00101008298&supplier_code=00100008&order_time=2022-09-18 HTTP/1.1" 200 412
116.230.114.213 - - [18/Sep/2022:10:43:12 +0800] "POST /xingrg/kc/buy/cgsh_order_operate.html HTTP/1.1" 200 4436
114.84.81.136 - - [18/Sep/2022:10:43:13 +0800] "GET /xingrg/kc/mdqp/qqps_order_list.html HTTP/1.1" 200 9222
114.84.81.136 - - [18/Sep/2022:10:43:13 +0800] "GET /xingrg/dwr/interface/AjaxQqpsService.js HTTP/1.1" 200 16326
114.84.81.136 - - [18/Sep/2022:10:43:13 +0800] "GET /xingrg/dwr/interface/AjaxReportQueryService.js HTTP/1.1" 200 13203
114.84.81.136 - - [18/Sep/2022:10:43:13 +0800] "GET /xingrg/dwr/engine.js HTTP/1.1" 200 43631
116.230.114.213 - - [18/Sep/2022:10:43:13 +0800] "GET /xingrg/all/function/internal_message.html?_=1663468991753&CODE_STATE=getMsg HTTP/1.1" 200 27
116.225.121.189 - - [18/Sep/2022:10:43:14 +0800] "GET /xingrg/all/function/internal_message.html?_=1663468850549&CODE_STATE=getMsg HTTP/1.1" 200 27
124.79.74.72 - - [18/Sep/2022:10:43:14 +0800] "GET /xingrg/all/function/internal_message.html?_=1663468990672&CODE_STATE=getMsg HTTP/1.1" 200 27
116.238.169.132 - - [18/Sep/2022:10:43:14 +0800] "GET /xingrg/javascript/easyui/themes/default/tree.css HTTP/1.1" 404 1090
116.238.169.132 - - [18/Sep/2022:10:43:14 +0800] "POST /xingrg/all/common/load_tree.html?tree=supplier_tree_json&isDelete=1 HTTP/1.1" 200 68551
116.238.169.132 - - [18/Sep/2022:10:43:14 +0800] "POST /xingrg/kc/buy/cgsh_order_operate.html HTTP/1.1" 200 2065
180.169.147.146 - - [18/Sep/2022:10:43:14 +0800] "GET /xingrg/kc/print/load_data.html?order_code=212022091806465&kc_code=cgsh&condition= HTTP/1.1" 200 899
180.169.147.146 - - [18/Sep/2022:10:43:14 +0800] "GET /xingrg/all/function/internal_message.html?_=1663468992410&CODE_STATE=getMsg HTTP/1.1" 200 27
116.230.114.213 - - [18/Sep/2022:10:43:18 +0800] "GET /xingrg/kc/print/load_data.html?order_code=212022091806466&kc_code=cgsh&condition= HTTP/1.1" 200 1428
114.83.219.57 - - [18/Sep/2022:10:43:18 +0800] "GET /xingrg/all/function/internal_message.html?_=1663469078615&CODE_STATE=getMsg HTTP/1.1" 200 27
116.238.169.132 - - [18/Sep/2022:10:43:18 +0800] "GET /xingrg/kc/buy/cgsh_order_operate.html?command=get_materiel&rest_code=00102&code=00101015002&supplier_code=00100008&order_time=2022-09-18 HTTP/1.1" 200 413
116.224.255.128 - - [18/Sep/2022:10:43:19 +0800] "GET /xingrg/kc/base/wldb_order_operate.html?command=get_materiel&rest_code=00150&base_code=0010446&code=00102002035 HTTP/1.1" 200 439
116.238.169.132 - - [18/Sep/2022:10:43:24 +0800] "GET /xingrg/javascript/auto/indicator.gif HTTP/1.1" 404 1066
116.224.255.128 - - [18/Sep/2022:10:43:24 +0800] "POST /xingrg/all/common/load_select.html HTTP/1.1" 200 25
116.224.255.128 - - [18/Sep/2022:10:43:26 +0800] "GET /xingrg/kc/base/wldb_order_operate.html?command=get_materiel_price&rest_code=00150&base_code=0010446&code=00102002035&unit_code=00100381 HTTP/1.1" 200 34
222.70.182.161 - - [18/Sep/2022:10:43:28 +0800] "POST /xingrg/services/DataTransmitService HTTP/1.1" 200 524
116.238.169.132 - - [18/Sep/2022:10:43:28 +0800] "GET /xingrg/kc/buy/cgsh_order_operate.html?command=get_materiel&rest_code=00102&code=00101008520&supplier_code=00100008&order_time=2022-09-18 HTTP/1.1" 200 446
180.169.147.146 - - [18/Sep/2022:10:43:29 +0800] "GET /xingrg/kc/buy/cgsh_order_add.html HTTP/1.1" 200 68725
222.70.182.161 - - [18/Sep/2022:10:43:29 +0800] "POST /xingrg/services/DataTransmitService HTTP/1.1" 200 2587
180.169.147.146 - - [18/Sep/2022:10:43:29 +0800] "POST /xingrg/kc/buy/cgsh_order_operate.html HTTP/1.1" 200 8245
180.169.147.146 - - [18/Sep/2022:10:43:29 +0800] "GET /xingrg/javascript/easyui/themes/default/validatebox.css HTTP/1.1" 404 1104
222.70.182.161 - - [18/Sep/2022:10:43:30 +0800] "POST /xingrg/services/DataTransmitService HTTP/1.1" 200 212216
116.238.169.132 - - [18/Sep/2022:10:43:30 +0800] "GET /xingrg/all/function/internal_message.html?_=1663469006748&CODE_STATE=getMsg HTTP/1.1" 200 27
116.237.79.130 - - [18/Sep/2022:10:43:30 +0800] "GET /xingrg/all/function/internal_message.html?_=1663469006314&CODE_STATE=getMsg HTTP/1.1" 200 27
116.224.255.128 - - [18/Sep/2022:10:43:30 +0800] "POST /xingrg/kc/base/wldb_order_operate.html HTTP/1.1" 200 37
114.83.217.204 - - [18/Sep/2022:10:43:31 +0800] "GET /xingrg/all/function/internal_message.html?_=1663469007449&CODE_STATE=getMsg HTTP/1.1" 200 27
116.224.255.128 - - [18/Sep/2022:10:43:33 +0800] "POST /xingrg/kc/base/wldb_order_operate.html HTTP/1.1" 200 12
116.224.255.128 - - [18/Sep/2022:10:43:33 +0800] "POST /xingrg/kc/base/wldb_order_operate.html HTTP/1.1" 200 2188
116.225.121.189 - - [18/Sep/2022:10:43:34 +0800] "GET /xingrg/all/function/internal_message.html?_=1663469011555&CODE_STATE=getMsg HTTP/1.1" 200 27
116.238.169.132 - - [18/Sep/2022:10:43:34 +0800] "GET /xingrg/kc/buy/cgsh_order_operate.html?command=get_materiel&rest_code=00102&code=00101031001&supplier_code=00100064&order_time=2022-09-18 HTTP/1.1" 200 419
116.224.255.128 - - [18/Sep/2022:10:43:36 +0800] "GET /xingrg/kc/base/wldb_order_info.html?code=422022091801539 HTTP/1.1" 200 26278
116.238.169.132 - - [18/Sep/2022:10:43:36 +0800] "GET /xingrg/kc/buy/cgsh_order_operate.html?command=get_materiel&rest_code=00102&code=00101008332&supplier_code=00100008&order_time=2022-09-18 HTTP/1.1" 200 431
116.224.255.128 - - [18/Sep/2022:10:43:36 +0800] "GET /xingrg/javascript/easyui/themes/default/validatebox.css HTTP/1.1" 404 1104
116.224.255.128 - - [18/Sep/2022:10:43:36 +0800] "POST /xingrg/kc/base/wldb_order_operate.html HTTP/1.1" 200 483
180.169.147.146 - - [18/Sep/2022:10:43:38 +0800] "GET /xingrg/all/function/internal_message.html?_=1663469007410&CODE_STATE=getMsg HTTP/1.1" 200 27
116.224.255.128 - - [18/Sep/2022:10:43:39 +0800] "GET /xingrg/kc/base/wldb_order_add.html HTTP/1.1" 200 30400
116.224.255.128 - - [18/Sep/2022:10:43:39 +0800] "POST /xingrg/kc/base/wldb_order_operate.html HTTP/1.1" 200 6806
