114.83.222.183 - - [15/Sep/2022:11:36:40 +0800] "POST /xingrg/kc/buy/cgsh_order_operate.html HTTP/1.1" 200 37
116.238.169.132 - - [15/Sep/2022:11:36:40 +0800] "POST /xingrg/kc/buy/cgsh_order_operate.html HTTP/1.1" 200 25430
116.238.169.132 - - [15/Sep/2022:11:36:42 +0800] "GET /xingrg/kc/buy/cgsh_order_list.html HTTP/1.1" 200 52895
116.238.169.132 - - [15/Sep/2022:11:36:43 +0800] "POST /xingrg/kc/buy/cgsh_list_operate.html HTTP/1.1" 200 928
180.169.147.146 - - [15/Sep/2022:11:36:44 +0800] "GET /xingrg/all/function/internal_message.html?_=1663213002724&CODE_STATE=getMsg HTTP/1.1" 200 27
116.238.169.132 - - [15/Sep/2022:11:36:44 +0800] "GET /xingrg/kc/buy/cgsh_order_add.html HTTP/1.1" 200 68718
116.238.169.132 - - [15/Sep/2022:11:36:44 +0800] "POST /xingrg/kc/buy/cgsh_order_operate.html HTTP/1.1" 200 8245
116.238.169.132 - - [15/Sep/2022:11:36:44 +0800] "GET /xingrg/javascript/easyui/themes/default/validatebox.css HTTP/1.1" 404 1104
116.224.255.128 - - [15/Sep/2022:11:36:46 +0800] "GET /xingrg/all/function/internal_message.html?_=1663213004289&CODE_STATE=getMsg HTTP/1.1" 200 27
116.238.169.132 - - [15/Sep/2022:11:36:49 +0800] "GET /xingrg/all/function/internal_message.html?_=1663213007881&CODE_STATE=getMsg HTTP/1.1" 200 27
180.169.147.146 - - [15/Sep/2022:11:36:50 +0800] "POST /xingrg/kc/base/wldb_order_operate.html HTTP/1.1" 200 37
180.169.147.146 - - [15/Sep/2022:11:36:50 +0800] "POST /xingrg/kc/base/wldb_order_operate.html HTTP/1.1" 200 23432
180.169.147.146 - - [15/Sep/2022:11:36:51 +0800] "GET /xingrg/kc/base/wldb_order_info.html?code=422022091501263 HTTP/1.1" 200 30415
116.238.169.132 - - [15/Sep/2022:11:36:51 +0800] "GET /xingrg/all/function/internal_message.html?_=1663213005477&CODE_STATE=getMsg HTTP/1.1" 200 27
180.169.147.146 - - [15/Sep/2022:11:36:51 +0800] "GET /xingrg/all/common/auto_word.html?type=base&rest_code=00147 HTTP/1.1" 200 1803
180.169.147.146 - - [15/Sep/2022:11:36:51 +0800] "GET /xingrg/all/common/auto_word.html?type=base&rest_code=00147 HTTP/1.1" 200 1803
180.169.147.146 - - [15/Sep/2022:11:36:51 +0800] "GET /xingrg/javascript/easyui/themes/default/validatebox.css HTTP/1.1" 404 1104
114.84.5.35 - - [15/Sep/2022:11:36:51 +0800] "GET /xingrg/all/function/internal_message.html?_=1663213006842&CODE_STATE=getMsg HTTP/1.1" 200 27
180.169.147.146 - - [15/Sep/2022:11:36:51 +0800] "POST /xingrg/kc/base/wldb_order_operate.html HTTP/1.1" 200 23432
180.169.147.146 - - [15/Sep/2022:11:36:53 +0800] "GET /xingrg/kc/base/wldb_order_add.html HTTP/1.1" 200 30400
180.169.147.146 - - [15/Sep/2022:11:36:53 +0800] "POST /xingrg/kc/base/wldb_order_operate.html HTTP/1.1" 200 6806
180.169.147.146 - - [15/Sep/2022:11:36:53 +0800] "GET /xingrg/all/common/auto_word.html?type=base&rest_code=00147 HTTP/1.1" 200 1803
180.169.147.146 - - [15/Sep/2022:11:36:53 +0800] "GET /xingrg/all/common/auto_word.html?type=base&rest_code=00147 HTTP/1.1" 200 1803
180.169.147.146 - - [15/Sep/2022:11:36:53 +0800] "GET /xingrg/javascript/easyui/themes/default/validatebox.css HTTP/1.1" 404 1104
114.83.222.183 - - [15/Sep/2022:11:36:53 +0800] "POST /xingrg/kc/buy/cgsh_order_operate.html HTTP/1.1" 200 12
116.224.255.128 - - [15/Sep/2022:11:36:55 +0800] "GET /xingrg/check_reg.html?_=1663212950742 HTTP/1.1" 200 22
116.238.169.132 - - [15/Sep/2022:11:36:56 +0800] "GET /xingrg/kc/buy/cgsh_order_operate.html?command=get_materiel&rest_code=00102&code=00101006284&supplier_code=00100558&order_time=2022-09-14 HTTP/1.1" 200 418
114.83.222.183 - - [15/Sep/2022:11:36:59 +0800] "GET /xingrg/kc/buy/cgsh_order_info.html?code=212022091505368 HTTP/1.1" 200 63670
114.83.222.183 - - [15/Sep/2022:11:36:59 +0800] "GET /xingrg/javascript/easyui/themes/default/validatebox.css HTTP/1.1" 404 1104
114.83.222.183 - - [15/Sep/2022:11:37:00 +0800] "POST /xingrg/kc/buy/cgsh_order_operate.html HTTP/1.1" 200 601
180.169.147.146 - - [15/Sep/2022:11:37:00 +0800] "GET /xingrg/kc/base/wldb_order_operate.html?command=get_materiel&rest_code=00147&base_code=0010270&code=00101019129 HTTP/1.1" 200 468
124.78.154.55 - - [15/Sep/2022:11:37:01 +0800] "GET /xingrg/all/function/internal_message.html?_=1663213016976&CODE_STATE=getMsg HTTP/1.1" 200 27
116.238.169.132 - - [15/Sep/2022:11:37:03 +0800] "GET /xingrg/kc/buy/cgsh_order_operate.html?command=get_materiel&rest_code=00102&code=00101006334&supplier_code=00100558&order_time=2022-09-14 HTTP/1.1" 200 400
120.253.135.82 - - [15/Sep/2022:11:37:03 +0800] "GET /xingrg/check_reg.html?_=1663212821729 HTTP/1.1" 200 22
114.88.158.224 - - [15/Sep/2022:11:37:04 +0800] "GET /xingrg/all/function/internal_message.html?_=1663213019863&CODE_STATE=getMsg HTTP/1.1" 200 27
222.70.246.221 - - [15/Sep/2022:11:37:04 +0800] "GET /xingrg/all/function/internal_message.html?_=1663213035984&CODE_STATE=getMsg HTTP/1.1" 200 27
124.79.74.72 - - [15/Sep/2022:11:37:05 +0800] "GET /xingrg/all/function/internal_message.html?_=1663213019818&CODE_STATE=getMsg HTTP/1.1" 200 27
124.78.154.55 - - [15/Sep/2022:11:37:05 +0800] "GET /xingrg/kc/mdqp/qp_main.html HTTP/1.1" 200 10633
124.78.154.55 - - [15/Sep/2022:11:37:05 +0800] "GET /xingrg/images/yd/bt.gif HTTP/1.1" 404 1040
124.78.154.55 - - [15/Sep/2022:11:37:06 +0800] "GET /xingrg/kc/mdqp/qqps_order_list.html HTTP/1.1" 200 10803
124.78.154.55 - - [15/Sep/2022:11:37:06 +0800] "GET /xingrg/dwr/interface/AjaxQqpsService.js HTTP/1.1" 200 16326
180.169.147.146 - - [15/Sep/2022:11:37:06 +0800] "GET /xingrg/kc/base/wldb_order_operate.html?command=get_materiel&rest_code=00147&base_code=0010270&code=00101019130 HTTP/1.1" 200 484
124.78.154.55 - - [15/Sep/2022:11:37:06 +0800] "GET /xingrg/dwr/interface/AjaxReportQueryService.js HTTP/1.1" 200 13203
124.78.154.55 - - [15/Sep/2022:11:37:06 +0800] "GET /xingrg/dwr/engine.js HTTP/1.1" 200 43631
116.232.194.65 - - [15/Sep/2022:11:37:07 +0800] "GET /xingrg/all/function/internal_message.html?_=1663213024119&CODE_STATE=getMsg HTTP/1.1" 200 27
124.78.154.55 - - [15/Sep/2022:11:37:07 +0800] "GET /xingrg/kc/mdqp/qqps_order_info.html?code=302022091500287 HTTP/1.1" 200 28400
124.78.154.55 - - [15/Sep/2022:11:37:07 +0800] "GET /xingrg/dwr/interface/AjaxQqpsService.js HTTP/1.1" 200 16326
124.78.154.55 - - [15/Sep/2022:11:37:07 +0800] "GET /xingrg/dwr/engine.js HTTP/1.1" 200 43631
124.78.154.55 - - [15/Sep/2022:11:37:07 +0800] "GET /xingrg/dwr/interface/AjaxComOrderService.js HTTP/1.1" 200 18264
124.78.154.55 - - [15/Sep/2022:11:37:08 +0800] "POST /xingrg/dwr/call/plaincall/AjaxQqpsService.loadMaterielItems.dwr HTTP/1.1" 200 915
180.169.147.146 - - [15/Sep/2022:11:37:09 +0800] "GET /xingrg/kc/base/wldb_order_operate.html?command=get_materiel&rest_code=00147&base_code=0010270&code=00101019128 HTTP/1.1" 200 470
114.83.219.57 - - [15/Sep/2022:11:37:11 +0800] "GET /xingrg/all/function/internal_message.html?_=1663213112762&CODE_STATE=getMsg HTTP/1.1" 200 27
116.238.169.132 - - [15/Sep/2022:11:37:12 +0800] "GET /xingrg/kc/buy/cgsh_order_operate.html?command=get_materiel&rest_code=00102&code=00101006282&supplier_code=00100558&order_time=2022-09-14 HTTP/1.1" 200 418
116.225.121.189 - - [15/Sep/2022:11:37:12 +0800] "GET /xingrg/all/function/internal_message.html?_=1663213030558&CODE_STATE=getMsg HTTP/1.1" 200 27
116.235.94.249 - - [15/Sep/2022:11:37:13 +0800] "GET /xingrg/all/function/internal_message.html?_=1663213226479&CODE_STATE=getMsg HTTP/1.1" 200 27
116.224.255.128 - - [15/Sep/2022:11:37:15 +0800] "GET /xingrg/all/function/internal_message.html?_=1663212970360&CODE_STATE=getMsg HTTP/1.1" 200 27
114.84.81.136 - - [15/Sep/2022:11:37:15 +0800] "GET /xingrg/all/function/internal_message.html?_=1663213032204&CODE_STATE=getMsg HTTP/1.1" 200 27
180.169.147.146 - - [15/Sep/2022:11:37:16 +0800] "GET /xingrg/all/function/internal_message.html?_=1663213029599&CODE_STATE=getMsg HTTP/1.1" 200 27
101.85.93.113 - - [15/Sep/2022:11:37:18 +0800] "GET /xingrg/all/function/internal_message.html?_=1663213036203&CODE_STATE=getMsg HTTP/1.1" 200 27
114.83.222.183 - - [15/Sep/2022:11:37:18 +0800] "GET /xingrg/kc/print/load_data.html?order_code=212022091505368&kc_code=cgsh&condition= HTTP/1.1" 200 778
180.169.147.146 - - [15/Sep/2022:11:37:18 +0800] "GET /xingrg/kc/base/wldb_order_operate.html?command=get_materiel&rest_code=00147&base_code=0010270&code=00101019262 HTTP/1.1" 200 475
116.238.169.132 - - [15/Sep/2022:11:37:20 +0800] "GET /xingrg/kc/buy/cgsh_order_operate.html?command=get_materiel&rest_code=00102&code=00101006335&supplier_code=00100558&order_time=2022-09-14 HTTP/1.1" 200 400
124.78.154.55 - - [15/Sep/2022:11:37:21 +0800] "GET /xingrg/javascript/auto/indicator.gif HTTP/1.1" 404 1066
180.169.147.146 - - [15/Sep/2022:11:37:24 +0800] "GET /xingrg/kc/base/wldb_order_operate.html?command=get_materiel&rest_code=00147&base_code=0010270&code=00101019263 HTTP/1.1" 200 478
124.78.154.55 - - [15/Sep/2022:11:37:25 +0800] "POST /xingrg/dwr/call/plaincall/AjaxQqpsService.getMaterielByCode.dwr HTTP/1.1" 200 2733
180.169.147.146 - - [15/Sep/2022:11:37:25 +0800] "GET /favicon.ico HTTP/1.1" 404 -
180.169.147.146 - - [15/Sep/2022:11:37:26 +0800] "GET /xingrg/kc/base/wldb_order_operate.html?command=get_materiel&rest_code=00147&base_code=0010270&code=00101019391 HTTP/1.1" 200 485
124.78.154.55 - - [15/Sep/2022:11:37:28 +0800] "POST /xingrg/dwr/call/plaincall/AjaxQqpsService.saveMaterielItem.dwr HTTP/1.1" 200 78
180.169.147.146 - - [15/Sep/2022:11:37:28 +0800] "GET /xingrg/login.html HTTP/1.1" 200 7641
180.169.147.146 - - [15/Sep/2022:11:37:29 +0800] "GET /favicon.ico HTTP/1.1" 404 -
180.169.147.146 - - [15/Sep/2022:11:37:30 +0800] "GET /xingrg/kc/base/wldb_order_operate.html?command=get_materiel&rest_code=00147&base_code=0010270&code=00101016076 HTTP/1.1" 200 477
180.169.147.146 - - [15/Sep/2022:11:37:31 +0800] "POST /xingrg/login.do HTTP/1.1" 302 -
180.169.147.146 - - [15/Sep/2022:11:37:31 +0800] "GET /xingrg/index.html?sysBaseUrl=http%3A%2F%2F180.169.147.146%3A18081%2Fxingrg%2F&costTime=40×tamp=1663213051490 HTTP/1.1" 200 17179
180.169.147.146 - - [15/Sep/2022:11:37:32 +0800] "POST /xingrg/all/common/load_tree.html?tree=area_rest_tree_json&manage=1 HTTP/1.1" 200 351
180.169.147.146 - - [15/Sep/2022:11:37:32 +0800] "GET /xingrg/all/function/internal_message.html?_=1663213363607&CODE_STATE=count HTTP/1.1" 200 11
180.169.147.146 - - [15/Sep/2022:11:37:32 +0800] "GET /favicon.ico HTTP/1.1" 404 -
180.169.147.146 - - [15/Sep/2022:11:37:32 +0800] "POST /xingrg/load_menu.html HTTP/1.1" 200 5138
180.169.147.146 - - [15/Sep/2022:11:37:32 +0800] "GET /xingrg/check_reg.html?_=1663213363608 HTTP/1.1" 200 22
116.238.169.132 - - [15/Sep/2022:11:37:33 +0800] "GET /xingrg/kc/buy/cgsh_order_operate.html?command=get_materiel&rest_code=00102&code=00101006285&supplier_code=00100558&order_time=2022-09-14 HTTP/1.1" 200 410
180.169.147.146 - - [15/Sep/2022:11:37:34 +0800] "GET /xingrg/kc/buy/buy_main.html HTTP/1.1" 200 12412
180.169.147.146 - - [15/Sep/2022:11:37:34 +0800] "GET /xingrg/css/new_ie.css HTTP/1.1" 404 1036
180.169.147.146 - - [15/Sep/2022:11:37:34 +0800] "GET /xingrg/images/yd/bt.gif HTTP/1.1" 404 1040
180.169.147.146 - - [15/Sep/2022:11:37:35 +0800] "GET /xingrg/kc/buy/cgsh_order_list.html HTTP/1.1" 200 52901
180.169.147.146 - - [15/Sep/2022:11:37:35 +0800] "GET /xingrg/kc/base/wldb_order_operate.html?command=get_materiel&rest_code=00147&base_code=0010270&code=00101019346 HTTP/1.1" 302 -
180.169.147.146 - - [15/Sep/2022:11:37:35 +0800] "GET /xingrg/login.html HTTP/1.1" 200 7641
180.169.147.146 - - [15/Sep/2022:11:37:38 +0800] "POST /xingrg/kc/buy/cgsh_list_operate.html HTTP/1.1" 200 3360
124.78.154.55 - - [15/Sep/2022:11:37:41 +0800] "POST /xingrg/dwr/call/plaincall/AjaxQqpsService.getMaterielByCode.dwr HTTP/1.1" 200 2671
180.169.147.146 - - [15/Sep/2022:11:37:44 +0800] "GET /xingrg/all/function/internal_message.html?_=1663213062750&CODE_STATE=getMsg HTTP/1.1" 200 27
116.224.255.128 - - [15/Sep/2022:11:37:46 +0800] "GET /xingrg/all/function/internal_message.html?_=1663213064290&CODE_STATE=getMsg HTTP/1.1" 200 27
124.78.154.55 - - [15/Sep/2022:11:37:47 +0800] "POST /xingrg/dwr/call/plaincall/AjaxQqpsService.saveMaterielItem.dwr HTTP/1.1" 200 78
124.78.154.55 - - [15/Sep/2022:11:37:48 +0800] "GET /xingrg/images/yd/bt2.gif HTTP/1.1" 404 1042
116.238.169.132 - - [15/Sep/2022:11:37:49 +0800] "GET /xingrg/all/function/internal_message.html?_=1663213067883&CODE_STATE=getMsg HTTP/1.1" 200 27
180.169.147.146 - - [15/Sep/2022:11:37:49 +0800] "GET /xingrg/kc/base/wldb_order_operate.html?command=get_materiel&rest_code=00147&base_code=0010270&code=00101019346 HTTP/1.1" 302 -
180.169.147.146 - - [15/Sep/2022:11:37:49 +0800] "GET /xingrg/login.html HTTP/1.1" 200 7641
124.78.154.55 - - [15/Sep/2022:11:37:50 +0800] "POST /xingrg/dwr/call/plaincall/AjaxQqpsService.saveOrder.dwr HTTP/1.1" 200 78
116.238.169.132 - - [15/Sep/2022:11:37:51 +0800] "GET /xingrg/all/function/internal_message.html?_=1663213065458&CODE_STATE=getMsg HTTP/1.1" 200 27
114.84.5.35 - - [15/Sep/2022:11:37:51 +0800] "GET /xingrg/check_reg.html?_=1663213066843 HTTP/1.1" 200 22
114.84.5.35 - - [15/Sep/2022:11:37:51 +0800] "GET /xingrg/all/function/internal_message.html?_=1663213066845&CODE_STATE=getMsg HTTP/1.1" 200 27
124.78.154.55 - - [15/Sep/2022:11:37:54 +0800] "GET /xingrg/kc/base/base_main.html HTTP/1.1" 200 12142
180.169.147.146 - - [15/Sep/2022:11:37:55 +0800] "GET /xingrg/logout.do HTTP/1.1" 302 -
180.169.147.146 - - [15/Sep/2022:11:37:55 +0800] "GET /xingrg/login.html HTTP/1.1" 200 7641
124.78.154.55 - - [15/Sep/2022:11:37:55 +0800] "GET /xingrg/kc/report/report_main.html HTTP/1.1" 200 7340
180.169.147.146 - - [15/Sep/2022:11:37:58 +0800] "POST /xingrg/login.do HTTP/1.1" 302 -
180.169.147.146 - - [15/Sep/2022:11:37:58 +0800] "GET /xingrg/index.html?sysBaseUrl=http%3A%2F%2F180.169.147.146%3A18081%2Fxingrg%2F&costTime=62×tamp=1663213078199 HTTP/1.1" 200 17179
180.169.147.146 - - [15/Sep/2022:11:37:58 +0800] "POST /xingrg/all/common/load_tree.html?tree=area_rest_tree_json&manage=1 HTTP/1.1" 200 351
180.169.147.146 - - [15/Sep/2022:11:37:58 +0800] "GET /xingrg/all/function/internal_message.html?_=1663213071227&CODE_STATE=count HTTP/1.1" 200 11
124.78.154.55 - - [15/Sep/2022:11:37:58 +0800] "GET /xingrg/all/report/report_query.html?fileName=kc/buy/wlcg_cate_hz.xml HTTP/1.1" 200 53941
180.169.147.146 - - [15/Sep/2022:11:37:58 +0800] "GET /xingrg/check_reg.html?_=1663213071227 HTTP/1.1" 200 22
124.78.154.55 - - [15/Sep/2022:11:37:58 +0800] "GET /xingrg/dwr/interface/AjaxReportQueryService.js HTTP/1.1" 200 13203
180.169.147.146 - - [15/Sep/2022:11:37:58 +0800] "POST /xingrg/load_menu.html HTTP/1.1" 200 5138
124.78.154.55 - - [15/Sep/2022:11:37:58 +0800] "GET /xingrg/dwr/engine.js HTTP/1.1" 200 43631
124.78.154.55 - - [15/Sep/2022:11:37:58 +0800] "POST /xingrg/dwr/call/plaincall/AjaxReportQueryService.getFixDate.dwr HTTP/1.1" 200 111
124.78.154.55 - - [15/Sep/2022:11:37:59 +0800] "POST /xingrg/all/common/load_tree.html?tree=supplier_tree_json&manage=1 HTTP/1.1" 200 69780
124.78.154.55 - - [15/Sep/2022:11:37:59 +0800] "POST /xingrg/all/common/load_tree.html?tree=materiel_sort_tree_json HTTP/1.1" 200 9500
180.169.147.146 - - [15/Sep/2022:11:37:59 +0800] "GET /xingrg/kc/base/base_main.html HTTP/1.1" 200 12142
124.78.154.55 - - [15/Sep/2022:11:38:00 +0800] "POST /xingrg/all/common/load_tree.html?tree=base_tree_json HTTP/1.1" 200 3760
180.169.147.146 - - [15/Sep/2022:11:38:00 +0800] "GET /xingrg/kc/base/wldb_order_list.html HTTP/1.1" 200 19186
180.169.147.146 - - [15/Sep/2022:11:38:00 +0800] "POST /xingrg/kc/base/wldb_list_operate.html HTTP/1.1" 200 1782
124.78.154.55 - - [15/Sep/2022:11:38:01 +0800] "GET /xingrg/all/function/internal_message.html?_=1663213076971&CODE_STATE=getMsg HTTP/1.1" 200 27
180.169.147.146 - - [15/Sep/2022:11:38:01 +0800] "GET /xingrg/kc/base/wldb_order_add.html HTTP/1.1" 200 30400
180.169.147.146 - - [15/Sep/2022:11:38:01 +0800] "POST /xingrg/kc/base/wldb_order_operate.html HTTP/1.1" 200 6806
180.169.147.146 - - [15/Sep/2022:11:38:01 +0800] "GET /xingrg/all/common/auto_word.html?type=base&rest_code=00147 HTTP/1.1" 200 1803
180.169.147.146 - - [15/Sep/2022:11:38:01 +0800] "GET /xingrg/all/common/auto_word.html?type=base&rest_code=00147 HTTP/1.1" 200 1803
180.169.147.146 - - [15/Sep/2022:11:38:01 +0800] "GET /xingrg/javascript/easyui/themes/default/validatebox.css HTTP/1.1" 404 1104
124.78.154.55 - - [15/Sep/2022:11:38:02 +0800] "GET /xingrg/check_reg.html?_=1663213078209 HTTP/1.1" 200 22
114.88.158.224 - - [15/Sep/2022:11:38:04 +0800] "GET /xingrg/all/function/internal_message.html?_=1663213079861&CODE_STATE=getMsg HTTP/1.1" 200 27
222.70.246.221 - - [15/Sep/2022:11:38:04 +0800] "GET /xingrg/all/function/internal_message.html?_=1663213095988&CODE_STATE=getMsg HTTP/1.1" 200 27
180.169.147.146 - - [15/Sep/2022:11:38:04 +0800] "GET /xingrg/javascript/jquery_tools/images/prev.gif HTTP/1.1" 404 1086
180.169.147.146 - - [15/Sep/2022:11:38:04 +0800] "GET /xingrg/javascript/jquery_tools/images/next.gif HTTP/1.1" 404 1086
124.79.74.72 - - [15/Sep/2022:11:38:05 +0800] "GET /xingrg/all/function/internal_message.html?_=1663213079821&CODE_STATE=getMsg HTTP/1.1" 200 27
124.79.74.72 - - [15/Sep/2022:11:38:05 +0800] "GET /xingrg/check_reg.html?_=1663213079823 HTTP/1.1" 200 22
180.169.147.146 - - [15/Sep/2022:11:38:06 +0800] "GET /xingrg/check_reg.html?_=1663213084225 HTTP/1.1" 200 22
180.169.147.146 - - [15/Sep/2022:11:38:07 +0800] "GET /xingrg/check_reg.html?_=1663213084651 HTTP/1.1" 200 22
116.232.194.65 - - [15/Sep/2022:11:38:07 +0800] "GET /xingrg/all/function/internal_message.html?_=1663213084113&CODE_STATE=getMsg HTTP/1.1" 200 27
116.232.194.65 - - [15/Sep/2022:11:38:07 +0800] "GET /xingrg/check_reg.html?_=1663213084118 HTTP/1.1" 200 22
180.169.147.146 - - [15/Sep/2022:11:38:08 +0800] "GET /xingrg/kc/base/wldb_order_operate.html?command=get_materiel&rest_code=00147&base_code=0010270&code=00101019263 HTTP/1.1" 200 478
114.83.219.57 - - [15/Sep/2022:11:38:11 +0800] "GET /xingrg/all/function/internal_message.html?_=1663213172765&CODE_STATE=getMsg HTTP/1.1" 200 27
180.169.147.146 - - [15/Sep/2022:11:38:11 +0800] "GET /xingrg/kc/base/wldb_order_operate.html?command=get_materiel&rest_code=00147&base_code=0010270&code=00101019391 HTTP/1.1" 200 485
116.235.94.249 - - [15/Sep/2022:11:38:12 +0800] "GET /xingrg/check_reg.html?_=1663213285168 HTTP/1.1" 200 22
116.225.121.189 - - [15/Sep/2022:11:38:12 +0800] "GET /xingrg/all/function/internal_message.html?_=1663213090559&CODE_STATE=getMsg HTTP/1.1" 200 27
116.235.94.249 - - [15/Sep/2022:11:38:13 +0800] "GET /xingrg/all/function/internal_message.html?_=1663213286460&CODE_STATE=getMsg HTTP/1.1" 200 27
180.169.147.146 - - [15/Sep/2022:11:38:14 +0800] "GET /xingrg/kc/base/wldb_order_operate.html?command=get_materiel&rest_code=00147&base_code=0010270&code=00101016076 HTTP/1.1" 200 477
116.224.255.128 - - [15/Sep/2022:11:38:15 +0800] "GET /xingrg/all/function/internal_message.html?_=1663213030374&CODE_STATE=getMsg HTTP/1.1" 200 27
114.84.81.136 - - [15/Sep/2022:11:38:15 +0800] "GET /xingrg/all/function/internal_message.html?_=1663213092197&CODE_STATE=getMsg HTTP/1.1" 200 27
116.238.169.132 - - [15/Sep/2022:11:38:15 +0800] "GET /xingrg/kc/buy/cgsh_order_operate.html?command=get_materiel&rest_code=00102&code=00101010881&supplier_code=00100558&order_time=2022-09-14 HTTP/1.1" 200 403
124.78.154.55 - - [15/Sep/2022:11:38:16 +0800] "GET /xingrg/kc/base/base_main.html HTTP/1.1" 200 12142
180.169.147.146 - - [15/Sep/2022:11:38:17 +0800] "GET /xingrg/kc/base/wldb_order_operate.html?command=get_materiel&rest_code=00147&base_code=0010270&code=00101019346 HTTP/1.1" 200 448
124.78.154.55 - - [15/Sep/2022:11:38:17 +0800] "GET /xingrg/kc/buy/buy_main.html HTTP/1.1" 200 12412
124.78.154.55 - - [15/Sep/2022:11:38:17 +0800] "GET /xingrg/css/new_ie.css HTTP/1.1" 404 1036
101.85.93.113 - - [15/Sep/2022:11:38:18 +0800] "GET /xingrg/all/function/internal_message.html?_=1663213096202&CODE_STATE=getMsg HTTP/1.1" 200 27
101.85.93.113 - - [15/Sep/2022:11:38:18 +0800] "GET /xingrg/check_reg.html?_=1663213096203 HTTP/1.1" 200 22
124.78.154.55 - - [15/Sep/2022:11:38:19 +0800] "GET /xingrg/kc/buy/cgsh_order_list.html HTTP/1.1" 200 52895
124.78.154.55 - - [15/Sep/2022:11:38:21 +0800] "POST /xingrg/kc/buy/cgsh_list_operate.html HTTP/1.1" 200 1764
180.169.147.146 - - [15/Sep/2022:11:38:21 +0800] "GET /xingrg/kc/base/wldb_order_operate.html?command=get_materiel&rest_code=00147&base_code=0010270&code=00101027001 HTTP/1.1" 200 470
116.238.169.132 - - [15/Sep/2022:11:38:22 +0800] "GET /xingrg/kc/buy/cgsh_order_operate.html?command=get_materiel&rest_code=00102&code=00102026001&supplier_code=00100558&order_time=2022-09-14 HTTP/1.1" 200 409
124.78.154.55 - - [15/Sep/2022:11:38:26 +0800] "GET /xingrg/javascript/easyui/themes/default/tree.css HTTP/1.1" 404 1090
124.78.154.55 - - [15/Sep/2022:11:38:26 +0800] "POST /xingrg/all/common/load_tree.html?tree=supplier_tree_json&manage=1 HTTP/1.1" 200 69780
180.169.147.146 - - [15/Sep/2022:11:38:28 +0800] "GET /xingrg/kc/base/wldb_order_operate.html?command=get_materiel&rest_code=00147&base_code=0010270&code=00101019196 HTTP/1.1" 200 471
116.238.169.132 - - [15/Sep/2022:11:38:30 +0800] "POST /xingrg/kc/buy/cgsh_order_operate.html HTTP/1.1" 200 37
180.169.147.146 - - [15/Sep/2022:11:38:31 +0800] "GET /xingrg/kc/base/wldb_order_operate.html?command=get_materiel&rest_code=00147&base_code=0010270&code=00101019438 HTTP/1.1" 200 462
116.238.169.132 - - [15/Sep/2022:11:38:33 +0800] "POST /xingrg/kc/buy/cgsh_order_operate.html HTTP/1.1" 200 12
116.238.169.132 - - [15/Sep/2022:11:38:34 +0800] "GET /xingrg/kc/buy/cgsh_order_info.html?code=212022091505369 HTTP/1.1" 200 63619
116.238.169.132 - - [15/Sep/2022:11:38:34 +0800] "GET /xingrg/javascript/easyui/themes/default/validatebox.css HTTP/1.1" 404 1104
116.238.169.132 - - [15/Sep/2022:11:38:35 +0800] "POST /xingrg/kc/buy/cgsh_order_operate.html HTTP/1.1" 200 4175
116.238.169.132 - - [15/Sep/2022:11:38:36 +0800] "GET /xingrg/kc/print/load_data.html?order_code=212022091505369&kc_code=cgsh&condition= HTTP/1.1" 200 2064
124.78.154.55 - - [15/Sep/2022:11:38:36 +0800] "POST /xingrg/kc/buy/cgsh_list_operate.html HTTP/1.1" 200 6240
180.169.147.146 - - [15/Sep/2022:11:38:37 +0800] "GET /xingrg/kc/base/wldb_order_operate.html?command=get_materiel&rest_code=00147&base_code=0010270&code=00101019527 HTTP/1.1" 200 474
180.169.147.146 - - [15/Sep/2022:11:38:40 +0800] "GET /xingrg/javascript/auto/indicator.gif HTTP/1.1" 404 1066
124.78.154.55 - - [15/Sep/2022:11:38:41 +0800] "POST /xingrg/kc/buy/cgsh_list_operate.html HTTP/1.1" 200 635
180.169.147.146 - - [15/Sep/2022:11:38:42 +0800] "GET /xingrg/kc/base/wldb_order_operate.html?command=get_materiel&rest_code=00147&base_code=0010270&code=00101019270 HTTP/1.1" 200 478
180.169.147.146 - - [15/Sep/2022:11:38:44 +0800] "GET /xingrg/all/function/internal_message.html?_=1663213122750&CODE_STATE=getMsg HTTP/1.1" 200 27
116.224.255.128 - - [15/Sep/2022:11:38:46 +0800] "GET /xingrg/check_reg.html?_=1663213124302 HTTP/1.1" 200 22
116.224.255.128 - - [15/Sep/2022:11:38:46 +0800] "GET /xingrg/all/function/internal_message.html?_=1663213124310&CODE_STATE=getMsg HTTP/1.1" 200 27
180.169.147.146 - - [15/Sep/2022:11:38:46 +0800] "GET /xingrg/kc/base/wldb_order_operate.html?command=get_materiel&rest_code=00147&base_code=0010270&code=00101016076 HTTP/1.1" 200 477
180.163.30.76 - - [15/Sep/2022:11:38:48 +0800] "GET /xingrg/all/function/internal_message.html?_=1663208938307&CODE_STATE=getMsg HTTP/1.1" 302 -
180.163.30.76 - - [15/Sep/2022:11:38:49 +0800] "GET /xingrg/login.html HTTP/1.1" 200 7641
116.238.169.132 - - [15/Sep/2022:11:38:49 +0800] "GET /xingrg/check_reg.html?_=1663213127518 HTTP/1.1" 200 22
116.238.169.132 - - [15/Sep/2022:11:38:49 +0800] "GET /xingrg/all/function/internal_message.html?_=1663213127865&CODE_STATE=getMsg HTTP/1.1" 200 27
180.169.147.146 - - [15/Sep/2022:11:38:51 +0800] "GET /xingrg/kc/base/wldb_order_operate.html?command=get_materiel&rest_code=00147&base_code=0010270&code=00101019243 HTTP/1.1" 200 463
116.238.169.132 - - [15/Sep/2022:11:38:51 +0800] "GET /xingrg/all/function/internal_message.html?_=1663213125439&CODE_STATE=getMsg HTTP/1.1" 200 27
114.84.5.35 - - [15/Sep/2022:11:38:51 +0800] "GET /xingrg/all/function/internal_message.html?_=1663213126845&CODE_STATE=getMsg HTTP/1.1" 200 27
180.169.147.146 - - [15/Sep/2022:11:38:56 +0800] "GET /xingrg/kc/base/wldb_order_operate.html?command=get_materiel&rest_code=00147&base_code=0010270&code=00101027001 HTTP/1.1" 200 470
124.78.154.55 - - [15/Sep/2022:11:38:58 +0800] "GET /xingrg/kc/buy/cgsh_order_info.html?code=212022090300841 HTTP/1.1" 200 63572
180.169.147.146 - - [15/Sep/2022:11:38:58 +0800] "GET /xingrg/all/function/internal_message.html?_=1663213131230&CODE_STATE=getMsg HTTP/1.1" 200 27
124.78.154.55 - - [15/Sep/2022:11:38:58 +0800] "GET /xingrg/javascript/easyui/themes/default/validatebox.css HTTP/1.1" 404 1104
180.163.30.27 - - [15/Sep/2022:11:38:59 +0800] "GET /xingrg/kc/mdqp/qp_main.html HTTP/1.1" 302 -
180.163.30.27 - - [15/Sep/2022:11:38:59 +0800] "GET /xingrg/login.html HTTP/1.1" 200 7641
124.78.154.55 - - [15/Sep/2022:11:38:59 +0800] "POST /xingrg/kc/buy/cgsh_order_operate.html HTTP/1.1" 200 3750
180.169.147.146 - - [15/Sep/2022:11:39:00 +0800] "GET /xingrg/kc/base/wldb_order_operate.html?command=get_materiel&rest_code=00147&base_code=0010270&code=00101019253 HTTP/1.1" 200 481
124.78.154.55 - - [15/Sep/2022:11:39:01 +0800] "GET /xingrg/all/function/internal_message.html?_=1663213136944&CODE_STATE=getMsg HTTP/1.1" 200 27
180.169.147.146 - - [15/Sep/2022:11:39:03 +0800] "GET /xingrg/kc/base/wldb_order_operate.html?command=get_materiel&rest_code=00147&base_code=0010270&code=00101019400 HTTP/1.1" 200 464
114.88.158.224 - - [15/Sep/2022:11:39:04 +0800] "GET /xingrg/all/function/internal_message.html?_=1663213139862&CODE_STATE=getMsg HTTP/1.1" 200 27
222.70.246.221 - - [15/Sep/2022:11:39:04 +0800] "GET /xingrg/all/function/internal_message.html?_=1663213156234&CODE_STATE=getMsg HTTP/1.1" 200 27
124.79.74.72 - - [15/Sep/2022:11:39:05 +0800] "GET /xingrg/all/function/internal_message.html?_=1663213139824&CODE_STATE=getMsg HTTP/1.1" 200 27
116.232.194.65 - - [15/Sep/2022:11:39:07 +0800] "GET /xingrg/all/function/internal_message.html?_=1663213144133&CODE_STATE=getMsg HTTP/1.1" 200 27
180.169.147.146 - - [15/Sep/2022:11:39:07 +0800] "GET /xingrg/kc/base/wldb_order_operate.html?command=get_materiel&rest_code=00147&base_code=0010270&code=00101019183 HTTP/1.1" 200 448
180.169.147.146 - - [15/Sep/2022:11:39:10 +0800] "GET /xingrg/kc/base/wldb_order_operate.html?command=get_materiel&rest_code=00147&base_code=0010270&code=00101019416 HTTP/1.1" 200 465
124.78.154.55 - - [15/Sep/2022:11:39:10 +0800] "POST /xingrg/kc/buy/cgsh_list_operate.html HTTP/1.1" 200 462
114.83.219.57 - - [15/Sep/2022:11:39:11 +0800] "GET /xingrg/all/function/internal_message.html?_=1663213232784&CODE_STATE=getMsg HTTP/1.1" 200 27
114.83.219.57 - - [15/Sep/2022:11:39:11 +0800] "GET /xingrg/check_reg.html?_=1663213232786 HTTP/1.1" 200 22
124.78.154.55 - - [15/Sep/2022:11:39:11 +0800] "GET /xingrg/kc/buy/cgsh_order_info.html?code=212022090501860 HTTP/1.1" 200 63580
180.163.29.212 - - [15/Sep/2022:11:39:12 +0800] "GET /xingrg/all/function/internal_message.html?_=1663209957880&CODE_STATE=getMsg HTTP/1.1" 302 -
180.163.29.212 - - [15/Sep/2022:11:39:12 +0800] "GET /xingrg/login.html HTTP/1.1" 200 7641
124.78.154.55 - - [15/Sep/2022:11:39:12 +0800] "GET /xingrg/javascript/easyui/themes/default/validatebox.css HTTP/1.1" 404 1104
116.225.121.189 - - [15/Sep/2022:11:39:12 +0800] "GET /xingrg/all/function/internal_message.html?_=1663213150558&CODE_STATE=getMsg HTTP/1.1" 200 27
124.78.154.55 - - [15/Sep/2022:11:39:12 +0800] "POST /xingrg/kc/buy/cgsh_order_operate.html HTTP/1.1" 200 2496
116.235.94.249 - - [15/Sep/2022:11:39:13 +0800] "GET /xingrg/all/function/internal_message.html?_=1663213346438&CODE_STATE=getMsg HTTP/1.1" 200 27
180.163.29.79 - - [15/Sep/2022:11:39:13 +0800] "GET /xingrg/all/function/internal_message.html?_=1663209478077&CODE_STATE=getMsg HTTP/1.1" 302 -
180.163.29.79 - - [15/Sep/2022:11:39:13 +0800] "GET /xingrg/login.html HTTP/1.1" 200 7641
114.84.81.136 - - [15/Sep/2022:11:39:14 +0800] "GET /xingrg/check_reg.html?_=1663213150221 HTTP/1.1" 200 22
116.224.255.128 - - [15/Sep/2022:11:39:15 +0800] "GET /xingrg/all/function/internal_message.html?_=1663213090403&CODE_STATE=getMsg HTTP/1.1" 200 27
114.84.81.136 - - [15/Sep/2022:11:39:15 +0800] "GET /xingrg/all/function/internal_message.html?_=1663213152213&CODE_STATE=getMsg HTTP/1.1" 200 27
101.85.93.113 - - [15/Sep/2022:11:39:18 +0800] "GET /xingrg/all/function/internal_message.html?_=1663213156217&CODE_STATE=getMsg HTTP/1.1" 200 27
124.78.154.55 - - [15/Sep/2022:11:39:18 +0800] "POST /xingrg/kc/buy/cgsh_list_operate.html HTTP/1.1" 200 6240
124.78.154.55 - - [15/Sep/2022:11:39:20 +0800] "POST /xingrg/kc/buy/cgsh_list_operate.html HTTP/1.1" 200 655
124.78.154.55 - - [15/Sep/2022:11:39:23 +0800] "GET /xingrg/kc/buy/cgsh_order_info.html?code=212022090602119 HTTP/1.1" 200 63580
124.78.154.55 - - [15/Sep/2022:11:39:23 +0800] "GET /xingrg/javascript/easyui/themes/default/validatebox.css HTTP/1.1" 404 1104
124.78.154.55 - - [15/Sep/2022:11:39:24 +0800] "POST /xingrg/kc/buy/cgsh_order_operate.html HTTP/1.1" 200 3775
124.78.154.55 - - [15/Sep/2022:11:39:38 +0800] "POST /xingrg/kc/buy/cgsh_list_operate.html HTTP/1.1" 200 6240
124.78.154.55 - - [15/Sep/2022:11:39:39 +0800] "POST /xingrg/kc/buy/cgsh_list_operate.html HTTP/1.1" 200 628
124.78.154.55 - - [15/Sep/2022:11:39:40 +0800] "GET /xingrg/kc/buy/cgsh_order_info.html?code=212022090803001 HTTP/1.1" 200 63580
124.78.154.55 - - [15/Sep/2022:11:39:40 +0800] "GET /xingrg/javascript/easyui/themes/default/validatebox.css HTTP/1.1" 404 1104
124.78.154.55 - - [15/Sep/2022:11:39:41 +0800] "POST /xingrg/kc/buy/cgsh_order_operate.html HTTP/1.1" 200 3744
222.70.246.221 - - [15/Sep/2022:11:39:43 +0800] "GET /xingrg/check_reg.html?_=1663213195097 HTTP/1.1" 200 22
180.169.147.146 - - [15/Sep/2022:11:39:44 +0800] "GET /xingrg/check_reg.html?_=1663213182751 HTTP/1.1" 200 22
180.169.147.146 - - [15/Sep/2022:11:39:44 +0800] "GET /xingrg/all/function/internal_message.html?_=1663213182753&CODE_STATE=getMsg HTTP/1.1" 200 27
116.224.255.128 - - [15/Sep/2022:11:39:46 +0800] "GET /xingrg/all/function/internal_message.html?_=1663213184310&CODE_STATE=getMsg HTTP/1.1" 200 27
116.238.169.132 - - [15/Sep/2022:11:39:49 +0800] "GET /xingrg/all/function/internal_message.html?_=1663213187852&CODE_STATE=getMsg HTTP/1.1" 200 27
116.238.169.132 - - [15/Sep/2022:11:39:51 +0800] "GET /xingrg/all/function/internal_message.html?_=1663213185410&CODE_STATE=getMsg HTTP/1.1" 200 27
114.84.5.35 - - [15/Sep/2022:11:39:51 +0800] "GET /xingrg/all/function/internal_message.html?_=1663213186845&CODE_STATE=getMsg HTTP/1.1" 200 27
124.78.154.55 - - [15/Sep/2022:11:39:51 +0800] "POST /xingrg/kc/buy/cgsh_list_operate.html HTTP/1.1" 200 6240
180.163.30.76 - - [15/Sep/2022:11:39:52 +0800] "GET /xingrg/kc/print/load_data.html?order_code=212022091505321&kc_code=cgsh HTTP/1.1" 302 -
180.163.30.76 - - [15/Sep/2022:11:39:52 +0800] "GET /xingrg/login.html HTTP/1.1" 200 7641
124.78.154.55 - - [15/Sep/2022:11:39:53 +0800] "POST /xingrg/kc/buy/cgsh_list_operate.html HTTP/1.1" 200 290
124.78.154.55 - - [15/Sep/2022:11:39:53 +0800] "GET /xingrg/kc/buy/cgsh_order_info.html?code=212022091003564 HTTP/1.1" 200 63580
124.78.154.55 - - [15/Sep/2022:11:39:53 +0800] "GET /xingrg/javascript/easyui/themes/default/validatebox.css HTTP/1.1" 404 1104
124.78.154.55 - - [15/Sep/2022:11:39:54 +0800] "POST /xingrg/kc/buy/cgsh_order_operate.html HTTP/1.1" 200 1253
180.169.147.146 - - [15/Sep/2022:11:39:57 +0800] "GET /xingrg/kc/base/wldb_order_operate.html?command=get_materiel&rest_code=00147&base_code=0010270&code=00101019564 HTTP/1.1" 200 433
180.169.147.146 - - [15/Sep/2022:11:39:58 +0800] "GET /xingrg/all/function/internal_message.html?_=1663213191230&CODE_STATE=getMsg HTTP/1.1" 200 27
124.78.154.55 - - [15/Sep/2022:11:40:01 +0800] "GET /xingrg/all/function/internal_message.html?_=1663213196923&CODE_STATE=getMsg HTTP/1.1" 200 27
124.78.154.55 - - [15/Sep/2022:11:40:01 +0800] "POST /xingrg/kc/buy/cgsh_list_operate.html HTTP/1.1" 200 6240
124.78.154.55 - - [15/Sep/2022:11:40:02 +0800] "POST /xingrg/kc/buy/cgsh_list_operate.html HTTP/1.1" 200 638
124.78.154.55 - - [15/Sep/2022:11:40:03 +0800] "GET /xingrg/kc/buy/cgsh_order_info.html?code=212022091104287 HTTP/1.1" 200 63580
124.78.154.55 - - [15/Sep/2022:11:40:03 +0800] "GET /xingrg/javascript/easyui/themes/default/validatebox.css HTTP/1.1" 404 1104
180.169.147.146 - - [15/Sep/2022:11:40:03 +0800] "GET /xingrg/kc/base/wldb_order_operate.html?command=get_materiel&rest_code=00147&base_code=0010270&code=00101019844 HTTP/1.1" 200 434
124.78.154.55 - - [15/Sep/2022:11:40:04 +0800] "POST /xingrg/kc/buy/cgsh_order_operate.html HTTP/1.1" 200 4387
114.88.158.224 - - [15/Sep/2022:11:40:04 +0800] "GET /xingrg/all/function/internal_message.html?_=1663213199886&CODE_STATE=getMsg HTTP/1.1" 200 27
222.70.246.221 - - [15/Sep/2022:11:40:04 +0800] "GET /xingrg/all/function/internal_message.html?_=1663213216235&CODE_STATE=getMsg HTTP/1.1" 200 27
124.79.74.72 - - [15/Sep/2022:11:40:05 +0800] "GET /xingrg/all/function/internal_message.html?_=1663213199825&CODE_STATE=getMsg HTTP/1.1" 200 27
116.232.194.65 - - [15/Sep/2022:11:40:07 +0800] "GET /xingrg/all/function/internal_message.html?_=1663213204125&CODE_STATE=getMsg HTTP/1.1" 200 27
124.78.154.55 - - [15/Sep/2022:11:40:10 +0800] "POST /xingrg/kc/buy/cgsh_list_operate.html HTTP/1.1" 200 6240
114.83.219.57 - - [15/Sep/2022:11:40:11 +0800] "GET /xingrg/all/function/internal_message.html?_=1663213292770&CODE_STATE=getMsg HTTP/1.1" 200 27
116.225.121.189 - - [15/Sep/2022:11:40:12 +0800] "GET /xingrg/check_reg.html?_=1663213210559 HTTP/1.1" 200 22
116.225.121.189 - - [15/Sep/2022:11:40:12 +0800] "GET /xingrg/all/function/internal_message.html?_=1663213210561&CODE_STATE=getMsg HTTP/1.1" 200 27
116.235.94.249 - - [15/Sep/2022:11:40:13 +0800] "GET /xingrg/all/function/internal_message.html?_=1663213406442&CODE_STATE=getMsg HTTP/1.1" 200 27
124.78.154.55 - - [15/Sep/2022:11:40:13 +0800] "POST /xingrg/kc/buy/cgsh_list_operate.html HTTP/1.1" 200 534
180.163.28.55 - - [15/Sep/2022:11:40:14 +0800] "GET /xingrg/all/function/internal_message.html?_=1663210017858&CODE_STATE=getMsg HTTP/1.1" 302 -
180.163.28.55 - - [15/Sep/2022:11:40:14 +0800] "GET /xingrg/login.html HTTP/1.1" 200 7641
116.224.255.128 - - [15/Sep/2022:11:40:15 +0800] "GET /xingrg/all/function/internal_message.html?_=1663213150417&CODE_STATE=getMsg HTTP/1.1" 200 27
114.84.81.136 - - [15/Sep/2022:11:40:15 +0800] "GET /xingrg/all/function/internal_message.html?_=1663213212221&CODE_STATE=getMsg HTTP/1.1" 200 27
180.169.147.146 - - [15/Sep/2022:11:40:18 +0800] "GET /xingrg/kc/base/wldb_order_operate.html?command=get_materiel&rest_code=00147&base_code=0010270&code=00101019306 HTTP/1.1" 200 476
101.85.93.113 - - [15/Sep/2022:11:40:18 +0800] "GET /xingrg/all/function/internal_message.html?_=1663213216204&CODE_STATE=getMsg HTTP/1.1" 200 27
222.70.246.221 - - [15/Sep/2022:11:40:18 +0800] "POST /xingrg/services/DataTransmitService HTTP/1.1" 200 524
222.70.246.221 - - [15/Sep/2022:11:40:18 +0800] "POST /xingrg/services/DataTransmitService HTTP/1.1" 200 501
180.169.147.146 - - [15/Sep/2022:11:40:20 +0800] "GET /xingrg/kc/base/wldb_order_operate.html?command=get_materiel&rest_code=00147&base_code=0010270&code=00101019391 HTTP/1.1" 200 485
180.169.147.146 - - [15/Sep/2022:11:40:24 +0800] "GET /xingrg/kc/base/wldb_order_operate.html?command=get_materiel&rest_code=00147&base_code=0010270&code=00101019164 HTTP/1.1" 200 466
180.169.147.146 - - [15/Sep/2022:11:40:25 +0800] "POST /xingrg/kc/base/wldb_order_operate.html HTTP/1.1" 200 1710
180.169.147.146 - - [15/Sep/2022:11:40:32 +0800] "GET /xingrg/kc/base/wldb_order_operate.html?command=get_materiel&rest_code=00147&base_code=0010270&code=00101016046 HTTP/1.1" 200 458
180.169.147.146 - - [15/Sep/2022:11:40:38 +0800] "GET /xingrg/kc/base/wldb_order_operate.html?command=get_materiel&rest_code=00147&base_code=0010270&code=00101019750 HTTP/1.1" 200 456
180.169.147.146 - - [15/Sep/2022:11:40:44 +0800] "GET /xingrg/all/function/internal_message.html?_=1663213242738&CODE_STATE=getMsg HTTP/1.1" 200 27
180.169.147.146 - - [15/Sep/2022:11:40:45 +0800] "GET /xingrg/kc/base/wldb_order_operate.html?command=get_materiel&rest_code=00147&base_code=0010270&code=00101019253 HTTP/1.1" 200 481
116.224.255.128 - - [15/Sep/2022:11:40:46 +0800] "GET /xingrg/all/function/internal_message.html?_=1663213244314&CODE_STATE=getMsg HTTP/1.1" 200 27
116.238.169.132 - - [15/Sep/2022:11:40:49 +0800] "GET /xingrg/all/function/internal_message.html?_=1663213247849&CODE_STATE=getMsg HTTP/1.1" 200 27
180.169.147.146 - - [15/Sep/2022:11:40:50 +0800] "GET /xingrg/kc/base/wldb_order_operate.html?command=get_materiel&rest_code=00147&base_code=0010270&code=00101019530 HTTP/1.1" 200 479
116.238.169.132 - - [15/Sep/2022:11:40:51 +0800] "GET /xingrg/all/function/internal_message.html?_=1663213245404&CODE_STATE=getMsg HTTP/1.1" 200 27
114.84.5.35 - - [15/Sep/2022:11:40:51 +0800] "GET /xingrg/all/function/internal_message.html?_=1663213246844&CODE_STATE=getMsg HTTP/1.1" 200 27
116.238.169.132 - - [15/Sep/2022:11:40:51 +0800] "GET /xingrg/check_reg.html?_=1663213246122 HTTP/1.1" 200 22
180.169.147.146 - - [15/Sep/2022:11:40:58 +0800] "GET /xingrg/all/function/internal_message.html?_=1663213251231&CODE_STATE=getMsg HTTP/1.1" 200 27
124.78.154.55 - - [15/Sep/2022:11:41:01 +0800] "GET /xingrg/all/function/internal_message.html?_=1663213256900&CODE_STATE=getMsg HTTP/1.1" 200 27
124.78.154.55 - - [15/Sep/2022:11:41:03 +0800] "POST /xingrg/kc/buy/cgsh_list_operate.html HTTP/1.1" 200 462
114.88.158.224 - - [15/Sep/2022:11:41:04 +0800] "GET /xingrg/all/function/internal_message.html?_=1663213259887&CODE_STATE=getMsg HTTP/1.1" 200 27
114.88.158.224 - - [15/Sep/2022:11:41:04 +0800] "GET /xingrg/check_reg.html?_=1663213259889 HTTP/1.1" 200 22
222.70.246.221 - - [15/Sep/2022:11:41:04 +0800] "GET /xingrg/all/function/internal_message.html?_=1663213276247&CODE_STATE=getMsg HTTP/1.1" 200 27
124.79.74.72 - - [15/Sep/2022:11:41:05 +0800] "GET /xingrg/all/function/internal_message.html?_=1663213259811&CODE_STATE=getMsg HTTP/1.1" 200 27
180.169.147.146 - - [15/Sep/2022:11:41:05 +0800] "GET /xingrg/kc/base/wldb_order_operate.html?command=get_materiel&rest_code=00147&base_code=0010270&code=00101019222 HTTP/1.1" 200 453
124.78.154.55 - - [15/Sep/2022:11:41:06 +0800] "POST /xingrg/kc/buy/cgsh_list_operate.html HTTP/1.1" 200 635
116.232.194.65 - - [15/Sep/2022:11:41:07 +0800] "GET /xingrg/all/function/internal_message.html?_=1663213264125&CODE_STATE=getMsg HTTP/1.1" 200 27
114.83.219.57 - - [15/Sep/2022:11:41:11 +0800] "GET /xingrg/all/function/internal_message.html?_=1663213352770&CODE_STATE=getMsg HTTP/1.1" 200 27
116.225.121.189 - - [15/Sep/2022:11:41:12 +0800] "GET /xingrg/all/function/internal_message.html?_=1663213270561&CODE_STATE=getMsg HTTP/1.1" 200 27
116.235.94.249 - - [15/Sep/2022:11:41:13 +0800] "GET /xingrg/all/function/internal_message.html?_=1663213466422&CODE_STATE=getMsg HTTP/1.1" 200 27
116.224.255.128 - - [15/Sep/2022:11:41:15 +0800] "GET /xingrg/all/function/internal_message.html?_=1663213210445&CODE_STATE=getMsg HTTP/1.1" 200 27
114.84.81.136 - - [15/Sep/2022:11:41:15 +0800] "GET /xingrg/check_reg.html?_=1663213272204 HTTP/1.1" 200 22
114.84.81.136 - - [15/Sep/2022:11:41:15 +0800] "GET /xingrg/all/function/internal_message.html?_=1663213272207&CODE_STATE=getMsg HTTP/1.1" 200 27
101.85.93.113 - - [15/Sep/2022:11:41:18 +0800] "GET /xingrg/all/function/internal_message.html?_=1663213276206&CODE_STATE=getMsg HTTP/1.1" 200 27
180.169.147.146 - - [15/Sep/2022:11:41:21 +0800] "POST /xingrg/kc/base/wldb_order_operate.html HTTP/1.1" 200 1710
180.169.147.146 - - [15/Sep/2022:11:41:24 +0800] "GET /xingrg/kc/base/wldb_order_operate.html?command=get_materiel&rest_code=00147&base_code=0010270&code=00101019185 HTTP/1.1" 200 468
180.169.147.146 - - [15/Sep/2022:11:41:27 +0800] "GET /xingrg/kc/base/wldb_order_operate.html?command=get_materiel&rest_code=00147&base_code=0010270&code=00101019391 HTTP/1.1" 200 485
180.169.147.146 - - [15/Sep/2022:11:41:34 +0800] "GET /xingrg/kc/base/wldb_order_operate.html?command=get_materiel&rest_code=00147&base_code=0010270&code=00101019257 HTTP/1.1" 200 478
180.169.147.146 - - [15/Sep/2022:11:41:39 +0800] "GET /xingrg/kc/base/wldb_order_operate.html?command=get_materiel&rest_code=00147&base_code=0010270&code=00101019258 HTTP/1.1" 200 483
180.169.147.146 - - [15/Sep/2022:11:41:44 +0800] "GET /xingrg/all/function/internal_message.html?_=1663213302737&CODE_STATE=getMsg HTTP/1.1" 200 27
114.83.222.183 - - [15/Sep/2022:11:41:45 +0800] "GET /xingrg/check_reg.html?_=1663213300607 HTTP/1.1" 200 22
116.224.255.128 - - [15/Sep/2022:11:41:46 +0800] "GET /xingrg/all/function/internal_message.html?_=1663213304313&CODE_STATE=getMsg HTTP/1.1" 200 27
180.169.147.146 - - [15/Sep/2022:11:41:47 +0800] "GET /xingrg/kc/base/wldb_order_operate.html?command=get_materiel&rest_code=00147&base_code=0010270&code=00101019257 HTTP/1.1" 200 478
116.238.169.132 - - [15/Sep/2022:11:41:49 +0800] "GET /xingrg/all/function/internal_message.html?_=1663213307849&CODE_STATE=getMsg HTTP/1.1" 200 27
180.169.147.146 - - [15/Sep/2022:11:41:51 +0800] "GET /xingrg/kc/base/wldb_order_operate.html?command=get_materiel&rest_code=00147&base_code=0010270&code=00101019438 HTTP/1.1" 200 462
116.238.169.132 - - [15/Sep/2022:11:41:51 +0800] "GET /xingrg/all/function/internal_message.html?_=1663213305401&CODE_STATE=getMsg HTTP/1.1" 200 27
114.84.5.35 - - [15/Sep/2022:11:41:51 +0800] "GET /xingrg/all/function/internal_message.html?_=1663213306845&CODE_STATE=getMsg HTTP/1.1" 200 27
180.169.147.146 - - [15/Sep/2022:11:41:53 +0800] "GET /xingrg/kc/base/wldb_order_operate.html?command=get_materiel&rest_code=00147&base_code=0010270&code=00101016076 HTTP/1.1" 200 477
180.169.147.146 - - [15/Sep/2022:11:41:55 +0800] "POST /xingrg/kc/base/wldb_order_operate.html HTTP/1.1" 200 1710
116.224.255.128 - - [15/Sep/2022:11:41:55 +0800] "GET /xingrg/check_reg.html?_=1663213250743 HTTP/1.1" 200 22
180.169.147.146 - - [15/Sep/2022:11:41:57 +0800] "GET /xingrg/kc/base/wldb_order_operate.html?command=get_materiel&rest_code=00147&base_code=0010270&code=00101019249 HTTP/1.1" 200 470
180.169.147.146 - - [15/Sep/2022:11:41:58 +0800] "GET /xingrg/all/function/internal_message.html?_=1663213311233&CODE_STATE=getMsg HTTP/1.1" 200 27
180.169.147.146 - - [15/Sep/2022:11:42:00 +0800] "GET /xingrg/kc/base/wldb_order_operate.html?command=get_materiel&rest_code=00147&base_code=0010270&code=00101019184 HTTP/1.1" 200 458
124.78.154.55 - - [15/Sep/2022:11:42:00 +0800] "GET /xingrg/all/function/internal_message.html?_=1663213316870&CODE_STATE=getMsg HTTP/1.1" 200 27
120.253.135.82 - - [15/Sep/2022:11:42:03 +0800] "GET /xingrg/check_reg.html?_=1663213121734 HTTP/1.1" 200 22
180.169.147.146 - - [15/Sep/2022:11:42:04 +0800] "GET /xingrg/kc/base/wldb_order_operate.html?command=get_materiel&rest_code=00147&base_code=0010270&code=00101019400 HTTP/1.1" 200 464
114.88.158.224 - - [15/Sep/2022:11:42:04 +0800] "GET /xingrg/all/function/internal_message.html?_=1663213319888&CODE_STATE=getMsg HTTP/1.1" 200 27
222.70.246.221 - - [15/Sep/2022:11:42:04 +0800] "GET /xingrg/all/function/internal_message.html?_=1663213336496&CODE_STATE=getMsg HTTP/1.1" 200 27
124.79.74.72 - - [15/Sep/2022:11:42:05 +0800] "GET /xingrg/all/function/internal_message.html?_=1663213319813&CODE_STATE=getMsg HTTP/1.1" 200 27
180.169.147.146 - - [15/Sep/2022:11:42:06 +0800] "GET /xingrg/kc/base/wldb_order_operate.html?command=get_materiel&rest_code=00147&base_code=0010270&code=00101019133 HTTP/1.1" 200 480
116.232.194.65 - - [15/Sep/2022:11:42:07 +0800] "GET /xingrg/all/function/internal_message.html?_=1663213324131&CODE_STATE=getMsg HTTP/1.1" 200 27
180.169.147.146 - - [15/Sep/2022:11:42:10 +0800] "GET /xingrg/kc/base/wldb_order_operate.html?command=get_materiel&rest_code=00147&base_code=0010270&code=00101019127 HTTP/1.1" 200 480
114.83.219.57 - - [15/Sep/2022:11:42:11 +0800] "GET /xingrg/all/function/internal_message.html?_=1663213412757&CODE_STATE=getMsg HTTP/1.1" 200 27
180.169.147.146 - - [15/Sep/2022:11:42:12 +0800] "POST /xingrg/kc/base/wldb_order_operate.html HTTP/1.1" 200 1710
116.225.121.189 - - [15/Sep/2022:11:42:12 +0800] "GET /xingrg/all/function/internal_message.html?_=1663213330562&CODE_STATE=getMsg HTTP/1.1" 200 27
116.235.94.249 - - [15/Sep/2022:11:42:13 +0800] "GET /xingrg/all/function/internal_message.html?_=1663213526404&CODE_STATE=getMsg HTTP/1.1" 200 27
116.224.255.128 - - [15/Sep/2022:11:42:15 +0800] "GET /xingrg/all/function/internal_message.html?_=1663213270460&CODE_STATE=getMsg HTTP/1.1" 200 27
114.84.81.136 - - [15/Sep/2022:11:42:15 +0800] "GET /xingrg/all/function/internal_message.html?_=1663213332204&CODE_STATE=getMsg HTTP/1.1" 200 27
180.163.29.212 - - [15/Sep/2022:11:42:15 +0800] "GET /xingrg/all/function/internal_message.html?_=1663209717973&CODE_STATE=getMsg HTTP/1.1" 302 -
180.163.29.212 - - [15/Sep/2022:11:42:15 +0800] "GET /xingrg/login.html HTTP/1.1" 200 7641
180.169.147.146 - - [15/Sep/2022:11:42:17 +0800] "GET /xingrg/kc/base/wldb_order_operate.html?command=get_materiel&rest_code=00147&base_code=0010270&code=00101019276 HTTP/1.1" 200 460
101.85.93.113 - - [15/Sep/2022:11:42:18 +0800] "GET /xingrg/all/function/internal_message.html?_=1663213336208&CODE_STATE=getMsg HTTP/1.1" 200 27
180.169.147.146 - - [15/Sep/2022:11:42:24 +0800] "GET /xingrg/kc/base/wldb_order_operate.html?command=get_materiel&rest_code=00147&base_code=0010270&code=00101019310 HTTP/1.1" 200 478
180.169.147.146 - - [15/Sep/2022:11:42:29 +0800] "GET /xingrg/kc/base/wldb_order_operate.html?command=get_materiel&rest_code=00147&base_code=0010270&code=00101019187 HTTP/1.1" 200 478
180.169.147.146 - - [15/Sep/2022:11:42:38 +0800] "GET /xingrg/kc/base/wldb_order_operate.html?command=get_materiel&rest_code=00147&base_code=0010270&code=00101019196 HTTP/1.1" 200 471
114.84.5.35 - - [15/Sep/2022:11:42:39 +0800] "GET /xingrg/kc/buy/cgsh_order_list.html HTTP/1.1" 200 52895
114.84.5.35 - - [15/Sep/2022:11:42:42 +0800] "POST /xingrg/kc/buy/cgsh_list_operate.html HTTP/1.1" 200 3327
180.169.147.146 - - [15/Sep/2022:11:42:42 +0800] "GET /xingrg/kc/base/wldb_order_operate.html?command=get_materiel&rest_code=00147&base_code=0010270&code=00101019071 HTTP/1.1" 200 471
180.169.147.146 - - [15/Sep/2022:11:42:43 +0800] "POST /xingrg/kc/base/wldb_order_operate.html HTTP/1.1" 200 1710
180.169.147.146 - - [15/Sep/2022:11:42:44 +0800] "GET /xingrg/all/function/internal_message.html?_=1663213362752&CODE_STATE=getMsg HTTP/1.1" 200 27
114.84.5.35 - - [15/Sep/2022:11:42:45 +0800] "POST /xingrg/kc/buy/cgsh_list_operate.html HTTP/1.1" 200 580
180.169.147.146 - - [15/Sep/2022:11:42:45 +0800] "GET /xingrg/kc/base/wldb_order_operate.html?command=get_materiel&rest_code=00147&base_code=0010270&code=00101019535 HTTP/1.1" 200 476
116.224.255.128 - - [15/Sep/2022:11:42:46 +0800] "GET /xingrg/all/function/internal_message.html?_=1663213364314&CODE_STATE=getMsg HTTP/1.1" 200 27
114.84.5.35 - - [15/Sep/2022:11:42:46 +0800] "GET /xingrg/kc/buy/cgsh_order_info.html?code=212022091505309 HTTP/1.1" 200 68642
114.84.5.35 - - [15/Sep/2022:11:42:47 +0800] "GET /xingrg/javascript/easyui/themes/default/validatebox.css HTTP/1.1" 404 1104
114.84.5.35 - - [15/Sep/2022:11:42:47 +0800] "POST /xingrg/kc/buy/cgsh_order_operate.html HTTP/1.1" 200 5634
116.238.169.132 - - [15/Sep/2022:11:42:49 +0800] "GET /xingrg/all/function/internal_message.html?_=1663213367849&CODE_STATE=getMsg HTTP/1.1" 200 27
116.238.169.132 - - [15/Sep/2022:11:42:51 +0800] "GET /xingrg/all/function/internal_message.html?_=1663213365385&CODE_STATE=getMsg HTTP/1.1" 200 27
114.84.5.35 - - [15/Sep/2022:11:42:51 +0800] "GET /xingrg/check_reg.html?_=1663213366855 HTTP/1.1" 200 22
114.84.5.35 - - [15/Sep/2022:11:42:51 +0800] "GET /xingrg/all/function/internal_message.html?_=1663213366858&CODE_STATE=getMsg HTTP/1.1" 200 27
114.84.5.35 - - [15/Sep/2022:11:42:53 +0800] "GET /xingrg/kc/print/load_data.html?order_code=212022091505309&kc_code=cgsh HTTP/1.1" 200 1909
180.169.147.146 - - [15/Sep/2022:11:42:58 +0800] "GET /xingrg/all/function/internal_message.html?_=1663213371233&CODE_STATE=getMsg HTTP/1.1" 200 27
180.169.147.146 - - [15/Sep/2022:11:42:58 +0800] "GET /xingrg/check_reg.html?_=1663213371234 HTTP/1.1" 200 22
180.169.147.146 - - [15/Sep/2022:11:42:59 +0800] "GET /xingrg/kc/base/wldb_order_operate.html?command=get_materiel&rest_code=00147&base_code=0010270&code=00101027001 HTTP/1.1" 200 470
124.78.154.55 - - [15/Sep/2022:11:43:00 +0800] "GET /xingrg/all/function/internal_message.html?_=1663213376839&CODE_STATE=getMsg HTTP/1.1" 200 27
124.78.154.55 - - [15/Sep/2022:11:43:02 +0800] "GET /xingrg/check_reg.html?_=1663213378172 HTTP/1.1" 200 22
114.88.158.224 - - [15/Sep/2022:11:43:04 +0800] "GET /xingrg/all/function/internal_message.html?_=1663213379889&CODE_STATE=getMsg HTTP/1.1" 200 27
222.70.246.221 - - [15/Sep/2022:11:43:04 +0800] "GET /xingrg/all/function/internal_message.html?_=1663213396509&CODE_STATE=getMsg HTTP/1.1" 200 27
124.79.74.72 - - [15/Sep/2022:11:43:05 +0800] "GET /xingrg/all/function/internal_message.html?_=1663213379817&CODE_STATE=getMsg HTTP/1.1" 200 27
124.79.74.72 - - [15/Sep/2022:11:43:05 +0800] "GET /xingrg/check_reg.html?_=1663213379818 HTTP/1.1" 200 22
180.169.147.146 - - [15/Sep/2022:11:43:06 +0800] "GET /xingrg/check_reg.html?_=1663213384218 HTTP/1.1" 200 22
180.169.147.146 - - [15/Sep/2022:11:43:07 +0800] "GET /xingrg/check_reg.html?_=1663213384644 HTTP/1.1" 200 22
116.232.194.65 - - [15/Sep/2022:11:43:07 +0800] "GET /xingrg/check_reg.html?_=1663213384119 HTTP/1.1" 200 22
116.232.194.65 - - [15/Sep/2022:11:43:07 +0800] "GET /xingrg/all/function/internal_message.html?_=1663213384121&CODE_STATE=getMsg HTTP/1.1" 200 27
