116.235.94.249 - - [15/Sep/2022:11:23:32 +0800] "GET /xingrg/all/common/auto_word.html?type=employee&rest_code=00104 HTTP/1.1" 200 245
116.235.94.249 - - [15/Sep/2022:11:23:32 +0800] "GET /xingrg/javascript/easyui/themes/default/validatebox.css HTTP/1.1" 404 1104
101.85.93.113 - - [15/Sep/2022:11:23:33 +0800] "GET /xingrg/kc/base/wldb_order_operate.html?command=get_materiel&rest_code=00142&base_code=0010185&code=00101010624 HTTP/1.1" 200 455
116.235.94.249 - - [15/Sep/2022:11:23:33 +0800] "GET /xingrg/javascript/easyui/themes/default/tree.css HTTP/1.1" 404 1090
116.235.94.249 - - [15/Sep/2022:11:23:33 +0800] "POST /xingrg/all/common/load_tree.html?tree=supplier_tree_json&isDelete=1 HTTP/1.1" 200 68444
101.85.93.113 - - [15/Sep/2022:11:23:36 +0800] "POST /xingrg/all/common/load_select.html HTTP/1.1" 200 38
180.163.30.27 - - [15/Sep/2022:11:23:36 +0800] "GET /xingrg/all/function/internal_message.html?_=1663208578403&CODE_STATE=getMsg HTTP/1.1" 302 -
180.163.30.27 - - [15/Sep/2022:11:23:36 +0800] "GET /xingrg/login.html HTTP/1.1" 200 7641
101.85.93.113 - - [15/Sep/2022:11:23:38 +0800] "GET /xingrg/kc/base/wldb_order_operate.html?command=get_materiel_price&rest_code=00142&base_code=0010185&code=00101010624&unit_code=00100557 HTTP/1.1" 200 34
222.70.246.221 - - [15/Sep/2022:11:23:41 +0800] "POST /xingrg/kc/buy/cgsh_order_operate.html HTTP/1.1" 200 37
116.235.94.249 - - [15/Sep/2022:11:23:42 +0800] "GET /xingrg/javascript/auto/indicator.gif HTTP/1.1" 404 1066
222.70.246.221 - - [15/Sep/2022:11:23:43 +0800] "POST /xingrg/kc/buy/cgsh_order_operate.html HTTP/1.1" 200 5022
180.169.147.146 - - [15/Sep/2022:11:23:44 +0800] "GET /xingrg/all/function/internal_message.html?_=1663212222758&CODE_STATE=getMsg HTTP/1.1" 200 27
116.224.255.128 - - [15/Sep/2022:11:23:46 +0800] "GET /xingrg/all/function/internal_message.html?_=1663212224217&CODE_STATE=getMsg HTTP/1.1" 200 27
116.224.255.128 - - [15/Sep/2022:11:23:46 +0800] "GET /xingrg/check_reg.html?_=1663212224221 HTTP/1.1" 200 22
101.85.93.113 - - [15/Sep/2022:11:23:46 +0800] "GET /xingrg/kc/base/wldb_order_operate.html?command=get_materiel&rest_code=00142&base_code=0010185&code=00101010882 HTTP/1.1" 200 448
222.70.246.221 - - [15/Sep/2022:11:23:48 +0800] "GET /xingrg/kc/print/load_data.html?order_code=212022091505356&kc_code=cgsh&condition= HTTP/1.1" 200 1580
116.238.169.132 - - [15/Sep/2022:11:23:49 +0800] "GET /xingrg/check_reg.html?_=1663212227568 HTTP/1.1" 200 22
116.238.169.132 - - [15/Sep/2022:11:23:49 +0800] "GET /xingrg/all/function/internal_message.html?_=1663212228007&CODE_STATE=getMsg HTTP/1.1" 200 27
101.85.93.113 - - [15/Sep/2022:11:23:51 +0800] "POST /xingrg/all/common/load_select.html HTTP/1.1" 200 25
114.84.5.35 - - [15/Sep/2022:11:23:51 +0800] "GET /xingrg/all/function/internal_message.html?_=1663212226822&CODE_STATE=getMsg HTTP/1.1" 200 27
116.238.169.132 - - [15/Sep/2022:11:23:51 +0800] "GET /xingrg/all/function/internal_message.html?_=1663212225741&CODE_STATE=getMsg HTTP/1.1" 200 27
101.85.93.113 - - [15/Sep/2022:11:23:54 +0800] "GET /xingrg/kc/base/wldb_order_operate.html?command=get_materiel_price&rest_code=00142&base_code=0010185&code=00101010882&unit_code=00100008 HTTP/1.1" 200 37
180.163.28.109 - - [15/Sep/2022:11:23:57 +0800] "GET /xingrg/kc/print/load_data.html?order_code=212022091505315&kc_code=cgsh&condition= HTTP/1.1" 302 -
180.163.28.109 - - [15/Sep/2022:11:23:57 +0800] "GET /xingrg/login.html HTTP/1.1" 200 7641
222.70.246.221 - - [15/Sep/2022:11:23:58 +0800] "GET /xingrg/all/function/internal_message.html?_=1663212249652&CODE_STATE=getMsg HTTP/1.1" 200 27
124.78.154.55 - - [15/Sep/2022:11:24:01 +0800] "GET /xingrg/all/function/internal_message.html?_=1663212237173&CODE_STATE=getMsg HTTP/1.1" 200 27
116.232.194.65 - - [15/Sep/2022:11:24:01 +0800] "GET /xingrg/kc/buy/cgsh_order_operate.html?command=get_materiel&rest_code=00155&code=00101008286&supplier_code=00100005&order_time=2022-09-15 HTTP/1.1" 200 408
116.235.94.249 - - [15/Sep/2022:11:24:04 +0800] "GET /xingrg/kc/buy/cgsh_order_operate.html?command=get_materiel&rest_code=00104&code=00101001032&supplier_code=00100040&order_time=2022-09-15 HTTP/1.1" 200 413
114.88.158.224 - - [15/Sep/2022:11:24:04 +0800] "GET /xingrg/all/function/internal_message.html?_=1663212239845&CODE_STATE=getMsg HTTP/1.1" 200 27
124.79.74.72 - - [15/Sep/2022:11:24:05 +0800] "GET /xingrg/all/function/internal_message.html?_=1663212239817&CODE_STATE=getMsg HTTP/1.1" 200 27
116.238.169.132 - - [15/Sep/2022:11:24:05 +0800] "GET /xingrg/all/function/internal_message.html?_=1663212241777&CODE_STATE=getMsg HTTP/1.1" 200 27
116.232.194.65 - - [15/Sep/2022:11:24:07 +0800] "GET /xingrg/all/function/internal_message.html?_=1663212244134&CODE_STATE=getMsg HTTP/1.1" 200 27
114.83.219.57 - - [15/Sep/2022:11:24:11 +0800] "GET /xingrg/check_reg.html?_=1663212332761 HTTP/1.1" 200 22
114.83.219.57 - - [15/Sep/2022:11:24:11 +0800] "GET /xingrg/all/function/internal_message.html?_=1663212332762&CODE_STATE=getMsg HTTP/1.1" 200 27
116.235.94.249 - - [15/Sep/2022:11:24:12 +0800] "GET /xingrg/all/function/internal_message.html?_=1663212445161&CODE_STATE=getMsg HTTP/1.1" 200 27
116.232.194.65 - - [15/Sep/2022:11:24:12 +0800] "GET /xingrg/kc/buy/cgsh_order_operate.html?command=get_materiel&rest_code=00155&code=00101008131&supplier_code=00100005&order_time=2022-09-15 HTTP/1.1" 200 408
116.225.121.189 - - [15/Sep/2022:11:24:12 +0800] "GET /xingrg/all/function/internal_message.html?_=1663212250538&CODE_STATE=getMsg HTTP/1.1" 200 27
114.84.81.136 - - [15/Sep/2022:11:24:14 +0800] "GET /xingrg/check_reg.html?_=1663212250263 HTTP/1.1" 200 22
180.169.147.146 - - [15/Sep/2022:11:24:14 +0800] "GET /xingrg/check_reg.html?_=1663212247559 HTTP/1.1" 200 22
180.169.147.146 - - [15/Sep/2022:11:24:14 +0800] "GET /xingrg/all/function/internal_message.html?_=1663212247560&CODE_STATE=getMsg HTTP/1.1" 200 27
116.224.255.128 - - [15/Sep/2022:11:24:14 +0800] "GET /xingrg/all/function/internal_message.html?_=1663212190105&CODE_STATE=getMsg HTTP/1.1" 200 27
114.84.81.136 - - [15/Sep/2022:11:24:15 +0800] "GET /xingrg/all/function/internal_message.html?_=1663212252210&CODE_STATE=getMsg HTTP/1.1" 200 27
222.70.246.221 - - [15/Sep/2022:11:24:16 +0800] "GET /xingrg/kc/buy/cgsh_order_add.html HTTP/1.1" 200 68639
222.70.246.221 - - [15/Sep/2022:11:24:16 +0800] "POST /xingrg/kc/buy/cgsh_order_operate.html HTTP/1.1" 200 8245
222.70.246.221 - - [15/Sep/2022:11:24:16 +0800] "GET /xingrg/javascript/easyui/themes/default/validatebox.css HTTP/1.1" 404 1104
124.78.154.55 - - [15/Sep/2022:11:24:17 +0800] "POST /xingrg/kc/buy/cgsh_order_operate.html HTTP/1.1" 200 37
101.85.93.113 - - [15/Sep/2022:11:24:18 +0800] "GET /xingrg/all/function/internal_message.html?_=1663212256206&CODE_STATE=getMsg HTTP/1.1" 200 27
116.232.194.65 - - [15/Sep/2022:11:24:25 +0800] "GET /xingrg/kc/buy/cgsh_order_operate.html?command=get_materiel&rest_code=00155&code=00101008283&supplier_code=00100005&order_time=2022-09-15 HTTP/1.1" 200 428
116.235.94.249 - - [15/Sep/2022:11:24:33 +0800] "GET /xingrg/kc/buy/cgsh_order_operate.html?command=get_materiel&rest_code=00104&code=00101019184&supplier_code=00100040&order_time=2022-09-15 HTTP/1.1" 200 456
116.232.194.65 - - [15/Sep/2022:11:24:36 +0800] "GET /xingrg/kc/buy/cgsh_order_operate.html?command=get_materiel&rest_code=00155&code=00101008331&supplier_code=00100005&order_time=2022-09-15 HTTP/1.1" 200 416
222.70.246.221 - - [15/Sep/2022:11:24:36 +0800] "GET /xingrg/kc/buy/cgsh_order_operate.html?command=get_materiel&rest_code=00146&code=00101002027&supplier_code=00100199&order_time=2022-09-15 HTTP/1.1" 200 434
222.70.246.221 - - [15/Sep/2022:11:24:43 +0800] "GET /xingrg/check_reg.html?_=1663212294903 HTTP/1.1" 200 22
180.169.147.146 - - [15/Sep/2022:11:24:44 +0800] "GET /xingrg/check_reg.html?_=1663212282721 HTTP/1.1" 200 22
180.169.147.146 - - [15/Sep/2022:11:24:44 +0800] "GET /xingrg/all/function/internal_message.html?_=1663212282753&CODE_STATE=getMsg HTTP/1.1" 200 27
116.224.255.128 - - [15/Sep/2022:11:24:46 +0800] "GET /xingrg/all/function/internal_message.html?_=1663212284221&CODE_STATE=getMsg HTTP/1.1" 200 27
101.85.93.113 - - [15/Sep/2022:11:24:48 +0800] "GET /xingrg/kc/base/wldb_order_operate.html?command=get_materiel&rest_code=00142&base_code=0010185&code=00101010623 HTTP/1.1" 200 436
116.238.169.132 - - [15/Sep/2022:11:24:49 +0800] "GET /xingrg/all/function/internal_message.html?_=1663212287982&CODE_STATE=getMsg HTTP/1.1" 200 27
114.84.5.35 - - [15/Sep/2022:11:24:51 +0800] "GET /xingrg/all/function/internal_message.html?_=1663212286822&CODE_STATE=getMsg HTTP/1.1" 200 27
116.238.169.132 - - [15/Sep/2022:11:24:51 +0800] "GET /xingrg/all/function/internal_message.html?_=1663212285712&CODE_STATE=getMsg HTTP/1.1" 200 27
116.232.194.65 - - [15/Sep/2022:11:24:53 +0800] "GET /xingrg/kc/buy/cgsh_order_operate.html?command=get_materiel&rest_code=00155&code=00101008223&supplier_code=00100005&order_time=2022-09-15 HTTP/1.1" 200 412
222.70.246.221 - - [15/Sep/2022:11:24:58 +0800] "GET /xingrg/all/function/internal_message.html?_=1663212309665&CODE_STATE=getMsg HTTP/1.1" 200 27
101.85.93.113 - - [15/Sep/2022:11:24:59 +0800] "GET /xingrg/kc/base/wldb_order_operate.html?command=get_materiel&rest_code=00142&base_code=0010185&code=00101021002 HTTP/1.1" 200 438
116.235.94.249 - - [15/Sep/2022:11:24:59 +0800] "POST /xingrg/kc/buy/cgsh_order_operate.html HTTP/1.1" 200 37
222.70.246.221 - - [15/Sep/2022:11:25:01 +0800] "GET /xingrg/kc/buy/cgsh_order_operate.html?command=get_materiel&rest_code=00146&code=00101002007&supplier_code=00100199&order_time=2022-09-15 HTTP/1.1" 200 411
116.232.194.65 - - [15/Sep/2022:11:25:04 +0800] "GET /xingrg/kc/buy/cgsh_order_operate.html?command=get_materiel&rest_code=00155&code=00101008196&supplier_code=00100005&order_time=2022-09-15 HTTP/1.1" 200 416
114.88.158.224 - - [15/Sep/2022:11:25:04 +0800] "GET /xingrg/all/function/internal_message.html?_=1663212299844&CODE_STATE=getMsg HTTP/1.1" 200 27
124.79.74.72 - - [15/Sep/2022:11:25:05 +0800] "GET /xingrg/all/function/internal_message.html?_=1663212299820&CODE_STATE=getMsg HTTP/1.1" 200 27
116.238.169.132 - - [15/Sep/2022:11:25:05 +0800] "GET /xingrg/all/function/internal_message.html?_=1663212301778&CODE_STATE=getMsg HTTP/1.1" 200 27
116.232.194.65 - - [15/Sep/2022:11:25:07 +0800] "GET /xingrg/all/function/internal_message.html?_=1663212304114&CODE_STATE=getMsg HTTP/1.1" 200 27
116.235.94.249 - - [15/Sep/2022:11:25:11 +0800] "POST /xingrg/kc/buy/cgsh_order_operate.html HTTP/1.1" 200 12
114.83.219.57 - - [15/Sep/2022:11:25:11 +0800] "GET /xingrg/all/function/internal_message.html?_=1663212392775&CODE_STATE=getMsg HTTP/1.1" 200 27
116.225.121.189 - - [15/Sep/2022:11:25:12 +0800] "GET /xingrg/check_reg.html?_=1663212310539 HTTP/1.1" 200 22
116.225.121.189 - - [15/Sep/2022:11:25:12 +0800] "GET /xingrg/all/function/internal_message.html?_=1663212310541&CODE_STATE=getMsg HTTP/1.1" 200 27
116.235.94.249 - - [15/Sep/2022:11:25:13 +0800] "GET /xingrg/all/function/internal_message.html?_=1663212506798&CODE_STATE=getMsg HTTP/1.1" 200 27
116.235.94.249 - - [15/Sep/2022:11:25:13 +0800] "GET /xingrg/kc/buy/cgsh_order_info.html?code=212022091505358 HTTP/1.1" 200 63621
116.235.94.249 - - [15/Sep/2022:11:25:14 +0800] "GET /xingrg/javascript/easyui/themes/default/validatebox.css HTTP/1.1" 404 1104
180.169.147.146 - - [15/Sep/2022:11:25:14 +0800] "GET /xingrg/all/function/internal_message.html?_=1663212307558&CODE_STATE=getMsg HTTP/1.1" 200 27
116.235.94.249 - - [15/Sep/2022:11:25:14 +0800] "POST /xingrg/kc/buy/cgsh_order_operate.html HTTP/1.1" 200 1224
116.224.255.128 - - [15/Sep/2022:11:25:14 +0800] "GET /xingrg/all/function/internal_message.html?_=1663212250119&CODE_STATE=getMsg HTTP/1.1" 200 27
114.84.81.136 - - [15/Sep/2022:11:25:15 +0800] "GET /xingrg/all/function/internal_message.html?_=1663212312206&CODE_STATE=getMsg HTTP/1.1" 200 27
116.235.94.249 - - [15/Sep/2022:11:25:15 +0800] "GET /xingrg/kc/print/load_config.html?kc_code=cgsh HTTP/1.1" 200 1943
101.85.93.113 - - [15/Sep/2022:11:25:15 +0800] "POST /xingrg/kc/base/wldb_order_operate.html HTTP/1.1" 200 37
116.235.94.249 - - [15/Sep/2022:11:25:16 +0800] "GET /xingrg/kc/print/load_data.html?order_code=212022091505358&kc_code=cgsh&condition= HTTP/1.1" 200 1029
101.85.93.113 - - [15/Sep/2022:11:25:16 +0800] "POST /xingrg/kc/base/wldb_order_operate.html HTTP/1.1" 200 5571
101.85.93.113 - - [15/Sep/2022:11:25:17 +0800] "GET /xingrg/kc/base/wldb_order_info.html?code=422022091501262 HTTP/1.1" 200 30416
101.85.93.113 - - [15/Sep/2022:11:25:17 +0800] "GET /xingrg/javascript/easyui/themes/default/validatebox.css HTTP/1.1" 404 1104
101.85.93.113 - - [15/Sep/2022:11:25:18 +0800] "POST /xingrg/kc/base/wldb_order_operate.html HTTP/1.1" 200 5571
222.70.246.221 - - [15/Sep/2022:11:25:18 +0800] "GET /xingrg/kc/buy/cgsh_order_operate.html?command=get_materiel&rest_code=00146&code=00101002006&supplier_code=00100199&order_time=2022-09-15 HTTP/1.1" 200 414
101.85.93.113 - - [15/Sep/2022:11:25:18 +0800] "GET /xingrg/all/function/internal_message.html?_=1663212316210&CODE_STATE=getMsg HTTP/1.1" 200 27
222.70.246.221 - - [15/Sep/2022:11:25:30 +0800] "GET /xingrg/kc/buy/cgsh_order_operate.html?command=get_materiel&rest_code=00146&code=00101004038&supplier_code=00100199&order_time=2022-09-15 HTTP/1.1" 200 431
116.232.194.65 - - [15/Sep/2022:11:25:33 +0800] "POST /xingrg/kc/buy/cgsh_order_operate.html HTTP/1.1" 200 37
116.232.194.65 - - [15/Sep/2022:11:25:35 +0800] "POST /xingrg/kc/buy/cgsh_order_operate.html HTTP/1.1" 200 12706
116.232.194.65 - - [15/Sep/2022:11:25:40 +0800] "GET /xingrg/kc/print/load_data.html?order_code=212022091505359&kc_code=cgsh HTTP/1.1" 200 4519
180.169.147.146 - - [15/Sep/2022:11:25:44 +0800] "GET /xingrg/all/function/internal_message.html?_=1663212342727&CODE_STATE=getMsg HTTP/1.1" 200 27
116.224.255.128 - - [15/Sep/2022:11:25:46 +0800] "GET /xingrg/all/function/internal_message.html?_=1663212344230&CODE_STATE=getMsg HTTP/1.1" 200 27
116.238.169.132 - - [15/Sep/2022:11:25:49 +0800] "GET /xingrg/all/function/internal_message.html?_=1663212347968&CODE_STATE=getMsg HTTP/1.1" 200 27
114.84.5.35 - - [15/Sep/2022:11:25:51 +0800] "GET /xingrg/all/function/internal_message.html?_=1663212346822&CODE_STATE=getMsg HTTP/1.1" 200 27
116.238.169.132 - - [15/Sep/2022:11:25:51 +0800] "GET /xingrg/all/function/internal_message.html?_=1663212345695&CODE_STATE=getMsg HTTP/1.1" 200 27
116.238.169.132 - - [15/Sep/2022:11:25:51 +0800] "GET /xingrg/check_reg.html?_=1663212346105 HTTP/1.1" 200 22
222.70.246.221 - - [15/Sep/2022:11:25:57 +0800] "POST /xingrg/kc/buy/cgsh_order_operate.html HTTP/1.1" 200 37
116.232.194.65 - - [15/Sep/2022:11:25:57 +0800] "GET /xingrg/kc/print/load_data.html?order_code=212022091505359&kc_code=cgsh&condition= HTTP/1.1" 200 4519
222.70.246.221 - - [15/Sep/2022:11:25:59 +0800] "POST /xingrg/kc/buy/cgsh_order_operate.html HTTP/1.1" 200 4441
222.70.246.221 - - [15/Sep/2022:11:26:00 +0800] "GET /xingrg/all/function/internal_message.html?_=1663212372134&CODE_STATE=getMsg HTTP/1.1" 200 27
222.70.246.221 - - [15/Sep/2022:11:26:00 +0800] "GET /xingrg/kc/print/load_data.html?order_code=212022091505360&kc_code=cgsh&condition= HTTP/1.1" 200 1360
180.163.30.76 - - [15/Sep/2022:11:26:03 +0800] "GET /xingrg/kc/print/load_data.html?order_code=212022091505319&kc_code=cgsh&condition= HTTP/1.1" 302 -
180.163.30.76 - - [15/Sep/2022:11:26:03 +0800] "GET /xingrg/login.html HTTP/1.1" 200 7641
114.88.158.224 - - [15/Sep/2022:11:26:04 +0800] "GET /xingrg/all/function/internal_message.html?_=1663212359845&CODE_STATE=getMsg HTTP/1.1" 200 27
114.88.158.224 - - [15/Sep/2022:11:26:04 +0800] "GET /xingrg/check_reg.html?_=1663212359847 HTTP/1.1" 200 22
124.79.74.72 - - [15/Sep/2022:11:26:05 +0800] "GET /xingrg/all/function/internal_message.html?_=1663212359820&CODE_STATE=getMsg HTTP/1.1" 200 27
116.238.169.132 - - [15/Sep/2022:11:26:05 +0800] "GET /xingrg/all/function/internal_message.html?_=1663212361778&CODE_STATE=getMsg HTTP/1.1" 200 27
116.232.194.65 - - [15/Sep/2022:11:26:07 +0800] "GET /xingrg/all/function/internal_message.html?_=1663212364130&CODE_STATE=getMsg HTTP/1.1" 200 27
114.83.219.57 - - [15/Sep/2022:11:26:11 +0800] "GET /xingrg/all/function/internal_message.html?_=1663212452767&CODE_STATE=getMsg HTTP/1.1" 200 27
116.225.121.189 - - [15/Sep/2022:11:26:12 +0800] "GET /xingrg/all/function/internal_message.html?_=1663212370567&CODE_STATE=getMsg HTTP/1.1" 200 27
114.83.222.183 - - [15/Sep/2022:11:26:12 +0800] "GET /xingrg/kc/buy/cgsh_order_add.html HTTP/1.1" 200 68765
114.83.222.183 - - [15/Sep/2022:11:26:13 +0800] "GET /xingrg/words/20220914115425_words.js HTTP/1.1" 304 -
116.235.94.249 - - [15/Sep/2022:11:26:13 +0800] "GET /xingrg/all/function/internal_message.html?_=1663212566779&CODE_STATE=getMsg HTTP/1.1" 200 27
114.83.222.183 - - [15/Sep/2022:11:26:13 +0800] "POST /xingrg/kc/buy/cgsh_order_operate.html HTTP/1.1" 200 8245
114.83.222.183 - - [15/Sep/2022:11:26:14 +0800] "GET /xingrg/all/common/auto_word.html?type=employee&rest_code=00149 HTTP/1.1" 200 197
114.83.222.183 - - [15/Sep/2022:11:26:14 +0800] "GET /xingrg/javascript/easyui/themes/default/validatebox.css HTTP/1.1" 404 1104
114.83.222.183 - - [15/Sep/2022:11:26:14 +0800] "GET /xingrg/all/common/auto_word.html?type=employee&rest_code=00149 HTTP/1.1" 200 197
180.169.147.146 - - [15/Sep/2022:11:26:14 +0800] "GET /xingrg/all/function/internal_message.html?_=1663212367556&CODE_STATE=getMsg HTTP/1.1" 200 27
116.224.255.128 - - [15/Sep/2022:11:26:14 +0800] "GET /xingrg/all/function/internal_message.html?_=1663212310148&CODE_STATE=getMsg HTTP/1.1" 200 27
114.84.81.136 - - [15/Sep/2022:11:26:15 +0800] "GET /xingrg/check_reg.html?_=1663212372203 HTTP/1.1" 200 22
114.84.81.136 - - [15/Sep/2022:11:26:15 +0800] "GET /xingrg/all/function/internal_message.html?_=1663212372205&CODE_STATE=getMsg HTTP/1.1" 200 27
101.85.93.113 - - [15/Sep/2022:11:26:18 +0800] "GET /xingrg/all/function/internal_message.html?_=1663212376208&CODE_STATE=getMsg HTTP/1.1" 200 27
120.253.135.82 - - [15/Sep/2022:11:26:22 +0800] "GET /xingrg/kc/pszx/mdps_order_list.html?orderType=0 HTTP/1.1" 200 21045
120.253.135.82 - - [15/Sep/2022:11:26:23 +0800] "POST /xingrg/kc/pszx/mdps_list_operate.html HTTP/1.1" 200 5288
222.70.246.221 - - [15/Sep/2022:11:26:27 +0800] "GET /xingrg/kc/buy/cgsh_order_add.html HTTP/1.1" 200 68639
114.83.222.183 - - [15/Sep/2022:11:26:27 +0800] "GET /xingrg/javascript/auto/indicator.gif HTTP/1.1" 404 1066
222.70.246.221 - - [15/Sep/2022:11:26:28 +0800] "POST /xingrg/kc/buy/cgsh_order_operate.html HTTP/1.1" 200 8245
222.70.246.221 - - [15/Sep/2022:11:26:28 +0800] "GET /xingrg/javascript/easyui/themes/default/validatebox.css HTTP/1.1" 404 1104
114.83.222.183 - - [15/Sep/2022:11:26:28 +0800] "GET /xingrg/javascript/jquery_tools/images/prev.gif HTTP/1.1" 404 1086
114.83.222.183 - - [15/Sep/2022:11:26:28 +0800] "GET /xingrg/javascript/jquery_tools/images/next.gif HTTP/1.1" 404 1086
120.253.135.82 - - [15/Sep/2022:11:26:31 +0800] "POST /xingrg/kc/pszx/mdps_list_operate.html HTTP/1.1" 200 2064
120.253.135.82 - - [15/Sep/2022:11:26:33 +0800] "POST /xingrg/kc/pszx/mdps_list_operate.html HTTP/1.1" 200 615
120.253.135.82 - - [15/Sep/2022:11:26:34 +0800] "GET /xingrg/kc/pszx/mdps_order_info.html?code=312022091500366 HTTP/1.1" 200 24022
120.253.135.82 - - [15/Sep/2022:11:26:34 +0800] "POST /xingrg/kc/pszx/mdps_order_operate.html HTTP/1.1" 200 14084
120.253.135.82 - - [15/Sep/2022:11:26:35 +0800] "GET /xingrg/javascript/easyui/themes/default/validatebox.css HTTP/1.1" 404 1104
114.83.222.183 - - [15/Sep/2022:11:26:37 +0800] "GET /xingrg/kc/buy/cgsh_order_operate.html?command=get_materiel&rest_code=00149&code=00101009109&supplier_code=00100201&order_time=2022-09-15 HTTP/1.1" 200 413
180.169.147.146 - - [15/Sep/2022:11:26:44 +0800] "GET /xingrg/all/function/internal_message.html?_=1663212402712&CODE_STATE=getMsg HTTP/1.1" 200 27
114.83.222.183 - - [15/Sep/2022:11:26:45 +0800] "GET /xingrg/check_reg.html?_=1663212400594 HTTP/1.1" 200 22
116.224.255.128 - - [15/Sep/2022:11:26:46 +0800] "GET /xingrg/all/function/internal_message.html?_=1663212404230&CODE_STATE=getMsg HTTP/1.1" 200 27
116.238.169.132 - - [15/Sep/2022:11:26:49 +0800] "GET /xingrg/all/function/internal_message.html?_=1663212407961&CODE_STATE=getMsg HTTP/1.1" 200 27
114.84.5.35 - - [15/Sep/2022:11:26:51 +0800] "GET /xingrg/all/function/internal_message.html?_=1663212406822&CODE_STATE=getMsg HTTP/1.1" 200 27
114.83.222.183 - - [15/Sep/2022:11:26:51 +0800] "GET /xingrg/kc/buy/cgsh_order_operate.html?command=get_materiel&rest_code=00149&code=00101009013&supplier_code=00100201&order_time=2022-09-15 HTTP/1.1" 200 420
116.238.169.132 - - [15/Sep/2022:11:26:51 +0800] "GET /xingrg/all/function/internal_message.html?_=1663212405668&CODE_STATE=getMsg HTTP/1.1" 200 27
101.85.93.113 - - [15/Sep/2022:11:26:51 +0800] "POST /xingrg/kc/base/wldb_order_operate.html HTTP/1.1" 200 37
101.85.93.113 - - [15/Sep/2022:11:26:52 +0800] "POST /xingrg/kc/base/wldb_order_operate.html HTTP/1.1" 200 5571
222.70.246.221 - - [15/Sep/2022:11:26:52 +0800] "GET /xingrg/kc/buy/cgsh_order_operate.html?command=get_materiel&rest_code=00146&code=00101009013&supplier_code=00100023&order_time=2022-09-15 HTTP/1.1" 200 421
101.85.93.113 - - [15/Sep/2022:11:26:52 +0800] "GET /xingrg/kc/base/wldb_order_info.html?code=422022091501262 HTTP/1.1" 200 30416
101.85.93.113 - - [15/Sep/2022:11:26:52 +0800] "GET /xingrg/javascript/easyui/themes/default/validatebox.css HTTP/1.1" 404 1104
101.85.93.113 - - [15/Sep/2022:11:26:53 +0800] "POST /xingrg/kc/base/wldb_order_operate.html HTTP/1.1" 200 5571
116.224.255.128 - - [15/Sep/2022:11:26:55 +0800] "GET /xingrg/check_reg.html?_=1663212350724 HTTP/1.1" 200 22
101.85.93.113 - - [15/Sep/2022:11:26:55 +0800] "POST /xingrg/kc/base/wldb_list_operate.html HTTP/1.1" 200 1783
101.85.93.113 - - [15/Sep/2022:11:26:57 +0800] "GET /xingrg/kc/base/yddb_order_list.html HTTP/1.1" 200 16792
101.85.93.113 - - [15/Sep/2022:11:26:57 +0800] "POST /xingrg/kc/base/yddb_list_operate.html HTTP/1.1" 200 636
101.85.93.113 - - [15/Sep/2022:11:26:59 +0800] "GET /xingrg/kc/base/yddb_order_add.html HTTP/1.1" 200 29839
101.85.93.113 - - [15/Sep/2022:11:26:59 +0800] "GET /xingrg/dwr/interface/AjaxYddbService.js HTTP/1.1" 200 13201
101.85.93.113 - - [15/Sep/2022:11:26:59 +0800] "GET /xingrg/javascript/Calendar.js HTTP/1.1" 200 31561
101.85.93.113 - - [15/Sep/2022:11:26:59 +0800] "GET /xingrg/javascript/AjaxInfoList.js HTTP/1.1" 200 3774
101.85.93.113 - - [15/Sep/2022:11:26:59 +0800] "GET /xingrg/dwr/interface/AjaxComOrderService.js HTTP/1.1" 200 18264
101.85.93.113 - - [15/Sep/2022:11:26:59 +0800] "GET /xingrg/javascript/checkform.js HTTP/1.1" 200 18351
101.85.93.113 - - [15/Sep/2022:11:26:59 +0800] "GET /xingrg/javascript/Grid.js HTTP/1.1" 200 58908
101.85.93.113 - - [15/Sep/2022:11:26:59 +0800] "GET /xingrg/javascript/ToolTips.js HTTP/1.1" 200 5615
101.85.93.113 - - [15/Sep/2022:11:26:59 +0800] "GET /xingrg/css/blue.css HTTP/1.1" 200 15949
101.85.93.113 - - [15/Sep/2022:11:26:59 +0800] "GET /xingrg/javascript/myfunction.js HTTP/1.1" 200 24559
101.85.93.113 - - [15/Sep/2022:11:26:59 +0800] "GET /xingrg/dwr/util.js HTTP/1.1" 200 35990
101.85.93.113 - - [15/Sep/2022:11:26:59 +0800] "GET /xingrg/dwr/engine.js HTTP/1.1" 200 43631
101.85.93.113 - - [15/Sep/2022:11:26:59 +0800] "GET /xingrg/javascript/jquery_easy_ui/themes/default/images/menu_downarrow.png HTTP/1.1" 200 173
101.85.93.113 - - [15/Sep/2022:11:26:59 +0800] "GET /xingrg/javascript/jquery_easy_ui/themes/icons/edit_add_new.png HTTP/1.1" 200 2997
101.85.93.113 - - [15/Sep/2022:11:26:59 +0800] "GET /xingrg/javascript/jquery_easy_ui/themes/icons/print.png HTTP/1.1" 200 1057
101.85.93.113 - - [15/Sep/2022:11:26:59 +0800] "GET /xingrg/javascript/jquery_easy_ui/themes/icons/check_new.png HTTP/1.1" 200 3224
101.85.93.113 - - [15/Sep/2022:11:26:59 +0800] "GET /xingrg/javascript/jquery_easy_ui/themes/icons/cance_new.png HTTP/1.1" 200 3986
101.85.93.113 - - [15/Sep/2022:11:26:59 +0800] "GET /xingrg/javascript/jquery_easy_ui/themes/icons/back_new.png HTTP/1.1" 200 3414
101.85.93.113 - - [15/Sep/2022:11:26:59 +0800] "GET /xingrg/images/blue/button/kc_tab_add.gif HTTP/1.1" 200 375
101.85.93.113 - - [15/Sep/2022:11:26:59 +0800] "GET /xingrg/images/blue/button/kc_tab_save.gif HTTP/1.1" 200 777
101.85.93.113 - - [15/Sep/2022:11:26:59 +0800] "GET /xingrg/images/blue/button/kc_tab_edit.gif HTTP/1.1" 200 551
101.85.93.113 - - [15/Sep/2022:11:26:59 +0800] "GET /xingrg/images/blue/button/kc_tab_del.gif HTTP/1.1" 200 383
101.85.93.113 - - [15/Sep/2022:11:26:59 +0800] "GET /xingrg/images/blue/kc_tab_mid.gif HTTP/1.1" 200 44
101.85.93.113 - - [15/Sep/2022:11:26:59 +0800] "GET /xingrg/images/blue/kc_tab_right.gif HTTP/1.1" 200 643
101.85.93.113 - - [15/Sep/2022:11:26:59 +0800] "GET /xingrg/images/blue/kc_tab_left.gif HTTP/1.1" 200 188
101.85.93.113 - - [15/Sep/2022:11:26:59 +0800] "GET /xingrg/images/blue/kc_tab2_left.gif HTTP/1.1" 200 625
101.85.93.113 - - [15/Sep/2022:11:26:59 +0800] "GET /xingrg/images/blue/kc_tab2_right.gif HTTP/1.1" 200 192
222.70.246.221 - - [15/Sep/2022:11:27:00 +0800] "GET /xingrg/all/function/internal_message.html?_=1663212432143&CODE_STATE=getMsg HTTP/1.1" 200 27
101.85.93.113 - - [15/Sep/2022:11:27:02 +0800] "GET /xingrg/images/blue/wait.gif HTTP/1.1" 200 1100
101.85.93.113 - - [15/Sep/2022:11:27:02 +0800] "POST /xingrg/dwr/call/plaincall/AjaxYddbService.getRestBases.dwr HTTP/1.1" 200 443
120.253.135.82 - - [15/Sep/2022:11:27:03 +0800] "GET /xingrg/check_reg.html?_=1663212221706 HTTP/1.1" 200 22
114.88.158.224 - - [15/Sep/2022:11:27:04 +0800] "GET /xingrg/all/function/internal_message.html?_=1663212419846&CODE_STATE=getMsg HTTP/1.1" 200 27
124.79.74.72 - - [15/Sep/2022:11:27:05 +0800] "GET /xingrg/all/function/internal_message.html?_=1663212419823&CODE_STATE=getMsg HTTP/1.1" 200 27
116.238.169.132 - - [15/Sep/2022:11:27:05 +0800] "GET /xingrg/all/function/internal_message.html?_=1663212421783&CODE_STATE=getMsg HTTP/1.1" 200 27
101.85.93.113 - - [15/Sep/2022:11:27:06 +0800] "POST /xingrg/dwr/call/plaincall/AjaxYddbService.getRestBases.dwr HTTP/1.1" 200 464
116.232.194.65 - - [15/Sep/2022:11:27:07 +0800] "GET /xingrg/all/function/internal_message.html?_=1663212424130&CODE_STATE=getMsg HTTP/1.1" 200 27
114.83.219.57 - - [15/Sep/2022:11:27:11 +0800] "GET /xingrg/all/function/internal_message.html?_=1663212512785&CODE_STATE=getMsg HTTP/1.1" 200 27
116.225.121.189 - - [15/Sep/2022:11:27:12 +0800] "GET /xingrg/all/function/internal_message.html?_=1663212430568&CODE_STATE=getMsg HTTP/1.1" 200 27
116.235.94.249 - - [15/Sep/2022:11:27:13 +0800] "GET /xingrg/all/function/internal_message.html?_=1663212626748&CODE_STATE=getMsg HTTP/1.1" 200 27
180.169.147.146 - - [15/Sep/2022:11:27:14 +0800] "GET /xingrg/all/function/internal_message.html?_=1663212427555&CODE_STATE=getMsg HTTP/1.1" 200 27
116.224.255.128 - - [15/Sep/2022:11:27:14 +0800] "GET /xingrg/all/function/internal_message.html?_=1663212370162&CODE_STATE=getMsg HTTP/1.1" 200 27
114.84.81.136 - - [15/Sep/2022:11:27:15 +0800] "GET /xingrg/all/function/internal_message.html?_=1663212432196&CODE_STATE=getMsg HTTP/1.1" 200 27
101.85.93.113 - - [15/Sep/2022:11:27:17 +0800] "POST /xingrg/dwr/call/plaincall/AjaxYddbService.saveOrder.dwr HTTP/1.1" 200 78
101.85.93.113 - - [15/Sep/2022:11:27:18 +0800] "GET /xingrg/images/yd/bt.gif HTTP/1.1" 404 1040
101.85.93.113 - - [15/Sep/2022:11:27:18 +0800] "GET /xingrg/all/function/internal_message.html?_=1663212436202&CODE_STATE=getMsg HTTP/1.1" 200 27
222.70.246.221 - - [15/Sep/2022:11:27:20 +0800] "GET /xingrg/kc/buy/cgsh_order_operate.html?command=get_materiel&rest_code=00146&code=00101009007&supplier_code=00100023&order_time=2022-09-15 HTTP/1.1" 200 409
114.83.222.183 - - [15/Sep/2022:11:27:21 +0800] "GET /xingrg/kc/buy/cgsh_order_operate.html?command=get_materiel&rest_code=00149&code=00101009016&supplier_code=00100201&order_time=2022-09-15 HTTP/1.1" 200 412
180.163.28.109 - - [15/Sep/2022:11:27:30 +0800] "GET /xingrg/kc/buy/cgsh_order_operate.html?command=get_materiel&rest_code=00106&code=00101007027&supplier_code=00100002&order_time=2022-09-15 HTTP/1.1" 302 -
180.163.28.109 - - [15/Sep/2022:11:27:30 +0800] "GET /xingrg/login.html HTTP/1.1" 200 7641
101.85.93.113 - - [15/Sep/2022:11:27:35 +0800] "POST /xingrg/dwr/call/plaincall/AjaxComOrderService.getMaterielSearchList.dwr HTTP/1.1" 200 21910
101.85.93.113 - - [15/Sep/2022:11:27:36 +0800] "POST /xingrg/dwr/call/plaincall/AjaxComOrderService.getMaterielSearchList.dwr HTTP/1.1" 200 1423
101.85.93.113 - - [15/Sep/2022:11:27:36 +0800] "POST /xingrg/dwr/call/plaincall/AjaxComOrderService.getMaterielSearchList.dwr HTTP/1.1" 200 292
101.85.93.113 - - [15/Sep/2022:11:27:37 +0800] "POST /xingrg/dwr/call/plaincall/AjaxYddbService.getMaterielByMap.dwr HTTP/1.1" 200 1613
222.70.246.221 - - [15/Sep/2022:11:27:42 +0800] "POST /xingrg/kc/buy/cgsh_order_operate.html HTTP/1.1" 200 37
180.169.147.146 - - [15/Sep/2022:11:27:44 +0800] "GET /xingrg/all/function/internal_message.html?_=1663212462726&CODE_STATE=getMsg HTTP/1.1" 200 27
222.70.246.221 - - [15/Sep/2022:11:27:44 +0800] "POST /xingrg/kc/buy/cgsh_order_operate.html HTTP/1.1" 200 3250
116.224.255.128 - - [15/Sep/2022:11:27:46 +0800] "GET /xingrg/all/function/internal_message.html?_=1663212464230&CODE_STATE=getMsg HTTP/1.1" 200 27
116.238.169.132 - - [15/Sep/2022:11:27:49 +0800] "GET /xingrg/all/function/internal_message.html?_=1663212467962&CODE_STATE=getMsg HTTP/1.1" 200 27
101.85.93.113 - - [15/Sep/2022:11:27:50 +0800] "POST /xingrg/dwr/call/plaincall/AjaxYddbService.saveMaterielItem.dwr HTTP/1.1" 200 78
114.84.5.35 - - [15/Sep/2022:11:27:51 +0800] "GET /xingrg/check_reg.html?_=1663212466822 HTTP/1.1" 200 22
116.238.169.132 - - [15/Sep/2022:11:27:51 +0800] "GET /xingrg/all/function/internal_message.html?_=1663212465647&CODE_STATE=getMsg HTTP/1.1" 200 27
114.84.5.35 - - [15/Sep/2022:11:27:51 +0800] "GET /xingrg/all/function/internal_message.html?_=1663212466825&CODE_STATE=getMsg HTTP/1.1" 200 27
101.85.93.113 - - [15/Sep/2022:11:27:55 +0800] "POST /xingrg/dwr/call/plaincall/AjaxComOrderService.getMaterielSearchList.dwr HTTP/1.1" 200 3662
101.85.93.113 - - [15/Sep/2022:11:27:56 +0800] "POST /xingrg/dwr/call/plaincall/AjaxComOrderService.getMaterielSearchList.dwr HTTP/1.1" 200 414
101.85.93.113 - - [15/Sep/2022:11:27:57 +0800] "POST /xingrg/dwr/call/plaincall/AjaxYddbService.getMaterielByMap.dwr HTTP/1.1" 200 1581
222.70.246.221 - - [15/Sep/2022:11:27:58 +0800] "POST /xingrg/kc/buy/cgsh_order_operate.html HTTP/1.1" 200 37
222.70.246.221 - - [15/Sep/2022:11:28:00 +0800] "POST /xingrg/kc/buy/cgsh_order_operate.html HTTP/1.1" 200 3252
222.70.246.221 - - [15/Sep/2022:11:28:00 +0800] "GET /xingrg/all/function/internal_message.html?_=1663212492155&CODE_STATE=getMsg HTTP/1.1" 200 27
120.253.135.82 - - [15/Sep/2022:11:28:01 +0800] "POST /xingrg/kc/pszx/mdps_order_operate.html HTTP/1.1" 200 37
222.70.246.221 - - [15/Sep/2022:11:28:02 +0800] "GET /xingrg/kc/print/load_data.html?order_code=212022091505361&kc_code=cgsh&condition= HTTP/1.1" 200 914
101.85.93.113 - - [15/Sep/2022:11:28:02 +0800] "POST /xingrg/dwr/call/plaincall/AjaxYddbService.saveMaterielItem.dwr HTTP/1.1" 200 79
120.253.135.82 - - [15/Sep/2022:11:28:03 +0800] "POST /xingrg/kc/pszx/mdps_order_operate.html HTTP/1.1" 200 12
114.88.158.224 - - [15/Sep/2022:11:28:04 +0800] "GET /xingrg/all/function/internal_message.html?_=1663212479845&CODE_STATE=getMsg HTTP/1.1" 200 27
120.253.135.82 - - [15/Sep/2022:11:28:05 +0800] "GET /xingrg/kc/pszx/mdps_order_info.html?code=312022091500366 HTTP/1.1" 200 19682
124.79.74.72 - - [15/Sep/2022:11:28:05 +0800] "GET /xingrg/check_reg.html?_=1663212479825 HTTP/1.1" 200 22
124.79.74.72 - - [15/Sep/2022:11:28:05 +0800] "GET /xingrg/all/function/internal_message.html?_=1663212479827&CODE_STATE=getMsg HTTP/1.1" 200 27
116.238.169.132 - - [15/Sep/2022:11:28:05 +0800] "GET /xingrg/all/function/internal_message.html?_=1663212481785&CODE_STATE=getMsg HTTP/1.1" 200 27
116.238.169.132 - - [15/Sep/2022:11:28:05 +0800] "GET /xingrg/check_reg.html?_=1663212481788 HTTP/1.1" 200 22
120.253.135.82 - - [15/Sep/2022:11:28:05 +0800] "POST /xingrg/kc/pszx/mdps_order_operate.html HTTP/1.1" 200 12209
120.253.135.82 - - [15/Sep/2022:11:28:05 +0800] "GET /xingrg/javascript/easyui/themes/default/validatebox.css HTTP/1.1" 404 1104
180.169.147.146 - - [15/Sep/2022:11:28:06 +0800] "GET /xingrg/check_reg.html?_=1663212484264 HTTP/1.1" 200 22
116.232.194.65 - - [15/Sep/2022:11:28:07 +0800] "GET /xingrg/check_reg.html?_=1663212484127 HTTP/1.1" 200 22
180.169.147.146 - - [15/Sep/2022:11:28:07 +0800] "GET /xingrg/check_reg.html?_=1663212484692 HTTP/1.1" 200 22
116.232.194.65 - - [15/Sep/2022:11:28:07 +0800] "GET /xingrg/all/function/internal_message.html?_=1663212484129&CODE_STATE=getMsg HTTP/1.1" 200 27
101.85.93.113 - - [15/Sep/2022:11:28:07 +0800] "POST /xingrg/dwr/call/plaincall/AjaxComOrderService.getMaterielSearchList.dwr HTTP/1.1" 200 679
101.85.93.113 - - [15/Sep/2022:11:28:10 +0800] "POST /xingrg/dwr/call/plaincall/AjaxYddbService.getMaterielByMap.dwr HTTP/1.1" 200 1563
114.83.219.57 - - [15/Sep/2022:11:28:11 +0800] "GET /xingrg/all/function/internal_message.html?_=1663212572777&CODE_STATE=getMsg HTTP/1.1" 200 27
116.235.94.249 - - [15/Sep/2022:11:28:12 +0800] "GET /xingrg/check_reg.html?_=1663212685170 HTTP/1.1" 200 22
116.225.121.189 - - [15/Sep/2022:11:28:12 +0800] "GET /xingrg/all/function/internal_message.html?_=1663212490567&CODE_STATE=getMsg HTTP/1.1" 200 27
101.85.93.113 - - [15/Sep/2022:11:28:13 +0800] "POST /xingrg/dwr/call/plaincall/AjaxYddbService.saveMaterielItem.dwr HTTP/1.1" 200 79
116.235.94.249 - - [15/Sep/2022:11:28:13 +0800] "GET /xingrg/all/function/internal_message.html?_=1663212686717&CODE_STATE=getMsg HTTP/1.1" 200 27
180.169.147.146 - - [15/Sep/2022:11:28:14 +0800] "GET /xingrg/all/function/internal_message.html?_=1663212487559&CODE_STATE=getMsg HTTP/1.1" 200 27
116.224.255.128 - - [15/Sep/2022:11:28:14 +0800] "GET /xingrg/all/function/internal_message.html?_=1663212430176&CODE_STATE=getMsg HTTP/1.1" 200 27
114.84.81.136 - - [15/Sep/2022:11:28:15 +0800] "GET /xingrg/all/function/internal_message.html?_=1663212492217&CODE_STATE=getMsg HTTP/1.1" 200 27
114.83.222.183 - - [15/Sep/2022:11:28:16 +0800] "GET /xingrg/kc/buy/cgsh_order_operate.html?command=get_materiel&rest_code=00149&code=00101009107&supplier_code=00100201&order_time=2022-09-15 HTTP/1.1" 200 409
101.85.93.113 - - [15/Sep/2022:11:28:16 +0800] "POST /xingrg/dwr/call/plaincall/AjaxComOrderService.getMaterielSearchList.dwr HTTP/1.1" 200 6333
101.85.93.113 - - [15/Sep/2022:11:28:17 +0800] "POST /xingrg/dwr/call/plaincall/AjaxComOrderService.getMaterielSearchList.dwr HTTP/1.1" 200 841
101.85.93.113 - - [15/Sep/2022:11:28:18 +0800] "GET /xingrg/all/function/internal_message.html?_=1663212496208&CODE_STATE=getMsg HTTP/1.1" 200 27
101.85.93.113 - - [15/Sep/2022:11:28:18 +0800] "GET /xingrg/check_reg.html?_=1663212496211 HTTP/1.1" 200 22
101.85.93.113 - - [15/Sep/2022:11:28:18 +0800] "POST /xingrg/dwr/call/plaincall/AjaxYddbService.getMaterielByMap.dwr HTTP/1.1" 200 1581
120.253.135.82 - - [15/Sep/2022:11:28:22 +0800] "POST /xingrg/kc/pszx/mdps_list_operate.html HTTP/1.1" 200 379
120.253.135.82 - - [15/Sep/2022:11:28:23 +0800] "GET /xingrg/kc/pszx/mdps_order_info.html?code=312022091500367 HTTP/1.1" 200 24022
120.253.135.82 - - [15/Sep/2022:11:28:23 +0800] "GET /xingrg/javascript/easyui/themes/default/validatebox.css HTTP/1.1" 404 1104
120.253.135.82 - - [15/Sep/2022:11:28:23 +0800] "POST /xingrg/kc/pszx/mdps_order_operate.html HTTP/1.1" 200 3300
101.85.93.113 - - [15/Sep/2022:11:28:24 +0800] "POST /xingrg/dwr/call/plaincall/AjaxYddbService.saveMaterielItem.dwr HTTP/1.1" 200 79
101.85.93.113 - - [15/Sep/2022:11:28:27 +0800] "POST /xingrg/dwr/call/plaincall/AjaxComOrderService.getMaterielSearchList.dwr HTTP/1.1" 200 420
101.85.93.113 - - [15/Sep/2022:11:28:29 +0800] "POST /xingrg/dwr/call/plaincall/AjaxYddbService.getMaterielByMap.dwr HTTP/1.1" 200 1661
120.253.135.82 - - [15/Sep/2022:11:28:30 +0800] "POST /xingrg/kc/pszx/mdps_order_operate.html HTTP/1.1" 200 37
120.253.135.82 - - [15/Sep/2022:11:28:32 +0800] "POST /xingrg/kc/pszx/mdps_order_operate.html HTTP/1.1" 200 12
120.253.135.82 - - [15/Sep/2022:11:28:33 +0800] "GET /xingrg/kc/pszx/mdps_order_info.html?code=312022091500367 HTTP/1.1" 200 19682
101.85.93.113 - - [15/Sep/2022:11:28:33 +0800] "POST /xingrg/dwr/call/plaincall/AjaxYddbService.getUnitPrice.dwr HTTP/1.1" 200 87
120.253.135.82 - - [15/Sep/2022:11:28:34 +0800] "POST /xingrg/kc/pszx/mdps_order_operate.html HTTP/1.1" 200 1513
120.253.135.82 - - [15/Sep/2022:11:28:34 +0800] "GET /xingrg/javascript/easyui/themes/default/validatebox.css HTTP/1.1" 404 1104
120.253.135.82 - - [15/Sep/2022:11:28:35 +0800] "POST /xingrg/kc/pszx/mdps_list_operate.html HTTP/1.1" 200 868
222.70.246.221 - - [15/Sep/2022:11:28:35 +0800] "GET /xingrg/kc/buy/cgsh_order_add.html HTTP/1.1" 200 68639
222.70.246.221 - - [15/Sep/2022:11:28:36 +0800] "POST /xingrg/kc/buy/cgsh_order_operate.html HTTP/1.1" 200 8245
101.85.93.113 - - [15/Sep/2022:11:28:36 +0800] "POST /xingrg/dwr/call/plaincall/AjaxYddbService.saveMaterielItem.dwr HTTP/1.1" 200 79
222.70.246.221 - - [15/Sep/2022:11:28:36 +0800] "GET /xingrg/javascript/easyui/themes/default/validatebox.css HTTP/1.1" 404 1104
120.253.135.82 - - [15/Sep/2022:11:28:37 +0800] "GET /xingrg/kc/pszx/mdqp_order_list.html?state=10 HTTP/1.1" 200 10657
120.253.135.82 - - [15/Sep/2022:11:28:37 +0800] "GET /xingrg/dwr/interface/AjaxQqpsService.js HTTP/1.1" 200 16326
120.253.135.82 - - [15/Sep/2022:11:28:37 +0800] "GET /xingrg/dwr/interface/AjaxReportQueryService.js HTTP/1.1" 200 13203
120.253.135.82 - - [15/Sep/2022:11:28:37 +0800] "GET /xingrg/dwr/engine.js HTTP/1.1" 200 43631
180.169.147.146 - - [15/Sep/2022:11:28:44 +0800] "GET /xingrg/all/function/internal_message.html?_=1663212522724&CODE_STATE=getMsg HTTP/1.1" 200 27
116.224.255.128 - - [15/Sep/2022:11:28:46 +0800] "GET /xingrg/all/function/internal_message.html?_=1663212524232&CODE_STATE=getMsg HTTP/1.1" 200 27
116.224.255.128 - - [15/Sep/2022:11:28:46 +0800] "GET /xingrg/check_reg.html?_=1663212524256 HTTP/1.1" 200 22
101.85.93.113 - - [15/Sep/2022:11:28:46 +0800] "POST /xingrg/dwr/call/plaincall/AjaxComOrderService.getMaterielSearchList.dwr HTTP/1.1" 200 130798
101.85.93.113 - - [15/Sep/2022:11:28:46 +0800] "POST /xingrg/dwr/call/plaincall/AjaxComOrderService.getMaterielSearchList.dwr HTTP/1.1" 200 288
101.85.93.113 - - [15/Sep/2022:11:28:47 +0800] "POST /xingrg/dwr/call/plaincall/AjaxYddbService.getMaterielByMap.dwr HTTP/1.1" 200 1625
116.238.169.132 - - [15/Sep/2022:11:28:49 +0800] "GET /xingrg/check_reg.html?_=1663212527550 HTTP/1.1" 200 22
116.238.169.132 - - [15/Sep/2022:11:28:49 +0800] "GET /xingrg/all/function/internal_message.html?_=1663212527954&CODE_STATE=getMsg HTTP/1.1" 200 27
114.84.5.35 - - [15/Sep/2022:11:28:51 +0800] "GET /xingrg/all/function/internal_message.html?_=1663212526826&CODE_STATE=getMsg HTTP/1.1" 200 27
116.238.169.132 - - [15/Sep/2022:11:28:51 +0800] "GET /xingrg/all/function/internal_message.html?_=1663212525619&CODE_STATE=getMsg HTTP/1.1" 200 27
114.83.222.183 - - [15/Sep/2022:11:28:52 +0800] "GET /xingrg/kc/buy/cgsh_order_operate.html?command=get_materiel&rest_code=00149&code=00101009122&supplier_code=00100201&order_time=2022-09-15 HTTP/1.1" 200 405
222.70.246.221 - - [15/Sep/2022:11:28:58 +0800] "GET /xingrg/kc/buy/cgsh_order_operate.html?command=get_materiel&rest_code=00146&code=00101022004&supplier_code=00100049&order_time=2022-09-15 HTTP/1.1" 200 431
222.70.246.221 - - [15/Sep/2022:11:29:00 +0800] "GET /xingrg/all/function/internal_message.html?_=1663212552170&CODE_STATE=getMsg HTTP/1.1" 200 27
180.163.28.55 - - [15/Sep/2022:11:29:02 +0800] "GET /xingrg/kc/print/load_data.html?order_code=212022091505320&kc_code=cgsh&condition= HTTP/1.1" 302 -
116.238.169.132 - - [15/Sep/2022:11:29:02 +0800] "GET /xingrg/kc/buy/cgsh_order_add.html HTTP/1.1" 200 68718
116.238.169.132 - - [15/Sep/2022:11:29:02 +0800] "POST /xingrg/kc/buy/cgsh_order_operate.html HTTP/1.1" 200 8245
116.238.169.132 - - [15/Sep/2022:11:29:02 +0800] "GET /xingrg/javascript/easyui/themes/default/validatebox.css HTTP/1.1" 404 1104
114.88.158.224 - - [15/Sep/2022:11:29:04 +0800] "GET /xingrg/all/function/internal_message.html?_=1663212539870&CODE_STATE=getMsg HTTP/1.1" 200 27
124.79.74.72 - - [15/Sep/2022:11:29:05 +0800] "GET /xingrg/all/function/internal_message.html?_=1663212539811&CODE_STATE=getMsg HTTP/1.1" 200 27
180.163.28.55 - - [15/Sep/2022:11:29:05 +0800] "GET /xingrg/login.html HTTP/1.1" 200 7641
180.163.29.206 - - [15/Sep/2022:11:29:06 +0800] "GET /xingrg/kc/print/load_data.html?order_code=212022091505320&kc_code=cgsh HTTP/1.1" 302 -
180.163.29.206 - - [15/Sep/2022:11:29:06 +0800] "GET /xingrg/login.html HTTP/1.1" 200 7641
116.232.194.65 - - [15/Sep/2022:11:29:07 +0800] "GET /xingrg/all/function/internal_message.html?_=1663212544121&CODE_STATE=getMsg HTTP/1.1" 200 27
101.85.93.113 - - [15/Sep/2022:11:29:08 +0800] "POST /xingrg/dwr/call/plaincall/AjaxYddbService.getUnitPrice.dwr HTTP/1.1" 200 87
101.85.93.113 - - [15/Sep/2022:11:29:09 +0800] "GET /xingrg/images/yd/bt2.gif HTTP/1.1" 404 1042
116.225.121.189 - - [15/Sep/2022:11:29:10 +0800] "POST /xingrg/services/DataTransmitService HTTP/1.1" 200 524
114.83.219.57 - - [15/Sep/2022:11:29:11 +0800] "GET /xingrg/check_reg.html?_=1663212632767 HTTP/1.1" 200 22
116.225.121.189 - - [15/Sep/2022:11:29:11 +0800] "POST /xingrg/services/DataTransmitService HTTP/1.1" 200 2407
101.85.93.113 - - [15/Sep/2022:11:29:11 +0800] "POST /xingrg/dwr/call/plaincall/AjaxYddbService.removeMaterielItem.dwr HTTP/1.1" 200 79
114.83.219.57 - - [15/Sep/2022:11:29:11 +0800] "GET /xingrg/all/function/internal_message.html?_=1663212632769&CODE_STATE=getMsg HTTP/1.1" 200 27
116.225.121.189 - - [15/Sep/2022:11:29:12 +0800] "POST /xingrg/services/DataTransmitService HTTP/1.1" 200 197543
116.225.121.189 - - [15/Sep/2022:11:29:12 +0800] "GET /xingrg/all/function/internal_message.html?_=1663212550568&CODE_STATE=getMsg HTTP/1.1" 200 27
116.235.94.249 - - [15/Sep/2022:11:29:13 +0800] "GET /xingrg/all/function/internal_message.html?_=1663212746685&CODE_STATE=getMsg HTTP/1.1" 200 27
114.84.81.136 - - [15/Sep/2022:11:29:14 +0800] "GET /xingrg/check_reg.html?_=1663212550270 HTTP/1.1" 200 22
180.169.147.146 - - [15/Sep/2022:11:29:14 +0800] "GET /xingrg/check_reg.html?_=1663212547557 HTTP/1.1" 200 22
180.169.147.146 - - [15/Sep/2022:11:29:14 +0800] "GET /xingrg/all/function/internal_message.html?_=1663212547560&CODE_STATE=getMsg HTTP/1.1" 200 27
116.224.255.128 - - [15/Sep/2022:11:29:14 +0800] "GET /xingrg/all/function/internal_message.html?_=1663212490204&CODE_STATE=getMsg HTTP/1.1" 200 27
114.84.81.136 - - [15/Sep/2022:11:29:15 +0800] "GET /xingrg/all/function/internal_message.html?_=1663212552194&CODE_STATE=getMsg HTTP/1.1" 200 27
222.70.246.221 - - [15/Sep/2022:11:29:16 +0800] "GET /xingrg/kc/buy/cgsh_order_operate.html?command=get_materiel&rest_code=00146&code=00101016094&supplier_code=00100049&order_time=2022-09-15 HTTP/1.1" 200 467
101.85.93.113 - - [15/Sep/2022:11:29:18 +0800] "GET /xingrg/all/function/internal_message.html?_=1663212556205&CODE_STATE=getMsg HTTP/1.1" 200 27
114.83.222.183 - - [15/Sep/2022:11:29:19 +0800] "POST /xingrg/kc/buy/cgsh_order_operate.html HTTP/1.1" 200 37
116.238.169.132 - - [15/Sep/2022:11:29:20 +0800] "GET /xingrg/kc/buy/cgsh_order_operate.html?command=get_materiel&rest_code=00102&code=00101008323&supplier_code=00100008&order_time=2022-09-15 HTTP/1.1" 200 408
101.85.93.113 - - [15/Sep/2022:11:29:20 +0800] "POST /xingrg/dwr/call/plaincall/AjaxComOrderService.getMaterielSearchList.dwr HTTP/1.1" 200 3330
101.85.93.113 - - [15/Sep/2022:11:29:21 +0800] "POST /xingrg/dwr/call/plaincall/AjaxComOrderService.getMaterielSearchList.dwr HTTP/1.1" 200 557
124.78.154.55 - - [15/Sep/2022:11:29:21 +0800] "POST /xingrg/kc/buy/cgsh_order_operate.html HTTP/1.1" 200 3832
101.85.93.113 - - [15/Sep/2022:11:29:22 +0800] "POST /xingrg/dwr/call/plaincall/AjaxComOrderService.getMaterielSearchList.dwr HTTP/1.1" 200 557
101.85.93.113 - - [15/Sep/2022:11:29:22 +0800] "POST /xingrg/dwr/call/plaincall/AjaxYddbService.getMaterielByMap.dwr HTTP/1.1" 200 1564
114.83.222.183 - - [15/Sep/2022:11:29:24 +0800] "POST /xingrg/kc/buy/cgsh_order_operate.html HTTP/1.1" 200 12
114.83.222.183 - - [15/Sep/2022:11:29:27 +0800] "GET /xingrg/kc/buy/cgsh_order_info.html?code=212022091505362 HTTP/1.1" 200 63668
114.83.222.183 - - [15/Sep/2022:11:29:27 +0800] "GET /xingrg/javascript/easyui/themes/default/validatebox.css HTTP/1.1" 404 1104
116.238.169.132 - - [15/Sep/2022:11:29:28 +0800] "GET /xingrg/kc/buy/cgsh_order_operate.html?command=get_materiel&rest_code=00102&code=00101008257&supplier_code=00100008&order_time=2022-09-15 HTTP/1.1" 200 416
114.83.222.183 - - [15/Sep/2022:11:29:28 +0800] "POST /xingrg/kc/buy/cgsh_order_operate.html HTTP/1.1" 200 3567
114.83.222.183 - - [15/Sep/2022:11:29:29 +0800] "GET /xingrg/kc/print/load_config.html?kc_code=cgsh HTTP/1.1" 200 1943
114.83.222.183 - - [15/Sep/2022:11:29:29 +0800] "GET /xingrg/kc/print/load_data.html?order_code=212022091505362&kc_code=cgsh&condition= HTTP/1.1" 200 1840
116.238.169.132 - - [15/Sep/2022:11:29:33 +0800] "GET /xingrg/kc/buy/cgsh_order_operate.html?command=get_materiel&rest_code=00102&code=00101008210&supplier_code=00100008&order_time=2022-09-15 HTTP/1.1" 200 408
101.85.93.113 - - [15/Sep/2022:11:29:34 +0800] "POST /xingrg/dwr/call/plaincall/AjaxYddbService.saveMaterielItem.dwr HTTP/1.1" 200 79
101.85.93.113 - - [15/Sep/2022:11:29:37 +0800] "POST /xingrg/dwr/call/plaincall/AjaxComOrderService.getMaterielSearchList.dwr HTTP/1.1" 200 831
101.85.93.113 - - [15/Sep/2022:11:29:38 +0800] "POST /xingrg/dwr/call/plaincall/AjaxComOrderService.getMaterielSearchList.dwr HTTP/1.1" 200 831
101.85.93.113 - - [15/Sep/2022:11:29:40 +0800] "POST /xingrg/dwr/call/plaincall/AjaxYddbService.getMaterielByMap.dwr HTTP/1.1" 200 1568
222.70.246.221 - - [15/Sep/2022:11:29:43 +0800] "GET /xingrg/check_reg.html?_=1663212594899 HTTP/1.1" 200 22
180.169.147.146 - - [15/Sep/2022:11:29:44 +0800] "GET /xingrg/check_reg.html?_=1663212582724 HTTP/1.1" 200 22
180.169.147.146 - - [15/Sep/2022:11:29:44 +0800] "GET /xingrg/all/function/internal_message.html?_=1663212582726&CODE_STATE=getMsg HTTP/1.1" 200 27
116.224.255.128 - - [15/Sep/2022:11:29:46 +0800] "GET /xingrg/all/function/internal_message.html?_=1663212584257&CODE_STATE=getMsg HTTP/1.1" 200 27
101.85.93.113 - - [15/Sep/2022:11:29:48 +0800] "POST /xingrg/dwr/call/plaincall/AjaxYddbService.saveMaterielItem.dwr HTTP/1.1" 200 79
116.238.169.132 - - [15/Sep/2022:11:29:48 +0800] "GET /xingrg/kc/buy/cgsh_order_operate.html?command=get_materiel&rest_code=00102&code=00101008219&supplier_code=00100008&order_time=2022-09-15 HTTP/1.1" 200 412
116.238.169.132 - - [15/Sep/2022:11:29:49 +0800] "GET /xingrg/all/function/internal_message.html?_=1663212587941&CODE_STATE=getMsg HTTP/1.1" 200 27
116.238.169.132 - - [15/Sep/2022:11:29:51 +0800] "GET /xingrg/all/function/internal_message.html?_=1663212585597&CODE_STATE=getMsg HTTP/1.1" 200 27
114.84.5.35 - - [15/Sep/2022:11:29:51 +0800] "GET /xingrg/all/function/internal_message.html?_=1663212586826&CODE_STATE=getMsg HTTP/1.1" 200 27
180.163.28.109 - - [15/Sep/2022:11:29:51 +0800] "GET /xingrg/kc/buy/cgsh_order_operate.html?command=get_materiel&rest_code=00106&code=00101006161&supplier_code=00100032&order_time=2022-09-15 HTTP/1.1" 302 -
180.163.28.109 - - [15/Sep/2022:11:29:51 +0800] "GET /xingrg/login.html HTTP/1.1" 200 7641
101.85.93.113 - - [15/Sep/2022:11:29:52 +0800] "POST /xingrg/dwr/call/plaincall/AjaxComOrderService.getMaterielSearchList.dwr HTTP/1.1" 200 1962
101.85.93.113 - - [15/Sep/2022:11:29:52 +0800] "POST /xingrg/dwr/call/plaincall/AjaxComOrderService.getMaterielSearchList.dwr HTTP/1.1" 200 288
101.85.93.113 - - [15/Sep/2022:11:29:53 +0800] "POST /xingrg/dwr/call/plaincall/AjaxYddbService.getMaterielByMap.dwr HTTP/1.1" 200 1613
101.85.93.113 - - [15/Sep/2022:11:29:56 +0800] "POST /xingrg/dwr/call/plaincall/AjaxYddbService.getUnitPrice.dwr HTTP/1.1" 200 86
222.70.246.221 - - [15/Sep/2022:11:29:58 +0800] "POST /xingrg/kc/buy/cgsh_order_operate.html HTTP/1.1" 200 37
116.238.169.132 - - [15/Sep/2022:11:29:58 +0800] "GET /xingrg/kc/buy/cgsh_order_operate.html?command=get_materiel&rest_code=00102&code=00101008112&supplier_code=00100008&order_time=2022-09-15 HTTP/1.1" 200 414
101.85.93.113 - - [15/Sep/2022:11:30:00 +0800] "POST /xingrg/dwr/call/plaincall/AjaxYddbService.saveMaterielItem.dwr HTTP/1.1" 200 79
124.78.154.55 - - [15/Sep/2022:11:30:01 +0800] "GET /xingrg/all/function/internal_message.html?_=1663212597176&CODE_STATE=getMsg HTTP/1.1" 200 27
222.70.246.221 - - [15/Sep/2022:11:30:02 +0800] "POST /xingrg/kc/buy/cgsh_order_operate.html HTTP/1.1" 200 2695
222.70.246.221 - - [15/Sep/2022:11:30:04 +0800] "GET /xingrg/all/function/internal_message.html?_=1663212615614&CODE_STATE=getMsg HTTP/1.1" 200 27
222.70.246.221 - - [15/Sep/2022:11:30:04 +0800] "GET /xingrg/kc/print/load_data.html?order_code=212022091505363&kc_code=cgsh&condition= HTTP/1.1" 200 762
114.88.158.224 - - [15/Sep/2022:11:30:04 +0800] "GET /xingrg/all/function/internal_message.html?_=1663212599868&CODE_STATE=getMsg HTTP/1.1" 200 27
124.79.74.72 - - [15/Sep/2022:11:30:05 +0800] "GET /xingrg/all/function/internal_message.html?_=1663212599812&CODE_STATE=getMsg HTTP/1.1" 200 27
101.85.93.113 - - [15/Sep/2022:11:30:05 +0800] "POST /xingrg/dwr/call/plaincall/AjaxComOrderService.getMaterielSearchList.dwr HTTP/1.1" 200 508286
116.238.169.132 - - [15/Sep/2022:11:30:06 +0800] "GET /xingrg/kc/buy/cgsh_order_operate.html?command=get_materiel&rest_code=00102&code=00101008185&supplier_code=00100008&order_time=2022-09-15 HTTP/1.1" 200 408
114.83.222.183 - - [15/Sep/2022:11:30:06 +0800] "GET /xingrg/kc/buy/cgsh_order_add.html HTTP/1.1" 200 68765
