116.225.121.189 - - [15/Sep/2022:09:01:26 +0800] "GET /xingrg/kc/buy/cgsh_order_operate.html?command=get_materiel&rest_code=00105&code=00101008201&supplier_code=&order_time=2022-09-15 HTTP/1.1" 200 412
180.169.147.146 - - [15/Sep/2022:09:01:31 +0800] "GET /xingrg/kc/base/yddb_order_info.html?code=482022091400162 HTTP/1.1" 200 30653
180.169.147.146 - - [15/Sep/2022:09:01:31 +0800] "GET /xingrg/dwr/interface/AjaxComOrderService.js HTTP/1.1" 200 18264
180.169.147.146 - - [15/Sep/2022:09:01:31 +0800] "GET /xingrg/dwr/interface/AjaxYddbService.js HTTP/1.1" 200 13201
180.169.147.146 - - [15/Sep/2022:09:01:31 +0800] "GET /xingrg/dwr/engine.js HTTP/1.1" 200 43631
180.169.147.146 - - [15/Sep/2022:09:01:31 +0800] "POST /xingrg/dwr/call/plaincall/AjaxYddbService.loadMaterielItems.dwr HTTP/1.1" 200 444
180.169.147.146 - - [15/Sep/2022:09:01:32 +0800] "GET /xingrg/javascript/jquery_easy_ui/themes/default/images/tabs_active.png HTTP/1.1" 200 2894
180.169.147.146 - - [15/Sep/2022:09:01:34 +0800] "POST /xingrg/kc/base/yddb_list_operate.html HTTP/1.1" 200 3850
116.225.121.189 - - [15/Sep/2022:09:01:41 +0800] "GET /xingrg/all/function/internal_message.html?_=1663203699548&CODE_STATE=getMsg HTTP/1.1" 200 27
116.224.255.128 - - [15/Sep/2022:09:01:55 +0800] "GET /xingrg/check_reg.html?_=1663203650564 HTTP/1.1" 200 22
222.70.246.221 - - [15/Sep/2022:09:01:55 +0800] "GET /xingrg/all/function/internal_message.html?_=1663203726322&CODE_STATE=getMsg HTTP/1.1" 200 27
180.169.147.146 - - [15/Sep/2022:09:01:59 +0800] "GET /xingrg/all/function/internal_message.html?_=1663203717598&CODE_STATE=getMsg HTTP/1.1" 200 27
124.79.74.72 - - [15/Sep/2022:09:02:04 +0800] "GET /xingrg/all/function/internal_message.html?_=1663203719817&CODE_STATE=getMsg HTTP/1.1" 200 27
114.83.219.57 - - [15/Sep/2022:09:02:11 +0800] "GET /xingrg/all/function/internal_message.html?_=1663203812774&CODE_STATE=getMsg HTTP/1.1" 200 27
116.224.255.128 - - [15/Sep/2022:09:02:11 +0800] "GET /xingrg/all/function/internal_message.html?_=1663203667381&CODE_STATE=getMsg HTTP/1.1" 200 27
124.78.154.55 - - [15/Sep/2022:09:02:12 +0800] "GET /xingrg/all/function/internal_message.html?_=1663203728493&CODE_STATE=getMsg HTTP/1.1" 200 27
120.253.135.82 - - [15/Sep/2022:09:02:22 +0800] "GET /xingrg/all/function/internal_message.html?_=1663203541198&CODE_STATE=getMsg HTTP/1.1" 200 27
116.225.121.189 - - [15/Sep/2022:09:02:41 +0800] "GET /xingrg/all/function/internal_message.html?_=1663203759518&CODE_STATE=getMsg HTTP/1.1" 200 27
180.163.29.212 - - [15/Sep/2022:09:02:50 +0800] "GET /xingrg/all/function/internal_message.html?_=1663202939625&CODE_STATE=getMsg HTTP/1.1" 302 -
180.163.29.212 - - [15/Sep/2022:09:02:50 +0800] "GET /xingrg/login.html HTTP/1.1" 200 7641
222.70.246.221 - - [15/Sep/2022:09:02:55 +0800] "GET /xingrg/all/function/internal_message.html?_=1663203786333&CODE_STATE=getMsg HTTP/1.1" 200 27
180.169.147.146 - - [15/Sep/2022:09:02:59 +0800] "GET /xingrg/all/function/internal_message.html?_=1663203777599&CODE_STATE=getMsg HTTP/1.1" 200 27
124.79.74.72 - - [15/Sep/2022:09:03:04 +0800] "GET /xingrg/all/function/internal_message.html?_=1663203779819&CODE_STATE=getMsg HTTP/1.1" 200 27
124.79.74.72 - - [15/Sep/2022:09:03:05 +0800] "GET /xingrg/check_reg.html?_=1663203779822 HTTP/1.1" 200 22
114.83.219.57 - - [15/Sep/2022:09:03:11 +0800] "GET /xingrg/all/function/internal_message.html?_=1663203872770&CODE_STATE=getMsg HTTP/1.1" 200 27
116.224.255.128 - - [15/Sep/2022:09:03:11 +0800] "GET /xingrg/all/function/internal_message.html?_=1663203727395&CODE_STATE=getMsg HTTP/1.1" 200 27
124.78.154.55 - - [15/Sep/2022:09:03:12 +0800] "GET /xingrg/all/function/internal_message.html?_=1663203788462&CODE_STATE=getMsg HTTP/1.1" 200 27
120.253.135.82 - - [15/Sep/2022:09:03:22 +0800] "GET /xingrg/all/function/internal_message.html?_=1663203601211&CODE_STATE=getMsg HTTP/1.1" 200 27
116.225.121.189 - - [15/Sep/2022:09:03:41 +0800] "GET /xingrg/all/function/internal_message.html?_=1663203819523&CODE_STATE=getMsg HTTP/1.1" 200 27
116.225.121.189 - - [15/Sep/2022:09:03:41 +0800] "GET /xingrg/check_reg.html?_=1663203819527 HTTP/1.1" 200 22
222.70.246.221 - - [15/Sep/2022:09:03:55 +0800] "GET /xingrg/all/function/internal_message.html?_=1663203846355&CODE_STATE=getMsg HTTP/1.1" 200 27
180.169.147.146 - - [15/Sep/2022:09:03:59 +0800] "GET /xingrg/all/function/internal_message.html?_=1663203837590&CODE_STATE=getMsg HTTP/1.1" 200 27
124.79.74.72 - - [15/Sep/2022:09:04:05 +0800] "GET /xingrg/all/function/internal_message.html?_=1663203839823&CODE_STATE=getMsg HTTP/1.1" 200 27
114.83.219.57 - - [15/Sep/2022:09:04:11 +0800] "GET /xingrg/check_reg.html?_=1663203932775 HTTP/1.1" 200 22
114.83.219.57 - - [15/Sep/2022:09:04:11 +0800] "GET /xingrg/all/function/internal_message.html?_=1663203932778&CODE_STATE=getMsg HTTP/1.1" 200 27
116.224.255.128 - - [15/Sep/2022:09:04:11 +0800] "GET /xingrg/all/function/internal_message.html?_=1663203787423&CODE_STATE=getMsg HTTP/1.1" 200 27
116.224.255.128 - - [15/Sep/2022:09:04:20 +0800] "GET /xingrg/check_reg.html?_=1663203858253 HTTP/1.1" 302 -
116.224.255.128 - - [15/Sep/2022:09:04:20 +0800] "GET /xingrg/login.html HTTP/1.1" 200 7641
116.238.169.132 - - [15/Sep/2022:09:04:22 +0800] "GET /xingrg/check_reg.html?_=1663203860868 HTTP/1.1" 302 -
120.253.135.82 - - [15/Sep/2022:09:04:23 +0800] "GET /xingrg/all/function/internal_message.html?_=1663203661378&CODE_STATE=getMsg HTTP/1.1" 200 27
116.224.255.128 - - [15/Sep/2022:09:04:24 +0800] "GET /xingrg/kc/buy/cgsh_order_list.html HTTP/1.1" 302 -
116.224.255.128 - - [15/Sep/2022:09:04:24 +0800] "GET /xingrg/login.html HTTP/1.1" 200 7641
116.224.255.128 - - [15/Sep/2022:09:04:24 +0800] "GET /xingrg/login.html HTTP/1.1" 200 7641
116.224.255.128 - - [15/Sep/2022:09:04:24 +0800] "GET /favicon.ico HTTP/1.1" 404 -
116.224.255.128 - - [15/Sep/2022:09:04:25 +0800] "POST /xingrg/login.do HTTP/1.1" 302 -
116.224.255.128 - - [15/Sep/2022:09:04:25 +0800] "GET /xingrg/index.html?sysBaseUrl=http%3A%2F%2F180.169.147.146%3A18081%2Fxingrg%2F&costTime=40×tamp=1663203865641 HTTP/1.1" 200 17177
116.224.255.128 - - [15/Sep/2022:09:04:25 +0800] "POST /xingrg/all/common/load_tree.html?tree=area_rest_tree_json&manage=1 HTTP/1.1" 200 476
116.224.255.128 - - [15/Sep/2022:09:04:25 +0800] "GET /favicon.ico HTTP/1.1" 404 -
116.224.255.128 - - [15/Sep/2022:09:04:25 +0800] "POST /xingrg/load_menu.html HTTP/1.1" 200 5138
116.224.255.128 - - [15/Sep/2022:09:04:25 +0800] "GET /xingrg/check_reg.html?_=1663203864181 HTTP/1.1" 200 22
116.224.255.128 - - [15/Sep/2022:09:04:25 +0800] "GET /xingrg/all/function/internal_message.html?_=1663203864181&CODE_STATE=count HTTP/1.1" 200 11
116.224.255.128 - - [15/Sep/2022:09:04:31 +0800] "POST /xingrg/all/user/operate.html HTTP/1.1" 200 36
116.224.255.128 - - [15/Sep/2022:09:04:31 +0800] "GET /xingrg/javascript/jquery_easy_ui/themes/default/easyui.css HTTP/1.1" 304 -
116.224.255.128 - - [15/Sep/2022:09:04:31 +0800] "GET /xingrg/index.html?sysBaseUrl=http%3A%2F%2F180.169.147.146%3A18081%2Fxingrg%2F&costTime=40×tamp=1663203865641 HTTP/1.1" 200 17179
116.224.255.128 - - [15/Sep/2022:09:04:31 +0800] "GET /xingrg/javascript/jquery_easy_ui/themes/icon.css HTTP/1.1" 304 -
116.224.255.128 - - [15/Sep/2022:09:04:31 +0800] "GET /xingrg/css/form.css HTTP/1.1" 304 -
116.224.255.128 - - [15/Sep/2022:09:04:31 +0800] "GET /xingrg/javascript/jquery-1.4.2.min.js HTTP/1.1" 304 -
116.224.255.128 - - [15/Sep/2022:09:04:31 +0800] "GET /xingrg/javascript/jquery_easy_ui/jquery.easyui.min.js HTTP/1.1" 304 -
116.224.255.128 - - [15/Sep/2022:09:04:31 +0800] "GET /xingrg/javascript/jquery_easy_ui/easyui-lang-zh_CN.js HTTP/1.1" 304 -
116.224.255.128 - - [15/Sep/2022:09:04:31 +0800] "GET /xingrg/javascript/jquery.form.js HTTP/1.1" 304 -
116.224.255.128 - - [15/Sep/2022:09:04:31 +0800] "GET /xingrg/javascript/jquery.utils.js HTTP/1.1" 304 -
116.224.255.128 - - [15/Sep/2022:09:04:31 +0800] "GET /xingrg/javascript/jquery.timers.js HTTP/1.1" 304 -
116.224.255.128 - - [15/Sep/2022:09:04:31 +0800] "GET /xingrg/images/blue/jxLogo.png HTTP/1.1" 304 -
116.224.255.128 - - [15/Sep/2022:09:04:31 +0800] "GET /xingrg/javascript/jquery_easy_ui/themes/icons/settle_new.png HTTP/1.1" 304 -
116.224.255.128 - - [15/Sep/2022:09:04:31 +0800] "GET /xingrg/images/blue/navBackgound.jpg HTTP/1.1" 304 -
116.224.255.128 - - [15/Sep/2022:09:04:31 +0800] "POST /xingrg/all/common/load_tree.html?tree=area_rest_tree_json&manage=1 HTTP/1.1" 200 476
116.224.255.128 - - [15/Sep/2022:09:04:31 +0800] "GET /xingrg/all/function/internal_message.html?_=1663203870087&CODE_STATE=count HTTP/1.1" 200 11
116.224.255.128 - - [15/Sep/2022:09:04:31 +0800] "GET /xingrg/check_reg.html?_=1663203870088 HTTP/1.1" 200 22
116.224.255.128 - - [15/Sep/2022:09:04:31 +0800] "GET /xingrg/javascript/jquery_easy_ui/themes/default/images/tabs_rightarrow.png HTTP/1.1" 304 -
116.224.255.128 - - [15/Sep/2022:09:04:31 +0800] "GET /xingrg/javascript/jquery_easy_ui/themes/default/images/panel_tool_collapse.gif HTTP/1.1" 304 -
116.224.255.128 - - [15/Sep/2022:09:04:31 +0800] "GET /xingrg/images/blue/pingpu.png HTTP/1.1" 304 -
116.224.255.128 - - [15/Sep/2022:09:04:31 +0800] "POST /xingrg/load_menu.html HTTP/1.1" 200 5138
116.224.255.128 - - [15/Sep/2022:09:04:31 +0800] "GET /xingrg/javascript/jquery_easy_ui/themes/default/images/tabs_leftarrow.png HTTP/1.1" 304 -
116.224.255.128 - - [15/Sep/2022:09:04:31 +0800] "GET /xingrg/javascript/jquery_easy_ui/themes/icons/search_new.png HTTP/1.1" 304 -
116.224.255.128 - - [15/Sep/2022:09:04:31 +0800] "GET /xingrg/javascript/jquery_easy_ui/themes/icons/storage_new.png HTTP/1.1" 304 -
116.224.255.128 - - [15/Sep/2022:09:04:31 +0800] "GET /xingrg/javascript/jquery_easy_ui/themes/default/images/tree_folder_open.gif HTTP/1.1" 304 -
116.224.255.128 - - [15/Sep/2022:09:04:31 +0800] "GET /xingrg/javascript/jquery_easy_ui/themes/default/images/tree_folder.gif HTTP/1.1" 304 -
116.224.255.128 - - [15/Sep/2022:09:04:31 +0800] "GET /xingrg/javascript/jquery_easy_ui/themes/default/images/tree_file.gif HTTP/1.1" 304 -
116.224.255.128 - - [15/Sep/2022:09:04:31 +0800] "GET /xingrg/javascript/jquery_easy_ui/themes/default/images/tree_arrows.gif HTTP/1.1" 304 -
116.224.255.128 - - [15/Sep/2022:09:04:31 +0800] "GET /xingrg/javascript/jquery_easy_ui/themes/icons/forms_new.png HTTP/1.1" 304 -
116.224.255.128 - - [15/Sep/2022:09:04:33 +0800] "GET /xingrg/kc/buy/cgsh_order_list.html HTTP/1.1" 200 52901
116.224.255.128 - - [15/Sep/2022:09:04:34 +0800] "POST /xingrg/kc/buy/cgsh_list_operate.html HTTP/1.1" 200 928
116.224.255.128 - - [15/Sep/2022:09:04:35 +0800] "GET /xingrg/kc/buy/cgsh_order_add.html HTTP/1.1" 200 68677
116.224.255.128 - - [15/Sep/2022:09:04:35 +0800] "GET /xingrg/words/20220914115425_words.js HTTP/1.1" 304 -
116.224.255.128 - - [15/Sep/2022:09:04:35 +0800] "POST /xingrg/kc/buy/cgsh_order_operate.html HTTP/1.1" 200 8245
116.224.255.128 - - [15/Sep/2022:09:04:35 +0800] "GET /xingrg/all/common/auto_word.html?type=employee&rest_code=00150 HTTP/1.1" 200 159
116.224.255.128 - - [15/Sep/2022:09:04:35 +0800] "GET /xingrg/javascript/easyui/themes/default/validatebox.css HTTP/1.1" 404 1104
116.224.255.128 - - [15/Sep/2022:09:04:35 +0800] "GET /xingrg/all/common/auto_word.html?type=employee&rest_code=00150 HTTP/1.1" 200 159
116.224.255.128 - - [15/Sep/2022:09:04:38 +0800] "GET /xingrg/javascript/auto/indicator.gif HTTP/1.1" 404 1066
222.70.246.221 - - [15/Sep/2022:09:04:43 +0800] "GET /xingrg/check_reg.html?_=1663203894347 HTTP/1.1" 200 22
116.224.255.128 - - [15/Sep/2022:09:04:49 +0800] "GET /xingrg/kc/buy/cgsh_order_operate.html?command=get_materiel&rest_code=00150&code=00101012039&supplier_code=00100096&order_time=2022-09-15 HTTP/1.1" 200 408
222.70.246.221 - - [15/Sep/2022:09:04:55 +0800] "GET /xingrg/all/function/internal_message.html?_=1663203906359&CODE_STATE=getMsg HTTP/1.1" 200 27
180.163.29.103 - - [15/Sep/2022:09:04:55 +0800] "GET /xingrg/kc/buy/cgsh_order_operate.html?command=get_materiel&rest_code=00106&code=00101008403&supplier_code=00100007&order_time=2022-09-15 HTTP/1.1" 302 -
180.163.29.103 - - [15/Sep/2022:09:04:55 +0800] "GET /xingrg/login.html HTTP/1.1" 200 7641
180.169.147.146 - - [15/Sep/2022:09:04:59 +0800] "GET /xingrg/all/function/internal_message.html?_=1663203897588&CODE_STATE=getMsg HTTP/1.1" 200 27
116.224.255.128 - - [15/Sep/2022:09:05:00 +0800] "GET /xingrg/kc/buy/cgsh_order_operate.html?command=get_materiel&rest_code=00150&code=00101016025&supplier_code=00100096&order_time=2022-09-15 HTTP/1.1" 200 408
124.79.74.72 - - [15/Sep/2022:09:05:05 +0800] "GET /xingrg/all/function/internal_message.html?_=1663203899826&CODE_STATE=getMsg HTTP/1.1" 200 27
114.83.219.57 - - [15/Sep/2022:09:05:11 +0800] "GET /xingrg/all/function/internal_message.html?_=1663203992775&CODE_STATE=getMsg HTTP/1.1" 200 27
116.224.255.128 - - [15/Sep/2022:09:05:11 +0800] "GET /xingrg/all/function/internal_message.html?_=1663203847438&CODE_STATE=getMsg HTTP/1.1" 200 27
120.253.135.82 - - [15/Sep/2022:09:05:18 +0800] "GET /xingrg/kc/report/report_main.html HTTP/1.1" 200 8599
120.253.135.82 - - [15/Sep/2022:09:05:20 +0800] "GET /xingrg/kc/base/kc_stocks.html HTTP/1.1" 200 16437
120.253.135.82 - - [15/Sep/2022:09:05:20 +0800] "GET /xingrg/javascript/easyui/themes/default/tree.css HTTP/1.1" 404 1090
120.253.135.82 - - [15/Sep/2022:09:05:21 +0800] "POST /xingrg/all/common/load_tree.html?tree=materiel_sort_tree_json HTTP/1.1" 200 9500
116.224.255.128 - - [15/Sep/2022:09:05:21 +0800] "GET /xingrg/kc/buy/cgsh_order_operate.html?command=get_materiel&rest_code=00150&code=00101006161&supplier_code=00100096&order_time=2022-09-15 HTTP/1.1" 200 411
120.253.135.82 - - [15/Sep/2022:09:05:22 +0800] "POST /xingrg/all/common/load_combo.html?type=base HTTP/1.1" 200 1260
120.253.135.82 - - [15/Sep/2022:09:05:23 +0800] "GET /xingrg/all/function/internal_message.html?_=1663203721379&CODE_STATE=getMsg HTTP/1.1" 200 27
116.224.255.128 - - [15/Sep/2022:09:05:31 +0800] "GET /xingrg/all/function/internal_message.html?_=1663203930094&CODE_STATE=getMsg HTTP/1.1" 200 27
120.253.135.82 - - [15/Sep/2022:09:05:36 +0800] "POST /xingrg/kc/base/stock_operate.html HTTP/1.1" 200 2634
116.224.255.128 - - [15/Sep/2022:09:05:37 +0800] "GET /xingrg/kc/buy/cgsh_order_operate.html?command=get_materiel&rest_code=00150&code=00101006129&supplier_code=00100096&order_time=2022-09-15 HTTP/1.1" 200 431
120.253.135.82 - - [15/Sep/2022:09:05:40 +0800] "GET /xingrg/kc/base/stock_detail.html?m=00102006077 HTTP/1.1" 200 6439
120.253.135.82 - - [15/Sep/2022:09:05:40 +0800] "GET /xingrg/javascript/jquery_easy_ui/easyui-lang-zh_CN.js HTTP/1.1" 200 1900
120.253.135.82 - - [15/Sep/2022:09:05:40 +0800] "GET /xingrg/javascript/jquery_easy_ui/themes/default/images/button_a_bg.gif HTTP/1.1" 200 1194
120.253.135.82 - - [15/Sep/2022:09:05:40 +0800] "GET /xingrg/javascript/jquery_easy_ui/themes/default/images/menu_downarrow.png HTTP/1.1" 200 173
120.253.135.82 - - [15/Sep/2022:09:05:40 +0800] "GET /xingrg/javascript/jquery_easy_ui/themes/default/images/calendar_nextmonth.gif HTTP/1.1" 200 64
120.253.135.82 - - [15/Sep/2022:09:05:40 +0800] "GET /xingrg/javascript/jquery_easy_ui/themes/default/images/calendar_prevmonth.gif HTTP/1.1" 200 66
120.253.135.82 - - [15/Sep/2022:09:05:40 +0800] "GET /xingrg/javascript/jquery_easy_ui/themes/icons/search.png HTTP/1.1" 200 813
120.253.135.82 - - [15/Sep/2022:09:05:40 +0800] "GET /xingrg/javascript/jquery_easy_ui/themes/default/images/button_span_bg.gif HTTP/1.1" 200 2061
120.253.135.82 - - [15/Sep/2022:09:05:40 +0800] "GET /xingrg/javascript/jquery_easy_ui/themes/default/images/menu.gif HTTP/1.1" 200 834
120.253.135.82 - - [15/Sep/2022:09:05:40 +0800] "GET /xingrg/javascript/jquery_easy_ui/themes/icons/print.png HTTP/1.1" 200 1057
120.253.135.82 - - [15/Sep/2022:09:05:40 +0800] "GET /xingrg/javascript/jquery_easy_ui/themes/default/images/calendar_nextyear.gif HTTP/1.1" 200 75
120.253.135.82 - - [15/Sep/2022:09:05:40 +0800] "GET /xingrg/javascript/jquery_easy_ui/themes/default/images/calendar_prevyear.gif HTTP/1.1" 200 76
120.253.135.82 - - [15/Sep/2022:09:05:43 +0800] "GET /xingrg/kc/base/stock_operate.html?_=1663203741398&command=get_report_file&start_day=20220901 HTTP/1.1" 200 53
120.253.135.82 - - [15/Sep/2022:09:05:43 +0800] "GET /xingrg/javascript/calendar/timePicker.css HTTP/1.1" 200 523
120.253.135.82 - - [15/Sep/2022:09:05:43 +0800] "GET /xingrg/javascript/multi_select/jqueryMultiSelect.css HTTP/1.1" 200 951
120.253.135.82 - - [15/Sep/2022:09:05:43 +0800] "GET /xingrg/css/form.css HTTP/1.1" 200 893
120.253.135.82 - - [15/Sep/2022:09:05:43 +0800] "GET /xingrg/javascript/bigrid/fix.css HTTP/1.1" 200 1702
120.253.135.82 - - [15/Sep/2022:09:05:43 +0800] "GET /xingrg/all/report/report_query.html?isQuery=1&onlyBody=1&rh=2000&fileName=kc/base/kc_stock_detail_new.xml&queryString=(1=1)&queryText=&tableQueryString=init_table$sp1$$sp$crk_table$sp1$order_day%20between%2020220901%20and%2020220930&varString=start_day:20220901,materiel_code:00102006077,cost_id:3647,end_date:20220331 HTTP/1.1" 200 48701
120.253.135.82 - - [15/Sep/2022:09:05:43 +0800] "GET /xingrg/javascript/jqueryMultiSelect.js HTTP/1.1" 200 11866
120.253.135.82 - - [15/Sep/2022:09:05:43 +0800] "GET /xingrg/dwr/interface/AjaxReportQueryService.js HTTP/1.1" 200 13203
120.253.135.82 - - [15/Sep/2022:09:05:43 +0800] "GET /xingrg/javascript/bigrid/fix.js HTTP/1.1" 200 6439
120.253.135.82 - - [15/Sep/2022:09:05:43 +0800] "GET /xingrg/dwr/engine.js HTTP/1.1" 200 43631
120.253.135.82 - - [15/Sep/2022:09:05:43 +0800] "GET /xingrg/javascript/calendar/jquery.timePicker.min.js HTTP/1.1" 200 2997
120.253.135.82 - - [15/Sep/2022:09:05:43 +0800] "GET /xingrg/images/blue/button/advance2over.gif HTTP/1.1" 200 1336
120.253.135.82 - - [15/Sep/2022:09:05:43 +0800] "GET /xingrg/images/blue/button/advanceover.gif HTTP/1.1" 200 1347
120.253.135.82 - - [15/Sep/2022:09:05:43 +0800] "GET /xingrg/images/blue/button/back2over.gif HTTP/1.1" 200 1335
120.253.135.82 - - [15/Sep/2022:09:05:43 +0800] "GET /xingrg/javascript/jquery_easy_ui/themes/icons/help.png HTTP/1.1" 200 1187
120.253.135.82 - - [15/Sep/2022:09:05:43 +0800] "GET /xingrg/images/blue/button/backover.gif HTTP/1.1" 200 1348
120.253.135.82 - - [15/Sep/2022:09:05:43 +0800] "GET /xingrg/images/control/loading.gif HTTP/1.1" 200 13463
120.253.135.82 - - [15/Sep/2022:09:05:44 +0800] "POST /xingrg/all/report/load_report_page.html HTTP/1.1" 200 25072
120.253.135.82 - - [15/Sep/2022:09:05:44 +0800] "GET /xingrg/servlets/image?cache=0.48481691288391326&image=px HTTP/1.1" 200 807
116.224.255.128 - - [15/Sep/2022:09:05:49 +0800] "GET /xingrg/kc/buy/cgsh_order_operate.html?command=get_materiel&rest_code=00150&code=00101006065&supplier_code=00100096&order_time=2022-09-15 HTTP/1.1" 200 409
222.70.246.221 - - [15/Sep/2022:09:05:55 +0800] "GET /xingrg/all/function/internal_message.html?_=1663203966373&CODE_STATE=getMsg HTTP/1.1" 200 27
116.224.255.128 - - [15/Sep/2022:09:05:58 +0800] "GET /xingrg/kc/buy/cgsh_order_operate.html?command=get_materiel&rest_code=00150&code=00101006055&supplier_code=00100096&order_time=2022-09-15 HTTP/1.1" 200 411
180.169.147.146 - - [15/Sep/2022:09:05:59 +0800] "GET /xingrg/check_reg.html?_=1663203957580 HTTP/1.1" 200 22
180.169.147.146 - - [15/Sep/2022:09:05:59 +0800] "GET /xingrg/all/function/internal_message.html?_=1663203957583&CODE_STATE=getMsg HTTP/1.1" 200 27
124.79.74.72 - - [15/Sep/2022:09:06:05 +0800] "GET /xingrg/all/function/internal_message.html?_=1663203959828&CODE_STATE=getMsg HTTP/1.1" 200 27
116.224.255.128 - - [15/Sep/2022:09:06:10 +0800] "GET /xingrg/kc/buy/cgsh_order_operate.html?command=get_materiel&rest_code=00150&code=00101010711&supplier_code=00100096&order_time=2022-09-15 HTTP/1.1" 200 408
114.83.219.57 - - [15/Sep/2022:09:06:11 +0800] "GET /xingrg/all/function/internal_message.html?_=1663204052767&CODE_STATE=getMsg HTTP/1.1" 200 27
116.224.255.128 - - [15/Sep/2022:09:06:12 +0800] "GET /xingrg/all/function/internal_message.html?_=1663203907461&CODE_STATE=getMsg HTTP/1.1" 200 27
116.224.255.128 - - [15/Sep/2022:09:06:20 +0800] "GET /xingrg/kc/buy/cgsh_order_operate.html?command=get_materiel&rest_code=00150&code=00101007067&supplier_code=00100096&order_time=2022-09-15 HTTP/1.1" 200 411
120.253.135.82 - - [15/Sep/2022:09:06:22 +0800] "GET /xingrg/check_reg.html?_=1663203780629 HTTP/1.1" 200 22
120.253.135.82 - - [15/Sep/2022:09:06:23 +0800] "GET /xingrg/all/function/internal_message.html?_=1663203781394&CODE_STATE=getMsg HTTP/1.1" 200 27
116.224.255.128 - - [15/Sep/2022:09:06:31 +0800] "GET /xingrg/all/function/internal_message.html?_=1663203990156&CODE_STATE=getMsg HTTP/1.1" 200 27
120.253.135.82 - - [15/Sep/2022:09:06:32 +0800] "GET /xingrg/kc/pszx/mdqp_order_list.html?state=10 HTTP/1.1" 200 10217
120.253.135.82 - - [15/Sep/2022:09:06:32 +0800] "GET /xingrg/dwr/interface/AjaxQqpsService.js HTTP/1.1" 200 16326
120.253.135.82 - - [15/Sep/2022:09:06:32 +0800] "GET /xingrg/dwr/interface/AjaxReportQueryService.js HTTP/1.1" 200 13203
120.253.135.82 - - [15/Sep/2022:09:06:32 +0800] "GET /xingrg/dwr/engine.js HTTP/1.1" 200 43631
116.224.255.128 - - [15/Sep/2022:09:06:39 +0800] "GET /xingrg/kc/buy/cgsh_order_operate.html?command=get_materiel&rest_code=00150&code=00101007081&supplier_code=00100096&order_time=2022-09-15 HTTP/1.1" 200 415
120.253.135.82 - - [15/Sep/2022:09:06:45 +0800] "GET /xingrg/kc/pszx/mdqp_order_list.html?state=10 HTTP/1.1" 200 10217
120.253.135.82 - - [15/Sep/2022:09:06:45 +0800] "GET /xingrg/dwr/interface/AjaxReportQueryService.js HTTP/1.1" 200 13203
120.253.135.82 - - [15/Sep/2022:09:06:45 +0800] "GET /xingrg/dwr/interface/AjaxQqpsService.js HTTP/1.1" 200 16326
120.253.135.82 - - [15/Sep/2022:09:06:45 +0800] "GET /xingrg/dwr/engine.js HTTP/1.1" 200 43631
116.224.255.128 - - [15/Sep/2022:09:06:52 +0800] "GET /xingrg/kc/buy/cgsh_order_operate.html?command=get_materiel&rest_code=00150&code=00101007071&supplier_code=00100096&order_time=2022-09-15 HTTP/1.1" 200 417
180.163.28.114 - - [15/Sep/2022:09:06:53 +0800] "GET /xingrg/all/function/internal_message.html?_=1663203059633&CODE_STATE=getMsg HTTP/1.1" 302 -
180.163.28.114 - - [15/Sep/2022:09:06:53 +0800] "GET /xingrg/login.html HTTP/1.1" 200 7641
180.163.28.68 - - [15/Sep/2022:09:06:54 +0800] "GET /xingrg/kc/buy/cgsh_order_info.html?code=212022091505295 HTTP/1.1" 302 -
180.163.28.68 - - [15/Sep/2022:09:06:54 +0800] "GET /xingrg/login.html HTTP/1.1" 200 7641
116.224.255.128 - - [15/Sep/2022:09:06:55 +0800] "GET /xingrg/check_reg.html?_=1663203950572 HTTP/1.1" 200 22
222.70.246.221 - - [15/Sep/2022:09:06:55 +0800] "GET /xingrg/all/function/internal_message.html?_=1663204026402&CODE_STATE=getMsg HTTP/1.1" 200 27
180.169.147.146 - - [15/Sep/2022:09:06:59 +0800] "GET /xingrg/all/function/internal_message.html?_=1663204017599&CODE_STATE=getMsg HTTP/1.1" 200 27
116.224.255.128 - - [15/Sep/2022:09:07:02 +0800] "GET /xingrg/kc/buy/cgsh_order_operate.html?command=get_materiel&rest_code=00150&code=00101007061&supplier_code=00100096&order_time=2022-09-15 HTTP/1.1" 200 411
124.79.74.72 - - [15/Sep/2022:09:07:04 +0800] "GET /xingrg/all/function/internal_message.html?_=1663204019814&CODE_STATE=getMsg HTTP/1.1" 200 27
120.253.135.82 - - [15/Sep/2022:09:07:07 +0800] "GET /xingrg/kc/pszx/mdqp_order_list.html?state=10 HTTP/1.1" 200 10217
120.253.135.82 - - [15/Sep/2022:09:07:07 +0800] "GET /xingrg/dwr/interface/AjaxQqpsService.js HTTP/1.1" 200 16326
120.253.135.82 - - [15/Sep/2022:09:07:07 +0800] "GET /xingrg/dwr/interface/AjaxReportQueryService.js HTTP/1.1" 200 13203
120.253.135.82 - - [15/Sep/2022:09:07:07 +0800] "GET /xingrg/dwr/engine.js HTTP/1.1" 200 43631
114.83.219.57 - - [15/Sep/2022:09:07:11 +0800] "GET /xingrg/all/function/internal_message.html?_=1663204112773&CODE_STATE=getMsg HTTP/1.1" 200 27
116.224.255.128 - - [15/Sep/2022:09:07:12 +0800] "GET /xingrg/all/function/internal_message.html?_=1663203967465&CODE_STATE=getMsg HTTP/1.1" 200 27
116.224.255.128 - - [15/Sep/2022:09:07:17 +0800] "GET /xingrg/kc/buy/cgsh_order_operate.html?command=get_materiel&rest_code=00150&code=00101007049&supplier_code=00100096&order_time=2022-09-15 HTTP/1.1" 200 409
120.253.135.82 - - [15/Sep/2022:09:07:23 +0800] "GET /xingrg/all/function/internal_message.html?_=1663203841406&CODE_STATE=getMsg HTTP/1.1" 200 27
114.83.222.183 - - [15/Sep/2022:09:07:26 +0800] "GET /xingrg/login.html?sysBaseUrl=http%3A%2F%2F180.169.147.146%3A18081%2Fxingrg%2F&costTime=31×tamp=1615347190560 HTTP/1.1" 200 7641
116.224.255.128 - - [15/Sep/2022:09:07:27 +0800] "GET /xingrg/kc/buy/cgsh_order_operate.html?command=get_materiel&rest_code=00150&code=00101007077&supplier_code=00100096&order_time=2022-09-15 HTTP/1.1" 200 415
114.83.222.183 - - [15/Sep/2022:09:07:27 +0800] "GET /favicon.ico HTTP/1.1" 404 -
114.83.222.183 - - [15/Sep/2022:09:07:31 +0800] "POST /xingrg/login.do HTTP/1.1" 302 -
114.83.222.183 - - [15/Sep/2022:09:07:31 +0800] "GET /xingrg/index.html?sysBaseUrl=http%3A%2F%2F180.169.147.146%3A18081%2Fxingrg%2F&costTime=52×tamp=1663204051854 HTTP/1.1" 200 17179
116.224.255.128 - - [15/Sep/2022:09:07:31 +0800] "GET /xingrg/all/function/internal_message.html?_=1663204050172&CODE_STATE=getMsg HTTP/1.1" 200 27
114.83.222.183 - - [15/Sep/2022:09:07:32 +0800] "GET /favicon.ico HTTP/1.1" 404 -
114.83.222.183 - - [15/Sep/2022:09:07:32 +0800] "POST /xingrg/all/common/load_tree.html?tree=area_rest_tree_json&manage=1 HTTP/1.1" 200 351
114.83.222.183 - - [15/Sep/2022:09:07:32 +0800] "POST /xingrg/load_menu.html HTTP/1.1" 200 5138
114.83.222.183 - - [15/Sep/2022:09:07:32 +0800] "GET /xingrg/all/function/internal_message.html?_=1663204047218&CODE_STATE=count HTTP/1.1" 200 11
114.83.222.183 - - [15/Sep/2022:09:07:32 +0800] "GET /xingrg/check_reg.html?_=1663204047221 HTTP/1.1" 200 22
114.83.222.183 - - [15/Sep/2022:09:07:40 +0800] "GET /xingrg/kc/buy/cgsh_order_list.html HTTP/1.1" 200 52901
114.83.222.183 - - [15/Sep/2022:09:07:42 +0800] "POST /xingrg/kc/buy/cgsh_list_operate.html HTTP/1.1" 200 928
114.83.222.183 - - [15/Sep/2022:09:07:46 +0800] "GET /xingrg/kc/buy/cgsh_order_add.html HTTP/1.1" 200 68765
114.83.222.183 - - [15/Sep/2022:09:07:46 +0800] "GET /xingrg/words/20220914115425_words.js HTTP/1.1" 304 -
114.83.222.183 - - [15/Sep/2022:09:07:47 +0800] "POST /xingrg/kc/buy/cgsh_order_operate.html HTTP/1.1" 200 8245
114.83.222.183 - - [15/Sep/2022:09:07:47 +0800] "GET /xingrg/all/common/auto_word.html?type=employee&rest_code=00149 HTTP/1.1" 200 197
114.83.222.183 - - [15/Sep/2022:09:07:47 +0800] "GET /xingrg/all/common/auto_word.html?type=employee&rest_code=00149 HTTP/1.1" 200 197
114.83.222.183 - - [15/Sep/2022:09:07:47 +0800] "GET /xingrg/javascript/easyui/themes/default/validatebox.css HTTP/1.1" 404 1104
114.83.222.183 - - [15/Sep/2022:09:07:49 +0800] "GET /xingrg/javascript/auto/indicator.gif HTTP/1.1" 404 1066
114.83.222.183 - - [15/Sep/2022:09:07:50 +0800] "GET /xingrg/javascript/jquery_tools/images/prev.gif HTTP/1.1" 404 1086
114.83.222.183 - - [15/Sep/2022:09:07:50 +0800] "GET /xingrg/javascript/jquery_tools/images/next.gif HTTP/1.1" 404 1086
222.70.246.221 - - [15/Sep/2022:09:07:55 +0800] "GET /xingrg/all/function/internal_message.html?_=1663204086417&CODE_STATE=getMsg HTTP/1.1" 200 27
114.83.222.183 - - [15/Sep/2022:09:07:57 +0800] "GET /xingrg/kc/buy/cgsh_order_operate.html?command=get_materiel&rest_code=00149&code=00101008261&supplier_code=00100008&order_time=2022-09-15 HTTP/1.1" 200 408
124.78.154.55 - - [15/Sep/2022:09:07:59 +0800] "GET /xingrg/login.html HTTP/1.1" 200 7641
180.169.147.146 - - [15/Sep/2022:09:07:59 +0800] "GET /xingrg/all/function/internal_message.html?_=1663204077598&CODE_STATE=getMsg HTTP/1.1" 200 27
124.78.154.55 - - [15/Sep/2022:09:08:00 +0800] "GET /favicon.ico HTTP/1.1" 404 -
124.78.154.55 - - [15/Sep/2022:09:08:01 +0800] "POST /xingrg/login.do HTTP/1.1" 302 -
124.78.154.55 - - [15/Sep/2022:09:08:01 +0800] "GET /xingrg/index.html?sysBaseUrl=http%3A%2F%2F180.169.147.146%3A18081%2Fxingrg%2F&costTime=39×tamp=1663204081512 HTTP/1.1" 200 17173
124.78.154.55 - - [15/Sep/2022:09:08:01 +0800] "GET /favicon.ico HTTP/1.1" 404 -
124.78.154.55 - - [15/Sep/2022:09:08:01 +0800] "POST /xingrg/all/common/load_tree.html?tree=area_rest_tree_json&manage=1 HTTP/1.1" 200 342
124.78.154.55 - - [15/Sep/2022:09:08:02 +0800] "POST /xingrg/load_menu.html HTTP/1.1" 200 5138
124.78.154.55 - - [15/Sep/2022:09:08:02 +0800] "GET /xingrg/all/function/internal_message.html?_=1663204078036&CODE_STATE=count HTTP/1.1" 200 11
124.78.154.55 - - [15/Sep/2022:09:08:02 +0800] "GET /xingrg/check_reg.html?_=1663204078036 HTTP/1.1" 200 22
124.78.154.55 - - [15/Sep/2022:09:08:03 +0800] "GET /xingrg/kc/buy/buy_main.html HTTP/1.1" 200 12412
124.78.154.55 - - [15/Sep/2022:09:08:03 +0800] "GET /xingrg/css/new_ie.css HTTP/1.1" 404 1036
124.78.154.55 - - [15/Sep/2022:09:08:04 +0800] "GET /xingrg/images/yd/bt.gif HTTP/1.1" 404 1040
124.78.154.55 - - [15/Sep/2022:09:08:04 +0800] "GET /xingrg/kc/buy/cgsh_order_list.html HTTP/1.1" 200 52895
124.79.74.72 - - [15/Sep/2022:09:08:04 +0800] "GET /xingrg/all/function/internal_message.html?_=1663204079816&CODE_STATE=getMsg HTTP/1.1" 200 27
124.79.74.72 - - [15/Sep/2022:09:08:05 +0800] "GET /xingrg/check_reg.html?_=1663204079817 HTTP/1.1" 200 22
116.224.255.128 - - [15/Sep/2022:09:08:07 +0800] "POST /xingrg/kc/buy/cgsh_order_operate.html HTTP/1.1" 200 37
124.78.154.55 - - [15/Sep/2022:09:08:07 +0800] "GET /xingrg/kc/mdqp/qp_main.html HTTP/1.1" 200 10633
124.78.154.55 - - [15/Sep/2022:09:08:07 +0800] "GET /xingrg/kc/buy/buy_main.html HTTP/1.1" 200 12412
124.78.154.55 - - [15/Sep/2022:09:08:07 +0800] "POST /xingrg/kc/buy/cgsh_list_operate.html HTTP/1.1" 200 928
124.78.154.55 - - [15/Sep/2022:09:08:07 +0800] "GET /xingrg/css/new_ie.css HTTP/1.1" 404 1036
114.83.222.183 - - [15/Sep/2022:09:08:07 +0800] "GET /xingrg/kc/buy/cgsh_order_operate.html?command=get_materiel&rest_code=00149&code=00101008072&supplier_code=00100008&order_time=2022-09-15 HTTP/1.1" 200 408
124.78.154.55 - - [15/Sep/2022:09:08:09 +0800] "GET /xingrg/kc/mdqp/qp_main.html HTTP/1.1" 200 10633
124.78.154.55 - - [15/Sep/2022:09:08:09 +0800] "GET /xingrg/images/yd/bt.gif HTTP/1.1" 404 1040
124.78.154.55 - - [15/Sep/2022:09:08:10 +0800] "GET /xingrg/kc/mdqp/qqps_order_list.html HTTP/1.1" 200 9644
124.78.154.55 - - [15/Sep/2022:09:08:10 +0800] "GET /xingrg/dwr/interface/AjaxQqpsService.js HTTP/1.1" 200 16326
124.78.154.55 - - [15/Sep/2022:09:08:10 +0800] "GET /xingrg/dwr/interface/AjaxReportQueryService.js HTTP/1.1" 200 13203
124.78.154.55 - - [15/Sep/2022:09:08:10 +0800] "GET /xingrg/dwr/engine.js HTTP/1.1" 200 43631
116.224.255.128 - - [15/Sep/2022:09:08:10 +0800] "POST /xingrg/kc/buy/cgsh_order_operate.html HTTP/1.1" 200 12
114.83.219.57 - - [15/Sep/2022:09:08:11 +0800] "GET /xingrg/all/function/internal_message.html?_=1663204172761&CODE_STATE=getMsg HTTP/1.1" 200 27
116.224.255.128 - - [15/Sep/2022:09:08:11 +0800] "GET /xingrg/kc/buy/cgsh_order_info.html?code=212022091505297 HTTP/1.1" 200 63570
116.224.255.128 - - [15/Sep/2022:09:08:12 +0800] "GET /xingrg/all/function/internal_message.html?_=1663204027478&CODE_STATE=getMsg HTTP/1.1" 200 27
116.224.255.128 - - [15/Sep/2022:09:08:12 +0800] "GET /xingrg/javascript/easyui/themes/default/validatebox.css HTTP/1.1" 404 1104
124.78.154.55 - - [15/Sep/2022:09:08:12 +0800] "GET /xingrg/kc/mdqp/qqps_order_info.html?code=302022091500283 HTTP/1.1" 200 28400
124.78.154.55 - - [15/Sep/2022:09:08:12 +0800] "GET /xingrg/dwr/interface/AjaxQqpsService.js HTTP/1.1" 200 16326
124.78.154.55 - - [15/Sep/2022:09:08:12 +0800] "GET /xingrg/dwr/engine.js HTTP/1.1" 200 43631
124.78.154.55 - - [15/Sep/2022:09:08:12 +0800] "GET /xingrg/dwr/interface/AjaxComOrderService.js HTTP/1.1" 200 18264
116.224.255.128 - - [15/Sep/2022:09:08:12 +0800] "POST /xingrg/kc/buy/cgsh_order_operate.html HTTP/1.1" 200 7711
124.78.154.55 - - [15/Sep/2022:09:08:13 +0800] "POST /xingrg/dwr/call/plaincall/AjaxQqpsService.loadMaterielItems.dwr HTTP/1.1" 200 1847
116.224.255.128 - - [15/Sep/2022:09:08:15 +0800] "GET /xingrg/kc/print/load_config.html?kc_code=cgsh HTTP/1.1" 200 1943
116.224.255.128 - - [15/Sep/2022:09:08:15 +0800] "GET /xingrg/kc/print/load_data.html?order_code=212022091505297&kc_code=cgsh&condition= HTTP/1.1" 200 3379
124.78.154.55 - - [15/Sep/2022:09:08:16 +0800] "GET /xingrg/javascript/auto/indicator.gif HTTP/1.1" 404 1066
114.83.222.183 - - [15/Sep/2022:09:08:17 +0800] "GET /xingrg/kc/buy/cgsh_order_operate.html?command=get_materiel&rest_code=00149&code=00101008331&supplier_code=00100008&order_time=2022-09-15 HTTP/1.1" 200 416
124.78.154.55 - - [15/Sep/2022:09:08:19 +0800] "POST /xingrg/dwr/call/plaincall/AjaxQqpsService.getMaterielByCode.dwr HTTP/1.1" 200 2659
116.224.255.128 - - [15/Sep/2022:09:08:19 +0800] "GET /xingrg/kc/buy/cgsh_order_add.html HTTP/1.1" 200 68677
116.224.255.128 - - [15/Sep/2022:09:08:20 +0800] "GET /xingrg/javascript/easyui/themes/default/validatebox.css HTTP/1.1" 404 1104
116.224.255.128 - - [15/Sep/2022:09:08:20 +0800] "POST /xingrg/kc/buy/cgsh_order_operate.html HTTP/1.1" 200 8245
120.253.135.82 - - [15/Sep/2022:09:08:23 +0800] "GET /xingrg/all/function/internal_message.html?_=1663203901420&CODE_STATE=getMsg HTTP/1.1" 200 27
124.78.154.55 - - [15/Sep/2022:09:08:29 +0800] "POST /xingrg/dwr/call/plaincall/AjaxQqpsService.saveMaterielItem.dwr HTTP/1.1" 200 78
116.224.255.128 - - [15/Sep/2022:09:08:29 +0800] "GET /xingrg/kc/buy/cgsh_order_operate.html?command=get_materiel&rest_code=00150&code=00101008257&supplier_code=00100008&order_time=2022-09-15 HTTP/1.1" 200 416
114.83.222.183 - - [15/Sep/2022:09:08:31 +0800] "GET /xingrg/kc/buy/cgsh_order_operate.html?command=get_materiel&rest_code=00149&code=00101008350&supplier_code=00100008&order_time=2022-09-15 HTTP/1.1" 200 408
124.78.154.55 - - [15/Sep/2022:09:08:31 +0800] "POST /xingrg/dwr/call/plaincall/AjaxQqpsService.saveOrder.dwr HTTP/1.1" 200 78
116.224.255.128 - - [15/Sep/2022:09:08:31 +0800] "GET /xingrg/all/function/internal_message.html?_=1663204110159&CODE_STATE=getMsg HTTP/1.1" 200 27
114.83.222.183 - - [15/Sep/2022:09:08:32 +0800] "GET /xingrg/all/function/internal_message.html?_=1663204107230&CODE_STATE=getMsg HTTP/1.1" 200 27
116.224.255.128 - - [15/Sep/2022:09:08:38 +0800] "GET /xingrg/kc/buy/cgsh_order_operate.html?command=get_materiel&rest_code=00150&code=00101008337&supplier_code=00100008&order_time=2022-09-15 HTTP/1.1" 200 408
114.83.222.183 - - [15/Sep/2022:09:08:44 +0800] "GET /xingrg/kc/buy/cgsh_order_operate.html?command=get_materiel&rest_code=00149&code=00101008149&supplier_code=00100008&order_time=2022-09-15 HTTP/1.1" 200 408
116.224.255.128 - - [15/Sep/2022:09:08:54 +0800] "GET /xingrg/kc/buy/cgsh_order_operate.html?command=get_materiel&rest_code=00150&code=00101008331&supplier_code=00100008&order_time=2022-09-15 HTTP/1.1" 200 416
222.70.246.221 - - [15/Sep/2022:09:08:55 +0800] "GET /xingrg/all/function/internal_message.html?_=1663204146444&CODE_STATE=getMsg HTTP/1.1" 200 27
114.83.222.183 - - [15/Sep/2022:09:08:59 +0800] "GET /xingrg/kc/buy/cgsh_order_operate.html?command=get_materiel&rest_code=00149&code=00101008028&supplier_code=00100008&order_time=2022-09-15 HTTP/1.1" 200 412
180.169.147.146 - - [15/Sep/2022:09:08:59 +0800] "GET /xingrg/all/function/internal_message.html?_=1663204137574&CODE_STATE=getMsg HTTP/1.1" 200 27
124.78.154.55 - - [15/Sep/2022:09:09:02 +0800] "GET /xingrg/all/function/internal_message.html?_=1663204138042&CODE_STATE=getMsg HTTP/1.1" 200 27
124.79.74.72 - - [15/Sep/2022:09:09:05 +0800] "GET /xingrg/all/function/internal_message.html?_=1663204139817&CODE_STATE=getMsg HTTP/1.1" 200 27
114.83.219.57 - - [15/Sep/2022:09:09:11 +0800] "GET /xingrg/all/function/internal_message.html?_=1663204232773&CODE_STATE=getMsg HTTP/1.1" 200 27
114.83.219.57 - - [15/Sep/2022:09:09:11 +0800] "GET /xingrg/check_reg.html?_=1663204232774 HTTP/1.1" 200 22
116.224.255.128 - - [15/Sep/2022:09:09:12 +0800] "GET /xingrg/all/function/internal_message.html?_=1663204087507&CODE_STATE=getMsg HTTP/1.1" 200 27
114.83.222.183 - - [15/Sep/2022:09:09:16 +0800] "GET /xingrg/kc/buy/cgsh_order_operate.html?command=get_materiel&rest_code=00149&code=00101008351&supplier_code=00100008&order_time=2022-09-15 HTTP/1.1" 200 408
116.238.169.132 - - [15/Sep/2022:09:09:22 +0800] "GET /xingrg/check_reg.html?_=1663204160856 HTTP/1.1" 302 -
120.253.135.82 - - [15/Sep/2022:09:09:23 +0800] "GET /xingrg/all/function/internal_message.html?_=1663203961579&CODE_STATE=getMsg HTTP/1.1" 200 27
116.224.255.128 - - [15/Sep/2022:09:09:24 +0800] "GET /xingrg/kc/buy/cgsh_order_operate.html?command=get_materiel&rest_code=00150&code=00101008350&supplier_code=00100008&order_time=2022-09-15 HTTP/1.1" 200 408
114.83.222.183 - - [15/Sep/2022:09:09:25 +0800] "GET /xingrg/kc/buy/cgsh_order_operate.html?command=get_materiel&rest_code=00149&code=00101008190&supplier_code=00100008&order_time=2022-09-15 HTTP/1.1" 200 412
116.224.255.128 - - [15/Sep/2022:09:09:31 +0800] "GET /xingrg/check_reg.html?_=1663204170124 HTTP/1.1" 200 22
116.224.255.128 - - [15/Sep/2022:09:09:31 +0800] "GET /xingrg/all/function/internal_message.html?_=1663204170139&CODE_STATE=getMsg HTTP/1.1" 200 27
114.83.222.183 - - [15/Sep/2022:09:09:32 +0800] "GET /xingrg/all/function/internal_message.html?_=1663204167240&CODE_STATE=getMsg HTTP/1.1" 200 27
114.83.222.183 - - [15/Sep/2022:09:09:36 +0800] "GET /xingrg/kc/buy/cgsh_order_operate.html?command=get_materiel&rest_code=00149&code=00101008439&supplier_code=00100008&order_time=2022-09-15 HTTP/1.1" 200 412
222.70.246.221 - - [15/Sep/2022:09:09:43 +0800] "GET /xingrg/check_reg.html?_=1663204194354 HTTP/1.1" 200 22
114.83.222.183 - - [15/Sep/2022:09:09:47 +0800] "GET /xingrg/kc/buy/cgsh_order_operate.html?command=get_materiel&rest_code=00149&code=00101008077&supplier_code=00100008&order_time=2022-09-15 HTTP/1.1" 200 416
116.224.255.128 - - [15/Sep/2022:09:09:50 +0800] "GET /xingrg/kc/buy/cgsh_order_operate.html?command=get_materiel&rest_code=00150&code=00101008149&supplier_code=00100008&order_time=2022-09-15 HTTP/1.1" 200 408
222.70.246.221 - - [15/Sep/2022:09:09:55 +0800] "GET /xingrg/all/function/internal_message.html?_=1663204206460&CODE_STATE=getMsg HTTP/1.1" 200 27
114.83.222.183 - - [15/Sep/2022:09:09:58 +0800] "GET /xingrg/kc/buy/cgsh_order_operate.html?command=get_materiel&rest_code=00149&code=00101008223&supplier_code=00100008&order_time=2022-09-15 HTTP/1.1" 200 412
116.224.255.128 - - [15/Sep/2022:09:09:59 +0800] "GET /xingrg/kc/buy/cgsh_order_operate.html?command=get_materiel&rest_code=00150&code=00101008314&supplier_code=00100008&order_time=2022-09-15 HTTP/1.1" 200 413
180.169.147.146 - - [15/Sep/2022:09:09:59 +0800] "GET /xingrg/all/function/internal_message.html?_=1663204197585&CODE_STATE=getMsg HTTP/1.1" 200 27
124.78.154.55 - - [15/Sep/2022:09:10:01 +0800] "GET /xingrg/all/function/internal_message.html?_=1663204198041&CODE_STATE=getMsg HTTP/1.1" 200 27
124.79.74.72 - - [15/Sep/2022:09:10:05 +0800] "GET /xingrg/all/function/internal_message.html?_=1663204199822&CODE_STATE=getMsg HTTP/1.1" 200 27
114.83.222.183 - - [15/Sep/2022:09:10:06 +0800] "GET /xingrg/kc/buy/cgsh_order_operate.html?command=get_materiel&rest_code=00149&code=00101008069&supplier_code=00100008&order_time=2022-09-15 HTTP/1.1" 200 412
116.224.255.128 - - [15/Sep/2022:09:10:08 +0800] "GET /xingrg/kc/buy/cgsh_order_operate.html?command=get_materiel&rest_code=00150&code=00101008612&supplier_code=00100008&order_time=2022-09-15 HTTP/1.1" 200 420
114.83.219.57 - - [15/Sep/2022:09:10:11 +0800] "GET /xingrg/all/function/internal_message.html?_=1663204292762&CODE_STATE=getMsg HTTP/1.1" 200 27
116.224.255.128 - - [15/Sep/2022:09:10:12 +0800] "GET /xingrg/all/function/internal_message.html?_=1663204147521&CODE_STATE=getMsg HTTP/1.1" 200 27
114.83.222.183 - - [15/Sep/2022:09:10:16 +0800] "GET /xingrg/kc/buy/cgsh_order_operate.html?command=get_materiel&rest_code=00149&code=00101008318&supplier_code=00100008&order_time=2022-09-15 HTTP/1.1" 200 408
116.224.255.128 - - [15/Sep/2022:09:10:20 +0800] "GET /xingrg/kc/buy/cgsh_order_operate.html?command=get_materiel&rest_code=00150&code=00101008308&supplier_code=00100008&order_time=2022-09-15 HTTP/1.1" 200 420
120.253.135.82 - - [15/Sep/2022:09:10:23 +0800] "GET /xingrg/all/function/internal_message.html?_=1663204021588&CODE_STATE=getMsg HTTP/1.1" 200 27
116.224.255.128 - - [15/Sep/2022:09:10:30 +0800] "GET /xingrg/kc/buy/cgsh_order_operate.html?command=get_materiel&rest_code=00150&code=00101008096&supplier_code=00100008&order_time=2022-09-15 HTTP/1.1" 200 412
116.224.255.128 - - [15/Sep/2022:09:10:31 +0800] "GET /xingrg/all/function/internal_message.html?_=1663204230192&CODE_STATE=getMsg HTTP/1.1" 200 27
114.83.222.183 - - [15/Sep/2022:09:10:32 +0800] "GET /xingrg/all/function/internal_message.html?_=1663204227246&CODE_STATE=getMsg HTTP/1.1" 200 27
114.83.222.183 - - [15/Sep/2022:09:10:35 +0800] "GET /xingrg/kc/buy/cgsh_order_operate.html?command=get_materiel&rest_code=00149&code=00101008352&supplier_code=00100008&order_time=2022-09-15 HTTP/1.1" 200 412
116.224.255.128 - - [15/Sep/2022:09:10:37 +0800] "GET /xingrg/kc/buy/cgsh_order_operate.html?command=get_materiel&rest_code=00150&code=00101008038&supplier_code=00100008&order_time=2022-09-15 HTTP/1.1" 200 412
116.224.255.128 - - [15/Sep/2022:09:10:44 +0800] "GET /xingrg/kc/buy/cgsh_order_operate.html?command=get_materiel&rest_code=00150&code=00101008221&supplier_code=00100008&order_time=2022-09-15 HTTP/1.1" 200 412
114.83.222.183 - - [15/Sep/2022:09:10:47 +0800] "GET /xingrg/kc/buy/cgsh_order_operate.html?command=get_materiel&rest_code=00149&code=00101008005&supplier_code=00100008&order_time=2022-09-15 HTTP/1.1" 200 412
116.224.255.128 - - [15/Sep/2022:09:10:49 +0800] "GET /xingrg/kc/buy/cgsh_order_operate.html?command=get_materiel&rest_code=00150&code=00101008163&supplier_code=00100008&order_time=2022-09-15 HTTP/1.1" 200 409
222.70.246.221 - - [15/Sep/2022:09:10:55 +0800] "GET /xingrg/all/function/internal_message.html?_=1663204266473&CODE_STATE=getMsg HTTP/1.1" 200 27
116.224.255.128 - - [15/Sep/2022:09:10:58 +0800] "GET /xingrg/kc/buy/cgsh_order_operate.html?command=get_materiel&rest_code=00150&code=00101008126&supplier_code=00100008&order_time=2022-09-15 HTTP/1.1" 200 412
114.83.222.183 - - [15/Sep/2022:09:10:59 +0800] "GET /xingrg/kc/buy/cgsh_order_operate.html?command=get_materiel&rest_code=00149&code=00101008353&supplier_code=00100008&order_time=2022-09-15 HTTP/1.1" 200 408
180.169.147.146 - - [15/Sep/2022:09:10:59 +0800] "GET /xingrg/check_reg.html?_=1663204257590 HTTP/1.1" 200 22
180.169.147.146 - - [15/Sep/2022:09:10:59 +0800] "GET /xingrg/all/function/internal_message.html?_=1663204257597&CODE_STATE=getMsg HTTP/1.1" 200 27
124.78.154.55 - - [15/Sep/2022:09:11:01 +0800] "GET /xingrg/all/function/internal_message.html?_=1663204258040&CODE_STATE=getMsg HTTP/1.1" 200 27
124.79.74.72 - - [15/Sep/2022:09:11:05 +0800] "GET /xingrg/all/function/internal_message.html?_=1663204259823&CODE_STATE=getMsg HTTP/1.1" 200 27
116.224.255.128 - - [15/Sep/2022:09:11:08 +0800] "GET /xingrg/kc/buy/cgsh_order_operate.html?command=get_materiel&rest_code=00150&code=00101008361&supplier_code=00100008&order_time=2022-09-15 HTTP/1.1" 200 408
114.83.219.57 - - [15/Sep/2022:09:11:11 +0800] "GET /xingrg/all/function/internal_message.html?_=1663204352772&CODE_STATE=getMsg HTTP/1.1" 200 27
116.224.255.128 - - [15/Sep/2022:09:11:12 +0800] "GET /xingrg/all/function/internal_message.html?_=1663204207548&CODE_STATE=getMsg HTTP/1.1" 200 27
114.83.222.183 - - [15/Sep/2022:09:11:16 +0800] "GET /xingrg/kc/buy/cgsh_order_operate.html?command=get_materiel&rest_code=00149&code=00101008213&supplier_code=00100008&order_time=2022-09-15 HTTP/1.1" 200 412
116.224.255.128 - - [15/Sep/2022:09:11:20 +0800] "GET /xingrg/kc/buy/cgsh_order_operate.html?command=get_materiel&rest_code=00150&code=00101008004&supplier_code=00100008&order_time=2022-09-15 HTTP/1.1" 200 416
120.253.135.82 - - [15/Sep/2022:09:11:22 +0800] "GET /xingrg/check_reg.html?_=1663204080799 HTTP/1.1" 200 22
120.253.135.82 - - [15/Sep/2022:09:11:23 +0800] "GET /xingrg/all/function/internal_message.html?_=1663204081601&CODE_STATE=getMsg HTTP/1.1" 200 27
114.83.222.183 - - [15/Sep/2022:09:11:26 +0800] "GET /xingrg/kc/buy/cgsh_order_operate.html?command=get_materiel&rest_code=00149&code=00101008330&supplier_code=00100008&order_time=2022-09-15 HTTP/1.1" 200 409
116.224.255.128 - - [15/Sep/2022:09:11:29 +0800] "GET /xingrg/kc/buy/cgsh_order_operate.html?command=get_materiel&rest_code=00150&code=00101008372&supplier_code=00100008&order_time=2022-09-15 HTTP/1.1" 200 408
116.224.255.128 - - [15/Sep/2022:09:11:31 +0800] "GET /xingrg/all/function/internal_message.html?_=1663204290177&CODE_STATE=getMsg HTTP/1.1" 200 27
114.83.222.183 - - [15/Sep/2022:09:11:32 +0800] "GET /xingrg/all/function/internal_message.html?_=1663204287240&CODE_STATE=getMsg HTTP/1.1" 200 27
116.224.255.128 - - [15/Sep/2022:09:11:38 +0800] "GET /xingrg/kc/buy/cgsh_order_operate.html?command=get_materiel&rest_code=00150&code=00101008024&supplier_code=00100008&order_time=2022-09-15 HTTP/1.1" 200 408
114.83.222.183 - - [15/Sep/2022:09:11:44 +0800] "POST /xingrg/kc/buy/cgsh_order_operate.html HTTP/1.1" 200 2065
116.224.255.128 - - [15/Sep/2022:09:11:44 +0800] "POST /xingrg/kc/buy/cgsh_order_operate.html HTTP/1.1" 200 37
180.163.28.68 - - [15/Sep/2022:09:11:45 +0800] "GET /xingrg/kc/buy/cgsh_order_operate.html?command=get_materiel&rest_code=00106&code=00101008108&supplier_code=00100007&order_time=2022-09-15 HTTP/1.1" 302 -
180.163.28.68 - - [15/Sep/2022:09:11:45 +0800] "GET /xingrg/login.html HTTP/1.1" 200 7641
116.224.255.128 - - [15/Sep/2022:09:11:46 +0800] "POST /xingrg/kc/buy/cgsh_order_operate.html HTTP/1.1" 200 13912
114.83.222.183 - - [15/Sep/2022:09:11:49 +0800] "GET /xingrg/kc/buy/cgsh_order_operate.html?command=get_materiel&rest_code=00149&code=00101008219&supplier_code=00100008&order_time=2022-09-15 HTTP/1.1" 200 412
116.224.255.128 - - [15/Sep/2022:09:11:55 +0800] "GET /xingrg/check_reg.html?_=1663204250575 HTTP/1.1" 200 22
222.70.246.221 - - [15/Sep/2022:09:11:55 +0800] "GET /xingrg/all/function/internal_message.html?_=1663204326499&CODE_STATE=getMsg HTTP/1.1" 200 27
180.169.147.146 - - [15/Sep/2022:09:11:59 +0800] "GET /xingrg/all/function/internal_message.html?_=1663204317594&CODE_STATE=getMsg HTTP/1.1" 200 27
124.78.154.55 - - [15/Sep/2022:09:12:01 +0800] "GET /xingrg/all/function/internal_message.html?_=1663204318044&CODE_STATE=getMsg HTTP/1.1" 200 27
114.83.222.183 - - [15/Sep/2022:09:12:02 +0800] "GET /xingrg/kc/buy/cgsh_order_operate.html?command=get_materiel&rest_code=00149&code=00101008024&supplier_code=00100008&order_time=2022-09-15 HTTP/1.1" 200 408
124.79.74.72 - - [15/Sep/2022:09:12:05 +0800] "GET /xingrg/all/function/internal_message.html?_=1663204319826&CODE_STATE=getMsg HTTP/1.1" 200 27
114.83.219.57 - - [15/Sep/2022:09:12:11 +0800] "GET /xingrg/all/function/internal_message.html?_=1663204412766&CODE_STATE=getMsg HTTP/1.1" 200 27
116.224.255.128 - - [15/Sep/2022:09:12:12 +0800] "GET /xingrg/all/function/internal_message.html?_=1663204267564&CODE_STATE=getMsg HTTP/1.1" 200 27
114.83.222.183 - - [15/Sep/2022:09:12:18 +0800] "GET /xingrg/kc/buy/cgsh_order_operate.html?command=get_materiel&rest_code=00149&code=00101008312&supplier_code=00100008&order_time=2022-09-15 HTTP/1.1" 200 412
180.163.30.76 - - [15/Sep/2022:09:12:21 +0800] "GET /xingrg/all/function/internal_message.html?_=1663202579618&CODE_STATE=getMsg HTTP/1.1" 302 -
180.163.30.76 - - [15/Sep/2022:09:12:22 +0800] "GET /xingrg/login.html HTTP/1.1" 200 7641
120.253.135.82 - - [15/Sep/2022:09:12:23 +0800] "GET /xingrg/all/function/internal_message.html?_=1663204141615&CODE_STATE=getMsg HTTP/1.1" 200 27
114.83.222.183 - - [15/Sep/2022:09:12:27 +0800] "POST /xingrg/services/DataTransmitService HTTP/1.1" 200 524
116.224.255.128 - - [15/Sep/2022:09:12:28 +0800] "GET /xingrg/kc/buy/cgsh_order_operate.html?command=get_materiel&rest_code=00150&code=00101008300&supplier_code=00100008&order_time=2022-09-15 HTTP/1.1" 200 412
114.83.222.183 - - [15/Sep/2022:09:12:30 +0800] "GET /xingrg/kc/buy/cgsh_order_operate.html?command=get_materiel&rest_code=00149&code=00101008101&supplier_code=00100008&order_time=2022-09-15 HTTP/1.1" 200 412
116.224.255.128 - - [15/Sep/2022:09:12:31 +0800] "GET /xingrg/all/function/internal_message.html?_=1663204350153&CODE_STATE=getMsg HTTP/1.1" 200 27
114.83.222.183 - - [15/Sep/2022:09:12:32 +0800] "GET /xingrg/check_reg.html?_=1663204347257 HTTP/1.1" 200 22
114.83.222.183 - - [15/Sep/2022:09:12:32 +0800] "GET /xingrg/all/function/internal_message.html?_=1663204347258&CODE_STATE=getMsg HTTP/1.1" 200 27
116.224.255.128 - - [15/Sep/2022:09:12:40 +0800] "GET /xingrg/kc/buy/cgsh_order_operate.html?command=get_materiel&rest_code=00150&code=00101009155&supplier_code=00100008&order_time=2022-09-15 HTTP/1.1" 200 402
114.83.222.183 - - [15/Sep/2022:09:12:43 +0800] "POST /xingrg/kc/buy/cgsh_order_operate.html HTTP/1.1" 200 37
116.224.255.128 - - [15/Sep/2022:09:12:49 +0800] "GET /xingrg/kc/buy/cgsh_order_operate.html?command=get_materiel&rest_code=00150&code=00101008244&supplier_code=00100008&order_time=2022-09-15 HTTP/1.1" 200 408
114.83.222.183 - - [15/Sep/2022:09:12:50 +0800] "POST /xingrg/kc/buy/cgsh_order_operate.html HTTP/1.1" 200 12
222.70.246.221 - - [15/Sep/2022:09:12:55 +0800] "GET /xingrg/all/function/internal_message.html?_=1663204386516&CODE_STATE=getMsg HTTP/1.1" 200 27
114.83.222.183 - - [15/Sep/2022:09:12:56 +0800] "GET /xingrg/kc/buy/cgsh_order_info.html?code=212022091505299 HTTP/1.1" 200 63668
114.83.222.183 - - [15/Sep/2022:09:12:56 +0800] "GET /xingrg/javascript/easyui/themes/default/validatebox.css HTTP/1.1" 404 1104
114.83.222.183 - - [15/Sep/2022:09:12:57 +0800] "POST /xingrg/kc/buy/cgsh_order_operate.html HTTP/1.1" 200 13610
180.169.147.146 - - [15/Sep/2022:09:12:59 +0800] "GET /xingrg/all/function/internal_message.html?_=1663204377593&CODE_STATE=getMsg HTTP/1.1" 200 27
114.83.222.183 - - [15/Sep/2022:09:13:01 +0800] "GET /xingrg/kc/print/load_config.html?kc_code=cgsh HTTP/1.1" 200 1943
