116.224.255.128 - - [15/Sep/2022:10:47:14 +0800] "GET /xingrg/all/function/internal_message.html?_=1663209969369&CODE_STATE=getMsg HTTP/1.1" 200 27
114.84.81.136 - - [15/Sep/2022:10:47:15 +0800] "GET /xingrg/all/function/internal_message.html?_=1663210032196&CODE_STATE=getMsg HTTP/1.1" 200 27
101.85.93.113 - - [15/Sep/2022:10:47:18 +0800] "GET /xingrg/all/function/internal_message.html?_=1663210036176&CODE_STATE=getMsg HTTP/1.1" 200 27
180.169.147.146 - - [15/Sep/2022:10:47:36 +0800] "GET /xingrg/kc/buy/cgsh_order_operate.html?command=get_materiel&rest_code=00147&code=00101010248&supplier_code=00100242&order_time=2022-09-15 HTTP/1.1" 200 451
222.70.246.221 - - [15/Sep/2022:10:47:38 +0800] "GET /xingrg/kc/buy/cgsh_order_operate.html?command=get_materiel&rest_code=00146&code=00101008126&supplier_code=00100005&order_time=2022-09-15 HTTP/1.1" 200 412
180.169.147.146 - - [15/Sep/2022:10:47:44 +0800] "GET /xingrg/all/function/internal_message.html?_=1663210063435&CODE_STATE=getMsg HTTP/1.1" 200 27
116.224.255.128 - - [15/Sep/2022:10:47:45 +0800] "GET /xingrg/all/function/internal_message.html?_=1663210064004&CODE_STATE=getMsg HTTP/1.1" 200 27
180.169.147.146 - - [15/Sep/2022:10:47:48 +0800] "GET /xingrg/all/function/internal_message.html?_=1663210061409&CODE_STATE=getMsg HTTP/1.1" 200 27
116.238.169.132 - - [15/Sep/2022:10:47:49 +0800] "GET /xingrg/all/function/internal_message.html?_=1663210068149&CODE_STATE=getMsg HTTP/1.1" 200 27
114.84.5.35 - - [15/Sep/2022:10:47:51 +0800] "GET /xingrg/all/function/internal_message.html?_=1663210066766&CODE_STATE=getMsg HTTP/1.1" 200 27
114.84.5.35 - - [15/Sep/2022:10:47:51 +0800] "GET /xingrg/check_reg.html?_=1663210066769 HTTP/1.1" 200 22
114.83.222.183 - - [15/Sep/2022:10:47:51 +0800] "GET /xingrg/all/function/internal_message.html?_=1663210066650&CODE_STATE=getMsg HTTP/1.1" 200 27
116.238.169.132 - - [15/Sep/2022:10:47:51 +0800] "GET /xingrg/all/function/internal_message.html?_=1663210066092&CODE_STATE=getMsg HTTP/1.1" 200 27
222.70.246.221 - - [15/Sep/2022:10:47:52 +0800] "GET /xingrg/kc/buy/cgsh_order_operate.html?command=get_materiel&rest_code=00146&code=00101008372&supplier_code=00100005&order_time=2022-09-15 HTTP/1.1" 200 408
114.88.158.224 - - [15/Sep/2022:10:47:54 +0800] "GET /xingrg/all/function/internal_message.html?_=1663209723326&CODE_STATE=getMsg HTTP/1.1" 200 27
116.238.169.132 - - [15/Sep/2022:10:47:54 +0800] "GET /xingrg/javascript/jquery_tools/images/prev.gif HTTP/1.1" 404 1086
116.238.169.132 - - [15/Sep/2022:10:47:54 +0800] "GET /xingrg/javascript/jquery_tools/images/next.gif HTTP/1.1" 404 1086
114.88.158.224 - - [15/Sep/2022:10:47:55 +0800] "GET /xingrg/check_reg.html?_=1663209724464 HTTP/1.1" 200 22
222.70.246.221 - - [15/Sep/2022:10:47:56 +0800] "GET /xingrg/all/function/internal_message.html?_=1663210088306&CODE_STATE=getMsg HTTP/1.1" 200 27
116.238.169.132 - - [15/Sep/2022:10:48:01 +0800] "GET /xingrg/kc/buy/cgsh_order_operate.html?command=get_materiel&rest_code=00102&code=00101006001&supplier_code=00100504&order_time=2022-09-12 HTTP/1.1" 200 426
124.78.154.55 - - [15/Sep/2022:10:48:01 +0800] "GET /xingrg/all/function/internal_message.html?_=1663210077825&CODE_STATE=getMsg HTTP/1.1" 200 27
124.78.154.55 - - [15/Sep/2022:10:48:02 +0800] "GET /xingrg/check_reg.html?_=1663210078139 HTTP/1.1" 200 22
114.88.158.224 - - [15/Sep/2022:10:48:04 +0800] "GET /xingrg/all/function/internal_message.html?_=1663210079752&CODE_STATE=getMsg HTTP/1.1" 200 27
124.79.74.72 - - [15/Sep/2022:10:48:05 +0800] "GET /xingrg/all/function/internal_message.html?_=1663210079815&CODE_STATE=getMsg HTTP/1.1" 200 27
124.79.74.72 - - [15/Sep/2022:10:48:05 +0800] "GET /xingrg/check_reg.html?_=1663210079818 HTTP/1.1" 200 22
116.238.169.132 - - [15/Sep/2022:10:48:05 +0800] "GET /xingrg/all/function/internal_message.html?_=1663210081740&CODE_STATE=getMsg HTTP/1.1" 200 27
116.238.169.132 - - [15/Sep/2022:10:48:05 +0800] "GET /xingrg/check_reg.html?_=1663210081737 HTTP/1.1" 200 22
180.169.147.146 - - [15/Sep/2022:10:48:06 +0800] "GET /xingrg/check_reg.html?_=1663210084393 HTTP/1.1" 200 22
116.232.194.65 - - [15/Sep/2022:10:48:07 +0800] "GET /xingrg/check_reg.html?_=1663210084121 HTTP/1.1" 200 22
116.232.194.65 - - [15/Sep/2022:10:48:07 +0800] "GET /xingrg/all/function/internal_message.html?_=1663210084123&CODE_STATE=getMsg HTTP/1.1" 200 27
180.169.147.146 - - [15/Sep/2022:10:48:07 +0800] "GET /xingrg/check_reg.html?_=1663210084845 HTTP/1.1" 200 22
116.238.169.132 - - [15/Sep/2022:10:48:09 +0800] "POST /xingrg/kc/buy/cgsh_order_operate.html HTTP/1.1" 200 37
180.169.147.146 - - [15/Sep/2022:10:48:10 +0800] "GET /xingrg/kc/buy/cgsh_order_operate.html?command=get_materiel&rest_code=00147&code=00101020019&supplier_code=00100242&order_time=2022-09-15 HTTP/1.1" 200 424
114.83.219.57 - - [15/Sep/2022:10:48:11 +0800] "GET /xingrg/all/function/internal_message.html?_=1663210172770&CODE_STATE=getMsg HTTP/1.1" 200 27
116.232.194.65 - - [15/Sep/2022:10:48:11 +0800] "GET /xingrg/javascript/jquery_tools/images/prev.gif HTTP/1.1" 404 1086
116.232.194.65 - - [15/Sep/2022:10:48:11 +0800] "GET /xingrg/javascript/jquery_tools/images/next.gif HTTP/1.1" 404 1086
116.225.121.189 - - [15/Sep/2022:10:48:12 +0800] "GET /xingrg/all/function/internal_message.html?_=1663210090504&CODE_STATE=getMsg HTTP/1.1" 200 27
222.70.246.221 - - [15/Sep/2022:10:48:12 +0800] "GET /xingrg/kc/buy/cgsh_order_operate.html?command=get_materiel&rest_code=00146&code=00101008356&supplier_code=00100005&order_time=2022-09-15 HTTP/1.1" 200 409
116.238.169.132 - - [15/Sep/2022:10:48:12 +0800] "POST /xingrg/kc/buy/cgsh_order_operate.html HTTP/1.1" 200 12
116.238.169.132 - - [15/Sep/2022:10:48:14 +0800] "GET /xingrg/kc/buy/cgsh_order_info.html?code=212022091505328 HTTP/1.1" 200 63627
116.224.255.128 - - [15/Sep/2022:10:48:14 +0800] "GET /xingrg/all/function/internal_message.html?_=1663210029383&CODE_STATE=getMsg HTTP/1.1" 200 27
116.238.169.132 - - [15/Sep/2022:10:48:14 +0800] "GET /xingrg/javascript/easyui/themes/default/validatebox.css HTTP/1.1" 404 1104
114.84.81.136 - - [15/Sep/2022:10:48:15 +0800] "GET /xingrg/all/function/internal_message.html?_=1663210092208&CODE_STATE=getMsg HTTP/1.1" 200 27
116.238.169.132 - - [15/Sep/2022:10:48:15 +0800] "POST /xingrg/kc/buy/cgsh_order_operate.html HTTP/1.1" 200 622
116.238.169.132 - - [15/Sep/2022:10:48:16 +0800] "GET /xingrg/kc/print/load_config.html?kc_code=cgsh HTTP/1.1" 200 1943
116.238.169.132 - - [15/Sep/2022:10:48:16 +0800] "GET /xingrg/kc/print/load_data.html?order_code=212022091505328&kc_code=cgsh&condition= HTTP/1.1" 200 724
101.85.93.113 - - [15/Sep/2022:10:48:18 +0800] "GET /xingrg/all/function/internal_message.html?_=1663210096165&CODE_STATE=getMsg HTTP/1.1" 200 27
101.85.93.113 - - [15/Sep/2022:10:48:18 +0800] "GET /xingrg/check_reg.html?_=1663210096162 HTTP/1.1" 200 22
116.238.169.132 - - [15/Sep/2022:10:48:23 +0800] "GET /xingrg/kc/buy/cgsh_order_add.html HTTP/1.1" 200 68718
116.238.169.132 - - [15/Sep/2022:10:48:24 +0800] "POST /xingrg/kc/buy/cgsh_order_operate.html HTTP/1.1" 200 8245
116.238.169.132 - - [15/Sep/2022:10:48:24 +0800] "GET /xingrg/javascript/easyui/themes/default/validatebox.css HTTP/1.1" 404 1104
116.232.194.65 - - [15/Sep/2022:10:48:25 +0800] "GET /xingrg/kc/buy/cgsh_order_operate.html?command=get_materiel&rest_code=00155&code=00102016381&supplier_code=00100012&order_time=2022-09-15 HTTP/1.1" 200 412
222.70.246.221 - - [15/Sep/2022:10:48:28 +0800] "POST /xingrg/kc/buy/cgsh_order_operate.html HTTP/1.1" 200 37
180.169.147.146 - - [15/Sep/2022:10:48:28 +0800] "GET /xingrg/kc/buy/cgsh_order_operate.html?command=get_materiel&rest_code=00147&code=00101011005&supplier_code=00100242&order_time=2022-09-15 HTTP/1.1" 200 428
124.78.154.55 - - [15/Sep/2022:10:48:29 +0800] "GET /xingrg/kc/mdqp/qp_main.html HTTP/1.1" 200 10633
124.78.154.55 - - [15/Sep/2022:10:48:29 +0800] "GET /xingrg/images/yd/bt.gif HTTP/1.1" 404 1040
124.78.154.55 - - [15/Sep/2022:10:48:30 +0800] "GET /xingrg/kc/mdqp/qqps_order_list.html HTTP/1.1" 200 9644
124.78.154.55 - - [15/Sep/2022:10:48:30 +0800] "GET /xingrg/dwr/interface/AjaxQqpsService.js HTTP/1.1" 200 16326
124.78.154.55 - - [15/Sep/2022:10:48:30 +0800] "GET /xingrg/dwr/interface/AjaxReportQueryService.js HTTP/1.1" 200 13203
124.78.154.55 - - [15/Sep/2022:10:48:30 +0800] "GET /xingrg/dwr/engine.js HTTP/1.1" 200 43631
124.78.154.55 - - [15/Sep/2022:10:48:32 +0800] "GET /xingrg/kc/mdqp/qqps_order_info.html?code=302022091500283 HTTP/1.1" 200 28400
116.238.169.132 - - [15/Sep/2022:10:48:32 +0800] "GET /xingrg/kc/buy/cgsh_order_operate.html?command=get_materiel&rest_code=00102&code=00101001127&supplier_code=00100442&order_time=2022-09-12 HTTP/1.1" 200 431
124.78.154.55 - - [15/Sep/2022:10:48:32 +0800] "GET /xingrg/dwr/engine.js HTTP/1.1" 200 43631
124.78.154.55 - - [15/Sep/2022:10:48:32 +0800] "GET /xingrg/dwr/interface/AjaxQqpsService.js HTTP/1.1" 200 16326
124.78.154.55 - - [15/Sep/2022:10:48:32 +0800] "GET /xingrg/dwr/interface/AjaxComOrderService.js HTTP/1.1" 200 18264
124.78.154.55 - - [15/Sep/2022:10:48:32 +0800] "GET /xingrg/words/20220914115425_words.js HTTP/1.1" 304 -
124.78.154.55 - - [15/Sep/2022:10:48:33 +0800] "POST /xingrg/dwr/call/plaincall/AjaxQqpsService.loadMaterielItems.dwr HTTP/1.1" 200 2108
222.70.246.221 - - [15/Sep/2022:10:48:35 +0800] "POST /xingrg/kc/buy/cgsh_order_operate.html HTTP/1.1" 200 9765
116.238.169.132 - - [15/Sep/2022:10:48:42 +0800] "POST /xingrg/kc/buy/cgsh_order_operate.html HTTP/1.1" 200 37
180.169.147.146 - - [15/Sep/2022:10:48:44 +0800] "GET /xingrg/all/function/internal_message.html?_=1663210123420&CODE_STATE=getMsg HTTP/1.1" 200 27
116.224.255.128 - - [15/Sep/2022:10:48:45 +0800] "GET /xingrg/all/function/internal_message.html?_=1663210124021&CODE_STATE=getMsg HTTP/1.1" 200 27
116.224.255.128 - - [15/Sep/2022:10:48:45 +0800] "GET /xingrg/check_reg.html?_=1663210124022 HTTP/1.1" 200 22
180.169.147.146 - - [15/Sep/2022:10:48:48 +0800] "POST /xingrg/kc/buy/cgsh_order_operate.html HTTP/1.1" 200 37
116.238.169.132 - - [15/Sep/2022:10:48:48 +0800] "POST /xingrg/kc/buy/cgsh_order_operate.html HTTP/1.1" 200 12
116.238.169.132 - - [15/Sep/2022:10:48:49 +0800] "GET /xingrg/check_reg.html?_=1663210127590 HTTP/1.1" 200 22
116.238.169.132 - - [15/Sep/2022:10:48:49 +0800] "GET /xingrg/kc/buy/cgsh_order_info.html?code=212022091505330 HTTP/1.1" 200 63623
116.238.169.132 - - [15/Sep/2022:10:48:49 +0800] "GET /xingrg/all/function/internal_message.html?_=1663210128130&CODE_STATE=getMsg HTTP/1.1" 200 27
116.238.169.132 - - [15/Sep/2022:10:48:50 +0800] "GET /xingrg/javascript/easyui/themes/default/validatebox.css HTTP/1.1" 404 1104
180.169.147.146 - - [15/Sep/2022:10:48:50 +0800] "GET /xingrg/all/function/internal_message.html?_=1663210123195&CODE_STATE=getMsg HTTP/1.1" 200 27
180.169.147.146 - - [15/Sep/2022:10:48:50 +0800] "GET /xingrg/check_reg.html?_=1663210123196 HTTP/1.1" 200 22
116.238.169.132 - - [15/Sep/2022:10:48:50 +0800] "POST /xingrg/kc/buy/cgsh_order_operate.html HTTP/1.1" 200 626
180.169.147.146 - - [15/Sep/2022:10:48:50 +0800] "POST /xingrg/kc/buy/cgsh_order_operate.html HTTP/1.1" 200 5039
114.84.5.35 - - [15/Sep/2022:10:48:51 +0800] "GET /xingrg/all/function/internal_message.html?_=1663210126768&CODE_STATE=getMsg HTTP/1.1" 200 27
114.83.222.183 - - [15/Sep/2022:10:48:51 +0800] "GET /xingrg/all/function/internal_message.html?_=1663210126666&CODE_STATE=getMsg HTTP/1.1" 200 27
116.238.169.132 - - [15/Sep/2022:10:48:52 +0800] "GET /xingrg/all/function/internal_message.html?_=1663210126092&CODE_STATE=getMsg HTTP/1.1" 200 27
116.238.169.132 - - [15/Sep/2022:10:48:52 +0800] "GET /xingrg/kc/print/load_data.html?order_code=212022091505330&kc_code=cgsh&condition= HTTP/1.1" 200 719
180.169.147.146 - - [15/Sep/2022:10:48:52 +0800] "GET /xingrg/kc/print/load_config.html?kc_code=cgsh HTTP/1.1" 200 1943
180.169.147.146 - - [15/Sep/2022:10:48:52 +0800] "GET /xingrg/kc/print/load_data.html?order_code=212022091505331&kc_code=cgsh&condition= HTTP/1.1" 200 1577
114.88.158.224 - - [15/Sep/2022:10:48:54 +0800] "GET /xingrg/all/function/internal_message.html?_=1663209783297&CODE_STATE=getMsg HTTP/1.1" 200 27
116.238.169.132 - - [15/Sep/2022:10:48:55 +0800] "GET /xingrg/kc/buy/cgsh_order_add.html HTTP/1.1" 200 68718
116.238.169.132 - - [15/Sep/2022:10:48:55 +0800] "POST /xingrg/kc/buy/cgsh_order_operate.html HTTP/1.1" 200 8245
116.238.169.132 - - [15/Sep/2022:10:48:55 +0800] "GET /xingrg/javascript/easyui/themes/default/validatebox.css HTTP/1.1" 404 1104
222.70.246.221 - - [15/Sep/2022:10:48:56 +0800] "GET /xingrg/kc/buy/cgsh_order_operate.html?command=get_materiel&rest_code=00146&code=00101008357&supplier_code=00100005&order_time=2022-09-15 HTTP/1.1" 200 408
222.70.246.221 - - [15/Sep/2022:10:48:56 +0800] "GET /xingrg/all/function/internal_message.html?_=1663210148319&CODE_STATE=getMsg HTTP/1.1" 200 27
124.78.154.55 - - [15/Sep/2022:10:49:01 +0800] "GET /xingrg/all/function/internal_message.html?_=1663210137827&CODE_STATE=getMsg HTTP/1.1" 200 27
116.238.169.132 - - [15/Sep/2022:10:49:02 +0800] "GET /xingrg/kc/buy/cgsh_order_operate.html?command=get_materiel&rest_code=00102&code=00101020133&supplier_code=00100485&order_time=2022-09-12 HTTP/1.1" 200 417
114.88.158.224 - - [15/Sep/2022:10:49:04 +0800] "GET /xingrg/all/function/internal_message.html?_=1663210139752&CODE_STATE=getMsg HTTP/1.1" 200 27
124.79.74.72 - - [15/Sep/2022:10:49:05 +0800] "GET /xingrg/all/function/internal_message.html?_=1663210139819&CODE_STATE=getMsg HTTP/1.1" 200 27
124.78.154.55 - - [15/Sep/2022:10:49:05 +0800] "POST /xingrg/dwr/call/plaincall/AjaxQqpsService.getMaterielByCode.dwr HTTP/1.1" 200 2681
116.238.169.132 - - [15/Sep/2022:10:49:05 +0800] "GET /xingrg/all/function/internal_message.html?_=1663210141741&CODE_STATE=getMsg HTTP/1.1" 200 27
116.232.194.65 - - [15/Sep/2022:10:49:07 +0800] "GET /xingrg/all/function/internal_message.html?_=1663210144117&CODE_STATE=getMsg HTTP/1.1" 200 27
120.253.135.82 - - [15/Sep/2022:10:49:09 +0800] "GET /xingrg/check_reg.html?_=1663209946606 HTTP/1.1" 200 22
116.238.169.132 - - [15/Sep/2022:10:49:10 +0800] "POST /xingrg/kc/buy/cgsh_order_operate.html HTTP/1.1" 200 37
114.83.219.57 - - [15/Sep/2022:10:49:11 +0800] "GET /xingrg/all/function/internal_message.html?_=1663210232765&CODE_STATE=getMsg HTTP/1.1" 200 27
114.83.219.57 - - [15/Sep/2022:10:49:11 +0800] "GET /xingrg/check_reg.html?_=1663210232766 HTTP/1.1" 200 22
116.225.121.189 - - [15/Sep/2022:10:49:12 +0800] "GET /xingrg/all/function/internal_message.html?_=1663210150505&CODE_STATE=getMsg HTTP/1.1" 200 27
124.78.154.55 - - [15/Sep/2022:10:49:12 +0800] "POST /xingrg/dwr/call/plaincall/AjaxQqpsService.saveMaterielItem.dwr HTTP/1.1" 200 78
116.224.255.128 - - [15/Sep/2022:10:49:14 +0800] "GET /xingrg/all/function/internal_message.html?_=1663210089411&CODE_STATE=getMsg HTTP/1.1" 200 27
114.84.81.136 - - [15/Sep/2022:10:49:14 +0800] "GET /xingrg/check_reg.html?_=1663210150349 HTTP/1.1" 200 22
116.238.169.132 - - [15/Sep/2022:10:49:14 +0800] "POST /xingrg/kc/buy/cgsh_order_operate.html HTTP/1.1" 200 12
222.70.246.221 - - [15/Sep/2022:10:49:14 +0800] "GET /xingrg/kc/buy/cgsh_order_operate.html?command=get_materiel&rest_code=00146&code=00101008296&supplier_code=00100005&order_time=2022-09-15 HTTP/1.1" 200 416
114.84.81.136 - - [15/Sep/2022:10:49:15 +0800] "GET /xingrg/all/function/internal_message.html?_=1663210152206&CODE_STATE=getMsg HTTP/1.1" 200 27
116.238.169.132 - - [15/Sep/2022:10:49:15 +0800] "GET /xingrg/kc/buy/cgsh_order_info.html?code=212022091505332 HTTP/1.1" 200 63623
116.232.194.65 - - [15/Sep/2022:10:49:15 +0800] "GET /xingrg/kc/buy/cgsh_order_operate.html?command=get_materiel&rest_code=00155&code=00102016451&supplier_code=00100012&order_time=2022-09-15 HTTP/1.1" 200 408
180.169.147.146 - - [15/Sep/2022:10:49:15 +0800] "GET /xingrg/kc/buy/cgsh_order_add.html HTTP/1.1" 200 68680
180.169.147.146 - - [15/Sep/2022:10:49:15 +0800] "POST /xingrg/kc/buy/cgsh_order_operate.html HTTP/1.1" 200 8245
180.169.147.146 - - [15/Sep/2022:10:49:15 +0800] "GET /xingrg/all/common/auto_word.html?type=employee&rest_code=00147 HTTP/1.1" 200 101
180.169.147.146 - - [15/Sep/2022:10:49:15 +0800] "GET /xingrg/all/common/auto_word.html?type=employee&rest_code=00147 HTTP/1.1" 200 101
180.169.147.146 - - [15/Sep/2022:10:49:15 +0800] "GET /xingrg/javascript/easyui/themes/default/validatebox.css HTTP/1.1" 404 1104
116.238.169.132 - - [15/Sep/2022:10:49:15 +0800] "GET /xingrg/javascript/easyui/themes/default/validatebox.css HTTP/1.1" 404 1104
116.238.169.132 - - [15/Sep/2022:10:49:16 +0800] "POST /xingrg/kc/buy/cgsh_order_operate.html HTTP/1.1" 200 612
116.238.169.132 - - [15/Sep/2022:10:49:17 +0800] "GET /xingrg/kc/print/load_data.html?order_code=212022091505332&kc_code=cgsh&condition= HTTP/1.1" 200 692
180.169.147.146 - - [15/Sep/2022:10:49:18 +0800] "GET /xingrg/javascript/jquery_tools/images/prev.gif HTTP/1.1" 404 1086
180.169.147.146 - - [15/Sep/2022:10:49:18 +0800] "GET /xingrg/javascript/jquery_tools/images/next.gif HTTP/1.1" 404 1086
101.85.93.113 - - [15/Sep/2022:10:49:18 +0800] "GET /xingrg/all/function/internal_message.html?_=1663210156164&CODE_STATE=getMsg HTTP/1.1" 200 27
124.78.154.55 - - [15/Sep/2022:10:49:19 +0800] "POST /xingrg/dwr/call/plaincall/AjaxQqpsService.getMaterielByCode.dwr HTTP/1.1" 200 2675
116.238.169.132 - - [15/Sep/2022:10:49:19 +0800] "GET /xingrg/kc/buy/cgsh_order_add.html HTTP/1.1" 200 68718
116.238.169.132 - - [15/Sep/2022:10:49:20 +0800] "POST /xingrg/kc/buy/cgsh_order_operate.html HTTP/1.1" 200 8245
116.238.169.132 - - [15/Sep/2022:10:49:20 +0800] "GET /xingrg/javascript/easyui/themes/default/validatebox.css HTTP/1.1" 404 1104
124.78.154.55 - - [15/Sep/2022:10:49:22 +0800] "GET /xingrg/images/yd/bt2.gif HTTP/1.1" 404 1042
124.78.154.55 - - [15/Sep/2022:10:49:24 +0800] "POST /xingrg/dwr/call/plaincall/AjaxQqpsService.removeMaterielItem.dwr HTTP/1.1" 200 78
116.232.194.65 - - [15/Sep/2022:10:49:27 +0800] "GET /xingrg/kc/buy/cgsh_order_operate.html?command=get_materiel&rest_code=00155&code=00101006065&supplier_code=00100012&order_time=2022-09-15 HTTP/1.1" 200 411
124.78.154.55 - - [15/Sep/2022:10:49:27 +0800] "POST /xingrg/dwr/call/plaincall/AjaxQqpsService.saveOrder.dwr HTTP/1.1" 200 78
124.78.154.55 - - [15/Sep/2022:10:49:33 +0800] "GET /xingrg/kc/base/base_main.html HTTP/1.1" 200 12142
124.78.154.55 - - [15/Sep/2022:10:49:34 +0800] "GET /xingrg/kc/base/wldb_order_list.html HTTP/1.1" 200 19180
222.70.246.221 - - [15/Sep/2022:10:49:34 +0800] "GET /xingrg/kc/buy/cgsh_order_operate.html?command=get_materiel&rest_code=00146&code=00101008213&supplier_code=00100005&order_time=2022-09-15 HTTP/1.1" 200 412
124.78.154.55 - - [15/Sep/2022:10:49:35 +0800] "POST /xingrg/kc/base/wldb_list_operate.html HTTP/1.1" 200 928
124.78.154.55 - - [15/Sep/2022:10:49:38 +0800] "GET /xingrg/javascript/easyui/themes/default/tree.css HTTP/1.1" 404 1090
124.78.154.55 - - [15/Sep/2022:10:49:38 +0800] "POST /xingrg/all/common/load_tree.html?tree=rest_base_tree_json HTTP/1.1" 200 75608
124.78.154.55 - - [15/Sep/2022:10:49:41 +0800] "GET /xingrg/javascript/easyui/themes/icons/rest.png HTTP/1.1" 200 695
124.78.154.55 - - [15/Sep/2022:10:49:41 +0800] "GET /xingrg/javascript/easyui/themes/icons/areas.png HTTP/1.1" 200 720
124.78.154.55 - - [15/Sep/2022:10:49:41 +0800] "GET /xingrg/javascript/easyui/themes/default/images/tree_checkbox_0.gif HTTP/1.1" 200 168
222.70.246.221 - - [15/Sep/2022:10:49:43 +0800] "GET /xingrg/check_reg.html?_=1663210194564 HTTP/1.1" 200 22
180.169.147.146 - - [15/Sep/2022:10:49:44 +0800] "GET /xingrg/check_reg.html?_=1663210182639 HTTP/1.1" 200 22
180.169.147.146 - - [15/Sep/2022:10:49:44 +0800] "GET /xingrg/all/function/internal_message.html?_=1663210183392&CODE_STATE=getMsg HTTP/1.1" 200 27
116.224.255.128 - - [15/Sep/2022:10:49:45 +0800] "GET /xingrg/all/function/internal_message.html?_=1663210184022&CODE_STATE=getMsg HTTP/1.1" 200 27
180.169.147.146 - - [15/Sep/2022:10:49:48 +0800] "GET /xingrg/all/function/internal_message.html?_=1663210181412&CODE_STATE=getMsg HTTP/1.1" 200 27
116.238.169.132 - - [15/Sep/2022:10:49:49 +0800] "GET /xingrg/all/function/internal_message.html?_=1663210188133&CODE_STATE=getMsg HTTP/1.1" 200 27
124.78.154.55 - - [15/Sep/2022:10:49:50 +0800] "GET /xingrg/javascript/easyui/themes/default/images/tree_checkbox_1.gif HTTP/1.1" 200 174
124.78.154.55 - - [15/Sep/2022:10:49:50 +0800] "GET /xingrg/javascript/easyui/themes/default/images/tree_checkbox_2.gif HTTP/1.1" 200 181
114.84.5.35 - - [15/Sep/2022:10:49:51 +0800] "GET /xingrg/all/function/internal_message.html?_=1663210186768&CODE_STATE=getMsg HTTP/1.1" 200 27
114.83.222.183 - - [15/Sep/2022:10:49:51 +0800] "GET /xingrg/all/function/internal_message.html?_=1663210186680&CODE_STATE=getMsg HTTP/1.1" 200 27
222.70.246.221 - - [15/Sep/2022:10:49:51 +0800] "GET /xingrg/kc/buy/cgsh_order_operate.html?command=get_materiel&rest_code=00146&code=00101008283&supplier_code=00100005&order_time=2022-09-15 HTTP/1.1" 200 428
116.238.169.132 - - [15/Sep/2022:10:49:51 +0800] "GET /xingrg/all/function/internal_message.html?_=1663210186081&CODE_STATE=getMsg HTTP/1.1" 200 27
124.78.154.55 - - [15/Sep/2022:10:49:52 +0800] "POST /xingrg/all/common/load_tree.html?tree=rest_base_tree_json HTTP/1.1" 200 75608
180.169.147.146 - - [15/Sep/2022:10:49:52 +0800] "GET /xingrg/kc/buy/cgsh_order_operate.html?command=get_materiel&rest_code=00147&code=00101008132&supplier_code=00100006&order_time=2022-09-15 HTTP/1.1" 200 408
114.88.158.224 - - [15/Sep/2022:10:49:54 +0800] "GET /xingrg/all/function/internal_message.html?_=1663209843272&CODE_STATE=getMsg HTTP/1.1" 200 27
222.70.246.221 - - [15/Sep/2022:10:49:56 +0800] "GET /xingrg/all/function/internal_message.html?_=1663210208367&CODE_STATE=getMsg HTTP/1.1" 200 27
222.70.246.221 - - [15/Sep/2022:10:49:57 +0800] "POST /xingrg/kc/buy/cgsh_order_operate.html HTTP/1.1" 200 2065
124.78.154.55 - - [15/Sep/2022:10:50:01 +0800] "GET /xingrg/all/function/internal_message.html?_=1663210197802&CODE_STATE=getMsg HTTP/1.1" 200 27
180.169.147.146 - - [15/Sep/2022:10:50:02 +0800] "GET /xingrg/kc/buy/cgsh_order_operate.html?command=get_materiel&rest_code=00147&code=00101008149&supplier_code=00100006&order_time=2022-09-15 HTTP/1.1" 200 408
114.88.158.224 - - [15/Sep/2022:10:50:04 +0800] "GET /xingrg/all/function/internal_message.html?_=1663210199753&CODE_STATE=getMsg HTTP/1.1" 200 27
124.79.74.72 - - [15/Sep/2022:10:50:05 +0800] "GET /xingrg/all/function/internal_message.html?_=1663210199822&CODE_STATE=getMsg HTTP/1.1" 200 27
116.238.169.132 - - [15/Sep/2022:10:50:05 +0800] "GET /xingrg/all/function/internal_message.html?_=1663210201742&CODE_STATE=getMsg HTTP/1.1" 200 27
124.78.154.55 - - [15/Sep/2022:10:50:06 +0800] "POST /xingrg/services/DataTransmitService HTTP/1.1" 200 524
116.232.194.65 - - [15/Sep/2022:10:50:07 +0800] "GET /xingrg/all/function/internal_message.html?_=1663210204117&CODE_STATE=getMsg HTTP/1.1" 200 27
222.70.246.221 - - [15/Sep/2022:10:50:07 +0800] "GET /xingrg/kc/buy/cgsh_order_operate.html?command=get_materiel&rest_code=00146&code=00101008225&supplier_code=00100005&order_time=2022-09-15 HTTP/1.1" 200 416
124.78.154.55 - - [15/Sep/2022:10:50:08 +0800] "POST /xingrg/kc/base/wldb_list_operate.html HTTP/1.1" 200 5949
180.169.147.146 - - [15/Sep/2022:10:50:10 +0800] "GET /xingrg/kc/buy/cgsh_order_operate.html?command=get_materiel&rest_code=00147&code=00101008110&supplier_code=00100006&order_time=2022-09-15 HTTP/1.1" 200 408
124.78.154.55 - - [15/Sep/2022:10:50:10 +0800] "POST /xingrg/kc/base/wldb_list_operate.html HTTP/1.1" 200 610
114.83.219.57 - - [15/Sep/2022:10:50:11 +0800] "GET /xingrg/all/function/internal_message.html?_=1663210292776&CODE_STATE=getMsg HTTP/1.1" 200 27
124.78.154.55 - - [15/Sep/2022:10:50:12 +0800] "POST /xingrg/kc/base/wldb_list_operate.html HTTP/1.1" 200 206
116.225.121.189 - - [15/Sep/2022:10:50:12 +0800] "GET /xingrg/all/function/internal_message.html?_=1663210210506&CODE_STATE=getMsg HTTP/1.1" 200 27
116.225.121.189 - - [15/Sep/2022:10:50:12 +0800] "GET /xingrg/check_reg.html?_=1663210210509 HTTP/1.1" 200 22
116.224.255.128 - - [15/Sep/2022:10:50:14 +0800] "GET /xingrg/all/function/internal_message.html?_=1663210149425&CODE_STATE=getMsg HTTP/1.1" 200 27
124.78.154.55 - - [15/Sep/2022:10:50:14 +0800] "POST /xingrg/kc/base/wldb_list_operate.html HTTP/1.1" 200 206
114.84.81.136 - - [15/Sep/2022:10:50:15 +0800] "GET /xingrg/all/function/internal_message.html?_=1663210212207&CODE_STATE=getMsg HTTP/1.1" 200 27
124.78.154.55 - - [15/Sep/2022:10:50:15 +0800] "POST /xingrg/kc/base/wldb_list_operate.html HTTP/1.1" 200 281
124.78.154.55 - - [15/Sep/2022:10:50:17 +0800] "POST /xingrg/kc/base/wldb_list_operate.html HTTP/1.1" 200 290
101.85.93.113 - - [15/Sep/2022:10:50:18 +0800] "GET /xingrg/all/function/internal_message.html?_=1663210216162&CODE_STATE=getMsg HTTP/1.1" 200 27
124.78.154.55 - - [15/Sep/2022:10:50:18 +0800] "POST /xingrg/kc/base/wldb_list_operate.html HTTP/1.1" 200 200
124.78.154.55 - - [15/Sep/2022:10:50:19 +0800] "POST /xingrg/kc/base/wldb_list_operate.html HTTP/1.1" 200 201
124.78.154.55 - - [15/Sep/2022:10:50:21 +0800] "POST /xingrg/kc/base/wldb_list_operate.html HTTP/1.1" 200 201
180.169.147.146 - - [15/Sep/2022:10:50:21 +0800] "GET /xingrg/kc/buy/cgsh_order_operate.html?command=get_materiel&rest_code=00147&code=00101008038&supplier_code=00100006&order_time=2022-09-15 HTTP/1.1" 200 412
222.70.246.221 - - [15/Sep/2022:10:50:21 +0800] "POST /xingrg/kc/buy/cgsh_order_operate.html HTTP/1.1" 200 37
116.238.169.132 - - [15/Sep/2022:10:50:21 +0800] "GET /xingrg/kc/buy/cgsh_order_list.html HTTP/1.1" 200 52895
124.78.154.55 - - [15/Sep/2022:10:50:22 +0800] "POST /xingrg/kc/base/wldb_list_operate.html HTTP/1.1" 200 201
116.238.169.132 - - [15/Sep/2022:10:50:22 +0800] "POST /xingrg/kc/buy/cgsh_list_operate.html HTTP/1.1" 200 928
124.78.154.55 - - [15/Sep/2022:10:50:23 +0800] "POST /xingrg/kc/base/wldb_list_operate.html HTTP/1.1" 200 203
222.70.246.221 - - [15/Sep/2022:10:50:23 +0800] "POST /xingrg/kc/buy/cgsh_order_operate.html HTTP/1.1" 200 12722
124.78.154.55 - - [15/Sep/2022:10:50:25 +0800] "POST /xingrg/kc/base/wldb_list_operate.html HTTP/1.1" 200 6118
124.78.154.55 - - [15/Sep/2022:10:50:27 +0800] "POST /xingrg/kc/base/wldb_list_operate.html HTTP/1.1" 200 201
124.78.154.55 - - [15/Sep/2022:10:50:29 +0800] "POST /xingrg/kc/base/wldb_list_operate.html HTTP/1.1" 200 206
124.78.154.55 - - [15/Sep/2022:10:50:32 +0800] "POST /xingrg/kc/base/wldb_list_operate.html HTTP/1.1" 200 206
222.70.246.221 - - [15/Sep/2022:10:50:35 +0800] "GET /xingrg/kc/buy/cgsh_order_operate.html?command=get_materiel&rest_code=00146&code=00101008185&supplier_code=00100005&order_time=2022-09-15 HTTP/1.1" 200 408
124.78.154.55 - - [15/Sep/2022:10:50:37 +0800] "POST /xingrg/kc/base/wldb_list_operate.html HTTP/1.1" 200 358
124.78.154.55 - - [15/Sep/2022:10:50:39 +0800] "GET /xingrg/kc/base/wldb_order_info.html?code=422022012703619 HTTP/1.1" 200 26279
124.78.154.55 - - [15/Sep/2022:10:50:39 +0800] "GET /xingrg/javascript/easyui/themes/default/validatebox.css HTTP/1.1" 404 1104
124.78.154.55 - - [15/Sep/2022:10:50:39 +0800] "POST /xingrg/kc/base/wldb_order_operate.html HTTP/1.1" 200 486
180.169.147.146 - - [15/Sep/2022:10:50:44 +0800] "GET /xingrg/all/function/internal_message.html?_=1663210243378&CODE_STATE=getMsg HTTP/1.1" 200 27
116.224.255.128 - - [15/Sep/2022:10:50:45 +0800] "GET /xingrg/all/function/internal_message.html?_=1663210244024&CODE_STATE=getMsg HTTP/1.1" 200 27
180.169.147.146 - - [15/Sep/2022:10:50:48 +0800] "GET /xingrg/all/function/internal_message.html?_=1663210241411&CODE_STATE=getMsg HTTP/1.1" 200 27
116.238.169.132 - - [15/Sep/2022:10:50:49 +0800] "GET /xingrg/all/function/internal_message.html?_=1663210248122&CODE_STATE=getMsg HTTP/1.1" 200 27
114.84.5.35 - - [15/Sep/2022:10:50:51 +0800] "GET /xingrg/all/function/internal_message.html?_=1663210246768&CODE_STATE=getMsg HTTP/1.1" 200 27
114.83.222.183 - - [15/Sep/2022:10:50:51 +0800] "GET /xingrg/check_reg.html?_=1663210246666 HTTP/1.1" 200 22
114.83.222.183 - - [15/Sep/2022:10:50:51 +0800] "GET /xingrg/all/function/internal_message.html?_=1663210246670&CODE_STATE=getMsg HTTP/1.1" 200 27
116.238.169.132 - - [15/Sep/2022:10:50:51 +0800] "GET /xingrg/all/function/internal_message.html?_=1663210246082&CODE_STATE=getMsg HTTP/1.1" 200 27
116.238.169.132 - - [15/Sep/2022:10:50:51 +0800] "GET /xingrg/check_reg.html?_=1663210246085 HTTP/1.1" 200 22
116.232.194.65 - - [15/Sep/2022:10:50:51 +0800] "GET /xingrg/kc/buy/cgsh_order_operate.html?command=get_materiel&rest_code=00155&code=00101006130&supplier_code=00100012&order_time=2022-09-15 HTTP/1.1" 200 427
114.88.158.224 - - [15/Sep/2022:10:50:54 +0800] "GET /xingrg/all/function/internal_message.html?_=1663209903266&CODE_STATE=getMsg HTTP/1.1" 200 27
222.70.246.221 - - [15/Sep/2022:10:50:56 +0800] "GET /xingrg/all/function/internal_message.html?_=1663210268377&CODE_STATE=getMsg HTTP/1.1" 200 27
124.78.154.55 - - [15/Sep/2022:10:50:57 +0800] "POST /xingrg/dwr/call/plaincall/AjaxQqpsService.saveMaterielItem.dwr HTTP/1.1" 200 78
222.70.246.221 - - [15/Sep/2022:10:51:00 +0800] "GET /xingrg/kc/buy/cgsh_order_operate.html?command=get_materiel&rest_code=00146&code=00101008354&supplier_code=00100005&order_time=2022-09-15 HTTP/1.1" 200 412
124.78.154.55 - - [15/Sep/2022:10:51:01 +0800] "GET /xingrg/all/function/internal_message.html?_=1663210257790&CODE_STATE=getMsg HTTP/1.1" 200 27
124.78.154.55 - - [15/Sep/2022:10:51:02 +0800] "POST /xingrg/dwr/call/plaincall/AjaxQqpsService.getMaterielByCode.dwr HTTP/1.1" 200 2714
114.88.158.224 - - [15/Sep/2022:10:51:04 +0800] "GET /xingrg/check_reg.html?_=1663210259751 HTTP/1.1" 200 22
114.88.158.224 - - [15/Sep/2022:10:51:04 +0800] "GET /xingrg/all/function/internal_message.html?_=1663210259753&CODE_STATE=getMsg HTTP/1.1" 200 27
124.79.74.72 - - [15/Sep/2022:10:51:05 +0800] "GET /xingrg/all/function/internal_message.html?_=1663210259824&CODE_STATE=getMsg HTTP/1.1" 200 27
116.238.169.132 - - [15/Sep/2022:10:51:05 +0800] "GET /xingrg/all/function/internal_message.html?_=1663210261729&CODE_STATE=getMsg HTTP/1.1" 200 27
116.232.194.65 - - [15/Sep/2022:10:51:07 +0800] "GET /xingrg/all/function/internal_message.html?_=1663210264126&CODE_STATE=getMsg HTTP/1.1" 200 27
124.78.154.55 - - [15/Sep/2022:10:51:08 +0800] "POST /xingrg/dwr/call/plaincall/AjaxQqpsService.removeMaterielItem.dwr HTTP/1.1" 200 78
124.78.154.55 - - [15/Sep/2022:10:51:11 +0800] "POST /xingrg/dwr/call/plaincall/AjaxQqpsService.saveOrder.dwr HTTP/1.1" 200 78
114.83.219.57 - - [15/Sep/2022:10:51:11 +0800] "GET /xingrg/all/function/internal_message.html?_=1663210352767&CODE_STATE=getMsg HTTP/1.1" 200 27
116.232.194.65 - - [15/Sep/2022:10:51:11 +0800] "POST /xingrg/kc/buy/cgsh_order_operate.html HTTP/1.1" 200 37
116.225.121.189 - - [15/Sep/2022:10:51:12 +0800] "GET /xingrg/all/function/internal_message.html?_=1663210270508&CODE_STATE=getMsg HTTP/1.1" 200 27
222.70.246.221 - - [15/Sep/2022:10:51:13 +0800] "GET /xingrg/kc/buy/cgsh_order_operate.html?command=get_materiel&rest_code=00146&code=00101008010&supplier_code=00100005&order_time=2022-09-15 HTTP/1.1" 200 412
116.224.255.128 - - [15/Sep/2022:10:51:14 +0800] "GET /xingrg/all/function/internal_message.html?_=1663210209454&CODE_STATE=getMsg HTTP/1.1" 200 27
114.84.81.136 - - [15/Sep/2022:10:51:15 +0800] "GET /xingrg/check_reg.html?_=1663210272207 HTTP/1.1" 200 22
114.84.81.136 - - [15/Sep/2022:10:51:15 +0800] "GET /xingrg/all/function/internal_message.html?_=1663210272209&CODE_STATE=getMsg HTTP/1.1" 200 27
116.232.194.65 - - [15/Sep/2022:10:51:15 +0800] "POST /xingrg/kc/buy/cgsh_order_operate.html HTTP/1.1" 200 3266
124.78.154.55 - - [15/Sep/2022:10:51:17 +0800] "GET /xingrg/kc/mdqp/qqps_order_add.html HTTP/1.1" 200 28238
124.78.154.55 - - [15/Sep/2022:10:51:18 +0800] "GET /xingrg/dwr/interface/AjaxQqpsService.js HTTP/1.1" 200 16326
124.78.154.55 - - [15/Sep/2022:10:51:18 +0800] "GET /xingrg/dwr/engine.js HTTP/1.1" 200 43631
124.78.154.55 - - [15/Sep/2022:10:51:18 +0800] "GET /xingrg/dwr/interface/AjaxComOrderService.js HTTP/1.1" 200 18264
101.85.93.113 - - [15/Sep/2022:10:51:18 +0800] "GET /xingrg/all/function/internal_message.html?_=1663210276170&CODE_STATE=getMsg HTTP/1.1" 200 27
116.232.194.65 - - [15/Sep/2022:10:51:18 +0800] "GET /xingrg/kc/print/load_config.html?kc_code=cgsh HTTP/1.1" 200 1943
116.232.194.65 - - [15/Sep/2022:10:51:18 +0800] "GET /xingrg/kc/print/load_data.html?order_code=212022091505333&kc_code=cgsh HTTP/1.1" 200 1010
180.163.28.114 - - [15/Sep/2022:10:51:26 +0800] "GET /xingrg/check_reg.html?_=1663206778101 HTTP/1.1" 302 -
180.163.28.114 - - [15/Sep/2022:10:51:26 +0800] "GET /xingrg/login.html HTTP/1.1" 200 7641
222.70.246.221 - - [15/Sep/2022:10:51:27 +0800] "GET /xingrg/kc/buy/cgsh_order_operate.html?command=get_materiel&rest_code=00146&code=00101008361&supplier_code=00100005&order_time=2022-09-15 HTTP/1.1" 200 408
101.85.93.113 - - [15/Sep/2022:10:51:28 +0800] "GET /xingrg/javascript/jquery_easy_ui/themes/default/images/tabs_close.gif HTTP/1.1" 304 -
101.85.93.113 - - [15/Sep/2022:10:51:28 +0800] "GET /xingrg/javascript/easyui/themes/icon.css HTTP/1.1" 304 -
101.85.93.113 - - [15/Sep/2022:10:51:28 +0800] "GET /xingrg/kc/buy/cgsh_order_list.html HTTP/1.1" 200 52901
101.85.93.113 - - [15/Sep/2022:10:51:28 +0800] "GET /xingrg/javascript/auto/jquery.autocomplete.css HTTP/1.1" 304 -
101.85.93.113 - - [15/Sep/2022:10:51:28 +0800] "GET /xingrg/css/base.css HTTP/1.1" 304 -
101.85.93.113 - - [15/Sep/2022:10:51:28 +0800] "GET /xingrg/javascript/jquery_tools/fix.css HTTP/1.1" 304 -
101.85.93.113 - - [15/Sep/2022:10:51:28 +0800] "GET /xingrg/javascript/jquery_tools/table.css HTTP/1.1" 304 -
101.85.93.113 - - [15/Sep/2022:10:51:28 +0800] "GET /xingrg/javascript/jquery_tools/jquery.tools.min.js HTTP/1.1" 304 -
101.85.93.113 - - [15/Sep/2022:10:51:28 +0800] "GET /xingrg/javascript/jquery_tools/jquery.tools.extend.js HTTP/1.1" 304 -
101.85.93.113 - - [15/Sep/2022:10:51:28 +0800] "GET /xingrg/javascript/jquery_tools/jquery.tools.hotkey.js HTTP/1.1" 304 -
101.85.93.113 - - [15/Sep/2022:10:51:28 +0800] "GET /xingrg/javascript/jquery_tools/jquery.tools.table.js HTTP/1.1" 304 -
101.85.93.113 - - [15/Sep/2022:10:51:28 +0800] "GET /xingrg/javascript/jquery_tools/list_manager.js HTTP/1.1" 304 -
101.85.93.113 - - [15/Sep/2022:10:51:28 +0800] "GET /xingrg/javascript/auto/jquery.autocomplete.js HTTP/1.1" 304 -
101.85.93.113 - - [15/Sep/2022:10:51:28 +0800] "GET /xingrg/javascript/easyui/easyloader.js HTTP/1.1" 304 -
101.85.93.113 - - [15/Sep/2022:10:51:28 +0800] "GET /xingrg/javascript/jquery.cookie.js HTTP/1.1" 304 -
101.85.93.113 - - [15/Sep/2022:10:51:28 +0800] "GET /xingrg/css/site.css HTTP/1.1" 304 -
101.85.93.113 - - [15/Sep/2022:10:51:28 +0800] "GET /xingrg/javascript/print/LodopFuncs.js HTTP/1.1" 304 -
101.85.93.113 - - [15/Sep/2022:10:51:28 +0800] "GET /xingrg/javascript/easyui/themes/default/easyui.css HTTP/1.1" 304 -
101.85.93.113 - - [15/Sep/2022:10:51:28 +0800] "GET /xingrg/javascript/jquery_tools/datebox.css HTTP/1.1" 304 -
101.85.93.113 - - [15/Sep/2022:10:51:29 +0800] "GET /xingrg/javascript/easyui/themes/icons/edit_add_new.png HTTP/1.1" 304 -
101.85.93.113 - - [15/Sep/2022:10:51:29 +0800] "GET /xingrg/javascript/easyui/themes/icons/cance_new.png HTTP/1.1" 304 -
101.85.93.113 - - [15/Sep/2022:10:51:29 +0800] "GET /xingrg/javascript/easyui/themes/icons/check_new.png HTTP/1.1" 304 -
101.85.93.113 - - [15/Sep/2022:10:51:29 +0800] "GET /xingrg/javascript/easyui/themes/icons/field_new.png HTTP/1.1" 304 -
101.85.93.113 - - [15/Sep/2022:10:51:29 +0800] "GET /xingrg/javascript/easyui/themes/icons/import_new.png HTTP/1.1" 304 -
101.85.93.113 - - [15/Sep/2022:10:51:29 +0800] "GET /xingrg/javascript/easyui/plugins/jquery.parser.js HTTP/1.1" 304 -
101.85.93.113 - - [15/Sep/2022:10:51:29 +0800] "GET /xingrg/images/control/ajaxLoader.gif HTTP/1.1" 304 -
101.85.93.113 - - [15/Sep/2022:10:51:30 +0800] "POST /xingrg/kc/buy/cgsh_list_operate.html HTTP/1.1" 200 928
101.85.93.113 - - [15/Sep/2022:10:51:30 +0800] "GET /xingrg/javascript/easyui/themes/default/images/button_plain_hover.png HTTP/1.1" 304 -
222.70.246.221 - - [15/Sep/2022:10:51:30 +0800] "POST /xingrg/kc/buy/cgsh_order_operate.html HTTP/1.1" 200 2065
101.85.93.113 - - [15/Sep/2022:10:51:31 +0800] "GET /xingrg/javascript/pic_change.js HTTP/1.1" 304 -
101.85.93.113 - - [15/Sep/2022:10:51:31 +0800] "GET /xingrg/javascript/convert.js HTTP/1.1" 304 -
101.85.93.113 - - [15/Sep/2022:10:51:31 +0800] "GET /xingrg/javascript/jquery_tools/order_manager.js HTTP/1.1" 304 -
101.85.93.113 - - [15/Sep/2022:10:51:31 +0800] "GET /xingrg/javascript/json2.js HTTP/1.1" 304 -
101.85.93.113 - - [15/Sep/2022:10:51:31 +0800] "GET /xingrg/javascript/print/kc_print.js HTTP/1.1" 304 -
101.85.93.113 - - [15/Sep/2022:10:51:31 +0800] "GET /xingrg/kc/buy/cgsh_order_add.html HTTP/1.1" 200 67796
101.85.93.113 - - [15/Sep/2022:10:51:31 +0800] "GET /xingrg/words/20220914115425_words.js HTTP/1.1" 200 921056
101.85.93.113 - - [15/Sep/2022:10:51:31 +0800] "GET /xingrg/javascript/easyui/themes/icons/copy_new.png HTTP/1.1" 304 -
101.85.93.113 - - [15/Sep/2022:10:51:31 +0800] "GET /xingrg/javascript/easyui/themes/icons/template_new.png HTTP/1.1" 304 -
101.85.93.113 - - [15/Sep/2022:10:51:31 +0800] "GET /xingrg/javascript/easyui/themes/icons/ok.png HTTP/1.1" 304 -
101.85.93.113 - - [15/Sep/2022:10:51:31 +0800] "GET /xingrg/javascript/easyui/themes/icons/print.png HTTP/1.1" 304 -
101.85.93.113 - - [15/Sep/2022:10:51:31 +0800] "GET /xingrg/javascript/easyui/themes/default/images/menu_downarrow.png HTTP/1.1" 304 -
101.85.93.113 - - [15/Sep/2022:10:51:31 +0800] "GET /xingrg/javascript/easyui/themes/icons/cancel.png HTTP/1.1" 304 -
101.85.93.113 - - [15/Sep/2022:10:51:32 +0800] "POST /xingrg/kc/buy/cgsh_order_operate.html HTTP/1.1" 200 8245
101.85.93.113 - - [15/Sep/2022:10:51:32 +0800] "GET /xingrg/javascript/easyui/themes/default/validatebox.css HTTP/1.1" 404 1104
101.85.93.113 - - [15/Sep/2022:10:51:32 +0800] "GET /xingrg/javascript/easyui/plugins/jquery.validatebox.js HTTP/1.1" 304 -
101.85.93.113 - - [15/Sep/2022:10:51:32 +0800] "GET /xingrg/all/common/auto_word.html?type=employee&rest_code=00142 HTTP/1.1" 200 105
101.85.93.113 - - [15/Sep/2022:10:51:32 +0800] "GET /xingrg/all/common/auto_word.html?type=employee&rest_code=00142 HTTP/1.1" 200 105
101.85.93.113 - - [15/Sep/2022:10:51:32 +0800] "GET /xingrg/javascript/easyui/plugins/jquery.numberbox.js HTTP/1.1" 304 -
101.85.93.113 - - [15/Sep/2022:10:51:32 +0800] "GET /xingrg/javascript/easyui/themes/icons/edit_remove.png HTTP/1.1" 304 -
101.85.93.113 - - [15/Sep/2022:10:51:34 +0800] "GET /xingrg/javascript/auto/indicator.gif HTTP/1.1" 404 1066
116.232.194.65 - - [15/Sep/2022:10:51:38 +0800] "GET /xingrg/kc/print/load_data.html?order_code=212022091505333&kc_code=cgsh&condition= HTTP/1.1" 200 1010
180.163.29.234 - - [15/Sep/2022:10:51:39 +0800] "GET /xingrg/all/function/internal_message.html?_=1663208098118&CODE_STATE=getMsg HTTP/1.1" 302 -
180.163.29.234 - - [15/Sep/2022:10:51:39 +0800] "GET /xingrg/login.html HTTP/1.1" 200 7641
180.169.147.146 - - [15/Sep/2022:10:51:44 +0800] "GET /xingrg/all/function/internal_message.html?_=1663210303347&CODE_STATE=getMsg HTTP/1.1" 200 27
116.224.255.128 - - [15/Sep/2022:10:51:45 +0800] "GET /xingrg/all/function/internal_message.html?_=1663210304040&CODE_STATE=getMsg HTTP/1.1" 200 27
116.232.194.65 - - [15/Sep/2022:10:51:46 +0800] "GET /xingrg/kc/buy/cgsh_order_add.html HTTP/1.1" 200 68683
116.232.194.65 - - [15/Sep/2022:10:51:46 +0800] "POST /xingrg/kc/buy/cgsh_order_operate.html HTTP/1.1" 200 8245
116.232.194.65 - - [15/Sep/2022:10:51:46 +0800] "GET /xingrg/javascript/easyui/themes/default/validatebox.css HTTP/1.1" 404 1104
101.85.93.113 - - [15/Sep/2022:10:51:47 +0800] "GET /xingrg/kc/buy/cgsh_order_operate.html?command=get_materiel&rest_code=00142&code=00101008005&supplier_code=00100161&order_time=2022-09-15 HTTP/1.1" 200 412
124.78.154.55 - - [15/Sep/2022:10:51:47 +0800] "POST /xingrg/dwr/call/plaincall/AjaxQqpsService.saveOrder.dwr HTTP/1.1" 200 78
180.169.147.146 - - [15/Sep/2022:10:51:48 +0800] "GET /xingrg/all/function/internal_message.html?_=1663210301411&CODE_STATE=getMsg HTTP/1.1" 200 27
116.238.169.132 - - [15/Sep/2022:10:51:49 +0800] "GET /xingrg/all/function/internal_message.html?_=1663210308110&CODE_STATE=getMsg HTTP/1.1" 200 27
116.238.169.132 - - [15/Sep/2022:10:51:50 +0800] "POST /xingrg/kc/buy/cgsh_list_operate.html HTTP/1.1" 200 4644
114.84.5.35 - - [15/Sep/2022:10:51:51 +0800] "GET /xingrg/all/function/internal_message.html?_=1663210306768&CODE_STATE=getMsg HTTP/1.1" 200 27
116.238.169.132 - - [15/Sep/2022:10:51:51 +0800] "GET /xingrg/kc/buy/cgsh_order_list.html HTTP/1.1" 200 52895
114.83.222.183 - - [15/Sep/2022:10:51:51 +0800] "GET /xingrg/all/function/internal_message.html?_=1663210306679&CODE_STATE=getMsg HTTP/1.1" 200 27
116.238.169.132 - - [15/Sep/2022:10:51:51 +0800] "GET /xingrg/all/function/internal_message.html?_=1663210306090&CODE_STATE=getMsg HTTP/1.1" 200 27
116.238.169.132 - - [15/Sep/2022:10:51:52 +0800] "POST /xingrg/kc/buy/cgsh_list_operate.html HTTP/1.1" 200 928
116.238.169.132 - - [15/Sep/2022:10:51:53 +0800] "GET /xingrg/kc/buy/cgsh_order_add.html HTTP/1.1" 200 68712
116.238.169.132 - - [15/Sep/2022:10:51:53 +0800] "POST /xingrg/kc/buy/cgsh_order_operate.html HTTP/1.1" 200 8245
116.238.169.132 - - [15/Sep/2022:10:51:53 +0800] "GET /xingrg/javascript/easyui/themes/default/validatebox.css HTTP/1.1" 404 1104
114.88.158.224 - - [15/Sep/2022:10:51:54 +0800] "GET /xingrg/all/function/internal_message.html?_=1663209963247&CODE_STATE=getMsg HTTP/1.1" 200 27
124.78.154.55 - - [15/Sep/2022:10:51:55 +0800] "POST /xingrg/dwr/call/plaincall/AjaxQqpsService.getMaterielByCode.dwr HTTP/1.1" 200 2711
116.224.255.128 - - [15/Sep/2022:10:51:55 +0800] "GET /xingrg/check_reg.html?_=1663210250688 HTTP/1.1" 200 22
222.70.246.221 - - [15/Sep/2022:10:51:56 +0800] "GET /xingrg/all/function/internal_message.html?_=1663210328391&CODE_STATE=getMsg HTTP/1.1" 200 27
101.85.93.113 - - [15/Sep/2022:10:51:57 +0800] "GET /xingrg/kc/buy/cgsh_order_operate.html?command=get_materiel&rest_code=00142&code=00101008268&supplier_code=00100161&order_time=2022-09-15 HTTP/1.1" 200 408
124.78.154.55 - - [15/Sep/2022:10:51:58 +0800] "POST /xingrg/dwr/call/plaincall/AjaxQqpsService.saveMaterielItem.dwr HTTP/1.1" 200 78
222.70.246.221 - - [15/Sep/2022:10:52:01 +0800] "GET /xingrg/kc/buy/cgsh_order_operate.html?command=get_materiel&rest_code=00146&code=00101008144&supplier_code=00100005&order_time=2022-09-15 HTTP/1.1" 200 412
124.78.154.55 - - [15/Sep/2022:10:52:01 +0800] "GET /xingrg/all/function/internal_message.html?_=1663210317771&CODE_STATE=getMsg HTTP/1.1" 200 27
116.238.169.132 - - [15/Sep/2022:10:52:02 +0800] "GET /xingrg/javascript/easyui/themes/default/tree.css HTTP/1.1" 404 1090
116.238.169.132 - - [15/Sep/2022:10:52:03 +0800] "POST /xingrg/all/common/load_tree.html?tree=supplier_tree_json&isDelete=1 HTTP/1.1" 200 68444
124.78.154.55 - - [15/Sep/2022:10:52:03 +0800] "POST /xingrg/dwr/call/plaincall/AjaxQqpsService.getMaterielByCode.dwr HTTP/1.1" 200 2735
114.88.158.224 - - [15/Sep/2022:10:52:04 +0800] "GET /xingrg/all/function/internal_message.html?_=1663210319777&CODE_STATE=getMsg HTTP/1.1" 200 27
124.79.74.72 - - [15/Sep/2022:10:52:05 +0800] "GET /xingrg/all/function/internal_message.html?_=1663210319827&CODE_STATE=getMsg HTTP/1.1" 200 27
116.238.169.132 - - [15/Sep/2022:10:52:05 +0800] "GET /xingrg/all/function/internal_message.html?_=1663210321730&CODE_STATE=getMsg HTTP/1.1" 200 27
101.85.93.113 - - [15/Sep/2022:10:52:05 +0800] "GET /xingrg/kc/buy/cgsh_order_operate.html?command=get_materiel&rest_code=00142&code=00101008361&supplier_code=00100161&order_time=2022-09-15 HTTP/1.1" 200 408
124.78.154.55 - - [15/Sep/2022:10:52:05 +0800] "POST /xingrg/dwr/call/plaincall/AjaxQqpsService.saveMaterielItem.dwr HTTP/1.1" 200 78
116.232.194.65 - - [15/Sep/2022:10:52:07 +0800] "GET /xingrg/all/function/internal_message.html?_=1663210324119&CODE_STATE=getMsg HTTP/1.1" 200 27
180.163.28.55 - - [15/Sep/2022:10:52:10 +0800] "GET /xingrg/all/function/internal_message.html?_=1663207438097&CODE_STATE=getMsg HTTP/1.1" 302 -
180.163.28.55 - - [15/Sep/2022:10:52:10 +0800] "GET /xingrg/login.html HTTP/1.1" 200 7641
124.78.154.55 - - [15/Sep/2022:10:52:10 +0800] "POST /xingrg/dwr/call/plaincall/AjaxQqpsService.getMaterielByCode.dwr HTTP/1.1" 200 2709
114.83.219.57 - - [15/Sep/2022:10:52:11 +0800] "GET /xingrg/all/function/internal_message.html?_=1663210412773&CODE_STATE=getMsg HTTP/1.1" 200 27
116.225.121.189 - - [15/Sep/2022:10:52:12 +0800] "GET /xingrg/all/function/internal_message.html?_=1663210330508&CODE_STATE=getMsg HTTP/1.1" 200 27
180.169.147.146 - - [15/Sep/2022:10:52:12 +0800] "GET /xingrg/kc/buy/cgsh_order_operate.html?command=get_materiel&rest_code=00147&code=00101008088&supplier_code=00100006&order_time=2022-09-15 HTTP/1.1" 200 408
124.78.154.55 - - [15/Sep/2022:10:52:13 +0800] "POST /xingrg/dwr/call/plaincall/AjaxQqpsService.saveMaterielItem.dwr HTTP/1.1" 200 78
116.224.255.128 - - [15/Sep/2022:10:52:14 +0800] "GET /xingrg/all/function/internal_message.html?_=1663210269468&CODE_STATE=getMsg HTTP/1.1" 200 27
114.84.81.136 - - [15/Sep/2022:10:52:15 +0800] "GET /xingrg/all/function/internal_message.html?_=1663210332200&CODE_STATE=getMsg HTTP/1.1" 200 27
124.78.154.55 - - [15/Sep/2022:10:52:16 +0800] "POST /xingrg/dwr/call/plaincall/AjaxQqpsService.saveOrder.dwr HTTP/1.1" 200 78
101.85.93.113 - - [15/Sep/2022:10:52:18 +0800] "GET /xingrg/all/function/internal_message.html?_=1663210336184&CODE_STATE=getMsg HTTP/1.1" 200 27
124.78.154.55 - - [15/Sep/2022:10:52:18 +0800] "POST /xingrg/dwr/call/plaincall/AjaxQqpsService.saveOrder.dwr HTTP/1.1" 200 78
180.169.147.146 - - [15/Sep/2022:10:52:21 +0800] "GET /xingrg/kc/buy/cgsh_order_operate.html?command=get_materiel&rest_code=00147&code=00101008163&supplier_code=00100006&order_time=2022-09-15 HTTP/1.1" 200 409
222.70.246.221 - - [15/Sep/2022:10:52:23 +0800] "GET /xingrg/kc/buy/cgsh_order_operate.html?command=get_materiel&rest_code=00146&code=00101008264&supplier_code=00100005&order_time=2022-09-15 HTTP/1.1" 200 412
116.232.194.65 - - [15/Sep/2022:10:52:27 +0800] "GET /xingrg/kc/buy/cgsh_order_operate.html?command=get_materiel&rest_code=00155&code=00101016025&supplier_code=00100037&order_time=2022-09-15 HTTP/1.1" 200 408
116.238.169.132 - - [15/Sep/2022:10:52:30 +0800] "GET /xingrg/javascript/auto/indicator.gif HTTP/1.1" 404 1066
124.78.154.55 - - [15/Sep/2022:10:52:33 +0800] "GET /xingrg/kc/buy/buy_main.html HTTP/1.1" 200 12412
124.78.154.55 - - [15/Sep/2022:10:52:33 +0800] "GET /xingrg/css/new_ie.css HTTP/1.1" 404 1036
116.238.169.132 - - [15/Sep/2022:10:52:33 +0800] "POST /xingrg/kc/buy/cgsh_list_operate.html HTTP/1.1" 200 212
116.238.169.132 - - [15/Sep/2022:10:52:34 +0800] "GET /xingrg/kc/buy/cgsh_order_operate.html?command=get_materiel&rest_code=00102&code=00101009109&supplier_code=00100026&order_time=2022-09-15 HTTP/1.1" 200 413
124.78.154.55 - - [15/Sep/2022:10:52:35 +0800] "GET /xingrg/kc/buy/cgsh_order_list.html HTTP/1.1" 200 52895
116.238.169.132 - - [15/Sep/2022:10:52:35 +0800] "POST /xingrg/kc/buy/cgsh_list_operate.html HTTP/1.1" 200 205
116.238.169.132 - - [15/Sep/2022:10:52:35 +0800] "GET /xingrg/kc/buy/cgsh_order_info.html?code=212022091505332 HTTP/1.1" 200 63623
116.238.169.132 - - [15/Sep/2022:10:52:36 +0800] "GET /xingrg/javascript/easyui/themes/default/validatebox.css HTTP/1.1" 404 1104
124.78.154.55 - - [15/Sep/2022:10:52:36 +0800] "POST /xingrg/kc/buy/cgsh_list_operate.html HTTP/1.1" 200 928
116.238.169.132 - - [15/Sep/2022:10:52:36 +0800] "POST /xingrg/kc/buy/cgsh_order_operate.html HTTP/1.1" 200 612
124.78.154.55 - - [15/Sep/2022:10:52:38 +0800] "GET /xingrg/kc/buy/cgsh_order_add.html HTTP/1.1" 200 68677
124.78.154.55 - - [15/Sep/2022:10:52:38 +0800] "POST /xingrg/kc/buy/cgsh_order_operate.html HTTP/1.1" 200 8245
124.78.154.55 - - [15/Sep/2022:10:52:38 +0800] "GET /xingrg/javascript/easyui/themes/default/validatebox.css HTTP/1.1" 404 1104
222.70.246.221 - - [15/Sep/2022:10:52:40 +0800] "GET /xingrg/kc/buy/cgsh_order_operate.html?command=get_materiel&rest_code=00146&code=00101015004&supplier_code=00100005&order_time=2022-09-15 HTTP/1.1" 200 408
180.163.28.114 - - [15/Sep/2022:10:52:40 +0800] "GET /xingrg/check_reg.html?_=1663207978118 HTTP/1.1" 302 -
180.163.28.114 - - [15/Sep/2022:10:52:40 +0800] "GET /xingrg/login.html HTTP/1.1" 200 7641
124.78.154.55 - - [15/Sep/2022:10:52:41 +0800] "GET /xingrg/javascript/easyui/themes/default/tree.css HTTP/1.1" 404 1090
124.78.154.55 - - [15/Sep/2022:10:52:41 +0800] "POST /xingrg/all/common/load_tree.html?tree=supplier_tree_json&isDelete=1 HTTP/1.1" 200 68444
180.169.147.146 - - [15/Sep/2022:10:52:44 +0800] "GET /xingrg/all/function/internal_message.html?_=1663210363317&CODE_STATE=getMsg HTTP/1.1" 200 27
116.238.169.132 - - [15/Sep/2022:10:52:45 +0800] "GET /xingrg/kc/buy/cgsh_order_list.html HTTP/1.1" 200 52895
116.224.255.128 - - [15/Sep/2022:10:52:45 +0800] "GET /xingrg/all/function/internal_message.html?_=1663210364040&CODE_STATE=getMsg HTTP/1.1" 200 27
116.238.169.132 - - [15/Sep/2022:10:52:46 +0800] "POST /xingrg/kc/buy/cgsh_list_operate.html HTTP/1.1" 200 928
116.238.169.132 - - [15/Sep/2022:10:52:47 +0800] "GET /xingrg/kc/buy/cgsh_order_add.html HTTP/1.1" 200 68718
116.238.169.132 - - [15/Sep/2022:10:52:47 +0800] "POST /xingrg/kc/buy/cgsh_order_operate.html HTTP/1.1" 200 8245
116.238.169.132 - - [15/Sep/2022:10:52:47 +0800] "GET /xingrg/javascript/easyui/themes/default/validatebox.css HTTP/1.1" 404 1104
124.78.154.55 - - [15/Sep/2022:10:52:48 +0800] "GET /xingrg/javascript/auto/indicator.gif HTTP/1.1" 404 1066
180.169.147.146 - - [15/Sep/2022:10:52:48 +0800] "GET /xingrg/all/function/internal_message.html?_=1663210361412&CODE_STATE=getMsg HTTP/1.1" 200 27
116.238.169.132 - - [15/Sep/2022:10:52:49 +0800] "GET /xingrg/all/function/internal_message.html?_=1663210368105&CODE_STATE=getMsg HTTP/1.1" 200 27
