116.232.194.65 - - [15/Sep/2022:12:27:28 +0800] "GET /xingrg/check_reg.html?_=1663216045082 HTTP/1.1" 200 22
114.84.5.35 - - [15/Sep/2022:12:27:32 +0800] "POST /xingrg/kc/buy/cgsh_order_operate.html HTTP/1.1" 200 37
114.84.5.35 - - [15/Sep/2022:12:27:34 +0800] "POST /xingrg/kc/buy/cgsh_order_operate.html HTTP/1.1" 200 2665
114.84.5.35 - - [15/Sep/2022:12:27:36 +0800] "GET /xingrg/kc/print/load_data.html?order_code=212022091505396&kc_code=cgsh&condition= HTTP/1.1" 200 745
116.232.194.65 - - [15/Sep/2022:12:27:36 +0800] "POST /xingrg/dwr/call/plaincall/AjaxYddbService.checkOrder.dwr HTTP/1.1" 200 78
116.232.194.65 - - [15/Sep/2022:12:27:38 +0800] "GET /xingrg/kc/base/yddb_order_info.html?code=482022091500179 HTTP/1.1" 200 29589
116.232.194.65 - - [15/Sep/2022:12:27:38 +0800] "GET /xingrg/dwr/interface/AjaxYddbService.js HTTP/1.1" 200 13201
116.232.194.65 - - [15/Sep/2022:12:27:38 +0800] "GET /xingrg/dwr/interface/AjaxComOrderService.js HTTP/1.1" 200 18264
116.232.194.65 - - [15/Sep/2022:12:27:38 +0800] "GET /xingrg/dwr/engine.js HTTP/1.1" 200 43631
116.232.194.65 - - [15/Sep/2022:12:27:38 +0800] "POST /xingrg/dwr/call/plaincall/AjaxYddbService.loadMaterielItems.dwr HTTP/1.1" 200 389
114.88.158.224 - - [15/Sep/2022:12:27:40 +0800] "POST /xingrg/dwr/call/plaincall/AjaxBaseInfoService.searchMateriels.dwr HTTP/1.1" 200 313
114.84.5.35 - - [15/Sep/2022:12:27:43 +0800] "GET /xingrg/kc/buy/cgsh_order_add.html HTTP/1.1" 200 68633
114.88.158.224 - - [15/Sep/2022:12:27:43 +0800] "GET /xingrg/system/info/materiel_info.html?code=02015023 HTTP/1.1" 200 36584
114.88.158.224 - - [15/Sep/2022:12:27:43 +0800] "GET /xingrg/dwr/interface/AjaxGetFirstChart.js HTTP/1.1" 200 631
114.88.158.224 - - [15/Sep/2022:12:27:43 +0800] "GET /xingrg/dwr/engine.js HTTP/1.1" 200 43631
114.88.158.224 - - [15/Sep/2022:12:27:43 +0800] "GET /xingrg/javascript/checkform.js HTTP/1.1" 200 18351
114.88.158.224 - - [15/Sep/2022:12:27:43 +0800] "POST /xingrg/all/common/load_tree.html?tree=area_rest_tree_json HTTP/1.1" 200 3472
114.88.158.224 - - [15/Sep/2022:12:27:43 +0800] "GET /favicon.ico HTTP/1.1" 404 -
114.88.158.224 - - [15/Sep/2022:12:27:43 +0800] "POST /xingrg/dwr/call/plaincall/AjaxBaseInfoService.getMaterielInfo.dwr HTTP/1.1" 200 585
114.88.158.224 - - [15/Sep/2022:12:27:43 +0800] "POST /xingrg/all/common/load_tree.html?tree=area_rest_tree_json&defaultRests=undefined HTTP/1.1" 200 3472
114.84.5.35 - - [15/Sep/2022:12:27:43 +0800] "POST /xingrg/kc/buy/cgsh_order_operate.html HTTP/1.1" 200 8245
114.84.5.35 - - [15/Sep/2022:12:27:43 +0800] "GET /xingrg/javascript/easyui/themes/default/validatebox.css HTTP/1.1" 404 1104
116.232.194.65 - - [15/Sep/2022:12:27:44 +0800] "GET /xingrg/kc/base/yddb_order_add.html HTTP/1.1" 200 29837
116.232.194.65 - - [15/Sep/2022:12:27:44 +0800] "GET /xingrg/dwr/interface/AjaxComOrderService.js HTTP/1.1" 200 18264
116.232.194.65 - - [15/Sep/2022:12:27:44 +0800] "GET /xingrg/dwr/interface/AjaxYddbService.js HTTP/1.1" 200 13201
116.232.194.65 - - [15/Sep/2022:12:27:44 +0800] "GET /xingrg/dwr/engine.js HTTP/1.1" 200 43631
116.232.194.65 - - [15/Sep/2022:12:27:48 +0800] "POST /xingrg/dwr/call/plaincall/AjaxYddbService.getRestBases.dwr HTTP/1.1" 200 1067
116.238.169.132 - - [15/Sep/2022:12:27:48 +0800] "GET /xingrg/all/function/internal_message.html?_=1663216064825&CODE_STATE=getMsg HTTP/1.1" 200 27
180.169.147.146 - - [15/Sep/2022:12:27:49 +0800] "GET /xingrg/all/function/internal_message.html?_=1663216068471&CODE_STATE=getMsg HTTP/1.1" 200 27
116.238.169.132 - - [15/Sep/2022:12:27:50 +0800] "GET /xingrg/all/function/internal_message.html?_=1663216064710&CODE_STATE=getMsg HTTP/1.1" 200 27
116.232.194.65 - - [15/Sep/2022:12:27:55 +0800] "POST /xingrg/dwr/call/plaincall/AjaxYddbService.saveOrder.dwr HTTP/1.1" 200 78
114.88.158.224 - - [15/Sep/2022:12:27:58 +0800] "POST /xingrg/dwr/call/plaincall/AjaxBaseInfoService.getSubMaterielSorts.dwr HTTP/1.1" 200 3802
114.88.158.224 - - [15/Sep/2022:12:27:59 +0800] "GET /xingrg/images/xtree/blank.png HTTP/1.1" 200 144
114.88.158.224 - - [15/Sep/2022:12:27:59 +0800] "GET /xingrg/images/xtree/file.png HTTP/1.1" 200 251
114.88.158.224 - - [15/Sep/2022:12:27:59 +0800] "GET /xingrg/images/xtree/T.png HTTP/1.1" 200 152
114.88.158.224 - - [15/Sep/2022:12:27:59 +0800] "GET /xingrg/images/xtree/L.png HTTP/1.1" 200 153
114.88.158.224 - - [15/Sep/2022:12:27:59 +0800] "GET /xingrg/images/xtree/Lminus.png HTTP/1.1" 200 219
114.88.158.224 - - [15/Sep/2022:12:27:59 +0800] "POST /xingrg/dwr/call/plaincall/AjaxBaseInfoService.searchMateriels.dwr HTTP/1.1" 200 2743
116.232.194.65 - - [15/Sep/2022:12:27:59 +0800] "POST /xingrg/dwr/call/plaincall/AjaxComOrderService.getMaterielSearchList.dwr HTTP/1.1" 200 76
116.232.194.65 - - [15/Sep/2022:12:28:00 +0800] "POST /xingrg/dwr/call/plaincall/AjaxComOrderService.getMaterielSearchList.dwr HTTP/1.1" 200 76
180.169.147.146 - - [15/Sep/2022:12:28:00 +0800] "GET /xingrg/all/function/internal_message.html?_=1663216073334&CODE_STATE=getMsg HTTP/1.1" 200 27
116.224.255.128 - - [15/Sep/2022:12:28:00 +0800] "GET /xingrg/all/function/internal_message.html?_=1663216078877&CODE_STATE=getMsg HTTP/1.1" 200 27
116.224.255.128 - - [15/Sep/2022:12:28:00 +0800] "GET /xingrg/check_reg.html?_=1663216078868 HTTP/1.1" 200 22
116.232.194.65 - - [15/Sep/2022:12:28:00 +0800] "POST /xingrg/dwr/call/plaincall/AjaxComOrderService.getMaterielSearchList.dwr HTTP/1.1" 200 272
116.232.194.65 - - [15/Sep/2022:12:28:01 +0800] "POST /xingrg/dwr/call/plaincall/AjaxYddbService.getMaterielByMap.dwr HTTP/1.1" 200 2765
114.84.5.35 - - [15/Sep/2022:12:28:01 +0800] "GET /xingrg/kc/buy/cgsh_order_operate.html?command=get_materiel&rest_code=00111&code=00101003037&supplier_code=00100091&order_time=2022-09-15 HTTP/1.1" 200 438
114.88.158.224 - - [15/Sep/2022:12:28:04 +0800] "GET /xingrg/all/function/internal_message.html?_=1663216079997&CODE_STATE=getMsg HTTP/1.1" 200 27
124.79.74.72 - - [15/Sep/2022:12:28:05 +0800] "GET /xingrg/check_reg.html?_=1663216079810 HTTP/1.1" 302 -
124.79.74.72 - - [15/Sep/2022:12:28:05 +0800] "GET /xingrg/all/function/internal_message.html?_=1663216079811&CODE_STATE=getMsg HTTP/1.1" 302 -
180.169.147.146 - - [15/Sep/2022:12:28:06 +0800] "GET /xingrg/check_reg.html?_=1663216084092 HTTP/1.1" 200 22
116.232.194.65 - - [15/Sep/2022:12:28:06 +0800] "POST /xingrg/dwr/call/plaincall/AjaxYddbService.saveMaterielItem.dwr HTTP/1.1" 200 78
180.169.147.146 - - [15/Sep/2022:12:28:06 +0800] "GET /xingrg/check_reg.html?_=1663216084504 HTTP/1.1" 200 22
116.232.194.65 - - [15/Sep/2022:12:28:07 +0800] "GET /xingrg/all/function/internal_message.html?_=1663216084124&CODE_STATE=getMsg HTTP/1.1" 200 27
116.232.194.65 - - [15/Sep/2022:12:28:07 +0800] "POST /xingrg/dwr/call/plaincall/AjaxComOrderService.getMaterielSearchList.dwr HTTP/1.1" 200 76
116.232.194.65 - - [15/Sep/2022:12:28:07 +0800] "GET /xingrg/check_reg.html?_=1663216084128 HTTP/1.1" 200 22
114.88.158.224 - - [15/Sep/2022:12:28:07 +0800] "POST /xingrg/dwr/call/plaincall/AjaxBaseInfoService.getMateriels.dwr HTTP/1.1" 200 3017
222.70.246.221 - - [15/Sep/2022:12:28:09 +0800] "GET /xingrg/all/function/internal_message.html?_=1663216101364&CODE_STATE=getMsg HTTP/1.1" 200 27
114.88.158.224 - - [15/Sep/2022:12:28:10 +0800] "GET /xingrg/system/info/materiel_info.html?code=00102002&isAdd=1 HTTP/1.1" 200 36584
114.88.158.224 - - [15/Sep/2022:12:28:10 +0800] "GET /xingrg/dwr/engine.js HTTP/1.1" 200 43631
114.88.158.224 - - [15/Sep/2022:12:28:10 +0800] "GET /favicon.ico HTTP/1.1" 404 -
114.88.158.224 - - [15/Sep/2022:12:28:10 +0800] "POST /xingrg/all/common/load_tree.html?tree=area_rest_tree_json HTTP/1.1" 200 3472
114.88.158.224 - - [15/Sep/2022:12:28:10 +0800] "POST /xingrg/dwr/call/plaincall/AjaxBaseInfoService.getMaterielInfo.dwr HTTP/1.1" 200 232
116.232.194.65 - - [15/Sep/2022:12:28:10 +0800] "POST /xingrg/dwr/call/plaincall/AjaxComOrderService.getMaterielSearchList.dwr HTTP/1.1" 200 76
114.83.219.57 - - [15/Sep/2022:12:28:11 +0800] "GET /xingrg/all/function/internal_message.html?_=1663216172774&CODE_STATE=getMsg HTTP/1.1" 200 27
116.232.194.65 - - [15/Sep/2022:12:28:11 +0800] "POST /xingrg/dwr/call/plaincall/AjaxComOrderService.getMaterielSearchList.dwr HTTP/1.1" 200 76
116.235.94.249 - - [15/Sep/2022:12:28:12 +0800] "GET /xingrg/check_reg.html?_=1663216285273 HTTP/1.1" 200 22
116.235.94.249 - - [15/Sep/2022:12:28:12 +0800] "GET /xingrg/all/function/internal_message.html?_=1663216285350&CODE_STATE=getMsg HTTP/1.1" 200 27
116.225.121.189 - - [15/Sep/2022:12:28:12 +0800] "GET /xingrg/all/function/internal_message.html?_=1663216090605&CODE_STATE=getMsg HTTP/1.1" 200 27
116.232.194.65 - - [15/Sep/2022:12:28:13 +0800] "POST /xingrg/dwr/call/plaincall/AjaxComOrderService.getMaterielSearchList.dwr HTTP/1.1" 200 2710
114.84.81.136 - - [15/Sep/2022:12:28:15 +0800] "GET /xingrg/all/function/internal_message.html?_=1663216092213&CODE_STATE=getMsg HTTP/1.1" 200 27
116.224.255.128 - - [15/Sep/2022:12:28:16 +0800] "GET /xingrg/all/function/internal_message.html?_=1663216031365&CODE_STATE=getMsg HTTP/1.1" 200 27
116.232.194.65 - - [15/Sep/2022:12:28:16 +0800] "POST /xingrg/dwr/call/plaincall/AjaxComOrderService.getMaterielSearchList.dwr HTTP/1.1" 200 475159
116.232.194.65 - - [15/Sep/2022:12:28:16 +0800] "POST /xingrg/dwr/call/plaincall/AjaxComOrderService.getMaterielSearchList.dwr HTTP/1.1" 200 77
116.232.194.65 - - [15/Sep/2022:12:28:17 +0800] "POST /xingrg/dwr/call/plaincall/AjaxComOrderService.getMaterielSearchList.dwr HTTP/1.1" 200 77
114.84.5.35 - - [15/Sep/2022:12:28:17 +0800] "POST /xingrg/kc/buy/cgsh_order_operate.html HTTP/1.1" 200 37
116.232.194.65 - - [15/Sep/2022:12:28:18 +0800] "POST /xingrg/dwr/call/plaincall/AjaxComOrderService.getMaterielSearchList.dwr HTTP/1.1" 200 77
101.85.93.113 - - [15/Sep/2022:12:28:18 +0800] "GET /xingrg/all/function/internal_message.html?_=1663216096240&CODE_STATE=getMsg HTTP/1.1" 200 27
101.85.93.113 - - [15/Sep/2022:12:28:18 +0800] "GET /xingrg/check_reg.html?_=1663216096238 HTTP/1.1" 200 22
116.232.194.65 - - [15/Sep/2022:12:28:19 +0800] "POST /xingrg/dwr/call/plaincall/AjaxComOrderService.getMaterielSearchList.dwr HTTP/1.1" 200 278
114.84.5.35 - - [15/Sep/2022:12:28:19 +0800] "POST /xingrg/kc/buy/cgsh_order_operate.html HTTP/1.1" 200 2664
116.232.194.65 - - [15/Sep/2022:12:28:20 +0800] "POST /xingrg/dwr/call/plaincall/AjaxYddbService.getMaterielByMap.dwr HTTP/1.1" 200 2765
116.238.169.132 - - [15/Sep/2022:12:28:20 +0800] "GET /xingrg/login.html HTTP/1.1" 200 7641
114.84.5.35 - - [15/Sep/2022:12:28:21 +0800] "GET /xingrg/kc/print/load_data.html?order_code=212022091505397&kc_code=cgsh&condition= HTTP/1.1" 200 750
116.238.169.132 - - [15/Sep/2022:12:28:21 +0800] "GET /favicon.ico HTTP/1.1" 404 -
114.88.158.224 - - [15/Sep/2022:12:28:22 +0800] "POST /xingrg/dwr/call/plaincall/AjaxBaseInfoService.getMateriels.dwr HTTP/1.1" 200 2926
124.78.154.55 - - [15/Sep/2022:12:28:23 +0800] "GET /xingrg/all/function/internal_message.html?_=1663216098954&CODE_STATE=getMsg HTTP/1.1" 200 27
114.88.158.224 - - [15/Sep/2022:12:28:23 +0800] "GET /xingrg/system/info/materiel_info.html?code=00102003&isAdd=1 HTTP/1.1" 200 36584
114.88.158.224 - - [15/Sep/2022:12:28:23 +0800] "GET /xingrg/dwr/engine.js HTTP/1.1" 200 43631
114.88.158.224 - - [15/Sep/2022:12:28:24 +0800] "GET /favicon.ico HTTP/1.1" 404 -
114.88.158.224 - - [15/Sep/2022:12:28:24 +0800] "POST /xingrg/all/common/load_tree.html?tree=area_rest_tree_json HTTP/1.1" 200 3472
114.88.158.224 - - [15/Sep/2022:12:28:24 +0800] "POST /xingrg/dwr/call/plaincall/AjaxBaseInfoService.getMaterielInfo.dwr HTTP/1.1" 200 216
114.88.158.224 - - [15/Sep/2022:12:28:24 +0800] "POST /xingrg/all/common/load_tree.html?tree=area_rest_tree_json&defaultRests=undefined HTTP/1.1" 200 3472
116.232.194.65 - - [15/Sep/2022:12:28:24 +0800] "POST /xingrg/dwr/call/plaincall/AjaxYddbService.saveMaterielItem.dwr HTTP/1.1" 200 79
58.35.213.73 - - [15/Sep/2022:12:28:24 +0800] "GET /xingrg/all/function/internal_message.html?_=1663216102698&CODE_STATE=getMsg HTTP/1.1" 200 27
114.88.158.224 - - [15/Sep/2022:12:28:24 +0800] "GET /xingrg/kc/buy/cgsh_order_operate.html?command=get_materiel&rest_code=00141&code=00101003037&supplier_code=00100088&order_time=2022-09-15 HTTP/1.1" 200 436
116.232.194.65 - - [15/Sep/2022:12:28:25 +0800] "POST /xingrg/dwr/call/plaincall/AjaxComOrderService.getMaterielSearchList.dwr HTTP/1.1" 200 77
58.35.213.73 - - [15/Sep/2022:12:28:25 +0800] "GET /xingrg/javascript/jquery_easy_ui/themes/default/images/tabs_active.png HTTP/1.1" 200 2894
116.238.169.132 - - [15/Sep/2022:12:28:29 +0800] "POST /xingrg/login.do HTTP/1.1" 302 -
116.238.169.132 - - [15/Sep/2022:12:28:29 +0800] "GET /xingrg/index.html?sysBaseUrl=http%3A%2F%2F180.169.147.146%3A18081%2Fxingrg%2F&costTime=40×tamp=1663216109762 HTTP/1.1" 200 17413
116.238.169.132 - - [15/Sep/2022:12:28:29 +0800] "GET /favicon.ico HTTP/1.1" 404 -
116.238.169.132 - - [15/Sep/2022:12:28:29 +0800] "POST /xingrg/all/common/load_tree.html?tree=area_rest_tree_json&manage=1 HTTP/1.1" 200 342
116.238.169.132 - - [15/Sep/2022:12:28:29 +0800] "GET /xingrg/all/function/internal_message.html?_=1663216107615&CODE_STATE=count HTTP/1.1" 200 11
116.238.169.132 - - [15/Sep/2022:12:28:30 +0800] "POST /xingrg/load_menu.html HTTP/1.1" 200 9959
116.238.169.132 - - [15/Sep/2022:12:28:30 +0800] "GET /xingrg/check_reg.html?_=1663216107616 HTTP/1.1" 200 22
114.88.158.224 - - [15/Sep/2022:12:28:30 +0800] "POST /xingrg/dwr/call/plaincall/AjaxGetFirstChart.getFirstChart.dwr HTTP/1.1" 200 78
114.84.5.35 - - [15/Sep/2022:12:28:30 +0800] "GET /xingrg/kc/buy/cgsh_order_add.html HTTP/1.1" 200 68633
116.238.169.132 - - [15/Sep/2022:12:28:31 +0800] "GET /xingrg/kc/report/report_main.html HTTP/1.1" 200 7340
114.84.5.35 - - [15/Sep/2022:12:28:31 +0800] "POST /xingrg/kc/buy/cgsh_order_operate.html HTTP/1.1" 200 8245
114.84.5.35 - - [15/Sep/2022:12:28:31 +0800] "GET /xingrg/javascript/easyui/themes/default/validatebox.css HTTP/1.1" 404 1104
116.238.169.132 - - [15/Sep/2022:12:28:33 +0800] "GET /xingrg/all/report/report_query.html?fileName=kc/buy/gys_amount.xml&rh=99999 HTTP/1.1" 200 52006
116.238.169.132 - - [15/Sep/2022:12:28:33 +0800] "GET /xingrg/dwr/interface/AjaxReportQueryService.js HTTP/1.1" 200 13203
116.238.169.132 - - [15/Sep/2022:12:28:33 +0800] "GET /xingrg/dwr/util.js HTTP/1.1" 304 -
116.238.169.132 - - [15/Sep/2022:12:28:33 +0800] "GET /xingrg/dwr/engine.js HTTP/1.1" 200 43631
114.84.5.35 - - [15/Sep/2022:12:28:33 +0800] "GET /xingrg/all/function/internal_message.html?_=1663216109145&CODE_STATE=getMsg HTTP/1.1" 200 27
116.238.169.132 - - [15/Sep/2022:12:28:33 +0800] "POST /xingrg/dwr/call/plaincall/AjaxReportQueryService.getFixDate.dwr HTTP/1.1" 200 111
116.238.169.132 - - [15/Sep/2022:12:28:34 +0800] "POST /xingrg/all/common/load_tree.html?tree=supplier_tree_json&manage=1 HTTP/1.1" 200 69780
116.238.169.132 - - [15/Sep/2022:12:28:34 +0800] "POST /xingrg/all/common/load_tree.html?tree=materiel_sort_tree_json HTTP/1.1" 200 9500
116.238.169.132 - - [15/Sep/2022:12:28:35 +0800] "POST /xingrg/dwr/call/plaincall/AjaxReportQueryService.getInitString.dwr HTTP/1.1" 200 1035
114.84.5.35 - - [15/Sep/2022:12:28:43 +0800] "GET /xingrg/kc/buy/cgsh_order_operate.html?command=get_materiel&rest_code=00111&code=00101002038&supplier_code=00100087&order_time=2022-09-15 HTTP/1.1" 200 418
114.88.158.224 - - [15/Sep/2022:12:28:47 +0800] "POST /xingrg/dwr/call/plaincall/AjaxBaseInfoService.changeUnitGroup.dwr HTTP/1.1" 200 243
116.238.169.132 - - [15/Sep/2022:12:28:48 +0800] "GET /xingrg/check_reg.html?_=1663216124831 HTTP/1.1" 200 22
116.238.169.132 - - [15/Sep/2022:12:28:48 +0800] "GET /xingrg/all/function/internal_message.html?_=1663216124834&CODE_STATE=getMsg HTTP/1.1" 200 27
180.169.147.146 - - [15/Sep/2022:12:28:49 +0800] "GET /xingrg/all/function/internal_message.html?_=1663216128470&CODE_STATE=getMsg HTTP/1.1" 200 27
114.88.158.224 - - [15/Sep/2022:12:28:50 +0800] "POST /xingrg/kc/buy/cgsh_order_operate.html HTTP/1.1" 200 37
116.238.169.132 - - [15/Sep/2022:12:28:50 +0800] "GET /xingrg/all/function/internal_message.html?_=1663216124693&CODE_STATE=getMsg HTTP/1.1" 200 27
114.88.158.224 - - [15/Sep/2022:12:28:55 +0800] "POST /xingrg/dwr/call/plaincall/AjaxBaseInfoService.saveMateriel.dwr HTTP/1.1" 200 109
114.88.158.224 - - [15/Sep/2022:12:28:55 +0800] "POST /xingrg/dwr/call/plaincall/AjaxBaseInfoService.getMateriels.dwr HTTP/1.1" 200 2926
114.88.158.224 - - [15/Sep/2022:12:28:55 +0800] "POST /xingrg/kc/buy/cgsh_order_operate.html HTTP/1.1" 200 12
114.88.158.224 - - [15/Sep/2022:12:28:57 +0800] "GET /xingrg/kc/buy/cgsh_order_info.html?code=212022091505398 HTTP/1.1" 200 63582
114.88.158.224 - - [15/Sep/2022:12:28:57 +0800] "GET /xingrg/words/20220915122855_words.js HTTP/1.1" 200 921161
114.88.158.224 - - [15/Sep/2022:12:28:58 +0800] "GET /xingrg/javascript/easyui/themes/default/validatebox.css HTTP/1.1" 404 1104
114.88.158.224 - - [15/Sep/2022:12:28:59 +0800] "POST /xingrg/kc/buy/cgsh_order_operate.html HTTP/1.1" 200 614
114.84.5.35 - - [15/Sep/2022:12:29:00 +0800] "GET /xingrg/kc/buy/cgsh_order_operate.html?command=get_materiel&rest_code=00111&code=00101002002&supplier_code=00100087&order_time=2022-09-15 HTTP/1.1" 200 422
180.169.147.146 - - [15/Sep/2022:12:29:00 +0800] "GET /xingrg/all/function/internal_message.html?_=1663216133330&CODE_STATE=getMsg HTTP/1.1" 200 27
116.224.255.128 - - [15/Sep/2022:12:29:00 +0800] "GET /xingrg/all/function/internal_message.html?_=1663216138892&CODE_STATE=getMsg HTTP/1.1" 200 27
114.88.158.224 - - [15/Sep/2022:12:29:03 +0800] "GET /xingrg/kc/print/load_data.html?order_code=212022091505398&kc_code=cgsh&condition= HTTP/1.1" 200 790
114.88.158.224 - - [15/Sep/2022:12:29:03 +0800] "GET /xingrg/check_reg.html?_=1663215792563 HTTP/1.1" 200 22
114.88.158.224 - - [15/Sep/2022:12:29:04 +0800] "GET /xingrg/all/function/internal_message.html?_=1663216140029&CODE_STATE=getMsg HTTP/1.1" 200 27
124.79.74.72 - - [15/Sep/2022:12:29:05 +0800] "GET /xingrg/all/function/internal_message.html?_=1663216139811&CODE_STATE=getMsg HTTP/1.1" 302 -
116.232.194.65 - - [15/Sep/2022:12:29:07 +0800] "GET /xingrg/all/function/internal_message.html?_=1663216144117&CODE_STATE=getMsg HTTP/1.1" 200 27
222.70.246.221 - - [15/Sep/2022:12:29:10 +0800] "GET /xingrg/all/function/internal_message.html?_=1663216161628&CODE_STATE=getMsg HTTP/1.1" 200 27
114.83.219.57 - - [15/Sep/2022:12:29:11 +0800] "GET /xingrg/check_reg.html?_=1663216232776 HTTP/1.1" 200 22
114.83.219.57 - - [15/Sep/2022:12:29:11 +0800] "GET /xingrg/all/function/internal_message.html?_=1663216232777&CODE_STATE=getMsg HTTP/1.1" 200 27
116.235.94.249 - - [15/Sep/2022:12:29:12 +0800] "GET /xingrg/all/function/internal_message.html?_=1663216345330&CODE_STATE=getMsg HTTP/1.1" 200 27
116.225.121.189 - - [15/Sep/2022:12:29:12 +0800] "GET /xingrg/all/function/internal_message.html?_=1663216150619&CODE_STATE=getMsg HTTP/1.1" 200 27
114.84.81.136 - - [15/Sep/2022:12:29:14 +0800] "GET /xingrg/check_reg.html?_=1663216150131 HTTP/1.1" 200 22
114.84.81.136 - - [15/Sep/2022:12:29:15 +0800] "GET /xingrg/all/function/internal_message.html?_=1663216152207&CODE_STATE=getMsg HTTP/1.1" 200 27
116.224.255.128 - - [15/Sep/2022:12:29:16 +0800] "GET /xingrg/all/function/internal_message.html?_=1663216091395&CODE_STATE=getMsg HTTP/1.1" 200 27
101.85.93.113 - - [15/Sep/2022:12:29:18 +0800] "GET /xingrg/all/function/internal_message.html?_=1663216156238&CODE_STATE=getMsg HTTP/1.1" 200 27
114.84.5.35 - - [15/Sep/2022:12:29:22 +0800] "POST /xingrg/kc/buy/cgsh_order_operate.html HTTP/1.1" 200 37
124.78.154.55 - - [15/Sep/2022:12:29:23 +0800] "GET /xingrg/check_reg.html?_=1663216158958 HTTP/1.1" 200 22
124.78.154.55 - - [15/Sep/2022:12:29:23 +0800] "GET /xingrg/all/function/internal_message.html?_=1663216158955&CODE_STATE=getMsg HTTP/1.1" 200 27
58.35.213.73 - - [15/Sep/2022:12:29:24 +0800] "GET /xingrg/all/function/internal_message.html?_=1663216162701&CODE_STATE=getMsg HTTP/1.1" 200 27
114.84.5.35 - - [15/Sep/2022:12:29:24 +0800] "POST /xingrg/kc/buy/cgsh_order_operate.html HTTP/1.1" 200 3267
114.84.5.35 - - [15/Sep/2022:12:29:25 +0800] "GET /xingrg/kc/print/load_data.html?order_code=212022091505399&kc_code=cgsh&condition= HTTP/1.1" 200 968
116.238.169.132 - - [15/Sep/2022:12:29:29 +0800] "GET /xingrg/all/function/internal_message.html?_=1663216167619&CODE_STATE=getMsg HTTP/1.1" 200 27
114.84.5.35 - - [15/Sep/2022:12:29:32 +0800] "GET /xingrg/kc/buy/cgsh_order_add.html HTTP/1.1" 200 68633
114.84.5.35 - - [15/Sep/2022:12:29:32 +0800] "GET /xingrg/words/20220915122855_words.js HTTP/1.1" 200 921161
114.84.5.35 - - [15/Sep/2022:12:29:33 +0800] "POST /xingrg/kc/buy/cgsh_order_operate.html HTTP/1.1" 200 8245
114.84.5.35 - - [15/Sep/2022:12:29:33 +0800] "GET /xingrg/javascript/easyui/themes/default/validatebox.css HTTP/1.1" 404 1104
116.224.255.128 - - [15/Sep/2022:12:29:33 +0800] "POST /xingrg/services/DataTransmitService HTTP/1.1" 200 524
116.224.255.128 - - [15/Sep/2022:12:29:33 +0800] "POST /xingrg/services/DataTransmitService HTTP/1.1" 200 412
114.84.5.35 - - [15/Sep/2022:12:29:33 +0800] "GET /xingrg/all/function/internal_message.html?_=1663216169150&CODE_STATE=getMsg HTTP/1.1" 200 27
222.70.246.221 - - [15/Sep/2022:12:29:43 +0800] "GET /xingrg/check_reg.html?_=1663216195151 HTTP/1.1" 200 22
114.84.5.35 - - [15/Sep/2022:12:29:44 +0800] "GET /xingrg/kc/buy/cgsh_order_operate.html?command=get_materiel&rest_code=00111&code=00101004034&supplier_code=00100085&order_time=2022-09-15 HTTP/1.1" 200 418
114.88.158.224 - - [15/Sep/2022:12:29:46 +0800] "GET /xingrg/kc/buy/cgsh_order_add.html HTTP/1.1" 200 68677
114.88.158.224 - - [15/Sep/2022:12:29:46 +0800] "POST /xingrg/kc/buy/cgsh_order_operate.html HTTP/1.1" 200 8245
114.88.158.224 - - [15/Sep/2022:12:29:47 +0800] "GET /xingrg/javascript/easyui/themes/default/validatebox.css HTTP/1.1" 404 1104
116.238.169.132 - - [15/Sep/2022:12:29:48 +0800] "GET /xingrg/all/function/internal_message.html?_=1663216184834&CODE_STATE=getMsg HTTP/1.1" 200 27
180.169.147.146 - - [15/Sep/2022:12:29:49 +0800] "GET /xingrg/all/function/internal_message.html?_=1663216188469&CODE_STATE=getMsg HTTP/1.1" 200 27
116.238.169.132 - - [15/Sep/2022:12:29:50 +0800] "GET /xingrg/all/function/internal_message.html?_=1663216184675&CODE_STATE=getMsg HTTP/1.1" 200 27
180.169.147.146 - - [15/Sep/2022:12:30:00 +0800] "GET /xingrg/all/function/internal_message.html?_=1663216193326&CODE_STATE=getMsg HTTP/1.1" 200 27
116.224.255.128 - - [15/Sep/2022:12:30:00 +0800] "GET /xingrg/all/function/internal_message.html?_=1663216198877&CODE_STATE=getMsg HTTP/1.1" 200 27
116.232.194.65 - - [15/Sep/2022:12:30:03 +0800] "POST /xingrg/dwr/call/plaincall/AjaxYddbService.deleteOrder.dwr HTTP/1.1" 200 79
114.88.158.224 - - [15/Sep/2022:12:30:04 +0800] "GET /xingrg/all/function/internal_message.html?_=1663216200028&CODE_STATE=getMsg HTTP/1.1" 200 27
116.232.194.65 - - [15/Sep/2022:12:30:04 +0800] "GET /xingrg/kc/base/yddb_order_list.html HTTP/1.1" 200 16792
116.232.194.65 - - [15/Sep/2022:12:30:04 +0800] "POST /xingrg/kc/base/yddb_list_operate.html HTTP/1.1" 200 636
124.79.74.72 - - [15/Sep/2022:12:30:05 +0800] "GET /xingrg/all/function/internal_message.html?_=1663216199814&CODE_STATE=getMsg HTTP/1.1" 302 -
116.232.194.65 - - [15/Sep/2022:12:30:06 +0800] "GET /xingrg/kc/base/yddb_order_add.html HTTP/1.1" 200 29837
116.232.194.65 - - [15/Sep/2022:12:30:06 +0800] "GET /xingrg/dwr/interface/AjaxComOrderService.js HTTP/1.1" 200 18264
116.232.194.65 - - [15/Sep/2022:12:30:06 +0800] "GET /xingrg/dwr/interface/AjaxYddbService.js HTTP/1.1" 200 13201
116.232.194.65 - - [15/Sep/2022:12:30:06 +0800] "GET /xingrg/dwr/engine.js HTTP/1.1" 200 43631
116.232.194.65 - - [15/Sep/2022:12:30:07 +0800] "GET /xingrg/all/function/internal_message.html?_=1663216204126&CODE_STATE=getMsg HTTP/1.1" 200 27
114.84.5.35 - - [15/Sep/2022:12:30:07 +0800] "POST /xingrg/kc/buy/cgsh_order_operate.html HTTP/1.1" 200 37
114.84.5.35 - - [15/Sep/2022:12:30:09 +0800] "POST /xingrg/kc/buy/cgsh_order_operate.html HTTP/1.1" 200 2664
222.70.246.221 - - [15/Sep/2022:12:30:09 +0800] "GET /xingrg/all/function/internal_message.html?_=1663216221640&CODE_STATE=getMsg HTTP/1.1" 200 27
116.232.194.65 - - [15/Sep/2022:12:30:10 +0800] "POST /xingrg/dwr/call/plaincall/AjaxYddbService.getRestBases.dwr HTTP/1.1" 200 1067
114.83.219.57 - - [15/Sep/2022:12:30:11 +0800] "GET /xingrg/all/function/internal_message.html?_=1663216292778&CODE_STATE=getMsg HTTP/1.1" 200 27
114.84.5.35 - - [15/Sep/2022:12:30:11 +0800] "GET /xingrg/kc/print/load_data.html?order_code=212022091505400&kc_code=cgsh&condition= HTTP/1.1" 200 734
116.235.94.249 - - [15/Sep/2022:12:30:12 +0800] "GET /xingrg/all/function/internal_message.html?_=1663216405310&CODE_STATE=getMsg HTTP/1.1" 200 27
116.225.121.189 - - [15/Sep/2022:12:30:12 +0800] "GET /xingrg/check_reg.html?_=1663216210605 HTTP/1.1" 200 22
116.225.121.189 - - [15/Sep/2022:12:30:12 +0800] "GET /xingrg/all/function/internal_message.html?_=1663216210608&CODE_STATE=getMsg HTTP/1.1" 200 27
114.84.81.136 - - [15/Sep/2022:12:30:15 +0800] "GET /xingrg/all/function/internal_message.html?_=1663216212204&CODE_STATE=getMsg HTTP/1.1" 200 27
116.224.255.128 - - [15/Sep/2022:12:30:16 +0800] "GET /xingrg/all/function/internal_message.html?_=1663216151408&CODE_STATE=getMsg HTTP/1.1" 200 27
114.84.5.35 - - [15/Sep/2022:12:30:18 +0800] "GET /xingrg/kc/buy/cgsh_order_add.html HTTP/1.1" 200 68633
101.85.93.113 - - [15/Sep/2022:12:30:18 +0800] "GET /xingrg/all/function/internal_message.html?_=1663216216237&CODE_STATE=getMsg HTTP/1.1" 200 27
116.232.194.65 - - [15/Sep/2022:12:30:18 +0800] "POST /xingrg/dwr/call/plaincall/AjaxYddbService.saveOrder.dwr HTTP/1.1" 200 78
114.84.5.35 - - [15/Sep/2022:12:30:18 +0800] "POST /xingrg/kc/buy/cgsh_order_operate.html HTTP/1.1" 200 8245
114.84.5.35 - - [15/Sep/2022:12:30:18 +0800] "GET /xingrg/javascript/easyui/themes/default/validatebox.css HTTP/1.1" 404 1104
116.232.194.65 - - [15/Sep/2022:12:30:19 +0800] "GET /xingrg/images/yd/bt.gif HTTP/1.1" 404 1040
116.238.169.132 - - [15/Sep/2022:12:30:22 +0800] "POST /xingrg/dwr/call/plaincall/AjaxReportQueryService.refreshCache.dwr HTTP/1.1" 200 78
116.232.194.65 - - [15/Sep/2022:12:30:22 +0800] "POST /xingrg/dwr/call/plaincall/AjaxComOrderService.getMaterielSearchList.dwr HTTP/1.1" 200 76
124.78.154.55 - - [15/Sep/2022:12:30:23 +0800] "GET /xingrg/all/function/internal_message.html?_=1663216218942&CODE_STATE=getMsg HTTP/1.1" 200 27
180.163.28.114 - - [15/Sep/2022:12:30:23 +0800] "GET /xingrg/kc/buy/cgsh_order_operate.html?command=get_materiel&rest_code=00106&code=00102005116&supplier_code=00100151&order_time=2022-09-15 HTTP/1.1" 302 -
180.163.28.114 - - [15/Sep/2022:12:30:23 +0800] "GET /xingrg/login.html HTTP/1.1" 200 7641
116.232.194.65 - - [15/Sep/2022:12:30:23 +0800] "POST /xingrg/dwr/call/plaincall/AjaxComOrderService.getMaterielSearchList.dwr HTTP/1.1" 200 21160
58.35.213.73 - - [15/Sep/2022:12:30:24 +0800] "GET /xingrg/all/function/internal_message.html?_=1663216222710&CODE_STATE=getMsg HTTP/1.1" 200 27
116.238.169.132 - - [15/Sep/2022:12:30:25 +0800] "POST /xingrg/all/report/load_report_page.html HTTP/1.1" 200 70098
116.238.169.132 - - [15/Sep/2022:12:30:25 +0800] "GET /xingrg/servlets/image?cache=0.27086784459013047&image=px HTTP/1.1" 200 807
116.232.194.65 - - [15/Sep/2022:12:30:27 +0800] "POST /xingrg/dwr/call/plaincall/AjaxComOrderService.getMaterielSearchList.dwr HTTP/1.1" 200 76
116.232.194.65 - - [15/Sep/2022:12:30:28 +0800] "GET /xingrg/all/function/internal_message.html?_=1663216225094&CODE_STATE=getMsg HTTP/1.1" 200 27
116.232.194.65 - - [15/Sep/2022:12:30:28 +0800] "POST /xingrg/dwr/call/plaincall/AjaxComOrderService.getMaterielSearchList.dwr HTTP/1.1" 200 76
116.232.194.65 - - [15/Sep/2022:12:30:29 +0800] "POST /xingrg/dwr/call/plaincall/AjaxComOrderService.getMaterielSearchList.dwr HTTP/1.1" 200 272
116.238.169.132 - - [15/Sep/2022:12:30:29 +0800] "GET /xingrg/all/function/internal_message.html?_=1663216227639&CODE_STATE=getMsg HTTP/1.1" 200 27
116.232.194.65 - - [15/Sep/2022:12:30:30 +0800] "POST /xingrg/dwr/call/plaincall/AjaxYddbService.getMaterielByMap.dwr HTTP/1.1" 200 2765
114.84.5.35 - - [15/Sep/2022:12:30:33 +0800] "GET /xingrg/all/function/internal_message.html?_=1663216229207&CODE_STATE=getMsg HTTP/1.1" 200 27
116.232.194.65 - - [15/Sep/2022:12:30:36 +0800] "POST /xingrg/dwr/call/plaincall/AjaxYddbService.saveMaterielItem.dwr HTTP/1.1" 200 78
116.232.194.65 - - [15/Sep/2022:12:30:36 +0800] "POST /xingrg/dwr/call/plaincall/AjaxComOrderService.getMaterielSearchList.dwr HTTP/1.1" 200 76
116.232.194.65 - - [15/Sep/2022:12:30:39 +0800] "POST /xingrg/dwr/call/plaincall/AjaxComOrderService.getMaterielSearchList.dwr HTTP/1.1" 200 77
116.232.194.65 - - [15/Sep/2022:12:30:40 +0800] "POST /xingrg/dwr/call/plaincall/AjaxComOrderService.getMaterielSearchList.dwr HTTP/1.1" 200 77
114.88.158.224 - - [15/Sep/2022:12:30:40 +0800] "GET /xingrg/kc/buy/cgsh_order_operate.html?command=get_materiel&rest_code=00141&code=00101010616&supplier_code=00100566&order_time=2022-09-15 HTTP/1.1" 200 431
116.232.194.65 - - [15/Sep/2022:12:30:41 +0800] "POST /xingrg/dwr/call/plaincall/AjaxComOrderService.getMaterielSearchList.dwr HTTP/1.1" 200 278
116.232.194.65 - - [15/Sep/2022:12:30:42 +0800] "POST /xingrg/dwr/call/plaincall/AjaxYddbService.getMaterielByMap.dwr HTTP/1.1" 200 2765
114.84.5.35 - - [15/Sep/2022:12:30:44 +0800] "GET /xingrg/kc/buy/cgsh_order_operate.html?command=get_materiel&rest_code=00111&code=00101006001&supplier_code=00100504&order_time=2022-09-15 HTTP/1.1" 200 426
116.238.169.132 - - [15/Sep/2022:12:30:48 +0800] "GET /xingrg/all/function/internal_message.html?_=1663216244836&CODE_STATE=getMsg HTTP/1.1" 200 27
116.232.194.65 - - [15/Sep/2022:12:30:49 +0800] "POST /xingrg/dwr/call/plaincall/AjaxYddbService.saveMaterielItem.dwr HTTP/1.1" 200 79
180.169.147.146 - - [15/Sep/2022:12:30:49 +0800] "GET /xingrg/all/function/internal_message.html?_=1663216248469&CODE_STATE=getMsg HTTP/1.1" 200 27
180.169.147.146 - - [15/Sep/2022:12:30:49 +0800] "GET /xingrg/check_reg.html?_=1663216248472 HTTP/1.1" 200 22
114.83.222.183 - - [15/Sep/2022:12:30:57 +0800] "GET /xingrg/login.html?sysBaseUrl=http%3A%2F%2F180.169.147.146%3A18081%2Fxingrg%2F&costTime=31×tamp=1615347190560 HTTP/1.1" 200 7641
114.83.222.183 - - [15/Sep/2022:12:30:57 +0800] "GET /favicon.ico HTTP/1.1" 404 -
116.232.194.65 - - [15/Sep/2022:12:30:57 +0800] "POST /xingrg/dwr/call/plaincall/AjaxYddbService.checkOrder.dwr HTTP/1.1" 200 79
116.232.194.65 - - [15/Sep/2022:12:30:59 +0800] "GET /xingrg/kc/base/yddb_order_info.html?code=482022091500182 HTTP/1.1" 200 29589
116.232.194.65 - - [15/Sep/2022:12:30:59 +0800] "GET /xingrg/dwr/interface/AjaxYddbService.js HTTP/1.1" 200 13201
116.232.194.65 - - [15/Sep/2022:12:30:59 +0800] "GET /xingrg/dwr/interface/AjaxComOrderService.js HTTP/1.1" 200 18264
116.232.194.65 - - [15/Sep/2022:12:30:59 +0800] "GET /xingrg/dwr/engine.js HTTP/1.1" 200 43631
116.232.194.65 - - [15/Sep/2022:12:30:59 +0800] "POST /xingrg/dwr/call/plaincall/AjaxYddbService.loadMaterielItems.dwr HTTP/1.1" 200 699
180.169.147.146 - - [15/Sep/2022:12:31:00 +0800] "GET /xingrg/all/function/internal_message.html?_=1663216253332&CODE_STATE=getMsg HTTP/1.1" 200 27
116.224.255.128 - - [15/Sep/2022:12:31:00 +0800] "GET /xingrg/all/function/internal_message.html?_=1663216258889&CODE_STATE=getMsg HTTP/1.1" 200 27
114.83.222.183 - - [15/Sep/2022:12:31:01 +0800] "POST /xingrg/login.do HTTP/1.1" 302 -
114.83.222.183 - - [15/Sep/2022:12:31:01 +0800] "GET /xingrg/index.html?sysBaseUrl=http%3A%2F%2F180.169.147.146%3A18081%2Fxingrg%2F&costTime=52×tamp=1663216261782 HTTP/1.1" 200 17179
114.83.222.183 - - [15/Sep/2022:12:31:01 +0800] "GET /favicon.ico HTTP/1.1" 404 -
114.83.222.183 - - [15/Sep/2022:12:31:02 +0800] "POST /xingrg/all/common/load_tree.html?tree=area_rest_tree_json&manage=1 HTTP/1.1" 200 351
114.83.222.183 - - [15/Sep/2022:12:31:02 +0800] "POST /xingrg/load_menu.html HTTP/1.1" 200 5138
114.83.222.183 - - [15/Sep/2022:12:31:02 +0800] "GET /xingrg/all/function/internal_message.html?_=1663216256879&CODE_STATE=count HTTP/1.1" 200 11
114.83.222.183 - - [15/Sep/2022:12:31:02 +0800] "GET /xingrg/check_reg.html?_=1663216256881 HTTP/1.1" 200 22
114.88.158.224 - - [15/Sep/2022:12:31:04 +0800] "GET /xingrg/check_reg.html?_=1663216260027 HTTP/1.1" 200 22
114.88.158.224 - - [15/Sep/2022:12:31:04 +0800] "GET /xingrg/all/function/internal_message.html?_=1663216260028&CODE_STATE=getMsg HTTP/1.1" 200 27
114.84.5.35 - - [15/Sep/2022:12:31:05 +0800] "POST /xingrg/kc/buy/cgsh_order_operate.html HTTP/1.1" 200 37
124.79.74.72 - - [15/Sep/2022:12:31:05 +0800] "GET /xingrg/all/function/internal_message.html?_=1663216259815&CODE_STATE=getMsg HTTP/1.1" 302 -
116.232.194.65 - - [15/Sep/2022:12:31:07 +0800] "GET /xingrg/all/function/internal_message.html?_=1663216264115&CODE_STATE=getMsg HTTP/1.1" 200 27
114.84.5.35 - - [15/Sep/2022:12:31:07 +0800] "POST /xingrg/kc/buy/cgsh_order_operate.html HTTP/1.1" 200 2672
114.84.5.35 - - [15/Sep/2022:12:31:09 +0800] "GET /xingrg/kc/print/load_data.html?order_code=212022091505401&kc_code=cgsh&condition= HTTP/1.1" 200 692
222.70.246.221 - - [15/Sep/2022:12:31:09 +0800] "GET /xingrg/all/function/internal_message.html?_=1663216281654&CODE_STATE=getMsg HTTP/1.1" 200 27
114.88.158.224 - - [15/Sep/2022:12:31:11 +0800] "POST /xingrg/kc/buy/cgsh_order_operate.html HTTP/1.1" 200 37
114.83.219.57 - - [15/Sep/2022:12:31:11 +0800] "GET /xingrg/all/function/internal_message.html?_=1663216352768&CODE_STATE=getMsg HTTP/1.1" 200 27
116.235.94.249 - - [15/Sep/2022:12:31:12 +0800] "GET /xingrg/all/function/internal_message.html?_=1663216465284&CODE_STATE=getMsg HTTP/1.1" 200 27
116.225.121.189 - - [15/Sep/2022:12:31:12 +0800] "GET /xingrg/all/function/internal_message.html?_=1663216270607&CODE_STATE=getMsg HTTP/1.1" 200 27
114.83.222.183 - - [15/Sep/2022:12:31:13 +0800] "GET /xingrg/kc/base/wldb_order_list.html HTTP/1.1" 200 19186
114.83.222.183 - - [15/Sep/2022:12:31:14 +0800] "POST /xingrg/kc/base/wldb_list_operate.html HTTP/1.1" 200 928
114.88.158.224 - - [15/Sep/2022:12:31:14 +0800] "POST /xingrg/kc/buy/cgsh_order_operate.html HTTP/1.1" 200 12
114.84.81.136 - - [15/Sep/2022:12:31:15 +0800] "GET /xingrg/all/function/internal_message.html?_=1663216272195&CODE_STATE=getMsg HTTP/1.1" 200 27
114.84.81.136 - - [15/Sep/2022:12:31:15 +0800] "GET /xingrg/check_reg.html?_=1663216272195 HTTP/1.1" 200 22
114.88.158.224 - - [15/Sep/2022:12:31:15 +0800] "GET /xingrg/kc/buy/cgsh_order_info.html?code=212022091505402 HTTP/1.1" 200 63584
114.83.222.183 - - [15/Sep/2022:12:31:15 +0800] "GET /xingrg/kc/base/wldb_order_add.html HTTP/1.1" 200 30400
114.83.222.183 - - [15/Sep/2022:12:31:15 +0800] "GET /xingrg/words/20220915122855_words.js HTTP/1.1" 200 921161
114.88.158.224 - - [15/Sep/2022:12:31:15 +0800] "GET /xingrg/javascript/easyui/themes/default/validatebox.css HTTP/1.1" 404 1104
116.224.255.128 - - [15/Sep/2022:12:31:16 +0800] "GET /xingrg/all/function/internal_message.html?_=1663216211438&CODE_STATE=getMsg HTTP/1.1" 200 27
114.83.222.183 - - [15/Sep/2022:12:31:16 +0800] "POST /xingrg/kc/base/wldb_order_operate.html HTTP/1.1" 200 6806
114.83.222.183 - - [15/Sep/2022:12:31:16 +0800] "GET /xingrg/all/common/auto_word.html?type=base&rest_code=00149 HTTP/1.1" 200 1907
114.83.222.183 - - [15/Sep/2022:12:31:16 +0800] "GET /xingrg/all/common/auto_word.html?type=base&rest_code=00149 HTTP/1.1" 200 1907
114.88.158.224 - - [15/Sep/2022:12:31:16 +0800] "POST /xingrg/kc/buy/cgsh_order_operate.html HTTP/1.1" 200 607
114.83.222.183 - - [15/Sep/2022:12:31:16 +0800] "GET /xingrg/javascript/easyui/themes/default/validatebox.css HTTP/1.1" 404 1104
101.85.93.113 - - [15/Sep/2022:12:31:18 +0800] "GET /xingrg/all/function/internal_message.html?_=1663216276236&CODE_STATE=getMsg HTTP/1.1" 200 27
114.84.5.35 - - [15/Sep/2022:12:31:22 +0800] "GET /xingrg/kc/buy/buy_main.html HTTP/1.1" 200 12412
114.84.5.35 - - [15/Sep/2022:12:31:22 +0800] "GET /xingrg/css/new_ie.css HTTP/1.1" 404 1036
114.84.5.35 - - [15/Sep/2022:12:31:23 +0800] "GET /xingrg/images/yd/bt.gif HTTP/1.1" 404 1040
124.78.154.55 - - [15/Sep/2022:12:31:23 +0800] "GET /xingrg/all/function/internal_message.html?_=1663216278944&CODE_STATE=getMsg HTTP/1.1" 200 27
114.84.5.35 - - [15/Sep/2022:12:31:23 +0800] "GET /xingrg/kc/buy/cgsh_order_list.html HTTP/1.1" 200 52895
114.83.222.183 - - [15/Sep/2022:12:31:24 +0800] "GET /xingrg/javascript/auto/indicator.gif HTTP/1.1" 404 1066
58.35.213.73 - - [15/Sep/2022:12:31:24 +0800] "GET /xingrg/check_reg.html?_=1663216282707 HTTP/1.1" 200 22
58.35.213.73 - - [15/Sep/2022:12:31:24 +0800] "GET /xingrg/all/function/internal_message.html?_=1663216282709&CODE_STATE=getMsg HTTP/1.1" 200 27
114.84.5.35 - - [15/Sep/2022:12:31:25 +0800] "POST /xingrg/kc/buy/cgsh_list_operate.html HTTP/1.1" 200 5547
114.83.222.183 - - [15/Sep/2022:12:31:27 +0800] "GET /xingrg/javascript/jquery_tools/images/next.gif HTTP/1.1" 404 1086
114.83.222.183 - - [15/Sep/2022:12:31:27 +0800] "GET /xingrg/javascript/jquery_tools/images/prev.gif HTTP/1.1" 404 1086
116.232.194.65 - - [15/Sep/2022:12:31:28 +0800] "GET /xingrg/all/function/internal_message.html?_=1663216285081&CODE_STATE=getMsg HTTP/1.1" 200 27
116.238.169.132 - - [15/Sep/2022:12:31:29 +0800] "GET /xingrg/all/function/internal_message.html?_=1663216287624&CODE_STATE=getMsg HTTP/1.1" 200 27
114.83.222.183 - - [15/Sep/2022:12:31:31 +0800] "GET /xingrg/kc/base/wldb_order_operate.html?command=get_materiel&rest_code=00149&base_code=0010395&code=00102001051 HTTP/1.1" 200 436
114.84.5.35 - - [15/Sep/2022:12:31:33 +0800] "GET /xingrg/all/function/internal_message.html?_=1663216289130&CODE_STATE=getMsg HTTP/1.1" 200 27
114.84.5.35 - - [15/Sep/2022:12:31:33 +0800] "GET /xingrg/check_reg.html?_=1663216289321 HTTP/1.1" 200 22
114.83.222.183 - - [15/Sep/2022:12:31:36 +0800] "GET /xingrg/kc/base/wldb_order_operate.html?command=get_materiel&rest_code=00149&base_code=0010395&code=00102002557 HTTP/1.1" 200 443
116.232.194.65 - - [15/Sep/2022:12:31:47 +0800] "GET /xingrg/kc/buy/cgsh_order_list.html HTTP/1.1" 200 52901
116.238.169.132 - - [15/Sep/2022:12:31:48 +0800] "GET /xingrg/all/function/internal_message.html?_=1663216304823&CODE_STATE=getMsg HTTP/1.1" 200 27
114.88.158.224 - - [15/Sep/2022:12:31:48 +0800] "POST /xingrg/services/DataTransmitService HTTP/1.1" 200 524
116.232.194.65 - - [15/Sep/2022:12:31:49 +0800] "POST /xingrg/kc/buy/cgsh_list_operate.html HTTP/1.1" 200 3775
114.83.222.183 - - [15/Sep/2022:12:31:49 +0800] "POST /xingrg/kc/base/wldb_order_operate.html HTTP/1.1" 200 37
180.169.147.146 - - [15/Sep/2022:12:31:49 +0800] "GET /xingrg/all/function/internal_message.html?_=1663216308472&CODE_STATE=getMsg HTTP/1.1" 200 27
114.83.222.183 - - [15/Sep/2022:12:31:49 +0800] "POST /xingrg/kc/base/wldb_order_operate.html HTTP/1.1" 200 2666
114.83.222.183 - - [15/Sep/2022:12:31:50 +0800] "GET /xingrg/kc/base/wldb_order_info.html?code=422022091501284 HTTP/1.1" 200 30414
116.232.194.65 - - [15/Sep/2022:12:31:51 +0800] "GET /xingrg/kc/buy/cgsh_order_add.html HTTP/1.1" 200 68683
114.83.222.183 - - [15/Sep/2022:12:31:51 +0800] "GET /xingrg/words/20220915122855_words.js HTTP/1.1" 304 -
116.232.194.65 - - [15/Sep/2022:12:31:51 +0800] "GET /xingrg/words/20220915122855_words.js HTTP/1.1" 200 921161
114.83.222.183 - - [15/Sep/2022:12:31:51 +0800] "GET /xingrg/javascript/easyui/themes/default/validatebox.css HTTP/1.1" 404 1104
116.232.194.65 - - [15/Sep/2022:12:31:51 +0800] "POST /xingrg/kc/buy/cgsh_order_operate.html HTTP/1.1" 200 8245
116.232.194.65 - - [15/Sep/2022:12:31:51 +0800] "GET /xingrg/all/common/auto_word.html?type=employee&rest_code=00155 HTTP/1.1" 200 205
116.232.194.65 - - [15/Sep/2022:12:31:51 +0800] "GET /xingrg/all/common/auto_word.html?type=employee&rest_code=00155 HTTP/1.1" 200 205
116.232.194.65 - - [15/Sep/2022:12:31:51 +0800] "GET /xingrg/javascript/easyui/themes/default/validatebox.css HTTP/1.1" 404 1104
114.83.222.183 - - [15/Sep/2022:12:31:51 +0800] "POST /xingrg/kc/base/wldb_order_operate.html HTTP/1.1" 200 2666
114.83.222.183 - - [15/Sep/2022:12:31:53 +0800] "GET /xingrg/kc/base/wldb_order_add.html HTTP/1.1" 200 30400
114.83.222.183 - - [15/Sep/2022:12:31:54 +0800] "POST /xingrg/kc/base/wldb_order_operate.html HTTP/1.1" 200 6806
114.83.222.183 - - [15/Sep/2022:12:31:54 +0800] "GET /xingrg/javascript/easyui/themes/default/validatebox.css HTTP/1.1" 404 1104
114.88.158.224 - - [15/Sep/2022:12:31:55 +0800] "POST /xingrg/services/DataTransmitService HTTP/1.1" 200 501
116.224.255.128 - - [15/Sep/2022:12:31:55 +0800] "GET /xingrg/check_reg.html?_=1663216250796 HTTP/1.1" 200 22
114.88.158.224 - - [15/Sep/2022:12:31:58 +0800] "GET /xingrg/kc/print/load_data.html?order_code=212022091505402&kc_code=cgsh&condition= HTTP/1.1" 200 699
180.169.147.146 - - [15/Sep/2022:12:32:00 +0800] "GET /xingrg/check_reg.html?_=1663216313320 HTTP/1.1" 200 22
180.169.147.146 - - [15/Sep/2022:12:32:00 +0800] "GET /xingrg/all/function/internal_message.html?_=1663216313321&CODE_STATE=getMsg HTTP/1.1" 200 27
116.224.255.128 - - [15/Sep/2022:12:32:00 +0800] "GET /xingrg/all/function/internal_message.html?_=1663216318905&CODE_STATE=getMsg HTTP/1.1" 200 27
114.83.222.183 - - [15/Sep/2022:12:32:01 +0800] "GET /xingrg/kc/base/wldb_order_operate.html?command=get_materiel&rest_code=00149&base_code=0010394&code=00101019071 HTTP/1.1" 200 471
114.83.222.183 - - [15/Sep/2022:12:32:02 +0800] "GET /xingrg/all/function/internal_message.html?_=1663216316889&CODE_STATE=getMsg HTTP/1.1" 200 27
114.88.158.224 - - [15/Sep/2022:12:32:04 +0800] "GET /xingrg/all/function/internal_message.html?_=1663216320028&CODE_STATE=getMsg HTTP/1.1" 200 27
114.88.158.224 - - [15/Sep/2022:12:32:04 +0800] "GET /xingrg/kc/buy/cgsh_order_add.html HTTP/1.1" 200 68677
114.88.158.224 - - [15/Sep/2022:12:32:04 +0800] "POST /xingrg/kc/buy/cgsh_order_operate.html HTTP/1.1" 200 8245
114.88.158.224 - - [15/Sep/2022:12:32:04 +0800] "GET /xingrg/javascript/easyui/themes/default/validatebox.css HTTP/1.1" 404 1104
124.79.74.72 - - [15/Sep/2022:12:32:05 +0800] "GET /xingrg/all/function/internal_message.html?_=1663216319819&CODE_STATE=getMsg HTTP/1.1" 302 -
120.253.135.82 - - [15/Sep/2022:12:32:05 +0800] "GET /xingrg/check_reg.html?_=1663216123082 HTTP/1.1" 200 22
116.232.194.65 - - [15/Sep/2022:12:32:07 +0800] "GET /xingrg/all/function/internal_message.html?_=1663216324124&CODE_STATE=getMsg HTTP/1.1" 200 27
114.83.222.183 - - [15/Sep/2022:12:32:07 +0800] "GET /xingrg/kc/base/wldb_order_operate.html?command=get_materiel&rest_code=00149&base_code=0010394&code=00101019187 HTTP/1.1" 200 478
222.70.246.221 - - [15/Sep/2022:12:32:10 +0800] "GET /xingrg/all/function/internal_message.html?_=1663216341914&CODE_STATE=getMsg HTTP/1.1" 200 27
114.83.219.57 - - [15/Sep/2022:12:32:11 +0800] "GET /xingrg/all/function/internal_message.html?_=1663216412758&CODE_STATE=getMsg HTTP/1.1" 200 27
114.83.222.183 - - [15/Sep/2022:12:32:11 +0800] "GET /xingrg/kc/base/wldb_order_operate.html?command=get_materiel&rest_code=00149&base_code=0010394&code=00101019391 HTTP/1.1" 200 485
116.235.94.249 - - [15/Sep/2022:12:32:12 +0800] "GET /xingrg/all/function/internal_message.html?_=1663216525267&CODE_STATE=getMsg HTTP/1.1" 200 27
116.225.121.189 - - [15/Sep/2022:12:32:12 +0800] "GET /xingrg/all/function/internal_message.html?_=1663216330608&CODE_STATE=getMsg HTTP/1.1" 200 27
114.88.158.224 - - [15/Sep/2022:12:32:14 +0800] "GET /xingrg/kc/buy/cgsh_order_operate.html?command=get_materiel&rest_code=00141&code=00101010256&supplier_code=00100337&order_time=2022-09-15 HTTP/1.1" 200 409
120.253.135.82 - - [15/Sep/2022:12:32:14 +0800] "GET /xingrg/javascript/easyui/themes/sunny/images/ui-bg_gloss-wave_60_fece2f_500x100.png HTTP/1.1" 200 3512
114.84.81.136 - - [15/Sep/2022:12:32:15 +0800] "GET /xingrg/all/function/internal_message.html?_=1663216332208&CODE_STATE=getMsg HTTP/1.1" 200 27
114.83.222.183 - - [15/Sep/2022:12:32:15 +0800] "GET /xingrg/kc/base/wldb_order_operate.html?command=get_materiel&rest_code=00149&base_code=0010394&code=00101019079 HTTP/1.1" 200 479
116.224.255.128 - - [15/Sep/2022:12:32:16 +0800] "GET /xingrg/all/function/internal_message.html?_=1663216271451&CODE_STATE=getMsg HTTP/1.1" 200 27
120.253.135.82 - - [15/Sep/2022:12:32:17 +0800] "GET /xingrg/kc/buy/cgsh_order_list.html HTTP/1.1" 200 52895
101.85.93.113 - - [15/Sep/2022:12:32:18 +0800] "GET /xingrg/all/function/internal_message.html?_=1663216336237&CODE_STATE=getMsg HTTP/1.1" 200 27
120.253.135.82 - - [15/Sep/2022:12:32:18 +0800] "POST /xingrg/kc/buy/cgsh_list_operate.html HTTP/1.1" 200 928
180.169.147.146 - - [15/Sep/2022:12:32:20 +0800] "GET /xingrg/all/report/report_query.html?fileName=kc/buy/gys_amount.xml&rh=99999 HTTP/1.1" 200 52006
180.169.147.146 - - [15/Sep/2022:12:32:20 +0800] "GET /xingrg/dwr/interface/AjaxReportQueryService.js HTTP/1.1" 200 13203
180.169.147.146 - - [15/Sep/2022:12:32:20 +0800] "GET /xingrg/dwr/engine.js HTTP/1.1" 200 43631
120.253.135.82 - - [15/Sep/2022:12:32:20 +0800] "GET /xingrg/kc/buy/cgsh_order_add.html HTTP/1.1" 200 67785
180.169.147.146 - - [15/Sep/2022:12:32:20 +0800] "POST /xingrg/dwr/call/plaincall/AjaxReportQueryService.getFixDate.dwr HTTP/1.1" 200 111
120.253.135.82 - - [15/Sep/2022:12:32:20 +0800] "GET /xingrg/words/20220915122855_words.js HTTP/1.1" 200 921161
180.169.147.146 - - [15/Sep/2022:12:32:20 +0800] "POST /xingrg/all/common/load_tree.html?tree=supplier_tree_json&manage=1 HTTP/1.1" 200 69780
180.169.147.146 - - [15/Sep/2022:12:32:21 +0800] "POST /xingrg/all/common/load_tree.html?tree=materiel_sort_tree_json HTTP/1.1" 200 9500
120.253.135.82 - - [15/Sep/2022:12:32:21 +0800] "POST /xingrg/kc/buy/cgsh_order_operate.html HTTP/1.1" 200 8245
180.169.147.146 - - [15/Sep/2022:12:32:21 +0800] "POST /xingrg/dwr/call/plaincall/AjaxReportQueryService.getInitString.dwr HTTP/1.1" 200 1083
120.253.135.82 - - [15/Sep/2022:12:32:21 +0800] "GET /xingrg/javascript/easyui/themes/default/validatebox.css HTTP/1.1" 404 1104
114.83.222.183 - - [15/Sep/2022:12:32:22 +0800] "GET /xingrg/kc/base/wldb_order_operate.html?command=get_materiel&rest_code=00149&base_code=0010394&code=00101019376 HTTP/1.1" 200 476
116.232.194.65 - - [15/Sep/2022:12:32:22 +0800] "GET /xingrg/javascript/auto/indicator.gif HTTP/1.1" 404 1066
124.78.154.55 - - [15/Sep/2022:12:32:23 +0800] "GET /xingrg/all/function/internal_message.html?_=1663216338943&CODE_STATE=getMsg HTTP/1.1" 200 27
58.35.213.73 - - [15/Sep/2022:12:32:24 +0800] "GET /xingrg/all/function/internal_message.html?_=1663216342693&CODE_STATE=getMsg HTTP/1.1" 200 27
114.83.222.183 - - [15/Sep/2022:12:32:25 +0800] "GET /xingrg/kc/base/wldb_order_operate.html?command=get_materiel&rest_code=00149&base_code=0010394&code=00101019400 HTTP/1.1" 200 463
116.232.194.65 - - [15/Sep/2022:12:32:28 +0800] "GET /xingrg/all/function/internal_message.html?_=1663216345061&CODE_STATE=getMsg HTTP/1.1" 200 27
116.232.194.65 - - [15/Sep/2022:12:32:28 +0800] "GET /xingrg/check_reg.html?_=1663216345078 HTTP/1.1" 200 22
114.83.222.183 - - [15/Sep/2022:12:32:29 +0800] "GET /xingrg/kc/base/wldb_order_operate.html?command=get_materiel&rest_code=00149&base_code=0010394&code=00101019184 HTTP/1.1" 200 458
116.238.169.132 - - [15/Sep/2022:12:32:30 +0800] "GET /xingrg/all/function/internal_message.html?_=1663216347639&CODE_STATE=getMsg HTTP/1.1" 200 27
114.84.5.35 - - [15/Sep/2022:12:32:33 +0800] "GET /xingrg/all/function/internal_message.html?_=1663216349103&CODE_STATE=getMsg HTTP/1.1" 200 27
180.163.30.100 - - [15/Sep/2022:12:32:37 +0800] "GET /xingrg/kc/buy/cgsh_order_info.html?code=212022090300841 HTTP/1.1" 302 -
180.163.30.100 - - [15/Sep/2022:12:32:37 +0800] "GET /xingrg/login.html HTTP/1.1" 200 7641
180.163.30.27 - - [15/Sep/2022:12:32:43 +0800] "GET /xingrg/kc/buy/cgsh_order_operate.html?command=get_materiel&rest_code=00106&code=00102006565&supplier_code=00100151&order_time=2022-09-15 HTTP/1.1" 302 -
180.163.30.27 - - [15/Sep/2022:12:32:43 +0800] "GET /xingrg/login.html HTTP/1.1" 200 7641
180.169.147.146 - - [15/Sep/2022:12:32:46 +0800] "POST /xingrg/dwr/call/plaincall/AjaxReportQueryService.refreshCache.dwr HTTP/1.1" 200 78
180.169.147.146 - - [15/Sep/2022:12:32:46 +0800] "POST /xingrg/all/report/load_report_page.html HTTP/1.1" 200 89
114.83.222.183 - - [15/Sep/2022:12:32:48 +0800] "GET /xingrg/kc/base/wldb_order_operate.html?command=get_materiel&rest_code=00149&base_code=0010394&code=00101019289 HTTP/1.1" 200 468
116.238.169.132 - - [15/Sep/2022:12:32:48 +0800] "GET /xingrg/all/function/internal_message.html?_=1663216364826&CODE_STATE=getMsg HTTP/1.1" 200 27
180.169.147.146 - - [15/Sep/2022:12:32:49 +0800] "GET /xingrg/all/function/internal_message.html?_=1663216368472&CODE_STATE=getMsg HTTP/1.1" 200 27
180.169.147.146 - - [15/Sep/2022:12:32:57 +0800] "POST /xingrg/dwr/call/plaincall/AjaxReportQueryService.refreshCache.dwr HTTP/1.1" 200 78
180.169.147.146 - - [15/Sep/2022:12:32:58 +0800] "POST /xingrg/all/report/load_report_page.html HTTP/1.1" 200 8924
180.169.147.146 - - [15/Sep/2022:12:32:58 +0800] "GET /xingrg/servlets/image?cache=0.7978601003769371&image=px HTTP/1.1" 200 807
180.169.147.146 - - [15/Sep/2022:12:33:00 +0800] "GET /xingrg/all/function/internal_message.html?_=1663216373336&CODE_STATE=getMsg HTTP/1.1" 200 27
116.224.255.128 - - [15/Sep/2022:12:33:00 +0800] "GET /xingrg/all/function/internal_message.html?_=1663216378904&CODE_STATE=getMsg HTTP/1.1" 200 27
116.224.255.128 - - [15/Sep/2022:12:33:00 +0800] "GET /xingrg/check_reg.html?_=1663216378896 HTTP/1.1" 200 22
114.83.222.183 - - [15/Sep/2022:12:33:02 +0800] "GET /xingrg/all/function/internal_message.html?_=1663216376898&CODE_STATE=getMsg HTTP/1.1" 200 27
120.253.135.82 - - [15/Sep/2022:12:33:02 +0800] "POST /xingrg/all/common/load_combo.html?type=employee HTTP/1.1" 200 1752
114.88.158.224 - - [15/Sep/2022:12:33:04 +0800] "GET /xingrg/all/function/internal_message.html?_=1663216380029&CODE_STATE=getMsg HTTP/1.1" 200 27
124.79.74.72 - - [15/Sep/2022:12:33:05 +0800] "GET /xingrg/check_reg.html?_=1663216379822 HTTP/1.1" 302 -
