116.224.255.128 - - [14/Sep/2022:08:56:23 +0800] "POST /xingrg/kc/buy/cgsh_order_operate.html HTTP/1.1" 200 18338
116.238.169.132 - - [14/Sep/2022:08:56:23 +0800] "GET /xingrg/all/function/internal_message.html?_=1663116982648&CODE_STATE=getMsg HTTP/1.1" 200 27
116.224.255.128 - - [14/Sep/2022:08:56:26 +0800] "GET /xingrg/kc/print/load_data.html?order_code=212022091404989&kc_code=cgsh&condition= HTTP/1.1" 200 7400
124.79.74.72 - - [14/Sep/2022:08:56:26 +0800] "GET /xingrg/all/function/internal_message.html?_=1663116982536&CODE_STATE=getMsg HTTP/1.1" 200 27
114.84.5.35 - - [14/Sep/2022:08:56:26 +0800] "GET /xingrg/all/function/internal_message.html?_=1663116983907&CODE_STATE=getMsg HTTP/1.1" 200 27
120.253.135.82 - - [14/Sep/2022:08:56:27 +0800] "GET /xingrg/check_reg.html?_=1663116786472 HTTP/1.1" 200 22
120.253.135.82 - - [14/Sep/2022:08:56:30 +0800] "GET /xingrg/all/function/internal_message.html?_=1663116788777&CODE_STATE=getMsg HTTP/1.1" 200 27
61.170.234.164 - - [14/Sep/2022:08:56:30 +0800] "GET /xingrg/all/function/internal_message.html?_=1663116987795&CODE_STATE=getMsg HTTP/1.1" 200 27
116.225.121.189 - - [14/Sep/2022:08:56:33 +0800] "GET /xingrg/all/function/internal_message.html?_=1663116993754&CODE_STATE=getMsg HTTP/1.1" 200 27
116.224.255.128 - - [14/Sep/2022:08:56:37 +0800] "GET /xingrg/check_reg.html?_=1663116996232 HTTP/1.1" 200 22
116.224.255.128 - - [14/Sep/2022:08:56:37 +0800] "GET /xingrg/all/function/internal_message.html?_=1663116996235&CODE_STATE=getMsg HTTP/1.1" 200 27
116.238.169.132 - - [14/Sep/2022:08:56:47 +0800] "GET /xingrg/all/function/internal_message.html?_=1663117022802&CODE_STATE=getMsg HTTP/1.1" 200 27
120.253.135.82 - - [14/Sep/2022:08:56:49 +0800] "POST /xingrg/kc/pszx/mdps_list_operate.html HTTP/1.1" 200 202
120.253.135.82 - - [14/Sep/2022:08:56:52 +0800] "POST /xingrg/kc/pszx/mdps_list_operate.html HTTP/1.1" 200 208
58.40.7.146 - - [14/Sep/2022:08:56:53 +0800] "GET /xingrg/all/function/internal_message.html?_=1663117011633&CODE_STATE=getMsg HTTP/1.1" 200 27
116.224.255.128 - - [14/Sep/2022:08:56:53 +0800] "POST /xingrg/dwr/call/plaincall/AjaxQqpsService.saveMaterielItem.dwr HTTP/1.1" 200 79
180.169.147.146 - - [14/Sep/2022:08:56:57 +0800] "GET /xingrg/all/function/internal_message.html?_=1663117014625&CODE_STATE=getMsg HTTP/1.1" 200 27
114.88.158.224 - - [14/Sep/2022:08:56:57 +0800] "GET /xingrg/all/function/internal_message.html?_=1663116675599&CODE_STATE=getMsg HTTP/1.1" 200 27
116.224.255.128 - - [14/Sep/2022:08:56:57 +0800] "POST /xingrg/dwr/call/plaincall/AjaxQqpsService.getMaterielByCode.dwr HTTP/1.1" 200 3838
116.224.255.128 - - [14/Sep/2022:08:57:00 +0800] "POST /xingrg/dwr/call/plaincall/AjaxQqpsService.saveMaterielItem.dwr HTTP/1.1" 200 79
222.70.246.221 - - [14/Sep/2022:08:57:01 +0800] "GET /xingrg/kc/buy/cgsh_order_operate.html?command=get_materiel&rest_code=00146&code=00101008096&supplier_code=00100005&order_time=2022-09-14 HTTP/1.1" 200 412
116.224.255.128 - - [14/Sep/2022:08:57:05 +0800] "POST /xingrg/dwr/call/plaincall/AjaxQqpsService.getMaterielByCode.dwr HTTP/1.1" 200 3855
116.224.255.128 - - [14/Sep/2022:08:57:06 +0800] "POST /xingrg/dwr/call/plaincall/AjaxQqpsService.saveMaterielItem.dwr HTTP/1.1" 200 79
116.238.169.132 - - [14/Sep/2022:08:57:07 +0800] "GET /xingrg/check_reg.html?_=1663117042817 HTTP/1.1" 200 22
116.225.121.189 - - [14/Sep/2022:08:57:07 +0800] "GET /xingrg/all/function/internal_message.html?_=1663116887333&CODE_STATE=getMsg HTTP/1.1" 200 27
116.224.255.128 - - [14/Sep/2022:08:57:07 +0800] "GET /xingrg/all/function/internal_message.html?_=1663116964709&CODE_STATE=getMsg HTTP/1.1" 200 27
222.70.246.221 - - [14/Sep/2022:08:57:11 +0800] "GET /xingrg/all/function/internal_message.html?_=1663117039092&CODE_STATE=getMsg HTTP/1.1" 200 27
120.253.135.82 - - [14/Sep/2022:08:57:12 +0800] "GET /xingrg/all/function/internal_message.html?_=1663117146267&CODE_STATE=getMsg HTTP/1.1" 200 27
116.224.255.128 - - [14/Sep/2022:08:57:15 +0800] "POST /xingrg/dwr/call/plaincall/AjaxQqpsService.getMaterielByCode.dwr HTTP/1.1" 200 3889
116.224.255.128 - - [14/Sep/2022:08:57:17 +0800] "POST /xingrg/dwr/call/plaincall/AjaxQqpsService.saveMaterielItem.dwr HTTP/1.1" 200 79
222.70.246.221 - - [14/Sep/2022:08:57:19 +0800] "POST /xingrg/kc/buy/cgsh_order_operate.html HTTP/1.1" 200 37
222.70.246.221 - - [14/Sep/2022:08:57:21 +0800] "POST /xingrg/kc/buy/cgsh_order_operate.html HTTP/1.1" 200 11531
116.224.255.128 - - [14/Sep/2022:08:57:23 +0800] "POST /xingrg/dwr/call/plaincall/AjaxQqpsService.getMaterielByCode.dwr HTTP/1.1" 200 3884
116.238.169.132 - - [14/Sep/2022:08:57:23 +0800] "GET /xingrg/all/function/internal_message.html?_=1663117042661&CODE_STATE=getMsg HTTP/1.1" 200 27
116.224.255.128 - - [14/Sep/2022:08:57:24 +0800] "POST /xingrg/dwr/call/plaincall/AjaxQqpsService.saveMaterielItem.dwr HTTP/1.1" 200 79
124.79.74.72 - - [14/Sep/2022:08:57:26 +0800] "GET /xingrg/all/function/internal_message.html?_=1663117042505&CODE_STATE=getMsg HTTP/1.1" 200 27
114.84.5.35 - - [14/Sep/2022:08:57:26 +0800] "GET /xingrg/all/function/internal_message.html?_=1663117043901&CODE_STATE=getMsg HTTP/1.1" 200 27
116.224.255.128 - - [14/Sep/2022:08:57:30 +0800] "POST /xingrg/dwr/call/plaincall/AjaxQqpsService.getMaterielByCode.dwr HTTP/1.1" 200 3882
120.253.135.82 - - [14/Sep/2022:08:57:30 +0800] "GET /xingrg/all/function/internal_message.html?_=1663116848791&CODE_STATE=getMsg HTTP/1.1" 200 27
61.170.234.164 - - [14/Sep/2022:08:57:30 +0800] "GET /xingrg/all/function/internal_message.html?_=1663117047771&CODE_STATE=getMsg HTTP/1.1" 200 27
116.225.121.189 - - [14/Sep/2022:08:57:33 +0800] "GET /xingrg/all/function/internal_message.html?_=1663117053761&CODE_STATE=getMsg HTTP/1.1" 200 27
116.225.121.189 - - [14/Sep/2022:08:57:33 +0800] "GET /xingrg/check_reg.html?_=1663117053765 HTTP/1.1" 200 22
116.224.255.128 - - [14/Sep/2022:08:57:35 +0800] "POST /xingrg/dwr/call/plaincall/AjaxQqpsService.saveMaterielItem.dwr HTTP/1.1" 200 79
222.70.246.221 - - [14/Sep/2022:08:57:35 +0800] "GET /xingrg/kc/buy/cgsh_order_operate.html?command=get_materiel&rest_code=00146&code=00101008403&supplier_code=00100005&order_time=2022-09-14 HTTP/1.1" 200 412
116.224.255.128 - - [14/Sep/2022:08:57:37 +0800] "GET /xingrg/all/function/internal_message.html?_=1663117056221&CODE_STATE=getMsg HTTP/1.1" 200 27
61.170.234.164 - - [14/Sep/2022:08:57:38 +0800] "POST /xingrg/kc/base/yddb_list_operate.html HTTP/1.1" 200 203
61.170.234.164 - - [14/Sep/2022:08:57:39 +0800] "GET /xingrg/kc/base/yddb_order_info.html?code=482022091300158 HTTP/1.1" 200 31558
61.170.234.164 - - [14/Sep/2022:08:57:39 +0800] "GET /xingrg/javascript/Grid.js HTTP/1.1" 200 58908
61.170.234.164 - - [14/Sep/2022:08:57:39 +0800] "GET /xingrg/dwr/interface/AjaxYddbService.js HTTP/1.1" 200 13201
61.170.234.164 - - [14/Sep/2022:08:57:39 +0800] "GET /xingrg/dwr/interface/AjaxComOrderService.js HTTP/1.1" 200 18264
61.170.234.164 - - [14/Sep/2022:08:57:39 +0800] "GET /xingrg/dwr/util.js HTTP/1.1" 200 35990
61.170.234.164 - - [14/Sep/2022:08:57:39 +0800] "GET /xingrg/dwr/engine.js HTTP/1.1" 200 43631
61.170.234.164 - - [14/Sep/2022:08:57:39 +0800] "GET /xingrg/javascript/AjaxInfoList.js HTTP/1.1" 200 3774
61.170.234.164 - - [14/Sep/2022:08:57:39 +0800] "GET /xingrg/javascript/Calendar.js HTTP/1.1" 200 31561
61.170.234.164 - - [14/Sep/2022:08:57:39 +0800] "GET /xingrg/images/blue/wait.gif HTTP/1.1" 200 1100
61.170.234.164 - - [14/Sep/2022:08:57:39 +0800] "GET /xingrg/images/blue/kc_tab_right.gif HTTP/1.1" 200 643
61.170.234.164 - - [14/Sep/2022:08:57:39 +0800] "GET /xingrg/javascript/jquery_easy_ui/themes/icons/back_new.png HTTP/1.1" 200 3414
61.170.234.164 - - [14/Sep/2022:08:57:39 +0800] "GET /xingrg/images/blue/kc_tab_mid.gif HTTP/1.1" 200 44
61.170.234.164 - - [14/Sep/2022:08:57:39 +0800] "GET /xingrg/javascript/jquery_easy_ui/themes/icons/check_new.png HTTP/1.1" 200 3224
61.170.234.164 - - [14/Sep/2022:08:57:39 +0800] "GET /xingrg/images/blue/kc_tab_left.gif HTTP/1.1" 200 188
61.170.234.164 - - [14/Sep/2022:08:57:39 +0800] "GET /xingrg/javascript/jquery_easy_ui/themes/icons/print.png HTTP/1.1" 200 1057
61.170.234.164 - - [14/Sep/2022:08:57:39 +0800] "GET /xingrg/javascript/jquery_easy_ui/themes/icons/edit_add_new.png HTTP/1.1" 200 2997
61.170.234.164 - - [14/Sep/2022:08:57:39 +0800] "POST /xingrg/dwr/call/plaincall/AjaxYddbService.loadMaterielItems.dwr HTTP/1.1" 200 394
116.224.255.128 - - [14/Sep/2022:08:57:40 +0800] "POST /xingrg/dwr/call/plaincall/AjaxQqpsService.getMaterielByCode.dwr HTTP/1.1" 200 3882
116.224.255.128 - - [14/Sep/2022:08:57:44 +0800] "POST /xingrg/dwr/call/plaincall/AjaxQqpsService.saveMaterielItem.dwr HTTP/1.1" 200 79
116.238.169.132 - - [14/Sep/2022:08:57:47 +0800] "GET /xingrg/all/function/internal_message.html?_=1663117082800&CODE_STATE=getMsg HTTP/1.1" 200 27
120.253.135.82 - - [14/Sep/2022:08:57:47 +0800] "POST /xingrg/kc/pszx/mdps_list_operate.html HTTP/1.1" 200 3212
116.224.255.128 - - [14/Sep/2022:08:57:47 +0800] "POST /xingrg/dwr/call/plaincall/AjaxQqpsService.getMaterielByCode.dwr HTTP/1.1" 200 3858
180.169.147.146 - - [14/Sep/2022:08:57:49 +0800] "GET /xingrg/check_reg.html?_=1663117066834 HTTP/1.1" 200 22
116.224.255.128 - - [14/Sep/2022:08:57:52 +0800] "POST /xingrg/dwr/call/plaincall/AjaxQqpsService.saveMaterielItem.dwr HTTP/1.1" 200 79
58.40.7.146 - - [14/Sep/2022:08:57:53 +0800] "GET /xingrg/all/function/internal_message.html?_=1663117071621&CODE_STATE=getMsg HTTP/1.1" 200 27
114.88.158.224 - - [14/Sep/2022:08:57:57 +0800] "GET /xingrg/all/function/internal_message.html?_=1663116735623&CODE_STATE=getMsg HTTP/1.1" 200 27
180.169.147.146 - - [14/Sep/2022:08:57:57 +0800] "GET /xingrg/all/function/internal_message.html?_=1663117074744&CODE_STATE=getMsg HTTP/1.1" 200 27
222.70.246.221 - - [14/Sep/2022:08:57:58 +0800] "GET /xingrg/kc/buy/cgsh_order_operate.html?command=get_materiel&rest_code=00146&code=00101008038&supplier_code=00100005&order_time=2022-09-14 HTTP/1.1" 200 412
116.224.255.128 - - [14/Sep/2022:08:57:59 +0800] "POST /xingrg/dwr/call/plaincall/AjaxQqpsService.getMaterielByCode.dwr HTTP/1.1" 200 3884
116.224.255.128 - - [14/Sep/2022:08:58:01 +0800] "POST /xingrg/dwr/call/plaincall/AjaxQqpsService.saveMaterielItem.dwr HTTP/1.1" 200 79
116.225.121.189 - - [14/Sep/2022:08:58:07 +0800] "GET /xingrg/all/function/internal_message.html?_=1663116947333&CODE_STATE=getMsg HTTP/1.1" 200 27
116.224.255.128 - - [14/Sep/2022:08:58:07 +0800] "POST /xingrg/dwr/call/plaincall/AjaxQqpsService.getMaterielByCode.dwr HTTP/1.1" 200 3849
116.224.255.128 - - [14/Sep/2022:08:58:07 +0800] "GET /xingrg/check_reg.html?_=1663117024644 HTTP/1.1" 200 22
116.224.255.128 - - [14/Sep/2022:08:58:07 +0800] "GET /xingrg/all/function/internal_message.html?_=1663117024722&CODE_STATE=getMsg HTTP/1.1" 200 27
116.224.255.128 - - [14/Sep/2022:08:58:11 +0800] "POST /xingrg/dwr/call/plaincall/AjaxQqpsService.saveMaterielItem.dwr HTTP/1.1" 200 79
222.70.246.221 - - [14/Sep/2022:08:58:11 +0800] "GET /xingrg/all/function/internal_message.html?_=1663117099104&CODE_STATE=getMsg HTTP/1.1" 200 27
120.253.135.82 - - [14/Sep/2022:08:58:12 +0800] "GET /xingrg/all/function/internal_message.html?_=1663117206299&CODE_STATE=getMsg HTTP/1.1" 200 27
222.70.246.221 - - [14/Sep/2022:08:58:12 +0800] "GET /xingrg/kc/buy/cgsh_order_operate.html?command=get_materiel&rest_code=00146&code=00101008298&supplier_code=00100005&order_time=2022-09-14 HTTP/1.1" 200 412
116.224.255.128 - - [14/Sep/2022:08:58:16 +0800] "POST /xingrg/dwr/call/plaincall/AjaxQqpsService.getMaterielByCode.dwr HTTP/1.1" 200 3867
114.84.5.35 - - [14/Sep/2022:08:58:17 +0800] "POST /xingrg/services/DataTransmitService HTTP/1.1" 200 524
114.84.5.35 - - [14/Sep/2022:08:58:18 +0800] "POST /xingrg/kc/buy/cgsh_order_operate.html HTTP/1.1" 200 37
120.253.135.82 - - [14/Sep/2022:08:58:18 +0800] "POST /xingrg/kc/pszx/mdps_list_operate.html HTTP/1.1" 200 458
120.253.135.82 - - [14/Sep/2022:08:58:19 +0800] "GET /xingrg/kc/pszx/mdps_order_info.html?code=312022091300335 HTTP/1.1" 200 24024
120.253.135.82 - - [14/Sep/2022:08:58:20 +0800] "POST /xingrg/kc/pszx/mdps_order_operate.html HTTP/1.1" 200 3845
120.253.135.82 - - [14/Sep/2022:08:58:20 +0800] "GET /xingrg/javascript/easyui/themes/default/validatebox.css HTTP/1.1" 404 1104
114.84.5.35 - - [14/Sep/2022:08:58:20 +0800] "POST /xingrg/kc/buy/cgsh_order_operate.html HTTP/1.1" 200 7372
116.224.255.128 - - [14/Sep/2022:08:58:21 +0800] "POST /xingrg/dwr/call/plaincall/AjaxQqpsService.saveMaterielItem.dwr HTTP/1.1" 200 79
114.84.5.35 - - [14/Sep/2022:08:58:22 +0800] "GET /xingrg/kc/print/load_data.html?order_code=212022091404990&kc_code=cgsh&condition= HTTP/1.1" 200 2497
116.238.169.132 - - [14/Sep/2022:08:58:23 +0800] "GET /xingrg/all/function/internal_message.html?_=1663117102654&CODE_STATE=getMsg HTTP/1.1" 200 27
124.79.74.72 - - [14/Sep/2022:08:58:26 +0800] "GET /xingrg/all/function/internal_message.html?_=1663117102477&CODE_STATE=getMsg HTTP/1.1" 200 27
114.84.5.35 - - [14/Sep/2022:08:58:27 +0800] "GET /xingrg/all/function/internal_message.html?_=1663117104353&CODE_STATE=getMsg HTTP/1.1" 200 27
120.253.135.82 - - [14/Sep/2022:08:58:27 +0800] "POST /xingrg/kc/pszx/mdps_order_operate.html HTTP/1.1" 200 37
222.70.246.221 - - [14/Sep/2022:08:58:28 +0800] "GET /xingrg/kc/buy/cgsh_order_operate.html?command=get_materiel&rest_code=00146&code=00101008370&supplier_code=00100005&order_time=2022-09-14 HTTP/1.1" 200 412
114.84.5.35 - - [14/Sep/2022:08:58:28 +0800] "GET /xingrg/kc/buy/cgsh_order_add.html HTTP/1.1" 200 68633
114.84.5.35 - - [14/Sep/2022:08:58:29 +0800] "POST /xingrg/kc/buy/cgsh_order_operate.html HTTP/1.1" 200 8245
114.84.5.35 - - [14/Sep/2022:08:58:29 +0800] "GET /xingrg/javascript/easyui/themes/default/validatebox.css HTTP/1.1" 404 1104
120.253.135.82 - - [14/Sep/2022:08:58:29 +0800] "POST /xingrg/kc/pszx/mdps_order_operate.html HTTP/1.1" 200 12
61.170.234.164 - - [14/Sep/2022:08:58:30 +0800] "GET /xingrg/all/function/internal_message.html?_=1663117107803&CODE_STATE=getMsg HTTP/1.1" 200 27
120.253.135.82 - - [14/Sep/2022:08:58:32 +0800] "GET /xingrg/kc/pszx/mdps_order_info.html?code=312022091300335 HTTP/1.1" 200 19684
120.253.135.82 - - [14/Sep/2022:08:58:32 +0800] "POST /xingrg/kc/pszx/mdps_order_operate.html HTTP/1.1" 200 2055
120.253.135.82 - - [14/Sep/2022:08:58:32 +0800] "GET /xingrg/javascript/easyui/themes/default/validatebox.css HTTP/1.1" 404 1104
120.253.135.82 - - [14/Sep/2022:08:58:33 +0800] "GET /xingrg/all/function/internal_message.html?_=1663116911581&CODE_STATE=getMsg HTTP/1.1" 200 27
116.224.255.128 - - [14/Sep/2022:08:58:33 +0800] "POST /xingrg/dwr/call/plaincall/AjaxQqpsService.getMaterielByCode.dwr HTTP/1.1" 200 3864
116.225.121.189 - - [14/Sep/2022:08:58:33 +0800] "GET /xingrg/all/function/internal_message.html?_=1663117113752&CODE_STATE=getMsg HTTP/1.1" 200 27
222.70.246.221 - - [14/Sep/2022:08:58:34 +0800] "POST /xingrg/kc/buy/cgsh_order_operate.html HTTP/1.1" 200 2065
180.163.28.109 - - [14/Sep/2022:08:58:37 +0800] "GET /xingrg/kc/buy/cgsh_order_operate.html?command=get_materiel&rest_code=00106&code=00101008131&supplier_code=00100007&order_time=2022-09-14 HTTP/1.1" 302 -
180.163.28.109 - - [14/Sep/2022:08:58:37 +0800] "GET /xingrg/login.html HTTP/1.1" 200 7641
116.224.255.128 - - [14/Sep/2022:08:58:37 +0800] "GET /xingrg/all/function/internal_message.html?_=1663117116199&CODE_STATE=getMsg HTTP/1.1" 200 27
116.224.255.128 - - [14/Sep/2022:08:58:37 +0800] "POST /xingrg/dwr/call/plaincall/AjaxQqpsService.saveMaterielItem.dwr HTTP/1.1" 200 79
180.169.147.146 - - [14/Sep/2022:08:58:38 +0800] "GET /xingrg/check_reg.html?_=1663117116669 HTTP/1.1" 200 22
116.224.255.128 - - [14/Sep/2022:08:58:44 +0800] "POST /xingrg/dwr/call/plaincall/AjaxQqpsService.getMaterielByCode.dwr HTTP/1.1" 200 3861
120.253.135.82 - - [14/Sep/2022:08:58:44 +0800] "POST /xingrg/kc/pszx/mdps_list_operate.html HTTP/1.1" 200 2837
120.253.135.82 - - [14/Sep/2022:08:58:47 +0800] "POST /xingrg/kc/pszx/mdps_list_operate.html HTTP/1.1" 200 211
116.238.169.132 - - [14/Sep/2022:08:58:47 +0800] "GET /xingrg/all/function/internal_message.html?_=1663117142783&CODE_STATE=getMsg HTTP/1.1" 200 27
114.84.5.35 - - [14/Sep/2022:08:58:48 +0800] "GET /xingrg/kc/buy/cgsh_order_operate.html?command=get_materiel&rest_code=00111&code=00101008149&supplier_code=00100005&order_time=2022-09-14 HTTP/1.1" 200 408
120.253.135.82 - - [14/Sep/2022:08:58:48 +0800] "GET /xingrg/kc/pszx/mdps_order_info.html?code=312022091200325 HTTP/1.1" 200 24028
120.253.135.82 - - [14/Sep/2022:08:58:48 +0800] "POST /xingrg/kc/pszx/mdps_order_operate.html HTTP/1.1" 200 2287
120.253.135.82 - - [14/Sep/2022:08:58:48 +0800] "GET /xingrg/javascript/easyui/themes/default/validatebox.css HTTP/1.1" 404 1104
222.70.246.221 - - [14/Sep/2022:08:58:49 +0800] "GET /xingrg/check_reg.html?_=1663117137812 HTTP/1.1" 200 22
116.224.255.128 - - [14/Sep/2022:08:58:50 +0800] "POST /xingrg/dwr/call/plaincall/AjaxQqpsService.saveMaterielItem.dwr HTTP/1.1" 200 79
120.253.135.82 - - [14/Sep/2022:08:58:51 +0800] "POST /xingrg/kc/pszx/mdps_order_operate.html HTTP/1.1" 200 37
58.40.7.146 - - [14/Sep/2022:08:58:53 +0800] "GET /xingrg/all/function/internal_message.html?_=1663117131624&CODE_STATE=getMsg HTTP/1.1" 200 27
120.253.135.82 - - [14/Sep/2022:08:58:53 +0800] "POST /xingrg/kc/pszx/mdps_order_operate.html HTTP/1.1" 200 12
120.253.135.82 - - [14/Sep/2022:08:58:54 +0800] "GET /xingrg/check_reg.html?_=1663117248400 HTTP/1.1" 200 22
222.70.246.221 - - [14/Sep/2022:08:58:55 +0800] "GET /xingrg/kc/buy/cgsh_order_operate.html?command=get_materiel&rest_code=00146&code=00101008196&supplier_code=00100005&order_time=2022-09-14 HTTP/1.1" 200 416
116.224.255.128 - - [14/Sep/2022:08:58:56 +0800] "POST /xingrg/dwr/call/plaincall/AjaxQqpsService.getMaterielByCode.dwr HTTP/1.1" 200 3851
114.88.158.224 - - [14/Sep/2022:08:58:57 +0800] "GET /xingrg/all/function/internal_message.html?_=1663116795621&CODE_STATE=getMsg HTTP/1.1" 200 27
120.253.135.82 - - [14/Sep/2022:08:58:57 +0800] "GET /xingrg/kc/pszx/mdps_order_info.html?code=312022091200325 HTTP/1.1" 200 19688
180.169.147.146 - - [14/Sep/2022:08:58:57 +0800] "GET /xingrg/all/function/internal_message.html?_=1663117134918&CODE_STATE=getMsg HTTP/1.1" 200 27
120.253.135.82 - - [14/Sep/2022:08:58:57 +0800] "POST /xingrg/kc/pszx/mdps_order_operate.html HTTP/1.1" 200 508
120.253.135.82 - - [14/Sep/2022:08:58:57 +0800] "GET /xingrg/javascript/easyui/themes/default/validatebox.css HTTP/1.1" 404 1104
116.224.255.128 - - [14/Sep/2022:08:58:58 +0800] "POST /xingrg/dwr/call/plaincall/AjaxQqpsService.saveMaterielItem.dwr HTTP/1.1" 200 79
114.84.5.35 - - [14/Sep/2022:08:59:02 +0800] "GET /xingrg/kc/buy/cgsh_order_operate.html?command=get_materiel&rest_code=00111&code=00101008358&supplier_code=00100005&order_time=2022-09-14 HTTP/1.1" 200 412
116.224.255.128 - - [14/Sep/2022:08:59:04 +0800] "POST /xingrg/dwr/call/plaincall/AjaxQqpsService.getMaterielByCode.dwr HTTP/1.1" 200 3857
180.163.29.219 - - [14/Sep/2022:08:59:04 +0800] "GET /xingrg/all/function/internal_message.html?_=1663115952559&CODE_STATE=getMsg HTTP/1.1" 302 -
180.163.29.219 - - [14/Sep/2022:08:59:04 +0800] "GET /xingrg/login.html HTTP/1.1" 200 7641
116.224.255.128 - - [14/Sep/2022:08:59:06 +0800] "POST /xingrg/dwr/call/plaincall/AjaxQqpsService.saveMaterielItem.dwr HTTP/1.1" 200 79
116.225.121.189 - - [14/Sep/2022:08:59:07 +0800] "GET /xingrg/all/function/internal_message.html?_=1663117007342&CODE_STATE=getMsg HTTP/1.1" 200 27
116.224.255.128 - - [14/Sep/2022:08:59:07 +0800] "GET /xingrg/all/function/internal_message.html?_=1663117084736&CODE_STATE=getMsg HTTP/1.1" 200 27
222.70.246.221 - - [14/Sep/2022:08:59:08 +0800] "GET /xingrg/kc/buy/cgsh_order_operate.html?command=get_materiel&rest_code=00146&code=00101008357&supplier_code=00100005&order_time=2022-09-14 HTTP/1.1" 200 408
120.253.135.82 - - [14/Sep/2022:08:59:08 +0800] "POST /xingrg/kc/pszx/mdps_list_operate.html HTTP/1.1" 200 2457
120.253.135.82 - - [14/Sep/2022:08:59:10 +0800] "POST /xingrg/kc/pszx/mdps_list_operate.html HTTP/1.1" 200 434
120.253.135.82 - - [14/Sep/2022:08:59:11 +0800] "GET /xingrg/kc/pszx/mdps_order_info.html?code=312022091300334 HTTP/1.1" 200 24026
222.70.246.221 - - [14/Sep/2022:08:59:11 +0800] "GET /xingrg/all/function/internal_message.html?_=1663117159118&CODE_STATE=getMsg HTTP/1.1" 200 27
116.224.255.128 - - [14/Sep/2022:08:59:11 +0800] "POST /xingrg/dwr/call/plaincall/AjaxQqpsService.getMaterielByCode.dwr HTTP/1.1" 200 3803
120.253.135.82 - - [14/Sep/2022:08:59:11 +0800] "POST /xingrg/kc/pszx/mdps_order_operate.html HTTP/1.1" 200 3764
120.253.135.82 - - [14/Sep/2022:08:59:11 +0800] "GET /xingrg/javascript/easyui/themes/default/validatebox.css HTTP/1.1" 404 1104
120.253.135.82 - - [14/Sep/2022:08:59:12 +0800] "GET /xingrg/all/function/internal_message.html?_=1663117266310&CODE_STATE=getMsg HTTP/1.1" 200 27
116.224.255.128 - - [14/Sep/2022:08:59:12 +0800] "POST /xingrg/dwr/call/plaincall/AjaxQqpsService.saveMaterielItem.dwr HTTP/1.1" 200 79
114.84.5.35 - - [14/Sep/2022:08:59:13 +0800] "GET /xingrg/kc/buy/cgsh_order_operate.html?command=get_materiel&rest_code=00111&code=00101008059&supplier_code=00100005&order_time=2022-09-14 HTTP/1.1" 200 408
180.163.28.55 - - [14/Sep/2022:08:59:13 +0800] "GET /xingrg/check_reg.html?_=1663116852567 HTTP/1.1" 302 -
180.163.28.55 - - [14/Sep/2022:08:59:13 +0800] "GET /xingrg/login.html HTTP/1.1" 200 7641
61.170.234.164 - - [14/Sep/2022:08:59:15 +0800] "GET /xingrg/check_reg.html?_=1663117152580 HTTP/1.1" 200 22
180.163.30.85 - - [14/Sep/2022:08:59:15 +0800] "GET /xingrg/kc/buy/cgsh_order_operate.html?command=get_materiel&rest_code=00106&code=00101008049&supplier_code=00100007&order_time=2022-09-14 HTTP/1.1" 302 -
180.163.30.85 - - [14/Sep/2022:08:59:15 +0800] "GET /xingrg/login.html HTTP/1.1" 200 7641
120.253.135.82 - - [14/Sep/2022:08:59:15 +0800] "POST /xingrg/kc/pszx/mdps_order_operate.html HTTP/1.1" 200 37
120.253.135.82 - - [14/Sep/2022:08:59:17 +0800] "POST /xingrg/kc/pszx/mdps_order_operate.html HTTP/1.1" 200 12
116.224.255.128 - - [14/Sep/2022:08:59:18 +0800] "POST /xingrg/dwr/call/plaincall/AjaxQqpsService.getMaterielByCode.dwr HTTP/1.1" 200 3834
116.224.255.128 - - [14/Sep/2022:08:59:20 +0800] "POST /xingrg/dwr/call/plaincall/AjaxQqpsService.saveMaterielItem.dwr HTTP/1.1" 200 79
222.70.246.221 - - [14/Sep/2022:08:59:21 +0800] "GET /xingrg/kc/buy/cgsh_order_operate.html?command=get_materiel&rest_code=00146&code=00101008286&supplier_code=00100005&order_time=2022-09-14 HTTP/1.1" 200 408
114.84.5.35 - - [14/Sep/2022:08:59:21 +0800] "GET /xingrg/kc/buy/cgsh_order_operate.html?command=get_materiel&rest_code=00111&code=00101008049&supplier_code=00100005&order_time=2022-09-14 HTTP/1.1" 200 408
116.238.169.132 - - [14/Sep/2022:08:59:23 +0800] "GET /xingrg/check_reg.html?_=1663117162652 HTTP/1.1" 200 22
116.238.169.132 - - [14/Sep/2022:08:59:23 +0800] "GET /xingrg/all/function/internal_message.html?_=1663117162654&CODE_STATE=getMsg HTTP/1.1" 200 27
180.163.28.55 - - [14/Sep/2022:08:59:23 +0800] "GET /xingrg/all/function/internal_message.html?_=1663116867854&CODE_STATE=getMsg HTTP/1.1" 302 -
180.163.28.55 - - [14/Sep/2022:08:59:23 +0800] "GET /xingrg/login.html HTTP/1.1" 200 7641
116.224.255.128 - - [14/Sep/2022:08:59:25 +0800] "POST /xingrg/dwr/call/plaincall/AjaxQqpsService.getMaterielByCode.dwr HTTP/1.1" 200 3837
124.79.74.72 - - [14/Sep/2022:08:59:26 +0800] "GET /xingrg/all/function/internal_message.html?_=1663117162447&CODE_STATE=getMsg HTTP/1.1" 200 27
120.253.135.82 - - [14/Sep/2022:08:59:27 +0800] "GET /xingrg/kc/pszx/mdps_order_info.html?code=312022091300334 HTTP/1.1" 200 19686
114.84.5.35 - - [14/Sep/2022:08:59:27 +0800] "GET /xingrg/all/function/internal_message.html?_=1663117164338&CODE_STATE=getMsg HTTP/1.1" 200 27
120.253.135.82 - - [14/Sep/2022:08:59:27 +0800] "POST /xingrg/kc/pszx/mdps_order_operate.html HTTP/1.1" 200 1973
120.253.135.82 - - [14/Sep/2022:08:59:27 +0800] "GET /xingrg/javascript/easyui/themes/default/validatebox.css HTTP/1.1" 404 1104
120.253.135.82 - - [14/Sep/2022:08:59:28 +0800] "POST /xingrg/kc/pszx/mdps_list_operate.html HTTP/1.1" 200 2080
124.79.74.72 - - [14/Sep/2022:08:59:29 +0800] "GET /xingrg/check_reg.html?_=1663117165417 HTTP/1.1" 200 22
120.253.135.82 - - [14/Sep/2022:08:59:29 +0800] "POST /xingrg/kc/pszx/mdps_list_operate.html HTTP/1.1" 200 632
61.170.234.164 - - [14/Sep/2022:08:59:30 +0800] "GET /xingrg/all/function/internal_message.html?_=1663117167750&CODE_STATE=getMsg HTTP/1.1" 200 27
120.253.135.82 - - [14/Sep/2022:08:59:31 +0800] "GET /xingrg/kc/pszx/mdps_order_info.html?code=312022091300333 HTTP/1.1" 200 24026
120.253.135.82 - - [14/Sep/2022:08:59:31 +0800] "POST /xingrg/kc/pszx/mdps_order_operate.html HTTP/1.1" 200 15112
120.253.135.82 - - [14/Sep/2022:08:59:31 +0800] "GET /xingrg/javascript/easyui/themes/default/validatebox.css HTTP/1.1" 404 1104
114.84.5.35 - - [14/Sep/2022:08:59:31 +0800] "GET /xingrg/kc/buy/cgsh_order_operate.html?command=get_materiel&rest_code=00111&code=00101008087&supplier_code=00100005&order_time=2022-09-14 HTTP/1.1" 200 412
120.253.135.82 - - [14/Sep/2022:08:59:33 +0800] "GET /xingrg/all/function/internal_message.html?_=1663116971594&CODE_STATE=getMsg HTTP/1.1" 200 27
116.225.121.189 - - [14/Sep/2022:08:59:33 +0800] "GET /xingrg/all/function/internal_message.html?_=1663117173756&CODE_STATE=getMsg HTTP/1.1" 200 27
116.224.255.128 - - [14/Sep/2022:08:59:34 +0800] "POST /xingrg/dwr/call/plaincall/AjaxQqpsService.saveMaterielItem.dwr HTTP/1.1" 200 79
222.70.246.221 - - [14/Sep/2022:08:59:35 +0800] "GET /xingrg/kc/buy/cgsh_order_operate.html?command=get_materiel&rest_code=00146&code=00101008131&supplier_code=00100005&order_time=2022-09-14 HTTP/1.1" 200 408
116.224.255.128 - - [14/Sep/2022:08:59:37 +0800] "GET /xingrg/all/function/internal_message.html?_=1663117176185&CODE_STATE=getMsg HTTP/1.1" 200 27
116.224.255.128 - - [14/Sep/2022:08:59:37 +0800] "POST /xingrg/dwr/call/plaincall/AjaxQqpsService.getMaterielByCode.dwr HTTP/1.1" 200 3853
116.224.255.128 - - [14/Sep/2022:08:59:40 +0800] "POST /xingrg/dwr/call/plaincall/AjaxQqpsService.saveMaterielItem.dwr HTTP/1.1" 200 79
222.70.246.221 - - [14/Sep/2022:08:59:41 +0800] "POST /xingrg/kc/buy/cgsh_order_operate.html HTTP/1.1" 200 2065
120.253.135.82 - - [14/Sep/2022:08:59:43 +0800] "POST /xingrg/kc/pszx/mdps_order_operate.html HTTP/1.1" 200 37
114.84.5.35 - - [14/Sep/2022:08:59:43 +0800] "GET /xingrg/kc/buy/cgsh_order_operate.html?command=get_materiel&rest_code=00111&code=00101008321&supplier_code=00100005&order_time=2022-09-14 HTTP/1.1" 200 412
120.253.135.82 - - [14/Sep/2022:08:59:45 +0800] "POST /xingrg/kc/pszx/mdps_order_operate.html HTTP/1.1" 200 12
116.238.169.132 - - [14/Sep/2022:08:59:47 +0800] "GET /xingrg/all/function/internal_message.html?_=1663117202765&CODE_STATE=getMsg HTTP/1.1" 200 27
116.224.255.128 - - [14/Sep/2022:08:59:48 +0800] "POST /xingrg/dwr/call/plaincall/AjaxQqpsService.getMaterielByCode.dwr HTTP/1.1" 200 3883
116.224.255.128 - - [14/Sep/2022:08:59:50 +0800] "POST /xingrg/dwr/call/plaincall/AjaxQqpsService.saveMaterielItem.dwr HTTP/1.1" 200 79
180.163.29.217 - - [14/Sep/2022:08:59:52 +0800] "GET /xingrg/all/function/internal_message.html?_=1663116448039&CODE_STATE=getMsg HTTP/1.1" 302 -
180.163.29.217 - - [14/Sep/2022:08:59:52 +0800] "GET /xingrg/login.html HTTP/1.1" 200 7641
58.40.7.146 - - [14/Sep/2022:08:59:53 +0800] "GET /xingrg/all/function/internal_message.html?_=1663117191629&CODE_STATE=getMsg HTTP/1.1" 200 27
58.40.7.146 - - [14/Sep/2022:08:59:53 +0800] "GET /xingrg/check_reg.html?_=1663117191630 HTTP/1.1" 200 22
114.84.5.35 - - [14/Sep/2022:08:59:54 +0800] "GET /xingrg/kc/buy/cgsh_order_operate.html?command=get_materiel&rest_code=00111&code=00101008137&supplier_code=00100005&order_time=2022-09-14 HTTP/1.1" 200 408
114.88.158.224 - - [14/Sep/2022:08:59:57 +0800] "GET /xingrg/all/function/internal_message.html?_=1663116855636&CODE_STATE=getMsg HTTP/1.1" 200 27
180.169.147.146 - - [14/Sep/2022:08:59:57 +0800] "GET /xingrg/all/function/internal_message.html?_=1663117194907&CODE_STATE=getMsg HTTP/1.1" 200 27
120.253.135.82 - - [14/Sep/2022:08:59:58 +0800] "GET /xingrg/kc/pszx/mdps_order_info.html?code=312022091300333 HTTP/1.1" 200 19686
222.70.246.221 - - [14/Sep/2022:08:59:58 +0800] "POST /xingrg/kc/buy/cgsh_order_operate.html HTTP/1.1" 200 37
120.253.135.82 - - [14/Sep/2022:08:59:59 +0800] "POST /xingrg/kc/pszx/mdps_order_operate.html HTTP/1.1" 200 13228
120.253.135.82 - - [14/Sep/2022:08:59:59 +0800] "GET /xingrg/javascript/easyui/themes/default/validatebox.css HTTP/1.1" 404 1104
116.224.255.128 - - [14/Sep/2022:08:59:59 +0800] "POST /xingrg/dwr/call/plaincall/AjaxQqpsService.getMaterielByCode.dwr HTTP/1.1" 200 3863
120.253.135.82 - - [14/Sep/2022:09:00:00 +0800] "POST /xingrg/kc/pszx/mdps_list_operate.html HTTP/1.1" 200 1701
120.253.135.82 - - [14/Sep/2022:09:00:02 +0800] "POST /xingrg/kc/pszx/mdps_list_operate.html HTTP/1.1" 200 203
222.70.246.221 - - [14/Sep/2022:09:00:06 +0800] "POST /xingrg/kc/buy/cgsh_order_operate.html HTTP/1.1" 200 17436
116.225.121.189 - - [14/Sep/2022:09:00:07 +0800] "GET /xingrg/all/function/internal_message.html?_=1663117067342&CODE_STATE=getMsg HTTP/1.1" 200 27
116.225.121.189 - - [14/Sep/2022:09:00:07 +0800] "GET /xingrg/check_reg.html?_=1663117067346 HTTP/1.1" 200 22
116.224.255.128 - - [14/Sep/2022:09:00:07 +0800] "GET /xingrg/all/function/internal_message.html?_=1663117144750&CODE_STATE=getMsg HTTP/1.1" 200 27
114.84.5.35 - - [14/Sep/2022:09:00:08 +0800] "GET /xingrg/kc/buy/cgsh_order_operate.html?command=get_materiel&rest_code=00111&code=00101008331&supplier_code=00100005&order_time=2022-09-14 HTTP/1.1" 200 416
116.224.255.128 - - [14/Sep/2022:09:00:09 +0800] "POST /xingrg/dwr/call/plaincall/AjaxQqpsService.saveMaterielItem.dwr HTTP/1.1" 200 79
222.70.246.221 - - [14/Sep/2022:09:00:11 +0800] "GET /xingrg/all/function/internal_message.html?_=1663117219132&CODE_STATE=getMsg HTTP/1.1" 200 27
120.253.135.82 - - [14/Sep/2022:09:00:12 +0800] "GET /xingrg/all/function/internal_message.html?_=1663117326322&CODE_STATE=getMsg HTTP/1.1" 200 27
116.224.255.128 - - [14/Sep/2022:09:00:17 +0800] "POST /xingrg/dwr/call/plaincall/AjaxQqpsService.getMaterielByCode.dwr HTTP/1.1" 200 3781
120.253.135.82 - - [14/Sep/2022:09:00:19 +0800] "POST /xingrg/kc/pszx/mdps_list_operate.html HTTP/1.1" 200 3931
116.224.255.128 - - [14/Sep/2022:09:00:19 +0800] "POST /xingrg/dwr/call/plaincall/AjaxQqpsService.saveMaterielItem.dwr HTTP/1.1" 200 79
116.238.169.132 - - [14/Sep/2022:09:00:23 +0800] "GET /xingrg/all/function/internal_message.html?_=1663117222649&CODE_STATE=getMsg HTTP/1.1" 200 27
116.224.255.128 - - [14/Sep/2022:09:00:26 +0800] "POST /xingrg/dwr/call/plaincall/AjaxQqpsService.getMaterielByCode.dwr HTTP/1.1" 200 3782
124.79.74.72 - - [14/Sep/2022:09:00:26 +0800] "GET /xingrg/all/function/internal_message.html?_=1663117222421&CODE_STATE=getMsg HTTP/1.1" 200 27
114.84.5.35 - - [14/Sep/2022:09:00:26 +0800] "GET /xingrg/check_reg.html?_=1663117223917 HTTP/1.1" 200 22
114.84.5.35 - - [14/Sep/2022:09:00:27 +0800] "GET /xingrg/all/function/internal_message.html?_=1663117224309&CODE_STATE=getMsg HTTP/1.1" 200 27
114.84.5.35 - - [14/Sep/2022:09:00:27 +0800] "GET /xingrg/kc/buy/cgsh_order_operate.html?command=get_materiel&rest_code=00111&code=00101008436&supplier_code=00100005&order_time=2022-09-14 HTTP/1.1" 200 412
116.224.255.128 - - [14/Sep/2022:09:00:28 +0800] "POST /xingrg/dwr/call/plaincall/AjaxQqpsService.saveMaterielItem.dwr HTTP/1.1" 200 79
61.170.234.164 - - [14/Sep/2022:09:00:30 +0800] "GET /xingrg/all/function/internal_message.html?_=1663117227719&CODE_STATE=getMsg HTTP/1.1" 200 27
116.224.255.128 - - [14/Sep/2022:09:00:32 +0800] "POST /xingrg/dwr/call/plaincall/AjaxQqpsService.getMaterielByCode.dwr HTTP/1.1" 200 3789
120.253.135.82 - - [14/Sep/2022:09:00:33 +0800] "GET /xingrg/all/function/internal_message.html?_=1663117031608&CODE_STATE=getMsg HTTP/1.1" 200 27
116.225.121.189 - - [14/Sep/2022:09:00:33 +0800] "GET /xingrg/all/function/internal_message.html?_=1663117233752&CODE_STATE=getMsg HTTP/1.1" 200 27
116.224.255.128 - - [14/Sep/2022:09:00:33 +0800] "POST /xingrg/dwr/call/plaincall/AjaxQqpsService.saveMaterielItem.dwr HTTP/1.1" 200 79
180.163.30.27 - - [14/Sep/2022:09:00:36 +0800] "GET /xingrg/kc/buy/cgsh_order_list.html HTTP/1.1" 302 -
180.163.30.27 - - [14/Sep/2022:09:00:36 +0800] "GET /xingrg/login.html HTTP/1.1" 200 7641
116.224.255.128 - - [14/Sep/2022:09:00:37 +0800] "GET /xingrg/all/function/internal_message.html?_=1663117236170&CODE_STATE=getMsg HTTP/1.1" 200 27
116.224.255.128 - - [14/Sep/2022:09:00:40 +0800] "POST /xingrg/dwr/call/plaincall/AjaxQqpsService.getMaterielByCode.dwr HTTP/1.1" 200 3788
114.84.5.35 - - [14/Sep/2022:09:00:41 +0800] "GET /xingrg/kc/buy/cgsh_order_operate.html?command=get_materiel&rest_code=00111&code=00101008010&supplier_code=00100005&order_time=2022-09-14 HTTP/1.1" 200 412
116.224.255.128 - - [14/Sep/2022:09:00:45 +0800] "POST /xingrg/dwr/call/plaincall/AjaxQqpsService.saveMaterielItem.dwr HTTP/1.1" 200 79
116.238.169.132 - - [14/Sep/2022:09:00:47 +0800] "GET /xingrg/all/function/internal_message.html?_=1663117262748&CODE_STATE=getMsg HTTP/1.1" 200 27
114.84.5.35 - - [14/Sep/2022:09:00:52 +0800] "GET /xingrg/kc/buy/cgsh_order_operate.html?command=get_materiel&rest_code=00111&code=00101008141&supplier_code=00100005&order_time=2022-09-14 HTTP/1.1" 200 412
58.40.7.146 - - [14/Sep/2022:09:00:53 +0800] "GET /xingrg/all/function/internal_message.html?_=1663117251633&CODE_STATE=getMsg HTTP/1.1" 200 27
180.163.28.68 - - [14/Sep/2022:09:00:54 +0800] "GET /xingrg/all/function/internal_message.html?_=1663116627959&CODE_STATE=getMsg HTTP/1.1" 302 -
180.163.28.68 - - [14/Sep/2022:09:00:54 +0800] "GET /xingrg/login.html HTTP/1.1" 200 7641
114.88.158.224 - - [14/Sep/2022:09:00:57 +0800] "GET /xingrg/check_reg.html?_=1663116915635 HTTP/1.1" 200 22
114.88.158.224 - - [14/Sep/2022:09:00:57 +0800] "GET /xingrg/all/function/internal_message.html?_=1663116915636&CODE_STATE=getMsg HTTP/1.1" 200 27
180.169.147.146 - - [14/Sep/2022:09:00:57 +0800] "GET /xingrg/all/function/internal_message.html?_=1663117254885&CODE_STATE=getMsg HTTP/1.1" 200 27
114.84.5.35 - - [14/Sep/2022:09:01:02 +0800] "GET /xingrg/kc/buy/cgsh_order_operate.html?command=get_materiel&rest_code=00111&code=00101008355&supplier_code=00100005&order_time=2022-09-14 HTTP/1.1" 200 408
116.225.121.189 - - [14/Sep/2022:09:01:07 +0800] "GET /xingrg/all/function/internal_message.html?_=1663117127353&CODE_STATE=getMsg HTTP/1.1" 200 27
116.224.255.128 - - [14/Sep/2022:09:01:07 +0800] "GET /xingrg/all/function/internal_message.html?_=1663117204763&CODE_STATE=getMsg HTTP/1.1" 200 27
222.70.246.221 - - [14/Sep/2022:09:01:11 +0800] "GET /xingrg/all/function/internal_message.html?_=1663117279144&CODE_STATE=getMsg HTTP/1.1" 200 27
120.253.135.82 - - [14/Sep/2022:09:01:12 +0800] "GET /xingrg/all/function/internal_message.html?_=1663117386372&CODE_STATE=getMsg HTTP/1.1" 200 27
222.70.246.221 - - [14/Sep/2022:09:01:20 +0800] "GET /xingrg/kc/buy/cgsh_order_operate.html?command=get_materiel&rest_code=00146&code=00101008469&supplier_code=00100005&order_time=2022-09-14 HTTP/1.1" 200 412
180.163.29.212 - - [14/Sep/2022:09:01:22 +0800] "GET /xingrg/all/function/internal_message.html?_=1663116567988&CODE_STATE=getMsg HTTP/1.1" 302 -
180.163.29.212 - - [14/Sep/2022:09:01:22 +0800] "GET /xingrg/login.html HTTP/1.1" 200 7641
116.238.169.132 - - [14/Sep/2022:09:01:23 +0800] "GET /xingrg/all/function/internal_message.html?_=1663117282662&CODE_STATE=getMsg HTTP/1.1" 200 27
124.79.74.72 - - [14/Sep/2022:09:01:26 +0800] "GET /xingrg/all/function/internal_message.html?_=1663117282391&CODE_STATE=getMsg HTTP/1.1" 200 27
114.84.5.35 - - [14/Sep/2022:09:01:27 +0800] "GET /xingrg/all/function/internal_message.html?_=1663117284282&CODE_STATE=getMsg HTTP/1.1" 200 27
120.253.135.82 - - [14/Sep/2022:09:01:27 +0800] "GET /xingrg/check_reg.html?_=1663117086473 HTTP/1.1" 200 22
61.170.234.164 - - [14/Sep/2022:09:01:30 +0800] "GET /xingrg/all/function/internal_message.html?_=1663117287694&CODE_STATE=getMsg HTTP/1.1" 200 27
120.253.135.82 - - [14/Sep/2022:09:01:33 +0800] "GET /xingrg/all/function/internal_message.html?_=1663117091621&CODE_STATE=getMsg HTTP/1.1" 200 27
116.225.121.189 - - [14/Sep/2022:09:01:33 +0800] "GET /xingrg/all/function/internal_message.html?_=1663117293751&CODE_STATE=getMsg HTTP/1.1" 200 27
222.70.246.221 - - [14/Sep/2022:09:01:37 +0800] "GET /xingrg/kc/buy/cgsh_order_operate.html?command=get_materiel&rest_code=00146&code=00101008323&supplier_code=00100005&order_time=2022-09-14 HTTP/1.1" 200 408
116.224.255.128 - - [14/Sep/2022:09:01:37 +0800] "GET /xingrg/all/function/internal_message.html?_=1663117296156&CODE_STATE=getMsg HTTP/1.1" 200 27
116.224.255.128 - - [14/Sep/2022:09:01:37 +0800] "GET /xingrg/check_reg.html?_=1663117296251 HTTP/1.1" 200 22
61.170.234.164 - - [14/Sep/2022:09:01:46 +0800] "POST /xingrg/kc/base/yddb_list_operate.html HTTP/1.1" 200 4296
116.238.169.132 - - [14/Sep/2022:09:01:47 +0800] "GET /xingrg/all/function/internal_message.html?_=1663117322731&CODE_STATE=getMsg HTTP/1.1" 200 27
120.253.135.82 - - [14/Sep/2022:09:01:49 +0800] "POST /xingrg/kc/pszx/mdps_list_operate.html HTTP/1.1" 200 633
120.253.135.82 - - [14/Sep/2022:09:01:51 +0800] "GET /xingrg/kc/pszx/mdps_order_info.html?code=312022091300329 HTTP/1.1" 200 24022
120.253.135.82 - - [14/Sep/2022:09:01:51 +0800] "GET /xingrg/javascript/easyui/themes/default/validatebox.css HTTP/1.1" 404 1104
120.253.135.82 - - [14/Sep/2022:09:01:51 +0800] "POST /xingrg/kc/pszx/mdps_order_operate.html HTTP/1.1" 200 10375
58.40.7.146 - - [14/Sep/2022:09:01:53 +0800] "GET /xingrg/all/function/internal_message.html?_=1663117311633&CODE_STATE=getMsg HTTP/1.1" 200 27
114.88.158.224 - - [14/Sep/2022:09:01:57 +0800] "GET /xingrg/all/function/internal_message.html?_=1663116975635&CODE_STATE=getMsg HTTP/1.1" 200 27
180.169.147.146 - - [14/Sep/2022:09:01:57 +0800] "GET /xingrg/all/function/internal_message.html?_=1663117314867&CODE_STATE=getMsg HTTP/1.1" 200 27
120.253.135.82 - - [14/Sep/2022:09:02:00 +0800] "POST /xingrg/kc/pszx/mdps_order_operate.html HTTP/1.1" 200 37
120.253.135.82 - - [14/Sep/2022:09:02:01 +0800] "POST /xingrg/kc/pszx/mdps_order_operate.html HTTP/1.1" 200 12
120.253.135.82 - - [14/Sep/2022:09:02:04 +0800] "GET /xingrg/kc/pszx/mdps_order_info.html?code=312022091300329 HTTP/1.1" 200 19682
120.253.135.82 - - [14/Sep/2022:09:02:04 +0800] "POST /xingrg/kc/pszx/mdps_order_operate.html HTTP/1.1" 200 8529
120.253.135.82 - - [14/Sep/2022:09:02:04 +0800] "GET /xingrg/javascript/easyui/themes/default/validatebox.css HTTP/1.1" 404 1104
222.70.246.221 - - [14/Sep/2022:09:02:04 +0800] "GET /xingrg/kc/buy/cgsh_order_operate.html?command=get_materiel&rest_code=00146&code=00101009053&supplier_code=00100005&order_time=2022-09-14 HTTP/1.1" 200 408
116.238.169.132 - - [14/Sep/2022:09:02:07 +0800] "GET /xingrg/check_reg.html?_=1663117342824 HTTP/1.1" 200 22
116.225.121.189 - - [14/Sep/2022:09:02:07 +0800] "GET /xingrg/all/function/internal_message.html?_=1663117187342&CODE_STATE=getMsg HTTP/1.1" 200 27
116.224.255.128 - - [14/Sep/2022:09:02:07 +0800] "GET /xingrg/all/function/internal_message.html?_=1663117264777&CODE_STATE=getMsg HTTP/1.1" 200 27
222.70.246.221 - - [14/Sep/2022:09:02:11 +0800] "GET /xingrg/all/function/internal_message.html?_=1663117339158&CODE_STATE=getMsg HTTP/1.1" 200 27
120.253.135.82 - - [14/Sep/2022:09:02:12 +0800] "GET /xingrg/all/function/internal_message.html?_=1663117446387&CODE_STATE=getMsg HTTP/1.1" 200 27
120.253.135.82 - - [14/Sep/2022:09:02:12 +0800] "POST /xingrg/kc/pszx/mdps_list_operate.html HTTP/1.1" 200 3559
120.253.135.82 - - [14/Sep/2022:09:02:15 +0800] "POST /xingrg/kc/pszx/mdps_list_operate.html HTTP/1.1" 200 311
120.253.135.82 - - [14/Sep/2022:09:02:16 +0800] "GET /xingrg/kc/pszx/mdps_order_info.html?code=312022091300331 HTTP/1.1" 200 24022
120.253.135.82 - - [14/Sep/2022:09:02:16 +0800] "POST /xingrg/kc/pszx/mdps_order_operate.html HTTP/1.1" 200 2840
120.253.135.82 - - [14/Sep/2022:09:02:16 +0800] "GET /xingrg/javascript/easyui/themes/default/validatebox.css HTTP/1.1" 404 1104
120.253.135.82 - - [14/Sep/2022:09:02:20 +0800] "POST /xingrg/kc/pszx/mdps_order_operate.html HTTP/1.1" 200 37
120.253.135.82 - - [14/Sep/2022:09:02:21 +0800] "POST /xingrg/kc/pszx/mdps_order_operate.html HTTP/1.1" 200 12
222.70.246.221 - - [14/Sep/2022:09:02:22 +0800] "GET /xingrg/kc/buy/cgsh_order_operate.html?command=get_materiel&rest_code=00146&code=00101008223&supplier_code=00100005&order_time=2022-09-14 HTTP/1.1" 200 414
116.238.169.132 - - [14/Sep/2022:09:02:23 +0800] "GET /xingrg/all/function/internal_message.html?_=1663117342653&CODE_STATE=getMsg HTTP/1.1" 200 27
124.79.74.72 - - [14/Sep/2022:09:02:26 +0800] "GET /xingrg/all/function/internal_message.html?_=1663117342362&CODE_STATE=getMsg HTTP/1.1" 200 27
114.84.5.35 - - [14/Sep/2022:09:02:27 +0800] "GET /xingrg/all/function/internal_message.html?_=1663117344259&CODE_STATE=getMsg HTTP/1.1" 200 27
61.170.234.164 - - [14/Sep/2022:09:02:30 +0800] "GET /xingrg/all/function/internal_message.html?_=1663117347719&CODE_STATE=getMsg HTTP/1.1" 200 27
222.70.246.221 - - [14/Sep/2022:09:02:32 +0800] "POST /xingrg/kc/buy/cgsh_order_operate.html HTTP/1.1" 200 2065
116.225.121.189 - - [14/Sep/2022:09:02:33 +0800] "GET /xingrg/all/function/internal_message.html?_=1663117353757&CODE_STATE=getMsg HTTP/1.1" 200 27
116.225.121.189 - - [14/Sep/2022:09:02:33 +0800] "GET /xingrg/check_reg.html?_=1663117353759 HTTP/1.1" 200 22
120.253.135.82 - - [14/Sep/2022:09:02:34 +0800] "GET /xingrg/kc/pszx/mdps_order_info.html?code=312022091300331 HTTP/1.1" 200 19682
120.253.135.82 - - [14/Sep/2022:09:02:35 +0800] "POST /xingrg/kc/pszx/mdps_order_operate.html HTTP/1.1" 200 1059
120.253.135.82 - - [14/Sep/2022:09:02:35 +0800] "GET /xingrg/javascript/easyui/themes/default/validatebox.css HTTP/1.1" 404 1104
120.253.135.82 - - [14/Sep/2022:09:02:35 +0800] "GET /xingrg/all/function/internal_message.html?_=1663117154193&CODE_STATE=getMsg HTTP/1.1" 200 27
120.253.135.82 - - [14/Sep/2022:09:02:36 +0800] "POST /xingrg/kc/pszx/mdps_list_operate.html HTTP/1.1" 200 3188
116.224.255.128 - - [14/Sep/2022:09:02:37 +0800] "GET /xingrg/all/function/internal_message.html?_=1663117356150&CODE_STATE=getMsg HTTP/1.1" 200 27
120.253.135.82 - - [14/Sep/2022:09:02:38 +0800] "POST /xingrg/kc/pszx/mdps_list_operate.html HTTP/1.1" 200 211
120.253.135.82 - - [14/Sep/2022:09:02:38 +0800] "GET /xingrg/kc/pszx/mdps_order_info.html?code=312022091200326 HTTP/1.1" 200 24028
120.253.135.82 - - [14/Sep/2022:09:02:39 +0800] "POST /xingrg/kc/pszx/mdps_order_operate.html HTTP/1.1" 200 2287
120.253.135.82 - - [14/Sep/2022:09:02:39 +0800] "GET /xingrg/javascript/easyui/themes/default/validatebox.css HTTP/1.1" 404 1104
120.253.135.82 - - [14/Sep/2022:09:02:42 +0800] "POST /xingrg/kc/pszx/mdps_order_operate.html HTTP/1.1" 200 37
116.224.255.128 - - [14/Sep/2022:09:02:43 +0800] "POST /xingrg/dwr/call/plaincall/AjaxQqpsService.getMaterielByCode.dwr HTTP/1.1" 200 3878
120.253.135.82 - - [14/Sep/2022:09:02:44 +0800] "POST /xingrg/kc/pszx/mdps_order_operate.html HTTP/1.1" 200 12
116.224.255.128 - - [14/Sep/2022:09:02:45 +0800] "POST /xingrg/dwr/call/plaincall/AjaxQqpsService.saveMaterielItem.dwr HTTP/1.1" 200 79
116.238.169.132 - - [14/Sep/2022:09:02:47 +0800] "GET /xingrg/all/function/internal_message.html?_=1663117382713&CODE_STATE=getMsg HTTP/1.1" 200 27
180.169.147.146 - - [14/Sep/2022:09:02:49 +0800] "GET /xingrg/check_reg.html?_=1663117366819 HTTP/1.1" 200 22
116.224.255.128 - - [14/Sep/2022:09:02:49 +0800] "POST /xingrg/dwr/call/plaincall/AjaxQqpsService.getMaterielByCode.dwr HTTP/1.1" 200 3878
120.253.135.82 - - [14/Sep/2022:09:02:50 +0800] "GET /xingrg/kc/pszx/mdps_order_info.html?code=312022091200326 HTTP/1.1" 200 19688
120.253.135.82 - - [14/Sep/2022:09:02:51 +0800] "POST /xingrg/kc/pszx/mdps_order_operate.html HTTP/1.1" 200 508
120.253.135.82 - - [14/Sep/2022:09:02:51 +0800] "GET /xingrg/javascript/easyui/themes/default/validatebox.css HTTP/1.1" 404 1104
116.224.255.128 - - [14/Sep/2022:09:02:52 +0800] "POST /xingrg/dwr/call/plaincall/AjaxQqpsService.saveMaterielItem.dwr HTTP/1.1" 200 79
58.40.7.146 - - [14/Sep/2022:09:02:53 +0800] "GET /xingrg/all/function/internal_message.html?_=1663117371636&CODE_STATE=getMsg HTTP/1.1" 200 27
120.253.135.82 - - [14/Sep/2022:09:02:54 +0800] "POST /xingrg/kc/pszx/mdps_list_operate.html HTTP/1.1" 200 2808
116.224.255.128 - - [14/Sep/2022:09:02:55 +0800] "POST /xingrg/dwr/call/plaincall/AjaxQqpsService.getMaterielByCode.dwr HTTP/1.1" 200 3868
120.253.135.82 - - [14/Sep/2022:09:02:56 +0800] "POST /xingrg/kc/pszx/mdps_list_operate.html HTTP/1.1" 200 287
114.88.158.224 - - [14/Sep/2022:09:02:57 +0800] "GET /xingrg/all/function/internal_message.html?_=1663117035634&CODE_STATE=getMsg HTTP/1.1" 200 27
120.253.135.82 - - [14/Sep/2022:09:02:57 +0800] "GET /xingrg/kc/pszx/mdps_order_info.html?code=312022091300332 HTTP/1.1" 200 24020
180.169.147.146 - - [14/Sep/2022:09:02:57 +0800] "GET /xingrg/all/function/internal_message.html?_=1663117374841&CODE_STATE=getMsg HTTP/1.1" 200 27
120.253.135.82 - - [14/Sep/2022:09:02:57 +0800] "GET /xingrg/javascript/easyui/themes/default/validatebox.css HTTP/1.1" 404 1104
120.253.135.82 - - [14/Sep/2022:09:02:57 +0800] "POST /xingrg/kc/pszx/mdps_order_operate.html HTTP/1.1" 200 2794
116.224.255.128 - - [14/Sep/2022:09:02:58 +0800] "POST /xingrg/dwr/call/plaincall/AjaxQqpsService.saveMaterielItem.dwr HTTP/1.1" 200 79
120.253.135.82 - - [14/Sep/2022:09:03:01 +0800] "POST /xingrg/kc/pszx/mdps_order_operate.html HTTP/1.1" 200 37
116.224.255.128 - - [14/Sep/2022:09:03:01 +0800] "POST /xingrg/dwr/call/plaincall/AjaxQqpsService.getMaterielByCode.dwr HTTP/1.1" 200 3870
120.253.135.82 - - [14/Sep/2022:09:03:03 +0800] "POST /xingrg/kc/pszx/mdps_order_operate.html HTTP/1.1" 200 12
116.224.255.128 - - [14/Sep/2022:09:03:03 +0800] "POST /xingrg/dwr/call/plaincall/AjaxQqpsService.saveMaterielItem.dwr HTTP/1.1" 200 79
116.224.255.128 - - [14/Sep/2022:09:03:06 +0800] "POST /xingrg/dwr/call/plaincall/AjaxQqpsService.getMaterielByCode.dwr HTTP/1.1" 200 3875
116.225.121.189 - - [14/Sep/2022:09:03:07 +0800] "GET /xingrg/all/function/internal_message.html?_=1663117247343&CODE_STATE=getMsg HTTP/1.1" 200 27
114.84.5.35 - - [14/Sep/2022:09:03:07 +0800] "GET /xingrg/kc/buy/cgsh_order_operate.html?command=get_materiel&rest_code=00111&code=00101008264&supplier_code=00100005&order_time=2022-09-14 HTTP/1.1" 200 412
120.253.135.82 - - [14/Sep/2022:09:03:07 +0800] "GET /xingrg/kc/pszx/mdps_order_info.html?code=312022091300332 HTTP/1.1" 200 19680
116.224.255.128 - - [14/Sep/2022:09:03:07 +0800] "GET /xingrg/check_reg.html?_=1663117324652 HTTP/1.1" 200 22
116.224.255.128 - - [14/Sep/2022:09:03:07 +0800] "GET /xingrg/all/function/internal_message.html?_=1663117324790&CODE_STATE=getMsg HTTP/1.1" 200 27
120.253.135.82 - - [14/Sep/2022:09:03:07 +0800] "POST /xingrg/kc/pszx/mdps_order_operate.html HTTP/1.1" 200 1010
120.253.135.82 - - [14/Sep/2022:09:03:08 +0800] "GET /xingrg/javascript/easyui/themes/default/validatebox.css HTTP/1.1" 404 1104
120.253.135.82 - - [14/Sep/2022:09:03:10 +0800] "POST /xingrg/kc/pszx/mdps_list_operate.html HTTP/1.1" 200 2438
180.163.28.143 - - [14/Sep/2022:09:03:10 +0800] "GET /xingrg/kc/base/yddb_order_info.html?code=482022091300158 HTTP/1.1" 302 -
180.163.28.143 - - [14/Sep/2022:09:03:10 +0800] "GET /xingrg/login.html HTTP/1.1" 200 7641
116.224.255.128 - - [14/Sep/2022:09:03:11 +0800] "POST /xingrg/dwr/call/plaincall/AjaxQqpsService.saveMaterielItem.dwr HTTP/1.1" 200 79
222.70.246.221 - - [14/Sep/2022:09:03:11 +0800] "GET /xingrg/all/function/internal_message.html?_=1663117399173&CODE_STATE=getMsg HTTP/1.1" 200 27
120.253.135.82 - - [14/Sep/2022:09:03:12 +0800] "GET /xingrg/all/function/internal_message.html?_=1663117506420&CODE_STATE=getMsg HTTP/1.1" 200 27
116.224.255.128 - - [14/Sep/2022:09:03:14 +0800] "POST /xingrg/dwr/call/plaincall/AjaxQqpsService.checkOrder.dwr HTTP/1.1" 200 79
120.253.135.82 - - [14/Sep/2022:09:03:14 +0800] "POST /xingrg/kc/pszx/mdps_list_operate.html HTTP/1.1" 200 516
120.253.135.82 - - [14/Sep/2022:09:03:15 +0800] "GET /xingrg/kc/pszx/mdps_order_info.html?code=312022091300330 HTTP/1.1" 200 24022
120.253.135.82 - - [14/Sep/2022:09:03:15 +0800] "GET /xingrg/javascript/easyui/themes/default/validatebox.css HTTP/1.1" 404 1104
120.253.135.82 - - [14/Sep/2022:09:03:15 +0800] "POST /xingrg/kc/pszx/mdps_order_operate.html HTTP/1.1" 200 4263
116.224.255.128 - - [14/Sep/2022:09:03:15 +0800] "GET /xingrg/kc/mdqp/qqps_order_info.html?code=302022091400266 HTTP/1.1" 200 26571
116.224.255.128 - - [14/Sep/2022:09:03:15 +0800] "GET /xingrg/dwr/interface/AjaxQqpsService.js HTTP/1.1" 200 16326
116.224.255.128 - - [14/Sep/2022:09:03:15 +0800] "GET /xingrg/dwr/interface/AjaxComOrderService.js HTTP/1.1" 200 18264
116.224.255.128 - - [14/Sep/2022:09:03:15 +0800] "GET /xingrg/dwr/engine.js HTTP/1.1" 200 43631
116.224.255.128 - - [14/Sep/2022:09:03:16 +0800] "POST /xingrg/dwr/call/plaincall/AjaxQqpsService.loadMaterielItems.dwr HTTP/1.1" 200 11091
120.253.135.82 - - [14/Sep/2022:09:03:20 +0800] "POST /xingrg/kc/pszx/mdps_order_operate.html HTTP/1.1" 200 37
120.253.135.82 - - [14/Sep/2022:09:03:22 +0800] "POST /xingrg/kc/pszx/mdps_order_operate.html HTTP/1.1" 200 12
116.238.169.132 - - [14/Sep/2022:09:03:23 +0800] "GET /xingrg/all/function/internal_message.html?_=1663117402654&CODE_STATE=getMsg HTTP/1.1" 200 27
124.79.74.72 - - [14/Sep/2022:09:03:26 +0800] "GET /xingrg/all/function/internal_message.html?_=1663117402332&CODE_STATE=getMsg HTTP/1.1" 200 27
114.84.5.35 - - [14/Sep/2022:09:03:27 +0800] "GET /xingrg/all/function/internal_message.html?_=1663117404227&CODE_STATE=getMsg HTTP/1.1" 200 27
114.84.5.35 - - [14/Sep/2022:09:03:28 +0800] "GET /xingrg/kc/buy/cgsh_order_operate.html?command=get_materiel&rest_code=00111&code=00101008360&supplier_code=00100005&order_time=2022-09-14 HTTP/1.1" 200 412
