180.163.29.219 - - [14/Sep/2022:09:17:04 +0800] "GET /xingrg/all/function/internal_message.html?_=1663117647555&CODE_STATE=getMsg HTTP/1.1" 302 -
180.163.29.219 - - [14/Sep/2022:09:17:04 +0800] "GET /xingrg/login.html HTTP/1.1" 200 7641
114.83.219.57 - - [14/Sep/2022:09:17:05 +0800] "GET /xingrg/all/function/internal_message.html?_=1663118307418&CODE_STATE=getMsg HTTP/1.1" 200 27
116.238.169.132 - - [14/Sep/2022:09:17:07 +0800] "GET /xingrg/check_reg.html?_=1663118242826 HTTP/1.1" 200 22
116.225.121.189 - - [14/Sep/2022:09:17:07 +0800] "GET /xingrg/all/function/internal_message.html?_=1663118087369&CODE_STATE=getMsg HTTP/1.1" 200 27
222.70.246.221 - - [14/Sep/2022:09:17:11 +0800] "GET /xingrg/all/function/internal_message.html?_=1663118239737&CODE_STATE=getMsg HTTP/1.1" 200 27
120.253.135.82 - - [14/Sep/2022:09:17:12 +0800] "GET /xingrg/all/function/internal_message.html?_=1663118346756&CODE_STATE=getMsg HTTP/1.1" 200 27
116.238.169.132 - - [14/Sep/2022:09:17:23 +0800] "GET /xingrg/all/function/internal_message.html?_=1663118242650&CODE_STATE=getMsg HTTP/1.1" 200 27
124.79.74.72 - - [14/Sep/2022:09:17:26 +0800] "GET /xingrg/all/function/internal_message.html?_=1663118241986&CODE_STATE=getMsg HTTP/1.1" 200 27
114.84.5.35 - - [14/Sep/2022:09:17:27 +0800] "GET /xingrg/all/function/internal_message.html?_=1663118244028&CODE_STATE=getMsg HTTP/1.1" 200 27
61.170.234.164 - - [14/Sep/2022:09:17:29 +0800] "GET /xingrg/all/function/internal_message.html?_=1663118247315&CODE_STATE=getMsg HTTP/1.1" 200 27
116.225.121.189 - - [14/Sep/2022:09:17:33 +0800] "GET /xingrg/all/function/internal_message.html?_=1663118253512&CODE_STATE=getMsg HTTP/1.1" 200 27
116.225.121.189 - - [14/Sep/2022:09:17:33 +0800] "GET /xingrg/check_reg.html?_=1663118253763 HTTP/1.1" 200 22
116.224.255.128 - - [14/Sep/2022:09:17:35 +0800] "GET /xingrg/all/function/internal_message.html?_=1663118192238&CODE_STATE=getMsg HTTP/1.1" 200 27
116.224.255.128 - - [14/Sep/2022:09:17:37 +0800] "GET /xingrg/all/function/internal_message.html?_=1663118255961&CODE_STATE=getMsg HTTP/1.1" 200 27
180.169.147.146 - - [14/Sep/2022:09:17:46 +0800] "GET /xingrg/all/function/internal_message.html?_=1663118260299&CODE_STATE=getMsg HTTP/1.1" 200 27
180.169.147.146 - - [14/Sep/2022:09:17:46 +0800] "GET /xingrg/check_reg.html?_=1663118260299 HTTP/1.1" 200 22
116.238.169.132 - - [14/Sep/2022:09:17:46 +0800] "GET /xingrg/all/function/internal_message.html?_=1663118282497&CODE_STATE=getMsg HTTP/1.1" 200 27
180.169.147.146 - - [14/Sep/2022:09:17:49 +0800] "GET /xingrg/check_reg.html?_=1663118266783 HTTP/1.1" 200 22
58.40.7.146 - - [14/Sep/2022:09:17:53 +0800] "GET /xingrg/all/function/internal_message.html?_=1663118271641&CODE_STATE=getMsg HTTP/1.1" 200 27
120.253.135.82 - - [14/Sep/2022:09:17:54 +0800] "GET /xingrg/all/function/internal_message.html?_=1663118073320&CODE_STATE=getMsg HTTP/1.1" 200 27
180.169.147.146 - - [14/Sep/2022:09:17:57 +0800] "GET /xingrg/all/function/internal_message.html?_=1663118274606&CODE_STATE=getMsg HTTP/1.1" 200 27
114.88.158.224 - - [14/Sep/2022:09:17:57 +0800] "GET /xingrg/all/function/internal_message.html?_=1663117935687&CODE_STATE=getMsg HTTP/1.1" 200 27
114.83.219.57 - - [14/Sep/2022:09:18:05 +0800] "GET /xingrg/check_reg.html?_=1663118367413 HTTP/1.1" 200 22
114.83.219.57 - - [14/Sep/2022:09:18:05 +0800] "GET /xingrg/all/function/internal_message.html?_=1663118367414&CODE_STATE=getMsg HTTP/1.1" 200 27
116.225.121.189 - - [14/Sep/2022:09:18:07 +0800] "GET /xingrg/all/function/internal_message.html?_=1663118147371&CODE_STATE=getMsg HTTP/1.1" 200 27
222.70.246.221 - - [14/Sep/2022:09:18:11 +0800] "GET /xingrg/all/function/internal_message.html?_=1663118299845&CODE_STATE=getMsg HTTP/1.1" 200 27
120.253.135.82 - - [14/Sep/2022:09:18:12 +0800] "GET /xingrg/all/function/internal_message.html?_=1663118406806&CODE_STATE=getMsg HTTP/1.1" 200 27
124.79.74.72 - - [14/Sep/2022:09:18:26 +0800] "GET /xingrg/all/function/internal_message.html?_=1663118301956&CODE_STATE=getMsg HTTP/1.1" 200 27
114.84.5.35 - - [14/Sep/2022:09:18:27 +0800] "GET /xingrg/all/function/internal_message.html?_=1663118304013&CODE_STATE=getMsg HTTP/1.1" 200 27
61.170.234.164 - - [14/Sep/2022:09:18:30 +0800] "GET /xingrg/all/function/internal_message.html?_=1663118307320&CODE_STATE=getMsg HTTP/1.1" 200 27
124.79.74.72 - - [14/Sep/2022:09:18:31 +0800] "GET /xingrg/kc/mdqp/qqps_order_list.html?isQuery=1&timeSelect=1&orderTime=day&startTime=2022-09-12&endTime=2022-09-12&state=all&query=%C8%B7++%B6%A8 HTTP/1.1" 200 10178
124.79.74.72 - - [14/Sep/2022:09:18:31 +0800] "GET /xingrg/dwr/interface/AjaxQqpsService.js HTTP/1.1" 200 16326
124.79.74.72 - - [14/Sep/2022:09:18:31 +0800] "GET /xingrg/dwr/interface/AjaxReportQueryService.js HTTP/1.1" 200 13203
124.79.74.72 - - [14/Sep/2022:09:18:31 +0800] "GET /xingrg/dwr/engine.js HTTP/1.1" 200 43631
124.79.74.72 - - [14/Sep/2022:09:18:31 +0800] "GET /xingrg/dwr/util.js HTTP/1.1" 304 -
116.225.121.189 - - [14/Sep/2022:09:18:33 +0800] "GET /xingrg/all/function/internal_message.html?_=1663118313488&CODE_STATE=getMsg HTTP/1.1" 200 27
124.79.74.72 - - [14/Sep/2022:09:18:34 +0800] "GET /xingrg/kc/mdqp/pssh_order_list.html HTTP/1.1" 200 17939
116.224.255.128 - - [14/Sep/2022:09:18:35 +0800] "GET /xingrg/all/function/internal_message.html?_=1663118252247&CODE_STATE=getMsg HTTP/1.1" 200 27
124.79.74.72 - - [14/Sep/2022:09:18:35 +0800] "POST /xingrg/kc/mdqp/pssh_list_operate.html HTTP/1.1" 200 5268
124.79.74.72 - - [14/Sep/2022:09:18:37 +0800] "POST /xingrg/kc/mdqp/pssh_list_operate.html HTTP/1.1" 200 560
116.224.255.128 - - [14/Sep/2022:09:18:37 +0800] "GET /xingrg/all/function/internal_message.html?_=1663118315943&CODE_STATE=getMsg HTTP/1.1" 200 27
180.169.147.146 - - [14/Sep/2022:09:18:38 +0800] "GET /xingrg/check_reg.html?_=1663118316650 HTTP/1.1" 200 22
124.79.74.72 - - [14/Sep/2022:09:18:39 +0800] "POST /xingrg/kc/mdqp/pssh_list_operate.html HTTP/1.1" 200 260
124.79.74.72 - - [14/Sep/2022:09:18:44 +0800] "POST /xingrg/kc/mdqp/pssh_list_operate.html HTTP/1.1" 200 385
180.169.147.146 - - [14/Sep/2022:09:18:46 +0800] "GET /xingrg/all/function/internal_message.html?_=1663118320299&CODE_STATE=getMsg HTTP/1.1" 200 27
116.238.169.132 - - [14/Sep/2022:09:18:46 +0800] "GET /xingrg/all/function/internal_message.html?_=1663118342479&CODE_STATE=getMsg HTTP/1.1" 200 27
124.79.74.72 - - [14/Sep/2022:09:18:49 +0800] "POST /xingrg/kc/mdqp/pssh_list_operate.html HTTP/1.1" 200 653
222.70.246.221 - - [14/Sep/2022:09:18:50 +0800] "GET /xingrg/check_reg.html?_=1663118337928 HTTP/1.1" 200 22
124.79.74.72 - - [14/Sep/2022:09:18:52 +0800] "POST /xingrg/kc/mdqp/pssh_list_operate.html HTTP/1.1" 200 788
58.40.7.146 - - [14/Sep/2022:09:18:53 +0800] "GET /xingrg/all/function/internal_message.html?_=1663118331641&CODE_STATE=getMsg HTTP/1.1" 200 27
120.253.135.82 - - [14/Sep/2022:09:18:54 +0800] "GET /xingrg/check_reg.html?_=1663118448438 HTTP/1.1" 200 22
120.253.135.82 - - [14/Sep/2022:09:18:54 +0800] "GET /xingrg/all/function/internal_message.html?_=1663118133369&CODE_STATE=getMsg HTTP/1.1" 200 27
124.79.74.72 - - [14/Sep/2022:09:18:55 +0800] "POST /xingrg/kc/mdqp/pssh_list_operate.html HTTP/1.1" 200 361
180.169.147.146 - - [14/Sep/2022:09:18:57 +0800] "GET /xingrg/all/function/internal_message.html?_=1663118334579&CODE_STATE=getMsg HTTP/1.1" 200 27
114.88.158.224 - - [14/Sep/2022:09:18:57 +0800] "GET /xingrg/all/function/internal_message.html?_=1663117995687&CODE_STATE=getMsg HTTP/1.1" 200 27
124.79.74.72 - - [14/Sep/2022:09:18:58 +0800] "POST /xingrg/kc/mdqp/pssh_list_operate.html HTTP/1.1" 200 265
114.83.219.57 - - [14/Sep/2022:09:19:05 +0800] "GET /xingrg/all/function/internal_message.html?_=1663118427403&CODE_STATE=getMsg HTTP/1.1" 200 27
116.225.121.189 - - [14/Sep/2022:09:19:07 +0800] "GET /xingrg/all/function/internal_message.html?_=1663118207371&CODE_STATE=getMsg HTTP/1.1" 200 27
222.70.246.221 - - [14/Sep/2022:09:19:11 +0800] "GET /xingrg/all/function/internal_message.html?_=1663118359857&CODE_STATE=getMsg HTTP/1.1" 200 27
120.253.135.82 - - [14/Sep/2022:09:19:12 +0800] "GET /xingrg/all/function/internal_message.html?_=1663118466818&CODE_STATE=getMsg HTTP/1.1" 200 27
61.170.234.164 - - [14/Sep/2022:09:19:14 +0800] "POST /xingrg/services/DataTransmitService HTTP/1.1" 200 524
61.170.234.164 - - [14/Sep/2022:09:19:15 +0800] "GET /xingrg/check_reg.html?_=1663118352602 HTTP/1.1" 200 22
61.170.234.164 - - [14/Sep/2022:09:19:19 +0800] "POST /xingrg/kc/base/yddb_list_operate.html HTTP/1.1" 200 4296
61.170.234.164 - - [14/Sep/2022:09:19:20 +0800] "POST /xingrg/kc/base/yddb_list_operate.html HTTP/1.1" 200 203
124.79.74.72 - - [14/Sep/2022:09:19:26 +0800] "GET /xingrg/all/function/internal_message.html?_=1663118361937&CODE_STATE=getMsg HTTP/1.1" 200 27
114.84.5.35 - - [14/Sep/2022:09:19:27 +0800] "GET /xingrg/all/function/internal_message.html?_=1663118363998&CODE_STATE=getMsg HTTP/1.1" 200 27
124.79.74.72 - - [14/Sep/2022:09:19:29 +0800] "GET /xingrg/check_reg.html?_=1663118365422 HTTP/1.1" 200 22
61.170.234.164 - - [14/Sep/2022:09:19:29 +0800] "GET /xingrg/all/function/internal_message.html?_=1663118367312&CODE_STATE=getMsg HTTP/1.1" 200 27
116.225.121.189 - - [14/Sep/2022:09:19:33 +0800] "GET /xingrg/all/function/internal_message.html?_=1663118373462&CODE_STATE=getMsg HTTP/1.1" 200 27
116.224.255.128 - - [14/Sep/2022:09:19:35 +0800] "GET /xingrg/check_reg.html?_=1663118312082 HTTP/1.1" 200 22
116.224.255.128 - - [14/Sep/2022:09:19:35 +0800] "GET /xingrg/all/function/internal_message.html?_=1663118312261&CODE_STATE=getMsg HTTP/1.1" 200 27
116.224.255.128 - - [14/Sep/2022:09:19:37 +0800] "GET /xingrg/all/function/internal_message.html?_=1663118375942&CODE_STATE=getMsg HTTP/1.1" 200 27
124.79.74.72 - - [14/Sep/2022:09:19:40 +0800] "GET /xingrg/kc/buy/cgsh_order_list.html HTTP/1.1" 200 52901
124.79.74.72 - - [14/Sep/2022:09:19:42 +0800] "POST /xingrg/kc/buy/cgsh_list_operate.html HTTP/1.1" 200 928
180.163.29.79 - - [14/Sep/2022:09:19:42 +0800] "GET /xingrg/all/function/internal_message.html?_=1663117767511&CODE_STATE=getMsg HTTP/1.1" 302 -
180.163.29.79 - - [14/Sep/2022:09:19:42 +0800] "GET /xingrg/login.html HTTP/1.1" 200 7641
180.169.147.146 - - [14/Sep/2022:09:19:46 +0800] "GET /xingrg/all/function/internal_message.html?_=1663118380301&CODE_STATE=getMsg HTTP/1.1" 200 27
116.238.169.132 - - [14/Sep/2022:09:19:46 +0800] "GET /xingrg/all/function/internal_message.html?_=1663118402463&CODE_STATE=getMsg HTTP/1.1" 200 27
58.40.7.146 - - [14/Sep/2022:09:19:53 +0800] "GET /xingrg/check_reg.html?_=1663118391628 HTTP/1.1" 200 22
58.40.7.146 - - [14/Sep/2022:09:19:53 +0800] "GET /xingrg/all/function/internal_message.html?_=1663118391629&CODE_STATE=getMsg HTTP/1.1" 200 27
120.253.135.82 - - [14/Sep/2022:09:19:54 +0800] "GET /xingrg/all/function/internal_message.html?_=1663118193379&CODE_STATE=getMsg HTTP/1.1" 200 27
180.169.147.146 - - [14/Sep/2022:09:19:57 +0800] "GET /xingrg/all/function/internal_message.html?_=1663118394561&CODE_STATE=getMsg HTTP/1.1" 200 27
114.88.158.224 - - [14/Sep/2022:09:19:57 +0800] "GET /xingrg/all/function/internal_message.html?_=1663118055686&CODE_STATE=getMsg HTTP/1.1" 200 27
124.79.74.72 - - [14/Sep/2022:09:20:04 +0800] "GET /xingrg/kc/buy/cgsh_order_list.html HTTP/1.1" 200 52901
114.83.219.57 - - [14/Sep/2022:09:20:05 +0800] "GET /xingrg/all/function/internal_message.html?_=1663118487402&CODE_STATE=getMsg HTTP/1.1" 200 27
124.79.74.72 - - [14/Sep/2022:09:20:05 +0800] "POST /xingrg/kc/buy/cgsh_list_operate.html HTTP/1.1" 200 928
124.79.74.72 - - [14/Sep/2022:09:20:06 +0800] "GET /xingrg/kc/buy/cgsh_order_add.html HTTP/1.1" 200 68762
124.79.74.72 - - [14/Sep/2022:09:20:06 +0800] "GET /xingrg/words/20220913123435_words.js HTTP/1.1" 200 920834
124.79.74.72 - - [14/Sep/2022:09:20:07 +0800] "POST /xingrg/kc/buy/cgsh_order_operate.html HTTP/1.1" 200 8245
124.79.74.72 - - [14/Sep/2022:09:20:07 +0800] "GET /xingrg/javascript/easyui/themes/default/validatebox.css HTTP/1.1" 404 1104
124.79.74.72 - - [14/Sep/2022:09:20:07 +0800] "GET /xingrg/all/common/auto_word.html?type=employee&rest_code=00156 HTTP/1.1" 200 97
124.79.74.72 - - [14/Sep/2022:09:20:07 +0800] "GET /xingrg/all/common/auto_word.html?type=employee&rest_code=00156 HTTP/1.1" 200 97
116.225.121.189 - - [14/Sep/2022:09:20:07 +0800] "GET /xingrg/all/function/internal_message.html?_=1663118267380&CODE_STATE=getMsg HTTP/1.1" 200 27
116.225.121.189 - - [14/Sep/2022:09:20:07 +0800] "GET /xingrg/check_reg.html?_=1663118267382 HTTP/1.1" 200 22
116.224.255.128 - - [14/Sep/2022:09:20:08 +0800] "GET /xingrg/kc/base/wldb_order_operate.html?command=get_materiel&rest_code=00150&base_code=0010450&code=00101003006 HTTP/1.1" 200 434
222.70.246.221 - - [14/Sep/2022:09:20:11 +0800] "GET /xingrg/all/function/internal_message.html?_=1663118419872&CODE_STATE=getMsg HTTP/1.1" 200 27
120.253.135.82 - - [14/Sep/2022:09:20:12 +0800] "GET /xingrg/all/function/internal_message.html?_=1663118526829&CODE_STATE=getMsg HTTP/1.1" 200 27
116.224.255.128 - - [14/Sep/2022:09:20:19 +0800] "GET /xingrg/kc/base/wldb_order_operate.html?command=get_materiel&rest_code=00150&base_code=0010450&code=00101004101 HTTP/1.1" 200 435
124.79.74.72 - - [14/Sep/2022:09:20:22 +0800] "GET /xingrg/kc/buy/cgsh_order_operate.html?command=get_materiel&rest_code=00156&code=00101006193&supplier_code=00100012&order_time=2022-09-14 HTTP/1.1" 200 409
116.224.255.128 - - [14/Sep/2022:09:20:25 +0800] "GET /xingrg/kc/base/wldb_order_operate.html?command=get_materiel&rest_code=00150&base_code=0010450&code=00101004038 HTTP/1.1" 200 431
124.79.74.72 - - [14/Sep/2022:09:20:26 +0800] "GET /xingrg/all/function/internal_message.html?_=1663118421909&CODE_STATE=getMsg HTTP/1.1" 200 27
114.84.5.35 - - [14/Sep/2022:09:20:27 +0800] "GET /xingrg/check_reg.html?_=1663118423936 HTTP/1.1" 200 22
114.84.5.35 - - [14/Sep/2022:09:20:27 +0800] "GET /xingrg/all/function/internal_message.html?_=1663118423971&CODE_STATE=getMsg HTTP/1.1" 200 27
61.170.234.164 - - [14/Sep/2022:09:20:29 +0800] "GET /xingrg/all/function/internal_message.html?_=1663118427276&CODE_STATE=getMsg HTTP/1.1" 200 27
116.224.255.128 - - [14/Sep/2022:09:20:31 +0800] "GET /xingrg/kc/base/wldb_order_operate.html?command=get_materiel&rest_code=00150&base_code=0010450&code=00101001135 HTTP/1.1" 200 435
116.225.121.189 - - [14/Sep/2022:09:20:33 +0800] "GET /xingrg/all/function/internal_message.html?_=1663118433435&CODE_STATE=getMsg HTTP/1.1" 200 27
116.224.255.128 - - [14/Sep/2022:09:20:35 +0800] "GET /xingrg/all/function/internal_message.html?_=1663118372274&CODE_STATE=getMsg HTTP/1.1" 200 27
116.224.255.128 - - [14/Sep/2022:09:20:37 +0800] "GET /xingrg/all/function/internal_message.html?_=1663118435933&CODE_STATE=getMsg HTTP/1.1" 200 27
116.224.255.128 - - [14/Sep/2022:09:20:37 +0800] "GET /xingrg/kc/base/wldb_order_operate.html?command=get_materiel&rest_code=00150&base_code=0010450&code=00101010616 HTTP/1.1" 200 431
116.224.255.128 - - [14/Sep/2022:09:20:44 +0800] "POST /xingrg/kc/base/wldb_order_operate.html HTTP/1.1" 200 37
180.169.147.146 - - [14/Sep/2022:09:20:46 +0800] "GET /xingrg/all/function/internal_message.html?_=1663118440302&CODE_STATE=getMsg HTTP/1.1" 200 27
116.238.169.132 - - [14/Sep/2022:09:20:46 +0800] "GET /xingrg/all/function/internal_message.html?_=1663118462444&CODE_STATE=getMsg HTTP/1.1" 200 27
116.224.255.128 - - [14/Sep/2022:09:20:47 +0800] "POST /xingrg/kc/base/wldb_order_operate.html HTTP/1.1" 200 12
116.224.255.128 - - [14/Sep/2022:09:20:47 +0800] "POST /xingrg/kc/base/wldb_order_operate.html HTTP/1.1" 200 4073
124.79.74.72 - - [14/Sep/2022:09:20:48 +0800] "GET /xingrg/kc/buy/cgsh_order_operate.html?command=get_materiel&rest_code=00156&code=00101006117&supplier_code=00100012&order_time=2022-09-14 HTTP/1.1" 200 408
58.40.7.146 - - [14/Sep/2022:09:20:53 +0800] "GET /xingrg/all/function/internal_message.html?_=1663118451631&CODE_STATE=getMsg HTTP/1.1" 200 27
116.224.255.128 - - [14/Sep/2022:09:20:53 +0800] "GET /xingrg/kc/base/wldb_order_info.html?code=422022091401187 HTTP/1.1" 200 26279
116.224.255.128 - - [14/Sep/2022:09:20:54 +0800] "GET /xingrg/javascript/easyui/themes/default/validatebox.css HTTP/1.1" 404 1104
116.224.255.128 - - [14/Sep/2022:09:20:54 +0800] "POST /xingrg/kc/base/wldb_order_operate.html HTTP/1.1" 200 2323
120.253.135.82 - - [14/Sep/2022:09:20:55 +0800] "GET /xingrg/all/function/internal_message.html?_=1663118253431&CODE_STATE=getMsg HTTP/1.1" 200 27
180.169.147.146 - - [14/Sep/2022:09:20:57 +0800] "GET /xingrg/all/function/internal_message.html?_=1663118454534&CODE_STATE=getMsg HTTP/1.1" 200 27
114.88.158.224 - - [14/Sep/2022:09:20:57 +0800] "GET /xingrg/check_reg.html?_=1663118115685 HTTP/1.1" 200 22
114.88.158.224 - - [14/Sep/2022:09:20:57 +0800] "GET /xingrg/all/function/internal_message.html?_=1663118115687&CODE_STATE=getMsg HTTP/1.1" 200 27
116.224.255.128 - - [14/Sep/2022:09:20:57 +0800] "GET /xingrg/kc/base/wldb_order_add.html HTTP/1.1" 200 30400
116.224.255.128 - - [14/Sep/2022:09:20:58 +0800] "POST /xingrg/kc/base/wldb_order_operate.html HTTP/1.1" 200 6806
116.224.255.128 - - [14/Sep/2022:09:20:58 +0800] "GET /xingrg/javascript/easyui/themes/default/validatebox.css HTTP/1.1" 404 1104
114.83.219.57 - - [14/Sep/2022:09:21:05 +0800] "GET /xingrg/all/function/internal_message.html?_=1663118547404&CODE_STATE=getMsg HTTP/1.1" 200 27
116.224.255.128 - - [14/Sep/2022:09:21:06 +0800] "GET /xingrg/kc/base/wldb_order_operate.html?command=get_materiel&rest_code=00150&base_code=0010450&code=00101010081 HTTP/1.1" 200 435
124.79.74.72 - - [14/Sep/2022:09:21:06 +0800] "GET /xingrg/kc/buy/cgsh_order_operate.html?command=get_materiel&rest_code=00156&code=00101006027&supplier_code=00100012&order_time=2022-09-14 HTTP/1.1" 200 409
116.225.121.189 - - [14/Sep/2022:09:21:07 +0800] "GET /xingrg/all/function/internal_message.html?_=1663118327370&CODE_STATE=getMsg HTTP/1.1" 200 27
116.224.255.128 - - [14/Sep/2022:09:21:10 +0800] "POST /xingrg/kc/base/wldb_order_operate.html HTTP/1.1" 200 37
222.70.246.221 - - [14/Sep/2022:09:21:11 +0800] "GET /xingrg/all/function/internal_message.html?_=1663118479885&CODE_STATE=getMsg HTTP/1.1" 200 27
120.253.135.82 - - [14/Sep/2022:09:21:12 +0800] "GET /xingrg/all/function/internal_message.html?_=1663118586882&CODE_STATE=getMsg HTTP/1.1" 200 27
116.224.255.128 - - [14/Sep/2022:09:21:13 +0800] "POST /xingrg/kc/base/wldb_order_operate.html HTTP/1.1" 200 12
116.224.255.128 - - [14/Sep/2022:09:21:13 +0800] "POST /xingrg/kc/base/wldb_order_operate.html HTTP/1.1" 200 2181
116.224.255.128 - - [14/Sep/2022:09:21:15 +0800] "GET /xingrg/kc/base/wldb_order_info.html?code=422022091401188 HTTP/1.1" 200 26273
116.224.255.128 - - [14/Sep/2022:09:21:15 +0800] "GET /xingrg/javascript/easyui/themes/default/validatebox.css HTTP/1.1" 404 1104
116.224.255.128 - - [14/Sep/2022:09:21:15 +0800] "POST /xingrg/kc/base/wldb_order_operate.html HTTP/1.1" 200 475
116.224.255.128 - - [14/Sep/2022:09:21:18 +0800] "GET /xingrg/kc/base/yddb_order_list.html HTTP/1.1" 200 16792
116.224.255.128 - - [14/Sep/2022:09:21:18 +0800] "POST /xingrg/kc/base/yddb_list_operate.html HTTP/1.1" 200 2577
116.224.255.128 - - [14/Sep/2022:09:21:25 +0800] "GET /xingrg/kc/base/yddb_order_add.html HTTP/1.1" 200 29837
116.224.255.128 - - [14/Sep/2022:09:21:25 +0800] "GET /xingrg/dwr/interface/AjaxYddbService.js HTTP/1.1" 200 13201
116.224.255.128 - - [14/Sep/2022:09:21:25 +0800] "GET /xingrg/dwr/interface/AjaxComOrderService.js HTTP/1.1" 200 18264
124.79.74.72 - - [14/Sep/2022:09:21:26 +0800] "GET /xingrg/all/function/internal_message.html?_=1663118481900&CODE_STATE=getMsg HTTP/1.1" 200 27
116.224.255.128 - - [14/Sep/2022:09:21:26 +0800] "GET /xingrg/dwr/util.js HTTP/1.1" 304 -
116.224.255.128 - - [14/Sep/2022:09:21:26 +0800] "GET /xingrg/dwr/engine.js HTTP/1.1" 200 43631
114.84.5.35 - - [14/Sep/2022:09:21:27 +0800] "GET /xingrg/all/function/internal_message.html?_=1663118483955&CODE_STATE=getMsg HTTP/1.1" 200 27
120.253.135.82 - - [14/Sep/2022:09:21:28 +0800] "GET /xingrg/check_reg.html?_=1663118286497 HTTP/1.1" 200 22
116.224.255.128 - - [14/Sep/2022:09:21:28 +0800] "POST /xingrg/dwr/call/plaincall/AjaxYddbService.getRestBases.dwr HTTP/1.1" 200 1616
61.170.234.164 - - [14/Sep/2022:09:21:29 +0800] "GET /xingrg/all/function/internal_message.html?_=1663118487251&CODE_STATE=getMsg HTTP/1.1" 200 27
116.225.121.189 - - [14/Sep/2022:09:21:32 +0800] "GET /xingrg/all/function/internal_message.html?_=1663118493417&CODE_STATE=getMsg HTTP/1.1" 200 27
116.224.255.128 - - [14/Sep/2022:09:21:33 +0800] "POST /xingrg/dwr/call/plaincall/AjaxYddbService.saveOrder.dwr HTTP/1.1" 200 78
116.224.255.128 - - [14/Sep/2022:09:21:35 +0800] "GET /xingrg/all/function/internal_message.html?_=1663118432288&CODE_STATE=getMsg HTTP/1.1" 200 27
116.224.255.128 - - [14/Sep/2022:09:21:35 +0800] "POST /xingrg/dwr/call/plaincall/AjaxComOrderService.getMaterielSearchList.dwr HTTP/1.1" 200 1540
116.224.255.128 - - [14/Sep/2022:09:21:36 +0800] "POST /xingrg/dwr/call/plaincall/AjaxYddbService.getMaterielByMap.dwr HTTP/1.1" 200 3882
116.224.255.128 - - [14/Sep/2022:09:21:37 +0800] "GET /xingrg/all/function/internal_message.html?_=1663118495918&CODE_STATE=getMsg HTTP/1.1" 200 27
116.224.255.128 - - [14/Sep/2022:09:21:37 +0800] "GET /xingrg/check_reg.html?_=1663118496393 HTTP/1.1" 200 22
124.79.74.72 - - [14/Sep/2022:09:21:38 +0800] "GET /xingrg/kc/buy/cgsh_order_operate.html?command=get_materiel&rest_code=00156&code=00101012019&supplier_code=00100012&order_time=2022-09-14 HTTP/1.1" 200 412
180.163.29.212 - - [14/Sep/2022:09:21:40 +0800] "GET /xingrg/all/function/internal_message.html?_=1663117407690&CODE_STATE=getMsg HTTP/1.1" 302 -
180.163.29.212 - - [14/Sep/2022:09:21:40 +0800] "GET /xingrg/login.html HTTP/1.1" 200 7641
116.224.255.128 - - [14/Sep/2022:09:21:40 +0800] "POST /xingrg/dwr/call/plaincall/AjaxYddbService.saveMaterielItem.dwr HTTP/1.1" 200 78
116.224.255.128 - - [14/Sep/2022:09:21:44 +0800] "POST /xingrg/dwr/call/plaincall/AjaxYddbService.checkOrder.dwr HTTP/1.1" 200 78
124.79.74.72 - - [14/Sep/2022:09:21:45 +0800] "POST /xingrg/kc/buy/cgsh_order_operate.html HTTP/1.1" 200 37
180.169.147.146 - - [14/Sep/2022:09:21:46 +0800] "GET /xingrg/all/function/internal_message.html?_=1663118500302&CODE_STATE=getMsg HTTP/1.1" 200 27
116.238.169.132 - - [14/Sep/2022:09:21:46 +0800] "GET /xingrg/all/function/internal_message.html?_=1663118522427&CODE_STATE=getMsg HTTP/1.1" 200 27
116.224.255.128 - - [14/Sep/2022:09:21:47 +0800] "GET /xingrg/kc/base/yddb_order_info.html?code=482022091400160 HTTP/1.1" 200 29583
116.224.255.128 - - [14/Sep/2022:09:21:47 +0800] "GET /xingrg/dwr/interface/AjaxYddbService.js HTTP/1.1" 200 13201
116.224.255.128 - - [14/Sep/2022:09:21:47 +0800] "GET /xingrg/dwr/engine.js HTTP/1.1" 200 43631
116.224.255.128 - - [14/Sep/2022:09:21:47 +0800] "GET /xingrg/dwr/interface/AjaxComOrderService.js HTTP/1.1" 200 18264
116.224.255.128 - - [14/Sep/2022:09:21:47 +0800] "POST /xingrg/dwr/call/plaincall/AjaxYddbService.loadMaterielItems.dwr HTTP/1.1" 200 404
124.79.74.72 - - [14/Sep/2022:09:21:47 +0800] "POST /xingrg/kc/buy/cgsh_order_operate.html HTTP/1.1" 200 4420
124.79.74.72 - - [14/Sep/2022:09:21:50 +0800] "GET /xingrg/kc/print/load_config.html?kc_code=cgsh HTTP/1.1" 200 1943
124.79.74.72 - - [14/Sep/2022:09:21:50 +0800] "GET /xingrg/kc/print/load_data.html?order_code=212022091404994&kc_code=cgsh&condition= HTTP/1.1" 200 1437
58.40.7.146 - - [14/Sep/2022:09:21:53 +0800] "GET /xingrg/all/function/internal_message.html?_=1663118511635&CODE_STATE=getMsg HTTP/1.1" 200 27
116.224.255.128 - - [14/Sep/2022:09:21:53 +0800] "GET /xingrg/kc/base/yddb_order_add.html HTTP/1.1" 200 29837
116.224.255.128 - - [14/Sep/2022:09:21:53 +0800] "GET /xingrg/dwr/interface/AjaxComOrderService.js HTTP/1.1" 200 18264
116.224.255.128 - - [14/Sep/2022:09:21:53 +0800] "GET /xingrg/dwr/interface/AjaxYddbService.js HTTP/1.1" 200 13201
116.224.255.128 - - [14/Sep/2022:09:21:53 +0800] "GET /xingrg/dwr/engine.js HTTP/1.1" 200 43631
120.253.135.82 - - [14/Sep/2022:09:21:54 +0800] "GET /xingrg/all/function/internal_message.html?_=1663118313437&CODE_STATE=getMsg HTTP/1.1" 200 27
116.224.255.128 - - [14/Sep/2022:09:21:57 +0800] "POST /xingrg/dwr/call/plaincall/AjaxYddbService.getRestBases.dwr HTTP/1.1" 200 1616
180.169.147.146 - - [14/Sep/2022:09:21:57 +0800] "GET /xingrg/all/function/internal_message.html?_=1663118514519&CODE_STATE=getMsg HTTP/1.1" 200 27
114.88.158.224 - - [14/Sep/2022:09:21:57 +0800] "GET /xingrg/all/function/internal_message.html?_=1663118175686&CODE_STATE=getMsg HTTP/1.1" 200 27
116.224.255.128 - - [14/Sep/2022:09:22:02 +0800] "POST /xingrg/dwr/call/plaincall/AjaxYddbService.saveOrder.dwr HTTP/1.1" 200 78
116.224.255.128 - - [14/Sep/2022:09:22:03 +0800] "GET /xingrg/images/yd/bt.gif HTTP/1.1" 404 1040
114.83.219.57 - - [14/Sep/2022:09:22:05 +0800] "GET /xingrg/all/function/internal_message.html?_=1663118607395&CODE_STATE=getMsg HTTP/1.1" 200 27
116.238.169.132 - - [14/Sep/2022:09:22:07 +0800] "GET /xingrg/check_reg.html?_=1663118542816 HTTP/1.1" 200 22
116.225.121.189 - - [14/Sep/2022:09:22:07 +0800] "GET /xingrg/all/function/internal_message.html?_=1663118387372&CODE_STATE=getMsg HTTP/1.1" 200 27
116.224.255.128 - - [14/Sep/2022:09:22:07 +0800] "POST /xingrg/dwr/call/plaincall/AjaxComOrderService.getMaterielSearchList.dwr HTTP/1.1" 200 1799
116.224.255.128 - - [14/Sep/2022:09:22:08 +0800] "POST /xingrg/dwr/call/plaincall/AjaxComOrderService.getMaterielSearchList.dwr HTTP/1.1" 200 1799
116.224.255.128 - - [14/Sep/2022:09:22:10 +0800] "POST /xingrg/dwr/call/plaincall/AjaxComOrderService.getMaterielSearchList.dwr HTTP/1.1" 200 508153
116.224.255.128 - - [14/Sep/2022:09:22:10 +0800] "POST /xingrg/dwr/call/plaincall/AjaxComOrderService.getMaterielSearchList.dwr HTTP/1.1" 200 7513
124.79.74.72 - - [14/Sep/2022:09:22:11 +0800] "GET /xingrg/kc/buy/cgsh_order_add.html HTTP/1.1" 200 68762
116.224.255.128 - - [14/Sep/2022:09:22:11 +0800] "POST /xingrg/dwr/call/plaincall/AjaxComOrderService.getMaterielSearchList.dwr HTTP/1.1" 200 464
124.79.74.72 - - [14/Sep/2022:09:22:11 +0800] "POST /xingrg/kc/buy/cgsh_order_operate.html HTTP/1.1" 200 8245
124.79.74.72 - - [14/Sep/2022:09:22:11 +0800] "GET /xingrg/javascript/easyui/themes/default/validatebox.css HTTP/1.1" 404 1104
222.70.246.221 - - [14/Sep/2022:09:22:11 +0800] "GET /xingrg/all/function/internal_message.html?_=1663118539898&CODE_STATE=getMsg HTTP/1.1" 200 27
120.253.135.82 - - [14/Sep/2022:09:22:12 +0800] "GET /xingrg/images/yd/bt.gif HTTP/1.1" 404 1040
116.224.255.128 - - [14/Sep/2022:09:22:12 +0800] "POST /xingrg/dwr/call/plaincall/AjaxComOrderService.getMaterielSearchList.dwr HTTP/1.1" 200 317
120.253.135.82 - - [14/Sep/2022:09:22:12 +0800] "GET /xingrg/all/function/internal_message.html?_=1663118646888&CODE_STATE=getMsg HTTP/1.1" 200 27
120.253.135.82 - - [14/Sep/2022:09:22:13 +0800] "GET /xingrg/kc/pszx/mdqp_order_list.html?isBack=1 HTTP/1.1" 302 -
120.253.135.82 - - [14/Sep/2022:09:22:13 +0800] "GET /xingrg/kc/pszx/mdqp_order_list.html?state=10 HTTP/1.1" 200 11471
120.253.135.82 - - [14/Sep/2022:09:22:13 +0800] "GET /xingrg/dwr/interface/AjaxQqpsService.js HTTP/1.1" 200 16326
120.253.135.82 - - [14/Sep/2022:09:22:13 +0800] "GET /xingrg/dwr/interface/AjaxReportQueryService.js HTTP/1.1" 200 13203
116.224.255.128 - - [14/Sep/2022:09:22:13 +0800] "POST /xingrg/dwr/call/plaincall/AjaxYddbService.getMaterielByMap.dwr HTTP/1.1" 200 3977
120.253.135.82 - - [14/Sep/2022:09:22:13 +0800] "GET /xingrg/dwr/engine.js HTTP/1.1" 200 43631
116.224.255.128 - - [14/Sep/2022:09:22:15 +0800] "POST /xingrg/dwr/call/plaincall/AjaxYddbService.saveMaterielItem.dwr HTTP/1.1" 200 78
116.224.255.128 - - [14/Sep/2022:09:22:21 +0800] "POST /xingrg/dwr/call/plaincall/AjaxYddbService.checkOrder.dwr HTTP/1.1" 200 79
116.224.255.128 - - [14/Sep/2022:09:22:25 +0800] "GET /xingrg/kc/base/yddb_order_info.html?code=482022091400161 HTTP/1.1" 200 29585
116.224.255.128 - - [14/Sep/2022:09:22:25 +0800] "GET /xingrg/dwr/interface/AjaxComOrderService.js HTTP/1.1" 200 18264
116.224.255.128 - - [14/Sep/2022:09:22:25 +0800] "GET /xingrg/dwr/interface/AjaxYddbService.js HTTP/1.1" 200 13201
116.224.255.128 - - [14/Sep/2022:09:22:25 +0800] "GET /xingrg/dwr/engine.js HTTP/1.1" 200 43631
116.224.255.128 - - [14/Sep/2022:09:22:25 +0800] "POST /xingrg/dwr/call/plaincall/AjaxYddbService.loadMaterielItems.dwr HTTP/1.1" 200 473
124.79.74.72 - - [14/Sep/2022:09:22:26 +0800] "GET /xingrg/all/function/internal_message.html?_=1663118541879&CODE_STATE=getMsg HTTP/1.1" 200 27
114.84.5.35 - - [14/Sep/2022:09:22:27 +0800] "GET /xingrg/all/function/internal_message.html?_=1663118543941&CODE_STATE=getMsg HTTP/1.1" 200 27
61.170.234.164 - - [14/Sep/2022:09:22:29 +0800] "GET /xingrg/all/function/internal_message.html?_=1663118547223&CODE_STATE=getMsg HTTP/1.1" 200 27
116.224.255.128 - - [14/Sep/2022:09:22:31 +0800] "POST /xingrg/all/user/operate.html HTTP/1.1" 200 36
124.79.74.72 - - [14/Sep/2022:09:22:31 +0800] "GET /xingrg/kc/buy/cgsh_order_operate.html?command=get_materiel&rest_code=00156&code=00101006194&supplier_code=00100012&order_time=2022-09-13 HTTP/1.1" 200 413
116.224.255.128 - - [14/Sep/2022:09:22:31 +0800] "GET /xingrg/index.html?sysBaseUrl=http%3A%2F%2F180.169.147.146%3A18081%2Fxingrg%2F&costTime=45×tamp=1663116116001 HTTP/1.1" 200 17177
116.224.255.128 - - [14/Sep/2022:09:22:31 +0800] "GET /xingrg/javascript/jquery_easy_ui/themes/default/easyui.css HTTP/1.1" 304 -
116.224.255.128 - - [14/Sep/2022:09:22:31 +0800] "GET /xingrg/javascript/jquery_easy_ui/themes/icon.css HTTP/1.1" 304 -
116.224.255.128 - - [14/Sep/2022:09:22:31 +0800] "GET /xingrg/css/form.css HTTP/1.1" 304 -
116.224.255.128 - - [14/Sep/2022:09:22:31 +0800] "GET /xingrg/javascript/jquery-1.4.2.min.js HTTP/1.1" 304 -
116.224.255.128 - - [14/Sep/2022:09:22:31 +0800] "GET /xingrg/javascript/jquery_easy_ui/jquery.easyui.min.js HTTP/1.1" 304 -
116.224.255.128 - - [14/Sep/2022:09:22:31 +0800] "GET /xingrg/javascript/jquery_easy_ui/easyui-lang-zh_CN.js HTTP/1.1" 304 -
116.224.255.128 - - [14/Sep/2022:09:22:32 +0800] "GET /xingrg/javascript/jquery.form.js HTTP/1.1" 304 -
116.224.255.128 - - [14/Sep/2022:09:22:32 +0800] "GET /xingrg/javascript/jquery.utils.js HTTP/1.1" 304 -
116.224.255.128 - - [14/Sep/2022:09:22:32 +0800] "GET /xingrg/javascript/jquery.timers.js HTTP/1.1" 304 -
116.224.255.128 - - [14/Sep/2022:09:22:32 +0800] "GET /xingrg/images/blue/jxLogo.png HTTP/1.1" 304 -
116.224.255.128 - - [14/Sep/2022:09:22:32 +0800] "GET /xingrg/javascript/jquery_easy_ui/themes/icons/settle_new.png HTTP/1.1" 304 -
116.224.255.128 - - [14/Sep/2022:09:22:32 +0800] "GET /xingrg/images/blue/navBackgound.jpg HTTP/1.1" 304 -
116.224.255.128 - - [14/Sep/2022:09:22:32 +0800] "POST /xingrg/all/common/load_tree.html?tree=area_rest_tree_json&manage=1 HTTP/1.1" 200 476
116.224.255.128 - - [14/Sep/2022:09:22:32 +0800] "GET /xingrg/all/function/internal_message.html?_=1663118551050&CODE_STATE=count HTTP/1.1" 200 11
116.224.255.128 - - [14/Sep/2022:09:22:32 +0800] "GET /xingrg/check_reg.html?_=1663118551053 HTTP/1.1" 200 22
116.224.255.128 - - [14/Sep/2022:09:22:32 +0800] "GET /xingrg/javascript/jquery_easy_ui/themes/default/images/tabs_rightarrow.png HTTP/1.1" 304 -
116.224.255.128 - - [14/Sep/2022:09:22:32 +0800] "GET /xingrg/images/blue/pingpu.png HTTP/1.1" 304 -
116.224.255.128 - - [14/Sep/2022:09:22:32 +0800] "POST /xingrg/load_menu.html HTTP/1.1" 200 5138
116.224.255.128 - - [14/Sep/2022:09:22:32 +0800] "GET /xingrg/javascript/jquery_easy_ui/themes/default/images/tree_file.gif HTTP/1.1" 304 -
116.224.255.128 - - [14/Sep/2022:09:22:32 +0800] "GET /xingrg/javascript/jquery_easy_ui/themes/icons/search_new.png HTTP/1.1" 304 -
116.224.255.128 - - [14/Sep/2022:09:22:32 +0800] "GET /xingrg/javascript/jquery_easy_ui/themes/default/images/tree_arrows.gif HTTP/1.1" 304 -
116.224.255.128 - - [14/Sep/2022:09:22:32 +0800] "GET /xingrg/javascript/jquery_easy_ui/themes/default/images/tree_folder.gif HTTP/1.1" 304 -
116.224.255.128 - - [14/Sep/2022:09:22:32 +0800] "GET /xingrg/javascript/jquery_easy_ui/themes/icons/forms_new.png HTTP/1.1" 304 -
116.224.255.128 - - [14/Sep/2022:09:22:32 +0800] "GET /xingrg/javascript/jquery_easy_ui/themes/icons/storage_new.png HTTP/1.1" 304 -
116.224.255.128 - - [14/Sep/2022:09:22:32 +0800] "GET /xingrg/javascript/jquery_easy_ui/themes/default/images/tree_folder_open.gif HTTP/1.1" 304 -
116.224.255.128 - - [14/Sep/2022:09:22:32 +0800] "GET /xingrg/javascript/jquery_easy_ui/themes/default/images/tabs_leftarrow.png HTTP/1.1" 304 -
116.224.255.128 - - [14/Sep/2022:09:22:32 +0800] "GET /xingrg/javascript/jquery_easy_ui/themes/default/images/panel_tool_collapse.gif HTTP/1.1" 304 -
116.225.121.189 - - [14/Sep/2022:09:22:32 +0800] "GET /xingrg/all/function/internal_message.html?_=1663118553389&CODE_STATE=getMsg HTTP/1.1" 200 27
116.225.121.189 - - [14/Sep/2022:09:22:33 +0800] "GET /xingrg/check_reg.html?_=1663118553764 HTTP/1.1" 200 22
116.224.255.128 - - [14/Sep/2022:09:22:34 +0800] "GET /xingrg/kc/base/yddb_order_list.html HTTP/1.1" 200 16790
116.224.255.128 - - [14/Sep/2022:09:22:35 +0800] "POST /xingrg/kc/base/yddb_list_operate.html HTTP/1.1" 200 636
116.224.255.128 - - [14/Sep/2022:09:22:35 +0800] "GET /xingrg/all/function/internal_message.html?_=1663118492307&CODE_STATE=getMsg HTTP/1.1" 200 27
116.224.255.128 - - [14/Sep/2022:09:22:38 +0800] "POST /xingrg/kc/base/yddb_list_operate.html HTTP/1.1" 200 1604
116.224.255.128 - - [14/Sep/2022:09:22:39 +0800] "POST /xingrg/kc/base/yddb_list_operate.html HTTP/1.1" 200 223
116.224.255.128 - - [14/Sep/2022:09:22:40 +0800] "GET /xingrg/kc/base/yddb_order_info.html?code=482022091400161 HTTP/1.1" 200 31150
116.224.255.128 - - [14/Sep/2022:09:22:40 +0800] "GET /xingrg/dwr/interface/AjaxYddbService.js HTTP/1.1" 200 13201
116.224.255.128 - - [14/Sep/2022:09:22:40 +0800] "GET /xingrg/dwr/interface/AjaxComOrderService.js HTTP/1.1" 200 18264
116.224.255.128 - - [14/Sep/2022:09:22:40 +0800] "GET /xingrg/dwr/engine.js HTTP/1.1" 200 43631
116.224.255.128 - - [14/Sep/2022:09:22:40 +0800] "POST /xingrg/dwr/call/plaincall/AjaxYddbService.loadMaterielItems.dwr HTTP/1.1" 200 473
116.224.255.128 - - [14/Sep/2022:09:22:43 +0800] "POST /xingrg/dwr/call/plaincall/AjaxYddbService.saveOrder.dwr HTTP/1.1" 200 78
180.169.147.146 - - [14/Sep/2022:09:22:46 +0800] "GET /xingrg/all/function/internal_message.html?_=1663118560303&CODE_STATE=getMsg HTTP/1.1" 200 27
180.169.147.146 - - [14/Sep/2022:09:22:46 +0800] "GET /xingrg/check_reg.html?_=1663118560303 HTTP/1.1" 200 22
116.224.255.128 - - [14/Sep/2022:09:22:46 +0800] "POST /xingrg/dwr/call/plaincall/AjaxYddbService.objCheckOrder.dwr HTTP/1.1" 200 78
116.238.169.132 - - [14/Sep/2022:09:22:46 +0800] "GET /xingrg/all/function/internal_message.html?_=1663118582409&CODE_STATE=getMsg HTTP/1.1" 200 27
116.224.255.128 - - [14/Sep/2022:09:22:47 +0800] "GET /xingrg/kc/base/yddb_order_info.html?code=482022091400161 HTTP/1.1" 200 31271
116.224.255.128 - - [14/Sep/2022:09:22:47 +0800] "GET /xingrg/dwr/interface/AjaxYddbService.js HTTP/1.1" 200 13201
116.224.255.128 - - [14/Sep/2022:09:22:47 +0800] "GET /xingrg/dwr/interface/AjaxComOrderService.js HTTP/1.1" 200 18264
116.224.255.128 - - [14/Sep/2022:09:22:47 +0800] "GET /xingrg/dwr/engine.js HTTP/1.1" 200 43631
116.224.255.128 - - [14/Sep/2022:09:22:47 +0800] "POST /xingrg/dwr/call/plaincall/AjaxYddbService.loadMaterielItems.dwr HTTP/1.1" 200 473
116.224.255.128 - - [14/Sep/2022:09:22:47 +0800] "GET /xingrg/kc/base/yddb_order_list.html?isBack=1 HTTP/1.1" 200 16790
116.224.255.128 - - [14/Sep/2022:09:22:48 +0800] "POST /xingrg/kc/base/yddb_list_operate.html HTTP/1.1" 200 636
180.169.147.146 - - [14/Sep/2022:09:22:49 +0800] "GET /xingrg/check_reg.html?_=1663118566772 HTTP/1.1" 200 22
116.224.255.128 - - [14/Sep/2022:09:22:50 +0800] "POST /xingrg/kc/base/yddb_list_operate.html HTTP/1.1" 200 1343
116.224.255.128 - - [14/Sep/2022:09:22:51 +0800] "POST /xingrg/kc/base/yddb_list_operate.html HTTP/1.1" 200 203
116.224.255.128 - - [14/Sep/2022:09:22:52 +0800] "GET /xingrg/kc/base/yddb_order_info.html?code=482022091400160 HTTP/1.1" 200 31148
116.224.255.128 - - [14/Sep/2022:09:22:52 +0800] "GET /xingrg/dwr/interface/AjaxComOrderService.js HTTP/1.1" 200 18264
116.224.255.128 - - [14/Sep/2022:09:22:52 +0800] "GET /xingrg/dwr/interface/AjaxYddbService.js HTTP/1.1" 200 13201
116.224.255.128 - - [14/Sep/2022:09:22:52 +0800] "GET /xingrg/dwr/engine.js HTTP/1.1" 200 43631
116.224.255.128 - - [14/Sep/2022:09:22:52 +0800] "POST /xingrg/dwr/call/plaincall/AjaxYddbService.loadMaterielItems.dwr HTTP/1.1" 200 404
58.40.7.146 - - [14/Sep/2022:09:22:53 +0800] "GET /xingrg/all/function/internal_message.html?_=1663118571637&CODE_STATE=getMsg HTTP/1.1" 200 27
120.253.135.82 - - [14/Sep/2022:09:22:54 +0800] "GET /xingrg/all/function/internal_message.html?_=1663118373450&CODE_STATE=getMsg HTTP/1.1" 200 27
116.224.255.128 - - [14/Sep/2022:09:22:56 +0800] "POST /xingrg/dwr/call/plaincall/AjaxYddbService.saveOrder.dwr HTTP/1.1" 200 78
180.169.147.146 - - [14/Sep/2022:09:22:57 +0800] "GET /xingrg/all/function/internal_message.html?_=1663118574509&CODE_STATE=getMsg HTTP/1.1" 200 27
114.88.158.224 - - [14/Sep/2022:09:22:57 +0800] "GET /xingrg/all/function/internal_message.html?_=1663118235685&CODE_STATE=getMsg HTTP/1.1" 200 27
116.224.255.128 - - [14/Sep/2022:09:23:00 +0800] "POST /xingrg/dwr/call/plaincall/AjaxYddbService.objCheckOrder.dwr HTTP/1.1" 200 78
116.224.255.128 - - [14/Sep/2022:09:23:01 +0800] "GET /xingrg/kc/base/yddb_order_info.html?code=482022091400160 HTTP/1.1" 200 31269
116.224.255.128 - - [14/Sep/2022:09:23:01 +0800] "GET /xingrg/dwr/interface/AjaxComOrderService.js HTTP/1.1" 200 18264
116.224.255.128 - - [14/Sep/2022:09:23:01 +0800] "GET /xingrg/dwr/interface/AjaxYddbService.js HTTP/1.1" 200 13201
116.224.255.128 - - [14/Sep/2022:09:23:01 +0800] "GET /xingrg/dwr/engine.js HTTP/1.1" 200 43631
116.224.255.128 - - [14/Sep/2022:09:23:01 +0800] "POST /xingrg/dwr/call/plaincall/AjaxYddbService.loadMaterielItems.dwr HTTP/1.1" 200 404
124.79.74.72 - - [14/Sep/2022:09:23:01 +0800] "GET /xingrg/kc/buy/cgsh_order_operate.html?command=get_materiel&rest_code=00156&code=00101006180&supplier_code=00100012&order_time=2022-09-13 HTTP/1.1" 200 423
114.83.219.57 - - [14/Sep/2022:09:23:05 +0800] "GET /xingrg/all/function/internal_message.html?_=1663118667399&CODE_STATE=getMsg HTTP/1.1" 200 27
114.83.219.57 - - [14/Sep/2022:09:23:05 +0800] "GET /xingrg/check_reg.html?_=1663118667401 HTTP/1.1" 200 22
116.225.121.189 - - [14/Sep/2022:09:23:07 +0800] "GET /xingrg/all/function/internal_message.html?_=1663118447380&CODE_STATE=getMsg HTTP/1.1" 200 27
120.253.135.82 - - [14/Sep/2022:09:23:08 +0800] "GET /xingrg/kc/pszx/mdqp_order_list.html?state=10 HTTP/1.1" 200 11471
120.253.135.82 - - [14/Sep/2022:09:23:08 +0800] "GET /xingrg/dwr/interface/AjaxReportQueryService.js HTTP/1.1" 200 13203
120.253.135.82 - - [14/Sep/2022:09:23:08 +0800] "GET /xingrg/dwr/interface/AjaxQqpsService.js HTTP/1.1" 200 16326
120.253.135.82 - - [14/Sep/2022:09:23:08 +0800] "GET /xingrg/dwr/engine.js HTTP/1.1" 200 43631
124.79.74.72 - - [14/Sep/2022:09:23:11 +0800] "GET /xingrg/kc/buy/cgsh_order_operate.html?command=get_materiel&rest_code=00156&code=00101011005&supplier_code=00100012&order_time=2022-09-13 HTTP/1.1" 200 428
222.70.246.221 - - [14/Sep/2022:09:23:11 +0800] "GET /xingrg/all/function/internal_message.html?_=1663118599911&CODE_STATE=getMsg HTTP/1.1" 200 27
120.253.135.82 - - [14/Sep/2022:09:23:12 +0800] "GET /xingrg/all/function/internal_message.html?_=1663118706935&CODE_STATE=getMsg HTTP/1.1" 200 27
124.79.74.72 - - [14/Sep/2022:09:23:20 +0800] "GET /xingrg/kc/buy/cgsh_order_operate.html?command=get_materiel&rest_code=00156&code=00101002027&supplier_code=00100012&order_time=2022-09-13 HTTP/1.1" 200 434
124.79.74.72 - - [14/Sep/2022:09:23:26 +0800] "GET /xingrg/all/function/internal_message.html?_=1663118601866&CODE_STATE=getMsg HTTP/1.1" 200 27
114.84.5.35 - - [14/Sep/2022:09:23:27 +0800] "GET /xingrg/all/function/internal_message.html?_=1663118603925&CODE_STATE=getMsg HTTP/1.1" 200 27
61.170.234.164 - - [14/Sep/2022:09:23:29 +0800] "GET /xingrg/all/function/internal_message.html?_=1663118607202&CODE_STATE=getMsg HTTP/1.1" 200 27
116.224.255.128 - - [14/Sep/2022:09:23:32 +0800] "GET /xingrg/all/function/internal_message.html?_=1663118611062&CODE_STATE=getMsg HTTP/1.1" 200 27
124.79.74.72 - - [14/Sep/2022:09:23:32 +0800] "GET /xingrg/kc/buy/cgsh_order_operate.html?command=get_materiel&rest_code=00156&code=00101001099&supplier_code=00100012&order_time=2022-09-13 HTTP/1.1" 200 409
116.225.121.189 - - [14/Sep/2022:09:23:32 +0800] "GET /xingrg/all/function/internal_message.html?_=1663118613365&CODE_STATE=getMsg HTTP/1.1" 200 27
116.224.255.128 - - [14/Sep/2022:09:23:35 +0800] "GET /xingrg/all/function/internal_message.html?_=1663118552315&CODE_STATE=getMsg HTTP/1.1" 200 27
180.169.147.146 - - [14/Sep/2022:09:23:38 +0800] "GET /xingrg/check_reg.html?_=1663118616653 HTTP/1.1" 200 22
180.169.147.146 - - [14/Sep/2022:09:23:46 +0800] "GET /xingrg/all/function/internal_message.html?_=1663118620303&CODE_STATE=getMsg HTTP/1.1" 200 27
116.238.169.132 - - [14/Sep/2022:09:23:46 +0800] "GET /xingrg/all/function/internal_message.html?_=1663118642417&CODE_STATE=getMsg HTTP/1.1" 200 27
180.163.29.212 - - [14/Sep/2022:09:23:48 +0800] "GET /xingrg/all/function/internal_message.html?_=1663117947443&CODE_STATE=getMsg HTTP/1.1" 302 -
180.163.29.212 - - [14/Sep/2022:09:23:48 +0800] "GET /xingrg/login.html HTTP/1.1" 200 7641
222.70.246.221 - - [14/Sep/2022:09:23:50 +0800] "GET /xingrg/check_reg.html?_=1663118638039 HTTP/1.1" 200 22
58.40.7.146 - - [14/Sep/2022:09:23:53 +0800] "GET /xingrg/all/function/internal_message.html?_=1663118631640&CODE_STATE=getMsg HTTP/1.1" 200 27
120.253.135.82 - - [14/Sep/2022:09:23:54 +0800] "GET /xingrg/check_reg.html?_=1663118748446 HTTP/1.1" 200 22
120.253.135.82 - - [14/Sep/2022:09:23:54 +0800] "GET /xingrg/all/function/internal_message.html?_=1663118433464&CODE_STATE=getMsg HTTP/1.1" 200 27
180.169.147.146 - - [14/Sep/2022:09:23:57 +0800] "GET /xingrg/all/function/internal_message.html?_=1663118634486&CODE_STATE=getMsg HTTP/1.1" 200 27
114.88.158.224 - - [14/Sep/2022:09:23:57 +0800] "GET /xingrg/all/function/internal_message.html?_=1663118295684&CODE_STATE=getMsg HTTP/1.1" 200 27
114.83.219.57 - - [14/Sep/2022:09:24:05 +0800] "GET /xingrg/all/function/internal_message.html?_=1663118727413&CODE_STATE=getMsg HTTP/1.1" 200 27
116.225.121.189 - - [14/Sep/2022:09:24:07 +0800] "GET /xingrg/all/function/internal_message.html?_=1663118507370&CODE_STATE=getMsg HTTP/1.1" 200 27
222.70.246.221 - - [14/Sep/2022:09:24:12 +0800] "GET /xingrg/all/function/internal_message.html?_=1663118659925&CODE_STATE=getMsg HTTP/1.1" 200 27
120.253.135.82 - - [14/Sep/2022:09:24:12 +0800] "GET /xingrg/all/function/internal_message.html?_=1663118766945&CODE_STATE=getMsg HTTP/1.1" 200 27
124.79.74.72 - - [14/Sep/2022:09:24:13 +0800] "GET /xingrg/kc/buy/cgsh_order_operate.html?command=get_materiel&rest_code=00156&code=00101012051&supplier_code=00100012&order_time=2022-09-13 HTTP/1.1" 200 408
61.170.234.164 - - [14/Sep/2022:09:24:15 +0800] "GET /xingrg/check_reg.html?_=1663118652604 HTTP/1.1" 200 22
124.79.74.72 - - [14/Sep/2022:09:24:26 +0800] "GET /xingrg/all/function/internal_message.html?_=1663118661844&CODE_STATE=getMsg HTTP/1.1" 200 27
124.79.74.72 - - [14/Sep/2022:09:24:26 +0800] "POST /xingrg/kc/buy/cgsh_order_operate.html HTTP/1.1" 200 37
114.84.5.35 - - [14/Sep/2022:09:24:26 +0800] "GET /xingrg/all/function/internal_message.html?_=1663118663911&CODE_STATE=getMsg HTTP/1.1" 200 27
61.170.234.164 - - [14/Sep/2022:09:24:29 +0800] "GET /xingrg/all/function/internal_message.html?_=1663118667181&CODE_STATE=getMsg HTTP/1.1" 200 27
116.224.255.128 - - [14/Sep/2022:09:24:32 +0800] "GET /xingrg/all/function/internal_message.html?_=1663118671061&CODE_STATE=getMsg HTTP/1.1" 200 27
116.225.121.189 - - [14/Sep/2022:09:24:32 +0800] "GET /xingrg/all/function/internal_message.html?_=1663118673333&CODE_STATE=getMsg HTTP/1.1" 200 27
116.224.255.128 - - [14/Sep/2022:09:24:35 +0800] "GET /xingrg/check_reg.html?_=1663118612086 HTTP/1.1" 200 22
116.224.255.128 - - [14/Sep/2022:09:24:35 +0800] "GET /xingrg/all/function/internal_message.html?_=1663118612330&CODE_STATE=getMsg HTTP/1.1" 200 27
180.169.147.146 - - [14/Sep/2022:09:24:46 +0800] "GET /xingrg/all/function/internal_message.html?_=1663118680305&CODE_STATE=getMsg HTTP/1.1" 200 27
116.238.169.132 - - [14/Sep/2022:09:24:46 +0800] "GET /xingrg/all/function/internal_message.html?_=1663118702401&CODE_STATE=getMsg HTTP/1.1" 200 27
58.40.7.146 - - [14/Sep/2022:09:24:53 +0800] "GET /xingrg/check_reg.html?_=1663118691643 HTTP/1.1" 200 22
58.40.7.146 - - [14/Sep/2022:09:24:53 +0800] "GET /xingrg/all/function/internal_message.html?_=1663118691644&CODE_STATE=getMsg HTTP/1.1" 200 27
120.253.135.82 - - [14/Sep/2022:09:24:55 +0800] "GET /xingrg/all/function/internal_message.html?_=1663118493477&CODE_STATE=getMsg HTTP/1.1" 200 27
180.169.147.146 - - [14/Sep/2022:09:24:56 +0800] "GET /xingrg/all/function/internal_message.html?_=1663118694464&CODE_STATE=getMsg HTTP/1.1" 200 27
114.88.158.224 - - [14/Sep/2022:09:24:57 +0800] "GET /xingrg/all/function/internal_message.html?_=1663118355683&CODE_STATE=getMsg HTTP/1.1" 200 27
124.79.74.72 - - [14/Sep/2022:09:25:03 +0800] "POST /xingrg/kc/buy/cgsh_order_operate.html HTTP/1.1" 200 5622
124.79.74.72 - - [14/Sep/2022:09:25:05 +0800] "GET /xingrg/kc/print/load_data.html?order_code=212022091404995&kc_code=cgsh&condition= HTTP/1.1" 200 1901
114.83.219.57 - - [14/Sep/2022:09:25:05 +0800] "GET /xingrg/all/function/internal_message.html?_=1663118787404&CODE_STATE=getMsg HTTP/1.1" 200 27
116.225.121.189 - - [14/Sep/2022:09:25:07 +0800] "GET /xingrg/all/function/internal_message.html?_=1663118567372&CODE_STATE=getMsg HTTP/1.1" 200 27
116.225.121.189 - - [14/Sep/2022:09:25:07 +0800] "GET /xingrg/check_reg.html?_=1663118567375 HTTP/1.1" 200 22
222.70.246.221 - - [14/Sep/2022:09:25:12 +0800] "GET /xingrg/all/function/internal_message.html?_=1663118719939&CODE_STATE=getMsg HTTP/1.1" 200 27
124.79.74.72 - - [14/Sep/2022:09:25:12 +0800] "GET /xingrg/kc/buy/cgsh_order_add.html HTTP/1.1" 200 68762
124.79.74.72 - - [14/Sep/2022:09:25:12 +0800] "POST /xingrg/kc/buy/cgsh_order_operate.html HTTP/1.1" 200 8245
124.79.74.72 - - [14/Sep/2022:09:25:12 +0800] "GET /xingrg/javascript/easyui/themes/default/validatebox.css HTTP/1.1" 404 1104
120.253.135.82 - - [14/Sep/2022:09:25:12 +0800] "GET /xingrg/all/function/internal_message.html?_=1663118826958&CODE_STATE=getMsg HTTP/1.1" 200 27
124.79.74.72 - - [14/Sep/2022:09:25:26 +0800] "GET /xingrg/all/function/internal_message.html?_=1663118721815&CODE_STATE=getMsg HTTP/1.1" 200 27
114.84.5.35 - - [14/Sep/2022:09:25:27 +0800] "GET /xingrg/all/function/internal_message.html?_=1663118723897&CODE_STATE=getMsg HTTP/1.1" 200 27
114.84.5.35 - - [14/Sep/2022:09:25:27 +0800] "GET /xingrg/check_reg.html?_=1663118723932 HTTP/1.1" 200 22
61.170.234.164 - - [14/Sep/2022:09:25:29 +0800] "GET /xingrg/all/function/internal_message.html?_=1663118727162&CODE_STATE=getMsg HTTP/1.1" 200 27
116.224.255.128 - - [14/Sep/2022:09:25:32 +0800] "GET /xingrg/all/function/internal_message.html?_=1663118731062&CODE_STATE=getMsg HTTP/1.1" 200 27
116.225.121.189 - - [14/Sep/2022:09:25:32 +0800] "GET /xingrg/all/function/internal_message.html?_=1663118733312&CODE_STATE=getMsg HTTP/1.1" 200 27
116.224.255.128 - - [14/Sep/2022:09:25:35 +0800] "GET /xingrg/all/function/internal_message.html?_=1663118672343&CODE_STATE=getMsg HTTP/1.1" 200 27
124.79.74.72 - - [14/Sep/2022:09:25:37 +0800] "GET /xingrg/kc/buy/cgsh_order_operate.html?command=get_materiel&rest_code=00156&code=00101008331&supplier_code=00100006&order_time=2022-09-13 HTTP/1.1" 200 416
180.169.147.146 - - [14/Sep/2022:09:25:46 +0800] "GET /xingrg/all/function/internal_message.html?_=1663118740306&CODE_STATE=getMsg HTTP/1.1" 200 27
116.238.169.132 - - [14/Sep/2022:09:25:46 +0800] "GET /xingrg/all/function/internal_message.html?_=1663118762381&CODE_STATE=getMsg HTTP/1.1" 200 27
58.40.7.146 - - [14/Sep/2022:09:25:53 +0800] "GET /xingrg/all/function/internal_message.html?_=1663118751645&CODE_STATE=getMsg HTTP/1.1" 200 27
120.253.135.82 - - [14/Sep/2022:09:25:55 +0800] "GET /xingrg/all/function/internal_message.html?_=1663118553528&CODE_STATE=getMsg HTTP/1.1" 200 27
180.169.147.146 - - [14/Sep/2022:09:25:56 +0800] "GET /xingrg/all/function/internal_message.html?_=1663118754448&CODE_STATE=getMsg HTTP/1.1" 200 27
114.88.158.224 - - [14/Sep/2022:09:25:57 +0800] "GET /xingrg/all/function/internal_message.html?_=1663118415682&CODE_STATE=getMsg HTTP/1.1" 200 27
114.88.158.224 - - [14/Sep/2022:09:25:57 +0800] "GET /xingrg/check_reg.html?_=1663118415708 HTTP/1.1" 200 22
124.79.74.72 - - [14/Sep/2022:09:26:01 +0800] "GET /xingrg/kc/buy/cgsh_order_operate.html?command=get_materiel&rest_code=00156&code=00101008043&supplier_code=00100006&order_time=2022-09-13 HTTP/1.1" 200 417
114.83.219.57 - - [14/Sep/2022:09:26:05 +0800] "GET /xingrg/all/function/internal_message.html?_=1663118847389&CODE_STATE=getMsg HTTP/1.1" 200 27
116.225.121.189 - - [14/Sep/2022:09:26:07 +0800] "GET /xingrg/all/function/internal_message.html?_=1663118627360&CODE_STATE=getMsg HTTP/1.1" 200 27
222.70.246.221 - - [14/Sep/2022:09:26:12 +0800] "GET /xingrg/all/function/internal_message.html?_=1663118780057&CODE_STATE=getMsg HTTP/1.1" 200 27
120.253.135.82 - - [14/Sep/2022:09:26:12 +0800] "GET /xingrg/all/function/internal_message.html?_=1663118887009&CODE_STATE=getMsg HTTP/1.1" 200 27
124.79.74.72 - - [14/Sep/2022:09:26:14 +0800] "GET /xingrg/kc/buy/cgsh_order_operate.html?command=get_materiel&rest_code=00156&code=00101008458&supplier_code=00100006&order_time=2022-09-13 HTTP/1.1" 200 409
180.163.30.27 - - [14/Sep/2022:09:26:24 +0800] "GET /xingrg/check_reg.html?_=1663118052583 HTTP/1.1" 302 -
180.163.30.27 - - [14/Sep/2022:09:26:24 +0800] "GET /xingrg/login.html HTTP/1.1" 200 7641
