180.169.147.146 - - [14/Sep/2022:11:11:54 +0800] "GET /xingrg/javascript/jquery_tools/images/prev.gif HTTP/1.1" 404 1086
180.169.147.146 - - [14/Sep/2022:11:11:54 +0800] "GET /xingrg/javascript/jquery_tools/images/next.gif HTTP/1.1" 404 1086
180.169.147.146 - - [14/Sep/2022:11:11:55 +0800] "GET /xingrg/all/function/internal_message.html?_=1663125112473&CODE_STATE=getMsg HTTP/1.1" 200 27
114.88.158.224 - - [14/Sep/2022:11:11:57 +0800] "GET /xingrg/all/function/internal_message.html?_=1663124775992&CODE_STATE=getMsg HTTP/1.1" 200 27
120.253.135.82 - - [14/Sep/2022:11:11:58 +0800] "GET /xingrg/all/function/internal_message.html?_=1663124916756&CODE_STATE=getMsg HTTP/1.1" 200 27
114.84.5.35 - - [14/Sep/2022:11:11:59 +0800] "GET /xingrg/kc/base/stock_operate.html?_=1663125116803&command=get_report_file&start_day=20220701 HTTP/1.1" 200 53
114.84.5.35 - - [14/Sep/2022:11:12:00 +0800] "GET /xingrg/all/report/report_query.html?isQuery=1&onlyBody=1&rh=2000&fileName=kc/base/kc_stock_detail_new.xml&queryString=(1=1)&queryText=&tableQueryString=init_table$sp1$$sp$crk_table$sp1$order_day%20between%2020220701%20and%2020220914&varString=start_day:20220701,materiel_code:00101001008,cost_id:3852,end_date:20220630 HTTP/1.1" 200 48701
114.84.5.35 - - [14/Sep/2022:11:12:00 +0800] "GET /xingrg/dwr/interface/AjaxReportQueryService.js HTTP/1.1" 200 13203
114.84.5.35 - - [14/Sep/2022:11:12:00 +0800] "GET /xingrg/dwr/engine.js HTTP/1.1" 200 43631
114.84.5.35 - - [14/Sep/2022:11:12:00 +0800] "POST /xingrg/all/report/load_report_page.html HTTP/1.1" 200 25047
114.84.5.35 - - [14/Sep/2022:11:12:00 +0800] "GET /xingrg/servlets/image?cache=0.9337225463033343&image=px HTTP/1.1" 200 807
114.83.219.57 - - [14/Sep/2022:11:12:01 +0800] "GET /xingrg/all/function/internal_message.html?_=1663125203394&CODE_STATE=getMsg HTTP/1.1" 200 27
116.238.169.132 - - [14/Sep/2022:11:12:06 +0800] "GET /xingrg/check_reg.html?_=1663125142901 HTTP/1.1" 200 22
116.225.121.189 - - [14/Sep/2022:11:12:07 +0800] "GET /xingrg/all/function/internal_message.html?_=1663124987553&CODE_STATE=getMsg HTTP/1.1" 200 27
116.232.194.65 - - [14/Sep/2022:11:12:08 +0800] "GET /xingrg/all/function/internal_message.html?_=1663125068897&CODE_STATE=getMsg HTTP/1.1" 200 27
114.84.5.35 - - [14/Sep/2022:11:12:09 +0800] "GET /xingrg/kc/base/kc_stocks.html HTTP/1.1" 200 16437
114.84.5.35 - - [14/Sep/2022:11:12:09 +0800] "GET /xingrg/javascript/easyui/themes/default/tree.css HTTP/1.1" 404 1090
114.84.5.35 - - [14/Sep/2022:11:12:09 +0800] "POST /xingrg/all/common/load_tree.html?tree=materiel_sort_tree_json HTTP/1.1" 200 9500
114.84.5.35 - - [14/Sep/2022:11:12:11 +0800] "POST /xingrg/all/common/load_combo.html?type=base HTTP/1.1" 200 3142
180.169.147.146 - - [14/Sep/2022:11:12:12 +0800] "GET /xingrg/all/function/internal_message.html?_=1663125126898&CODE_STATE=getMsg HTTP/1.1" 200 27
120.253.135.82 - - [14/Sep/2022:11:12:15 +0800] "GET /xingrg/all/function/internal_message.html?_=1663125249321&CODE_STATE=getMsg HTTP/1.1" 200 27
114.84.5.35 - - [14/Sep/2022:11:12:18 +0800] "POST /xingrg/kc/base/stock_operate.html HTTP/1.1" 200 4138
180.169.147.146 - - [14/Sep/2022:11:12:18 +0800] "GET /xingrg/kc/buy/cgsh_order_operate.html?command=get_materiel&rest_code=00147&code=00101006123&supplier_code=00100004&order_time=2022-09-14 HTTP/1.1" 200 409
61.170.234.164 - - [14/Sep/2022:11:12:18 +0800] "GET /xingrg/all/function/internal_message.html?_=1663125135671&CODE_STATE=getMsg HTTP/1.1" 200 27
222.70.246.221 - - [14/Sep/2022:11:12:18 +0800] "GET /xingrg/all/function/internal_message.html?_=1663125146712&CODE_STATE=getMsg HTTP/1.1" 200 27
124.79.74.72 - - [14/Sep/2022:11:12:23 +0800] "GET /xingrg/all/function/internal_message.html?_=1663125139165&CODE_STATE=getMsg HTTP/1.1" 200 27
116.224.255.128 - - [14/Sep/2022:11:12:23 +0800] "GET /xingrg/all/function/internal_message.html?_=1663125080399&CODE_STATE=getMsg HTTP/1.1" 200 27
124.79.74.72 - - [14/Sep/2022:11:12:23 +0800] "GET /xingrg/check_reg.html?_=1663125139169 HTTP/1.1" 200 22
120.253.135.82 - - [14/Sep/2022:11:12:25 +0800] "GET /xingrg/all/function/internal_message.html?_=1663125258912&CODE_STATE=getMsg HTTP/1.1" 200 27
180.169.147.146 - - [14/Sep/2022:11:12:26 +0800] "GET /xingrg/kc/buy/cgsh_order_operate.html?command=get_materiel&rest_code=00147&code=00101006129&supplier_code=00100004&order_time=2022-09-14 HTTP/1.1" 200 431
114.84.5.35 - - [14/Sep/2022:11:12:26 +0800] "GET /xingrg/all/function/internal_message.html?_=1663125143503&CODE_STATE=getMsg HTTP/1.1" 200 27
114.83.219.57 - - [14/Sep/2022:11:12:28 +0800] "GET /xingrg/all/function/internal_message.html?_=1663125145279&CODE_STATE=getMsg HTTP/1.1" 200 27
116.225.121.189 - - [14/Sep/2022:11:12:30 +0800] "GET /xingrg/all/function/internal_message.html?_=1663125150777&CODE_STATE=getMsg HTTP/1.1" 200 27
116.238.169.132 - - [14/Sep/2022:11:12:30 +0800] "GET /xingrg/check_reg.html?_=1663125150046 HTTP/1.1" 200 22
116.225.121.189 - - [14/Sep/2022:11:12:33 +0800] "GET /xingrg/check_reg.html?_=1663125153853 HTTP/1.1" 200 22
180.169.147.146 - - [14/Sep/2022:11:12:34 +0800] "GET /xingrg/kc/buy/cgsh_order_operate.html?command=get_materiel&rest_code=00147&code=00101006130&supplier_code=00100004&order_time=2022-09-14 HTTP/1.1" 200 427
116.238.169.132 - - [14/Sep/2022:11:12:44 +0800] "GET /xingrg/all/function/internal_message.html?_=1663125180637&CODE_STATE=getMsg HTTP/1.1" 200 27
114.84.5.35 - - [14/Sep/2022:11:12:46 +0800] "GET /xingrg/kc/base/kc_stocks.html HTTP/1.1" 200 16437
114.84.5.35 - - [14/Sep/2022:11:12:46 +0800] "GET /xingrg/javascript/easyui/themes/default/tree.css HTTP/1.1" 404 1090
114.84.5.35 - - [14/Sep/2022:11:12:46 +0800] "POST /xingrg/all/common/load_tree.html?tree=materiel_sort_tree_json HTTP/1.1" 200 9500
116.232.194.65 - - [14/Sep/2022:11:12:47 +0800] "GET /xingrg/kc/buy/cgsh_order_operate.html?command=get_materiel&rest_code=00155&code=00101008040&supplier_code=00100005&order_time=2022-09-14 HTTP/1.1" 200 412
180.169.147.146 - - [14/Sep/2022:11:12:49 +0800] "GET /xingrg/check_reg.html?_=1663125166435 HTTP/1.1" 200 22
114.84.5.35 - - [14/Sep/2022:11:12:49 +0800] "POST /xingrg/all/common/load_combo.html?type=base HTTP/1.1" 200 3142
101.83.240.14 - - [14/Sep/2022:11:12:53 +0800] "GET /xingrg/all/function/internal_message.html?_=1663125168368&CODE_STATE=getMsg HTTP/1.1" 200 27
116.224.255.128 - - [14/Sep/2022:11:12:53 +0800] "GET /xingrg/all/function/internal_message.html?_=1663125171963&CODE_STATE=getMsg HTTP/1.1" 200 27
222.70.246.221 - - [14/Sep/2022:11:12:54 +0800] "GET /favicon.ico HTTP/1.1" 404 -
180.169.147.146 - - [14/Sep/2022:11:12:55 +0800] "GET /xingrg/all/function/internal_message.html?_=1663125172466&CODE_STATE=getMsg HTTP/1.1" 200 27
114.84.5.35 - - [14/Sep/2022:11:12:57 +0800] "POST /xingrg/kc/base/stock_operate.html HTTP/1.1" 200 4138
114.88.158.224 - - [14/Sep/2022:11:12:57 +0800] "GET /xingrg/all/function/internal_message.html?_=1663124835990&CODE_STATE=getMsg HTTP/1.1" 200 27
120.253.135.82 - - [14/Sep/2022:11:12:58 +0800] "GET /xingrg/all/function/internal_message.html?_=1663124976770&CODE_STATE=getMsg HTTP/1.1" 200 27
114.83.219.57 - - [14/Sep/2022:11:13:01 +0800] "GET /xingrg/all/function/internal_message.html?_=1663125263404&CODE_STATE=getMsg HTTP/1.1" 200 27
116.232.194.65 - - [14/Sep/2022:11:13:06 +0800] "GET /xingrg/kc/buy/cgsh_order_operate.html?command=get_materiel&rest_code=00155&code=00101008126&supplier_code=00100005&order_time=2022-09-14 HTTP/1.1" 200 412
116.225.121.189 - - [14/Sep/2022:11:13:07 +0800] "GET /xingrg/all/function/internal_message.html?_=1663125047553&CODE_STATE=getMsg HTTP/1.1" 200 27
116.232.194.65 - - [14/Sep/2022:11:13:08 +0800] "GET /xingrg/all/function/internal_message.html?_=1663125128892&CODE_STATE=getMsg HTTP/1.1" 200 27
180.169.147.146 - - [14/Sep/2022:11:13:12 +0800] "GET /xingrg/all/function/internal_message.html?_=1663125186898&CODE_STATE=getMsg HTTP/1.1" 200 27
120.253.135.82 - - [14/Sep/2022:11:13:15 +0800] "GET /xingrg/all/function/internal_message.html?_=1663125309356&CODE_STATE=getMsg HTTP/1.1" 200 27
61.170.234.164 - - [14/Sep/2022:11:13:18 +0800] "GET /xingrg/all/function/internal_message.html?_=1663125195647&CODE_STATE=getMsg HTTP/1.1" 200 27
222.70.246.221 - - [14/Sep/2022:11:13:18 +0800] "GET /xingrg/all/function/internal_message.html?_=1663125206920&CODE_STATE=getMsg HTTP/1.1" 200 27
124.79.74.72 - - [14/Sep/2022:11:13:23 +0800] "GET /xingrg/all/function/internal_message.html?_=1663125199170&CODE_STATE=getMsg HTTP/1.1" 200 27
116.224.255.128 - - [14/Sep/2022:11:13:23 +0800] "GET /xingrg/all/function/internal_message.html?_=1663125140409&CODE_STATE=getMsg HTTP/1.1" 200 27
116.232.194.65 - - [14/Sep/2022:11:13:24 +0800] "GET /xingrg/kc/buy/cgsh_order_operate.html?command=get_materiel&rest_code=00155&code=00101008196&supplier_code=00100005&order_time=2022-09-14 HTTP/1.1" 200 416
120.253.135.82 - - [14/Sep/2022:11:13:25 +0800] "GET /xingrg/all/function/internal_message.html?_=1663125318937&CODE_STATE=getMsg HTTP/1.1" 200 27
114.84.5.35 - - [14/Sep/2022:11:13:26 +0800] "GET /xingrg/all/function/internal_message.html?_=1663125203474&CODE_STATE=getMsg HTTP/1.1" 200 27
114.83.219.57 - - [14/Sep/2022:11:13:28 +0800] "GET /xingrg/check_reg.html?_=1663125205279 HTTP/1.1" 200 22
114.83.219.57 - - [14/Sep/2022:11:13:28 +0800] "GET /xingrg/all/function/internal_message.html?_=1663125205282&CODE_STATE=getMsg HTTP/1.1" 200 27
116.225.121.189 - - [14/Sep/2022:11:13:30 +0800] "GET /xingrg/all/function/internal_message.html?_=1663125210753&CODE_STATE=getMsg HTTP/1.1" 200 27
116.225.121.189 - - [14/Sep/2022:11:13:35 +0800] "GET /xingrg/kc/buy/cgsh_order_add.html HTTP/1.1" 200 68759
116.225.121.189 - - [14/Sep/2022:11:13:35 +0800] "POST /xingrg/kc/buy/cgsh_order_operate.html HTTP/1.1" 200 8245
116.225.121.189 - - [14/Sep/2022:11:13:35 +0800] "GET /xingrg/javascript/easyui/themes/default/validatebox.css HTTP/1.1" 404 1104
180.169.147.146 - - [14/Sep/2022:11:13:37 +0800] "GET /xingrg/javascript/auto/indicator.gif HTTP/1.1" 404 1066
180.169.147.146 - - [14/Sep/2022:11:13:37 +0800] "GET /xingrg/check_reg.html?_=1663125216411 HTTP/1.1" 200 22
114.84.5.35 - - [14/Sep/2022:11:13:42 +0800] "POST /xingrg/kc/base/stock_operate.html HTTP/1.1" 200 4131
180.169.147.146 - - [14/Sep/2022:11:13:42 +0800] "GET /xingrg/kc/buy/cgsh_order_operate.html?command=get_materiel&rest_code=00147&code=00101006174&supplier_code=00100004&order_time=2022-09-14 HTTP/1.1" 200 414
116.238.169.132 - - [14/Sep/2022:11:13:44 +0800] "GET /xingrg/all/function/internal_message.html?_=1663125240636&CODE_STATE=getMsg HTTP/1.1" 200 27
114.84.5.35 - - [14/Sep/2022:11:13:46 +0800] "POST /xingrg/kc/base/stock_operate.html HTTP/1.1" 200 3074
222.70.246.221 - - [14/Sep/2022:11:13:50 +0800] "GET /xingrg/check_reg.html?_=1663125238555 HTTP/1.1" 200 22
180.169.147.146 - - [14/Sep/2022:11:13:51 +0800] "GET /xingrg/kc/buy/cgsh_order_operate.html?command=get_materiel&rest_code=00147&code=00101006240&supplier_code=00100004&order_time=2022-09-14 HTTP/1.1" 200 422
101.83.240.14 - - [14/Sep/2022:11:13:53 +0800] "GET /xingrg/all/function/internal_message.html?_=1663125228372&CODE_STATE=getMsg HTTP/1.1" 200 27
116.224.255.128 - - [14/Sep/2022:11:13:53 +0800] "GET /xingrg/check_reg.html?_=1663125231963 HTTP/1.1" 200 22
116.224.255.128 - - [14/Sep/2022:11:13:53 +0800] "GET /xingrg/all/function/internal_message.html?_=1663125231968&CODE_STATE=getMsg HTTP/1.1" 200 27
114.84.5.35 - - [14/Sep/2022:11:13:54 +0800] "POST /xingrg/kc/base/stock_operate.html HTTP/1.1" 200 4131
120.253.135.82 - - [14/Sep/2022:11:13:54 +0800] "GET /xingrg/check_reg.html?_=1663125348565 HTTP/1.1" 200 22
180.169.147.146 - - [14/Sep/2022:11:13:55 +0800] "GET /xingrg/all/function/internal_message.html?_=1663125232450&CODE_STATE=getMsg HTTP/1.1" 200 27
114.88.158.224 - - [14/Sep/2022:11:13:57 +0800] "GET /xingrg/all/function/internal_message.html?_=1663124895989&CODE_STATE=getMsg HTTP/1.1" 200 27
120.253.135.82 - - [14/Sep/2022:11:13:58 +0800] "GET /xingrg/check_reg.html?_=1663125036628 HTTP/1.1" 200 22
120.253.135.82 - - [14/Sep/2022:11:13:58 +0800] "GET /xingrg/all/function/internal_message.html?_=1663125036783&CODE_STATE=getMsg HTTP/1.1" 200 27
180.169.147.146 - - [14/Sep/2022:11:13:58 +0800] "GET /xingrg/kc/buy/cgsh_order_operate.html?command=get_materiel&rest_code=00147&code=00101006055&supplier_code=00100004&order_time=2022-09-14 HTTP/1.1" 200 409
114.83.219.57 - - [14/Sep/2022:11:14:01 +0800] "GET /xingrg/all/function/internal_message.html?_=1663125323400&CODE_STATE=getMsg HTTP/1.1" 200 27
116.225.121.189 - - [14/Sep/2022:11:14:01 +0800] "GET /xingrg/kc/buy/cgsh_order_operate.html?command=get_materiel&rest_code=00105&code=00101010063&supplier_code=00100323&order_time=2022-09-14 HTTP/1.1" 200 409
114.84.5.35 - - [14/Sep/2022:11:14:02 +0800] "POST /xingrg/kc/base/stock_operate.html HTTP/1.1" 200 4074
180.169.147.146 - - [14/Sep/2022:11:14:06 +0800] "GET /xingrg/kc/buy/cgsh_order_operate.html?command=get_materiel&rest_code=00147&code=00101006065&supplier_code=00100004&order_time=2022-09-14 HTTP/1.1" 200 409
116.225.121.189 - - [14/Sep/2022:11:14:07 +0800] "GET /xingrg/all/function/internal_message.html?_=1663125107579&CODE_STATE=getMsg HTTP/1.1" 200 27
116.232.194.65 - - [14/Sep/2022:11:14:08 +0800] "GET /xingrg/all/function/internal_message.html?_=1663125188901&CODE_STATE=getMsg HTTP/1.1" 200 27
180.163.30.76 - - [14/Sep/2022:11:14:08 +0800] "GET /xingrg/all/function/internal_message.html?_=1663121126163&CODE_STATE=getMsg HTTP/1.1" 302 -
180.163.30.76 - - [14/Sep/2022:11:14:09 +0800] "GET /xingrg/login.html HTTP/1.1" 200 7641
116.225.121.189 - - [14/Sep/2022:11:14:09 +0800] "POST /xingrg/kc/buy/cgsh_order_operate.html HTTP/1.1" 200 37
116.225.121.189 - - [14/Sep/2022:11:14:11 +0800] "POST /xingrg/kc/buy/cgsh_order_operate.html HTTP/1.1" 200 2655
116.225.121.189 - - [14/Sep/2022:11:14:12 +0800] "GET /xingrg/kc/print/load_data.html?order_code=212022091405038&kc_code=cgsh&condition= HTTP/1.1" 200 666
180.169.147.146 - - [14/Sep/2022:11:14:12 +0800] "GET /xingrg/all/function/internal_message.html?_=1663125246900&CODE_STATE=getMsg HTTP/1.1" 200 27
120.253.135.82 - - [14/Sep/2022:11:14:15 +0800] "GET /xingrg/all/function/internal_message.html?_=1663125369363&CODE_STATE=getMsg HTTP/1.1" 200 27
116.225.121.189 - - [14/Sep/2022:11:14:16 +0800] "GET /xingrg/kc/buy/cgsh_order_add.html HTTP/1.1" 200 68759
116.225.121.189 - - [14/Sep/2022:11:14:16 +0800] "POST /xingrg/kc/buy/cgsh_order_operate.html HTTP/1.1" 200 8245
116.225.121.189 - - [14/Sep/2022:11:14:16 +0800] "GET /xingrg/javascript/easyui/themes/default/validatebox.css HTTP/1.1" 404 1104
61.170.234.164 - - [14/Sep/2022:11:14:18 +0800] "GET /xingrg/all/function/internal_message.html?_=1663125255620&CODE_STATE=getMsg HTTP/1.1" 200 27
222.70.246.221 - - [14/Sep/2022:11:14:18 +0800] "GET /xingrg/all/function/internal_message.html?_=1663125266926&CODE_STATE=getMsg HTTP/1.1" 200 27
180.169.147.146 - - [14/Sep/2022:11:14:19 +0800] "POST /xingrg/kc/buy/cgsh_order_operate.html HTTP/1.1" 200 37
180.169.147.146 - - [14/Sep/2022:11:14:21 +0800] "POST /xingrg/kc/buy/cgsh_order_operate.html HTTP/1.1" 200 6250
61.170.234.164 - - [14/Sep/2022:11:14:21 +0800] "GET /xingrg/check_reg.html?_=1663125258961 HTTP/1.1" 200 22
180.169.147.146 - - [14/Sep/2022:11:14:22 +0800] "GET /xingrg/kc/print/load_config.html?kc_code=cgsh HTTP/1.1" 200 1943
180.169.147.146 - - [14/Sep/2022:11:14:22 +0800] "GET /xingrg/kc/print/load_data.html?order_code=212022091405039&kc_code=cgsh&condition= HTTP/1.1" 200 2128
116.224.255.128 - - [14/Sep/2022:11:14:22 +0800] "GET /xingrg/check_reg.html?_=1663125199619 HTTP/1.1" 200 22
124.79.74.72 - - [14/Sep/2022:11:14:23 +0800] "GET /xingrg/all/function/internal_message.html?_=1663125259156&CODE_STATE=getMsg HTTP/1.1" 200 27
116.224.255.128 - - [14/Sep/2022:11:14:23 +0800] "GET /xingrg/all/function/internal_message.html?_=1663125200423&CODE_STATE=getMsg HTTP/1.1" 200 27
120.253.135.82 - - [14/Sep/2022:11:14:25 +0800] "GET /xingrg/all/function/internal_message.html?_=1663125378955&CODE_STATE=getMsg HTTP/1.1" 200 27
180.169.147.146 - - [14/Sep/2022:11:14:25 +0800] "GET /xingrg/kc/buy/cgsh_order_add.html HTTP/1.1" 200 68680
180.169.147.146 - - [14/Sep/2022:11:14:25 +0800] "POST /xingrg/kc/buy/cgsh_order_operate.html HTTP/1.1" 200 8245
180.169.147.146 - - [14/Sep/2022:11:14:25 +0800] "GET /xingrg/all/common/auto_word.html?type=employee&rest_code=00147 HTTP/1.1" 200 101
180.169.147.146 - - [14/Sep/2022:11:14:25 +0800] "GET /xingrg/all/common/auto_word.html?type=employee&rest_code=00147 HTTP/1.1" 200 101
180.169.147.146 - - [14/Sep/2022:11:14:25 +0800] "GET /xingrg/javascript/easyui/themes/default/validatebox.css HTTP/1.1" 404 1104
114.84.5.35 - - [14/Sep/2022:11:14:26 +0800] "GET /xingrg/all/function/internal_message.html?_=1663125263452&CODE_STATE=getMsg HTTP/1.1" 200 27
116.225.121.189 - - [14/Sep/2022:11:14:27 +0800] "GET /xingrg/kc/buy/cgsh_order_operate.html?command=get_materiel&rest_code=00105&code=00101015128&supplier_code=00100565&order_time=2022-09-14 HTTP/1.1" 200 421
114.83.219.57 - - [14/Sep/2022:11:14:28 +0800] "GET /xingrg/all/function/internal_message.html?_=1663125265281&CODE_STATE=getMsg HTTP/1.1" 200 27
116.225.121.189 - - [14/Sep/2022:11:14:30 +0800] "GET /xingrg/all/function/internal_message.html?_=1663125270746&CODE_STATE=getMsg HTTP/1.1" 200 27
116.225.121.189 - - [14/Sep/2022:11:14:37 +0800] "POST /xingrg/kc/buy/cgsh_order_operate.html HTTP/1.1" 200 37
116.232.194.65 - - [14/Sep/2022:11:14:39 +0800] "GET /xingrg/kc/buy/cgsh_order_operate.html?command=get_materiel&rest_code=00155&code=00101008069&supplier_code=00100005&order_time=2022-09-14 HTTP/1.1" 200 412
116.225.121.189 - - [14/Sep/2022:11:14:44 +0800] "POST /xingrg/kc/buy/cgsh_order_operate.html HTTP/1.1" 200 2665
116.238.169.132 - - [14/Sep/2022:11:14:44 +0800] "GET /xingrg/all/function/internal_message.html?_=1663125300634&CODE_STATE=getMsg HTTP/1.1" 200 27
116.225.121.189 - - [14/Sep/2022:11:14:45 +0800] "GET /xingrg/kc/print/load_data.html?order_code=212022091405040&kc_code=cgsh&condition= HTTP/1.1" 200 669
116.225.121.189 - - [14/Sep/2022:11:14:48 +0800] "GET /xingrg/kc/buy/cgsh_order_add.html HTTP/1.1" 200 68759
116.225.121.189 - - [14/Sep/2022:11:14:49 +0800] "POST /xingrg/kc/buy/cgsh_order_operate.html HTTP/1.1" 200 8245
116.225.121.189 - - [14/Sep/2022:11:14:49 +0800] "GET /xingrg/javascript/easyui/themes/default/validatebox.css HTTP/1.1" 404 1104
101.83.240.14 - - [14/Sep/2022:11:14:53 +0800] "GET /xingrg/all/function/internal_message.html?_=1663125288368&CODE_STATE=getMsg HTTP/1.1" 200 27
116.224.255.128 - - [14/Sep/2022:11:14:53 +0800] "GET /xingrg/all/function/internal_message.html?_=1663125291967&CODE_STATE=getMsg HTTP/1.1" 200 27
180.169.147.146 - - [14/Sep/2022:11:14:55 +0800] "GET /xingrg/all/function/internal_message.html?_=1663125292435&CODE_STATE=getMsg HTTP/1.1" 200 27
114.84.5.35 - - [14/Sep/2022:11:14:56 +0800] "GET /xingrg/all/report/report_query.html?fileName=kc/base/rk_by_base.xml&rh=9999 HTTP/1.1" 200 51953
114.84.5.35 - - [14/Sep/2022:11:14:56 +0800] "GET /xingrg/dwr/interface/AjaxReportQueryService.js HTTP/1.1" 200 13203
114.84.5.35 - - [14/Sep/2022:11:14:56 +0800] "GET /xingrg/dwr/engine.js HTTP/1.1" 200 43631
114.84.5.35 - - [14/Sep/2022:11:14:57 +0800] "POST /xingrg/dwr/call/plaincall/AjaxReportQueryService.getFixDate.dwr HTTP/1.1" 200 111
114.84.5.35 - - [14/Sep/2022:11:14:57 +0800] "POST /xingrg/all/common/load_tree.html?tree=materiel_sort_tree_json HTTP/1.1" 200 9500
114.88.158.224 - - [14/Sep/2022:11:14:57 +0800] "GET /xingrg/all/function/internal_message.html?_=1663124955989&CODE_STATE=getMsg HTTP/1.1" 200 27
114.84.5.35 - - [14/Sep/2022:11:14:57 +0800] "POST /xingrg/dwr/call/plaincall/AjaxReportQueryService.getInitString.dwr HTTP/1.1" 200 1002
120.253.135.82 - - [14/Sep/2022:11:14:58 +0800] "GET /xingrg/all/function/internal_message.html?_=1663125096797&CODE_STATE=getMsg HTTP/1.1" 200 27
114.83.219.57 - - [14/Sep/2022:11:15:01 +0800] "GET /xingrg/all/function/internal_message.html?_=1663125383403&CODE_STATE=getMsg HTTP/1.1" 200 27
114.83.219.57 - - [14/Sep/2022:11:15:01 +0800] "GET /xingrg/check_reg.html?_=1663125383404 HTTP/1.1" 200 22
180.169.147.146 - - [14/Sep/2022:11:15:03 +0800] "POST /xingrg/kc/buy/cgsh_list_operate.html HTTP/1.1" 200 1779
180.169.147.146 - - [14/Sep/2022:11:15:05 +0800] "POST /xingrg/kc/buy/cgsh_list_operate.html HTTP/1.1" 200 606
180.169.147.146 - - [14/Sep/2022:11:15:06 +0800] "GET /xingrg/kc/buy/cgsh_order_info.html?code=212022091405039 HTTP/1.1" 200 68689
180.169.147.146 - - [14/Sep/2022:11:15:06 +0800] "GET /xingrg/all/common/auto_word.html?type=employee&rest_code=00147 HTTP/1.1" 200 101
180.169.147.146 - - [14/Sep/2022:11:15:06 +0800] "GET /xingrg/all/common/auto_word.html?type=employee&rest_code=00147 HTTP/1.1" 200 101
180.169.147.146 - - [14/Sep/2022:11:15:06 +0800] "GET /xingrg/javascript/easyui/themes/default/validatebox.css HTTP/1.1" 404 1104
180.169.147.146 - - [14/Sep/2022:11:15:07 +0800] "POST /xingrg/kc/buy/cgsh_order_operate.html HTTP/1.1" 200 6250
116.225.121.189 - - [14/Sep/2022:11:15:07 +0800] "GET /xingrg/check_reg.html?_=1663125167579 HTTP/1.1" 200 22
116.225.121.189 - - [14/Sep/2022:11:15:07 +0800] "GET /xingrg/all/function/internal_message.html?_=1663125167582&CODE_STATE=getMsg HTTP/1.1" 200 27
180.169.147.146 - - [14/Sep/2022:11:15:08 +0800] "GET /xingrg/kc/print/load_config.html?kc_code=cgsh HTTP/1.1" 200 1943
180.169.147.146 - - [14/Sep/2022:11:15:08 +0800] "GET /xingrg/kc/print/load_data.html?order_code=212022091405039&kc_code=cgsh&condition= HTTP/1.1" 200 2128
116.225.121.189 - - [14/Sep/2022:11:15:08 +0800] "GET /xingrg/kc/buy/cgsh_order_operate.html?command=get_materiel&rest_code=00105&code=00101006083&supplier_code=00100324&order_time=2022-09-14 HTTP/1.1" 200 415
116.232.194.65 - - [14/Sep/2022:11:15:08 +0800] "GET /xingrg/all/function/internal_message.html?_=1663125248898&CODE_STATE=getMsg HTTP/1.1" 200 27
180.169.147.146 - - [14/Sep/2022:11:15:12 +0800] "GET /xingrg/check_reg.html?_=1663125306902 HTTP/1.1" 200 22
180.169.147.146 - - [14/Sep/2022:11:15:12 +0800] "GET /xingrg/all/function/internal_message.html?_=1663125306902&CODE_STATE=getMsg HTTP/1.1" 200 27
61.170.234.164 - - [14/Sep/2022:11:15:14 +0800] "GET /xingrg/kc/base/base_main.html HTTP/1.1" 200 12142
180.169.147.146 - - [14/Sep/2022:11:15:14 +0800] "GET /xingrg/kc/buy/cgsh_order_add.html HTTP/1.1" 200 68680
180.169.147.146 - - [14/Sep/2022:11:15:14 +0800] "POST /xingrg/kc/buy/cgsh_order_operate.html HTTP/1.1" 200 8245
180.169.147.146 - - [14/Sep/2022:11:15:14 +0800] "GET /xingrg/all/common/auto_word.html?type=employee&rest_code=00147 HTTP/1.1" 200 101
180.169.147.146 - - [14/Sep/2022:11:15:14 +0800] "GET /xingrg/all/common/auto_word.html?type=employee&rest_code=00147 HTTP/1.1" 200 101
180.169.147.146 - - [14/Sep/2022:11:15:14 +0800] "GET /xingrg/javascript/easyui/themes/default/validatebox.css HTTP/1.1" 404 1104
120.253.135.82 - - [14/Sep/2022:11:15:15 +0800] "GET /xingrg/all/function/internal_message.html?_=1663125429374&CODE_STATE=getMsg HTTP/1.1" 200 27
61.170.234.164 - - [14/Sep/2022:11:15:16 +0800] "GET /xingrg/kc/base/kc_stocks.html HTTP/1.1" 200 16437
61.170.234.164 - - [14/Sep/2022:11:15:16 +0800] "GET /xingrg/javascript/easyui/themes/default/tree.css HTTP/1.1" 404 1090
61.170.234.164 - - [14/Sep/2022:11:15:16 +0800] "GET /xingrg/all/common/auto_word.html?type=base&rest_code=00106 HTTP/1.1" 200 1799
61.170.234.164 - - [14/Sep/2022:11:15:16 +0800] "POST /xingrg/all/common/load_tree.html?tree=materiel_sort_tree_json HTTP/1.1" 200 9500
61.170.234.164 - - [14/Sep/2022:11:15:17 +0800] "POST /xingrg/all/common/load_combo.html?type=base HTTP/1.1" 200 3227
61.170.234.164 - - [14/Sep/2022:11:15:18 +0800] "GET /xingrg/all/function/internal_message.html?_=1663125315603&CODE_STATE=getMsg HTTP/1.1" 200 27
222.70.246.221 - - [14/Sep/2022:11:15:18 +0800] "GET /xingrg/all/function/internal_message.html?_=1663125326940&CODE_STATE=getMsg HTTP/1.1" 200 27
180.163.30.85 - - [14/Sep/2022:11:15:20 +0800] "GET /xingrg/all/function/internal_message.html?_=1663121066184&CODE_STATE=getMsg HTTP/1.1" 302 -
61.170.234.164 - - [14/Sep/2022:11:15:20 +0800] "POST /xingrg/kc/base/stock_operate.html HTTP/1.1" 200 4348
180.163.30.85 - - [14/Sep/2022:11:15:20 +0800] "GET /xingrg/login.html HTTP/1.1" 200 7641
116.232.194.65 - - [14/Sep/2022:11:15:20 +0800] "GET /xingrg/kc/buy/cgsh_order_operate.html?command=get_materiel&rest_code=00155&code=00101008286&supplier_code=00100005&order_time=2022-09-14 HTTP/1.1" 200 408
61.170.234.164 - - [14/Sep/2022:11:15:23 +0800] "GET /xingrg/kc/base/base_main.html HTTP/1.1" 200 12142
124.79.74.72 - - [14/Sep/2022:11:15:23 +0800] "GET /xingrg/all/function/internal_message.html?_=1663125319158&CODE_STATE=getMsg HTTP/1.1" 200 27
116.224.255.128 - - [14/Sep/2022:11:15:23 +0800] "GET /xingrg/all/function/internal_message.html?_=1663125260436&CODE_STATE=getMsg HTTP/1.1" 200 27
114.84.5.35 - - [14/Sep/2022:11:15:24 +0800] "POST /xingrg/dwr/call/plaincall/AjaxReportQueryService.refreshCache.dwr HTTP/1.1" 200 78
120.253.135.82 - - [14/Sep/2022:11:15:24 +0800] "GET /xingrg/check_reg.html?_=1663125438099 HTTP/1.1" 200 22
61.170.234.164 - - [14/Sep/2022:11:15:24 +0800] "GET /xingrg/kc/base/yddb_order_list.html HTTP/1.1" 200 16786
114.84.5.35 - - [14/Sep/2022:11:15:24 +0800] "POST /xingrg/all/report/load_report_page.html HTTP/1.1" 200 7456
114.84.5.35 - - [14/Sep/2022:11:15:24 +0800] "GET /xingrg/servlets/image?cache=0.8111977684530066&image=px HTTP/1.1" 200 807
61.170.234.164 - - [14/Sep/2022:11:15:24 +0800] "POST /xingrg/kc/base/yddb_list_operate.html HTTP/1.1" 200 636
120.253.135.82 - - [14/Sep/2022:11:15:25 +0800] "GET /xingrg/all/function/internal_message.html?_=1663125438967&CODE_STATE=getMsg HTTP/1.1" 200 27
114.84.5.35 - - [14/Sep/2022:11:15:26 +0800] "GET /xingrg/all/function/internal_message.html?_=1663125323429&CODE_STATE=getMsg HTTP/1.1" 200 27
114.84.5.35 - - [14/Sep/2022:11:15:27 +0800] "GET /xingrg/check_reg.html?_=1663125324125 HTTP/1.1" 200 22
180.169.147.146 - - [14/Sep/2022:11:15:27 +0800] "GET /xingrg/javascript/jquery_tools/images/prev.gif HTTP/1.1" 404 1086
180.169.147.146 - - [14/Sep/2022:11:15:27 +0800] "GET /xingrg/javascript/jquery_tools/images/next.gif HTTP/1.1" 404 1086
61.170.234.164 - - [14/Sep/2022:11:15:27 +0800] "POST /xingrg/kc/base/yddb_list_operate.html HTTP/1.1" 200 4296
114.83.219.57 - - [14/Sep/2022:11:15:28 +0800] "GET /xingrg/all/function/internal_message.html?_=1663125325282&CODE_STATE=getMsg HTTP/1.1" 200 27
61.170.234.164 - - [14/Sep/2022:11:15:28 +0800] "POST /xingrg/kc/base/yddb_list_operate.html HTTP/1.1" 200 203
61.170.234.164 - - [14/Sep/2022:11:15:29 +0800] "GET /xingrg/kc/base/yddb_order_info.html?code=482022091300158 HTTP/1.1" 200 31558
61.170.234.164 - - [14/Sep/2022:11:15:29 +0800] "GET /xingrg/dwr/interface/AjaxComOrderService.js HTTP/1.1" 200 18264
61.170.234.164 - - [14/Sep/2022:11:15:29 +0800] "GET /xingrg/dwr/interface/AjaxYddbService.js HTTP/1.1" 200 13201
61.170.234.164 - - [14/Sep/2022:11:15:29 +0800] "GET /xingrg/dwr/engine.js HTTP/1.1" 200 43631
61.170.234.164 - - [14/Sep/2022:11:15:29 +0800] "POST /xingrg/dwr/call/plaincall/AjaxYddbService.loadMaterielItems.dwr HTTP/1.1" 200 394
116.225.121.189 - - [14/Sep/2022:11:15:30 +0800] "GET /xingrg/all/function/internal_message.html?_=1663125330723&CODE_STATE=getMsg HTTP/1.1" 200 27
116.232.194.65 - - [14/Sep/2022:11:15:32 +0800] "GET /xingrg/kc/buy/cgsh_order_operate.html?command=get_materiel&rest_code=00155&code=00101008131&supplier_code=00100005&order_time=2022-09-14 HTTP/1.1" 200 408
61.170.234.164 - - [14/Sep/2022:11:15:32 +0800] "POST /xingrg/dwr/call/plaincall/AjaxYddbService.saveOrder.dwr HTTP/1.1" 200 78
180.169.147.146 - - [14/Sep/2022:11:15:34 +0800] "GET /xingrg/kc/buy/cgsh_order_operate.html?command=get_materiel&rest_code=00147&code=00101007061&supplier_code=00100004&order_time=2022-09-14 HTTP/1.1" 200 409
61.170.234.164 - - [14/Sep/2022:11:15:34 +0800] "GET /xingrg/javascript/jquery_easy_ui/themes/default/images/button_plain_hover.png HTTP/1.1" 200 252
61.170.234.164 - - [14/Sep/2022:11:15:36 +0800] "POST /xingrg/dwr/call/plaincall/AjaxYddbService.objCheckOrder.dwr HTTP/1.1" 200 78
61.170.234.164 - - [14/Sep/2022:11:15:37 +0800] "GET /xingrg/kc/base/yddb_order_info.html?code=482022091300158 HTTP/1.1" 200 31681
61.170.234.164 - - [14/Sep/2022:11:15:37 +0800] "GET /xingrg/dwr/engine.js HTTP/1.1" 200 43631
61.170.234.164 - - [14/Sep/2022:11:15:37 +0800] "GET /xingrg/dwr/interface/AjaxComOrderService.js HTTP/1.1" 200 18264
61.170.234.164 - - [14/Sep/2022:11:15:37 +0800] "GET /xingrg/dwr/interface/AjaxYddbService.js HTTP/1.1" 200 13201
61.170.234.164 - - [14/Sep/2022:11:15:37 +0800] "POST /xingrg/dwr/call/plaincall/AjaxYddbService.loadMaterielItems.dwr HTTP/1.1" 200 394
180.169.147.146 - - [14/Sep/2022:11:15:43 +0800] "GET /xingrg/kc/buy/cgsh_order_operate.html?command=get_materiel&rest_code=00147&code=00101007125&supplier_code=00100004&order_time=2022-09-14 HTTP/1.1" 200 406
116.238.169.132 - - [14/Sep/2022:11:15:44 +0800] "GET /xingrg/all/function/internal_message.html?_=1663125360633&CODE_STATE=getMsg HTTP/1.1" 200 27
61.170.234.164 - - [14/Sep/2022:11:15:45 +0800] "GET /xingrg/kc/base/yddb_order_report.html?fileType=servlets/html&code=482022091300158&reportName=ck_order_report&subName=yddb HTTP/1.1" 302 -
61.170.234.164 - - [14/Sep/2022:11:15:45 +0800] "GET /xingrg/servlets/html?sysBaseUrl=http%3A%2F%2F180.169.147.146%3A18081%2Fxingrg%2F&costTime=66×tamp=1663125345563 HTTP/1.1" 200 14757
61.170.234.164 - - [14/Sep/2022:11:15:46 +0800] "GET /xingrg/servlets/image?image=px HTTP/1.1" 200 807
61.170.234.164 - - [14/Sep/2022:11:15:48 +0800] "GET /favicon.ico HTTP/1.1" 404 -
180.169.147.146 - - [14/Sep/2022:11:15:51 +0800] "GET /xingrg/kc/buy/cgsh_order_operate.html?command=get_materiel&rest_code=00147&code=00101007190&supplier_code=00100004&order_time=2022-09-14 HTTP/1.1" 200 410
101.83.240.14 - - [14/Sep/2022:11:15:53 +0800] "GET /xingrg/check_reg.html?_=1663125348369 HTTP/1.1" 200 22
116.224.255.128 - - [14/Sep/2022:11:15:53 +0800] "GET /xingrg/all/function/internal_message.html?_=1663125351994&CODE_STATE=getMsg HTTP/1.1" 200 27
101.83.240.14 - - [14/Sep/2022:11:15:53 +0800] "GET /xingrg/all/function/internal_message.html?_=1663125348374&CODE_STATE=getMsg HTTP/1.1" 200 27
114.84.5.35 - - [14/Sep/2022:11:15:54 +0800] "POST /xingrg/dwr/call/plaincall/AjaxReportQueryService.refreshCache.dwr HTTP/1.1" 200 78
114.84.5.35 - - [14/Sep/2022:11:15:54 +0800] "POST /xingrg/all/report/load_report_page.html HTTP/1.1" 200 7456
114.84.5.35 - - [14/Sep/2022:11:15:54 +0800] "GET /xingrg/servlets/image?cache=0.5024478281685505&image=px HTTP/1.1" 200 807
180.169.147.146 - - [14/Sep/2022:11:15:55 +0800] "GET /xingrg/all/function/internal_message.html?_=1663125352410&CODE_STATE=getMsg HTTP/1.1" 200 27
114.88.158.224 - - [14/Sep/2022:11:15:57 +0800] "GET /xingrg/all/function/internal_message.html?_=1663125015987&CODE_STATE=getMsg HTTP/1.1" 200 27
114.88.158.224 - - [14/Sep/2022:11:15:57 +0800] "GET /xingrg/check_reg.html?_=1663125015989 HTTP/1.1" 200 22
120.253.135.82 - - [14/Sep/2022:11:15:58 +0800] "GET /xingrg/all/function/internal_message.html?_=1663125156811&CODE_STATE=getMsg HTTP/1.1" 200 27
114.83.219.57 - - [14/Sep/2022:11:16:01 +0800] "GET /xingrg/all/function/internal_message.html?_=1663125443396&CODE_STATE=getMsg HTTP/1.1" 200 27
180.169.147.146 - - [14/Sep/2022:11:16:02 +0800] "POST /xingrg/kc/buy/cgsh_order_operate.html HTTP/1.1" 200 37
180.169.147.146 - - [14/Sep/2022:11:16:03 +0800] "POST /xingrg/kc/buy/cgsh_order_operate.html HTTP/1.1" 200 3825
116.232.194.65 - - [14/Sep/2022:11:16:04 +0800] "GET /xingrg/kc/buy/cgsh_order_operate.html?command=get_materiel&rest_code=00155&code=00101008353&supplier_code=00100005&order_time=2022-09-14 HTTP/1.1" 200 408
180.169.147.146 - - [14/Sep/2022:11:16:04 +0800] "GET /xingrg/kc/print/load_config.html?kc_code=cgsh HTTP/1.1" 200 1943
180.169.147.146 - - [14/Sep/2022:11:16:04 +0800] "GET /xingrg/kc/print/load_data.html?order_code=212022091405041&kc_code=cgsh&condition= HTTP/1.1" 200 1164
180.169.147.146 - - [14/Sep/2022:11:16:07 +0800] "GET /xingrg/kc/buy/cgsh_order_add.html HTTP/1.1" 200 68680
180.169.147.146 - - [14/Sep/2022:11:16:07 +0800] "POST /xingrg/kc/buy/cgsh_order_operate.html HTTP/1.1" 200 8245
180.169.147.146 - - [14/Sep/2022:11:16:07 +0800] "GET /xingrg/all/common/auto_word.html?type=employee&rest_code=00147 HTTP/1.1" 200 101
180.169.147.146 - - [14/Sep/2022:11:16:07 +0800] "GET /xingrg/all/common/auto_word.html?type=employee&rest_code=00147 HTTP/1.1" 200 101
180.169.147.146 - - [14/Sep/2022:11:16:07 +0800] "GET /xingrg/javascript/easyui/themes/default/validatebox.css HTTP/1.1" 404 1104
116.225.121.189 - - [14/Sep/2022:11:16:07 +0800] "GET /xingrg/all/function/internal_message.html?_=1663125227566&CODE_STATE=getMsg HTTP/1.1" 200 27
116.232.194.65 - - [14/Sep/2022:11:16:08 +0800] "GET /xingrg/check_reg.html?_=1663125308903 HTTP/1.1" 200 22
116.232.194.65 - - [14/Sep/2022:11:16:08 +0800] "GET /xingrg/all/function/internal_message.html?_=1663125308910&CODE_STATE=getMsg HTTP/1.1" 200 27
180.169.147.146 - - [14/Sep/2022:11:16:12 +0800] "GET /xingrg/all/function/internal_message.html?_=1663125366901&CODE_STATE=getMsg HTTP/1.1" 200 27
120.253.135.82 - - [14/Sep/2022:11:16:15 +0800] "GET /xingrg/all/function/internal_message.html?_=1663125489434&CODE_STATE=getMsg HTTP/1.1" 200 27
61.170.234.164 - - [14/Sep/2022:11:16:16 +0800] "GET /xingrg/kc/base/base_main.html HTTP/1.1" 200 12142
61.170.234.164 - - [14/Sep/2022:11:16:17 +0800] "GET /xingrg/kc/base/wldb_order_list.html HTTP/1.1" 200 19180
61.170.234.164 - - [14/Sep/2022:11:16:18 +0800] "GET /xingrg/all/function/internal_message.html?_=1663125375582&CODE_STATE=getMsg HTTP/1.1" 200 27
61.170.234.164 - - [14/Sep/2022:11:16:18 +0800] "POST /xingrg/kc/base/wldb_list_operate.html HTTP/1.1" 200 928
222.70.246.221 - - [14/Sep/2022:11:16:19 +0800] "GET /xingrg/all/function/internal_message.html?_=1663125387170&CODE_STATE=getMsg HTTP/1.1" 200 27
61.170.234.164 - - [14/Sep/2022:11:16:19 +0800] "GET /xingrg/kc/base/wldb_order_add.html HTTP/1.1" 200 30398
61.170.234.164 - - [14/Sep/2022:11:16:19 +0800] "GET /xingrg/javascript/easyui/themes/default/validatebox.css HTTP/1.1" 404 1104
61.170.234.164 - - [14/Sep/2022:11:16:19 +0800] "POST /xingrg/kc/base/wldb_order_operate.html HTTP/1.1" 200 6806
61.170.234.164 - - [14/Sep/2022:11:16:20 +0800] "POST /xingrg/all/common/load_combo.html?type=base HTTP/1.1" 200 3227
180.169.147.146 - - [14/Sep/2022:11:16:22 +0800] "GET /xingrg/kc/buy/cgsh_order_operate.html?command=get_materiel&rest_code=00147&code=00101008176&supplier_code=00100006&order_time=2022-09-14 HTTP/1.1" 200 412
124.79.74.72 - - [14/Sep/2022:11:16:23 +0800] "GET /xingrg/all/function/internal_message.html?_=1663125379163&CODE_STATE=getMsg HTTP/1.1" 200 27
116.224.255.128 - - [14/Sep/2022:11:16:23 +0800] "GET /xingrg/all/function/internal_message.html?_=1663125320450&CODE_STATE=getMsg HTTP/1.1" 200 27
61.170.234.164 - - [14/Sep/2022:11:16:23 +0800] "POST /xingrg/all/common/load_combo.html?type=base HTTP/1.1" 200 3227
120.253.135.82 - - [14/Sep/2022:11:16:25 +0800] "GET /xingrg/all/function/internal_message.html?_=1663125498981&CODE_STATE=getMsg HTTP/1.1" 200 27
114.84.5.35 - - [14/Sep/2022:11:16:26 +0800] "POST /xingrg/dwr/call/plaincall/AjaxReportQueryService.refreshCache.dwr HTTP/1.1" 200 78
114.84.5.35 - - [14/Sep/2022:11:16:26 +0800] "GET /xingrg/all/function/internal_message.html?_=1663125383410&CODE_STATE=getMsg HTTP/1.1" 200 27
114.84.5.35 - - [14/Sep/2022:11:16:26 +0800] "POST /xingrg/all/report/load_report_page.html HTTP/1.1" 200 7454
114.84.5.35 - - [14/Sep/2022:11:16:26 +0800] "GET /xingrg/servlets/image?cache=0.7815761912335236&image=px HTTP/1.1" 200 807
61.170.234.164 - - [14/Sep/2022:11:16:28 +0800] "GET /xingrg/kc/base/wldb_order_operate.html?command=get_materiel&rest_code=00106&base_code=0010397&code=00102002453 HTTP/1.1" 200 433
114.83.219.57 - - [14/Sep/2022:11:16:28 +0800] "GET /xingrg/all/function/internal_message.html?_=1663125385308&CODE_STATE=getMsg HTTP/1.1" 200 27
180.169.147.146 - - [14/Sep/2022:11:16:29 +0800] "GET /xingrg/kc/buy/cgsh_order_operate.html?command=get_materiel&rest_code=00147&code=00101008257&supplier_code=00100006&order_time=2022-09-14 HTTP/1.1" 200 417
116.225.121.189 - - [14/Sep/2022:11:16:30 +0800] "GET /xingrg/all/function/internal_message.html?_=1663125390697&CODE_STATE=getMsg HTTP/1.1" 200 27
61.170.234.164 - - [14/Sep/2022:11:16:36 +0800] "GET /xingrg/kc/base/wldb_order_operate.html?command=get_materiel&rest_code=00106&base_code=0010396&code=00101019185 HTTP/1.1" 200 469
180.169.147.146 - - [14/Sep/2022:11:16:39 +0800] "GET /xingrg/kc/buy/cgsh_order_operate.html?command=get_materiel&rest_code=00147&code=00101008244&supplier_code=00100006&order_time=2022-09-14 HTTP/1.1" 200 408
61.170.234.164 - - [14/Sep/2022:11:16:41 +0800] "GET /xingrg/kc/base/wldb_order_operate.html?command=get_materiel&rest_code=00106&base_code=0010396&code=00101019492 HTTP/1.1" 200 459
116.238.169.132 - - [14/Sep/2022:11:16:44 +0800] "GET /xingrg/all/function/internal_message.html?_=1663125420617&CODE_STATE=getMsg HTTP/1.1" 200 27
114.84.5.35 - - [14/Sep/2022:11:16:45 +0800] "POST /xingrg/dwr/call/plaincall/AjaxReportQueryService.refreshCache.dwr HTTP/1.1" 200 78
114.84.5.35 - - [14/Sep/2022:11:16:46 +0800] "POST /xingrg/all/report/load_report_page.html HTTP/1.1" 200 7452
114.84.5.35 - - [14/Sep/2022:11:16:46 +0800] "GET /xingrg/servlets/image?cache=0.9983029811940686&image=px HTTP/1.1" 200 807
116.232.194.65 - - [14/Sep/2022:11:16:48 +0800] "GET /xingrg/kc/buy/cgsh_order_operate.html?command=get_materiel&rest_code=00155&code=00101008213&supplier_code=00100005&order_time=2022-09-14 HTTP/1.1" 200 412
61.170.234.164 - - [14/Sep/2022:11:16:52 +0800] "POST /xingrg/kc/base/wldb_order_operate.html HTTP/1.1" 200 37
116.225.121.189 - - [14/Sep/2022:11:16:52 +0800] "POST /xingrg/kc/buy/cgsh_order_operate.html HTTP/1.1" 200 37
101.83.240.14 - - [14/Sep/2022:11:16:53 +0800] "GET /xingrg/all/function/internal_message.html?_=1663125408367&CODE_STATE=getMsg HTTP/1.1" 200 27
61.170.234.164 - - [14/Sep/2022:11:16:53 +0800] "POST /xingrg/kc/base/wldb_order_operate.html HTTP/1.1" 200 2702
116.224.255.128 - - [14/Sep/2022:11:16:53 +0800] "GET /xingrg/all/function/internal_message.html?_=1663125411995&CODE_STATE=getMsg HTTP/1.1" 200 27
61.170.234.164 - - [14/Sep/2022:11:16:53 +0800] "GET /xingrg/kc/base/wldb_order_info.html?code=422022091401196 HTTP/1.1" 200 30413
61.170.234.164 - - [14/Sep/2022:11:16:53 +0800] "GET /xingrg/javascript/easyui/themes/default/validatebox.css HTTP/1.1" 404 1104
61.170.234.164 - - [14/Sep/2022:11:16:54 +0800] "POST /xingrg/kc/base/wldb_order_operate.html HTTP/1.1" 200 2702
180.169.147.146 - - [14/Sep/2022:11:16:55 +0800] "GET /xingrg/all/function/internal_message.html?_=1663125412397&CODE_STATE=getMsg HTTP/1.1" 200 27
116.225.121.189 - - [14/Sep/2022:11:16:55 +0800] "POST /xingrg/kc/buy/cgsh_order_operate.html HTTP/1.1" 200 2661
114.88.158.224 - - [14/Sep/2022:11:16:57 +0800] "GET /xingrg/all/function/internal_message.html?_=1663125075987&CODE_STATE=getMsg HTTP/1.1" 200 27
61.170.234.164 - - [14/Sep/2022:11:16:58 +0800] "POST /xingrg/kc/base/wldb_list_operate.html HTTP/1.1" 200 1779
120.253.135.82 - - [14/Sep/2022:11:16:58 +0800] "GET /xingrg/all/function/internal_message.html?_=1663125216896&CODE_STATE=getMsg HTTP/1.1" 200 27
116.225.121.189 - - [14/Sep/2022:11:16:58 +0800] "GET /xingrg/kc/print/load_data.html?order_code=212022091405042&kc_code=cgsh&condition= HTTP/1.1" 200 685
61.170.234.164 - - [14/Sep/2022:11:16:58 +0800] "POST /xingrg/kc/base/wldb_list_operate.html HTTP/1.1" 200 290
114.84.81.136 - - [14/Sep/2022:11:16:59 +0800] "POST /xingrg/services/DataTransmitService HTTP/1.1" 200 524
114.84.81.136 - - [14/Sep/2022:11:17:00 +0800] "POST /xingrg/services/DataTransmitService HTTP/1.1" 200 412
114.83.219.57 - - [14/Sep/2022:11:17:01 +0800] "GET /xingrg/all/function/internal_message.html?_=1663125503404&CODE_STATE=getMsg HTTP/1.1" 200 27
116.225.121.189 - - [14/Sep/2022:11:17:02 +0800] "GET /xingrg/kc/buy/cgsh_order_add.html HTTP/1.1" 200 68759
116.225.121.189 - - [14/Sep/2022:11:17:02 +0800] "POST /xingrg/kc/buy/cgsh_order_operate.html HTTP/1.1" 200 8245
116.225.121.189 - - [14/Sep/2022:11:17:02 +0800] "GET /xingrg/javascript/easyui/themes/default/validatebox.css HTTP/1.1" 404 1104
116.232.194.65 - - [14/Sep/2022:11:17:06 +0800] "GET /xingrg/kc/buy/cgsh_order_operate.html?command=get_materiel&rest_code=00155&code=00101008110&supplier_code=00100005&order_time=2022-09-14 HTTP/1.1" 200 408
116.238.169.132 - - [14/Sep/2022:11:17:06 +0800] "GET /xingrg/check_reg.html?_=1663125442890 HTTP/1.1" 200 22
116.225.121.189 - - [14/Sep/2022:11:17:07 +0800] "GET /xingrg/all/function/internal_message.html?_=1663125287567&CODE_STATE=getMsg HTTP/1.1" 200 27
116.232.194.65 - - [14/Sep/2022:11:17:08 +0800] "GET /xingrg/all/function/internal_message.html?_=1663125368890&CODE_STATE=getMsg HTTP/1.1" 200 27
114.84.5.35 - - [14/Sep/2022:11:17:12 +0800] "GET /xingrg/all/report/report_query.html?isQuery=1&fileName=kc/base/crk_detail_by_small.xml&rh=99999&queryString=&queryText=%25E3%2580%2590%25E4%25BB%2593%25E5%25BA%2593%25E5%2590%258D%25E7%25A7%25B0%253A%25E5%2591%2598%25E5%25B7%25A5%25E9%25A4%2590%25E3%2580%2591%25E3%2580%2590%25E4%25B8%259A%25E5%258A%25A1%25E7%25B1%25BB%25E5%259E%258B%25EF%25BC%259A%25E9%2587%2587%25E8%25B4%25AD%25E5%2585%25A5%25E5%25BA%2593%25E3%2580%2591%2520%25E3%2580%2590%25E6%259F%25A5%25E8%25AF%25A2%25E6%2597%25A5%25E6%259C%259F%253A2022-09-01%2520%25E8%2587%25B3%25202022-09-14%25E3%2580%2591%2520%25E5%25B9%25B6%25E4%25B8%2594%2520%2520%25E3%2580%2590%25E4%25BB%2593%25E5%25BA%2593%25E5%2590%258D%25E7%25A7%25B0%2520%253D%2520%25E5%2591%2598%25E5%25B7%25A5%25E9%25A4%2590%25E3%2580%2591&tableQueryString=crk_table%2524sp1%2524(a.order_day%2520between%252020220901%2520and%252020220914)%2520and%2520(base_code%253D'0010299')%2520and%2520(src_order_type%2520in%2520(21%252C23))%2520and%2520(is_rk%2520in%2520(0%252C1)) HTTP/1.1" 200 53851
114.84.5.35 - - [14/Sep/2022:11:17:12 +0800] "GET /xingrg/dwr/interface/AjaxReportQueryService.js HTTP/1.1" 200 13203
114.84.5.35 - - [14/Sep/2022:11:17:12 +0800] "GET /xingrg/dwr/engine.js HTTP/1.1" 200 43631
114.84.5.35 - - [14/Sep/2022:11:17:12 +0800] "POST /xingrg/all/report/load_report_page.html HTTP/1.1" 200 31364
180.169.147.146 - - [14/Sep/2022:11:17:12 +0800] "GET /xingrg/all/function/internal_message.html?_=1663125426902&CODE_STATE=getMsg HTTP/1.1" 200 27
114.84.5.35 - - [14/Sep/2022:11:17:12 +0800] "GET /xingrg/servlets/image?cache=0.2145894760586683&image=px HTTP/1.1" 200 807
180.169.147.146 - - [14/Sep/2022:11:17:13 +0800] "GET /xingrg/kc/buy/cgsh_order_operate.html?command=get_materiel&rest_code=00147&code=00101008149&supplier_code=00100006&order_time=2022-09-14 HTTP/1.1" 200 408
120.253.135.82 - - [14/Sep/2022:11:17:15 +0800] "GET /xingrg/all/function/internal_message.html?_=1663125549450&CODE_STATE=getMsg HTTP/1.1" 200 27
61.170.234.164 - - [14/Sep/2022:11:17:18 +0800] "GET /xingrg/all/function/internal_message.html?_=1663125435581&CODE_STATE=getMsg HTTP/1.1" 200 27
222.70.246.221 - - [14/Sep/2022:11:17:19 +0800] "GET /xingrg/all/function/internal_message.html?_=1663125447186&CODE_STATE=getMsg HTTP/1.1" 200 27
116.225.121.189 - - [14/Sep/2022:11:17:19 +0800] "GET /xingrg/kc/buy/cgsh_order_operate.html?command=get_materiel&rest_code=00105&code=00101006001&supplier_code=00100504&order_time=2022-09-14 HTTP/1.1" 200 428
180.169.147.146 - - [14/Sep/2022:11:17:22 +0800] "GET /xingrg/kc/buy/cgsh_order_operate.html?command=get_materiel&rest_code=00147&code=00101008038&supplier_code=00100006&order_time=2022-09-14 HTTP/1.1" 200 412
124.79.74.72 - - [14/Sep/2022:11:17:23 +0800] "GET /xingrg/all/function/internal_message.html?_=1663125439169&CODE_STATE=getMsg HTTP/1.1" 200 27
124.79.74.72 - - [14/Sep/2022:11:17:23 +0800] "GET /xingrg/check_reg.html?_=1663125439171 HTTP/1.1" 200 22
116.224.255.128 - - [14/Sep/2022:11:17:23 +0800] "GET /xingrg/all/function/internal_message.html?_=1663125380468&CODE_STATE=getMsg HTTP/1.1" 200 27
120.253.135.82 - - [14/Sep/2022:11:17:25 +0800] "GET /xingrg/all/function/internal_message.html?_=1663125558996&CODE_STATE=getMsg HTTP/1.1" 200 27
114.84.5.35 - - [14/Sep/2022:11:17:26 +0800] "GET /xingrg/all/function/internal_message.html?_=1663125443386&CODE_STATE=getMsg HTTP/1.1" 200 27
116.232.194.65 - - [14/Sep/2022:11:17:26 +0800] "GET /xingrg/kc/buy/cgsh_order_operate.html?command=get_materiel&rest_code=00155&code=00101008349&supplier_code=00100005&order_time=2022-09-14 HTTP/1.1" 200 412
114.83.219.57 - - [14/Sep/2022:11:17:28 +0800] "GET /xingrg/all/function/internal_message.html?_=1663125445307&CODE_STATE=getMsg HTTP/1.1" 200 27
116.225.121.189 - - [14/Sep/2022:11:17:30 +0800] "GET /xingrg/all/function/internal_message.html?_=1663125450672&CODE_STATE=getMsg HTTP/1.1" 200 27
116.238.169.132 - - [14/Sep/2022:11:17:30 +0800] "GET /xingrg/check_reg.html?_=1663125450020 HTTP/1.1" 200 22
116.225.121.189 - - [14/Sep/2022:11:17:33 +0800] "GET /xingrg/check_reg.html?_=1663125453874 HTTP/1.1" 200 22
180.169.147.146 - - [14/Sep/2022:11:17:33 +0800] "GET /xingrg/kc/buy/cgsh_order_operate.html?command=get_materiel&rest_code=00147&code=00101008088&supplier_code=00100006&order_time=2022-09-14 HTTP/1.1" 200 408
116.225.121.189 - - [14/Sep/2022:11:17:42 +0800] "POST /xingrg/kc/buy/cgsh_order_operate.html HTTP/1.1" 200 37
180.169.147.146 - - [14/Sep/2022:11:17:42 +0800] "GET /xingrg/kc/buy/cgsh_order_operate.html?command=get_materiel&rest_code=00147&code=00101008190&supplier_code=00100006&order_time=2022-09-14 HTTP/1.1" 200 412
116.225.121.189 - - [14/Sep/2022:11:17:44 +0800] "POST /xingrg/kc/buy/cgsh_order_operate.html HTTP/1.1" 200 2674
116.238.169.132 - - [14/Sep/2022:11:17:44 +0800] "GET /xingrg/all/function/internal_message.html?_=1663125480610&CODE_STATE=getMsg HTTP/1.1" 200 27
116.225.121.189 - - [14/Sep/2022:11:17:45 +0800] "GET /xingrg/kc/print/load_data.html?order_code=212022091405043&kc_code=cgsh&condition= HTTP/1.1" 200 692
116.225.121.189 - - [14/Sep/2022:11:17:48 +0800] "GET /xingrg/kc/buy/cgsh_order_add.html HTTP/1.1" 200 68759
116.225.121.189 - - [14/Sep/2022:11:17:48 +0800] "POST /xingrg/kc/buy/cgsh_order_operate.html HTTP/1.1" 200 8245
116.225.121.189 - - [14/Sep/2022:11:17:48 +0800] "GET /xingrg/javascript/easyui/themes/default/validatebox.css HTTP/1.1" 404 1104
180.169.147.146 - - [14/Sep/2022:11:17:49 +0800] "GET /xingrg/check_reg.html?_=1663125466432 HTTP/1.1" 200 22
101.83.240.14 - - [14/Sep/2022:11:17:53 +0800] "GET /xingrg/all/function/internal_message.html?_=1663125468381&CODE_STATE=getMsg HTTP/1.1" 200 27
116.224.255.128 - - [14/Sep/2022:11:17:53 +0800] "GET /xingrg/all/function/internal_message.html?_=1663125472001&CODE_STATE=getMsg HTTP/1.1" 200 27
180.169.147.146 - - [14/Sep/2022:11:17:55 +0800] "GET /xingrg/all/function/internal_message.html?_=1663125472383&CODE_STATE=getMsg HTTP/1.1" 200 27
114.88.158.224 - - [14/Sep/2022:11:17:57 +0800] "GET /xingrg/all/function/internal_message.html?_=1663125135987&CODE_STATE=getMsg HTTP/1.1" 200 27
120.253.135.82 - - [14/Sep/2022:11:17:58 +0800] "GET /xingrg/all/function/internal_message.html?_=1663125276900&CODE_STATE=getMsg HTTP/1.1" 200 27
116.225.121.189 - - [14/Sep/2022:11:17:59 +0800] "GET /xingrg/kc/buy/cgsh_order_operate.html?command=get_materiel&rest_code=00105&code=00101008583&supplier_code=00100327&order_time=2022-09-14 HTTP/1.1" 200 417
114.83.219.57 - - [14/Sep/2022:11:18:01 +0800] "GET /xingrg/all/function/internal_message.html?_=1663125563397&CODE_STATE=getMsg HTTP/1.1" 200 27
116.225.121.189 - - [14/Sep/2022:11:18:07 +0800] "GET /xingrg/all/function/internal_message.html?_=1663125347567&CODE_STATE=getMsg HTTP/1.1" 200 27
116.232.194.65 - - [14/Sep/2022:11:18:08 +0800] "GET /xingrg/all/function/internal_message.html?_=1663125428897&CODE_STATE=getMsg HTTP/1.1" 200 27
180.169.147.146 - - [14/Sep/2022:11:18:12 +0800] "GET /xingrg/all/function/internal_message.html?_=1663125486902&CODE_STATE=getMsg HTTP/1.1" 200 27
120.253.135.82 - - [14/Sep/2022:11:18:15 +0800] "GET /xingrg/all/function/internal_message.html?_=1663125609498&CODE_STATE=getMsg HTTP/1.1" 200 27
116.225.121.189 - - [14/Sep/2022:11:18:17 +0800] "GET /xingrg/kc/buy/cgsh_order_operate.html?command=get_materiel&rest_code=00105&code=00101008555&supplier_code=00100327&order_time=2022-09-14 HTTP/1.1" 200 427
61.170.234.164 - - [14/Sep/2022:11:18:18 +0800] "GET /xingrg/all/function/internal_message.html?_=1663125495536&CODE_STATE=getMsg HTTP/1.1" 200 27
180.163.29.206 - - [14/Sep/2022:11:18:18 +0800] "GET /xingrg/check_reg.html?_=1663121959171 HTTP/1.1" 302 -
180.163.29.206 - - [14/Sep/2022:11:18:18 +0800] "GET /xingrg/login.html HTTP/1.1" 200 7641
222.70.246.221 - - [14/Sep/2022:11:18:19 +0800] "GET /xingrg/all/function/internal_message.html?_=1663125507199&CODE_STATE=getMsg HTTP/1.1" 200 27
180.169.147.146 - - [14/Sep/2022:11:18:19 +0800] "GET /xingrg/kc/buy/cgsh_order_operate.html?command=get_materiel&rest_code=00147&code=00101008355&supplier_code=00100006&order_time=2022-09-14 HTTP/1.1" 200 408
