180.162.112.166 - - [13/Sep/2022:10:58:13 +0800] "POST /xingrg/kc/buy/cgsh_list_operate.html HTTP/1.1" 200 2191
114.84.5.35 - - [13/Sep/2022:10:58:14 +0800] "GET /xingrg/all/function/internal_message.html?_=1663037892488&CODE_STATE=getMsg HTTP/1.1" 200 27
114.84.5.35 - - [13/Sep/2022:10:58:14 +0800] "GET /xingrg/check_reg.html?_=1663037892492 HTTP/1.1" 200 22
180.169.147.146 - - [13/Sep/2022:10:58:18 +0800] "GET /xingrg/all/function/internal_message.html?_=1663037897692&CODE_STATE=getMsg HTTP/1.1" 200 27
116.224.255.128 - - [13/Sep/2022:10:58:21 +0800] "GET /xingrg/kc/buy/cgsh_order_operate.html?command=get_materiel&rest_code=00151&code=00101011001&supplier_code=00100047&order_time=2022-09-13 HTTP/1.1" 200 423
180.162.112.166 - - [13/Sep/2022:10:58:26 +0800] "POST /xingrg/kc/buy/cgsh_list_operate.html HTTP/1.1" 200 565
114.88.158.224 - - [13/Sep/2022:10:58:26 +0800] "GET /xingrg/check_reg.html?_=1663037564296 HTTP/1.1" 200 22
180.162.112.166 - - [13/Sep/2022:10:58:26 +0800] "GET /xingrg/javascript/convert.js HTTP/1.1" 304 -
180.162.112.166 - - [13/Sep/2022:10:58:26 +0800] "GET /xingrg/javascript/jquery_tools/order_manager.js HTTP/1.1" 304 -
180.162.112.166 - - [13/Sep/2022:10:58:26 +0800] "GET /xingrg/javascript/json2.js HTTP/1.1" 304 -
180.162.112.166 - - [13/Sep/2022:10:58:26 +0800] "GET /xingrg/javascript/print/kc_print.js HTTP/1.1" 304 -
180.162.112.166 - - [13/Sep/2022:10:58:26 +0800] "GET /xingrg/kc/buy/cgsh_order_info.html?code=212022091104031 HTTP/1.1" 200 67765
180.162.112.166 - - [13/Sep/2022:10:58:26 +0800] "GET /xingrg/words/20220912134540_words.js HTTP/1.1" 200 920774
180.162.112.166 - - [13/Sep/2022:10:58:26 +0800] "GET /xingrg/javascript/easyui/themes/icons/print.png HTTP/1.1" 304 -
180.162.112.166 - - [13/Sep/2022:10:58:26 +0800] "GET /xingrg/javascript/easyui/themes/icons/ok.png HTTP/1.1" 304 -
180.162.112.166 - - [13/Sep/2022:10:58:26 +0800] "GET /xingrg/javascript/easyui/themes/icons/template_new.png HTTP/1.1" 304 -
180.162.112.166 - - [13/Sep/2022:10:58:26 +0800] "GET /xingrg/javascript/easyui/themes/icons/copy_new.png HTTP/1.1" 304 -
180.162.112.166 - - [13/Sep/2022:10:58:26 +0800] "GET /xingrg/javascript/easyui/themes/default/images/menu_downarrow.png HTTP/1.1" 304 -
180.162.112.166 - - [13/Sep/2022:10:58:26 +0800] "GET /xingrg/javascript/easyui/themes/icons/cancel.png HTTP/1.1" 304 -
116.224.255.128 - - [13/Sep/2022:10:58:27 +0800] "POST /xingrg/kc/buy/cgsh_order_operate.html HTTP/1.1" 200 37
180.162.112.166 - - [13/Sep/2022:10:58:27 +0800] "GET /xingrg/all/common/auto_word.html?type=employee&rest_code=00143 HTTP/1.1" 200 55
180.162.112.166 - - [13/Sep/2022:10:58:27 +0800] "GET /xingrg/javascript/easyui/themes/default/validatebox.css HTTP/1.1" 404 1104
180.162.112.166 - - [13/Sep/2022:10:58:27 +0800] "GET /xingrg/all/common/auto_word.html?type=employee&rest_code=00143 HTTP/1.1" 200 55
180.162.112.166 - - [13/Sep/2022:10:58:27 +0800] "GET /xingrg/javascript/easyui/plugins/jquery.validatebox.js HTTP/1.1" 304 -
180.162.112.166 - - [13/Sep/2022:10:58:27 +0800] "GET /xingrg/javascript/easyui/plugins/jquery.numberbox.js HTTP/1.1" 304 -
180.162.112.166 - - [13/Sep/2022:10:58:28 +0800] "POST /xingrg/kc/buy/cgsh_order_operate.html HTTP/1.1" 200 8014
180.162.112.166 - - [13/Sep/2022:10:58:28 +0800] "GET /xingrg/javascript/easyui/themes/icons/edit_remove.png HTTP/1.1" 304 -
222.70.246.221 - - [13/Sep/2022:10:58:29 +0800] "GET /xingrg/all/function/internal_message.html?_=1663037914385&CODE_STATE=getMsg HTTP/1.1" 200 27
116.224.255.128 - - [13/Sep/2022:10:58:31 +0800] "POST /xingrg/kc/buy/cgsh_order_operate.html HTTP/1.1" 200 12
116.224.255.128 - - [13/Sep/2022:10:58:31 +0800] "GET /xingrg/kc/buy/cgsh_order_info.html?code=212022091304753 HTTP/1.1" 200 63178
180.162.112.166 - - [13/Sep/2022:10:58:31 +0800] "GET /xingrg/javascript/auto/indicator.gif HTTP/1.1" 404 1066
116.224.255.128 - - [13/Sep/2022:10:58:32 +0800] "GET /xingrg/javascript/easyui/themes/default/validatebox.css HTTP/1.1" 404 1104
116.224.255.128 - - [13/Sep/2022:10:58:32 +0800] "POST /xingrg/kc/buy/cgsh_order_operate.html HTTP/1.1" 200 1222
116.225.121.189 - - [13/Sep/2022:10:58:34 +0800] "GET /xingrg/all/function/internal_message.html?_=1663037914402&CODE_STATE=getMsg HTTP/1.1" 200 27
116.232.194.65 - - [13/Sep/2022:10:58:37 +0800] "GET /favicon.ico HTTP/1.1" 404 -
180.162.112.166 - - [13/Sep/2022:10:58:37 +0800] "GET /xingrg/kc/buy/cgsh_order_operate.html?command=get_materiel&rest_code=00143&code=00101003002&supplier_code=00100207&order_time=2022-09-12 HTTP/1.1" 200 411
116.224.255.128 - - [13/Sep/2022:10:58:39 +0800] "GET /xingrg/kc/print/load_data.html?order_code=212022091304753&kc_code=cgsh&condition= HTTP/1.1" 200 1005
180.169.147.146 - - [13/Sep/2022:10:58:41 +0800] "POST /xingrg/dwr/call/plaincall/AjaxYddbService.checkOrder.dwr HTTP/1.1" 200 79
180.169.147.146 - - [13/Sep/2022:10:58:42 +0800] "GET /xingrg/kc/base/yddb_order_info.html?code=482022091300153 HTTP/1.1" 200 29667
180.169.147.146 - - [13/Sep/2022:10:58:42 +0800] "GET /xingrg/dwr/interface/AjaxYddbService.js HTTP/1.1" 200 13201
180.169.147.146 - - [13/Sep/2022:10:58:42 +0800] "GET /xingrg/dwr/interface/AjaxComOrderService.js HTTP/1.1" 200 18264
180.169.147.146 - - [13/Sep/2022:10:58:42 +0800] "GET /xingrg/dwr/engine.js HTTP/1.1" 200 43631
180.169.147.146 - - [13/Sep/2022:10:58:42 +0800] "POST /xingrg/dwr/call/plaincall/AjaxYddbService.loadMaterielItems.dwr HTTP/1.1" 200 2009
180.169.147.146 - - [13/Sep/2022:10:58:44 +0800] "GET /xingrg/kc/base/yddb_order_add.html HTTP/1.1" 200 29835
180.169.147.146 - - [13/Sep/2022:10:58:44 +0800] "GET /xingrg/dwr/interface/AjaxComOrderService.js HTTP/1.1" 200 18264
180.169.147.146 - - [13/Sep/2022:10:58:44 +0800] "GET /xingrg/dwr/interface/AjaxYddbService.js HTTP/1.1" 200 13201
180.169.147.146 - - [13/Sep/2022:10:58:44 +0800] "GET /xingrg/dwr/engine.js HTTP/1.1" 200 43631
116.224.255.128 - - [13/Sep/2022:10:58:46 +0800] "GET /xingrg/kc/base/yddb_order_list.html HTTP/1.1" 200 16790
116.224.255.128 - - [13/Sep/2022:10:58:46 +0800] "POST /xingrg/kc/base/yddb_list_operate.html HTTP/1.1" 200 636
116.238.169.132 - - [13/Sep/2022:10:58:46 +0800] "GET /xingrg/all/function/internal_message.html?_=1663037927998&CODE_STATE=getMsg HTTP/1.1" 200 27
120.253.135.82 - - [13/Sep/2022:10:58:47 +0800] "GET /xingrg/all/function/internal_message.html?_=1663038043104&CODE_STATE=getMsg HTTP/1.1" 200 27
180.169.147.146 - - [13/Sep/2022:10:58:47 +0800] "POST /xingrg/dwr/call/plaincall/AjaxYddbService.getRestBases.dwr HTTP/1.1" 200 1094
116.224.255.128 - - [13/Sep/2022:10:58:49 +0800] "POST /xingrg/kc/base/yddb_list_operate.html HTTP/1.1" 200 2123
58.221.95.50 - - [13/Sep/2022:10:58:49 +0800] "GET /xingrg/all/function/internal_message.html?_=1663037928709&CODE_STATE=getMsg HTTP/1.1" 302 -
180.169.147.146 - - [13/Sep/2022:10:58:50 +0800] "GET /xingrg/all/function/internal_message.html?_=1663037925783&CODE_STATE=getMsg HTTP/1.1" 200 27
116.224.255.128 - - [13/Sep/2022:10:58:50 +0800] "POST /xingrg/kc/base/yddb_list_operate.html HTTP/1.1" 200 465
116.224.255.128 - - [13/Sep/2022:10:58:50 +0800] "GET /xingrg/kc/base/yddb_order_info.html?code=482022091300155 HTTP/1.1" 200 31150
116.224.255.128 - - [13/Sep/2022:10:58:50 +0800] "GET /xingrg/dwr/interface/AjaxComOrderService.js HTTP/1.1" 200 18264
116.224.255.128 - - [13/Sep/2022:10:58:50 +0800] "GET /xingrg/dwr/interface/AjaxYddbService.js HTTP/1.1" 200 13201
116.224.255.128 - - [13/Sep/2022:10:58:50 +0800] "GET /xingrg/dwr/engine.js HTTP/1.1" 200 43631
116.224.255.128 - - [13/Sep/2022:10:58:51 +0800] "POST /xingrg/dwr/call/plaincall/AjaxYddbService.loadMaterielItems.dwr HTTP/1.1" 200 1556
116.224.255.128 - - [13/Sep/2022:10:58:51 +0800] "GET /xingrg/all/function/internal_message.html?_=1663037870014&CODE_STATE=getMsg HTTP/1.1" 200 27
58.40.7.146 - - [13/Sep/2022:10:58:51 +0800] "GET /xingrg/all/function/internal_message.html?_=1663037931053&CODE_STATE=getMsg HTTP/1.1" 200 27
124.79.74.72 - - [13/Sep/2022:10:58:57 +0800] "GET /xingrg/all/function/internal_message.html?_=1663037934260&CODE_STATE=getMsg HTTP/1.1" 200 27
116.224.255.128 - - [13/Sep/2022:10:58:58 +0800] "POST /xingrg/dwr/call/plaincall/AjaxYddbService.saveOrder.dwr HTTP/1.1" 200 78
114.84.81.136 - - [13/Sep/2022:10:58:59 +0800] "GET /xingrg/all/function/internal_message.html?_=1663037940645&CODE_STATE=getMsg HTTP/1.1" 200 27
116.238.169.132 - - [13/Sep/2022:10:59:00 +0800] "GET /xingrg/all/function/internal_message.html?_=1663037951278&CODE_STATE=getMsg HTTP/1.1" 200 27
114.88.158.224 - - [13/Sep/2022:10:59:00 +0800] "GET /xingrg/all/function/internal_message.html?_=1663037598180&CODE_STATE=getMsg HTTP/1.1" 200 27
116.224.255.128 - - [13/Sep/2022:10:59:02 +0800] "POST /xingrg/dwr/call/plaincall/AjaxYddbService.objCheckOrder.dwr HTTP/1.1" 200 78
116.224.255.128 - - [13/Sep/2022:10:59:03 +0800] "GET /xingrg/kc/base/yddb_order_info.html?code=482022091300155 HTTP/1.1" 200 31271
116.224.255.128 - - [13/Sep/2022:10:59:03 +0800] "GET /xingrg/dwr/interface/AjaxComOrderService.js HTTP/1.1" 200 18264
116.224.255.128 - - [13/Sep/2022:10:59:03 +0800] "GET /xingrg/dwr/interface/AjaxYddbService.js HTTP/1.1" 200 13201
116.224.255.128 - - [13/Sep/2022:10:59:03 +0800] "GET /xingrg/dwr/engine.js HTTP/1.1" 200 43631
116.224.255.128 - - [13/Sep/2022:10:59:03 +0800] "POST /xingrg/dwr/call/plaincall/AjaxYddbService.loadMaterielItems.dwr HTTP/1.1" 200 1556
116.224.255.128 - - [13/Sep/2022:10:59:04 +0800] "GET /xingrg/kc/base/yddb_order_list.html?isBack=1 HTTP/1.1" 200 16790
116.224.255.128 - - [13/Sep/2022:10:59:05 +0800] "POST /xingrg/kc/base/yddb_list_operate.html HTTP/1.1" 200 636
180.162.112.166 - - [13/Sep/2022:10:59:06 +0800] "GET /xingrg/all/function/internal_message.html?_=1663037076214&CODE_STATE=getMsg HTTP/1.1" 200 27
61.170.235.210 - - [13/Sep/2022:10:59:08 +0800] "GET /xingrg/all/function/internal_message.html?_=1663037947146&CODE_STATE=getMsg HTTP/1.1" 200 27
116.224.255.128 - - [13/Sep/2022:10:59:09 +0800] "POST /xingrg/kc/base/yddb_list_operate.html HTTP/1.1" 200 1865
116.224.255.128 - - [13/Sep/2022:10:59:10 +0800] "POST /xingrg/kc/base/yddb_list_operate.html HTTP/1.1" 200 372
116.224.255.128 - - [13/Sep/2022:10:59:10 +0800] "GET /xingrg/kc/base/yddb_order_info.html?code=482022091300154 HTTP/1.1" 200 31150
116.224.255.128 - - [13/Sep/2022:10:59:10 +0800] "GET /xingrg/dwr/interface/AjaxComOrderService.js HTTP/1.1" 200 18264
116.224.255.128 - - [13/Sep/2022:10:59:10 +0800] "GET /xingrg/dwr/interface/AjaxYddbService.js HTTP/1.1" 200 13201
116.224.255.128 - - [13/Sep/2022:10:59:10 +0800] "GET /xingrg/dwr/engine.js HTTP/1.1" 200 43631
116.224.255.128 - - [13/Sep/2022:10:59:10 +0800] "POST /xingrg/dwr/call/plaincall/AjaxYddbService.loadMaterielItems.dwr HTTP/1.1" 200 1133
180.169.147.146 - - [13/Sep/2022:10:59:13 +0800] "POST /xingrg/dwr/call/plaincall/AjaxYddbService.saveOrder.dwr HTTP/1.1" 200 78
116.224.255.128 - - [13/Sep/2022:10:59:13 +0800] "POST /xingrg/services/DataTransmitService HTTP/1.1" 200 524
116.224.255.128 - - [13/Sep/2022:10:59:13 +0800] "POST /xingrg/dwr/call/plaincall/AjaxYddbService.saveOrder.dwr HTTP/1.1" 200 78
114.84.5.35 - - [13/Sep/2022:10:59:14 +0800] "GET /xingrg/all/function/internal_message.html?_=1663037952492&CODE_STATE=getMsg HTTP/1.1" 200 27
116.224.255.128 - - [13/Sep/2022:10:59:17 +0800] "POST /xingrg/dwr/call/plaincall/AjaxYddbService.objCheckOrder.dwr HTTP/1.1" 200 78
116.224.255.128 - - [13/Sep/2022:10:59:18 +0800] "GET /xingrg/kc/base/yddb_order_info.html?code=482022091300154 HTTP/1.1" 200 31271
116.224.255.128 - - [13/Sep/2022:10:59:18 +0800] "GET /xingrg/dwr/interface/AjaxComOrderService.js HTTP/1.1" 200 18264
116.224.255.128 - - [13/Sep/2022:10:59:18 +0800] "GET /xingrg/dwr/interface/AjaxYddbService.js HTTP/1.1" 200 13201
116.224.255.128 - - [13/Sep/2022:10:59:18 +0800] "GET /xingrg/dwr/engine.js HTTP/1.1" 200 43631
116.224.255.128 - - [13/Sep/2022:10:59:18 +0800] "POST /xingrg/dwr/call/plaincall/AjaxYddbService.loadMaterielItems.dwr HTTP/1.1" 200 1133
180.169.147.146 - - [13/Sep/2022:10:59:18 +0800] "GET /xingrg/all/function/internal_message.html?_=1663037957683&CODE_STATE=getMsg HTTP/1.1" 200 27
116.224.255.128 - - [13/Sep/2022:10:59:19 +0800] "GET /xingrg/kc/base/yddb_order_list.html?isBack=1 HTTP/1.1" 200 16790
180.169.147.146 - - [13/Sep/2022:10:59:19 +0800] "POST /xingrg/dwr/call/plaincall/AjaxComOrderService.getMaterielSearchList.dwr HTTP/1.1" 200 30042
116.224.255.128 - - [13/Sep/2022:10:59:19 +0800] "POST /xingrg/kc/base/yddb_list_operate.html HTTP/1.1" 200 636
180.162.112.166 - - [13/Sep/2022:10:59:20 +0800] "GET /xingrg/kc/buy/cgsh_order_operate.html?command=get_materiel&rest_code=00143&code=00101002017&supplier_code=00100207&order_time=2022-09-12 HTTP/1.1" 200 411
180.169.147.146 - - [13/Sep/2022:10:59:20 +0800] "POST /xingrg/dwr/call/plaincall/AjaxComOrderService.getMaterielSearchList.dwr HTTP/1.1" 200 203
116.224.255.128 - - [13/Sep/2022:10:59:21 +0800] "POST /xingrg/kc/base/yddb_list_operate.html HTTP/1.1" 200 1605
180.169.147.146 - - [13/Sep/2022:10:59:22 +0800] "POST /xingrg/dwr/call/plaincall/AjaxComOrderService.getMaterielSearchList.dwr HTTP/1.1" 200 76
116.224.255.128 - - [13/Sep/2022:10:59:22 +0800] "POST /xingrg/kc/base/yddb_list_operate.html HTTP/1.1" 200 633
180.169.147.146 - - [13/Sep/2022:10:59:22 +0800] "POST /xingrg/dwr/call/plaincall/AjaxComOrderService.getMaterielSearchList.dwr HTTP/1.1" 200 30612
116.224.255.128 - - [13/Sep/2022:10:59:22 +0800] "GET /xingrg/kc/base/yddb_order_info.html?code=482022091300152 HTTP/1.1" 200 31150
116.224.255.128 - - [13/Sep/2022:10:59:22 +0800] "GET /xingrg/dwr/interface/AjaxComOrderService.js HTTP/1.1" 200 18264
116.224.255.128 - - [13/Sep/2022:10:59:22 +0800] "GET /xingrg/dwr/interface/AjaxYddbService.js HTTP/1.1" 200 13201
116.224.255.128 - - [13/Sep/2022:10:59:23 +0800] "GET /xingrg/dwr/engine.js HTTP/1.1" 200 43631
116.224.255.128 - - [13/Sep/2022:10:59:23 +0800] "POST /xingrg/dwr/call/plaincall/AjaxYddbService.loadMaterielItems.dwr HTTP/1.1" 200 3372
180.169.147.146 - - [13/Sep/2022:10:59:23 +0800] "POST /xingrg/dwr/call/plaincall/AjaxComOrderService.getMaterielSearchList.dwr HTTP/1.1" 200 424
180.169.147.146 - - [13/Sep/2022:10:59:24 +0800] "POST /xingrg/dwr/call/plaincall/AjaxYddbService.getMaterielByMap.dwr HTTP/1.1" 200 2832
116.224.255.128 - - [13/Sep/2022:10:59:25 +0800] "POST /xingrg/dwr/call/plaincall/AjaxYddbService.saveOrder.dwr HTTP/1.1" 200 78
116.224.255.128 - - [13/Sep/2022:10:59:28 +0800] "POST /xingrg/dwr/call/plaincall/AjaxYddbService.objCheckOrder.dwr HTTP/1.1" 200 78
124.79.74.72 - - [13/Sep/2022:10:59:28 +0800] "GET /xingrg/check_reg.html?_=1663037965418 HTTP/1.1" 200 22
116.224.255.128 - - [13/Sep/2022:10:59:29 +0800] "GET /xingrg/kc/base/yddb_order_info.html?code=482022091300152 HTTP/1.1" 200 31271
116.224.255.128 - - [13/Sep/2022:10:59:29 +0800] "GET /xingrg/dwr/interface/AjaxComOrderService.js HTTP/1.1" 200 18264
116.224.255.128 - - [13/Sep/2022:10:59:29 +0800] "GET /xingrg/dwr/interface/AjaxYddbService.js HTTP/1.1" 200 13201
116.224.255.128 - - [13/Sep/2022:10:59:29 +0800] "GET /xingrg/dwr/engine.js HTTP/1.1" 200 43631
116.224.255.128 - - [13/Sep/2022:10:59:29 +0800] "POST /xingrg/dwr/call/plaincall/AjaxYddbService.loadMaterielItems.dwr HTTP/1.1" 200 3372
222.70.246.221 - - [13/Sep/2022:10:59:29 +0800] "GET /xingrg/all/function/internal_message.html?_=1663037974622&CODE_STATE=getMsg HTTP/1.1" 200 27
116.224.255.128 - - [13/Sep/2022:10:59:30 +0800] "GET /xingrg/kc/base/yddb_order_list.html?isBack=1 HTTP/1.1" 200 16790
116.224.255.128 - - [13/Sep/2022:10:59:30 +0800] "POST /xingrg/kc/base/yddb_list_operate.html HTTP/1.1" 200 636
116.224.255.128 - - [13/Sep/2022:10:59:33 +0800] "POST /xingrg/kc/base/yddb_list_operate.html HTTP/1.1" 200 1347
116.225.121.189 - - [13/Sep/2022:10:59:34 +0800] "GET /xingrg/all/function/internal_message.html?_=1663037974371&CODE_STATE=getMsg HTTP/1.1" 200 27
116.224.255.128 - - [13/Sep/2022:10:59:34 +0800] "POST /xingrg/kc/base/yddb_list_operate.html HTTP/1.1" 200 282
116.224.255.128 - - [13/Sep/2022:10:59:35 +0800] "GET /xingrg/kc/base/yddb_order_info.html?code=482022091300151 HTTP/1.1" 200 31150
116.224.255.128 - - [13/Sep/2022:10:59:35 +0800] "GET /xingrg/dwr/interface/AjaxYddbService.js HTTP/1.1" 200 13201
116.224.255.128 - - [13/Sep/2022:10:59:35 +0800] "GET /xingrg/dwr/interface/AjaxComOrderService.js HTTP/1.1" 200 18264
116.224.255.128 - - [13/Sep/2022:10:59:35 +0800] "GET /xingrg/dwr/engine.js HTTP/1.1" 200 43631
116.224.255.128 - - [13/Sep/2022:10:59:35 +0800] "POST /xingrg/dwr/call/plaincall/AjaxYddbService.loadMaterielItems.dwr HTTP/1.1" 200 762
180.169.147.146 - - [13/Sep/2022:10:59:35 +0800] "POST /xingrg/dwr/call/plaincall/AjaxYddbService.saveMaterielItem.dwr HTTP/1.1" 200 78
180.169.147.146 - - [13/Sep/2022:10:59:39 +0800] "POST /xingrg/dwr/call/plaincall/AjaxComOrderService.getMaterielSearchList.dwr HTTP/1.1" 200 30612
180.169.147.146 - - [13/Sep/2022:10:59:40 +0800] "POST /xingrg/dwr/call/plaincall/AjaxComOrderService.getMaterielSearchList.dwr HTTP/1.1" 200 283
180.169.147.146 - - [13/Sep/2022:10:59:41 +0800] "POST /xingrg/dwr/call/plaincall/AjaxYddbService.getMaterielByMap.dwr HTTP/1.1" 200 2833
116.224.255.128 - - [13/Sep/2022:10:59:42 +0800] "POST /xingrg/dwr/call/plaincall/AjaxYddbService.saveOrder.dwr HTTP/1.1" 200 78
116.224.255.128 - - [13/Sep/2022:10:59:45 +0800] "POST /xingrg/dwr/call/plaincall/AjaxYddbService.objCheckOrder.dwr HTTP/1.1" 200 78
116.224.255.128 - - [13/Sep/2022:10:59:46 +0800] "GET /xingrg/kc/base/yddb_order_info.html?code=482022091300151 HTTP/1.1" 200 31271
116.224.255.128 - - [13/Sep/2022:10:59:46 +0800] "GET /xingrg/dwr/interface/AjaxYddbService.js HTTP/1.1" 200 13201
116.224.255.128 - - [13/Sep/2022:10:59:46 +0800] "GET /xingrg/dwr/interface/AjaxComOrderService.js HTTP/1.1" 200 18264
116.224.255.128 - - [13/Sep/2022:10:59:46 +0800] "GET /xingrg/dwr/engine.js HTTP/1.1" 200 43631
116.224.255.128 - - [13/Sep/2022:10:59:46 +0800] "POST /xingrg/dwr/call/plaincall/AjaxYddbService.loadMaterielItems.dwr HTTP/1.1" 200 762
116.238.169.132 - - [13/Sep/2022:10:59:46 +0800] "GET /xingrg/all/function/internal_message.html?_=1663037987996&CODE_STATE=getMsg HTTP/1.1" 200 27
120.253.135.82 - - [13/Sep/2022:10:59:47 +0800] "GET /xingrg/all/function/internal_message.html?_=1663038103158&CODE_STATE=getMsg HTTP/1.1" 200 27
180.162.112.166 - - [13/Sep/2022:10:59:48 +0800] "GET /xingrg/kc/buy/cgsh_order_operate.html?command=get_materiel&rest_code=00143&code=00101001053&supplier_code=00100207&order_time=2022-09-12 HTTP/1.1" 200 409
180.169.147.146 - - [13/Sep/2022:10:59:48 +0800] "POST /xingrg/dwr/call/plaincall/AjaxYddbService.saveMaterielItem.dwr HTTP/1.1" 200 79
116.224.255.128 - - [13/Sep/2022:10:59:49 +0800] "GET /xingrg/kc/base/yddb_order_list.html?isBack=1 HTTP/1.1" 200 16790
116.224.255.128 - - [13/Sep/2022:10:59:49 +0800] "POST /xingrg/kc/base/yddb_list_operate.html HTTP/1.1" 200 636
58.221.95.50 - - [13/Sep/2022:10:59:49 +0800] "GET /xingrg/all/function/internal_message.html?_=1663037988682&CODE_STATE=getMsg HTTP/1.1" 302 -
180.169.147.146 - - [13/Sep/2022:10:59:50 +0800] "GET /xingrg/all/function/internal_message.html?_=1663037985784&CODE_STATE=getMsg HTTP/1.1" 200 27
116.224.255.128 - - [13/Sep/2022:10:59:51 +0800] "GET /xingrg/all/function/internal_message.html?_=1663037930016&CODE_STATE=getMsg HTTP/1.1" 200 27
58.40.7.146 - - [13/Sep/2022:10:59:51 +0800] "GET /xingrg/all/function/internal_message.html?_=1663037991055&CODE_STATE=getMsg HTTP/1.1" 200 27
58.40.7.146 - - [13/Sep/2022:10:59:51 +0800] "GET /xingrg/check_reg.html?_=1663037991056 HTTP/1.1" 200 22
58.221.95.50 - - [13/Sep/2022:10:59:52 +0800] "GET /xingrg/check_reg.html?_=1663037991431 HTTP/1.1" 302 -
180.169.147.146 - - [13/Sep/2022:10:59:54 +0800] "POST /xingrg/dwr/call/plaincall/AjaxYddbService.checkOrder.dwr HTTP/1.1" 200 79
180.169.147.146 - - [13/Sep/2022:10:59:55 +0800] "GET /xingrg/kc/base/yddb_order_info.html?code=482022091300156 HTTP/1.1" 200 29666
180.169.147.146 - - [13/Sep/2022:10:59:55 +0800] "GET /xingrg/dwr/interface/AjaxComOrderService.js HTTP/1.1" 200 18264
180.169.147.146 - - [13/Sep/2022:10:59:55 +0800] "GET /xingrg/dwr/interface/AjaxYddbService.js HTTP/1.1" 200 13201
180.169.147.146 - - [13/Sep/2022:10:59:55 +0800] "GET /xingrg/dwr/engine.js HTTP/1.1" 200 43631
180.169.147.146 - - [13/Sep/2022:10:59:55 +0800] "POST /xingrg/dwr/call/plaincall/AjaxYddbService.loadMaterielItems.dwr HTTP/1.1" 200 725
124.79.74.72 - - [13/Sep/2022:10:59:57 +0800] "GET /xingrg/all/function/internal_message.html?_=1663037994233&CODE_STATE=getMsg HTTP/1.1" 200 27
114.84.81.136 - - [13/Sep/2022:10:59:59 +0800] "GET /xingrg/all/function/internal_message.html?_=1663038000641&CODE_STATE=getMsg HTTP/1.1" 200 27
116.238.169.132 - - [13/Sep/2022:11:00:00 +0800] "GET /xingrg/all/function/internal_message.html?_=1663038011275&CODE_STATE=getMsg HTTP/1.1" 200 27
114.88.158.224 - - [13/Sep/2022:11:00:00 +0800] "GET /xingrg/all/function/internal_message.html?_=1663037658158&CODE_STATE=getMsg HTTP/1.1" 200 27
116.224.255.128 - - [13/Sep/2022:11:00:00 +0800] "GET /xingrg/all/function/internal_message.html?_=1663038000425&CODE_STATE=getMsg HTTP/1.1" 200 27
180.162.112.166 - - [13/Sep/2022:11:00:06 +0800] "GET /xingrg/all/function/internal_message.html?_=1663037136228&CODE_STATE=getMsg HTTP/1.1" 200 27
180.169.147.146 - - [13/Sep/2022:11:00:07 +0800] "GET /xingrg/kc/base/yddb_order_report.html?fileType=servlets/html&code=482022091300156&reportName=ck_order_report&subName=yddb HTTP/1.1" 302 -
180.169.147.146 - - [13/Sep/2022:11:00:07 +0800] "GET /xingrg/servlets/html?sysBaseUrl=http%3A%2F%2F180.169.147.146%3A18081%2Fxingrg%2F&costTime=97×tamp=1663038007260 HTTP/1.1" 200 17511
180.169.147.146 - - [13/Sep/2022:11:00:07 +0800] "GET /favicon.ico HTTP/1.1" 404 -
180.162.112.166 - - [13/Sep/2022:11:00:07 +0800] "GET /xingrg/javascript/easyui/themes/default/images/button_plain_hover.png HTTP/1.1" 304 -
61.170.235.210 - - [13/Sep/2022:11:00:08 +0800] "GET /xingrg/all/function/internal_message.html?_=1663038007115&CODE_STATE=getMsg HTTP/1.1" 200 27
61.170.235.210 - - [13/Sep/2022:11:00:08 +0800] "GET /xingrg/check_reg.html?_=1663038007600 HTTP/1.1" 200 22
180.162.112.166 - - [13/Sep/2022:11:00:10 +0800] "GET /xingrg/javascript/jquery_tools/images/prev.gif HTTP/1.1" 404 1086
180.162.112.166 - - [13/Sep/2022:11:00:10 +0800] "GET /xingrg/javascript/jquery_tools/images/next.gif HTTP/1.1" 404 1086
114.84.5.35 - - [13/Sep/2022:11:00:14 +0800] "GET /xingrg/all/function/internal_message.html?_=1663038012492&CODE_STATE=getMsg HTTP/1.1" 200 27
180.162.112.166 - - [13/Sep/2022:11:00:17 +0800] "POST /xingrg/kc/buy/cgsh_order_operate.html HTTP/1.1" 200 37
180.169.147.146 - - [13/Sep/2022:11:00:18 +0800] "GET /xingrg/all/function/internal_message.html?_=1663038017695&CODE_STATE=getMsg HTTP/1.1" 200 27
180.169.147.146 - - [13/Sep/2022:11:00:18 +0800] "GET /xingrg/check_reg.html?_=1663038017696 HTTP/1.1" 200 22
180.162.112.166 - - [13/Sep/2022:11:00:19 +0800] "POST /xingrg/kc/buy/cgsh_order_operate.html HTTP/1.1" 200 9805
222.70.246.221 - - [13/Sep/2022:11:00:29 +0800] "GET /xingrg/all/function/internal_message.html?_=1663038034630&CODE_STATE=getMsg HTTP/1.1" 200 27
180.169.147.146 - - [13/Sep/2022:11:00:32 +0800] "GET /xingrg/kc/base/base_main.html HTTP/1.1" 200 12142
180.169.147.146 - - [13/Sep/2022:11:00:33 +0800] "GET /xingrg/kc/base/yddb_order_list.html HTTP/1.1" 200 16786
180.169.147.146 - - [13/Sep/2022:11:00:33 +0800] "POST /xingrg/kc/base/yddb_list_operate.html HTTP/1.1" 200 2577
116.225.121.189 - - [13/Sep/2022:11:00:34 +0800] "GET /xingrg/all/function/internal_message.html?_=1663038034348&CODE_STATE=getMsg HTTP/1.1" 200 27
116.238.169.132 - - [13/Sep/2022:11:00:34 +0800] "GET /xingrg/check_reg.html?_=1663038034170 HTTP/1.1" 200 22
116.225.121.189 - - [13/Sep/2022:11:00:35 +0800] "GET /xingrg/check_reg.html?_=1663038035427 HTTP/1.1" 200 22
180.169.147.146 - - [13/Sep/2022:11:00:36 +0800] "POST /xingrg/kc/base/yddb_list_operate.html HTTP/1.1" 200 4256
180.169.147.146 - - [13/Sep/2022:11:00:39 +0800] "POST /xingrg/kc/base/yddb_list_operate.html HTTP/1.1" 200 284
114.83.221.99 - - [13/Sep/2022:11:00:41 +0800] "GET /xingrg/kc/buy/cgsh_order_info.html?code=212022090501722 HTTP/1.1" 200 63670
114.83.221.99 - - [13/Sep/2022:11:00:42 +0800] "GET /xingrg/javascript/easyui/themes/default/validatebox.css HTTP/1.1" 404 1104
180.169.147.146 - - [13/Sep/2022:11:00:42 +0800] "POST /xingrg/kc/base/yddb_list_operate.html HTTP/1.1" 200 598
114.83.221.99 - - [13/Sep/2022:11:00:42 +0800] "POST /xingrg/kc/buy/cgsh_order_operate.html HTTP/1.1" 200 610
180.169.147.146 - - [13/Sep/2022:11:00:43 +0800] "GET /xingrg/kc/base/yddb_order_info.html?code=482022091300153 HTTP/1.1" 200 29667
180.169.147.146 - - [13/Sep/2022:11:00:43 +0800] "GET /xingrg/dwr/interface/AjaxComOrderService.js HTTP/1.1" 200 18264
180.169.147.146 - - [13/Sep/2022:11:00:43 +0800] "GET /xingrg/dwr/interface/AjaxYddbService.js HTTP/1.1" 200 13201
180.169.147.146 - - [13/Sep/2022:11:00:43 +0800] "GET /xingrg/dwr/engine.js HTTP/1.1" 200 43631
180.169.147.146 - - [13/Sep/2022:11:00:43 +0800] "POST /xingrg/dwr/call/plaincall/AjaxYddbService.loadMaterielItems.dwr HTTP/1.1" 200 2009
180.162.112.166 - - [13/Sep/2022:11:00:44 +0800] "POST /xingrg/kc/buy/cgsh_order_operate.html HTTP/1.1" 200 37
180.169.147.146 - - [13/Sep/2022:11:00:44 +0800] "GET /xingrg/kc/base/yddb_order_report.html?fileType=servlets/html&code=482022091300153&reportName=ck_order_report&subName=yddb HTTP/1.1" 302 -
180.169.147.146 - - [13/Sep/2022:11:00:44 +0800] "GET /xingrg/servlets/html?sysBaseUrl=http%3A%2F%2F180.169.147.146%3A18081%2Fxingrg%2F&costTime=95×tamp=1663038044754 HTTP/1.1" 200 28440
180.169.147.146 - - [13/Sep/2022:11:00:44 +0800] "GET /favicon.ico HTTP/1.1" 404 -
180.162.112.166 - - [13/Sep/2022:11:00:46 +0800] "POST /xingrg/kc/buy/cgsh_order_operate.html HTTP/1.1" 200 9805
116.238.169.132 - - [13/Sep/2022:11:00:46 +0800] "GET /xingrg/all/function/internal_message.html?_=1663038047995&CODE_STATE=getMsg HTTP/1.1" 200 27
120.253.135.82 - - [13/Sep/2022:11:00:47 +0800] "GET /xingrg/all/function/internal_message.html?_=1663038163163&CODE_STATE=getMsg HTTP/1.1" 200 27
180.162.112.166 - - [13/Sep/2022:11:00:48 +0800] "GET /xingrg/javascript/jquery_easy_ui/themes/default/images/tabs_active.png HTTP/1.1" 304 -
116.224.255.128 - - [13/Sep/2022:11:00:49 +0800] "GET /xingrg/check_reg.html?_=1663037987559 HTTP/1.1" 200 22
58.221.95.50 - - [13/Sep/2022:11:00:49 +0800] "GET /xingrg/all/function/internal_message.html?_=1663038048655&CODE_STATE=getMsg HTTP/1.1" 302 -
180.169.147.146 - - [13/Sep/2022:11:00:50 +0800] "GET /xingrg/all/function/internal_message.html?_=1663038045776&CODE_STATE=getMsg HTTP/1.1" 200 27
114.88.158.224 - - [13/Sep/2022:11:00:50 +0800] "POST /xingrg/services/DataTransmitService HTTP/1.1" 200 524
114.88.158.224 - - [13/Sep/2022:11:00:50 +0800] "POST /xingrg/services/DataTransmitService HTTP/1.1" 200 501
116.224.255.128 - - [13/Sep/2022:11:00:51 +0800] "GET /xingrg/all/function/internal_message.html?_=1663037990029&CODE_STATE=getMsg HTTP/1.1" 200 27
58.40.7.146 - - [13/Sep/2022:11:00:51 +0800] "GET /xingrg/all/function/internal_message.html?_=1663038051059&CODE_STATE=getMsg HTTP/1.1" 200 27
180.162.112.166 - - [13/Sep/2022:11:00:54 +0800] "POST /xingrg/kc/buy/cgsh_list_operate.html HTTP/1.1" 200 2191
124.79.74.72 - - [13/Sep/2022:11:00:57 +0800] "GET /xingrg/all/function/internal_message.html?_=1663038054218&CODE_STATE=getMsg HTTP/1.1" 200 27
114.84.81.136 - - [13/Sep/2022:11:00:59 +0800] "GET /xingrg/all/function/internal_message.html?_=1663038060640&CODE_STATE=getMsg HTTP/1.1" 200 27
116.238.169.132 - - [13/Sep/2022:11:01:00 +0800] "GET /xingrg/all/function/internal_message.html?_=1663038071256&CODE_STATE=getMsg HTTP/1.1" 200 27
114.88.158.224 - - [13/Sep/2022:11:01:00 +0800] "GET /xingrg/all/function/internal_message.html?_=1663037718130&CODE_STATE=getMsg HTTP/1.1" 200 27
116.224.255.128 - - [13/Sep/2022:11:01:00 +0800] "GET /xingrg/all/function/internal_message.html?_=1663038060413&CODE_STATE=getMsg HTTP/1.1" 200 27
180.162.112.166 - - [13/Sep/2022:11:01:06 +0800] "GET /xingrg/all/function/internal_message.html?_=1663037196213&CODE_STATE=getMsg HTTP/1.1" 200 27
114.83.221.99 - - [13/Sep/2022:11:01:08 +0800] "GET /xingrg/all/function/internal_message.html?_=1663038064700&CODE_STATE=getMsg HTTP/1.1" 200 27
61.170.235.210 - - [13/Sep/2022:11:01:08 +0800] "GET /xingrg/all/function/internal_message.html?_=1663038067093&CODE_STATE=getMsg HTTP/1.1" 200 27
114.84.5.35 - - [13/Sep/2022:11:01:14 +0800] "GET /xingrg/all/function/internal_message.html?_=1663038072492&CODE_STATE=getMsg HTTP/1.1" 200 27
180.169.147.146 - - [13/Sep/2022:11:01:18 +0800] "GET /xingrg/all/function/internal_message.html?_=1663038077686&CODE_STATE=getMsg HTTP/1.1" 200 27
114.83.221.99 - - [13/Sep/2022:11:01:23 +0800] "GET /xingrg/kc/buy/cgsh_order_add.html HTTP/1.1" 200 68765
114.83.221.99 - - [13/Sep/2022:11:01:23 +0800] "POST /xingrg/kc/buy/cgsh_order_operate.html HTTP/1.1" 200 8245
114.83.221.99 - - [13/Sep/2022:11:01:23 +0800] "GET /xingrg/javascript/easyui/themes/default/validatebox.css HTTP/1.1" 404 1104
114.84.81.136 - - [13/Sep/2022:11:01:24 +0800] "GET /xingrg/check_reg.html?_=1663038085521 HTTP/1.1" 200 22
222.70.246.221 - - [13/Sep/2022:11:01:30 +0800] "GET /xingrg/all/function/internal_message.html?_=1663038094910&CODE_STATE=getMsg HTTP/1.1" 200 27
116.225.121.189 - - [13/Sep/2022:11:01:33 +0800] "GET /xingrg/all/function/internal_message.html?_=1663038094320&CODE_STATE=getMsg HTTP/1.1" 200 27
61.170.235.210 - - [13/Sep/2022:11:01:35 +0800] "GET /favicon.ico HTTP/1.1" 404 -
114.83.221.99 - - [13/Sep/2022:11:01:35 +0800] "POST /xingrg/services/DataTransmitService HTTP/1.1" 200 524
114.83.221.99 - - [13/Sep/2022:11:01:36 +0800] "POST /xingrg/services/DataTransmitService HTTP/1.1" 200 412
120.253.135.82 - - [13/Sep/2022:11:01:45 +0800] "GET /xingrg/check_reg.html?_=1663038220841 HTTP/1.1" 200 22
114.83.221.99 - - [13/Sep/2022:11:01:45 +0800] "GET /xingrg/kc/buy/cgsh_order_operate.html?command=get_materiel&rest_code=00149&code=00101009062&supplier_code=00100201&order_time=2022-09-13 HTTP/1.1" 200 412
222.70.246.221 - - [13/Sep/2022:11:01:46 +0800] "GET /xingrg/check_reg.html?_=1663038111715 HTTP/1.1" 200 22
116.238.169.132 - - [13/Sep/2022:11:01:47 +0800] "GET /xingrg/all/function/internal_message.html?_=1663038108004&CODE_STATE=getMsg HTTP/1.1" 200 27
116.238.169.132 - - [13/Sep/2022:11:01:47 +0800] "GET /xingrg/check_reg.html?_=1663038107998 HTTP/1.1" 200 22
120.253.135.82 - - [13/Sep/2022:11:01:47 +0800] "GET /xingrg/all/function/internal_message.html?_=1663038223176&CODE_STATE=getMsg HTTP/1.1" 200 27
58.221.95.50 - - [13/Sep/2022:11:01:49 +0800] "GET /xingrg/all/function/internal_message.html?_=1663038108627&CODE_STATE=getMsg HTTP/1.1" 302 -
180.169.147.146 - - [13/Sep/2022:11:01:50 +0800] "GET /xingrg/all/function/internal_message.html?_=1663038105776&CODE_STATE=getMsg HTTP/1.1" 200 27
180.169.147.146 - - [13/Sep/2022:11:01:50 +0800] "GET /xingrg/check_reg.html?_=1663038105777 HTTP/1.1" 200 22
116.224.255.128 - - [13/Sep/2022:11:01:51 +0800] "GET /xingrg/all/function/internal_message.html?_=1663038050043&CODE_STATE=getMsg HTTP/1.1" 200 27
58.40.7.146 - - [13/Sep/2022:11:01:51 +0800] "GET /xingrg/all/function/internal_message.html?_=1663038111060&CODE_STATE=getMsg HTTP/1.1" 200 27
114.83.221.99 - - [13/Sep/2022:11:01:54 +0800] "GET /xingrg/kc/buy/cgsh_order_operate.html?command=get_materiel&rest_code=00149&code=00101009011&supplier_code=00100201&order_time=2022-09-13 HTTP/1.1" 200 416
124.79.74.72 - - [13/Sep/2022:11:01:57 +0800] "GET /xingrg/all/function/internal_message.html?_=1663038114204&CODE_STATE=getMsg HTTP/1.1" 200 27
114.84.81.136 - - [13/Sep/2022:11:01:59 +0800] "GET /xingrg/all/function/internal_message.html?_=1663038120629&CODE_STATE=getMsg HTTP/1.1" 200 27
116.238.169.132 - - [13/Sep/2022:11:02:00 +0800] "GET /xingrg/all/function/internal_message.html?_=1663038131238&CODE_STATE=getMsg HTTP/1.1" 200 27
114.88.158.224 - - [13/Sep/2022:11:02:00 +0800] "GET /xingrg/all/function/internal_message.html?_=1663037778102&CODE_STATE=getMsg HTTP/1.1" 200 27
116.224.255.128 - - [13/Sep/2022:11:02:00 +0800] "GET /xingrg/all/function/internal_message.html?_=1663038120378&CODE_STATE=getMsg HTTP/1.1" 200 27
180.162.112.166 - - [13/Sep/2022:11:02:06 +0800] "GET /xingrg/all/function/internal_message.html?_=1663037256214&CODE_STATE=getMsg HTTP/1.1" 200 27
114.83.221.99 - - [13/Sep/2022:11:02:07 +0800] "GET /xingrg/kc/buy/cgsh_order_operate.html?command=get_materiel&rest_code=00149&code=00101009013&supplier_code=00100201&order_time=2022-09-13 HTTP/1.1" 200 420
114.83.221.99 - - [13/Sep/2022:11:02:08 +0800] "GET /xingrg/all/function/internal_message.html?_=1663038124674&CODE_STATE=getMsg HTTP/1.1" 200 27
61.170.235.210 - - [13/Sep/2022:11:02:08 +0800] "GET /xingrg/all/function/internal_message.html?_=1663038127074&CODE_STATE=getMsg HTTP/1.1" 200 27
114.84.5.35 - - [13/Sep/2022:11:02:14 +0800] "GET /xingrg/all/function/internal_message.html?_=1663038132492&CODE_STATE=getMsg HTTP/1.1" 200 27
180.169.147.146 - - [13/Sep/2022:11:02:18 +0800] "GET /xingrg/all/function/internal_message.html?_=1663038137706&CODE_STATE=getMsg HTTP/1.1" 200 27
116.238.169.132 - - [13/Sep/2022:11:02:27 +0800] "GET /xingrg/check_reg.html?_=1663038159146 HTTP/1.1" 200 22
222.70.246.221 - - [13/Sep/2022:11:02:30 +0800] "GET /xingrg/all/function/internal_message.html?_=1663038154922&CODE_STATE=getMsg HTTP/1.1" 200 27
116.225.121.189 - - [13/Sep/2022:11:02:33 +0800] "GET /xingrg/all/function/internal_message.html?_=1663038154289&CODE_STATE=getMsg HTTP/1.1" 200 27
114.83.221.99 - - [13/Sep/2022:11:02:37 +0800] "GET /xingrg/kc/buy/cgsh_order_operate.html?command=get_materiel&rest_code=00149&code=00101009122&supplier_code=00100201&order_time=2022-09-13 HTTP/1.1" 200 405
116.238.169.132 - - [13/Sep/2022:11:02:46 +0800] "GET /xingrg/all/function/internal_message.html?_=1663038168006&CODE_STATE=getMsg HTTP/1.1" 200 27
120.253.135.82 - - [13/Sep/2022:11:02:47 +0800] "GET /xingrg/all/function/internal_message.html?_=1663038283190&CODE_STATE=getMsg HTTP/1.1" 200 27
58.221.95.50 - - [13/Sep/2022:11:02:49 +0800] "GET /xingrg/all/function/internal_message.html?_=1663038168597&CODE_STATE=getMsg HTTP/1.1" 302 -
180.169.147.146 - - [13/Sep/2022:11:02:50 +0800] "GET /xingrg/all/function/internal_message.html?_=1663038165789&CODE_STATE=getMsg HTTP/1.1" 200 27
116.224.255.128 - - [13/Sep/2022:11:02:51 +0800] "GET /xingrg/all/function/internal_message.html?_=1663038110057&CODE_STATE=getMsg HTTP/1.1" 200 27
58.40.7.146 - - [13/Sep/2022:11:02:51 +0800] "GET /xingrg/all/function/internal_message.html?_=1663038171063&CODE_STATE=getMsg HTTP/1.1" 200 27
124.79.74.72 - - [13/Sep/2022:11:02:57 +0800] "GET /xingrg/all/function/internal_message.html?_=1663038174172&CODE_STATE=getMsg HTTP/1.1" 200 27
114.84.81.136 - - [13/Sep/2022:11:02:59 +0800] "GET /xingrg/all/function/internal_message.html?_=1663038180620&CODE_STATE=getMsg HTTP/1.1" 200 27
116.238.169.132 - - [13/Sep/2022:11:02:59 +0800] "GET /xingrg/all/function/internal_message.html?_=1663038191220&CODE_STATE=getMsg HTTP/1.1" 200 27
114.88.158.224 - - [13/Sep/2022:11:03:00 +0800] "GET /xingrg/all/function/internal_message.html?_=1663037838081&CODE_STATE=getMsg HTTP/1.1" 200 27
116.224.255.128 - - [13/Sep/2022:11:03:00 +0800] "GET /xingrg/all/function/internal_message.html?_=1663038180347&CODE_STATE=getMsg HTTP/1.1" 200 27
116.224.255.128 - - [13/Sep/2022:11:03:00 +0800] "GET /xingrg/check_reg.html?_=1663038180429 HTTP/1.1" 200 22
114.83.221.99 - - [13/Sep/2022:11:03:03 +0800] "GET /xingrg/kc/buy/cgsh_order_operate.html?command=get_materiel&rest_code=00149&code=00101009007&supplier_code=00100201&order_time=2022-09-13 HTTP/1.1" 200 408
180.162.112.166 - - [13/Sep/2022:11:03:06 +0800] "GET /xingrg/check_reg.html?_=1663037316214 HTTP/1.1" 200 22
180.162.112.166 - - [13/Sep/2022:11:03:06 +0800] "GET /xingrg/all/function/internal_message.html?_=1663037316217&CODE_STATE=getMsg HTTP/1.1" 200 27
114.83.221.99 - - [13/Sep/2022:11:03:08 +0800] "GET /xingrg/all/function/internal_message.html?_=1663038184654&CODE_STATE=getMsg HTTP/1.1" 200 27
61.170.235.210 - - [13/Sep/2022:11:03:08 +0800] "GET /xingrg/all/function/internal_message.html?_=1663038187044&CODE_STATE=getMsg HTTP/1.1" 200 27
114.84.5.35 - - [13/Sep/2022:11:03:14 +0800] "GET /xingrg/check_reg.html?_=1663038192493 HTTP/1.1" 200 22
114.84.5.35 - - [13/Sep/2022:11:03:14 +0800] "GET /xingrg/all/function/internal_message.html?_=1663038192495&CODE_STATE=getMsg HTTP/1.1" 200 27
180.169.147.146 - - [13/Sep/2022:11:03:18 +0800] "GET /xingrg/all/function/internal_message.html?_=1663038197705&CODE_STATE=getMsg HTTP/1.1" 200 27
114.88.158.224 - - [13/Sep/2022:11:03:26 +0800] "GET /xingrg/check_reg.html?_=1663037864291 HTTP/1.1" 200 22
222.70.246.221 - - [13/Sep/2022:11:03:30 +0800] "GET /xingrg/all/function/internal_message.html?_=1663038214937&CODE_STATE=getMsg HTTP/1.1" 200 27
116.225.121.189 - - [13/Sep/2022:11:03:33 +0800] "GET /xingrg/all/function/internal_message.html?_=1663038214268&CODE_STATE=getMsg HTTP/1.1" 200 27
116.238.169.132 - - [13/Sep/2022:11:03:46 +0800] "GET /xingrg/all/function/internal_message.html?_=1663038228007&CODE_STATE=getMsg HTTP/1.1" 200 27
120.253.135.82 - - [13/Sep/2022:11:03:47 +0800] "GET /xingrg/all/function/internal_message.html?_=1663038343204&CODE_STATE=getMsg HTTP/1.1" 200 27
58.221.95.50 - - [13/Sep/2022:11:03:49 +0800] "GET /xingrg/all/function/internal_message.html?_=1663038228567&CODE_STATE=getMsg HTTP/1.1" 302 -
180.169.147.146 - - [13/Sep/2022:11:03:50 +0800] "GET /xingrg/all/function/internal_message.html?_=1663038225772&CODE_STATE=getMsg HTTP/1.1" 200 27
116.224.255.128 - - [13/Sep/2022:11:03:51 +0800] "GET /xingrg/all/function/internal_message.html?_=1663038170180&CODE_STATE=getMsg HTTP/1.1" 200 27
58.40.7.146 - - [13/Sep/2022:11:03:51 +0800] "GET /xingrg/all/function/internal_message.html?_=1663038231052&CODE_STATE=getMsg HTTP/1.1" 200 27
124.79.74.72 - - [13/Sep/2022:11:03:57 +0800] "GET /xingrg/all/function/internal_message.html?_=1663038234158&CODE_STATE=getMsg HTTP/1.1" 200 27
114.83.221.99 - - [13/Sep/2022:11:03:57 +0800] "POST /xingrg/kc/buy/cgsh_order_operate.html HTTP/1.1" 200 37
114.84.81.136 - - [13/Sep/2022:11:03:59 +0800] "GET /xingrg/all/function/internal_message.html?_=1663038240618&CODE_STATE=getMsg HTTP/1.1" 200 27
116.238.169.132 - - [13/Sep/2022:11:03:59 +0800] "GET /xingrg/all/function/internal_message.html?_=1663038251201&CODE_STATE=getMsg HTTP/1.1" 200 27
114.88.158.224 - - [13/Sep/2022:11:04:00 +0800] "GET /xingrg/all/function/internal_message.html?_=1663037898059&CODE_STATE=getMsg HTTP/1.1" 200 27
116.224.255.128 - - [13/Sep/2022:11:04:00 +0800] "GET /xingrg/all/function/internal_message.html?_=1663038240320&CODE_STATE=getMsg HTTP/1.1" 200 27
180.162.112.166 - - [13/Sep/2022:11:04:06 +0800] "GET /xingrg/all/function/internal_message.html?_=1663037376227&CODE_STATE=getMsg HTTP/1.1" 200 27
116.238.169.132 - - [13/Sep/2022:11:04:06 +0800] "GET /xingrg/kc/base/wldb_order_add.html HTTP/1.1" 200 30390
116.238.169.132 - - [13/Sep/2022:11:04:06 +0800] "POST /xingrg/kc/base/wldb_order_operate.html HTTP/1.1" 200 6806
116.238.169.132 - - [13/Sep/2022:11:04:06 +0800] "GET /xingrg/all/common/auto_word.html?type=base&rest_code=00102 HTTP/1.1" 200 1857
116.238.169.132 - - [13/Sep/2022:11:04:06 +0800] "GET /xingrg/all/common/auto_word.html?type=base&rest_code=00102 HTTP/1.1" 200 1857
116.238.169.132 - - [13/Sep/2022:11:04:06 +0800] "GET /xingrg/javascript/easyui/themes/default/validatebox.css HTTP/1.1" 404 1104
61.170.235.210 - - [13/Sep/2022:11:04:08 +0800] "GET /xingrg/all/function/internal_message.html?_=1663038247022&CODE_STATE=getMsg HTTP/1.1" 200 27
116.238.169.132 - - [13/Sep/2022:11:04:10 +0800] "POST /xingrg/all/common/load_combo.html?type=base HTTP/1.1" 200 3321
116.238.169.132 - - [13/Sep/2022:11:04:13 +0800] "POST /xingrg/all/common/load_combo.html?type=base HTTP/1.1" 200 3321
114.84.5.35 - - [13/Sep/2022:11:04:14 +0800] "GET /xingrg/all/function/internal_message.html?_=1663038252496&CODE_STATE=getMsg HTTP/1.1" 200 27
180.169.147.146 - - [13/Sep/2022:11:04:18 +0800] "GET /xingrg/all/function/internal_message.html?_=1663038257709&CODE_STATE=getMsg HTTP/1.1" 200 27
124.79.74.72 - - [13/Sep/2022:11:04:28 +0800] "GET /xingrg/check_reg.html?_=1663038265424 HTTP/1.1" 200 22
222.70.246.221 - - [13/Sep/2022:11:04:30 +0800] "GET /xingrg/all/function/internal_message.html?_=1663038275164&CODE_STATE=getMsg HTTP/1.1" 200 27
116.225.121.189 - - [13/Sep/2022:11:04:33 +0800] "GET /xingrg/all/function/internal_message.html?_=1663038274240&CODE_STATE=getMsg HTTP/1.1" 200 27
116.238.169.132 - - [13/Sep/2022:11:04:37 +0800] "GET /xingrg/javascript/auto/indicator.gif HTTP/1.1" 404 1066
116.238.169.132 - - [13/Sep/2022:11:04:38 +0800] "GET /xingrg/kc/base/wldb_order_operate.html?command=get_materiel&rest_code=00102&base_code=0010476&code=00101019391 HTTP/1.1" 200 485
116.238.169.132 - - [13/Sep/2022:11:04:45 +0800] "GET /xingrg/kc/base/wldb_order_operate.html?command=get_materiel&rest_code=00102&base_code=0010476&code=00101016029 HTTP/1.1" 200 460
116.238.169.132 - - [13/Sep/2022:11:04:46 +0800] "GET /xingrg/all/function/internal_message.html?_=1663038288008&CODE_STATE=getMsg HTTP/1.1" 200 27
120.253.135.82 - - [13/Sep/2022:11:04:47 +0800] "GET /xingrg/all/function/internal_message.html?_=1663038403262&CODE_STATE=getMsg HTTP/1.1" 200 27
58.221.95.50 - - [13/Sep/2022:11:04:49 +0800] "GET /xingrg/all/function/internal_message.html?_=1663038288564&CODE_STATE=getMsg HTTP/1.1" 302 -
116.238.169.132 - - [13/Sep/2022:11:04:50 +0800] "GET /xingrg/kc/base/wldb_order_operate.html?command=get_materiel&rest_code=00102&base_code=0010476&code=00101016044 HTTP/1.1" 200 464
180.169.147.146 - - [13/Sep/2022:11:04:50 +0800] "GET /xingrg/all/function/internal_message.html?_=1663038285787&CODE_STATE=getMsg HTTP/1.1" 200 27
116.224.255.128 - - [13/Sep/2022:11:04:51 +0800] "GET /xingrg/all/function/internal_message.html?_=1663038230193&CODE_STATE=getMsg HTTP/1.1" 200 27
58.40.7.146 - - [13/Sep/2022:11:04:51 +0800] "GET /xingrg/all/function/internal_message.html?_=1663038291054&CODE_STATE=getMsg HTTP/1.1" 200 27
58.40.7.146 - - [13/Sep/2022:11:04:51 +0800] "GET /xingrg/check_reg.html?_=1663038291054 HTTP/1.1" 200 22
58.221.95.50 - - [13/Sep/2022:11:04:52 +0800] "GET /xingrg/check_reg.html?_=1663038291440 HTTP/1.1" 302 -
124.79.74.72 - - [13/Sep/2022:11:04:57 +0800] "GET /xingrg/all/function/internal_message.html?_=1663038294130&CODE_STATE=getMsg HTTP/1.1" 200 27
114.84.81.136 - - [13/Sep/2022:11:04:59 +0800] "GET /xingrg/all/function/internal_message.html?_=1663038300617&CODE_STATE=getMsg HTTP/1.1" 200 27
116.238.169.132 - - [13/Sep/2022:11:04:59 +0800] "GET /xingrg/all/function/internal_message.html?_=1663038311183&CODE_STATE=getMsg HTTP/1.1" 200 27
114.88.158.224 - - [13/Sep/2022:11:05:00 +0800] "GET /xingrg/all/function/internal_message.html?_=1663037958032&CODE_STATE=getMsg HTTP/1.1" 200 27
116.224.255.128 - - [13/Sep/2022:11:05:00 +0800] "GET /xingrg/all/function/internal_message.html?_=1663038300322&CODE_STATE=getMsg HTTP/1.1" 200 27
180.162.112.166 - - [13/Sep/2022:11:05:06 +0800] "GET /xingrg/all/function/internal_message.html?_=1663037436213&CODE_STATE=getMsg HTTP/1.1" 200 27
116.238.169.132 - - [13/Sep/2022:11:05:07 +0800] "POST /xingrg/kc/base/wldb_order_operate.html HTTP/1.1" 200 37
61.170.235.210 - - [13/Sep/2022:11:05:08 +0800] "GET /xingrg/all/function/internal_message.html?_=1663038307004&CODE_STATE=getMsg HTTP/1.1" 200 27
61.170.235.210 - - [13/Sep/2022:11:05:08 +0800] "GET /xingrg/check_reg.html?_=1663038307600 HTTP/1.1" 200 22
116.238.169.132 - - [13/Sep/2022:11:05:09 +0800] "POST /xingrg/kc/base/wldb_order_operate.html HTTP/1.1" 200 12
116.238.169.132 - - [13/Sep/2022:11:05:09 +0800] "POST /xingrg/kc/base/wldb_order_operate.html HTTP/1.1" 200 3217
116.238.169.132 - - [13/Sep/2022:11:05:11 +0800] "GET /xingrg/kc/base/wldb_order_info.html?code=422022091301135 HTTP/1.1" 200 26267
116.238.169.132 - - [13/Sep/2022:11:05:11 +0800] "GET /xingrg/javascript/easyui/themes/default/validatebox.css HTTP/1.1" 404 1104
116.238.169.132 - - [13/Sep/2022:11:05:11 +0800] "POST /xingrg/kc/base/wldb_order_operate.html HTTP/1.1" 200 1490
114.84.5.35 - - [13/Sep/2022:11:05:14 +0800] "GET /xingrg/all/function/internal_message.html?_=1663038312496&CODE_STATE=getMsg HTTP/1.1" 200 27
116.238.169.132 - - [13/Sep/2022:11:05:14 +0800] "GET /xingrg/kc/base/wldb_order_add.html HTTP/1.1" 200 30390
116.238.169.132 - - [13/Sep/2022:11:05:14 +0800] "POST /xingrg/kc/base/wldb_order_operate.html HTTP/1.1" 200 6806
116.238.169.132 - - [13/Sep/2022:11:05:14 +0800] "GET /xingrg/javascript/easyui/themes/default/validatebox.css HTTP/1.1" 404 1104
116.238.169.132 - - [13/Sep/2022:11:05:16 +0800] "POST /xingrg/all/common/load_combo.html?type=base HTTP/1.1" 200 3321
180.169.147.146 - - [13/Sep/2022:11:05:18 +0800] "GET /xingrg/check_reg.html?_=1663038317681 HTTP/1.1" 200 22
180.169.147.146 - - [13/Sep/2022:11:05:18 +0800] "GET /xingrg/all/function/internal_message.html?_=1663038317682&CODE_STATE=getMsg HTTP/1.1" 200 27
116.238.169.132 - - [13/Sep/2022:11:05:19 +0800] "POST /xingrg/all/common/load_combo.html?type=base HTTP/1.1" 200 3321
222.70.246.221 - - [13/Sep/2022:11:05:30 +0800] "GET /xingrg/all/function/internal_message.html?_=1663038335166&CODE_STATE=getMsg HTTP/1.1" 200 27
116.225.121.189 - - [13/Sep/2022:11:05:33 +0800] "GET /xingrg/all/function/internal_message.html?_=1663038334209&CODE_STATE=getMsg HTTP/1.1" 200 27
116.238.169.132 - - [13/Sep/2022:11:05:34 +0800] "GET /xingrg/check_reg.html?_=1663038334150 HTTP/1.1" 200 22
116.225.121.189 - - [13/Sep/2022:11:05:35 +0800] "GET /xingrg/check_reg.html?_=1663038335427 HTTP/1.1" 200 22
116.238.169.132 - - [13/Sep/2022:11:05:45 +0800] "GET /xingrg/kc/base/wldb_order_operate.html?command=get_materiel&rest_code=00102&base_code=0010476&code=00101013011 HTTP/1.1" 200 451
116.238.169.132 - - [13/Sep/2022:11:05:46 +0800] "GET /xingrg/all/function/internal_message.html?_=1663038348008&CODE_STATE=getMsg HTTP/1.1" 200 27
120.253.135.82 - - [13/Sep/2022:11:05:47 +0800] "GET /xingrg/all/function/internal_message.html?_=1663038463277&CODE_STATE=getMsg HTTP/1.1" 200 27
116.224.255.128 - - [13/Sep/2022:11:05:49 +0800] "GET /xingrg/check_reg.html?_=1663038287667 HTTP/1.1" 200 22
116.238.169.132 - - [13/Sep/2022:11:05:49 +0800] "GET /xingrg/kc/base/wldb_order_operate.html?command=get_materiel&rest_code=00102&base_code=0010476&code=00101019222 HTTP/1.1" 200 452
58.221.95.50 - - [13/Sep/2022:11:05:49 +0800] "GET /xingrg/all/function/internal_message.html?_=1663038348541&CODE_STATE=getMsg HTTP/1.1" 302 -
180.169.147.146 - - [13/Sep/2022:11:05:50 +0800] "GET /xingrg/all/function/internal_message.html?_=1663038345785&CODE_STATE=getMsg HTTP/1.1" 200 27
116.224.255.128 - - [13/Sep/2022:11:05:51 +0800] "GET /xingrg/all/function/internal_message.html?_=1663038290207&CODE_STATE=getMsg HTTP/1.1" 200 27
58.40.7.146 - - [13/Sep/2022:11:05:51 +0800] "GET /xingrg/all/function/internal_message.html?_=1663038351057&CODE_STATE=getMsg HTTP/1.1" 200 27
116.238.169.132 - - [13/Sep/2022:11:05:53 +0800] "GET /xingrg/kc/base/wldb_order_operate.html?command=get_materiel&rest_code=00102&base_code=0010476&code=00101019400 HTTP/1.1" 200 463
180.163.30.100 - - [13/Sep/2022:11:05:54 +0800] "GET /xingrg/kc/buy/cgsh_order_list.html HTTP/1.1" 302 -
180.163.30.100 - - [13/Sep/2022:11:05:54 +0800] "GET /xingrg/login.html HTTP/1.1" 200 7641
124.79.74.72 - - [13/Sep/2022:11:05:57 +0800] "GET /xingrg/all/function/internal_message.html?_=1663038354116&CODE_STATE=getMsg HTTP/1.1" 200 27
116.238.169.132 - - [13/Sep/2022:11:05:58 +0800] "GET /xingrg/kc/base/wldb_order_operate.html?command=get_materiel&rest_code=00102&base_code=0010476&code=00101019529 HTTP/1.1" 200 475
114.84.81.136 - - [13/Sep/2022:11:05:59 +0800] "GET /xingrg/all/function/internal_message.html?_=1663038360614&CODE_STATE=getMsg HTTP/1.1" 200 27
116.238.169.132 - - [13/Sep/2022:11:05:59 +0800] "GET /xingrg/all/function/internal_message.html?_=1663038371164&CODE_STATE=getMsg HTTP/1.1" 200 27
114.88.158.224 - - [13/Sep/2022:11:06:00 +0800] "GET /xingrg/all/function/internal_message.html?_=1663038018008&CODE_STATE=getMsg HTTP/1.1" 200 27
116.224.255.128 - - [13/Sep/2022:11:06:00 +0800] "GET /xingrg/all/function/internal_message.html?_=1663038360312&CODE_STATE=getMsg HTTP/1.1" 200 27
180.169.147.146 - - [13/Sep/2022:11:06:05 +0800] "GET /xingrg/logout.do HTTP/1.1" 302 -
180.169.147.146 - - [13/Sep/2022:11:06:05 +0800] "GET /xingrg/login.html?sysBaseUrl=http%3A%2F%2F180.169.147.146%3A18081%2Fxingrg%2F&costTime=3×tamp=1663038365292 HTTP/1.1" 200 7641
180.169.147.146 - - [13/Sep/2022:11:06:05 +0800] "GET /favicon.ico HTTP/1.1" 404 -
180.162.112.166 - - [13/Sep/2022:11:06:06 +0800] "GET /xingrg/all/function/internal_message.html?_=1663037496214&CODE_STATE=getMsg HTTP/1.1" 200 27
116.238.169.132 - - [13/Sep/2022:11:06:06 +0800] "GET /xingrg/kc/base/wldb_order_operate.html?command=get_materiel&rest_code=00102&base_code=0010476&code=00101019438 HTTP/1.1" 200 462
61.170.235.210 - - [13/Sep/2022:11:06:08 +0800] "GET /xingrg/all/function/internal_message.html?_=1663038366973&CODE_STATE=getMsg HTTP/1.1" 200 27
116.238.169.132 - - [13/Sep/2022:11:06:10 +0800] "GET /xingrg/kc/base/wldb_order_operate.html?command=get_materiel&rest_code=00102&base_code=0010476&code=00101019390 HTTP/1.1" 200 469
180.169.147.146 - - [13/Sep/2022:11:06:12 +0800] "POST /xingrg/login.do HTTP/1.1" 302 -
180.169.147.146 - - [13/Sep/2022:11:06:12 +0800] "GET /xingrg/index.html?sysBaseUrl=http%3A%2F%2F180.169.147.146%3A18081%2Fxingrg%2F&costTime=40×tamp=1663038372885 HTTP/1.1" 200 17179
180.169.147.146 - - [13/Sep/2022:11:06:12 +0800] "GET /favicon.ico HTTP/1.1" 404 -
180.169.147.146 - - [13/Sep/2022:11:06:13 +0800] "POST /xingrg/all/common/load_tree.html?tree=area_rest_tree_json&manage=1 HTTP/1.1" 200 351
