180.169.147.146 - - [13/Sep/2022:10:53:51 +0800] "GET /xingrg/kc/guide/show_order.html?code=312022081300289&type=31 HTTP/1.1" 302 -
116.224.255.128 - - [13/Sep/2022:10:53:51 +0800] "GET /xingrg/all/function/internal_message.html?_=1663037569839&CODE_STATE=getMsg HTTP/1.1" 200 27
180.169.147.146 - - [13/Sep/2022:10:53:51 +0800] "GET /xingrg/kc/mdqp/pssh_order_info.html?code=312022081300289&sysBaseUrl=http%3A%2F%2F180.169.147.146%3A18081%2Fxingrg%2F&costTime=1×tamp=1663037631276 HTTP/1.1" 200 14382
180.169.147.146 - - [13/Sep/2022:10:53:51 +0800] "GET /xingrg/javascript/jquery_tools/jquery-1.4.2.min.js HTTP/1.1" 404 1094
180.169.147.146 - - [13/Sep/2022:10:53:51 +0800] "GET /favicon.ico HTTP/1.1" 404 -
180.169.147.146 - - [13/Sep/2022:10:53:51 +0800] "POST /xingrg/kc/mdqp/pssh_order_operate.html HTTP/1.1" 200 3624
180.169.147.146 - - [13/Sep/2022:10:53:51 +0800] "GET /xingrg/javascript/easyui/themes/default/validatebox.css HTTP/1.1" 404 1104
58.40.7.146 - - [13/Sep/2022:10:53:51 +0800] "GET /xingrg/all/function/internal_message.html?_=1663037631055&CODE_STATE=getMsg HTTP/1.1" 200 27
116.224.255.128 - - [13/Sep/2022:10:53:53 +0800] "POST /xingrg/dwr/call/plaincall/AjaxYddbService.checkOrder.dwr HTTP/1.1" 200 79
180.169.147.146 - - [13/Sep/2022:10:53:57 +0800] "POST /xingrg/kc/base/check_list_operate.html HTTP/1.1" 200 3156
124.79.74.72 - - [13/Sep/2022:10:53:57 +0800] "GET /xingrg/all/function/internal_message.html?_=1663037634364&CODE_STATE=getMsg HTTP/1.1" 200 27
114.84.81.136 - - [13/Sep/2022:10:53:59 +0800] "GET /xingrg/all/function/internal_message.html?_=1663037640667&CODE_STATE=getMsg HTTP/1.1" 200 27
116.238.169.132 - - [13/Sep/2022:10:54:00 +0800] "GET /xingrg/all/function/internal_message.html?_=1663037651357&CODE_STATE=getMsg HTTP/1.1" 200 27
114.88.158.224 - - [13/Sep/2022:10:54:00 +0800] "GET /xingrg/all/function/internal_message.html?_=1663037298290&CODE_STATE=getMsg HTTP/1.1" 200 27
180.169.147.146 - - [13/Sep/2022:10:54:01 +0800] "GET /xingrg/kc/base/check_order_list.html HTTP/1.1" 200 16560
180.169.147.146 - - [13/Sep/2022:10:54:01 +0800] "POST /xingrg/kc/base/check_list_operate.html HTTP/1.1" 200 3156
180.169.147.146 - - [13/Sep/2022:10:54:04 +0800] "GET /xingrg/kc/system/base_setting_page.html HTTP/1.1" 200 9193
180.169.147.146 - - [13/Sep/2022:10:54:04 +0800] "GET /xingrg/dwr/interface/AjaxSystemService.js HTTP/1.1" 200 13657
180.169.147.146 - - [13/Sep/2022:10:54:04 +0800] "GET /xingrg/dwr/engine.js HTTP/1.1" 200 43631
180.169.147.146 - - [13/Sep/2022:10:54:06 +0800] "POST /xingrg/dwr/call/plaincall/AjaxSystemService.saveConfigItems.dwr HTTP/1.1" 200 78
114.83.221.99 - - [13/Sep/2022:10:54:08 +0800] "GET /xingrg/all/function/internal_message.html?_=1663037644657&CODE_STATE=getMsg HTTP/1.1" 200 27
61.170.235.210 - - [13/Sep/2022:10:54:08 +0800] "GET /xingrg/all/function/internal_message.html?_=1663037647276&CODE_STATE=getMsg HTTP/1.1" 200 27
180.169.147.146 - - [13/Sep/2022:10:54:09 +0800] "GET /xingrg/kc/base/check_order_list.html HTTP/1.1" 200 16560
114.83.221.99 - - [13/Sep/2022:10:54:09 +0800] "GET /xingrg/check_reg.html?_=1663037646106 HTTP/1.1" 200 22
180.169.147.146 - - [13/Sep/2022:10:54:09 +0800] "POST /xingrg/kc/base/check_list_operate.html HTTP/1.1" 200 3156
114.83.221.99 - - [13/Sep/2022:10:54:09 +0800] "POST /xingrg/kc/buy/cgsh_list_operate.html HTTP/1.1" 200 1780
180.169.147.146 - - [13/Sep/2022:10:54:10 +0800] "POST /xingrg/kc/base/check_list_operate.html HTTP/1.1" 200 3156
114.83.221.99 - - [13/Sep/2022:10:54:11 +0800] "POST /xingrg/kc/buy/cgsh_list_operate.html HTTP/1.1" 200 202
222.70.246.221 - - [13/Sep/2022:10:54:11 +0800] "GET /xingrg/kc/buy/cgsh_order_add.html HTTP/1.1" 200 68639
222.70.246.221 - - [13/Sep/2022:10:54:12 +0800] "POST /xingrg/kc/buy/cgsh_order_operate.html HTTP/1.1" 200 8245
114.83.221.99 - - [13/Sep/2022:10:54:12 +0800] "GET /xingrg/kc/buy/cgsh_order_info.html?code=212022090501722 HTTP/1.1" 200 68776
222.70.246.221 - - [13/Sep/2022:10:54:12 +0800] "GET /xingrg/javascript/easyui/themes/default/validatebox.css HTTP/1.1" 404 1104
114.83.221.99 - - [13/Sep/2022:10:54:12 +0800] "GET /xingrg/javascript/easyui/themes/default/validatebox.css HTTP/1.1" 404 1104
114.83.221.99 - - [13/Sep/2022:10:54:13 +0800] "POST /xingrg/kc/buy/cgsh_order_operate.html HTTP/1.1" 200 2658
114.83.221.99 - - [13/Sep/2022:10:54:14 +0800] "POST /xingrg/kc/buy/cgsh_list_operate.html HTTP/1.1" 200 1780
114.84.5.35 - - [13/Sep/2022:10:54:14 +0800] "GET /xingrg/all/function/internal_message.html?_=1663037652488&CODE_STATE=getMsg HTTP/1.1" 200 27
180.169.147.146 - - [13/Sep/2022:10:54:17 +0800] "GET /xingrg/kc/system/base_setting_page.html HTTP/1.1" 200 9186
180.169.147.146 - - [13/Sep/2022:10:54:17 +0800] "GET /xingrg/dwr/interface/AjaxSystemService.js HTTP/1.1" 200 13657
180.169.147.146 - - [13/Sep/2022:10:54:17 +0800] "GET /xingrg/dwr/engine.js HTTP/1.1" 200 43631
180.169.147.146 - - [13/Sep/2022:10:54:18 +0800] "GET /xingrg/all/function/internal_message.html?_=1663037657678&CODE_STATE=getMsg HTTP/1.1" 200 27
124.79.74.72 - - [13/Sep/2022:10:54:28 +0800] "GET /xingrg/check_reg.html?_=1663037665412 HTTP/1.1" 200 22
222.70.246.221 - - [13/Sep/2022:10:54:29 +0800] "GET /xingrg/all/function/internal_message.html?_=1663037674331&CODE_STATE=getMsg HTTP/1.1" 200 27
116.225.121.189 - - [13/Sep/2022:10:54:34 +0800] "GET /xingrg/all/function/internal_message.html?_=1663037674468&CODE_STATE=getMsg HTTP/1.1" 200 27
116.238.169.132 - - [13/Sep/2022:10:54:46 +0800] "GET /xingrg/all/function/internal_message.html?_=1663037687987&CODE_STATE=getMsg HTTP/1.1" 200 27
120.253.135.82 - - [13/Sep/2022:10:54:47 +0800] "GET /xingrg/all/function/internal_message.html?_=1663037803060&CODE_STATE=getMsg HTTP/1.1" 200 27
114.83.221.99 - - [13/Sep/2022:10:54:48 +0800] "POST /xingrg/kc/buy/cgsh_order_operate.html HTTP/1.1" 200 37
58.221.95.50 - - [13/Sep/2022:10:54:49 +0800] "GET /xingrg/all/function/internal_message.html?_=1663037688824&CODE_STATE=getMsg HTTP/1.1" 302 -
180.169.147.146 - - [13/Sep/2022:10:54:50 +0800] "GET /xingrg/all/function/internal_message.html?_=1663037685780&CODE_STATE=getMsg HTTP/1.1" 200 27
116.224.255.128 - - [13/Sep/2022:10:54:51 +0800] "GET /xingrg/all/function/internal_message.html?_=1663037629854&CODE_STATE=getMsg HTTP/1.1" 200 27
114.83.221.99 - - [13/Sep/2022:10:54:51 +0800] "POST /xingrg/kc/buy/cgsh_order_operate.html HTTP/1.1" 200 12
58.40.7.146 - - [13/Sep/2022:10:54:51 +0800] "GET /xingrg/check_reg.html?_=1663037691058 HTTP/1.1" 200 22
58.40.7.146 - - [13/Sep/2022:10:54:51 +0800] "GET /xingrg/all/function/internal_message.html?_=1663037691059&CODE_STATE=getMsg HTTP/1.1" 200 27
58.221.95.50 - - [13/Sep/2022:10:54:52 +0800] "GET /xingrg/check_reg.html?_=1663037691448 HTTP/1.1" 302 -
180.169.147.146 - - [13/Sep/2022:10:54:57 +0800] "GET /xingrg/kc/base/base_main.html HTTP/1.1" 200 12142
124.79.74.72 - - [13/Sep/2022:10:54:57 +0800] "GET /xingrg/all/function/internal_message.html?_=1663037694334&CODE_STATE=getMsg HTTP/1.1" 200 27
180.169.147.146 - - [13/Sep/2022:10:54:58 +0800] "GET /xingrg/kc/base/yddb_order_list.html HTTP/1.1" 200 16786
180.169.147.146 - - [13/Sep/2022:10:54:59 +0800] "POST /xingrg/kc/base/yddb_list_operate.html HTTP/1.1" 200 2819
114.84.81.136 - - [13/Sep/2022:10:54:59 +0800] "GET /xingrg/all/function/internal_message.html?_=1663037700665&CODE_STATE=getMsg HTTP/1.1" 200 27
116.238.169.132 - - [13/Sep/2022:10:55:00 +0800] "GET /xingrg/all/function/internal_message.html?_=1663037711336&CODE_STATE=getMsg HTTP/1.1" 200 27
180.169.147.146 - - [13/Sep/2022:10:55:00 +0800] "POST /xingrg/kc/base/yddb_list_operate.html HTTP/1.1" 200 205
114.88.158.224 - - [13/Sep/2022:10:55:00 +0800] "GET /xingrg/all/function/internal_message.html?_=1663037358261&CODE_STATE=getMsg HTTP/1.1" 200 27
180.169.147.146 - - [13/Sep/2022:10:55:00 +0800] "GET /xingrg/kc/base/yddb_order_info.html?code=482022091300153 HTTP/1.1" 200 31489
180.169.147.146 - - [13/Sep/2022:10:55:00 +0800] "GET /xingrg/dwr/engine.js HTTP/1.1" 200 43631
180.169.147.146 - - [13/Sep/2022:10:55:00 +0800] "GET /xingrg/dwr/interface/AjaxYddbService.js HTTP/1.1" 200 13201
180.169.147.146 - - [13/Sep/2022:10:55:01 +0800] "GET /xingrg/dwr/interface/AjaxComOrderService.js HTTP/1.1" 200 18264
180.169.147.146 - - [13/Sep/2022:10:55:01 +0800] "POST /xingrg/dwr/call/plaincall/AjaxYddbService.loadMaterielItems.dwr HTTP/1.1" 200 403
180.169.147.146 - - [13/Sep/2022:10:55:07 +0800] "POST /xingrg/dwr/call/plaincall/AjaxComOrderService.getMaterielSearchList.dwr HTTP/1.1" 200 76
61.170.235.210 - - [13/Sep/2022:10:55:08 +0800] "GET /xingrg/all/function/internal_message.html?_=1663037707246&CODE_STATE=getMsg HTTP/1.1" 200 27
61.170.235.210 - - [13/Sep/2022:10:55:08 +0800] "GET /xingrg/check_reg.html?_=1663037707607 HTTP/1.1" 200 22
180.169.147.146 - - [13/Sep/2022:10:55:09 +0800] "POST /xingrg/dwr/call/plaincall/AjaxComOrderService.getMaterielSearchList.dwr HTTP/1.1" 200 76
222.70.246.221 - - [13/Sep/2022:10:55:11 +0800] "POST /xingrg/kc/buy/cgsh_list_operate.html HTTP/1.1" 200 4561
116.224.255.128 - - [13/Sep/2022:10:55:12 +0800] "GET /xingrg/all/function/internal_message.html?_=1663037711437&CODE_STATE=getMsg HTTP/1.1" 200 27
116.224.255.128 - - [13/Sep/2022:10:55:12 +0800] "GET /xingrg/kc/base/yddb_order_info.html?code=482022091300154 HTTP/1.1" 200 29585
116.224.255.128 - - [13/Sep/2022:10:55:12 +0800] "GET /xingrg/dwr/interface/AjaxComOrderService.js HTTP/1.1" 200 18264
116.224.255.128 - - [13/Sep/2022:10:55:12 +0800] "GET /xingrg/dwr/interface/AjaxYddbService.js HTTP/1.1" 200 13201
116.224.255.128 - - [13/Sep/2022:10:55:12 +0800] "GET /xingrg/dwr/engine.js HTTP/1.1" 200 43631
116.224.255.128 - - [13/Sep/2022:10:55:12 +0800] "POST /xingrg/dwr/call/plaincall/AjaxYddbService.loadMaterielItems.dwr HTTP/1.1" 200 1133
180.169.147.146 - - [13/Sep/2022:10:55:12 +0800] "POST /xingrg/dwr/call/plaincall/AjaxComOrderService.getMaterielSearchList.dwr HTTP/1.1" 200 76
180.169.147.146 - - [13/Sep/2022:10:55:13 +0800] "POST /xingrg/dwr/call/plaincall/AjaxComOrderService.getMaterielSearchList.dwr HTTP/1.1" 200 203
180.169.147.146 - - [13/Sep/2022:10:55:14 +0800] "POST /xingrg/dwr/call/plaincall/AjaxComOrderService.getMaterielSearchList.dwr HTTP/1.1" 200 76
114.84.5.35 - - [13/Sep/2022:10:55:14 +0800] "GET /xingrg/all/function/internal_message.html?_=1663037712489&CODE_STATE=getMsg HTTP/1.1" 200 27
116.224.255.128 - - [13/Sep/2022:10:55:14 +0800] "GET /xingrg/kc/base/yddb_order_add.html HTTP/1.1" 200 29837
116.224.255.128 - - [13/Sep/2022:10:55:14 +0800] "GET /xingrg/dwr/interface/AjaxYddbService.js HTTP/1.1" 200 13201
116.224.255.128 - - [13/Sep/2022:10:55:14 +0800] "GET /xingrg/dwr/interface/AjaxComOrderService.js HTTP/1.1" 200 18264
116.224.255.128 - - [13/Sep/2022:10:55:14 +0800] "GET /xingrg/dwr/engine.js HTTP/1.1" 200 43631
180.169.147.146 - - [13/Sep/2022:10:55:14 +0800] "POST /xingrg/dwr/call/plaincall/AjaxComOrderService.getMaterielSearchList.dwr HTTP/1.1" 200 76
180.169.147.146 - - [13/Sep/2022:10:55:16 +0800] "POST /xingrg/dwr/call/plaincall/AjaxComOrderService.getMaterielSearchList.dwr HTTP/1.1" 200 571
116.224.255.128 - - [13/Sep/2022:10:55:16 +0800] "POST /xingrg/dwr/call/plaincall/AjaxYddbService.getRestBases.dwr HTTP/1.1" 200 1616
180.169.147.146 - - [13/Sep/2022:10:55:17 +0800] "POST /xingrg/dwr/call/plaincall/AjaxComOrderService.getMaterielSearchList.dwr HTTP/1.1" 200 76
222.70.246.221 - - [13/Sep/2022:10:55:17 +0800] "GET /xingrg/kc/base/base_main.html HTTP/1.1" 200 12142
222.70.246.221 - - [13/Sep/2022:10:55:17 +0800] "GET /xingrg/javascript/jquery_easy_ui/themes/icon.css HTTP/1.1" 304 -
222.70.246.221 - - [13/Sep/2022:10:55:17 +0800] "GET /xingrg/javascript/myfunction.js HTTP/1.1" 304 -
222.70.246.221 - - [13/Sep/2022:10:55:17 +0800] "GET /xingrg/css/blue.css HTTP/1.1" 304 -
222.70.246.221 - - [13/Sep/2022:10:55:17 +0800] "GET /xingrg/javascript/jquery-1.4.2.min.js HTTP/1.1" 304 -
222.70.246.221 - - [13/Sep/2022:10:55:17 +0800] "GET /xingrg/javascript/jquery_easy_ui/themes/default/easyui.css HTTP/1.1" 304 -
180.169.147.146 - - [13/Sep/2022:10:55:17 +0800] "POST /xingrg/dwr/call/plaincall/AjaxComOrderService.getMaterielSearchList.dwr HTTP/1.1" 200 76
180.169.147.146 - - [13/Sep/2022:10:55:18 +0800] "GET /xingrg/check_reg.html?_=1663037717690 HTTP/1.1" 200 22
180.169.147.146 - - [13/Sep/2022:10:55:18 +0800] "GET /xingrg/all/function/internal_message.html?_=1663037717693&CODE_STATE=getMsg HTTP/1.1" 200 27
222.70.246.221 - - [13/Sep/2022:10:55:19 +0800] "GET /xingrg/kc/base/wldb_order_list.html HTTP/1.1" 200 19186
222.70.246.221 - - [13/Sep/2022:10:55:19 +0800] "GET /xingrg/javascript/jquery_tools/list_manager.js HTTP/1.1" 304 -
222.70.246.221 - - [13/Sep/2022:10:55:20 +0800] "POST /xingrg/kc/base/wldb_list_operate.html HTTP/1.1" 200 928
116.224.255.128 - - [13/Sep/2022:10:55:22 +0800] "POST /xingrg/dwr/call/plaincall/AjaxYddbService.saveOrder.dwr HTTP/1.1" 200 78
116.224.255.128 - - [13/Sep/2022:10:55:24 +0800] "POST /xingrg/dwr/call/plaincall/AjaxComOrderService.getMaterielSearchList.dwr HTTP/1.1" 200 19883
116.224.255.128 - - [13/Sep/2022:10:55:25 +0800] "POST /xingrg/dwr/call/plaincall/AjaxComOrderService.getMaterielSearchList.dwr HTTP/1.1" 200 1772
116.224.255.128 - - [13/Sep/2022:10:55:26 +0800] "POST /xingrg/dwr/call/plaincall/AjaxYddbService.getMaterielByMap.dwr HTTP/1.1" 200 3956
116.224.255.128 - - [13/Sep/2022:10:55:27 +0800] "POST /xingrg/dwr/call/plaincall/AjaxYddbService.getUnitPrice.dwr HTTP/1.1" 200 86
222.70.246.221 - - [13/Sep/2022:10:55:29 +0800] "GET /xingrg/all/function/internal_message.html?_=1663037734344&CODE_STATE=getMsg HTTP/1.1" 200 27
116.224.255.128 - - [13/Sep/2022:10:55:29 +0800] "POST /xingrg/dwr/call/plaincall/AjaxYddbService.saveMaterielItem.dwr HTTP/1.1" 200 78
180.169.147.146 - - [13/Sep/2022:10:55:32 +0800] "POST /xingrg/dwr/call/plaincall/AjaxYddbService.saveMaterielItem.dwr HTTP/1.1" 200 79
116.224.255.128 - - [13/Sep/2022:10:55:32 +0800] "POST /xingrg/dwr/call/plaincall/AjaxComOrderService.getMaterielSearchList.dwr HTTP/1.1" 200 15030
116.224.255.128 - - [13/Sep/2022:10:55:33 +0800] "POST /xingrg/dwr/call/plaincall/AjaxComOrderService.getMaterielSearchList.dwr HTTP/1.1" 200 297
116.224.255.128 - - [13/Sep/2022:10:55:34 +0800] "POST /xingrg/dwr/call/plaincall/AjaxYddbService.getMaterielByMap.dwr HTTP/1.1" 200 3936
116.225.121.189 - - [13/Sep/2022:10:55:34 +0800] "GET /xingrg/all/function/internal_message.html?_=1663037734446&CODE_STATE=getMsg HTTP/1.1" 200 27
116.225.121.189 - - [13/Sep/2022:10:55:35 +0800] "GET /xingrg/check_reg.html?_=1663037735400 HTTP/1.1" 200 22
116.224.255.128 - - [13/Sep/2022:10:55:35 +0800] "POST /xingrg/dwr/call/plaincall/AjaxYddbService.getUnitPrice.dwr HTTP/1.1" 200 88
116.224.255.128 - - [13/Sep/2022:10:55:37 +0800] "POST /xingrg/dwr/call/plaincall/AjaxYddbService.saveMaterielItem.dwr HTTP/1.1" 200 79
116.224.255.128 - - [13/Sep/2022:10:55:40 +0800] "POST /xingrg/dwr/call/plaincall/AjaxComOrderService.getMaterielSearchList.dwr HTTP/1.1" 200 35967
116.224.255.128 - - [13/Sep/2022:10:55:41 +0800] "POST /xingrg/dwr/call/plaincall/AjaxComOrderService.getMaterielSearchList.dwr HTTP/1.1" 200 2463
116.224.255.128 - - [13/Sep/2022:10:55:45 +0800] "POST /xingrg/dwr/call/plaincall/AjaxYddbService.getMaterielByMap.dwr HTTP/1.1" 200 3967
116.238.169.132 - - [13/Sep/2022:10:55:45 +0800] "GET /xingrg/kc/buy/cgsh_order_list.html HTTP/1.1" 200 52895
116.238.169.132 - - [13/Sep/2022:10:55:46 +0800] "POST /xingrg/kc/buy/cgsh_list_operate.html HTTP/1.1" 200 928
180.169.147.146 - - [13/Sep/2022:10:55:46 +0800] "POST /xingrg/dwr/call/plaincall/AjaxComOrderService.getMaterielSearchList.dwr HTTP/1.1" 200 1541
116.224.255.128 - - [13/Sep/2022:10:55:46 +0800] "POST /xingrg/dwr/call/plaincall/AjaxYddbService.getUnitPrice.dwr HTTP/1.1" 200 88
116.238.169.132 - - [13/Sep/2022:10:55:46 +0800] "GET /xingrg/kc/buy/cgsh_order_add.html HTTP/1.1" 200 68712
116.238.169.132 - - [13/Sep/2022:10:55:46 +0800] "GET /xingrg/words/20220912134540_words.js HTTP/1.1" 304 -
116.238.169.132 - - [13/Sep/2022:10:55:46 +0800] "GET /xingrg/javascript/easyui/themes/default/validatebox.css HTTP/1.1" 404 1104
116.238.169.132 - - [13/Sep/2022:10:55:47 +0800] "GET /xingrg/all/function/internal_message.html?_=1663037748003&CODE_STATE=getMsg HTTP/1.1" 200 27
180.169.147.146 - - [13/Sep/2022:10:55:47 +0800] "POST /xingrg/dwr/call/plaincall/AjaxComOrderService.getMaterielSearchList.dwr HTTP/1.1" 200 410
116.238.169.132 - - [13/Sep/2022:10:55:47 +0800] "POST /xingrg/kc/buy/cgsh_order_operate.html HTTP/1.1" 200 8245
120.253.135.82 - - [13/Sep/2022:10:55:47 +0800] "GET /xingrg/all/function/internal_message.html?_=1663037863064&CODE_STATE=getMsg HTTP/1.1" 200 27
180.169.147.146 - - [13/Sep/2022:10:55:48 +0800] "POST /xingrg/dwr/call/plaincall/AjaxYddbService.getMaterielByMap.dwr HTTP/1.1" 200 2827
116.238.169.132 - - [13/Sep/2022:10:55:48 +0800] "GET /xingrg/javascript/easyui/themes/default/tree.css HTTP/1.1" 404 1090
116.224.255.128 - - [13/Sep/2022:10:55:48 +0800] "GET /xingrg/check_reg.html?_=1663037687461 HTTP/1.1" 200 22
116.238.169.132 - - [13/Sep/2022:10:55:49 +0800] "POST /xingrg/all/common/load_tree.html?tree=supplier_tree_json&isDelete=1 HTTP/1.1" 200 68444
58.221.95.50 - - [13/Sep/2022:10:55:49 +0800] "GET /xingrg/all/function/internal_message.html?_=1663037748796&CODE_STATE=getMsg HTTP/1.1" 302 -
180.169.147.146 - - [13/Sep/2022:10:55:50 +0800] "GET /xingrg/all/function/internal_message.html?_=1663037745768&CODE_STATE=getMsg HTTP/1.1" 200 27
116.224.255.128 - - [13/Sep/2022:10:55:50 +0800] "POST /xingrg/dwr/call/plaincall/AjaxYddbService.saveMaterielItem.dwr HTTP/1.1" 200 79
116.224.255.128 - - [13/Sep/2022:10:55:51 +0800] "GET /xingrg/all/function/internal_message.html?_=1663037689868&CODE_STATE=getMsg HTTP/1.1" 200 27
58.40.7.146 - - [13/Sep/2022:10:55:51 +0800] "GET /xingrg/all/function/internal_message.html?_=1663037751047&CODE_STATE=getMsg HTTP/1.1" 200 27
116.232.194.65 - - [13/Sep/2022:10:55:56 +0800] "POST /xingrg/services/DataTransmitService HTTP/1.1" 200 524
180.169.147.146 - - [13/Sep/2022:10:55:56 +0800] "POST /xingrg/dwr/call/plaincall/AjaxYddbService.saveMaterielItem.dwr HTTP/1.1" 200 79
180.169.147.146 - - [13/Sep/2022:10:55:57 +0800] "POST /xingrg/dwr/call/plaincall/AjaxComOrderService.getMaterielSearchList.dwr HTTP/1.1" 200 77
124.79.74.72 - - [13/Sep/2022:10:55:57 +0800] "GET /xingrg/all/function/internal_message.html?_=1663037754320&CODE_STATE=getMsg HTTP/1.1" 200 27
114.84.81.136 - - [13/Sep/2022:10:55:59 +0800] "GET /xingrg/all/function/internal_message.html?_=1663037760648&CODE_STATE=getMsg HTTP/1.1" 200 27
116.238.169.132 - - [13/Sep/2022:10:56:00 +0800] "GET /xingrg/all/function/internal_message.html?_=1663037771318&CODE_STATE=getMsg HTTP/1.1" 200 27
114.88.158.224 - - [13/Sep/2022:10:56:00 +0800] "GET /xingrg/all/function/internal_message.html?_=1663037418235&CODE_STATE=getMsg HTTP/1.1" 200 27
116.238.169.132 - - [13/Sep/2022:10:56:01 +0800] "GET /xingrg/javascript/auto/indicator.gif HTTP/1.1" 404 1066
116.238.169.132 - - [13/Sep/2022:10:56:05 +0800] "GET /xingrg/kc/buy/cgsh_order_operate.html?command=get_materiel&rest_code=00102&code=00101009109&supplier_code=00100026&order_time=2022-09-13 HTTP/1.1" 200 413
180.169.147.146 - - [13/Sep/2022:10:56:06 +0800] "POST /xingrg/dwr/call/plaincall/AjaxComOrderService.getMaterielSearchList.dwr HTTP/1.1" 200 17682
61.170.235.210 - - [13/Sep/2022:10:56:08 +0800] "GET /xingrg/all/function/internal_message.html?_=1663037767216&CODE_STATE=getMsg HTTP/1.1" 200 27
180.169.147.146 - - [13/Sep/2022:10:56:10 +0800] "POST /xingrg/dwr/call/plaincall/AjaxComOrderService.getMaterielSearchList.dwr HTTP/1.1" 200 415
116.224.255.128 - - [13/Sep/2022:10:56:11 +0800] "GET /xingrg/all/function/internal_message.html?_=1663037771425&CODE_STATE=getMsg HTTP/1.1" 200 27
180.169.147.146 - - [13/Sep/2022:10:56:12 +0800] "POST /xingrg/dwr/call/plaincall/AjaxYddbService.getMaterielByMap.dwr HTTP/1.1" 200 2829
114.84.5.35 - - [13/Sep/2022:10:56:14 +0800] "GET /xingrg/all/function/internal_message.html?_=1663037772489&CODE_STATE=getMsg HTTP/1.1" 200 27
116.238.169.132 - - [13/Sep/2022:10:56:16 +0800] "GET /xingrg/kc/buy/cgsh_order_operate.html?command=get_materiel&rest_code=00102&code=00101009041&supplier_code=00100026&order_time=2022-09-13 HTTP/1.1" 200 408
116.224.255.128 - - [13/Sep/2022:10:56:16 +0800] "POST /xingrg/dwr/call/plaincall/AjaxComOrderService.getMaterielSearchList.dwr HTTP/1.1" 200 8635
116.224.255.128 - - [13/Sep/2022:10:56:17 +0800] "POST /xingrg/dwr/call/plaincall/AjaxComOrderService.getMaterielSearchList.dwr HTTP/1.1" 200 699
180.169.147.146 - - [13/Sep/2022:10:56:18 +0800] "GET /xingrg/all/function/internal_message.html?_=1663037777686&CODE_STATE=getMsg HTTP/1.1" 200 27
116.224.255.128 - - [13/Sep/2022:10:56:19 +0800] "POST /xingrg/dwr/call/plaincall/AjaxYddbService.getMaterielByMap.dwr HTTP/1.1" 200 3920
116.224.255.128 - - [13/Sep/2022:10:56:21 +0800] "POST /xingrg/dwr/call/plaincall/AjaxYddbService.saveMaterielItem.dwr HTTP/1.1" 200 79
116.238.169.132 - - [13/Sep/2022:10:56:24 +0800] "GET /xingrg/kc/buy/cgsh_order_operate.html?command=get_materiel&rest_code=00102&code=00101009137&supplier_code=00100026&order_time=2022-09-13 HTTP/1.1" 200 410
180.169.147.146 - - [13/Sep/2022:10:56:24 +0800] "POST /xingrg/dwr/call/plaincall/AjaxYddbService.saveMaterielItem.dwr HTTP/1.1" 200 79
116.225.121.189 - - [13/Sep/2022:10:56:24 +0800] "POST /xingrg/services/DataTransmitService HTTP/1.1" 200 524
114.84.81.136 - - [13/Sep/2022:10:56:24 +0800] "GET /xingrg/check_reg.html?_=1663037785530 HTTP/1.1" 200 22
180.169.147.146 - - [13/Sep/2022:10:56:25 +0800] "POST /xingrg/dwr/call/plaincall/AjaxComOrderService.getMaterielSearchList.dwr HTTP/1.1" 200 77
116.225.121.189 - - [13/Sep/2022:10:56:25 +0800] "POST /xingrg/services/DataTransmitService HTTP/1.1" 200 412
180.169.147.146 - - [13/Sep/2022:10:56:27 +0800] "POST /xingrg/dwr/call/plaincall/AjaxComOrderService.getMaterielSearchList.dwr HTTP/1.1" 200 17682
180.169.147.146 - - [13/Sep/2022:10:56:28 +0800] "POST /xingrg/dwr/call/plaincall/AjaxComOrderService.getMaterielSearchList.dwr HTTP/1.1" 200 410
180.169.147.146 - - [13/Sep/2022:10:56:29 +0800] "POST /xingrg/dwr/call/plaincall/AjaxYddbService.getMaterielByMap.dwr HTTP/1.1" 200 2829
222.70.246.221 - - [13/Sep/2022:10:56:29 +0800] "GET /xingrg/all/function/internal_message.html?_=1663037794359&CODE_STATE=getMsg HTTP/1.1" 200 27
116.225.121.189 - - [13/Sep/2022:10:56:34 +0800] "GET /xingrg/all/function/internal_message.html?_=1663037794428&CODE_STATE=getMsg HTTP/1.1" 200 27
116.224.255.128 - - [13/Sep/2022:10:56:34 +0800] "POST /xingrg/dwr/call/plaincall/AjaxYddbService.checkOrder.dwr HTTP/1.1" 200 79
116.238.169.132 - - [13/Sep/2022:10:56:35 +0800] "GET /xingrg/kc/buy/cgsh_order_operate.html?command=get_materiel&rest_code=00102&code=00101009011&supplier_code=00100026&order_time=2022-09-13 HTTP/1.1" 200 416
180.169.147.146 - - [13/Sep/2022:10:56:36 +0800] "POST /xingrg/dwr/call/plaincall/AjaxYddbService.saveMaterielItem.dwr HTTP/1.1" 200 79
180.169.147.146 - - [13/Sep/2022:10:56:36 +0800] "POST /xingrg/dwr/call/plaincall/AjaxComOrderService.getMaterielSearchList.dwr HTTP/1.1" 200 77
116.224.255.128 - - [13/Sep/2022:10:56:41 +0800] "GET /xingrg/check_reg.html?_=1663037800702 HTTP/1.1" 200 22
116.224.255.128 - - [13/Sep/2022:10:56:41 +0800] "GET /xingrg/kc/base/yddb_order_info.html?code=482022091300155 HTTP/1.1" 200 29585
116.224.255.128 - - [13/Sep/2022:10:56:41 +0800] "GET /xingrg/dwr/interface/AjaxComOrderService.js HTTP/1.1" 200 18264
116.224.255.128 - - [13/Sep/2022:10:56:41 +0800] "GET /xingrg/dwr/interface/AjaxYddbService.js HTTP/1.1" 200 13201
116.224.255.128 - - [13/Sep/2022:10:56:41 +0800] "GET /xingrg/dwr/engine.js HTTP/1.1" 200 43631
116.224.255.128 - - [13/Sep/2022:10:56:41 +0800] "POST /xingrg/dwr/call/plaincall/AjaxYddbService.loadMaterielItems.dwr HTTP/1.1" 200 1556
180.169.147.146 - - [13/Sep/2022:10:56:41 +0800] "POST /xingrg/dwr/call/plaincall/AjaxComOrderService.getMaterielSearchList.dwr HTTP/1.1" 200 579227
180.169.147.146 - - [13/Sep/2022:10:56:42 +0800] "POST /xingrg/dwr/call/plaincall/AjaxComOrderService.getMaterielSearchList.dwr HTTP/1.1" 200 30043
180.169.147.146 - - [13/Sep/2022:10:56:42 +0800] "POST /xingrg/dwr/call/plaincall/AjaxComOrderService.getMaterielSearchList.dwr HTTP/1.1" 200 204
180.169.147.146 - - [13/Sep/2022:10:56:44 +0800] "POST /xingrg/dwr/call/plaincall/AjaxComOrderService.getMaterielSearchList.dwr HTTP/1.1" 200 77
120.253.135.82 - - [13/Sep/2022:10:56:45 +0800] "GET /xingrg/check_reg.html?_=1663037920767 HTTP/1.1" 200 22
180.169.147.146 - - [13/Sep/2022:10:56:45 +0800] "POST /xingrg/dwr/call/plaincall/AjaxComOrderService.getMaterielSearchList.dwr HTTP/1.1" 200 77
180.169.147.146 - - [13/Sep/2022:10:56:46 +0800] "POST /xingrg/dwr/call/plaincall/AjaxComOrderService.getMaterielSearchList.dwr HTTP/1.1" 200 30613
222.70.246.221 - - [13/Sep/2022:10:56:46 +0800] "GET /xingrg/check_reg.html?_=1663037811705 HTTP/1.1" 200 22
116.238.169.132 - - [13/Sep/2022:10:56:46 +0800] "GET /xingrg/check_reg.html?_=1663037807990 HTTP/1.1" 200 22
116.238.169.132 - - [13/Sep/2022:10:56:46 +0800] "GET /xingrg/all/function/internal_message.html?_=1663037807993&CODE_STATE=getMsg HTTP/1.1" 200 27
120.253.135.82 - - [13/Sep/2022:10:56:47 +0800] "GET /xingrg/all/function/internal_message.html?_=1663037923078&CODE_STATE=getMsg HTTP/1.1" 200 27
180.169.147.146 - - [13/Sep/2022:10:56:47 +0800] "POST /xingrg/dwr/call/plaincall/AjaxComOrderService.getMaterielSearchList.dwr HTTP/1.1" 200 204
180.169.147.146 - - [13/Sep/2022:10:56:48 +0800] "POST /xingrg/dwr/call/plaincall/AjaxComOrderService.getMaterielSearchList.dwr HTTP/1.1" 200 425
180.169.147.146 - - [13/Sep/2022:10:56:49 +0800] "POST /xingrg/dwr/call/plaincall/AjaxYddbService.getMaterielByMap.dwr HTTP/1.1" 200 2833
58.221.95.50 - - [13/Sep/2022:10:56:49 +0800] "GET /xingrg/all/function/internal_message.html?_=1663037808768&CODE_STATE=getMsg HTTP/1.1" 302 -
180.169.147.146 - - [13/Sep/2022:10:56:50 +0800] "GET /xingrg/all/function/internal_message.html?_=1663037805773&CODE_STATE=getMsg HTTP/1.1" 200 27
180.169.147.146 - - [13/Sep/2022:10:56:50 +0800] "GET /xingrg/check_reg.html?_=1663037805774 HTTP/1.1" 200 22
116.224.255.128 - - [13/Sep/2022:10:56:51 +0800] "GET /xingrg/all/function/internal_message.html?_=1663037749881&CODE_STATE=getMsg HTTP/1.1" 200 27
58.40.7.146 - - [13/Sep/2022:10:56:51 +0800] "GET /xingrg/all/function/internal_message.html?_=1663037811050&CODE_STATE=getMsg HTTP/1.1" 200 27
116.224.255.128 - - [13/Sep/2022:10:56:52 +0800] "GET /xingrg/kc/buy/cgsh_order_list.html HTTP/1.1" 200 52901
116.224.255.128 - - [13/Sep/2022:10:56:53 +0800] "POST /xingrg/kc/buy/cgsh_list_operate.html HTTP/1.1" 200 928
116.224.255.128 - - [13/Sep/2022:10:56:54 +0800] "GET /xingrg/kc/mdqp/qqps_order_list.html HTTP/1.1" 200 9668
116.224.255.128 - - [13/Sep/2022:10:56:54 +0800] "GET /xingrg/dwr/interface/AjaxQqpsService.js HTTP/1.1" 200 16326
116.224.255.128 - - [13/Sep/2022:10:56:54 +0800] "GET /xingrg/dwr/interface/AjaxReportQueryService.js HTTP/1.1" 200 13203
116.224.255.128 - - [13/Sep/2022:10:56:54 +0800] "GET /xingrg/dwr/engine.js HTTP/1.1" 200 43631
124.79.74.72 - - [13/Sep/2022:10:56:57 +0800] "GET /xingrg/all/function/internal_message.html?_=1663037814306&CODE_STATE=getMsg HTTP/1.1" 200 27
116.224.255.128 - - [13/Sep/2022:10:56:59 +0800] "GET /xingrg/kc/buy/cgsh_order_list.html HTTP/1.1" 200 52901
114.84.81.136 - - [13/Sep/2022:10:56:59 +0800] "GET /xingrg/all/function/internal_message.html?_=1663037820646&CODE_STATE=getMsg HTTP/1.1" 200 27
116.238.169.132 - - [13/Sep/2022:10:57:00 +0800] "GET /xingrg/all/function/internal_message.html?_=1663037831299&CODE_STATE=getMsg HTTP/1.1" 200 27
116.224.255.128 - - [13/Sep/2022:10:57:00 +0800] "POST /xingrg/kc/buy/cgsh_list_operate.html HTTP/1.1" 200 928
114.88.158.224 - - [13/Sep/2022:10:57:00 +0800] "GET /xingrg/all/function/internal_message.html?_=1663037478206&CODE_STATE=getMsg HTTP/1.1" 200 27
116.224.255.128 - - [13/Sep/2022:10:57:00 +0800] "GET /xingrg/kc/buy/cgsh_order_add.html HTTP/1.1" 200 68677
116.224.255.128 - - [13/Sep/2022:10:57:01 +0800] "POST /xingrg/kc/buy/cgsh_order_operate.html HTTP/1.1" 200 8245
116.224.255.128 - - [13/Sep/2022:10:57:01 +0800] "GET /xingrg/all/common/auto_word.html?type=employee&rest_code=00150 HTTP/1.1" 200 159
116.224.255.128 - - [13/Sep/2022:10:57:01 +0800] "GET /xingrg/javascript/easyui/themes/default/validatebox.css HTTP/1.1" 404 1104
116.224.255.128 - - [13/Sep/2022:10:57:01 +0800] "GET /xingrg/all/common/auto_word.html?type=employee&rest_code=00150 HTTP/1.1" 200 159
61.170.235.210 - - [13/Sep/2022:10:57:08 +0800] "GET /xingrg/all/function/internal_message.html?_=1663037827191&CODE_STATE=getMsg HTTP/1.1" 200 27
116.224.255.128 - - [13/Sep/2022:10:57:11 +0800] "GET /xingrg/all/function/internal_message.html?_=1663037831408&CODE_STATE=getMsg HTTP/1.1" 200 27
116.224.255.128 - - [13/Sep/2022:10:57:11 +0800] "GET /xingrg/kc/buy/cgsh_order_operate.html?command=get_materiel&rest_code=00150&code=00101011005&supplier_code=00100047&order_time=2022-09-13 HTTP/1.1" 200 428
114.84.5.35 - - [13/Sep/2022:10:57:14 +0800] "GET /xingrg/all/function/internal_message.html?_=1663037832489&CODE_STATE=getMsg HTTP/1.1" 200 27
180.169.147.146 - - [13/Sep/2022:10:57:18 +0800] "GET /xingrg/all/function/internal_message.html?_=1663037837701&CODE_STATE=getMsg HTTP/1.1" 200 27
116.238.169.132 - - [13/Sep/2022:10:57:19 +0800] "POST /xingrg/kc/buy/cgsh_order_operate.html HTTP/1.1" 200 37
116.224.255.128 - - [13/Sep/2022:10:57:21 +0800] "GET /xingrg/kc/buy/cgsh_order_operate.html?command=get_materiel&rest_code=00150&code=00101011010&supplier_code=00100047&order_time=2022-09-13 HTTP/1.1" 200 418
180.169.147.146 - - [13/Sep/2022:10:57:23 +0800] "POST /xingrg/dwr/call/plaincall/AjaxYddbService.saveMaterielItem.dwr HTTP/1.1" 200 79
116.238.169.132 - - [13/Sep/2022:10:57:23 +0800] "POST /xingrg/kc/buy/cgsh_order_operate.html HTTP/1.1" 200 12
116.238.169.132 - - [13/Sep/2022:10:57:25 +0800] "GET /xingrg/kc/buy/cgsh_order_info.html?code=212022091304751 HTTP/1.1" 200 63613
116.238.169.132 - - [13/Sep/2022:10:57:25 +0800] "GET /xingrg/javascript/easyui/themes/default/validatebox.css HTTP/1.1" 404 1104
116.238.169.132 - - [13/Sep/2022:10:57:26 +0800] "POST /xingrg/kc/buy/cgsh_order_operate.html HTTP/1.1" 200 2376
116.238.169.132 - - [13/Sep/2022:10:57:27 +0800] "GET /xingrg/check_reg.html?_=1663037859145 HTTP/1.1" 200 22
116.224.255.128 - - [13/Sep/2022:10:57:29 +0800] "POST /xingrg/kc/buy/cgsh_order_operate.html HTTP/1.1" 200 37
116.238.169.132 - - [13/Sep/2022:10:57:29 +0800] "GET /xingrg/kc/print/load_data.html?order_code=212022091304751&kc_code=cgsh&condition= HTTP/1.1" 200 1408
222.70.246.221 - - [13/Sep/2022:10:57:29 +0800] "GET /xingrg/all/function/internal_message.html?_=1663037854371&CODE_STATE=getMsg HTTP/1.1" 200 27
180.169.147.146 - - [13/Sep/2022:10:57:30 +0800] "POST /xingrg/dwr/call/plaincall/AjaxComOrderService.getMaterielSearchList.dwr HTTP/1.1" 200 30043
180.169.147.146 - - [13/Sep/2022:10:57:31 +0800] "POST /xingrg/dwr/call/plaincall/AjaxComOrderService.getMaterielSearchList.dwr HTTP/1.1" 200 204
180.169.147.146 - - [13/Sep/2022:10:57:33 +0800] "POST /xingrg/dwr/call/plaincall/AjaxComOrderService.getMaterielSearchList.dwr HTTP/1.1" 200 77
116.225.121.189 - - [13/Sep/2022:10:57:34 +0800] "GET /xingrg/all/function/internal_message.html?_=1663037854396&CODE_STATE=getMsg HTTP/1.1" 200 27
180.169.147.146 - - [13/Sep/2022:10:57:34 +0800] "POST /xingrg/dwr/call/plaincall/AjaxComOrderService.getMaterielSearchList.dwr HTTP/1.1" 200 475159
180.169.147.146 - - [13/Sep/2022:10:57:35 +0800] "POST /xingrg/dwr/call/plaincall/AjaxComOrderService.getMaterielSearchList.dwr HTTP/1.1" 200 30613
180.169.147.146 - - [13/Sep/2022:10:57:35 +0800] "POST /xingrg/dwr/call/plaincall/AjaxComOrderService.getMaterielSearchList.dwr HTTP/1.1" 200 283
180.169.147.146 - - [13/Sep/2022:10:57:36 +0800] "POST /xingrg/dwr/call/plaincall/AjaxYddbService.getMaterielByMap.dwr HTTP/1.1" 200 2829
116.224.255.128 - - [13/Sep/2022:10:57:43 +0800] "POST /xingrg/kc/buy/cgsh_order_operate.html HTTP/1.1" 200 12
116.224.255.128 - - [13/Sep/2022:10:57:46 +0800] "GET /xingrg/kc/buy/cgsh_order_info.html?code=212022091304752 HTTP/1.1" 200 63580
116.224.255.128 - - [13/Sep/2022:10:57:46 +0800] "GET /xingrg/javascript/easyui/themes/default/validatebox.css HTTP/1.1" 404 1104
116.238.169.132 - - [13/Sep/2022:10:57:46 +0800] "GET /xingrg/all/function/internal_message.html?_=1663037867994&CODE_STATE=getMsg HTTP/1.1" 200 27
116.224.255.128 - - [13/Sep/2022:10:57:47 +0800] "POST /xingrg/kc/buy/cgsh_order_operate.html HTTP/1.1" 200 1206
120.253.135.82 - - [13/Sep/2022:10:57:47 +0800] "GET /xingrg/all/function/internal_message.html?_=1663037983091&CODE_STATE=getMsg HTTP/1.1" 200 27
180.162.112.166 - - [13/Sep/2022:10:57:48 +0800] "GET /xingrg HTTP/1.1" 302 -
180.162.112.166 - - [13/Sep/2022:10:57:48 +0800] "GET /xingrg/ HTTP/1.1" 304 -
180.162.112.166 - - [13/Sep/2022:10:57:48 +0800] "GET /xingrg/index.html HTTP/1.1" 302 -
180.162.112.166 - - [13/Sep/2022:10:57:48 +0800] "GET /xingrg/login.html HTTP/1.1" 200 7641
180.162.112.166 - - [13/Sep/2022:10:57:48 +0800] "GET /xingrg/images/blue/jxLogo.png HTTP/1.1" 304 -
180.162.112.166 - - [13/Sep/2022:10:57:49 +0800] "GET /xingrg/images/blue/login_bg.png HTTP/1.1" 304 -
180.162.112.166 - - [13/Sep/2022:10:57:49 +0800] "GET /xingrg/images/blue/hj.png HTTP/1.1" 304 -
180.162.112.166 - - [13/Sep/2022:10:57:49 +0800] "GET /xingrg/images/blue/srbg.png HTTP/1.1" 304 -
58.221.95.50 - - [13/Sep/2022:10:57:49 +0800] "GET /xingrg/all/function/internal_message.html?_=1663037868739&CODE_STATE=getMsg HTTP/1.1" 302 -
180.169.147.146 - - [13/Sep/2022:10:57:50 +0800] "GET /xingrg/all/function/internal_message.html?_=1663037865773&CODE_STATE=getMsg HTTP/1.1" 200 27
180.162.112.166 - - [13/Sep/2022:10:57:50 +0800] "GET /favicon.ico HTTP/1.1" 404 -
116.224.255.128 - - [13/Sep/2022:10:57:51 +0800] "GET /xingrg/all/function/internal_message.html?_=1663037809896&CODE_STATE=getMsg HTTP/1.1" 200 27
58.40.7.146 - - [13/Sep/2022:10:57:51 +0800] "GET /xingrg/all/function/internal_message.html?_=1663037871051&CODE_STATE=getMsg HTTP/1.1" 200 27
116.238.169.132 - - [13/Sep/2022:10:57:52 +0800] "GET /xingrg/kc/base/wldb_order_list.html HTTP/1.1" 200 19180
116.238.169.132 - - [13/Sep/2022:10:57:53 +0800] "POST /xingrg/kc/base/wldb_list_operate.html HTTP/1.1" 200 928
180.169.147.146 - - [13/Sep/2022:10:57:53 +0800] "POST /xingrg/dwr/call/plaincall/AjaxYddbService.saveMaterielItem.dwr HTTP/1.1" 200 79
116.224.255.128 - - [13/Sep/2022:10:57:53 +0800] "GET /xingrg/kc/print/load_config.html?kc_code=cgsh HTTP/1.1" 200 1943
116.224.255.128 - - [13/Sep/2022:10:57:54 +0800] "GET /xingrg/kc/print/load_data.html?order_code=212022091304752&kc_code=cgsh&condition= HTTP/1.1" 200 989
124.79.74.72 - - [13/Sep/2022:10:57:57 +0800] "GET /xingrg/all/function/internal_message.html?_=1663037874291&CODE_STATE=getMsg HTTP/1.1" 200 27
114.84.81.136 - - [13/Sep/2022:10:57:59 +0800] "GET /xingrg/all/function/internal_message.html?_=1663037880645&CODE_STATE=getMsg HTTP/1.1" 200 27
116.238.169.132 - - [13/Sep/2022:10:58:00 +0800] "GET /xingrg/all/function/internal_message.html?_=1663037891296&CODE_STATE=getMsg HTTP/1.1" 200 27
116.224.255.128 - - [13/Sep/2022:10:58:00 +0800] "POST /xingrg/all/user/operate.html HTTP/1.1" 200 36
114.88.158.224 - - [13/Sep/2022:10:58:00 +0800] "GET /xingrg/all/function/internal_message.html?_=1663037538186&CODE_STATE=getMsg HTTP/1.1" 200 27
116.224.255.128 - - [13/Sep/2022:10:58:00 +0800] "GET /xingrg/javascript/jquery_easy_ui/themes/default/easyui.css HTTP/1.1" 304 -
116.224.255.128 - - [13/Sep/2022:10:58:00 +0800] "GET /xingrg/index.html?sysBaseUrl=http%3A%2F%2F180.169.147.146%3A18081%2Fxingrg%2F&costTime=41×tamp=1663036592612 HTTP/1.1" 200 17177
116.224.255.128 - - [13/Sep/2022:10:58:00 +0800] "GET /xingrg/javascript/jquery_easy_ui/themes/icon.css HTTP/1.1" 304 -
116.224.255.128 - - [13/Sep/2022:10:58:00 +0800] "GET /xingrg/css/form.css HTTP/1.1" 304 -
116.224.255.128 - - [13/Sep/2022:10:58:00 +0800] "GET /xingrg/javascript/jquery-1.4.2.min.js HTTP/1.1" 304 -
116.224.255.128 - - [13/Sep/2022:10:58:00 +0800] "GET /xingrg/javascript/jquery_easy_ui/jquery.easyui.min.js HTTP/1.1" 304 -
116.224.255.128 - - [13/Sep/2022:10:58:00 +0800] "GET /xingrg/javascript/jquery_easy_ui/easyui-lang-zh_CN.js HTTP/1.1" 304 -
116.224.255.128 - - [13/Sep/2022:10:58:00 +0800] "GET /xingrg/javascript/jquery.form.js HTTP/1.1" 304 -
116.224.255.128 - - [13/Sep/2022:10:58:00 +0800] "GET /xingrg/javascript/jquery.utils.js HTTP/1.1" 304 -
116.224.255.128 - - [13/Sep/2022:10:58:00 +0800] "GET /xingrg/javascript/jquery.timers.js HTTP/1.1" 304 -
116.224.255.128 - - [13/Sep/2022:10:58:00 +0800] "GET /xingrg/images/blue/jxLogo.png HTTP/1.1" 304 -
116.224.255.128 - - [13/Sep/2022:10:58:00 +0800] "GET /xingrg/javascript/jquery_easy_ui/themes/icons/settle_new.png HTTP/1.1" 304 -
116.224.255.128 - - [13/Sep/2022:10:58:00 +0800] "GET /xingrg/images/blue/navBackgound.jpg HTTP/1.1" 304 -
116.224.255.128 - - [13/Sep/2022:10:58:00 +0800] "POST /xingrg/all/common/load_tree.html?tree=area_rest_tree_json&manage=1 HTTP/1.1" 200 476
116.224.255.128 - - [13/Sep/2022:10:58:00 +0800] "GET /xingrg/all/function/internal_message.html?_=1663037880395&CODE_STATE=count HTTP/1.1" 200 11
116.224.255.128 - - [13/Sep/2022:10:58:00 +0800] "GET /xingrg/check_reg.html?_=1663037880395 HTTP/1.1" 200 22
116.224.255.128 - - [13/Sep/2022:10:58:00 +0800] "GET /xingrg/images/blue/pingpu.png HTTP/1.1" 304 -
116.224.255.128 - - [13/Sep/2022:10:58:00 +0800] "POST /xingrg/load_menu.html HTTP/1.1" 200 5138
116.224.255.128 - - [13/Sep/2022:10:58:00 +0800] "GET /xingrg/javascript/jquery_easy_ui/themes/default/images/panel_tool_collapse.gif HTTP/1.1" 304 -
116.224.255.128 - - [13/Sep/2022:10:58:01 +0800] "GET /xingrg/javascript/jquery_easy_ui/themes/default/images/tabs_rightarrow.png HTTP/1.1" 304 -
116.224.255.128 - - [13/Sep/2022:10:58:01 +0800] "GET /xingrg/javascript/jquery_easy_ui/themes/default/images/tabs_leftarrow.png HTTP/1.1" 304 -
116.224.255.128 - - [13/Sep/2022:10:58:01 +0800] "GET /xingrg/javascript/jquery_easy_ui/themes/default/images/tree_arrows.gif HTTP/1.1" 304 -
116.224.255.128 - - [13/Sep/2022:10:58:01 +0800] "GET /xingrg/javascript/jquery_easy_ui/themes/icons/search_new.png HTTP/1.1" 304 -
116.224.255.128 - - [13/Sep/2022:10:58:01 +0800] "GET /xingrg/javascript/jquery_easy_ui/themes/default/images/tree_folder_open.gif HTTP/1.1" 304 -
116.224.255.128 - - [13/Sep/2022:10:58:01 +0800] "GET /xingrg/javascript/jquery_easy_ui/themes/default/images/tree_file.gif HTTP/1.1" 304 -
116.224.255.128 - - [13/Sep/2022:10:58:01 +0800] "GET /xingrg/javascript/jquery_easy_ui/themes/icons/storage_new.png HTTP/1.1" 304 -
116.224.255.128 - - [13/Sep/2022:10:58:01 +0800] "GET /xingrg/javascript/jquery_easy_ui/themes/default/images/tree_folder.gif HTTP/1.1" 304 -
116.224.255.128 - - [13/Sep/2022:10:58:01 +0800] "GET /xingrg/javascript/jquery_easy_ui/themes/icons/forms_new.png HTTP/1.1" 304 -
116.224.255.128 - - [13/Sep/2022:10:58:02 +0800] "GET /xingrg/kc/buy/cgsh_order_list.html HTTP/1.1" 200 52899
180.169.147.146 - - [13/Sep/2022:10:58:03 +0800] "POST /xingrg/dwr/call/plaincall/AjaxYddbService.saveMaterielItem.dwr HTTP/1.1" 200 79
116.224.255.128 - - [13/Sep/2022:10:58:03 +0800] "POST /xingrg/kc/buy/cgsh_list_operate.html HTTP/1.1" 200 928
116.224.255.128 - - [13/Sep/2022:10:58:04 +0800] "GET /xingrg/kc/buy/cgsh_order_add.html HTTP/1.1" 200 68275
116.224.255.128 - - [13/Sep/2022:10:58:04 +0800] "GET /xingrg/all/common/auto_word.html?type=employee&rest_code=00151 HTTP/1.1" 200 293
116.224.255.128 - - [13/Sep/2022:10:58:04 +0800] "GET /xingrg/javascript/easyui/themes/default/validatebox.css HTTP/1.1" 404 1104
116.224.255.128 - - [13/Sep/2022:10:58:04 +0800] "GET /xingrg/all/common/auto_word.html?type=employee&rest_code=00151 HTTP/1.1" 200 293
116.224.255.128 - - [13/Sep/2022:10:58:05 +0800] "POST /xingrg/kc/buy/cgsh_order_operate.html HTTP/1.1" 200 8245
180.162.112.166 - - [13/Sep/2022:10:58:05 +0800] "POST /xingrg/login.do HTTP/1.1" 302 -
180.162.112.166 - - [13/Sep/2022:10:58:05 +0800] "GET /xingrg/index.html?sysBaseUrl=http%3A%2F%2F180.169.147.146%3A18081%2Fxingrg%2F&costTime=39×tamp=1663037885778 HTTP/1.1" 200 17179
180.162.112.166 - - [13/Sep/2022:10:58:05 +0800] "GET /xingrg/javascript/jquery_easy_ui/themes/default/easyui.css HTTP/1.1" 304 -
180.162.112.166 - - [13/Sep/2022:10:58:05 +0800] "GET /xingrg/javascript/jquery_easy_ui/themes/icon.css HTTP/1.1" 304 -
180.162.112.166 - - [13/Sep/2022:10:58:05 +0800] "GET /xingrg/css/form.css HTTP/1.1" 304 -
180.162.112.166 - - [13/Sep/2022:10:58:05 +0800] "GET /xingrg/javascript/jquery.utils.js HTTP/1.1" 304 -
180.162.112.166 - - [13/Sep/2022:10:58:05 +0800] "GET /xingrg/javascript/jquery.timers.js HTTP/1.1" 304 -
180.162.112.166 - - [13/Sep/2022:10:58:05 +0800] "GET /xingrg/javascript/jquery-1.4.2.min.js HTTP/1.1" 304 -
180.162.112.166 - - [13/Sep/2022:10:58:05 +0800] "GET /xingrg/javascript/jquery_easy_ui/jquery.easyui.min.js HTTP/1.1" 304 -
180.162.112.166 - - [13/Sep/2022:10:58:05 +0800] "GET /xingrg/javascript/jquery_easy_ui/easyui-lang-zh_CN.js HTTP/1.1" 304 -
180.162.112.166 - - [13/Sep/2022:10:58:05 +0800] "GET /favicon.ico HTTP/1.1" 404 -
180.162.112.166 - - [13/Sep/2022:10:58:05 +0800] "GET /xingrg/javascript/jquery.form.js HTTP/1.1" 304 -
180.162.112.166 - - [13/Sep/2022:10:58:06 +0800] "GET /xingrg/javascript/jquery_easy_ui/themes/icons/settle_new.png HTTP/1.1" 304 -
180.162.112.166 - - [13/Sep/2022:10:58:06 +0800] "GET /xingrg/images/blue/navBackgound.jpg HTTP/1.1" 304 -
180.162.112.166 - - [13/Sep/2022:10:58:06 +0800] "POST /xingrg/all/common/load_tree.html?tree=area_rest_tree_json&manage=1 HTTP/1.1" 200 351
180.162.112.166 - - [13/Sep/2022:10:58:06 +0800] "GET /xingrg/images/blue/pingpu.png HTTP/1.1" 304 -
180.162.112.166 - - [13/Sep/2022:10:58:06 +0800] "GET /xingrg/all/function/internal_message.html?_=1663037016204&CODE_STATE=count HTTP/1.1" 200 11
180.162.112.166 - - [13/Sep/2022:10:58:06 +0800] "GET /xingrg/check_reg.html?_=1663037016204 HTTP/1.1" 200 22
180.162.112.166 - - [13/Sep/2022:10:58:06 +0800] "GET /xingrg/javascript/jquery_easy_ui/themes/default/images/tabs_leftarrow.png HTTP/1.1" 304 -
180.162.112.166 - - [13/Sep/2022:10:58:06 +0800] "GET /xingrg/javascript/jquery_easy_ui/themes/default/images/tabs_rightarrow.png HTTP/1.1" 304 -
180.162.112.166 - - [13/Sep/2022:10:58:06 +0800] "GET /xingrg/javascript/jquery_easy_ui/themes/default/images/panel_tool_collapse.gif HTTP/1.1" 304 -
180.162.112.166 - - [13/Sep/2022:10:58:06 +0800] "POST /xingrg/load_menu.html HTTP/1.1" 200 5138
180.162.112.166 - - [13/Sep/2022:10:58:06 +0800] "GET /xingrg/javascript/jquery_easy_ui/themes/default/images/tree_arrows.gif HTTP/1.1" 304 -
180.162.112.166 - - [13/Sep/2022:10:58:06 +0800] "GET /xingrg/javascript/jquery_easy_ui/themes/default/images/tree_folder_open.gif HTTP/1.1" 304 -
180.162.112.166 - - [13/Sep/2022:10:58:06 +0800] "GET /xingrg/javascript/jquery_easy_ui/themes/default/images/tree_folder.gif HTTP/1.1" 304 -
180.162.112.166 - - [13/Sep/2022:10:58:06 +0800] "GET /xingrg/javascript/jquery_easy_ui/themes/icons/search_new.png HTTP/1.1" 304 -
180.162.112.166 - - [13/Sep/2022:10:58:06 +0800] "GET /xingrg/javascript/jquery_easy_ui/themes/icons/storage_new.png HTTP/1.1" 304 -
180.162.112.166 - - [13/Sep/2022:10:58:06 +0800] "GET /xingrg/javascript/jquery_easy_ui/themes/icons/forms_new.png HTTP/1.1" 304 -
180.162.112.166 - - [13/Sep/2022:10:58:06 +0800] "GET /xingrg/javascript/jquery_easy_ui/themes/default/images/tree_file.gif HTTP/1.1" 304 -
116.224.255.128 - - [13/Sep/2022:10:58:06 +0800] "GET /xingrg/javascript/auto/indicator.gif HTTP/1.1" 404 1066
180.162.112.166 - - [13/Sep/2022:10:58:07 +0800] "GET /xingrg/javascript/jquery_easy_ui/themes/default/images/tabs_close.gif HTTP/1.1" 304 -
180.162.112.166 - - [13/Sep/2022:10:58:07 +0800] "GET /xingrg/css/new_ie.css HTTP/1.1" 404 1036
180.162.112.166 - - [13/Sep/2022:10:58:07 +0800] "GET /xingrg/css/blue.css HTTP/1.1" 304 -
180.162.112.166 - - [13/Sep/2022:10:58:07 +0800] "GET /xingrg/javascript/pic_change.js HTTP/1.1" 304 -
180.162.112.166 - - [13/Sep/2022:10:58:07 +0800] "GET /xingrg/javascript/ToolTips.js HTTP/1.1" 304 -
180.162.112.166 - - [13/Sep/2022:10:58:07 +0800] "GET /xingrg/javascript/jquery_ui/themes/humanity/humanity.css HTTP/1.1" 304 -
180.162.112.166 - - [13/Sep/2022:10:58:07 +0800] "GET /xingrg/javascript/myfunction.js HTTP/1.1" 304 -
180.162.112.166 - - [13/Sep/2022:10:58:07 +0800] "GET /xingrg/javascript/jquery_ui/jquery-ui.min.js HTTP/1.1" 304 -
180.162.112.166 - - [13/Sep/2022:10:58:07 +0800] "GET /xingrg/kc/buy/buy_main.html HTTP/1.1" 200 12412
180.162.112.166 - - [13/Sep/2022:10:58:07 +0800] "GET /xingrg/images/blue/button/cgxqd.gif HTTP/1.1" 304 -
180.162.112.166 - - [13/Sep/2022:10:58:08 +0800] "GET /xingrg/images/blue/button/cgydd.gif HTTP/1.1" 304 -
180.162.112.166 - - [13/Sep/2022:10:58:08 +0800] "GET /xingrg/images/blue/button/cgshd.gif HTTP/1.1" 304 -
180.162.112.166 - - [13/Sep/2022:10:58:08 +0800] "GET /xingrg/images/blue/button/cgfkd.gif HTTP/1.1" 304 -
180.162.112.166 - - [13/Sep/2022:10:58:08 +0800] "GET /xingrg/images/blue/button/kc.gif HTTP/1.1" 304 -
180.162.112.166 - - [13/Sep/2022:10:58:08 +0800] "GET /xingrg/images/blue/button/ckthd.gif HTTP/1.1" 304 -
180.162.112.166 - - [13/Sep/2022:10:58:08 +0800] "GET /xingrg/images/blue/pic_form2.gif HTTP/1.1" 304 -
180.162.112.166 - - [13/Sep/2022:10:58:08 +0800] "GET /xingrg/javascript/jquery_ui/themes/humanity/images/ui-bg_inset-soft_100_f4f0ec_1x100.png HTTP/1.1" 304 -
180.162.112.166 - - [13/Sep/2022:10:58:08 +0800] "GET /xingrg/images/blue/bg_dotted.jpg HTTP/1.1" 304 -
180.162.112.166 - - [13/Sep/2022:10:58:08 +0800] "GET /xingrg/images/blue/button/down_ah.jpg HTTP/1.1" 304 -
180.162.112.166 - - [13/Sep/2022:10:58:08 +0800] "GET /xingrg/images/blue/button/right_ah.jpg HTTP/1.1" 304 -
180.162.112.166 - - [13/Sep/2022:10:58:08 +0800] "GET /xingrg/javascript/jquery_ui/themes/humanity/images/ui-iconsnew.jpg HTTP/1.1" 304 -
180.162.112.166 - - [13/Sep/2022:10:58:08 +0800] "GET /xingrg/javascript/jquery_ui/themes/humanity/images/ui-icons_ffffff_256x240.png HTTP/1.1" 304 -
180.162.112.166 - - [13/Sep/2022:10:58:08 +0800] "GET /xingrg/javascript/jquery_ui/themes/humanity/images/ui-icons_c47a23_256x240.png HTTP/1.1" 304 -
180.162.112.166 - - [13/Sep/2022:10:58:08 +0800] "GET /xingrg/javascript/jquery_ui/themes/humanity/images/ui-bg_glass_70_ede4d4_1x400.png HTTP/1.1" 304 -
61.170.235.210 - - [13/Sep/2022:10:58:08 +0800] "GET /xingrg/all/function/internal_message.html?_=1663037887164&CODE_STATE=getMsg HTTP/1.1" 200 27
180.162.112.166 - - [13/Sep/2022:10:58:09 +0800] "GET /xingrg/images/yd/bt.gif HTTP/1.1" 404 1040
180.162.112.166 - - [13/Sep/2022:10:58:09 +0800] "GET /xingrg/css/base.css HTTP/1.1" 304 -
180.162.112.166 - - [13/Sep/2022:10:58:09 +0800] "GET /xingrg/css/site.css HTTP/1.1" 304 -
180.162.112.166 - - [13/Sep/2022:10:58:09 +0800] "GET /xingrg/javascript/jquery_tools/datebox.css HTTP/1.1" 304 -
180.162.112.166 - - [13/Sep/2022:10:58:09 +0800] "GET /xingrg/javascript/easyui/themes/default/easyui.css HTTP/1.1" 304 -
180.162.112.166 - - [13/Sep/2022:10:58:09 +0800] "GET /xingrg/kc/buy/cgsh_order_list.html HTTP/1.1" 200 52901
180.162.112.166 - - [13/Sep/2022:10:58:09 +0800] "GET /xingrg/javascript/easyui/themes/icon.css HTTP/1.1" 304 -
180.162.112.166 - - [13/Sep/2022:10:58:09 +0800] "GET /xingrg/javascript/auto/jquery.autocomplete.css HTTP/1.1" 304 -
180.162.112.166 - - [13/Sep/2022:10:58:09 +0800] "GET /xingrg/javascript/jquery_tools/fix.css HTTP/1.1" 304 -
180.162.112.166 - - [13/Sep/2022:10:58:09 +0800] "GET /xingrg/javascript/jquery_tools/table.css HTTP/1.1" 304 -
180.162.112.166 - - [13/Sep/2022:10:58:09 +0800] "GET /xingrg/javascript/jquery_tools/jquery.tools.min.js HTTP/1.1" 304 -
180.162.112.166 - - [13/Sep/2022:10:58:09 +0800] "GET /xingrg/javascript/jquery_tools/jquery.tools.extend.js HTTP/1.1" 304 -
180.162.112.166 - - [13/Sep/2022:10:58:09 +0800] "GET /xingrg/javascript/jquery_tools/jquery.tools.hotkey.js HTTP/1.1" 304 -
180.162.112.166 - - [13/Sep/2022:10:58:09 +0800] "GET /xingrg/javascript/jquery_tools/jquery.tools.table.js HTTP/1.1" 304 -
180.162.112.166 - - [13/Sep/2022:10:58:09 +0800] "GET /xingrg/javascript/jquery_tools/list_manager.js HTTP/1.1" 304 -
180.162.112.166 - - [13/Sep/2022:10:58:09 +0800] "GET /xingrg/javascript/auto/jquery.autocomplete.js HTTP/1.1" 304 -
180.162.112.166 - - [13/Sep/2022:10:58:09 +0800] "GET /xingrg/javascript/easyui/easyloader.js HTTP/1.1" 304 -
180.162.112.166 - - [13/Sep/2022:10:58:10 +0800] "GET /xingrg/javascript/jquery.cookie.js HTTP/1.1" 304 -
180.162.112.166 - - [13/Sep/2022:10:58:10 +0800] "GET /xingrg/javascript/print/LodopFuncs.js HTTP/1.1" 304 -
180.162.112.166 - - [13/Sep/2022:10:58:10 +0800] "GET /xingrg/javascript/easyui/themes/icons/import_new.png HTTP/1.1" 304 -
180.162.112.166 - - [13/Sep/2022:10:58:10 +0800] "GET /xingrg/javascript/easyui/themes/icons/field_new.png HTTP/1.1" 304 -
180.162.112.166 - - [13/Sep/2022:10:58:10 +0800] "GET /xingrg/javascript/easyui/themes/icons/check_new.png HTTP/1.1" 304 -
180.162.112.166 - - [13/Sep/2022:10:58:10 +0800] "GET /xingrg/javascript/easyui/themes/icons/cance_new.png HTTP/1.1" 304 -
180.162.112.166 - - [13/Sep/2022:10:58:10 +0800] "GET /xingrg/javascript/easyui/themes/icons/edit_add_new.png HTTP/1.1" 304 -
180.162.112.166 - - [13/Sep/2022:10:58:10 +0800] "GET /xingrg/javascript/easyui/plugins/jquery.parser.js HTTP/1.1" 304 -
180.162.112.166 - - [13/Sep/2022:10:58:10 +0800] "GET /xingrg/images/control/ajaxLoader.gif HTTP/1.1" 304 -
116.224.255.128 - - [13/Sep/2022:10:58:13 +0800] "GET /xingrg/kc/buy/cgsh_order_operate.html?command=get_materiel&rest_code=00151&code=00101011005&supplier_code=00100047&order_time=2022-09-13 HTTP/1.1" 200 428
