120.253.135.82 - - [13/Sep/2022:10:01:44 +0800] "GET /xingrg/javascript/jquery_easy_ui/themes/default/images/tree_file.gif HTTP/1.1" 304 -
222.70.246.221 - - [13/Sep/2022:10:01:46 +0800] "GET /xingrg/check_reg.html?_=1663034511040 HTTP/1.1" 200 22
116.224.255.128 - - [13/Sep/2022:10:01:49 +0800] "GET /xingrg/all/function/internal_message.html?_=1663034447980&CODE_STATE=getMsg HTTP/1.1" 200 27
120.253.135.82 - - [13/Sep/2022:10:01:50 +0800] "GET /xingrg/javascript/jquery_easy_ui/themes/default/images/tabs_close.gif HTTP/1.1" 304 -
120.253.135.82 - - [13/Sep/2022:10:01:50 +0800] "GET /xingrg/kc/pszx/mdqp_order_list.html?state=10 HTTP/1.1" 200 10217
120.253.135.82 - - [13/Sep/2022:10:01:50 +0800] "GET /xingrg/css/blue.css HTTP/1.1" 304 -
120.253.135.82 - - [13/Sep/2022:10:01:50 +0800] "GET /xingrg/dwr/interface/AjaxQqpsService.js HTTP/1.1" 200 16326
120.253.135.82 - - [13/Sep/2022:10:01:50 +0800] "GET /xingrg/dwr/interface/AjaxReportQueryService.js HTTP/1.1" 200 13203
120.253.135.82 - - [13/Sep/2022:10:01:50 +0800] "GET /xingrg/javascript/pic_change.js HTTP/1.1" 304 -
120.253.135.82 - - [13/Sep/2022:10:01:50 +0800] "GET /xingrg/dwr/util.js HTTP/1.1" 304 -
120.253.135.82 - - [13/Sep/2022:10:01:50 +0800] "GET /xingrg/javascript/Calendar.js HTTP/1.1" 304 -
120.253.135.82 - - [13/Sep/2022:10:01:50 +0800] "GET /xingrg/dwr/engine.js HTTP/1.1" 200 43631
120.253.135.82 - - [13/Sep/2022:10:01:50 +0800] "GET /xingrg/javascript/myfunction.js HTTP/1.1" 304 -
120.253.135.82 - - [13/Sep/2022:10:01:50 +0800] "GET /xingrg/javascript/jquery_easy_ui/themes/icons/uncheck_new.png HTTP/1.1" 304 -
120.253.135.82 - - [13/Sep/2022:10:01:50 +0800] "GET /xingrg/javascript/jquery_easy_ui/themes/icons/check_new.png HTTP/1.1" 304 -
120.253.135.82 - - [13/Sep/2022:10:01:50 +0800] "GET /xingrg/javascript/jquery_easy_ui/themes/icons/back_new.png HTTP/1.1" 304 -
58.221.95.50 - - [13/Sep/2022:10:01:51 +0800] "GET /xingrg/all/function/internal_message.html?_=1663034510113&CODE_STATE=getMsg HTTP/1.1" 302 -
58.40.7.146 - - [13/Sep/2022:10:01:51 +0800] "GET /xingrg/all/function/internal_message.html?_=1663034511027&CODE_STATE=getMsg HTTP/1.1" 200 27
116.224.255.128 - - [13/Sep/2022:10:01:51 +0800] "GET /xingrg/all/function/internal_message.html?_=1663034511484&CODE_STATE=getMsg HTTP/1.1" 200 27
120.253.135.82 - - [13/Sep/2022:10:01:52 +0800] "GET /xingrg/kc/pszx/mdqp_order_list.html?state=10 HTTP/1.1" 200 10217
120.253.135.82 - - [13/Sep/2022:10:01:52 +0800] "GET /xingrg/dwr/interface/AjaxReportQueryService.js HTTP/1.1" 200 13203
120.253.135.82 - - [13/Sep/2022:10:01:52 +0800] "GET /xingrg/dwr/interface/AjaxQqpsService.js HTTP/1.1" 200 16326
120.253.135.82 - - [13/Sep/2022:10:01:52 +0800] "GET /xingrg/dwr/engine.js HTTP/1.1" 200 43631
120.253.135.82 - - [13/Sep/2022:10:01:53 +0800] "GET /xingrg/kc/pszx/mdps_order_list.html?orderType=0 HTTP/1.1" 200 21045
120.253.135.82 - - [13/Sep/2022:10:01:53 +0800] "GET /xingrg/css/base.css HTTP/1.1" 304 -
120.253.135.82 - - [13/Sep/2022:10:01:53 +0800] "GET /xingrg/css/site.css HTTP/1.1" 304 -
120.253.135.82 - - [13/Sep/2022:10:01:53 +0800] "GET /xingrg/javascript/jquery_tools/datebox.css HTTP/1.1" 304 -
120.253.135.82 - - [13/Sep/2022:10:01:53 +0800] "GET /xingrg/javascript/easyui/themes/icon.css HTTP/1.1" 304 -
120.253.135.82 - - [13/Sep/2022:10:01:53 +0800] "GET /xingrg/javascript/jquery_tools/fix.css HTTP/1.1" 304 -
120.253.135.82 - - [13/Sep/2022:10:01:53 +0800] "GET /xingrg/javascript/easyui/themes/default/easyui.css HTTP/1.1" 304 -
120.253.135.82 - - [13/Sep/2022:10:01:53 +0800] "GET /xingrg/javascript/auto/jquery.autocomplete.css HTTP/1.1" 304 -
120.253.135.82 - - [13/Sep/2022:10:01:53 +0800] "GET /xingrg/javascript/jquery_tools/table.css HTTP/1.1" 304 -
120.253.135.82 - - [13/Sep/2022:10:01:53 +0800] "GET /xingrg/javascript/jquery_tools/jquery.tools.min.js HTTP/1.1" 304 -
120.253.135.82 - - [13/Sep/2022:10:01:53 +0800] "GET /xingrg/javascript/jquery_tools/list_manager.js HTTP/1.1" 304 -
120.253.135.82 - - [13/Sep/2022:10:01:53 +0800] "GET /xingrg/javascript/easyui/easyloader.js HTTP/1.1" 304 -
120.253.135.82 - - [13/Sep/2022:10:01:53 +0800] "GET /xingrg/javascript/jquery.cookie.js HTTP/1.1" 304 -
120.253.135.82 - - [13/Sep/2022:10:01:53 +0800] "GET /xingrg/javascript/auto/jquery.autocomplete.js HTTP/1.1" 304 -
120.253.135.82 - - [13/Sep/2022:10:01:53 +0800] "GET /xingrg/javascript/print/LodopFuncs.js HTTP/1.1" 304 -
120.253.135.82 - - [13/Sep/2022:10:01:53 +0800] "GET /xingrg/javascript/jquery_tools/jquery.tools.extend.js HTTP/1.1" 304 -
120.253.135.82 - - [13/Sep/2022:10:01:53 +0800] "GET /xingrg/javascript/jquery_tools/jquery.tools.hotkey.js HTTP/1.1" 304 -
120.253.135.82 - - [13/Sep/2022:10:01:54 +0800] "GET /xingrg/javascript/jquery_tools/jquery.tools.table.js HTTP/1.1" 304 -
120.253.135.82 - - [13/Sep/2022:10:01:56 +0800] "GET /xingrg/javascript/easyui/themes/icons/edit_add_new.png HTTP/1.1" 304 -
120.253.135.82 - - [13/Sep/2022:10:01:56 +0800] "GET /xingrg/javascript/easyui/themes/icons/cance_new.png HTTP/1.1" 304 -
120.253.135.82 - - [13/Sep/2022:10:01:56 +0800] "GET /xingrg/javascript/easyui/themes/icons/check_new.png HTTP/1.1" 304 -
120.253.135.82 - - [13/Sep/2022:10:01:56 +0800] "GET /xingrg/javascript/easyui/themes/icons/uncheck_new.png HTTP/1.1" 304 -
120.253.135.82 - - [13/Sep/2022:10:01:56 +0800] "GET /xingrg/javascript/easyui/themes/icons/field_new.png HTTP/1.1" 304 -
120.253.135.82 - - [13/Sep/2022:10:01:56 +0800] "GET /xingrg/javascript/easyui/themes/icons/import_new.png HTTP/1.1" 304 -
116.224.255.128 - - [13/Sep/2022:10:01:56 +0800] "GET /xingrg/kc/buy/cgsh_order_operate.html?command=get_materiel&rest_code=00150&code=00101022111&supplier_code=00100151&order_time=2022-09-13 HTTP/1.1" 200 417
120.253.135.82 - - [13/Sep/2022:10:01:56 +0800] "GET /xingrg/javascript/easyui/plugins/jquery.parser.js HTTP/1.1" 304 -
120.253.135.82 - - [13/Sep/2022:10:01:56 +0800] "GET /xingrg/images/control/ajaxLoader.gif HTTP/1.1" 304 -
120.253.135.82 - - [13/Sep/2022:10:01:57 +0800] "POST /xingrg/kc/pszx/mdps_list_operate.html HTTP/1.1" 200 5502
124.79.74.72 - - [13/Sep/2022:10:01:58 +0800] "GET /xingrg/all/function/internal_message.html?_=1663034515516&CODE_STATE=getMsg HTTP/1.1" 200 27
114.84.81.136 - - [13/Sep/2022:10:02:00 +0800] "GET /xingrg/all/function/internal_message.html?_=1663034520834&CODE_STATE=getMsg HTTP/1.1" 200 27
116.238.169.132 - - [13/Sep/2022:10:02:01 +0800] "GET /xingrg/all/function/internal_message.html?_=1663034532172&CODE_STATE=getMsg HTTP/1.1" 200 27
114.88.158.224 - - [13/Sep/2022:10:02:02 +0800] "GET /xingrg/all/function/internal_message.html?_=1663034179485&CODE_STATE=getMsg HTTP/1.1" 200 27
114.83.221.99 - - [13/Sep/2022:10:02:08 +0800] "GET /xingrg/all/function/internal_message.html?_=1663034525522&CODE_STATE=getMsg HTTP/1.1" 200 27
114.84.5.35 - - [13/Sep/2022:10:02:14 +0800] "GET /xingrg/all/function/internal_message.html?_=1663034532410&CODE_STATE=getMsg HTTP/1.1" 200 27
222.70.246.221 - - [13/Sep/2022:10:02:25 +0800] "GET /xingrg/all/function/internal_message.html?_=1663034550333&CODE_STATE=getMsg HTTP/1.1" 200 27
180.169.147.146 - - [13/Sep/2022:10:02:26 +0800] "GET /xingrg/all/function/internal_message.html?_=1663034545387&CODE_STATE=getMsg HTTP/1.1" 200 27
116.238.169.132 - - [13/Sep/2022:10:02:28 +0800] "GET /xingrg/check_reg.html?_=1663034559097 HTTP/1.1" 200 22
116.224.255.128 - - [13/Sep/2022:10:02:29 +0800] "POST /xingrg/kc/buy/cgsh_order_operate.html HTTP/1.1" 200 37
120.253.135.82 - - [13/Sep/2022:10:02:29 +0800] "POST /xingrg/kc/pszx/mdps_list_operate.html HTTP/1.1" 200 5622
116.224.255.128 - - [13/Sep/2022:10:02:32 +0800] "POST /xingrg/kc/buy/cgsh_order_operate.html HTTP/1.1" 200 12
116.224.255.128 - - [13/Sep/2022:10:02:33 +0800] "GET /xingrg/kc/buy/cgsh_order_info.html?code=212022091304736 HTTP/1.1" 200 63570
116.224.255.128 - - [13/Sep/2022:10:02:34 +0800] "GET /xingrg/javascript/easyui/themes/default/validatebox.css HTTP/1.1" 404 1104
116.224.255.128 - - [13/Sep/2022:10:02:34 +0800] "POST /xingrg/kc/buy/cgsh_order_operate.html HTTP/1.1" 200 610
116.225.121.189 - - [13/Sep/2022:10:02:34 +0800] "GET /xingrg/all/function/internal_message.html?_=1663034555308&CODE_STATE=getMsg HTTP/1.1" 200 27
116.224.255.128 - - [13/Sep/2022:10:02:35 +0800] "GET /xingrg/kc/print/load_data.html?order_code=212022091304736&kc_code=cgsh&condition= HTTP/1.1" 200 697
120.253.135.82 - - [13/Sep/2022:10:02:37 +0800] "POST /xingrg/kc/pszx/mdps_list_operate.html HTTP/1.1" 200 211
120.253.135.82 - - [13/Sep/2022:10:02:37 +0800] "GET /xingrg/javascript/json2.js HTTP/1.1" 304 -
120.253.135.82 - - [13/Sep/2022:10:02:38 +0800] "GET /xingrg/kc/pszx/mdps_order_info.html?code=312022091200318 HTTP/1.1" 200 24028
120.253.135.82 - - [13/Sep/2022:10:02:38 +0800] "GET /xingrg/javascript/convert.js HTTP/1.1" 304 -
120.253.135.82 - - [13/Sep/2022:10:02:38 +0800] "GET /xingrg/javascript/jquery_tools/order_manager.js HTTP/1.1" 304 -
120.253.135.82 - - [13/Sep/2022:10:02:38 +0800] "GET /xingrg/javascript/print/kc_print.js HTTP/1.1" 304 -
120.253.135.82 - - [13/Sep/2022:10:02:38 +0800] "GET /xingrg/words/20220912134540_words.js HTTP/1.1" 304 -
120.253.135.82 - - [13/Sep/2022:10:02:38 +0800] "GET /xingrg/javascript/easyui/themes/icons/copy_new.png HTTP/1.1" 304 -
120.253.135.82 - - [13/Sep/2022:10:02:38 +0800] "GET /xingrg/javascript/easyui/themes/icons/ok.png HTTP/1.1" 304 -
120.253.135.82 - - [13/Sep/2022:10:02:38 +0800] "GET /xingrg/javascript/easyui/themes/icons/print.png HTTP/1.1" 304 -
120.253.135.82 - - [13/Sep/2022:10:02:38 +0800] "GET /xingrg/javascript/easyui/themes/icons/cancel.png HTTP/1.1" 304 -
120.253.135.82 - - [13/Sep/2022:10:02:38 +0800] "GET /xingrg/javascript/easyui/themes/default/images/menu_downarrow.png HTTP/1.1" 304 -
120.253.135.82 - - [13/Sep/2022:10:02:38 +0800] "GET /xingrg/all/common/auto_word.html?type=base&rest_code=00101 HTTP/1.1" 200 725
120.253.135.82 - - [13/Sep/2022:10:02:38 +0800] "POST /xingrg/kc/pszx/mdps_order_operate.html HTTP/1.1" 200 2287
120.253.135.82 - - [13/Sep/2022:10:02:38 +0800] "GET /xingrg/javascript/easyui/themes/default/validatebox.css HTTP/1.1" 404 1104
120.253.135.82 - - [13/Sep/2022:10:02:38 +0800] "GET /xingrg/javascript/easyui/plugins/jquery.validatebox.js HTTP/1.1" 304 -
120.253.135.82 - - [13/Sep/2022:10:02:38 +0800] "GET /xingrg/javascript/easyui/themes/icons/edit_remove.png HTTP/1.1" 304 -
120.253.135.82 - - [13/Sep/2022:10:02:38 +0800] "GET /xingrg/javascript/easyui/plugins/jquery.numberbox.js HTTP/1.1" 304 -
120.253.135.82 - - [13/Sep/2022:10:02:44 +0800] "GET /xingrg/all/function/internal_message.html?_=1663034680456&CODE_STATE=getMsg HTTP/1.1" 200 27
116.224.255.128 - - [13/Sep/2022:10:02:49 +0800] "GET /xingrg/all/function/internal_message.html?_=1663034507994&CODE_STATE=getMsg HTTP/1.1" 200 27
58.221.95.50 - - [13/Sep/2022:10:02:51 +0800] "GET /xingrg/all/function/internal_message.html?_=1663034570084&CODE_STATE=getMsg HTTP/1.1" 302 -
58.40.7.146 - - [13/Sep/2022:10:02:51 +0800] "GET /xingrg/all/function/internal_message.html?_=1663034571030&CODE_STATE=getMsg HTTP/1.1" 200 27
116.224.255.128 - - [13/Sep/2022:10:02:52 +0800] "GET /xingrg/all/function/internal_message.html?_=1663034571501&CODE_STATE=getMsg HTTP/1.1" 200 27
120.253.135.82 - - [13/Sep/2022:10:02:54 +0800] "POST /xingrg/kc/pszx/mdps_order_operate.html HTTP/1.1" 200 37
120.253.135.82 - - [13/Sep/2022:10:02:57 +0800] "POST /xingrg/kc/pszx/mdps_order_operate.html HTTP/1.1" 200 12
120.253.135.82 - - [13/Sep/2022:10:02:58 +0800] "GET /xingrg/kc/pszx/mdps_order_info.html?code=312022091200318 HTTP/1.1" 200 19686
120.253.135.82 - - [13/Sep/2022:10:02:58 +0800] "GET /xingrg/javascript/jquery_easy_ui/themes/icons/manage.png HTTP/1.1" 304 -
120.253.135.82 - - [13/Sep/2022:10:02:58 +0800] "GET /xingrg/javascript/jquery_easy_ui/themes/icons/area.png HTTP/1.1" 304 -
120.253.135.82 - - [13/Sep/2022:10:02:58 +0800] "GET /xingrg/javascript/easyui/themes/default/validatebox.css HTTP/1.1" 404 1104
124.79.74.72 - - [13/Sep/2022:10:02:58 +0800] "GET /xingrg/all/function/internal_message.html?_=1663034575501&CODE_STATE=getMsg HTTP/1.1" 200 27
120.253.135.82 - - [13/Sep/2022:10:02:58 +0800] "POST /xingrg/kc/pszx/mdps_order_operate.html HTTP/1.1" 200 508
120.253.135.82 - - [13/Sep/2022:10:02:59 +0800] "GET /xingrg/javascript/easyui/themes/default/images/button_plain_hover.png HTTP/1.1" 304 -
114.84.81.136 - - [13/Sep/2022:10:03:00 +0800] "GET /xingrg/all/function/internal_message.html?_=1663034580832&CODE_STATE=getMsg HTTP/1.1" 200 27
116.238.169.132 - - [13/Sep/2022:10:03:01 +0800] "GET /xingrg/all/function/internal_message.html?_=1663034592169&CODE_STATE=getMsg HTTP/1.1" 200 27
114.88.158.224 - - [13/Sep/2022:10:03:01 +0800] "GET /xingrg/all/function/internal_message.html?_=1663034239460&CODE_STATE=getMsg HTTP/1.1" 200 27
114.83.221.99 - - [13/Sep/2022:10:03:08 +0800] "GET /xingrg/all/function/internal_message.html?_=1663034585495&CODE_STATE=getMsg HTTP/1.1" 200 27
114.84.5.35 - - [13/Sep/2022:10:03:14 +0800] "GET /xingrg/check_reg.html?_=1663034592409 HTTP/1.1" 200 22
114.84.5.35 - - [13/Sep/2022:10:03:14 +0800] "GET /xingrg/all/function/internal_message.html?_=1663034592411&CODE_STATE=getMsg HTTP/1.1" 200 27
222.70.246.221 - - [13/Sep/2022:10:03:25 +0800] "GET /xingrg/all/function/internal_message.html?_=1663034610346&CODE_STATE=getMsg HTTP/1.1" 200 27
180.169.147.146 - - [13/Sep/2022:10:03:26 +0800] "GET /xingrg/all/function/internal_message.html?_=1663034605377&CODE_STATE=getMsg HTTP/1.1" 200 27
114.88.158.224 - - [13/Sep/2022:10:03:26 +0800] "GET /xingrg/check_reg.html?_=1663034264141 HTTP/1.1" 200 22
120.253.135.82 - - [13/Sep/2022:10:03:34 +0800] "POST /xingrg/kc/pszx/mdps_list_operate.html HTTP/1.1" 200 630
116.225.121.189 - - [13/Sep/2022:10:03:34 +0800] "GET /xingrg/all/function/internal_message.html?_=1663034615309&CODE_STATE=getMsg HTTP/1.1" 200 27
120.253.135.82 - - [13/Sep/2022:10:03:35 +0800] "GET /xingrg/kc/pszx/mdps_order_info.html?code=312022091200293 HTTP/1.1" 200 24022
120.253.135.82 - - [13/Sep/2022:10:03:35 +0800] "POST /xingrg/kc/pszx/mdps_order_operate.html HTTP/1.1" 200 6366
120.253.135.82 - - [13/Sep/2022:10:03:35 +0800] "GET /xingrg/javascript/easyui/themes/default/validatebox.css HTTP/1.1" 404 1104
120.253.135.82 - - [13/Sep/2022:10:03:41 +0800] "POST /xingrg/kc/pszx/mdps_order_operate.html HTTP/1.1" 200 37
120.253.135.82 - - [13/Sep/2022:10:03:43 +0800] "POST /xingrg/kc/pszx/mdps_order_operate.html HTTP/1.1" 200 12
120.253.135.82 - - [13/Sep/2022:10:03:45 +0800] "GET /xingrg/kc/pszx/mdps_order_info.html?code=312022091200293 HTTP/1.1" 200 19680
120.253.135.82 - - [13/Sep/2022:10:03:45 +0800] "POST /xingrg/kc/pszx/mdps_order_operate.html HTTP/1.1" 200 4552
120.253.135.82 - - [13/Sep/2022:10:03:45 +0800] "GET /xingrg/javascript/easyui/themes/default/validatebox.css HTTP/1.1" 404 1104
120.253.135.82 - - [13/Sep/2022:10:03:46 +0800] "GET /xingrg/all/function/internal_message.html?_=1663034742202&CODE_STATE=getMsg HTTP/1.1" 200 27
116.224.255.128 - - [13/Sep/2022:10:03:49 +0800] "GET /xingrg/all/function/internal_message.html?_=1663034568116&CODE_STATE=getMsg HTTP/1.1" 200 27
58.221.95.50 - - [13/Sep/2022:10:03:51 +0800] "GET /xingrg/all/function/internal_message.html?_=1663034630073&CODE_STATE=getMsg HTTP/1.1" 302 -
58.40.7.146 - - [13/Sep/2022:10:03:51 +0800] "GET /xingrg/all/function/internal_message.html?_=1663034631030&CODE_STATE=getMsg HTTP/1.1" 200 27
116.224.255.128 - - [13/Sep/2022:10:03:52 +0800] "GET /xingrg/all/function/internal_message.html?_=1663034631496&CODE_STATE=getMsg HTTP/1.1" 200 27
124.79.74.72 - - [13/Sep/2022:10:03:58 +0800] "GET /xingrg/all/function/internal_message.html?_=1663034635487&CODE_STATE=getMsg HTTP/1.1" 200 27
114.84.81.136 - - [13/Sep/2022:10:04:00 +0800] "GET /xingrg/all/function/internal_message.html?_=1663034640832&CODE_STATE=getMsg HTTP/1.1" 200 27
116.238.169.132 - - [13/Sep/2022:10:04:01 +0800] "GET /xingrg/all/function/internal_message.html?_=1663034652166&CODE_STATE=getMsg HTTP/1.1" 200 27
114.88.158.224 - - [13/Sep/2022:10:04:01 +0800] "GET /xingrg/all/function/internal_message.html?_=1663034299437&CODE_STATE=getMsg HTTP/1.1" 200 27
120.253.135.82 - - [13/Sep/2022:10:04:03 +0800] "POST /xingrg/kc/pszx/mdps_list_operate.html HTTP/1.1" 200 5553
114.83.221.99 - - [13/Sep/2022:10:04:08 +0800] "GET /xingrg/all/function/internal_message.html?_=1663034645478&CODE_STATE=getMsg HTTP/1.1" 200 27
114.83.221.99 - - [13/Sep/2022:10:04:09 +0800] "GET /xingrg/check_reg.html?_=1663034645933 HTTP/1.1" 200 22
120.253.135.82 - - [13/Sep/2022:10:04:11 +0800] "POST /xingrg/kc/pszx/mdps_list_operate.html HTTP/1.1" 200 5534
114.84.5.35 - - [13/Sep/2022:10:04:14 +0800] "GET /xingrg/all/function/internal_message.html?_=1663034652411&CODE_STATE=getMsg HTTP/1.1" 200 27
120.253.135.82 - - [13/Sep/2022:10:04:14 +0800] "POST /xingrg/kc/pszx/mdps_list_operate.html HTTP/1.1" 200 358
120.253.135.82 - - [13/Sep/2022:10:04:15 +0800] "GET /xingrg/kc/pszx/mdps_order_info.html?code=312022091200306 HTTP/1.1" 200 24022
120.253.135.82 - - [13/Sep/2022:10:04:15 +0800] "POST /xingrg/kc/pszx/mdps_order_operate.html HTTP/1.1" 200 3263
120.253.135.82 - - [13/Sep/2022:10:04:15 +0800] "GET /xingrg/javascript/easyui/themes/default/validatebox.css HTTP/1.1" 404 1104
120.253.135.82 - - [13/Sep/2022:10:04:20 +0800] "POST /xingrg/kc/pszx/mdps_order_operate.html HTTP/1.1" 200 37
120.253.135.82 - - [13/Sep/2022:10:04:21 +0800] "POST /xingrg/kc/pszx/mdps_order_operate.html HTTP/1.1" 200 12
222.70.246.221 - - [13/Sep/2022:10:04:25 +0800] "GET /xingrg/all/function/internal_message.html?_=1663034670360&CODE_STATE=getMsg HTTP/1.1" 200 27
120.253.135.82 - - [13/Sep/2022:10:04:26 +0800] "GET /xingrg/kc/pszx/mdps_order_info.html?code=312022091200306 HTTP/1.1" 200 19680
180.169.147.146 - - [13/Sep/2022:10:04:26 +0800] "GET /xingrg/check_reg.html?_=1663034665394 HTTP/1.1" 200 22
120.253.135.82 - - [13/Sep/2022:10:04:26 +0800] "POST /xingrg/kc/pszx/mdps_order_operate.html HTTP/1.1" 200 1478
124.79.74.72 - - [13/Sep/2022:10:04:28 +0800] "GET /xingrg/check_reg.html?_=1663034665428 HTTP/1.1" 200 22
180.169.147.146 - - [13/Sep/2022:10:04:31 +0800] "GET /xingrg/all/function/internal_message.html?_=1663034665398&CODE_STATE=getMsg HTTP/1.1" 200 27
120.253.135.82 - - [13/Sep/2022:10:04:31 +0800] "GET /xingrg/javascript/easyui/themes/default/validatebox.css HTTP/1.1" 404 1104
180.169.147.146 - - [13/Sep/2022:10:04:32 +0800] "POST /xingrg/dwr/call/plaincall/AjaxReportQueryService.refreshCache.dwr HTTP/1.1" 200 78
180.169.147.146 - - [13/Sep/2022:10:04:33 +0800] "POST /xingrg/all/report/load_report_page.html HTTP/1.1" 200 49554
180.169.147.146 - - [13/Sep/2022:10:04:33 +0800] "GET /xingrg/servlets/image?cache=0.34696650877367596&image=px HTTP/1.1" 200 807
116.225.121.189 - - [13/Sep/2022:10:04:34 +0800] "GET /xingrg/all/function/internal_message.html?_=1663034675309&CODE_STATE=getMsg HTTP/1.1" 200 27
120.253.135.82 - - [13/Sep/2022:10:04:36 +0800] "POST /xingrg/kc/pszx/mdps_list_operate.html HTTP/1.1" 200 5534
120.253.135.82 - - [13/Sep/2022:10:04:39 +0800] "POST /xingrg/kc/pszx/mdps_list_operate.html HTTP/1.1" 200 623
120.253.135.82 - - [13/Sep/2022:10:04:39 +0800] "GET /xingrg/kc/pszx/mdps_order_info.html?code=312022091200292 HTTP/1.1" 200 24022
120.253.135.82 - - [13/Sep/2022:10:04:40 +0800] "POST /xingrg/kc/pszx/mdps_order_operate.html HTTP/1.1" 200 4824
120.253.135.82 - - [13/Sep/2022:10:04:40 +0800] "GET /xingrg/javascript/easyui/themes/default/validatebox.css HTTP/1.1" 404 1104
120.253.135.82 - - [13/Sep/2022:10:04:46 +0800] "POST /xingrg/kc/pszx/mdps_order_operate.html HTTP/1.1" 200 37
120.253.135.82 - - [13/Sep/2022:10:04:46 +0800] "GET /xingrg/all/function/internal_message.html?_=1663034802215&CODE_STATE=getMsg HTTP/1.1" 200 27
120.253.135.82 - - [13/Sep/2022:10:04:48 +0800] "POST /xingrg/kc/pszx/mdps_order_operate.html HTTP/1.1" 200 12
116.224.255.128 - - [13/Sep/2022:10:04:49 +0800] "GET /xingrg/all/function/internal_message.html?_=1663034628130&CODE_STATE=getMsg HTTP/1.1" 200 27
58.221.95.50 - - [13/Sep/2022:10:04:51 +0800] "GET /xingrg/all/function/internal_message.html?_=1663034690047&CODE_STATE=getMsg HTTP/1.1" 302 -
58.40.7.146 - - [13/Sep/2022:10:04:51 +0800] "GET /xingrg/all/function/internal_message.html?_=1663034691032&CODE_STATE=getMsg HTTP/1.1" 200 27
58.40.7.146 - - [13/Sep/2022:10:04:51 +0800] "GET /xingrg/check_reg.html?_=1663034691033 HTTP/1.1" 200 22
116.224.255.128 - - [13/Sep/2022:10:04:52 +0800] "GET /xingrg/check_reg.html?_=1663034691503 HTTP/1.1" 200 22
116.224.255.128 - - [13/Sep/2022:10:04:52 +0800] "GET /xingrg/all/function/internal_message.html?_=1663034691507&CODE_STATE=getMsg HTTP/1.1" 200 27
120.253.135.82 - - [13/Sep/2022:10:04:52 +0800] "GET /xingrg/kc/pszx/mdps_order_info.html?code=312022091200292 HTTP/1.1" 200 19680
120.253.135.82 - - [13/Sep/2022:10:04:52 +0800] "GET /xingrg/javascript/easyui/themes/default/validatebox.css HTTP/1.1" 404 1104
120.253.135.82 - - [13/Sep/2022:10:04:52 +0800] "POST /xingrg/kc/pszx/mdps_order_operate.html HTTP/1.1" 200 3026
180.169.147.146 - - [13/Sep/2022:10:04:52 +0800] "POST /xingrg/all/report/report_print.html HTTP/1.1" 200 7168
58.221.95.50 - - [13/Sep/2022:10:04:52 +0800] "GET /xingrg/check_reg.html?_=1663034691596 HTTP/1.1" 302 -
124.79.74.72 - - [13/Sep/2022:10:04:58 +0800] "GET /xingrg/all/function/internal_message.html?_=1663034695458&CODE_STATE=getMsg HTTP/1.1" 200 27
120.253.135.82 - - [13/Sep/2022:10:04:59 +0800] "POST /xingrg/kc/pszx/mdps_list_operate.html HTTP/1.1" 200 5534
114.84.81.136 - - [13/Sep/2022:10:05:00 +0800] "GET /xingrg/all/function/internal_message.html?_=1663034700829&CODE_STATE=getMsg HTTP/1.1" 200 27
116.238.169.132 - - [13/Sep/2022:10:05:01 +0800] "GET /xingrg/all/function/internal_message.html?_=1663034712148&CODE_STATE=getMsg HTTP/1.1" 200 27
114.88.158.224 - - [13/Sep/2022:10:05:01 +0800] "GET /xingrg/all/function/internal_message.html?_=1663034359409&CODE_STATE=getMsg HTTP/1.1" 200 27
120.253.135.82 - - [13/Sep/2022:10:05:03 +0800] "POST /xingrg/kc/pszx/mdps_list_operate.html HTTP/1.1" 200 287
120.253.135.82 - - [13/Sep/2022:10:05:03 +0800] "GET /xingrg/kc/pszx/mdps_order_info.html?code=312022091200291 HTTP/1.1" 200 24022
120.253.135.82 - - [13/Sep/2022:10:05:03 +0800] "POST /xingrg/kc/pszx/mdps_order_operate.html HTTP/1.1" 200 2781
120.253.135.82 - - [13/Sep/2022:10:05:03 +0800] "GET /xingrg/javascript/easyui/themes/default/validatebox.css HTTP/1.1" 404 1104
114.83.221.99 - - [13/Sep/2022:10:05:08 +0800] "GET /xingrg/all/function/internal_message.html?_=1663034705480&CODE_STATE=getMsg HTTP/1.1" 200 27
114.84.5.35 - - [13/Sep/2022:10:05:14 +0800] "GET /xingrg/all/function/internal_message.html?_=1663034712411&CODE_STATE=getMsg HTTP/1.1" 200 27
116.224.255.128 - - [13/Sep/2022:10:05:18 +0800] "POST /xingrg/all/user/operate.html HTTP/1.1" 200 36
116.224.255.128 - - [13/Sep/2022:10:05:19 +0800] "GET /xingrg/javascript/jquery_easy_ui/themes/default/easyui.css HTTP/1.1" 304 -
116.224.255.128 - - [13/Sep/2022:10:05:19 +0800] "GET /xingrg/index.html?sysBaseUrl=http%3A%2F%2F180.169.147.146%3A18081%2Fxingrg%2F&costTime=42×tamp=1663029252394 HTTP/1.1" 200 17177
116.224.255.128 - - [13/Sep/2022:10:05:19 +0800] "GET /xingrg/javascript/jquery_easy_ui/themes/icon.css HTTP/1.1" 304 -
116.224.255.128 - - [13/Sep/2022:10:05:19 +0800] "GET /xingrg/css/form.css HTTP/1.1" 304 -
116.224.255.128 - - [13/Sep/2022:10:05:19 +0800] "GET /xingrg/javascript/jquery-1.4.2.min.js HTTP/1.1" 304 -
116.224.255.128 - - [13/Sep/2022:10:05:19 +0800] "GET /xingrg/javascript/jquery_easy_ui/jquery.easyui.min.js HTTP/1.1" 304 -
116.224.255.128 - - [13/Sep/2022:10:05:19 +0800] "GET /xingrg/javascript/jquery_easy_ui/easyui-lang-zh_CN.js HTTP/1.1" 304 -
116.224.255.128 - - [13/Sep/2022:10:05:19 +0800] "GET /xingrg/javascript/jquery.form.js HTTP/1.1" 304 -
116.224.255.128 - - [13/Sep/2022:10:05:19 +0800] "GET /xingrg/javascript/jquery.utils.js HTTP/1.1" 304 -
116.224.255.128 - - [13/Sep/2022:10:05:19 +0800] "GET /xingrg/javascript/jquery.timers.js HTTP/1.1" 304 -
116.224.255.128 - - [13/Sep/2022:10:05:19 +0800] "GET /xingrg/images/blue/jxLogo.png HTTP/1.1" 304 -
116.224.255.128 - - [13/Sep/2022:10:05:19 +0800] "GET /xingrg/images/blue/navBackgound.jpg HTTP/1.1" 304 -
116.224.255.128 - - [13/Sep/2022:10:05:19 +0800] "GET /xingrg/javascript/jquery_easy_ui/themes/icons/settle_new.png HTTP/1.1" 304 -
116.224.255.128 - - [13/Sep/2022:10:05:19 +0800] "POST /xingrg/all/common/load_tree.html?tree=area_rest_tree_json&manage=1 HTTP/1.1" 200 476
116.224.255.128 - - [13/Sep/2022:10:05:19 +0800] "GET /xingrg/all/function/internal_message.html?_=1663034718903&CODE_STATE=count HTTP/1.1" 200 11
116.224.255.128 - - [13/Sep/2022:10:05:19 +0800] "GET /xingrg/check_reg.html?_=1663034718904 HTTP/1.1" 200 22
116.224.255.128 - - [13/Sep/2022:10:05:19 +0800] "GET /xingrg/javascript/jquery_easy_ui/themes/default/images/panel_tool_collapse.gif HTTP/1.1" 304 -
116.224.255.128 - - [13/Sep/2022:10:05:19 +0800] "GET /xingrg/javascript/jquery_easy_ui/themes/default/images/tabs_rightarrow.png HTTP/1.1" 304 -
116.224.255.128 - - [13/Sep/2022:10:05:19 +0800] "GET /xingrg/javascript/jquery_easy_ui/themes/default/images/tabs_leftarrow.png HTTP/1.1" 304 -
116.224.255.128 - - [13/Sep/2022:10:05:19 +0800] "GET /xingrg/images/blue/pingpu.png HTTP/1.1" 304 -
116.224.255.128 - - [13/Sep/2022:10:05:19 +0800] "POST /xingrg/load_menu.html HTTP/1.1" 200 5138
222.70.246.221 - - [13/Sep/2022:10:05:25 +0800] "GET /xingrg/all/function/internal_message.html?_=1663034730374&CODE_STATE=getMsg HTTP/1.1" 200 27
180.169.147.146 - - [13/Sep/2022:10:05:26 +0800] "GET /xingrg/all/function/internal_message.html?_=1663034725391&CODE_STATE=getMsg HTTP/1.1" 200 27
120.253.135.82 - - [13/Sep/2022:10:05:33 +0800] "POST /xingrg/kc/pszx/mdps_order_operate.html HTTP/1.1" 200 37
116.225.121.189 - - [13/Sep/2022:10:05:34 +0800] "GET /xingrg/all/function/internal_message.html?_=1663034735309&CODE_STATE=getMsg HTTP/1.1" 200 27
116.225.121.189 - - [13/Sep/2022:10:05:35 +0800] "GET /xingrg/check_reg.html?_=1663034735312 HTTP/1.1" 200 22
120.253.135.82 - - [13/Sep/2022:10:05:35 +0800] "POST /xingrg/kc/pszx/mdps_order_operate.html HTTP/1.1" 200 12
120.253.135.82 - - [13/Sep/2022:10:05:38 +0800] "GET /xingrg/kc/pszx/mdps_order_info.html?code=312022091200291 HTTP/1.1" 200 19680
120.253.135.82 - - [13/Sep/2022:10:05:38 +0800] "POST /xingrg/kc/pszx/mdps_order_operate.html HTTP/1.1" 200 999
120.253.135.82 - - [13/Sep/2022:10:05:39 +0800] "GET /xingrg/javascript/easyui/themes/default/validatebox.css HTTP/1.1" 404 1104
120.253.135.82 - - [13/Sep/2022:10:05:46 +0800] "GET /xingrg/all/function/internal_message.html?_=1663034862229&CODE_STATE=getMsg HTTP/1.1" 200 27
116.224.255.128 - - [13/Sep/2022:10:05:47 +0800] "GET /xingrg/check_reg.html?_=1663034686365 HTTP/1.1" 200 22
120.253.135.82 - - [13/Sep/2022:10:05:48 +0800] "POST /xingrg/kc/pszx/mdps_list_operate.html HTTP/1.1" 200 5533
116.224.255.128 - - [13/Sep/2022:10:05:49 +0800] "GET /xingrg/all/function/internal_message.html?_=1663034688143&CODE_STATE=getMsg HTTP/1.1" 200 27
58.221.95.50 - - [13/Sep/2022:10:05:51 +0800] "GET /xingrg/all/function/internal_message.html?_=1663034750021&CODE_STATE=getMsg HTTP/1.1" 302 -
58.40.7.146 - - [13/Sep/2022:10:05:51 +0800] "GET /xingrg/all/function/internal_message.html?_=1663034751035&CODE_STATE=getMsg HTTP/1.1" 200 27
120.253.135.82 - - [13/Sep/2022:10:05:53 +0800] "POST /xingrg/kc/pszx/mdps_list_operate.html HTTP/1.1" 200 652
120.253.135.82 - - [13/Sep/2022:10:05:54 +0800] "GET /xingrg/kc/pszx/mdps_order_info.html?code=312022091200290 HTTP/1.1" 200 24022
120.253.135.82 - - [13/Sep/2022:10:05:54 +0800] "GET /xingrg/javascript/easyui/themes/default/validatebox.css HTTP/1.1" 404 1104
120.253.135.82 - - [13/Sep/2022:10:05:54 +0800] "POST /xingrg/kc/pszx/mdps_order_operate.html HTTP/1.1" 200 12221
124.79.74.72 - - [13/Sep/2022:10:05:58 +0800] "GET /xingrg/all/function/internal_message.html?_=1663034755446&CODE_STATE=getMsg HTTP/1.1" 200 27
114.84.81.136 - - [13/Sep/2022:10:06:00 +0800] "GET /xingrg/all/function/internal_message.html?_=1663034760828&CODE_STATE=getMsg HTTP/1.1" 200 27
116.238.169.132 - - [13/Sep/2022:10:06:01 +0800] "GET /xingrg/all/function/internal_message.html?_=1663034772130&CODE_STATE=getMsg HTTP/1.1" 200 27
114.88.158.224 - - [13/Sep/2022:10:06:01 +0800] "GET /xingrg/all/function/internal_message.html?_=1663034419379&CODE_STATE=getMsg HTTP/1.1" 200 27
116.232.194.65 - - [13/Sep/2022:10:06:02 +0800] "POST /xingrg/services/DataTransmitService HTTP/1.1" 200 524
114.83.221.99 - - [13/Sep/2022:10:06:08 +0800] "GET /xingrg/all/function/internal_message.html?_=1663034765463&CODE_STATE=getMsg HTTP/1.1" 200 27
114.84.5.35 - - [13/Sep/2022:10:06:14 +0800] "GET /xingrg/all/function/internal_message.html?_=1663034772411&CODE_STATE=getMsg HTTP/1.1" 200 27
120.253.135.82 - - [13/Sep/2022:10:06:15 +0800] "POST /xingrg/kc/pszx/mdps_order_operate.html HTTP/1.1" 200 37
120.253.135.82 - - [13/Sep/2022:10:06:16 +0800] "POST /xingrg/kc/pszx/mdps_order_operate.html HTTP/1.1" 200 12
116.224.255.128 - - [13/Sep/2022:10:06:19 +0800] "GET /xingrg/all/function/internal_message.html?_=1663034778915&CODE_STATE=getMsg HTTP/1.1" 200 27
120.253.135.82 - - [13/Sep/2022:10:06:19 +0800] "GET /xingrg/kc/pszx/mdps_order_info.html?code=312022091200290 HTTP/1.1" 200 19680
120.253.135.82 - - [13/Sep/2022:10:06:19 +0800] "POST /xingrg/kc/pszx/mdps_order_operate.html HTTP/1.1" 200 10357
120.253.135.82 - - [13/Sep/2022:10:06:19 +0800] "GET /xingrg/javascript/easyui/themes/default/validatebox.css HTTP/1.1" 404 1104
120.253.135.82 - - [13/Sep/2022:10:06:21 +0800] "POST /xingrg/kc/pszx/mdps_list_operate.html HTTP/1.1" 200 5541
114.84.81.136 - - [13/Sep/2022:10:06:24 +0800] "GET /xingrg/check_reg.html?_=1663034785428 HTTP/1.1" 200 22
222.70.246.221 - - [13/Sep/2022:10:06:25 +0800] "GET /xingrg/all/function/internal_message.html?_=1663034790388&CODE_STATE=getMsg HTTP/1.1" 200 27
180.169.147.146 - - [13/Sep/2022:10:06:26 +0800] "GET /xingrg/all/function/internal_message.html?_=1663034785391&CODE_STATE=getMsg HTTP/1.1" 200 27
116.225.121.189 - - [13/Sep/2022:10:06:34 +0800] "GET /xingrg/all/function/internal_message.html?_=1663034795312&CODE_STATE=getMsg HTTP/1.1" 200 27
180.169.147.146 - - [13/Sep/2022:10:06:35 +0800] "GET /xingrg/all/function/internal_message.html?_=1663034790602&CODE_STATE=getMsg HTTP/1.1" 302 -
180.169.147.146 - - [13/Sep/2022:10:06:35 +0800] "GET /xingrg/login.html HTTP/1.1" 200 7641
180.169.147.146 - - [13/Sep/2022:10:06:35 +0800] "GET /xingrg/check_reg.html?_=1663034790605 HTTP/1.1" 302 -
180.169.147.146 - - [13/Sep/2022:10:06:35 +0800] "GET /xingrg/login.html HTTP/1.1" 200 7641
116.225.121.189 - - [13/Sep/2022:10:06:41 +0800] "GET /xingrg/kc/buy/cgsh_order_add.html HTTP/1.1" 200 68759
180.169.147.146 - - [13/Sep/2022:10:06:41 +0800] "GET /xingrg/logout.do HTTP/1.1" 302 -
180.169.147.146 - - [13/Sep/2022:10:06:41 +0800] "GET /xingrg/login.html HTTP/1.1" 200 7641
180.169.147.146 - - [13/Sep/2022:10:06:41 +0800] "GET /favicon.ico HTTP/1.1" 404 -
116.225.121.189 - - [13/Sep/2022:10:06:42 +0800] "POST /xingrg/kc/buy/cgsh_order_operate.html HTTP/1.1" 200 8245
116.225.121.189 - - [13/Sep/2022:10:06:42 +0800] "GET /xingrg/javascript/easyui/themes/default/validatebox.css HTTP/1.1" 404 1104
120.253.135.82 - - [13/Sep/2022:10:06:44 +0800] "GET /xingrg/check_reg.html?_=1663034920465 HTTP/1.1" 200 22
222.70.246.221 - - [13/Sep/2022:10:06:46 +0800] "GET /xingrg/check_reg.html?_=1663034811235 HTTP/1.1" 200 22
120.253.135.82 - - [13/Sep/2022:10:06:47 +0800] "GET /xingrg/all/function/internal_message.html?_=1663034922244&CODE_STATE=getMsg HTTP/1.1" 200 27
116.224.255.128 - - [13/Sep/2022:10:06:49 +0800] "GET /xingrg/all/function/internal_message.html?_=1663034748157&CODE_STATE=getMsg HTTP/1.1" 200 27
180.169.147.146 - - [13/Sep/2022:10:06:49 +0800] "POST /xingrg/login.do HTTP/1.1" 302 -
180.169.147.146 - - [13/Sep/2022:10:06:49 +0800] "GET /xingrg/index.html?sysBaseUrl=http%3A%2F%2F180.169.147.146%3A18081%2Fxingrg%2F&costTime=57×tamp=1663034809947 HTTP/1.1" 200 17173
180.169.147.146 - - [13/Sep/2022:10:06:50 +0800] "GET /favicon.ico HTTP/1.1" 404 -
180.169.147.146 - - [13/Sep/2022:10:06:50 +0800] "POST /xingrg/all/common/load_tree.html?tree=area_rest_tree_json&manage=1 HTTP/1.1" 200 342
180.169.147.146 - - [13/Sep/2022:10:06:50 +0800] "POST /xingrg/load_menu.html HTTP/1.1" 200 5138
180.169.147.146 - - [13/Sep/2022:10:06:50 +0800] "GET /xingrg/all/function/internal_message.html?_=1663034805726&CODE_STATE=count HTTP/1.1" 200 11
180.169.147.146 - - [13/Sep/2022:10:06:50 +0800] "GET /xingrg/check_reg.html?_=1663034805728 HTTP/1.1" 200 22
58.221.95.50 - - [13/Sep/2022:10:06:51 +0800] "GET /xingrg/all/function/internal_message.html?_=1663034809994&CODE_STATE=getMsg HTTP/1.1" 302 -
180.169.147.146 - - [13/Sep/2022:10:06:51 +0800] "GET /xingrg/kc/buy/buy_main.html HTTP/1.1" 200 12412
180.169.147.146 - - [13/Sep/2022:10:06:51 +0800] "GET /xingrg/css/new_ie.css HTTP/1.1" 404 1036
58.40.7.146 - - [13/Sep/2022:10:06:51 +0800] "GET /xingrg/all/function/internal_message.html?_=1663034811036&CODE_STATE=getMsg HTTP/1.1" 200 27
180.169.147.146 - - [13/Sep/2022:10:06:56 +0800] "GET /xingrg/kc/report/report_main.html HTTP/1.1" 200 7340
116.225.121.189 - - [13/Sep/2022:10:06:57 +0800] "GET /xingrg/kc/buy/cgsh_order_operate.html?command=get_materiel&rest_code=00105&code=00101009001&supplier_code=00100024&order_time=2022-09-13 HTTP/1.1" 200 416
180.169.147.146 - - [13/Sep/2022:10:06:58 +0800] "GET /xingrg/all/report/report_query.html?fileName=kc/buy/gys_amount.xml&rh=99999 HTTP/1.1" 200 52006
180.169.147.146 - - [13/Sep/2022:10:06:58 +0800] "GET /xingrg/dwr/interface/AjaxReportQueryService.js HTTP/1.1" 200 13203
180.169.147.146 - - [13/Sep/2022:10:06:58 +0800] "GET /xingrg/dwr/engine.js HTTP/1.1" 200 43631
180.169.147.146 - - [13/Sep/2022:10:06:58 +0800] "GET /xingrg/dwr/util.js HTTP/1.1" 304 -
124.79.74.72 - - [13/Sep/2022:10:06:58 +0800] "GET /xingrg/all/function/internal_message.html?_=1663034815431&CODE_STATE=getMsg HTTP/1.1" 200 27
180.169.147.146 - - [13/Sep/2022:10:06:58 +0800] "POST /xingrg/dwr/call/plaincall/AjaxReportQueryService.getFixDate.dwr HTTP/1.1" 200 111
180.169.147.146 - - [13/Sep/2022:10:06:59 +0800] "POST /xingrg/all/common/load_tree.html?tree=supplier_tree_json&manage=1 HTTP/1.1" 200 69780
114.84.81.136 - - [13/Sep/2022:10:07:00 +0800] "GET /xingrg/all/function/internal_message.html?_=1663034820826&CODE_STATE=getMsg HTTP/1.1" 200 27
180.169.147.146 - - [13/Sep/2022:10:07:00 +0800] "POST /xingrg/all/common/load_tree.html?tree=materiel_sort_tree_json HTTP/1.1" 200 9500
180.169.147.146 - - [13/Sep/2022:10:07:00 +0800] "POST /xingrg/dwr/call/plaincall/AjaxReportQueryService.getInitString.dwr HTTP/1.1" 200 1062
116.238.169.132 - - [13/Sep/2022:10:07:01 +0800] "GET /xingrg/all/function/internal_message.html?_=1663034832137&CODE_STATE=getMsg HTTP/1.1" 200 27
114.88.158.224 - - [13/Sep/2022:10:07:01 +0800] "GET /xingrg/all/function/internal_message.html?_=1663034479359&CODE_STATE=getMsg HTTP/1.1" 200 27
180.169.147.146 - - [13/Sep/2022:10:07:04 +0800] "POST /xingrg/dwr/call/plaincall/AjaxReportQueryService.getFixDate.dwr HTTP/1.1" 200 111
180.169.147.146 - - [13/Sep/2022:10:07:06 +0800] "POST /xingrg/dwr/call/plaincall/AjaxReportQueryService.refreshCache.dwr HTTP/1.1" 200 78
114.83.221.99 - - [13/Sep/2022:10:07:08 +0800] "GET /xingrg/all/function/internal_message.html?_=1663034825447&CODE_STATE=getMsg HTTP/1.1" 200 27
120.253.135.82 - - [13/Sep/2022:10:07:09 +0800] "POST /xingrg/kc/pszx/mdps_list_operate.html HTTP/1.1" 200 616
120.253.135.82 - - [13/Sep/2022:10:07:09 +0800] "GET /xingrg/kc/pszx/mdps_order_info.html?code=312022091200289 HTTP/1.1" 200 24022
180.169.147.146 - - [13/Sep/2022:10:07:09 +0800] "POST /xingrg/all/report/load_report_page.html HTTP/1.1" 200 140550
180.169.147.146 - - [13/Sep/2022:10:07:09 +0800] "GET /xingrg/servlets/image?cache=0.39026594761008704&image=px HTTP/1.1" 200 807
120.253.135.82 - - [13/Sep/2022:10:07:09 +0800] "POST /xingrg/kc/pszx/mdps_order_operate.html HTTP/1.1" 200 6835
120.253.135.82 - - [13/Sep/2022:10:07:09 +0800] "GET /xingrg/javascript/easyui/themes/default/validatebox.css HTTP/1.1" 404 1104
116.225.121.189 - - [13/Sep/2022:10:07:11 +0800] "GET /xingrg/kc/buy/cgsh_order_operate.html?command=get_materiel&rest_code=00105&code=00101009016&supplier_code=00100024&order_time=2022-09-13 HTTP/1.1" 200 412
114.84.5.35 - - [13/Sep/2022:10:07:14 +0800] "GET /xingrg/all/function/internal_message.html?_=1663034832412&CODE_STATE=getMsg HTTP/1.1" 200 27
116.224.255.128 - - [13/Sep/2022:10:07:19 +0800] "GET /xingrg/all/function/internal_message.html?_=1663034838920&CODE_STATE=getMsg HTTP/1.1" 200 27
120.253.135.82 - - [13/Sep/2022:10:07:21 +0800] "POST /xingrg/kc/pszx/mdps_order_operate.html HTTP/1.1" 200 37
120.253.135.82 - - [13/Sep/2022:10:07:24 +0800] "POST /xingrg/kc/pszx/mdps_order_operate.html HTTP/1.1" 200 12
116.225.121.189 - - [13/Sep/2022:10:07:25 +0800] "POST /xingrg/kc/buy/cgsh_order_operate.html HTTP/1.1" 200 37
222.70.246.221 - - [13/Sep/2022:10:07:25 +0800] "GET /xingrg/all/function/internal_message.html?_=1663034850402&CODE_STATE=getMsg HTTP/1.1" 200 27
180.169.147.146 - - [13/Sep/2022:10:07:26 +0800] "GET /xingrg/all/function/internal_message.html?_=1663034845529&CODE_STATE=getMsg HTTP/1.1" 200 27
120.253.135.82 - - [13/Sep/2022:10:07:26 +0800] "GET /xingrg/kc/pszx/mdps_order_info.html?code=312022091200289 HTTP/1.1" 200 19680
116.225.121.189 - - [13/Sep/2022:10:07:26 +0800] "POST /xingrg/kc/buy/cgsh_order_operate.html HTTP/1.1" 200 3253
120.253.135.82 - - [13/Sep/2022:10:07:27 +0800] "POST /xingrg/kc/pszx/mdps_order_operate.html HTTP/1.1" 200 5015
120.253.135.82 - - [13/Sep/2022:10:07:27 +0800] "GET /xingrg/javascript/easyui/themes/default/validatebox.css HTTP/1.1" 404 1104
116.238.169.132 - - [13/Sep/2022:10:07:28 +0800] "GET /xingrg/check_reg.html?_=1663034859124 HTTP/1.1" 200 22
116.225.121.189 - - [13/Sep/2022:10:07:28 +0800] "GET /xingrg/kc/print/load_data.html?order_code=212022091304737&kc_code=cgsh&condition= HTTP/1.1" 200 920
120.253.135.82 - - [13/Sep/2022:10:07:29 +0800] "POST /xingrg/kc/pszx/mdps_list_operate.html HTTP/1.1" 200 5549
180.169.147.146 - - [13/Sep/2022:10:07:30 +0800] "GET /xingrg/kc/buy/buy_main.html HTTP/1.1" 200 12412
180.169.147.146 - - [13/Sep/2022:10:07:30 +0800] "GET /xingrg/css/new_ie.css HTTP/1.1" 404 1036
180.169.147.146 - - [13/Sep/2022:10:07:31 +0800] "GET /xingrg/images/yd/bt.gif HTTP/1.1" 404 1040
180.169.147.146 - - [13/Sep/2022:10:07:31 +0800] "GET /xingrg/kc/buy/cgsh_order_list.html HTTP/1.1" 200 52895
180.169.147.146 - - [13/Sep/2022:10:07:33 +0800] "POST /xingrg/kc/buy/cgsh_list_operate.html HTTP/1.1" 200 928
180.169.147.146 - - [13/Sep/2022:10:07:34 +0800] "POST /xingrg/dwr/call/plaincall/AjaxReportQueryService.refreshCache.dwr HTTP/1.1" 200 78
116.225.121.189 - - [13/Sep/2022:10:07:35 +0800] "GET /xingrg/all/function/internal_message.html?_=1663034855335&CODE_STATE=getMsg HTTP/1.1" 200 27
180.169.147.146 - - [13/Sep/2022:10:07:35 +0800] "POST /xingrg/all/report/load_report_page.html HTTP/1.1" 200 49406
180.169.147.146 - - [13/Sep/2022:10:07:35 +0800] "GET /xingrg/servlets/image?cache=0.8298566115310427&image=px HTTP/1.1" 200 807
180.169.147.146 - - [13/Sep/2022:10:07:42 +0800] "POST /xingrg/all/report/report_print.html HTTP/1.1" 200 7168
120.253.135.82 - - [13/Sep/2022:10:07:46 +0800] "GET /xingrg/all/function/internal_message.html?_=1663034982273&CODE_STATE=getMsg HTTP/1.1" 200 27
116.224.255.128 - - [13/Sep/2022:10:07:49 +0800] "GET /xingrg/all/function/internal_message.html?_=1663034808171&CODE_STATE=getMsg HTTP/1.1" 200 27
180.169.147.146 - - [13/Sep/2022:10:07:50 +0800] "GET /xingrg/all/function/internal_message.html?_=1663034865826&CODE_STATE=getMsg HTTP/1.1" 200 27
58.221.95.50 - - [13/Sep/2022:10:07:51 +0800] "GET /xingrg/all/function/internal_message.html?_=1663034869965&CODE_STATE=getMsg HTTP/1.1" 302 -
58.40.7.146 - - [13/Sep/2022:10:07:51 +0800] "GET /xingrg/all/function/internal_message.html?_=1663034871038&CODE_STATE=getMsg HTTP/1.1" 200 27
124.79.74.72 - - [13/Sep/2022:10:07:58 +0800] "GET /xingrg/all/function/internal_message.html?_=1663034875417&CODE_STATE=getMsg HTTP/1.1" 200 27
114.84.81.136 - - [13/Sep/2022:10:08:00 +0800] "GET /xingrg/all/function/internal_message.html?_=1663034880825&CODE_STATE=getMsg HTTP/1.1" 200 27
116.238.169.132 - - [13/Sep/2022:10:08:01 +0800] "GET /xingrg/all/function/internal_message.html?_=1663034892118&CODE_STATE=getMsg HTTP/1.1" 200 27
114.88.158.224 - - [13/Sep/2022:10:08:01 +0800] "GET /xingrg/all/function/internal_message.html?_=1663034539329&CODE_STATE=getMsg HTTP/1.1" 200 27
114.83.221.99 - - [13/Sep/2022:10:08:08 +0800] "GET /xingrg/all/function/internal_message.html?_=1663034885432&CODE_STATE=getMsg HTTP/1.1" 200 27
114.84.5.35 - - [13/Sep/2022:10:08:14 +0800] "GET /xingrg/check_reg.html?_=1663034892411 HTTP/1.1" 200 22
114.84.5.35 - - [13/Sep/2022:10:08:14 +0800] "GET /xingrg/all/function/internal_message.html?_=1663034892414&CODE_STATE=getMsg HTTP/1.1" 200 27
116.224.255.128 - - [13/Sep/2022:10:08:19 +0800] "GET /xingrg/all/function/internal_message.html?_=1663034898925&CODE_STATE=getMsg HTTP/1.1" 200 27
180.169.147.146 - - [13/Sep/2022:10:08:24 +0800] "GET /xingrg/kc/report/report_main.html HTTP/1.1" 200 7340
222.70.246.221 - - [13/Sep/2022:10:08:25 +0800] "GET /xingrg/all/function/internal_message.html?_=1663034910414&CODE_STATE=getMsg HTTP/1.1" 200 27
180.169.147.146 - - [13/Sep/2022:10:08:26 +0800] "GET /xingrg/all/report/report_query.html?fileName=kc/buy/gys_amount.xml&rh=99999 HTTP/1.1" 200 52006
180.169.147.146 - - [13/Sep/2022:10:08:26 +0800] "GET /xingrg/dwr/engine.js HTTP/1.1" 200 43631
180.169.147.146 - - [13/Sep/2022:10:08:26 +0800] "GET /xingrg/dwr/interface/AjaxReportQueryService.js HTTP/1.1" 200 13203
180.169.147.146 - - [13/Sep/2022:10:08:26 +0800] "GET /xingrg/all/function/internal_message.html?_=1663034905525&CODE_STATE=getMsg HTTP/1.1" 200 27
180.169.147.146 - - [13/Sep/2022:10:08:26 +0800] "POST /xingrg/dwr/call/plaincall/AjaxReportQueryService.getFixDate.dwr HTTP/1.1" 200 111
114.88.158.224 - - [13/Sep/2022:10:08:26 +0800] "GET /xingrg/check_reg.html?_=1663034564135 HTTP/1.1" 200 22
180.169.147.146 - - [13/Sep/2022:10:08:26 +0800] "POST /xingrg/all/common/load_tree.html?tree=supplier_tree_json&manage=1 HTTP/1.1" 200 69780
180.169.147.146 - - [13/Sep/2022:10:08:28 +0800] "POST /xingrg/all/common/load_tree.html?tree=materiel_sort_tree_json HTTP/1.1" 200 9500
180.169.147.146 - - [13/Sep/2022:10:08:28 +0800] "POST /xingrg/dwr/call/plaincall/AjaxReportQueryService.getInitString.dwr HTTP/1.1" 200 1062
180.169.147.146 - - [13/Sep/2022:10:08:30 +0800] "POST /xingrg/dwr/call/plaincall/AjaxReportQueryService.getFixDate.dwr HTTP/1.1" 200 111
180.169.147.146 - - [13/Sep/2022:10:08:32 +0800] "POST /xingrg/dwr/call/plaincall/AjaxReportQueryService.refreshCache.dwr HTTP/1.1" 200 78
116.225.121.189 - - [13/Sep/2022:10:08:35 +0800] "GET /xingrg/all/function/internal_message.html?_=1663034915335&CODE_STATE=getMsg HTTP/1.1" 200 27
180.169.147.146 - - [13/Sep/2022:10:08:35 +0800] "POST /xingrg/all/report/load_report_page.html HTTP/1.1" 200 140424
180.169.147.146 - - [13/Sep/2022:10:08:35 +0800] "GET /xingrg/servlets/image?cache=0.489963811581686&image=px HTTP/1.1" 200 807
120.253.135.82 - - [13/Sep/2022:10:08:46 +0800] "GET /xingrg/all/function/internal_message.html?_=1663035042284&CODE_STATE=getMsg HTTP/1.1" 200 27
116.224.255.128 - - [13/Sep/2022:10:08:49 +0800] "GET /xingrg/all/function/internal_message.html?_=1663034868293&CODE_STATE=getMsg HTTP/1.1" 200 27
180.169.147.146 - - [13/Sep/2022:10:08:50 +0800] "GET /xingrg/all/function/internal_message.html?_=1663034925761&CODE_STATE=getMsg HTTP/1.1" 200 27
58.221.95.50 - - [13/Sep/2022:10:08:51 +0800] "GET /xingrg/all/function/internal_message.html?_=1663034929951&CODE_STATE=getMsg HTTP/1.1" 302 -
58.40.7.146 - - [13/Sep/2022:10:08:51 +0800] "GET /xingrg/all/function/internal_message.html?_=1663034931041&CODE_STATE=getMsg HTTP/1.1" 200 27
124.79.74.72 - - [13/Sep/2022:10:08:58 +0800] "GET /xingrg/all/function/internal_message.html?_=1663034935402&CODE_STATE=getMsg HTTP/1.1" 200 27
114.84.81.136 - - [13/Sep/2022:10:09:00 +0800] "GET /xingrg/all/function/internal_message.html?_=1663034940823&CODE_STATE=getMsg HTTP/1.1" 200 27
116.238.169.132 - - [13/Sep/2022:10:09:01 +0800] "GET /xingrg/all/function/internal_message.html?_=1663034952100&CODE_STATE=getMsg HTTP/1.1" 200 27
114.88.158.224 - - [13/Sep/2022:10:09:01 +0800] "GET /xingrg/all/function/internal_message.html?_=1663034599311&CODE_STATE=getMsg HTTP/1.1" 200 27
180.169.147.146 - - [13/Sep/2022:10:09:06 +0800] "GET /xingrg/kc/base/base_main.html HTTP/1.1" 200 12142
114.83.221.99 - - [13/Sep/2022:10:09:08 +0800] "GET /xingrg/all/function/internal_message.html?_=1663034945415&CODE_STATE=getMsg HTTP/1.1" 200 27
180.169.147.146 - - [13/Sep/2022:10:09:08 +0800] "GET /xingrg/kc/buy/buy_main.html HTTP/1.1" 200 12412
180.169.147.146 - - [13/Sep/2022:10:09:09 +0800] "GET /xingrg/css/new_ie.css HTTP/1.1" 404 1036
114.83.221.99 - - [13/Sep/2022:10:09:09 +0800] "GET /xingrg/check_reg.html?_=1663034945930 HTTP/1.1" 200 22
180.169.147.146 - - [13/Sep/2022:10:09:10 +0800] "GET /xingrg/kc/buy/cgsh_order_list.html HTTP/1.1" 200 52895
180.169.147.146 - - [13/Sep/2022:10:09:11 +0800] "POST /xingrg/kc/buy/cgsh_list_operate.html HTTP/1.1" 200 928
114.84.5.35 - - [13/Sep/2022:10:09:14 +0800] "GET /xingrg/all/function/internal_message.html?_=1663034952398&CODE_STATE=getMsg HTTP/1.1" 200 27
180.169.147.146 - - [13/Sep/2022:10:09:18 +0800] "POST /xingrg/kc/buy/cgsh_list_operate.html HTTP/1.1" 200 6099
116.224.255.128 - - [13/Sep/2022:10:09:19 +0800] "GET /xingrg/all/function/internal_message.html?_=1663034958925&CODE_STATE=getMsg HTTP/1.1" 200 27
180.169.147.146 - - [13/Sep/2022:10:09:25 +0800] "GET /xingrg/javascript/auto/indicator.gif HTTP/1.1" 404 1066
116.225.121.189 - - [13/Sep/2022:10:09:25 +0800] "GET /xingrg/kc/buy/cgsh_order_add.html HTTP/1.1" 200 68759
222.70.246.221 - - [13/Sep/2022:10:09:26 +0800] "GET /xingrg/all/function/internal_message.html?_=1663034970637&CODE_STATE=getMsg HTTP/1.1" 200 27
116.225.121.189 - - [13/Sep/2022:10:09:26 +0800] "POST /xingrg/kc/buy/cgsh_order_operate.html HTTP/1.1" 200 8245
180.169.147.146 - - [13/Sep/2022:10:09:26 +0800] "GET /xingrg/check_reg.html?_=1663034965397 HTTP/1.1" 200 22
180.169.147.146 - - [13/Sep/2022:10:09:26 +0800] "GET /xingrg/all/function/internal_message.html?_=1663034965506&CODE_STATE=getMsg HTTP/1.1" 200 27
116.225.121.189 - - [13/Sep/2022:10:09:26 +0800] "GET /xingrg/javascript/easyui/themes/default/validatebox.css HTTP/1.1" 404 1104
124.79.74.72 - - [13/Sep/2022:10:09:28 +0800] "GET /xingrg/check_reg.html?_=1663034965418 HTTP/1.1" 200 22
180.169.147.146 - - [13/Sep/2022:10:09:30 +0800] "POST /xingrg/kc/buy/cgsh_list_operate.html HTTP/1.1" 200 928
116.225.121.189 - - [13/Sep/2022:10:09:35 +0800] "GET /xingrg/all/function/internal_message.html?_=1663034975346&CODE_STATE=getMsg HTTP/1.1" 200 27
180.169.147.146 - - [13/Sep/2022:10:09:35 +0800] "GET /xingrg/javascript/jquery_easy_ui/themes/default/images/tabs_active.png HTTP/1.1" 200 2894
116.235.94.249 - - [13/Sep/2022:10:09:36 +0800] "GET /xingrg/login.html HTTP/1.1" 200 7641
222.70.246.221 - - [13/Sep/2022:10:09:36 +0800] "POST /xingrg/services/DataTransmitService HTTP/1.1" 200 524
116.235.94.249 - - [13/Sep/2022:10:09:37 +0800] "GET /favicon.ico HTTP/1.1" 404 -
180.169.147.146 - - [13/Sep/2022:10:09:40 +0800] "POST /xingrg/kc/buy/cgsh_list_operate.html HTTP/1.1" 200 928
222.70.246.221 - - [13/Sep/2022:10:09:42 +0800] "POST /xingrg/services/DataTransmitService HTTP/1.1" 200 501
116.225.121.189 - - [13/Sep/2022:10:09:44 +0800] "GET /xingrg/kc/buy/cgsh_order_operate.html?command=get_materiel&rest_code=00105&code=00101007198&supplier_code=00100012&order_time=2022-09-13 HTTP/1.1" 200 428
120.253.135.82 - - [13/Sep/2022:10:09:46 +0800] "GET /xingrg/all/function/internal_message.html?_=1663035102312&CODE_STATE=getMsg HTTP/1.1" 200 27
180.169.147.146 - - [13/Sep/2022:10:09:47 +0800] "POST /xingrg/kc/buy/cgsh_list_operate.html HTTP/1.1" 200 928
116.224.255.128 - - [13/Sep/2022:10:09:49 +0800] "GET /xingrg/all/function/internal_message.html?_=1663034928307&CODE_STATE=getMsg HTTP/1.1" 200 27
180.169.147.146 - - [13/Sep/2022:10:09:50 +0800] "GET /xingrg/all/function/internal_message.html?_=1663034985740&CODE_STATE=getMsg HTTP/1.1" 200 27
58.221.95.50 - - [13/Sep/2022:10:09:51 +0800] "GET /xingrg/all/function/internal_message.html?_=1663034989937&CODE_STATE=getMsg HTTP/1.1" 302 -
58.40.7.146 - - [13/Sep/2022:10:09:51 +0800] "GET /xingrg/check_reg.html?_=1663034991042 HTTP/1.1" 200 22
58.40.7.146 - - [13/Sep/2022:10:09:51 +0800] "GET /xingrg/all/function/internal_message.html?_=1663034991043&CODE_STATE=getMsg HTTP/1.1" 200 27
58.221.95.50 - - [13/Sep/2022:10:09:52 +0800] "GET /xingrg/check_reg.html?_=1663034991587 HTTP/1.1" 302 -
180.169.147.146 - - [13/Sep/2022:10:09:55 +0800] "POST /xingrg/kc/buy/cgsh_list_operate.html HTTP/1.1" 200 928
180.169.147.146 - - [13/Sep/2022:10:09:57 +0800] "POST /xingrg/kc/buy/cgsh_list_operate.html HTTP/1.1" 200 928
124.79.74.72 - - [13/Sep/2022:10:09:58 +0800] "GET /xingrg/all/function/internal_message.html?_=1663034995372&CODE_STATE=getMsg HTTP/1.1" 200 27
116.225.121.189 - - [13/Sep/2022:10:09:59 +0800] "GET /xingrg/kc/buy/cgsh_order_operate.html?command=get_materiel&rest_code=00105&code=00101006110&supplier_code=00100012&order_time=2022-09-13 HTTP/1.1" 200 408
114.84.81.136 - - [13/Sep/2022:10:10:00 +0800] "GET /xingrg/all/function/internal_message.html?_=1663035000808&CODE_STATE=getMsg HTTP/1.1" 200 27
116.238.169.132 - - [13/Sep/2022:10:10:01 +0800] "GET /xingrg/all/function/internal_message.html?_=1663035012081&CODE_STATE=getMsg HTTP/1.1" 200 27
114.88.158.224 - - [13/Sep/2022:10:10:01 +0800] "GET /xingrg/all/function/internal_message.html?_=1663034659292&CODE_STATE=getMsg HTTP/1.1" 200 27
