222.70.246.221 - - [13/Sep/2022:11:26:27 +0800] "POST /xingrg/kc/base/wldb_order_operate.html HTTP/1.1" 200 37
222.70.246.221 - - [13/Sep/2022:11:26:28 +0800] "POST /xingrg/kc/base/wldb_order_operate.html HTTP/1.1" 200 2675
61.170.235.210 - - [13/Sep/2022:11:26:28 +0800] "GET /xingrg/kc/base/wldb_order_operate.html?command=get_materiel&rest_code=00106&base_code=0010397&code=00102002204 HTTP/1.1" 200 448
116.225.121.189 - - [13/Sep/2022:11:26:33 +0800] "GET /xingrg/all/function/internal_message.html?_=1663039593693&CODE_STATE=getMsg HTTP/1.1" 200 27
222.70.246.221 - - [13/Sep/2022:11:26:35 +0800] "GET /xingrg/kc/base/wldb_order_info.html?code=422022091301139 HTTP/1.1" 200 30414
222.70.246.221 - - [13/Sep/2022:11:26:36 +0800] "GET /xingrg/javascript/easyui/themes/default/validatebox.css HTTP/1.1" 404 1104
222.70.246.221 - - [13/Sep/2022:11:26:36 +0800] "GET /xingrg/all/function/internal_message.html?_=1663039601037&CODE_STATE=getMsg HTTP/1.1" 200 27
222.70.246.221 - - [13/Sep/2022:11:26:36 +0800] "POST /xingrg/kc/base/wldb_order_operate.html HTTP/1.1" 200 2675
61.170.235.210 - - [13/Sep/2022:11:26:38 +0800] "GET /xingrg/kc/base/wldb_order_operate.html?command=get_materiel&rest_code=00106&base_code=0010397&code=00102002451 HTTP/1.1" 200 433
222.70.246.221 - - [13/Sep/2022:11:26:38 +0800] "GET /xingrg/kc/base/wldb_order_add.html HTTP/1.1" 200 30400
222.70.246.221 - - [13/Sep/2022:11:26:39 +0800] "POST /xingrg/kc/base/wldb_order_operate.html HTTP/1.1" 200 6806
222.70.246.221 - - [13/Sep/2022:11:26:39 +0800] "GET /xingrg/javascript/easyui/themes/default/validatebox.css HTTP/1.1" 404 1104
180.169.147.146 - - [13/Sep/2022:11:26:44 +0800] "GET /xingrg/all/function/internal_message.html?_=1663039599638&CODE_STATE=getMsg HTTP/1.1" 200 27
61.170.235.210 - - [13/Sep/2022:11:26:44 +0800] "GET /xingrg/kc/base/wldb_order_operate.html?command=get_materiel&rest_code=00106&base_code=0010397&code=00102002610 HTTP/1.1" 200 444
120.253.135.82 - - [13/Sep/2022:11:26:45 +0800] "GET /xingrg/check_reg.html?_=1663039721161 HTTP/1.1" 200 22
114.88.158.224 - - [13/Sep/2022:11:26:46 +0800] "GET /xingrg/kc/buy/cgsh_order_operate.html?command=get_materiel&rest_code=00141&code=00101007125&supplier_code=00100004&order_time=2022-09-13 HTTP/1.1" 200 406
222.70.246.221 - - [13/Sep/2022:11:26:47 +0800] "GET /xingrg/check_reg.html?_=1663039612284 HTTP/1.1" 200 22
120.253.135.82 - - [13/Sep/2022:11:26:48 +0800] "GET /xingrg/all/function/internal_message.html?_=1663039723704&CODE_STATE=getMsg HTTP/1.1" 200 27
58.221.95.50 - - [13/Sep/2022:11:26:49 +0800] "GET /xingrg/all/function/internal_message.html?_=1663039607958&CODE_STATE=getMsg HTTP/1.1" 302 -
61.170.235.210 - - [13/Sep/2022:11:26:50 +0800] "POST /xingrg/kc/base/wldb_order_operate.html HTTP/1.1" 200 37
61.170.235.210 - - [13/Sep/2022:11:26:50 +0800] "POST /xingrg/kc/base/wldb_order_operate.html HTTP/1.1" 200 3632
61.170.235.210 - - [13/Sep/2022:11:26:51 +0800] "GET /xingrg/kc/base/wldb_order_info.html?code=422022091301140 HTTP/1.1" 200 30413
61.170.235.210 - - [13/Sep/2022:11:26:51 +0800] "GET /xingrg/javascript/easyui/themes/default/validatebox.css HTTP/1.1" 404 1104
58.40.7.146 - - [13/Sep/2022:11:26:51 +0800] "GET /xingrg/all/function/internal_message.html?_=1663039611067&CODE_STATE=getMsg HTTP/1.1" 200 27
61.170.235.210 - - [13/Sep/2022:11:26:52 +0800] "POST /xingrg/kc/base/wldb_order_operate.html HTTP/1.1" 200 3632
116.224.255.128 - - [13/Sep/2022:11:26:52 +0800] "GET /xingrg/all/function/internal_message.html?_=1663039550866&CODE_STATE=getMsg HTTP/1.1" 200 27
114.88.158.224 - - [13/Sep/2022:11:26:56 +0800] "GET /xingrg/kc/buy/cgsh_order_operate.html?command=get_materiel&rest_code=00141&code=00101007061&supplier_code=00100004&order_time=2022-09-13 HTTP/1.1" 200 409
124.79.74.72 - - [13/Sep/2022:11:26:57 +0800] "GET /xingrg/all/function/internal_message.html?_=1663039613635&CODE_STATE=getMsg HTTP/1.1" 200 27
116.238.169.132 - - [13/Sep/2022:11:26:57 +0800] "POST /xingrg/all/user/operate.html HTTP/1.1" 200 36
116.238.169.132 - - [13/Sep/2022:11:26:57 +0800] "GET /xingrg/index.html?sysBaseUrl=http%3A%2F%2F180.169.147.146%3A18081%2Fxingrg%2F&costTime=42×tamp=1663037489786 HTTP/1.1" 200 17503
116.238.169.132 - - [13/Sep/2022:11:26:57 +0800] "GET /xingrg/javascript/jquery_easy_ui/themes/default/easyui.css HTTP/1.1" 304 -
116.238.169.132 - - [13/Sep/2022:11:26:57 +0800] "GET /xingrg/javascript/jquery_easy_ui/themes/icon.css HTTP/1.1" 304 -
116.238.169.132 - - [13/Sep/2022:11:26:57 +0800] "GET /xingrg/css/form.css HTTP/1.1" 304 -
116.238.169.132 - - [13/Sep/2022:11:26:57 +0800] "GET /xingrg/javascript/jquery-1.4.2.min.js HTTP/1.1" 304 -
116.238.169.132 - - [13/Sep/2022:11:26:57 +0800] "GET /xingrg/javascript/jquery_easy_ui/jquery.easyui.min.js HTTP/1.1" 304 -
116.238.169.132 - - [13/Sep/2022:11:26:57 +0800] "GET /xingrg/javascript/jquery_easy_ui/easyui-lang-zh_CN.js HTTP/1.1" 304 -
116.238.169.132 - - [13/Sep/2022:11:26:57 +0800] "GET /xingrg/javascript/jquery.form.js HTTP/1.1" 304 -
116.238.169.132 - - [13/Sep/2022:11:26:57 +0800] "GET /xingrg/javascript/jquery.utils.js HTTP/1.1" 304 -
116.238.169.132 - - [13/Sep/2022:11:26:57 +0800] "GET /xingrg/javascript/jquery.timers.js HTTP/1.1" 304 -
116.238.169.132 - - [13/Sep/2022:11:26:57 +0800] "GET /xingrg/images/blue/jxLogo.png HTTP/1.1" 304 -
116.238.169.132 - - [13/Sep/2022:11:26:57 +0800] "GET /xingrg/images/blue/navBackgound.jpg HTTP/1.1" 304 -
116.238.169.132 - - [13/Sep/2022:11:26:57 +0800] "GET /xingrg/javascript/jquery_easy_ui/themes/icons/settle_new.png HTTP/1.1" 304 -
116.238.169.132 - - [13/Sep/2022:11:26:57 +0800] "POST /xingrg/all/common/load_tree.html?tree=area_rest_tree_json&manage=1 HTTP/1.1" 200 3472
116.238.169.132 - - [13/Sep/2022:11:26:58 +0800] "GET /xingrg/all/function/internal_message.html?_=1663039619078&CODE_STATE=count HTTP/1.1" 200 11
116.238.169.132 - - [13/Sep/2022:11:26:58 +0800] "POST /xingrg/load_menu.html HTTP/1.1" 200 9959
116.238.169.132 - - [13/Sep/2022:11:26:58 +0800] "GET /xingrg/check_reg.html?_=1663039619080 HTTP/1.1" 200 22
116.238.169.132 - - [13/Sep/2022:11:26:58 +0800] "GET /xingrg/javascript/jquery_easy_ui/themes/default/images/tabs_leftarrow.png HTTP/1.1" 304 -
116.238.169.132 - - [13/Sep/2022:11:26:58 +0800] "GET /xingrg/javascript/jquery_easy_ui/themes/icons/forms_new.png HTTP/1.1" 304 -
116.238.169.132 - - [13/Sep/2022:11:26:58 +0800] "GET /xingrg/javascript/jquery_easy_ui/themes/icons/storage_new.png HTTP/1.1" 304 -
116.238.169.132 - - [13/Sep/2022:11:26:58 +0800] "GET /xingrg/javascript/jquery_easy_ui/themes/icons/systemset_new.png HTTP/1.1" 304 -
116.238.169.132 - - [13/Sep/2022:11:26:58 +0800] "GET /xingrg/javascript/jquery_easy_ui/themes/default/images/tree_folder_open.gif HTTP/1.1" 304 -
116.238.169.132 - - [13/Sep/2022:11:26:58 +0800] "GET /xingrg/javascript/jquery_easy_ui/themes/icons/checkout_new.png HTTP/1.1" 304 -
116.238.169.132 - - [13/Sep/2022:11:26:58 +0800] "GET /xingrg/javascript/jquery_easy_ui/themes/default/images/tree_arrows.gif HTTP/1.1" 304 -
116.238.169.132 - - [13/Sep/2022:11:26:58 +0800] "GET /xingrg/javascript/jquery_easy_ui/themes/default/images/tree_file.gif HTTP/1.1" 304 -
116.238.169.132 - - [13/Sep/2022:11:26:58 +0800] "GET /xingrg/javascript/jquery_easy_ui/themes/icons/setting_new.png HTTP/1.1" 304 -
116.238.169.132 - - [13/Sep/2022:11:26:58 +0800] "GET /xingrg/javascript/jquery_easy_ui/themes/icons/search_new.png HTTP/1.1" 304 -
116.238.169.132 - - [13/Sep/2022:11:26:58 +0800] "GET /xingrg/javascript/jquery_easy_ui/themes/default/images/panel_tool_collapse.gif HTTP/1.1" 304 -
116.238.169.132 - - [13/Sep/2022:11:26:58 +0800] "GET /xingrg/javascript/jquery_easy_ui/themes/default/images/tabs_rightarrow.png HTTP/1.1" 304 -
116.238.169.132 - - [13/Sep/2022:11:26:58 +0800] "GET /xingrg/javascript/jquery_easy_ui/themes/default/images/panel_tool_expand.gif HTTP/1.1" 304 -
116.238.169.132 - - [13/Sep/2022:11:26:58 +0800] "GET /xingrg/images/blue/pingpu.png HTTP/1.1" 304 -
116.238.169.132 - - [13/Sep/2022:11:26:58 +0800] "GET /xingrg/javascript/jquery_easy_ui/themes/default/images/tree_folder.gif HTTP/1.1" 304 -
116.238.169.132 - - [13/Sep/2022:11:26:59 +0800] "GET /xingrg/all/function/internal_message.html?_=1663039630839&CODE_STATE=getMsg HTTP/1.1" 200 27
114.84.81.136 - - [13/Sep/2022:11:26:59 +0800] "GET /xingrg/all/function/internal_message.html?_=1663039620552&CODE_STATE=getMsg HTTP/1.1" 200 27
114.88.158.224 - - [13/Sep/2022:11:26:59 +0800] "GET /xingrg/all/function/internal_message.html?_=1663039277550&CODE_STATE=getMsg HTTP/1.1" 200 27
116.238.169.132 - - [13/Sep/2022:11:27:00 +0800] "GET /xingrg/kc/report/report_main.html HTTP/1.1" 200 7340
116.238.169.132 - - [13/Sep/2022:11:27:01 +0800] "GET /xingrg/css/blue.css HTTP/1.1" 200 15949
116.238.169.132 - - [13/Sep/2022:11:27:01 +0800] "GET /xingrg/javascript/jquery_ui/themes/humanity/humanity.css HTTP/1.1" 200 27801
116.238.169.132 - - [13/Sep/2022:11:27:01 +0800] "GET /xingrg/javascript/pic_change.js HTTP/1.1" 200 4739
116.238.169.132 - - [13/Sep/2022:11:27:01 +0800] "GET /xingrg/javascript/json2.js HTTP/1.1" 200 11259
116.238.169.132 - - [13/Sep/2022:11:27:01 +0800] "GET /xingrg/javascript/myfunction.js HTTP/1.1" 200 24559
116.238.169.132 - - [13/Sep/2022:11:27:01 +0800] "GET /xingrg/javascript/jquery_easy_ui/themes/icons/back_new.png HTTP/1.1" 200 3414
116.238.169.132 - - [13/Sep/2022:11:27:02 +0800] "GET /xingrg/all/report/report_query.html?fileName=kc/buy/gys_amount_base.xml&rh=99999 HTTP/1.1" 200 51871
116.238.169.132 - - [13/Sep/2022:11:27:02 +0800] "GET /xingrg/javascript/multi_select/jqueryMultiSelect.css HTTP/1.1" 200 951
116.238.169.132 - - [13/Sep/2022:11:27:02 +0800] "GET /xingrg/javascript/calendar/timePicker.css HTTP/1.1" 200 523
116.238.169.132 - - [13/Sep/2022:11:27:02 +0800] "GET /xingrg/javascript/bigrid/fix.css HTTP/1.1" 200 1702
116.238.169.132 - - [13/Sep/2022:11:27:02 +0800] "GET /xingrg/dwr/interface/AjaxReportQueryService.js HTTP/1.1" 200 13203
116.238.169.132 - - [13/Sep/2022:11:27:02 +0800] "GET /xingrg/dwr/engine.js HTTP/1.1" 200 43631
116.238.169.132 - - [13/Sep/2022:11:27:02 +0800] "GET /xingrg/dwr/util.js HTTP/1.1" 200 35990
116.238.169.132 - - [13/Sep/2022:11:27:02 +0800] "GET /xingrg/javascript/jqueryMultiSelect.js HTTP/1.1" 200 11866
116.238.169.132 - - [13/Sep/2022:11:27:02 +0800] "GET /xingrg/javascript/calendar/jquery.timePicker.min.js HTTP/1.1" 200 2997
116.238.169.132 - - [13/Sep/2022:11:27:02 +0800] "GET /xingrg/javascript/bigrid/fix.js HTTP/1.1" 200 6439
116.238.169.132 - - [13/Sep/2022:11:27:02 +0800] "GET /xingrg/javascript/Calendar.js HTTP/1.1" 200 31561
116.238.169.132 - - [13/Sep/2022:11:27:03 +0800] "GET /xingrg/images/blue/button/advanceover.gif HTTP/1.1" 200 1347
116.238.169.132 - - [13/Sep/2022:11:27:03 +0800] "GET /xingrg/images/blue/button/advance2over.gif HTTP/1.1" 200 1336
116.238.169.132 - - [13/Sep/2022:11:27:03 +0800] "GET /xingrg/images/control/loading.gif HTTP/1.1" 200 13463
116.238.169.132 - - [13/Sep/2022:11:27:03 +0800] "GET /xingrg/images/blue/button/back2over.gif HTTP/1.1" 200 1335
116.238.169.132 - - [13/Sep/2022:11:27:03 +0800] "GET /xingrg/images/blue/button/backover.gif HTTP/1.1" 200 1348
116.238.169.132 - - [13/Sep/2022:11:27:03 +0800] "GET /xingrg/javascript/jquery_easy_ui/themes/default/images/menu_downarrow.png HTTP/1.1" 200 173
116.238.169.132 - - [13/Sep/2022:11:27:03 +0800] "GET /xingrg/javascript/jquery_easy_ui/themes/icons/pencil.png HTTP/1.1" 200 713
116.238.169.132 - - [13/Sep/2022:11:27:03 +0800] "GET /xingrg/javascript/jquery_easy_ui/themes/default/images/menu_rightarrow.png HTTP/1.1" 200 3617
116.238.169.132 - - [13/Sep/2022:11:27:03 +0800] "GET /xingrg/javascript/jquery_easy_ui/themes/icons/print.png HTTP/1.1" 200 1057
116.238.169.132 - - [13/Sep/2022:11:27:03 +0800] "GET /xingrg/javascript/jquery_easy_ui/themes/default/images/menu.gif HTTP/1.1" 200 834
116.238.169.132 - - [13/Sep/2022:11:27:03 +0800] "GET /xingrg/javascript/jquery_easy_ui/themes/icons/help.png HTTP/1.1" 200 1187
116.238.169.132 - - [13/Sep/2022:11:27:03 +0800] "POST /xingrg/dwr/call/plaincall/AjaxReportQueryService.getFixDate.dwr HTTP/1.1" 200 111
116.238.169.132 - - [13/Sep/2022:11:27:03 +0800] "POST /xingrg/dwr/call/plaincall/AjaxReportQueryService.getInitString.dwr HTTP/1.1" 200 1035
116.238.169.132 - - [13/Sep/2022:11:27:03 +0800] "GET /xingrg/javascript/multi_select/dropdown.gif HTTP/1.1" 200 61
116.238.169.132 - - [13/Sep/2022:11:27:03 +0800] "GET /xingrg/javascript/jquery_easy_ui/themes/default/images/combo_arrow_dot.gif HTTP/1.1" 200 79
116.238.169.132 - - [13/Sep/2022:11:27:03 +0800] "POST /xingrg/all/common/load_tree.html?tree=supplier_tree_json&manage=1 HTTP/1.1" 200 69780
116.238.169.132 - - [13/Sep/2022:11:27:04 +0800] "GET /xingrg/javascript/jquery_easy_ui/themes/default/images/tree_checkbox_0.gif HTTP/1.1" 200 168
116.238.169.132 - - [13/Sep/2022:11:27:04 +0800] "POST /xingrg/all/common/load_tree.html?tree=materiel_sort_tree_json HTTP/1.1" 200 9500
61.170.235.210 - - [13/Sep/2022:11:27:04 +0800] "POST /xingrg/kc/base/wldb_order_operate.html HTTP/1.1" 200 37
61.170.235.210 - - [13/Sep/2022:11:27:05 +0800] "POST /xingrg/kc/base/wldb_order_operate.html HTTP/1.1" 200 3632
61.170.235.210 - - [13/Sep/2022:11:27:05 +0800] "GET /xingrg/kc/base/wldb_order_info.html?code=422022091301140 HTTP/1.1" 200 30413
61.170.235.210 - - [13/Sep/2022:11:27:06 +0800] "GET /xingrg/javascript/easyui/themes/default/validatebox.css HTTP/1.1" 404 1104
116.238.169.132 - - [13/Sep/2022:11:27:06 +0800] "POST /xingrg/dwr/call/plaincall/AjaxReportQueryService.getFixDate.dwr HTTP/1.1" 200 111
180.162.112.166 - - [13/Sep/2022:11:27:06 +0800] "GET /xingrg/all/function/internal_message.html?_=1663038756229&CODE_STATE=getMsg HTTP/1.1" 200 27
61.170.235.210 - - [13/Sep/2022:11:27:06 +0800] "POST /xingrg/kc/base/wldb_order_operate.html HTTP/1.1" 200 3632
116.238.169.132 - - [13/Sep/2022:11:27:06 +0800] "GET /xingrg/javascript/multi_select/dropdown_hover.gif HTTP/1.1" 200 61
61.170.235.210 - - [13/Sep/2022:11:27:07 +0800] "GET /xingrg/all/function/internal_message.html?_=1663039626550&CODE_STATE=getMsg HTTP/1.1" 200 27
114.83.221.99 - - [13/Sep/2022:11:27:07 +0800] "GET /xingrg/all/function/internal_message.html?_=1663039624554&CODE_STATE=getMsg HTTP/1.1" 200 27
222.70.246.221 - - [13/Sep/2022:11:27:08 +0800] "GET /xingrg/kc/base/wldb_order_operate.html?command=get_materiel&rest_code=00146&base_code=0010063&code=00101019015 HTTP/1.1" 200 450
116.238.169.132 - - [13/Sep/2022:11:27:09 +0800] "GET /xingrg/javascript/multi_select/dropdown_active.gif HTTP/1.1" 200 61
61.170.235.210 - - [13/Sep/2022:11:27:11 +0800] "GET /xingrg/kc/base/wldb_order_add.html HTTP/1.1" 200 30398
180.163.30.85 - - [13/Sep/2022:11:27:11 +0800] "GET /xingrg/all/function/internal_message.html?_=1663036387782&CODE_STATE=getMsg HTTP/1.1" 302 -
180.163.30.85 - - [13/Sep/2022:11:27:11 +0800] "GET /xingrg/login.html HTTP/1.1" 200 7641
61.170.235.210 - - [13/Sep/2022:11:27:11 +0800] "GET /xingrg/javascript/easyui/themes/default/validatebox.css HTTP/1.1" 404 1104
61.170.235.210 - - [13/Sep/2022:11:27:11 +0800] "POST /xingrg/kc/base/wldb_order_operate.html HTTP/1.1" 200 6806
61.170.235.210 - - [13/Sep/2022:11:27:12 +0800] "POST /xingrg/all/common/load_combo.html?type=base HTTP/1.1" 200 3227
114.84.5.35 - - [13/Sep/2022:11:27:14 +0800] "GET /xingrg/all/function/internal_message.html?_=1663039632543&CODE_STATE=getMsg HTTP/1.1" 200 27
61.170.235.210 - - [13/Sep/2022:11:27:14 +0800] "POST /xingrg/all/common/load_combo.html?type=base HTTP/1.1" 200 3227
180.169.147.146 - - [13/Sep/2022:11:27:18 +0800] "GET /xingrg/all/function/internal_message.html?_=1663039637702&CODE_STATE=getMsg HTTP/1.1" 200 27
116.224.255.128 - - [13/Sep/2022:11:27:18 +0800] "GET /xingrg/all/function/internal_message.html?_=1663039638265&CODE_STATE=getMsg HTTP/1.1" 200 27
116.238.169.132 - - [13/Sep/2022:11:27:19 +0800] "GET /xingrg/javascript/jquery_easy_ui/themes/default/images/tree_checkbox_1.gif HTTP/1.1" 200 174
116.238.169.132 - - [13/Sep/2022:11:27:19 +0800] "GET /xingrg/javascript/jquery_easy_ui/themes/default/images/tree_checkbox_2.gif HTTP/1.1" 200 181
116.238.169.132 - - [13/Sep/2022:11:27:21 +0800] "POST /xingrg/dwr/call/plaincall/AjaxReportQueryService.refreshCache.dwr HTTP/1.1" 200 78
114.88.158.224 - - [13/Sep/2022:11:27:21 +0800] "POST /xingrg/kc/buy/cgsh_order_operate.html HTTP/1.1" 200 37
61.170.235.210 - - [13/Sep/2022:11:27:21 +0800] "GET /xingrg/kc/base/wldb_order_operate.html?command=get_materiel&rest_code=00106&base_code=0010397&code=00102002367 HTTP/1.1" 200 430
116.238.169.132 - - [13/Sep/2022:11:27:22 +0800] "POST /xingrg/all/report/load_report_page.html HTTP/1.1" 200 7289
116.238.169.132 - - [13/Sep/2022:11:27:22 +0800] "GET /xingrg/servlets/image?cache=0.21300857152652786&image=px HTTP/1.1" 200 807
114.88.158.224 - - [13/Sep/2022:11:27:25 +0800] "POST /xingrg/kc/buy/cgsh_order_operate.html HTTP/1.1" 200 12
114.88.158.224 - - [13/Sep/2022:11:27:25 +0800] "GET /xingrg/kc/buy/cgsh_order_info.html?code=212022091304761 HTTP/1.1" 200 63580
180.163.30.100 - - [13/Sep/2022:11:27:26 +0800] "GET /xingrg/all/function/internal_message.html?_=1663036207862&CODE_STATE=getMsg HTTP/1.1" 302 -
180.163.30.100 - - [13/Sep/2022:11:27:26 +0800] "GET /xingrg/login.html HTTP/1.1" 200 7641
114.88.158.224 - - [13/Sep/2022:11:27:26 +0800] "GET /xingrg/javascript/easyui/themes/default/validatebox.css HTTP/1.1" 404 1104
114.88.158.224 - - [13/Sep/2022:11:27:26 +0800] "POST /xingrg/kc/buy/cgsh_order_operate.html HTTP/1.1" 200 2964
61.170.235.210 - - [13/Sep/2022:11:27:26 +0800] "POST /xingrg/kc/base/wldb_order_operate.html HTTP/1.1" 200 37
222.70.246.221 - - [13/Sep/2022:11:27:27 +0800] "GET /xingrg/kc/base/wldb_order_operate.html?command=get_materiel&rest_code=00146&base_code=0010063&code=00101019222 HTTP/1.1" 200 453
61.170.235.210 - - [13/Sep/2022:11:27:27 +0800] "GET /xingrg/kc/base/wldb_order_info.html?code=422022091301141 HTTP/1.1" 200 30413
61.170.235.210 - - [13/Sep/2022:11:27:27 +0800] "POST /xingrg/kc/base/wldb_order_operate.html HTTP/1.1" 200 2180
114.88.158.224 - - [13/Sep/2022:11:27:27 +0800] "GET /xingrg/kc/print/load_data.html?order_code=212022091304761&kc_code=cgsh&condition= HTTP/1.1" 200 1658
116.238.169.132 - - [13/Sep/2022:11:27:27 +0800] "GET /xingrg/check_reg.html?_=1663039659153 HTTP/1.1" 200 22
61.170.235.210 - - [13/Sep/2022:11:27:28 +0800] "GET /xingrg/javascript/easyui/themes/default/validatebox.css HTTP/1.1" 404 1104
61.170.235.210 - - [13/Sep/2022:11:27:28 +0800] "POST /xingrg/kc/base/wldb_order_operate.html HTTP/1.1" 200 2180
114.88.158.224 - - [13/Sep/2022:11:27:31 +0800] "GET /xingrg/kc/buy/cgsh_order_add.html HTTP/1.1" 200 68677
114.88.158.224 - - [13/Sep/2022:11:27:31 +0800] "POST /xingrg/kc/buy/cgsh_order_operate.html HTTP/1.1" 200 8245
114.88.158.224 - - [13/Sep/2022:11:27:31 +0800] "GET /xingrg/javascript/easyui/themes/default/validatebox.css HTTP/1.1" 404 1104
116.225.121.189 - - [13/Sep/2022:11:27:33 +0800] "GET /xingrg/all/function/internal_message.html?_=1663039653688&CODE_STATE=getMsg HTTP/1.1" 200 27
61.170.235.210 - - [13/Sep/2022:11:27:33 +0800] "GET /xingrg/kc/base/wldb_order_add.html HTTP/1.1" 200 30398
61.170.235.210 - - [13/Sep/2022:11:27:34 +0800] "POST /xingrg/kc/base/wldb_order_operate.html HTTP/1.1" 200 6806
61.170.235.210 - - [13/Sep/2022:11:27:34 +0800] "GET /xingrg/javascript/easyui/themes/default/validatebox.css HTTP/1.1" 404 1104
61.170.235.210 - - [13/Sep/2022:11:27:35 +0800] "POST /xingrg/all/common/load_combo.html?type=base HTTP/1.1" 200 3227
222.70.246.221 - - [13/Sep/2022:11:27:36 +0800] "GET /xingrg/all/function/internal_message.html?_=1663039661105&CODE_STATE=getMsg HTTP/1.1" 200 27
61.170.235.210 - - [13/Sep/2022:11:27:37 +0800] "POST /xingrg/all/common/load_combo.html?type=base HTTP/1.1" 200 3227
114.88.158.224 - - [13/Sep/2022:11:27:39 +0800] "GET /xingrg/kc/buy/cgsh_order_operate.html?command=get_materiel&rest_code=00141&code=00101006109&supplier_code=00100012&order_time=2022-09-13 HTTP/1.1" 200 409
61.170.235.210 - - [13/Sep/2022:11:27:43 +0800] "GET /xingrg/kc/base/wldb_order_operate.html?command=get_materiel&rest_code=00106&base_code=0010397&code=00102002453 HTTP/1.1" 200 433
180.169.147.146 - - [13/Sep/2022:11:27:44 +0800] "GET /xingrg/all/function/internal_message.html?_=1663039659639&CODE_STATE=getMsg HTTP/1.1" 200 27
114.88.158.224 - - [13/Sep/2022:11:27:47 +0800] "GET /xingrg/kc/buy/cgsh_order_operate.html?command=get_materiel&rest_code=00141&code=00101006111&supplier_code=00100012&order_time=2022-09-13 HTTP/1.1" 200 409
120.253.135.82 - - [13/Sep/2022:11:27:48 +0800] "GET /xingrg/all/function/internal_message.html?_=1663039783716&CODE_STATE=getMsg HTTP/1.1" 200 27
61.170.235.210 - - [13/Sep/2022:11:27:48 +0800] "GET /xingrg/kc/base/wldb_order_operate.html?command=get_materiel&rest_code=00106&base_code=0010397&code=00102004006 HTTP/1.1" 200 442
58.221.95.50 - - [13/Sep/2022:11:27:49 +0800] "GET /xingrg/all/function/internal_message.html?_=1663039667929&CODE_STATE=getMsg HTTP/1.1" 302 -
222.70.246.221 - - [13/Sep/2022:11:27:51 +0800] "GET /xingrg/kc/base/wldb_order_operate.html?command=get_materiel&rest_code=00146&base_code=0010063&code=00101019375 HTTP/1.1" 200 464
58.40.7.146 - - [13/Sep/2022:11:27:51 +0800] "GET /xingrg/all/function/internal_message.html?_=1663039671070&CODE_STATE=getMsg HTTP/1.1" 200 27
116.224.255.128 - - [13/Sep/2022:11:27:52 +0800] "GET /xingrg/all/function/internal_message.html?_=1663039610880&CODE_STATE=getMsg HTTP/1.1" 200 27
114.88.158.224 - - [13/Sep/2022:11:27:56 +0800] "GET /xingrg/kc/buy/cgsh_order_operate.html?command=get_materiel&rest_code=00141&code=00101006108&supplier_code=00100012&order_time=2022-09-13 HTTP/1.1" 200 423
124.79.74.72 - - [13/Sep/2022:11:27:57 +0800] "GET /xingrg/all/function/internal_message.html?_=1663039673604&CODE_STATE=getMsg HTTP/1.1" 200 27
61.170.235.210 - - [13/Sep/2022:11:27:57 +0800] "GET /xingrg/kc/base/wldb_order_operate.html?command=get_materiel&rest_code=00106&base_code=0010397&code=00102004030 HTTP/1.1" 200 442
116.238.169.132 - - [13/Sep/2022:11:27:58 +0800] "GET /xingrg/all/function/internal_message.html?_=1663039679083&CODE_STATE=getMsg HTTP/1.1" 200 27
116.238.169.132 - - [13/Sep/2022:11:27:59 +0800] "GET /xingrg/all/function/internal_message.html?_=1663039690836&CODE_STATE=getMsg HTTP/1.1" 200 27
114.84.81.136 - - [13/Sep/2022:11:27:59 +0800] "GET /xingrg/all/function/internal_message.html?_=1663039680553&CODE_STATE=getMsg HTTP/1.1" 200 27
114.88.158.224 - - [13/Sep/2022:11:27:59 +0800] "GET /xingrg/all/function/internal_message.html?_=1663039337529&CODE_STATE=getMsg HTTP/1.1" 200 27
180.163.29.234 - - [13/Sep/2022:11:28:04 +0800] "GET /xingrg/all/function/internal_message.html?_=1663036627681&CODE_STATE=getMsg HTTP/1.1" 302 -
180.163.29.234 - - [13/Sep/2022:11:28:04 +0800] "GET /xingrg/login.html HTTP/1.1" 200 7641
180.162.112.166 - - [13/Sep/2022:11:28:06 +0800] "GET /xingrg/check_reg.html?_=1663038816231 HTTP/1.1" 200 22
180.162.112.166 - - [13/Sep/2022:11:28:06 +0800] "GET /xingrg/all/function/internal_message.html?_=1663038816229&CODE_STATE=getMsg HTTP/1.1" 200 27
114.88.158.224 - - [13/Sep/2022:11:28:07 +0800] "GET /xingrg/kc/buy/cgsh_order_operate.html?command=get_materiel&rest_code=00141&code=00101008131&supplier_code=00100012&order_time=2022-09-13 HTTP/1.1" 200 408
114.83.221.99 - - [13/Sep/2022:11:28:07 +0800] "GET /xingrg/all/function/internal_message.html?_=1663039684524&CODE_STATE=getMsg HTTP/1.1" 200 27
61.170.235.210 - - [13/Sep/2022:11:28:07 +0800] "GET /xingrg/all/function/internal_message.html?_=1663039686521&CODE_STATE=getMsg HTTP/1.1" 200 27
61.170.235.210 - - [13/Sep/2022:11:28:08 +0800] "GET /xingrg/kc/base/wldb_order_operate.html?command=get_materiel&rest_code=00106&base_code=0010397&code=00102004026 HTTP/1.1" 200 442
114.88.158.224 - - [13/Sep/2022:11:28:12 +0800] "GET /xingrg/kc/buy/cgsh_order_operate.html?command=get_materiel&rest_code=00141&code=00101006055&supplier_code=00100012&order_time=2022-09-13 HTTP/1.1" 200 409
61.170.235.210 - - [13/Sep/2022:11:28:13 +0800] "POST /xingrg/kc/base/wldb_order_operate.html HTTP/1.1" 200 37
61.170.235.210 - - [13/Sep/2022:11:28:14 +0800] "POST /xingrg/kc/base/wldb_order_operate.html HTTP/1.1" 200 3621
61.170.235.210 - - [13/Sep/2022:11:28:14 +0800] "GET /xingrg/kc/base/wldb_order_info.html?code=422022091301142 HTTP/1.1" 200 30414
114.84.5.35 - - [13/Sep/2022:11:28:14 +0800] "GET /xingrg/all/function/internal_message.html?_=1663039692543&CODE_STATE=getMsg HTTP/1.1" 200 27
114.84.5.35 - - [13/Sep/2022:11:28:14 +0800] "GET /xingrg/check_reg.html?_=1663039692546 HTTP/1.1" 200 22
61.170.235.210 - - [13/Sep/2022:11:28:14 +0800] "GET /xingrg/javascript/easyui/themes/default/validatebox.css HTTP/1.1" 404 1104
61.170.235.210 - - [13/Sep/2022:11:28:15 +0800] "POST /xingrg/kc/base/wldb_order_operate.html HTTP/1.1" 200 3621
180.169.147.146 - - [13/Sep/2022:11:28:18 +0800] "GET /xingrg/all/function/internal_message.html?_=1663039697701&CODE_STATE=getMsg HTTP/1.1" 200 27
116.224.255.128 - - [13/Sep/2022:11:28:18 +0800] "GET /xingrg/all/function/internal_message.html?_=1663039698264&CODE_STATE=getMsg HTTP/1.1" 200 27
114.88.158.224 - - [13/Sep/2022:11:28:19 +0800] "GET /xingrg/kc/buy/cgsh_order_operate.html?command=get_materiel&rest_code=00141&code=00101006293&supplier_code=00100012&order_time=2022-09-13 HTTP/1.1" 200 430
114.88.158.224 - - [13/Sep/2022:11:28:26 +0800] "GET /xingrg/check_reg.html?_=1663039364373 HTTP/1.1" 200 22
180.169.147.146 - - [13/Sep/2022:11:28:28 +0800] "GET /xingrg/kc/buy/cgsh_order_list.html HTTP/1.1" 200 53150
180.169.147.146 - - [13/Sep/2022:11:28:29 +0800] "POST /xingrg/kc/buy/cgsh_list_operate.html HTTP/1.1" 200 928
180.169.147.146 - - [13/Sep/2022:11:28:30 +0800] "POST /xingrg/all/user/operate.html HTTP/1.1" 200 36
180.169.147.146 - - [13/Sep/2022:11:28:30 +0800] "GET /xingrg/index.html?sysBaseUrl=http%3A%2F%2F180.169.147.146%3A18081%2Fxingrg%2F&costTime=59×tamp=1663034365764 HTTP/1.1" 200 17503
180.169.147.146 - - [13/Sep/2022:11:28:30 +0800] "GET /xingrg/javascript/jquery_easy_ui/themes/default/easyui.css HTTP/1.1" 304 -
180.169.147.146 - - [13/Sep/2022:11:28:30 +0800] "GET /xingrg/javascript/jquery_easy_ui/themes/icon.css HTTP/1.1" 304 -
180.169.147.146 - - [13/Sep/2022:11:28:30 +0800] "GET /xingrg/css/form.css HTTP/1.1" 304 -
180.169.147.146 - - [13/Sep/2022:11:28:30 +0800] "GET /xingrg/javascript/jquery-1.4.2.min.js HTTP/1.1" 304 -
180.169.147.146 - - [13/Sep/2022:11:28:30 +0800] "GET /xingrg/javascript/jquery_easy_ui/jquery.easyui.min.js HTTP/1.1" 304 -
180.169.147.146 - - [13/Sep/2022:11:28:30 +0800] "GET /xingrg/javascript/jquery_easy_ui/easyui-lang-zh_CN.js HTTP/1.1" 304 -
180.169.147.146 - - [13/Sep/2022:11:28:30 +0800] "GET /xingrg/javascript/jquery.form.js HTTP/1.1" 304 -
180.169.147.146 - - [13/Sep/2022:11:28:30 +0800] "GET /xingrg/javascript/jquery.utils.js HTTP/1.1" 304 -
180.169.147.146 - - [13/Sep/2022:11:28:30 +0800] "GET /xingrg/javascript/jquery.timers.js HTTP/1.1" 304 -
180.169.147.146 - - [13/Sep/2022:11:28:30 +0800] "GET /xingrg/images/blue/jxLogo.png HTTP/1.1" 304 -
180.169.147.146 - - [13/Sep/2022:11:28:30 +0800] "GET /xingrg/javascript/jquery_easy_ui/themes/icons/settle_new.png HTTP/1.1" 304 -
180.169.147.146 - - [13/Sep/2022:11:28:30 +0800] "GET /xingrg/images/blue/navBackgound.jpg HTTP/1.1" 304 -
180.169.147.146 - - [13/Sep/2022:11:28:30 +0800] "POST /xingrg/all/common/load_tree.html?tree=area_rest_tree_json&manage=1 HTTP/1.1" 200 3472
180.169.147.146 - - [13/Sep/2022:11:28:30 +0800] "GET /xingrg/javascript/jquery_easy_ui/themes/default/images/tabs_leftarrow.png HTTP/1.1" 304 -
180.169.147.146 - - [13/Sep/2022:11:28:30 +0800] "GET /xingrg/javascript/jquery_easy_ui/themes/default/images/tabs_rightarrow.png HTTP/1.1" 304 -
180.169.147.146 - - [13/Sep/2022:11:28:30 +0800] "GET /xingrg/javascript/jquery_easy_ui/themes/default/images/panel_tool_collapse.gif HTTP/1.1" 304 -
180.169.147.146 - - [13/Sep/2022:11:28:30 +0800] "GET /xingrg/all/function/internal_message.html?_=1663039710002&CODE_STATE=count HTTP/1.1" 200 11
180.169.147.146 - - [13/Sep/2022:11:28:30 +0800] "POST /xingrg/load_menu.html HTTP/1.1" 200 11564
180.169.147.146 - - [13/Sep/2022:11:28:30 +0800] "GET /xingrg/check_reg.html?_=1663039710002 HTTP/1.1" 200 22
180.169.147.146 - - [13/Sep/2022:11:28:31 +0800] "GET /xingrg/javascript/jquery_easy_ui/themes/default/images/panel_tool_expand.gif HTTP/1.1" 304 -
180.169.147.146 - - [13/Sep/2022:11:28:31 +0800] "GET /xingrg/images/blue/pingpu.png HTTP/1.1" 304 -
114.88.158.224 - - [13/Sep/2022:11:28:31 +0800] "GET /xingrg/kc/buy/cgsh_order_operate.html?command=get_materiel&rest_code=00141&code=00101006174&supplier_code=00100012&order_time=2022-09-13 HTTP/1.1" 200 414
180.169.147.146 - - [13/Sep/2022:11:28:31 +0800] "GET /xingrg/javascript/jquery_easy_ui/themes/icons/forms_new.png HTTP/1.1" 304 -
180.169.147.146 - - [13/Sep/2022:11:28:31 +0800] "GET /xingrg/javascript/jquery_easy_ui/themes/default/images/tree_file.gif HTTP/1.1" 304 -
180.169.147.146 - - [13/Sep/2022:11:28:31 +0800] "GET /xingrg/javascript/jquery_easy_ui/themes/icons/delivery_new.png HTTP/1.1" 304 -
180.169.147.146 - - [13/Sep/2022:11:28:31 +0800] "GET /xingrg/javascript/jquery_easy_ui/themes/icons/storage_new.png HTTP/1.1" 304 -
180.169.147.146 - - [13/Sep/2022:11:28:31 +0800] "GET /xingrg/javascript/jquery_easy_ui/themes/default/images/tree_folder_open.gif HTTP/1.1" 304 -
180.169.147.146 - - [13/Sep/2022:11:28:31 +0800] "GET /xingrg/javascript/jquery_easy_ui/themes/default/images/tree_arrows.gif HTTP/1.1" 304 -
180.169.147.146 - - [13/Sep/2022:11:28:31 +0800] "GET /xingrg/javascript/jquery_easy_ui/themes/icons/checkout_new.png HTTP/1.1" 304 -
180.169.147.146 - - [13/Sep/2022:11:28:31 +0800] "GET /xingrg/javascript/jquery_easy_ui/themes/icons/systemset_new.png HTTP/1.1" 304 -
180.169.147.146 - - [13/Sep/2022:11:28:31 +0800] "GET /xingrg/javascript/jquery_easy_ui/themes/default/images/tree_folder.gif HTTP/1.1" 304 -
180.169.147.146 - - [13/Sep/2022:11:28:31 +0800] "GET /xingrg/javascript/jquery_easy_ui/themes/icons/search_new.png HTTP/1.1" 304 -
180.169.147.146 - - [13/Sep/2022:11:28:31 +0800] "GET /xingrg/javascript/jquery_easy_ui/themes/icons/setting_new.png HTTP/1.1" 304 -
180.169.147.146 - - [13/Sep/2022:11:28:32 +0800] "GET /xingrg/kc/buy/cgsh_order_list.html HTTP/1.1" 200 53150
116.225.121.189 - - [13/Sep/2022:11:28:33 +0800] "GET /xingrg/all/function/internal_message.html?_=1663039713664&CODE_STATE=getMsg HTTP/1.1" 200 27
180.169.147.146 - - [13/Sep/2022:11:28:33 +0800] "POST /xingrg/kc/buy/cgsh_list_operate.html HTTP/1.1" 200 928
222.70.246.221 - - [13/Sep/2022:11:28:34 +0800] "GET /xingrg/kc/base/wldb_order_operate.html?command=get_materiel&rest_code=00146&base_code=0010063&code=00102002423 HTTP/1.1" 200 441
222.70.246.221 - - [13/Sep/2022:11:28:36 +0800] "GET /xingrg/all/function/internal_message.html?_=1663039721110&CODE_STATE=getMsg HTTP/1.1" 200 27
114.88.158.224 - - [13/Sep/2022:11:28:40 +0800] "POST /xingrg/kc/buy/cgsh_order_operate.html HTTP/1.1" 200 37
180.169.147.146 - - [13/Sep/2022:11:28:41 +0800] "GET /xingrg/javascript/auto/indicator.gif HTTP/1.1" 404 1066
180.169.147.146 - - [13/Sep/2022:11:28:42 +0800] "GET /xingrg/kc/buy/cgsh_order_operate.html?command=get_materiel&rest_code=00147&code=00101007072&supplier_code=00100004&order_time=2022-09-13 HTTP/1.1" 200 413
180.169.147.146 - - [13/Sep/2022:11:28:44 +0800] "GET /xingrg/all/function/internal_message.html?_=1663039719639&CODE_STATE=getMsg HTTP/1.1" 200 27
180.169.147.146 - - [13/Sep/2022:11:28:44 +0800] "GET /xingrg/check_reg.html?_=1663039719639 HTTP/1.1" 200 22
114.88.158.224 - - [13/Sep/2022:11:28:44 +0800] "POST /xingrg/kc/buy/cgsh_order_operate.html HTTP/1.1" 200 12
180.169.147.146 - - [13/Sep/2022:11:28:46 +0800] "POST /xingrg/kc/buy/cgsh_list_operate.html HTTP/1.1" 200 2187
114.88.158.224 - - [13/Sep/2022:11:28:47 +0800] "GET /xingrg/kc/buy/cgsh_order_info.html?code=212022091304762 HTTP/1.1" 200 63580
120.253.135.82 - - [13/Sep/2022:11:28:48 +0800] "GET /xingrg/all/function/internal_message.html?_=1663039843731&CODE_STATE=getMsg HTTP/1.1" 200 27
114.88.158.224 - - [13/Sep/2022:11:28:48 +0800] "GET /xingrg/javascript/easyui/themes/default/validatebox.css HTTP/1.1" 404 1104
114.88.158.224 - - [13/Sep/2022:11:28:48 +0800] "POST /xingrg/kc/buy/cgsh_order_operate.html HTTP/1.1" 200 3584
58.221.95.50 - - [13/Sep/2022:11:28:49 +0800] "GET /xingrg/all/function/internal_message.html?_=1663039727901&CODE_STATE=getMsg HTTP/1.1" 302 -
222.70.246.221 - - [13/Sep/2022:11:28:49 +0800] "POST /xingrg/kc/base/wldb_order_operate.html HTTP/1.1" 200 37
114.88.158.224 - - [13/Sep/2022:11:28:49 +0800] "GET /xingrg/kc/print/load_data.html?order_code=212022091304762&kc_code=cgsh&condition= HTTP/1.1" 200 1938
222.70.246.221 - - [13/Sep/2022:11:28:50 +0800] "POST /xingrg/kc/base/wldb_order_operate.html HTTP/1.1" 200 3171
58.40.7.146 - - [13/Sep/2022:11:28:51 +0800] "GET /xingrg/all/function/internal_message.html?_=1663039731074&CODE_STATE=getMsg HTTP/1.1" 200 27
116.224.255.128 - - [13/Sep/2022:11:28:52 +0800] "GET /xingrg/all/function/internal_message.html?_=1663039671000&CODE_STATE=getMsg HTTP/1.1" 200 27
114.88.158.224 - - [13/Sep/2022:11:28:52 +0800] "GET /xingrg/kc/buy/cgsh_order_add.html HTTP/1.1" 200 68677
180.169.147.146 - - [13/Sep/2022:11:28:52 +0800] "GET /xingrg/kc/buy/cgsh_order_operate.html?command=get_materiel&rest_code=00147&code=00101007049&supplier_code=00100004&order_time=2022-09-13 HTTP/1.1" 200 409
114.88.158.224 - - [13/Sep/2022:11:28:53 +0800] "POST /xingrg/kc/buy/cgsh_order_operate.html HTTP/1.1" 200 8245
114.88.158.224 - - [13/Sep/2022:11:28:53 +0800] "GET /xingrg/javascript/easyui/themes/default/validatebox.css HTTP/1.1" 404 1104
180.169.147.146 - - [13/Sep/2022:11:28:54 +0800] "POST /xingrg/kc/buy/cgsh_list_operate.html HTTP/1.1" 200 202
222.70.246.221 - - [13/Sep/2022:11:28:54 +0800] "GET /xingrg/kc/base/wldb_order_info.html?code=422022091301143 HTTP/1.1" 200 30414
222.70.246.221 - - [13/Sep/2022:11:28:55 +0800] "GET /xingrg/javascript/easyui/themes/default/validatebox.css HTTP/1.1" 404 1104
222.70.246.221 - - [13/Sep/2022:11:28:56 +0800] "POST /xingrg/kc/base/wldb_order_operate.html HTTP/1.1" 200 3171
116.232.194.65 - - [13/Sep/2022:11:28:56 +0800] "GET /xingrg/login.html HTTP/1.1" 200 7641
124.79.74.72 - - [13/Sep/2022:11:28:57 +0800] "GET /xingrg/all/function/internal_message.html?_=1663039733591&CODE_STATE=getMsg HTTP/1.1" 200 27
116.238.169.132 - - [13/Sep/2022:11:28:58 +0800] "GET /xingrg/all/function/internal_message.html?_=1663039739094&CODE_STATE=getMsg HTTP/1.1" 200 27
116.232.194.65 - - [13/Sep/2022:11:28:59 +0800] "GET /favicon.ico HTTP/1.1" 404 -
116.238.169.132 - - [13/Sep/2022:11:28:59 +0800] "GET /xingrg/all/function/internal_message.html?_=1663039750818&CODE_STATE=getMsg HTTP/1.1" 200 27
114.84.81.136 - - [13/Sep/2022:11:28:59 +0800] "GET /xingrg/all/function/internal_message.html?_=1663039740549&CODE_STATE=getMsg HTTP/1.1" 200 27
114.88.158.224 - - [13/Sep/2022:11:28:59 +0800] "GET /xingrg/all/function/internal_message.html?_=1663039397483&CODE_STATE=getMsg HTTP/1.1" 200 27
180.169.147.146 - - [13/Sep/2022:11:29:00 +0800] "GET /xingrg/kc/buy/cgsh_order_operate.html?command=get_materiel&rest_code=00147&code=00101007081&supplier_code=00100004&order_time=2022-09-13 HTTP/1.1" 200 413
114.88.158.224 - - [13/Sep/2022:11:29:02 +0800] "GET /xingrg/kc/buy/cgsh_order_operate.html?command=get_materiel&rest_code=00141&code=00101012051&supplier_code=00100036&order_time=2022-09-13 HTTP/1.1" 200 408
222.70.246.221 - - [13/Sep/2022:11:29:04 +0800] "POST /xingrg/kc/base/wldb_order_operate.html HTTP/1.1" 200 37
222.70.246.221 - - [13/Sep/2022:11:29:05 +0800] "POST /xingrg/kc/base/wldb_order_operate.html HTTP/1.1" 200 3171
222.70.246.221 - - [13/Sep/2022:11:29:05 +0800] "GET /xingrg/kc/base/wldb_order_info.html?code=422022091301143 HTTP/1.1" 200 30414
180.162.112.166 - - [13/Sep/2022:11:29:06 +0800] "GET /xingrg/all/function/internal_message.html?_=1663038876245&CODE_STATE=getMsg HTTP/1.1" 200 27
222.70.246.221 - - [13/Sep/2022:11:29:06 +0800] "GET /xingrg/javascript/easyui/themes/default/validatebox.css HTTP/1.1" 404 1104
222.70.246.221 - - [13/Sep/2022:11:29:06 +0800] "POST /xingrg/kc/base/wldb_order_operate.html HTTP/1.1" 200 3171
116.232.194.65 - - [13/Sep/2022:11:29:07 +0800] "POST /xingrg/login.do HTTP/1.1" 302 -
116.232.194.65 - - [13/Sep/2022:11:29:07 +0800] "GET /xingrg/index.html?sysBaseUrl=http%3A%2F%2F180.169.147.146%3A18081%2Fxingrg%2F&costTime=45×tamp=1663039747487 HTTP/1.1" 200 17503
116.232.194.65 - - [13/Sep/2022:11:29:07 +0800] "GET /favicon.ico HTTP/1.1" 404 -
116.232.194.65 - - [13/Sep/2022:11:29:07 +0800] "POST /xingrg/all/common/load_tree.html?tree=area_rest_tree_json&manage=1 HTTP/1.1" 200 3472
114.83.221.99 - - [13/Sep/2022:11:29:07 +0800] "GET /xingrg/all/function/internal_message.html?_=1663039744508&CODE_STATE=getMsg HTTP/1.1" 200 27
61.170.235.210 - - [13/Sep/2022:11:29:07 +0800] "GET /xingrg/all/function/internal_message.html?_=1663039746492&CODE_STATE=getMsg HTTP/1.1" 200 27
116.232.194.65 - - [13/Sep/2022:11:29:07 +0800] "GET /xingrg/all/function/internal_message.html?_=1663039747132&CODE_STATE=count HTTP/1.1" 200 11
116.232.194.65 - - [13/Sep/2022:11:29:08 +0800] "GET /xingrg/check_reg.html?_=1663039747133 HTTP/1.1" 200 22
116.232.194.65 - - [13/Sep/2022:11:29:08 +0800] "POST /xingrg/load_menu.html HTTP/1.1" 200 11443
114.83.221.99 - - [13/Sep/2022:11:29:09 +0800] "GET /xingrg/check_reg.html?_=1663039746198 HTTP/1.1" 200 22
114.88.158.224 - - [13/Sep/2022:11:29:10 +0800] "GET /xingrg/kc/buy/cgsh_order_operate.html?command=get_materiel&rest_code=00141&code=00101012025&supplier_code=00100036&order_time=2022-09-13 HTTP/1.1" 200 412
222.70.246.221 - - [13/Sep/2022:11:29:13 +0800] "GET /xingrg/kc/base/base_main.html HTTP/1.1" 200 12142
222.70.246.221 - - [13/Sep/2022:11:29:13 +0800] "GET /xingrg/javascript/jquery_easy_ui/themes/default/easyui.css HTTP/1.1" 304 -
114.84.5.35 - - [13/Sep/2022:11:29:14 +0800] "GET /xingrg/all/function/internal_message.html?_=1663039752546&CODE_STATE=getMsg HTTP/1.1" 200 27
222.70.246.221 - - [13/Sep/2022:11:29:14 +0800] "GET /xingrg/kc/base/wldb_order_list.html HTTP/1.1" 200 19186
222.70.246.221 - - [13/Sep/2022:11:29:15 +0800] "POST /xingrg/kc/base/wldb_list_operate.html HTTP/1.1" 200 2181
116.232.194.65 - - [13/Sep/2022:11:29:17 +0800] "POST /xingrg/all/user/operate.html HTTP/1.1" 200 36
116.232.194.65 - - [13/Sep/2022:11:29:17 +0800] "GET /xingrg/index.html?sysBaseUrl=http%3A%2F%2F180.169.147.146%3A18081%2Fxingrg%2F&costTime=45×tamp=1663039747487 HTTP/1.1" 200 17509
116.232.194.65 - - [13/Sep/2022:11:29:17 +0800] "GET /xingrg/javascript/jquery_easy_ui/themes/default/easyui.css HTTP/1.1" 304 -
116.232.194.65 - - [13/Sep/2022:11:29:17 +0800] "GET /xingrg/javascript/jquery_easy_ui/themes/icon.css HTTP/1.1" 304 -
116.232.194.65 - - [13/Sep/2022:11:29:17 +0800] "GET /xingrg/css/form.css HTTP/1.1" 304 -
116.232.194.65 - - [13/Sep/2022:11:29:17 +0800] "GET /xingrg/javascript/jquery-1.4.2.min.js HTTP/1.1" 304 -
116.232.194.65 - - [13/Sep/2022:11:29:18 +0800] "GET /xingrg/javascript/jquery_easy_ui/jquery.easyui.min.js HTTP/1.1" 304 -
116.232.194.65 - - [13/Sep/2022:11:29:18 +0800] "GET /xingrg/javascript/jquery_easy_ui/easyui-lang-zh_CN.js HTTP/1.1" 304 -
116.232.194.65 - - [13/Sep/2022:11:29:18 +0800] "GET /xingrg/javascript/jquery.form.js HTTP/1.1" 304 -
116.232.194.65 - - [13/Sep/2022:11:29:18 +0800] "GET /xingrg/javascript/jquery.utils.js HTTP/1.1" 304 -
116.232.194.65 - - [13/Sep/2022:11:29:18 +0800] "GET /xingrg/javascript/jquery.timers.js HTTP/1.1" 304 -
116.232.194.65 - - [13/Sep/2022:11:29:18 +0800] "GET /xingrg/images/blue/jxLogo.png HTTP/1.1" 304 -
116.232.194.65 - - [13/Sep/2022:11:29:18 +0800] "GET /xingrg/images/blue/navBackgound.jpg HTTP/1.1" 304 -
116.232.194.65 - - [13/Sep/2022:11:29:18 +0800] "GET /xingrg/javascript/jquery_easy_ui/themes/icons/settle_new.png HTTP/1.1" 304 -
116.232.194.65 - - [13/Sep/2022:11:29:18 +0800] "POST /xingrg/all/common/load_tree.html?tree=area_rest_tree_json&manage=1 HTTP/1.1" 200 3472
116.232.194.65 - - [13/Sep/2022:11:29:18 +0800] "GET /xingrg/all/function/internal_message.html?_=1663039757467&CODE_STATE=count HTTP/1.1" 200 11
116.232.194.65 - - [13/Sep/2022:11:29:18 +0800] "GET /xingrg/check_reg.html?_=1663039757468 HTTP/1.1" 200 22
116.232.194.65 - - [13/Sep/2022:11:29:18 +0800] "GET /xingrg/javascript/jquery_easy_ui/themes/default/images/panel_tool_collapse.gif HTTP/1.1" 304 -
116.232.194.65 - - [13/Sep/2022:11:29:18 +0800] "GET /xingrg/javascript/jquery_easy_ui/themes/default/images/tabs_leftarrow.png HTTP/1.1" 304 -
116.232.194.65 - - [13/Sep/2022:11:29:18 +0800] "GET /xingrg/images/blue/pingpu.png HTTP/1.1" 304 -
116.232.194.65 - - [13/Sep/2022:11:29:18 +0800] "POST /xingrg/load_menu.html HTTP/1.1" 200 9959
116.232.194.65 - - [13/Sep/2022:11:29:18 +0800] "GET /xingrg/javascript/jquery_easy_ui/themes/default/images/panel_tool_expand.gif HTTP/1.1" 304 -
116.232.194.65 - - [13/Sep/2022:11:29:18 +0800] "GET /xingrg/javascript/jquery_easy_ui/themes/default/images/tabs_rightarrow.png HTTP/1.1" 304 -
116.232.194.65 - - [13/Sep/2022:11:29:18 +0800] "GET /xingrg/javascript/jquery_easy_ui/themes/icons/checkout_new.png HTTP/1.1" 304 -
116.232.194.65 - - [13/Sep/2022:11:29:18 +0800] "GET /xingrg/javascript/jquery_easy_ui/themes/icons/storage_new.png HTTP/1.1" 304 -
116.232.194.65 - - [13/Sep/2022:11:29:18 +0800] "GET /xingrg/javascript/jquery_easy_ui/themes/default/images/tree_arrows.gif HTTP/1.1" 304 -
116.232.194.65 - - [13/Sep/2022:11:29:18 +0800] "GET /xingrg/javascript/jquery_easy_ui/themes/default/images/tree_folder.gif HTTP/1.1" 304 -
116.232.194.65 - - [13/Sep/2022:11:29:18 +0800] "GET /xingrg/javascript/jquery_easy_ui/themes/default/images/tree_folder_open.gif HTTP/1.1" 304 -
116.232.194.65 - - [13/Sep/2022:11:29:18 +0800] "GET /xingrg/javascript/jquery_easy_ui/themes/icons/search_new.png HTTP/1.1" 304 -
116.232.194.65 - - [13/Sep/2022:11:29:18 +0800] "GET /xingrg/javascript/jquery_easy_ui/themes/icons/forms_new.png HTTP/1.1" 304 -
116.232.194.65 - - [13/Sep/2022:11:29:18 +0800] "GET /xingrg/javascript/jquery_easy_ui/themes/icons/systemset_new.png HTTP/1.1" 304 -
116.232.194.65 - - [13/Sep/2022:11:29:18 +0800] "GET /xingrg/javascript/jquery_easy_ui/themes/icons/setting_new.png HTTP/1.1" 304 -
116.232.194.65 - - [13/Sep/2022:11:29:18 +0800] "GET /xingrg/javascript/jquery_easy_ui/themes/default/images/tree_file.gif HTTP/1.1" 304 -
114.88.158.224 - - [13/Sep/2022:11:29:18 +0800] "GET /xingrg/kc/buy/cgsh_order_operate.html?command=get_materiel&rest_code=00141&code=00101011001&supplier_code=00100036&order_time=2022-09-13 HTTP/1.1" 200 423
116.224.255.128 - - [13/Sep/2022:11:29:18 +0800] "GET /xingrg/all/function/internal_message.html?_=1663039758270&CODE_STATE=getMsg HTTP/1.1" 200 27
116.232.194.65 - - [13/Sep/2022:11:29:19 +0800] "GET /xingrg/kc/buy/buy_main.html HTTP/1.1" 200 12412
116.232.194.65 - - [13/Sep/2022:11:29:19 +0800] "GET /xingrg/css/new_ie.css HTTP/1.1" 404 1036
222.70.246.221 - - [13/Sep/2022:11:29:19 +0800] "POST /xingrg/kc/base/wldb_list_operate.html HTTP/1.1" 200 286
116.232.194.65 - - [13/Sep/2022:11:29:19 +0800] "GET /xingrg/images/yd/bt.gif HTTP/1.1" 404 1040
222.70.246.221 - - [13/Sep/2022:11:29:19 +0800] "GET /xingrg/kc/base/wldb_order_info.html?code=422022091301139 HTTP/1.1" 200 30414
222.70.246.221 - - [13/Sep/2022:11:29:20 +0800] "GET /xingrg/javascript/easyui/themes/default/validatebox.css HTTP/1.1" 404 1104
116.232.194.65 - - [13/Sep/2022:11:29:20 +0800] "GET /xingrg/kc/buy/cgsh_order_list.html HTTP/1.1" 200 53156
222.70.246.221 - - [13/Sep/2022:11:29:20 +0800] "POST /xingrg/kc/base/wldb_order_operate.html HTTP/1.1" 200 2675
116.225.121.189 - - [13/Sep/2022:11:29:22 +0800] "GET /xingrg/kc/buy/cgsh_order_list.html HTTP/1.1" 200 52895
116.232.194.65 - - [13/Sep/2022:11:29:22 +0800] "POST /xingrg/kc/buy/cgsh_list_operate.html HTTP/1.1" 200 2175
116.232.194.65 - - [13/Sep/2022:11:29:25 +0800] "GET /xingrg/javascript/jquery_tools/images/next.gif HTTP/1.1" 404 1086
116.232.194.65 - - [13/Sep/2022:11:29:25 +0800] "GET /xingrg/javascript/jquery_tools/images/prev.gif HTTP/1.1" 404 1086
180.169.147.146 - - [13/Sep/2022:11:29:26 +0800] "POST /xingrg/kc/buy/cgsh_order_operate.html HTTP/1.1" 200 37
116.225.121.189 - - [13/Sep/2022:11:29:26 +0800] "POST /xingrg/kc/buy/cgsh_list_operate.html HTTP/1.1" 200 3322
124.79.74.72 - - [13/Sep/2022:11:29:28 +0800] "GET /xingrg/check_reg.html?_=1663039765420 HTTP/1.1" 200 22
114.88.158.224 - - [13/Sep/2022:11:29:30 +0800] "POST /xingrg/kc/buy/cgsh_order_operate.html HTTP/1.1" 200 37
180.169.147.146 - - [13/Sep/2022:11:29:30 +0800] "POST /xingrg/kc/buy/cgsh_order_operate.html HTTP/1.1" 200 3842
180.169.147.146 - - [13/Sep/2022:11:29:30 +0800] "GET /xingrg/all/function/internal_message.html?_=1663039770031&CODE_STATE=getMsg HTTP/1.1" 200 27
180.169.147.146 - - [13/Sep/2022:11:29:31 +0800] "GET /xingrg/kc/print/load_config.html?kc_code=cgsh HTTP/1.1" 200 1943
180.169.147.146 - - [13/Sep/2022:11:29:31 +0800] "GET /xingrg/kc/print/load_data.html?order_code=212022091304763&kc_code=cgsh&condition= HTTP/1.1" 200 1184
116.225.121.189 - - [13/Sep/2022:11:29:33 +0800] "GET /xingrg/all/function/internal_message.html?_=1663039773661&CODE_STATE=getMsg HTTP/1.1" 200 27
114.88.158.224 - - [13/Sep/2022:11:29:33 +0800] "POST /xingrg/kc/buy/cgsh_order_operate.html HTTP/1.1" 200 12
116.225.121.189 - - [13/Sep/2022:11:29:34 +0800] "GET /xingrg/kc/buy/cgsh_order_add.html HTTP/1.1" 200 68759
116.225.121.189 - - [13/Sep/2022:11:29:34 +0800] "GET /xingrg/words/20220912134540_words.js HTTP/1.1" 304 -
116.225.121.189 - - [13/Sep/2022:11:29:34 +0800] "POST /xingrg/kc/buy/cgsh_order_operate.html HTTP/1.1" 200 8245
116.225.121.189 - - [13/Sep/2022:11:29:34 +0800] "GET /xingrg/javascript/easyui/themes/default/validatebox.css HTTP/1.1" 404 1104
114.88.158.224 - - [13/Sep/2022:11:29:34 +0800] "GET /xingrg/kc/buy/cgsh_order_info.html?code=212022091304764 HTTP/1.1" 200 63582
114.88.158.224 - - [13/Sep/2022:11:29:35 +0800] "GET /xingrg/javascript/easyui/themes/default/validatebox.css HTTP/1.1" 404 1104
114.88.158.224 - - [13/Sep/2022:11:29:35 +0800] "POST /xingrg/kc/buy/cgsh_order_operate.html HTTP/1.1" 200 1795
114.88.158.224 - - [13/Sep/2022:11:29:36 +0800] "GET /xingrg/kc/print/load_data.html?order_code=212022091304764&kc_code=cgsh&condition= HTTP/1.1" 200 1232
222.70.246.221 - - [13/Sep/2022:11:29:37 +0800] "POST /xingrg/kc/base/wldb_order_operate.html HTTP/1.1" 200 37
222.70.246.221 - - [13/Sep/2022:11:29:37 +0800] "POST /xingrg/kc/base/wldb_order_operate.html HTTP/1.1" 200 2675
116.232.34.158 - - [13/Sep/2022:11:29:37 +0800] "POST /xingrg/services/DataTransmitService HTTP/1.1" 200 524
222.70.246.221 - - [13/Sep/2022:11:29:38 +0800] "GET /xingrg/kc/base/wldb_order_info.html?code=422022091301139 HTTP/1.1" 200 30414
116.232.34.158 - - [13/Sep/2022:11:29:38 +0800] "POST /xingrg/services/DataTransmitService HTTP/1.1" 200 501
116.232.34.158 - - [13/Sep/2022:11:29:39 +0800] "POST /xingrg/services/DataTransmitService HTTP/1.1" 200 501
116.232.34.158 - - [13/Sep/2022:11:29:39 +0800] "POST /xingrg/services/DataTransmitService HTTP/1.1" 200 501
116.232.34.158 - - [13/Sep/2022:11:29:39 +0800] "POST /xingrg/services/DataTransmitService HTTP/1.1" 200 501
222.70.246.221 - - [13/Sep/2022:11:29:39 +0800] "GET /xingrg/javascript/easyui/themes/default/validatebox.css HTTP/1.1" 404 1104
222.70.246.221 - - [13/Sep/2022:11:29:39 +0800] "GET /xingrg/all/function/internal_message.html?_=1663039784338&CODE_STATE=getMsg HTTP/1.1" 200 27
116.232.34.158 - - [13/Sep/2022:11:29:39 +0800] "POST /xingrg/services/DataTransmitService HTTP/1.1" 200 501
222.70.246.221 - - [13/Sep/2022:11:29:39 +0800] "POST /xingrg/kc/base/wldb_order_operate.html HTTP/1.1" 200 2675
116.232.194.65 - - [13/Sep/2022:11:29:39 +0800] "GET /xingrg/javascript/auto/indicator.gif HTTP/1.1" 404 1066
116.232.34.158 - - [13/Sep/2022:11:29:40 +0800] "POST /xingrg/services/DataTransmitService HTTP/1.1" 200 501
114.88.158.224 - - [13/Sep/2022:11:29:40 +0800] "GET /xingrg/kc/buy/cgsh_order_add.html HTTP/1.1" 200 68677
114.88.158.224 - - [13/Sep/2022:11:29:40 +0800] "POST /xingrg/kc/buy/cgsh_order_operate.html HTTP/1.1" 200 8245
114.88.158.224 - - [13/Sep/2022:11:29:40 +0800] "GET /xingrg/javascript/easyui/themes/default/validatebox.css HTTP/1.1" 404 1104
116.232.34.158 - - [13/Sep/2022:11:29:42 +0800] "POST /xingrg/services/DataTransmitService HTTP/1.1" 200 412
180.169.147.146 - - [13/Sep/2022:11:29:44 +0800] "GET /xingrg/all/function/internal_message.html?_=1663039779640&CODE_STATE=getMsg HTTP/1.1" 200 27
116.232.194.65 - - [13/Sep/2022:11:29:45 +0800] "POST /xingrg/kc/buy/cgsh_list_operate.html HTTP/1.1" 200 5845
116.225.121.189 - - [13/Sep/2022:11:29:46 +0800] "GET /xingrg/kc/buy/cgsh_order_operate.html?command=get_materiel&rest_code=00105&code=00101001168&supplier_code=00100313&order_time=2022-09-13 HTTP/1.1" 200 414
116.232.194.65 - - [13/Sep/2022:11:29:47 +0800] "POST /xingrg/kc/buy/cgsh_list_operate.html HTTP/1.1" 200 579
222.70.246.221 - - [13/Sep/2022:11:29:48 +0800] "GET /xingrg/kc/base/wldb_order_info.html?code=422022091301139 HTTP/1.1" 200 30414
222.70.246.221 - - [13/Sep/2022:11:29:48 +0800] "GET /xingrg/javascript/easyui/themes/default/validatebox.css HTTP/1.1" 404 1104
222.70.246.221 - - [13/Sep/2022:11:29:48 +0800] "POST /xingrg/kc/base/wldb_order_operate.html HTTP/1.1" 200 2675
58.221.95.50 - - [13/Sep/2022:11:29:48 +0800] "GET /xingrg/all/function/internal_message.html?_=1663039787874&CODE_STATE=getMsg HTTP/1.1" 302 -
120.253.135.82 - - [13/Sep/2022:11:29:49 +0800] "GET /xingrg/all/function/internal_message.html?_=1663039903785&CODE_STATE=getMsg HTTP/1.1" 200 27
58.40.7.146 - - [13/Sep/2022:11:29:51 +0800] "GET /xingrg/check_reg.html?_=1663039791063 HTTP/1.1" 200 22
58.40.7.146 - - [13/Sep/2022:11:29:51 +0800] "GET /xingrg/all/function/internal_message.html?_=1663039791064&CODE_STATE=getMsg HTTP/1.1" 200 27
