180.169.147.146 - - [13/Sep/2022:11:06:13 +0800] "POST /xingrg/load_menu.html HTTP/1.1" 200 5138
180.169.147.146 - - [13/Sep/2022:11:06:13 +0800] "GET /xingrg/check_reg.html?_=1663038368659 HTTP/1.1" 200 22
180.169.147.146 - - [13/Sep/2022:11:06:13 +0800] "GET /xingrg/all/function/internal_message.html?_=1663038368658&CODE_STATE=count HTTP/1.1" 200 11
114.84.5.35 - - [13/Sep/2022:11:06:14 +0800] "GET /xingrg/all/function/internal_message.html?_=1663038372496&CODE_STATE=getMsg HTTP/1.1" 200 27
180.169.147.146 - - [13/Sep/2022:11:06:16 +0800] "GET /xingrg/kc/buy/buy_main.html HTTP/1.1" 200 12412
180.169.147.146 - - [13/Sep/2022:11:06:16 +0800] "GET /xingrg/css/new_ie.css HTTP/1.1" 404 1036
180.169.147.146 - - [13/Sep/2022:11:06:17 +0800] "GET /xingrg/images/yd/bt.gif HTTP/1.1" 404 1040
180.169.147.146 - - [13/Sep/2022:11:06:17 +0800] "GET /xingrg/kc/buy/cgsh_order_list.html HTTP/1.1" 200 52901
180.169.147.146 - - [13/Sep/2022:11:06:18 +0800] "GET /xingrg/all/function/internal_message.html?_=1663038377688&CODE_STATE=getMsg HTTP/1.1" 200 27
180.169.147.146 - - [13/Sep/2022:11:06:19 +0800] "POST /xingrg/kc/buy/cgsh_list_operate.html HTTP/1.1" 200 5982
116.238.169.132 - - [13/Sep/2022:11:06:24 +0800] "GET /xingrg/kc/base/wldb_order_operate.html?command=get_materiel&rest_code=00102&base_code=0010476&code=00101013193 HTTP/1.1" 200 444
114.84.81.136 - - [13/Sep/2022:11:06:24 +0800] "GET /xingrg/check_reg.html?_=1663038385527 HTTP/1.1" 200 22
222.70.246.221 - - [13/Sep/2022:11:06:30 +0800] "GET /xingrg/all/function/internal_message.html?_=1663038395457&CODE_STATE=getMsg HTTP/1.1" 200 27
180.169.147.146 - - [13/Sep/2022:11:06:31 +0800] "POST /xingrg/kc/buy/cgsh_list_operate.html HTTP/1.1" 200 9725
116.238.169.132 - - [13/Sep/2022:11:06:31 +0800] "GET /xingrg/kc/base/wldb_order_operate.html?command=get_materiel&rest_code=00102&base_code=0010476&code=00101019392 HTTP/1.1" 200 476
116.225.121.189 - - [13/Sep/2022:11:06:33 +0800] "GET /xingrg/all/function/internal_message.html?_=1663038394182&CODE_STATE=getMsg HTTP/1.1" 200 27
120.253.135.82 - - [13/Sep/2022:11:06:45 +0800] "GET /xingrg/check_reg.html?_=1663038520929 HTTP/1.1" 200 22
222.70.246.221 - - [13/Sep/2022:11:06:46 +0800] "GET /xingrg/check_reg.html?_=1663038411718 HTTP/1.1" 200 22
116.238.169.132 - - [13/Sep/2022:11:06:46 +0800] "GET /xingrg/check_reg.html?_=1663038408008 HTTP/1.1" 200 22
116.238.169.132 - - [13/Sep/2022:11:06:47 +0800] "GET /xingrg/all/function/internal_message.html?_=1663038408010&CODE_STATE=getMsg HTTP/1.1" 200 27
120.253.135.82 - - [13/Sep/2022:11:06:47 +0800] "GET /xingrg/all/function/internal_message.html?_=1663038523292&CODE_STATE=getMsg HTTP/1.1" 200 27
58.221.95.50 - - [13/Sep/2022:11:06:49 +0800] "GET /xingrg/all/function/internal_message.html?_=1663038408511&CODE_STATE=getMsg HTTP/1.1" 302 -
116.224.255.128 - - [13/Sep/2022:11:06:51 +0800] "GET /xingrg/all/function/internal_message.html?_=1663038350220&CODE_STATE=getMsg HTTP/1.1" 200 27
58.40.7.146 - - [13/Sep/2022:11:06:51 +0800] "GET /xingrg/all/function/internal_message.html?_=1663038411059&CODE_STATE=getMsg HTTP/1.1" 200 27
116.238.169.132 - - [13/Sep/2022:11:06:52 +0800] "GET /xingrg/kc/base/wldb_order_operate.html?command=get_materiel&rest_code=00102&base_code=0010476&code=00101019185 HTTP/1.1" 200 469
180.169.147.146 - - [13/Sep/2022:11:06:52 +0800] "POST /xingrg/kc/buy/cgsh_list_operate.html HTTP/1.1" 200 9913
124.79.74.72 - - [13/Sep/2022:11:06:57 +0800] "GET /xingrg/all/function/internal_message.html?_=1663038414102&CODE_STATE=getMsg HTTP/1.1" 200 27
114.84.81.136 - - [13/Sep/2022:11:06:59 +0800] "GET /xingrg/all/function/internal_message.html?_=1663038420599&CODE_STATE=getMsg HTTP/1.1" 200 27
116.238.169.132 - - [13/Sep/2022:11:06:59 +0800] "GET /xingrg/all/function/internal_message.html?_=1663038431146&CODE_STATE=getMsg HTTP/1.1" 200 27
114.88.158.224 - - [13/Sep/2022:11:07:00 +0800] "GET /xingrg/all/function/internal_message.html?_=1663038077985&CODE_STATE=getMsg HTTP/1.1" 200 27
116.224.255.128 - - [13/Sep/2022:11:07:00 +0800] "GET /xingrg/all/function/internal_message.html?_=1663038420282&CODE_STATE=getMsg HTTP/1.1" 200 27
180.162.112.166 - - [13/Sep/2022:11:07:06 +0800] "GET /xingrg/all/function/internal_message.html?_=1663037556214&CODE_STATE=getMsg HTTP/1.1" 200 27
180.169.147.146 - - [13/Sep/2022:11:07:06 +0800] "POST /xingrg/kc/buy/cgsh_list_operate.html HTTP/1.1" 200 9909
61.170.235.210 - - [13/Sep/2022:11:07:08 +0800] "GET /xingrg/all/function/internal_message.html?_=1663038426944&CODE_STATE=getMsg HTTP/1.1" 200 27
58.40.7.146 - - [13/Sep/2022:11:07:09 +0800] "POST /xingrg/services/DataTransmitService HTTP/1.1" 200 524
116.238.169.132 - - [13/Sep/2022:11:07:10 +0800] "POST /xingrg/kc/base/wldb_order_operate.html HTTP/1.1" 200 37
180.169.147.146 - - [13/Sep/2022:11:07:10 +0800] "POST /xingrg/kc/buy/cgsh_list_operate.html HTTP/1.1" 200 418
116.238.169.132 - - [13/Sep/2022:11:07:12 +0800] "POST /xingrg/kc/base/wldb_order_operate.html HTTP/1.1" 200 12
116.238.169.132 - - [13/Sep/2022:11:07:12 +0800] "POST /xingrg/kc/base/wldb_order_operate.html HTTP/1.1" 200 6681
180.169.147.146 - - [13/Sep/2022:11:07:13 +0800] "GET /xingrg/all/function/internal_message.html?_=1663038428669&CODE_STATE=getMsg HTTP/1.1" 200 27
114.84.5.35 - - [13/Sep/2022:11:07:14 +0800] "GET /xingrg/all/function/internal_message.html?_=1663038432495&CODE_STATE=getMsg HTTP/1.1" 200 27
116.238.169.132 - - [13/Sep/2022:11:07:14 +0800] "GET /xingrg/kc/base/wldb_order_info.html?code=422022091301136 HTTP/1.1" 200 26267
180.169.147.146 - - [13/Sep/2022:11:07:14 +0800] "POST /xingrg/kc/buy/cgsh_list_operate.html HTTP/1.1" 200 606
116.238.169.132 - - [13/Sep/2022:11:07:14 +0800] "GET /xingrg/javascript/easyui/themes/default/validatebox.css HTTP/1.1" 404 1104
116.238.169.132 - - [13/Sep/2022:11:07:14 +0800] "POST /xingrg/kc/base/wldb_order_operate.html HTTP/1.1" 200 4876
180.169.147.146 - - [13/Sep/2022:11:07:15 +0800] "GET /xingrg/kc/buy/cgsh_order_info.html?code=212022091204398 HTTP/1.1" 200 68693
180.169.147.146 - - [13/Sep/2022:11:07:15 +0800] "GET /xingrg/all/common/auto_word.html?type=employee&rest_code=00147 HTTP/1.1" 200 101
180.169.147.146 - - [13/Sep/2022:11:07:15 +0800] "GET /xingrg/javascript/easyui/themes/default/validatebox.css HTTP/1.1" 404 1104
180.169.147.146 - - [13/Sep/2022:11:07:15 +0800] "GET /xingrg/all/common/auto_word.html?type=employee&rest_code=00147 HTTP/1.1" 200 101
180.169.147.146 - - [13/Sep/2022:11:07:16 +0800] "POST /xingrg/kc/buy/cgsh_order_operate.html HTTP/1.1" 200 7470
180.169.147.146 - - [13/Sep/2022:11:07:18 +0800] "GET /xingrg/all/function/internal_message.html?_=1663038437713&CODE_STATE=getMsg HTTP/1.1" 200 27
180.169.147.146 - - [13/Sep/2022:11:07:23 +0800] "POST /xingrg/kc/buy/cgsh_order_operate.html HTTP/1.1" 200 37
180.169.147.146 - - [13/Sep/2022:11:07:26 +0800] "POST /xingrg/kc/buy/cgsh_order_operate.html HTTP/1.1" 200 7470
116.238.169.132 - - [13/Sep/2022:11:07:27 +0800] "GET /xingrg/check_reg.html?_=1663038459148 HTTP/1.1" 200 22
222.70.246.221 - - [13/Sep/2022:11:07:30 +0800] "GET /xingrg/kc/base/wldb_order_add.html HTTP/1.1" 200 30400
222.70.246.221 - - [13/Sep/2022:11:07:30 +0800] "POST /xingrg/kc/base/wldb_order_operate.html HTTP/1.1" 200 6806
222.70.246.221 - - [13/Sep/2022:11:07:30 +0800] "GET /xingrg/all/function/internal_message.html?_=1663038455649&CODE_STATE=getMsg HTTP/1.1" 200 27
222.70.246.221 - - [13/Sep/2022:11:07:30 +0800] "GET /xingrg/all/common/auto_word.html?type=base&rest_code=00146 HTTP/1.1" 200 1753
222.70.246.221 - - [13/Sep/2022:11:07:30 +0800] "GET /xingrg/all/common/auto_word.html?type=base&rest_code=00146 HTTP/1.1" 200 1753
222.70.246.221 - - [13/Sep/2022:11:07:31 +0800] "GET /xingrg/javascript/easyui/themes/default/validatebox.css HTTP/1.1" 404 1104
116.225.121.189 - - [13/Sep/2022:11:07:33 +0800] "GET /xingrg/all/function/internal_message.html?_=1663038454159&CODE_STATE=getMsg HTTP/1.1" 200 27
116.238.169.132 - - [13/Sep/2022:11:07:46 +0800] "GET /xingrg/all/function/internal_message.html?_=1663038467996&CODE_STATE=getMsg HTTP/1.1" 200 27
120.253.135.82 - - [13/Sep/2022:11:07:47 +0800] "GET /xingrg/all/function/internal_message.html?_=1663038583305&CODE_STATE=getMsg HTTP/1.1" 200 27
58.221.95.50 - - [13/Sep/2022:11:07:49 +0800] "GET /xingrg/all/function/internal_message.html?_=1663038468481&CODE_STATE=getMsg HTTP/1.1" 302 -
116.224.255.128 - - [13/Sep/2022:11:07:51 +0800] "GET /xingrg/all/function/internal_message.html?_=1663038410234&CODE_STATE=getMsg HTTP/1.1" 200 27
58.40.7.146 - - [13/Sep/2022:11:07:51 +0800] "GET /xingrg/all/function/internal_message.html?_=1663038471061&CODE_STATE=getMsg HTTP/1.1" 200 27
124.79.74.72 - - [13/Sep/2022:11:07:57 +0800] "GET /xingrg/all/function/internal_message.html?_=1663038474088&CODE_STATE=getMsg HTTP/1.1" 200 27
114.84.81.136 - - [13/Sep/2022:11:07:59 +0800] "GET /xingrg/all/function/internal_message.html?_=1663038480621&CODE_STATE=getMsg HTTP/1.1" 200 27
116.238.169.132 - - [13/Sep/2022:11:07:59 +0800] "GET /xingrg/all/function/internal_message.html?_=1663038491143&CODE_STATE=getMsg HTTP/1.1" 200 27
114.88.158.224 - - [13/Sep/2022:11:08:00 +0800] "GET /xingrg/all/function/internal_message.html?_=1663038137987&CODE_STATE=getMsg HTTP/1.1" 200 27
116.224.255.128 - - [13/Sep/2022:11:08:00 +0800] "GET /xingrg/all/function/internal_message.html?_=1663038480266&CODE_STATE=getMsg HTTP/1.1" 200 27
116.224.255.128 - - [13/Sep/2022:11:08:00 +0800] "GET /xingrg/check_reg.html?_=1663038480440 HTTP/1.1" 200 22
180.162.112.166 - - [13/Sep/2022:11:08:06 +0800] "GET /xingrg/check_reg.html?_=1663037616216 HTTP/1.1" 200 22
180.162.112.166 - - [13/Sep/2022:11:08:06 +0800] "GET /xingrg/all/function/internal_message.html?_=1663037616214&CODE_STATE=getMsg HTTP/1.1" 200 27
61.170.235.210 - - [13/Sep/2022:11:08:08 +0800] "GET /xingrg/all/function/internal_message.html?_=1663038486925&CODE_STATE=getMsg HTTP/1.1" 200 27
180.169.147.146 - - [13/Sep/2022:11:08:13 +0800] "GET /xingrg/all/function/internal_message.html?_=1663038488673&CODE_STATE=getMsg HTTP/1.1" 200 27
114.84.5.35 - - [13/Sep/2022:11:08:14 +0800] "GET /xingrg/check_reg.html?_=1663038492521 HTTP/1.1" 200 22
114.84.5.35 - - [13/Sep/2022:11:08:14 +0800] "GET /xingrg/all/function/internal_message.html?_=1663038492523&CODE_STATE=getMsg HTTP/1.1" 200 27
180.169.147.146 - - [13/Sep/2022:11:08:18 +0800] "GET /xingrg/all/function/internal_message.html?_=1663038497698&CODE_STATE=getMsg HTTP/1.1" 200 27
114.88.158.224 - - [13/Sep/2022:11:08:26 +0800] "GET /xingrg/check_reg.html?_=1663038164320 HTTP/1.1" 200 22
222.70.246.221 - - [13/Sep/2022:11:08:30 +0800] "GET /xingrg/all/function/internal_message.html?_=1663038515659&CODE_STATE=getMsg HTTP/1.1" 200 27
116.225.121.189 - - [13/Sep/2022:11:08:33 +0800] "GET /xingrg/all/function/internal_message.html?_=1663038514130&CODE_STATE=getMsg HTTP/1.1" 200 27
116.238.169.132 - - [13/Sep/2022:11:08:46 +0800] "GET /xingrg/all/function/internal_message.html?_=1663038528008&CODE_STATE=getMsg HTTP/1.1" 200 27
120.253.135.82 - - [13/Sep/2022:11:08:47 +0800] "GET /xingrg/all/function/internal_message.html?_=1663038643323&CODE_STATE=getMsg HTTP/1.1" 200 27
58.221.95.50 - - [13/Sep/2022:11:08:49 +0800] "GET /xingrg/all/function/internal_message.html?_=1663038528452&CODE_STATE=getMsg HTTP/1.1" 302 -
116.224.255.128 - - [13/Sep/2022:11:08:51 +0800] "GET /xingrg/all/function/internal_message.html?_=1663038470352&CODE_STATE=getMsg HTTP/1.1" 200 27
58.40.7.146 - - [13/Sep/2022:11:08:51 +0800] "GET /xingrg/all/function/internal_message.html?_=1663038531065&CODE_STATE=getMsg HTTP/1.1" 200 27
180.169.147.146 - - [13/Sep/2022:11:08:54 +0800] "POST /xingrg/kc/buy/cgsh_list_operate.html HTTP/1.1" 200 4
124.79.74.72 - - [13/Sep/2022:11:08:57 +0800] "GET /xingrg/all/function/internal_message.html?_=1663038534057&CODE_STATE=getMsg HTTP/1.1" 200 27
116.238.169.132 - - [13/Sep/2022:11:08:59 +0800] "GET /xingrg/all/function/internal_message.html?_=1663038551125&CODE_STATE=getMsg HTTP/1.1" 200 27
114.84.81.136 - - [13/Sep/2022:11:08:59 +0800] "GET /xingrg/all/function/internal_message.html?_=1663038540620&CODE_STATE=getMsg HTTP/1.1" 200 27
114.88.158.224 - - [13/Sep/2022:11:09:00 +0800] "GET /xingrg/all/function/internal_message.html?_=1663038197966&CODE_STATE=getMsg HTTP/1.1" 200 27
116.224.255.128 - - [13/Sep/2022:11:09:00 +0800] "GET /xingrg/all/function/internal_message.html?_=1663038540254&CODE_STATE=getMsg HTTP/1.1" 200 27
222.70.246.221 - - [13/Sep/2022:11:09:02 +0800] "GET /xingrg/kc/base/wldb_order_operate.html?command=get_materiel&rest_code=00146&base_code=0010064&code=00102002331 HTTP/1.1" 200 431
180.169.147.146 - - [13/Sep/2022:11:09:02 +0800] "POST /xingrg/kc/buy/cgsh_list_operate.html HTTP/1.1" 200 9665
180.162.112.166 - - [13/Sep/2022:11:09:06 +0800] "GET /xingrg/all/function/internal_message.html?_=1663037676229&CODE_STATE=getMsg HTTP/1.1" 200 27
61.170.235.210 - - [13/Sep/2022:11:09:08 +0800] "GET /xingrg/all/function/internal_message.html?_=1663038546899&CODE_STATE=getMsg HTTP/1.1" 200 27
180.169.147.146 - - [13/Sep/2022:11:09:13 +0800] "GET /xingrg/all/function/internal_message.html?_=1663038548677&CODE_STATE=getMsg HTTP/1.1" 200 27
222.70.246.221 - - [13/Sep/2022:11:09:13 +0800] "GET /xingrg/kc/base/wldb_order_operate.html?command=get_materiel&rest_code=00146&base_code=0010064&code=00102002026 HTTP/1.1" 200 431
114.84.5.35 - - [13/Sep/2022:11:09:14 +0800] "GET /xingrg/all/function/internal_message.html?_=1663038552522&CODE_STATE=getMsg HTTP/1.1" 200 27
180.169.147.146 - - [13/Sep/2022:11:09:18 +0800] "GET /xingrg/all/function/internal_message.html?_=1663038557687&CODE_STATE=getMsg HTTP/1.1" 200 27
124.79.74.72 - - [13/Sep/2022:11:09:28 +0800] "GET /xingrg/check_reg.html?_=1663038565418 HTTP/1.1" 200 22
222.70.246.221 - - [13/Sep/2022:11:09:30 +0800] "GET /xingrg/all/function/internal_message.html?_=1663038575673&CODE_STATE=getMsg HTTP/1.1" 200 27
116.225.121.189 - - [13/Sep/2022:11:09:33 +0800] "GET /xingrg/all/function/internal_message.html?_=1663038574102&CODE_STATE=getMsg HTTP/1.1" 200 27
116.238.169.132 - - [13/Sep/2022:11:09:46 +0800] "GET /xingrg/all/function/internal_message.html?_=1663038588010&CODE_STATE=getMsg HTTP/1.1" 200 27
120.253.135.82 - - [13/Sep/2022:11:09:47 +0800] "GET /xingrg/all/function/internal_message.html?_=1663038703377&CODE_STATE=getMsg HTTP/1.1" 200 27
58.221.95.50 - - [13/Sep/2022:11:09:49 +0800] "GET /xingrg/all/function/internal_message.html?_=1663038588423&CODE_STATE=getMsg HTTP/1.1" 302 -
116.224.255.128 - - [13/Sep/2022:11:09:51 +0800] "GET /xingrg/all/function/internal_message.html?_=1663038530354&CODE_STATE=getMsg HTTP/1.1" 200 27
58.40.7.146 - - [13/Sep/2022:11:09:51 +0800] "GET /xingrg/check_reg.html?_=1663038591051 HTTP/1.1" 200 22
58.40.7.146 - - [13/Sep/2022:11:09:51 +0800] "GET /xingrg/all/function/internal_message.html?_=1663038591054&CODE_STATE=getMsg HTTP/1.1" 200 27
58.221.95.50 - - [13/Sep/2022:11:09:52 +0800] "GET /xingrg/check_reg.html?_=1663038591423 HTTP/1.1" 302 -
124.79.74.72 - - [13/Sep/2022:11:09:57 +0800] "GET /xingrg/all/function/internal_message.html?_=1663038594029&CODE_STATE=getMsg HTTP/1.1" 200 27
114.84.81.136 - - [13/Sep/2022:11:09:59 +0800] "GET /xingrg/all/function/internal_message.html?_=1663038600618&CODE_STATE=getMsg HTTP/1.1" 200 27
116.238.169.132 - - [13/Sep/2022:11:09:59 +0800] "GET /xingrg/all/function/internal_message.html?_=1663038611106&CODE_STATE=getMsg HTTP/1.1" 200 27
114.88.158.224 - - [13/Sep/2022:11:10:00 +0800] "GET /xingrg/all/function/internal_message.html?_=1663038257948&CODE_STATE=getMsg HTTP/1.1" 200 27
116.224.255.128 - - [13/Sep/2022:11:10:00 +0800] "GET /xingrg/all/function/internal_message.html?_=1663038600230&CODE_STATE=getMsg HTTP/1.1" 200 27
180.162.112.166 - - [13/Sep/2022:11:10:06 +0800] "GET /xingrg/all/function/internal_message.html?_=1663037736229&CODE_STATE=getMsg HTTP/1.1" 200 27
61.170.235.210 - - [13/Sep/2022:11:10:08 +0800] "GET /xingrg/all/function/internal_message.html?_=1663038606878&CODE_STATE=getMsg HTTP/1.1" 200 27
61.170.235.210 - - [13/Sep/2022:11:10:08 +0800] "GET /xingrg/check_reg.html?_=1663038607598 HTTP/1.1" 200 22
180.169.147.146 - - [13/Sep/2022:11:10:13 +0800] "GET /xingrg/all/function/internal_message.html?_=1663038608663&CODE_STATE=getMsg HTTP/1.1" 200 27
114.84.5.35 - - [13/Sep/2022:11:10:14 +0800] "GET /xingrg/all/function/internal_message.html?_=1663038612522&CODE_STATE=getMsg HTTP/1.1" 200 27
116.224.255.128 - - [13/Sep/2022:11:10:18 +0800] "POST /xingrg/all/user/operate.html HTTP/1.1" 200 36
116.224.255.128 - - [13/Sep/2022:11:10:18 +0800] "GET /xingrg/index.html?sysBaseUrl=http%3A%2F%2F180.169.147.146%3A18081%2Fxingrg%2F&costTime=41×tamp=1663036592612 HTTP/1.1" 200 17179
116.224.255.128 - - [13/Sep/2022:11:10:18 +0800] "GET /xingrg/javascript/jquery_easy_ui/themes/default/easyui.css HTTP/1.1" 304 -
116.224.255.128 - - [13/Sep/2022:11:10:18 +0800] "GET /xingrg/javascript/jquery_easy_ui/themes/icon.css HTTP/1.1" 304 -
116.224.255.128 - - [13/Sep/2022:11:10:18 +0800] "GET /xingrg/css/form.css HTTP/1.1" 304 -
116.224.255.128 - - [13/Sep/2022:11:10:18 +0800] "GET /xingrg/javascript/jquery-1.4.2.min.js HTTP/1.1" 304 -
116.224.255.128 - - [13/Sep/2022:11:10:18 +0800] "GET /xingrg/javascript/jquery_easy_ui/jquery.easyui.min.js HTTP/1.1" 304 -
116.224.255.128 - - [13/Sep/2022:11:10:18 +0800] "GET /xingrg/javascript/jquery_easy_ui/easyui-lang-zh_CN.js HTTP/1.1" 304 -
116.224.255.128 - - [13/Sep/2022:11:10:18 +0800] "GET /xingrg/javascript/jquery.form.js HTTP/1.1" 304 -
116.224.255.128 - - [13/Sep/2022:11:10:18 +0800] "GET /xingrg/javascript/jquery.utils.js HTTP/1.1" 304 -
116.224.255.128 - - [13/Sep/2022:11:10:18 +0800] "GET /xingrg/javascript/jquery.timers.js HTTP/1.1" 304 -
116.224.255.128 - - [13/Sep/2022:11:10:18 +0800] "GET /xingrg/images/blue/jxLogo.png HTTP/1.1" 304 -
116.224.255.128 - - [13/Sep/2022:11:10:18 +0800] "GET /xingrg/images/blue/navBackgound.jpg HTTP/1.1" 304 -
116.224.255.128 - - [13/Sep/2022:11:10:18 +0800] "GET /xingrg/javascript/jquery_easy_ui/themes/icons/settle_new.png HTTP/1.1" 304 -
116.224.255.128 - - [13/Sep/2022:11:10:18 +0800] "POST /xingrg/all/common/load_tree.html?tree=area_rest_tree_json&manage=1 HTTP/1.1" 200 476
180.169.147.146 - - [13/Sep/2022:11:10:18 +0800] "GET /xingrg/check_reg.html?_=1663038617705 HTTP/1.1" 200 22
116.224.255.128 - - [13/Sep/2022:11:10:18 +0800] "GET /xingrg/all/function/internal_message.html?_=1663038618172&CODE_STATE=count HTTP/1.1" 200 11
116.224.255.128 - - [13/Sep/2022:11:10:18 +0800] "GET /xingrg/check_reg.html?_=1663038618173 HTTP/1.1" 200 22
180.169.147.146 - - [13/Sep/2022:11:10:18 +0800] "GET /xingrg/all/function/internal_message.html?_=1663038617707&CODE_STATE=getMsg HTTP/1.1" 200 27
116.224.255.128 - - [13/Sep/2022:11:10:18 +0800] "POST /xingrg/load_menu.html HTTP/1.1" 200 5138
116.224.255.128 - - [13/Sep/2022:11:10:18 +0800] "GET /xingrg/javascript/jquery_easy_ui/themes/default/images/panel_tool_collapse.gif HTTP/1.1" 304 -
116.224.255.128 - - [13/Sep/2022:11:10:18 +0800] "GET /xingrg/javascript/jquery_easy_ui/themes/default/images/tabs_leftarrow.png HTTP/1.1" 304 -
116.224.255.128 - - [13/Sep/2022:11:10:18 +0800] "GET /xingrg/javascript/jquery_easy_ui/themes/default/images/tabs_rightarrow.png HTTP/1.1" 304 -
116.224.255.128 - - [13/Sep/2022:11:10:18 +0800] "GET /xingrg/javascript/jquery_easy_ui/themes/icons/forms_new.png HTTP/1.1" 304 -
116.224.255.128 - - [13/Sep/2022:11:10:18 +0800] "GET /xingrg/javascript/jquery_easy_ui/themes/default/images/tree_folder.gif HTTP/1.1" 304 -
116.224.255.128 - - [13/Sep/2022:11:10:18 +0800] "GET /xingrg/javascript/jquery_easy_ui/themes/icons/search_new.png HTTP/1.1" 304 -
116.224.255.128 - - [13/Sep/2022:11:10:18 +0800] "GET /xingrg/javascript/jquery_easy_ui/themes/default/images/tree_folder_open.gif HTTP/1.1" 304 -
116.224.255.128 - - [13/Sep/2022:11:10:18 +0800] "GET /xingrg/javascript/jquery_easy_ui/themes/default/images/tree_file.gif HTTP/1.1" 304 -
116.224.255.128 - - [13/Sep/2022:11:10:18 +0800] "GET /xingrg/javascript/jquery_easy_ui/themes/default/images/tree_arrows.gif HTTP/1.1" 304 -
116.224.255.128 - - [13/Sep/2022:11:10:18 +0800] "GET /xingrg/images/blue/pingpu.png HTTP/1.1" 304 -
116.224.255.128 - - [13/Sep/2022:11:10:18 +0800] "GET /xingrg/javascript/jquery_easy_ui/themes/icons/storage_new.png HTTP/1.1" 304 -
180.169.147.146 - - [13/Sep/2022:11:10:19 +0800] "POST /xingrg/kc/buy/cgsh_list_operate.html HTTP/1.1" 200 4
116.224.255.128 - - [13/Sep/2022:11:10:20 +0800] "GET /xingrg/kc/base/yddb_order_list.html HTTP/1.1" 200 16792
116.224.255.128 - - [13/Sep/2022:11:10:20 +0800] "POST /xingrg/kc/base/yddb_list_operate.html HTTP/1.1" 200 2577
116.224.255.128 - - [13/Sep/2022:11:10:25 +0800] "POST /xingrg/kc/base/yddb_list_operate.html HTTP/1.1" 200 1594
116.224.255.128 - - [13/Sep/2022:11:10:26 +0800] "POST /xingrg/kc/base/yddb_list_operate.html HTTP/1.1" 200 284
116.224.255.128 - - [13/Sep/2022:11:10:28 +0800] "GET /xingrg/kc/base/yddb_order_info.html?code=482022091300156 HTTP/1.1" 200 31638
116.224.255.128 - - [13/Sep/2022:11:10:28 +0800] "GET /xingrg/dwr/interface/AjaxYddbService.js HTTP/1.1" 200 13201
116.224.255.128 - - [13/Sep/2022:11:10:28 +0800] "GET /xingrg/dwr/interface/AjaxComOrderService.js HTTP/1.1" 200 18264
116.224.255.128 - - [13/Sep/2022:11:10:28 +0800] "GET /xingrg/dwr/engine.js HTTP/1.1" 200 43631
116.224.255.128 - - [13/Sep/2022:11:10:28 +0800] "POST /xingrg/dwr/call/plaincall/AjaxYddbService.loadMaterielItems.dwr HTTP/1.1" 200 725
222.70.246.221 - - [13/Sep/2022:11:10:31 +0800] "GET /xingrg/all/function/internal_message.html?_=1663038635889&CODE_STATE=getMsg HTTP/1.1" 200 27
116.225.121.189 - - [13/Sep/2022:11:10:33 +0800] "GET /xingrg/all/function/internal_message.html?_=1663038634072&CODE_STATE=getMsg HTTP/1.1" 200 27
116.238.169.132 - - [13/Sep/2022:11:10:34 +0800] "GET /xingrg/check_reg.html?_=1663038634131 HTTP/1.1" 200 22
116.225.121.189 - - [13/Sep/2022:11:10:35 +0800] "GET /xingrg/check_reg.html?_=1663038635417 HTTP/1.1" 200 22
180.169.147.146 - - [13/Sep/2022:11:10:37 +0800] "POST /xingrg/kc/buy/cgsh_list_operate.html HTTP/1.1" 200 9666
116.238.169.132 - - [13/Sep/2022:11:10:46 +0800] "GET /xingrg/all/function/internal_message.html?_=1663038648014&CODE_STATE=getMsg HTTP/1.1" 200 27
120.253.135.82 - - [13/Sep/2022:11:10:47 +0800] "GET /xingrg/all/function/internal_message.html?_=1663038763393&CODE_STATE=getMsg HTTP/1.1" 200 27
116.224.255.128 - - [13/Sep/2022:11:10:49 +0800] "GET /xingrg/check_reg.html?_=1663038587773 HTTP/1.1" 200 22
58.221.95.50 - - [13/Sep/2022:11:10:49 +0800] "GET /xingrg/all/function/internal_message.html?_=1663038648410&CODE_STATE=getMsg HTTP/1.1" 302 -
116.224.255.128 - - [13/Sep/2022:11:10:51 +0800] "GET /xingrg/all/function/internal_message.html?_=1663038590368&CODE_STATE=getMsg HTTP/1.1" 200 27
58.40.7.146 - - [13/Sep/2022:11:10:51 +0800] "GET /xingrg/all/function/internal_message.html?_=1663038651056&CODE_STATE=getMsg HTTP/1.1" 200 27
124.79.74.72 - - [13/Sep/2022:11:10:57 +0800] "GET /xingrg/all/function/internal_message.html?_=1663038654015&CODE_STATE=getMsg HTTP/1.1" 200 27
116.238.169.132 - - [13/Sep/2022:11:10:59 +0800] "GET /xingrg/all/function/internal_message.html?_=1663038671088&CODE_STATE=getMsg HTTP/1.1" 200 27
114.84.81.136 - - [13/Sep/2022:11:10:59 +0800] "GET /xingrg/all/function/internal_message.html?_=1663038660616&CODE_STATE=getMsg HTTP/1.1" 200 27
114.88.158.224 - - [13/Sep/2022:11:11:00 +0800] "GET /xingrg/all/function/internal_message.html?_=1663038317920&CODE_STATE=getMsg HTTP/1.1" 200 27
180.162.112.166 - - [13/Sep/2022:11:11:06 +0800] "GET /xingrg/all/function/internal_message.html?_=1663037796229&CODE_STATE=getMsg HTTP/1.1" 200 27
61.170.235.210 - - [13/Sep/2022:11:11:08 +0800] "GET /xingrg/all/function/internal_message.html?_=1663038666858&CODE_STATE=getMsg HTTP/1.1" 200 27
180.169.147.146 - - [13/Sep/2022:11:11:13 +0800] "GET /xingrg/check_reg.html?_=1663038668667 HTTP/1.1" 200 22
180.169.147.146 - - [13/Sep/2022:11:11:13 +0800] "GET /xingrg/all/function/internal_message.html?_=1663038668668&CODE_STATE=getMsg HTTP/1.1" 200 27
114.84.5.35 - - [13/Sep/2022:11:11:14 +0800] "GET /xingrg/all/function/internal_message.html?_=1663038672522&CODE_STATE=getMsg HTTP/1.1" 200 27
180.169.147.146 - - [13/Sep/2022:11:11:18 +0800] "GET /xingrg/all/function/internal_message.html?_=1663038677701&CODE_STATE=getMsg HTTP/1.1" 200 27
116.224.255.128 - - [13/Sep/2022:11:11:18 +0800] "GET /xingrg/all/function/internal_message.html?_=1663038678182&CODE_STATE=getMsg HTTP/1.1" 200 27
114.84.81.136 - - [13/Sep/2022:11:11:24 +0800] "GET /xingrg/check_reg.html?_=1663038685544 HTTP/1.1" 200 22
222.70.246.221 - - [13/Sep/2022:11:11:31 +0800] "GET /xingrg/all/function/internal_message.html?_=1663038695904&CODE_STATE=getMsg HTTP/1.1" 200 27
116.225.121.189 - - [13/Sep/2022:11:11:33 +0800] "GET /xingrg/all/function/internal_message.html?_=1663038694041&CODE_STATE=getMsg HTTP/1.1" 200 27
180.169.147.146 - - [13/Sep/2022:11:11:34 +0800] "POST /xingrg/kc/buy/cgsh_list_operate.html HTTP/1.1" 200 4
120.253.135.82 - - [13/Sep/2022:11:11:45 +0800] "GET /xingrg/check_reg.html?_=1663038820975 HTTP/1.1" 200 22
180.169.147.146 - - [13/Sep/2022:11:11:45 +0800] "POST /xingrg/kc/buy/cgsh_list_operate.html HTTP/1.1" 200 9617
116.238.169.132 - - [13/Sep/2022:11:11:47 +0800] "GET /xingrg/check_reg.html?_=1663038708015 HTTP/1.1" 200 22
116.238.169.132 - - [13/Sep/2022:11:11:47 +0800] "GET /xingrg/all/function/internal_message.html?_=1663038708021&CODE_STATE=getMsg HTTP/1.1" 200 27
222.70.246.221 - - [13/Sep/2022:11:11:47 +0800] "GET /xingrg/check_reg.html?_=1663038712279 HTTP/1.1" 200 22
120.253.135.82 - - [13/Sep/2022:11:11:47 +0800] "GET /xingrg/all/function/internal_message.html?_=1663038823407&CODE_STATE=getMsg HTTP/1.1" 200 27
58.221.95.50 - - [13/Sep/2022:11:11:49 +0800] "GET /xingrg/all/function/internal_message.html?_=1663038708381&CODE_STATE=getMsg HTTP/1.1" 302 -
116.224.255.128 - - [13/Sep/2022:11:11:51 +0800] "GET /xingrg/all/function/internal_message.html?_=1663038650382&CODE_STATE=getMsg HTTP/1.1" 200 27
58.40.7.146 - - [13/Sep/2022:11:11:51 +0800] "GET /xingrg/all/function/internal_message.html?_=1663038711058&CODE_STATE=getMsg HTTP/1.1" 200 27
124.79.74.72 - - [13/Sep/2022:11:11:57 +0800] "GET /xingrg/all/function/internal_message.html?_=1663038713987&CODE_STATE=getMsg HTTP/1.1" 200 27
116.238.169.132 - - [13/Sep/2022:11:11:59 +0800] "GET /xingrg/all/function/internal_message.html?_=1663038731069&CODE_STATE=getMsg HTTP/1.1" 200 27
114.84.81.136 - - [13/Sep/2022:11:11:59 +0800] "GET /xingrg/all/function/internal_message.html?_=1663038720600&CODE_STATE=getMsg HTTP/1.1" 200 27
114.88.158.224 - - [13/Sep/2022:11:12:00 +0800] "GET /xingrg/all/function/internal_message.html?_=1663038377900&CODE_STATE=getMsg HTTP/1.1" 200 27
180.162.112.166 - - [13/Sep/2022:11:12:06 +0800] "GET /xingrg/all/function/internal_message.html?_=1663037856214&CODE_STATE=getMsg HTTP/1.1" 200 27
61.170.235.210 - - [13/Sep/2022:11:12:08 +0800] "GET /xingrg/all/function/internal_message.html?_=1663038726834&CODE_STATE=getMsg HTTP/1.1" 200 27
180.169.147.146 - - [13/Sep/2022:11:12:13 +0800] "GET /xingrg/all/function/internal_message.html?_=1663038728662&CODE_STATE=getMsg HTTP/1.1" 200 27
114.84.5.35 - - [13/Sep/2022:11:12:14 +0800] "GET /xingrg/all/function/internal_message.html?_=1663038732522&CODE_STATE=getMsg HTTP/1.1" 200 27
180.169.147.146 - - [13/Sep/2022:11:12:18 +0800] "GET /xingrg/all/function/internal_message.html?_=1663038737701&CODE_STATE=getMsg HTTP/1.1" 200 27
116.224.255.128 - - [13/Sep/2022:11:12:18 +0800] "GET /xingrg/all/function/internal_message.html?_=1663038738188&CODE_STATE=getMsg HTTP/1.1" 200 27
116.238.169.132 - - [13/Sep/2022:11:12:27 +0800] "GET /xingrg/check_reg.html?_=1663038759149 HTTP/1.1" 200 22
222.70.246.221 - - [13/Sep/2022:11:12:31 +0800] "GET /xingrg/all/function/internal_message.html?_=1663038756127&CODE_STATE=getMsg HTTP/1.1" 200 27
116.225.121.189 - - [13/Sep/2022:11:12:33 +0800] "GET /xingrg/all/function/internal_message.html?_=1663038754037&CODE_STATE=getMsg HTTP/1.1" 200 27
58.35.213.73 - - [13/Sep/2022:11:12:46 +0800] "POST /xingrg/services/DataTransmitService HTTP/1.1" 200 524
116.238.169.132 - - [13/Sep/2022:11:12:46 +0800] "GET /xingrg/all/function/internal_message.html?_=1663038768007&CODE_STATE=getMsg HTTP/1.1" 200 27
58.35.213.73 - - [13/Sep/2022:11:12:47 +0800] "POST /xingrg/services/DataTransmitService HTTP/1.1" 200 2147
120.253.135.82 - - [13/Sep/2022:11:12:47 +0800] "GET /xingrg/all/function/internal_message.html?_=1663038883420&CODE_STATE=getMsg HTTP/1.1" 200 27
58.35.213.73 - - [13/Sep/2022:11:12:48 +0800] "POST /xingrg/services/DataTransmitService HTTP/1.1" 200 121800
58.221.95.50 - - [13/Sep/2022:11:12:49 +0800] "GET /xingrg/all/function/internal_message.html?_=1663038768351&CODE_STATE=getMsg HTTP/1.1" 302 -
116.224.255.128 - - [13/Sep/2022:11:12:51 +0800] "GET /xingrg/all/function/internal_message.html?_=1663038710395&CODE_STATE=getMsg HTTP/1.1" 200 27
58.40.7.146 - - [13/Sep/2022:11:12:51 +0800] "GET /xingrg/all/function/internal_message.html?_=1663038771061&CODE_STATE=getMsg HTTP/1.1" 200 27
124.79.74.72 - - [13/Sep/2022:11:12:57 +0800] "GET /xingrg/all/function/internal_message.html?_=1663038773972&CODE_STATE=getMsg HTTP/1.1" 200 27
180.169.147.146 - - [13/Sep/2022:11:12:59 +0800] "POST /xingrg/kc/buy/cgsh_list_operate.html HTTP/1.1" 200 4
116.238.169.132 - - [13/Sep/2022:11:12:59 +0800] "GET /xingrg/all/function/internal_message.html?_=1663038791066&CODE_STATE=getMsg HTTP/1.1" 200 27
114.84.81.136 - - [13/Sep/2022:11:12:59 +0800] "GET /xingrg/all/function/internal_message.html?_=1663038780599&CODE_STATE=getMsg HTTP/1.1" 200 27
114.88.158.224 - - [13/Sep/2022:11:13:00 +0800] "GET /xingrg/all/function/internal_message.html?_=1663038437868&CODE_STATE=getMsg HTTP/1.1" 200 27
180.162.112.166 - - [13/Sep/2022:11:13:06 +0800] "GET /xingrg/check_reg.html?_=1663037916216 HTTP/1.1" 200 22
180.162.112.166 - - [13/Sep/2022:11:13:06 +0800] "GET /xingrg/all/function/internal_message.html?_=1663037916214&CODE_STATE=getMsg HTTP/1.1" 200 27
61.170.235.210 - - [13/Sep/2022:11:13:08 +0800] "GET /xingrg/all/function/internal_message.html?_=1663038786815&CODE_STATE=getMsg HTTP/1.1" 200 27
180.169.147.146 - - [13/Sep/2022:11:13:12 +0800] "POST /xingrg/kc/buy/cgsh_list_operate.html HTTP/1.1" 200 2190
180.169.147.146 - - [13/Sep/2022:11:13:13 +0800] "GET /xingrg/all/function/internal_message.html?_=1663038788661&CODE_STATE=getMsg HTTP/1.1" 200 27
114.84.5.35 - - [13/Sep/2022:11:13:14 +0800] "GET /xingrg/check_reg.html?_=1663038792522 HTTP/1.1" 200 22
114.84.5.35 - - [13/Sep/2022:11:13:14 +0800] "GET /xingrg/all/function/internal_message.html?_=1663038792524&CODE_STATE=getMsg HTTP/1.1" 200 27
180.169.147.146 - - [13/Sep/2022:11:13:18 +0800] "GET /xingrg/all/function/internal_message.html?_=1663038797705&CODE_STATE=getMsg HTTP/1.1" 200 27
116.224.255.128 - - [13/Sep/2022:11:13:18 +0800] "GET /xingrg/all/function/internal_message.html?_=1663038798181&CODE_STATE=getMsg HTTP/1.1" 200 27
58.35.213.73 - - [13/Sep/2022:11:13:18 +0800] "POST /xingrg/services/DataTransmitService HTTP/1.1" 200 524
58.35.213.73 - - [13/Sep/2022:11:13:19 +0800] "POST /xingrg/services/DataTransmitService HTTP/1.1" 200 2147
180.169.147.146 - - [13/Sep/2022:11:13:21 +0800] "POST /xingrg/kc/buy/cgsh_list_operate.html HTTP/1.1" 200 4
114.88.158.224 - - [13/Sep/2022:11:13:26 +0800] "GET /xingrg/check_reg.html?_=1663038464326 HTTP/1.1" 200 22
180.169.147.146 - - [13/Sep/2022:11:13:29 +0800] "POST /xingrg/kc/buy/cgsh_list_operate.html HTTP/1.1" 200 928
180.169.147.146 - - [13/Sep/2022:11:13:31 +0800] "GET /xingrg/kc/buy/cgsh_order_add.html HTTP/1.1" 200 68680
180.169.147.146 - - [13/Sep/2022:11:13:31 +0800] "POST /xingrg/kc/buy/cgsh_order_operate.html HTTP/1.1" 200 8245
222.70.246.221 - - [13/Sep/2022:11:13:31 +0800] "GET /xingrg/all/function/internal_message.html?_=1663038816134&CODE_STATE=getMsg HTTP/1.1" 200 27
180.169.147.146 - - [13/Sep/2022:11:13:31 +0800] "GET /xingrg/javascript/easyui/themes/default/validatebox.css HTTP/1.1" 404 1104
116.225.121.189 - - [13/Sep/2022:11:13:33 +0800] "GET /xingrg/all/function/internal_message.html?_=1663038814012&CODE_STATE=getMsg HTTP/1.1" 200 27
180.169.147.146 - - [13/Sep/2022:11:13:39 +0800] "GET /xingrg/javascript/auto/indicator.gif HTTP/1.1" 404 1066
180.169.147.146 - - [13/Sep/2022:11:13:41 +0800] "GET /xingrg/javascript/jquery_tools/images/prev.gif HTTP/1.1" 404 1086
180.169.147.146 - - [13/Sep/2022:11:13:41 +0800] "GET /xingrg/javascript/jquery_tools/images/next.gif HTTP/1.1" 404 1086
180.169.147.146 - - [13/Sep/2022:11:13:43 +0800] "GET /xingrg/index.html?sysBaseUrl=http%3A%2F%2F180.169.147.146%3A18081%2Fxingrg%2F&costTime=40×tamp=1663038372885 HTTP/1.1" 200 17179
180.169.147.146 - - [13/Sep/2022:11:13:44 +0800] "POST /xingrg/all/common/load_tree.html?tree=area_rest_tree_json&manage=1 HTTP/1.1" 200 351
180.169.147.146 - - [13/Sep/2022:11:13:44 +0800] "POST /xingrg/load_menu.html HTTP/1.1" 200 5138
180.169.147.146 - - [13/Sep/2022:11:13:44 +0800] "GET /favicon.ico HTTP/1.1" 404 -
180.169.147.146 - - [13/Sep/2022:11:13:44 +0800] "GET /xingrg/all/function/internal_message.html?_=1663038819626&CODE_STATE=count HTTP/1.1" 200 11
180.169.147.146 - - [13/Sep/2022:11:13:44 +0800] "GET /xingrg/check_reg.html?_=1663038819627 HTTP/1.1" 200 22
180.169.147.146 - - [13/Sep/2022:11:13:44 +0800] "GET /xingrg/kc/base/base_main.html HTTP/1.1" 200 12142
116.238.169.132 - - [13/Sep/2022:11:13:46 +0800] "GET /xingrg/all/function/internal_message.html?_=1663038828005&CODE_STATE=getMsg HTTP/1.1" 200 27
180.169.147.146 - - [13/Sep/2022:11:13:47 +0800] "GET /xingrg/kc/buy/buy_main.html HTTP/1.1" 200 12412
180.169.147.146 - - [13/Sep/2022:11:13:47 +0800] "GET /xingrg/css/new_ie.css HTTP/1.1" 404 1036
120.253.135.82 - - [13/Sep/2022:11:13:47 +0800] "GET /xingrg/all/function/internal_message.html?_=1663038943435&CODE_STATE=getMsg HTTP/1.1" 200 27
180.169.147.146 - - [13/Sep/2022:11:13:47 +0800] "GET /xingrg/kc/buy/cgsh_order_list.html HTTP/1.1" 200 52901
180.169.147.146 - - [13/Sep/2022:11:13:48 +0800] "POST /xingrg/kc/buy/cgsh_list_operate.html HTTP/1.1" 200 928
58.221.95.50 - - [13/Sep/2022:11:13:49 +0800] "GET /xingrg/all/function/internal_message.html?_=1663038828322&CODE_STATE=getMsg HTTP/1.1" 302 -
58.40.7.146 - - [13/Sep/2022:11:13:51 +0800] "GET /xingrg/all/function/internal_message.html?_=1663038831063&CODE_STATE=getMsg HTTP/1.1" 200 27
116.224.255.128 - - [13/Sep/2022:11:13:52 +0800] "GET /xingrg/all/function/internal_message.html?_=1663038770509&CODE_STATE=getMsg HTTP/1.1" 200 27
180.163.30.85 - - [13/Sep/2022:11:13:55 +0800] "GET /xingrg/all/function/internal_message.html?_=1663035787968&CODE_STATE=getMsg HTTP/1.1" 302 -
180.163.30.85 - - [13/Sep/2022:11:13:55 +0800] "GET /xingrg/login.html HTTP/1.1" 200 7641
124.79.74.72 - - [13/Sep/2022:11:13:57 +0800] "GET /xingrg/all/function/internal_message.html?_=1663038833942&CODE_STATE=getMsg HTTP/1.1" 200 27
116.238.169.132 - - [13/Sep/2022:11:13:59 +0800] "GET /xingrg/all/function/internal_message.html?_=1663038851048&CODE_STATE=getMsg HTTP/1.1" 200 27
114.84.81.136 - - [13/Sep/2022:11:13:59 +0800] "GET /xingrg/all/function/internal_message.html?_=1663038840597&CODE_STATE=getMsg HTTP/1.1" 200 27
114.88.158.224 - - [13/Sep/2022:11:14:00 +0800] "GET /xingrg/all/function/internal_message.html?_=1663038497844&CODE_STATE=getMsg HTTP/1.1" 200 27
180.162.112.166 - - [13/Sep/2022:11:14:06 +0800] "GET /xingrg/all/function/internal_message.html?_=1663037976229&CODE_STATE=getMsg HTTP/1.1" 200 27
61.170.235.210 - - [13/Sep/2022:11:14:08 +0800] "GET /xingrg/all/function/internal_message.html?_=1663038846794&CODE_STATE=getMsg HTTP/1.1" 200 27
114.84.5.35 - - [13/Sep/2022:11:14:14 +0800] "GET /xingrg/all/function/internal_message.html?_=1663038852524&CODE_STATE=getMsg HTTP/1.1" 200 27
180.169.147.146 - - [13/Sep/2022:11:14:18 +0800] "GET /xingrg/all/function/internal_message.html?_=1663038857697&CODE_STATE=getMsg HTTP/1.1" 200 27
116.224.255.128 - - [13/Sep/2022:11:14:18 +0800] "GET /xingrg/all/function/internal_message.html?_=1663038858189&CODE_STATE=getMsg HTTP/1.1" 200 27
124.79.74.72 - - [13/Sep/2022:11:14:28 +0800] "GET /xingrg/check_reg.html?_=1663038865428 HTTP/1.1" 200 22
222.70.246.221 - - [13/Sep/2022:11:14:31 +0800] "GET /xingrg/all/function/internal_message.html?_=1663038876380&CODE_STATE=getMsg HTTP/1.1" 200 27
116.225.121.189 - - [13/Sep/2022:11:14:33 +0800] "GET /xingrg/all/function/internal_message.html?_=1663038873994&CODE_STATE=getMsg HTTP/1.1" 200 27
180.169.147.146 - - [13/Sep/2022:11:14:44 +0800] "GET /xingrg/all/function/internal_message.html?_=1663038879628&CODE_STATE=getMsg HTTP/1.1" 200 27
116.238.169.132 - - [13/Sep/2022:11:14:46 +0800] "GET /xingrg/all/function/internal_message.html?_=1663038888008&CODE_STATE=getMsg HTTP/1.1" 200 27
120.253.135.82 - - [13/Sep/2022:11:14:47 +0800] "GET /xingrg/all/function/internal_message.html?_=1663039003487&CODE_STATE=getMsg HTTP/1.1" 200 27
58.221.95.50 - - [13/Sep/2022:11:14:49 +0800] "GET /xingrg/all/function/internal_message.html?_=1663038888293&CODE_STATE=getMsg HTTP/1.1" 302 -
58.40.7.146 - - [13/Sep/2022:11:14:51 +0800] "GET /xingrg/check_reg.html?_=1663038891065 HTTP/1.1" 200 22
58.40.7.146 - - [13/Sep/2022:11:14:52 +0800] "GET /xingrg/all/function/internal_message.html?_=1663038891067&CODE_STATE=getMsg HTTP/1.1" 200 27
116.224.255.128 - - [13/Sep/2022:11:14:52 +0800] "GET /xingrg/all/function/internal_message.html?_=1663038830516&CODE_STATE=getMsg HTTP/1.1" 200 27
58.221.95.50 - - [13/Sep/2022:11:14:52 +0800] "GET /xingrg/check_reg.html?_=1663038891402 HTTP/1.1" 302 -
124.79.74.72 - - [13/Sep/2022:11:14:57 +0800] "GET /xingrg/all/function/internal_message.html?_=1663038893913&CODE_STATE=getMsg HTTP/1.1" 200 27
116.238.169.132 - - [13/Sep/2022:11:14:59 +0800] "GET /xingrg/all/function/internal_message.html?_=1663038911045&CODE_STATE=getMsg HTTP/1.1" 200 27
114.84.81.136 - - [13/Sep/2022:11:14:59 +0800] "GET /xingrg/all/function/internal_message.html?_=1663038900596&CODE_STATE=getMsg HTTP/1.1" 200 27
114.88.158.224 - - [13/Sep/2022:11:15:00 +0800] "GET /xingrg/all/function/internal_message.html?_=1663038557812&CODE_STATE=getMsg HTTP/1.1" 200 27
180.162.112.166 - - [13/Sep/2022:11:15:06 +0800] "GET /xingrg/all/function/internal_message.html?_=1663038036229&CODE_STATE=getMsg HTTP/1.1" 200 27
61.170.235.210 - - [13/Sep/2022:11:15:08 +0800] "GET /xingrg/all/function/internal_message.html?_=1663038906792&CODE_STATE=getMsg HTTP/1.1" 200 27
61.170.235.210 - - [13/Sep/2022:11:15:08 +0800] "GET /xingrg/check_reg.html?_=1663038907620 HTTP/1.1" 200 22
114.84.5.35 - - [13/Sep/2022:11:15:14 +0800] "GET /xingrg/all/function/internal_message.html?_=1663038912524&CODE_STATE=getMsg HTTP/1.1" 200 27
180.169.147.146 - - [13/Sep/2022:11:15:18 +0800] "GET /xingrg/all/function/internal_message.html?_=1663038917693&CODE_STATE=getMsg HTTP/1.1" 200 27
180.169.147.146 - - [13/Sep/2022:11:15:18 +0800] "GET /xingrg/check_reg.html?_=1663038917696 HTTP/1.1" 200 22
116.224.255.128 - - [13/Sep/2022:11:15:18 +0800] "GET /xingrg/check_reg.html?_=1663038918181 HTTP/1.1" 200 22
116.224.255.128 - - [13/Sep/2022:11:15:18 +0800] "GET /xingrg/all/function/internal_message.html?_=1663038918184&CODE_STATE=getMsg HTTP/1.1" 200 27
222.70.246.221 - - [13/Sep/2022:11:15:31 +0800] "GET /xingrg/all/function/internal_message.html?_=1663038936394&CODE_STATE=getMsg HTTP/1.1" 200 27
116.225.121.189 - - [13/Sep/2022:11:15:33 +0800] "GET /xingrg/all/function/internal_message.html?_=1663038933970&CODE_STATE=getMsg HTTP/1.1" 200 27
116.238.169.132 - - [13/Sep/2022:11:15:34 +0800] "GET /xingrg/check_reg.html?_=1663038934118 HTTP/1.1" 200 22
116.225.121.189 - - [13/Sep/2022:11:15:35 +0800] "GET /xingrg/check_reg.html?_=1663038935455 HTTP/1.1" 200 22
180.169.147.146 - - [13/Sep/2022:11:15:39 +0800] "GET /xingrg/kc/buy/cgsh_order_add.html HTTP/1.1" 200 68680
180.169.147.146 - - [13/Sep/2022:11:15:39 +0800] "GET /xingrg/words/20220912134540_words.js HTTP/1.1" 304 -
180.169.147.146 - - [13/Sep/2022:11:15:39 +0800] "POST /xingrg/kc/buy/cgsh_order_operate.html HTTP/1.1" 200 8245
180.169.147.146 - - [13/Sep/2022:11:15:39 +0800] "GET /xingrg/all/common/auto_word.html?type=employee&rest_code=00147 HTTP/1.1" 200 101
180.169.147.146 - - [13/Sep/2022:11:15:39 +0800] "GET /xingrg/all/common/auto_word.html?type=employee&rest_code=00147 HTTP/1.1" 200 101
180.169.147.146 - - [13/Sep/2022:11:15:39 +0800] "GET /xingrg/javascript/easyui/themes/default/validatebox.css HTTP/1.1" 404 1104
180.169.147.146 - - [13/Sep/2022:11:15:41 +0800] "GET /xingrg/javascript/jquery_tools/images/prev.gif HTTP/1.1" 404 1086
180.169.147.146 - - [13/Sep/2022:11:15:41 +0800] "GET /xingrg/javascript/jquery_tools/images/next.gif HTTP/1.1" 404 1086
180.163.29.206 - - [13/Sep/2022:11:15:43 +0800] "GET /xingrg/all/function/internal_message.html?_=1663035907908&CODE_STATE=getMsg HTTP/1.1" 302 -
180.163.29.206 - - [13/Sep/2022:11:15:43 +0800] "GET /xingrg/login.html HTTP/1.1" 200 7641
180.169.147.146 - - [13/Sep/2022:11:15:44 +0800] "GET /xingrg/all/function/internal_message.html?_=1663038939636&CODE_STATE=getMsg HTTP/1.1" 200 27
116.238.169.132 - - [13/Sep/2022:11:15:47 +0800] "GET /xingrg/all/function/internal_message.html?_=1663038948012&CODE_STATE=getMsg HTTP/1.1" 200 27
120.253.135.82 - - [13/Sep/2022:11:15:47 +0800] "GET /xingrg/all/function/internal_message.html?_=1663039063493&CODE_STATE=getMsg HTTP/1.1" 200 27
58.221.95.50 - - [13/Sep/2022:11:15:49 +0800] "GET /xingrg/all/function/internal_message.html?_=1663038948269&CODE_STATE=getMsg HTTP/1.1" 302 -
116.224.255.128 - - [13/Sep/2022:11:15:49 +0800] "GET /xingrg/check_reg.html?_=1663038887871 HTTP/1.1" 200 22
180.169.147.146 - - [13/Sep/2022:11:15:51 +0800] "GET /xingrg/kc/buy/cgsh_order_operate.html?command=get_materiel&rest_code=00147&code=00101001172&supplier_code=00100454&order_time=2022-09-12 HTTP/1.1" 200 413
58.40.7.146 - - [13/Sep/2022:11:15:51 +0800] "GET /xingrg/all/function/internal_message.html?_=1663038951052&CODE_STATE=getMsg HTTP/1.1" 200 27
116.224.255.128 - - [13/Sep/2022:11:15:51 +0800] "GET /xingrg/all/function/internal_message.html?_=1663038890530&CODE_STATE=getMsg HTTP/1.1" 200 27
124.79.74.72 - - [13/Sep/2022:11:15:57 +0800] "GET /xingrg/all/function/internal_message.html?_=1663038953884&CODE_STATE=getMsg HTTP/1.1" 200 27
116.238.169.132 - - [13/Sep/2022:11:15:59 +0800] "GET /xingrg/all/function/internal_message.html?_=1663038971026&CODE_STATE=getMsg HTTP/1.1" 200 27
114.84.81.136 - - [13/Sep/2022:11:15:59 +0800] "GET /xingrg/all/function/internal_message.html?_=1663038960593&CODE_STATE=getMsg HTTP/1.1" 200 27
114.88.158.224 - - [13/Sep/2022:11:16:00 +0800] "GET /xingrg/all/function/internal_message.html?_=1663038617787&CODE_STATE=getMsg HTTP/1.1" 200 27
180.162.112.166 - - [13/Sep/2022:11:16:06 +0800] "GET /xingrg/all/function/internal_message.html?_=1663038096213&CODE_STATE=getMsg HTTP/1.1" 200 27
180.169.147.146 - - [13/Sep/2022:11:16:07 +0800] "GET /xingrg/kc/buy/cgsh_order_operate.html?command=get_materiel&rest_code=00147&code=00101001172&supplier_code=00100454&order_time=2022-09-12 HTTP/1.1" 200 413
61.170.235.210 - - [13/Sep/2022:11:16:08 +0800] "GET /xingrg/all/function/internal_message.html?_=1663038966765&CODE_STATE=getMsg HTTP/1.1" 200 27
114.84.5.35 - - [13/Sep/2022:11:16:14 +0800] "GET /xingrg/all/function/internal_message.html?_=1663038972524&CODE_STATE=getMsg HTTP/1.1" 200 27
180.169.147.146 - - [13/Sep/2022:11:16:18 +0800] "GET /xingrg/all/function/internal_message.html?_=1663038977713&CODE_STATE=getMsg HTTP/1.1" 200 27
116.224.255.128 - - [13/Sep/2022:11:16:18 +0800] "GET /xingrg/all/function/internal_message.html?_=1663038978222&CODE_STATE=getMsg HTTP/1.1" 200 27
180.169.147.146 - - [13/Sep/2022:11:16:23 +0800] "POST /xingrg/kc/buy/cgsh_order_operate.html HTTP/1.1" 200 37
114.84.81.136 - - [13/Sep/2022:11:16:24 +0800] "GET /xingrg/check_reg.html?_=1663038985553 HTTP/1.1" 200 22
180.169.147.146 - - [13/Sep/2022:11:16:25 +0800] "POST /xingrg/kc/buy/cgsh_order_operate.html HTTP/1.1" 200 3253
180.169.147.146 - - [13/Sep/2022:11:16:26 +0800] "GET /xingrg/kc/print/load_config.html?kc_code=cgsh HTTP/1.1" 200 1943
180.169.147.146 - - [13/Sep/2022:11:16:26 +0800] "GET /xingrg/kc/print/load_data.html?order_code=212022091304755&kc_code=cgsh&condition= HTTP/1.1" 200 900
180.169.147.146 - - [13/Sep/2022:11:16:31 +0800] "GET /xingrg/kc/buy/cgsh_order_add.html HTTP/1.1" 200 68680
114.84.81.136 - - [13/Sep/2022:11:16:31 +0800] "POST /xingrg/services/DataTransmitService HTTP/1.1" 200 524
180.169.147.146 - - [13/Sep/2022:11:16:31 +0800] "POST /xingrg/kc/buy/cgsh_order_operate.html HTTP/1.1" 200 8245
180.169.147.146 - - [13/Sep/2022:11:16:31 +0800] "GET /xingrg/all/common/auto_word.html?type=employee&rest_code=00147 HTTP/1.1" 200 101
180.169.147.146 - - [13/Sep/2022:11:16:31 +0800] "GET /xingrg/all/common/auto_word.html?type=employee&rest_code=00147 HTTP/1.1" 200 101
180.169.147.146 - - [13/Sep/2022:11:16:31 +0800] "GET /xingrg/javascript/easyui/themes/default/validatebox.css HTTP/1.1" 404 1104
222.70.246.221 - - [13/Sep/2022:11:16:31 +0800] "GET /xingrg/all/function/internal_message.html?_=1663038996408&CODE_STATE=getMsg HTTP/1.1" 200 27
180.169.147.146 - - [13/Sep/2022:11:16:33 +0800] "GET /xingrg/javascript/jquery_tools/images/prev.gif HTTP/1.1" 404 1086
180.169.147.146 - - [13/Sep/2022:11:16:33 +0800] "GET /xingrg/javascript/jquery_tools/images/next.gif HTTP/1.1" 404 1086
116.225.121.189 - - [13/Sep/2022:11:16:33 +0800] "GET /xingrg/all/function/internal_message.html?_=1663038993949&CODE_STATE=getMsg HTTP/1.1" 200 27
180.169.147.146 - - [13/Sep/2022:11:16:44 +0800] "GET /xingrg/all/function/internal_message.html?_=1663038999631&CODE_STATE=getMsg HTTP/1.1" 200 27
120.253.135.82 - - [13/Sep/2022:11:16:45 +0800] "GET /xingrg/check_reg.html?_=1663039121021 HTTP/1.1" 200 22
116.238.169.132 - - [13/Sep/2022:11:16:46 +0800] "GET /xingrg/all/function/internal_message.html?_=1663039008014&CODE_STATE=getMsg HTTP/1.1" 200 27
116.238.169.132 - - [13/Sep/2022:11:16:46 +0800] "GET /xingrg/check_reg.html?_=1663039008016 HTTP/1.1" 200 22
222.70.246.221 - - [13/Sep/2022:11:16:47 +0800] "GET /xingrg/check_reg.html?_=1663039012278 HTTP/1.1" 200 22
120.253.135.82 - - [13/Sep/2022:11:16:47 +0800] "GET /xingrg/all/function/internal_message.html?_=1663039123505&CODE_STATE=getMsg HTTP/1.1" 200 27
58.221.95.50 - - [13/Sep/2022:11:16:49 +0800] "GET /xingrg/all/function/internal_message.html?_=1663039008239&CODE_STATE=getMsg HTTP/1.1" 302 -
58.40.7.146 - - [13/Sep/2022:11:16:51 +0800] "GET /xingrg/all/function/internal_message.html?_=1663039011056&CODE_STATE=getMsg HTTP/1.1" 200 27
116.224.255.128 - - [13/Sep/2022:11:16:52 +0800] "GET /xingrg/all/function/internal_message.html?_=1663038950543&CODE_STATE=getMsg HTTP/1.1" 200 27
124.79.74.72 - - [13/Sep/2022:11:16:57 +0800] "GET /xingrg/all/function/internal_message.html?_=1663039013870&CODE_STATE=getMsg HTTP/1.1" 200 27
180.169.147.146 - - [13/Sep/2022:11:16:57 +0800] "GET /xingrg/kc/buy/cgsh_order_operate.html?command=get_materiel&rest_code=00147&code=00101001032&supplier_code=00100454&order_time=2022-09-13 HTTP/1.1" 200 413
116.238.169.132 - - [13/Sep/2022:11:16:59 +0800] "GET /xingrg/all/function/internal_message.html?_=1663039031008&CODE_STATE=getMsg HTTP/1.1" 200 27
114.84.81.136 - - [13/Sep/2022:11:16:59 +0800] "GET /xingrg/all/function/internal_message.html?_=1663039020592&CODE_STATE=getMsg HTTP/1.1" 200 27
114.88.158.224 - - [13/Sep/2022:11:17:00 +0800] "GET /xingrg/all/function/internal_message.html?_=1663038677755&CODE_STATE=getMsg HTTP/1.1" 200 27
180.162.112.166 - - [13/Sep/2022:11:17:06 +0800] "GET /xingrg/all/function/internal_message.html?_=1663038156213&CODE_STATE=getMsg HTTP/1.1" 200 27
61.170.235.210 - - [13/Sep/2022:11:17:08 +0800] "GET /xingrg/all/function/internal_message.html?_=1663039026743&CODE_STATE=getMsg HTTP/1.1" 200 27
114.84.5.35 - - [13/Sep/2022:11:17:14 +0800] "GET /xingrg/all/function/internal_message.html?_=1663039032523&CODE_STATE=getMsg HTTP/1.1" 200 27
114.83.221.99 - - [13/Sep/2022:11:17:16 +0800] "POST /xingrg/kc/buy/cgsh_order_operate.html HTTP/1.1" 200 12
114.83.221.99 - - [13/Sep/2022:11:17:18 +0800] "GET /xingrg/kc/buy/cgsh_order_info.html?code=212022091304754 HTTP/1.1" 200 63668
114.83.221.99 - - [13/Sep/2022:11:17:18 +0800] "GET /xingrg/words/20220912134540_words.js HTTP/1.1" 304 -
180.169.147.146 - - [13/Sep/2022:11:17:18 +0800] "GET /xingrg/all/function/internal_message.html?_=1663039037685&CODE_STATE=getMsg HTTP/1.1" 200 27
116.224.255.128 - - [13/Sep/2022:11:17:18 +0800] "GET /xingrg/all/function/internal_message.html?_=1663039038226&CODE_STATE=getMsg HTTP/1.1" 200 27
114.83.221.99 - - [13/Sep/2022:11:17:18 +0800] "GET /xingrg/javascript/easyui/themes/default/validatebox.css HTTP/1.1" 404 1104
180.169.147.146 - - [13/Sep/2022:11:17:19 +0800] "GET /xingrg/kc/buy/cgsh_order_operate.html?command=get_materiel&rest_code=00147&code=00101001032&supplier_code=00100454&order_time=2022-09-13 HTTP/1.1" 200 413
114.83.221.99 - - [13/Sep/2022:11:17:19 +0800] "POST /xingrg/kc/buy/cgsh_order_operate.html HTTP/1.1" 200 3560
180.163.29.212 - - [13/Sep/2022:11:17:22 +0800] "GET /xingrg/kc/buy/cgsh_order_operate.html?command=get_materiel&rest_code=00106&code=00101008147&supplier_code=00100009&order_time=2022-09-13 HTTP/1.1" 302 -
180.163.29.212 - - [13/Sep/2022:11:17:22 +0800] "GET /xingrg/login.html HTTP/1.1" 200 7641
116.238.169.132 - - [13/Sep/2022:11:17:27 +0800] "GET /xingrg/check_reg.html?_=1663039059150 HTTP/1.1" 200 22
222.70.246.221 - - [13/Sep/2022:11:17:31 +0800] "GET /xingrg/all/function/internal_message.html?_=1663039056422&CODE_STATE=getMsg HTTP/1.1" 200 27
116.225.121.189 - - [13/Sep/2022:11:17:33 +0800] "GET /xingrg/all/function/internal_message.html?_=1663039053929&CODE_STATE=getMsg HTTP/1.1" 200 27
