116.225.121.189 - - [12/Sep/2022:09:03:11 +0800] "GET /xingrg/images/blue/navBackgound.jpg HTTP/1.1" 304 -
116.225.121.189 - - [12/Sep/2022:09:03:11 +0800] "GET /xingrg/javascript/jquery_easy_ui/themes/icons/settle_new.png HTTP/1.1" 304 -
116.225.121.189 - - [12/Sep/2022:09:03:11 +0800] "GET /xingrg/all/function/internal_message.html?_=1662944593257&CODE_STATE=count HTTP/1.1" 200 11
116.225.121.189 - - [12/Sep/2022:09:03:11 +0800] "GET /xingrg/check_reg.html?_=1662944593257 HTTP/1.1" 200 22
116.225.121.189 - - [12/Sep/2022:09:03:11 +0800] "GET /xingrg/images/blue/pingpu.png HTTP/1.1" 304 -
116.225.121.189 - - [12/Sep/2022:09:03:11 +0800] "GET /xingrg/javascript/jquery_easy_ui/themes/default/images/panel_tool_collapse.gif HTTP/1.1" 304 -
116.225.121.189 - - [12/Sep/2022:09:03:11 +0800] "GET /xingrg/javascript/jquery_easy_ui/themes/default/images/tabs_leftarrow.png HTTP/1.1" 304 -
116.225.121.189 - - [12/Sep/2022:09:03:11 +0800] "GET /xingrg/javascript/jquery_easy_ui/themes/default/images/tabs_rightarrow.png HTTP/1.1" 304 -
116.225.121.189 - - [12/Sep/2022:09:03:11 +0800] "POST /xingrg/all/common/load_tree.html?tree=area_rest_tree_json&manage=1 HTTP/1.1" 200 3472
116.225.121.189 - - [12/Sep/2022:09:03:12 +0800] "POST /xingrg/load_menu.html HTTP/1.1" 200 5138
116.225.121.189 - - [12/Sep/2022:09:03:12 +0800] "GET /xingrg/javascript/jquery_easy_ui/themes/default/images/tree_arrows.gif HTTP/1.1" 304 -
116.225.121.189 - - [12/Sep/2022:09:03:12 +0800] "GET /xingrg/javascript/jquery_easy_ui/themes/icons/forms_new.png HTTP/1.1" 304 -
116.225.121.189 - - [12/Sep/2022:09:03:12 +0800] "GET /xingrg/javascript/jquery_easy_ui/themes/icons/search_new.png HTTP/1.1" 304 -
116.225.121.189 - - [12/Sep/2022:09:03:12 +0800] "GET /xingrg/javascript/jquery_easy_ui/themes/icons/storage_new.png HTTP/1.1" 304 -
116.225.121.189 - - [12/Sep/2022:09:03:12 +0800] "GET /xingrg/javascript/jquery_easy_ui/themes/default/images/tree_folder.gif HTTP/1.1" 304 -
116.225.121.189 - - [12/Sep/2022:09:03:12 +0800] "GET /xingrg/javascript/jquery_easy_ui/themes/default/images/tree_folder_open.gif HTTP/1.1" 304 -
116.225.121.189 - - [12/Sep/2022:09:03:12 +0800] "GET /xingrg/javascript/jquery_easy_ui/themes/default/images/tree_file.gif HTTP/1.1" 304 -
116.225.121.189 - - [12/Sep/2022:09:03:13 +0800] "GET /xingrg/javascript/jquery_easy_ui/themes/default/images/tabs_close.gif HTTP/1.1" 304 -
116.225.121.189 - - [12/Sep/2022:09:03:14 +0800] "GET /xingrg/css/base.css HTTP/1.1" 304 -
116.225.121.189 - - [12/Sep/2022:09:03:14 +0800] "GET /xingrg/css/site.css HTTP/1.1" 304 -
116.225.121.189 - - [12/Sep/2022:09:03:14 +0800] "GET /xingrg/javascript/jquery_tools/datebox.css HTTP/1.1" 304 -
116.225.121.189 - - [12/Sep/2022:09:03:14 +0800] "GET /xingrg/javascript/easyui/themes/default/easyui.css HTTP/1.1" 304 -
116.225.121.189 - - [12/Sep/2022:09:03:14 +0800] "GET /xingrg/javascript/easyui/themes/icon.css HTTP/1.1" 304 -
116.225.121.189 - - [12/Sep/2022:09:03:14 +0800] "GET /xingrg/javascript/auto/jquery.autocomplete.css HTTP/1.1" 304 -
116.225.121.189 - - [12/Sep/2022:09:03:14 +0800] "GET /xingrg/javascript/jquery_tools/table.css HTTP/1.1" 304 -
116.225.121.189 - - [12/Sep/2022:09:03:14 +0800] "GET /xingrg/javascript/jquery_tools/fix.css HTTP/1.1" 304 -
116.225.121.189 - - [12/Sep/2022:09:03:14 +0800] "GET /xingrg/javascript/jquery_tools/jquery.tools.min.js HTTP/1.1" 304 -
116.225.121.189 - - [12/Sep/2022:09:03:14 +0800] "GET /xingrg/javascript/jquery_tools/jquery.tools.extend.js HTTP/1.1" 304 -
116.225.121.189 - - [12/Sep/2022:09:03:14 +0800] "GET /xingrg/javascript/jquery_tools/jquery.tools.hotkey.js HTTP/1.1" 304 -
116.225.121.189 - - [12/Sep/2022:09:03:14 +0800] "GET /xingrg/javascript/jquery.cookie.js HTTP/1.1" 304 -
116.225.121.189 - - [12/Sep/2022:09:03:14 +0800] "GET /xingrg/javascript/jquery_tools/jquery.tools.table.js HTTP/1.1" 304 -
116.225.121.189 - - [12/Sep/2022:09:03:14 +0800] "GET /xingrg/javascript/jquery_tools/list_manager.js HTTP/1.1" 304 -
116.225.121.189 - - [12/Sep/2022:09:03:14 +0800] "GET /xingrg/javascript/auto/jquery.autocomplete.js HTTP/1.1" 304 -
116.225.121.189 - - [12/Sep/2022:09:03:14 +0800] "GET /xingrg/javascript/print/LodopFuncs.js HTTP/1.1" 304 -
116.225.121.189 - - [12/Sep/2022:09:03:14 +0800] "GET /xingrg/javascript/easyui/easyloader.js HTTP/1.1" 304 -
116.225.121.189 - - [12/Sep/2022:09:03:14 +0800] "GET /xingrg/kc/buy/cgsh_order_list.html HTTP/1.1" 200 52842
116.225.121.189 - - [12/Sep/2022:09:03:14 +0800] "GET /xingrg/javascript/easyui/themes/icons/cance_new.png HTTP/1.1" 304 -
116.225.121.189 - - [12/Sep/2022:09:03:14 +0800] "GET /xingrg/javascript/easyui/themes/icons/edit_add_new.png HTTP/1.1" 304 -
116.225.121.189 - - [12/Sep/2022:09:03:14 +0800] "GET /xingrg/javascript/easyui/themes/icons/check_new.png HTTP/1.1" 304 -
116.225.121.189 - - [12/Sep/2022:09:03:14 +0800] "GET /xingrg/javascript/easyui/themes/icons/import_new.png HTTP/1.1" 304 -
116.225.121.189 - - [12/Sep/2022:09:03:14 +0800] "GET /xingrg/javascript/easyui/themes/icons/field_new.png HTTP/1.1" 304 -
116.225.121.189 - - [12/Sep/2022:09:03:14 +0800] "GET /xingrg/javascript/easyui/plugins/jquery.parser.js HTTP/1.1" 304 -
116.225.121.189 - - [12/Sep/2022:09:03:14 +0800] "GET /xingrg/images/control/ajaxLoader.gif HTTP/1.1" 304 -
120.253.135.82 - - [12/Sep/2022:09:03:15 +0800] "GET /xingrg/all/function/internal_message.html?_=1662944712714&CODE_STATE=getMsg HTTP/1.1" 200 27
116.225.121.189 - - [12/Sep/2022:09:03:17 +0800] "POST /xingrg/kc/buy/cgsh_list_operate.html HTTP/1.1" 200 752
116.225.121.189 - - [12/Sep/2022:09:03:17 +0800] "GET /xingrg/javascript/easyui/themes/default/images/button_plain_hover.png HTTP/1.1" 304 -
120.253.135.82 - - [12/Sep/2022:09:03:18 +0800] "GET /xingrg/check_reg.html?_=1662944083775 HTTP/1.1" 302 -
116.225.121.189 - - [12/Sep/2022:09:03:19 +0800] "GET /xingrg/javascript/pic_change.js HTTP/1.1" 304 -
116.225.121.189 - - [12/Sep/2022:09:03:19 +0800] "GET /xingrg/javascript/json2.js HTTP/1.1" 304 -
116.225.121.189 - - [12/Sep/2022:09:03:19 +0800] "GET /xingrg/javascript/convert.js HTTP/1.1" 304 -
116.225.121.189 - - [12/Sep/2022:09:03:19 +0800] "GET /xingrg/javascript/print/kc_print.js HTTP/1.1" 304 -
116.225.121.189 - - [12/Sep/2022:09:03:19 +0800] "GET /xingrg/javascript/jquery_tools/order_manager.js HTTP/1.1" 304 -
116.225.121.189 - - [12/Sep/2022:09:03:19 +0800] "GET /xingrg/kc/buy/cgsh_order_add.html HTTP/1.1" 200 68706
116.225.121.189 - - [12/Sep/2022:09:03:19 +0800] "GET /xingrg/words/20220912090131_words.js HTTP/1.1" 200 920155
116.225.121.189 - - [12/Sep/2022:09:03:19 +0800] "GET /xingrg/javascript/easyui/themes/icons/copy_new.png HTTP/1.1" 304 -
116.225.121.189 - - [12/Sep/2022:09:03:19 +0800] "GET /xingrg/javascript/easyui/themes/icons/template_new.png HTTP/1.1" 304 -
116.225.121.189 - - [12/Sep/2022:09:03:19 +0800] "GET /xingrg/javascript/easyui/themes/icons/ok.png HTTP/1.1" 304 -
116.225.121.189 - - [12/Sep/2022:09:03:19 +0800] "GET /xingrg/javascript/easyui/themes/default/images/menu_downarrow.png HTTP/1.1" 304 -
116.225.121.189 - - [12/Sep/2022:09:03:19 +0800] "GET /xingrg/javascript/easyui/themes/icons/print.png HTTP/1.1" 304 -
116.225.121.189 - - [12/Sep/2022:09:03:19 +0800] "GET /xingrg/javascript/easyui/themes/icons/cancel.png HTTP/1.1" 304 -
116.225.121.189 - - [12/Sep/2022:09:03:19 +0800] "POST /xingrg/kc/buy/cgsh_order_operate.html HTTP/1.1" 200 8245
116.225.121.189 - - [12/Sep/2022:09:03:19 +0800] "GET /xingrg/javascript/easyui/themes/default/validatebox.css HTTP/1.1" 404 1104
116.225.121.189 - - [12/Sep/2022:09:03:19 +0800] "GET /xingrg/javascript/easyui/plugins/jquery.validatebox.js HTTP/1.1" 304 -
116.225.121.189 - - [12/Sep/2022:09:03:20 +0800] "GET /xingrg/javascript/easyui/themes/icons/edit_remove.png HTTP/1.1" 304 -
116.225.121.189 - - [12/Sep/2022:09:03:20 +0800] "GET /xingrg/javascript/easyui/plugins/jquery.numberbox.js HTTP/1.1" 304 -
116.225.121.189 - - [12/Sep/2022:09:03:20 +0800] "GET /xingrg/all/common/auto_word.html?type=employee&rest_code=00105 HTTP/1.1" 200 193
116.225.121.189 - - [12/Sep/2022:09:03:20 +0800] "GET /xingrg/all/common/auto_word.html?type=employee&rest_code=00105 HTTP/1.1" 200 193
116.224.255.128 - - [12/Sep/2022:09:03:20 +0800] "GET /xingrg/kc/buy/cgsh_order_operate.html?command=get_materiel&rest_code=00151&code=00101008286&supplier_code=00100008&order_time=2022-09-12 HTTP/1.1" 200 408
116.225.121.189 - - [12/Sep/2022:09:03:26 +0800] "GET /xingrg/javascript/auto/indicator.gif HTTP/1.1" 404 1066
116.224.255.128 - - [12/Sep/2022:09:03:26 +0800] "GET /xingrg/all/function/internal_message.html?_=1662944546772&CODE_STATE=getMsg HTTP/1.1" 200 27
116.224.255.128 - - [12/Sep/2022:09:03:27 +0800] "GET /xingrg/kc/buy/cgsh_order_operate.html?command=get_materiel&rest_code=00151&code=00101008131&supplier_code=00100008&order_time=2022-09-12 HTTP/1.1" 200 408
222.70.246.221 - - [12/Sep/2022:09:03:28 +0800] "GET /xingrg/all/function/internal_message.html?_=1662944609407&CODE_STATE=getMsg HTTP/1.1" 200 27
180.169.147.146 - - [12/Sep/2022:09:03:33 +0800] "GET /xingrg/all/function/internal_message.html?_=1662944613030&CODE_STATE=getMsg HTTP/1.1" 200 27
180.169.147.146 - - [12/Sep/2022:09:03:34 +0800] "GET /xingrg/check_reg.html?_=1662944614113 HTTP/1.1" 200 22
180.169.147.146 - - [12/Sep/2022:09:03:34 +0800] "GET /xingrg/all/function/internal_message.html?_=1662944614114&CODE_STATE=getMsg HTTP/1.1" 200 27
116.224.255.128 - - [12/Sep/2022:09:03:36 +0800] "GET /xingrg/kc/buy/cgsh_order_operate.html?command=get_materiel&rest_code=00151&code=00101008095&supplier_code=00100008&order_time=2022-09-12 HTTP/1.1" 200 412
116.225.121.189 - - [12/Sep/2022:09:03:40 +0800] "GET /xingrg/kc/buy/cgsh_order_operate.html?command=get_materiel&rest_code=00105&code=00101008459&supplier_code=00100203&order_time=2022-09-12 HTTP/1.1" 200 409
116.224.255.128 - - [12/Sep/2022:09:03:42 +0800] "GET /xingrg/kc/buy/cgsh_order_operate.html?command=get_materiel&rest_code=00151&code=00101008110&supplier_code=00100008&order_time=2022-09-12 HTTP/1.1" 200 408
116.238.169.132 - - [12/Sep/2022:09:03:45 +0800] "GET /xingrg/all/function/internal_message.html?_=1662944625821&CODE_STATE=getMsg HTTP/1.1" 200 27
116.225.121.189 - - [12/Sep/2022:09:03:48 +0800] "GET /xingrg/kc/buy/cgsh_order_operate.html?command=get_materiel&rest_code=00105&code=00101008312&supplier_code=00100203&order_time=2022-09-12 HTTP/1.1" 200 412
116.224.255.128 - - [12/Sep/2022:09:03:53 +0800] "GET /xingrg/kc/buy/cgsh_order_operate.html?command=get_materiel&rest_code=00151&code=00101008344&supplier_code=00100008&order_time=2022-09-12 HTTP/1.1" 200 412
114.88.158.224 - - [12/Sep/2022:09:03:58 +0800] "GET /xingrg/all/function/internal_message.html?_=1662944294703&CODE_STATE=getMsg HTTP/1.1" 200 27
124.79.74.72 - - [12/Sep/2022:09:03:59 +0800] "GET /xingrg/all/function/internal_message.html?_=1662944636586&CODE_STATE=getMsg HTTP/1.1" 200 27
124.79.74.72 - - [12/Sep/2022:09:03:59 +0800] "GET /xingrg/check_reg.html?_=1662944636589 HTTP/1.1" 200 22
114.84.5.35 - - [12/Sep/2022:09:03:59 +0800] "GET /xingrg/check_reg.html?_=1662944638610 HTTP/1.1" 200 22
114.84.5.35 - - [12/Sep/2022:09:03:59 +0800] "GET /xingrg/all/function/internal_message.html?_=1662944638613&CODE_STATE=getMsg HTTP/1.1" 200 27
116.225.121.189 - - [12/Sep/2022:09:04:00 +0800] "GET /xingrg/kc/buy/cgsh_order_operate.html?command=get_materiel&rest_code=00105&code=00101008036&supplier_code=00100203&order_time=2022-09-12 HTTP/1.1" 200 408
116.224.255.128 - - [12/Sep/2022:09:04:01 +0800] "GET /xingrg/kc/buy/cgsh_order_operate.html?command=get_materiel&rest_code=00151&code=00101008085&supplier_code=00100008&order_time=2022-09-12 HTTP/1.1" 200 412
116.232.194.65 - - [12/Sep/2022:09:04:05 +0800] "GET /xingrg/all/function/internal_message.html?_=1662944591145&CODE_STATE=getMsg HTTP/1.1" 200 27
116.238.169.132 - - [12/Sep/2022:09:04:05 +0800] "GET /xingrg/all/function/internal_message.html?_=1662944645850&CODE_STATE=getMsg HTTP/1.1" 302 -
58.221.95.50 - - [12/Sep/2022:09:04:07 +0800] "GET /xingrg/all/function/internal_message.html?_=1662944648993&CODE_STATE=getMsg HTTP/1.1" 200 27
120.253.135.82 - - [12/Sep/2022:09:04:09 +0800] "GET /xingrg/all/function/internal_message.html?_=1662944135495&CODE_STATE=getMsg HTTP/1.1" 302 -
116.225.121.189 - - [12/Sep/2022:09:04:11 +0800] "GET /xingrg/all/function/internal_message.html?_=1662944653259&CODE_STATE=getMsg HTTP/1.1" 200 27
120.253.135.82 - - [12/Sep/2022:09:04:15 +0800] "GET /xingrg/all/function/internal_message.html?_=1662944772729&CODE_STATE=getMsg HTTP/1.1" 200 27
61.147.15.67 - - [12/Sep/2022:09:04:19 +0800] "GET / HTTP/1.1" 404 -
116.224.255.128 - - [12/Sep/2022:09:04:21 +0800] "POST /xingrg/kc/buy/cgsh_order_operate.html HTTP/1.1" 200 37
61.147.15.67 - - [12/Sep/2022:09:04:21 +0800] "ÝÙ¢Ò}c?= 1˜±Å¿!ïçÕfg-‡<éÊÁ$” " 400 -
116.224.255.128 - - [12/Sep/2022:09:04:22 +0800] "POST /xingrg/kc/buy/cgsh_order_operate.html HTTP/1.1" 200 13463
116.225.121.189 - - [12/Sep/2022:09:04:22 +0800] "GET /xingrg/kc/buy/cgsh_order_operate.html?command=get_materiel&rest_code=00105&code=00101008286&supplier_code=00100203&order_time=2022-09-12 HTTP/1.1" 200 408
61.147.15.67 - - [12/Sep/2022:09:04:24 +0800] "GET /favicon.ico HTTP/1.1" 404 -
116.224.255.128 - - [12/Sep/2022:09:04:26 +0800] "GET /xingrg/all/function/internal_message.html?_=1662944606786&CODE_STATE=getMsg HTTP/1.1" 200 27
222.70.246.221 - - [12/Sep/2022:09:04:28 +0800] "GET /xingrg/all/function/internal_message.html?_=1662944669420&CODE_STATE=getMsg HTTP/1.1" 200 27
116.225.121.189 - - [12/Sep/2022:09:04:31 +0800] "GET /xingrg/kc/buy/cgsh_order_operate.html?command=get_materiel&rest_code=00105&code=00101008275&supplier_code=00100203&order_time=2022-09-12 HTTP/1.1" 200 416
180.169.147.146 - - [12/Sep/2022:09:04:33 +0800] "GET /xingrg/all/function/internal_message.html?_=1662944673026&CODE_STATE=getMsg HTTP/1.1" 200 27
180.169.147.146 - - [12/Sep/2022:09:04:34 +0800] "GET /xingrg/all/function/internal_message.html?_=1662944674127&CODE_STATE=getMsg HTTP/1.1" 200 27
116.238.169.132 - - [12/Sep/2022:09:04:45 +0800] "GET /xingrg/all/function/internal_message.html?_=1662944685832&CODE_STATE=getMsg HTTP/1.1" 200 27
116.225.121.189 - - [12/Sep/2022:09:04:46 +0800] "GET /xingrg/kc/buy/cgsh_order_operate.html?command=get_materiel&rest_code=00105&code=00101008256&supplier_code=00100203&order_time=2022-09-12 HTTP/1.1" 200 413
120.253.135.82 - - [12/Sep/2022:09:04:54 +0800] "GET /xingrg/login.html HTTP/1.1" 200 7641
120.253.135.82 - - [12/Sep/2022:09:04:54 +0800] "GET /xingrg/images/blue/jxLogo.png HTTP/1.1" 304 -
120.253.135.82 - - [12/Sep/2022:09:04:54 +0800] "GET /xingrg/images/blue/login_bg.png HTTP/1.1" 304 -
120.253.135.82 - - [12/Sep/2022:09:04:54 +0800] "GET /xingrg/images/blue/hj.png HTTP/1.1" 304 -
120.253.135.82 - - [12/Sep/2022:09:04:54 +0800] "GET /xingrg/images/blue/srbg.png HTTP/1.1" 304 -
120.253.135.82 - - [12/Sep/2022:09:04:54 +0800] "GET /favicon.ico HTTP/1.1" 404 -
114.88.158.224 - - [12/Sep/2022:09:04:57 +0800] "GET /xingrg/all/function/internal_message.html?_=1662944354685&CODE_STATE=getMsg HTTP/1.1" 200 27
124.79.74.72 - - [12/Sep/2022:09:04:59 +0800] "GET /xingrg/all/function/internal_message.html?_=1662944696589&CODE_STATE=getMsg HTTP/1.1" 200 27
114.84.5.35 - - [12/Sep/2022:09:04:59 +0800] "GET /xingrg/all/function/internal_message.html?_=1662944698613&CODE_STATE=getMsg HTTP/1.1" 200 27
120.253.135.82 - - [12/Sep/2022:09:04:59 +0800] "POST /xingrg/login.do HTTP/1.1" 302 -
120.253.135.82 - - [12/Sep/2022:09:04:59 +0800] "GET /xingrg/index.html?sysBaseUrl=http%3A%2F%2F180.169.147.146%3A18081%2Fxingrg%2F&costTime=1124×tamp=1662944699054 HTTP/1.1" 200 17173
120.253.135.82 - - [12/Sep/2022:09:04:59 +0800] "GET /xingrg/javascript/jquery_easy_ui/themes/default/easyui.css HTTP/1.1" 304 -
120.253.135.82 - - [12/Sep/2022:09:04:59 +0800] "GET /xingrg/javascript/jquery_easy_ui/themes/icon.css HTTP/1.1" 304 -
120.253.135.82 - - [12/Sep/2022:09:04:59 +0800] "GET /xingrg/javascript/jquery.form.js HTTP/1.1" 304 -
120.253.135.82 - - [12/Sep/2022:09:04:59 +0800] "GET /xingrg/javascript/jquery.utils.js HTTP/1.1" 304 -
120.253.135.82 - - [12/Sep/2022:09:04:59 +0800] "GET /xingrg/javascript/jquery.timers.js HTTP/1.1" 304 -
120.253.135.82 - - [12/Sep/2022:09:04:59 +0800] "GET /xingrg/javascript/jquery_easy_ui/easyui-lang-zh_CN.js HTTP/1.1" 304 -
120.253.135.82 - - [12/Sep/2022:09:04:59 +0800] "GET /xingrg/css/form.css HTTP/1.1" 304 -
120.253.135.82 - - [12/Sep/2022:09:04:59 +0800] "GET /xingrg/javascript/jquery-1.4.2.min.js HTTP/1.1" 304 -
120.253.135.82 - - [12/Sep/2022:09:04:59 +0800] "GET /xingrg/javascript/jquery_easy_ui/jquery.easyui.min.js HTTP/1.1" 304 -
120.253.135.82 - - [12/Sep/2022:09:04:59 +0800] "GET /xingrg/images/blue/navBackgound.jpg HTTP/1.1" 304 -
120.253.135.82 - - [12/Sep/2022:09:04:59 +0800] "GET /xingrg/javascript/jquery_easy_ui/themes/icons/settle_new.png HTTP/1.1" 304 -
120.253.135.82 - - [12/Sep/2022:09:04:59 +0800] "GET /xingrg/images/blue/pingpu.png HTTP/1.1" 304 -
120.253.135.82 - - [12/Sep/2022:09:04:59 +0800] "GET /xingrg/javascript/jquery_easy_ui/themes/default/images/tabs_leftarrow.png HTTP/1.1" 304 -
120.253.135.82 - - [12/Sep/2022:09:04:59 +0800] "GET /xingrg/javascript/jquery_easy_ui/themes/default/images/tabs_rightarrow.png HTTP/1.1" 304 -
120.253.135.82 - - [12/Sep/2022:09:04:59 +0800] "GET /xingrg/javascript/jquery_easy_ui/themes/default/images/panel_tool_collapse.gif HTTP/1.1" 304 -
120.253.135.82 - - [12/Sep/2022:09:04:59 +0800] "GET /xingrg/all/function/internal_message.html?_=1662944499902&CODE_STATE=count HTTP/1.1" 200 11
120.253.135.82 - - [12/Sep/2022:09:04:59 +0800] "GET /xingrg/check_reg.html?_=1662944499902 HTTP/1.1" 200 22
120.253.135.82 - - [12/Sep/2022:09:04:59 +0800] "POST /xingrg/all/common/load_tree.html?tree=area_rest_tree_json&manage=1 HTTP/1.1" 200 344
120.253.135.82 - - [12/Sep/2022:09:04:59 +0800] "GET /favicon.ico HTTP/1.1" 404 -
120.253.135.82 - - [12/Sep/2022:09:04:59 +0800] "GET /xingrg/javascript/jquery_easy_ui/themes/default/images/tree_arrows.gif HTTP/1.1" 304 -
120.253.135.82 - - [12/Sep/2022:09:04:59 +0800] "POST /xingrg/load_menu.html HTTP/1.1" 200 6743
120.253.135.82 - - [12/Sep/2022:09:04:59 +0800] "GET /xingrg/javascript/jquery_easy_ui/themes/default/images/tree_folder_open.gif HTTP/1.1" 304 -
120.253.135.82 - - [12/Sep/2022:09:04:59 +0800] "GET /xingrg/javascript/jquery_easy_ui/themes/icons/search_new.png HTTP/1.1" 304 -
120.253.135.82 - - [12/Sep/2022:09:04:59 +0800] "GET /xingrg/javascript/jquery_easy_ui/themes/icons/storage_new.png HTTP/1.1" 304 -
120.253.135.82 - - [12/Sep/2022:09:04:59 +0800] "GET /xingrg/javascript/jquery_easy_ui/themes/default/images/tree_file.gif HTTP/1.1" 304 -
120.253.135.82 - - [12/Sep/2022:09:04:59 +0800] "GET /xingrg/javascript/jquery_easy_ui/themes/icons/forms_new.png HTTP/1.1" 304 -
120.253.135.82 - - [12/Sep/2022:09:04:59 +0800] "GET /xingrg/javascript/jquery_easy_ui/themes/icons/delivery_new.png HTTP/1.1" 304 -
120.253.135.82 - - [12/Sep/2022:09:04:59 +0800] "GET /xingrg/javascript/jquery_easy_ui/themes/default/images/tree_folder.gif HTTP/1.1" 304 -
116.232.194.65 - - [12/Sep/2022:09:05:05 +0800] "GET /xingrg/all/function/internal_message.html?_=1662944651127&CODE_STATE=getMsg HTTP/1.1" 200 27
116.238.169.132 - - [12/Sep/2022:09:05:05 +0800] "GET /xingrg/all/function/internal_message.html?_=1662944705850&CODE_STATE=getMsg HTTP/1.1" 302 -
116.225.121.189 - - [12/Sep/2022:09:05:05 +0800] "GET /xingrg/kc/buy/cgsh_order_operate.html?command=get_materiel&rest_code=00105&code=00101008257&supplier_code=00100203&order_time=2022-09-12 HTTP/1.1" 200 416
120.253.135.82 - - [12/Sep/2022:09:05:07 +0800] "GET /xingrg/javascript/jquery_easy_ui/themes/default/images/tabs_close.gif HTTP/1.1" 304 -
120.253.135.82 - - [12/Sep/2022:09:05:07 +0800] "GET /xingrg/kc/pszx/mdqp_order_list.html?state=10 HTTP/1.1" 200 10217
120.253.135.82 - - [12/Sep/2022:09:05:07 +0800] "GET /xingrg/dwr/util.js HTTP/1.1" 304 -
120.253.135.82 - - [12/Sep/2022:09:05:07 +0800] "GET /xingrg/javascript/pic_change.js HTTP/1.1" 304 -
120.253.135.82 - - [12/Sep/2022:09:05:07 +0800] "GET /xingrg/css/blue.css HTTP/1.1" 304 -
120.253.135.82 - - [12/Sep/2022:09:05:07 +0800] "GET /xingrg/dwr/interface/AjaxQqpsService.js HTTP/1.1" 200 16326
120.253.135.82 - - [12/Sep/2022:09:05:07 +0800] "GET /xingrg/dwr/interface/AjaxReportQueryService.js HTTP/1.1" 200 13203
120.253.135.82 - - [12/Sep/2022:09:05:07 +0800] "GET /xingrg/javascript/Calendar.js HTTP/1.1" 304 -
120.253.135.82 - - [12/Sep/2022:09:05:07 +0800] "GET /xingrg/dwr/engine.js HTTP/1.1" 200 43631
120.253.135.82 - - [12/Sep/2022:09:05:07 +0800] "GET /xingrg/javascript/myfunction.js HTTP/1.1" 304 -
58.221.95.50 - - [12/Sep/2022:09:05:07 +0800] "GET /xingrg/all/function/internal_message.html?_=1662944708996&CODE_STATE=getMsg HTTP/1.1" 200 27
120.253.135.82 - - [12/Sep/2022:09:05:07 +0800] "GET /xingrg/javascript/jquery_easy_ui/themes/icons/check_new.png HTTP/1.1" 304 -
120.253.135.82 - - [12/Sep/2022:09:05:07 +0800] "GET /xingrg/javascript/jquery_easy_ui/themes/icons/uncheck_new.png HTTP/1.1" 304 -
120.253.135.82 - - [12/Sep/2022:09:05:07 +0800] "GET /xingrg/javascript/jquery_easy_ui/themes/icons/back_new.png HTTP/1.1" 304 -
120.253.135.82 - - [12/Sep/2022:09:05:09 +0800] "GET /xingrg/all/function/internal_message.html?_=1662944195465&CODE_STATE=getMsg HTTP/1.1" 302 -
120.253.135.82 - - [12/Sep/2022:09:05:11 +0800] "GET /xingrg/css/base.css HTTP/1.1" 304 -
120.253.135.82 - - [12/Sep/2022:09:05:11 +0800] "GET /xingrg/css/site.css HTTP/1.1" 304 -
120.253.135.82 - - [12/Sep/2022:09:05:11 +0800] "GET /xingrg/kc/pszx/mdth_order_list.html HTTP/1.1" 200 18469
120.253.135.82 - - [12/Sep/2022:09:05:11 +0800] "GET /xingrg/javascript/jquery_tools/datebox.css HTTP/1.1" 304 -
120.253.135.82 - - [12/Sep/2022:09:05:11 +0800] "GET /xingrg/javascript/easyui/themes/icon.css HTTP/1.1" 304 -
120.253.135.82 - - [12/Sep/2022:09:05:11 +0800] "GET /xingrg/javascript/easyui/themes/default/easyui.css HTTP/1.1" 304 -
120.253.135.82 - - [12/Sep/2022:09:05:11 +0800] "GET /xingrg/javascript/jquery_tools/fix.css HTTP/1.1" 304 -
120.253.135.82 - - [12/Sep/2022:09:05:11 +0800] "GET /xingrg/javascript/jquery_tools/table.css HTTP/1.1" 304 -
120.253.135.82 - - [12/Sep/2022:09:05:11 +0800] "GET /xingrg/javascript/jquery_tools/jquery.tools.min.js HTTP/1.1" 304 -
120.253.135.82 - - [12/Sep/2022:09:05:11 +0800] "GET /xingrg/javascript/jquery_tools/jquery.tools.hotkey.js HTTP/1.1" 304 -
120.253.135.82 - - [12/Sep/2022:09:05:11 +0800] "GET /xingrg/javascript/auto/jquery.autocomplete.css HTTP/1.1" 304 -
120.253.135.82 - - [12/Sep/2022:09:05:11 +0800] "GET /xingrg/javascript/jquery_tools/jquery.tools.table.js HTTP/1.1" 304 -
120.253.135.82 - - [12/Sep/2022:09:05:11 +0800] "GET /xingrg/javascript/jquery_tools/list_manager.js HTTP/1.1" 304 -
120.253.135.82 - - [12/Sep/2022:09:05:11 +0800] "GET /xingrg/javascript/jquery.cookie.js HTTP/1.1" 304 -
120.253.135.82 - - [12/Sep/2022:09:05:11 +0800] "GET /xingrg/javascript/auto/jquery.autocomplete.js HTTP/1.1" 304 -
120.253.135.82 - - [12/Sep/2022:09:05:11 +0800] "GET /xingrg/javascript/easyui/easyloader.js HTTP/1.1" 304 -
120.253.135.82 - - [12/Sep/2022:09:05:11 +0800] "GET /xingrg/javascript/print/LodopFuncs.js HTTP/1.1" 304 -
120.253.135.82 - - [12/Sep/2022:09:05:11 +0800] "GET /xingrg/javascript/jquery_tools/jquery.tools.extend.js HTTP/1.1" 304 -
120.253.135.82 - - [12/Sep/2022:09:05:11 +0800] "GET /xingrg/javascript/easyui/themes/icons/import_new.png HTTP/1.1" 304 -
120.253.135.82 - - [12/Sep/2022:09:05:11 +0800] "GET /xingrg/javascript/easyui/plugins/jquery.parser.js HTTP/1.1" 304 -
120.253.135.82 - - [12/Sep/2022:09:05:11 +0800] "GET /xingrg/images/control/ajaxLoader.gif HTTP/1.1" 304 -
120.253.135.82 - - [12/Sep/2022:09:05:11 +0800] "GET /xingrg/javascript/jquery_easy_ui/themes/icons/area.png HTTP/1.1" 304 -
120.253.135.82 - - [12/Sep/2022:09:05:11 +0800] "GET /xingrg/javascript/jquery_easy_ui/themes/icons/manage.png HTTP/1.1" 304 -
120.253.135.82 - - [12/Sep/2022:09:05:11 +0800] "POST /xingrg/kc/pszx/mdth_order_new_list.html HTTP/1.1" 200 4716
116.225.121.189 - - [12/Sep/2022:09:05:11 +0800] "GET /xingrg/all/function/internal_message.html?_=1662944713277&CODE_STATE=getMsg HTTP/1.1" 200 27
120.253.135.82 - - [12/Sep/2022:09:05:13 +0800] "POST /xingrg/kc/pszx/mdth_order_new_list.html HTTP/1.1" 200 204
116.225.121.189 - - [12/Sep/2022:09:05:13 +0800] "GET /xingrg/kc/buy/cgsh_order_operate.html?command=get_materiel&rest_code=00105&code=00101008149&supplier_code=00100203&order_time=2022-09-12 HTTP/1.1" 200 408
120.253.135.82 - - [12/Sep/2022:09:05:15 +0800] "GET /xingrg/all/function/internal_message.html?_=1662944832781&CODE_STATE=getMsg HTTP/1.1" 200 27
120.253.135.82 - - [12/Sep/2022:09:05:16 +0800] "GET /xingrg/kc/pszx/mdth_order_info.html?code=322022091000012 HTTP/1.1" 200 22267
120.253.135.82 - - [12/Sep/2022:09:05:16 +0800] "GET /xingrg/javascript/convert.js HTTP/1.1" 304 -
120.253.135.82 - - [12/Sep/2022:09:05:16 +0800] "GET /xingrg/javascript/print/kc_print.js HTTP/1.1" 304 -
120.253.135.82 - - [12/Sep/2022:09:05:16 +0800] "GET /xingrg/javascript/jquery_tools/order_manager.js HTTP/1.1" 304 -
120.253.135.82 - - [12/Sep/2022:09:05:16 +0800] "GET /xingrg/javascript/json2.js HTTP/1.1" 304 -
120.253.135.82 - - [12/Sep/2022:09:05:17 +0800] "GET /xingrg/words/20220912090131_words.js HTTP/1.1" 200 920155
120.253.135.82 - - [12/Sep/2022:09:05:17 +0800] "GET /xingrg/javascript/easyui/themes/icons/ok.png HTTP/1.1" 304 -
120.253.135.82 - - [12/Sep/2022:09:05:17 +0800] "GET /xingrg/javascript/easyui/themes/icons/check_new.png HTTP/1.1" 304 -
120.253.135.82 - - [12/Sep/2022:09:05:17 +0800] "GET /xingrg/javascript/easyui/themes/icons/print.png HTTP/1.1" 304 -
120.253.135.82 - - [12/Sep/2022:09:05:17 +0800] "GET /xingrg/javascript/easyui/themes/icons/cancel.png HTTP/1.1" 304 -
120.253.135.82 - - [12/Sep/2022:09:05:17 +0800] "GET /xingrg/javascript/easyui/themes/default/images/menu_downarrow.png HTTP/1.1" 304 -
120.253.135.82 - - [12/Sep/2022:09:05:18 +0800] "GET /xingrg/javascript/easyui/plugins/jquery.validatebox.js HTTP/1.1" 304 -
120.253.135.82 - - [12/Sep/2022:09:05:18 +0800] "GET /xingrg/javascript/easyui/themes/default/validatebox.css HTTP/1.1" 404 1104
120.253.135.82 - - [12/Sep/2022:09:05:18 +0800] "GET /xingrg/javascript/easyui/plugins/jquery.numberbox.js HTTP/1.1" 304 -
120.253.135.82 - - [12/Sep/2022:09:05:18 +0800] "GET /xingrg/all/common/auto_word.html?type=base&rest_code=00101 HTTP/1.1" 200 725
120.253.135.82 - - [12/Sep/2022:09:05:18 +0800] "GET /xingrg/all/common/auto_word.html?type=employee&rest_code=00101 HTTP/1.1" 200 977
120.253.135.82 - - [12/Sep/2022:09:05:18 +0800] "POST /xingrg/kc/pszx/mdth_order_new_info.html HTTP/1.1" 200 274
120.253.135.82 - - [12/Sep/2022:09:05:19 +0800] "GET /xingrg/css/images/panel_loading.gif HTTP/1.1" 304 -
120.253.135.82 - - [12/Sep/2022:09:05:19 +0800] "POST /xingrg/all/common/load_combo.html?type=employee HTTP/1.1" 200 1752
120.253.135.82 - - [12/Sep/2022:09:05:22 +0800] "GET /xingrg/javascript/jquery_tools/images/prev.gif HTTP/1.1" 404 1086
120.253.135.82 - - [12/Sep/2022:09:05:22 +0800] "GET /xingrg/javascript/jquery_tools/images/next.gif HTTP/1.1" 404 1086
116.225.121.189 - - [12/Sep/2022:09:05:25 +0800] "GET /xingrg/kc/buy/cgsh_order_operate.html?command=get_materiel&rest_code=00105&code=00101008354&supplier_code=00100203&order_time=2022-09-12 HTTP/1.1" 200 412
120.253.135.82 - - [12/Sep/2022:09:05:26 +0800] "POST /xingrg/all/common/load_combo.html?type=base HTTP/1.1" 200 1260
116.224.255.128 - - [12/Sep/2022:09:05:26 +0800] "GET /xingrg/check_reg.html?_=1662944666534 HTTP/1.1" 200 22
116.224.255.128 - - [12/Sep/2022:09:05:26 +0800] "GET /xingrg/all/function/internal_message.html?_=1662944666799&CODE_STATE=getMsg HTTP/1.1" 200 27
222.70.246.221 - - [12/Sep/2022:09:05:28 +0800] "GET /xingrg/all/function/internal_message.html?_=1662944729442&CODE_STATE=getMsg HTTP/1.1" 200 27
120.253.135.82 - - [12/Sep/2022:09:05:29 +0800] "GET /xingrg/javascript/easyui/themes/default/images/button_plain_hover.png HTTP/1.1" 304 -
120.253.135.82 - - [12/Sep/2022:09:05:29 +0800] "GET /xingrg/javascript/easyui/themes/default/images/button_plain_hover.png HTTP/1.1" 304 -
120.253.135.82 - - [12/Sep/2022:09:05:32 +0800] "POST /xingrg/kc/pszx/mdth_order_new_info.html HTTP/1.1" 200 37
180.169.147.146 - - [12/Sep/2022:09:05:33 +0800] "GET /xingrg/all/function/internal_message.html?_=1662944733037&CODE_STATE=getMsg HTTP/1.1" 200 27
180.169.147.146 - - [12/Sep/2022:09:05:33 +0800] "GET /xingrg/check_reg.html?_=1662944733038 HTTP/1.1" 200 22
120.253.135.82 - - [12/Sep/2022:09:05:33 +0800] "POST /xingrg/kc/pszx/mdth_order_new_info.html HTTP/1.1" 200 281
116.225.121.189 - - [12/Sep/2022:09:05:34 +0800] "GET /xingrg/kc/buy/cgsh_order_operate.html?command=get_materiel&rest_code=00105&code=00101008096&supplier_code=00100203&order_time=2022-09-12 HTTP/1.1" 200 412
180.169.147.146 - - [12/Sep/2022:09:05:34 +0800] "GET /xingrg/all/function/internal_message.html?_=1662944734128&CODE_STATE=getMsg HTTP/1.1" 200 27
120.253.135.82 - - [12/Sep/2022:09:05:36 +0800] "GET /xingrg/kc/print/load_config.html?kc_code=mdth HTTP/1.1" 200 3088
120.253.135.82 - - [12/Sep/2022:09:05:36 +0800] "GET /xingrg/kc/print/load_data.html?order_code=322022091000012&kc_code=mdth&condition= HTTP/1.1" 200 604
116.225.121.189 - - [12/Sep/2022:09:05:41 +0800] "GET /xingrg/kc/buy/cgsh_order_operate.html?command=get_materiel&rest_code=00105&code=00101008163&supplier_code=00100203&order_time=2022-09-12 HTTP/1.1" 200 409
61.147.15.65 - - [12/Sep/2022:09:05:44 +0800] "-" 400 -
116.238.169.132 - - [12/Sep/2022:09:05:45 +0800] "GET /xingrg/all/function/internal_message.html?_=1662944745831&CODE_STATE=getMsg HTTP/1.1" 200 27
116.238.169.132 - - [12/Sep/2022:09:05:45 +0800] "GET /xingrg/check_reg.html?_=1662944745834 HTTP/1.1" 200 22
120.253.135.82 - - [12/Sep/2022:09:05:46 +0800] "POST /xingrg/kc/pszx/mdth_order_new_info.html HTTP/1.1" 200 37
116.225.121.189 - - [12/Sep/2022:09:05:51 +0800] "GET /xingrg/kc/buy/cgsh_order_operate.html?command=get_materiel&rest_code=00105&code=00101008355&supplier_code=00100203&order_time=2022-09-12 HTTP/1.1" 200 408
116.224.255.128 - - [12/Sep/2022:09:05:55 +0800] "POST /xingrg/kc/buy/cgsh_order_operate.html HTTP/1.1" 200 37
114.88.158.224 - - [12/Sep/2022:09:05:58 +0800] "GET /xingrg/all/function/internal_message.html?_=1662944414665&CODE_STATE=getMsg HTTP/1.1" 200 27
124.79.74.72 - - [12/Sep/2022:09:05:59 +0800] "GET /xingrg/all/function/internal_message.html?_=1662944756592&CODE_STATE=getMsg HTTP/1.1" 200 27
114.84.5.35 - - [12/Sep/2022:09:05:59 +0800] "GET /xingrg/all/function/internal_message.html?_=1662944758614&CODE_STATE=getMsg HTTP/1.1" 200 27
116.225.121.189 - - [12/Sep/2022:09:06:00 +0800] "GET /xingrg/kc/buy/cgsh_order_operate.html?command=get_materiel&rest_code=00105&code=00101008264&supplier_code=00100203&order_time=2022-09-12 HTTP/1.1" 200 412
116.232.194.65 - - [12/Sep/2022:09:06:03 +0800] "GET /xingrg/check_reg.html?_=1662944709393 HTTP/1.1" 200 22
116.224.255.128 - - [12/Sep/2022:09:06:04 +0800] "POST /xingrg/kc/buy/cgsh_order_operate.html HTTP/1.1" 200 12
58.221.95.50 - - [12/Sep/2022:09:06:05 +0800] "GET /xingrg/kc/base/base_main.html HTTP/1.1" 200 12142
116.232.194.65 - - [12/Sep/2022:09:06:05 +0800] "GET /xingrg/all/function/internal_message.html?_=1662944711103&CODE_STATE=getMsg HTTP/1.1" 200 27
116.238.169.132 - - [12/Sep/2022:09:06:05 +0800] "GET /xingrg/all/function/internal_message.html?_=1662944765853&CODE_STATE=getMsg HTTP/1.1" 302 -
58.221.95.50 - - [12/Sep/2022:09:06:06 +0800] "GET /xingrg/kc/base/check_order_list.html HTTP/1.1" 200 16303
116.225.121.189 - - [12/Sep/2022:09:06:07 +0800] "GET /xingrg/kc/buy/cgsh_order_operate.html?command=get_materiel&rest_code=00105&code=00101008356&supplier_code=00100203&order_time=2022-09-12 HTTP/1.1" 200 409
58.221.95.50 - - [12/Sep/2022:09:06:07 +0800] "POST /xingrg/kc/base/check_list_operate.html HTTP/1.1" 200 1905
116.224.255.128 - - [12/Sep/2022:09:06:07 +0800] "GET /xingrg/kc/buy/cgsh_order_info.html?code=212022091204348 HTTP/1.1" 200 63141
58.221.95.50 - - [12/Sep/2022:09:06:07 +0800] "GET /xingrg/all/function/internal_message.html?_=1662944769016&CODE_STATE=getMsg HTTP/1.1" 200 27
116.224.255.128 - - [12/Sep/2022:09:06:07 +0800] "GET /xingrg/words/20220912090131_words.js HTTP/1.1" 200 920155
116.224.255.128 - - [12/Sep/2022:09:06:08 +0800] "GET /xingrg/javascript/easyui/themes/default/validatebox.css HTTP/1.1" 404 1104
58.40.7.146 - - [12/Sep/2022:09:06:08 +0800] "POST /xingrg/services/DataTransmitService HTTP/1.1" 200 524
116.224.255.128 - - [12/Sep/2022:09:06:09 +0800] "POST /xingrg/kc/buy/cgsh_order_operate.html HTTP/1.1" 200 11407
120.253.135.82 - - [12/Sep/2022:09:06:09 +0800] "GET /xingrg/all/function/internal_message.html?_=1662944255436&CODE_STATE=getMsg HTTP/1.1" 302 -
116.225.121.189 - - [12/Sep/2022:09:06:10 +0800] "POST /xingrg/kc/buy/cgsh_order_operate.html HTTP/1.1" 200 2065
58.221.95.50 - - [12/Sep/2022:09:06:10 +0800] "GET /xingrg/kc/base/check_order_info.html?code=452022090900096 HTTP/1.1" 200 25306
58.221.95.50 - - [12/Sep/2022:09:06:10 +0800] "GET /xingrg/dwr/util.js HTTP/1.1" 200 35990
58.221.95.50 - - [12/Sep/2022:09:06:10 +0800] "GET /xingrg/dwr/interface/AjaxComOrderService.js HTTP/1.1" 200 18264
58.221.95.50 - - [12/Sep/2022:09:06:10 +0800] "GET /xingrg/dwr/engine.js HTTP/1.1" 200 43631
58.221.95.50 - - [12/Sep/2022:09:06:10 +0800] "GET /xingrg/dwr/interface/AjaxCheckService.js HTTP/1.1" 200 14003
116.225.121.189 - - [12/Sep/2022:09:06:11 +0800] "POST /xingrg/kc/buy/cgsh_order_operate.html HTTP/1.1" 200 2065
58.221.95.50 - - [12/Sep/2022:09:06:11 +0800] "POST /xingrg/dwr/call/plaincall/AjaxCheckService.loadOrderItems.dwr HTTP/1.1" 200 84632
116.225.121.189 - - [12/Sep/2022:09:06:11 +0800] "GET /xingrg/all/function/internal_message.html?_=1662944773257&CODE_STATE=getMsg HTTP/1.1" 200 27
116.224.255.128 - - [12/Sep/2022:09:06:12 +0800] "GET /xingrg/kc/print/load_data.html?order_code=212022091204348&kc_code=cgsh&condition= HTTP/1.1" 200 4914
120.253.135.82 - - [12/Sep/2022:09:06:15 +0800] "GET /xingrg/all/function/internal_message.html?_=1662944892786&CODE_STATE=getMsg HTTP/1.1" 200 27
116.225.121.189 - - [12/Sep/2022:09:06:17 +0800] "GET /xingrg/kc/buy/cgsh_order_operate.html?command=get_materiel&rest_code=00105&code=00101008212&supplier_code=00100203&order_time=2022-09-12 HTTP/1.1" 200 412
116.225.121.189 - - [12/Sep/2022:09:06:26 +0800] "GET /xingrg/kc/buy/cgsh_order_operate.html?command=get_materiel&rest_code=00105&code=00101008197&supplier_code=00100203&order_time=2022-09-12 HTTP/1.1" 200 416
116.224.255.128 - - [12/Sep/2022:09:06:26 +0800] "GET /xingrg/all/function/internal_message.html?_=1662944726822&CODE_STATE=getMsg HTTP/1.1" 200 27
58.221.95.50 - - [12/Sep/2022:09:06:27 +0800] "GET /xingrg/kc/base/wldb_order_list.html HTTP/1.1" 200 19184
58.221.95.50 - - [12/Sep/2022:09:06:28 +0800] "POST /xingrg/kc/base/wldb_list_operate.html HTTP/1.1" 200 928
222.70.246.221 - - [12/Sep/2022:09:06:28 +0800] "GET /xingrg/all/function/internal_message.html?_=1662944789448&CODE_STATE=getMsg HTTP/1.1" 200 27
116.224.255.128 - - [12/Sep/2022:09:06:29 +0800] "POST /xingrg/all/user/operate.html HTTP/1.1" 200 36
61.147.15.67 - - [12/Sep/2022:09:06:30 +0800] "-" 400 -
116.224.255.128 - - [12/Sep/2022:09:06:30 +0800] "GET /xingrg/index.html?sysBaseUrl=http%3A%2F%2F180.169.147.146%3A18081%2Fxingrg%2F&costTime=1690×tamp=1662940646295 HTTP/1.1" 200 17179
116.224.255.128 - - [12/Sep/2022:09:06:30 +0800] "GET /xingrg/javascript/jquery_easy_ui/themes/default/easyui.css HTTP/1.1" 304 -
58.221.95.50 - - [12/Sep/2022:09:06:30 +0800] "GET /xingrg/kc/base/wldb_order_add.html HTTP/1.1" 200 30398
116.224.255.128 - - [12/Sep/2022:09:06:30 +0800] "GET /xingrg/javascript/jquery_easy_ui/themes/icon.css HTTP/1.1" 304 -
116.224.255.128 - - [12/Sep/2022:09:06:30 +0800] "GET /xingrg/css/form.css HTTP/1.1" 304 -
116.224.255.128 - - [12/Sep/2022:09:06:30 +0800] "GET /xingrg/javascript/jquery-1.4.2.min.js HTTP/1.1" 304 -
116.224.255.128 - - [12/Sep/2022:09:06:30 +0800] "GET /xingrg/javascript/jquery_easy_ui/jquery.easyui.min.js HTTP/1.1" 304 -
116.224.255.128 - - [12/Sep/2022:09:06:30 +0800] "GET /xingrg/javascript/jquery_easy_ui/easyui-lang-zh_CN.js HTTP/1.1" 304 -
116.224.255.128 - - [12/Sep/2022:09:06:30 +0800] "GET /xingrg/javascript/jquery.form.js HTTP/1.1" 304 -
58.221.95.50 - - [12/Sep/2022:09:06:30 +0800] "GET /xingrg/words/20220912090131_words.js HTTP/1.1" 200 920155
116.224.255.128 - - [12/Sep/2022:09:06:30 +0800] "GET /xingrg/javascript/jquery.utils.js HTTP/1.1" 304 -
116.224.255.128 - - [12/Sep/2022:09:06:30 +0800] "GET /xingrg/javascript/jquery.timers.js HTTP/1.1" 304 -
116.224.255.128 - - [12/Sep/2022:09:06:30 +0800] "GET /xingrg/images/blue/jxLogo.png HTTP/1.1" 304 -
116.224.255.128 - - [12/Sep/2022:09:06:30 +0800] "GET /xingrg/images/blue/navBackgound.jpg HTTP/1.1" 304 -
116.224.255.128 - - [12/Sep/2022:09:06:30 +0800] "GET /xingrg/javascript/jquery_easy_ui/themes/icons/settle_new.png HTTP/1.1" 304 -
116.224.255.128 - - [12/Sep/2022:09:06:30 +0800] "GET /xingrg/images/blue/pingpu.png HTTP/1.1" 304 -
116.224.255.128 - - [12/Sep/2022:09:06:30 +0800] "GET /xingrg/javascript/jquery_easy_ui/themes/default/images/tabs_leftarrow.png HTTP/1.1" 304 -
116.224.255.128 - - [12/Sep/2022:09:06:30 +0800] "GET /xingrg/javascript/jquery_easy_ui/themes/default/images/panel_tool_collapse.gif HTTP/1.1" 304 -
116.224.255.128 - - [12/Sep/2022:09:06:30 +0800] "GET /xingrg/all/function/internal_message.html?_=1662944730924&CODE_STATE=count HTTP/1.1" 200 11
116.224.255.128 - - [12/Sep/2022:09:06:30 +0800] "GET /xingrg/javascript/jquery_easy_ui/themes/default/images/tabs_rightarrow.png HTTP/1.1" 304 -
116.224.255.128 - - [12/Sep/2022:09:06:30 +0800] "GET /xingrg/check_reg.html?_=1662944730925 HTTP/1.1" 200 22
116.224.255.128 - - [12/Sep/2022:09:06:30 +0800] "POST /xingrg/all/common/load_tree.html?tree=area_rest_tree_json&manage=1 HTTP/1.1" 200 476
116.224.255.128 - - [12/Sep/2022:09:06:30 +0800] "POST /xingrg/load_menu.html HTTP/1.1" 200 5138
58.221.95.50 - - [12/Sep/2022:09:06:31 +0800] "POST /xingrg/kc/base/wldb_order_operate.html HTTP/1.1" 200 6806
61.147.15.65 - - [12/Sep/2022:09:06:31 +0800] "GET / HTTP/1.1" 404 -
58.221.95.50 - - [12/Sep/2022:09:06:31 +0800] "GET /xingrg/javascript/easyui/themes/default/validatebox.css HTTP/1.1" 404 1104
58.221.95.50 - - [12/Sep/2022:09:06:31 +0800] "GET /xingrg/all/common/auto_word.html?type=base&rest_code=00152 HTTP/1.1" 200 501
58.221.95.50 - - [12/Sep/2022:09:06:31 +0800] "GET /xingrg/all/common/auto_word.html?type=base&rest_code=00152 HTTP/1.1" 200 501
180.169.147.146 - - [12/Sep/2022:09:06:33 +0800] "GET /xingrg/all/function/internal_message.html?_=1662944793026&CODE_STATE=getMsg HTTP/1.1" 200 27
58.221.95.50 - - [12/Sep/2022:09:06:34 +0800] "POST /xingrg/all/common/load_combo.html?type=base HTTP/1.1" 200 890
116.224.255.128 - - [12/Sep/2022:09:06:34 +0800] "GET /xingrg/kc/buy/cgsh_order_list.html HTTP/1.1" 200 52848
180.169.147.146 - - [12/Sep/2022:09:06:34 +0800] "GET /xingrg/all/function/internal_message.html?_=1662944794116&CODE_STATE=getMsg HTTP/1.1" 200 27
116.225.121.189 - - [12/Sep/2022:09:06:34 +0800] "GET /xingrg/kc/buy/cgsh_order_operate.html?command=get_materiel&rest_code=00105&code=00101008131&supplier_code=00100203&order_time=2022-09-12 HTTP/1.1" 200 408
114.83.219.57 - - [12/Sep/2022:09:06:36 +0800] "GET /xingrg/login.html HTTP/1.1" 200 7641
116.224.255.128 - - [12/Sep/2022:09:06:36 +0800] "POST /xingrg/kc/buy/cgsh_list_operate.html HTTP/1.1" 200 752
114.83.219.57 - - [12/Sep/2022:09:06:36 +0800] "GET /favicon.ico HTTP/1.1" 404 -
116.224.255.128 - - [12/Sep/2022:09:06:39 +0800] "GET /xingrg/kc/buy/cgsh_order_add.html HTTP/1.1" 200 68636
116.224.255.128 - - [12/Sep/2022:09:06:39 +0800] "POST /xingrg/kc/buy/cgsh_order_operate.html HTTP/1.1" 200 8245
114.83.219.57 - - [12/Sep/2022:09:06:39 +0800] "POST /xingrg/login.do HTTP/1.1" 302 -
116.224.255.128 - - [12/Sep/2022:09:06:39 +0800] "GET /xingrg/javascript/easyui/themes/default/validatebox.css HTTP/1.1" 404 1104
114.83.219.57 - - [12/Sep/2022:09:06:39 +0800] "GET /xingrg/index.html?sysBaseUrl=http%3A%2F%2F180.169.147.146%3A18081%2Fxingrg%2F&costTime=1867×tamp=1662944799883 HTTP/1.1" 200 17179
114.83.219.57 - - [12/Sep/2022:09:06:40 +0800] "GET /favicon.ico HTTP/1.1" 404 -
114.83.219.57 - - [12/Sep/2022:09:06:40 +0800] "GET /xingrg/all/function/internal_message.html?_=1662944882073&CODE_STATE=count HTTP/1.1" 200 11
114.83.219.57 - - [12/Sep/2022:09:06:40 +0800] "POST /xingrg/all/common/load_tree.html?tree=area_rest_tree_json&manage=1 HTTP/1.1" 200 351
114.83.219.57 - - [12/Sep/2022:09:06:40 +0800] "GET /xingrg/check_reg.html?_=1662944882074 HTTP/1.1" 200 22
114.83.219.57 - - [12/Sep/2022:09:06:40 +0800] "POST /xingrg/load_menu.html HTTP/1.1" 200 5138
116.224.255.128 - - [12/Sep/2022:09:06:41 +0800] "GET /xingrg/javascript/auto/indicator.gif HTTP/1.1" 404 1066
58.221.95.50 - - [12/Sep/2022:09:06:41 +0800] "GET /xingrg/javascript/auto/indicator.gif HTTP/1.1" 404 1066
116.225.121.189 - - [12/Sep/2022:09:06:42 +0800] "GET /xingrg/kc/buy/cgsh_order_operate.html?command=get_materiel&rest_code=00105&code=00101008352&supplier_code=00100203&order_time=2022-09-12 HTTP/1.1" 200 412
116.238.169.132 - - [12/Sep/2022:09:06:45 +0800] "GET /xingrg/all/function/internal_message.html?_=1662944805834&CODE_STATE=getMsg HTTP/1.1" 200 27
58.221.95.50 - - [12/Sep/2022:09:06:46 +0800] "GET /xingrg/kc/base/wldb_order_operate.html?command=get_materiel&rest_code=00152&base_code=0010647&code=00102019008 HTTP/1.1" 200 447
116.225.121.189 - - [12/Sep/2022:09:06:50 +0800] "GET /xingrg/kc/buy/cgsh_order_operate.html?command=get_materiel&rest_code=00105&code=00101008005&supplier_code=00100203&order_time=2022-09-12 HTTP/1.1" 200 412
116.224.255.128 - - [12/Sep/2022:09:06:51 +0800] "GET /xingrg/kc/buy/cgsh_order_operate.html?command=get_materiel&rest_code=00150&code=00101008323&supplier_code=00100008&order_time=2022-09-12 HTTP/1.1" 200 408
61.147.15.67 - - [12/Sep/2022:09:06:52 +0800] "GET / HTTP/1.1" 404 -
114.88.158.224 - - [12/Sep/2022:09:06:57 +0800] "GET /xingrg/all/function/internal_message.html?_=1662944474644&CODE_STATE=getMsg HTTP/1.1" 200 27
116.225.121.189 - - [12/Sep/2022:09:06:58 +0800] "GET /xingrg/kc/buy/cgsh_order_operate.html?command=get_materiel&rest_code=00105&code=00101008271&supplier_code=00100203&order_time=2022-09-12 HTTP/1.1" 200 408
124.79.74.72 - - [12/Sep/2022:09:06:59 +0800] "GET /xingrg/all/function/internal_message.html?_=1662944816577&CODE_STATE=getMsg HTTP/1.1" 200 27
114.84.5.35 - - [12/Sep/2022:09:06:59 +0800] "GET /xingrg/all/function/internal_message.html?_=1662944818613&CODE_STATE=getMsg HTTP/1.1" 200 27
116.232.194.65 - - [12/Sep/2022:09:07:05 +0800] "GET /xingrg/all/function/internal_message.html?_=1662944771082&CODE_STATE=getMsg HTTP/1.1" 200 27
116.238.169.132 - - [12/Sep/2022:09:07:05 +0800] "GET /xingrg/all/function/internal_message.html?_=1662944825851&CODE_STATE=getMsg HTTP/1.1" 302 -
116.238.169.132 - - [12/Sep/2022:09:07:05 +0800] "GET /xingrg/check_reg.html?_=1662944825853 HTTP/1.1" 302 -
116.225.121.189 - - [12/Sep/2022:09:07:06 +0800] "GET /xingrg/kc/buy/cgsh_order_operate.html?command=get_materiel&rest_code=00105&code=00101008353&supplier_code=00100203&order_time=2022-09-12 HTTP/1.1" 200 408
58.221.95.50 - - [12/Sep/2022:09:07:07 +0800] "GET /xingrg/check_reg.html?_=1662944829013 HTTP/1.1" 200 22
58.221.95.50 - - [12/Sep/2022:09:07:07 +0800] "GET /xingrg/all/function/internal_message.html?_=1662944829014&CODE_STATE=getMsg HTTP/1.1" 200 27
120.253.135.82 - - [12/Sep/2022:09:07:09 +0800] "GET /xingrg/all/function/internal_message.html?_=1662944315417&CODE_STATE=getMsg HTTP/1.1" 302 -
116.225.121.189 - - [12/Sep/2022:09:07:11 +0800] "GET /xingrg/all/function/internal_message.html?_=1662944833256&CODE_STATE=getMsg HTTP/1.1" 200 27
116.225.121.189 - - [12/Sep/2022:09:07:12 +0800] "GET /xingrg/kc/buy/cgsh_order_operate.html?command=get_materiel&rest_code=00105&code=00101008213&supplier_code=00100203&order_time=2022-09-12 HTTP/1.1" 200 412
116.224.255.128 - - [12/Sep/2022:09:07:13 +0800] "GET /xingrg/kc/buy/cgsh_order_operate.html?command=get_materiel&rest_code=00150&code=00101008091&supplier_code=00100008&order_time=2022-09-12 HTTP/1.1" 200 413
120.253.135.82 - - [12/Sep/2022:09:07:15 +0800] "GET /xingrg/all/function/internal_message.html?_=1662944952845&CODE_STATE=getMsg HTTP/1.1" 200 27
116.225.121.189 - - [12/Sep/2022:09:07:19 +0800] "GET /xingrg/kc/buy/cgsh_order_operate.html?command=get_materiel&rest_code=00105&code=00101008298&supplier_code=00100203&order_time=2022-09-12 HTTP/1.1" 200 412
114.83.219.57 - - [12/Sep/2022:09:07:20 +0800] "GET /xingrg/kc/base/wldb_order_list.html HTTP/1.1" 200 19186
114.83.219.57 - - [12/Sep/2022:09:07:21 +0800] "POST /xingrg/kc/base/wldb_list_operate.html HTTP/1.1" 200 928
120.253.135.82 - - [12/Sep/2022:09:07:25 +0800] "POST /xingrg/kc/pszx/mdth_order_new_info.html HTTP/1.1" 200 281
116.224.255.128 - - [12/Sep/2022:09:07:25 +0800] "GET /xingrg/kc/buy/cgsh_order_operate.html?command=get_materiel&rest_code=00150&code=00101008257&supplier_code=00100008&order_time=2022-09-12 HTTP/1.1" 200 416
222.70.246.221 - - [12/Sep/2022:09:07:28 +0800] "GET /xingrg/all/function/internal_message.html?_=1662944849468&CODE_STATE=getMsg HTTP/1.1" 200 27
120.253.135.82 - - [12/Sep/2022:09:07:28 +0800] "POST /xingrg/kc/pszx/mdth_order_new_info.html HTTP/1.1" 200 12
116.225.121.189 - - [12/Sep/2022:09:07:29 +0800] "GET /xingrg/kc/buy/cgsh_order_operate.html?command=get_materiel&rest_code=00105&code=00101008105&supplier_code=00100203&order_time=2022-09-12 HTTP/1.1" 200 412
120.253.135.82 - - [12/Sep/2022:09:07:30 +0800] "GET /xingrg/kc/pszx/mdth_order_info.html?code=322022091000012 HTTP/1.1" 200 20327
120.253.135.82 - - [12/Sep/2022:09:07:30 +0800] "GET /xingrg/javascript/easyui/themes/icons/uncheck_new.png HTTP/1.1" 304 -
116.224.255.128 - - [12/Sep/2022:09:07:30 +0800] "GET /xingrg/all/function/internal_message.html?_=1662944790929&CODE_STATE=getMsg HTTP/1.1" 200 27
120.253.135.82 - - [12/Sep/2022:09:07:30 +0800] "GET /xingrg/all/function/internal_message.html?_=1662944651154&CODE_STATE=getMsg HTTP/1.1" 200 27
120.253.135.82 - - [12/Sep/2022:09:07:30 +0800] "GET /xingrg/javascript/easyui/themes/default/validatebox.css HTTP/1.1" 404 1104
120.253.135.82 - - [12/Sep/2022:09:07:30 +0800] "POST /xingrg/kc/pszx/mdth_order_new_info.html HTTP/1.1" 200 281
114.88.158.224 - - [12/Sep/2022:09:07:31 +0800] "GET /xingrg/check_reg.html?_=1662944508258 HTTP/1.1" 200 22
222.70.246.221 - - [12/Sep/2022:09:07:31 +0800] "GET /xingrg/check_reg.html?_=1662944853038 HTTP/1.1" 200 22
116.224.255.128 - - [12/Sep/2022:09:07:33 +0800] "GET /xingrg/kc/buy/cgsh_order_operate.html?command=get_materiel&rest_code=00150&code=00101008331&supplier_code=00100008&order_time=2022-09-12 HTTP/1.1" 200 416
180.169.147.146 - - [12/Sep/2022:09:07:33 +0800] "GET /xingrg/all/function/internal_message.html?_=1662944853030&CODE_STATE=getMsg HTTP/1.1" 200 27
180.169.147.146 - - [12/Sep/2022:09:07:34 +0800] "GET /xingrg/all/function/internal_message.html?_=1662944854127&CODE_STATE=getMsg HTTP/1.1" 200 27
120.253.135.82 - - [12/Sep/2022:09:07:35 +0800] "GET /xingrg/kc/pszx/mdth_order_info.html?code=322022091000012 HTTP/1.1" 200 20327
120.253.135.82 - - [12/Sep/2022:09:07:35 +0800] "GET /xingrg/javascript/easyui/themes/default/validatebox.css HTTP/1.1" 404 1104
120.253.135.82 - - [12/Sep/2022:09:07:35 +0800] "POST /xingrg/kc/pszx/mdth_order_new_info.html HTTP/1.1" 200 281
120.253.135.82 - - [12/Sep/2022:09:07:37 +0800] "POST /xingrg/kc/pszx/mdth_order_new_list.html HTTP/1.1" 200 4748
114.83.219.57 - - [12/Sep/2022:09:07:40 +0800] "GET /xingrg/all/function/internal_message.html?_=1662944942094&CODE_STATE=getMsg HTTP/1.1" 200 27
120.253.135.82 - - [12/Sep/2022:09:07:41 +0800] "GET /xingrg/kc/pszx/mdqp_order_list.html?state=10 HTTP/1.1" 200 10217
120.253.135.82 - - [12/Sep/2022:09:07:41 +0800] "GET /xingrg/dwr/interface/AjaxReportQueryService.js HTTP/1.1" 200 13203
120.253.135.82 - - [12/Sep/2022:09:07:41 +0800] "GET /xingrg/dwr/interface/AjaxQqpsService.js HTTP/1.1" 200 16326
120.253.135.82 - - [12/Sep/2022:09:07:41 +0800] "GET /xingrg/dwr/engine.js HTTP/1.1" 200 43631
120.253.135.82 - - [12/Sep/2022:09:07:44 +0800] "GET /xingrg/kc/report/report_main.html HTTP/1.1" 200 8599
120.253.135.82 - - [12/Sep/2022:09:07:44 +0800] "GET /xingrg/javascript/jquery_ui/themes/humanity/humanity.css HTTP/1.1" 304 -
120.253.135.82 - - [12/Sep/2022:09:07:45 +0800] "GET /xingrg/kc/base/kc_stocks.html HTTP/1.1" 200 16437
120.253.135.82 - - [12/Sep/2022:09:07:45 +0800] "GET /xingrg/javascript/easyui/themes/sunny/easyui.css HTTP/1.1" 304 -
120.253.135.82 - - [12/Sep/2022:09:07:45 +0800] "GET /xingrg/javascript/easyui/themes/icons/print_new.png HTTP/1.1" 304 -
120.253.135.82 - - [12/Sep/2022:09:07:45 +0800] "GET /xingrg/javascript/easyui/themes/icons/field_new.png HTTP/1.1" 304 -
120.253.135.82 - - [12/Sep/2022:09:07:45 +0800] "GET /xingrg/javascript/easyui/themes/icons/filter_new.png HTTP/1.1" 304 -
120.253.135.82 - - [12/Sep/2022:09:07:45 +0800] "GET /xingrg/javascript/easyui/themes/icons/refresh_new.png HTTP/1.1" 304 -
120.253.135.82 - - [12/Sep/2022:09:07:45 +0800] "GET /xingrg/javascript/easyui/plugins/jquery.draggable.js HTTP/1.1" 304 -
120.253.135.82 - - [12/Sep/2022:09:07:45 +0800] "GET /xingrg/javascript/easyui/plugins/jquery.droppable.js HTTP/1.1" 304 -
120.253.135.82 - - [12/Sep/2022:09:07:45 +0800] "GET /xingrg/javascript/easyui/themes/default/tree.css HTTP/1.1" 404 1090
120.253.135.82 - - [12/Sep/2022:09:07:45 +0800] "GET /xingrg/javascript/easyui/plugins/jquery.tree.js HTTP/1.1" 304 -
116.238.169.132 - - [12/Sep/2022:09:07:45 +0800] "GET /xingrg/all/function/internal_message.html?_=1662944865838&CODE_STATE=getMsg HTTP/1.1" 200 27
