114.83.219.57 - - [12/Sep/2022:09:12:40 +0800] "GET /xingrg/all/function/internal_message.html?_=1662945242139&CODE_STATE=getMsg HTTP/1.1" 200 27
180.169.147.146 - - [12/Sep/2022:09:12:41 +0800] "POST /xingrg/kc/buy/cgsh_list_operate.html HTTP/1.1" 200 5509
116.238.169.132 - - [12/Sep/2022:09:12:45 +0800] "GET /xingrg/all/function/internal_message.html?_=1662945165837&CODE_STATE=getMsg HTTP/1.1" 200 27
116.225.121.189 - - [12/Sep/2022:09:12:51 +0800] "POST /xingrg/kc/buy/cgsh_order_operate.html HTTP/1.1" 200 2065
58.221.95.50 - - [12/Sep/2022:09:12:51 +0800] "GET /xingrg/check_reg.html?_=1662945170899 HTTP/1.1" 200 22
120.253.135.82 - - [12/Sep/2022:09:12:52 +0800] "GET /xingrg/check_reg.html?_=1662945289937 HTTP/1.1" 200 22
116.225.121.189 - - [12/Sep/2022:09:12:52 +0800] "POST /xingrg/kc/buy/cgsh_order_operate.html HTTP/1.1" 200 2065
116.237.72.180 - - [12/Sep/2022:09:12:53 +0800] "POST /xingrg/kc/mdqp/pssh_list_operate.html HTTP/1.1" 200 5150
116.225.121.189 - - [12/Sep/2022:09:12:53 +0800] "POST /xingrg/kc/buy/cgsh_order_operate.html HTTP/1.1" 200 2065
180.169.147.146 - - [12/Sep/2022:09:12:53 +0800] "POST /xingrg/kc/buy/cgsh_list_operate.html HTTP/1.1" 200 5551
116.237.72.180 - - [12/Sep/2022:09:12:54 +0800] "POST /xingrg/kc/mdqp/pssh_list_operate.html HTTP/1.1" 200 463
114.88.158.224 - - [12/Sep/2022:09:12:57 +0800] "GET /xingrg/all/function/internal_message.html?_=1662944834508&CODE_STATE=getMsg HTTP/1.1" 200 27
124.79.74.72 - - [12/Sep/2022:09:12:59 +0800] "GET /xingrg/all/function/internal_message.html?_=1662945176586&CODE_STATE=getMsg HTTP/1.1" 200 27
114.84.5.35 - - [12/Sep/2022:09:12:59 +0800] "GET /xingrg/all/function/internal_message.html?_=1662945178626&CODE_STATE=getMsg HTTP/1.1" 200 27
116.224.255.128 - - [12/Sep/2022:09:12:59 +0800] "GET /xingrg/kc/buy/cgsh_order_operate.html?command=get_materiel&rest_code=00150&code=00101008226&supplier_code=00100008&order_time=2022-09-12 HTTP/1.1" 200 416
116.225.121.189 - - [12/Sep/2022:09:13:02 +0800] "GET /xingrg/kc/buy/cgsh_order_operate.html?command=get_materiel&rest_code=00105&code=00101008069&supplier_code=00100203&order_time=2022-09-12 HTTP/1.1" 200 412
180.169.147.146 - - [12/Sep/2022:09:13:03 +0800] "GET /xingrg/all/function/internal_message.html?_=1662945194024&CODE_STATE=getMsg HTTP/1.1" 200 27
116.237.72.180 - - [12/Sep/2022:09:13:04 +0800] "GET /xingrg/all/function/internal_message.html?_=1662945184871&CODE_STATE=getMsg HTTP/1.1" 200 27
116.232.194.65 - - [12/Sep/2022:09:13:05 +0800] "GET /xingrg/all/function/internal_message.html?_=1662945130972&CODE_STATE=getMsg HTTP/1.1" 200 27
180.169.147.146 - - [12/Sep/2022:09:13:05 +0800] "POST /xingrg/kc/buy/cgsh_list_operate.html HTTP/1.1" 200 5529
116.238.169.132 - - [12/Sep/2022:09:13:05 +0800] "GET /xingrg/all/function/internal_message.html?_=1662945185852&CODE_STATE=getMsg HTTP/1.1" 302 -
58.221.95.50 - - [12/Sep/2022:09:13:07 +0800] "GET /xingrg/all/function/internal_message.html?_=1662945187311&CODE_STATE=getMsg HTTP/1.1" 200 27
120.253.135.82 - - [12/Sep/2022:09:13:09 +0800] "GET /xingrg/all/function/internal_message.html?_=1662944675273&CODE_STATE=getMsg HTTP/1.1" 302 -
116.224.255.128 - - [12/Sep/2022:09:13:11 +0800] "GET /xingrg/kc/buy/cgsh_order_operate.html?command=get_materiel&rest_code=00150&code=00101008271&supplier_code=00100008&order_time=2022-09-12 HTTP/1.1" 200 408
180.169.147.146 - - [12/Sep/2022:09:13:11 +0800] "POST /xingrg/kc/buy/cgsh_list_operate.html HTTP/1.1" 200 559
116.225.121.189 - - [12/Sep/2022:09:13:11 +0800] "GET /xingrg/all/function/internal_message.html?_=1662945193271&CODE_STATE=getMsg HTTP/1.1" 200 27
116.225.121.189 - - [12/Sep/2022:09:13:11 +0800] "GET /xingrg/check_reg.html?_=1662945193335 HTTP/1.1" 200 22
180.169.147.146 - - [12/Sep/2022:09:13:14 +0800] "GET /xingrg/kc/buy/cgsh_order_info.html?code=212022090903391 HTTP/1.1" 200 63825
180.169.147.146 - - [12/Sep/2022:09:13:15 +0800] "GET /xingrg/javascript/convert.js HTTP/1.1" 200 1239
180.169.147.146 - - [12/Sep/2022:09:13:15 +0800] "GET /xingrg/javascript/jquery_tools/order_manager.js HTTP/1.1" 200 11183
180.169.147.146 - - [12/Sep/2022:09:13:15 +0800] "GET /xingrg/javascript/print/kc_print.js HTTP/1.1" 200 11415
180.169.147.146 - - [12/Sep/2022:09:13:15 +0800] "GET /xingrg/javascript/json2.js HTTP/1.1" 200 11259
180.169.147.146 - - [12/Sep/2022:09:13:15 +0800] "GET /xingrg/words/20220912090131_words.js HTTP/1.1" 200 920155
180.169.147.146 - - [12/Sep/2022:09:13:15 +0800] "GET /xingrg/javascript/easyui/themes/icons/print.png HTTP/1.1" 200 1057
180.169.147.146 - - [12/Sep/2022:09:13:15 +0800] "GET /xingrg/javascript/easyui/themes/icons/copy_new.png HTTP/1.1" 200 815
180.169.147.146 - - [12/Sep/2022:09:13:15 +0800] "GET /xingrg/javascript/easyui/themes/default/images/menu_downarrow.png HTTP/1.1" 200 173
180.169.147.146 - - [12/Sep/2022:09:13:15 +0800] "GET /xingrg/javascript/easyui/themes/icons/cancel.png HTTP/1.1" 200 1133
180.169.147.146 - - [12/Sep/2022:09:13:15 +0800] "GET /xingrg/javascript/easyui/themes/default/validatebox.css HTTP/1.1" 404 1104
180.169.147.146 - - [12/Sep/2022:09:13:15 +0800] "GET /xingrg/javascript/easyui/plugins/jquery.validatebox.js HTTP/1.1" 200 6103
180.169.147.146 - - [12/Sep/2022:09:13:15 +0800] "GET /xingrg/javascript/easyui/plugins/jquery.numberbox.js HTTP/1.1" 200 5213
120.253.135.82 - - [12/Sep/2022:09:13:15 +0800] "GET /xingrg/all/function/internal_message.html?_=1662945312990&CODE_STATE=getMsg HTTP/1.1" 200 27
180.169.147.146 - - [12/Sep/2022:09:13:16 +0800] "POST /xingrg/kc/buy/cgsh_order_operate.html HTTP/1.1" 200 5311
180.169.147.146 - - [12/Sep/2022:09:13:16 +0800] "GET /xingrg/javascript/easyui/themes/icons/edit_remove.png HTTP/1.1" 200 625
116.237.72.180 - - [12/Sep/2022:09:13:17 +0800] "GET /xingrg/kc/mdqp/pssh_order_info.html?code=312022091100286 HTTP/1.1" 200 17244
116.237.72.180 - - [12/Sep/2022:09:13:17 +0800] "GET /xingrg/javascript/jquery_tools/jquery-1.4.2.min.js HTTP/1.1" 404 1094
120.253.135.82 - - [12/Sep/2022:09:13:18 +0800] "GET /xingrg/check_reg.html?_=1662944683746 HTTP/1.1" 302 -
116.237.72.180 - - [12/Sep/2022:09:13:18 +0800] "GET /xingrg/javascript/easyui/themes/default/validatebox.css HTTP/1.1" 404 1104
116.237.72.180 - - [12/Sep/2022:09:13:18 +0800] "POST /xingrg/kc/mdqp/pssh_order_operate.html HTTP/1.1" 200 1572
116.224.255.128 - - [12/Sep/2022:09:13:19 +0800] "GET /xingrg/kc/buy/cgsh_order_operate.html?command=get_materiel&rest_code=00150&code=00101008291&supplier_code=00100008&order_time=2022-09-12 HTTP/1.1" 200 408
116.225.121.189 - - [12/Sep/2022:09:13:20 +0800] "GET /xingrg/kc/buy/cgsh_order_operate.html?command=get_materiel&rest_code=00105&code=00101008123&supplier_code=00100203&order_time=2022-09-12 HTTP/1.1" 200 412
116.224.255.128 - - [12/Sep/2022:09:13:27 +0800] "GET /xingrg/all/function/internal_message.html?_=1662945148265&CODE_STATE=getMsg HTTP/1.1" 200 27
222.70.246.221 - - [12/Sep/2022:09:13:28 +0800] "GET /xingrg/all/function/internal_message.html?_=1662945209543&CODE_STATE=getMsg HTTP/1.1" 200 27
116.224.255.128 - - [12/Sep/2022:09:13:28 +0800] "GET /xingrg/kc/buy/cgsh_order_operate.html?command=get_materiel&rest_code=00150&code=00101008312&supplier_code=00100008&order_time=2022-09-12 HTTP/1.1" 200 412
116.237.72.180 - - [12/Sep/2022:09:13:28 +0800] "POST /xingrg/kc/mdqp/pssh_list_operate.html HTTP/1.1" 200 5150
116.225.121.189 - - [12/Sep/2022:09:13:29 +0800] "GET /xingrg/kc/buy/cgsh_order_operate.html?command=get_materiel&rest_code=00105&code=00101008114&supplier_code=00100203&order_time=2022-09-12 HTTP/1.1" 200 412
116.237.72.180 - - [12/Sep/2022:09:13:30 +0800] "POST /xingrg/kc/mdqp/pssh_list_operate.html HTTP/1.1" 200 463
120.253.135.82 - - [12/Sep/2022:09:13:30 +0800] "GET /xingrg/all/function/internal_message.html?_=1662945011255&CODE_STATE=getMsg HTTP/1.1" 200 27
116.237.72.180 - - [12/Sep/2022:09:13:32 +0800] "POST /xingrg/kc/mdqp/pssh_list_operate.html HTTP/1.1" 200 459
180.169.147.146 - - [12/Sep/2022:09:13:33 +0800] "GET /xingrg/all/function/internal_message.html?_=1662945213040&CODE_STATE=getMsg HTTP/1.1" 200 27
116.237.72.180 - - [12/Sep/2022:09:13:33 +0800] "POST /xingrg/kc/mdqp/pssh_list_operate.html HTTP/1.1" 200 256
180.169.147.146 - - [12/Sep/2022:09:13:34 +0800] "GET /xingrg/check_reg.html?_=1662945214125 HTTP/1.1" 200 22
180.169.147.146 - - [12/Sep/2022:09:13:34 +0800] "GET /xingrg/all/function/internal_message.html?_=1662945214127&CODE_STATE=getMsg HTTP/1.1" 200 27
116.237.72.180 - - [12/Sep/2022:09:13:37 +0800] "POST /xingrg/kc/mdqp/pssh_list_operate.html HTTP/1.1" 200 352
116.237.72.180 - - [12/Sep/2022:09:13:38 +0800] "POST /xingrg/kc/mdqp/pssh_list_operate.html HTTP/1.1" 200 664
180.169.147.146 - - [12/Sep/2022:09:13:39 +0800] "GET /xingrg/javascript/easyui/themes/default/images/button_plain_hover.png HTTP/1.1" 200 144
114.83.219.57 - - [12/Sep/2022:09:13:40 +0800] "GET /xingrg/all/function/internal_message.html?_=1662945302119&CODE_STATE=getMsg HTTP/1.1" 200 27
116.237.72.180 - - [12/Sep/2022:09:13:40 +0800] "POST /xingrg/kc/mdqp/pssh_list_operate.html HTTP/1.1" 200 740
116.237.72.180 - - [12/Sep/2022:09:13:42 +0800] "POST /xingrg/kc/mdqp/pssh_list_operate.html HTTP/1.1" 200 767
116.224.255.128 - - [12/Sep/2022:09:13:45 +0800] "POST /xingrg/kc/buy/cgsh_order_operate.html HTTP/1.1" 200 37
116.237.72.180 - - [12/Sep/2022:09:13:45 +0800] "POST /xingrg/kc/mdqp/pssh_list_operate.html HTTP/1.1" 200 807
116.238.169.132 - - [12/Sep/2022:09:13:45 +0800] "GET /xingrg/all/function/internal_message.html?_=1662945225835&CODE_STATE=getMsg HTTP/1.1" 200 27
116.224.255.128 - - [12/Sep/2022:09:13:47 +0800] "POST /xingrg/kc/buy/cgsh_order_operate.html HTTP/1.1" 200 22786
116.225.121.189 - - [12/Sep/2022:09:13:49 +0800] "GET /xingrg/kc/buy/cgsh_order_operate.html?command=get_materiel&rest_code=00105&code=00101008109&supplier_code=00100203&order_time=2022-09-12 HTTP/1.1" 200 23
180.169.147.146 - - [12/Sep/2022:09:13:51 +0800] "POST /xingrg/kc/buy/cgsh_list_operate.html HTTP/1.1" 200 5551
116.237.72.180 - - [12/Sep/2022:09:13:52 +0800] "POST /xingrg/kc/mdqp/pssh_list_operate.html HTTP/1.1" 200 780
116.224.255.128 - - [12/Sep/2022:09:13:55 +0800] "GET /xingrg/kc/buy/cgsh_order_operate.html?command=get_materiel&rest_code=00150&code=00101008344&supplier_code=00100008&order_time=2022-09-12 HTTP/1.1" 200 412
58.37.150.172 - - [12/Sep/2022:09:13:56 +0800] "GET /xingrg/login_supplier.html HTTP/1.1" 200 3208
58.37.150.172 - - [12/Sep/2022:09:13:57 +0800] "GET /favicon.ico HTTP/1.1" 404 -
114.88.158.224 - - [12/Sep/2022:09:13:57 +0800] "GET /xingrg/all/function/internal_message.html?_=1662944894481&CODE_STATE=getMsg HTTP/1.1" 200 27
58.37.150.172 - - [12/Sep/2022:09:13:58 +0800] "POST /xingrg/login_supplier.html HTTP/1.1" 302 -
58.37.150.172 - - [12/Sep/2022:09:13:58 +0800] "GET /xingrg/supplier_index.html?sysBaseUrl=http%3A%2F%2F180.169.147.146%3A18081%2Fxingrg%2F&costTime=478×tamp=1662945238882 HTTP/1.1" 200 9061
124.79.74.72 - - [12/Sep/2022:09:13:59 +0800] "GET /xingrg/all/function/internal_message.html?_=1662945236589&CODE_STATE=getMsg HTTP/1.1" 200 27
124.79.74.72 - - [12/Sep/2022:09:13:59 +0800] "GET /xingrg/check_reg.html?_=1662945236590 HTTP/1.1" 200 22
114.84.5.35 - - [12/Sep/2022:09:13:59 +0800] "GET /xingrg/all/function/internal_message.html?_=1662945238637&CODE_STATE=getMsg HTTP/1.1" 200 27
114.84.5.35 - - [12/Sep/2022:09:13:59 +0800] "GET /xingrg/check_reg.html?_=1662945238640 HTTP/1.1" 200 22
58.37.150.172 - - [12/Sep/2022:09:13:59 +0800] "GET /favicon.ico HTTP/1.1" 404 -
58.37.150.172 - - [12/Sep/2022:09:14:00 +0800] "GET /xingrg/supplier/cgsh_order_list.html HTTP/1.1" 200 10896
180.169.147.146 - - [12/Sep/2022:09:14:03 +0800] "GET /xingrg/all/function/internal_message.html?_=1662945254021&CODE_STATE=getMsg HTTP/1.1" 200 27
116.237.72.180 - - [12/Sep/2022:09:14:04 +0800] "GET /xingrg/all/function/internal_message.html?_=1662945244860&CODE_STATE=getMsg HTTP/1.1" 200 27
116.232.194.65 - - [12/Sep/2022:09:14:05 +0800] "GET /xingrg/all/function/internal_message.html?_=1662945190945&CODE_STATE=getMsg HTTP/1.1" 200 27
116.238.169.132 - - [12/Sep/2022:09:14:05 +0800] "GET /xingrg/all/function/internal_message.html?_=1662945245868&CODE_STATE=getMsg HTTP/1.1" 302 -
116.225.121.189 - - [12/Sep/2022:09:14:06 +0800] "POST /xingrg/kc/buy/cgsh_order_operate.html HTTP/1.1" 200 37
58.221.95.50 - - [12/Sep/2022:09:14:07 +0800] "GET /xingrg/all/function/internal_message.html?_=1662945247337&CODE_STATE=getMsg HTTP/1.1" 200 27
116.224.255.128 - - [12/Sep/2022:09:14:08 +0800] "GET /xingrg/kc/buy/cgsh_order_operate.html?command=get_materiel&rest_code=00150&code=00101015038&supplier_code=00100008&order_time=2022-09-12 HTTP/1.1" 200 418
116.225.121.189 - - [12/Sep/2022:09:14:09 +0800] "POST /xingrg/kc/buy/cgsh_order_operate.html HTTP/1.1" 200 34562
58.37.150.172 - - [12/Sep/2022:09:14:09 +0800] "POST /xingrg/supplier/cgsh_list_operate.html HTTP/1.1" 200 5391
120.253.135.82 - - [12/Sep/2022:09:14:09 +0800] "GET /xingrg/all/function/internal_message.html?_=1662944735244&CODE_STATE=getMsg HTTP/1.1" 302 -
180.169.147.146 - - [12/Sep/2022:09:14:11 +0800] "POST /xingrg/kc/buy/cgsh_list_operate.html HTTP/1.1" 200 5529
116.225.121.189 - - [12/Sep/2022:09:14:12 +0800] "GET /xingrg/index.html?sysBaseUrl=http%3A%2F%2F180.169.147.146%3A18081%2Fxingrg%2F&costTime=36×tamp=1585223203754 HTTP/1.1" 302 -
116.225.121.189 - - [12/Sep/2022:09:14:12 +0800] "GET /xingrg/login.html HTTP/1.1" 200 7641
116.225.121.189 - - [12/Sep/2022:09:14:13 +0800] "GET /favicon.ico HTTP/1.1" 404 -
58.37.150.172 - - [12/Sep/2022:09:14:13 +0800] "GET /xingrg/javascript/jquery_tools/images/prev.gif HTTP/1.1" 404 1086
58.37.150.172 - - [12/Sep/2022:09:14:13 +0800] "GET /xingrg/javascript/jquery_tools/images/next.gif HTTP/1.1" 404 1086
116.225.121.189 - - [12/Sep/2022:09:14:14 +0800] "POST /xingrg/login.do HTTP/1.1" 200 2421
116.225.121.189 - - [12/Sep/2022:09:14:15 +0800] "GET /favicon.ico HTTP/1.1" 404 -
120.253.135.82 - - [12/Sep/2022:09:14:15 +0800] "GET /xingrg/all/function/internal_message.html?_=1662945373005&CODE_STATE=getMsg HTTP/1.1" 200 27
116.225.121.189 - - [12/Sep/2022:09:14:15 +0800] "GET /xingrg/login.html HTTP/1.1" 200 7641
116.225.121.189 - - [12/Sep/2022:09:14:15 +0800] "GET /favicon.ico HTTP/1.1" 404 -
116.238.169.132 - - [12/Sep/2022:09:14:17 +0800] "POST /xingrg/services/DataTransmitService HTTP/1.1" 200 524
116.225.121.189 - - [12/Sep/2022:09:14:17 +0800] "POST /xingrg/login.do HTTP/1.1" 302 -
116.225.121.189 - - [12/Sep/2022:09:14:17 +0800] "GET /xingrg/index.html?sysBaseUrl=http%3A%2F%2F180.169.147.146%3A18081%2Fxingrg%2F&costTime=1185×tamp=1662945257737 HTTP/1.1" 200 17173
116.225.121.189 - - [12/Sep/2022:09:14:17 +0800] "GET /favicon.ico HTTP/1.1" 404 -
116.225.121.189 - - [12/Sep/2022:09:14:18 +0800] "GET /xingrg/all/function/internal_message.html?_=1662945259437&CODE_STATE=count HTTP/1.1" 200 11
116.225.121.189 - - [12/Sep/2022:09:14:18 +0800] "GET /xingrg/check_reg.html?_=1662945259438 HTTP/1.1" 200 22
116.225.121.189 - - [12/Sep/2022:09:14:18 +0800] "POST /xingrg/all/common/load_tree.html?tree=area_rest_tree_json&manage=1 HTTP/1.1" 200 3472
116.225.121.189 - - [12/Sep/2022:09:14:18 +0800] "POST /xingrg/load_menu.html HTTP/1.1" 200 5138
116.225.121.189 - - [12/Sep/2022:09:14:18 +0800] "GET /xingrg/javascript/jquery_easy_ui/themes/default/images/tabs_active.png HTTP/1.1" 304 -
180.169.147.146 - - [12/Sep/2022:09:14:18 +0800] "POST /xingrg/kc/buy/cgsh_list_operate.html HTTP/1.1" 200 559
116.225.121.189 - - [12/Sep/2022:09:14:21 +0800] "GET /xingrg/kc/buy/cgsh_order_list.html HTTP/1.1" 200 52842
116.225.121.189 - - [12/Sep/2022:09:14:24 +0800] "POST /xingrg/kc/buy/cgsh_list_operate.html HTTP/1.1" 200 1519
116.224.255.128 - - [12/Sep/2022:09:14:28 +0800] "GET /xingrg/all/function/internal_message.html?_=1662945208278&CODE_STATE=getMsg HTTP/1.1" 200 27
222.70.246.221 - - [12/Sep/2022:09:14:28 +0800] "GET /xingrg/all/function/internal_message.html?_=1662945269556&CODE_STATE=getMsg HTTP/1.1" 200 27
180.163.28.109 - - [12/Sep/2022:09:14:30 +0800] "GET /xingrg/check_reg.html?_=1662945064847 HTTP/1.1" 302 -
180.163.28.109 - - [12/Sep/2022:09:14:30 +0800] "GET /xingrg/login.html HTTP/1.1" 200 7641
120.253.135.82 - - [12/Sep/2022:09:14:30 +0800] "GET /xingrg/all/function/internal_message.html?_=1662945071286&CODE_STATE=getMsg HTTP/1.1" 200 27
58.37.150.172 - - [12/Sep/2022:09:14:31 +0800] "POST /xingrg/supplier/cgsh_list_operate.html HTTP/1.1" 200 4895
180.169.147.146 - - [12/Sep/2022:09:14:33 +0800] "GET /xingrg/all/function/internal_message.html?_=1662945273036&CODE_STATE=getMsg HTTP/1.1" 200 27
180.169.147.146 - - [12/Sep/2022:09:14:34 +0800] "GET /xingrg/all/function/internal_message.html?_=1662945274118&CODE_STATE=getMsg HTTP/1.1" 200 27
114.83.219.57 - - [12/Sep/2022:09:14:40 +0800] "GET /xingrg/all/function/internal_message.html?_=1662945362090&CODE_STATE=getMsg HTTP/1.1" 200 27
116.238.169.132 - - [12/Sep/2022:09:14:45 +0800] "GET /xingrg/all/function/internal_message.html?_=1662945285834&CODE_STATE=getMsg HTTP/1.1" 200 27
58.37.150.172 - - [12/Sep/2022:09:14:46 +0800] "POST /xingrg/supplier/cgsh_list_operate.html HTTP/1.1" 200 4901
116.225.121.189 - - [12/Sep/2022:09:14:49 +0800] "POST /xingrg/kc/buy/cgsh_list_operate.html HTTP/1.1" 200 572
180.169.147.146 - - [12/Sep/2022:09:14:52 +0800] "POST /xingrg/kc/buy/cgsh_list_operate.html HTTP/1.1" 200 5509
116.225.121.189 - - [12/Sep/2022:09:14:52 +0800] "GET /xingrg/kc/buy/cgsh_order_info.html?code=212022091204350 HTTP/1.1" 200 68709
116.225.121.189 - - [12/Sep/2022:09:14:52 +0800] "GET /xingrg/words/20220912090131_words.js HTTP/1.1" 304 -
180.163.29.219 - - [12/Sep/2022:09:14:52 +0800] "GET /xingrg/login.html HTTP/1.1" 200 7641
116.225.121.189 - - [12/Sep/2022:09:14:52 +0800] "GET /xingrg/javascript/easyui/themes/default/validatebox.css HTTP/1.1" 404 1104
116.225.121.189 - - [12/Sep/2022:09:14:53 +0800] "GET /xingrg/all/common/auto_word.html?type=employee&rest_code=00105 HTTP/1.1" 200 193
116.225.121.189 - - [12/Sep/2022:09:14:53 +0800] "GET /xingrg/all/common/auto_word.html?type=employee&rest_code=00105 HTTP/1.1" 200 193
116.225.121.189 - - [12/Sep/2022:09:14:53 +0800] "POST /xingrg/kc/buy/cgsh_order_operate.html HTTP/1.1" 200 34562
114.88.158.224 - - [12/Sep/2022:09:14:57 +0800] "GET /xingrg/all/function/internal_message.html?_=1662944954448&CODE_STATE=getMsg HTTP/1.1" 200 27
124.79.74.72 - - [12/Sep/2022:09:14:59 +0800] "GET /xingrg/all/function/internal_message.html?_=1662945296591&CODE_STATE=getMsg HTTP/1.1" 200 27
114.84.5.35 - - [12/Sep/2022:09:14:59 +0800] "GET /xingrg/all/function/internal_message.html?_=1662945298635&CODE_STATE=getMsg HTTP/1.1" 200 27
180.163.28.114 - - [12/Sep/2022:09:14:59 +0800] "GET /xingrg/kc/mdqp/pssh_order_list.html HTTP/1.1" 302 -
120.253.135.82 - - [12/Sep/2022:09:14:59 +0800] "GET /xingrg/check_reg.html?_=1662945099915 HTTP/1.1" 200 22
116.225.121.189 - - [12/Sep/2022:09:14:59 +0800] "GET /xingrg/javascript/auto/indicator.gif HTTP/1.1" 404 1066
180.163.28.114 - - [12/Sep/2022:09:14:59 +0800] "GET /xingrg/login.html HTTP/1.1" 200 7641
180.169.147.146 - - [12/Sep/2022:09:15:03 +0800] "GET /xingrg/all/function/internal_message.html?_=1662945314026&CODE_STATE=getMsg HTTP/1.1" 200 27
58.37.150.172 - - [12/Sep/2022:09:15:04 +0800] "GET /xingrg/javascript/easyui/themes/default/tree.css HTTP/1.1" 404 1090
58.37.150.172 - - [12/Sep/2022:09:15:04 +0800] "POST /xingrg/all/common/load_tree.html?tree=area_rest_tree_json HTTP/1.1" 200 3472
116.237.72.180 - - [12/Sep/2022:09:15:04 +0800] "GET /xingrg/all/function/internal_message.html?_=1662945304863&CODE_STATE=getMsg HTTP/1.1" 200 27
116.232.194.65 - - [12/Sep/2022:09:15:05 +0800] "GET /xingrg/all/function/internal_message.html?_=1662945250917&CODE_STATE=getMsg HTTP/1.1" 200 27
116.238.169.132 - - [12/Sep/2022:09:15:05 +0800] "GET /xingrg/all/function/internal_message.html?_=1662945305856&CODE_STATE=getMsg HTTP/1.1" 302 -
58.221.95.50 - - [12/Sep/2022:09:15:07 +0800] "GET /xingrg/all/function/internal_message.html?_=1662945307336&CODE_STATE=getMsg HTTP/1.1" 200 27
58.37.150.172 - - [12/Sep/2022:09:15:08 +0800] "POST /xingrg/supplier/cgsh_list_operate.html HTTP/1.1" 200 752
120.253.135.82 - - [12/Sep/2022:09:15:09 +0800] "GET /xingrg/all/function/internal_message.html?_=1662944795219&CODE_STATE=getMsg HTTP/1.1" 302 -
116.224.255.128 - - [12/Sep/2022:09:15:12 +0800] "GET /xingrg/kc/buy/cgsh_order_operate.html?command=get_materiel&rest_code=00150&code=00101008679&supplier_code=00100008&order_time=2022-09-12 HTTP/1.1" 200 399
58.37.150.172 - - [12/Sep/2022:09:15:13 +0800] "POST /xingrg/supplier/cgsh_list_operate.html HTTP/1.1" 200 4901
120.253.135.82 - - [12/Sep/2022:09:15:15 +0800] "GET /xingrg/all/function/internal_message.html?_=1662945433042&CODE_STATE=getMsg HTTP/1.1" 200 27
116.225.121.189 - - [12/Sep/2022:09:15:18 +0800] "GET /xingrg/all/function/internal_message.html?_=1662945319469&CODE_STATE=getMsg HTTP/1.1" 200 27
116.225.121.189 - - [12/Sep/2022:09:15:18 +0800] "GET /xingrg/kc/buy/cgsh_order_operate.html?command=get_materiel&rest_code=00105&code=00101008109&supplier_code=00100203&order_time=2022-09-12 HTTP/1.1" 200 413
58.37.150.172 - - [12/Sep/2022:09:15:24 +0800] "POST /xingrg/supplier/cgsh_list_operate.html HTTP/1.1" 200 2093
116.224.255.128 - - [12/Sep/2022:09:15:27 +0800] "GET /xingrg/all/function/internal_message.html?_=1662945268292&CODE_STATE=getMsg HTTP/1.1" 200 27
222.70.246.221 - - [12/Sep/2022:09:15:28 +0800] "GET /xingrg/all/function/internal_message.html?_=1662945329578&CODE_STATE=getMsg HTTP/1.1" 200 27
120.253.135.82 - - [12/Sep/2022:09:15:30 +0800] "GET /xingrg/all/function/internal_message.html?_=1662945131360&CODE_STATE=getMsg HTTP/1.1" 200 27
180.169.147.146 - - [12/Sep/2022:09:15:33 +0800] "GET /xingrg/check_reg.html?_=1662945333038 HTTP/1.1" 200 22
180.169.147.146 - - [12/Sep/2022:09:15:33 +0800] "GET /xingrg/all/function/internal_message.html?_=1662945333042&CODE_STATE=getMsg HTTP/1.1" 200 27
180.169.147.146 - - [12/Sep/2022:09:15:34 +0800] "GET /xingrg/all/function/internal_message.html?_=1662945334129&CODE_STATE=getMsg HTTP/1.1" 200 27
114.83.219.57 - - [12/Sep/2022:09:15:40 +0800] "GET /xingrg/all/function/internal_message.html?_=1662945422092&CODE_STATE=getMsg HTTP/1.1" 200 27
58.37.150.172 - - [12/Sep/2022:09:15:44 +0800] "POST /xingrg/supplier/cgsh_list_operate.html HTTP/1.1" 200 4894
116.238.169.132 - - [12/Sep/2022:09:15:45 +0800] "GET /xingrg/all/function/internal_message.html?_=1662945345837&CODE_STATE=getMsg HTTP/1.1" 200 27
116.238.169.132 - - [12/Sep/2022:09:15:45 +0800] "GET /xingrg/check_reg.html?_=1662945345837 HTTP/1.1" 200 22
116.225.121.189 - - [12/Sep/2022:09:15:52 +0800] "GET /xingrg/kc/buy/cgsh_order_operate.html?command=get_materiel&rest_code=00105&code=00101008331&supplier_code=00100203&order_time=2022-09-12 HTTP/1.1" 200 416
116.224.255.128 - - [12/Sep/2022:09:15:56 +0800] "GET /xingrg/kc/buy/cgsh_order_operate.html?command=get_materiel&rest_code=00150&code=00101008061&supplier_code=00100008&order_time=2022-09-12 HTTP/1.1" 200 422
114.88.158.224 - - [12/Sep/2022:09:15:57 +0800] "GET /xingrg/all/function/internal_message.html?_=1662945014427&CODE_STATE=getMsg HTTP/1.1" 200 27
180.163.30.27 - - [12/Sep/2022:09:15:58 +0800] "GET /xingrg/all/common/auto_word.html?type=base&rest_code=00106&rest_code=00106 HTTP/1.1" 302 -
180.163.30.27 - - [12/Sep/2022:09:15:58 +0800] "GET /xingrg/login.html HTTP/1.1" 200 7641
124.79.74.72 - - [12/Sep/2022:09:15:59 +0800] "GET /xingrg/all/function/internal_message.html?_=1662945356577&CODE_STATE=getMsg HTTP/1.1" 200 27
114.84.5.35 - - [12/Sep/2022:09:15:59 +0800] "GET /xingrg/all/function/internal_message.html?_=1662945358634&CODE_STATE=getMsg HTTP/1.1" 200 27
180.169.147.146 - - [12/Sep/2022:09:16:03 +0800] "GET /xingrg/all/function/internal_message.html?_=1662945374022&CODE_STATE=getMsg HTTP/1.1" 200 27
116.232.194.65 - - [12/Sep/2022:09:16:03 +0800] "GET /xingrg/check_reg.html?_=1662945309389 HTTP/1.1" 200 22
116.237.72.180 - - [12/Sep/2022:09:16:04 +0800] "GET /xingrg/check_reg.html?_=1662945364863 HTTP/1.1" 200 22
116.237.72.180 - - [12/Sep/2022:09:16:04 +0800] "GET /xingrg/all/function/internal_message.html?_=1662945364865&CODE_STATE=getMsg HTTP/1.1" 200 27
116.232.194.65 - - [12/Sep/2022:09:16:05 +0800] "GET /xingrg/all/function/internal_message.html?_=1662945310904&CODE_STATE=getMsg HTTP/1.1" 200 27
116.238.169.132 - - [12/Sep/2022:09:16:05 +0800] "GET /xingrg/all/function/internal_message.html?_=1662945365856&CODE_STATE=getMsg HTTP/1.1" 302 -
58.37.150.172 - - [12/Sep/2022:09:16:06 +0800] "POST /xingrg/supplier/cgsh_list_operate.html HTTP/1.1" 200 752
58.221.95.50 - - [12/Sep/2022:09:16:07 +0800] "GET /xingrg/all/function/internal_message.html?_=1662945367337&CODE_STATE=getMsg HTTP/1.1" 200 27
116.225.121.189 - - [12/Sep/2022:09:16:07 +0800] "GET /xingrg/kc/buy/cgsh_order_operate.html?command=get_materiel&rest_code=00105&code=00101008049&supplier_code=00100203&order_time=2022-09-12 HTTP/1.1" 200 408
120.253.135.82 - - [12/Sep/2022:09:16:09 +0800] "GET /xingrg/all/function/internal_message.html?_=1662944855202&CODE_STATE=getMsg HTTP/1.1" 302 -
58.37.150.172 - - [12/Sep/2022:09:16:12 +0800] "POST /xingrg/supplier/cgsh_list_operate.html HTTP/1.1" 200 4894
116.237.72.180 - - [12/Sep/2022:09:16:14 +0800] "POST /xingrg/services/DataTransmitService HTTP/1.1" 200 524
120.253.135.82 - - [12/Sep/2022:09:16:15 +0800] "GET /xingrg/all/function/internal_message.html?_=1662945493047&CODE_STATE=getMsg HTTP/1.1" 200 27
116.225.121.189 - - [12/Sep/2022:09:16:16 +0800] "GET /xingrg/kc/buy/cgsh_order_operate.html?command=get_materiel&rest_code=00105&code=00101008199&supplier_code=00100203&order_time=2022-09-12 HTTP/1.1" 200 408
116.225.121.189 - - [12/Sep/2022:09:16:18 +0800] "GET /xingrg/all/function/internal_message.html?_=1662945379444&CODE_STATE=getMsg HTTP/1.1" 200 27
58.37.150.172 - - [12/Sep/2022:09:16:20 +0800] "POST /xingrg/supplier/cgsh_list_operate.html HTTP/1.1" 200 3154
116.225.121.189 - - [12/Sep/2022:09:16:23 +0800] "GET /xingrg/kc/buy/cgsh_order_operate.html?command=get_materiel&rest_code=00105&code=00101008003&supplier_code=00100203&order_time=2022-09-12 HTTP/1.1" 200 408
58.37.150.172 - - [12/Sep/2022:09:16:24 +0800] "POST /xingrg/supplier/cgsh_list_operate.html HTTP/1.1" 200 348
116.225.121.189 - - [12/Sep/2022:09:16:26 +0800] "POST /xingrg/kc/buy/cgsh_order_operate.html HTTP/1.1" 200 2065
116.225.121.189 - - [12/Sep/2022:09:16:27 +0800] "POST /xingrg/kc/buy/cgsh_order_operate.html HTTP/1.1" 200 2065
58.37.150.172 - - [12/Sep/2022:09:16:27 +0800] "POST /xingrg/supplier/cgsh_list_operate.html HTTP/1.1" 200 355
116.224.255.128 - - [12/Sep/2022:09:16:28 +0800] "GET /xingrg/all/function/internal_message.html?_=1662945328306&CODE_STATE=getMsg HTTP/1.1" 200 27
222.70.246.221 - - [12/Sep/2022:09:16:28 +0800] "GET /xingrg/all/function/internal_message.html?_=1662945389583&CODE_STATE=getMsg HTTP/1.1" 200 27
116.225.121.189 - - [12/Sep/2022:09:16:29 +0800] "POST /xingrg/kc/buy/cgsh_order_operate.html HTTP/1.1" 200 2065
120.253.135.82 - - [12/Sep/2022:09:16:30 +0800] "GET /xingrg/all/function/internal_message.html?_=1662945191374&CODE_STATE=getMsg HTTP/1.1" 200 27
180.169.147.146 - - [12/Sep/2022:09:16:33 +0800] "GET /xingrg/all/function/internal_message.html?_=1662945393034&CODE_STATE=getMsg HTTP/1.1" 200 27
180.169.147.146 - - [12/Sep/2022:09:16:34 +0800] "GET /xingrg/all/function/internal_message.html?_=1662945394129&CODE_STATE=getMsg HTTP/1.1" 200 27
180.163.29.79 - - [12/Sep/2022:09:16:35 +0800] "GET /xingrg/kc/mdqp/pssh_order_info.html?code=312022091100263 HTTP/1.1" 302 -
180.163.29.79 - - [12/Sep/2022:09:16:35 +0800] "GET /xingrg/login.html HTTP/1.1" 200 7641
116.225.121.189 - - [12/Sep/2022:09:16:39 +0800] "GET /xingrg/kc/buy/cgsh_order_operate.html?command=get_materiel&rest_code=00105&code=00101008355&supplier_code=00100203&order_time=2022-09-12 HTTP/1.1" 200 408
114.83.219.57 - - [12/Sep/2022:09:16:40 +0800] "GET /xingrg/all/function/internal_message.html?_=1662945482098&CODE_STATE=getMsg HTTP/1.1" 200 27
114.83.219.57 - - [12/Sep/2022:09:16:40 +0800] "GET /xingrg/check_reg.html?_=1662945482145 HTTP/1.1" 200 22
116.238.169.132 - - [12/Sep/2022:09:16:45 +0800] "GET /xingrg/all/function/internal_message.html?_=1662945405827&CODE_STATE=getMsg HTTP/1.1" 200 27
116.225.121.189 - - [12/Sep/2022:09:16:56 +0800] "GET /xingrg/kc/buy/cgsh_order_operate.html?command=get_materiel&rest_code=00105&code=00101008357&supplier_code=00100203&order_time=2022-09-12 HTTP/1.1" 200 408
114.88.158.224 - - [12/Sep/2022:09:16:58 +0800] "GET /xingrg/all/function/internal_message.html?_=1662945074404&CODE_STATE=getMsg HTTP/1.1" 200 27
124.79.74.72 - - [12/Sep/2022:09:16:59 +0800] "GET /xingrg/all/function/internal_message.html?_=1662945416579&CODE_STATE=getMsg HTTP/1.1" 200 27
114.84.5.35 - - [12/Sep/2022:09:16:59 +0800] "GET /xingrg/all/function/internal_message.html?_=1662945418631&CODE_STATE=getMsg HTTP/1.1" 200 27
180.169.147.146 - - [12/Sep/2022:09:17:03 +0800] "GET /xingrg/check_reg.html?_=1662945434025 HTTP/1.1" 200 22
180.169.147.146 - - [12/Sep/2022:09:17:03 +0800] "GET /xingrg/all/function/internal_message.html?_=1662945434029&CODE_STATE=getMsg HTTP/1.1" 200 27
116.237.72.180 - - [12/Sep/2022:09:17:04 +0800] "GET /xingrg/all/function/internal_message.html?_=1662945424867&CODE_STATE=getMsg HTTP/1.1" 200 27
116.225.121.189 - - [12/Sep/2022:09:17:04 +0800] "GET /xingrg/kc/buy/cgsh_order_operate.html?command=get_materiel&rest_code=00105&code=00101010136&supplier_code=00100203&order_time=2022-09-12 HTTP/1.1" 200 408
116.232.194.65 - - [12/Sep/2022:09:17:05 +0800] "GET /xingrg/all/function/internal_message.html?_=1662945370882&CODE_STATE=getMsg HTTP/1.1" 200 27
116.238.169.132 - - [12/Sep/2022:09:17:05 +0800] "GET /xingrg/check_reg.html?_=1662945425857 HTTP/1.1" 302 -
116.238.169.132 - - [12/Sep/2022:09:17:05 +0800] "GET /xingrg/all/function/internal_message.html?_=1662945425855&CODE_STATE=getMsg HTTP/1.1" 302 -
58.221.95.50 - - [12/Sep/2022:09:17:07 +0800] "GET /xingrg/all/function/internal_message.html?_=1662945427336&CODE_STATE=getMsg HTTP/1.1" 200 27
58.221.95.50 - - [12/Sep/2022:09:17:07 +0800] "GET /xingrg/check_reg.html?_=1662945427340 HTTP/1.1" 200 22
120.253.135.82 - - [12/Sep/2022:09:17:09 +0800] "GET /xingrg/all/function/internal_message.html?_=1662944915273&CODE_STATE=getMsg HTTP/1.1" 302 -
116.225.121.189 - - [12/Sep/2022:09:17:18 +0800] "GET /xingrg/all/function/internal_message.html?_=1662945439442&CODE_STATE=getMsg HTTP/1.1" 200 27
120.253.135.82 - - [12/Sep/2022:09:17:18 +0800] "GET /xingrg/all/function/internal_message.html?_=1662945553085&CODE_STATE=getMsg HTTP/1.1" 200 27
116.224.255.128 - - [12/Sep/2022:09:17:26 +0800] "GET /xingrg/kc/buy/cgsh_order_operate.html?command=get_materiel&rest_code=00150&code=00101008095&supplier_code=00100008&order_time=2022-09-12 HTTP/1.1" 200 412
116.225.121.189 - - [12/Sep/2022:09:17:26 +0800] "POST /xingrg/kc/buy/cgsh_order_operate.html HTTP/1.1" 200 37
116.224.255.128 - - [12/Sep/2022:09:17:27 +0800] "GET /xingrg/check_reg.html?_=1662945388257 HTTP/1.1" 200 22
116.224.255.128 - - [12/Sep/2022:09:17:27 +0800] "GET /xingrg/all/function/internal_message.html?_=1662945388320&CODE_STATE=getMsg HTTP/1.1" 200 27
222.70.246.221 - - [12/Sep/2022:09:17:28 +0800] "GET /xingrg/all/function/internal_message.html?_=1662945449605&CODE_STATE=getMsg HTTP/1.1" 200 27
116.225.121.189 - - [12/Sep/2022:09:17:28 +0800] "POST /xingrg/kc/buy/cgsh_order_operate.html HTTP/1.1" 200 39299
120.253.135.82 - - [12/Sep/2022:09:17:30 +0800] "GET /xingrg/all/function/internal_message.html?_=1662945251387&CODE_STATE=getMsg HTTP/1.1" 200 27
114.88.158.224 - - [12/Sep/2022:09:17:31 +0800] "GET /xingrg/check_reg.html?_=1662945108293 HTTP/1.1" 200 22
222.70.246.221 - - [12/Sep/2022:09:17:31 +0800] "GET /xingrg/check_reg.html?_=1662945453044 HTTP/1.1" 200 22
180.169.147.146 - - [12/Sep/2022:09:17:33 +0800] "GET /xingrg/all/function/internal_message.html?_=1662945453031&CODE_STATE=getMsg HTTP/1.1" 200 27
180.169.147.146 - - [12/Sep/2022:09:17:34 +0800] "GET /xingrg/all/function/internal_message.html?_=1662945454125&CODE_STATE=getMsg HTTP/1.1" 200 27
114.83.219.57 - - [12/Sep/2022:09:17:40 +0800] "GET /xingrg/all/function/internal_message.html?_=1662945542088&CODE_STATE=getMsg HTTP/1.1" 200 27
116.238.169.132 - - [12/Sep/2022:09:17:45 +0800] "GET /xingrg/all/function/internal_message.html?_=1662945465827&CODE_STATE=getMsg HTTP/1.1" 200 27
116.224.255.128 - - [12/Sep/2022:09:17:46 +0800] "POST /xingrg/kc/buy/cgsh_order_operate.html HTTP/1.1" 200 37
116.224.255.128 - - [12/Sep/2022:09:17:47 +0800] "POST /xingrg/kc/buy/cgsh_order_operate.html HTTP/1.1" 200 25763
58.221.95.50 - - [12/Sep/2022:09:17:51 +0800] "GET /xingrg/check_reg.html?_=1662945470882 HTTP/1.1" 200 22
120.253.135.82 - - [12/Sep/2022:09:17:52 +0800] "GET /xingrg/check_reg.html?_=1662945589946 HTTP/1.1" 200 22
114.88.158.224 - - [12/Sep/2022:09:17:57 +0800] "GET /xingrg/all/function/internal_message.html?_=1662945134373&CODE_STATE=getMsg HTTP/1.1" 200 27
180.163.29.217 - - [12/Sep/2022:09:17:58 +0800] "GET /xingrg/all/function/internal_message.html?_=1662945244860&CODE_STATE=getMsg HTTP/1.1" 302 -
124.79.74.72 - - [12/Sep/2022:09:17:59 +0800] "GET /xingrg/all/function/internal_message.html?_=1662945476582&CODE_STATE=getMsg HTTP/1.1" 200 27
180.163.29.217 - - [12/Sep/2022:09:17:59 +0800] "GET /xingrg/login.html HTTP/1.1" 200 7641
114.84.5.35 - - [12/Sep/2022:09:17:59 +0800] "GET /xingrg/all/function/internal_message.html?_=1662945478627&CODE_STATE=getMsg HTTP/1.1" 200 27
180.169.147.146 - - [12/Sep/2022:09:18:03 +0800] "GET /xingrg/all/function/internal_message.html?_=1662945494038&CODE_STATE=getMsg HTTP/1.1" 200 27
116.237.72.180 - - [12/Sep/2022:09:18:04 +0800] "GET /xingrg/all/function/internal_message.html?_=1662945484867&CODE_STATE=getMsg HTTP/1.1" 200 27
116.232.194.65 - - [12/Sep/2022:09:18:05 +0800] "GET /xingrg/all/function/internal_message.html?_=1662945430861&CODE_STATE=getMsg HTTP/1.1" 200 27
116.238.169.132 - - [12/Sep/2022:09:18:05 +0800] "GET /xingrg/all/function/internal_message.html?_=1662945485855&CODE_STATE=getMsg HTTP/1.1" 302 -
114.83.219.57 - - [12/Sep/2022:09:18:07 +0800] "POST /xingrg/kc/base/wldb_order_operate.html HTTP/1.1" 200 37
58.37.150.172 - - [12/Sep/2022:09:18:07 +0800] "POST /xingrg/supplier/cgsh_list_operate.html HTTP/1.1" 200 4894
58.221.95.50 - - [12/Sep/2022:09:18:07 +0800] "GET /xingrg/all/function/internal_message.html?_=1662945487340&CODE_STATE=getMsg HTTP/1.1" 200 27
114.83.219.57 - - [12/Sep/2022:09:18:08 +0800] "POST /xingrg/kc/base/wldb_order_operate.html HTTP/1.1" 200 7253
120.253.135.82 - - [12/Sep/2022:09:18:09 +0800] "GET /xingrg/all/function/internal_message.html?_=1662944975177&CODE_STATE=getMsg HTTP/1.1" 302 -
114.83.219.57 - - [12/Sep/2022:09:18:14 +0800] "POST /xingrg/kc/base/wldb_order_operate.html HTTP/1.1" 200 12
120.253.135.82 - - [12/Sep/2022:09:18:15 +0800] "GET /xingrg/all/function/internal_message.html?_=1662945613089&CODE_STATE=getMsg HTTP/1.1" 200 27
58.37.150.172 - - [12/Sep/2022:09:18:15 +0800] "GET /xingrg/supplier/cgth_order_list.html HTTP/1.1" 200 10583
58.37.150.172 - - [12/Sep/2022:09:18:16 +0800] "POST /xingrg/supplier/cgth_list_operate.html HTTP/1.1" 200 6435
114.83.219.57 - - [12/Sep/2022:09:18:16 +0800] "GET /xingrg/kc/base/wldb_order_info.html?code=422022091201035 HTTP/1.1" 200 26279
114.83.219.57 - - [12/Sep/2022:09:18:16 +0800] "GET /xingrg/words/20220912090131_words.js HTTP/1.1" 304 -
114.83.219.57 - - [12/Sep/2022:09:18:16 +0800] "GET /xingrg/javascript/easyui/themes/default/validatebox.css HTTP/1.1" 404 1104
114.83.219.57 - - [12/Sep/2022:09:18:17 +0800] "POST /xingrg/kc/base/wldb_order_operate.html HTTP/1.1" 200 5439
116.225.121.189 - - [12/Sep/2022:09:18:18 +0800] "GET /xingrg/all/function/internal_message.html?_=1662945499450&CODE_STATE=getMsg HTTP/1.1" 200 27
120.253.135.82 - - [12/Sep/2022:09:18:18 +0800] "GET /xingrg/check_reg.html?_=1662944983741 HTTP/1.1" 302 -
116.224.255.128 - - [12/Sep/2022:09:18:18 +0800] "GET /xingrg/kc/buy/cgsh_order_operate.html?command=get_materiel&rest_code=00150&code=00101008110&supplier_code=00100008&order_time=2022-09-12 HTTP/1.1" 200 408
58.37.150.172 - - [12/Sep/2022:09:18:22 +0800] "GET /xingrg/supplier/cgsh_order_list.html HTTP/1.1" 200 10896
58.37.150.172 - - [12/Sep/2022:09:18:25 +0800] "POST /xingrg/supplier/cgsh_list_operate.html HTTP/1.1" 200 5391
116.224.255.128 - - [12/Sep/2022:09:18:28 +0800] "GET /xingrg/kc/buy/cgsh_order_operate.html?command=get_materiel&rest_code=00150&code=00101008041&supplier_code=00100008&order_time=2022-09-12 HTTP/1.1" 200 408
116.224.255.128 - - [12/Sep/2022:09:18:28 +0800] "GET /xingrg/all/function/internal_message.html?_=1662945448334&CODE_STATE=getMsg HTTP/1.1" 200 27
222.70.246.221 - - [12/Sep/2022:09:18:28 +0800] "GET /xingrg/all/function/internal_message.html?_=1662945509610&CODE_STATE=getMsg HTTP/1.1" 200 27
120.253.135.82 - - [12/Sep/2022:09:18:30 +0800] "GET /xingrg/all/function/internal_message.html?_=1662945311401&CODE_STATE=getMsg HTTP/1.1" 200 27
180.169.147.146 - - [12/Sep/2022:09:18:33 +0800] "GET /xingrg/all/function/internal_message.html?_=1662945513049&CODE_STATE=getMsg HTTP/1.1" 200 27
180.169.147.146 - - [12/Sep/2022:09:18:34 +0800] "GET /xingrg/all/function/internal_message.html?_=1662945514124&CODE_STATE=getMsg HTTP/1.1" 200 27
180.169.147.146 - - [12/Sep/2022:09:18:34 +0800] "GET /xingrg/check_reg.html?_=1662945514126 HTTP/1.1" 200 22
114.83.219.57 - - [12/Sep/2022:09:18:40 +0800] "GET /xingrg/all/function/internal_message.html?_=1662945602095&CODE_STATE=getMsg HTTP/1.1" 200 27
116.238.169.132 - - [12/Sep/2022:09:18:45 +0800] "GET /xingrg/all/function/internal_message.html?_=1662945525823&CODE_STATE=getMsg HTTP/1.1" 200 27
58.37.150.172 - - [12/Sep/2022:09:18:52 +0800] "GET /xingrg/javascript/easyui/themes/default/tree.css HTTP/1.1" 404 1090
58.37.150.172 - - [12/Sep/2022:09:18:52 +0800] "POST /xingrg/all/common/load_tree.html?tree=area_rest_tree_json HTTP/1.1" 200 3472
114.88.158.224 - - [12/Sep/2022:09:18:57 +0800] "GET /xingrg/all/function/internal_message.html?_=1662945194343&CODE_STATE=getMsg HTTP/1.1" 200 27
116.224.255.128 - - [12/Sep/2022:09:18:58 +0800] "GET /xingrg/kc/buy/cgsh_order_operate.html?command=get_materiel&rest_code=00150&code=00101008283&supplier_code=00100008&order_time=2022-09-12 HTTP/1.1" 200 408
124.79.74.72 - - [12/Sep/2022:09:18:59 +0800] "GET /xingrg/all/function/internal_message.html?_=1662945536583&CODE_STATE=getMsg HTTP/1.1" 200 27
124.79.74.72 - - [12/Sep/2022:09:18:59 +0800] "GET /xingrg/check_reg.html?_=1662945536586 HTTP/1.1" 200 22
114.84.5.35 - - [12/Sep/2022:09:18:59 +0800] "GET /xingrg/all/function/internal_message.html?_=1662945538629&CODE_STATE=getMsg HTTP/1.1" 200 27
114.84.5.35 - - [12/Sep/2022:09:18:59 +0800] "GET /xingrg/check_reg.html?_=1662945538633 HTTP/1.1" 200 22
58.37.150.172 - - [12/Sep/2022:09:19:01 +0800] "POST /xingrg/supplier/cgsh_list_operate.html HTTP/1.1" 200 1909
180.169.147.146 - - [12/Sep/2022:09:19:03 +0800] "GET /xingrg/all/function/internal_message.html?_=1662945554028&CODE_STATE=getMsg HTTP/1.1" 200 27
116.237.72.180 - - [12/Sep/2022:09:19:04 +0800] "GET /xingrg/all/function/internal_message.html?_=1662945544865&CODE_STATE=getMsg HTTP/1.1" 200 27
116.232.194.65 - - [12/Sep/2022:09:19:05 +0800] "GET /xingrg/all/function/internal_message.html?_=1662945490835&CODE_STATE=getMsg HTTP/1.1" 200 27
116.238.169.132 - - [12/Sep/2022:09:19:05 +0800] "GET /xingrg/all/function/internal_message.html?_=1662945545853&CODE_STATE=getMsg HTTP/1.1" 302 -
116.224.255.128 - - [12/Sep/2022:09:19:06 +0800] "POST /xingrg/kc/buy/cgsh_order_operate.html HTTP/1.1" 200 37
58.221.95.50 - - [12/Sep/2022:09:19:07 +0800] "GET /xingrg/all/function/internal_message.html?_=1662945547339&CODE_STATE=getMsg HTTP/1.1" 200 27
116.224.255.128 - - [12/Sep/2022:09:19:08 +0800] "POST /xingrg/kc/buy/cgsh_order_operate.html HTTP/1.1" 200 28701
120.253.135.82 - - [12/Sep/2022:09:19:09 +0800] "GET /xingrg/all/function/internal_message.html?_=1662945035148&CODE_STATE=getMsg HTTP/1.1" 302 -
58.37.150.172 - - [12/Sep/2022:09:19:12 +0800] "POST /xingrg/all/common/list_setting.html HTTP/1.1" 200 3706
120.253.135.82 - - [12/Sep/2022:09:19:15 +0800] "GET /xingrg/all/function/internal_message.html?_=1662945673102&CODE_STATE=getMsg HTTP/1.1" 200 27
116.225.121.189 - - [12/Sep/2022:09:19:18 +0800] "GET /xingrg/check_reg.html?_=1662945559450 HTTP/1.1" 200 22
116.224.255.128 - - [12/Sep/2022:09:19:18 +0800] "GET /xingrg/kc/buy/cgsh_order_operate.html?command=get_materiel&rest_code=00150&code=00101008169&supplier_code=00100008&order_time=2022-09-12 HTTP/1.1" 200 412
116.225.121.189 - - [12/Sep/2022:09:19:18 +0800] "GET /xingrg/all/function/internal_message.html?_=1662945559453&CODE_STATE=getMsg HTTP/1.1" 200 27
180.163.29.103 - - [12/Sep/2022:09:19:23 +0800] "GET /xingrg/kc/mdqp/pssh_order_info.html?code=312022091100286 HTTP/1.1" 302 -
180.163.29.103 - - [12/Sep/2022:09:19:23 +0800] "GET /xingrg/login.html HTTP/1.1" 200 7641
116.224.255.128 - - [12/Sep/2022:09:19:28 +0800] "GET /xingrg/all/function/internal_message.html?_=1662945508346&CODE_STATE=getMsg HTTP/1.1" 200 27
222.70.246.221 - - [12/Sep/2022:09:19:28 +0800] "GET /xingrg/all/function/internal_message.html?_=1662945569624&CODE_STATE=getMsg HTTP/1.1" 200 27
120.253.135.82 - - [12/Sep/2022:09:19:30 +0800] "GET /xingrg/all/function/internal_message.html?_=1662945371415&CODE_STATE=getMsg HTTP/1.1" 200 27
58.37.150.172 - - [12/Sep/2022:09:19:31 +0800] "POST /xingrg/all/common/list_setting.html HTTP/1.1" 200 -
180.169.147.146 - - [12/Sep/2022:09:19:33 +0800] "GET /xingrg/all/function/internal_message.html?_=1662945573035&CODE_STATE=getMsg HTTP/1.1" 200 27
58.37.150.172 - - [12/Sep/2022:09:19:33 +0800] "POST /xingrg/supplier/cgsh_list_operate.html HTTP/1.1" 200 2178
180.169.147.146 - - [12/Sep/2022:09:19:34 +0800] "GET /xingrg/all/function/internal_message.html?_=1662945574114&CODE_STATE=getMsg HTTP/1.1" 200 27
114.83.219.57 - - [12/Sep/2022:09:19:40 +0800] "GET /xingrg/all/function/internal_message.html?_=1662945662089&CODE_STATE=getMsg HTTP/1.1" 200 27
116.238.169.132 - - [12/Sep/2022:09:19:45 +0800] "GET /xingrg/all/function/internal_message.html?_=1662945585841&CODE_STATE=getMsg HTTP/1.1" 200 27
114.88.158.224 - - [12/Sep/2022:09:19:57 +0800] "GET /xingrg/all/function/internal_message.html?_=1662945254321&CODE_STATE=getMsg HTTP/1.1" 200 27
124.79.74.72 - - [12/Sep/2022:09:19:59 +0800] "GET /xingrg/all/function/internal_message.html?_=1662945596588&CODE_STATE=getMsg HTTP/1.1" 200 27
114.84.5.35 - - [12/Sep/2022:09:19:59 +0800] "GET /xingrg/all/function/internal_message.html?_=1662945598633&CODE_STATE=getMsg HTTP/1.1" 200 27
120.253.135.82 - - [12/Sep/2022:09:19:59 +0800] "GET /xingrg/check_reg.html?_=1662945399916 HTTP/1.1" 200 22
58.37.150.172 - - [12/Sep/2022:09:20:01 +0800] "POST /xingrg/all/common/list_setting.html HTTP/1.1" 200 -
180.169.147.146 - - [12/Sep/2022:09:20:03 +0800] "GET /xingrg/all/function/internal_message.html?_=1662945614023&CODE_STATE=getMsg HTTP/1.1" 200 27
58.37.150.172 - - [12/Sep/2022:09:20:04 +0800] "POST /xingrg/supplier/cgsh_list_operate.html HTTP/1.1" 200 2094
116.237.72.180 - - [12/Sep/2022:09:20:04 +0800] "GET /xingrg/all/function/internal_message.html?_=1662945604865&CODE_STATE=getMsg HTTP/1.1" 200 27
116.232.194.65 - - [12/Sep/2022:09:20:05 +0800] "GET /xingrg/all/function/internal_message.html?_=1662945550807&CODE_STATE=getMsg HTTP/1.1" 200 27
116.238.169.132 - - [12/Sep/2022:09:20:05 +0800] "GET /xingrg/all/function/internal_message.html?_=1662945605868&CODE_STATE=getMsg HTTP/1.1" 302 -
58.221.95.50 - - [12/Sep/2022:09:20:07 +0800] "GET /xingrg/all/function/internal_message.html?_=1662945607366&CODE_STATE=getMsg HTTP/1.1" 200 27
120.253.135.82 - - [12/Sep/2022:09:20:09 +0800] "GET /xingrg/all/function/internal_message.html?_=1662945095130&CODE_STATE=getMsg HTTP/1.1" 302 -
120.253.135.82 - - [12/Sep/2022:09:20:15 +0800] "GET /xingrg/all/function/internal_message.html?_=1662945733155&CODE_STATE=getMsg HTTP/1.1" 200 27
116.225.121.189 - - [12/Sep/2022:09:20:18 +0800] "GET /xingrg/all/function/internal_message.html?_=1662945619455&CODE_STATE=getMsg HTTP/1.1" 200 27
58.221.95.50 - - [12/Sep/2022:09:20:23 +0800] "GET /xingrg/kc/base/base_main.html HTTP/1.1" 200 12142
58.221.95.50 - - [12/Sep/2022:09:20:25 +0800] "GET /xingrg/kc/base/check_order_list.html HTTP/1.1" 200 16303
58.221.95.50 - - [12/Sep/2022:09:20:25 +0800] "POST /xingrg/kc/base/check_list_operate.html HTTP/1.1" 200 1905
116.224.255.128 - - [12/Sep/2022:09:20:26 +0800] "POST /xingrg/kc/buy/cgsh_order_operate.html HTTP/1.1" 200 37
58.221.95.50 - - [12/Sep/2022:09:20:27 +0800] "GET /xingrg/kc/base/check_order_info.html?code=452022090900096 HTTP/1.1" 200 25306
58.221.95.50 - - [12/Sep/2022:09:20:27 +0800] "GET /xingrg/dwr/engine.js HTTP/1.1" 200 43631
58.221.95.50 - - [12/Sep/2022:09:20:27 +0800] "GET /xingrg/dwr/interface/AjaxComOrderService.js HTTP/1.1" 200 18264
58.221.95.50 - - [12/Sep/2022:09:20:27 +0800] "GET /xingrg/dwr/interface/AjaxCheckService.js HTTP/1.1" 200 14003
116.224.255.128 - - [12/Sep/2022:09:20:28 +0800] "POST /xingrg/kc/buy/cgsh_order_operate.html HTTP/1.1" 200 29892
58.221.95.50 - - [12/Sep/2022:09:20:28 +0800] "POST /xingrg/dwr/call/plaincall/AjaxCheckService.loadOrderItems.dwr HTTP/1.1" 200 84632
116.224.255.128 - - [12/Sep/2022:09:20:28 +0800] "GET /xingrg/all/function/internal_message.html?_=1662945568530&CODE_STATE=getMsg HTTP/1.1" 200 27
222.70.246.221 - - [12/Sep/2022:09:20:28 +0800] "GET /xingrg/all/function/internal_message.html?_=1662945629646&CODE_STATE=getMsg HTTP/1.1" 200 27
120.253.135.82 - - [12/Sep/2022:09:20:31 +0800] "GET /xingrg/all/function/internal_message.html?_=1662945431428&CODE_STATE=getMsg HTTP/1.1" 200 27
180.169.147.146 - - [12/Sep/2022:09:20:33 +0800] "GET /xingrg/all/function/internal_message.html?_=1662945633022&CODE_STATE=getMsg HTTP/1.1" 200 27
180.169.147.146 - - [12/Sep/2022:09:20:33 +0800] "GET /xingrg/check_reg.html?_=1662945633023 HTTP/1.1" 200 22
180.169.147.146 - - [12/Sep/2022:09:20:34 +0800] "GET /xingrg/all/function/internal_message.html?_=1662945634130&CODE_STATE=getMsg HTTP/1.1" 200 27
58.37.150.172 - - [12/Sep/2022:09:20:38 +0800] "POST /xingrg/supplier/cgsh_list_operate.html HTTP/1.1" 200 2094
114.83.219.57 - - [12/Sep/2022:09:20:40 +0800] "GET /xingrg/all/function/internal_message.html?_=1662945722099&CODE_STATE=getMsg HTTP/1.1" 200 27
116.238.169.132 - - [12/Sep/2022:09:20:45 +0800] "GET /xingrg/check_reg.html?_=1662945645837 HTTP/1.1" 200 22
116.238.169.132 - - [12/Sep/2022:09:20:45 +0800] "GET /xingrg/all/function/internal_message.html?_=1662945645838&CODE_STATE=getMsg HTTP/1.1" 200 27
114.88.158.224 - - [12/Sep/2022:09:20:57 +0800] "GET /xingrg/all/function/internal_message.html?_=1662945314324&CODE_STATE=getMsg HTTP/1.1" 200 27
124.79.74.72 - - [12/Sep/2022:09:20:59 +0800] "GET /xingrg/all/function/internal_message.html?_=1662945656589&CODE_STATE=getMsg HTTP/1.1" 200 27
114.84.5.35 - - [12/Sep/2022:09:20:59 +0800] "GET /xingrg/all/function/internal_message.html?_=1662945658627&CODE_STATE=getMsg HTTP/1.1" 200 27
180.169.147.146 - - [12/Sep/2022:09:21:03 +0800] "GET /xingrg/all/function/internal_message.html?_=1662945674017&CODE_STATE=getMsg HTTP/1.1" 200 27
116.232.194.65 - - [12/Sep/2022:09:21:03 +0800] "GET /xingrg/check_reg.html?_=1662945609396 HTTP/1.1" 200 22
116.237.72.180 - - [12/Sep/2022:09:21:04 +0800] "GET /xingrg/all/function/internal_message.html?_=1662945664867&CODE_STATE=getMsg HTTP/1.1" 200 27
116.237.72.180 - - [12/Sep/2022:09:21:04 +0800] "GET /xingrg/check_reg.html?_=1662945664865 HTTP/1.1" 200 22
116.232.194.65 - - [12/Sep/2022:09:21:05 +0800] "GET /xingrg/all/function/internal_message.html?_=1662945610792&CODE_STATE=getMsg HTTP/1.1" 200 27
116.238.169.132 - - [12/Sep/2022:09:21:05 +0800] "GET /xingrg/all/function/internal_message.html?_=1662945665870&CODE_STATE=getMsg HTTP/1.1" 302 -
58.221.95.50 - - [12/Sep/2022:09:21:07 +0800] "GET /xingrg/all/function/internal_message.html?_=1662945667365&CODE_STATE=getMsg HTTP/1.1" 200 27
120.253.135.82 - - [12/Sep/2022:09:21:09 +0800] "GET /xingrg/all/function/internal_message.html?_=1662945155114&CODE_STATE=getMsg HTTP/1.1" 302 -
120.253.135.82 - - [12/Sep/2022:09:21:15 +0800] "GET /xingrg/all/function/internal_message.html?_=1662945793161&CODE_STATE=getMsg HTTP/1.1" 200 27
116.225.121.189 - - [12/Sep/2022:09:21:18 +0800] "GET /xingrg/all/function/internal_message.html?_=1662945679497&CODE_STATE=getMsg HTTP/1.1" 200 27
116.224.255.128 - - [12/Sep/2022:09:21:28 +0800] "GET /xingrg/all/function/internal_message.html?_=1662945628545&CODE_STATE=getMsg HTTP/1.1" 200 27
222.70.246.221 - - [12/Sep/2022:09:21:28 +0800] "GET /xingrg/all/function/internal_message.html?_=1662945689652&CODE_STATE=getMsg HTTP/1.1" 200 27
120.253.135.82 - - [12/Sep/2022:09:21:31 +0800] "GET /xingrg/all/function/internal_message.html?_=1662945491442&CODE_STATE=getMsg HTTP/1.1" 200 27
180.169.147.146 - - [12/Sep/2022:09:21:33 +0800] "GET /xingrg/all/function/internal_message.html?_=1662945693037&CODE_STATE=getMsg HTTP/1.1" 200 27
180.169.147.146 - - [12/Sep/2022:09:21:34 +0800] "GET /xingrg/all/function/internal_message.html?_=1662945694121&CODE_STATE=getMsg HTTP/1.1" 200 27
124.79.74.72 - - [12/Sep/2022:09:21:38 +0800] "GET /xingrg/kc/buy/cgsh_order_list.html HTTP/1.1" 200 52848
124.79.74.72 - - [12/Sep/2022:09:21:39 +0800] "GET /xingrg/css/base.css HTTP/1.1" 200 2811
124.79.74.72 - - [12/Sep/2022:09:21:39 +0800] "GET /xingrg/javascript/auto/jquery.autocomplete.css HTTP/1.1" 200 587
124.79.74.72 - - [12/Sep/2022:09:21:39 +0800] "GET /xingrg/javascript/jquery_tools/fix.css HTTP/1.1" 200 1702
124.79.74.72 - - [12/Sep/2022:09:21:39 +0800] "GET /xingrg/javascript/jquery_tools/table.css HTTP/1.1" 200 1032
124.79.74.72 - - [12/Sep/2022:09:21:39 +0800] "GET /xingrg/javascript/jquery_tools/jquery.tools.min.js HTTP/1.1" 200 138801
