180.169.147.146 - - [12/Sep/2022:09:40:21 +0800] "GET /xingrg/check_reg.html?_=1662946821173 HTTP/1.1" 200 22
180.169.147.146 - - [12/Sep/2022:09:40:21 +0800] "GET /xingrg/all/function/internal_message.html?_=1662946821176&CODE_STATE=getMsg HTTP/1.1" 200 27
116.238.169.132 - - [12/Sep/2022:09:40:23 +0800] "POST /xingrg/kc/buy/cgsh_order_operate.html HTTP/1.1" 200 37
124.79.74.72 - - [12/Sep/2022:09:40:23 +0800] "POST /xingrg/kc/buy/cgsh_order_operate.html HTTP/1.1" 200 627
116.225.121.189 - - [12/Sep/2022:09:40:24 +0800] "GET /xingrg/all/function/internal_message.html?_=1662946825875&CODE_STATE=getMsg HTTP/1.1" 200 27
116.225.121.189 - - [12/Sep/2022:09:40:25 +0800] "GET /xingrg/kc/buy/cgsh_order_operate.html?command=get_materiel&rest_code=00105&code=00101008005&supplier_code=00100203&order_time=2022-09-12 HTTP/1.1" 200 412
124.79.74.72 - - [12/Sep/2022:09:40:26 +0800] "GET /xingrg/kc/buy/cgsh_order_add.html HTTP/1.1" 200 68762
124.79.74.72 - - [12/Sep/2022:09:40:26 +0800] "POST /xingrg/kc/buy/cgsh_order_operate.html HTTP/1.1" 200 8245
124.79.74.72 - - [12/Sep/2022:09:40:26 +0800] "GET /xingrg/javascript/easyui/themes/default/validatebox.css HTTP/1.1" 404 1104
116.235.94.249 - - [12/Sep/2022:09:40:28 +0800] "GET /xingrg/all/function/internal_message.html?_=1662947022425&CODE_STATE=getMsg HTTP/1.1" 200 27
222.70.246.221 - - [12/Sep/2022:09:40:29 +0800] "POST /xingrg/kc/buy/cgsh_order_operate.html HTTP/1.1" 200 2065
116.238.169.132 - - [12/Sep/2022:09:40:31 +0800] "POST /xingrg/kc/buy/cgsh_order_operate.html HTTP/1.1" 200 12
116.225.121.189 - - [12/Sep/2022:09:40:34 +0800] "GET /xingrg/kc/buy/cgsh_order_operate.html?command=get_materiel&rest_code=00105&code=00101008353&supplier_code=00100203&order_time=2022-09-12 HTTP/1.1" 200 408
116.238.169.132 - - [12/Sep/2022:09:40:35 +0800] "GET /xingrg/kc/buy/cgsh_order_info.html?code=212022091204357 HTTP/1.1" 200 63611
116.238.169.132 - - [12/Sep/2022:09:40:35 +0800] "GET /xingrg/javascript/easyui/themes/default/validatebox.css HTTP/1.1" 404 1104
116.238.169.132 - - [12/Sep/2022:09:40:36 +0800] "POST /xingrg/kc/buy/cgsh_order_operate.html HTTP/1.1" 200 1785
222.70.246.221 - - [12/Sep/2022:09:40:39 +0800] "GET /xingrg/kc/buy/cgsh_order_operate.html?command=get_materiel&rest_code=00146&code=00101008236&supplier_code=00100005&order_time=2022-09-12 HTTP/1.1" 200 416
114.83.219.57 - - [12/Sep/2022:09:40:40 +0800] "GET /xingrg/all/function/internal_message.html?_=1662946922090&CODE_STATE=getMsg HTTP/1.1" 200 27
222.70.246.221 - - [12/Sep/2022:09:40:40 +0800] "GET /xingrg/all/function/internal_message.html?_=1662946841968&CODE_STATE=getMsg HTTP/1.1" 200 27
124.79.74.72 - - [12/Sep/2022:09:40:42 +0800] "GET /xingrg/kc/buy/cgsh_order_operate.html?command=get_materiel&rest_code=00156&code=00101009124&supplier_code=00100562&order_time=2022-09-12 HTTP/1.1" 200 419
116.225.121.189 - - [12/Sep/2022:09:40:42 +0800] "GET /xingrg/kc/buy/cgsh_order_operate.html?command=get_materiel&rest_code=00105&code=00101008298&supplier_code=00100203&order_time=2022-09-12 HTTP/1.1" 200 412
116.238.169.132 - - [12/Sep/2022:09:40:43 +0800] "GET /xingrg/kc/print/load_config.html?kc_code=cgsh HTTP/1.1" 200 1943
116.238.169.132 - - [12/Sep/2022:09:40:44 +0800] "GET /xingrg/kc/print/load_data.html?order_code=212022091204357&kc_code=cgsh&condition= HTTP/1.1" 200 1121
114.83.221.9 - - [12/Sep/2022:09:40:44 +0800] "GET /xingrg/all/function/internal_message.html?_=1662946843374&CODE_STATE=getMsg HTTP/1.1" 200 27
116.225.121.189 - - [12/Sep/2022:09:40:50 +0800] "GET /xingrg/kc/buy/cgsh_order_operate.html?command=get_materiel&rest_code=00105&code=00101008105&supplier_code=00100203&order_time=2022-09-12 HTTP/1.1" 200 412
124.79.74.72 - - [12/Sep/2022:09:40:54 +0800] "GET /xingrg/kc/buy/cgsh_order_operate.html?command=get_materiel&rest_code=00156&code=00101015054&supplier_code=00100562&order_time=2022-09-12 HTTP/1.1" 200 404
222.70.246.221 - - [12/Sep/2022:09:40:55 +0800] "GET /xingrg/kc/buy/cgsh_order_operate.html?command=get_materiel&rest_code=00146&code=00101020152&supplier_code=00100005&order_time=2022-09-12 HTTP/1.1" 200 416
114.88.158.224 - - [12/Sep/2022:09:40:57 +0800] "GET /xingrg/all/function/internal_message.html?_=1662946513905&CODE_STATE=getMsg HTTP/1.1" 200 27
124.79.74.72 - - [12/Sep/2022:09:40:57 +0800] "GET /xingrg/all/function/internal_message.html?_=1662946855429&CODE_STATE=getMsg HTTP/1.1" 200 27
116.225.121.189 - - [12/Sep/2022:09:40:59 +0800] "GET /xingrg/kc/buy/cgsh_order_operate.html?command=get_materiel&rest_code=00105&code=00101008119&supplier_code=00100203&order_time=2022-09-12 HTTP/1.1" 200 412
114.84.5.35 - - [12/Sep/2022:09:40:59 +0800] "GET /xingrg/all/function/internal_message.html?_=1662946858659&CODE_STATE=getMsg HTTP/1.1" 200 27
180.169.147.146 - - [12/Sep/2022:09:41:03 +0800] "GET /xingrg/all/function/internal_message.html?_=1662946874035&CODE_STATE=getMsg HTTP/1.1" 200 27
116.232.194.65 - - [12/Sep/2022:09:41:03 +0800] "GET /xingrg/check_reg.html?_=1662946809392 HTTP/1.1" 200 22
116.232.194.65 - - [12/Sep/2022:09:41:04 +0800] "GET /xingrg/all/function/internal_message.html?_=1662946810466&CODE_STATE=getMsg HTTP/1.1" 200 27
124.79.74.72 - - [12/Sep/2022:09:41:04 +0800] "GET /xingrg/kc/buy/cgsh_order_operate.html?command=get_materiel&rest_code=00156&code=00101009134&supplier_code=00100562&order_time=2022-09-12 HTTP/1.1" 200 414
116.238.169.132 - - [12/Sep/2022:09:41:05 +0800] "GET /xingrg/all/function/internal_message.html?_=1662946865871&CODE_STATE=getMsg HTTP/1.1" 302 -
101.85.93.70 - - [12/Sep/2022:09:41:05 +0800] "GET /xingrg/all/function/internal_message.html?_=1662946864123&CODE_STATE=getMsg HTTP/1.1" 200 27
116.225.121.189 - - [12/Sep/2022:09:41:07 +0800] "GET /xingrg/kc/buy/cgsh_order_operate.html?command=get_materiel&rest_code=00105&code=00101008236&supplier_code=00100203&order_time=2022-09-12 HTTP/1.1" 200 416
58.221.95.50 - - [12/Sep/2022:09:41:07 +0800] "GET /xingrg/all/function/internal_message.html?_=1662946867442&CODE_STATE=getMsg HTTP/1.1" 200 27
116.224.255.128 - - [12/Sep/2022:09:41:14 +0800] "GET /xingrg/all/function/internal_message.html?_=1662946815104&CODE_STATE=getMsg HTTP/1.1" 200 27
120.253.135.82 - - [12/Sep/2022:09:41:15 +0800] "GET /xingrg/all/function/internal_message.html?_=1662946993558&CODE_STATE=getMsg HTTP/1.1" 200 27
124.79.74.72 - - [12/Sep/2022:09:41:16 +0800] "GET /xingrg/kc/buy/cgsh_order_operate.html?command=get_materiel&rest_code=00156&code=00101009062&supplier_code=00100562&order_time=2022-09-12 HTTP/1.1" 200 412
116.238.169.132 - - [12/Sep/2022:09:41:19 +0800] "GET /xingrg/check_reg.html?_=1662946880132 HTTP/1.1" 200 22
180.169.147.146 - - [12/Sep/2022:09:41:21 +0800] "GET /xingrg/all/function/internal_message.html?_=1662946881168&CODE_STATE=getMsg HTTP/1.1" 200 27
116.225.121.189 - - [12/Sep/2022:09:41:24 +0800] "GET /xingrg/all/function/internal_message.html?_=1662946885897&CODE_STATE=getMsg HTTP/1.1" 200 27
222.70.246.221 - - [12/Sep/2022:09:41:25 +0800] "POST /xingrg/kc/buy/cgsh_order_operate.html HTTP/1.1" 200 37
124.79.74.72 - - [12/Sep/2022:09:41:26 +0800] "GET /xingrg/kc/buy/cgsh_order_operate.html?command=get_materiel&rest_code=00156&code=00101010164&supplier_code=00100562&order_time=2022-09-12 HTTP/1.1" 200 408
116.235.94.249 - - [12/Sep/2022:09:41:28 +0800] "GET /xingrg/all/function/internal_message.html?_=1662947082424&CODE_STATE=getMsg HTTP/1.1" 200 27
116.225.121.189 - - [12/Sep/2022:09:41:29 +0800] "GET /xingrg/kc/buy/cgsh_order_operate.html?command=get_materiel&rest_code=00105&code=00101008061&supplier_code=00100203&order_time=2022-09-12 HTTP/1.1" 200 23
222.70.246.221 - - [12/Sep/2022:09:41:30 +0800] "POST /xingrg/kc/buy/cgsh_order_operate.html HTTP/1.1" 200 24521
124.79.74.72 - - [12/Sep/2022:09:41:31 +0800] "GET /xingrg/kc/buy/cgsh_order_operate.html?command=get_materiel&rest_code=00156&code=00101009039&supplier_code=00100562&order_time=2022-09-12 HTTP/1.1" 200 409
116.225.121.189 - - [12/Sep/2022:09:41:32 +0800] "GET /xingrg/javascript/jquery_easy_ui/themes/icons/manage.png HTTP/1.1" 304 -
116.225.121.189 - - [12/Sep/2022:09:41:32 +0800] "GET /xingrg/javascript/jquery_easy_ui/themes/icons/rest.png HTTP/1.1" 304 -
116.225.121.189 - - [12/Sep/2022:09:41:32 +0800] "GET /xingrg/javascript/jquery_easy_ui/themes/icons/area.png HTTP/1.1" 304 -
116.225.121.189 - - [12/Sep/2022:09:41:39 +0800] "POST /xingrg/kc/buy/cgsh_order_operate.html HTTP/1.1" 200 37
114.83.219.57 - - [12/Sep/2022:09:41:40 +0800] "GET /xingrg/all/function/internal_message.html?_=1662946982083&CODE_STATE=getMsg HTTP/1.1" 200 27
114.83.219.57 - - [12/Sep/2022:09:41:40 +0800] "GET /xingrg/check_reg.html?_=1662946982084 HTTP/1.1" 200 22
222.70.246.221 - - [12/Sep/2022:09:41:40 +0800] "GET /xingrg/all/function/internal_message.html?_=1662946901981&CODE_STATE=getMsg HTTP/1.1" 200 27
116.225.121.189 - - [12/Sep/2022:09:41:41 +0800] "POST /xingrg/kc/buy/cgsh_order_operate.html HTTP/1.1" 200 10348
114.83.221.9 - - [12/Sep/2022:09:41:44 +0800] "GET /xingrg/all/function/internal_message.html?_=1662946903349&CODE_STATE=getMsg HTTP/1.1" 200 27
124.79.74.72 - - [12/Sep/2022:09:41:50 +0800] "GET /xingrg/kc/buy/cgsh_order_operate.html?command=get_materiel&rest_code=00156&code=00101009053&supplier_code=00100562&order_time=2022-09-12 HTTP/1.1" 200 408
114.88.158.224 - - [12/Sep/2022:09:41:57 +0800] "GET /xingrg/all/function/internal_message.html?_=1662946573886&CODE_STATE=getMsg HTTP/1.1" 200 27
124.79.74.72 - - [12/Sep/2022:09:41:57 +0800] "GET /xingrg/all/function/internal_message.html?_=1662946915423&CODE_STATE=getMsg HTTP/1.1" 200 27
114.84.5.35 - - [12/Sep/2022:09:41:59 +0800] "GET /xingrg/all/function/internal_message.html?_=1662946918660&CODE_STATE=getMsg HTTP/1.1" 200 27
116.238.169.132 - - [12/Sep/2022:09:41:59 +0800] "POST /xingrg/kc/buy/cgsh_list_operate.html HTTP/1.1" 200 1665
116.238.169.132 - - [12/Sep/2022:09:42:01 +0800] "POST /xingrg/kc/buy/cgsh_list_operate.html HTTP/1.1" 200 565
180.169.147.146 - - [12/Sep/2022:09:42:03 +0800] "GET /xingrg/check_reg.html?_=1662946934029 HTTP/1.1" 200 22
180.169.147.146 - - [12/Sep/2022:09:42:03 +0800] "GET /xingrg/all/function/internal_message.html?_=1662946934033&CODE_STATE=getMsg HTTP/1.1" 200 27
116.238.169.132 - - [12/Sep/2022:09:42:03 +0800] "GET /xingrg/kc/buy/cgsh_order_info.html?code=212022091204355 HTTP/1.1" 200 68711
116.238.169.132 - - [12/Sep/2022:09:42:03 +0800] "GET /xingrg/javascript/easyui/themes/default/validatebox.css HTTP/1.1" 404 1104
124.79.74.72 - - [12/Sep/2022:09:42:04 +0800] "POST /xingrg/kc/buy/cgsh_order_operate.html HTTP/1.1" 200 37
116.238.169.132 - - [12/Sep/2022:09:42:04 +0800] "POST /xingrg/kc/buy/cgsh_order_operate.html HTTP/1.1" 200 9777
116.232.194.65 - - [12/Sep/2022:09:42:04 +0800] "GET /xingrg/all/function/internal_message.html?_=1662946870446&CODE_STATE=getMsg HTTP/1.1" 200 27
116.238.169.132 - - [12/Sep/2022:09:42:05 +0800] "GET /xingrg/all/function/internal_message.html?_=1662946925871&CODE_STATE=getMsg HTTP/1.1" 302 -
116.238.169.132 - - [12/Sep/2022:09:42:05 +0800] "GET /xingrg/check_reg.html?_=1662946925883 HTTP/1.1" 302 -
101.85.93.70 - - [12/Sep/2022:09:42:05 +0800] "GET /xingrg/all/function/internal_message.html?_=1662946924124&CODE_STATE=getMsg HTTP/1.1" 200 27
58.221.95.50 - - [12/Sep/2022:09:42:07 +0800] "GET /xingrg/all/function/internal_message.html?_=1662946927439&CODE_STATE=getMsg HTTP/1.1" 200 27
58.221.95.50 - - [12/Sep/2022:09:42:07 +0800] "GET /xingrg/check_reg.html?_=1662946927441 HTTP/1.1" 200 22
116.238.169.132 - - [12/Sep/2022:09:42:11 +0800] "POST /xingrg/kc/buy/cgsh_order_operate.html HTTP/1.1" 200 37
116.225.121.189 - - [12/Sep/2022:09:42:14 +0800] "GET /xingrg/index.html?sysBaseUrl=http%3A%2F%2F180.169.147.146%3A18081%2Fxingrg%2F&costTime=36×tamp=1585223203754 HTTP/1.1" 302 -
116.225.121.189 - - [12/Sep/2022:09:42:14 +0800] "GET /xingrg/login.html HTTP/1.1" 200 7641
116.225.121.189 - - [12/Sep/2022:09:42:14 +0800] "GET /favicon.ico HTTP/1.1" 404 -
116.224.255.128 - - [12/Sep/2022:09:42:14 +0800] "GET /xingrg/all/function/internal_message.html?_=1662946875118&CODE_STATE=getMsg HTTP/1.1" 200 27
120.253.135.82 - - [12/Sep/2022:09:42:15 +0800] "GET /xingrg/all/function/internal_message.html?_=1662947053572&CODE_STATE=getMsg HTTP/1.1" 200 27
116.225.121.189 - - [12/Sep/2022:09:42:16 +0800] "POST /xingrg/login.do HTTP/1.1" 200 2421
116.225.121.189 - - [12/Sep/2022:09:42:16 +0800] "GET /favicon.ico HTTP/1.1" 404 -
116.225.121.189 - - [12/Sep/2022:09:42:17 +0800] "GET /xingrg/login.html HTTP/1.1" 200 7641
116.225.121.189 - - [12/Sep/2022:09:42:17 +0800] "GET /favicon.ico HTTP/1.1" 404 -
116.225.121.189 - - [12/Sep/2022:09:42:20 +0800] "POST /xingrg/login.do HTTP/1.1" 302 -
180.169.147.146 - - [12/Sep/2022:09:42:21 +0800] "GET /xingrg/all/function/internal_message.html?_=1662946941166&CODE_STATE=getMsg HTTP/1.1" 200 27
116.225.121.189 - - [12/Sep/2022:09:42:22 +0800] "POST /xingrg/login.do HTTP/1.1" 302 -
116.225.121.189 - - [12/Sep/2022:09:42:22 +0800] "GET /xingrg/index.html?sysBaseUrl=http%3A%2F%2F180.169.147.146%3A18081%2Fxingrg%2F&costTime=2328×tamp=1662946942077 HTTP/1.1" 200 17173
116.225.121.189 - - [12/Sep/2022:09:42:22 +0800] "GET /favicon.ico HTTP/1.1" 404 -
116.225.121.189 - - [12/Sep/2022:09:42:22 +0800] "GET /xingrg/all/function/internal_message.html?_=1662946943870&CODE_STATE=count HTTP/1.1" 200 11
116.225.121.189 - - [12/Sep/2022:09:42:22 +0800] "GET /xingrg/check_reg.html?_=1662946943870 HTTP/1.1" 200 22
116.225.121.189 - - [12/Sep/2022:09:42:22 +0800] "POST /xingrg/load_menu.html HTTP/1.1" 200 5138
116.225.121.189 - - [12/Sep/2022:09:42:22 +0800] "POST /xingrg/all/common/load_tree.html?tree=area_rest_tree_json&manage=1 HTTP/1.1" 200 3472
116.238.169.132 - - [12/Sep/2022:09:42:24 +0800] "POST /xingrg/kc/buy/cgsh_order_operate.html HTTP/1.1" 200 12
116.225.121.189 - - [12/Sep/2022:09:42:26 +0800] "GET /xingrg/kc/buy/cgsh_order_list.html HTTP/1.1" 200 52895
116.235.94.249 - - [12/Sep/2022:09:42:28 +0800] "GET /xingrg/all/function/internal_message.html?_=1662947142422&CODE_STATE=getMsg HTTP/1.1" 200 27
116.225.121.189 - - [12/Sep/2022:09:42:29 +0800] "POST /xingrg/kc/buy/cgsh_list_operate.html HTTP/1.1" 200 2026
114.88.158.224 - - [12/Sep/2022:09:42:31 +0800] "GET /xingrg/check_reg.html?_=1662946608369 HTTP/1.1" 200 22
116.225.121.189 - - [12/Sep/2022:09:42:35 +0800] "POST /xingrg/kc/buy/cgsh_list_operate.html HTTP/1.1" 200 569
116.225.121.189 - - [12/Sep/2022:09:42:36 +0800] "GET /xingrg/kc/buy/cgsh_order_info.html?code=212022091204358 HTTP/1.1" 200 68762
116.225.121.189 - - [12/Sep/2022:09:42:36 +0800] "GET /xingrg/words/20220912090131_words.js HTTP/1.1" 304 -
116.225.121.189 - - [12/Sep/2022:09:42:37 +0800] "GET /xingrg/javascript/easyui/themes/default/validatebox.css HTTP/1.1" 404 1104
116.225.121.189 - - [12/Sep/2022:09:42:37 +0800] "GET /xingrg/all/common/auto_word.html?type=employee&rest_code=00105 HTTP/1.1" 200 193
116.225.121.189 - - [12/Sep/2022:09:42:37 +0800] "GET /xingrg/all/common/auto_word.html?type=employee&rest_code=00105 HTTP/1.1" 200 193
116.225.121.189 - - [12/Sep/2022:09:42:38 +0800] "POST /xingrg/kc/buy/cgsh_order_operate.html HTTP/1.1" 200 10348
114.83.219.57 - - [12/Sep/2022:09:42:40 +0800] "GET /xingrg/all/function/internal_message.html?_=1662947042102&CODE_STATE=getMsg HTTP/1.1" 200 27
222.70.246.221 - - [12/Sep/2022:09:42:40 +0800] "GET /xingrg/check_reg.html?_=1662946961999 HTTP/1.1" 200 22
222.70.246.221 - - [12/Sep/2022:09:42:40 +0800] "GET /xingrg/all/function/internal_message.html?_=1662946962000&CODE_STATE=getMsg HTTP/1.1" 200 27
124.79.74.72 - - [12/Sep/2022:09:42:42 +0800] "POST /xingrg/kc/buy/cgsh_order_operate.html HTTP/1.1" 200 5029
116.225.121.189 - - [12/Sep/2022:09:42:43 +0800] "GET /xingrg/javascript/auto/indicator.gif HTTP/1.1" 404 1066
124.79.74.72 - - [12/Sep/2022:09:42:44 +0800] "GET /xingrg/kc/print/load_data.html?order_code=212022091204359&kc_code=cgsh&condition= HTTP/1.1" 200 1580
114.83.221.9 - - [12/Sep/2022:09:42:44 +0800] "GET /xingrg/all/function/internal_message.html?_=1662946963318&CODE_STATE=getMsg HTTP/1.1" 200 27
58.221.95.50 - - [12/Sep/2022:09:42:49 +0800] "GET /xingrg/kc/base/wldb_order_list.html HTTP/1.1" 200 19184
124.79.74.72 - - [12/Sep/2022:09:42:49 +0800] "GET /xingrg/kc/buy/cgsh_order_add.html HTTP/1.1" 200 68762
116.238.169.132 - - [12/Sep/2022:09:42:49 +0800] "GET /xingrg/kc/buy/cgsh_order_info.html?code=212022091204355 HTTP/1.1" 200 63603
124.79.74.72 - - [12/Sep/2022:09:42:49 +0800] "POST /xingrg/kc/buy/cgsh_order_operate.html HTTP/1.1" 200 8245
124.79.74.72 - - [12/Sep/2022:09:42:49 +0800] "GET /xingrg/javascript/easyui/themes/default/validatebox.css HTTP/1.1" 404 1104
116.238.169.132 - - [12/Sep/2022:09:42:49 +0800] "GET /xingrg/javascript/easyui/themes/default/validatebox.css HTTP/1.1" 404 1104
58.221.95.50 - - [12/Sep/2022:09:42:50 +0800] "POST /xingrg/kc/base/wldb_list_operate.html HTTP/1.1" 200 928
116.238.169.132 - - [12/Sep/2022:09:42:50 +0800] "POST /xingrg/kc/buy/cgsh_order_operate.html HTTP/1.1" 200 7702
120.253.135.82 - - [12/Sep/2022:09:42:52 +0800] "GET /xingrg/check_reg.html?_=1662947089966 HTTP/1.1" 200 22
58.221.95.50 - - [12/Sep/2022:09:42:55 +0800] "POST /xingrg/kc/base/wldb_list_operate.html HTTP/1.1" 200 6230
114.88.158.224 - - [12/Sep/2022:09:42:57 +0800] "GET /xingrg/all/function/internal_message.html?_=1662946633854&CODE_STATE=getMsg HTTP/1.1" 200 27
116.225.121.189 - - [12/Sep/2022:09:42:57 +0800] "GET /xingrg/kc/buy/cgsh_order_operate.html?command=get_materiel&rest_code=00105&code=00101008061&supplier_code=00100203&order_time=2022-09-12 HTTP/1.1" 200 422
124.79.74.72 - - [12/Sep/2022:09:42:57 +0800] "GET /xingrg/all/function/internal_message.html?_=1662946975426&CODE_STATE=getMsg HTTP/1.1" 200 27
58.221.95.50 - - [12/Sep/2022:09:42:58 +0800] "POST /xingrg/kc/base/wldb_list_operate.html HTTP/1.1" 200 647
114.84.5.35 - - [12/Sep/2022:09:42:59 +0800] "GET /xingrg/all/function/internal_message.html?_=1662946978659&CODE_STATE=getMsg HTTP/1.1" 200 27
116.238.169.132 - - [12/Sep/2022:09:43:00 +0800] "GET /xingrg/kc/print/load_data.html?order_code=212022091204355&kc_code=cgsh&condition= HTTP/1.1" 200 3349
58.221.95.50 - - [12/Sep/2022:09:43:00 +0800] "POST /xingrg/kc/base/wldb_list_operate.html HTTP/1.1" 200 274
124.79.74.72 - - [12/Sep/2022:09:43:02 +0800] "GET /xingrg/kc/buy/cgsh_order_operate.html?command=get_materiel&rest_code=00156&code=00102010102&supplier_code=00100075&order_time=2022-09-12 HTTP/1.1" 200 408
180.169.147.146 - - [12/Sep/2022:09:43:03 +0800] "GET /xingrg/all/function/internal_message.html?_=1662946994031&CODE_STATE=getMsg HTTP/1.1" 200 27
116.232.194.65 - - [12/Sep/2022:09:43:04 +0800] "GET /xingrg/all/function/internal_message.html?_=1662946930428&CODE_STATE=getMsg HTTP/1.1" 200 27
116.238.169.132 - - [12/Sep/2022:09:43:05 +0800] "GET /xingrg/all/function/internal_message.html?_=1662946985884&CODE_STATE=getMsg HTTP/1.1" 302 -
101.85.93.70 - - [12/Sep/2022:09:43:05 +0800] "GET /xingrg/all/function/internal_message.html?_=1662946984120&CODE_STATE=getMsg HTTP/1.1" 200 27
58.221.95.50 - - [12/Sep/2022:09:43:06 +0800] "POST /xingrg/kc/base/wldb_list_operate.html HTTP/1.1" 200 536
58.221.95.50 - - [12/Sep/2022:09:43:07 +0800] "GET /xingrg/all/function/internal_message.html?_=1662946987465&CODE_STATE=getMsg HTTP/1.1" 200 27
58.221.95.50 - - [12/Sep/2022:09:43:10 +0800] "POST /xingrg/kc/base/wldb_list_operate.html HTTP/1.1" 200 619
58.221.95.50 - - [12/Sep/2022:09:43:13 +0800] "GET /xingrg/kc/base/wldb_order_info.html?code=422022082402011 HTTP/1.1" 200 26281
58.221.95.50 - - [12/Sep/2022:09:43:13 +0800] "GET /xingrg/javascript/easyui/themes/default/validatebox.css HTTP/1.1" 404 1104
58.221.95.50 - - [12/Sep/2022:09:43:13 +0800] "POST /xingrg/kc/base/wldb_order_operate.html HTTP/1.1" 200 4730
116.224.255.128 - - [12/Sep/2022:09:43:14 +0800] "GET /xingrg/all/function/internal_message.html?_=1662946935137&CODE_STATE=getMsg HTTP/1.1" 200 27
120.253.135.82 - - [12/Sep/2022:09:43:15 +0800] "GET /xingrg/all/function/internal_message.html?_=1662947113585&CODE_STATE=getMsg HTTP/1.1" 200 27
124.79.74.72 - - [12/Sep/2022:09:43:17 +0800] "GET /xingrg/javascript/jquery_easy_ui/themes/default/images/tabs_active.png HTTP/1.1" 200 2894
180.169.147.146 - - [12/Sep/2022:09:43:21 +0800] "GET /xingrg/all/function/internal_message.html?_=1662947001163&CODE_STATE=getMsg HTTP/1.1" 200 27
116.225.121.189 - - [12/Sep/2022:09:43:22 +0800] "GET /xingrg/all/function/internal_message.html?_=1662947003884&CODE_STATE=getMsg HTTP/1.1" 200 27
124.79.74.72 - - [12/Sep/2022:09:43:23 +0800] "POST /xingrg/kc/buy/cgsh_order_operate.html HTTP/1.1" 200 37
124.79.74.72 - - [12/Sep/2022:09:43:24 +0800] "POST /xingrg/kc/buy/cgsh_order_operate.html HTTP/1.1" 200 2657
124.79.74.72 - - [12/Sep/2022:09:43:26 +0800] "GET /xingrg/kc/print/load_data.html?order_code=212022091204360&kc_code=cgsh&condition= HTTP/1.1" 200 686
116.235.94.249 - - [12/Sep/2022:09:43:28 +0800] "GET /xingrg/all/function/internal_message.html?_=1662947202420&CODE_STATE=getMsg HTTP/1.1" 200 27
58.221.95.50 - - [12/Sep/2022:09:43:31 +0800] "GET /xingrg/kc/base/wldb_order_add.html HTTP/1.1" 200 30398
58.221.95.50 - - [12/Sep/2022:09:43:32 +0800] "POST /xingrg/kc/base/wldb_order_operate.html HTTP/1.1" 200 6806
58.221.95.50 - - [12/Sep/2022:09:43:32 +0800] "GET /xingrg/javascript/easyui/themes/default/validatebox.css HTTP/1.1" 404 1104
222.70.246.221 - - [12/Sep/2022:09:43:33 +0800] "POST /xingrg/services/DataTransmitService HTTP/1.1" 200 524
222.70.246.221 - - [12/Sep/2022:09:43:33 +0800] "POST /xingrg/services/DataTransmitService HTTP/1.1" 200 501
58.221.95.50 - - [12/Sep/2022:09:43:33 +0800] "POST /xingrg/all/common/load_combo.html?type=base HTTP/1.1" 200 890
114.83.219.57 - - [12/Sep/2022:09:43:40 +0800] "GET /xingrg/all/function/internal_message.html?_=1662947102088&CODE_STATE=getMsg HTTP/1.1" 200 27
58.221.95.50 - - [12/Sep/2022:09:43:40 +0800] "GET /xingrg/kc/base/wldb_order_info.html?code=422022082402011 HTTP/1.1" 200 26281
58.221.95.50 - - [12/Sep/2022:09:43:40 +0800] "GET /xingrg/javascript/easyui/themes/default/validatebox.css HTTP/1.1" 404 1104
58.221.95.50 - - [12/Sep/2022:09:43:40 +0800] "POST /xingrg/kc/base/wldb_order_operate.html HTTP/1.1" 200 4730
222.70.246.221 - - [12/Sep/2022:09:43:40 +0800] "GET /xingrg/all/function/internal_message.html?_=1662947022055&CODE_STATE=getMsg HTTP/1.1" 200 27
114.83.221.9 - - [12/Sep/2022:09:43:44 +0800] "GET /xingrg/all/function/internal_message.html?_=1662947023295&CODE_STATE=getMsg HTTP/1.1" 200 27
124.79.74.72 - - [12/Sep/2022:09:43:46 +0800] "GET /xingrg/kc/buy/cgsh_order_add.html HTTP/1.1" 200 68762
124.79.74.72 - - [12/Sep/2022:09:43:46 +0800] "GET /xingrg/words/20220912090131_words.js HTTP/1.1" 304 -
124.79.74.72 - - [12/Sep/2022:09:43:46 +0800] "POST /xingrg/kc/buy/cgsh_order_operate.html HTTP/1.1" 200 8245
124.79.74.72 - - [12/Sep/2022:09:43:46 +0800] "GET /xingrg/javascript/easyui/themes/default/validatebox.css HTTP/1.1" 404 1104
114.88.158.224 - - [12/Sep/2022:09:43:57 +0800] "GET /xingrg/all/function/internal_message.html?_=1662946693833&CODE_STATE=getMsg HTTP/1.1" 200 27
124.79.74.72 - - [12/Sep/2022:09:43:57 +0800] "GET /xingrg/all/function/internal_message.html?_=1662947035435&CODE_STATE=getMsg HTTP/1.1" 200 27
124.79.74.72 - - [12/Sep/2022:09:43:57 +0800] "GET /xingrg/check_reg.html?_=1662947035440 HTTP/1.1" 200 22
114.84.5.35 - - [12/Sep/2022:09:43:59 +0800] "GET /xingrg/check_reg.html?_=1662947038658 HTTP/1.1" 200 22
114.84.5.35 - - [12/Sep/2022:09:43:59 +0800] "GET /xingrg/all/function/internal_message.html?_=1662947038660&CODE_STATE=getMsg HTTP/1.1" 200 27
124.79.74.72 - - [12/Sep/2022:09:44:00 +0800] "GET /xingrg/kc/buy/cgsh_order_operate.html?command=get_materiel&rest_code=00156&code=00101001053&supplier_code=00100012&order_time=2022-09-12 HTTP/1.1" 200 408
180.169.147.146 - - [12/Sep/2022:09:44:03 +0800] "GET /xingrg/all/function/internal_message.html?_=1662947054027&CODE_STATE=getMsg HTTP/1.1" 200 27
116.232.194.65 - - [12/Sep/2022:09:44:04 +0800] "GET /xingrg/all/function/internal_message.html?_=1662946990398&CODE_STATE=getMsg HTTP/1.1" 200 27
116.238.169.132 - - [12/Sep/2022:09:44:05 +0800] "GET /xingrg/all/function/internal_message.html?_=1662947045883&CODE_STATE=getMsg HTTP/1.1" 302 -
101.85.93.70 - - [12/Sep/2022:09:44:05 +0800] "GET /xingrg/all/function/internal_message.html?_=1662947044124&CODE_STATE=getMsg HTTP/1.1" 200 27
58.221.95.50 - - [12/Sep/2022:09:44:07 +0800] "GET /xingrg/all/function/internal_message.html?_=1662947047470&CODE_STATE=getMsg HTTP/1.1" 200 27
58.221.95.50 - - [12/Sep/2022:09:44:11 +0800] "GET /xingrg/kc/base/wldb_order_add.html HTTP/1.1" 200 30398
124.79.74.72 - - [12/Sep/2022:09:44:11 +0800] "GET /xingrg/kc/buy/cgsh_order_operate.html?command=get_materiel&rest_code=00156&code=00101007183&supplier_code=00100012&order_time=2022-09-12 HTTP/1.1" 200 409
58.221.95.50 - - [12/Sep/2022:09:44:11 +0800] "POST /xingrg/kc/base/wldb_order_operate.html HTTP/1.1" 200 6806
58.221.95.50 - - [12/Sep/2022:09:44:11 +0800] "GET /xingrg/javascript/easyui/themes/default/validatebox.css HTTP/1.1" 404 1104
58.221.95.50 - - [12/Sep/2022:09:44:12 +0800] "POST /xingrg/all/common/load_combo.html?type=base HTTP/1.1" 200 890
116.224.255.128 - - [12/Sep/2022:09:44:14 +0800] "GET /xingrg/all/function/internal_message.html?_=1662946995145&CODE_STATE=getMsg HTTP/1.1" 200 27
120.253.135.82 - - [12/Sep/2022:09:44:16 +0800] "GET /xingrg/all/function/internal_message.html?_=1662947173598&CODE_STATE=getMsg HTTP/1.1" 200 27
58.221.95.50 - - [12/Sep/2022:09:44:17 +0800] "POST /xingrg/all/common/load_combo.html?type=base HTTP/1.1" 200 890
58.221.95.50 - - [12/Sep/2022:09:44:20 +0800] "GET /xingrg/javascript/jquery_tools/images/prev.gif HTTP/1.1" 404 1086
58.221.95.50 - - [12/Sep/2022:09:44:21 +0800] "GET /xingrg/javascript/jquery_tools/images/next.gif HTTP/1.1" 404 1086
180.169.147.146 - - [12/Sep/2022:09:44:21 +0800] "GET /xingrg/all/function/internal_message.html?_=1662947061176&CODE_STATE=getMsg HTTP/1.1" 200 27
116.225.121.189 - - [12/Sep/2022:09:44:22 +0800] "GET /xingrg/all/function/internal_message.html?_=1662947063885&CODE_STATE=getMsg HTTP/1.1" 200 27
124.79.74.72 - - [12/Sep/2022:09:44:23 +0800] "GET /xingrg/kc/buy/cgsh_order_operate.html?command=get_materiel&rest_code=00156&code=00101006129&supplier_code=00100012&order_time=2022-09-12 HTTP/1.1" 200 431
58.221.95.50 - - [12/Sep/2022:09:44:26 +0800] "GET /xingrg/javascript/auto/indicator.gif HTTP/1.1" 404 1066
116.235.94.249 - - [12/Sep/2022:09:44:28 +0800] "GET /xingrg/all/function/internal_message.html?_=1662947262418&CODE_STATE=getMsg HTTP/1.1" 200 27
116.235.94.249 - - [12/Sep/2022:09:44:28 +0800] "GET /xingrg/check_reg.html?_=1662947262419 HTTP/1.1" 200 22
58.221.95.50 - - [12/Sep/2022:09:44:33 +0800] "GET /xingrg/kc/base/wldb_order_operate.html?command=get_materiel&rest_code=00152&base_code=0010647&code=00102002093 HTTP/1.1" 200 431
114.83.221.9 - - [12/Sep/2022:09:44:34 +0800] "GET /xingrg/check_reg.html?_=1662947073105 HTTP/1.1" 200 22
114.83.219.57 - - [12/Sep/2022:09:44:40 +0800] "GET /xingrg/all/function/internal_message.html?_=1662947162095&CODE_STATE=getMsg HTTP/1.1" 200 27
222.70.246.221 - - [12/Sep/2022:09:44:40 +0800] "GET /xingrg/all/function/internal_message.html?_=1662947082069&CODE_STATE=getMsg HTTP/1.1" 200 27
58.221.95.50 - - [12/Sep/2022:09:44:42 +0800] "GET /xingrg/kc/base/wldb_order_operate.html?command=get_materiel&rest_code=00152&base_code=0010647&code=00102002692 HTTP/1.1" 200 436
114.83.221.9 - - [12/Sep/2022:09:44:44 +0800] "GET /xingrg/all/function/internal_message.html?_=1662947083281&CODE_STATE=getMsg HTTP/1.1" 200 27
58.221.95.50 - - [12/Sep/2022:09:44:49 +0800] "POST /xingrg/kc/base/wldb_order_operate.html HTTP/1.1" 200 37
58.221.95.50 - - [12/Sep/2022:09:44:50 +0800] "POST /xingrg/kc/base/wldb_order_operate.html HTTP/1.1" 200 2187
58.221.95.50 - - [12/Sep/2022:09:44:51 +0800] "GET /xingrg/kc/base/wldb_order_info.html?code=422022091201036 HTTP/1.1" 200 30414
58.221.95.50 - - [12/Sep/2022:09:44:51 +0800] "GET /xingrg/javascript/easyui/themes/default/validatebox.css HTTP/1.1" 404 1104
58.221.95.50 - - [12/Sep/2022:09:44:52 +0800] "POST /xingrg/kc/base/wldb_order_operate.html HTTP/1.1" 200 2187
58.221.95.50 - - [12/Sep/2022:09:44:55 +0800] "POST /xingrg/kc/base/wldb_order_operate.html HTTP/1.1" 200 37
58.221.95.50 - - [12/Sep/2022:09:44:56 +0800] "POST /xingrg/kc/base/wldb_order_operate.html HTTP/1.1" 200 2187
114.88.158.224 - - [12/Sep/2022:09:44:57 +0800] "GET /xingrg/all/function/internal_message.html?_=1662946753806&CODE_STATE=getMsg HTTP/1.1" 200 27
124.79.74.72 - - [12/Sep/2022:09:44:58 +0800] "GET /xingrg/all/function/internal_message.html?_=1662947095732&CODE_STATE=getMsg HTTP/1.1" 200 27
114.84.5.35 - - [12/Sep/2022:09:44:59 +0800] "GET /xingrg/all/function/internal_message.html?_=1662947098687&CODE_STATE=getMsg HTTP/1.1" 200 27
58.221.95.50 - - [12/Sep/2022:09:45:02 +0800] "POST /xingrg/kc/base/wldb_order_operate.html HTTP/1.1" 200 12
180.169.147.146 - - [12/Sep/2022:09:45:03 +0800] "GET /xingrg/all/function/internal_message.html?_=1662947114016&CODE_STATE=getMsg HTTP/1.1" 200 27
124.79.74.72 - - [12/Sep/2022:09:45:04 +0800] "GET /xingrg/kc/buy/cgsh_order_operate.html?command=get_materiel&rest_code=00156&code=00101011004&supplier_code=00100012&order_time=2022-09-12 HTTP/1.1" 200 412
116.232.194.65 - - [12/Sep/2022:09:45:04 +0800] "GET /xingrg/all/function/internal_message.html?_=1662947050379&CODE_STATE=getMsg HTTP/1.1" 200 27
116.238.169.132 - - [12/Sep/2022:09:45:05 +0800] "GET /xingrg/all/function/internal_message.html?_=1662947105880&CODE_STATE=getMsg HTTP/1.1" 302 -
101.85.93.70 - - [12/Sep/2022:09:45:05 +0800] "GET /xingrg/check_reg.html?_=1662947104121 HTTP/1.1" 200 22
101.85.93.70 - - [12/Sep/2022:09:45:05 +0800] "GET /xingrg/all/function/internal_message.html?_=1662947104125&CODE_STATE=getMsg HTTP/1.1" 200 27
58.37.150.172 - - [12/Sep/2022:09:45:11 +0800] "GET /xingrg/login_supplier.html HTTP/1.1" 302 -
58.37.150.172 - - [12/Sep/2022:09:45:11 +0800] "GET /xingrg/supplier_index.html?sysBaseUrl=http%3A%2F%2F180.169.147.146%3A18081%2Fxingrg%2F&costTime=0×tamp=1662947111803 HTTP/1.1" 200 9061
58.37.150.172 - - [12/Sep/2022:09:45:12 +0800] "GET /favicon.ico HTTP/1.1" 404 -
124.79.74.72 - - [12/Sep/2022:09:45:12 +0800] "GET /xingrg/kc/buy/cgsh_order_operate.html?command=get_materiel&rest_code=00156&code=00102008106&supplier_code=00100012&order_time=2022-09-12 HTTP/1.1" 200 408
58.37.150.172 - - [12/Sep/2022:09:45:14 +0800] "GET /xingrg/supplier/cgsh_order_list.html HTTP/1.1" 200 10896
116.224.255.128 - - [12/Sep/2022:09:45:14 +0800] "GET /xingrg/check_reg.html?_=1662947055039 HTTP/1.1" 200 22
116.224.255.128 - - [12/Sep/2022:09:45:14 +0800] "GET /xingrg/all/function/internal_message.html?_=1662947055159&CODE_STATE=getMsg HTTP/1.1" 200 27
58.221.95.50 - - [12/Sep/2022:09:45:15 +0800] "GET /xingrg/all/function/internal_message.html?_=1662947115192&CODE_STATE=getMsg HTTP/1.1" 200 27
116.238.169.132 - - [12/Sep/2022:09:45:15 +0800] "POST /xingrg/kc/buy/cgsh_list_operate.html HTTP/1.1" 200 869
120.253.135.82 - - [12/Sep/2022:09:45:16 +0800] "GET /xingrg/all/function/internal_message.html?_=1662947233636&CODE_STATE=getMsg HTTP/1.1" 200 27
58.221.95.50 - - [12/Sep/2022:09:45:16 +0800] "GET /xingrg/kc/base/wldb_order_info.html?code=422022091201036 HTTP/1.1" 200 26278
58.221.95.50 - - [12/Sep/2022:09:45:16 +0800] "GET /xingrg/javascript/easyui/themes/default/validatebox.css HTTP/1.1" 404 1104
116.238.169.132 - - [12/Sep/2022:09:45:16 +0800] "GET /xingrg/kc/base/yddb_order_list.html HTTP/1.1" 200 16786
58.221.95.50 - - [12/Sep/2022:09:45:16 +0800] "POST /xingrg/kc/base/wldb_order_operate.html HTTP/1.1" 200 480
116.238.169.132 - - [12/Sep/2022:09:45:17 +0800] "POST /xingrg/kc/base/yddb_list_operate.html HTTP/1.1" 200 636
58.37.150.172 - - [12/Sep/2022:09:45:17 +0800] "POST /xingrg/supplier/cgsh_list_operate.html HTTP/1.1" 200 5848
124.79.74.72 - - [12/Sep/2022:09:45:18 +0800] "GET /xingrg/kc/buy/cgsh_order_operate.html?command=get_materiel&rest_code=00156&code=00101007109&supplier_code=00100012&order_time=2022-09-12 HTTP/1.1" 200 408
116.238.169.132 - - [12/Sep/2022:09:45:18 +0800] "GET /xingrg/kc/base/yddb_order_add.html HTTP/1.1" 200 29835
116.238.169.132 - - [12/Sep/2022:09:45:18 +0800] "GET /xingrg/dwr/interface/AjaxYddbService.js HTTP/1.1" 200 13201
116.238.169.132 - - [12/Sep/2022:09:45:18 +0800] "GET /xingrg/dwr/interface/AjaxComOrderService.js HTTP/1.1" 200 18264
116.238.169.132 - - [12/Sep/2022:09:45:18 +0800] "GET /xingrg/dwr/util.js HTTP/1.1" 304 -
116.238.169.132 - - [12/Sep/2022:09:45:18 +0800] "GET /xingrg/dwr/engine.js HTTP/1.1" 200 43631
180.169.147.146 - - [12/Sep/2022:09:45:21 +0800] "GET /xingrg/check_reg.html?_=1662947121174 HTTP/1.1" 200 22
180.169.147.146 - - [12/Sep/2022:09:45:21 +0800] "GET /xingrg/all/function/internal_message.html?_=1662947121176&CODE_STATE=getMsg HTTP/1.1" 200 27
116.238.169.132 - - [12/Sep/2022:09:45:21 +0800] "POST /xingrg/dwr/call/plaincall/AjaxYddbService.getRestBases.dwr HTTP/1.1" 200 1067
116.225.121.189 - - [12/Sep/2022:09:45:22 +0800] "GET /xingrg/all/function/internal_message.html?_=1662947123877&CODE_STATE=getMsg HTTP/1.1" 200 27
58.37.150.172 - - [12/Sep/2022:09:45:23 +0800] "POST /xingrg/supplier/cgsh_list_operate.html HTTP/1.1" 200 442
58.221.95.50 - - [12/Sep/2022:09:45:27 +0800] "POST /xingrg/dwr/call/plaincall/AjaxCheckService.importOrderItems.dwr HTTP/1.1" 200 78
116.235.94.249 - - [12/Sep/2022:09:45:28 +0800] "GET /xingrg/all/function/internal_message.html?_=1662947322417&CODE_STATE=getMsg HTTP/1.1" 200 27
58.221.95.50 - - [12/Sep/2022:09:45:29 +0800] "POST /xingrg/dwr/call/plaincall/AjaxCheckService.loadOrderItems.dwr HTTP/1.1" 200 20414
124.79.74.72 - - [12/Sep/2022:09:45:34 +0800] "GET /xingrg/kc/buy/cgsh_order_operate.html?command=get_materiel&rest_code=00156&code=00101011001&supplier_code=00100012&order_time=2022-09-12 HTTP/1.1" 200 423
116.238.169.132 - - [12/Sep/2022:09:45:34 +0800] "POST /xingrg/dwr/call/plaincall/AjaxYddbService.saveOrder.dwr HTTP/1.1" 200 78
116.238.169.132 - - [12/Sep/2022:09:45:35 +0800] "POST /xingrg/dwr/call/plaincall/AjaxComOrderService.getMaterielSearchList.dwr HTTP/1.1" 200 76
116.238.169.132 - - [12/Sep/2022:09:45:37 +0800] "POST /xingrg/dwr/call/plaincall/AjaxComOrderService.getMaterielSearchList.dwr HTTP/1.1" 200 21011
116.238.169.132 - - [12/Sep/2022:09:45:38 +0800] "POST /xingrg/dwr/call/plaincall/AjaxComOrderService.getMaterielSearchList.dwr HTTP/1.1" 200 21011
114.83.219.57 - - [12/Sep/2022:09:45:40 +0800] "GET /xingrg/all/function/internal_message.html?_=1662947222094&CODE_STATE=getMsg HTTP/1.1" 200 27
58.221.95.50 - - [12/Sep/2022:09:45:40 +0800] "POST /xingrg/kc/base/wldb_list_operate.html HTTP/1.1" 200 6229
116.238.169.132 - - [12/Sep/2022:09:45:40 +0800] "POST /xingrg/dwr/call/plaincall/AjaxYddbService.getMaterielByMap.dwr HTTP/1.1" 200 2762
222.70.246.221 - - [12/Sep/2022:09:45:40 +0800] "GET /xingrg/all/function/internal_message.html?_=1662947142132&CODE_STATE=getMsg HTTP/1.1" 200 27
114.83.221.9 - - [12/Sep/2022:09:45:44 +0800] "GET /xingrg/all/function/internal_message.html?_=1662947143255&CODE_STATE=getMsg HTTP/1.1" 200 27
116.238.169.132 - - [12/Sep/2022:09:45:46 +0800] "GET /xingrg/images/yd/bt.gif HTTP/1.1" 404 1040
58.221.95.50 - - [12/Sep/2022:09:45:47 +0800] "POST /xingrg/kc/base/wldb_list_operate.html HTTP/1.1" 200 205
116.238.169.132 - - [12/Sep/2022:09:45:49 +0800] "POST /xingrg/dwr/call/plaincall/AjaxYddbService.saveMaterielItem.dwr HTTP/1.1" 200 78
114.84.81.136 - - [12/Sep/2022:09:45:51 +0800] "POST /xingrg/services/DataTransmitService HTTP/1.1" 200 524
124.79.74.72 - - [12/Sep/2022:09:45:52 +0800] "GET /xingrg/kc/buy/cgsh_order_operate.html?command=get_materiel&rest_code=00156&code=00101001075&supplier_code=00100012&order_time=2022-09-12 HTTP/1.1" 200 409
114.88.158.224 - - [12/Sep/2022:09:45:57 +0800] "GET /xingrg/all/function/internal_message.html?_=1662946813787&CODE_STATE=getMsg HTTP/1.1" 200 27
124.79.74.72 - - [12/Sep/2022:09:45:58 +0800] "GET /xingrg/all/function/internal_message.html?_=1662947155719&CODE_STATE=getMsg HTTP/1.1" 200 27
114.84.5.35 - - [12/Sep/2022:09:45:59 +0800] "GET /xingrg/all/function/internal_message.html?_=1662947158687&CODE_STATE=getMsg HTTP/1.1" 200 27
124.79.74.72 - - [12/Sep/2022:09:46:02 +0800] "GET /xingrg/kc/buy/cgsh_order_operate.html?command=get_materiel&rest_code=00156&code=00101007059&supplier_code=00100012&order_time=2022-09-12 HTTP/1.1" 200 409
180.169.147.146 - - [12/Sep/2022:09:46:03 +0800] "GET /xingrg/all/function/internal_message.html?_=1662947174029&CODE_STATE=getMsg HTTP/1.1" 200 27
116.238.169.132 - - [12/Sep/2022:09:46:03 +0800] "POST /xingrg/dwr/call/plaincall/AjaxYddbService.checkOrder.dwr HTTP/1.1" 200 78
116.232.194.65 - - [12/Sep/2022:09:46:03 +0800] "GET /xingrg/check_reg.html?_=1662947109386 HTTP/1.1" 200 22
116.232.194.65 - - [12/Sep/2022:09:46:04 +0800] "GET /xingrg/all/function/internal_message.html?_=1662947110358&CODE_STATE=getMsg HTTP/1.1" 200 27
116.238.169.132 - - [12/Sep/2022:09:46:05 +0800] "GET /xingrg/all/function/internal_message.html?_=1662947165894&CODE_STATE=getMsg HTTP/1.1" 302 -
101.85.93.70 - - [12/Sep/2022:09:46:05 +0800] "GET /xingrg/all/function/internal_message.html?_=1662947164125&CODE_STATE=getMsg HTTP/1.1" 200 27
116.238.169.132 - - [12/Sep/2022:09:46:06 +0800] "GET /xingrg/kc/base/yddb_order_info.html?code=482022091200149 HTTP/1.1" 200 29624
116.238.169.132 - - [12/Sep/2022:09:46:06 +0800] "GET /xingrg/dwr/interface/AjaxYddbService.js HTTP/1.1" 200 13201
116.238.169.132 - - [12/Sep/2022:09:46:06 +0800] "GET /xingrg/dwr/interface/AjaxComOrderService.js HTTP/1.1" 200 18264
116.238.169.132 - - [12/Sep/2022:09:46:06 +0800] "GET /xingrg/dwr/engine.js HTTP/1.1" 200 43631
116.238.169.132 - - [12/Sep/2022:09:46:07 +0800] "POST /xingrg/dwr/call/plaincall/AjaxYddbService.loadMaterielItems.dwr HTTP/1.1" 200 381
116.238.169.132 - - [12/Sep/2022:09:46:10 +0800] "GET /xingrg/kc/base/yddb_order_report.html?fileType=servlets/html&code=482022091200149&reportName=ck_order_report&subName=yddb HTTP/1.1" 302 -
116.238.169.132 - - [12/Sep/2022:09:46:10 +0800] "GET /xingrg/servlets/html?sysBaseUrl=http%3A%2F%2F180.169.147.146%3A18081%2Fxingrg%2F&costTime=587×tamp=1662947170638 HTTP/1.1" 200 14747
116.238.169.132 - - [12/Sep/2022:09:46:10 +0800] "GET /xingrg/servlets/image?image=px HTTP/1.1" 200 807
116.238.169.132 - - [12/Sep/2022:09:46:10 +0800] "GET /favicon.ico HTTP/1.1" 404 -
222.70.246.221 - - [12/Sep/2022:09:46:11 +0800] "POST /xingrg/services/DataTransmitService HTTP/1.1" 200 524
116.224.255.128 - - [12/Sep/2022:09:46:14 +0800] "GET /xingrg/all/function/internal_message.html?_=1662947115173&CODE_STATE=getMsg HTTP/1.1" 200 27
58.221.95.50 - - [12/Sep/2022:09:46:15 +0800] "GET /xingrg/all/function/internal_message.html?_=1662947175176&CODE_STATE=getMsg HTTP/1.1" 200 27
120.253.135.82 - - [12/Sep/2022:09:46:16 +0800] "GET /xingrg/all/function/internal_message.html?_=1662947293641&CODE_STATE=getMsg HTTP/1.1" 200 27
116.238.169.132 - - [12/Sep/2022:09:46:19 +0800] "GET /xingrg/check_reg.html?_=1662947180114 HTTP/1.1" 200 22
180.169.147.146 - - [12/Sep/2022:09:46:21 +0800] "GET /xingrg/all/function/internal_message.html?_=1662947181172&CODE_STATE=getMsg HTTP/1.1" 200 27
116.225.121.189 - - [12/Sep/2022:09:46:22 +0800] "GET /xingrg/all/function/internal_message.html?_=1662947183877&CODE_STATE=getMsg HTTP/1.1" 200 27
116.235.94.249 - - [12/Sep/2022:09:46:28 +0800] "GET /xingrg/all/function/internal_message.html?_=1662947382416&CODE_STATE=getMsg HTTP/1.1" 200 27
124.79.74.72 - - [12/Sep/2022:09:46:29 +0800] "GET /xingrg/kc/buy/cgsh_order_operate.html?command=get_materiel&rest_code=00156&code=00101006038&supplier_code=00100012&order_time=2022-09-12 HTTP/1.1" 200 421
114.83.219.57 - - [12/Sep/2022:09:46:40 +0800] "GET /xingrg/check_reg.html?_=1662947282087 HTTP/1.1" 200 22
114.83.219.57 - - [12/Sep/2022:09:46:40 +0800] "GET /xingrg/all/function/internal_message.html?_=1662947282089&CODE_STATE=getMsg HTTP/1.1" 200 27
222.70.246.221 - - [12/Sep/2022:09:46:40 +0800] "GET /xingrg/all/function/internal_message.html?_=1662947202143&CODE_STATE=getMsg HTTP/1.1" 200 27
114.83.221.9 - - [12/Sep/2022:09:46:44 +0800] "GET /xingrg/all/function/internal_message.html?_=1662947203238&CODE_STATE=getMsg HTTP/1.1" 200 27
58.221.95.50 - - [12/Sep/2022:09:46:47 +0800] "GET /xingrg/kc/base/base_main.html HTTP/1.1" 200 12142
58.221.95.50 - - [12/Sep/2022:09:46:48 +0800] "GET /xingrg/kc/base/check_order_list.html HTTP/1.1" 200 16303
58.221.95.50 - - [12/Sep/2022:09:46:48 +0800] "POST /xingrg/kc/base/check_list_operate.html HTTP/1.1" 200 1905
58.221.95.50 - - [12/Sep/2022:09:46:50 +0800] "GET /xingrg/kc/base/check_order_info.html?code=452022090900096 HTTP/1.1" 200 25306
58.221.95.50 - - [12/Sep/2022:09:46:50 +0800] "GET /xingrg/dwr/interface/AjaxCheckService.js HTTP/1.1" 200 14003
58.221.95.50 - - [12/Sep/2022:09:46:50 +0800] "GET /xingrg/dwr/interface/AjaxComOrderService.js HTTP/1.1" 200 18264
58.221.95.50 - - [12/Sep/2022:09:46:50 +0800] "GET /xingrg/dwr/engine.js HTTP/1.1" 200 43631
58.221.95.50 - - [12/Sep/2022:09:46:51 +0800] "POST /xingrg/dwr/call/plaincall/AjaxCheckService.loadOrderItems.dwr HTTP/1.1" 200 84701
180.169.147.146 - - [12/Sep/2022:09:46:52 +0800] "GET /xingrg/index.html?sysBaseUrl=http%3A%2F%2F180.169.147.146%3A18081%2Fxingrg%2F&costTime=39×tamp=1592034574635 HTTP/1.1" 200 17503
180.169.147.146 - - [12/Sep/2022:09:46:53 +0800] "GET /favicon.ico HTTP/1.1" 404 -
180.169.147.146 - - [12/Sep/2022:09:46:53 +0800] "GET /xingrg/all/function/internal_message.html?_=1662947213204&CODE_STATE=count HTTP/1.1" 200 11
180.169.147.146 - - [12/Sep/2022:09:46:53 +0800] "GET /xingrg/check_reg.html?_=1662947213204 HTTP/1.1" 200 22
180.169.147.146 - - [12/Sep/2022:09:46:53 +0800] "POST /xingrg/all/common/load_tree.html?tree=area_rest_tree_json&manage=1 HTTP/1.1" 200 3472
180.169.147.146 - - [12/Sep/2022:09:46:53 +0800] "POST /xingrg/load_menu.html HTTP/1.1" 200 11564
124.79.74.72 - - [12/Sep/2022:09:46:54 +0800] "POST /xingrg/kc/buy/cgsh_order_operate.html HTTP/1.1" 200 37
180.169.147.146 - - [12/Sep/2022:09:46:55 +0800] "GET /xingrg/kc/base/wldb_order_list.html HTTP/1.1" 200 19435
124.79.74.72 - - [12/Sep/2022:09:46:56 +0800] "POST /xingrg/kc/buy/cgsh_order_operate.html HTTP/1.1" 200 6813
180.169.147.146 - - [12/Sep/2022:09:46:56 +0800] "POST /xingrg/kc/base/wldb_list_operate.html HTTP/1.1" 200 928
114.88.158.224 - - [12/Sep/2022:09:46:57 +0800] "GET /xingrg/all/function/internal_message.html?_=1662946873766&CODE_STATE=getMsg HTTP/1.1" 200 27
124.79.74.72 - - [12/Sep/2022:09:46:57 +0800] "GET /xingrg/kc/print/load_data.html?order_code=212022091204361&kc_code=cgsh&condition= HTTP/1.1" 200 2363
124.79.74.72 - - [12/Sep/2022:09:46:58 +0800] "GET /xingrg/all/function/internal_message.html?_=1662947215930&CODE_STATE=getMsg HTTP/1.1" 200 27
114.84.5.35 - - [12/Sep/2022:09:46:59 +0800] "GET /xingrg/all/function/internal_message.html?_=1662947218679&CODE_STATE=getMsg HTTP/1.1" 200 27
124.79.74.72 - - [12/Sep/2022:09:47:02 +0800] "GET /xingrg/kc/buy/cgsh_order_add.html HTTP/1.1" 200 68762
124.79.74.72 - - [12/Sep/2022:09:47:03 +0800] "POST /xingrg/kc/buy/cgsh_order_operate.html HTTP/1.1" 200 8245
124.79.74.72 - - [12/Sep/2022:09:47:03 +0800] "GET /xingrg/javascript/easyui/themes/default/validatebox.css HTTP/1.1" 404 1104
180.169.147.146 - - [12/Sep/2022:09:47:03 +0800] "POST /xingrg/all/user/operate.html HTTP/1.1" 200 36
180.169.147.146 - - [12/Sep/2022:09:47:03 +0800] "GET /xingrg/check_reg.html?_=1662947234021 HTTP/1.1" 200 22
180.169.147.146 - - [12/Sep/2022:09:47:03 +0800] "GET /xingrg/index.html?sysBaseUrl=http%3A%2F%2F180.169.147.146%3A18081%2Fxingrg%2F&costTime=39×tamp=1592034574635 HTTP/1.1" 200 17507
180.169.147.146 - - [12/Sep/2022:09:47:03 +0800] "GET /xingrg/all/function/internal_message.html?_=1662947234023&CODE_STATE=getMsg HTTP/1.1" 200 27
180.169.147.146 - - [12/Sep/2022:09:47:03 +0800] "GET /xingrg/javascript/jquery_easy_ui/themes/default/easyui.css HTTP/1.1" 304 -
180.169.147.146 - - [12/Sep/2022:09:47:03 +0800] "GET /xingrg/javascript/jquery_easy_ui/themes/icon.css HTTP/1.1" 304 -
180.169.147.146 - - [12/Sep/2022:09:47:03 +0800] "GET /xingrg/css/form.css HTTP/1.1" 304 -
180.169.147.146 - - [12/Sep/2022:09:47:03 +0800] "GET /xingrg/javascript/jquery-1.4.2.min.js HTTP/1.1" 304 -
180.169.147.146 - - [12/Sep/2022:09:47:03 +0800] "GET /xingrg/javascript/jquery_easy_ui/jquery.easyui.min.js HTTP/1.1" 304 -
180.169.147.146 - - [12/Sep/2022:09:47:03 +0800] "GET /xingrg/javascript/jquery_easy_ui/easyui-lang-zh_CN.js HTTP/1.1" 304 -
180.169.147.146 - - [12/Sep/2022:09:47:03 +0800] "GET /xingrg/javascript/jquery.form.js HTTP/1.1" 304 -
180.169.147.146 - - [12/Sep/2022:09:47:03 +0800] "GET /xingrg/javascript/jquery.utils.js HTTP/1.1" 304 -
180.169.147.146 - - [12/Sep/2022:09:47:03 +0800] "GET /xingrg/javascript/jquery.timers.js HTTP/1.1" 304 -
180.169.147.146 - - [12/Sep/2022:09:47:03 +0800] "GET /xingrg/images/blue/jxLogo.png HTTP/1.1" 304 -
180.169.147.146 - - [12/Sep/2022:09:47:03 +0800] "GET /xingrg/images/blue/navBackgound.jpg HTTP/1.1" 304 -
180.169.147.146 - - [12/Sep/2022:09:47:03 +0800] "GET /xingrg/javascript/jquery_easy_ui/themes/icons/settle_new.png HTTP/1.1" 304 -
180.169.147.146 - - [12/Sep/2022:09:47:03 +0800] "GET /xingrg/all/function/internal_message.html?_=1662947223513&CODE_STATE=count HTTP/1.1" 200 11
180.169.147.146 - - [12/Sep/2022:09:47:03 +0800] "GET /xingrg/check_reg.html?_=1662947223513 HTTP/1.1" 200 22
180.169.147.146 - - [12/Sep/2022:09:47:03 +0800] "GET /xingrg/javascript/jquery_easy_ui/themes/default/images/tabs_rightarrow.png HTTP/1.1" 304 -
180.169.147.146 - - [12/Sep/2022:09:47:03 +0800] "GET /xingrg/javascript/jquery_easy_ui/themes/default/images/panel_tool_collapse.gif HTTP/1.1" 304 -
180.169.147.146 - - [12/Sep/2022:09:47:03 +0800] "GET /xingrg/images/blue/pingpu.png HTTP/1.1" 304 -
180.169.147.146 - - [12/Sep/2022:09:47:03 +0800] "GET /xingrg/javascript/jquery_easy_ui/themes/default/images/panel_tool_expand.gif HTTP/1.1" 304 -
180.169.147.146 - - [12/Sep/2022:09:47:03 +0800] "GET /xingrg/javascript/jquery_easy_ui/themes/default/images/tabs_leftarrow.png HTTP/1.1" 304 -
180.169.147.146 - - [12/Sep/2022:09:47:03 +0800] "POST /xingrg/all/common/load_tree.html?tree=area_rest_tree_json&manage=1 HTTP/1.1" 200 3472
180.169.147.146 - - [12/Sep/2022:09:47:03 +0800] "POST /xingrg/load_menu.html HTTP/1.1" 200 9959
116.232.194.65 - - [12/Sep/2022:09:47:04 +0800] "GET /xingrg/all/function/internal_message.html?_=1662947170343&CODE_STATE=getMsg HTTP/1.1" 200 27
116.238.169.132 - - [12/Sep/2022:09:47:05 +0800] "GET /xingrg/check_reg.html?_=1662947225895 HTTP/1.1" 302 -
116.238.169.132 - - [12/Sep/2022:09:47:05 +0800] "GET /xingrg/all/function/internal_message.html?_=1662947225893&CODE_STATE=getMsg HTTP/1.1" 302 -
101.85.93.70 - - [12/Sep/2022:09:47:05 +0800] "GET /xingrg/all/function/internal_message.html?_=1662947224126&CODE_STATE=getMsg HTTP/1.1" 200 27
180.169.147.146 - - [12/Sep/2022:09:47:05 +0800] "GET /xingrg/kc/base/wldb_order_list.html HTTP/1.1" 200 19439
180.169.147.146 - - [12/Sep/2022:09:47:06 +0800] "POST /xingrg/kc/base/wldb_list_operate.html HTTP/1.1" 200 928
58.221.95.50 - - [12/Sep/2022:09:47:07 +0800] "GET /xingrg/check_reg.html?_=1662947227479 HTTP/1.1" 200 22
180.169.147.146 - - [12/Sep/2022:09:47:10 +0800] "POST /xingrg/kc/base/wldb_list_operate.html HTTP/1.1" 200 1797
180.169.147.146 - - [12/Sep/2022:09:47:11 +0800] "POST /xingrg/kc/base/wldb_list_operate.html HTTP/1.1" 200 205
180.169.147.146 - - [12/Sep/2022:09:47:13 +0800] "GET /xingrg/kc/base/wldb_order_info.html?code=422022091201036 HTTP/1.1" 200 26535
180.169.147.146 - - [12/Sep/2022:09:47:13 +0800] "GET /xingrg/javascript/jquery_tools/order_manager.js HTTP/1.1" 200 11183
180.169.147.146 - - [12/Sep/2022:09:47:13 +0800] "GET /xingrg/javascript/print/kc_print.js HTTP/1.1" 200 11415
180.169.147.146 - - [12/Sep/2022:09:47:13 +0800] "GET /xingrg/words/20220912090131_words.js HTTP/1.1" 200 920155
180.169.147.146 - - [12/Sep/2022:09:47:13 +0800] "GET /xingrg/javascript/easyui/themes/default/images/menu_downarrow.png HTTP/1.1" 200 173
180.169.147.146 - - [12/Sep/2022:09:47:13 +0800] "GET /xingrg/javascript/easyui/themes/icons/print.png HTTP/1.1" 200 1057
180.169.147.146 - - [12/Sep/2022:09:47:13 +0800] "GET /xingrg/javascript/easyui/themes/icons/cancel.png HTTP/1.1" 200 1133
114.84.5.35 - - [12/Sep/2022:09:47:13 +0800] "GET /xingrg/javascript/jquery_tools/images/prev.gif HTTP/1.1" 404 1086
114.84.5.35 - - [12/Sep/2022:09:47:13 +0800] "GET /xingrg/javascript/jquery_tools/images/next.gif HTTP/1.1" 404 1086
180.169.147.146 - - [12/Sep/2022:09:47:13 +0800] "GET /xingrg/javascript/easyui/themes/default/validatebox.css HTTP/1.1" 404 1104
180.169.147.146 - - [12/Sep/2022:09:47:13 +0800] "GET /xingrg/javascript/easyui/plugins/jquery.validatebox.js HTTP/1.1" 200 6103
180.169.147.146 - - [12/Sep/2022:09:47:13 +0800] "GET /xingrg/javascript/easyui/plugins/jquery.numberbox.js HTTP/1.1" 200 5213
180.169.147.146 - - [12/Sep/2022:09:47:13 +0800] "POST /xingrg/kc/base/wldb_order_operate.html HTTP/1.1" 200 480
180.169.147.146 - - [12/Sep/2022:09:47:13 +0800] "GET /xingrg/javascript/easyui/themes/icons/edit_remove.png HTTP/1.1" 200 625
124.79.74.72 - - [12/Sep/2022:09:47:14 +0800] "GET /xingrg/kc/buy/cgsh_order_operate.html?command=get_materiel&rest_code=00156&code=00101008005&supplier_code=00100006&order_time=2022-09-12 HTTP/1.1" 200 412
116.224.255.128 - - [12/Sep/2022:09:47:14 +0800] "GET /xingrg/all/function/internal_message.html?_=1662947175186&CODE_STATE=getMsg HTTP/1.1" 200 27
58.221.95.50 - - [12/Sep/2022:09:47:15 +0800] "GET /xingrg/all/function/internal_message.html?_=1662947235162&CODE_STATE=getMsg HTTP/1.1" 200 27
120.253.135.82 - - [12/Sep/2022:09:47:16 +0800] "GET /xingrg/all/function/internal_message.html?_=1662947353678&CODE_STATE=getMsg HTTP/1.1" 200 27
