114.84.81.136 - - [12/Sep/2022:11:04:50 +0800] "POST /xingrg/all/common/load_tree.html?tree=area_rest_tree_json&manage=1 HTTP/1.1" 200 3472
114.84.81.136 - - [12/Sep/2022:11:04:50 +0800] "POST /xingrg/load_menu.html HTTP/1.1" 200 9959
114.84.81.136 - - [12/Sep/2022:11:04:50 +0800] "GET /xingrg/javascript/jquery_easy_ui/themes/default/images/tree_folder.gif HTTP/1.1" 200 952
114.84.81.136 - - [12/Sep/2022:11:04:51 +0800] "GET /xingrg/javascript/jquery_easy_ui/themes/default/images/tabs_close.gif HTTP/1.1" 200 829
114.84.81.136 - - [12/Sep/2022:11:04:51 +0800] "GET /xingrg/kc/base/base_main.html HTTP/1.1" 200 12142
114.84.81.136 - - [12/Sep/2022:11:04:51 +0800] "GET /xingrg/javascript/pic_change.js HTTP/1.1" 200 4739
114.84.81.136 - - [12/Sep/2022:11:04:51 +0800] "GET /xingrg/css/blue.css HTTP/1.1" 200 15949
114.84.81.136 - - [12/Sep/2022:11:04:51 +0800] "GET /xingrg/images/blue/button/wlsy.gif HTTP/1.1" 200 2536
114.84.81.136 - - [12/Sep/2022:11:04:51 +0800] "GET /xingrg/images/blue/button/ckpd.gif HTTP/1.1" 200 2051
114.84.81.136 - - [12/Sep/2022:11:04:51 +0800] "GET /xingrg/javascript/myfunction.js HTTP/1.1" 200 24559
114.84.81.136 - - [12/Sep/2022:11:04:51 +0800] "GET /xingrg/images/blue/button/kc.gif HTTP/1.1" 200 2160
114.84.81.136 - - [12/Sep/2022:11:04:51 +0800] "GET /xingrg/images/blue/button/ckdb.gif HTTP/1.1" 200 1950
114.84.81.136 - - [12/Sep/2022:11:04:51 +0800] "GET /xingrg/images/blue/button/yddb.gif HTTP/1.1" 200 2040
114.84.81.136 - - [12/Sep/2022:11:04:51 +0800] "GET /xingrg/images/blue/pic_form2.gif HTTP/1.1" 200 1853
114.84.81.136 - - [12/Sep/2022:11:04:51 +0800] "GET /xingrg/images/blue/button/top_left.jpg HTTP/1.1" 200 1632
114.84.81.136 - - [12/Sep/2022:11:04:51 +0800] "GET /xingrg/images/blue/button/top_right.jpg HTTP/1.1" 200 1708
114.84.81.136 - - [12/Sep/2022:11:04:51 +0800] "GET /xingrg/images/blue/button/down.jpg HTTP/1.1" 200 1560
114.84.81.136 - - [12/Sep/2022:11:04:51 +0800] "GET /xingrg/images/blue/button/right_ah.jpg HTTP/1.1" 200 1744
114.84.81.136 - - [12/Sep/2022:11:04:51 +0800] "GET /xingrg/images/blue/button/bottom_left.jpg HTTP/1.1" 200 1524
114.84.81.136 - - [12/Sep/2022:11:04:51 +0800] "GET /xingrg/images/blue/button/left_ah.jpg HTTP/1.1" 200 1643
114.84.81.136 - - [12/Sep/2022:11:04:51 +0800] "GET /xingrg/images/blue/button/bottom_right.jpg HTTP/1.1" 200 1436
114.84.81.136 - - [12/Sep/2022:11:04:51 +0800] "GET /xingrg/images/blue/bg_dotted.jpg HTTP/1.1" 200 319
114.84.81.136 - - [12/Sep/2022:11:04:53 +0800] "GET /xingrg/javascript/jquery_easy_ui/themes/default/images/tree_file.gif HTTP/1.1" 200 118
116.237.72.180 - - [12/Sep/2022:11:04:54 +0800] "GET /xingrg/all/function/internal_message.html?_=1662951894609&CODE_STATE=getMsg HTTP/1.1" 200 27
114.84.81.136 - - [12/Sep/2022:11:04:54 +0800] "GET /xingrg/kc/buy/cgsh_order_list.html HTTP/1.1" 200 53156
114.84.81.136 - - [12/Sep/2022:11:04:54 +0800] "GET /xingrg/css/base.css HTTP/1.1" 200 2811
114.84.81.136 - - [12/Sep/2022:11:04:54 +0800] "GET /xingrg/css/site.css HTTP/1.1" 200 7541
114.84.81.136 - - [12/Sep/2022:11:04:54 +0800] "GET /xingrg/javascript/jquery_tools/datebox.css HTTP/1.1" 200 2597
114.84.81.136 - - [12/Sep/2022:11:04:54 +0800] "GET /xingrg/javascript/auto/jquery.autocomplete.css HTTP/1.1" 200 587
114.84.81.136 - - [12/Sep/2022:11:04:54 +0800] "GET /xingrg/javascript/easyui/themes/icon.css HTTP/1.1" 200 4483
114.84.81.136 - - [12/Sep/2022:11:04:54 +0800] "GET /xingrg/javascript/jquery_tools/fix.css HTTP/1.1" 200 1702
114.84.81.136 - - [12/Sep/2022:11:04:54 +0800] "GET /xingrg/javascript/jquery_tools/table.css HTTP/1.1" 200 1032
114.84.81.136 - - [12/Sep/2022:11:04:54 +0800] "GET /xingrg/javascript/easyui/themes/default/easyui.css HTTP/1.1" 200 30432
114.84.81.136 - - [12/Sep/2022:11:04:54 +0800] "GET /xingrg/javascript/jquery_tools/jquery.tools.min.js HTTP/1.1" 200 138801
114.84.81.136 - - [12/Sep/2022:11:04:54 +0800] "GET /xingrg/javascript/jquery_tools/jquery.tools.hotkey.js HTTP/1.1" 200 3242
114.84.81.136 - - [12/Sep/2022:11:04:54 +0800] "GET /xingrg/javascript/jquery_tools/jquery.tools.table.js HTTP/1.1" 200 6994
114.84.81.136 - - [12/Sep/2022:11:04:54 +0800] "GET /xingrg/javascript/jquery_tools/list_manager.js HTTP/1.1" 200 3652
114.84.81.136 - - [12/Sep/2022:11:04:54 +0800] "GET /xingrg/javascript/jquery_tools/jquery.tools.extend.js HTTP/1.1" 200 15385
114.84.81.136 - - [12/Sep/2022:11:04:54 +0800] "GET /xingrg/javascript/auto/jquery.autocomplete.js HTTP/1.1" 200 21624
114.84.81.136 - - [12/Sep/2022:11:04:54 +0800] "GET /xingrg/javascript/easyui/easyloader.js HTTP/1.1" 200 5975
114.84.81.136 - - [12/Sep/2022:11:04:54 +0800] "GET /xingrg/javascript/jquery.cookie.js HTTP/1.1" 200 5513
114.84.81.136 - - [12/Sep/2022:11:04:54 +0800] "GET /xingrg/javascript/print/LodopFuncs.js HTTP/1.1" 200 5121
114.84.81.136 - - [12/Sep/2022:11:04:54 +0800] "GET /xingrg/javascript/easyui/themes/icons/edit_add_new.png HTTP/1.1" 200 2997
114.84.81.136 - - [12/Sep/2022:11:04:54 +0800] "GET /xingrg/javascript/easyui/themes/icons/cance_new.png HTTP/1.1" 200 3986
114.84.81.136 - - [12/Sep/2022:11:04:54 +0800] "GET /xingrg/javascript/easyui/themes/icons/check_new.png HTTP/1.1" 200 3224
114.84.81.136 - - [12/Sep/2022:11:04:54 +0800] "GET /xingrg/javascript/easyui/themes/icons/field_new.png HTTP/1.1" 200 1097
114.84.81.136 - - [12/Sep/2022:11:04:54 +0800] "GET /xingrg/javascript/easyui/themes/icons/uncheck_new.png HTTP/1.1" 200 3197
114.84.81.136 - - [12/Sep/2022:11:04:54 +0800] "GET /xingrg/javascript/easyui/themes/icons/import_new.png HTTP/1.1" 200 1247
114.84.81.136 - - [12/Sep/2022:11:04:54 +0800] "GET /xingrg/javascript/easyui/plugins/jquery.parser.js HTTP/1.1" 200 1142
114.84.81.136 - - [12/Sep/2022:11:04:57 +0800] "POST /xingrg/kc/buy/cgsh_list_operate.html HTTP/1.1" 200 869
114.84.81.136 - - [12/Sep/2022:11:04:57 +0800] "GET /xingrg/index.html?sysBaseUrl=http%3A%2F%2F180.169.147.146%3A18081%2Fxingrg%2F&costTime=1149×tamp=1662951883921 HTTP/1.1" 200 17509
114.84.81.136 - - [12/Sep/2022:11:04:57 +0800] "GET /xingrg/javascript/jquery_easy_ui/themes/default/easyui.css HTTP/1.1" 200 26500
114.84.81.136 - - [12/Sep/2022:11:04:57 +0800] "GET /xingrg/javascript/jquery-1.4.2.min.js HTTP/1.1" 200 72205
114.84.81.136 - - [12/Sep/2022:11:04:57 +0800] "GET /xingrg/css/form.css HTTP/1.1" 200 893
180.169.147.146 - - [12/Sep/2022:11:04:57 +0800] "GET /xingrg/kc/buy/cgsh_order_add.html HTTP/1.1" 200 68680
180.169.147.146 - - [12/Sep/2022:11:04:57 +0800] "GET /xingrg/words/20220912110003_words.js HTTP/1.1" 304 -
114.84.81.136 - - [12/Sep/2022:11:04:57 +0800] "GET /xingrg/javascript/jquery_easy_ui/themes/icon.css HTTP/1.1" 200 3949
114.84.81.136 - - [12/Sep/2022:11:04:57 +0800] "GET /xingrg/javascript/jquery_easy_ui/jquery.easyui.min.js HTTP/1.1" 200 213662
180.169.147.146 - - [12/Sep/2022:11:04:57 +0800] "POST /xingrg/kc/buy/cgsh_order_operate.html HTTP/1.1" 200 8245
114.84.81.136 - - [12/Sep/2022:11:04:57 +0800] "GET /xingrg/javascript/jquery.form.js HTTP/1.1" 200 23110
114.84.81.136 - - [12/Sep/2022:11:04:57 +0800] "GET /xingrg/javascript/jquery.timers.js HTTP/1.1" 200 3532
180.169.147.146 - - [12/Sep/2022:11:04:57 +0800] "GET /xingrg/javascript/easyui/themes/default/validatebox.css HTTP/1.1" 404 1104
180.169.147.146 - - [12/Sep/2022:11:04:57 +0800] "GET /xingrg/all/common/auto_word.html?type=employee&rest_code=00147 HTTP/1.1" 200 101
114.84.81.136 - - [12/Sep/2022:11:04:57 +0800] "GET /xingrg/javascript/jquery.utils.js HTTP/1.1" 200 11805
114.84.81.136 - - [12/Sep/2022:11:04:57 +0800] "GET /xingrg/javascript/jquery_easy_ui/easyui-lang-zh_CN.js HTTP/1.1" 200 1900
180.169.147.146 - - [12/Sep/2022:11:04:57 +0800] "GET /xingrg/all/common/auto_word.html?type=employee&rest_code=00147 HTTP/1.1" 200 101
114.84.81.136 - - [12/Sep/2022:11:04:57 +0800] "GET /xingrg/images/blue/jxLogo.png HTTP/1.1" 200 6156
114.84.81.136 - - [12/Sep/2022:11:04:58 +0800] "GET /xingrg/all/function/internal_message.html?_=1662951888761&CODE_STATE=count HTTP/1.1" 200 11
114.84.81.136 - - [12/Sep/2022:11:04:58 +0800] "GET /xingrg/check_reg.html?_=1662951888762 HTTP/1.1" 200 22
114.84.81.136 - - [12/Sep/2022:11:04:58 +0800] "GET /xingrg/images/blue/pingpu.png HTTP/1.1" 200 231
114.84.81.136 - - [12/Sep/2022:11:04:58 +0800] "GET /xingrg/javascript/jquery_easy_ui/themes/icons/settle_new.png HTTP/1.1" 200 826
114.84.81.136 - - [12/Sep/2022:11:04:58 +0800] "GET /xingrg/javascript/jquery_easy_ui/themes/default/images/tabs_leftarrow.png HTTP/1.1" 200 389
114.84.81.136 - - [12/Sep/2022:11:04:58 +0800] "GET /xingrg/javascript/jquery_easy_ui/themes/default/images/tabs_rightarrow.png HTTP/1.1" 200 395
114.84.81.136 - - [12/Sep/2022:11:04:58 +0800] "GET /xingrg/javascript/jquery_easy_ui/themes/default/images/panel_tool_collapse.gif HTTP/1.1" 200 246
114.84.81.136 - - [12/Sep/2022:11:04:58 +0800] "GET /xingrg/images/blue/navBackgound.jpg HTTP/1.1" 200 12378
114.84.81.136 - - [12/Sep/2022:11:04:58 +0800] "GET /xingrg/javascript/jquery_easy_ui/themes/default/images/panel_tool_expand.gif HTTP/1.1" 200 247
114.84.81.136 - - [12/Sep/2022:11:04:58 +0800] "POST /xingrg/all/common/load_tree.html?tree=area_rest_tree_json&manage=1 HTTP/1.1" 200 3472
114.84.81.136 - - [12/Sep/2022:11:04:58 +0800] "GET /xingrg/javascript/jquery_easy_ui/themes/default/images/tree_arrows.gif HTTP/1.1" 200 1043
114.84.81.136 - - [12/Sep/2022:11:04:58 +0800] "GET /xingrg/javascript/jquery_easy_ui/themes/default/images/tree_folder_open.gif HTTP/1.1" 200 956
114.84.81.136 - - [12/Sep/2022:11:04:58 +0800] "GET /xingrg/javascript/jquery_easy_ui/themes/icons/area.png HTTP/1.1" 200 262
114.84.81.136 - - [12/Sep/2022:11:04:58 +0800] "GET /xingrg/javascript/jquery_easy_ui/themes/icons/manage.png HTTP/1.1" 200 696
114.84.81.136 - - [12/Sep/2022:11:04:58 +0800] "GET /xingrg/javascript/jquery_easy_ui/themes/icons/rest.png HTTP/1.1" 200 695
114.84.81.136 - - [12/Sep/2022:11:04:58 +0800] "POST /xingrg/load_menu.html HTTP/1.1" 200 9959
114.84.81.136 - - [12/Sep/2022:11:04:58 +0800] "GET /xingrg/javascript/jquery_easy_ui/themes/icons/search_new.png HTTP/1.1" 200 586
114.84.81.136 - - [12/Sep/2022:11:04:58 +0800] "GET /xingrg/javascript/jquery_easy_ui/themes/default/images/tree_folder.gif HTTP/1.1" 200 952
114.84.81.136 - - [12/Sep/2022:11:04:58 +0800] "GET /xingrg/javascript/jquery_easy_ui/themes/icons/storage_new.png HTTP/1.1" 200 853
114.84.81.136 - - [12/Sep/2022:11:04:58 +0800] "GET /xingrg/javascript/jquery_easy_ui/themes/icons/checkout_new.png HTTP/1.1" 200 744
114.84.81.136 - - [12/Sep/2022:11:04:58 +0800] "GET /xingrg/javascript/jquery_easy_ui/themes/icons/forms_new.png HTTP/1.1" 200 350
114.84.81.136 - - [12/Sep/2022:11:04:58 +0800] "GET /xingrg/javascript/jquery_easy_ui/themes/icons/setting_new.png HTTP/1.1" 200 450
114.84.81.136 - - [12/Sep/2022:11:04:58 +0800] "GET /xingrg/javascript/jquery_easy_ui/themes/icons/systemset_new.png HTTP/1.1" 200 606
114.84.81.136 - - [12/Sep/2022:11:04:58 +0800] "GET /xingrg/javascript/jquery_easy_ui/themes/default/images/tree_file.gif HTTP/1.1" 200 118
180.169.147.146 - - [12/Sep/2022:11:04:59 +0800] "GET /xingrg/all/function/internal_message.html?_=1662951899292&CODE_STATE=getMsg HTTP/1.1" 200 27
114.84.5.35 - - [12/Sep/2022:11:04:59 +0800] "GET /xingrg/all/function/internal_message.html?_=1662951899082&CODE_STATE=getMsg HTTP/1.1" 200 27
114.83.221.9 - - [12/Sep/2022:11:05:00 +0800] "GET /xingrg/kc/buy/cgsh_order_operate.html?command=get_materiel&rest_code=00149&code=00101009062&supplier_code=00100201&order_time=2022-09-12 HTTP/1.1" 200 412
114.84.81.136 - - [12/Sep/2022:11:05:01 +0800] "GET /xingrg/javascript/jquery_easy_ui/themes/default/images/tabs_close.gif HTTP/1.1" 200 829
114.84.81.136 - - [12/Sep/2022:11:05:01 +0800] "GET /xingrg/system/info/materiel_manager.html HTTP/1.1" 200 19497
114.84.81.136 - - [12/Sep/2022:11:05:01 +0800] "GET /xingrg/css/xtree.css HTTP/1.1" 200 880
114.84.81.136 - - [12/Sep/2022:11:05:01 +0800] "GET /xingrg/css/blue.css HTTP/1.1" 200 15949
114.84.81.136 - - [12/Sep/2022:11:05:01 +0800] "GET /xingrg/javascript/jquery_ui/themes/base/base.css HTTP/1.1" 200 28568
114.84.81.136 - - [12/Sep/2022:11:05:01 +0800] "GET /xingrg/javascript/pic_change.js HTTP/1.1" 200 4739
114.84.81.136 - - [12/Sep/2022:11:05:01 +0800] "GET /xingrg/javascript/Grid.js HTTP/1.1" 200 58908
114.84.81.136 - - [12/Sep/2022:11:05:01 +0800] "GET /xingrg/javascript/ToolTips.js HTTP/1.1" 200 5615
114.84.81.136 - - [12/Sep/2022:11:05:01 +0800] "GET /xingrg/dwr/interface/AjaxBaseInfoService.js HTTP/1.1" 200 21363
114.84.81.136 - - [12/Sep/2022:11:05:01 +0800] "GET /xingrg/dwr/interface/AjaxComOrderService.js HTTP/1.1" 200 18264
114.84.81.136 - - [12/Sep/2022:11:05:01 +0800] "GET /xingrg/javascript/myfunction.js HTTP/1.1" 200 24559
114.84.81.136 - - [12/Sep/2022:11:05:01 +0800] "GET /xingrg/javascript/Calendar.js HTTP/1.1" 200 31561
114.84.81.136 - - [12/Sep/2022:11:05:01 +0800] "GET /xingrg/dwr/engine.js HTTP/1.1" 200 43631
114.84.81.136 - - [12/Sep/2022:11:05:01 +0800] "GET /xingrg/javascript/print/LodopFuncs.js HTTP/1.1" 200 5121
114.84.81.136 - - [12/Sep/2022:11:05:01 +0800] "GET /xingrg/dwr/util.js HTTP/1.1" 200 35990
114.84.81.136 - - [12/Sep/2022:11:05:01 +0800] "GET /xingrg/javascript/xtree.js HTTP/1.1" 200 26582
114.84.81.136 - - [12/Sep/2022:11:05:01 +0800] "GET /xingrg/javascript/jquery_easy_ui/themes/icons/import_new.png HTTP/1.1" 200 1247
114.84.81.136 - - [12/Sep/2022:11:05:01 +0800] "GET /xingrg/javascript/jquery_easy_ui/themes/icons/print_new.png HTTP/1.1" 200 3580
114.84.81.136 - - [12/Sep/2022:11:05:01 +0800] "GET /xingrg/javascript/jquery_easy_ui/themes/icons/back_new.png HTTP/1.1" 200 3414
180.169.147.146 - - [12/Sep/2022:11:05:01 +0800] "GET /xingrg/javascript/jquery_tools/images/prev.gif HTTP/1.1" 404 1086
180.169.147.146 - - [12/Sep/2022:11:05:01 +0800] "GET /xingrg/javascript/jquery_tools/images/next.gif HTTP/1.1" 404 1086
116.232.194.65 - - [12/Sep/2022:11:05:03 +0800] "GET /xingrg/all/function/internal_message.html?_=1662951849390&CODE_STATE=getMsg HTTP/1.1" 200 27
116.238.169.132 - - [12/Sep/2022:11:05:05 +0800] "GET /xingrg/all/function/internal_message.html?_=1662951905950&CODE_STATE=getMsg HTTP/1.1" 302 -
101.85.93.70 - - [12/Sep/2022:11:05:05 +0800] "GET /xingrg/all/function/internal_message.html?_=1662951904222&CODE_STATE=getMsg HTTP/1.1" 200 27
101.85.93.70 - - [12/Sep/2022:11:05:05 +0800] "GET /xingrg/check_reg.html?_=1662951904225 HTTP/1.1" 200 22
114.84.81.136 - - [12/Sep/2022:11:05:06 +0800] "GET /xingrg/index.html?sysBaseUrl=http%3A%2F%2F180.169.147.146%3A18081%2Fxingrg%2F&costTime=1149×tamp=1662951883921 HTTP/1.1" 200 17509
114.84.81.136 - - [12/Sep/2022:11:05:07 +0800] "POST /xingrg/all/common/load_tree.html?tree=area_rest_tree_json&manage=1 HTTP/1.1" 200 3472
114.84.81.136 - - [12/Sep/2022:11:05:07 +0800] "GET /xingrg/all/function/internal_message.html?_=1662951897768&CODE_STATE=count HTTP/1.1" 200 11
114.84.81.136 - - [12/Sep/2022:11:05:07 +0800] "GET /xingrg/check_reg.html?_=1662951897770 HTTP/1.1" 200 22
114.84.81.136 - - [12/Sep/2022:11:05:07 +0800] "POST /xingrg/load_menu.html HTTP/1.1" 200 9959
180.169.147.146 - - [12/Sep/2022:11:05:07 +0800] "GET /xingrg/kc/buy/cgsh_order_operate.html?command=get_materiel&rest_code=00147&code=00101007072&supplier_code=00100004&order_time=2022-09-12 HTTP/1.1" 200 413
180.169.147.146 - - [12/Sep/2022:11:05:08 +0800] "GET /xingrg/all/function/internal_message.html?_=1662951918751&CODE_STATE=getMsg HTTP/1.1" 200 27
114.84.81.136 - - [12/Sep/2022:11:05:10 +0800] "GET /xingrg/system/info/materiel_manager.html HTTP/1.1" 200 19497
114.84.81.136 - - [12/Sep/2022:11:05:10 +0800] "GET /xingrg/dwr/interface/AjaxBaseInfoService.js HTTP/1.1" 200 21363
114.84.81.136 - - [12/Sep/2022:11:05:10 +0800] "GET /xingrg/dwr/interface/AjaxComOrderService.js HTTP/1.1" 200 18264
114.84.81.136 - - [12/Sep/2022:11:05:10 +0800] "GET /xingrg/dwr/engine.js HTTP/1.1" 200 43631
114.83.221.9 - - [12/Sep/2022:11:05:10 +0800] "GET /xingrg/kc/buy/cgsh_order_operate.html?command=get_materiel&rest_code=00149&code=00101009011&supplier_code=00100201&order_time=2022-09-12 HTTP/1.1" 200 416
114.84.81.136 - - [12/Sep/2022:11:05:10 +0800] "GET /xingrg/images/xtree/openfoldericon.png HTTP/1.1" 200 232
114.84.81.136 - - [12/Sep/2022:11:05:10 +0800] "GET /xingrg/images/blue/wait.gif HTTP/1.1" 200 1100
114.84.81.136 - - [12/Sep/2022:11:05:10 +0800] "POST /xingrg/dwr/call/plaincall/AjaxBaseInfoService.getSubMaterielSorts.dwr HTTP/1.1" 200 219
114.84.81.136 - - [12/Sep/2022:11:05:10 +0800] "GET /xingrg/images/xtree/Lplus.png HTTP/1.1" 200 224
114.84.81.136 - - [12/Sep/2022:11:05:10 +0800] "GET /xingrg/images/xtree/foldericon.png HTTP/1.1" 200 229
114.84.81.136 - - [12/Sep/2022:11:05:10 +0800] "GET /xingrg/images/xtree/Tplus.png HTTP/1.1" 200 222
114.84.81.136 - - [12/Sep/2022:11:05:10 +0800] "GET /xingrg/images/xtree/Lplus.png HTTP/1.1" 200 224
114.84.81.136 - - [12/Sep/2022:11:05:11 +0800] "POST /xingrg/dwr/call/plaincall/AjaxBaseInfoService.getMateriels.dwr HTTP/1.1" 200 2930
114.84.81.136 - - [12/Sep/2022:11:05:12 +0800] "POST /xingrg/dwr/call/plaincall/AjaxBaseInfoService.getSubMaterielSorts.dwr HTTP/1.1" 200 3802
114.84.81.136 - - [12/Sep/2022:11:05:12 +0800] "GET /xingrg/images/xtree/blank.png HTTP/1.1" 200 144
114.84.81.136 - - [12/Sep/2022:11:05:12 +0800] "GET /xingrg/images/xtree/L.png HTTP/1.1" 200 153
114.84.81.136 - - [12/Sep/2022:11:05:12 +0800] "GET /xingrg/images/xtree/file.png HTTP/1.1" 200 251
114.84.81.136 - - [12/Sep/2022:11:05:12 +0800] "GET /xingrg/images/xtree/L.png HTTP/1.1" 200 153
114.84.81.136 - - [12/Sep/2022:11:05:12 +0800] "GET /xingrg/images/xtree/L.png HTTP/1.1" 200 153
114.84.81.136 - - [12/Sep/2022:11:05:12 +0800] "GET /xingrg/images/xtree/T.png HTTP/1.1" 200 152
114.84.81.136 - - [12/Sep/2022:11:05:12 +0800] "GET /xingrg/images/xtree/L.png HTTP/1.1" 200 153
114.84.81.136 - - [12/Sep/2022:11:05:12 +0800] "GET /xingrg/images/xtree/L.png HTTP/1.1" 200 153
114.84.81.136 - - [12/Sep/2022:11:05:12 +0800] "GET /xingrg/images/xtree/Lminus.png HTTP/1.1" 200 219
114.84.81.136 - - [12/Sep/2022:11:05:12 +0800] "POST /xingrg/dwr/call/plaincall/AjaxBaseInfoService.getMateriels.dwr HTTP/1.1" 200 3020
58.221.95.50 - - [12/Sep/2022:11:05:14 +0800] "GET /xingrg/all/function/internal_message.html?_=1662951913943&CODE_STATE=getMsg HTTP/1.1" 200 27
114.84.81.136 - - [12/Sep/2022:11:05:14 +0800] "POST /xingrg/dwr/call/plaincall/AjaxBaseInfoService.getMateriels.dwr HTTP/1.1" 200 3009
114.84.81.136 - - [12/Sep/2022:11:05:15 +0800] "GET /xingrg/system/info/materiel_info.html?code=00102001&isAdd=1 HTTP/1.1" 200 36548
114.84.81.136 - - [12/Sep/2022:11:05:15 +0800] "GET /xingrg/dwr/interface/AjaxGetFirstChart.js HTTP/1.1" 200 631
114.84.81.136 - - [12/Sep/2022:11:05:15 +0800] "GET /xingrg/javascript/checkform.js HTTP/1.1" 200 18351
114.84.81.136 - - [12/Sep/2022:11:05:15 +0800] "GET /xingrg/dwr/engine.js HTTP/1.1" 200 43631
114.84.81.136 - - [12/Sep/2022:11:05:15 +0800] "POST /xingrg/all/common/load_tree.html?tree=area_rest_tree_json HTTP/1.1" 200 3472
116.238.169.132 - - [12/Sep/2022:11:05:15 +0800] "GET /xingrg/all/function/internal_message.html?_=1662951915870&CODE_STATE=getMsg HTTP/1.1" 200 27
114.84.81.136 - - [12/Sep/2022:11:05:15 +0800] "POST /xingrg/dwr/call/plaincall/AjaxBaseInfoService.getMaterielInfo.dwr HTTP/1.1" 200 228
114.84.81.136 - - [12/Sep/2022:11:05:15 +0800] "GET /xingrg/javascript/jquery_easy_ui/themes/default/images/tree_checkbox_0.gif HTTP/1.1" 200 168
114.84.81.136 - - [12/Sep/2022:11:05:15 +0800] "POST /xingrg/all/common/load_tree.html?tree=area_rest_tree_json&defaultRests=undefined HTTP/1.1" 200 3472
114.83.221.9 - - [12/Sep/2022:11:05:20 +0800] "GET /xingrg/kc/buy/cgsh_order_operate.html?command=get_materiel&rest_code=00149&code=00101009059&supplier_code=00100201&order_time=2022-09-12 HTTP/1.1" 200 409
114.84.81.136 - - [12/Sep/2022:11:05:27 +0800] "POST /xingrg/dwr/call/plaincall/AjaxGetFirstChart.getFirstChart.dwr HTTP/1.1" 200 79
116.225.121.189 - - [12/Sep/2022:11:05:27 +0800] "GET /xingrg/all/function/internal_message.html?_=1662951789900&CODE_STATE=getMsg HTTP/1.1" 200 27
124.79.74.72 - - [12/Sep/2022:11:05:27 +0800] "GET /xingrg/all/function/internal_message.html?_=1662951925427&CODE_STATE=getMsg HTTP/1.1" 200 27
116.235.94.249 - - [12/Sep/2022:11:05:28 +0800] "GET /xingrg/all/function/internal_message.html?_=1662952122461&CODE_STATE=getMsg HTTP/1.1" 200 27
116.224.255.128 - - [12/Sep/2022:11:05:28 +0800] "GET /xingrg/all/function/internal_message.html?_=1662951869116&CODE_STATE=getMsg HTTP/1.1" 200 27
114.84.81.136 - - [12/Sep/2022:11:05:29 +0800] "POST /xingrg/dwr/call/plaincall/AjaxBaseInfoService.changeUnitGroup.dwr HTTP/1.1" 200 243
116.237.72.180 - - [12/Sep/2022:11:05:29 +0800] "GET /xingrg/check_reg.html?_=1662951929876 HTTP/1.1" 200 22
116.238.169.132 - - [12/Sep/2022:11:05:31 +0800] "GET /xingrg/all/function/internal_message.html?_=1662951938335&CODE_STATE=getMsg HTTP/1.1" 200 27
222.70.246.221 - - [12/Sep/2022:11:05:32 +0800] "GET /xingrg/all/function/internal_message.html?_=1662951933914&CODE_STATE=getMsg HTTP/1.1" 200 27
180.169.147.146 - - [12/Sep/2022:11:05:34 +0800] "GET /xingrg/all/function/internal_message.html?_=1662951932428&CODE_STATE=getMsg HTTP/1.1" 200 27
114.83.221.9 - - [12/Sep/2022:11:05:38 +0800] "GET /xingrg/kc/buy/cgsh_order_operate.html?command=get_materiel&rest_code=00149&code=00101009016&supplier_code=00100201&order_time=2022-09-12 HTTP/1.1" 200 412
114.83.219.57 - - [12/Sep/2022:11:05:40 +0800] "GET /xingrg/all/function/internal_message.html?_=1662952022088&CODE_STATE=getMsg HTTP/1.1" 200 27
116.225.121.189 - - [12/Sep/2022:11:05:42 +0800] "GET /xingrg/all/function/internal_message.html?_=1662951944336&CODE_STATE=getMsg HTTP/1.1" 200 27
114.83.221.9 - - [12/Sep/2022:11:05:43 +0800] "GET /xingrg/all/function/internal_message.html?_=1662951941998&CODE_STATE=getMsg HTTP/1.1" 200 27
114.88.158.224 - - [12/Sep/2022:11:05:47 +0800] "GET /xingrg/all/function/internal_message.html?_=1662951604610&CODE_STATE=getMsg HTTP/1.1" 200 27
114.83.221.9 - - [12/Sep/2022:11:05:48 +0800] "GET /xingrg/kc/buy/cgsh_order_operate.html?command=get_materiel&rest_code=00149&code=00101009013&supplier_code=00100201&order_time=2022-09-12 HTTP/1.1" 200 420
116.237.72.180 - - [12/Sep/2022:11:05:54 +0800] "GET /xingrg/all/function/internal_message.html?_=1662951954591&CODE_STATE=getMsg HTTP/1.1" 200 27
114.83.221.9 - - [12/Sep/2022:11:05:58 +0800] "GET /xingrg/kc/buy/cgsh_order_operate.html?command=get_materiel&rest_code=00149&code=00101009007&supplier_code=00100201&order_time=2022-09-12 HTTP/1.1" 200 408
180.169.147.146 - - [12/Sep/2022:11:05:59 +0800] "GET /xingrg/all/function/internal_message.html?_=1662951959299&CODE_STATE=getMsg HTTP/1.1" 200 27
114.84.5.35 - - [12/Sep/2022:11:05:59 +0800] "GET /xingrg/all/function/internal_message.html?_=1662951959067&CODE_STATE=getMsg HTTP/1.1" 200 27
116.232.194.65 - - [12/Sep/2022:11:06:03 +0800] "GET /xingrg/all/function/internal_message.html?_=1662951909403&CODE_STATE=getMsg HTTP/1.1" 200 27
116.232.194.65 - - [12/Sep/2022:11:06:03 +0800] "GET /xingrg/check_reg.html?_=1662951909406 HTTP/1.1" 200 22
116.238.169.132 - - [12/Sep/2022:11:06:05 +0800] "GET /xingrg/all/function/internal_message.html?_=1662951965965&CODE_STATE=getMsg HTTP/1.1" 302 -
101.85.93.70 - - [12/Sep/2022:11:06:05 +0800] "GET /xingrg/all/function/internal_message.html?_=1662951964226&CODE_STATE=getMsg HTTP/1.1" 200 27
114.84.81.136 - - [12/Sep/2022:11:06:07 +0800] "GET /xingrg/all/function/internal_message.html?_=1662951957786&CODE_STATE=getMsg HTTP/1.1" 200 27
180.169.147.146 - - [12/Sep/2022:11:06:08 +0800] "GET /xingrg/all/function/internal_message.html?_=1662951978742&CODE_STATE=getMsg HTTP/1.1" 200 27
114.84.5.35 - - [12/Sep/2022:11:06:13 +0800] "GET /xingrg/kc/mdqp/pssh_order_list.html?isBack=1 HTTP/1.1" 200 17819
114.84.5.35 - - [12/Sep/2022:11:06:14 +0800] "POST /xingrg/kc/mdqp/pssh_list_operate.html HTTP/1.1" 200 5384
58.221.95.50 - - [12/Sep/2022:11:06:14 +0800] "GET /xingrg/all/function/internal_message.html?_=1662951973930&CODE_STATE=getMsg HTTP/1.1" 200 27
116.238.169.132 - - [12/Sep/2022:11:06:15 +0800] "GET /xingrg/all/function/internal_message.html?_=1662951975867&CODE_STATE=getMsg HTTP/1.1" 200 27
116.225.121.189 - - [12/Sep/2022:11:06:27 +0800] "GET /xingrg/all/function/internal_message.html?_=1662951849901&CODE_STATE=getMsg HTTP/1.1" 200 27
124.79.74.72 - - [12/Sep/2022:11:06:27 +0800] "GET /xingrg/all/function/internal_message.html?_=1662951985414&CODE_STATE=getMsg HTTP/1.1" 200 27
116.235.94.249 - - [12/Sep/2022:11:06:28 +0800] "GET /xingrg/all/function/internal_message.html?_=1662952182460&CODE_STATE=getMsg HTTP/1.1" 200 27
116.224.255.128 - - [12/Sep/2022:11:06:29 +0800] "GET /xingrg/all/function/internal_message.html?_=1662951929129&CODE_STATE=getMsg HTTP/1.1" 200 27
116.238.169.132 - - [12/Sep/2022:11:06:31 +0800] "GET /xingrg/all/function/internal_message.html?_=1662951998339&CODE_STATE=getMsg HTTP/1.1" 200 27
222.70.246.221 - - [12/Sep/2022:11:06:32 +0800] "GET /xingrg/all/function/internal_message.html?_=1662951993917&CODE_STATE=getMsg HTTP/1.1" 200 27
180.169.147.146 - - [12/Sep/2022:11:06:34 +0800] "GET /xingrg/all/function/internal_message.html?_=1662951992428&CODE_STATE=getMsg HTTP/1.1" 200 27
180.169.147.146 - - [12/Sep/2022:11:06:34 +0800] "GET /xingrg/check_reg.html?_=1662951992429 HTTP/1.1" 200 22
114.83.219.57 - - [12/Sep/2022:11:06:40 +0800] "GET /xingrg/check_reg.html?_=1662952082096 HTTP/1.1" 200 22
114.83.219.57 - - [12/Sep/2022:11:06:40 +0800] "GET /xingrg/all/function/internal_message.html?_=1662952082097&CODE_STATE=getMsg HTTP/1.1" 200 27
116.225.121.189 - - [12/Sep/2022:11:06:42 +0800] "GET /xingrg/all/function/internal_message.html?_=1662952004323&CODE_STATE=getMsg HTTP/1.1" 200 27
114.83.221.9 - - [12/Sep/2022:11:06:43 +0800] "GET /xingrg/all/function/internal_message.html?_=1662952001970&CODE_STATE=getMsg HTTP/1.1" 200 27
180.163.30.27 - - [12/Sep/2022:11:06:45 +0800] "GET /xingrg/all/function/internal_message.html?_=1662949905123&CODE_STATE=getMsg HTTP/1.1" 302 -
180.163.30.27 - - [12/Sep/2022:11:06:45 +0800] "GET /xingrg/login.html HTTP/1.1" 200 7641
114.88.158.224 - - [12/Sep/2022:11:06:47 +0800] "GET /xingrg/all/function/internal_message.html?_=1662951664609&CODE_STATE=getMsg HTTP/1.1" 200 27
180.163.28.143 - - [12/Sep/2022:11:06:48 +0800] "GET /xingrg/check_reg.html?_=1662950729841 HTTP/1.1" 302 -
180.163.28.143 - - [12/Sep/2022:11:06:48 +0800] "GET /xingrg/login.html HTTP/1.1" 200 7641
116.237.72.180 - - [12/Sep/2022:11:06:54 +0800] "GET /xingrg/all/function/internal_message.html?_=1662952014571&CODE_STATE=getMsg HTTP/1.1" 200 27
180.169.147.146 - - [12/Sep/2022:11:06:59 +0800] "GET /xingrg/all/function/internal_message.html?_=1662952019288&CODE_STATE=getMsg HTTP/1.1" 200 27
114.84.5.35 - - [12/Sep/2022:11:06:59 +0800] "GET /xingrg/all/function/internal_message.html?_=1662952019047&CODE_STATE=getMsg HTTP/1.1" 200 27
116.232.194.65 - - [12/Sep/2022:11:07:03 +0800] "GET /xingrg/all/function/internal_message.html?_=1662951969403&CODE_STATE=getMsg HTTP/1.1" 200 27
116.238.169.132 - - [12/Sep/2022:11:07:05 +0800] "GET /xingrg/all/function/internal_message.html?_=1662952025966&CODE_STATE=getMsg HTTP/1.1" 302 -
116.238.169.132 - - [12/Sep/2022:11:07:05 +0800] "GET /xingrg/check_reg.html?_=1662952025964 HTTP/1.1" 302 -
101.85.93.70 - - [12/Sep/2022:11:07:05 +0800] "GET /xingrg/all/function/internal_message.html?_=1662952024226&CODE_STATE=getMsg HTTP/1.1" 200 27
114.84.81.136 - - [12/Sep/2022:11:07:07 +0800] "GET /xingrg/all/function/internal_message.html?_=1662952017779&CODE_STATE=getMsg HTTP/1.1" 200 27
58.40.7.146 - - [12/Sep/2022:11:07:08 +0800] "POST /xingrg/services/DataTransmitService HTTP/1.1" 200 524
180.169.147.146 - - [12/Sep/2022:11:07:08 +0800] "GET /xingrg/all/function/internal_message.html?_=1662952038750&CODE_STATE=getMsg HTTP/1.1" 200 27
114.84.5.35 - - [12/Sep/2022:11:07:08 +0800] "POST /xingrg/kc/mdqp/pssh_list_operate.html HTTP/1.1" 200 258
58.221.95.50 - - [12/Sep/2022:11:07:08 +0800] "GET /xingrg/check_reg.html?_=1662952027814 HTTP/1.1" 200 22
180.169.147.146 - - [12/Sep/2022:11:07:08 +0800] "GET /xingrg/check_reg.html?_=1662952038754 HTTP/1.1" 200 22
114.84.5.35 - - [12/Sep/2022:11:07:09 +0800] "POST /xingrg/kc/mdqp/pssh_list_operate.html HTTP/1.1" 200 1585
114.84.5.35 - - [12/Sep/2022:11:07:09 +0800] "GET /xingrg/kc/mdqp/pssh_order_info.html?code=312022091000249 HTTP/1.1" 200 17273
114.84.5.35 - - [12/Sep/2022:11:07:09 +0800] "GET /xingrg/javascript/jquery_tools/jquery-1.4.2.min.js HTTP/1.1" 404 1094
114.84.5.35 - - [12/Sep/2022:11:07:10 +0800] "GET /xingrg/javascript/easyui/themes/default/validatebox.css HTTP/1.1" 404 1104
114.84.5.35 - - [12/Sep/2022:11:07:10 +0800] "POST /xingrg/kc/mdqp/pssh_order_operate.html HTTP/1.1" 200 547
58.221.95.50 - - [12/Sep/2022:11:07:14 +0800] "GET /xingrg/all/function/internal_message.html?_=1662952033902&CODE_STATE=getMsg HTTP/1.1" 200 27
116.238.169.132 - - [12/Sep/2022:11:07:15 +0800] "GET /xingrg/all/function/internal_message.html?_=1662952035865&CODE_STATE=getMsg HTTP/1.1" 200 27
116.238.169.132 - - [12/Sep/2022:11:07:15 +0800] "GET /xingrg/check_reg.html?_=1662952035866 HTTP/1.1" 200 22
114.84.81.136 - - [12/Sep/2022:11:07:22 +0800] "GET /xingrg/system/info/materiel_info.html?code=00102001&isAdd=1 HTTP/1.1" 200 36548
114.84.81.136 - - [12/Sep/2022:11:07:22 +0800] "GET /xingrg/dwr/engine.js HTTP/1.1" 200 43631
114.84.81.136 - - [12/Sep/2022:11:07:22 +0800] "POST /xingrg/all/common/load_tree.html?tree=area_rest_tree_json HTTP/1.1" 200 3472
114.84.81.136 - - [12/Sep/2022:11:07:22 +0800] "POST /xingrg/dwr/call/plaincall/AjaxBaseInfoService.getMaterielInfo.dwr HTTP/1.1" 200 228
114.84.81.136 - - [12/Sep/2022:11:07:23 +0800] "POST /xingrg/all/common/load_tree.html?tree=area_rest_tree_json&defaultRests=undefined HTTP/1.1" 200 3472
116.225.121.189 - - [12/Sep/2022:11:07:27 +0800] "GET /xingrg/all/function/internal_message.html?_=1662951909910&CODE_STATE=getMsg HTTP/1.1" 200 27
116.237.72.180 - - [12/Sep/2022:11:07:27 +0800] "GET /xingrg/kc/mdqp/qp_main.html HTTP/1.1" 200 10633
124.79.74.72 - - [12/Sep/2022:11:07:27 +0800] "GET /xingrg/all/function/internal_message.html?_=1662952045416&CODE_STATE=getMsg HTTP/1.1" 200 27
116.235.94.249 - - [12/Sep/2022:11:07:28 +0800] "GET /xingrg/all/function/internal_message.html?_=1662952242461&CODE_STATE=getMsg HTTP/1.1" 200 27
116.237.72.180 - - [12/Sep/2022:11:07:28 +0800] "GET /xingrg/images/yd/bt.gif HTTP/1.1" 404 1040
116.224.255.128 - - [12/Sep/2022:11:07:29 +0800] "GET /xingrg/all/function/internal_message.html?_=1662951989178&CODE_STATE=getMsg HTTP/1.1" 200 27
116.237.72.180 - - [12/Sep/2022:11:07:29 +0800] "GET /xingrg/kc/mdqp/pssh_order_list.html HTTP/1.1" 200 17857
116.237.72.180 - - [12/Sep/2022:11:07:30 +0800] "POST /xingrg/kc/mdqp/pssh_list_operate.html HTTP/1.1" 200 5150
116.238.169.132 - - [12/Sep/2022:11:07:31 +0800] "GET /xingrg/all/function/internal_message.html?_=1662952058348&CODE_STATE=getMsg HTTP/1.1" 200 27
116.238.169.132 - - [12/Sep/2022:11:07:31 +0800] "GET /xingrg/check_reg.html?_=1662952058353 HTTP/1.1" 200 22
116.237.72.180 - - [12/Sep/2022:11:07:32 +0800] "POST /xingrg/kc/mdqp/pssh_list_operate.html HTTP/1.1" 200 256
222.70.246.221 - - [12/Sep/2022:11:07:32 +0800] "GET /xingrg/all/function/internal_message.html?_=1662952054043&CODE_STATE=getMsg HTTP/1.1" 200 27
116.237.72.180 - - [12/Sep/2022:11:07:34 +0800] "POST /xingrg/kc/mdqp/pssh_list_operate.html HTTP/1.1" 200 459
180.169.147.146 - - [12/Sep/2022:11:07:34 +0800] "GET /xingrg/all/function/internal_message.html?_=1662952052428&CODE_STATE=getMsg HTTP/1.1" 200 27
116.237.72.180 - - [12/Sep/2022:11:07:37 +0800] "POST /xingrg/kc/mdqp/pssh_list_operate.html HTTP/1.1" 200 352
116.237.72.180 - - [12/Sep/2022:11:07:39 +0800] "POST /xingrg/kc/mdqp/pssh_list_operate.html HTTP/1.1" 200 664
114.83.219.57 - - [12/Sep/2022:11:07:40 +0800] "GET /xingrg/all/function/internal_message.html?_=1662952142085&CODE_STATE=getMsg HTTP/1.1" 200 27
222.70.246.221 - - [12/Sep/2022:11:07:41 +0800] "GET /xingrg/check_reg.html?_=1662952062667 HTTP/1.1" 200 22
114.83.221.9 - - [12/Sep/2022:11:07:41 +0800] "GET /xingrg/kc/buy/cgsh_order_operate.html?command=get_materiel&rest_code=00149&code=00101009027&supplier_code=00100201&order_time=2022-09-12 HTTP/1.1" 200 413
116.237.72.180 - - [12/Sep/2022:11:07:42 +0800] "POST /xingrg/kc/mdqp/pssh_list_operate.html HTTP/1.1" 200 740
116.225.121.189 - - [12/Sep/2022:11:07:42 +0800] "GET /xingrg/all/function/internal_message.html?_=1662952064333&CODE_STATE=getMsg HTTP/1.1" 200 27
114.84.81.136 - - [12/Sep/2022:11:07:42 +0800] "POST /xingrg/dwr/call/plaincall/AjaxGetFirstChart.getFirstChart.dwr HTTP/1.1" 200 83
114.83.221.9 - - [12/Sep/2022:11:07:43 +0800] "GET /xingrg/all/function/internal_message.html?_=1662952061954&CODE_STATE=getMsg HTTP/1.1" 200 27
116.237.72.180 - - [12/Sep/2022:11:07:44 +0800] "POST /xingrg/kc/mdqp/pssh_list_operate.html HTTP/1.1" 200 767
116.237.72.180 - - [12/Sep/2022:11:07:44 +0800] "POST /xingrg/kc/mdqp/pssh_list_operate.html HTTP/1.1" 200 780
180.169.147.146 - - [12/Sep/2022:11:07:45 +0800] "GET /xingrg/kc/buy/cgsh_order_operate.html?command=get_materiel&rest_code=00147&code=00101007061&supplier_code=00100004&order_time=2022-09-12 HTTP/1.1" 200 409
114.84.81.136 - - [12/Sep/2022:11:07:46 +0800] "POST /xingrg/dwr/call/plaincall/AjaxBaseInfoService.changeUnitGroup.dwr HTTP/1.1" 200 243
114.88.158.224 - - [12/Sep/2022:11:07:47 +0800] "GET /xingrg/all/function/internal_message.html?_=1662951724615&CODE_STATE=getMsg HTTP/1.1" 200 27
222.70.246.221 - - [12/Sep/2022:11:07:52 +0800] "GET /xingrg/kc/buy/cgsh_order_add.html HTTP/1.1" 200 68639
222.70.246.221 - - [12/Sep/2022:11:07:53 +0800] "GET /xingrg/words/20220912110003_words.js HTTP/1.1" 200 920303
114.84.81.136 - - [12/Sep/2022:11:07:53 +0800] "POST /xingrg/dwr/call/plaincall/AjaxBaseInfoService.saveMateriel.dwr HTTP/1.1" 200 109
222.70.246.221 - - [12/Sep/2022:11:07:54 +0800] "POST /xingrg/kc/buy/cgsh_order_operate.html HTTP/1.1" 200 8245
114.84.81.136 - - [12/Sep/2022:11:07:54 +0800] "POST /xingrg/dwr/call/plaincall/AjaxBaseInfoService.getMateriels.dwr HTTP/1.1" 200 3009
222.70.246.221 - - [12/Sep/2022:11:07:54 +0800] "GET /xingrg/javascript/easyui/themes/default/validatebox.css HTTP/1.1" 404 1104
116.237.72.180 - - [12/Sep/2022:11:07:54 +0800] "GET /xingrg/all/function/internal_message.html?_=1662952074557&CODE_STATE=getMsg HTTP/1.1" 200 27
114.84.5.35 - - [12/Sep/2022:11:07:55 +0800] "GET /xingrg/kc/mdqp/pssh_order_list.html?isBack=1 HTTP/1.1" 200 17819
114.84.5.35 - - [12/Sep/2022:11:07:55 +0800] "POST /xingrg/kc/mdqp/pssh_list_operate.html HTTP/1.1" 200 5384
180.169.147.146 - - [12/Sep/2022:11:07:55 +0800] "GET /xingrg/kc/buy/cgsh_order_operate.html?command=get_materiel&rest_code=00147&code=00101007125&supplier_code=00100004&order_time=2022-09-12 HTTP/1.1" 200 406
114.84.81.136 - - [12/Sep/2022:11:07:58 +0800] "GET /xingrg/system/info/materiel_info.html?code=00102001&isAdd=1 HTTP/1.1" 200 36548
114.84.81.136 - - [12/Sep/2022:11:07:58 +0800] "GET /xingrg/dwr/interface/AjaxBaseInfoService.js HTTP/1.1" 200 21363
114.84.81.136 - - [12/Sep/2022:11:07:58 +0800] "GET /xingrg/dwr/interface/AjaxGetFirstChart.js HTTP/1.1" 200 631
114.84.81.136 - - [12/Sep/2022:11:07:58 +0800] "GET /xingrg/dwr/interface/AjaxComOrderService.js HTTP/1.1" 200 18264
114.84.81.136 - - [12/Sep/2022:11:07:58 +0800] "GET /xingrg/dwr/engine.js HTTP/1.1" 200 43631
114.84.81.136 - - [12/Sep/2022:11:07:59 +0800] "POST /xingrg/all/common/load_tree.html?tree=area_rest_tree_json HTTP/1.1" 200 3472
114.84.81.136 - - [12/Sep/2022:11:07:59 +0800] "POST /xingrg/dwr/call/plaincall/AjaxBaseInfoService.getMaterielInfo.dwr HTTP/1.1" 200 228
114.84.81.136 - - [12/Sep/2022:11:07:59 +0800] "POST /xingrg/all/common/load_tree.html?tree=area_rest_tree_json&defaultRests=undefined HTTP/1.1" 200 3472
114.84.5.35 - - [12/Sep/2022:11:07:59 +0800] "GET /xingrg/all/function/internal_message.html?_=1662952079021&CODE_STATE=getMsg HTTP/1.1" 200 27
180.169.147.146 - - [12/Sep/2022:11:07:59 +0800] "GET /xingrg/check_reg.html?_=1662952079302 HTTP/1.1" 200 22
180.169.147.146 - - [12/Sep/2022:11:07:59 +0800] "GET /xingrg/all/function/internal_message.html?_=1662952079304&CODE_STATE=getMsg HTTP/1.1" 200 27
180.169.147.146 - - [12/Sep/2022:11:08:03 +0800] "GET /xingrg/kc/buy/cgsh_order_operate.html?command=get_materiel&rest_code=00147&code=00101007202&supplier_code=00100004&order_time=2022-09-12 HTTP/1.1" 200 409
116.232.194.65 - - [12/Sep/2022:11:08:03 +0800] "GET /xingrg/all/function/internal_message.html?_=1662952029389&CODE_STATE=getMsg HTTP/1.1" 200 27
116.238.169.132 - - [12/Sep/2022:11:08:05 +0800] "GET /xingrg/all/function/internal_message.html?_=1662952085964&CODE_STATE=getMsg HTTP/1.1" 302 -
101.85.93.70 - - [12/Sep/2022:11:08:05 +0800] "GET /xingrg/all/function/internal_message.html?_=1662952084233&CODE_STATE=getMsg HTTP/1.1" 200 27
114.84.81.136 - - [12/Sep/2022:11:08:07 +0800] "GET /xingrg/all/function/internal_message.html?_=1662952077783&CODE_STATE=getMsg HTTP/1.1" 200 27
120.253.135.82 - - [12/Sep/2022:11:08:07 +0800] "GET /xingrg/check_reg.html?_=1662951887333 HTTP/1.1" 200 22
180.169.147.146 - - [12/Sep/2022:11:08:08 +0800] "GET /xingrg/all/function/internal_message.html?_=1662952098744&CODE_STATE=getMsg HTTP/1.1" 200 27
58.221.95.50 - - [12/Sep/2022:11:08:14 +0800] "GET /xingrg/all/function/internal_message.html?_=1662952093886&CODE_STATE=getMsg HTTP/1.1" 200 27
116.238.169.132 - - [12/Sep/2022:11:08:15 +0800] "GET /xingrg/all/function/internal_message.html?_=1662952095858&CODE_STATE=getMsg HTTP/1.1" 200 27
180.169.147.146 - - [12/Sep/2022:11:08:16 +0800] "GET /xingrg/kc/buy/cgsh_order_operate.html?command=get_materiel&rest_code=00147&code=00101007006&supplier_code=00100004&order_time=2022-09-12 HTTP/1.1" 200 413
114.84.5.35 - - [12/Sep/2022:11:08:17 +0800] "POST /xingrg/kc/mdqp/pssh_list_operate.html HTTP/1.1" 200 553
222.70.246.221 - - [12/Sep/2022:11:08:17 +0800] "GET /xingrg/kc/buy/cgsh_order_operate.html?command=get_materiel&rest_code=00146&code=00101002007&supplier_code=00100199&order_time=2022-09-12 HTTP/1.1" 200 409
114.84.5.35 - - [12/Sep/2022:11:08:18 +0800] "POST /xingrg/kc/mdqp/pssh_list_operate.html HTTP/1.1" 200 1585
114.84.5.35 - - [12/Sep/2022:11:08:18 +0800] "GET /xingrg/javascript/jquery_tools/jquery-1.4.2.min.js HTTP/1.1" 404 1094
114.84.5.35 - - [12/Sep/2022:11:08:18 +0800] "GET /xingrg/kc/mdqp/pssh_order_info.html?code=312022091000246 HTTP/1.1" 200 17293
114.84.5.35 - - [12/Sep/2022:11:08:18 +0800] "GET /xingrg/words/20220912110753_words.js HTTP/1.1" 200 920369
114.84.5.35 - - [12/Sep/2022:11:08:19 +0800] "GET /xingrg/javascript/easyui/themes/default/validatebox.css HTTP/1.1" 404 1104
114.84.5.35 - - [12/Sep/2022:11:08:19 +0800] "POST /xingrg/kc/mdqp/pssh_order_operate.html HTTP/1.1" 200 2083
116.225.121.189 - - [12/Sep/2022:11:08:27 +0800] "GET /xingrg/all/function/internal_message.html?_=1662951969899&CODE_STATE=getMsg HTTP/1.1" 200 27
124.79.74.72 - - [12/Sep/2022:11:08:27 +0800] "GET /xingrg/all/function/internal_message.html?_=1662952105417&CODE_STATE=getMsg HTTP/1.1" 200 27
116.235.94.249 - - [12/Sep/2022:11:08:28 +0800] "GET /xingrg/all/function/internal_message.html?_=1662952302459&CODE_STATE=getMsg HTTP/1.1" 200 27
116.224.255.128 - - [12/Sep/2022:11:08:29 +0800] "GET /xingrg/all/function/internal_message.html?_=1662952049187&CODE_STATE=getMsg HTTP/1.1" 200 27
114.84.81.136 - - [12/Sep/2022:11:08:29 +0800] "POST /xingrg/dwr/call/plaincall/AjaxGetFirstChart.getFirstChart.dwr HTTP/1.1" 200 82
116.238.169.132 - - [12/Sep/2022:11:08:31 +0800] "GET /xingrg/all/function/internal_message.html?_=1662952118341&CODE_STATE=getMsg HTTP/1.1" 200 27
222.70.246.221 - - [12/Sep/2022:11:08:32 +0800] "GET /xingrg/all/function/internal_message.html?_=1662952114053&CODE_STATE=getMsg HTTP/1.1" 200 27
180.169.147.146 - - [12/Sep/2022:11:08:34 +0800] "GET /xingrg/all/function/internal_message.html?_=1662952112430&CODE_STATE=getMsg HTTP/1.1" 200 27
180.163.30.27 - - [12/Sep/2022:11:08:38 +0800] "GET /xingrg/kc/buy/cgsh_order_operate.html?command=get_materiel&rest_code=00106&code=00101008010&supplier_code=00100007&order_time=2022-09-12 HTTP/1.1" 302 -
180.163.30.27 - - [12/Sep/2022:11:08:38 +0800] "GET /xingrg/login.html HTTP/1.1" 200 7641
222.70.246.221 - - [12/Sep/2022:11:08:39 +0800] "GET /xingrg/kc/buy/cgsh_order_operate.html?command=get_materiel&rest_code=00146&code=00101002006&supplier_code=00100199&order_time=2022-09-12 HTTP/1.1" 200 414
114.83.219.57 - - [12/Sep/2022:11:08:40 +0800] "GET /xingrg/all/function/internal_message.html?_=1662952202099&CODE_STATE=getMsg HTTP/1.1" 200 27
116.225.121.189 - - [12/Sep/2022:11:08:42 +0800] "GET /xingrg/all/function/internal_message.html?_=1662952124335&CODE_STATE=getMsg HTTP/1.1" 200 27
114.88.158.224 - - [12/Sep/2022:11:08:47 +0800] "GET /xingrg/all/function/internal_message.html?_=1662951784638&CODE_STATE=getMsg HTTP/1.1" 200 27
180.163.28.55 - - [12/Sep/2022:11:08:48 +0800] "GET /xingrg/kc/buy/cgsh_order_operate.html?command=get_materiel&rest_code=00106&code=00101008437&supplier_code=00100007&order_time=2022-09-12 HTTP/1.1" 302 -
180.163.28.55 - - [12/Sep/2022:11:08:48 +0800] "GET /xingrg/login.html HTTP/1.1" 200 7641
180.169.147.146 - - [12/Sep/2022:11:08:49 +0800] "POST /xingrg/kc/buy/cgsh_order_operate.html HTTP/1.1" 200 37
180.169.147.146 - - [12/Sep/2022:11:08:52 +0800] "POST /xingrg/kc/buy/cgsh_order_operate.html HTTP/1.1" 200 4421
116.237.72.180 - - [12/Sep/2022:11:08:54 +0800] "GET /xingrg/all/function/internal_message.html?_=1662952134526&CODE_STATE=getMsg HTTP/1.1" 200 27
180.163.29.219 - - [12/Sep/2022:11:08:54 +0800] "GET /xingrg/kc/base/wldb_order_info.html?code=422022091201048 HTTP/1.1" 302 -
180.169.147.146 - - [12/Sep/2022:11:08:54 +0800] "GET /xingrg/kc/print/load_config.html?kc_code=cgsh HTTP/1.1" 200 1943
180.163.29.219 - - [12/Sep/2022:11:08:54 +0800] "GET /xingrg/login.html HTTP/1.1" 200 7641
114.83.221.9 - - [12/Sep/2022:11:08:54 +0800] "POST /xingrg/kc/buy/cgsh_order_operate.html HTTP/1.1" 200 88
180.169.147.146 - - [12/Sep/2022:11:08:55 +0800] "GET /xingrg/kc/print/load_data.html?order_code=212022091204421&kc_code=cgsh&condition= HTTP/1.1" 200 1399
114.84.81.136 - - [12/Sep/2022:11:08:57 +0800] "POST /xingrg/dwr/call/plaincall/AjaxBaseInfoService.changeUnitGroup.dwr HTTP/1.1" 200 243
114.84.5.35 - - [12/Sep/2022:11:08:59 +0800] "GET /xingrg/check_reg.html?_=1662952138965 HTTP/1.1" 200 22
114.84.5.35 - - [12/Sep/2022:11:08:59 +0800] "GET /xingrg/all/function/internal_message.html?_=1662952139000&CODE_STATE=getMsg HTTP/1.1" 200 27
180.169.147.146 - - [12/Sep/2022:11:08:59 +0800] "GET /xingrg/all/function/internal_message.html?_=1662952139294&CODE_STATE=getMsg HTTP/1.1" 200 27
180.169.147.146 - - [12/Sep/2022:11:09:00 +0800] "GET /xingrg/kc/buy/cgsh_order_add.html HTTP/1.1" 200 68680
180.169.147.146 - - [12/Sep/2022:11:09:00 +0800] "GET /xingrg/words/20220912110753_words.js HTTP/1.1" 200 920369
180.169.147.146 - - [12/Sep/2022:11:09:00 +0800] "POST /xingrg/kc/buy/cgsh_order_operate.html HTTP/1.1" 200 8245
180.169.147.146 - - [12/Sep/2022:11:09:00 +0800] "GET /xingrg/javascript/easyui/themes/default/validatebox.css HTTP/1.1" 404 1104
180.169.147.146 - - [12/Sep/2022:11:09:00 +0800] "GET /xingrg/all/common/auto_word.html?type=employee&rest_code=00147 HTTP/1.1" 200 101
180.169.147.146 - - [12/Sep/2022:11:09:00 +0800] "GET /xingrg/all/common/auto_word.html?type=employee&rest_code=00147 HTTP/1.1" 200 101
116.232.194.65 - - [12/Sep/2022:11:09:03 +0800] "GET /xingrg/all/function/internal_message.html?_=1662952089405&CODE_STATE=getMsg HTTP/1.1" 200 27
116.238.169.132 - - [12/Sep/2022:11:09:05 +0800] "GET /xingrg/all/function/internal_message.html?_=1662952145963&CODE_STATE=getMsg HTTP/1.1" 302 -
101.85.93.70 - - [12/Sep/2022:11:09:05 +0800] "GET /xingrg/all/function/internal_message.html?_=1662952144232&CODE_STATE=getMsg HTTP/1.1" 200 27
114.84.81.136 - - [12/Sep/2022:11:09:07 +0800] "GET /xingrg/all/function/internal_message.html?_=1662952137773&CODE_STATE=getMsg HTTP/1.1" 200 27
180.169.147.146 - - [12/Sep/2022:11:09:08 +0800] "GET /xingrg/all/function/internal_message.html?_=1662952158737&CODE_STATE=getMsg HTTP/1.1" 200 27
114.83.221.9 - - [12/Sep/2022:11:09:09 +0800] "POST /xingrg/kc/buy/cgsh_order_operate.html HTTP/1.1" 200 37
114.84.81.136 - - [12/Sep/2022:11:09:09 +0800] "POST /xingrg/dwr/call/plaincall/AjaxBaseInfoService.saveMateriel.dwr HTTP/1.1" 200 109
114.84.81.136 - - [12/Sep/2022:11:09:09 +0800] "POST /xingrg/dwr/call/plaincall/AjaxBaseInfoService.getMateriels.dwr HTTP/1.1" 200 3009
222.70.246.221 - - [12/Sep/2022:11:09:12 +0800] "GET /xingrg/kc/buy/cgsh_order_operate.html?command=get_materiel&rest_code=00146&code=00101004010&supplier_code=00100199&order_time=2022-09-12 HTTP/1.1" 200 411
114.84.81.136 - - [12/Sep/2022:11:09:12 +0800] "GET /xingrg/system/info/materiel_info.html?code=00102001&isAdd=1 HTTP/1.1" 200 36548
114.84.81.136 - - [12/Sep/2022:11:09:12 +0800] "GET /xingrg/dwr/interface/AjaxBaseInfoService.js HTTP/1.1" 200 21363
114.84.81.136 - - [12/Sep/2022:11:09:12 +0800] "GET /xingrg/dwr/interface/AjaxGetFirstChart.js HTTP/1.1" 200 631
114.84.81.136 - - [12/Sep/2022:11:09:12 +0800] "GET /xingrg/dwr/interface/AjaxComOrderService.js HTTP/1.1" 200 18264
114.84.81.136 - - [12/Sep/2022:11:09:12 +0800] "GET /xingrg/dwr/engine.js HTTP/1.1" 200 43631
114.84.81.136 - - [12/Sep/2022:11:09:12 +0800] "POST /xingrg/all/common/load_tree.html?tree=area_rest_tree_json HTTP/1.1" 200 3472
114.84.81.136 - - [12/Sep/2022:11:09:13 +0800] "POST /xingrg/dwr/call/plaincall/AjaxBaseInfoService.getMaterielInfo.dwr HTTP/1.1" 200 228
114.84.81.136 - - [12/Sep/2022:11:09:13 +0800] "POST /xingrg/all/common/load_tree.html?tree=area_rest_tree_json&defaultRests=undefined HTTP/1.1" 200 3472
58.221.95.50 - - [12/Sep/2022:11:09:14 +0800] "GET /xingrg/all/function/internal_message.html?_=1662952153871&CODE_STATE=getMsg HTTP/1.1" 200 27
116.238.169.132 - - [12/Sep/2022:11:09:15 +0800] "GET /xingrg/all/function/internal_message.html?_=1662952155864&CODE_STATE=getMsg HTTP/1.1" 200 27
114.84.81.136 - - [12/Sep/2022:11:09:17 +0800] "POST /xingrg/dwr/call/plaincall/AjaxGetFirstChart.getFirstChart.dwr HTTP/1.1" 200 82
114.84.81.136 - - [12/Sep/2022:11:09:18 +0800] "POST /xingrg/dwr/call/plaincall/AjaxBaseInfoService.changeUnitGroup.dwr HTTP/1.1" 200 243
114.83.221.9 - - [12/Sep/2022:11:09:20 +0800] "POST /xingrg/kc/buy/cgsh_order_operate.html HTTP/1.1" 200 12
114.84.81.136 - - [12/Sep/2022:11:09:24 +0800] "POST /xingrg/dwr/call/plaincall/AjaxBaseInfoService.saveMateriel.dwr HTTP/1.1" 200 109
114.84.81.136 - - [12/Sep/2022:11:09:25 +0800] "POST /xingrg/dwr/call/plaincall/AjaxBaseInfoService.getMateriels.dwr HTTP/1.1" 200 3009
114.84.81.136 - - [12/Sep/2022:11:09:26 +0800] "GET /xingrg/system/info/materiel_info.html?code=00102001&isAdd=1 HTTP/1.1" 200 36548
114.84.81.136 - - [12/Sep/2022:11:09:26 +0800] "GET /xingrg/dwr/interface/AjaxGetFirstChart.js HTTP/1.1" 200 631
114.84.81.136 - - [12/Sep/2022:11:09:26 +0800] "GET /xingrg/dwr/interface/AjaxBaseInfoService.js HTTP/1.1" 200 21363
114.84.81.136 - - [12/Sep/2022:11:09:26 +0800] "GET /xingrg/dwr/interface/AjaxComOrderService.js HTTP/1.1" 200 18264
114.84.81.136 - - [12/Sep/2022:11:09:26 +0800] "GET /xingrg/dwr/engine.js HTTP/1.1" 200 43631
114.84.81.136 - - [12/Sep/2022:11:09:26 +0800] "POST /xingrg/all/common/load_tree.html?tree=area_rest_tree_json HTTP/1.1" 200 3472
114.84.81.136 - - [12/Sep/2022:11:09:26 +0800] "POST /xingrg/dwr/call/plaincall/AjaxBaseInfoService.getMaterielInfo.dwr HTTP/1.1" 200 228
114.84.81.136 - - [12/Sep/2022:11:09:27 +0800] "POST /xingrg/all/common/load_tree.html?tree=area_rest_tree_json&defaultRests=undefined HTTP/1.1" 200 3472
116.225.121.189 - - [12/Sep/2022:11:09:27 +0800] "GET /xingrg/all/function/internal_message.html?_=1662952029900&CODE_STATE=getMsg HTTP/1.1" 200 27
116.225.121.189 - - [12/Sep/2022:11:09:27 +0800] "GET /xingrg/check_reg.html?_=1662952029903 HTTP/1.1" 200 22
124.79.74.72 - - [12/Sep/2022:11:09:27 +0800] "GET /xingrg/all/function/internal_message.html?_=1662952165419&CODE_STATE=getMsg HTTP/1.1" 200 27
124.79.74.72 - - [12/Sep/2022:11:09:27 +0800] "GET /xingrg/check_reg.html?_=1662952165421 HTTP/1.1" 200 22
116.224.255.128 - - [12/Sep/2022:11:09:28 +0800] "GET /xingrg/check_reg.html?_=1662952108321 HTTP/1.1" 200 22
180.163.29.79 - - [12/Sep/2022:11:09:28 +0800] "GET /xingrg/kc/base/wldb_order_list.html HTTP/1.1" 302 -
180.163.29.79 - - [12/Sep/2022:11:09:28 +0800] "GET /xingrg/login.html HTTP/1.1" 200 7641
116.235.94.249 - - [12/Sep/2022:11:09:28 +0800] "GET /xingrg/all/function/internal_message.html?_=1662952362458&CODE_STATE=getMsg HTTP/1.1" 200 27
116.235.94.249 - - [12/Sep/2022:11:09:28 +0800] "GET /xingrg/check_reg.html?_=1662952362459 HTTP/1.1" 200 22
222.70.246.221 - - [12/Sep/2022:11:09:28 +0800] "GET /xingrg/kc/buy/cgsh_order_operate.html?command=get_materiel&rest_code=00146&code=00101004030&supplier_code=00100199&order_time=2022-09-12 HTTP/1.1" 200 409
116.224.255.128 - - [12/Sep/2022:11:09:29 +0800] "GET /xingrg/all/function/internal_message.html?_=1662952109201&CODE_STATE=getMsg HTTP/1.1" 200 27
114.84.5.35 - - [12/Sep/2022:11:09:29 +0800] "POST /xingrg/all/common/load_combo.html?type=employee HTTP/1.1" 200 277
116.238.169.132 - - [12/Sep/2022:11:09:31 +0800] "GET /xingrg/all/function/internal_message.html?_=1662952178338&CODE_STATE=getMsg HTTP/1.1" 200 27
222.70.246.221 - - [12/Sep/2022:11:09:32 +0800] "GET /xingrg/all/function/internal_message.html?_=1662952174067&CODE_STATE=getMsg HTTP/1.1" 200 27
180.169.147.146 - - [12/Sep/2022:11:09:34 +0800] "GET /xingrg/all/function/internal_message.html?_=1662952172430&CODE_STATE=getMsg HTTP/1.1" 200 27
114.83.221.9 - - [12/Sep/2022:11:09:39 +0800] "GET /xingrg/kc/buy/cgsh_order_info.html?code=212022091204423 HTTP/1.1" 200 63668
114.83.221.9 - - [12/Sep/2022:11:09:39 +0800] "GET /xingrg/words/20220912110924_words.js HTTP/1.1" 200 920495
