116.225.121.189 - - [12/Sep/2022:10:30:43 +0800] "GET /xingrg/images/blue/wait.gif HTTP/1.1" 304 -
116.225.121.189 - - [12/Sep/2022:10:30:43 +0800] "GET /xingrg/javascript/jquery_easy_ui/themes/icons/template_new.png HTTP/1.1" 304 -
116.225.121.189 - - [12/Sep/2022:10:30:43 +0800] "GET /xingrg/javascript/jquery_easy_ui/themes/icons/copy_new.png HTTP/1.1" 304 -
116.225.121.189 - - [12/Sep/2022:10:30:43 +0800] "GET /xingrg/javascript/jquery_easy_ui/themes/icons/print.png HTTP/1.1" 304 -
116.225.121.189 - - [12/Sep/2022:10:30:43 +0800] "GET /xingrg/javascript/jquery_easy_ui/themes/icons/back_new.png HTTP/1.1" 304 -
116.225.121.189 - - [12/Sep/2022:10:30:43 +0800] "GET /xingrg/javascript/jquery_easy_ui/themes/default/images/menu_downarrow.png HTTP/1.1" 304 -
116.225.121.189 - - [12/Sep/2022:10:30:43 +0800] "GET /xingrg/all/function/internal_message.html?_=1662949844575&CODE_STATE=getMsg HTTP/1.1" 200 27
116.225.121.189 - - [12/Sep/2022:10:30:43 +0800] "GET /xingrg/images/blue/kc_tab_right.gif HTTP/1.1" 304 -
116.225.121.189 - - [12/Sep/2022:10:30:43 +0800] "GET /xingrg/javascript/jquery_easy_ui/themes/default/images/combo_arrow_dot.gif HTTP/1.1" 304 -
116.225.121.189 - - [12/Sep/2022:10:30:43 +0800] "GET /xingrg/images/blue/kc_tab_left.gif HTTP/1.1" 304 -
116.225.121.189 - - [12/Sep/2022:10:30:43 +0800] "GET /xingrg/images/blue/kc_tab_mid.gif HTTP/1.1" 304 -
114.83.221.9 - - [12/Sep/2022:10:30:43 +0800] "GET /xingrg/all/function/internal_message.html?_=1662949842587&CODE_STATE=getMsg HTTP/1.1" 200 27
116.237.72.180 - - [12/Sep/2022:10:30:45 +0800] "GET /xingrg/all/function/internal_message.html?_=1662949845081&CODE_STATE=getMsg HTTP/1.1" 200 27
114.84.81.136 - - [12/Sep/2022:10:30:45 +0800] "GET /xingrg/all/function/internal_message.html?_=1662949845116&CODE_STATE=getMsg HTTP/1.1" 200 27
116.237.72.180 - - [12/Sep/2022:10:30:47 +0800] "GET /xingrg/kc/buy/cgsh_order_operate.html?command=get_materiel&rest_code=00106&code=00101008038&supplier_code=00100007&order_time=2022-09-12 HTTP/1.1" 200 412
116.225.121.189 - - [12/Sep/2022:10:30:48 +0800] "POST /xingrg/dwr/call/plaincall/AjaxQqpsService.loadMaterielItems.dwr HTTP/1.1" 200 3554
114.88.158.224 - - [12/Sep/2022:10:30:49 +0800] "GET /xingrg/kc/buy/cgsh_order_operate.html?command=get_materiel&rest_code=00141&code=00101007032&supplier_code=00100004&order_time=2022-09-12 HTTP/1.1" 200 432
116.225.121.189 - - [12/Sep/2022:10:30:50 +0800] "GET /xingrg/kc/base/wldb_order_operate.html?command=get_materiel&rest_code=00105&base_code=0010507&code=00101019400 HTTP/1.1" 200 465
114.88.158.224 - - [12/Sep/2022:10:30:56 +0800] "GET /xingrg/all/function/internal_message.html?_=1662949512832&CODE_STATE=getMsg HTTP/1.1" 200 27
114.88.158.224 - - [12/Sep/2022:10:30:57 +0800] "GET /xingrg/kc/buy/cgsh_order_operate.html?command=get_materiel&rest_code=00141&code=00101007085&supplier_code=00100004&order_time=2022-09-12 HTTP/1.1" 200 413
116.237.72.180 - - [12/Sep/2022:10:30:58 +0800] "GET /xingrg/kc/buy/cgsh_order_operate.html?command=get_materiel&rest_code=00106&code=00101008141&supplier_code=00100007&order_time=2022-09-12 HTTP/1.1" 200 412
114.84.5.35 - - [12/Sep/2022:10:30:59 +0800] "GET /xingrg/all/function/internal_message.html?_=1662949858670&CODE_STATE=getMsg HTTP/1.1" 200 27
180.169.147.146 - - [12/Sep/2022:10:30:59 +0800] "GET /xingrg/all/function/internal_message.html?_=1662949859308&CODE_STATE=getMsg HTTP/1.1" 200 27
116.225.121.189 - - [12/Sep/2022:10:31:00 +0800] "GET /xingrg/kc/base/wldb_order_operate.html?command=get_materiel&rest_code=00105&base_code=0010507&code=00101019222 HTTP/1.1" 200 453
116.232.194.65 - - [12/Sep/2022:10:31:03 +0800] "GET /xingrg/check_reg.html?_=1662949809397 HTTP/1.1" 200 22
116.232.194.65 - - [12/Sep/2022:10:31:04 +0800] "GET /xingrg/all/function/internal_message.html?_=1662949809679&CODE_STATE=getMsg HTTP/1.1" 200 27
116.238.169.132 - - [12/Sep/2022:10:31:05 +0800] "GET /xingrg/all/function/internal_message.html?_=1662949865914&CODE_STATE=getMsg HTTP/1.1" 302 -
101.85.93.70 - - [12/Sep/2022:10:31:05 +0800] "GET /xingrg/all/function/internal_message.html?_=1662949864183&CODE_STATE=getMsg HTTP/1.1" 200 27
114.88.158.224 - - [12/Sep/2022:10:31:07 +0800] "POST /xingrg/kc/buy/cgsh_order_operate.html HTTP/1.1" 200 37
180.169.147.146 - - [12/Sep/2022:10:31:11 +0800] "GET /xingrg/kc/buy/cgsh_order_list.html HTTP/1.1" 200 53156
116.237.72.180 - - [12/Sep/2022:10:31:12 +0800] "GET /xingrg/kc/buy/cgsh_order_operate.html?command=get_materiel&rest_code=00106&code=00101008355&supplier_code=00100007&order_time=2022-09-12 HTTP/1.1" 200 408
116.225.121.189 - - [12/Sep/2022:10:31:12 +0800] "POST /xingrg/kc/base/wldb_order_operate.html HTTP/1.1" 200 37
116.225.121.189 - - [12/Sep/2022:10:31:14 +0800] "GET /xingrg/kc/base/wldb_order_info.html?code=422022091201039 HTTP/1.1" 200 30409
58.221.95.50 - - [12/Sep/2022:10:31:14 +0800] "GET /xingrg/all/function/internal_message.html?_=1662949874367&CODE_STATE=getMsg HTTP/1.1" 200 27
116.225.121.189 - - [12/Sep/2022:10:31:15 +0800] "GET /xingrg/javascript/easyui/themes/default/validatebox.css HTTP/1.1" 404 1104
114.88.158.224 - - [12/Sep/2022:10:31:16 +0800] "POST /xingrg/kc/buy/cgsh_order_operate.html HTTP/1.1" 200 12
116.225.121.189 - - [12/Sep/2022:10:31:16 +0800] "POST /xingrg/kc/base/wldb_order_operate.html HTTP/1.1" 200 6178
116.225.121.189 - - [12/Sep/2022:10:31:16 +0800] "POST /xingrg/kc/base/wldb_order_operate.html HTTP/1.1" 200 6178
120.253.135.82 - - [12/Sep/2022:10:31:17 +0800] "GET /xingrg/all/function/internal_message.html?_=1662949994595&CODE_STATE=getMsg HTTP/1.1" 200 27
180.169.147.146 - - [12/Sep/2022:10:31:17 +0800] "POST /xingrg/kc/buy/cgsh_list_operate.html HTTP/1.1" 200 869
114.88.158.224 - - [12/Sep/2022:10:31:18 +0800] "GET /xingrg/kc/buy/cgsh_order_info.html?code=212022091204384 HTTP/1.1" 200 63580
114.88.158.224 - - [12/Sep/2022:10:31:19 +0800] "GET /xingrg/javascript/easyui/themes/default/validatebox.css HTTP/1.1" 404 1104
116.237.72.180 - - [12/Sep/2022:10:31:19 +0800] "GET /xingrg/kc/buy/cgsh_order_operate.html?command=get_materiel&rest_code=00106&code=00101008144&supplier_code=00100007&order_time=2022-09-12 HTTP/1.1" 200 412
114.88.158.224 - - [12/Sep/2022:10:31:20 +0800] "POST /xingrg/kc/buy/cgsh_order_operate.html HTTP/1.1" 200 1200
114.88.158.224 - - [12/Sep/2022:10:31:21 +0800] "GET /xingrg/kc/print/load_data.html?order_code=212022091204384&kc_code=cgsh&condition= HTTP/1.1" 200 982
180.169.147.146 - - [12/Sep/2022:10:31:23 +0800] "GET /xingrg/login.html HTTP/1.1" 200 7641
180.169.147.146 - - [12/Sep/2022:10:31:23 +0800] "GET /favicon.ico HTTP/1.1" 404 -
180.169.147.146 - - [12/Sep/2022:10:31:26 +0800] "POST /xingrg/kc/buy/cgsh_list_operate.html HTTP/1.1" 200 5865
116.237.72.180 - - [12/Sep/2022:10:31:27 +0800] "GET /xingrg/kc/buy/cgsh_order_operate.html?command=get_materiel&rest_code=00106&code=00101008356&supplier_code=00100007&order_time=2022-09-12 HTTP/1.1" 200 409
116.225.121.189 - - [12/Sep/2022:10:31:27 +0800] "GET /xingrg/all/function/internal_message.html?_=1662949749858&CODE_STATE=getMsg HTTP/1.1" 200 27
124.79.74.72 - - [12/Sep/2022:10:31:27 +0800] "GET /xingrg/all/function/internal_message.html?_=1662949885428&CODE_STATE=getMsg HTTP/1.1" 200 27
116.224.255.128 - - [12/Sep/2022:10:31:28 +0800] "GET /xingrg/all/function/internal_message.html?_=1662949828436&CODE_STATE=getMsg HTTP/1.1" 200 27
116.235.94.249 - - [12/Sep/2022:10:31:28 +0800] "GET /xingrg/all/function/internal_message.html?_=1662950082455&CODE_STATE=getMsg HTTP/1.1" 200 27
114.84.5.35 - - [12/Sep/2022:10:31:30 +0800] "GET /xingrg/kc/buy/buy_main.html HTTP/1.1" 200 12412
114.84.5.35 - - [12/Sep/2022:10:31:30 +0800] "GET /xingrg/css/new_ie.css HTTP/1.1" 404 1036
180.169.147.146 - - [12/Sep/2022:10:31:30 +0800] "POST /xingrg/login.do HTTP/1.1" 302 -
180.169.147.146 - - [12/Sep/2022:10:31:30 +0800] "POST /xingrg/login.do HTTP/1.1" 302 -
180.169.147.146 - - [12/Sep/2022:10:31:30 +0800] "GET /xingrg/index.html?sysBaseUrl=http%3A%2F%2F180.169.147.146%3A18081%2Fxingrg%2F&costTime=2101×tamp=1662949890757 HTTP/1.1" 200 17179
114.84.5.35 - - [12/Sep/2022:10:31:30 +0800] "GET /xingrg/images/yd/bt.gif HTTP/1.1" 404 1040
180.169.147.146 - - [12/Sep/2022:10:31:30 +0800] "GET /favicon.ico HTTP/1.1" 404 -
180.169.147.146 - - [12/Sep/2022:10:31:31 +0800] "GET /xingrg/all/function/internal_message.html?_=1662949888466&CODE_STATE=count HTTP/1.1" 200 11
180.169.147.146 - - [12/Sep/2022:10:31:31 +0800] "GET /xingrg/check_reg.html?_=1662949888466 HTTP/1.1" 200 22
180.169.147.146 - - [12/Sep/2022:10:31:31 +0800] "POST /xingrg/all/common/load_tree.html?tree=area_rest_tree_json&manage=1 HTTP/1.1" 200 351
180.169.147.146 - - [12/Sep/2022:10:31:31 +0800] "POST /xingrg/load_menu.html HTTP/1.1" 200 5138
114.84.5.35 - - [12/Sep/2022:10:31:32 +0800] "GET /xingrg/kc/buy/cgsh_order_list.html HTTP/1.1" 200 52895
180.169.147.146 - - [12/Sep/2022:10:31:34 +0800] "GET /xingrg/index.html?sysBaseUrl=http%3A%2F%2F180.169.147.146%3A18081%2Fxingrg%2F&costTime=2101×tamp=1662949890757 HTTP/1.1" 200 17179
180.169.147.146 - - [12/Sep/2022:10:31:34 +0800] "GET /favicon.ico HTTP/1.1" 404 -
180.169.147.146 - - [12/Sep/2022:10:31:34 +0800] "GET /xingrg/all/function/internal_message.html?_=1662949892398&CODE_STATE=count HTTP/1.1" 200 11
180.169.147.146 - - [12/Sep/2022:10:31:35 +0800] "GET /xingrg/check_reg.html?_=1662949892399 HTTP/1.1" 200 22
180.169.147.146 - - [12/Sep/2022:10:31:35 +0800] "POST /xingrg/all/common/load_tree.html?tree=area_rest_tree_json&manage=1 HTTP/1.1" 200 351
180.169.147.146 - - [12/Sep/2022:10:31:35 +0800] "POST /xingrg/load_menu.html HTTP/1.1" 200 5138
114.84.5.35 - - [12/Sep/2022:10:31:36 +0800] "POST /xingrg/kc/buy/cgsh_list_operate.html HTTP/1.1" 200 3436
114.88.158.224 - - [12/Sep/2022:10:31:37 +0800] "GET /xingrg/kc/buy/cgsh_order_add.html HTTP/1.1" 200 68677
114.88.158.224 - - [12/Sep/2022:10:31:37 +0800] "POST /xingrg/kc/buy/cgsh_order_operate.html HTTP/1.1" 200 8245
114.88.158.224 - - [12/Sep/2022:10:31:37 +0800] "GET /xingrg/javascript/easyui/themes/default/validatebox.css HTTP/1.1" 404 1104
180.169.147.146 - - [12/Sep/2022:10:31:38 +0800] "GET /xingrg/kc/buy/buy_main.html HTTP/1.1" 200 12412
180.169.147.146 - - [12/Sep/2022:10:31:38 +0800] "GET /xingrg/css/new_ie.css HTTP/1.1" 404 1036
180.169.147.146 - - [12/Sep/2022:10:31:38 +0800] "GET /xingrg/all/function/internal_message.html?_=1662949909141&CODE_STATE=getMsg HTTP/1.1" 200 27
180.169.147.146 - - [12/Sep/2022:10:31:39 +0800] "POST /xingrg/kc/buy/cgsh_list_operate.html HTTP/1.1" 200 9749
114.83.219.57 - - [12/Sep/2022:10:31:40 +0800] "GET /xingrg/all/function/internal_message.html?_=1662949982084&CODE_STATE=getMsg HTTP/1.1" 200 27
114.83.219.57 - - [12/Sep/2022:10:31:40 +0800] "GET /xingrg/check_reg.html?_=1662949982086 HTTP/1.1" 200 22
116.237.72.180 - - [12/Sep/2022:10:31:40 +0800] "GET /xingrg/kc/buy/cgsh_order_operate.html?command=get_materiel&rest_code=00106&code=00101008357&supplier_code=00100007&order_time=2022-09-12 HTTP/1.1" 200 408
180.169.147.146 - - [12/Sep/2022:10:31:40 +0800] "GET /xingrg/kc/buy/cgsh_order_list.html HTTP/1.1" 200 16412
222.70.246.221 - - [12/Sep/2022:10:31:41 +0800] "GET /xingrg/all/function/internal_message.html?_=1662949903208&CODE_STATE=getMsg HTTP/1.1" 200 27
116.225.121.189 - - [12/Sep/2022:10:31:43 +0800] "GET /xingrg/all/function/internal_message.html?_=1662949904666&CODE_STATE=getMsg HTTP/1.1" 200 27
180.169.147.146 - - [12/Sep/2022:10:31:43 +0800] "GET /xingrg/kc/buy/cgsh_order_list.html HTTP/1.1" 200 16412
114.83.221.9 - - [12/Sep/2022:10:31:43 +0800] "GET /xingrg/all/function/internal_message.html?_=1662949902562&CODE_STATE=getMsg HTTP/1.1" 200 27
180.169.147.146 - - [12/Sep/2022:10:31:43 +0800] "GET /xingrg/kc/buy/cgsh_order_list.html HTTP/1.1" 200 16412
180.169.147.146 - - [12/Sep/2022:10:31:44 +0800] "GET /xingrg/kc/buy/cgsh_order_list.html HTTP/1.1" 200 16412
180.169.147.146 - - [12/Sep/2022:10:31:44 +0800] "GET /xingrg/kc/buy/cgsh_order_list.html HTTP/1.1" 200 16412
180.169.147.146 - - [12/Sep/2022:10:31:44 +0800] "GET /xingrg/kc/buy/cgsh_order_list.html HTTP/1.1" 200 16412
180.169.147.146 - - [12/Sep/2022:10:31:45 +0800] "GET /xingrg/kc/buy/cgsh_order_list.html HTTP/1.1" 200 16412
180.169.147.146 - - [12/Sep/2022:10:31:45 +0800] "GET /xingrg/kc/buy/cgsh_order_list.html HTTP/1.1" 200 16412
116.237.72.180 - - [12/Sep/2022:10:31:45 +0800] "GET /xingrg/all/function/internal_message.html?_=1662949905123&CODE_STATE=getMsg HTTP/1.1" 200 27
180.169.147.146 - - [12/Sep/2022:10:31:45 +0800] "GET /xingrg/kc/buy/cgsh_order_list.html HTTP/1.1" 200 52901
114.84.81.136 - - [12/Sep/2022:10:31:45 +0800] "GET /xingrg/all/function/internal_message.html?_=1662949905128&CODE_STATE=getMsg HTTP/1.1" 200 27
114.84.5.35 - - [12/Sep/2022:10:31:47 +0800] "POST /xingrg/kc/buy/cgsh_list_operate.html HTTP/1.1" 200 591
116.237.72.180 - - [12/Sep/2022:10:31:48 +0800] "GET /xingrg/kc/buy/cgsh_order_operate.html?command=get_materiel&rest_code=00106&code=00101008230&supplier_code=00100007&order_time=2022-09-12 HTTP/1.1" 200 408
180.169.147.146 - - [12/Sep/2022:10:31:48 +0800] "POST /xingrg/kc/buy/cgsh_list_operate.html HTTP/1.1" 200 5243
180.169.147.146 - - [12/Sep/2022:10:31:51 +0800] "GET /xingrg/kc/buy/cgsh_order_add.html HTTP/1.1" 200 68680
180.169.147.146 - - [12/Sep/2022:10:31:51 +0800] "GET /xingrg/words/20220912090131_words.js HTTP/1.1" 200 920155
180.169.147.146 - - [12/Sep/2022:10:31:51 +0800] "POST /xingrg/kc/buy/cgsh_order_operate.html HTTP/1.1" 200 8245
180.169.147.146 - - [12/Sep/2022:10:31:51 +0800] "GET /xingrg/javascript/easyui/themes/default/validatebox.css HTTP/1.1" 404 1104
180.169.147.146 - - [12/Sep/2022:10:31:51 +0800] "GET /xingrg/all/common/auto_word.html?type=employee&rest_code=00147 HTTP/1.1" 200 101
180.169.147.146 - - [12/Sep/2022:10:31:52 +0800] "GET /xingrg/all/common/auto_word.html?type=employee&rest_code=00147 HTTP/1.1" 200 101
114.84.5.35 - - [12/Sep/2022:10:31:52 +0800] "POST /xingrg/kc/buy/cgsh_list_operate.html HTTP/1.1" 200 271
114.88.158.224 - - [12/Sep/2022:10:31:52 +0800] "GET /xingrg/kc/buy/cgsh_order_operate.html?command=get_materiel&rest_code=00141&code=00101008112&supplier_code=00100007&order_time=2022-09-12 HTTP/1.1" 200 412
114.84.5.35 - - [12/Sep/2022:10:31:54 +0800] "POST /xingrg/kc/buy/cgsh_list_operate.html HTTP/1.1" 200 3834
114.88.158.224 - - [12/Sep/2022:10:31:56 +0800] "GET /xingrg/all/function/internal_message.html?_=1662949572807&CODE_STATE=getMsg HTTP/1.1" 200 27
114.84.5.35 - - [12/Sep/2022:10:31:56 +0800] "POST /xingrg/kc/buy/cgsh_list_operate.html HTTP/1.1" 200 584
116.237.72.180 - - [12/Sep/2022:10:31:57 +0800] "GET /xingrg/kc/buy/cgsh_order_operate.html?command=get_materiel&rest_code=00106&code=00101008069&supplier_code=00100007&order_time=2022-09-12 HTTP/1.1" 200 412
114.84.5.35 - - [12/Sep/2022:10:31:59 +0800] "GET /xingrg/all/function/internal_message.html?_=1662949918654&CODE_STATE=getMsg HTTP/1.1" 200 27
180.169.147.146 - - [12/Sep/2022:10:31:59 +0800] "GET /xingrg/all/function/internal_message.html?_=1662949919308&CODE_STATE=getMsg HTTP/1.1" 200 27
180.169.147.146 - - [12/Sep/2022:10:31:59 +0800] "GET /xingrg/javascript/jquery_tools/images/next.gif HTTP/1.1" 404 1086
180.169.147.146 - - [12/Sep/2022:10:31:59 +0800] "GET /xingrg/javascript/jquery_tools/images/prev.gif HTTP/1.1" 404 1086
116.232.194.65 - - [12/Sep/2022:10:32:04 +0800] "GET /xingrg/all/function/internal_message.html?_=1662949869677&CODE_STATE=getMsg HTTP/1.1" 200 27
180.169.147.146 - - [12/Sep/2022:10:32:04 +0800] "POST /xingrg/kc/buy/cgsh_list_operate.html HTTP/1.1" 200 9875
116.238.169.132 - - [12/Sep/2022:10:32:05 +0800] "GET /xingrg/all/function/internal_message.html?_=1662949925915&CODE_STATE=getMsg HTTP/1.1" 302 -
116.238.169.132 - - [12/Sep/2022:10:32:05 +0800] "GET /xingrg/check_reg.html?_=1662949925915 HTTP/1.1" 302 -
114.84.5.35 - - [12/Sep/2022:10:32:05 +0800] "POST /xingrg/kc/buy/cgsh_list_operate.html HTTP/1.1" 200 352
101.85.93.70 - - [12/Sep/2022:10:32:05 +0800] "GET /xingrg/all/function/internal_message.html?_=1662949924169&CODE_STATE=getMsg HTTP/1.1" 200 27
180.169.147.146 - - [12/Sep/2022:10:32:07 +0800] "POST /xingrg/all/user/operate.html HTTP/1.1" 200 36
180.169.147.146 - - [12/Sep/2022:10:32:07 +0800] "GET /xingrg/index.html?sysBaseUrl=http%3A%2F%2F180.169.147.146%3A18081%2Fxingrg%2F&costTime=1738×tamp=1662945117588 HTTP/1.1" 200 17503
180.169.147.146 - - [12/Sep/2022:10:32:07 +0800] "GET /xingrg/javascript/jquery_easy_ui/themes/default/easyui.css HTTP/1.1" 304 -
180.169.147.146 - - [12/Sep/2022:10:32:07 +0800] "GET /xingrg/javascript/jquery_easy_ui/themes/icon.css HTTP/1.1" 304 -
180.169.147.146 - - [12/Sep/2022:10:32:07 +0800] "GET /xingrg/css/form.css HTTP/1.1" 304 -
180.169.147.146 - - [12/Sep/2022:10:32:07 +0800] "GET /xingrg/javascript/jquery-1.4.2.min.js HTTP/1.1" 304 -
180.169.147.146 - - [12/Sep/2022:10:32:07 +0800] "GET /xingrg/javascript/jquery_easy_ui/jquery.easyui.min.js HTTP/1.1" 304 -
180.169.147.146 - - [12/Sep/2022:10:32:08 +0800] "GET /xingrg/javascript/jquery_easy_ui/easyui-lang-zh_CN.js HTTP/1.1" 304 -
180.169.147.146 - - [12/Sep/2022:10:32:08 +0800] "GET /xingrg/javascript/jquery.form.js HTTP/1.1" 304 -
180.169.147.146 - - [12/Sep/2022:10:32:08 +0800] "GET /xingrg/javascript/jquery.utils.js HTTP/1.1" 304 -
180.169.147.146 - - [12/Sep/2022:10:32:08 +0800] "GET /xingrg/javascript/jquery.timers.js HTTP/1.1" 304 -
180.169.147.146 - - [12/Sep/2022:10:32:08 +0800] "GET /xingrg/images/blue/jxLogo.png HTTP/1.1" 304 -
180.169.147.146 - - [12/Sep/2022:10:32:08 +0800] "GET /xingrg/javascript/jquery_easy_ui/themes/icons/settle_new.png HTTP/1.1" 304 -
58.221.95.50 - - [12/Sep/2022:10:32:08 +0800] "GET /xingrg/check_reg.html?_=1662949927660 HTTP/1.1" 200 22
180.169.147.146 - - [12/Sep/2022:10:32:08 +0800] "GET /xingrg/images/blue/navBackgound.jpg HTTP/1.1" 304 -
180.169.147.146 - - [12/Sep/2022:10:32:08 +0800] "GET /xingrg/all/function/internal_message.html?_=1662949938728&CODE_STATE=count HTTP/1.1" 200 11
180.169.147.146 - - [12/Sep/2022:10:32:08 +0800] "GET /xingrg/javascript/jquery_easy_ui/themes/default/images/panel_tool_expand.gif HTTP/1.1" 304 -
180.169.147.146 - - [12/Sep/2022:10:32:08 +0800] "GET /xingrg/javascript/jquery_easy_ui/themes/default/images/panel_tool_collapse.gif HTTP/1.1" 304 -
180.169.147.146 - - [12/Sep/2022:10:32:08 +0800] "POST /xingrg/all/common/load_tree.html?tree=area_rest_tree_json&manage=1 HTTP/1.1" 200 591
180.169.147.146 - - [12/Sep/2022:10:32:08 +0800] "GET /xingrg/javascript/jquery_easy_ui/themes/default/images/tabs_leftarrow.png HTTP/1.1" 304 -
180.169.147.146 - - [12/Sep/2022:10:32:08 +0800] "GET /xingrg/javascript/jquery_easy_ui/themes/default/images/tabs_rightarrow.png HTTP/1.1" 304 -
180.169.147.146 - - [12/Sep/2022:10:32:08 +0800] "GET /xingrg/check_reg.html?_=1662949938730 HTTP/1.1" 200 22
180.169.147.146 - - [12/Sep/2022:10:32:08 +0800] "POST /xingrg/load_menu.html HTTP/1.1" 200 9959
180.169.147.146 - - [12/Sep/2022:10:32:08 +0800] "GET /xingrg/images/blue/pingpu.png HTTP/1.1" 304 -
180.169.147.146 - - [12/Sep/2022:10:32:08 +0800] "GET /xingrg/javascript/jquery_easy_ui/themes/icons/forms_new.png HTTP/1.1" 304 -
180.169.147.146 - - [12/Sep/2022:10:32:08 +0800] "GET /xingrg/javascript/jquery_easy_ui/themes/icons/setting_new.png HTTP/1.1" 304 -
180.169.147.146 - - [12/Sep/2022:10:32:08 +0800] "GET /xingrg/javascript/jquery_easy_ui/themes/icons/storage_new.png HTTP/1.1" 304 -
180.169.147.146 - - [12/Sep/2022:10:32:08 +0800] "GET /xingrg/javascript/jquery_easy_ui/themes/icons/systemset_new.png HTTP/1.1" 304 -
180.169.147.146 - - [12/Sep/2022:10:32:08 +0800] "GET /xingrg/javascript/jquery_easy_ui/themes/default/images/tree_folder.gif HTTP/1.1" 304 -
180.169.147.146 - - [12/Sep/2022:10:32:08 +0800] "GET /xingrg/javascript/jquery_easy_ui/themes/icons/search_new.png HTTP/1.1" 304 -
180.169.147.146 - - [12/Sep/2022:10:32:08 +0800] "GET /xingrg/javascript/jquery_easy_ui/themes/icons/checkout_new.png HTTP/1.1" 304 -
180.169.147.146 - - [12/Sep/2022:10:32:08 +0800] "GET /xingrg/javascript/jquery_easy_ui/themes/default/images/tree_arrows.gif HTTP/1.1" 304 -
180.169.147.146 - - [12/Sep/2022:10:32:08 +0800] "GET /xingrg/javascript/jquery_easy_ui/themes/default/images/tree_folder_open.gif HTTP/1.1" 304 -
180.169.147.146 - - [12/Sep/2022:10:32:08 +0800] "GET /xingrg/javascript/jquery_easy_ui/themes/default/images/tree_file.gif HTTP/1.1" 304 -
114.84.5.35 - - [12/Sep/2022:10:32:08 +0800] "POST /xingrg/kc/buy/cgsh_list_operate.html HTTP/1.1" 200 567
180.169.147.146 - - [12/Sep/2022:10:32:12 +0800] "GET /xingrg/kc/buy/cgsh_order_list.html HTTP/1.1" 200 53150
114.84.5.35 - - [12/Sep/2022:10:32:12 +0800] "GET /xingrg/kc/buy/cgsh_order_info.html?code=212022091204381 HTTP/1.1" 200 68642
114.84.5.35 - - [12/Sep/2022:10:32:12 +0800] "GET /xingrg/javascript/easyui/themes/default/validatebox.css HTTP/1.1" 404 1104
114.84.5.35 - - [12/Sep/2022:10:32:13 +0800] "POST /xingrg/kc/buy/cgsh_order_operate.html HTTP/1.1" 200 15097
180.163.28.109 - - [12/Sep/2022:10:32:14 +0800] "GET /xingrg/all/function/internal_message.html?_=1662948989827&CODE_STATE=getMsg HTTP/1.1" 302 -
180.163.28.109 - - [12/Sep/2022:10:32:14 +0800] "GET /xingrg/login.html HTTP/1.1" 200 7641
58.221.95.50 - - [12/Sep/2022:10:32:14 +0800] "GET /xingrg/all/function/internal_message.html?_=1662949934340&CODE_STATE=getMsg HTTP/1.1" 200 27
180.169.147.146 - - [12/Sep/2022:10:32:16 +0800] "POST /xingrg/kc/buy/cgsh_list_operate.html HTTP/1.1" 200 3436
116.237.72.180 - - [12/Sep/2022:10:32:16 +0800] "GET /xingrg/kc/buy/cgsh_order_operate.html?command=get_materiel&rest_code=00106&code=00101008286&supplier_code=00100007&order_time=2022-09-12 HTTP/1.1" 200 408
120.253.135.82 - - [12/Sep/2022:10:32:17 +0800] "GET /xingrg/all/function/internal_message.html?_=1662950054634&CODE_STATE=getMsg HTTP/1.1" 200 27
180.169.147.146 - - [12/Sep/2022:10:32:17 +0800] "GET /xingrg/kc/buy/cgsh_order_operate.html?command=get_materiel&rest_code=00147&code=00101001093&supplier_code=00100090&order_time=2022-09-11 HTTP/1.1" 200 411
180.169.147.146 - - [12/Sep/2022:10:32:25 +0800] "POST /xingrg/kc/buy/cgsh_list_operate.html HTTP/1.1" 200 9566
114.84.5.35 - - [12/Sep/2022:10:32:25 +0800] "GET /xingrg/kc/buy/cgsh_order_operate.html?command=get_materiel&rest_code=00111&code=00101008264&supplier_code=00100005&order_time=2022-09-12 HTTP/1.1" 200 412
116.237.72.180 - - [12/Sep/2022:10:32:26 +0800] "GET /xingrg/kc/buy/cgsh_order_operate.html?command=get_materiel&rest_code=00106&code=00101008036&supplier_code=00100007&order_time=2022-09-12 HTTP/1.1" 200 408
114.88.158.224 - - [12/Sep/2022:10:32:27 +0800] "GET /xingrg/kc/buy/cgsh_order_operate.html?command=get_materiel&rest_code=00141&code=00101008185&supplier_code=00100007&order_time=2022-09-12 HTTP/1.1" 200 408
116.225.121.189 - - [12/Sep/2022:10:32:27 +0800] "GET /xingrg/all/function/internal_message.html?_=1662949809848&CODE_STATE=getMsg HTTP/1.1" 200 27
124.79.74.72 - - [12/Sep/2022:10:32:27 +0800] "GET /xingrg/all/function/internal_message.html?_=1662949945418&CODE_STATE=getMsg HTTP/1.1" 200 27
116.224.255.128 - - [12/Sep/2022:10:32:28 +0800] "GET /xingrg/all/function/internal_message.html?_=1662949888480&CODE_STATE=getMsg HTTP/1.1" 200 27
116.235.94.249 - - [12/Sep/2022:10:32:28 +0800] "GET /xingrg/all/function/internal_message.html?_=1662950142454&CODE_STATE=getMsg HTTP/1.1" 200 27
180.169.147.146 - - [12/Sep/2022:10:32:30 +0800] "POST /xingrg/kc/buy/cgsh_list_operate.html HTTP/1.1" 200 202
180.169.147.146 - - [12/Sep/2022:10:32:30 +0800] "GET /xingrg/kc/buy/cgsh_order_operate.html?command=get_materiel&rest_code=00147&code=00101004094&supplier_code=00100090&order_time=2022-09-11 HTTP/1.1" 200 413
114.88.158.224 - - [12/Sep/2022:10:32:31 +0800] "GET /xingrg/check_reg.html?_=1662949608514 HTTP/1.1" 200 22
116.237.72.180 - - [12/Sep/2022:10:32:32 +0800] "GET /xingrg/kc/buy/cgsh_order_operate.html?command=get_materiel&rest_code=00106&code=00101008131&supplier_code=00100007&order_time=2022-09-12 HTTP/1.1" 200 408
114.88.158.224 - - [12/Sep/2022:10:32:34 +0800] "GET /xingrg/kc/buy/cgsh_order_operate.html?command=get_materiel&rest_code=00141&code=00101008354&supplier_code=00100007&order_time=2022-09-12 HTTP/1.1" 200 412
180.169.147.146 - - [12/Sep/2022:10:32:34 +0800] "GET /xingrg/all/function/internal_message.html?_=1662949952400&CODE_STATE=getMsg HTTP/1.1" 200 27
114.83.219.57 - - [12/Sep/2022:10:32:40 +0800] "GET /xingrg/all/function/internal_message.html?_=1662950042102&CODE_STATE=getMsg HTTP/1.1" 200 27
114.84.5.35 - - [12/Sep/2022:10:32:40 +0800] "GET /xingrg/kc/buy/cgsh_order_operate.html?command=get_materiel&rest_code=00111&code=00101008196&supplier_code=00100005&order_time=2022-09-12 HTTP/1.1" 200 416
222.70.246.221 - - [12/Sep/2022:10:32:41 +0800] "GET /xingrg/check_reg.html?_=1662949962538 HTTP/1.1" 200 22
180.169.147.146 - - [12/Sep/2022:10:32:41 +0800] "GET /xingrg/kc/buy/cgsh_order_operate.html?command=get_materiel&rest_code=00147&code=00101004101&supplier_code=00100090&order_time=2022-09-11 HTTP/1.1" 200 435
222.70.246.221 - - [12/Sep/2022:10:32:41 +0800] "GET /xingrg/all/function/internal_message.html?_=1662949963221&CODE_STATE=getMsg HTTP/1.1" 200 27
116.237.72.180 - - [12/Sep/2022:10:32:42 +0800] "GET /xingrg/kc/buy/cgsh_order_operate.html?command=get_materiel&rest_code=00106&code=00101008318&supplier_code=00100007&order_time=2022-09-12 HTTP/1.1" 200 408
116.225.121.189 - - [12/Sep/2022:10:32:43 +0800] "GET /xingrg/all/function/internal_message.html?_=1662949964560&CODE_STATE=getMsg HTTP/1.1" 200 27
114.83.221.9 - - [12/Sep/2022:10:32:43 +0800] "GET /xingrg/all/function/internal_message.html?_=1662949962545&CODE_STATE=getMsg HTTP/1.1" 200 27
116.237.72.180 - - [12/Sep/2022:10:32:44 +0800] "POST /xingrg/kc/buy/cgsh_order_operate.html HTTP/1.1" 200 2065
114.88.158.224 - - [12/Sep/2022:10:32:44 +0800] "GET /xingrg/kc/buy/cgsh_order_operate.html?command=get_materiel&rest_code=00141&code=00101008351&supplier_code=00100007&order_time=2022-09-12 HTTP/1.1" 200 408
116.237.72.180 - - [12/Sep/2022:10:32:44 +0800] "GET /xingrg/all/function/internal_message.html?_=1662949965032&CODE_STATE=getMsg HTTP/1.1" 200 27
180.169.147.146 - - [12/Sep/2022:10:32:45 +0800] "POST /xingrg/kc/buy/cgsh_list_operate.html HTTP/1.1" 200 4
114.84.81.136 - - [12/Sep/2022:10:32:45 +0800] "GET /xingrg/check_reg.html?_=1662949965126 HTTP/1.1" 200 22
114.84.81.136 - - [12/Sep/2022:10:32:45 +0800] "GET /xingrg/all/function/internal_message.html?_=1662949965129&CODE_STATE=getMsg HTTP/1.1" 200 27
180.169.147.146 - - [12/Sep/2022:10:32:51 +0800] "POST /xingrg/kc/buy/cgsh_order_operate.html HTTP/1.1" 200 37
116.237.72.180 - - [12/Sep/2022:10:32:51 +0800] "GET /xingrg/kc/buy/cgsh_order_operate.html?command=get_materiel&rest_code=00106&code=00101008352&supplier_code=00100007&order_time=2022-09-12 HTTP/1.1" 200 412
120.253.135.82 - - [12/Sep/2022:10:32:52 +0800] "GET /xingrg/check_reg.html?_=1662950090025 HTTP/1.1" 200 22
180.169.147.146 - - [12/Sep/2022:10:32:52 +0800] "POST /xingrg/kc/buy/cgsh_order_operate.html HTTP/1.1" 200 3849
114.84.5.35 - - [12/Sep/2022:10:32:52 +0800] "GET /xingrg/kc/buy/cgsh_order_operate.html?command=get_materiel&rest_code=00111&code=00101008357&supplier_code=00100005&order_time=2022-09-12 HTTP/1.1" 200 408
114.88.158.224 - - [12/Sep/2022:10:32:52 +0800] "GET /xingrg/kc/buy/cgsh_order_operate.html?command=get_materiel&rest_code=00141&code=00101008038&supplier_code=00100007&order_time=2022-09-12 HTTP/1.1" 200 412
180.169.147.146 - - [12/Sep/2022:10:32:53 +0800] "GET /xingrg/kc/print/load_config.html?kc_code=cgsh HTTP/1.1" 200 1943
180.169.147.146 - - [12/Sep/2022:10:32:53 +0800] "GET /xingrg/kc/print/load_data.html?order_code=212022091204385&kc_code=cgsh&condition= HTTP/1.1" 200 1210
114.88.158.224 - - [12/Sep/2022:10:32:56 +0800] "GET /xingrg/all/function/internal_message.html?_=1662949632780&CODE_STATE=getMsg HTTP/1.1" 200 27
114.84.5.35 - - [12/Sep/2022:10:32:59 +0800] "GET /xingrg/all/function/internal_message.html?_=1662949978631&CODE_STATE=getMsg HTTP/1.1" 200 27
116.237.72.180 - - [12/Sep/2022:10:32:59 +0800] "GET /xingrg/kc/buy/cgsh_order_operate.html?command=get_materiel&rest_code=00106&code=00101008353&supplier_code=00100007&order_time=2022-09-12 HTTP/1.1" 200 408
180.169.147.146 - - [12/Sep/2022:10:32:59 +0800] "GET /xingrg/check_reg.html?_=1662949979300 HTTP/1.1" 200 22
180.169.147.146 - - [12/Sep/2022:10:32:59 +0800] "GET /xingrg/all/function/internal_message.html?_=1662949979303&CODE_STATE=getMsg HTTP/1.1" 200 27
114.88.158.224 - - [12/Sep/2022:10:33:01 +0800] "GET /xingrg/kc/buy/cgsh_order_operate.html?command=get_materiel&rest_code=00141&code=00101008163&supplier_code=00100007&order_time=2022-09-12 HTTP/1.1" 200 409
116.225.121.189 - - [12/Sep/2022:10:33:01 +0800] "GET /xingrg/javascript/jquery_easy_ui/themes/icons/rest.png HTTP/1.1" 304 -
116.225.121.189 - - [12/Sep/2022:10:33:01 +0800] "GET /xingrg/javascript/jquery_easy_ui/themes/icons/area.png HTTP/1.1" 304 -
180.169.147.146 - - [12/Sep/2022:10:33:02 +0800] "GET /xingrg/kc/buy/cgsh_order_add.html HTTP/1.1" 200 68680
180.169.147.146 - - [12/Sep/2022:10:33:02 +0800] "POST /xingrg/kc/buy/cgsh_order_operate.html HTTP/1.1" 200 8245
180.169.147.146 - - [12/Sep/2022:10:33:02 +0800] "GET /xingrg/javascript/easyui/themes/default/validatebox.css HTTP/1.1" 404 1104
180.169.147.146 - - [12/Sep/2022:10:33:02 +0800] "GET /xingrg/all/common/auto_word.html?type=employee&rest_code=00147 HTTP/1.1" 200 101
180.169.147.146 - - [12/Sep/2022:10:33:02 +0800] "GET /xingrg/all/common/auto_word.html?type=employee&rest_code=00147 HTTP/1.1" 200 101
114.84.5.35 - - [12/Sep/2022:10:33:03 +0800] "GET /xingrg/kc/buy/cgsh_order_operate.html?command=get_materiel&rest_code=00111&code=00101008286&supplier_code=00100005&order_time=2022-09-12 HTTP/1.1" 200 408
116.232.194.65 - - [12/Sep/2022:10:33:04 +0800] "GET /xingrg/all/function/internal_message.html?_=1662949929650&CODE_STATE=getMsg HTTP/1.1" 200 27
116.238.169.132 - - [12/Sep/2022:10:33:05 +0800] "GET /xingrg/all/function/internal_message.html?_=1662949985913&CODE_STATE=getMsg HTTP/1.1" 302 -
101.85.93.70 - - [12/Sep/2022:10:33:05 +0800] "GET /xingrg/all/function/internal_message.html?_=1662949984171&CODE_STATE=getMsg HTTP/1.1" 200 27
114.84.5.35 - - [12/Sep/2022:10:33:07 +0800] "POST /xingrg/kc/buy/cgsh_order_operate.html HTTP/1.1" 200 2065
116.237.72.180 - - [12/Sep/2022:10:33:07 +0800] "GET /xingrg/kc/buy/cgsh_order_operate.html?command=get_materiel&rest_code=00106&code=00101008010&supplier_code=00100007&order_time=2022-09-12 HTTP/1.1" 200 412
180.169.147.146 - - [12/Sep/2022:10:33:08 +0800] "GET /xingrg/all/function/internal_message.html?_=1662949998741&CODE_STATE=getMsg HTTP/1.1" 200 27
180.169.147.146 - - [12/Sep/2022:10:33:09 +0800] "POST /xingrg/kc/buy/cgsh_list_operate.html HTTP/1.1" 200 9564
114.88.158.224 - - [12/Sep/2022:10:33:13 +0800] "GET /xingrg/kc/buy/cgsh_order_operate.html?command=get_materiel&rest_code=00141&code=00101008355&supplier_code=00100007&order_time=2022-09-12 HTTP/1.1" 200 408
58.221.95.50 - - [12/Sep/2022:10:33:14 +0800] "GET /xingrg/all/function/internal_message.html?_=1662949994325&CODE_STATE=getMsg HTTP/1.1" 200 27
116.237.72.180 - - [12/Sep/2022:10:33:15 +0800] "GET /xingrg/kc/buy/cgsh_order_operate.html?command=get_materiel&rest_code=00106&code=00101008437&supplier_code=00100007&order_time=2022-09-12 HTTP/1.1" 200 410
114.84.5.35 - - [12/Sep/2022:10:33:15 +0800] "GET /xingrg/kc/buy/cgsh_order_operate.html?command=get_materiel&rest_code=00111&code=00101008036&supplier_code=00100005&order_time=2022-09-12 HTTP/1.1" 200 408
120.253.135.82 - - [12/Sep/2022:10:33:17 +0800] "GET /xingrg/all/function/internal_message.html?_=1662950114638&CODE_STATE=getMsg HTTP/1.1" 200 27
222.70.246.221 - - [12/Sep/2022:10:33:18 +0800] "GET /xingrg/kc/buy/cgsh_order_operate.html?command=get_materiel&rest_code=00146&code=00101020131&supplier_code=00100005&order_time=2022-09-12 HTTP/1.1" 200 436
114.88.158.224 - - [12/Sep/2022:10:33:20 +0800] "GET /xingrg/kc/buy/cgsh_order_operate.html?command=get_materiel&rest_code=00141&code=00101008264&supplier_code=00100007&order_time=2022-09-12 HTTP/1.1" 200 412
116.237.72.180 - - [12/Sep/2022:10:33:22 +0800] "GET /xingrg/kc/buy/cgsh_order_operate.html?command=get_materiel&rest_code=00106&code=00101008096&supplier_code=00100007&order_time=2022-09-12 HTTP/1.1" 200 412
116.237.72.180 - - [12/Sep/2022:10:33:23 +0800] "POST /xingrg/kc/buy/cgsh_order_operate.html HTTP/1.1" 200 2065
180.169.147.146 - - [12/Sep/2022:10:33:24 +0800] "GET /xingrg/javascript/auto/indicator.gif HTTP/1.1" 404 1066
114.84.5.35 - - [12/Sep/2022:10:33:24 +0800] "GET /xingrg/kc/buy/cgsh_order_operate.html?command=get_materiel&rest_code=00111&code=00101008318&supplier_code=00100005&order_time=2022-09-12 HTTP/1.1" 200 408
116.225.121.189 - - [12/Sep/2022:10:33:27 +0800] "GET /xingrg/all/function/internal_message.html?_=1662949869847&CODE_STATE=getMsg HTTP/1.1" 200 27
124.79.74.72 - - [12/Sep/2022:10:33:27 +0800] "GET /xingrg/all/function/internal_message.html?_=1662950005422&CODE_STATE=getMsg HTTP/1.1" 200 27
116.224.255.128 - - [12/Sep/2022:10:33:28 +0800] "GET /xingrg/all/function/internal_message.html?_=1662949948494&CODE_STATE=getMsg HTTP/1.1" 200 27
116.235.94.249 - - [12/Sep/2022:10:33:28 +0800] "GET /xingrg/all/function/internal_message.html?_=1662950202453&CODE_STATE=getMsg HTTP/1.1" 200 27
116.237.72.180 - - [12/Sep/2022:10:33:33 +0800] "POST /xingrg/kc/buy/cgsh_order_operate.html HTTP/1.1" 200 37
114.88.158.224 - - [12/Sep/2022:10:33:33 +0800] "GET /xingrg/kc/buy/cgsh_order_operate.html?command=get_materiel&rest_code=00141&code=00101008079&supplier_code=00100007&order_time=2022-09-12 HTTP/1.1" 200 416
180.169.147.146 - - [12/Sep/2022:10:33:34 +0800] "GET /xingrg/all/function/internal_message.html?_=1662950012401&CODE_STATE=getMsg HTTP/1.1" 200 27
180.169.147.146 - - [12/Sep/2022:10:33:35 +0800] "GET /xingrg/kc/buy/cgsh_order_operate.html?command=get_materiel&rest_code=00147&code=00101010569&supplier_code=00100327&order_time=2022-09-11 HTTP/1.1" 200 411
114.84.5.35 - - [12/Sep/2022:10:33:35 +0800] "GET /xingrg/kc/buy/cgsh_order_operate.html?command=get_materiel&rest_code=00111&code=00101008352&supplier_code=00100005&order_time=2022-09-12 HTTP/1.1" 200 412
116.237.72.180 - - [12/Sep/2022:10:33:35 +0800] "POST /xingrg/kc/buy/cgsh_order_operate.html HTTP/1.1" 200 16216
114.83.219.57 - - [12/Sep/2022:10:33:40 +0800] "GET /xingrg/all/function/internal_message.html?_=1662950102100&CODE_STATE=getMsg HTTP/1.1" 200 27
222.70.246.221 - - [12/Sep/2022:10:33:41 +0800] "GET /xingrg/all/function/internal_message.html?_=1662950023235&CODE_STATE=getMsg HTTP/1.1" 200 27
116.237.72.180 - - [12/Sep/2022:10:33:42 +0800] "GET /xingrg/kc/buy/cgsh_order_operate.html?command=get_materiel&rest_code=00106&code=00101008199&supplier_code=00100007&order_time=2022-09-12 HTTP/1.1" 200 408
116.225.121.189 - - [12/Sep/2022:10:33:43 +0800] "GET /xingrg/all/function/internal_message.html?_=1662950024508&CODE_STATE=getMsg HTTP/1.1" 200 27
114.83.221.9 - - [12/Sep/2022:10:33:43 +0800] "GET /xingrg/all/function/internal_message.html?_=1662950022534&CODE_STATE=getMsg HTTP/1.1" 200 27
116.237.72.180 - - [12/Sep/2022:10:33:44 +0800] "GET /xingrg/all/function/internal_message.html?_=1662950025008&CODE_STATE=getMsg HTTP/1.1" 200 27
114.84.81.136 - - [12/Sep/2022:10:33:45 +0800] "GET /xingrg/all/function/internal_message.html?_=1662950025134&CODE_STATE=getMsg HTTP/1.1" 200 27
116.237.72.180 - - [12/Sep/2022:10:33:50 +0800] "GET /xingrg/kc/buy/cgsh_order_operate.html?command=get_materiel&rest_code=00106&code=00101008126&supplier_code=00100007&order_time=2022-09-12 HTTP/1.1" 200 412
114.88.158.224 - - [12/Sep/2022:10:33:52 +0800] "GET /xingrg/kc/buy/cgsh_order_operate.html?command=get_materiel&rest_code=00141&code=00101008077&supplier_code=00100007&order_time=2022-09-12 HTTP/1.1" 200 416
180.169.147.146 - - [12/Sep/2022:10:33:54 +0800] "GET /xingrg/kc/buy/cgsh_order_operate.html?command=get_materiel&rest_code=00147&code=00101010691&supplier_code=00100327&order_time=2022-09-11 HTTP/1.1" 200 411
114.88.158.224 - - [12/Sep/2022:10:33:56 +0800] "GET /xingrg/all/function/internal_message.html?_=1662949692763&CODE_STATE=getMsg HTTP/1.1" 200 27
114.84.5.35 - - [12/Sep/2022:10:33:58 +0800] "POST /xingrg/kc/buy/cgsh_order_operate.html HTTP/1.1" 200 2065
116.237.72.180 - - [12/Sep/2022:10:33:59 +0800] "GET /xingrg/kc/buy/cgsh_order_operate.html?command=get_materiel&rest_code=00106&code=00101008067&supplier_code=00100007&order_time=2022-09-12 HTTP/1.1" 200 416
114.84.5.35 - - [12/Sep/2022:10:33:59 +0800] "GET /xingrg/all/function/internal_message.html?_=1662950038606&CODE_STATE=getMsg HTTP/1.1" 200 27
114.84.5.35 - - [12/Sep/2022:10:33:59 +0800] "GET /xingrg/check_reg.html?_=1662950039077 HTTP/1.1" 200 22
180.169.147.146 - - [12/Sep/2022:10:33:59 +0800] "GET /xingrg/all/function/internal_message.html?_=1662950039318&CODE_STATE=getMsg HTTP/1.1" 200 27
180.169.147.146 - - [12/Sep/2022:10:34:03 +0800] "POST /xingrg/kc/buy/cgsh_order_operate.html HTTP/1.1" 200 37
116.232.194.65 - - [12/Sep/2022:10:34:04 +0800] "GET /xingrg/all/function/internal_message.html?_=1662949989632&CODE_STATE=getMsg HTTP/1.1" 200 27
116.238.169.132 - - [12/Sep/2022:10:34:05 +0800] "GET /xingrg/all/function/internal_message.html?_=1662950045912&CODE_STATE=getMsg HTTP/1.1" 302 -
101.85.93.70 - - [12/Sep/2022:10:34:05 +0800] "GET /xingrg/all/function/internal_message.html?_=1662950044172&CODE_STATE=getMsg HTTP/1.1" 200 27
114.84.5.35 - - [12/Sep/2022:10:34:06 +0800] "GET /xingrg/kc/buy/cgsh_order_operate.html?command=get_materiel&rest_code=00111&code=00101008353&supplier_code=00100005&order_time=2022-09-12 HTTP/1.1" 200 408
180.169.147.146 - - [12/Sep/2022:10:34:08 +0800] "GET /xingrg/all/function/internal_message.html?_=1662950058753&CODE_STATE=getMsg HTTP/1.1" 200 27
116.237.72.180 - - [12/Sep/2022:10:34:10 +0800] "GET /xingrg/kc/buy/cgsh_order_operate.html?command=get_materiel&rest_code=00106&code=00101015006&supplier_code=00100007&order_time=2022-09-12 HTTP/1.1" 200 413
114.88.158.224 - - [12/Sep/2022:10:34:10 +0800] "GET /xingrg/kc/buy/cgsh_order_operate.html?command=get_materiel&rest_code=00141&code=00101008398&supplier_code=00100007&order_time=2022-09-12 HTTP/1.1" 200 405
58.221.95.50 - - [12/Sep/2022:10:34:14 +0800] "GET /xingrg/all/function/internal_message.html?_=1662950054338&CODE_STATE=getMsg HTTP/1.1" 200 27
114.84.5.35 - - [12/Sep/2022:10:34:15 +0800] "GET /xingrg/kc/buy/cgsh_order_operate.html?command=get_materiel&rest_code=00111&code=00101008213&supplier_code=00100005&order_time=2022-09-12 HTTP/1.1" 200 412
120.253.135.82 - - [12/Sep/2022:10:34:17 +0800] "GET /xingrg/all/function/internal_message.html?_=1662950174652&CODE_STATE=getMsg HTTP/1.1" 200 27
116.237.72.180 - - [12/Sep/2022:10:34:17 +0800] "POST /xingrg/kc/buy/cgsh_order_operate.html HTTP/1.1" 200 2065
114.88.158.224 - - [12/Sep/2022:10:34:22 +0800] "GET /xingrg/kc/buy/cgsh_order_operate.html?command=get_materiel&rest_code=00141&code=00101008357&supplier_code=00100007&order_time=2022-09-12 HTTP/1.1" 200 408
222.70.246.221 - - [12/Sep/2022:10:34:23 +0800] "GET /xingrg/kc/buy/cgsh_order_operate.html?command=get_materiel&rest_code=00146&code=00101008314&supplier_code=00100005&order_time=2022-09-12 HTTP/1.1" 200 413
116.225.121.189 - - [12/Sep/2022:10:34:27 +0800] "GET /xingrg/all/function/internal_message.html?_=1662949929849&CODE_STATE=getMsg HTTP/1.1" 200 27
116.225.121.189 - - [12/Sep/2022:10:34:27 +0800] "GET /xingrg/check_reg.html?_=1662949929853 HTTP/1.1" 200 22
114.84.5.35 - - [12/Sep/2022:10:34:27 +0800] "GET /xingrg/kc/buy/cgsh_order_operate.html?command=get_materiel&rest_code=00111&code=00101008291&supplier_code=00100005&order_time=2022-09-12 HTTP/1.1" 200 410
116.224.255.128 - - [12/Sep/2022:10:34:27 +0800] "GET /xingrg/check_reg.html?_=1662950008083 HTTP/1.1" 200 22
124.79.74.72 - - [12/Sep/2022:10:34:27 +0800] "GET /xingrg/all/function/internal_message.html?_=1662950065423&CODE_STATE=getMsg HTTP/1.1" 200 27
124.79.74.72 - - [12/Sep/2022:10:34:27 +0800] "GET /xingrg/check_reg.html?_=1662950065427 HTTP/1.1" 200 22
116.224.255.128 - - [12/Sep/2022:10:34:28 +0800] "GET /xingrg/all/function/internal_message.html?_=1662950008508&CODE_STATE=getMsg HTTP/1.1" 200 27
116.235.94.249 - - [12/Sep/2022:10:34:28 +0800] "GET /xingrg/check_reg.html?_=1662950262455 HTTP/1.1" 200 22
116.235.94.249 - - [12/Sep/2022:10:34:28 +0800] "GET /xingrg/all/function/internal_message.html?_=1662950262453&CODE_STATE=getMsg HTTP/1.1" 200 27
116.238.169.132 - - [12/Sep/2022:10:34:30 +0800] "GET /xingrg/kc/base/wldb_order_list.html HTTP/1.1" 200 19180
116.238.169.132 - - [12/Sep/2022:10:34:31 +0800] "POST /xingrg/kc/base/wldb_list_operate.html HTTP/1.1" 200 928
114.88.158.224 - - [12/Sep/2022:10:34:31 +0800] "GET /xingrg/kc/buy/cgsh_order_operate.html?command=get_materiel&rest_code=00141&code=00101008069&supplier_code=00100007&order_time=2022-09-12 HTTP/1.1" 200 412
116.238.169.132 - - [12/Sep/2022:10:34:32 +0800] "GET /xingrg/kc/base/wldb_order_add.html HTTP/1.1" 200 30390
116.238.169.132 - - [12/Sep/2022:10:34:32 +0800] "GET /xingrg/words/20220912090131_words.js HTTP/1.1" 304 -
116.238.169.132 - - [12/Sep/2022:10:34:32 +0800] "POST /xingrg/kc/base/wldb_order_operate.html HTTP/1.1" 200 6806
116.238.169.132 - - [12/Sep/2022:10:34:32 +0800] "GET /xingrg/all/common/auto_word.html?type=base&rest_code=00102 HTTP/1.1" 200 1857
116.238.169.132 - - [12/Sep/2022:10:34:32 +0800] "GET /xingrg/javascript/easyui/themes/default/validatebox.css HTTP/1.1" 404 1104
116.238.169.132 - - [12/Sep/2022:10:34:32 +0800] "GET /xingrg/all/common/auto_word.html?type=base&rest_code=00102 HTTP/1.1" 200 1857
180.169.147.146 - - [12/Sep/2022:10:34:33 +0800] "POST /xingrg/kc/buy/cgsh_order_operate.html HTTP/1.1" 200 3246
180.163.29.79 - - [12/Sep/2022:10:34:33 +0800] "GET /xingrg/kc/buy/cgsh_order_operate.html?command=get_materiel&rest_code=00106&code=00101006062&supplier_code=00100015&order_time=2022-09-12 HTTP/1.1" 302 -
180.163.29.79 - - [12/Sep/2022:10:34:33 +0800] "GET /xingrg/login.html HTTP/1.1" 200 7641
116.238.169.132 - - [12/Sep/2022:10:34:33 +0800] "POST /xingrg/all/common/load_combo.html?type=base HTTP/1.1" 200 3321
114.83.221.9 - - [12/Sep/2022:10:34:34 +0800] "GET /xingrg/check_reg.html?_=1662950073272 HTTP/1.1" 200 22
180.169.147.146 - - [12/Sep/2022:10:34:34 +0800] "GET /xingrg/all/function/internal_message.html?_=1662950072402&CODE_STATE=getMsg HTTP/1.1" 200 27
114.88.158.224 - - [12/Sep/2022:10:34:38 +0800] "GET /xingrg/kc/buy/cgsh_order_operate.html?command=get_materiel&rest_code=00141&code=00101008286&supplier_code=00100007&order_time=2022-09-12 HTTP/1.1" 200 408
222.70.246.221 - - [12/Sep/2022:10:34:39 +0800] "GET /xingrg/kc/buy/cgsh_order_operate.html?command=get_materiel&rest_code=00146&code=00101008350&supplier_code=00100005&order_time=2022-09-12 HTTP/1.1" 200 408
114.83.219.57 - - [12/Sep/2022:10:34:40 +0800] "GET /xingrg/all/function/internal_message.html?_=1662950162095&CODE_STATE=getMsg HTTP/1.1" 200 27
116.238.169.132 - - [12/Sep/2022:10:34:40 +0800] "POST /xingrg/all/common/load_combo.html?type=base HTTP/1.1" 200 3321
114.84.5.35 - - [12/Sep/2022:10:34:41 +0800] "GET /xingrg/kc/buy/cgsh_order_operate.html?command=get_materiel&rest_code=00111&code=00101008312&supplier_code=00100005&order_time=2022-09-12 HTTP/1.1" 200 412
222.70.246.221 - - [12/Sep/2022:10:34:41 +0800] "GET /xingrg/all/function/internal_message.html?_=1662950083248&CODE_STATE=getMsg HTTP/1.1" 200 27
116.225.121.189 - - [12/Sep/2022:10:34:42 +0800] "GET /xingrg/check_reg.html?_=1662950084309 HTTP/1.1" 200 22
116.225.121.189 - - [12/Sep/2022:10:34:43 +0800] "GET /xingrg/all/function/internal_message.html?_=1662950084478&CODE_STATE=getMsg HTTP/1.1" 200 27
114.83.221.9 - - [12/Sep/2022:10:34:43 +0800] "GET /xingrg/all/function/internal_message.html?_=1662950082510&CODE_STATE=getMsg HTTP/1.1" 200 27
180.169.147.146 - - [12/Sep/2022:10:34:44 +0800] "GET /xingrg/kc/print/load_config.html?kc_code=cgsh HTTP/1.1" 200 1943
180.169.147.146 - - [12/Sep/2022:10:34:44 +0800] "GET /xingrg/kc/print/load_data.html?order_code=212022091204387&kc_code=cgsh&condition= HTTP/1.1" 200 905
116.237.72.180 - - [12/Sep/2022:10:34:45 +0800] "GET /xingrg/all/function/internal_message.html?_=1662950085063&CODE_STATE=getMsg HTTP/1.1" 200 27
114.84.81.136 - - [12/Sep/2022:10:34:45 +0800] "GET /xingrg/all/function/internal_message.html?_=1662950085133&CODE_STATE=getMsg HTTP/1.1" 200 27
114.88.158.224 - - [12/Sep/2022:10:34:48 +0800] "GET /xingrg/kc/buy/cgsh_order_operate.html?command=get_materiel&rest_code=00141&code=00101008131&supplier_code=00100007&order_time=2022-09-12 HTTP/1.1" 200 408
114.84.5.35 - - [12/Sep/2022:10:34:49 +0800] "GET /xingrg/kc/buy/cgsh_order_operate.html?command=get_materiel&rest_code=00111&code=00101008674&supplier_code=00100005&order_time=2022-09-12 HTTP/1.1" 200 398
114.84.5.35 - - [12/Sep/2022:10:34:52 +0800] "POST /xingrg/kc/buy/cgsh_order_operate.html HTTP/1.1" 200 2065
116.238.169.132 - - [12/Sep/2022:10:34:53 +0800] "GET /xingrg/javascript/auto/indicator.gif HTTP/1.1" 404 1066
116.237.72.180 - - [12/Sep/2022:10:34:55 +0800] "POST /xingrg/kc/buy/cgsh_order_operate.html HTTP/1.1" 200 2065
114.88.158.224 - - [12/Sep/2022:10:34:56 +0800] "GET /xingrg/all/function/internal_message.html?_=1662949752783&CODE_STATE=getMsg HTTP/1.1" 200 27
116.238.169.132 - - [12/Sep/2022:10:34:57 +0800] "GET /xingrg/kc/base/wldb_order_operate.html?command=get_materiel&rest_code=00102&base_code=0010679&code=00101032018 HTTP/1.1" 200 440
114.88.158.224 - - [12/Sep/2022:10:34:58 +0800] "GET /xingrg/kc/buy/cgsh_order_operate.html?command=get_materiel&rest_code=00141&code=00101008352&supplier_code=00100007&order_time=2022-09-12 HTTP/1.1" 200 412
114.84.5.35 - - [12/Sep/2022:10:34:59 +0800] "GET /xingrg/all/function/internal_message.html?_=1662950098589&CODE_STATE=getMsg HTTP/1.1" 200 27
180.169.147.146 - - [12/Sep/2022:10:34:59 +0800] "GET /xingrg/all/function/internal_message.html?_=1662950099298&CODE_STATE=getMsg HTTP/1.1" 200 27
222.70.246.221 - - [12/Sep/2022:10:35:01 +0800] "GET /xingrg/kc/buy/cgsh_order_operate.html?command=get_materiel&rest_code=00146&code=00101008223&supplier_code=00100005&order_time=2022-09-12 HTTP/1.1" 200 412
180.169.147.146 - - [12/Sep/2022:10:35:03 +0800] "GET /xingrg/kc/buy/cgsh_order_add.html HTTP/1.1" 200 16412
116.232.194.65 - - [12/Sep/2022:10:35:04 +0800] "GET /xingrg/all/function/internal_message.html?_=1662950049607&CODE_STATE=getMsg HTTP/1.1" 200 27
116.238.169.132 - - [12/Sep/2022:10:35:05 +0800] "GET /xingrg/all/function/internal_message.html?_=1662950105910&CODE_STATE=getMsg HTTP/1.1" 302 -
101.85.93.70 - - [12/Sep/2022:10:35:05 +0800] "GET /xingrg/all/function/internal_message.html?_=1662950104172&CODE_STATE=getMsg HTTP/1.1" 200 27
101.85.93.70 - - [12/Sep/2022:10:35:05 +0800] "GET /xingrg/check_reg.html?_=1662950104177 HTTP/1.1" 200 22
180.169.147.146 - - [12/Sep/2022:10:35:06 +0800] "GET /xingrg/kc/buy/cgsh_order_add.html HTTP/1.1" 200 16412
180.163.28.109 - - [12/Sep/2022:10:35:07 +0800] "GET /xingrg/kc/print/load_data.html?order_code=212022091204375&kc_code=cgsh&condition= HTTP/1.1" 302 -
180.163.28.109 - - [12/Sep/2022:10:35:07 +0800] "GET /xingrg/login.html HTTP/1.1" 200 7641
180.169.147.146 - - [12/Sep/2022:10:35:07 +0800] "GET /xingrg/kc/buy/cgsh_order_add.html HTTP/1.1" 200 16412
180.169.147.146 - - [12/Sep/2022:10:35:07 +0800] "GET /xingrg/kc/buy/cgsh_order_add.html HTTP/1.1" 200 16412
180.169.147.146 - - [12/Sep/2022:10:35:08 +0800] "GET /xingrg/kc/buy/cgsh_order_add.html HTTP/1.1" 200 16412
180.169.147.146 - - [12/Sep/2022:10:35:08 +0800] "GET /xingrg/all/function/internal_message.html?_=1662950118755&CODE_STATE=getMsg HTTP/1.1" 200 27
180.169.147.146 - - [12/Sep/2022:10:35:08 +0800] "GET /xingrg/kc/buy/cgsh_order_add.html HTTP/1.1" 200 68680
180.169.147.146 - - [12/Sep/2022:10:35:08 +0800] "POST /xingrg/kc/buy/cgsh_order_operate.html HTTP/1.1" 200 8245
180.169.147.146 - - [12/Sep/2022:10:35:08 +0800] "GET /xingrg/all/common/auto_word.html?type=employee&rest_code=00147 HTTP/1.1" 200 101
180.169.147.146 - - [12/Sep/2022:10:35:08 +0800] "GET /xingrg/javascript/easyui/themes/default/validatebox.css HTTP/1.1" 404 1104
180.169.147.146 - - [12/Sep/2022:10:35:08 +0800] "GET /xingrg/all/common/auto_word.html?type=employee&rest_code=00147 HTTP/1.1" 200 101
114.88.158.224 - - [12/Sep/2022:10:35:11 +0800] "GET /xingrg/kc/buy/cgsh_order_operate.html?command=get_materiel&rest_code=00141&code=00101008353&supplier_code=00100007&order_time=2022-09-12 HTTP/1.1" 200 408
116.237.72.180 - - [12/Sep/2022:10:35:11 +0800] "POST /xingrg/kc/buy/cgsh_order_operate.html HTTP/1.1" 200 37
116.237.72.180 - - [12/Sep/2022:10:35:13 +0800] "POST /xingrg/kc/buy/cgsh_order_operate.html HTTP/1.1" 200 21542
58.221.95.50 - - [12/Sep/2022:10:35:14 +0800] "GET /xingrg/all/function/internal_message.html?_=1662950114323&CODE_STATE=getMsg HTTP/1.1" 200 27
120.253.135.82 - - [12/Sep/2022:10:35:17 +0800] "GET /xingrg/all/function/internal_message.html?_=1662950234666&CODE_STATE=getMsg HTTP/1.1" 200 27
222.70.246.221 - - [12/Sep/2022:10:35:17 +0800] "POST /xingrg/kc/buy/cgsh_order_operate.html HTTP/1.1" 200 2065
114.88.158.224 - - [12/Sep/2022:10:35:18 +0800] "GET /xingrg/kc/buy/cgsh_order_operate.html?command=get_materiel&rest_code=00141&code=00101008213&supplier_code=00100007&order_time=2022-09-12 HTTP/1.1" 200 412
180.169.147.146 - - [12/Sep/2022:10:35:18 +0800] "GET /xingrg/kc/buy/cgsh_order_operate.html?command=get_materiel&rest_code=00147&code=00101004034&supplier_code=00100085&order_time=2022-09-11 HTTP/1.1" 200 418
116.238.169.132 - - [12/Sep/2022:10:35:19 +0800] "GET /xingrg/check_reg.html?_=1662950119731 HTTP/1.1" 200 22
114.84.5.35 - - [12/Sep/2022:10:35:20 +0800] "GET /xingrg/kc/buy/cgsh_order_operate.html?command=get_materiel&rest_code=00111&code=00101008257&supplier_code=00100005&order_time=2022-09-12 HTTP/1.1" 200 416
