116.232.194.65 - - [12/Sep/2022:08:53:05 +0800] "GET /xingrg/all/function/internal_message.html?_=1662943931341&CODE_STATE=getMsg HTTP/1.1" 200 27
116.238.169.132 - - [12/Sep/2022:08:53:05 +0800] "GET /xingrg/all/function/internal_message.html?_=1662943985817&CODE_STATE=getMsg HTTP/1.1" 302 -
120.253.135.82 - - [12/Sep/2022:08:53:14 +0800] "GET /xingrg/all/function/internal_message.html?_=1662944112444&CODE_STATE=getMsg HTTP/1.1" 200 27
120.253.135.82 - - [12/Sep/2022:08:53:19 +0800] "GET /xingrg/all/function/internal_message.html?_=1662943475702&CODE_STATE=getMsg HTTP/1.1" 302 -
120.253.135.82 - - [12/Sep/2022:08:53:19 +0800] "GET /xingrg/check_reg.html?_=1662943483772 HTTP/1.1" 302 -
120.253.135.82 - - [12/Sep/2022:08:53:19 +0800] "GET /xingrg/login.html HTTP/1.1" 200 7641
120.253.135.82 - - [12/Sep/2022:08:53:19 +0800] "GET /xingrg/login.html HTTP/1.1" 200 7641
116.224.255.128 - - [12/Sep/2022:08:53:26 +0800] "GET /xingrg/all/function/internal_message.html?_=1662943946614&CODE_STATE=getMsg HTTP/1.1" 200 27
58.35.213.73 - - [12/Sep/2022:08:53:27 +0800] "POST /xingrg/services/DataTransmitService HTTP/1.1" 200 524
222.70.246.221 - - [12/Sep/2022:08:53:28 +0800] "GET /xingrg/all/function/internal_message.html?_=1662944009257&CODE_STATE=getMsg HTTP/1.1" 200 27
180.169.147.146 - - [12/Sep/2022:08:53:33 +0800] "GET /xingrg/all/function/internal_message.html?_=1662944013019&CODE_STATE=getMsg HTTP/1.1" 200 27
120.253.135.82 - - [12/Sep/2022:08:53:42 +0800] "POST /xingrg/kc/pszx/mdps_order_operate.html HTTP/1.1" 200 37
120.253.135.82 - - [12/Sep/2022:08:53:44 +0800] "GET /xingrg/kc/pszx/mdps_order_info.html?code=312022090700179 HTTP/1.1" 200 24028
120.253.135.82 - - [12/Sep/2022:08:53:44 +0800] "GET /xingrg/javascript/easyui/themes/default/validatebox.css HTTP/1.1" 404 1104
120.253.135.82 - - [12/Sep/2022:08:53:45 +0800] "POST /xingrg/kc/pszx/mdps_order_operate.html HTTP/1.1" 200 2784
116.238.169.132 - - [12/Sep/2022:08:53:45 +0800] "GET /xingrg/all/function/internal_message.html?_=1662944025827&CODE_STATE=getMsg HTTP/1.1" 200 27
120.253.135.82 - - [12/Sep/2022:08:53:53 +0800] "GET /xingrg/check_reg.html?_=1662943833504 HTTP/1.1" 200 22
120.253.135.82 - - [12/Sep/2022:08:53:53 +0800] "GET /xingrg/all/function/internal_message.html?_=1662943833557&CODE_STATE=getMsg HTTP/1.1" 200 27
120.253.135.82 - - [12/Sep/2022:08:53:53 +0800] "POST /xingrg/kc/pszx/mdps_order_operate.html HTTP/1.1" 200 37
120.253.135.82 - - [12/Sep/2022:08:53:54 +0800] "GET /xingrg/kc/pszx/mdps_order_info.html?code=312022090700179 HTTP/1.1" 200 24028
120.253.135.82 - - [12/Sep/2022:08:53:55 +0800] "GET /xingrg/javascript/easyui/themes/default/validatebox.css HTTP/1.1" 404 1104
120.253.135.82 - - [12/Sep/2022:08:53:55 +0800] "POST /xingrg/kc/pszx/mdps_order_operate.html HTTP/1.1" 200 2784
114.88.158.224 - - [12/Sep/2022:08:53:58 +0800] "GET /xingrg/all/function/internal_message.html?_=1662943694927&CODE_STATE=getMsg HTTP/1.1" 200 27
120.253.135.82 - - [12/Sep/2022:08:53:58 +0800] "POST /xingrg/kc/pszx/mdps_list_operate.html HTTP/1.1" 200 4671
124.79.74.72 - - [12/Sep/2022:08:53:58 +0800] "GET /xingrg/all/function/internal_message.html?_=1662944036588&CODE_STATE=getMsg HTTP/1.1" 200 27
114.84.5.35 - - [12/Sep/2022:08:53:59 +0800] "GET /xingrg/check_reg.html?_=1662944038588 HTTP/1.1" 200 22
124.79.74.72 - - [12/Sep/2022:08:53:59 +0800] "GET /xingrg/check_reg.html?_=1662944036589 HTTP/1.1" 200 22
114.84.5.35 - - [12/Sep/2022:08:53:59 +0800] "GET /xingrg/all/function/internal_message.html?_=1662944038591&CODE_STATE=getMsg HTTP/1.1" 200 27
120.253.135.82 - - [12/Sep/2022:08:54:00 +0800] "POST /xingrg/kc/pszx/mdps_list_operate.html HTTP/1.1" 200 282
120.253.135.82 - - [12/Sep/2022:08:54:03 +0800] "POST /xingrg/kc/pszx/mdps_list_operate.html HTTP/1.1" 200 272
116.232.194.65 - - [12/Sep/2022:08:54:05 +0800] "GET /xingrg/all/function/internal_message.html?_=1662943991326&CODE_STATE=getMsg HTTP/1.1" 200 27
116.238.169.132 - - [12/Sep/2022:08:54:05 +0800] "GET /xingrg/all/function/internal_message.html?_=1662944045829&CODE_STATE=getMsg HTTP/1.1" 302 -
120.253.135.82 - - [12/Sep/2022:08:54:05 +0800] "POST /xingrg/kc/pszx/mdps_list_operate.html HTTP/1.1" 200 293
120.253.135.82 - - [12/Sep/2022:08:54:09 +0800] "GET /xingrg/kc/pszx/mdps_order_info.html?code=312022091200296 HTTP/1.1" 200 24022
120.253.135.82 - - [12/Sep/2022:08:54:10 +0800] "GET /xingrg/all/function/internal_message.html?_=1662943535673&CODE_STATE=getMsg HTTP/1.1" 302 -
120.253.135.82 - - [12/Sep/2022:08:54:10 +0800] "GET /xingrg/javascript/easyui/themes/default/validatebox.css HTTP/1.1" 404 1104
120.253.135.82 - - [12/Sep/2022:08:54:10 +0800] "POST /xingrg/kc/pszx/mdps_order_operate.html HTTP/1.1" 200 2753
120.253.135.82 - - [12/Sep/2022:08:54:14 +0800] "GET /xingrg/all/function/internal_message.html?_=1662944172452&CODE_STATE=getMsg HTTP/1.1" 200 27
120.253.135.82 - - [12/Sep/2022:08:54:20 +0800] "GET /xingrg/kc/pszx/mdps_order_operate.html?command=get_materiel&pszx_code=00101&rest_code=00141&base_code=0010250&code=00101025039 HTTP/1.1" 200 444
116.224.255.128 - - [12/Sep/2022:08:54:26 +0800] "GET /xingrg/all/function/internal_message.html?_=1662944006619&CODE_STATE=getMsg HTTP/1.1" 200 27
120.253.135.82 - - [12/Sep/2022:08:54:28 +0800] "POST /xingrg/kc/pszx/mdps_order_operate.html HTTP/1.1" 200 37
222.70.246.221 - - [12/Sep/2022:08:54:28 +0800] "GET /xingrg/all/function/internal_message.html?_=1662944069269&CODE_STATE=getMsg HTTP/1.1" 200 27
120.253.135.82 - - [12/Sep/2022:08:54:30 +0800] "GET /xingrg/kc/pszx/mdps_order_info.html?code=312022091200296 HTTP/1.1" 200 24022
120.253.135.82 - - [12/Sep/2022:08:54:30 +0800] "GET /xingrg/javascript/easyui/themes/default/validatebox.css HTTP/1.1" 404 1104
120.253.135.82 - - [12/Sep/2022:08:54:31 +0800] "POST /xingrg/kc/pszx/mdps_order_operate.html HTTP/1.1" 200 3257
120.253.135.82 - - [12/Sep/2022:08:54:32 +0800] "POST /xingrg/kc/pszx/mdps_list_operate.html HTTP/1.1" 200 4673
180.169.147.146 - - [12/Sep/2022:08:54:33 +0800] "GET /xingrg/all/function/internal_message.html?_=1662944073026&CODE_STATE=getMsg HTTP/1.1" 200 27
120.253.135.82 - - [12/Sep/2022:08:54:34 +0800] "POST /xingrg/kc/pszx/mdps_list_operate.html HTTP/1.1" 200 282
120.253.135.82 - - [12/Sep/2022:08:54:35 +0800] "GET /xingrg/kc/pszx/mdps_order_info.html?code=312022090700179 HTTP/1.1" 200 24028
120.253.135.82 - - [12/Sep/2022:08:54:36 +0800] "GET /xingrg/javascript/easyui/themes/default/validatebox.css HTTP/1.1" 404 1104
120.253.135.82 - - [12/Sep/2022:08:54:36 +0800] "POST /xingrg/kc/pszx/mdps_order_operate.html HTTP/1.1" 200 2784
120.253.135.82 - - [12/Sep/2022:08:54:43 +0800] "POST /xingrg/kc/pszx/mdps_order_operate.html HTTP/1.1" 200 37
116.238.169.132 - - [12/Sep/2022:08:54:45 +0800] "GET /xingrg/all/function/internal_message.html?_=1662944085817&CODE_STATE=getMsg HTTP/1.1" 200 27
120.253.135.82 - - [12/Sep/2022:08:54:45 +0800] "GET /xingrg/kc/pszx/mdps_order_info.html?code=312022090700179 HTTP/1.1" 200 24028
120.253.135.82 - - [12/Sep/2022:08:54:46 +0800] "GET /xingrg/javascript/easyui/themes/default/validatebox.css HTTP/1.1" 404 1104
120.253.135.82 - - [12/Sep/2022:08:54:46 +0800] "POST /xingrg/kc/pszx/mdps_order_operate.html HTTP/1.1" 200 2280
116.235.94.249 - - [12/Sep/2022:08:54:52 +0800] "POST /xingrg/services/DataTransmitService HTTP/1.1" 200 524
120.253.135.82 - - [12/Sep/2022:08:54:53 +0800] "GET /xingrg/all/function/internal_message.html?_=1662943893571&CODE_STATE=getMsg HTTP/1.1" 200 27
114.88.158.224 - - [12/Sep/2022:08:54:58 +0800] "GET /xingrg/all/function/internal_message.html?_=1662943754897&CODE_STATE=getMsg HTTP/1.1" 200 27
124.79.74.72 - - [12/Sep/2022:08:54:59 +0800] "GET /xingrg/all/function/internal_message.html?_=1662944096590&CODE_STATE=getMsg HTTP/1.1" 200 27
114.84.5.35 - - [12/Sep/2022:08:54:59 +0800] "GET /xingrg/all/function/internal_message.html?_=1662944098586&CODE_STATE=getMsg HTTP/1.1" 200 27
120.253.135.82 - - [12/Sep/2022:08:55:01 +0800] "POST /xingrg/kc/pszx/mdps_order_operate.html HTTP/1.1" 200 37
120.253.135.82 - - [12/Sep/2022:08:55:03 +0800] "GET /xingrg/kc/pszx/mdps_order_info.html?code=312022090700179 HTTP/1.1" 200 24028
120.253.135.82 - - [12/Sep/2022:08:55:04 +0800] "GET /xingrg/javascript/easyui/themes/default/validatebox.css HTTP/1.1" 404 1104
120.253.135.82 - - [12/Sep/2022:08:55:04 +0800] "POST /xingrg/kc/pszx/mdps_order_operate.html HTTP/1.1" 200 2280
116.232.194.65 - - [12/Sep/2022:08:55:05 +0800] "GET /xingrg/all/function/internal_message.html?_=1662944051305&CODE_STATE=getMsg HTTP/1.1" 200 27
116.238.169.132 - - [12/Sep/2022:08:55:05 +0800] "GET /xingrg/all/function/internal_message.html?_=1662944105829&CODE_STATE=getMsg HTTP/1.1" 302 -
120.253.135.82 - - [12/Sep/2022:08:55:06 +0800] "POST /xingrg/kc/pszx/mdps_list_operate.html HTTP/1.1" 200 4672
120.253.135.82 - - [12/Sep/2022:08:55:08 +0800] "POST /xingrg/kc/pszx/mdps_list_operate.html HTTP/1.1" 200 443
120.253.135.82 - - [12/Sep/2022:08:55:10 +0800] "GET /xingrg/all/function/internal_message.html?_=1662943595646&CODE_STATE=getMsg HTTP/1.1" 302 -
120.253.135.82 - - [12/Sep/2022:08:55:11 +0800] "POST /xingrg/kc/pszx/mdps_list_operate.html HTTP/1.1" 200 614
120.253.135.82 - - [12/Sep/2022:08:55:14 +0800] "GET /xingrg/all/function/internal_message.html?_=1662944232520&CODE_STATE=getMsg HTTP/1.1" 200 27
120.253.135.82 - - [12/Sep/2022:08:55:21 +0800] "GET /xingrg/kc/buy/cgsh_order_list.html HTTP/1.1" 200 52842
120.253.135.82 - - [12/Sep/2022:08:55:23 +0800] "POST /xingrg/kc/buy/cgsh_list_operate.html HTTP/1.1" 200 752
120.253.135.82 - - [12/Sep/2022:08:55:26 +0800] "GET /xingrg/kc/buy/cgsh_order_add.html HTTP/1.1" 200 67732
116.224.255.128 - - [12/Sep/2022:08:55:26 +0800] "GET /xingrg/check_reg.html?_=1662944066473 HTTP/1.1" 200 22
120.253.135.82 - - [12/Sep/2022:08:55:26 +0800] "GET /xingrg/javascript/easyui/themes/icons/template_new.png HTTP/1.1" 304 -
116.224.255.128 - - [12/Sep/2022:08:55:26 +0800] "GET /xingrg/all/function/internal_message.html?_=1662944066632&CODE_STATE=getMsg HTTP/1.1" 200 27
120.253.135.82 - - [12/Sep/2022:08:55:26 +0800] "POST /xingrg/kc/buy/cgsh_order_operate.html HTTP/1.1" 200 8245
120.253.135.82 - - [12/Sep/2022:08:55:26 +0800] "GET /xingrg/all/common/auto_word.html?type=employee&rest_code=00101 HTTP/1.1" 200 977
120.253.135.82 - - [12/Sep/2022:08:55:26 +0800] "GET /xingrg/javascript/easyui/themes/default/validatebox.css HTTP/1.1" 404 1104
120.253.135.82 - - [12/Sep/2022:08:55:26 +0800] "GET /xingrg/all/common/auto_word.html?type=employee&rest_code=00101 HTTP/1.1" 200 977
222.70.246.221 - - [12/Sep/2022:08:55:28 +0800] "GET /xingrg/all/function/internal_message.html?_=1662944129290&CODE_STATE=getMsg HTTP/1.1" 200 27
180.169.147.146 - - [12/Sep/2022:08:55:33 +0800] "GET /xingrg/all/function/internal_message.html?_=1662944133023&CODE_STATE=getMsg HTTP/1.1" 200 27
180.169.147.146 - - [12/Sep/2022:08:55:33 +0800] "GET /xingrg/check_reg.html?_=1662944133027 HTTP/1.1" 200 22
120.253.135.82 - - [12/Sep/2022:08:55:33 +0800] "GET /xingrg/css/images/panel_loading.gif HTTP/1.1" 304 -
120.253.135.82 - - [12/Sep/2022:08:55:33 +0800] "POST /xingrg/all/common/load_combo.html?type=employee HTTP/1.1" 200 1752
120.253.135.82 - - [12/Sep/2022:08:55:43 +0800] "GET /xingrg/kc/buy/cgsh_order_operate.html?command=get_materiel&rest_code=00101&code=00101006002&supplier_code=00100139&order_time=2022-09-12 HTTP/1.1" 200 419
116.238.169.132 - - [12/Sep/2022:08:55:45 +0800] "GET /xingrg/check_reg.html?_=1662944145831 HTTP/1.1" 200 22
116.238.169.132 - - [12/Sep/2022:08:55:45 +0800] "GET /xingrg/all/function/internal_message.html?_=1662944145832&CODE_STATE=getMsg HTTP/1.1" 200 27
120.253.135.82 - - [12/Sep/2022:08:55:53 +0800] "GET /xingrg/all/function/internal_message.html?_=1662943953584&CODE_STATE=getMsg HTTP/1.1" 200 27
114.88.158.224 - - [12/Sep/2022:08:55:58 +0800] "GET /xingrg/all/function/internal_message.html?_=1662943814873&CODE_STATE=getMsg HTTP/1.1" 200 27
124.79.74.72 - - [12/Sep/2022:08:55:58 +0800] "GET /xingrg/all/function/internal_message.html?_=1662944156575&CODE_STATE=getMsg HTTP/1.1" 200 27
114.84.5.35 - - [12/Sep/2022:08:55:59 +0800] "GET /xingrg/all/function/internal_message.html?_=1662944158584&CODE_STATE=getMsg HTTP/1.1" 200 27
116.232.194.65 - - [12/Sep/2022:08:56:03 +0800] "GET /xingrg/check_reg.html?_=1662944109401 HTTP/1.1" 200 22
116.232.194.65 - - [12/Sep/2022:08:56:05 +0800] "GET /xingrg/all/function/internal_message.html?_=1662944111286&CODE_STATE=getMsg HTTP/1.1" 200 27
116.238.169.132 - - [12/Sep/2022:08:56:05 +0800] "GET /xingrg/all/function/internal_message.html?_=1662944165828&CODE_STATE=getMsg HTTP/1.1" 302 -
120.253.135.82 - - [12/Sep/2022:08:56:10 +0800] "GET /xingrg/all/function/internal_message.html?_=1662943655662&CODE_STATE=getMsg HTTP/1.1" 302 -
120.253.135.82 - - [12/Sep/2022:08:56:14 +0800] "GET /xingrg/all/function/internal_message.html?_=1662944292526&CODE_STATE=getMsg HTTP/1.1" 200 27
116.224.255.128 - - [12/Sep/2022:08:56:26 +0800] "GET /xingrg/all/function/internal_message.html?_=1662944126646&CODE_STATE=getMsg HTTP/1.1" 200 27
222.70.246.221 - - [12/Sep/2022:08:56:28 +0800] "GET /xingrg/all/function/internal_message.html?_=1662944189296&CODE_STATE=getMsg HTTP/1.1" 200 27
180.169.147.146 - - [12/Sep/2022:08:56:33 +0800] "GET /xingrg/all/function/internal_message.html?_=1662944193030&CODE_STATE=getMsg HTTP/1.1" 200 27
120.253.135.82 - - [12/Sep/2022:08:56:40 +0800] "POST /xingrg/kc/buy/cgsh_order_operate.html HTTP/1.1" 200 37
120.253.135.82 - - [12/Sep/2022:08:56:42 +0800] "POST /xingrg/kc/buy/cgsh_order_operate.html HTTP/1.1" 200 2670
116.238.169.132 - - [12/Sep/2022:08:56:45 +0800] "GET /xingrg/all/function/internal_message.html?_=1662944205821&CODE_STATE=getMsg HTTP/1.1" 200 27
120.253.135.82 - - [12/Sep/2022:08:56:51 +0800] "POST /xingrg/kc/buy/cgsh_order_operate.html HTTP/1.1" 200 37
120.253.135.82 - - [12/Sep/2022:08:56:53 +0800] "GET /xingrg/all/function/internal_message.html?_=1662944013599&CODE_STATE=getMsg HTTP/1.1" 200 27
120.253.135.82 - - [12/Sep/2022:08:56:53 +0800] "POST /xingrg/kc/buy/cgsh_order_operate.html HTTP/1.1" 200 2670
120.253.135.82 - - [12/Sep/2022:08:56:56 +0800] "GET /xingrg/kc/print/load_config.html?kc_code=cgsh HTTP/1.1" 200 1943
120.253.135.82 - - [12/Sep/2022:08:56:57 +0800] "GET /xingrg/kc/print/load_data.html?order_code=212022091204347&kc_code=cgsh&condition= HTTP/1.1" 200 727
116.225.121.189 - - [12/Sep/2022:08:56:57 +0800] "POST /xingrg/services/DataTransmitService HTTP/1.1" 200 524
114.88.158.224 - - [12/Sep/2022:08:56:58 +0800] "GET /xingrg/all/function/internal_message.html?_=1662943874850&CODE_STATE=getMsg HTTP/1.1" 200 27
124.79.74.72 - - [12/Sep/2022:08:56:58 +0800] "GET /xingrg/all/function/internal_message.html?_=1662944216578&CODE_STATE=getMsg HTTP/1.1" 200 27
114.84.5.35 - - [12/Sep/2022:08:56:59 +0800] "GET /xingrg/all/function/internal_message.html?_=1662944218608&CODE_STATE=getMsg HTTP/1.1" 200 27
116.232.194.65 - - [12/Sep/2022:08:57:05 +0800] "GET /xingrg/all/function/internal_message.html?_=1662944171264&CODE_STATE=getMsg HTTP/1.1" 200 27
116.238.169.132 - - [12/Sep/2022:08:57:05 +0800] "GET /xingrg/check_reg.html?_=1662944225825 HTTP/1.1" 302 -
116.238.169.132 - - [12/Sep/2022:08:57:05 +0800] "GET /xingrg/all/function/internal_message.html?_=1662944225826&CODE_STATE=getMsg HTTP/1.1" 302 -
116.225.121.189 - - [12/Sep/2022:08:57:08 +0800] "POST /xingrg/services/DataTransmitService HTTP/1.1" 200 501
120.253.135.82 - - [12/Sep/2022:08:57:10 +0800] "GET /xingrg/all/function/internal_message.html?_=1662943715643&CODE_STATE=getMsg HTTP/1.1" 302 -
114.84.5.35 - - [12/Sep/2022:08:57:14 +0800] "POST /xingrg/services/DataTransmitService HTTP/1.1" 200 524
120.253.135.82 - - [12/Sep/2022:08:57:14 +0800] "GET /xingrg/all/function/internal_message.html?_=1662944352566&CODE_STATE=getMsg HTTP/1.1" 200 27
116.224.255.128 - - [12/Sep/2022:08:57:26 +0800] "GET /xingrg/all/function/internal_message.html?_=1662944186659&CODE_STATE=getMsg HTTP/1.1" 200 27
222.70.246.221 - - [12/Sep/2022:08:57:28 +0800] "GET /xingrg/all/function/internal_message.html?_=1662944249317&CODE_STATE=getMsg HTTP/1.1" 200 27
114.88.158.224 - - [12/Sep/2022:08:57:31 +0800] "GET /xingrg/check_reg.html?_=1662943908244 HTTP/1.1" 200 22
222.70.246.221 - - [12/Sep/2022:08:57:31 +0800] "GET /xingrg/check_reg.html?_=1662944253024 HTTP/1.1" 200 22
180.169.147.146 - - [12/Sep/2022:08:57:33 +0800] "GET /xingrg/all/function/internal_message.html?_=1662944253024&CODE_STATE=getMsg HTTP/1.1" 200 27
116.238.169.132 - - [12/Sep/2022:08:57:45 +0800] "GET /xingrg/all/function/internal_message.html?_=1662944265823&CODE_STATE=getMsg HTTP/1.1" 200 27
120.253.135.82 - - [12/Sep/2022:08:57:52 +0800] "GET /xingrg/check_reg.html?_=1662944389919 HTTP/1.1" 200 22
120.253.135.82 - - [12/Sep/2022:08:57:53 +0800] "GET /xingrg/all/function/internal_message.html?_=1662944073611&CODE_STATE=getMsg HTTP/1.1" 200 27
114.88.158.224 - - [12/Sep/2022:08:57:58 +0800] "GET /xingrg/all/function/internal_message.html?_=1662943934822&CODE_STATE=getMsg HTTP/1.1" 200 27
124.79.74.72 - - [12/Sep/2022:08:57:58 +0800] "GET /xingrg/all/function/internal_message.html?_=1662944276579&CODE_STATE=getMsg HTTP/1.1" 200 27
114.84.5.35 - - [12/Sep/2022:08:57:59 +0800] "GET /xingrg/all/function/internal_message.html?_=1662944278608&CODE_STATE=getMsg HTTP/1.1" 200 27
116.232.194.65 - - [12/Sep/2022:08:58:05 +0800] "GET /xingrg/all/function/internal_message.html?_=1662944231245&CODE_STATE=getMsg HTTP/1.1" 200 27
116.238.169.132 - - [12/Sep/2022:08:58:05 +0800] "GET /xingrg/all/function/internal_message.html?_=1662944285829&CODE_STATE=getMsg HTTP/1.1" 302 -
120.253.135.82 - - [12/Sep/2022:08:58:09 +0800] "GET /xingrg/all/function/internal_message.html?_=1662943775614&CODE_STATE=getMsg HTTP/1.1" 302 -
120.253.135.82 - - [12/Sep/2022:08:58:15 +0800] "GET /xingrg/all/function/internal_message.html?_=1662944412570&CODE_STATE=getMsg HTTP/1.1" 200 27
120.253.135.82 - - [12/Sep/2022:08:58:18 +0800] "GET /xingrg/check_reg.html?_=1662943783779 HTTP/1.1" 302 -
116.224.255.128 - - [12/Sep/2022:08:58:26 +0800] "GET /xingrg/all/function/internal_message.html?_=1662944246712&CODE_STATE=getMsg HTTP/1.1" 200 27
222.70.246.221 - - [12/Sep/2022:08:58:28 +0800] "GET /xingrg/all/function/internal_message.html?_=1662944309323&CODE_STATE=getMsg HTTP/1.1" 200 27
180.169.147.146 - - [12/Sep/2022:08:58:31 +0800] "GET /xingrg/index.html?sysBaseUrl=http%3A%2F%2F180.169.147.146%3A18081%2Fxingrg%2F&costTime=39×tamp=1592034574635 HTTP/1.1" 200 17503
180.169.147.146 - - [12/Sep/2022:08:58:33 +0800] "GET /xingrg/all/function/internal_message.html?_=1662944313019&CODE_STATE=getMsg HTTP/1.1" 200 27
180.169.147.146 - - [12/Sep/2022:08:58:34 +0800] "GET /favicon.ico HTTP/1.1" 404 -
180.169.147.146 - - [12/Sep/2022:08:58:34 +0800] "GET /xingrg/all/function/internal_message.html?_=1662944314098&CODE_STATE=count HTTP/1.1" 200 11
180.169.147.146 - - [12/Sep/2022:08:58:34 +0800] "GET /xingrg/check_reg.html?_=1662944314098 HTTP/1.1" 200 22
180.169.147.146 - - [12/Sep/2022:08:58:34 +0800] "POST /xingrg/all/common/load_tree.html?tree=area_rest_tree_json&manage=1 HTTP/1.1" 200 3472
180.169.147.146 - - [12/Sep/2022:08:58:34 +0800] "POST /xingrg/load_menu.html HTTP/1.1" 200 11564
120.253.135.82 - - [12/Sep/2022:08:58:34 +0800] "POST /xingrg/kc/buy/cgsh_order_operate.html HTTP/1.1" 200 37
180.169.147.146 - - [12/Sep/2022:08:58:37 +0800] "GET /xingrg/kc/base/yddb_order_list.html HTTP/1.1" 200 16786
180.169.147.146 - - [12/Sep/2022:08:58:38 +0800] "POST /xingrg/kc/base/yddb_list_operate.html HTTP/1.1" 200 636
120.253.135.82 - - [12/Sep/2022:08:58:41 +0800] "POST /xingrg/kc/buy/cgsh_order_operate.html HTTP/1.1" 200 12
180.169.147.146 - - [12/Sep/2022:08:58:43 +0800] "POST /xingrg/kc/base/yddb_list_operate.html HTTP/1.1" 200 3649
120.253.135.82 - - [12/Sep/2022:08:58:44 +0800] "GET /xingrg/kc/buy/cgsh_order_info.html?code=212022091204347 HTTP/1.1" 200 62635
120.253.135.82 - - [12/Sep/2022:08:58:45 +0800] "GET /xingrg/javascript/easyui/themes/default/validatebox.css HTTP/1.1" 404 1104
116.238.169.132 - - [12/Sep/2022:08:58:45 +0800] "GET /xingrg/all/function/internal_message.html?_=1662944325839&CODE_STATE=getMsg HTTP/1.1" 200 27
180.169.147.146 - - [12/Sep/2022:08:58:46 +0800] "POST /xingrg/kc/base/yddb_list_operate.html HTTP/1.1" 200 284
120.253.135.82 - - [12/Sep/2022:08:58:46 +0800] "POST /xingrg/kc/buy/cgsh_order_operate.html HTTP/1.1" 200 620
180.169.147.146 - - [12/Sep/2022:08:58:47 +0800] "POST /xingrg/kc/base/yddb_list_operate.html HTTP/1.1" 200 214
180.169.147.146 - - [12/Sep/2022:08:58:49 +0800] "GET /xingrg/kc/base/yddb_order_info.html?code=482022090900128 HTTP/1.1" 200 30526
180.169.147.146 - - [12/Sep/2022:08:58:49 +0800] "GET /xingrg/dwr/interface/AjaxComOrderService.js HTTP/1.1" 200 18264
180.169.147.146 - - [12/Sep/2022:08:58:49 +0800] "GET /xingrg/dwr/interface/AjaxYddbService.js HTTP/1.1" 200 13201
180.169.147.146 - - [12/Sep/2022:08:58:49 +0800] "GET /xingrg/dwr/engine.js HTTP/1.1" 200 43631
180.169.147.146 - - [12/Sep/2022:08:58:49 +0800] "GET /xingrg/dwr/util.js HTTP/1.1" 200 35990
180.169.147.146 - - [12/Sep/2022:08:58:49 +0800] "GET /xingrg/javascript/jquery_easy_ui/themes/icons/check_new.png HTTP/1.1" 200 3224
180.169.147.146 - - [12/Sep/2022:08:58:50 +0800] "POST /xingrg/dwr/call/plaincall/AjaxYddbService.loadMaterielItems.dwr HTTP/1.1" 200 444
120.253.135.82 - - [12/Sep/2022:08:58:51 +0800] "GET /xingrg/kc/pszx/mdqp_order_list.html?state=10 HTTP/1.1" 200 10217
120.253.135.82 - - [12/Sep/2022:08:58:51 +0800] "GET /xingrg/dwr/interface/AjaxReportQueryService.js HTTP/1.1" 200 13203
120.253.135.82 - - [12/Sep/2022:08:58:51 +0800] "GET /xingrg/dwr/interface/AjaxQqpsService.js HTTP/1.1" 200 16326
120.253.135.82 - - [12/Sep/2022:08:58:51 +0800] "GET /xingrg/dwr/engine.js HTTP/1.1" 200 43631
120.253.135.82 - - [12/Sep/2022:08:58:53 +0800] "GET /xingrg/check_reg.html?_=1662944133499 HTTP/1.1" 200 22
120.253.135.82 - - [12/Sep/2022:08:58:53 +0800] "GET /xingrg/all/function/internal_message.html?_=1662944133625&CODE_STATE=getMsg HTTP/1.1" 200 27
180.169.147.146 - - [12/Sep/2022:08:58:54 +0800] "POST /xingrg/dwr/call/plaincall/AjaxYddbService.saveOrder.dwr HTTP/1.1" 200 78
120.253.135.82 - - [12/Sep/2022:08:58:55 +0800] "GET /xingrg/kc/pszx/mdps_order_list.html?orderType=0 HTTP/1.1" 200 21045
120.253.135.82 - - [12/Sep/2022:08:58:55 +0800] "POST /xingrg/kc/pszx/mdps_list_operate.html HTTP/1.1" 200 5405
114.88.158.224 - - [12/Sep/2022:08:58:58 +0800] "GET /xingrg/all/function/internal_message.html?_=1662943994798&CODE_STATE=getMsg HTTP/1.1" 200 27
124.79.74.72 - - [12/Sep/2022:08:58:58 +0800] "GET /xingrg/all/function/internal_message.html?_=1662944336582&CODE_STATE=getMsg HTTP/1.1" 200 27
114.84.5.35 - - [12/Sep/2022:08:58:59 +0800] "GET /xingrg/all/function/internal_message.html?_=1662944338608&CODE_STATE=getMsg HTTP/1.1" 200 27
124.79.74.72 - - [12/Sep/2022:08:58:59 +0800] "GET /xingrg/check_reg.html?_=1662944336583 HTTP/1.1" 200 22
114.84.5.35 - - [12/Sep/2022:08:58:59 +0800] "GET /xingrg/check_reg.html?_=1662944338611 HTTP/1.1" 200 22
180.169.147.146 - - [12/Sep/2022:08:58:59 +0800] "POST /xingrg/dwr/call/plaincall/AjaxYddbService.objCheckOrder.dwr HTTP/1.1" 200 78
116.232.194.65 - - [12/Sep/2022:08:59:05 +0800] "GET /xingrg/all/function/internal_message.html?_=1662944291236&CODE_STATE=getMsg HTTP/1.1" 200 27
116.238.169.132 - - [12/Sep/2022:08:59:05 +0800] "GET /xingrg/all/function/internal_message.html?_=1662944345829&CODE_STATE=getMsg HTTP/1.1" 302 -
120.253.135.82 - - [12/Sep/2022:08:59:07 +0800] "GET /xingrg/kc/pszx/mdqp_order_list.html?state=10 HTTP/1.1" 200 10217
120.253.135.82 - - [12/Sep/2022:08:59:07 +0800] "GET /xingrg/dwr/interface/AjaxReportQueryService.js HTTP/1.1" 200 13203
120.253.135.82 - - [12/Sep/2022:08:59:07 +0800] "GET /xingrg/dwr/interface/AjaxQqpsService.js HTTP/1.1" 200 16326
120.253.135.82 - - [12/Sep/2022:08:59:07 +0800] "GET /xingrg/dwr/engine.js HTTP/1.1" 200 43631
120.253.135.82 - - [12/Sep/2022:08:59:09 +0800] "GET /xingrg/all/function/internal_message.html?_=1662943835593&CODE_STATE=getMsg HTTP/1.1" 302 -
120.253.135.82 - - [12/Sep/2022:08:59:14 +0800] "GET /xingrg/kc/pszx/mdqp_order_list.html?state=10 HTTP/1.1" 200 10217
120.253.135.82 - - [12/Sep/2022:08:59:14 +0800] "GET /xingrg/dwr/interface/AjaxReportQueryService.js HTTP/1.1" 200 13203
120.253.135.82 - - [12/Sep/2022:08:59:14 +0800] "GET /xingrg/dwr/interface/AjaxQqpsService.js HTTP/1.1" 200 16326
120.253.135.82 - - [12/Sep/2022:08:59:14 +0800] "GET /xingrg/dwr/engine.js HTTP/1.1" 200 43631
120.253.135.82 - - [12/Sep/2022:08:59:14 +0800] "GET /xingrg/all/function/internal_message.html?_=1662944472581&CODE_STATE=getMsg HTTP/1.1" 200 27
180.169.147.146 - - [12/Sep/2022:08:59:21 +0800] "GET /xingrg/kc/base/yddb_order_info.html?code=482022090900128 HTTP/1.1" 200 30645
180.169.147.146 - - [12/Sep/2022:08:59:21 +0800] "GET /xingrg/dwr/interface/AjaxComOrderService.js HTTP/1.1" 200 18264
180.169.147.146 - - [12/Sep/2022:08:59:21 +0800] "GET /xingrg/dwr/interface/AjaxYddbService.js HTTP/1.1" 200 13201
180.169.147.146 - - [12/Sep/2022:08:59:21 +0800] "GET /xingrg/dwr/engine.js HTTP/1.1" 200 43631
180.169.147.146 - - [12/Sep/2022:08:59:22 +0800] "POST /xingrg/dwr/call/plaincall/AjaxYddbService.loadMaterielItems.dwr HTTP/1.1" 200 444
180.169.147.146 - - [12/Sep/2022:08:59:23 +0800] "POST /xingrg/kc/base/yddb_list_operate.html HTTP/1.1" 200 3658
180.169.147.146 - - [12/Sep/2022:08:59:24 +0800] "POST /xingrg/kc/base/yddb_list_operate.html HTTP/1.1" 200 284
180.169.147.146 - - [12/Sep/2022:08:59:25 +0800] "GET /xingrg/kc/base/yddb_order_info.html?code=482022090900124 HTTP/1.1" 200 30935
180.169.147.146 - - [12/Sep/2022:08:59:25 +0800] "GET /xingrg/dwr/interface/AjaxComOrderService.js HTTP/1.1" 200 18264
180.169.147.146 - - [12/Sep/2022:08:59:25 +0800] "GET /xingrg/dwr/interface/AjaxYddbService.js HTTP/1.1" 200 13201
180.169.147.146 - - [12/Sep/2022:08:59:25 +0800] "GET /xingrg/dwr/engine.js HTTP/1.1" 200 43631
180.169.147.146 - - [12/Sep/2022:08:59:25 +0800] "POST /xingrg/dwr/call/plaincall/AjaxYddbService.loadMaterielItems.dwr HTTP/1.1" 200 719
116.224.255.128 - - [12/Sep/2022:08:59:26 +0800] "GET /xingrg/all/function/internal_message.html?_=1662944306718&CODE_STATE=getMsg HTTP/1.1" 200 27
222.70.246.221 - - [12/Sep/2022:08:59:28 +0800] "GET /xingrg/all/function/internal_message.html?_=1662944369337&CODE_STATE=getMsg HTTP/1.1" 200 27
180.169.147.146 - - [12/Sep/2022:08:59:32 +0800] "POST /xingrg/dwr/call/plaincall/AjaxYddbService.saveOrder.dwr HTTP/1.1" 200 78
180.169.147.146 - - [12/Sep/2022:08:59:33 +0800] "GET /xingrg/all/function/internal_message.html?_=1662944373020&CODE_STATE=getMsg HTTP/1.1" 200 27
180.169.147.146 - - [12/Sep/2022:08:59:34 +0800] "GET /xingrg/all/function/internal_message.html?_=1662944374108&CODE_STATE=getMsg HTTP/1.1" 200 27
180.169.147.146 - - [12/Sep/2022:08:59:36 +0800] "POST /xingrg/dwr/call/plaincall/AjaxYddbService.objCheckOrder.dwr HTTP/1.1" 200 78
180.169.147.146 - - [12/Sep/2022:08:59:39 +0800] "GET /xingrg/kc/base/yddb_order_info.html?code=482022090900124 HTTP/1.1" 200 31058
180.169.147.146 - - [12/Sep/2022:08:59:39 +0800] "GET /xingrg/dwr/interface/AjaxComOrderService.js HTTP/1.1" 200 18264
180.169.147.146 - - [12/Sep/2022:08:59:39 +0800] "GET /xingrg/dwr/interface/AjaxYddbService.js HTTP/1.1" 200 13201
180.169.147.146 - - [12/Sep/2022:08:59:39 +0800] "GET /xingrg/dwr/engine.js HTTP/1.1" 200 43631
180.169.147.146 - - [12/Sep/2022:08:59:39 +0800] "POST /xingrg/dwr/call/plaincall/AjaxYddbService.loadMaterielItems.dwr HTTP/1.1" 200 719
116.238.169.132 - - [12/Sep/2022:08:59:45 +0800] "GET /xingrg/all/function/internal_message.html?_=1662944385836&CODE_STATE=getMsg HTTP/1.1" 200 27
120.253.135.82 - - [12/Sep/2022:08:59:48 +0800] "GET /xingrg/kc/pszx/mdqp_order_list.html?state=10 HTTP/1.1" 200 10217
120.253.135.82 - - [12/Sep/2022:08:59:48 +0800] "GET /xingrg/dwr/interface/AjaxReportQueryService.js HTTP/1.1" 200 13203
120.253.135.82 - - [12/Sep/2022:08:59:48 +0800] "GET /xingrg/dwr/interface/AjaxQqpsService.js HTTP/1.1" 200 16326
120.253.135.82 - - [12/Sep/2022:08:59:48 +0800] "GET /xingrg/dwr/engine.js HTTP/1.1" 200 43631
120.253.135.82 - - [12/Sep/2022:08:59:53 +0800] "GET /xingrg/all/function/internal_message.html?_=1662944193639&CODE_STATE=getMsg HTTP/1.1" 200 27
120.253.135.82 - - [12/Sep/2022:08:59:55 +0800] "GET /xingrg/kc/pszx/mdqp_order_list.html?state=10 HTTP/1.1" 200 10217
120.253.135.82 - - [12/Sep/2022:08:59:55 +0800] "GET /xingrg/dwr/interface/AjaxQqpsService.js HTTP/1.1" 200 16326
120.253.135.82 - - [12/Sep/2022:08:59:55 +0800] "GET /xingrg/dwr/interface/AjaxReportQueryService.js HTTP/1.1" 200 13203
120.253.135.82 - - [12/Sep/2022:08:59:55 +0800] "GET /xingrg/dwr/engine.js HTTP/1.1" 200 43631
114.88.158.224 - - [12/Sep/2022:08:59:58 +0800] "GET /xingrg/all/function/internal_message.html?_=1662944054766&CODE_STATE=getMsg HTTP/1.1" 200 27
124.79.74.72 - - [12/Sep/2022:08:59:59 +0800] "GET /xingrg/all/function/internal_message.html?_=1662944396585&CODE_STATE=getMsg HTTP/1.1" 200 27
114.84.5.35 - - [12/Sep/2022:08:59:59 +0800] "GET /xingrg/all/function/internal_message.html?_=1662944398610&CODE_STATE=getMsg HTTP/1.1" 200 27
116.232.194.65 - - [12/Sep/2022:09:00:05 +0800] "GET /xingrg/all/function/internal_message.html?_=1662944351213&CODE_STATE=getMsg HTTP/1.1" 200 27
116.238.169.132 - - [12/Sep/2022:09:00:05 +0800] "GET /xingrg/all/function/internal_message.html?_=1662944405865&CODE_STATE=getMsg HTTP/1.1" 302 -
180.169.147.146 - - [12/Sep/2022:09:00:06 +0800] "GET /xingrg/system/info/materiel_manager.html HTTP/1.1" 200 19497
180.169.147.146 - - [12/Sep/2022:09:00:06 +0800] "GET /xingrg/dwr/interface/AjaxComOrderService.js HTTP/1.1" 200 18264
180.169.147.146 - - [12/Sep/2022:09:00:06 +0800] "GET /xingrg/dwr/interface/AjaxBaseInfoService.js HTTP/1.1" 200 21363
180.169.147.146 - - [12/Sep/2022:09:00:06 +0800] "GET /xingrg/dwr/engine.js HTTP/1.1" 200 43631
180.169.147.146 - - [12/Sep/2022:09:00:06 +0800] "POST /xingrg/dwr/call/plaincall/AjaxBaseInfoService.getSubMaterielSorts.dwr HTTP/1.1" 200 219
180.169.147.146 - - [12/Sep/2022:09:00:06 +0800] "POST /xingrg/dwr/call/plaincall/AjaxBaseInfoService.getMateriels.dwr HTTP/1.1" 200 2930
180.169.147.146 - - [12/Sep/2022:09:00:07 +0800] "POST /xingrg/dwr/call/plaincall/AjaxBaseInfoService.getSubMaterielSorts.dwr HTTP/1.1" 200 4044
180.169.147.146 - - [12/Sep/2022:09:00:07 +0800] "POST /xingrg/dwr/call/plaincall/AjaxBaseInfoService.getMateriels.dwr HTTP/1.1" 200 2928
180.169.147.146 - - [12/Sep/2022:09:00:09 +0800] "POST /xingrg/dwr/call/plaincall/AjaxBaseInfoService.getMateriels.dwr HTTP/1.1" 200 2959
180.169.147.146 - - [12/Sep/2022:09:00:09 +0800] "GET /xingrg/system/info/materiel_info.html?code=00101008&isAdd=1 HTTP/1.1" 200 36548
180.169.147.146 - - [12/Sep/2022:09:00:09 +0800] "GET /xingrg/dwr/interface/AjaxGetFirstChart.js HTTP/1.1" 200 631
180.169.147.146 - - [12/Sep/2022:09:00:09 +0800] "GET /xingrg/dwr/engine.js HTTP/1.1" 200 43631
120.253.135.82 - - [12/Sep/2022:09:00:09 +0800] "GET /xingrg/all/function/internal_message.html?_=1662943895561&CODE_STATE=getMsg HTTP/1.1" 302 -
180.169.147.146 - - [12/Sep/2022:09:00:09 +0800] "GET /favicon.ico HTTP/1.1" 404 -
180.169.147.146 - - [12/Sep/2022:09:00:10 +0800] "POST /xingrg/all/common/load_tree.html?tree=area_rest_tree_json HTTP/1.1" 200 3472
180.169.147.146 - - [12/Sep/2022:09:00:10 +0800] "POST /xingrg/dwr/call/plaincall/AjaxBaseInfoService.getMaterielInfo.dwr HTTP/1.1" 200 210
180.169.147.146 - - [12/Sep/2022:09:00:10 +0800] "POST /xingrg/all/common/load_tree.html?tree=area_rest_tree_json&defaultRests=undefined HTTP/1.1" 200 3472
180.169.147.146 - - [12/Sep/2022:09:00:11 +0800] "POST /xingrg/dwr/call/plaincall/AjaxGetFirstChart.getFirstChart.dwr HTTP/1.1" 200 81
120.253.135.82 - - [12/Sep/2022:09:00:15 +0800] "GET /xingrg/all/function/internal_message.html?_=1662944532634&CODE_STATE=getMsg HTTP/1.1" 200 27
180.169.147.146 - - [12/Sep/2022:09:00:15 +0800] "POST /xingrg/dwr/call/plaincall/AjaxBaseInfoService.changeUnitGroup.dwr HTTP/1.1" 200 243
120.253.135.82 - - [12/Sep/2022:09:00:20 +0800] "GET /xingrg/kc/pszx/mdqp_order_list.html?state=10 HTTP/1.1" 200 10217
120.253.135.82 - - [12/Sep/2022:09:00:20 +0800] "GET /xingrg/dwr/interface/AjaxQqpsService.js HTTP/1.1" 200 16326
120.253.135.82 - - [12/Sep/2022:09:00:20 +0800] "GET /xingrg/dwr/interface/AjaxReportQueryService.js HTTP/1.1" 200 13203
120.253.135.82 - - [12/Sep/2022:09:00:20 +0800] "GET /xingrg/dwr/engine.js HTTP/1.1" 200 43631
180.169.147.146 - - [12/Sep/2022:09:00:20 +0800] "POST /xingrg/dwr/call/plaincall/AjaxBaseInfoService.saveMateriel.dwr HTTP/1.1" 200 109
180.169.147.146 - - [12/Sep/2022:09:00:20 +0800] "POST /xingrg/dwr/call/plaincall/AjaxBaseInfoService.getMateriels.dwr HTTP/1.1" 200 2959
180.169.147.146 - - [12/Sep/2022:09:00:22 +0800] "GET /xingrg/system/info/materiel_info.html?code=00101008&isAdd=1 HTTP/1.1" 200 36548
180.169.147.146 - - [12/Sep/2022:09:00:22 +0800] "GET /xingrg/dwr/interface/AjaxGetFirstChart.js HTTP/1.1" 200 631
180.169.147.146 - - [12/Sep/2022:09:00:22 +0800] "GET /xingrg/dwr/interface/AjaxBaseInfoService.js HTTP/1.1" 200 21363
180.169.147.146 - - [12/Sep/2022:09:00:22 +0800] "GET /xingrg/dwr/interface/AjaxComOrderService.js HTTP/1.1" 200 18264
180.169.147.146 - - [12/Sep/2022:09:00:22 +0800] "GET /xingrg/dwr/engine.js HTTP/1.1" 200 43631
180.169.147.146 - - [12/Sep/2022:09:00:22 +0800] "POST /xingrg/all/common/load_tree.html?tree=area_rest_tree_json HTTP/1.1" 200 3472
180.169.147.146 - - [12/Sep/2022:09:00:22 +0800] "POST /xingrg/dwr/call/plaincall/AjaxBaseInfoService.getMaterielInfo.dwr HTTP/1.1" 200 210
180.169.147.146 - - [12/Sep/2022:09:00:22 +0800] "POST /xingrg/all/common/load_tree.html?tree=area_rest_tree_json&defaultRests=undefined HTTP/1.1" 200 3472
116.224.255.128 - - [12/Sep/2022:09:00:26 +0800] "GET /xingrg/check_reg.html?_=1662944366484 HTTP/1.1" 200 22
116.224.255.128 - - [12/Sep/2022:09:00:26 +0800] "GET /xingrg/all/function/internal_message.html?_=1662944366731&CODE_STATE=getMsg HTTP/1.1" 200 27
222.70.246.221 - - [12/Sep/2022:09:00:28 +0800] "GET /xingrg/all/function/internal_message.html?_=1662944429366&CODE_STATE=getMsg HTTP/1.1" 200 27
120.253.135.82 - - [12/Sep/2022:09:00:31 +0800] "GET /xingrg/kc/pszx/mdps_order_list.html?orderType=0 HTTP/1.1" 200 21045
120.253.135.82 - - [12/Sep/2022:09:00:31 +0800] "POST /xingrg/kc/pszx/mdps_list_operate.html HTTP/1.1" 200 5405
180.169.147.146 - - [12/Sep/2022:09:00:33 +0800] "GET /xingrg/all/function/internal_message.html?_=1662944433028&CODE_STATE=getMsg HTTP/1.1" 200 27
180.169.147.146 - - [12/Sep/2022:09:00:33 +0800] "GET /xingrg/check_reg.html?_=1662944433032 HTTP/1.1" 200 22
180.169.147.146 - - [12/Sep/2022:09:00:34 +0800] "GET /xingrg/all/function/internal_message.html?_=1662944434112&CODE_STATE=getMsg HTTP/1.1" 200 27
116.238.169.132 - - [12/Sep/2022:09:00:45 +0800] "GET /xingrg/check_reg.html?_=1662944445833 HTTP/1.1" 200 22
116.238.169.132 - - [12/Sep/2022:09:00:45 +0800] "GET /xingrg/all/function/internal_message.html?_=1662944445835&CODE_STATE=getMsg HTTP/1.1" 200 27
116.224.255.128 - - [12/Sep/2022:09:00:52 +0800] "GET /xingrg/kc/buy/cgsh_order_add.html HTTP/1.1" 200 68234
116.224.255.128 - - [12/Sep/2022:09:00:52 +0800] "GET /xingrg/words/20220912090020_words.js HTTP/1.1" 200 920101
120.253.135.82 - - [12/Sep/2022:09:00:53 +0800] "GET /xingrg/all/function/internal_message.html?_=1662944253704&CODE_STATE=getMsg HTTP/1.1" 200 27
116.224.255.128 - - [12/Sep/2022:09:00:53 +0800] "POST /xingrg/kc/buy/cgsh_order_operate.html HTTP/1.1" 200 8245
116.224.255.128 - - [12/Sep/2022:09:00:53 +0800] "GET /xingrg/javascript/easyui/themes/default/validatebox.css HTTP/1.1" 404 1104
120.253.135.82 - - [12/Sep/2022:09:00:57 +0800] "GET /xingrg/kc/pszx/mdqp_order_list.html?state=10 HTTP/1.1" 200 10217
120.253.135.82 - - [12/Sep/2022:09:00:57 +0800] "GET /xingrg/dwr/interface/AjaxQqpsService.js HTTP/1.1" 200 16326
120.253.135.82 - - [12/Sep/2022:09:00:57 +0800] "GET /xingrg/dwr/interface/AjaxReportQueryService.js HTTP/1.1" 200 13203
120.253.135.82 - - [12/Sep/2022:09:00:57 +0800] "GET /xingrg/dwr/engine.js HTTP/1.1" 200 43631
114.88.158.224 - - [12/Sep/2022:09:00:58 +0800] "GET /xingrg/all/function/internal_message.html?_=1662944114742&CODE_STATE=getMsg HTTP/1.1" 200 27
124.79.74.72 - - [12/Sep/2022:09:00:58 +0800] "GET /xingrg/all/function/internal_message.html?_=1662944456577&CODE_STATE=getMsg HTTP/1.1" 200 27
114.84.5.35 - - [12/Sep/2022:09:00:59 +0800] "GET /xingrg/all/function/internal_message.html?_=1662944458610&CODE_STATE=getMsg HTTP/1.1" 200 27
116.232.194.65 - - [12/Sep/2022:09:01:03 +0800] "GET /xingrg/check_reg.html?_=1662944409388 HTTP/1.1" 200 22
116.232.194.65 - - [12/Sep/2022:09:01:05 +0800] "GET /xingrg/all/function/internal_message.html?_=1662944411192&CODE_STATE=getMsg HTTP/1.1" 200 27
116.238.169.132 - - [12/Sep/2022:09:01:05 +0800] "GET /xingrg/all/function/internal_message.html?_=1662944465849&CODE_STATE=getMsg HTTP/1.1" 302 -
116.224.255.128 - - [12/Sep/2022:09:01:08 +0800] "GET /xingrg/kc/buy/cgsh_order_operate.html?command=get_materiel&rest_code=00151&code=00101008323&supplier_code=00100008&order_time=2022-09-12 HTTP/1.1" 200 408
120.253.135.82 - - [12/Sep/2022:09:01:09 +0800] "GET /xingrg/all/function/internal_message.html?_=1662943955541&CODE_STATE=getMsg HTTP/1.1" 302 -
180.169.147.146 - - [12/Sep/2022:09:01:10 +0800] "POST /xingrg/dwr/call/plaincall/AjaxGetFirstChart.getFirstChart.dwr HTTP/1.1" 200 79
120.253.135.82 - - [12/Sep/2022:09:01:15 +0800] "GET /xingrg/all/function/internal_message.html?_=1662944592644&CODE_STATE=getMsg HTTP/1.1" 200 27
180.169.147.146 - - [12/Sep/2022:09:01:16 +0800] "POST /xingrg/dwr/call/plaincall/AjaxBaseInfoService.changeUnitGroup.dwr HTTP/1.1" 200 243
116.224.255.128 - - [12/Sep/2022:09:01:20 +0800] "GET /xingrg/kc/buy/cgsh_order_operate.html?command=get_materiel&rest_code=00151&code=00101008350&supplier_code=00100008&order_time=2022-09-12 HTTP/1.1" 200 408
116.224.255.128 - - [12/Sep/2022:09:01:26 +0800] "GET /xingrg/all/function/internal_message.html?_=1662944426745&CODE_STATE=getMsg HTTP/1.1" 200 27
222.70.246.221 - - [12/Sep/2022:09:01:28 +0800] "GET /xingrg/all/function/internal_message.html?_=1662944489380&CODE_STATE=getMsg HTTP/1.1" 200 27
116.224.255.128 - - [12/Sep/2022:09:01:30 +0800] "GET /xingrg/kc/buy/cgsh_order_operate.html?command=get_materiel&rest_code=00151&code=00101008358&supplier_code=00100008&order_time=2022-09-12 HTTP/1.1" 200 412
180.169.147.146 - - [12/Sep/2022:09:01:31 +0800] "POST /xingrg/dwr/call/plaincall/AjaxBaseInfoService.saveMateriel.dwr HTTP/1.1" 200 109
180.169.147.146 - - [12/Sep/2022:09:01:31 +0800] "POST /xingrg/dwr/call/plaincall/AjaxBaseInfoService.getMateriels.dwr HTTP/1.1" 200 2959
180.169.147.146 - - [12/Sep/2022:09:01:33 +0800] "GET /xingrg/system/info/materiel_info.html?code=00101008&isAdd=1 HTTP/1.1" 200 36548
180.169.147.146 - - [12/Sep/2022:09:01:33 +0800] "GET /xingrg/dwr/interface/AjaxBaseInfoService.js HTTP/1.1" 200 21363
180.169.147.146 - - [12/Sep/2022:09:01:33 +0800] "GET /xingrg/dwr/engine.js HTTP/1.1" 200 43631
180.169.147.146 - - [12/Sep/2022:09:01:33 +0800] "GET /xingrg/dwr/interface/AjaxGetFirstChart.js HTTP/1.1" 200 631
180.169.147.146 - - [12/Sep/2022:09:01:33 +0800] "GET /xingrg/dwr/interface/AjaxComOrderService.js HTTP/1.1" 200 18264
180.169.147.146 - - [12/Sep/2022:09:01:33 +0800] "GET /xingrg/all/function/internal_message.html?_=1662944493024&CODE_STATE=getMsg HTTP/1.1" 200 27
180.169.147.146 - - [12/Sep/2022:09:01:33 +0800] "POST /xingrg/all/common/load_tree.html?tree=area_rest_tree_json HTTP/1.1" 200 3472
180.169.147.146 - - [12/Sep/2022:09:01:33 +0800] "POST /xingrg/dwr/call/plaincall/AjaxBaseInfoService.getMaterielInfo.dwr HTTP/1.1" 200 210
180.169.147.146 - - [12/Sep/2022:09:01:33 +0800] "POST /xingrg/all/common/load_tree.html?tree=area_rest_tree_json&defaultRests=undefined HTTP/1.1" 200 3472
180.169.147.146 - - [12/Sep/2022:09:01:34 +0800] "GET /xingrg/all/function/internal_message.html?_=1662944494115&CODE_STATE=getMsg HTTP/1.1" 200 27
116.224.255.128 - - [12/Sep/2022:09:01:38 +0800] "GET /xingrg/kc/buy/cgsh_order_operate.html?command=get_materiel&rest_code=00151&code=00101008224&supplier_code=00100008&order_time=2022-09-12 HTTP/1.1" 200 416
116.238.169.132 - - [12/Sep/2022:09:01:45 +0800] "GET /xingrg/all/function/internal_message.html?_=1662944505833&CODE_STATE=getMsg HTTP/1.1" 200 27
116.224.255.128 - - [12/Sep/2022:09:01:51 +0800] "GET /xingrg/kc/buy/cgsh_order_operate.html?command=get_materiel&rest_code=00151&code=00101008370&supplier_code=00100008&order_time=2022-09-12 HTTP/1.1" 200 412
114.88.158.224 - - [12/Sep/2022:09:01:58 +0800] "GET /xingrg/all/function/internal_message.html?_=1662944174744&CODE_STATE=getMsg HTTP/1.1" 200 27
124.79.74.72 - - [12/Sep/2022:09:01:58 +0800] "GET /xingrg/all/function/internal_message.html?_=1662944516578&CODE_STATE=getMsg HTTP/1.1" 200 27
114.84.5.35 - - [12/Sep/2022:09:01:59 +0800] "GET /xingrg/all/function/internal_message.html?_=1662944518610&CODE_STATE=getMsg HTTP/1.1" 200 27
116.224.255.128 - - [12/Sep/2022:09:01:59 +0800] "GET /xingrg/kc/buy/cgsh_order_operate.html?command=get_materiel&rest_code=00151&code=00101008087&supplier_code=00100008&order_time=2022-09-12 HTTP/1.1" 200 412
58.221.95.50 - - [12/Sep/2022:09:02:04 +0800] "GET /xingrg/index.html?sysBaseUrl=http%3A%2F%2F180.169.147.146%3A18081%2Fxingrg%2F&costTime=43×tamp=1605075543692 HTTP/1.1" 302 -
58.221.95.50 - - [12/Sep/2022:09:02:04 +0800] "GET /xingrg/login.html HTTP/1.1" 200 7641
58.221.95.50 - - [12/Sep/2022:09:02:04 +0800] "GET /favicon.ico HTTP/1.1" 404 -
116.232.194.65 - - [12/Sep/2022:09:02:05 +0800] "GET /xingrg/all/function/internal_message.html?_=1662944471174&CODE_STATE=getMsg HTTP/1.1" 200 27
116.238.169.132 - - [12/Sep/2022:09:02:05 +0800] "GET /xingrg/check_reg.html?_=1662944525866 HTTP/1.1" 302 -
116.238.169.132 - - [12/Sep/2022:09:02:05 +0800] "GET /xingrg/all/function/internal_message.html?_=1662944525858&CODE_STATE=getMsg HTTP/1.1" 302 -
116.224.255.128 - - [12/Sep/2022:09:02:07 +0800] "GET /xingrg/kc/buy/cgsh_order_operate.html?command=get_materiel&rest_code=00151&code=00101008355&supplier_code=00100008&order_time=2022-09-12 HTTP/1.1" 200 408
58.221.95.50 - - [12/Sep/2022:09:02:07 +0800] "POST /xingrg/login.do HTTP/1.1" 302 -
58.221.95.50 - - [12/Sep/2022:09:02:07 +0800] "GET /xingrg/index.html?sysBaseUrl=http%3A%2F%2F180.169.147.146%3A18081%2Fxingrg%2F&costTime=1163×tamp=1662944527405 HTTP/1.1" 200 17417
58.221.95.50 - - [12/Sep/2022:09:02:07 +0800] "GET /favicon.ico HTTP/1.1" 404 -
58.221.95.50 - - [12/Sep/2022:09:02:07 +0800] "GET /xingrg/check_reg.html?_=1662944528983 HTTP/1.1" 200 22
58.221.95.50 - - [12/Sep/2022:09:02:07 +0800] "GET /xingrg/all/function/internal_message.html?_=1662944528982&CODE_STATE=count HTTP/1.1" 200 11
58.221.95.50 - - [12/Sep/2022:09:02:07 +0800] "POST /xingrg/all/common/load_tree.html?tree=area_rest_tree_json&manage=1 HTTP/1.1" 200 3472
58.221.95.50 - - [12/Sep/2022:09:02:07 +0800] "POST /xingrg/load_menu.html HTTP/1.1" 200 9959
120.253.135.82 - - [12/Sep/2022:09:02:09 +0800] "GET /xingrg/all/function/internal_message.html?_=1662944015517&CODE_STATE=getMsg HTTP/1.1" 302 -
120.253.135.82 - - [12/Sep/2022:09:02:15 +0800] "GET /xingrg/all/function/internal_message.html?_=1662944652699&CODE_STATE=getMsg HTTP/1.1" 200 27
116.224.255.128 - - [12/Sep/2022:09:02:15 +0800] "GET /xingrg/kc/buy/cgsh_order_operate.html?command=get_materiel&rest_code=00151&code=00101008004&supplier_code=00100008&order_time=2022-09-12 HTTP/1.1" 200 416
116.224.255.128 - - [12/Sep/2022:09:02:26 +0800] "GET /xingrg/all/function/internal_message.html?_=1662944486759&CODE_STATE=getMsg HTTP/1.1" 200 27
222.70.246.221 - - [12/Sep/2022:09:02:28 +0800] "GET /xingrg/all/function/internal_message.html?_=1662944549401&CODE_STATE=getMsg HTTP/1.1" 200 27
114.88.158.224 - - [12/Sep/2022:09:02:31 +0800] "GET /xingrg/check_reg.html?_=1662944208262 HTTP/1.1" 200 22
222.70.246.221 - - [12/Sep/2022:09:02:31 +0800] "GET /xingrg/check_reg.html?_=1662944553028 HTTP/1.1" 200 22
180.169.147.146 - - [12/Sep/2022:09:02:33 +0800] "GET /xingrg/all/function/internal_message.html?_=1662944553039&CODE_STATE=getMsg HTTP/1.1" 200 27
180.169.147.146 - - [12/Sep/2022:09:02:34 +0800] "GET /xingrg/all/function/internal_message.html?_=1662944554118&CODE_STATE=getMsg HTTP/1.1" 200 27
116.224.255.128 - - [12/Sep/2022:09:02:42 +0800] "GET /xingrg/kc/buy/cgsh_order_operate.html?command=get_materiel&rest_code=00151&code=00101008024&supplier_code=00100008&order_time=2022-09-12 HTTP/1.1" 200 408
116.238.169.132 - - [12/Sep/2022:09:02:45 +0800] "GET /xingrg/all/function/internal_message.html?_=1662944565831&CODE_STATE=getMsg HTTP/1.1" 200 27
58.221.95.50 - - [12/Sep/2022:09:02:51 +0800] "GET /xingrg/check_reg.html?_=1662944572601 HTTP/1.1" 200 22
116.224.255.128 - - [12/Sep/2022:09:02:51 +0800] "GET /xingrg/kc/buy/cgsh_order_operate.html?command=get_materiel&rest_code=00151&code=00101008356&supplier_code=00100008&order_time=2022-09-12 HTTP/1.1" 200 409
120.253.135.82 - - [12/Sep/2022:09:02:52 +0800] "GET /xingrg/check_reg.html?_=1662944689923 HTTP/1.1" 200 22
114.88.158.224 - - [12/Sep/2022:09:02:58 +0800] "GET /xingrg/all/function/internal_message.html?_=1662944234725&CODE_STATE=getMsg HTTP/1.1" 200 27
116.224.255.128 - - [12/Sep/2022:09:02:58 +0800] "GET /xingrg/kc/buy/cgsh_order_operate.html?command=get_materiel&rest_code=00151&code=00101008301&supplier_code=00100008&order_time=2022-09-12 HTTP/1.1" 200 422
124.79.74.72 - - [12/Sep/2022:09:02:59 +0800] "GET /xingrg/all/function/internal_message.html?_=1662944576582&CODE_STATE=getMsg HTTP/1.1" 200 27
114.84.5.35 - - [12/Sep/2022:09:02:59 +0800] "GET /xingrg/all/function/internal_message.html?_=1662944578610&CODE_STATE=getMsg HTTP/1.1" 200 27
116.225.121.189 - - [12/Sep/2022:09:03:03 +0800] "GET /xingrg/index.html?sysBaseUrl=http%3A%2F%2F180.169.147.146%3A18081%2Fxingrg%2F&costTime=36×tamp=1585223203754 HTTP/1.1" 302 -
116.225.121.189 - - [12/Sep/2022:09:03:03 +0800] "GET /xingrg/login.html HTTP/1.1" 200 7641
116.225.121.189 - - [12/Sep/2022:09:03:03 +0800] "GET /xingrg/images/blue/jxLogo.png HTTP/1.1" 304 -
116.225.121.189 - - [12/Sep/2022:09:03:03 +0800] "GET /favicon.ico HTTP/1.1" 404 -
116.225.121.189 - - [12/Sep/2022:09:03:03 +0800] "GET /xingrg/images/blue/login_bg.png HTTP/1.1" 304 -
116.225.121.189 - - [12/Sep/2022:09:03:03 +0800] "GET /favicon.ico HTTP/1.1" 404 -
116.225.121.189 - - [12/Sep/2022:09:03:03 +0800] "GET /xingrg/images/blue/hj.png HTTP/1.1" 304 -
116.225.121.189 - - [12/Sep/2022:09:03:04 +0800] "GET /xingrg/images/blue/srbg.png HTTP/1.1" 304 -
116.232.194.65 - - [12/Sep/2022:09:03:05 +0800] "GET /xingrg/all/function/internal_message.html?_=1662944531159&CODE_STATE=getMsg HTTP/1.1" 200 27
116.238.169.132 - - [12/Sep/2022:09:03:05 +0800] "GET /xingrg/all/function/internal_message.html?_=1662944585849&CODE_STATE=getMsg HTTP/1.1" 302 -
58.221.95.50 - - [12/Sep/2022:09:03:07 +0800] "GET /xingrg/all/function/internal_message.html?_=1662944589035&CODE_STATE=getMsg HTTP/1.1" 200 27
116.225.121.189 - - [12/Sep/2022:09:03:08 +0800] "POST /xingrg/login.do HTTP/1.1" 200 2421
116.225.121.189 - - [12/Sep/2022:09:03:08 +0800] "GET /xingrg/css/blue.css HTTP/1.1" 304 -
116.225.121.189 - - [12/Sep/2022:09:03:08 +0800] "GET /xingrg/javascript/myfunction.js HTTP/1.1" 304 -
116.225.121.189 - - [12/Sep/2022:09:03:08 +0800] "GET /xingrg/images/blue/pic_top.gif HTTP/1.1" 304 -
116.225.121.189 - - [12/Sep/2022:09:03:08 +0800] "GET /xingrg/images/blue/pic_notice.jpg HTTP/1.1" 304 -
116.225.121.189 - - [12/Sep/2022:09:03:08 +0800] "GET /xingrg/images/blue/error_buttom.gif HTTP/1.1" 304 -
116.225.121.189 - - [12/Sep/2022:09:03:08 +0800] "GET /xingrg/images/blue/error_mid.gif HTTP/1.1" 304 -
116.225.121.189 - - [12/Sep/2022:09:03:08 +0800] "GET /xingrg/images/blue/error_top.gif HTTP/1.1" 304 -
116.225.121.189 - - [12/Sep/2022:09:03:08 +0800] "GET /favicon.ico HTTP/1.1" 404 -
116.225.121.189 - - [12/Sep/2022:09:03:09 +0800] "GET /xingrg/login.html HTTP/1.1" 200 7641
116.225.121.189 - - [12/Sep/2022:09:03:09 +0800] "GET /favicon.ico HTTP/1.1" 404 -
120.253.135.82 - - [12/Sep/2022:09:03:09 +0800] "GET /xingrg/all/function/internal_message.html?_=1662944075487&CODE_STATE=getMsg HTTP/1.1" 302 -
116.224.255.128 - - [12/Sep/2022:09:03:10 +0800] "GET /xingrg/kc/buy/cgsh_order_operate.html?command=get_materiel&rest_code=00151&code=00101008077&supplier_code=00100008&order_time=2022-09-12 HTTP/1.1" 200 416
116.225.121.189 - - [12/Sep/2022:09:03:11 +0800] "POST /xingrg/login.do HTTP/1.1" 302 -
116.225.121.189 - - [12/Sep/2022:09:03:11 +0800] "GET /xingrg/javascript/jquery_easy_ui/themes/default/easyui.css HTTP/1.1" 304 -
116.225.121.189 - - [12/Sep/2022:09:03:11 +0800] "GET /xingrg/index.html?sysBaseUrl=http%3A%2F%2F180.169.147.146%3A18081%2Fxingrg%2F&costTime=1152×tamp=1662944591441 HTTP/1.1" 200 17173
116.225.121.189 - - [12/Sep/2022:09:03:11 +0800] "GET /xingrg/javascript/jquery_easy_ui/themes/icon.css HTTP/1.1" 304 -
116.225.121.189 - - [12/Sep/2022:09:03:11 +0800] "GET /xingrg/css/form.css HTTP/1.1" 304 -
116.225.121.189 - - [12/Sep/2022:09:03:11 +0800] "GET /xingrg/javascript/jquery_easy_ui/easyui-lang-zh_CN.js HTTP/1.1" 304 -
116.225.121.189 - - [12/Sep/2022:09:03:11 +0800] "GET /favicon.ico HTTP/1.1" 404 -
116.225.121.189 - - [12/Sep/2022:09:03:11 +0800] "GET /xingrg/javascript/jquery.form.js HTTP/1.1" 304 -
116.225.121.189 - - [12/Sep/2022:09:03:11 +0800] "GET /xingrg/javascript/jquery_easy_ui/jquery.easyui.min.js HTTP/1.1" 304 -
116.225.121.189 - - [12/Sep/2022:09:03:11 +0800] "GET /xingrg/javascript/jquery.utils.js HTTP/1.1" 304 -
116.225.121.189 - - [12/Sep/2022:09:03:11 +0800] "GET /xingrg/javascript/jquery-1.4.2.min.js HTTP/1.1" 304 -
116.225.121.189 - - [12/Sep/2022:09:03:11 +0800] "GET /xingrg/javascript/jquery.timers.js HTTP/1.1" 304 -
