116.232.194.65 - - [10/Sep/2022:11:32:07 +0800] "GET /xingrg/all/function/internal_message.html?_=1662780673960&CODE_STATE=getMsg HTTP/1.1" 200 27
116.224.255.128 - - [10/Sep/2022:11:32:08 +0800] "GET /xingrg/check_reg.html?_=1662780667238 HTTP/1.1" 200 22
116.238.169.132 - - [10/Sep/2022:11:32:09 +0800] "GET /xingrg/check_reg.html?_=1662780734031 HTTP/1.1" 302 -
116.238.169.132 - - [10/Sep/2022:11:32:09 +0800] "GET /xingrg/all/function/internal_message.html?_=1662780734030&CODE_STATE=getMsg HTTP/1.1" 302 -
116.238.169.132 - - [10/Sep/2022:11:32:10 +0800] "GET /xingrg/all/function/internal_message.html?_=1662780726721&CODE_STATE=getMsg HTTP/1.1" 200 27
101.85.93.70 - - [10/Sep/2022:11:32:11 +0800] "GET /xingrg/all/function/internal_message.html?_=1662780727391&CODE_STATE=getMsg HTTP/1.1" 200 27
116.224.255.128 - - [10/Sep/2022:11:32:12 +0800] "GET /xingrg/all/function/internal_message.html?_=1662780671075&CODE_STATE=getMsg HTTP/1.1" 200 27
116.225.121.189 - - [10/Sep/2022:11:32:16 +0800] "GET /xingrg/kc/buy/cgsh_order_operate.html?command=get_materiel&rest_code=00105&code=00101015006&supplier_code=00100203&order_time=2022-09-10 HTTP/1.1" 200 413
114.84.81.136 - - [10/Sep/2022:11:32:17 +0800] "GET /xingrg/check_reg.html?_=1662780732000 HTTP/1.1" 200 22
180.169.147.146 - - [10/Sep/2022:11:32:19 +0800] "GET /xingrg/all/function/internal_message.html?_=1662780735157&CODE_STATE=getMsg HTTP/1.1" 200 27
222.70.246.221 - - [10/Sep/2022:11:32:21 +0800] "GET /xingrg/all/function/internal_message.html?_=1662780759822&CODE_STATE=getMsg HTTP/1.1" 200 27
58.37.4.205 - - [10/Sep/2022:11:32:22 +0800] "GET /xingrg/all/function/internal_message.html?_=1662780740181&CODE_STATE=getMsg HTTP/1.1" 200 27
116.232.194.65 - - [10/Sep/2022:11:32:30 +0800] "GET /xingrg/kc/buy/cgsh_order_operate.html?command=get_materiel&rest_code=00155&code=00101016030&supplier_code=00100037&order_time=2022-09-10 HTTP/1.1" 200 431
116.238.169.132 - - [10/Sep/2022:11:32:32 +0800] "GET /xingrg/all/function/internal_message.html?_=1662780752880&CODE_STATE=getMsg HTTP/1.1" 200 27
120.253.135.82 - - [10/Sep/2022:11:32:33 +0800] "GET /xingrg/check_reg.html?_=1662780549635 HTTP/1.1" 200 22
120.253.135.82 - - [10/Sep/2022:11:32:33 +0800] "GET /xingrg/all/function/internal_message.html?_=1662780549975&CODE_STATE=getMsg HTTP/1.1" 200 27
114.84.5.35 - - [10/Sep/2022:11:32:37 +0800] "GET /xingrg/all/function/internal_message.html?_=1662780749525&CODE_STATE=getMsg HTTP/1.1" 200 27
116.225.121.189 - - [10/Sep/2022:11:32:41 +0800] "GET /xingrg/all/function/internal_message.html?_=1662780759931&CODE_STATE=getMsg HTTP/1.1" 200 27
114.88.158.224 - - [10/Sep/2022:11:32:42 +0800] "GET /xingrg/all/function/internal_message.html?_=1662780414173&CODE_STATE=getMsg HTTP/1.1" 200 27
116.225.121.189 - - [10/Sep/2022:11:32:46 +0800] "POST /xingrg/kc/buy/cgsh_order_operate.html HTTP/1.1" 200 37
124.79.74.72 - - [10/Sep/2022:11:32:46 +0800] "GET /xingrg/all/function/internal_message.html?_=1662780761433&CODE_STATE=getMsg HTTP/1.1" 200 27
116.225.121.189 - - [10/Sep/2022:11:32:47 +0800] "POST /xingrg/kc/buy/cgsh_order_operate.html HTTP/1.1" 200 44005
101.83.241.167 - - [10/Sep/2022:11:32:47 +0800] "GET /xingrg/all/function/internal_message.html?_=1662780761237&CODE_STATE=getMsg HTTP/1.1" 200 27
116.225.121.189 - - [10/Sep/2022:11:32:48 +0800] "GET /xingrg/all/function/internal_message.html?_=1662780627491&CODE_STATE=getMsg HTTP/1.1" 200 27
180.162.112.166 - - [10/Sep/2022:11:32:48 +0800] "GET /xingrg/all/function/internal_message.html?_=1662779899749&CODE_STATE=getMsg HTTP/1.1" 200 27
116.232.194.65 - - [10/Sep/2022:11:32:54 +0800] "GET /xingrg/kc/buy/cgsh_order_operate.html?command=get_materiel&rest_code=00155&code=00101019155&supplier_code=00100037&order_time=2022-09-10 HTTP/1.1" 200 476
114.83.219.57 - - [10/Sep/2022:11:32:58 +0800] "GET /xingrg/all/function/internal_message.html?_=1662780856560&CODE_STATE=getMsg HTTP/1.1" 200 27
116.232.194.65 - - [10/Sep/2022:11:33:07 +0800] "GET /xingrg/all/function/internal_message.html?_=1662780733953&CODE_STATE=getMsg HTTP/1.1" 200 27
116.238.169.132 - - [10/Sep/2022:11:33:09 +0800] "GET /xingrg/all/function/internal_message.html?_=1662780794048&CODE_STATE=getMsg HTTP/1.1" 302 -
116.238.169.132 - - [10/Sep/2022:11:33:10 +0800] "GET /xingrg/all/function/internal_message.html?_=1662780786723&CODE_STATE=getMsg HTTP/1.1" 200 27
101.85.93.70 - - [10/Sep/2022:11:33:11 +0800] "GET /xingrg/all/function/internal_message.html?_=1662780787377&CODE_STATE=getMsg HTTP/1.1" 200 27
116.232.194.65 - - [10/Sep/2022:11:33:12 +0800] "GET /xingrg/kc/buy/cgsh_order_operate.html?command=get_materiel&rest_code=00155&code=00101012003&supplier_code=00100037&order_time=2022-09-10 HTTP/1.1" 200 413
116.224.255.128 - - [10/Sep/2022:11:33:12 +0800] "GET /xingrg/all/function/internal_message.html?_=1662780731089&CODE_STATE=getMsg HTTP/1.1" 200 27
180.169.147.146 - - [10/Sep/2022:11:33:19 +0800] "GET /xingrg/all/function/internal_message.html?_=1662780795141&CODE_STATE=getMsg HTTP/1.1" 200 27
222.70.246.221 - - [10/Sep/2022:11:33:21 +0800] "GET /xingrg/all/function/internal_message.html?_=1662780819825&CODE_STATE=getMsg HTTP/1.1" 200 27
58.37.4.205 - - [10/Sep/2022:11:33:22 +0800] "GET /xingrg/all/function/internal_message.html?_=1662780800185&CODE_STATE=getMsg HTTP/1.1" 200 27
116.232.194.65 - - [10/Sep/2022:11:33:23 +0800] "GET /xingrg/kc/buy/cgsh_order_operate.html?command=get_materiel&rest_code=00155&code=00101016025&supplier_code=00100037&order_time=2022-09-10 HTTP/1.1" 200 408
124.79.74.72 - - [10/Sep/2022:11:33:30 +0800] "GET /xingrg/check_reg.html?_=1662780804906 HTTP/1.1" 200 22
116.238.169.132 - - [10/Sep/2022:11:33:32 +0800] "GET /xingrg/check_reg.html?_=1662780812879 HTTP/1.1" 200 22
116.238.169.132 - - [10/Sep/2022:11:33:32 +0800] "GET /xingrg/all/function/internal_message.html?_=1662780812882&CODE_STATE=getMsg HTTP/1.1" 200 27
180.163.29.206 - - [10/Sep/2022:11:33:33 +0800] "GET /xingrg/kc/base/wldb_order_operate.html?command=get_materiel&rest_code=00106&base_code=0010396&code=00101019400 HTTP/1.1" 302 -
180.163.29.206 - - [10/Sep/2022:11:33:33 +0800] "GET /xingrg/login.html HTTP/1.1" 200 7641
120.253.135.82 - - [10/Sep/2022:11:33:33 +0800] "GET /xingrg/all/function/internal_message.html?_=1662780609989&CODE_STATE=getMsg HTTP/1.1" 200 27
101.83.241.167 - - [10/Sep/2022:11:33:36 +0800] "GET /xingrg/check_reg.html?_=1662780809309 HTTP/1.1" 200 22
114.84.5.35 - - [10/Sep/2022:11:33:37 +0800] "GET /xingrg/all/function/internal_message.html?_=1662780809524&CODE_STATE=getMsg HTTP/1.1" 200 27
114.84.5.35 - - [10/Sep/2022:11:33:37 +0800] "GET /xingrg/check_reg.html?_=1662780809527 HTTP/1.1" 200 22
116.225.121.189 - - [10/Sep/2022:11:33:41 +0800] "GET /xingrg/all/function/internal_message.html?_=1662780819935&CODE_STATE=getMsg HTTP/1.1" 200 27
114.88.158.224 - - [10/Sep/2022:11:33:42 +0800] "GET /xingrg/all/function/internal_message.html?_=1662780474171&CODE_STATE=getMsg HTTP/1.1" 200 27
116.225.121.189 - - [10/Sep/2022:11:33:45 +0800] "GET /xingrg/kc/buy/cgsh_order_operate.html?command=get_materiel&rest_code=00105&code=00101008261&supplier_code=00100203&order_time=2022-09-10 HTTP/1.1" 200 408
124.79.74.72 - - [10/Sep/2022:11:33:46 +0800] "GET /xingrg/all/function/internal_message.html?_=1662780821406&CODE_STATE=getMsg HTTP/1.1" 200 27
116.232.194.65 - - [10/Sep/2022:11:33:47 +0800] "POST /xingrg/kc/buy/cgsh_order_operate.html HTTP/1.1" 200 2065
101.83.241.167 - - [10/Sep/2022:11:33:47 +0800] "GET /xingrg/all/function/internal_message.html?_=1662780821223&CODE_STATE=getMsg HTTP/1.1" 200 27
116.225.121.189 - - [10/Sep/2022:11:33:48 +0800] "GET /xingrg/all/function/internal_message.html?_=1662780687477&CODE_STATE=getMsg HTTP/1.1" 200 27
180.162.112.166 - - [10/Sep/2022:11:33:48 +0800] "GET /xingrg/all/function/internal_message.html?_=1662779959747&CODE_STATE=getMsg HTTP/1.1" 200 27
114.83.219.57 - - [10/Sep/2022:11:33:58 +0800] "GET /xingrg/all/function/internal_message.html?_=1662780916545&CODE_STATE=getMsg HTTP/1.1" 200 27
116.232.194.65 - - [10/Sep/2022:11:34:00 +0800] "GET /xingrg/kc/buy/cgsh_order_operate.html?command=get_materiel&rest_code=00155&code=00101032003&supplier_code=00100037&order_time=2022-09-10 HTTP/1.1" 200 416
114.83.219.57 - - [10/Sep/2022:11:34:02 +0800] "GET /xingrg/kc/mdqp/qqps_order_list.html HTTP/1.1" 200 9222
114.83.219.57 - - [10/Sep/2022:11:34:02 +0800] "GET /xingrg/dwr/util.js HTTP/1.1" 200 35990
114.83.219.57 - - [10/Sep/2022:11:34:02 +0800] "GET /xingrg/javascript/jquery_easy_ui/themes/icon.css HTTP/1.1" 200 3949
114.83.219.57 - - [10/Sep/2022:11:34:02 +0800] "GET /xingrg/dwr/interface/AjaxQqpsService.js HTTP/1.1" 200 16326
114.83.219.57 - - [10/Sep/2022:11:34:02 +0800] "GET /xingrg/css/blue.css HTTP/1.1" 200 15949
114.83.219.57 - - [10/Sep/2022:11:34:02 +0800] "GET /xingrg/javascript/pic_change.js HTTP/1.1" 200 4739
114.83.219.57 - - [10/Sep/2022:11:34:02 +0800] "GET /xingrg/dwr/interface/AjaxReportQueryService.js HTTP/1.1" 200 13203
114.83.219.57 - - [10/Sep/2022:11:34:02 +0800] "GET /xingrg/dwr/engine.js HTTP/1.1" 200 43631
114.83.219.57 - - [10/Sep/2022:11:34:02 +0800] "GET /xingrg/javascript/Calendar.js HTTP/1.1" 200 31561
114.83.219.57 - - [10/Sep/2022:11:34:02 +0800] "GET /xingrg/javascript/ToolTips.js HTTP/1.1" 200 5615
114.83.219.57 - - [10/Sep/2022:11:34:02 +0800] "GET /xingrg/javascript/myfunction.js HTTP/1.1" 200 24559
114.83.219.57 - - [10/Sep/2022:11:34:02 +0800] "GET /xingrg/javascript/jquery_easy_ui/themes/default/easyui.css HTTP/1.1" 200 8192
114.83.219.57 - - [10/Sep/2022:11:34:02 +0800] "GET /xingrg/javascript/jquery_easy_ui/themes/icons/edit_add_new.png HTTP/1.1" 200 2997
114.83.219.57 - - [10/Sep/2022:11:34:02 +0800] "GET /xingrg/javascript/jquery_easy_ui/themes/icons/check_new.png HTTP/1.1" 200 3224
114.83.219.57 - - [10/Sep/2022:11:34:02 +0800] "GET /xingrg/javascript/jquery_easy_ui/themes/icons/uncheck_new.png HTTP/1.1" 200 3197
114.83.219.57 - - [10/Sep/2022:11:34:02 +0800] "GET /xingrg/javascript/jquery_easy_ui/themes/icons/cance_new.png HTTP/1.1" 200 3986
114.83.219.57 - - [10/Sep/2022:11:34:03 +0800] "GET /xingrg/javascript/jquery_easy_ui/themes/default/images/button_plain_hover.png HTTP/1.1" 200 252
114.83.219.57 - - [10/Sep/2022:11:34:04 +0800] "GET /xingrg/javascript/auto/jquery.autocomplete.css HTTP/1.1" 200 587
114.83.219.57 - - [10/Sep/2022:11:34:04 +0800] "GET /xingrg/kc/mdqp/qqps_order_add.html HTTP/1.1" 200 26489
114.83.219.57 - - [10/Sep/2022:11:34:04 +0800] "GET /xingrg/javascript/jquery-1.4.2.min.js HTTP/1.1" 200 72205
114.83.219.57 - - [10/Sep/2022:11:34:04 +0800] "GET /xingrg/javascript/jquery_easy_ui/jquery.easyui.min.js HTTP/1.1" 200 213662
114.83.219.57 - - [10/Sep/2022:11:34:04 +0800] "GET /xingrg/javascript/jquery_easy_ui/easyui-lang-zh_CN.js HTTP/1.1" 200 1900
114.83.219.57 - - [10/Sep/2022:11:34:04 +0800] "GET /xingrg/javascript/jquery.utils.js HTTP/1.1" 200 11805
114.83.219.57 - - [10/Sep/2022:11:34:04 +0800] "GET /xingrg/dwr/interface/AjaxComOrderService.js HTTP/1.1" 200 18264
114.83.219.57 - - [10/Sep/2022:11:34:04 +0800] "GET /xingrg/javascript/auto/jquery.autocomplete.js HTTP/1.1" 200 21624
114.83.219.57 - - [10/Sep/2022:11:34:04 +0800] "GET /xingrg/javascript/tools/jquery.qtip-1.0.0-rc3.min.js HTTP/1.1" 200 38404
114.83.219.57 - - [10/Sep/2022:11:34:04 +0800] "GET /xingrg/dwr/interface/AjaxQqpsService.js HTTP/1.1" 200 16326
114.83.219.57 - - [10/Sep/2022:11:34:04 +0800] "GET /xingrg/javascript/AjaxInfoList.js HTTP/1.1" 200 3774
114.83.219.57 - - [10/Sep/2022:11:34:04 +0800] "GET /xingrg/javascript/Grid.js HTTP/1.1" 200 58908
114.83.219.57 - - [10/Sep/2022:11:34:04 +0800] "GET /xingrg/javascript/print/LodopFuncs.js HTTP/1.1" 200 5121
114.83.219.57 - - [10/Sep/2022:11:34:04 +0800] "GET /xingrg/dwr/engine.js HTTP/1.1" 200 43631
114.83.219.57 - - [10/Sep/2022:11:34:04 +0800] "GET /xingrg/javascript/print/kc_print.js HTTP/1.1" 200 11415
114.83.219.57 - - [10/Sep/2022:11:34:04 +0800] "GET /xingrg/javascript/jquery_easy_ui/themes/default/easyui.css HTTP/1.1" 200 26500
114.83.219.57 - - [10/Sep/2022:11:34:05 +0800] "GET /xingrg/words/20220909160839_words.js HTTP/1.1" 200 919966
114.83.219.57 - - [10/Sep/2022:11:34:05 +0800] "GET /xingrg/javascript/jquery_easy_ui/themes/icons/template_new.png HTTP/1.1" 200 3956
114.83.219.57 - - [10/Sep/2022:11:34:05 +0800] "GET /xingrg/javascript/jquery_easy_ui/themes/icons/copy_new.png HTTP/1.1" 200 815
114.83.219.57 - - [10/Sep/2022:11:34:05 +0800] "GET /xingrg/javascript/jquery_easy_ui/themes/icons/ok.png HTTP/1.1" 200 883
114.83.219.57 - - [10/Sep/2022:11:34:05 +0800] "GET /xingrg/javascript/jquery_easy_ui/themes/icons/print.png HTTP/1.1" 200 1057
114.83.219.57 - - [10/Sep/2022:11:34:05 +0800] "GET /xingrg/javascript/jquery_easy_ui/themes/default/images/menu_downarrow.png HTTP/1.1" 200 173
114.83.219.57 - - [10/Sep/2022:11:34:05 +0800] "GET /xingrg/javascript/jquery_easy_ui/themes/icons/back_new.png HTTP/1.1" 200 3414
114.83.219.57 - - [10/Sep/2022:11:34:05 +0800] "GET /xingrg/images/blue/button/kc_tab_add.gif HTTP/1.1" 200 375
114.83.219.57 - - [10/Sep/2022:11:34:05 +0800] "GET /xingrg/images/blue/button/kc_tab_edit.gif HTTP/1.1" 200 551
114.83.219.57 - - [10/Sep/2022:11:34:05 +0800] "GET /xingrg/images/blue/button/kc_tab_save.gif HTTP/1.1" 200 777
114.83.219.57 - - [10/Sep/2022:11:34:05 +0800] "GET /xingrg/images/blue/button/kc_tab_del.gif HTTP/1.1" 200 383
114.83.219.57 - - [10/Sep/2022:11:34:06 +0800] "GET /xingrg/javascript/jquery_easy_ui/themes/default/images/combo_arrow_dot.gif HTTP/1.1" 200 79
114.83.219.57 - - [10/Sep/2022:11:34:06 +0800] "GET /xingrg/images/blue/kc_tab_left.gif HTTP/1.1" 200 188
114.83.219.57 - - [10/Sep/2022:11:34:06 +0800] "GET /xingrg/images/blue/kc_tab_mid.gif HTTP/1.1" 200 44
114.83.219.57 - - [10/Sep/2022:11:34:06 +0800] "GET /xingrg/images/blue/kc_tab_right.gif HTTP/1.1" 200 643
114.83.219.57 - - [10/Sep/2022:11:34:06 +0800] "GET /xingrg/images/blue/kc_tab2_left.gif HTTP/1.1" 200 625
114.83.219.57 - - [10/Sep/2022:11:34:06 +0800] "GET /xingrg/images/blue/kc_tab2_right.gif HTTP/1.1" 200 192
116.232.194.65 - - [10/Sep/2022:11:34:07 +0800] "GET /xingrg/all/function/internal_message.html?_=1662780793977&CODE_STATE=getMsg HTTP/1.1" 200 27
116.232.194.65 - - [10/Sep/2022:11:34:07 +0800] "GET /xingrg/check_reg.html?_=1662780793979 HTTP/1.1" 200 22
116.238.169.132 - - [10/Sep/2022:11:34:09 +0800] "GET /xingrg/all/function/internal_message.html?_=1662780854046&CODE_STATE=getMsg HTTP/1.1" 302 -
116.238.169.132 - - [10/Sep/2022:11:34:10 +0800] "GET /xingrg/all/function/internal_message.html?_=1662780846722&CODE_STATE=getMsg HTTP/1.1" 200 27
101.85.93.70 - - [10/Sep/2022:11:34:11 +0800] "GET /xingrg/all/function/internal_message.html?_=1662780847346&CODE_STATE=getMsg HTTP/1.1" 200 27
116.224.255.128 - - [10/Sep/2022:11:34:12 +0800] "GET /xingrg/all/function/internal_message.html?_=1662780791118&CODE_STATE=getMsg HTTP/1.1" 200 27
114.83.219.57 - - [10/Sep/2022:11:34:14 +0800] "GET /xingrg/images/blue/wait.gif HTTP/1.1" 200 1100
114.83.219.57 - - [10/Sep/2022:11:34:15 +0800] "POST /xingrg/dwr/call/plaincall/AjaxQqpsService.saveOrder.dwr HTTP/1.1" 200 78
116.225.121.189 - - [10/Sep/2022:11:34:16 +0800] "GET /xingrg/kc/buy/cgsh_order_operate.html?command=get_materiel&rest_code=00105&code=00101008072&supplier_code=00100203&order_time=2022-09-10 HTTP/1.1" 200 408
116.232.194.65 - - [10/Sep/2022:11:34:18 +0800] "GET /xingrg/kc/buy/cgsh_order_operate.html?command=get_materiel&rest_code=00155&code=00101015066&supplier_code=00100037&order_time=2022-09-10 HTTP/1.1" 200 413
180.169.147.146 - - [10/Sep/2022:11:34:19 +0800] "GET /xingrg/all/function/internal_message.html?_=1662780855126&CODE_STATE=getMsg HTTP/1.1" 200 27
222.70.246.221 - - [10/Sep/2022:11:34:22 +0800] "GET /xingrg/all/function/internal_message.html?_=1662780880105&CODE_STATE=getMsg HTTP/1.1" 200 27
58.37.4.205 - - [10/Sep/2022:11:34:22 +0800] "GET /xingrg/all/function/internal_message.html?_=1662780860185&CODE_STATE=getMsg HTTP/1.1" 200 27
116.232.194.65 - - [10/Sep/2022:11:34:29 +0800] "GET /xingrg/kc/buy/cgsh_order_operate.html?command=get_materiel&rest_code=00155&code=00101009011&supplier_code=00100037&order_time=2022-09-10 HTTP/1.1" 200 416
180.163.29.217 - - [10/Sep/2022:11:34:30 +0800] "GET /xingrg/kc/base/wldb_order_operate.html?command=get_materiel&rest_code=00106&base_code=&code=00101006304 HTTP/1.1" 302 -
116.238.169.132 - - [10/Sep/2022:11:34:32 +0800] "GET /xingrg/all/function/internal_message.html?_=1662780872874&CODE_STATE=getMsg HTTP/1.1" 200 27
120.253.135.82 - - [10/Sep/2022:11:34:33 +0800] "GET /xingrg/all/function/internal_message.html?_=1662780670003&CODE_STATE=getMsg HTTP/1.1" 200 27
114.83.219.57 - - [10/Sep/2022:11:34:33 +0800] "POST /xingrg/dwr/call/plaincall/AjaxQqpsService.getMaterielByCode.dwr HTTP/1.1" 200 1709
180.163.29.217 - - [10/Sep/2022:11:34:33 +0800] "GET /xingrg/login.html HTTP/1.1" 200 7641
114.83.219.57 - - [10/Sep/2022:11:34:36 +0800] "POST /xingrg/dwr/call/plaincall/AjaxQqpsService.saveMaterielItem.dwr HTTP/1.1" 200 78
114.84.5.35 - - [10/Sep/2022:11:34:37 +0800] "GET /xingrg/all/function/internal_message.html?_=1662780869526&CODE_STATE=getMsg HTTP/1.1" 200 27
116.232.194.65 - - [10/Sep/2022:11:34:41 +0800] "POST /xingrg/kc/buy/cgsh_order_operate.html HTTP/1.1" 200 2065
116.225.121.189 - - [10/Sep/2022:11:34:41 +0800] "GET /xingrg/all/function/internal_message.html?_=1662780879930&CODE_STATE=getMsg HTTP/1.1" 200 27
116.225.121.189 - - [10/Sep/2022:11:34:41 +0800] "GET /xingrg/check_reg.html?_=1662780879933 HTTP/1.1" 200 22
114.88.158.224 - - [10/Sep/2022:11:34:42 +0800] "GET /xingrg/all/function/internal_message.html?_=1662780534170&CODE_STATE=getMsg HTTP/1.1" 200 27
114.83.219.57 - - [10/Sep/2022:11:34:44 +0800] "POST /xingrg/dwr/call/plaincall/AjaxQqpsService.getMaterielByCode.dwr HTTP/1.1" 200 1701
124.79.74.72 - - [10/Sep/2022:11:34:46 +0800] "GET /xingrg/all/function/internal_message.html?_=1662780881378&CODE_STATE=getMsg HTTP/1.1" 200 27
116.232.194.65 - - [10/Sep/2022:11:34:46 +0800] "GET /xingrg/kc/buy/cgsh_order_operate.html?command=get_materiel&rest_code=00155&code=00101019015&supplier_code=00100037&order_time=2022-09-10 HTTP/1.1" 200 448
101.83.241.167 - - [10/Sep/2022:11:34:47 +0800] "GET /xingrg/all/function/internal_message.html?_=1662780881216&CODE_STATE=getMsg HTTP/1.1" 200 27
116.225.121.189 - - [10/Sep/2022:11:34:48 +0800] "GET /xingrg/all/function/internal_message.html?_=1662780747467&CODE_STATE=getMsg HTTP/1.1" 200 27
180.162.112.166 - - [10/Sep/2022:11:34:48 +0800] "GET /xingrg/all/function/internal_message.html?_=1662780019756&CODE_STATE=getMsg HTTP/1.1" 200 27
114.83.219.57 - - [10/Sep/2022:11:34:49 +0800] "POST /xingrg/dwr/call/plaincall/AjaxQqpsService.saveMaterielItem.dwr HTTP/1.1" 200 78
114.83.219.57 - - [10/Sep/2022:11:34:58 +0800] "GET /xingrg/all/function/internal_message.html?_=1662780976535&CODE_STATE=getMsg HTTP/1.1" 200 27
116.225.121.189 - - [10/Sep/2022:11:35:02 +0800] "GET /xingrg/kc/buy/cgsh_order_operate.html?command=get_materiel&rest_code=00105&code=00101008358&supplier_code=00100203&order_time=2022-09-10 HTTP/1.1" 200 412
116.232.194.65 - - [10/Sep/2022:11:35:06 +0800] "GET /xingrg/kc/buy/cgsh_order_operate.html?command=get_materiel&rest_code=00155&code=00101022006&supplier_code=00100037&order_time=2022-09-10 HTTP/1.1" 200 435
116.232.194.65 - - [10/Sep/2022:11:35:07 +0800] "GET /xingrg/all/function/internal_message.html?_=1662780853950&CODE_STATE=getMsg HTTP/1.1" 200 27
222.70.246.221 - - [10/Sep/2022:11:35:08 +0800] "GET /xingrg/check_reg.html?_=1662780926700 HTTP/1.1" 200 22
116.238.169.132 - - [10/Sep/2022:11:35:09 +0800] "GET /xingrg/all/function/internal_message.html?_=1662780914044&CODE_STATE=getMsg HTTP/1.1" 302 -
116.238.169.132 - - [10/Sep/2022:11:35:10 +0800] "GET /xingrg/all/function/internal_message.html?_=1662780906709&CODE_STATE=getMsg HTTP/1.1" 200 27
101.85.93.70 - - [10/Sep/2022:11:35:11 +0800] "GET /xingrg/all/function/internal_message.html?_=1662780907329&CODE_STATE=getMsg HTTP/1.1" 200 27
116.224.255.128 - - [10/Sep/2022:11:35:12 +0800] "GET /xingrg/all/function/internal_message.html?_=1662780851132&CODE_STATE=getMsg HTTP/1.1" 200 27
116.232.194.65 - - [10/Sep/2022:11:35:14 +0800] "GET /xingrg/kc/buy/cgsh_order_operate.html?command=get_materiel&rest_code=00155&code=00101019313&supplier_code=00100037&order_time=2022-09-10 HTTP/1.1" 200 454
180.169.147.146 - - [10/Sep/2022:11:35:19 +0800] "GET /xingrg/all/function/internal_message.html?_=1662780915110&CODE_STATE=getMsg HTTP/1.1" 200 27
180.169.147.146 - - [10/Sep/2022:11:35:20 +0800] "GET /xingrg/check_reg.html?_=1662780915360 HTTP/1.1" 200 22
222.70.246.221 - - [10/Sep/2022:11:35:22 +0800] "GET /xingrg/all/function/internal_message.html?_=1662780940117&CODE_STATE=getMsg HTTP/1.1" 200 27
58.37.4.205 - - [10/Sep/2022:11:35:22 +0800] "GET /xingrg/check_reg.html?_=1662780920184 HTTP/1.1" 200 22
58.37.4.205 - - [10/Sep/2022:11:35:22 +0800] "GET /xingrg/all/function/internal_message.html?_=1662780920186&CODE_STATE=getMsg HTTP/1.1" 200 27
116.225.121.189 - - [10/Sep/2022:11:35:24 +0800] "POST /xingrg/kc/buy/cgsh_order_operate.html HTTP/1.1" 200 2065
114.83.219.57 - - [10/Sep/2022:11:35:29 +0800] "POST /xingrg/dwr/call/plaincall/AjaxQqpsService.getMaterielByCode.dwr HTTP/1.1" 200 1685
116.238.169.132 - - [10/Sep/2022:11:35:32 +0800] "GET /xingrg/all/function/internal_message.html?_=1662780932871&CODE_STATE=getMsg HTTP/1.1" 200 27
120.253.135.82 - - [10/Sep/2022:11:35:33 +0800] "GET /xingrg/all/function/internal_message.html?_=1662780730016&CODE_STATE=getMsg HTTP/1.1" 200 27
114.83.219.57 - - [10/Sep/2022:11:35:35 +0800] "POST /xingrg/dwr/call/plaincall/AjaxQqpsService.saveMaterielItem.dwr HTTP/1.1" 200 78
114.84.5.35 - - [10/Sep/2022:11:35:37 +0800] "GET /xingrg/all/function/internal_message.html?_=1662780929526&CODE_STATE=getMsg HTTP/1.1" 200 27
116.225.121.189 - - [10/Sep/2022:11:35:41 +0800] "GET /xingrg/all/function/internal_message.html?_=1662780939931&CODE_STATE=getMsg HTTP/1.1" 200 27
114.88.158.224 - - [10/Sep/2022:11:35:42 +0800] "GET /xingrg/all/function/internal_message.html?_=1662780594169&CODE_STATE=getMsg HTTP/1.1" 200 27
116.225.121.189 - - [10/Sep/2022:11:35:42 +0800] "POST /xingrg/services/DataTransmitService HTTP/1.1" 200 524
114.88.158.224 - - [10/Sep/2022:11:35:42 +0800] "GET /xingrg/check_reg.html?_=1662780594170 HTTP/1.1" 200 22
116.225.121.189 - - [10/Sep/2022:11:35:43 +0800] "POST /xingrg/services/DataTransmitService HTTP/1.1" 200 501
116.225.121.189 - - [10/Sep/2022:11:35:43 +0800] "POST /xingrg/services/DataTransmitService HTTP/1.1" 200 501
116.225.121.189 - - [10/Sep/2022:11:35:43 +0800] "POST /xingrg/services/DataTransmitService HTTP/1.1" 200 501
116.225.121.189 - - [10/Sep/2022:11:35:44 +0800] "POST /xingrg/services/DataTransmitService HTTP/1.1" 200 501
116.225.121.189 - - [10/Sep/2022:11:35:44 +0800] "POST /xingrg/services/DataTransmitService HTTP/1.1" 200 501
116.225.121.189 - - [10/Sep/2022:11:35:45 +0800] "POST /xingrg/services/DataTransmitService HTTP/1.1" 200 412
124.79.74.72 - - [10/Sep/2022:11:35:46 +0800] "GET /xingrg/all/function/internal_message.html?_=1662780941349&CODE_STATE=getMsg HTTP/1.1" 200 27
101.83.241.167 - - [10/Sep/2022:11:35:47 +0800] "GET /xingrg/all/function/internal_message.html?_=1662780941185&CODE_STATE=getMsg HTTP/1.1" 200 27
116.225.121.189 - - [10/Sep/2022:11:35:48 +0800] "GET /xingrg/all/function/internal_message.html?_=1662780807491&CODE_STATE=getMsg HTTP/1.1" 200 27
180.162.112.166 - - [10/Sep/2022:11:35:48 +0800] "GET /xingrg/all/function/internal_message.html?_=1662780079770&CODE_STATE=getMsg HTTP/1.1" 200 27
114.83.219.57 - - [10/Sep/2022:11:35:58 +0800] "GET /xingrg/all/function/internal_message.html?_=1662781036533&CODE_STATE=getMsg HTTP/1.1" 200 27
114.83.219.57 - - [10/Sep/2022:11:35:58 +0800] "POST /xingrg/dwr/call/plaincall/AjaxQqpsService.checkOrder.dwr HTTP/1.1" 200 78
114.83.219.57 - - [10/Sep/2022:11:36:00 +0800] "GET /xingrg/kc/mdqp/qqps_order_info.html?code=302022091000195 HTTP/1.1" 200 24883
114.83.219.57 - - [10/Sep/2022:11:36:00 +0800] "GET /xingrg/dwr/interface/AjaxComOrderService.js HTTP/1.1" 200 18264
114.83.219.57 - - [10/Sep/2022:11:36:00 +0800] "GET /xingrg/dwr/interface/AjaxQqpsService.js HTTP/1.1" 200 16326
114.83.219.57 - - [10/Sep/2022:11:36:00 +0800] "GET /xingrg/dwr/engine.js HTTP/1.1" 200 43631
114.83.219.57 - - [10/Sep/2022:11:36:01 +0800] "POST /xingrg/dwr/call/plaincall/AjaxQqpsService.loadMaterielItems.dwr HTTP/1.1" 200 997
180.163.28.68 - - [10/Sep/2022:11:36:05 +0800] "GET /xingrg/kc/base/wldb_order_info.html?code=422022091000835 HTTP/1.1" 302 -
180.163.28.68 - - [10/Sep/2022:11:36:05 +0800] "GET /xingrg/login.html HTTP/1.1" 200 7641
116.232.194.65 - - [10/Sep/2022:11:36:07 +0800] "GET /xingrg/all/function/internal_message.html?_=1662780913972&CODE_STATE=getMsg HTTP/1.1" 200 27
114.83.219.57 - - [10/Sep/2022:11:36:08 +0800] "GET /xingrg/kc/mdqp/qqps_order_list.html HTTP/1.1" 200 9668
114.83.219.57 - - [10/Sep/2022:11:36:08 +0800] "GET /xingrg/dwr/interface/AjaxQqpsService.js HTTP/1.1" 200 16326
114.83.219.57 - - [10/Sep/2022:11:36:08 +0800] "GET /xingrg/dwr/interface/AjaxReportQueryService.js HTTP/1.1" 200 13203
114.83.219.57 - - [10/Sep/2022:11:36:08 +0800] "GET /xingrg/dwr/engine.js HTTP/1.1" 200 43631
116.238.169.132 - - [10/Sep/2022:11:36:09 +0800] "GET /xingrg/all/function/internal_message.html?_=1662780974043&CODE_STATE=getMsg HTTP/1.1" 302 -
116.238.169.132 - - [10/Sep/2022:11:36:10 +0800] "GET /xingrg/all/function/internal_message.html?_=1662780966707&CODE_STATE=getMsg HTTP/1.1" 200 27
116.238.169.132 - - [10/Sep/2022:11:36:10 +0800] "GET /xingrg/check_reg.html?_=1662780966912 HTTP/1.1" 200 22
114.83.219.57 - - [10/Sep/2022:11:36:11 +0800] "GET /xingrg/kc/mdqp/qqps_order_info.html?code=302022091000195 HTTP/1.1" 200 24883
114.83.219.57 - - [10/Sep/2022:11:36:11 +0800] "GET /xingrg/dwr/interface/AjaxComOrderService.js HTTP/1.1" 200 18264
114.83.219.57 - - [10/Sep/2022:11:36:11 +0800] "GET /xingrg/dwr/interface/AjaxQqpsService.js HTTP/1.1" 200 16326
101.85.93.70 - - [10/Sep/2022:11:36:11 +0800] "GET /xingrg/all/function/internal_message.html?_=1662780967297&CODE_STATE=getMsg HTTP/1.1" 200 27
114.83.219.57 - - [10/Sep/2022:11:36:11 +0800] "GET /xingrg/dwr/engine.js HTTP/1.1" 200 43631
114.83.219.57 - - [10/Sep/2022:11:36:11 +0800] "POST /xingrg/dwr/call/plaincall/AjaxQqpsService.loadMaterielItems.dwr HTTP/1.1" 200 997
101.85.93.70 - - [10/Sep/2022:11:36:12 +0800] "GET /xingrg/kc/buy/cgsh_order_add.html HTTP/1.1" 200 67743
116.224.255.128 - - [10/Sep/2022:11:36:12 +0800] "GET /xingrg/all/function/internal_message.html?_=1662780911160&CODE_STATE=getMsg HTTP/1.1" 200 27
101.85.93.70 - - [10/Sep/2022:11:36:12 +0800] "GET /xingrg/javascript/easyui/themes/default/validatebox.css HTTP/1.1" 404 1104
101.85.93.70 - - [10/Sep/2022:11:36:12 +0800] "POST /xingrg/kc/buy/cgsh_order_operate.html HTTP/1.1" 200 8245
180.169.147.146 - - [10/Sep/2022:11:36:19 +0800] "GET /xingrg/all/function/internal_message.html?_=1662780975094&CODE_STATE=getMsg HTTP/1.1" 200 27
222.70.246.221 - - [10/Sep/2022:11:36:22 +0800] "GET /xingrg/all/function/internal_message.html?_=1662781000130&CODE_STATE=getMsg HTTP/1.1" 200 27
58.37.4.205 - - [10/Sep/2022:11:36:22 +0800] "GET /xingrg/all/function/internal_message.html?_=1662780980174&CODE_STATE=getMsg HTTP/1.1" 200 27
116.238.169.132 - - [10/Sep/2022:11:36:32 +0800] "GET /xingrg/all/function/internal_message.html?_=1662780992869&CODE_STATE=getMsg HTTP/1.1" 200 27
120.253.135.82 - - [10/Sep/2022:11:36:33 +0800] "GET /xingrg/all/function/internal_message.html?_=1662780790029&CODE_STATE=getMsg HTTP/1.1" 200 27
101.85.93.70 - - [10/Sep/2022:11:36:36 +0800] "GET /xingrg/kc/buy/cgsh_order_operate.html?command=get_materiel&rest_code=00142&code=00101008126&supplier_code=00100161&order_time=2022-09-10 HTTP/1.1" 200 412
114.84.5.35 - - [10/Sep/2022:11:36:37 +0800] "GET /xingrg/all/function/internal_message.html?_=1662780989527&CODE_STATE=getMsg HTTP/1.1" 200 27
116.225.121.189 - - [10/Sep/2022:11:36:41 +0800] "GET /xingrg/all/function/internal_message.html?_=1662780999928&CODE_STATE=getMsg HTTP/1.1" 200 27
114.88.158.224 - - [10/Sep/2022:11:36:42 +0800] "GET /xingrg/all/function/internal_message.html?_=1662780654195&CODE_STATE=getMsg HTTP/1.1" 200 27
124.79.74.72 - - [10/Sep/2022:11:36:46 +0800] "GET /xingrg/all/function/internal_message.html?_=1662781001318&CODE_STATE=getMsg HTTP/1.1" 200 27
101.85.93.70 - - [10/Sep/2022:11:36:47 +0800] "GET /xingrg/kc/buy/cgsh_order_operate.html?command=get_materiel&rest_code=00142&code=00101008108&supplier_code=00100161&order_time=2022-09-10 HTTP/1.1" 200 412
101.83.241.167 - - [10/Sep/2022:11:36:47 +0800] "GET /xingrg/all/function/internal_message.html?_=1662781001161&CODE_STATE=getMsg HTTP/1.1" 200 27
116.225.121.189 - - [10/Sep/2022:11:36:48 +0800] "GET /xingrg/all/function/internal_message.html?_=1662780867471&CODE_STATE=getMsg HTTP/1.1" 200 27
116.225.121.189 - - [10/Sep/2022:11:36:48 +0800] "GET /xingrg/check_reg.html?_=1662780867472 HTTP/1.1" 200 22
180.162.112.166 - - [10/Sep/2022:11:36:48 +0800] "GET /xingrg/all/function/internal_message.html?_=1662780139785&CODE_STATE=getMsg HTTP/1.1" 200 27
180.162.112.166 - - [10/Sep/2022:11:36:48 +0800] "GET /xingrg/check_reg.html?_=1662780139788 HTTP/1.1" 200 22
101.85.93.70 - - [10/Sep/2022:11:36:56 +0800] "GET /xingrg/kc/buy/cgsh_order_operate.html?command=get_materiel&rest_code=00142&code=00101008005&supplier_code=00100161&order_time=2022-09-10 HTTP/1.1" 200 412
180.163.29.206 - - [10/Sep/2022:11:36:58 +0800] "GET /xingrg/kc/buy/cgsh_order_operate.html?command=get_materiel&rest_code=00106&code=00101008571&supplier_code=00100450&order_time=2022-09-10 HTTP/1.1" 302 -
180.163.29.206 - - [10/Sep/2022:11:36:58 +0800] "GET /xingrg/login.html HTTP/1.1" 200 7641
114.83.219.57 - - [10/Sep/2022:11:36:58 +0800] "GET /xingrg/all/function/internal_message.html?_=1662781096522&CODE_STATE=getMsg HTTP/1.1" 200 27
101.85.93.70 - - [10/Sep/2022:11:37:06 +0800] "GET /xingrg/kc/buy/cgsh_order_operate.html?command=get_materiel&rest_code=00142&code=00101008049&supplier_code=00100161&order_time=2022-09-10 HTTP/1.1" 200 408
101.85.93.70 - - [10/Sep/2022:11:37:07 +0800] "GET /xingrg/check_reg.html?_=1662781023523 HTTP/1.1" 200 22
116.232.194.65 - - [10/Sep/2022:11:37:07 +0800] "GET /xingrg/all/function/internal_message.html?_=1662780973947&CODE_STATE=getMsg HTTP/1.1" 200 27
116.224.255.128 - - [10/Sep/2022:11:37:08 +0800] "GET /xingrg/check_reg.html?_=1662780967243 HTTP/1.1" 200 22
116.238.169.132 - - [10/Sep/2022:11:37:09 +0800] "GET /xingrg/check_reg.html?_=1662781034044 HTTP/1.1" 302 -
116.238.169.132 - - [10/Sep/2022:11:37:09 +0800] "GET /xingrg/all/function/internal_message.html?_=1662781034042&CODE_STATE=getMsg HTTP/1.1" 302 -
116.238.169.132 - - [10/Sep/2022:11:37:10 +0800] "GET /xingrg/all/function/internal_message.html?_=1662781026704&CODE_STATE=getMsg HTTP/1.1" 200 27
101.85.93.70 - - [10/Sep/2022:11:37:11 +0800] "GET /xingrg/all/function/internal_message.html?_=1662781027297&CODE_STATE=getMsg HTTP/1.1" 200 27
116.224.255.128 - - [10/Sep/2022:11:37:12 +0800] "GET /xingrg/all/function/internal_message.html?_=1662780971174&CODE_STATE=getMsg HTTP/1.1" 200 27
101.85.93.70 - - [10/Sep/2022:11:37:16 +0800] "GET /xingrg/kc/buy/cgsh_order_operate.html?command=get_materiel&rest_code=00142&code=00101008268&supplier_code=00100161&order_time=2022-09-10 HTTP/1.1" 200 408
114.84.81.136 - - [10/Sep/2022:11:37:17 +0800] "GET /xingrg/check_reg.html?_=1662781031979 HTTP/1.1" 200 22
180.169.147.146 - - [10/Sep/2022:11:37:19 +0800] "GET /xingrg/all/function/internal_message.html?_=1662781035078&CODE_STATE=getMsg HTTP/1.1" 200 27
58.37.4.205 - - [10/Sep/2022:11:37:22 +0800] "GET /xingrg/all/function/internal_message.html?_=1662781040174&CODE_STATE=getMsg HTTP/1.1" 200 27
222.70.246.221 - - [10/Sep/2022:11:37:22 +0800] "GET /xingrg/all/function/internal_message.html?_=1662781060407&CODE_STATE=getMsg HTTP/1.1" 200 27
101.85.93.70 - - [10/Sep/2022:11:37:28 +0800] "GET /xingrg/kc/buy/cgsh_order_operate.html?command=get_materiel&rest_code=00142&code=00101008370&supplier_code=00100161&order_time=2022-09-10 HTTP/1.1" 200 412
116.225.121.189 - - [10/Sep/2022:11:37:29 +0800] "GET /xingrg/kc/buy/cgsh_order_operate.html?command=get_materiel&rest_code=00105&code=00101008087&supplier_code=00100203&order_time=2022-09-10 HTTP/1.1" 200 412
116.238.169.132 - - [10/Sep/2022:11:37:32 +0800] "GET /xingrg/all/function/internal_message.html?_=1662781052867&CODE_STATE=getMsg HTTP/1.1" 200 27
120.253.135.82 - - [10/Sep/2022:11:37:33 +0800] "GET /xingrg/check_reg.html?_=1662780849637 HTTP/1.1" 200 22
120.253.135.82 - - [10/Sep/2022:11:37:33 +0800] "GET /xingrg/all/function/internal_message.html?_=1662780850043&CODE_STATE=getMsg HTTP/1.1" 200 27
101.85.93.70 - - [10/Sep/2022:11:37:36 +0800] "GET /xingrg/kc/buy/cgsh_order_operate.html?command=get_materiel&rest_code=00142&code=00101008199&supplier_code=00100161&order_time=2022-09-10 HTTP/1.1" 200 408
114.84.5.35 - - [10/Sep/2022:11:37:37 +0800] "GET /xingrg/all/function/internal_message.html?_=1662781049527&CODE_STATE=getMsg HTTP/1.1" 200 27
116.225.121.189 - - [10/Sep/2022:11:37:41 +0800] "GET /xingrg/all/function/internal_message.html?_=1662781059929&CODE_STATE=getMsg HTTP/1.1" 200 27
114.88.158.224 - - [10/Sep/2022:11:37:42 +0800] "GET /xingrg/all/function/internal_message.html?_=1662780714193&CODE_STATE=getMsg HTTP/1.1" 200 27
101.85.93.70 - - [10/Sep/2022:11:37:44 +0800] "GET /xingrg/kc/buy/cgsh_order_operate.html?command=get_materiel&rest_code=00142&code=00101008155&supplier_code=00100161&order_time=2022-09-10 HTTP/1.1" 200 408
124.79.74.72 - - [10/Sep/2022:11:37:46 +0800] "GET /xingrg/all/function/internal_message.html?_=1662781061289&CODE_STATE=getMsg HTTP/1.1" 200 27
101.83.241.167 - - [10/Sep/2022:11:37:47 +0800] "GET /xingrg/all/function/internal_message.html?_=1662781061132&CODE_STATE=getMsg HTTP/1.1" 200 27
116.225.121.189 - - [10/Sep/2022:11:37:48 +0800] "GET /xingrg/all/function/internal_message.html?_=1662780927474&CODE_STATE=getMsg HTTP/1.1" 200 27
180.162.112.166 - - [10/Sep/2022:11:37:48 +0800] "GET /xingrg/all/function/internal_message.html?_=1662780199785&CODE_STATE=getMsg HTTP/1.1" 200 27
101.85.93.70 - - [10/Sep/2022:11:37:52 +0800] "GET /xingrg/kc/buy/cgsh_order_operate.html?command=get_materiel&rest_code=00142&code=00101008097&supplier_code=00100161&order_time=2022-09-10 HTTP/1.1" 200 408
114.83.219.57 - - [10/Sep/2022:11:37:52 +0800] "POST /xingrg/dwr/call/plaincall/AjaxQqpsService.uncheckOrder.dwr HTTP/1.1" 200 78
116.225.121.189 - - [10/Sep/2022:11:37:53 +0800] "GET /xingrg/kc/buy/cgsh_order_operate.html?command=get_materiel&rest_code=00105&code=00101008117&supplier_code=00100203&order_time=2022-09-10 HTTP/1.1" 200 412
114.83.219.57 - - [10/Sep/2022:11:37:54 +0800] "GET /xingrg/kc/mdqp/qqps_order_info.html?code=302022091000195 HTTP/1.1" 200 26642
114.83.219.57 - - [10/Sep/2022:11:37:54 +0800] "GET /xingrg/css/blue.css HTTP/1.1" 304 -
114.83.219.57 - - [10/Sep/2022:11:37:54 +0800] "GET /xingrg/javascript/jquery_easy_ui/themes/icon.css HTTP/1.1" 304 -
114.83.219.57 - - [10/Sep/2022:11:37:54 +0800] "GET /xingrg/javascript/auto/jquery.autocomplete.css HTTP/1.1" 304 -
114.83.219.57 - - [10/Sep/2022:11:37:54 +0800] "GET /xingrg/javascript/jquery-1.4.2.min.js HTTP/1.1" 304 -
114.83.219.57 - - [10/Sep/2022:11:37:54 +0800] "GET /xingrg/javascript/jquery_easy_ui/jquery.easyui.min.js HTTP/1.1" 304 -
114.83.219.57 - - [10/Sep/2022:11:37:54 +0800] "GET /xingrg/javascript/jquery_easy_ui/easyui-lang-zh_CN.js HTTP/1.1" 304 -
114.83.219.57 - - [10/Sep/2022:11:37:54 +0800] "GET /xingrg/javascript/auto/jquery.autocomplete.js HTTP/1.1" 304 -
114.83.219.57 - - [10/Sep/2022:11:37:54 +0800] "GET /xingrg/javascript/tools/jquery.qtip-1.0.0-rc3.min.js HTTP/1.1" 304 -
114.83.219.57 - - [10/Sep/2022:11:37:54 +0800] "GET /xingrg/javascript/jquery.utils.js HTTP/1.1" 304 -
114.83.219.57 - - [10/Sep/2022:11:37:54 +0800] "GET /xingrg/javascript/pic_change.js HTTP/1.1" 304 -
114.83.219.57 - - [10/Sep/2022:11:37:54 +0800] "GET /xingrg/dwr/interface/AjaxComOrderService.js HTTP/1.1" 200 18264
114.83.219.57 - - [10/Sep/2022:11:37:54 +0800] "GET /xingrg/dwr/interface/AjaxQqpsService.js HTTP/1.1" 200 16326
114.83.219.57 - - [10/Sep/2022:11:37:54 +0800] "GET /xingrg/dwr/engine.js HTTP/1.1" 200 43631
114.83.219.57 - - [10/Sep/2022:11:37:54 +0800] "GET /xingrg/dwr/util.js HTTP/1.1" 304 -
114.83.219.57 - - [10/Sep/2022:11:37:54 +0800] "GET /xingrg/javascript/Calendar.js HTTP/1.1" 304 -
114.83.219.57 - - [10/Sep/2022:11:37:54 +0800] "GET /xingrg/javascript/myfunction.js HTTP/1.1" 304 -
114.83.219.57 - - [10/Sep/2022:11:37:54 +0800] "GET /xingrg/javascript/AjaxInfoList.js HTTP/1.1" 304 -
114.83.219.57 - - [10/Sep/2022:11:37:54 +0800] "GET /xingrg/javascript/Grid.js HTTP/1.1" 304 -
114.83.219.57 - - [10/Sep/2022:11:37:54 +0800] "GET /xingrg/javascript/ToolTips.js HTTP/1.1" 304 -
114.83.219.57 - - [10/Sep/2022:11:37:54 +0800] "GET /xingrg/javascript/print/kc_print.js HTTP/1.1" 304 -
114.83.219.57 - - [10/Sep/2022:11:37:54 +0800] "GET /xingrg/javascript/print/LodopFuncs.js HTTP/1.1" 304 -
114.83.219.57 - - [10/Sep/2022:11:37:54 +0800] "GET /xingrg/javascript/jquery_easy_ui/themes/default/easyui.css HTTP/1.1" 304 -
114.83.219.57 - - [10/Sep/2022:11:37:54 +0800] "GET /xingrg/javascript/jquery_easy_ui/themes/icon.css HTTP/1.1" 304 -
114.83.219.57 - - [10/Sep/2022:11:37:54 +0800] "GET /xingrg/words/20220909160839_words.js HTTP/1.1" 304 -
114.83.219.57 - - [10/Sep/2022:11:37:55 +0800] "GET /xingrg/images/blue/button/kc_tab_add.gif HTTP/1.1" 304 -
114.83.219.57 - - [10/Sep/2022:11:37:55 +0800] "GET /xingrg/images/blue/button/kc_tab_edit.gif HTTP/1.1" 304 -
114.83.219.57 - - [10/Sep/2022:11:37:55 +0800] "GET /xingrg/images/blue/wait.gif HTTP/1.1" 304 -
114.83.219.57 - - [10/Sep/2022:11:37:55 +0800] "GET /xingrg/images/blue/button/kc_tab_save.gif HTTP/1.1" 304 -
114.83.219.57 - - [10/Sep/2022:11:37:55 +0800] "POST /xingrg/dwr/call/plaincall/AjaxQqpsService.loadMaterielItems.dwr HTTP/1.1" 200 997
114.83.219.57 - - [10/Sep/2022:11:37:55 +0800] "GET /xingrg/images/blue/button/kc_tab_del.gif HTTP/1.1" 304 -
114.83.219.57 - - [10/Sep/2022:11:37:58 +0800] "GET /xingrg/all/function/internal_message.html?_=1662781156505&CODE_STATE=getMsg HTTP/1.1" 200 27
116.232.194.65 - - [10/Sep/2022:11:37:59 +0800] "POST /xingrg/kc/buy/cgsh_order_operate.html HTTP/1.1" 200 37
114.83.219.57 - - [10/Sep/2022:11:38:00 +0800] "GET /xingrg/javascript/auto/indicator.gif HTTP/1.1" 404 1066
116.232.194.65 - - [10/Sep/2022:11:38:00 +0800] "POST /xingrg/kc/buy/cgsh_order_operate.html HTTP/1.1" 200 17531
116.232.194.65 - - [10/Sep/2022:11:38:01 +0800] "GET /xingrg/kc/print/load_data.html?order_code=212022091003569&kc_code=cgsh&condition= HTTP/1.1" 200 6390
114.83.219.57 - - [10/Sep/2022:11:38:01 +0800] "GET /xingrg/images/yd/bt.gif HTTP/1.1" 404 1040
114.83.219.57 - - [10/Sep/2022:11:38:04 +0800] "POST /xingrg/dwr/call/plaincall/AjaxQqpsService.getMaterielByCode.dwr HTTP/1.1" 200 1707
116.232.194.65 - - [10/Sep/2022:11:38:07 +0800] "GET /xingrg/all/function/internal_message.html?_=1662781033969&CODE_STATE=getMsg HTTP/1.1" 200 27
114.83.219.57 - - [10/Sep/2022:11:38:08 +0800] "POST /xingrg/dwr/call/plaincall/AjaxQqpsService.saveMaterielItem.dwr HTTP/1.1" 200 78
116.238.169.132 - - [10/Sep/2022:11:38:09 +0800] "GET /xingrg/all/function/internal_message.html?_=1662781094042&CODE_STATE=getMsg HTTP/1.1" 302 -
116.238.169.132 - - [10/Sep/2022:11:38:10 +0800] "GET /xingrg/all/function/internal_message.html?_=1662781086675&CODE_STATE=getMsg HTTP/1.1" 200 27
101.85.93.70 - - [10/Sep/2022:11:38:11 +0800] "GET /xingrg/all/function/internal_message.html?_=1662781087279&CODE_STATE=getMsg HTTP/1.1" 200 27
114.83.219.57 - - [10/Sep/2022:11:38:11 +0800] "POST /xingrg/dwr/call/plaincall/AjaxQqpsService.checkOrder.dwr HTTP/1.1" 200 78
116.224.255.128 - - [10/Sep/2022:11:38:12 +0800] "GET /xingrg/all/function/internal_message.html?_=1662781031189&CODE_STATE=getMsg HTTP/1.1" 200 27
114.83.219.57 - - [10/Sep/2022:11:38:12 +0800] "GET /xingrg/kc/mdqp/qqps_order_info.html?code=302022091000195 HTTP/1.1" 200 24883
114.83.219.57 - - [10/Sep/2022:11:38:12 +0800] "GET /xingrg/dwr/interface/AjaxComOrderService.js HTTP/1.1" 200 18264
114.83.219.57 - - [10/Sep/2022:11:38:12 +0800] "GET /xingrg/dwr/engine.js HTTP/1.1" 200 43631
114.83.219.57 - - [10/Sep/2022:11:38:12 +0800] "GET /xingrg/dwr/interface/AjaxQqpsService.js HTTP/1.1" 200 16326
114.83.219.57 - - [10/Sep/2022:11:38:13 +0800] "POST /xingrg/dwr/call/plaincall/AjaxQqpsService.loadMaterielItems.dwr HTTP/1.1" 200 1313
116.225.121.189 - - [10/Sep/2022:11:38:16 +0800] "GET /xingrg/kc/buy/cgsh_order_operate.html?command=get_materiel&rest_code=00105&code=00101008118&supplier_code=00100203&order_time=2022-09-10 HTTP/1.1" 200 418
180.169.147.146 - - [10/Sep/2022:11:38:19 +0800] "GET /xingrg/all/function/internal_message.html?_=1662781095061&CODE_STATE=getMsg HTTP/1.1" 200 27
58.37.4.205 - - [10/Sep/2022:11:38:22 +0800] "GET /xingrg/all/function/internal_message.html?_=1662781100174&CODE_STATE=getMsg HTTP/1.1" 200 27
222.70.246.221 - - [10/Sep/2022:11:38:22 +0800] "GET /xingrg/all/function/internal_message.html?_=1662781120408&CODE_STATE=getMsg HTTP/1.1" 200 27
101.85.93.70 - - [10/Sep/2022:11:38:22 +0800] "GET /xingrg/kc/buy/cgsh_order_operate.html?command=get_materiel&rest_code=00142&code=00101008355&supplier_code=00100161&order_time=2022-09-10 HTTP/1.1" 200 408
124.79.74.72 - - [10/Sep/2022:11:38:30 +0800] "GET /xingrg/check_reg.html?_=1662781104888 HTTP/1.1" 200 22
101.85.93.70 - - [10/Sep/2022:11:38:31 +0800] "GET /xingrg/kc/buy/cgsh_order_operate.html?command=get_materiel&rest_code=00142&code=00101008024&supplier_code=00100161&order_time=2022-09-10 HTTP/1.1" 200 408
116.238.169.132 - - [10/Sep/2022:11:38:32 +0800] "GET /xingrg/all/function/internal_message.html?_=1662781112880&CODE_STATE=getMsg HTTP/1.1" 200 27
116.238.169.132 - - [10/Sep/2022:11:38:32 +0800] "GET /xingrg/check_reg.html?_=1662781112884 HTTP/1.1" 200 22
120.253.135.82 - - [10/Sep/2022:11:38:33 +0800] "GET /xingrg/all/function/internal_message.html?_=1662780910057&CODE_STATE=getMsg HTTP/1.1" 200 27
116.225.121.189 - - [10/Sep/2022:11:38:34 +0800] "POST /xingrg/kc/buy/cgsh_order_operate.html HTTP/1.1" 200 2065
101.83.241.167 - - [10/Sep/2022:11:38:36 +0800] "GET /xingrg/check_reg.html?_=1662781109316 HTTP/1.1" 200 22
114.84.5.35 - - [10/Sep/2022:11:38:37 +0800] "GET /xingrg/check_reg.html?_=1662781109527 HTTP/1.1" 200 22
114.84.5.35 - - [10/Sep/2022:11:38:37 +0800] "GET /xingrg/all/function/internal_message.html?_=1662781109529&CODE_STATE=getMsg HTTP/1.1" 200 27
101.85.93.70 - - [10/Sep/2022:11:38:39 +0800] "GET /xingrg/kc/buy/cgsh_order_operate.html?command=get_materiel&rest_code=00142&code=00101008356&supplier_code=00100161&order_time=2022-09-10 HTTP/1.1" 200 409
116.225.121.189 - - [10/Sep/2022:11:38:41 +0800] "GET /xingrg/all/function/internal_message.html?_=1662781119940&CODE_STATE=getMsg HTTP/1.1" 200 27
114.88.158.224 - - [10/Sep/2022:11:38:42 +0800] "GET /xingrg/all/function/internal_message.html?_=1662780774208&CODE_STATE=getMsg HTTP/1.1" 200 27
124.79.74.72 - - [10/Sep/2022:11:38:46 +0800] "GET /xingrg/all/function/internal_message.html?_=1662781121266&CODE_STATE=getMsg HTTP/1.1" 200 27
101.83.241.167 - - [10/Sep/2022:11:38:47 +0800] "GET /xingrg/all/function/internal_message.html?_=1662781121102&CODE_STATE=getMsg HTTP/1.1" 200 27
116.225.121.189 - - [10/Sep/2022:11:38:48 +0800] "GET /xingrg/all/function/internal_message.html?_=1662780987571&CODE_STATE=getMsg HTTP/1.1" 200 27
180.162.112.166 - - [10/Sep/2022:11:38:48 +0800] "GET /xingrg/all/function/internal_message.html?_=1662780259784&CODE_STATE=getMsg HTTP/1.1" 200 27
101.85.93.70 - - [10/Sep/2022:11:38:50 +0800] "GET /xingrg/kc/buy/cgsh_order_operate.html?command=get_materiel&rest_code=00142&code=00101008286&supplier_code=00100161&order_time=2022-09-10 HTTP/1.1" 200 408
180.163.30.100 - - [10/Sep/2022:11:38:53 +0800] "GET /xingrg/check_reg.html?_=1662779752744 HTTP/1.1" 302 -
180.163.30.100 - - [10/Sep/2022:11:38:53 +0800] "GET /xingrg/login.html HTTP/1.1" 200 7641
116.225.121.189 - - [10/Sep/2022:11:38:54 +0800] "GET /xingrg/kc/buy/cgsh_order_operate.html?command=get_materiel&rest_code=00105&code=00101008270&supplier_code=00100203&order_time=2022-09-10 HTTP/1.1" 200 412
101.85.93.70 - - [10/Sep/2022:11:38:58 +0800] "GET /xingrg/kc/buy/cgsh_order_operate.html?command=get_materiel&rest_code=00142&code=00101008353&supplier_code=00100161&order_time=2022-09-10 HTTP/1.1" 200 408
114.83.219.57 - - [10/Sep/2022:11:38:58 +0800] "GET /xingrg/all/function/internal_message.html?_=1662781216497&CODE_STATE=getMsg HTTP/1.1" 200 27
116.232.194.65 - - [10/Sep/2022:11:39:07 +0800] "GET /xingrg/all/function/internal_message.html?_=1662781093963&CODE_STATE=getMsg HTTP/1.1" 200 27
116.232.194.65 - - [10/Sep/2022:11:39:07 +0800] "GET /xingrg/check_reg.html?_=1662781093968 HTTP/1.1" 200 22
116.238.169.132 - - [10/Sep/2022:11:39:09 +0800] "GET /xingrg/all/function/internal_message.html?_=1662781154041&CODE_STATE=getMsg HTTP/1.1" 302 -
116.238.169.132 - - [10/Sep/2022:11:39:10 +0800] "GET /xingrg/all/function/internal_message.html?_=1662781146675&CODE_STATE=getMsg HTTP/1.1" 200 27
101.85.93.70 - - [10/Sep/2022:11:39:11 +0800] "GET /xingrg/all/function/internal_message.html?_=1662781147257&CODE_STATE=getMsg HTTP/1.1" 200 27
101.85.93.70 - - [10/Sep/2022:11:39:12 +0800] "GET /xingrg/kc/buy/cgsh_order_operate.html?command=get_materiel&rest_code=00142&code=00101008351&supplier_code=00100161&order_time=2022-09-10 HTTP/1.1" 200 408
116.224.255.128 - - [10/Sep/2022:11:39:12 +0800] "GET /xingrg/all/function/internal_message.html?_=1662781091217&CODE_STATE=getMsg HTTP/1.1" 200 27
180.169.147.146 - - [10/Sep/2022:11:39:19 +0800] "GET /xingrg/all/function/internal_message.html?_=1662781155045&CODE_STATE=getMsg HTTP/1.1" 200 27
58.37.4.205 - - [10/Sep/2022:11:39:22 +0800] "GET /xingrg/all/function/internal_message.html?_=1662781160172&CODE_STATE=getMsg HTTP/1.1" 200 27
101.85.93.70 - - [10/Sep/2022:11:39:22 +0800] "GET /xingrg/kc/buy/cgsh_order_operate.html?command=get_materiel&rest_code=00142&code=00101008350&supplier_code=00100161&order_time=2022-09-10 HTTP/1.1" 200 408
222.70.246.221 - - [10/Sep/2022:11:39:22 +0800] "GET /xingrg/all/function/internal_message.html?_=1662781180668&CODE_STATE=getMsg HTTP/1.1" 200 27
101.85.93.70 - - [10/Sep/2022:11:39:31 +0800] "GET /xingrg/kc/buy/cgsh_order_operate.html?command=get_materiel&rest_code=00142&code=00101008357&supplier_code=00100161&order_time=2022-09-10 HTTP/1.1" 200 408
116.238.169.132 - - [10/Sep/2022:11:39:32 +0800] "GET /xingrg/all/function/internal_message.html?_=1662781172879&CODE_STATE=getMsg HTTP/1.1" 200 27
120.253.135.82 - - [10/Sep/2022:11:39:33 +0800] "GET /xingrg/all/function/internal_message.html?_=1662780970133&CODE_STATE=getMsg HTTP/1.1" 200 27
114.84.5.35 - - [10/Sep/2022:11:39:37 +0800] "GET /xingrg/all/function/internal_message.html?_=1662781169528&CODE_STATE=getMsg HTTP/1.1" 200 27
101.85.93.70 - - [10/Sep/2022:11:39:41 +0800] "GET /xingrg/kc/buy/cgsh_order_operate.html?command=get_materiel&rest_code=00142&code=00101008312&supplier_code=00100161&order_time=2022-09-10 HTTP/1.1" 200 412
116.225.121.189 - - [10/Sep/2022:11:39:41 +0800] "GET /xingrg/check_reg.html?_=1662781179930 HTTP/1.1" 200 22
116.225.121.189 - - [10/Sep/2022:11:39:41 +0800] "GET /xingrg/all/function/internal_message.html?_=1662781179934&CODE_STATE=getMsg HTTP/1.1" 200 27
114.88.158.224 - - [10/Sep/2022:11:39:42 +0800] "GET /xingrg/all/function/internal_message.html?_=1662780834207&CODE_STATE=getMsg HTTP/1.1" 200 27
180.163.28.109 - - [10/Sep/2022:11:39:46 +0800] "GET /xingrg/kc/buy/cgsh_order_operate.html?command=get_materiel&rest_code=00106&code=00101008568&supplier_code=00100450&order_time=2022-09-10 HTTP/1.1" 302 -
124.79.74.72 - - [10/Sep/2022:11:39:46 +0800] "GET /xingrg/all/function/internal_message.html?_=1662781181238&CODE_STATE=getMsg HTTP/1.1" 200 27
180.163.28.109 - - [10/Sep/2022:11:39:46 +0800] "GET /xingrg/login.html HTTP/1.1" 200 7641
101.83.241.167 - - [10/Sep/2022:11:39:47 +0800] "GET /xingrg/all/function/internal_message.html?_=1662781181084&CODE_STATE=getMsg HTTP/1.1" 200 27
116.225.121.189 - - [10/Sep/2022:11:39:48 +0800] "GET /xingrg/all/function/internal_message.html?_=1662781047572&CODE_STATE=getMsg HTTP/1.1" 200 27
180.162.112.166 - - [10/Sep/2022:11:39:48 +0800] "GET /xingrg/all/function/internal_message.html?_=1662780319783&CODE_STATE=getMsg HTTP/1.1" 200 27
101.85.93.70 - - [10/Sep/2022:11:39:50 +0800] "GET /xingrg/kc/buy/cgsh_order_operate.html?command=get_materiel&rest_code=00142&code=00101008264&supplier_code=00100161&order_time=2022-09-10 HTTP/1.1" 200 412
101.85.93.70 - - [10/Sep/2022:11:39:51 +0800] "POST /xingrg/kc/buy/cgsh_order_operate.html HTTP/1.1" 200 2065
114.83.219.57 - - [10/Sep/2022:11:39:58 +0800] "GET /xingrg/all/function/internal_message.html?_=1662781276482&CODE_STATE=getMsg HTTP/1.1" 200 27
101.85.93.70 - - [10/Sep/2022:11:39:59 +0800] "GET /xingrg/kc/buy/cgsh_order_operate.html?command=get_materiel&rest_code=00142&code=00101008298&supplier_code=00100161&order_time=2022-09-10 HTTP/1.1" 200 412
101.85.93.70 - - [10/Sep/2022:11:40:07 +0800] "GET /xingrg/kc/buy/cgsh_order_operate.html?command=get_materiel&rest_code=00142&code=00101008354&supplier_code=00100161&order_time=2022-09-10 HTTP/1.1" 200 432
116.232.194.65 - - [10/Sep/2022:11:40:07 +0800] "GET /xingrg/all/function/internal_message.html?_=1662781153959&CODE_STATE=getMsg HTTP/1.1" 200 27
222.70.246.221 - - [10/Sep/2022:11:40:08 +0800] "GET /xingrg/check_reg.html?_=1662781226709 HTTP/1.1" 200 22
116.238.169.132 - - [10/Sep/2022:11:40:09 +0800] "GET /xingrg/all/function/internal_message.html?_=1662781214039&CODE_STATE=getMsg HTTP/1.1" 302 -
116.238.169.132 - - [10/Sep/2022:11:40:10 +0800] "GET /xingrg/all/function/internal_message.html?_=1662781206667&CODE_STATE=getMsg HTTP/1.1" 200 27
