180.162.112.166 - - [10/Sep/2022:10:38:56 +0800] "GET /xingrg/css/site.css HTTP/1.1" 304 -
180.162.112.166 - - [10/Sep/2022:10:38:56 +0800] "GET /xingrg/kc/buy/cgsh_order_list.html HTTP/1.1" 200 52848
180.162.112.166 - - [10/Sep/2022:10:38:56 +0800] "GET /xingrg/javascript/jquery_tools/datebox.css HTTP/1.1" 304 -
180.162.112.166 - - [10/Sep/2022:10:38:56 +0800] "GET /xingrg/javascript/easyui/themes/default/easyui.css HTTP/1.1" 304 -
180.162.112.166 - - [10/Sep/2022:10:38:56 +0800] "GET /xingrg/javascript/easyui/themes/icon.css HTTP/1.1" 304 -
180.162.112.166 - - [10/Sep/2022:10:38:56 +0800] "GET /xingrg/javascript/auto/jquery.autocomplete.css HTTP/1.1" 304 -
180.162.112.166 - - [10/Sep/2022:10:38:56 +0800] "GET /xingrg/javascript/jquery_tools/fix.css HTTP/1.1" 304 -
180.162.112.166 - - [10/Sep/2022:10:38:56 +0800] "GET /xingrg/javascript/jquery_tools/table.css HTTP/1.1" 304 -
180.162.112.166 - - [10/Sep/2022:10:38:56 +0800] "GET /xingrg/javascript/jquery_tools/jquery.tools.min.js HTTP/1.1" 304 -
180.162.112.166 - - [10/Sep/2022:10:38:56 +0800] "GET /xingrg/javascript/jquery_tools/jquery.tools.extend.js HTTP/1.1" 304 -
180.162.112.166 - - [10/Sep/2022:10:38:56 +0800] "GET /xingrg/javascript/jquery_tools/jquery.tools.hotkey.js HTTP/1.1" 304 -
180.162.112.166 - - [10/Sep/2022:10:38:56 +0800] "GET /xingrg/javascript/jquery_tools/jquery.tools.table.js HTTP/1.1" 304 -
180.162.112.166 - - [10/Sep/2022:10:38:56 +0800] "GET /xingrg/javascript/jquery_tools/list_manager.js HTTP/1.1" 304 -
180.162.112.166 - - [10/Sep/2022:10:38:56 +0800] "GET /xingrg/javascript/auto/jquery.autocomplete.js HTTP/1.1" 304 -
180.162.112.166 - - [10/Sep/2022:10:38:56 +0800] "GET /xingrg/javascript/easyui/easyloader.js HTTP/1.1" 304 -
180.162.112.166 - - [10/Sep/2022:10:38:56 +0800] "GET /xingrg/javascript/jquery.cookie.js HTTP/1.1" 304 -
180.162.112.166 - - [10/Sep/2022:10:38:56 +0800] "GET /xingrg/javascript/print/LodopFuncs.js HTTP/1.1" 304 -
180.162.112.166 - - [10/Sep/2022:10:38:56 +0800] "GET /xingrg/javascript/easyui/themes/icons/import_new.png HTTP/1.1" 304 -
180.162.112.166 - - [10/Sep/2022:10:38:56 +0800] "GET /xingrg/javascript/easyui/themes/icons/check_new.png HTTP/1.1" 304 -
180.162.112.166 - - [10/Sep/2022:10:38:56 +0800] "GET /xingrg/javascript/easyui/themes/icons/cance_new.png HTTP/1.1" 304 -
180.162.112.166 - - [10/Sep/2022:10:38:56 +0800] "GET /xingrg/javascript/easyui/themes/icons/field_new.png HTTP/1.1" 304 -
180.162.112.166 - - [10/Sep/2022:10:38:56 +0800] "GET /xingrg/javascript/easyui/themes/icons/edit_add_new.png HTTP/1.1" 304 -
180.162.112.166 - - [10/Sep/2022:10:38:56 +0800] "GET /xingrg/javascript/easyui/plugins/jquery.parser.js HTTP/1.1" 304 -
180.162.112.166 - - [10/Sep/2022:10:38:56 +0800] "GET /xingrg/images/control/ajaxLoader.gif HTTP/1.1" 304 -
116.238.169.132 - - [10/Sep/2022:10:38:59 +0800] "GET /xingrg/kc/buy/cgsh_order_list.html HTTP/1.1" 200 52842
114.83.219.57 - - [10/Sep/2022:10:38:59 +0800] "GET /xingrg/all/function/internal_message.html?_=1662777617473&CODE_STATE=getMsg HTTP/1.1" 200 27
180.162.112.166 - - [10/Sep/2022:10:39:00 +0800] "POST /xingrg/kc/buy/cgsh_list_operate.html HTTP/1.1" 200 1870
116.238.169.132 - - [10/Sep/2022:10:39:00 +0800] "POST /xingrg/kc/buy/cgsh_list_operate.html HTTP/1.1" 200 752
116.238.169.132 - - [10/Sep/2022:10:39:00 +0800] "GET /xingrg/kc/buy/cgsh_order_add.html HTTP/1.1" 200 68659
116.238.169.132 - - [10/Sep/2022:10:39:01 +0800] "POST /xingrg/kc/buy/cgsh_order_operate.html HTTP/1.1" 200 8245
116.238.169.132 - - [10/Sep/2022:10:39:01 +0800] "GET /xingrg/javascript/easyui/themes/default/validatebox.css HTTP/1.1" 404 1104
180.162.112.166 - - [10/Sep/2022:10:39:02 +0800] "GET /xingrg/javascript/easyui/themes/default/images/button_plain_hover.png HTTP/1.1" 304 -
116.238.169.132 - - [10/Sep/2022:10:39:02 +0800] "GET /xingrg/javascript/easyui/plugins/jquery.draggable.js HTTP/1.1" 200 6121
116.238.169.132 - - [10/Sep/2022:10:39:02 +0800] "GET /xingrg/javascript/easyui/plugins/jquery.droppable.js HTTP/1.1" 200 1167
116.238.169.132 - - [10/Sep/2022:10:39:02 +0800] "GET /xingrg/javascript/easyui/themes/default/tree.css HTTP/1.1" 404 1090
116.238.169.132 - - [10/Sep/2022:10:39:02 +0800] "GET /xingrg/javascript/easyui/plugins/jquery.tree.js HTTP/1.1" 200 20874
116.238.169.132 - - [10/Sep/2022:10:39:02 +0800] "POST /xingrg/all/common/load_tree.html?tree=supplier_tree_json&isDelete=1 HTTP/1.1" 200 68331
180.162.112.166 - - [10/Sep/2022:10:39:03 +0800] "GET /xingrg/javascript/jquery_tools/order_manager.js HTTP/1.1" 304 -
180.162.112.166 - - [10/Sep/2022:10:39:03 +0800] "GET /xingrg/javascript/convert.js HTTP/1.1" 304 -
180.162.112.166 - - [10/Sep/2022:10:39:03 +0800] "GET /xingrg/javascript/json2.js HTTP/1.1" 304 -
180.162.112.166 - - [10/Sep/2022:10:39:03 +0800] "GET /xingrg/javascript/print/kc_print.js HTTP/1.1" 304 -
180.162.112.166 - - [10/Sep/2022:10:39:03 +0800] "GET /xingrg/kc/buy/cgsh_order_add.html HTTP/1.1" 200 67705
180.162.112.166 - - [10/Sep/2022:10:39:03 +0800] "GET /xingrg/words/20220909160839_words.js HTTP/1.1" 200 919966
180.162.112.166 - - [10/Sep/2022:10:39:03 +0800] "GET /xingrg/javascript/easyui/themes/icons/ok.png HTTP/1.1" 304 -
180.162.112.166 - - [10/Sep/2022:10:39:03 +0800] "GET /xingrg/javascript/easyui/themes/icons/template_new.png HTTP/1.1" 304 -
180.162.112.166 - - [10/Sep/2022:10:39:03 +0800] "GET /xingrg/javascript/easyui/themes/icons/copy_new.png HTTP/1.1" 304 -
180.162.112.166 - - [10/Sep/2022:10:39:03 +0800] "GET /xingrg/javascript/easyui/themes/icons/print.png HTTP/1.1" 304 -
180.162.112.166 - - [10/Sep/2022:10:39:03 +0800] "GET /xingrg/javascript/easyui/themes/icons/cancel.png HTTP/1.1" 304 -
180.162.112.166 - - [10/Sep/2022:10:39:03 +0800] "GET /xingrg/javascript/easyui/themes/default/images/menu_downarrow.png HTTP/1.1" 304 -
180.162.112.166 - - [10/Sep/2022:10:39:03 +0800] "GET /xingrg/all/common/auto_word.html?type=employee&rest_code=00143 HTTP/1.1" 200 55
180.162.112.166 - - [10/Sep/2022:10:39:03 +0800] "GET /xingrg/javascript/easyui/themes/default/validatebox.css HTTP/1.1" 404 1104
180.162.112.166 - - [10/Sep/2022:10:39:03 +0800] "GET /xingrg/all/common/auto_word.html?type=employee&rest_code=00143 HTTP/1.1" 200 55
180.162.112.166 - - [10/Sep/2022:10:39:03 +0800] "GET /xingrg/javascript/easyui/plugins/jquery.validatebox.js HTTP/1.1" 304 -
180.162.112.166 - - [10/Sep/2022:10:39:03 +0800] "POST /xingrg/kc/buy/cgsh_order_operate.html HTTP/1.1" 200 8245
180.162.112.166 - - [10/Sep/2022:10:39:03 +0800] "GET /xingrg/javascript/easyui/plugins/jquery.numberbox.js HTTP/1.1" 304 -
180.162.112.166 - - [10/Sep/2022:10:39:03 +0800] "GET /xingrg/javascript/easyui/themes/icons/edit_remove.png HTTP/1.1" 304 -
116.238.169.132 - - [10/Sep/2022:10:39:03 +0800] "GET /xingrg/javascript/easyui/themes/default/images/tree_arrows.gif HTTP/1.1" 200 617
116.238.169.132 - - [10/Sep/2022:10:39:03 +0800] "GET /xingrg/javascript/easyui/themes/default/images/tree_folder_open.gif HTTP/1.1" 200 956
116.238.169.132 - - [10/Sep/2022:10:39:03 +0800] "GET /xingrg/javascript/easyui/themes/default/images/tree_folder.gif HTTP/1.1" 200 952
116.238.169.132 - - [10/Sep/2022:10:39:03 +0800] "GET /xingrg/javascript/easyui/themes/default/images/tree_file.gif HTTP/1.1" 200 118
180.162.112.166 - - [10/Sep/2022:10:39:04 +0800] "GET /xingrg/javascript/easyui/plugins/jquery.draggable.js HTTP/1.1" 304 -
58.37.4.205 - - [10/Sep/2022:10:39:04 +0800] "GET /xingrg/all/function/internal_message.html?_=1662777542338&CODE_STATE=getMsg HTTP/1.1" 200 27
180.162.112.166 - - [10/Sep/2022:10:39:04 +0800] "GET /xingrg/css/images/panel_loading.gif HTTP/1.1" 304 -
180.162.112.166 - - [10/Sep/2022:10:39:04 +0800] "GET /xingrg/javascript/easyui/plugins/jquery.droppable.js HTTP/1.1" 304 -
180.162.112.166 - - [10/Sep/2022:10:39:04 +0800] "GET /xingrg/javascript/easyui/themes/default/tree.css HTTP/1.1" 404 1090
180.162.112.166 - - [10/Sep/2022:10:39:04 +0800] "GET /xingrg/javascript/easyui/plugins/jquery.tree.js HTTP/1.1" 304 -
180.162.112.166 - - [10/Sep/2022:10:39:04 +0800] "POST /xingrg/all/common/load_tree.html?tree=supplier_tree_json&isDelete=1 HTTP/1.1" 200 68331
180.162.112.166 - - [10/Sep/2022:10:39:06 +0800] "GET /xingrg/javascript/easyui/themes/default/images/tree_arrows.gif HTTP/1.1" 304 -
180.162.112.166 - - [10/Sep/2022:10:39:06 +0800] "GET /xingrg/javascript/easyui/themes/default/images/tree_folder_open.gif HTTP/1.1" 304 -
180.162.112.166 - - [10/Sep/2022:10:39:06 +0800] "GET /xingrg/javascript/easyui/themes/default/images/tree_folder.gif HTTP/1.1" 304 -
180.162.112.166 - - [10/Sep/2022:10:39:06 +0800] "GET /xingrg/javascript/easyui/themes/default/images/tree_file.gif HTTP/1.1" 304 -
222.70.246.221 - - [10/Sep/2022:10:39:08 +0800] "POST /xingrg/kc/buy/cgsh_order_operate.html HTTP/1.1" 200 37
116.238.169.132 - - [10/Sep/2022:10:39:09 +0800] "GET /xingrg/all/function/internal_message.html?_=1662777553994&CODE_STATE=getMsg HTTP/1.1" 200 27
116.238.169.132 - - [10/Sep/2022:10:39:10 +0800] "GET /xingrg/all/function/internal_message.html?_=1662777546988&CODE_STATE=getMsg HTTP/1.1" 200 27
222.70.246.221 - - [10/Sep/2022:10:39:12 +0800] "POST /xingrg/kc/buy/cgsh_order_operate.html HTTP/1.1" 200 56461
222.70.246.221 - - [10/Sep/2022:10:39:15 +0800] "GET /xingrg/javascript/easyui/plugins/jquery.draggable.js HTTP/1.1" 200 6121
222.70.246.221 - - [10/Sep/2022:10:39:15 +0800] "GET /xingrg/javascript/easyui/plugins/jquery.droppable.js HTTP/1.1" 200 1167
222.70.246.221 - - [10/Sep/2022:10:39:15 +0800] "GET /xingrg/javascript/easyui/themes/default/tree.css HTTP/1.1" 404 1090
222.70.246.221 - - [10/Sep/2022:10:39:15 +0800] "GET /xingrg/javascript/easyui/plugins/jquery.tree.js HTTP/1.1" 200 20874
222.70.246.221 - - [10/Sep/2022:10:39:16 +0800] "POST /xingrg/all/common/load_tree.html?tree=supplier_tree_json&isDelete=1 HTTP/1.1" 200 68331
222.70.246.221 - - [10/Sep/2022:10:39:17 +0800] "GET /xingrg/javascript/easyui/themes/default/images/tree_arrows.gif HTTP/1.1" 200 617
222.70.246.221 - - [10/Sep/2022:10:39:17 +0800] "GET /xingrg/javascript/easyui/themes/default/images/tree_folder_open.gif HTTP/1.1" 200 956
222.70.246.221 - - [10/Sep/2022:10:39:17 +0800] "GET /xingrg/javascript/easyui/themes/default/images/tree_folder.gif HTTP/1.1" 200 952
222.70.246.221 - - [10/Sep/2022:10:39:17 +0800] "GET /xingrg/all/function/internal_message.html?_=1662777575169&CODE_STATE=getMsg HTTP/1.1" 200 27
222.70.246.221 - - [10/Sep/2022:10:39:17 +0800] "GET /xingrg/javascript/easyui/themes/default/images/tree_file.gif HTTP/1.1" 200 118
116.224.255.128 - - [10/Sep/2022:10:39:17 +0800] "GET /xingrg/check_reg.html?_=1662777496288 HTTP/1.1" 200 22
116.224.255.128 - - [10/Sep/2022:10:39:17 +0800] "GET /xingrg/all/function/internal_message.html?_=1662777496488&CODE_STATE=getMsg HTTP/1.1" 200 27
180.162.112.166 - - [10/Sep/2022:10:39:28 +0800] "GET /xingrg/javascript/auto/indicator.gif HTTP/1.1" 404 1066
116.232.194.65 - - [10/Sep/2022:10:39:29 +0800] "GET /xingrg/all/function/internal_message.html?_=1662777515319&CODE_STATE=getMsg HTTP/1.1" 200 27
114.83.219.57 - - [10/Sep/2022:10:39:31 +0800] "POST /xingrg/kc/buy/cgsh_order_operate.html HTTP/1.1" 200 37
116.238.169.132 - - [10/Sep/2022:10:39:32 +0800] "GET /xingrg/all/function/internal_message.html?_=1662777572827&CODE_STATE=getMsg HTTP/1.1" 200 27
180.162.112.166 - - [10/Sep/2022:10:39:33 +0800] "GET /xingrg/kc/buy/cgsh_order_operate.html?command=get_materiel&rest_code=00143&code=00102002149&supplier_code=00100207&order_time=2022-09-10 HTTP/1.1" 200 414
114.83.219.57 - - [10/Sep/2022:10:39:35 +0800] "POST /xingrg/kc/buy/cgsh_order_operate.html HTTP/1.1" 200 12
114.84.5.35 - - [10/Sep/2022:10:39:37 +0800] "GET /xingrg/all/function/internal_message.html?_=1662777569461&CODE_STATE=getMsg HTTP/1.1" 200 27
180.163.28.68 - - [10/Sep/2022:10:39:37 +0800] "GET /xingrg/kc/base/wldb_order_info.html?code=422022091000833 HTTP/1.1" 302 -
180.162.112.166 - - [10/Sep/2022:10:39:37 +0800] "GET /xingrg/all/function/internal_message.html?_=1662776708509&CODE_STATE=getMsg HTTP/1.1" 200 27
180.163.28.68 - - [10/Sep/2022:10:39:37 +0800] "GET /xingrg/login.html HTTP/1.1" 200 7641
116.225.121.189 - - [10/Sep/2022:10:39:38 +0800] "GET /xingrg/kc/buy/cgsh_order_operate.html?command=get_materiel&rest_code=00105&code=00101009124&supplier_code=00100024&order_time=2022-09-10 HTTP/1.1" 200 416
114.84.5.35 - - [10/Sep/2022:10:39:40 +0800] "GET /xingrg/kc/buy/cgsh_order_operate.html?command=get_materiel&rest_code=00111&code=00101008350&supplier_code=00100005&order_time=2022-09-10 HTTP/1.1" 200 408
116.225.121.189 - - [10/Sep/2022:10:39:41 +0800] "GET /xingrg/all/function/internal_message.html?_=1662777579822&CODE_STATE=getMsg HTTP/1.1" 200 27
116.225.121.189 - - [10/Sep/2022:10:39:41 +0800] "GET /xingrg/check_reg.html?_=1662777579825 HTTP/1.1" 200 22
124.79.74.72 - - [10/Sep/2022:10:39:48 +0800] "GET /xingrg/all/function/internal_message.html?_=1662777582751&CODE_STATE=getMsg HTTP/1.1" 200 27
116.225.121.189 - - [10/Sep/2022:10:39:48 +0800] "GET /xingrg/all/function/internal_message.html?_=1662777447429&CODE_STATE=getMsg HTTP/1.1" 200 27
101.83.241.167 - - [10/Sep/2022:10:39:48 +0800] "GET /xingrg/all/function/internal_message.html?_=1662777582103&CODE_STATE=getMsg HTTP/1.1" 200 27
114.84.5.35 - - [10/Sep/2022:10:39:49 +0800] "POST /xingrg/kc/buy/cgsh_order_operate.html HTTP/1.1" 200 2065
180.162.112.166 - - [10/Sep/2022:10:39:54 +0800] "GET /xingrg/kc/buy/cgsh_order_operate.html?command=get_materiel&rest_code=00143&code=00102002286&supplier_code=00100207&order_time=2022-09-10 HTTP/1.1" 200 412
180.163.28.143 - - [10/Sep/2022:10:39:54 +0800] "GET /xingrg/kc/base/wldb_order_info.html?code=422022091000834 HTTP/1.1" 302 -
180.163.28.143 - - [10/Sep/2022:10:39:54 +0800] "GET /xingrg/login.html HTTP/1.1" 200 7641
114.84.5.35 - - [10/Sep/2022:10:39:56 +0800] "GET /xingrg/kc/buy/cgsh_order_operate.html?command=get_materiel&rest_code=00111&code=00101008236&supplier_code=00100005&order_time=2022-09-10 HTTP/1.1" 200 416
116.238.169.132 - - [10/Sep/2022:10:39:57 +0800] "GET /xingrg/javascript/auto/indicator.gif HTTP/1.1" 404 1066
116.238.169.132 - - [10/Sep/2022:10:40:02 +0800] "GET /xingrg/kc/buy/cgsh_order_operate.html?command=get_materiel&rest_code=00102&code=00101002027&supplier_code=00100400&order_time=2022-09-10 HTTP/1.1" 200 432
58.37.4.205 - - [10/Sep/2022:10:40:04 +0800] "GET /xingrg/all/function/internal_message.html?_=1662777602325&CODE_STATE=getMsg HTTP/1.1" 200 27
222.70.246.221 - - [10/Sep/2022:10:40:07 +0800] "GET /xingrg/check_reg.html?_=1662777625603 HTTP/1.1" 200 22
116.238.169.132 - - [10/Sep/2022:10:40:09 +0800] "GET /xingrg/all/function/internal_message.html?_=1662777613993&CODE_STATE=getMsg HTTP/1.1" 200 27
180.162.112.166 - - [10/Sep/2022:10:40:09 +0800] "GET /xingrg/kc/buy/cgsh_order_operate.html?command=get_materiel&rest_code=00143&code=00102002118&supplier_code=00100207&order_time=2022-09-10 HTTP/1.1" 200 466
180.163.29.212 - - [10/Sep/2022:10:40:09 +0800] "GET /xingrg/kc/buy/cgsh_order_operate.html?command=get_materiel&rest_code=00106&code=00101006161&supplier_code=00100032&order_time=2022-09-10 HTTP/1.1" 302 -
180.163.29.212 - - [10/Sep/2022:10:40:09 +0800] "GET /xingrg/login.html HTTP/1.1" 200 7641
58.37.4.205 - - [10/Sep/2022:10:40:10 +0800] "GET /xingrg/kc/base/wldb_order_add.html HTTP/1.1" 200 30398
116.238.169.132 - - [10/Sep/2022:10:40:10 +0800] "GET /xingrg/all/function/internal_message.html?_=1662777607000&CODE_STATE=getMsg HTTP/1.1" 200 27
114.84.5.35 - - [10/Sep/2022:10:40:10 +0800] "GET /xingrg/kc/buy/cgsh_order_operate.html?command=get_materiel&rest_code=00111&code=00101008150&supplier_code=00100005&order_time=2022-09-10 HTTP/1.1" 200 409
58.37.4.205 - - [10/Sep/2022:10:40:11 +0800] "GET /xingrg/javascript/easyui/themes/default/validatebox.css HTTP/1.1" 404 1104
58.37.4.205 - - [10/Sep/2022:10:40:11 +0800] "POST /xingrg/kc/base/wldb_order_operate.html HTTP/1.1" 200 6806
58.37.4.205 - - [10/Sep/2022:10:40:11 +0800] "POST /xingrg/all/common/load_combo.html?type=base HTTP/1.1" 200 3227
180.162.112.166 - - [10/Sep/2022:10:40:12 +0800] "POST /xingrg/all/common/load_select.html HTTP/1.1" 200 38
116.238.169.132 - - [10/Sep/2022:10:40:13 +0800] "GET /xingrg/kc/buy/cgsh_order_operate.html?command=get_materiel&rest_code=00102&code=00101005037&supplier_code=00100400&order_time=2022-09-10 HTTP/1.1" 200 409
222.70.246.221 - - [10/Sep/2022:10:40:15 +0800] "GET /xingrg/kc/buy/cgsh_order_add.html HTTP/1.1" 200 68586
114.83.219.57 - - [10/Sep/2022:10:40:15 +0800] "GET /xingrg/kc/buy/cgsh_order_info.html?code=212022091003533 HTTP/1.1" 200 62734
114.83.219.57 - - [10/Sep/2022:10:40:15 +0800] "GET /xingrg/javascript/easyui/themes/default/validatebox.css HTTP/1.1" 404 1104
222.70.246.221 - - [10/Sep/2022:10:40:16 +0800] "POST /xingrg/kc/buy/cgsh_order_operate.html HTTP/1.1" 200 8245
222.70.246.221 - - [10/Sep/2022:10:40:16 +0800] "GET /xingrg/javascript/easyui/themes/default/validatebox.css HTTP/1.1" 404 1104
114.83.219.57 - - [10/Sep/2022:10:40:16 +0800] "POST /xingrg/kc/buy/cgsh_order_operate.html HTTP/1.1" 200 600
180.162.112.166 - - [10/Sep/2022:10:40:16 +0800] "GET /xingrg/kc/buy/cgsh_order_operate.html?command=get_materiel_price&rest_code=00143&code=00102002118&unit_code=00100339&supplier_code=00100207&order_time=2022-09-10 HTTP/1.1" 200 28
222.70.246.221 - - [10/Sep/2022:10:40:17 +0800] "GET /xingrg/all/function/internal_message.html?_=1662777635188&CODE_STATE=getMsg HTTP/1.1" 200 27
114.83.219.57 - - [10/Sep/2022:10:40:17 +0800] "GET /xingrg/kc/print/load_data.html?order_code=212022091003533&kc_code=cgsh&condition= HTTP/1.1" 200 715
116.224.255.128 - - [10/Sep/2022:10:40:17 +0800] "GET /xingrg/all/function/internal_message.html?_=1662777556500&CODE_STATE=getMsg HTTP/1.1" 200 27
222.70.246.221 - - [10/Sep/2022:10:40:18 +0800] "GET /xingrg/javascript/easyui/themes/default/tree.css HTTP/1.1" 404 1090
222.70.246.221 - - [10/Sep/2022:10:40:19 +0800] "POST /xingrg/all/common/load_tree.html?tree=supplier_tree_json&isDelete=1 HTTP/1.1" 200 68331
114.84.5.35 - - [10/Sep/2022:10:40:28 +0800] "GET /xingrg/kc/buy/cgsh_order_operate.html?command=get_materiel&rest_code=00111&code=00101008558&supplier_code=00100005&order_time=2022-09-10 HTTP/1.1" 200 409
116.232.194.65 - - [10/Sep/2022:10:40:29 +0800] "GET /xingrg/all/function/internal_message.html?_=1662777575317&CODE_STATE=getMsg HTTP/1.1" 200 27
116.238.169.132 - - [10/Sep/2022:10:40:32 +0800] "GET /xingrg/all/function/internal_message.html?_=1662777632825&CODE_STATE=getMsg HTTP/1.1" 200 27
114.84.5.35 - - [10/Sep/2022:10:40:37 +0800] "GET /xingrg/all/function/internal_message.html?_=1662777629447&CODE_STATE=getMsg HTTP/1.1" 200 27
180.162.112.166 - - [10/Sep/2022:10:40:37 +0800] "GET /xingrg/all/function/internal_message.html?_=1662776768539&CODE_STATE=getMsg HTTP/1.1" 200 27
116.225.121.189 - - [10/Sep/2022:10:40:41 +0800] "GET /xingrg/all/function/internal_message.html?_=1662777639827&CODE_STATE=getMsg HTTP/1.1" 200 27
114.84.5.35 - - [10/Sep/2022:10:40:42 +0800] "GET /xingrg/kc/buy/cgsh_order_operate.html?command=get_materiel&rest_code=00111&code=00101008223&supplier_code=00100005&order_time=2022-09-10 HTTP/1.1" 200 412
222.70.246.221 - - [10/Sep/2022:10:40:43 +0800] "GET /xingrg/kc/buy/cgsh_order_operate.html?command=get_materiel&rest_code=00146&code=00101009062&supplier_code=00100023&order_time=2022-09-10 HTTP/1.1" 200 412
180.162.112.166 - - [10/Sep/2022:10:40:44 +0800] "GET /xingrg/kc/buy/cgsh_order_operate.html?command=get_materiel&rest_code=00143&code=00102002455&supplier_code=00100207&order_time=2022-09-10 HTTP/1.1" 200 439
116.238.169.132 - - [10/Sep/2022:10:40:45 +0800] "GET /xingrg/kc/buy/cgsh_order_operate.html?command=get_materiel&rest_code=00102&code=00101001069&supplier_code=00100400&order_time=2022-09-10 HTTP/1.1" 200 409
124.79.74.72 - - [10/Sep/2022:10:40:48 +0800] "GET /xingrg/all/function/internal_message.html?_=1662777642722&CODE_STATE=getMsg HTTP/1.1" 200 27
116.225.121.189 - - [10/Sep/2022:10:40:48 +0800] "GET /xingrg/all/function/internal_message.html?_=1662777507442&CODE_STATE=getMsg HTTP/1.1" 200 27
101.83.241.167 - - [10/Sep/2022:10:40:48 +0800] "GET /xingrg/all/function/internal_message.html?_=1662777642085&CODE_STATE=getMsg HTTP/1.1" 200 27
58.37.4.205 - - [10/Sep/2022:10:40:54 +0800] "GET /xingrg/check_reg.html?_=1662777652881 HTTP/1.1" 200 22
180.163.28.55 - - [10/Sep/2022:10:40:55 +0800] "GET /xingrg/kc/mdqp/qqps_order_info.html?code=302022091000191 HTTP/1.1" 302 -
180.163.28.55 - - [10/Sep/2022:10:40:55 +0800] "GET /xingrg/login.html HTTP/1.1" 200 7641
58.37.4.205 - - [10/Sep/2022:10:40:56 +0800] "GET /xingrg/kc/base/wldb_order_operate.html?command=get_materiel&rest_code=00106&base_code=&code=00101006304 HTTP/1.1" 200 435
114.83.219.57 - - [10/Sep/2022:10:40:59 +0800] "GET /xingrg/all/function/internal_message.html?_=1662777737481&CODE_STATE=getMsg HTTP/1.1" 200 27
114.83.219.57 - - [10/Sep/2022:10:40:59 +0800] "GET /xingrg/check_reg.html?_=1662777737485 HTTP/1.1" 200 22
116.238.169.132 - - [10/Sep/2022:10:41:01 +0800] "GET /xingrg/kc/buy/cgsh_order_operate.html?command=get_materiel&rest_code=00102&code=00101010161&supplier_code=00100400&order_time=2022-09-10 HTTP/1.1" 200 409
116.225.121.189 - - [10/Sep/2022:10:41:01 +0800] "GET /xingrg/kc/buy/cgsh_order_operate.html?command=get_materiel&rest_code=00105&code=00101009053&supplier_code=00100024&order_time=2022-09-10 HTTP/1.1" 200 410
58.37.4.205 - - [10/Sep/2022:10:41:04 +0800] "GET /xingrg/all/function/internal_message.html?_=1662777662330&CODE_STATE=getMsg HTTP/1.1" 200 27
114.84.5.35 - - [10/Sep/2022:10:41:04 +0800] "POST /xingrg/kc/buy/cgsh_order_operate.html HTTP/1.1" 200 2065
222.70.246.221 - - [10/Sep/2022:10:41:05 +0800] "GET /xingrg/kc/buy/cgsh_order_operate.html?command=get_materiel&rest_code=00146&code=00101009039&supplier_code=00100023&order_time=2022-09-10 HTTP/1.1" 200 408
116.238.169.132 - - [10/Sep/2022:10:41:09 +0800] "GET /xingrg/all/function/internal_message.html?_=1662777673991&CODE_STATE=getMsg HTTP/1.1" 200 27
116.238.169.132 - - [10/Sep/2022:10:41:09 +0800] "POST /xingrg/services/DataTransmitService HTTP/1.1" 200 524
116.238.169.132 - - [10/Sep/2022:10:41:10 +0800] "GET /xingrg/check_reg.html?_=1662777667003 HTTP/1.1" 200 22
116.238.169.132 - - [10/Sep/2022:10:41:10 +0800] "GET /xingrg/all/function/internal_message.html?_=1662777667007&CODE_STATE=getMsg HTTP/1.1" 200 27
116.238.169.132 - - [10/Sep/2022:10:41:10 +0800] "POST /xingrg/services/DataTransmitService HTTP/1.1" 200 412
114.88.158.224 - - [10/Sep/2022:10:41:13 +0800] "GET /xingrg/check_reg.html?_=1662777324497 HTTP/1.1" 302 -
58.37.4.205 - - [10/Sep/2022:10:41:15 +0800] "POST /xingrg/services/DataTransmitService HTTP/1.1" 200 524
58.37.4.205 - - [10/Sep/2022:10:41:15 +0800] "POST /xingrg/services/DataTransmitService HTTP/1.1" 200 501
222.70.246.221 - - [10/Sep/2022:10:41:17 +0800] "GET /xingrg/all/function/internal_message.html?_=1662777695203&CODE_STATE=getMsg HTTP/1.1" 200 27
116.224.255.128 - - [10/Sep/2022:10:41:17 +0800] "GET /xingrg/all/function/internal_message.html?_=1662777616514&CODE_STATE=getMsg HTTP/1.1" 200 27
180.162.112.166 - - [10/Sep/2022:10:41:20 +0800] "GET /xingrg/kc/buy/cgsh_order_operate.html?command=get_materiel&rest_code=00143&code=00102002117&supplier_code=00100207&order_time=2022-09-10 HTTP/1.1" 200 432
58.37.4.205 - - [10/Sep/2022:10:41:22 +0800] "POST /xingrg/kc/base/wldb_list_operate.html HTTP/1.1" 200 2180
222.70.246.221 - - [10/Sep/2022:10:41:22 +0800] "GET /xingrg/kc/buy/cgsh_order_operate.html?command=get_materiel&rest_code=00146&code=00101009124&supplier_code=00100023&order_time=2022-09-10 HTTP/1.1" 200 418
116.238.169.132 - - [10/Sep/2022:10:41:26 +0800] "GET /xingrg/kc/buy/cgsh_order_operate.html?command=get_materiel&rest_code=00102&code=00101012001&supplier_code=00100400&order_time=2022-09-10 HTTP/1.1" 200 408
116.232.194.65 - - [10/Sep/2022:10:41:29 +0800] "GET /xingrg/all/function/internal_message.html?_=1662777635319&CODE_STATE=getMsg HTTP/1.1" 200 27
116.238.169.132 - - [10/Sep/2022:10:41:32 +0800] "GET /xingrg/all/function/internal_message.html?_=1662777692823&CODE_STATE=getMsg HTTP/1.1" 200 27
58.37.4.205 - - [10/Sep/2022:10:41:33 +0800] "POST /xingrg/kc/base/wldb_list_operate.html HTTP/1.1" 200 645
114.84.5.35 - - [10/Sep/2022:10:41:33 +0800] "GET /xingrg/kc/buy/cgsh_order_operate.html?command=get_materiel&rest_code=00111&code=00101008114&supplier_code=00100005&order_time=2022-09-10 HTTP/1.1" 200 412
114.84.5.35 - - [10/Sep/2022:10:41:37 +0800] "GET /xingrg/all/function/internal_message.html?_=1662777689453&CODE_STATE=getMsg HTTP/1.1" 200 27
116.238.169.132 - - [10/Sep/2022:10:41:37 +0800] "GET /xingrg/kc/buy/cgsh_order_operate.html?command=get_materiel&rest_code=00102&code=00101001009&supplier_code=00100400&order_time=2022-09-10 HTTP/1.1" 200 411
180.162.112.166 - - [10/Sep/2022:10:41:37 +0800] "GET /xingrg/all/function/internal_message.html?_=1662776828508&CODE_STATE=getMsg HTTP/1.1" 200 27
58.37.4.205 - - [10/Sep/2022:10:41:38 +0800] "GET /xingrg/kc/base/wldb_order_add.html HTTP/1.1" 200 30398
58.37.4.205 - - [10/Sep/2022:10:41:39 +0800] "POST /xingrg/kc/base/wldb_order_operate.html HTTP/1.1" 200 6806
58.37.4.205 - - [10/Sep/2022:10:41:39 +0800] "GET /xingrg/javascript/easyui/themes/default/validatebox.css HTTP/1.1" 404 1104
58.37.4.205 - - [10/Sep/2022:10:41:40 +0800] "POST /xingrg/all/common/load_combo.html?type=base HTTP/1.1" 200 3227
116.225.121.189 - - [10/Sep/2022:10:41:41 +0800] "GET /xingrg/all/function/internal_message.html?_=1662777699825&CODE_STATE=getMsg HTTP/1.1" 200 27
58.37.4.205 - - [10/Sep/2022:10:41:43 +0800] "POST /xingrg/all/common/load_combo.html?type=base HTTP/1.1" 200 3227
180.162.112.166 - - [10/Sep/2022:10:41:44 +0800] "POST /xingrg/kc/buy/cgsh_order_operate.html HTTP/1.1" 200 37
180.162.112.166 - - [10/Sep/2022:10:41:45 +0800] "POST /xingrg/kc/buy/cgsh_order_operate.html HTTP/1.1" 200 5071
124.79.74.72 - - [10/Sep/2022:10:41:47 +0800] "GET /xingrg/all/function/internal_message.html?_=1662777702693&CODE_STATE=getMsg HTTP/1.1" 200 27
116.225.121.189 - - [10/Sep/2022:10:41:48 +0800] "GET /xingrg/all/function/internal_message.html?_=1662777567420&CODE_STATE=getMsg HTTP/1.1" 200 27
116.225.121.189 - - [10/Sep/2022:10:41:48 +0800] "GET /xingrg/check_reg.html?_=1662777567423 HTTP/1.1" 200 22
101.83.241.167 - - [10/Sep/2022:10:41:48 +0800] "GET /xingrg/all/function/internal_message.html?_=1662777702072&CODE_STATE=getMsg HTTP/1.1" 200 27
58.37.4.205 - - [10/Sep/2022:10:41:50 +0800] "GET /xingrg/kc/base/wldb_order_operate.html?command=get_materiel&rest_code=00106&base_code=0010396&code=00101019430 HTTP/1.1" 200 478
114.84.5.35 - - [10/Sep/2022:10:41:51 +0800] "GET /xingrg/kc/buy/cgsh_order_operate.html?command=get_materiel&rest_code=00111&code=00101008061&supplier_code=00100005&order_time=2022-09-10 HTTP/1.1" 200 422
180.162.112.166 - - [10/Sep/2022:10:41:53 +0800] "POST /xingrg/kc/buy/cgsh_order_operate.html HTTP/1.1" 200 37
114.83.219.57 - - [10/Sep/2022:10:41:54 +0800] "GET /xingrg/kc/buy/cgsh_order_add.html HTTP/1.1" 200 67828
114.83.219.57 - - [10/Sep/2022:10:41:54 +0800] "GET /xingrg/words/20220909160839_words.js HTTP/1.1" 304 -
114.83.219.57 - - [10/Sep/2022:10:41:54 +0800] "POST /xingrg/kc/buy/cgsh_order_operate.html HTTP/1.1" 200 8245
114.83.219.57 - - [10/Sep/2022:10:41:54 +0800] "GET /xingrg/javascript/easyui/themes/default/validatebox.css HTTP/1.1" 404 1104
116.238.169.132 - - [10/Sep/2022:10:41:56 +0800] "POST /xingrg/kc/buy/cgsh_order_operate.html HTTP/1.1" 200 37
180.162.112.166 - - [10/Sep/2022:10:41:58 +0800] "POST /xingrg/kc/buy/cgsh_order_operate.html HTTP/1.1" 200 12
114.83.219.57 - - [10/Sep/2022:10:41:59 +0800] "GET /xingrg/all/function/internal_message.html?_=1662777797450&CODE_STATE=getMsg HTTP/1.1" 200 27
116.238.169.132 - - [10/Sep/2022:10:42:00 +0800] "POST /xingrg/kc/buy/cgsh_order_operate.html HTTP/1.1" 200 12
180.162.112.166 - - [10/Sep/2022:10:42:01 +0800] "GET /xingrg/kc/buy/cgsh_order_info.html?code=212022091003534 HTTP/1.1" 200 62608
180.162.112.166 - - [10/Sep/2022:10:42:01 +0800] "GET /xingrg/javascript/easyui/themes/default/validatebox.css HTTP/1.1" 404 1104
180.162.112.166 - - [10/Sep/2022:10:42:02 +0800] "POST /xingrg/kc/buy/cgsh_order_operate.html HTTP/1.1" 200 3020
58.37.4.205 - - [10/Sep/2022:10:42:02 +0800] "POST /xingrg/kc/base/wldb_order_operate.html HTTP/1.1" 200 37
116.238.169.132 - - [10/Sep/2022:10:42:02 +0800] "GET /xingrg/kc/buy/cgsh_order_info.html?code=212022091003535 HTTP/1.1" 200 63558
116.238.169.132 - - [10/Sep/2022:10:42:02 +0800] "GET /xingrg/javascript/easyui/themes/default/validatebox.css HTTP/1.1" 404 1104
58.37.4.205 - - [10/Sep/2022:10:42:02 +0800] "POST /xingrg/kc/base/wldb_order_operate.html HTTP/1.1" 200 2221
58.37.4.205 - - [10/Sep/2022:10:42:03 +0800] "GET /xingrg/kc/base/wldb_order_info.html?code=422022091000835 HTTP/1.1" 200 30412
116.238.169.132 - - [10/Sep/2022:10:42:03 +0800] "POST /xingrg/kc/buy/cgsh_order_operate.html HTTP/1.1" 200 3564
58.37.4.205 - - [10/Sep/2022:10:42:03 +0800] "GET /xingrg/javascript/easyui/themes/default/validatebox.css HTTP/1.1" 404 1104
58.37.4.205 - - [10/Sep/2022:10:42:04 +0800] "POST /xingrg/kc/base/wldb_order_operate.html HTTP/1.1" 200 2221
58.37.4.205 - - [10/Sep/2022:10:42:04 +0800] "GET /xingrg/all/function/internal_message.html?_=1662777722296&CODE_STATE=getMsg HTTP/1.1" 200 27
114.84.5.35 - - [10/Sep/2022:10:42:04 +0800] "GET /xingrg/kc/buy/cgsh_order_operate.html?command=get_materiel&rest_code=00111&code=00101008095&supplier_code=00100005&order_time=2022-09-10 HTTP/1.1" 200 412
180.162.112.166 - - [10/Sep/2022:10:42:04 +0800] "GET /xingrg/kc/print/load_config.html?kc_code=cgsh HTTP/1.1" 200 1943
180.162.112.166 - - [10/Sep/2022:10:42:05 +0800] "GET /xingrg/kc/print/load_data.html?order_code=212022091003534&kc_code=cgsh&condition= HTTP/1.1" 200 1667
116.238.169.132 - - [10/Sep/2022:10:42:05 +0800] "GET /xingrg/kc/print/load_data.html?order_code=212022091003535&kc_code=cgsh&condition= HTTP/1.1" 200 1805
116.238.169.132 - - [10/Sep/2022:10:42:09 +0800] "GET /xingrg/all/function/internal_message.html?_=1662777733995&CODE_STATE=getMsg HTTP/1.1" 200 27
116.238.169.132 - - [10/Sep/2022:10:42:09 +0800] "GET /xingrg/check_reg.html?_=1662777733995 HTTP/1.1" 200 22
114.84.5.35 - - [10/Sep/2022:10:42:10 +0800] "POST /xingrg/kc/buy/cgsh_order_operate.html HTTP/1.1" 200 2065
116.238.169.132 - - [10/Sep/2022:10:42:10 +0800] "GET /xingrg/all/function/internal_message.html?_=1662777726976&CODE_STATE=getMsg HTTP/1.1" 200 27
116.238.169.132 - - [10/Sep/2022:10:42:11 +0800] "GET /xingrg/kc/buy/cgsh_order_add.html HTTP/1.1" 200 68659
116.238.169.132 - - [10/Sep/2022:10:42:12 +0800] "POST /xingrg/kc/buy/cgsh_order_operate.html HTTP/1.1" 200 8245
116.238.169.132 - - [10/Sep/2022:10:42:12 +0800] "GET /xingrg/javascript/easyui/themes/default/validatebox.css HTTP/1.1" 404 1104
116.238.169.132 - - [10/Sep/2022:10:42:13 +0800] "GET /xingrg/javascript/easyui/themes/default/tree.css HTTP/1.1" 404 1090
116.238.169.132 - - [10/Sep/2022:10:42:13 +0800] "POST /xingrg/all/common/load_tree.html?tree=supplier_tree_json&isDelete=1 HTTP/1.1" 200 68331
114.83.219.57 - - [10/Sep/2022:10:42:16 +0800] "POST /xingrg/kc/buy/cgsh_order_operate.html HTTP/1.1" 200 37
222.70.246.221 - - [10/Sep/2022:10:42:17 +0800] "GET /xingrg/all/function/internal_message.html?_=1662777755216&CODE_STATE=getMsg HTTP/1.1" 200 27
58.37.4.205 - - [10/Sep/2022:10:42:17 +0800] "GET /xingrg/kc/base/wldb_order_operate.html?command=get_materiel&rest_code=00106&base_code=0010396&code=00101019206 HTTP/1.1" 200 471
116.224.255.128 - - [10/Sep/2022:10:42:17 +0800] "GET /xingrg/all/function/internal_message.html?_=1662777676555&CODE_STATE=getMsg HTTP/1.1" 200 27
114.84.81.136 - - [10/Sep/2022:10:42:18 +0800] "GET /xingrg/check_reg.html?_=1662777732108 HTTP/1.1" 200 22
180.163.29.212 - - [10/Sep/2022:10:42:23 +0800] "GET /xingrg/kc/base/wldb_order_operate.html?command=get_materiel&rest_code=00106&base_code=0010396&code=00101016065 HTTP/1.1" 302 -
180.163.29.212 - - [10/Sep/2022:10:42:23 +0800] "GET /xingrg/login.html HTTP/1.1" 200 7641
114.83.219.57 - - [10/Sep/2022:10:42:24 +0800] "POST /xingrg/kc/buy/cgsh_order_operate.html HTTP/1.1" 200 12
180.163.30.85 - - [10/Sep/2022:10:42:25 +0800] "GET /xingrg/all/function/internal_message.html?_=1662777602325&CODE_STATE=getMsg HTTP/1.1" 302 -
180.163.30.85 - - [10/Sep/2022:10:42:25 +0800] "GET /xingrg/login.html HTTP/1.1" 200 7641
222.70.246.221 - - [10/Sep/2022:10:42:25 +0800] "GET /xingrg/kc/buy/cgsh_order_operate.html?command=get_materiel&rest_code=00146&code=00101008418&supplier_code=00100023&order_time=2022-09-10 HTTP/1.1" 200 412
114.83.219.57 - - [10/Sep/2022:10:42:25 +0800] "GET /xingrg/kc/buy/cgsh_order_info.html?code=212022091003536 HTTP/1.1" 200 62734
114.83.219.57 - - [10/Sep/2022:10:42:25 +0800] "GET /xingrg/javascript/easyui/themes/default/validatebox.css HTTP/1.1" 404 1104
58.37.4.205 - - [10/Sep/2022:10:42:26 +0800] "POST /xingrg/kc/base/wldb_order_operate.html HTTP/1.1" 200 37
114.83.219.57 - - [10/Sep/2022:10:42:26 +0800] "POST /xingrg/kc/buy/cgsh_order_operate.html HTTP/1.1" 200 600
58.37.4.205 - - [10/Sep/2022:10:42:27 +0800] "POST /xingrg/kc/base/wldb_order_operate.html HTTP/1.1" 200 2221
58.37.4.205 - - [10/Sep/2022:10:42:27 +0800] "GET /xingrg/kc/base/wldb_order_info.html?code=422022091000835 HTTP/1.1" 200 30412
58.37.4.205 - - [10/Sep/2022:10:42:27 +0800] "GET /xingrg/javascript/easyui/themes/default/validatebox.css HTTP/1.1" 404 1104
58.37.4.205 - - [10/Sep/2022:10:42:28 +0800] "POST /xingrg/kc/base/wldb_order_operate.html HTTP/1.1" 200 2221
114.83.219.57 - - [10/Sep/2022:10:42:28 +0800] "GET /xingrg/kc/print/load_data.html?order_code=212022091003536&kc_code=cgsh&condition= HTTP/1.1" 200 715
116.232.194.65 - - [10/Sep/2022:10:42:29 +0800] "GET /xingrg/all/function/internal_message.html?_=1662777695318&CODE_STATE=getMsg HTTP/1.1" 200 27
116.238.169.132 - - [10/Sep/2022:10:42:32 +0800] "GET /xingrg/all/function/internal_message.html?_=1662777752820&CODE_STATE=getMsg HTTP/1.1" 200 27
114.84.5.35 - - [10/Sep/2022:10:42:37 +0800] "GET /xingrg/all/function/internal_message.html?_=1662777749447&CODE_STATE=getMsg HTTP/1.1" 200 27
180.162.112.166 - - [10/Sep/2022:10:42:37 +0800] "GET /xingrg/all/function/internal_message.html?_=1662776888526&CODE_STATE=getMsg HTTP/1.1" 200 27
180.163.30.27 - - [10/Sep/2022:10:42:38 +0800] "GET /xingrg/all/function/internal_message.html?_=1662775199363&CODE_STATE=getMsg HTTP/1.1" 302 -
180.163.30.27 - - [10/Sep/2022:10:42:38 +0800] "GET /xingrg/login.html HTTP/1.1" 200 7641
116.225.121.189 - - [10/Sep/2022:10:42:41 +0800] "GET /xingrg/all/function/internal_message.html?_=1662777759825&CODE_STATE=getMsg HTTP/1.1" 200 27
58.37.4.205 - - [10/Sep/2022:10:42:42 +0800] "GET /xingrg/kc/base/wldb_order_add.html HTTP/1.1" 200 30398
58.37.4.205 - - [10/Sep/2022:10:42:42 +0800] "POST /xingrg/kc/base/wldb_order_operate.html HTTP/1.1" 200 6806
58.37.4.205 - - [10/Sep/2022:10:42:42 +0800] "GET /xingrg/javascript/easyui/themes/default/validatebox.css HTTP/1.1" 404 1104
58.37.4.205 - - [10/Sep/2022:10:42:45 +0800] "POST /xingrg/all/common/load_combo.html?type=base HTTP/1.1" 200 3227
58.37.4.205 - - [10/Sep/2022:10:42:47 +0800] "POST /xingrg/all/common/load_combo.html?type=base HTTP/1.1" 200 3227
124.79.74.72 - - [10/Sep/2022:10:42:47 +0800] "GET /xingrg/all/function/internal_message.html?_=1662777762664&CODE_STATE=getMsg HTTP/1.1" 200 27
116.225.121.189 - - [10/Sep/2022:10:42:48 +0800] "GET /xingrg/all/function/internal_message.html?_=1662777627441&CODE_STATE=getMsg HTTP/1.1" 200 27
101.83.241.167 - - [10/Sep/2022:10:42:48 +0800] "GET /xingrg/all/function/internal_message.html?_=1662777762046&CODE_STATE=getMsg HTTP/1.1" 200 27
58.37.4.205 - - [10/Sep/2022:10:42:51 +0800] "GET /xingrg/kc/base/wldb_order_operate.html?command=get_materiel&rest_code=00106&base_code=0010397&code=00102002453 HTTP/1.1" 200 433
58.37.4.205 - - [10/Sep/2022:10:42:56 +0800] "POST /xingrg/kc/base/wldb_order_operate.html HTTP/1.1" 200 37
58.37.4.205 - - [10/Sep/2022:10:42:56 +0800] "POST /xingrg/kc/base/wldb_order_operate.html HTTP/1.1" 200 2184
58.37.4.205 - - [10/Sep/2022:10:42:57 +0800] "GET /xingrg/kc/base/wldb_order_info.html?code=422022091000836 HTTP/1.1" 200 30410
58.37.4.205 - - [10/Sep/2022:10:42:57 +0800] "GET /xingrg/javascript/easyui/themes/default/validatebox.css HTTP/1.1" 404 1104
58.37.4.205 - - [10/Sep/2022:10:42:58 +0800] "POST /xingrg/kc/base/wldb_order_operate.html HTTP/1.1" 200 2184
114.83.219.57 - - [10/Sep/2022:10:42:59 +0800] "GET /xingrg/all/function/internal_message.html?_=1662777857439&CODE_STATE=getMsg HTTP/1.1" 200 27
58.37.4.205 - - [10/Sep/2022:10:43:04 +0800] "GET /xingrg/all/function/internal_message.html?_=1662777782265&CODE_STATE=getMsg HTTP/1.1" 200 27
222.70.246.221 - - [10/Sep/2022:10:43:06 +0800] "GET /xingrg/kc/buy/cgsh_order_operate.html?command=get_materiel&rest_code=00146&code=00101009016&supplier_code=00100023&order_time=2022-09-10 HTTP/1.1" 200 412
58.37.4.205 - - [10/Sep/2022:10:43:06 +0800] "GET /xingrg/kc/base/wldb_order_add.html HTTP/1.1" 200 30398
58.37.4.205 - - [10/Sep/2022:10:43:06 +0800] "GET /xingrg/javascript/easyui/themes/default/validatebox.css HTTP/1.1" 404 1104
58.37.4.205 - - [10/Sep/2022:10:43:06 +0800] "POST /xingrg/kc/base/wldb_order_operate.html HTTP/1.1" 200 6806
58.37.4.205 - - [10/Sep/2022:10:43:07 +0800] "POST /xingrg/all/common/load_combo.html?type=base HTTP/1.1" 200 3227
116.238.169.132 - - [10/Sep/2022:10:43:09 +0800] "GET /xingrg/all/function/internal_message.html?_=1662777793995&CODE_STATE=getMsg HTTP/1.1" 200 27
116.238.169.132 - - [10/Sep/2022:10:43:10 +0800] "GET /xingrg/all/function/internal_message.html?_=1662777786991&CODE_STATE=getMsg HTTP/1.1" 200 27
58.37.4.205 - - [10/Sep/2022:10:43:10 +0800] "POST /xingrg/all/common/load_combo.html?type=base HTTP/1.1" 200 3227
222.70.246.221 - - [10/Sep/2022:10:43:17 +0800] "GET /xingrg/all/function/internal_message.html?_=1662777815230&CODE_STATE=getMsg HTTP/1.1" 200 27
116.224.255.128 - - [10/Sep/2022:10:43:17 +0800] "GET /xingrg/all/function/internal_message.html?_=1662777736557&CODE_STATE=getMsg HTTP/1.1" 200 27
58.37.4.205 - - [10/Sep/2022:10:43:20 +0800] "GET /xingrg/kc/base/wldb_order_operate.html?command=get_materiel&rest_code=00106&base_code=0010397&code=00102002448 HTTP/1.1" 200 440
114.83.219.57 - - [10/Sep/2022:10:43:23 +0800] "GET /xingrg/kc/buy/cgsh_order_add.html HTTP/1.1" 200 67828
114.83.219.57 - - [10/Sep/2022:10:43:23 +0800] "POST /xingrg/kc/buy/cgsh_order_operate.html HTTP/1.1" 200 8245
114.83.219.57 - - [10/Sep/2022:10:43:24 +0800] "GET /xingrg/javascript/easyui/themes/default/validatebox.css HTTP/1.1" 404 1104
58.37.4.205 - - [10/Sep/2022:10:43:24 +0800] "GET /xingrg/kc/base/wldb_order_operate.html?command=get_materiel&rest_code=00106&base_code=0010397&code=00102002315 HTTP/1.1" 200 461
116.232.194.65 - - [10/Sep/2022:10:43:29 +0800] "GET /xingrg/check_reg.html?_=1662777755317 HTTP/1.1" 200 22
116.232.194.65 - - [10/Sep/2022:10:43:29 +0800] "GET /xingrg/all/function/internal_message.html?_=1662777755319&CODE_STATE=getMsg HTTP/1.1" 200 27
58.37.4.205 - - [10/Sep/2022:10:43:30 +0800] "GET /xingrg/kc/base/wldb_order_operate.html?command=get_materiel&rest_code=00106&base_code=0010397&code=00102002347 HTTP/1.1" 200 457
124.79.74.72 - - [10/Sep/2022:10:43:30 +0800] "GET /xingrg/check_reg.html?_=1662777805151 HTTP/1.1" 200 22
116.238.169.132 - - [10/Sep/2022:10:43:32 +0800] "GET /xingrg/all/function/internal_message.html?_=1662777812818&CODE_STATE=getMsg HTTP/1.1" 200 27
116.238.169.132 - - [10/Sep/2022:10:43:32 +0800] "GET /xingrg/check_reg.html?_=1662777812822 HTTP/1.1" 200 22
58.37.4.205 - - [10/Sep/2022:10:43:35 +0800] "POST /xingrg/kc/base/wldb_order_operate.html HTTP/1.1" 200 37
101.83.241.167 - - [10/Sep/2022:10:43:35 +0800] "GET /xingrg/check_reg.html?_=1662777809111 HTTP/1.1" 200 22
58.37.4.205 - - [10/Sep/2022:10:43:36 +0800] "POST /xingrg/kc/base/wldb_order_operate.html HTTP/1.1" 200 3188
58.37.4.205 - - [10/Sep/2022:10:43:36 +0800] "GET /xingrg/kc/base/wldb_order_info.html?code=422022091000837 HTTP/1.1" 200 30413
58.37.4.205 - - [10/Sep/2022:10:43:36 +0800] "GET /xingrg/javascript/easyui/themes/default/validatebox.css HTTP/1.1" 404 1104
114.84.5.35 - - [10/Sep/2022:10:43:37 +0800] "GET /xingrg/check_reg.html?_=1662777809443 HTTP/1.1" 200 22
114.84.5.35 - - [10/Sep/2022:10:43:37 +0800] "GET /xingrg/all/function/internal_message.html?_=1662777809447&CODE_STATE=getMsg HTTP/1.1" 200 27
58.37.4.205 - - [10/Sep/2022:10:43:37 +0800] "POST /xingrg/kc/base/wldb_order_operate.html HTTP/1.1" 200 3188
180.162.112.166 - - [10/Sep/2022:10:43:37 +0800] "GET /xingrg/check_reg.html?_=1662776948530 HTTP/1.1" 200 22
180.162.112.166 - - [10/Sep/2022:10:43:37 +0800] "GET /xingrg/all/function/internal_message.html?_=1662776948533&CODE_STATE=getMsg HTTP/1.1" 200 27
116.225.121.189 - - [10/Sep/2022:10:43:41 +0800] "GET /xingrg/all/function/internal_message.html?_=1662777819856&CODE_STATE=getMsg HTTP/1.1" 200 27
124.79.74.72 - - [10/Sep/2022:10:43:47 +0800] "GET /xingrg/all/function/internal_message.html?_=1662777822636&CODE_STATE=getMsg HTTP/1.1" 200 27
116.225.121.189 - - [10/Sep/2022:10:43:48 +0800] "GET /xingrg/all/function/internal_message.html?_=1662777687428&CODE_STATE=getMsg HTTP/1.1" 200 27
101.83.241.167 - - [10/Sep/2022:10:43:48 +0800] "GET /xingrg/all/function/internal_message.html?_=1662777822032&CODE_STATE=getMsg HTTP/1.1" 200 27
58.37.4.205 - - [10/Sep/2022:10:43:49 +0800] "GET /xingrg/kc/base/wldb_order_add.html HTTP/1.1" 200 30398
58.37.4.205 - - [10/Sep/2022:10:43:49 +0800] "POST /xingrg/kc/base/wldb_order_operate.html HTTP/1.1" 200 6806
58.37.4.205 - - [10/Sep/2022:10:43:49 +0800] "GET /xingrg/javascript/easyui/themes/default/validatebox.css HTTP/1.1" 404 1104
58.37.4.205 - - [10/Sep/2022:10:43:50 +0800] "POST /xingrg/all/common/load_combo.html?type=base HTTP/1.1" 200 3227
58.37.4.205 - - [10/Sep/2022:10:43:52 +0800] "POST /xingrg/all/common/load_combo.html?type=base HTTP/1.1" 200 3227
114.83.219.57 - - [10/Sep/2022:10:43:55 +0800] "POST /xingrg/kc/buy/cgsh_order_operate.html HTTP/1.1" 200 37
114.83.219.57 - - [10/Sep/2022:10:43:59 +0800] "POST /xingrg/kc/buy/cgsh_order_operate.html HTTP/1.1" 200 12
58.37.4.205 - - [10/Sep/2022:10:43:59 +0800] "GET /xingrg/kc/base/wldb_order_operate.html?command=get_materiel&rest_code=00106&base_code=0010397&code=00102001016 HTTP/1.1" 200 433
114.83.219.57 - - [10/Sep/2022:10:44:01 +0800] "GET /xingrg/kc/buy/cgsh_order_info.html?code=212022091003537 HTTP/1.1" 200 62734
114.83.219.57 - - [10/Sep/2022:10:44:01 +0800] "GET /xingrg/javascript/easyui/themes/default/validatebox.css HTTP/1.1" 404 1104
114.83.219.57 - - [10/Sep/2022:10:44:01 +0800] "POST /xingrg/kc/buy/cgsh_order_operate.html HTTP/1.1" 200 600
114.83.219.57 - - [10/Sep/2022:10:44:03 +0800] "GET /xingrg/kc/print/load_data.html?order_code=212022091003537&kc_code=cgsh&condition= HTTP/1.1" 200 715
58.37.4.205 - - [10/Sep/2022:10:44:04 +0800] "GET /xingrg/all/function/internal_message.html?_=1662777842236&CODE_STATE=getMsg HTTP/1.1" 200 27
58.37.4.205 - - [10/Sep/2022:10:44:04 +0800] "GET /xingrg/kc/base/wldb_order_operate.html?command=get_materiel&rest_code=00106&base_code=0010397&code=00102001069 HTTP/1.1" 200 438
116.238.169.132 - - [10/Sep/2022:10:44:09 +0800] "GET /xingrg/all/function/internal_message.html?_=1662777853994&CODE_STATE=getMsg HTTP/1.1" 200 27
58.37.4.205 - - [10/Sep/2022:10:44:09 +0800] "GET /xingrg/kc/base/wldb_order_operate.html?command=get_materiel&rest_code=00106&base_code=0010397&code=00102002549 HTTP/1.1" 200 448
116.238.169.132 - - [10/Sep/2022:10:44:10 +0800] "GET /xingrg/all/function/internal_message.html?_=1662777846989&CODE_STATE=getMsg HTTP/1.1" 200 27
58.37.4.205 - - [10/Sep/2022:10:44:10 +0800] "POST /xingrg/all/common/load_select.html HTTP/1.1" 200 25
58.37.4.205 - - [10/Sep/2022:10:44:11 +0800] "GET /xingrg/kc/base/wldb_order_operate.html?command=get_materiel_price&rest_code=00106&base_code=0010397&code=00102002549&unit_code=00100276 HTTP/1.1" 200 35
222.70.246.221 - - [10/Sep/2022:10:44:17 +0800] "GET /xingrg/all/function/internal_message.html?_=1662777875244&CODE_STATE=getMsg HTTP/1.1" 200 27
116.224.255.128 - - [10/Sep/2022:10:44:17 +0800] "GET /xingrg/check_reg.html?_=1662777796318 HTTP/1.1" 200 22
116.224.255.128 - - [10/Sep/2022:10:44:17 +0800] "GET /xingrg/all/function/internal_message.html?_=1662777796570&CODE_STATE=getMsg HTTP/1.1" 200 27
222.70.246.221 - - [10/Sep/2022:10:44:21 +0800] "GET /xingrg/kc/buy/cgsh_order_operate.html?command=get_materiel&rest_code=00146&code=00101009043&supplier_code=00100023&order_time=2022-09-10 HTTP/1.1" 200 412
58.37.4.205 - - [10/Sep/2022:10:44:22 +0800] "GET /xingrg/kc/base/wldb_order_operate.html?command=get_materiel&rest_code=00106&base_code=0010397&code=00102002118 HTTP/1.1" 200 466
58.37.4.205 - - [10/Sep/2022:10:44:24 +0800] "POST /xingrg/all/common/load_select.html HTTP/1.1" 200 38
58.37.4.205 - - [10/Sep/2022:10:44:25 +0800] "GET /xingrg/kc/base/wldb_order_operate.html?command=get_materiel_price&rest_code=00106&base_code=0010397&code=00102002118&unit_code=00100339 HTTP/1.1" 200 35
116.232.194.65 - - [10/Sep/2022:10:44:29 +0800] "GET /xingrg/all/function/internal_message.html?_=1662777815324&CODE_STATE=getMsg HTTP/1.1" 200 27
58.37.4.205 - - [10/Sep/2022:10:44:31 +0800] "POST /xingrg/kc/base/wldb_order_operate.html HTTP/1.1" 200 37
58.37.4.205 - - [10/Sep/2022:10:44:32 +0800] "POST /xingrg/kc/base/wldb_order_operate.html HTTP/1.1" 200 3162
116.238.169.132 - - [10/Sep/2022:10:44:32 +0800] "GET /xingrg/all/function/internal_message.html?_=1662777872816&CODE_STATE=getMsg HTTP/1.1" 200 27
58.37.4.205 - - [10/Sep/2022:10:44:33 +0800] "GET /xingrg/kc/base/wldb_order_info.html?code=422022091000838 HTTP/1.1" 200 30412
58.37.4.205 - - [10/Sep/2022:10:44:34 +0800] "GET /xingrg/javascript/easyui/themes/default/validatebox.css HTTP/1.1" 404 1104
58.37.4.205 - - [10/Sep/2022:10:44:34 +0800] "POST /xingrg/kc/base/wldb_order_operate.html HTTP/1.1" 200 3162
58.37.4.205 - - [10/Sep/2022:10:44:35 +0800] "GET /xingrg/kc/mdqp/qp_main.html HTTP/1.1" 200 10633
58.37.4.205 - - [10/Sep/2022:10:44:36 +0800] "GET /xingrg/images/yd/bt.gif HTTP/1.1" 404 1040
58.37.4.205 - - [10/Sep/2022:10:44:36 +0800] "GET /xingrg/kc/mdqp/qqps_order_list.html HTTP/1.1" 200 10031
58.37.4.205 - - [10/Sep/2022:10:44:36 +0800] "GET /xingrg/dwr/interface/AjaxQqpsService.js HTTP/1.1" 200 16326
58.37.4.205 - - [10/Sep/2022:10:44:36 +0800] "GET /xingrg/dwr/interface/AjaxReportQueryService.js HTTP/1.1" 200 13203
58.37.4.205 - - [10/Sep/2022:10:44:36 +0800] "GET /xingrg/dwr/engine.js HTTP/1.1" 200 43631
114.84.5.35 - - [10/Sep/2022:10:44:37 +0800] "GET /xingrg/all/function/internal_message.html?_=1662777869448&CODE_STATE=getMsg HTTP/1.1" 200 27
180.162.112.166 - - [10/Sep/2022:10:44:37 +0800] "GET /xingrg/all/function/internal_message.html?_=1662777008531&CODE_STATE=getMsg HTTP/1.1" 200 27
58.37.4.205 - - [10/Sep/2022:10:44:38 +0800] "GET /xingrg/kc/mdqp/qqps_order_info.html?code=302022091000191 HTTP/1.1" 200 28400
58.37.4.205 - - [10/Sep/2022:10:44:38 +0800] "GET /xingrg/dwr/interface/AjaxQqpsService.js HTTP/1.1" 200 16326
58.37.4.205 - - [10/Sep/2022:10:44:38 +0800] "GET /xingrg/dwr/interface/AjaxComOrderService.js HTTP/1.1" 200 18264
58.37.4.205 - - [10/Sep/2022:10:44:38 +0800] "GET /xingrg/dwr/engine.js HTTP/1.1" 200 43631
58.37.4.205 - - [10/Sep/2022:10:44:39 +0800] "POST /xingrg/dwr/call/plaincall/AjaxQqpsService.loadMaterielItems.dwr HTTP/1.1" 200 4140
116.225.121.189 - - [10/Sep/2022:10:44:41 +0800] "GET /xingrg/check_reg.html?_=1662777879851 HTTP/1.1" 200 22
116.225.121.189 - - [10/Sep/2022:10:44:41 +0800] "GET /xingrg/all/function/internal_message.html?_=1662777879854&CODE_STATE=getMsg HTTP/1.1" 200 27
58.37.4.205 - - [10/Sep/2022:10:44:45 +0800] "POST /xingrg/dwr/call/plaincall/AjaxQqpsService.getMaterielByCode.dwr HTTP/1.1" 200 2764
124.79.74.72 - - [10/Sep/2022:10:44:47 +0800] "GET /xingrg/all/function/internal_message.html?_=1662777882609&CODE_STATE=getMsg HTTP/1.1" 200 27
116.225.121.189 - - [10/Sep/2022:10:44:48 +0800] "GET /xingrg/all/function/internal_message.html?_=1662777747434&CODE_STATE=getMsg HTTP/1.1" 200 27
101.83.241.167 - - [10/Sep/2022:10:44:48 +0800] "GET /xingrg/all/function/internal_message.html?_=1662777882007&CODE_STATE=getMsg HTTP/1.1" 200 27
58.37.4.205 - - [10/Sep/2022:10:44:51 +0800] "POST /xingrg/dwr/call/plaincall/AjaxQqpsService.saveMaterielItem.dwr HTTP/1.1" 200 78
58.37.4.205 - - [10/Sep/2022:10:44:53 +0800] "POST /xingrg/dwr/call/plaincall/AjaxQqpsService.saveOrder.dwr HTTP/1.1" 200 78
114.83.219.57 - - [10/Sep/2022:10:44:59 +0800] "GET /xingrg/all/function/internal_message.html?_=1662777977446&CODE_STATE=getMsg HTTP/1.1" 200 27
58.37.4.205 - - [10/Sep/2022:10:45:04 +0800] "GET /xingrg/all/function/internal_message.html?_=1662777902231&CODE_STATE=getMsg HTTP/1.1" 200 27
222.70.246.221 - - [10/Sep/2022:10:45:07 +0800] "GET /xingrg/check_reg.html?_=1662777925607 HTTP/1.1" 200 22
116.238.169.132 - - [10/Sep/2022:10:45:09 +0800] "GET /xingrg/all/function/internal_message.html?_=1662777913994&CODE_STATE=getMsg HTTP/1.1" 200 27
180.169.147.146 - - [10/Sep/2022:10:45:10 +0800] "GET /favicon.ico HTTP/1.1" 404 -
116.238.169.132 - - [10/Sep/2022:10:45:10 +0800] "GET /xingrg/all/function/internal_message.html?_=1662777906993&CODE_STATE=getMsg HTTP/1.1" 200 27
222.70.246.221 - - [10/Sep/2022:10:45:17 +0800] "GET /xingrg/all/function/internal_message.html?_=1662777935257&CODE_STATE=getMsg HTTP/1.1" 200 27
116.224.255.128 - - [10/Sep/2022:10:45:17 +0800] "GET /xingrg/all/function/internal_message.html?_=1662777856584&CODE_STATE=getMsg HTTP/1.1" 200 27
114.83.219.57 - - [10/Sep/2022:10:45:25 +0800] "GET /xingrg/kc/buy/cgsh_order_add.html HTTP/1.1" 200 67828
114.83.219.57 - - [10/Sep/2022:10:45:25 +0800] "POST /xingrg/kc/buy/cgsh_order_operate.html HTTP/1.1" 200 8245
114.83.219.57 - - [10/Sep/2022:10:45:25 +0800] "GET /xingrg/javascript/easyui/themes/default/validatebox.css HTTP/1.1" 404 1104
