58.37.4.205 - - [10/Sep/2022:10:57:45 +0800] "GET /xingrg/images/yd/bt.gif HTTP/1.1" 404 1040
58.37.4.205 - - [10/Sep/2022:10:57:47 +0800] "GET /xingrg/kc/mdqp/qqps_order_list.html HTTP/1.1" 200 10031
58.37.4.205 - - [10/Sep/2022:10:57:47 +0800] "GET /xingrg/dwr/engine.js HTTP/1.1" 200 43631
58.37.4.205 - - [10/Sep/2022:10:57:47 +0800] "GET /xingrg/dwr/interface/AjaxReportQueryService.js HTTP/1.1" 200 13203
58.37.4.205 - - [10/Sep/2022:10:57:47 +0800] "GET /xingrg/dwr/interface/AjaxQqpsService.js HTTP/1.1" 200 16326
124.79.74.72 - - [10/Sep/2022:10:57:47 +0800] "GET /xingrg/all/function/internal_message.html?_=1662778662321&CODE_STATE=getMsg HTTP/1.1" 200 27
101.83.241.167 - - [10/Sep/2022:10:57:48 +0800] "GET /xingrg/all/function/internal_message.html?_=1662778661755&CODE_STATE=getMsg HTTP/1.1" 200 27
58.37.4.205 - - [10/Sep/2022:10:57:48 +0800] "GET /xingrg/kc/mdqp/qqps_order_info.html?code=302022091000191 HTTP/1.1" 200 28400
58.37.4.205 - - [10/Sep/2022:10:57:48 +0800] "GET /xingrg/dwr/interface/AjaxComOrderService.js HTTP/1.1" 200 18264
58.37.4.205 - - [10/Sep/2022:10:57:48 +0800] "GET /xingrg/dwr/interface/AjaxQqpsService.js HTTP/1.1" 200 16326
58.37.4.205 - - [10/Sep/2022:10:57:48 +0800] "GET /xingrg/dwr/engine.js HTTP/1.1" 200 43631
116.225.121.189 - - [10/Sep/2022:10:57:48 +0800] "GET /xingrg/all/function/internal_message.html?_=1662778527446&CODE_STATE=getMsg HTTP/1.1" 200 27
58.37.4.205 - - [10/Sep/2022:10:57:49 +0800] "POST /xingrg/dwr/call/plaincall/AjaxQqpsService.loadMaterielItems.dwr HTTP/1.1" 200 4476
114.88.158.224 - - [10/Sep/2022:10:57:53 +0800] "POST /xingrg/kc/buy/cgsh_order_operate.html HTTP/1.1" 200 37
116.225.121.189 - - [10/Sep/2022:10:57:55 +0800] "GET /xingrg/kc/buy/cgsh_order_operate.html?command=get_materiel&rest_code=00105&code=00101008298&supplier_code=00100203&order_time=2022-09-10 HTTP/1.1" 200 412
58.37.4.205 - - [10/Sep/2022:10:57:56 +0800] "POST /xingrg/dwr/call/plaincall/AjaxQqpsService.getMaterielByCode.dwr HTTP/1.1" 200 2659
114.88.158.224 - - [10/Sep/2022:10:57:57 +0800] "POST /xingrg/kc/buy/cgsh_order_operate.html HTTP/1.1" 200 12
58.37.4.205 - - [10/Sep/2022:10:57:58 +0800] "POST /xingrg/dwr/call/plaincall/AjaxQqpsService.saveMaterielItem.dwr HTTP/1.1" 200 78
114.88.158.224 - - [10/Sep/2022:10:57:58 +0800] "GET /xingrg/kc/buy/cgsh_order_info.html?code=212022091003553 HTTP/1.1" 200 63525
114.88.158.224 - - [10/Sep/2022:10:57:58 +0800] "GET /xingrg/javascript/easyui/themes/default/validatebox.css HTTP/1.1" 404 1104
114.88.158.224 - - [10/Sep/2022:10:57:59 +0800] "POST /xingrg/kc/buy/cgsh_order_operate.html HTTP/1.1" 200 4389
114.83.219.57 - - [10/Sep/2022:10:57:59 +0800] "GET /xingrg/all/function/internal_message.html?_=1662778757265&CODE_STATE=getMsg HTTP/1.1" 200 27
114.88.158.224 - - [10/Sep/2022:10:57:59 +0800] "GET /xingrg/kc/print/load_config.html?kc_code=cgsh HTTP/1.1" 200 1943
114.88.158.224 - - [10/Sep/2022:10:58:00 +0800] "GET /xingrg/kc/print/load_data.html?order_code=212022091003553&kc_code=cgsh&condition= HTTP/1.1" 200 2355
58.37.4.205 - - [10/Sep/2022:10:58:00 +0800] "POST /xingrg/dwr/call/plaincall/AjaxQqpsService.saveOrder.dwr HTTP/1.1" 200 78
116.225.121.189 - - [10/Sep/2022:10:58:01 +0800] "POST /xingrg/kc/buy/cgsh_order_operate.html HTTP/1.1" 200 2065
180.163.29.103 - - [10/Sep/2022:10:58:03 +0800] "GET /xingrg/kc/buy/cgsh_order_info.html?code=212022091003528 HTTP/1.1" 302 -
180.163.29.103 - - [10/Sep/2022:10:58:03 +0800] "GET /xingrg/login.html HTTP/1.1" 200 7641
114.88.158.224 - - [10/Sep/2022:10:58:04 +0800] "GET /xingrg/kc/buy/cgsh_order_add.html HTTP/1.1" 200 68624
58.37.4.205 - - [10/Sep/2022:10:58:04 +0800] "GET /xingrg/kc/mdqp/qqps_order_add.html HTTP/1.1" 200 28238
58.37.4.205 - - [10/Sep/2022:10:58:04 +0800] "GET /xingrg/dwr/interface/AjaxComOrderService.js HTTP/1.1" 200 18264
114.88.158.224 - - [10/Sep/2022:10:58:04 +0800] "POST /xingrg/kc/buy/cgsh_order_operate.html HTTP/1.1" 200 8245
58.37.4.205 - - [10/Sep/2022:10:58:04 +0800] "GET /xingrg/dwr/interface/AjaxQqpsService.js HTTP/1.1" 200 16326
114.88.158.224 - - [10/Sep/2022:10:58:04 +0800] "GET /xingrg/javascript/easyui/themes/default/validatebox.css HTTP/1.1" 404 1104
58.37.4.205 - - [10/Sep/2022:10:58:04 +0800] "GET /xingrg/dwr/engine.js HTTP/1.1" 200 43631
101.85.93.70 - - [10/Sep/2022:10:58:07 +0800] "GET /xingrg/all/function/internal_message.html?_=1662778683436&CODE_STATE=getMsg HTTP/1.1" 200 27
116.224.255.128 - - [10/Sep/2022:10:58:08 +0800] "GET /xingrg/all/function/internal_message.html?_=1662778627213&CODE_STATE=getMsg HTTP/1.1" 200 27
116.238.169.132 - - [10/Sep/2022:10:58:09 +0800] "GET /xingrg/all/function/internal_message.html?_=1662778694005&CODE_STATE=getMsg HTTP/1.1" 302 -
114.83.219.57 - - [10/Sep/2022:10:58:10 +0800] "POST /xingrg/kc/buy/cgsh_order_operate.html HTTP/1.1" 200 37
114.88.158.224 - - [10/Sep/2022:10:58:12 +0800] "GET /xingrg/kc/buy/cgsh_order_operate.html?command=get_materiel&rest_code=00141&code=00101008434&supplier_code=00100256&order_time=2022-09-10 HTTP/1.1" 200 415
58.37.4.205 - - [10/Sep/2022:10:58:14 +0800] "POST /xingrg/dwr/call/plaincall/AjaxQqpsService.saveOrder.dwr HTTP/1.1" 200 78
114.83.219.57 - - [10/Sep/2022:10:58:14 +0800] "POST /xingrg/kc/buy/cgsh_order_operate.html HTTP/1.1" 200 12
114.83.219.57 - - [10/Sep/2022:10:58:16 +0800] "GET /xingrg/kc/buy/cgsh_order_info.html?code=212022091003554 HTTP/1.1" 200 62735
114.83.219.57 - - [10/Sep/2022:10:58:16 +0800] "GET /xingrg/javascript/easyui/themes/default/validatebox.css HTTP/1.1" 404 1104
114.83.219.57 - - [10/Sep/2022:10:58:17 +0800] "POST /xingrg/kc/buy/cgsh_order_operate.html HTTP/1.1" 200 603
116.225.121.189 - - [10/Sep/2022:10:58:17 +0800] "GET /xingrg/kc/buy/cgsh_order_operate.html?command=get_materiel&rest_code=00105&code=00101008105&supplier_code=00100203&order_time=2022-09-10 HTTP/1.1" 200 412
116.224.255.128 - - [10/Sep/2022:10:58:17 +0800] "GET /xingrg/kc/buy/cgsh_order_operate.html?command=get_materiel&rest_code=00150&code=00102002648&supplier_code=00100097&order_time=2022-09-10 HTTP/1.1" 200 455
222.70.246.221 - - [10/Sep/2022:10:58:17 +0800] "GET /xingrg/all/function/internal_message.html?_=1662778715870&CODE_STATE=getMsg HTTP/1.1" 200 27
114.88.158.224 - - [10/Sep/2022:10:58:22 +0800] "POST /xingrg/kc/buy/cgsh_order_operate.html HTTP/1.1" 200 37
114.83.219.57 - - [10/Sep/2022:10:58:22 +0800] "GET /xingrg/kc/print/load_data.html?order_code=212022091003554&kc_code=cgsh&condition= HTTP/1.1" 200 704
58.37.4.205 - - [10/Sep/2022:10:58:24 +0800] "POST /xingrg/dwr/call/plaincall/AjaxQqpsService.getMaterielByCode.dwr HTTP/1.1" 200 2666
180.163.30.76 - - [10/Sep/2022:10:58:25 +0800] "GET /xingrg/kc/base/wldb_order_add.html HTTP/1.1" 302 -
114.88.158.224 - - [10/Sep/2022:10:58:25 +0800] "POST /xingrg/kc/buy/cgsh_order_operate.html HTTP/1.1" 200 12
180.163.30.76 - - [10/Sep/2022:10:58:25 +0800] "GET /xingrg/login.html HTTP/1.1" 200 7641
114.88.158.224 - - [10/Sep/2022:10:58:26 +0800] "GET /xingrg/kc/buy/cgsh_order_info.html?code=212022091003555 HTTP/1.1" 200 63533
114.88.158.224 - - [10/Sep/2022:10:58:26 +0800] "GET /xingrg/javascript/easyui/themes/default/validatebox.css HTTP/1.1" 404 1104
114.88.158.224 - - [10/Sep/2022:10:58:27 +0800] "POST /xingrg/kc/buy/cgsh_order_operate.html HTTP/1.1" 200 610
58.37.4.205 - - [10/Sep/2022:10:58:27 +0800] "POST /xingrg/dwr/call/plaincall/AjaxQqpsService.saveMaterielItem.dwr HTTP/1.1" 200 78
116.232.194.65 - - [10/Sep/2022:10:58:29 +0800] "GET /xingrg/all/function/internal_message.html?_=1662778655325&CODE_STATE=getMsg HTTP/1.1" 200 27
114.88.158.224 - - [10/Sep/2022:10:58:29 +0800] "GET /xingrg/kc/print/load_data.html?order_code=212022091003555&kc_code=cgsh&condition= HTTP/1.1" 200 714
116.232.194.65 - - [10/Sep/2022:10:58:29 +0800] "GET /xingrg/check_reg.html?_=1662778655328 HTTP/1.1" 200 22
116.225.121.189 - - [10/Sep/2022:10:58:30 +0800] "GET /xingrg/kc/buy/cgsh_order_operate.html?command=get_materiel&rest_code=00105&code=00101008119&supplier_code=00100203&order_time=2022-09-10 HTTP/1.1" 200 412
124.79.74.72 - - [10/Sep/2022:10:58:30 +0800] "GET /xingrg/check_reg.html?_=1662778705082 HTTP/1.1" 200 22
180.163.29.206 - - [10/Sep/2022:10:58:31 +0800] "GET /xingrg/kc/buy/cgsh_order_info.html?code=212022091003542 HTTP/1.1" 302 -
180.163.29.206 - - [10/Sep/2022:10:58:31 +0800] "GET /xingrg/login.html HTTP/1.1" 200 7641
116.238.169.132 - - [10/Sep/2022:10:58:32 +0800] "GET /xingrg/all/function/internal_message.html?_=1662778712856&CODE_STATE=getMsg HTTP/1.1" 200 27
116.238.169.132 - - [10/Sep/2022:10:58:32 +0800] "GET /xingrg/check_reg.html?_=1662778712860 HTTP/1.1" 200 22
58.37.4.205 - - [10/Sep/2022:10:58:32 +0800] "POST /xingrg/dwr/call/plaincall/AjaxQqpsService.getMaterielByCode.dwr HTTP/1.1" 200 2725
114.88.158.224 - - [10/Sep/2022:10:58:33 +0800] "GET /xingrg/kc/buy/cgsh_order_add.html HTTP/1.1" 200 68624
114.88.158.224 - - [10/Sep/2022:10:58:33 +0800] "GET /xingrg/javascript/easyui/themes/default/validatebox.css HTTP/1.1" 404 1104
114.88.158.224 - - [10/Sep/2022:10:58:33 +0800] "POST /xingrg/kc/buy/cgsh_order_operate.html HTTP/1.1" 200 8245
58.37.4.205 - - [10/Sep/2022:10:58:35 +0800] "POST /xingrg/dwr/call/plaincall/AjaxQqpsService.saveMaterielItem.dwr HTTP/1.1" 200 78
101.83.241.167 - - [10/Sep/2022:10:58:35 +0800] "GET /xingrg/check_reg.html?_=1662778709178 HTTP/1.1" 200 22
114.84.5.35 - - [10/Sep/2022:10:58:37 +0800] "GET /xingrg/check_reg.html?_=1662778709479 HTTP/1.1" 200 22
114.84.5.35 - - [10/Sep/2022:10:58:37 +0800] "GET /xingrg/all/function/internal_message.html?_=1662778709481&CODE_STATE=getMsg HTTP/1.1" 200 27
58.37.4.205 - - [10/Sep/2022:10:58:38 +0800] "POST /xingrg/dwr/call/plaincall/AjaxQqpsService.getMaterielByCode.dwr HTTP/1.1" 200 2716
116.225.121.189 - - [10/Sep/2022:10:58:41 +0800] "GET /xingrg/all/function/internal_message.html?_=1662778719886&CODE_STATE=getMsg HTTP/1.1" 200 27
114.88.158.224 - - [10/Sep/2022:10:58:42 +0800] "GET /xingrg/kc/buy/cgsh_order_operate.html?command=get_materiel&rest_code=00141&code=00101007085&supplier_code=00100004&order_time=2022-09-10 HTTP/1.1" 200 413
114.88.158.224 - - [10/Sep/2022:10:58:42 +0800] "GET /xingrg/all/function/internal_message.html?_=1662778374115&CODE_STATE=getMsg HTTP/1.1" 200 27
124.79.74.72 - - [10/Sep/2022:10:58:47 +0800] "GET /xingrg/all/function/internal_message.html?_=1662778722301&CODE_STATE=getMsg HTTP/1.1" 200 27
101.83.241.167 - - [10/Sep/2022:10:58:48 +0800] "GET /xingrg/all/function/internal_message.html?_=1662778721742&CODE_STATE=getMsg HTTP/1.1" 200 27
116.225.121.189 - - [10/Sep/2022:10:58:48 +0800] "GET /xingrg/all/function/internal_message.html?_=1662778587448&CODE_STATE=getMsg HTTP/1.1" 200 27
116.225.121.189 - - [10/Sep/2022:10:58:52 +0800] "GET /xingrg/kc/buy/cgsh_order_operate.html?command=get_materiel&rest_code=00105&code=00101008185&supplier_code=00100203&order_time=2022-09-10 HTTP/1.1" 200 408
58.37.4.205 - - [10/Sep/2022:10:58:53 +0800] "POST /xingrg/dwr/call/plaincall/AjaxQqpsService.getMaterielByCode.dwr HTTP/1.1" 200 2749
58.37.4.205 - - [10/Sep/2022:10:58:56 +0800] "POST /xingrg/dwr/call/plaincall/AjaxQqpsService.saveMaterielItem.dwr HTTP/1.1" 200 78
116.224.255.128 - - [10/Sep/2022:10:58:58 +0800] "POST /xingrg/kc/buy/cgsh_order_operate.html HTTP/1.1" 200 37
114.83.219.57 - - [10/Sep/2022:10:58:59 +0800] "GET /xingrg/all/function/internal_message.html?_=1662778817246&CODE_STATE=getMsg HTTP/1.1" 200 27
58.37.4.205 - - [10/Sep/2022:10:59:03 +0800] "GET /xingrg/all/function/internal_message.html?_=1662778741946&CODE_STATE=getMsg HTTP/1.1" 200 27
101.85.93.70 - - [10/Sep/2022:10:59:07 +0800] "GET /xingrg/all/function/internal_message.html?_=1662778743437&CODE_STATE=getMsg HTTP/1.1" 200 27
116.225.121.189 - - [10/Sep/2022:10:59:07 +0800] "GET /xingrg/kc/buy/cgsh_order_operate.html?command=get_materiel&rest_code=00105&code=00101020147&supplier_code=00100203&order_time=2022-09-10 HTTP/1.1" 200 408
116.224.255.128 - - [10/Sep/2022:10:59:08 +0800] "POST /xingrg/kc/buy/cgsh_order_operate.html HTTP/1.1" 200 12
58.37.4.205 - - [10/Sep/2022:10:59:08 +0800] "POST /xingrg/dwr/call/plaincall/AjaxQqpsService.getMaterielByCode.dwr HTTP/1.1" 200 2716
116.238.169.132 - - [10/Sep/2022:10:59:09 +0800] "GET /xingrg/all/function/internal_message.html?_=1662778754003&CODE_STATE=getMsg HTTP/1.1" 302 -
114.88.158.224 - - [10/Sep/2022:10:59:10 +0800] "GET /xingrg/kc/buy/cgsh_order_operate.html?command=get_materiel&rest_code=00141&code=00101007038&supplier_code=00100004&order_time=2022-09-10 HTTP/1.1" 200 420
116.224.255.128 - - [10/Sep/2022:10:59:10 +0800] "GET /xingrg/kc/buy/cgsh_order_info.html?code=212022091003526 HTTP/1.1" 200 63535
116.224.255.128 - - [10/Sep/2022:10:59:11 +0800] "GET /xingrg/javascript/easyui/themes/default/validatebox.css HTTP/1.1" 404 1104
58.37.4.205 - - [10/Sep/2022:10:59:11 +0800] "POST /xingrg/dwr/call/plaincall/AjaxQqpsService.saveMaterielItem.dwr HTTP/1.1" 200 78
116.224.255.128 - - [10/Sep/2022:10:59:11 +0800] "GET /xingrg/all/function/internal_message.html?_=1662778690424&CODE_STATE=getMsg HTTP/1.1" 200 27
116.224.255.128 - - [10/Sep/2022:10:59:11 +0800] "POST /xingrg/kc/buy/cgsh_order_operate.html HTTP/1.1" 200 3710
116.224.255.128 - - [10/Sep/2022:10:59:13 +0800] "GET /xingrg/kc/print/load_data.html?order_code=212022091003526&kc_code=cgsh&condition= HTTP/1.1" 200 1987
222.70.246.221 - - [10/Sep/2022:10:59:17 +0800] "GET /xingrg/all/function/internal_message.html?_=1662778775884&CODE_STATE=getMsg HTTP/1.1" 200 27
114.88.158.224 - - [10/Sep/2022:10:59:19 +0800] "GET /xingrg/kc/buy/cgsh_order_operate.html?command=get_materiel&rest_code=00141&code=00101007071&supplier_code=00100004&order_time=2022-09-10 HTTP/1.1" 200 417
58.37.4.205 - - [10/Sep/2022:10:59:26 +0800] "POST /xingrg/dwr/call/plaincall/AjaxQqpsService.getMaterielByCode.dwr HTTP/1.1" 200 2747
116.232.194.65 - - [10/Sep/2022:10:59:29 +0800] "GET /xingrg/all/function/internal_message.html?_=1662778715307&CODE_STATE=getMsg HTTP/1.1" 200 27
116.225.121.189 - - [10/Sep/2022:10:59:29 +0800] "GET /xingrg/kc/buy/cgsh_order_operate.html?command=get_materiel&rest_code=00105&code=00101008403&supplier_code=00100203&order_time=2022-09-10 HTTP/1.1" 200 412
116.238.169.132 - - [10/Sep/2022:10:59:32 +0800] "GET /xingrg/all/function/internal_message.html?_=1662778772837&CODE_STATE=getMsg HTTP/1.1" 200 27
58.37.4.205 - - [10/Sep/2022:10:59:33 +0800] "POST /xingrg/dwr/call/plaincall/AjaxQqpsService.saveMaterielItem.dwr HTTP/1.1" 200 79
114.84.5.35 - - [10/Sep/2022:10:59:37 +0800] "GET /xingrg/all/function/internal_message.html?_=1662778769481&CODE_STATE=getMsg HTTP/1.1" 200 27
116.225.121.189 - - [10/Sep/2022:10:59:37 +0800] "POST /xingrg/kc/buy/cgsh_order_operate.html HTTP/1.1" 200 2065
58.37.4.205 - - [10/Sep/2022:10:59:41 +0800] "POST /xingrg/dwr/call/plaincall/AjaxQqpsService.getMaterielByCode.dwr HTTP/1.1" 200 2681
116.225.121.189 - - [10/Sep/2022:10:59:41 +0800] "GET /xingrg/check_reg.html?_=1662778779876 HTTP/1.1" 200 22
116.225.121.189 - - [10/Sep/2022:10:59:41 +0800] "GET /xingrg/all/function/internal_message.html?_=1662778779879&CODE_STATE=getMsg HTTP/1.1" 200 27
114.88.158.224 - - [10/Sep/2022:10:59:42 +0800] "GET /xingrg/all/function/internal_message.html?_=1662778434138&CODE_STATE=getMsg HTTP/1.1" 200 27
58.37.4.205 - - [10/Sep/2022:10:59:46 +0800] "POST /xingrg/dwr/call/plaincall/AjaxQqpsService.getMaterielByCode.dwr HTTP/1.1" 200 2727
124.79.74.72 - - [10/Sep/2022:10:59:47 +0800] "GET /xingrg/all/function/internal_message.html?_=1662778782287&CODE_STATE=getMsg HTTP/1.1" 200 27
58.37.4.205 - - [10/Sep/2022:10:59:47 +0800] "POST /xingrg/dwr/call/plaincall/AjaxQqpsService.saveMaterielItem.dwr HTTP/1.1" 200 79
101.83.241.167 - - [10/Sep/2022:10:59:48 +0800] "GET /xingrg/all/function/internal_message.html?_=1662778781717&CODE_STATE=getMsg HTTP/1.1" 200 27
114.88.158.224 - - [10/Sep/2022:10:59:48 +0800] "GET /xingrg/kc/buy/cgsh_order_operate.html?command=get_materiel&rest_code=00141&code=00101007081&supplier_code=00100004&order_time=2022-09-10 HTTP/1.1" 200 434
116.225.121.189 - - [10/Sep/2022:10:59:48 +0800] "GET /xingrg/all/function/internal_message.html?_=1662778647453&CODE_STATE=getMsg HTTP/1.1" 200 27
180.163.28.55 - - [10/Sep/2022:10:59:49 +0800] "GET /xingrg/kc/base/base_main.html HTTP/1.1" 302 -
180.163.28.55 - - [10/Sep/2022:10:59:49 +0800] "GET /xingrg/login.html HTTP/1.1" 200 7641
58.37.4.205 - - [10/Sep/2022:10:59:51 +0800] "POST /xingrg/dwr/call/plaincall/AjaxQqpsService.getMaterielByCode.dwr HTTP/1.1" 200 2717
116.225.121.189 - - [10/Sep/2022:10:59:58 +0800] "POST /xingrg/kc/buy/cgsh_order_operate.html HTTP/1.1" 200 37
114.83.219.57 - - [10/Sep/2022:10:59:59 +0800] "GET /xingrg/all/function/internal_message.html?_=1662778877233&CODE_STATE=getMsg HTTP/1.1" 200 27
116.225.121.189 - - [10/Sep/2022:11:00:00 +0800] "POST /xingrg/kc/buy/cgsh_order_operate.html HTTP/1.1" 200 18000
114.88.158.224 - - [10/Sep/2022:11:00:02 +0800] "POST /xingrg/kc/buy/cgsh_order_operate.html HTTP/1.1" 200 37
58.37.4.205 - - [10/Sep/2022:11:00:03 +0800] "GET /xingrg/all/function/internal_message.html?_=1662778801925&CODE_STATE=getMsg HTTP/1.1" 200 27
101.85.93.70 - - [10/Sep/2022:11:00:07 +0800] "GET /xingrg/all/function/internal_message.html?_=1662778803438&CODE_STATE=getMsg HTTP/1.1" 200 27
222.70.246.221 - - [10/Sep/2022:11:00:07 +0800] "GET /xingrg/check_reg.html?_=1662778825881 HTTP/1.1" 200 22
114.88.158.224 - - [10/Sep/2022:11:00:08 +0800] "POST /xingrg/kc/buy/cgsh_order_operate.html HTTP/1.1" 200 12
116.238.169.132 - - [10/Sep/2022:11:00:09 +0800] "GET /xingrg/all/function/internal_message.html?_=1662778814001&CODE_STATE=getMsg HTTP/1.1" 302 -
114.88.158.224 - - [10/Sep/2022:11:00:10 +0800] "GET /xingrg/kc/buy/cgsh_order_info.html?code=212022091003557 HTTP/1.1" 200 63527
114.88.158.224 - - [10/Sep/2022:11:00:10 +0800] "GET /xingrg/javascript/easyui/themes/default/validatebox.css HTTP/1.1" 404 1104
114.88.158.224 - - [10/Sep/2022:11:00:10 +0800] "POST /xingrg/kc/buy/cgsh_order_operate.html HTTP/1.1" 200 2986
116.224.255.128 - - [10/Sep/2022:11:00:11 +0800] "GET /xingrg/all/function/internal_message.html?_=1662778750438&CODE_STATE=getMsg HTTP/1.1" 200 27
114.88.158.224 - - [10/Sep/2022:11:00:11 +0800] "GET /xingrg/kc/print/load_data.html?order_code=212022091003557&kc_code=cgsh&condition= HTTP/1.1" 200 1674
114.88.158.224 - - [10/Sep/2022:11:00:17 +0800] "GET /xingrg/kc/buy/cgsh_order_add.html HTTP/1.1" 200 68624
114.88.158.224 - - [10/Sep/2022:11:00:17 +0800] "POST /xingrg/kc/buy/cgsh_order_operate.html HTTP/1.1" 200 8245
114.88.158.224 - - [10/Sep/2022:11:00:17 +0800] "GET /xingrg/javascript/easyui/themes/default/validatebox.css HTTP/1.1" 404 1104
222.70.246.221 - - [10/Sep/2022:11:00:17 +0800] "GET /xingrg/all/function/internal_message.html?_=1662778835898&CODE_STATE=getMsg HTTP/1.1" 200 27
114.84.5.35 - - [10/Sep/2022:11:00:27 +0800] "GET /xingrg/kc/buy/cgsh_order_list.html HTTP/1.1" 200 52842
116.232.194.65 - - [10/Sep/2022:11:00:29 +0800] "GET /xingrg/all/function/internal_message.html?_=1662778775325&CODE_STATE=getMsg HTTP/1.1" 200 27
114.88.158.224 - - [10/Sep/2022:11:00:29 +0800] "GET /xingrg/kc/buy/cgsh_order_operate.html?command=get_materiel&rest_code=00141&code=00101012038&supplier_code=00100036&order_time=2022-09-10 HTTP/1.1" 200 412
114.84.5.35 - - [10/Sep/2022:11:00:30 +0800] "POST /xingrg/kc/buy/cgsh_list_operate.html HTTP/1.1" 200 3149
116.238.169.132 - - [10/Sep/2022:11:00:32 +0800] "GET /xingrg/all/function/internal_message.html?_=1662778832850&CODE_STATE=getMsg HTTP/1.1" 200 27
114.84.5.35 - - [10/Sep/2022:11:00:37 +0800] "GET /xingrg/all/function/internal_message.html?_=1662778829482&CODE_STATE=getMsg HTTP/1.1" 200 27
114.88.158.224 - - [10/Sep/2022:11:00:37 +0800] "GET /xingrg/kc/buy/cgsh_order_operate.html?command=get_materiel&rest_code=00141&code=00101020115&supplier_code=00100036&order_time=2022-09-10 HTTP/1.1" 200 409
116.225.121.189 - - [10/Sep/2022:11:00:41 +0800] "GET /xingrg/all/function/internal_message.html?_=1662778839885&CODE_STATE=getMsg HTTP/1.1" 200 27
114.88.158.224 - - [10/Sep/2022:11:00:42 +0800] "GET /xingrg/check_reg.html?_=1662778494105 HTTP/1.1" 200 22
114.88.158.224 - - [10/Sep/2022:11:00:42 +0800] "GET /xingrg/all/function/internal_message.html?_=1662778494107&CODE_STATE=getMsg HTTP/1.1" 200 27
116.225.121.189 - - [10/Sep/2022:11:00:44 +0800] "GET /xingrg/kc/buy/cgsh_order_operate.html?command=get_materiel&rest_code=00105&code=00101008323&supplier_code=00100203&order_time=2022-09-10 HTTP/1.1" 200 408
114.88.158.224 - - [10/Sep/2022:11:00:45 +0800] "GET /xingrg/kc/buy/cgsh_order_operate.html?command=get_materiel&rest_code=00141&code=00101011004&supplier_code=00100036&order_time=2022-09-10 HTTP/1.1" 200 412
124.79.74.72 - - [10/Sep/2022:11:00:47 +0800] "GET /xingrg/all/function/internal_message.html?_=1662778842257&CODE_STATE=getMsg HTTP/1.1" 200 27
101.83.241.167 - - [10/Sep/2022:11:00:48 +0800] "GET /xingrg/all/function/internal_message.html?_=1662778841702&CODE_STATE=getMsg HTTP/1.1" 200 27
116.225.121.189 - - [10/Sep/2022:11:00:48 +0800] "GET /xingrg/all/function/internal_message.html?_=1662778707437&CODE_STATE=getMsg HTTP/1.1" 200 27
101.85.93.70 - - [10/Sep/2022:11:00:52 +0800] "GET /xingrg/javascript/jquery_easy_ui/themes/default/images/tabs_active.png HTTP/1.1" 304 -
101.85.93.70 - - [10/Sep/2022:11:00:53 +0800] "GET /xingrg/javascript/jquery_easy_ui/themes/default/images/tabs_close.gif HTTP/1.1" 304 -
101.85.93.70 - - [10/Sep/2022:11:00:53 +0800] "GET /xingrg/kc/buy/cgsh_order_list.html HTTP/1.1" 200 52848
101.85.93.70 - - [10/Sep/2022:11:00:53 +0800] "GET /xingrg/css/base.css HTTP/1.1" 304 -
101.85.93.70 - - [10/Sep/2022:11:00:53 +0800] "GET /xingrg/css/site.css HTTP/1.1" 304 -
101.85.93.70 - - [10/Sep/2022:11:00:53 +0800] "GET /xingrg/javascript/jquery_tools/datebox.css HTTP/1.1" 304 -
101.85.93.70 - - [10/Sep/2022:11:00:53 +0800] "GET /xingrg/javascript/easyui/themes/icon.css HTTP/1.1" 304 -
101.85.93.70 - - [10/Sep/2022:11:00:53 +0800] "GET /xingrg/javascript/auto/jquery.autocomplete.css HTTP/1.1" 304 -
101.85.93.70 - - [10/Sep/2022:11:00:53 +0800] "GET /xingrg/javascript/jquery_tools/jquery.tools.extend.js HTTP/1.1" 304 -
101.85.93.70 - - [10/Sep/2022:11:00:53 +0800] "GET /xingrg/javascript/easyui/themes/default/easyui.css HTTP/1.1" 304 -
101.85.93.70 - - [10/Sep/2022:11:00:53 +0800] "GET /xingrg/javascript/jquery_tools/jquery.tools.hotkey.js HTTP/1.1" 304 -
101.85.93.70 - - [10/Sep/2022:11:00:53 +0800] "GET /xingrg/javascript/jquery_tools/jquery.tools.table.js HTTP/1.1" 304 -
101.85.93.70 - - [10/Sep/2022:11:00:53 +0800] "GET /xingrg/javascript/auto/jquery.autocomplete.js HTTP/1.1" 304 -
101.85.93.70 - - [10/Sep/2022:11:00:53 +0800] "GET /xingrg/javascript/jquery_tools/list_manager.js HTTP/1.1" 304 -
101.85.93.70 - - [10/Sep/2022:11:00:53 +0800] "GET /xingrg/javascript/easyui/easyloader.js HTTP/1.1" 304 -
101.85.93.70 - - [10/Sep/2022:11:00:53 +0800] "GET /xingrg/javascript/jquery.cookie.js HTTP/1.1" 304 -
101.85.93.70 - - [10/Sep/2022:11:00:53 +0800] "GET /xingrg/javascript/print/LodopFuncs.js HTTP/1.1" 304 -
101.85.93.70 - - [10/Sep/2022:11:00:53 +0800] "GET /xingrg/javascript/jquery_tools/fix.css HTTP/1.1" 304 -
101.85.93.70 - - [10/Sep/2022:11:00:53 +0800] "GET /xingrg/javascript/jquery_tools/table.css HTTP/1.1" 304 -
58.37.4.205 - - [10/Sep/2022:11:00:54 +0800] "GET /xingrg/check_reg.html?_=1662778852811 HTTP/1.1" 200 22
101.85.93.70 - - [10/Sep/2022:11:00:56 +0800] "GET /xingrg/javascript/jquery_tools/jquery.tools.min.js HTTP/1.1" 304 -
114.88.158.224 - - [10/Sep/2022:11:00:57 +0800] "GET /xingrg/kc/buy/cgsh_order_operate.html?command=get_materiel&rest_code=00141&code=00101011001&supplier_code=00100036&order_time=2022-09-10 HTTP/1.1" 200 423
101.85.93.70 - - [10/Sep/2022:11:00:57 +0800] "GET /xingrg/javascript/easyui/themes/icons/edit_add_new.png HTTP/1.1" 304 -
101.85.93.70 - - [10/Sep/2022:11:00:57 +0800] "GET /xingrg/javascript/easyui/themes/icons/cance_new.png HTTP/1.1" 304 -
101.85.93.70 - - [10/Sep/2022:11:00:57 +0800] "GET /xingrg/javascript/easyui/themes/icons/check_new.png HTTP/1.1" 304 -
101.85.93.70 - - [10/Sep/2022:11:00:57 +0800] "GET /xingrg/javascript/easyui/themes/icons/field_new.png HTTP/1.1" 304 -
101.85.93.70 - - [10/Sep/2022:11:00:57 +0800] "GET /xingrg/javascript/easyui/themes/icons/import_new.png HTTP/1.1" 304 -
101.85.93.70 - - [10/Sep/2022:11:00:57 +0800] "GET /xingrg/javascript/easyui/plugins/jquery.parser.js HTTP/1.1" 304 -
101.85.93.70 - - [10/Sep/2022:11:00:57 +0800] "GET /xingrg/images/control/ajaxLoader.gif HTTP/1.1" 304 -
101.85.93.70 - - [10/Sep/2022:11:00:58 +0800] "POST /xingrg/kc/buy/cgsh_list_operate.html HTTP/1.1" 200 752
114.83.219.57 - - [10/Sep/2022:11:00:59 +0800] "GET /xingrg/all/function/internal_message.html?_=1662778937219&CODE_STATE=getMsg HTTP/1.1" 200 27
114.83.219.57 - - [10/Sep/2022:11:00:59 +0800] "GET /xingrg/check_reg.html?_=1662778937488 HTTP/1.1" 200 22
101.85.93.70 - - [10/Sep/2022:11:01:00 +0800] "GET /xingrg/javascript/easyui/themes/default/images/button_plain_hover.png HTTP/1.1" 304 -
101.85.93.70 - - [10/Sep/2022:11:01:00 +0800] "GET /xingrg/javascript/pic_change.js HTTP/1.1" 304 -
101.85.93.70 - - [10/Sep/2022:11:01:00 +0800] "GET /xingrg/javascript/jquery_tools/order_manager.js HTTP/1.1" 304 -
101.85.93.70 - - [10/Sep/2022:11:01:00 +0800] "GET /xingrg/javascript/convert.js HTTP/1.1" 304 -
101.85.93.70 - - [10/Sep/2022:11:01:00 +0800] "GET /xingrg/javascript/json2.js HTTP/1.1" 304 -
101.85.93.70 - - [10/Sep/2022:11:01:00 +0800] "GET /xingrg/javascript/print/kc_print.js HTTP/1.1" 304 -
101.85.93.70 - - [10/Sep/2022:11:01:00 +0800] "GET /xingrg/words/20220909160839_words.js HTTP/1.1" 200 919966
101.85.93.70 - - [10/Sep/2022:11:01:01 +0800] "GET /xingrg/javascript/easyui/themes/icons/copy_new.png HTTP/1.1" 304 -
101.85.93.70 - - [10/Sep/2022:11:01:01 +0800] "GET /xingrg/javascript/easyui/themes/icons/template_new.png HTTP/1.1" 304 -
101.85.93.70 - - [10/Sep/2022:11:01:01 +0800] "GET /xingrg/javascript/easyui/themes/icons/ok.png HTTP/1.1" 304 -
101.85.93.70 - - [10/Sep/2022:11:01:01 +0800] "GET /xingrg/javascript/easyui/themes/icons/print.png HTTP/1.1" 304 -
101.85.93.70 - - [10/Sep/2022:11:01:01 +0800] "GET /xingrg/javascript/easyui/themes/default/images/menu_downarrow.png HTTP/1.1" 304 -
101.85.93.70 - - [10/Sep/2022:11:01:01 +0800] "GET /xingrg/javascript/easyui/themes/icons/cancel.png HTTP/1.1" 304 -
101.85.93.70 - - [10/Sep/2022:11:01:01 +0800] "GET /xingrg/kc/buy/cgsh_order_add.html HTTP/1.1" 200 67743
101.85.93.70 - - [10/Sep/2022:11:01:01 +0800] "POST /xingrg/kc/buy/cgsh_order_operate.html HTTP/1.1" 200 8245
101.85.93.70 - - [10/Sep/2022:11:01:01 +0800] "GET /xingrg/all/common/auto_word.html?type=employee&rest_code=00142 HTTP/1.1" 200 105
101.85.93.70 - - [10/Sep/2022:11:01:01 +0800] "GET /xingrg/javascript/easyui/themes/default/validatebox.css HTTP/1.1" 404 1104
101.85.93.70 - - [10/Sep/2022:11:01:01 +0800] "GET /xingrg/javascript/easyui/plugins/jquery.validatebox.js HTTP/1.1" 304 -
101.85.93.70 - - [10/Sep/2022:11:01:01 +0800] "GET /xingrg/all/common/auto_word.html?type=employee&rest_code=00142 HTTP/1.1" 200 105
101.85.93.70 - - [10/Sep/2022:11:01:01 +0800] "GET /xingrg/javascript/easyui/themes/icons/edit_remove.png HTTP/1.1" 304 -
101.85.93.70 - - [10/Sep/2022:11:01:01 +0800] "GET /xingrg/javascript/easyui/plugins/jquery.numberbox.js HTTP/1.1" 304 -
101.85.93.70 - - [10/Sep/2022:11:01:03 +0800] "GET /xingrg/javascript/auto/indicator.gif HTTP/1.1" 404 1066
58.37.4.205 - - [10/Sep/2022:11:01:03 +0800] "GET /xingrg/all/function/internal_message.html?_=1662778861902&CODE_STATE=getMsg HTTP/1.1" 200 27
114.88.158.224 - - [10/Sep/2022:11:01:05 +0800] "GET /xingrg/kc/buy/cgsh_order_operate.html?command=get_materiel&rest_code=00141&code=00101010348&supplier_code=00100036&order_time=2022-09-10 HTTP/1.1" 200 431
101.85.93.70 - - [10/Sep/2022:11:01:07 +0800] "GET /xingrg/all/function/internal_message.html?_=1662778863452&CODE_STATE=getMsg HTTP/1.1" 200 27
116.225.121.189 - - [10/Sep/2022:11:01:08 +0800] "GET /xingrg/kc/buy/cgsh_order_operate.html?command=get_materiel&rest_code=00105&code=00101008175&supplier_code=00100203&order_time=2022-09-10 HTTP/1.1" 200 412
116.238.169.132 - - [10/Sep/2022:11:01:09 +0800] "GET /xingrg/all/function/internal_message.html?_=1662778874000&CODE_STATE=getMsg HTTP/1.1" 302 -
58.37.4.205 - - [10/Sep/2022:11:01:09 +0800] "POST /xingrg/dwr/call/plaincall/AjaxQqpsService.getMaterielByCode.dwr HTTP/1.1" 200 2692
58.37.4.205 - - [10/Sep/2022:11:01:11 +0800] "POST /xingrg/dwr/call/plaincall/AjaxQqpsService.saveMaterielItem.dwr HTTP/1.1" 200 79
116.224.255.128 - - [10/Sep/2022:11:01:11 +0800] "GET /xingrg/all/function/internal_message.html?_=1662778810468&CODE_STATE=getMsg HTTP/1.1" 200 27
180.163.29.217 - - [10/Sep/2022:11:01:12 +0800] "GET /xingrg/all/function/internal_message.html?_=1662777302411&CODE_STATE=getMsg HTTP/1.1" 302 -
180.163.29.217 - - [10/Sep/2022:11:01:12 +0800] "GET /xingrg/login.html HTTP/1.1" 200 7641
114.88.158.224 - - [10/Sep/2022:11:01:14 +0800] "GET /xingrg/kc/buy/cgsh_order_operate.html?command=get_materiel&rest_code=00141&code=00101016053&supplier_code=00100036&order_time=2022-09-10 HTTP/1.1" 200 408
58.37.4.205 - - [10/Sep/2022:11:01:15 +0800] "POST /xingrg/dwr/call/plaincall/AjaxQqpsService.saveOrder.dwr HTTP/1.1" 200 79
222.70.246.221 - - [10/Sep/2022:11:01:17 +0800] "GET /xingrg/all/function/internal_message.html?_=1662778895910&CODE_STATE=getMsg HTTP/1.1" 200 27
114.88.158.224 - - [10/Sep/2022:11:01:20 +0800] "GET /xingrg/kc/buy/cgsh_order_operate.html?command=get_materiel&rest_code=00141&code=00101010092&supplier_code=00100036&order_time=2022-09-10 HTTP/1.1" 200 449
180.163.28.55 - - [10/Sep/2022:11:01:24 +0800] "GET /xingrg/kc/base/wldb_order_list.html HTTP/1.1" 302 -
180.163.28.55 - - [10/Sep/2022:11:01:24 +0800] "GET /xingrg/login.html HTTP/1.1" 200 7641
116.232.194.65 - - [10/Sep/2022:11:01:29 +0800] "GET /xingrg/all/function/internal_message.html?_=1662778835320&CODE_STATE=getMsg HTTP/1.1" 200 27
114.88.158.224 - - [10/Sep/2022:11:01:29 +0800] "GET /xingrg/kc/buy/cgsh_order_operate.html?command=get_materiel&rest_code=00141&code=00101016105&supplier_code=00100036&order_time=2022-09-10 HTTP/1.1" 200 409
116.238.169.132 - - [10/Sep/2022:11:01:32 +0800] "GET /xingrg/all/function/internal_message.html?_=1662778892847&CODE_STATE=getMsg HTTP/1.1" 200 27
116.225.121.189 - - [10/Sep/2022:11:01:33 +0800] "GET /xingrg/kc/buy/cgsh_order_operate.html?command=get_materiel&rest_code=00105&code=00101008176&supplier_code=00100203&order_time=2022-09-10 HTTP/1.1" 200 412
101.85.93.70 - - [10/Sep/2022:11:01:33 +0800] "GET /xingrg/kc/buy/cgsh_order_operate.html?command=get_materiel&rest_code=00142&code=00101011001&supplier_code=00100311&order_time=2022-09-10 HTTP/1.1" 200 423
114.84.5.35 - - [10/Sep/2022:11:01:37 +0800] "GET /xingrg/all/function/internal_message.html?_=1662778889483&CODE_STATE=getMsg HTTP/1.1" 200 27
58.37.4.205 - - [10/Sep/2022:11:01:37 +0800] "GET /xingrg/kc/base/base_main.html HTTP/1.1" 200 12142
58.37.4.205 - - [10/Sep/2022:11:01:39 +0800] "GET /xingrg/kc/mdqp/qp_main.html HTTP/1.1" 200 10633
58.37.4.205 - - [10/Sep/2022:11:01:41 +0800] "GET /xingrg/kc/mdqp/qqps_order_list.html HTTP/1.1" 200 10416
58.37.4.205 - - [10/Sep/2022:11:01:41 +0800] "GET /xingrg/dwr/engine.js HTTP/1.1" 200 43631
58.37.4.205 - - [10/Sep/2022:11:01:41 +0800] "GET /xingrg/dwr/interface/AjaxQqpsService.js HTTP/1.1" 200 16326
58.37.4.205 - - [10/Sep/2022:11:01:41 +0800] "GET /xingrg/dwr/interface/AjaxReportQueryService.js HTTP/1.1" 200 13203
114.88.158.224 - - [10/Sep/2022:11:01:41 +0800] "POST /xingrg/kc/buy/cgsh_order_operate.html HTTP/1.1" 200 37
116.225.121.189 - - [10/Sep/2022:11:01:41 +0800] "GET /xingrg/all/function/internal_message.html?_=1662778899884&CODE_STATE=getMsg HTTP/1.1" 200 27
58.37.4.205 - - [10/Sep/2022:11:01:42 +0800] "GET /xingrg/kc/mdqp/qqps_order_info.html?code=302022091000194 HTTP/1.1" 200 28400
58.37.4.205 - - [10/Sep/2022:11:01:42 +0800] "GET /xingrg/dwr/interface/AjaxQqpsService.js HTTP/1.1" 200 16326
58.37.4.205 - - [10/Sep/2022:11:01:42 +0800] "GET /xingrg/dwr/interface/AjaxComOrderService.js HTTP/1.1" 200 18264
58.37.4.205 - - [10/Sep/2022:11:01:42 +0800] "GET /xingrg/dwr/engine.js HTTP/1.1" 200 43631
114.88.158.224 - - [10/Sep/2022:11:01:42 +0800] "GET /xingrg/all/function/internal_message.html?_=1662778554117&CODE_STATE=getMsg HTTP/1.1" 200 27
58.37.4.205 - - [10/Sep/2022:11:01:43 +0800] "POST /xingrg/dwr/call/plaincall/AjaxQqpsService.loadMaterielItems.dwr HTTP/1.1" 200 2115
114.88.158.224 - - [10/Sep/2022:11:01:45 +0800] "POST /xingrg/kc/buy/cgsh_order_operate.html HTTP/1.1" 200 12
114.88.158.224 - - [10/Sep/2022:11:01:46 +0800] "GET /xingrg/kc/buy/cgsh_order_info.html?code=212022091003558 HTTP/1.1" 200 63529
114.88.158.224 - - [10/Sep/2022:11:01:46 +0800] "GET /xingrg/javascript/easyui/themes/default/validatebox.css HTTP/1.1" 404 1104
114.88.158.224 - - [10/Sep/2022:11:01:47 +0800] "POST /xingrg/kc/buy/cgsh_order_operate.html HTTP/1.1" 200 4774
124.79.74.72 - - [10/Sep/2022:11:01:47 +0800] "GET /xingrg/all/function/internal_message.html?_=1662778902245&CODE_STATE=getMsg HTTP/1.1" 200 27
114.88.158.224 - - [10/Sep/2022:11:01:48 +0800] "GET /xingrg/kc/print/load_data.html?order_code=212022091003558&kc_code=cgsh&condition= HTTP/1.1" 200 2388
101.83.241.167 - - [10/Sep/2022:11:01:48 +0800] "GET /xingrg/all/function/internal_message.html?_=1662778901686&CODE_STATE=getMsg HTTP/1.1" 200 27
116.225.121.189 - - [10/Sep/2022:11:01:48 +0800] "GET /xingrg/all/function/internal_message.html?_=1662778767459&CODE_STATE=getMsg HTTP/1.1" 200 27
116.225.121.189 - - [10/Sep/2022:11:01:48 +0800] "GET /xingrg/check_reg.html?_=1662778767461 HTTP/1.1" 200 22
101.85.93.70 - - [10/Sep/2022:11:01:49 +0800] "GET /xingrg/kc/buy/cgsh_order_operate.html?command=get_materiel&rest_code=00142&code=00101011005&supplier_code=00100311&order_time=2022-09-10 HTTP/1.1" 200 428
114.88.158.224 - - [10/Sep/2022:11:01:51 +0800] "GET /xingrg/kc/buy/cgsh_order_add.html HTTP/1.1" 200 68624
114.88.158.224 - - [10/Sep/2022:11:01:51 +0800] "POST /xingrg/kc/buy/cgsh_order_operate.html HTTP/1.1" 200 8245
114.88.158.224 - - [10/Sep/2022:11:01:52 +0800] "GET /xingrg/javascript/easyui/themes/default/validatebox.css HTTP/1.1" 404 1104
116.225.121.189 - - [10/Sep/2022:11:01:53 +0800] "GET /xingrg/kc/buy/cgsh_order_operate.html?command=get_materiel&rest_code=00105&code=00101008132&supplier_code=00100203&order_time=2022-09-10 HTTP/1.1" 200 408
116.225.121.189 - - [10/Sep/2022:11:01:58 +0800] "POST /xingrg/kc/buy/cgsh_order_operate.html HTTP/1.1" 200 2065
114.83.219.57 - - [10/Sep/2022:11:01:59 +0800] "GET /xingrg/all/function/internal_message.html?_=1662778997200&CODE_STATE=getMsg HTTP/1.1" 200 27
114.88.158.224 - - [10/Sep/2022:11:02:00 +0800] "GET /xingrg/kc/buy/cgsh_order_operate.html?command=get_materiel&rest_code=00141&code=00101006111&supplier_code=00100012&order_time=2022-09-10 HTTP/1.1" 200 409
58.37.4.205 - - [10/Sep/2022:11:02:03 +0800] "GET /xingrg/all/function/internal_message.html?_=1662778921875&CODE_STATE=getMsg HTTP/1.1" 200 27
114.88.158.224 - - [10/Sep/2022:11:02:06 +0800] "GET /xingrg/kc/buy/cgsh_order_operate.html?command=get_materiel&rest_code=00141&code=00101006109&supplier_code=00100012&order_time=2022-09-10 HTTP/1.1" 200 409
101.85.93.70 - - [10/Sep/2022:11:02:07 +0800] "GET /xingrg/all/function/internal_message.html?_=1662778923454&CODE_STATE=getMsg HTTP/1.1" 200 27
101.85.93.70 - - [10/Sep/2022:11:02:07 +0800] "GET /xingrg/check_reg.html?_=1662778923457 HTTP/1.1" 200 22
116.224.255.128 - - [10/Sep/2022:11:02:08 +0800] "GET /xingrg/check_reg.html?_=1662778867209 HTTP/1.1" 200 22
116.238.169.132 - - [10/Sep/2022:11:02:09 +0800] "GET /xingrg/all/function/internal_message.html?_=1662778934002&CODE_STATE=getMsg HTTP/1.1" 302 -
116.238.169.132 - - [10/Sep/2022:11:02:09 +0800] "GET /xingrg/check_reg.html?_=1662778934004 HTTP/1.1" 302 -
116.225.121.189 - - [10/Sep/2022:11:02:10 +0800] "GET /xingrg/kc/buy/cgsh_order_operate.html?command=get_materiel&rest_code=00105&code=00101008257&supplier_code=00100203&order_time=2022-09-10 HTTP/1.1" 200 416
116.224.255.128 - - [10/Sep/2022:11:02:11 +0800] "GET /xingrg/all/function/internal_message.html?_=1662778870480&CODE_STATE=getMsg HTTP/1.1" 200 27
114.88.158.224 - - [10/Sep/2022:11:02:16 +0800] "GET /xingrg/kc/buy/cgsh_order_operate.html?command=get_materiel&rest_code=00141&code=00101006129&supplier_code=00100012&order_time=2022-09-10 HTTP/1.1" 200 433
114.84.81.136 - - [10/Sep/2022:11:02:17 +0800] "GET /xingrg/check_reg.html?_=1662778932067 HTTP/1.1" 200 22
222.70.246.221 - - [10/Sep/2022:11:02:18 +0800] "GET /xingrg/all/function/internal_message.html?_=1662778956177&CODE_STATE=getMsg HTTP/1.1" 200 27
58.37.4.205 - - [10/Sep/2022:11:02:23 +0800] "GET /xingrg/kc/mdqp/qp_main.html HTTP/1.1" 200 10633
58.37.4.205 - - [10/Sep/2022:11:02:27 +0800] "GET /xingrg/kc/mdqp/pssh_order_list.html HTTP/1.1" 200 17857
58.37.4.205 - - [10/Sep/2022:11:02:27 +0800] "POST /xingrg/kc/mdqp/pssh_list_operate.html HTTP/1.1" 200 5456
116.232.194.65 - - [10/Sep/2022:11:02:29 +0800] "GET /xingrg/all/function/internal_message.html?_=1662778895313&CODE_STATE=getMsg HTTP/1.1" 200 27
116.238.169.132 - - [10/Sep/2022:11:02:32 +0800] "GET /xingrg/all/function/internal_message.html?_=1662778952845&CODE_STATE=getMsg HTTP/1.1" 200 27
114.88.158.224 - - [10/Sep/2022:11:02:33 +0800] "GET /xingrg/kc/buy/cgsh_order_operate.html?command=get_materiel&rest_code=00141&code=00101006177&supplier_code=00100012&order_time=2022-09-10 HTTP/1.1" 200 409
58.37.4.205 - - [10/Sep/2022:11:02:35 +0800] "POST /xingrg/kc/mdqp/pssh_list_operate.html HTTP/1.1" 200 5465
114.84.5.35 - - [10/Sep/2022:11:02:37 +0800] "GET /xingrg/all/function/internal_message.html?_=1662778949483&CODE_STATE=getMsg HTTP/1.1" 200 27
58.37.4.205 - - [10/Sep/2022:11:02:37 +0800] "POST /xingrg/kc/mdqp/pssh_list_operate.html HTTP/1.1" 200 260
58.37.4.205 - - [10/Sep/2022:11:02:38 +0800] "POST /xingrg/kc/mdqp/pssh_list_operate.html HTTP/1.1" 200 766
114.88.158.224 - - [10/Sep/2022:11:02:40 +0800] "GET /xingrg/kc/buy/cgsh_order_operate.html?command=get_materiel&rest_code=00141&code=00101006193&supplier_code=00100012&order_time=2022-09-10 HTTP/1.1" 200 409
116.238.169.132 - - [10/Sep/2022:11:02:41 +0800] "GET /xingrg/kc/base/wldb_order_info.html?code=422022091000839 HTTP/1.1" 200 26267
58.37.4.205 - - [10/Sep/2022:11:02:41 +0800] "POST /xingrg/kc/mdqp/pssh_list_operate.html HTTP/1.1" 200 750
116.238.169.132 - - [10/Sep/2022:11:02:41 +0800] "GET /xingrg/javascript/easyui/themes/default/validatebox.css HTTP/1.1" 404 1104
116.238.169.132 - - [10/Sep/2022:11:02:41 +0800] "POST /xingrg/kc/base/wldb_order_operate.html HTTP/1.1" 200 4925
116.225.121.189 - - [10/Sep/2022:11:02:41 +0800] "GET /xingrg/all/function/internal_message.html?_=1662778959876&CODE_STATE=getMsg HTTP/1.1" 200 27
114.88.158.224 - - [10/Sep/2022:11:02:42 +0800] "GET /xingrg/all/function/internal_message.html?_=1662778614105&CODE_STATE=getMsg HTTP/1.1" 200 27
58.37.4.205 - - [10/Sep/2022:11:02:43 +0800] "POST /xingrg/kc/mdqp/pssh_list_operate.html HTTP/1.1" 200 766
58.37.4.205 - - [10/Sep/2022:11:02:45 +0800] "POST /xingrg/kc/mdqp/pssh_list_operate.html HTTP/1.1" 200 551
58.37.4.205 - - [10/Sep/2022:11:02:47 +0800] "POST /xingrg/kc/mdqp/pssh_list_operate.html HTTP/1.1" 200 354
124.79.74.72 - - [10/Sep/2022:11:02:47 +0800] "GET /xingrg/all/function/internal_message.html?_=1662778962215&CODE_STATE=getMsg HTTP/1.1" 200 27
101.83.241.167 - - [10/Sep/2022:11:02:48 +0800] "GET /xingrg/all/function/internal_message.html?_=1662778961665&CODE_STATE=getMsg HTTP/1.1" 200 27
58.37.4.205 - - [10/Sep/2022:11:02:48 +0800] "POST /xingrg/kc/mdqp/pssh_list_operate.html HTTP/1.1" 200 567
116.225.121.189 - - [10/Sep/2022:11:02:48 +0800] "GET /xingrg/all/function/internal_message.html?_=1662778827453&CODE_STATE=getMsg HTTP/1.1" 200 27
116.238.169.132 - - [10/Sep/2022:11:02:49 +0800] "GET /xingrg/kc/base/wldb_order_add.html HTTP/1.1" 200 30390
116.238.169.132 - - [10/Sep/2022:11:02:49 +0800] "POST /xingrg/kc/base/wldb_order_operate.html HTTP/1.1" 200 6806
116.238.169.132 - - [10/Sep/2022:11:02:49 +0800] "GET /xingrg/javascript/easyui/themes/default/validatebox.css HTTP/1.1" 404 1104
116.238.169.132 - - [10/Sep/2022:11:02:52 +0800] "POST /xingrg/all/common/load_combo.html?type=base HTTP/1.1" 200 3321
58.37.4.205 - - [10/Sep/2022:11:02:52 +0800] "GET /xingrg/kc/buy/buy_main.html HTTP/1.1" 200 12412
58.37.4.205 - - [10/Sep/2022:11:02:52 +0800] "GET /xingrg/css/new_ie.css HTTP/1.1" 404 1036
116.238.169.132 - - [10/Sep/2022:11:02:55 +0800] "POST /xingrg/all/common/load_combo.html?type=base HTTP/1.1" 200 3321
58.37.4.205 - - [10/Sep/2022:11:02:56 +0800] "GET /xingrg/images/yd/bt.gif HTTP/1.1" 404 1040
58.37.4.205 - - [10/Sep/2022:11:02:56 +0800] "GET /xingrg/kc/buy/cgsh_order_list.html HTTP/1.1" 200 52842
101.85.93.70 - - [10/Sep/2022:11:02:58 +0800] "GET /xingrg/javascript/jquery_tools/images/next.gif HTTP/1.1" 404 1086
101.85.93.70 - - [10/Sep/2022:11:02:58 +0800] "GET /xingrg/javascript/jquery_tools/images/prev.gif HTTP/1.1" 404 1086
114.83.219.57 - - [10/Sep/2022:11:02:59 +0800] "GET /xingrg/all/function/internal_message.html?_=1662779057183&CODE_STATE=getMsg HTTP/1.1" 200 27
114.88.158.224 - - [10/Sep/2022:11:02:59 +0800] "POST /xingrg/kc/buy/cgsh_order_operate.html HTTP/1.1" 200 37
58.37.4.205 - - [10/Sep/2022:11:02:59 +0800] "POST /xingrg/kc/buy/cgsh_list_operate.html HTTP/1.1" 200 752
58.37.4.205 - - [10/Sep/2022:11:03:01 +0800] "GET /xingrg/kc/buy/cgsh_order_add.html HTTP/1.1" 200 68624
58.37.4.205 - - [10/Sep/2022:11:03:01 +0800] "POST /xingrg/kc/buy/cgsh_order_operate.html HTTP/1.1" 200 8245
58.37.4.205 - - [10/Sep/2022:11:03:01 +0800] "GET /xingrg/javascript/easyui/themes/default/validatebox.css HTTP/1.1" 404 1104
58.37.4.205 - - [10/Sep/2022:11:03:03 +0800] "GET /xingrg/javascript/easyui/themes/default/tree.css HTTP/1.1" 404 1090
114.88.158.224 - - [10/Sep/2022:11:03:03 +0800] "POST /xingrg/kc/buy/cgsh_order_operate.html HTTP/1.1" 200 12
58.37.4.205 - - [10/Sep/2022:11:03:03 +0800] "POST /xingrg/all/common/load_tree.html?tree=supplier_tree_json&isDelete=1 HTTP/1.1" 200 68331
114.88.158.224 - - [10/Sep/2022:11:03:04 +0800] "GET /xingrg/kc/buy/cgsh_order_info.html?code=212022091003559 HTTP/1.1" 200 63527
114.88.158.224 - - [10/Sep/2022:11:03:04 +0800] "GET /xingrg/javascript/easyui/themes/default/validatebox.css HTTP/1.1" 404 1104
58.37.4.205 - - [10/Sep/2022:11:03:05 +0800] "GET /xingrg/all/function/internal_message.html?_=1662778983004&CODE_STATE=getMsg HTTP/1.1" 200 27
101.85.93.70 - - [10/Sep/2022:11:03:06 +0800] "POST /xingrg/kc/buy/cgsh_order_operate.html HTTP/1.1" 200 37
114.88.158.224 - - [10/Sep/2022:11:03:06 +0800] "POST /xingrg/kc/buy/cgsh_order_operate.html HTTP/1.1" 200 3569
114.88.158.224 - - [10/Sep/2022:11:03:07 +0800] "GET /xingrg/kc/print/load_data.html?order_code=212022091003559&kc_code=cgsh&condition= HTTP/1.1" 200 1933
116.238.169.132 - - [10/Sep/2022:11:03:08 +0800] "GET /xingrg/kc/base/wldb_order_operate.html?command=get_materiel&rest_code=00102&base_code=0010476&code=00101019015 HTTP/1.1" 200 449
116.238.169.132 - - [10/Sep/2022:11:03:09 +0800] "GET /xingrg/all/function/internal_message.html?_=1662778994004&CODE_STATE=getMsg HTTP/1.1" 302 -
116.238.169.132 - - [10/Sep/2022:11:03:10 +0800] "GET /xingrg/all/function/internal_message.html?_=1662778986993&CODE_STATE=getMsg HTTP/1.1" 200 27
114.88.158.224 - - [10/Sep/2022:11:03:10 +0800] "GET /xingrg/kc/buy/cgsh_order_add.html HTTP/1.1" 200 68624
114.88.158.224 - - [10/Sep/2022:11:03:11 +0800] "POST /xingrg/kc/buy/cgsh_order_operate.html HTTP/1.1" 200 8245
114.88.158.224 - - [10/Sep/2022:11:03:11 +0800] "GET /xingrg/javascript/easyui/themes/default/validatebox.css HTTP/1.1" 404 1104
101.85.93.70 - - [10/Sep/2022:11:03:11 +0800] "GET /xingrg/all/function/internal_message.html?_=1662778987701&CODE_STATE=getMsg HTTP/1.1" 200 27
116.224.255.128 - - [10/Sep/2022:11:03:11 +0800] "GET /xingrg/all/function/internal_message.html?_=1662778930494&CODE_STATE=getMsg HTTP/1.1" 200 27
101.85.93.70 - - [10/Sep/2022:11:03:12 +0800] "POST /xingrg/kc/buy/cgsh_order_operate.html HTTP/1.1" 200 5041
116.238.169.132 - - [10/Sep/2022:11:03:15 +0800] "POST /xingrg/kc/base/wldb_order_operate.html HTTP/1.1" 200 37
116.238.169.132 - - [10/Sep/2022:11:03:17 +0800] "POST /xingrg/kc/base/wldb_order_operate.html HTTP/1.1" 200 12
116.238.169.132 - - [10/Sep/2022:11:03:17 +0800] "POST /xingrg/kc/base/wldb_order_operate.html HTTP/1.1" 200 2189
222.70.246.221 - - [10/Sep/2022:11:03:18 +0800] "GET /xingrg/all/function/internal_message.html?_=1662779016188&CODE_STATE=getMsg HTTP/1.1" 200 27
116.238.169.132 - - [10/Sep/2022:11:03:19 +0800] "GET /xingrg/kc/base/wldb_order_info.html?code=422022091000840 HTTP/1.1" 200 26266
116.238.169.132 - - [10/Sep/2022:11:03:19 +0800] "GET /xingrg/javascript/easyui/themes/default/validatebox.css HTTP/1.1" 404 1104
116.238.169.132 - - [10/Sep/2022:11:03:19 +0800] "POST /xingrg/kc/base/wldb_order_operate.html HTTP/1.1" 200 483
116.238.169.132 - - [10/Sep/2022:11:03:21 +0800] "GET /xingrg/kc/print/load_config.html?kc_code=wldb HTTP/1.1" 200 2173
116.238.169.132 - - [10/Sep/2022:11:03:21 +0800] "GET /xingrg/kc/print/load_data.html?order_code=422022091000840&kc_code=wldb&condition= HTTP/1.1" 200 580
114.88.158.224 - - [10/Sep/2022:11:03:23 +0800] "GET /xingrg/kc/buy/cgsh_order_operate.html?command=get_materiel&rest_code=00141&code=00101029002&supplier_code=00100040&order_time=2022-09-10 HTTP/1.1" 200 469
116.232.194.65 - - [10/Sep/2022:11:03:29 +0800] "GET /xingrg/all/function/internal_message.html?_=1662778955328&CODE_STATE=getMsg HTTP/1.1" 200 27
116.232.194.65 - - [10/Sep/2022:11:03:29 +0800] "GET /xingrg/check_reg.html?_=1662778955330 HTTP/1.1" 200 22
124.79.74.72 - - [10/Sep/2022:11:03:30 +0800] "GET /xingrg/check_reg.html?_=1662779005059 HTTP/1.1" 200 22
116.238.169.132 - - [10/Sep/2022:11:03:32 +0800] "GET /xingrg/all/function/internal_message.html?_=1662779012843&CODE_STATE=getMsg HTTP/1.1" 200 27
116.238.169.132 - - [10/Sep/2022:11:03:32 +0800] "GET /xingrg/check_reg.html?_=1662779012847 HTTP/1.1" 200 22
101.83.241.167 - - [10/Sep/2022:11:03:35 +0800] "GET /xingrg/check_reg.html?_=1662779009182 HTTP/1.1" 200 22
116.238.169.132 - - [10/Sep/2022:11:03:36 +0800] "GET /xingrg/kc/base/wldb_order_add.html HTTP/1.1" 200 30390
116.238.169.132 - - [10/Sep/2022:11:03:37 +0800] "POST /xingrg/kc/base/wldb_order_operate.html HTTP/1.1" 200 6806
114.84.5.35 - - [10/Sep/2022:11:03:37 +0800] "GET /xingrg/check_reg.html?_=1662779009486 HTTP/1.1" 200 22
116.238.169.132 - - [10/Sep/2022:11:03:37 +0800] "GET /xingrg/javascript/easyui/themes/default/validatebox.css HTTP/1.1" 404 1104
114.84.5.35 - - [10/Sep/2022:11:03:37 +0800] "GET /xingrg/all/function/internal_message.html?_=1662779009483&CODE_STATE=getMsg HTTP/1.1" 200 27
101.85.93.70 - - [10/Sep/2022:11:03:37 +0800] "POST /xingrg/kc/buy/cgsh_order_operate.html HTTP/1.1" 200 37
116.225.121.189 - - [10/Sep/2022:11:03:41 +0800] "GET /xingrg/all/function/internal_message.html?_=1662779019878&CODE_STATE=getMsg HTTP/1.1" 200 27
116.238.169.132 - - [10/Sep/2022:11:03:41 +0800] "POST /xingrg/all/common/load_combo.html?type=base HTTP/1.1" 200 3321
114.88.158.224 - - [10/Sep/2022:11:03:42 +0800] "GET /xingrg/kc/buy/cgsh_order_operate.html?command=get_materiel&rest_code=00141&code=00101032003&supplier_code=00100040&order_time=2022-09-10 HTTP/1.1" 200 416
101.85.93.70 - - [10/Sep/2022:11:03:42 +0800] "POST /xingrg/kc/buy/cgsh_order_operate.html HTTP/1.1" 200 12
114.88.158.224 - - [10/Sep/2022:11:03:42 +0800] "GET /xingrg/all/function/internal_message.html?_=1662778674111&CODE_STATE=getMsg HTTP/1.1" 200 27
116.238.169.132 - - [10/Sep/2022:11:03:43 +0800] "POST /xingrg/all/common/load_combo.html?type=base HTTP/1.1" 200 3321
101.85.93.70 - - [10/Sep/2022:11:03:43 +0800] "GET /xingrg/kc/buy/cgsh_order_info.html?code=212022091003560 HTTP/1.1" 200 62650
116.225.121.189 - - [10/Sep/2022:11:03:44 +0800] "GET /xingrg/kc/buy/cgsh_order_operate.html?command=get_materiel&rest_code=00105&code=00101008244&supplier_code=00100203&order_time=2022-09-10 HTTP/1.1" 200 408
101.85.93.70 - - [10/Sep/2022:11:03:44 +0800] "GET /xingrg/javascript/easyui/themes/default/validatebox.css HTTP/1.1" 404 1104
101.85.93.70 - - [10/Sep/2022:11:03:44 +0800] "POST /xingrg/kc/buy/cgsh_order_operate.html HTTP/1.1" 200 2990
101.85.93.70 - - [10/Sep/2022:11:03:46 +0800] "GET /xingrg/kc/print/load_config.html?kc_code=cgsh HTTP/1.1" 200 1943
101.85.93.70 - - [10/Sep/2022:11:03:46 +0800] "GET /xingrg/kc/print/load_data.html?order_code=212022091003560&kc_code=cgsh&condition= HTTP/1.1" 200 1638
124.79.74.72 - - [10/Sep/2022:11:03:47 +0800] "GET /xingrg/all/function/internal_message.html?_=1662779022186&CODE_STATE=getMsg HTTP/1.1" 200 27
101.83.241.167 - - [10/Sep/2022:11:03:48 +0800] "GET /xingrg/all/function/internal_message.html?_=1662779021645&CODE_STATE=getMsg HTTP/1.1" 200 27
116.225.121.189 - - [10/Sep/2022:11:03:48 +0800] "GET /xingrg/all/function/internal_message.html?_=1662778887440&CODE_STATE=getMsg HTTP/1.1" 200 27
101.85.93.70 - - [10/Sep/2022:11:03:52 +0800] "GET /xingrg/kc/buy/cgsh_order_add.html HTTP/1.1" 200 67743
101.85.93.70 - - [10/Sep/2022:11:03:52 +0800] "POST /xingrg/kc/buy/cgsh_order_operate.html HTTP/1.1" 200 8245
101.85.93.70 - - [10/Sep/2022:11:03:52 +0800] "GET /xingrg/javascript/easyui/themes/default/validatebox.css HTTP/1.1" 404 1104
114.88.158.224 - - [10/Sep/2022:11:03:56 +0800] "GET /xingrg/kc/buy/cgsh_order_operate.html?command=get_materiel&rest_code=00141&code=00101001075&supplier_code=00100040&order_time=2022-09-10 HTTP/1.1" 200 409
114.83.219.57 - - [10/Sep/2022:11:03:59 +0800] "GET /xingrg/all/function/internal_message.html?_=1662779117159&CODE_STATE=getMsg HTTP/1.1" 200 27
58.37.4.205 - - [10/Sep/2022:11:04:05 +0800] "GET /xingrg/all/function/internal_message.html?_=1662779042983&CODE_STATE=getMsg HTTP/1.1" 200 27
