116.238.169.132 - - [10/Sep/2022:09:05:10 +0800] "GET /xingrg/all/function/internal_message.html?_=1662771906982&CODE_STATE=getMsg HTTP/1.1" 200 27
58.37.4.205 - - [10/Sep/2022:09:05:11 +0800] "GET /xingrg/kc/buy/cgsh_order_operate.html?command=get_materiel&rest_code=00106&code=00101008439&supplier_code=00100007&order_time=2022-09-10 HTTP/1.1" 200 412
114.83.219.57 - - [10/Sep/2022:09:05:13 +0800] "GET /xingrg/kc/buy/cgsh_order_operate.html?command=get_materiel&rest_code=00154&code=00101009049&supplier_code=00100466&order_time=2022-09-08 HTTP/1.1" 200 417
114.83.219.57 - - [10/Sep/2022:09:05:15 +0800] "GET /xingrg/all/function/internal_message.html?_=1662771993037&CODE_STATE=getMsg HTTP/1.1" 200 27
222.70.246.221 - - [10/Sep/2022:09:05:15 +0800] "GET /xingrg/kc/buy/cgsh_order_operate.html?command=get_materiel&rest_code=00146&code=00101008360&supplier_code=00100005&order_time=2022-09-10 HTTP/1.1" 200 431
58.37.4.205 - - [10/Sep/2022:09:05:19 +0800] "GET /xingrg/kc/buy/cgsh_order_operate.html?command=get_materiel&rest_code=00106&code=00101008357&supplier_code=00100007&order_time=2022-09-10 HTTP/1.1" 200 408
180.163.28.109 - - [10/Sep/2022:09:05:19 +0800] "GET /xingrg/kc/buy/cgsh_order_operate.html?command=get_materiel&rest_code=00106&code=00101008313&supplier_code=00100007&order_time=2022-09-10 HTTP/1.1" 302 -
180.163.28.109 - - [10/Sep/2022:09:05:19 +0800] "GET /xingrg/login.html HTTP/1.1" 200 7641
116.232.194.65 - - [10/Sep/2022:09:05:21 +0800] "GET /xingrg/all/function/internal_message.html?_=1662771867711&CODE_STATE=getMsg HTTP/1.1" 200 27
180.163.29.217 - - [10/Sep/2022:09:05:26 +0800] "GET /xingrg/kc/buy/cgsh_order_operate.html?command=get_materiel&rest_code=00106&code=00101008149&supplier_code=00100007&order_time=2022-09-10 HTTP/1.1" 302 -
58.37.4.205 - - [10/Sep/2022:09:05:26 +0800] "GET /xingrg/kc/buy/cgsh_order_operate.html?command=get_materiel&rest_code=00106&code=00101008069&supplier_code=00100007&order_time=2022-09-10 HTTP/1.1" 200 412
180.163.29.217 - - [10/Sep/2022:09:05:26 +0800] "GET /xingrg/login.html HTTP/1.1" 200 7641
58.37.4.205 - - [10/Sep/2022:09:05:28 +0800] "POST /xingrg/kc/buy/cgsh_order_operate.html HTTP/1.1" 200 2065
222.70.246.221 - - [10/Sep/2022:09:05:30 +0800] "GET /xingrg/kc/buy/cgsh_order_operate.html?command=get_materiel&rest_code=00146&code=00101008196&supplier_code=00100005&order_time=2022-09-10 HTTP/1.1" 200 416
116.238.169.132 - - [10/Sep/2022:09:05:32 +0800] "GET /xingrg/all/function/internal_message.html?_=1662771932754&CODE_STATE=getMsg HTTP/1.1" 200 27
180.163.28.109 - - [10/Sep/2022:09:05:35 +0800] "GET /xingrg/kc/buy/cgsh_order_operate.html?command=get_materiel&rest_code=00106&code=00101008163&supplier_code=00100007&order_time=2022-09-10 HTTP/1.1" 302 -
180.163.28.109 - - [10/Sep/2022:09:05:35 +0800] "GET /xingrg/login.html HTTP/1.1" 200 7641
222.70.246.221 - - [10/Sep/2022:09:05:39 +0800] "POST /xingrg/kc/buy/cgsh_order_operate.html HTTP/1.1" 200 2065
116.224.255.128 - - [10/Sep/2022:09:05:44 +0800] "GET /xingrg/all/function/internal_message.html?_=1662771883242&CODE_STATE=getMsg HTTP/1.1" 200 27
222.70.246.221 - - [10/Sep/2022:09:05:45 +0800] "GET /xingrg/kc/buy/cgsh_order_operate.html?command=get_materiel&rest_code=00146&code=00101008197&supplier_code=00100005&order_time=2022-09-10 HTTP/1.1" 200 416
124.79.74.72 - - [10/Sep/2022:09:05:49 +0800] "GET /xingrg/all/function/internal_message.html?_=1662771944249&CODE_STATE=getMsg HTTP/1.1" 200 27
120.253.135.82 - - [10/Sep/2022:09:05:53 +0800] "GET /xingrg/all/function/internal_message.html?_=1662771749810&CODE_STATE=getMsg HTTP/1.1" 200 27
58.37.4.205 - - [10/Sep/2022:09:05:55 +0800] "GET /xingrg/all/function/internal_message.html?_=1662771953132&CODE_STATE=getMsg HTTP/1.1" 200 27
58.37.4.205 - - [10/Sep/2022:09:05:55 +0800] "GET /xingrg/check_reg.html?_=1662771953131 HTTP/1.1" 200 22
222.70.246.221 - - [10/Sep/2022:09:05:55 +0800] "POST /xingrg/kc/buy/cgsh_order_operate.html HTTP/1.1" 200 37
58.37.4.205 - - [10/Sep/2022:09:05:57 +0800] "GET /xingrg/kc/buy/cgsh_order_operate.html?command=get_materiel&rest_code=00106&code=00101008233&supplier_code=00100007&order_time=2022-09-10 HTTP/1.1" 200 408
222.70.246.221 - - [10/Sep/2022:09:05:57 +0800] "POST /xingrg/kc/buy/cgsh_order_operate.html HTTP/1.1" 200 35210
116.225.121.189 - - [10/Sep/2022:09:05:58 +0800] "GET /favicon.ico HTTP/1.1" 404 -
116.225.121.189 - - [10/Sep/2022:09:06:00 +0800] "GET /xingrg/index.html?sysBaseUrl=http%3A%2F%2F180.169.147.146%3A18081%2Fxingrg%2F&costTime=32×tamp=1585224308505 HTTP/1.1" 302 -
116.225.121.189 - - [10/Sep/2022:09:06:00 +0800] "GET /xingrg/login.html HTTP/1.1" 200 7641
116.225.121.189 - - [10/Sep/2022:09:06:01 +0800] "GET /xingrg/images/blue/jxLogo.png HTTP/1.1" 304 -
222.70.246.221 - - [10/Sep/2022:09:06:05 +0800] "GET /xingrg/all/function/internal_message.html?_=1662771983148&CODE_STATE=getMsg HTTP/1.1" 200 27
114.83.219.57 - - [10/Sep/2022:09:06:06 +0800] "POST /xingrg/kc/buy/cgsh_order_operate.html HTTP/1.1" 200 37
58.37.4.205 - - [10/Sep/2022:09:06:06 +0800] "GET /xingrg/kc/buy/cgsh_order_operate.html?command=get_materiel&rest_code=00106&code=00101008318&supplier_code=00100007&order_time=2022-09-10 HTTP/1.1" 200 408
116.225.121.189 - - [10/Sep/2022:09:06:06 +0800] "GET /xingrg/images/blue/login_bg.png HTTP/1.1" 304 -
116.225.121.189 - - [10/Sep/2022:09:06:06 +0800] "GET /xingrg/images/blue/hj.png HTTP/1.1" 304 -
116.225.121.189 - - [10/Sep/2022:09:06:07 +0800] "GET /xingrg/images/blue/srbg.png HTTP/1.1" 304 -
116.225.121.189 - - [10/Sep/2022:09:06:07 +0800] "GET /favicon.ico HTTP/1.1" 404 -
114.83.219.57 - - [10/Sep/2022:09:06:08 +0800] "POST /xingrg/kc/buy/cgsh_order_operate.html HTTP/1.1" 200 16925
58.37.4.205 - - [10/Sep/2022:09:06:08 +0800] "POST /xingrg/kc/buy/cgsh_order_operate.html HTTP/1.1" 200 2065
116.238.169.132 - - [10/Sep/2022:09:06:09 +0800] "GET /xingrg/all/function/internal_message.html?_=1662771973906&CODE_STATE=getMsg HTTP/1.1" 200 27
222.70.246.221 - - [10/Sep/2022:09:06:09 +0800] "POST /xingrg/kc/buy/cgsh_order_operate.html HTTP/1.1" 200 37
116.238.169.132 - - [10/Sep/2022:09:06:10 +0800] "GET /xingrg/check_reg.html?_=1662771966991 HTTP/1.1" 200 22
116.238.169.132 - - [10/Sep/2022:09:06:10 +0800] "GET /xingrg/all/function/internal_message.html?_=1662771966992&CODE_STATE=getMsg HTTP/1.1" 200 27
222.70.246.221 - - [10/Sep/2022:09:06:13 +0800] "POST /xingrg/kc/buy/cgsh_order_operate.html HTTP/1.1" 200 35210
58.37.4.205 - - [10/Sep/2022:09:06:13 +0800] "GET /xingrg/kc/buy/cgsh_order_operate.html?command=get_materiel&rest_code=00106&code=00101008352&supplier_code=00100007&order_time=2022-09-10 HTTP/1.1" 200 412
114.83.219.57 - - [10/Sep/2022:09:06:15 +0800] "GET /xingrg/all/function/internal_message.html?_=1662772053020&CODE_STATE=getMsg HTTP/1.1" 200 27
116.232.194.65 - - [10/Sep/2022:09:06:21 +0800] "GET /xingrg/check_reg.html?_=1662771927705 HTTP/1.1" 200 22
116.232.194.65 - - [10/Sep/2022:09:06:21 +0800] "GET /xingrg/all/function/internal_message.html?_=1662771927709&CODE_STATE=getMsg HTTP/1.1" 200 27
58.37.4.205 - - [10/Sep/2022:09:06:25 +0800] "GET /xingrg/kc/buy/cgsh_order_operate.html?command=get_materiel&rest_code=00106&code=00101008098&supplier_code=00100007&order_time=2022-09-10 HTTP/1.1" 200 412
180.163.29.234 - - [10/Sep/2022:09:06:27 +0800] "GET /xingrg/login.html HTTP/1.1" 200 7641
116.238.169.132 - - [10/Sep/2022:09:06:33 +0800] "GET /xingrg/all/function/internal_message.html?_=1662771992750&CODE_STATE=getMsg HTTP/1.1" 200 27
222.70.246.221 - - [10/Sep/2022:09:06:33 +0800] "GET /xingrg/kc/buy/cgsh_order_operate.html?command=get_materiel&rest_code=00146&code=00101008357&supplier_code=00100005&order_time=2022-09-10 HTTP/1.1" 200 408
58.37.4.205 - - [10/Sep/2022:09:06:34 +0800] "GET /xingrg/kc/buy/cgsh_order_operate.html?command=get_materiel&rest_code=00106&code=00101008005&supplier_code=00100007&order_time=2022-09-10 HTTP/1.1" 200 412
180.163.30.100 - - [10/Sep/2022:09:06:38 +0800] "GET /xingrg/kc/buy/cgsh_order_operate.html?command=get_materiel&rest_code=00106&code=00101008199&supplier_code=00100007&order_time=2022-09-10 HTTP/1.1" 302 -
180.163.30.100 - - [10/Sep/2022:09:06:38 +0800] "GET /xingrg/login.html HTTP/1.1" 200 7641
116.224.255.128 - - [10/Sep/2022:09:06:44 +0800] "GET /xingrg/all/function/internal_message.html?_=1662771943256&CODE_STATE=getMsg HTTP/1.1" 200 27
116.225.121.189 - - [10/Sep/2022:09:06:47 +0800] "POST /xingrg/login.do HTTP/1.1" 302 -
116.225.121.189 - - [10/Sep/2022:09:06:47 +0800] "GET /xingrg/index.html?sysBaseUrl=http%3A%2F%2F180.169.147.146%3A18081%2Fxingrg%2F&costTime=40×tamp=1662772007576 HTTP/1.1" 200 17173
116.225.121.189 - - [10/Sep/2022:09:06:47 +0800] "GET /xingrg/javascript/jquery_easy_ui/themes/default/easyui.css HTTP/1.1" 304 -
116.225.121.189 - - [10/Sep/2022:09:06:47 +0800] "GET /xingrg/javascript/jquery_easy_ui/themes/icon.css HTTP/1.1" 304 -
116.225.121.189 - - [10/Sep/2022:09:06:47 +0800] "GET /xingrg/css/form.css HTTP/1.1" 304 -
116.225.121.189 - - [10/Sep/2022:09:06:47 +0800] "GET /xingrg/javascript/jquery-1.4.2.min.js HTTP/1.1" 304 -
116.225.121.189 - - [10/Sep/2022:09:06:47 +0800] "GET /xingrg/javascript/jquery_easy_ui/jquery.easyui.min.js HTTP/1.1" 304 -
116.225.121.189 - - [10/Sep/2022:09:06:47 +0800] "GET /xingrg/javascript/jquery_easy_ui/easyui-lang-zh_CN.js HTTP/1.1" 304 -
116.225.121.189 - - [10/Sep/2022:09:06:47 +0800] "GET /xingrg/javascript/jquery.form.js HTTP/1.1" 304 -
116.225.121.189 - - [10/Sep/2022:09:06:47 +0800] "GET /xingrg/javascript/jquery.utils.js HTTP/1.1" 304 -
116.225.121.189 - - [10/Sep/2022:09:06:47 +0800] "GET /xingrg/javascript/jquery.timers.js HTTP/1.1" 304 -
116.225.121.189 - - [10/Sep/2022:09:06:48 +0800] "GET /favicon.ico HTTP/1.1" 404 -
116.225.121.189 - - [10/Sep/2022:09:06:48 +0800] "GET /xingrg/javascript/jquery_easy_ui/themes/icons/settle_new.png HTTP/1.1" 304 -
116.225.121.189 - - [10/Sep/2022:09:06:48 +0800] "GET /xingrg/images/blue/navBackgound.jpg HTTP/1.1" 304 -
116.225.121.189 - - [10/Sep/2022:09:06:48 +0800] "POST /xingrg/all/common/load_tree.html?tree=area_rest_tree_json&manage=1 HTTP/1.1" 200 342
116.225.121.189 - - [10/Sep/2022:09:06:48 +0800] "GET /xingrg/all/function/internal_message.html?_=1662771867354&CODE_STATE=count HTTP/1.1" 200 11
116.225.121.189 - - [10/Sep/2022:09:06:48 +0800] "POST /xingrg/load_menu.html HTTP/1.1" 200 5138
116.225.121.189 - - [10/Sep/2022:09:06:48 +0800] "GET /xingrg/check_reg.html?_=1662771867355 HTTP/1.1" 200 22
116.225.121.189 - - [10/Sep/2022:09:06:48 +0800] "GET /xingrg/images/blue/pingpu.png HTTP/1.1" 304 -
116.225.121.189 - - [10/Sep/2022:09:06:48 +0800] "GET /xingrg/javascript/jquery_easy_ui/themes/default/images/tabs_leftarrow.png HTTP/1.1" 304 -
116.225.121.189 - - [10/Sep/2022:09:06:48 +0800] "GET /xingrg/javascript/jquery_easy_ui/themes/default/images/panel_tool_collapse.gif HTTP/1.1" 304 -
116.225.121.189 - - [10/Sep/2022:09:06:48 +0800] "GET /xingrg/javascript/jquery_easy_ui/themes/default/images/tabs_rightarrow.png HTTP/1.1" 304 -
116.225.121.189 - - [10/Sep/2022:09:06:48 +0800] "GET /xingrg/javascript/jquery_easy_ui/themes/default/images/tree_arrows.gif HTTP/1.1" 304 -
116.225.121.189 - - [10/Sep/2022:09:06:48 +0800] "GET /xingrg/javascript/jquery_easy_ui/themes/default/images/tree_folder_open.gif HTTP/1.1" 304 -
116.225.121.189 - - [10/Sep/2022:09:06:48 +0800] "GET /xingrg/javascript/jquery_easy_ui/themes/icons/search_new.png HTTP/1.1" 304 -
116.225.121.189 - - [10/Sep/2022:09:06:48 +0800] "GET /xingrg/javascript/jquery_easy_ui/themes/default/images/tree_folder.gif HTTP/1.1" 304 -
116.225.121.189 - - [10/Sep/2022:09:06:48 +0800] "GET /xingrg/javascript/jquery_easy_ui/themes/icons/storage_new.png HTTP/1.1" 304 -
116.225.121.189 - - [10/Sep/2022:09:06:48 +0800] "GET /xingrg/javascript/jquery_easy_ui/themes/icons/forms_new.png HTTP/1.1" 304 -
116.225.121.189 - - [10/Sep/2022:09:06:48 +0800] "GET /xingrg/javascript/jquery_easy_ui/themes/default/images/tree_file.gif HTTP/1.1" 304 -
124.79.74.72 - - [10/Sep/2022:09:06:49 +0800] "GET /xingrg/all/function/internal_message.html?_=1662772004235&CODE_STATE=getMsg HTTP/1.1" 200 27
222.70.246.221 - - [10/Sep/2022:09:06:50 +0800] "GET /xingrg/kc/buy/cgsh_order_operate.html?command=get_materiel&rest_code=00146&code=00101008286&supplier_code=00100005&order_time=2022-09-10 HTTP/1.1" 200 408
58.37.4.205 - - [10/Sep/2022:09:06:51 +0800] "GET /xingrg/kc/buy/cgsh_order_operate.html?command=get_materiel&rest_code=00106&code=00101008312&supplier_code=00100007&order_time=2022-09-10 HTTP/1.1" 200 412
120.253.135.82 - - [10/Sep/2022:09:06:53 +0800] "GET /xingrg/all/function/internal_message.html?_=1662771809816&CODE_STATE=getMsg HTTP/1.1" 200 27
58.37.4.205 - - [10/Sep/2022:09:06:55 +0800] "GET /xingrg/all/function/internal_message.html?_=1662772013112&CODE_STATE=getMsg HTTP/1.1" 200 27
58.37.4.205 - - [10/Sep/2022:09:06:55 +0800] "POST /xingrg/kc/buy/cgsh_order_operate.html HTTP/1.1" 200 2065
180.163.29.234 - - [10/Sep/2022:09:06:57 +0800] "GET /xingrg/kc/buy/cgsh_order_operate.html?command=get_materiel&rest_code=00106&code=00101008233&supplier_code=00100007&order_time=2022-09-10 HTTP/1.1" 302 -
180.163.29.234 - - [10/Sep/2022:09:06:57 +0800] "GET /xingrg/login.html HTTP/1.1" 200 7641
58.37.4.205 - - [10/Sep/2022:09:07:01 +0800] "GET /xingrg/kc/buy/cgsh_order_operate.html?command=get_materiel&rest_code=00106&code=00101008275&supplier_code=00100007&order_time=2022-09-10 HTTP/1.1" 200 416
222.70.246.221 - - [10/Sep/2022:09:07:05 +0800] "GET /xingrg/all/function/internal_message.html?_=1662772043161&CODE_STATE=getMsg HTTP/1.1" 200 27
222.70.246.221 - - [10/Sep/2022:09:07:08 +0800] "GET /xingrg/kc/buy/cgsh_order_operate.html?command=get_materiel&rest_code=00146&code=00101008131&supplier_code=00100005&order_time=2022-09-10 HTTP/1.1" 200 408
116.238.169.132 - - [10/Sep/2022:09:07:09 +0800] "GET /xingrg/all/function/internal_message.html?_=1662772033907&CODE_STATE=getMsg HTTP/1.1" 200 27
116.238.169.132 - - [10/Sep/2022:09:07:09 +0800] "GET /xingrg/check_reg.html?_=1662772033910 HTTP/1.1" 200 22
180.163.28.55 - - [10/Sep/2022:09:07:10 +0800] "GET /xingrg/kc/buy/cgsh_order_operate.html?command=get_materiel&rest_code=00106&code=00101008439&supplier_code=00100007&order_time=2022-09-10 HTTP/1.1" 302 -
180.163.28.55 - - [10/Sep/2022:09:07:10 +0800] "GET /xingrg/login.html HTTP/1.1" 200 7641
116.238.169.132 - - [10/Sep/2022:09:07:10 +0800] "GET /xingrg/all/function/internal_message.html?_=1662772026991&CODE_STATE=getMsg HTTP/1.1" 200 27
58.37.4.205 - - [10/Sep/2022:09:07:17 +0800] "GET /xingrg/kc/buy/cgsh_order_operate.html?command=get_materiel&rest_code=00106&code=00101008125&supplier_code=00100007&order_time=2022-09-10 HTTP/1.1" 200 413
180.163.29.212 - - [10/Sep/2022:09:07:17 +0800] "GET /xingrg/kc/buy/cgsh_order_operate.html?command=get_materiel&rest_code=00106&code=00101008185&supplier_code=00100007&order_time=2022-09-10 HTTP/1.1" 302 -
180.163.29.212 - - [10/Sep/2022:09:07:17 +0800] "GET /xingrg/login.html HTTP/1.1" 200 7641
114.84.81.136 - - [10/Sep/2022:09:07:18 +0800] "GET /xingrg/check_reg.html?_=1662772032336 HTTP/1.1" 200 22
114.83.219.57 - - [10/Sep/2022:09:07:18 +0800] "POST /xingrg/kc/buy/cgsh_order_operate.html HTTP/1.1" 200 37
116.232.194.65 - - [10/Sep/2022:09:07:21 +0800] "GET /xingrg/all/function/internal_message.html?_=1662771987720&CODE_STATE=getMsg HTTP/1.1" 200 27
180.163.28.55 - - [10/Sep/2022:09:07:24 +0800] "GET /xingrg/check_reg.html?_=1662771653007 HTTP/1.1" 302 -
114.83.219.57 - - [10/Sep/2022:09:07:25 +0800] "POST /xingrg/kc/buy/cgsh_order_operate.html HTTP/1.1" 200 12
222.70.246.221 - - [10/Sep/2022:09:07:27 +0800] "GET /xingrg/kc/buy/cgsh_order_operate.html?command=get_materiel&rest_code=00146&code=00101008318&supplier_code=00100005&order_time=2022-09-10 HTTP/1.1" 200 408
180.163.28.55 - - [10/Sep/2022:09:07:27 +0800] "GET /xingrg/login.html HTTP/1.1" 200 7641
114.83.219.57 - - [10/Sep/2022:09:07:30 +0800] "GET /xingrg/kc/buy/cgsh_order_info.html?code=212022090802883 HTTP/1.1" 200 62721
114.83.219.57 - - [10/Sep/2022:09:07:31 +0800] "GET /xingrg/javascript/easyui/themes/default/validatebox.css HTTP/1.1" 404 1104
114.83.219.57 - - [10/Sep/2022:09:07:32 +0800] "POST /xingrg/kc/buy/cgsh_order_operate.html HTTP/1.1" 200 14863
116.238.169.132 - - [10/Sep/2022:09:07:32 +0800] "GET /xingrg/all/function/internal_message.html?_=1662772052749&CODE_STATE=getMsg HTTP/1.1" 200 27
222.70.246.221 - - [10/Sep/2022:09:07:33 +0800] "POST /xingrg/kc/buy/cgsh_order_operate.html HTTP/1.1" 200 2065
114.83.219.57 - - [10/Sep/2022:09:07:33 +0800] "GET /xingrg/kc/print/load_config.html?kc_code=cgsh HTTP/1.1" 200 1943
114.83.219.57 - - [10/Sep/2022:09:07:33 +0800] "GET /xingrg/kc/print/load_data.html?order_code=212022090802883&kc_code=cgsh&condition= HTTP/1.1" 200 6071
58.37.4.205 - - [10/Sep/2022:09:07:39 +0800] "GET /xingrg/kc/buy/cgsh_order_operate.html?command=get_materiel&rest_code=00106&code=00101008010&supplier_code=00100007&order_time=2022-09-10 HTTP/1.1" 200 412
120.253.135.82 - - [10/Sep/2022:09:07:42 +0800] "GET /xingrg/kc/pszx/mdps_order_list.html?orderType=0 HTTP/1.1" 200 21045
120.253.135.82 - - [10/Sep/2022:09:07:42 +0800] "POST /xingrg/kc/pszx/mdps_list_operate.html HTTP/1.1" 200 5287
222.70.246.221 - - [10/Sep/2022:09:07:43 +0800] "GET /xingrg/kc/buy/cgsh_order_operate.html?command=get_materiel&rest_code=00146&code=00101008352&supplier_code=00100005&order_time=2022-09-10 HTTP/1.1" 200 412
116.224.255.128 - - [10/Sep/2022:09:07:44 +0800] "GET /xingrg/all/function/internal_message.html?_=1662772003270&CODE_STATE=getMsg HTTP/1.1" 200 27
116.225.121.189 - - [10/Sep/2022:09:07:48 +0800] "GET /xingrg/all/function/internal_message.html?_=1662771927372&CODE_STATE=getMsg HTTP/1.1" 200 27
124.79.74.72 - - [10/Sep/2022:09:07:49 +0800] "GET /xingrg/all/function/internal_message.html?_=1662772064204&CODE_STATE=getMsg HTTP/1.1" 200 27
120.253.135.82 - - [10/Sep/2022:09:07:50 +0800] "POST /xingrg/kc/pszx/mdps_list_operate.html HTTP/1.1" 200 4233
120.253.135.82 - - [10/Sep/2022:09:07:52 +0800] "POST /xingrg/kc/pszx/mdps_list_operate.html HTTP/1.1" 200 202
58.37.4.205 - - [10/Sep/2022:09:07:52 +0800] "GET /xingrg/kc/buy/cgsh_order_operate.html?command=get_materiel&rest_code=00106&code=00101011001&supplier_code=00100007&order_time=2022-09-10 HTTP/1.1" 200 423
120.253.135.82 - - [10/Sep/2022:09:07:53 +0800] "GET /xingrg/all/function/internal_message.html?_=1662771869831&CODE_STATE=getMsg HTTP/1.1" 200 27
120.253.135.82 - - [10/Sep/2022:09:07:53 +0800] "GET /xingrg/kc/pszx/mdps_order_info.html?code=312022091000234 HTTP/1.1" 200 24016
120.253.135.82 - - [10/Sep/2022:09:07:53 +0800] "POST /xingrg/kc/pszx/mdps_order_operate.html HTTP/1.1" 200 2279
120.253.135.82 - - [10/Sep/2022:09:07:54 +0800] "GET /xingrg/javascript/easyui/themes/default/validatebox.css HTTP/1.1" 404 1104
58.37.4.205 - - [10/Sep/2022:09:07:54 +0800] "POST /xingrg/kc/buy/cgsh_order_operate.html HTTP/1.1" 200 2065
58.37.4.205 - - [10/Sep/2022:09:07:55 +0800] "GET /xingrg/all/function/internal_message.html?_=1662772073100&CODE_STATE=getMsg HTTP/1.1" 200 27
120.253.135.82 - - [10/Sep/2022:09:07:58 +0800] "POST /xingrg/kc/pszx/mdps_list_operate.html HTTP/1.1" 200 281
180.163.28.68 - - [10/Sep/2022:09:07:59 +0800] "GET /xingrg/kc/buy/cgsh_order_operate.html?command=get_materiel&rest_code=00106&code=00101008098&supplier_code=00100007&order_time=2022-09-10 HTTP/1.1" 302 -
180.163.28.68 - - [10/Sep/2022:09:07:59 +0800] "GET /xingrg/login.html HTTP/1.1" 200 7641
222.70.246.221 - - [10/Sep/2022:09:08:05 +0800] "GET /xingrg/all/function/internal_message.html?_=1662772103176&CODE_STATE=getMsg HTTP/1.1" 200 27
120.253.135.82 - - [10/Sep/2022:09:08:05 +0800] "GET /xingrg/kc/pszx/mdps_order_info.html?code=312022091000234 HTTP/1.1" 200 24016
222.70.246.221 - - [10/Sep/2022:09:08:05 +0800] "GET /xingrg/kc/buy/cgsh_order_operate.html?command=get_materiel&rest_code=00146&code=00101008005&supplier_code=00100005&order_time=2022-09-10 HTTP/1.1" 200 412
58.37.4.205 - - [10/Sep/2022:09:08:05 +0800] "POST /xingrg/kc/buy/cgsh_order_operate.html HTTP/1.1" 200 37
120.253.135.82 - - [10/Sep/2022:09:08:06 +0800] "POST /xingrg/kc/pszx/mdps_order_operate.html HTTP/1.1" 200 2279
120.253.135.82 - - [10/Sep/2022:09:08:06 +0800] "GET /xingrg/javascript/easyui/themes/default/validatebox.css HTTP/1.1" 404 1104
58.37.4.205 - - [10/Sep/2022:09:08:07 +0800] "POST /xingrg/kc/buy/cgsh_order_operate.html HTTP/1.1" 200 35762
180.163.28.109 - - [10/Sep/2022:09:08:08 +0800] "GET /xingrg/kc/buy/cgsh_order_operate.html?command=get_materiel&rest_code=00106&code=00101008091&supplier_code=00100007&order_time=2022-09-10 HTTP/1.1" 302 -
180.163.28.109 - - [10/Sep/2022:09:08:08 +0800] "GET /xingrg/login.html HTTP/1.1" 200 7641
116.238.169.132 - - [10/Sep/2022:09:08:09 +0800] "GET /xingrg/all/function/internal_message.html?_=1662772093908&CODE_STATE=getMsg HTTP/1.1" 200 27
116.238.169.132 - - [10/Sep/2022:09:08:10 +0800] "GET /xingrg/all/function/internal_message.html?_=1662772086990&CODE_STATE=getMsg HTTP/1.1" 200 27
114.83.219.57 - - [10/Sep/2022:09:08:15 +0800] "GET /xingrg/all/function/internal_message.html?_=1662772173036&CODE_STATE=getMsg HTTP/1.1" 200 27
58.37.4.205 - - [10/Sep/2022:09:08:16 +0800] "GET /xingrg/kc/buy/cgsh_order_operate.html?command=get_materiel&rest_code=00106&code=00101008175&supplier_code=00100007&order_time=2022-09-10 HTTP/1.1" 200 412
222.70.246.221 - - [10/Sep/2022:09:08:19 +0800] "POST /xingrg/kc/buy/cgsh_order_operate.html HTTP/1.1" 200 37
116.232.194.65 - - [10/Sep/2022:09:08:21 +0800] "GET /xingrg/all/function/internal_message.html?_=1662772047718&CODE_STATE=getMsg HTTP/1.1" 200 27
222.70.246.221 - - [10/Sep/2022:09:08:22 +0800] "POST /xingrg/kc/buy/cgsh_order_operate.html HTTP/1.1" 200 38743
120.253.135.82 - - [10/Sep/2022:09:08:29 +0800] "POST /xingrg/kc/pszx/mdps_order_operate.html HTTP/1.1" 200 37
120.253.135.82 - - [10/Sep/2022:09:08:29 +0800] "GET /xingrg/kc/pszx/mdps_order_info.html?code=312022091000234 HTTP/1.1" 200 24016
180.163.28.55 - - [10/Sep/2022:09:08:30 +0800] "GET /xingrg/kc/buy/cgsh_order_operate.html?command=get_materiel&rest_code=00106&code=00101008125&supplier_code=00100007&order_time=2022-09-10 HTTP/1.1" 302 -
180.163.28.55 - - [10/Sep/2022:09:08:30 +0800] "GET /xingrg/login.html HTTP/1.1" 200 7641
124.79.74.72 - - [10/Sep/2022:09:08:30 +0800] "GET /xingrg/check_reg.html?_=1662772105502 HTTP/1.1" 200 22
120.253.135.82 - - [10/Sep/2022:09:08:30 +0800] "POST /xingrg/kc/pszx/mdps_order_operate.html HTTP/1.1" 200 3259
120.253.135.82 - - [10/Sep/2022:09:08:30 +0800] "GET /xingrg/javascript/easyui/themes/default/validatebox.css HTTP/1.1" 404 1104
120.253.135.82 - - [10/Sep/2022:09:08:31 +0800] "GET /xingrg/check_reg.html?_=1662771908458 HTTP/1.1" 200 22
120.253.135.82 - - [10/Sep/2022:09:08:32 +0800] "POST /xingrg/kc/pszx/mdps_list_operate.html HTTP/1.1" 200 4234
116.238.169.132 - - [10/Sep/2022:09:08:32 +0800] "GET /xingrg/check_reg.html?_=1662772112744 HTTP/1.1" 200 22
116.238.169.132 - - [10/Sep/2022:09:08:33 +0800] "GET /xingrg/all/function/internal_message.html?_=1662772112748&CODE_STATE=getMsg HTTP/1.1" 200 27
120.253.135.82 - - [10/Sep/2022:09:08:34 +0800] "POST /xingrg/kc/pszx/mdps_list_operate.html HTTP/1.1" 200 357
120.253.135.82 - - [10/Sep/2022:09:08:35 +0800] "POST /xingrg/kc/pszx/mdps_list_operate.html HTTP/1.1" 200 281
222.70.246.221 - - [10/Sep/2022:09:08:35 +0800] "GET /xingrg/kc/buy/cgsh_order_operate.html?command=get_materiel&rest_code=00146&code=00101008271&supplier_code=00100005&order_time=2022-09-10 HTTP/1.1" 200 408
120.253.135.82 - - [10/Sep/2022:09:08:37 +0800] "GET /xingrg/kc/pszx/mdps_order_info.html?code=312022090500123 HTTP/1.1" 200 24022
120.253.135.82 - - [10/Sep/2022:09:08:37 +0800] "POST /xingrg/kc/pszx/mdps_order_operate.html HTTP/1.1" 200 2767
120.253.135.82 - - [10/Sep/2022:09:08:37 +0800] "GET /xingrg/javascript/easyui/themes/default/validatebox.css HTTP/1.1" 404 1104
120.253.135.82 - - [10/Sep/2022:09:08:43 +0800] "POST /xingrg/kc/pszx/mdps_order_operate.html HTTP/1.1" 200 37
120.253.135.82 - - [10/Sep/2022:09:08:44 +0800] "GET /xingrg/kc/pszx/mdps_order_info.html?code=312022090500123 HTTP/1.1" 200 24022
116.224.255.128 - - [10/Sep/2022:09:08:44 +0800] "GET /xingrg/all/function/internal_message.html?_=1662772063284&CODE_STATE=getMsg HTTP/1.1" 200 27
120.253.135.82 - - [10/Sep/2022:09:08:45 +0800] "GET /xingrg/javascript/easyui/themes/default/validatebox.css HTTP/1.1" 404 1104
120.253.135.82 - - [10/Sep/2022:09:08:45 +0800] "POST /xingrg/kc/pszx/mdps_order_operate.html HTTP/1.1" 200 2282
120.253.135.82 - - [10/Sep/2022:09:08:45 +0800] "POST /xingrg/kc/pszx/mdps_list_operate.html HTTP/1.1" 200 4234
58.37.4.205 - - [10/Sep/2022:09:08:45 +0800] "POST /xingrg/kc/buy/cgsh_order_operate.html HTTP/1.1" 200 2065
120.253.135.82 - - [10/Sep/2022:09:08:47 +0800] "POST /xingrg/kc/pszx/mdps_list_operate.html HTTP/1.1" 200 357
116.225.121.189 - - [10/Sep/2022:09:08:48 +0800] "GET /xingrg/all/function/internal_message.html?_=1662771987359&CODE_STATE=getMsg HTTP/1.1" 200 27
120.253.135.82 - - [10/Sep/2022:09:08:49 +0800] "POST /xingrg/kc/pszx/mdps_list_operate.html HTTP/1.1" 200 598
124.79.74.72 - - [10/Sep/2022:09:08:49 +0800] "GET /xingrg/all/function/internal_message.html?_=1662772124176&CODE_STATE=getMsg HTTP/1.1" 200 27
120.253.135.82 - - [10/Sep/2022:09:08:50 +0800] "GET /xingrg/kc/pszx/mdps_order_info.html?code=312022091000235 HTTP/1.1" 200 24016
58.37.4.205 - - [10/Sep/2022:09:08:50 +0800] "GET /xingrg/kc/buy/cgsh_order_operate.html?command=get_materiel&rest_code=00106&code=00101008223&supplier_code=00100007&order_time=2022-09-10 HTTP/1.1" 200 412
120.253.135.82 - - [10/Sep/2022:09:08:50 +0800] "POST /xingrg/kc/pszx/mdps_order_operate.html HTTP/1.1" 200 5762
120.253.135.82 - - [10/Sep/2022:09:08:50 +0800] "GET /xingrg/javascript/easyui/themes/default/validatebox.css HTTP/1.1" 404 1104
120.253.135.82 - - [10/Sep/2022:09:08:53 +0800] "GET /xingrg/all/function/internal_message.html?_=1662771929857&CODE_STATE=getMsg HTTP/1.1" 200 27
180.163.29.217 - - [10/Sep/2022:09:08:55 +0800] "GET /xingrg/check_reg.html?_=1662771953131 HTTP/1.1" 302 -
58.37.4.205 - - [10/Sep/2022:09:08:55 +0800] "GET /xingrg/all/function/internal_message.html?_=1662772133275&CODE_STATE=getMsg HTTP/1.1" 200 27
180.163.29.217 - - [10/Sep/2022:09:08:55 +0800] "GET /xingrg/login.html HTTP/1.1" 200 7641
222.70.246.221 - - [10/Sep/2022:09:08:57 +0800] "GET /xingrg/kc/buy/cgsh_order_operate.html?command=get_materiel&rest_code=00146&code=00101008353&supplier_code=00100005&order_time=2022-09-10 HTTP/1.1" 200 408
120.253.135.82 - - [10/Sep/2022:09:08:58 +0800] "POST /xingrg/kc/pszx/mdps_order_operate.html HTTP/1.1" 200 37
120.253.135.82 - - [10/Sep/2022:09:08:58 +0800] "GET /xingrg/kc/pszx/mdps_order_info.html?code=312022091000235 HTTP/1.1" 200 24016
120.253.135.82 - - [10/Sep/2022:09:08:59 +0800] "POST /xingrg/kc/pszx/mdps_order_operate.html HTTP/1.1" 200 5266
120.253.135.82 - - [10/Sep/2022:09:08:59 +0800] "GET /xingrg/javascript/easyui/themes/default/validatebox.css HTTP/1.1" 404 1104
120.253.135.82 - - [10/Sep/2022:09:09:02 +0800] "GET /xingrg/kc/print/load_config.html?kc_code=mdps HTTP/1.1" 200 2390
120.253.135.82 - - [10/Sep/2022:09:09:02 +0800] "GET /xingrg/kc/print/load_data.html?order_code=312022091000235&kc_code=mdps&condition= HTTP/1.1" 200 2059
180.163.29.234 - - [10/Sep/2022:09:09:02 +0800] "GET /xingrg/kc/buy/cgsh_order_operate.html?command=get_materiel&rest_code=00106&code=00101008256&supplier_code=00100007&order_time=2022-09-10 HTTP/1.1" 302 -
180.163.29.234 - - [10/Sep/2022:09:09:02 +0800] "GET /xingrg/login.html HTTP/1.1" 200 7641
222.70.246.221 - - [10/Sep/2022:09:09:05 +0800] "GET /xingrg/all/function/internal_message.html?_=1662772163188&CODE_STATE=getMsg HTTP/1.1" 200 27
58.37.4.205 - - [10/Sep/2022:09:09:07 +0800] "GET /xingrg/kc/buy/cgsh_order_operate.html?command=get_materiel&rest_code=00106&code=00101008095&supplier_code=00100007&order_time=2022-09-10 HTTP/1.1" 200 412
120.253.135.82 - - [10/Sep/2022:09:09:08 +0800] "POST /xingrg/kc/pszx/mdps_list_operate.html HTTP/1.1" 200 4234
116.238.169.132 - - [10/Sep/2022:09:09:09 +0800] "GET /xingrg/all/function/internal_message.html?_=1662772153907&CODE_STATE=getMsg HTTP/1.1" 200 27
120.253.135.82 - - [10/Sep/2022:09:09:10 +0800] "POST /xingrg/kc/pszx/mdps_list_operate.html HTTP/1.1" 200 357
116.238.169.132 - - [10/Sep/2022:09:09:10 +0800] "GET /xingrg/all/function/internal_message.html?_=1662772146979&CODE_STATE=getMsg HTTP/1.1" 200 27
120.253.135.82 - - [10/Sep/2022:09:09:11 +0800] "GET /xingrg/kc/pszx/mdps_order_info.html?code=312022091000234 HTTP/1.1" 200 24016
120.253.135.82 - - [10/Sep/2022:09:09:11 +0800] "POST /xingrg/kc/pszx/mdps_order_operate.html HTTP/1.1" 200 3259
120.253.135.82 - - [10/Sep/2022:09:09:11 +0800] "GET /xingrg/javascript/easyui/themes/default/validatebox.css HTTP/1.1" 404 1104
222.70.246.221 - - [10/Sep/2022:09:09:12 +0800] "GET /xingrg/kc/buy/cgsh_order_operate.html?command=get_materiel&rest_code=00146&code=00101008213&supplier_code=00100005&order_time=2022-09-10 HTTP/1.1" 200 412
180.163.30.85 - - [10/Sep/2022:09:09:14 +0800] "GET /xingrg/kc/buy/cgsh_order_operate.html?command=get_materiel&rest_code=00106&code=00101008069&supplier_code=00100007&order_time=2022-09-10 HTTP/1.1" 302 -
180.163.30.85 - - [10/Sep/2022:09:09:14 +0800] "GET /xingrg/login.html HTTP/1.1" 200 7641
114.83.219.57 - - [10/Sep/2022:09:09:15 +0800] "GET /xingrg/check_reg.html?_=1662772233023 HTTP/1.1" 200 22
114.83.219.57 - - [10/Sep/2022:09:09:15 +0800] "GET /xingrg/all/function/internal_message.html?_=1662772233025&CODE_STATE=getMsg HTTP/1.1" 200 27
180.163.29.217 - - [10/Sep/2022:09:09:17 +0800] "GET /xingrg/kc/buy/cgsh_order_operate.html?command=get_materiel&rest_code=00106&code=00101008356&supplier_code=00100007&order_time=2022-09-10 HTTP/1.1" 302 -
180.163.29.217 - - [10/Sep/2022:09:09:17 +0800] "GET /xingrg/login.html HTTP/1.1" 200 7641
120.253.135.82 - - [10/Sep/2022:09:09:18 +0800] "GET /xingrg/kc/print/load_data.html?order_code=312022091000234&kc_code=mdps&condition= HTTP/1.1" 200 1143
116.232.194.65 - - [10/Sep/2022:09:09:21 +0800] "GET /xingrg/all/function/internal_message.html?_=1662772107711&CODE_STATE=getMsg HTTP/1.1" 200 27
116.224.255.128 - - [10/Sep/2022:09:09:23 +0800] "POST /xingrg/kc/buy/cgsh_order_operate.html HTTP/1.1" 200 37
58.37.4.205 - - [10/Sep/2022:09:09:23 +0800] "GET /xingrg/kc/buy/cgsh_order_operate.html?command=get_materiel&rest_code=00106&code=00101008041&supplier_code=00100007&order_time=2022-09-10 HTTP/1.1" 200 408
58.37.4.205 - - [10/Sep/2022:09:09:26 +0800] "POST /xingrg/kc/buy/cgsh_order_operate.html HTTP/1.1" 200 2065
116.224.255.128 - - [10/Sep/2022:09:09:29 +0800] "POST /xingrg/kc/buy/cgsh_order_operate.html HTTP/1.1" 200 22404
222.70.246.221 - - [10/Sep/2022:09:09:31 +0800] "GET /xingrg/kc/buy/cgsh_order_operate.html?command=get_materiel&rest_code=00146&code=00101013032&supplier_code=00100005&order_time=2022-09-10 HTTP/1.1" 200 430
58.37.4.205 - - [10/Sep/2022:09:09:32 +0800] "GET /xingrg/kc/buy/cgsh_order_operate.html?command=get_materiel&rest_code=00106&code=00101008168&supplier_code=00100007&order_time=2022-09-10 HTTP/1.1" 200 413
116.238.169.132 - - [10/Sep/2022:09:09:32 +0800] "GET /xingrg/all/function/internal_message.html?_=1662772172742&CODE_STATE=getMsg HTTP/1.1" 200 27
120.253.135.82 - - [10/Sep/2022:09:09:39 +0800] "POST /xingrg/kc/pszx/mdps_list_operate.html HTTP/1.1" 200 4234
58.37.4.205 - - [10/Sep/2022:09:09:39 +0800] "GET /xingrg/kc/buy/cgsh_order_operate.html?command=get_materiel&rest_code=00106&code=00101008061&supplier_code=00100007&order_time=2022-09-10 HTTP/1.1" 200 422
116.224.255.128 - - [10/Sep/2022:09:09:44 +0800] "GET /xingrg/check_reg.html?_=1662772122954 HTTP/1.1" 200 22
116.224.255.128 - - [10/Sep/2022:09:09:44 +0800] "GET /xingrg/all/function/internal_message.html?_=1662772123297&CODE_STATE=getMsg HTTP/1.1" 200 27
180.163.30.76 - - [10/Sep/2022:09:09:46 +0800] "GET /xingrg/index.html?sysBaseUrl=http://180.169.147.146:18081/xingrg/&costTime=39×tamp=1662771347969 HTTP/1.1" 302 -
180.163.30.76 - - [10/Sep/2022:09:09:46 +0800] "GET /xingrg/login.html HTTP/1.1" 200 7641
58.37.4.205 - - [10/Sep/2022:09:09:47 +0800] "GET /xingrg/kc/buy/cgsh_order_operate.html?command=get_materiel&rest_code=00106&code=00101008114&supplier_code=00100007&order_time=2022-09-10 HTTP/1.1" 200 412
116.225.121.189 - - [10/Sep/2022:09:09:48 +0800] "GET /xingrg/all/function/internal_message.html?_=1662772047359&CODE_STATE=getMsg HTTP/1.1" 200 27
124.79.74.72 - - [10/Sep/2022:09:09:49 +0800] "GET /xingrg/all/function/internal_message.html?_=1662772184163&CODE_STATE=getMsg HTTP/1.1" 200 27
222.70.246.221 - - [10/Sep/2022:09:09:49 +0800] "GET /xingrg/kc/buy/cgsh_order_operate.html?command=get_materiel&rest_code=00146&code=00101008275&supplier_code=00100005&order_time=2022-09-10 HTTP/1.1" 200 417
120.253.135.82 - - [10/Sep/2022:09:09:53 +0800] "GET /xingrg/all/function/internal_message.html?_=1662771990113&CODE_STATE=getMsg HTTP/1.1" 200 27
58.37.4.205 - - [10/Sep/2022:09:09:55 +0800] "GET /xingrg/all/function/internal_message.html?_=1662772193406&CODE_STATE=getMsg HTTP/1.1" 200 27
58.37.4.205 - - [10/Sep/2022:09:09:57 +0800] "POST /xingrg/kc/buy/cgsh_order_operate.html HTTP/1.1" 200 37
222.70.246.221 - - [10/Sep/2022:09:09:58 +0800] "POST /xingrg/kc/buy/cgsh_order_operate.html HTTP/1.1" 200 2065
58.37.4.205 - - [10/Sep/2022:09:09:58 +0800] "POST /xingrg/kc/buy/cgsh_order_operate.html HTTP/1.1" 200 42859
58.37.4.205 - - [10/Sep/2022:09:10:00 +0800] "GET /xingrg/kc/buy/cgsh_order_add.html HTTP/1.1" 200 68624
58.37.4.205 - - [10/Sep/2022:09:10:00 +0800] "GET /xingrg/javascript/easyui/themes/default/validatebox.css HTTP/1.1" 404 1104
58.37.4.205 - - [10/Sep/2022:09:10:00 +0800] "POST /xingrg/kc/buy/cgsh_order_operate.html HTTP/1.1" 200 8245
58.37.4.205 - - [10/Sep/2022:09:10:01 +0800] "GET /xingrg/javascript/easyui/themes/default/tree.css HTTP/1.1" 404 1090
58.37.4.205 - - [10/Sep/2022:09:10:01 +0800] "POST /xingrg/all/common/load_tree.html?tree=supplier_tree_json&isDelete=1 HTTP/1.1" 200 68331
222.70.246.221 - - [10/Sep/2022:09:10:05 +0800] "GET /xingrg/check_reg.html?_=1662772223014 HTTP/1.1" 200 22
222.70.246.221 - - [10/Sep/2022:09:10:05 +0800] "GET /xingrg/all/function/internal_message.html?_=1662772223203&CODE_STATE=getMsg HTTP/1.1" 200 27
116.238.169.132 - - [10/Sep/2022:09:10:09 +0800] "GET /xingrg/all/function/internal_message.html?_=1662772213905&CODE_STATE=getMsg HTTP/1.1" 200 27
116.238.169.132 - - [10/Sep/2022:09:10:10 +0800] "GET /xingrg/all/function/internal_message.html?_=1662772206996&CODE_STATE=getMsg HTTP/1.1" 200 27
222.70.246.221 - - [10/Sep/2022:09:10:10 +0800] "GET /xingrg/kc/buy/cgsh_order_operate.html?command=get_materiel&rest_code=00146&code=00101008095&supplier_code=00100005&order_time=2022-09-10 HTTP/1.1" 200 412
58.37.4.205 - - [10/Sep/2022:09:10:12 +0800] "GET /xingrg/kc/buy/cgsh_order_operate.html?command=get_materiel&rest_code=00106&code=00101008147&supplier_code=00100009&order_time=2022-09-10 HTTP/1.1" 200 418
114.83.219.57 - - [10/Sep/2022:09:10:15 +0800] "GET /xingrg/all/function/internal_message.html?_=1662772293005&CODE_STATE=getMsg HTTP/1.1" 200 27
116.232.194.65 - - [10/Sep/2022:09:10:21 +0800] "GET /xingrg/all/function/internal_message.html?_=1662772167696&CODE_STATE=getMsg HTTP/1.1" 200 27
58.37.4.205 - - [10/Sep/2022:09:10:21 +0800] "GET /xingrg/kc/buy/cgsh_order_operate.html?command=get_materiel&rest_code=00106&code=00101008146&supplier_code=00100009&order_time=2022-09-10 HTTP/1.1" 200 418
180.163.30.27 - - [10/Sep/2022:09:10:25 +0800] "GET /xingrg/kc/buy/cgsh_order_add.html HTTP/1.1" 302 -
180.163.30.27 - - [10/Sep/2022:09:10:25 +0800] "GET /xingrg/login.html HTTP/1.1" 200 7641
116.224.255.128 - - [10/Sep/2022:09:10:30 +0800] "POST /xingrg/all/user/operate.html HTTP/1.1" 200 36
116.224.255.128 - - [10/Sep/2022:09:10:31 +0800] "GET /xingrg/index.html?sysBaseUrl=http%3A%2F%2F180.169.147.146%3A18081%2Fxingrg%2F&costTime=41×tamp=1662769544293 HTTP/1.1" 200 17179
116.224.255.128 - - [10/Sep/2022:09:10:31 +0800] "GET /xingrg/javascript/jquery_easy_ui/themes/default/easyui.css HTTP/1.1" 304 -
116.224.255.128 - - [10/Sep/2022:09:10:31 +0800] "GET /xingrg/javascript/jquery_easy_ui/themes/icon.css HTTP/1.1" 304 -
116.224.255.128 - - [10/Sep/2022:09:10:31 +0800] "GET /xingrg/css/form.css HTTP/1.1" 304 -
116.224.255.128 - - [10/Sep/2022:09:10:31 +0800] "GET /xingrg/javascript/jquery-1.4.2.min.js HTTP/1.1" 304 -
116.224.255.128 - - [10/Sep/2022:09:10:31 +0800] "GET /xingrg/javascript/jquery_easy_ui/jquery.easyui.min.js HTTP/1.1" 304 -
116.224.255.128 - - [10/Sep/2022:09:10:31 +0800] "GET /xingrg/javascript/jquery_easy_ui/easyui-lang-zh_CN.js HTTP/1.1" 304 -
116.224.255.128 - - [10/Sep/2022:09:10:31 +0800] "GET /xingrg/javascript/jquery.form.js HTTP/1.1" 304 -
116.224.255.128 - - [10/Sep/2022:09:10:31 +0800] "GET /xingrg/javascript/jquery.utils.js HTTP/1.1" 304 -
116.224.255.128 - - [10/Sep/2022:09:10:31 +0800] "GET /xingrg/javascript/jquery.timers.js HTTP/1.1" 304 -
116.224.255.128 - - [10/Sep/2022:09:10:31 +0800] "GET /xingrg/images/blue/jxLogo.png HTTP/1.1" 304 -
116.224.255.128 - - [10/Sep/2022:09:10:31 +0800] "GET /xingrg/images/blue/navBackgound.jpg HTTP/1.1" 304 -
116.224.255.128 - - [10/Sep/2022:09:10:31 +0800] "GET /xingrg/javascript/jquery_easy_ui/themes/icons/settle_new.png HTTP/1.1" 304 -
116.224.255.128 - - [10/Sep/2022:09:10:31 +0800] "POST /xingrg/all/common/load_tree.html?tree=area_rest_tree_json&manage=1 HTTP/1.1" 200 476
116.224.255.128 - - [10/Sep/2022:09:10:31 +0800] "GET /xingrg/images/blue/pingpu.png HTTP/1.1" 304 -
116.224.255.128 - - [10/Sep/2022:09:10:31 +0800] "GET /xingrg/javascript/jquery_easy_ui/themes/default/images/tabs_rightarrow.png HTTP/1.1" 304 -
116.224.255.128 - - [10/Sep/2022:09:10:31 +0800] "GET /xingrg/javascript/jquery_easy_ui/themes/default/images/tabs_leftarrow.png HTTP/1.1" 304 -
116.224.255.128 - - [10/Sep/2022:09:10:31 +0800] "GET /xingrg/javascript/jquery_easy_ui/themes/default/images/panel_tool_collapse.gif HTTP/1.1" 304 -
116.224.255.128 - - [10/Sep/2022:09:10:31 +0800] "GET /xingrg/all/function/internal_message.html?_=1662772170246&CODE_STATE=count HTTP/1.1" 200 11
116.224.255.128 - - [10/Sep/2022:09:10:31 +0800] "GET /xingrg/check_reg.html?_=1662772170246 HTTP/1.1" 200 22
116.224.255.128 - - [10/Sep/2022:09:10:31 +0800] "POST /xingrg/load_menu.html HTTP/1.1" 200 5138
58.37.4.205 - - [10/Sep/2022:09:10:32 +0800] "POST /xingrg/kc/buy/cgsh_order_operate.html HTTP/1.1" 200 37
116.238.169.132 - - [10/Sep/2022:09:10:32 +0800] "GET /xingrg/all/function/internal_message.html?_=1662772232740&CODE_STATE=getMsg HTTP/1.1" 200 27
116.224.255.128 - - [10/Sep/2022:09:10:35 +0800] "GET /xingrg/kc/buy/cgsh_order_list.html HTTP/1.1" 200 52848
222.70.246.221 - - [10/Sep/2022:09:10:37 +0800] "POST /xingrg/kc/buy/cgsh_order_operate.html HTTP/1.1" 200 37
222.70.246.221 - - [10/Sep/2022:09:10:38 +0800] "POST /xingrg/kc/buy/cgsh_order_operate.html HTTP/1.1" 200 42289
116.224.255.128 - - [10/Sep/2022:09:10:39 +0800] "POST /xingrg/kc/buy/cgsh_list_operate.html HTTP/1.1" 200 1544
58.37.4.205 - - [10/Sep/2022:09:10:42 +0800] "POST /xingrg/kc/buy/cgsh_order_operate.html HTTP/1.1" 200 3257
58.37.4.205 - - [10/Sep/2022:09:10:46 +0800] "POST /xingrg/kc/buy/cgsh_list_operate.html HTTP/1.1" 200 1864
58.37.4.205 - - [10/Sep/2022:09:10:48 +0800] "POST /xingrg/kc/buy/cgsh_list_operate.html HTTP/1.1" 200 567
116.225.121.189 - - [10/Sep/2022:09:10:48 +0800] "GET /xingrg/all/function/internal_message.html?_=1662772107359&CODE_STATE=getMsg HTTP/1.1" 200 27
124.79.74.72 - - [10/Sep/2022:09:10:49 +0800] "GET /xingrg/all/function/internal_message.html?_=1662772244132&CODE_STATE=getMsg HTTP/1.1" 200 27
58.37.4.205 - - [10/Sep/2022:09:10:51 +0800] "GET /xingrg/kc/buy/cgsh_order_info.html?code=212022091003504 HTTP/1.1" 200 68633
58.37.4.205 - - [10/Sep/2022:09:10:52 +0800] "GET /xingrg/javascript/easyui/themes/default/validatebox.css HTTP/1.1" 404 1104
58.37.4.205 - - [10/Sep/2022:09:10:52 +0800] "POST /xingrg/kc/buy/cgsh_order_operate.html HTTP/1.1" 200 42859
120.253.135.82 - - [10/Sep/2022:09:10:53 +0800] "GET /xingrg/all/function/internal_message.html?_=1662772050120&CODE_STATE=getMsg HTTP/1.1" 200 27
58.37.4.205 - - [10/Sep/2022:09:10:54 +0800] "GET /xingrg/check_reg.html?_=1662772253035 HTTP/1.1" 200 22
58.37.4.205 - - [10/Sep/2022:09:10:55 +0800] "GET /xingrg/all/function/internal_message.html?_=1662772253247&CODE_STATE=getMsg HTTP/1.1" 200 27
222.70.246.221 - - [10/Sep/2022:09:11:05 +0800] "GET /xingrg/all/function/internal_message.html?_=1662772283216&CODE_STATE=getMsg HTTP/1.1" 200 27
116.238.169.132 - - [10/Sep/2022:09:11:09 +0800] "GET /xingrg/all/function/internal_message.html?_=1662772273922&CODE_STATE=getMsg HTTP/1.1" 200 27
116.238.169.132 - - [10/Sep/2022:09:11:09 +0800] "POST /xingrg/services/DataTransmitService HTTP/1.1" 200 524
116.238.169.132 - - [10/Sep/2022:09:11:10 +0800] "GET /xingrg/check_reg.html?_=1662772266988 HTTP/1.1" 200 22
116.238.169.132 - - [10/Sep/2022:09:11:10 +0800] "GET /xingrg/all/function/internal_message.html?_=1662772266988&CODE_STATE=getMsg HTTP/1.1" 200 27
222.70.246.221 - - [10/Sep/2022:09:11:14 +0800] "GET /xingrg/kc/buy/cgsh_order_operate.html?command=get_materiel&rest_code=00146&code=00101008323&supplier_code=00100005&order_time=2022-09-10 HTTP/1.1" 200 408
114.83.219.57 - - [10/Sep/2022:09:11:15 +0800] "GET /xingrg/all/function/internal_message.html?_=1662772352987&CODE_STATE=getMsg HTTP/1.1" 200 27
58.37.4.205 - - [10/Sep/2022:09:11:15 +0800] "POST /xingrg/services/DataTransmitService HTTP/1.1" 200 524
116.232.194.65 - - [10/Sep/2022:09:11:21 +0800] "GET /xingrg/all/function/internal_message.html?_=1662772227713&CODE_STATE=getMsg HTTP/1.1" 200 27
116.232.194.65 - - [10/Sep/2022:09:11:21 +0800] "GET /xingrg/check_reg.html?_=1662772227713 HTTP/1.1" 200 22
116.224.255.128 - - [10/Sep/2022:09:11:31 +0800] "GET /xingrg/all/function/internal_message.html?_=1662772230252&CODE_STATE=getMsg HTTP/1.1" 200 27
116.238.169.132 - - [10/Sep/2022:09:11:32 +0800] "GET /xingrg/all/function/internal_message.html?_=1662772292753&CODE_STATE=getMsg HTTP/1.1" 200 27
222.70.246.221 - - [10/Sep/2022:09:11:40 +0800] "GET /xingrg/kc/buy/cgsh_order_operate.html?command=get_materiel&rest_code=00146&code=00101008332&supplier_code=00100005&order_time=2022-09-10 HTTP/1.1" 200 412
180.163.30.100 - - [10/Sep/2022:09:11:48 +0800] "GET /xingrg/all/function/internal_message.html?_=1662771953132&CODE_STATE=getMsg HTTP/1.1" 302 -
180.163.30.100 - - [10/Sep/2022:09:11:48 +0800] "GET /xingrg/login.html HTTP/1.1" 200 7641
116.225.121.189 - - [10/Sep/2022:09:11:48 +0800] "GET /xingrg/check_reg.html?_=1662772167359 HTTP/1.1" 200 22
116.225.121.189 - - [10/Sep/2022:09:11:48 +0800] "GET /xingrg/all/function/internal_message.html?_=1662772167362&CODE_STATE=getMsg HTTP/1.1" 200 27
124.79.74.72 - - [10/Sep/2022:09:11:49 +0800] "GET /xingrg/all/function/internal_message.html?_=1662772304118&CODE_STATE=getMsg HTTP/1.1" 200 27
120.253.135.82 - - [10/Sep/2022:09:11:53 +0800] "GET /xingrg/all/function/internal_message.html?_=1662772110399&CODE_STATE=getMsg HTTP/1.1" 200 27
58.37.4.205 - - [10/Sep/2022:09:11:55 +0800] "GET /xingrg/all/function/internal_message.html?_=1662772313223&CODE_STATE=getMsg HTTP/1.1" 200 27
180.163.29.234 - - [10/Sep/2022:09:11:58 +0800] "GET /xingrg/kc/buy/cgsh_order_operate.html?command=get_materiel&rest_code=00106&code=00101008168&supplier_code=00100007&order_time=2022-09-10 HTTP/1.1" 302 -
180.163.29.234 - - [10/Sep/2022:09:11:58 +0800] "GET /xingrg/login.html HTTP/1.1" 200 7641
222.70.246.221 - - [10/Sep/2022:09:12:05 +0800] "GET /xingrg/all/function/internal_message.html?_=1662772343229&CODE_STATE=getMsg HTTP/1.1" 200 27
116.238.169.132 - - [10/Sep/2022:09:12:09 +0800] "GET /xingrg/check_reg.html?_=1662772333920 HTTP/1.1" 200 22
116.238.169.132 - - [10/Sep/2022:09:12:09 +0800] "GET /xingrg/all/function/internal_message.html?_=1662772333922&CODE_STATE=getMsg HTTP/1.1" 200 27
116.238.169.132 - - [10/Sep/2022:09:12:10 +0800] "GET /xingrg/all/function/internal_message.html?_=1662772326988&CODE_STATE=getMsg HTTP/1.1" 200 27
114.83.219.57 - - [10/Sep/2022:09:12:15 +0800] "GET /xingrg/all/function/internal_message.html?_=1662772412962&CODE_STATE=getMsg HTTP/1.1" 200 27
180.163.28.114 - - [10/Sep/2022:09:12:16 +0800] "GET /xingrg/check_reg.html?_=1662772253035 HTTP/1.1" 302 -
180.163.28.114 - - [10/Sep/2022:09:12:16 +0800] "GET /xingrg/login.html HTTP/1.1" 200 7641
114.84.81.136 - - [10/Sep/2022:09:12:18 +0800] "GET /xingrg/check_reg.html?_=1662772332313 HTTP/1.1" 200 22
116.232.194.65 - - [10/Sep/2022:09:12:21 +0800] "GET /xingrg/all/function/internal_message.html?_=1662772287705&CODE_STATE=getMsg HTTP/1.1" 200 27
58.37.4.205 - - [10/Sep/2022:09:12:27 +0800] "POST /xingrg/kc/buy/cgsh_order_operate.html HTTP/1.1" 200 37
116.224.255.128 - - [10/Sep/2022:09:12:31 +0800] "GET /xingrg/all/function/internal_message.html?_=1662772290266&CODE_STATE=getMsg HTTP/1.1" 200 27
116.238.169.132 - - [10/Sep/2022:09:12:32 +0800] "GET /xingrg/all/function/internal_message.html?_=1662772352751&CODE_STATE=getMsg HTTP/1.1" 200 27
58.37.4.205 - - [10/Sep/2022:09:12:36 +0800] "POST /xingrg/kc/buy/cgsh_order_operate.html HTTP/1.1" 200 42859
180.163.28.109 - - [10/Sep/2022:09:12:46 +0800] "GET /xingrg/kc/buy/cgsh_order_operate.html?command=get_materiel&rest_code=00106&code=00101008144&supplier_code=00100007&order_time=2022-09-10 HTTP/1.1" 302 -
180.163.28.109 - - [10/Sep/2022:09:12:46 +0800] "GET /xingrg/login.html HTTP/1.1" 200 7641
116.225.121.189 - - [10/Sep/2022:09:12:48 +0800] "GET /xingrg/all/function/internal_message.html?_=1662772227369&CODE_STATE=getMsg HTTP/1.1" 200 27
124.79.74.72 - - [10/Sep/2022:09:12:49 +0800] "GET /xingrg/all/function/internal_message.html?_=1662772364088&CODE_STATE=getMsg HTTP/1.1" 200 27
222.70.246.221 - - [10/Sep/2022:09:12:51 +0800] "POST /xingrg/kc/buy/cgsh_order_operate.html HTTP/1.1" 200 2065
120.253.135.82 - - [10/Sep/2022:09:12:53 +0800] "GET /xingrg/all/function/internal_message.html?_=1662772170414&CODE_STATE=getMsg HTTP/1.1" 200 27
58.37.4.205 - - [10/Sep/2022:09:12:55 +0800] "GET /xingrg/all/function/internal_message.html?_=1662772373199&CODE_STATE=getMsg HTTP/1.1" 200 27
180.163.29.212 - - [10/Sep/2022:09:12:59 +0800] "GET /xingrg/all/function/internal_message.html?_=1662771893112&CODE_STATE=getMsg HTTP/1.1" 302 -
180.163.29.212 - - [10/Sep/2022:09:12:59 +0800] "GET /xingrg/login.html HTTP/1.1" 200 7641
222.70.246.221 - - [10/Sep/2022:09:12:59 +0800] "GET /xingrg/kc/buy/cgsh_order_operate.html?command=get_materiel&rest_code=00146&code=00101008041&supplier_code=00100005&order_time=2022-09-10 HTTP/1.1" 200 408
222.70.246.221 - - [10/Sep/2022:09:13:05 +0800] "GET /xingrg/all/function/internal_message.html?_=1662772403243&CODE_STATE=getMsg HTTP/1.1" 200 27
116.238.169.132 - - [10/Sep/2022:09:13:09 +0800] "GET /xingrg/all/function/internal_message.html?_=1662772393920&CODE_STATE=getMsg HTTP/1.1" 200 27
116.238.169.132 - - [10/Sep/2022:09:13:10 +0800] "GET /xingrg/all/function/internal_message.html?_=1662772386978&CODE_STATE=getMsg HTTP/1.1" 200 27
114.83.219.57 - - [10/Sep/2022:09:13:15 +0800] "GET /xingrg/all/function/internal_message.html?_=1662772472940&CODE_STATE=getMsg HTTP/1.1" 200 27
222.70.246.221 - - [10/Sep/2022:09:13:20 +0800] "GET /xingrg/kc/buy/cgsh_order_operate.html?command=get_materiel&rest_code=00146&code=00101015107&supplier_code=00100005&order_time=2022-09-10 HTTP/1.1" 200 411
116.232.194.65 - - [10/Sep/2022:09:13:21 +0800] "GET /xingrg/all/function/internal_message.html?_=1662772347722&CODE_STATE=getMsg HTTP/1.1" 200 27
124.79.74.72 - - [10/Sep/2022:09:13:30 +0800] "GET /xingrg/check_reg.html?_=1662772405480 HTTP/1.1" 200 22
116.224.255.128 - - [10/Sep/2022:09:13:31 +0800] "GET /xingrg/all/function/internal_message.html?_=1662772350282&CODE_STATE=getMsg HTTP/1.1" 200 27
120.253.135.82 - - [10/Sep/2022:09:13:31 +0800] "GET /xingrg/check_reg.html?_=1662772208716 HTTP/1.1" 200 22
116.238.169.132 - - [10/Sep/2022:09:13:32 +0800] "GET /xingrg/check_reg.html?_=1662772412749 HTTP/1.1" 200 22
116.238.169.132 - - [10/Sep/2022:09:13:32 +0800] "GET /xingrg/all/function/internal_message.html?_=1662772412752&CODE_STATE=getMsg HTTP/1.1" 200 27
222.70.246.221 - - [10/Sep/2022:09:13:36 +0800] "GET /xingrg/kc/buy/cgsh_order_operate.html?command=get_materiel&rest_code=00146&code=00101015026&supplier_code=00100005&order_time=2022-09-10 HTTP/1.1" 200 412
222.70.246.221 - - [10/Sep/2022:09:13:47 +0800] "POST /xingrg/kc/buy/cgsh_order_operate.html HTTP/1.1" 200 37
116.225.121.189 - - [10/Sep/2022:09:13:48 +0800] "GET /xingrg/all/function/internal_message.html?_=1662772287369&CODE_STATE=getMsg HTTP/1.1" 200 27
222.70.246.221 - - [10/Sep/2022:09:13:48 +0800] "POST /xingrg/kc/buy/cgsh_order_operate.html HTTP/1.1" 200 46418
124.79.74.72 - - [10/Sep/2022:09:13:49 +0800] "GET /xingrg/all/function/internal_message.html?_=1662772424062&CODE_STATE=getMsg HTTP/1.1" 200 27
120.253.135.82 - - [10/Sep/2022:09:13:53 +0800] "GET /xingrg/all/function/internal_message.html?_=1662772230504&CODE_STATE=getMsg HTTP/1.1" 200 27
58.37.4.205 - - [10/Sep/2022:09:13:55 +0800] "GET /xingrg/all/function/internal_message.html?_=1662772433179&CODE_STATE=getMsg HTTP/1.1" 200 27
180.163.28.109 - - [10/Sep/2022:09:13:55 +0800] "GET /xingrg/all/function/internal_message.html?_=1662772373199&CODE_STATE=getMsg HTTP/1.1" 302 -
180.163.28.109 - - [10/Sep/2022:09:13:55 +0800] "GET /xingrg/login.html HTTP/1.1" 200 7641
222.70.246.221 - - [10/Sep/2022:09:14:05 +0800] "GET /xingrg/all/function/internal_message.html?_=1662772463256&CODE_STATE=getMsg HTTP/1.1" 200 27
222.70.246.221 - - [10/Sep/2022:09:14:05 +0800] "GET /xingrg/kc/buy/cgsh_order_operate.html?command=get_materiel&rest_code=00146&code=00101015038&supplier_code=00100005&order_time=2022-09-10 HTTP/1.1" 200 418
