116.225.121.189 - - [10/Sep/2022:11:13:28 +0800] "GET /xingrg/kc/buy/cgsh_order_operate.html?command=get_materiel&rest_code=00105&code=00101008304&supplier_code=00100203&order_time=2022-09-10 HTTP/1.1" 200 412
116.232.194.65 - - [10/Sep/2022:11:13:30 +0800] "GET /xingrg/kc/base/stock_operate.html?_=1662779556156&command=get_report_file&start_day=20220801 HTTP/1.1" 200 53
116.232.194.65 - - [10/Sep/2022:11:13:30 +0800] "GET /xingrg/all/report/report_query.html?isQuery=1&onlyBody=1&rh=2000&fileName=kc/base/kc_stock_detail_new.xml&queryString=(1=1)&queryText=&tableQueryString=init_table$sp1$$sp$crk_table$sp1$order_day%20between%2020220801%20and%2020220930&varString=start_day:20220801,materiel_code:00102012003,cost_id:3856,end_date:20220731 HTTP/1.1" 200 48701
116.232.194.65 - - [10/Sep/2022:11:13:30 +0800] "GET /xingrg/dwr/interface/AjaxReportQueryService.js HTTP/1.1" 200 13203
116.232.194.65 - - [10/Sep/2022:11:13:30 +0800] "GET /xingrg/dwr/engine.js HTTP/1.1" 200 43631
124.79.74.72 - - [10/Sep/2022:11:13:30 +0800] "GET /xingrg/check_reg.html?_=1662779605019 HTTP/1.1" 200 22
116.232.194.65 - - [10/Sep/2022:11:13:30 +0800] "POST /xingrg/all/report/load_report_page.html HTTP/1.1" 200 20245
116.232.194.65 - - [10/Sep/2022:11:13:30 +0800] "GET /xingrg/servlets/image?cache=0.33729893385200727&image=px HTTP/1.1" 200 807
114.88.158.224 - - [10/Sep/2022:11:13:31 +0800] "GET /xingrg/kc/buy/cgsh_order_operate.html?command=get_materiel&rest_code=00141&code=00101008168&supplier_code=00100007&order_time=2022-09-10 HTTP/1.1" 200 413
116.238.169.132 - - [10/Sep/2022:11:13:32 +0800] "GET /xingrg/check_reg.html?_=1662779612851 HTTP/1.1" 200 22
116.238.169.132 - - [10/Sep/2022:11:13:32 +0800] "GET /xingrg/all/function/internal_message.html?_=1662779612855&CODE_STATE=getMsg HTTP/1.1" 200 27
120.253.135.82 - - [10/Sep/2022:11:13:33 +0800] "GET /xingrg/all/function/internal_message.html?_=1662779409639&CODE_STATE=getMsg HTTP/1.1" 200 27
116.232.194.65 - - [10/Sep/2022:11:13:34 +0800] "GET /xingrg/kc/base/stock_operate.html?_=1662779560243&command=get_report_file&start_day=20220627 HTTP/1.1" 200 53
116.232.194.65 - - [10/Sep/2022:11:13:34 +0800] "GET /xingrg/all/report/report_query.html?isQuery=1&onlyBody=1&rh=2000&fileName=kc/base/kc_stock_detail_new.xml&queryString=(1=1)&queryText=&tableQueryString=init_table$sp1$$sp$crk_table$sp1$order_day%20between%2020220627%20and%2020220930&varString=start_day:20220627,materiel_code:00102012003,cost_id:3771,end_date:20220531 HTTP/1.1" 200 48701
116.232.194.65 - - [10/Sep/2022:11:13:34 +0800] "GET /xingrg/dwr/interface/AjaxReportQueryService.js HTTP/1.1" 200 13203
116.232.194.65 - - [10/Sep/2022:11:13:34 +0800] "GET /xingrg/dwr/engine.js HTTP/1.1" 200 43631
116.232.194.65 - - [10/Sep/2022:11:13:34 +0800] "POST /xingrg/all/report/load_report_page.html HTTP/1.1" 200 20195
116.232.194.65 - - [10/Sep/2022:11:13:34 +0800] "GET /xingrg/servlets/image?cache=0.835544349496771&image=px HTTP/1.1" 200 807
101.83.241.167 - - [10/Sep/2022:11:13:35 +0800] "GET /xingrg/check_reg.html?_=1662779609224 HTTP/1.1" 200 22
114.84.5.35 - - [10/Sep/2022:11:13:37 +0800] "GET /xingrg/all/function/internal_message.html?_=1662779609477&CODE_STATE=getMsg HTTP/1.1" 200 27
114.84.5.35 - - [10/Sep/2022:11:13:37 +0800] "GET /xingrg/check_reg.html?_=1662779609479 HTTP/1.1" 200 22
114.88.158.224 - - [10/Sep/2022:11:13:39 +0800] "GET /xingrg/kc/buy/cgsh_order_operate.html?command=get_materiel&rest_code=00141&code=00101008114&supplier_code=00100007&order_time=2022-09-10 HTTP/1.1" 200 412
116.232.194.65 - - [10/Sep/2022:11:13:41 +0800] "GET /xingrg/kc/base/stock_operate.html?_=1662779567210&command=get_report_file&start_day=20220601 HTTP/1.1" 200 53
116.232.194.65 - - [10/Sep/2022:11:13:41 +0800] "GET /xingrg/all/report/report_query.html?isQuery=1&onlyBody=1&rh=2000&fileName=kc/base/kc_stock_detail_new.xml&queryString=(1=1)&queryText=&tableQueryString=init_table$sp1$$sp$crk_table$sp1$order_day%20between%2020220601%20and%2020220930&varString=start_day:20220601,materiel_code:00102012003,cost_id:3771,end_date:20220531 HTTP/1.1" 200 48701
116.232.194.65 - - [10/Sep/2022:11:13:41 +0800] "GET /xingrg/dwr/interface/AjaxReportQueryService.js HTTP/1.1" 200 13203
116.232.194.65 - - [10/Sep/2022:11:13:41 +0800] "GET /xingrg/dwr/engine.js HTTP/1.1" 200 43631
116.232.194.65 - - [10/Sep/2022:11:13:41 +0800] "POST /xingrg/all/report/load_report_page.html HTTP/1.1" 200 20245
116.232.194.65 - - [10/Sep/2022:11:13:41 +0800] "GET /xingrg/servlets/image?cache=0.36540061605577145&image=px HTTP/1.1" 200 807
116.225.121.189 - - [10/Sep/2022:11:13:41 +0800] "GET /xingrg/all/function/internal_message.html?_=1662779619911&CODE_STATE=getMsg HTTP/1.1" 200 27
114.88.158.224 - - [10/Sep/2022:11:13:42 +0800] "GET /xingrg/all/function/internal_message.html?_=1662779274202&CODE_STATE=getMsg HTTP/1.1" 200 27
124.79.74.72 - - [10/Sep/2022:11:13:47 +0800] "GET /xingrg/all/function/internal_message.html?_=1662779621940&CODE_STATE=getMsg HTTP/1.1" 200 27
116.225.121.189 - - [10/Sep/2022:11:13:47 +0800] "GET /xingrg/kc/buy/cgsh_order_operate.html?command=get_materiel&rest_code=00105&code=00101008276&supplier_code=00100203&order_time=2022-09-10 HTTP/1.1" 200 412
101.83.241.167 - - [10/Sep/2022:11:13:48 +0800] "GET /xingrg/all/function/internal_message.html?_=1662779621453&CODE_STATE=getMsg HTTP/1.1" 200 27
116.225.121.189 - - [10/Sep/2022:11:13:48 +0800] "GET /xingrg/all/function/internal_message.html?_=1662779487443&CODE_STATE=getMsg HTTP/1.1" 200 27
180.162.112.166 - - [10/Sep/2022:11:13:48 +0800] "GET /xingrg/all/function/internal_message.html?_=1662778759723&CODE_STATE=getMsg HTTP/1.1" 200 27
114.88.158.224 - - [10/Sep/2022:11:13:54 +0800] "GET /xingrg/kc/buy/cgsh_order_operate.html?command=get_materiel&rest_code=00141&code=00101009013&supplier_code=00100007&order_time=2022-09-10 HTTP/1.1" 200 420
114.83.219.57 - - [10/Sep/2022:11:13:59 +0800] "GET /xingrg/all/function/internal_message.html?_=1662779716952&CODE_STATE=getMsg HTTP/1.1" 200 27
58.37.4.205 - - [10/Sep/2022:11:14:04 +0800] "GET /xingrg/all/function/internal_message.html?_=1662779642810&CODE_STATE=getMsg HTTP/1.1" 200 27
116.225.121.189 - - [10/Sep/2022:11:14:05 +0800] "POST /xingrg/kc/buy/cgsh_order_operate.html HTTP/1.1" 200 37
116.225.121.189 - - [10/Sep/2022:11:14:07 +0800] "POST /xingrg/kc/buy/cgsh_order_operate.html HTTP/1.1" 200 33956
116.232.194.65 - - [10/Sep/2022:11:14:07 +0800] "GET /xingrg/all/function/internal_message.html?_=1662779593967&CODE_STATE=getMsg HTTP/1.1" 200 27
116.232.194.65 - - [10/Sep/2022:11:14:07 +0800] "GET /xingrg/check_reg.html?_=1662779593969 HTTP/1.1" 200 22
114.88.158.224 - - [10/Sep/2022:11:14:08 +0800] "GET /xingrg/kc/buy/cgsh_order_operate.html?command=get_materiel&rest_code=00141&code=00101009016&supplier_code=00100007&order_time=2022-09-10 HTTP/1.1" 200 412
116.238.169.132 - - [10/Sep/2022:11:14:09 +0800] "GET /xingrg/all/function/internal_message.html?_=1662779654032&CODE_STATE=getMsg HTTP/1.1" 302 -
116.238.169.132 - - [10/Sep/2022:11:14:10 +0800] "GET /xingrg/all/function/internal_message.html?_=1662779646836&CODE_STATE=getMsg HTTP/1.1" 200 27
101.85.93.70 - - [10/Sep/2022:11:14:11 +0800] "GET /xingrg/all/function/internal_message.html?_=1662779647762&CODE_STATE=getMsg HTTP/1.1" 200 27
116.224.255.128 - - [10/Sep/2022:11:14:12 +0800] "GET /xingrg/all/function/internal_message.html?_=1662779590721&CODE_STATE=getMsg HTTP/1.1" 200 27
114.88.158.224 - - [10/Sep/2022:11:14:18 +0800] "GET /xingrg/kc/buy/cgsh_order_operate.html?command=get_materiel&rest_code=00141&code=00101009054&supplier_code=00100007&order_time=2022-09-10 HTTP/1.1" 200 413
222.70.246.221 - - [10/Sep/2022:11:14:19 +0800] "GET /xingrg/all/function/internal_message.html?_=1662779677766&CODE_STATE=getMsg HTTP/1.1" 200 27
114.84.81.136 - - [10/Sep/2022:11:14:23 +0800] "GET /xingrg/all/function/internal_message.html?_=1662779663468&CODE_STATE=getMsg HTTP/1.1" 200 27
114.88.158.224 - - [10/Sep/2022:11:14:23 +0800] "POST /xingrg/kc/buy/cgsh_order_operate.html HTTP/1.1" 200 2065
114.88.158.224 - - [10/Sep/2022:11:14:29 +0800] "GET /xingrg/kc/buy/cgsh_order_operate.html?command=get_materiel&rest_code=00141&code=00101008150&supplier_code=00100007&order_time=2022-09-10 HTTP/1.1" 200 409
180.162.112.166 - - [10/Sep/2022:11:14:31 +0800] "POST /xingrg/kc/buy/cgsh_order_operate.html HTTP/1.1" 200 37
116.238.169.132 - - [10/Sep/2022:11:14:32 +0800] "GET /xingrg/all/function/internal_message.html?_=1662779672850&CODE_STATE=getMsg HTTP/1.1" 200 27
116.225.121.189 - - [10/Sep/2022:11:14:32 +0800] "GET /xingrg/kc/buy/cgsh_order_operate.html?command=get_materiel&rest_code=00105&code=00101008350&supplier_code=00100203&order_time=2022-09-10 HTTP/1.1" 200 408
180.162.112.166 - - [10/Sep/2022:11:14:33 +0800] "POST /xingrg/kc/buy/cgsh_order_operate.html HTTP/1.1" 200 4413
120.253.135.82 - - [10/Sep/2022:11:14:33 +0800] "GET /xingrg/all/function/internal_message.html?_=1662779469654&CODE_STATE=getMsg HTTP/1.1" 200 27
114.84.5.35 - - [10/Sep/2022:11:14:37 +0800] "GET /xingrg/all/function/internal_message.html?_=1662779669479&CODE_STATE=getMsg HTTP/1.1" 200 27
180.162.112.166 - - [10/Sep/2022:11:14:38 +0800] "POST /xingrg/kc/buy/cgsh_list_operate.html HTTP/1.1" 200 1870
116.225.121.189 - - [10/Sep/2022:11:14:41 +0800] "GET /xingrg/all/function/internal_message.html?_=1662779679900&CODE_STATE=getMsg HTTP/1.1" 200 27
116.225.121.189 - - [10/Sep/2022:11:14:41 +0800] "GET /xingrg/check_reg.html?_=1662779679902 HTTP/1.1" 200 22
114.88.158.224 - - [10/Sep/2022:11:14:42 +0800] "GET /xingrg/all/function/internal_message.html?_=1662779334180&CODE_STATE=getMsg HTTP/1.1" 200 27
180.163.30.85 - - [10/Sep/2022:11:14:45 +0800] "GET /xingrg/kc/buy/cgsh_order_operate.html?command=get_materiel&rest_code=00106&code=00101016071&supplier_code=00100032&order_time=2022-09-10 HTTP/1.1" 302 -
180.163.30.85 - - [10/Sep/2022:11:14:45 +0800] "GET /xingrg/login.html HTTP/1.1" 200 7641
124.79.74.72 - - [10/Sep/2022:11:14:47 +0800] "GET /xingrg/all/function/internal_message.html?_=1662779681910&CODE_STATE=getMsg HTTP/1.1" 200 27
101.83.241.167 - - [10/Sep/2022:11:14:48 +0800] "GET /xingrg/all/function/internal_message.html?_=1662779681434&CODE_STATE=getMsg HTTP/1.1" 200 27
116.225.121.189 - - [10/Sep/2022:11:14:48 +0800] "GET /xingrg/all/function/internal_message.html?_=1662779547505&CODE_STATE=getMsg HTTP/1.1" 200 27
180.162.112.166 - - [10/Sep/2022:11:14:48 +0800] "GET /xingrg/all/function/internal_message.html?_=1662778819722&CODE_STATE=getMsg HTTP/1.1" 200 27
114.88.158.224 - - [10/Sep/2022:11:14:54 +0800] "GET /xingrg/kc/buy/cgsh_order_operate.html?command=get_materiel&rest_code=00141&code=00101008261&supplier_code=00100007&order_time=2022-09-10 HTTP/1.1" 200 408
114.83.219.57 - - [10/Sep/2022:11:14:59 +0800] "GET /xingrg/all/function/internal_message.html?_=1662779776928&CODE_STATE=getMsg HTTP/1.1" 200 27
58.37.4.205 - - [10/Sep/2022:11:15:04 +0800] "GET /xingrg/all/function/internal_message.html?_=1662779702779&CODE_STATE=getMsg HTTP/1.1" 200 27
114.88.158.224 - - [10/Sep/2022:11:15:05 +0800] "POST /xingrg/kc/buy/cgsh_order_operate.html HTTP/1.1" 200 2065
116.225.121.189 - - [10/Sep/2022:11:15:07 +0800] "GET /xingrg/kc/buy/cgsh_order_operate.html?command=get_materiel&rest_code=00105&code=00101008036&supplier_code=00100203&order_time=2022-09-10 HTTP/1.1" 200 408
116.232.194.65 - - [10/Sep/2022:11:15:07 +0800] "GET /xingrg/all/function/internal_message.html?_=1662779653960&CODE_STATE=getMsg HTTP/1.1" 200 27
222.70.246.221 - - [10/Sep/2022:11:15:08 +0800] "GET /xingrg/check_reg.html?_=1662779726449 HTTP/1.1" 200 22
116.238.169.132 - - [10/Sep/2022:11:15:09 +0800] "GET /xingrg/all/function/internal_message.html?_=1662779714031&CODE_STATE=getMsg HTTP/1.1" 302 -
180.163.28.114 - - [10/Sep/2022:11:15:09 +0800] "GET /xingrg/kc/buy/cgsh_order_operate.html?command=get_materiel&rest_code=00106&code=00101001135&supplier_code=00100313&order_time=2022-09-10 HTTP/1.1" 302 -
180.163.28.114 - - [10/Sep/2022:11:15:09 +0800] "GET /xingrg/login.html HTTP/1.1" 200 7641
116.238.169.132 - - [10/Sep/2022:11:15:10 +0800] "GET /xingrg/all/function/internal_message.html?_=1662779706833&CODE_STATE=getMsg HTTP/1.1" 200 27
101.85.93.70 - - [10/Sep/2022:11:15:11 +0800] "GET /xingrg/all/function/internal_message.html?_=1662779707733&CODE_STATE=getMsg HTTP/1.1" 200 27
116.224.255.128 - - [10/Sep/2022:11:15:12 +0800] "GET /xingrg/all/function/internal_message.html?_=1662779650735&CODE_STATE=getMsg HTTP/1.1" 200 27
180.163.29.217 - - [10/Sep/2022:11:15:14 +0800] "GET /xingrg/kc/base/wldb_order_operate.html?command=get_materiel&rest_code=00106&base_code=0010397&code=00102002448 HTTP/1.1" 302 -
180.163.29.217 - - [10/Sep/2022:11:15:14 +0800] "GET /xingrg/login.html HTTP/1.1" 200 7641
114.88.158.224 - - [10/Sep/2022:11:15:18 +0800] "GET /xingrg/kc/buy/cgsh_order_operate.html?command=get_materiel&rest_code=00141&code=00101008087&supplier_code=00100007&order_time=2022-09-10 HTTP/1.1" 200 412
180.169.147.146 - - [10/Sep/2022:11:15:18 +0800] "GET /xingrg/kc/buy/buy_main.html HTTP/1.1" 302 -
180.169.147.146 - - [10/Sep/2022:11:15:18 +0800] "GET /xingrg/login.html HTTP/1.1" 200 7641
180.169.147.146 - - [10/Sep/2022:11:15:18 +0800] "GET /xingrg/login.html HTTP/1.1" 200 7641
222.70.246.221 - - [10/Sep/2022:11:15:19 +0800] "GET /xingrg/all/function/internal_message.html?_=1662779737772&CODE_STATE=getMsg HTTP/1.1" 200 27
180.169.147.146 - - [10/Sep/2022:11:15:19 +0800] "POST /xingrg/login.do HTTP/1.1" 302 -
180.169.147.146 - - [10/Sep/2022:11:15:20 +0800] "GET /xingrg/index.html?sysBaseUrl=http%3A%2F%2F180.169.147.146%3A18081%2Fxingrg%2F&costTime=39×tamp=1662779719996 HTTP/1.1" 200 17179
180.169.147.146 - - [10/Sep/2022:11:15:20 +0800] "POST /xingrg/all/common/load_tree.html?tree=area_rest_tree_json&manage=1 HTTP/1.1" 200 351
180.169.147.146 - - [10/Sep/2022:11:15:20 +0800] "GET /xingrg/all/function/internal_message.html?_=1662779715364&CODE_STATE=count HTTP/1.1" 200 11
180.169.147.146 - - [10/Sep/2022:11:15:20 +0800] "POST /xingrg/load_menu.html HTTP/1.1" 200 5138
180.169.147.146 - - [10/Sep/2022:11:15:20 +0800] "GET /xingrg/check_reg.html?_=1662779715366 HTTP/1.1" 200 22
180.163.30.100 - - [10/Sep/2022:11:15:20 +0800] "GET /xingrg/kc/base/wldb_order_operate.html?command=get_materiel&rest_code=00106&base_code=0010397&code=00102002315 HTTP/1.1" 302 -
180.169.147.146 - - [10/Sep/2022:11:15:21 +0800] "GET /xingrg/kc/buy/buy_main.html HTTP/1.1" 200 12412
180.169.147.146 - - [10/Sep/2022:11:15:21 +0800] "GET /xingrg/css/new_ie.css HTTP/1.1" 404 1036
180.169.147.146 - - [10/Sep/2022:11:15:22 +0800] "GET /xingrg/images/yd/bt.gif HTTP/1.1" 404 1040
180.169.147.146 - - [10/Sep/2022:11:15:22 +0800] "GET /xingrg/kc/buy/cgsh_order_list.html HTTP/1.1" 200 52848
180.163.30.100 - - [10/Sep/2022:11:15:23 +0800] "GET /xingrg/login.html HTTP/1.1" 200 7641
180.169.147.146 - - [10/Sep/2022:11:15:24 +0800] "POST /xingrg/kc/buy/cgsh_list_operate.html HTTP/1.1" 200 4880
114.88.158.224 - - [10/Sep/2022:11:15:29 +0800] "GET /xingrg/kc/buy/cgsh_order_operate.html?command=get_materiel&rest_code=00141&code=00101008321&supplier_code=00100007&order_time=2022-09-10 HTTP/1.1" 200 412
116.238.169.132 - - [10/Sep/2022:11:15:32 +0800] "GET /xingrg/all/function/internal_message.html?_=1662779732848&CODE_STATE=getMsg HTTP/1.1" 200 27
120.253.135.82 - - [10/Sep/2022:11:15:33 +0800] "GET /xingrg/all/function/internal_message.html?_=1662779529691&CODE_STATE=getMsg HTTP/1.1" 200 27
114.84.5.35 - - [10/Sep/2022:11:15:37 +0800] "GET /xingrg/all/function/internal_message.html?_=1662779729479&CODE_STATE=getMsg HTTP/1.1" 200 27
114.88.158.224 - - [10/Sep/2022:11:15:37 +0800] "GET /xingrg/kc/buy/cgsh_order_operate.html?command=get_materiel&rest_code=00141&code=00101008059&supplier_code=00100007&order_time=2022-09-10 HTTP/1.1" 200 408
116.225.121.189 - - [10/Sep/2022:11:15:41 +0800] "GET /xingrg/all/function/internal_message.html?_=1662779739911&CODE_STATE=getMsg HTTP/1.1" 200 27
114.88.158.224 - - [10/Sep/2022:11:15:42 +0800] "GET /xingrg/check_reg.html?_=1662779394221 HTTP/1.1" 200 22
114.88.158.224 - - [10/Sep/2022:11:15:42 +0800] "GET /xingrg/all/function/internal_message.html?_=1662779394221&CODE_STATE=getMsg HTTP/1.1" 200 27
114.88.158.224 - - [10/Sep/2022:11:15:45 +0800] "GET /xingrg/kc/buy/cgsh_order_operate.html?command=get_materiel&rest_code=00141&code=00101008312&supplier_code=00100007&order_time=2022-09-10 HTTP/1.1" 200 412
124.79.74.72 - - [10/Sep/2022:11:15:47 +0800] "GET /xingrg/all/function/internal_message.html?_=1662779741880&CODE_STATE=getMsg HTTP/1.1" 200 27
101.83.241.167 - - [10/Sep/2022:11:15:48 +0800] "GET /xingrg/all/function/internal_message.html?_=1662779741419&CODE_STATE=getMsg HTTP/1.1" 200 27
114.88.158.224 - - [10/Sep/2022:11:15:48 +0800] "POST /xingrg/kc/buy/cgsh_order_operate.html HTTP/1.1" 200 2065
116.225.121.189 - - [10/Sep/2022:11:15:48 +0800] "GET /xingrg/all/function/internal_message.html?_=1662779607488&CODE_STATE=getMsg HTTP/1.1" 200 27
180.162.112.166 - - [10/Sep/2022:11:15:48 +0800] "GET /xingrg/all/function/internal_message.html?_=1662778879722&CODE_STATE=getMsg HTTP/1.1" 200 27
58.37.4.205 - - [10/Sep/2022:11:15:54 +0800] "GET /xingrg/check_reg.html?_=1662779752744 HTTP/1.1" 200 22
180.163.29.212 - - [10/Sep/2022:11:15:56 +0800] "GET /xingrg/kc/buy/cgsh_order_operate.html?command=get_materiel&rest_code=00106&code=00101001161&supplier_code=00100313&order_time=2022-09-10 HTTP/1.1" 302 -
180.163.29.212 - - [10/Sep/2022:11:15:56 +0800] "GET /xingrg/login.html HTTP/1.1" 200 7641
180.169.147.146 - - [10/Sep/2022:11:15:57 +0800] "POST /xingrg/kc/buy/cgsh_list_operate.html HTTP/1.1" 200 4
114.83.219.57 - - [10/Sep/2022:11:15:59 +0800] "GET /xingrg/all/function/internal_message.html?_=1662779836907&CODE_STATE=getMsg HTTP/1.1" 200 27
114.83.219.57 - - [10/Sep/2022:11:15:59 +0800] "GET /xingrg/check_reg.html?_=1662779837449 HTTP/1.1" 200 22
180.169.147.146 - - [10/Sep/2022:11:16:00 +0800] "POST /xingrg/kc/buy/cgsh_list_operate.html HTTP/1.1" 200 4806
114.88.158.224 - - [10/Sep/2022:11:16:01 +0800] "GET /xingrg/kc/buy/cgsh_order_operate.html?command=get_materiel&rest_code=00141&code=00101008072&supplier_code=00100007&order_time=2022-09-10 HTTP/1.1" 200 408
58.37.4.205 - - [10/Sep/2022:11:16:04 +0800] "GET /xingrg/all/function/internal_message.html?_=1662779762761&CODE_STATE=getMsg HTTP/1.1" 200 27
116.232.194.65 - - [10/Sep/2022:11:16:07 +0800] "GET /xingrg/all/function/internal_message.html?_=1662779713957&CODE_STATE=getMsg HTTP/1.1" 200 27
116.238.169.132 - - [10/Sep/2022:11:16:09 +0800] "GET /xingrg/all/function/internal_message.html?_=1662779774030&CODE_STATE=getMsg HTTP/1.1" 302 -
116.238.169.132 - - [10/Sep/2022:11:16:10 +0800] "GET /xingrg/all/function/internal_message.html?_=1662779766830&CODE_STATE=getMsg HTTP/1.1" 200 27
116.238.169.132 - - [10/Sep/2022:11:16:10 +0800] "GET /xingrg/check_reg.html?_=1662779766968 HTTP/1.1" 200 22
114.88.158.224 - - [10/Sep/2022:11:16:11 +0800] "GET /xingrg/kc/buy/cgsh_order_operate.html?command=get_materiel&rest_code=00141&code=00101008041&supplier_code=00100007&order_time=2022-09-10 HTTP/1.1" 200 408
101.85.93.70 - - [10/Sep/2022:11:16:11 +0800] "GET /xingrg/all/function/internal_message.html?_=1662779767716&CODE_STATE=getMsg HTTP/1.1" 200 27
116.224.255.128 - - [10/Sep/2022:11:16:12 +0800] "GET /xingrg/all/function/internal_message.html?_=1662779710764&CODE_STATE=getMsg HTTP/1.1" 200 27
180.163.28.114 - - [10/Sep/2022:11:16:16 +0800] "GET /xingrg/kc/buy/cgsh_order_operate.html?command=get_materiel&rest_code=00106&code=00101016017&supplier_code=00100032&order_time=2022-09-10 HTTP/1.1" 302 -
180.163.28.114 - - [10/Sep/2022:11:16:16 +0800] "GET /xingrg/login.html HTTP/1.1" 200 7641
222.70.246.221 - - [10/Sep/2022:11:16:19 +0800] "GET /xingrg/all/function/internal_message.html?_=1662779797784&CODE_STATE=getMsg HTTP/1.1" 200 27
180.169.147.146 - - [10/Sep/2022:11:16:20 +0800] "GET /xingrg/all/function/internal_message.html?_=1662779775381&CODE_STATE=getMsg HTTP/1.1" 200 27
114.88.158.224 - - [10/Sep/2022:11:16:26 +0800] "POST /xingrg/kc/buy/cgsh_order_operate.html HTTP/1.1" 200 37
116.232.194.65 - - [10/Sep/2022:11:16:29 +0800] "GET /xingrg/kc/buy/cgsh_order_list.html HTTP/1.1" 200 52848
114.88.158.224 - - [10/Sep/2022:11:16:31 +0800] "POST /xingrg/kc/buy/cgsh_order_operate.html HTTP/1.1" 200 12
180.163.30.27 - - [10/Sep/2022:11:16:32 +0800] "GET /xingrg/all/function/internal_message.html?_=1662778561965&CODE_STATE=getMsg HTTP/1.1" 302 -
180.163.30.27 - - [10/Sep/2022:11:16:32 +0800] "GET /xingrg/login.html HTTP/1.1" 200 7641
116.238.169.132 - - [10/Sep/2022:11:16:32 +0800] "GET /xingrg/all/function/internal_message.html?_=1662779792845&CODE_STATE=getMsg HTTP/1.1" 200 27
120.253.135.82 - - [10/Sep/2022:11:16:33 +0800] "GET /xingrg/all/function/internal_message.html?_=1662779589695&CODE_STATE=getMsg HTTP/1.1" 200 27
180.169.147.146 - - [10/Sep/2022:11:16:33 +0800] "POST /xingrg/kc/buy/cgsh_list_operate.html HTTP/1.1" 200 4
114.88.158.224 - - [10/Sep/2022:11:16:33 +0800] "GET /xingrg/kc/buy/cgsh_order_info.html?code=212022091003567 HTTP/1.1" 200 63527
114.88.158.224 - - [10/Sep/2022:11:16:33 +0800] "GET /xingrg/javascript/easyui/themes/default/validatebox.css HTTP/1.1" 404 1104
114.88.158.224 - - [10/Sep/2022:11:16:34 +0800] "POST /xingrg/kc/buy/cgsh_order_operate.html HTTP/1.1" 200 39630
116.232.194.65 - - [10/Sep/2022:11:16:35 +0800] "POST /xingrg/kc/buy/cgsh_list_operate.html HTTP/1.1" 200 2534
114.88.158.224 - - [10/Sep/2022:11:16:35 +0800] "GET /xingrg/kc/print/load_data.html?order_code=212022091003567&kc_code=cgsh&condition= HTTP/1.1" 200 15499
114.84.5.35 - - [10/Sep/2022:11:16:37 +0800] "GET /xingrg/all/function/internal_message.html?_=1662779789505&CODE_STATE=getMsg HTTP/1.1" 200 27
180.169.147.146 - - [10/Sep/2022:11:16:37 +0800] "POST /xingrg/kc/buy/cgsh_list_operate.html HTTP/1.1" 200 4769
114.88.158.224 - - [10/Sep/2022:11:16:41 +0800] "GET /xingrg/kc/buy/cgsh_order_add.html HTTP/1.1" 200 68624
114.88.158.224 - - [10/Sep/2022:11:16:41 +0800] "POST /xingrg/kc/buy/cgsh_order_operate.html HTTP/1.1" 200 8245
116.225.121.189 - - [10/Sep/2022:11:16:41 +0800] "GET /xingrg/all/function/internal_message.html?_=1662779799901&CODE_STATE=getMsg HTTP/1.1" 200 27
114.88.158.224 - - [10/Sep/2022:11:16:42 +0800] "GET /xingrg/javascript/easyui/themes/default/validatebox.css HTTP/1.1" 404 1104
114.88.158.224 - - [10/Sep/2022:11:16:42 +0800] "GET /xingrg/all/function/internal_message.html?_=1662779454272&CODE_STATE=getMsg HTTP/1.1" 200 27
124.79.74.72 - - [10/Sep/2022:11:16:47 +0800] "GET /xingrg/all/function/internal_message.html?_=1662779801862&CODE_STATE=getMsg HTTP/1.1" 200 27
101.83.241.167 - - [10/Sep/2022:11:16:48 +0800] "GET /xingrg/all/function/internal_message.html?_=1662779801399&CODE_STATE=getMsg HTTP/1.1" 200 27
116.225.121.189 - - [10/Sep/2022:11:16:48 +0800] "GET /xingrg/check_reg.html?_=1662779667444 HTTP/1.1" 200 22
116.225.121.189 - - [10/Sep/2022:11:16:48 +0800] "GET /xingrg/all/function/internal_message.html?_=1662779667464&CODE_STATE=getMsg HTTP/1.1" 200 27
180.162.112.166 - - [10/Sep/2022:11:16:48 +0800] "GET /xingrg/all/function/internal_message.html?_=1662778939720&CODE_STATE=getMsg HTTP/1.1" 200 27
180.162.112.166 - - [10/Sep/2022:11:16:48 +0800] "GET /xingrg/check_reg.html?_=1662778939723 HTTP/1.1" 200 22
116.232.194.65 - - [10/Sep/2022:11:16:52 +0800] "GET /xingrg/javascript/auto/indicator.gif HTTP/1.1" 404 1066
114.88.158.224 - - [10/Sep/2022:11:16:54 +0800] "GET /xingrg/kc/buy/cgsh_order_operate.html?command=get_materiel&rest_code=00141&code=00101008593&supplier_code=00100450&order_time=2022-09-10 HTTP/1.1" 200 418
114.83.219.57 - - [10/Sep/2022:11:16:59 +0800] "GET /xingrg/all/function/internal_message.html?_=1662779896895&CODE_STATE=getMsg HTTP/1.1" 200 27
58.37.4.205 - - [10/Sep/2022:11:17:04 +0800] "GET /xingrg/all/function/internal_message.html?_=1662779822744&CODE_STATE=getMsg HTTP/1.1" 200 27
114.88.158.224 - - [10/Sep/2022:11:17:06 +0800] "GET /xingrg/kc/buy/cgsh_order_operate.html?command=get_materiel&rest_code=00141&code=00101015052&supplier_code=00100450&order_time=2022-09-10 HTTP/1.1" 200 413
101.85.93.70 - - [10/Sep/2022:11:17:07 +0800] "GET /xingrg/check_reg.html?_=1662779823461 HTTP/1.1" 200 22
116.232.194.65 - - [10/Sep/2022:11:17:07 +0800] "GET /xingrg/all/function/internal_message.html?_=1662779773946&CODE_STATE=getMsg HTTP/1.1" 200 27
116.224.255.128 - - [10/Sep/2022:11:17:08 +0800] "GET /xingrg/check_reg.html?_=1662779767225 HTTP/1.1" 200 22
180.169.147.146 - - [10/Sep/2022:11:17:08 +0800] "POST /xingrg/kc/buy/cgsh_list_operate.html HTTP/1.1" 200 4
116.238.169.132 - - [10/Sep/2022:11:17:09 +0800] "GET /xingrg/check_reg.html?_=1662779834029 HTTP/1.1" 302 -
116.238.169.132 - - [10/Sep/2022:11:17:09 +0800] "GET /xingrg/all/function/internal_message.html?_=1662779834031&CODE_STATE=getMsg HTTP/1.1" 302 -
116.232.194.65 - - [10/Sep/2022:11:17:10 +0800] "POST /xingrg/kc/buy/cgsh_list_operate.html HTTP/1.1" 200 3313
116.238.169.132 - - [10/Sep/2022:11:17:10 +0800] "GET /xingrg/all/function/internal_message.html?_=1662779826824&CODE_STATE=getMsg HTTP/1.1" 200 27
101.85.93.70 - - [10/Sep/2022:11:17:11 +0800] "GET /xingrg/all/function/internal_message.html?_=1662779827695&CODE_STATE=getMsg HTTP/1.1" 200 27
116.224.255.128 - - [10/Sep/2022:11:17:12 +0800] "GET /xingrg/all/function/internal_message.html?_=1662779770778&CODE_STATE=getMsg HTTP/1.1" 200 27
114.88.158.224 - - [10/Sep/2022:11:17:17 +0800] "GET /xingrg/kc/buy/cgsh_order_operate.html?command=get_materiel&rest_code=00141&code=00102014088&supplier_code=00100450&order_time=2022-09-10 HTTP/1.1" 200 426
114.84.81.136 - - [10/Sep/2022:11:17:17 +0800] "GET /xingrg/check_reg.html?_=1662779832029 HTTP/1.1" 200 22
222.70.246.221 - - [10/Sep/2022:11:17:20 +0800] "GET /xingrg/all/function/internal_message.html?_=1662779858103&CODE_STATE=getMsg HTTP/1.1" 200 27
180.163.29.79 - - [10/Sep/2022:11:17:20 +0800] "GET /xingrg/all/function/internal_message.html?_=1662778801925&CODE_STATE=getMsg HTTP/1.1" 302 -
180.163.29.79 - - [10/Sep/2022:11:17:20 +0800] "GET /xingrg/login.html HTTP/1.1" 200 7641
114.88.158.224 - - [10/Sep/2022:11:17:24 +0800] "GET /xingrg/kc/buy/cgsh_order_operate.html?command=get_materiel&rest_code=00141&code=00101008568&supplier_code=00100450&order_time=2022-09-10 HTTP/1.1" 200 413
116.238.169.132 - - [10/Sep/2022:11:17:32 +0800] "GET /xingrg/all/function/internal_message.html?_=1662779852842&CODE_STATE=getMsg HTTP/1.1" 200 27
114.88.158.224 - - [10/Sep/2022:11:17:33 +0800] "GET /xingrg/kc/buy/cgsh_order_operate.html?command=get_materiel&rest_code=00141&code=00101008571&supplier_code=00100450&order_time=2022-09-10 HTTP/1.1" 200 412
120.253.135.82 - - [10/Sep/2022:11:17:33 +0800] "GET /xingrg/check_reg.html?_=1662779649559 HTTP/1.1" 200 22
120.253.135.82 - - [10/Sep/2022:11:17:33 +0800] "GET /xingrg/all/function/internal_message.html?_=1662779649710&CODE_STATE=getMsg HTTP/1.1" 200 27
180.169.147.146 - - [10/Sep/2022:11:17:36 +0800] "POST /xingrg/kc/buy/cgsh_list_operate.html HTTP/1.1" 200 1535
114.84.5.35 - - [10/Sep/2022:11:17:37 +0800] "GET /xingrg/all/function/internal_message.html?_=1662779849504&CODE_STATE=getMsg HTTP/1.1" 200 27
114.88.158.224 - - [10/Sep/2022:11:17:41 +0800] "GET /xingrg/kc/buy/cgsh_order_operate.html?command=get_materiel&rest_code=00141&code=00101015139&supplier_code=00100450&order_time=2022-09-10 HTTP/1.1" 200 410
116.225.121.189 - - [10/Sep/2022:11:17:41 +0800] "GET /xingrg/all/function/internal_message.html?_=1662779859913&CODE_STATE=getMsg HTTP/1.1" 200 27
114.88.158.224 - - [10/Sep/2022:11:17:42 +0800] "GET /xingrg/all/function/internal_message.html?_=1662779514247&CODE_STATE=getMsg HTTP/1.1" 200 27
180.169.147.146 - - [10/Sep/2022:11:17:44 +0800] "POST /xingrg/kc/buy/cgsh_list_operate.html HTTP/1.1" 200 4
124.79.74.72 - - [10/Sep/2022:11:17:47 +0800] "GET /xingrg/all/function/internal_message.html?_=1662779861833&CODE_STATE=getMsg HTTP/1.1" 200 27
101.83.241.167 - - [10/Sep/2022:11:17:48 +0800] "GET /xingrg/all/function/internal_message.html?_=1662779861385&CODE_STATE=getMsg HTTP/1.1" 200 27
116.225.121.189 - - [10/Sep/2022:11:17:48 +0800] "GET /xingrg/all/function/internal_message.html?_=1662779727468&CODE_STATE=getMsg HTTP/1.1" 200 27
114.88.158.224 - - [10/Sep/2022:11:17:48 +0800] "GET /xingrg/kc/buy/cgsh_order_operate.html?command=get_materiel&rest_code=00141&code=00101010696&supplier_code=00100450&order_time=2022-09-10 HTTP/1.1" 200 412
180.162.112.166 - - [10/Sep/2022:11:17:48 +0800] "GET /xingrg/all/function/internal_message.html?_=1662778999719&CODE_STATE=getMsg HTTP/1.1" 200 27
180.169.147.146 - - [10/Sep/2022:11:17:50 +0800] "POST /xingrg/kc/buy/cgsh_list_operate.html HTTP/1.1" 200 752
180.163.30.85 - - [10/Sep/2022:11:17:52 +0800] "GET /xingrg/kc/buy/cgsh_order_info.html?code=212022091003563 HTTP/1.1" 302 -
180.163.30.85 - - [10/Sep/2022:11:17:52 +0800] "GET /xingrg/login.html HTTP/1.1" 200 7641
114.83.219.57 - - [10/Sep/2022:11:17:59 +0800] "GET /xingrg/all/function/internal_message.html?_=1662779956872&CODE_STATE=getMsg HTTP/1.1" 200 27
58.37.4.205 - - [10/Sep/2022:11:18:04 +0800] "GET /xingrg/all/function/internal_message.html?_=1662779882712&CODE_STATE=getMsg HTTP/1.1" 200 27
180.163.28.55 - - [10/Sep/2022:11:18:05 +0800] "GET /xingrg/all/function/internal_message.html?_=1662779822744&CODE_STATE=getMsg HTTP/1.1" 302 -
180.163.28.55 - - [10/Sep/2022:11:18:05 +0800] "GET /xingrg/login.html HTTP/1.1" 200 7641
116.232.194.65 - - [10/Sep/2022:11:18:07 +0800] "GET /xingrg/all/function/internal_message.html?_=1662779833952&CODE_STATE=getMsg HTTP/1.1" 200 27
114.88.158.224 - - [10/Sep/2022:11:18:08 +0800] "POST /xingrg/kc/buy/cgsh_order_operate.html HTTP/1.1" 200 37
116.238.169.132 - - [10/Sep/2022:11:18:09 +0800] "GET /xingrg/all/function/internal_message.html?_=1662779894029&CODE_STATE=getMsg HTTP/1.1" 302 -
116.238.169.132 - - [10/Sep/2022:11:18:10 +0800] "GET /xingrg/all/function/internal_message.html?_=1662779886826&CODE_STATE=getMsg HTTP/1.1" 200 27
101.85.93.70 - - [10/Sep/2022:11:18:11 +0800] "GET /xingrg/all/function/internal_message.html?_=1662779887678&CODE_STATE=getMsg HTTP/1.1" 200 27
116.224.255.128 - - [10/Sep/2022:11:18:12 +0800] "GET /xingrg/all/function/internal_message.html?_=1662779830792&CODE_STATE=getMsg HTTP/1.1" 200 27
114.88.158.224 - - [10/Sep/2022:11:18:12 +0800] "POST /xingrg/kc/buy/cgsh_order_operate.html HTTP/1.1" 200 12
114.88.158.224 - - [10/Sep/2022:11:18:13 +0800] "GET /xingrg/kc/buy/cgsh_order_info.html?code=212022091003568 HTTP/1.1" 200 63539
101.83.241.167 - - [10/Sep/2022:11:18:13 +0800] "GET /xingrg/kc/buy/cgsh_order_operate.html?command=get_materiel&rest_code=00149&code=00101008355&supplier_code=00100008&order_time=2022-09-10 HTTP/1.1" 200 408
114.88.158.224 - - [10/Sep/2022:11:18:14 +0800] "GET /xingrg/javascript/easyui/themes/default/validatebox.css HTTP/1.1" 404 1104
114.88.158.224 - - [10/Sep/2022:11:18:14 +0800] "POST /xingrg/kc/buy/cgsh_order_operate.html HTTP/1.1" 200 4167
114.88.158.224 - - [10/Sep/2022:11:18:15 +0800] "GET /xingrg/kc/print/load_data.html?order_code=212022091003568&kc_code=cgsh&condition= HTTP/1.1" 200 2084
180.169.147.146 - - [10/Sep/2022:11:18:20 +0800] "GET /xingrg/all/function/internal_message.html?_=1662779895386&CODE_STATE=getMsg HTTP/1.1" 200 27
222.70.246.221 - - [10/Sep/2022:11:18:20 +0800] "GET /xingrg/all/function/internal_message.html?_=1662779918107&CODE_STATE=getMsg HTTP/1.1" 200 27
124.79.74.72 - - [10/Sep/2022:11:18:30 +0800] "GET /xingrg/check_reg.html?_=1662779904991 HTTP/1.1" 200 22
116.238.169.132 - - [10/Sep/2022:11:18:32 +0800] "GET /xingrg/all/function/internal_message.html?_=1662779912856&CODE_STATE=getMsg HTTP/1.1" 200 27
116.238.169.132 - - [10/Sep/2022:11:18:32 +0800] "GET /xingrg/check_reg.html?_=1662779912860 HTTP/1.1" 200 22
120.253.135.82 - - [10/Sep/2022:11:18:33 +0800] "GET /xingrg/all/function/internal_message.html?_=1662779709722&CODE_STATE=getMsg HTTP/1.1" 200 27
101.83.241.167 - - [10/Sep/2022:11:18:35 +0800] "GET /xingrg/check_reg.html?_=1662779909252 HTTP/1.1" 200 22
114.84.5.35 - - [10/Sep/2022:11:18:37 +0800] "GET /xingrg/check_reg.html?_=1662779909504 HTTP/1.1" 200 22
114.84.5.35 - - [10/Sep/2022:11:18:37 +0800] "GET /xingrg/all/function/internal_message.html?_=1662779909506&CODE_STATE=getMsg HTTP/1.1" 200 27
101.83.241.167 - - [10/Sep/2022:11:18:38 +0800] "GET /xingrg/kc/buy/cgsh_order_operate.html?command=get_materiel&rest_code=00149&code=00101008264&supplier_code=00100008&order_time=2022-09-10 HTTP/1.1" 200 412
116.225.121.189 - - [10/Sep/2022:11:18:41 +0800] "GET /xingrg/all/function/internal_message.html?_=1662779919913&CODE_STATE=getMsg HTTP/1.1" 200 27
114.88.158.224 - - [10/Sep/2022:11:18:42 +0800] "GET /xingrg/all/function/internal_message.html?_=1662779574224&CODE_STATE=getMsg HTTP/1.1" 200 27
124.79.74.72 - - [10/Sep/2022:11:18:47 +0800] "GET /xingrg/all/function/internal_message.html?_=1662779921808&CODE_STATE=getMsg HTTP/1.1" 200 27
101.83.241.167 - - [10/Sep/2022:11:18:48 +0800] "GET /xingrg/all/function/internal_message.html?_=1662779921409&CODE_STATE=getMsg HTTP/1.1" 200 27
101.83.241.167 - - [10/Sep/2022:11:18:48 +0800] "GET /xingrg/kc/buy/cgsh_order_operate.html?command=get_materiel&rest_code=00149&code=00101008234&supplier_code=00100008&order_time=2022-09-10 HTTP/1.1" 200 408
116.225.121.189 - - [10/Sep/2022:11:18:48 +0800] "GET /xingrg/all/function/internal_message.html?_=1662779787474&CODE_STATE=getMsg HTTP/1.1" 200 27
180.162.112.166 - - [10/Sep/2022:11:18:48 +0800] "GET /xingrg/all/function/internal_message.html?_=1662779059735&CODE_STATE=getMsg HTTP/1.1" 200 27
101.83.241.167 - - [10/Sep/2022:11:18:55 +0800] "POST /xingrg/kc/buy/cgsh_order_operate.html HTTP/1.1" 200 2065
114.83.219.57 - - [10/Sep/2022:11:18:59 +0800] "GET /xingrg/all/function/internal_message.html?_=1662780016848&CODE_STATE=getMsg HTTP/1.1" 200 27
101.83.241.167 - - [10/Sep/2022:11:19:04 +0800] "GET /xingrg/kc/buy/cgsh_order_operate.html?command=get_materiel&rest_code=00149&code=00101008024&supplier_code=00100008&order_time=2022-09-10 HTTP/1.1" 200 408
58.37.4.205 - - [10/Sep/2022:11:19:04 +0800] "GET /xingrg/all/function/internal_message.html?_=1662779942686&CODE_STATE=getMsg HTTP/1.1" 200 27
116.232.194.65 - - [10/Sep/2022:11:19:07 +0800] "GET /xingrg/all/function/internal_message.html?_=1662779893967&CODE_STATE=getMsg HTTP/1.1" 200 27
116.232.194.65 - - [10/Sep/2022:11:19:07 +0800] "GET /xingrg/check_reg.html?_=1662779893968 HTTP/1.1" 200 22
116.238.169.132 - - [10/Sep/2022:11:19:09 +0800] "GET /xingrg/all/function/internal_message.html?_=1662779954028&CODE_STATE=getMsg HTTP/1.1" 302 -
116.238.169.132 - - [10/Sep/2022:11:19:10 +0800] "GET /xingrg/all/function/internal_message.html?_=1662779946817&CODE_STATE=getMsg HTTP/1.1" 200 27
101.85.93.70 - - [10/Sep/2022:11:19:11 +0800] "GET /xingrg/all/function/internal_message.html?_=1662779947662&CODE_STATE=getMsg HTTP/1.1" 200 27
116.224.255.128 - - [10/Sep/2022:11:19:12 +0800] "GET /xingrg/all/function/internal_message.html?_=1662779890820&CODE_STATE=getMsg HTTP/1.1" 200 27
101.83.241.167 - - [10/Sep/2022:11:19:14 +0800] "GET /xingrg/kc/buy/cgsh_order_operate.html?command=get_materiel&rest_code=00149&code=00101008356&supplier_code=00100008&order_time=2022-09-10 HTTP/1.1" 200 409
180.169.147.146 - - [10/Sep/2022:11:19:20 +0800] "GET /xingrg/all/function/internal_message.html?_=1662779955369&CODE_STATE=getMsg HTTP/1.1" 200 27
222.70.246.221 - - [10/Sep/2022:11:19:20 +0800] "GET /xingrg/all/function/internal_message.html?_=1662779978355&CODE_STATE=getMsg HTTP/1.1" 200 27
101.83.241.167 - - [10/Sep/2022:11:19:23 +0800] "GET /xingrg/kc/buy/cgsh_order_operate.html?command=get_materiel&rest_code=00149&code=00101008300&supplier_code=00100008&order_time=2022-09-10 HTTP/1.1" 200 412
116.238.169.132 - - [10/Sep/2022:11:19:32 +0800] "GET /xingrg/all/function/internal_message.html?_=1662779972863&CODE_STATE=getMsg HTTP/1.1" 200 27
120.253.135.82 - - [10/Sep/2022:11:19:33 +0800] "GET /xingrg/all/function/internal_message.html?_=1662779769737&CODE_STATE=getMsg HTTP/1.1" 200 27
114.84.5.35 - - [10/Sep/2022:11:19:37 +0800] "GET /xingrg/all/function/internal_message.html?_=1662779969507&CODE_STATE=getMsg HTTP/1.1" 200 27
101.83.241.167 - - [10/Sep/2022:11:19:37 +0800] "GET /xingrg/kc/buy/cgsh_order_operate.html?command=get_materiel&rest_code=00149&code=00101008330&supplier_code=00100008&order_time=2022-09-10 HTTP/1.1" 200 409
116.225.121.189 - - [10/Sep/2022:11:19:41 +0800] "GET /xingrg/check_reg.html?_=1662779979903 HTTP/1.1" 200 22
116.225.121.189 - - [10/Sep/2022:11:19:41 +0800] "GET /xingrg/all/function/internal_message.html?_=1662779979906&CODE_STATE=getMsg HTTP/1.1" 200 27
114.88.158.224 - - [10/Sep/2022:11:19:42 +0800] "GET /xingrg/all/function/internal_message.html?_=1662779634205&CODE_STATE=getMsg HTTP/1.1" 200 27
124.79.74.72 - - [10/Sep/2022:11:19:47 +0800] "GET /xingrg/all/function/internal_message.html?_=1662779981778&CODE_STATE=getMsg HTTP/1.1" 200 27
101.83.241.167 - - [10/Sep/2022:11:19:48 +0800] "GET /xingrg/all/function/internal_message.html?_=1662779981364&CODE_STATE=getMsg HTTP/1.1" 200 27
116.225.121.189 - - [10/Sep/2022:11:19:48 +0800] "GET /xingrg/all/function/internal_message.html?_=1662779847494&CODE_STATE=getMsg HTTP/1.1" 200 27
180.162.112.166 - - [10/Sep/2022:11:19:48 +0800] "GET /xingrg/all/function/internal_message.html?_=1662779119760&CODE_STATE=getMsg HTTP/1.1" 200 27
101.83.241.167 - - [10/Sep/2022:11:19:55 +0800] "GET /xingrg/kc/buy/cgsh_order_operate.html?command=get_materiel&rest_code=00149&code=00101008233&supplier_code=00100008&order_time=2022-09-10 HTTP/1.1" 200 408
101.83.241.167 - - [10/Sep/2022:11:19:57 +0800] "POST /xingrg/kc/buy/cgsh_order_operate.html HTTP/1.1" 200 2065
114.83.219.57 - - [10/Sep/2022:11:19:59 +0800] "GET /xingrg/all/function/internal_message.html?_=1662780076822&CODE_STATE=getMsg HTTP/1.1" 200 27
58.37.4.205 - - [10/Sep/2022:11:20:04 +0800] "GET /xingrg/all/function/internal_message.html?_=1662780002663&CODE_STATE=getMsg HTTP/1.1" 200 27
101.83.241.167 - - [10/Sep/2022:11:20:05 +0800] "GET /xingrg/kc/buy/cgsh_order_operate.html?command=get_materiel&rest_code=00149&code=00101008439&supplier_code=00100008&order_time=2022-09-10 HTTP/1.1" 200 412
116.232.194.65 - - [10/Sep/2022:11:20:07 +0800] "GET /xingrg/all/function/internal_message.html?_=1662779953967&CODE_STATE=getMsg HTTP/1.1" 200 27
222.70.246.221 - - [10/Sep/2022:11:20:08 +0800] "GET /xingrg/check_reg.html?_=1662780026453 HTTP/1.1" 200 22
116.238.169.132 - - [10/Sep/2022:11:20:09 +0800] "GET /xingrg/all/function/internal_message.html?_=1662780014028&CODE_STATE=getMsg HTTP/1.1" 302 -
116.238.169.132 - - [10/Sep/2022:11:20:10 +0800] "GET /xingrg/all/function/internal_message.html?_=1662780006819&CODE_STATE=getMsg HTTP/1.1" 200 27
58.37.4.205 - - [10/Sep/2022:11:20:11 +0800] "GET /xingrg/login.html HTTP/1.1" 200 7641
101.85.93.70 - - [10/Sep/2022:11:20:11 +0800] "GET /xingrg/all/function/internal_message.html?_=1662780007646&CODE_STATE=getMsg HTTP/1.1" 200 27
116.224.255.128 - - [10/Sep/2022:11:20:12 +0800] "GET /xingrg/all/function/internal_message.html?_=1662779950835&CODE_STATE=getMsg HTTP/1.1" 200 27
58.37.4.205 - - [10/Sep/2022:11:20:17 +0800] "GET /favicon.ico HTTP/1.1" 404 -
180.169.147.146 - - [10/Sep/2022:11:20:20 +0800] "GET /xingrg/check_reg.html?_=1662780015353 HTTP/1.1" 200 22
180.169.147.146 - - [10/Sep/2022:11:20:20 +0800] "GET /xingrg/all/function/internal_message.html?_=1662780015354&CODE_STATE=getMsg HTTP/1.1" 200 27
222.70.246.221 - - [10/Sep/2022:11:20:20 +0800] "GET /xingrg/all/function/internal_message.html?_=1662780038369&CODE_STATE=getMsg HTTP/1.1" 200 27
58.37.4.205 - - [10/Sep/2022:11:20:21 +0800] "POST /xingrg/login.do HTTP/1.1" 302 -
58.37.4.205 - - [10/Sep/2022:11:20:21 +0800] "GET /xingrg/index.html?sysBaseUrl=http%3A%2F%2F180.169.147.146%3A18081%2Fxingrg%2F&costTime=59×tamp=1662780021473 HTTP/1.1" 200 17173
58.37.4.205 - - [10/Sep/2022:11:20:22 +0800] "POST /xingrg/all/common/load_tree.html?tree=area_rest_tree_json&manage=1 HTTP/1.1" 200 342
58.37.4.205 - - [10/Sep/2022:11:20:22 +0800] "GET /xingrg/check_reg.html?_=1662780020170 HTTP/1.1" 200 22
58.37.4.205 - - [10/Sep/2022:11:20:22 +0800] "GET /xingrg/all/function/internal_message.html?_=1662780020169&CODE_STATE=count HTTP/1.1" 200 11
58.37.4.205 - - [10/Sep/2022:11:20:22 +0800] "POST /xingrg/load_menu.html HTTP/1.1" 200 5138
58.37.4.205 - - [10/Sep/2022:11:20:22 +0800] "GET /favicon.ico HTTP/1.1" 404 -
58.37.4.205 - - [10/Sep/2022:11:20:25 +0800] "GET /xingrg/login.html HTTP/1.1" 200 7641
58.37.4.205 - - [10/Sep/2022:11:20:26 +0800] "GET /favicon.ico HTTP/1.1" 404 -
180.163.29.234 - - [10/Sep/2022:11:20:26 +0800] "GET /xingrg/kc/buy/cgsh_order_info.html?code=212022091003566 HTTP/1.1" 302 -
180.163.29.234 - - [10/Sep/2022:11:20:26 +0800] "GET /xingrg/login.html HTTP/1.1" 200 7641
58.37.4.205 - - [10/Sep/2022:11:20:28 +0800] "POST /xingrg/login.do HTTP/1.1" 302 -
58.37.4.205 - - [10/Sep/2022:11:20:29 +0800] "GET /xingrg/index.html?sysBaseUrl=http%3A%2F%2F180.169.147.146%3A18081%2Fxingrg%2F&costTime=55×tamp=1662780028985 HTTP/1.1" 200 17173
58.37.4.205 - - [10/Sep/2022:11:20:29 +0800] "GET /favicon.ico HTTP/1.1" 404 -
58.37.4.205 - - [10/Sep/2022:11:20:29 +0800] "POST /xingrg/all/common/load_tree.html?tree=area_rest_tree_json&manage=1 HTTP/1.1" 200 342
58.37.4.205 - - [10/Sep/2022:11:20:29 +0800] "GET /xingrg/all/function/internal_message.html?_=1662780027329&CODE_STATE=count HTTP/1.1" 200 11
58.37.4.205 - - [10/Sep/2022:11:20:29 +0800] "GET /xingrg/check_reg.html?_=1662780027330 HTTP/1.1" 200 22
58.37.4.205 - - [10/Sep/2022:11:20:29 +0800] "POST /xingrg/load_menu.html HTTP/1.1" 200 5138
101.83.241.167 - - [10/Sep/2022:11:20:31 +0800] "GET /xingrg/kc/buy/cgsh_order_operate.html?command=get_materiel&rest_code=00149&code=00101008512&supplier_code=00100008&order_time=2022-09-10 HTTP/1.1" 200 413
116.238.169.132 - - [10/Sep/2022:11:20:32 +0800] "GET /xingrg/all/function/internal_message.html?_=1662780032877&CODE_STATE=getMsg HTTP/1.1" 200 27
120.253.135.82 - - [10/Sep/2022:11:20:33 +0800] "GET /xingrg/all/function/internal_message.html?_=1662779829791&CODE_STATE=getMsg HTTP/1.1" 200 27
58.37.4.205 - - [10/Sep/2022:11:20:36 +0800] "GET /xingrg/login.html HTTP/1.1" 200 7641
58.37.4.205 - - [10/Sep/2022:11:20:37 +0800] "GET /favicon.ico HTTP/1.1" 404 -
114.84.5.35 - - [10/Sep/2022:11:20:37 +0800] "GET /xingrg/all/function/internal_message.html?_=1662780029507&CODE_STATE=getMsg HTTP/1.1" 200 27
116.225.121.189 - - [10/Sep/2022:11:20:41 +0800] "GET /xingrg/all/function/internal_message.html?_=1662780039903&CODE_STATE=getMsg HTTP/1.1" 200 27
114.88.158.224 - - [10/Sep/2022:11:20:42 +0800] "GET /xingrg/all/function/internal_message.html?_=1662779694187&CODE_STATE=getMsg HTTP/1.1" 200 27
114.88.158.224 - - [10/Sep/2022:11:20:42 +0800] "GET /xingrg/check_reg.html?_=1662779694202 HTTP/1.1" 200 22
101.83.241.167 - - [10/Sep/2022:11:20:43 +0800] "GET /xingrg/kc/buy/cgsh_order_operate.html?command=get_materiel&rest_code=00149&code=00101008360&supplier_code=00100008&order_time=2022-09-10 HTTP/1.1" 200 431
124.79.74.72 - - [10/Sep/2022:11:20:47 +0800] "GET /xingrg/all/function/internal_message.html?_=1662780041748&CODE_STATE=getMsg HTTP/1.1" 200 27
101.83.241.167 - - [10/Sep/2022:11:20:48 +0800] "GET /xingrg/all/function/internal_message.html?_=1662780041339&CODE_STATE=getMsg HTTP/1.1" 200 27
116.225.121.189 - - [10/Sep/2022:11:20:48 +0800] "GET /xingrg/all/function/internal_message.html?_=1662779907469&CODE_STATE=getMsg HTTP/1.1" 200 27
180.162.112.166 - - [10/Sep/2022:11:20:48 +0800] "GET /xingrg/all/function/internal_message.html?_=1662779179745&CODE_STATE=getMsg HTTP/1.1" 200 27
101.83.241.167 - - [10/Sep/2022:11:20:53 +0800] "GET /xingrg/kc/buy/cgsh_order_operate.html?command=get_materiel&rest_code=00149&code=00101008077&supplier_code=00100008&order_time=2022-09-10 HTTP/1.1" 200 416
58.37.4.205 - - [10/Sep/2022:11:20:57 +0800] "POST /xingrg/login.do HTTP/1.1" 200 2421
58.37.4.205 - - [10/Sep/2022:11:20:57 +0800] "GET /xingrg/images/blue/pic_top.gif HTTP/1.1" 200 3656
58.37.4.205 - - [10/Sep/2022:11:20:57 +0800] "GET /xingrg/images/blue/pic_notice.jpg HTTP/1.1" 200 3583
58.37.4.205 - - [10/Sep/2022:11:20:57 +0800] "GET /xingrg/images/blue/error_mid.gif HTTP/1.1" 200 215
58.37.4.205 - - [10/Sep/2022:11:20:57 +0800] "GET /xingrg/images/blue/error_top.gif HTTP/1.1" 200 1790
58.37.4.205 - - [10/Sep/2022:11:20:57 +0800] "GET /xingrg/images/blue/error_buttom.gif HTTP/1.1" 200 1750
58.37.4.205 - - [10/Sep/2022:11:20:57 +0800] "GET /favicon.ico HTTP/1.1" 404 -
58.37.4.205 - - [10/Sep/2022:11:20:58 +0800] "GET /xingrg/login.html HTTP/1.1" 200 7641
58.37.4.205 - - [10/Sep/2022:11:20:58 +0800] "GET /favicon.ico HTTP/1.1" 404 -
114.83.219.57 - - [10/Sep/2022:11:20:59 +0800] "GET /xingrg/all/function/internal_message.html?_=1662780136799&CODE_STATE=getMsg HTTP/1.1" 200 27
114.83.219.57 - - [10/Sep/2022:11:20:59 +0800] "GET /xingrg/check_reg.html?_=1662780137437 HTTP/1.1" 200 22
101.83.241.167 - - [10/Sep/2022:11:21:02 +0800] "GET /xingrg/kc/buy/cgsh_order_operate.html?command=get_materiel&rest_code=00149&code=00101008223&supplier_code=00100008&order_time=2022-09-10 HTTP/1.1" 200 412
116.232.194.65 - - [10/Sep/2022:11:21:07 +0800] "GET /xingrg/all/function/internal_message.html?_=1662780013955&CODE_STATE=getMsg HTTP/1.1" 200 27
116.238.169.132 - - [10/Sep/2022:11:21:09 +0800] "GET /xingrg/all/function/internal_message.html?_=1662780074026&CODE_STATE=getMsg HTTP/1.1" 302 -
116.238.169.132 - - [10/Sep/2022:11:21:10 +0800] "GET /xingrg/all/function/internal_message.html?_=1662780066813&CODE_STATE=getMsg HTTP/1.1" 200 27
116.238.169.132 - - [10/Sep/2022:11:21:10 +0800] "GET /xingrg/check_reg.html?_=1662780066952 HTTP/1.1" 200 22
101.85.93.70 - - [10/Sep/2022:11:21:11 +0800] "GET /xingrg/all/function/internal_message.html?_=1662780067624&CODE_STATE=getMsg HTTP/1.1" 200 27
58.37.4.205 - - [10/Sep/2022:11:21:12 +0800] "POST /xingrg/login.do HTTP/1.1" 200 2421
116.224.255.128 - - [10/Sep/2022:11:21:12 +0800] "GET /xingrg/all/function/internal_message.html?_=1662780010862&CODE_STATE=getMsg HTTP/1.1" 200 27
58.37.4.205 - - [10/Sep/2022:11:21:12 +0800] "GET /favicon.ico HTTP/1.1" 404 -
101.83.241.167 - - [10/Sep/2022:11:21:14 +0800] "POST /xingrg/kc/buy/cgsh_order_operate.html HTTP/1.1" 200 2065
180.169.147.146 - - [10/Sep/2022:11:21:20 +0800] "GET /xingrg/all/function/internal_message.html?_=1662780075337&CODE_STATE=getMsg HTTP/1.1" 200 27
222.70.246.221 - - [10/Sep/2022:11:21:20 +0800] "GET /xingrg/all/function/internal_message.html?_=1662780098382&CODE_STATE=getMsg HTTP/1.1" 200 27
101.83.241.167 - - [10/Sep/2022:11:21:21 +0800] "GET /xingrg/kc/buy/cgsh_order_operate.html?command=get_materiel&rest_code=00149&code=00101008283&supplier_code=00100008&order_time=2022-09-10 HTTP/1.1" 200 408
58.37.4.205 - - [10/Sep/2022:11:21:22 +0800] "GET /xingrg/all/function/internal_message.html?_=1662780080183&CODE_STATE=getMsg HTTP/1.1" 200 27
116.238.169.132 - - [10/Sep/2022:11:21:32 +0800] "GET /xingrg/all/function/internal_message.html?_=1662780092872&CODE_STATE=getMsg HTTP/1.1" 200 27
120.253.135.82 - - [10/Sep/2022:11:21:33 +0800] "GET /xingrg/all/function/internal_message.html?_=1662779889795&CODE_STATE=getMsg HTTP/1.1" 200 27
114.84.5.35 - - [10/Sep/2022:11:21:37 +0800] "GET /xingrg/all/function/internal_message.html?_=1662780089506&CODE_STATE=getMsg HTTP/1.1" 200 27
116.225.121.189 - - [10/Sep/2022:11:21:41 +0800] "GET /xingrg/all/function/internal_message.html?_=1662780099912&CODE_STATE=getMsg HTTP/1.1" 200 27
114.88.158.224 - - [10/Sep/2022:11:21:42 +0800] "GET /xingrg/all/function/internal_message.html?_=1662779754161&CODE_STATE=getMsg HTTP/1.1" 200 27
101.83.241.167 - - [10/Sep/2022:11:21:43 +0800] "GET /xingrg/kc/buy/cgsh_order_operate.html?command=get_materiel&rest_code=00149&code=00101019224&supplier_code=00100008&order_time=2022-09-10 HTTP/1.1" 200 429
124.79.74.72 - - [10/Sep/2022:11:21:47 +0800] "GET /xingrg/all/function/internal_message.html?_=1662780101721&CODE_STATE=getMsg HTTP/1.1" 200 27
101.83.241.167 - - [10/Sep/2022:11:21:48 +0800] "GET /xingrg/all/function/internal_message.html?_=1662780101321&CODE_STATE=getMsg HTTP/1.1" 200 27
116.225.121.189 - - [10/Sep/2022:11:21:48 +0800] "GET /xingrg/check_reg.html?_=1662779967468 HTTP/1.1" 200 22
116.225.121.189 - - [10/Sep/2022:11:21:48 +0800] "GET /xingrg/all/function/internal_message.html?_=1662779967471&CODE_STATE=getMsg HTTP/1.1" 200 27
180.162.112.166 - - [10/Sep/2022:11:21:48 +0800] "GET /xingrg/all/function/internal_message.html?_=1662779239758&CODE_STATE=getMsg HTTP/1.1" 200 27
180.162.112.166 - - [10/Sep/2022:11:21:48 +0800] "GET /xingrg/check_reg.html?_=1662779239761 HTTP/1.1" 200 22
114.83.219.57 - - [10/Sep/2022:11:21:59 +0800] "GET /xingrg/all/function/internal_message.html?_=1662780196771&CODE_STATE=getMsg HTTP/1.1" 200 27
101.83.241.167 - - [10/Sep/2022:11:21:59 +0800] "GET /xingrg/kc/buy/cgsh_order_operate.html?command=get_materiel&rest_code=00149&code=00101008558&supplier_code=00100008&order_time=2022-09-10 HTTP/1.1" 200 409
101.85.93.70 - - [10/Sep/2022:11:22:07 +0800] "GET /xingrg/check_reg.html?_=1662780123456 HTTP/1.1" 200 22
116.232.194.65 - - [10/Sep/2022:11:22:07 +0800] "GET /xingrg/all/function/internal_message.html?_=1662780073963&CODE_STATE=getMsg HTTP/1.1" 200 27
116.224.255.128 - - [10/Sep/2022:11:22:08 +0800] "GET /xingrg/check_reg.html?_=1662780067227 HTTP/1.1" 200 22
116.238.169.132 - - [10/Sep/2022:11:22:09 +0800] "GET /xingrg/check_reg.html?_=1662780134026 HTTP/1.1" 302 -
116.238.169.132 - - [10/Sep/2022:11:22:09 +0800] "GET /xingrg/all/function/internal_message.html?_=1662780134024&CODE_STATE=getMsg HTTP/1.1" 302 -
116.238.169.132 - - [10/Sep/2022:11:22:10 +0800] "GET /xingrg/all/function/internal_message.html?_=1662780126804&CODE_STATE=getMsg HTTP/1.1" 200 27
