58.37.4.205 - - [10/Sep/2022:12:01:22 +0800] "GET /xingrg/all/function/internal_message.html?_=1662782480201&CODE_STATE=getMsg HTTP/1.1" 200 27
222.70.246.221 - - [10/Sep/2022:12:01:24 +0800] "GET /xingrg/all/function/internal_message.html?_=1662782503013&CODE_STATE=getMsg HTTP/1.1" 200 27
116.238.169.132 - - [10/Sep/2022:12:01:32 +0800] "GET /xingrg/all/function/internal_message.html?_=1662782492891&CODE_STATE=getMsg HTTP/1.1" 200 27
120.253.135.82 - - [10/Sep/2022:12:01:34 +0800] "GET /xingrg/all/function/internal_message.html?_=1662782290623&CODE_STATE=getMsg HTTP/1.1" 200 27
58.40.7.146 - - [10/Sep/2022:12:01:35 +0800] "GET /xingrg/all/function/internal_message.html?_=1662782491890&CODE_STATE=getMsg HTTP/1.1" 200 27
114.84.5.35 - - [10/Sep/2022:12:01:37 +0800] "GET /xingrg/all/function/internal_message.html?_=1662782489548&CODE_STATE=getMsg HTTP/1.1" 200 27
58.40.7.146 - - [10/Sep/2022:12:01:41 +0800] "GET /xingrg/javascript/jquery_easy_ui/themes/default/images/tree_checkbox_2.gif HTTP/1.1" 200 181
116.225.121.189 - - [10/Sep/2022:12:01:41 +0800] "GET /xingrg/all/function/internal_message.html?_=1662782499980&CODE_STATE=getMsg HTTP/1.1" 200 27
58.40.7.146 - - [10/Sep/2022:12:01:44 +0800] "POST /xingrg/dwr/call/plaincall/AjaxReportQueryService.refreshCache.dwr HTTP/1.1" 200 78
58.40.7.146 - - [10/Sep/2022:12:01:45 +0800] "POST /xingrg/all/report/load_report_page.html HTTP/1.1" 200 89
124.79.74.72 - - [10/Sep/2022:12:01:46 +0800] "GET /xingrg/all/function/internal_message.html?_=1662782500703&CODE_STATE=getMsg HTTP/1.1" 200 27
101.83.241.167 - - [10/Sep/2022:12:01:47 +0800] "GET /xingrg/all/function/internal_message.html?_=1662782500720&CODE_STATE=getMsg HTTP/1.1" 200 27
116.225.121.189 - - [10/Sep/2022:12:01:48 +0800] "GET /xingrg/all/function/internal_message.html?_=1662782367499&CODE_STATE=getMsg HTTP/1.1" 200 27
116.225.121.189 - - [10/Sep/2022:12:01:48 +0800] "GET /xingrg/check_reg.html?_=1662782367502 HTTP/1.1" 200 22
180.162.112.166 - - [10/Sep/2022:12:01:48 +0800] "GET /xingrg/all/function/internal_message.html?_=1662781639809&CODE_STATE=getMsg HTTP/1.1" 200 27
180.162.112.166 - - [10/Sep/2022:12:01:48 +0800] "GET /xingrg/check_reg.html?_=1662781639812 HTTP/1.1" 200 22
58.40.7.146 - - [10/Sep/2022:12:01:50 +0800] "GET /xingrg/kc/report/report_main.html HTTP/1.1" 200 8599
58.40.7.146 - - [10/Sep/2022:12:01:57 +0800] "GET /xingrg/all/report/report_query.html?fileName=kc/buy/yfk_hz_supplier_rest.xml HTTP/1.1" 200 55124
58.40.7.146 - - [10/Sep/2022:12:01:57 +0800] "GET /xingrg/dwr/interface/AjaxReportQueryService.js HTTP/1.1" 200 13203
58.40.7.146 - - [10/Sep/2022:12:01:57 +0800] "GET /xingrg/dwr/engine.js HTTP/1.1" 200 43631
58.40.7.146 - - [10/Sep/2022:12:01:57 +0800] "POST /xingrg/dwr/call/plaincall/AjaxReportQueryService.getFixDate.dwr HTTP/1.1" 200 111
58.40.7.146 - - [10/Sep/2022:12:01:58 +0800] "POST /xingrg/all/common/load_tree.html?tree=area_rest_tree_json&manage=1 HTTP/1.1" 200 3472
58.40.7.146 - - [10/Sep/2022:12:01:58 +0800] "POST /xingrg/all/common/load_tree.html?tree=supplier_tree_json&manage=1 HTTP/1.1" 200 69666
114.83.219.57 - - [10/Sep/2022:12:01:58 +0800] "GET /xingrg/all/function/internal_message.html?_=1662782596182&CODE_STATE=getMsg HTTP/1.1" 200 27
180.169.147.146 - - [10/Sep/2022:12:02:00 +0800] "GET /xingrg/all/function/internal_message.html?_=1662782529219&CODE_STATE=getMsg HTTP/1.1" 200 27
101.85.93.70 - - [10/Sep/2022:12:02:07 +0800] "GET /xingrg/check_reg.html?_=1662782523523 HTTP/1.1" 200 22
116.232.194.65 - - [10/Sep/2022:12:02:07 +0800] "GET /xingrg/all/function/internal_message.html?_=1662782473966&CODE_STATE=getMsg HTTP/1.1" 200 27
116.224.255.128 - - [10/Sep/2022:12:02:08 +0800] "GET /xingrg/check_reg.html?_=1662782467271 HTTP/1.1" 200 22
116.238.169.132 - - [10/Sep/2022:12:02:09 +0800] "GET /xingrg/all/function/internal_message.html?_=1662782534075&CODE_STATE=getMsg HTTP/1.1" 302 -
116.238.169.132 - - [10/Sep/2022:12:02:09 +0800] "GET /xingrg/check_reg.html?_=1662782534077 HTTP/1.1" 302 -
116.238.169.132 - - [10/Sep/2022:12:02:10 +0800] "GET /xingrg/all/function/internal_message.html?_=1662782526461&CODE_STATE=getMsg HTTP/1.1" 200 27
101.85.93.70 - - [10/Sep/2022:12:02:10 +0800] "GET /xingrg/all/function/internal_message.html?_=1662782526833&CODE_STATE=getMsg HTTP/1.1" 200 27
116.224.255.128 - - [10/Sep/2022:12:02:13 +0800] "GET /xingrg/all/function/internal_message.html?_=1662782471671&CODE_STATE=getMsg HTTP/1.1" 200 27
58.40.7.146 - - [10/Sep/2022:12:02:17 +0800] "POST /xingrg/dwr/call/plaincall/AjaxReportQueryService.refreshCache.dwr HTTP/1.1" 200 78
114.84.81.136 - - [10/Sep/2022:12:02:17 +0800] "GET /xingrg/check_reg.html?_=1662782531933 HTTP/1.1" 200 22
58.40.7.146 - - [10/Sep/2022:12:02:18 +0800] "POST /xingrg/all/report/load_report_page.html HTTP/1.1" 200 14216
58.40.7.146 - - [10/Sep/2022:12:02:18 +0800] "GET /xingrg/servlets/image?cache=0.6037777433209178&image=px HTTP/1.1" 200 807
180.169.147.146 - - [10/Sep/2022:12:02:19 +0800] "GET /xingrg/all/function/internal_message.html?_=1662782534700&CODE_STATE=getMsg HTTP/1.1" 200 27
58.37.4.205 - - [10/Sep/2022:12:02:22 +0800] "GET /xingrg/all/function/internal_message.html?_=1662782540227&CODE_STATE=getMsg HTTP/1.1" 200 27
222.70.246.221 - - [10/Sep/2022:12:02:25 +0800] "GET /xingrg/all/function/internal_message.html?_=1662782563296&CODE_STATE=getMsg HTTP/1.1" 200 27
116.238.169.132 - - [10/Sep/2022:12:02:32 +0800] "GET /xingrg/all/function/internal_message.html?_=1662782552906&CODE_STATE=getMsg HTTP/1.1" 200 27
120.253.135.82 - - [10/Sep/2022:12:02:33 +0800] "GET /xingrg/check_reg.html?_=1662782350014 HTTP/1.1" 200 22
120.253.135.82 - - [10/Sep/2022:12:02:34 +0800] "GET /xingrg/all/function/internal_message.html?_=1662782350632&CODE_STATE=getMsg HTTP/1.1" 200 27
58.40.7.146 - - [10/Sep/2022:12:02:35 +0800] "GET /xingrg/all/function/internal_message.html?_=1662782551882&CODE_STATE=getMsg HTTP/1.1" 200 27
114.84.5.35 - - [10/Sep/2022:12:02:37 +0800] "GET /xingrg/all/function/internal_message.html?_=1662782549563&CODE_STATE=getMsg HTTP/1.1" 200 27
116.225.121.189 - - [10/Sep/2022:12:02:41 +0800] "GET /xingrg/all/function/internal_message.html?_=1662782559979&CODE_STATE=getMsg HTTP/1.1" 200 27
58.40.7.146 - - [10/Sep/2022:12:02:44 +0800] "POST /xingrg/dwr/call/plaincall/AjaxReportQueryService.refreshCache.dwr HTTP/1.1" 200 78
58.40.7.146 - - [10/Sep/2022:12:02:44 +0800] "POST /xingrg/all/report/load_report_page.html HTTP/1.1" 200 14244
58.40.7.146 - - [10/Sep/2022:12:02:44 +0800] "GET /xingrg/servlets/image?cache=0.008457432088117556&image=px HTTP/1.1" 200 807
124.79.74.72 - - [10/Sep/2022:12:02:46 +0800] "GET /xingrg/all/function/internal_message.html?_=1662782560690&CODE_STATE=getMsg HTTP/1.1" 200 27
101.83.241.167 - - [10/Sep/2022:12:02:47 +0800] "GET /xingrg/all/function/internal_message.html?_=1662782560700&CODE_STATE=getMsg HTTP/1.1" 200 27
116.225.121.189 - - [10/Sep/2022:12:02:48 +0800] "GET /xingrg/all/function/internal_message.html?_=1662782427486&CODE_STATE=getMsg HTTP/1.1" 200 27
180.162.112.166 - - [10/Sep/2022:12:02:48 +0800] "GET /xingrg/all/function/internal_message.html?_=1662781699808&CODE_STATE=getMsg HTTP/1.1" 200 27
114.83.219.57 - - [10/Sep/2022:12:02:58 +0800] "GET /xingrg/all/function/internal_message.html?_=1662782656165&CODE_STATE=getMsg HTTP/1.1" 200 27
180.169.147.146 - - [10/Sep/2022:12:03:00 +0800] "GET /xingrg/all/function/internal_message.html?_=1662782589233&CODE_STATE=getMsg HTTP/1.1" 200 27
116.232.194.65 - - [10/Sep/2022:12:03:07 +0800] "GET /xingrg/all/function/internal_message.html?_=1662782533963&CODE_STATE=getMsg HTTP/1.1" 200 27
116.238.169.132 - - [10/Sep/2022:12:03:09 +0800] "GET /xingrg/all/function/internal_message.html?_=1662782594075&CODE_STATE=getMsg HTTP/1.1" 302 -
116.238.169.132 - - [10/Sep/2022:12:03:10 +0800] "GET /xingrg/all/function/internal_message.html?_=1662782586453&CODE_STATE=getMsg HTTP/1.1" 200 27
58.40.7.146 - - [10/Sep/2022:12:03:10 +0800] "GET /xingrg/javascript/jquery_easy_ui/themes/default/images/button_plain_hover.png HTTP/1.1" 200 252
101.85.93.70 - - [10/Sep/2022:12:03:10 +0800] "GET /xingrg/all/function/internal_message.html?_=1662782586818&CODE_STATE=getMsg HTTP/1.1" 200 27
58.40.7.146 - - [10/Sep/2022:12:03:11 +0800] "GET /xingrg/all/report/report_help.html?fileName=kc/buy/yfk_hz_supplier_rest.xml HTTP/1.1" 200 959
58.40.7.146 - - [10/Sep/2022:12:03:11 +0800] "GET /xingrg/css/table.css HTTP/1.1" 200 3684
58.40.7.146 - - [10/Sep/2022:12:03:11 +0800] "GET /favicon.ico HTTP/1.1" 404 -
116.224.255.128 - - [10/Sep/2022:12:03:13 +0800] "GET /xingrg/all/function/internal_message.html?_=1662782531684&CODE_STATE=getMsg HTTP/1.1" 200 27
180.169.147.146 - - [10/Sep/2022:12:03:19 +0800] "GET /xingrg/all/function/internal_message.html?_=1662782594684&CODE_STATE=getMsg HTTP/1.1" 200 27
116.225.121.189 - - [10/Sep/2022:12:03:21 +0800] "GET /xingrg/kc/buy/cgsh_order_operate.html?command=get_materiel&rest_code=00105&code=00101008307&supplier_code=00100203&order_time=2022-09-10 HTTP/1.1" 200 421
58.40.7.146 - - [10/Sep/2022:12:03:22 +0800] "GET /xingrg/javascript/jquery_easy_ui/themes/default/images/tabs_active.png HTTP/1.1" 200 2894
58.37.4.205 - - [10/Sep/2022:12:03:22 +0800] "GET /xingrg/all/function/internal_message.html?_=1662782600226&CODE_STATE=getMsg HTTP/1.1" 200 27
222.70.246.221 - - [10/Sep/2022:12:03:25 +0800] "GET /xingrg/all/function/internal_message.html?_=1662782623305&CODE_STATE=getMsg HTTP/1.1" 200 27
124.79.74.72 - - [10/Sep/2022:12:03:30 +0800] "GET /xingrg/check_reg.html?_=1662782604770 HTTP/1.1" 200 22
116.238.169.132 - - [10/Sep/2022:12:03:32 +0800] "GET /xingrg/check_reg.html?_=1662782612903 HTTP/1.1" 200 22
116.238.169.132 - - [10/Sep/2022:12:03:32 +0800] "GET /xingrg/all/function/internal_message.html?_=1662782612906&CODE_STATE=getMsg HTTP/1.1" 200 27
120.253.135.82 - - [10/Sep/2022:12:03:34 +0800] "GET /xingrg/all/function/internal_message.html?_=1662782410646&CODE_STATE=getMsg HTTP/1.1" 200 27
58.40.7.146 - - [10/Sep/2022:12:03:35 +0800] "GET /xingrg/all/function/internal_message.html?_=1662782611903&CODE_STATE=getMsg HTTP/1.1" 200 27
101.83.241.167 - - [10/Sep/2022:12:03:36 +0800] "GET /xingrg/check_reg.html?_=1662782609457 HTTP/1.1" 200 22
114.84.5.35 - - [10/Sep/2022:12:03:37 +0800] "GET /xingrg/check_reg.html?_=1662782609548 HTTP/1.1" 200 22
114.84.5.35 - - [10/Sep/2022:12:03:37 +0800] "GET /xingrg/all/function/internal_message.html?_=1662782609551&CODE_STATE=getMsg HTTP/1.1" 200 27
116.225.121.189 - - [10/Sep/2022:12:03:41 +0800] "GET /xingrg/all/function/internal_message.html?_=1662782619987&CODE_STATE=getMsg HTTP/1.1" 200 27
124.79.74.72 - - [10/Sep/2022:12:03:46 +0800] "GET /xingrg/all/function/internal_message.html?_=1662782620667&CODE_STATE=getMsg HTTP/1.1" 200 27
101.83.241.167 - - [10/Sep/2022:12:03:47 +0800] "GET /xingrg/all/function/internal_message.html?_=1662782620690&CODE_STATE=getMsg HTTP/1.1" 200 27
116.225.121.189 - - [10/Sep/2022:12:03:48 +0800] "GET /xingrg/all/function/internal_message.html?_=1662782487517&CODE_STATE=getMsg HTTP/1.1" 200 27
180.162.112.166 - - [10/Sep/2022:12:03:48 +0800] "GET /xingrg/all/function/internal_message.html?_=1662781759808&CODE_STATE=getMsg HTTP/1.1" 200 27
58.40.7.146 - - [10/Sep/2022:12:03:53 +0800] "GET /xingrg/javascript/jquery_easy_ui/themes/default/images/button_a_bg.gif HTTP/1.1" 200 1194
58.40.7.146 - - [10/Sep/2022:12:03:53 +0800] "GET /xingrg/javascript/jquery_easy_ui/themes/default/images/button_span_bg.gif HTTP/1.1" 200 2061
58.40.7.146 - - [10/Sep/2022:12:03:53 +0800] "GET /xingrg/javascript/jquery_easy_ui/themes/default/images/panel_title.png HTTP/1.1" 200 266
58.40.7.146 - - [10/Sep/2022:12:03:53 +0800] "GET /xingrg/javascript/jquery_easy_ui/themes/default/images/panel_tools.gif HTTP/1.1" 200 737
58.40.7.146 - - [10/Sep/2022:12:03:53 +0800] "GET /xingrg/javascript/jquery_easy_ui/themes/icons/ok.png HTTP/1.1" 200 883
114.83.219.57 - - [10/Sep/2022:12:03:58 +0800] "GET /xingrg/all/function/internal_message.html?_=1662782716151&CODE_STATE=getMsg HTTP/1.1" 200 27
58.40.7.146 - - [10/Sep/2022:12:03:59 +0800] "GET /xingrg/images/control/ajaxLoader.gif HTTP/1.1" 200 4659
58.40.7.146 - - [10/Sep/2022:12:03:59 +0800] "POST /xingrg/all/user/operate.html HTTP/1.1" 200 36
58.40.7.146 - - [10/Sep/2022:12:03:59 +0800] "GET /xingrg/javascript/jquery_easy_ui/themes/default/easyui.css HTTP/1.1" 304 -
58.40.7.146 - - [10/Sep/2022:12:03:59 +0800] "GET /xingrg/index.html?sysBaseUrl=http%3A%2F%2F180.169.147.146%3A18081%2Fxingrg%2F&costTime=40×tamp=1662782435461 HTTP/1.1" 200 17179
58.40.7.146 - - [10/Sep/2022:12:03:59 +0800] "GET /xingrg/javascript/jquery_easy_ui/themes/icon.css HTTP/1.1" 304 -
58.40.7.146 - - [10/Sep/2022:12:03:59 +0800] "GET /xingrg/css/form.css HTTP/1.1" 304 -
58.40.7.146 - - [10/Sep/2022:12:03:59 +0800] "GET /xingrg/javascript/jquery-1.4.2.min.js HTTP/1.1" 304 -
58.40.7.146 - - [10/Sep/2022:12:03:59 +0800] "GET /xingrg/javascript/jquery_easy_ui/jquery.easyui.min.js HTTP/1.1" 304 -
58.40.7.146 - - [10/Sep/2022:12:03:59 +0800] "GET /xingrg/javascript/jquery_easy_ui/easyui-lang-zh_CN.js HTTP/1.1" 304 -
58.40.7.146 - - [10/Sep/2022:12:03:59 +0800] "GET /xingrg/javascript/jquery.form.js HTTP/1.1" 304 -
58.40.7.146 - - [10/Sep/2022:12:03:59 +0800] "GET /xingrg/javascript/jquery.utils.js HTTP/1.1" 304 -
58.40.7.146 - - [10/Sep/2022:12:03:59 +0800] "GET /xingrg/javascript/jquery.timers.js HTTP/1.1" 304 -
58.40.7.146 - - [10/Sep/2022:12:03:59 +0800] "GET /xingrg/images/blue/jxLogo.png HTTP/1.1" 304 -
58.40.7.146 - - [10/Sep/2022:12:03:59 +0800] "POST /xingrg/all/common/load_tree.html?tree=area_rest_tree_json&manage=1 HTTP/1.1" 200 3472
58.40.7.146 - - [10/Sep/2022:12:03:59 +0800] "GET /xingrg/all/function/internal_message.html?_=1662782635517&CODE_STATE=count HTTP/1.1" 200 11
58.40.7.146 - - [10/Sep/2022:12:03:59 +0800] "GET /xingrg/check_reg.html?_=1662782635519 HTTP/1.1" 200 22
58.40.7.146 - - [10/Sep/2022:12:03:59 +0800] "GET /xingrg/javascript/jquery_easy_ui/themes/default/images/tabs_rightarrow.png HTTP/1.1" 304 -
58.40.7.146 - - [10/Sep/2022:12:03:59 +0800] "GET /xingrg/images/blue/pingpu.png HTTP/1.1" 304 -
58.40.7.146 - - [10/Sep/2022:12:03:59 +0800] "GET /xingrg/javascript/jquery_easy_ui/themes/icons/settle_new.png HTTP/1.1" 304 -
58.40.7.146 - - [10/Sep/2022:12:03:59 +0800] "GET /xingrg/images/blue/navBackgound.jpg HTTP/1.1" 304 -
58.40.7.146 - - [10/Sep/2022:12:03:59 +0800] "GET /xingrg/javascript/jquery_easy_ui/themes/default/images/panel_tool_collapse.gif HTTP/1.1" 304 -
58.40.7.146 - - [10/Sep/2022:12:03:59 +0800] "GET /xingrg/javascript/jquery_easy_ui/themes/default/images/tabs_leftarrow.png HTTP/1.1" 304 -
58.40.7.146 - - [10/Sep/2022:12:03:59 +0800] "POST /xingrg/load_menu.html HTTP/1.1" 200 5138
180.169.147.146 - - [10/Sep/2022:12:04:00 +0800] "GET /xingrg/all/function/internal_message.html?_=1662782649235&CODE_STATE=getMsg HTTP/1.1" 200 27
58.40.7.146 - - [10/Sep/2022:12:04:01 +0800] "GET /xingrg/kc/buy/buy_main.html HTTP/1.1" 200 12412
58.40.7.146 - - [10/Sep/2022:12:04:01 +0800] "GET /xingrg/css/new_ie.css HTTP/1.1" 404 1036
58.40.7.146 - - [10/Sep/2022:12:04:01 +0800] "GET /xingrg/javascript/ToolTips.js HTTP/1.1" 200 5615
58.40.7.146 - - [10/Sep/2022:12:04:01 +0800] "GET /xingrg/javascript/jquery_ui/jquery-ui.min.js HTTP/1.1" 200 186181
58.40.7.146 - - [10/Sep/2022:12:04:01 +0800] "GET /xingrg/images/blue/button/cgxqd.gif HTTP/1.1" 200 2619
58.40.7.146 - - [10/Sep/2022:12:04:01 +0800] "GET /xingrg/images/blue/button/cgydd.gif HTTP/1.1" 200 2712
58.40.7.146 - - [10/Sep/2022:12:04:01 +0800] "GET /xingrg/images/blue/button/cgshd.gif HTTP/1.1" 200 2618
58.40.7.146 - - [10/Sep/2022:12:04:01 +0800] "GET /xingrg/images/blue/button/cgfkd.gif HTTP/1.1" 200 2075
58.40.7.146 - - [10/Sep/2022:12:04:01 +0800] "GET /xingrg/images/blue/button/ckthd.gif HTTP/1.1" 200 2045
58.40.7.146 - - [10/Sep/2022:12:04:01 +0800] "GET /xingrg/images/blue/pic_form2.gif HTTP/1.1" 200 1853
58.40.7.146 - - [10/Sep/2022:12:04:01 +0800] "GET /xingrg/images/blue/button/kc.gif HTTP/1.1" 200 2160
58.40.7.146 - - [10/Sep/2022:12:04:01 +0800] "GET /xingrg/images/blue/button/right_ah.jpg HTTP/1.1" 200 1744
58.40.7.146 - - [10/Sep/2022:12:04:01 +0800] "GET /xingrg/javascript/jquery_ui/themes/humanity/images/ui-bg_inset-soft_100_f4f0ec_1x100.png HTTP/1.1" 200 141
58.40.7.146 - - [10/Sep/2022:12:04:01 +0800] "GET /xingrg/javascript/jquery_ui/themes/humanity/images/ui-iconsnew.jpg HTTP/1.1" 200 337
58.40.7.146 - - [10/Sep/2022:12:04:01 +0800] "GET /xingrg/javascript/jquery_ui/themes/humanity/images/ui-icons_c47a23_256x240.png HTTP/1.1" 200 5355
58.40.7.146 - - [10/Sep/2022:12:04:01 +0800] "GET /xingrg/images/blue/bg_dotted.jpg HTTP/1.1" 200 319
58.40.7.146 - - [10/Sep/2022:12:04:01 +0800] "GET /xingrg/images/blue/button/down_ah.jpg HTTP/1.1" 200 1732
58.40.7.146 - - [10/Sep/2022:12:04:01 +0800] "GET /xingrg/javascript/jquery_ui/themes/humanity/images/ui-icons_ffffff_256x240.png HTTP/1.1" 200 4369
58.40.7.146 - - [10/Sep/2022:12:04:03 +0800] "GET /xingrg/css/base.css HTTP/1.1" 200 2811
58.40.7.146 - - [10/Sep/2022:12:04:03 +0800] "GET /xingrg/kc/buy/cgsh_order_list.html HTTP/1.1" 200 52848
58.40.7.146 - - [10/Sep/2022:12:04:03 +0800] "GET /xingrg/css/site.css HTTP/1.1" 200 7541
58.40.7.146 - - [10/Sep/2022:12:04:03 +0800] "GET /xingrg/javascript/jquery_tools/datebox.css HTTP/1.1" 200 2597
58.40.7.146 - - [10/Sep/2022:12:04:03 +0800] "GET /xingrg/javascript/easyui/themes/icon.css HTTP/1.1" 200 4483
58.40.7.146 - - [10/Sep/2022:12:04:04 +0800] "GET /xingrg/javascript/auto/jquery.autocomplete.css HTTP/1.1" 200 587
58.40.7.146 - - [10/Sep/2022:12:04:04 +0800] "GET /xingrg/javascript/jquery_tools/fix.css HTTP/1.1" 200 1702
58.40.7.146 - - [10/Sep/2022:12:04:04 +0800] "GET /xingrg/javascript/jquery_tools/table.css HTTP/1.1" 200 1032
58.40.7.146 - - [10/Sep/2022:12:04:04 +0800] "GET /xingrg/javascript/easyui/themes/default/easyui.css HTTP/1.1" 200 30432
58.40.7.146 - - [10/Sep/2022:12:04:04 +0800] "GET /xingrg/javascript/jquery_tools/jquery.tools.min.js HTTP/1.1" 200 138801
58.40.7.146 - - [10/Sep/2022:12:04:04 +0800] "GET /xingrg/javascript/jquery_tools/jquery.tools.hotkey.js HTTP/1.1" 200 3242
58.40.7.146 - - [10/Sep/2022:12:04:04 +0800] "GET /xingrg/javascript/jquery_tools/jquery.tools.table.js HTTP/1.1" 200 6994
58.40.7.146 - - [10/Sep/2022:12:04:04 +0800] "GET /xingrg/javascript/jquery_tools/jquery.tools.extend.js HTTP/1.1" 200 15385
58.40.7.146 - - [10/Sep/2022:12:04:04 +0800] "GET /xingrg/javascript/jquery_tools/list_manager.js HTTP/1.1" 200 3652
58.40.7.146 - - [10/Sep/2022:12:04:04 +0800] "GET /xingrg/javascript/easyui/easyloader.js HTTP/1.1" 200 5975
58.40.7.146 - - [10/Sep/2022:12:04:04 +0800] "GET /xingrg/javascript/auto/jquery.autocomplete.js HTTP/1.1" 200 21624
58.40.7.146 - - [10/Sep/2022:12:04:04 +0800] "GET /xingrg/javascript/jquery.cookie.js HTTP/1.1" 200 5513
58.40.7.146 - - [10/Sep/2022:12:04:04 +0800] "GET /xingrg/javascript/print/LodopFuncs.js HTTP/1.1" 200 5121
58.40.7.146 - - [10/Sep/2022:12:04:04 +0800] "GET /xingrg/javascript/easyui/plugins/jquery.parser.js HTTP/1.1" 200 1142
58.40.7.146 - - [10/Sep/2022:12:04:04 +0800] "GET /xingrg/javascript/easyui/themes/icons/edit_add_new.png HTTP/1.1" 200 2997
58.40.7.146 - - [10/Sep/2022:12:04:04 +0800] "GET /xingrg/javascript/easyui/themes/icons/cance_new.png HTTP/1.1" 200 3986
58.40.7.146 - - [10/Sep/2022:12:04:04 +0800] "GET /xingrg/javascript/easyui/themes/icons/field_new.png HTTP/1.1" 200 1097
58.40.7.146 - - [10/Sep/2022:12:04:04 +0800] "GET /xingrg/javascript/easyui/themes/icons/import_new.png HTTP/1.1" 200 1247
58.40.7.146 - - [10/Sep/2022:12:04:04 +0800] "GET /xingrg/javascript/easyui/themes/icons/check_new.png HTTP/1.1" 200 3224
58.40.7.146 - - [10/Sep/2022:12:04:05 +0800] "POST /xingrg/kc/buy/cgsh_list_operate.html HTTP/1.1" 200 752
58.40.7.146 - - [10/Sep/2022:12:04:06 +0800] "GET /xingrg/javascript/easyui/themes/default/images/button_plain_hover.png HTTP/1.1" 200 144
116.232.194.65 - - [10/Sep/2022:12:04:07 +0800] "GET /xingrg/all/function/internal_message.html?_=1662782593950&CODE_STATE=getMsg HTTP/1.1" 200 27
116.232.194.65 - - [10/Sep/2022:12:04:07 +0800] "GET /xingrg/check_reg.html?_=1662782593951 HTTP/1.1" 200 22
116.238.169.132 - - [10/Sep/2022:12:04:09 +0800] "GET /xingrg/all/function/internal_message.html?_=1662782654074&CODE_STATE=getMsg HTTP/1.1" 302 -
116.238.169.132 - - [10/Sep/2022:12:04:10 +0800] "GET /xingrg/all/function/internal_message.html?_=1662782646439&CODE_STATE=getMsg HTTP/1.1" 200 27
101.85.93.70 - - [10/Sep/2022:12:04:10 +0800] "GET /xingrg/all/function/internal_message.html?_=1662782646788&CODE_STATE=getMsg HTTP/1.1" 200 27
116.224.255.128 - - [10/Sep/2022:12:04:13 +0800] "GET /xingrg/all/function/internal_message.html?_=1662782591706&CODE_STATE=getMsg HTTP/1.1" 200 27
58.40.7.146 - - [10/Sep/2022:12:04:16 +0800] "GET /xingrg/javascript/auto/indicator.gif HTTP/1.1" 404 1066
180.169.147.146 - - [10/Sep/2022:12:04:19 +0800] "GET /xingrg/all/function/internal_message.html?_=1662782654668&CODE_STATE=getMsg HTTP/1.1" 200 27
58.40.7.146 - - [10/Sep/2022:12:04:21 +0800] "POST /xingrg/kc/buy/cgsh_list_operate.html HTTP/1.1" 200 3752
58.37.4.205 - - [10/Sep/2022:12:04:22 +0800] "GET /xingrg/all/function/internal_message.html?_=1662782660227&CODE_STATE=getMsg HTTP/1.1" 200 27
116.225.121.189 - - [10/Sep/2022:12:04:25 +0800] "GET /xingrg/kc/buy/cgsh_order_operate.html?command=get_materiel&rest_code=00105&code=00101008041&supplier_code=00100203&order_time=2022-09-10 HTTP/1.1" 200 408
222.70.246.221 - - [10/Sep/2022:12:04:25 +0800] "GET /xingrg/all/function/internal_message.html?_=1662782683589&CODE_STATE=getMsg HTTP/1.1" 200 27
101.83.241.167 - - [10/Sep/2022:12:04:27 +0800] "GET /xingrg/kc/buy/cgsh_order_operate.html?command=get_materiel&rest_code=00149&code=00101008131&supplier_code=00100008&order_time=2022-09-10 HTTP/1.1" 200 408
116.238.169.132 - - [10/Sep/2022:12:04:32 +0800] "GET /xingrg/all/function/internal_message.html?_=1662782672899&CODE_STATE=getMsg HTTP/1.1" 200 27
120.253.135.82 - - [10/Sep/2022:12:04:34 +0800] "GET /xingrg/all/function/internal_message.html?_=1662782470659&CODE_STATE=getMsg HTTP/1.1" 200 27
114.84.5.35 - - [10/Sep/2022:12:04:37 +0800] "GET /xingrg/all/function/internal_message.html?_=1662782669551&CODE_STATE=getMsg HTTP/1.1" 200 27
101.83.241.167 - - [10/Sep/2022:12:04:40 +0800] "GET /xingrg/kc/buy/cgsh_order_operate.html?command=get_materiel&rest_code=00149&code=00101008296&supplier_code=00100008&order_time=2022-09-10 HTTP/1.1" 200 416
116.225.121.189 - - [10/Sep/2022:12:04:41 +0800] "GET /xingrg/all/function/internal_message.html?_=1662782679984&CODE_STATE=getMsg HTTP/1.1" 200 27
116.225.121.189 - - [10/Sep/2022:12:04:41 +0800] "GET /xingrg/check_reg.html?_=1662782679988 HTTP/1.1" 200 22
124.79.74.72 - - [10/Sep/2022:12:04:45 +0800] "GET /xingrg/all/function/internal_message.html?_=1662782680639&CODE_STATE=getMsg HTTP/1.1" 200 27
101.83.241.167 - - [10/Sep/2022:12:04:47 +0800] "GET /xingrg/all/function/internal_message.html?_=1662782680667&CODE_STATE=getMsg HTTP/1.1" 200 27
116.225.121.189 - - [10/Sep/2022:12:04:48 +0800] "GET /xingrg/all/function/internal_message.html?_=1662782547491&CODE_STATE=getMsg HTTP/1.1" 200 27
180.162.112.166 - - [10/Sep/2022:12:04:48 +0800] "GET /xingrg/all/function/internal_message.html?_=1662781819833&CODE_STATE=getMsg HTTP/1.1" 200 27
101.83.241.167 - - [10/Sep/2022:12:04:50 +0800] "GET /xingrg/kc/buy/cgsh_order_operate.html?command=get_materiel&rest_code=00149&code=00101008318&supplier_code=00100008&order_time=2022-09-10 HTTP/1.1" 200 408
58.40.7.146 - - [10/Sep/2022:12:04:51 +0800] "POST /xingrg/all/user/operate.html HTTP/1.1" 200 36
58.40.7.146 - - [10/Sep/2022:12:04:51 +0800] "GET /xingrg/index.html?sysBaseUrl=http%3A%2F%2F180.169.147.146%3A18081%2Fxingrg%2F&costTime=40×tamp=1662782435461 HTTP/1.1" 200 17173
58.40.7.146 - - [10/Sep/2022:12:04:52 +0800] "GET /xingrg/javascript/jquery_easy_ui/themes/default/easyui.css HTTP/1.1" 304 -
58.40.7.146 - - [10/Sep/2022:12:04:52 +0800] "GET /xingrg/javascript/jquery_easy_ui/themes/icon.css HTTP/1.1" 304 -
58.40.7.146 - - [10/Sep/2022:12:04:52 +0800] "GET /xingrg/css/form.css HTTP/1.1" 304 -
58.40.7.146 - - [10/Sep/2022:12:04:52 +0800] "GET /xingrg/javascript/jquery-1.4.2.min.js HTTP/1.1" 304 -
58.40.7.146 - - [10/Sep/2022:12:04:52 +0800] "GET /xingrg/javascript/jquery_easy_ui/jquery.easyui.min.js HTTP/1.1" 304 -
58.40.7.146 - - [10/Sep/2022:12:04:52 +0800] "GET /xingrg/javascript/jquery_easy_ui/easyui-lang-zh_CN.js HTTP/1.1" 304 -
58.40.7.146 - - [10/Sep/2022:12:04:52 +0800] "GET /xingrg/javascript/jquery.form.js HTTP/1.1" 304 -
58.40.7.146 - - [10/Sep/2022:12:04:52 +0800] "GET /xingrg/javascript/jquery.utils.js HTTP/1.1" 304 -
58.40.7.146 - - [10/Sep/2022:12:04:52 +0800] "GET /xingrg/javascript/jquery.timers.js HTTP/1.1" 304 -
58.40.7.146 - - [10/Sep/2022:12:04:52 +0800] "GET /xingrg/images/blue/jxLogo.png HTTP/1.1" 304 -
58.40.7.146 - - [10/Sep/2022:12:04:52 +0800] "GET /xingrg/all/function/internal_message.html?_=1662782688285&CODE_STATE=count HTTP/1.1" 200 11
58.40.7.146 - - [10/Sep/2022:12:04:52 +0800] "GET /xingrg/check_reg.html?_=1662782688286 HTTP/1.1" 200 22
58.40.7.146 - - [10/Sep/2022:12:04:52 +0800] "GET /xingrg/javascript/jquery_easy_ui/themes/default/images/tabs_rightarrow.png HTTP/1.1" 304 -
58.40.7.146 - - [10/Sep/2022:12:04:52 +0800] "GET /xingrg/javascript/jquery_easy_ui/themes/default/images/tabs_leftarrow.png HTTP/1.1" 304 -
58.40.7.146 - - [10/Sep/2022:12:04:52 +0800] "POST /xingrg/all/common/load_tree.html?tree=area_rest_tree_json&manage=1 HTTP/1.1" 200 3472
58.40.7.146 - - [10/Sep/2022:12:04:52 +0800] "GET /xingrg/javascript/jquery_easy_ui/themes/icons/settle_new.png HTTP/1.1" 304 -
58.40.7.146 - - [10/Sep/2022:12:04:52 +0800] "GET /xingrg/images/blue/pingpu.png HTTP/1.1" 304 -
58.40.7.146 - - [10/Sep/2022:12:04:52 +0800] "GET /xingrg/javascript/jquery_easy_ui/themes/default/images/panel_tool_collapse.gif HTTP/1.1" 304 -
58.40.7.146 - - [10/Sep/2022:12:04:52 +0800] "GET /xingrg/images/blue/navBackgound.jpg HTTP/1.1" 304 -
58.40.7.146 - - [10/Sep/2022:12:04:52 +0800] "POST /xingrg/load_menu.html HTTP/1.1" 200 5138
58.40.7.146 - - [10/Sep/2022:12:04:52 +0800] "GET /xingrg/javascript/jquery_easy_ui/themes/default/images/tree_arrows.gif HTTP/1.1" 304 -
58.40.7.146 - - [10/Sep/2022:12:04:52 +0800] "GET /xingrg/javascript/jquery_easy_ui/themes/icons/manage.png HTTP/1.1" 304 -
58.40.7.146 - - [10/Sep/2022:12:04:52 +0800] "GET /xingrg/javascript/jquery_easy_ui/themes/default/images/tree_folder_open.gif HTTP/1.1" 304 -
58.40.7.146 - - [10/Sep/2022:12:04:52 +0800] "GET /xingrg/javascript/jquery_easy_ui/themes/icons/area.png HTTP/1.1" 304 -
58.40.7.146 - - [10/Sep/2022:12:04:52 +0800] "GET /xingrg/javascript/jquery_easy_ui/themes/icons/rest.png HTTP/1.1" 304 -
58.40.7.146 - - [10/Sep/2022:12:04:54 +0800] "GET /xingrg/kc/buy/buy_main.html HTTP/1.1" 200 12412
58.40.7.146 - - [10/Sep/2022:12:04:54 +0800] "GET /xingrg/css/new_ie.css HTTP/1.1" 404 1036
58.40.7.146 - - [10/Sep/2022:12:04:55 +0800] "GET /xingrg/kc/buy/cgsh_order_list.html HTTP/1.1" 200 52842
58.40.7.146 - - [10/Sep/2022:12:04:56 +0800] "POST /xingrg/kc/buy/cgsh_list_operate.html HTTP/1.1" 200 752
114.83.219.57 - - [10/Sep/2022:12:04:58 +0800] "GET /xingrg/all/function/internal_message.html?_=1662782776138&CODE_STATE=getMsg HTTP/1.1" 200 27
180.169.147.146 - - [10/Sep/2022:12:05:00 +0800] "GET /xingrg/all/function/internal_message.html?_=1662782709229&CODE_STATE=getMsg HTTP/1.1" 200 27
58.40.7.146 - - [10/Sep/2022:12:05:01 +0800] "GET /xingrg/javascript/auto/indicator.gif HTTP/1.1" 404 1066
101.83.241.167 - - [10/Sep/2022:12:05:02 +0800] "GET /xingrg/kc/buy/cgsh_order_operate.html?command=get_materiel&rest_code=00149&code=00101008352&supplier_code=00100008&order_time=2022-09-10 HTTP/1.1" 200 412
58.40.7.146 - - [10/Sep/2022:12:05:07 +0800] "POST /xingrg/kc/buy/cgsh_list_operate.html HTTP/1.1" 200 4973
116.232.194.65 - - [10/Sep/2022:12:05:07 +0800] "GET /xingrg/all/function/internal_message.html?_=1662782653963&CODE_STATE=getMsg HTTP/1.1" 200 27
101.83.241.167 - - [10/Sep/2022:12:05:07 +0800] "POST /xingrg/kc/buy/cgsh_order_operate.html HTTP/1.1" 200 2065
222.70.246.221 - - [10/Sep/2022:12:05:08 +0800] "GET /xingrg/check_reg.html?_=1662782726733 HTTP/1.1" 200 22
116.238.169.132 - - [10/Sep/2022:12:05:09 +0800] "GET /xingrg/all/function/internal_message.html?_=1662782714073&CODE_STATE=getMsg HTTP/1.1" 302 -
116.238.169.132 - - [10/Sep/2022:12:05:10 +0800] "GET /xingrg/all/function/internal_message.html?_=1662782706437&CODE_STATE=getMsg HTTP/1.1" 200 27
101.85.93.70 - - [10/Sep/2022:12:05:10 +0800] "GET /xingrg/all/function/internal_message.html?_=1662782706773&CODE_STATE=getMsg HTTP/1.1" 200 27
116.224.255.128 - - [10/Sep/2022:12:05:13 +0800] "GET /xingrg/all/function/internal_message.html?_=1662782651711&CODE_STATE=getMsg HTTP/1.1" 200 27
101.83.241.167 - - [10/Sep/2022:12:05:14 +0800] "GET /xingrg/kc/buy/cgsh_order_operate.html?command=get_materiel&rest_code=00149&code=00101008098&supplier_code=00100008&order_time=2022-09-10 HTTP/1.1" 200 412
180.169.147.146 - - [10/Sep/2022:12:05:19 +0800] "GET /xingrg/all/function/internal_message.html?_=1662782714652&CODE_STATE=getMsg HTTP/1.1" 200 27
180.169.147.146 - - [10/Sep/2022:12:05:20 +0800] "GET /xingrg/check_reg.html?_=1662782715387 HTTP/1.1" 200 22
58.37.4.205 - - [10/Sep/2022:12:05:22 +0800] "GET /xingrg/check_reg.html?_=1662782720228 HTTP/1.1" 200 22
58.37.4.205 - - [10/Sep/2022:12:05:22 +0800] "GET /xingrg/all/function/internal_message.html?_=1662782720231&CODE_STATE=getMsg HTTP/1.1" 200 27
101.83.241.167 - - [10/Sep/2022:12:05:24 +0800] "GET /xingrg/kc/buy/cgsh_order_operate.html?command=get_materiel&rest_code=00149&code=00101008005&supplier_code=00100008&order_time=2022-09-10 HTTP/1.1" 200 412
222.70.246.221 - - [10/Sep/2022:12:05:25 +0800] "GET /xingrg/all/function/internal_message.html?_=1662782743597&CODE_STATE=getMsg HTTP/1.1" 200 27
116.238.169.132 - - [10/Sep/2022:12:05:32 +0800] "GET /xingrg/all/function/internal_message.html?_=1662782732896&CODE_STATE=getMsg HTTP/1.1" 200 27
120.253.135.82 - - [10/Sep/2022:12:05:34 +0800] "GET /xingrg/all/function/internal_message.html?_=1662782530712&CODE_STATE=getMsg HTTP/1.1" 200 27
114.84.5.35 - - [10/Sep/2022:12:05:37 +0800] "GET /xingrg/all/function/internal_message.html?_=1662782729577&CODE_STATE=getMsg HTTP/1.1" 200 27
58.40.7.146 - - [10/Sep/2022:12:05:37 +0800] "POST /xingrg/all/user/operate.html HTTP/1.1" 200 36
58.40.7.146 - - [10/Sep/2022:12:05:37 +0800] "GET /xingrg/index.html?sysBaseUrl=http%3A%2F%2F180.169.147.146%3A18081%2Fxingrg%2F&costTime=40×tamp=1662782435461 HTTP/1.1" 200 17179
58.40.7.146 - - [10/Sep/2022:12:05:37 +0800] "GET /xingrg/javascript/jquery_easy_ui/themes/default/easyui.css HTTP/1.1" 304 -
58.40.7.146 - - [10/Sep/2022:12:05:37 +0800] "GET /xingrg/javascript/jquery_easy_ui/themes/icon.css HTTP/1.1" 304 -
58.40.7.146 - - [10/Sep/2022:12:05:37 +0800] "GET /xingrg/css/form.css HTTP/1.1" 304 -
58.40.7.146 - - [10/Sep/2022:12:05:37 +0800] "GET /xingrg/javascript/jquery-1.4.2.min.js HTTP/1.1" 304 -
58.40.7.146 - - [10/Sep/2022:12:05:37 +0800] "GET /xingrg/javascript/jquery_easy_ui/jquery.easyui.min.js HTTP/1.1" 304 -
58.40.7.146 - - [10/Sep/2022:12:05:37 +0800] "GET /xingrg/javascript/jquery_easy_ui/easyui-lang-zh_CN.js HTTP/1.1" 304 -
58.40.7.146 - - [10/Sep/2022:12:05:37 +0800] "GET /xingrg/javascript/jquery.form.js HTTP/1.1" 304 -
58.40.7.146 - - [10/Sep/2022:12:05:37 +0800] "GET /xingrg/javascript/jquery.utils.js HTTP/1.1" 304 -
58.40.7.146 - - [10/Sep/2022:12:05:37 +0800] "GET /xingrg/javascript/jquery.timers.js HTTP/1.1" 304 -
58.40.7.146 - - [10/Sep/2022:12:05:37 +0800] "GET /xingrg/images/blue/jxLogo.png HTTP/1.1" 304 -
58.40.7.146 - - [10/Sep/2022:12:05:37 +0800] "POST /xingrg/all/common/load_tree.html?tree=area_rest_tree_json&manage=1 HTTP/1.1" 200 3472
58.40.7.146 - - [10/Sep/2022:12:05:37 +0800] "GET /xingrg/all/function/internal_message.html?_=1662782733961&CODE_STATE=count HTTP/1.1" 200 11
58.40.7.146 - - [10/Sep/2022:12:05:37 +0800] "GET /xingrg/check_reg.html?_=1662782733962 HTTP/1.1" 200 22
58.40.7.146 - - [10/Sep/2022:12:05:37 +0800] "GET /xingrg/images/blue/pingpu.png HTTP/1.1" 304 -
58.40.7.146 - - [10/Sep/2022:12:05:37 +0800] "GET /xingrg/javascript/jquery_easy_ui/themes/default/images/tabs_leftarrow.png HTTP/1.1" 304 -
58.40.7.146 - - [10/Sep/2022:12:05:37 +0800] "GET /xingrg/javascript/jquery_easy_ui/themes/icons/settle_new.png HTTP/1.1" 304 -
58.40.7.146 - - [10/Sep/2022:12:05:37 +0800] "GET /xingrg/javascript/jquery_easy_ui/themes/default/images/tabs_rightarrow.png HTTP/1.1" 304 -
58.40.7.146 - - [10/Sep/2022:12:05:37 +0800] "GET /xingrg/images/blue/navBackgound.jpg HTTP/1.1" 304 -
58.40.7.146 - - [10/Sep/2022:12:05:37 +0800] "GET /xingrg/javascript/jquery_easy_ui/themes/default/images/panel_tool_collapse.gif HTTP/1.1" 304 -
58.40.7.146 - - [10/Sep/2022:12:05:37 +0800] "POST /xingrg/load_menu.html HTTP/1.1" 200 5138
58.40.7.146 - - [10/Sep/2022:12:05:39 +0800] "GET /xingrg/kc/buy/buy_main.html HTTP/1.1" 200 12412
58.40.7.146 - - [10/Sep/2022:12:05:39 +0800] "GET /xingrg/css/new_ie.css HTTP/1.1" 404 1036
58.40.7.146 - - [10/Sep/2022:12:05:40 +0800] "GET /xingrg/kc/buy/cgsh_order_list.html HTTP/1.1" 200 52848
116.225.121.189 - - [10/Sep/2022:12:05:41 +0800] "GET /xingrg/all/function/internal_message.html?_=1662782739978&CODE_STATE=getMsg HTTP/1.1" 200 27
58.40.7.146 - - [10/Sep/2022:12:05:43 +0800] "POST /xingrg/kc/buy/cgsh_list_operate.html HTTP/1.1" 200 2870
124.79.74.72 - - [10/Sep/2022:12:05:45 +0800] "GET /xingrg/all/function/internal_message.html?_=1662782740625&CODE_STATE=getMsg HTTP/1.1" 200 27
101.83.241.167 - - [10/Sep/2022:12:05:47 +0800] "GET /xingrg/all/function/internal_message.html?_=1662782740668&CODE_STATE=getMsg HTTP/1.1" 200 27
116.225.121.189 - - [10/Sep/2022:12:05:48 +0800] "GET /xingrg/all/function/internal_message.html?_=1662782607494&CODE_STATE=getMsg HTTP/1.1" 200 27
180.162.112.166 - - [10/Sep/2022:12:05:48 +0800] "GET /xingrg/all/function/internal_message.html?_=1662781879832&CODE_STATE=getMsg HTTP/1.1" 200 27
58.40.7.146 - - [10/Sep/2022:12:05:51 +0800] "GET /xingrg/javascript/auto/indicator.gif HTTP/1.1" 404 1066
114.83.219.57 - - [10/Sep/2022:12:05:58 +0800] "GET /xingrg/all/function/internal_message.html?_=1662782836121&CODE_STATE=getMsg HTTP/1.1" 200 27
114.83.219.57 - - [10/Sep/2022:12:05:59 +0800] "GET /xingrg/check_reg.html?_=1662782837344 HTTP/1.1" 200 22
101.83.241.167 - - [10/Sep/2022:12:06:00 +0800] "POST /xingrg/kc/buy/cgsh_order_operate.html HTTP/1.1" 200 37
180.169.147.146 - - [10/Sep/2022:12:06:00 +0800] "GET /xingrg/check_reg.html?_=1662782769232 HTTP/1.1" 200 22
180.169.147.146 - - [10/Sep/2022:12:06:00 +0800] "GET /xingrg/all/function/internal_message.html?_=1662782769234&CODE_STATE=getMsg HTTP/1.1" 200 27
58.40.7.146 - - [10/Sep/2022:12:06:02 +0800] "POST /xingrg/kc/buy/cgsh_list_operate.html HTTP/1.1" 200 3393
116.232.194.65 - - [10/Sep/2022:12:06:07 +0800] "GET /xingrg/all/function/internal_message.html?_=1662782713959&CODE_STATE=getMsg HTTP/1.1" 200 27
116.238.169.132 - - [10/Sep/2022:12:06:09 +0800] "GET /xingrg/all/function/internal_message.html?_=1662782774075&CODE_STATE=getMsg HTTP/1.1" 302 -
116.238.169.132 - - [10/Sep/2022:12:06:10 +0800] "GET /xingrg/all/function/internal_message.html?_=1662782766429&CODE_STATE=getMsg HTTP/1.1" 200 27
116.238.169.132 - - [10/Sep/2022:12:06:10 +0800] "GET /xingrg/check_reg.html?_=1662782766866 HTTP/1.1" 200 22
101.85.93.70 - - [10/Sep/2022:12:06:10 +0800] "GET /xingrg/all/function/internal_message.html?_=1662782766749&CODE_STATE=getMsg HTTP/1.1" 200 27
116.224.255.128 - - [10/Sep/2022:12:06:13 +0800] "GET /xingrg/all/function/internal_message.html?_=1662782711740&CODE_STATE=getMsg HTTP/1.1" 200 27
116.225.121.189 - - [10/Sep/2022:12:06:17 +0800] "GET /xingrg/kc/buy/cgsh_order_operate.html?command=get_materiel&rest_code=00105&code=00101015017&supplier_code=00100203&order_time=2022-09-10 HTTP/1.1" 200 412
180.169.147.146 - - [10/Sep/2022:12:06:19 +0800] "GET /xingrg/all/function/internal_message.html?_=1662782774636&CODE_STATE=getMsg HTTP/1.1" 200 27
58.37.4.205 - - [10/Sep/2022:12:06:22 +0800] "GET /xingrg/all/function/internal_message.html?_=1662782780230&CODE_STATE=getMsg HTTP/1.1" 200 27
180.169.147.146 - - [10/Sep/2022:12:06:24 +0800] "POST /xingrg/dwr/call/plaincall/AjaxReportQueryService.queryInitializeString.dwr HTTP/1.1" 200 253
222.70.246.221 - - [10/Sep/2022:12:06:25 +0800] "GET /xingrg/all/function/internal_message.html?_=1662782803611&CODE_STATE=getMsg HTTP/1.1" 200 27
180.169.147.146 - - [10/Sep/2022:12:06:25 +0800] "POST /xingrg/dwr/call/plaincall/AjaxReportQueryService.refreshCache.dwr HTTP/1.1" 200 78
180.169.147.146 - - [10/Sep/2022:12:06:26 +0800] "POST /xingrg/all/report/load_report_page.html HTTP/1.1" 200 134113
180.169.147.146 - - [10/Sep/2022:12:06:26 +0800] "GET /xingrg/servlets/image?cache=0.10850455150053795&image=px HTTP/1.1" 200 807
180.169.147.146 - - [10/Sep/2022:12:06:29 +0800] "POST /xingrg/all/report/load_report_page.html HTTP/1.1" 200 134257
180.169.147.146 - - [10/Sep/2022:12:06:29 +0800] "GET /xingrg/servlets/image?cache=0.9238243594409052&image=px HTTP/1.1" 200 807
180.169.147.146 - - [10/Sep/2022:12:06:30 +0800] "POST /xingrg/all/report/load_report_page.html HTTP/1.1" 200 116174
180.169.147.146 - - [10/Sep/2022:12:06:30 +0800] "GET /xingrg/servlets/image?cache=0.3779060660285324&image=px HTTP/1.1" 200 807
116.238.169.132 - - [10/Sep/2022:12:06:32 +0800] "GET /xingrg/all/function/internal_message.html?_=1662782792893&CODE_STATE=getMsg HTTP/1.1" 200 27
120.253.135.82 - - [10/Sep/2022:12:06:34 +0800] "GET /xingrg/all/function/internal_message.html?_=1662782590718&CODE_STATE=getMsg HTTP/1.1" 200 27
114.84.5.35 - - [10/Sep/2022:12:06:37 +0800] "GET /xingrg/all/function/internal_message.html?_=1662782789576&CODE_STATE=getMsg HTTP/1.1" 200 27
58.40.7.146 - - [10/Sep/2022:12:06:37 +0800] "GET /xingrg/all/function/internal_message.html?_=1662782793962&CODE_STATE=getMsg HTTP/1.1" 200 27
116.225.121.189 - - [10/Sep/2022:12:06:39 +0800] "POST /xingrg/kc/buy/cgsh_order_operate.html HTTP/1.1" 200 2065
116.225.121.189 - - [10/Sep/2022:12:06:41 +0800] "GET /xingrg/all/function/internal_message.html?_=1662782799986&CODE_STATE=getMsg HTTP/1.1" 200 27
124.79.74.72 - - [10/Sep/2022:12:06:45 +0800] "GET /xingrg/all/function/internal_message.html?_=1662782800595&CODE_STATE=getMsg HTTP/1.1" 200 27
116.225.121.189 - - [10/Sep/2022:12:06:48 +0800] "GET /xingrg/all/function/internal_message.html?_=1662782667496&CODE_STATE=getMsg HTTP/1.1" 200 27
116.225.121.189 - - [10/Sep/2022:12:06:48 +0800] "GET /xingrg/check_reg.html?_=1662782667499 HTTP/1.1" 200 22
180.162.112.166 - - [10/Sep/2022:12:06:48 +0800] "GET /xingrg/all/function/internal_message.html?_=1662781939831&CODE_STATE=getMsg HTTP/1.1" 200 27
180.162.112.166 - - [10/Sep/2022:12:06:48 +0800] "GET /xingrg/check_reg.html?_=1662781939834 HTTP/1.1" 200 22
114.83.219.57 - - [10/Sep/2022:12:06:58 +0800] "GET /xingrg/all/function/internal_message.html?_=1662782896109&CODE_STATE=getMsg HTTP/1.1" 200 27
180.169.147.146 - - [10/Sep/2022:12:07:00 +0800] "GET /xingrg/all/function/internal_message.html?_=1662782829220&CODE_STATE=getMsg HTTP/1.1" 200 27
101.85.93.70 - - [10/Sep/2022:12:07:07 +0800] "GET /xingrg/check_reg.html?_=1662782823538 HTTP/1.1" 200 22
116.232.194.65 - - [10/Sep/2022:12:07:07 +0800] "GET /xingrg/all/function/internal_message.html?_=1662782773956&CODE_STATE=getMsg HTTP/1.1" 200 27
116.224.255.128 - - [10/Sep/2022:12:07:08 +0800] "GET /xingrg/check_reg.html?_=1662782767281 HTTP/1.1" 200 22
116.238.169.132 - - [10/Sep/2022:12:07:09 +0800] "GET /xingrg/check_reg.html?_=1662782834078 HTTP/1.1" 302 -
116.238.169.132 - - [10/Sep/2022:12:07:09 +0800] "GET /xingrg/all/function/internal_message.html?_=1662782834076&CODE_STATE=getMsg HTTP/1.1" 302 -
116.238.169.132 - - [10/Sep/2022:12:07:10 +0800] "GET /xingrg/all/function/internal_message.html?_=1662782826428&CODE_STATE=getMsg HTTP/1.1" 200 27
101.85.93.70 - - [10/Sep/2022:12:07:10 +0800] "GET /xingrg/all/function/internal_message.html?_=1662782826723&CODE_STATE=getMsg HTTP/1.1" 200 27
116.224.255.128 - - [10/Sep/2022:12:07:13 +0800] "GET /xingrg/all/function/internal_message.html?_=1662782771753&CODE_STATE=getMsg HTTP/1.1" 200 27
114.84.81.136 - - [10/Sep/2022:12:07:17 +0800] "GET /xingrg/check_reg.html?_=1662782831903 HTTP/1.1" 200 22
180.169.147.146 - - [10/Sep/2022:12:07:19 +0800] "GET /xingrg/all/function/internal_message.html?_=1662782834619&CODE_STATE=getMsg HTTP/1.1" 200 27
58.37.4.205 - - [10/Sep/2022:12:07:22 +0800] "GET /xingrg/all/function/internal_message.html?_=1662782840231&CODE_STATE=getMsg HTTP/1.1" 200 27
222.70.246.221 - - [10/Sep/2022:12:07:25 +0800] "GET /xingrg/all/function/internal_message.html?_=1662782863900&CODE_STATE=getMsg HTTP/1.1" 200 27
116.238.169.132 - - [10/Sep/2022:12:07:32 +0800] "GET /xingrg/all/function/internal_message.html?_=1662782852907&CODE_STATE=getMsg HTTP/1.1" 200 27
120.253.135.82 - - [10/Sep/2022:12:07:33 +0800] "GET /xingrg/check_reg.html?_=1662782650043 HTTP/1.1" 200 22
120.253.135.82 - - [10/Sep/2022:12:07:34 +0800] "GET /xingrg/all/function/internal_message.html?_=1662782650731&CODE_STATE=getMsg HTTP/1.1" 200 27
114.84.5.35 - - [10/Sep/2022:12:07:37 +0800] "GET /xingrg/all/function/internal_message.html?_=1662782849576&CODE_STATE=getMsg HTTP/1.1" 200 27
58.40.7.146 - - [10/Sep/2022:12:07:37 +0800] "GET /xingrg/all/function/internal_message.html?_=1662782853983&CODE_STATE=getMsg HTTP/1.1" 200 27
116.225.121.189 - - [10/Sep/2022:12:07:41 +0800] "GET /xingrg/all/function/internal_message.html?_=1662782859984&CODE_STATE=getMsg HTTP/1.1" 200 27
124.79.74.72 - - [10/Sep/2022:12:07:45 +0800] "GET /xingrg/all/function/internal_message.html?_=1662782860567&CODE_STATE=getMsg HTTP/1.1" 200 27
116.225.121.189 - - [10/Sep/2022:12:07:48 +0800] "GET /xingrg/all/function/internal_message.html?_=1662782727516&CODE_STATE=getMsg HTTP/1.1" 200 27
180.162.112.166 - - [10/Sep/2022:12:07:48 +0800] "GET /xingrg/all/function/internal_message.html?_=1662781999831&CODE_STATE=getMsg HTTP/1.1" 200 27
114.83.219.57 - - [10/Sep/2022:12:07:58 +0800] "GET /xingrg/all/function/internal_message.html?_=1662782956084&CODE_STATE=getMsg HTTP/1.1" 200 27
180.169.147.146 - - [10/Sep/2022:12:08:00 +0800] "GET /xingrg/all/function/internal_message.html?_=1662782889234&CODE_STATE=getMsg HTTP/1.1" 200 27
116.232.194.65 - - [10/Sep/2022:12:08:07 +0800] "GET /xingrg/all/function/internal_message.html?_=1662782833963&CODE_STATE=getMsg HTTP/1.1" 200 27
116.238.169.132 - - [10/Sep/2022:12:08:09 +0800] "GET /xingrg/all/function/internal_message.html?_=1662782894077&CODE_STATE=getMsg HTTP/1.1" 302 -
58.40.7.146 - - [10/Sep/2022:12:08:10 +0800] "POST /xingrg/kc/buy/cgsh_list_operate.html HTTP/1.1" 200 505
116.238.169.132 - - [10/Sep/2022:12:08:10 +0800] "GET /xingrg/all/function/internal_message.html?_=1662782886430&CODE_STATE=getMsg HTTP/1.1" 200 27
101.85.93.70 - - [10/Sep/2022:12:08:10 +0800] "GET /xingrg/all/function/internal_message.html?_=1662782886707&CODE_STATE=getMsg HTTP/1.1" 200 27
58.40.7.146 - - [10/Sep/2022:12:08:12 +0800] "GET /xingrg/kc/buy/cgsh_order_info.html?code=212022081404663 HTTP/1.1" 200 63543
58.40.7.146 - - [10/Sep/2022:12:08:12 +0800] "GET /xingrg/words/20220909160839_words.js HTTP/1.1" 200 919966
58.40.7.146 - - [10/Sep/2022:12:08:12 +0800] "GET /xingrg/javascript/jquery_tools/order_manager.js HTTP/1.1" 200 11183
58.40.7.146 - - [10/Sep/2022:12:08:12 +0800] "GET /xingrg/javascript/convert.js HTTP/1.1" 200 1239
58.40.7.146 - - [10/Sep/2022:12:08:12 +0800] "GET /xingrg/javascript/print/kc_print.js HTTP/1.1" 200 11415
58.40.7.146 - - [10/Sep/2022:12:08:12 +0800] "GET /xingrg/javascript/easyui/themes/default/images/menu_downarrow.png HTTP/1.1" 200 173
58.40.7.146 - - [10/Sep/2022:12:08:12 +0800] "GET /xingrg/javascript/easyui/themes/icons/cancel.png HTTP/1.1" 200 1133
58.40.7.146 - - [10/Sep/2022:12:08:12 +0800] "GET /xingrg/javascript/easyui/themes/icons/print.png HTTP/1.1" 200 1057
58.40.7.146 - - [10/Sep/2022:12:08:12 +0800] "GET /xingrg/javascript/easyui/themes/icons/copy_new.png HTTP/1.1" 200 815
58.40.7.146 - - [10/Sep/2022:12:08:12 +0800] "GET /xingrg/javascript/easyui/themes/default/validatebox.css HTTP/1.1" 404 1104
58.40.7.146 - - [10/Sep/2022:12:08:12 +0800] "GET /xingrg/javascript/easyui/plugins/jquery.validatebox.js HTTP/1.1" 200 6103
58.40.7.146 - - [10/Sep/2022:12:08:12 +0800] "GET /xingrg/javascript/easyui/plugins/jquery.numberbox.js HTTP/1.1" 200 5213
116.224.255.128 - - [10/Sep/2022:12:08:13 +0800] "GET /xingrg/all/function/internal_message.html?_=1662782831767&CODE_STATE=getMsg HTTP/1.1" 200 27
58.40.7.146 - - [10/Sep/2022:12:08:13 +0800] "POST /xingrg/kc/buy/cgsh_order_operate.html HTTP/1.1" 200 3011
58.40.7.146 - - [10/Sep/2022:12:08:13 +0800] "GET /xingrg/javascript/easyui/themes/icons/edit_remove.png HTTP/1.1" 200 625
180.169.147.146 - - [10/Sep/2022:12:08:19 +0800] "GET /xingrg/all/function/internal_message.html?_=1662782894603&CODE_STATE=getMsg HTTP/1.1" 200 27
58.37.4.205 - - [10/Sep/2022:12:08:22 +0800] "GET /xingrg/all/function/internal_message.html?_=1662782900232&CODE_STATE=getMsg HTTP/1.1" 200 27
222.70.246.221 - - [10/Sep/2022:12:08:25 +0800] "GET /xingrg/all/function/internal_message.html?_=1662782923905&CODE_STATE=getMsg HTTP/1.1" 200 27
124.79.74.72 - - [10/Sep/2022:12:08:30 +0800] "GET /xingrg/check_reg.html?_=1662782904741 HTTP/1.1" 200 22
116.238.169.132 - - [10/Sep/2022:12:08:32 +0800] "GET /xingrg/all/function/internal_message.html?_=1662782912907&CODE_STATE=getMsg HTTP/1.1" 200 27
116.238.169.132 - - [10/Sep/2022:12:08:32 +0800] "GET /xingrg/check_reg.html?_=1662782912903 HTTP/1.1" 200 22
120.253.135.82 - - [10/Sep/2022:12:08:34 +0800] "GET /xingrg/all/function/internal_message.html?_=1662782710749&CODE_STATE=getMsg HTTP/1.1" 200 27
114.84.5.35 - - [10/Sep/2022:12:08:37 +0800] "GET /xingrg/check_reg.html?_=1662782909577 HTTP/1.1" 200 22
114.84.5.35 - - [10/Sep/2022:12:08:37 +0800] "GET /xingrg/all/function/internal_message.html?_=1662782909579&CODE_STATE=getMsg HTTP/1.1" 200 27
58.40.7.146 - - [10/Sep/2022:12:08:37 +0800] "GET /xingrg/all/function/internal_message.html?_=1662782913965&CODE_STATE=getMsg HTTP/1.1" 200 27
116.225.121.189 - - [10/Sep/2022:12:08:41 +0800] "GET /xingrg/all/function/internal_message.html?_=1662782919982&CODE_STATE=getMsg HTTP/1.1" 200 27
124.79.74.72 - - [10/Sep/2022:12:08:45 +0800] "GET /xingrg/all/function/internal_message.html?_=1662782920540&CODE_STATE=getMsg HTTP/1.1" 200 27
116.225.121.189 - - [10/Sep/2022:12:08:48 +0800] "GET /xingrg/all/function/internal_message.html?_=1662782787493&CODE_STATE=getMsg HTTP/1.1" 200 27
180.162.112.166 - - [10/Sep/2022:12:08:48 +0800] "GET /xingrg/all/function/internal_message.html?_=1662782059830&CODE_STATE=getMsg HTTP/1.1" 200 27
114.83.219.57 - - [10/Sep/2022:12:08:58 +0800] "GET /xingrg/all/function/internal_message.html?_=1662783016076&CODE_STATE=getMsg HTTP/1.1" 200 27
180.169.147.146 - - [10/Sep/2022:12:09:00 +0800] "GET /xingrg/all/function/internal_message.html?_=1662782949231&CODE_STATE=getMsg HTTP/1.1" 200 27
116.232.194.65 - - [10/Sep/2022:12:09:07 +0800] "GET /xingrg/check_reg.html?_=1662782893963 HTTP/1.1" 200 22
116.232.194.65 - - [10/Sep/2022:12:09:07 +0800] "GET /xingrg/all/function/internal_message.html?_=1662782893965&CODE_STATE=getMsg HTTP/1.1" 200 27
116.238.169.132 - - [10/Sep/2022:12:09:09 +0800] "GET /xingrg/all/function/internal_message.html?_=1662782954075&CODE_STATE=getMsg HTTP/1.1" 302 -
116.238.169.132 - - [10/Sep/2022:12:09:10 +0800] "GET /xingrg/all/function/internal_message.html?_=1662782946417&CODE_STATE=getMsg HTTP/1.1" 200 27
101.85.93.70 - - [10/Sep/2022:12:09:10 +0800] "GET /xingrg/all/function/internal_message.html?_=1662782946691&CODE_STATE=getMsg HTTP/1.1" 200 27
116.224.255.128 - - [10/Sep/2022:12:09:13 +0800] "GET /xingrg/all/function/internal_message.html?_=1662782891795&CODE_STATE=getMsg HTTP/1.1" 200 27
180.169.147.146 - - [10/Sep/2022:12:09:19 +0800] "GET /xingrg/all/function/internal_message.html?_=1662782954587&CODE_STATE=getMsg HTTP/1.1" 200 27
58.37.4.205 - - [10/Sep/2022:12:09:22 +0800] "GET /xingrg/all/function/internal_message.html?_=1662782960232&CODE_STATE=getMsg HTTP/1.1" 200 27
222.70.246.221 - - [10/Sep/2022:12:09:26 +0800] "GET /xingrg/all/function/internal_message.html?_=1662782984190&CODE_STATE=getMsg HTTP/1.1" 200 27
116.238.169.132 - - [10/Sep/2022:12:09:32 +0800] "GET /xingrg/all/function/internal_message.html?_=1662782972901&CODE_STATE=getMsg HTTP/1.1" 200 27
120.253.135.82 - - [10/Sep/2022:12:09:34 +0800] "GET /xingrg/all/function/internal_message.html?_=1662782770883&CODE_STATE=getMsg HTTP/1.1" 200 27
58.40.7.146 - - [10/Sep/2022:12:09:37 +0800] "POST /xingrg/all/user/operate.html HTTP/1.1" 200 36
114.84.5.35 - - [10/Sep/2022:12:09:37 +0800] "GET /xingrg/all/function/internal_message.html?_=1662782969580&CODE_STATE=getMsg HTTP/1.1" 200 27
58.40.7.146 - - [10/Sep/2022:12:09:37 +0800] "GET /xingrg/index.html?sysBaseUrl=http%3A%2F%2F180.169.147.146%3A18081%2Fxingrg%2F&costTime=40×tamp=1662782435461 HTTP/1.1" 200 17173
58.40.7.146 - - [10/Sep/2022:12:09:37 +0800] "GET /xingrg/javascript/jquery_easy_ui/themes/default/easyui.css HTTP/1.1" 304 -
58.40.7.146 - - [10/Sep/2022:12:09:37 +0800] "GET /xingrg/javascript/jquery_easy_ui/themes/icon.css HTTP/1.1" 304 -
58.40.7.146 - - [10/Sep/2022:12:09:37 +0800] "GET /xingrg/css/form.css HTTP/1.1" 304 -
58.40.7.146 - - [10/Sep/2022:12:09:37 +0800] "GET /xingrg/javascript/jquery-1.4.2.min.js HTTP/1.1" 304 -
58.40.7.146 - - [10/Sep/2022:12:09:37 +0800] "GET /xingrg/javascript/jquery_easy_ui/jquery.easyui.min.js HTTP/1.1" 304 -
58.40.7.146 - - [10/Sep/2022:12:09:37 +0800] "GET /xingrg/javascript/jquery_easy_ui/easyui-lang-zh_CN.js HTTP/1.1" 304 -
58.40.7.146 - - [10/Sep/2022:12:09:37 +0800] "GET /xingrg/javascript/jquery.form.js HTTP/1.1" 304 -
