222.70.246.221 - - [10/Sep/2022:08:46:08 +0800] "GET /xingrg/all/function/internal_message.html?_=1662770786309&CODE_STATE=getMsg HTTP/1.1" 200 27
116.238.169.132 - - [10/Sep/2022:08:46:09 +0800] "GET /xingrg/all/function/internal_message.html?_=1662770773894&CODE_STATE=getMsg HTTP/1.1" 200 27
116.232.194.65 - - [10/Sep/2022:08:46:09 +0800] "GET /xingrg/kc/buy/cgsh_order_operate.html?command=get_materiel&rest_code=00155&code=00101008168&supplier_code=00100005&order_time=2022-09-10 HTTP/1.1" 200 413
116.224.255.128 - - [10/Sep/2022:08:46:14 +0800] "GET /xingrg/kc/buy/cgsh_order_operate.html?command=get_materiel&rest_code=00151&code=00101006013&supplier_code=00100096&order_time=2022-09-10 HTTP/1.1" 200 411
116.232.194.65 - - [10/Sep/2022:08:46:17 +0800] "GET /xingrg/kc/buy/cgsh_order_operate.html?command=get_materiel&rest_code=00155&code=00101008150&supplier_code=00100005&order_time=2022-09-10 HTTP/1.1" 200 409
116.232.194.65 - - [10/Sep/2022:08:46:21 +0800] "GET /xingrg/all/function/internal_message.html?_=1662770727702&CODE_STATE=getMsg HTTP/1.1" 200 27
116.232.194.65 - - [10/Sep/2022:08:46:21 +0800] "GET /xingrg/check_reg.html?_=1662770727706 HTTP/1.1" 200 22
116.232.194.65 - - [10/Sep/2022:08:46:24 +0800] "GET /xingrg/kc/buy/cgsh_order_operate.html?command=get_materiel&rest_code=00155&code=00101008041&supplier_code=00100005&order_time=2022-09-10 HTTP/1.1" 200 408
116.232.194.65 - - [10/Sep/2022:08:46:26 +0800] "POST /xingrg/kc/buy/cgsh_order_operate.html HTTP/1.1" 200 2065
116.224.255.128 - - [10/Sep/2022:08:46:28 +0800] "GET /xingrg/kc/buy/cgsh_order_operate.html?command=get_materiel&rest_code=00151&code=00101007125&supplier_code=00100096&order_time=2022-09-10 HTTP/1.1" 200 408
116.238.169.132 - - [10/Sep/2022:08:46:33 +0800] "GET /xingrg/all/function/internal_message.html?_=1662770792725&CODE_STATE=getMsg HTTP/1.1" 200 27
116.232.194.65 - - [10/Sep/2022:08:46:33 +0800] "GET /xingrg/kc/buy/cgsh_order_operate.html?command=get_materiel&rest_code=00155&code=00101008229&supplier_code=00100005&order_time=2022-09-10 HTTP/1.1" 200 420
116.232.194.65 - - [10/Sep/2022:08:46:43 +0800] "GET /xingrg/kc/buy/cgsh_order_operate.html?command=get_materiel&rest_code=00155&code=00101008350&supplier_code=00100005&order_time=2022-09-10 HTTP/1.1" 200 408
116.224.255.128 - - [10/Sep/2022:08:46:43 +0800] "GET /xingrg/all/function/internal_message.html?_=1662770742746&CODE_STATE=getMsg HTTP/1.1" 200 27
120.253.135.82 - - [10/Sep/2022:08:46:49 +0800] "GET /xingrg/all/function/internal_message.html?_=1662770606487&CODE_STATE=getMsg HTTP/1.1" 200 27
124.79.74.72 - - [10/Sep/2022:08:46:49 +0800] "GET /xingrg/all/function/internal_message.html?_=1662770804697&CODE_STATE=getMsg HTTP/1.1" 200 27
116.232.194.65 - - [10/Sep/2022:08:46:50 +0800] "GET /xingrg/kc/buy/cgsh_order_operate.html?command=get_materiel&rest_code=00155&code=00101008036&supplier_code=00100005&order_time=2022-09-10 HTTP/1.1" 200 408
116.232.194.65 - - [10/Sep/2022:08:46:59 +0800] "GET /xingrg/kc/buy/cgsh_order_operate.html?command=get_materiel&rest_code=00155&code=00101008300&supplier_code=00100005&order_time=2022-09-10 HTTP/1.1" 200 412
116.224.255.128 - - [10/Sep/2022:08:47:05 +0800] "POST /xingrg/kc/buy/cgsh_order_operate.html HTTP/1.1" 200 37
222.70.246.221 - - [10/Sep/2022:08:47:08 +0800] "GET /xingrg/all/function/internal_message.html?_=1662770846321&CODE_STATE=getMsg HTTP/1.1" 200 27
116.238.169.132 - - [10/Sep/2022:08:47:09 +0800] "GET /xingrg/all/function/internal_message.html?_=1662770833893&CODE_STATE=getMsg HTTP/1.1" 200 27
116.238.169.132 - - [10/Sep/2022:08:47:09 +0800] "GET /xingrg/check_reg.html?_=1662770833894 HTTP/1.1" 200 22
116.224.255.128 - - [10/Sep/2022:08:47:10 +0800] "POST /xingrg/kc/buy/cgsh_order_operate.html HTTP/1.1" 200 12
116.232.194.65 - - [10/Sep/2022:08:47:10 +0800] "GET /xingrg/kc/buy/cgsh_order_operate.html?command=get_materiel&rest_code=00155&code=00101008209&supplier_code=00100005&order_time=2022-09-10 HTTP/1.1" 200 408
116.224.255.128 - - [10/Sep/2022:08:47:11 +0800] "GET /xingrg/kc/buy/cgsh_order_info.html?code=212022091003497 HTTP/1.1" 200 63131
116.224.255.128 - - [10/Sep/2022:08:47:11 +0800] "GET /xingrg/javascript/easyui/themes/default/validatebox.css HTTP/1.1" 404 1104
116.224.255.128 - - [10/Sep/2022:08:47:12 +0800] "POST /xingrg/kc/buy/cgsh_order_operate.html HTTP/1.1" 200 5380
116.232.194.65 - - [10/Sep/2022:08:47:13 +0800] "POST /xingrg/kc/buy/cgsh_order_operate.html HTTP/1.1" 200 2065
116.224.255.128 - - [10/Sep/2022:08:47:14 +0800] "GET /xingrg/kc/print/load_data.html?order_code=212022091003497&kc_code=cgsh&condition= HTTP/1.1" 200 2539
114.84.81.136 - - [10/Sep/2022:08:47:18 +0800] "GET /xingrg/check_reg.html?_=1662770832396 HTTP/1.1" 200 22
116.232.194.65 - - [10/Sep/2022:08:47:18 +0800] "GET /xingrg/kc/buy/cgsh_order_operate.html?command=get_materiel&rest_code=00155&code=00101008333&supplier_code=00100005&order_time=2022-09-10 HTTP/1.1" 200 412
116.224.255.128 - - [10/Sep/2022:08:47:20 +0800] "GET /xingrg/kc/buy/cgsh_order_add.html HTTP/1.1" 200 68234
116.224.255.128 - - [10/Sep/2022:08:47:20 +0800] "POST /xingrg/kc/buy/cgsh_order_operate.html HTTP/1.1" 200 8245
116.224.255.128 - - [10/Sep/2022:08:47:20 +0800] "GET /xingrg/javascript/easyui/themes/default/validatebox.css HTTP/1.1" 404 1104
116.232.194.65 - - [10/Sep/2022:08:47:21 +0800] "GET /xingrg/all/function/internal_message.html?_=1662770787697&CODE_STATE=getMsg HTTP/1.1" 200 27
116.224.255.128 - - [10/Sep/2022:08:47:31 +0800] "GET /xingrg/kc/buy/cgsh_order_operate.html?command=get_materiel&rest_code=00151&code=00101008323&supplier_code=00100008&order_time=2022-09-10 HTTP/1.1" 200 408
116.238.169.132 - - [10/Sep/2022:08:47:33 +0800] "GET /xingrg/all/function/internal_message.html?_=1662770852723&CODE_STATE=getMsg HTTP/1.1" 200 27
116.224.255.128 - - [10/Sep/2022:08:47:42 +0800] "GET /xingrg/kc/buy/cgsh_order_operate.html?command=get_materiel&rest_code=00151&code=00101008072&supplier_code=00100008&order_time=2022-09-10 HTTP/1.1" 200 408
116.224.255.128 - - [10/Sep/2022:08:47:43 +0800] "GET /xingrg/all/function/internal_message.html?_=1662770802748&CODE_STATE=getMsg HTTP/1.1" 200 27
124.79.74.72 - - [10/Sep/2022:08:47:49 +0800] "GET /xingrg/all/function/internal_message.html?_=1662770864667&CODE_STATE=getMsg HTTP/1.1" 200 27
120.253.135.82 - - [10/Sep/2022:08:47:49 +0800] "GET /xingrg/all/function/internal_message.html?_=1662770666727&CODE_STATE=getMsg HTTP/1.1" 200 27
116.224.255.128 - - [10/Sep/2022:08:47:51 +0800] "GET /xingrg/kc/buy/cgsh_order_operate.html?command=get_materiel&rest_code=00151&code=00101008080&supplier_code=00100008&order_time=2022-09-10 HTTP/1.1" 200 416
116.224.255.128 - - [10/Sep/2022:08:47:59 +0800] "GET /xingrg/kc/buy/cgsh_order_operate.html?command=get_materiel&rest_code=00151&code=00101008049&supplier_code=00100008&order_time=2022-09-10 HTTP/1.1" 200 408
116.224.255.128 - - [10/Sep/2022:08:48:07 +0800] "GET /xingrg/kc/buy/cgsh_order_operate.html?command=get_materiel&rest_code=00151&code=00101008351&supplier_code=00100008&order_time=2022-09-10 HTTP/1.1" 200 408
222.70.246.221 - - [10/Sep/2022:08:48:08 +0800] "GET /xingrg/all/function/internal_message.html?_=1662770906339&CODE_STATE=getMsg HTTP/1.1" 200 27
116.238.169.132 - - [10/Sep/2022:08:48:09 +0800] "GET /xingrg/all/function/internal_message.html?_=1662770893893&CODE_STATE=getMsg HTTP/1.1" 200 27
116.224.255.128 - - [10/Sep/2022:08:48:13 +0800] "GET /xingrg/kc/buy/cgsh_order_operate.html?command=get_materiel&rest_code=00151&code=00101008096&supplier_code=00100008&order_time=2022-09-10 HTTP/1.1" 200 412
222.70.246.221 - - [10/Sep/2022:08:48:17 +0800] "POST /xingrg/kc/buy/cgsh_list_operate.html HTTP/1.1" 200 562
222.70.246.221 - - [10/Sep/2022:08:48:20 +0800] "GET /xingrg/kc/buy/cgsh_order_info.html?code=212022091003496 HTTP/1.1" 200 68595
222.70.246.221 - - [10/Sep/2022:08:48:20 +0800] "GET /xingrg/javascript/convert.js HTTP/1.1" 304 -
222.70.246.221 - - [10/Sep/2022:08:48:20 +0800] "GET /xingrg/javascript/json2.js HTTP/1.1" 304 -
222.70.246.221 - - [10/Sep/2022:08:48:20 +0800] "GET /xingrg/javascript/jquery_tools/order_manager.js HTTP/1.1" 304 -
222.70.246.221 - - [10/Sep/2022:08:48:20 +0800] "GET /xingrg/javascript/print/kc_print.js HTTP/1.1" 304 -
222.70.246.221 - - [10/Sep/2022:08:48:20 +0800] "GET /xingrg/words/20220909160839_words.js HTTP/1.1" 304 -
222.70.246.221 - - [10/Sep/2022:08:48:20 +0800] "GET /xingrg/all/common/auto_word.html?type=employee&rest_code=00146 HTTP/1.1" 200 101
222.70.246.221 - - [10/Sep/2022:08:48:20 +0800] "GET /xingrg/all/common/auto_word.html?type=employee&rest_code=00146 HTTP/1.1" 200 101
222.70.246.221 - - [10/Sep/2022:08:48:20 +0800] "GET /xingrg/javascript/easyui/themes/default/validatebox.css HTTP/1.1" 404 1104
222.70.246.221 - - [10/Sep/2022:08:48:20 +0800] "GET /xingrg/javascript/easyui/plugins/jquery.validatebox.js HTTP/1.1" 304 -
222.70.246.221 - - [10/Sep/2022:08:48:20 +0800] "GET /xingrg/javascript/easyui/plugins/jquery.numberbox.js HTTP/1.1" 304 -
222.70.246.221 - - [10/Sep/2022:08:48:21 +0800] "POST /xingrg/kc/buy/cgsh_order_operate.html HTTP/1.1" 200 9777
116.224.255.128 - - [10/Sep/2022:08:48:21 +0800] "GET /xingrg/kc/buy/cgsh_order_operate.html?command=get_materiel&rest_code=00151&code=00101008358&supplier_code=00100008&order_time=2022-09-10 HTTP/1.1" 200 412
116.232.194.65 - - [10/Sep/2022:08:48:21 +0800] "GET /xingrg/all/function/internal_message.html?_=1662770847721&CODE_STATE=getMsg HTTP/1.1" 200 27
116.224.255.128 - - [10/Sep/2022:08:48:28 +0800] "GET /xingrg/kc/buy/cgsh_order_operate.html?command=get_materiel&rest_code=00151&code=00101008209&supplier_code=00100008&order_time=2022-09-10 HTTP/1.1" 200 409
222.70.246.221 - - [10/Sep/2022:08:48:30 +0800] "GET /xingrg/javascript/auto/indicator.gif HTTP/1.1" 404 1066
124.79.74.72 - - [10/Sep/2022:08:48:30 +0800] "GET /xingrg/check_reg.html?_=1662770905589 HTTP/1.1" 200 22
120.253.135.82 - - [10/Sep/2022:08:48:31 +0800] "GET /xingrg/check_reg.html?_=1662770708188 HTTP/1.1" 200 22
116.232.194.65 - - [10/Sep/2022:08:48:31 +0800] "GET /xingrg/kc/buy/cgsh_order_operate.html?command=get_materiel&rest_code=00155&code=00101008360&supplier_code=00100005&order_time=2022-09-10 HTTP/1.1" 200 431
116.238.169.132 - - [10/Sep/2022:08:48:33 +0800] "GET /xingrg/check_reg.html?_=1662770912722 HTTP/1.1" 200 22
116.238.169.132 - - [10/Sep/2022:08:48:33 +0800] "GET /xingrg/all/function/internal_message.html?_=1662770912726&CODE_STATE=getMsg HTTP/1.1" 200 27
222.70.246.221 - - [10/Sep/2022:08:48:34 +0800] "GET /xingrg/kc/buy/cgsh_order_operate.html?command=get_materiel&rest_code=00146&code=00101008290&supplier_code=00100005&order_time=2022-09-10 HTTP/1.1" 200 416
116.224.255.128 - - [10/Sep/2022:08:48:38 +0800] "GET /xingrg/kc/buy/cgsh_order_operate.html?command=get_materiel&rest_code=00151&code=00101008286&supplier_code=00100008&order_time=2022-09-10 HTTP/1.1" 200 408
116.224.255.128 - - [10/Sep/2022:08:48:43 +0800] "GET /xingrg/all/function/internal_message.html?_=1662770862763&CODE_STATE=getMsg HTTP/1.1" 200 27
124.79.74.72 - - [10/Sep/2022:08:48:49 +0800] "GET /xingrg/all/function/internal_message.html?_=1662770924654&CODE_STATE=getMsg HTTP/1.1" 200 27
120.253.135.82 - - [10/Sep/2022:08:48:50 +0800] "GET /xingrg/all/function/internal_message.html?_=1662770726732&CODE_STATE=getMsg HTTP/1.1" 200 27
116.224.255.128 - - [10/Sep/2022:08:48:51 +0800] "GET /xingrg/kc/buy/cgsh_order_operate.html?command=get_materiel&rest_code=00151&code=00101015006&supplier_code=00100008&order_time=2022-09-10 HTTP/1.1" 200 412
116.224.255.128 - - [10/Sep/2022:08:48:58 +0800] "GET /xingrg/kc/buy/cgsh_order_operate.html?command=get_materiel&rest_code=00151&code=00101015060&supplier_code=00100008&order_time=2022-09-10 HTTP/1.1" 200 412
222.70.246.221 - - [10/Sep/2022:08:48:58 +0800] "GET /xingrg/kc/buy/cgsh_order_operate.html?command=get_materiel&rest_code=00146&code=00101008370&supplier_code=00100005&order_time=2022-09-10 HTTP/1.1" 200 412
222.70.246.221 - - [10/Sep/2022:08:49:08 +0800] "GET /xingrg/all/function/internal_message.html?_=1662770966348&CODE_STATE=getMsg HTTP/1.1" 200 27
116.238.169.132 - - [10/Sep/2022:08:49:09 +0800] "GET /xingrg/all/function/internal_message.html?_=1662770953892&CODE_STATE=getMsg HTTP/1.1" 200 27
116.232.194.65 - - [10/Sep/2022:08:49:21 +0800] "GET /xingrg/all/function/internal_message.html?_=1662770907712&CODE_STATE=getMsg HTTP/1.1" 200 27
116.224.255.128 - - [10/Sep/2022:08:49:24 +0800] "GET /xingrg/kc/buy/cgsh_order_operate.html?command=get_materiel&rest_code=00151&code=00101008362&supplier_code=00100008&order_time=2022-09-10 HTTP/1.1" 200 408
222.70.246.221 - - [10/Sep/2022:08:49:26 +0800] "GET /xingrg/kc/buy/cgsh_order_operate.html?command=get_materiel&rest_code=00146&code=00101008361&supplier_code=00100005&order_time=2022-09-10 HTTP/1.1" 200 408
116.224.255.128 - - [10/Sep/2022:08:49:31 +0800] "GET /xingrg/kc/buy/cgsh_order_operate.html?command=get_materiel&rest_code=00151&code=00101008370&supplier_code=00100008&order_time=2022-09-10 HTTP/1.1" 200 412
116.238.169.132 - - [10/Sep/2022:08:49:33 +0800] "GET /xingrg/all/function/internal_message.html?_=1662770972717&CODE_STATE=getMsg HTTP/1.1" 200 27
116.232.194.65 - - [10/Sep/2022:08:49:38 +0800] "POST /xingrg/kc/buy/cgsh_order_operate.html HTTP/1.1" 200 37
116.232.194.65 - - [10/Sep/2022:08:49:39 +0800] "POST /xingrg/kc/buy/cgsh_order_operate.html HTTP/1.1" 200 38180
116.232.194.65 - - [10/Sep/2022:08:49:40 +0800] "GET /xingrg/kc/print/load_config.html?kc_code=cgsh HTTP/1.1" 200 1943
116.232.194.65 - - [10/Sep/2022:08:49:40 +0800] "GET /xingrg/kc/print/load_data.html?order_code=212022091003498&kc_code=cgsh&condition= HTTP/1.1" 200 14170
116.224.255.128 - - [10/Sep/2022:08:49:41 +0800] "GET /xingrg/kc/buy/cgsh_order_operate.html?command=get_materiel&rest_code=00151&code=00101008141&supplier_code=00100008&order_time=2022-09-10 HTTP/1.1" 200 412
116.224.255.128 - - [10/Sep/2022:08:49:43 +0800] "GET /xingrg/check_reg.html?_=1662770922686 HTTP/1.1" 200 22
116.224.255.128 - - [10/Sep/2022:08:49:43 +0800] "GET /xingrg/all/function/internal_message.html?_=1662770922776&CODE_STATE=getMsg HTTP/1.1" 200 27
116.232.194.65 - - [10/Sep/2022:08:49:45 +0800] "GET /xingrg/kc/print/load_data.html?order_code=212022091003498&kc_code=cgsh HTTP/1.1" 200 14170
222.70.246.221 - - [10/Sep/2022:08:49:45 +0800] "GET /xingrg/kc/buy/cgsh_order_operate.html?command=get_materiel&rest_code=00146&code=00101008372&supplier_code=00100005&order_time=2022-09-10 HTTP/1.1" 200 408
124.79.74.72 - - [10/Sep/2022:08:49:49 +0800] "GET /xingrg/all/function/internal_message.html?_=1662770984624&CODE_STATE=getMsg HTTP/1.1" 200 27
120.253.135.82 - - [10/Sep/2022:08:49:50 +0800] "GET /xingrg/all/function/internal_message.html?_=1662770786856&CODE_STATE=getMsg HTTP/1.1" 200 27
116.224.255.128 - - [10/Sep/2022:08:49:51 +0800] "GET /xingrg/kc/buy/cgsh_order_operate.html?command=get_materiel&rest_code=00151&code=00101008361&supplier_code=00100008&order_time=2022-09-10 HTTP/1.1" 200 408
222.70.246.221 - - [10/Sep/2022:08:49:58 +0800] "GET /xingrg/kc/buy/cgsh_order_operate.html?command=get_materiel&rest_code=00146&code=00101008067&supplier_code=00100005&order_time=2022-09-10 HTTP/1.1" 200 416
222.70.246.221 - - [10/Sep/2022:08:50:05 +0800] "POST /xingrg/kc/buy/cgsh_order_operate.html HTTP/1.1" 200 2065
116.224.255.128 - - [10/Sep/2022:08:50:05 +0800] "GET /xingrg/kc/buy/cgsh_order_operate.html?command=get_materiel&rest_code=00151&code=00101008004&supplier_code=00100008&order_time=2022-09-10 HTTP/1.1" 200 416
222.70.246.221 - - [10/Sep/2022:08:50:08 +0800] "GET /xingrg/check_reg.html?_=1662771026300 HTTP/1.1" 200 22
222.70.246.221 - - [10/Sep/2022:08:50:08 +0800] "GET /xingrg/all/function/internal_message.html?_=1662771026362&CODE_STATE=getMsg HTTP/1.1" 200 27
116.238.169.132 - - [10/Sep/2022:08:50:09 +0800] "GET /xingrg/all/function/internal_message.html?_=1662771013894&CODE_STATE=getMsg HTTP/1.1" 200 27
116.232.194.65 - - [10/Sep/2022:08:50:11 +0800] "GET /xingrg/kc/buy/cgsh_order_add.html HTTP/1.1" 200 68630
116.232.194.65 - - [10/Sep/2022:08:50:12 +0800] "POST /xingrg/kc/buy/cgsh_order_operate.html HTTP/1.1" 200 8245
116.232.194.65 - - [10/Sep/2022:08:50:12 +0800] "GET /xingrg/javascript/easyui/themes/default/validatebox.css HTTP/1.1" 404 1104
222.70.246.221 - - [10/Sep/2022:08:50:14 +0800] "GET /xingrg/kc/buy/cgsh_order_operate.html?command=get_materiel&rest_code=00146&code=00101008264&supplier_code=00100005&order_time=2022-09-10 HTTP/1.1" 200 412
116.232.194.65 - - [10/Sep/2022:08:50:19 +0800] "GET /xingrg/kc/buy/cgsh_order_operate.html?command=get_materiel&rest_code=00155&code=00101007061&supplier_code=00100002&order_time=2022-09-10 HTTP/1.1" 200 409
116.232.194.65 - - [10/Sep/2022:08:50:21 +0800] "GET /xingrg/all/function/internal_message.html?_=1662770967714&CODE_STATE=getMsg HTTP/1.1" 200 27
116.224.255.128 - - [10/Sep/2022:08:50:21 +0800] "GET /xingrg/kc/buy/cgsh_order_operate.html?command=get_materiel&rest_code=00151&code=00101008372&supplier_code=00100008&order_time=2022-09-10 HTTP/1.1" 200 408
116.232.194.65 - - [10/Sep/2022:08:50:27 +0800] "GET /xingrg/kc/buy/cgsh_order_operate.html?command=get_materiel&rest_code=00155&code=00101007125&supplier_code=00100002&order_time=2022-09-10 HTTP/1.1" 200 406
222.70.246.221 - - [10/Sep/2022:08:50:29 +0800] "GET /xingrg/kc/buy/cgsh_order_operate.html?command=get_materiel&rest_code=00146&code=00101008356&supplier_code=00100005&order_time=2022-09-10 HTTP/1.1" 200 409
116.238.169.132 - - [10/Sep/2022:08:50:33 +0800] "GET /xingrg/all/function/internal_message.html?_=1662771032715&CODE_STATE=getMsg HTTP/1.1" 200 27
116.232.194.65 - - [10/Sep/2022:08:50:34 +0800] "GET /xingrg/kc/buy/cgsh_order_operate.html?command=get_materiel&rest_code=00155&code=00101007077&supplier_code=00100002&order_time=2022-09-10 HTTP/1.1" 200 415
116.232.194.65 - - [10/Sep/2022:08:50:43 +0800] "GET /xingrg/kc/buy/cgsh_order_operate.html?command=get_materiel&rest_code=00155&code=00101007073&supplier_code=00100002&order_time=2022-09-10 HTTP/1.1" 200 417
116.224.255.128 - - [10/Sep/2022:08:50:43 +0800] "GET /xingrg/all/function/internal_message.html?_=1662770982789&CODE_STATE=getMsg HTTP/1.1" 200 27
124.79.74.72 - - [10/Sep/2022:08:50:49 +0800] "GET /xingrg/all/function/internal_message.html?_=1662771044596&CODE_STATE=getMsg HTTP/1.1" 200 27
120.253.135.82 - - [10/Sep/2022:08:50:50 +0800] "GET /xingrg/all/function/internal_message.html?_=1662770847110&CODE_STATE=getMsg HTTP/1.1" 200 27
116.232.194.65 - - [10/Sep/2022:08:50:50 +0800] "GET /xingrg/kc/buy/cgsh_order_operate.html?command=get_materiel&rest_code=00155&code=00101007072&supplier_code=00100002&order_time=2022-09-10 HTTP/1.1" 200 413
222.70.246.221 - - [10/Sep/2022:08:50:51 +0800] "GET /xingrg/kc/buy/cgsh_order_operate.html?command=get_materiel&rest_code=00146&code=00101008300&supplier_code=00100005&order_time=2022-09-10 HTTP/1.1" 200 412
116.232.194.65 - - [10/Sep/2022:08:50:57 +0800] "POST /xingrg/kc/buy/cgsh_order_operate.html HTTP/1.1" 200 37
116.232.194.65 - - [10/Sep/2022:08:50:59 +0800] "POST /xingrg/kc/buy/cgsh_order_operate.html HTTP/1.1" 200 5025
116.232.194.65 - - [10/Sep/2022:08:50:59 +0800] "GET /xingrg/kc/print/load_data.html?order_code=212022091003499&kc_code=cgsh&condition= HTTP/1.1" 200 1661
116.232.194.65 - - [10/Sep/2022:08:51:03 +0800] "GET /xingrg/kc/print/load_data.html?order_code=212022091003499&kc_code=cgsh HTTP/1.1" 200 1661
116.238.169.132 - - [10/Sep/2022:08:51:04 +0800] "GET /xingrg/index.html HTTP/1.1" 302 -
116.238.169.132 - - [10/Sep/2022:08:51:04 +0800] "GET /xingrg/login.html HTTP/1.1" 200 7641
116.238.169.132 - - [10/Sep/2022:08:51:04 +0800] "GET /favicon.ico HTTP/1.1" 404 -
222.70.246.221 - - [10/Sep/2022:08:51:07 +0800] "GET /xingrg/kc/buy/cgsh_order_operate.html?command=get_materiel&rest_code=00146&code=00101008059&supplier_code=00100005&order_time=2022-09-10 HTTP/1.1" 200 408
116.224.255.128 - - [10/Sep/2022:08:51:08 +0800] "GET /xingrg/kc/buy/cgsh_order_operate.html?command=get_materiel&rest_code=00151&code=00101008356&supplier_code=00100008&order_time=2022-09-10 HTTP/1.1" 200 409
222.70.246.221 - - [10/Sep/2022:08:51:08 +0800] "GET /xingrg/all/function/internal_message.html?_=1662771086375&CODE_STATE=getMsg HTTP/1.1" 200 27
116.238.169.132 - - [10/Sep/2022:08:51:09 +0800] "GET /xingrg/all/function/internal_message.html?_=1662771073894&CODE_STATE=getMsg HTTP/1.1" 200 27
116.238.169.132 - - [10/Sep/2022:08:51:10 +0800] "POST /xingrg/login.do HTTP/1.1" 302 -
116.238.169.132 - - [10/Sep/2022:08:51:10 +0800] "GET /xingrg/index.html?sysBaseUrl=http%3A%2F%2F180.169.147.146%3A18081%2Fxingrg%2F&costTime=40×tamp=1662771070266 HTTP/1.1" 200 17173
116.238.169.132 - - [10/Sep/2022:08:51:10 +0800] "GET /favicon.ico HTTP/1.1" 404 -
116.238.169.132 - - [10/Sep/2022:08:51:10 +0800] "POST /xingrg/all/common/load_tree.html?tree=area_rest_tree_json&manage=1 HTTP/1.1" 200 342
116.238.169.132 - - [10/Sep/2022:08:51:10 +0800] "POST /xingrg/load_menu.html HTTP/1.1" 200 5138
116.238.169.132 - - [10/Sep/2022:08:51:10 +0800] "GET /xingrg/all/function/internal_message.html?_=1662771066973&CODE_STATE=count HTTP/1.1" 200 11
116.238.169.132 - - [10/Sep/2022:08:51:10 +0800] "GET /xingrg/check_reg.html?_=1662771066973 HTTP/1.1" 200 22
116.232.194.65 - - [10/Sep/2022:08:51:12 +0800] "GET /xingrg/kc/buy/cgsh_order_add.html HTTP/1.1" 200 68630
116.232.194.65 - - [10/Sep/2022:08:51:12 +0800] "POST /xingrg/kc/buy/cgsh_order_operate.html HTTP/1.1" 200 8245
116.232.194.65 - - [10/Sep/2022:08:51:12 +0800] "GET /xingrg/javascript/easyui/themes/default/validatebox.css HTTP/1.1" 404 1104
116.238.169.132 - - [10/Sep/2022:08:51:13 +0800] "GET /xingrg/kc/buy/cgsh_order_list.html HTTP/1.1" 200 52842
116.238.169.132 - - [10/Sep/2022:08:51:14 +0800] "POST /xingrg/kc/buy/cgsh_list_operate.html HTTP/1.1" 200 752
116.238.169.132 - - [10/Sep/2022:08:51:15 +0800] "GET /xingrg/kc/buy/cgsh_order_add.html HTTP/1.1" 200 68659
116.238.169.132 - - [10/Sep/2022:08:51:15 +0800] "GET /xingrg/words/20220909160839_words.js HTTP/1.1" 200 919966
116.238.169.132 - - [10/Sep/2022:08:51:15 +0800] "POST /xingrg/kc/buy/cgsh_order_operate.html HTTP/1.1" 200 8245
116.238.169.132 - - [10/Sep/2022:08:51:15 +0800] "GET /xingrg/all/common/auto_word.html?type=employee&rest_code=00102 HTTP/1.1" 200 189
116.238.169.132 - - [10/Sep/2022:08:51:15 +0800] "GET /xingrg/all/common/auto_word.html?type=employee&rest_code=00102 HTTP/1.1" 200 189
116.238.169.132 - - [10/Sep/2022:08:51:15 +0800] "GET /xingrg/javascript/easyui/themes/default/validatebox.css HTTP/1.1" 404 1104
116.224.255.128 - - [10/Sep/2022:08:51:16 +0800] "GET /xingrg/kc/buy/cgsh_order_operate.html?command=get_materiel&rest_code=00151&code=00101008301&supplier_code=00100008&order_time=2022-09-10 HTTP/1.1" 200 422
116.238.169.132 - - [10/Sep/2022:08:51:16 +0800] "GET /xingrg/javascript/auto/indicator.gif HTTP/1.1" 404 1066
116.232.194.65 - - [10/Sep/2022:08:51:20 +0800] "GET /xingrg/kc/buy/cgsh_order_operate.html?command=get_materiel&rest_code=00155&code=00101006062&supplier_code=00100012&order_time=2022-09-10 HTTP/1.1" 200 409
116.232.194.65 - - [10/Sep/2022:08:51:21 +0800] "GET /xingrg/check_reg.html?_=1662771027699 HTTP/1.1" 200 22
116.232.194.65 - - [10/Sep/2022:08:51:21 +0800] "GET /xingrg/all/function/internal_message.html?_=1662771027702&CODE_STATE=getMsg HTTP/1.1" 200 27
116.224.255.128 - - [10/Sep/2022:08:51:22 +0800] "POST /xingrg/kc/buy/cgsh_order_operate.html HTTP/1.1" 200 37
116.224.255.128 - - [10/Sep/2022:08:51:24 +0800] "POST /xingrg/kc/buy/cgsh_order_operate.html HTTP/1.1" 200 14019
222.70.246.221 - - [10/Sep/2022:08:51:26 +0800] "GET /xingrg/kc/buy/cgsh_order_operate.html?command=get_materiel&rest_code=00146&code=00101008357&supplier_code=00100005&order_time=2022-09-10 HTTP/1.1" 200 408
116.232.194.65 - - [10/Sep/2022:08:51:28 +0800] "GET /xingrg/kc/buy/cgsh_order_operate.html?command=get_materiel&rest_code=00155&code=00101006055&supplier_code=00100012&order_time=2022-09-10 HTTP/1.1" 200 409
116.238.169.132 - - [10/Sep/2022:08:51:32 +0800] "GET /xingrg/all/function/internal_message.html?_=1662771092712&CODE_STATE=getMsg HTTP/1.1" 200 27
222.70.246.221 - - [10/Sep/2022:08:51:33 +0800] "POST /xingrg/kc/buy/cgsh_order_operate.html HTTP/1.1" 200 2065
116.232.194.65 - - [10/Sep/2022:08:51:34 +0800] "GET /xingrg/kc/buy/cgsh_order_operate.html?command=get_materiel&rest_code=00155&code=00101006124&supplier_code=00100012&order_time=2022-09-10 HTTP/1.1" 200 411
58.35.213.73 - - [10/Sep/2022:08:51:37 +0800] "POST /xingrg/services/DataTransmitService HTTP/1.1" 200 524
222.70.246.221 - - [10/Sep/2022:08:51:42 +0800] "GET /xingrg/kc/buy/cgsh_order_operate.html?command=get_materiel&rest_code=00146&code=00101008036&supplier_code=00100005&order_time=2022-09-10 HTTP/1.1" 200 408
116.224.255.128 - - [10/Sep/2022:08:51:43 +0800] "GET /xingrg/all/function/internal_message.html?_=1662771042803&CODE_STATE=getMsg HTTP/1.1" 200 27
116.224.255.128 - - [10/Sep/2022:08:51:48 +0800] "GET /xingrg/kc/buy/cgsh_order_operate.html?command=get_materiel&rest_code=00151&code=00101008137&supplier_code=00100008&order_time=2022-09-10 HTTP/1.1" 200 408
124.79.74.72 - - [10/Sep/2022:08:51:49 +0800] "GET /xingrg/all/function/internal_message.html?_=1662771104582&CODE_STATE=getMsg HTTP/1.1" 200 27
120.253.135.82 - - [10/Sep/2022:08:51:50 +0800] "GET /xingrg/all/function/internal_message.html?_=1662770907117&CODE_STATE=getMsg HTTP/1.1" 200 27
222.70.246.221 - - [10/Sep/2022:08:51:57 +0800] "GET /xingrg/kc/buy/cgsh_order_operate.html?command=get_materiel&rest_code=00146&code=00101008286&supplier_code=00100005&order_time=2022-09-10 HTTP/1.1" 200 408
116.224.255.128 - - [10/Sep/2022:08:51:58 +0800] "GET /xingrg/kc/buy/cgsh_order_operate.html?command=get_materiel&rest_code=00151&code=00101008270&supplier_code=00100008&order_time=2022-09-10 HTTP/1.1" 200 412
116.224.255.128 - - [10/Sep/2022:08:52:06 +0800] "GET /xingrg/kc/buy/cgsh_order_operate.html?command=get_materiel&rest_code=00151&code=00101008077&supplier_code=00100008&order_time=2022-09-10 HTTP/1.1" 200 416
222.70.246.221 - - [10/Sep/2022:08:52:08 +0800] "GET /xingrg/all/function/internal_message.html?_=1662771146389&CODE_STATE=getMsg HTTP/1.1" 200 27
116.232.194.65 - - [10/Sep/2022:08:52:08 +0800] "GET /xingrg/kc/buy/cgsh_order_operate.html?command=get_materiel&rest_code=00155&code=00101006109&supplier_code=00100012&order_time=2022-09-10 HTTP/1.1" 200 409
116.238.169.132 - - [10/Sep/2022:08:52:09 +0800] "GET /xingrg/all/function/internal_message.html?_=1662771133896&CODE_STATE=getMsg HTTP/1.1" 200 27
116.238.169.132 - - [10/Sep/2022:08:52:09 +0800] "GET /xingrg/check_reg.html?_=1662771133897 HTTP/1.1" 200 22
116.238.169.132 - - [10/Sep/2022:08:52:10 +0800] "GET /xingrg/all/function/internal_message.html?_=1662771126988&CODE_STATE=getMsg HTTP/1.1" 200 27
116.224.255.128 - - [10/Sep/2022:08:52:16 +0800] "GET /xingrg/kc/buy/cgsh_order_operate.html?command=get_materiel&rest_code=00151&code=00101008357&supplier_code=00100008&order_time=2022-09-10 HTTP/1.1" 200 408
222.70.246.221 - - [10/Sep/2022:08:52:16 +0800] "GET /xingrg/kc/buy/cgsh_order_operate.html?command=get_materiel&rest_code=00146&code=00101008131&supplier_code=00100005&order_time=2022-09-10 HTTP/1.1" 200 408
114.84.81.136 - - [10/Sep/2022:08:52:18 +0800] "GET /xingrg/check_reg.html?_=1662771132373 HTTP/1.1" 200 22
116.232.194.65 - - [10/Sep/2022:08:52:21 +0800] "GET /xingrg/kc/buy/cgsh_order_operate.html?command=get_materiel&rest_code=00155&code=00101006130&supplier_code=00100012&order_time=2022-09-10 HTTP/1.1" 200 427
116.232.194.65 - - [10/Sep/2022:08:52:21 +0800] "GET /xingrg/all/function/internal_message.html?_=1662771087735&CODE_STATE=getMsg HTTP/1.1" 200 27
116.224.255.128 - - [10/Sep/2022:08:52:24 +0800] "POST /xingrg/kc/buy/cgsh_order_operate.html HTTP/1.1" 200 37
116.224.255.128 - - [10/Sep/2022:08:52:26 +0800] "POST /xingrg/kc/buy/cgsh_order_operate.html HTTP/1.1" 200 17018
222.70.246.221 - - [10/Sep/2022:08:52:29 +0800] "POST /xingrg/kc/buy/cgsh_order_operate.html HTTP/1.1" 200 37
222.70.246.221 - - [10/Sep/2022:08:52:30 +0800] "POST /xingrg/kc/buy/cgsh_order_operate.html HTTP/1.1" 200 16860
116.238.169.132 - - [10/Sep/2022:08:52:33 +0800] "GET /xingrg/all/function/internal_message.html?_=1662771152726&CODE_STATE=getMsg HTTP/1.1" 200 27
116.232.194.65 - - [10/Sep/2022:08:52:34 +0800] "GET /xingrg/kc/buy/cgsh_order_operate.html?command=get_materiel&rest_code=00155&code=00101006056&supplier_code=00100012&order_time=2022-09-10 HTTP/1.1" 200 413
222.70.246.221 - - [10/Sep/2022:08:52:42 +0800] "GET /xingrg/kc/buy/cgsh_order_operate.html?command=get_materiel&rest_code=00146&code=00101008296&supplier_code=00100005&order_time=2022-09-10 HTTP/1.1" 200 416
116.235.94.249 - - [10/Sep/2022:08:52:43 +0800] "POST /xingrg/services/DataTransmitService HTTP/1.1" 200 524
116.224.255.128 - - [10/Sep/2022:08:52:43 +0800] "GET /xingrg/kc/buy/cgsh_order_operate.html?command=get_materiel&rest_code=00151&code=00101008131&supplier_code=00100008&order_time=2022-09-10 HTTP/1.1" 200 408
116.224.255.128 - - [10/Sep/2022:08:52:43 +0800] "GET /xingrg/all/function/internal_message.html?_=1662771102817&CODE_STATE=getMsg HTTP/1.1" 200 27
116.232.194.65 - - [10/Sep/2022:08:52:47 +0800] "GET /xingrg/kc/buy/cgsh_order_operate.html?command=get_materiel&rest_code=00155&code=00101006299&supplier_code=00100012&order_time=2022-09-10 HTTP/1.1" 200 418
124.79.74.72 - - [10/Sep/2022:08:52:49 +0800] "GET /xingrg/all/function/internal_message.html?_=1662771164553&CODE_STATE=getMsg HTTP/1.1" 200 27
120.253.135.82 - - [10/Sep/2022:08:52:50 +0800] "GET /xingrg/all/function/internal_message.html?_=1662770967347&CODE_STATE=getMsg HTTP/1.1" 200 27
116.224.255.128 - - [10/Sep/2022:08:52:52 +0800] "GET /xingrg/kc/buy/cgsh_order_operate.html?command=get_materiel&rest_code=00151&code=00101008318&supplier_code=00100008&order_time=2022-09-10 HTTP/1.1" 200 408
116.232.194.65 - - [10/Sep/2022:08:52:56 +0800] "POST /xingrg/kc/buy/cgsh_order_operate.html HTTP/1.1" 200 37
116.232.194.65 - - [10/Sep/2022:08:52:57 +0800] "POST /xingrg/kc/buy/cgsh_order_operate.html HTTP/1.1" 200 6819
222.70.246.221 - - [10/Sep/2022:08:52:57 +0800] "GET /xingrg/kc/buy/cgsh_order_operate.html?command=get_materiel&rest_code=00146&code=00101008353&supplier_code=00100005&order_time=2022-09-10 HTTP/1.1" 200 408
116.232.194.65 - - [10/Sep/2022:08:52:57 +0800] "GET /xingrg/kc/print/load_data.html?order_code=212022091003501&kc_code=cgsh&condition= HTTP/1.1" 200 2369
116.232.194.65 - - [10/Sep/2022:08:53:00 +0800] "GET /xingrg/kc/print/load_data.html?order_code=212022091003501&kc_code=cgsh HTTP/1.1" 200 2369
116.224.255.128 - - [10/Sep/2022:08:53:02 +0800] "GET /xingrg/kc/buy/cgsh_order_operate.html?command=get_materiel&rest_code=00151&code=00101008352&supplier_code=00100008&order_time=2022-09-10 HTTP/1.1" 200 412
116.232.194.65 - - [10/Sep/2022:08:53:08 +0800] "GET /xingrg/kc/buy/cgsh_order_add.html HTTP/1.1" 200 68630
222.70.246.221 - - [10/Sep/2022:08:53:08 +0800] "GET /xingrg/all/function/internal_message.html?_=1662771206404&CODE_STATE=getMsg HTTP/1.1" 200 27
116.232.194.65 - - [10/Sep/2022:08:53:08 +0800] "POST /xingrg/kc/buy/cgsh_order_operate.html HTTP/1.1" 200 8245
116.232.194.65 - - [10/Sep/2022:08:53:08 +0800] "GET /xingrg/javascript/easyui/themes/default/validatebox.css HTTP/1.1" 404 1104
116.238.169.132 - - [10/Sep/2022:08:53:09 +0800] "GET /xingrg/all/function/internal_message.html?_=1662771193896&CODE_STATE=getMsg HTTP/1.1" 200 27
116.238.169.132 - - [10/Sep/2022:08:53:10 +0800] "GET /xingrg/all/function/internal_message.html?_=1662771186990&CODE_STATE=getMsg HTTP/1.1" 200 27
116.224.255.128 - - [10/Sep/2022:08:53:11 +0800] "GET /xingrg/kc/buy/cgsh_order_operate.html?command=get_materiel&rest_code=00151&code=00101008353&supplier_code=00100008&order_time=2022-09-10 HTTP/1.1" 200 408
222.70.246.221 - - [10/Sep/2022:08:53:12 +0800] "GET /xingrg/kc/buy/cgsh_order_operate.html?command=get_materiel&rest_code=00146&code=00101008213&supplier_code=00100005&order_time=2022-09-10 HTTP/1.1" 200 412
116.232.194.65 - - [10/Sep/2022:08:53:15 +0800] "GET /xingrg/kc/buy/cgsh_order_operate.html?command=get_materiel&rest_code=00155&code=00101002027&supplier_code=00100199&order_time=2022-09-10 HTTP/1.1" 200 432
116.224.255.128 - - [10/Sep/2022:08:53:19 +0800] "POST /xingrg/kc/buy/cgsh_order_operate.html HTTP/1.1" 200 37
116.224.255.128 - - [10/Sep/2022:08:53:21 +0800] "POST /xingrg/kc/buy/cgsh_order_operate.html HTTP/1.1" 200 20002
116.232.194.65 - - [10/Sep/2022:08:53:21 +0800] "GET /xingrg/all/function/internal_message.html?_=1662771147707&CODE_STATE=getMsg HTTP/1.1" 200 27
116.232.194.65 - - [10/Sep/2022:08:53:30 +0800] "GET /xingrg/kc/buy/cgsh_order_operate.html?command=get_materiel&rest_code=00155&code=00101002006&supplier_code=00100199&order_time=2022-09-10 HTTP/1.1" 200 412
124.79.74.72 - - [10/Sep/2022:08:53:30 +0800] "GET /xingrg/check_reg.html?_=1662771205571 HTTP/1.1" 200 22
222.70.246.221 - - [10/Sep/2022:08:53:30 +0800] "POST /xingrg/kc/buy/cgsh_order_operate.html HTTP/1.1" 200 37
120.253.135.82 - - [10/Sep/2022:08:53:31 +0800] "GET /xingrg/check_reg.html?_=1662771008189 HTTP/1.1" 200 22
116.224.255.128 - - [10/Sep/2022:08:53:32 +0800] "GET /xingrg/kc/buy/cgsh_order_operate.html?command=get_materiel&rest_code=00151&code=00101008095&supplier_code=00100008&order_time=2022-09-10 HTTP/1.1" 200 412
222.70.246.221 - - [10/Sep/2022:08:53:32 +0800] "POST /xingrg/kc/buy/cgsh_order_operate.html HTTP/1.1" 200 18634
116.238.169.132 - - [10/Sep/2022:08:53:33 +0800] "GET /xingrg/check_reg.html?_=1662771212723 HTTP/1.1" 200 22
116.238.169.132 - - [10/Sep/2022:08:53:33 +0800] "GET /xingrg/all/function/internal_message.html?_=1662771212727&CODE_STATE=getMsg HTTP/1.1" 200 27
116.232.194.65 - - [10/Sep/2022:08:53:39 +0800] "GET /xingrg/kc/buy/cgsh_order_operate.html?command=get_materiel&rest_code=00155&code=00101004038&supplier_code=00100199&order_time=2022-09-10 HTTP/1.1" 200 429
116.224.255.128 - - [10/Sep/2022:08:53:42 +0800] "GET /xingrg/kc/buy/cgsh_order_operate.html?command=get_materiel&rest_code=00151&code=00101008371&supplier_code=00100008&order_time=2022-09-10 HTTP/1.1" 200 412
116.224.255.128 - - [10/Sep/2022:08:53:43 +0800] "GET /xingrg/all/function/internal_message.html?_=1662771162857&CODE_STATE=getMsg HTTP/1.1" 200 27
116.232.194.65 - - [10/Sep/2022:08:53:45 +0800] "GET /xingrg/kc/buy/cgsh_order_operate.html?command=get_materiel&rest_code=00155&code=00101001125&supplier_code=00100199&order_time=2022-09-10 HTTP/1.1" 200 417
114.84.5.35 - - [10/Sep/2022:08:53:48 +0800] "POST /xingrg/services/DataTransmitService HTTP/1.1" 200 524
124.79.74.72 - - [10/Sep/2022:08:53:49 +0800] "GET /xingrg/all/function/internal_message.html?_=1662771224527&CODE_STATE=getMsg HTTP/1.1" 200 27
116.224.255.128 - - [10/Sep/2022:08:53:49 +0800] "GET /xingrg/kc/buy/cgsh_order_operate.html?command=get_materiel&rest_code=00151&code=00101008375&supplier_code=00100008&order_time=2022-09-10 HTTP/1.1" 200 435
120.253.135.82 - - [10/Sep/2022:08:53:50 +0800] "GET /xingrg/all/function/internal_message.html?_=1662771027364&CODE_STATE=getMsg HTTP/1.1" 200 27
116.232.194.65 - - [10/Sep/2022:08:53:55 +0800] "GET /xingrg/kc/buy/cgsh_order_operate.html?command=get_materiel&rest_code=00155&code=00101001140&supplier_code=00100199&order_time=2022-09-10 HTTP/1.1" 200 415
116.224.255.128 - - [10/Sep/2022:08:53:56 +0800] "GET /xingrg/kc/buy/cgsh_order_operate.html?command=get_materiel&rest_code=00151&code=00101008102&supplier_code=00100008&order_time=2022-09-10 HTTP/1.1" 200 412
116.224.255.128 - - [10/Sep/2022:08:54:08 +0800] "POST /xingrg/kc/buy/cgsh_order_operate.html HTTP/1.1" 200 37
222.70.246.221 - - [10/Sep/2022:08:54:08 +0800] "GET /xingrg/kc/buy/cgsh_order_operate.html?command=get_materiel&rest_code=00146&code=00101008180&supplier_code=00100005&order_time=2022-09-10 HTTP/1.1" 200 23
116.238.169.132 - - [10/Sep/2022:08:54:09 +0800] "GET /xingrg/all/function/internal_message.html?_=1662771253896&CODE_STATE=getMsg HTTP/1.1" 200 27
116.238.169.132 - - [10/Sep/2022:08:54:10 +0800] "GET /xingrg/all/function/internal_message.html?_=1662771246987&CODE_STATE=getMsg HTTP/1.1" 200 27
116.224.255.128 - - [10/Sep/2022:08:54:11 +0800] "POST /xingrg/kc/buy/cgsh_order_operate.html HTTP/1.1" 200 22405
116.232.194.65 - - [10/Sep/2022:08:54:21 +0800] "GET /xingrg/all/function/internal_message.html?_=1662771207702&CODE_STATE=getMsg HTTP/1.1" 200 27
116.232.194.65 - - [10/Sep/2022:08:54:23 +0800] "GET /xingrg/kc/buy/cgsh_order_operate.html?command=get_materiel&rest_code=00155&code=00101003035&supplier_code=00100199&order_time=2022-09-10 HTTP/1.1" 200 413
116.232.194.65 - - [10/Sep/2022:08:54:31 +0800] "GET /xingrg/kc/buy/cgsh_order_operate.html?command=get_materiel&rest_code=00155&code=00101005009&supplier_code=00100199&order_time=2022-09-10 HTTP/1.1" 200 417
116.238.169.132 - - [10/Sep/2022:08:54:33 +0800] "GET /xingrg/all/function/internal_message.html?_=1662771272721&CODE_STATE=getMsg HTTP/1.1" 200 27
116.224.255.128 - - [10/Sep/2022:08:54:43 +0800] "GET /xingrg/check_reg.html?_=1662771222687 HTTP/1.1" 200 22
116.224.255.128 - - [10/Sep/2022:08:54:43 +0800] "GET /xingrg/all/function/internal_message.html?_=1662771222859&CODE_STATE=getMsg HTTP/1.1" 200 27
124.79.74.72 - - [10/Sep/2022:08:54:49 +0800] "GET /xingrg/all/function/internal_message.html?_=1662771284511&CODE_STATE=getMsg HTTP/1.1" 200 27
120.253.135.82 - - [10/Sep/2022:08:54:50 +0800] "GET /xingrg/all/function/internal_message.html?_=1662771087376&CODE_STATE=getMsg HTTP/1.1" 200 27
116.232.194.65 - - [10/Sep/2022:08:54:53 +0800] "GET /xingrg/kc/buy/cgsh_order_operate.html?command=get_materiel&rest_code=00155&code=00101001075&supplier_code=00100199&order_time=2022-09-10 HTTP/1.1" 200 411
222.70.246.221 - - [10/Sep/2022:08:55:03 +0800] "GET /xingrg/login.html HTTP/1.1" 200 7641
222.70.246.221 - - [10/Sep/2022:08:55:03 +0800] "GET /favicon.ico HTTP/1.1" 404 -
58.37.4.205 - - [10/Sep/2022:08:55:04 +0800] "GET /xingrg/login.html HTTP/1.1" 200 7641
222.70.246.221 - - [10/Sep/2022:08:55:04 +0800] "POST /xingrg/login.do HTTP/1.1" 302 -
222.70.246.221 - - [10/Sep/2022:08:55:04 +0800] "GET /xingrg/index.html?sysBaseUrl=http%3A%2F%2F180.169.147.146%3A18081%2Fxingrg%2F&costTime=40×tamp=1662771304920 HTTP/1.1" 200 17179
222.70.246.221 - - [10/Sep/2022:08:55:04 +0800] "GET /favicon.ico HTTP/1.1" 404 -
222.70.246.221 - - [10/Sep/2022:08:55:04 +0800] "GET /xingrg/javascript/jquery_easy_ui/themes/default/easyui.css HTTP/1.1" 304 -
222.70.246.221 - - [10/Sep/2022:08:55:05 +0800] "GET /xingrg/javascript/jquery_easy_ui/easyui-lang-zh_CN.js HTTP/1.1" 304 -
222.70.246.221 - - [10/Sep/2022:08:55:05 +0800] "GET /xingrg/javascript/jquery.utils.js HTTP/1.1" 304 -
222.70.246.221 - - [10/Sep/2022:08:55:05 +0800] "GET /xingrg/javascript/jquery.timers.js HTTP/1.1" 304 -
222.70.246.221 - - [10/Sep/2022:08:55:05 +0800] "GET /xingrg/javascript/jquery-1.4.2.min.js HTTP/1.1" 304 -
222.70.246.221 - - [10/Sep/2022:08:55:05 +0800] "GET /xingrg/javascript/jquery_easy_ui/jquery.easyui.min.js HTTP/1.1" 304 -
222.70.246.221 - - [10/Sep/2022:08:55:05 +0800] "GET /xingrg/css/form.css HTTP/1.1" 304 -
222.70.246.221 - - [10/Sep/2022:08:55:05 +0800] "GET /xingrg/javascript/jquery_easy_ui/themes/icon.css HTTP/1.1" 304 -
222.70.246.221 - - [10/Sep/2022:08:55:05 +0800] "GET /xingrg/javascript/jquery.form.js HTTP/1.1" 304 -
222.70.246.221 - - [10/Sep/2022:08:55:05 +0800] "POST /xingrg/all/common/load_tree.html?tree=area_rest_tree_json&manage=1 HTTP/1.1" 200 479
222.70.246.221 - - [10/Sep/2022:08:55:05 +0800] "GET /xingrg/all/function/internal_message.html?_=1662771323008&CODE_STATE=count HTTP/1.1" 200 11
222.70.246.221 - - [10/Sep/2022:08:55:05 +0800] "GET /xingrg/check_reg.html?_=1662771323009 HTTP/1.1" 200 22
222.70.246.221 - - [10/Sep/2022:08:55:05 +0800] "POST /xingrg/load_menu.html HTTP/1.1" 200 5138
116.238.169.132 - - [10/Sep/2022:08:55:09 +0800] "GET /xingrg/all/function/internal_message.html?_=1662771313894&CODE_STATE=getMsg HTTP/1.1" 200 27
116.238.169.132 - - [10/Sep/2022:08:55:10 +0800] "GET /xingrg/all/function/internal_message.html?_=1662771306991&CODE_STATE=getMsg HTTP/1.1" 200 27
222.70.246.221 - - [10/Sep/2022:08:55:11 +0800] "GET /xingrg/css/new_ie.css HTTP/1.1" 404 1036
222.70.246.221 - - [10/Sep/2022:08:55:11 +0800] "GET /xingrg/css/blue.css HTTP/1.1" 304 -
222.70.246.221 - - [10/Sep/2022:08:55:11 +0800] "GET /xingrg/kc/buy/buy_main.html HTTP/1.1" 200 12412
222.70.246.221 - - [10/Sep/2022:08:55:11 +0800] "GET /xingrg/javascript/pic_change.js HTTP/1.1" 304 -
222.70.246.221 - - [10/Sep/2022:08:55:11 +0800] "GET /xingrg/javascript/jquery_ui/themes/humanity/humanity.css HTTP/1.1" 304 -
222.70.246.221 - - [10/Sep/2022:08:55:11 +0800] "GET /xingrg/javascript/ToolTips.js HTTP/1.1" 304 -
222.70.246.221 - - [10/Sep/2022:08:55:11 +0800] "GET /xingrg/javascript/myfunction.js HTTP/1.1" 304 -
222.70.246.221 - - [10/Sep/2022:08:55:11 +0800] "GET /xingrg/javascript/jquery_ui/jquery-ui.min.js HTTP/1.1" 304 -
222.70.246.221 - - [10/Sep/2022:08:55:11 +0800] "GET /xingrg/images/yd/bt.gif HTTP/1.1" 404 1040
222.70.246.221 - - [10/Sep/2022:08:55:12 +0800] "GET /xingrg/css/base.css HTTP/1.1" 304 -
222.70.246.221 - - [10/Sep/2022:08:55:12 +0800] "GET /xingrg/css/site.css HTTP/1.1" 304 -
222.70.246.221 - - [10/Sep/2022:08:55:12 +0800] "GET /xingrg/javascript/jquery_tools/datebox.css HTTP/1.1" 304 -
222.70.246.221 - - [10/Sep/2022:08:55:12 +0800] "GET /xingrg/javascript/easyui/themes/default/easyui.css HTTP/1.1" 304 -
222.70.246.221 - - [10/Sep/2022:08:55:12 +0800] "GET /xingrg/javascript/auto/jquery.autocomplete.css HTTP/1.1" 304 -
222.70.246.221 - - [10/Sep/2022:08:55:12 +0800] "GET /xingrg/javascript/jquery_tools/fix.css HTTP/1.1" 304 -
222.70.246.221 - - [10/Sep/2022:08:55:12 +0800] "GET /xingrg/javascript/easyui/themes/icon.css HTTP/1.1" 304 -
222.70.246.221 - - [10/Sep/2022:08:55:12 +0800] "GET /xingrg/javascript/jquery_tools/table.css HTTP/1.1" 304 -
222.70.246.221 - - [10/Sep/2022:08:55:12 +0800] "GET /xingrg/javascript/jquery_tools/jquery.tools.extend.js HTTP/1.1" 304 -
222.70.246.221 - - [10/Sep/2022:08:55:12 +0800] "GET /xingrg/javascript/jquery_tools/jquery.tools.hotkey.js HTTP/1.1" 304 -
222.70.246.221 - - [10/Sep/2022:08:55:12 +0800] "GET /xingrg/kc/buy/cgsh_order_list.html HTTP/1.1" 200 52848
222.70.246.221 - - [10/Sep/2022:08:55:12 +0800] "GET /xingrg/javascript/jquery_tools/list_manager.js HTTP/1.1" 304 -
222.70.246.221 - - [10/Sep/2022:08:55:12 +0800] "GET /xingrg/javascript/jquery_tools/jquery.tools.table.js HTTP/1.1" 304 -
222.70.246.221 - - [10/Sep/2022:08:55:12 +0800] "GET /xingrg/javascript/auto/jquery.autocomplete.js HTTP/1.1" 304 -
222.70.246.221 - - [10/Sep/2022:08:55:12 +0800] "GET /xingrg/javascript/jquery.cookie.js HTTP/1.1" 304 -
222.70.246.221 - - [10/Sep/2022:08:55:12 +0800] "GET /xingrg/javascript/easyui/easyloader.js HTTP/1.1" 304 -
222.70.246.221 - - [10/Sep/2022:08:55:12 +0800] "GET /xingrg/javascript/print/LodopFuncs.js HTTP/1.1" 304 -
222.70.246.221 - - [10/Sep/2022:08:55:12 +0800] "GET /xingrg/javascript/jquery_tools/jquery.tools.min.js HTTP/1.1" 304 -
222.70.246.221 - - [10/Sep/2022:08:55:13 +0800] "GET /xingrg/javascript/easyui/plugins/jquery.parser.js HTTP/1.1" 304 -
222.70.246.221 - - [10/Sep/2022:08:55:15 +0800] "POST /xingrg/kc/buy/cgsh_list_operate.html HTTP/1.1" 200 1535
222.70.246.221 - - [10/Sep/2022:08:55:18 +0800] "POST /xingrg/kc/buy/cgsh_list_operate.html HTTP/1.1" 200 562
222.70.246.221 - - [10/Sep/2022:08:55:20 +0800] "GET /xingrg/javascript/jquery_tools/order_manager.js HTTP/1.1" 304 -
222.70.246.221 - - [10/Sep/2022:08:55:20 +0800] "GET /xingrg/javascript/convert.js HTTP/1.1" 304 -
222.70.246.221 - - [10/Sep/2022:08:55:20 +0800] "GET /xingrg/javascript/json2.js HTTP/1.1" 304 -
222.70.246.221 - - [10/Sep/2022:08:55:20 +0800] "GET /xingrg/javascript/print/kc_print.js HTTP/1.1" 304 -
222.70.246.221 - - [10/Sep/2022:08:55:20 +0800] "GET /xingrg/kc/buy/cgsh_order_info.html?code=212022091003496 HTTP/1.1" 200 68595
222.70.246.221 - - [10/Sep/2022:08:55:20 +0800] "GET /xingrg/words/20220909160839_words.js HTTP/1.1" 304 -
222.70.246.221 - - [10/Sep/2022:08:55:21 +0800] "GET /xingrg/all/common/auto_word.html?type=employee&rest_code=00146 HTTP/1.1" 200 101
222.70.246.221 - - [10/Sep/2022:08:55:21 +0800] "GET /xingrg/all/common/auto_word.html?type=employee&rest_code=00146 HTTP/1.1" 200 101
222.70.246.221 - - [10/Sep/2022:08:55:21 +0800] "GET /xingrg/javascript/easyui/themes/default/validatebox.css HTTP/1.1" 404 1104
222.70.246.221 - - [10/Sep/2022:08:55:21 +0800] "GET /xingrg/javascript/easyui/plugins/jquery.validatebox.js HTTP/1.1" 304 -
222.70.246.221 - - [10/Sep/2022:08:55:21 +0800] "GET /xingrg/javascript/easyui/plugins/jquery.numberbox.js HTTP/1.1" 304 -
116.232.194.65 - - [10/Sep/2022:08:55:21 +0800] "GET /xingrg/all/function/internal_message.html?_=1662771267700&CODE_STATE=getMsg HTTP/1.1" 200 27
222.70.246.221 - - [10/Sep/2022:08:55:21 +0800] "POST /xingrg/kc/buy/cgsh_order_operate.html HTTP/1.1" 200 18634
222.70.246.221 - - [10/Sep/2022:08:55:27 +0800] "GET /xingrg/javascript/auto/indicator.gif HTTP/1.1" 404 1066
58.37.4.205 - - [10/Sep/2022:08:55:30 +0800] "GET /favicon.ico HTTP/1.1" 404 -
116.238.169.132 - - [10/Sep/2022:08:55:32 +0800] "GET /xingrg/all/function/internal_message.html?_=1662771332720&CODE_STATE=getMsg HTTP/1.1" 200 27
222.70.246.221 - - [10/Sep/2022:08:55:33 +0800] "GET /xingrg/kc/buy/cgsh_order_operate.html?command=get_materiel&rest_code=00146&code=00101008180&supplier_code=00100005&order_time=2022-09-10 HTTP/1.1" 200 413
116.224.255.128 - - [10/Sep/2022:08:55:44 +0800] "GET /xingrg/all/function/internal_message.html?_=1662771282873&CODE_STATE=getMsg HTTP/1.1" 200 27
58.37.4.205 - - [10/Sep/2022:08:55:44 +0800] "GET /xingrg/login.html HTTP/1.1" 200 7641
58.37.4.205 - - [10/Sep/2022:08:55:45 +0800] "GET /favicon.ico HTTP/1.1" 404 -
116.238.169.132 - - [10/Sep/2022:08:55:46 +0800] "GET /xingrg/kc/buy/cgsh_order_operate.html?command=get_materiel&rest_code=00102&code=00101016080&supplier_code=00100096&order_time=2022-09-10 HTTP/1.1" 200 408
58.37.4.205 - - [10/Sep/2022:08:55:47 +0800] "POST /xingrg/login.do HTTP/1.1" 302 -
58.37.4.205 - - [10/Sep/2022:08:55:48 +0800] "GET /xingrg/index.html?sysBaseUrl=http%3A%2F%2F180.169.147.146%3A18081%2Fxingrg%2F&costTime=39×tamp=1662771347969 HTTP/1.1" 200 17173
124.79.74.72 - - [10/Sep/2022:08:55:49 +0800] "GET /xingrg/all/function/internal_message.html?_=1662771344482&CODE_STATE=getMsg HTTP/1.1" 200 27
58.37.4.205 - - [10/Sep/2022:08:55:49 +0800] "GET /favicon.ico HTTP/1.1" 404 -
120.253.135.82 - - [10/Sep/2022:08:55:50 +0800] "GET /xingrg/all/function/internal_message.html?_=1662771147675&CODE_STATE=getMsg HTTP/1.1" 200 27
58.37.4.205 - - [10/Sep/2022:08:55:52 +0800] "POST /xingrg/all/common/load_tree.html?tree=area_rest_tree_json&manage=1 HTTP/1.1" 200 342
58.37.4.205 - - [10/Sep/2022:08:55:54 +0800] "GET /xingrg/check_reg.html?_=1662771352997 HTTP/1.1" 200 22
58.37.4.205 - - [10/Sep/2022:08:55:54 +0800] "GET /xingrg/all/function/internal_message.html?_=1662771352997&CODE_STATE=count HTTP/1.1" 200 11
58.37.4.205 - - [10/Sep/2022:08:55:55 +0800] "POST /xingrg/load_menu.html HTTP/1.1" 200 5138
222.70.246.221 - - [10/Sep/2022:08:55:58 +0800] "GET /xingrg/kc/buy/cgsh_order_operate.html?command=get_materiel&rest_code=00146&code=00101008125&supplier_code=00100005&order_time=2022-09-10 HTTP/1.1" 200 413
58.37.4.205 - - [10/Sep/2022:08:55:58 +0800] "GET /xingrg/kc/buy/buy_main.html HTTP/1.1" 200 12412
58.37.4.205 - - [10/Sep/2022:08:55:58 +0800] "GET /xingrg/css/new_ie.css HTTP/1.1" 404 1036
222.70.246.221 - - [10/Sep/2022:08:56:05 +0800] "GET /xingrg/all/function/internal_message.html?_=1662771383011&CODE_STATE=getMsg HTTP/1.1" 200 27
116.238.169.132 - - [10/Sep/2022:08:56:09 +0800] "GET /xingrg/all/function/internal_message.html?_=1662771373893&CODE_STATE=getMsg HTTP/1.1" 200 27
116.238.169.132 - - [10/Sep/2022:08:56:09 +0800] "GET /xingrg/kc/buy/cgsh_order_operate.html?command=get_materiel&rest_code=00102&code=00101012025&supplier_code=00100096&order_time=2022-09-10 HTTP/1.1" 200 412
116.238.169.132 - - [10/Sep/2022:08:56:10 +0800] "GET /xingrg/check_reg.html?_=1662771366994 HTTP/1.1" 200 22
116.238.169.132 - - [10/Sep/2022:08:56:10 +0800] "GET /xingrg/all/function/internal_message.html?_=1662771366997&CODE_STATE=getMsg HTTP/1.1" 200 27
58.37.4.205 - - [10/Sep/2022:08:56:12 +0800] "GET /xingrg/images/yd/bt.gif HTTP/1.1" 404 1040
58.37.4.205 - - [10/Sep/2022:08:56:12 +0800] "GET /xingrg/kc/buy/cgsh_order_list.html HTTP/1.1" 200 52842
58.37.4.205 - - [10/Sep/2022:08:56:16 +0800] "POST /xingrg/kc/buy/cgsh_list_operate.html HTTP/1.1" 200 752
58.37.4.205 - - [10/Sep/2022:08:56:18 +0800] "GET /xingrg/kc/buy/cgsh_order_add.html HTTP/1.1" 200 68624
58.37.4.205 - - [10/Sep/2022:08:56:18 +0800] "GET /xingrg/words/20220909160839_words.js HTTP/1.1" 304 -
58.37.4.205 - - [10/Sep/2022:08:56:18 +0800] "POST /xingrg/kc/buy/cgsh_order_operate.html HTTP/1.1" 200 8245
116.238.169.132 - - [10/Sep/2022:08:56:18 +0800] "GET /xingrg/kc/buy/cgsh_order_operate.html?command=get_materiel&rest_code=00102&code=00101012070&supplier_code=00100096&order_time=2022-09-10 HTTP/1.1" 200 412
58.37.4.205 - - [10/Sep/2022:08:56:18 +0800] "GET /xingrg/all/common/auto_word.html?type=employee&rest_code=00106 HTTP/1.1" 200 205
58.37.4.205 - - [10/Sep/2022:08:56:18 +0800] "GET /xingrg/all/common/auto_word.html?type=employee&rest_code=00106 HTTP/1.1" 200 205
58.37.4.205 - - [10/Sep/2022:08:56:19 +0800] "GET /xingrg/javascript/easyui/themes/default/validatebox.css HTTP/1.1" 404 1104
58.37.4.205 - - [10/Sep/2022:08:56:20 +0800] "GET /xingrg/javascript/easyui/themes/default/tree.css HTTP/1.1" 404 1090
58.37.4.205 - - [10/Sep/2022:08:56:20 +0800] "POST /xingrg/all/common/load_tree.html?tree=supplier_tree_json&isDelete=1 HTTP/1.1" 200 68331
116.232.194.65 - - [10/Sep/2022:08:56:21 +0800] "GET /xingrg/check_reg.html?_=1662771327712 HTTP/1.1" 200 22
