116.237.72.126 - - [09/Sep/2022:11:30:33 +0800] "GET /xingrg/kc/base/wldb_order_operate.html?command=get_materiel_price&rest_code=00106&base_code=0010397&code=00102002549&unit_code=00100276 HTTP/1.1" 200 35
120.253.135.82 - - [09/Sep/2022:11:30:33 +0800] "GET /xingrg/all/function/internal_message.html?_=1662693716833&CODE_STATE=getMsg HTTP/1.1" 200 27
116.225.121.189 - - [09/Sep/2022:11:30:34 +0800] "GET /xingrg/kc/base/wldb_order_info.html?code=422022090900739 HTTP/1.1" 200 30408
116.225.121.189 - - [09/Sep/2022:11:30:34 +0800] "GET /xingrg/javascript/easyui/themes/default/validatebox.css HTTP/1.1" 404 1104
116.225.121.189 - - [09/Sep/2022:11:30:34 +0800] "POST /xingrg/kc/base/wldb_order_operate.html HTTP/1.1" 200 2193
116.237.72.126 - - [09/Sep/2022:11:30:37 +0800] "GET /xingrg/kc/base/wldb_order_operate.html?command=get_materiel&rest_code=00106&base_code=0010397&code=00102001084 HTTP/1.1" 200 432
116.232.194.65 - - [09/Sep/2022:11:30:39 +0800] "GET /xingrg/all/function/internal_message.html?_=1662694187896&CODE_STATE=getMsg HTTP/1.1" 200 27
116.224.255.128 - - [09/Sep/2022:11:30:39 +0800] "GET /xingrg/all/function/internal_message.html?_=1662694234509&CODE_STATE=getMsg HTTP/1.1" 200 27
180.169.147.146 - - [09/Sep/2022:11:30:40 +0800] "GET /xingrg/all/function/internal_message.html?_=1662694230473&CODE_STATE=getMsg HTTP/1.1" 200 27
120.253.135.82 - - [09/Sep/2022:11:30:41 +0800] "GET /xingrg/kc/buy/cgsh_order_operate.html?command=get_materiel&rest_code=00101&code=00102006271&supplier_code=00100229&order_time=2022-09-09 HTTP/1.1" 200 418
116.225.121.189 - - [09/Sep/2022:11:30:49 +0800] "GET /xingrg/all/function/internal_message.html?_=1662694108746&CODE_STATE=getMsg HTTP/1.1" 200 27
116.238.169.132 - - [09/Sep/2022:11:30:49 +0800] "GET /xingrg/all/function/internal_message.html?_=1662694245018&CODE_STATE=getMsg HTTP/1.1" 200 27
116.237.72.126 - - [09/Sep/2022:11:30:49 +0800] "POST /xingrg/kc/base/wldb_order_operate.html HTTP/1.1" 200 37
116.237.72.126 - - [09/Sep/2022:11:30:50 +0800] "POST /xingrg/kc/base/wldb_order_operate.html HTTP/1.1" 200 3130
114.88.158.224 - - [09/Sep/2022:11:30:50 +0800] "GET /xingrg/all/function/internal_message.html?_=1662693902862&CODE_STATE=getMsg HTTP/1.1" 200 27
116.237.72.126 - - [09/Sep/2022:11:30:51 +0800] "GET /xingrg/kc/base/wldb_order_info.html?code=422022090900744 HTTP/1.1" 200 30414
116.237.72.126 - - [09/Sep/2022:11:30:52 +0800] "GET /xingrg/javascript/easyui/themes/default/validatebox.css HTTP/1.1" 404 1104
116.237.72.126 - - [09/Sep/2022:11:30:53 +0800] "POST /xingrg/kc/base/wldb_order_operate.html HTTP/1.1" 200 3130
116.232.194.65 - - [09/Sep/2022:11:30:58 +0800] "GET /xingrg/all/function/internal_message.html?_=1662694255205&CODE_STATE=getMsg HTTP/1.1" 200 27
116.232.194.65 - - [09/Sep/2022:11:30:58 +0800] "GET /xingrg/all/function/internal_message.html?_=1662694207264&CODE_STATE=getMsg HTTP/1.1" 200 27
116.225.121.189 - - [09/Sep/2022:11:30:58 +0800] "GET /xingrg/all/function/internal_message.html?_=1662694256965&CODE_STATE=getMsg HTTP/1.1" 200 27
180.169.147.146 - - [09/Sep/2022:11:31:01 +0800] "GET /xingrg/all/function/internal_message.html?_=1662694258445&CODE_STATE=getMsg HTTP/1.1" 200 27
58.39.35.118 - - [09/Sep/2022:11:31:02 +0800] "GET /xingrg/check_reg.html?_=1662694250075 HTTP/1.1" 200 22
58.39.35.118 - - [09/Sep/2022:11:31:02 +0800] "GET /xingrg/all/function/internal_message.html?_=1662694250078&CODE_STATE=getMsg HTTP/1.1" 200 27
120.253.135.82 - - [09/Sep/2022:11:31:04 +0800] "GET /xingrg/kc/buy/cgsh_order_operate.html?command=get_materiel&rest_code=00101&code=00102006108&supplier_code=00100229&order_time=2022-09-09 HTTP/1.1" 200 409
114.83.219.57 - - [09/Sep/2022:11:31:04 +0800] "GET /xingrg/all/function/internal_message.html?_=1662694342608&CODE_STATE=getMsg HTTP/1.1" 200 27
222.70.246.221 - - [09/Sep/2022:11:31:08 +0800] "GET /xingrg/all/function/internal_message.html?_=1662694283059&CODE_STATE=getMsg HTTP/1.1" 200 27
101.83.241.167 - - [09/Sep/2022:11:31:09 +0800] "GET /xingrg/all/function/internal_message.html?_=1662694263369&CODE_STATE=getMsg HTTP/1.1" 200 27
114.84.81.136 - - [09/Sep/2022:11:31:10 +0800] "GET /xingrg/all/function/internal_message.html?_=1662694270363&CODE_STATE=getMsg HTTP/1.1" 200 27
124.79.74.72 - - [09/Sep/2022:11:31:18 +0800] "GET /xingrg/all/function/internal_message.html?_=1662694273844&CODE_STATE=getMsg HTTP/1.1" 200 27
114.84.81.136 - - [09/Sep/2022:11:31:19 +0800] "GET /xingrg/all/function/internal_message.html?_=1662694274096&CODE_STATE=getMsg HTTP/1.1" 200 27
116.238.169.132 - - [09/Sep/2022:11:31:20 +0800] "GET /xingrg/all/function/internal_message.html?_=1662694277271&CODE_STATE=getMsg HTTP/1.1" 200 27
120.253.135.82 - - [09/Sep/2022:11:31:21 +0800] "POST /xingrg/kc/buy/cgsh_order_operate.html HTTP/1.1" 200 37
116.224.255.128 - - [09/Sep/2022:11:31:23 +0800] "GET /xingrg/all/function/internal_message.html?_=1662694223605&CODE_STATE=getMsg HTTP/1.1" 200 27
120.253.135.82 - - [09/Sep/2022:11:31:25 +0800] "POST /xingrg/kc/buy/cgsh_order_operate.html HTTP/1.1" 200 12
120.253.135.82 - - [09/Sep/2022:11:31:26 +0800] "GET /xingrg/kc/buy/cgsh_order_info.html?code=212022090903129 HTTP/1.1" 200 62641
120.253.135.82 - - [09/Sep/2022:11:31:26 +0800] "GET /xingrg/javascript/easyui/themes/default/validatebox.css HTTP/1.1" 404 1104
120.253.135.82 - - [09/Sep/2022:11:31:27 +0800] "POST /xingrg/kc/buy/cgsh_order_operate.html HTTP/1.1" 200 10288
114.84.5.35 - - [09/Sep/2022:11:31:28 +0800] "GET /xingrg/all/function/internal_message.html?_=1662694281823&CODE_STATE=getMsg HTTP/1.1" 200 27
120.253.135.82 - - [09/Sep/2022:11:31:29 +0800] "GET /xingrg/kc/print/load_data.html?order_code=212022090903129&kc_code=cgsh&condition= HTTP/1.1" 200 4486
116.237.72.126 - - [09/Sep/2022:11:31:30 +0800] "GET /xingrg/all/function/internal_message.html?_=1662694289653&CODE_STATE=getMsg HTTP/1.1" 200 27
180.162.112.166 - - [09/Sep/2022:11:31:33 +0800] "GET /xingrg/all/function/internal_message.html?_=1662693426646&CODE_STATE=getMsg HTTP/1.1" 200 27
120.253.135.82 - - [09/Sep/2022:11:31:33 +0800] "GET /xingrg/all/function/internal_message.html?_=1662693776837&CODE_STATE=getMsg HTTP/1.1" 200 27
120.253.135.82 - - [09/Sep/2022:11:31:34 +0800] "GET /xingrg/check_reg.html?_=1662693777164 HTTP/1.1" 200 22
180.163.29.103 - - [09/Sep/2022:11:31:37 +0800] "GET /xingrg/kc/buy/cgsh_order_operate.html?command=get_materiel&rest_code=00106&code=00101006184&supplier_code=00100015&order_time=2022-09-09 HTTP/1.1" 302 -
116.232.194.65 - - [09/Sep/2022:11:31:39 +0800] "GET /xingrg/all/function/internal_message.html?_=1662694247876&CODE_STATE=getMsg HTTP/1.1" 200 27
116.232.194.65 - - [09/Sep/2022:11:31:39 +0800] "GET /xingrg/check_reg.html?_=1662694248193 HTTP/1.1" 200 22
116.224.255.128 - - [09/Sep/2022:11:31:39 +0800] "GET /xingrg/all/function/internal_message.html?_=1662694294522&CODE_STATE=getMsg HTTP/1.1" 200 27
180.163.29.103 - - [09/Sep/2022:11:31:40 +0800] "GET /xingrg/login.html HTTP/1.1" 200 7641
180.169.147.146 - - [09/Sep/2022:11:31:40 +0800] "GET /xingrg/all/function/internal_message.html?_=1662694290483&CODE_STATE=getMsg HTTP/1.1" 200 27
180.169.147.146 - - [09/Sep/2022:11:31:40 +0800] "GET /xingrg/check_reg.html?_=1662694290686 HTTP/1.1" 200 22
116.237.72.126 - - [09/Sep/2022:11:31:44 +0800] "POST /xingrg/kc/base/wldb_order_operate.html HTTP/1.1" 200 37
116.237.72.126 - - [09/Sep/2022:11:31:45 +0800] "POST /xingrg/kc/base/wldb_order_operate.html HTTP/1.1" 200 3129
116.225.121.189 - - [09/Sep/2022:11:31:49 +0800] "GET /xingrg/all/function/internal_message.html?_=1662694168747&CODE_STATE=getMsg HTTP/1.1" 200 27
116.238.169.132 - - [09/Sep/2022:11:31:49 +0800] "GET /xingrg/all/function/internal_message.html?_=1662694305019&CODE_STATE=getMsg HTTP/1.1" 200 27
114.88.158.224 - - [09/Sep/2022:11:31:50 +0800] "GET /xingrg/all/function/internal_message.html?_=1662693962844&CODE_STATE=getMsg HTTP/1.1" 200 27
116.237.72.126 - - [09/Sep/2022:11:31:51 +0800] "GET /xingrg/kc/base/wldb_order_info.html?code=422022090900744 HTTP/1.1" 200 30413
116.237.72.126 - - [09/Sep/2022:11:31:52 +0800] "GET /xingrg/javascript/easyui/themes/default/validatebox.css HTTP/1.1" 404 1104
180.163.28.114 - - [09/Sep/2022:11:31:52 +0800] "GET /xingrg/all/function/internal_message.html?_=1662690495594&CODE_STATE=getMsg HTTP/1.1" 302 -
180.163.28.114 - - [09/Sep/2022:11:31:52 +0800] "GET /xingrg/login.html HTTP/1.1" 200 7641
116.237.72.126 - - [09/Sep/2022:11:31:52 +0800] "POST /xingrg/kc/base/wldb_order_operate.html HTTP/1.1" 200 3129
116.232.194.65 - - [09/Sep/2022:11:31:58 +0800] "GET /xingrg/all/function/internal_message.html?_=1662694315207&CODE_STATE=getMsg HTTP/1.1" 200 27
116.232.194.65 - - [09/Sep/2022:11:31:58 +0800] "GET /xingrg/all/function/internal_message.html?_=1662694267252&CODE_STATE=getMsg HTTP/1.1" 200 27
116.225.121.189 - - [09/Sep/2022:11:31:58 +0800] "GET /xingrg/all/function/internal_message.html?_=1662694316947&CODE_STATE=getMsg HTTP/1.1" 200 27
180.169.147.146 - - [09/Sep/2022:11:32:01 +0800] "GET /xingrg/all/function/internal_message.html?_=1662694318441&CODE_STATE=getMsg HTTP/1.1" 200 27
58.39.35.118 - - [09/Sep/2022:11:32:02 +0800] "GET /xingrg/all/function/internal_message.html?_=1662694310067&CODE_STATE=getMsg HTTP/1.1" 200 27
222.70.246.221 - - [09/Sep/2022:11:32:03 +0800] "GET /xingrg/check_reg.html?_=1662694337821 HTTP/1.1" 200 22
180.163.29.103 - - [09/Sep/2022:11:32:03 +0800] "GET /xingrg/all/function/internal_message.html?_=1662690315656&CODE_STATE=getMsg HTTP/1.1" 302 -
180.163.29.103 - - [09/Sep/2022:11:32:03 +0800] "GET /xingrg/login.html HTTP/1.1" 200 7641
222.70.246.221 - - [09/Sep/2022:11:32:04 +0800] "GET /xingrg/kc/base/wldb_order_operate.html?command=get_materiel&rest_code=00146&base_code=0010332&code=00101029022 HTTP/1.1" 200 474
114.83.219.57 - - [09/Sep/2022:11:32:04 +0800] "GET /xingrg/all/function/internal_message.html?_=1662694402602&CODE_STATE=getMsg HTTP/1.1" 200 27
222.70.246.221 - - [09/Sep/2022:11:32:08 +0800] "GET /xingrg/all/function/internal_message.html?_=1662694343072&CODE_STATE=getMsg HTTP/1.1" 200 27
101.83.241.167 - - [09/Sep/2022:11:32:09 +0800] "GET /xingrg/all/function/internal_message.html?_=1662694323339&CODE_STATE=getMsg HTTP/1.1" 200 27
114.84.81.136 - - [09/Sep/2022:11:32:10 +0800] "GET /xingrg/all/function/internal_message.html?_=1662694330348&CODE_STATE=getMsg HTTP/1.1" 200 27
114.84.81.136 - - [09/Sep/2022:11:32:10 +0800] "GET /xingrg/check_reg.html?_=1662694330350 HTTP/1.1" 200 22
124.79.74.72 - - [09/Sep/2022:11:32:18 +0800] "GET /xingrg/all/function/internal_message.html?_=1662694333818&CODE_STATE=getMsg HTTP/1.1" 200 27
114.84.81.136 - - [09/Sep/2022:11:32:19 +0800] "GET /xingrg/check_reg.html?_=1662694334096 HTTP/1.1" 200 22
114.84.81.136 - - [09/Sep/2022:11:32:19 +0800] "GET /xingrg/all/function/internal_message.html?_=1662694334098&CODE_STATE=getMsg HTTP/1.1" 200 27
116.238.169.132 - - [09/Sep/2022:11:32:20 +0800] "GET /xingrg/all/function/internal_message.html?_=1662694337258&CODE_STATE=getMsg HTTP/1.1" 200 27
116.224.255.128 - - [09/Sep/2022:11:32:23 +0800] "GET /xingrg/all/function/internal_message.html?_=1662694283759&CODE_STATE=getMsg HTTP/1.1" 200 27
116.237.72.126 - - [09/Sep/2022:11:32:25 +0800] "POST /xingrg/kc/base/wldb_list_operate.html HTTP/1.1" 200 5563
114.84.5.35 - - [09/Sep/2022:11:32:27 +0800] "GET /xingrg/check_reg.html?_=1662694341276 HTTP/1.1" 200 22
114.84.5.35 - - [09/Sep/2022:11:32:28 +0800] "GET /xingrg/all/function/internal_message.html?_=1662694341793&CODE_STATE=getMsg HTTP/1.1" 200 27
116.237.72.126 - - [09/Sep/2022:11:32:28 +0800] "POST /xingrg/kc/base/wldb_list_operate.html HTTP/1.1" 200 349
116.237.72.126 - - [09/Sep/2022:11:32:30 +0800] "GET /xingrg/all/function/internal_message.html?_=1662694349631&CODE_STATE=getMsg HTTP/1.1" 200 27
180.162.112.166 - - [09/Sep/2022:11:32:33 +0800] "GET /xingrg/all/function/internal_message.html?_=1662693486631&CODE_STATE=getMsg HTTP/1.1" 200 27
120.253.135.82 - - [09/Sep/2022:11:32:33 +0800] "GET /xingrg/all/function/internal_message.html?_=1662693836825&CODE_STATE=getMsg HTTP/1.1" 200 27
183.193.129.11 - - [09/Sep/2022:11:32:34 +0800] "GET /favicon.ico HTTP/1.1" 404 -
183.193.129.11 - - [09/Sep/2022:11:32:35 +0800] "GET /favicon.ico HTTP/1.1" 404 -
183.193.129.11 - - [09/Sep/2022:11:32:35 +0800] "GET /favicon.ico HTTP/1.1" 404 -
183.193.129.11 - - [09/Sep/2022:11:32:36 +0800] "GET /favicon.ico HTTP/1.1" 404 -
116.232.194.65 - - [09/Sep/2022:11:32:39 +0800] "GET /xingrg/all/function/internal_message.html?_=1662694307849&CODE_STATE=getMsg HTTP/1.1" 200 27
116.224.255.128 - - [09/Sep/2022:11:32:39 +0800] "GET /xingrg/all/function/internal_message.html?_=1662694354522&CODE_STATE=getMsg HTTP/1.1" 200 27
180.169.147.146 - - [09/Sep/2022:11:32:40 +0800] "GET /xingrg/all/function/internal_message.html?_=1662694350467&CODE_STATE=getMsg HTTP/1.1" 200 27
116.225.121.189 - - [09/Sep/2022:11:32:49 +0800] "GET /xingrg/all/function/internal_message.html?_=1662694228747&CODE_STATE=getMsg HTTP/1.1" 200 27
116.238.169.132 - - [09/Sep/2022:11:32:49 +0800] "GET /xingrg/check_reg.html?_=1662694365021 HTTP/1.1" 200 22
116.238.169.132 - - [09/Sep/2022:11:32:49 +0800] "GET /xingrg/all/function/internal_message.html?_=1662694365018&CODE_STATE=getMsg HTTP/1.1" 200 27
114.88.158.224 - - [09/Sep/2022:11:32:50 +0800] "GET /xingrg/check_reg.html?_=1662694022476 HTTP/1.1" 200 22
114.88.158.224 - - [09/Sep/2022:11:32:50 +0800] "GET /xingrg/all/function/internal_message.html?_=1662694022845&CODE_STATE=getMsg HTTP/1.1" 200 27
116.237.72.126 - - [09/Sep/2022:11:32:54 +0800] "GET /xingrg/check_reg.html?_=1662694373584 HTTP/1.1" 200 22
116.232.194.65 - - [09/Sep/2022:11:32:58 +0800] "GET /xingrg/all/function/internal_message.html?_=1662694375205&CODE_STATE=getMsg HTTP/1.1" 200 27
116.232.194.65 - - [09/Sep/2022:11:32:58 +0800] "GET /xingrg/all/function/internal_message.html?_=1662694327235&CODE_STATE=getMsg HTTP/1.1" 200 27
116.225.121.189 - - [09/Sep/2022:11:32:58 +0800] "GET /xingrg/all/function/internal_message.html?_=1662694376922&CODE_STATE=getMsg HTTP/1.1" 200 27
180.169.147.146 - - [09/Sep/2022:11:33:01 +0800] "GET /xingrg/all/function/internal_message.html?_=1662694378458&CODE_STATE=getMsg HTTP/1.1" 200 27
58.39.35.118 - - [09/Sep/2022:11:33:02 +0800] "GET /xingrg/all/function/internal_message.html?_=1662694370055&CODE_STATE=getMsg HTTP/1.1" 200 27
114.83.219.57 - - [09/Sep/2022:11:33:04 +0800] "GET /xingrg/all/function/internal_message.html?_=1662694462590&CODE_STATE=getMsg HTTP/1.1" 200 27
222.70.246.221 - - [09/Sep/2022:11:33:08 +0800] "GET /xingrg/all/function/internal_message.html?_=1662694403086&CODE_STATE=getMsg HTTP/1.1" 200 27
101.83.241.167 - - [09/Sep/2022:11:33:08 +0800] "GET /xingrg/all/function/internal_message.html?_=1662694383327&CODE_STATE=getMsg HTTP/1.1" 200 27
114.84.81.136 - - [09/Sep/2022:11:33:10 +0800] "GET /xingrg/all/function/internal_message.html?_=1662694390363&CODE_STATE=getMsg HTTP/1.1" 200 27
180.163.30.85 - - [09/Sep/2022:11:33:12 +0800] "GET /xingrg/all/function/internal_message.html?_=1662690795661&CODE_STATE=getMsg HTTP/1.1" 302 -
180.163.30.85 - - [09/Sep/2022:11:33:12 +0800] "GET /xingrg/login.html HTTP/1.1" 200 7641
116.232.194.65 - - [09/Sep/2022:11:33:13 +0800] "GET /xingrg/check_reg.html?_=1662694342395 HTTP/1.1" 200 22
124.79.74.72 - - [09/Sep/2022:11:33:18 +0800] "GET /xingrg/all/function/internal_message.html?_=1662694393793&CODE_STATE=getMsg HTTP/1.1" 200 27
114.84.81.136 - - [09/Sep/2022:11:33:19 +0800] "GET /xingrg/all/function/internal_message.html?_=1662694394083&CODE_STATE=getMsg HTTP/1.1" 200 27
116.238.169.132 - - [09/Sep/2022:11:33:20 +0800] "GET /xingrg/all/function/internal_message.html?_=1662694397259&CODE_STATE=getMsg HTTP/1.1" 200 27
116.224.255.128 - - [09/Sep/2022:11:33:23 +0800] "GET /xingrg/all/function/internal_message.html?_=1662694343773&CODE_STATE=getMsg HTTP/1.1" 200 27
114.84.5.35 - - [09/Sep/2022:11:33:28 +0800] "GET /xingrg/all/function/internal_message.html?_=1662694401779&CODE_STATE=getMsg HTTP/1.1" 200 27
116.237.72.126 - - [09/Sep/2022:11:33:30 +0800] "GET /xingrg/all/function/internal_message.html?_=1662694409609&CODE_STATE=getMsg HTTP/1.1" 200 27
180.162.112.166 - - [09/Sep/2022:11:33:33 +0800] "GET /xingrg/all/function/internal_message.html?_=1662693546616&CODE_STATE=getMsg HTTP/1.1" 200 27
120.253.135.82 - - [09/Sep/2022:11:33:33 +0800] "GET /xingrg/all/function/internal_message.html?_=1662693896793&CODE_STATE=getMsg HTTP/1.1" 200 27
124.79.74.72 - - [09/Sep/2022:11:33:35 +0800] "GET /xingrg/check_reg.html?_=1662694410933 HTTP/1.1" 200 22
116.232.194.65 - - [09/Sep/2022:11:33:39 +0800] "GET /xingrg/all/function/internal_message.html?_=1662694367830&CODE_STATE=getMsg HTTP/1.1" 200 27
116.224.255.128 - - [09/Sep/2022:11:33:39 +0800] "GET /xingrg/all/function/internal_message.html?_=1662694414531&CODE_STATE=getMsg HTTP/1.1" 200 27
116.224.255.128 - - [09/Sep/2022:11:33:39 +0800] "GET /xingrg/check_reg.html?_=1662694414533 HTTP/1.1" 200 22
180.169.147.146 - - [09/Sep/2022:11:33:40 +0800] "GET /xingrg/all/function/internal_message.html?_=1662694410450&CODE_STATE=getMsg HTTP/1.1" 200 27
116.225.121.189 - - [09/Sep/2022:11:33:49 +0800] "GET /xingrg/all/function/internal_message.html?_=1662694288757&CODE_STATE=getMsg HTTP/1.1" 200 27
116.238.169.132 - - [09/Sep/2022:11:33:49 +0800] "GET /xingrg/all/function/internal_message.html?_=1662694425021&CODE_STATE=getMsg HTTP/1.1" 200 27
114.88.158.224 - - [09/Sep/2022:11:33:50 +0800] "GET /xingrg/all/function/internal_message.html?_=1662694082816&CODE_STATE=getMsg HTTP/1.1" 200 27
116.232.194.65 - - [09/Sep/2022:11:33:58 +0800] "GET /xingrg/check_reg.html?_=1662694435211 HTTP/1.1" 200 22
116.232.194.65 - - [09/Sep/2022:11:33:58 +0800] "GET /xingrg/all/function/internal_message.html?_=1662694435214&CODE_STATE=getMsg HTTP/1.1" 200 27
116.232.194.65 - - [09/Sep/2022:11:33:58 +0800] "GET /xingrg/all/function/internal_message.html?_=1662694387220&CODE_STATE=getMsg HTTP/1.1" 200 27
116.225.121.189 - - [09/Sep/2022:11:33:58 +0800] "GET /xingrg/all/function/internal_message.html?_=1662694436893&CODE_STATE=getMsg HTTP/1.1" 200 27
180.169.147.146 - - [09/Sep/2022:11:34:01 +0800] "GET /xingrg/all/function/internal_message.html?_=1662694438458&CODE_STATE=getMsg HTTP/1.1" 200 27
58.39.35.118 - - [09/Sep/2022:11:34:02 +0800] "GET /xingrg/all/function/internal_message.html?_=1662694430061&CODE_STATE=getMsg HTTP/1.1" 200 27
58.35.213.73 - - [09/Sep/2022:11:34:02 +0800] "POST /xingrg/services/DataTransmitService HTTP/1.1" 200 524
58.35.213.73 - - [09/Sep/2022:11:34:02 +0800] "POST /xingrg/services/DataTransmitService HTTP/1.1" 200 501
114.83.219.57 - - [09/Sep/2022:11:34:04 +0800] "GET /xingrg/all/function/internal_message.html?_=1662694522596&CODE_STATE=getMsg HTTP/1.1" 200 27
222.70.246.221 - - [09/Sep/2022:11:34:08 +0800] "GET /xingrg/all/function/internal_message.html?_=1662694463099&CODE_STATE=getMsg HTTP/1.1" 200 27
101.83.241.167 - - [09/Sep/2022:11:34:08 +0800] "GET /xingrg/all/function/internal_message.html?_=1662694443297&CODE_STATE=getMsg HTTP/1.1" 200 27
114.84.81.136 - - [09/Sep/2022:11:34:10 +0800] "GET /xingrg/all/function/internal_message.html?_=1662694450362&CODE_STATE=getMsg HTTP/1.1" 200 27
124.79.74.72 - - [09/Sep/2022:11:34:18 +0800] "GET /xingrg/all/function/internal_message.html?_=1662694453767&CODE_STATE=getMsg HTTP/1.1" 200 27
114.84.81.136 - - [09/Sep/2022:11:34:19 +0800] "GET /xingrg/all/function/internal_message.html?_=1662694454084&CODE_STATE=getMsg HTTP/1.1" 200 27
116.238.169.132 - - [09/Sep/2022:11:34:19 +0800] "GET /xingrg/check_reg.html?_=1662694456848 HTTP/1.1" 200 22
101.83.241.167 - - [09/Sep/2022:11:34:19 +0800] "GET /xingrg/check_reg.html?_=1662694454166 HTTP/1.1" 200 22
116.238.169.132 - - [09/Sep/2022:11:34:20 +0800] "GET /xingrg/all/function/internal_message.html?_=1662694457244&CODE_STATE=getMsg HTTP/1.1" 200 27
116.224.255.128 - - [09/Sep/2022:11:34:21 +0800] "GET /xingrg/check_reg.html?_=1662694401786 HTTP/1.1" 200 22
116.224.255.128 - - [09/Sep/2022:11:34:23 +0800] "GET /xingrg/all/function/internal_message.html?_=1662694403787&CODE_STATE=getMsg HTTP/1.1" 200 27
114.84.5.35 - - [09/Sep/2022:11:34:28 +0800] "GET /xingrg/all/function/internal_message.html?_=1662694461764&CODE_STATE=getMsg HTTP/1.1" 200 27
116.237.72.126 - - [09/Sep/2022:11:34:30 +0800] "GET /xingrg/all/function/internal_message.html?_=1662694469580&CODE_STATE=getMsg HTTP/1.1" 200 27
116.225.121.189 - - [09/Sep/2022:11:34:31 +0800] "POST /xingrg/services/DataTransmitService HTTP/1.1" 200 524
116.225.121.189 - - [09/Sep/2022:11:34:32 +0800] "POST /xingrg/services/DataTransmitService HTTP/1.1" 200 412
180.162.112.166 - - [09/Sep/2022:11:34:33 +0800] "GET /xingrg/all/function/internal_message.html?_=1662693606601&CODE_STATE=getMsg HTTP/1.1" 200 27
180.162.112.166 - - [09/Sep/2022:11:34:33 +0800] "GET /xingrg/check_reg.html?_=1662693606884 HTTP/1.1" 200 22
120.253.135.82 - - [09/Sep/2022:11:34:33 +0800] "GET /xingrg/all/function/internal_message.html?_=1662693956769&CODE_STATE=getMsg HTTP/1.1" 200 27
116.232.194.65 - - [09/Sep/2022:11:34:39 +0800] "GET /xingrg/all/function/internal_message.html?_=1662694427810&CODE_STATE=getMsg HTTP/1.1" 200 27
116.224.255.128 - - [09/Sep/2022:11:34:39 +0800] "GET /xingrg/all/function/internal_message.html?_=1662694474531&CODE_STATE=getMsg HTTP/1.1" 200 27
180.169.147.146 - - [09/Sep/2022:11:34:40 +0800] "GET /xingrg/all/function/internal_message.html?_=1662694470434&CODE_STATE=getMsg HTTP/1.1" 200 27
116.225.121.189 - - [09/Sep/2022:11:34:49 +0800] "GET /xingrg/check_reg.html?_=1662694348750 HTTP/1.1" 200 22
116.225.121.189 - - [09/Sep/2022:11:34:49 +0800] "GET /xingrg/all/function/internal_message.html?_=1662694348753&CODE_STATE=getMsg HTTP/1.1" 200 27
116.238.169.132 - - [09/Sep/2022:11:34:49 +0800] "GET /xingrg/all/function/internal_message.html?_=1662694485017&CODE_STATE=getMsg HTTP/1.1" 200 27
116.232.194.65 - - [09/Sep/2022:11:34:58 +0800] "GET /xingrg/all/function/internal_message.html?_=1662694495196&CODE_STATE=getMsg HTTP/1.1" 200 27
116.232.194.65 - - [09/Sep/2022:11:34:58 +0800] "GET /xingrg/all/function/internal_message.html?_=1662694447206&CODE_STATE=getMsg HTTP/1.1" 200 27
116.225.121.189 - - [09/Sep/2022:11:34:58 +0800] "GET /xingrg/all/function/internal_message.html?_=1662694496862&CODE_STATE=getMsg HTTP/1.1" 200 27
116.225.121.189 - - [09/Sep/2022:11:35:00 +0800] "GET /xingrg/check_reg.html?_=1662694499032 HTTP/1.1" 200 22
180.169.147.146 - - [09/Sep/2022:11:35:01 +0800] "GET /xingrg/check_reg.html?_=1662694498449 HTTP/1.1" 200 22
180.169.147.146 - - [09/Sep/2022:11:35:01 +0800] "GET /xingrg/all/function/internal_message.html?_=1662694498452&CODE_STATE=getMsg HTTP/1.1" 200 27
58.39.35.118 - - [09/Sep/2022:11:35:02 +0800] "GET /xingrg/all/function/internal_message.html?_=1662694490067&CODE_STATE=getMsg HTTP/1.1" 200 27
114.83.219.57 - - [09/Sep/2022:11:35:04 +0800] "GET /xingrg/all/function/internal_message.html?_=1662694582608&CODE_STATE=getMsg HTTP/1.1" 200 27
114.83.219.57 - - [09/Sep/2022:11:35:04 +0800] "GET /xingrg/check_reg.html?_=1662694582611 HTTP/1.1" 200 22
222.70.246.221 - - [09/Sep/2022:11:35:08 +0800] "GET /xingrg/all/function/internal_message.html?_=1662694523305&CODE_STATE=getMsg HTTP/1.1" 200 27
101.83.241.167 - - [09/Sep/2022:11:35:08 +0800] "GET /xingrg/all/function/internal_message.html?_=1662694503284&CODE_STATE=getMsg HTTP/1.1" 200 27
114.84.81.136 - - [09/Sep/2022:11:35:10 +0800] "GET /xingrg/all/function/internal_message.html?_=1662694510366&CODE_STATE=getMsg HTTP/1.1" 200 27
124.79.74.72 - - [09/Sep/2022:11:35:13 +0800] "GET /xingrg/kc/report/report_main.html HTTP/1.1" 200 7340
124.79.74.72 - - [09/Sep/2022:11:35:13 +0800] "GET /xingrg/javascript/jquery_ui/themes/humanity/humanity.css HTTP/1.1" 200 27801
180.162.112.166 - - [09/Sep/2022:11:35:14 +0800] "GET /xingrg/kc/base/base_main.html HTTP/1.1" 200 12142
180.162.112.166 - - [09/Sep/2022:11:35:14 +0800] "GET /xingrg/images/blue/button/wlsy.gif HTTP/1.1" 304 -
124.79.74.72 - - [09/Sep/2022:11:35:14 +0800] "GET /xingrg/kc/base/kc_stocks.html HTTP/1.1" 200 16443
180.162.112.166 - - [09/Sep/2022:11:35:14 +0800] "GET /xingrg/images/blue/button/ckpd.gif HTTP/1.1" 304 -
180.162.112.166 - - [09/Sep/2022:11:35:14 +0800] "GET /xingrg/images/blue/button/top_left.jpg HTTP/1.1" 304 -
180.162.112.166 - - [09/Sep/2022:11:35:14 +0800] "GET /xingrg/images/blue/button/yddb.gif HTTP/1.1" 304 -
180.162.112.166 - - [09/Sep/2022:11:35:14 +0800] "GET /xingrg/images/blue/button/top_right.jpg HTTP/1.1" 304 -
124.79.74.72 - - [09/Sep/2022:11:35:14 +0800] "GET /xingrg/javascript/easyui/themes/sunny/easyui.css HTTP/1.1" 200 34304
180.162.112.166 - - [09/Sep/2022:11:35:14 +0800] "GET /xingrg/images/blue/button/ckdb.gif HTTP/1.1" 304 -
180.162.112.166 - - [09/Sep/2022:11:35:14 +0800] "GET /xingrg/images/blue/button/down.jpg HTTP/1.1" 304 -
124.79.74.72 - - [09/Sep/2022:11:35:14 +0800] "GET /xingrg/javascript/easyui/themes/icons/filter_new.png HTTP/1.1" 200 795
180.162.112.166 - - [09/Sep/2022:11:35:14 +0800] "GET /xingrg/images/blue/button/left_ah.jpg HTTP/1.1" 304 -
180.162.112.166 - - [09/Sep/2022:11:35:15 +0800] "GET /xingrg/images/blue/button/bottom_left.jpg HTTP/1.1" 304 -
180.162.112.166 - - [09/Sep/2022:11:35:15 +0800] "GET /xingrg/images/blue/button/bottom_right.jpg HTTP/1.1" 304 -
124.79.74.72 - - [09/Sep/2022:11:35:15 +0800] "GET /xingrg/javascript/easyui/themes/icons/print_new.png HTTP/1.1" 200 3580
124.79.74.72 - - [09/Sep/2022:11:35:15 +0800] "GET /xingrg/javascript/easyui/themes/icons/refresh_new.png HTTP/1.1" 200 685
124.79.74.72 - - [09/Sep/2022:11:35:15 +0800] "GET /xingrg/javascript/easyui/plugins/jquery.draggable.js HTTP/1.1" 200 6121
124.79.74.72 - - [09/Sep/2022:11:35:15 +0800] "GET /xingrg/all/common/auto_word.html?type=base&rest_code=00156 HTTP/1.1" 200 1903
124.79.74.72 - - [09/Sep/2022:11:35:15 +0800] "GET /xingrg/javascript/easyui/plugins/jquery.droppable.js HTTP/1.1" 200 1167
124.79.74.72 - - [09/Sep/2022:11:35:15 +0800] "GET /xingrg/javascript/easyui/themes/default/tree.css HTTP/1.1" 404 1090
124.79.74.72 - - [09/Sep/2022:11:35:15 +0800] "GET /xingrg/javascript/easyui/plugins/jquery.tree.js HTTP/1.1" 200 20874
124.79.74.72 - - [09/Sep/2022:11:35:15 +0800] "POST /xingrg/all/common/load_tree.html?tree=materiel_sort_tree_json HTTP/1.1" 200 9500
124.79.74.72 - - [09/Sep/2022:11:35:15 +0800] "GET /xingrg/javascript/easyui/themes/sunny/images/tree_folder_open.gif HTTP/1.1" 200 956
124.79.74.72 - - [09/Sep/2022:11:35:15 +0800] "GET /xingrg/javascript/easyui/themes/sunny/images/tree_folder.gif HTTP/1.1" 200 952
124.79.74.72 - - [09/Sep/2022:11:35:15 +0800] "GET /xingrg/javascript/easyui/themes/sunny/images/tree_file.gif HTTP/1.1" 200 118
124.79.74.72 - - [09/Sep/2022:11:35:15 +0800] "GET /xingrg/javascript/easyui/themes/sunny/images/tree_arrows.gif HTTP/1.1" 200 617
180.162.112.166 - - [09/Sep/2022:11:35:16 +0800] "GET /xingrg/kc/base/yddb_order_list.html HTTP/1.1" 200 16792
180.162.112.166 - - [09/Sep/2022:11:35:16 +0800] "POST /xingrg/kc/base/yddb_list_operate.html HTTP/1.1" 200 636
124.79.74.72 - - [09/Sep/2022:11:35:18 +0800] "GET /xingrg/all/function/internal_message.html?_=1662694513741&CODE_STATE=getMsg HTTP/1.1" 200 27
114.84.81.136 - - [09/Sep/2022:11:35:19 +0800] "GET /xingrg/all/function/internal_message.html?_=1662694514083&CODE_STATE=getMsg HTTP/1.1" 200 27
116.238.169.132 - - [09/Sep/2022:11:35:20 +0800] "GET /xingrg/all/function/internal_message.html?_=1662694517235&CODE_STATE=getMsg HTTP/1.1" 200 27
180.162.112.166 - - [09/Sep/2022:11:35:22 +0800] "POST /xingrg/kc/base/yddb_list_operate.html HTTP/1.1" 200 2404
116.224.255.128 - - [09/Sep/2022:11:35:23 +0800] "GET /xingrg/all/function/internal_message.html?_=1662694463799&CODE_STATE=getMsg HTTP/1.1" 200 27
124.79.74.72 - - [09/Sep/2022:11:35:24 +0800] "POST /xingrg/kc/base/stock_operate.html HTTP/1.1" 200 1472
124.79.74.72 - - [09/Sep/2022:11:35:24 +0800] "GET /xingrg/javascript/jquery_tools/fix_table.js HTTP/1.1" 200 6528
180.162.112.166 - - [09/Sep/2022:11:35:24 +0800] "POST /xingrg/kc/base/yddb_list_operate.html HTTP/1.1" 200 610
180.162.112.166 - - [09/Sep/2022:11:35:24 +0800] "GET /xingrg/kc/base/yddb_order_info.html?code=482022090700107 HTTP/1.1" 200 29907
180.162.112.166 - - [09/Sep/2022:11:35:24 +0800] "GET /xingrg/javascript/Calendar.js HTTP/1.1" 304 -
180.162.112.166 - - [09/Sep/2022:11:35:24 +0800] "GET /xingrg/javascript/AjaxInfoList.js HTTP/1.1" 304 -
180.162.112.166 - - [09/Sep/2022:11:35:24 +0800] "GET /xingrg/javascript/checkform.js HTTP/1.1" 304 -
180.162.112.166 - - [09/Sep/2022:11:35:24 +0800] "GET /xingrg/dwr/interface/AjaxComOrderService.js HTTP/1.1" 200 18264
180.162.112.166 - - [09/Sep/2022:11:35:24 +0800] "GET /xingrg/javascript/Grid.js HTTP/1.1" 304 -
180.162.112.166 - - [09/Sep/2022:11:35:24 +0800] "GET /xingrg/dwr/interface/AjaxYddbService.js HTTP/1.1" 200 13201
180.162.112.166 - - [09/Sep/2022:11:35:24 +0800] "GET /xingrg/dwr/util.js HTTP/1.1" 200 35990
180.162.112.166 - - [09/Sep/2022:11:35:24 +0800] "GET /xingrg/dwr/engine.js HTTP/1.1" 200 43631
180.162.112.166 - - [09/Sep/2022:11:35:24 +0800] "GET /xingrg/javascript/jquery_easy_ui/themes/default/images/menu_downarrow.png HTTP/1.1" 304 -
180.162.112.166 - - [09/Sep/2022:11:35:24 +0800] "GET /xingrg/javascript/jquery_easy_ui/themes/icons/print.png HTTP/1.1" 304 -
180.162.112.166 - - [09/Sep/2022:11:35:24 +0800] "GET /xingrg/javascript/jquery_easy_ui/themes/icons/edit_add_new.png HTTP/1.1" 304 -
180.162.112.166 - - [09/Sep/2022:11:35:24 +0800] "GET /xingrg/javascript/jquery_easy_ui/themes/icons/back_new.png HTTP/1.1" 304 -
180.162.112.166 - - [09/Sep/2022:11:35:24 +0800] "GET /xingrg/images/blue/wait.gif HTTP/1.1" 304 -
180.162.112.166 - - [09/Sep/2022:11:35:24 +0800] "GET /xingrg/images/blue/kc_tab_right.gif HTTP/1.1" 304 -
180.162.112.166 - - [09/Sep/2022:11:35:24 +0800] "GET /xingrg/images/blue/kc_tab_mid.gif HTTP/1.1" 304 -
180.162.112.166 - - [09/Sep/2022:11:35:24 +0800] "GET /xingrg/images/blue/kc_tab_left.gif HTTP/1.1" 304 -
180.162.112.166 - - [09/Sep/2022:11:35:24 +0800] "POST /xingrg/dwr/call/plaincall/AjaxYddbService.loadMaterielItems.dwr HTTP/1.1" 200 3836
124.79.74.72 - - [09/Sep/2022:11:35:25 +0800] "GET /xingrg/kc/base/kc_stocks_rest.html?code=00101016037 HTTP/1.1" 200 7850
124.79.74.72 - - [09/Sep/2022:11:35:26 +0800] "POST /xingrg/kc/base/stock_operate.html HTTP/1.1" 200 777
124.79.74.72 - - [09/Sep/2022:11:35:26 +0800] "GET /xingrg/kc/base/stock_operate.html?command=query_base_stocks&rest_code=00156&materiel_code=00101016037&_setting=%257B%2522pk%2522%3A%2522base_code%2522%2C%2522fields%2522%3A%257B%2522base_name%2522%3A%257B%2522h%2522%3A0%2C%2522w%2522%3A140%2C%2522t%2522%3A%2522%25E4%25BB%2593%25E5%25BA%2593%25E5%2590%258D%25E7%25A7%25B0%2522%257D%2C%2522number%2522%3A%257B%2522h%2522%3A0%2C%2522w%2522%3A80%2C%2522t%2522%3A%2522%25E6%2595%25B0%25E9%2587%258F%2522%2C%2522s%2522%3A1%257D%2C%2522price%2522%3A%257B%2522h%2522%3A0%2C%2522w%2522%3A80%2C%2522t%2522%3A%2522%25E5%258D%2595%25E4%25BB%25B7%2522%257D%2C%2522total_money%2522%3A%257B%2522h%2522%3A0%2C%2522w%2522%3A100%2C%2522t%2522%3A%2522%25E9%2587%2591%25E9%25A2%259D%2522%2C%2522s%2522%3A1%257D%2C%2522assist_unit%2522%3A%257B%2522h%2522%3A0%2C%2522w%2522%3A100%2C%2522t%2522%3A%2522%25E8%25BE%2585%25E5%258D%2595%25E4%25BD%258D%2522%257D%2C%2522assist_number%2522%3A%257B%2522h%2522%3A0%2C%2522w%2522%3A100%2C%2522t%2522%3A%2522%25E8%25BE%2585%25E6%2595%25B0%25E9%2587%258F%2522%2C%2522s%2522%3A1%257D%257D%257D HTTP/1.1" 200 6485
116.238.169.132 - - [09/Sep/2022:11:35:27 +0800] "GET /xingrg/kc/buy/cgsh_order_add.html HTTP/1.1" 200 68665
116.238.169.132 - - [09/Sep/2022:11:35:27 +0800] "POST /xingrg/kc/buy/cgsh_order_operate.html HTTP/1.1" 200 8245
116.238.169.132 - - [09/Sep/2022:11:35:27 +0800] "GET /xingrg/all/common/auto_word.html?type=employee&rest_code=00102 HTTP/1.1" 200 189
116.238.169.132 - - [09/Sep/2022:11:35:27 +0800] "GET /xingrg/javascript/easyui/themes/default/validatebox.css HTTP/1.1" 404 1104
116.238.169.132 - - [09/Sep/2022:11:35:27 +0800] "GET /xingrg/all/common/auto_word.html?type=employee&rest_code=00102 HTTP/1.1" 200 189
114.84.5.35 - - [09/Sep/2022:11:35:28 +0800] "GET /xingrg/all/function/internal_message.html?_=1662694521749&CODE_STATE=getMsg HTTP/1.1" 200 27
116.238.169.132 - - [09/Sep/2022:11:35:29 +0800] "GET /xingrg/javascript/auto/indicator.gif HTTP/1.1" 404 1066
116.238.169.132 - - [09/Sep/2022:11:35:30 +0800] "GET /xingrg/javascript/jquery_tools/images/prev.gif HTTP/1.1" 404 1086
116.238.169.132 - - [09/Sep/2022:11:35:30 +0800] "GET /xingrg/javascript/jquery_tools/images/next.gif HTTP/1.1" 404 1086
116.237.72.126 - - [09/Sep/2022:11:35:30 +0800] "GET /xingrg/all/function/internal_message.html?_=1662694529560&CODE_STATE=getMsg HTTP/1.1" 200 27
180.162.112.166 - - [09/Sep/2022:11:35:32 +0800] "GET /xingrg/all/function/internal_message.html?_=1662693666594&CODE_STATE=getMsg HTTP/1.1" 200 27
120.253.135.82 - - [09/Sep/2022:11:35:33 +0800] "GET /xingrg/all/function/internal_message.html?_=1662694016745&CODE_STATE=getMsg HTTP/1.1" 200 27
116.238.169.132 - - [09/Sep/2022:11:35:36 +0800] "GET /xingrg/kc/buy/cgsh_order_operate.html?command=get_materiel&rest_code=00102&code=00101008257&supplier_code=00100008&order_time=2022-09-09 HTTP/1.1" 200 416
116.232.194.65 - - [09/Sep/2022:11:35:39 +0800] "GET /xingrg/all/function/internal_message.html?_=1662694487784&CODE_STATE=getMsg HTTP/1.1" 200 27
116.224.255.128 - - [09/Sep/2022:11:35:39 +0800] "GET /xingrg/all/function/internal_message.html?_=1662694534528&CODE_STATE=getMsg HTTP/1.1" 200 27
180.169.147.146 - - [09/Sep/2022:11:35:40 +0800] "GET /xingrg/all/function/internal_message.html?_=1662694530418&CODE_STATE=getMsg HTTP/1.1" 200 27
116.225.121.189 - - [09/Sep/2022:11:35:49 +0800] "GET /xingrg/all/function/internal_message.html?_=1662694408752&CODE_STATE=getMsg HTTP/1.1" 200 27
116.238.169.132 - - [09/Sep/2022:11:35:49 +0800] "GET /xingrg/all/function/internal_message.html?_=1662694545028&CODE_STATE=getMsg HTTP/1.1" 200 27
116.232.194.65 - - [09/Sep/2022:11:35:58 +0800] "GET /xingrg/all/function/internal_message.html?_=1662694555205&CODE_STATE=getMsg HTTP/1.1" 200 27
116.232.194.65 - - [09/Sep/2022:11:35:58 +0800] "GET /xingrg/all/function/internal_message.html?_=1662694507197&CODE_STATE=getMsg HTTP/1.1" 200 27
116.225.121.189 - - [09/Sep/2022:11:35:58 +0800] "GET /xingrg/all/function/internal_message.html?_=1662694556841&CODE_STATE=getMsg HTTP/1.1" 200 27
180.169.147.146 - - [09/Sep/2022:11:36:01 +0800] "GET /xingrg/all/function/internal_message.html?_=1662694558447&CODE_STATE=getMsg HTTP/1.1" 200 27
58.39.35.118 - - [09/Sep/2022:11:36:02 +0800] "GET /xingrg/all/function/internal_message.html?_=1662694550060&CODE_STATE=getMsg HTTP/1.1" 200 27
58.39.35.118 - - [09/Sep/2022:11:36:02 +0800] "GET /xingrg/check_reg.html?_=1662694550063 HTTP/1.1" 200 22
114.83.219.57 - - [09/Sep/2022:11:36:04 +0800] "GET /xingrg/all/function/internal_message.html?_=1662694642613&CODE_STATE=getMsg HTTP/1.1" 200 27
222.70.246.221 - - [09/Sep/2022:11:36:08 +0800] "GET /xingrg/all/function/internal_message.html?_=1662694583314&CODE_STATE=getMsg HTTP/1.1" 200 27
101.83.241.167 - - [09/Sep/2022:11:36:08 +0800] "GET /xingrg/all/function/internal_message.html?_=1662694563257&CODE_STATE=getMsg HTTP/1.1" 200 27
114.84.81.136 - - [09/Sep/2022:11:36:10 +0800] "GET /xingrg/all/function/internal_message.html?_=1662694570363&CODE_STATE=getMsg HTTP/1.1" 200 27
180.163.30.100 - - [09/Sep/2022:11:36:12 +0800] "GET /xingrg/all/function/internal_message.html?_=1662691035578&CODE_STATE=getMsg HTTP/1.1" 302 -
180.163.30.100 - - [09/Sep/2022:11:36:12 +0800] "GET /xingrg/login.html HTTP/1.1" 200 7641
124.79.74.72 - - [09/Sep/2022:11:36:18 +0800] "GET /xingrg/all/function/internal_message.html?_=1662694573722&CODE_STATE=getMsg HTTP/1.1" 200 27
114.84.81.136 - - [09/Sep/2022:11:36:19 +0800] "GET /xingrg/all/function/internal_message.html?_=1662694574099&CODE_STATE=getMsg HTTP/1.1" 200 27
116.238.169.132 - - [09/Sep/2022:11:36:20 +0800] "GET /xingrg/all/function/internal_message.html?_=1662694577233&CODE_STATE=getMsg HTTP/1.1" 200 27
116.238.169.132 - - [09/Sep/2022:11:36:22 +0800] "GET /xingrg/kc/buy/cgsh_order_operate.html?command=get_materiel&rest_code=00102&code=00101008244&supplier_code=00100008&order_time=2022-09-09 HTTP/1.1" 200 408
116.224.255.128 - - [09/Sep/2022:11:36:23 +0800] "GET /xingrg/all/function/internal_message.html?_=1662694523813&CODE_STATE=getMsg HTTP/1.1" 200 27
114.84.5.35 - - [09/Sep/2022:11:36:28 +0800] "GET /xingrg/all/function/internal_message.html?_=1662694581733&CODE_STATE=getMsg HTTP/1.1" 200 27
116.238.169.132 - - [09/Sep/2022:11:36:29 +0800] "GET /xingrg/kc/buy/cgsh_order_operate.html?command=get_materiel&rest_code=00102&code=00101008185&supplier_code=00100008&order_time=2022-09-09 HTTP/1.1" 200 408
116.237.72.126 - - [09/Sep/2022:11:36:30 +0800] "GET /xingrg/all/function/internal_message.html?_=1662694589533&CODE_STATE=getMsg HTTP/1.1" 200 27
180.162.112.166 - - [09/Sep/2022:11:36:32 +0800] "GET /xingrg/all/function/internal_message.html?_=1662693726575&CODE_STATE=getMsg HTTP/1.1" 200 27
120.253.135.82 - - [09/Sep/2022:11:36:33 +0800] "GET /xingrg/all/function/internal_message.html?_=1662694076715&CODE_STATE=getMsg HTTP/1.1" 200 27
120.253.135.82 - - [09/Sep/2022:11:36:34 +0800] "GET /xingrg/check_reg.html?_=1662694077151 HTTP/1.1" 200 22
116.232.194.65 - - [09/Sep/2022:11:36:38 +0800] "GET /xingrg/all/function/internal_message.html?_=1662694547761&CODE_STATE=getMsg HTTP/1.1" 200 27
116.232.194.65 - - [09/Sep/2022:11:36:39 +0800] "GET /xingrg/check_reg.html?_=1662694548191 HTTP/1.1" 200 22
116.224.255.128 - - [09/Sep/2022:11:36:39 +0800] "GET /xingrg/all/function/internal_message.html?_=1662694594528&CODE_STATE=getMsg HTTP/1.1" 200 27
180.169.147.146 - - [09/Sep/2022:11:36:40 +0800] "GET /xingrg/all/function/internal_message.html?_=1662694590401&CODE_STATE=getMsg HTTP/1.1" 200 27
180.169.147.146 - - [09/Sep/2022:11:36:40 +0800] "GET /xingrg/check_reg.html?_=1662694590667 HTTP/1.1" 200 22
116.238.169.132 - - [09/Sep/2022:11:36:40 +0800] "GET /xingrg/kc/buy/cgsh_order_operate.html?command=get_materiel&rest_code=00102&code=00101008354&supplier_code=00100008&order_time=2022-09-09 HTTP/1.1" 200 412
116.238.169.132 - - [09/Sep/2022:11:36:46 +0800] "GET /xingrg/kc/buy/cgsh_order_operate.html?command=get_materiel&rest_code=00102&code=00101008010&supplier_code=00100008&order_time=2022-09-09 HTTP/1.1" 200 412
116.225.121.189 - - [09/Sep/2022:11:36:49 +0800] "GET /xingrg/all/function/internal_message.html?_=1662694468745&CODE_STATE=getMsg HTTP/1.1" 200 27
116.238.169.132 - - [09/Sep/2022:11:36:49 +0800] "GET /xingrg/all/function/internal_message.html?_=1662694605034&CODE_STATE=getMsg HTTP/1.1" 200 27
116.232.194.65 - - [09/Sep/2022:11:36:58 +0800] "GET /xingrg/all/function/internal_message.html?_=1662694615208&CODE_STATE=getMsg HTTP/1.1" 200 27
116.232.194.65 - - [09/Sep/2022:11:36:58 +0800] "GET /xingrg/all/function/internal_message.html?_=1662694567185&CODE_STATE=getMsg HTTP/1.1" 200 27
116.225.121.189 - - [09/Sep/2022:11:36:58 +0800] "GET /xingrg/all/function/internal_message.html?_=1662694616811&CODE_STATE=getMsg HTTP/1.1" 200 27
180.169.147.146 - - [09/Sep/2022:11:37:01 +0800] "GET /xingrg/all/function/internal_message.html?_=1662694618444&CODE_STATE=getMsg HTTP/1.1" 200 27
58.39.35.118 - - [09/Sep/2022:11:37:02 +0800] "GET /xingrg/all/function/internal_message.html?_=1662694610065&CODE_STATE=getMsg HTTP/1.1" 200 27
222.70.246.221 - - [09/Sep/2022:11:37:03 +0800] "GET /xingrg/check_reg.html?_=1662694638034 HTTP/1.1" 200 22
116.238.169.132 - - [09/Sep/2022:11:37:04 +0800] "GET /xingrg/kc/buy/cgsh_order_operate.html?command=get_materiel&rest_code=00102&code=00101008312&supplier_code=00100008&order_time=2022-09-09 HTTP/1.1" 200 412
114.83.219.57 - - [09/Sep/2022:11:37:04 +0800] "GET /xingrg/all/function/internal_message.html?_=1662694702587&CODE_STATE=getMsg HTTP/1.1" 200 27
120.253.135.82 - - [09/Sep/2022:11:37:07 +0800] "GET /xingrg/kc/buy/cgsh_order_add.html HTTP/1.1" 200 67732
120.253.135.82 - - [09/Sep/2022:11:37:07 +0800] "POST /xingrg/kc/buy/cgsh_order_operate.html HTTP/1.1" 200 8245
120.253.135.82 - - [09/Sep/2022:11:37:07 +0800] "GET /xingrg/javascript/easyui/themes/default/validatebox.css HTTP/1.1" 404 1104
222.70.246.221 - - [09/Sep/2022:11:37:08 +0800] "GET /xingrg/all/function/internal_message.html?_=1662694643328&CODE_STATE=getMsg HTTP/1.1" 200 27
101.83.241.167 - - [09/Sep/2022:11:37:08 +0800] "GET /xingrg/all/function/internal_message.html?_=1662694623235&CODE_STATE=getMsg HTTP/1.1" 200 27
114.84.81.136 - - [09/Sep/2022:11:37:10 +0800] "GET /xingrg/check_reg.html?_=1662694630362 HTTP/1.1" 200 22
114.84.81.136 - - [09/Sep/2022:11:37:10 +0800] "GET /xingrg/all/function/internal_message.html?_=1662694630365&CODE_STATE=getMsg HTTP/1.1" 200 27
116.238.169.132 - - [09/Sep/2022:11:37:10 +0800] "GET /xingrg/kc/buy/cgsh_order_operate.html?command=get_materiel&rest_code=00102&code=00101008026&supplier_code=00100008&order_time=2022-09-09 HTTP/1.1" 200 409
116.238.169.132 - - [09/Sep/2022:11:37:17 +0800] "GET /xingrg/kc/buy/cgsh_order_operate.html?command=get_materiel&rest_code=00102&code=00101008110&supplier_code=00100008&order_time=2022-09-09 HTTP/1.1" 200 408
124.79.74.72 - - [09/Sep/2022:11:37:18 +0800] "GET /xingrg/all/function/internal_message.html?_=1662694633692&CODE_STATE=getMsg HTTP/1.1" 200 27
114.84.81.136 - - [09/Sep/2022:11:37:19 +0800] "GET /xingrg/check_reg.html?_=1662694634083 HTTP/1.1" 200 22
114.84.81.136 - - [09/Sep/2022:11:37:19 +0800] "GET /xingrg/all/function/internal_message.html?_=1662694634086&CODE_STATE=getMsg HTTP/1.1" 200 27
116.238.169.132 - - [09/Sep/2022:11:37:20 +0800] "GET /xingrg/all/function/internal_message.html?_=1662694637228&CODE_STATE=getMsg HTTP/1.1" 200 27
116.224.255.128 - - [09/Sep/2022:11:37:23 +0800] "GET /xingrg/all/function/internal_message.html?_=1662694583960&CODE_STATE=getMsg HTTP/1.1" 200 27
120.253.135.82 - - [09/Sep/2022:11:37:25 +0800] "GET /xingrg/kc/buy/cgsh_order_operate.html?command=get_materiel&rest_code=00101&code=00102002855&supplier_code=00100281&order_time=2022-09-09 HTTP/1.1" 200 424
114.84.5.35 - - [09/Sep/2022:11:37:27 +0800] "GET /xingrg/check_reg.html?_=1662694641281 HTTP/1.1" 200 22
114.84.5.35 - - [09/Sep/2022:11:37:28 +0800] "GET /xingrg/all/function/internal_message.html?_=1662694641730&CODE_STATE=getMsg HTTP/1.1" 200 27
116.238.169.132 - - [09/Sep/2022:11:37:29 +0800] "GET /xingrg/kc/buy/cgsh_order_operate.html?command=get_materiel&rest_code=00102&code=00101008038&supplier_code=00100008&order_time=2022-09-09 HTTP/1.1" 200 412
116.237.72.126 - - [09/Sep/2022:11:37:30 +0800] "GET /xingrg/all/function/internal_message.html?_=1662694649505&CODE_STATE=getMsg HTTP/1.1" 200 27
180.162.112.166 - - [09/Sep/2022:11:37:32 +0800] "GET /xingrg/all/function/internal_message.html?_=1662693786550&CODE_STATE=getMsg HTTP/1.1" 200 27
124.79.74.72 - - [09/Sep/2022:11:37:33 +0800] "GET /xingrg/kc/base/yddb_order_info.html?code=482022090900126 HTTP/1.1" 200 29668
124.79.74.72 - - [09/Sep/2022:11:37:33 +0800] "GET /xingrg/dwr/interface/AjaxComOrderService.js HTTP/1.1" 200 18264
124.79.74.72 - - [09/Sep/2022:11:37:33 +0800] "GET /xingrg/dwr/interface/AjaxYddbService.js HTTP/1.1" 200 13201
124.79.74.72 - - [09/Sep/2022:11:37:33 +0800] "GET /xingrg/dwr/engine.js HTTP/1.1" 200 43631
124.79.74.72 - - [09/Sep/2022:11:37:33 +0800] "POST /xingrg/dwr/call/plaincall/AjaxYddbService.loadMaterielItems.dwr HTTP/1.1" 200 721
120.253.135.82 - - [09/Sep/2022:11:37:33 +0800] "GET /xingrg/all/function/internal_message.html?_=1662694136710&CODE_STATE=getMsg HTTP/1.1" 200 27
116.238.169.132 - - [09/Sep/2022:11:37:36 +0800] "GET /xingrg/kc/buy/cgsh_order_operate.html?command=get_materiel&rest_code=00102&code=00101008283&supplier_code=00100008&order_time=2022-09-09 HTTP/1.1" 200 408
124.79.74.72 - - [09/Sep/2022:11:37:36 +0800] "GET /xingrg/kc/base/yddb_order_report.html?fileType=servlets/pdf&code=482022090900126&reportName=ck_order_report&subName=yddb HTTP/1.1" 302 -
124.79.74.72 - - [09/Sep/2022:11:37:36 +0800] "GET /xingrg/servlets/pdf?sysBaseUrl=http%3A%2F%2F180.169.147.146%3A18081%2Fxingrg%2F&costTime=86×tamp=1662694656539 HTTP/1.1" 200 4018
124.79.74.72 - - [09/Sep/2022:11:37:36 +0800] "GET /favicon.ico HTTP/1.1" 404 -
116.232.194.65 - - [09/Sep/2022:11:37:38 +0800] "GET /xingrg/all/function/internal_message.html?_=1662694607739&CODE_STATE=getMsg HTTP/1.1" 200 27
116.224.255.128 - - [09/Sep/2022:11:37:39 +0800] "GET /xingrg/all/function/internal_message.html?_=1662694654552&CODE_STATE=getMsg HTTP/1.1" 200 27
180.169.147.146 - - [09/Sep/2022:11:37:40 +0800] "GET /xingrg/all/function/internal_message.html?_=1662694650384&CODE_STATE=getMsg HTTP/1.1" 200 27
116.238.169.132 - - [09/Sep/2022:11:37:42 +0800] "GET /xingrg/kc/buy/cgsh_order_operate.html?command=get_materiel&rest_code=00102&code=00101008163&supplier_code=00100008&order_time=2022-09-09 HTTP/1.1" 200 409
180.162.112.166 - - [09/Sep/2022:11:37:45 +0800] "GET /xingrg/kc/buy/buy_main.html HTTP/1.1" 200 12412
180.162.112.166 - - [09/Sep/2022:11:37:45 +0800] "GET /xingrg/css/new_ie.css HTTP/1.1" 404 1036
180.162.112.166 - - [09/Sep/2022:11:37:45 +0800] "GET /xingrg/images/yd/bt.gif HTTP/1.1" 404 1040
180.162.112.166 - - [09/Sep/2022:11:37:46 +0800] "GET /xingrg/kc/buy/cgsh_order_list.html HTTP/1.1" 200 52848
120.253.135.82 - - [09/Sep/2022:11:37:48 +0800] "GET /xingrg/kc/buy/cgsh_order_operate.html?command=get_materiel&rest_code=00101&code=00102003123&supplier_code=00100281&order_time=2022-09-09 HTTP/1.1" 200 413
116.238.169.132 - - [09/Sep/2022:11:37:48 +0800] "GET /xingrg/kc/buy/cgsh_order_operate.html?command=get_materiel&rest_code=00102&code=00101008355&supplier_code=00100008&order_time=2022-09-09 HTTP/1.1" 200 408
116.225.121.189 - - [09/Sep/2022:11:37:49 +0800] "GET /xingrg/all/function/internal_message.html?_=1662694528752&CODE_STATE=getMsg HTTP/1.1" 200 27
116.238.169.132 - - [09/Sep/2022:11:37:49 +0800] "GET /xingrg/all/function/internal_message.html?_=1662694665089&CODE_STATE=getMsg HTTP/1.1" 200 27
116.238.169.132 - - [09/Sep/2022:11:37:49 +0800] "GET /xingrg/check_reg.html?_=1662694665091 HTTP/1.1" 200 22
180.162.112.166 - - [09/Sep/2022:11:37:49 +0800] "POST /xingrg/kc/buy/cgsh_list_operate.html HTTP/1.1" 200 1870
180.162.112.166 - - [09/Sep/2022:11:37:53 +0800] "GET /xingrg/kc/buy/cgsh_order_add.html HTTP/1.1" 200 67705
180.162.112.166 - - [09/Sep/2022:11:37:53 +0800] "POST /xingrg/kc/buy/cgsh_order_operate.html HTTP/1.1" 200 8245
180.162.112.166 - - [09/Sep/2022:11:37:53 +0800] "GET /xingrg/javascript/easyui/themes/default/validatebox.css HTTP/1.1" 404 1104
116.237.72.126 - - [09/Sep/2022:11:37:54 +0800] "GET /xingrg/check_reg.html?_=1662694673563 HTTP/1.1" 200 22
116.238.169.132 - - [09/Sep/2022:11:37:54 +0800] "GET /xingrg/kc/buy/cgsh_order_operate.html?command=get_materiel&rest_code=00102&code=00101008264&supplier_code=00100008&order_time=2022-09-09 HTTP/1.1" 200 412
180.162.112.166 - - [09/Sep/2022:11:37:55 +0800] "GET /xingrg/javascript/easyui/plugins/jquery.draggable.js HTTP/1.1" 304 -
180.162.112.166 - - [09/Sep/2022:11:37:55 +0800] "GET /xingrg/css/images/panel_loading.gif HTTP/1.1" 304 -
180.162.112.166 - - [09/Sep/2022:11:37:55 +0800] "GET /xingrg/javascript/easyui/plugins/jquery.droppable.js HTTP/1.1" 304 -
180.162.112.166 - - [09/Sep/2022:11:37:55 +0800] "GET /xingrg/javascript/easyui/themes/default/tree.css HTTP/1.1" 404 1090
180.162.112.166 - - [09/Sep/2022:11:37:55 +0800] "GET /xingrg/javascript/easyui/plugins/jquery.tree.js HTTP/1.1" 304 -
180.162.112.166 - - [09/Sep/2022:11:37:55 +0800] "POST /xingrg/all/common/load_tree.html?tree=supplier_tree_json&isDelete=1 HTTP/1.1" 200 68331
120.253.135.82 - - [09/Sep/2022:11:37:56 +0800] "GET /xingrg/kc/buy/cgsh_order_operate.html?command=get_materiel&rest_code=00101&code=00102002168&supplier_code=00100281&order_time=2022-09-09 HTTP/1.1" 200 414
180.162.112.166 - - [09/Sep/2022:11:37:56 +0800] "GET /xingrg/javascript/easyui/themes/default/images/tree_file.gif HTTP/1.1" 304 -
180.162.112.166 - - [09/Sep/2022:11:37:56 +0800] "GET /xingrg/javascript/easyui/themes/default/images/tree_arrows.gif HTTP/1.1" 304 -
180.162.112.166 - - [09/Sep/2022:11:37:56 +0800] "GET /xingrg/javascript/easyui/themes/default/images/tree_folder.gif HTTP/1.1" 304 -
180.162.112.166 - - [09/Sep/2022:11:37:56 +0800] "GET /xingrg/javascript/easyui/themes/default/images/tree_folder_open.gif HTTP/1.1" 304 -
116.232.194.65 - - [09/Sep/2022:11:37:58 +0800] "GET /xingrg/all/function/internal_message.html?_=1662694675207&CODE_STATE=getMsg HTTP/1.1" 200 27
116.232.194.65 - - [09/Sep/2022:11:37:58 +0800] "GET /xingrg/all/function/internal_message.html?_=1662694627159&CODE_STATE=getMsg HTTP/1.1" 200 27
116.225.121.189 - - [09/Sep/2022:11:37:58 +0800] "GET /xingrg/all/function/internal_message.html?_=1662694676786&CODE_STATE=getMsg HTTP/1.1" 200 27
116.225.121.189 - - [09/Sep/2022:11:38:00 +0800] "POST /xingrg/services/DataTransmitService HTTP/1.1" 200 524
116.238.169.132 - - [09/Sep/2022:11:38:00 +0800] "GET /xingrg/kc/buy/cgsh_order_operate.html?command=get_materiel&rest_code=00102&code=00101008286&supplier_code=00100008&order_time=2022-09-09 HTTP/1.1" 200 408
180.169.147.146 - - [09/Sep/2022:11:38:01 +0800] "GET /xingrg/all/function/internal_message.html?_=1662694678451&CODE_STATE=getMsg HTTP/1.1" 200 27
58.39.35.118 - - [09/Sep/2022:11:38:02 +0800] "GET /xingrg/all/function/internal_message.html?_=1662694670071&CODE_STATE=getMsg HTTP/1.1" 200 27
116.238.169.132 - - [09/Sep/2022:11:38:04 +0800] "GET /xingrg/kc/buy/cgsh_order_operate.html?command=get_materiel&rest_code=00102&code=00101008356&supplier_code=00100008&order_time=2022-09-09 HTTP/1.1" 200 409
114.83.219.57 - - [09/Sep/2022:11:38:04 +0800] "GET /xingrg/all/function/internal_message.html?_=1662694762596&CODE_STATE=getMsg HTTP/1.1" 200 27
