124.79.74.72 - - [09/Sep/2022:09:55:37 +0800] "POST /xingrg/kc/buy/cgsh_order_operate.html HTTP/1.1" 200 12
124.79.74.72 - - [09/Sep/2022:09:55:39 +0800] "GET /xingrg/kc/buy/cgsh_order_info.html?code=212022090802906 HTTP/1.1" 200 63616
120.253.135.82 - - [09/Sep/2022:09:55:39 +0800] "GET /xingrg/all/function/internal_message.html?_=1662688337240&CODE_STATE=getMsg HTTP/1.1" 200 27
124.79.74.72 - - [09/Sep/2022:09:55:39 +0800] "GET /xingrg/javascript/easyui/themes/default/validatebox.css HTTP/1.1" 404 1104
124.79.74.72 - - [09/Sep/2022:09:55:39 +0800] "POST /xingrg/kc/buy/cgsh_order_operate.html HTTP/1.1" 200 1200
116.224.255.128 - - [09/Sep/2022:09:55:40 +0800] "GET /xingrg/all/function/internal_message.html?_=1662688534974&CODE_STATE=getMsg HTTP/1.1" 200 27
124.79.74.72 - - [09/Sep/2022:09:55:42 +0800] "POST /xingrg/kc/buy/cgsh_list_operate.html HTTP/1.1" 200 1520
124.79.74.72 - - [09/Sep/2022:09:55:43 +0800] "POST /xingrg/kc/buy/cgsh_list_operate.html HTTP/1.1" 200 574
124.79.74.72 - - [09/Sep/2022:09:55:43 +0800] "GET /xingrg/kc/buy/cgsh_order_info.html?code=212022090802661 HTTP/1.1" 200 68708
124.79.74.72 - - [09/Sep/2022:09:55:44 +0800] "GET /xingrg/javascript/easyui/themes/default/validatebox.css HTTP/1.1" 404 1104
124.79.74.72 - - [09/Sep/2022:09:55:44 +0800] "POST /xingrg/kc/buy/cgsh_order_operate.html HTTP/1.1" 200 5626
124.79.74.72 - - [09/Sep/2022:09:55:45 +0800] "POST /xingrg/kc/buy/cgsh_list_operate.html HTTP/1.1" 200 1520
116.238.169.132 - - [09/Sep/2022:09:55:47 +0800] "GET /xingrg/kc/buy/cgsh_order_add.html HTTP/1.1" 200 68659
116.238.169.132 - - [09/Sep/2022:09:55:47 +0800] "POST /xingrg/kc/buy/cgsh_order_operate.html HTTP/1.1" 200 8245
116.238.169.132 - - [09/Sep/2022:09:55:47 +0800] "GET /xingrg/javascript/easyui/themes/default/validatebox.css HTTP/1.1" 404 1104
114.84.81.136 - - [09/Sep/2022:09:55:48 +0800] "GET /xingrg/all/function/internal_message.html?_=1662688543566&CODE_STATE=getMsg HTTP/1.1" 302 -
116.225.121.189 - - [09/Sep/2022:09:55:48 +0800] "GET /xingrg/all/function/internal_message.html?_=1662688408598&CODE_STATE=getMsg HTTP/1.1" 200 27
180.163.28.68 - - [09/Sep/2022:09:55:50 +0800] "GET /xingrg/kc/buy/cgsh_order_operate.html?command=get_materiel&rest_code=00106&code=00101008356&supplier_code=00100007&order_time=2022-09-09 HTTP/1.1" 302 -
180.163.28.68 - - [09/Sep/2022:09:55:50 +0800] "GET /xingrg/login.html HTTP/1.1" 200 7641
124.79.74.72 - - [09/Sep/2022:09:55:52 +0800] "GET /xingrg/kc/buy/cgsh_order_operate.html?command=get_materiel&rest_code=00156&code=00101019961&supplier_code=00100151&order_time=2022-09-08 HTTP/1.1" 200 406
116.237.72.126 - - [09/Sep/2022:09:55:54 +0800] "GET /xingrg/all/function/internal_message.html?_=1662688553489&CODE_STATE=getMsg HTTP/1.1" 200 27
116.232.194.65 - - [09/Sep/2022:09:55:59 +0800] "GET /xingrg/all/function/internal_message.html?_=1662688508913&CODE_STATE=getMsg HTTP/1.1" 200 27
116.225.121.189 - - [09/Sep/2022:09:56:01 +0800] "GET /xingrg/all/function/internal_message.html?_=1662688559212&CODE_STATE=getMsg HTTP/1.1" 200 27
222.70.246.221 - - [09/Sep/2022:09:56:03 +0800] "GET /xingrg/all/function/internal_message.html?_=1662688577838&CODE_STATE=getMsg HTTP/1.1" 200 27
180.163.29.212 - - [09/Sep/2022:09:56:03 +0800] "GET /xingrg/check_reg.html?_=1662687473477 HTTP/1.1" 302 -
180.163.29.212 - - [09/Sep/2022:09:56:03 +0800] "GET /xingrg/login.html HTTP/1.1" 200 7641
114.83.219.57 - - [09/Sep/2022:09:56:05 +0800] "GET /xingrg/all/function/internal_message.html?_=1662688642603&CODE_STATE=getMsg HTTP/1.1" 200 27
124.79.74.72 - - [09/Sep/2022:09:56:06 +0800] "POST /xingrg/kc/buy/cgsh_order_operate.html HTTP/1.1" 200 37
124.79.74.72 - - [09/Sep/2022:09:56:07 +0800] "POST /xingrg/kc/buy/cgsh_order_operate.html HTTP/1.1" 200 5637
124.79.74.72 - - [09/Sep/2022:09:56:10 +0800] "GET /xingrg/kc/print/load_config.html?kc_code=cgsh HTTP/1.1" 200 1943
124.79.74.72 - - [09/Sep/2022:09:56:10 +0800] "GET /xingrg/kc/print/load_data.html?order_code=212022090802661&kc_code=cgsh&condition= HTTP/1.1" 200 1799
124.79.74.72 - - [09/Sep/2022:09:56:19 +0800] "POST /xingrg/kc/buy/cgsh_order_operate.html HTTP/1.1" 200 37
116.224.255.128 - - [09/Sep/2022:09:56:19 +0800] "GET /xingrg/all/function/internal_message.html?_=1662688519819&CODE_STATE=getMsg HTTP/1.1" 200 27
101.83.241.167 - - [09/Sep/2022:09:56:19 +0800] "GET /xingrg/all/function/internal_message.html?_=1662688573798&CODE_STATE=getMsg HTTP/1.1" 200 27
116.238.169.132 - - [09/Sep/2022:09:56:19 +0800] "GET /xingrg/all/function/internal_message.html?_=1662688576964&CODE_STATE=getMsg HTTP/1.1" 200 27
124.79.74.72 - - [09/Sep/2022:09:56:25 +0800] "POST /xingrg/kc/buy/cgsh_order_operate.html HTTP/1.1" 200 12
124.79.74.72 - - [09/Sep/2022:09:56:26 +0800] "GET /xingrg/kc/buy/cgsh_order_info.html?code=212022090802661 HTTP/1.1" 200 63602
124.79.74.72 - - [09/Sep/2022:09:56:26 +0800] "GET /xingrg/javascript/easyui/themes/default/validatebox.css HTTP/1.1" 404 1104
124.79.74.72 - - [09/Sep/2022:09:56:26 +0800] "POST /xingrg/kc/buy/cgsh_order_operate.html HTTP/1.1" 200 3585
124.79.74.72 - - [09/Sep/2022:09:56:31 +0800] "POST /xingrg/kc/buy/cgsh_list_operate.html HTTP/1.1" 200 752
116.238.169.132 - - [09/Sep/2022:09:56:31 +0800] "GET /xingrg/all/function/internal_message.html?_=1662688587167&CODE_STATE=getMsg HTTP/1.1" 200 27
120.253.135.82 - - [09/Sep/2022:09:56:39 +0800] "GET /xingrg/all/function/internal_message.html?_=1662688397374&CODE_STATE=getMsg HTTP/1.1" 200 27
116.224.255.128 - - [09/Sep/2022:09:56:40 +0800] "GET /xingrg/all/function/internal_message.html?_=1662688594973&CODE_STATE=getMsg HTTP/1.1" 200 27
114.84.81.136 - - [09/Sep/2022:09:56:48 +0800] "GET /xingrg/all/function/internal_message.html?_=1662688603537&CODE_STATE=getMsg HTTP/1.1" 302 -
116.225.121.189 - - [09/Sep/2022:09:56:48 +0800] "GET /xingrg/all/function/internal_message.html?_=1662688468598&CODE_STATE=getMsg HTTP/1.1" 200 27
116.237.72.126 - - [09/Sep/2022:09:56:54 +0800] "GET /xingrg/all/function/internal_message.html?_=1662688613488&CODE_STATE=getMsg HTTP/1.1" 200 27
116.232.194.65 - - [09/Sep/2022:09:56:59 +0800] "GET /xingrg/all/function/internal_message.html?_=1662688568894&CODE_STATE=getMsg HTTP/1.1" 200 27
116.225.121.189 - - [09/Sep/2022:09:57:01 +0800] "GET /xingrg/all/function/internal_message.html?_=1662688619192&CODE_STATE=getMsg HTTP/1.1" 200 27
222.70.246.221 - - [09/Sep/2022:09:57:02 +0800] "GET /xingrg/check_reg.html?_=1662688636986 HTTP/1.1" 200 22
222.70.246.221 - - [09/Sep/2022:09:57:03 +0800] "GET /xingrg/all/function/internal_message.html?_=1662688637850&CODE_STATE=getMsg HTTP/1.1" 200 27
114.83.219.57 - - [09/Sep/2022:09:57:05 +0800] "GET /xingrg/all/function/internal_message.html?_=1662688702605&CODE_STATE=getMsg HTTP/1.1" 200 27
120.253.135.82 - - [09/Sep/2022:09:57:14 +0800] "GET /xingrg/check_reg.html?_=1662688432212 HTTP/1.1" 200 22
116.224.255.128 - - [09/Sep/2022:09:57:19 +0800] "GET /xingrg/all/function/internal_message.html?_=1662688579972&CODE_STATE=getMsg HTTP/1.1" 200 27
101.83.241.167 - - [09/Sep/2022:09:57:19 +0800] "GET /xingrg/all/function/internal_message.html?_=1662688633798&CODE_STATE=getMsg HTTP/1.1" 200 27
116.238.169.132 - - [09/Sep/2022:09:57:19 +0800] "GET /xingrg/all/function/internal_message.html?_=1662688636973&CODE_STATE=getMsg HTTP/1.1" 200 27
124.79.74.72 - - [09/Sep/2022:09:57:20 +0800] "GET /xingrg/all/function/internal_message.html?_=1662688635850&CODE_STATE=getMsg HTTP/1.1" 200 27
180.163.29.103 - - [09/Sep/2022:09:57:25 +0800] "GET /xingrg/all/function/internal_message.html?_=1662686813477&CODE_STATE=getMsg HTTP/1.1" 302 -
180.163.29.103 - - [09/Sep/2022:09:57:25 +0800] "GET /xingrg/login.html HTTP/1.1" 200 7641
116.238.169.132 - - [09/Sep/2022:09:57:32 +0800] "GET /xingrg/all/function/internal_message.html?_=1662688647169&CODE_STATE=getMsg HTTP/1.1" 200 27
116.238.169.132 - - [09/Sep/2022:09:57:32 +0800] "GET /xingrg/check_reg.html?_=1662688647174 HTTP/1.1" 200 22
120.253.135.82 - - [09/Sep/2022:09:57:39 +0800] "GET /xingrg/all/function/internal_message.html?_=1662688457374&CODE_STATE=getMsg HTTP/1.1" 200 27
116.224.255.128 - - [09/Sep/2022:09:57:40 +0800] "GET /xingrg/all/function/internal_message.html?_=1662688654982&CODE_STATE=getMsg HTTP/1.1" 200 27
116.224.255.128 - - [09/Sep/2022:09:57:40 +0800] "GET /xingrg/check_reg.html?_=1662688654984 HTTP/1.1" 200 22
180.163.30.76 - - [09/Sep/2022:09:57:48 +0800] "GET /xingrg/all/function/internal_message.html?_=1662686693561&CODE_STATE=getMsg HTTP/1.1" 302 -
180.163.30.76 - - [09/Sep/2022:09:57:48 +0800] "GET /xingrg/login.html HTTP/1.1" 200 7641
114.84.81.136 - - [09/Sep/2022:09:57:48 +0800] "GET /xingrg/all/function/internal_message.html?_=1662688663509&CODE_STATE=getMsg HTTP/1.1" 302 -
116.225.121.189 - - [09/Sep/2022:09:57:48 +0800] "GET /xingrg/all/function/internal_message.html?_=1662688528598&CODE_STATE=getMsg HTTP/1.1" 200 27
116.237.72.126 - - [09/Sep/2022:09:57:54 +0800] "GET /xingrg/all/function/internal_message.html?_=1662688673486&CODE_STATE=getMsg HTTP/1.1" 200 27
116.237.72.126 - - [09/Sep/2022:09:57:54 +0800] "GET /xingrg/check_reg.html?_=1662688673488 HTTP/1.1" 200 22
116.232.194.65 - - [09/Sep/2022:09:57:59 +0800] "GET /xingrg/all/function/internal_message.html?_=1662688628868&CODE_STATE=getMsg HTTP/1.1" 200 27
116.225.121.189 - - [09/Sep/2022:09:58:01 +0800] "GET /xingrg/all/function/internal_message.html?_=1662688679160&CODE_STATE=getMsg HTTP/1.1" 200 27
222.70.246.221 - - [09/Sep/2022:09:58:03 +0800] "GET /xingrg/all/function/internal_message.html?_=1662688697865&CODE_STATE=getMsg HTTP/1.1" 200 27
114.83.219.57 - - [09/Sep/2022:09:58:05 +0800] "GET /xingrg/all/function/internal_message.html?_=1662688762601&CODE_STATE=getMsg HTTP/1.1" 200 27
116.232.194.65 - - [09/Sep/2022:09:58:13 +0800] "GET /xingrg/check_reg.html?_=1662688642668 HTTP/1.1" 200 22
116.224.255.128 - - [09/Sep/2022:09:58:19 +0800] "GET /xingrg/all/function/internal_message.html?_=1662688639986&CODE_STATE=getMsg HTTP/1.1" 200 27
101.83.241.167 - - [09/Sep/2022:09:58:19 +0800] "GET /xingrg/all/function/internal_message.html?_=1662688693812&CODE_STATE=getMsg HTTP/1.1" 200 27
116.238.169.132 - - [09/Sep/2022:09:58:19 +0800] "GET /xingrg/all/function/internal_message.html?_=1662688696969&CODE_STATE=getMsg HTTP/1.1" 200 27
124.79.74.72 - - [09/Sep/2022:09:58:20 +0800] "GET /xingrg/all/function/internal_message.html?_=1662688695821&CODE_STATE=getMsg HTTP/1.1" 200 27
116.238.169.132 - - [09/Sep/2022:09:58:31 +0800] "GET /xingrg/all/function/internal_message.html?_=1662688707159&CODE_STATE=getMsg HTTP/1.1" 200 27
124.79.74.72 - - [09/Sep/2022:09:58:35 +0800] "GET /xingrg/check_reg.html?_=1662688711368 HTTP/1.1" 200 22
120.253.135.82 - - [09/Sep/2022:09:58:39 +0800] "GET /xingrg/all/function/internal_message.html?_=1662688517388&CODE_STATE=getMsg HTTP/1.1" 200 27
116.224.255.128 - - [09/Sep/2022:09:58:40 +0800] "GET /xingrg/all/function/internal_message.html?_=1662688714982&CODE_STATE=getMsg HTTP/1.1" 200 27
114.84.81.136 - - [09/Sep/2022:09:58:48 +0800] "GET /xingrg/all/function/internal_message.html?_=1662688723482&CODE_STATE=getMsg HTTP/1.1" 302 -
116.225.121.189 - - [09/Sep/2022:09:58:48 +0800] "GET /xingrg/all/function/internal_message.html?_=1662688588599&CODE_STATE=getMsg HTTP/1.1" 200 27
116.237.72.126 - - [09/Sep/2022:09:58:54 +0800] "GET /xingrg/all/function/internal_message.html?_=1662688733487&CODE_STATE=getMsg HTTP/1.1" 200 27
116.232.194.65 - - [09/Sep/2022:09:58:59 +0800] "GET /xingrg/all/function/internal_message.html?_=1662688688848&CODE_STATE=getMsg HTTP/1.1" 200 27
116.225.121.189 - - [09/Sep/2022:09:59:01 +0800] "GET /xingrg/all/function/internal_message.html?_=1662688739139&CODE_STATE=getMsg HTTP/1.1" 200 27
222.70.246.221 - - [09/Sep/2022:09:59:03 +0800] "GET /xingrg/all/function/internal_message.html?_=1662688757877&CODE_STATE=getMsg HTTP/1.1" 200 27
114.83.219.57 - - [09/Sep/2022:09:59:05 +0800] "GET /xingrg/all/function/internal_message.html?_=1662688822593&CODE_STATE=getMsg HTTP/1.1" 200 27
124.79.74.72 - - [09/Sep/2022:09:59:13 +0800] "GET /xingrg/kc/buy/cgsh_order_list.html HTTP/1.1" 200 52848
124.79.74.72 - - [09/Sep/2022:09:59:14 +0800] "POST /xingrg/kc/buy/cgsh_list_operate.html HTTP/1.1" 200 752
116.224.255.128 - - [09/Sep/2022:09:59:18 +0800] "GET /xingrg/check_reg.html?_=1662688699111 HTTP/1.1" 200 22
116.224.255.128 - - [09/Sep/2022:09:59:19 +0800] "GET /xingrg/all/function/internal_message.html?_=1662688700000&CODE_STATE=getMsg HTTP/1.1" 200 27
101.83.241.167 - - [09/Sep/2022:09:59:19 +0800] "GET /xingrg/all/function/internal_message.html?_=1662688753813&CODE_STATE=getMsg HTTP/1.1" 200 27
101.83.241.167 - - [09/Sep/2022:09:59:19 +0800] "GET /xingrg/check_reg.html?_=1662688753824 HTTP/1.1" 200 22
116.238.169.132 - - [09/Sep/2022:09:59:19 +0800] "GET /xingrg/check_reg.html?_=1662688756970 HTTP/1.1" 200 22
116.238.169.132 - - [09/Sep/2022:09:59:19 +0800] "GET /xingrg/all/function/internal_message.html?_=1662688756971&CODE_STATE=getMsg HTTP/1.1" 200 27
124.79.74.72 - - [09/Sep/2022:09:59:20 +0800] "GET /xingrg/all/function/internal_message.html?_=1662688755792&CODE_STATE=getMsg HTTP/1.1" 200 27
180.163.30.27 - - [09/Sep/2022:09:59:22 +0800] "GET /xingrg/kc/buy/cgsh_order_operate.html?command=get_materiel&rest_code=00106&code=00101008297&supplier_code=00100007&order_time=2022-09-09 HTTP/1.1" 302 -
180.163.30.27 - - [09/Sep/2022:09:59:22 +0800] "GET /xingrg/login.html HTTP/1.1" 200 7641
116.238.169.132 - - [09/Sep/2022:09:59:31 +0800] "GET /xingrg/all/function/internal_message.html?_=1662688767161&CODE_STATE=getMsg HTTP/1.1" 200 27
120.253.135.82 - - [09/Sep/2022:09:59:39 +0800] "GET /xingrg/all/function/internal_message.html?_=1662688577532&CODE_STATE=getMsg HTTP/1.1" 200 27
116.224.255.128 - - [09/Sep/2022:09:59:40 +0800] "GET /xingrg/all/function/internal_message.html?_=1662688774982&CODE_STATE=getMsg HTTP/1.1" 200 27
114.84.81.136 - - [09/Sep/2022:09:59:48 +0800] "GET /xingrg/all/function/internal_message.html?_=1662688783455&CODE_STATE=getMsg HTTP/1.1" 302 -
116.225.121.189 - - [09/Sep/2022:09:59:48 +0800] "GET /xingrg/check_reg.html?_=1662688648585 HTTP/1.1" 200 22
116.225.121.189 - - [09/Sep/2022:09:59:48 +0800] "GET /xingrg/all/function/internal_message.html?_=1662688648588&CODE_STATE=getMsg HTTP/1.1" 200 27
124.79.74.72 - - [09/Sep/2022:09:59:52 +0800] "GET /xingrg/kc/buy/cgsh_order_add.html HTTP/1.1" 200 68709
124.79.74.72 - - [09/Sep/2022:09:59:52 +0800] "POST /xingrg/kc/buy/cgsh_order_operate.html HTTP/1.1" 200 8245
124.79.74.72 - - [09/Sep/2022:09:59:52 +0800] "GET /xingrg/javascript/easyui/themes/default/validatebox.css HTTP/1.1" 404 1104
116.237.72.126 - - [09/Sep/2022:09:59:54 +0800] "GET /xingrg/all/function/internal_message.html?_=1662688793488&CODE_STATE=getMsg HTTP/1.1" 200 27
116.232.194.65 - - [09/Sep/2022:09:59:59 +0800] "GET /xingrg/all/function/internal_message.html?_=1662688748836&CODE_STATE=getMsg HTTP/1.1" 200 27
180.163.28.55 - - [09/Sep/2022:10:00:00 +0800] "GET /xingrg/kc/buy/cgsh_order_operate.html?command=get_materiel&rest_code=00106&code=00101008061&supplier_code=00100007&order_time=2022-09-09 HTTP/1.1" 302 -
180.163.28.55 - - [09/Sep/2022:10:00:00 +0800] "GET /xingrg/login.html HTTP/1.1" 200 7641
116.225.121.189 - - [09/Sep/2022:10:00:00 +0800] "GET /xingrg/all/function/internal_message.html?_=1662688799135&CODE_STATE=getMsg HTTP/1.1" 200 27
116.225.121.189 - - [09/Sep/2022:10:00:01 +0800] "GET /xingrg/check_reg.html?_=1662688799449 HTTP/1.1" 200 22
222.70.246.221 - - [09/Sep/2022:10:00:03 +0800] "GET /xingrg/all/function/internal_message.html?_=1662688817998&CODE_STATE=getMsg HTTP/1.1" 200 27
124.79.74.72 - - [09/Sep/2022:10:00:04 +0800] "GET /xingrg/kc/buy/cgsh_order_operate.html?command=get_materiel&rest_code=00156&code=00101011001&supplier_code=00100012&order_time=2022-09-09 HTTP/1.1" 200 423
114.83.219.57 - - [09/Sep/2022:10:00:05 +0800] "GET /xingrg/all/function/internal_message.html?_=1662688882601&CODE_STATE=getMsg HTTP/1.1" 200 27
114.83.219.57 - - [09/Sep/2022:10:00:05 +0800] "GET /xingrg/check_reg.html?_=1662688882605 HTTP/1.1" 200 22
114.84.81.136 - - [09/Sep/2022:10:00:11 +0800] "GET /xingrg/check_reg.html?_=1662688806672 HTTP/1.1" 302 -
124.79.74.72 - - [09/Sep/2022:10:00:13 +0800] "GET /xingrg/kc/buy/cgsh_order_operate.html?command=get_materiel&rest_code=00156&code=00101002027&supplier_code=00100012&order_time=2022-09-09 HTTP/1.1" 200 432
101.83.241.167 - - [09/Sep/2022:10:00:19 +0800] "GET /xingrg/all/function/internal_message.html?_=1662688813826&CODE_STATE=getMsg HTTP/1.1" 200 27
116.224.255.128 - - [09/Sep/2022:10:00:19 +0800] "GET /xingrg/all/function/internal_message.html?_=1662688760014&CODE_STATE=getMsg HTTP/1.1" 200 27
116.238.169.132 - - [09/Sep/2022:10:00:19 +0800] "GET /xingrg/all/function/internal_message.html?_=1662688816966&CODE_STATE=getMsg HTTP/1.1" 200 27
124.79.74.72 - - [09/Sep/2022:10:00:20 +0800] "GET /xingrg/all/function/internal_message.html?_=1662688815767&CODE_STATE=getMsg HTTP/1.1" 200 27
116.238.169.132 - - [09/Sep/2022:10:00:31 +0800] "GET /xingrg/all/function/internal_message.html?_=1662688827160&CODE_STATE=getMsg HTTP/1.1" 200 27
120.253.135.82 - - [09/Sep/2022:10:00:39 +0800] "GET /xingrg/all/function/internal_message.html?_=1662688637540&CODE_STATE=getMsg HTTP/1.1" 200 27
116.224.255.128 - - [09/Sep/2022:10:00:40 +0800] "GET /xingrg/all/function/internal_message.html?_=1662688834995&CODE_STATE=getMsg HTTP/1.1" 200 27
114.84.81.136 - - [09/Sep/2022:10:00:48 +0800] "GET /xingrg/all/function/internal_message.html?_=1662688843431&CODE_STATE=getMsg HTTP/1.1" 302 -
116.225.121.189 - - [09/Sep/2022:10:00:48 +0800] "GET /xingrg/all/function/internal_message.html?_=1662688708588&CODE_STATE=getMsg HTTP/1.1" 200 27
116.237.72.126 - - [09/Sep/2022:10:00:54 +0800] "GET /xingrg/all/function/internal_message.html?_=1662688853489&CODE_STATE=getMsg HTTP/1.1" 200 27
116.232.194.65 - - [09/Sep/2022:10:00:59 +0800] "GET /xingrg/all/function/internal_message.html?_=1662688808824&CODE_STATE=getMsg HTTP/1.1" 200 27
116.225.121.189 - - [09/Sep/2022:10:01:00 +0800] "GET /xingrg/all/function/internal_message.html?_=1662688859107&CODE_STATE=getMsg HTTP/1.1" 200 27
222.70.246.221 - - [09/Sep/2022:10:01:03 +0800] "GET /xingrg/all/function/internal_message.html?_=1662688877998&CODE_STATE=getMsg HTTP/1.1" 200 27
114.83.219.57 - - [09/Sep/2022:10:01:05 +0800] "GET /xingrg/all/function/internal_message.html?_=1662688942598&CODE_STATE=getMsg HTTP/1.1" 200 27
124.79.74.72 - - [09/Sep/2022:10:01:08 +0800] "GET /xingrg/kc/buy/cgsh_order_operate.html?command=get_materiel&rest_code=00156&code=00101001075&supplier_code=00100012&order_time=2022-09-09 HTTP/1.1" 200 409
180.163.28.109 - - [09/Sep/2022:10:01:17 +0800] "GET /xingrg/all/function/internal_message.html?_=1662687593460&CODE_STATE=getMsg HTTP/1.1" 302 -
180.163.28.109 - - [09/Sep/2022:10:01:17 +0800] "GET /xingrg/login.html HTTP/1.1" 200 7641
124.79.74.72 - - [09/Sep/2022:10:01:17 +0800] "GET /xingrg/kc/buy/cgsh_order_operate.html?command=get_materiel&rest_code=00156&code=00101012019&supplier_code=00100012&order_time=2022-09-09 HTTP/1.1" 200 412
180.163.30.85 - - [09/Sep/2022:10:01:18 +0800] "GET /xingrg/all/function/internal_message.html?_=1662687533460&CODE_STATE=getMsg HTTP/1.1" 302 -
180.163.30.85 - - [09/Sep/2022:10:01:18 +0800] "GET /xingrg/login.html HTTP/1.1" 200 7641
101.83.241.167 - - [09/Sep/2022:10:01:19 +0800] "GET /xingrg/all/function/internal_message.html?_=1662688873825&CODE_STATE=getMsg HTTP/1.1" 200 27
116.224.255.128 - - [09/Sep/2022:10:01:19 +0800] "GET /xingrg/all/function/internal_message.html?_=1662688820026&CODE_STATE=getMsg HTTP/1.1" 200 27
116.238.169.132 - - [09/Sep/2022:10:01:19 +0800] "GET /xingrg/all/function/internal_message.html?_=1662688876973&CODE_STATE=getMsg HTTP/1.1" 200 27
124.79.74.72 - - [09/Sep/2022:10:01:20 +0800] "GET /xingrg/all/function/internal_message.html?_=1662688875759&CODE_STATE=getMsg HTTP/1.1" 200 27
180.163.30.100 - - [09/Sep/2022:10:01:30 +0800] "GET /xingrg/all/function/internal_message.html?_=1662687353471&CODE_STATE=getMsg HTTP/1.1" 302 -
180.163.30.100 - - [09/Sep/2022:10:01:30 +0800] "GET /xingrg/login.html HTTP/1.1" 200 7641
116.238.169.132 - - [09/Sep/2022:10:01:32 +0800] "GET /xingrg/all/function/internal_message.html?_=1662688887162&CODE_STATE=getMsg HTTP/1.1" 200 27
124.79.74.72 - - [09/Sep/2022:10:01:36 +0800] "GET /xingrg/kc/buy/cgsh_order_operate.html?command=get_materiel&rest_code=00156&code=00101007081&supplier_code=00100012&order_time=2022-09-09 HTTP/1.1" 200 434
120.253.135.82 - - [09/Sep/2022:10:01:39 +0800] "GET /xingrg/all/function/internal_message.html?_=1662688697656&CODE_STATE=getMsg HTTP/1.1" 200 27
116.224.255.128 - - [09/Sep/2022:10:01:40 +0800] "GET /xingrg/all/function/internal_message.html?_=1662688894992&CODE_STATE=getMsg HTTP/1.1" 200 27
114.84.81.136 - - [09/Sep/2022:10:01:48 +0800] "GET /xingrg/all/function/internal_message.html?_=1662688903402&CODE_STATE=getMsg HTTP/1.1" 302 -
116.225.121.189 - - [09/Sep/2022:10:01:48 +0800] "GET /xingrg/all/function/internal_message.html?_=1662688768589&CODE_STATE=getMsg HTTP/1.1" 200 27
116.237.72.126 - - [09/Sep/2022:10:01:54 +0800] "GET /xingrg/all/function/internal_message.html?_=1662688913488&CODE_STATE=getMsg HTTP/1.1" 200 27
116.232.194.65 - - [09/Sep/2022:10:01:59 +0800] "GET /xingrg/all/function/internal_message.html?_=1662688868808&CODE_STATE=getMsg HTTP/1.1" 200 27
116.225.121.189 - - [09/Sep/2022:10:02:00 +0800] "GET /xingrg/all/function/internal_message.html?_=1662688919078&CODE_STATE=getMsg HTTP/1.1" 200 27
222.70.246.221 - - [09/Sep/2022:10:02:02 +0800] "GET /xingrg/check_reg.html?_=1662688937076 HTTP/1.1" 200 22
222.70.246.221 - - [09/Sep/2022:10:02:03 +0800] "GET /xingrg/all/function/internal_message.html?_=1662688938012&CODE_STATE=getMsg HTTP/1.1" 200 27
114.83.219.57 - - [09/Sep/2022:10:02:05 +0800] "GET /xingrg/all/function/internal_message.html?_=1662689002594&CODE_STATE=getMsg HTTP/1.1" 200 27
120.253.135.82 - - [09/Sep/2022:10:02:14 +0800] "GET /xingrg/check_reg.html?_=1662688732222 HTTP/1.1" 200 22
101.83.241.167 - - [09/Sep/2022:10:02:19 +0800] "GET /xingrg/all/function/internal_message.html?_=1662688933814&CODE_STATE=getMsg HTTP/1.1" 200 27
116.224.255.128 - - [09/Sep/2022:10:02:19 +0800] "GET /xingrg/all/function/internal_message.html?_=1662688880180&CODE_STATE=getMsg HTTP/1.1" 200 27
116.238.169.132 - - [09/Sep/2022:10:02:19 +0800] "GET /xingrg/all/function/internal_message.html?_=1662688936967&CODE_STATE=getMsg HTTP/1.1" 200 27
124.79.74.72 - - [09/Sep/2022:10:02:20 +0800] "GET /xingrg/all/function/internal_message.html?_=1662688935739&CODE_STATE=getMsg HTTP/1.1" 200 27
114.84.5.35 - - [09/Sep/2022:10:02:23 +0800] "GET /xingrg/login.html HTTP/1.1" 200 7641
114.84.5.35 - - [09/Sep/2022:10:02:24 +0800] "GET /favicon.ico HTTP/1.1" 404 -
124.79.74.72 - - [09/Sep/2022:10:02:25 +0800] "POST /xingrg/kc/buy/cgsh_order_operate.html HTTP/1.1" 200 37
114.84.5.35 - - [09/Sep/2022:10:02:27 +0800] "POST /xingrg/login.do HTTP/1.1" 302 -
114.84.5.35 - - [09/Sep/2022:10:02:27 +0800] "GET /xingrg/index.html?sysBaseUrl=http%3A%2F%2F180.169.147.146%3A18081%2Fxingrg%2F&costTime=41×tamp=1662688947106 HTTP/1.1" 200 17173
114.84.5.35 - - [09/Sep/2022:10:02:27 +0800] "GET /favicon.ico HTTP/1.1" 404 -
114.84.5.35 - - [09/Sep/2022:10:02:27 +0800] "POST /xingrg/all/common/load_tree.html?tree=area_rest_tree_json&manage=1 HTTP/1.1" 200 342
114.84.5.35 - - [09/Sep/2022:10:02:27 +0800] "POST /xingrg/load_menu.html HTTP/1.1" 200 5138
114.84.5.35 - - [09/Sep/2022:10:02:27 +0800] "GET /xingrg/all/function/internal_message.html?_=1662688941146&CODE_STATE=count HTTP/1.1" 200 11
114.84.5.35 - - [09/Sep/2022:10:02:27 +0800] "GET /xingrg/check_reg.html?_=1662688941147 HTTP/1.1" 200 22
124.79.74.72 - - [09/Sep/2022:10:02:27 +0800] "POST /xingrg/kc/buy/cgsh_order_operate.html HTTP/1.1" 200 5033
124.79.74.72 - - [09/Sep/2022:10:02:30 +0800] "GET /xingrg/kc/print/load_data.html?order_code=212022090903080&kc_code=cgsh&condition= HTTP/1.1" 200 1678
114.84.5.35 - - [09/Sep/2022:10:02:31 +0800] "GET /xingrg/kc/buy/buy_main.html HTTP/1.1" 200 12412
114.84.5.35 - - [09/Sep/2022:10:02:31 +0800] "GET /xingrg/css/new_ie.css HTTP/1.1" 404 1036
116.238.169.132 - - [09/Sep/2022:10:02:31 +0800] "GET /xingrg/all/function/internal_message.html?_=1662688947164&CODE_STATE=getMsg HTTP/1.1" 200 27
116.238.169.132 - - [09/Sep/2022:10:02:31 +0800] "GET /xingrg/check_reg.html?_=1662688947168 HTTP/1.1" 200 22
114.84.5.35 - - [09/Sep/2022:10:02:32 +0800] "GET /xingrg/images/yd/bt.gif HTTP/1.1" 404 1040
114.84.5.35 - - [09/Sep/2022:10:02:32 +0800] "GET /xingrg/kc/buy/cgsh_order_list.html HTTP/1.1" 200 52842
114.84.5.35 - - [09/Sep/2022:10:02:34 +0800] "POST /xingrg/kc/buy/cgsh_list_operate.html HTTP/1.1" 200 752
114.84.5.35 - - [09/Sep/2022:10:02:37 +0800] "GET /xingrg/kc/buy/cgsh_order_add.html HTTP/1.1" 200 68580
114.84.5.35 - - [09/Sep/2022:10:02:37 +0800] "GET /xingrg/words/20220908163408_words.js HTTP/1.1" 200 919912
114.84.5.35 - - [09/Sep/2022:10:02:37 +0800] "POST /xingrg/kc/buy/cgsh_order_operate.html HTTP/1.1" 200 8245
114.84.5.35 - - [09/Sep/2022:10:02:38 +0800] "GET /xingrg/all/common/auto_word.html?type=employee&rest_code=00111 HTTP/1.1" 200 155
114.84.5.35 - - [09/Sep/2022:10:02:38 +0800] "GET /xingrg/javascript/easyui/themes/default/validatebox.css HTTP/1.1" 404 1104
114.84.5.35 - - [09/Sep/2022:10:02:38 +0800] "GET /xingrg/all/common/auto_word.html?type=employee&rest_code=00111 HTTP/1.1" 200 155
180.163.29.219 - - [09/Sep/2022:10:02:38 +0800] "GET /xingrg/check_reg.html?_=1662687773465 HTTP/1.1" 302 -
180.163.29.219 - - [09/Sep/2022:10:02:38 +0800] "GET /xingrg/login.html HTTP/1.1" 200 7641
114.84.5.35 - - [09/Sep/2022:10:02:39 +0800] "GET /xingrg/javascript/auto/indicator.gif HTTP/1.1" 404 1066
120.253.135.82 - - [09/Sep/2022:10:02:39 +0800] "GET /xingrg/all/function/internal_message.html?_=1662688757665&CODE_STATE=getMsg HTTP/1.1" 200 27
116.224.255.128 - - [09/Sep/2022:10:02:40 +0800] "GET /xingrg/check_reg.html?_=1662688954992 HTTP/1.1" 200 22
116.224.255.128 - - [09/Sep/2022:10:02:40 +0800] "GET /xingrg/all/function/internal_message.html?_=1662688954990&CODE_STATE=getMsg HTTP/1.1" 200 27
114.84.81.136 - - [09/Sep/2022:10:02:48 +0800] "GET /xingrg/all/function/internal_message.html?_=1662688963375&CODE_STATE=getMsg HTTP/1.1" 302 -
116.225.121.189 - - [09/Sep/2022:10:02:48 +0800] "GET /xingrg/all/function/internal_message.html?_=1662688828616&CODE_STATE=getMsg HTTP/1.1" 200 27
116.237.72.126 - - [09/Sep/2022:10:02:54 +0800] "GET /xingrg/check_reg.html?_=1662688973487 HTTP/1.1" 200 22
116.237.72.126 - - [09/Sep/2022:10:02:54 +0800] "GET /xingrg/all/function/internal_message.html?_=1662688973489&CODE_STATE=getMsg HTTP/1.1" 200 27
120.253.135.82 - - [09/Sep/2022:10:02:56 +0800] "GET /xingrg/kc/pszx/mdqp_order_list.html?state=10 HTTP/1.1" 200 10657
120.253.135.82 - - [09/Sep/2022:10:02:56 +0800] "POST /xingrg/kc/pszx/mdps_list_operate.html HTTP/1.1" 200 868
120.253.135.82 - - [09/Sep/2022:10:02:56 +0800] "GET /xingrg/dwr/interface/AjaxReportQueryService.js HTTP/1.1" 200 13203
120.253.135.82 - - [09/Sep/2022:10:02:56 +0800] "GET /xingrg/dwr/engine.js HTTP/1.1" 200 43631
120.253.135.82 - - [09/Sep/2022:10:02:56 +0800] "GET /xingrg/dwr/interface/AjaxQqpsService.js HTTP/1.1" 200 16326
116.232.194.65 - - [09/Sep/2022:10:02:59 +0800] "GET /xingrg/all/function/internal_message.html?_=1662688928791&CODE_STATE=getMsg HTTP/1.1" 200 27
124.79.74.72 - - [09/Sep/2022:10:03:00 +0800] "GET /xingrg/kc/buy/cgsh_order_add.html HTTP/1.1" 200 68709
124.79.74.72 - - [09/Sep/2022:10:03:00 +0800] "POST /xingrg/kc/buy/cgsh_order_operate.html HTTP/1.1" 200 8245
124.79.74.72 - - [09/Sep/2022:10:03:00 +0800] "GET /xingrg/javascript/easyui/themes/default/validatebox.css HTTP/1.1" 404 1104
116.225.121.189 - - [09/Sep/2022:10:03:00 +0800] "GET /xingrg/all/function/internal_message.html?_=1662688979049&CODE_STATE=getMsg HTTP/1.1" 200 27
120.253.135.82 - - [09/Sep/2022:10:03:01 +0800] "GET /xingrg/kc/pszx/mdps_order_list.html?orderType=0 HTTP/1.1" 200 21045
120.253.135.82 - - [09/Sep/2022:10:03:01 +0800] "POST /xingrg/kc/pszx/mdps_list_operate.html HTTP/1.1" 200 5291
222.70.246.221 - - [09/Sep/2022:10:03:03 +0800] "GET /xingrg/all/function/internal_message.html?_=1662688998025&CODE_STATE=getMsg HTTP/1.1" 200 27
114.83.219.57 - - [09/Sep/2022:10:03:05 +0800] "GET /xingrg/all/function/internal_message.html?_=1662689062600&CODE_STATE=getMsg HTTP/1.1" 200 27
120.253.135.82 - - [09/Sep/2022:10:03:06 +0800] "POST /xingrg/kc/pszx/mdps_list_operate.html HTTP/1.1" 200 205
120.253.135.82 - - [09/Sep/2022:10:03:07 +0800] "GET /xingrg/kc/pszx/mdps_order_info.html?code=312022090300074 HTTP/1.1" 200 24028
120.253.135.82 - - [09/Sep/2022:10:03:08 +0800] "GET /xingrg/javascript/easyui/themes/default/validatebox.css HTTP/1.1" 404 1104
120.253.135.82 - - [09/Sep/2022:10:03:08 +0800] "POST /xingrg/kc/pszx/mdps_order_operate.html HTTP/1.1" 200 2284
116.224.255.128 - - [09/Sep/2022:10:03:08 +0800] "POST /xingrg/all/user/operate.html HTTP/1.1" 200 36
116.224.255.128 - - [09/Sep/2022:10:03:08 +0800] "GET /xingrg/javascript/jquery_easy_ui/themes/default/easyui.css HTTP/1.1" 304 -
116.224.255.128 - - [09/Sep/2022:10:03:08 +0800] "GET /xingrg/index.html?sysBaseUrl=http%3A%2F%2F180.169.147.146%3A18081%2Fxingrg%2F&costTime=41×tamp=1662685672486 HTTP/1.1" 200 17179
116.224.255.128 - - [09/Sep/2022:10:03:08 +0800] "GET /xingrg/javascript/jquery_easy_ui/themes/icon.css HTTP/1.1" 304 -
116.224.255.128 - - [09/Sep/2022:10:03:08 +0800] "GET /xingrg/css/form.css HTTP/1.1" 304 -
116.224.255.128 - - [09/Sep/2022:10:03:08 +0800] "GET /xingrg/javascript/jquery-1.4.2.min.js HTTP/1.1" 304 -
116.224.255.128 - - [09/Sep/2022:10:03:08 +0800] "GET /xingrg/javascript/jquery_easy_ui/jquery.easyui.min.js HTTP/1.1" 304 -
116.224.255.128 - - [09/Sep/2022:10:03:09 +0800] "GET /xingrg/javascript/jquery_easy_ui/easyui-lang-zh_CN.js HTTP/1.1" 304 -
116.224.255.128 - - [09/Sep/2022:10:03:09 +0800] "GET /xingrg/javascript/jquery.form.js HTTP/1.1" 304 -
116.224.255.128 - - [09/Sep/2022:10:03:09 +0800] "GET /xingrg/javascript/jquery.utils.js HTTP/1.1" 304 -
116.224.255.128 - - [09/Sep/2022:10:03:09 +0800] "GET /xingrg/javascript/jquery.timers.js HTTP/1.1" 304 -
116.224.255.128 - - [09/Sep/2022:10:03:09 +0800] "GET /xingrg/images/blue/jxLogo.png HTTP/1.1" 304 -
116.224.255.128 - - [09/Sep/2022:10:03:09 +0800] "GET /xingrg/javascript/jquery_easy_ui/themes/icons/settle_new.png HTTP/1.1" 304 -
116.224.255.128 - - [09/Sep/2022:10:03:09 +0800] "GET /xingrg/images/blue/navBackgound.jpg HTTP/1.1" 304 -
116.224.255.128 - - [09/Sep/2022:10:03:09 +0800] "POST /xingrg/all/common/load_tree.html?tree=area_rest_tree_json&manage=1 HTTP/1.1" 200 476
116.224.255.128 - - [09/Sep/2022:10:03:09 +0800] "GET /xingrg/all/function/internal_message.html?_=1662688984081&CODE_STATE=count HTTP/1.1" 200 11
116.224.255.128 - - [09/Sep/2022:10:03:09 +0800] "GET /xingrg/check_reg.html?_=1662688984083 HTTP/1.1" 200 22
116.224.255.128 - - [09/Sep/2022:10:03:09 +0800] "GET /xingrg/images/blue/pingpu.png HTTP/1.1" 304 -
116.224.255.128 - - [09/Sep/2022:10:03:09 +0800] "GET /xingrg/javascript/jquery_easy_ui/themes/default/images/panel_tool_collapse.gif HTTP/1.1" 304 -
116.224.255.128 - - [09/Sep/2022:10:03:09 +0800] "GET /xingrg/javascript/jquery_easy_ui/themes/default/images/tabs_leftarrow.png HTTP/1.1" 304 -
116.224.255.128 - - [09/Sep/2022:10:03:09 +0800] "POST /xingrg/load_menu.html HTTP/1.1" 200 5138
116.224.255.128 - - [09/Sep/2022:10:03:09 +0800] "GET /xingrg/javascript/jquery_easy_ui/themes/default/images/tabs_rightarrow.png HTTP/1.1" 304 -
180.163.28.68 - - [09/Sep/2022:10:03:09 +0800] "GET /xingrg/all/function/internal_message.html?_=1662687053444&CODE_STATE=getMsg HTTP/1.1" 302 -
116.224.255.128 - - [09/Sep/2022:10:03:09 +0800] "GET /xingrg/javascript/jquery_easy_ui/themes/icons/forms_new.png HTTP/1.1" 304 -
116.224.255.128 - - [09/Sep/2022:10:03:09 +0800] "GET /xingrg/javascript/jquery_easy_ui/themes/default/images/tree_folder_open.gif HTTP/1.1" 304 -
116.224.255.128 - - [09/Sep/2022:10:03:09 +0800] "GET /xingrg/javascript/jquery_easy_ui/themes/icons/search_new.png HTTP/1.1" 304 -
116.224.255.128 - - [09/Sep/2022:10:03:09 +0800] "GET /xingrg/javascript/jquery_easy_ui/themes/default/images/tree_file.gif HTTP/1.1" 304 -
116.224.255.128 - - [09/Sep/2022:10:03:09 +0800] "GET /xingrg/javascript/jquery_easy_ui/themes/default/images/tree_folder.gif HTTP/1.1" 304 -
116.224.255.128 - - [09/Sep/2022:10:03:09 +0800] "GET /xingrg/javascript/jquery_easy_ui/themes/default/images/tree_arrows.gif HTTP/1.1" 304 -
180.163.28.68 - - [09/Sep/2022:10:03:09 +0800] "GET /xingrg/login.html HTTP/1.1" 200 7641
116.224.255.128 - - [09/Sep/2022:10:03:09 +0800] "GET /xingrg/javascript/jquery_easy_ui/themes/icons/storage_new.png HTTP/1.1" 304 -
114.84.5.35 - - [09/Sep/2022:10:03:09 +0800] "GET /xingrg/javascript/jquery_tools/images/prev.gif HTTP/1.1" 404 1086
114.84.5.35 - - [09/Sep/2022:10:03:09 +0800] "GET /xingrg/javascript/jquery_tools/images/next.gif HTTP/1.1" 404 1086
116.224.255.128 - - [09/Sep/2022:10:03:11 +0800] "GET /xingrg/kc/buy/cgsh_order_list.html HTTP/1.1" 200 52848
116.224.255.128 - - [09/Sep/2022:10:03:12 +0800] "POST /xingrg/kc/buy/cgsh_list_operate.html HTTP/1.1" 200 752
116.224.255.128 - - [09/Sep/2022:10:03:12 +0800] "GET /xingrg/kc/buy/cgsh_order_add.html HTTP/1.1" 200 68624
116.224.255.128 - - [09/Sep/2022:10:03:13 +0800] "POST /xingrg/kc/buy/cgsh_order_operate.html HTTP/1.1" 200 8245
116.224.255.128 - - [09/Sep/2022:10:03:13 +0800] "GET /xingrg/all/common/auto_word.html?type=employee&rest_code=00150 HTTP/1.1" 200 159
116.224.255.128 - - [09/Sep/2022:10:03:13 +0800] "GET /xingrg/javascript/easyui/themes/default/validatebox.css HTTP/1.1" 404 1104
116.224.255.128 - - [09/Sep/2022:10:03:13 +0800] "GET /xingrg/all/common/auto_word.html?type=employee&rest_code=00150 HTTP/1.1" 200 159
116.232.194.65 - - [09/Sep/2022:10:03:13 +0800] "GET /xingrg/check_reg.html?_=1662688942663 HTTP/1.1" 200 22
116.224.255.128 - - [09/Sep/2022:10:03:15 +0800] "GET /xingrg/javascript/auto/indicator.gif HTTP/1.1" 404 1066
114.84.5.35 - - [09/Sep/2022:10:03:18 +0800] "GET /xingrg/kc/buy/cgsh_order_operate.html?command=get_materiel&rest_code=00111&code=00101005037&supplier_code=00100042&order_time=2022-09-09 HTTP/1.1" 200 409
101.83.241.167 - - [09/Sep/2022:10:03:19 +0800] "GET /xingrg/all/function/internal_message.html?_=1662688993815&CODE_STATE=getMsg HTTP/1.1" 200 27
116.238.169.132 - - [09/Sep/2022:10:03:19 +0800] "GET /xingrg/all/function/internal_message.html?_=1662688996963&CODE_STATE=getMsg HTTP/1.1" 200 27
116.224.255.128 - - [09/Sep/2022:10:03:19 +0800] "GET /xingrg/all/function/internal_message.html?_=1662688940194&CODE_STATE=getMsg HTTP/1.1" 200 27
124.79.74.72 - - [09/Sep/2022:10:03:20 +0800] "GET /xingrg/all/function/internal_message.html?_=1662688995721&CODE_STATE=getMsg HTTP/1.1" 200 27
116.224.255.128 - - [09/Sep/2022:10:03:22 +0800] "GET /xingrg/kc/buy/cgsh_order_operate.html?command=get_materiel&rest_code=00150&code=00101009109&supplier_code=00100026&order_time=2022-09-09 HTTP/1.1" 200 413
114.84.5.35 - - [09/Sep/2022:10:03:27 +0800] "GET /xingrg/all/function/internal_message.html?_=1662689001153&CODE_STATE=getMsg HTTP/1.1" 200 27
180.163.29.103 - - [09/Sep/2022:10:03:30 +0800] "GET /xingrg/kc/buy/cgsh_order_operate.html?command=get_materiel&rest_code=00106&code=00101015006&supplier_code=00100007&order_time=2022-09-09 HTTP/1.1" 302 -
180.163.29.103 - - [09/Sep/2022:10:03:30 +0800] "GET /xingrg/login.html HTTP/1.1" 200 7641
116.224.255.128 - - [09/Sep/2022:10:03:31 +0800] "GET /xingrg/kc/buy/cgsh_order_operate.html?command=get_materiel&rest_code=00150&code=00101009062&supplier_code=00100026&order_time=2022-09-09 HTTP/1.1" 200 412
114.84.5.35 - - [09/Sep/2022:10:03:31 +0800] "GET /xingrg/kc/buy/cgsh_order_operate.html?command=get_materiel&rest_code=00111&code=00101010161&supplier_code=00100042&order_time=2022-09-09 HTTP/1.1" 200 409
116.238.169.132 - - [09/Sep/2022:10:03:31 +0800] "GET /xingrg/all/function/internal_message.html?_=1662689007170&CODE_STATE=getMsg HTTP/1.1" 200 27
180.163.28.143 - - [09/Sep/2022:10:03:33 +0800] "GET /xingrg/all/function/internal_message.html?_=1662686213451&CODE_STATE=getMsg HTTP/1.1" 302 -
180.163.28.143 - - [09/Sep/2022:10:03:33 +0800] "GET /xingrg/login.html HTTP/1.1" 200 7641
124.79.74.72 - - [09/Sep/2022:10:03:35 +0800] "GET /xingrg/check_reg.html?_=1662689011337 HTTP/1.1" 200 22
116.224.255.128 - - [09/Sep/2022:10:03:37 +0800] "GET /xingrg/kc/buy/cgsh_order_operate.html?command=get_materiel&rest_code=00150&code=00101009124&supplier_code=00100026&order_time=2022-09-09 HTTP/1.1" 200 416
120.253.135.82 - - [09/Sep/2022:10:03:39 +0800] "GET /xingrg/all/function/internal_message.html?_=1662688817779&CODE_STATE=getMsg HTTP/1.1" 200 27
124.79.74.72 - - [09/Sep/2022:10:03:40 +0800] "GET /xingrg/kc/buy/cgsh_order_operate.html?command=get_materiel&rest_code=00156&code=00101008256&supplier_code=00100006&order_time=2022-09-09 HTTP/1.1" 200 413
116.224.255.128 - - [09/Sep/2022:10:03:45 +0800] "GET /xingrg/kc/buy/cgsh_order_operate.html?command=get_materiel&rest_code=00150&code=00101009011&supplier_code=00100026&order_time=2022-09-09 HTTP/1.1" 200 416
180.163.29.206 - - [09/Sep/2022:10:03:47 +0800] "GET /xingrg/all/function/internal_message.html?_=1662686993444&CODE_STATE=getMsg HTTP/1.1" 302 -
180.163.29.206 - - [09/Sep/2022:10:03:47 +0800] "GET /xingrg/login.html HTTP/1.1" 200 7641
114.84.81.136 - - [09/Sep/2022:10:03:48 +0800] "GET /xingrg/all/function/internal_message.html?_=1662689023347&CODE_STATE=getMsg HTTP/1.1" 302 -
116.225.121.189 - - [09/Sep/2022:10:03:48 +0800] "GET /xingrg/all/function/internal_message.html?_=1662688888615&CODE_STATE=getMsg HTTP/1.1" 200 27
124.79.74.72 - - [09/Sep/2022:10:03:53 +0800] "GET /xingrg/kc/buy/cgsh_order_operate.html?command=get_materiel&rest_code=00156&code=00101008371&supplier_code=00100006&order_time=2022-09-09 HTTP/1.1" 200 412
116.237.72.126 - - [09/Sep/2022:10:03:54 +0800] "GET /xingrg/all/function/internal_message.html?_=1662689033489&CODE_STATE=getMsg HTTP/1.1" 200 27
114.84.5.35 - - [09/Sep/2022:10:03:56 +0800] "GET /xingrg/kc/buy/cgsh_order_operate.html?command=get_materiel&rest_code=00111&code=00101018007&supplier_code=00100042&order_time=2022-09-09 HTTP/1.1" 200 409
116.232.194.65 - - [09/Sep/2022:10:03:59 +0800] "GET /xingrg/all/function/internal_message.html?_=1662688988765&CODE_STATE=getMsg HTTP/1.1" 200 27
116.225.121.189 - - [09/Sep/2022:10:04:00 +0800] "GET /xingrg/all/function/internal_message.html?_=1662689039017&CODE_STATE=getMsg HTTP/1.1" 200 27
116.224.255.128 - - [09/Sep/2022:10:04:00 +0800] "POST /xingrg/kc/buy/cgsh_order_operate.html HTTP/1.1" 200 37
58.35.213.73 - - [09/Sep/2022:10:04:00 +0800] "POST /xingrg/services/DataTransmitService HTTP/1.1" 401 565
58.35.213.73 - - [09/Sep/2022:10:04:01 +0800] "POST /xingrg/services/DataTransmitService HTTP/1.1" 200 478
58.35.213.73 - - [09/Sep/2022:10:04:01 +0800] "POST /xingrg/services/DataTransmitService HTTP/1.1" 200 1319
58.35.213.73 - - [09/Sep/2022:10:04:01 +0800] "POST /xingrg/services/DataTransmitService HTTP/1.1" 200 478
58.35.213.73 - - [09/Sep/2022:10:04:01 +0800] "POST /xingrg/services/DataTransmitService HTTP/1.1" 200 1319
58.35.213.73 - - [09/Sep/2022:10:04:01 +0800] "POST /xingrg/services/DataTransmitService HTTP/1.1" 200 524
58.35.213.73 - - [09/Sep/2022:10:04:01 +0800] "POST /xingrg/services/DataTransmitService HTTP/1.1" 200 2147
58.35.213.73 - - [09/Sep/2022:10:04:01 +0800] "POST /xingrg/services/DataTransmitService HTTP/1.1" 200 45454
58.35.213.73 - - [09/Sep/2022:10:04:01 +0800] "POST /xingrg/services/DataTransmitService HTTP/1.1" 200 19237
124.79.74.72 - - [09/Sep/2022:10:04:02 +0800] "GET /xingrg/kc/buy/cgsh_order_operate.html?command=get_materiel&rest_code=00156&code=00101008337&supplier_code=00100006&order_time=2022-09-09 HTTP/1.1" 200 408
222.70.246.221 - - [09/Sep/2022:10:04:03 +0800] "GET /xingrg/all/function/internal_message.html?_=1662689058040&CODE_STATE=getMsg HTTP/1.1" 200 27
116.224.255.128 - - [09/Sep/2022:10:04:04 +0800] "POST /xingrg/kc/buy/cgsh_order_operate.html HTTP/1.1" 200 12
114.83.219.57 - - [09/Sep/2022:10:04:05 +0800] "GET /xingrg/all/function/internal_message.html?_=1662689122595&CODE_STATE=getMsg HTTP/1.1" 200 27
116.224.255.128 - - [09/Sep/2022:10:04:05 +0800] "GET /xingrg/kc/buy/cgsh_order_info.html?code=212022090903081 HTTP/1.1" 200 63527
116.224.255.128 - - [09/Sep/2022:10:04:05 +0800] "GET /xingrg/javascript/easyui/themes/default/validatebox.css HTTP/1.1" 404 1104
116.224.255.128 - - [09/Sep/2022:10:04:06 +0800] "POST /xingrg/kc/buy/cgsh_order_operate.html HTTP/1.1" 200 2979
116.224.255.128 - - [09/Sep/2022:10:04:07 +0800] "GET /xingrg/kc/print/load_data.html?order_code=212022090903081&kc_code=cgsh&condition= HTTP/1.1" 200 1665
114.84.5.35 - - [09/Sep/2022:10:04:07 +0800] "GET /xingrg/kc/buy/cgsh_order_operate.html?command=get_materiel&rest_code=00111&code=00101006067&supplier_code=00100042&order_time=2022-09-09 HTTP/1.1" 200 409
116.224.255.128 - - [09/Sep/2022:10:04:09 +0800] "GET /xingrg/all/function/internal_message.html?_=1662689044101&CODE_STATE=getMsg HTTP/1.1" 200 27
124.79.74.72 - - [09/Sep/2022:10:04:10 +0800] "GET /xingrg/kc/buy/cgsh_order_operate.html?command=get_materiel&rest_code=00156&code=00101008331&supplier_code=00100006&order_time=2022-09-09 HTTP/1.1" 200 416
116.224.255.128 - - [09/Sep/2022:10:04:13 +0800] "POST /xingrg/all/user/operate.html HTTP/1.1" 200 36
116.224.255.128 - - [09/Sep/2022:10:04:13 +0800] "GET /xingrg/index.html?sysBaseUrl=http%3A%2F%2F180.169.147.146%3A18081%2Fxingrg%2F&costTime=41×tamp=1662685672486 HTTP/1.1" 200 17177
116.224.255.128 - - [09/Sep/2022:10:04:13 +0800] "GET /xingrg/javascript/jquery_easy_ui/themes/default/easyui.css HTTP/1.1" 304 -
116.224.255.128 - - [09/Sep/2022:10:04:13 +0800] "GET /xingrg/javascript/jquery_easy_ui/themes/icon.css HTTP/1.1" 304 -
116.224.255.128 - - [09/Sep/2022:10:04:13 +0800] "GET /xingrg/css/form.css HTTP/1.1" 304 -
116.224.255.128 - - [09/Sep/2022:10:04:13 +0800] "GET /xingrg/javascript/jquery-1.4.2.min.js HTTP/1.1" 304 -
116.224.255.128 - - [09/Sep/2022:10:04:13 +0800] "GET /xingrg/javascript/jquery_easy_ui/jquery.easyui.min.js HTTP/1.1" 304 -
116.224.255.128 - - [09/Sep/2022:10:04:13 +0800] "GET /xingrg/javascript/jquery_easy_ui/easyui-lang-zh_CN.js HTTP/1.1" 304 -
116.224.255.128 - - [09/Sep/2022:10:04:13 +0800] "GET /xingrg/javascript/jquery.form.js HTTP/1.1" 304 -
116.224.255.128 - - [09/Sep/2022:10:04:13 +0800] "GET /xingrg/javascript/jquery.utils.js HTTP/1.1" 304 -
116.224.255.128 - - [09/Sep/2022:10:04:13 +0800] "GET /xingrg/javascript/jquery.timers.js HTTP/1.1" 304 -
116.224.255.128 - - [09/Sep/2022:10:04:13 +0800] "GET /xingrg/images/blue/jxLogo.png HTTP/1.1" 304 -
116.224.255.128 - - [09/Sep/2022:10:04:13 +0800] "GET /xingrg/javascript/jquery_easy_ui/themes/icons/settle_new.png HTTP/1.1" 304 -
116.224.255.128 - - [09/Sep/2022:10:04:13 +0800] "GET /xingrg/images/blue/navBackgound.jpg HTTP/1.1" 304 -
116.224.255.128 - - [09/Sep/2022:10:04:13 +0800] "POST /xingrg/all/common/load_tree.html?tree=area_rest_tree_json&manage=1 HTTP/1.1" 200 476
116.224.255.128 - - [09/Sep/2022:10:04:14 +0800] "GET /xingrg/all/function/internal_message.html?_=1662689048927&CODE_STATE=count HTTP/1.1" 200 11
116.224.255.128 - - [09/Sep/2022:10:04:14 +0800] "GET /xingrg/check_reg.html?_=1662689048928 HTTP/1.1" 200 22
116.224.255.128 - - [09/Sep/2022:10:04:14 +0800] "GET /xingrg/javascript/jquery_easy_ui/themes/default/images/tabs_leftarrow.png HTTP/1.1" 304 -
116.224.255.128 - - [09/Sep/2022:10:04:14 +0800] "GET /xingrg/javascript/jquery_easy_ui/themes/default/images/panel_tool_collapse.gif HTTP/1.1" 304 -
116.224.255.128 - - [09/Sep/2022:10:04:14 +0800] "POST /xingrg/load_menu.html HTTP/1.1" 200 5138
116.224.255.128 - - [09/Sep/2022:10:04:14 +0800] "GET /xingrg/javascript/jquery_easy_ui/themes/default/images/tabs_rightarrow.png HTTP/1.1" 304 -
116.224.255.128 - - [09/Sep/2022:10:04:14 +0800] "GET /xingrg/javascript/jquery_easy_ui/themes/icons/search_new.png HTTP/1.1" 304 -
116.224.255.128 - - [09/Sep/2022:10:04:14 +0800] "GET /xingrg/javascript/jquery_easy_ui/themes/default/images/tree_folder.gif HTTP/1.1" 304 -
116.224.255.128 - - [09/Sep/2022:10:04:14 +0800] "GET /xingrg/javascript/jquery_easy_ui/themes/default/images/tree_arrows.gif HTTP/1.1" 304 -
116.224.255.128 - - [09/Sep/2022:10:04:14 +0800] "GET /xingrg/javascript/jquery_easy_ui/themes/icons/storage_new.png HTTP/1.1" 304 -
116.224.255.128 - - [09/Sep/2022:10:04:14 +0800] "GET /xingrg/javascript/jquery_easy_ui/themes/icons/forms_new.png HTTP/1.1" 304 -
116.224.255.128 - - [09/Sep/2022:10:04:14 +0800] "GET /xingrg/images/blue/pingpu.png HTTP/1.1" 304 -
116.224.255.128 - - [09/Sep/2022:10:04:14 +0800] "GET /xingrg/javascript/jquery_easy_ui/themes/default/images/tree_folder_open.gif HTTP/1.1" 304 -
116.224.255.128 - - [09/Sep/2022:10:04:14 +0800] "GET /xingrg/javascript/jquery_easy_ui/themes/default/images/tree_file.gif HTTP/1.1" 304 -
116.224.255.128 - - [09/Sep/2022:10:04:16 +0800] "GET /xingrg/kc/buy/cgsh_order_list.html HTTP/1.1" 200 52846
116.224.255.128 - - [09/Sep/2022:10:04:16 +0800] "POST /xingrg/kc/buy/cgsh_list_operate.html HTTP/1.1" 200 752
116.224.255.128 - - [09/Sep/2022:10:04:17 +0800] "GET /xingrg/kc/buy/cgsh_order_add.html HTTP/1.1" 200 68222
116.224.255.128 - - [09/Sep/2022:10:04:18 +0800] "GET /xingrg/javascript/easyui/themes/default/validatebox.css HTTP/1.1" 404 1104
116.224.255.128 - - [09/Sep/2022:10:04:18 +0800] "POST /xingrg/kc/buy/cgsh_order_operate.html HTTP/1.1" 200 8245
124.79.74.72 - - [09/Sep/2022:10:04:18 +0800] "GET /xingrg/kc/buy/cgsh_order_operate.html?command=get_materiel&rest_code=00156&code=00101008149&supplier_code=00100006&order_time=2022-09-09 HTTP/1.1" 200 408
116.224.255.128 - - [09/Sep/2022:10:04:18 +0800] "GET /xingrg/check_reg.html?_=1662688999261 HTTP/1.1" 200 22
116.224.255.128 - - [09/Sep/2022:10:04:18 +0800] "GET /xingrg/javascript/auto/indicator.gif HTTP/1.1" 404 1066
101.83.241.167 - - [09/Sep/2022:10:04:19 +0800] "GET /xingrg/all/function/internal_message.html?_=1662689053818&CODE_STATE=getMsg HTTP/1.1" 200 27
101.83.241.167 - - [09/Sep/2022:10:04:19 +0800] "GET /xingrg/check_reg.html?_=1662689053822 HTTP/1.1" 200 22
116.224.255.128 - - [09/Sep/2022:10:04:19 +0800] "GET /xingrg/all/function/internal_message.html?_=1662689000208&CODE_STATE=getMsg HTTP/1.1" 200 27
116.238.169.132 - - [09/Sep/2022:10:04:19 +0800] "GET /xingrg/all/function/internal_message.html?_=1662689056965&CODE_STATE=getMsg HTTP/1.1" 200 27
116.238.169.132 - - [09/Sep/2022:10:04:19 +0800] "GET /xingrg/check_reg.html?_=1662689056965 HTTP/1.1" 200 22
124.79.74.72 - - [09/Sep/2022:10:04:20 +0800] "GET /xingrg/all/function/internal_message.html?_=1662689055734&CODE_STATE=getMsg HTTP/1.1" 200 27
124.79.74.72 - - [09/Sep/2022:10:04:26 +0800] "GET /xingrg/kc/buy/cgsh_order_operate.html?command=get_materiel&rest_code=00156&code=00101008354&supplier_code=00100006&order_time=2022-09-09 HTTP/1.1" 200 412
114.84.5.35 - - [09/Sep/2022:10:04:27 +0800] "GET /xingrg/all/function/internal_message.html?_=1662689061150&CODE_STATE=getMsg HTTP/1.1" 200 27
116.225.121.189 - - [09/Sep/2022:10:04:31 +0800] "POST /xingrg/services/DataTransmitService HTTP/1.1" 200 524
116.238.169.132 - - [09/Sep/2022:10:04:31 +0800] "GET /xingrg/all/function/internal_message.html?_=1662689067170&CODE_STATE=getMsg HTTP/1.1" 200 27
124.79.74.72 - - [09/Sep/2022:10:04:37 +0800] "GET /xingrg/kc/buy/cgsh_order_operate.html?command=get_materiel&rest_code=00156&code=00101008674&supplier_code=00100006&order_time=2022-09-09 HTTP/1.1" 200 398
114.84.5.35 - - [09/Sep/2022:10:04:38 +0800] "GET /xingrg/kc/buy/cgsh_order_operate.html?command=get_materiel&rest_code=00111&code=00101001010&supplier_code=00100042&order_time=2022-09-09 HTTP/1.1" 200 409
120.253.135.82 - - [09/Sep/2022:10:04:39 +0800] "GET /xingrg/all/function/internal_message.html?_=1662688877782&CODE_STATE=getMsg HTTP/1.1" 200 27
116.224.255.128 - - [09/Sep/2022:10:04:41 +0800] "GET /xingrg/kc/buy/cgsh_order_operate.html?command=get_materiel&rest_code=00151&code=00101009078&supplier_code=00100026&order_time=2022-09-09 HTTP/1.1" 200 408
124.79.74.72 - - [09/Sep/2022:10:04:43 +0800] "GET /xingrg/kc/buy/cgsh_order_operate.html?command=get_materiel&rest_code=00156&code=00101008095&supplier_code=00100006&order_time=2022-09-09 HTTP/1.1" 200 412
114.84.81.136 - - [09/Sep/2022:10:04:48 +0800] "GET /xingrg/all/function/internal_message.html?_=1662689083320&CODE_STATE=getMsg HTTP/1.1" 302 -
116.225.121.189 - - [09/Sep/2022:10:04:48 +0800] "GET /xingrg/check_reg.html?_=1662688948615 HTTP/1.1" 200 22
116.225.121.189 - - [09/Sep/2022:10:04:48 +0800] "GET /xingrg/all/function/internal_message.html?_=1662688948618&CODE_STATE=getMsg HTTP/1.1" 200 27
116.237.72.126 - - [09/Sep/2022:10:04:54 +0800] "GET /xingrg/all/function/internal_message.html?_=1662689093489&CODE_STATE=getMsg HTTP/1.1" 200 27
116.232.194.65 - - [09/Sep/2022:10:04:59 +0800] "GET /xingrg/all/function/internal_message.html?_=1662689048739&CODE_STATE=getMsg HTTP/1.1" 200 27
116.225.121.189 - - [09/Sep/2022:10:05:00 +0800] "GET /xingrg/all/function/internal_message.html?_=1662689098987&CODE_STATE=getMsg HTTP/1.1" 200 27
116.225.121.189 - - [09/Sep/2022:10:05:01 +0800] "GET /xingrg/check_reg.html?_=1662689099422 HTTP/1.1" 200 22
114.84.5.35 - - [09/Sep/2022:10:05:02 +0800] "POST /xingrg/kc/buy/cgsh_order_operate.html HTTP/1.1" 200 37
222.70.246.221 - - [09/Sep/2022:10:05:03 +0800] "GET /xingrg/all/function/internal_message.html?_=1662689118053&CODE_STATE=getMsg HTTP/1.1" 200 27
114.83.219.57 - - [09/Sep/2022:10:05:05 +0800] "GET /xingrg/all/function/internal_message.html?_=1662689182612&CODE_STATE=getMsg HTTP/1.1" 200 27
114.83.219.57 - - [09/Sep/2022:10:05:05 +0800] "GET /xingrg/check_reg.html?_=1662689182616 HTTP/1.1" 200 22
