222.70.246.221 - - [09/Sep/2022:08:52:50 +0800] "POST /xingrg/kc/buy/cgsh_order_operate.html HTTP/1.1" 200 37
116.225.121.189 - - [09/Sep/2022:08:52:50 +0800] "POST /xingrg/kc/buy/cgsh_list_operate.html HTTP/1.1" 200 752
116.225.121.189 - - [09/Sep/2022:08:52:50 +0800] "GET /xingrg/javascript/easyui/themes/default/images/button_plain_hover.png HTTP/1.1" 304 -
116.225.121.189 - - [09/Sep/2022:08:52:51 +0800] "GET /xingrg/javascript/pic_change.js HTTP/1.1" 304 -
116.225.121.189 - - [09/Sep/2022:08:52:51 +0800] "GET /xingrg/javascript/jquery_tools/order_manager.js HTTP/1.1" 304 -
116.225.121.189 - - [09/Sep/2022:08:52:51 +0800] "GET /xingrg/javascript/convert.js HTTP/1.1" 304 -
116.225.121.189 - - [09/Sep/2022:08:52:51 +0800] "GET /xingrg/javascript/json2.js HTTP/1.1" 304 -
116.225.121.189 - - [09/Sep/2022:08:52:51 +0800] "GET /xingrg/javascript/print/kc_print.js HTTP/1.1" 304 -
116.225.121.189 - - [09/Sep/2022:08:52:51 +0800] "GET /xingrg/kc/buy/cgsh_order_add.html HTTP/1.1" 200 68706
116.225.121.189 - - [09/Sep/2022:08:52:51 +0800] "GET /xingrg/words/20220908163408_words.js HTTP/1.1" 200 919912
116.225.121.189 - - [09/Sep/2022:08:52:51 +0800] "GET /xingrg/javascript/easyui/themes/icons/copy_new.png HTTP/1.1" 304 -
116.225.121.189 - - [09/Sep/2022:08:52:51 +0800] "GET /xingrg/javascript/easyui/themes/icons/ok.png HTTP/1.1" 304 -
116.225.121.189 - - [09/Sep/2022:08:52:51 +0800] "GET /xingrg/javascript/easyui/themes/icons/template_new.png HTTP/1.1" 304 -
116.225.121.189 - - [09/Sep/2022:08:52:51 +0800] "GET /xingrg/javascript/easyui/themes/default/images/menu_downarrow.png HTTP/1.1" 304 -
116.225.121.189 - - [09/Sep/2022:08:52:51 +0800] "GET /xingrg/javascript/easyui/themes/icons/cancel.png HTTP/1.1" 304 -
116.225.121.189 - - [09/Sep/2022:08:52:51 +0800] "GET /xingrg/javascript/easyui/themes/icons/print.png HTTP/1.1" 304 -
116.225.121.189 - - [09/Sep/2022:08:52:52 +0800] "POST /xingrg/kc/buy/cgsh_order_operate.html HTTP/1.1" 200 8245
116.225.121.189 - - [09/Sep/2022:08:52:52 +0800] "GET /xingrg/all/common/auto_word.html?type=employee&rest_code=00105 HTTP/1.1" 200 193
116.225.121.189 - - [09/Sep/2022:08:52:52 +0800] "GET /xingrg/all/common/auto_word.html?type=employee&rest_code=00105 HTTP/1.1" 200 193
116.225.121.189 - - [09/Sep/2022:08:52:52 +0800] "GET /xingrg/javascript/easyui/themes/default/validatebox.css HTTP/1.1" 404 1104
116.225.121.189 - - [09/Sep/2022:08:52:52 +0800] "GET /xingrg/javascript/easyui/plugins/jquery.validatebox.js HTTP/1.1" 304 -
222.70.246.221 - - [09/Sep/2022:08:52:52 +0800] "POST /xingrg/kc/buy/cgsh_order_operate.html HTTP/1.1" 200 34037
116.225.121.189 - - [09/Sep/2022:08:52:52 +0800] "GET /xingrg/javascript/easyui/plugins/jquery.numberbox.js HTTP/1.1" 304 -
116.225.121.189 - - [09/Sep/2022:08:52:52 +0800] "GET /xingrg/javascript/easyui/themes/icons/edit_remove.png HTTP/1.1" 304 -
116.225.121.189 - - [09/Sep/2022:08:52:54 +0800] "GET /xingrg/javascript/auto/indicator.gif HTTP/1.1" 404 1066
120.253.135.82 - - [09/Sep/2022:08:52:55 +0800] "GET /xingrg/all/function/internal_message.html?_=1662684573262&CODE_STATE=getMsg HTTP/1.1" 200 27
114.84.5.35 - - [09/Sep/2022:08:52:55 +0800] "POST /xingrg/services/DataTransmitService HTTP/1.1" 200 524
116.232.194.65 - - [09/Sep/2022:08:53:00 +0800] "GET /xingrg/all/function/internal_message.html?_=1662684730067&CODE_STATE=getMsg HTTP/1.1" 200 27
116.224.255.128 - - [09/Sep/2022:08:53:11 +0800] "GET /xingrg/kc/buy/cgsh_order_operate.html?command=get_materiel&rest_code=00150&code=00101006124&supplier_code=00100096&order_time=2022-09-09 HTTP/1.1" 200 411
116.224.255.128 - - [09/Sep/2022:08:53:13 +0800] "GET /xingrg/all/function/internal_message.html?_=1662684733689&CODE_STATE=getMsg HTTP/1.1" 200 27
222.70.246.221 - - [09/Sep/2022:08:53:13 +0800] "GET /xingrg/kc/buy/cgsh_order_operate.html?command=get_materiel&rest_code=00146&code=00101008137&supplier_code=00100005&order_time=2022-09-09 HTTP/1.1" 200 408
116.232.194.65 - - [09/Sep/2022:08:53:13 +0800] "GET /xingrg/check_reg.html?_=1662684742828 HTTP/1.1" 200 22
124.79.74.72 - - [09/Sep/2022:08:53:21 +0800] "GET /xingrg/all/function/internal_message.html?_=1662684797176&CODE_STATE=getMsg HTTP/1.1" 200 27
116.225.121.189 - - [09/Sep/2022:08:53:23 +0800] "GET /xingrg/kc/buy/cgsh_order_operate.html?command=get_materiel&rest_code=00105&code=00101008312&supplier_code=00100203&order_time=2022-09-09 HTTP/1.1" 200 412
116.224.255.128 - - [09/Sep/2022:08:53:25 +0800] "GET /xingrg/kc/buy/cgsh_order_operate.html?command=get_materiel&rest_code=00150&code=00101006109&supplier_code=00100096&order_time=2022-09-09 HTTP/1.1" 200 411
222.70.246.221 - - [09/Sep/2022:08:53:34 +0800] "GET /xingrg/kc/buy/cgsh_order_operate.html?command=get_materiel&rest_code=00146&code=00101008360&supplier_code=00100005&order_time=2022-09-09 HTTP/1.1" 200 431
124.79.74.72 - - [09/Sep/2022:08:53:35 +0800] "GET /xingrg/check_reg.html?_=1662684811646 HTTP/1.1" 200 22
116.225.121.189 - - [09/Sep/2022:08:53:36 +0800] "GET /xingrg/kc/buy/cgsh_order_operate.html?command=get_materiel&rest_code=00105&code=00101008230&supplier_code=00100203&order_time=2022-09-09 HTTP/1.1" 200 408
116.224.255.128 - - [09/Sep/2022:08:53:43 +0800] "GET /xingrg/kc/buy/cgsh_order_operate.html?command=get_materiel&rest_code=00150&code=00101007071&supplier_code=00100096&order_time=2022-09-09 HTTP/1.1" 200 419
222.70.246.221 - - [09/Sep/2022:08:53:43 +0800] "GET /xingrg/all/function/internal_message.html?_=1662684838087&CODE_STATE=getMsg HTTP/1.1" 200 27
116.225.121.189 - - [09/Sep/2022:08:53:44 +0800] "GET /xingrg/all/function/internal_message.html?_=1662684822318&CODE_STATE=getMsg HTTP/1.1" 200 27
116.225.121.189 - - [09/Sep/2022:08:53:44 +0800] "GET /xingrg/kc/buy/cgsh_order_operate.html?command=get_materiel&rest_code=00105&code=00101008036&supplier_code=00100203&order_time=2022-09-09 HTTP/1.1" 200 408
222.70.246.221 - - [09/Sep/2022:08:53:48 +0800] "GET /xingrg/kc/buy/cgsh_order_operate.html?command=get_materiel&rest_code=00146&code=00101008196&supplier_code=00100005&order_time=2022-09-09 HTTP/1.1" 200 416
116.225.121.189 - - [09/Sep/2022:08:53:48 +0800] "GET /xingrg/all/function/internal_message.html?_=1662684688509&CODE_STATE=getMsg HTTP/1.1" 200 27
114.84.81.136 - - [09/Sep/2022:08:53:50 +0800] "GET /xingrg/all/function/internal_message.html?_=1662684824907&CODE_STATE=getMsg HTTP/1.1" 302 -
116.225.121.189 - - [09/Sep/2022:08:53:50 +0800] "GET /xingrg/kc/buy/cgsh_order_operate.html?command=get_materiel&rest_code=00105&code=00101008286&supplier_code=00100203&order_time=2022-09-09 HTTP/1.1" 200 408
120.253.135.82 - - [09/Sep/2022:08:53:55 +0800] "GET /xingrg/all/function/internal_message.html?_=1662684633342&CODE_STATE=getMsg HTTP/1.1" 200 27
116.224.255.128 - - [09/Sep/2022:08:53:57 +0800] "GET /xingrg/kc/buy/cgsh_order_operate.html?command=get_materiel&rest_code=00150&code=00101001010&supplier_code=00100096&order_time=2022-09-09 HTTP/1.1" 200 411
116.225.121.189 - - [09/Sep/2022:08:54:00 +0800] "GET /xingrg/kc/buy/cgsh_order_operate.html?command=get_materiel&rest_code=00105&code=00101008275&supplier_code=00100203&order_time=2022-09-09 HTTP/1.1" 200 416
116.232.194.65 - - [09/Sep/2022:08:54:00 +0800] "GET /xingrg/all/function/internal_message.html?_=1662684790059&CODE_STATE=getMsg HTTP/1.1" 200 27
222.70.246.221 - - [09/Sep/2022:08:54:03 +0800] "GET /xingrg/kc/buy/cgsh_order_operate.html?command=get_materiel&rest_code=00146&code=00101008197&supplier_code=00100005&order_time=2022-09-09 HTTP/1.1" 200 416
116.224.255.128 - - [09/Sep/2022:08:54:05 +0800] "GET /xingrg/kc/buy/cgsh_order_operate.html?command=get_materiel&rest_code=00150&code=00101007077&supplier_code=00100096&order_time=2022-09-09 HTTP/1.1" 200 415
116.225.121.189 - - [09/Sep/2022:08:54:08 +0800] "GET /xingrg/kc/buy/cgsh_order_operate.html?command=get_materiel&rest_code=00105&code=00101008256&supplier_code=00100203&order_time=2022-09-09 HTTP/1.1" 200 413
222.70.246.221 - - [09/Sep/2022:08:54:09 +0800] "POST /xingrg/kc/buy/cgsh_order_operate.html HTTP/1.1" 200 2065
116.224.255.128 - - [09/Sep/2022:08:54:13 +0800] "GET /xingrg/all/function/internal_message.html?_=1662684793704&CODE_STATE=getMsg HTTP/1.1" 200 27
116.224.123.211 - - [09/Sep/2022:08:54:16 +0800] "GET /xingrg/check_reg.html?_=1662684853537 HTTP/1.1" 200 22
222.70.246.221 - - [09/Sep/2022:08:54:16 +0800] "GET /xingrg/kc/buy/cgsh_order_operate.html?command=get_materiel&rest_code=00146&code=00101008069&supplier_code=00100005&order_time=2022-09-09 HTTP/1.1" 200 412
116.225.121.189 - - [09/Sep/2022:08:54:19 +0800] "GET /xingrg/kc/buy/cgsh_order_operate.html?command=get_materiel&rest_code=00105&code=00101008045&supplier_code=00100203&order_time=2022-09-09 HTTP/1.1" 200 412
124.79.74.72 - - [09/Sep/2022:08:54:21 +0800] "GET /xingrg/all/function/internal_message.html?_=1662684857148&CODE_STATE=getMsg HTTP/1.1" 200 27
116.225.121.189 - - [09/Sep/2022:08:54:28 +0800] "GET /xingrg/kc/buy/cgsh_order_operate.html?command=get_materiel&rest_code=00105&code=00101008354&supplier_code=00100203&order_time=2022-09-09 HTTP/1.1" 200 412
116.225.121.189 - - [09/Sep/2022:08:54:37 +0800] "GET /xingrg/kc/buy/cgsh_order_operate.html?command=get_materiel&rest_code=00105&code=00101008010&supplier_code=00100203&order_time=2022-09-09 HTTP/1.1" 200 412
222.70.246.221 - - [09/Sep/2022:08:54:42 +0800] "GET /xingrg/check_reg.html?_=1662684896510 HTTP/1.1" 200 22
222.70.246.221 - - [09/Sep/2022:08:54:43 +0800] "GET /xingrg/all/function/internal_message.html?_=1662684898101&CODE_STATE=getMsg HTTP/1.1" 200 27
116.225.121.189 - - [09/Sep/2022:08:54:44 +0800] "GET /xingrg/all/function/internal_message.html?_=1662684882336&CODE_STATE=getMsg HTTP/1.1" 200 27
116.225.121.189 - - [09/Sep/2022:08:54:45 +0800] "GET /xingrg/kc/buy/cgsh_order_operate.html?command=get_materiel&rest_code=00105&code=00101008163&supplier_code=00100203&order_time=2022-09-09 HTTP/1.1" 200 409
222.70.246.221 - - [09/Sep/2022:08:54:46 +0800] "GET /xingrg/kc/buy/cgsh_order_operate.html?command=get_materiel&rest_code=00146&code=00101008318&supplier_code=00100005&order_time=2022-09-09 HTTP/1.1" 200 408
116.225.121.189 - - [09/Sep/2022:08:54:48 +0800] "GET /xingrg/check_reg.html?_=1662684748508 HTTP/1.1" 200 22
116.225.121.189 - - [09/Sep/2022:08:54:48 +0800] "GET /xingrg/all/function/internal_message.html?_=1662684748509&CODE_STATE=getMsg HTTP/1.1" 200 27
114.84.81.136 - - [09/Sep/2022:08:54:49 +0800] "GET /xingrg/all/function/internal_message.html?_=1662684884879&CODE_STATE=getMsg HTTP/1.1" 302 -
116.224.255.128 - - [09/Sep/2022:08:54:50 +0800] "POST /xingrg/kc/buy/cgsh_order_operate.html HTTP/1.1" 200 37
116.225.121.189 - - [09/Sep/2022:08:54:53 +0800] "GET /xingrg/kc/buy/cgsh_order_operate.html?command=get_materiel&rest_code=00105&code=00101008355&supplier_code=00100203&order_time=2022-09-09 HTTP/1.1" 200 408
120.253.135.82 - - [09/Sep/2022:08:54:55 +0800] "GET /xingrg/all/function/internal_message.html?_=1662684693432&CODE_STATE=getMsg HTTP/1.1" 200 27
116.224.255.128 - - [09/Sep/2022:08:54:55 +0800] "POST /xingrg/kc/buy/cgsh_order_operate.html HTTP/1.1" 200 12
116.224.255.128 - - [09/Sep/2022:08:54:57 +0800] "GET /xingrg/kc/buy/cgsh_order_info.html?code=212022090903062 HTTP/1.1" 200 63533
116.224.255.128 - - [09/Sep/2022:08:54:57 +0800] "GET /xingrg/javascript/easyui/themes/default/validatebox.css HTTP/1.1" 404 1104
116.224.255.128 - - [09/Sep/2022:08:54:58 +0800] "POST /xingrg/kc/buy/cgsh_order_operate.html HTTP/1.1" 200 4161
116.224.255.128 - - [09/Sep/2022:08:54:59 +0800] "GET /xingrg/kc/print/load_config.html?kc_code=cgsh HTTP/1.1" 200 1943
116.224.255.128 - - [09/Sep/2022:08:54:59 +0800] "GET /xingrg/kc/print/load_data.html?order_code=212022090903062&kc_code=cgsh&condition= HTTP/1.1" 200 2057
116.225.121.189 - - [09/Sep/2022:08:54:59 +0800] "GET /xingrg/kc/buy/cgsh_order_operate.html?command=get_materiel&rest_code=00105&code=00101008264&supplier_code=00100203&order_time=2022-09-09 HTTP/1.1" 200 412
116.232.194.65 - - [09/Sep/2022:08:55:00 +0800] "GET /xingrg/all/function/internal_message.html?_=1662684850035&CODE_STATE=getMsg HTTP/1.1" 200 27
222.70.246.221 - - [09/Sep/2022:08:55:05 +0800] "GET /xingrg/kc/buy/cgsh_order_operate.html?command=get_materiel&rest_code=00146&code=00101008352&supplier_code=00100005&order_time=2022-09-09 HTTP/1.1" 200 412
116.224.255.128 - - [09/Sep/2022:08:55:07 +0800] "GET /xingrg/kc/buy/cgsh_order_add.html HTTP/1.1" 200 68636
116.224.255.128 - - [09/Sep/2022:08:55:07 +0800] "POST /xingrg/kc/buy/cgsh_order_operate.html HTTP/1.1" 200 8245
116.224.255.128 - - [09/Sep/2022:08:55:08 +0800] "GET /xingrg/javascript/easyui/themes/default/validatebox.css HTTP/1.1" 404 1104
116.225.121.189 - - [09/Sep/2022:08:55:09 +0800] "GET /xingrg/kc/buy/cgsh_order_operate.html?command=get_materiel&rest_code=00105&code=00101008197&supplier_code=00100203&order_time=2022-09-09 HTTP/1.1" 200 416
114.84.81.136 - - [09/Sep/2022:08:55:11 +0800] "GET /xingrg/check_reg.html?_=1662684906553 HTTP/1.1" 302 -
116.225.121.189 - - [09/Sep/2022:08:55:12 +0800] "POST /xingrg/kc/buy/cgsh_order_operate.html HTTP/1.1" 200 2065
116.224.255.128 - - [09/Sep/2022:08:55:13 +0800] "GET /xingrg/all/function/internal_message.html?_=1662684853717&CODE_STATE=getMsg HTTP/1.1" 200 27
116.225.121.189 - - [09/Sep/2022:08:55:16 +0800] "POST /xingrg/kc/buy/cgsh_order_operate.html HTTP/1.1" 200 2065
116.224.255.128 - - [09/Sep/2022:08:55:20 +0800] "GET /xingrg/kc/buy/cgsh_order_operate.html?command=get_materiel&rest_code=00150&code=00101031006&supplier_code=00100064&order_time=2022-09-09 HTTP/1.1" 200 417
124.79.74.72 - - [09/Sep/2022:08:55:21 +0800] "GET /xingrg/all/function/internal_message.html?_=1662684917135&CODE_STATE=getMsg HTTP/1.1" 200 27
116.225.121.189 - - [09/Sep/2022:08:55:25 +0800] "GET /xingrg/kc/buy/cgsh_order_operate.html?command=get_materiel&rest_code=00105&code=00101008131&supplier_code=00100203&order_time=2022-09-09 HTTP/1.1" 200 408
222.70.246.221 - - [09/Sep/2022:08:55:26 +0800] "GET /xingrg/kc/buy/cgsh_order_operate.html?command=get_materiel&rest_code=00146&code=00101008005&supplier_code=00100005&order_time=2022-09-09 HTTP/1.1" 200 412
116.224.255.128 - - [09/Sep/2022:08:55:28 +0800] "POST /xingrg/kc/buy/cgsh_order_operate.html HTTP/1.1" 200 37
116.224.255.128 - - [09/Sep/2022:08:55:31 +0800] "POST /xingrg/kc/buy/cgsh_order_operate.html HTTP/1.1" 200 12
222.70.246.221 - - [09/Sep/2022:08:55:32 +0800] "POST /xingrg/kc/buy/cgsh_order_operate.html HTTP/1.1" 200 2065
116.224.255.128 - - [09/Sep/2022:08:55:32 +0800] "GET /xingrg/kc/buy/cgsh_order_info.html?code=212022090903063 HTTP/1.1" 200 63543
116.224.255.128 - - [09/Sep/2022:08:55:33 +0800] "GET /xingrg/javascript/easyui/themes/default/validatebox.css HTTP/1.1" 404 1104
116.224.255.128 - - [09/Sep/2022:08:55:33 +0800] "POST /xingrg/kc/buy/cgsh_order_operate.html HTTP/1.1" 200 613
116.225.121.189 - - [09/Sep/2022:08:55:34 +0800] "GET /xingrg/kc/buy/cgsh_order_operate.html?command=get_materiel&rest_code=00105&code=00101008352&supplier_code=00100203&order_time=2022-09-09 HTTP/1.1" 200 412
116.224.255.128 - - [09/Sep/2022:08:55:36 +0800] "GET /xingrg/kc/print/load_data.html?order_code=212022090903063&kc_code=cgsh&condition= HTTP/1.1" 200 776
120.253.135.82 - - [09/Sep/2022:08:55:38 +0800] "GET /xingrg/javascript/easyui/themes/sunny/images/ui-bg_gloss-wave_60_fece2f_500x100.png HTTP/1.1" 200 3512
116.224.255.128 - - [09/Sep/2022:08:55:42 +0800] "GET /xingrg/javascript/jquery_easy_ui/themes/default/images/button_a_bg.gif HTTP/1.1" 304 -
116.224.255.128 - - [09/Sep/2022:08:55:42 +0800] "GET /xingrg/javascript/jquery_easy_ui/themes/icons/ok.png HTTP/1.1" 304 -
116.224.255.128 - - [09/Sep/2022:08:55:42 +0800] "GET /xingrg/javascript/jquery_easy_ui/themes/default/images/button_span_bg.gif HTTP/1.1" 304 -
116.224.255.128 - - [09/Sep/2022:08:55:42 +0800] "GET /xingrg/javascript/jquery_easy_ui/themes/default/images/panel_tools.gif HTTP/1.1" 304 -
116.224.255.128 - - [09/Sep/2022:08:55:43 +0800] "GET /xingrg/javascript/jquery_easy_ui/themes/default/images/panel_title.png HTTP/1.1" 304 -
116.224.123.211 - - [09/Sep/2022:08:55:43 +0800] "GET /xingrg/index.html HTTP/1.1" 200 17173
222.70.246.221 - - [09/Sep/2022:08:55:44 +0800] "GET /xingrg/all/function/internal_message.html?_=1662684958191&CODE_STATE=getMsg HTTP/1.1" 200 27
116.225.121.189 - - [09/Sep/2022:08:55:44 +0800] "GET /xingrg/all/function/internal_message.html?_=1662684942367&CODE_STATE=getMsg HTTP/1.1" 200 27
116.224.123.211 - - [09/Sep/2022:08:55:44 +0800] "POST /xingrg/all/common/load_tree.html?tree=area_rest_tree_json&manage=1 HTTP/1.1" 200 342
116.224.123.211 - - [09/Sep/2022:08:55:44 +0800] "GET /favicon.ico HTTP/1.1" 404 -
116.224.123.211 - - [09/Sep/2022:08:55:44 +0800] "POST /xingrg/load_menu.html HTTP/1.1" 200 5138
116.224.123.211 - - [09/Sep/2022:08:55:44 +0800] "GET /xingrg/all/function/internal_message.html?_=1662684941619&CODE_STATE=count HTTP/1.1" 200 11
116.224.123.211 - - [09/Sep/2022:08:55:44 +0800] "GET /xingrg/check_reg.html?_=1662684941620 HTTP/1.1" 200 22
116.224.255.128 - - [09/Sep/2022:08:55:44 +0800] "POST /xingrg/all/user/operate.html HTTP/1.1" 200 36
116.224.255.128 - - [09/Sep/2022:08:55:45 +0800] "GET /xingrg/javascript/jquery_easy_ui/themes/default/easyui.css HTTP/1.1" 304 -
116.224.255.128 - - [09/Sep/2022:08:55:45 +0800] "GET /xingrg/javascript/jquery_easy_ui/themes/icon.css HTTP/1.1" 304 -
116.224.255.128 - - [09/Sep/2022:08:55:45 +0800] "GET /xingrg/index.html?sysBaseUrl=http%3A%2F%2F180.169.147.146%3A18081%2Fxingrg%2F&costTime=70×tamp=1662684732135 HTTP/1.1" 200 17177
116.224.255.128 - - [09/Sep/2022:08:55:45 +0800] "GET /xingrg/css/form.css HTTP/1.1" 304 -
116.224.255.128 - - [09/Sep/2022:08:55:45 +0800] "GET /xingrg/javascript/jquery-1.4.2.min.js HTTP/1.1" 304 -
116.224.255.128 - - [09/Sep/2022:08:55:45 +0800] "GET /xingrg/javascript/jquery_easy_ui/jquery.easyui.min.js HTTP/1.1" 304 -
116.224.255.128 - - [09/Sep/2022:08:55:45 +0800] "GET /xingrg/javascript/jquery_easy_ui/easyui-lang-zh_CN.js HTTP/1.1" 304 -
116.224.255.128 - - [09/Sep/2022:08:55:45 +0800] "GET /xingrg/javascript/jquery.form.js HTTP/1.1" 304 -
116.224.255.128 - - [09/Sep/2022:08:55:45 +0800] "GET /xingrg/javascript/jquery.utils.js HTTP/1.1" 304 -
116.224.255.128 - - [09/Sep/2022:08:55:45 +0800] "GET /xingrg/javascript/jquery.timers.js HTTP/1.1" 304 -
116.224.255.128 - - [09/Sep/2022:08:55:45 +0800] "GET /xingrg/images/blue/jxLogo.png HTTP/1.1" 304 -
116.224.255.128 - - [09/Sep/2022:08:55:45 +0800] "GET /xingrg/javascript/jquery_easy_ui/themes/icons/settle_new.png HTTP/1.1" 304 -
116.224.255.128 - - [09/Sep/2022:08:55:45 +0800] "GET /xingrg/images/blue/navBackgound.jpg HTTP/1.1" 304 -
116.224.255.128 - - [09/Sep/2022:08:55:45 +0800] "GET /xingrg/images/blue/pingpu.png HTTP/1.1" 304 -
116.224.255.128 - - [09/Sep/2022:08:55:45 +0800] "POST /xingrg/all/common/load_tree.html?tree=area_rest_tree_json&manage=1 HTTP/1.1" 200 476
116.224.255.128 - - [09/Sep/2022:08:55:45 +0800] "GET /xingrg/javascript/jquery_easy_ui/themes/default/images/tabs_leftarrow.png HTTP/1.1" 304 -
116.224.255.128 - - [09/Sep/2022:08:55:45 +0800] "GET /xingrg/javascript/jquery_easy_ui/themes/default/images/tabs_rightarrow.png HTTP/1.1" 304 -
116.224.255.128 - - [09/Sep/2022:08:55:45 +0800] "GET /xingrg/javascript/jquery_easy_ui/themes/default/images/panel_tool_collapse.gif HTTP/1.1" 304 -
116.224.255.128 - - [09/Sep/2022:08:55:45 +0800] "GET /xingrg/all/function/internal_message.html?_=1662684885985&CODE_STATE=count HTTP/1.1" 200 11
116.224.255.128 - - [09/Sep/2022:08:55:45 +0800] "GET /xingrg/check_reg.html?_=1662684885986 HTTP/1.1" 200 22
116.224.255.128 - - [09/Sep/2022:08:55:45 +0800] "POST /xingrg/load_menu.html HTTP/1.1" 200 5138
120.253.135.82 - - [09/Sep/2022:08:55:45 +0800] "GET /xingrg/kc/pszx/mdps_order_list.html?orderType=0 HTTP/1.1" 200 21045
222.70.246.221 - - [09/Sep/2022:08:55:46 +0800] "GET /xingrg/kc/buy/cgsh_order_operate.html?command=get_materiel&rest_code=00146&code=00101008371&supplier_code=00100005&order_time=2022-09-09 HTTP/1.1" 200 412
120.253.135.82 - - [09/Sep/2022:08:55:46 +0800] "POST /xingrg/kc/pszx/mdps_list_operate.html HTTP/1.1" 200 5360
116.225.121.189 - - [09/Sep/2022:08:55:47 +0800] "GET /xingrg/kc/buy/cgsh_order_operate.html?command=get_materiel&rest_code=00105&code=00101008005&supplier_code=00100203&order_time=2022-09-09 HTTP/1.1" 200 412
116.225.121.189 - - [09/Sep/2022:08:55:48 +0800] "GET /xingrg/all/function/internal_message.html?_=1662684808510&CODE_STATE=getMsg HTTP/1.1" 200 27
120.253.135.82 - - [09/Sep/2022:08:55:49 +0800] "GET /xingrg/kc/pszx/mdps_order_add.html HTTP/1.1" 200 29158
120.253.135.82 - - [09/Sep/2022:08:55:49 +0800] "POST /xingrg/kc/pszx/mdps_order_operate.html HTTP/1.1" 200 7126
120.253.135.82 - - [09/Sep/2022:08:55:49 +0800] "GET /xingrg/javascript/easyui/themes/default/validatebox.css HTTP/1.1" 404 1104
114.84.81.136 - - [09/Sep/2022:08:55:49 +0800] "GET /xingrg/all/function/internal_message.html?_=1662684944858&CODE_STATE=getMsg HTTP/1.1" 302 -
116.224.123.211 - - [09/Sep/2022:08:55:51 +0800] "GET /xingrg/kc/buy/cgsh_order_list.html HTTP/1.1" 200 52842
116.224.123.211 - - [09/Sep/2022:08:55:52 +0800] "POST /xingrg/kc/buy/cgsh_list_operate.html HTTP/1.1" 200 752
116.224.123.211 - - [09/Sep/2022:08:55:53 +0800] "GET /xingrg/kc/buy/cgsh_order_add.html HTTP/1.1" 200 68659
116.224.123.211 - - [09/Sep/2022:08:55:53 +0800] "GET /xingrg/words/20220908163408_words.js HTTP/1.1" 200 919912
116.224.123.211 - - [09/Sep/2022:08:55:53 +0800] "POST /xingrg/kc/buy/cgsh_order_operate.html HTTP/1.1" 200 8245
116.224.123.211 - - [09/Sep/2022:08:55:53 +0800] "GET /xingrg/all/common/auto_word.html?type=employee&rest_code=00102 HTTP/1.1" 200 189
116.224.123.211 - - [09/Sep/2022:08:55:53 +0800] "GET /xingrg/javascript/easyui/themes/default/validatebox.css HTTP/1.1" 404 1104
116.224.123.211 - - [09/Sep/2022:08:55:53 +0800] "GET /xingrg/all/common/auto_word.html?type=employee&rest_code=00102 HTTP/1.1" 200 189
120.253.135.82 - - [09/Sep/2022:08:55:54 +0800] "POST /xingrg/all/common/load_combo.html?type=base HTTP/1.1" 200 1260
116.225.121.189 - - [09/Sep/2022:08:55:54 +0800] "GET /xingrg/kc/buy/cgsh_order_operate.html?command=get_materiel&rest_code=00105&code=00101008271&supplier_code=00100203&order_time=2022-09-09 HTTP/1.1" 200 408
116.224.123.211 - - [09/Sep/2022:08:55:55 +0800] "GET /xingrg/javascript/auto/indicator.gif HTTP/1.1" 404 1066
120.253.135.82 - - [09/Sep/2022:08:55:55 +0800] "GET /xingrg/all/function/internal_message.html?_=1662684753442&CODE_STATE=getMsg HTTP/1.1" 200 27
116.224.255.128 - - [09/Sep/2022:08:55:57 +0800] "GET /xingrg/kc/buy/cgsh_order_list.html HTTP/1.1" 200 52846
116.224.255.128 - - [09/Sep/2022:08:55:58 +0800] "POST /xingrg/kc/buy/cgsh_list_operate.html HTTP/1.1" 200 752
222.70.246.221 - - [09/Sep/2022:08:55:59 +0800] "GET /xingrg/kc/buy/cgsh_order_operate.html?command=get_materiel&rest_code=00146&code=00101008271&supplier_code=00100005&order_time=2022-09-09 HTTP/1.1" 200 408
116.224.255.128 - - [09/Sep/2022:08:55:59 +0800] "GET /xingrg/kc/buy/cgsh_order_add.html HTTP/1.1" 200 68234
116.224.255.128 - - [09/Sep/2022:08:55:59 +0800] "POST /xingrg/kc/buy/cgsh_order_operate.html HTTP/1.1" 200 8245
116.224.255.128 - - [09/Sep/2022:08:55:59 +0800] "GET /xingrg/all/common/auto_word.html?type=employee&rest_code=00151 HTTP/1.1" 200 293
116.224.255.128 - - [09/Sep/2022:08:55:59 +0800] "GET /xingrg/javascript/easyui/themes/default/validatebox.css HTTP/1.1" 404 1104
116.224.255.128 - - [09/Sep/2022:08:55:59 +0800] "GET /xingrg/all/common/auto_word.html?type=employee&rest_code=00151 HTTP/1.1" 200 293
116.232.194.65 - - [09/Sep/2022:08:56:00 +0800] "GET /xingrg/all/function/internal_message.html?_=1662684910015&CODE_STATE=getMsg HTTP/1.1" 200 27
116.224.255.128 - - [09/Sep/2022:08:56:01 +0800] "GET /xingrg/javascript/auto/indicator.gif HTTP/1.1" 404 1066
116.225.121.189 - - [09/Sep/2022:08:56:03 +0800] "GET /xingrg/kc/buy/cgsh_order_operate.html?command=get_materiel&rest_code=00105&code=00101008353&supplier_code=00100203&order_time=2022-09-09 HTTP/1.1" 200 408
120.253.135.82 - - [09/Sep/2022:08:56:03 +0800] "GET /xingrg/kc/pszx/mdps_order_operate.html?command=get_materiel&pszx_code=00101&rest_code=00151&base_code=0010250&code=00102002685 HTTP/1.1" 200 457
116.224.255.128 - - [09/Sep/2022:08:56:09 +0800] "GET /xingrg/kc/buy/cgsh_order_operate.html?command=get_materiel&rest_code=00151&code=00101012039&supplier_code=00100096&order_time=2022-09-09 HTTP/1.1" 200 408
116.225.121.189 - - [09/Sep/2022:08:56:09 +0800] "GET /xingrg/kc/buy/cgsh_order_operate.html?command=get_materiel&rest_code=00105&code=00101008213&supplier_code=00100203&order_time=2022-09-09 HTTP/1.1" 200 412
120.253.135.82 - - [09/Sep/2022:08:56:11 +0800] "POST /xingrg/kc/pszx/mdps_order_operate.html HTTP/1.1" 200 37
120.253.135.82 - - [09/Sep/2022:08:56:12 +0800] "GET /xingrg/kc/pszx/mdps_order_info.html?code=312022090900213 HTTP/1.1" 200 24020
120.253.135.82 - - [09/Sep/2022:08:56:13 +0800] "POST /xingrg/kc/pszx/mdps_order_operate.html HTTP/1.1" 200 2295
120.253.135.82 - - [09/Sep/2022:08:56:13 +0800] "GET /xingrg/javascript/easyui/themes/default/validatebox.css HTTP/1.1" 404 1104
116.225.121.189 - - [09/Sep/2022:08:56:16 +0800] "GET /xingrg/kc/buy/cgsh_order_operate.html?command=get_materiel&rest_code=00105&code=00101008298&supplier_code=00100203&order_time=2022-09-09 HTTP/1.1" 200 412
116.224.255.128 - - [09/Sep/2022:08:56:18 +0800] "GET /xingrg/kc/buy/cgsh_order_operate.html?command=get_materiel&rest_code=00151&code=00101016025&supplier_code=00100096&order_time=2022-09-09 HTTP/1.1" 200 408
120.253.135.82 - - [09/Sep/2022:08:56:18 +0800] "GET /xingrg/kc/print/load_data.html?order_code=312022090900213&kc_code=mdps&condition= HTTP/1.1" 200 713
124.79.74.72 - - [09/Sep/2022:08:56:21 +0800] "GET /xingrg/all/function/internal_message.html?_=1662684977120&CODE_STATE=getMsg HTTP/1.1" 200 27
116.225.121.189 - - [09/Sep/2022:08:56:22 +0800] "GET /xingrg/kc/buy/cgsh_order_operate.html?command=get_materiel&rest_code=00105&code=00101008105&supplier_code=00100203&order_time=2022-09-09 HTTP/1.1" 200 412
116.224.123.211 - - [09/Sep/2022:08:56:23 +0800] "GET /xingrg/kc/buy/cgsh_order_operate.html?command=get_materiel&rest_code=00102&code=00101012029&supplier_code=00100096&order_time=2022-09-09 HTTP/1.1" 200 413
222.70.246.221 - - [09/Sep/2022:08:56:25 +0800] "GET /xingrg/kc/buy/cgsh_order_operate.html?command=get_materiel&rest_code=00146&code=00101008312&supplier_code=00100005&order_time=2022-09-09 HTTP/1.1" 200 412
116.224.255.128 - - [09/Sep/2022:08:56:29 +0800] "GET /xingrg/kc/buy/cgsh_order_operate.html?command=get_materiel&rest_code=00151&code=00101012059&supplier_code=00100096&order_time=2022-09-09 HTTP/1.1" 200 412
116.225.121.189 - - [09/Sep/2022:08:56:29 +0800] "GET /xingrg/kc/buy/cgsh_order_operate.html?command=get_materiel&rest_code=00105&code=00101008119&supplier_code=00100203&order_time=2022-09-09 HTTP/1.1" 200 412
116.224.123.211 - - [09/Sep/2022:08:56:35 +0800] "GET /xingrg/kc/buy/cgsh_order_operate.html?command=get_materiel&rest_code=00102&code=00101007077&supplier_code=00100096&order_time=2022-09-09 HTTP/1.1" 200 415
116.224.255.128 - - [09/Sep/2022:08:56:37 +0800] "GET /xingrg/kc/buy/cgsh_order_operate.html?command=get_materiel&rest_code=00151&code=00101012025&supplier_code=00100096&order_time=2022-09-09 HTTP/1.1" 200 412
116.225.121.189 - - [09/Sep/2022:08:56:38 +0800] "GET /xingrg/kc/buy/cgsh_order_operate.html?command=get_materiel&rest_code=00105&code=00101008185&supplier_code=00100203&order_time=2022-09-09 HTTP/1.1" 200 408
222.70.246.221 - - [09/Sep/2022:08:56:44 +0800] "GET /xingrg/all/function/internal_message.html?_=1662685018206&CODE_STATE=getMsg HTTP/1.1" 200 27
116.225.121.189 - - [09/Sep/2022:08:56:44 +0800] "GET /xingrg/all/function/internal_message.html?_=1662685002426&CODE_STATE=getMsg HTTP/1.1" 200 27
116.224.123.211 - - [09/Sep/2022:08:56:44 +0800] "GET /xingrg/all/function/internal_message.html?_=1662685001629&CODE_STATE=getMsg HTTP/1.1" 200 27
116.224.255.128 - - [09/Sep/2022:08:56:45 +0800] "GET /xingrg/all/function/internal_message.html?_=1662684945992&CODE_STATE=getMsg HTTP/1.1" 200 27
116.225.121.189 - - [09/Sep/2022:08:56:48 +0800] "GET /xingrg/all/function/internal_message.html?_=1662684868509&CODE_STATE=getMsg HTTP/1.1" 200 27
114.84.81.136 - - [09/Sep/2022:08:56:49 +0800] "GET /xingrg/all/function/internal_message.html?_=1662685004835&CODE_STATE=getMsg HTTP/1.1" 302 -
116.224.255.128 - - [09/Sep/2022:08:56:51 +0800] "GET /xingrg/kc/buy/cgsh_order_operate.html?command=get_materiel&rest_code=00151&code=00101012007&supplier_code=00100096&order_time=2022-09-09 HTTP/1.1" 200 412
222.70.246.221 - - [09/Sep/2022:08:56:52 +0800] "GET /xingrg/kc/buy/cgsh_order_operate.html?command=get_materiel&rest_code=00146&code=00101008110&supplier_code=00100005&order_time=2022-09-09 HTTP/1.1" 200 408
116.224.123.211 - - [09/Sep/2022:08:56:52 +0800] "GET /xingrg/kc/buy/cgsh_order_operate.html?command=get_materiel&rest_code=00102&code=00101007006&supplier_code=00100096&order_time=2022-09-09 HTTP/1.1" 200 412
116.225.121.189 - - [09/Sep/2022:08:56:53 +0800] "GET /xingrg/kc/buy/cgsh_order_operate.html?command=get_materiel&rest_code=00105&code=00101015038&supplier_code=00100203&order_time=2022-09-09 HTTP/1.1" 200 418
120.253.135.82 - - [09/Sep/2022:08:56:54 +0800] "GET /xingrg/check_reg.html?_=1662684812900 HTTP/1.1" 200 22
120.253.135.82 - - [09/Sep/2022:08:56:55 +0800] "GET /xingrg/all/function/internal_message.html?_=1662684813457&CODE_STATE=getMsg HTTP/1.1" 200 27
116.225.121.189 - - [09/Sep/2022:08:57:00 +0800] "GET /xingrg/kc/buy/cgsh_order_operate.html?command=get_materiel&rest_code=00105&code=00101015066&supplier_code=00100203&order_time=2022-09-09 HTTP/1.1" 200 413
116.232.194.65 - - [09/Sep/2022:08:57:00 +0800] "GET /xingrg/all/function/internal_message.html?_=1662684969987&CODE_STATE=getMsg HTTP/1.1" 200 27
222.70.246.221 - - [09/Sep/2022:08:57:04 +0800] "POST /xingrg/kc/buy/cgsh_order_operate.html HTTP/1.1" 200 2065
116.224.255.128 - - [09/Sep/2022:08:57:04 +0800] "GET /xingrg/kc/buy/cgsh_order_operate.html?command=get_materiel&rest_code=00151&code=00101007109&supplier_code=00100096&order_time=2022-09-09 HTTP/1.1" 200 408
116.225.121.189 - - [09/Sep/2022:08:57:09 +0800] "GET /xingrg/kc/buy/cgsh_order_operate.html?command=get_materiel&rest_code=00105&code=00101015136&supplier_code=00100203&order_time=2022-09-09 HTTP/1.1" 200 413
116.225.121.189 - - [09/Sep/2022:08:57:16 +0800] "GET /xingrg/kc/buy/cgsh_order_operate.html?command=get_materiel&rest_code=00105&code=00101008478&supplier_code=00100203&order_time=2022-09-09 HTTP/1.1" 200 412
116.224.123.211 - - [09/Sep/2022:08:57:18 +0800] "GET /xingrg/kc/buy/cgsh_order_operate.html?command=get_materiel&rest_code=00102&code=00101006019&supplier_code=00100096&order_time=2022-09-09 HTTP/1.1" 200 419
124.79.74.72 - - [09/Sep/2022:08:57:21 +0800] "GET /xingrg/all/function/internal_message.html?_=1662685037105&CODE_STATE=getMsg HTTP/1.1" 200 27
116.224.255.128 - - [09/Sep/2022:08:57:22 +0800] "GET /xingrg/kc/buy/cgsh_order_operate.html?command=get_materiel&rest_code=00151&code=00101001044&supplier_code=00100096&order_time=2022-09-09 HTTP/1.1" 200 411
222.70.246.221 - - [09/Sep/2022:08:57:27 +0800] "POST /xingrg/kc/buy/cgsh_order_operate.html HTTP/1.1" 200 37
116.225.121.189 - - [09/Sep/2022:08:57:27 +0800] "GET /xingrg/kc/buy/cgsh_order_operate.html?command=get_materiel&rest_code=00105&code=00101008330&supplier_code=00100203&order_time=2022-09-09 HTTP/1.1" 200 23
222.70.246.221 - - [09/Sep/2022:08:57:30 +0800] "POST /xingrg/kc/buy/cgsh_order_operate.html HTTP/1.1" 200 42892
116.225.121.189 - - [09/Sep/2022:08:57:35 +0800] "POST /xingrg/kc/buy/cgsh_order_operate.html HTTP/1.1" 200 37
116.225.121.189 - - [09/Sep/2022:08:57:37 +0800] "POST /xingrg/kc/buy/cgsh_order_operate.html HTTP/1.1" 200 18030
116.224.255.128 - - [09/Sep/2022:08:57:38 +0800] "GET /xingrg/kc/buy/cgsh_order_operate.html?command=get_materiel&rest_code=00151&code=00101006109&supplier_code=00100096&order_time=2022-09-09 HTTP/1.1" 200 411
116.224.123.211 - - [09/Sep/2022:08:57:44 +0800] "GET /xingrg/all/function/internal_message.html?_=1662685061641&CODE_STATE=getMsg HTTP/1.1" 200 27
222.70.246.221 - - [09/Sep/2022:08:57:44 +0800] "GET /xingrg/all/function/internal_message.html?_=1662685078593&CODE_STATE=getMsg HTTP/1.1" 200 27
116.224.255.128 - - [09/Sep/2022:08:57:45 +0800] "GET /xingrg/all/function/internal_message.html?_=1662685006006&CODE_STATE=getMsg HTTP/1.1" 200 27
116.225.121.189 - - [09/Sep/2022:08:57:48 +0800] "GET /xingrg/all/function/internal_message.html?_=1662684928508&CODE_STATE=getMsg HTTP/1.1" 200 27
116.225.121.189 - - [09/Sep/2022:08:57:48 +0800] "GET /xingrg/index.html?sysBaseUrl=http%3A%2F%2F180.169.147.146%3A18081%2Fxingrg%2F&costTime=36×tamp=1585223203754 HTTP/1.1" 302 -
116.225.121.189 - - [09/Sep/2022:08:57:48 +0800] "GET /xingrg/login.html HTTP/1.1" 200 7641
116.225.121.189 - - [09/Sep/2022:08:57:49 +0800] "GET /favicon.ico HTTP/1.1" 404 -
116.224.123.211 - - [09/Sep/2022:08:57:49 +0800] "GET /xingrg/kc/buy/cgsh_order_operate.html?command=get_materiel&rest_code=00102&code=00101016080&supplier_code=00100096&order_time=2022-09-09 HTTP/1.1" 200 408
114.84.81.136 - - [09/Sep/2022:08:57:49 +0800] "GET /xingrg/all/function/internal_message.html?_=1662685064808&CODE_STATE=getMsg HTTP/1.1" 302 -
116.224.255.128 - - [09/Sep/2022:08:57:51 +0800] "GET /xingrg/kc/buy/cgsh_order_operate.html?command=get_materiel&rest_code=00151&code=00101006112&supplier_code=00100096&order_time=2022-09-09 HTTP/1.1" 200 411
116.225.121.189 - - [09/Sep/2022:08:57:52 +0800] "POST /xingrg/login.do HTTP/1.1" 200 2421
116.225.121.189 - - [09/Sep/2022:08:57:52 +0800] "GET /favicon.ico HTTP/1.1" 404 -
116.225.121.189 - - [09/Sep/2022:08:57:53 +0800] "GET /xingrg/login.html HTTP/1.1" 200 7641
116.225.121.189 - - [09/Sep/2022:08:57:53 +0800] "GET /favicon.ico HTTP/1.1" 404 -
116.225.121.189 - - [09/Sep/2022:08:57:54 +0800] "POST /xingrg/login.do HTTP/1.1" 302 -
116.225.121.189 - - [09/Sep/2022:08:57:54 +0800] "GET /xingrg/index.html?sysBaseUrl=http%3A%2F%2F180.169.147.146%3A18081%2Fxingrg%2F&costTime=47×tamp=1662685074561 HTTP/1.1" 200 17173
116.225.121.189 - - [09/Sep/2022:08:57:54 +0800] "GET /favicon.ico HTTP/1.1" 404 -
116.225.121.189 - - [09/Sep/2022:08:57:54 +0800] "POST /xingrg/all/common/load_tree.html?tree=area_rest_tree_json&manage=1 HTTP/1.1" 200 3472
116.225.121.189 - - [09/Sep/2022:08:57:54 +0800] "GET /xingrg/all/function/internal_message.html?_=1662685072889&CODE_STATE=count HTTP/1.1" 200 11
116.225.121.189 - - [09/Sep/2022:08:57:54 +0800] "GET /xingrg/check_reg.html?_=1662685072890 HTTP/1.1" 200 22
116.225.121.189 - - [09/Sep/2022:08:57:54 +0800] "POST /xingrg/load_menu.html HTTP/1.1" 200 5138
120.253.135.82 - - [09/Sep/2022:08:57:55 +0800] "GET /xingrg/all/function/internal_message.html?_=1662684873470&CODE_STATE=getMsg HTTP/1.1" 200 27
116.225.121.189 - - [09/Sep/2022:08:57:57 +0800] "GET /xingrg/kc/buy/cgsh_order_list.html HTTP/1.1" 200 52842
116.224.123.211 - - [09/Sep/2022:08:57:59 +0800] "GET /xingrg/kc/buy/cgsh_order_operate.html?command=get_materiel&rest_code=00102&code=00101012025&supplier_code=00100096&order_time=2022-09-09 HTTP/1.1" 200 412
116.225.121.189 - - [09/Sep/2022:08:57:59 +0800] "POST /xingrg/kc/buy/cgsh_list_operate.html HTTP/1.1" 200 1517
116.232.194.65 - - [09/Sep/2022:08:58:00 +0800] "GET /xingrg/all/function/internal_message.html?_=1662685029973&CODE_STATE=getMsg HTTP/1.1" 200 27
222.70.246.221 - - [09/Sep/2022:08:58:02 +0800] "GET /xingrg/kc/buy/cgsh_order_operate.html?command=get_materiel&rest_code=00146&code=00101008323&supplier_code=00100005&order_time=2022-09-09 HTTP/1.1" 200 408
116.225.121.189 - - [09/Sep/2022:08:58:02 +0800] "POST /xingrg/kc/buy/cgsh_list_operate.html HTTP/1.1" 200 566
116.224.255.128 - - [09/Sep/2022:08:58:03 +0800] "GET /xingrg/kc/buy/cgsh_order_operate.html?command=get_materiel&rest_code=00151&code=00101006027&supplier_code=00100096&order_time=2022-09-09 HTTP/1.1" 200 409
116.225.121.189 - - [09/Sep/2022:08:58:03 +0800] "GET /xingrg/kc/buy/cgsh_order_info.html?code=212022090903064 HTTP/1.1" 200 68709
116.225.121.189 - - [09/Sep/2022:08:58:03 +0800] "GET /xingrg/all/common/auto_word.html?type=employee&rest_code=00105 HTTP/1.1" 200 193
116.225.121.189 - - [09/Sep/2022:08:58:03 +0800] "GET /xingrg/javascript/easyui/themes/default/validatebox.css HTTP/1.1" 404 1104
116.225.121.189 - - [09/Sep/2022:08:58:03 +0800] "GET /xingrg/all/common/auto_word.html?type=employee&rest_code=00105 HTTP/1.1" 200 193
116.225.121.189 - - [09/Sep/2022:08:58:04 +0800] "POST /xingrg/kc/buy/cgsh_order_operate.html HTTP/1.1" 200 18030
116.232.194.65 - - [09/Sep/2022:08:58:13 +0800] "GET /xingrg/check_reg.html?_=1662685042823 HTTP/1.1" 200 22
124.79.74.72 - - [09/Sep/2022:08:58:21 +0800] "GET /xingrg/all/function/internal_message.html?_=1662685097076&CODE_STATE=getMsg HTTP/1.1" 200 27
116.224.255.128 - - [09/Sep/2022:08:58:23 +0800] "POST /xingrg/kc/buy/cgsh_order_operate.html HTTP/1.1" 200 37
116.224.255.128 - - [09/Sep/2022:08:58:26 +0800] "POST /xingrg/kc/buy/cgsh_order_operate.html HTTP/1.1" 200 12
116.224.255.128 - - [09/Sep/2022:08:58:27 +0800] "GET /xingrg/kc/buy/cgsh_order_info.html?code=212022090903065 HTTP/1.1" 200 63131
116.224.255.128 - - [09/Sep/2022:08:58:28 +0800] "GET /xingrg/javascript/easyui/themes/default/validatebox.css HTTP/1.1" 404 1104
116.224.255.128 - - [09/Sep/2022:08:58:28 +0800] "POST /xingrg/kc/buy/cgsh_order_operate.html HTTP/1.1" 200 5996
116.224.255.128 - - [09/Sep/2022:08:58:34 +0800] "POST /xingrg/kc/buy/cgsh_order_operate.html HTTP/1.1" 200 12
222.70.246.221 - - [09/Sep/2022:08:58:34 +0800] "GET /xingrg/kc/buy/cgsh_order_operate.html?command=get_materiel&rest_code=00146&code=00101008041&supplier_code=00100005&order_time=2022-09-09 HTTP/1.1" 200 408
116.224.255.128 - - [09/Sep/2022:08:58:35 +0800] "GET /xingrg/kc/buy/cgsh_order_info.html?code=212022090903065 HTTP/1.1" 200 68233
116.224.255.128 - - [09/Sep/2022:08:58:35 +0800] "GET /xingrg/javascript/easyui/themes/default/validatebox.css HTTP/1.1" 404 1104
124.79.74.72 - - [09/Sep/2022:08:58:35 +0800] "GET /xingrg/check_reg.html?_=1662685111625 HTTP/1.1" 200 22
116.224.255.128 - - [09/Sep/2022:08:58:36 +0800] "POST /xingrg/kc/buy/cgsh_order_operate.html HTTP/1.1" 200 8051
116.224.123.211 - - [09/Sep/2022:08:58:44 +0800] "GET /xingrg/all/function/internal_message.html?_=1662685121628&CODE_STATE=getMsg HTTP/1.1" 200 27
222.70.246.221 - - [09/Sep/2022:08:58:44 +0800] "GET /xingrg/all/function/internal_message.html?_=1662685138608&CODE_STATE=getMsg HTTP/1.1" 200 27
116.224.255.128 - - [09/Sep/2022:08:58:45 +0800] "GET /xingrg/all/function/internal_message.html?_=1662685066018&CODE_STATE=getMsg HTTP/1.1" 200 27
116.224.255.128 - - [09/Sep/2022:08:58:45 +0800] "POST /xingrg/kc/buy/cgsh_order_operate.html HTTP/1.1" 200 37
116.225.121.189 - - [09/Sep/2022:08:58:48 +0800] "GET /xingrg/all/function/internal_message.html?_=1662684988507&CODE_STATE=getMsg HTTP/1.1" 200 27
116.224.255.128 - - [09/Sep/2022:08:58:49 +0800] "POST /xingrg/kc/buy/cgsh_order_operate.html HTTP/1.1" 200 12
114.84.81.136 - - [09/Sep/2022:08:58:49 +0800] "GET /xingrg/all/function/internal_message.html?_=1662685124780&CODE_STATE=getMsg HTTP/1.1" 302 -
116.224.255.128 - - [09/Sep/2022:08:58:49 +0800] "GET /xingrg/kc/buy/cgsh_order_info.html?code=212022090903065 HTTP/1.1" 200 63131
116.224.255.128 - - [09/Sep/2022:08:58:50 +0800] "GET /xingrg/javascript/easyui/themes/default/validatebox.css HTTP/1.1" 404 1104
116.224.255.128 - - [09/Sep/2022:08:58:50 +0800] "POST /xingrg/kc/buy/cgsh_order_operate.html HTTP/1.1" 200 5987
116.224.255.128 - - [09/Sep/2022:08:58:52 +0800] "GET /xingrg/kc/print/load_data.html?order_code=212022090903065&kc_code=cgsh&condition= HTTP/1.1" 200 2776
116.225.121.189 - - [09/Sep/2022:08:58:54 +0800] "GET /xingrg/all/function/internal_message.html?_=1662685132896&CODE_STATE=getMsg HTTP/1.1" 200 27
116.225.121.189 - - [09/Sep/2022:08:58:55 +0800] "GET /xingrg/kc/buy/cgsh_order_add.html HTTP/1.1" 200 68706
116.225.121.189 - - [09/Sep/2022:08:58:55 +0800] "POST /xingrg/kc/buy/cgsh_order_operate.html HTTP/1.1" 200 8245
120.253.135.82 - - [09/Sep/2022:08:58:55 +0800] "GET /xingrg/all/function/internal_message.html?_=1662684933484&CODE_STATE=getMsg HTTP/1.1" 200 27
116.225.121.189 - - [09/Sep/2022:08:58:55 +0800] "GET /xingrg/javascript/easyui/themes/default/validatebox.css HTTP/1.1" 404 1104
116.225.121.189 - - [09/Sep/2022:08:58:57 +0800] "GET /xingrg/javascript/auto/indicator.gif HTTP/1.1" 404 1066
116.232.194.65 - - [09/Sep/2022:08:59:00 +0800] "GET /xingrg/all/function/internal_message.html?_=1662685089960&CODE_STATE=getMsg HTTP/1.1" 200 27
116.224.123.211 - - [09/Sep/2022:08:59:03 +0800] "GET /xingrg/kc/buy/cgsh_order_operate.html?command=get_materiel&rest_code=00102&code=00101006055&supplier_code=00100096&order_time=2022-09-09 HTTP/1.1" 200 411
116.225.121.189 - - [09/Sep/2022:08:59:10 +0800] "GET /xingrg/kc/buy/cgsh_order_operate.html?command=get_materiel&rest_code=00105&code=00101012033&supplier_code=00100034&order_time=2022-09-09 HTTP/1.1" 200 426
222.70.246.221 - - [09/Sep/2022:08:59:11 +0800] "POST /xingrg/services/DataTransmitService HTTP/1.1" 200 524
222.70.246.221 - - [09/Sep/2022:08:59:12 +0800] "POST /xingrg/services/DataTransmitService HTTP/1.1" 200 2339
222.70.246.221 - - [09/Sep/2022:08:59:13 +0800] "POST /xingrg/services/DataTransmitService HTTP/1.1" 200 202252
116.224.255.128 - - [09/Sep/2022:08:59:16 +0800] "POST /xingrg/all/user/operate.html HTTP/1.1" 200 36
116.224.255.128 - - [09/Sep/2022:08:59:16 +0800] "GET /xingrg/index.html?sysBaseUrl=http%3A%2F%2F180.169.147.146%3A18081%2Fxingrg%2F&costTime=70×tamp=1662684732135 HTTP/1.1" 200 17179
116.224.255.128 - - [09/Sep/2022:08:59:16 +0800] "GET /xingrg/javascript/jquery_easy_ui/themes/default/easyui.css HTTP/1.1" 304 -
116.224.255.128 - - [09/Sep/2022:08:59:16 +0800] "GET /xingrg/javascript/jquery_easy_ui/themes/icon.css HTTP/1.1" 304 -
116.224.255.128 - - [09/Sep/2022:08:59:16 +0800] "GET /xingrg/css/form.css HTTP/1.1" 304 -
116.224.255.128 - - [09/Sep/2022:08:59:16 +0800] "GET /xingrg/javascript/jquery-1.4.2.min.js HTTP/1.1" 304 -
116.224.255.128 - - [09/Sep/2022:08:59:17 +0800] "GET /xingrg/javascript/jquery_easy_ui/jquery.easyui.min.js HTTP/1.1" 304 -
116.224.255.128 - - [09/Sep/2022:08:59:17 +0800] "GET /xingrg/javascript/jquery_easy_ui/easyui-lang-zh_CN.js HTTP/1.1" 304 -
116.224.255.128 - - [09/Sep/2022:08:59:17 +0800] "GET /xingrg/javascript/jquery.form.js HTTP/1.1" 304 -
116.224.255.128 - - [09/Sep/2022:08:59:17 +0800] "GET /xingrg/javascript/jquery.utils.js HTTP/1.1" 304 -
116.224.255.128 - - [09/Sep/2022:08:59:17 +0800] "GET /xingrg/javascript/jquery.timers.js HTTP/1.1" 304 -
116.224.255.128 - - [09/Sep/2022:08:59:17 +0800] "GET /xingrg/images/blue/jxLogo.png HTTP/1.1" 304 -
116.224.255.128 - - [09/Sep/2022:08:59:17 +0800] "GET /xingrg/images/blue/navBackgound.jpg HTTP/1.1" 304 -
116.224.255.128 - - [09/Sep/2022:08:59:17 +0800] "GET /xingrg/images/blue/pingpu.png HTTP/1.1" 304 -
116.224.255.128 - - [09/Sep/2022:08:59:17 +0800] "POST /xingrg/all/common/load_tree.html?tree=area_rest_tree_json&manage=1 HTTP/1.1" 200 476
116.224.255.128 - - [09/Sep/2022:08:59:17 +0800] "GET /xingrg/javascript/jquery_easy_ui/themes/icons/settle_new.png HTTP/1.1" 304 -
116.224.255.128 - - [09/Sep/2022:08:59:17 +0800] "GET /xingrg/javascript/jquery_easy_ui/themes/default/images/panel_tool_collapse.gif HTTP/1.1" 304 -
116.224.255.128 - - [09/Sep/2022:08:59:17 +0800] "GET /xingrg/all/function/internal_message.html?_=1662685097782&CODE_STATE=count HTTP/1.1" 200 11
116.224.255.128 - - [09/Sep/2022:08:59:17 +0800] "GET /xingrg/check_reg.html?_=1662685097783 HTTP/1.1" 200 22
116.224.255.128 - - [09/Sep/2022:08:59:17 +0800] "GET /xingrg/javascript/jquery_easy_ui/themes/default/images/tabs_leftarrow.png HTTP/1.1" 304 -
116.224.255.128 - - [09/Sep/2022:08:59:17 +0800] "GET /xingrg/javascript/jquery_easy_ui/themes/default/images/tree_arrows.gif HTTP/1.1" 304 -
116.224.255.128 - - [09/Sep/2022:08:59:17 +0800] "POST /xingrg/load_menu.html HTTP/1.1" 200 5138
116.224.255.128 - - [09/Sep/2022:08:59:17 +0800] "GET /xingrg/javascript/jquery_easy_ui/themes/default/images/tabs_rightarrow.png HTTP/1.1" 304 -
116.224.255.128 - - [09/Sep/2022:08:59:17 +0800] "GET /xingrg/javascript/jquery_easy_ui/themes/default/images/tree_folder_open.gif HTTP/1.1" 304 -
116.224.255.128 - - [09/Sep/2022:08:59:17 +0800] "GET /xingrg/javascript/jquery_easy_ui/themes/default/images/tree_folder.gif HTTP/1.1" 304 -
116.224.255.128 - - [09/Sep/2022:08:59:17 +0800] "GET /xingrg/javascript/jquery_easy_ui/themes/icons/search_new.png HTTP/1.1" 304 -
116.224.255.128 - - [09/Sep/2022:08:59:17 +0800] "GET /xingrg/javascript/jquery_easy_ui/themes/icons/storage_new.png HTTP/1.1" 304 -
116.224.255.128 - - [09/Sep/2022:08:59:17 +0800] "GET /xingrg/javascript/jquery_easy_ui/themes/icons/forms_new.png HTTP/1.1" 304 -
116.224.255.128 - - [09/Sep/2022:08:59:17 +0800] "GET /xingrg/javascript/jquery_easy_ui/themes/default/images/tree_file.gif HTTP/1.1" 304 -
116.224.123.211 - - [09/Sep/2022:08:59:18 +0800] "GET /xingrg/kc/buy/cgsh_order_operate.html?command=get_materiel&rest_code=00102&code=00101006065&supplier_code=00100096&order_time=2022-09-09 HTTP/1.1" 200 409
124.79.74.72 - - [09/Sep/2022:08:59:21 +0800] "GET /xingrg/all/function/internal_message.html?_=1662685157048&CODE_STATE=getMsg HTTP/1.1" 200 27
116.225.121.189 - - [09/Sep/2022:08:59:25 +0800] "GET /xingrg/kc/buy/cgsh_order_operate.html?command=get_materiel&rest_code=00105&code=00101016030&supplier_code=00100034&order_time=2022-09-09 HTTP/1.1" 200 412
116.224.123.211 - - [09/Sep/2022:08:59:29 +0800] "GET /xingrg/kc/buy/cgsh_order_operate.html?command=get_materiel&rest_code=00102&code=00101007061&supplier_code=00100096&order_time=2022-09-09 HTTP/1.1" 200 411
222.70.246.221 - - [09/Sep/2022:08:59:30 +0800] "GET /xingrg/kc/buy/cgsh_order_operate.html?command=get_materiel&rest_code=00146&code=00101008402&supplier_code=00100005&order_time=2022-09-09 HTTP/1.1" 200 409
222.70.246.221 - - [09/Sep/2022:08:59:36 +0800] "POST /xingrg/services/DataTransmitService HTTP/1.1" 200 524
222.70.246.221 - - [09/Sep/2022:08:59:37 +0800] "POST /xingrg/services/DataTransmitService HTTP/1.1" 200 497
222.70.246.221 - - [09/Sep/2022:08:59:37 +0800] "POST /xingrg/kc/buy/cgsh_order_operate.html HTTP/1.1" 200 2065
116.225.121.189 - - [09/Sep/2022:08:59:38 +0800] "GET /xingrg/kc/buy/cgsh_order_operate.html?command=get_materiel&rest_code=00105&code=00101020153&supplier_code=00100034&order_time=2022-09-09 HTTP/1.1" 200 408
222.70.246.221 - - [09/Sep/2022:08:59:38 +0800] "POST /xingrg/services/DataTransmitService HTTP/1.1" 200 524
222.70.246.221 - - [09/Sep/2022:08:59:40 +0800] "POST /xingrg/services/DataTransmitService HTTP/1.1" 200 501
222.70.246.221 - - [09/Sep/2022:08:59:41 +0800] "POST /xingrg/services/DataTransmitService HTTP/1.1" 200 524
222.70.246.221 - - [09/Sep/2022:08:59:41 +0800] "POST /xingrg/services/DataTransmitService HTTP/1.1" 200 501
222.70.246.221 - - [09/Sep/2022:08:59:42 +0800] "GET /xingrg/check_reg.html?_=1662685196517 HTTP/1.1" 200 22
116.224.123.211 - - [09/Sep/2022:08:59:42 +0800] "GET /xingrg/kc/buy/cgsh_order_operate.html?command=get_materiel&rest_code=00102&code=00101007049&supplier_code=00100096&order_time=2022-09-09 HTTP/1.1" 200 409
222.70.246.221 - - [09/Sep/2022:08:59:42 +0800] "POST /xingrg/services/DataTransmitService HTTP/1.1" 200 524
222.70.246.221 - - [09/Sep/2022:08:59:43 +0800] "POST /xingrg/services/DataTransmitService HTTP/1.1" 200 501
222.70.246.221 - - [09/Sep/2022:08:59:43 +0800] "POST /xingrg/services/DataTransmitService HTTP/1.1" 200 524
222.70.246.221 - - [09/Sep/2022:08:59:44 +0800] "POST /xingrg/services/DataTransmitService HTTP/1.1" 200 501
116.224.123.211 - - [09/Sep/2022:08:59:44 +0800] "GET /xingrg/all/function/internal_message.html?_=1662685181635&CODE_STATE=getMsg HTTP/1.1" 200 27
222.70.246.221 - - [09/Sep/2022:08:59:44 +0800] "GET /xingrg/all/function/internal_message.html?_=1662685198621&CODE_STATE=getMsg HTTP/1.1" 200 27
222.70.246.221 - - [09/Sep/2022:08:59:47 +0800] "POST /xingrg/services/DataTransmitService HTTP/1.1" 200 524
222.70.246.221 - - [09/Sep/2022:08:59:48 +0800] "POST /xingrg/services/DataTransmitService HTTP/1.1" 200 501
222.70.246.221 - - [09/Sep/2022:08:59:48 +0800] "GET /xingrg/kc/buy/cgsh_order_operate.html?command=get_materiel&rest_code=00146&code=00101008314&supplier_code=00100005&order_time=2022-09-09 HTTP/1.1" 200 413
116.225.121.189 - - [09/Sep/2022:08:59:48 +0800] "GET /xingrg/all/function/internal_message.html?_=1662685048505&CODE_STATE=getMsg HTTP/1.1" 200 27
116.225.121.189 - - [09/Sep/2022:08:59:48 +0800] "GET /xingrg/check_reg.html?_=1662685048508 HTTP/1.1" 200 22
114.84.81.136 - - [09/Sep/2022:08:59:49 +0800] "GET /xingrg/all/function/internal_message.html?_=1662685184751&CODE_STATE=getMsg HTTP/1.1" 302 -
116.225.121.189 - - [09/Sep/2022:08:59:54 +0800] "GET /xingrg/all/function/internal_message.html?_=1662685192945&CODE_STATE=getMsg HTTP/1.1" 200 27
116.225.121.189 - - [09/Sep/2022:08:59:55 +0800] "GET /xingrg/kc/buy/cgsh_order_operate.html?command=get_materiel&rest_code=00105&code=00101012003&supplier_code=00100034&order_time=2022-09-09 HTTP/1.1" 200 413
116.224.255.128 - - [09/Sep/2022:08:59:55 +0800] "GET /xingrg/kc/buy/cgsh_order_list.html HTTP/1.1" 200 52848
120.253.135.82 - - [09/Sep/2022:08:59:55 +0800] "GET /xingrg/all/function/internal_message.html?_=1662684993585&CODE_STATE=getMsg HTTP/1.1" 200 27
116.224.255.128 - - [09/Sep/2022:08:59:56 +0800] "POST /xingrg/kc/buy/cgsh_list_operate.html HTTP/1.1" 200 752
116.224.255.128 - - [09/Sep/2022:08:59:57 +0800] "GET /xingrg/kc/buy/cgsh_order_add.html HTTP/1.1" 200 68636
116.224.255.128 - - [09/Sep/2022:08:59:57 +0800] "POST /xingrg/kc/buy/cgsh_order_operate.html HTTP/1.1" 200 8245
