116.232.194.65 - - [09/Sep/2022:10:28:58 +0800] "GET /xingrg/check_reg.html?_=1662690535209 HTTP/1.1" 200 22
116.232.194.65 - - [09/Sep/2022:10:28:59 +0800] "GET /xingrg/all/function/internal_message.html?_=1662690488365&CODE_STATE=getMsg HTTP/1.1" 200 27
116.225.121.189 - - [09/Sep/2022:10:29:00 +0800] "GET /xingrg/all/function/internal_message.html?_=1662690538439&CODE_STATE=getMsg HTTP/1.1" 200 27
114.84.5.35 - - [09/Sep/2022:10:29:00 +0800] "GET /xingrg/kc/buy/cgsh_order_operate.html?command=get_materiel&rest_code=00111&code=00101008361&supplier_code=00100005&order_time=2022-09-09 HTTP/1.1" 200 408
222.70.246.221 - - [09/Sep/2022:10:29:04 +0800] "GET /xingrg/all/function/internal_message.html?_=1662690558646&CODE_STATE=getMsg HTTP/1.1" 200 27
114.83.219.57 - - [09/Sep/2022:10:29:04 +0800] "GET /xingrg/all/function/internal_message.html?_=1662690622604&CODE_STATE=getMsg HTTP/1.1" 200 27
114.84.5.35 - - [09/Sep/2022:10:29:09 +0800] "GET /xingrg/kc/buy/cgsh_order_operate.html?command=get_materiel&rest_code=00111&code=00101008356&supplier_code=00100005&order_time=2022-09-09 HTTP/1.1" 200 409
114.84.81.136 - - [09/Sep/2022:10:29:09 +0800] "GET /xingrg/all/function/internal_message.html?_=1662690550223&CODE_STATE=getMsg HTTP/1.1" 200 27
114.84.5.35 - - [09/Sep/2022:10:29:12 +0800] "POST /xingrg/kc/buy/cgsh_order_operate.html HTTP/1.1" 200 2065
116.238.169.132 - - [09/Sep/2022:10:29:16 +0800] "GET /xingrg/login.html HTTP/1.1" 200 7641
116.237.72.126 - - [09/Sep/2022:10:29:16 +0800] "GET /xingrg/all/function/internal_message.html?_=1662690555608&CODE_STATE=getMsg HTTP/1.1" 200 27
116.238.169.132 - - [09/Sep/2022:10:29:16 +0800] "GET /favicon.ico HTTP/1.1" 404 -
114.84.5.35 - - [09/Sep/2022:10:29:18 +0800] "GET /xingrg/kc/buy/cgsh_order_operate.html?command=get_materiel&rest_code=00111&code=00101008176&supplier_code=00100005&order_time=2022-09-09 HTTP/1.1" 200 412
114.84.81.136 - - [09/Sep/2022:10:29:19 +0800] "GET /xingrg/all/function/internal_message.html?_=1662690553962&CODE_STATE=getMsg HTTP/1.1" 200 27
124.79.74.72 - - [09/Sep/2022:10:29:19 +0800] "GET /xingrg/all/function/internal_message.html?_=1662690555183&CODE_STATE=getMsg HTTP/1.1" 200 27
101.83.241.167 - - [09/Sep/2022:10:29:19 +0800] "GET /xingrg/all/function/internal_message.html?_=1662690553935&CODE_STATE=getMsg HTTP/1.1" 200 27
101.83.241.167 - - [09/Sep/2022:10:29:19 +0800] "GET /xingrg/check_reg.html?_=1662690554017 HTTP/1.1" 200 22
116.224.255.128 - - [09/Sep/2022:10:29:19 +0800] "GET /xingrg/check_reg.html?_=1662690499965 HTTP/1.1" 200 22
116.238.169.132 - - [09/Sep/2022:10:29:19 +0800] "GET /xingrg/check_reg.html?_=1662690556973 HTTP/1.1" 200 22
116.238.169.132 - - [09/Sep/2022:10:29:20 +0800] "GET /xingrg/all/function/internal_message.html?_=1662690557409&CODE_STATE=getMsg HTTP/1.1" 200 27
116.224.255.128 - - [09/Sep/2022:10:29:20 +0800] "GET /xingrg/all/function/internal_message.html?_=1662690501187&CODE_STATE=getMsg HTTP/1.1" 200 27
116.224.255.128 - - [09/Sep/2022:10:29:21 +0800] "GET /xingrg/check_reg.html?_=1662690556684 HTTP/1.1" 200 22
116.224.255.128 - - [09/Sep/2022:10:29:21 +0800] "GET /xingrg/all/function/internal_message.html?_=1662690556685&CODE_STATE=getMsg HTTP/1.1" 200 27
114.84.5.35 - - [09/Sep/2022:10:29:27 +0800] "GET /xingrg/all/function/internal_message.html?_=1662690561370&CODE_STATE=getMsg HTTP/1.1" 200 27
116.237.72.126 - - [09/Sep/2022:10:29:29 +0800] "GET /xingrg/kc/buy/cgsh_order_operate.html?command=get_materiel&rest_code=00106&code=00101008146&supplier_code=00100009&order_time=2022-09-09 HTTP/1.1" 200 416
116.232.194.65 - - [09/Sep/2022:10:29:30 +0800] "GET /xingrg/kc/buy/cgsh_order_operate.html?command=get_materiel&rest_code=00155&code=00101008108&supplier_code=00100005&order_time=2022-09-09 HTTP/1.1" 200 412
101.83.241.167 - - [09/Sep/2022:10:29:30 +0800] "GET /xingrg/kc/buy/cgsh_order_operate.html?command=get_materiel&rest_code=00149&code=00101008358&supplier_code=00100008&order_time=2022-09-09 HTTP/1.1" 200 412
114.84.5.35 - - [09/Sep/2022:10:29:31 +0800] "GET /xingrg/kc/buy/cgsh_order_operate.html?command=get_materiel&rest_code=00111&code=00101008080&supplier_code=00100005&order_time=2022-09-09 HTTP/1.1" 200 416
116.232.194.65 - - [09/Sep/2022:10:29:39 +0800] "GET /xingrg/all/function/internal_message.html?_=1662690528196&CODE_STATE=getMsg HTTP/1.1" 200 27
116.237.72.126 - - [09/Sep/2022:10:29:39 +0800] "GET /xingrg/kc/buy/cgsh_order_operate.html?command=get_materiel&rest_code=00106&code=00101008147&supplier_code=00100009&order_time=2022-09-09 HTTP/1.1" 200 416
120.253.135.82 - - [09/Sep/2022:10:29:41 +0800] "GET /xingrg/all/function/internal_message.html?_=1662690378909&CODE_STATE=getMsg HTTP/1.1" 200 27
114.84.5.35 - - [09/Sep/2022:10:29:43 +0800] "GET /xingrg/kc/buy/cgsh_order_operate.html?command=get_materiel&rest_code=00111&code=00101008244&supplier_code=00100005&order_time=2022-09-09 HTTP/1.1" 200 408
116.238.169.132 - - [09/Sep/2022:10:29:44 +0800] "POST /xingrg/login.do HTTP/1.1" 302 -
116.238.169.132 - - [09/Sep/2022:10:29:44 +0800] "GET /xingrg/index.html?sysBaseUrl=http%3A%2F%2F180.169.147.146%3A18081%2Fxingrg%2F&costTime=41×tamp=1662690584235 HTTP/1.1" 200 17173
116.238.169.132 - - [09/Sep/2022:10:29:44 +0800] "GET /favicon.ico HTTP/1.1" 404 -
116.238.169.132 - - [09/Sep/2022:10:29:44 +0800] "POST /xingrg/all/common/load_tree.html?tree=area_rest_tree_json&manage=1 HTTP/1.1" 200 342
116.238.169.132 - - [09/Sep/2022:10:29:44 +0800] "GET /xingrg/all/function/internal_message.html?_=1662690580091&CODE_STATE=count HTTP/1.1" 200 11
116.238.169.132 - - [09/Sep/2022:10:29:44 +0800] "POST /xingrg/load_menu.html HTTP/1.1" 200 5138
116.238.169.132 - - [09/Sep/2022:10:29:44 +0800] "GET /xingrg/check_reg.html?_=1662690580095 HTTP/1.1" 200 22
116.238.169.132 - - [09/Sep/2022:10:29:46 +0800] "GET /xingrg/kc/buy/cgsh_order_list.html HTTP/1.1" 200 52842
116.238.169.132 - - [09/Sep/2022:10:29:48 +0800] "POST /xingrg/kc/buy/cgsh_list_operate.html HTTP/1.1" 200 752
116.238.169.132 - - [09/Sep/2022:10:29:48 +0800] "GET /xingrg/kc/mdqp/pssh_order_list.html HTTP/1.1" 200 17901
116.238.169.132 - - [09/Sep/2022:10:29:48 +0800] "POST /xingrg/kc/mdqp/pssh_list_operate.html HTTP/1.1" 200 5435
116.237.72.126 - - [09/Sep/2022:10:29:48 +0800] "GET /xingrg/kc/buy/cgsh_order_operate.html?command=get_materiel&rest_code=00106&code=00101008530&supplier_code=00100009&order_time=2022-09-09 HTTP/1.1" 200 436
116.225.121.189 - - [09/Sep/2022:10:29:49 +0800] "GET /xingrg/check_reg.html?_=1662690448649 HTTP/1.1" 200 22
116.225.121.189 - - [09/Sep/2022:10:29:49 +0800] "GET /xingrg/all/function/internal_message.html?_=1662690448652&CODE_STATE=getMsg HTTP/1.1" 200 27
116.238.169.132 - - [09/Sep/2022:10:29:49 +0800] "POST /xingrg/kc/mdqp/pssh_list_operate.html HTTP/1.1" 200 758
116.232.194.65 - - [09/Sep/2022:10:29:50 +0800] "GET /xingrg/kc/buy/cgsh_order_operate.html?command=get_materiel&rest_code=00155&code=00101008265&supplier_code=00100005&order_time=2022-09-09 HTTP/1.1" 200 409
116.238.169.132 - - [09/Sep/2022:10:29:50 +0800] "POST /xingrg/kc/mdqp/pssh_list_operate.html HTTP/1.1" 200 260
101.83.241.167 - - [09/Sep/2022:10:29:50 +0800] "GET /xingrg/kc/buy/cgsh_order_operate.html?command=get_materiel&rest_code=00149&code=00101008088&supplier_code=00100008&order_time=2022-09-09 HTTP/1.1" 200 409
101.83.241.167 - - [09/Sep/2022:10:29:56 +0800] "POST /xingrg/kc/buy/cgsh_order_operate.html HTTP/1.1" 200 2065
116.232.194.65 - - [09/Sep/2022:10:29:58 +0800] "GET /xingrg/all/function/internal_message.html?_=1662690595198&CODE_STATE=getMsg HTTP/1.1" 200 27
116.232.194.65 - - [09/Sep/2022:10:29:59 +0800] "GET /xingrg/all/function/internal_message.html?_=1662690548343&CODE_STATE=getMsg HTTP/1.1" 200 27
116.225.121.189 - - [09/Sep/2022:10:30:00 +0800] "GET /xingrg/all/function/internal_message.html?_=1662690598417&CODE_STATE=getMsg HTTP/1.1" 200 27
116.225.121.189 - - [09/Sep/2022:10:30:01 +0800] "GET /xingrg/check_reg.html?_=1662690599332 HTTP/1.1" 200 22
116.237.72.126 - - [09/Sep/2022:10:30:01 +0800] "POST /xingrg/kc/buy/cgsh_order_operate.html HTTP/1.1" 200 37
101.83.241.167 - - [09/Sep/2022:10:30:02 +0800] "GET /xingrg/kc/buy/cgsh_order_operate.html?command=get_materiel&rest_code=00149&code=00101008113&supplier_code=00100008&order_time=2022-09-09 HTTP/1.1" 200 413
222.70.246.221 - - [09/Sep/2022:10:30:04 +0800] "GET /xingrg/all/function/internal_message.html?_=1662690618658&CODE_STATE=getMsg HTTP/1.1" 200 27
114.83.219.57 - - [09/Sep/2022:10:30:04 +0800] "GET /xingrg/all/function/internal_message.html?_=1662690682603&CODE_STATE=getMsg HTTP/1.1" 200 27
114.83.219.57 - - [09/Sep/2022:10:30:05 +0800] "GET /xingrg/check_reg.html?_=1662690682606 HTTP/1.1" 200 22
116.237.72.126 - - [09/Sep/2022:10:30:06 +0800] "POST /xingrg/kc/buy/cgsh_order_operate.html HTTP/1.1" 200 12
114.84.81.136 - - [09/Sep/2022:10:30:09 +0800] "GET /xingrg/all/function/internal_message.html?_=1662690610261&CODE_STATE=getMsg HTTP/1.1" 200 27
116.238.169.132 - - [09/Sep/2022:10:30:12 +0800] "GET /xingrg/kc/buy/cgsh_order_list.html HTTP/1.1" 200 52842
116.238.169.132 - - [09/Sep/2022:10:30:13 +0800] "POST /xingrg/kc/buy/cgsh_list_operate.html HTTP/1.1" 200 752
116.238.169.132 - - [09/Sep/2022:10:30:13 +0800] "GET /xingrg/kc/buy/cgsh_order_add.html HTTP/1.1" 200 68665
116.237.72.126 - - [09/Sep/2022:10:30:13 +0800] "GET /xingrg/kc/buy/cgsh_order_info.html?code=212022090903090 HTTP/1.1" 200 63533
116.238.169.132 - - [09/Sep/2022:10:30:13 +0800] "GET /xingrg/words/20220908163408_words.js HTTP/1.1" 304 -
116.237.72.126 - - [09/Sep/2022:10:30:14 +0800] "GET /xingrg/javascript/easyui/themes/default/validatebox.css HTTP/1.1" 404 1104
116.238.169.132 - - [09/Sep/2022:10:30:14 +0800] "GET /xingrg/all/common/auto_word.html?type=employee&rest_code=00102 HTTP/1.1" 200 189
116.238.169.132 - - [09/Sep/2022:10:30:14 +0800] "GET /xingrg/all/common/auto_word.html?type=employee&rest_code=00102 HTTP/1.1" 200 189
116.238.169.132 - - [09/Sep/2022:10:30:14 +0800] "GET /xingrg/javascript/easyui/themes/default/validatebox.css HTTP/1.1" 404 1104
116.238.169.132 - - [09/Sep/2022:10:30:14 +0800] "POST /xingrg/kc/buy/cgsh_order_operate.html HTTP/1.1" 200 8245
116.237.72.126 - - [09/Sep/2022:10:30:15 +0800] "POST /xingrg/kc/buy/cgsh_order_operate.html HTTP/1.1" 200 1819
116.232.194.65 - - [09/Sep/2022:10:30:16 +0800] "GET /xingrg/kc/buy/cgsh_order_operate.html?command=get_materiel&rest_code=00155&code=00101008132&supplier_code=00100005&order_time=2022-09-09 HTTP/1.1" 200 408
116.237.72.126 - - [09/Sep/2022:10:30:16 +0800] "GET /xingrg/kc/print/load_data.html?order_code=212022090903090&kc_code=cgsh&condition= HTTP/1.1" 200 1257
116.237.72.126 - - [09/Sep/2022:10:30:16 +0800] "GET /xingrg/all/function/internal_message.html?_=1662690615734&CODE_STATE=getMsg HTTP/1.1" 200 27
116.238.169.132 - - [09/Sep/2022:10:30:16 +0800] "GET /xingrg/javascript/auto/indicator.gif HTTP/1.1" 404 1066
114.84.81.136 - - [09/Sep/2022:10:30:19 +0800] "GET /xingrg/all/function/internal_message.html?_=1662690613958&CODE_STATE=getMsg HTTP/1.1" 200 27
124.79.74.72 - - [09/Sep/2022:10:30:19 +0800] "GET /xingrg/all/function/internal_message.html?_=1662690615169&CODE_STATE=getMsg HTTP/1.1" 200 27
101.83.241.167 - - [09/Sep/2022:10:30:19 +0800] "GET /xingrg/all/function/internal_message.html?_=1662690613929&CODE_STATE=getMsg HTTP/1.1" 200 27
116.237.72.126 - - [09/Sep/2022:10:30:19 +0800] "GET /xingrg/kc/print/load_data.html?order_code=212022090903090&kc_code=cgsh HTTP/1.1" 200 1257
116.238.169.132 - - [09/Sep/2022:10:30:20 +0800] "GET /xingrg/all/function/internal_message.html?_=1662690617390&CODE_STATE=getMsg HTTP/1.1" 200 27
116.238.169.132 - - [09/Sep/2022:10:30:20 +0800] "GET /xingrg/kc/buy/cgsh_order_operate.html?command=get_materiel&rest_code=00102&code=00101008173&supplier_code=&order_time=2022-09-09 HTTP/1.1" 200 413
116.224.255.128 - - [09/Sep/2022:10:30:20 +0800] "GET /xingrg/all/function/internal_message.html?_=1662690561200&CODE_STATE=getMsg HTTP/1.1" 200 27
116.238.169.132 - - [09/Sep/2022:10:30:21 +0800] "GET /xingrg/kc/mdqp/pssh_order_list.html HTTP/1.1" 200 17901
116.238.169.132 - - [09/Sep/2022:10:30:21 +0800] "POST /xingrg/kc/mdqp/pssh_list_operate.html HTTP/1.1" 200 5435
116.224.255.128 - - [09/Sep/2022:10:30:21 +0800] "GET /xingrg/all/function/internal_message.html?_=1662690616683&CODE_STATE=getMsg HTTP/1.1" 200 27
124.79.74.72 - - [09/Sep/2022:10:30:22 +0800] "GET /xingrg/kc/buy/cgsh_order_operate.html?command=get_materiel&rest_code=00156&code=00101008283&supplier_code=00100006&order_time=2022-09-09 HTTP/1.1" 200 408
114.84.5.35 - - [09/Sep/2022:10:30:23 +0800] "GET /xingrg/kc/buy/cgsh_order_operate.html?command=get_materiel&rest_code=00111&code=00101008370&supplier_code=00100005&order_time=2022-09-09 HTTP/1.1" 200 412
114.84.5.35 - - [09/Sep/2022:10:30:26 +0800] "POST /xingrg/kc/buy/cgsh_order_operate.html HTTP/1.1" 200 2065
114.84.5.35 - - [09/Sep/2022:10:30:27 +0800] "GET /xingrg/all/function/internal_message.html?_=1662690621426&CODE_STATE=getMsg HTTP/1.1" 200 27
116.232.194.65 - - [09/Sep/2022:10:30:29 +0800] "GET /xingrg/kc/buy/cgsh_order_operate.html?command=get_materiel&rest_code=00155&code=00101008055&supplier_code=00100005&order_time=2022-09-09 HTTP/1.1" 200 409
116.237.72.126 - - [09/Sep/2022:10:30:33 +0800] "POST /xingrg/services/DataTransmitService HTTP/1.1" 200 524
124.79.74.72 - - [09/Sep/2022:10:30:34 +0800] "GET /xingrg/kc/buy/cgsh_order_operate.html?command=get_materiel&rest_code=00156&code=00101008096&supplier_code=00100006&order_time=2022-09-09 HTTP/1.1" 200 412
116.237.72.126 - - [09/Sep/2022:10:30:34 +0800] "POST /xingrg/services/DataTransmitService HTTP/1.1" 200 2667
101.83.241.167 - - [09/Sep/2022:10:30:35 +0800] "POST /xingrg/services/DataTransmitService HTTP/1.1" 200 524
116.237.72.126 - - [09/Sep/2022:10:30:35 +0800] "POST /xingrg/services/DataTransmitService HTTP/1.1" 200 207363
124.79.74.72 - - [09/Sep/2022:10:30:37 +0800] "GET /xingrg/kc/buy/cgsh_order_operate.html?command=get_materiel&rest_code=00156&code=00101015054&supplier_code=00100006&order_time=2022-09-09 HTTP/1.1" 200 423
116.232.194.65 - - [09/Sep/2022:10:30:39 +0800] "GET /xingrg/all/function/internal_message.html?_=1662690588214&CODE_STATE=getMsg HTTP/1.1" 200 27
120.253.135.82 - - [09/Sep/2022:10:30:41 +0800] "GET /xingrg/all/function/internal_message.html?_=1662690438916&CODE_STATE=getMsg HTTP/1.1" 200 27
116.237.72.126 - - [09/Sep/2022:10:30:43 +0800] "GET /xingrg/kc/buy/cgsh_order_add.html HTTP/1.1" 200 68624
124.79.74.72 - - [09/Sep/2022:10:30:44 +0800] "GET /xingrg/kc/buy/cgsh_order_operate.html?command=get_materiel&rest_code=00156&code=00101008298&supplier_code=00100006&order_time=2022-09-09 HTTP/1.1" 200 412
116.237.72.126 - - [09/Sep/2022:10:30:44 +0800] "GET /xingrg/javascript/easyui/themes/default/validatebox.css HTTP/1.1" 404 1104
116.237.72.126 - - [09/Sep/2022:10:30:44 +0800] "POST /xingrg/kc/buy/cgsh_order_operate.html HTTP/1.1" 200 8245
116.238.169.132 - - [09/Sep/2022:10:30:44 +0800] "GET /xingrg/all/function/internal_message.html?_=1662690640100&CODE_STATE=getMsg HTTP/1.1" 200 27
116.225.121.189 - - [09/Sep/2022:10:30:49 +0800] "GET /xingrg/all/function/internal_message.html?_=1662690508637&CODE_STATE=getMsg HTTP/1.1" 200 27
116.237.72.126 - - [09/Sep/2022:10:30:54 +0800] "GET /xingrg/javascript/easyui/themes/default/tree.css HTTP/1.1" 404 1090
116.237.72.126 - - [09/Sep/2022:10:30:54 +0800] "POST /xingrg/all/common/load_tree.html?tree=supplier_tree_json&isDelete=1 HTTP/1.1" 200 68331
124.79.74.72 - - [09/Sep/2022:10:30:56 +0800] "GET /xingrg/kc/buy/cgsh_order_operate.html?command=get_materiel&rest_code=00156&code=00101008113&supplier_code=00100006&order_time=2022-09-09 HTTP/1.1" 200 413
116.232.194.65 - - [09/Sep/2022:10:30:58 +0800] "GET /xingrg/all/function/internal_message.html?_=1662690655207&CODE_STATE=getMsg HTTP/1.1" 200 27
116.232.194.65 - - [09/Sep/2022:10:30:59 +0800] "GET /xingrg/all/function/internal_message.html?_=1662690608324&CODE_STATE=getMsg HTTP/1.1" 200 27
116.225.121.189 - - [09/Sep/2022:10:31:00 +0800] "GET /xingrg/all/function/internal_message.html?_=1662690658399&CODE_STATE=getMsg HTTP/1.1" 200 27
124.79.74.72 - - [09/Sep/2022:10:31:03 +0800] "GET /xingrg/kc/buy/cgsh_order_operate.html?command=get_materiel&rest_code=00156&code=00101010068&supplier_code=00100006&order_time=2022-09-09 HTTP/1.1" 200 412
222.70.246.221 - - [09/Sep/2022:10:31:04 +0800] "GET /xingrg/all/function/internal_message.html?_=1662690678671&CODE_STATE=getMsg HTTP/1.1" 200 27
114.83.219.57 - - [09/Sep/2022:10:31:04 +0800] "GET /xingrg/all/function/internal_message.html?_=1662690742600&CODE_STATE=getMsg HTTP/1.1" 200 27
124.79.74.72 - - [09/Sep/2022:10:31:08 +0800] "GET /xingrg/kc/buy/cgsh_order_operate.html?command=get_materiel&rest_code=00156&code=00101008108&supplier_code=00100006&order_time=2022-09-09 HTTP/1.1" 200 412
114.84.81.136 - - [09/Sep/2022:10:31:09 +0800] "GET /xingrg/all/function/internal_message.html?_=1662690670260&CODE_STATE=getMsg HTTP/1.1" 200 27
114.84.5.35 - - [09/Sep/2022:10:31:10 +0800] "GET /xingrg/kc/buy/cgsh_order_operate.html?command=get_materiel&rest_code=00111&code=00101008296&supplier_code=00100005&order_time=2022-09-09 HTTP/1.1" 200 416
116.232.194.65 - - [09/Sep/2022:10:31:12 +0800] "GET /xingrg/kc/buy/cgsh_order_operate.html?command=get_materiel&rest_code=00155&code=00101008080&supplier_code=00100005&order_time=2022-09-09 HTTP/1.1" 200 416
116.237.72.126 - - [09/Sep/2022:10:31:13 +0800] "GET /xingrg/kc/buy/cgsh_order_operate.html?command=get_materiel&rest_code=00106&code=00101006075&supplier_code=00100015&order_time=2022-09-09 HTTP/1.1" 200 435
116.237.72.126 - - [09/Sep/2022:10:31:16 +0800] "GET /xingrg/all/function/internal_message.html?_=1662690675725&CODE_STATE=getMsg HTTP/1.1" 200 27
124.79.74.72 - - [09/Sep/2022:10:31:18 +0800] "GET /xingrg/kc/buy/cgsh_order_operate.html?command=get_materiel&rest_code=00156&code=00101008681&supplier_code=00100006&order_time=2022-09-09 HTTP/1.1" 200 398
114.84.81.136 - - [09/Sep/2022:10:31:19 +0800] "GET /xingrg/all/function/internal_message.html?_=1662690673958&CODE_STATE=getMsg HTTP/1.1" 200 27
124.79.74.72 - - [09/Sep/2022:10:31:19 +0800] "GET /xingrg/all/function/internal_message.html?_=1662690675144&CODE_STATE=getMsg HTTP/1.1" 200 27
101.83.241.167 - - [09/Sep/2022:10:31:19 +0800] "GET /xingrg/all/function/internal_message.html?_=1662690673950&CODE_STATE=getMsg HTTP/1.1" 200 27
116.238.169.132 - - [09/Sep/2022:10:31:20 +0800] "GET /xingrg/all/function/internal_message.html?_=1662690677383&CODE_STATE=getMsg HTTP/1.1" 200 27
116.224.255.128 - - [09/Sep/2022:10:31:20 +0800] "GET /xingrg/all/function/internal_message.html?_=1662690621215&CODE_STATE=getMsg HTTP/1.1" 200 27
114.84.5.35 - - [09/Sep/2022:10:31:21 +0800] "POST /xingrg/kc/buy/cgsh_order_operate.html HTTP/1.1" 200 2065
116.224.255.128 - - [09/Sep/2022:10:31:21 +0800] "GET /xingrg/all/function/internal_message.html?_=1662690676697&CODE_STATE=getMsg HTTP/1.1" 200 27
116.237.72.126 - - [09/Sep/2022:10:31:22 +0800] "GET /xingrg/kc/buy/cgsh_order_operate.html?command=get_materiel&rest_code=00106&code=00101006087&supplier_code=00100015&order_time=2022-09-09 HTTP/1.1" 200 428
116.232.194.65 - - [09/Sep/2022:10:31:23 +0800] "GET /xingrg/kc/buy/cgsh_order_operate.html?command=get_materiel&rest_code=00155&code=00101008331&supplier_code=00100005&order_time=2022-09-09 HTTP/1.1" 200 416
114.84.5.35 - - [09/Sep/2022:10:31:27 +0800] "GET /xingrg/all/function/internal_message.html?_=1662690681401&CODE_STATE=getMsg HTTP/1.1" 200 27
114.84.5.35 - - [09/Sep/2022:10:31:33 +0800] "GET /xingrg/kc/buy/cgsh_order_operate.html?command=get_materiel&rest_code=00111&code=00101008275&supplier_code=00100005&order_time=2022-09-09 HTTP/1.1" 200 417
116.237.72.126 - - [09/Sep/2022:10:31:33 +0800] "GET /xingrg/kc/buy/cgsh_order_operate.html?command=get_materiel&rest_code=00106&code=00101006113&supplier_code=00100015&order_time=2022-09-09 HTTP/1.1" 200 415
124.79.74.72 - - [09/Sep/2022:10:31:38 +0800] "GET /xingrg/kc/buy/cgsh_order_operate.html?command=get_materiel&rest_code=00156&code=00102026011&supplier_code=00100006&order_time=2022-09-09 HTTP/1.1" 200 388
116.232.194.65 - - [09/Sep/2022:10:31:39 +0800] "GET /xingrg/all/function/internal_message.html?_=1662690648196&CODE_STATE=getMsg HTTP/1.1" 200 27
116.232.194.65 - - [09/Sep/2022:10:31:39 +0800] "GET /xingrg/check_reg.html?_=1662690648197 HTTP/1.1" 200 22
120.253.135.82 - - [09/Sep/2022:10:31:41 +0800] "GET /xingrg/all/function/internal_message.html?_=1662690499059&CODE_STATE=getMsg HTTP/1.1" 200 27
116.238.169.132 - - [09/Sep/2022:10:31:44 +0800] "GET /xingrg/all/function/internal_message.html?_=1662690700111&CODE_STATE=getMsg HTTP/1.1" 200 27
124.79.74.72 - - [09/Sep/2022:10:31:45 +0800] "GET /xingrg/kc/buy/cgsh_order_operate.html?command=get_materiel&rest_code=00156&code=00101008366&supplier_code=00100006&order_time=2022-09-09 HTTP/1.1" 200 408
114.84.5.35 - - [09/Sep/2022:10:31:45 +0800] "GET /xingrg/kc/buy/cgsh_order_operate.html?command=get_materiel&rest_code=00111&code=00101008113&supplier_code=00100005&order_time=2022-09-09 HTTP/1.1" 200 413
116.232.194.65 - - [09/Sep/2022:10:31:47 +0800] "GET /xingrg/kc/buy/cgsh_order_operate.html?command=get_materiel&rest_code=00155&code=00101008185&supplier_code=00100005&order_time=2022-09-09 HTTP/1.1" 200 408
116.225.121.189 - - [09/Sep/2022:10:31:49 +0800] "GET /xingrg/all/function/internal_message.html?_=1662690568636&CODE_STATE=getMsg HTTP/1.1" 200 27
116.237.72.126 - - [09/Sep/2022:10:31:55 +0800] "GET /xingrg/kc/buy/cgsh_order_operate.html?command=get_materiel&rest_code=00106&code=00101006065&supplier_code=00100015&order_time=2022-09-09 HTTP/1.1" 200 410
124.79.74.72 - - [09/Sep/2022:10:31:56 +0800] "GET /xingrg/kc/buy/cgsh_order_operate.html?command=get_materiel&rest_code=00156&code=00101008328&supplier_code=00100006&order_time=2022-09-09 HTTP/1.1" 200 408
116.232.194.65 - - [09/Sep/2022:10:31:58 +0800] "GET /xingrg/all/function/internal_message.html?_=1662690715203&CODE_STATE=getMsg HTTP/1.1" 200 27
116.232.194.65 - - [09/Sep/2022:10:31:59 +0800] "GET /xingrg/all/function/internal_message.html?_=1662690668304&CODE_STATE=getMsg HTTP/1.1" 200 27
116.232.194.65 - - [09/Sep/2022:10:31:59 +0800] "GET /xingrg/kc/buy/cgsh_order_operate.html?command=get_materiel&rest_code=00155&code=00101008010&supplier_code=00100005&order_time=2022-09-09 HTTP/1.1" 200 412
116.225.121.189 - - [09/Sep/2022:10:32:00 +0800] "GET /xingrg/all/function/internal_message.html?_=1662690718374&CODE_STATE=getMsg HTTP/1.1" 200 27
222.70.246.221 - - [09/Sep/2022:10:32:02 +0800] "GET /xingrg/check_reg.html?_=1662690737390 HTTP/1.1" 200 22
222.70.246.221 - - [09/Sep/2022:10:32:04 +0800] "GET /xingrg/all/function/internal_message.html?_=1662690738685&CODE_STATE=getMsg HTTP/1.1" 200 27
114.83.219.57 - - [09/Sep/2022:10:32:04 +0800] "GET /xingrg/all/function/internal_message.html?_=1662690802599&CODE_STATE=getMsg HTTP/1.1" 200 27
116.237.72.126 - - [09/Sep/2022:10:32:06 +0800] "GET /xingrg/kc/buy/cgsh_order_operate.html?command=get_materiel&rest_code=00106&code=00101006195&supplier_code=00100015&order_time=2022-09-09 HTTP/1.1" 200 411
101.83.241.167 - - [09/Sep/2022:10:32:09 +0800] "GET /xingrg/kc/buy/cgsh_order_operate.html?command=get_materiel&rest_code=00149&code=00101008163&supplier_code=00100008&order_time=2022-09-09 HTTP/1.1" 200 409
124.79.74.72 - - [09/Sep/2022:10:32:09 +0800] "GET /xingrg/kc/buy/cgsh_order_operate.html?command=get_materiel&rest_code=00156&code=00101008033&supplier_code=00100006&order_time=2022-09-09 HTTP/1.1" 200 408
114.84.81.136 - - [09/Sep/2022:10:32:09 +0800] "GET /xingrg/check_reg.html?_=1662690730245 HTTP/1.1" 200 22
114.84.81.136 - - [09/Sep/2022:10:32:09 +0800] "GET /xingrg/all/function/internal_message.html?_=1662690730248&CODE_STATE=getMsg HTTP/1.1" 200 27
116.232.194.65 - - [09/Sep/2022:10:32:14 +0800] "GET /xingrg/kc/buy/cgsh_order_operate.html?command=get_materiel&rest_code=00155&code=00101008096&supplier_code=00100005&order_time=2022-09-09 HTTP/1.1" 200 412
120.253.135.82 - - [09/Sep/2022:10:32:14 +0800] "GET /xingrg/check_reg.html?_=1662690532687 HTTP/1.1" 200 22
116.237.72.126 - - [09/Sep/2022:10:32:16 +0800] "GET /xingrg/all/function/internal_message.html?_=1662690735711&CODE_STATE=getMsg HTTP/1.1" 200 27
114.84.5.35 - - [09/Sep/2022:10:32:16 +0800] "GET /xingrg/kc/buy/cgsh_order_operate.html?command=get_materiel&rest_code=00111&code=00101008306&supplier_code=00100005&order_time=2022-09-09 HTTP/1.1" 200 412
116.237.72.126 - - [09/Sep/2022:10:32:18 +0800] "GET /xingrg/kc/buy/cgsh_order_operate.html?command=get_materiel&rest_code=00106&code=00101006109&supplier_code=00100015&order_time=2022-09-09 HTTP/1.1" 200 411
114.84.81.136 - - [09/Sep/2022:10:32:19 +0800] "GET /xingrg/check_reg.html?_=1662690733960 HTTP/1.1" 200 22
114.84.81.136 - - [09/Sep/2022:10:32:19 +0800] "GET /xingrg/all/function/internal_message.html?_=1662690733964&CODE_STATE=getMsg HTTP/1.1" 200 27
124.79.74.72 - - [09/Sep/2022:10:32:19 +0800] "GET /xingrg/all/function/internal_message.html?_=1662690735121&CODE_STATE=getMsg HTTP/1.1" 200 27
101.83.241.167 - - [09/Sep/2022:10:32:19 +0800] "GET /xingrg/all/function/internal_message.html?_=1662690733950&CODE_STATE=getMsg HTTP/1.1" 200 27
116.238.169.132 - - [09/Sep/2022:10:32:20 +0800] "GET /xingrg/all/function/internal_message.html?_=1662690737367&CODE_STATE=getMsg HTTP/1.1" 200 27
116.224.255.128 - - [09/Sep/2022:10:32:20 +0800] "GET /xingrg/all/function/internal_message.html?_=1662690681366&CODE_STATE=getMsg HTTP/1.1" 200 27
124.79.74.72 - - [09/Sep/2022:10:32:20 +0800] "GET /xingrg/kc/buy/cgsh_order_operate.html?command=get_materiel&rest_code=00156&code=00101008141&supplier_code=00100006&order_time=2022-09-09 HTTP/1.1" 200 412
116.224.255.128 - - [09/Sep/2022:10:32:21 +0800] "GET /xingrg/all/function/internal_message.html?_=1662690736696&CODE_STATE=getMsg HTTP/1.1" 200 27
114.84.5.35 - - [09/Sep/2022:10:32:27 +0800] "GET /xingrg/check_reg.html?_=1662690741185 HTTP/1.1" 200 22
114.84.5.35 - - [09/Sep/2022:10:32:27 +0800] "GET /xingrg/all/function/internal_message.html?_=1662690741377&CODE_STATE=getMsg HTTP/1.1" 200 27
116.237.72.126 - - [09/Sep/2022:10:32:27 +0800] "GET /xingrg/kc/buy/cgsh_order_operate.html?command=get_materiel&rest_code=00106&code=00102015057&supplier_code=00100015&order_time=2022-09-09 HTTP/1.1" 200 416
116.232.194.65 - - [09/Sep/2022:10:32:30 +0800] "GET /xingrg/kc/buy/cgsh_order_operate.html?command=get_materiel&rest_code=00155&code=00101008361&supplier_code=00100005&order_time=2022-09-09 HTTP/1.1" 200 408
124.79.74.72 - - [09/Sep/2022:10:32:31 +0800] "GET /xingrg/kc/buy/cgsh_order_operate.html?command=get_materiel&rest_code=00156&code=00101008361&supplier_code=00100006&order_time=2022-09-09 HTTP/1.1" 200 408
124.79.74.72 - - [09/Sep/2022:10:32:34 +0800] "POST /xingrg/kc/buy/cgsh_order_operate.html HTTP/1.1" 200 2065
116.237.72.126 - - [09/Sep/2022:10:32:35 +0800] "GET /xingrg/kc/buy/cgsh_order_operate.html?command=get_materiel&rest_code=00106&code=00101006240&supplier_code=00100015&order_time=2022-09-09 HTTP/1.1" 200 422
114.84.5.35 - - [09/Sep/2022:10:32:37 +0800] "POST /xingrg/kc/buy/cgsh_order_operate.html HTTP/1.1" 200 2065
116.232.194.65 - - [09/Sep/2022:10:32:39 +0800] "GET /xingrg/all/function/internal_message.html?_=1662690708233&CODE_STATE=getMsg HTTP/1.1" 200 27
124.79.74.72 - - [09/Sep/2022:10:32:39 +0800] "GET /xingrg/kc/buy/cgsh_order_operate.html?command=get_materiel&rest_code=00156&code=00101008670&supplier_code=00100006&order_time=2022-09-09 HTTP/1.1" 200 398
120.253.135.82 - - [09/Sep/2022:10:32:41 +0800] "GET /xingrg/all/function/internal_message.html?_=1662690559067&CODE_STATE=getMsg HTTP/1.1" 200 27
116.238.169.132 - - [09/Sep/2022:10:32:44 +0800] "GET /xingrg/all/function/internal_message.html?_=1662690760108&CODE_STATE=getMsg HTTP/1.1" 200 27
101.83.241.167 - - [09/Sep/2022:10:32:45 +0800] "GET /xingrg/kc/buy/cgsh_order_operate.html?command=get_materiel&rest_code=00149&code=00101008224&supplier_code=00100008&order_time=2022-09-09 HTTP/1.1" 200 416
114.88.158.224 - - [09/Sep/2022:10:32:48 +0800] "GET /xingrg/index.html?sysBaseUrl=http%3A%2F%2F180.169.147.146%3A18081%2Fxingrg%2F&costTime=41×tamp=1662630070404 HTTP/1.1" 302 -
114.88.158.224 - - [09/Sep/2022:10:32:48 +0800] "GET /xingrg/login.html HTTP/1.1" 200 7641
114.88.158.224 - - [09/Sep/2022:10:32:48 +0800] "GET /favicon.ico HTTP/1.1" 404 -
116.225.121.189 - - [09/Sep/2022:10:32:49 +0800] "GET /xingrg/all/function/internal_message.html?_=1662690628636&CODE_STATE=getMsg HTTP/1.1" 200 27
114.88.158.224 - - [09/Sep/2022:10:32:49 +0800] "POST /xingrg/login.do HTTP/1.1" 302 -
114.88.158.224 - - [09/Sep/2022:10:32:50 +0800] "GET /xingrg/index.html?sysBaseUrl=http%3A%2F%2F180.169.147.146%3A18081%2Fxingrg%2F&costTime=61×tamp=1662690769945 HTTP/1.1" 200 17179
114.88.158.224 - - [09/Sep/2022:10:32:50 +0800] "GET /favicon.ico HTTP/1.1" 404 -
114.88.158.224 - - [09/Sep/2022:10:32:50 +0800] "POST /xingrg/all/common/load_tree.html?tree=area_rest_tree_json&manage=1 HTTP/1.1" 200 351
114.88.158.224 - - [09/Sep/2022:10:32:50 +0800] "POST /xingrg/load_menu.html HTTP/1.1" 200 5138
114.88.158.224 - - [09/Sep/2022:10:32:50 +0800] "GET /xingrg/all/function/internal_message.html?_=1662690422529&CODE_STATE=count HTTP/1.1" 200 11
114.88.158.224 - - [09/Sep/2022:10:32:50 +0800] "GET /xingrg/check_reg.html?_=1662690422529 HTTP/1.1" 200 22
124.79.74.72 - - [09/Sep/2022:10:32:50 +0800] "GET /xingrg/kc/buy/cgsh_order_operate.html?command=get_materiel&rest_code=00156&code=00101008024&supplier_code=00100006&order_time=2022-09-09 HTTP/1.1" 200 408
116.237.72.126 - - [09/Sep/2022:10:32:51 +0800] "GET /xingrg/kc/buy/cgsh_order_operate.html?command=get_materiel&rest_code=00106&code=00101006293&supplier_code=00100015&order_time=2022-09-09 HTTP/1.1" 200 430
116.237.72.126 - - [09/Sep/2022:10:32:54 +0800] "GET /xingrg/check_reg.html?_=1662690773563 HTTP/1.1" 200 22
114.88.158.224 - - [09/Sep/2022:10:32:54 +0800] "GET /xingrg/kc/buy/buy_main.html HTTP/1.1" 200 12412
114.88.158.224 - - [09/Sep/2022:10:32:54 +0800] "GET /xingrg/css/new_ie.css HTTP/1.1" 404 1036
114.88.158.224 - - [09/Sep/2022:10:32:55 +0800] "GET /xingrg/images/yd/bt.gif HTTP/1.1" 404 1040
114.88.158.224 - - [09/Sep/2022:10:32:55 +0800] "GET /xingrg/kc/buy/cgsh_order_list.html HTTP/1.1" 200 52848
114.88.158.224 - - [09/Sep/2022:10:32:57 +0800] "POST /xingrg/kc/buy/cgsh_list_operate.html HTTP/1.1" 200 752
116.232.194.65 - - [09/Sep/2022:10:32:58 +0800] "GET /xingrg/all/function/internal_message.html?_=1662690775198&CODE_STATE=getMsg HTTP/1.1" 200 27
114.88.158.224 - - [09/Sep/2022:10:32:58 +0800] "GET /xingrg/kc/buy/cgsh_order_add.html HTTP/1.1" 200 68624
114.88.158.224 - - [09/Sep/2022:10:32:58 +0800] "GET /xingrg/words/20220908163408_words.js HTTP/1.1" 304 -
114.88.158.224 - - [09/Sep/2022:10:32:58 +0800] "POST /xingrg/kc/buy/cgsh_order_operate.html HTTP/1.1" 200 8245
114.88.158.224 - - [09/Sep/2022:10:32:58 +0800] "GET /xingrg/all/common/auto_word.html?type=employee&rest_code=00141 HTTP/1.1" 200 201
114.88.158.224 - - [09/Sep/2022:10:32:58 +0800] "GET /xingrg/javascript/easyui/themes/default/validatebox.css HTTP/1.1" 404 1104
114.88.158.224 - - [09/Sep/2022:10:32:58 +0800] "GET /xingrg/all/common/auto_word.html?type=employee&rest_code=00141 HTTP/1.1" 200 201
124.79.74.72 - - [09/Sep/2022:10:32:58 +0800] "GET /xingrg/kc/buy/cgsh_order_operate.html?command=get_materiel&rest_code=00156&code=00101008360&supplier_code=00100006&order_time=2022-09-09 HTTP/1.1" 200 431
101.83.241.167 - - [09/Sep/2022:10:32:59 +0800] "GET /xingrg/kc/buy/cgsh_order_operate.html?command=get_materiel&rest_code=00149&code=00101008125&supplier_code=00100008&order_time=2022-09-09 HTTP/1.1" 200 413
180.163.30.27 - - [09/Sep/2022:10:32:59 +0800] "GET /xingrg/all/function/internal_message.html?_=1662688073463&CODE_STATE=getMsg HTTP/1.1" 302 -
180.163.30.27 - - [09/Sep/2022:10:32:59 +0800] "GET /xingrg/login.html HTTP/1.1" 200 7641
116.232.194.65 - - [09/Sep/2022:10:32:59 +0800] "GET /xingrg/all/function/internal_message.html?_=1662690728286&CODE_STATE=getMsg HTTP/1.1" 200 27
116.225.121.189 - - [09/Sep/2022:10:33:00 +0800] "GET /xingrg/all/function/internal_message.html?_=1662690778345&CODE_STATE=getMsg HTTP/1.1" 200 27
114.88.158.224 - - [09/Sep/2022:10:33:01 +0800] "GET /xingrg/javascript/auto/indicator.gif HTTP/1.1" 404 1066
116.237.72.126 - - [09/Sep/2022:10:33:02 +0800] "GET /xingrg/kc/buy/cgsh_order_operate.html?command=get_materiel&rest_code=00106&code=00101006056&supplier_code=00100015&order_time=2022-09-09 HTTP/1.1" 200 414
114.88.158.224 - - [09/Sep/2022:10:33:02 +0800] "GET /xingrg/javascript/jquery_tools/images/prev.gif HTTP/1.1" 404 1086
114.88.158.224 - - [09/Sep/2022:10:33:02 +0800] "GET /xingrg/javascript/jquery_tools/images/next.gif HTTP/1.1" 404 1086
222.70.246.221 - - [09/Sep/2022:10:33:04 +0800] "GET /xingrg/all/function/internal_message.html?_=1662690798698&CODE_STATE=getMsg HTTP/1.1" 200 27
114.83.219.57 - - [09/Sep/2022:10:33:04 +0800] "GET /xingrg/all/function/internal_message.html?_=1662690862590&CODE_STATE=getMsg HTTP/1.1" 200 27
124.79.74.72 - - [09/Sep/2022:10:33:08 +0800] "GET /xingrg/kc/buy/cgsh_order_operate.html?command=get_materiel&rest_code=00156&code=00101008357&supplier_code=00100006&order_time=2022-09-09 HTTP/1.1" 200 408
114.84.81.136 - - [09/Sep/2022:10:33:09 +0800] "GET /xingrg/all/function/internal_message.html?_=1662690790258&CODE_STATE=getMsg HTTP/1.1" 200 27
114.88.158.224 - - [09/Sep/2022:10:33:09 +0800] "GET /xingrg/kc/buy/cgsh_order_operate.html?command=get_materiel&rest_code=00141&code=00101008434&supplier_code=00100256&order_time=2022-09-09 HTTP/1.1" 200 415
101.83.241.167 - - [09/Sep/2022:10:33:10 +0800] "GET /xingrg/kc/buy/cgsh_order_operate.html?command=get_materiel&rest_code=00149&code=00101008304&supplier_code=00100008&order_time=2022-09-09 HTTP/1.1" 200 412
101.83.241.167 - - [09/Sep/2022:10:33:13 +0800] "POST /xingrg/kc/buy/cgsh_order_operate.html HTTP/1.1" 200 2065
116.232.194.65 - - [09/Sep/2022:10:33:13 +0800] "GET /xingrg/check_reg.html?_=1662690742568 HTTP/1.1" 200 22
180.163.30.100 - - [09/Sep/2022:10:33:14 +0800] "GET /xingrg/all/function/internal_message.html?_=1662688913488&CODE_STATE=getMsg HTTP/1.1" 302 -
180.163.30.100 - - [09/Sep/2022:10:33:14 +0800] "GET /xingrg/login.html HTTP/1.1" 200 7641
116.237.72.126 - - [09/Sep/2022:10:33:15 +0800] "GET /xingrg/kc/buy/cgsh_order_operate.html?command=get_materiel&rest_code=00106&code=00101006184&supplier_code=00100015&order_time=2022-09-09 HTTP/1.1" 200 408
116.237.72.126 - - [09/Sep/2022:10:33:16 +0800] "GET /xingrg/all/function/internal_message.html?_=1662690795661&CODE_STATE=getMsg HTTP/1.1" 200 27
124.79.74.72 - - [09/Sep/2022:10:33:18 +0800] "GET /xingrg/kc/buy/cgsh_order_operate.html?command=get_materiel&rest_code=00156&code=00101008286&supplier_code=00100006&order_time=2022-09-09 HTTP/1.1" 200 408
114.84.81.136 - - [09/Sep/2022:10:33:19 +0800] "GET /xingrg/all/function/internal_message.html?_=1662690793950&CODE_STATE=getMsg HTTP/1.1" 200 27
101.83.241.167 - - [09/Sep/2022:10:33:19 +0800] "GET /xingrg/kc/buy/cgsh_order_operate.html?command=get_materiel&rest_code=00149&code=00101008188&supplier_code=00100008&order_time=2022-09-09 HTTP/1.1" 200 412
124.79.74.72 - - [09/Sep/2022:10:33:19 +0800] "GET /xingrg/all/function/internal_message.html?_=1662690795092&CODE_STATE=getMsg HTTP/1.1" 200 27
101.83.241.167 - - [09/Sep/2022:10:33:19 +0800] "GET /xingrg/all/function/internal_message.html?_=1662690793996&CODE_STATE=getMsg HTTP/1.1" 200 27
116.238.169.132 - - [09/Sep/2022:10:33:20 +0800] "GET /xingrg/all/function/internal_message.html?_=1662690797352&CODE_STATE=getMsg HTTP/1.1" 200 27
116.224.255.128 - - [09/Sep/2022:10:33:20 +0800] "GET /xingrg/all/function/internal_message.html?_=1662690741367&CODE_STATE=getMsg HTTP/1.1" 200 27
116.224.255.128 - - [09/Sep/2022:10:33:21 +0800] "GET /xingrg/all/function/internal_message.html?_=1662690796694&CODE_STATE=getMsg HTTP/1.1" 200 27
114.88.158.224 - - [09/Sep/2022:10:33:22 +0800] "POST /xingrg/kc/buy/cgsh_order_operate.html HTTP/1.1" 200 37
124.79.74.72 - - [09/Sep/2022:10:33:24 +0800] "POST /xingrg/kc/buy/cgsh_order_operate.html HTTP/1.1" 200 2065
114.88.158.224 - - [09/Sep/2022:10:33:26 +0800] "POST /xingrg/kc/buy/cgsh_order_operate.html HTTP/1.1" 200 12
114.84.5.35 - - [09/Sep/2022:10:33:27 +0800] "GET /xingrg/all/function/internal_message.html?_=1662690801358&CODE_STATE=getMsg HTTP/1.1" 200 27
114.88.158.224 - - [09/Sep/2022:10:33:28 +0800] "GET /xingrg/kc/buy/cgsh_order_info.html?code=212022090903091 HTTP/1.1" 200 63533
222.70.246.221 - - [09/Sep/2022:10:33:28 +0800] "POST /xingrg/services/DataTransmitService HTTP/1.1" 200 524
114.88.158.224 - - [09/Sep/2022:10:33:28 +0800] "GET /xingrg/javascript/easyui/themes/default/validatebox.css HTTP/1.1" 404 1104
101.83.241.167 - - [09/Sep/2022:10:33:28 +0800] "GET /xingrg/kc/buy/cgsh_order_operate.html?command=get_materiel&rest_code=00149&code=00101008101&supplier_code=00100008&order_time=2022-09-09 HTTP/1.1" 200 412
114.88.158.224 - - [09/Sep/2022:10:33:29 +0800] "POST /xingrg/kc/buy/cgsh_order_operate.html HTTP/1.1" 200 610
114.88.158.224 - - [09/Sep/2022:10:33:29 +0800] "GET /xingrg/kc/print/load_config.html?kc_code=cgsh HTTP/1.1" 200 1943
114.88.158.224 - - [09/Sep/2022:10:33:30 +0800] "GET /xingrg/kc/print/load_data.html?order_code=212022090903091&kc_code=cgsh&condition= HTTP/1.1" 200 714
124.79.74.72 - - [09/Sep/2022:10:33:30 +0800] "GET /xingrg/kc/buy/cgsh_order_operate.html?command=get_materiel&rest_code=00156&code=00101008478&supplier_code=00100006&order_time=2022-09-09 HTTP/1.1" 200 413
116.237.72.126 - - [09/Sep/2022:10:33:33 +0800] "POST /xingrg/kc/buy/cgsh_order_operate.html HTTP/1.1" 200 37
222.70.246.221 - - [09/Sep/2022:10:33:34 +0800] "POST /xingrg/services/DataTransmitService HTTP/1.1" 200 501
124.79.74.72 - - [09/Sep/2022:10:33:35 +0800] "GET /xingrg/check_reg.html?_=1662690811204 HTTP/1.1" 200 22
101.83.241.167 - - [09/Sep/2022:10:33:36 +0800] "GET /xingrg/kc/buy/cgsh_order_operate.html?command=get_materiel&rest_code=00149&code=00101008370&supplier_code=00100008&order_time=2022-09-09 HTTP/1.1" 200 412
114.84.5.35 - - [09/Sep/2022:10:33:37 +0800] "GET /xingrg/kc/buy/cgsh_order_operate.html?command=get_materiel&rest_code=00111&code=00101008323&supplier_code=00100005&order_time=2022-09-09 HTTP/1.1" 200 408
114.88.158.224 - - [09/Sep/2022:10:33:37 +0800] "GET /xingrg/kc/buy/cgsh_order_add.html HTTP/1.1" 200 68624
114.88.158.224 - - [09/Sep/2022:10:33:37 +0800] "POST /xingrg/kc/buy/cgsh_order_operate.html HTTP/1.1" 200 8245
114.88.158.224 - - [09/Sep/2022:10:33:38 +0800] "GET /xingrg/javascript/easyui/themes/default/validatebox.css HTTP/1.1" 404 1104
116.237.72.126 - - [09/Sep/2022:10:33:38 +0800] "POST /xingrg/kc/buy/cgsh_order_operate.html HTTP/1.1" 200 12
116.232.194.65 - - [09/Sep/2022:10:33:39 +0800] "GET /xingrg/all/function/internal_message.html?_=1662690768195&CODE_STATE=getMsg HTTP/1.1" 200 27
124.79.74.72 - - [09/Sep/2022:10:33:40 +0800] "GET /xingrg/kc/buy/cgsh_order_operate.html?command=get_materiel&rest_code=00156&code=00101008353&supplier_code=00100006&order_time=2022-09-09 HTTP/1.1" 200 408
120.253.135.82 - - [09/Sep/2022:10:33:41 +0800] "GET /xingrg/all/function/internal_message.html?_=1662690619081&CODE_STATE=getMsg HTTP/1.1" 200 27
116.237.72.126 - - [09/Sep/2022:10:33:41 +0800] "GET /xingrg/kc/buy/cgsh_order_info.html?code=212022090903092 HTTP/1.1" 200 63529
116.237.72.126 - - [09/Sep/2022:10:33:42 +0800] "GET /xingrg/javascript/easyui/themes/default/validatebox.css HTTP/1.1" 404 1104
116.237.72.126 - - [09/Sep/2022:10:33:42 +0800] "POST /xingrg/kc/buy/cgsh_order_operate.html HTTP/1.1" 200 5968
116.238.169.132 - - [09/Sep/2022:10:33:44 +0800] "GET /xingrg/all/function/internal_message.html?_=1662690820113&CODE_STATE=getMsg HTTP/1.1" 200 27
101.83.241.167 - - [09/Sep/2022:10:33:47 +0800] "GET /xingrg/kc/buy/cgsh_order_operate.html?command=get_materiel&rest_code=00149&code=00101008126&supplier_code=00100008&order_time=2022-09-09 HTTP/1.1" 200 412
116.237.72.126 - - [09/Sep/2022:10:33:48 +0800] "GET /xingrg/kc/print/load_data.html?order_code=212022090903092&kc_code=cgsh&condition= HTTP/1.1" 200 2847
124.79.74.72 - - [09/Sep/2022:10:33:48 +0800] "GET /xingrg/kc/buy/cgsh_order_operate.html?command=get_materiel&rest_code=00156&code=00101008131&supplier_code=00100006&order_time=2022-09-09 HTTP/1.1" 200 408
116.225.121.189 - - [09/Sep/2022:10:33:49 +0800] "GET /xingrg/all/function/internal_message.html?_=1662690688636&CODE_STATE=getMsg HTTP/1.1" 200 27
114.88.158.224 - - [09/Sep/2022:10:33:50 +0800] "GET /xingrg/all/function/internal_message.html?_=1662690482540&CODE_STATE=getMsg HTTP/1.1" 200 27
114.88.158.224 - - [09/Sep/2022:10:33:51 +0800] "GET /xingrg/kc/buy/cgsh_order_operate.html?command=get_materiel&rest_code=00141&code=00101031012&supplier_code=00100055&order_time=2022-09-09 HTTP/1.1" 200 417
116.237.72.126 - - [09/Sep/2022:10:33:52 +0800] "GET /xingrg/kc/print/load_data.html?order_code=212022090903092&kc_code=cgsh HTTP/1.1" 200 2847
114.84.5.35 - - [09/Sep/2022:10:33:55 +0800] "GET /xingrg/kc/buy/cgsh_order_operate.html?command=get_materiel&rest_code=00111&code=00101008175&supplier_code=00100005&order_time=2022-09-09 HTTP/1.1" 200 412
124.79.74.72 - - [09/Sep/2022:10:33:57 +0800] "GET /xingrg/kc/buy/cgsh_order_operate.html?command=get_materiel&rest_code=00156&code=00101008072&supplier_code=00100006&order_time=2022-09-09 HTTP/1.1" 200 408
116.232.194.65 - - [09/Sep/2022:10:33:58 +0800] "GET /xingrg/check_reg.html?_=1662690835194 HTTP/1.1" 200 22
116.232.194.65 - - [09/Sep/2022:10:33:58 +0800] "GET /xingrg/all/function/internal_message.html?_=1662690835192&CODE_STATE=getMsg HTTP/1.1" 200 27
101.83.241.167 - - [09/Sep/2022:10:33:59 +0800] "GET /xingrg/kc/buy/cgsh_order_operate.html?command=get_materiel&rest_code=00149&code=00101008361&supplier_code=00100008&order_time=2022-09-09 HTTP/1.1" 200 408
116.232.194.65 - - [09/Sep/2022:10:33:59 +0800] "GET /xingrg/all/function/internal_message.html?_=1662690788267&CODE_STATE=getMsg HTTP/1.1" 200 27
116.225.121.189 - - [09/Sep/2022:10:34:00 +0800] "GET /xingrg/all/function/internal_message.html?_=1662690838317&CODE_STATE=getMsg HTTP/1.1" 200 27
222.70.246.221 - - [09/Sep/2022:10:34:04 +0800] "GET /xingrg/all/function/internal_message.html?_=1662690858713&CODE_STATE=getMsg HTTP/1.1" 200 27
114.83.219.57 - - [09/Sep/2022:10:34:04 +0800] "GET /xingrg/all/function/internal_message.html?_=1662690922604&CODE_STATE=getMsg HTTP/1.1" 200 27
114.84.5.35 - - [09/Sep/2022:10:34:06 +0800] "GET /xingrg/kc/buy/cgsh_order_operate.html?command=get_materiel&rest_code=00111&code=00101008331&supplier_code=00100005&order_time=2022-09-09 HTTP/1.1" 200 416
124.79.74.72 - - [09/Sep/2022:10:34:07 +0800] "GET /xingrg/kc/buy/cgsh_order_operate.html?command=get_materiel&rest_code=00156&code=00101008355&supplier_code=00100006&order_time=2022-09-09 HTTP/1.1" 200 408
114.84.81.136 - - [09/Sep/2022:10:34:09 +0800] "GET /xingrg/all/function/internal_message.html?_=1662690850259&CODE_STATE=getMsg HTTP/1.1" 200 27
116.238.169.132 - - [09/Sep/2022:10:34:10 +0800] "GET /xingrg/javascript/easyui/themes/default/tree.css HTTP/1.1" 404 1090
116.238.169.132 - - [09/Sep/2022:10:34:10 +0800] "POST /xingrg/all/common/load_tree.html?tree=supplier_tree_json&isDelete=1 HTTP/1.1" 200 68331
124.79.74.72 - - [09/Sep/2022:10:34:10 +0800] "POST /xingrg/kc/buy/cgsh_order_operate.html HTTP/1.1" 200 2065
116.237.72.126 - - [09/Sep/2022:10:34:14 +0800] "GET /xingrg/kc/buy/cgsh_order_add.html HTTP/1.1" 200 68624
116.237.72.126 - - [09/Sep/2022:10:34:14 +0800] "POST /xingrg/kc/buy/cgsh_order_operate.html HTTP/1.1" 200 8245
116.237.72.126 - - [09/Sep/2022:10:34:14 +0800] "GET /xingrg/javascript/easyui/themes/default/validatebox.css HTTP/1.1" 404 1104
114.84.5.35 - - [09/Sep/2022:10:34:16 +0800] "GET /xingrg/kc/buy/cgsh_order_operate.html?command=get_materiel&rest_code=00111&code=00101008350&supplier_code=00100005&order_time=2022-09-09 HTTP/1.1" 200 408
116.237.72.126 - - [09/Sep/2022:10:34:16 +0800] "GET /xingrg/all/function/internal_message.html?_=1662690855644&CODE_STATE=getMsg HTTP/1.1" 200 27
124.79.74.72 - - [09/Sep/2022:10:34:17 +0800] "GET /xingrg/kc/buy/cgsh_order_operate.html?command=get_materiel&rest_code=00156&code=00101008144&supplier_code=00100006&order_time=2022-09-09 HTTP/1.1" 200 412
114.88.158.224 - - [09/Sep/2022:10:34:18 +0800] "GET /xingrg/kc/buy/cgsh_order_operate.html?command=get_materiel&rest_code=00141&code=00101015022&supplier_code=00100055&order_time=2022-09-09 HTTP/1.1" 200 408
114.84.81.136 - - [09/Sep/2022:10:34:19 +0800] "GET /xingrg/all/function/internal_message.html?_=1662690853975&CODE_STATE=getMsg HTTP/1.1" 200 27
124.79.74.72 - - [09/Sep/2022:10:34:19 +0800] "GET /xingrg/all/function/internal_message.html?_=1662690855066&CODE_STATE=getMsg HTTP/1.1" 200 27
116.224.255.128 - - [09/Sep/2022:10:34:19 +0800] "GET /xingrg/check_reg.html?_=1662690800102 HTTP/1.1" 200 22
101.83.241.167 - - [09/Sep/2022:10:34:19 +0800] "GET /xingrg/all/function/internal_message.html?_=1662690853975&CODE_STATE=getMsg HTTP/1.1" 200 27
101.83.241.167 - - [09/Sep/2022:10:34:19 +0800] "GET /xingrg/check_reg.html?_=1662690854011 HTTP/1.1" 200 22
116.238.169.132 - - [09/Sep/2022:10:34:19 +0800] "GET /xingrg/check_reg.html?_=1662690856967 HTTP/1.1" 200 22
116.238.169.132 - - [09/Sep/2022:10:34:20 +0800] "GET /xingrg/all/function/internal_message.html?_=1662690857333&CODE_STATE=getMsg HTTP/1.1" 200 27
116.224.255.128 - - [09/Sep/2022:10:34:20 +0800] "GET /xingrg/all/function/internal_message.html?_=1662690801380&CODE_STATE=getMsg HTTP/1.1" 200 27
116.224.255.128 - - [09/Sep/2022:10:34:21 +0800] "GET /xingrg/all/function/internal_message.html?_=1662690856708&CODE_STATE=getMsg HTTP/1.1" 200 27
116.224.255.128 - - [09/Sep/2022:10:34:21 +0800] "GET /xingrg/check_reg.html?_=1662690856708 HTTP/1.1" 200 22
101.83.241.167 - - [09/Sep/2022:10:34:22 +0800] "POST /xingrg/kc/buy/cgsh_order_operate.html HTTP/1.1" 200 2065
116.238.169.132 - - [09/Sep/2022:10:34:24 +0800] "GET /xingrg/kc/buy/cgsh_order_operate.html?command=get_materiel&rest_code=00102&code=00101009044&supplier_code=00100026&order_time=2022-09-09 HTTP/1.1" 200 412
114.84.5.35 - - [09/Sep/2022:10:34:27 +0800] "GET /xingrg/all/function/internal_message.html?_=1662690861333&CODE_STATE=getMsg HTTP/1.1" 200 27
114.84.5.35 - - [09/Sep/2022:10:34:28 +0800] "POST /xingrg/kc/buy/cgsh_order_operate.html HTTP/1.1" 200 2065
124.79.74.72 - - [09/Sep/2022:10:34:29 +0800] "GET /xingrg/kc/buy/cgsh_order_operate.html?command=get_materiel&rest_code=00156&code=00101008321&supplier_code=00100006&order_time=2022-09-09 HTTP/1.1" 200 412
101.83.241.167 - - [09/Sep/2022:10:34:29 +0800] "GET /xingrg/kc/buy/cgsh_order_operate.html?command=get_materiel&rest_code=00149&code=00101008355&supplier_code=00100008&order_time=2022-09-09 HTTP/1.1" 200 408
114.88.158.224 - - [09/Sep/2022:10:34:33 +0800] "GET /xingrg/kc/buy/cgsh_order_operate.html?command=get_materiel&rest_code=00141&code=00101015021&supplier_code=00100055&order_time=2022-09-09 HTTP/1.1" 200 408
116.237.72.126 - - [09/Sep/2022:10:34:37 +0800] "GET /xingrg/javascript/easyui/themes/default/tree.css HTTP/1.1" 404 1090
116.237.72.126 - - [09/Sep/2022:10:34:37 +0800] "POST /xingrg/all/common/load_tree.html?tree=supplier_tree_json&isDelete=1 HTTP/1.1" 200 68331
114.84.5.35 - - [09/Sep/2022:10:34:38 +0800] "GET /xingrg/kc/buy/cgsh_order_operate.html?command=get_materiel&rest_code=00111&code=00101008088&supplier_code=00100005&order_time=2022-09-09 HTTP/1.1" 200 408
116.232.194.65 - - [09/Sep/2022:10:34:39 +0800] "GET /xingrg/all/function/internal_message.html?_=1662690828205&CODE_STATE=getMsg HTTP/1.1" 200 27
120.253.135.82 - - [09/Sep/2022:10:34:41 +0800] "GET /xingrg/all/function/internal_message.html?_=1662690679224&CODE_STATE=getMsg HTTP/1.1" 200 27
116.238.169.132 - - [09/Sep/2022:10:34:44 +0800] "GET /xingrg/check_reg.html?_=1662690880111 HTTP/1.1" 200 22
116.238.169.132 - - [09/Sep/2022:10:34:44 +0800] "GET /xingrg/all/function/internal_message.html?_=1662690880114&CODE_STATE=getMsg HTTP/1.1" 200 27
116.238.169.132 - - [09/Sep/2022:10:34:47 +0800] "GET /xingrg/kc/buy/cgsh_order_operate.html?command=get_materiel&rest_code=00102&code=00101009016&supplier_code=00100026&order_time=2022-09-09 HTTP/1.1" 200 412
116.225.121.189 - - [09/Sep/2022:10:34:49 +0800] "GET /xingrg/all/function/internal_message.html?_=1662690748637&CODE_STATE=getMsg HTTP/1.1" 200 27
116.225.121.189 - - [09/Sep/2022:10:34:49 +0800] "GET /xingrg/check_reg.html?_=1662690748641 HTTP/1.1" 200 22
114.88.158.224 - - [09/Sep/2022:10:34:50 +0800] "GET /xingrg/all/function/internal_message.html?_=1662690542547&CODE_STATE=getMsg HTTP/1.1" 200 27
114.88.158.224 - - [09/Sep/2022:10:34:50 +0800] "GET /xingrg/kc/buy/cgsh_order_operate.html?command=get_materiel&rest_code=00141&code=00101015061&supplier_code=00100055&order_time=2022-09-09 HTTP/1.1" 200 412
116.237.72.126 - - [09/Sep/2022:10:34:50 +0800] "GET /xingrg/kc/buy/cgsh_order_operate.html?command=get_materiel&rest_code=00106&code=00101007061&supplier_code=00100002&order_time=2022-09-09 HTTP/1.1" 200 411
114.84.5.35 - - [09/Sep/2022:10:34:53 +0800] "GET /xingrg/kc/buy/cgsh_order_operate.html?command=get_materiel&rest_code=00111&code=00101020152&supplier_code=00100005&order_time=2022-09-09 HTTP/1.1" 200 416
116.232.194.65 - - [09/Sep/2022:10:34:58 +0800] "GET /xingrg/all/function/internal_message.html?_=1662690895208&CODE_STATE=getMsg HTTP/1.1" 200 27
116.232.194.65 - - [09/Sep/2022:10:34:59 +0800] "GET /xingrg/all/function/internal_message.html?_=1662690848254&CODE_STATE=getMsg HTTP/1.1" 200 27
180.169.147.146 - - [09/Sep/2022:10:35:00 +0800] "GET /xingrg/index.html?sysBaseUrl=http%3A%2F%2F180.169.147.146%3A18081%2Fxingrg%2F&costTime=39×tamp=1592034574635 HTTP/1.1" 302 -
116.225.121.189 - - [09/Sep/2022:10:35:00 +0800] "GET /xingrg/all/function/internal_message.html?_=1662690898285&CODE_STATE=getMsg HTTP/1.1" 200 27
