114.84.5.35 - - [09/Sep/2022:10:05:05 +0800] "POST /xingrg/kc/buy/cgsh_order_operate.html HTTP/1.1" 200 5009
114.84.5.35 - - [09/Sep/2022:10:05:06 +0800] "GET /xingrg/kc/print/load_config.html?kc_code=cgsh HTTP/1.1" 200 1943
114.84.5.35 - - [09/Sep/2022:10:05:07 +0800] "GET /xingrg/kc/print/load_data.html?order_code=212022090903082&kc_code=cgsh&condition= HTTP/1.1" 200 1596
180.163.29.212 - - [09/Sep/2022:10:05:11 +0800] "GET /xingrg/kc/buy/cgsh_order_operate.html?command=get_materiel&rest_code=00106&code=00101008300&supplier_code=00100007&order_time=2022-09-09 HTTP/1.1" 302 -
180.163.29.212 - - [09/Sep/2022:10:05:11 +0800] "GET /xingrg/login.html HTTP/1.1" 200 7641
114.84.81.136 - - [09/Sep/2022:10:05:11 +0800] "GET /xingrg/check_reg.html?_=1662689106679 HTTP/1.1" 302 -
116.224.255.128 - - [09/Sep/2022:10:05:14 +0800] "GET /xingrg/all/function/internal_message.html?_=1662689109026&CODE_STATE=getMsg HTTP/1.1" 200 27
114.84.5.35 - - [09/Sep/2022:10:05:15 +0800] "GET /xingrg/kc/buy/cgsh_order_add.html HTTP/1.1" 200 68580
114.84.5.35 - - [09/Sep/2022:10:05:15 +0800] "POST /xingrg/kc/buy/cgsh_order_operate.html HTTP/1.1" 200 8245
114.84.5.35 - - [09/Sep/2022:10:05:15 +0800] "GET /xingrg/javascript/easyui/themes/default/validatebox.css HTTP/1.1" 404 1104
101.83.241.167 - - [09/Sep/2022:10:05:19 +0800] "GET /xingrg/all/function/internal_message.html?_=1662689113821&CODE_STATE=getMsg HTTP/1.1" 200 27
116.224.255.128 - - [09/Sep/2022:10:05:19 +0800] "GET /xingrg/all/function/internal_message.html?_=1662689060222&CODE_STATE=getMsg HTTP/1.1" 200 27
116.238.169.132 - - [09/Sep/2022:10:05:19 +0800] "GET /xingrg/all/function/internal_message.html?_=1662689116961&CODE_STATE=getMsg HTTP/1.1" 200 27
124.79.74.72 - - [09/Sep/2022:10:05:20 +0800] "GET /xingrg/all/function/internal_message.html?_=1662689115721&CODE_STATE=getMsg HTTP/1.1" 200 27
116.224.255.128 - - [09/Sep/2022:10:05:20 +0800] "GET /xingrg/kc/buy/cgsh_order_operate.html?command=get_materiel&rest_code=00151&code=00101009053&supplier_code=00100026&order_time=2022-09-09 HTTP/1.1" 200 408
116.224.255.128 - - [09/Sep/2022:10:05:26 +0800] "GET /xingrg/kc/buy/cgsh_order_operate.html?command=get_materiel&rest_code=00151&code=00101009062&supplier_code=00100026&order_time=2022-09-09 HTTP/1.1" 200 412
114.84.5.35 - - [09/Sep/2022:10:05:27 +0800] "GET /xingrg/all/function/internal_message.html?_=1662689121167&CODE_STATE=getMsg HTTP/1.1" 200 27
114.84.5.35 - - [09/Sep/2022:10:05:31 +0800] "GET /xingrg/kc/buy/cgsh_order_operate.html?command=get_materiel&rest_code=00111&code=00101006013&supplier_code=00100012&order_time=2022-09-09 HTTP/1.1" 200 409
116.238.169.132 - - [09/Sep/2022:10:05:31 +0800] "GET /xingrg/all/function/internal_message.html?_=1662689127171&CODE_STATE=getMsg HTTP/1.1" 200 27
116.224.255.128 - - [09/Sep/2022:10:05:35 +0800] "GET /xingrg/kc/buy/cgsh_order_operate.html?command=get_materiel&rest_code=00151&code=00101009085&supplier_code=00100026&order_time=2022-09-09 HTTP/1.1" 200 408
120.253.135.82 - - [09/Sep/2022:10:05:40 +0800] "GET /xingrg/all/function/internal_message.html?_=1662688937911&CODE_STATE=getMsg HTTP/1.1" 200 27
116.224.255.128 - - [09/Sep/2022:10:05:45 +0800] "GET /xingrg/kc/buy/cgsh_order_operate.html?command=get_materiel&rest_code=00151&code=00101009011&supplier_code=00100026&order_time=2022-09-09 HTTP/1.1" 200 416
114.84.81.136 - - [09/Sep/2022:10:05:48 +0800] "GET /xingrg/all/function/internal_message.html?_=1662689143299&CODE_STATE=getMsg HTTP/1.1" 302 -
116.225.121.189 - - [09/Sep/2022:10:05:48 +0800] "GET /xingrg/all/function/internal_message.html?_=1662689008618&CODE_STATE=getMsg HTTP/1.1" 200 27
116.224.255.128 - - [09/Sep/2022:10:05:51 +0800] "GET /xingrg/kc/buy/cgsh_order_operate.html?command=get_materiel&rest_code=00151&code=00101009049&supplier_code=00100026&order_time=2022-09-09 HTTP/1.1" 200 416
116.237.72.126 - - [09/Sep/2022:10:05:54 +0800] "GET /xingrg/all/function/internal_message.html?_=1662689153487&CODE_STATE=getMsg HTTP/1.1" 200 27
116.232.194.65 - - [09/Sep/2022:10:05:59 +0800] "GET /xingrg/all/function/internal_message.html?_=1662689108725&CODE_STATE=getMsg HTTP/1.1" 200 27
114.84.5.35 - - [09/Sep/2022:10:05:59 +0800] "GET /xingrg/kc/buy/cgsh_order_operate.html?command=get_materiel&rest_code=00111&code=00101006111&supplier_code=00100012&order_time=2022-09-09 HTTP/1.1" 200 409
116.224.255.128 - - [09/Sep/2022:10:06:00 +0800] "GET /xingrg/kc/buy/cgsh_order_operate.html?command=get_materiel&rest_code=00151&code=00101009028&supplier_code=00100026&order_time=2022-09-09 HTTP/1.1" 200 409
116.225.121.189 - - [09/Sep/2022:10:06:00 +0800] "GET /xingrg/all/function/internal_message.html?_=1662689158957&CODE_STATE=getMsg HTTP/1.1" 200 27
222.70.246.221 - - [09/Sep/2022:10:06:03 +0800] "GET /xingrg/all/function/internal_message.html?_=1662689178067&CODE_STATE=getMsg HTTP/1.1" 200 27
114.83.219.57 - - [09/Sep/2022:10:06:04 +0800] "GET /xingrg/all/function/internal_message.html?_=1662689242588&CODE_STATE=getMsg HTTP/1.1" 200 27
116.224.255.128 - - [09/Sep/2022:10:06:10 +0800] "GET /xingrg/kc/buy/cgsh_order_operate.html?command=get_materiel&rest_code=00151&code=00101009032&supplier_code=00100026&order_time=2022-09-09 HTTP/1.1" 200 412
114.84.5.35 - - [09/Sep/2022:10:06:13 +0800] "GET /xingrg/kc/buy/cgsh_order_operate.html?command=get_materiel&rest_code=00111&code=00101006109&supplier_code=00100012&order_time=2022-09-09 HTTP/1.1" 200 409
116.224.255.128 - - [09/Sep/2022:10:06:14 +0800] "GET /xingrg/all/function/internal_message.html?_=1662689169006&CODE_STATE=getMsg HTTP/1.1" 200 27
101.83.241.167 - - [09/Sep/2022:10:06:19 +0800] "GET /xingrg/all/function/internal_message.html?_=1662689173847&CODE_STATE=getMsg HTTP/1.1" 200 27
116.224.255.128 - - [09/Sep/2022:10:06:19 +0800] "GET /xingrg/kc/buy/cgsh_order_operate.html?command=get_materiel&rest_code=00151&code=00101009065&supplier_code=00100026&order_time=2022-09-09 HTTP/1.1" 200 420
116.224.255.128 - - [09/Sep/2022:10:06:19 +0800] "GET /xingrg/all/function/internal_message.html?_=1662689120236&CODE_STATE=getMsg HTTP/1.1" 200 27
116.238.169.132 - - [09/Sep/2022:10:06:19 +0800] "GET /xingrg/all/function/internal_message.html?_=1662689176960&CODE_STATE=getMsg HTTP/1.1" 200 27
124.79.74.72 - - [09/Sep/2022:10:06:20 +0800] "GET /xingrg/all/function/internal_message.html?_=1662689175701&CODE_STATE=getMsg HTTP/1.1" 200 27
114.84.5.35 - - [09/Sep/2022:10:06:24 +0800] "GET /xingrg/kc/buy/cgsh_order_operate.html?command=get_materiel&rest_code=00111&code=00101018011&supplier_code=00100012&order_time=2022-09-09 HTTP/1.1" 200 413
114.84.5.35 - - [09/Sep/2022:10:06:27 +0800] "GET /xingrg/all/function/internal_message.html?_=1662689181162&CODE_STATE=getMsg HTTP/1.1" 200 27
116.238.169.132 - - [09/Sep/2022:10:06:31 +0800] "GET /xingrg/all/function/internal_message.html?_=1662689187198&CODE_STATE=getMsg HTTP/1.1" 200 27
116.224.255.128 - - [09/Sep/2022:10:06:32 +0800] "POST /xingrg/kc/buy/cgsh_order_operate.html HTTP/1.1" 200 37
114.84.5.35 - - [09/Sep/2022:10:06:36 +0800] "GET /xingrg/kc/buy/cgsh_order_operate.html?command=get_materiel&rest_code=00111&code=00101006038&supplier_code=00100012&order_time=2022-09-09 HTTP/1.1" 200 423
180.163.30.85 - - [09/Sep/2022:10:06:39 +0800] "GET /xingrg/all/function/internal_message.html?_=1662686453523&CODE_STATE=getMsg HTTP/1.1" 302 -
180.163.30.85 - - [09/Sep/2022:10:06:39 +0800] "GET /xingrg/login.html HTTP/1.1" 200 7641
120.253.135.82 - - [09/Sep/2022:10:06:40 +0800] "GET /xingrg/all/function/internal_message.html?_=1662688997918&CODE_STATE=getMsg HTTP/1.1" 200 27
114.84.81.136 - - [09/Sep/2022:10:06:48 +0800] "GET /xingrg/all/function/internal_message.html?_=1662689203271&CODE_STATE=getMsg HTTP/1.1" 302 -
116.225.121.189 - - [09/Sep/2022:10:06:48 +0800] "GET /xingrg/all/function/internal_message.html?_=1662689068618&CODE_STATE=getMsg HTTP/1.1" 200 27
116.237.72.126 - - [09/Sep/2022:10:06:54 +0800] "GET /xingrg/all/function/internal_message.html?_=1662689213488&CODE_STATE=getMsg HTTP/1.1" 200 27
114.84.5.35 - - [09/Sep/2022:10:06:57 +0800] "GET /xingrg/kc/buy/cgsh_order_operate.html?command=get_materiel&rest_code=00111&code=00101011001&supplier_code=00100012&order_time=2022-09-09 HTTP/1.1" 200 423
116.232.194.65 - - [09/Sep/2022:10:06:59 +0800] "GET /xingrg/all/function/internal_message.html?_=1662689168698&CODE_STATE=getMsg HTTP/1.1" 200 27
116.225.121.189 - - [09/Sep/2022:10:07:00 +0800] "GET /xingrg/all/function/internal_message.html?_=1662689218930&CODE_STATE=getMsg HTTP/1.1" 200 27
222.70.246.221 - - [09/Sep/2022:10:07:02 +0800] "GET /xingrg/check_reg.html?_=1662689237086 HTTP/1.1" 200 22
222.70.246.221 - - [09/Sep/2022:10:07:03 +0800] "GET /xingrg/all/function/internal_message.html?_=1662689238081&CODE_STATE=getMsg HTTP/1.1" 200 27
114.83.219.57 - - [09/Sep/2022:10:07:05 +0800] "GET /xingrg/all/function/internal_message.html?_=1662689302607&CODE_STATE=getMsg HTTP/1.1" 200 27
120.253.135.82 - - [09/Sep/2022:10:07:14 +0800] "GET /xingrg/check_reg.html?_=1662689032341 HTTP/1.1" 200 22
101.83.241.167 - - [09/Sep/2022:10:07:19 +0800] "GET /xingrg/all/function/internal_message.html?_=1662689233852&CODE_STATE=getMsg HTTP/1.1" 200 27
116.238.169.132 - - [09/Sep/2022:10:07:19 +0800] "GET /xingrg/all/function/internal_message.html?_=1662689236946&CODE_STATE=getMsg HTTP/1.1" 200 27
116.224.255.128 - - [09/Sep/2022:10:07:19 +0800] "GET /xingrg/all/function/internal_message.html?_=1662689180385&CODE_STATE=getMsg HTTP/1.1" 200 27
124.79.74.72 - - [09/Sep/2022:10:07:20 +0800] "GET /xingrg/all/function/internal_message.html?_=1662689235670&CODE_STATE=getMsg HTTP/1.1" 200 27
114.84.5.35 - - [09/Sep/2022:10:07:27 +0800] "GET /xingrg/check_reg.html?_=1662689241155 HTTP/1.1" 200 22
114.84.5.35 - - [09/Sep/2022:10:07:27 +0800] "GET /xingrg/all/function/internal_message.html?_=1662689241157&CODE_STATE=getMsg HTTP/1.1" 200 27
114.84.5.35 - - [09/Sep/2022:10:07:27 +0800] "GET /xingrg/kc/buy/cgsh_order_operate.html?command=get_materiel&rest_code=00111&code=00101016019&supplier_code=00100012&order_time=2022-09-09 HTTP/1.1" 200 449
116.238.169.132 - - [09/Sep/2022:10:07:31 +0800] "GET /xingrg/check_reg.html?_=1662689247184 HTTP/1.1" 200 22
116.238.169.132 - - [09/Sep/2022:10:07:31 +0800] "GET /xingrg/all/function/internal_message.html?_=1662689247189&CODE_STATE=getMsg HTTP/1.1" 200 27
120.253.135.82 - - [09/Sep/2022:10:07:40 +0800] "GET /xingrg/all/function/internal_message.html?_=1662689057931&CODE_STATE=getMsg HTTP/1.1" 200 27
114.84.81.136 - - [09/Sep/2022:10:07:48 +0800] "GET /xingrg/all/function/internal_message.html?_=1662689263244&CODE_STATE=getMsg HTTP/1.1" 302 -
116.225.121.189 - - [09/Sep/2022:10:07:48 +0800] "GET /xingrg/all/function/internal_message.html?_=1662689128618&CODE_STATE=getMsg HTTP/1.1" 200 27
116.237.72.126 - - [09/Sep/2022:10:07:54 +0800] "GET /xingrg/check_reg.html?_=1662689273487 HTTP/1.1" 200 22
116.237.72.126 - - [09/Sep/2022:10:07:54 +0800] "GET /xingrg/all/function/internal_message.html?_=1662689273490&CODE_STATE=getMsg HTTP/1.1" 200 27
180.163.30.76 - - [09/Sep/2022:10:07:54 +0800] "GET /xingrg/kc/buy/cgsh_order_operate.html?command=get_materiel&rest_code=00106&code=00101008080&supplier_code=00100007&order_time=2022-09-09 HTTP/1.1" 302 -
180.163.30.76 - - [09/Sep/2022:10:07:54 +0800] "GET /xingrg/login.html HTTP/1.1" 200 7641
116.232.194.65 - - [09/Sep/2022:10:07:59 +0800] "GET /xingrg/all/function/internal_message.html?_=1662689228684&CODE_STATE=getMsg HTTP/1.1" 200 27
116.225.121.189 - - [09/Sep/2022:10:08:00 +0800] "GET /xingrg/all/function/internal_message.html?_=1662689278906&CODE_STATE=getMsg HTTP/1.1" 200 27
222.70.246.221 - - [09/Sep/2022:10:08:03 +0800] "GET /xingrg/all/function/internal_message.html?_=1662689298093&CODE_STATE=getMsg HTTP/1.1" 200 27
114.83.219.57 - - [09/Sep/2022:10:08:05 +0800] "GET /xingrg/all/function/internal_message.html?_=1662689362597&CODE_STATE=getMsg HTTP/1.1" 200 27
114.84.5.35 - - [09/Sep/2022:10:08:10 +0800] "GET /xingrg/kc/buy/cgsh_order_operate.html?command=get_materiel&rest_code=00111&code=00101006113&supplier_code=00100012&order_time=2022-09-09 HTTP/1.1" 200 413
116.224.255.128 - - [09/Sep/2022:10:08:11 +0800] "POST /xingrg/kc/buy/cgsh_order_operate.html HTTP/1.1" 200 7457
116.232.194.65 - - [09/Sep/2022:10:08:13 +0800] "GET /xingrg/check_reg.html?_=1662689242647 HTTP/1.1" 200 22
116.224.255.128 - - [09/Sep/2022:10:08:14 +0800] "GET /xingrg/all/function/internal_message.html?_=1662689289021&CODE_STATE=getMsg HTTP/1.1" 200 27
101.83.241.167 - - [09/Sep/2022:10:08:19 +0800] "GET /xingrg/all/function/internal_message.html?_=1662689293850&CODE_STATE=getMsg HTTP/1.1" 200 27
116.238.169.132 - - [09/Sep/2022:10:08:19 +0800] "GET /xingrg/all/function/internal_message.html?_=1662689296951&CODE_STATE=getMsg HTTP/1.1" 200 27
116.224.255.128 - - [09/Sep/2022:10:08:19 +0800] "GET /xingrg/all/function/internal_message.html?_=1662689240387&CODE_STATE=getMsg HTTP/1.1" 200 27
124.79.74.72 - - [09/Sep/2022:10:08:20 +0800] "GET /xingrg/all/function/internal_message.html?_=1662689295657&CODE_STATE=getMsg HTTP/1.1" 200 27
114.84.5.35 - - [09/Sep/2022:10:08:27 +0800] "GET /xingrg/all/function/internal_message.html?_=1662689301153&CODE_STATE=getMsg HTTP/1.1" 200 27
114.84.5.35 - - [09/Sep/2022:10:08:30 +0800] "GET /xingrg/kc/buy/cgsh_order_operate.html?command=get_materiel&rest_code=00111&code=00101006065&supplier_code=00100012&order_time=2022-09-09 HTTP/1.1" 200 411
116.238.169.132 - - [09/Sep/2022:10:08:31 +0800] "GET /xingrg/all/function/internal_message.html?_=1662689307193&CODE_STATE=getMsg HTTP/1.1" 200 27
124.79.74.72 - - [09/Sep/2022:10:08:35 +0800] "GET /xingrg/check_reg.html?_=1662689311314 HTTP/1.1" 200 22
120.253.135.82 - - [09/Sep/2022:10:08:40 +0800] "GET /xingrg/all/function/internal_message.html?_=1662689117946&CODE_STATE=getMsg HTTP/1.1" 200 27
114.84.81.136 - - [09/Sep/2022:10:08:48 +0800] "GET /xingrg/all/function/internal_message.html?_=1662689323244&CODE_STATE=getMsg HTTP/1.1" 302 -
116.225.121.189 - - [09/Sep/2022:10:08:48 +0800] "GET /xingrg/all/function/internal_message.html?_=1662689188618&CODE_STATE=getMsg HTTP/1.1" 200 27
116.232.194.65 - - [09/Sep/2022:10:08:49 +0800] "GET /xingrg/login.html HTTP/1.1" 200 7641
116.232.194.65 - - [09/Sep/2022:10:08:49 +0800] "GET /favicon.ico HTTP/1.1" 404 -
114.84.5.35 - - [09/Sep/2022:10:08:51 +0800] "GET /xingrg/kc/buy/cgsh_order_operate.html?command=get_materiel&rest_code=00111&code=00101006184&supplier_code=00100012&order_time=2022-09-09 HTTP/1.1" 200 408
116.237.72.126 - - [09/Sep/2022:10:08:54 +0800] "GET /xingrg/all/function/internal_message.html?_=1662689333489&CODE_STATE=getMsg HTTP/1.1" 200 27
116.232.194.65 - - [09/Sep/2022:10:08:57 +0800] "POST /xingrg/login.do HTTP/1.1" 302 -
116.232.194.65 - - [09/Sep/2022:10:08:57 +0800] "GET /xingrg/index.html?sysBaseUrl=http%3A%2F%2F180.169.147.146%3A18081%2Fxingrg%2F&costTime=41×tamp=1662689337827 HTTP/1.1" 200 17503
116.232.194.65 - - [09/Sep/2022:10:08:58 +0800] "GET /favicon.ico HTTP/1.1" 404 -
116.232.194.65 - - [09/Sep/2022:10:08:58 +0800] "POST /xingrg/all/common/load_tree.html?tree=area_rest_tree_json&manage=1 HTTP/1.1" 200 3472
116.232.194.65 - - [09/Sep/2022:10:08:58 +0800] "GET /xingrg/all/function/internal_message.html?_=1662689335179&CODE_STATE=count HTTP/1.1" 200 11
116.232.194.65 - - [09/Sep/2022:10:08:58 +0800] "GET /xingrg/check_reg.html?_=1662689335181 HTTP/1.1" 200 22
116.232.194.65 - - [09/Sep/2022:10:08:58 +0800] "POST /xingrg/load_menu.html HTTP/1.1" 200 11443
116.232.194.65 - - [09/Sep/2022:10:08:59 +0800] "GET /xingrg/all/function/internal_message.html?_=1662689288671&CODE_STATE=getMsg HTTP/1.1" 200 27
116.225.121.189 - - [09/Sep/2022:10:09:00 +0800] "GET /xingrg/all/function/internal_message.html?_=1662689338879&CODE_STATE=getMsg HTTP/1.1" 200 27
222.70.246.221 - - [09/Sep/2022:10:09:03 +0800] "GET /xingrg/all/function/internal_message.html?_=1662689358108&CODE_STATE=getMsg HTTP/1.1" 200 27
114.84.5.35 - - [09/Sep/2022:10:09:04 +0800] "GET /xingrg/kc/buy/cgsh_order_operate.html?command=get_materiel&rest_code=00111&code=00101006056&supplier_code=00100012&order_time=2022-09-09 HTTP/1.1" 200 413
116.232.194.65 - - [09/Sep/2022:10:09:04 +0800] "GET /xingrg/kc/base/yddb_order_list.html HTTP/1.1" 200 16786
116.232.194.65 - - [09/Sep/2022:10:09:04 +0800] "POST /xingrg/kc/base/yddb_list_operate.html HTTP/1.1" 200 636
114.83.219.57 - - [09/Sep/2022:10:09:05 +0800] "GET /xingrg/all/function/internal_message.html?_=1662689422607&CODE_STATE=getMsg HTTP/1.1" 200 27
116.232.194.65 - - [09/Sep/2022:10:09:08 +0800] "POST /xingrg/kc/base/yddb_list_operate.html HTTP/1.1" 200 4331
116.232.194.65 - - [09/Sep/2022:10:09:09 +0800] "POST /xingrg/kc/base/yddb_list_operate.html HTTP/1.1" 200 282
116.232.194.65 - - [09/Sep/2022:10:09:10 +0800] "GET /xingrg/kc/base/yddb_order_info.html?code=482022090700097 HTTP/1.1" 200 31054
116.232.194.65 - - [09/Sep/2022:10:09:10 +0800] "GET /xingrg/dwr/interface/AjaxYddbService.js HTTP/1.1" 200 13201
116.232.194.65 - - [09/Sep/2022:10:09:10 +0800] "GET /xingrg/dwr/util.js HTTP/1.1" 304 -
116.232.194.65 - - [09/Sep/2022:10:09:10 +0800] "GET /xingrg/dwr/interface/AjaxComOrderService.js HTTP/1.1" 200 18264
116.232.194.65 - - [09/Sep/2022:10:09:10 +0800] "GET /xingrg/dwr/engine.js HTTP/1.1" 200 43631
116.232.194.65 - - [09/Sep/2022:10:09:10 +0800] "POST /xingrg/dwr/call/plaincall/AjaxYddbService.loadMaterielItems.dwr HTTP/1.1" 200 725
180.163.29.79 - - [09/Sep/2022:10:09:11 +0800] "GET /xingrg/all/function/internal_message.html?_=1662687173444&CODE_STATE=getMsg HTTP/1.1" 302 -
180.163.29.79 - - [09/Sep/2022:10:09:11 +0800] "GET /xingrg/login.html HTTP/1.1" 200 7641
116.224.255.128 - - [09/Sep/2022:10:09:14 +0800] "GET /xingrg/check_reg.html?_=1662689348947 HTTP/1.1" 200 22
116.224.255.128 - - [09/Sep/2022:10:09:14 +0800] "GET /xingrg/all/function/internal_message.html?_=1662689349009&CODE_STATE=getMsg HTTP/1.1" 200 27
116.224.255.128 - - [09/Sep/2022:10:09:18 +0800] "GET /xingrg/check_reg.html?_=1662689299393 HTTP/1.1" 200 22
101.83.241.167 - - [09/Sep/2022:10:09:19 +0800] "GET /xingrg/check_reg.html?_=1662689353859 HTTP/1.1" 200 22
101.83.241.167 - - [09/Sep/2022:10:09:19 +0800] "GET /xingrg/all/function/internal_message.html?_=1662689353866&CODE_STATE=getMsg HTTP/1.1" 200 27
116.238.169.132 - - [09/Sep/2022:10:09:19 +0800] "GET /xingrg/all/function/internal_message.html?_=1662689356965&CODE_STATE=getMsg HTTP/1.1" 200 27
116.238.169.132 - - [09/Sep/2022:10:09:19 +0800] "GET /xingrg/check_reg.html?_=1662689356966 HTTP/1.1" 200 22
116.224.255.128 - - [09/Sep/2022:10:09:19 +0800] "GET /xingrg/all/function/internal_message.html?_=1662689300401&CODE_STATE=getMsg HTTP/1.1" 200 27
124.79.74.72 - - [09/Sep/2022:10:09:19 +0800] "GET /xingrg/all/function/internal_message.html?_=1662689355627&CODE_STATE=getMsg HTTP/1.1" 200 27
114.84.5.35 - - [09/Sep/2022:10:09:27 +0800] "POST /xingrg/kc/buy/cgsh_order_operate.html HTTP/1.1" 200 37
114.84.5.35 - - [09/Sep/2022:10:09:27 +0800] "GET /xingrg/all/function/internal_message.html?_=1662689361181&CODE_STATE=getMsg HTTP/1.1" 200 27
114.84.5.35 - - [09/Sep/2022:10:09:31 +0800] "POST /xingrg/kc/buy/cgsh_order_operate.html HTTP/1.1" 200 9220
116.238.169.132 - - [09/Sep/2022:10:09:32 +0800] "GET /xingrg/all/function/internal_message.html?_=1662689367194&CODE_STATE=getMsg HTTP/1.1" 200 27
114.84.5.35 - - [09/Sep/2022:10:09:34 +0800] "GET /xingrg/kc/print/load_data.html?order_code=212022090903084&kc_code=cgsh&condition= HTTP/1.1" 200 3263
120.253.135.82 - - [09/Sep/2022:10:09:40 +0800] "GET /xingrg/all/function/internal_message.html?_=1662689177958&CODE_STATE=getMsg HTTP/1.1" 200 27
114.84.5.35 - - [09/Sep/2022:10:09:44 +0800] "GET /xingrg/kc/buy/cgsh_order_add.html HTTP/1.1" 200 68580
114.84.5.35 - - [09/Sep/2022:10:09:44 +0800] "POST /xingrg/kc/buy/cgsh_order_operate.html HTTP/1.1" 200 8245
114.84.5.35 - - [09/Sep/2022:10:09:44 +0800] "GET /xingrg/javascript/easyui/themes/default/validatebox.css HTTP/1.1" 404 1104
114.84.81.136 - - [09/Sep/2022:10:09:48 +0800] "GET /xingrg/all/function/internal_message.html?_=1662689383216&CODE_STATE=getMsg HTTP/1.1" 302 -
116.225.121.189 - - [09/Sep/2022:10:09:48 +0800] "GET /xingrg/check_reg.html?_=1662689248618 HTTP/1.1" 200 22
116.225.121.189 - - [09/Sep/2022:10:09:49 +0800] "GET /xingrg/all/function/internal_message.html?_=1662689248621&CODE_STATE=getMsg HTTP/1.1" 200 27
116.237.72.126 - - [09/Sep/2022:10:09:54 +0800] "GET /xingrg/all/function/internal_message.html?_=1662689393490&CODE_STATE=getMsg HTTP/1.1" 200 27
114.84.5.35 - - [09/Sep/2022:10:09:55 +0800] "GET /xingrg/kc/buy/cgsh_order_operate.html?command=get_materiel&rest_code=00111&code=00101007109&supplier_code=00100037&order_time=2022-09-09 HTTP/1.1" 200 408
116.232.194.65 - - [09/Sep/2022:10:09:58 +0800] "GET /xingrg/all/function/internal_message.html?_=1662689395199&CODE_STATE=getMsg HTTP/1.1" 200 27
116.232.194.65 - - [09/Sep/2022:10:09:59 +0800] "GET /xingrg/all/function/internal_message.html?_=1662689348659&CODE_STATE=getMsg HTTP/1.1" 200 27
116.225.121.189 - - [09/Sep/2022:10:10:00 +0800] "GET /xingrg/all/function/internal_message.html?_=1662689398859&CODE_STATE=getMsg HTTP/1.1" 200 27
116.225.121.189 - - [09/Sep/2022:10:10:01 +0800] "GET /xingrg/check_reg.html?_=1662689399399 HTTP/1.1" 200 22
222.70.246.221 - - [09/Sep/2022:10:10:03 +0800] "GET /xingrg/all/function/internal_message.html?_=1662689418211&CODE_STATE=getMsg HTTP/1.1" 200 27
114.83.219.57 - - [09/Sep/2022:10:10:05 +0800] "GET /xingrg/all/function/internal_message.html?_=1662689482601&CODE_STATE=getMsg HTTP/1.1" 200 27
114.83.219.57 - - [09/Sep/2022:10:10:05 +0800] "GET /xingrg/check_reg.html?_=1662689482603 HTTP/1.1" 200 22
116.232.194.65 - - [09/Sep/2022:10:10:05 +0800] "POST /xingrg/kc/base/yddb_list_operate.html HTTP/1.1" 200 4331
114.84.5.35 - - [09/Sep/2022:10:10:06 +0800] "GET /xingrg/kc/buy/cgsh_order_operate.html?command=get_materiel&rest_code=00111&code=00101012025&supplier_code=00100037&order_time=2022-09-09 HTTP/1.1" 200 412
114.84.81.136 - - [09/Sep/2022:10:10:11 +0800] "GET /xingrg/check_reg.html?_=1662689406702 HTTP/1.1" 302 -
180.163.29.219 - - [09/Sep/2022:10:10:12 +0800] "GET /xingrg/kc/buy/cgsh_order_operate.html?command=get_materiel&rest_code=00106&code=00101008264&supplier_code=00100007&order_time=2022-09-09 HTTP/1.1" 302 -
180.163.29.219 - - [09/Sep/2022:10:10:12 +0800] "GET /xingrg/login.html HTTP/1.1" 200 7641
116.224.255.128 - - [09/Sep/2022:10:10:14 +0800] "GET /xingrg/all/function/internal_message.html?_=1662689408986&CODE_STATE=getMsg HTTP/1.1" 200 27
101.83.241.167 - - [09/Sep/2022:10:10:19 +0800] "GET /xingrg/all/function/internal_message.html?_=1662689413856&CODE_STATE=getMsg HTTP/1.1" 200 27
116.238.169.132 - - [09/Sep/2022:10:10:19 +0800] "GET /xingrg/all/function/internal_message.html?_=1662689416957&CODE_STATE=getMsg HTTP/1.1" 200 27
116.224.255.128 - - [09/Sep/2022:10:10:19 +0800] "GET /xingrg/all/function/internal_message.html?_=1662689360414&CODE_STATE=getMsg HTTP/1.1" 200 27
124.79.74.72 - - [09/Sep/2022:10:10:19 +0800] "GET /xingrg/all/function/internal_message.html?_=1662689415596&CODE_STATE=getMsg HTTP/1.1" 200 27
114.84.5.35 - - [09/Sep/2022:10:10:27 +0800] "GET /xingrg/kc/buy/cgsh_order_operate.html?command=get_materiel&rest_code=00111&code=00101008166&supplier_code=00100037&order_time=2022-09-09 HTTP/1.1" 200 412
114.84.5.35 - - [09/Sep/2022:10:10:27 +0800] "GET /xingrg/all/function/internal_message.html?_=1662689421200&CODE_STATE=getMsg HTTP/1.1" 200 27
116.238.169.132 - - [09/Sep/2022:10:10:31 +0800] "GET /xingrg/all/function/internal_message.html?_=1662689427196&CODE_STATE=getMsg HTTP/1.1" 200 27
180.163.28.109 - - [09/Sep/2022:10:10:37 +0800] "GET /xingrg/check_reg.html?_=1662687173442 HTTP/1.1" 302 -
180.163.28.109 - - [09/Sep/2022:10:10:37 +0800] "GET /xingrg/login.html HTTP/1.1" 200 7641
120.253.135.82 - - [09/Sep/2022:10:10:40 +0800] "GET /xingrg/all/function/internal_message.html?_=1662689237979&CODE_STATE=getMsg HTTP/1.1" 200 27
114.84.81.136 - - [09/Sep/2022:10:10:48 +0800] "GET /xingrg/all/function/internal_message.html?_=1662689443198&CODE_STATE=getMsg HTTP/1.1" 302 -
116.225.121.189 - - [09/Sep/2022:10:10:48 +0800] "GET /xingrg/all/function/internal_message.html?_=1662689308621&CODE_STATE=getMsg HTTP/1.1" 200 27
116.237.72.126 - - [09/Sep/2022:10:10:54 +0800] "GET /xingrg/all/function/internal_message.html?_=1662689453489&CODE_STATE=getMsg HTTP/1.1" 200 27
116.224.255.128 - - [09/Sep/2022:10:10:55 +0800] "POST /xingrg/kc/buy/cgsh_order_operate.html HTTP/1.1" 200 37
116.232.194.65 - - [09/Sep/2022:10:10:58 +0800] "GET /xingrg/all/function/internal_message.html?_=1662689455199&CODE_STATE=getMsg HTTP/1.1" 200 27
116.224.255.128 - - [09/Sep/2022:10:10:59 +0800] "POST /xingrg/kc/buy/cgsh_order_operate.html HTTP/1.1" 200 12
116.232.194.65 - - [09/Sep/2022:10:10:59 +0800] "GET /xingrg/all/function/internal_message.html?_=1662689408636&CODE_STATE=getMsg HTTP/1.1" 200 27
116.224.255.128 - - [09/Sep/2022:10:11:00 +0800] "GET /xingrg/kc/buy/cgsh_order_info.html?code=212022090903083 HTTP/1.1" 200 63125
116.225.121.189 - - [09/Sep/2022:10:11:00 +0800] "GET /xingrg/all/function/internal_message.html?_=1662689458835&CODE_STATE=getMsg HTTP/1.1" 200 27
116.224.255.128 - - [09/Sep/2022:10:11:00 +0800] "GET /xingrg/javascript/easyui/themes/default/validatebox.css HTTP/1.1" 404 1104
116.224.255.128 - - [09/Sep/2022:10:11:01 +0800] "POST /xingrg/kc/buy/cgsh_order_operate.html HTTP/1.1" 200 5402
116.224.255.128 - - [09/Sep/2022:10:11:02 +0800] "GET /xingrg/kc/print/load_data.html?order_code=212022090903083&kc_code=cgsh&condition= HTTP/1.1" 200 2614
222.70.246.221 - - [09/Sep/2022:10:11:03 +0800] "GET /xingrg/all/function/internal_message.html?_=1662689478212&CODE_STATE=getMsg HTTP/1.1" 200 27
114.83.219.57 - - [09/Sep/2022:10:11:05 +0800] "GET /xingrg/all/function/internal_message.html?_=1662689542598&CODE_STATE=getMsg HTTP/1.1" 200 27
116.224.255.128 - - [09/Sep/2022:10:11:14 +0800] "GET /xingrg/all/function/internal_message.html?_=1662689468979&CODE_STATE=getMsg HTTP/1.1" 200 27
180.163.28.55 - - [09/Sep/2022:10:11:17 +0800] "GET /xingrg/all/function/internal_message.html?_=1662687413456&CODE_STATE=getMsg HTTP/1.1" 302 -
180.163.28.55 - - [09/Sep/2022:10:11:17 +0800] "GET /xingrg/login.html HTTP/1.1" 200 7641
101.83.241.167 - - [09/Sep/2022:10:11:19 +0800] "GET /xingrg/all/function/internal_message.html?_=1662689473865&CODE_STATE=getMsg HTTP/1.1" 200 27
116.238.169.132 - - [09/Sep/2022:10:11:19 +0800] "GET /xingrg/all/function/internal_message.html?_=1662689476966&CODE_STATE=getMsg HTTP/1.1" 200 27
124.79.74.72 - - [09/Sep/2022:10:11:19 +0800] "GET /xingrg/all/function/internal_message.html?_=1662689475568&CODE_STATE=getMsg HTTP/1.1" 200 27
116.224.255.128 - - [09/Sep/2022:10:11:19 +0800] "GET /xingrg/all/function/internal_message.html?_=1662689420428&CODE_STATE=getMsg HTTP/1.1" 200 27
114.84.5.35 - - [09/Sep/2022:10:11:25 +0800] "GET /xingrg/kc/buy/cgsh_order_operate.html?command=get_materiel&rest_code=00111&code=00101007073&supplier_code=00100037&order_time=2022-09-09 HTTP/1.1" 200 417
114.84.5.35 - - [09/Sep/2022:10:11:27 +0800] "GET /xingrg/all/function/internal_message.html?_=1662689481172&CODE_STATE=getMsg HTTP/1.1" 200 27
116.238.169.132 - - [09/Sep/2022:10:11:31 +0800] "GET /xingrg/all/function/internal_message.html?_=1662689487191&CODE_STATE=getMsg HTTP/1.1" 200 27
120.253.135.82 - - [09/Sep/2022:10:11:40 +0800] "GET /xingrg/all/function/internal_message.html?_=1662689297988&CODE_STATE=getMsg HTTP/1.1" 200 27
114.84.5.35 - - [09/Sep/2022:10:11:40 +0800] "GET /xingrg/kc/buy/cgsh_order_operate.html?command=get_materiel&rest_code=00111&code=00101009122&supplier_code=00100037&order_time=2022-09-09 HTTP/1.1" 200 407
114.84.81.136 - - [09/Sep/2022:10:11:48 +0800] "GET /xingrg/all/function/internal_message.html?_=1662689503172&CODE_STATE=getMsg HTTP/1.1" 302 -
116.225.121.189 - - [09/Sep/2022:10:11:48 +0800] "GET /xingrg/all/function/internal_message.html?_=1662689368622&CODE_STATE=getMsg HTTP/1.1" 200 27
116.237.72.126 - - [09/Sep/2022:10:11:54 +0800] "GET /xingrg/all/function/internal_message.html?_=1662689513489&CODE_STATE=getMsg HTTP/1.1" 200 27
116.232.194.65 - - [09/Sep/2022:10:11:58 +0800] "GET /xingrg/all/function/internal_message.html?_=1662689515210&CODE_STATE=getMsg HTTP/1.1" 200 27
116.232.194.65 - - [09/Sep/2022:10:11:59 +0800] "GET /xingrg/all/function/internal_message.html?_=1662689468625&CODE_STATE=getMsg HTTP/1.1" 200 27
114.84.5.35 - - [09/Sep/2022:10:12:00 +0800] "GET /xingrg/kc/buy/cgsh_order_operate.html?command=get_materiel&rest_code=00111&code=00101020127&supplier_code=00100037&order_time=2022-09-09 HTTP/1.1" 200 408
116.225.121.189 - - [09/Sep/2022:10:12:00 +0800] "GET /xingrg/all/function/internal_message.html?_=1662689518816&CODE_STATE=getMsg HTTP/1.1" 200 27
222.70.246.221 - - [09/Sep/2022:10:12:02 +0800] "GET /xingrg/check_reg.html?_=1662689537181 HTTP/1.1" 200 22
222.70.246.221 - - [09/Sep/2022:10:12:03 +0800] "GET /xingrg/all/function/internal_message.html?_=1662689538226&CODE_STATE=getMsg HTTP/1.1" 200 27
114.83.219.57 - - [09/Sep/2022:10:12:04 +0800] "GET /xingrg/all/function/internal_message.html?_=1662689602589&CODE_STATE=getMsg HTTP/1.1" 200 27
116.224.255.128 - - [09/Sep/2022:10:12:14 +0800] "GET /xingrg/all/function/internal_message.html?_=1662689528954&CODE_STATE=getMsg HTTP/1.1" 200 27
120.253.135.82 - - [09/Sep/2022:10:12:14 +0800] "GET /xingrg/check_reg.html?_=1662689332338 HTTP/1.1" 200 22
101.83.241.167 - - [09/Sep/2022:10:12:19 +0800] "GET /xingrg/all/function/internal_message.html?_=1662689533854&CODE_STATE=getMsg HTTP/1.1" 200 27
116.238.169.132 - - [09/Sep/2022:10:12:19 +0800] "GET /xingrg/all/function/internal_message.html?_=1662689536957&CODE_STATE=getMsg HTTP/1.1" 200 27
124.79.74.72 - - [09/Sep/2022:10:12:19 +0800] "GET /xingrg/all/function/internal_message.html?_=1662689535556&CODE_STATE=getMsg HTTP/1.1" 200 27
116.224.255.128 - - [09/Sep/2022:10:12:20 +0800] "GET /xingrg/all/function/internal_message.html?_=1662689480580&CODE_STATE=getMsg HTTP/1.1" 200 27
114.84.5.35 - - [09/Sep/2022:10:12:27 +0800] "GET /xingrg/check_reg.html?_=1662689541175 HTTP/1.1" 200 22
114.84.5.35 - - [09/Sep/2022:10:12:27 +0800] "GET /xingrg/all/function/internal_message.html?_=1662689541178&CODE_STATE=getMsg HTTP/1.1" 200 27
116.238.169.132 - - [09/Sep/2022:10:12:31 +0800] "GET /xingrg/check_reg.html?_=1662689547184 HTTP/1.1" 200 22
116.238.169.132 - - [09/Sep/2022:10:12:31 +0800] "GET /xingrg/all/function/internal_message.html?_=1662689547188&CODE_STATE=getMsg HTTP/1.1" 200 27
114.83.219.57 - - [09/Sep/2022:10:12:32 +0800] "GET /xingrg/kc/buy/cgsh_order_add.html HTTP/1.1" 200 67828
114.83.219.57 - - [09/Sep/2022:10:12:33 +0800] "POST /xingrg/kc/buy/cgsh_order_operate.html HTTP/1.1" 200 8245
114.83.219.57 - - [09/Sep/2022:10:12:33 +0800] "GET /xingrg/javascript/easyui/themes/default/validatebox.css HTTP/1.1" 404 1104
120.253.135.82 - - [09/Sep/2022:10:12:40 +0800] "GET /xingrg/all/function/internal_message.html?_=1662689358001&CODE_STATE=getMsg HTTP/1.1" 200 27
114.84.81.136 - - [09/Sep/2022:10:12:48 +0800] "GET /xingrg/all/function/internal_message.html?_=1662689563145&CODE_STATE=getMsg HTTP/1.1" 302 -
116.225.121.189 - - [09/Sep/2022:10:12:48 +0800] "GET /xingrg/all/function/internal_message.html?_=1662689428623&CODE_STATE=getMsg HTTP/1.1" 200 27
114.83.219.57 - - [09/Sep/2022:10:12:50 +0800] "GET /xingrg/kc/buy/cgsh_order_operate.html?command=get_materiel&rest_code=00154&code=00101040010&supplier_code=00100151&order_time=2022-09-09 HTTP/1.1" 200 443
116.237.72.126 - - [09/Sep/2022:10:12:54 +0800] "GET /xingrg/all/function/internal_message.html?_=1662689573491&CODE_STATE=getMsg HTTP/1.1" 200 27
116.237.72.126 - - [09/Sep/2022:10:12:54 +0800] "GET /xingrg/check_reg.html?_=1662689573489 HTTP/1.1" 200 22
116.232.194.65 - - [09/Sep/2022:10:12:58 +0800] "GET /xingrg/all/function/internal_message.html?_=1662689575212&CODE_STATE=getMsg HTTP/1.1" 200 27
116.232.194.65 - - [09/Sep/2022:10:12:59 +0800] "GET /xingrg/all/function/internal_message.html?_=1662689528606&CODE_STATE=getMsg HTTP/1.1" 200 27
116.225.121.189 - - [09/Sep/2022:10:13:00 +0800] "GET /xingrg/all/function/internal_message.html?_=1662689578788&CODE_STATE=getMsg HTTP/1.1" 200 27
222.70.246.221 - - [09/Sep/2022:10:13:03 +0800] "GET /xingrg/all/function/internal_message.html?_=1662689598239&CODE_STATE=getMsg HTTP/1.1" 200 27
114.83.219.57 - - [09/Sep/2022:10:13:05 +0800] "GET /xingrg/all/function/internal_message.html?_=1662689662601&CODE_STATE=getMsg HTTP/1.1" 200 27
114.84.5.35 - - [09/Sep/2022:10:13:07 +0800] "GET /xingrg/kc/buy/cgsh_order_operate.html?command=get_materiel&rest_code=00111&code=00101012057&supplier_code=00100037&order_time=2022-09-09 HTTP/1.1" 200 420
180.163.29.219 - - [09/Sep/2022:10:13:12 +0800] "GET /xingrg/all/function/internal_message.html?_=1662688013463&CODE_STATE=getMsg HTTP/1.1" 302 -
180.163.29.219 - - [09/Sep/2022:10:13:12 +0800] "GET /xingrg/login.html HTTP/1.1" 200 7641
116.232.194.65 - - [09/Sep/2022:10:13:13 +0800] "GET /xingrg/check_reg.html?_=1662689542634 HTTP/1.1" 200 22
116.224.255.128 - - [09/Sep/2022:10:13:14 +0800] "GET /xingrg/all/function/internal_message.html?_=1662689588932&CODE_STATE=getMsg HTTP/1.1" 200 27
114.83.219.57 - - [09/Sep/2022:10:13:14 +0800] "GET /xingrg/kc/buy/cgsh_order_operate.html?command=get_materiel&rest_code=00154&code=00102006392&supplier_code=00100151&order_time=2022-09-09 HTTP/1.1" 200 414
101.83.241.167 - - [09/Sep/2022:10:13:19 +0800] "GET /xingrg/all/function/internal_message.html?_=1662689593866&CODE_STATE=getMsg HTTP/1.1" 200 27
116.238.169.132 - - [09/Sep/2022:10:13:19 +0800] "GET /xingrg/all/function/internal_message.html?_=1662689596963&CODE_STATE=getMsg HTTP/1.1" 200 27
124.79.74.72 - - [09/Sep/2022:10:13:19 +0800] "GET /xingrg/all/function/internal_message.html?_=1662689595527&CODE_STATE=getMsg HTTP/1.1" 200 27
116.224.255.128 - - [09/Sep/2022:10:13:20 +0800] "GET /xingrg/all/function/internal_message.html?_=1662689540579&CODE_STATE=getMsg HTTP/1.1" 200 27
114.84.5.35 - - [09/Sep/2022:10:13:27 +0800] "GET /xingrg/all/function/internal_message.html?_=1662689601160&CODE_STATE=getMsg HTTP/1.1" 200 27
116.238.169.132 - - [09/Sep/2022:10:13:31 +0800] "GET /xingrg/all/function/internal_message.html?_=1662689607187&CODE_STATE=getMsg HTTP/1.1" 200 27
114.83.219.57 - - [09/Sep/2022:10:13:33 +0800] "POST /xingrg/kc/buy/cgsh_order_operate.html HTTP/1.1" 200 37
114.84.5.35 - - [09/Sep/2022:10:13:35 +0800] "GET /xingrg/kc/buy/cgsh_order_operate.html?command=get_materiel&rest_code=00111&code=00101020115&supplier_code=00100037&order_time=2022-09-09 HTTP/1.1" 200 410
124.79.74.72 - - [09/Sep/2022:10:13:35 +0800] "GET /xingrg/check_reg.html?_=1662689611294 HTTP/1.1" 200 22
114.83.219.57 - - [09/Sep/2022:10:13:37 +0800] "POST /xingrg/kc/buy/cgsh_order_operate.html HTTP/1.1" 200 12
114.83.219.57 - - [09/Sep/2022:10:13:39 +0800] "GET /xingrg/kc/buy/cgsh_order_info.html?code=212022090903085 HTTP/1.1" 200 62721
114.83.219.57 - - [09/Sep/2022:10:13:39 +0800] "GET /xingrg/javascript/easyui/themes/default/validatebox.css HTTP/1.1" 404 1104
120.253.135.82 - - [09/Sep/2022:10:13:40 +0800] "GET /xingrg/all/function/internal_message.html?_=1662689418015&CODE_STATE=getMsg HTTP/1.1" 200 27
114.83.219.57 - - [09/Sep/2022:10:13:40 +0800] "POST /xingrg/kc/buy/cgsh_order_operate.html HTTP/1.1" 200 1225
114.83.219.57 - - [09/Sep/2022:10:13:41 +0800] "GET /xingrg/kc/print/load_config.html?kc_code=cgsh HTTP/1.1" 200 1943
114.83.219.57 - - [09/Sep/2022:10:13:41 +0800] "GET /xingrg/kc/print/load_data.html?order_code=212022090903085&kc_code=cgsh&condition= HTTP/1.1" 200 948
114.84.5.35 - - [09/Sep/2022:10:13:45 +0800] "POST /xingrg/all/common/load_select.html HTTP/1.1" 200 12
114.84.81.136 - - [09/Sep/2022:10:13:48 +0800] "GET /xingrg/all/function/internal_message.html?_=1662689623122&CODE_STATE=getMsg HTTP/1.1" 302 -
116.225.121.189 - - [09/Sep/2022:10:13:48 +0800] "GET /xingrg/all/function/internal_message.html?_=1662689488624&CODE_STATE=getMsg HTTP/1.1" 200 27
114.84.5.35 - - [09/Sep/2022:10:13:49 +0800] "GET /xingrg/kc/buy/cgsh_order_operate.html?command=get_materiel_price&rest_code=00111&code=00101020115&unit_code=00100004&supplier_code=00100037&order_time=2022-09-09 HTTP/1.1" 200 29
116.237.72.126 - - [09/Sep/2022:10:13:54 +0800] "GET /xingrg/all/function/internal_message.html?_=1662689633493&CODE_STATE=getMsg HTTP/1.1" 200 27
116.232.194.65 - - [09/Sep/2022:10:13:58 +0800] "GET /xingrg/all/function/internal_message.html?_=1662689635217&CODE_STATE=getMsg HTTP/1.1" 200 27
116.232.194.65 - - [09/Sep/2022:10:13:58 +0800] "GET /xingrg/check_reg.html?_=1662689635215 HTTP/1.1" 200 22
116.232.194.65 - - [09/Sep/2022:10:13:59 +0800] "GET /xingrg/all/function/internal_message.html?_=1662689588597&CODE_STATE=getMsg HTTP/1.1" 200 27
116.225.121.189 - - [09/Sep/2022:10:14:00 +0800] "GET /xingrg/all/function/internal_message.html?_=1662689638768&CODE_STATE=getMsg HTTP/1.1" 200 27
222.70.246.221 - - [09/Sep/2022:10:14:03 +0800] "GET /xingrg/all/function/internal_message.html?_=1662689658255&CODE_STATE=getMsg HTTP/1.1" 200 27
114.83.219.57 - - [09/Sep/2022:10:14:05 +0800] "GET /xingrg/all/function/internal_message.html?_=1662689722612&CODE_STATE=getMsg HTTP/1.1" 200 27
116.224.255.128 - - [09/Sep/2022:10:14:07 +0800] "POST /xingrg/all/user/operate.html HTTP/1.1" 200 36
116.224.255.128 - - [09/Sep/2022:10:14:07 +0800] "GET /xingrg/index.html?sysBaseUrl=http%3A%2F%2F180.169.147.146%3A18081%2Fxingrg%2F&costTime=41×tamp=1662685672486 HTTP/1.1" 200 17179
116.224.255.128 - - [09/Sep/2022:10:14:07 +0800] "GET /xingrg/javascript/jquery_easy_ui/themes/default/easyui.css HTTP/1.1" 304 -
116.224.255.128 - - [09/Sep/2022:10:14:07 +0800] "GET /xingrg/javascript/jquery_easy_ui/themes/icon.css HTTP/1.1" 304 -
116.224.255.128 - - [09/Sep/2022:10:14:07 +0800] "GET /xingrg/css/form.css HTTP/1.1" 304 -
116.224.255.128 - - [09/Sep/2022:10:14:08 +0800] "GET /xingrg/javascript/jquery-1.4.2.min.js HTTP/1.1" 304 -
116.224.255.128 - - [09/Sep/2022:10:14:08 +0800] "GET /xingrg/javascript/jquery_easy_ui/jquery.easyui.min.js HTTP/1.1" 304 -
116.224.255.128 - - [09/Sep/2022:10:14:08 +0800] "GET /xingrg/javascript/jquery_easy_ui/easyui-lang-zh_CN.js HTTP/1.1" 304 -
116.224.255.128 - - [09/Sep/2022:10:14:08 +0800] "GET /xingrg/javascript/jquery.form.js HTTP/1.1" 304 -
116.224.255.128 - - [09/Sep/2022:10:14:08 +0800] "GET /xingrg/javascript/jquery.utils.js HTTP/1.1" 304 -
116.224.255.128 - - [09/Sep/2022:10:14:08 +0800] "GET /xingrg/javascript/jquery.timers.js HTTP/1.1" 304 -
116.224.255.128 - - [09/Sep/2022:10:14:08 +0800] "GET /xingrg/images/blue/jxLogo.png HTTP/1.1" 304 -
116.224.255.128 - - [09/Sep/2022:10:14:08 +0800] "GET /xingrg/javascript/jquery_easy_ui/themes/icons/settle_new.png HTTP/1.1" 304 -
116.224.255.128 - - [09/Sep/2022:10:14:08 +0800] "GET /xingrg/images/blue/navBackgound.jpg HTTP/1.1" 304 -
116.224.255.128 - - [09/Sep/2022:10:14:08 +0800] "POST /xingrg/all/common/load_tree.html?tree=area_rest_tree_json&manage=1 HTTP/1.1" 200 476
116.224.255.128 - - [09/Sep/2022:10:14:08 +0800] "GET /xingrg/all/function/internal_message.html?_=1662689643327&CODE_STATE=count HTTP/1.1" 200 11
116.224.255.128 - - [09/Sep/2022:10:14:08 +0800] "GET /xingrg/check_reg.html?_=1662689643329 HTTP/1.1" 200 22
116.224.255.128 - - [09/Sep/2022:10:14:08 +0800] "POST /xingrg/load_menu.html HTTP/1.1" 200 5138
116.224.255.128 - - [09/Sep/2022:10:14:08 +0800] "GET /xingrg/images/blue/pingpu.png HTTP/1.1" 304 -
116.224.255.128 - - [09/Sep/2022:10:14:08 +0800] "GET /xingrg/javascript/jquery_easy_ui/themes/default/images/tabs_leftarrow.png HTTP/1.1" 304 -
116.224.255.128 - - [09/Sep/2022:10:14:08 +0800] "GET /xingrg/javascript/jquery_easy_ui/themes/default/images/panel_tool_collapse.gif HTTP/1.1" 304 -
116.224.255.128 - - [09/Sep/2022:10:14:08 +0800] "GET /xingrg/javascript/jquery_easy_ui/themes/default/images/tabs_rightarrow.png HTTP/1.1" 304 -
116.224.255.128 - - [09/Sep/2022:10:14:08 +0800] "GET /xingrg/javascript/jquery_easy_ui/themes/default/images/tree_file.gif HTTP/1.1" 304 -
116.224.255.128 - - [09/Sep/2022:10:14:08 +0800] "GET /xingrg/javascript/jquery_easy_ui/themes/icons/storage_new.png HTTP/1.1" 304 -
116.224.255.128 - - [09/Sep/2022:10:14:08 +0800] "GET /xingrg/javascript/jquery_easy_ui/themes/default/images/tree_arrows.gif HTTP/1.1" 304 -
116.224.255.128 - - [09/Sep/2022:10:14:08 +0800] "GET /xingrg/javascript/jquery_easy_ui/themes/icons/search_new.png HTTP/1.1" 304 -
116.224.255.128 - - [09/Sep/2022:10:14:08 +0800] "GET /xingrg/javascript/jquery_easy_ui/themes/default/images/tree_folder_open.gif HTTP/1.1" 304 -
116.224.255.128 - - [09/Sep/2022:10:14:08 +0800] "GET /xingrg/javascript/jquery_easy_ui/themes/icons/forms_new.png HTTP/1.1" 304 -
116.224.255.128 - - [09/Sep/2022:10:14:08 +0800] "GET /xingrg/javascript/jquery_easy_ui/themes/default/images/tree_folder.gif HTTP/1.1" 304 -
116.224.255.128 - - [09/Sep/2022:10:14:11 +0800] "GET /xingrg/kc/base/wldb_order_list.html HTTP/1.1" 200 19186
116.224.255.128 - - [09/Sep/2022:10:14:11 +0800] "POST /xingrg/kc/base/wldb_list_operate.html HTTP/1.1" 200 928
116.224.255.128 - - [09/Sep/2022:10:14:19 +0800] "GET /xingrg/check_reg.html?_=1662689599538 HTTP/1.1" 200 22
101.83.241.167 - - [09/Sep/2022:10:14:19 +0800] "GET /xingrg/all/function/internal_message.html?_=1662689653869&CODE_STATE=getMsg HTTP/1.1" 200 27
101.83.241.167 - - [09/Sep/2022:10:14:19 +0800] "GET /xingrg/check_reg.html?_=1662689653874 HTTP/1.1" 200 22
116.238.169.132 - - [09/Sep/2022:10:14:19 +0800] "GET /xingrg/all/function/internal_message.html?_=1662689656954&CODE_STATE=getMsg HTTP/1.1" 200 27
116.238.169.132 - - [09/Sep/2022:10:14:19 +0800] "GET /xingrg/check_reg.html?_=1662689656956 HTTP/1.1" 200 22
124.79.74.72 - - [09/Sep/2022:10:14:19 +0800] "GET /xingrg/all/function/internal_message.html?_=1662689655500&CODE_STATE=getMsg HTTP/1.1" 200 27
116.224.255.128 - - [09/Sep/2022:10:14:20 +0800] "GET /xingrg/all/function/internal_message.html?_=1662689600593&CODE_STATE=getMsg HTTP/1.1" 200 27
114.84.5.35 - - [09/Sep/2022:10:14:27 +0800] "GET /xingrg/all/function/internal_message.html?_=1662689661203&CODE_STATE=getMsg HTTP/1.1" 200 27
116.238.169.132 - - [09/Sep/2022:10:14:31 +0800] "GET /xingrg/all/function/internal_message.html?_=1662689667199&CODE_STATE=getMsg HTTP/1.1" 200 27
114.84.5.35 - - [09/Sep/2022:10:14:36 +0800] "GET /xingrg/kc/buy/cgsh_order_operate.html?command=get_materiel&rest_code=00111&code=00101009062&supplier_code=00100037&order_time=2022-09-09 HTTP/1.1" 200 414
120.253.135.82 - - [09/Sep/2022:10:14:40 +0800] "GET /xingrg/all/function/internal_message.html?_=1662689478189&CODE_STATE=getMsg HTTP/1.1" 200 27
114.84.81.136 - - [09/Sep/2022:10:14:48 +0800] "GET /xingrg/all/function/internal_message.html?_=1662689683097&CODE_STATE=getMsg HTTP/1.1" 302 -
116.224.255.128 - - [09/Sep/2022:10:14:48 +0800] "GET /xingrg/kc/base/yddb_order_list.html HTTP/1.1" 200 16792
116.224.255.128 - - [09/Sep/2022:10:14:48 +0800] "POST /xingrg/kc/base/yddb_list_operate.html HTTP/1.1" 200 2577
116.225.121.189 - - [09/Sep/2022:10:14:48 +0800] "GET /xingrg/check_reg.html?_=1662689548625 HTTP/1.1" 200 22
116.225.121.189 - - [09/Sep/2022:10:14:49 +0800] "GET /xingrg/all/function/internal_message.html?_=1662689548628&CODE_STATE=getMsg HTTP/1.1" 200 27
116.224.255.128 - - [09/Sep/2022:10:14:50 +0800] "GET /xingrg/dwr/interface/AjaxComOrderService.js HTTP/1.1" 200 18264
116.224.255.128 - - [09/Sep/2022:10:14:50 +0800] "GET /xingrg/dwr/interface/AjaxYddbService.js HTTP/1.1" 200 13201
116.224.255.128 - - [09/Sep/2022:10:14:50 +0800] "GET /xingrg/kc/base/yddb_order_add.html HTTP/1.1" 200 29837
116.224.255.128 - - [09/Sep/2022:10:14:50 +0800] "GET /xingrg/dwr/engine.js HTTP/1.1" 200 43631
116.224.255.128 - - [09/Sep/2022:10:14:53 +0800] "POST /xingrg/dwr/call/plaincall/AjaxYddbService.getRestBases.dwr HTTP/1.1" 200 1616
116.237.72.126 - - [09/Sep/2022:10:14:54 +0800] "GET /xingrg/all/function/internal_message.html?_=1662689693493&CODE_STATE=getMsg HTTP/1.1" 200 27
116.232.194.65 - - [09/Sep/2022:10:14:58 +0800] "GET /xingrg/all/function/internal_message.html?_=1662689695214&CODE_STATE=getMsg HTTP/1.1" 200 27
116.224.255.128 - - [09/Sep/2022:10:14:58 +0800] "POST /xingrg/dwr/call/plaincall/AjaxYddbService.saveOrder.dwr HTTP/1.1" 200 78
116.224.255.128 - - [09/Sep/2022:10:14:59 +0800] "GET /xingrg/images/yd/bt.gif HTTP/1.1" 404 1040
116.232.194.65 - - [09/Sep/2022:10:14:59 +0800] "GET /xingrg/all/function/internal_message.html?_=1662689648583&CODE_STATE=getMsg HTTP/1.1" 200 27
116.225.121.189 - - [09/Sep/2022:10:15:00 +0800] "GET /xingrg/all/function/internal_message.html?_=1662689698747&CODE_STATE=getMsg HTTP/1.1" 200 27
116.225.121.189 - - [09/Sep/2022:10:15:01 +0800] "GET /xingrg/check_reg.html?_=1662689699376 HTTP/1.1" 200 22
116.224.255.128 - - [09/Sep/2022:10:15:03 +0800] "POST /xingrg/dwr/call/plaincall/AjaxComOrderService.getMaterielSearchList.dwr HTTP/1.1" 200 1540
222.70.246.221 - - [09/Sep/2022:10:15:03 +0800] "GET /xingrg/all/function/internal_message.html?_=1662689718267&CODE_STATE=getMsg HTTP/1.1" 200 27
114.84.5.35 - - [09/Sep/2022:10:15:04 +0800] "GET /xingrg/kc/buy/cgsh_order_operate.html?command=get_materiel&rest_code=00111&code=00101016105&supplier_code=00100037&order_time=2022-09-09 HTTP/1.1" 200 409
114.83.219.57 - - [09/Sep/2022:10:15:04 +0800] "GET /xingrg/check_reg.html?_=1662689782586 HTTP/1.1" 200 22
116.224.255.128 - - [09/Sep/2022:10:15:04 +0800] "POST /xingrg/dwr/call/plaincall/AjaxYddbService.getMaterielByMap.dwr HTTP/1.1" 200 3882
114.83.219.57 - - [09/Sep/2022:10:15:05 +0800] "GET /xingrg/all/function/internal_message.html?_=1662689782590&CODE_STATE=getMsg HTTP/1.1" 200 27
116.224.255.128 - - [09/Sep/2022:10:15:07 +0800] "POST /xingrg/dwr/call/plaincall/AjaxYddbService.saveMaterielItem.dwr HTTP/1.1" 200 78
116.224.255.128 - - [09/Sep/2022:10:15:08 +0800] "GET /xingrg/all/function/internal_message.html?_=1662689703345&CODE_STATE=getMsg HTTP/1.1" 200 27
116.224.255.128 - - [09/Sep/2022:10:15:09 +0800] "POST /xingrg/dwr/call/plaincall/AjaxComOrderService.getMaterielSearchList.dwr HTTP/1.1" 200 683
116.224.255.128 - - [09/Sep/2022:10:15:10 +0800] "POST /xingrg/dwr/call/plaincall/AjaxComOrderService.getMaterielSearchList.dwr HTTP/1.1" 200 282
116.224.255.128 - - [09/Sep/2022:10:15:10 +0800] "POST /xingrg/dwr/call/plaincall/AjaxYddbService.getMaterielByMap.dwr HTTP/1.1" 200 3874
114.84.81.136 - - [09/Sep/2022:10:15:11 +0800] "GET /xingrg/check_reg.html?_=1662689706708 HTTP/1.1" 302 -
116.224.255.128 - - [09/Sep/2022:10:15:13 +0800] "POST /xingrg/dwr/call/plaincall/AjaxYddbService.saveMaterielItem.dwr HTTP/1.1" 200 78
114.84.5.35 - - [09/Sep/2022:10:15:17 +0800] "GET /xingrg/kc/buy/cgsh_order_operate.html?command=get_materiel&rest_code=00111&code=00101007081&supplier_code=00100037&order_time=2022-09-09 HTTP/1.1" 200 434
116.224.255.128 - - [09/Sep/2022:10:15:19 +0800] "POST /xingrg/dwr/call/plaincall/AjaxYddbService.checkOrder.dwr HTTP/1.1" 200 78
101.83.241.167 - - [09/Sep/2022:10:15:19 +0800] "GET /xingrg/all/function/internal_message.html?_=1662689713883&CODE_STATE=getMsg HTTP/1.1" 200 27
116.238.169.132 - - [09/Sep/2022:10:15:19 +0800] "GET /xingrg/all/function/internal_message.html?_=1662689716959&CODE_STATE=getMsg HTTP/1.1" 200 27
124.79.74.72 - - [09/Sep/2022:10:15:19 +0800] "GET /xingrg/all/function/internal_message.html?_=1662689715485&CODE_STATE=getMsg HTTP/1.1" 200 27
116.224.255.128 - - [09/Sep/2022:10:15:20 +0800] "GET /xingrg/all/function/internal_message.html?_=1662689660608&CODE_STATE=getMsg HTTP/1.1" 200 27
116.224.255.128 - - [09/Sep/2022:10:15:20 +0800] "GET /xingrg/kc/base/yddb_order_info.html?code=482022090900120 HTTP/1.1" 200 29585
116.224.255.128 - - [09/Sep/2022:10:15:20 +0800] "GET /xingrg/dwr/interface/AjaxComOrderService.js HTTP/1.1" 200 18264
116.224.255.128 - - [09/Sep/2022:10:15:20 +0800] "GET /xingrg/dwr/interface/AjaxYddbService.js HTTP/1.1" 200 13201
116.224.255.128 - - [09/Sep/2022:10:15:20 +0800] "GET /xingrg/dwr/engine.js HTTP/1.1" 200 43631
116.224.255.128 - - [09/Sep/2022:10:15:20 +0800] "POST /xingrg/dwr/call/plaincall/AjaxYddbService.loadMaterielItems.dwr HTTP/1.1" 200 732
180.163.30.27 - - [09/Sep/2022:10:15:25 +0800] "GET /xingrg/all/function/internal_message.html?_=1662686933586&CODE_STATE=getMsg HTTP/1.1" 302 -
180.163.30.27 - - [09/Sep/2022:10:15:25 +0800] "GET /xingrg/login.html HTTP/1.1" 200 7641
180.163.28.114 - - [09/Sep/2022:10:15:25 +0800] "GET /xingrg/all/function/internal_message.html?_=1662687473474&CODE_STATE=getMsg HTTP/1.1" 302 -
180.163.28.114 - - [09/Sep/2022:10:15:25 +0800] "GET /xingrg/login.html HTTP/1.1" 200 7641
114.84.5.35 - - [09/Sep/2022:10:15:27 +0800] "GET /xingrg/all/function/internal_message.html?_=1662689721181&CODE_STATE=getMsg HTTP/1.1" 200 27
116.224.255.128 - - [09/Sep/2022:10:15:30 +0800] "GET /xingrg/kc/base/yddb_order_add.html HTTP/1.1" 200 29837
116.224.255.128 - - [09/Sep/2022:10:15:30 +0800] "GET /xingrg/dwr/interface/AjaxComOrderService.js HTTP/1.1" 200 18264
116.224.255.128 - - [09/Sep/2022:10:15:30 +0800] "GET /xingrg/dwr/interface/AjaxYddbService.js HTTP/1.1" 200 13201
116.224.255.128 - - [09/Sep/2022:10:15:30 +0800] "GET /xingrg/dwr/engine.js HTTP/1.1" 200 43631
114.84.5.35 - - [09/Sep/2022:10:15:31 +0800] "GET /xingrg/kc/buy/cgsh_order_operate.html?command=get_materiel&rest_code=00111&code=00101008418&supplier_code=00100037&order_time=2022-09-09 HTTP/1.1" 200 414
116.238.169.132 - - [09/Sep/2022:10:15:32 +0800] "GET /xingrg/all/function/internal_message.html?_=1662689727190&CODE_STATE=getMsg HTTP/1.1" 200 27
116.224.255.128 - - [09/Sep/2022:10:15:35 +0800] "POST /xingrg/dwr/call/plaincall/AjaxYddbService.getRestBases.dwr HTTP/1.1" 200 1616
120.253.135.82 - - [09/Sep/2022:10:15:40 +0800] "GET /xingrg/all/function/internal_message.html?_=1662689538196&CODE_STATE=getMsg HTTP/1.1" 200 27
