114.83.219.57 - - [09/Sep/2022:09:27:41 +0800] "POST /xingrg/kc/buy/cgsh_order_operate.html HTTP/1.1" 200 37
116.237.72.126 - - [09/Sep/2022:09:27:42 +0800] "GET /xingrg/kc/buy/cgsh_order_operate.html?command=get_materiel&rest_code=00106&code=00101008297&supplier_code=00100007&order_time=2022-09-09 HTTP/1.1" 200 412
114.83.219.57 - - [09/Sep/2022:09:27:42 +0800] "POST /xingrg/kc/buy/cgsh_order_operate.html HTTP/1.1" 200 10378
116.224.123.211 - - [09/Sep/2022:09:27:45 +0800] "GET /xingrg/all/function/internal_message.html?_=1662686862468&CODE_STATE=getMsg HTTP/1.1" 200 27
116.225.121.189 - - [09/Sep/2022:09:27:48 +0800] "GET /xingrg/all/function/internal_message.html?_=1662686728560&CODE_STATE=getMsg HTTP/1.1" 200 27
114.84.81.136 - - [09/Sep/2022:09:27:49 +0800] "GET /xingrg/all/function/internal_message.html?_=1662686864048&CODE_STATE=getMsg HTTP/1.1" 302 -
116.237.72.126 - - [09/Sep/2022:09:27:53 +0800] "GET /xingrg/kc/buy/cgsh_order_operate.html?command=get_materiel&rest_code=00106&code=00101008041&supplier_code=00100007&order_time=2022-09-09 HTTP/1.1" 200 408
116.237.72.126 - - [09/Sep/2022:09:27:54 +0800] "GET /xingrg/all/function/internal_message.html?_=1662686873449&CODE_STATE=getMsg HTTP/1.1" 200 27
116.237.72.126 - - [09/Sep/2022:09:27:54 +0800] "GET /xingrg/check_reg.html?_=1662686873431 HTTP/1.1" 200 22
180.163.28.114 - - [09/Sep/2022:09:27:56 +0800] "GET /xingrg/all/function/internal_message.html?_=1662685870953&CODE_STATE=getMsg HTTP/1.1" 302 -
180.163.28.114 - - [09/Sep/2022:09:27:56 +0800] "GET /xingrg/login.html HTTP/1.1" 200 7641
116.237.72.126 - - [09/Sep/2022:09:27:59 +0800] "POST /xingrg/kc/buy/cgsh_order_operate.html HTTP/1.1" 200 2065
116.232.194.65 - - [09/Sep/2022:09:28:00 +0800] "GET /xingrg/all/function/internal_message.html?_=1662686829420&CODE_STATE=getMsg HTTP/1.1" 200 27
116.225.121.189 - - [09/Sep/2022:09:28:01 +0800] "GET /xingrg/kc/buy/buy_main.html HTTP/1.1" 200 12412
116.225.121.189 - - [09/Sep/2022:09:28:01 +0800] "GET /xingrg/css/blue.css HTTP/1.1" 304 -
116.225.121.189 - - [09/Sep/2022:09:28:01 +0800] "GET /xingrg/javascript/jquery_easy_ui/themes/default/images/tabs_close.gif HTTP/1.1" 304 -
116.225.121.189 - - [09/Sep/2022:09:28:01 +0800] "GET /xingrg/javascript/pic_change.js HTTP/1.1" 304 -
116.225.121.189 - - [09/Sep/2022:09:28:01 +0800] "GET /xingrg/javascript/ToolTips.js HTTP/1.1" 304 -
116.225.121.189 - - [09/Sep/2022:09:28:01 +0800] "GET /xingrg/javascript/myfunction.js HTTP/1.1" 304 -
116.225.121.189 - - [09/Sep/2022:09:28:01 +0800] "GET /xingrg/images/blue/button/cgxqd.gif HTTP/1.1" 304 -
116.225.121.189 - - [09/Sep/2022:09:28:01 +0800] "GET /xingrg/css/new_ie.css HTTP/1.1" 404 1036
116.225.121.189 - - [09/Sep/2022:09:28:01 +0800] "GET /xingrg/images/blue/button/cgydd.gif HTTP/1.1" 304 -
116.225.121.189 - - [09/Sep/2022:09:28:01 +0800] "GET /xingrg/images/blue/button/cgfkd.gif HTTP/1.1" 304 -
116.225.121.189 - - [09/Sep/2022:09:28:01 +0800] "GET /xingrg/javascript/jquery_ui/themes/humanity/humanity.css HTTP/1.1" 304 -
116.225.121.189 - - [09/Sep/2022:09:28:01 +0800] "GET /xingrg/images/blue/button/kc.gif HTTP/1.1" 304 -
116.225.121.189 - - [09/Sep/2022:09:28:01 +0800] "GET /xingrg/images/blue/button/ckthd.gif HTTP/1.1" 304 -
116.225.121.189 - - [09/Sep/2022:09:28:01 +0800] "GET /xingrg/images/blue/pic_form2.gif HTTP/1.1" 304 -
116.225.121.189 - - [09/Sep/2022:09:28:01 +0800] "GET /xingrg/javascript/jquery_ui/jquery-ui.min.js HTTP/1.1" 304 -
116.225.121.189 - - [09/Sep/2022:09:28:01 +0800] "GET /xingrg/images/blue/button/cgshd.gif HTTP/1.1" 304 -
116.225.121.189 - - [09/Sep/2022:09:28:01 +0800] "GET /xingrg/javascript/jquery_ui/themes/humanity/images/ui-bg_inset-soft_100_f4f0ec_1x100.png HTTP/1.1" 304 -
116.225.121.189 - - [09/Sep/2022:09:28:01 +0800] "GET /xingrg/images/blue/bg_dotted.jpg HTTP/1.1" 304 -
116.225.121.189 - - [09/Sep/2022:09:28:01 +0800] "GET /xingrg/images/blue/button/right_ah.jpg HTTP/1.1" 304 -
116.225.121.189 - - [09/Sep/2022:09:28:01 +0800] "GET /xingrg/images/blue/button/down_ah.jpg HTTP/1.1" 304 -
116.225.121.189 - - [09/Sep/2022:09:28:01 +0800] "GET /xingrg/javascript/jquery_ui/themes/humanity/images/ui-iconsnew.jpg HTTP/1.1" 304 -
116.225.121.189 - - [09/Sep/2022:09:28:01 +0800] "GET /xingrg/javascript/jquery_ui/themes/humanity/images/ui-icons_ffffff_256x240.png HTTP/1.1" 304 -
116.225.121.189 - - [09/Sep/2022:09:28:01 +0800] "GET /xingrg/javascript/jquery_ui/themes/humanity/images/ui-icons_c47a23_256x240.png HTTP/1.1" 304 -
116.225.121.189 - - [09/Sep/2022:09:28:01 +0800] "GET /xingrg/javascript/jquery_ui/themes/humanity/images/ui-bg_glass_70_ede4d4_1x400.png HTTP/1.1" 304 -
116.225.121.189 - - [09/Sep/2022:09:28:02 +0800] "GET /xingrg/images/yd/bt.gif HTTP/1.1" 404 1040
222.70.246.221 - - [09/Sep/2022:09:28:02 +0800] "GET /xingrg/all/function/internal_message.html?_=1662686896957&CODE_STATE=getMsg HTTP/1.1" 200 27
116.225.121.189 - - [09/Sep/2022:09:28:03 +0800] "GET /xingrg/kc/buy/cgsh_order_list.html HTTP/1.1" 200 52842
116.225.121.189 - - [09/Sep/2022:09:28:03 +0800] "GET /xingrg/css/base.css HTTP/1.1" 304 -
116.225.121.189 - - [09/Sep/2022:09:28:03 +0800] "GET /xingrg/css/site.css HTTP/1.1" 304 -
116.225.121.189 - - [09/Sep/2022:09:28:03 +0800] "GET /xingrg/javascript/jquery_tools/datebox.css HTTP/1.1" 304 -
116.225.121.189 - - [09/Sep/2022:09:28:03 +0800] "GET /xingrg/javascript/easyui/themes/default/easyui.css HTTP/1.1" 304 -
116.225.121.189 - - [09/Sep/2022:09:28:03 +0800] "GET /xingrg/javascript/easyui/themes/icon.css HTTP/1.1" 304 -
116.225.121.189 - - [09/Sep/2022:09:28:03 +0800] "GET /xingrg/javascript/auto/jquery.autocomplete.css HTTP/1.1" 304 -
116.225.121.189 - - [09/Sep/2022:09:28:03 +0800] "GET /xingrg/javascript/jquery_tools/fix.css HTTP/1.1" 304 -
116.225.121.189 - - [09/Sep/2022:09:28:03 +0800] "GET /xingrg/javascript/jquery_tools/table.css HTTP/1.1" 304 -
116.225.121.189 - - [09/Sep/2022:09:28:03 +0800] "GET /xingrg/javascript/jquery_tools/jquery.tools.min.js HTTP/1.1" 304 -
116.225.121.189 - - [09/Sep/2022:09:28:03 +0800] "GET /xingrg/javascript/jquery_tools/jquery.tools.extend.js HTTP/1.1" 304 -
116.225.121.189 - - [09/Sep/2022:09:28:03 +0800] "GET /xingrg/javascript/jquery_tools/jquery.tools.hotkey.js HTTP/1.1" 304 -
116.225.121.189 - - [09/Sep/2022:09:28:03 +0800] "GET /xingrg/javascript/jquery_tools/jquery.tools.table.js HTTP/1.1" 304 -
116.225.121.189 - - [09/Sep/2022:09:28:03 +0800] "GET /xingrg/javascript/jquery_tools/list_manager.js HTTP/1.1" 304 -
116.225.121.189 - - [09/Sep/2022:09:28:03 +0800] "GET /xingrg/javascript/auto/jquery.autocomplete.js HTTP/1.1" 304 -
116.225.121.189 - - [09/Sep/2022:09:28:03 +0800] "GET /xingrg/javascript/easyui/easyloader.js HTTP/1.1" 304 -
116.225.121.189 - - [09/Sep/2022:09:28:03 +0800] "GET /xingrg/javascript/jquery.cookie.js HTTP/1.1" 304 -
116.225.121.189 - - [09/Sep/2022:09:28:03 +0800] "GET /xingrg/javascript/print/LodopFuncs.js HTTP/1.1" 304 -
116.225.121.189 - - [09/Sep/2022:09:28:05 +0800] "GET /xingrg/javascript/easyui/themes/icons/import_new.png HTTP/1.1" 304 -
114.83.219.57 - - [09/Sep/2022:09:28:05 +0800] "GET /xingrg/all/function/internal_message.html?_=1662686962589&CODE_STATE=getMsg HTTP/1.1" 200 27
116.225.121.189 - - [09/Sep/2022:09:28:05 +0800] "GET /xingrg/javascript/easyui/themes/icons/check_new.png HTTP/1.1" 304 -
116.225.121.189 - - [09/Sep/2022:09:28:05 +0800] "GET /xingrg/javascript/easyui/themes/icons/field_new.png HTTP/1.1" 304 -
116.225.121.189 - - [09/Sep/2022:09:28:05 +0800] "GET /xingrg/javascript/easyui/themes/icons/cance_new.png HTTP/1.1" 304 -
116.225.121.189 - - [09/Sep/2022:09:28:05 +0800] "GET /xingrg/javascript/easyui/themes/icons/edit_add_new.png HTTP/1.1" 304 -
116.225.121.189 - - [09/Sep/2022:09:28:05 +0800] "GET /xingrg/javascript/easyui/plugins/jquery.parser.js HTTP/1.1" 304 -
116.225.121.189 - - [09/Sep/2022:09:28:05 +0800] "GET /xingrg/images/control/ajaxLoader.gif HTTP/1.1" 304 -
116.237.72.126 - - [09/Sep/2022:09:28:09 +0800] "POST /xingrg/kc/buy/cgsh_order_operate.html HTTP/1.1" 200 37
116.225.121.189 - - [09/Sep/2022:09:28:09 +0800] "POST /xingrg/kc/buy/cgsh_list_operate.html HTTP/1.1" 200 2495
116.237.72.126 - - [09/Sep/2022:09:28:13 +0800] "POST /xingrg/kc/buy/cgsh_order_operate.html HTTP/1.1" 200 47574
116.232.194.65 - - [09/Sep/2022:09:28:13 +0800] "GET /xingrg/check_reg.html?_=1662686842752 HTTP/1.1" 200 22
114.83.219.57 - - [09/Sep/2022:09:28:15 +0800] "POST /xingrg/kc/buy/cgsh_list_operate.html HTTP/1.1" 200 612
114.83.219.57 - - [09/Sep/2022:09:28:16 +0800] "GET /xingrg/kc/buy/cgsh_order_info.html?code=212022090802887 HTTP/1.1" 200 67827
114.83.219.57 - - [09/Sep/2022:09:28:16 +0800] "GET /xingrg/javascript/easyui/themes/default/validatebox.css HTTP/1.1" 404 1104
116.225.121.189 - - [09/Sep/2022:09:28:17 +0800] "POST /xingrg/kc/buy/cgsh_list_operate.html HTTP/1.1" 200 566
114.83.219.57 - - [09/Sep/2022:09:28:17 +0800] "POST /xingrg/kc/buy/cgsh_order_operate.html HTTP/1.1" 200 8075
116.224.255.128 - - [09/Sep/2022:09:28:18 +0800] "GET /xingrg/all/function/internal_message.html?_=1662686838565&CODE_STATE=getMsg HTTP/1.1" 200 27
116.225.121.189 - - [09/Sep/2022:09:28:20 +0800] "POST /xingrg/kc/buy/cgsh_list_operate.html HTTP/1.1" 200 424
124.79.74.72 - - [09/Sep/2022:09:28:20 +0800] "GET /xingrg/all/function/internal_message.html?_=1662686896370&CODE_STATE=getMsg HTTP/1.1" 200 27
116.225.121.189 - - [09/Sep/2022:09:28:23 +0800] "GET /xingrg/all/function/internal_message.html?_=1662686901204&CODE_STATE=getMsg HTTP/1.1" 200 27
114.83.219.57 - - [09/Sep/2022:09:28:29 +0800] "GET /xingrg/kc/buy/cgsh_order_operate.html?command=get_materiel&rest_code=00154&code=00101009050&supplier_code=00100151&order_time=2022-09-08 HTTP/1.1" 200 409
116.225.121.189 - - [09/Sep/2022:09:28:29 +0800] "GET /xingrg/javascript/jquery_tools/order_manager.js HTTP/1.1" 304 -
116.225.121.189 - - [09/Sep/2022:09:28:29 +0800] "GET /xingrg/kc/buy/cgsh_order_info.html?code=212022090903070 HTTP/1.1" 200 68717
116.225.121.189 - - [09/Sep/2022:09:28:29 +0800] "GET /xingrg/javascript/convert.js HTTP/1.1" 304 -
116.225.121.189 - - [09/Sep/2022:09:28:29 +0800] "GET /xingrg/javascript/json2.js HTTP/1.1" 304 -
116.225.121.189 - - [09/Sep/2022:09:28:29 +0800] "GET /xingrg/javascript/print/kc_print.js HTTP/1.1" 304 -
116.225.121.189 - - [09/Sep/2022:09:28:29 +0800] "GET /xingrg/words/20220908163408_words.js HTTP/1.1" 200 919912
116.225.121.189 - - [09/Sep/2022:09:28:29 +0800] "GET /xingrg/javascript/easyui/themes/icons/print.png HTTP/1.1" 304 -
116.225.121.189 - - [09/Sep/2022:09:28:29 +0800] "GET /xingrg/javascript/easyui/themes/icons/ok.png HTTP/1.1" 304 -
116.225.121.189 - - [09/Sep/2022:09:28:29 +0800] "GET /xingrg/javascript/easyui/themes/icons/template_new.png HTTP/1.1" 304 -
116.225.121.189 - - [09/Sep/2022:09:28:29 +0800] "GET /xingrg/javascript/easyui/themes/icons/copy_new.png HTTP/1.1" 304 -
116.225.121.189 - - [09/Sep/2022:09:28:29 +0800] "GET /xingrg/javascript/easyui/themes/default/images/menu_downarrow.png HTTP/1.1" 304 -
116.225.121.189 - - [09/Sep/2022:09:28:29 +0800] "GET /xingrg/javascript/easyui/themes/icons/cancel.png HTTP/1.1" 304 -
116.225.121.189 - - [09/Sep/2022:09:28:30 +0800] "GET /xingrg/all/common/auto_word.html?type=employee&rest_code=00105 HTTP/1.1" 200 193
116.225.121.189 - - [09/Sep/2022:09:28:30 +0800] "GET /xingrg/javascript/easyui/themes/default/validatebox.css HTTP/1.1" 404 1104
116.225.121.189 - - [09/Sep/2022:09:28:30 +0800] "GET /xingrg/javascript/easyui/plugins/jquery.validatebox.js HTTP/1.1" 304 -
116.225.121.189 - - [09/Sep/2022:09:28:30 +0800] "GET /xingrg/all/common/auto_word.html?type=employee&rest_code=00105 HTTP/1.1" 200 193
116.225.121.189 - - [09/Sep/2022:09:28:30 +0800] "GET /xingrg/javascript/easyui/plugins/jquery.numberbox.js HTTP/1.1" 304 -
116.225.121.189 - - [09/Sep/2022:09:28:31 +0800] "POST /xingrg/kc/buy/cgsh_order_operate.html HTTP/1.1" 200 4431
116.225.121.189 - - [09/Sep/2022:09:28:31 +0800] "GET /xingrg/javascript/easyui/themes/icons/edit_remove.png HTTP/1.1" 304 -
124.79.74.72 - - [09/Sep/2022:09:28:35 +0800] "GET /xingrg/check_reg.html?_=1662686911498 HTTP/1.1" 200 22
120.253.135.82 - - [09/Sep/2022:09:28:37 +0800] "GET /xingrg/all/function/internal_message.html?_=1662686715359&CODE_STATE=getMsg HTTP/1.1" 200 27
116.224.255.128 - - [09/Sep/2022:09:28:39 +0800] "GET /xingrg/all/function/internal_message.html?_=1662686914830&CODE_STATE=getMsg HTTP/1.1" 200 27
116.224.123.211 - - [09/Sep/2022:09:28:45 +0800] "GET /xingrg/all/function/internal_message.html?_=1662686922451&CODE_STATE=getMsg HTTP/1.1" 200 27
116.225.121.189 - - [09/Sep/2022:09:28:48 +0800] "GET /xingrg/all/function/internal_message.html?_=1662686788565&CODE_STATE=getMsg HTTP/1.1" 200 27
114.84.81.136 - - [09/Sep/2022:09:28:49 +0800] "GET /xingrg/all/function/internal_message.html?_=1662686924047&CODE_STATE=getMsg HTTP/1.1" 302 -
116.225.121.189 - - [09/Sep/2022:09:28:49 +0800] "GET /xingrg/javascript/jquery_easy_ui/themes/icons/rest.png HTTP/1.1" 304 -
116.225.121.189 - - [09/Sep/2022:09:28:49 +0800] "GET /xingrg/javascript/jquery_easy_ui/themes/icons/area.png HTTP/1.1" 304 -
116.225.121.189 - - [09/Sep/2022:09:28:49 +0800] "GET /xingrg/javascript/jquery_easy_ui/themes/default/images/tabs_active.png HTTP/1.1" 304 -
116.237.72.126 - - [09/Sep/2022:09:28:54 +0800] "GET /xingrg/all/function/internal_message.html?_=1662686933586&CODE_STATE=getMsg HTTP/1.1" 200 27
116.232.194.65 - - [09/Sep/2022:09:29:00 +0800] "GET /xingrg/all/function/internal_message.html?_=1662686889396&CODE_STATE=getMsg HTTP/1.1" 200 27
180.163.28.55 - - [09/Sep/2022:09:29:01 +0800] "GET /xingrg/kc/buy/cgsh_order_operate.html?command=get_materiel&rest_code=00106&code=00101008096&supplier_code=00100007&order_time=2022-09-09 HTTP/1.1" 302 -
180.163.28.55 - - [09/Sep/2022:09:29:02 +0800] "GET /xingrg/login.html HTTP/1.1" 200 7641
222.70.246.221 - - [09/Sep/2022:09:29:02 +0800] "GET /xingrg/all/function/internal_message.html?_=1662686957016&CODE_STATE=getMsg HTTP/1.1" 200 27
114.83.219.57 - - [09/Sep/2022:09:29:05 +0800] "GET /xingrg/all/function/internal_message.html?_=1662687022606&CODE_STATE=getMsg HTTP/1.1" 200 27
180.163.29.212 - - [09/Sep/2022:09:29:06 +0800] "GET /xingrg/kc/buy/cgsh_order_operate.html?command=get_materiel&rest_code=00106&code=00101008360&supplier_code=00100007&order_time=2022-09-09 HTTP/1.1" 302 -
180.163.29.212 - - [09/Sep/2022:09:29:06 +0800] "GET /xingrg/login.html HTTP/1.1" 200 7641
114.83.219.57 - - [09/Sep/2022:09:29:09 +0800] "GET /xingrg/kc/buy/cgsh_order_operate.html?command=get_materiel&rest_code=00154&code=00101004051&supplier_code=00100151&order_time=2022-09-08 HTTP/1.1" 200 408
116.224.255.128 - - [09/Sep/2022:09:29:17 +0800] "GET /xingrg/check_reg.html?_=1662686898363 HTTP/1.1" 200 22
116.224.255.128 - - [09/Sep/2022:09:29:18 +0800] "GET /xingrg/all/function/internal_message.html?_=1662686898578&CODE_STATE=getMsg HTTP/1.1" 200 27
222.70.246.221 - - [09/Sep/2022:09:29:19 +0800] "POST /xingrg/kc/buy/cgsh_order_operate.html HTTP/1.1" 200 37
124.79.74.72 - - [09/Sep/2022:09:29:20 +0800] "GET /xingrg/all/function/internal_message.html?_=1662686956345&CODE_STATE=getMsg HTTP/1.1" 200 27
116.225.121.189 - - [09/Sep/2022:09:29:23 +0800] "GET /xingrg/all/function/internal_message.html?_=1662686961192&CODE_STATE=getMsg HTTP/1.1" 200 27
180.163.29.103 - - [09/Sep/2022:09:29:26 +0800] "GET /xingrg/kc/buy/cgsh_order_operate.html?command=get_materiel&rest_code=00106&code=00101008010&supplier_code=00100007&order_time=2022-09-09 HTTP/1.1" 302 -
180.163.29.103 - - [09/Sep/2022:09:29:26 +0800] "GET /xingrg/login.html HTTP/1.1" 200 7641
114.83.219.57 - - [09/Sep/2022:09:29:28 +0800] "GET /xingrg/kc/buy/cgsh_order_operate.html?command=get_materiel&rest_code=00154&code=00101004050&supplier_code=00100151&order_time=2022-09-08 HTTP/1.1" 200 411
222.70.246.221 - - [09/Sep/2022:09:29:33 +0800] "POST /xingrg/kc/buy/cgsh_order_operate.html HTTP/1.1" 200 5624
116.225.121.189 - - [09/Sep/2022:09:29:37 +0800] "POST /xingrg/kc/buy/cgsh_order_operate.html HTTP/1.1" 200 37
120.253.135.82 - - [09/Sep/2022:09:29:37 +0800] "GET /xingrg/all/function/internal_message.html?_=1662686775493&CODE_STATE=getMsg HTTP/1.1" 200 27
222.70.246.221 - - [09/Sep/2022:09:29:38 +0800] "GET /xingrg/kc/print/load_data.html?order_code=212022090903077&kc_code=cgsh&condition= HTTP/1.1" 200 1810
116.225.121.189 - - [09/Sep/2022:09:29:39 +0800] "POST /xingrg/kc/buy/cgsh_order_operate.html HTTP/1.1" 200 47586
116.224.255.128 - - [09/Sep/2022:09:29:39 +0800] "GET /xingrg/all/function/internal_message.html?_=1662686974834&CODE_STATE=getMsg HTTP/1.1" 200 27
116.225.121.189 - - [09/Sep/2022:09:29:40 +0800] "GET /xingrg/kc/print/load_config.html?kc_code=cgsh HTTP/1.1" 200 1943
116.225.121.189 - - [09/Sep/2022:09:29:40 +0800] "GET /xingrg/kc/print/load_data.html?order_code=212022090903064&kc_code=cgsh&condition= HTTP/1.1" 200 17605
116.224.123.211 - - [09/Sep/2022:09:29:45 +0800] "GET /xingrg/all/function/internal_message.html?_=1662686982432&CODE_STATE=getMsg HTTP/1.1" 200 27
116.225.121.189 - - [09/Sep/2022:09:29:48 +0800] "GET /xingrg/all/function/internal_message.html?_=1662686848566&CODE_STATE=getMsg HTTP/1.1" 200 27
116.225.121.189 - - [09/Sep/2022:09:29:48 +0800] "GET /xingrg/check_reg.html?_=1662686848570 HTTP/1.1" 200 22
114.84.81.136 - - [09/Sep/2022:09:29:49 +0800] "GET /xingrg/all/function/internal_message.html?_=1662686984018&CODE_STATE=getMsg HTTP/1.1" 302 -
114.83.219.57 - - [09/Sep/2022:09:29:50 +0800] "POST /xingrg/kc/buy/cgsh_order_operate.html HTTP/1.1" 200 37
114.83.219.57 - - [09/Sep/2022:09:29:51 +0800] "POST /xingrg/kc/buy/cgsh_order_operate.html HTTP/1.1" 200 9871
116.237.72.126 - - [09/Sep/2022:09:29:54 +0800] "GET /xingrg/all/function/internal_message.html?_=1662686993444&CODE_STATE=getMsg HTTP/1.1" 200 27
116.232.194.65 - - [09/Sep/2022:09:30:00 +0800] "GET /xingrg/all/function/internal_message.html?_=1662686949381&CODE_STATE=getMsg HTTP/1.1" 200 27
114.83.219.57 - - [09/Sep/2022:09:30:00 +0800] "GET /xingrg/kc/buy/cgsh_order_list.html HTTP/1.1" 200 52848
114.83.219.57 - - [09/Sep/2022:09:30:02 +0800] "POST /xingrg/kc/buy/cgsh_list_operate.html HTTP/1.1" 200 2158
222.70.246.221 - - [09/Sep/2022:09:30:02 +0800] "GET /xingrg/all/function/internal_message.html?_=1662687017075&CODE_STATE=getMsg HTTP/1.1" 200 27
114.83.219.57 - - [09/Sep/2022:09:30:05 +0800] "GET /xingrg/check_reg.html?_=1662687082599 HTTP/1.1" 200 22
114.83.219.57 - - [09/Sep/2022:09:30:05 +0800] "GET /xingrg/all/function/internal_message.html?_=1662687082597&CODE_STATE=getMsg HTTP/1.1" 200 27
114.83.219.57 - - [09/Sep/2022:09:30:05 +0800] "POST /xingrg/kc/buy/cgsh_list_operate.html HTTP/1.1" 200 2158
222.70.246.221 - - [09/Sep/2022:09:30:05 +0800] "GET /xingrg/kc/buy/cgsh_order_add.html HTTP/1.1" 200 68586
222.70.246.221 - - [09/Sep/2022:09:30:05 +0800] "POST /xingrg/kc/buy/cgsh_order_operate.html HTTP/1.1" 200 8245
222.70.246.221 - - [09/Sep/2022:09:30:05 +0800] "GET /xingrg/javascript/easyui/themes/default/validatebox.css HTTP/1.1" 404 1104
114.84.81.136 - - [09/Sep/2022:09:30:11 +0800] "GET /xingrg/check_reg.html?_=1662687006629 HTTP/1.1" 302 -
180.163.29.219 - - [09/Sep/2022:09:30:15 +0800] "GET /xingrg/kc/buy/cgsh_order_operate.html?command=get_materiel&rest_code=00106&code=00101011005&supplier_code=00100007&order_time=2022-09-09 HTTP/1.1" 302 -
180.163.29.219 - - [09/Sep/2022:09:30:15 +0800] "GET /xingrg/login.html HTTP/1.1" 200 7641
116.224.255.128 - - [09/Sep/2022:09:30:18 +0800] "GET /xingrg/all/function/internal_message.html?_=1662686958592&CODE_STATE=getMsg HTTP/1.1" 200 27
124.79.74.72 - - [09/Sep/2022:09:30:20 +0800] "GET /xingrg/all/function/internal_message.html?_=1662687016330&CODE_STATE=getMsg HTTP/1.1" 200 27
116.225.121.189 - - [09/Sep/2022:09:30:23 +0800] "GET /xingrg/all/function/internal_message.html?_=1662687021216&CODE_STATE=getMsg HTTP/1.1" 200 27
120.253.135.82 - - [09/Sep/2022:09:30:37 +0800] "GET /xingrg/all/function/internal_message.html?_=1662686835494&CODE_STATE=getMsg HTTP/1.1" 200 27
180.163.30.85 - - [09/Sep/2022:09:30:39 +0800] "GET /xingrg/kc/buy/cgsh_order_operate.html?command=get_materiel&rest_code=00106&code=00101008131&supplier_code=00100007&order_time=2022-09-09 HTTP/1.1" 302 -
180.163.30.85 - - [09/Sep/2022:09:30:39 +0800] "GET /xingrg/login.html HTTP/1.1" 200 7641
116.224.255.128 - - [09/Sep/2022:09:30:39 +0800] "GET /xingrg/all/function/internal_message.html?_=1662687034831&CODE_STATE=getMsg HTTP/1.1" 200 27
180.163.29.79 - - [09/Sep/2022:09:30:40 +0800] "GET /xingrg/all/function/internal_message.html?_=1662686333513&CODE_STATE=getMsg HTTP/1.1" 302 -
180.163.29.79 - - [09/Sep/2022:09:30:40 +0800] "GET /xingrg/login.html HTTP/1.1" 200 7641
222.70.246.221 - - [09/Sep/2022:09:30:40 +0800] "GET /xingrg/kc/buy/cgsh_order_operate.html?command=get_materiel&rest_code=00146&code=00101006109&supplier_code=00100012&order_time=2022-09-09 HTTP/1.1" 200 409
116.224.123.211 - - [09/Sep/2022:09:30:44 +0800] "GET /xingrg/check_reg.html?_=1662687041627 HTTP/1.1" 200 22
116.224.123.211 - - [09/Sep/2022:09:30:45 +0800] "GET /xingrg/all/function/internal_message.html?_=1662687042415&CODE_STATE=getMsg HTTP/1.1" 200 27
116.225.121.189 - - [09/Sep/2022:09:30:48 +0800] "GET /xingrg/all/function/internal_message.html?_=1662686908569&CODE_STATE=getMsg HTTP/1.1" 200 27
114.84.81.136 - - [09/Sep/2022:09:30:49 +0800] "GET /xingrg/all/function/internal_message.html?_=1662687043997&CODE_STATE=getMsg HTTP/1.1" 302 -
116.237.72.126 - - [09/Sep/2022:09:30:54 +0800] "GET /xingrg/all/function/internal_message.html?_=1662687053444&CODE_STATE=getMsg HTTP/1.1" 200 27
116.232.194.65 - - [09/Sep/2022:09:31:00 +0800] "GET /xingrg/all/function/internal_message.html?_=1662687009358&CODE_STATE=getMsg HTTP/1.1" 200 27
222.70.246.221 - - [09/Sep/2022:09:31:02 +0800] "GET /xingrg/all/function/internal_message.html?_=1662687077077&CODE_STATE=getMsg HTTP/1.1" 200 27
114.83.219.57 - - [09/Sep/2022:09:31:05 +0800] "GET /xingrg/all/function/internal_message.html?_=1662687142597&CODE_STATE=getMsg HTTP/1.1" 200 27
222.70.246.221 - - [09/Sep/2022:09:31:08 +0800] "GET /xingrg/kc/buy/cgsh_order_operate.html?command=get_materiel&rest_code=00146&code=00101006130&supplier_code=00100012&order_time=2022-09-09 HTTP/1.1" 200 427
116.224.255.128 - - [09/Sep/2022:09:31:18 +0800] "GET /xingrg/all/function/internal_message.html?_=1662687018751&CODE_STATE=getMsg HTTP/1.1" 200 27
124.79.74.72 - - [09/Sep/2022:09:31:20 +0800] "GET /xingrg/all/function/internal_message.html?_=1662687076315&CODE_STATE=getMsg HTTP/1.1" 200 27
116.225.121.189 - - [09/Sep/2022:09:31:23 +0800] "GET /xingrg/all/function/internal_message.html?_=1662687081217&CODE_STATE=getMsg HTTP/1.1" 200 27
120.253.135.82 - - [09/Sep/2022:09:31:37 +0800] "GET /xingrg/all/function/internal_message.html?_=1662686895638&CODE_STATE=getMsg HTTP/1.1" 200 27
116.224.255.128 - - [09/Sep/2022:09:31:39 +0800] "GET /xingrg/all/function/internal_message.html?_=1662687094840&CODE_STATE=getMsg HTTP/1.1" 200 27
222.70.246.221 - - [09/Sep/2022:09:31:42 +0800] "GET /xingrg/kc/buy/cgsh_order_operate.html?command=get_materiel&rest_code=00146&code=00101006194&supplier_code=00100012&order_time=2022-09-09 HTTP/1.1" 200 413
116.224.123.211 - - [09/Sep/2022:09:31:45 +0800] "GET /xingrg/all/function/internal_message.html?_=1662687102407&CODE_STATE=getMsg HTTP/1.1" 200 27
116.225.121.189 - - [09/Sep/2022:09:31:48 +0800] "GET /xingrg/all/function/internal_message.html?_=1662686968569&CODE_STATE=getMsg HTTP/1.1" 200 27
114.84.81.136 - - [09/Sep/2022:09:31:49 +0800] "GET /xingrg/all/function/internal_message.html?_=1662687103968&CODE_STATE=getMsg HTTP/1.1" 302 -
116.237.72.126 - - [09/Sep/2022:09:31:54 +0800] "GET /xingrg/all/function/internal_message.html?_=1662687113443&CODE_STATE=getMsg HTTP/1.1" 200 27
116.232.194.65 - - [09/Sep/2022:09:32:00 +0800] "GET /xingrg/all/function/internal_message.html?_=1662687069344&CODE_STATE=getMsg HTTP/1.1" 200 27
222.70.246.221 - - [09/Sep/2022:09:32:02 +0800] "GET /xingrg/check_reg.html?_=1662687136861 HTTP/1.1" 200 22
222.70.246.221 - - [09/Sep/2022:09:32:02 +0800] "GET /xingrg/all/function/internal_message.html?_=1662687137089&CODE_STATE=getMsg HTTP/1.1" 200 27
180.163.29.79 - - [09/Sep/2022:09:32:02 +0800] "GET /xingrg/all/function/internal_message.html?_=1662686273435&CODE_STATE=getMsg HTTP/1.1" 302 -
180.163.29.79 - - [09/Sep/2022:09:32:02 +0800] "GET /xingrg/login.html HTTP/1.1" 200 7641
114.83.219.57 - - [09/Sep/2022:09:32:05 +0800] "GET /xingrg/all/function/internal_message.html?_=1662687202600&CODE_STATE=getMsg HTTP/1.1" 200 27
222.70.246.221 - - [09/Sep/2022:09:32:09 +0800] "GET /xingrg/kc/buy/cgsh_order_operate.html?command=get_materiel&rest_code=00146&code=00101006128&supplier_code=00100012&order_time=2022-09-09 HTTP/1.1" 200 427
120.253.135.82 - - [09/Sep/2022:09:32:14 +0800] "GET /xingrg/check_reg.html?_=1662686932110 HTTP/1.1" 200 22
116.224.255.128 - - [09/Sep/2022:09:32:18 +0800] "GET /xingrg/all/function/internal_message.html?_=1662687078759&CODE_STATE=getMsg HTTP/1.1" 200 27
124.79.74.72 - - [09/Sep/2022:09:32:20 +0800] "GET /xingrg/all/function/internal_message.html?_=1662687136300&CODE_STATE=getMsg HTTP/1.1" 200 27
116.225.121.189 - - [09/Sep/2022:09:32:23 +0800] "GET /xingrg/check_reg.html?_=1662687141220 HTTP/1.1" 200 22
116.225.121.189 - - [09/Sep/2022:09:32:23 +0800] "GET /xingrg/all/function/internal_message.html?_=1662687141217&CODE_STATE=getMsg HTTP/1.1" 200 27
120.253.135.82 - - [09/Sep/2022:09:32:37 +0800] "GET /xingrg/all/function/internal_message.html?_=1662686955647&CODE_STATE=getMsg HTTP/1.1" 200 27
116.224.255.128 - - [09/Sep/2022:09:32:40 +0800] "GET /xingrg/all/function/internal_message.html?_=1662687154855&CODE_STATE=getMsg HTTP/1.1" 200 27
116.224.255.128 - - [09/Sep/2022:09:32:40 +0800] "GET /xingrg/check_reg.html?_=1662687154857 HTTP/1.1" 200 22
116.224.123.211 - - [09/Sep/2022:09:32:45 +0800] "GET /xingrg/all/function/internal_message.html?_=1662687162407&CODE_STATE=getMsg HTTP/1.1" 200 27
222.70.246.221 - - [09/Sep/2022:09:32:46 +0800] "GET /xingrg/kc/buy/cgsh_order_operate.html?command=get_materiel&rest_code=00146&code=00101006063&supplier_code=00100012&order_time=2022-09-09 HTTP/1.1" 200 412
116.225.121.189 - - [09/Sep/2022:09:32:48 +0800] "GET /xingrg/all/function/internal_message.html?_=1662687028570&CODE_STATE=getMsg HTTP/1.1" 200 27
114.84.81.136 - - [09/Sep/2022:09:32:49 +0800] "GET /xingrg/all/function/internal_message.html?_=1662687163939&CODE_STATE=getMsg HTTP/1.1" 302 -
180.163.29.212 - - [09/Sep/2022:09:32:53 +0800] "GET /xingrg/index.html?sysBaseUrl=http://180.169.147.146:18081/xingrg/&costTime=40×tamp=1662685810029 HTTP/1.1" 302 -
180.163.29.212 - - [09/Sep/2022:09:32:54 +0800] "GET /xingrg/login.html HTTP/1.1" 200 7641
116.237.72.126 - - [09/Sep/2022:09:32:54 +0800] "GET /xingrg/check_reg.html?_=1662687173442 HTTP/1.1" 200 22
116.237.72.126 - - [09/Sep/2022:09:32:54 +0800] "GET /xingrg/all/function/internal_message.html?_=1662687173444&CODE_STATE=getMsg HTTP/1.1" 200 27
222.70.246.221 - - [09/Sep/2022:09:32:58 +0800] "GET /xingrg/kc/buy/cgsh_order_operate.html?command=get_materiel&rest_code=00146&code=00101006084&supplier_code=00100012&order_time=2022-09-09 HTTP/1.1" 200 413
180.163.29.79 - - [09/Sep/2022:09:32:58 +0800] "GET /xingrg/kc/buy/cgsh_order_operate.html?command=get_materiel&rest_code=00106&code=00101008234&supplier_code=00100007&order_time=2022-09-09 HTTP/1.1" 302 -
180.163.29.79 - - [09/Sep/2022:09:32:58 +0800] "GET /xingrg/login.html HTTP/1.1" 200 7641
116.232.194.65 - - [09/Sep/2022:09:33:00 +0800] "GET /xingrg/all/function/internal_message.html?_=1662687129320&CODE_STATE=getMsg HTTP/1.1" 200 27
222.70.246.221 - - [09/Sep/2022:09:33:02 +0800] "GET /xingrg/all/function/internal_message.html?_=1662687197104&CODE_STATE=getMsg HTTP/1.1" 200 27
114.83.219.57 - - [09/Sep/2022:09:33:05 +0800] "GET /xingrg/all/function/internal_message.html?_=1662687262594&CODE_STATE=getMsg HTTP/1.1" 200 27
116.232.194.65 - - [09/Sep/2022:09:33:13 +0800] "GET /xingrg/check_reg.html?_=1662687142736 HTTP/1.1" 200 22
116.224.255.128 - - [09/Sep/2022:09:33:18 +0800] "GET /xingrg/all/function/internal_message.html?_=1662687138929&CODE_STATE=getMsg HTTP/1.1" 200 27
180.163.29.103 - - [09/Sep/2022:09:33:18 +0800] "GET /xingrg/check_reg.html?_=1662685810940 HTTP/1.1" 302 -
180.163.29.103 - - [09/Sep/2022:09:33:18 +0800] "GET /xingrg/login.html HTTP/1.1" 200 7641
124.79.74.72 - - [09/Sep/2022:09:33:20 +0800] "GET /xingrg/all/function/internal_message.html?_=1662687196286&CODE_STATE=getMsg HTTP/1.1" 200 27
116.225.121.189 - - [09/Sep/2022:09:33:23 +0800] "GET /xingrg/all/function/internal_message.html?_=1662687201220&CODE_STATE=getMsg HTTP/1.1" 200 27
222.70.246.221 - - [09/Sep/2022:09:33:29 +0800] "GET /xingrg/kc/buy/cgsh_order_operate.html?command=get_materiel&rest_code=00146&code=00101006177&supplier_code=00100012&order_time=2022-09-09 HTTP/1.1" 200 409
124.79.74.72 - - [09/Sep/2022:09:33:35 +0800] "GET /xingrg/check_reg.html?_=1662687211475 HTTP/1.1" 200 22
120.253.135.82 - - [09/Sep/2022:09:33:37 +0800] "GET /xingrg/all/function/internal_message.html?_=1662687015661&CODE_STATE=getMsg HTTP/1.1" 200 27
116.224.255.128 - - [09/Sep/2022:09:33:39 +0800] "GET /xingrg/all/function/internal_message.html?_=1662687214840&CODE_STATE=getMsg HTTP/1.1" 200 27
116.224.123.211 - - [09/Sep/2022:09:33:45 +0800] "GET /xingrg/all/function/internal_message.html?_=1662687222404&CODE_STATE=getMsg HTTP/1.1" 200 27
116.225.121.189 - - [09/Sep/2022:09:33:48 +0800] "GET /xingrg/all/function/internal_message.html?_=1662687088571&CODE_STATE=getMsg HTTP/1.1" 200 27
114.84.81.136 - - [09/Sep/2022:09:33:49 +0800] "GET /xingrg/all/function/internal_message.html?_=1662687223910&CODE_STATE=getMsg HTTP/1.1" 302 -
116.237.72.126 - - [09/Sep/2022:09:33:54 +0800] "GET /xingrg/all/function/internal_message.html?_=1662687233444&CODE_STATE=getMsg HTTP/1.1" 200 27
116.232.194.65 - - [09/Sep/2022:09:34:00 +0800] "GET /xingrg/all/function/internal_message.html?_=1662687189318&CODE_STATE=getMsg HTTP/1.1" 200 27
222.70.246.221 - - [09/Sep/2022:09:34:02 +0800] "GET /xingrg/all/function/internal_message.html?_=1662687257117&CODE_STATE=getMsg HTTP/1.1" 200 27
114.83.219.57 - - [09/Sep/2022:09:34:05 +0800] "GET /xingrg/all/function/internal_message.html?_=1662687322611&CODE_STATE=getMsg HTTP/1.1" 200 27
116.224.255.128 - - [09/Sep/2022:09:34:17 +0800] "GET /xingrg/check_reg.html?_=1662687198370 HTTP/1.1" 200 22
116.224.255.128 - - [09/Sep/2022:09:34:18 +0800] "GET /xingrg/all/function/internal_message.html?_=1662687198942&CODE_STATE=getMsg HTTP/1.1" 200 27
124.79.74.72 - - [09/Sep/2022:09:34:20 +0800] "GET /xingrg/all/function/internal_message.html?_=1662687256258&CODE_STATE=getMsg HTTP/1.1" 200 27
116.225.121.189 - - [09/Sep/2022:09:34:23 +0800] "GET /xingrg/all/function/internal_message.html?_=1662687261220&CODE_STATE=getMsg HTTP/1.1" 200 27
116.225.121.189 - - [09/Sep/2022:09:34:36 +0800] "GET /xingrg/kc/buy/cgsh_order_add.html HTTP/1.1" 200 68706
116.225.121.189 - - [09/Sep/2022:09:34:37 +0800] "POST /xingrg/kc/buy/cgsh_order_operate.html HTTP/1.1" 200 8245
116.225.121.189 - - [09/Sep/2022:09:34:37 +0800] "GET /xingrg/javascript/easyui/themes/default/validatebox.css HTTP/1.1" 404 1104
120.253.135.82 - - [09/Sep/2022:09:34:37 +0800] "GET /xingrg/all/function/internal_message.html?_=1662687075803&CODE_STATE=getMsg HTTP/1.1" 200 27
116.224.255.128 - - [09/Sep/2022:09:34:40 +0800] "GET /xingrg/all/function/internal_message.html?_=1662687274855&CODE_STATE=getMsg HTTP/1.1" 200 27
116.225.121.189 - - [09/Sep/2022:09:34:44 +0800] "GET /xingrg/kc/buy/cgsh_order_operate.html?command=get_materiel&rest_code=00105&code=00101008350&supplier_code=&order_time=2022-09-09 HTTP/1.1" 200 408
116.224.123.211 - - [09/Sep/2022:09:34:45 +0800] "GET /xingrg/all/function/internal_message.html?_=1662687282397&CODE_STATE=getMsg HTTP/1.1" 200 27
116.225.121.189 - - [09/Sep/2022:09:34:48 +0800] "GET /xingrg/check_reg.html?_=1662687148572 HTTP/1.1" 200 22
116.225.121.189 - - [09/Sep/2022:09:34:48 +0800] "GET /xingrg/all/function/internal_message.html?_=1662687148575&CODE_STATE=getMsg HTTP/1.1" 200 27
114.84.81.136 - - [09/Sep/2022:09:34:49 +0800] "GET /xingrg/all/function/internal_message.html?_=1662687283882&CODE_STATE=getMsg HTTP/1.1" 302 -
116.225.121.189 - - [09/Sep/2022:09:34:52 +0800] "GET /xingrg/kc/buy/cgsh_order_operate.html?command=get_materiel&rest_code=00105&code=00101008271&supplier_code=&order_time=2022-09-09 HTTP/1.1" 200 408
116.237.72.126 - - [09/Sep/2022:09:34:54 +0800] "GET /xingrg/all/function/internal_message.html?_=1662687293456&CODE_STATE=getMsg HTTP/1.1" 200 27
116.232.194.65 - - [09/Sep/2022:09:35:00 +0800] "GET /xingrg/all/function/internal_message.html?_=1662687249296&CODE_STATE=getMsg HTTP/1.1" 200 27
116.225.121.189 - - [09/Sep/2022:09:35:02 +0800] "GET /xingrg/kc/buy/cgsh_order_operate.html?command=get_materiel&rest_code=00105&code=00101008223&supplier_code=&order_time=2022-09-09 HTTP/1.1" 200 412
222.70.246.221 - - [09/Sep/2022:09:35:02 +0800] "GET /xingrg/all/function/internal_message.html?_=1662687317130&CODE_STATE=getMsg HTTP/1.1" 200 27
114.83.219.57 - - [09/Sep/2022:09:35:05 +0800] "GET /xingrg/check_reg.html?_=1662687382613 HTTP/1.1" 200 22
114.83.219.57 - - [09/Sep/2022:09:35:05 +0800] "GET /xingrg/all/function/internal_message.html?_=1662687382617&CODE_STATE=getMsg HTTP/1.1" 200 27
116.225.121.189 - - [09/Sep/2022:09:35:09 +0800] "GET /xingrg/kc/buy/cgsh_order_operate.html?command=get_materiel&rest_code=00105&code=00101008558&supplier_code=&order_time=2022-09-09 HTTP/1.1" 200 409
114.84.81.136 - - [09/Sep/2022:09:35:11 +0800] "GET /xingrg/check_reg.html?_=1662687306618 HTTP/1.1" 302 -
116.224.255.128 - - [09/Sep/2022:09:35:18 +0800] "GET /xingrg/all/function/internal_message.html?_=1662687258957&CODE_STATE=getMsg HTTP/1.1" 200 27
180.163.28.68 - - [09/Sep/2022:09:35:18 +0800] "GET /xingrg/kc/buy/cgsh_order_operate.html?command=get_materiel&rest_code=00106&code=00101008354&supplier_code=00100007&order_time=2022-09-09 HTTP/1.1" 302 -
180.163.30.85 - - [09/Sep/2022:09:35:18 +0800] "GET /xingrg/kc/buy/cgsh_order_operate.html?command=get_materiel&rest_code=00106&code=00101008144&supplier_code=00100007&order_time=2022-09-09 HTTP/1.1" 302 -
180.163.30.85 - - [09/Sep/2022:09:35:18 +0800] "GET /xingrg/login.html HTTP/1.1" 200 7641
124.79.74.72 - - [09/Sep/2022:09:35:20 +0800] "GET /xingrg/all/function/internal_message.html?_=1662687316231&CODE_STATE=getMsg HTTP/1.1" 200 27
180.163.28.68 - - [09/Sep/2022:09:35:21 +0800] "GET /xingrg/login.html HTTP/1.1" 200 7641
116.225.121.189 - - [09/Sep/2022:09:35:23 +0800] "GET /xingrg/all/function/internal_message.html?_=1662687321226&CODE_STATE=getMsg HTTP/1.1" 200 27
180.163.29.206 - - [09/Sep/2022:09:35:26 +0800] "GET /xingrg/index.html?sysBaseUrl=http://180.169.147.146:18081/xingrg/&costTime=41×tamp=1662685973766 HTTP/1.1" 302 -
180.163.29.206 - - [09/Sep/2022:09:35:26 +0800] "GET /xingrg/login.html HTTP/1.1" 200 7641
101.83.241.167 - - [09/Sep/2022:09:35:27 +0800] "POST /xingrg/services/DataTransmitService HTTP/1.1" 200 524
120.253.135.82 - - [09/Sep/2022:09:35:37 +0800] "GET /xingrg/all/function/internal_message.html?_=1662687135812&CODE_STATE=getMsg HTTP/1.1" 200 27
116.224.255.128 - - [09/Sep/2022:09:35:40 +0800] "GET /xingrg/all/function/internal_message.html?_=1662687334879&CODE_STATE=getMsg HTTP/1.1" 200 27
116.224.123.211 - - [09/Sep/2022:09:35:44 +0800] "GET /xingrg/check_reg.html?_=1662687341642 HTTP/1.1" 200 22
116.224.123.211 - - [09/Sep/2022:09:35:45 +0800] "GET /xingrg/all/function/internal_message.html?_=1662687342377&CODE_STATE=getMsg HTTP/1.1" 200 27
116.225.121.189 - - [09/Sep/2022:09:35:48 +0800] "GET /xingrg/all/function/internal_message.html?_=1662687208560&CODE_STATE=getMsg HTTP/1.1" 200 27
114.84.81.136 - - [09/Sep/2022:09:35:48 +0800] "GET /xingrg/all/function/internal_message.html?_=1662687343861&CODE_STATE=getMsg HTTP/1.1" 302 -
116.237.72.126 - - [09/Sep/2022:09:35:54 +0800] "GET /xingrg/all/function/internal_message.html?_=1662687353471&CODE_STATE=getMsg HTTP/1.1" 200 27
116.232.194.65 - - [09/Sep/2022:09:36:00 +0800] "GET /xingrg/all/function/internal_message.html?_=1662687309285&CODE_STATE=getMsg HTTP/1.1" 200 27
222.70.246.221 - - [09/Sep/2022:09:36:02 +0800] "GET /xingrg/all/function/internal_message.html?_=1662687377144&CODE_STATE=getMsg HTTP/1.1" 200 27
114.83.219.57 - - [09/Sep/2022:09:36:05 +0800] "GET /xingrg/all/function/internal_message.html?_=1662687442616&CODE_STATE=getMsg HTTP/1.1" 200 27
180.163.29.234 - - [09/Sep/2022:09:36:14 +0800] "GET /xingrg/kc/buy/cgsh_order_operate.html?command=get_materiel&rest_code=00106&code=00101008318&supplier_code=00100007&order_time=2022-09-09 HTTP/1.1" 302 -
180.163.29.234 - - [09/Sep/2022:09:36:14 +0800] "GET /xingrg/login.html HTTP/1.1" 200 7641
180.163.30.76 - - [09/Sep/2022:09:36:17 +0800] "GET /xingrg/kc/buy/cgsh_order_operate.html?command=get_materiel&rest_code=00106&code=00101008354&supplier_code=00100007&order_time=2022-09-09 HTTP/1.1" 302 -
180.163.30.76 - - [09/Sep/2022:09:36:17 +0800] "GET /xingrg/login.html HTTP/1.1" 200 7641
116.224.255.128 - - [09/Sep/2022:09:36:18 +0800] "GET /xingrg/all/function/internal_message.html?_=1662687318970&CODE_STATE=getMsg HTTP/1.1" 200 27
124.79.74.72 - - [09/Sep/2022:09:36:20 +0800] "GET /xingrg/all/function/internal_message.html?_=1662687376217&CODE_STATE=getMsg HTTP/1.1" 200 27
116.225.121.189 - - [09/Sep/2022:09:36:23 +0800] "GET /xingrg/all/function/internal_message.html?_=1662687381215&CODE_STATE=getMsg HTTP/1.1" 200 27
180.163.30.100 - - [09/Sep/2022:09:36:29 +0800] "GET /xingrg/all/function/internal_message.html?_=1662686513445&CODE_STATE=getMsg HTTP/1.1" 302 -
180.163.30.100 - - [09/Sep/2022:09:36:29 +0800] "GET /xingrg/login.html HTTP/1.1" 200 7641
120.253.135.82 - - [09/Sep/2022:09:36:38 +0800] "GET /xingrg/all/function/internal_message.html?_=1662687195950&CODE_STATE=getMsg HTTP/1.1" 200 27
180.163.28.114 - - [09/Sep/2022:09:36:38 +0800] "GET /xingrg/kc/buy/cgsh_order_operate.html?command=get_materiel&rest_code=00106&code=00101008155&supplier_code=00100007&order_time=2022-09-09 HTTP/1.1" 302 -
180.163.28.114 - - [09/Sep/2022:09:36:38 +0800] "GET /xingrg/login.html HTTP/1.1" 200 7641
116.224.255.128 - - [09/Sep/2022:09:36:40 +0800] "GET /xingrg/all/function/internal_message.html?_=1662687394878&CODE_STATE=getMsg HTTP/1.1" 200 27
222.70.246.221 - - [09/Sep/2022:09:36:41 +0800] "GET /xingrg/kc/buy/cgsh_order_operate.html?command=get_materiel&rest_code=00146&code=00101006174&supplier_code=00100012&order_time=2022-09-09 HTTP/1.1" 200 414
116.224.123.211 - - [09/Sep/2022:09:36:45 +0800] "GET /xingrg/all/function/internal_message.html?_=1662687402370&CODE_STATE=getMsg HTTP/1.1" 200 27
116.225.121.189 - - [09/Sep/2022:09:36:48 +0800] "GET /xingrg/all/function/internal_message.html?_=1662687268561&CODE_STATE=getMsg HTTP/1.1" 200 27
114.84.81.136 - - [09/Sep/2022:09:36:48 +0800] "GET /xingrg/all/function/internal_message.html?_=1662687403832&CODE_STATE=getMsg HTTP/1.1" 302 -
116.237.72.126 - - [09/Sep/2022:09:36:54 +0800] "GET /xingrg/all/function/internal_message.html?_=1662687413456&CODE_STATE=getMsg HTTP/1.1" 200 27
116.232.194.65 - - [09/Sep/2022:09:37:00 +0800] "GET /xingrg/all/function/internal_message.html?_=1662687369268&CODE_STATE=getMsg HTTP/1.1" 200 27
222.70.246.221 - - [09/Sep/2022:09:37:02 +0800] "GET /xingrg/check_reg.html?_=1662687436861 HTTP/1.1" 200 22
222.70.246.221 - - [09/Sep/2022:09:37:02 +0800] "GET /xingrg/all/function/internal_message.html?_=1662687437158&CODE_STATE=getMsg HTTP/1.1" 200 27
114.83.219.57 - - [09/Sep/2022:09:37:05 +0800] "GET /xingrg/all/function/internal_message.html?_=1662687502599&CODE_STATE=getMsg HTTP/1.1" 200 27
120.253.135.82 - - [09/Sep/2022:09:37:14 +0800] "GET /xingrg/check_reg.html?_=1662687232111 HTTP/1.1" 200 22
116.224.255.128 - - [09/Sep/2022:09:37:18 +0800] "GET /xingrg/all/function/internal_message.html?_=1662687379170&CODE_STATE=getMsg HTTP/1.1" 200 27
124.79.74.72 - - [09/Sep/2022:09:37:20 +0800] "GET /xingrg/all/function/internal_message.html?_=1662687436188&CODE_STATE=getMsg HTTP/1.1" 200 27
116.225.121.189 - - [09/Sep/2022:09:37:23 +0800] "GET /xingrg/all/function/internal_message.html?_=1662687441267&CODE_STATE=getMsg HTTP/1.1" 200 27
116.225.121.189 - - [09/Sep/2022:09:37:23 +0800] "GET /xingrg/check_reg.html?_=1662687441269 HTTP/1.1" 200 22
180.163.28.109 - - [09/Sep/2022:09:37:31 +0800] "GET /xingrg/kc/buy/cgsh_order_operate.html?command=get_materiel&rest_code=00106&code=00101008439&supplier_code=00100007&order_time=2022-09-09 HTTP/1.1" 302 -
180.163.28.109 - - [09/Sep/2022:09:37:31 +0800] "GET /xingrg/login.html HTTP/1.1" 200 7641
120.253.135.82 - - [09/Sep/2022:09:37:38 +0800] "GET /xingrg/all/function/internal_message.html?_=1662687255965&CODE_STATE=getMsg HTTP/1.1" 200 27
180.163.30.85 - - [09/Sep/2022:09:37:38 +0800] "GET /xingrg/all/function/internal_message.html?_=1662686633440&CODE_STATE=getMsg HTTP/1.1" 302 -
180.163.30.85 - - [09/Sep/2022:09:37:38 +0800] "GET /xingrg/login.html HTTP/1.1" 200 7641
116.224.255.128 - - [09/Sep/2022:09:37:40 +0800] "GET /xingrg/all/function/internal_message.html?_=1662687454878&CODE_STATE=getMsg HTTP/1.1" 200 27
116.224.255.128 - - [09/Sep/2022:09:37:40 +0800] "GET /xingrg/check_reg.html?_=1662687454889 HTTP/1.1" 200 22
222.70.246.221 - - [09/Sep/2022:09:37:46 +0800] "GET /xingrg/kc/buy/cgsh_order_operate.html?command=get_materiel&rest_code=00146&code=00101006111&supplier_code=00100012&order_time=2022-09-09 HTTP/1.1" 200 409
116.225.121.189 - - [09/Sep/2022:09:37:48 +0800] "GET /xingrg/all/function/internal_message.html?_=1662687328561&CODE_STATE=getMsg HTTP/1.1" 200 27
114.84.81.136 - - [09/Sep/2022:09:37:48 +0800] "GET /xingrg/all/function/internal_message.html?_=1662687463805&CODE_STATE=getMsg HTTP/1.1" 302 -
180.163.30.100 - - [09/Sep/2022:09:37:51 +0800] "GET /xingrg/all/function/internal_message.html?_=1662686573433&CODE_STATE=getMsg HTTP/1.1" 302 -
180.163.30.100 - - [09/Sep/2022:09:37:51 +0800] "GET /xingrg/login.html HTTP/1.1" 200 7641
116.237.72.126 - - [09/Sep/2022:09:37:54 +0800] "GET /xingrg/check_reg.html?_=1662687473477 HTTP/1.1" 200 22
116.237.72.126 - - [09/Sep/2022:09:37:54 +0800] "GET /xingrg/all/function/internal_message.html?_=1662687473474&CODE_STATE=getMsg HTTP/1.1" 200 27
116.232.194.65 - - [09/Sep/2022:09:38:00 +0800] "GET /xingrg/all/function/internal_message.html?_=1662687429253&CODE_STATE=getMsg HTTP/1.1" 200 27
222.70.246.221 - - [09/Sep/2022:09:38:02 +0800] "GET /xingrg/all/function/internal_message.html?_=1662687497171&CODE_STATE=getMsg HTTP/1.1" 200 27
114.83.219.57 - - [09/Sep/2022:09:38:05 +0800] "GET /xingrg/all/function/internal_message.html?_=1662687562595&CODE_STATE=getMsg HTTP/1.1" 200 27
222.70.246.221 - - [09/Sep/2022:09:38:07 +0800] "GET /xingrg/kc/buy/cgsh_order_operate.html?command=get_materiel&rest_code=00146&code=00101006144&supplier_code=00100012&order_time=2022-09-09 HTTP/1.1" 200 409
116.232.194.65 - - [09/Sep/2022:09:38:13 +0800] "GET /xingrg/check_reg.html?_=1662687442718 HTTP/1.1" 200 22
116.224.255.128 - - [09/Sep/2022:09:38:18 +0800] "GET /xingrg/all/function/internal_message.html?_=1662687439184&CODE_STATE=getMsg HTTP/1.1" 200 27
124.79.74.72 - - [09/Sep/2022:09:38:20 +0800] "GET /xingrg/all/function/internal_message.html?_=1662687496172&CODE_STATE=getMsg HTTP/1.1" 200 27
58.35.213.73 - - [09/Sep/2022:09:38:21 +0800] "GET /favicon.ico HTTP/1.1" 404 -
116.225.121.189 - - [09/Sep/2022:09:38:23 +0800] "GET /xingrg/all/function/internal_message.html?_=1662687501217&CODE_STATE=getMsg HTTP/1.1" 200 27
180.163.28.114 - - [09/Sep/2022:09:38:23 +0800] "GET /xingrg/kc/buy/cgsh_order_operate.html?command=get_materiel&rest_code=00106&code=00101008295&supplier_code=00100007&order_time=2022-09-09 HTTP/1.1" 302 -
180.163.28.114 - - [09/Sep/2022:09:38:23 +0800] "GET /xingrg/login.html HTTP/1.1" 200 7641
222.70.246.221 - - [09/Sep/2022:09:38:25 +0800] "GET /xingrg/kc/buy/cgsh_order_operate.html?command=get_materiel&rest_code=00146&code=00101006056&supplier_code=00100012&order_time=2022-09-09 HTTP/1.1" 200 413
124.79.74.72 - - [09/Sep/2022:09:38:35 +0800] "GET /xingrg/check_reg.html?_=1662687511455 HTTP/1.1" 200 22
120.253.135.82 - - [09/Sep/2022:09:38:38 +0800] "GET /xingrg/all/function/internal_message.html?_=1662687315978&CODE_STATE=getMsg HTTP/1.1" 200 27
116.224.255.128 - - [09/Sep/2022:09:38:40 +0800] "GET /xingrg/all/function/internal_message.html?_=1662687514887&CODE_STATE=getMsg HTTP/1.1" 200 27
116.225.121.189 - - [09/Sep/2022:09:38:48 +0800] "GET /xingrg/all/function/internal_message.html?_=1662687388561&CODE_STATE=getMsg HTTP/1.1" 200 27
114.84.81.136 - - [09/Sep/2022:09:38:48 +0800] "GET /xingrg/all/function/internal_message.html?_=1662687523776&CODE_STATE=getMsg HTTP/1.1" 302 -
116.237.72.126 - - [09/Sep/2022:09:38:54 +0800] "GET /xingrg/all/function/internal_message.html?_=1662687533460&CODE_STATE=getMsg HTTP/1.1" 200 27
116.232.194.65 - - [09/Sep/2022:09:39:00 +0800] "GET /xingrg/all/function/internal_message.html?_=1662687489234&CODE_STATE=getMsg HTTP/1.1" 200 27
222.70.246.221 - - [09/Sep/2022:09:39:02 +0800] "GET /xingrg/all/function/internal_message.html?_=1662687557185&CODE_STATE=getMsg HTTP/1.1" 200 27
114.83.219.57 - - [09/Sep/2022:09:39:05 +0800] "GET /xingrg/all/function/internal_message.html?_=1662687622606&CODE_STATE=getMsg HTTP/1.1" 200 27
222.70.246.221 - - [09/Sep/2022:09:39:09 +0800] "GET /xingrg/kc/buy/cgsh_order_operate.html?command=get_materiel&rest_code=00146&code=00101006184&supplier_code=00100012&order_time=2022-09-09 HTTP/1.1" 200 408
101.83.241.167 - - [09/Sep/2022:09:39:17 +0800] "GET /xingrg/login.html?sysBaseUrl=http%3A%2F%2F180.169.147.146%3A18081%2Fxingrg%2F&costTime=31×tamp=1615347190560 HTTP/1.1" 200 7641
101.83.241.167 - - [09/Sep/2022:09:39:17 +0800] "GET /favicon.ico HTTP/1.1" 404 -
116.224.255.128 - - [09/Sep/2022:09:39:18 +0800] "GET /xingrg/check_reg.html?_=1662687498673 HTTP/1.1" 200 22
116.224.255.128 - - [09/Sep/2022:09:39:18 +0800] "GET /xingrg/all/function/internal_message.html?_=1662687499198&CODE_STATE=getMsg HTTP/1.1" 200 27
101.83.241.167 - - [09/Sep/2022:09:39:19 +0800] "POST /xingrg/login.do HTTP/1.1" 302 -
101.83.241.167 - - [09/Sep/2022:09:39:19 +0800] "GET /xingrg/index.html?sysBaseUrl=http%3A%2F%2F180.169.147.146%3A18081%2Fxingrg%2F&costTime=52×tamp=1662687559063 HTTP/1.1" 200 17179
101.83.241.167 - - [09/Sep/2022:09:39:19 +0800] "GET /favicon.ico HTTP/1.1" 404 -
101.83.241.167 - - [09/Sep/2022:09:39:19 +0800] "POST /xingrg/all/common/load_tree.html?tree=area_rest_tree_json&manage=1 HTTP/1.1" 200 351
101.83.241.167 - - [09/Sep/2022:09:39:19 +0800] "POST /xingrg/load_menu.html HTTP/1.1" 200 5138
101.83.241.167 - - [09/Sep/2022:09:39:19 +0800] "GET /xingrg/all/function/internal_message.html?_=1662687553736&CODE_STATE=count HTTP/1.1" 200 11
101.83.241.167 - - [09/Sep/2022:09:39:19 +0800] "GET /xingrg/check_reg.html?_=1662687553736 HTTP/1.1" 200 22
124.79.74.72 - - [09/Sep/2022:09:39:20 +0800] "GET /xingrg/all/function/internal_message.html?_=1662687556144&CODE_STATE=getMsg HTTP/1.1" 200 27
116.225.121.189 - - [09/Sep/2022:09:39:23 +0800] "GET /xingrg/all/function/internal_message.html?_=1662687561228&CODE_STATE=getMsg HTTP/1.1" 200 27
222.70.246.221 - - [09/Sep/2022:09:39:28 +0800] "POST /xingrg/kc/buy/cgsh_order_operate.html HTTP/1.1" 200 37
222.70.246.221 - - [09/Sep/2022:09:39:30 +0800] "POST /xingrg/kc/buy/cgsh_order_operate.html HTTP/1.1" 200 9799
180.163.28.143 - - [09/Sep/2022:09:39:34 +0800] "GET /xingrg/kc/buy/cgsh_order_operate.html?command=get_materiel&rest_code=00106&code=00101008312&supplier_code=00100007&order_time=2022-09-09 HTTP/1.1" 302 -
180.163.28.143 - - [09/Sep/2022:09:39:34 +0800] "GET /xingrg/login.html HTTP/1.1" 200 7641
120.253.135.82 - - [09/Sep/2022:09:39:38 +0800] "GET /xingrg/all/function/internal_message.html?_=1662687376107&CODE_STATE=getMsg HTTP/1.1" 200 27
116.224.255.128 - - [09/Sep/2022:09:39:40 +0800] "GET /xingrg/all/function/internal_message.html?_=1662687574886&CODE_STATE=getMsg HTTP/1.1" 200 27
180.163.28.143 - - [09/Sep/2022:09:39:45 +0800] "GET /xingrg/all/function/internal_message.html?_=1662686753431&CODE_STATE=getMsg HTTP/1.1" 302 -
180.163.28.143 - - [09/Sep/2022:09:39:45 +0800] "GET /xingrg/login.html HTTP/1.1" 200 7641
222.70.246.221 - - [09/Sep/2022:09:39:47 +0800] "GET /xingrg/kc/buy/cgsh_order_operate.html?command=get_materiel&rest_code=00146&code=00101006065&supplier_code=00100012&order_time=2022-09-09 HTTP/1.1" 200 411
114.84.81.136 - - [09/Sep/2022:09:39:48 +0800] "GET /xingrg/all/function/internal_message.html?_=1662687583748&CODE_STATE=getMsg HTTP/1.1" 302 -
116.225.121.189 - - [09/Sep/2022:09:39:48 +0800] "GET /xingrg/all/function/internal_message.html?_=1662687448561&CODE_STATE=getMsg HTTP/1.1" 200 27
116.225.121.189 - - [09/Sep/2022:09:39:48 +0800] "GET /xingrg/check_reg.html?_=1662687448564 HTTP/1.1" 200 22
116.237.72.126 - - [09/Sep/2022:09:39:54 +0800] "GET /xingrg/all/function/internal_message.html?_=1662687593460&CODE_STATE=getMsg HTTP/1.1" 200 27
116.232.194.65 - - [09/Sep/2022:09:40:00 +0800] "GET /xingrg/all/function/internal_message.html?_=1662687549213&CODE_STATE=getMsg HTTP/1.1" 200 27
222.70.246.221 - - [09/Sep/2022:09:40:02 +0800] "GET /xingrg/all/function/internal_message.html?_=1662687617198&CODE_STATE=getMsg HTTP/1.1" 200 27
114.83.219.57 - - [09/Sep/2022:09:40:05 +0800] "GET /xingrg/all/function/internal_message.html?_=1662687682601&CODE_STATE=getMsg HTTP/1.1" 200 27
114.83.219.57 - - [09/Sep/2022:09:40:05 +0800] "GET /xingrg/check_reg.html?_=1662687682604 HTTP/1.1" 200 22
114.84.81.136 - - [09/Sep/2022:09:40:11 +0800] "GET /xingrg/check_reg.html?_=1662687606622 HTTP/1.1" 302 -
116.224.255.128 - - [09/Sep/2022:09:40:18 +0800] "GET /xingrg/all/function/internal_message.html?_=1662687559211&CODE_STATE=getMsg HTTP/1.1" 200 27
