116.235.94.249 - - [07/Sep/2022:10:15:15 +0800] "GET /xingrg/all/function/internal_message.html?_=1662517106476&CODE_STATE=getMsg HTTP/1.1" 200 27
116.235.94.249 - - [07/Sep/2022:10:15:15 +0800] "GET /xingrg/check_reg.html?_=1662517106479 HTTP/1.1" 200 22
116.224.255.128 - - [07/Sep/2022:10:15:15 +0800] "GET /xingrg/check_reg.html?_=1662516859720 HTTP/1.1" 200 22
180.169.147.146 - - [07/Sep/2022:10:15:16 +0800] "GET /xingrg/kc/buy/cgsh_order_list.html HTTP/1.1" 200 52799
116.224.255.128 - - [07/Sep/2022:10:15:17 +0800] "GET /xingrg/all/function/internal_message.html?_=1662516861607&CODE_STATE=getMsg HTTP/1.1" 200 27
180.169.147.146 - - [07/Sep/2022:10:15:18 +0800] "POST /xingrg/kc/buy/cgsh_list_operate.html HTTP/1.1" 200 6588
116.224.123.211 - - [07/Sep/2022:10:15:26 +0800] "GET /xingrg/all/function/internal_message.html?_=1662516924344&CODE_STATE=getMsg HTTP/1.1" 200 27
116.232.194.65 - - [07/Sep/2022:10:15:35 +0800] "GET /xingrg/all/function/internal_message.html?_=1662516873529&CODE_STATE=getMsg HTTP/1.1" 200 27
124.79.74.72 - - [07/Sep/2022:10:15:36 +0800] "GET /xingrg/all/function/internal_message.html?_=1662516934235&CODE_STATE=getMsg HTTP/1.1" 200 27
116.224.255.128 - - [07/Sep/2022:10:15:38 +0800] "GET /xingrg/check_reg.html?_=1662516934246 HTTP/1.1" 200 22
116.224.255.128 - - [07/Sep/2022:10:15:38 +0800] "GET /xingrg/all/function/internal_message.html?_=1662516934245&CODE_STATE=getMsg HTTP/1.1" 200 27
101.83.241.167 - - [07/Sep/2022:10:15:40 +0800] "GET /xingrg/all/function/internal_message.html?_=1662516938095&CODE_STATE=getMsg HTTP/1.1" 200 27
61.170.235.55 - - [07/Sep/2022:10:15:43 +0800] "GET /xingrg/all/function/internal_message.html?_=1662516939936&CODE_STATE=getMsg HTTP/1.1" 200 27
180.169.147.146 - - [07/Sep/2022:10:15:44 +0800] "GET /xingrg/all/function/internal_message.html?_=1662516942078&CODE_STATE=getMsg HTTP/1.1" 200 27
116.225.121.189 - - [07/Sep/2022:10:16:01 +0800] "GET /xingrg/all/function/internal_message.html?_=1662516960459&CODE_STATE=getMsg HTTP/1.1" 200 27
58.40.7.146 - - [07/Sep/2022:10:16:04 +0800] "GET /xingrg/all/function/internal_message.html?_=1662516962092&CODE_STATE=getMsg HTTP/1.1" 200 27
180.169.147.146 - - [07/Sep/2022:10:16:04 +0800] "POST /xingrg/kc/buy/cgsh_list_operate.html HTTP/1.1" 200 4
172.20.0.100 - - [07/Sep/2022:10:16:06 +0800] "GET /xingrg/check_reg.html?_=1662516963353 HTTP/1.1" 200 22
114.83.219.57 - - [07/Sep/2022:10:16:09 +0800] "GET /xingrg/all/function/internal_message.html?_=1662517046853&CODE_STATE=getMsg HTTP/1.1" 200 27
222.70.246.221 - - [07/Sep/2022:10:16:09 +0800] "GET /xingrg/all/function/internal_message.html?_=1662516977125&CODE_STATE=getMsg HTTP/1.1" 200 27
114.88.158.224 - - [07/Sep/2022:10:16:10 +0800] "GET /xingrg/check_reg.html?_=1662516627370 HTTP/1.1" 200 22
114.88.158.224 - - [07/Sep/2022:10:16:10 +0800] "GET /xingrg/all/function/internal_message.html?_=1662516627372&CODE_STATE=getMsg HTTP/1.1" 200 27
116.225.121.189 - - [07/Sep/2022:10:16:12 +0800] "GET /xingrg/all/function/internal_message.html?_=1662516834397&CODE_STATE=getMsg HTTP/1.1" 200 27
116.235.94.249 - - [07/Sep/2022:10:16:15 +0800] "GET /xingrg/all/function/internal_message.html?_=1662517166478&CODE_STATE=getMsg HTTP/1.1" 200 27
116.224.255.128 - - [07/Sep/2022:10:16:17 +0800] "GET /xingrg/all/function/internal_message.html?_=1662516921621&CODE_STATE=getMsg HTTP/1.1" 200 27
116.224.123.211 - - [07/Sep/2022:10:16:26 +0800] "GET /xingrg/all/function/internal_message.html?_=1662516984344&CODE_STATE=getMsg HTTP/1.1" 200 27
116.232.194.65 - - [07/Sep/2022:10:16:35 +0800] "GET /xingrg/all/function/internal_message.html?_=1662516933520&CODE_STATE=getMsg HTTP/1.1" 200 27
124.79.74.72 - - [07/Sep/2022:10:16:36 +0800] "GET /xingrg/all/function/internal_message.html?_=1662516994237&CODE_STATE=getMsg HTTP/1.1" 200 27
116.224.255.128 - - [07/Sep/2022:10:16:38 +0800] "GET /xingrg/all/function/internal_message.html?_=1662516994245&CODE_STATE=getMsg HTTP/1.1" 200 27
101.83.241.167 - - [07/Sep/2022:10:16:40 +0800] "GET /xingrg/all/function/internal_message.html?_=1662516998092&CODE_STATE=getMsg HTTP/1.1" 200 27
61.170.235.55 - - [07/Sep/2022:10:16:43 +0800] "GET /xingrg/all/function/internal_message.html?_=1662516999909&CODE_STATE=getMsg HTTP/1.1" 200 27
180.169.147.146 - - [07/Sep/2022:10:16:44 +0800] "GET /xingrg/check_reg.html?_=1662517002077 HTTP/1.1" 200 22
180.169.147.146 - - [07/Sep/2022:10:16:44 +0800] "GET /xingrg/all/function/internal_message.html?_=1662517002081&CODE_STATE=getMsg HTTP/1.1" 200 27
61.170.235.55 - - [07/Sep/2022:10:16:45 +0800] "GET /xingrg/check_reg.html?_=1662517001304 HTTP/1.1" 200 22
116.225.121.189 - - [07/Sep/2022:10:17:01 +0800] "GET /xingrg/all/function/internal_message.html?_=1662517020460&CODE_STATE=getMsg HTTP/1.1" 200 27
116.225.121.189 - - [07/Sep/2022:10:17:01 +0800] "GET /xingrg/check_reg.html?_=1662517020462 HTTP/1.1" 200 22
58.40.7.146 - - [07/Sep/2022:10:17:04 +0800] "GET /xingrg/all/function/internal_message.html?_=1662517022080&CODE_STATE=getMsg HTTP/1.1" 200 27
114.83.219.57 - - [07/Sep/2022:10:17:09 +0800] "GET /xingrg/all/function/internal_message.html?_=1662517106848&CODE_STATE=getMsg HTTP/1.1" 200 27
222.70.246.221 - - [07/Sep/2022:10:17:09 +0800] "GET /xingrg/all/function/internal_message.html?_=1662517037141&CODE_STATE=getMsg HTTP/1.1" 200 27
114.88.158.224 - - [07/Sep/2022:10:17:10 +0800] "GET /xingrg/all/function/internal_message.html?_=1662516687367&CODE_STATE=getMsg HTTP/1.1" 200 27
116.225.121.189 - - [07/Sep/2022:10:17:12 +0800] "GET /xingrg/all/function/internal_message.html?_=1662516894397&CODE_STATE=getMsg HTTP/1.1" 200 27
116.235.94.249 - - [07/Sep/2022:10:17:15 +0800] "GET /xingrg/all/function/internal_message.html?_=1662517226476&CODE_STATE=getMsg HTTP/1.1" 200 27
116.224.255.128 - - [07/Sep/2022:10:17:17 +0800] "GET /xingrg/all/function/internal_message.html?_=1662516981633&CODE_STATE=getMsg HTTP/1.1" 200 27
114.84.81.136 - - [07/Sep/2022:10:17:17 +0800] "GET /xingrg/check_reg.html?_=1662517033505 HTTP/1.1" 200 22
58.40.7.146 - - [07/Sep/2022:10:17:18 +0800] "GET /xingrg/check_reg.html?_=1662517036143 HTTP/1.1" 200 22
116.224.123.211 - - [07/Sep/2022:10:17:26 +0800] "GET /xingrg/all/function/internal_message.html?_=1662517044336&CODE_STATE=getMsg HTTP/1.1" 200 27
116.232.194.65 - - [07/Sep/2022:10:17:35 +0800] "GET /xingrg/all/function/internal_message.html?_=1662516993536&CODE_STATE=getMsg HTTP/1.1" 200 27
116.232.194.65 - - [07/Sep/2022:10:17:35 +0800] "GET /xingrg/check_reg.html?_=1662516993538 HTTP/1.1" 200 22
180.169.147.146 - - [07/Sep/2022:10:17:35 +0800] "GET /xingrg/all/function/internal_message.html?_=1662517364085&CODE_STATE=getMsg HTTP/1.1" 200 27
180.169.147.146 - - [07/Sep/2022:10:17:36 +0800] "POST /xingrg/kc/buy/cgsh_list_operate.html HTTP/1.1" 200 752
124.79.74.72 - - [07/Sep/2022:10:17:36 +0800] "GET /xingrg/all/function/internal_message.html?_=1662517054222&CODE_STATE=getMsg HTTP/1.1" 200 27
116.224.255.128 - - [07/Sep/2022:10:17:38 +0800] "GET /xingrg/all/function/internal_message.html?_=1662517054245&CODE_STATE=getMsg HTTP/1.1" 200 27
101.83.241.167 - - [07/Sep/2022:10:17:40 +0800] "GET /xingrg/all/function/internal_message.html?_=1662517058103&CODE_STATE=getMsg HTTP/1.1" 200 27
61.170.235.55 - - [07/Sep/2022:10:17:43 +0800] "GET /xingrg/all/function/internal_message.html?_=1662517059889&CODE_STATE=getMsg HTTP/1.1" 200 27
180.169.147.146 - - [07/Sep/2022:10:17:44 +0800] "GET /xingrg/all/function/internal_message.html?_=1662517062080&CODE_STATE=getMsg HTTP/1.1" 200 27
116.225.121.189 - - [07/Sep/2022:10:18:01 +0800] "GET /xingrg/all/function/internal_message.html?_=1662517080462&CODE_STATE=getMsg HTTP/1.1" 200 27
58.40.7.146 - - [07/Sep/2022:10:18:04 +0800] "GET /xingrg/all/function/internal_message.html?_=1662517082053&CODE_STATE=getMsg HTTP/1.1" 200 27
114.83.219.57 - - [07/Sep/2022:10:18:09 +0800] "GET /xingrg/all/function/internal_message.html?_=1662517166837&CODE_STATE=getMsg HTTP/1.1" 200 27
222.70.246.221 - - [07/Sep/2022:10:18:10 +0800] "GET /xingrg/all/function/internal_message.html?_=1662517097687&CODE_STATE=getMsg HTTP/1.1" 200 27
114.88.158.224 - - [07/Sep/2022:10:18:10 +0800] "GET /xingrg/all/function/internal_message.html?_=1662516747361&CODE_STATE=getMsg HTTP/1.1" 200 27
116.225.121.189 - - [07/Sep/2022:10:18:12 +0800] "GET /xingrg/check_reg.html?_=1662516954398 HTTP/1.1" 200 22
116.225.121.189 - - [07/Sep/2022:10:18:12 +0800] "GET /xingrg/all/function/internal_message.html?_=1662516954401&CODE_STATE=getMsg HTTP/1.1" 200 27
116.235.94.249 - - [07/Sep/2022:10:18:15 +0800] "GET /xingrg/all/function/internal_message.html?_=1662517286475&CODE_STATE=getMsg HTTP/1.1" 200 27
116.224.255.128 - - [07/Sep/2022:10:18:17 +0800] "GET /xingrg/all/function/internal_message.html?_=1662517041759&CODE_STATE=getMsg HTTP/1.1" 200 27
116.224.123.211 - - [07/Sep/2022:10:18:26 +0800] "GET /xingrg/all/function/internal_message.html?_=1662517104330&CODE_STATE=getMsg HTTP/1.1" 200 27
116.232.194.65 - - [07/Sep/2022:10:18:35 +0800] "GET /xingrg/all/function/internal_message.html?_=1662517053538&CODE_STATE=getMsg HTTP/1.1" 200 27
180.169.147.146 - - [07/Sep/2022:10:18:35 +0800] "GET /xingrg/all/function/internal_message.html?_=1662517424056&CODE_STATE=getMsg HTTP/1.1" 200 27
124.79.74.72 - - [07/Sep/2022:10:18:36 +0800] "GET /xingrg/all/function/internal_message.html?_=1662517114224&CODE_STATE=getMsg HTTP/1.1" 200 27
124.79.74.72 - - [07/Sep/2022:10:18:36 +0800] "GET /xingrg/check_reg.html?_=1662517114225 HTTP/1.1" 200 22
116.224.255.128 - - [07/Sep/2022:10:18:38 +0800] "GET /xingrg/all/function/internal_message.html?_=1662517114261&CODE_STATE=getMsg HTTP/1.1" 200 27
101.83.241.167 - - [07/Sep/2022:10:18:40 +0800] "GET /xingrg/all/function/internal_message.html?_=1662517118111&CODE_STATE=getMsg HTTP/1.1" 200 27
101.83.241.167 - - [07/Sep/2022:10:18:40 +0800] "GET /xingrg/check_reg.html?_=1662517118114 HTTP/1.1" 200 22
101.83.241.167 - - [07/Sep/2022:10:18:41 +0800] "GET /xingrg/kc/buy/cgsh_order_operate.html?command=get_materiel&rest_code=00149&code=00101008273&supplier_code=00100008&order_time=2022-09-06 HTTP/1.1" 200 412
222.70.246.221 - - [07/Sep/2022:10:18:41 +0800] "GET /xingrg/check_reg.html?_=1662517129529 HTTP/1.1" 200 22
61.170.235.55 - - [07/Sep/2022:10:18:43 +0800] "GET /xingrg/all/function/internal_message.html?_=1662517119858&CODE_STATE=getMsg HTTP/1.1" 200 27
180.169.147.146 - - [07/Sep/2022:10:18:44 +0800] "GET /xingrg/all/function/internal_message.html?_=1662517122083&CODE_STATE=getMsg HTTP/1.1" 200 27
116.225.121.189 - - [07/Sep/2022:10:19:01 +0800] "GET /xingrg/all/function/internal_message.html?_=1662517140462&CODE_STATE=getMsg HTTP/1.1" 200 27
180.171.131.34 - - [07/Sep/2022:10:19:02 +0800] "GET /favicon.ico HTTP/1.1" 404 -
58.40.7.146 - - [07/Sep/2022:10:19:04 +0800] "GET /xingrg/all/function/internal_message.html?_=1662517142039&CODE_STATE=getMsg HTTP/1.1" 200 27
114.83.219.57 - - [07/Sep/2022:10:19:09 +0800] "GET /xingrg/all/function/internal_message.html?_=1662517226844&CODE_STATE=getMsg HTTP/1.1" 200 27
114.83.219.57 - - [07/Sep/2022:10:19:09 +0800] "GET /xingrg/check_reg.html?_=1662517226847 HTTP/1.1" 200 22
222.70.246.221 - - [07/Sep/2022:10:19:10 +0800] "GET /xingrg/all/function/internal_message.html?_=1662517157699&CODE_STATE=getMsg HTTP/1.1" 200 27
114.88.158.224 - - [07/Sep/2022:10:19:10 +0800] "GET /xingrg/all/function/internal_message.html?_=1662516807360&CODE_STATE=getMsg HTTP/1.1" 200 27
116.225.121.189 - - [07/Sep/2022:10:19:12 +0800] "GET /xingrg/all/function/internal_message.html?_=1662517014386&CODE_STATE=getMsg HTTP/1.1" 200 27
116.235.94.249 - - [07/Sep/2022:10:19:15 +0800] "GET /xingrg/all/function/internal_message.html?_=1662517346489&CODE_STATE=getMsg HTTP/1.1" 200 27
116.224.255.128 - - [07/Sep/2022:10:19:17 +0800] "GET /xingrg/all/function/internal_message.html?_=1662517101770&CODE_STATE=getMsg HTTP/1.1" 200 27
61.170.235.55 - - [07/Sep/2022:10:19:18 +0800] "GET /xingrg/login.html HTTP/1.1" 200 7641
61.170.235.55 - - [07/Sep/2022:10:19:18 +0800] "GET /favicon.ico HTTP/1.1" 404 -
116.224.123.211 - - [07/Sep/2022:10:19:26 +0800] "GET /xingrg/all/function/internal_message.html?_=1662517164332&CODE_STATE=getMsg HTTP/1.1" 200 27
116.224.123.211 - - [07/Sep/2022:10:19:26 +0800] "GET /xingrg/check_reg.html?_=1662517164693 HTTP/1.1" 200 22
61.170.235.55 - - [07/Sep/2022:10:19:31 +0800] "POST /xingrg/login.do HTTP/1.1" 302 -
61.170.235.55 - - [07/Sep/2022:10:19:31 +0800] "GET /xingrg/index.html?sysBaseUrl=http%3A%2F%2F180.169.147.146%3A18081%2Fxingrg%2F&costTime=45×tamp=1662517171057 HTTP/1.1" 200 17503
61.170.235.55 - - [07/Sep/2022:10:19:31 +0800] "GET /favicon.ico HTTP/1.1" 404 -
61.170.235.55 - - [07/Sep/2022:10:19:31 +0800] "POST /xingrg/all/common/load_tree.html?tree=area_rest_tree_json&manage=1 HTTP/1.1" 200 3472
61.170.235.55 - - [07/Sep/2022:10:19:31 +0800] "GET /xingrg/check_reg.html?_=1662517174157 HTTP/1.1" 200 22
61.170.235.55 - - [07/Sep/2022:10:19:31 +0800] "GET /xingrg/all/function/internal_message.html?_=1662517174156&CODE_STATE=count HTTP/1.1" 200 11
61.170.235.55 - - [07/Sep/2022:10:19:31 +0800] "POST /xingrg/load_menu.html HTTP/1.1" 200 11443
116.232.194.65 - - [07/Sep/2022:10:19:35 +0800] "GET /xingrg/all/function/internal_message.html?_=1662517113514&CODE_STATE=getMsg HTTP/1.1" 200 27
180.169.147.146 - - [07/Sep/2022:10:19:35 +0800] "GET /xingrg/all/function/internal_message.html?_=1662517484032&CODE_STATE=getMsg HTTP/1.1" 200 27
61.170.235.55 - - [07/Sep/2022:10:19:35 +0800] "POST /xingrg/all/user/operate.html HTTP/1.1" 200 36
61.170.235.55 - - [07/Sep/2022:10:19:36 +0800] "GET /xingrg/index.html?sysBaseUrl=http%3A%2F%2F180.169.147.146%3A18081%2Fxingrg%2F&costTime=45×tamp=1662517171057 HTTP/1.1" 200 17503
61.170.235.55 - - [07/Sep/2022:10:19:36 +0800] "GET /xingrg/javascript/jquery_easy_ui/themes/default/easyui.css HTTP/1.1" 304 -
61.170.235.55 - - [07/Sep/2022:10:19:36 +0800] "GET /xingrg/javascript/jquery_easy_ui/themes/icon.css HTTP/1.1" 304 -
61.170.235.55 - - [07/Sep/2022:10:19:36 +0800] "GET /xingrg/css/form.css HTTP/1.1" 304 -
61.170.235.55 - - [07/Sep/2022:10:19:36 +0800] "GET /xingrg/javascript/jquery-1.4.2.min.js HTTP/1.1" 304 -
61.170.235.55 - - [07/Sep/2022:10:19:36 +0800] "GET /xingrg/javascript/jquery_easy_ui/jquery.easyui.min.js HTTP/1.1" 304 -
61.170.235.55 - - [07/Sep/2022:10:19:36 +0800] "GET /xingrg/javascript/jquery_easy_ui/easyui-lang-zh_CN.js HTTP/1.1" 304 -
61.170.235.55 - - [07/Sep/2022:10:19:36 +0800] "GET /xingrg/javascript/jquery.form.js HTTP/1.1" 304 -
61.170.235.55 - - [07/Sep/2022:10:19:36 +0800] "GET /xingrg/javascript/jquery.utils.js HTTP/1.1" 304 -
61.170.235.55 - - [07/Sep/2022:10:19:36 +0800] "GET /xingrg/javascript/jquery.timers.js HTTP/1.1" 304 -
61.170.235.55 - - [07/Sep/2022:10:19:36 +0800] "GET /xingrg/images/blue/jxLogo.png HTTP/1.1" 304 -
61.170.235.55 - - [07/Sep/2022:10:19:36 +0800] "GET /xingrg/images/blue/navBackgound.jpg HTTP/1.1" 304 -
61.170.235.55 - - [07/Sep/2022:10:19:36 +0800] "GET /xingrg/javascript/jquery_easy_ui/themes/icons/settle_new.png HTTP/1.1" 304 -
61.170.235.55 - - [07/Sep/2022:10:19:36 +0800] "GET /xingrg/check_reg.html?_=1662517179206 HTTP/1.1" 200 22
61.170.235.55 - - [07/Sep/2022:10:19:36 +0800] "GET /xingrg/all/function/internal_message.html?_=1662517179205&CODE_STATE=count HTTP/1.1" 200 11
61.170.235.55 - - [07/Sep/2022:10:19:36 +0800] "POST /xingrg/all/common/load_tree.html?tree=area_rest_tree_json&manage=1 HTTP/1.1" 200 3472
61.170.235.55 - - [07/Sep/2022:10:19:36 +0800] "GET /xingrg/images/blue/pingpu.png HTTP/1.1" 304 -
124.79.74.72 - - [07/Sep/2022:10:19:36 +0800] "GET /xingrg/all/function/internal_message.html?_=1662517174226&CODE_STATE=getMsg HTTP/1.1" 200 27
61.170.235.55 - - [07/Sep/2022:10:19:36 +0800] "GET /xingrg/javascript/jquery_easy_ui/themes/default/images/tabs_leftarrow.png HTTP/1.1" 304 -
61.170.235.55 - - [07/Sep/2022:10:19:36 +0800] "POST /xingrg/load_menu.html HTTP/1.1" 200 9959
61.170.235.55 - - [07/Sep/2022:10:19:36 +0800] "GET /xingrg/javascript/jquery_easy_ui/themes/default/images/panel_tool_collapse.gif HTTP/1.1" 304 -
61.170.235.55 - - [07/Sep/2022:10:19:36 +0800] "GET /xingrg/javascript/jquery_easy_ui/themes/default/images/tabs_rightarrow.png HTTP/1.1" 304 -
61.170.235.55 - - [07/Sep/2022:10:19:36 +0800] "GET /xingrg/javascript/jquery_easy_ui/themes/default/images/panel_tool_expand.gif HTTP/1.1" 304 -
61.170.235.55 - - [07/Sep/2022:10:19:36 +0800] "GET /xingrg/javascript/jquery_easy_ui/themes/default/images/tree_folder.gif HTTP/1.1" 304 -
61.170.235.55 - - [07/Sep/2022:10:19:36 +0800] "GET /xingrg/javascript/jquery_easy_ui/themes/icons/checkout_new.png HTTP/1.1" 304 -
61.170.235.55 - - [07/Sep/2022:10:19:36 +0800] "GET /xingrg/javascript/jquery_easy_ui/themes/default/images/tree_folder_open.gif HTTP/1.1" 304 -
61.170.235.55 - - [07/Sep/2022:10:19:36 +0800] "GET /xingrg/javascript/jquery_easy_ui/themes/default/images/tree_arrows.gif HTTP/1.1" 304 -
61.170.235.55 - - [07/Sep/2022:10:19:36 +0800] "GET /xingrg/javascript/jquery_easy_ui/themes/icons/search_new.png HTTP/1.1" 304 -
61.170.235.55 - - [07/Sep/2022:10:19:36 +0800] "GET /xingrg/javascript/jquery_easy_ui/themes/icons/storage_new.png HTTP/1.1" 304 -
61.170.235.55 - - [07/Sep/2022:10:19:36 +0800] "GET /xingrg/javascript/jquery_easy_ui/themes/icons/setting_new.png HTTP/1.1" 304 -
61.170.235.55 - - [07/Sep/2022:10:19:36 +0800] "GET /xingrg/javascript/jquery_easy_ui/themes/icons/forms_new.png HTTP/1.1" 304 -
61.170.235.55 - - [07/Sep/2022:10:19:36 +0800] "GET /xingrg/javascript/jquery_easy_ui/themes/icons/systemset_new.png HTTP/1.1" 304 -
61.170.235.55 - - [07/Sep/2022:10:19:36 +0800] "GET /xingrg/javascript/jquery_easy_ui/themes/default/images/tree_file.gif HTTP/1.1" 304 -
116.224.255.128 - - [07/Sep/2022:10:19:38 +0800] "GET /xingrg/all/function/internal_message.html?_=1662517174259&CODE_STATE=getMsg HTTP/1.1" 200 27
101.83.241.167 - - [07/Sep/2022:10:19:40 +0800] "GET /xingrg/all/function/internal_message.html?_=1662517178123&CODE_STATE=getMsg HTTP/1.1" 200 27
61.170.235.55 - - [07/Sep/2022:10:19:42 +0800] "GET /xingrg/kc/report/report_main.html HTTP/1.1" 200 7340
61.170.235.55 - - [07/Sep/2022:10:19:43 +0800] "GET /xingrg/kc/base/crk_hz.html HTTP/1.1" 200 11247
61.170.235.55 - - [07/Sep/2022:10:19:43 +0800] "GET /xingrg/all/function/internal_message.html?_=1662517179828&CODE_STATE=getMsg HTTP/1.1" 200 27
61.170.235.55 - - [07/Sep/2022:10:19:43 +0800] "POST /xingrg/kc/cost/cost_operate.html?command=get_base_tree HTTP/1.1" 200 2583
61.170.235.55 - - [07/Sep/2022:10:19:43 +0800] "POST /xingrg/all/common/load_tree.html?tree=materiel_sort_tree_json HTTP/1.1" 200 9500
61.170.235.55 - - [07/Sep/2022:10:19:43 +0800] "GET /xingrg/javascript/jquery_easy_ui/themes/default/images/calendar_nextyear.gif HTTP/1.1" 200 75
61.170.235.55 - - [07/Sep/2022:10:19:43 +0800] "GET /xingrg/javascript/jquery_easy_ui/themes/default/images/calendar_prevyear.gif HTTP/1.1" 200 76
61.170.235.55 - - [07/Sep/2022:10:19:43 +0800] "GET /xingrg/javascript/jquery_easy_ui/themes/default/images/calendar_prevmonth.gif HTTP/1.1" 200 66
61.170.235.55 - - [07/Sep/2022:10:19:43 +0800] "GET /xingrg/javascript/jquery_easy_ui/themes/default/images/calendar_nextmonth.gif HTTP/1.1" 200 64
180.169.147.146 - - [07/Sep/2022:10:19:44 +0800] "GET /xingrg/all/function/internal_message.html?_=1662517182057&CODE_STATE=getMsg HTTP/1.1" 200 27
61.170.235.55 - - [07/Sep/2022:10:19:45 +0800] "GET /xingrg/all/common/get_data_part.html?part=previousMonth&_=1662517188597 HTTP/1.1" 200 41
101.83.241.167 - - [07/Sep/2022:10:19:46 +0800] "GET /xingrg/kc/buy/cgsh_order_operate.html?command=get_materiel&rest_code=00149&code=00101008357&supplier_code=00100008&order_time=2022-09-06 HTTP/1.1" 200 408
61.170.235.55 - - [07/Sep/2022:10:19:53 +0800] "GET /xingrg/kc/base/crk_hz.html?_=1662517195804&command=get_cost_id&end_date=2022-08-31&start_date=2022-08-01 HTTP/1.1" 200 51
61.170.235.55 - - [07/Sep/2022:10:19:53 +0800] "GET /xingrg/dwr/interface/AjaxReportQueryService.js HTTP/1.1" 200 13203
61.170.235.55 - - [07/Sep/2022:10:19:53 +0800] "GET /xingrg/all/report/report_query.html?isQuery=1&onlyBody=1&rh=99999&rw=1800&varString=start:20220801,cost_id:3837,mid:20220801&fileName=kc/base/crk_hz_type_by_base.xml&queryString=%20a.base_code%20in%20('0010412')%20&queryText=ÈÕÆÚ£º2022-08-01ÖÁ2022-08-31%20²Ö¿â£ºÔ±¹¤²Í&tableQueryString=materiel_table$sp1$$sp$before_table$sp1$$sp$crk_table$sp1$order_day%20between%2020220801%20and%2020220831 HTTP/1.1" 200 49400
61.170.235.55 - - [07/Sep/2022:10:19:53 +0800] "GET /xingrg/dwr/engine.js HTTP/1.1" 200 43631
61.170.235.55 - - [07/Sep/2022:10:19:53 +0800] "GET /xingrg/dwr/util.js HTTP/1.1" 200 35990
61.170.235.55 - - [07/Sep/2022:10:19:54 +0800] "POST /xingrg/all/report/load_report_page.html HTTP/1.1" 200 94729
61.170.235.55 - - [07/Sep/2022:10:19:54 +0800] "GET /xingrg/servlets/image?cache=0.11389719309297852&image=px HTTP/1.1" 200 807
61.170.235.55 - - [07/Sep/2022:10:19:58 +0800] "GET /xingrg/all/report/report_query.html?isQuery=1&fileName=kc/base/crk_detail_by_small.xml&rh=99999&queryString=&queryText=%25E3%2580%2590%25E4%25BB%2593%25E5%25BA%2593%25E5%2590%258D%25E7%25A7%25B0%253A%25E5%2591%2598%25E5%25B7%25A5%25E9%25A4%2590%25E3%2580%2591%25E3%2580%2590%25E4%25B8%259A%25E5%258A%25A1%25E7%25B1%25BB%25E5%259E%258B%25EF%25BC%259A%25E9%2587%2587%25E8%25B4%25AD%25E5%2585%25A5%25E5%25BA%2593%25E3%2580%2591%2520%253F%253F%253F%253F%253F2022-08-01%253F%253F2022-08-31%2520%253F%253F%253F%253F%253F%253F%253F%253F&tableQueryString=crk_table%2524sp1%2524order_day%2520between%252020220801%2520and%252020220831%2520and%2520(base_code%253D'0010412')%2520and%2520(src_order_type%2520in%2520(21))%2520and%2520(is_rk%2520in%2520(1)) HTTP/1.1" 200 53784
61.170.235.55 - - [07/Sep/2022:10:19:58 +0800] "GET /xingrg/dwr/interface/AjaxReportQueryService.js HTTP/1.1" 200 13203
61.170.235.55 - - [07/Sep/2022:10:19:58 +0800] "GET /xingrg/dwr/engine.js HTTP/1.1" 200 43631
61.170.235.55 - - [07/Sep/2022:10:19:59 +0800] "POST /xingrg/all/report/load_report_page.html HTTP/1.1" 200 31411
61.170.235.55 - - [07/Sep/2022:10:19:59 +0800] "GET /xingrg/servlets/image?cache=2.544310033336661E-5&image=px HTTP/1.1" 200 807
61.170.235.55 - - [07/Sep/2022:10:20:01 +0800] "POST /xingrg/all/report/load_report_page.html HTTP/1.1" 200 265130
116.225.121.189 - - [07/Sep/2022:10:20:01 +0800] "GET /xingrg/all/function/internal_message.html?_=1662517200462&CODE_STATE=getMsg HTTP/1.1" 200 27
61.170.235.55 - - [07/Sep/2022:10:20:01 +0800] "GET /xingrg/servlets/image?cache=0.3528991668251664&image=px HTTP/1.1" 200 807
58.40.7.146 - - [07/Sep/2022:10:20:04 +0800] "GET /xingrg/all/function/internal_message.html?_=1662517202009&CODE_STATE=getMsg HTTP/1.1" 200 27
101.83.241.167 - - [07/Sep/2022:10:20:05 +0800] "GET /xingrg/kc/buy/cgsh_order_operate.html?command=get_materiel&rest_code=00149&code=00101008286&supplier_code=00100008&order_time=2022-09-06 HTTP/1.1" 200 408
114.83.219.57 - - [07/Sep/2022:10:20:09 +0800] "GET /xingrg/all/function/internal_message.html?_=1662517286839&CODE_STATE=getMsg HTTP/1.1" 200 27
222.70.246.221 - - [07/Sep/2022:10:20:10 +0800] "GET /xingrg/all/function/internal_message.html?_=1662517217712&CODE_STATE=getMsg HTTP/1.1" 200 27
114.88.158.224 - - [07/Sep/2022:10:20:10 +0800] "GET /xingrg/all/function/internal_message.html?_=1662516867366&CODE_STATE=getMsg HTTP/1.1" 200 27
116.225.121.189 - - [07/Sep/2022:10:20:12 +0800] "GET /xingrg/all/function/internal_message.html?_=1662517074385&CODE_STATE=getMsg HTTP/1.1" 200 27
180.169.147.146 - - [07/Sep/2022:10:20:13 +0800] "GET /xingrg/check_reg.html?_=1662517522132 HTTP/1.1" 200 22
116.235.94.249 - - [07/Sep/2022:10:20:15 +0800] "GET /xingrg/all/function/internal_message.html?_=1662517406488&CODE_STATE=getMsg HTTP/1.1" 200 27
116.235.94.249 - - [07/Sep/2022:10:20:15 +0800] "GET /xingrg/check_reg.html?_=1662517406487 HTTP/1.1" 200 22
116.224.255.128 - - [07/Sep/2022:10:20:15 +0800] "GET /xingrg/check_reg.html?_=1662517159840 HTTP/1.1" 200 22
116.224.255.128 - - [07/Sep/2022:10:20:17 +0800] "GET /xingrg/all/function/internal_message.html?_=1662517161783&CODE_STATE=getMsg HTTP/1.1" 200 27
101.83.241.167 - - [07/Sep/2022:10:20:19 +0800] "GET /xingrg/kc/buy/cgsh_order_operate.html?command=get_materiel&rest_code=00149&code=00101008069&supplier_code=00100008&order_time=2022-09-06 HTTP/1.1" 200 412
61.170.235.55 - - [07/Sep/2022:10:20:20 +0800] "GET /xingrg/javascript/jquery_easy_ui/themes/default/images/tabs_active.png HTTP/1.1" 200 2894
61.170.235.55 - - [07/Sep/2022:10:20:22 +0800] "GET /xingrg/all/report/report_query.html?isQuery=1&fileName=kc/base/crk_detail_by_small.xml&rh=99999&queryString=&queryText=%25E3%2580%2590%25E4%25BB%2593%25E5%25BA%2593%25E5%2590%258D%25E7%25A7%25B0%253A%25E5%2591%2598%25E5%25B7%25A5%25E9%25A4%2590%25E3%2580%2591%25E3%2580%2590%25E4%25B8%259A%25E5%258A%25A1%25E7%25B1%25BB%25E5%259E%258B%25EF%25BC%259A%25E5%2586%2585%25E9%2583%25A8%25E8%25B0%2583%25E5%2585%25A5%25E3%2580%2591%2520%253F%253F%253F%253F%253F2022-08-01%253F%253F2022-08-31%2520%253F%253F%253F%253F%253F%253F%253F%253F&tableQueryString=crk_table%2524sp1%2524order_day%2520between%252020220801%2520and%252020220831%2520and%2520(base_code%253D'0010412')%2520and%2520(src_order_type%2520in%2520(42))%2520and%2520(is_rk%2520in%2520(1)) HTTP/1.1" 200 53784
61.170.235.55 - - [07/Sep/2022:10:20:23 +0800] "GET /xingrg/dwr/interface/AjaxReportQueryService.js HTTP/1.1" 200 13203
61.170.235.55 - - [07/Sep/2022:10:20:23 +0800] "GET /xingrg/dwr/engine.js HTTP/1.1" 200 43631
61.170.235.55 - - [07/Sep/2022:10:20:23 +0800] "POST /xingrg/all/report/load_report_page.html HTTP/1.1" 200 22635
61.170.235.55 - - [07/Sep/2022:10:20:23 +0800] "GET /xingrg/servlets/image?cache=0.04533058894504005&image=px HTTP/1.1" 200 807
61.170.235.55 - - [07/Sep/2022:10:20:25 +0800] "POST /xingrg/all/report/load_report_page.html HTTP/1.1" 200 129234
61.170.235.55 - - [07/Sep/2022:10:20:25 +0800] "GET /xingrg/servlets/image?cache=0.4772226727105755&image=px HTTP/1.1" 200 807
116.224.123.211 - - [07/Sep/2022:10:20:26 +0800] "GET /xingrg/all/function/internal_message.html?_=1662517224308&CODE_STATE=getMsg HTTP/1.1" 200 27
101.83.241.167 - - [07/Sep/2022:10:20:29 +0800] "POST /xingrg/kc/buy/cgsh_order_operate.html HTTP/1.1" 200 2065
116.232.194.65 - - [07/Sep/2022:10:20:35 +0800] "GET /xingrg/all/function/internal_message.html?_=1662517173522&CODE_STATE=getMsg HTTP/1.1" 200 27
180.169.147.146 - - [07/Sep/2022:10:20:35 +0800] "GET /xingrg/all/function/internal_message.html?_=1662517544013&CODE_STATE=getMsg HTTP/1.1" 200 27
61.170.235.55 - - [07/Sep/2022:10:20:36 +0800] "GET /xingrg/all/function/internal_message.html?_=1662517239216&CODE_STATE=getMsg HTTP/1.1" 200 27
124.79.74.72 - - [07/Sep/2022:10:20:36 +0800] "GET /xingrg/all/function/internal_message.html?_=1662517234229&CODE_STATE=getMsg HTTP/1.1" 200 27
116.224.255.128 - - [07/Sep/2022:10:20:38 +0800] "GET /xingrg/check_reg.html?_=1662517234258 HTTP/1.1" 200 22
116.224.255.128 - - [07/Sep/2022:10:20:38 +0800] "GET /xingrg/all/function/internal_message.html?_=1662517234263&CODE_STATE=getMsg HTTP/1.1" 200 27
101.83.241.167 - - [07/Sep/2022:10:20:40 +0800] "GET /xingrg/all/function/internal_message.html?_=1662517238124&CODE_STATE=getMsg HTTP/1.1" 200 27
61.170.235.55 - - [07/Sep/2022:10:20:43 +0800] "GET /xingrg/all/function/internal_message.html?_=1662517239807&CODE_STATE=getMsg HTTP/1.1" 200 27
180.169.147.146 - - [07/Sep/2022:10:20:44 +0800] "GET /xingrg/all/function/internal_message.html?_=1662517242076&CODE_STATE=getMsg HTTP/1.1" 200 27
101.83.241.167 - - [07/Sep/2022:10:20:57 +0800] "GET /xingrg/kc/buy/cgsh_order_operate.html?command=get_materiel&rest_code=00149&code=00101008036&supplier_code=00100008&order_time=2022-09-06 HTTP/1.1" 200 408
116.225.121.189 - - [07/Sep/2022:10:21:01 +0800] "GET /xingrg/all/function/internal_message.html?_=1662517260462&CODE_STATE=getMsg HTTP/1.1" 200 27
58.40.7.146 - - [07/Sep/2022:10:21:04 +0800] "GET /xingrg/all/function/internal_message.html?_=1662517261980&CODE_STATE=getMsg HTTP/1.1" 200 27
101.83.241.167 - - [07/Sep/2022:10:21:05 +0800] "GET /xingrg/kc/buy/cgsh_order_operate.html?command=get_materiel&rest_code=00149&code=00101008131&supplier_code=00100008&order_time=2022-09-06 HTTP/1.1" 200 408
172.20.0.100 - - [07/Sep/2022:10:21:06 +0800] "GET /xingrg/check_reg.html?_=1662517263331 HTTP/1.1" 200 22
114.83.219.57 - - [07/Sep/2022:10:21:09 +0800] "GET /xingrg/all/function/internal_message.html?_=1662517346857&CODE_STATE=getMsg HTTP/1.1" 200 27
114.88.158.224 - - [07/Sep/2022:10:21:10 +0800] "GET /xingrg/all/function/internal_message.html?_=1662516927389&CODE_STATE=getMsg HTTP/1.1" 200 27
114.88.158.224 - - [07/Sep/2022:10:21:10 +0800] "GET /xingrg/check_reg.html?_=1662516927390 HTTP/1.1" 200 22
222.70.246.221 - - [07/Sep/2022:10:21:10 +0800] "GET /xingrg/all/function/internal_message.html?_=1662517278255&CODE_STATE=getMsg HTTP/1.1" 200 27
116.225.121.189 - - [07/Sep/2022:10:21:12 +0800] "GET /xingrg/all/function/internal_message.html?_=1662517134386&CODE_STATE=getMsg HTTP/1.1" 200 27
101.83.241.167 - - [07/Sep/2022:10:21:13 +0800] "GET /xingrg/kc/buy/cgsh_order_operate.html?command=get_materiel&rest_code=00149&code=00101008296&supplier_code=00100008&order_time=2022-09-06 HTTP/1.1" 200 416
116.235.94.249 - - [07/Sep/2022:10:21:15 +0800] "GET /xingrg/all/function/internal_message.html?_=1662517466487&CODE_STATE=getMsg HTTP/1.1" 200 27
114.84.5.35 - - [07/Sep/2022:10:21:17 +0800] "POST /xingrg/services/DataTransmitService HTTP/1.1" 200 524
116.224.255.128 - - [07/Sep/2022:10:21:17 +0800] "GET /xingrg/all/function/internal_message.html?_=1662517221797&CODE_STATE=getMsg HTTP/1.1" 200 27
116.224.255.128 - - [07/Sep/2022:10:21:20 +0800] "GET /xingrg/kc/base/wldb_order_list.html HTTP/1.1" 200 19186
101.83.241.167 - - [07/Sep/2022:10:21:20 +0800] "POST /xingrg/kc/buy/cgsh_order_operate.html HTTP/1.1" 200 2065
116.224.255.128 - - [07/Sep/2022:10:21:20 +0800] "POST /xingrg/kc/base/wldb_list_operate.html HTTP/1.1" 200 928
116.224.255.128 - - [07/Sep/2022:10:21:22 +0800] "GET /xingrg/kc/base/wldb_order_add.html HTTP/1.1" 200 30400
116.224.255.128 - - [07/Sep/2022:10:21:22 +0800] "GET /xingrg/words/20220906162233_words.js HTTP/1.1" 304 -
116.224.255.128 - - [07/Sep/2022:10:21:22 +0800] "GET /xingrg/all/common/auto_word.html?type=base&rest_code=00150 HTTP/1.1" 200 1799
116.224.255.128 - - [07/Sep/2022:10:21:22 +0800] "GET /xingrg/all/common/auto_word.html?type=base&rest_code=00150 HTTP/1.1" 200 1799
116.224.255.128 - - [07/Sep/2022:10:21:22 +0800] "POST /xingrg/kc/base/wldb_order_operate.html HTTP/1.1" 200 6806
116.224.255.128 - - [07/Sep/2022:10:21:22 +0800] "GET /xingrg/javascript/easyui/themes/default/validatebox.css HTTP/1.1" 404 1104
116.224.123.211 - - [07/Sep/2022:10:21:26 +0800] "GET /xingrg/all/function/internal_message.html?_=1662517284285&CODE_STATE=getMsg HTTP/1.1" 200 27
101.83.241.167 - - [07/Sep/2022:10:21:29 +0800] "GET /xingrg/kc/buy/cgsh_order_operate.html?command=get_materiel&rest_code=00149&code=00101008318&supplier_code=00100008&order_time=2022-09-06 HTTP/1.1" 200 408
116.224.255.128 - - [07/Sep/2022:10:21:29 +0800] "GET /xingrg/javascript/auto/indicator.gif HTTP/1.1" 404 1066
58.40.7.146 - - [07/Sep/2022:10:21:30 +0800] "POST /xingrg/kc/base/check_list_operate.html HTTP/1.1" 200 2268
116.235.94.249 - - [07/Sep/2022:10:21:30 +0800] "POST /xingrg/services/DataTransmitService HTTP/1.1" 200 524
116.232.194.65 - - [07/Sep/2022:10:21:35 +0800] "GET /xingrg/all/function/internal_message.html?_=1662517233526&CODE_STATE=getMsg HTTP/1.1" 200 27
180.169.147.146 - - [07/Sep/2022:10:21:35 +0800] "GET /xingrg/all/function/internal_message.html?_=1662517604020&CODE_STATE=getMsg HTTP/1.1" 200 27
61.170.235.55 - - [07/Sep/2022:10:21:36 +0800] "GET /xingrg/all/function/internal_message.html?_=1662517299217&CODE_STATE=getMsg HTTP/1.1" 200 27
124.79.74.72 - - [07/Sep/2022:10:21:36 +0800] "GET /xingrg/all/function/internal_message.html?_=1662517294230&CODE_STATE=getMsg HTTP/1.1" 200 27
116.224.255.128 - - [07/Sep/2022:10:21:38 +0800] "GET /xingrg/all/function/internal_message.html?_=1662517294253&CODE_STATE=getMsg HTTP/1.1" 200 27
101.83.241.167 - - [07/Sep/2022:10:21:38 +0800] "GET /xingrg/kc/buy/cgsh_order_operate.html?command=get_materiel&rest_code=00149&code=00101008098&supplier_code=00100008&order_time=2022-09-06 HTTP/1.1" 200 412
101.83.241.167 - - [07/Sep/2022:10:21:40 +0800] "GET /xingrg/all/function/internal_message.html?_=1662517298130&CODE_STATE=getMsg HTTP/1.1" 200 27
116.224.255.128 - - [07/Sep/2022:10:21:42 +0800] "GET /xingrg/kc/base/wldb_order_operate.html?command=get_materiel&rest_code=00150&base_code=0010446&code=00102001083 HTTP/1.1" 200 439
61.170.235.55 - - [07/Sep/2022:10:21:43 +0800] "GET /xingrg/all/function/internal_message.html?_=1662517299787&CODE_STATE=getMsg HTTP/1.1" 200 27
180.169.147.146 - - [07/Sep/2022:10:21:44 +0800] "GET /xingrg/all/function/internal_message.html?_=1662517302074&CODE_STATE=getMsg HTTP/1.1" 200 27
180.169.147.146 - - [07/Sep/2022:10:21:44 +0800] "GET /xingrg/check_reg.html?_=1662517302079 HTTP/1.1" 200 22
61.170.235.55 - - [07/Sep/2022:10:21:45 +0800] "GET /xingrg/check_reg.html?_=1662517301285 HTTP/1.1" 200 22
116.224.255.128 - - [07/Sep/2022:10:21:46 +0800] "GET /xingrg/kc/base/wldb_order_operate.html?command=get_materiel&rest_code=00150&base_code=0010446&code=00102001031 HTTP/1.1" 200 440
58.37.150.172 - - [07/Sep/2022:10:21:47 +0800] "GET /favicon.ico HTTP/1.1" 404 -
101.83.241.167 - - [07/Sep/2022:10:21:48 +0800] "GET /xingrg/kc/buy/cgsh_order_operate.html?command=get_materiel&rest_code=00149&code=00101008353&supplier_code=00100008&order_time=2022-09-06 HTTP/1.1" 200 408
116.225.121.189 - - [07/Sep/2022:10:22:01 +0800] "GET /xingrg/check_reg.html?_=1662517320464 HTTP/1.1" 200 22
116.225.121.189 - - [07/Sep/2022:10:22:01 +0800] "GET /xingrg/all/function/internal_message.html?_=1662517320467&CODE_STATE=getMsg HTTP/1.1" 200 27
58.40.7.146 - - [07/Sep/2022:10:22:04 +0800] "GET /xingrg/all/function/internal_message.html?_=1662517321957&CODE_STATE=getMsg HTTP/1.1" 200 27
114.83.219.57 - - [07/Sep/2022:10:22:09 +0800] "GET /xingrg/all/function/internal_message.html?_=1662517406855&CODE_STATE=getMsg HTTP/1.1" 200 27
114.88.158.224 - - [07/Sep/2022:10:22:10 +0800] "GET /xingrg/all/function/internal_message.html?_=1662516987400&CODE_STATE=getMsg HTTP/1.1" 200 27
222.70.246.221 - - [07/Sep/2022:10:22:10 +0800] "GET /xingrg/all/function/internal_message.html?_=1662517338269&CODE_STATE=getMsg HTTP/1.1" 200 27
116.225.121.189 - - [07/Sep/2022:10:22:12 +0800] "GET /xingrg/all/function/internal_message.html?_=1662517194385&CODE_STATE=getMsg HTTP/1.1" 200 27
116.235.94.249 - - [07/Sep/2022:10:22:15 +0800] "GET /xingrg/all/function/internal_message.html?_=1662517526484&CODE_STATE=getMsg HTTP/1.1" 200 27
114.84.81.136 - - [07/Sep/2022:10:22:17 +0800] "GET /xingrg/check_reg.html?_=1662517333516 HTTP/1.1" 200 22
116.224.255.128 - - [07/Sep/2022:10:22:17 +0800] "GET /xingrg/all/function/internal_message.html?_=1662517281810&CODE_STATE=getMsg HTTP/1.1" 200 27
58.40.7.146 - - [07/Sep/2022:10:22:18 +0800] "GET /xingrg/check_reg.html?_=1662517336162 HTTP/1.1" 200 22
116.224.255.128 - - [07/Sep/2022:10:22:25 +0800] "GET /xingrg/kc/base/wldb_order_operate.html?command=get_materiel&rest_code=00150&base_code=0010446&code=00102001111 HTTP/1.1" 200 440
116.224.123.211 - - [07/Sep/2022:10:22:26 +0800] "GET /xingrg/all/function/internal_message.html?_=1662517344282&CODE_STATE=getMsg HTTP/1.1" 200 27
116.224.255.128 - - [07/Sep/2022:10:22:29 +0800] "GET /xingrg/kc/base/wldb_order_operate.html?command=get_materiel&rest_code=00150&base_code=0010446&code=00102001084 HTTP/1.1" 200 432
116.224.255.128 - - [07/Sep/2022:10:22:34 +0800] "GET /xingrg/kc/base/wldb_order_operate.html?command=get_materiel&rest_code=00150&base_code=0010446&code=00102001105 HTTP/1.1" 200 434
116.232.194.65 - - [07/Sep/2022:10:22:35 +0800] "GET /xingrg/all/function/internal_message.html?_=1662517293528&CODE_STATE=getMsg HTTP/1.1" 200 27
116.232.194.65 - - [07/Sep/2022:10:22:35 +0800] "GET /xingrg/check_reg.html?_=1662517293534 HTTP/1.1" 200 22
180.169.147.146 - - [07/Sep/2022:10:22:35 +0800] "GET /xingrg/all/function/internal_message.html?_=1662517663998&CODE_STATE=getMsg HTTP/1.1" 200 27
61.170.235.55 - - [07/Sep/2022:10:22:36 +0800] "GET /xingrg/all/function/internal_message.html?_=1662517359219&CODE_STATE=getMsg HTTP/1.1" 200 27
124.79.74.72 - - [07/Sep/2022:10:22:36 +0800] "GET /xingrg/all/function/internal_message.html?_=1662517354232&CODE_STATE=getMsg HTTP/1.1" 200 27
116.224.255.128 - - [07/Sep/2022:10:22:39 +0800] "POST /xingrg/kc/base/wldb_order_operate.html HTTP/1.1" 200 37
101.83.241.167 - - [07/Sep/2022:10:22:40 +0800] "GET /xingrg/all/function/internal_message.html?_=1662517358129&CODE_STATE=getMsg HTTP/1.1" 200 27
116.224.255.128 - - [07/Sep/2022:10:22:42 +0800] "POST /xingrg/kc/base/wldb_order_operate.html HTTP/1.1" 200 12
116.224.255.128 - - [07/Sep/2022:10:22:42 +0800] "POST /xingrg/kc/base/wldb_order_operate.html HTTP/1.1" 200 3604
61.170.235.55 - - [07/Sep/2022:10:22:43 +0800] "GET /xingrg/all/function/internal_message.html?_=1662517359766&CODE_STATE=getMsg HTTP/1.1" 200 27
180.169.147.146 - - [07/Sep/2022:10:22:44 +0800] "GET /xingrg/all/function/internal_message.html?_=1662517362067&CODE_STATE=getMsg HTTP/1.1" 200 27
116.224.255.128 - - [07/Sep/2022:10:22:48 +0800] "GET /xingrg/kc/base/wldb_order_info.html?code=422022090700548 HTTP/1.1" 200 26278
116.224.255.128 - - [07/Sep/2022:10:22:48 +0800] "GET /xingrg/javascript/easyui/themes/default/validatebox.css HTTP/1.1" 404 1104
116.224.255.128 - - [07/Sep/2022:10:22:49 +0800] "POST /xingrg/kc/base/wldb_order_operate.html HTTP/1.1" 200 1865
116.224.255.128 - - [07/Sep/2022:10:22:55 +0800] "GET /xingrg/kc/base/wldb_order_add.html HTTP/1.1" 200 30400
116.224.255.128 - - [07/Sep/2022:10:22:56 +0800] "POST /xingrg/kc/base/wldb_order_operate.html HTTP/1.1" 200 6806
116.224.255.128 - - [07/Sep/2022:10:22:56 +0800] "GET /xingrg/javascript/easyui/themes/default/validatebox.css HTTP/1.1" 404 1104
116.225.121.189 - - [07/Sep/2022:10:23:01 +0800] "GET /xingrg/all/function/internal_message.html?_=1662517380494&CODE_STATE=getMsg HTTP/1.1" 200 27
58.40.7.146 - - [07/Sep/2022:10:23:03 +0800] "GET /xingrg/all/function/internal_message.html?_=1662517381928&CODE_STATE=getMsg HTTP/1.1" 200 27
116.224.255.128 - - [07/Sep/2022:10:23:08 +0800] "GET /xingrg/kc/base/wldb_order_operate.html?command=get_materiel&rest_code=00150&base_code=0010445&code=00101019493 HTTP/1.1" 200 474
114.83.219.57 - - [07/Sep/2022:10:23:09 +0800] "GET /xingrg/all/function/internal_message.html?_=1662517466847&CODE_STATE=getMsg HTTP/1.1" 200 27
114.88.158.224 - - [07/Sep/2022:10:23:10 +0800] "GET /xingrg/all/function/internal_message.html?_=1662517047395&CODE_STATE=getMsg HTTP/1.1" 200 27
101.83.241.167 - - [07/Sep/2022:10:23:10 +0800] "GET /xingrg/kc/buy/cgsh_order_operate.html?command=get_materiel&rest_code=00149&code=00101008213&supplier_code=00100008&order_time=2022-09-06 HTTP/1.1" 200 412
222.70.246.221 - - [07/Sep/2022:10:23:11 +0800] "GET /xingrg/all/function/internal_message.html?_=1662517398792&CODE_STATE=getMsg HTTP/1.1" 200 27
116.224.255.128 - - [07/Sep/2022:10:23:12 +0800] "POST /xingrg/kc/base/wldb_order_operate.html HTTP/1.1" 200 37
116.225.121.189 - - [07/Sep/2022:10:23:12 +0800] "GET /xingrg/all/function/internal_message.html?_=1662517254386&CODE_STATE=getMsg HTTP/1.1" 200 27
116.225.121.189 - - [07/Sep/2022:10:23:12 +0800] "GET /xingrg/check_reg.html?_=1662517254389 HTTP/1.1" 200 22
116.224.255.128 - - [07/Sep/2022:10:23:14 +0800] "POST /xingrg/kc/base/wldb_order_operate.html HTTP/1.1" 200 12
116.224.255.128 - - [07/Sep/2022:10:23:14 +0800] "POST /xingrg/kc/base/wldb_order_operate.html HTTP/1.1" 200 2219
116.235.94.249 - - [07/Sep/2022:10:23:15 +0800] "GET /xingrg/all/function/internal_message.html?_=1662517586482&CODE_STATE=getMsg HTTP/1.1" 200 27
116.224.255.128 - - [07/Sep/2022:10:23:18 +0800] "GET /xingrg/all/function/internal_message.html?_=1662517341935&CODE_STATE=getMsg HTTP/1.1" 200 27
101.83.241.167 - - [07/Sep/2022:10:23:19 +0800] "POST /xingrg/kc/buy/cgsh_order_operate.html HTTP/1.1" 200 2065
116.224.255.128 - - [07/Sep/2022:10:23:22 +0800] "GET /xingrg/kc/base/wldb_order_info.html?code=422022090700549 HTTP/1.1" 200 26281
116.224.255.128 - - [07/Sep/2022:10:23:22 +0800] "GET /xingrg/javascript/easyui/themes/default/validatebox.css HTTP/1.1" 404 1104
116.224.255.128 - - [07/Sep/2022:10:23:23 +0800] "POST /xingrg/kc/base/wldb_order_operate.html HTTP/1.1" 200 514
116.224.255.128 - - [07/Sep/2022:10:23:24 +0800] "GET /xingrg/kc/base/wldb_order_add.html HTTP/1.1" 200 30400
116.224.255.128 - - [07/Sep/2022:10:23:25 +0800] "POST /xingrg/kc/base/wldb_order_operate.html HTTP/1.1" 200 6806
116.224.255.128 - - [07/Sep/2022:10:23:25 +0800] "GET /xingrg/javascript/easyui/themes/default/validatebox.css HTTP/1.1" 404 1104
116.224.123.211 - - [07/Sep/2022:10:23:26 +0800] "GET /xingrg/all/function/internal_message.html?_=1662517404263&CODE_STATE=getMsg HTTP/1.1" 200 27
101.83.241.167 - - [07/Sep/2022:10:23:31 +0800] "GET /xingrg/kc/buy/cgsh_order_operate.html?command=get_materiel&rest_code=00149&code=00101008291&supplier_code=00100008&order_time=2022-09-06 HTTP/1.1" 200 410
116.224.255.128 - - [07/Sep/2022:10:23:31 +0800] "GET /xingrg/kc/base/wldb_order_operate.html?command=get_materiel&rest_code=00150&base_code=0010450&code=00101010081 HTTP/1.1" 200 435
116.232.194.65 - - [07/Sep/2022:10:23:35 +0800] "GET /xingrg/all/function/internal_message.html?_=1662517353532&CODE_STATE=getMsg HTTP/1.1" 200 27
180.169.147.146 - - [07/Sep/2022:10:23:35 +0800] "GET /xingrg/all/function/internal_message.html?_=1662517723976&CODE_STATE=getMsg HTTP/1.1" 200 27
116.224.255.128 - - [07/Sep/2022:10:23:35 +0800] "POST /xingrg/kc/base/wldb_order_operate.html HTTP/1.1" 200 37
61.170.235.55 - - [07/Sep/2022:10:23:36 +0800] "GET /xingrg/all/function/internal_message.html?_=1662517419220&CODE_STATE=getMsg HTTP/1.1" 200 27
124.79.74.72 - - [07/Sep/2022:10:23:36 +0800] "GET /xingrg/check_reg.html?_=1662517414233 HTTP/1.1" 200 22
124.79.74.72 - - [07/Sep/2022:10:23:36 +0800] "GET /xingrg/all/function/internal_message.html?_=1662517414235&CODE_STATE=getMsg HTTP/1.1" 200 27
116.224.255.128 - - [07/Sep/2022:10:23:38 +0800] "POST /xingrg/kc/base/wldb_order_operate.html HTTP/1.1" 200 12
116.224.255.128 - - [07/Sep/2022:10:23:38 +0800] "POST /xingrg/kc/base/wldb_order_operate.html HTTP/1.1" 200 2182
101.83.241.167 - - [07/Sep/2022:10:23:40 +0800] "GET /xingrg/check_reg.html?_=1662517418134 HTTP/1.1" 200 22
101.83.241.167 - - [07/Sep/2022:10:23:40 +0800] "GET /xingrg/all/function/internal_message.html?_=1662517418137&CODE_STATE=getMsg HTTP/1.1" 200 27
116.224.255.128 - - [07/Sep/2022:10:23:41 +0800] "GET /xingrg/kc/base/wldb_order_info.html?code=422022090700550 HTTP/1.1" 200 26274
222.70.246.221 - - [07/Sep/2022:10:23:41 +0800] "GET /xingrg/check_reg.html?_=1662517429534 HTTP/1.1" 200 22
116.224.255.128 - - [07/Sep/2022:10:23:42 +0800] "GET /xingrg/javascript/easyui/themes/default/validatebox.css HTTP/1.1" 404 1104
116.224.255.128 - - [07/Sep/2022:10:23:42 +0800] "POST /xingrg/kc/base/wldb_order_operate.html HTTP/1.1" 200 476
61.170.235.55 - - [07/Sep/2022:10:23:43 +0800] "GET /xingrg/all/function/internal_message.html?_=1662517419749&CODE_STATE=getMsg HTTP/1.1" 200 27
116.224.255.128 - - [07/Sep/2022:10:23:43 +0800] "GET /xingrg/kc/base/wldb_order_add.html HTTP/1.1" 200 30400
180.169.147.146 - - [07/Sep/2022:10:23:44 +0800] "GET /xingrg/all/function/internal_message.html?_=1662517422060&CODE_STATE=getMsg HTTP/1.1" 200 27
116.224.255.128 - - [07/Sep/2022:10:23:44 +0800] "POST /xingrg/kc/base/wldb_order_operate.html HTTP/1.1" 200 6806
116.224.255.128 - - [07/Sep/2022:10:23:44 +0800] "GET /xingrg/javascript/easyui/themes/default/validatebox.css HTTP/1.1" 404 1104
101.83.241.167 - - [07/Sep/2022:10:23:47 +0800] "GET /xingrg/kc/buy/cgsh_order_operate.html?command=get_materiel&rest_code=00149&code=00101008095&supplier_code=00100008&order_time=2022-09-06 HTTP/1.1" 200 412
116.224.255.128 - - [07/Sep/2022:10:23:54 +0800] "GET /xingrg/kc/base/wldb_order_operate.html?command=get_materiel&rest_code=00150&base_code=0010450&code=00101004024 HTTP/1.1" 200 430
116.224.255.128 - - [07/Sep/2022:10:23:59 +0800] "GET /xingrg/kc/base/wldb_order_operate.html?command=get_materiel&rest_code=00150&base_code=0010450&code=00101010616 HTTP/1.1" 200 431
101.83.241.167 - - [07/Sep/2022:10:23:59 +0800] "GET /xingrg/kc/buy/cgsh_order_operate.html?command=get_materiel&rest_code=00149&code=00101008674&supplier_code=00100008&order_time=2022-09-06 HTTP/1.1" 200 398
116.225.121.189 - - [07/Sep/2022:10:24:01 +0800] "GET /xingrg/all/function/internal_message.html?_=1662517440494&CODE_STATE=getMsg HTTP/1.1" 200 27
58.40.7.146 - - [07/Sep/2022:10:24:03 +0800] "GET /xingrg/all/function/internal_message.html?_=1662517441898&CODE_STATE=getMsg HTTP/1.1" 200 27
116.224.255.128 - - [07/Sep/2022:10:24:04 +0800] "GET /xingrg/kc/base/wldb_order_operate.html?command=get_materiel&rest_code=00150&base_code=0010450&code=00101004101 HTTP/1.1" 200 435
116.224.255.128 - - [07/Sep/2022:10:24:09 +0800] "GET /xingrg/kc/base/wldb_order_operate.html?command=get_materiel&rest_code=00150&base_code=0010450&code=00101002038 HTTP/1.1" 200 439
114.83.219.57 - - [07/Sep/2022:10:24:09 +0800] "GET /xingrg/check_reg.html?_=1662517526847 HTTP/1.1" 200 22
114.83.219.57 - - [07/Sep/2022:10:24:09 +0800] "GET /xingrg/all/function/internal_message.html?_=1662517526849&CODE_STATE=getMsg HTTP/1.1" 200 27
114.88.158.224 - - [07/Sep/2022:10:24:10 +0800] "GET /xingrg/all/function/internal_message.html?_=1662517107390&CODE_STATE=getMsg HTTP/1.1" 200 27
222.70.246.221 - - [07/Sep/2022:10:24:11 +0800] "GET /xingrg/all/function/internal_message.html?_=1662517458795&CODE_STATE=getMsg HTTP/1.1" 200 27
116.225.121.189 - - [07/Sep/2022:10:24:12 +0800] "GET /xingrg/all/function/internal_message.html?_=1662517314388&CODE_STATE=getMsg HTTP/1.1" 200 27
101.83.241.167 - - [07/Sep/2022:10:24:13 +0800] "GET /xingrg/kc/buy/cgsh_order_operate.html?command=get_materiel&rest_code=00149&code=00101008150&supplier_code=00100008&order_time=2022-09-06 HTTP/1.1" 200 409
116.224.255.128 - - [07/Sep/2022:10:24:14 +0800] "GET /xingrg/kc/base/wldb_order_operate.html?command=get_materiel&rest_code=00150&base_code=0010450&code=00101001135 HTTP/1.1" 200 435
116.235.94.249 - - [07/Sep/2022:10:24:15 +0800] "GET /xingrg/all/function/internal_message.html?_=1662517646481&CODE_STATE=getMsg HTTP/1.1" 200 27
116.224.255.128 - - [07/Sep/2022:10:24:18 +0800] "GET /xingrg/all/function/internal_message.html?_=1662517401947&CODE_STATE=getMsg HTTP/1.1" 200 27
101.83.241.167 - - [07/Sep/2022:10:24:22 +0800] "GET /xingrg/kc/buy/cgsh_order_operate.html?command=get_materiel&rest_code=00149&code=00101008284&supplier_code=00100008&order_time=2022-09-06 HTTP/1.1" 200 412
101.83.241.167 - - [07/Sep/2022:10:24:26 +0800] "POST /xingrg/kc/buy/cgsh_order_operate.html HTTP/1.1" 200 2065
116.224.123.211 - - [07/Sep/2022:10:24:26 +0800] "GET /xingrg/all/function/internal_message.html?_=1662517464266&CODE_STATE=getMsg HTTP/1.1" 200 27
116.224.123.211 - - [07/Sep/2022:10:24:26 +0800] "GET /xingrg/check_reg.html?_=1662517464685 HTTP/1.1" 200 22
101.83.241.167 - - [07/Sep/2022:10:24:31 +0800] "GET /xingrg/kc/buy/cgsh_order_operate.html?command=get_materiel&rest_code=00149&code=00101008114&supplier_code=00100008&order_time=2022-09-06 HTTP/1.1" 200 412
116.232.194.65 - - [07/Sep/2022:10:24:35 +0800] "GET /xingrg/all/function/internal_message.html?_=1662517413523&CODE_STATE=getMsg HTTP/1.1" 200 27
180.169.147.146 - - [07/Sep/2022:10:24:35 +0800] "GET /xingrg/all/function/internal_message.html?_=1662517783953&CODE_STATE=getMsg HTTP/1.1" 200 27
61.170.235.55 - - [07/Sep/2022:10:24:36 +0800] "GET /xingrg/check_reg.html?_=1662517479221 HTTP/1.1" 200 22
61.170.235.55 - - [07/Sep/2022:10:24:36 +0800] "GET /xingrg/all/function/internal_message.html?_=1662517479224&CODE_STATE=getMsg HTTP/1.1" 200 27
124.79.74.72 - - [07/Sep/2022:10:24:36 +0800] "GET /xingrg/all/function/internal_message.html?_=1662517474236&CODE_STATE=getMsg HTTP/1.1" 200 27
116.224.255.128 - - [07/Sep/2022:10:24:38 +0800] "GET /xingrg/kc/base/wldb_order_operate.html?command=get_materiel&rest_code=00150&base_code=0010450&code=00101004038 HTTP/1.1" 200 431
116.224.255.128 - - [07/Sep/2022:10:24:38 +0800] "GET /xingrg/all/function/internal_message.html?_=1662517474257&CODE_STATE=getMsg HTTP/1.1" 200 27
101.83.241.167 - - [07/Sep/2022:10:24:40 +0800] "GET /xingrg/all/function/internal_message.html?_=1662517478142&CODE_STATE=getMsg HTTP/1.1" 200 27
101.83.241.167 - - [07/Sep/2022:10:24:42 +0800] "GET /xingrg/kc/buy/cgsh_order_operate.html?command=get_materiel&rest_code=00149&code=00101008167&supplier_code=00100008&order_time=2022-09-06 HTTP/1.1" 200 412
61.170.235.55 - - [07/Sep/2022:10:24:43 +0800] "GET /xingrg/all/function/internal_message.html?_=1662517479719&CODE_STATE=getMsg HTTP/1.1" 200 27
180.169.147.146 - - [07/Sep/2022:10:24:44 +0800] "GET /xingrg/all/function/internal_message.html?_=1662517482078&CODE_STATE=getMsg HTTP/1.1" 200 27
116.224.255.128 - - [07/Sep/2022:10:24:44 +0800] "GET /xingrg/kc/base/wldb_order_operate.html?command=get_materiel&rest_code=00150&base_code=0010450&code=00101003006 HTTP/1.1" 200 433
101.83.241.167 - - [07/Sep/2022:10:24:52 +0800] "GET /xingrg/kc/buy/cgsh_order_operate.html?command=get_materiel&rest_code=00149&code=00101008125&supplier_code=00100008&order_time=2022-09-06 HTTP/1.1" 200 413
116.224.255.128 - - [07/Sep/2022:10:24:59 +0800] "POST /xingrg/kc/base/wldb_order_operate.html HTTP/1.1" 200 37
116.225.121.189 - - [07/Sep/2022:10:25:01 +0800] "GET /xingrg/all/function/internal_message.html?_=1662517500494&CODE_STATE=getMsg HTTP/1.1" 200 27
116.224.255.128 - - [07/Sep/2022:10:25:01 +0800] "POST /xingrg/kc/base/wldb_order_operate.html HTTP/1.1" 200 12
