114.84.5.35 - - [07/Sep/2022:08:57:51 +0800] "GET /xingrg/kc/buy/cgsh_order_operate.html?command=get_materiel&rest_code=00111&code=00101012040&supplier_code=00100037&order_time=2022-09-07 HTTP/1.1" 200 413
116.225.121.189 - - [07/Sep/2022:08:57:54 +0800] "POST /xingrg/kc/buy/cgsh_order_operate.html HTTP/1.1" 200 37
222.70.246.221 - - [07/Sep/2022:08:57:56 +0800] "GET /xingrg/all/function/internal_message.html?_=1662512283572&CODE_STATE=getMsg HTTP/1.1" 200 27
116.225.121.189 - - [07/Sep/2022:08:57:56 +0800] "POST /xingrg/kc/buy/cgsh_order_operate.html HTTP/1.1" 200 44028
116.224.255.128 - - [07/Sep/2022:08:57:58 +0800] "GET /xingrg/kc/buy/cgsh_order_operate.html?command=get_materiel&rest_code=00151&code=00101008083&supplier_code=00100008&order_time=2022-09-07 HTTP/1.1" 200 428
116.224.255.128 - - [07/Sep/2022:08:57:58 +0800] "POST /xingrg/kc/buy/cgsh_order_operate.html HTTP/1.1" 200 37
116.224.255.128 - - [07/Sep/2022:08:57:59 +0800] "POST /xingrg/all/common/load_select.html HTTP/1.1" 200 25
114.84.5.35 - - [07/Sep/2022:08:58:00 +0800] "GET /xingrg/kc/buy/cgsh_order_operate.html?command=get_materiel&rest_code=00111&code=00101015026&supplier_code=00100037&order_time=2022-09-07 HTTP/1.1" 200 412
116.224.255.128 - - [07/Sep/2022:08:58:00 +0800] "POST /xingrg/kc/buy/cgsh_order_operate.html HTTP/1.1" 200 26880
61.170.235.55 - - [07/Sep/2022:08:58:00 +0800] "GET /xingrg/kc/buy/cgsh_order_operate.html?command=get_materiel&rest_code=00106&code=00101008224&supplier_code=00100007&order_time=2022-09-07 HTTP/1.1" 200 416
222.70.246.221 - - [07/Sep/2022:08:58:02 +0800] "GET /xingrg/kc/buy/cgsh_order_operate.html?command=get_materiel&rest_code=00146&code=00101008112&supplier_code=00100005&order_time=2022-09-07 HTTP/1.1" 200 412
116.224.255.128 - - [07/Sep/2022:08:58:03 +0800] "GET /xingrg/kc/buy/cgsh_order_operate.html?command=get_materiel_price&rest_code=00151&code=00101008083&unit_code=00100026&supplier_code=00100008&order_time=2022-09-07 HTTP/1.1" 200 27
116.225.121.189 - - [07/Sep/2022:08:58:03 +0800] "GET /xingrg/all/function/internal_message.html?_=1662512282478&CODE_STATE=getMsg HTTP/1.1" 200 27
58.40.7.146 - - [07/Sep/2022:08:58:05 +0800] "GET /xingrg/all/function/internal_message.html?_=1662512283602&CODE_STATE=getMsg HTTP/1.1" 200 27
114.83.219.57 - - [07/Sep/2022:08:58:09 +0800] "GET /xingrg/all/function/internal_message.html?_=1662512366846&CODE_STATE=getMsg HTTP/1.1" 200 27
116.224.255.128 - - [07/Sep/2022:08:58:09 +0800] "GET /xingrg/kc/buy/cgsh_order_operate.html?command=get_materiel&rest_code=00151&code=00101008087&supplier_code=00100008&order_time=2022-09-07 HTTP/1.1" 200 412
114.84.5.35 - - [07/Sep/2022:08:58:11 +0800] "GET /xingrg/kc/buy/cgsh_order_operate.html?command=get_materiel&rest_code=00111&code=00101009007&supplier_code=00100037&order_time=2022-09-07 HTTP/1.1" 200 410
116.225.121.189 - - [07/Sep/2022:08:58:12 +0800] "GET /xingrg/check_reg.html?_=1662512154321 HTTP/1.1" 200 22
116.225.121.189 - - [07/Sep/2022:08:58:12 +0800] "GET /xingrg/all/function/internal_message.html?_=1662512154324&CODE_STATE=getMsg HTTP/1.1" 200 27
222.70.246.221 - - [07/Sep/2022:08:58:14 +0800] "GET /xingrg/kc/buy/cgsh_order_operate.html?command=get_materiel&rest_code=00146&code=00101008223&supplier_code=00100005&order_time=2022-09-07 HTTP/1.1" 200 412
116.224.255.128 - - [07/Sep/2022:08:58:14 +0800] "GET /xingrg/all/function/internal_message.html?_=1662512238627&CODE_STATE=getMsg HTTP/1.1" 200 27
114.84.5.35 - - [07/Sep/2022:08:58:16 +0800] "GET /xingrg/all/function/internal_message.html?_=1662512292378&CODE_STATE=getMsg HTTP/1.1" 200 27
114.84.5.35 - - [07/Sep/2022:08:58:16 +0800] "GET /xingrg/check_reg.html?_=1662512292377 HTTP/1.1" 200 22
120.253.135.82 - - [07/Sep/2022:08:58:16 +0800] "GET /xingrg/all/function/internal_message.html?_=1662512095998&CODE_STATE=getMsg HTTP/1.1" 200 27
116.224.255.128 - - [07/Sep/2022:08:58:18 +0800] "GET /xingrg/kc/buy/cgsh_order_operate.html?command=get_materiel&rest_code=00151&code=00101008372&supplier_code=00100008&order_time=2022-09-07 HTTP/1.1" 200 408
61.170.235.55 - - [07/Sep/2022:08:58:24 +0800] "GET /xingrg/kc/buy/cgsh_order_operate.html?command=get_materiel&rest_code=00106&code=00101008067&supplier_code=00100007&order_time=2022-09-07 HTTP/1.1" 200 416
114.84.5.35 - - [07/Sep/2022:08:58:26 +0800] "GET /xingrg/kc/buy/cgsh_order_operate.html?command=get_materiel&rest_code=00111&code=00101008418&supplier_code=00100037&order_time=2022-09-07 HTTP/1.1" 200 412
222.70.246.221 - - [07/Sep/2022:08:58:26 +0800] "POST /xingrg/kc/buy/cgsh_order_operate.html HTTP/1.1" 200 2065
116.224.123.211 - - [07/Sep/2022:08:58:26 +0800] "GET /xingrg/all/function/internal_message.html?_=1662512304757&CODE_STATE=getMsg HTTP/1.1" 200 27
116.224.255.128 - - [07/Sep/2022:08:58:27 +0800] "GET /xingrg/kc/buy/cgsh_order_operate.html?command=get_materiel&rest_code=00151&code=00101008024&supplier_code=00100008&order_time=2022-09-07 HTTP/1.1" 200 408
61.170.235.55 - - [07/Sep/2022:08:58:34 +0800] "POST /xingrg/kc/buy/cgsh_order_operate.html HTTP/1.1" 200 2065
116.232.194.65 - - [07/Sep/2022:08:58:34 +0800] "GET /xingrg/all/function/internal_message.html?_=1662512253567&CODE_STATE=getMsg HTTP/1.1" 200 27
124.79.74.72 - - [07/Sep/2022:08:58:36 +0800] "GET /xingrg/all/function/internal_message.html?_=1662512314223&CODE_STATE=getMsg HTTP/1.1" 200 27
124.79.74.72 - - [07/Sep/2022:08:58:36 +0800] "GET /xingrg/check_reg.html?_=1662512314225 HTTP/1.1" 200 22
116.224.255.128 - - [07/Sep/2022:08:58:36 +0800] "GET /xingrg/kc/buy/cgsh_order_operate.html?command=get_materiel&rest_code=00151&code=00101008300&supplier_code=00100008&order_time=2022-09-07 HTTP/1.1" 200 412
116.224.255.128 - - [07/Sep/2022:08:58:37 +0800] "GET /xingrg/all/function/internal_message.html?_=1662512313148&CODE_STATE=getMsg HTTP/1.1" 200 27
222.70.246.221 - - [07/Sep/2022:08:58:40 +0800] "GET /xingrg/check_reg.html?_=1662512328110 HTTP/1.1" 200 22
116.224.255.128 - - [07/Sep/2022:08:58:42 +0800] "GET /xingrg/kc/buy/cgsh_order_operate.html?command=get_materiel&rest_code=00151&code=00101008137&supplier_code=00100008&order_time=2022-09-07 HTTP/1.1" 200 408
61.170.235.55 - - [07/Sep/2022:08:58:45 +0800] "GET /xingrg/all/function/internal_message.html?_=1662512321487&CODE_STATE=getMsg HTTP/1.1" 200 27
114.84.5.35 - - [07/Sep/2022:08:58:45 +0800] "GET /xingrg/kc/buy/cgsh_order_operate.html?command=get_materiel&rest_code=00111&code=00101015021&supplier_code=00100037&order_time=2022-09-07 HTTP/1.1" 200 408
114.88.158.224 - - [07/Sep/2022:08:58:47 +0800] "GET /xingrg/all/function/internal_message.html?_=1662511983900&CODE_STATE=getMsg HTTP/1.1" 200 27
61.170.235.55 - - [07/Sep/2022:08:58:47 +0800] "GET /xingrg/kc/buy/cgsh_order_operate.html?command=get_materiel&rest_code=00106&code=00101008295&supplier_code=00100007&order_time=2022-09-07 HTTP/1.1" 200 412
116.224.255.128 - - [07/Sep/2022:08:58:50 +0800] "GET /xingrg/kc/buy/cgsh_order_operate.html?command=get_materiel&rest_code=00151&code=00101008318&supplier_code=00100008&order_time=2022-09-07 HTTP/1.1" 200 408
222.70.246.221 - - [07/Sep/2022:08:58:56 +0800] "GET /xingrg/all/function/internal_message.html?_=1662512343586&CODE_STATE=getMsg HTTP/1.1" 200 27
116.224.255.128 - - [07/Sep/2022:08:58:58 +0800] "GET /xingrg/kc/buy/cgsh_order_operate.html?command=get_materiel&rest_code=00151&code=00101008352&supplier_code=00100008&order_time=2022-09-07 HTTP/1.1" 200 412
222.70.246.221 - - [07/Sep/2022:08:59:01 +0800] "POST /xingrg/kc/buy/cgsh_order_operate.html HTTP/1.1" 200 37
116.225.121.189 - - [07/Sep/2022:08:59:03 +0800] "GET /xingrg/all/function/internal_message.html?_=1662512342430&CODE_STATE=getMsg HTTP/1.1" 200 27
58.40.7.146 - - [07/Sep/2022:08:59:05 +0800] "GET /xingrg/all/function/internal_message.html?_=1662512343588&CODE_STATE=getMsg HTTP/1.1" 200 27
61.170.235.55 - - [07/Sep/2022:08:59:06 +0800] "GET /xingrg/kc/buy/cgsh_order_operate.html?command=get_materiel&rest_code=00106&code=00101008213&supplier_code=00100007&order_time=2022-09-07 HTTP/1.1" 200 412
114.83.219.57 - - [07/Sep/2022:08:59:09 +0800] "GET /xingrg/all/function/internal_message.html?_=1662512426855&CODE_STATE=getMsg HTTP/1.1" 200 27
114.83.219.57 - - [07/Sep/2022:08:59:09 +0800] "GET /xingrg/check_reg.html?_=1662512426858 HTTP/1.1" 200 22
116.225.121.189 - - [07/Sep/2022:08:59:12 +0800] "GET /xingrg/all/function/internal_message.html?_=1662512214310&CODE_STATE=getMsg HTTP/1.1" 200 27
114.84.5.35 - - [07/Sep/2022:08:59:12 +0800] "GET /xingrg/kc/buy/cgsh_order_operate.html?command=get_materiel&rest_code=00111&code=00101015022&supplier_code=00100037&order_time=2022-09-07 HTTP/1.1" 200 408
116.224.255.128 - - [07/Sep/2022:08:59:14 +0800] "GET /xingrg/all/function/internal_message.html?_=1662512298639&CODE_STATE=getMsg HTTP/1.1" 200 27
61.170.235.55 - - [07/Sep/2022:08:59:15 +0800] "GET /xingrg/kc/buy/cgsh_order_operate.html?command=get_materiel&rest_code=00106&code=00101008403&supplier_code=00100007&order_time=2022-09-07 HTTP/1.1" 200 412
114.84.5.35 - - [07/Sep/2022:08:59:16 +0800] "GET /xingrg/all/function/internal_message.html?_=1662512352365&CODE_STATE=getMsg HTTP/1.1" 200 27
116.224.255.128 - - [07/Sep/2022:08:59:16 +0800] "GET /xingrg/kc/buy/cgsh_order_operate.html?command=get_materiel&rest_code=00151&code=00101008371&supplier_code=00100008&order_time=2022-09-07 HTTP/1.1" 200 412
120.253.135.82 - - [07/Sep/2022:08:59:16 +0800] "GET /xingrg/all/function/internal_message.html?_=1662512156016&CODE_STATE=getMsg HTTP/1.1" 200 27
61.170.235.55 - - [07/Sep/2022:08:59:17 +0800] "POST /xingrg/kc/buy/cgsh_order_operate.html HTTP/1.1" 200 2065
114.84.5.35 - - [07/Sep/2022:08:59:25 +0800] "GET /xingrg/kc/buy/cgsh_order_operate.html?command=get_materiel&rest_code=00111&code=00101015046&supplier_code=00100037&order_time=2022-09-07 HTTP/1.1" 200 412
116.224.123.211 - - [07/Sep/2022:08:59:26 +0800] "GET /xingrg/check_reg.html?_=1662512364740 HTTP/1.1" 200 22
116.224.123.211 - - [07/Sep/2022:08:59:26 +0800] "GET /xingrg/all/function/internal_message.html?_=1662512364741&CODE_STATE=getMsg HTTP/1.1" 200 27
116.224.255.128 - - [07/Sep/2022:08:59:30 +0800] "GET /xingrg/kc/buy/cgsh_order_operate.html?command=get_materiel&rest_code=00151&code=00101008312&supplier_code=00100008&order_time=2022-09-07 HTTP/1.1" 200 412
61.170.235.55 - - [07/Sep/2022:08:59:32 +0800] "GET /xingrg/kc/buy/cgsh_order_operate.html?command=get_materiel&rest_code=00106&code=00101008298&supplier_code=00100007&order_time=2022-09-07 HTTP/1.1" 200 412
116.232.194.65 - - [07/Sep/2022:08:59:34 +0800] "GET /xingrg/all/function/internal_message.html?_=1662512313560&CODE_STATE=getMsg HTTP/1.1" 200 27
124.79.74.72 - - [07/Sep/2022:08:59:36 +0800] "GET /xingrg/all/function/internal_message.html?_=1662512374225&CODE_STATE=getMsg HTTP/1.1" 200 27
116.224.255.128 - - [07/Sep/2022:08:59:37 +0800] "GET /xingrg/all/function/internal_message.html?_=1662512373131&CODE_STATE=getMsg HTTP/1.1" 200 27
116.224.255.128 - - [07/Sep/2022:08:59:38 +0800] "GET /xingrg/kc/buy/cgsh_order_operate.html?command=get_materiel&rest_code=00151&code=00101008151&supplier_code=00100008&order_time=2022-09-07 HTTP/1.1" 200 412
61.170.235.55 - - [07/Sep/2022:08:59:41 +0800] "GET /xingrg/kc/buy/cgsh_order_operate.html?command=get_materiel&rest_code=00106&code=00101008323&supplier_code=00100007&order_time=2022-09-07 HTTP/1.1" 200 408
61.170.235.55 - - [07/Sep/2022:08:59:45 +0800] "GET /xingrg/all/function/internal_message.html?_=1662512381587&CODE_STATE=getMsg HTTP/1.1" 200 27
114.88.158.224 - - [07/Sep/2022:08:59:47 +0800] "GET /xingrg/all/function/internal_message.html?_=1662512043899&CODE_STATE=getMsg HTTP/1.1" 200 27
114.88.158.224 - - [07/Sep/2022:08:59:47 +0800] "GET /xingrg/check_reg.html?_=1662512043925 HTTP/1.1" 200 22
116.224.255.128 - - [07/Sep/2022:08:59:49 +0800] "POST /xingrg/kc/buy/cgsh_order_operate.html HTTP/1.1" 200 37
116.224.255.128 - - [07/Sep/2022:08:59:51 +0800] "POST /xingrg/kc/buy/cgsh_order_operate.html HTTP/1.1" 200 26877
114.84.5.35 - - [07/Sep/2022:08:59:52 +0800] "GET /xingrg/kc/buy/cgsh_order_operate.html?command=get_materiel&rest_code=00111&code=00101006259&supplier_code=00100037&order_time=2022-09-07 HTTP/1.1" 200 409
116.224.255.128 - - [07/Sep/2022:08:59:59 +0800] "POST /xingrg/kc/buy/cgsh_order_operate.html HTTP/1.1" 200 37
114.83.219.57 - - [07/Sep/2022:09:00:00 +0800] "GET /xingrg/css/base.css HTTP/1.1" 200 2811
114.83.219.57 - - [07/Sep/2022:09:00:00 +0800] "GET /xingrg/kc/base/wldb_order_list.html HTTP/1.1" 200 19186
116.224.255.128 - - [07/Sep/2022:09:00:00 +0800] "POST /xingrg/kc/buy/cgsh_order_operate.html HTTP/1.1" 200 11642
114.83.219.57 - - [07/Sep/2022:09:00:00 +0800] "GET /xingrg/javascript/jquery_tools/jquery.tools.min.js HTTP/1.1" 200 138801
114.83.219.57 - - [07/Sep/2022:09:00:00 +0800] "GET /xingrg/javascript/jquery_tools/jquery.tools.hotkey.js HTTP/1.1" 200 3242
114.83.219.57 - - [07/Sep/2022:09:00:00 +0800] "GET /xingrg/javascript/jquery_tools/jquery.tools.table.js HTTP/1.1" 200 6994
114.83.219.57 - - [07/Sep/2022:09:00:00 +0800] "GET /xingrg/javascript/jquery_tools/list_manager.js HTTP/1.1" 200 3652
114.83.219.57 - - [07/Sep/2022:09:00:00 +0800] "GET /xingrg/javascript/auto/jquery.autocomplete.js HTTP/1.1" 200 21624
114.83.219.57 - - [07/Sep/2022:09:00:00 +0800] "GET /xingrg/css/site.css HTTP/1.1" 200 7541
114.83.219.57 - - [07/Sep/2022:09:00:00 +0800] "GET /xingrg/javascript/easyui/easyloader.js HTTP/1.1" 200 5975
114.83.219.57 - - [07/Sep/2022:09:00:00 +0800] "GET /xingrg/javascript/jquery.utils.js HTTP/1.1" 200 11805
114.83.219.57 - - [07/Sep/2022:09:00:00 +0800] "GET /xingrg/javascript/jquery.cookie.js HTTP/1.1" 200 5513
114.83.219.57 - - [07/Sep/2022:09:00:00 +0800] "GET /xingrg/javascript/print/LodopFuncs.js HTTP/1.1" 200 5121
114.83.219.57 - - [07/Sep/2022:09:00:00 +0800] "GET /xingrg/javascript/jquery_tools/datebox.css HTTP/1.1" 200 2597
114.83.219.57 - - [07/Sep/2022:09:00:00 +0800] "GET /xingrg/javascript/easyui/themes/icon.css HTTP/1.1" 200 4483
114.83.219.57 - - [07/Sep/2022:09:00:01 +0800] "GET /xingrg/javascript/easyui/themes/default/easyui.css HTTP/1.1" 200 30432
114.83.219.57 - - [07/Sep/2022:09:00:01 +0800] "GET /xingrg/javascript/auto/jquery.autocomplete.css HTTP/1.1" 200 587
114.83.219.57 - - [07/Sep/2022:09:00:01 +0800] "GET /xingrg/javascript/jquery_tools/fix.css HTTP/1.1" 200 1702
114.83.219.57 - - [07/Sep/2022:09:00:01 +0800] "GET /xingrg/javascript/jquery_tools/table.css HTTP/1.1" 200 1032
114.83.219.57 - - [07/Sep/2022:09:00:01 +0800] "GET /xingrg/javascript/jquery_tools/jquery.tools.extend.js HTTP/1.1" 200 15385
114.83.219.57 - - [07/Sep/2022:09:00:01 +0800] "GET /xingrg/javascript/easyui/plugins/jquery.parser.js HTTP/1.1" 200 1142
114.83.219.57 - - [07/Sep/2022:09:00:01 +0800] "POST /xingrg/kc/base/wldb_list_operate.html HTTP/1.1" 200 928
114.83.219.57 - - [07/Sep/2022:09:00:03 +0800] "GET /xingrg/kc/base/wldb_order_add.html HTTP/1.1" 200 30400
114.83.219.57 - - [07/Sep/2022:09:00:03 +0800] "GET /xingrg/javascript/pic_change.js HTTP/1.1" 200 4739
114.83.219.57 - - [07/Sep/2022:09:00:03 +0800] "GET /xingrg/javascript/convert.js HTTP/1.1" 200 1239
114.83.219.57 - - [07/Sep/2022:09:00:03 +0800] "GET /xingrg/javascript/jquery_tools/order_manager.js HTTP/1.1" 200 11183
114.83.219.57 - - [07/Sep/2022:09:00:03 +0800] "GET /xingrg/javascript/print/kc_print.js HTTP/1.1" 200 11415
114.83.219.57 - - [07/Sep/2022:09:00:03 +0800] "GET /xingrg/javascript/json2.js HTTP/1.1" 200 11259
114.83.219.57 - - [07/Sep/2022:09:00:03 +0800] "GET /xingrg/words/20220906162233_words.js HTTP/1.1" 200 919215
116.225.121.189 - - [07/Sep/2022:09:00:03 +0800] "GET /xingrg/all/function/internal_message.html?_=1662512402429&CODE_STATE=getMsg HTTP/1.1" 200 27
114.83.219.57 - - [07/Sep/2022:09:00:03 +0800] "POST /xingrg/kc/base/wldb_order_operate.html HTTP/1.1" 200 6806
114.83.219.57 - - [07/Sep/2022:09:00:03 +0800] "GET /xingrg/all/common/auto_word.html?type=base&rest_code=00154 HTTP/1.1" 200 831
114.83.219.57 - - [07/Sep/2022:09:00:03 +0800] "GET /xingrg/all/common/auto_word.html?type=base&rest_code=00154 HTTP/1.1" 200 831
114.83.219.57 - - [07/Sep/2022:09:00:03 +0800] "GET /xingrg/javascript/easyui/themes/default/validatebox.css HTTP/1.1" 404 1104
114.83.219.57 - - [07/Sep/2022:09:00:03 +0800] "GET /xingrg/javascript/easyui/plugins/jquery.validatebox.js HTTP/1.1" 200 6103
114.83.219.57 - - [07/Sep/2022:09:00:03 +0800] "GET /xingrg/javascript/easyui/plugins/jquery.numberbox.js HTTP/1.1" 200 5213
114.83.219.57 - - [07/Sep/2022:09:00:05 +0800] "GET /xingrg/css/images/panel_loading.gif HTTP/1.1" 200 1737
114.83.219.57 - - [07/Sep/2022:09:00:05 +0800] "POST /xingrg/all/common/load_combo.html?type=base HTTP/1.1" 200 1491
58.40.7.146 - - [07/Sep/2022:09:00:05 +0800] "GET /xingrg/all/function/internal_message.html?_=1662512403559&CODE_STATE=getMsg HTTP/1.1" 200 27
61.170.235.55 - - [07/Sep/2022:09:00:07 +0800] "POST /xingrg/kc/buy/cgsh_order_operate.html HTTP/1.1" 200 37
61.170.235.55 - - [07/Sep/2022:09:00:08 +0800] "POST /xingrg/kc/buy/cgsh_order_operate.html HTTP/1.1" 200 28657
114.83.219.57 - - [07/Sep/2022:09:00:09 +0800] "GET /xingrg/all/function/internal_message.html?_=1662512486842&CODE_STATE=getMsg HTTP/1.1" 200 27
61.170.235.55 - - [07/Sep/2022:09:00:10 +0800] "GET /xingrg/kc/base/base_main.html HTTP/1.1" 200 12142
61.170.235.55 - - [07/Sep/2022:09:00:11 +0800] "GET /xingrg/kc/base/yddb_order_list.html HTTP/1.1" 200 16786
116.225.121.189 - - [07/Sep/2022:09:00:12 +0800] "GET /xingrg/all/function/internal_message.html?_=1662512274310&CODE_STATE=getMsg HTTP/1.1" 200 27
61.170.235.55 - - [07/Sep/2022:09:00:12 +0800] "POST /xingrg/kc/base/yddb_list_operate.html HTTP/1.1" 200 636
180.163.28.143 - - [07/Sep/2022:09:00:13 +0800] "GET /xingrg/all/function/internal_message.html?_=1662511721483&CODE_STATE=getMsg HTTP/1.1" 302 -
180.163.28.143 - - [07/Sep/2022:09:00:13 +0800] "GET /xingrg/login.html HTTP/1.1" 200 7641
116.224.255.128 - - [07/Sep/2022:09:00:14 +0800] "GET /xingrg/check_reg.html?_=1662512358434 HTTP/1.1" 200 22
116.224.255.128 - - [07/Sep/2022:09:00:14 +0800] "GET /xingrg/all/function/internal_message.html?_=1662512358760&CODE_STATE=getMsg HTTP/1.1" 200 27
61.170.235.55 - - [07/Sep/2022:09:00:14 +0800] "POST /xingrg/kc/base/yddb_list_operate.html HTTP/1.1" 200 4285
114.84.5.35 - - [07/Sep/2022:09:00:16 +0800] "GET /xingrg/all/function/internal_message.html?_=1662512412373&CODE_STATE=getMsg HTTP/1.1" 200 27
114.83.219.57 - - [07/Sep/2022:09:00:16 +0800] "GET /xingrg/kc/base/wldb_order_operate.html?command=get_materiel&rest_code=00154&base_code=0010724&code=00101019493 HTTP/1.1" 200 474
120.253.135.82 - - [07/Sep/2022:09:00:16 +0800] "GET /xingrg/all/function/internal_message.html?_=1662512216025&CODE_STATE=getMsg HTTP/1.1" 200 27
61.170.235.55 - - [07/Sep/2022:09:00:22 +0800] "POST /xingrg/kc/base/yddb_list_operate.html HTTP/1.1" 200 4421
180.163.29.219 - - [07/Sep/2022:09:00:23 +0800] "GET /xingrg/all/function/internal_message.html?_=1662511661482&CODE_STATE=getMsg HTTP/1.1" 302 -
180.163.29.219 - - [07/Sep/2022:09:00:23 +0800] "GET /xingrg/login.html HTTP/1.1" 200 7641
116.224.123.211 - - [07/Sep/2022:09:00:26 +0800] "GET /xingrg/all/function/internal_message.html?_=1662512424738&CODE_STATE=getMsg HTTP/1.1" 200 27
116.232.194.65 - - [07/Sep/2022:09:00:34 +0800] "GET /xingrg/all/function/internal_message.html?_=1662512373535&CODE_STATE=getMsg HTTP/1.1" 200 27
61.170.235.55 - - [07/Sep/2022:09:00:36 +0800] "POST /xingrg/kc/base/yddb_list_operate.html HTTP/1.1" 200 4285
124.79.74.72 - - [07/Sep/2022:09:00:36 +0800] "GET /xingrg/all/function/internal_message.html?_=1662512434227&CODE_STATE=getMsg HTTP/1.1" 200 27
116.224.255.128 - - [07/Sep/2022:09:00:37 +0800] "GET /xingrg/check_reg.html?_=1662512433113 HTTP/1.1" 200 22
116.224.255.128 - - [07/Sep/2022:09:00:37 +0800] "GET /xingrg/all/function/internal_message.html?_=1662512433116&CODE_STATE=getMsg HTTP/1.1" 200 27
61.170.235.55 - - [07/Sep/2022:09:00:38 +0800] "POST /xingrg/kc/base/yddb_list_operate.html HTTP/1.1" 200 4421
61.170.235.55 - - [07/Sep/2022:09:00:40 +0800] "POST /xingrg/kc/base/yddb_list_operate.html HTTP/1.1" 200 204
61.170.235.55 - - [07/Sep/2022:09:00:45 +0800] "GET /xingrg/all/function/internal_message.html?_=1662512441486&CODE_STATE=getMsg HTTP/1.1" 200 27
61.170.235.55 - - [07/Sep/2022:09:00:45 +0800] "POST /xingrg/kc/base/yddb_list_operate.html HTTP/1.1" 200 1829
114.88.158.224 - - [07/Sep/2022:09:00:47 +0800] "GET /xingrg/all/function/internal_message.html?_=1662512103925&CODE_STATE=getMsg HTTP/1.1" 200 27
61.170.235.55 - - [07/Sep/2022:09:00:50 +0800] "POST /xingrg/kc/base/yddb_list_operate.html HTTP/1.1" 200 200
116.224.255.128 - - [07/Sep/2022:09:00:54 +0800] "POST /xingrg/kc/buy/cgsh_order_operate.html HTTP/1.1" 200 37
61.170.235.55 - - [07/Sep/2022:09:00:55 +0800] "GET /xingrg/kc/base/yddb_order_info.html?code=482022082500178 HTTP/1.1" 200 31650
61.170.235.55 - - [07/Sep/2022:09:00:55 +0800] "GET /xingrg/dwr/interface/AjaxComOrderService.js HTTP/1.1" 200 18264
61.170.235.55 - - [07/Sep/2022:09:00:55 +0800] "GET /xingrg/dwr/interface/AjaxYddbService.js HTTP/1.1" 200 13201
61.170.235.55 - - [07/Sep/2022:09:00:55 +0800] "GET /xingrg/dwr/util.js HTTP/1.1" 200 35990
61.170.235.55 - - [07/Sep/2022:09:00:55 +0800] "GET /xingrg/dwr/engine.js HTTP/1.1" 200 43631
180.163.29.212 - - [07/Sep/2022:09:00:55 +0800] "GET /xingrg/kc/buy/cgsh_order_operate.html?command=get_materiel&rest_code=00106&code=00101008286&supplier_code=00100007&order_time=2022-09-07 HTTP/1.1" 302 -
180.163.29.212 - - [07/Sep/2022:09:00:55 +0800] "GET /xingrg/login.html HTTP/1.1" 200 7641
61.170.235.55 - - [07/Sep/2022:09:00:55 +0800] "POST /xingrg/dwr/call/plaincall/AjaxYddbService.loadMaterielItems.dwr HTTP/1.1" 200 392
116.224.255.128 - - [07/Sep/2022:09:00:58 +0800] "POST /xingrg/kc/buy/cgsh_order_operate.html HTTP/1.1" 200 12
116.224.255.128 - - [07/Sep/2022:09:00:59 +0800] "GET /xingrg/kc/buy/cgsh_order_info.html?code=212022090702252 HTTP/1.1" 200 63076
116.224.255.128 - - [07/Sep/2022:09:01:00 +0800] "GET /xingrg/javascript/easyui/themes/default/validatebox.css HTTP/1.1" 404 1104
116.224.255.128 - - [07/Sep/2022:09:01:00 +0800] "POST /xingrg/kc/buy/cgsh_order_operate.html HTTP/1.1" 200 9587
116.225.121.189 - - [07/Sep/2022:09:01:03 +0800] "GET /xingrg/check_reg.html?_=1662512462437 HTTP/1.1" 200 22
116.225.121.189 - - [07/Sep/2022:09:01:03 +0800] "GET /xingrg/all/function/internal_message.html?_=1662512462440&CODE_STATE=getMsg HTTP/1.1" 200 27
58.40.7.146 - - [07/Sep/2022:09:01:05 +0800] "GET /xingrg/all/function/internal_message.html?_=1662512463530&CODE_STATE=getMsg HTTP/1.1" 200 27
172.20.0.100 - - [07/Sep/2022:09:01:06 +0800] "GET /xingrg/check_reg.html?_=1662512463694 HTTP/1.1" 200 22
114.83.219.57 - - [07/Sep/2022:09:01:09 +0800] "GET /xingrg/all/function/internal_message.html?_=1662512546842&CODE_STATE=getMsg HTTP/1.1" 200 27
116.224.255.128 - - [07/Sep/2022:09:01:09 +0800] "GET /xingrg/kc/print/load_data.html?order_code=212022090702252&kc_code=cgsh&condition= HTTP/1.1" 200 4171
61.170.235.55 - - [07/Sep/2022:09:01:10 +0800] "POST /xingrg/kc/base/yddb_list_operate.html HTTP/1.1" 200 202
116.225.121.189 - - [07/Sep/2022:09:01:12 +0800] "GET /xingrg/all/function/internal_message.html?_=1662512334311&CODE_STATE=getMsg HTTP/1.1" 200 27
61.170.235.55 - - [07/Sep/2022:09:01:13 +0800] "POST /xingrg/kc/base/yddb_list_operate.html HTTP/1.1" 200 206
116.224.255.128 - - [07/Sep/2022:09:01:14 +0800] "GET /xingrg/all/function/internal_message.html?_=1662512418760&CODE_STATE=getMsg HTTP/1.1" 200 27
114.84.5.35 - - [07/Sep/2022:09:01:16 +0800] "GET /xingrg/all/function/internal_message.html?_=1662512472366&CODE_STATE=getMsg HTTP/1.1" 200 27
120.253.135.82 - - [07/Sep/2022:09:01:16 +0800] "GET /xingrg/check_reg.html?_=1662512275537 HTTP/1.1" 200 22
120.253.135.82 - - [07/Sep/2022:09:01:17 +0800] "GET /xingrg/all/function/internal_message.html?_=1662512276039&CODE_STATE=getMsg HTTP/1.1" 200 27
61.170.235.55 - - [07/Sep/2022:09:01:18 +0800] "GET /xingrg/kc/mdqp/qp_main.html HTTP/1.1" 200 10633
61.170.235.55 - - [07/Sep/2022:09:01:21 +0800] "GET /xingrg/kc/base/base_main.html HTTP/1.1" 200 12142
61.170.235.55 - - [07/Sep/2022:09:01:22 +0800] "GET /xingrg/kc/base/yddb_order_list.html HTTP/1.1" 200 16786
61.170.235.55 - - [07/Sep/2022:09:01:22 +0800] "POST /xingrg/kc/base/yddb_list_operate.html HTTP/1.1" 200 636
61.170.235.55 - - [07/Sep/2022:09:01:23 +0800] "GET /xingrg/kc/base/yddb_order_add.html HTTP/1.1" 200 29839
61.170.235.55 - - [07/Sep/2022:09:01:24 +0800] "GET /xingrg/dwr/interface/AjaxComOrderService.js HTTP/1.1" 200 18264
61.170.235.55 - - [07/Sep/2022:09:01:24 +0800] "GET /xingrg/dwr/engine.js HTTP/1.1" 200 43631
61.170.235.55 - - [07/Sep/2022:09:01:24 +0800] "GET /xingrg/dwr/interface/AjaxYddbService.js HTTP/1.1" 200 13201
114.84.5.35 - - [07/Sep/2022:09:01:24 +0800] "GET /xingrg/kc/buy/cgsh_order_operate.html?command=get_materiel&rest_code=00111&code=00101015038&supplier_code=00100037&order_time=2022-09-07 HTTP/1.1" 200 418
116.224.123.211 - - [07/Sep/2022:09:01:26 +0800] "GET /xingrg/all/function/internal_message.html?_=1662512484743&CODE_STATE=getMsg HTTP/1.1" 200 27
61.170.235.55 - - [07/Sep/2022:09:01:27 +0800] "POST /xingrg/dwr/call/plaincall/AjaxYddbService.getRestBases.dwr HTTP/1.1" 200 1055
180.163.29.212 - - [07/Sep/2022:09:01:30 +0800] "GET /xingrg/kc/buy/cgsh_order_operate.html?command=get_materiel&rest_code=00106&code=00101008352&supplier_code=00100007&order_time=2022-09-07 HTTP/1.1" 302 -
180.163.29.212 - - [07/Sep/2022:09:01:30 +0800] "GET /xingrg/login.html HTTP/1.1" 200 7641
222.70.246.221 - - [07/Sep/2022:09:01:33 +0800] "POST /xingrg/kc/buy/cgsh_order_operate.html HTTP/1.1" 200 43431
114.84.5.35 - - [07/Sep/2022:09:01:34 +0800] "GET /xingrg/kc/buy/cgsh_order_operate.html?command=get_materiel&rest_code=00111&code=00101007081&supplier_code=00100037&order_time=2022-09-07 HTTP/1.1" 200 413
116.232.194.65 - - [07/Sep/2022:09:01:34 +0800] "GET /xingrg/all/function/internal_message.html?_=1662512433530&CODE_STATE=getMsg HTTP/1.1" 200 27
124.79.74.72 - - [07/Sep/2022:09:01:36 +0800] "GET /xingrg/all/function/internal_message.html?_=1662512494229&CODE_STATE=getMsg HTTP/1.1" 200 27
116.224.255.128 - - [07/Sep/2022:09:01:37 +0800] "GET /xingrg/all/function/internal_message.html?_=1662512493102&CODE_STATE=getMsg HTTP/1.1" 200 27
61.170.235.55 - - [07/Sep/2022:09:01:45 +0800] "GET /xingrg/all/function/internal_message.html?_=1662512501494&CODE_STATE=getMsg HTTP/1.1" 200 27
61.170.235.55 - - [07/Sep/2022:09:01:45 +0800] "GET /xingrg/check_reg.html?_=1662512501558 HTTP/1.1" 200 22
222.70.246.221 - - [07/Sep/2022:09:01:45 +0800] "GET /xingrg/kc/buy/cgsh_order_operate.html?command=get_materiel&rest_code=00146&code=00101008036&supplier_code=00100005&order_time=2022-09-07 HTTP/1.1" 200 408
114.88.158.224 - - [07/Sep/2022:09:01:47 +0800] "GET /xingrg/all/function/internal_message.html?_=1662512163923&CODE_STATE=getMsg HTTP/1.1" 200 27
222.70.246.221 - - [07/Sep/2022:09:01:56 +0800] "GET /xingrg/all/function/internal_message.html?_=1662512523628&CODE_STATE=getMsg HTTP/1.1" 200 27
116.225.121.189 - - [07/Sep/2022:09:02:03 +0800] "GET /xingrg/all/function/internal_message.html?_=1662512522428&CODE_STATE=getMsg HTTP/1.1" 200 27
114.84.5.35 - - [07/Sep/2022:09:02:04 +0800] "GET /xingrg/kc/buy/cgsh_order_operate.html?command=get_materiel&rest_code=00111&code=00101008090&supplier_code=00100037&order_time=2022-09-07 HTTP/1.1" 200 408
58.40.7.146 - - [07/Sep/2022:09:02:05 +0800] "GET /xingrg/all/function/internal_message.html?_=1662512523504&CODE_STATE=getMsg HTTP/1.1" 200 27
61.170.235.55 - - [07/Sep/2022:09:02:05 +0800] "POST /xingrg/dwr/call/plaincall/AjaxYddbService.saveOrder.dwr HTTP/1.1" 200 78
114.83.219.57 - - [07/Sep/2022:09:02:09 +0800] "GET /xingrg/all/function/internal_message.html?_=1662512606849&CODE_STATE=getMsg HTTP/1.1" 200 27
114.84.5.35 - - [07/Sep/2022:09:02:11 +0800] "GET /xingrg/kc/buy/cgsh_order_operate.html?command=get_materiel&rest_code=00111&code=00101012059&supplier_code=00100037&order_time=2022-09-07 HTTP/1.1" 200 412
116.225.121.189 - - [07/Sep/2022:09:02:12 +0800] "GET /xingrg/all/function/internal_message.html?_=1662512394311&CODE_STATE=getMsg HTTP/1.1" 200 27
180.163.29.234 - - [07/Sep/2022:09:02:12 +0800] "GET /xingrg/kc/buy/cgsh_order_operate.html?command=get_materiel&rest_code=00106&code=00101008185&supplier_code=00100007&order_time=2022-09-07 HTTP/1.1" 302 -
180.163.29.234 - - [07/Sep/2022:09:02:12 +0800] "GET /xingrg/login.html HTTP/1.1" 200 7641
116.224.255.128 - - [07/Sep/2022:09:02:14 +0800] "GET /xingrg/all/function/internal_message.html?_=1662512478774&CODE_STATE=getMsg HTTP/1.1" 200 27
114.84.5.35 - - [07/Sep/2022:09:02:16 +0800] "GET /xingrg/all/function/internal_message.html?_=1662512532372&CODE_STATE=getMsg HTTP/1.1" 200 27
114.84.81.136 - - [07/Sep/2022:09:02:17 +0800] "GET /xingrg/check_reg.html?_=1662512533680 HTTP/1.1" 200 22
58.40.7.146 - - [07/Sep/2022:09:02:18 +0800] "GET /xingrg/check_reg.html?_=1662512536100 HTTP/1.1" 200 22
61.170.235.55 - - [07/Sep/2022:09:02:22 +0800] "POST /xingrg/dwr/call/plaincall/AjaxComOrderService.getMaterielSearchList.dwr HTTP/1.1" 200 830
61.170.235.55 - - [07/Sep/2022:09:02:25 +0800] "POST /xingrg/dwr/call/plaincall/AjaxYddbService.getMaterielByMap.dwr HTTP/1.1" 200 2749
61.170.235.55 - - [07/Sep/2022:09:02:25 +0800] "GET /xingrg/images/yd/bt.gif HTTP/1.1" 404 1040
222.70.246.221 - - [07/Sep/2022:09:02:26 +0800] "POST /xingrg/services/DataTransmitService HTTP/1.1" 200 524
116.224.123.211 - - [07/Sep/2022:09:02:26 +0800] "GET /xingrg/all/function/internal_message.html?_=1662512544751&CODE_STATE=getMsg HTTP/1.1" 200 27
222.70.246.221 - - [07/Sep/2022:09:02:28 +0800] "POST /xingrg/services/DataTransmitService HTTP/1.1" 200 501
222.70.246.221 - - [07/Sep/2022:09:02:28 +0800] "POST /xingrg/services/DataTransmitService HTTP/1.1" 200 501
222.70.246.221 - - [07/Sep/2022:09:02:29 +0800] "POST /xingrg/services/DataTransmitService HTTP/1.1" 200 501
222.70.246.221 - - [07/Sep/2022:09:02:29 +0800] "POST /xingrg/services/DataTransmitService HTTP/1.1" 200 501
222.70.246.221 - - [07/Sep/2022:09:02:29 +0800] "POST /xingrg/services/DataTransmitService HTTP/1.1" 200 501
222.70.246.221 - - [07/Sep/2022:09:02:30 +0800] "POST /xingrg/services/DataTransmitService HTTP/1.1" 200 501
61.170.235.55 - - [07/Sep/2022:09:02:30 +0800] "POST /xingrg/dwr/call/plaincall/AjaxYddbService.saveMaterielItem.dwr HTTP/1.1" 200 78
222.70.246.221 - - [07/Sep/2022:09:02:30 +0800] "POST /xingrg/services/DataTransmitService HTTP/1.1" 200 412
222.70.246.221 - - [07/Sep/2022:09:02:31 +0800] "POST /xingrg/services/DataTransmitService HTTP/1.1" 200 524
114.84.5.35 - - [07/Sep/2022:09:02:32 +0800] "GET /xingrg/kc/buy/cgsh_order_operate.html?command=get_materiel&rest_code=00111&code=00101009122&supplier_code=00100037&order_time=2022-09-07 HTTP/1.1" 200 405
222.70.246.221 - - [07/Sep/2022:09:02:32 +0800] "POST /xingrg/services/DataTransmitService HTTP/1.1" 200 501
116.225.121.189 - - [07/Sep/2022:09:02:32 +0800] "POST /xingrg/kc/buy/cgsh_order_operate.html HTTP/1.1" 200 37
222.70.246.221 - - [07/Sep/2022:09:02:33 +0800] "POST /xingrg/services/DataTransmitService HTTP/1.1" 200 524
222.70.246.221 - - [07/Sep/2022:09:02:34 +0800] "POST /xingrg/services/DataTransmitService HTTP/1.1" 200 412
116.225.121.189 - - [07/Sep/2022:09:02:34 +0800] "POST /xingrg/kc/buy/cgsh_order_operate.html HTTP/1.1" 200 44028
116.232.194.65 - - [07/Sep/2022:09:02:34 +0800] "GET /xingrg/all/function/internal_message.html?_=1662512493528&CODE_STATE=getMsg HTTP/1.1" 200 27
116.232.194.65 - - [07/Sep/2022:09:02:35 +0800] "GET /xingrg/check_reg.html?_=1662512493756 HTTP/1.1" 200 22
222.70.246.221 - - [07/Sep/2022:09:02:35 +0800] "POST /xingrg/services/DataTransmitService HTTP/1.1" 200 524
222.70.246.221 - - [07/Sep/2022:09:02:36 +0800] "POST /xingrg/services/DataTransmitService HTTP/1.1" 200 412
222.70.246.221 - - [07/Sep/2022:09:02:36 +0800] "POST /xingrg/services/DataTransmitService HTTP/1.1" 200 524
116.225.121.189 - - [07/Sep/2022:09:02:36 +0800] "GET /xingrg/kc/buy/cgsh_order_add.html HTTP/1.1" 200 68657
124.79.74.72 - - [07/Sep/2022:09:02:36 +0800] "GET /xingrg/all/function/internal_message.html?_=1662512554231&CODE_STATE=getMsg HTTP/1.1" 200 27
222.70.246.221 - - [07/Sep/2022:09:02:36 +0800] "POST /xingrg/services/DataTransmitService HTTP/1.1" 200 412
116.225.121.189 - - [07/Sep/2022:09:02:37 +0800] "POST /xingrg/kc/buy/cgsh_order_operate.html HTTP/1.1" 200 8245
116.225.121.189 - - [07/Sep/2022:09:02:37 +0800] "GET /xingrg/javascript/easyui/themes/default/validatebox.css HTTP/1.1" 404 1104
116.224.255.128 - - [07/Sep/2022:09:02:37 +0800] "GET /xingrg/all/function/internal_message.html?_=1662512553085&CODE_STATE=getMsg HTTP/1.1" 200 27
61.170.235.55 - - [07/Sep/2022:09:02:40 +0800] "POST /xingrg/dwr/call/plaincall/AjaxYddbService.checkOrder.dwr HTTP/1.1" 200 78
61.170.235.55 - - [07/Sep/2022:09:02:41 +0800] "GET /xingrg/kc/base/yddb_order_info.html?code=482022090700088 HTTP/1.1" 200 29588
61.170.235.55 - - [07/Sep/2022:09:02:41 +0800] "GET /xingrg/dwr/interface/AjaxComOrderService.js HTTP/1.1" 200 18264
61.170.235.55 - - [07/Sep/2022:09:02:41 +0800] "GET /xingrg/dwr/interface/AjaxYddbService.js HTTP/1.1" 200 13201
61.170.235.55 - - [07/Sep/2022:09:02:42 +0800] "GET /xingrg/dwr/engine.js HTTP/1.1" 200 43631
61.170.235.55 - - [07/Sep/2022:09:02:42 +0800] "POST /xingrg/dwr/call/plaincall/AjaxYddbService.loadMaterielItems.dwr HTTP/1.1" 200 394
61.170.235.55 - - [07/Sep/2022:09:02:45 +0800] "GET /xingrg/all/function/internal_message.html?_=1662512561489&CODE_STATE=getMsg HTTP/1.1" 200 27
61.170.235.55 - - [07/Sep/2022:09:02:46 +0800] "POST /xingrg/kc/base/yddb_list_operate.html HTTP/1.1" 200 636
114.88.158.224 - - [07/Sep/2022:09:02:47 +0800] "GET /xingrg/all/function/internal_message.html?_=1662512223922&CODE_STATE=getMsg HTTP/1.1" 200 27
61.170.235.55 - - [07/Sep/2022:09:02:49 +0800] "POST /xingrg/kc/base/yddb_list_operate.html HTTP/1.1" 200 4281
61.170.235.55 - - [07/Sep/2022:09:02:50 +0800] "POST /xingrg/kc/base/yddb_list_operate.html HTTP/1.1" 200 202
114.84.5.35 - - [07/Sep/2022:09:02:52 +0800] "GET /xingrg/kc/buy/cgsh_order_operate.html?command=get_materiel&rest_code=00111&code=00101007073&supplier_code=00100037&order_time=2022-09-07 HTTP/1.1" 200 417
116.225.121.189 - - [07/Sep/2022:09:02:53 +0800] "GET /xingrg/kc/buy/cgsh_order_operate.html?command=get_materiel&rest_code=00105&code=00101007081&supplier_code=00100002&order_time=2022-09-07 HTTP/1.1" 200 413
61.170.235.55 - - [07/Sep/2022:09:02:54 +0800] "GET /xingrg/kc/base/yddb_order_info.html?code=482022090700088 HTTP/1.1" 200 29588
61.170.235.55 - - [07/Sep/2022:09:02:54 +0800] "GET /xingrg/dwr/interface/AjaxYddbService.js HTTP/1.1" 200 13201
61.170.235.55 - - [07/Sep/2022:09:02:54 +0800] "GET /xingrg/dwr/interface/AjaxComOrderService.js HTTP/1.1" 200 18264
61.170.235.55 - - [07/Sep/2022:09:02:54 +0800] "GET /xingrg/dwr/engine.js HTTP/1.1" 200 43631
61.170.235.55 - - [07/Sep/2022:09:02:54 +0800] "POST /xingrg/dwr/call/plaincall/AjaxYddbService.loadMaterielItems.dwr HTTP/1.1" 200 394
222.70.246.221 - - [07/Sep/2022:09:02:55 +0800] "GET /xingrg/kc/buy/cgsh_order_operate.html?command=get_materiel&rest_code=00146&code=00101013158&supplier_code=00100005&order_time=2022-09-07 HTTP/1.1" 200 409
222.70.246.221 - - [07/Sep/2022:09:02:56 +0800] "GET /xingrg/all/function/internal_message.html?_=1662512583639&CODE_STATE=getMsg HTTP/1.1" 200 27
116.225.121.189 - - [07/Sep/2022:09:03:03 +0800] "GET /xingrg/all/function/internal_message.html?_=1662512582439&CODE_STATE=getMsg HTTP/1.1" 200 27
58.40.7.146 - - [07/Sep/2022:09:03:05 +0800] "GET /xingrg/all/function/internal_message.html?_=1662512583477&CODE_STATE=getMsg HTTP/1.1" 200 27
222.70.246.221 - - [07/Sep/2022:09:03:05 +0800] "POST /xingrg/kc/buy/cgsh_order_operate.html HTTP/1.1" 200 2065
116.225.121.189 - - [07/Sep/2022:09:03:08 +0800] "POST /xingrg/kc/buy/cgsh_order_operate.html HTTP/1.1" 200 37
114.83.219.57 - - [07/Sep/2022:09:03:09 +0800] "GET /xingrg/all/function/internal_message.html?_=1662512666846&CODE_STATE=getMsg HTTP/1.1" 200 27
116.225.121.189 - - [07/Sep/2022:09:03:09 +0800] "POST /xingrg/kc/buy/cgsh_order_operate.html HTTP/1.1" 200 2658
116.225.121.189 - - [07/Sep/2022:09:03:10 +0800] "GET /xingrg/kc/print/load_config.html?kc_code=cgsh HTTP/1.1" 200 1943
116.225.121.189 - - [07/Sep/2022:09:03:10 +0800] "GET /xingrg/kc/print/load_data.html?order_code=212022090702253&kc_code=cgsh&condition= HTTP/1.1" 200 741
114.84.5.35 - - [07/Sep/2022:09:03:11 +0800] "GET /xingrg/kc/buy/cgsh_order_operate.html?command=get_materiel&rest_code=00111&code=00101011005&supplier_code=00100037&order_time=2022-09-07 HTTP/1.1" 200 428
116.225.121.189 - - [07/Sep/2022:09:03:12 +0800] "GET /xingrg/all/function/internal_message.html?_=1662512454312&CODE_STATE=getMsg HTTP/1.1" 200 27
116.225.121.189 - - [07/Sep/2022:09:03:12 +0800] "GET /xingrg/check_reg.html?_=1662512454315 HTTP/1.1" 200 22
116.224.255.128 - - [07/Sep/2022:09:03:14 +0800] "GET /xingrg/all/function/internal_message.html?_=1662512538787&CODE_STATE=getMsg HTTP/1.1" 200 27
114.84.5.35 - - [07/Sep/2022:09:03:16 +0800] "GET /xingrg/all/function/internal_message.html?_=1662512592358&CODE_STATE=getMsg HTTP/1.1" 200 27
114.84.5.35 - - [07/Sep/2022:09:03:16 +0800] "GET /xingrg/check_reg.html?_=1662512592362 HTTP/1.1" 200 22
61.170.235.55 - - [07/Sep/2022:09:03:18 +0800] "POST /xingrg/kc/base/yddb_list_operate.html HTTP/1.1" 200 4281
61.170.235.55 - - [07/Sep/2022:09:03:19 +0800] "POST /xingrg/kc/base/yddb_list_operate.html HTTP/1.1" 200 202
116.225.121.189 - - [07/Sep/2022:09:03:21 +0800] "GET /xingrg/kc/buy/cgsh_order_add.html HTTP/1.1" 200 68657
116.225.121.189 - - [07/Sep/2022:09:03:21 +0800] "POST /xingrg/kc/buy/cgsh_order_operate.html HTTP/1.1" 200 8245
116.225.121.189 - - [07/Sep/2022:09:03:21 +0800] "GET /xingrg/javascript/easyui/themes/default/validatebox.css HTTP/1.1" 404 1104
61.170.235.55 - - [07/Sep/2022:09:03:25 +0800] "GET /xingrg/kc/buy/buy_main.html HTTP/1.1" 200 12412
61.170.235.55 - - [07/Sep/2022:09:03:25 +0800] "GET /xingrg/css/new_ie.css HTTP/1.1" 404 1036
61.170.235.55 - - [07/Sep/2022:09:03:26 +0800] "GET /xingrg/kc/buy/cgsh_order_list.html HTTP/1.1" 200 52793
116.224.123.211 - - [07/Sep/2022:09:03:26 +0800] "GET /xingrg/all/function/internal_message.html?_=1662512604740&CODE_STATE=getMsg HTTP/1.1" 200 27
61.170.235.55 - - [07/Sep/2022:09:03:29 +0800] "POST /xingrg/kc/buy/cgsh_list_operate.html HTTP/1.1" 200 1531
61.170.235.55 - - [07/Sep/2022:09:03:30 +0800] "POST /xingrg/kc/buy/cgsh_list_operate.html HTTP/1.1" 200 566
61.170.235.55 - - [07/Sep/2022:09:03:31 +0800] "GET /xingrg/kc/buy/cgsh_order_info.html?code=212022090702250 HTTP/1.1" 200 68584
61.170.235.55 - - [07/Sep/2022:09:03:31 +0800] "GET /xingrg/javascript/easyui/themes/default/validatebox.css HTTP/1.1" 404 1104
61.170.235.55 - - [07/Sep/2022:09:03:32 +0800] "POST /xingrg/kc/buy/cgsh_order_operate.html HTTP/1.1" 200 28657
116.232.194.65 - - [07/Sep/2022:09:03:34 +0800] "GET /xingrg/all/function/internal_message.html?_=1662512553525&CODE_STATE=getMsg HTTP/1.1" 200 27
124.79.74.72 - - [07/Sep/2022:09:03:36 +0800] "GET /xingrg/check_reg.html?_=1662512614233 HTTP/1.1" 200 22
124.79.74.72 - - [07/Sep/2022:09:03:36 +0800] "GET /xingrg/all/function/internal_message.html?_=1662512614234&CODE_STATE=getMsg HTTP/1.1" 200 27
116.224.255.128 - - [07/Sep/2022:09:03:37 +0800] "GET /xingrg/all/function/internal_message.html?_=1662512613071&CODE_STATE=getMsg HTTP/1.1" 200 27
222.70.246.221 - - [07/Sep/2022:09:03:40 +0800] "GET /xingrg/check_reg.html?_=1662512628124 HTTP/1.1" 200 22
61.170.235.55 - - [07/Sep/2022:09:03:42 +0800] "GET /xingrg/javascript/auto/indicator.gif HTTP/1.1" 404 1066
61.170.235.55 - - [07/Sep/2022:09:03:45 +0800] "GET /xingrg/all/function/internal_message.html?_=1662512621509&CODE_STATE=getMsg HTTP/1.1" 200 27
61.170.235.55 - - [07/Sep/2022:09:03:47 +0800] "GET /xingrg/kc/buy/cgsh_order_operate.html?command=get_materiel&rest_code=00106&code=00101008350&supplier_code=00100007&order_time=2022-09-07 HTTP/1.1" 200 408
114.88.158.224 - - [07/Sep/2022:09:03:47 +0800] "GET /xingrg/all/function/internal_message.html?_=1662512283938&CODE_STATE=getMsg HTTP/1.1" 200 27
222.70.246.221 - - [07/Sep/2022:09:03:56 +0800] "GET /xingrg/all/function/internal_message.html?_=1662512643653&CODE_STATE=getMsg HTTP/1.1" 200 27
116.225.121.189 - - [07/Sep/2022:09:03:57 +0800] "GET /xingrg/kc/buy/cgsh_order_operate.html?command=get_materiel&rest_code=00105&code=00101016100&supplier_code=00100034&order_time=2022-09-07 HTTP/1.1" 200 412
116.225.121.189 - - [07/Sep/2022:09:04:03 +0800] "GET /xingrg/all/function/internal_message.html?_=1662512642443&CODE_STATE=getMsg HTTP/1.1" 200 27
58.40.7.146 - - [07/Sep/2022:09:04:05 +0800] "GET /xingrg/all/function/internal_message.html?_=1662512643462&CODE_STATE=getMsg HTTP/1.1" 200 27
116.225.121.189 - - [07/Sep/2022:09:04:08 +0800] "GET /xingrg/kc/buy/cgsh_order_operate.html?command=get_materiel&rest_code=00105&code=00101012059&supplier_code=00100034&order_time=2022-09-07 HTTP/1.1" 200 413
114.83.219.57 - - [07/Sep/2022:09:04:09 +0800] "GET /xingrg/all/function/internal_message.html?_=1662512726843&CODE_STATE=getMsg HTTP/1.1" 200 27
114.83.219.57 - - [07/Sep/2022:09:04:09 +0800] "GET /xingrg/check_reg.html?_=1662512726846 HTTP/1.1" 200 22
222.70.246.221 - - [07/Sep/2022:09:04:10 +0800] "GET /xingrg/kc/buy/cgsh_order_operate.html?command=get_materiel&rest_code=00146&code=00101008332&supplier_code=00100005&order_time=2022-09-07 HTTP/1.1" 200 412
116.225.121.189 - - [07/Sep/2022:09:04:12 +0800] "GET /xingrg/all/function/internal_message.html?_=1662512514316&CODE_STATE=getMsg HTTP/1.1" 200 27
116.224.255.128 - - [07/Sep/2022:09:04:14 +0800] "GET /xingrg/all/function/internal_message.html?_=1662512598801&CODE_STATE=getMsg HTTP/1.1" 200 27
114.84.5.35 - - [07/Sep/2022:09:04:16 +0800] "GET /xingrg/all/function/internal_message.html?_=1662512652392&CODE_STATE=getMsg HTTP/1.1" 200 27
61.170.235.55 - - [07/Sep/2022:09:04:18 +0800] "POST /xingrg/kc/buy/cgsh_order_operate.html HTTP/1.1" 200 2065
61.170.235.55 - - [07/Sep/2022:09:04:23 +0800] "GET /xingrg/kc/buy/cgsh_order_operate.html?command=get_materiel&rest_code=00106&code=00101008236&supplier_code=00100007&order_time=2022-09-07 HTTP/1.1" 200 416
222.70.246.221 - - [07/Sep/2022:09:04:25 +0800] "GET /xingrg/kc/buy/cgsh_order_operate.html?command=get_materiel&rest_code=00146&code=00101008209&supplier_code=00100005&order_time=2022-09-07 HTTP/1.1" 200 409
116.224.123.211 - - [07/Sep/2022:09:04:26 +0800] "GET /xingrg/all/function/internal_message.html?_=1662512664747&CODE_STATE=getMsg HTTP/1.1" 200 27
116.224.123.211 - - [07/Sep/2022:09:04:26 +0800] "GET /xingrg/check_reg.html?_=1662512664748 HTTP/1.1" 200 22
116.225.121.189 - - [07/Sep/2022:09:04:29 +0800] "GET /xingrg/kc/buy/cgsh_order_operate.html?command=get_materiel&rest_code=00105&code=00101012003&supplier_code=00100034&order_time=2022-09-07 HTTP/1.1" 200 413
61.170.235.55 - - [07/Sep/2022:09:04:32 +0800] "GET /xingrg/kc/buy/cgsh_order_operate.html?command=get_materiel&rest_code=00106&code=00101008095&supplier_code=00100007&order_time=2022-09-07 HTTP/1.1" 200 412
116.232.194.65 - - [07/Sep/2022:09:04:34 +0800] "GET /xingrg/all/function/internal_message.html?_=1662512613518&CODE_STATE=getMsg HTTP/1.1" 200 27
124.79.74.72 - - [07/Sep/2022:09:04:36 +0800] "GET /xingrg/all/function/internal_message.html?_=1662512674236&CODE_STATE=getMsg HTTP/1.1" 200 27
116.224.255.128 - - [07/Sep/2022:09:04:37 +0800] "GET /xingrg/all/function/internal_message.html?_=1662512673070&CODE_STATE=getMsg HTTP/1.1" 200 27
116.225.121.189 - - [07/Sep/2022:09:04:43 +0800] "GET /xingrg/kc/buy/cgsh_order_operate.html?command=get_materiel&rest_code=00105&code=00101016030&supplier_code=00100034&order_time=2022-09-07 HTTP/1.1" 200 412
61.170.235.55 - - [07/Sep/2022:09:04:45 +0800] "GET /xingrg/all/function/internal_message.html?_=1662512681639&CODE_STATE=getMsg HTTP/1.1" 200 27
114.88.158.224 - - [07/Sep/2022:09:04:47 +0800] "GET /xingrg/check_reg.html?_=1662512343937 HTTP/1.1" 200 22
114.88.158.224 - - [07/Sep/2022:09:04:47 +0800] "GET /xingrg/all/function/internal_message.html?_=1662512343938&CODE_STATE=getMsg HTTP/1.1" 200 27
61.170.235.55 - - [07/Sep/2022:09:04:49 +0800] "GET /xingrg/kc/buy/cgsh_order_operate.html?command=get_materiel&rest_code=00106&code=00101008041&supplier_code=00100007&order_time=2022-09-07 HTTP/1.1" 200 408
222.70.246.221 - - [07/Sep/2022:09:04:56 +0800] "GET /xingrg/all/function/internal_message.html?_=1662512703667&CODE_STATE=getMsg HTTP/1.1" 200 27
116.225.121.189 - - [07/Sep/2022:09:04:59 +0800] "POST /xingrg/kc/buy/cgsh_order_operate.html HTTP/1.1" 200 37
116.225.121.189 - - [07/Sep/2022:09:05:00 +0800] "POST /xingrg/kc/buy/cgsh_order_operate.html HTTP/1.1" 200 5023
116.225.121.189 - - [07/Sep/2022:09:05:01 +0800] "GET /xingrg/kc/print/load_data.html?order_code=212022090702254&kc_code=cgsh&condition= HTTP/1.1" 200 1613
116.225.121.189 - - [07/Sep/2022:09:05:03 +0800] "GET /xingrg/all/function/internal_message.html?_=1662512702459&CODE_STATE=getMsg HTTP/1.1" 200 27
116.225.121.189 - - [07/Sep/2022:09:05:04 +0800] "GET /xingrg/kc/buy/cgsh_order_add.html HTTP/1.1" 200 68657
116.225.121.189 - - [07/Sep/2022:09:05:05 +0800] "POST /xingrg/kc/buy/cgsh_order_operate.html HTTP/1.1" 200 8245
116.225.121.189 - - [07/Sep/2022:09:05:05 +0800] "GET /xingrg/javascript/easyui/themes/default/validatebox.css HTTP/1.1" 404 1104
58.40.7.146 - - [07/Sep/2022:09:05:05 +0800] "GET /xingrg/all/function/internal_message.html?_=1662512703448&CODE_STATE=getMsg HTTP/1.1" 200 27
61.170.235.55 - - [07/Sep/2022:09:05:08 +0800] "GET /xingrg/kc/buy/cgsh_order_operate.html?command=get_materiel&rest_code=00106&code=00101008402&supplier_code=00100007&order_time=2022-09-07 HTTP/1.1" 200 410
114.83.219.57 - - [07/Sep/2022:09:05:09 +0800] "GET /xingrg/all/function/internal_message.html?_=1662512786846&CODE_STATE=getMsg HTTP/1.1" 200 27
116.225.121.189 - - [07/Sep/2022:09:05:12 +0800] "GET /xingrg/all/function/internal_message.html?_=1662512574319&CODE_STATE=getMsg HTTP/1.1" 200 27
61.170.235.55 - - [07/Sep/2022:09:05:12 +0800] "POST /xingrg/kc/buy/cgsh_order_operate.html HTTP/1.1" 200 2065
116.224.255.128 - - [07/Sep/2022:09:05:14 +0800] "GET /xingrg/check_reg.html?_=1662512658440 HTTP/1.1" 200 22
116.224.255.128 - - [07/Sep/2022:09:05:14 +0800] "GET /xingrg/all/function/internal_message.html?_=1662512658814&CODE_STATE=getMsg HTTP/1.1" 200 27
114.84.5.35 - - [07/Sep/2022:09:05:16 +0800] "GET /xingrg/all/function/internal_message.html?_=1662512712395&CODE_STATE=getMsg HTTP/1.1" 200 27
116.225.121.189 - - [07/Sep/2022:09:05:16 +0800] "GET /xingrg/kc/buy/cgsh_order_operate.html?command=get_materiel&rest_code=00105&code=00101002027&supplier_code=00100397&order_time=2022-09-07 HTTP/1.1" 200 413
116.225.121.189 - - [07/Sep/2022:09:05:25 +0800] "GET /xingrg/kc/buy/cgsh_order_operate.html?command=get_materiel&rest_code=00105&code=00101002028&supplier_code=00100397&order_time=2022-09-07 HTTP/1.1" 200 419
116.224.123.211 - - [07/Sep/2022:09:05:26 +0800] "GET /xingrg/all/function/internal_message.html?_=1662512724744&CODE_STATE=getMsg HTTP/1.1" 200 27
61.170.235.55 - - [07/Sep/2022:09:05:30 +0800] "GET /xingrg/kc/buy/cgsh_order_operate.html?command=get_materiel&rest_code=00106&code=00101008114&supplier_code=00100007&order_time=2022-09-07 HTTP/1.1" 200 412
116.225.121.189 - - [07/Sep/2022:09:05:31 +0800] "GET /xingrg/kc/buy/cgsh_order_operate.html?command=get_materiel&rest_code=00105&code=00101004020&supplier_code=00100397&order_time=2022-09-07 HTTP/1.1" 200 409
116.232.194.65 - - [07/Sep/2022:09:05:34 +0800] "GET /xingrg/all/function/internal_message.html?_=1662512673528&CODE_STATE=getMsg HTTP/1.1" 200 27
124.79.74.72 - - [07/Sep/2022:09:05:36 +0800] "GET /xingrg/all/function/internal_message.html?_=1662512734237&CODE_STATE=getMsg HTTP/1.1" 200 27
116.224.255.128 - - [07/Sep/2022:09:05:37 +0800] "GET /xingrg/all/function/internal_message.html?_=1662512733084&CODE_STATE=getMsg HTTP/1.1" 200 27
116.224.255.128 - - [07/Sep/2022:09:05:37 +0800] "GET /xingrg/check_reg.html?_=1662512733086 HTTP/1.1" 200 22
114.84.5.35 - - [07/Sep/2022:09:05:45 +0800] "POST /xingrg/kc/buy/cgsh_order_operate.html HTTP/1.1" 200 37
61.170.235.55 - - [07/Sep/2022:09:05:45 +0800] "GET /xingrg/all/function/internal_message.html?_=1662512741586&CODE_STATE=getMsg HTTP/1.1" 200 27
114.88.158.224 - - [07/Sep/2022:09:05:47 +0800] "GET /xingrg/all/function/internal_message.html?_=1662512403922&CODE_STATE=getMsg HTTP/1.1" 200 27
114.84.5.35 - - [07/Sep/2022:09:05:49 +0800] "POST /xingrg/kc/buy/cgsh_order_operate.html HTTP/1.1" 200 12130
114.84.5.35 - - [07/Sep/2022:09:05:50 +0800] "GET /xingrg/kc/print/load_config.html?kc_code=cgsh HTTP/1.1" 200 1943
114.84.5.35 - - [07/Sep/2022:09:05:50 +0800] "GET /xingrg/kc/print/load_data.html?order_code=212022090702255&kc_code=cgsh&condition= HTTP/1.1" 200 4293
180.163.29.103 - - [07/Sep/2022:09:05:54 +0800] "GET /xingrg/all/function/internal_message.html?_=1662511901611&CODE_STATE=getMsg HTTP/1.1" 302 -
180.163.29.103 - - [07/Sep/2022:09:05:54 +0800] "GET /xingrg/login.html HTTP/1.1" 200 7641
222.70.246.221 - - [07/Sep/2022:09:05:56 +0800] "GET /xingrg/all/function/internal_message.html?_=1662512763681&CODE_STATE=getMsg HTTP/1.1" 200 27
58.40.7.146 - - [07/Sep/2022:09:05:59 +0800] "POST /xingrg/services/DataTransmitService HTTP/1.1" 200 524
114.84.5.35 - - [07/Sep/2022:09:06:01 +0800] "GET /xingrg/kc/buy/cgsh_order_add.html HTTP/1.1" 200 68531
114.84.5.35 - - [07/Sep/2022:09:06:01 +0800] "POST /xingrg/kc/buy/cgsh_order_operate.html HTTP/1.1" 200 8245
114.84.5.35 - - [07/Sep/2022:09:06:01 +0800] "GET /xingrg/javascript/easyui/themes/default/validatebox.css HTTP/1.1" 404 1104
116.225.121.189 - - [07/Sep/2022:09:06:03 +0800] "GET /xingrg/check_reg.html?_=1662512762440 HTTP/1.1" 200 22
