58.40.7.146 - - [07/Sep/2022:11:12:02 +0800] "GET /xingrg/all/function/internal_message.html?_=1662520320827&CODE_STATE=getMsg HTTP/1.1" 200 27
101.83.241.167 - - [07/Sep/2022:11:12:03 +0800] "POST /xingrg/dwr/call/plaincall/AjaxYddbService.saveOrder.dwr HTTP/1.1" 200 78
222.70.246.221 - - [07/Sep/2022:11:12:04 +0800] "GET /xingrg/kc/base/yddb_order_add.html HTTP/1.1" 200 29837
222.70.246.221 - - [07/Sep/2022:11:12:04 +0800] "GET /xingrg/javascript/Grid.js HTTP/1.1" 304 -
222.70.246.221 - - [07/Sep/2022:11:12:04 +0800] "GET /xingrg/javascript/ToolTips.js HTTP/1.1" 304 -
222.70.246.221 - - [07/Sep/2022:11:12:04 +0800] "GET /xingrg/javascript/jquery_easy_ui/themes/default/easyui.css HTTP/1.1" 304 -
222.70.246.221 - - [07/Sep/2022:11:12:04 +0800] "GET /xingrg/javascript/jquery_easy_ui/themes/icon.css HTTP/1.1" 304 -
222.70.246.221 - - [07/Sep/2022:11:12:04 +0800] "GET /xingrg/dwr/interface/AjaxComOrderService.js HTTP/1.1" 200 18264
222.70.246.221 - - [07/Sep/2022:11:12:04 +0800] "GET /xingrg/css/blue.css HTTP/1.1" 304 -
222.70.246.221 - - [07/Sep/2022:11:12:04 +0800] "GET /xingrg/dwr/interface/AjaxYddbService.js HTTP/1.1" 200 13201
222.70.246.221 - - [07/Sep/2022:11:12:04 +0800] "GET /xingrg/javascript/Calendar.js HTTP/1.1" 304 -
222.70.246.221 - - [07/Sep/2022:11:12:04 +0800] "GET /xingrg/dwr/util.js HTTP/1.1" 200 35990
222.70.246.221 - - [07/Sep/2022:11:12:04 +0800] "GET /xingrg/javascript/myfunction.js HTTP/1.1" 304 -
222.70.246.221 - - [07/Sep/2022:11:12:04 +0800] "GET /xingrg/dwr/engine.js HTTP/1.1" 200 43631
222.70.246.221 - - [07/Sep/2022:11:12:04 +0800] "GET /xingrg/javascript/checkform.js HTTP/1.1" 304 -
222.70.246.221 - - [07/Sep/2022:11:12:05 +0800] "GET /xingrg/javascript/AjaxInfoList.js HTTP/1.1" 304 -
101.83.241.167 - - [07/Sep/2022:11:12:06 +0800] "POST /xingrg/dwr/call/plaincall/AjaxYddbService.objCheckOrder.dwr HTTP/1.1" 200 78
101.83.241.167 - - [07/Sep/2022:11:12:07 +0800] "GET /xingrg/kc/base/yddb_order_info.html?code=482022090500064 HTTP/1.1" 200 31725
101.83.241.167 - - [07/Sep/2022:11:12:07 +0800] "GET /xingrg/dwr/interface/AjaxComOrderService.js HTTP/1.1" 200 18264
101.83.241.167 - - [07/Sep/2022:11:12:07 +0800] "GET /xingrg/dwr/interface/AjaxYddbService.js HTTP/1.1" 200 13201
101.83.241.167 - - [07/Sep/2022:11:12:07 +0800] "GET /xingrg/dwr/engine.js HTTP/1.1" 200 43631
101.83.241.167 - - [07/Sep/2022:11:12:07 +0800] "POST /xingrg/dwr/call/plaincall/AjaxYddbService.loadMaterielItems.dwr HTTP/1.1" 200 721
114.83.219.57 - - [07/Sep/2022:11:12:09 +0800] "GET /xingrg/all/function/internal_message.html?_=1662520406845&CODE_STATE=getMsg HTTP/1.1" 200 27
101.83.241.167 - - [07/Sep/2022:11:12:09 +0800] "GET /xingrg/kc/base/yddb_order_report.html?fileType=servlets/html&code=482022090500064&reportName=ck_order_report&subName=yddb HTTP/1.1" 302 -
101.83.241.167 - - [07/Sep/2022:11:12:09 +0800] "GET /xingrg/servlets/html?sysBaseUrl=http%3A%2F%2F180.169.147.146%3A18081%2Fxingrg%2F&costTime=99×tamp=1662520329451 HTTP/1.1" 200 17527
101.83.241.167 - - [07/Sep/2022:11:12:09 +0800] "GET /xingrg/servlets/image?image=px HTTP/1.1" 200 807
101.83.241.167 - - [07/Sep/2022:11:12:09 +0800] "GET /favicon.ico HTTP/1.1" 404 -
114.88.158.224 - - [07/Sep/2022:11:12:10 +0800] "GET /xingrg/all/function/internal_message.html?_=1662519987536&CODE_STATE=getMsg HTTP/1.1" 200 27
116.225.121.189 - - [07/Sep/2022:11:12:12 +0800] "GET /xingrg/all/function/internal_message.html?_=1662520194980&CODE_STATE=getMsg HTTP/1.1" 200 27
222.70.246.221 - - [07/Sep/2022:11:12:13 +0800] "POST /xingrg/dwr/call/plaincall/AjaxYddbService.getRestBases.dwr HTTP/1.1" 200 1055
116.235.94.249 - - [07/Sep/2022:11:12:15 +0800] "GET /xingrg/all/function/internal_message.html?_=1662520526502&CODE_STATE=getMsg HTTP/1.1" 200 27
114.84.81.136 - - [07/Sep/2022:11:12:17 +0800] "GET /xingrg/check_reg.html?_=1662520333391 HTTP/1.1" 200 22
180.169.147.146 - - [07/Sep/2022:11:12:17 +0800] "GET /xingrg/all/function/internal_message.html?_=1662520646461&CODE_STATE=getMsg HTTP/1.1" 302 -
58.40.7.146 - - [07/Sep/2022:11:12:18 +0800] "GET /xingrg/check_reg.html?_=1662520336162 HTTP/1.1" 200 22
180.169.147.146 - - [07/Sep/2022:11:12:19 +0800] "GET /xingrg/kc/buy/cgsh_order_operate.html?command=get_materiel&rest_code=00147&code=00101008132&supplier_code=00100006&order_time=2022-09-07 HTTP/1.1" 200 408
222.70.246.221 - - [07/Sep/2022:11:12:19 +0800] "GET /xingrg/all/function/internal_message.html?_=1662520347341&CODE_STATE=getMsg HTTP/1.1" 200 27
116.224.255.128 - - [07/Sep/2022:11:12:19 +0800] "GET /xingrg/all/function/internal_message.html?_=1662520283583&CODE_STATE=getMsg HTTP/1.1" 200 27
101.83.241.167 - - [07/Sep/2022:11:12:22 +0800] "GET /xingrg/kc/base/yddb_order_list.html?isBack=1 HTTP/1.1" 200 16792
101.83.241.167 - - [07/Sep/2022:11:12:22 +0800] "POST /xingrg/kc/base/yddb_list_operate.html HTTP/1.1" 200 636
101.83.241.167 - - [07/Sep/2022:11:12:25 +0800] "POST /xingrg/kc/base/yddb_list_operate.html HTTP/1.1" 200 1340
116.224.123.211 - - [07/Sep/2022:11:12:25 +0800] "GET /xingrg/all/function/internal_message.html?_=1662520343709&CODE_STATE=getMsg HTTP/1.1" 200 27
180.169.147.146 - - [07/Sep/2022:11:12:28 +0800] "GET /xingrg/kc/buy/cgsh_order_operate.html?command=get_materiel&rest_code=00147&code=00101008257&supplier_code=00100006&order_time=2022-09-07 HTTP/1.1" 200 417
180.169.147.146 - - [07/Sep/2022:11:12:34 +0800] "GET /xingrg/all/function/internal_message.html?_=1662520347807&CODE_STATE=getMsg HTTP/1.1" 200 27
58.40.7.146 - - [07/Sep/2022:11:12:34 +0800] "GET /xingrg/all/report/report_query.html?isQuery=1&fileName=kc/base/crk_detail_by_small.xml&rh=99999&queryString=&queryText=%25E3%2580%2590%25E4%25BB%2593%25E5%25BA%2593%25E5%2590%258D%25E7%25A7%25B0%253A%25E6%2588%25BF%25E5%258A%25A1%25E9%2583%25A8%25E3%2580%2591%25E3%2580%2590%25E4%25B8%259A%25E5%258A%25A1%25E7%25B1%25BB%25E5%259E%258B%25EF%25BC%259A%25E5%25BC%2582%25E5%25BA%2597%25E8%25B0%2583%25E5%2585%25A5%25E3%2580%2591%2520%253F%253F%253F%253F%253F2022-08-01%253F%253F2022-08-31%2520%253F%253F%253F%253F%253F%253F%253F&tableQueryString=crk_table%2524sp1%2524order_day%2520between%252020220801%2520and%252020220831%2520and%2520(base_code%253D'0010612')%2520and%2520(src_order_type%2520in%2520(48))%2520and%2520(is_rk%2520in%2520(1)) HTTP/1.1" 200 53782
58.40.7.146 - - [07/Sep/2022:11:12:34 +0800] "GET /xingrg/dwr/interface/AjaxReportQueryService.js HTTP/1.1" 200 13203
58.40.7.146 - - [07/Sep/2022:11:12:34 +0800] "GET /xingrg/dwr/engine.js HTTP/1.1" 200 43631
58.40.7.146 - - [07/Sep/2022:11:12:34 +0800] "POST /xingrg/all/report/load_report_page.html HTTP/1.1" 200 23716
58.40.7.146 - - [07/Sep/2022:11:12:34 +0800] "GET /xingrg/servlets/image?cache=0.37764166109675745&image=px HTTP/1.1" 200 807
114.84.5.35 - - [07/Sep/2022:11:12:35 +0800] "GET /xingrg/check_reg.html?_=1662520351440 HTTP/1.1" 200 22
114.84.5.35 - - [07/Sep/2022:11:12:35 +0800] "GET /xingrg/all/function/internal_message.html?_=1662520351443&CODE_STATE=getMsg HTTP/1.1" 200 27
124.79.74.72 - - [07/Sep/2022:11:12:36 +0800] "GET /xingrg/all/function/internal_message.html?_=1662520354231&CODE_STATE=getMsg HTTP/1.1" 200 27
116.224.255.128 - - [07/Sep/2022:11:12:37 +0800] "GET /xingrg/all/function/internal_message.html?_=1662520353517&CODE_STATE=getMsg HTTP/1.1" 200 27
58.40.7.146 - - [07/Sep/2022:11:12:37 +0800] "POST /xingrg/all/report/load_report_page.html HTTP/1.1" 200 67601
58.40.7.146 - - [07/Sep/2022:11:12:37 +0800] "GET /xingrg/servlets/image?cache=0.2821916061867178&image=px HTTP/1.1" 200 807
180.169.147.146 - - [07/Sep/2022:11:12:38 +0800] "GET /xingrg/kc/buy/cgsh_order_operate.html?command=get_materiel&rest_code=00147&code=00101008244&supplier_code=00100006&order_time=2022-09-07 HTTP/1.1" 200 408
58.39.35.118 - - [07/Sep/2022:11:12:38 +0800] "GET /xingrg/check_reg.html?_=1662520352130 HTTP/1.1" 200 22
58.39.35.118 - - [07/Sep/2022:11:12:38 +0800] "GET /xingrg/all/function/internal_message.html?_=1662520352133&CODE_STATE=getMsg HTTP/1.1" 200 27
101.83.241.167 - - [07/Sep/2022:11:12:39 +0800] "GET /xingrg/all/function/internal_message.html?_=1662520357356&CODE_STATE=getMsg HTTP/1.1" 200 27
61.170.235.55 - - [07/Sep/2022:11:12:42 +0800] "GET /xingrg/all/function/internal_message.html?_=1662520358858&CODE_STATE=getMsg HTTP/1.1" 200 27
180.169.147.146 - - [07/Sep/2022:11:12:44 +0800] "GET /xingrg/all/function/internal_message.html?_=1662520362069&CODE_STATE=getMsg HTTP/1.1" 200 27
180.169.147.146 - - [07/Sep/2022:11:12:47 +0800] "GET /xingrg/kc/buy/cgsh_order_operate.html?command=get_materiel&rest_code=00147&code=00101008110&supplier_code=00100006&order_time=2022-09-07 HTTP/1.1" 200 408
114.84.81.136 - - [07/Sep/2022:11:12:49 +0800] "GET /xingrg/all/function/internal_message.html?_=1662520368501&CODE_STATE=getMsg HTTP/1.1" 200 27
180.169.147.146 - - [07/Sep/2022:11:12:54 +0800] "GET /xingrg/kc/buy/cgsh_order_operate.html?command=get_materiel&rest_code=00147&code=00101008038&supplier_code=00100006&order_time=2022-09-07 HTTP/1.1" 200 412
101.83.241.167 - - [07/Sep/2022:11:12:59 +0800] "GET /xingrg/kc/buy/cgsh_order_list.html HTTP/1.1" 200 52799
101.83.241.167 - - [07/Sep/2022:11:13:00 +0800] "POST /xingrg/kc/buy/cgsh_list_operate.html HTTP/1.1" 200 752
116.225.121.189 - - [07/Sep/2022:11:13:01 +0800] "GET /xingrg/all/function/internal_message.html?_=1662520380567&CODE_STATE=getMsg HTTP/1.1" 200 27
58.40.7.146 - - [07/Sep/2022:11:13:01 +0800] "GET /xingrg/kc/base/yddb_order_list.html HTTP/1.1" 200 16790
58.40.7.146 - - [07/Sep/2022:11:13:02 +0800] "POST /xingrg/kc/base/yddb_list_operate.html HTTP/1.1" 200 636
180.169.147.146 - - [07/Sep/2022:11:13:02 +0800] "GET /xingrg/kc/buy/cgsh_order_operate.html?command=get_materiel&rest_code=00147&code=00101008088&supplier_code=00100006&order_time=2022-09-07 HTTP/1.1" 200 408
58.40.7.146 - - [07/Sep/2022:11:13:02 +0800] "GET /xingrg/all/function/internal_message.html?_=1662520380811&CODE_STATE=getMsg HTTP/1.1" 200 27
101.83.241.167 - - [07/Sep/2022:11:13:06 +0800] "GET /xingrg/kc/buy/cgsh_order_add.html HTTP/1.1" 200 68663
101.83.241.167 - - [07/Sep/2022:11:13:06 +0800] "POST /xingrg/kc/buy/cgsh_order_operate.html HTTP/1.1" 200 8245
101.83.241.167 - - [07/Sep/2022:11:13:06 +0800] "GET /xingrg/javascript/easyui/themes/default/validatebox.css HTTP/1.1" 404 1104
101.83.241.167 - - [07/Sep/2022:11:13:07 +0800] "GET /xingrg/javascript/auto/indicator.gif HTTP/1.1" 404 1066
114.83.219.57 - - [07/Sep/2022:11:13:09 +0800] "GET /xingrg/all/function/internal_message.html?_=1662520466839&CODE_STATE=getMsg HTTP/1.1" 200 27
58.40.7.146 - - [07/Sep/2022:11:13:09 +0800] "POST /xingrg/kc/base/yddb_list_operate.html HTTP/1.1" 200 1353
101.83.241.167 - - [07/Sep/2022:11:13:09 +0800] "GET /xingrg/javascript/jquery_tools/images/next.gif HTTP/1.1" 404 1086
101.83.241.167 - - [07/Sep/2022:11:13:09 +0800] "GET /xingrg/javascript/jquery_tools/images/prev.gif HTTP/1.1" 404 1086
58.40.7.146 - - [07/Sep/2022:11:13:10 +0800] "POST /xingrg/kc/base/yddb_list_operate.html HTTP/1.1" 200 511
180.169.147.146 - - [07/Sep/2022:11:13:10 +0800] "GET /xingrg/kc/buy/cgsh_order_operate.html?command=get_materiel&rest_code=00147&code=00101008163&supplier_code=00100006&order_time=2022-09-07 HTTP/1.1" 200 409
114.88.158.224 - - [07/Sep/2022:11:13:10 +0800] "GET /xingrg/all/function/internal_message.html?_=1662520047534&CODE_STATE=getMsg HTTP/1.1" 200 27
58.40.7.146 - - [07/Sep/2022:11:13:10 +0800] "GET /xingrg/kc/base/yddb_order_info.html?code=482022081600103 HTTP/1.1" 200 31541
58.40.7.146 - - [07/Sep/2022:11:13:11 +0800] "GET /xingrg/dwr/interface/AjaxComOrderService.js HTTP/1.1" 200 18264
58.40.7.146 - - [07/Sep/2022:11:13:11 +0800] "GET /xingrg/dwr/interface/AjaxYddbService.js HTTP/1.1" 200 13201
58.40.7.146 - - [07/Sep/2022:11:13:11 +0800] "GET /xingrg/dwr/engine.js HTTP/1.1" 200 43631
58.40.7.146 - - [07/Sep/2022:11:13:11 +0800] "GET /xingrg/javascript/jquery_easy_ui/themes/icons/edit_add_new.png HTTP/1.1" 200 2997
58.40.7.146 - - [07/Sep/2022:11:13:11 +0800] "GET /xingrg/images/blue/kc_tab_right.gif HTTP/1.1" 200 643
58.40.7.146 - - [07/Sep/2022:11:13:11 +0800] "GET /xingrg/images/blue/kc_tab_left.gif HTTP/1.1" 200 188
58.40.7.146 - - [07/Sep/2022:11:13:11 +0800] "GET /xingrg/images/blue/kc_tab_mid.gif HTTP/1.1" 200 44
58.40.7.146 - - [07/Sep/2022:11:13:11 +0800] "POST /xingrg/dwr/call/plaincall/AjaxYddbService.loadMaterielItems.dwr HTTP/1.1" 200 1752
116.225.121.189 - - [07/Sep/2022:11:13:12 +0800] "GET /xingrg/check_reg.html?_=1662520254419 HTTP/1.1" 200 22
116.225.121.189 - - [07/Sep/2022:11:13:12 +0800] "GET /xingrg/all/function/internal_message.html?_=1662520254959&CODE_STATE=getMsg HTTP/1.1" 200 27
116.235.94.249 - - [07/Sep/2022:11:13:15 +0800] "GET /xingrg/all/function/internal_message.html?_=1662520586500&CODE_STATE=getMsg HTTP/1.1" 200 27
180.169.147.146 - - [07/Sep/2022:11:13:17 +0800] "GET /xingrg/kc/buy/cgsh_order_operate.html?command=get_materiel&rest_code=00147&code=00101008190&supplier_code=00100006&order_time=2022-09-07 HTTP/1.1" 200 412
180.169.147.146 - - [07/Sep/2022:11:13:17 +0800] "GET /xingrg/all/function/internal_message.html?_=1662520706491&CODE_STATE=getMsg HTTP/1.1" 302 -
116.224.255.128 - - [07/Sep/2022:11:13:19 +0800] "GET /xingrg/all/function/internal_message.html?_=1662520343708&CODE_STATE=getMsg HTTP/1.1" 200 27
222.70.246.221 - - [07/Sep/2022:11:13:20 +0800] "GET /xingrg/all/function/internal_message.html?_=1662520407875&CODE_STATE=getMsg HTTP/1.1" 200 27
101.83.241.167 - - [07/Sep/2022:11:13:22 +0800] "GET /xingrg/kc/buy/cgsh_order_operate.html?command=get_materiel&rest_code=00149&code=00101006057&supplier_code=00100012&order_time=2022-09-07 HTTP/1.1" 200 413
180.169.147.146 - - [07/Sep/2022:11:13:23 +0800] "GET /xingrg/kc/buy/cgsh_order_operate.html?command=get_materiel&rest_code=00147&code=00101008356&supplier_code=00100006&order_time=2022-09-07 HTTP/1.1" 200 409
116.224.123.211 - - [07/Sep/2022:11:13:25 +0800] "GET /xingrg/all/function/internal_message.html?_=1662520403709&CODE_STATE=getMsg HTTP/1.1" 200 27
180.169.147.146 - - [07/Sep/2022:11:13:30 +0800] "GET /xingrg/kc/buy/cgsh_order_operate.html?command=get_materiel&rest_code=00147&code=00101008360&supplier_code=00100006&order_time=2022-09-07 HTTP/1.1" 200 412
101.83.241.167 - - [07/Sep/2022:11:13:32 +0800] "GET /xingrg/kc/buy/cgsh_order_operate.html?command=get_materiel&rest_code=00149&code=00101006144&supplier_code=00100012&order_time=2022-09-07 HTTP/1.1" 200 409
180.169.147.146 - - [07/Sep/2022:11:13:34 +0800] "GET /xingrg/all/function/internal_message.html?_=1662520407791&CODE_STATE=getMsg HTTP/1.1" 200 27
114.84.5.35 - - [07/Sep/2022:11:13:35 +0800] "GET /xingrg/all/function/internal_message.html?_=1662520411435&CODE_STATE=getMsg HTTP/1.1" 200 27
124.79.74.72 - - [07/Sep/2022:11:13:36 +0800] "GET /xingrg/check_reg.html?_=1662520414233 HTTP/1.1" 200 22
180.169.147.146 - - [07/Sep/2022:11:13:36 +0800] "GET /xingrg/kc/buy/cgsh_order_operate.html?command=get_materiel&rest_code=00147&code=00101008196&supplier_code=00100006&order_time=2022-09-07 HTTP/1.1" 200 416
124.79.74.72 - - [07/Sep/2022:11:13:36 +0800] "GET /xingrg/all/function/internal_message.html?_=1662520414235&CODE_STATE=getMsg HTTP/1.1" 200 27
116.224.255.128 - - [07/Sep/2022:11:13:37 +0800] "GET /xingrg/all/function/internal_message.html?_=1662520413501&CODE_STATE=getMsg HTTP/1.1" 200 27
58.39.35.118 - - [07/Sep/2022:11:13:38 +0800] "GET /xingrg/all/function/internal_message.html?_=1662520412131&CODE_STATE=getMsg HTTP/1.1" 200 27
101.83.241.167 - - [07/Sep/2022:11:13:39 +0800] "GET /xingrg/all/function/internal_message.html?_=1662520417342&CODE_STATE=getMsg HTTP/1.1" 200 27
101.83.241.167 - - [07/Sep/2022:11:13:40 +0800] "POST /xingrg/kc/buy/cgsh_order_operate.html HTTP/1.1" 200 37
61.170.235.55 - - [07/Sep/2022:11:13:42 +0800] "GET /xingrg/all/function/internal_message.html?_=1662520418830&CODE_STATE=getMsg HTTP/1.1" 200 27
222.70.246.221 - - [07/Sep/2022:11:13:43 +0800] "GET /xingrg/check_reg.html?_=1662520431116 HTTP/1.1" 200 22
180.169.147.146 - - [07/Sep/2022:11:13:44 +0800] "GET /xingrg/all/function/internal_message.html?_=1662520422064&CODE_STATE=getMsg HTTP/1.1" 200 27
101.83.241.167 - - [07/Sep/2022:11:13:45 +0800] "POST /xingrg/kc/buy/cgsh_order_operate.html HTTP/1.1" 200 12
101.83.241.167 - - [07/Sep/2022:11:13:46 +0800] "GET /xingrg/kc/buy/cgsh_order_info.html?code=212022090702301 HTTP/1.1" 200 63566
101.83.241.167 - - [07/Sep/2022:11:13:47 +0800] "GET /xingrg/javascript/easyui/themes/default/validatebox.css HTTP/1.1" 404 1104
101.83.241.167 - - [07/Sep/2022:11:13:48 +0800] "POST /xingrg/kc/buy/cgsh_order_operate.html HTTP/1.1" 200 1199
101.83.241.167 - - [07/Sep/2022:11:13:49 +0800] "GET /xingrg/kc/print/load_data.html?order_code=212022090702301&kc_code=cgsh&condition= HTTP/1.1" 200 1021
114.84.81.136 - - [07/Sep/2022:11:13:49 +0800] "GET /xingrg/all/function/internal_message.html?_=1662520428503&CODE_STATE=getMsg HTTP/1.1" 200 27
101.83.241.167 - - [07/Sep/2022:11:13:54 +0800] "GET /xingrg/kc/buy/cgsh_order_add.html HTTP/1.1" 200 68663
101.83.241.167 - - [07/Sep/2022:11:13:54 +0800] "POST /xingrg/kc/buy/cgsh_order_operate.html HTTP/1.1" 200 8245
101.83.241.167 - - [07/Sep/2022:11:13:54 +0800] "GET /xingrg/javascript/easyui/themes/default/validatebox.css HTTP/1.1" 404 1104
116.225.121.189 - - [07/Sep/2022:11:14:01 +0800] "GET /xingrg/all/function/internal_message.html?_=1662520440558&CODE_STATE=getMsg HTTP/1.1" 200 27
58.40.7.146 - - [07/Sep/2022:11:14:02 +0800] "GET /xingrg/all/function/internal_message.html?_=1662520440791&CODE_STATE=getMsg HTTP/1.1" 200 27
114.83.219.57 - - [07/Sep/2022:11:14:09 +0800] "GET /xingrg/all/function/internal_message.html?_=1662520526859&CODE_STATE=getMsg HTTP/1.1" 200 27
114.83.219.57 - - [07/Sep/2022:11:14:09 +0800] "GET /xingrg/check_reg.html?_=1662520526864 HTTP/1.1" 200 22
114.88.158.224 - - [07/Sep/2022:11:14:10 +0800] "GET /xingrg/all/function/internal_message.html?_=1662520107533&CODE_STATE=getMsg HTTP/1.1" 200 27
116.225.121.189 - - [07/Sep/2022:11:14:12 +0800] "GET /xingrg/all/function/internal_message.html?_=1662520314944&CODE_STATE=getMsg HTTP/1.1" 200 27
116.235.94.249 - - [07/Sep/2022:11:14:15 +0800] "GET /xingrg/all/function/internal_message.html?_=1662520646515&CODE_STATE=getMsg HTTP/1.1" 200 27
180.169.147.146 - - [07/Sep/2022:11:14:17 +0800] "GET /xingrg/all/function/internal_message.html?_=1662520766485&CODE_STATE=getMsg HTTP/1.1" 302 -
116.224.255.128 - - [07/Sep/2022:11:14:19 +0800] "GET /xingrg/all/function/internal_message.html?_=1662520403718&CODE_STATE=getMsg HTTP/1.1" 200 27
222.70.246.221 - - [07/Sep/2022:11:14:20 +0800] "GET /xingrg/all/function/internal_message.html?_=1662520467883&CODE_STATE=getMsg HTTP/1.1" 200 27
58.35.213.73 - - [07/Sep/2022:11:14:20 +0800] "GET /favicon.ico HTTP/1.1" 404 -
116.224.123.211 - - [07/Sep/2022:11:14:25 +0800] "GET /xingrg/all/function/internal_message.html?_=1662520463704&CODE_STATE=getMsg HTTP/1.1" 200 27
101.83.241.167 - - [07/Sep/2022:11:14:26 +0800] "GET /xingrg/kc/buy/cgsh_order_operate.html?command=get_materiel&rest_code=00149&code=00101006130&supplier_code=00100012&order_time=2022-09-06 HTTP/1.1" 200 427
116.224.123.211 - - [07/Sep/2022:11:14:26 +0800] "GET /xingrg/check_reg.html?_=1662520464561 HTTP/1.1" 200 22
180.169.147.146 - - [07/Sep/2022:11:14:34 +0800] "GET /xingrg/all/function/internal_message.html?_=1662520468184&CODE_STATE=getMsg HTTP/1.1" 200 27
114.84.5.35 - - [07/Sep/2022:11:14:35 +0800] "GET /xingrg/all/function/internal_message.html?_=1662520471437&CODE_STATE=getMsg HTTP/1.1" 200 27
124.79.74.72 - - [07/Sep/2022:11:14:36 +0800] "GET /xingrg/all/function/internal_message.html?_=1662520474235&CODE_STATE=getMsg HTTP/1.1" 200 27
116.224.255.128 - - [07/Sep/2022:11:14:37 +0800] "GET /xingrg/all/function/internal_message.html?_=1662520473485&CODE_STATE=getMsg HTTP/1.1" 200 27
101.83.241.167 - - [07/Sep/2022:11:14:38 +0800] "GET /xingrg/kc/buy/cgsh_order_operate.html?command=get_materiel&rest_code=00149&code=00101006109&supplier_code=00100012&order_time=2022-09-06 HTTP/1.1" 200 409
58.39.35.118 - - [07/Sep/2022:11:14:38 +0800] "GET /xingrg/all/function/internal_message.html?_=1662520472131&CODE_STATE=getMsg HTTP/1.1" 200 27
101.83.241.167 - - [07/Sep/2022:11:14:39 +0800] "GET /xingrg/all/function/internal_message.html?_=1662520477405&CODE_STATE=getMsg HTTP/1.1" 200 27
61.170.235.55 - - [07/Sep/2022:11:14:42 +0800] "GET /xingrg/all/function/internal_message.html?_=1662520478807&CODE_STATE=getMsg HTTP/1.1" 200 27
180.169.147.146 - - [07/Sep/2022:11:14:44 +0800] "GET /xingrg/all/function/internal_message.html?_=1662520482067&CODE_STATE=getMsg HTTP/1.1" 200 27
101.83.241.167 - - [07/Sep/2022:11:14:47 +0800] "GET /xingrg/kc/buy/cgsh_order_operate.html?command=get_materiel&rest_code=00149&code=00101006057&supplier_code=00100012&order_time=2022-09-06 HTTP/1.1" 200 413
114.84.81.136 - - [07/Sep/2022:11:14:49 +0800] "GET /xingrg/all/function/internal_message.html?_=1662520488506&CODE_STATE=getMsg HTTP/1.1" 200 27
124.79.74.72 - - [07/Sep/2022:11:14:52 +0800] "GET /xingrg/kc/mdqp/qqps_order_list.html HTTP/1.1" 200 10027
124.79.74.72 - - [07/Sep/2022:11:14:52 +0800] "GET /xingrg/dwr/interface/AjaxQqpsService.js HTTP/1.1" 200 16326
124.79.74.72 - - [07/Sep/2022:11:14:52 +0800] "GET /xingrg/dwr/interface/AjaxReportQueryService.js HTTP/1.1" 200 13203
124.79.74.72 - - [07/Sep/2022:11:14:52 +0800] "GET /xingrg/dwr/engine.js HTTP/1.1" 200 43631
124.79.74.72 - - [07/Sep/2022:11:14:54 +0800] "GET /xingrg/kc/mdqp/qqps_order_info.html?code=302022090500089 HTTP/1.1" 200 28393
124.79.74.72 - - [07/Sep/2022:11:14:54 +0800] "GET /xingrg/dwr/interface/AjaxQqpsService.js HTTP/1.1" 200 16326
124.79.74.72 - - [07/Sep/2022:11:14:54 +0800] "GET /xingrg/dwr/interface/AjaxComOrderService.js HTTP/1.1" 200 18264
124.79.74.72 - - [07/Sep/2022:11:14:55 +0800] "GET /xingrg/dwr/engine.js HTTP/1.1" 200 43631
124.79.74.72 - - [07/Sep/2022:11:14:55 +0800] "GET /xingrg/words/20220906162233_words.js HTTP/1.1" 304 -
124.79.74.72 - - [07/Sep/2022:11:14:55 +0800] "POST /xingrg/dwr/call/plaincall/AjaxQqpsService.loadMaterielItems.dwr HTTP/1.1" 200 1518
124.79.74.72 - - [07/Sep/2022:11:14:58 +0800] "GET /xingrg/kc/mdqp/qqps_order_list.html?isBack=1 HTTP/1.1" 200 10036
124.79.74.72 - - [07/Sep/2022:11:14:58 +0800] "GET /xingrg/dwr/interface/AjaxQqpsService.js HTTP/1.1" 200 16326
124.79.74.72 - - [07/Sep/2022:11:14:58 +0800] "GET /xingrg/dwr/interface/AjaxReportQueryService.js HTTP/1.1" 200 13203
124.79.74.72 - - [07/Sep/2022:11:14:58 +0800] "GET /xingrg/dwr/engine.js HTTP/1.1" 200 43631
124.79.74.72 - - [07/Sep/2022:11:14:59 +0800] "GET /xingrg/kc/mdqp/qqps_order_info.html?code=302022090600114 HTTP/1.1" 200 28393
124.79.74.72 - - [07/Sep/2022:11:14:59 +0800] "GET /xingrg/dwr/interface/AjaxQqpsService.js HTTP/1.1" 200 16326
124.79.74.72 - - [07/Sep/2022:11:14:59 +0800] "GET /xingrg/dwr/interface/AjaxComOrderService.js HTTP/1.1" 200 18264
124.79.74.72 - - [07/Sep/2022:11:14:59 +0800] "GET /xingrg/dwr/engine.js HTTP/1.1" 200 43631
101.83.241.167 - - [07/Sep/2022:11:15:00 +0800] "POST /xingrg/kc/buy/cgsh_order_operate.html HTTP/1.1" 200 37
124.79.74.72 - - [07/Sep/2022:11:15:00 +0800] "POST /xingrg/dwr/call/plaincall/AjaxQqpsService.loadMaterielItems.dwr HTTP/1.1" 200 918
124.79.74.72 - - [07/Sep/2022:11:15:01 +0800] "GET /xingrg/images/yd/bt.gif HTTP/1.1" 404 1040
124.79.74.72 - - [07/Sep/2022:11:15:01 +0800] "GET /xingrg/images/yd/bt2.gif HTTP/1.1" 404 1042
116.225.121.189 - - [07/Sep/2022:11:15:01 +0800] "GET /xingrg/all/function/internal_message.html?_=1662520500559&CODE_STATE=getMsg HTTP/1.1" 200 27
58.40.7.146 - - [07/Sep/2022:11:15:02 +0800] "GET /xingrg/all/function/internal_message.html?_=1662520500778&CODE_STATE=getMsg HTTP/1.1" 200 27
101.83.241.167 - - [07/Sep/2022:11:15:05 +0800] "POST /xingrg/kc/buy/cgsh_order_operate.html HTTP/1.1" 200 12
101.83.241.167 - - [07/Sep/2022:11:15:07 +0800] "GET /xingrg/kc/buy/cgsh_order_info.html?code=212022090702302 HTTP/1.1" 200 63566
101.83.241.167 - - [07/Sep/2022:11:15:07 +0800] "GET /xingrg/javascript/easyui/themes/default/validatebox.css HTTP/1.1" 404 1104
101.83.241.167 - - [07/Sep/2022:11:15:08 +0800] "POST /xingrg/kc/buy/cgsh_order_operate.html HTTP/1.1" 200 1809
114.83.219.57 - - [07/Sep/2022:11:15:09 +0800] "GET /xingrg/all/function/internal_message.html?_=1662520586847&CODE_STATE=getMsg HTTP/1.1" 200 27
101.83.241.167 - - [07/Sep/2022:11:15:10 +0800] "GET /xingrg/kc/print/load_data.html?order_code=212022090702302&kc_code=cgsh&condition= HTTP/1.1" 200 1267
114.88.158.224 - - [07/Sep/2022:11:15:10 +0800] "GET /xingrg/all/function/internal_message.html?_=1662520167522&CODE_STATE=getMsg HTTP/1.1" 200 27
116.225.121.189 - - [07/Sep/2022:11:15:12 +0800] "GET /xingrg/all/function/internal_message.html?_=1662520374924&CODE_STATE=getMsg HTTP/1.1" 200 27
101.85.93.70 - - [07/Sep/2022:11:15:13 +0800] "POST /xingrg/login.do HTTP/1.1" 302 -
101.85.93.70 - - [07/Sep/2022:11:15:13 +0800] "GET /xingrg/index.html?sysBaseUrl=http%3A%2F%2F180.169.147.146%3A18081%2Fxingrg%2F&costTime=50×tamp=1662520513265 HTTP/1.1" 200 17179
101.85.93.70 - - [07/Sep/2022:11:15:13 +0800] "GET /xingrg/javascript/jquery_easy_ui/themes/default/easyui.css HTTP/1.1" 304 -
101.85.93.70 - - [07/Sep/2022:11:15:13 +0800] "GET /xingrg/javascript/jquery.form.js HTTP/1.1" 304 -
101.85.93.70 - - [07/Sep/2022:11:15:13 +0800] "GET /xingrg/javascript/jquery.utils.js HTTP/1.1" 304 -
101.85.93.70 - - [07/Sep/2022:11:15:13 +0800] "GET /xingrg/javascript/jquery.timers.js HTTP/1.1" 304 -
101.85.93.70 - - [07/Sep/2022:11:15:13 +0800] "GET /xingrg/javascript/jquery_easy_ui/themes/icon.css HTTP/1.1" 304 -
101.85.93.70 - - [07/Sep/2022:11:15:13 +0800] "GET /xingrg/css/form.css HTTP/1.1" 304 -
101.85.93.70 - - [07/Sep/2022:11:15:13 +0800] "GET /xingrg/javascript/jquery-1.4.2.min.js HTTP/1.1" 304 -
101.85.93.70 - - [07/Sep/2022:11:15:13 +0800] "GET /xingrg/javascript/jquery_easy_ui/jquery.easyui.min.js HTTP/1.1" 304 -
101.85.93.70 - - [07/Sep/2022:11:15:13 +0800] "GET /xingrg/javascript/jquery_easy_ui/easyui-lang-zh_CN.js HTTP/1.1" 304 -
101.85.93.70 - - [07/Sep/2022:11:15:13 +0800] "GET /favicon.ico HTTP/1.1" 404 -
101.85.93.70 - - [07/Sep/2022:11:15:13 +0800] "GET /xingrg/javascript/jquery_easy_ui/themes/icons/settle_new.png HTTP/1.1" 304 -
101.85.93.70 - - [07/Sep/2022:11:15:13 +0800] "GET /xingrg/images/blue/navBackgound.jpg HTTP/1.1" 304 -
101.85.93.70 - - [07/Sep/2022:11:15:13 +0800] "POST /xingrg/all/common/load_tree.html?tree=area_rest_tree_json&manage=1 HTTP/1.1" 200 351
101.85.93.70 - - [07/Sep/2022:11:15:14 +0800] "GET /xingrg/all/function/internal_message.html?_=1662520510491&CODE_STATE=count HTTP/1.1" 200 11
101.85.93.70 - - [07/Sep/2022:11:15:14 +0800] "GET /xingrg/images/blue/pingpu.png HTTP/1.1" 304 -
101.85.93.70 - - [07/Sep/2022:11:15:14 +0800] "GET /xingrg/check_reg.html?_=1662520510492 HTTP/1.1" 200 22
101.85.93.70 - - [07/Sep/2022:11:15:14 +0800] "GET /xingrg/javascript/jquery_easy_ui/themes/default/images/tabs_rightarrow.png HTTP/1.1" 304 -
101.85.93.70 - - [07/Sep/2022:11:15:14 +0800] "GET /xingrg/javascript/jquery_easy_ui/themes/default/images/tabs_leftarrow.png HTTP/1.1" 304 -
101.85.93.70 - - [07/Sep/2022:11:15:14 +0800] "GET /xingrg/javascript/jquery_easy_ui/themes/default/images/panel_tool_collapse.gif HTTP/1.1" 304 -
101.85.93.70 - - [07/Sep/2022:11:15:14 +0800] "POST /xingrg/load_menu.html HTTP/1.1" 200 5138
101.83.241.167 - - [07/Sep/2022:11:15:14 +0800] "GET /xingrg/kc/buy/cgsh_order_add.html HTTP/1.1" 200 68663
101.85.93.70 - - [07/Sep/2022:11:15:14 +0800] "GET /xingrg/javascript/jquery_easy_ui/themes/default/images/tree_arrows.gif HTTP/1.1" 304 -
101.85.93.70 - - [07/Sep/2022:11:15:14 +0800] "GET /xingrg/javascript/jquery_easy_ui/themes/default/images/tree_folder_open.gif HTTP/1.1" 304 -
101.85.93.70 - - [07/Sep/2022:11:15:14 +0800] "GET /xingrg/javascript/jquery_easy_ui/themes/icons/search_new.png HTTP/1.1" 304 -
101.85.93.70 - - [07/Sep/2022:11:15:14 +0800] "GET /xingrg/javascript/jquery_easy_ui/themes/icons/storage_new.png HTTP/1.1" 304 -
101.85.93.70 - - [07/Sep/2022:11:15:14 +0800] "GET /xingrg/javascript/jquery_easy_ui/themes/default/images/tree_folder.gif HTTP/1.1" 304 -
101.85.93.70 - - [07/Sep/2022:11:15:14 +0800] "GET /xingrg/javascript/jquery_easy_ui/themes/default/images/tree_file.gif HTTP/1.1" 304 -
101.85.93.70 - - [07/Sep/2022:11:15:14 +0800] "GET /xingrg/javascript/jquery_easy_ui/themes/icons/forms_new.png HTTP/1.1" 304 -
101.83.241.167 - - [07/Sep/2022:11:15:14 +0800] "POST /xingrg/kc/buy/cgsh_order_operate.html HTTP/1.1" 200 8245
101.83.241.167 - - [07/Sep/2022:11:15:14 +0800] "GET /xingrg/javascript/easyui/themes/default/validatebox.css HTTP/1.1" 404 1104
116.235.94.249 - - [07/Sep/2022:11:15:15 +0800] "GET /xingrg/all/function/internal_message.html?_=1662520706541&CODE_STATE=getMsg HTTP/1.1" 200 27
116.235.94.249 - - [07/Sep/2022:11:15:15 +0800] "GET /xingrg/check_reg.html?_=1662520706540 HTTP/1.1" 200 22
180.169.147.146 - - [07/Sep/2022:11:15:17 +0800] "GET /xingrg/all/function/internal_message.html?_=1662520826490&CODE_STATE=getMsg HTTP/1.1" 302 -
116.224.255.128 - - [07/Sep/2022:11:15:19 +0800] "GET /xingrg/all/function/internal_message.html?_=1662520463732&CODE_STATE=getMsg HTTP/1.1" 200 27
222.70.246.221 - - [07/Sep/2022:11:15:20 +0800] "GET /xingrg/all/function/internal_message.html?_=1662520527898&CODE_STATE=getMsg HTTP/1.1" 200 27
116.224.255.128 - - [07/Sep/2022:11:15:20 +0800] "GET /xingrg/check_reg.html?_=1662520461157 HTTP/1.1" 200 22
101.83.241.167 - - [07/Sep/2022:11:15:24 +0800] "GET /xingrg/kc/buy/cgsh_order_operate.html?command=get_materiel&rest_code=00149&code=00101012026&supplier_code=00100036&order_time=2022-09-07 HTTP/1.1" 200 408
124.79.74.72 - - [07/Sep/2022:11:15:24 +0800] "POST /xingrg/dwr/call/plaincall/AjaxQqpsService.getMaterielByCode.dwr HTTP/1.1" 200 2785
116.224.123.211 - - [07/Sep/2022:11:15:25 +0800] "GET /xingrg/all/function/internal_message.html?_=1662520523693&CODE_STATE=getMsg HTTP/1.1" 200 27
101.85.93.70 - - [07/Sep/2022:11:15:27 +0800] "GET /xingrg/javascript/jquery_easy_ui/themes/icons/area.png HTTP/1.1" 304 -
101.85.93.70 - - [07/Sep/2022:11:15:27 +0800] "GET /xingrg/javascript/jquery_easy_ui/themes/icons/rest.png HTTP/1.1" 304 -
124.79.74.72 - - [07/Sep/2022:11:15:30 +0800] "POST /xingrg/dwr/call/plaincall/AjaxQqpsService.saveMaterielItem.dwr HTTP/1.1" 200 78
180.169.147.146 - - [07/Sep/2022:11:15:34 +0800] "GET /xingrg/all/function/internal_message.html?_=1662520528186&CODE_STATE=getMsg HTTP/1.1" 200 27
114.84.5.35 - - [07/Sep/2022:11:15:35 +0800] "GET /xingrg/all/function/internal_message.html?_=1662520531436&CODE_STATE=getMsg HTTP/1.1" 200 27
124.79.74.72 - - [07/Sep/2022:11:15:36 +0800] "GET /xingrg/all/function/internal_message.html?_=1662520534241&CODE_STATE=getMsg HTTP/1.1" 200 27
101.85.93.70 - - [07/Sep/2022:11:15:37 +0800] "GET /xingrg/kc/base/yddb_order_list.html HTTP/1.1" 200 16792
101.85.93.70 - - [07/Sep/2022:11:15:37 +0800] "GET /xingrg/javascript/jquery_easy_ui/themes/default/images/tabs_close.gif HTTP/1.1" 304 -
101.85.93.70 - - [07/Sep/2022:11:15:37 +0800] "GET /xingrg/css/base.css HTTP/1.1" 304 -
101.85.93.70 - - [07/Sep/2022:11:15:37 +0800] "GET /xingrg/css/site.css HTTP/1.1" 304 -
101.85.93.70 - - [07/Sep/2022:11:15:37 +0800] "GET /xingrg/javascript/jquery_tools/datebox.css HTTP/1.1" 304 -
101.85.93.70 - - [07/Sep/2022:11:15:37 +0800] "GET /xingrg/javascript/easyui/themes/default/easyui.css HTTP/1.1" 304 -
101.85.93.70 - - [07/Sep/2022:11:15:37 +0800] "GET /xingrg/javascript/easyui/themes/icon.css HTTP/1.1" 304 -
101.85.93.70 - - [07/Sep/2022:11:15:37 +0800] "GET /xingrg/javascript/auto/jquery.autocomplete.css HTTP/1.1" 304 -
101.85.93.70 - - [07/Sep/2022:11:15:37 +0800] "GET /xingrg/javascript/jquery_tools/fix.css HTTP/1.1" 304 -
101.85.93.70 - - [07/Sep/2022:11:15:37 +0800] "GET /xingrg/javascript/jquery_tools/table.css HTTP/1.1" 304 -
101.85.93.70 - - [07/Sep/2022:11:15:37 +0800] "GET /xingrg/javascript/jquery_tools/jquery.tools.min.js HTTP/1.1" 304 -
101.85.93.70 - - [07/Sep/2022:11:15:37 +0800] "GET /xingrg/javascript/jquery_tools/jquery.tools.extend.js HTTP/1.1" 304 -
101.85.93.70 - - [07/Sep/2022:11:15:37 +0800] "GET /xingrg/javascript/jquery_tools/jquery.tools.hotkey.js HTTP/1.1" 304 -
101.85.93.70 - - [07/Sep/2022:11:15:37 +0800] "GET /xingrg/javascript/jquery_tools/list_manager.js HTTP/1.1" 304 -
101.85.93.70 - - [07/Sep/2022:11:15:37 +0800] "GET /xingrg/javascript/jquery_tools/jquery.tools.table.js HTTP/1.1" 304 -
101.85.93.70 - - [07/Sep/2022:11:15:37 +0800] "GET /xingrg/javascript/auto/jquery.autocomplete.js HTTP/1.1" 304 -
101.85.93.70 - - [07/Sep/2022:11:15:37 +0800] "GET /xingrg/javascript/easyui/easyloader.js HTTP/1.1" 304 -
101.85.93.70 - - [07/Sep/2022:11:15:37 +0800] "GET /xingrg/javascript/jquery.cookie.js HTTP/1.1" 304 -
101.85.93.70 - - [07/Sep/2022:11:15:37 +0800] "GET /xingrg/javascript/print/LodopFuncs.js HTTP/1.1" 304 -
116.224.255.128 - - [07/Sep/2022:11:15:37 +0800] "GET /xingrg/all/function/internal_message.html?_=1662520533467&CODE_STATE=getMsg HTTP/1.1" 200 27
101.85.93.70 - - [07/Sep/2022:11:15:37 +0800] "GET /xingrg/javascript/easyui/themes/icons/edit_add_new.png HTTP/1.1" 304 -
101.85.93.70 - - [07/Sep/2022:11:15:37 +0800] "GET /xingrg/javascript/easyui/themes/icons/field_new.png HTTP/1.1" 304 -
101.85.93.70 - - [07/Sep/2022:11:15:37 +0800] "GET /xingrg/javascript/easyui/themes/icons/import_new.png HTTP/1.1" 304 -
101.85.93.70 - - [07/Sep/2022:11:15:37 +0800] "GET /xingrg/javascript/easyui/plugins/jquery.parser.js HTTP/1.1" 304 -
101.85.93.70 - - [07/Sep/2022:11:15:37 +0800] "GET /xingrg/images/control/ajaxLoader.gif HTTP/1.1" 304 -
101.85.93.70 - - [07/Sep/2022:11:15:37 +0800] "POST /xingrg/kc/base/yddb_list_operate.html HTTP/1.1" 200 636
58.39.35.118 - - [07/Sep/2022:11:15:38 +0800] "GET /xingrg/all/function/internal_message.html?_=1662520532136&CODE_STATE=getMsg HTTP/1.1" 200 27
116.224.255.128 - - [07/Sep/2022:11:15:38 +0800] "GET /xingrg/check_reg.html?_=1662520534327 HTTP/1.1" 200 22
101.83.241.167 - - [07/Sep/2022:11:15:39 +0800] "GET /xingrg/all/function/internal_message.html?_=1662520537391&CODE_STATE=getMsg HTTP/1.1" 200 27
124.79.74.72 - - [07/Sep/2022:11:15:41 +0800] "POST /xingrg/dwr/call/plaincall/AjaxQqpsService.getMaterielByCode.dwr HTTP/1.1" 200 2785
101.85.93.70 - - [07/Sep/2022:11:15:41 +0800] "POST /xingrg/kc/base/yddb_list_operate.html HTTP/1.1" 200 4382
61.170.235.55 - - [07/Sep/2022:11:15:42 +0800] "GET /xingrg/all/function/internal_message.html?_=1662520538789&CODE_STATE=getMsg HTTP/1.1" 200 27
180.169.147.146 - - [07/Sep/2022:11:15:44 +0800] "GET /xingrg/all/function/internal_message.html?_=1662520542077&CODE_STATE=getMsg HTTP/1.1" 200 27
114.84.81.136 - - [07/Sep/2022:11:15:49 +0800] "GET /xingrg/all/function/internal_message.html?_=1662520548493&CODE_STATE=getMsg HTTP/1.1" 200 27
124.79.74.72 - - [07/Sep/2022:11:15:56 +0800] "POST /xingrg/dwr/call/plaincall/AjaxQqpsService.saveMaterielItem.dwr HTTP/1.1" 200 78
116.225.121.189 - - [07/Sep/2022:11:16:01 +0800] "GET /xingrg/all/function/internal_message.html?_=1662520560558&CODE_STATE=getMsg HTTP/1.1" 200 27
58.40.7.146 - - [07/Sep/2022:11:16:02 +0800] "GET /xingrg/all/function/internal_message.html?_=1662520560766&CODE_STATE=getMsg HTTP/1.1" 200 27
172.20.0.100 - - [07/Sep/2022:11:16:05 +0800] "GET /xingrg/check_reg.html?_=1662520563081 HTTP/1.1" 200 22
101.83.241.167 - - [07/Sep/2022:11:16:07 +0800] "POST /xingrg/kc/buy/cgsh_order_operate.html HTTP/1.1" 200 37
114.83.219.57 - - [07/Sep/2022:11:16:09 +0800] "GET /xingrg/all/function/internal_message.html?_=1662520646845&CODE_STATE=getMsg HTTP/1.1" 200 27
101.85.93.70 - - [07/Sep/2022:11:16:10 +0800] "GET /xingrg/javascript/jquery_easy_ui/themes/default/images/tabs_active.png HTTP/1.1" 304 -
114.88.158.224 - - [07/Sep/2022:11:16:10 +0800] "GET /xingrg/all/function/internal_message.html?_=1662520227530&CODE_STATE=getMsg HTTP/1.1" 200 27
114.88.158.224 - - [07/Sep/2022:11:16:10 +0800] "GET /xingrg/check_reg.html?_=1662520227531 HTTP/1.1" 200 22
180.169.147.146 - - [07/Sep/2022:11:16:11 +0800] "GET /xingrg/kc/buy/cgsh_order_operate.html?command=get_materiel&rest_code=00147&code=00101008197&supplier_code=00100006&order_time=2022-09-07 HTTP/1.1" 200 416
101.85.93.70 - - [07/Sep/2022:11:16:12 +0800] "GET /xingrg/kc/base/wldb_order_list.html HTTP/1.1" 200 19186
101.85.93.70 - - [07/Sep/2022:11:16:12 +0800] "GET /xingrg/javascript/easyui/themes/icons/check_new.png HTTP/1.1" 304 -
101.85.93.70 - - [07/Sep/2022:11:16:12 +0800] "GET /xingrg/javascript/easyui/themes/icons/cance_new.png HTTP/1.1" 304 -
101.83.241.167 - - [07/Sep/2022:11:16:12 +0800] "POST /xingrg/kc/buy/cgsh_order_operate.html HTTP/1.1" 200 12
101.85.93.70 - - [07/Sep/2022:11:16:12 +0800] "POST /xingrg/kc/base/wldb_list_operate.html HTTP/1.1" 200 1785
116.225.121.189 - - [07/Sep/2022:11:16:12 +0800] "GET /xingrg/all/function/internal_message.html?_=1662520434900&CODE_STATE=getMsg HTTP/1.1" 200 27
101.85.93.70 - - [07/Sep/2022:11:16:14 +0800] "GET /xingrg/all/function/internal_message.html?_=1662520570506&CODE_STATE=getMsg HTTP/1.1" 200 27
101.83.241.167 - - [07/Sep/2022:11:16:14 +0800] "GET /xingrg/kc/buy/cgsh_order_info.html?code=212022090702303 HTTP/1.1" 200 63568
101.83.241.167 - - [07/Sep/2022:11:16:14 +0800] "GET /xingrg/javascript/easyui/themes/default/validatebox.css HTTP/1.1" 404 1104
101.83.241.167 - - [07/Sep/2022:11:16:15 +0800] "POST /xingrg/kc/buy/cgsh_order_operate.html HTTP/1.1" 200 601
116.235.94.249 - - [07/Sep/2022:11:16:15 +0800] "GET /xingrg/all/function/internal_message.html?_=1662520766539&CODE_STATE=getMsg HTTP/1.1" 200 27
101.83.241.167 - - [07/Sep/2022:11:16:17 +0800] "GET /xingrg/kc/print/load_data.html?order_code=212022090702303&kc_code=cgsh&condition= HTTP/1.1" 200 772
180.169.147.146 - - [07/Sep/2022:11:16:17 +0800] "GET /xingrg/check_reg.html?_=1662520886483 HTTP/1.1" 302 -
180.169.147.146 - - [07/Sep/2022:11:16:17 +0800] "GET /xingrg/all/function/internal_message.html?_=1662520886484&CODE_STATE=getMsg HTTP/1.1" 302 -
116.224.255.128 - - [07/Sep/2022:11:16:19 +0800] "GET /xingrg/all/function/internal_message.html?_=1662520523745&CODE_STATE=getMsg HTTP/1.1" 200 27
222.70.246.221 - - [07/Sep/2022:11:16:20 +0800] "GET /xingrg/all/function/internal_message.html?_=1662520587911&CODE_STATE=getMsg HTTP/1.1" 200 27
101.83.241.167 - - [07/Sep/2022:11:16:25 +0800] "GET /xingrg/kc/buy/cgsh_order_add.html HTTP/1.1" 200 68663
116.224.123.211 - - [07/Sep/2022:11:16:25 +0800] "GET /xingrg/all/function/internal_message.html?_=1662520583689&CODE_STATE=getMsg HTTP/1.1" 200 27
101.83.241.167 - - [07/Sep/2022:11:16:26 +0800] "POST /xingrg/kc/buy/cgsh_order_operate.html HTTP/1.1" 200 8245
101.83.241.167 - - [07/Sep/2022:11:16:26 +0800] "GET /xingrg/javascript/easyui/themes/default/validatebox.css HTTP/1.1" 404 1104
180.169.147.146 - - [07/Sep/2022:11:16:28 +0800] "GET /xingrg/kc/buy/cgsh_order_operate.html?command=get_materiel&rest_code=00147&code=00101008069&supplier_code=00100006&order_time=2022-09-07 HTTP/1.1" 200 412
180.169.147.146 - - [07/Sep/2022:11:16:34 +0800] "GET /xingrg/all/function/internal_message.html?_=1662520587794&CODE_STATE=getMsg HTTP/1.1" 200 27
180.169.147.146 - - [07/Sep/2022:11:16:34 +0800] "GET /xingrg/check_reg.html?_=1662520587795 HTTP/1.1" 200 22
114.84.5.35 - - [07/Sep/2022:11:16:35 +0800] "GET /xingrg/all/function/internal_message.html?_=1662520591439&CODE_STATE=getMsg HTTP/1.1" 200 27
180.169.147.146 - - [07/Sep/2022:11:16:35 +0800] "GET /xingrg/kc/buy/cgsh_order_operate.html?command=get_materiel&rest_code=00147&code=00101008286&supplier_code=00100006&order_time=2022-09-07 HTTP/1.1" 200 408
124.79.74.72 - - [07/Sep/2022:11:16:36 +0800] "GET /xingrg/all/function/internal_message.html?_=1662520594248&CODE_STATE=getMsg HTTP/1.1" 200 27
124.79.74.72 - - [07/Sep/2022:11:16:36 +0800] "POST /xingrg/dwr/call/plaincall/AjaxQqpsService.removeMaterielItem.dwr HTTP/1.1" 200 78
116.224.255.128 - - [07/Sep/2022:11:16:37 +0800] "GET /xingrg/all/function/internal_message.html?_=1662520593452&CODE_STATE=getMsg HTTP/1.1" 200 27
58.39.35.118 - - [07/Sep/2022:11:16:38 +0800] "GET /xingrg/all/function/internal_message.html?_=1662520592136&CODE_STATE=getMsg HTTP/1.1" 200 27
124.79.74.72 - - [07/Sep/2022:11:16:39 +0800] "POST /xingrg/dwr/call/plaincall/AjaxQqpsService.saveOrder.dwr HTTP/1.1" 200 78
101.83.241.167 - - [07/Sep/2022:11:16:39 +0800] "GET /xingrg/all/function/internal_message.html?_=1662520597372&CODE_STATE=getMsg HTTP/1.1" 200 27
180.169.147.146 - - [07/Sep/2022:11:16:41 +0800] "GET /xingrg/kc/buy/cgsh_order_operate.html?command=get_materiel&rest_code=00147&code=00101008131&supplier_code=00100006&order_time=2022-09-07 HTTP/1.1" 200 408
61.170.235.55 - - [07/Sep/2022:11:16:43 +0800] "GET /xingrg/all/function/internal_message.html?_=1662520598756&CODE_STATE=getMsg HTTP/1.1" 200 27
180.169.147.146 - - [07/Sep/2022:11:16:44 +0800] "GET /xingrg/all/function/internal_message.html?_=1662520602072&CODE_STATE=getMsg HTTP/1.1" 200 27
180.169.147.146 - - [07/Sep/2022:11:16:44 +0800] "GET /xingrg/check_reg.html?_=1662520602076 HTTP/1.1" 200 22
61.170.235.55 - - [07/Sep/2022:11:16:45 +0800] "GET /xingrg/check_reg.html?_=1662520601139 HTTP/1.1" 200 22
124.79.74.72 - - [07/Sep/2022:11:16:45 +0800] "POST /xingrg/dwr/call/plaincall/AjaxQqpsService.checkOrder.dwr HTTP/1.1" 200 78
124.79.74.72 - - [07/Sep/2022:11:16:46 +0800] "GET /xingrg/kc/mdqp/qqps_order_info.html?code=302022090600114 HTTP/1.1" 200 26634
124.79.74.72 - - [07/Sep/2022:11:16:46 +0800] "GET /xingrg/dwr/interface/AjaxComOrderService.js HTTP/1.1" 200 18264
124.79.74.72 - - [07/Sep/2022:11:16:46 +0800] "GET /xingrg/dwr/interface/AjaxQqpsService.js HTTP/1.1" 200 16326
124.79.74.72 - - [07/Sep/2022:11:16:46 +0800] "GET /xingrg/dwr/engine.js HTTP/1.1" 200 43631
101.85.93.70 - - [07/Sep/2022:11:16:46 +0800] "POST /xingrg/kc/base/wldb_list_operate.html HTTP/1.1" 200 6236
124.79.74.72 - - [07/Sep/2022:11:16:46 +0800] "POST /xingrg/dwr/call/plaincall/AjaxQqpsService.loadMaterielItems.dwr HTTP/1.1" 200 1264
101.83.241.167 - - [07/Sep/2022:11:16:48 +0800] "GET /xingrg/kc/buy/cgsh_order_operate.html?command=get_materiel&rest_code=00149&code=00101012025&supplier_code=00100036&order_time=2022-09-06 HTTP/1.1" 200 412
114.84.81.136 - - [07/Sep/2022:11:16:49 +0800] "GET /xingrg/all/function/internal_message.html?_=1662520608492&CODE_STATE=getMsg HTTP/1.1" 200 27
114.84.81.136 - - [07/Sep/2022:11:16:49 +0800] "GET /xingrg/check_reg.html?_=1662520608496 HTTP/1.1" 200 22
116.225.121.189 - - [07/Sep/2022:11:17:01 +0800] "GET /xingrg/all/function/internal_message.html?_=1662520620558&CODE_STATE=getMsg HTTP/1.1" 200 27
116.225.121.189 - - [07/Sep/2022:11:17:01 +0800] "GET /xingrg/check_reg.html?_=1662520620636 HTTP/1.1" 200 22
58.40.7.146 - - [07/Sep/2022:11:17:02 +0800] "GET /xingrg/all/function/internal_message.html?_=1662520620753&CODE_STATE=getMsg HTTP/1.1" 200 27
114.83.219.57 - - [07/Sep/2022:11:17:09 +0800] "GET /xingrg/all/function/internal_message.html?_=1662520706849&CODE_STATE=getMsg HTTP/1.1" 200 27
114.88.158.224 - - [07/Sep/2022:11:17:10 +0800] "GET /xingrg/all/function/internal_message.html?_=1662520287530&CODE_STATE=getMsg HTTP/1.1" 200 27
116.225.121.189 - - [07/Sep/2022:11:17:12 +0800] "GET /xingrg/all/function/internal_message.html?_=1662520494879&CODE_STATE=getMsg HTTP/1.1" 200 27
101.85.93.70 - - [07/Sep/2022:11:17:14 +0800] "GET /xingrg/all/function/internal_message.html?_=1662520630504&CODE_STATE=getMsg HTTP/1.1" 200 27
116.235.94.249 - - [07/Sep/2022:11:17:15 +0800] "GET /xingrg/all/function/internal_message.html?_=1662520826537&CODE_STATE=getMsg HTTP/1.1" 200 27
180.169.147.146 - - [07/Sep/2022:11:17:17 +0800] "GET /xingrg/all/function/internal_message.html?_=1662520946494&CODE_STATE=getMsg HTTP/1.1" 302 -
58.40.7.146 - - [07/Sep/2022:11:17:18 +0800] "GET /xingrg/check_reg.html?_=1662520636160 HTTP/1.1" 200 22
116.224.255.128 - - [07/Sep/2022:11:17:19 +0800] "GET /xingrg/all/function/internal_message.html?_=1662520583759&CODE_STATE=getMsg HTTP/1.1" 200 27
114.84.81.136 - - [07/Sep/2022:11:17:20 +0800] "GET /xingrg/check_reg.html?_=1662520633370 HTTP/1.1" 200 22
222.70.246.221 - - [07/Sep/2022:11:17:20 +0800] "GET /xingrg/all/function/internal_message.html?_=1662520648470&CODE_STATE=getMsg HTTP/1.1" 200 27
58.40.7.146 - - [07/Sep/2022:11:17:25 +0800] "GET /favicon.ico HTTP/1.1" 404 -
116.224.123.211 - - [07/Sep/2022:11:17:25 +0800] "GET /xingrg/all/function/internal_message.html?_=1662520643676&CODE_STATE=getMsg HTTP/1.1" 200 27
180.169.147.146 - - [07/Sep/2022:11:17:34 +0800] "GET /xingrg/all/function/internal_message.html?_=1662520647796&CODE_STATE=getMsg HTTP/1.1" 200 27
114.84.5.35 - - [07/Sep/2022:11:17:35 +0800] "GET /xingrg/all/function/internal_message.html?_=1662520651436&CODE_STATE=getMsg HTTP/1.1" 200 27
114.84.5.35 - - [07/Sep/2022:11:17:35 +0800] "GET /xingrg/check_reg.html?_=1662520651439 HTTP/1.1" 200 22
124.79.74.72 - - [07/Sep/2022:11:17:36 +0800] "GET /xingrg/all/function/internal_message.html?_=1662520654236&CODE_STATE=getMsg HTTP/1.1" 200 27
116.224.255.128 - - [07/Sep/2022:11:17:37 +0800] "GET /xingrg/all/function/internal_message.html?_=1662520653435&CODE_STATE=getMsg HTTP/1.1" 200 27
58.39.35.118 - - [07/Sep/2022:11:17:38 +0800] "GET /xingrg/check_reg.html?_=1662520652136 HTTP/1.1" 200 22
58.39.35.118 - - [07/Sep/2022:11:17:38 +0800] "GET /xingrg/all/function/internal_message.html?_=1662520652139&CODE_STATE=getMsg HTTP/1.1" 200 27
101.83.241.167 - - [07/Sep/2022:11:17:39 +0800] "GET /xingrg/all/function/internal_message.html?_=1662520657360&CODE_STATE=getMsg HTTP/1.1" 200 27
61.170.235.55 - - [07/Sep/2022:11:17:42 +0800] "GET /xingrg/all/function/internal_message.html?_=1662520658734&CODE_STATE=getMsg HTTP/1.1" 200 27
180.169.147.146 - - [07/Sep/2022:11:17:44 +0800] "GET /xingrg/all/function/internal_message.html?_=1662520662070&CODE_STATE=getMsg HTTP/1.1" 200 27
114.84.81.136 - - [07/Sep/2022:11:17:49 +0800] "GET /xingrg/all/function/internal_message.html?_=1662520668496&CODE_STATE=getMsg HTTP/1.1" 200 27
180.169.147.146 - - [07/Sep/2022:11:18:01 +0800] "GET /xingrg/kc/buy/cgsh_order_operate.html?command=get_materiel&rest_code=00147&code=00101008296&supplier_code=00100006&order_time=2022-09-07 HTTP/1.1" 200 416
116.225.121.189 - - [07/Sep/2022:11:18:01 +0800] "GET /xingrg/all/function/internal_message.html?_=1662520680561&CODE_STATE=getMsg HTTP/1.1" 200 27
58.40.7.146 - - [07/Sep/2022:11:18:02 +0800] "GET /xingrg/all/function/internal_message.html?_=1662520680724&CODE_STATE=getMsg HTTP/1.1" 200 27
114.83.219.57 - - [07/Sep/2022:11:18:09 +0800] "GET /xingrg/all/function/internal_message.html?_=1662520766848&CODE_STATE=getMsg HTTP/1.1" 200 27
114.88.158.224 - - [07/Sep/2022:11:18:10 +0800] "GET /xingrg/all/function/internal_message.html?_=1662520347536&CODE_STATE=getMsg HTTP/1.1" 200 27
116.225.121.189 - - [07/Sep/2022:11:18:12 +0800] "GET /xingrg/check_reg.html?_=1662520554425 HTTP/1.1" 200 22
116.225.121.189 - - [07/Sep/2022:11:18:12 +0800] "GET /xingrg/all/function/internal_message.html?_=1662520554865&CODE_STATE=getMsg HTTP/1.1" 200 27
101.85.93.70 - - [07/Sep/2022:11:18:14 +0800] "GET /xingrg/all/function/internal_message.html?_=1662520690503&CODE_STATE=getMsg HTTP/1.1" 200 27
116.235.94.249 - - [07/Sep/2022:11:18:15 +0800] "GET /xingrg/all/function/internal_message.html?_=1662520886536&CODE_STATE=getMsg HTTP/1.1" 200 27
180.169.147.146 - - [07/Sep/2022:11:18:17 +0800] "GET /xingrg/all/function/internal_message.html?_=1662521006487&CODE_STATE=getMsg HTTP/1.1" 302 -
116.224.255.128 - - [07/Sep/2022:11:18:20 +0800] "GET /xingrg/all/function/internal_message.html?_=1662520643885&CODE_STATE=getMsg HTTP/1.1" 200 27
222.70.246.221 - - [07/Sep/2022:11:18:20 +0800] "GET /xingrg/all/function/internal_message.html?_=1662520708483&CODE_STATE=getMsg HTTP/1.1" 200 27
116.224.123.211 - - [07/Sep/2022:11:18:25 +0800] "GET /xingrg/all/function/internal_message.html?_=1662520703665&CODE_STATE=getMsg HTTP/1.1" 200 27
180.169.147.146 - - [07/Sep/2022:11:18:31 +0800] "GET /xingrg/kc/buy/cgsh_order_operate.html?command=get_materiel&rest_code=00147&code=00101008318&supplier_code=00100006&order_time=2022-09-07 HTTP/1.1" 200 408
180.169.147.146 - - [07/Sep/2022:11:18:34 +0800] "GET /xingrg/all/function/internal_message.html?_=1662520707797&CODE_STATE=getMsg HTTP/1.1" 200 27
114.84.5.35 - - [07/Sep/2022:11:18:35 +0800] "GET /xingrg/all/function/internal_message.html?_=1662520711431&CODE_STATE=getMsg HTTP/1.1" 200 27
124.79.74.72 - - [07/Sep/2022:11:18:36 +0800] "GET /xingrg/check_reg.html?_=1662520714222 HTTP/1.1" 200 22
124.79.74.72 - - [07/Sep/2022:11:18:36 +0800] "GET /xingrg/all/function/internal_message.html?_=1662520714222&CODE_STATE=getMsg HTTP/1.1" 200 27
116.224.255.128 - - [07/Sep/2022:11:18:37 +0800] "GET /xingrg/all/function/internal_message.html?_=1662520713428&CODE_STATE=getMsg HTTP/1.1" 200 27
58.39.35.118 - - [07/Sep/2022:11:18:38 +0800] "GET /xingrg/all/function/internal_message.html?_=1662520712127&CODE_STATE=getMsg HTTP/1.1" 200 27
101.83.241.167 - - [07/Sep/2022:11:18:39 +0800] "GET /xingrg/all/function/internal_message.html?_=1662520717332&CODE_STATE=getMsg HTTP/1.1" 200 27
101.83.241.167 - - [07/Sep/2022:11:18:40 +0800] "GET /xingrg/check_reg.html?_=1662520718331 HTTP/1.1" 200 22
61.170.235.55 - - [07/Sep/2022:11:18:43 +0800] "GET /xingrg/all/function/internal_message.html?_=1662520718709&CODE_STATE=getMsg HTTP/1.1" 200 27
222.70.246.221 - - [07/Sep/2022:11:18:44 +0800] "GET /xingrg/check_reg.html?_=1662520731719 HTTP/1.1" 200 22
180.169.147.146 - - [07/Sep/2022:11:18:44 +0800] "GET /xingrg/all/function/internal_message.html?_=1662520722071&CODE_STATE=getMsg HTTP/1.1" 200 27
114.84.81.136 - - [07/Sep/2022:11:18:49 +0800] "GET /xingrg/all/function/internal_message.html?_=1662520728495&CODE_STATE=getMsg HTTP/1.1" 200 27
116.225.121.189 - - [07/Sep/2022:11:19:01 +0800] "GET /xingrg/all/function/internal_message.html?_=1662520740587&CODE_STATE=getMsg HTTP/1.1" 200 27
