116.224.123.211 - - [07/Sep/2022:10:56:26 +0800] "GET /xingrg/all/function/internal_message.html?_=1662519383902&CODE_STATE=getMsg HTTP/1.1" 200 27
116.224.123.211 - - [07/Sep/2022:10:56:27 +0800] "GET /xingrg/kc/base/wldb_order_operate.html?command=get_materiel&rest_code=00102&base_code=0010476&code=00101019015 HTTP/1.1" 200 449
180.169.147.146 - - [07/Sep/2022:10:56:27 +0800] "GET /xingrg/all/function/internal_message.html?_=1662519381665&CODE_STATE=getMsg HTTP/1.1" 200 27
101.83.241.167 - - [07/Sep/2022:10:56:30 +0800] "GET /xingrg/kc/buy/cgsh_order_operate.html?command=get_materiel&rest_code=00149&code=00101009007&supplier_code=00100201&order_time=2022-09-06 HTTP/1.1" 200 408
61.170.235.55 - - [07/Sep/2022:10:56:36 +0800] "GET /xingrg/all/function/internal_message.html?_=1662519399220&CODE_STATE=getMsg HTTP/1.1" 200 27
124.79.74.72 - - [07/Sep/2022:10:56:36 +0800] "GET /xingrg/all/function/internal_message.html?_=1662519394230&CODE_STATE=getMsg HTTP/1.1" 200 27
116.224.255.128 - - [07/Sep/2022:10:56:37 +0800] "GET /xingrg/all/function/internal_message.html?_=1662519393755&CODE_STATE=getMsg HTTP/1.1" 200 27
116.224.123.211 - - [07/Sep/2022:10:56:39 +0800] "GET /xingrg/kc/base/wldb_order_operate.html?command=get_materiel&rest_code=00102&base_code=0010476&code=00101016076 HTTP/1.1" 200 476
101.83.241.167 - - [07/Sep/2022:10:56:40 +0800] "GET /xingrg/all/function/internal_message.html?_=1662519397581&CODE_STATE=getMsg HTTP/1.1" 200 27
61.170.235.55 - - [07/Sep/2022:10:56:43 +0800] "GET /xingrg/all/function/internal_message.html?_=1662519399148&CODE_STATE=getMsg HTTP/1.1" 200 27
180.169.147.146 - - [07/Sep/2022:10:56:44 +0800] "GET /xingrg/all/function/internal_message.html?_=1662519402074&CODE_STATE=getMsg HTTP/1.1" 200 27
180.169.147.146 - - [07/Sep/2022:10:56:44 +0800] "GET /xingrg/check_reg.html?_=1662519402079 HTTP/1.1" 200 22
101.83.241.167 - - [07/Sep/2022:10:56:44 +0800] "POST /xingrg/kc/buy/cgsh_order_operate.html HTTP/1.1" 200 37
61.170.235.55 - - [07/Sep/2022:10:56:45 +0800] "GET /xingrg/check_reg.html?_=1662519401217 HTTP/1.1" 200 22
101.83.241.167 - - [07/Sep/2022:10:56:49 +0800] "POST /xingrg/kc/buy/cgsh_order_operate.html HTTP/1.1" 200 12
116.224.123.211 - - [07/Sep/2022:10:56:50 +0800] "GET /xingrg/kc/base/wldb_order_operate.html?command=get_materiel&rest_code=00102&base_code=0010476&code=00101019253 HTTP/1.1" 200 481
101.83.241.167 - - [07/Sep/2022:10:56:59 +0800] "GET /xingrg/kc/buy/cgsh_order_info.html?code=212022090702286 HTTP/1.1" 200 63566
101.83.241.167 - - [07/Sep/2022:10:57:00 +0800] "GET /xingrg/javascript/easyui/themes/default/validatebox.css HTTP/1.1" 404 1104
101.83.241.167 - - [07/Sep/2022:10:57:01 +0800] "POST /xingrg/kc/buy/cgsh_order_operate.html HTTP/1.1" 200 2966
116.225.121.189 - - [07/Sep/2022:10:57:01 +0800] "GET /xingrg/all/function/internal_message.html?_=1662519420734&CODE_STATE=getMsg HTTP/1.1" 200 27
116.225.121.189 - - [07/Sep/2022:10:57:01 +0800] "GET /xingrg/check_reg.html?_=1662519420735 HTTP/1.1" 200 22
116.225.121.189 - - [07/Sep/2022:10:57:02 +0800] "POST /xingrg/kc/buy/cgsh_list_operate.html HTTP/1.1" 200 2403
101.83.241.167 - - [07/Sep/2022:10:57:02 +0800] "GET /xingrg/kc/print/load_data.html?order_code=212022090702286&kc_code=cgsh&condition= HTTP/1.1" 200 1606
58.40.7.146 - - [07/Sep/2022:10:57:03 +0800] "GET /xingrg/all/function/internal_message.html?_=1662519421123&CODE_STATE=getMsg HTTP/1.1" 200 27
101.83.241.167 - - [07/Sep/2022:10:57:06 +0800] "GET /xingrg/kc/buy/cgsh_order_add.html HTTP/1.1" 200 68663
101.83.241.167 - - [07/Sep/2022:10:57:07 +0800] "POST /xingrg/kc/buy/cgsh_order_operate.html HTTP/1.1" 200 8245
101.83.241.167 - - [07/Sep/2022:10:57:07 +0800] "GET /xingrg/javascript/easyui/themes/default/validatebox.css HTTP/1.1" 404 1104
114.83.219.57 - - [07/Sep/2022:10:57:09 +0800] "GET /xingrg/all/function/internal_message.html?_=1662519506845&CODE_STATE=getMsg HTTP/1.1" 200 27
101.83.241.167 - - [07/Sep/2022:10:57:09 +0800] "GET /xingrg/javascript/auto/indicator.gif HTTP/1.1" 404 1066
114.88.158.224 - - [07/Sep/2022:10:57:10 +0800] "GET /xingrg/all/function/internal_message.html?_=1662519087479&CODE_STATE=getMsg HTTP/1.1" 200 27
101.83.241.167 - - [07/Sep/2022:10:57:10 +0800] "GET /xingrg/javascript/jquery_tools/images/prev.gif HTTP/1.1" 404 1086
101.83.241.167 - - [07/Sep/2022:10:57:10 +0800] "GET /xingrg/javascript/jquery_tools/images/next.gif HTTP/1.1" 404 1086
116.225.121.189 - - [07/Sep/2022:10:57:13 +0800] "GET /xingrg/all/function/internal_message.html?_=1662519295251&CODE_STATE=getMsg HTTP/1.1" 200 27
61.170.235.55 - - [07/Sep/2022:10:57:15 +0800] "GET /xingrg/kc/base/wldb_order_operate.html?command=get_materiel&rest_code=00106&base_code=0010396&code=00101019185 HTTP/1.1" 200 467
116.235.94.249 - - [07/Sep/2022:10:57:15 +0800] "GET /xingrg/all/function/internal_message.html?_=1662519626506&CODE_STATE=getMsg HTTP/1.1" 200 27
222.70.246.221 - - [07/Sep/2022:10:57:16 +0800] "GET /xingrg/all/function/internal_message.html?_=1662519443970&CODE_STATE=getMsg HTTP/1.1" 200 27
114.84.81.136 - - [07/Sep/2022:10:57:17 +0800] "GET /xingrg/check_reg.html?_=1662519433429 HTTP/1.1" 200 22
180.169.147.146 - - [07/Sep/2022:10:57:17 +0800] "GET /xingrg/all/function/internal_message.html?_=1662519746391&CODE_STATE=getMsg HTTP/1.1" 200 27
58.40.7.146 - - [07/Sep/2022:10:57:18 +0800] "GET /xingrg/check_reg.html?_=1662519436143 HTTP/1.1" 200 22
116.224.255.128 - - [07/Sep/2022:10:57:19 +0800] "GET /xingrg/all/function/internal_message.html?_=1662519383035&CODE_STATE=getMsg HTTP/1.1" 200 27
61.170.235.55 - - [07/Sep/2022:10:57:23 +0800] "GET /xingrg/kc/base/wldb_order_operate.html?command=get_materiel&rest_code=00106&base_code=0010396&code=00101019071 HTTP/1.1" 200 471
116.224.123.211 - - [07/Sep/2022:10:57:26 +0800] "GET /xingrg/all/function/internal_message.html?_=1662519443880&CODE_STATE=getMsg HTTP/1.1" 200 27
116.225.121.189 - - [07/Sep/2022:10:57:27 +0800] "GET /xingrg/kc/buy/cgth_order_list.html HTTP/1.1" 200 52196
180.169.147.146 - - [07/Sep/2022:10:57:27 +0800] "GET /xingrg/all/function/internal_message.html?_=1662519441667&CODE_STATE=getMsg HTTP/1.1" 200 27
116.225.121.189 - - [07/Sep/2022:10:57:28 +0800] "POST /xingrg/kc/buy/cgth_list_operate.html HTTP/1.1" 200 1035
61.170.235.55 - - [07/Sep/2022:10:57:30 +0800] "GET /xingrg/kc/base/wldb_order_operate.html?command=get_materiel&rest_code=00106&base_code=0010396&code=00101019289 HTTP/1.1" 200 469
222.70.246.221 - - [07/Sep/2022:10:57:31 +0800] "GET /xingrg/kc/buy/cgsh_order_add.html HTTP/1.1" 200 68537
116.225.121.189 - - [07/Sep/2022:10:57:31 +0800] "GET /xingrg/dwr/interface/AjaxComOrderService.js HTTP/1.1" 200 18264
116.225.121.189 - - [07/Sep/2022:10:57:31 +0800] "GET /xingrg/kc/buy/cgth_order_add.html HTTP/1.1" 200 70676
116.225.121.189 - - [07/Sep/2022:10:57:31 +0800] "GET /xingrg/dwr/interface/AjaxCgthService.js HTTP/1.1" 200 14519
116.225.121.189 - - [07/Sep/2022:10:57:31 +0800] "GET /xingrg/dwr/engine.js HTTP/1.1" 200 43631
116.225.121.189 - - [07/Sep/2022:10:57:31 +0800] "POST /xingrg/all/common/load_tree.html?tree=supplier_tree_json&isDelete=1 HTTP/1.1" 200 68222
222.70.246.221 - - [07/Sep/2022:10:57:32 +0800] "POST /xingrg/kc/buy/cgsh_order_operate.html HTTP/1.1" 200 8245
222.70.246.221 - - [07/Sep/2022:10:57:33 +0800] "GET /xingrg/javascript/easyui/themes/default/validatebox.css HTTP/1.1" 404 1104
61.170.235.55 - - [07/Sep/2022:10:57:36 +0800] "GET /xingrg/all/function/internal_message.html?_=1662519459221&CODE_STATE=getMsg HTTP/1.1" 200 27
124.79.74.72 - - [07/Sep/2022:10:57:36 +0800] "GET /xingrg/all/function/internal_message.html?_=1662519454236&CODE_STATE=getMsg HTTP/1.1" 200 27
101.83.241.167 - - [07/Sep/2022:10:57:37 +0800] "GET /xingrg/kc/buy/cgsh_order_operate.html?command=get_materiel&rest_code=00149&code=00101002041&supplier_code=00100039&order_time=2022-09-07 HTTP/1.1" 200 409
61.170.235.55 - - [07/Sep/2022:10:57:37 +0800] "GET /xingrg/kc/base/wldb_order_operate.html?command=get_materiel&rest_code=00106&base_code=0010396&code=00101019243 HTTP/1.1" 200 465
116.224.255.128 - - [07/Sep/2022:10:57:37 +0800] "GET /xingrg/all/function/internal_message.html?_=1662519453740&CODE_STATE=getMsg HTTP/1.1" 200 27
101.83.241.167 - - [07/Sep/2022:10:57:40 +0800] "GET /xingrg/all/function/internal_message.html?_=1662519457602&CODE_STATE=getMsg HTTP/1.1" 200 27
116.224.123.211 - - [07/Sep/2022:10:57:40 +0800] "GET /xingrg/kc/base/wldb_order_operate.html?command=get_materiel&rest_code=00102&base_code=0010476&code=00101019951 HTTP/1.1" 200 440
61.170.235.55 - - [07/Sep/2022:10:57:43 +0800] "GET /xingrg/all/function/internal_message.html?_=1662519459144&CODE_STATE=getMsg HTTP/1.1" 200 27
180.169.147.146 - - [07/Sep/2022:10:57:44 +0800] "GET /xingrg/all/function/internal_message.html?_=1662519462078&CODE_STATE=getMsg HTTP/1.1" 200 27
116.225.121.189 - - [07/Sep/2022:10:57:47 +0800] "POST /xingrg/kc/buy/cgth_list_operate.html HTTP/1.1" 200 2908
101.83.241.167 - - [07/Sep/2022:10:57:50 +0800] "GET /xingrg/kc/buy/cgsh_order_operate.html?command=get_materiel&rest_code=00149&code=00101002027&supplier_code=00100039&order_time=2022-09-07 HTTP/1.1" 200 415
222.70.246.221 - - [07/Sep/2022:10:57:51 +0800] "GET /xingrg/kc/buy/cgsh_order_operate.html?command=get_materiel&rest_code=00146&code=00101009050&supplier_code=00100023&order_time=2022-09-07 HTTP/1.1" 200 408
61.170.235.55 - - [07/Sep/2022:10:57:52 +0800] "POST /xingrg/kc/base/wldb_order_operate.html HTTP/1.1" 200 37
61.170.235.55 - - [07/Sep/2022:10:57:53 +0800] "POST /xingrg/kc/base/wldb_order_operate.html HTTP/1.1" 200 4715
61.170.235.55 - - [07/Sep/2022:10:57:53 +0800] "GET /xingrg/kc/base/wldb_order_info.html?code=422022090700553 HTTP/1.1" 200 30413
61.170.235.55 - - [07/Sep/2022:10:57:54 +0800] "GET /xingrg/javascript/easyui/themes/default/validatebox.css HTTP/1.1" 404 1104
61.170.235.55 - - [07/Sep/2022:10:57:54 +0800] "POST /xingrg/kc/base/wldb_order_operate.html HTTP/1.1" 200 4715
116.225.121.189 - - [07/Sep/2022:10:58:01 +0800] "GET /xingrg/all/function/internal_message.html?_=1662519480583&CODE_STATE=getMsg HTTP/1.1" 200 27
58.40.7.146 - - [07/Sep/2022:10:58:03 +0800] "GET /xingrg/all/function/internal_message.html?_=1662519481099&CODE_STATE=getMsg HTTP/1.1" 200 27
116.224.123.211 - - [07/Sep/2022:10:58:05 +0800] "GET /xingrg/kc/base/wldb_order_operate.html?command=get_materiel&rest_code=00102&base_code=0010476&code=00101019306 HTTP/1.1" 200 478
114.83.219.57 - - [07/Sep/2022:10:58:09 +0800] "GET /xingrg/all/function/internal_message.html?_=1662519566845&CODE_STATE=getMsg HTTP/1.1" 200 27
222.70.246.221 - - [07/Sep/2022:10:58:10 +0800] "GET /xingrg/kc/buy/cgsh_order_operate.html?command=get_materiel&rest_code=00146&code=00101009062&supplier_code=00100023&order_time=2022-09-07 HTTP/1.1" 200 412
101.83.241.167 - - [07/Sep/2022:10:58:10 +0800] "GET /xingrg/kc/buy/cgsh_order_operate.html?command=get_materiel&rest_code=00149&code=00101005045&supplier_code=00100039&order_time=2022-09-07 HTTP/1.1" 200 409
61.170.235.55 - - [07/Sep/2022:10:58:10 +0800] "GET /xingrg/kc/base/wldb_order_add.html HTTP/1.1" 200 30398
114.88.158.224 - - [07/Sep/2022:10:58:10 +0800] "GET /xingrg/all/function/internal_message.html?_=1662519147474&CODE_STATE=getMsg HTTP/1.1" 200 27
61.170.235.55 - - [07/Sep/2022:10:58:11 +0800] "GET /xingrg/javascript/easyui/themes/default/validatebox.css HTTP/1.1" 404 1104
61.170.235.55 - - [07/Sep/2022:10:58:11 +0800] "POST /xingrg/kc/base/wldb_order_operate.html HTTP/1.1" 200 6806
61.170.235.55 - - [07/Sep/2022:10:58:12 +0800] "POST /xingrg/all/common/load_combo.html?type=base HTTP/1.1" 200 3227
116.225.121.189 - - [07/Sep/2022:10:58:12 +0800] "GET /xingrg/check_reg.html?_=1662519354420 HTTP/1.1" 200 22
116.225.121.189 - - [07/Sep/2022:10:58:13 +0800] "GET /xingrg/all/function/internal_message.html?_=1662519355230&CODE_STATE=getMsg HTTP/1.1" 200 27
61.170.235.55 - - [07/Sep/2022:10:58:14 +0800] "POST /xingrg/all/common/load_combo.html?type=base HTTP/1.1" 200 3227
116.235.94.249 - - [07/Sep/2022:10:58:15 +0800] "GET /xingrg/all/function/internal_message.html?_=1662519686505&CODE_STATE=getMsg HTTP/1.1" 200 27
222.70.246.221 - - [07/Sep/2022:10:58:17 +0800] "GET /xingrg/all/function/internal_message.html?_=1662519504860&CODE_STATE=getMsg HTTP/1.1" 200 27
180.169.147.146 - - [07/Sep/2022:10:58:17 +0800] "GET /xingrg/all/function/internal_message.html?_=1662519806405&CODE_STATE=getMsg HTTP/1.1" 200 27
180.169.147.146 - - [07/Sep/2022:10:58:18 +0800] "GET /xingrg/logout.do HTTP/1.1" 302 -
180.169.147.146 - - [07/Sep/2022:10:58:18 +0800] "GET /xingrg/login.html?sysBaseUrl=http%3A%2F%2F180.169.147.146%3A18081%2Fxingrg%2F&costTime=29×tamp=1662519498762 HTTP/1.1" 200 7641
116.224.255.128 - - [07/Sep/2022:10:58:19 +0800] "GET /xingrg/all/function/internal_message.html?_=1662519443162&CODE_STATE=getMsg HTTP/1.1" 200 27
116.224.123.211 - - [07/Sep/2022:10:58:21 +0800] "POST /xingrg/kc/base/wldb_order_operate.html HTTP/1.1" 200 37
180.169.147.146 - - [07/Sep/2022:10:58:24 +0800] "POST /xingrg/login.do HTTP/1.1" 302 -
180.169.147.146 - - [07/Sep/2022:10:58:24 +0800] "GET /xingrg/index.html?sysBaseUrl=http%3A%2F%2F180.169.147.146%3A18081%2Fxingrg%2F&costTime=101×tamp=1662519504130 HTTP/1.1" 200 17173
180.169.147.146 - - [07/Sep/2022:10:58:24 +0800] "POST /xingrg/login.do HTTP/1.1" 302 -
180.169.147.146 - - [07/Sep/2022:10:58:24 +0800] "GET /xingrg/index.html?sysBaseUrl=http%3A%2F%2F180.169.147.146%3A18081%2Fxingrg%2F&costTime=84×tamp=1662519504267 HTTP/1.1" 200 17173
222.70.246.221 - - [07/Sep/2022:10:58:24 +0800] "GET /xingrg/kc/buy/cgsh_order_operate.html?command=get_materiel&rest_code=00146&code=00101009011&supplier_code=00100023&order_time=2022-09-07 HTTP/1.1" 200 416
180.169.147.146 - - [07/Sep/2022:10:58:24 +0800] "POST /xingrg/all/common/load_tree.html?tree=area_rest_tree_json&manage=1 HTTP/1.1" 200 342
180.169.147.146 - - [07/Sep/2022:10:58:24 +0800] "GET /xingrg/all/function/internal_message.html?_=1662519498151&CODE_STATE=count HTTP/1.1" 200 11
180.169.147.146 - - [07/Sep/2022:10:58:24 +0800] "GET /xingrg/check_reg.html?_=1662519498151 HTTP/1.1" 200 22
180.169.147.146 - - [07/Sep/2022:10:58:24 +0800] "POST /xingrg/load_menu.html HTTP/1.1" 200 5138
116.224.123.211 - - [07/Sep/2022:10:58:26 +0800] "GET /xingrg/all/function/internal_message.html?_=1662519503868&CODE_STATE=getMsg HTTP/1.1" 200 27
180.169.147.146 - - [07/Sep/2022:10:58:26 +0800] "GET /xingrg/kc/buy/buy_main.html HTTP/1.1" 200 12412
180.169.147.146 - - [07/Sep/2022:10:58:26 +0800] "GET /xingrg/css/new_ie.css HTTP/1.1" 404 1036
116.224.123.211 - - [07/Sep/2022:10:58:26 +0800] "POST /xingrg/kc/base/wldb_order_operate.html HTTP/1.1" 200 12
116.224.123.211 - - [07/Sep/2022:10:58:26 +0800] "POST /xingrg/kc/base/wldb_order_operate.html HTTP/1.1" 200 4693
180.169.147.146 - - [07/Sep/2022:10:58:27 +0800] "GET /xingrg/kc/buy/cgsh_order_list.html HTTP/1.1" 200 52793
101.83.241.167 - - [07/Sep/2022:10:58:27 +0800] "GET /xingrg/kc/buy/cgsh_order_operate.html?command=get_materiel&rest_code=00149&code=00101010161&supplier_code=00100039&order_time=2022-09-07 HTTP/1.1" 200 411
61.170.235.55 - - [07/Sep/2022:10:58:27 +0800] "GET /xingrg/kc/base/wldb_order_operate.html?command=get_materiel&rest_code=00106&base_code=0010396&code=00101019492 HTTP/1.1" 200 458
180.169.147.146 - - [07/Sep/2022:10:58:28 +0800] "POST /xingrg/kc/buy/cgsh_list_operate.html HTTP/1.1" 200 752
116.224.123.211 - - [07/Sep/2022:10:58:29 +0800] "GET /xingrg/kc/base/wldb_order_info.html?code=422022090700554 HTTP/1.1" 200 26267
116.224.123.211 - - [07/Sep/2022:10:58:29 +0800] "GET /xingrg/javascript/easyui/themes/default/validatebox.css HTTP/1.1" 404 1104
116.224.123.211 - - [07/Sep/2022:10:58:30 +0800] "POST /xingrg/kc/base/wldb_order_operate.html HTTP/1.1" 200 2933
61.170.235.55 - - [07/Sep/2022:10:58:32 +0800] "GET /xingrg/kc/base/wldb_order_operate.html?command=get_materiel&rest_code=00106&base_code=0010396&code=00101019295 HTTP/1.1" 200 477
116.224.123.211 - - [07/Sep/2022:10:58:32 +0800] "GET /xingrg/kc/base/wldb_order_add.html HTTP/1.1" 200 30390
116.224.123.211 - - [07/Sep/2022:10:58:33 +0800] "POST /xingrg/kc/base/wldb_order_operate.html HTTP/1.1" 200 6806
116.224.123.211 - - [07/Sep/2022:10:58:33 +0800] "GET /xingrg/javascript/easyui/themes/default/validatebox.css HTTP/1.1" 404 1104
116.224.123.211 - - [07/Sep/2022:10:58:34 +0800] "POST /xingrg/all/common/load_combo.html?type=base HTTP/1.1" 200 3321
180.169.147.146 - - [07/Sep/2022:10:58:36 +0800] "POST /xingrg/kc/buy/cgsh_list_operate.html HTTP/1.1" 200 5253
61.170.235.55 - - [07/Sep/2022:10:58:36 +0800] "GET /xingrg/all/function/internal_message.html?_=1662519519206&CODE_STATE=getMsg HTTP/1.1" 200 27
124.79.74.72 - - [07/Sep/2022:10:58:36 +0800] "GET /xingrg/check_reg.html?_=1662519514238 HTTP/1.1" 200 22
124.79.74.72 - - [07/Sep/2022:10:58:36 +0800] "GET /xingrg/all/function/internal_message.html?_=1662519514239&CODE_STATE=getMsg HTTP/1.1" 200 27
116.224.123.211 - - [07/Sep/2022:10:58:37 +0800] "POST /xingrg/all/common/load_combo.html?type=base HTTP/1.1" 200 3321
116.224.255.128 - - [07/Sep/2022:10:58:37 +0800] "GET /xingrg/all/function/internal_message.html?_=1662519513724&CODE_STATE=getMsg HTTP/1.1" 200 27
180.169.147.146 - - [07/Sep/2022:10:58:38 +0800] "POST /xingrg/kc/buy/cgsh_list_operate.html HTTP/1.1" 200 205
101.83.241.167 - - [07/Sep/2022:10:58:40 +0800] "GET /xingrg/all/function/internal_message.html?_=1662519517574&CODE_STATE=getMsg HTTP/1.1" 200 27
101.83.241.167 - - [07/Sep/2022:10:58:40 +0800] "GET /xingrg/check_reg.html?_=1662519518265 HTTP/1.1" 200 22
61.170.235.55 - - [07/Sep/2022:10:58:40 +0800] "GET /xingrg/kc/base/wldb_order_operate.html?command=get_materiel&rest_code=00106&base_code=0010396&code=00101019448 HTTP/1.1" 200 482
101.83.241.167 - - [07/Sep/2022:10:58:41 +0800] "GET /xingrg/kc/buy/cgsh_order_operate.html?command=get_materiel&rest_code=00149&code=00101005037&supplier_code=00100039&order_time=2022-09-07 HTTP/1.1" 200 409
222.70.246.221 - - [07/Sep/2022:10:58:42 +0800] "GET /xingrg/check_reg.html?_=1662519530555 HTTP/1.1" 200 22
61.170.235.55 - - [07/Sep/2022:10:58:43 +0800] "GET /xingrg/all/function/internal_message.html?_=1662519519100&CODE_STATE=getMsg HTTP/1.1" 200 27
180.169.147.146 - - [07/Sep/2022:10:58:44 +0800] "GET /xingrg/all/function/internal_message.html?_=1662519522070&CODE_STATE=getMsg HTTP/1.1" 200 27
180.169.147.146 - - [07/Sep/2022:10:58:44 +0800] "GET /xingrg/kc/buy/cgsh_order_info.html?code=212022082809715 HTTP/1.1" 200 63542
180.169.147.146 - - [07/Sep/2022:10:58:44 +0800] "GET /xingrg/javascript/easyui/themes/default/validatebox.css HTTP/1.1" 404 1104
180.169.147.146 - - [07/Sep/2022:10:58:45 +0800] "POST /xingrg/kc/buy/cgsh_order_operate.html HTTP/1.1" 200 612
222.70.246.221 - - [07/Sep/2022:10:58:46 +0800] "GET /xingrg/kc/buy/cgsh_order_operate.html?command=get_materiel&rest_code=00146&code=00101009015&supplier_code=00100023&order_time=2022-09-07 HTTP/1.1" 200 416
61.170.235.55 - - [07/Sep/2022:10:58:50 +0800] "GET /xingrg/kc/base/wldb_order_operate.html?command=get_materiel&rest_code=00106&base_code=0010396&code=00101019358 HTTP/1.1" 200 460
101.83.241.167 - - [07/Sep/2022:10:58:52 +0800] "GET /xingrg/kc/buy/cgsh_order_operate.html?command=get_materiel&rest_code=00149&code=00101001061&supplier_code=00100039&order_time=2022-09-07 HTTP/1.1" 200 417
116.224.123.211 - - [07/Sep/2022:10:58:54 +0800] "GET /xingrg/kc/base/wldb_order_operate.html?command=get_materiel&rest_code=00102&base_code=0010476&code=00101019238 HTTP/1.1" 200 468
61.170.235.55 - - [07/Sep/2022:10:58:56 +0800] "GET /xingrg/kc/base/wldb_order_operate.html?command=get_materiel&rest_code=00106&base_code=0010396&code=00101019476 HTTP/1.1" 200 480
116.224.123.211 - - [07/Sep/2022:10:59:01 +0800] "GET /xingrg/kc/base/wldb_order_operate.html?command=get_materiel&rest_code=00102&base_code=0010476&code=00101019108 HTTP/1.1" 200 477
116.225.121.189 - - [07/Sep/2022:10:59:01 +0800] "GET /xingrg/all/function/internal_message.html?_=1662519540544&CODE_STATE=getMsg HTTP/1.1" 200 27
58.40.7.146 - - [07/Sep/2022:10:59:03 +0800] "GET /xingrg/all/function/internal_message.html?_=1662519541087&CODE_STATE=getMsg HTTP/1.1" 200 27
101.83.241.167 - - [07/Sep/2022:10:59:05 +0800] "POST /xingrg/kc/buy/cgsh_order_operate.html HTTP/1.1" 200 37
180.169.147.146 - - [07/Sep/2022:10:59:06 +0800] "POST /xingrg/kc/buy/cgsh_list_operate.html HTTP/1.1" 200 4611
180.169.147.146 - - [07/Sep/2022:10:59:08 +0800] "POST /xingrg/kc/buy/cgsh_list_operate.html HTTP/1.1" 200 205
114.83.219.57 - - [07/Sep/2022:10:59:09 +0800] "GET /xingrg/all/function/internal_message.html?_=1662519626836&CODE_STATE=getMsg HTTP/1.1" 200 27
114.83.219.57 - - [07/Sep/2022:10:59:09 +0800] "GET /xingrg/check_reg.html?_=1662519626839 HTTP/1.1" 200 22
114.88.158.224 - - [07/Sep/2022:10:59:10 +0800] "GET /xingrg/all/function/internal_message.html?_=1662519207482&CODE_STATE=getMsg HTTP/1.1" 200 27
180.156.225.30 - - [07/Sep/2022:10:59:11 +0800] "GET /favicon.ico HTTP/1.1" 404 -
180.169.147.146 - - [07/Sep/2022:10:59:11 +0800] "POST /xingrg/kc/buy/cgsh_list_operate.html HTTP/1.1" 200 597
116.225.121.189 - - [07/Sep/2022:10:59:13 +0800] "GET /xingrg/all/function/internal_message.html?_=1662519415209&CODE_STATE=getMsg HTTP/1.1" 200 27
116.224.123.211 - - [07/Sep/2022:10:59:13 +0800] "POST /xingrg/kc/base/wldb_order_operate.html HTTP/1.1" 200 37
180.169.147.146 - - [07/Sep/2022:10:59:15 +0800] "POST /xingrg/kc/buy/cgsh_list_operate.html HTTP/1.1" 200 565
222.70.246.221 - - [07/Sep/2022:10:59:15 +0800] "GET /xingrg/kc/buy/cgsh_order_operate.html?command=get_materiel&rest_code=00146&code=00101009007&supplier_code=00100023&order_time=2022-09-07 HTTP/1.1" 200 408
116.235.94.249 - - [07/Sep/2022:10:59:15 +0800] "GET /xingrg/all/function/internal_message.html?_=1662519746504&CODE_STATE=getMsg HTTP/1.1" 200 27
116.224.123.211 - - [07/Sep/2022:10:59:15 +0800] "POST /xingrg/kc/base/wldb_order_operate.html HTTP/1.1" 200 12
116.224.123.211 - - [07/Sep/2022:10:59:15 +0800] "POST /xingrg/kc/base/wldb_order_operate.html HTTP/1.1" 200 2718
222.70.246.221 - - [07/Sep/2022:10:59:17 +0800] "GET /xingrg/all/function/internal_message.html?_=1662519564872&CODE_STATE=getMsg HTTP/1.1" 200 27
180.169.147.146 - - [07/Sep/2022:10:59:17 +0800] "GET /xingrg/all/function/internal_message.html?_=1662519866395&CODE_STATE=getMsg HTTP/1.1" 302 -
101.83.241.167 - - [07/Sep/2022:10:59:18 +0800] "POST /xingrg/kc/buy/cgsh_order_operate.html HTTP/1.1" 200 12
116.224.123.211 - - [07/Sep/2022:10:59:18 +0800] "GET /xingrg/kc/base/wldb_order_info.html?code=422022090700555 HTTP/1.1" 200 26266
116.224.123.211 - - [07/Sep/2022:10:59:18 +0800] "GET /xingrg/javascript/easyui/themes/default/validatebox.css HTTP/1.1" 404 1104
116.224.123.211 - - [07/Sep/2022:10:59:19 +0800] "POST /xingrg/kc/base/wldb_order_operate.html HTTP/1.1" 200 1001
116.224.255.128 - - [07/Sep/2022:10:59:19 +0800] "GET /xingrg/all/function/internal_message.html?_=1662519503171&CODE_STATE=getMsg HTTP/1.1" 200 27
180.169.147.146 - - [07/Sep/2022:10:59:20 +0800] "POST /xingrg/kc/buy/cgsh_list_operate.html HTTP/1.1" 200 205
61.170.235.55 - - [07/Sep/2022:10:59:20 +0800] "POST /xingrg/kc/base/wldb_order_operate.html HTTP/1.1" 200 37
61.170.235.55 - - [07/Sep/2022:10:59:20 +0800] "POST /xingrg/kc/base/wldb_order_operate.html HTTP/1.1" 200 4229
61.170.235.55 - - [07/Sep/2022:10:59:21 +0800] "GET /xingrg/kc/base/wldb_order_info.html?code=422022090700556 HTTP/1.1" 200 30413
101.83.241.167 - - [07/Sep/2022:10:59:21 +0800] "GET /xingrg/kc/buy/cgsh_order_info.html?code=212022090702287 HTTP/1.1" 200 63566
61.170.235.55 - - [07/Sep/2022:10:59:21 +0800] "GET /xingrg/javascript/easyui/themes/default/validatebox.css HTTP/1.1" 404 1104
101.83.241.167 - - [07/Sep/2022:10:59:21 +0800] "GET /xingrg/javascript/easyui/themes/default/validatebox.css HTTP/1.1" 404 1104
61.170.235.55 - - [07/Sep/2022:10:59:22 +0800] "POST /xingrg/kc/base/wldb_order_operate.html HTTP/1.1" 200 4229
101.83.241.167 - - [07/Sep/2022:10:59:22 +0800] "POST /xingrg/kc/buy/cgsh_order_operate.html HTTP/1.1" 200 3570
116.224.123.211 - - [07/Sep/2022:10:59:23 +0800] "GET /xingrg/kc/base/wldb_order_add.html HTTP/1.1" 200 30390
116.224.123.211 - - [07/Sep/2022:10:59:23 +0800] "POST /xingrg/kc/base/wldb_order_operate.html HTTP/1.1" 200 6806
116.224.123.211 - - [07/Sep/2022:10:59:23 +0800] "GET /xingrg/javascript/easyui/themes/default/validatebox.css HTTP/1.1" 404 1104
180.169.147.146 - - [07/Sep/2022:10:59:24 +0800] "GET /xingrg/all/function/internal_message.html?_=1662519558154&CODE_STATE=getMsg HTTP/1.1" 200 27
116.224.123.211 - - [07/Sep/2022:10:59:25 +0800] "POST /xingrg/all/common/load_combo.html?type=base HTTP/1.1" 200 3321
116.224.123.211 - - [07/Sep/2022:10:59:26 +0800] "GET /xingrg/all/function/internal_message.html?_=1662519563851&CODE_STATE=getMsg HTTP/1.1" 200 27
116.224.123.211 - - [07/Sep/2022:10:59:26 +0800] "GET /xingrg/check_reg.html?_=1662519564584 HTTP/1.1" 200 22
116.224.123.211 - - [07/Sep/2022:10:59:27 +0800] "POST /xingrg/all/common/load_combo.html?type=base HTTP/1.1" 200 3321
101.83.241.167 - - [07/Sep/2022:10:59:28 +0800] "GET /xingrg/kc/print/load_data.html?order_code=212022090702287&kc_code=cgsh&condition= HTTP/1.1" 200 1852
61.170.235.55 - - [07/Sep/2022:10:59:36 +0800] "GET /xingrg/all/function/internal_message.html?_=1662519579208&CODE_STATE=getMsg HTTP/1.1" 200 27
61.170.235.55 - - [07/Sep/2022:10:59:36 +0800] "GET /xingrg/check_reg.html?_=1662519579210 HTTP/1.1" 200 22
124.79.74.72 - - [07/Sep/2022:10:59:36 +0800] "GET /xingrg/all/function/internal_message.html?_=1662519574224&CODE_STATE=getMsg HTTP/1.1" 200 27
101.83.241.167 - - [07/Sep/2022:10:59:36 +0800] "GET /xingrg/kc/buy/cgsh_order_add.html HTTP/1.1" 200 68663
101.83.241.167 - - [07/Sep/2022:10:59:37 +0800] "POST /xingrg/kc/buy/cgsh_order_operate.html HTTP/1.1" 200 8245
101.83.241.167 - - [07/Sep/2022:10:59:37 +0800] "GET /xingrg/javascript/easyui/themes/default/validatebox.css HTTP/1.1" 404 1104
116.224.255.128 - - [07/Sep/2022:10:59:37 +0800] "GET /xingrg/all/function/internal_message.html?_=1662519573710&CODE_STATE=getMsg HTTP/1.1" 200 27
116.224.123.211 - - [07/Sep/2022:10:59:37 +0800] "GET /xingrg/kc/base/wldb_order_operate.html?command=get_materiel&rest_code=00102&base_code=0010476&code=00101019134 HTTP/1.1" 200 479
101.83.241.167 - - [07/Sep/2022:10:59:40 +0800] "GET /xingrg/all/function/internal_message.html?_=1662519577568&CODE_STATE=getMsg HTTP/1.1" 200 27
116.224.123.211 - - [07/Sep/2022:10:59:42 +0800] "GET /xingrg/kc/base/wldb_order_operate.html?command=get_materiel&rest_code=00102&base_code=0010476&code=00101019430 HTTP/1.1" 200 477
61.170.235.55 - - [07/Sep/2022:10:59:43 +0800] "GET /xingrg/all/function/internal_message.html?_=1662519579117&CODE_STATE=getMsg HTTP/1.1" 200 27
180.169.147.146 - - [07/Sep/2022:10:59:44 +0800] "GET /xingrg/all/function/internal_message.html?_=1662519582059&CODE_STATE=getMsg HTTP/1.1" 200 27
101.85.93.70 - - [07/Sep/2022:10:59:52 +0800] "GET /favicon.ico HTTP/1.1" 404 -
101.83.241.167 - - [07/Sep/2022:10:59:53 +0800] "GET /xingrg/javascript/auto/indicator.gif HTTP/1.1" 404 1066
101.83.241.167 - - [07/Sep/2022:10:59:54 +0800] "GET /xingrg/javascript/jquery_tools/images/prev.gif HTTP/1.1" 404 1086
101.83.241.167 - - [07/Sep/2022:10:59:54 +0800] "GET /xingrg/javascript/jquery_tools/images/next.gif HTTP/1.1" 404 1086
101.85.93.70 - - [07/Sep/2022:10:59:54 +0800] "GET /xingrg/login.html HTTP/1.1" 200 7641
101.85.93.70 - - [07/Sep/2022:10:59:54 +0800] "GET /xingrg/images/blue/jxLogo.png HTTP/1.1" 304 -
101.85.93.70 - - [07/Sep/2022:10:59:55 +0800] "GET /xingrg/images/blue/login_bg.png HTTP/1.1" 304 -
101.85.93.70 - - [07/Sep/2022:10:59:55 +0800] "GET /xingrg/images/blue/hj.png HTTP/1.1" 304 -
101.85.93.70 - - [07/Sep/2022:10:59:55 +0800] "GET /xingrg/images/blue/srbg.png HTTP/1.1" 304 -
116.224.123.211 - - [07/Sep/2022:10:59:56 +0800] "GET /xingrg/kc/base/wldb_order_operate.html?command=get_materiel&rest_code=00102&base_code=0010476&code=00101019079 HTTP/1.1" 200 479
101.85.93.70 - - [07/Sep/2022:10:59:56 +0800] "GET /favicon.ico HTTP/1.1" 404 -
116.224.123.211 - - [07/Sep/2022:11:00:00 +0800] "GET /xingrg/kc/base/wldb_order_operate.html?command=get_materiel&rest_code=00102&base_code=0010476&code=00101019183 HTTP/1.1" 200 448
116.225.121.189 - - [07/Sep/2022:11:00:01 +0800] "GET /xingrg/all/function/internal_message.html?_=1662519600556&CODE_STATE=getMsg HTTP/1.1" 200 27
101.83.241.167 - - [07/Sep/2022:11:00:02 +0800] "GET /xingrg/kc/buy/cgsh_order_operate.html?command=get_materiel&rest_code=00149&code=00101002041&supplier_code=00100039&order_time=2022-09-06 HTTP/1.1" 200 411
58.40.7.146 - - [07/Sep/2022:11:00:03 +0800] "GET /xingrg/all/function/internal_message.html?_=1662519601072&CODE_STATE=getMsg HTTP/1.1" 200 27
222.70.246.221 - - [07/Sep/2022:11:00:04 +0800] "GET /xingrg/kc/buy/cgsh_order_operate.html?command=get_materiel&rest_code=00146&code=00101009124&supplier_code=00100023&order_time=2022-09-07 HTTP/1.1" 200 416
116.224.123.211 - - [07/Sep/2022:11:00:06 +0800] "GET /xingrg/kc/base/wldb_order_operate.html?command=get_materiel&rest_code=00102&base_code=0010476&code=00101019529 HTTP/1.1" 200 475
114.83.219.57 - - [07/Sep/2022:11:00:09 +0800] "GET /xingrg/all/function/internal_message.html?_=1662519686842&CODE_STATE=getMsg HTTP/1.1" 200 27
114.88.158.224 - - [07/Sep/2022:11:00:10 +0800] "GET /xingrg/all/function/internal_message.html?_=1662519267473&CODE_STATE=getMsg HTTP/1.1" 200 27
116.224.123.211 - - [07/Sep/2022:11:00:11 +0800] "GET /xingrg/kc/base/wldb_order_operate.html?command=get_materiel&rest_code=00102&base_code=0010476&code=00101013011 HTTP/1.1" 200 451
116.225.121.189 - - [07/Sep/2022:11:00:13 +0800] "GET /xingrg/all/function/internal_message.html?_=1662519475185&CODE_STATE=getMsg HTTP/1.1" 200 27
116.235.94.249 - - [07/Sep/2022:11:00:15 +0800] "GET /xingrg/all/function/internal_message.html?_=1662519806502&CODE_STATE=getMsg HTTP/1.1" 200 27
116.235.94.249 - - [07/Sep/2022:11:00:15 +0800] "GET /xingrg/check_reg.html?_=1662519806504 HTTP/1.1" 200 22
116.224.255.128 - - [07/Sep/2022:11:00:16 +0800] "GET /xingrg/check_reg.html?_=1662519560793 HTTP/1.1" 200 22
222.70.246.221 - - [07/Sep/2022:11:00:17 +0800] "GET /xingrg/all/function/internal_message.html?_=1662519624885&CODE_STATE=getMsg HTTP/1.1" 200 27
180.169.147.146 - - [07/Sep/2022:11:00:17 +0800] "GET /xingrg/all/function/internal_message.html?_=1662519926401&CODE_STATE=getMsg HTTP/1.1" 302 -
120.253.135.82 - - [07/Sep/2022:11:00:18 +0800] "GET /xingrg/login.html HTTP/1.1" 200 7641
180.169.147.146 - - [07/Sep/2022:11:00:18 +0800] "GET /xingrg/kc/buy/cgsh_order_info.html?code=212022082709324 HTTP/1.1" 200 63542
180.169.147.146 - - [07/Sep/2022:11:00:18 +0800] "GET /xingrg/javascript/easyui/themes/default/validatebox.css HTTP/1.1" 404 1104
116.224.123.211 - - [07/Sep/2022:11:00:18 +0800] "GET /xingrg/kc/base/wldb_order_operate.html?command=get_materiel&rest_code=00102&base_code=0010476&code=00101019391 HTTP/1.1" 200 485
120.253.135.82 - - [07/Sep/2022:11:00:18 +0800] "GET /xingrg/images/blue/jxLogo.png HTTP/1.1" 304 -
120.253.135.82 - - [07/Sep/2022:11:00:18 +0800] "GET /xingrg/images/blue/login_bg.png HTTP/1.1" 304 -
101.83.241.167 - - [07/Sep/2022:11:00:19 +0800] "GET /xingrg/kc/buy/cgsh_order_operate.html?command=get_materiel&rest_code=00149&code=00101001140&supplier_code=00100039&order_time=2022-09-06 HTTP/1.1" 200 417
180.169.147.146 - - [07/Sep/2022:11:00:19 +0800] "POST /xingrg/kc/buy/cgsh_order_operate.html HTTP/1.1" 200 612
116.224.255.128 - - [07/Sep/2022:11:00:19 +0800] "GET /xingrg/all/function/internal_message.html?_=1662519563185&CODE_STATE=getMsg HTTP/1.1" 200 27
120.253.135.82 - - [07/Sep/2022:11:00:19 +0800] "GET /xingrg/images/blue/hj.png HTTP/1.1" 304 -
120.253.135.82 - - [07/Sep/2022:11:00:19 +0800] "GET /xingrg/images/blue/srbg.png HTTP/1.1" 304 -
120.253.135.82 - - [07/Sep/2022:11:00:20 +0800] "GET /favicon.ico HTTP/1.1" 404 -
180.169.147.146 - - [07/Sep/2022:11:00:23 +0800] "POST /xingrg/kc/buy/cgsh_list_operate.html HTTP/1.1" 200 4611
180.169.147.146 - - [07/Sep/2022:11:00:24 +0800] "GET /xingrg/all/function/internal_message.html?_=1662519618155&CODE_STATE=getMsg HTTP/1.1" 200 27
116.224.123.211 - - [07/Sep/2022:11:00:24 +0800] "GET /xingrg/kc/base/wldb_order_operate.html?command=get_materiel&rest_code=00102&base_code=0010476&code=00101019469 HTTP/1.1" 200 457
180.169.147.146 - - [07/Sep/2022:11:00:25 +0800] "POST /xingrg/kc/buy/cgsh_list_operate.html HTTP/1.1" 200 565
116.224.123.211 - - [07/Sep/2022:11:00:26 +0800] "GET /xingrg/all/function/internal_message.html?_=1662519623839&CODE_STATE=getMsg HTTP/1.1" 200 27
120.253.135.82 - - [07/Sep/2022:11:00:26 +0800] "POST /xingrg/login.do HTTP/1.1" 302 -
180.169.147.146 - - [07/Sep/2022:11:00:26 +0800] "GET /xingrg/kc/buy/cgsh_order_info.html?code=212022082709327 HTTP/1.1" 200 63542
180.169.147.146 - - [07/Sep/2022:11:00:26 +0800] "GET /xingrg/javascript/easyui/themes/default/validatebox.css HTTP/1.1" 404 1104
120.253.135.82 - - [07/Sep/2022:11:00:27 +0800] "GET /xingrg/javascript/jquery_easy_ui/themes/default/easyui.css HTTP/1.1" 304 -
180.169.147.146 - - [07/Sep/2022:11:00:27 +0800] "POST /xingrg/kc/buy/cgsh_order_operate.html HTTP/1.1" 200 4133
120.253.135.82 - - [07/Sep/2022:11:00:27 +0800] "GET /favicon.ico HTTP/1.1" 404 -
120.253.135.82 - - [07/Sep/2022:11:00:27 +0800] "GET /xingrg/javascript/jquery_easy_ui/themes/icon.css HTTP/1.1" 304 -
120.253.135.82 - - [07/Sep/2022:11:00:27 +0800] "GET /xingrg/css/form.css HTTP/1.1" 304 -
120.253.135.82 - - [07/Sep/2022:11:00:27 +0800] "GET /xingrg/javascript/jquery-1.4.2.min.js HTTP/1.1" 304 -
120.253.135.82 - - [07/Sep/2022:11:00:27 +0800] "GET /xingrg/javascript/jquery.form.js HTTP/1.1" 304 -
120.253.135.82 - - [07/Sep/2022:11:00:27 +0800] "GET /xingrg/javascript/jquery_easy_ui/easyui-lang-zh_CN.js HTTP/1.1" 304 -
120.253.135.82 - - [07/Sep/2022:11:00:28 +0800] "GET /xingrg/javascript/jquery.utils.js HTTP/1.1" 304 -
120.253.135.82 - - [07/Sep/2022:11:00:28 +0800] "GET /xingrg/javascript/jquery_easy_ui/jquery.easyui.min.js HTTP/1.1" 304 -
120.253.135.82 - - [07/Sep/2022:11:00:28 +0800] "GET /xingrg/javascript/jquery.timers.js HTTP/1.1" 304 -
120.253.135.82 - - [07/Sep/2022:11:00:28 +0800] "GET /xingrg/index.html?sysBaseUrl=http%3A%2F%2F180.169.147.146%3A18081%2Fxingrg%2F&costTime=49×tamp=1662519626026 HTTP/1.1" 200 17173
120.253.135.82 - - [07/Sep/2022:11:00:28 +0800] "GET /xingrg/images/blue/navBackgound.jpg HTTP/1.1" 304 -
120.253.135.82 - - [07/Sep/2022:11:00:28 +0800] "GET /xingrg/javascript/jquery_easy_ui/themes/icons/settle_new.png HTTP/1.1" 304 -
120.253.135.82 - - [07/Sep/2022:11:00:28 +0800] "GET /xingrg/images/blue/pingpu.png HTTP/1.1" 304 -
120.253.135.82 - - [07/Sep/2022:11:00:28 +0800] "GET /xingrg/javascript/jquery_easy_ui/themes/default/images/panel_tool_collapse.gif HTTP/1.1" 304 -
120.253.135.82 - - [07/Sep/2022:11:00:28 +0800] "GET /xingrg/javascript/jquery_easy_ui/themes/default/images/tabs_leftarrow.png HTTP/1.1" 304 -
120.253.135.82 - - [07/Sep/2022:11:00:28 +0800] "GET /xingrg/javascript/jquery_easy_ui/themes/default/images/tabs_rightarrow.png HTTP/1.1" 304 -
120.253.135.82 - - [07/Sep/2022:11:00:28 +0800] "POST /xingrg/all/common/load_tree.html?tree=area_rest_tree_json&manage=1 HTTP/1.1" 200 344
120.253.135.82 - - [07/Sep/2022:11:00:28 +0800] "GET /xingrg/check_reg.html?_=1662519750265 HTTP/1.1" 200 22
120.253.135.82 - - [07/Sep/2022:11:00:28 +0800] "GET /xingrg/all/function/internal_message.html?_=1662519750264&CODE_STATE=count HTTP/1.1" 200 11
120.253.135.82 - - [07/Sep/2022:11:00:28 +0800] "POST /xingrg/load_menu.html HTTP/1.1" 200 6743
61.170.235.55 - - [07/Sep/2022:11:00:28 +0800] "POST /xingrg/kc/base/wldb_order_operate.html HTTP/1.1" 200 37
120.253.135.82 - - [07/Sep/2022:11:00:28 +0800] "GET /xingrg/javascript/jquery_easy_ui/themes/default/images/tree_arrows.gif HTTP/1.1" 304 -
61.170.235.55 - - [07/Sep/2022:11:00:29 +0800] "POST /xingrg/kc/base/wldb_order_operate.html HTTP/1.1" 200 4229
120.253.135.82 - - [07/Sep/2022:11:00:29 +0800] "GET /xingrg/javascript/jquery_easy_ui/themes/icons/search_new.png HTTP/1.1" 304 -
120.253.135.82 - - [07/Sep/2022:11:00:29 +0800] "GET /xingrg/javascript/jquery_easy_ui/themes/icons/storage_new.png HTTP/1.1" 304 -
120.253.135.82 - - [07/Sep/2022:11:00:29 +0800] "GET /xingrg/javascript/jquery_easy_ui/themes/default/images/tree_file.gif HTTP/1.1" 304 -
120.253.135.82 - - [07/Sep/2022:11:00:29 +0800] "GET /xingrg/javascript/jquery_easy_ui/themes/default/images/tree_folder_open.gif HTTP/1.1" 304 -
120.253.135.82 - - [07/Sep/2022:11:00:29 +0800] "GET /xingrg/javascript/jquery_easy_ui/themes/icons/delivery_new.png HTTP/1.1" 304 -
120.253.135.82 - - [07/Sep/2022:11:00:29 +0800] "GET /xingrg/javascript/jquery_easy_ui/themes/default/images/tree_folder.gif HTTP/1.1" 304 -
120.253.135.82 - - [07/Sep/2022:11:00:29 +0800] "GET /xingrg/javascript/jquery_easy_ui/themes/icons/forms_new.png HTTP/1.1" 304 -
61.170.235.55 - - [07/Sep/2022:11:00:29 +0800] "GET /xingrg/kc/base/wldb_order_info.html?code=422022090700556 HTTP/1.1" 200 30413
61.170.235.55 - - [07/Sep/2022:11:00:30 +0800] "GET /xingrg/javascript/easyui/themes/default/validatebox.css HTTP/1.1" 404 1104
61.170.235.55 - - [07/Sep/2022:11:00:31 +0800] "POST /xingrg/kc/base/wldb_order_operate.html HTTP/1.1" 200 4229
222.70.246.221 - - [07/Sep/2022:11:00:33 +0800] "POST /xingrg/kc/buy/cgsh_order_operate.html HTTP/1.1" 200 37
101.83.241.167 - - [07/Sep/2022:11:00:33 +0800] "GET /xingrg/kc/buy/cgsh_order_operate.html?command=get_materiel&rest_code=00149&code=00101002027&supplier_code=00100039&order_time=2022-09-06 HTTP/1.1" 200 415
222.70.246.221 - - [07/Sep/2022:11:00:35 +0800] "POST /xingrg/kc/buy/cgsh_order_operate.html HTTP/1.1" 200 5618
61.170.235.55 - - [07/Sep/2022:11:00:36 +0800] "GET /xingrg/all/function/internal_message.html?_=1662519639211&CODE_STATE=getMsg HTTP/1.1" 200 27
124.79.74.72 - - [07/Sep/2022:11:00:36 +0800] "GET /xingrg/all/function/internal_message.html?_=1662519634226&CODE_STATE=getMsg HTTP/1.1" 200 27
116.224.255.128 - - [07/Sep/2022:11:00:37 +0800] "GET /xingrg/all/function/internal_message.html?_=1662519633694&CODE_STATE=getMsg HTTP/1.1" 200 27
120.253.135.82 - - [07/Sep/2022:11:00:38 +0800] "GET /xingrg/javascript/jquery_easy_ui/themes/default/images/tabs_close.gif HTTP/1.1" 304 -
116.224.255.128 - - [07/Sep/2022:11:00:38 +0800] "GET /xingrg/check_reg.html?_=1662519634320 HTTP/1.1" 200 22
120.253.135.82 - - [07/Sep/2022:11:00:38 +0800] "GET /xingrg/css/blue.css HTTP/1.1" 304 -
120.253.135.82 - - [07/Sep/2022:11:00:38 +0800] "GET /xingrg/kc/pszx/mdqp_order_list.html?state=10 HTTP/1.1" 200 11062
120.253.135.82 - - [07/Sep/2022:11:00:38 +0800] "GET /xingrg/javascript/Calendar.js HTTP/1.1" 304 -
120.253.135.82 - - [07/Sep/2022:11:00:38 +0800] "GET /xingrg/javascript/pic_change.js HTTP/1.1" 304 -
120.253.135.82 - - [07/Sep/2022:11:00:38 +0800] "GET /xingrg/dwr/interface/AjaxReportQueryService.js HTTP/1.1" 200 13203
120.253.135.82 - - [07/Sep/2022:11:00:38 +0800] "GET /xingrg/dwr/interface/AjaxQqpsService.js HTTP/1.1" 200 16326
120.253.135.82 - - [07/Sep/2022:11:00:38 +0800] "GET /xingrg/javascript/myfunction.js HTTP/1.1" 304 -
120.253.135.82 - - [07/Sep/2022:11:00:38 +0800] "GET /xingrg/dwr/util.js HTTP/1.1" 200 35990
120.253.135.82 - - [07/Sep/2022:11:00:38 +0800] "GET /xingrg/dwr/engine.js HTTP/1.1" 200 43631
120.253.135.82 - - [07/Sep/2022:11:00:38 +0800] "GET /xingrg/javascript/jquery_easy_ui/themes/icons/check_new.png HTTP/1.1" 304 -
120.253.135.82 - - [07/Sep/2022:11:00:38 +0800] "GET /xingrg/javascript/jquery_easy_ui/themes/icons/back_new.png HTTP/1.1" 304 -
120.253.135.82 - - [07/Sep/2022:11:00:38 +0800] "GET /xingrg/javascript/jquery_easy_ui/themes/icons/uncheck_new.png HTTP/1.1" 304 -
101.83.241.167 - - [07/Sep/2022:11:00:40 +0800] "GET /xingrg/all/function/internal_message.html?_=1662519637553&CODE_STATE=getMsg HTTP/1.1" 200 27
222.70.246.221 - - [07/Sep/2022:11:00:41 +0800] "GET /xingrg/kc/print/load_data.html?order_code=212022090702288&kc_code=cgsh&condition= HTTP/1.1" 200 1821
61.170.235.55 - - [07/Sep/2022:11:00:44 +0800] "GET /xingrg/kc/base/wldb_order_add.html HTTP/1.1" 200 30398
120.253.135.82 - - [07/Sep/2022:11:00:44 +0800] "GET /xingrg/kc/pszx/mdqp_order_info.html?code=302022090700131 HTTP/1.1" 200 13350
120.253.135.82 - - [07/Sep/2022:11:00:44 +0800] "GET /xingrg/javascript/print/kc_print.js HTTP/1.1" 304 -
120.253.135.82 - - [07/Sep/2022:11:00:44 +0800] "GET /xingrg/javascript/print/LodopFuncs.js HTTP/1.1" 304 -
120.253.135.82 - - [07/Sep/2022:11:00:44 +0800] "GET /xingrg/javascript/checkform.js HTTP/1.1" 304 -
120.253.135.82 - - [07/Sep/2022:11:00:44 +0800] "GET /xingrg/dwr/interface/AjaxComOrderService.js HTTP/1.1" 200 18264
120.253.135.82 - - [07/Sep/2022:11:00:44 +0800] "GET /xingrg/javascript/auto/jquery.autocomplete.js HTTP/1.1" 304 -
120.253.135.82 - - [07/Sep/2022:11:00:44 +0800] "GET /xingrg/dwr/interface/AjaxQqpsService.js HTTP/1.1" 200 16326
120.253.135.82 - - [07/Sep/2022:11:00:44 +0800] "GET /xingrg/javascript/tools/jquery.qtip-1.0.0-rc3.min.js HTTP/1.1" 304 -
120.253.135.82 - - [07/Sep/2022:11:00:44 +0800] "GET /xingrg/javascript/AjaxInfoList.js HTTP/1.1" 304 -
180.169.147.146 - - [07/Sep/2022:11:00:44 +0800] "GET /xingrg/all/function/internal_message.html?_=1662519642069&CODE_STATE=getMsg HTTP/1.1" 200 27
120.253.135.82 - - [07/Sep/2022:11:00:44 +0800] "GET /xingrg/javascript/Grid.js HTTP/1.1" 304 -
120.253.135.82 - - [07/Sep/2022:11:00:44 +0800] "GET /xingrg/javascript/ToolTips.js HTTP/1.1" 304 -
120.253.135.82 - - [07/Sep/2022:11:00:44 +0800] "GET /xingrg/dwr/engine.js HTTP/1.1" 200 43631
101.83.241.167 - - [07/Sep/2022:11:00:44 +0800] "GET /xingrg/kc/buy/cgsh_order_operate.html?command=get_materiel&rest_code=00149&code=00101005037&supplier_code=00100039&order_time=2022-09-06 HTTP/1.1" 200 409
61.170.235.55 - - [07/Sep/2022:11:00:44 +0800] "GET /xingrg/javascript/easyui/themes/default/validatebox.css HTTP/1.1" 404 1104
61.170.235.55 - - [07/Sep/2022:11:00:44 +0800] "POST /xingrg/kc/base/wldb_order_operate.html HTTP/1.1" 200 6806
120.253.135.82 - - [07/Sep/2022:11:00:45 +0800] "GET /xingrg/javascript/jquery_easy_ui/themes/icons/print.png HTTP/1.1" 304 -
120.253.135.82 - - [07/Sep/2022:11:00:45 +0800] "GET /xingrg/javascript/jquery_easy_ui/themes/default/images/menu_downarrow.png HTTP/1.1" 304 -
120.253.135.82 - - [07/Sep/2022:11:00:45 +0800] "GET /xingrg/images/blue/button/kc_tab_edit.gif HTTP/1.1" 304 -
120.253.135.82 - - [07/Sep/2022:11:00:45 +0800] "GET /xingrg/images/blue/button/kc_tab_save.gif HTTP/1.1" 304 -
120.253.135.82 - - [07/Sep/2022:11:00:45 +0800] "GET /xingrg/images/blue/kc_tab_mid.gif HTTP/1.1" 304 -
120.253.135.82 - - [07/Sep/2022:11:00:45 +0800] "GET /xingrg/images/blue/kc_tab_left.gif HTTP/1.1" 304 -
120.253.135.82 - - [07/Sep/2022:11:00:45 +0800] "GET /xingrg/images/blue/kc_tab_right.gif HTTP/1.1" 304 -
120.253.135.82 - - [07/Sep/2022:11:00:45 +0800] "GET /xingrg/images/blue/kc_tab2_right.gif HTTP/1.1" 304 -
120.253.135.82 - - [07/Sep/2022:11:00:45 +0800] "GET /xingrg/images/blue/kc_tab2_left.gif HTTP/1.1" 304 -
120.253.135.82 - - [07/Sep/2022:11:00:45 +0800] "GET /xingrg/images/blue/wait.gif HTTP/1.1" 304 -
120.253.135.82 - - [07/Sep/2022:11:00:45 +0800] "GET /xingrg/javascript/jquery_easy_ui/themes/icons/area.png HTTP/1.1" 304 -
120.253.135.82 - - [07/Sep/2022:11:00:45 +0800] "GET /xingrg/javascript/jquery_easy_ui/themes/icons/manage.png HTTP/1.1" 304 -
120.253.135.82 - - [07/Sep/2022:11:00:45 +0800] "POST /xingrg/dwr/call/plaincall/AjaxQqpsService.loadMaterielItems.dwr HTTP/1.1" 200 604
61.170.235.55 - - [07/Sep/2022:11:00:45 +0800] "POST /xingrg/all/common/load_combo.html?type=base HTTP/1.1" 200 3227
120.253.135.82 - - [07/Sep/2022:11:00:47 +0800] "GET /xingrg/javascript/jquery_easy_ui/themes/default/images/button_plain_hover.png HTTP/1.1" 304 -
120.253.135.82 - - [07/Sep/2022:11:00:48 +0800] "GET /xingrg/kc/pszx/mdqp_order_list.html?isBack=1 HTTP/1.1" 302 -
120.253.135.82 - - [07/Sep/2022:11:00:48 +0800] "GET /xingrg/kc/pszx/mdqp_order_list.html?state=10 HTTP/1.1" 200 11062
120.253.135.82 - - [07/Sep/2022:11:00:48 +0800] "GET /xingrg/dwr/interface/AjaxReportQueryService.js HTTP/1.1" 200 13203
120.253.135.82 - - [07/Sep/2022:11:00:48 +0800] "GET /xingrg/dwr/interface/AjaxQqpsService.js HTTP/1.1" 200 16326
120.253.135.82 - - [07/Sep/2022:11:00:49 +0800] "GET /xingrg/dwr/engine.js HTTP/1.1" 200 43631
61.170.235.55 - - [07/Sep/2022:11:00:50 +0800] "POST /xingrg/all/common/load_combo.html?type=base HTTP/1.1" 200 3227
120.253.135.82 - - [07/Sep/2022:11:00:50 +0800] "GET /xingrg/kc/pszx/mdqp_order_info.html?code=302022090700132 HTTP/1.1" 200 13350
120.253.135.82 - - [07/Sep/2022:11:00:50 +0800] "GET /xingrg/dwr/interface/AjaxComOrderService.js HTTP/1.1" 200 18264
120.253.135.82 - - [07/Sep/2022:11:00:50 +0800] "GET /xingrg/dwr/interface/AjaxQqpsService.js HTTP/1.1" 200 16326
120.253.135.82 - - [07/Sep/2022:11:00:50 +0800] "GET /xingrg/dwr/engine.js HTTP/1.1" 200 43631
120.253.135.82 - - [07/Sep/2022:11:00:50 +0800] "POST /xingrg/dwr/call/plaincall/AjaxQqpsService.loadMaterielItems.dwr HTTP/1.1" 200 668
101.83.241.167 - - [07/Sep/2022:11:00:54 +0800] "POST /xingrg/kc/buy/cgsh_order_operate.html HTTP/1.1" 200 37
116.224.123.211 - - [07/Sep/2022:11:00:56 +0800] "POST /xingrg/kc/base/wldb_order_operate.html HTTP/1.1" 200 37
222.70.246.221 - - [07/Sep/2022:11:00:56 +0800] "POST /xingrg/kc/buy/cgsh_list_operate.html HTTP/1.1" 200 3860
61.170.235.55 - - [07/Sep/2022:11:00:58 +0800] "GET /xingrg/kc/base/wldb_order_operate.html?command=get_materiel&rest_code=00106&base_code=0010396&code=00101027001 HTTP/1.1" 200 472
116.224.123.211 - - [07/Sep/2022:11:00:58 +0800] "POST /xingrg/kc/base/wldb_order_operate.html HTTP/1.1" 200 12
116.224.123.211 - - [07/Sep/2022:11:00:58 +0800] "POST /xingrg/kc/base/wldb_order_operate.html HTTP/1.1" 200 5724
61.170.235.55 - - [07/Sep/2022:11:00:59 +0800] "POST /xingrg/all/common/load_select.html HTTP/1.1" 200 25
116.224.123.211 - - [07/Sep/2022:11:01:00 +0800] "GET /xingrg/kc/base/wldb_order_info.html?code=422022090700557 HTTP/1.1" 200 26267
116.224.123.211 - - [07/Sep/2022:11:01:00 +0800] "GET /xingrg/javascript/easyui/themes/default/validatebox.css HTTP/1.1" 404 1104
61.170.235.55 - - [07/Sep/2022:11:01:01 +0800] "GET /xingrg/kc/base/wldb_order_operate.html?command=get_materiel_price&rest_code=00106&base_code=0010396&code=00101027001&unit_code=00100157 HTTP/1.1" 200 36
116.224.123.211 - - [07/Sep/2022:11:01:01 +0800] "POST /xingrg/kc/base/wldb_order_operate.html HTTP/1.1" 200 3941
101.83.241.167 - - [07/Sep/2022:11:01:01 +0800] "POST /xingrg/kc/buy/cgsh_order_operate.html HTTP/1.1" 200 12
116.225.121.189 - - [07/Sep/2022:11:01:01 +0800] "GET /xingrg/all/function/internal_message.html?_=1662519660557&CODE_STATE=getMsg HTTP/1.1" 200 27
101.83.241.167 - - [07/Sep/2022:11:01:02 +0800] "GET /xingrg/kc/buy/cgsh_order_info.html?code=212022090702289 HTTP/1.1" 200 63566
101.83.241.167 - - [07/Sep/2022:11:01:02 +0800] "GET /xingrg/words/20220906162233_words.js HTTP/1.1" 304 -
101.83.241.167 - - [07/Sep/2022:11:01:02 +0800] "GET /xingrg/javascript/easyui/themes/default/validatebox.css HTTP/1.1" 404 1104
58.40.7.146 - - [07/Sep/2022:11:01:03 +0800] "GET /xingrg/all/function/internal_message.html?_=1662519661045&CODE_STATE=getMsg HTTP/1.1" 200 27
101.83.241.167 - - [07/Sep/2022:11:01:03 +0800] "POST /xingrg/kc/buy/cgsh_order_operate.html HTTP/1.1" 200 2388
116.224.123.211 - - [07/Sep/2022:11:01:04 +0800] "GET /xingrg/kc/base/wldb_order_add.html HTTP/1.1" 200 30390
116.224.123.211 - - [07/Sep/2022:11:01:04 +0800] "POST /xingrg/kc/base/wldb_order_operate.html HTTP/1.1" 200 6806
116.224.123.211 - - [07/Sep/2022:11:01:04 +0800] "GET /xingrg/javascript/easyui/themes/default/validatebox.css HTTP/1.1" 404 1104
120.253.135.82 - - [07/Sep/2022:11:01:04 +0800] "GET /xingrg/kc/pszx/mdqp_order_list.html?isBack=1 HTTP/1.1" 302 -
120.253.135.82 - - [07/Sep/2022:11:01:04 +0800] "GET /xingrg/kc/pszx/mdqp_order_list.html?state=10 HTTP/1.1" 200 11062
120.253.135.82 - - [07/Sep/2022:11:01:04 +0800] "GET /xingrg/dwr/interface/AjaxQqpsService.js HTTP/1.1" 200 16326
120.253.135.82 - - [07/Sep/2022:11:01:04 +0800] "GET /xingrg/dwr/interface/AjaxReportQueryService.js HTTP/1.1" 200 13203
120.253.135.82 - - [07/Sep/2022:11:01:05 +0800] "GET /xingrg/dwr/engine.js HTTP/1.1" 200 43631
116.224.123.211 - - [07/Sep/2022:11:01:05 +0800] "POST /xingrg/all/common/load_combo.html?type=base HTTP/1.1" 200 3321
101.83.241.167 - - [07/Sep/2022:11:01:05 +0800] "GET /xingrg/kc/print/load_data.html?order_code=212022090702289&kc_code=cgsh&condition= HTTP/1.1" 200 1403
172.20.0.100 - - [07/Sep/2022:11:01:06 +0800] "GET /xingrg/check_reg.html?_=1662519663143 HTTP/1.1" 200 22
120.253.135.82 - - [07/Sep/2022:11:01:08 +0800] "GET /xingrg/css/base.css HTTP/1.1" 304 -
120.253.135.82 - - [07/Sep/2022:11:01:08 +0800] "GET /xingrg/css/site.css HTTP/1.1" 304 -
120.253.135.82 - - [07/Sep/2022:11:01:08 +0800] "GET /xingrg/javascript/jquery_tools/datebox.css HTTP/1.1" 304 -
120.253.135.82 - - [07/Sep/2022:11:01:08 +0800] "GET /xingrg/kc/pszx/mdps_order_list.html?orderType=0 HTTP/1.1" 200 21045
120.253.135.82 - - [07/Sep/2022:11:01:08 +0800] "GET /xingrg/javascript/jquery_tools/jquery.tools.extend.js HTTP/1.1" 304 -
120.253.135.82 - - [07/Sep/2022:11:01:08 +0800] "GET /xingrg/javascript/jquery_tools/jquery.tools.hotkey.js HTTP/1.1" 304 -
120.253.135.82 - - [07/Sep/2022:11:01:08 +0800] "GET /xingrg/javascript/jquery_tools/jquery.tools.table.js HTTP/1.1" 304 -
120.253.135.82 - - [07/Sep/2022:11:01:08 +0800] "GET /xingrg/javascript/jquery_tools/list_manager.js HTTP/1.1" 304 -
120.253.135.82 - - [07/Sep/2022:11:01:08 +0800] "GET /xingrg/javascript/easyui/easyloader.js HTTP/1.1" 304 -
120.253.135.82 - - [07/Sep/2022:11:01:08 +0800] "GET /xingrg/javascript/jquery.cookie.js HTTP/1.1" 304 -
120.253.135.82 - - [07/Sep/2022:11:01:08 +0800] "GET /xingrg/javascript/auto/jquery.autocomplete.css HTTP/1.1" 304 -
