116.232.194.65 - - [06/Sep/2022:08:52:16 +0800] "GET /xingrg/javascript/easyui/themes/default/validatebox.css HTTP/1.1" 404 1104
116.232.194.65 - - [06/Sep/2022:08:52:28 +0800] "GET /xingrg/check_reg.html?_=1662425490014 HTTP/1.1" 200 22
116.232.194.65 - - [06/Sep/2022:08:52:28 +0800] "GET /xingrg/all/function/internal_message.html?_=1662425490122&CODE_STATE=getMsg HTTP/1.1" 200 27
124.78.154.246 - - [06/Sep/2022:08:52:31 +0800] "GET /xingrg/all/function/internal_message.html?_=1662425549037&CODE_STATE=getMsg HTTP/1.1" 200 27
116.224.255.128 - - [06/Sep/2022:08:52:35 +0800] "GET /xingrg/kc/buy/cgsh_order_add.html HTTP/1.1" 200 68587
116.224.255.128 - - [06/Sep/2022:08:52:35 +0800] "POST /xingrg/kc/buy/cgsh_order_operate.html HTTP/1.1" 200 8245
116.224.255.128 - - [06/Sep/2022:08:52:35 +0800] "GET /xingrg/javascript/easyui/themes/default/validatebox.css HTTP/1.1" 404 1104
116.224.123.211 - - [06/Sep/2022:08:52:35 +0800] "GET /xingrg/all/function/internal_message.html?_=1662425558768&CODE_STATE=getMsg HTTP/1.1" 200 27
180.163.29.79 - - [06/Sep/2022:08:52:40 +0800] "GET /xingrg/all/function/internal_message.html?_=1662425188968&CODE_STATE=getMsg HTTP/1.1" 302 -
180.163.29.79 - - [06/Sep/2022:08:52:40 +0800] "GET /xingrg/login.html HTTP/1.1" 200 7641
222.70.246.221 - - [06/Sep/2022:08:52:45 +0800] "GET /xingrg/all/function/internal_message.html?_=1662425569434&CODE_STATE=getMsg HTTP/1.1" 302 -
116.224.255.128 - - [06/Sep/2022:08:52:46 +0800] "GET /xingrg/kc/buy/cgsh_order_operate.html?command=get_materiel&rest_code=00150&code=00101009001&supplier_code=00100026&order_time=2022-09-06 HTTP/1.1" 200 438
116.225.121.189 - - [06/Sep/2022:08:52:46 +0800] "GET /xingrg/all/function/internal_message.html?_=1662425566759&CODE_STATE=getMsg HTTP/1.1" 200 27
116.224.255.128 - - [06/Sep/2022:08:52:53 +0800] "GET /xingrg/all/function/internal_message.html?_=1662425519511&CODE_STATE=getMsg HTTP/1.1" 200 27
116.224.255.128 - - [06/Sep/2022:08:53:01 +0800] "GET /xingrg/kc/buy/cgsh_order_operate.html?command=get_materiel&rest_code=00150&code=00101009062&supplier_code=00100026&order_time=2022-09-06 HTTP/1.1" 200 435
116.225.121.189 - - [06/Sep/2022:08:53:06 +0800] "GET /xingrg/all/function/internal_message.html?_=1662425448445&CODE_STATE=getMsg HTTP/1.1" 200 27
116.224.255.128 - - [06/Sep/2022:08:53:13 +0800] "GET /xingrg/kc/buy/cgsh_order_operate.html?command=get_materiel&rest_code=00150&code=00101009011&supplier_code=00100026&order_time=2022-09-06 HTTP/1.1" 200 416
116.224.255.128 - - [06/Sep/2022:08:53:23 +0800] "GET /xingrg/kc/buy/cgsh_order_operate.html?command=get_materiel&rest_code=00150&code=00101009124&supplier_code=00100026&order_time=2022-09-06 HTTP/1.1" 200 416
116.232.194.65 - - [06/Sep/2022:08:53:28 +0800] "GET /xingrg/all/function/internal_message.html?_=1662425550109&CODE_STATE=getMsg HTTP/1.1" 200 27
124.78.154.246 - - [06/Sep/2022:08:53:31 +0800] "GET /xingrg/all/function/internal_message.html?_=1662425608896&CODE_STATE=getMsg HTTP/1.1" 200 27
116.224.123.211 - - [06/Sep/2022:08:53:35 +0800] "GET /xingrg/check_reg.html?_=1662425618765 HTTP/1.1" 200 22
116.224.123.211 - - [06/Sep/2022:08:53:36 +0800] "GET /xingrg/all/function/internal_message.html?_=1662425618769&CODE_STATE=getMsg HTTP/1.1" 200 27
116.224.255.128 - - [06/Sep/2022:08:53:37 +0800] "GET /xingrg/kc/buy/cgsh_order_operate.html?command=get_materiel&rest_code=00150&code=00101009066&supplier_code=00100026&order_time=2022-09-06 HTTP/1.1" 200 435
222.70.246.221 - - [06/Sep/2022:08:53:45 +0800] "GET /xingrg/all/function/internal_message.html?_=1662425629480&CODE_STATE=getMsg HTTP/1.1" 302 -
116.225.121.189 - - [06/Sep/2022:08:53:46 +0800] "GET /xingrg/all/function/internal_message.html?_=1662425626759&CODE_STATE=getMsg HTTP/1.1" 200 27
180.163.30.85 - - [06/Sep/2022:08:53:48 +0800] "GET /xingrg/kc/buy/cgsh_order_operate.html?command=get_materiel&rest_code=00106&code=00101008403&supplier_code=00100007&order_time=2022-09-06 HTTP/1.1" 302 -
180.163.30.85 - - [06/Sep/2022:08:53:48 +0800] "GET /xingrg/login.html HTTP/1.1" 200 7641
116.224.255.128 - - [06/Sep/2022:08:53:53 +0800] "GET /xingrg/all/function/internal_message.html?_=1662425579524&CODE_STATE=getMsg HTTP/1.1" 200 27
124.79.74.72 - - [06/Sep/2022:08:54:02 +0800] "GET /xingrg/check_reg.html?_=1662425639213 HTTP/1.1" 200 22
116.225.121.189 - - [06/Sep/2022:08:54:06 +0800] "GET /xingrg/check_reg.html?_=1662425508446 HTTP/1.1" 200 22
116.225.121.189 - - [06/Sep/2022:08:54:06 +0800] "GET /xingrg/all/function/internal_message.html?_=1662425508449&CODE_STATE=getMsg HTTP/1.1" 200 27
116.224.255.128 - - [06/Sep/2022:08:54:08 +0800] "GET /xingrg/kc/buy/cgsh_order_operate.html?command=get_materiel&rest_code=00150&code=00101009016&supplier_code=00100026&order_time=2022-09-06 HTTP/1.1" 200 412
180.163.29.234 - - [06/Sep/2022:08:54:17 +0800] "GET /xingrg/all/function/internal_message.html?_=1662425008901&CODE_STATE=getMsg HTTP/1.1" 302 -
180.163.29.234 - - [06/Sep/2022:08:54:18 +0800] "GET /xingrg/login.html HTTP/1.1" 200 7641
116.224.255.128 - - [06/Sep/2022:08:54:20 +0800] "GET /xingrg/check_reg.html?_=1662425657527 HTTP/1.1" 302 -
116.232.194.65 - - [06/Sep/2022:08:54:23 +0800] "GET /xingrg/kc/buy/cgsh_order_operate.html?command=get_materiel&rest_code=00155&code=00101009113&supplier_code=00100037&order_time=2022-09-06 HTTP/1.1" 200 413
116.224.255.128 - - [06/Sep/2022:08:54:24 +0800] "GET /xingrg/kc/buy/cgsh_order_operate.html?command=get_materiel&rest_code=00150&code=00101009013&supplier_code=00100026&order_time=2022-09-06 HTTP/1.1" 200 420
116.232.194.65 - - [06/Sep/2022:08:54:28 +0800] "GET /xingrg/all/function/internal_message.html?_=1662425610098&CODE_STATE=getMsg HTTP/1.1" 200 27
124.78.154.246 - - [06/Sep/2022:08:54:31 +0800] "GET /xingrg/check_reg.html?_=1662425668897 HTTP/1.1" 200 22
124.78.154.246 - - [06/Sep/2022:08:54:31 +0800] "GET /xingrg/all/function/internal_message.html?_=1662425668900&CODE_STATE=getMsg HTTP/1.1" 200 27
180.163.29.103 - - [06/Sep/2022:08:54:33 +0800] "GET /xingrg/kc/buy/cgsh_order_operate.html?command=get_materiel&rest_code=00106&code=00101008036&supplier_code=00100007&order_time=2022-09-06 HTTP/1.1" 302 -
180.163.29.103 - - [06/Sep/2022:08:54:33 +0800] "GET /xingrg/login.html HTTP/1.1" 200 7641
116.224.123.211 - - [06/Sep/2022:08:54:35 +0800] "GET /xingrg/all/function/internal_message.html?_=1662425678763&CODE_STATE=getMsg HTTP/1.1" 200 27
114.83.219.57 - - [06/Sep/2022:08:54:45 +0800] "GET /xingrg/check_reg.html?_=1662425765567 HTTP/1.1" 200 22
222.70.246.221 - - [06/Sep/2022:08:54:45 +0800] "GET /xingrg/all/function/internal_message.html?_=1662425689491&CODE_STATE=getMsg HTTP/1.1" 302 -
116.225.121.189 - - [06/Sep/2022:08:54:46 +0800] "GET /xingrg/check_reg.html?_=1662425686759 HTTP/1.1" 200 22
116.225.121.189 - - [06/Sep/2022:08:54:46 +0800] "GET /xingrg/all/function/internal_message.html?_=1662425686762&CODE_STATE=getMsg HTTP/1.1" 200 27
116.224.255.128 - - [06/Sep/2022:08:54:53 +0800] "GET /xingrg/all/function/internal_message.html?_=1662425639538&CODE_STATE=getMsg HTTP/1.1" 200 27
116.232.194.65 - - [06/Sep/2022:08:54:56 +0800] "GET /xingrg/kc/buy/cgsh_order_operate.html?command=get_materiel&rest_code=00155&code=00101015066&supplier_code=00100037&order_time=2022-09-06 HTTP/1.1" 200 413
116.232.194.65 - - [06/Sep/2022:08:55:01 +0800] "GET /xingrg/kc/buy/cgsh_order_operate.html?command=get_materiel&rest_code=00155&code=00101015112&supplier_code=00100037&order_time=2022-09-06 HTTP/1.1" 200 417
116.225.121.189 - - [06/Sep/2022:08:55:06 +0800] "GET /xingrg/all/function/internal_message.html?_=1662425568450&CODE_STATE=getMsg HTTP/1.1" 200 27
116.224.255.128 - - [06/Sep/2022:08:55:21 +0800] "POST /xingrg/kc/buy/cgsh_order_operate.html HTTP/1.1" 200 37
116.224.255.128 - - [06/Sep/2022:08:55:22 +0800] "POST /xingrg/kc/buy/cgsh_order_operate.html HTTP/1.1" 200 6822
116.232.194.65 - - [06/Sep/2022:08:55:28 +0800] "GET /xingrg/all/function/internal_message.html?_=1662425670077&CODE_STATE=getMsg HTTP/1.1" 200 27
124.78.154.246 - - [06/Sep/2022:08:55:31 +0800] "GET /xingrg/all/function/internal_message.html?_=1662425728895&CODE_STATE=getMsg HTTP/1.1" 200 27
116.224.123.211 - - [06/Sep/2022:08:55:36 +0800] "GET /xingrg/all/function/internal_message.html?_=1662425738760&CODE_STATE=getMsg HTTP/1.1" 200 27
114.84.5.35 - - [06/Sep/2022:08:55:38 +0800] "GET /xingrg/login.html HTTP/1.1" 200 7641
114.84.5.35 - - [06/Sep/2022:08:55:40 +0800] "GET /favicon.ico HTTP/1.1" 404 -
116.224.255.128 - - [06/Sep/2022:08:55:42 +0800] "GET /xingrg/javascript/jquery_easy_ui/themes/default/images/button_a_bg.gif HTTP/1.1" 304 -
116.224.255.128 - - [06/Sep/2022:08:55:42 +0800] "GET /xingrg/javascript/jquery_easy_ui/themes/default/images/button_span_bg.gif HTTP/1.1" 304 -
116.224.255.128 - - [06/Sep/2022:08:55:42 +0800] "GET /xingrg/javascript/jquery_easy_ui/themes/icons/ok.png HTTP/1.1" 304 -
116.224.255.128 - - [06/Sep/2022:08:55:42 +0800] "GET /xingrg/javascript/jquery_easy_ui/themes/default/images/panel_title.png HTTP/1.1" 304 -
116.224.255.128 - - [06/Sep/2022:08:55:42 +0800] "GET /xingrg/javascript/jquery_easy_ui/themes/default/images/panel_tools.gif HTTP/1.1" 304 -
116.224.255.128 - - [06/Sep/2022:08:55:44 +0800] "POST /xingrg/all/user/operate.html HTTP/1.1" 200 36
116.224.255.128 - - [06/Sep/2022:08:55:45 +0800] "GET /xingrg/javascript/jquery_easy_ui/themes/default/easyui.css HTTP/1.1" 304 -
116.224.255.128 - - [06/Sep/2022:08:55:45 +0800] "GET /xingrg/javascript/jquery_easy_ui/themes/icon.css HTTP/1.1" 304 -
116.224.255.128 - - [06/Sep/2022:08:55:45 +0800] "GET /xingrg/index.html?sysBaseUrl=http%3A%2F%2F180.169.147.146%3A18081%2Fxingrg%2F&costTime=44×tamp=1662376646368 HTTP/1.1" 200 17177
116.224.255.128 - - [06/Sep/2022:08:55:45 +0800] "GET /xingrg/css/form.css HTTP/1.1" 304 -
116.224.255.128 - - [06/Sep/2022:08:55:45 +0800] "GET /xingrg/javascript/jquery-1.4.2.min.js HTTP/1.1" 304 -
116.224.255.128 - - [06/Sep/2022:08:55:45 +0800] "GET /xingrg/javascript/jquery_easy_ui/jquery.easyui.min.js HTTP/1.1" 304 -
116.224.255.128 - - [06/Sep/2022:08:55:45 +0800] "GET /xingrg/javascript/jquery_easy_ui/easyui-lang-zh_CN.js HTTP/1.1" 304 -
116.224.255.128 - - [06/Sep/2022:08:55:45 +0800] "GET /xingrg/javascript/jquery.form.js HTTP/1.1" 304 -
116.224.255.128 - - [06/Sep/2022:08:55:45 +0800] "GET /xingrg/javascript/jquery.utils.js HTTP/1.1" 304 -
116.224.255.128 - - [06/Sep/2022:08:55:45 +0800] "GET /xingrg/javascript/jquery.timers.js HTTP/1.1" 304 -
116.224.255.128 - - [06/Sep/2022:08:55:45 +0800] "GET /xingrg/images/blue/jxLogo.png HTTP/1.1" 304 -
116.224.255.128 - - [06/Sep/2022:08:55:45 +0800] "GET /xingrg/images/blue/navBackgound.jpg HTTP/1.1" 304 -
116.224.255.128 - - [06/Sep/2022:08:55:45 +0800] "GET /xingrg/javascript/jquery_easy_ui/themes/icons/settle_new.png HTTP/1.1" 304 -
116.224.255.128 - - [06/Sep/2022:08:55:45 +0800] "GET /xingrg/images/blue/pingpu.png HTTP/1.1" 304 -
116.224.255.128 - - [06/Sep/2022:08:55:45 +0800] "POST /xingrg/all/common/load_tree.html?tree=area_rest_tree_json&manage=1 HTTP/1.1" 200 476
116.224.255.128 - - [06/Sep/2022:08:55:45 +0800] "GET /xingrg/javascript/jquery_easy_ui/themes/default/images/tabs_leftarrow.png HTTP/1.1" 304 -
116.224.255.128 - - [06/Sep/2022:08:55:45 +0800] "GET /xingrg/javascript/jquery_easy_ui/themes/default/images/tabs_rightarrow.png HTTP/1.1" 304 -
116.224.255.128 - - [06/Sep/2022:08:55:45 +0800] "GET /xingrg/javascript/jquery_easy_ui/themes/default/images/panel_tool_collapse.gif HTTP/1.1" 304 -
116.224.255.128 - - [06/Sep/2022:08:55:45 +0800] "GET /xingrg/check_reg.html?_=1662425691238 HTTP/1.1" 200 22
116.224.255.128 - - [06/Sep/2022:08:55:45 +0800] "GET /xingrg/all/function/internal_message.html?_=1662425691237&CODE_STATE=count HTTP/1.1" 200 11
116.224.255.128 - - [06/Sep/2022:08:55:45 +0800] "GET /xingrg/javascript/jquery_easy_ui/themes/default/images/tree_arrows.gif HTTP/1.1" 304 -
116.224.255.128 - - [06/Sep/2022:08:55:45 +0800] "POST /xingrg/load_menu.html HTTP/1.1" 200 5138
116.224.255.128 - - [06/Sep/2022:08:55:45 +0800] "GET /xingrg/javascript/jquery_easy_ui/themes/default/images/tree_folder_open.gif HTTP/1.1" 304 -
116.224.255.128 - - [06/Sep/2022:08:55:45 +0800] "GET /xingrg/javascript/jquery_easy_ui/themes/icons/search_new.png HTTP/1.1" 304 -
116.224.255.128 - - [06/Sep/2022:08:55:45 +0800] "GET /xingrg/javascript/jquery_easy_ui/themes/default/images/tree_folder.gif HTTP/1.1" 304 -
116.224.255.128 - - [06/Sep/2022:08:55:45 +0800] "GET /xingrg/javascript/jquery_easy_ui/themes/icons/forms_new.png HTTP/1.1" 304 -
116.224.255.128 - - [06/Sep/2022:08:55:45 +0800] "GET /xingrg/javascript/jquery_easy_ui/themes/icons/storage_new.png HTTP/1.1" 304 -
222.70.246.221 - - [06/Sep/2022:08:55:45 +0800] "GET /xingrg/all/function/internal_message.html?_=1662425749554&CODE_STATE=getMsg HTTP/1.1" 302 -
116.224.255.128 - - [06/Sep/2022:08:55:45 +0800] "GET /xingrg/javascript/jquery_easy_ui/themes/default/images/tree_file.gif HTTP/1.1" 304 -
116.232.194.65 - - [06/Sep/2022:08:55:45 +0800] "GET /xingrg/kc/buy/cgsh_order_operate.html?command=get_materiel&rest_code=00155&code=00101015061&supplier_code=00100037&order_time=2022-09-06 HTTP/1.1" 200 412
116.225.121.189 - - [06/Sep/2022:08:55:46 +0800] "GET /xingrg/all/function/internal_message.html?_=1662425746762&CODE_STATE=getMsg HTTP/1.1" 200 27
116.224.255.128 - - [06/Sep/2022:08:55:48 +0800] "GET /xingrg/javascript/jquery_easy_ui/themes/default/images/tabs_close.gif HTTP/1.1" 304 -
116.224.255.128 - - [06/Sep/2022:08:55:48 +0800] "GET /xingrg/kc/buy/cgsh_order_list.html HTTP/1.1" 200 52797
116.224.255.128 - - [06/Sep/2022:08:55:49 +0800] "POST /xingrg/kc/buy/cgsh_list_operate.html HTTP/1.1" 200 700
116.224.255.128 - - [06/Sep/2022:08:55:51 +0800] "GET /xingrg/kc/buy/cgsh_order_add.html HTTP/1.1" 200 68185
116.224.255.128 - - [06/Sep/2022:08:55:51 +0800] "POST /xingrg/kc/buy/cgsh_order_operate.html HTTP/1.1" 200 8245
116.224.255.128 - - [06/Sep/2022:08:55:51 +0800] "GET /xingrg/all/common/auto_word.html?type=employee&rest_code=00151 HTTP/1.1" 200 293
116.224.255.128 - - [06/Sep/2022:08:55:51 +0800] "GET /xingrg/all/common/auto_word.html?type=employee&rest_code=00151 HTTP/1.1" 200 293
116.224.255.128 - - [06/Sep/2022:08:55:51 +0800] "GET /xingrg/javascript/easyui/themes/default/validatebox.css HTTP/1.1" 404 1104
114.84.5.35 - - [06/Sep/2022:08:55:51 +0800] "POST /xingrg/login.do HTTP/1.1" 302 -
114.84.5.35 - - [06/Sep/2022:08:55:51 +0800] "GET /xingrg/index.html?sysBaseUrl=http%3A%2F%2F180.169.147.146%3A18081%2Fxingrg%2F&costTime=39×tamp=1662425751888 HTTP/1.1" 200 17173
114.84.5.35 - - [06/Sep/2022:08:55:52 +0800] "GET /favicon.ico HTTP/1.1" 404 -
114.84.5.35 - - [06/Sep/2022:08:55:52 +0800] "POST /xingrg/all/common/load_tree.html?tree=area_rest_tree_json&manage=1 HTTP/1.1" 200 342
114.84.5.35 - - [06/Sep/2022:08:55:52 +0800] "GET /xingrg/all/function/internal_message.html?_=1662425749979&CODE_STATE=count HTTP/1.1" 200 11
114.84.5.35 - - [06/Sep/2022:08:55:52 +0800] "POST /xingrg/load_menu.html HTTP/1.1" 200 5138
114.84.5.35 - - [06/Sep/2022:08:55:52 +0800] "GET /xingrg/check_reg.html?_=1662425749980 HTTP/1.1" 200 22
116.224.255.128 - - [06/Sep/2022:08:55:52 +0800] "GET /xingrg/javascript/auto/indicator.gif HTTP/1.1" 404 1066
114.84.5.35 - - [06/Sep/2022:08:55:54 +0800] "GET /xingrg/kc/buy/buy_main.html HTTP/1.1" 200 12412
114.84.5.35 - - [06/Sep/2022:08:55:54 +0800] "GET /xingrg/css/new_ie.css HTTP/1.1" 404 1036
114.84.5.35 - - [06/Sep/2022:08:55:54 +0800] "GET /xingrg/images/yd/bt.gif HTTP/1.1" 404 1040
114.84.5.35 - - [06/Sep/2022:08:55:55 +0800] "GET /xingrg/kc/buy/cgsh_order_list.html HTTP/1.1" 200 52793
114.84.5.35 - - [06/Sep/2022:08:55:56 +0800] "POST /xingrg/kc/buy/cgsh_list_operate.html HTTP/1.1" 200 700
116.232.194.65 - - [06/Sep/2022:08:56:01 +0800] "GET /xingrg/kc/buy/cgsh_order_operate.html?command=get_materiel&rest_code=00155&code=00101016105&supplier_code=00100037&order_time=2022-09-06 HTTP/1.1" 200 409
116.224.255.128 - - [06/Sep/2022:08:56:01 +0800] "GET /xingrg/kc/buy/cgsh_order_operate.html?command=get_materiel&rest_code=00151&code=00101008084&supplier_code=00100096&order_time=2022-09-06 HTTP/1.1" 200 412
116.225.121.189 - - [06/Sep/2022:08:56:06 +0800] "GET /xingrg/all/function/internal_message.html?_=1662425628451&CODE_STATE=getMsg HTTP/1.1" 200 27
116.232.194.65 - - [06/Sep/2022:08:56:10 +0800] "GET /xingrg/kc/buy/cgsh_order_operate.html?command=get_materiel&rest_code=00155&code=00101012032&supplier_code=00100037&order_time=2022-09-06 HTTP/1.1" 200 416
116.224.255.128 - - [06/Sep/2022:08:56:20 +0800] "GET /xingrg/kc/buy/cgsh_order_operate.html?command=get_materiel&rest_code=00151&code=00101016025&supplier_code=00100096&order_time=2022-09-06 HTTP/1.1" 200 408
116.232.194.65 - - [06/Sep/2022:08:56:22 +0800] "GET /xingrg/kc/buy/cgsh_order_operate.html?command=get_materiel&rest_code=00155&code=00101016025&supplier_code=00100037&order_time=2022-09-06 HTTP/1.1" 200 408
116.232.194.65 - - [06/Sep/2022:08:56:28 +0800] "GET /xingrg/all/function/internal_message.html?_=1662425730053&CODE_STATE=getMsg HTTP/1.1" 200 27
116.224.255.128 - - [06/Sep/2022:08:56:30 +0800] "GET /xingrg/kc/buy/cgsh_order_operate.html?command=get_materiel&rest_code=00151&code=00101012025&supplier_code=00100096&order_time=2022-09-06 HTTP/1.1" 200 412
124.78.154.246 - - [06/Sep/2022:08:56:31 +0800] "GET /xingrg/all/function/internal_message.html?_=1662425788896&CODE_STATE=getMsg HTTP/1.1" 200 27
101.83.241.167 - - [06/Sep/2022:08:56:34 +0800] "POST /xingrg/services/DataTransmitService HTTP/1.1" 200 524
116.224.123.211 - - [06/Sep/2022:08:56:35 +0800] "GET /xingrg/all/function/internal_message.html?_=1662425798773&CODE_STATE=getMsg HTTP/1.1" 200 27
116.232.194.65 - - [06/Sep/2022:08:56:38 +0800] "POST /xingrg/kc/buy/cgsh_order_operate.html HTTP/1.1" 200 37
116.232.194.65 - - [06/Sep/2022:08:56:39 +0800] "POST /xingrg/kc/buy/cgsh_order_operate.html HTTP/1.1" 200 6791
116.224.255.128 - - [06/Sep/2022:08:56:41 +0800] "GET /xingrg/kc/buy/cgsh_order_operate.html?command=get_materiel&rest_code=00151&code=00101012059&supplier_code=00100096&order_time=2022-09-06 HTTP/1.1" 200 412
116.224.255.128 - - [06/Sep/2022:08:56:45 +0800] "GET /xingrg/all/function/internal_message.html?_=1662425751250&CODE_STATE=getMsg HTTP/1.1" 200 27
222.70.246.221 - - [06/Sep/2022:08:56:45 +0800] "GET /xingrg/all/function/internal_message.html?_=1662425809565&CODE_STATE=getMsg HTTP/1.1" 302 -
116.225.121.189 - - [06/Sep/2022:08:56:46 +0800] "GET /xingrg/all/function/internal_message.html?_=1662425806763&CODE_STATE=getMsg HTTP/1.1" 200 27
114.84.5.35 - - [06/Sep/2022:08:56:52 +0800] "GET /xingrg/all/function/internal_message.html?_=1662425809985&CODE_STATE=getMsg HTTP/1.1" 200 27
116.224.255.128 - - [06/Sep/2022:08:56:53 +0800] "GET /xingrg/kc/buy/cgsh_order_operate.html?command=get_materiel&rest_code=00151&code=00101006124&supplier_code=00100096&order_time=2022-09-06 HTTP/1.1" 200 411
116.224.255.128 - - [06/Sep/2022:08:57:05 +0800] "GET /xingrg/kc/buy/cgsh_order_operate.html?command=get_materiel&rest_code=00151&code=00101006178&supplier_code=00100096&order_time=2022-09-06 HTTP/1.1" 200 411
116.225.121.189 - - [06/Sep/2022:08:57:06 +0800] "GET /xingrg/all/function/internal_message.html?_=1662425688451&CODE_STATE=getMsg HTTP/1.1" 200 27
180.163.29.79 - - [06/Sep/2022:08:57:09 +0800] "GET /xingrg/kc/buy/cgsh_order_operate.html?command=get_materiel&rest_code=00106&code=00101008323&supplier_code=00100007&order_time=2022-09-06 HTTP/1.1" 302 -
180.163.29.79 - - [06/Sep/2022:08:57:09 +0800] "GET /xingrg/login.html HTTP/1.1" 200 7641
222.70.246.221 - - [06/Sep/2022:08:57:16 +0800] "GET /xingrg/check_reg.html?_=1662425840040 HTTP/1.1" 302 -
116.224.255.128 - - [06/Sep/2022:08:57:20 +0800] "GET /xingrg/kc/buy/cgsh_order_operate.html?command=get_materiel&rest_code=00151&code=00101006055&supplier_code=00100096&order_time=2022-09-06 HTTP/1.1" 200 411
116.232.194.65 - - [06/Sep/2022:08:57:28 +0800] "GET /xingrg/check_reg.html?_=1662425790005 HTTP/1.1" 200 22
116.232.194.65 - - [06/Sep/2022:08:57:28 +0800] "GET /xingrg/all/function/internal_message.html?_=1662425790036&CODE_STATE=getMsg HTTP/1.1" 200 27
124.78.154.246 - - [06/Sep/2022:08:57:31 +0800] "GET /xingrg/all/function/internal_message.html?_=1662425848896&CODE_STATE=getMsg HTTP/1.1" 200 27
116.224.255.128 - - [06/Sep/2022:08:57:34 +0800] "GET /xingrg/kc/buy/cgsh_order_operate.html?command=get_materiel&rest_code=00151&code=00101006184&supplier_code=00100096&order_time=2022-09-06 HTTP/1.1" 200 408
116.224.123.211 - - [06/Sep/2022:08:57:36 +0800] "GET /xingrg/all/function/internal_message.html?_=1662425858770&CODE_STATE=getMsg HTTP/1.1" 200 27
116.224.255.128 - - [06/Sep/2022:08:57:45 +0800] "GET /xingrg/all/function/internal_message.html?_=1662425811264&CODE_STATE=getMsg HTTP/1.1" 200 27
222.70.246.221 - - [06/Sep/2022:08:57:45 +0800] "GET /xingrg/all/function/internal_message.html?_=1662425869633&CODE_STATE=getMsg HTTP/1.1" 302 -
116.225.121.189 - - [06/Sep/2022:08:57:46 +0800] "GET /xingrg/all/function/internal_message.html?_=1662425866762&CODE_STATE=getMsg HTTP/1.1" 200 27
114.84.5.35 - - [06/Sep/2022:08:57:52 +0800] "GET /xingrg/all/function/internal_message.html?_=1662425869991&CODE_STATE=getMsg HTTP/1.1" 200 27
116.225.121.189 - - [06/Sep/2022:08:58:06 +0800] "GET /xingrg/all/function/internal_message.html?_=1662425748451&CODE_STATE=getMsg HTTP/1.1" 200 27
116.232.194.65 - - [06/Sep/2022:08:58:28 +0800] "GET /xingrg/all/function/internal_message.html?_=1662425850011&CODE_STATE=getMsg HTTP/1.1" 200 27
116.224.255.128 - - [06/Sep/2022:08:58:30 +0800] "GET /xingrg/kc/buy/cgsh_order_operate.html?command=get_materiel&rest_code=00151&code=00101016104&supplier_code=00100096&order_time=2022-09-06 HTTP/1.1" 200 409
124.78.154.246 - - [06/Sep/2022:08:58:31 +0800] "GET /xingrg/all/function/internal_message.html?_=1662425908896&CODE_STATE=getMsg HTTP/1.1" 200 27
124.78.154.246 - - [06/Sep/2022:08:58:31 +0800] "POST /xingrg/services/DataTransmitService HTTP/1.1" 200 524
116.224.123.211 - - [06/Sep/2022:08:58:35 +0800] "GET /xingrg/check_reg.html?_=1662425918768 HTTP/1.1" 200 22
116.224.123.211 - - [06/Sep/2022:08:58:36 +0800] "GET /xingrg/all/function/internal_message.html?_=1662425918771&CODE_STATE=getMsg HTTP/1.1" 200 27
116.224.255.128 - - [06/Sep/2022:08:58:43 +0800] "GET /xingrg/kc/buy/cgsh_order_operate.html?command=get_materiel&rest_code=00151&code=00101007049&supplier_code=00100096&order_time=2022-09-06 HTTP/1.1" 200 410
116.224.255.128 - - [06/Sep/2022:08:58:45 +0800] "GET /xingrg/all/function/internal_message.html?_=1662425871277&CODE_STATE=getMsg HTTP/1.1" 200 27
222.70.246.221 - - [06/Sep/2022:08:58:45 +0800] "GET /xingrg/all/function/internal_message.html?_=1662425929640&CODE_STATE=getMsg HTTP/1.1" 302 -
116.225.121.189 - - [06/Sep/2022:08:58:46 +0800] "GET /xingrg/all/function/internal_message.html?_=1662425926762&CODE_STATE=getMsg HTTP/1.1" 200 27
114.84.5.35 - - [06/Sep/2022:08:58:52 +0800] "GET /xingrg/all/function/internal_message.html?_=1662425929990&CODE_STATE=getMsg HTTP/1.1" 200 27
124.79.74.72 - - [06/Sep/2022:08:59:02 +0800] "GET /xingrg/check_reg.html?_=1662425939183 HTTP/1.1" 200 22
116.224.255.128 - - [06/Sep/2022:08:59:06 +0800] "POST /xingrg/kc/buy/cgsh_order_operate.html HTTP/1.1" 200 37
116.225.121.189 - - [06/Sep/2022:08:59:06 +0800] "GET /xingrg/check_reg.html?_=1662425808438 HTTP/1.1" 200 22
116.225.121.189 - - [06/Sep/2022:08:59:06 +0800] "GET /xingrg/all/function/internal_message.html?_=1662425808441&CODE_STATE=getMsg HTTP/1.1" 200 27
116.224.255.128 - - [06/Sep/2022:08:59:09 +0800] "POST /xingrg/kc/buy/cgsh_order_operate.html HTTP/1.1" 200 12
116.224.255.128 - - [06/Sep/2022:08:59:11 +0800] "GET /xingrg/kc/buy/cgsh_order_info.html?code=212022090601873 HTTP/1.1" 200 63082
116.224.255.128 - - [06/Sep/2022:08:59:11 +0800] "GET /xingrg/javascript/jquery_easy_ui/themes/icons/rest.png HTTP/1.1" 304 -
116.224.255.128 - - [06/Sep/2022:08:59:11 +0800] "GET /xingrg/javascript/jquery_easy_ui/themes/icons/area.png HTTP/1.1" 304 -
116.224.255.128 - - [06/Sep/2022:08:59:11 +0800] "GET /xingrg/javascript/easyui/themes/default/validatebox.css HTTP/1.1" 404 1104
116.224.255.128 - - [06/Sep/2022:08:59:12 +0800] "POST /xingrg/kc/buy/cgsh_order_operate.html HTTP/1.1" 200 5990
116.224.255.128 - - [06/Sep/2022:08:59:15 +0800] "GET /xingrg/kc/print/load_data.html?order_code=212022090601873&kc_code=cgsh&condition= HTTP/1.1" 200 2783
116.224.255.128 - - [06/Sep/2022:08:59:20 +0800] "GET /xingrg/check_reg.html?_=1662425957540 HTTP/1.1" 302 -
116.232.194.65 - - [06/Sep/2022:08:59:28 +0800] "GET /xingrg/all/function/internal_message.html?_=1662425910024&CODE_STATE=getMsg HTTP/1.1" 200 27
124.78.154.246 - - [06/Sep/2022:08:59:31 +0800] "GET /xingrg/check_reg.html?_=1662425968901 HTTP/1.1" 200 22
124.78.154.246 - - [06/Sep/2022:08:59:31 +0800] "GET /xingrg/all/function/internal_message.html?_=1662425968897&CODE_STATE=getMsg HTTP/1.1" 200 27
116.224.123.211 - - [06/Sep/2022:08:59:35 +0800] "GET /xingrg/all/function/internal_message.html?_=1662425978765&CODE_STATE=getMsg HTTP/1.1" 200 27
114.83.219.57 - - [06/Sep/2022:08:59:45 +0800] "GET /xingrg/check_reg.html?_=1662426065543 HTTP/1.1" 200 22
116.224.255.128 - - [06/Sep/2022:08:59:45 +0800] "GET /xingrg/all/function/internal_message.html?_=1662425931291&CODE_STATE=getMsg HTTP/1.1" 200 27
222.70.246.221 - - [06/Sep/2022:08:59:45 +0800] "GET /xingrg/all/function/internal_message.html?_=1662425989687&CODE_STATE=getMsg HTTP/1.1" 302 -
116.225.121.189 - - [06/Sep/2022:08:59:46 +0800] "GET /xingrg/check_reg.html?_=1662425986763 HTTP/1.1" 200 22
116.225.121.189 - - [06/Sep/2022:08:59:46 +0800] "GET /xingrg/all/function/internal_message.html?_=1662425986765&CODE_STATE=getMsg HTTP/1.1" 200 27
116.224.255.128 - - [06/Sep/2022:08:59:48 +0800] "GET /xingrg/javascript/jquery_easy_ui/themes/default/images/tabs_active.png HTTP/1.1" 304 -
114.84.5.35 - - [06/Sep/2022:08:59:52 +0800] "GET /xingrg/all/function/internal_message.html?_=1662425989989&CODE_STATE=getMsg HTTP/1.1" 200 27
116.224.255.128 - - [06/Sep/2022:08:59:52 +0800] "POST /xingrg/kc/buy/cgsh_list_operate.html HTTP/1.1" 200 700
116.224.255.128 - - [06/Sep/2022:08:59:57 +0800] "GET /xingrg/javascript/jquery_tools/images/prev.gif HTTP/1.1" 404 1086
116.224.255.128 - - [06/Sep/2022:08:59:57 +0800] "GET /xingrg/javascript/jquery_tools/images/next.gif HTTP/1.1" 404 1086
114.84.5.35 - - [06/Sep/2022:08:59:58 +0800] "GET /xingrg/kc/buy/cgsh_order_add.html HTTP/1.1" 200 68531
114.84.5.35 - - [06/Sep/2022:08:59:58 +0800] "GET /xingrg/words/20220905110831_words.js HTTP/1.1" 304 -
114.84.5.35 - - [06/Sep/2022:08:59:59 +0800] "POST /xingrg/kc/buy/cgsh_order_operate.html HTTP/1.1" 200 8245
114.84.5.35 - - [06/Sep/2022:08:59:59 +0800] "GET /xingrg/all/common/auto_word.html?type=employee&rest_code=00111 HTTP/1.1" 200 155
114.84.5.35 - - [06/Sep/2022:08:59:59 +0800] "GET /xingrg/javascript/easyui/themes/default/validatebox.css HTTP/1.1" 404 1104
114.84.5.35 - - [06/Sep/2022:08:59:59 +0800] "GET /xingrg/all/common/auto_word.html?type=employee&rest_code=00111 HTTP/1.1" 200 155
114.84.5.35 - - [06/Sep/2022:09:00:04 +0800] "GET /xingrg/javascript/auto/indicator.gif HTTP/1.1" 404 1066
116.224.255.128 - - [06/Sep/2022:09:00:04 +0800] "POST /xingrg/kc/buy/cgsh_list_operate.html HTTP/1.1" 200 1453
114.84.5.35 - - [06/Sep/2022:09:00:06 +0800] "GET /xingrg/javascript/jquery_tools/images/prev.gif HTTP/1.1" 404 1086
114.84.5.35 - - [06/Sep/2022:09:00:06 +0800] "GET /xingrg/javascript/jquery_tools/images/next.gif HTTP/1.1" 404 1086
116.225.121.189 - - [06/Sep/2022:09:00:06 +0800] "GET /xingrg/all/function/internal_message.html?_=1662425868442&CODE_STATE=getMsg HTTP/1.1" 200 27
114.84.5.35 - - [06/Sep/2022:09:00:13 +0800] "GET /xingrg/kc/buy/cgsh_order_operate.html?command=get_materiel&rest_code=00111&code=00101002027&supplier_code=00100199&order_time=2022-09-06 HTTP/1.1" 200 435
116.224.123.211 - - [06/Sep/2022:09:00:18 +0800] "POST /xingrg/services/DataTransmitService HTTP/1.1" 200 524
114.84.5.35 - - [06/Sep/2022:09:00:26 +0800] "POST /xingrg/kc/buy/cgsh_order_operate.html HTTP/1.1" 200 37
114.84.5.35 - - [06/Sep/2022:09:00:28 +0800] "POST /xingrg/kc/buy/cgsh_order_operate.html HTTP/1.1" 200 2662
116.232.194.65 - - [06/Sep/2022:09:00:28 +0800] "GET /xingrg/all/function/internal_message.html?_=1662425970027&CODE_STATE=getMsg HTTP/1.1" 200 27
114.84.5.35 - - [06/Sep/2022:09:00:29 +0800] "GET /xingrg/kc/print/load_config.html?kc_code=cgsh HTTP/1.1" 200 1943
114.84.5.35 - - [06/Sep/2022:09:00:30 +0800] "GET /xingrg/kc/print/load_data.html?order_code=212022090601874&kc_code=cgsh&condition= HTTP/1.1" 200 670
124.78.154.246 - - [06/Sep/2022:09:00:31 +0800] "GET /xingrg/all/function/internal_message.html?_=1662426028899&CODE_STATE=getMsg HTTP/1.1" 200 27
116.224.123.211 - - [06/Sep/2022:09:00:35 +0800] "GET /xingrg/all/function/internal_message.html?_=1662426038762&CODE_STATE=getMsg HTTP/1.1" 200 27
114.84.5.35 - - [06/Sep/2022:09:00:36 +0800] "GET /xingrg/kc/buy/cgsh_order_add.html HTTP/1.1" 200 68531
114.84.5.35 - - [06/Sep/2022:09:00:36 +0800] "POST /xingrg/kc/buy/cgsh_order_operate.html HTTP/1.1" 200 8245
114.84.5.35 - - [06/Sep/2022:09:00:36 +0800] "GET /xingrg/javascript/easyui/themes/default/validatebox.css HTTP/1.1" 404 1104
180.163.29.206 - - [06/Sep/2022:09:00:45 +0800] "GET /xingrg/kc/buy/cgsh_order_operate.html?command=get_materiel&rest_code=00106&code=00101008355&supplier_code=00100007&order_time=2022-09-06 HTTP/1.1" 302 -
180.163.29.206 - - [06/Sep/2022:09:00:45 +0800] "GET /xingrg/login.html HTTP/1.1" 200 7641
116.224.255.128 - - [06/Sep/2022:09:00:45 +0800] "GET /xingrg/check_reg.html?_=1662425991287 HTTP/1.1" 200 22
116.224.255.128 - - [06/Sep/2022:09:00:45 +0800] "GET /xingrg/all/function/internal_message.html?_=1662425991304&CODE_STATE=getMsg HTTP/1.1" 200 27
222.70.246.221 - - [06/Sep/2022:09:00:45 +0800] "GET /xingrg/all/function/internal_message.html?_=1662426049697&CODE_STATE=getMsg HTTP/1.1" 302 -
116.225.121.189 - - [06/Sep/2022:09:00:46 +0800] "GET /xingrg/all/function/internal_message.html?_=1662426046759&CODE_STATE=getMsg HTTP/1.1" 200 27
114.84.5.35 - - [06/Sep/2022:09:00:52 +0800] "GET /xingrg/check_reg.html?_=1662426050003 HTTP/1.1" 200 22
114.84.5.35 - - [06/Sep/2022:09:00:52 +0800] "GET /xingrg/all/function/internal_message.html?_=1662426050007&CODE_STATE=getMsg HTTP/1.1" 200 27
116.224.255.128 - - [06/Sep/2022:09:00:56 +0800] "POST /xingrg/all/user/operate.html HTTP/1.1" 200 36
116.224.255.128 - - [06/Sep/2022:09:00:57 +0800] "GET /xingrg/index.html?sysBaseUrl=http%3A%2F%2F180.169.147.146%3A18081%2Fxingrg%2F&costTime=44×tamp=1662376646368 HTTP/1.1" 200 17179
116.224.255.128 - - [06/Sep/2022:09:00:57 +0800] "GET /xingrg/javascript/jquery_easy_ui/themes/default/easyui.css HTTP/1.1" 304 -
116.224.255.128 - - [06/Sep/2022:09:00:57 +0800] "GET /xingrg/javascript/jquery_easy_ui/themes/icon.css HTTP/1.1" 304 -
116.224.255.128 - - [06/Sep/2022:09:00:57 +0800] "GET /xingrg/css/form.css HTTP/1.1" 304 -
116.224.255.128 - - [06/Sep/2022:09:00:57 +0800] "GET /xingrg/javascript/jquery-1.4.2.min.js HTTP/1.1" 304 -
116.224.255.128 - - [06/Sep/2022:09:00:57 +0800] "GET /xingrg/javascript/jquery_easy_ui/jquery.easyui.min.js HTTP/1.1" 304 -
116.224.255.128 - - [06/Sep/2022:09:00:57 +0800] "GET /xingrg/javascript/jquery_easy_ui/easyui-lang-zh_CN.js HTTP/1.1" 304 -
116.224.255.128 - - [06/Sep/2022:09:00:57 +0800] "GET /xingrg/javascript/jquery.form.js HTTP/1.1" 304 -
116.224.255.128 - - [06/Sep/2022:09:00:57 +0800] "GET /xingrg/javascript/jquery.utils.js HTTP/1.1" 304 -
116.224.255.128 - - [06/Sep/2022:09:00:57 +0800] "GET /xingrg/javascript/jquery.timers.js HTTP/1.1" 304 -
116.224.255.128 - - [06/Sep/2022:09:00:57 +0800] "GET /xingrg/images/blue/jxLogo.png HTTP/1.1" 304 -
116.224.255.128 - - [06/Sep/2022:09:00:57 +0800] "GET /xingrg/images/blue/navBackgound.jpg HTTP/1.1" 304 -
116.224.255.128 - - [06/Sep/2022:09:00:57 +0800] "POST /xingrg/all/common/load_tree.html?tree=area_rest_tree_json&manage=1 HTTP/1.1" 200 476
116.224.255.128 - - [06/Sep/2022:09:00:57 +0800] "GET /xingrg/javascript/jquery_easy_ui/themes/icons/settle_new.png HTTP/1.1" 304 -
116.224.255.128 - - [06/Sep/2022:09:00:57 +0800] "GET /xingrg/images/blue/pingpu.png HTTP/1.1" 304 -
116.224.255.128 - - [06/Sep/2022:09:00:57 +0800] "GET /xingrg/javascript/jquery_easy_ui/themes/default/images/panel_tool_collapse.gif HTTP/1.1" 304 -
116.224.255.128 - - [06/Sep/2022:09:00:57 +0800] "GET /xingrg/all/function/internal_message.html?_=1662426002993&CODE_STATE=count HTTP/1.1" 200 11
116.224.255.128 - - [06/Sep/2022:09:00:57 +0800] "GET /xingrg/check_reg.html?_=1662426002994 HTTP/1.1" 200 22
116.224.255.128 - - [06/Sep/2022:09:00:57 +0800] "GET /xingrg/javascript/jquery_easy_ui/themes/default/images/tabs_leftarrow.png HTTP/1.1" 304 -
116.224.255.128 - - [06/Sep/2022:09:00:57 +0800] "GET /xingrg/javascript/jquery_easy_ui/themes/default/images/tree_arrows.gif HTTP/1.1" 304 -
116.224.255.128 - - [06/Sep/2022:09:00:57 +0800] "POST /xingrg/load_menu.html HTTP/1.1" 200 5138
116.224.255.128 - - [06/Sep/2022:09:00:57 +0800] "GET /xingrg/javascript/jquery_easy_ui/themes/default/images/tabs_rightarrow.png HTTP/1.1" 304 -
116.224.255.128 - - [06/Sep/2022:09:00:59 +0800] "GET /xingrg/kc/buy/cgsh_order_list.html HTTP/1.1" 200 52799
116.224.255.128 - - [06/Sep/2022:09:01:02 +0800] "POST /xingrg/kc/buy/cgsh_list_operate.html HTTP/1.1" 200 1452
116.225.121.189 - - [06/Sep/2022:09:01:06 +0800] "GET /xingrg/all/function/internal_message.html?_=1662425928442&CODE_STATE=getMsg HTTP/1.1" 200 27
116.224.255.128 - - [06/Sep/2022:09:01:08 +0800] "GET /xingrg/javascript/jquery_tools/images/prev.gif HTTP/1.1" 404 1086
116.224.255.128 - - [06/Sep/2022:09:01:08 +0800] "GET /xingrg/javascript/jquery_tools/images/next.gif HTTP/1.1" 404 1086
114.83.219.57 - - [06/Sep/2022:09:01:13 +0800] "GET /xingrg/kc/buy/cgsh_order_list.html HTTP/1.1" 200 52799
116.224.255.128 - - [06/Sep/2022:09:01:15 +0800] "POST /xingrg/kc/buy/cgsh_list_operate.html HTTP/1.1" 200 1455
114.83.219.57 - - [06/Sep/2022:09:01:17 +0800] "POST /xingrg/kc/buy/cgsh_list_operate.html HTTP/1.1" 200 1994
116.224.255.128 - - [06/Sep/2022:09:01:22 +0800] "GET /xingrg/kc/buy/cgsh_order_add.html HTTP/1.1" 200 68587
116.224.255.128 - - [06/Sep/2022:09:01:22 +0800] "POST /xingrg/kc/buy/cgsh_order_operate.html HTTP/1.1" 200 8245
116.224.255.128 - - [06/Sep/2022:09:01:22 +0800] "GET /xingrg/javascript/easyui/themes/default/validatebox.css HTTP/1.1" 404 1104
116.224.255.128 - - [06/Sep/2022:09:01:24 +0800] "GET /xingrg/javascript/auto/indicator.gif HTTP/1.1" 404 1066
114.83.219.57 - - [06/Sep/2022:09:01:24 +0800] "POST /xingrg/kc/buy/cgsh_list_operate.html HTTP/1.1" 200 574
114.83.219.57 - - [06/Sep/2022:09:01:25 +0800] "GET /xingrg/kc/buy/cgsh_order_info.html?code=212022090501560 HTTP/1.1" 200 67778
114.83.219.57 - - [06/Sep/2022:09:01:25 +0800] "GET /xingrg/javascript/easyui/themes/default/validatebox.css HTTP/1.1" 404 1104
114.83.219.57 - - [06/Sep/2022:09:01:26 +0800] "POST /xingrg/kc/buy/cgsh_order_operate.html HTTP/1.1" 200 7407
116.232.194.65 - - [06/Sep/2022:09:01:28 +0800] "GET /xingrg/all/function/internal_message.html?_=1662426030021&CODE_STATE=getMsg HTTP/1.1" 200 27
124.78.154.246 - - [06/Sep/2022:09:01:31 +0800] "GET /xingrg/all/function/internal_message.html?_=1662426088899&CODE_STATE=getMsg HTTP/1.1" 200 27
116.224.255.128 - - [06/Sep/2022:09:01:32 +0800] "GET /xingrg/kc/buy/cgsh_order_operate.html?command=get_materiel&rest_code=00150&code=00101008323&supplier_code=00100008&order_time=2022-09-06 HTTP/1.1" 200 408
114.83.219.57 - - [06/Sep/2022:09:01:33 +0800] "GET /xingrg/javascript/auto/indicator.gif HTTP/1.1" 404 1066
116.224.123.211 - - [06/Sep/2022:09:01:35 +0800] "GET /xingrg/all/function/internal_message.html?_=1662426098760&CODE_STATE=getMsg HTTP/1.1" 200 27
114.83.219.57 - - [06/Sep/2022:09:01:39 +0800] "GET /xingrg/kc/buy/cgsh_order_operate.html?command=get_materiel&rest_code=00154&code=00101010136&supplier_code=00100466&order_time=2022-09-05 HTTP/1.1" 200 408
114.84.5.35 - - [06/Sep/2022:09:01:44 +0800] "GET /xingrg/kc/buy/cgsh_order_operate.html?command=get_materiel&rest_code=00111&code=00101018007&supplier_code=00100042&order_time=2022-09-06 HTTP/1.1" 200 409
222.70.246.221 - - [06/Sep/2022:09:01:45 +0800] "GET /xingrg/all/function/internal_message.html?_=1662426109749&CODE_STATE=getMsg HTTP/1.1" 302 -
116.225.121.189 - - [06/Sep/2022:09:01:46 +0800] "GET /xingrg/all/function/internal_message.html?_=1662426106760&CODE_STATE=getMsg HTTP/1.1" 200 27
116.224.255.128 - - [06/Sep/2022:09:01:47 +0800] "GET /xingrg/kc/buy/cgsh_order_operate.html?command=get_materiel&rest_code=00150&code=00101008331&supplier_code=00100008&order_time=2022-09-06 HTTP/1.1" 200 416
114.84.5.35 - - [06/Sep/2022:09:01:52 +0800] "GET /xingrg/all/function/internal_message.html?_=1662426109992&CODE_STATE=getMsg HTTP/1.1" 200 27
114.84.5.35 - - [06/Sep/2022:09:01:54 +0800] "GET /xingrg/kc/buy/cgsh_order_operate.html?command=get_materiel&rest_code=00111&code=00101005037&supplier_code=00100042&order_time=2022-09-06 HTTP/1.1" 200 409
116.224.255.128 - - [06/Sep/2022:09:01:57 +0800] "GET /xingrg/all/function/internal_message.html?_=1662426063003&CODE_STATE=getMsg HTTP/1.1" 200 27
116.224.255.128 - - [06/Sep/2022:09:01:59 +0800] "GET /xingrg/kc/buy/cgsh_order_operate.html?command=get_materiel&rest_code=00150&code=00101008350&supplier_code=00100008&order_time=2022-09-06 HTTP/1.1" 200 429
114.84.5.35 - - [06/Sep/2022:09:02:01 +0800] "GET /xingrg/kc/buy/cgsh_order_operate.html?command=get_materiel&rest_code=00111&code=00101001111&supplier_code=00100042&order_time=2022-09-06 HTTP/1.1" 200 409
116.224.255.128 - - [06/Sep/2022:09:02:03 +0800] "GET /xingrg/system/info/materiel_import.html?isSelect=1&singleSelect=false HTTP/1.1" 200 5600
116.224.255.128 - - [06/Sep/2022:09:02:03 +0800] "GET /xingrg/css/blue.css HTTP/1.1" 304 -
116.224.255.128 - - [06/Sep/2022:09:02:03 +0800] "GET /xingrg/css/xtree.css HTTP/1.1" 200 880
116.224.255.128 - - [06/Sep/2022:09:02:03 +0800] "GET /xingrg/javascript/jquery_ui/themes/base/base.css HTTP/1.1" 200 28568
116.224.255.128 - - [06/Sep/2022:09:02:03 +0800] "GET /xingrg/javascript/jquery_easy_ui/themes/icons/check_new.png HTTP/1.1" 304 -
116.224.255.128 - - [06/Sep/2022:09:02:03 +0800] "GET /xingrg/javascript/jquery_easy_ui/themes/icons/search.png HTTP/1.1" 304 -
116.224.255.128 - - [06/Sep/2022:09:02:03 +0800] "GET /xingrg/javascript/jquery_easy_ui/themes/icons/edit_add.png HTTP/1.1" 200 1088
116.224.255.128 - - [06/Sep/2022:09:02:03 +0800] "GET /xingrg/javascript/jquery_easy_ui/themes/default/images/datagrid_header_bg.gif HTTP/1.1" 200 97
116.224.255.128 - - [06/Sep/2022:09:02:03 +0800] "GET /xingrg/javascript/jquery_easy_ui/themes/default/images/pagination_first.gif HTTP/1.1" 200 925
116.224.255.128 - - [06/Sep/2022:09:02:03 +0800] "GET /xingrg/javascript/jquery_easy_ui/themes/default/images/pagination_prev.gif HTTP/1.1" 200 879
116.224.255.128 - - [06/Sep/2022:09:02:03 +0800] "GET /xingrg/javascript/jquery_easy_ui/themes/default/images/pagination_next.gif HTTP/1.1" 200 875
116.224.255.128 - - [06/Sep/2022:09:02:03 +0800] "GET /xingrg/javascript/jquery_easy_ui/themes/default/images/pagination_load.png HTTP/1.1" 200 827
116.224.255.128 - - [06/Sep/2022:09:02:03 +0800] "GET /xingrg/javascript/jquery_easy_ui/themes/default/images/pagination_last.gif HTTP/1.1" 200 923
116.224.255.128 - - [06/Sep/2022:09:02:03 +0800] "GET /favicon.ico HTTP/1.1" 404 -
116.224.255.128 - - [06/Sep/2022:09:02:03 +0800] "POST /xingrg/all/common/load_tree.html?tree=materiel_sort_tree_json HTTP/1.1" 200 9500
114.83.219.57 - - [06/Sep/2022:09:02:05 +0800] "GET /xingrg/kc/buy/cgsh_order_operate.html?command=get_materiel&rest_code=00154&code=00101010289&supplier_code=00100466&order_time=2022-09-05 HTTP/1.1" 200 449
116.225.121.189 - - [06/Sep/2022:09:02:06 +0800] "GET /xingrg/all/function/internal_message.html?_=1662425988443&CODE_STATE=getMsg HTTP/1.1" 200 27
114.83.219.57 - - [06/Sep/2022:09:02:06 +0800] "POST /xingrg/all/common/load_select.html HTTP/1.1" 200 25
116.224.255.128 - - [06/Sep/2022:09:02:10 +0800] "GET /xingrg/kc/buy/cgsh_order_operate.html?command=get_materiel&rest_code=00150&code=00101008096&supplier_code=00100008&order_time=2022-09-06 HTTP/1.1" 200 412
114.83.219.57 - - [06/Sep/2022:09:02:11 +0800] "GET /xingrg/kc/buy/cgsh_order_operate.html?command=get_materiel_price&rest_code=00154&code=00101010289&unit_code=00100070&supplier_code=00100466&order_time=2022-09-05 HTTP/1.1" 200 29
222.70.246.221 - - [06/Sep/2022:09:02:16 +0800] "GET /xingrg/check_reg.html?_=1662426140039 HTTP/1.1" 302 -
116.224.255.128 - - [06/Sep/2022:09:02:17 +0800] "GET /xingrg/kc/buy/cgsh_order_operate.html?command=get_materiel&rest_code=00150&code=00101008361&supplier_code=00100008&order_time=2022-09-06 HTTP/1.1" 200 408
116.232.194.65 - - [06/Sep/2022:09:02:28 +0800] "GET /xingrg/check_reg.html?_=1662426090013 HTTP/1.1" 200 22
116.232.194.65 - - [06/Sep/2022:09:02:28 +0800] "GET /xingrg/all/function/internal_message.html?_=1662426090016&CODE_STATE=getMsg HTTP/1.1" 200 27
124.78.154.246 - - [06/Sep/2022:09:02:31 +0800] "GET /xingrg/all/function/internal_message.html?_=1662426148900&CODE_STATE=getMsg HTTP/1.1" 200 27
114.84.5.35 - - [06/Sep/2022:09:02:32 +0800] "GET /xingrg/kc/buy/cgsh_order_operate.html?command=get_materiel&rest_code=00111&code=00101002006&supplier_code=00100042&order_time=2022-09-06 HTTP/1.1" 200 430
114.83.219.57 - - [06/Sep/2022:09:02:33 +0800] "GET /xingrg/kc/buy/cgsh_order_operate.html?command=get_materiel&rest_code=00154&code=00101008359&supplier_code=00100466&order_time=2022-09-05 HTTP/1.1" 200 410
116.224.123.211 - - [06/Sep/2022:09:02:35 +0800] "GET /xingrg/all/function/internal_message.html?_=1662426158773&CODE_STATE=getMsg HTTP/1.1" 200 27
114.84.5.35 - - [06/Sep/2022:09:02:42 +0800] "POST /xingrg/kc/buy/cgsh_order_operate.html HTTP/1.1" 200 37
116.224.255.128 - - [06/Sep/2022:09:02:45 +0800] "GET /xingrg/kc/buy/cgsh_order_operate.html?command=get_materiel&rest_code=00150&code=00101008356&supplier_code=00100008&order_time=2022-09-06 HTTP/1.1" 200 409
222.70.246.221 - - [06/Sep/2022:09:02:45 +0800] "GET /xingrg/all/function/internal_message.html?_=1662426169757&CODE_STATE=getMsg HTTP/1.1" 302 -
116.225.121.189 - - [06/Sep/2022:09:02:46 +0800] "GET /xingrg/all/function/internal_message.html?_=1662426166767&CODE_STATE=getMsg HTTP/1.1" 200 27
114.84.5.35 - - [06/Sep/2022:09:02:46 +0800] "POST /xingrg/kc/buy/cgsh_order_operate.html HTTP/1.1" 200 4429
114.84.5.35 - - [06/Sep/2022:09:02:52 +0800] "GET /xingrg/all/function/internal_message.html?_=1662426169996&CODE_STATE=getMsg HTTP/1.1" 200 27
116.224.255.128 - - [06/Sep/2022:09:02:57 +0800] "GET /xingrg/all/function/internal_message.html?_=1662426123016&CODE_STATE=getMsg HTTP/1.1" 200 27
114.83.219.57 - - [06/Sep/2022:09:03:05 +0800] "GET /xingrg/kc/buy/cgsh_order_operate.html?command=get_materiel&rest_code=00154&code=00101008350&supplier_code=00100466&order_time=2022-09-05 HTTP/1.1" 200 429
116.225.121.189 - - [06/Sep/2022:09:03:06 +0800] "GET /xingrg/all/function/internal_message.html?_=1662426048443&CODE_STATE=getMsg HTTP/1.1" 200 27
116.224.255.128 - - [06/Sep/2022:09:03:10 +0800] "GET /xingrg/kc/buy/cgsh_order_operate.html?command=get_materiel&rest_code=00150&code=00101008223&supplier_code=00100008&order_time=2022-09-06 HTTP/1.1" 200 412
116.224.255.128 - - [06/Sep/2022:09:03:24 +0800] "POST /xingrg/all/user/operate.html HTTP/1.1" 302 -
114.83.219.57 - - [06/Sep/2022:09:03:26 +0800] "GET /xingrg/kc/buy/cgsh_order_operate.html?command=get_materiel&rest_code=00154&code=00102002453&supplier_code=00100466&order_time=2022-09-05 HTTP/1.1" 200 435
116.232.194.65 - - [06/Sep/2022:09:03:28 +0800] "GET /xingrg/all/function/internal_message.html?_=1662426150007&CODE_STATE=getMsg HTTP/1.1" 200 27
124.78.154.246 - - [06/Sep/2022:09:03:31 +0800] "GET /xingrg/all/function/internal_message.html?_=1662426208899&CODE_STATE=getMsg HTTP/1.1" 200 27
116.224.255.128 - - [06/Sep/2022:09:03:33 +0800] "GET /xingrg/kc/buy/cgsh_order_operate.html?command=get_materiel&rest_code=00150&code=00101008371&supplier_code=00100008&order_time=2022-09-06 HTTP/1.1" 200 412
116.224.123.211 - - [06/Sep/2022:09:03:35 +0800] "GET /xingrg/check_reg.html?_=1662426218796 HTTP/1.1" 200 22
116.224.123.211 - - [06/Sep/2022:09:03:36 +0800] "GET /xingrg/all/function/internal_message.html?_=1662426218799&CODE_STATE=getMsg HTTP/1.1" 200 27
116.224.255.128 - - [06/Sep/2022:09:03:43 +0800] "GET /xingrg/login.html HTTP/1.1" 200 7641
116.224.255.128 - - [06/Sep/2022:09:03:44 +0800] "GET /favicon.ico HTTP/1.1" 404 -
222.70.246.221 - - [06/Sep/2022:09:03:45 +0800] "GET /xingrg/all/function/internal_message.html?_=1662426229803&CODE_STATE=getMsg HTTP/1.1" 302 -
116.225.121.189 - - [06/Sep/2022:09:03:46 +0800] "GET /xingrg/all/function/internal_message.html?_=1662426226762&CODE_STATE=getMsg HTTP/1.1" 200 27
114.83.219.57 - - [06/Sep/2022:09:03:50 +0800] "GET /xingrg/kc/buy/cgsh_order_operate.html?command=get_materiel&rest_code=00154&code=00101007062&supplier_code=00100466&order_time=2022-09-05 HTTP/1.1" 200 413
116.224.255.128 - - [06/Sep/2022:09:03:50 +0800] "POST /xingrg/login.do HTTP/1.1" 302 -
116.224.255.128 - - [06/Sep/2022:09:03:50 +0800] "GET /xingrg/index.html?sysBaseUrl=http%3A%2F%2F180.169.147.146%3A18081%2Fxingrg%2F&costTime=41×tamp=1662426230841 HTTP/1.1" 200 17177
116.224.255.128 - - [06/Sep/2022:09:03:51 +0800] "GET /favicon.ico HTTP/1.1" 404 -
116.224.255.128 - - [06/Sep/2022:09:03:51 +0800] "POST /xingrg/all/common/load_tree.html?tree=area_rest_tree_json&manage=1 HTTP/1.1" 200 476
116.224.255.128 - - [06/Sep/2022:09:03:51 +0800] "GET /xingrg/kc/buy/cgsh_order_operate.html?command=get_materiel&rest_code=00150&code=00101008523&supplier_code=00100008&order_time=2022-09-06 HTTP/1.1" 200 413
116.224.255.128 - - [06/Sep/2022:09:03:51 +0800] "GET /xingrg/all/function/internal_message.html?_=1662426228435&CODE_STATE=count HTTP/1.1" 200 11
116.224.255.128 - - [06/Sep/2022:09:03:51 +0800] "POST /xingrg/load_menu.html HTTP/1.1" 200 5138
116.224.255.128 - - [06/Sep/2022:09:03:51 +0800] "GET /xingrg/check_reg.html?_=1662426228437 HTTP/1.1" 200 22
114.84.5.35 - - [06/Sep/2022:09:03:52 +0800] "GET /xingrg/all/function/internal_message.html?_=1662426229997&CODE_STATE=getMsg HTTP/1.1" 200 27
116.224.255.128 - - [06/Sep/2022:09:03:54 +0800] "GET /xingrg/kc/buy/cgsh_order_list.html HTTP/1.1" 200 52797
116.224.255.128 - - [06/Sep/2022:09:03:55 +0800] "POST /xingrg/kc/buy/cgsh_list_operate.html HTTP/1.1" 200 700
116.224.255.128 - - [06/Sep/2022:09:03:56 +0800] "GET /xingrg/kc/buy/cgsh_order_add.html HTTP/1.1" 200 68173
116.224.255.128 - - [06/Sep/2022:09:03:56 +0800] "GET /xingrg/words/20220905110831_words.js HTTP/1.1" 304 -
116.224.255.128 - - [06/Sep/2022:09:03:57 +0800] "GET /xingrg/all/common/auto_word.html?type=employee&rest_code=00151 HTTP/1.1" 200 293
116.224.255.128 - - [06/Sep/2022:09:03:57 +0800] "GET /xingrg/all/common/auto_word.html?type=employee&rest_code=00151 HTTP/1.1" 200 293
116.224.255.128 - - [06/Sep/2022:09:03:57 +0800] "GET /xingrg/javascript/easyui/themes/default/validatebox.css HTTP/1.1" 404 1104
116.224.255.128 - - [06/Sep/2022:09:03:57 +0800] "POST /xingrg/kc/buy/cgsh_order_operate.html HTTP/1.1" 200 8245
116.224.255.128 - - [06/Sep/2022:09:03:57 +0800] "GET /xingrg/all/function/internal_message.html?_=1662426183030&CODE_STATE=getMsg HTTP/1.1" 200 27
116.224.255.128 - - [06/Sep/2022:09:04:00 +0800] "GET /xingrg/kc/buy/cgsh_order_operate.html?command=get_materiel&rest_code=00150&code=00101008109&supplier_code=00100008&order_time=2022-09-06 HTTP/1.1" 200 413
116.224.255.128 - - [06/Sep/2022:09:04:01 +0800] "GET /xingrg/javascript/auto/indicator.gif HTTP/1.1" 404 1066
124.79.74.72 - - [06/Sep/2022:09:04:02 +0800] "GET /xingrg/check_reg.html?_=1662426239153 HTTP/1.1" 200 22
114.83.219.57 - - [06/Sep/2022:09:04:05 +0800] "POST /xingrg/kc/buy/cgsh_order_operate.html HTTP/1.1" 200 2065
116.225.121.189 - - [06/Sep/2022:09:04:06 +0800] "GET /xingrg/check_reg.html?_=1662426108444 HTTP/1.1" 200 22
116.225.121.189 - - [06/Sep/2022:09:04:06 +0800] "GET /xingrg/all/function/internal_message.html?_=1662426108447&CODE_STATE=getMsg HTTP/1.1" 200 27
180.163.30.100 - - [06/Sep/2022:09:04:07 +0800] "GET /xingrg/kc/buy/cgsh_order_operate.html?command=get_materiel&rest_code=00106&code=00101008286&supplier_code=00100007&order_time=2022-09-06 HTTP/1.1" 302 -
180.163.30.100 - - [06/Sep/2022:09:04:07 +0800] "GET /xingrg/login.html HTTP/1.1" 200 7641
116.224.255.128 - - [06/Sep/2022:09:04:08 +0800] "GET /xingrg/kc/buy/cgsh_order_operate.html?command=get_materiel&rest_code=00151&code=00101008323&supplier_code=00100008&order_time=2022-09-06 HTTP/1.1" 200 408
116.224.255.128 - - [06/Sep/2022:09:04:08 +0800] "GET /xingrg/kc/buy/cgsh_order_operate.html?command=get_materiel&rest_code=00150&code=00101008658&supplier_code=00100008&order_time=2022-09-06 HTTP/1.1" 200 408
116.224.255.128 - - [06/Sep/2022:09:04:19 +0800] "GET /xingrg/kc/buy/cgsh_order_operate.html?command=get_materiel&rest_code=00151&code=00101008224&supplier_code=00100008&order_time=2022-09-06 HTTP/1.1" 200 416
116.224.255.128 - - [06/Sep/2022:09:04:20 +0800] "GET /xingrg/kc/buy/cgsh_order_operate.html?command=get_materiel&rest_code=00150&code=00101008619&supplier_code=00100008&order_time=2022-09-06 HTTP/1.1" 200 419
114.84.81.136 - - [06/Sep/2022:09:04:28 +0800] "GET /favicon.ico HTTP/1.1" 404 -
116.232.194.65 - - [06/Sep/2022:09:04:28 +0800] "GET /xingrg/all/function/internal_message.html?_=1662426210023&CODE_STATE=getMsg HTTP/1.1" 200 27
124.78.154.246 - - [06/Sep/2022:09:04:31 +0800] "GET /xingrg/all/function/internal_message.html?_=1662426268899&CODE_STATE=getMsg HTTP/1.1" 200 27
124.78.154.246 - - [06/Sep/2022:09:04:31 +0800] "GET /xingrg/check_reg.html?_=1662426268900 HTTP/1.1" 200 22
