124.78.154.246 - - [06/Sep/2022:10:51:50 +0800] "GET /xingrg/kc/base/wldb_order_add.html HTTP/1.1" 200 30398
124.78.154.246 - - [06/Sep/2022:10:51:51 +0800] "POST /xingrg/kc/base/wldb_order_operate.html HTTP/1.1" 200 6806
124.78.154.246 - - [06/Sep/2022:10:51:51 +0800] "GET /xingrg/javascript/easyui/themes/default/validatebox.css HTTP/1.1" 404 1104
124.78.154.246 - - [06/Sep/2022:10:51:51 +0800] "POST /xingrg/all/common/load_combo.html?type=base HTTP/1.1" 200 3227
114.84.5.35 - - [06/Sep/2022:10:51:52 +0800] "GET /xingrg/all/function/internal_message.html?_=1662432710151&CODE_STATE=getMsg HTTP/1.1" 200 27
120.253.135.82 - - [06/Sep/2022:10:51:53 +0800] "GET /xingrg/all/function/internal_message.html?_=1662432512936&CODE_STATE=getMsg HTTP/1.1" 200 27
180.169.147.146 - - [06/Sep/2022:10:51:53 +0800] "GET /xingrg/kc/cost/cost_list.html HTTP/1.1" 200 6093
180.169.147.146 - - [06/Sep/2022:10:51:53 +0800] "GET /xingrg/javascript/jquery_easy_ui/themes/default/images/tabs_close.gif HTTP/1.1" 200 829
180.169.147.146 - - [06/Sep/2022:10:51:53 +0800] "GET /xingrg/css/blue.css HTTP/1.1" 200 15949
180.169.147.146 - - [06/Sep/2022:10:51:53 +0800] "GET /xingrg/javascript/step/step.css HTTP/1.1" 200 999
180.169.147.146 - - [06/Sep/2022:10:51:53 +0800] "GET /xingrg/css/table.css HTTP/1.1" 200 3684
180.169.147.146 - - [06/Sep/2022:10:51:53 +0800] "GET /xingrg/dwr/interface/AjaxReportQueryService.js HTTP/1.1" 200 13203
180.169.147.146 - - [06/Sep/2022:10:51:53 +0800] "GET /xingrg/dwr/util.js HTTP/1.1" 200 35990
180.169.147.146 - - [06/Sep/2022:10:51:53 +0800] "GET /xingrg/dwr/engine.js HTTP/1.1" 200 43631
180.169.147.146 - - [06/Sep/2022:10:51:53 +0800] "GET /xingrg/javascript/myfunction.js HTTP/1.1" 200 24559
180.169.147.146 - - [06/Sep/2022:10:51:53 +0800] "GET /xingrg/javascript/jquery_easy_ui/themes/default/images/datagrid_header_bg.gif HTTP/1.1" 200 97
180.169.147.146 - - [06/Sep/2022:10:51:53 +0800] "GET /xingrg/javascript/jquery_easy_ui/themes/icons/pencil.png HTTP/1.1" 200 713
180.169.147.146 - - [06/Sep/2022:10:51:53 +0800] "GET /xingrg/javascript/jquery_easy_ui/themes/default/images/pagination_loading.gif HTTP/1.1" 200 1737
180.169.147.146 - - [06/Sep/2022:10:51:53 +0800] "GET /xingrg/javascript/jquery_easy_ui/themes/icons/edit_add.png HTTP/1.1" 200 1088
180.169.147.146 - - [06/Sep/2022:10:51:53 +0800] "GET /xingrg/javascript/jquery_easy_ui/themes/icons/edit_remove.png HTTP/1.1" 200 625
180.169.147.146 - - [06/Sep/2022:10:51:53 +0800] "GET /xingrg/kc/cost/cost_operate.html?_=1662432709797&command=load_cost_list HTTP/1.1" 200 8534
180.169.147.146 - - [06/Sep/2022:10:51:54 +0800] "GET /xingrg/kc/buy/cgsh_order_operate.html?command=get_materiel&rest_code=00147&code=00101008036&supplier_code=00100006&order_time=2022-09-06 HTTP/1.1" 200 408
124.78.154.246 - - [06/Sep/2022:10:51:54 +0800] "POST /xingrg/all/common/load_combo.html?type=base HTTP/1.1" 200 3227
180.169.147.146 - - [06/Sep/2022:10:51:54 +0800] "GET /xingrg/javascript/jquery_easy_ui/themes/default/images/button_plain_hover.png HTTP/1.1" 200 252
116.232.194.65 - - [06/Sep/2022:10:51:57 +0800] "GET /xingrg/all/function/internal_message.html?_=1662432658190&CODE_STATE=getMsg HTTP/1.1" 200 27
180.169.147.146 - - [06/Sep/2022:10:51:58 +0800] "GET /xingrg/all/function/internal_message.html?_=1662432715863&CODE_STATE=getMsg HTTP/1.1" 200 27
101.85.93.70 - - [06/Sep/2022:10:52:00 +0800] "GET /favicon.ico HTTP/1.1" 404 -
101.85.93.70 - - [06/Sep/2022:10:52:00 +0800] "GET /xingrg/login.html HTTP/1.1" 200 7641
101.85.93.70 - - [06/Sep/2022:10:52:00 +0800] "GET /xingrg/images/blue/jxLogo.png HTTP/1.1" 304 -
101.85.93.70 - - [06/Sep/2022:10:52:00 +0800] "GET /xingrg/images/blue/login_bg.png HTTP/1.1" 304 -
101.85.93.70 - - [06/Sep/2022:10:52:00 +0800] "GET /xingrg/images/blue/hj.png HTTP/1.1" 304 -
101.85.93.70 - - [06/Sep/2022:10:52:00 +0800] "GET /xingrg/images/blue/srbg.png HTTP/1.1" 304 -
101.85.93.70 - - [06/Sep/2022:10:52:01 +0800] "GET /favicon.ico HTTP/1.1" 404 -
116.224.255.128 - - [06/Sep/2022:10:52:01 +0800] "GET /xingrg/all/function/internal_message.html?_=1662432667320&CODE_STATE=getMsg HTTP/1.1" 200 27
101.85.93.70 - - [06/Sep/2022:10:52:05 +0800] "POST /xingrg/login.do HTTP/1.1" 302 -
180.169.147.146 - - [06/Sep/2022:10:52:05 +0800] "GET /xingrg/kc/buy/cgsh_order_operate.html?command=get_materiel&rest_code=00147&code=00101008286&supplier_code=00100006&order_time=2022-09-06 HTTP/1.1" 200 408
101.85.93.70 - - [06/Sep/2022:10:52:05 +0800] "GET /xingrg/javascript/jquery_easy_ui/themes/default/easyui.css HTTP/1.1" 304 -
101.85.93.70 - - [06/Sep/2022:10:52:05 +0800] "GET /xingrg/javascript/jquery_easy_ui/themes/icon.css HTTP/1.1" 304 -
101.85.93.70 - - [06/Sep/2022:10:52:05 +0800] "GET /xingrg/index.html?sysBaseUrl=http%3A%2F%2F180.169.147.146%3A18081%2Fxingrg%2F&costTime=45×tamp=1662432725284 HTTP/1.1" 200 17179
101.85.93.70 - - [06/Sep/2022:10:52:05 +0800] "GET /xingrg/javascript/jquery_easy_ui/easyui-lang-zh_CN.js HTTP/1.1" 304 -
101.85.93.70 - - [06/Sep/2022:10:52:05 +0800] "GET /xingrg/javascript/jquery.form.js HTTP/1.1" 304 -
101.85.93.70 - - [06/Sep/2022:10:52:05 +0800] "GET /xingrg/javascript/jquery.utils.js HTTP/1.1" 304 -
101.85.93.70 - - [06/Sep/2022:10:52:05 +0800] "GET /xingrg/javascript/jquery.timers.js HTTP/1.1" 304 -
101.85.93.70 - - [06/Sep/2022:10:52:05 +0800] "GET /xingrg/javascript/jquery_easy_ui/jquery.easyui.min.js HTTP/1.1" 304 -
101.85.93.70 - - [06/Sep/2022:10:52:05 +0800] "GET /favicon.ico HTTP/1.1" 404 -
101.85.93.70 - - [06/Sep/2022:10:52:05 +0800] "GET /xingrg/javascript/jquery-1.4.2.min.js HTTP/1.1" 304 -
101.85.93.70 - - [06/Sep/2022:10:52:05 +0800] "GET /xingrg/css/form.css HTTP/1.1" 304 -
101.85.93.70 - - [06/Sep/2022:10:52:05 +0800] "GET /xingrg/javascript/jquery_easy_ui/themes/icons/settle_new.png HTTP/1.1" 304 -
101.85.93.70 - - [06/Sep/2022:10:52:05 +0800] "GET /xingrg/images/blue/navBackgound.jpg HTTP/1.1" 304 -
101.85.93.70 - - [06/Sep/2022:10:52:05 +0800] "POST /xingrg/all/common/load_tree.html?tree=area_rest_tree_json&manage=1 HTTP/1.1" 200 351
101.85.93.70 - - [06/Sep/2022:10:52:06 +0800] "GET /xingrg/all/function/internal_message.html?_=1662432724799&CODE_STATE=count HTTP/1.1" 200 11
101.85.93.70 - - [06/Sep/2022:10:52:06 +0800] "GET /xingrg/check_reg.html?_=1662432724800 HTTP/1.1" 200 22
101.85.93.70 - - [06/Sep/2022:10:52:06 +0800] "GET /xingrg/images/blue/pingpu.png HTTP/1.1" 304 -
101.85.93.70 - - [06/Sep/2022:10:52:06 +0800] "GET /xingrg/javascript/jquery_easy_ui/themes/default/images/tabs_leftarrow.png HTTP/1.1" 304 -
101.85.93.70 - - [06/Sep/2022:10:52:06 +0800] "GET /xingrg/javascript/jquery_easy_ui/themes/default/images/tabs_rightarrow.png HTTP/1.1" 304 -
116.225.121.189 - - [06/Sep/2022:10:52:06 +0800] "GET /xingrg/all/function/internal_message.html?_=1662432588606&CODE_STATE=getMsg HTTP/1.1" 200 27
101.85.93.70 - - [06/Sep/2022:10:52:06 +0800] "GET /xingrg/javascript/jquery_easy_ui/themes/default/images/panel_tool_collapse.gif HTTP/1.1" 304 -
101.85.93.70 - - [06/Sep/2022:10:52:06 +0800] "POST /xingrg/load_menu.html HTTP/1.1" 200 5138
101.85.93.70 - - [06/Sep/2022:10:52:06 +0800] "GET /xingrg/javascript/jquery_easy_ui/themes/default/images/tree_arrows.gif HTTP/1.1" 304 -
101.85.93.70 - - [06/Sep/2022:10:52:06 +0800] "GET /xingrg/javascript/jquery_easy_ui/themes/icons/search_new.png HTTP/1.1" 304 -
101.85.93.70 - - [06/Sep/2022:10:52:06 +0800] "GET /xingrg/javascript/jquery_easy_ui/themes/default/images/tree_folder_open.gif HTTP/1.1" 304 -
101.85.93.70 - - [06/Sep/2022:10:52:06 +0800] "GET /xingrg/javascript/jquery_easy_ui/themes/default/images/tree_folder.gif HTTP/1.1" 304 -
101.85.93.70 - - [06/Sep/2022:10:52:06 +0800] "GET /xingrg/javascript/jquery_easy_ui/themes/icons/forms_new.png HTTP/1.1" 304 -
101.85.93.70 - - [06/Sep/2022:10:52:06 +0800] "GET /xingrg/javascript/jquery_easy_ui/themes/icons/storage_new.png HTTP/1.1" 304 -
101.85.93.70 - - [06/Sep/2022:10:52:06 +0800] "GET /xingrg/javascript/jquery_easy_ui/themes/default/images/tree_file.gif HTTP/1.1" 304 -
180.169.147.146 - - [06/Sep/2022:10:52:07 +0800] "POST /xingrg/kc/buy/cgsh_order_operate.html HTTP/1.1" 200 2065
180.169.147.146 - - [06/Sep/2022:10:52:07 +0800] "POST /xingrg/kc/cost/cost_operate.html HTTP/1.1" 200 4
180.169.147.146 - - [06/Sep/2022:10:52:09 +0800] "GET /xingrg/kc/cost/cost_operate.html?_=1662432725792&command=load_cost_list HTTP/1.1" 200 8335
180.169.147.146 - - [06/Sep/2022:10:52:14 +0800] "GET /xingrg/kc/buy/cgsh_order_operate.html?command=get_materiel&rest_code=00147&code=00101008350&supplier_code=00100006&order_time=2022-09-06 HTTP/1.1" 200 429
124.78.154.246 - - [06/Sep/2022:10:52:14 +0800] "GET /xingrg/kc/base/wldb_order_operate.html?command=get_materiel&rest_code=00106&base_code=0010396&code=00101016020 HTTP/1.1" 200 447
101.85.93.70 - - [06/Sep/2022:10:52:14 +0800] "GET /xingrg/javascript/jquery_easy_ui/themes/icons/area.png HTTP/1.1" 304 -
101.85.93.70 - - [06/Sep/2022:10:52:14 +0800] "GET /xingrg/javascript/jquery_easy_ui/themes/icons/rest.png HTTP/1.1" 304 -
180.169.147.146 - - [06/Sep/2022:10:52:14 +0800] "GET /xingrg/all/function/internal_message.html?_=1662433321313&CODE_STATE=getMsg HTTP/1.1" 200 27
180.169.147.146 - - [06/Sep/2022:10:52:15 +0800] "GET /xingrg/check_reg.html?_=1662432733947 HTTP/1.1" 200 22
180.169.147.146 - - [06/Sep/2022:10:52:15 +0800] "GET /xingrg/all/function/internal_message.html?_=1662432733950&CODE_STATE=getMsg HTTP/1.1" 200 27
116.228.172.94 - - [06/Sep/2022:10:52:17 +0800] "GET /xingrg/kc/buy/cgsh_order_operate.html?command=get_materiel&rest_code=00153&code=00101008370&supplier_code=00100199&order_time=2022-09-06 HTTP/1.1" 200 412
124.78.154.246 - - [06/Sep/2022:10:52:19 +0800] "GET /xingrg/kc/base/wldb_order_operate.html?command=get_materiel&rest_code=00106&base_code=0010396&code=00101016044 HTTP/1.1" 200 466
58.221.95.50 - - [06/Sep/2022:10:52:22 +0800] "GET /xingrg/all/function/internal_message.html?_=1662432742700&CODE_STATE=getMsg HTTP/1.1" 200 27
180.169.147.146 - - [06/Sep/2022:10:52:25 +0800] "GET /xingrg/kc/buy/cgsh_order_operate.html?command=get_materiel&rest_code=00147&code=00101008036&supplier_code=00100006&order_time=2022-09-06 HTTP/1.1" 200 408
222.70.246.221 - - [06/Sep/2022:10:52:27 +0800] "GET /xingrg/all/function/internal_message.html?_=1662432751500&CODE_STATE=getMsg HTTP/1.1" 200 27
58.39.35.118 - - [06/Sep/2022:10:52:27 +0800] "GET /xingrg/all/function/internal_message.html?_=1662432743854&CODE_STATE=getMsg HTTP/1.1" 200 27
124.78.154.246 - - [06/Sep/2022:10:52:34 +0800] "GET /xingrg/all/function/internal_message.html?_=1662432752257&CODE_STATE=getMsg HTTP/1.1" 200 27
124.78.154.246 - - [06/Sep/2022:10:52:35 +0800] "GET /xingrg/kc/base/wldb_order_operate.html?command=get_materiel&rest_code=00106&base_code=0010396&code=00101019258 HTTP/1.1" 200 483
116.224.123.211 - - [06/Sep/2022:10:52:35 +0800] "GET /xingrg/all/function/internal_message.html?_=1662432758822&CODE_STATE=getMsg HTTP/1.1" 200 27
180.169.147.146 - - [06/Sep/2022:10:52:35 +0800] "GET /xingrg/kc/buy/cgsh_order_operate.html?command=get_materiel&rest_code=00147&code=00101008353&supplier_code=00100006&order_time=2022-09-06 HTTP/1.1" 200 408
116.228.172.94 - - [06/Sep/2022:10:52:36 +0800] "GET /xingrg/check_reg.html?_=1662432335283 HTTP/1.1" 200 22
116.228.172.94 - - [06/Sep/2022:10:52:36 +0800] "GET /xingrg/all/function/internal_message.html?_=1662432335288&CODE_STATE=getMsg HTTP/1.1" 200 27
58.39.35.118 - - [06/Sep/2022:10:52:42 +0800] "GET /xingrg/kc/buy/buy_main.html HTTP/1.1" 200 12412
58.39.35.118 - - [06/Sep/2022:10:52:42 +0800] "GET /xingrg/css/new_ie.css HTTP/1.1" 404 1036
180.169.147.146 - - [06/Sep/2022:10:52:42 +0800] "GET /xingrg/all/function/internal_message.html?_=1662432758665&CODE_STATE=getMsg HTTP/1.1" 200 27
116.224.255.128 - - [06/Sep/2022:10:52:44 +0800] "GET /xingrg/all/function/internal_message.html?_=1662432761656&CODE_STATE=getMsg HTTP/1.1" 200 27
58.39.35.118 - - [06/Sep/2022:10:52:44 +0800] "GET /xingrg/images/yd/bt.gif HTTP/1.1" 404 1040
58.39.35.118 - - [06/Sep/2022:10:52:45 +0800] "GET /xingrg/kc/buy/cgsh_order_list.html HTTP/1.1" 200 52799
116.225.121.189 - - [06/Sep/2022:10:52:46 +0800] "GET /xingrg/all/function/internal_message.html?_=1662432766860&CODE_STATE=getMsg HTTP/1.1" 200 27
58.39.35.118 - - [06/Sep/2022:10:52:47 +0800] "POST /xingrg/kc/buy/cgsh_list_operate.html HTTP/1.1" 200 693
180.169.147.146 - - [06/Sep/2022:10:52:47 +0800] "GET /xingrg/kc/buy/cgsh_order_operate.html?command=get_materiel&rest_code=00147&code=00101008110&supplier_code=00100006&order_time=2022-09-06 HTTP/1.1" 200 408
124.78.154.246 - - [06/Sep/2022:10:52:47 +0800] "GET /xingrg/kc/base/wldb_order_operate.html?command=get_materiel&rest_code=00106&base_code=0010396&code=00101016078 HTTP/1.1" 200 465
180.169.147.146 - - [06/Sep/2022:10:52:49 +0800] "GET /xingrg/all/function/internal_message.html?_=1662432766313&CODE_STATE=getMsg HTTP/1.1" 200 27
180.169.147.146 - - [06/Sep/2022:10:52:51 +0800] "GET /xingrg/kc/buy/buy_main.html HTTP/1.1" 200 12412
180.169.147.146 - - [06/Sep/2022:10:52:51 +0800] "GET /xingrg/css/new_ie.css HTTP/1.1" 404 1036
180.169.147.146 - - [06/Sep/2022:10:52:51 +0800] "GET /xingrg/javascript/pic_change.js HTTP/1.1" 200 4739
180.169.147.146 - - [06/Sep/2022:10:52:51 +0800] "GET /xingrg/javascript/ToolTips.js HTTP/1.1" 200 5615
180.169.147.146 - - [06/Sep/2022:10:52:51 +0800] "GET /xingrg/javascript/jquery_ui/themes/humanity/humanity.css HTTP/1.1" 200 27801
180.169.147.146 - - [06/Sep/2022:10:52:51 +0800] "GET /xingrg/images/blue/button/kc.gif HTTP/1.1" 200 2160
180.169.147.146 - - [06/Sep/2022:10:52:51 +0800] "GET /xingrg/images/blue/button/ckthd.gif HTTP/1.1" 200 2045
180.169.147.146 - - [06/Sep/2022:10:52:51 +0800] "GET /xingrg/images/blue/pic_form2.gif HTTP/1.1" 200 1853
124.78.154.246 - - [06/Sep/2022:10:52:51 +0800] "GET /xingrg/kc/base/wldb_order_operate.html?command=get_materiel&rest_code=00106&base_code=0010396&code=00101016001 HTTP/1.1" 200 457
180.169.147.146 - - [06/Sep/2022:10:52:51 +0800] "GET /xingrg/javascript/jquery_ui/jquery-ui.min.js HTTP/1.1" 200 186181
180.169.147.146 - - [06/Sep/2022:10:52:51 +0800] "GET /xingrg/images/blue/button/cgxqd.gif HTTP/1.1" 200 2619
180.169.147.146 - - [06/Sep/2022:10:52:51 +0800] "GET /xingrg/images/blue/bg_dotted.jpg HTTP/1.1" 200 319
180.169.147.146 - - [06/Sep/2022:10:52:51 +0800] "GET /xingrg/javascript/jquery_ui/themes/humanity/images/ui-bg_inset-soft_100_f4f0ec_1x100.png HTTP/1.1" 200 141
180.169.147.146 - - [06/Sep/2022:10:52:51 +0800] "GET /xingrg/images/blue/button/right_ah.jpg HTTP/1.1" 200 1744
180.169.147.146 - - [06/Sep/2022:10:52:51 +0800] "GET /xingrg/images/blue/button/down_ah.jpg HTTP/1.1" 200 1732
180.169.147.146 - - [06/Sep/2022:10:52:51 +0800] "GET /xingrg/images/blue/button/cgydd.gif HTTP/1.1" 200 2712
180.169.147.146 - - [06/Sep/2022:10:52:51 +0800] "GET /xingrg/images/blue/button/cgshd.gif HTTP/1.1" 200 2618
180.169.147.146 - - [06/Sep/2022:10:52:51 +0800] "GET /xingrg/images/blue/button/cgfkd.gif HTTP/1.1" 200 2075
180.169.147.146 - - [06/Sep/2022:10:52:51 +0800] "GET /xingrg/javascript/jquery_ui/themes/humanity/images/ui-iconsnew.jpg HTTP/1.1" 200 337
180.169.147.146 - - [06/Sep/2022:10:52:51 +0800] "GET /xingrg/javascript/jquery_ui/themes/humanity/images/ui-icons_ffffff_256x240.png HTTP/1.1" 200 4369
180.169.147.146 - - [06/Sep/2022:10:52:51 +0800] "GET /xingrg/javascript/jquery_ui/themes/humanity/images/ui-icons_c47a23_256x240.png HTTP/1.1" 200 5355
180.169.147.146 - - [06/Sep/2022:10:52:51 +0800] "GET /xingrg/javascript/jquery_ui/themes/humanity/images/ui-bg_glass_70_ede4d4_1x400.png HTTP/1.1" 200 161
180.169.147.146 - - [06/Sep/2022:10:52:52 +0800] "GET /xingrg/images/yd/bt.gif HTTP/1.1" 404 1040
180.169.147.146 - - [06/Sep/2022:10:52:52 +0800] "GET /xingrg/css/base.css HTTP/1.1" 200 2811
180.169.147.146 - - [06/Sep/2022:10:52:52 +0800] "GET /xingrg/kc/buy/cgsh_order_list.html HTTP/1.1" 200 53054
180.169.147.146 - - [06/Sep/2022:10:52:52 +0800] "GET /xingrg/css/site.css HTTP/1.1" 200 7541
180.169.147.146 - - [06/Sep/2022:10:52:52 +0800] "GET /xingrg/javascript/jquery_tools/datebox.css HTTP/1.1" 200 2597
180.169.147.146 - - [06/Sep/2022:10:52:52 +0800] "GET /xingrg/javascript/easyui/themes/default/easyui.css HTTP/1.1" 200 30432
180.169.147.146 - - [06/Sep/2022:10:52:52 +0800] "GET /xingrg/javascript/auto/jquery.autocomplete.css HTTP/1.1" 200 587
180.169.147.146 - - [06/Sep/2022:10:52:52 +0800] "GET /xingrg/javascript/easyui/themes/icon.css HTTP/1.1" 200 4483
180.169.147.146 - - [06/Sep/2022:10:52:52 +0800] "GET /xingrg/javascript/jquery_tools/fix.css HTTP/1.1" 200 1702
180.169.147.146 - - [06/Sep/2022:10:52:52 +0800] "GET /xingrg/javascript/jquery_tools/table.css HTTP/1.1" 200 1032
180.169.147.146 - - [06/Sep/2022:10:52:52 +0800] "GET /xingrg/javascript/jquery_tools/jquery.tools.min.js HTTP/1.1" 200 138801
180.169.147.146 - - [06/Sep/2022:10:52:52 +0800] "GET /xingrg/javascript/jquery_tools/jquery.tools.extend.js HTTP/1.1" 200 15385
180.169.147.146 - - [06/Sep/2022:10:52:52 +0800] "GET /xingrg/javascript/jquery_tools/jquery.tools.hotkey.js HTTP/1.1" 200 3242
180.169.147.146 - - [06/Sep/2022:10:52:52 +0800] "GET /xingrg/javascript/jquery_tools/jquery.tools.table.js HTTP/1.1" 200 6994
180.169.147.146 - - [06/Sep/2022:10:52:52 +0800] "GET /xingrg/javascript/jquery.cookie.js HTTP/1.1" 200 5513
180.169.147.146 - - [06/Sep/2022:10:52:52 +0800] "GET /xingrg/javascript/easyui/easyloader.js HTTP/1.1" 200 5975
180.169.147.146 - - [06/Sep/2022:10:52:52 +0800] "GET /xingrg/javascript/print/LodopFuncs.js HTTP/1.1" 200 5121
180.169.147.146 - - [06/Sep/2022:10:52:52 +0800] "GET /xingrg/javascript/auto/jquery.autocomplete.js HTTP/1.1" 200 21624
180.169.147.146 - - [06/Sep/2022:10:52:52 +0800] "GET /xingrg/javascript/jquery_tools/list_manager.js HTTP/1.1" 200 3652
114.84.5.35 - - [06/Sep/2022:10:52:52 +0800] "GET /xingrg/all/function/internal_message.html?_=1662432770167&CODE_STATE=getMsg HTTP/1.1" 200 27
180.169.147.146 - - [06/Sep/2022:10:52:52 +0800] "GET /xingrg/javascript/easyui/themes/icons/edit_add_new.png HTTP/1.1" 200 2997
180.169.147.146 - - [06/Sep/2022:10:52:52 +0800] "GET /xingrg/javascript/easyui/themes/icons/cance_new.png HTTP/1.1" 200 3986
180.169.147.146 - - [06/Sep/2022:10:52:52 +0800] "GET /xingrg/javascript/easyui/themes/icons/check_new.png HTTP/1.1" 200 3224
180.169.147.146 - - [06/Sep/2022:10:52:52 +0800] "GET /xingrg/javascript/easyui/themes/icons/uncheck_new.png HTTP/1.1" 200 3197
180.169.147.146 - - [06/Sep/2022:10:52:52 +0800] "GET /xingrg/javascript/easyui/themes/icons/field_new.png HTTP/1.1" 200 1097
180.169.147.146 - - [06/Sep/2022:10:52:52 +0800] "GET /xingrg/javascript/easyui/themes/icons/import_new.png HTTP/1.1" 200 1247
180.169.147.146 - - [06/Sep/2022:10:52:52 +0800] "GET /xingrg/javascript/easyui/plugins/jquery.parser.js HTTP/1.1" 200 1142
120.253.135.82 - - [06/Sep/2022:10:52:53 +0800] "GET /xingrg/all/function/internal_message.html?_=1662432572943&CODE_STATE=getMsg HTTP/1.1" 200 27
180.169.147.146 - - [06/Sep/2022:10:52:54 +0800] "GET /xingrg/kc/buy/cgsh_order_operate.html?command=get_materiel&rest_code=00147&code=00101008223&supplier_code=00100006&order_time=2022-09-06 HTTP/1.1" 200 412
180.169.147.146 - - [06/Sep/2022:10:52:55 +0800] "POST /xingrg/kc/buy/cgsh_list_operate.html HTTP/1.1" 200 1438
116.232.194.65 - - [06/Sep/2022:10:52:57 +0800] "GET /xingrg/all/function/internal_message.html?_=1662432718200&CODE_STATE=getMsg HTTP/1.1" 200 27
116.232.194.65 - - [06/Sep/2022:10:52:57 +0800] "GET /xingrg/check_reg.html?_=1662432718202 HTTP/1.1" 200 22
180.169.147.146 - - [06/Sep/2022:10:52:57 +0800] "POST /xingrg/kc/buy/cgsh_order_operate.html HTTP/1.1" 200 2065
116.228.172.94 - - [06/Sep/2022:10:52:57 +0800] "GET /xingrg/kc/buy/cgsh_order_operate.html?command=get_materiel&rest_code=00153&code=00102020027&supplier_code=00100199&order_time=2022-09-06 HTTP/1.1" 200 438
180.169.147.146 - - [06/Sep/2022:10:52:58 +0800] "GET /xingrg/all/function/internal_message.html?_=1662432775862&CODE_STATE=getMsg HTTP/1.1" 200 27
116.224.255.128 - - [06/Sep/2022:10:53:01 +0800] "GET /xingrg/all/function/internal_message.html?_=1662432727334&CODE_STATE=getMsg HTTP/1.1" 200 27
180.169.147.146 - - [06/Sep/2022:10:53:02 +0800] "GET /xingrg/kc/buy/cgsh_order_operate.html?command=get_materiel&rest_code=00147&code=00101008314&supplier_code=00100006&order_time=2022-09-06 HTTP/1.1" 200 413
180.169.147.146 - - [06/Sep/2022:10:53:04 +0800] "GET /xingrg/javascript/jquery_tools/images/prev.gif HTTP/1.1" 404 1086
180.169.147.146 - - [06/Sep/2022:10:53:04 +0800] "GET /xingrg/javascript/jquery_tools/images/next.gif HTTP/1.1" 404 1086
116.225.121.189 - - [06/Sep/2022:10:53:06 +0800] "GET /xingrg/all/function/internal_message.html?_=1662432648592&CODE_STATE=getMsg HTTP/1.1" 200 27
101.85.93.70 - - [06/Sep/2022:10:53:06 +0800] "GET /xingrg/all/function/internal_message.html?_=1662432784818&CODE_STATE=getMsg HTTP/1.1" 200 27
124.78.154.246 - - [06/Sep/2022:10:53:07 +0800] "GET /xingrg/kc/base/wldb_order_operate.html?command=get_materiel&rest_code=00106&base_code=0010396&code=00101019155 HTTP/1.1" 200 478
180.169.147.146 - - [06/Sep/2022:10:53:10 +0800] "GET /xingrg/kc/buy/cgsh_order_operate.html?command=get_materiel&rest_code=00147&code=00101008132&supplier_code=00100006&order_time=2022-09-06 HTTP/1.1" 200 408
116.225.121.189 - - [06/Sep/2022:10:53:12 +0800] "GET /xingrg/kc/base/wldb_order_list.html HTTP/1.1" 200 19180
116.225.121.189 - - [06/Sep/2022:10:53:12 +0800] "POST /xingrg/kc/base/wldb_list_operate.html HTTP/1.1" 200 1774
116.225.121.189 - - [06/Sep/2022:10:53:13 +0800] "GET /xingrg/kc/base/wldb_order_add.html HTTP/1.1" 200 30394
116.225.121.189 - - [06/Sep/2022:10:53:13 +0800] "POST /xingrg/kc/base/wldb_order_operate.html HTTP/1.1" 200 6806
116.225.121.189 - - [06/Sep/2022:10:53:13 +0800] "GET /xingrg/javascript/easyui/themes/default/validatebox.css HTTP/1.1" 404 1104
124.78.154.246 - - [06/Sep/2022:10:53:14 +0800] "GET /xingrg/kc/base/wldb_order_operate.html?command=get_materiel&rest_code=00106&base_code=0010396&code=00101019018 HTTP/1.1" 200 465
116.225.121.189 - - [06/Sep/2022:10:53:14 +0800] "POST /xingrg/all/common/load_combo.html?type=base HTTP/1.1" 200 3409
116.228.172.94 - - [06/Sep/2022:10:53:14 +0800] "GET /xingrg/kc/buy/cgsh_order_operate.html?command=get_materiel&rest_code=00153&code=00101008295&supplier_code=00100199&order_time=2022-09-06 HTTP/1.1" 200 412
180.169.147.146 - - [06/Sep/2022:10:53:14 +0800] "GET /xingrg/all/function/internal_message.html?_=1662433381325&CODE_STATE=getMsg HTTP/1.1" 200 27
180.169.147.146 - - [06/Sep/2022:10:53:15 +0800] "GET /xingrg/all/function/internal_message.html?_=1662432793942&CODE_STATE=getMsg HTTP/1.1" 200 27
180.169.147.146 - - [06/Sep/2022:10:53:16 +0800] "POST /xingrg/kc/buy/cgsh_list_operate.html HTTP/1.1" 200 4506
180.169.147.146 - - [06/Sep/2022:10:53:17 +0800] "GET /xingrg/javascript/easyui/themes/default/images/button_plain_hover.png HTTP/1.1" 200 144
180.169.147.146 - - [06/Sep/2022:10:53:20 +0800] "GET /xingrg/kc/buy/cgsh_order_operate.html?command=get_materiel&rest_code=00147&code=00101008399&supplier_code=00100006&order_time=2022-09-06 HTTP/1.1" 200 409
180.169.147.146 - - [06/Sep/2022:10:53:22 +0800] "POST /xingrg/kc/buy/cgsh_list_operate.html HTTP/1.1" 200 199
180.169.147.146 - - [06/Sep/2022:10:53:22 +0800] "GET /xingrg/kc/buy/cgsh_order_info.html?code=212022082809756 HTTP/1.1" 200 63741
180.169.147.146 - - [06/Sep/2022:10:53:22 +0800] "GET /xingrg/javascript/convert.js HTTP/1.1" 200 1239
180.169.147.146 - - [06/Sep/2022:10:53:22 +0800] "GET /xingrg/javascript/jquery_tools/order_manager.js HTTP/1.1" 200 11183
180.169.147.146 - - [06/Sep/2022:10:53:22 +0800] "GET /xingrg/javascript/json2.js HTTP/1.1" 200 11259
180.169.147.146 - - [06/Sep/2022:10:53:22 +0800] "GET /xingrg/javascript/print/kc_print.js HTTP/1.1" 200 11415
180.169.147.146 - - [06/Sep/2022:10:53:22 +0800] "GET /xingrg/words/20220905110831_words.js HTTP/1.1" 200 919099
180.169.147.146 - - [06/Sep/2022:10:53:22 +0800] "GET /xingrg/javascript/easyui/themes/icons/cancel.png HTTP/1.1" 200 1133
180.169.147.146 - - [06/Sep/2022:10:53:22 +0800] "GET /xingrg/javascript/easyui/themes/default/images/menu_downarrow.png HTTP/1.1" 200 173
180.169.147.146 - - [06/Sep/2022:10:53:22 +0800] "GET /xingrg/javascript/easyui/themes/icons/copy_new.png HTTP/1.1" 200 815
180.169.147.146 - - [06/Sep/2022:10:53:22 +0800] "GET /xingrg/javascript/easyui/themes/icons/print.png HTTP/1.1" 200 1057
180.169.147.146 - - [06/Sep/2022:10:53:22 +0800] "GET /xingrg/javascript/easyui/themes/default/validatebox.css HTTP/1.1" 404 1104
180.169.147.146 - - [06/Sep/2022:10:53:22 +0800] "GET /xingrg/javascript/easyui/plugins/jquery.validatebox.js HTTP/1.1" 200 6103
180.169.147.146 - - [06/Sep/2022:10:53:22 +0800] "GET /xingrg/javascript/easyui/plugins/jquery.numberbox.js HTTP/1.1" 200 5213
58.221.95.50 - - [06/Sep/2022:10:53:22 +0800] "GET /xingrg/all/function/internal_message.html?_=1662432802702&CODE_STATE=getMsg HTTP/1.1" 200 27
116.225.121.189 - - [06/Sep/2022:10:53:23 +0800] "GET /xingrg/kc/base/wldb_order_operate.html?command=get_materiel&rest_code=00105&base_code=0010508&code=00102002448 HTTP/1.1" 200 439
180.169.147.146 - - [06/Sep/2022:10:53:23 +0800] "POST /xingrg/kc/buy/cgsh_order_operate.html HTTP/1.1" 200 609
180.169.147.146 - - [06/Sep/2022:10:53:23 +0800] "GET /xingrg/javascript/easyui/themes/icons/edit_remove.png HTTP/1.1" 200 625
116.228.172.94 - - [06/Sep/2022:10:53:25 +0800] "GET /xingrg/kc/buy/cgsh_order_operate.html?command=get_materiel&rest_code=00153&code=00101008270&supplier_code=00100199&order_time=2022-09-06 HTTP/1.1" 200 412
180.169.147.146 - - [06/Sep/2022:10:53:26 +0800] "POST /xingrg/kc/buy/cgsh_order_operate.html HTTP/1.1" 200 203
58.39.35.118 - - [06/Sep/2022:10:53:27 +0800] "GET /xingrg/all/function/internal_message.html?_=1662432803860&CODE_STATE=getMsg HTTP/1.1" 200 27
222.70.246.221 - - [06/Sep/2022:10:53:27 +0800] "GET /xingrg/all/function/internal_message.html?_=1662432811635&CODE_STATE=getMsg HTTP/1.1" 200 27
180.169.147.146 - - [06/Sep/2022:10:53:28 +0800] "GET /xingrg/kc/base/base_main.html HTTP/1.1" 200 12142
180.169.147.146 - - [06/Sep/2022:10:53:28 +0800] "GET /xingrg/images/blue/button/wlsy.gif HTTP/1.1" 200 2536
180.169.147.146 - - [06/Sep/2022:10:53:28 +0800] "GET /xingrg/images/blue/button/ckpd.gif HTTP/1.1" 200 2051
180.169.147.146 - - [06/Sep/2022:10:53:28 +0800] "GET /xingrg/images/blue/button/ckdb.gif HTTP/1.1" 200 1950
180.169.147.146 - - [06/Sep/2022:10:53:28 +0800] "GET /xingrg/images/blue/button/yddb.gif HTTP/1.1" 200 2040
180.169.147.146 - - [06/Sep/2022:10:53:28 +0800] "GET /xingrg/images/blue/button/top_left.jpg HTTP/1.1" 200 1632
180.169.147.146 - - [06/Sep/2022:10:53:28 +0800] "GET /xingrg/images/blue/button/top_right.jpg HTTP/1.1" 200 1708
180.169.147.146 - - [06/Sep/2022:10:53:28 +0800] "GET /xingrg/images/blue/button/down.jpg HTTP/1.1" 200 1560
180.169.147.146 - - [06/Sep/2022:10:53:28 +0800] "GET /xingrg/images/blue/button/left_ah.jpg HTTP/1.1" 200 1643
180.169.147.146 - - [06/Sep/2022:10:53:28 +0800] "GET /xingrg/images/blue/button/bottom_left.jpg HTTP/1.1" 200 1524
180.169.147.146 - - [06/Sep/2022:10:53:28 +0800] "GET /xingrg/images/blue/button/bottom_right.jpg HTTP/1.1" 200 1436
180.169.147.146 - - [06/Sep/2022:10:53:29 +0800] "GET /xingrg/kc/base/check_order_list.html HTTP/1.1" 200 16566
180.169.147.146 - - [06/Sep/2022:10:53:30 +0800] "POST /xingrg/kc/base/check_list_operate.html HTTP/1.1" 200 781
116.225.121.189 - - [06/Sep/2022:10:53:31 +0800] "GET /xingrg/kc/base/wldb_order_operate.html?command=get_materiel&rest_code=00105&base_code=0010508&code=00102002006 HTTP/1.1" 200 468
180.169.147.146 - - [06/Sep/2022:10:53:32 +0800] "POST /xingrg/kc/base/check_list_operate.html HTTP/1.1" 200 5517
180.169.147.146 - - [06/Sep/2022:10:53:33 +0800] "POST /xingrg/kc/buy/cgsh_order_operate.html HTTP/1.1" 200 37
124.78.154.246 - - [06/Sep/2022:10:53:34 +0800] "GET /xingrg/all/function/internal_message.html?_=1662432812252&CODE_STATE=getMsg HTTP/1.1" 200 27
180.169.147.146 - - [06/Sep/2022:10:53:35 +0800] "POST /xingrg/kc/buy/cgsh_order_operate.html HTTP/1.1" 200 22169
116.224.123.211 - - [06/Sep/2022:10:53:35 +0800] "GET /xingrg/check_reg.html?_=1662432818819 HTTP/1.1" 200 22
116.224.123.211 - - [06/Sep/2022:10:53:35 +0800] "GET /xingrg/all/function/internal_message.html?_=1662432818823&CODE_STATE=getMsg HTTP/1.1" 200 27
116.228.172.94 - - [06/Sep/2022:10:53:36 +0800] "GET /xingrg/all/function/internal_message.html?_=1662432395284&CODE_STATE=getMsg HTTP/1.1" 200 27
116.228.172.94 - - [06/Sep/2022:10:53:37 +0800] "GET /xingrg/kc/buy/cgsh_order_operate.html?command=get_materiel&rest_code=00153&code=00101008300&supplier_code=00100199&order_time=2022-09-06 HTTP/1.1" 200 412
180.169.147.146 - - [06/Sep/2022:10:53:41 +0800] "POST /xingrg/kc/base/check_list_operate.html HTTP/1.1" 200 4
180.169.147.146 - - [06/Sep/2022:10:53:42 +0800] "POST /xingrg/kc/base/check_list_operate.html HTTP/1.1" 200 5517
180.169.147.146 - - [06/Sep/2022:10:53:42 +0800] "GET /xingrg/all/function/internal_message.html?_=1662432818667&CODE_STATE=getMsg HTTP/1.1" 200 27
180.169.147.146 - - [06/Sep/2022:10:53:44 +0800] "GET /xingrg/javascript/jquery_easy_ui/themes/default/images/tabs_active.png HTTP/1.1" 200 2894
116.224.255.128 - - [06/Sep/2022:10:53:44 +0800] "GET /xingrg/all/function/internal_message.html?_=1662432821669&CODE_STATE=getMsg HTTP/1.1" 200 27
116.225.121.189 - - [06/Sep/2022:10:53:45 +0800] "POST /xingrg/kc/base/wldb_order_operate.html HTTP/1.1" 200 37
124.78.154.246 - - [06/Sep/2022:10:53:46 +0800] "POST /xingrg/kc/base/wldb_order_operate.html HTTP/1.1" 200 37
116.225.121.189 - - [06/Sep/2022:10:53:46 +0800] "GET /xingrg/kc/base/wldb_order_info.html?code=422022090600501 HTTP/1.1" 200 30408
116.225.121.189 - - [06/Sep/2022:10:53:46 +0800] "POST /xingrg/kc/base/wldb_order_operate.html HTTP/1.1" 200 2687
116.225.121.189 - - [06/Sep/2022:10:53:47 +0800] "GET /xingrg/all/function/internal_message.html?_=1662432827023&CODE_STATE=getMsg HTTP/1.1" 200 27
116.225.121.189 - - [06/Sep/2022:10:53:47 +0800] "GET /xingrg/javascript/easyui/themes/default/validatebox.css HTTP/1.1" 404 1104
124.78.154.246 - - [06/Sep/2022:10:53:47 +0800] "POST /xingrg/kc/base/wldb_order_operate.html HTTP/1.1" 200 6735
124.78.154.246 - - [06/Sep/2022:10:53:47 +0800] "GET /xingrg/kc/base/wldb_order_info.html?code=422022090600502 HTTP/1.1" 200 30413
116.225.121.189 - - [06/Sep/2022:10:53:47 +0800] "POST /xingrg/kc/base/wldb_order_operate.html HTTP/1.1" 200 2687
180.169.147.146 - - [06/Sep/2022:10:53:47 +0800] "POST /xingrg/kc/buy/cgsh_order_operate.html HTTP/1.1" 200 12
124.78.154.246 - - [06/Sep/2022:10:53:48 +0800] "GET /xingrg/javascript/easyui/themes/default/validatebox.css HTTP/1.1" 404 1104
124.78.154.246 - - [06/Sep/2022:10:53:48 +0800] "POST /xingrg/kc/base/wldb_order_operate.html HTTP/1.1" 200 6735
180.169.147.146 - - [06/Sep/2022:10:53:48 +0800] "GET /xingrg/kc/buy/cgsh_order_info.html?code=212022082809756 HTTP/1.1" 200 68590
180.169.147.146 - - [06/Sep/2022:10:53:49 +0800] "GET /xingrg/javascript/easyui/themes/icons/ok.png HTTP/1.1" 200 883
180.169.147.146 - - [06/Sep/2022:10:53:49 +0800] "GET /xingrg/javascript/easyui/themes/icons/template_new.png HTTP/1.1" 200 3956
180.169.147.146 - - [06/Sep/2022:10:53:49 +0800] "GET /xingrg/all/common/auto_word.html?type=employee&rest_code=00147 HTTP/1.1" 200 101
180.169.147.146 - - [06/Sep/2022:10:53:49 +0800] "GET /xingrg/javascript/easyui/themes/default/validatebox.css HTTP/1.1" 404 1104
180.169.147.146 - - [06/Sep/2022:10:53:49 +0800] "GET /xingrg/all/common/auto_word.html?type=employee&rest_code=00147 HTTP/1.1" 200 101
180.163.29.212 - - [06/Sep/2022:10:53:49 +0800] "GET /xingrg/all/function/internal_message.html?_=1662429388944&CODE_STATE=getMsg HTTP/1.1" 302 -
180.163.29.212 - - [06/Sep/2022:10:53:49 +0800] "GET /xingrg/login.html HTTP/1.1" 200 7641
180.169.147.146 - - [06/Sep/2022:10:53:49 +0800] "POST /xingrg/kc/buy/cgsh_order_operate.html HTTP/1.1" 200 2659
180.169.147.146 - - [06/Sep/2022:10:53:49 +0800] "GET /xingrg/all/function/internal_message.html?_=1662432826317&CODE_STATE=getMsg HTTP/1.1" 200 27
120.253.135.82 - - [06/Sep/2022:10:53:50 +0800] "GET /xingrg/check_reg.html?_=1662432630453 HTTP/1.1" 200 22
114.84.5.35 - - [06/Sep/2022:10:53:52 +0800] "GET /xingrg/all/function/internal_message.html?_=1662432830178&CODE_STATE=getMsg HTTP/1.1" 200 27
120.253.135.82 - - [06/Sep/2022:10:53:53 +0800] "GET /xingrg/all/function/internal_message.html?_=1662432632957&CODE_STATE=getMsg HTTP/1.1" 200 27
116.228.172.94 - - [06/Sep/2022:10:53:56 +0800] "GET /xingrg/kc/buy/cgsh_order_operate.html?command=get_materiel&rest_code=00153&code=00101008210&supplier_code=00100199&order_time=2022-09-06 HTTP/1.1" 200 408
116.232.194.65 - - [06/Sep/2022:10:53:57 +0800] "GET /xingrg/all/function/internal_message.html?_=1662432778193&CODE_STATE=getMsg HTTP/1.1" 200 27
180.169.147.146 - - [06/Sep/2022:10:53:58 +0800] "GET /xingrg/all/function/internal_message.html?_=1662432835862&CODE_STATE=getMsg HTTP/1.1" 200 27
116.224.255.128 - - [06/Sep/2022:10:54:01 +0800] "GET /xingrg/all/function/internal_message.html?_=1662432787471&CODE_STATE=getMsg HTTP/1.1" 200 27
124.79.74.72 - - [06/Sep/2022:10:54:02 +0800] "GET /xingrg/check_reg.html?_=1662432838670 HTTP/1.1" 200 22
116.224.255.128 - - [06/Sep/2022:10:54:04 +0800] "POST /xingrg/services/DataTransmitService HTTP/1.1" 200 524
116.224.255.128 - - [06/Sep/2022:10:54:05 +0800] "POST /xingrg/services/DataTransmitService HTTP/1.1" 200 501
116.224.255.128 - - [06/Sep/2022:10:54:05 +0800] "POST /xingrg/services/DataTransmitService HTTP/1.1" 200 501
116.224.255.128 - - [06/Sep/2022:10:54:05 +0800] "POST /xingrg/services/DataTransmitService HTTP/1.1" 200 501
116.224.255.128 - - [06/Sep/2022:10:54:05 +0800] "POST /xingrg/services/DataTransmitService HTTP/1.1" 200 501
116.224.255.128 - - [06/Sep/2022:10:54:05 +0800] "POST /xingrg/services/DataTransmitService HTTP/1.1" 200 501
101.85.93.70 - - [06/Sep/2022:10:54:06 +0800] "GET /xingrg/all/function/internal_message.html?_=1662432844804&CODE_STATE=getMsg HTTP/1.1" 200 27
116.225.121.189 - - [06/Sep/2022:10:54:06 +0800] "GET /xingrg/all/function/internal_message.html?_=1662432708592&CODE_STATE=getMsg HTTP/1.1" 200 27
124.78.154.246 - - [06/Sep/2022:10:54:06 +0800] "GET /xingrg/kc/base/wldb_order_add.html HTTP/1.1" 200 30398
116.224.255.128 - - [06/Sep/2022:10:54:06 +0800] "POST /xingrg/services/DataTransmitService HTTP/1.1" 200 501
116.225.121.189 - - [06/Sep/2022:10:54:06 +0800] "GET /xingrg/check_reg.html?_=1662432708595 HTTP/1.1" 200 22
124.78.154.246 - - [06/Sep/2022:10:54:07 +0800] "GET /xingrg/javascript/easyui/themes/default/validatebox.css HTTP/1.1" 404 1104
124.78.154.246 - - [06/Sep/2022:10:54:07 +0800] "POST /xingrg/kc/base/wldb_order_operate.html HTTP/1.1" 200 6806
116.224.255.128 - - [06/Sep/2022:10:54:07 +0800] "POST /xingrg/services/DataTransmitService HTTP/1.1" 200 412
124.78.154.246 - - [06/Sep/2022:10:54:07 +0800] "POST /xingrg/all/common/load_combo.html?type=base HTTP/1.1" 200 3227
124.78.154.246 - - [06/Sep/2022:10:54:10 +0800] "POST /xingrg/all/common/load_combo.html?type=base HTTP/1.1" 200 3227
116.228.172.94 - - [06/Sep/2022:10:54:10 +0800] "GET /xingrg/kc/buy/cgsh_order_operate.html?command=get_materiel&rest_code=00153&code=00101008155&supplier_code=00100199&order_time=2022-09-06 HTTP/1.1" 200 408
180.169.147.146 - - [06/Sep/2022:10:54:14 +0800] "GET /xingrg/all/function/internal_message.html?_=1662433441315&CODE_STATE=getMsg HTTP/1.1" 200 27
124.78.154.246 - - [06/Sep/2022:10:54:15 +0800] "GET /xingrg/kc/base/wldb_order_operate.html?command=get_materiel&rest_code=00106&base_code=0010397&code=00102002006 HTTP/1.1" 200 469
180.169.147.146 - - [06/Sep/2022:10:54:15 +0800] "GET /xingrg/all/function/internal_message.html?_=1662432853935&CODE_STATE=getMsg HTTP/1.1" 200 27
116.228.172.94 - - [06/Sep/2022:10:54:21 +0800] "GET /xingrg/kc/buy/cgsh_order_operate.html?command=get_materiel&rest_code=00153&code=00101008355&supplier_code=00100199&order_time=2022-09-06 HTTP/1.1" 200 408
58.221.95.50 - - [06/Sep/2022:10:54:22 +0800] "GET /xingrg/all/function/internal_message.html?_=1662432862705&CODE_STATE=getMsg HTTP/1.1" 200 27
124.78.154.246 - - [06/Sep/2022:10:54:23 +0800] "GET /xingrg/kc/base/wldb_order_operate.html?command=get_materiel&rest_code=00106&base_code=0010397&code=00102002992 HTTP/1.1" 200 435
58.39.35.118 - - [06/Sep/2022:10:54:27 +0800] "POST /xingrg/kc/buy/cgsh_list_operate.html HTTP/1.1" 200 693
58.39.35.118 - - [06/Sep/2022:10:54:27 +0800] "GET /xingrg/all/function/internal_message.html?_=1662432863848&CODE_STATE=getMsg HTTP/1.1" 200 27
222.70.246.221 - - [06/Sep/2022:10:54:27 +0800] "GET /xingrg/all/function/internal_message.html?_=1662432871759&CODE_STATE=getMsg HTTP/1.1" 200 27
58.39.35.118 - - [06/Sep/2022:10:54:27 +0800] "GET /xingrg/kc/base/base_main.html HTTP/1.1" 200 12142
58.39.35.118 - - [06/Sep/2022:10:54:29 +0800] "GET /xingrg/kc/base/wldb_order_list.html HTTP/1.1" 200 19186
58.39.35.118 - - [06/Sep/2022:10:54:29 +0800] "POST /xingrg/kc/base/wldb_list_operate.html HTTP/1.1" 200 928
116.228.172.94 - - [06/Sep/2022:10:54:31 +0800] "GET /xingrg/kc/buy/cgsh_order_operate.html?command=get_materiel&rest_code=00153&code=00101008350&supplier_code=00100199&order_time=2022-09-06 HTTP/1.1" 200 429
124.78.154.246 - - [06/Sep/2022:10:54:31 +0800] "GET /xingrg/check_reg.html?_=1662432869010 HTTP/1.1" 200 22
222.70.246.221 - - [06/Sep/2022:10:54:33 +0800] "GET /xingrg/kc/buy/cgsh_order_operate.html?command=get_materiel&rest_code=00146&code=00101008236&supplier_code=00100005&order_time=2022-09-06 HTTP/1.1" 200 416
124.78.154.246 - - [06/Sep/2022:10:54:33 +0800] "GET /xingrg/kc/base/wldb_order_operate.html?command=get_materiel&rest_code=00106&base_code=0010397&code=00102002347 HTTP/1.1" 200 457
124.78.154.246 - - [06/Sep/2022:10:54:34 +0800] "GET /xingrg/all/function/internal_message.html?_=1662432872223&CODE_STATE=getMsg HTTP/1.1" 200 27
116.224.123.211 - - [06/Sep/2022:10:54:35 +0800] "GET /xingrg/all/function/internal_message.html?_=1662432878817&CODE_STATE=getMsg HTTP/1.1" 200 27
116.228.172.94 - - [06/Sep/2022:10:54:36 +0800] "GET /xingrg/all/function/internal_message.html?_=1662432455304&CODE_STATE=getMsg HTTP/1.1" 200 27
120.253.135.82 - - [06/Sep/2022:10:54:39 +0800] "POST /xingrg/kc/pszx/mdps_list_operate.html HTTP/1.1" 200 1683
120.253.135.82 - - [06/Sep/2022:10:54:40 +0800] "POST /xingrg/kc/pszx/mdps_list_operate.html HTTP/1.1" 200 286
180.169.147.146 - - [06/Sep/2022:10:54:42 +0800] "GET /xingrg/all/function/internal_message.html?_=1662432878668&CODE_STATE=getMsg HTTP/1.1" 200 27
116.228.172.94 - - [06/Sep/2022:10:54:43 +0800] "GET /xingrg/kc/buy/cgsh_order_operate.html?command=get_materiel&rest_code=00153&code=00101012029&supplier_code=00100199&order_time=2022-09-06 HTTP/1.1" 200 412
120.253.135.82 - - [06/Sep/2022:10:54:43 +0800] "GET /xingrg/kc/pszx/mdps_order_info.html?code=312022090500136 HTTP/1.1" 200 24016
120.253.135.82 - - [06/Sep/2022:10:54:44 +0800] "GET /xingrg/javascript/easyui/themes/default/validatebox.css HTTP/1.1" 404 1104
120.253.135.82 - - [06/Sep/2022:10:54:44 +0800] "POST /xingrg/kc/pszx/mdps_order_operate.html HTTP/1.1" 200 2799
124.78.154.246 - - [06/Sep/2022:10:54:44 +0800] "POST /xingrg/kc/base/wldb_order_operate.html HTTP/1.1" 200 37
116.224.255.128 - - [06/Sep/2022:10:54:44 +0800] "GET /xingrg/all/function/internal_message.html?_=1662432881672&CODE_STATE=getMsg HTTP/1.1" 200 27
124.78.154.246 - - [06/Sep/2022:10:54:44 +0800] "POST /xingrg/kc/base/wldb_order_operate.html HTTP/1.1" 200 3181
114.83.219.57 - - [06/Sep/2022:10:54:44 +0800] "GET /xingrg/check_reg.html?_=1662432965241 HTTP/1.1" 200 22
120.253.135.82 - - [06/Sep/2022:10:54:46 +0800] "POST /xingrg/kc/pszx/mdps_list_operate.html HTTP/1.1" 200 1683
116.225.121.189 - - [06/Sep/2022:10:54:46 +0800] "GET /xingrg/check_reg.html?_=1662432886892 HTTP/1.1" 200 22
116.225.121.189 - - [06/Sep/2022:10:54:47 +0800] "GET /xingrg/all/function/internal_message.html?_=1662432886998&CODE_STATE=getMsg HTTP/1.1" 200 27
120.253.135.82 - - [06/Sep/2022:10:54:48 +0800] "GET /xingrg/kc/pszx/mdps_order_add.html HTTP/1.1" 200 29158
120.253.135.82 - - [06/Sep/2022:10:54:48 +0800] "POST /xingrg/kc/pszx/mdps_order_operate.html HTTP/1.1" 200 7126
120.253.135.82 - - [06/Sep/2022:10:54:48 +0800] "GET /xingrg/javascript/easyui/themes/default/validatebox.css HTTP/1.1" 404 1104
180.169.147.146 - - [06/Sep/2022:10:54:49 +0800] "GET /xingrg/all/function/internal_message.html?_=1662432886312&CODE_STATE=getMsg HTTP/1.1" 200 27
222.70.246.221 - - [06/Sep/2022:10:54:51 +0800] "GET /xingrg/kc/buy/cgsh_order_operate.html?command=get_materiel&rest_code=00146&code=00101020152&supplier_code=00100005&order_time=2022-09-06 HTTP/1.1" 200 416
114.84.5.35 - - [06/Sep/2022:10:54:52 +0800] "GET /xingrg/all/function/internal_message.html?_=1662432890164&CODE_STATE=getMsg HTTP/1.1" 200 27
120.253.135.82 - - [06/Sep/2022:10:54:53 +0800] "GET /xingrg/all/function/internal_message.html?_=1662432692971&CODE_STATE=getMsg HTTP/1.1" 200 27
124.78.154.246 - - [06/Sep/2022:10:54:53 +0800] "GET /xingrg/kc/base/wldb_order_info.html?code=422022090600503 HTTP/1.1" 200 30412
124.78.154.246 - - [06/Sep/2022:10:54:54 +0800] "GET /xingrg/javascript/easyui/themes/default/validatebox.css HTTP/1.1" 404 1104
124.78.154.246 - - [06/Sep/2022:10:54:54 +0800] "POST /xingrg/kc/base/wldb_order_operate.html HTTP/1.1" 200 3181
120.253.135.82 - - [06/Sep/2022:10:54:54 +0800] "POST /xingrg/all/common/load_combo.html?type=base HTTP/1.1" 200 1260
116.228.172.94 - - [06/Sep/2022:10:54:56 +0800] "GET /xingrg/kc/buy/cgsh_order_operate.html?command=get_materiel&rest_code=00153&code=00101008361&supplier_code=00100199&order_time=2022-09-06 HTTP/1.1" 200 408
116.232.194.65 - - [06/Sep/2022:10:54:57 +0800] "GET /xingrg/all/function/internal_message.html?_=1662432838201&CODE_STATE=getMsg HTTP/1.1" 200 27
180.169.147.146 - - [06/Sep/2022:10:54:58 +0800] "GET /xingrg/all/function/internal_message.html?_=1662432895851&CODE_STATE=getMsg HTTP/1.1" 200 27
116.224.255.128 - - [06/Sep/2022:10:55:01 +0800] "GET /xingrg/all/function/internal_message.html?_=1662432847486&CODE_STATE=getMsg HTTP/1.1" 200 27
120.253.135.82 - - [06/Sep/2022:10:55:04 +0800] "GET /xingrg/kc/pszx/mdps_order_operate.html?command=get_materiel&pszx_code=00101&rest_code=00111&base_code=0010246&code=00101010339 HTTP/1.1" 200 445
222.70.246.221 - - [06/Sep/2022:10:55:05 +0800] "GET /xingrg/kc/buy/cgsh_order_operate.html?command=get_materiel&rest_code=00146&code=00101013114&supplier_code=00100005&order_time=2022-09-06 HTTP/1.1" 200 409
116.228.172.94 - - [06/Sep/2022:10:55:06 +0800] "GET /xingrg/kc/buy/cgsh_order_operate.html?command=get_materiel&rest_code=00153&code=00101008356&supplier_code=00100199&order_time=2022-09-06 HTTP/1.1" 200 409
101.85.93.70 - - [06/Sep/2022:10:55:06 +0800] "GET /xingrg/all/function/internal_message.html?_=1662432904803&CODE_STATE=getMsg HTTP/1.1" 200 27
116.225.121.189 - - [06/Sep/2022:10:55:06 +0800] "GET /xingrg/all/function/internal_message.html?_=1662432768595&CODE_STATE=getMsg HTTP/1.1" 200 27
124.78.154.246 - - [06/Sep/2022:10:55:09 +0800] "GET /xingrg/kc/base/wldb_order_add.html HTTP/1.1" 200 30398
124.78.154.246 - - [06/Sep/2022:10:55:10 +0800] "POST /xingrg/kc/base/wldb_order_operate.html HTTP/1.1" 200 6806
124.78.154.246 - - [06/Sep/2022:10:55:10 +0800] "GET /xingrg/javascript/easyui/themes/default/validatebox.css HTTP/1.1" 404 1104
180.163.29.219 - - [06/Sep/2022:10:55:10 +0800] "GET /xingrg/check_reg.html?_=1662429568946 HTTP/1.1" 302 -
120.253.135.82 - - [06/Sep/2022:10:55:10 +0800] "POST /xingrg/kc/pszx/mdps_order_operate.html HTTP/1.1" 200 37
180.163.29.219 - - [06/Sep/2022:10:55:10 +0800] "GET /xingrg/login.html HTTP/1.1" 200 7641
120.253.135.82 - - [06/Sep/2022:10:55:11 +0800] "GET /xingrg/kc/pszx/mdps_order_info.html?code=312022090600156 HTTP/1.1" 200 24016
124.78.154.246 - - [06/Sep/2022:10:55:11 +0800] "POST /xingrg/all/common/load_combo.html?type=base HTTP/1.1" 200 3227
120.253.135.82 - - [06/Sep/2022:10:55:12 +0800] "POST /xingrg/kc/pszx/mdps_order_operate.html HTTP/1.1" 200 2291
120.253.135.82 - - [06/Sep/2022:10:55:12 +0800] "GET /xingrg/javascript/easyui/themes/default/validatebox.css HTTP/1.1" 404 1104
124.78.154.246 - - [06/Sep/2022:10:55:14 +0800] "POST /xingrg/all/common/load_combo.html?type=base HTTP/1.1" 200 3227
120.253.135.82 - - [06/Sep/2022:10:55:14 +0800] "POST /xingrg/kc/pszx/mdps_list_operate.html HTTP/1.1" 200 2045
180.169.147.146 - - [06/Sep/2022:10:55:14 +0800] "GET /xingrg/all/function/internal_message.html?_=1662433501320&CODE_STATE=getMsg HTTP/1.1" 200 27
180.169.147.146 - - [06/Sep/2022:10:55:15 +0800] "GET /xingrg/all/function/internal_message.html?_=1662432913947&CODE_STATE=getMsg HTTP/1.1" 200 27
120.253.135.82 - - [06/Sep/2022:10:55:15 +0800] "POST /xingrg/kc/pszx/mdps_list_operate.html HTTP/1.1" 200 286
120.253.135.82 - - [06/Sep/2022:10:55:16 +0800] "GET /xingrg/kc/pszx/mdps_order_info.html?code=312022090500136 HTTP/1.1" 200 24016
222.70.246.221 - - [06/Sep/2022:10:55:16 +0800] "GET /xingrg/kc/buy/cgsh_order_operate.html?command=get_materiel&rest_code=00146&code=00101008109&supplier_code=00100005&order_time=2022-09-06 HTTP/1.1" 200 413
120.253.135.82 - - [06/Sep/2022:10:55:17 +0800] "POST /xingrg/kc/pszx/mdps_order_operate.html HTTP/1.1" 200 2799
120.253.135.82 - - [06/Sep/2022:10:55:17 +0800] "GET /xingrg/javascript/easyui/themes/default/validatebox.css HTTP/1.1" 404 1104
116.228.172.94 - - [06/Sep/2022:10:55:17 +0800] "GET /xingrg/kc/buy/cgsh_order_operate.html?command=get_materiel&rest_code=00153&code=00101016053&supplier_code=00100199&order_time=2022-09-06 HTTP/1.1" 200 408
124.78.154.246 - - [06/Sep/2022:10:55:19 +0800] "GET /xingrg/kc/base/wldb_order_operate.html?command=get_materiel&rest_code=00106&base_code=0010397&code=00102002453 HTTP/1.1" 200 433
222.70.246.221 - - [06/Sep/2022:10:55:20 +0800] "POST /xingrg/kc/buy/cgsh_order_operate.html HTTP/1.1" 200 2065
58.221.95.50 - - [06/Sep/2022:10:55:22 +0800] "GET /xingrg/all/function/internal_message.html?_=1662432922706&CODE_STATE=getMsg HTTP/1.1" 200 27
120.253.135.82 - - [06/Sep/2022:10:55:23 +0800] "POST /xingrg/kc/pszx/mdps_order_operate.html HTTP/1.1" 200 37
124.78.154.246 - - [06/Sep/2022:10:55:24 +0800] "POST /xingrg/kc/base/wldb_order_operate.html HTTP/1.1" 200 37
120.253.135.82 - - [06/Sep/2022:10:55:24 +0800] "GET /xingrg/kc/pszx/mdps_order_info.html?code=312022090500136 HTTP/1.1" 200 24016
124.78.154.246 - - [06/Sep/2022:10:55:25 +0800] "POST /xingrg/kc/base/wldb_order_operate.html HTTP/1.1" 200 2184
120.253.135.82 - - [06/Sep/2022:10:55:25 +0800] "POST /xingrg/kc/pszx/mdps_order_operate.html HTTP/1.1" 200 2298
120.253.135.82 - - [06/Sep/2022:10:55:25 +0800] "GET /xingrg/javascript/easyui/themes/default/validatebox.css HTTP/1.1" 404 1104
124.78.154.246 - - [06/Sep/2022:10:55:25 +0800] "GET /xingrg/kc/base/wldb_order_info.html?code=422022090600504 HTTP/1.1" 200 30410
222.70.246.221 - - [06/Sep/2022:10:55:25 +0800] "GET /xingrg/check_reg.html?_=1662432930107 HTTP/1.1" 200 22
124.78.154.246 - - [06/Sep/2022:10:55:26 +0800] "GET /xingrg/javascript/easyui/themes/default/validatebox.css HTTP/1.1" 404 1104
124.78.154.246 - - [06/Sep/2022:10:55:26 +0800] "POST /xingrg/kc/base/wldb_order_operate.html HTTP/1.1" 200 2184
58.39.35.118 - - [06/Sep/2022:10:55:27 +0800] "GET /xingrg/all/function/internal_message.html?_=1662432923856&CODE_STATE=getMsg HTTP/1.1" 200 27
222.70.246.221 - - [06/Sep/2022:10:55:27 +0800] "GET /xingrg/all/function/internal_message.html?_=1662432931776&CODE_STATE=getMsg HTTP/1.1" 200 27
120.253.135.82 - - [06/Sep/2022:10:55:27 +0800] "POST /xingrg/kc/pszx/mdps_list_operate.html HTTP/1.1" 200 2045
116.224.255.128 - - [06/Sep/2022:10:55:28 +0800] "POST /xingrg/all/user/operate.html HTTP/1.1" 200 36
180.169.147.146 - - [06/Sep/2022:10:55:28 +0800] "GET /xingrg/javascript/auto/indicator.gif HTTP/1.1" 404 1066
116.224.255.128 - - [06/Sep/2022:10:55:28 +0800] "GET /xingrg/index.html?sysBaseUrl=http%3A%2F%2F180.169.147.146%3A18081%2Fxingrg%2F&costTime=41×tamp=1662426230841 HTTP/1.1" 200 17179
116.224.255.128 - - [06/Sep/2022:10:55:28 +0800] "GET /xingrg/javascript/jquery_easy_ui/themes/default/easyui.css HTTP/1.1" 304 -
116.224.255.128 - - [06/Sep/2022:10:55:28 +0800] "GET /xingrg/javascript/jquery_easy_ui/themes/icon.css HTTP/1.1" 304 -
116.224.255.128 - - [06/Sep/2022:10:55:28 +0800] "GET /xingrg/css/form.css HTTP/1.1" 304 -
116.224.255.128 - - [06/Sep/2022:10:55:28 +0800] "GET /xingrg/javascript/jquery-1.4.2.min.js HTTP/1.1" 304 -
116.224.255.128 - - [06/Sep/2022:10:55:28 +0800] "GET /xingrg/javascript/jquery_easy_ui/jquery.easyui.min.js HTTP/1.1" 304 -
116.224.255.128 - - [06/Sep/2022:10:55:28 +0800] "GET /xingrg/javascript/jquery_easy_ui/easyui-lang-zh_CN.js HTTP/1.1" 304 -
116.224.255.128 - - [06/Sep/2022:10:55:28 +0800] "GET /xingrg/javascript/jquery.form.js HTTP/1.1" 304 -
116.224.255.128 - - [06/Sep/2022:10:55:28 +0800] "GET /xingrg/javascript/jquery.utils.js HTTP/1.1" 304 -
116.224.255.128 - - [06/Sep/2022:10:55:28 +0800] "GET /xingrg/javascript/jquery.timers.js HTTP/1.1" 304 -
116.224.255.128 - - [06/Sep/2022:10:55:28 +0800] "GET /xingrg/images/blue/jxLogo.png HTTP/1.1" 304 -
116.224.255.128 - - [06/Sep/2022:10:55:28 +0800] "GET /xingrg/javascript/jquery_easy_ui/themes/icons/settle_new.png HTTP/1.1" 304 -
116.224.255.128 - - [06/Sep/2022:10:55:28 +0800] "GET /xingrg/images/blue/navBackgound.jpg HTTP/1.1" 304 -
116.224.255.128 - - [06/Sep/2022:10:55:28 +0800] "POST /xingrg/all/common/load_tree.html?tree=area_rest_tree_json&manage=1 HTTP/1.1" 200 476
116.224.255.128 - - [06/Sep/2022:10:55:28 +0800] "GET /xingrg/all/function/internal_message.html?_=1662432925629&CODE_STATE=count HTTP/1.1" 200 11
116.224.255.128 - - [06/Sep/2022:10:55:28 +0800] "POST /xingrg/load_menu.html HTTP/1.1" 200 5138
116.224.255.128 - - [06/Sep/2022:10:55:28 +0800] "GET /xingrg/check_reg.html?_=1662432925631 HTTP/1.1" 200 22
