116.224.255.128 - - [06/Sep/2022:11:21:01 +0800] "GET /xingrg/servlets/image?cache=0.1302403968974314&image=px HTTP/1.1" 200 807
116.224.255.128 - - [06/Sep/2022:11:21:02 +0800] "GET /xingrg/all/function/internal_message.html?_=1662434408463&CODE_STATE=getMsg HTTP/1.1" 200 27
180.169.147.146 - - [06/Sep/2022:11:21:04 +0800] "GET /xingrg/kc/base/base_main.html HTTP/1.1" 200 12142
114.88.158.224 - - [06/Sep/2022:11:21:05 +0800] "GET /xingrg/all/function/internal_message.html?_=1662434462645&CODE_STATE=getMsg HTTP/1.1" 200 27
116.232.38.145 - - [06/Sep/2022:11:21:05 +0800] "POST /xingrg/services/DataTransmitService HTTP/1.1" 200 501
116.232.38.145 - - [06/Sep/2022:11:21:06 +0800] "POST /xingrg/services/DataTransmitService HTTP/1.1" 200 501
116.232.38.145 - - [06/Sep/2022:11:21:06 +0800] "POST /xingrg/services/DataTransmitService HTTP/1.1" 200 501
114.84.81.136 - - [06/Sep/2022:11:21:06 +0800] "GET /xingrg/check_reg.html?_=1662434464598 HTTP/1.1" 200 22
114.84.81.136 - - [06/Sep/2022:11:21:06 +0800] "GET /xingrg/all/function/internal_message.html?_=1662434464600&CODE_STATE=getMsg HTTP/1.1" 200 27
116.225.121.189 - - [06/Sep/2022:11:21:06 +0800] "GET /xingrg/all/function/internal_message.html?_=1662434328647&CODE_STATE=getMsg HTTP/1.1" 200 27
101.85.93.70 - - [06/Sep/2022:11:21:06 +0800] "GET /xingrg/all/function/internal_message.html?_=1662434464840&CODE_STATE=getMsg HTTP/1.1" 200 27
116.232.38.145 - - [06/Sep/2022:11:21:06 +0800] "POST /xingrg/services/DataTransmitService HTTP/1.1" 200 501
116.232.38.145 - - [06/Sep/2022:11:21:06 +0800] "POST /xingrg/services/DataTransmitService HTTP/1.1" 200 501
116.232.38.145 - - [06/Sep/2022:11:21:07 +0800] "POST /xingrg/services/DataTransmitService HTTP/1.1" 200 501
116.232.38.145 - - [06/Sep/2022:11:21:07 +0800] "POST /xingrg/services/DataTransmitService HTTP/1.1" 200 501
116.232.38.145 - - [06/Sep/2022:11:21:07 +0800] "POST /xingrg/services/DataTransmitService HTTP/1.1" 200 412
116.224.255.128 - - [06/Sep/2022:11:21:08 +0800] "GET /xingrg/all/report/report_query.html?isQuery=1&fileName=kc/buy/wlcg_cate_hz.xml&queryString=(CONVERT(char(10)%252Ca.order_time%252C%2520120)%253E%253D'2022-08-01')%2520and%2520(CONVERT(char(10)%252Ca.order_time%252C%2520120)%253C%253D'2022-08-31')%2520and%2520(a.number%253E0%2520and%2520a.supplier_code%253D'00100331')&queryText=%25E3%2580%2590%25E9%2587%2587%25E8%25B4%25AD%25E6%2597%25A5%25E6%259C%259F%253A2022-08-01%2520%25E8%2587%25B3%25202022-08-31%25E3%2580%2591%2520%25E5%25B9%25B6%25E4%25B8%2594%2520%25E3%2580%2590%25E4%25BE%259B%25E5%25BA%2594%25E5%2595%2586%253D%25E5%258E%25A8%25E6%2596%25B0%25E9%25A3%259F%25E6%259D%2590%25EF%25BC%2588%25E8%25B0%25A2%25E8%2590%258D%25EF%25BC%2589%25E3%2580%2591 HTTP/1.1" 200 54378
180.169.147.146 - - [06/Sep/2022:11:21:08 +0800] "GET /xingrg/kc/base/wldb_order_list.html HTTP/1.1" 200 19186
116.224.255.128 - - [06/Sep/2022:11:21:08 +0800] "GET /xingrg/dwr/interface/AjaxReportQueryService.js HTTP/1.1" 200 13203
116.224.255.128 - - [06/Sep/2022:11:21:09 +0800] "GET /xingrg/dwr/engine.js HTTP/1.1" 200 43631
180.169.147.146 - - [06/Sep/2022:11:21:09 +0800] "POST /xingrg/kc/base/wldb_list_operate.html HTTP/1.1" 200 928
222.70.246.221 - - [06/Sep/2022:11:21:10 +0800] "GET /xingrg/kc/buy/cgsh_order_operate.html?command=get_materiel&rest_code=00146&code=00101004020&supplier_code=00100199&order_time=2022-09-06 HTTP/1.1" 200 425
116.224.255.128 - - [06/Sep/2022:11:21:10 +0800] "POST /xingrg/all/report/load_report_page.html HTTP/1.1" 200 8713
116.224.255.128 - - [06/Sep/2022:11:21:10 +0800] "GET /xingrg/servlets/image?cache=0.5111048254578824&image=px HTTP/1.1" 200 807
116.224.255.128 - - [06/Sep/2022:11:21:12 +0800] "POST /xingrg/all/report/load_report_page.html HTTP/1.1" 200 13037
116.224.255.128 - - [06/Sep/2022:11:21:12 +0800] "GET /xingrg/servlets/image?cache=0.36395190686767265&image=px HTTP/1.1" 200 807
180.169.147.146 - - [06/Sep/2022:11:21:14 +0800] "GET /xingrg/all/function/internal_message.html?_=1662434470872&CODE_STATE=getMsg HTTP/1.1" 200 27
180.169.147.146 - - [06/Sep/2022:11:21:14 +0800] "GET /xingrg/check_reg.html?_=1662435061321 HTTP/1.1" 200 22
180.169.147.146 - - [06/Sep/2022:11:21:14 +0800] "GET /xingrg/all/function/internal_message.html?_=1662435061324&CODE_STATE=getMsg HTTP/1.1" 200 27
116.224.255.128 - - [06/Sep/2022:11:21:15 +0800] "POST /xingrg/all/report/report_print.html HTTP/1.1" 302 -
116.224.255.128 - - [06/Sep/2022:11:21:15 +0800] "GET /xingrg/servlets/html?sysBaseUrl=http%3A%2F%2F180.169.147.146%3A18081%2Fxingrg%2F&costTime=780×tamp=1662434475070 HTTP/1.1" 200 14651
116.224.255.128 - - [06/Sep/2022:11:21:15 +0800] "GET /xingrg/servlets/image?image=px HTTP/1.1" 200 807
116.224.255.128 - - [06/Sep/2022:11:21:15 +0800] "GET /favicon.ico HTTP/1.1" 404 -
180.169.147.146 - - [06/Sep/2022:11:21:15 +0800] "GET /xingrg/all/function/internal_message.html?_=1662434474197&CODE_STATE=getMsg HTTP/1.1" 200 27
58.221.95.50 - - [06/Sep/2022:11:21:23 +0800] "GET /xingrg/all/function/internal_message.html?_=1662434482866&CODE_STATE=getMsg HTTP/1.1" 200 27
58.221.95.50 - - [06/Sep/2022:11:21:23 +0800] "GET /xingrg/check_reg.html?_=1662434482868 HTTP/1.1" 200 22
222.70.246.221 - - [06/Sep/2022:11:21:26 +0800] "GET /xingrg/kc/buy/cgsh_order_operate.html?command=get_materiel&rest_code=00146&code=00101004030&supplier_code=00100199&order_time=2022-09-06 HTTP/1.1" 200 425
58.39.35.118 - - [06/Sep/2022:11:21:27 +0800] "GET /xingrg/all/function/internal_message.html?_=1662434483893&CODE_STATE=getMsg HTTP/1.1" 200 27
58.39.35.118 - - [06/Sep/2022:11:21:27 +0800] "GET /xingrg/check_reg.html?_=1662434483899 HTTP/1.1" 200 22
222.70.246.221 - - [06/Sep/2022:11:21:28 +0800] "GET /xingrg/all/function/internal_message.html?_=1662434492660&CODE_STATE=getMsg HTTP/1.1" 200 27
116.224.255.128 - - [06/Sep/2022:11:21:31 +0800] "GET /xingrg/all/report/report_query.html?isQuery=1&fileName=kc/buy/wlcg_cate_hz.xml&queryString=(CONVERT(char(10)%252Ca.order_time%252C%2520120)%253E%253D'2022-08-01')%2520and%2520(CONVERT(char(10)%252Ca.order_time%252C%2520120)%253C%253D'2022-08-31')%2520and%2520(a.number%253E0%2520and%2520a.supplier_code%253D'00100504')&queryText=%25E3%2580%2590%25E9%2587%2587%25E8%25B4%25AD%25E6%2597%25A5%25E6%259C%259F%253A2022-08-01%2520%25E8%2587%25B3%25202022-08-31%25E3%2580%2591%2520%25E5%25B9%25B6%25E4%25B8%2594%2520%25E3%2580%2590%25E4%25BE%259B%25E5%25BA%2594%25E5%2595%2586%253D%25E4%25B8%258A%25E6%25B5%25B7%25E7%2590%2585%25E7%259B%25AE%25E8%25B4%25B8%25E6%2598%2593%25E6%259C%2589%25E9%2599%2590%25E5%2585%25AC%25E5%258F%25B8%25E3%2580%2591 HTTP/1.1" 200 54386
116.224.255.128 - - [06/Sep/2022:11:21:31 +0800] "GET /xingrg/dwr/interface/AjaxReportQueryService.js HTTP/1.1" 200 13203
116.224.255.128 - - [06/Sep/2022:11:21:31 +0800] "GET /xingrg/dwr/engine.js HTTP/1.1" 200 43631
116.224.255.128 - - [06/Sep/2022:11:21:33 +0800] "POST /xingrg/all/report/load_report_page.html HTTP/1.1" 200 8716
116.224.255.128 - - [06/Sep/2022:11:21:33 +0800] "GET /xingrg/servlets/image?cache=0.3067700880706242&image=px HTTP/1.1" 200 807
124.78.154.246 - - [06/Sep/2022:11:21:34 +0800] "GET /xingrg/all/function/internal_message.html?_=1662434491562&CODE_STATE=getMsg HTTP/1.1" 200 27
180.169.147.146 - - [06/Sep/2022:11:21:34 +0800] "GET /xingrg/kc/cost/cost_list.html HTTP/1.1" 200 6093
180.169.147.146 - - [06/Sep/2022:11:21:34 +0800] "GET /xingrg/dwr/interface/AjaxReportQueryService.js HTTP/1.1" 200 13203
180.169.147.146 - - [06/Sep/2022:11:21:34 +0800] "GET /xingrg/dwr/engine.js HTTP/1.1" 200 43631
180.169.147.146 - - [06/Sep/2022:11:21:34 +0800] "GET /xingrg/all/function/internal_message.html?_=1662434490122&CODE_STATE=getMsg HTTP/1.1" 200 27
180.169.147.146 - - [06/Sep/2022:11:21:34 +0800] "GET /xingrg/kc/cost/cost_operate.html?_=1662434491919&command=load_cost_list HTTP/1.1" 200 8528
116.224.123.211 - - [06/Sep/2022:11:21:35 +0800] "GET /xingrg/all/function/internal_message.html?_=1662434498822&CODE_STATE=getMsg HTTP/1.1" 200 27
116.224.255.128 - - [06/Sep/2022:11:21:36 +0800] "POST /xingrg/all/report/load_report_page.html HTTP/1.1" 200 13061
116.224.255.128 - - [06/Sep/2022:11:21:36 +0800] "GET /xingrg/servlets/image?cache=0.5264094313816952&image=px HTTP/1.1" 200 807
222.70.246.221 - - [06/Sep/2022:11:21:38 +0800] "POST /xingrg/kc/buy/cgsh_order_operate.html HTTP/1.1" 200 37
116.224.255.128 - - [06/Sep/2022:11:21:39 +0800] "POST /xingrg/all/report/report_print.html HTTP/1.1" 302 -
116.224.255.128 - - [06/Sep/2022:11:21:39 +0800] "GET /xingrg/servlets/html?sysBaseUrl=http%3A%2F%2F180.169.147.146%3A18081%2Fxingrg%2F&costTime=390×tamp=1662434499191 HTTP/1.1" 200 14728
116.224.255.128 - - [06/Sep/2022:11:21:39 +0800] "GET /xingrg/servlets/image?image=px HTTP/1.1" 200 807
116.224.255.128 - - [06/Sep/2022:11:21:39 +0800] "GET /favicon.ico HTTP/1.1" 404 -
222.70.246.221 - - [06/Sep/2022:11:21:40 +0800] "POST /xingrg/kc/buy/cgsh_order_operate.html HTTP/1.1" 200 4433
180.169.147.146 - - [06/Sep/2022:11:21:41 +0800] "POST /xingrg/all/user/operate.html HTTP/1.1" 200 36
180.169.147.146 - - [06/Sep/2022:11:21:41 +0800] "GET /xingrg/index.html?sysBaseUrl=http%3A%2F%2F180.169.147.146%3A18081%2Fxingrg%2F&costTime=41×tamp=1662431092026 HTTP/1.1" 200 17503
180.169.147.146 - - [06/Sep/2022:11:21:41 +0800] "GET /xingrg/javascript/jquery_easy_ui/themes/default/easyui.css HTTP/1.1" 304 -
180.169.147.146 - - [06/Sep/2022:11:21:41 +0800] "GET /xingrg/javascript/jquery_easy_ui/themes/icon.css HTTP/1.1" 304 -
180.169.147.146 - - [06/Sep/2022:11:21:41 +0800] "GET /xingrg/css/form.css HTTP/1.1" 304 -
180.169.147.146 - - [06/Sep/2022:11:21:41 +0800] "GET /xingrg/javascript/jquery-1.4.2.min.js HTTP/1.1" 304 -
180.169.147.146 - - [06/Sep/2022:11:21:41 +0800] "GET /xingrg/javascript/jquery_easy_ui/jquery.easyui.min.js HTTP/1.1" 304 -
180.169.147.146 - - [06/Sep/2022:11:21:41 +0800] "GET /xingrg/javascript/jquery_easy_ui/easyui-lang-zh_CN.js HTTP/1.1" 304 -
180.169.147.146 - - [06/Sep/2022:11:21:41 +0800] "GET /xingrg/javascript/jquery.form.js HTTP/1.1" 304 -
180.169.147.146 - - [06/Sep/2022:11:21:41 +0800] "GET /xingrg/javascript/jquery.utils.js HTTP/1.1" 304 -
180.169.147.146 - - [06/Sep/2022:11:21:41 +0800] "GET /xingrg/javascript/jquery.timers.js HTTP/1.1" 304 -
180.169.147.146 - - [06/Sep/2022:11:21:41 +0800] "GET /xingrg/images/blue/jxLogo.png HTTP/1.1" 304 -
180.169.147.146 - - [06/Sep/2022:11:21:41 +0800] "GET /xingrg/images/blue/navBackgound.jpg HTTP/1.1" 304 -
180.169.147.146 - - [06/Sep/2022:11:21:41 +0800] "GET /xingrg/javascript/jquery_easy_ui/themes/icons/settle_new.png HTTP/1.1" 304 -
180.169.147.146 - - [06/Sep/2022:11:21:41 +0800] "POST /xingrg/all/common/load_tree.html?tree=area_rest_tree_json&manage=1 HTTP/1.1" 200 2091
180.169.147.146 - - [06/Sep/2022:11:21:41 +0800] "GET /xingrg/images/blue/pingpu.png HTTP/1.1" 304 -
180.169.147.146 - - [06/Sep/2022:11:21:41 +0800] "GET /xingrg/check_reg.html?_=1662434499155 HTTP/1.1" 200 22
180.169.147.146 - - [06/Sep/2022:11:21:41 +0800] "GET /xingrg/javascript/jquery_easy_ui/themes/default/images/panel_tool_expand.gif HTTP/1.1" 304 -
180.169.147.146 - - [06/Sep/2022:11:21:41 +0800] "GET /xingrg/javascript/jquery_easy_ui/themes/default/images/panel_tool_collapse.gif HTTP/1.1" 304 -
180.169.147.146 - - [06/Sep/2022:11:21:41 +0800] "GET /xingrg/javascript/jquery_easy_ui/themes/default/images/tabs_leftarrow.png HTTP/1.1" 304 -
180.169.147.146 - - [06/Sep/2022:11:21:41 +0800] "GET /xingrg/all/function/internal_message.html?_=1662434499155&CODE_STATE=count HTTP/1.1" 200 11
180.169.147.146 - - [06/Sep/2022:11:21:41 +0800] "POST /xingrg/load_menu.html HTTP/1.1" 200 9959
180.169.147.146 - - [06/Sep/2022:11:21:41 +0800] "GET /xingrg/javascript/jquery_easy_ui/themes/default/images/tabs_rightarrow.png HTTP/1.1" 304 -
180.169.147.146 - - [06/Sep/2022:11:21:41 +0800] "GET /xingrg/javascript/jquery_easy_ui/themes/default/images/tree_folder.gif HTTP/1.1" 304 -
180.169.147.146 - - [06/Sep/2022:11:21:41 +0800] "GET /xingrg/javascript/jquery_easy_ui/themes/icons/search_new.png HTTP/1.1" 304 -
180.169.147.146 - - [06/Sep/2022:11:21:41 +0800] "GET /xingrg/javascript/jquery_easy_ui/themes/icons/systemset_new.png HTTP/1.1" 304 -
180.169.147.146 - - [06/Sep/2022:11:21:42 +0800] "GET /xingrg/javascript/jquery_easy_ui/themes/icons/storage_new.png HTTP/1.1" 304 -
180.169.147.146 - - [06/Sep/2022:11:21:42 +0800] "GET /xingrg/javascript/jquery_easy_ui/themes/default/images/tree_file.gif HTTP/1.1" 304 -
180.169.147.146 - - [06/Sep/2022:11:21:42 +0800] "GET /xingrg/javascript/jquery_easy_ui/themes/icons/setting_new.png HTTP/1.1" 304 -
180.169.147.146 - - [06/Sep/2022:11:21:42 +0800] "GET /xingrg/javascript/jquery_easy_ui/themes/default/images/tree_folder_open.gif HTTP/1.1" 304 -
180.169.147.146 - - [06/Sep/2022:11:21:42 +0800] "GET /xingrg/javascript/jquery_easy_ui/themes/default/images/tree_arrows.gif HTTP/1.1" 304 -
180.169.147.146 - - [06/Sep/2022:11:21:42 +0800] "GET /xingrg/javascript/jquery_easy_ui/themes/icons/checkout_new.png HTTP/1.1" 304 -
180.169.147.146 - - [06/Sep/2022:11:21:42 +0800] "GET /xingrg/javascript/jquery_easy_ui/themes/icons/forms_new.png HTTP/1.1" 304 -
222.70.246.221 - - [06/Sep/2022:11:21:42 +0800] "GET /xingrg/kc/print/load_data.html?order_code=212022090601919&kc_code=cgsh&condition= HTTP/1.1" 200 1346
116.224.255.128 - - [06/Sep/2022:11:21:42 +0800] "GET /xingrg/all/function/internal_message.html?_=1662434499834&CODE_STATE=getMsg HTTP/1.1" 200 27
172.20.0.100 - - [06/Sep/2022:11:21:46 +0800] "GET /xingrg/all/function/internal_message.html?_=1662434503814&CODE_STATE=getMsg HTTP/1.1" 200 27
180.169.147.146 - - [06/Sep/2022:11:21:46 +0800] "GET /xingrg/kc/base/yddb_order_list.html HTTP/1.1" 200 16786
180.169.147.146 - - [06/Sep/2022:11:21:46 +0800] "POST /xingrg/kc/base/yddb_list_operate.html HTTP/1.1" 200 1336
116.225.121.189 - - [06/Sep/2022:11:21:46 +0800] "GET /xingrg/all/function/internal_message.html?_=1662434506860&CODE_STATE=getMsg HTTP/1.1" 200 27
180.169.147.146 - - [06/Sep/2022:11:21:51 +0800] "GET /xingrg/check_reg.html?_=1662434507523 HTTP/1.1" 200 22
180.169.147.146 - - [06/Sep/2022:11:21:52 +0800] "POST /xingrg/kc/base/yddb_list_operate.html HTTP/1.1" 200 4285
114.84.5.35 - - [06/Sep/2022:11:21:52 +0800] "GET /xingrg/all/function/internal_message.html?_=1662434510200&CODE_STATE=getMsg HTTP/1.1" 200 27
180.169.147.146 - - [06/Sep/2022:11:21:54 +0800] "POST /xingrg/kc/base/yddb_list_operate.html HTTP/1.1" 200 596
180.169.147.146 - - [06/Sep/2022:11:21:54 +0800] "GET /xingrg/kc/base/yddb_order_info.html?code=482022090200025 HTTP/1.1" 200 29926
180.169.147.146 - - [06/Sep/2022:11:21:54 +0800] "GET /xingrg/dwr/interface/AjaxYddbService.js HTTP/1.1" 200 13201
180.169.147.146 - - [06/Sep/2022:11:21:54 +0800] "GET /xingrg/dwr/interface/AjaxComOrderService.js HTTP/1.1" 200 18264
180.169.147.146 - - [06/Sep/2022:11:21:54 +0800] "GET /xingrg/dwr/engine.js HTTP/1.1" 200 43631
180.169.147.146 - - [06/Sep/2022:11:21:54 +0800] "POST /xingrg/dwr/call/plaincall/AjaxYddbService.loadMaterielItems.dwr HTTP/1.1" 200 7796
116.232.194.65 - - [06/Sep/2022:11:21:57 +0800] "GET /xingrg/all/function/internal_message.html?_=1662434458507&CODE_STATE=getMsg HTTP/1.1" 200 27
180.169.147.146 - - [06/Sep/2022:11:21:58 +0800] "POST /xingrg/kc/base/yddb_list_operate.html HTTP/1.1" 200 435
180.169.147.146 - - [06/Sep/2022:11:21:58 +0800] "GET /xingrg/kc/base/yddb_order_info.html?code=482022090200023 HTTP/1.1" 200 29926
180.169.147.146 - - [06/Sep/2022:11:21:58 +0800] "GET /xingrg/dwr/interface/AjaxComOrderService.js HTTP/1.1" 200 18264
180.169.147.146 - - [06/Sep/2022:11:21:58 +0800] "GET /xingrg/dwr/interface/AjaxYddbService.js HTTP/1.1" 200 13201
180.169.147.146 - - [06/Sep/2022:11:21:58 +0800] "GET /xingrg/dwr/engine.js HTTP/1.1" 200 43631
180.169.147.146 - - [06/Sep/2022:11:21:58 +0800] "POST /xingrg/dwr/call/plaincall/AjaxYddbService.loadMaterielItems.dwr HTTP/1.1" 200 1345
116.224.123.211 - - [06/Sep/2022:11:22:00 +0800] "GET /xingrg/all/function/internal_message.html?_=1662434519246&CODE_STATE=getMsg HTTP/1.1" 200 27
180.162.112.166 - - [06/Sep/2022:11:22:00 +0800] "GET /xingrg/all/function/internal_message.html?_=1662433660403&CODE_STATE=getMsg HTTP/1.1" 200 27
180.169.147.146 - - [06/Sep/2022:11:22:01 +0800] "POST /xingrg/kc/base/yddb_list_operate.html HTTP/1.1" 200 506
180.169.147.146 - - [06/Sep/2022:11:22:01 +0800] "GET /xingrg/kc/base/yddb_order_info.html?code=482022090200019 HTTP/1.1" 200 29925
180.169.147.146 - - [06/Sep/2022:11:22:01 +0800] "GET /xingrg/dwr/interface/AjaxComOrderService.js HTTP/1.1" 200 18264
180.169.147.146 - - [06/Sep/2022:11:22:01 +0800] "GET /xingrg/dwr/interface/AjaxYddbService.js HTTP/1.1" 200 13201
180.169.147.146 - - [06/Sep/2022:11:22:01 +0800] "GET /xingrg/dwr/engine.js HTTP/1.1" 200 43631
180.169.147.146 - - [06/Sep/2022:11:22:01 +0800] "POST /xingrg/dwr/call/plaincall/AjaxYddbService.loadMaterielItems.dwr HTTP/1.1" 200 1660
120.253.135.82 - - [06/Sep/2022:11:22:01 +0800] "GET /xingrg/all/function/internal_message.html?_=1662434321450&CODE_STATE=getMsg HTTP/1.1" 200 27
116.224.255.128 - - [06/Sep/2022:11:22:02 +0800] "GET /xingrg/all/function/internal_message.html?_=1662434468477&CODE_STATE=getMsg HTTP/1.1" 200 27
180.169.147.146 - - [06/Sep/2022:11:22:03 +0800] "POST /xingrg/kc/base/yddb_list_operate.html HTTP/1.1" 200 587
180.169.147.146 - - [06/Sep/2022:11:22:03 +0800] "GET /xingrg/kc/base/yddb_order_info.html?code=482022090200015 HTTP/1.1" 200 29926
180.169.147.146 - - [06/Sep/2022:11:22:03 +0800] "GET /xingrg/dwr/interface/AjaxComOrderService.js HTTP/1.1" 200 18264
180.169.147.146 - - [06/Sep/2022:11:22:03 +0800] "GET /xingrg/dwr/interface/AjaxYddbService.js HTTP/1.1" 200 13201
180.169.147.146 - - [06/Sep/2022:11:22:03 +0800] "GET /xingrg/dwr/engine.js HTTP/1.1" 200 43631
180.169.147.146 - - [06/Sep/2022:11:22:03 +0800] "POST /xingrg/dwr/call/plaincall/AjaxYddbService.loadMaterielItems.dwr HTTP/1.1" 200 5153
114.88.158.224 - - [06/Sep/2022:11:22:05 +0800] "GET /xingrg/all/function/internal_message.html?_=1662434522645&CODE_STATE=getMsg HTTP/1.1" 200 27
114.88.158.224 - - [06/Sep/2022:11:22:05 +0800] "GET /xingrg/check_reg.html?_=1662434522647 HTTP/1.1" 200 22
114.84.81.136 - - [06/Sep/2022:11:22:06 +0800] "GET /xingrg/all/function/internal_message.html?_=1662434524591&CODE_STATE=getMsg HTTP/1.1" 200 27
101.85.93.70 - - [06/Sep/2022:11:22:06 +0800] "GET /xingrg/check_reg.html?_=1662434524840 HTTP/1.1" 200 22
116.225.121.189 - - [06/Sep/2022:11:22:06 +0800] "GET /xingrg/all/function/internal_message.html?_=1662434388647&CODE_STATE=getMsg HTTP/1.1" 200 27
101.85.93.70 - - [06/Sep/2022:11:22:06 +0800] "GET /xingrg/all/function/internal_message.html?_=1662434524843&CODE_STATE=getMsg HTTP/1.1" 200 27
180.169.147.146 - - [06/Sep/2022:11:22:07 +0800] "POST /xingrg/kc/base/yddb_list_operate.html HTTP/1.1" 200 578
180.169.147.146 - - [06/Sep/2022:11:22:08 +0800] "GET /xingrg/kc/base/yddb_order_info.html?code=482022090200024 HTTP/1.1" 200 31489
180.169.147.146 - - [06/Sep/2022:11:22:08 +0800] "GET /xingrg/dwr/interface/AjaxComOrderService.js HTTP/1.1" 200 18264
180.169.147.146 - - [06/Sep/2022:11:22:08 +0800] "GET /xingrg/dwr/interface/AjaxYddbService.js HTTP/1.1" 200 13201
180.169.147.146 - - [06/Sep/2022:11:22:08 +0800] "GET /xingrg/dwr/engine.js HTTP/1.1" 200 43631
180.169.147.146 - - [06/Sep/2022:11:22:08 +0800] "POST /xingrg/dwr/call/plaincall/AjaxYddbService.loadMaterielItems.dwr HTTP/1.1" 200 3639
222.70.246.221 - - [06/Sep/2022:11:22:11 +0800] "GET /xingrg/kc/buy/cgsh_order_add.html HTTP/1.1" 200 68537
222.70.246.221 - - [06/Sep/2022:11:22:12 +0800] "POST /xingrg/kc/buy/cgsh_order_operate.html HTTP/1.1" 200 8245
222.70.246.221 - - [06/Sep/2022:11:22:12 +0800] "GET /xingrg/javascript/easyui/themes/default/validatebox.css HTTP/1.1" 404 1104
180.169.147.146 - - [06/Sep/2022:11:22:14 +0800] "GET /xingrg/all/function/internal_message.html?_=1662434530848&CODE_STATE=getMsg HTTP/1.1" 200 27
180.169.147.146 - - [06/Sep/2022:11:22:14 +0800] "GET /xingrg/all/function/internal_message.html?_=1662435121320&CODE_STATE=getMsg HTTP/1.1" 200 27
180.169.147.146 - - [06/Sep/2022:11:22:15 +0800] "GET /xingrg/check_reg.html?_=1662434533956 HTTP/1.1" 200 22
180.169.147.146 - - [06/Sep/2022:11:22:15 +0800] "GET /xingrg/all/function/internal_message.html?_=1662434534197&CODE_STATE=getMsg HTTP/1.1" 200 27
58.221.95.50 - - [06/Sep/2022:11:22:23 +0800] "GET /xingrg/all/function/internal_message.html?_=1662434542868&CODE_STATE=getMsg HTTP/1.1" 200 27
58.39.35.118 - - [06/Sep/2022:11:22:27 +0800] "GET /xingrg/all/function/internal_message.html?_=1662434543906&CODE_STATE=getMsg HTTP/1.1" 200 27
222.70.246.221 - - [06/Sep/2022:11:22:28 +0800] "GET /xingrg/all/function/internal_message.html?_=1662434552673&CODE_STATE=getMsg HTTP/1.1" 200 27
180.169.147.146 - - [06/Sep/2022:11:22:28 +0800] "GET /xingrg/kc/base/check_order_list.html HTTP/1.1" 200 16560
180.169.147.146 - - [06/Sep/2022:11:22:28 +0800] "POST /xingrg/kc/base/check_list_operate.html HTTP/1.1" 200 2532
180.169.147.146 - - [06/Sep/2022:11:22:31 +0800] "GET /xingrg/kc/base/check_order_info.html?code=452022082900114 HTTP/1.1" 200 26604
180.169.147.146 - - [06/Sep/2022:11:22:31 +0800] "GET /xingrg/dwr/interface/AjaxComOrderService.js HTTP/1.1" 200 18264
180.169.147.146 - - [06/Sep/2022:11:22:31 +0800] "GET /xingrg/dwr/interface/AjaxCheckService.js HTTP/1.1" 200 14003
180.169.147.146 - - [06/Sep/2022:11:22:31 +0800] "GET /xingrg/dwr/engine.js HTTP/1.1" 200 43631
180.169.147.146 - - [06/Sep/2022:11:22:31 +0800] "GET /xingrg/javascript/convert.js HTTP/1.1" 200 1239
180.169.147.146 - - [06/Sep/2022:11:22:31 +0800] "GET /xingrg/javascript/print/kc_print.js HTTP/1.1" 200 11415
180.169.147.146 - - [06/Sep/2022:11:22:31 +0800] "POST /xingrg/dwr/call/plaincall/AjaxCheckService.loadOrderItems.dwr HTTP/1.1" 200 83106
180.169.147.146 - - [06/Sep/2022:11:22:31 +0800] "GET /xingrg/javascript/jquery_easy_ui/themes/icons/no.png HTTP/1.1" 200 922
124.78.154.246 - - [06/Sep/2022:11:22:34 +0800] "GET /xingrg/all/function/internal_message.html?_=1662434551540&CODE_STATE=getMsg HTTP/1.1" 200 27
180.169.147.146 - - [06/Sep/2022:11:22:34 +0800] "GET /xingrg/all/function/internal_message.html?_=1662434550121&CODE_STATE=getMsg HTTP/1.1" 200 27
116.224.123.211 - - [06/Sep/2022:11:22:35 +0800] "GET /xingrg/all/function/internal_message.html?_=1662434558845&CODE_STATE=getMsg HTTP/1.1" 200 27
222.70.246.221 - - [06/Sep/2022:11:22:35 +0800] "GET /xingrg/kc/buy/cgsh_order_operate.html?command=get_materiel&rest_code=00146&code=00101007059&supplier_code=00100002&order_time=2022-09-06 HTTP/1.1" 200 409
180.169.147.146 - - [06/Sep/2022:11:22:41 +0800] "GET /xingrg/all/function/internal_message.html?_=1662434559171&CODE_STATE=getMsg HTTP/1.1" 200 27
116.224.255.128 - - [06/Sep/2022:11:22:42 +0800] "GET /xingrg/all/function/internal_message.html?_=1662434559806&CODE_STATE=getMsg HTTP/1.1" 200 27
172.20.0.100 - - [06/Sep/2022:11:22:46 +0800] "GET /xingrg/all/function/internal_message.html?_=1662434563800&CODE_STATE=getMsg HTTP/1.1" 200 27
116.225.121.189 - - [06/Sep/2022:11:22:46 +0800] "GET /xingrg/all/function/internal_message.html?_=1662434566860&CODE_STATE=getMsg HTTP/1.1" 200 27
114.84.5.35 - - [06/Sep/2022:11:22:52 +0800] "GET /xingrg/all/function/internal_message.html?_=1662434570202&CODE_STATE=getMsg HTTP/1.1" 200 27
222.70.246.221 - - [06/Sep/2022:11:22:54 +0800] "GET /xingrg/kc/buy/cgsh_order_operate.html?command=get_materiel&rest_code=00146&code=00101007032&supplier_code=00100002&order_time=2022-09-06 HTTP/1.1" 200 413
116.232.194.65 - - [06/Sep/2022:11:22:57 +0800] "GET /xingrg/all/function/internal_message.html?_=1662434518496&CODE_STATE=getMsg HTTP/1.1" 200 27
116.224.123.211 - - [06/Sep/2022:11:23:00 +0800] "GET /xingrg/all/function/internal_message.html?_=1662434579235&CODE_STATE=getMsg HTTP/1.1" 200 27
180.162.112.166 - - [06/Sep/2022:11:23:00 +0800] "GET /xingrg/check_reg.html?_=1662433720400 HTTP/1.1" 200 22
180.162.112.166 - - [06/Sep/2022:11:23:00 +0800] "GET /xingrg/all/function/internal_message.html?_=1662433720397&CODE_STATE=getMsg HTTP/1.1" 200 27
120.253.135.82 - - [06/Sep/2022:11:23:01 +0800] "GET /xingrg/all/function/internal_message.html?_=1662434381621&CODE_STATE=getMsg HTTP/1.1" 200 27
116.224.255.128 - - [06/Sep/2022:11:23:02 +0800] "GET /xingrg/all/function/internal_message.html?_=1662434528490&CODE_STATE=getMsg HTTP/1.1" 200 27
114.88.158.224 - - [06/Sep/2022:11:23:05 +0800] "GET /xingrg/all/function/internal_message.html?_=1662434582645&CODE_STATE=getMsg HTTP/1.1" 200 27
114.84.81.136 - - [06/Sep/2022:11:23:06 +0800] "GET /xingrg/all/function/internal_message.html?_=1662434584578&CODE_STATE=getMsg HTTP/1.1" 200 27
101.85.93.70 - - [06/Sep/2022:11:23:06 +0800] "GET /xingrg/all/function/internal_message.html?_=1662434584828&CODE_STATE=getMsg HTTP/1.1" 200 27
116.225.121.189 - - [06/Sep/2022:11:23:06 +0800] "GET /xingrg/all/function/internal_message.html?_=1662434448649&CODE_STATE=getMsg HTTP/1.1" 200 27
180.169.147.146 - - [06/Sep/2022:11:23:14 +0800] "GET /xingrg/all/function/internal_message.html?_=1662434590832&CODE_STATE=getMsg HTTP/1.1" 200 27
180.169.147.146 - - [06/Sep/2022:11:23:14 +0800] "GET /xingrg/all/function/internal_message.html?_=1662435181319&CODE_STATE=getMsg HTTP/1.1" 200 27
180.169.147.146 - - [06/Sep/2022:11:23:15 +0800] "GET /xingrg/all/function/internal_message.html?_=1662434594184&CODE_STATE=getMsg HTTP/1.1" 200 27
58.221.95.50 - - [06/Sep/2022:11:23:23 +0800] "GET /xingrg/all/function/internal_message.html?_=1662434602873&CODE_STATE=getMsg HTTP/1.1" 200 27
58.39.35.118 - - [06/Sep/2022:11:23:27 +0800] "GET /xingrg/all/function/internal_message.html?_=1662434603908&CODE_STATE=getMsg HTTP/1.1" 200 27
222.70.246.221 - - [06/Sep/2022:11:23:28 +0800] "GET /xingrg/all/function/internal_message.html?_=1662434612687&CODE_STATE=getMsg HTTP/1.1" 200 27
222.70.246.221 - - [06/Sep/2022:11:23:31 +0800] "GET /xingrg/kc/buy/cgsh_order_operate.html?command=get_materiel&rest_code=00146&code=00101007077&supplier_code=00100002&order_time=2022-09-06 HTTP/1.1" 200 415
124.78.154.246 - - [06/Sep/2022:11:23:34 +0800] "GET /xingrg/all/function/internal_message.html?_=1662434611509&CODE_STATE=getMsg HTTP/1.1" 200 27
180.169.147.146 - - [06/Sep/2022:11:23:34 +0800] "GET /xingrg/all/function/internal_message.html?_=1662434610133&CODE_STATE=getMsg HTTP/1.1" 200 27
180.169.147.146 - - [06/Sep/2022:11:23:34 +0800] "GET /xingrg/check_reg.html?_=1662434610134 HTTP/1.1" 200 22
116.224.123.211 - - [06/Sep/2022:11:23:35 +0800] "GET /xingrg/check_reg.html?_=1662434618842 HTTP/1.1" 200 22
116.224.123.211 - - [06/Sep/2022:11:23:35 +0800] "GET /xingrg/all/function/internal_message.html?_=1662434618845&CODE_STATE=getMsg HTTP/1.1" 200 27
180.169.147.146 - - [06/Sep/2022:11:23:41 +0800] "GET /xingrg/all/function/internal_message.html?_=1662434619172&CODE_STATE=getMsg HTTP/1.1" 200 27
116.224.255.128 - - [06/Sep/2022:11:23:42 +0800] "GET /xingrg/all/function/internal_message.html?_=1662434619793&CODE_STATE=getMsg HTTP/1.1" 200 27
172.20.0.100 - - [06/Sep/2022:11:23:46 +0800] "GET /xingrg/all/function/internal_message.html?_=1662434623809&CODE_STATE=getMsg HTTP/1.1" 200 27
116.225.121.189 - - [06/Sep/2022:11:23:46 +0800] "GET /xingrg/all/function/internal_message.html?_=1662434626861&CODE_STATE=getMsg HTTP/1.1" 200 27
222.70.246.221 - - [06/Sep/2022:11:23:47 +0800] "POST /xingrg/kc/buy/cgsh_order_operate.html HTTP/1.1" 200 37
120.253.135.82 - - [06/Sep/2022:11:23:50 +0800] "GET /xingrg/check_reg.html?_=1662434430509 HTTP/1.1" 200 22
222.70.246.221 - - [06/Sep/2022:11:23:50 +0800] "POST /xingrg/kc/buy/cgsh_order_operate.html HTTP/1.1" 200 4433
114.84.5.35 - - [06/Sep/2022:11:23:52 +0800] "GET /xingrg/all/function/internal_message.html?_=1662434630194&CODE_STATE=getMsg HTTP/1.1" 200 27
222.70.246.221 - - [06/Sep/2022:11:23:53 +0800] "GET /xingrg/kc/print/load_data.html?order_code=212022090601920&kc_code=cgsh&condition= HTTP/1.1" 200 1431
116.232.194.65 - - [06/Sep/2022:11:23:57 +0800] "GET /xingrg/all/function/internal_message.html?_=1662434578505&CODE_STATE=getMsg HTTP/1.1" 200 27
116.232.194.65 - - [06/Sep/2022:11:23:57 +0800] "GET /xingrg/check_reg.html?_=1662434578508 HTTP/1.1" 200 22
116.224.123.211 - - [06/Sep/2022:11:24:00 +0800] "GET /xingrg/all/function/internal_message.html?_=1662434639236&CODE_STATE=getMsg HTTP/1.1" 200 27
180.162.112.166 - - [06/Sep/2022:11:24:00 +0800] "GET /xingrg/all/function/internal_message.html?_=1662433780423&CODE_STATE=getMsg HTTP/1.1" 200 27
120.253.135.82 - - [06/Sep/2022:11:24:01 +0800] "GET /xingrg/all/function/internal_message.html?_=1662434441633&CODE_STATE=getMsg HTTP/1.1" 200 27
124.79.74.72 - - [06/Sep/2022:11:24:02 +0800] "GET /xingrg/check_reg.html?_=1662434640734 HTTP/1.1" 200 22
116.224.255.128 - - [06/Sep/2022:11:24:03 +0800] "GET /xingrg/all/function/internal_message.html?_=1662434588639&CODE_STATE=getMsg HTTP/1.1" 200 27
114.88.158.224 - - [06/Sep/2022:11:24:05 +0800] "GET /xingrg/all/function/internal_message.html?_=1662434642644&CODE_STATE=getMsg HTTP/1.1" 200 27
114.84.81.136 - - [06/Sep/2022:11:24:06 +0800] "GET /xingrg/all/function/internal_message.html?_=1662434644592&CODE_STATE=getMsg HTTP/1.1" 200 27
101.85.93.70 - - [06/Sep/2022:11:24:06 +0800] "GET /xingrg/all/function/internal_message.html?_=1662434644828&CODE_STATE=getMsg HTTP/1.1" 200 27
116.225.121.189 - - [06/Sep/2022:11:24:06 +0800] "GET /xingrg/check_reg.html?_=1662434508650 HTTP/1.1" 200 22
116.225.121.189 - - [06/Sep/2022:11:24:06 +0800] "GET /xingrg/all/function/internal_message.html?_=1662434508653&CODE_STATE=getMsg HTTP/1.1" 200 27
172.20.0.100 - - [06/Sep/2022:11:24:08 +0800] "POST /xingrg/kc/base/check_list_operate.html HTTP/1.1" 200 5663
180.169.147.146 - - [06/Sep/2022:11:24:14 +0800] "GET /xingrg/all/function/internal_message.html?_=1662434650806&CODE_STATE=getMsg HTTP/1.1" 200 27
180.169.147.146 - - [06/Sep/2022:11:24:15 +0800] "GET /xingrg/all/function/internal_message.html?_=1662435241321&CODE_STATE=getMsg HTTP/1.1" 200 27
172.20.0.100 - - [06/Sep/2022:11:24:15 +0800] "POST /xingrg/kc/base/check_list_operate.html HTTP/1.1" 200 5645
180.169.147.146 - - [06/Sep/2022:11:24:15 +0800] "GET /xingrg/all/function/internal_message.html?_=1662434654159&CODE_STATE=getMsg HTTP/1.1" 200 27
172.20.0.100 - - [06/Sep/2022:11:24:20 +0800] "POST /xingrg/kc/base/check_list_operate.html HTTP/1.1" 200 5663
172.20.0.100 - - [06/Sep/2022:11:24:23 +0800] "POST /xingrg/kc/base/check_list_operate.html HTTP/1.1" 200 5639
58.221.95.50 - - [06/Sep/2022:11:24:23 +0800] "GET /xingrg/all/function/internal_message.html?_=1662434662863&CODE_STATE=getMsg HTTP/1.1" 200 27
180.169.147.146 - - [06/Sep/2022:11:24:24 +0800] "GET /xingrg/logout.do HTTP/1.1" 302 -
180.169.147.146 - - [06/Sep/2022:11:24:24 +0800] "GET /xingrg/login.html?sysBaseUrl=http%3A%2F%2F180.169.147.146%3A18081%2Fxingrg%2F&costTime=5×tamp=1662434664514 HTTP/1.1" 200 7641
172.20.0.100 - - [06/Sep/2022:11:24:25 +0800] "POST /xingrg/kc/base/check_list_operate.html HTTP/1.1" 200 5526
58.39.35.118 - - [06/Sep/2022:11:24:27 +0800] "GET /xingrg/all/function/internal_message.html?_=1662434663904&CODE_STATE=getMsg HTTP/1.1" 200 27
222.70.246.221 - - [06/Sep/2022:11:24:28 +0800] "GET /xingrg/all/function/internal_message.html?_=1662434672913&CODE_STATE=getMsg HTTP/1.1" 200 27
180.169.147.146 - - [06/Sep/2022:11:24:29 +0800] "POST /xingrg/login.do HTTP/1.1" 302 -
180.169.147.146 - - [06/Sep/2022:11:24:29 +0800] "GET /xingrg/index.html?sysBaseUrl=http%3A%2F%2F180.169.147.146%3A18081%2Fxingrg%2F&costTime=53×tamp=1662434669800 HTTP/1.1" 200 17173
180.169.147.146 - - [06/Sep/2022:11:24:29 +0800] "POST /xingrg/all/common/load_tree.html?tree=area_rest_tree_json&manage=1 HTTP/1.1" 200 342
180.169.147.146 - - [06/Sep/2022:11:24:29 +0800] "GET /xingrg/all/function/internal_message.html?_=1662434665652&CODE_STATE=count HTTP/1.1" 200 11
180.169.147.146 - - [06/Sep/2022:11:24:29 +0800] "POST /xingrg/load_menu.html HTTP/1.1" 200 5138
180.169.147.146 - - [06/Sep/2022:11:24:30 +0800] "GET /xingrg/check_reg.html?_=1662434665653 HTTP/1.1" 200 22
124.78.154.246 - - [06/Sep/2022:11:24:31 +0800] "GET /xingrg/check_reg.html?_=1662434668886 HTTP/1.1" 200 22
180.169.147.146 - - [06/Sep/2022:11:24:31 +0800] "GET /xingrg/kc/mdqp/qp_main.html HTTP/1.1" 200 10633
124.78.154.246 - - [06/Sep/2022:11:24:34 +0800] "GET /xingrg/all/function/internal_message.html?_=1662434671478&CODE_STATE=getMsg HTTP/1.1" 200 27
116.224.123.211 - - [06/Sep/2022:11:24:35 +0800] "GET /xingrg/all/function/internal_message.html?_=1662434678839&CODE_STATE=getMsg HTTP/1.1" 200 27
180.169.147.146 - - [06/Sep/2022:11:24:37 +0800] "GET /xingrg/kc/base/base_main.html HTTP/1.1" 200 12142
180.169.147.146 - - [06/Sep/2022:11:24:38 +0800] "GET /xingrg/kc/base/yddb_order_list.html HTTP/1.1" 200 16786
180.169.147.146 - - [06/Sep/2022:11:24:38 +0800] "POST /xingrg/kc/base/yddb_list_operate.html HTTP/1.1" 200 1336
180.169.147.146 - - [06/Sep/2022:11:24:40 +0800] "POST /xingrg/kc/base/yddb_list_operate.html HTTP/1.1" 200 578
180.169.147.146 - - [06/Sep/2022:11:24:41 +0800] "GET /xingrg/all/function/internal_message.html?_=1662434679163&CODE_STATE=getMsg HTTP/1.1" 200 27
116.224.255.128 - - [06/Sep/2022:11:24:42 +0800] "GET /xingrg/all/function/internal_message.html?_=1662434679780&CODE_STATE=getMsg HTTP/1.1" 200 27
180.169.147.146 - - [06/Sep/2022:11:24:43 +0800] "GET /xingrg/kc/base/yddb_order_info.html?code=482022090200024 HTTP/1.1" 200 31489
180.169.147.146 - - [06/Sep/2022:11:24:43 +0800] "GET /xingrg/dwr/interface/AjaxComOrderService.js HTTP/1.1" 200 18264
180.169.147.146 - - [06/Sep/2022:11:24:43 +0800] "GET /xingrg/dwr/interface/AjaxYddbService.js HTTP/1.1" 200 13201
180.169.147.146 - - [06/Sep/2022:11:24:44 +0800] "GET /xingrg/dwr/engine.js HTTP/1.1" 200 43631
180.169.147.146 - - [06/Sep/2022:11:24:44 +0800] "POST /xingrg/dwr/call/plaincall/AjaxYddbService.loadMaterielItems.dwr HTTP/1.1" 200 3639
114.83.219.57 - - [06/Sep/2022:11:24:44 +0800] "GET /xingrg/check_reg.html?_=1662434765142 HTTP/1.1" 200 22
172.20.0.100 - - [06/Sep/2022:11:24:46 +0800] "GET /xingrg/all/function/internal_message.html?_=1662434683801&CODE_STATE=getMsg HTTP/1.1" 200 27
116.225.121.189 - - [06/Sep/2022:11:24:46 +0800] "GET /xingrg/check_reg.html?_=1662434686862 HTTP/1.1" 200 22
116.225.121.189 - - [06/Sep/2022:11:24:46 +0800] "GET /xingrg/all/function/internal_message.html?_=1662434686890&CODE_STATE=getMsg HTTP/1.1" 200 27
180.169.147.146 - - [06/Sep/2022:11:24:52 +0800] "GET /xingrg/kc/base/yddb_order_list.html?isBack=1 HTTP/1.1" 200 16786
180.169.147.146 - - [06/Sep/2022:11:24:52 +0800] "POST /xingrg/kc/base/yddb_list_operate.html HTTP/1.1" 200 1336
114.84.5.35 - - [06/Sep/2022:11:24:52 +0800] "GET /xingrg/all/function/internal_message.html?_=1662434690196&CODE_STATE=getMsg HTTP/1.1" 200 27
180.169.147.146 - - [06/Sep/2022:11:24:56 +0800] "POST /xingrg/kc/base/yddb_list_operate.html HTTP/1.1" 200 6847
116.232.194.65 - - [06/Sep/2022:11:24:57 +0800] "GET /xingrg/all/function/internal_message.html?_=1662434638499&CODE_STATE=getMsg HTTP/1.1" 200 27
180.169.147.146 - - [06/Sep/2022:11:24:58 +0800] "POST /xingrg/kc/base/yddb_list_operate.html HTTP/1.1" 200 578
180.169.147.146 - - [06/Sep/2022:11:24:59 +0800] "GET /xingrg/kc/base/yddb_order_list.html HTTP/1.1" 200 16786
180.169.147.146 - - [06/Sep/2022:11:24:59 +0800] "POST /xingrg/kc/base/yddb_list_operate.html HTTP/1.1" 200 1336
116.224.123.211 - - [06/Sep/2022:11:25:00 +0800] "GET /xingrg/all/function/internal_message.html?_=1662434699226&CODE_STATE=getMsg HTTP/1.1" 200 27
180.162.112.166 - - [06/Sep/2022:11:25:00 +0800] "GET /xingrg/all/function/internal_message.html?_=1662433840428&CODE_STATE=getMsg HTTP/1.1" 200 27
120.253.135.82 - - [06/Sep/2022:11:25:01 +0800] "GET /xingrg/all/function/internal_message.html?_=1662434501646&CODE_STATE=getMsg HTTP/1.1" 200 27
180.169.147.146 - - [06/Sep/2022:11:25:02 +0800] "GET /xingrg/kc/base/yddb_order_info.html?code=482022090200024 HTTP/1.1" 200 31489
180.169.147.146 - - [06/Sep/2022:11:25:02 +0800] "GET /xingrg/dwr/interface/AjaxYddbService.js HTTP/1.1" 200 13201
180.169.147.146 - - [06/Sep/2022:11:25:02 +0800] "GET /xingrg/dwr/interface/AjaxComOrderService.js HTTP/1.1" 200 18264
180.169.147.146 - - [06/Sep/2022:11:25:02 +0800] "GET /xingrg/dwr/engine.js HTTP/1.1" 200 43631
180.169.147.146 - - [06/Sep/2022:11:25:02 +0800] "POST /xingrg/dwr/call/plaincall/AjaxYddbService.loadMaterielItems.dwr HTTP/1.1" 200 3639
116.224.255.128 - - [06/Sep/2022:11:25:03 +0800] "GET /xingrg/all/function/internal_message.html?_=1662434648642&CODE_STATE=getMsg HTTP/1.1" 200 27
180.169.147.146 - - [06/Sep/2022:11:25:03 +0800] "POST /xingrg/kc/base/yddb_list_operate.html HTTP/1.1" 200 4285
114.88.158.224 - - [06/Sep/2022:11:25:05 +0800] "GET /xingrg/all/function/internal_message.html?_=1662434702643&CODE_STATE=getMsg HTTP/1.1" 200 27
180.169.147.146 - - [06/Sep/2022:11:25:05 +0800] "POST /xingrg/kc/base/yddb_list_operate.html HTTP/1.1" 200 596
114.84.81.136 - - [06/Sep/2022:11:25:06 +0800] "GET /xingrg/all/function/internal_message.html?_=1662434704584&CODE_STATE=getMsg HTTP/1.1" 200 27
101.85.93.70 - - [06/Sep/2022:11:25:06 +0800] "GET /xingrg/all/function/internal_message.html?_=1662434704828&CODE_STATE=getMsg HTTP/1.1" 200 27
116.225.121.189 - - [06/Sep/2022:11:25:06 +0800] "GET /xingrg/all/function/internal_message.html?_=1662434568653&CODE_STATE=getMsg HTTP/1.1" 200 27
180.169.147.146 - - [06/Sep/2022:11:25:08 +0800] "GET /xingrg/kc/base/yddb_order_list.html?isBack=1 HTTP/1.1" 200 16786
180.169.147.146 - - [06/Sep/2022:11:25:08 +0800] "POST /xingrg/kc/base/yddb_list_operate.html HTTP/1.1" 200 1336
180.169.147.146 - - [06/Sep/2022:11:25:09 +0800] "POST /xingrg/kc/base/yddb_list_operate.html HTTP/1.1" 200 578
180.169.147.146 - - [06/Sep/2022:11:25:12 +0800] "GET /xingrg/kc/base/yddb_order_info.html?code=482022090200024 HTTP/1.1" 200 31489
180.169.147.146 - - [06/Sep/2022:11:25:12 +0800] "GET /xingrg/dwr/interface/AjaxYddbService.js HTTP/1.1" 200 13201
180.169.147.146 - - [06/Sep/2022:11:25:12 +0800] "GET /xingrg/dwr/interface/AjaxComOrderService.js HTTP/1.1" 200 18264
180.169.147.146 - - [06/Sep/2022:11:25:12 +0800] "GET /xingrg/dwr/engine.js HTTP/1.1" 200 43631
180.169.147.146 - - [06/Sep/2022:11:25:12 +0800] "GET /xingrg/kc/base/yddb_order_info.html?code=482022090200025 HTTP/1.1" 200 29926
180.169.147.146 - - [06/Sep/2022:11:25:12 +0800] "GET /xingrg/dwr/interface/AjaxComOrderService.js HTTP/1.1" 200 18264
180.169.147.146 - - [06/Sep/2022:11:25:12 +0800] "POST /xingrg/dwr/call/plaincall/AjaxYddbService.loadMaterielItems.dwr HTTP/1.1" 200 3639
180.169.147.146 - - [06/Sep/2022:11:25:12 +0800] "GET /xingrg/dwr/interface/AjaxYddbService.js HTTP/1.1" 200 13201
180.169.147.146 - - [06/Sep/2022:11:25:12 +0800] "GET /xingrg/dwr/engine.js HTTP/1.1" 200 43631
180.169.147.146 - - [06/Sep/2022:11:25:12 +0800] "POST /xingrg/dwr/call/plaincall/AjaxYddbService.loadMaterielItems.dwr HTTP/1.1" 200 7796
180.169.147.146 - - [06/Sep/2022:11:25:14 +0800] "GET /xingrg/all/function/internal_message.html?_=1662434710780&CODE_STATE=getMsg HTTP/1.1" 200 27
180.169.147.146 - - [06/Sep/2022:11:25:14 +0800] "GET /xingrg/all/function/internal_message.html?_=1662435301312&CODE_STATE=getMsg HTTP/1.1" 200 27
180.169.147.146 - - [06/Sep/2022:11:25:15 +0800] "GET /xingrg/all/function/internal_message.html?_=1662434714144&CODE_STATE=getMsg HTTP/1.1" 200 27
180.169.147.146 - - [06/Sep/2022:11:25:16 +0800] "POST /xingrg/dwr/call/plaincall/AjaxYddbService.checkOrder.dwr HTTP/1.1" 200 78
180.169.147.146 - - [06/Sep/2022:11:25:16 +0800] "GET /xingrg/kc/base/yddb_order_info.html?code=482022090200024 HTTP/1.1" 200 29666
180.169.147.146 - - [06/Sep/2022:11:25:16 +0800] "GET /xingrg/dwr/interface/AjaxYddbService.js HTTP/1.1" 200 13201
180.169.147.146 - - [06/Sep/2022:11:25:16 +0800] "GET /xingrg/dwr/interface/AjaxComOrderService.js HTTP/1.1" 200 18264
180.169.147.146 - - [06/Sep/2022:11:25:16 +0800] "GET /xingrg/dwr/engine.js HTTP/1.1" 200 43631
180.169.147.146 - - [06/Sep/2022:11:25:16 +0800] "POST /xingrg/dwr/call/plaincall/AjaxYddbService.loadMaterielItems.dwr HTTP/1.1" 200 3639
180.169.147.146 - - [06/Sep/2022:11:25:18 +0800] "GET /xingrg/kc/base/yddb_order_list.html?isBack=1 HTTP/1.1" 200 16786
180.169.147.146 - - [06/Sep/2022:11:25:19 +0800] "POST /xingrg/kc/base/yddb_list_operate.html HTTP/1.1" 200 636
180.169.147.146 - - [06/Sep/2022:11:25:21 +0800] "POST /xingrg/kc/base/yddb_list_operate.html HTTP/1.1" 200 6847
58.221.95.50 - - [06/Sep/2022:11:25:23 +0800] "GET /xingrg/all/function/internal_message.html?_=1662434722864&CODE_STATE=getMsg HTTP/1.1" 200 27
180.169.147.146 - - [06/Sep/2022:11:25:25 +0800] "POST /xingrg/kc/base/yddb_list_operate.html HTTP/1.1" 200 578
180.169.147.146 - - [06/Sep/2022:11:25:26 +0800] "GET /xingrg/kc/base/yddb_order_info.html?code=482022090200024 HTTP/1.1" 200 29666
180.169.147.146 - - [06/Sep/2022:11:25:26 +0800] "GET /xingrg/dwr/interface/AjaxYddbService.js HTTP/1.1" 200 13201
180.169.147.146 - - [06/Sep/2022:11:25:26 +0800] "GET /xingrg/dwr/interface/AjaxComOrderService.js HTTP/1.1" 200 18264
180.169.147.146 - - [06/Sep/2022:11:25:26 +0800] "GET /xingrg/dwr/engine.js HTTP/1.1" 200 43631
180.169.147.146 - - [06/Sep/2022:11:25:26 +0800] "POST /xingrg/dwr/call/plaincall/AjaxYddbService.loadMaterielItems.dwr HTTP/1.1" 200 3639
58.39.35.118 - - [06/Sep/2022:11:25:27 +0800] "GET /xingrg/all/function/internal_message.html?_=1662434723912&CODE_STATE=getMsg HTTP/1.1" 200 27
222.70.246.221 - - [06/Sep/2022:11:25:28 +0800] "GET /xingrg/check_reg.html?_=1662434732469 HTTP/1.1" 200 22
222.70.246.221 - - [06/Sep/2022:11:25:28 +0800] "GET /xingrg/all/function/internal_message.html?_=1662434732916&CODE_STATE=getMsg HTTP/1.1" 200 27
180.169.147.146 - - [06/Sep/2022:11:25:28 +0800] "GET /xingrg/kc/base/yddb_order_report.html?fileType=servlets/html&code=482022090200024&reportName=ck_order_report&subName=yddb HTTP/1.1" 302 -
180.169.147.146 - - [06/Sep/2022:11:25:28 +0800] "GET /xingrg/servlets/html?sysBaseUrl=http%3A%2F%2F180.169.147.146%3A18081%2Fxingrg%2F&costTime=91×tamp=1662434728772 HTTP/1.1" 200 42191
180.169.147.146 - - [06/Sep/2022:11:25:28 +0800] "GET /xingrg/servlets/image?image=px HTTP/1.1" 200 807
180.169.147.146 - - [06/Sep/2022:11:25:29 +0800] "GET /xingrg/all/function/internal_message.html?_=1662434725654&CODE_STATE=getMsg HTTP/1.1" 200 27
124.78.154.246 - - [06/Sep/2022:11:25:34 +0800] "GET /xingrg/all/function/internal_message.html?_=1662434731446&CODE_STATE=getMsg HTTP/1.1" 200 27
116.224.123.211 - - [06/Sep/2022:11:25:35 +0800] "GET /xingrg/all/function/internal_message.html?_=1662434738837&CODE_STATE=getMsg HTTP/1.1" 200 27
180.169.147.146 - - [06/Sep/2022:11:25:39 +0800] "GET /xingrg/kc/base/yddb_order_list.html?isBack=1 HTTP/1.1" 200 16786
180.169.147.146 - - [06/Sep/2022:11:25:39 +0800] "POST /xingrg/kc/base/yddb_list_operate.html HTTP/1.1" 200 636
180.169.147.146 - - [06/Sep/2022:11:25:41 +0800] "GET /xingrg/all/function/internal_message.html?_=1662434739175&CODE_STATE=getMsg HTTP/1.1" 200 27
180.169.147.146 - - [06/Sep/2022:11:25:42 +0800] "POST /xingrg/kc/base/yddb_list_operate.html HTTP/1.1" 200 6847
116.224.255.128 - - [06/Sep/2022:11:25:42 +0800] "GET /xingrg/all/function/internal_message.html?_=1662434739765&CODE_STATE=getMsg HTTP/1.1" 200 27
116.224.255.128 - - [06/Sep/2022:11:25:42 +0800] "GET /xingrg/check_reg.html?_=1662434739846 HTTP/1.1" 200 22
180.169.147.146 - - [06/Sep/2022:11:25:43 +0800] "POST /xingrg/kc/base/yddb_list_operate.html HTTP/1.1" 200 596
180.169.147.146 - - [06/Sep/2022:11:25:43 +0800] "GET /xingrg/kc/base/yddb_order_info.html?code=482022090200025 HTTP/1.1" 200 29668
180.169.147.146 - - [06/Sep/2022:11:25:43 +0800] "GET /xingrg/dwr/interface/AjaxYddbService.js HTTP/1.1" 200 13201
180.169.147.146 - - [06/Sep/2022:11:25:43 +0800] "GET /xingrg/dwr/interface/AjaxComOrderService.js HTTP/1.1" 200 18264
180.169.147.146 - - [06/Sep/2022:11:25:43 +0800] "GET /xingrg/dwr/engine.js HTTP/1.1" 200 43631
180.169.147.146 - - [06/Sep/2022:11:25:44 +0800] "POST /xingrg/dwr/call/plaincall/AjaxYddbService.loadMaterielItems.dwr HTTP/1.1" 200 7796
172.20.0.100 - - [06/Sep/2022:11:25:46 +0800] "GET /xingrg/all/function/internal_message.html?_=1662434743807&CODE_STATE=getMsg HTTP/1.1" 200 27
172.20.0.100 - - [06/Sep/2022:11:25:46 +0800] "GET /xingrg/check_reg.html?_=1662434743817 HTTP/1.1" 200 22
180.169.147.146 - - [06/Sep/2022:11:25:46 +0800] "GET /xingrg/kc/base/yddb_order_report.html?fileType=servlets/html&code=482022090200025&reportName=ck_order_report&subName=yddb HTTP/1.1" 302 -
180.169.147.146 - - [06/Sep/2022:11:25:46 +0800] "GET /xingrg/servlets/html?sysBaseUrl=http%3A%2F%2F180.169.147.146%3A18081%2Fxingrg%2F&costTime=69×tamp=1662434746392 HTTP/1.1" 200 82990
116.225.121.189 - - [06/Sep/2022:11:25:46 +0800] "GET /xingrg/all/function/internal_message.html?_=1662434746889&CODE_STATE=getMsg HTTP/1.1" 200 27
114.84.5.35 - - [06/Sep/2022:11:25:52 +0800] "GET /xingrg/check_reg.html?_=1662434750227 HTTP/1.1" 200 22
114.84.5.35 - - [06/Sep/2022:11:25:52 +0800] "GET /xingrg/all/function/internal_message.html?_=1662434750199&CODE_STATE=getMsg HTTP/1.1" 200 27
180.169.147.146 - - [06/Sep/2022:11:25:54 +0800] "GET /xingrg/kc/base/yddb_order_list.html?isBack=1 HTTP/1.1" 200 16786
180.169.147.146 - - [06/Sep/2022:11:25:54 +0800] "POST /xingrg/kc/base/yddb_list_operate.html HTTP/1.1" 200 636
180.169.147.146 - - [06/Sep/2022:11:25:57 +0800] "POST /xingrg/kc/base/yddb_list_operate.html HTTP/1.1" 200 6847
116.232.194.65 - - [06/Sep/2022:11:25:57 +0800] "GET /xingrg/all/function/internal_message.html?_=1662434698510&CODE_STATE=getMsg HTTP/1.1" 200 27
180.169.147.146 - - [06/Sep/2022:11:25:59 +0800] "POST /xingrg/kc/base/yddb_list_operate.html HTTP/1.1" 200 435
116.224.123.211 - - [06/Sep/2022:11:26:00 +0800] "GET /xingrg/all/function/internal_message.html?_=1662434759225&CODE_STATE=getMsg HTTP/1.1" 200 27
116.224.123.211 - - [06/Sep/2022:11:26:00 +0800] "GET /xingrg/check_reg.html?_=1662434759494 HTTP/1.1" 200 22
180.169.147.146 - - [06/Sep/2022:11:26:00 +0800] "GET /xingrg/kc/base/yddb_order_info.html?code=482022090200023 HTTP/1.1" 200 29668
180.169.147.146 - - [06/Sep/2022:11:26:00 +0800] "GET /xingrg/dwr/interface/AjaxYddbService.js HTTP/1.1" 200 13201
180.169.147.146 - - [06/Sep/2022:11:26:00 +0800] "GET /xingrg/dwr/interface/AjaxComOrderService.js HTTP/1.1" 200 18264
180.169.147.146 - - [06/Sep/2022:11:26:00 +0800] "GET /xingrg/dwr/engine.js HTTP/1.1" 200 43631
180.169.147.146 - - [06/Sep/2022:11:26:00 +0800] "POST /xingrg/dwr/call/plaincall/AjaxYddbService.loadMaterielItems.dwr HTTP/1.1" 200 1345
116.224.255.128 - - [06/Sep/2022:11:26:00 +0800] "GET /xingrg/check_reg.html?_=1662434706326 HTTP/1.1" 200 22
180.162.112.166 - - [06/Sep/2022:11:26:00 +0800] "GET /xingrg/all/function/internal_message.html?_=1662433900413&CODE_STATE=getMsg HTTP/1.1" 200 27
120.253.135.82 - - [06/Sep/2022:11:26:02 +0800] "GET /xingrg/all/function/internal_message.html?_=1662434561810&CODE_STATE=getMsg HTTP/1.1" 200 27
180.169.147.146 - - [06/Sep/2022:11:26:02 +0800] "GET /xingrg/kc/base/yddb_order_report.html?fileType=servlets/html&code=482022090200023&reportName=ck_order_report&subName=yddb HTTP/1.1" 302 -
180.169.147.146 - - [06/Sep/2022:11:26:02 +0800] "GET /xingrg/servlets/html?sysBaseUrl=http%3A%2F%2F180.169.147.146%3A18081%2Fxingrg%2F&costTime=147×tamp=1662434762348 HTTP/1.1" 200 22809
116.224.255.128 - - [06/Sep/2022:11:26:03 +0800] "GET /xingrg/all/function/internal_message.html?_=1662434708656&CODE_STATE=getMsg HTTP/1.1" 200 27
114.88.158.224 - - [06/Sep/2022:11:26:05 +0800] "GET /xingrg/all/function/internal_message.html?_=1662434762643&CODE_STATE=getMsg HTTP/1.1" 200 27
114.84.81.136 - - [06/Sep/2022:11:26:06 +0800] "GET /xingrg/all/function/internal_message.html?_=1662434764598&CODE_STATE=getMsg HTTP/1.1" 200 27
114.84.81.136 - - [06/Sep/2022:11:26:06 +0800] "GET /xingrg/check_reg.html?_=1662434764600 HTTP/1.1" 200 22
101.85.93.70 - - [06/Sep/2022:11:26:06 +0800] "GET /xingrg/all/function/internal_message.html?_=1662434764829&CODE_STATE=getMsg HTTP/1.1" 200 27
116.225.121.189 - - [06/Sep/2022:11:26:06 +0800] "GET /xingrg/all/function/internal_message.html?_=1662434628653&CODE_STATE=getMsg HTTP/1.1" 200 27
180.169.147.146 - - [06/Sep/2022:11:26:11 +0800] "GET /xingrg/kc/base/yddb_order_list.html?isBack=1 HTTP/1.1" 200 16786
180.169.147.146 - - [06/Sep/2022:11:26:11 +0800] "POST /xingrg/kc/base/yddb_list_operate.html HTTP/1.1" 200 636
116.224.123.211 - - [06/Sep/2022:11:26:14 +0800] "GET /xingrg/index.html HTTP/1.1" 200 17173
116.224.123.211 - - [06/Sep/2022:11:26:14 +0800] "POST /xingrg/all/common/load_tree.html?tree=area_rest_tree_json&manage=1 HTTP/1.1" 200 342
116.224.123.211 - - [06/Sep/2022:11:26:14 +0800] "GET /favicon.ico HTTP/1.1" 404 -
116.224.123.211 - - [06/Sep/2022:11:26:14 +0800] "POST /xingrg/load_menu.html HTTP/1.1" 200 5138
116.224.123.211 - - [06/Sep/2022:11:26:14 +0800] "GET /xingrg/all/function/internal_message.html?_=1662434773211&CODE_STATE=count HTTP/1.1" 200 11
116.224.123.211 - - [06/Sep/2022:11:26:14 +0800] "GET /xingrg/check_reg.html?_=1662434773212 HTTP/1.1" 200 22
180.169.147.146 - - [06/Sep/2022:11:26:14 +0800] "GET /xingrg/all/function/internal_message.html?_=1662434770759&CODE_STATE=getMsg HTTP/1.1" 200 27
180.169.147.146 - - [06/Sep/2022:11:26:14 +0800] "POST /xingrg/kc/base/yddb_list_operate.html HTTP/1.1" 200 6847
180.169.147.146 - - [06/Sep/2022:11:26:14 +0800] "GET /xingrg/all/function/internal_message.html?_=1662435361327&CODE_STATE=getMsg HTTP/1.1" 200 27
180.169.147.146 - - [06/Sep/2022:11:26:15 +0800] "GET /xingrg/check_reg.html?_=1662435361328 HTTP/1.1" 200 22
180.169.147.146 - - [06/Sep/2022:11:26:15 +0800] "POST /xingrg/kc/base/yddb_list_operate.html HTTP/1.1" 200 506
180.169.147.146 - - [06/Sep/2022:11:26:15 +0800] "GET /xingrg/all/function/internal_message.html?_=1662434774141&CODE_STATE=getMsg HTTP/1.1" 200 27
