124.78.154.246 - - [06/Sep/2022:08:39:29 +0800] "GET /xingrg/index.html?sysBaseUrl=http%3A%2F%2F180.169.147.146%3A18081%2Fxingrg%2F&costTime=42×tamp=1662424769798 HTTP/1.1" 200 17173
124.78.154.246 - - [06/Sep/2022:08:39:30 +0800] "GET /favicon.ico HTTP/1.1" 404 -
124.78.154.246 - - [06/Sep/2022:08:39:30 +0800] "POST /xingrg/all/common/load_tree.html?tree=area_rest_tree_json&manage=1 HTTP/1.1" 200 342
124.78.154.246 - - [06/Sep/2022:08:39:31 +0800] "GET /xingrg/check_reg.html?_=1662424768888 HTTP/1.1" 200 22
116.232.194.65 - - [06/Sep/2022:08:39:31 +0800] "GET /xingrg/kc/print/load_data.html?order_code=212022090601864&kc_code=cgsh HTTP/1.1" 200 1430
124.78.154.246 - - [06/Sep/2022:08:39:31 +0800] "GET /xingrg/all/function/internal_message.html?_=1662424768887&CODE_STATE=count HTTP/1.1" 200 11
124.78.154.246 - - [06/Sep/2022:08:39:31 +0800] "POST /xingrg/load_menu.html HTTP/1.1" 200 5138
124.78.154.246 - - [06/Sep/2022:08:39:32 +0800] "GET /xingrg/kc/buy/buy_main.html HTTP/1.1" 200 12412
124.78.154.246 - - [06/Sep/2022:08:39:32 +0800] "GET /xingrg/css/new_ie.css HTTP/1.1" 404 1036
124.78.154.246 - - [06/Sep/2022:08:39:33 +0800] "GET /xingrg/images/yd/bt.gif HTTP/1.1" 404 1040
124.78.154.246 - - [06/Sep/2022:08:39:33 +0800] "GET /xingrg/kc/buy/cgsh_order_list.html HTTP/1.1" 200 52793
116.225.121.189 - - [06/Sep/2022:08:39:35 +0800] "GET /xingrg/kc/buy/cgsh_order_operate.html?command=get_materiel&rest_code=00105&code=00101008201&supplier_code=00100203&order_time=2022-09-06 HTTP/1.1" 200 412
124.78.154.246 - - [06/Sep/2022:08:39:36 +0800] "POST /xingrg/kc/buy/cgsh_list_operate.html HTTP/1.1" 200 700
116.224.123.211 - - [06/Sep/2022:08:39:36 +0800] "GET /xingrg/all/function/internal_message.html?_=1662424778772&CODE_STATE=getMsg HTTP/1.1" 200 27
124.78.154.246 - - [06/Sep/2022:08:39:37 +0800] "GET /xingrg/kc/buy/cgsh_order_add.html HTTP/1.1" 200 68575
124.78.154.246 - - [06/Sep/2022:08:39:37 +0800] "GET /xingrg/words/20220905110831_words.js HTTP/1.1" 304 -
124.78.154.246 - - [06/Sep/2022:08:39:37 +0800] "GET /xingrg/all/common/auto_word.html?type=employee&rest_code=00106 HTTP/1.1" 200 205
124.78.154.246 - - [06/Sep/2022:08:39:37 +0800] "GET /xingrg/javascript/easyui/themes/default/validatebox.css HTTP/1.1" 404 1104
124.78.154.246 - - [06/Sep/2022:08:39:37 +0800] "GET /xingrg/all/common/auto_word.html?type=employee&rest_code=00106 HTTP/1.1" 200 205
124.78.154.246 - - [06/Sep/2022:08:39:37 +0800] "POST /xingrg/kc/buy/cgsh_order_operate.html HTTP/1.1" 200 8245
124.78.154.246 - - [06/Sep/2022:08:39:38 +0800] "GET /xingrg/javascript/easyui/themes/default/tree.css HTTP/1.1" 404 1090
124.78.154.246 - - [06/Sep/2022:08:39:38 +0800] "POST /xingrg/all/common/load_tree.html?tree=supplier_tree_json&isDelete=1 HTTP/1.1" 200 68222
116.232.194.65 - - [06/Sep/2022:08:39:39 +0800] "GET /xingrg/kc/buy/cgsh_order_add.html HTTP/1.1" 200 68581
116.232.194.65 - - [06/Sep/2022:08:39:39 +0800] "POST /xingrg/kc/buy/cgsh_order_operate.html HTTP/1.1" 200 8245
116.232.194.65 - - [06/Sep/2022:08:39:39 +0800] "GET /xingrg/javascript/easyui/themes/default/validatebox.css HTTP/1.1" 404 1104
120.253.135.82 - - [06/Sep/2022:08:39:42 +0800] "GET /favicon.ico HTTP/1.1" 404 -
222.70.246.221 - - [06/Sep/2022:08:39:45 +0800] "GET /xingrg/all/function/internal_message.html?_=1662424789090&CODE_STATE=getMsg HTTP/1.1" 302 -
116.232.194.65 - - [06/Sep/2022:08:39:46 +0800] "GET /xingrg/kc/buy/cgsh_order_operate.html?command=get_materiel&rest_code=00155&code=00101006109&supplier_code=00100012&order_time=2022-09-06 HTTP/1.1" 200 409
116.225.121.189 - - [06/Sep/2022:08:39:46 +0800] "GET /xingrg/check_reg.html?_=1662424786755 HTTP/1.1" 200 22
116.225.121.189 - - [06/Sep/2022:08:39:46 +0800] "GET /xingrg/all/function/internal_message.html?_=1662424786819&CODE_STATE=getMsg HTTP/1.1" 200 27
124.78.154.246 - - [06/Sep/2022:08:39:48 +0800] "GET /xingrg/javascript/auto/indicator.gif HTTP/1.1" 404 1066
116.232.194.65 - - [06/Sep/2022:08:39:52 +0800] "POST /xingrg/kc/buy/cgsh_order_operate.html HTTP/1.1" 200 37
116.232.194.65 - - [06/Sep/2022:08:39:53 +0800] "POST /xingrg/kc/buy/cgsh_order_operate.html HTTP/1.1" 200 2655
116.224.255.128 - - [06/Sep/2022:08:39:53 +0800] "GET /xingrg/all/function/internal_message.html?_=1662424739256&CODE_STATE=getMsg HTTP/1.1" 200 27
124.78.154.246 - - [06/Sep/2022:08:39:53 +0800] "GET /xingrg/kc/buy/cgsh_order_operate.html?command=get_materiel&rest_code=00106&code=00101008234&supplier_code=00100007&order_time=2022-09-06 HTTP/1.1" 200 408
116.232.194.65 - - [06/Sep/2022:08:39:54 +0800] "GET /xingrg/kc/print/load_data.html?order_code=212022090601865&kc_code=cgsh&condition= HTTP/1.1" 200 758
116.232.194.65 - - [06/Sep/2022:08:39:56 +0800] "GET /xingrg/kc/print/load_data.html?order_code=212022090601865&kc_code=cgsh HTTP/1.1" 200 758
124.78.154.246 - - [06/Sep/2022:08:40:03 +0800] "GET /xingrg/kc/buy/cgsh_order_operate.html?command=get_materiel&rest_code=00106&code=00101008185&supplier_code=00100007&order_time=2022-09-06 HTTP/1.1" 200 408
116.232.194.65 - - [06/Sep/2022:08:40:04 +0800] "GET /xingrg/kc/buy/cgsh_order_add.html HTTP/1.1" 200 68581
116.232.194.65 - - [06/Sep/2022:08:40:05 +0800] "POST /xingrg/kc/buy/cgsh_order_operate.html HTTP/1.1" 200 8245
116.232.194.65 - - [06/Sep/2022:08:40:05 +0800] "GET /xingrg/javascript/easyui/themes/default/validatebox.css HTTP/1.1" 404 1104
116.225.121.189 - - [06/Sep/2022:08:40:06 +0800] "GET /xingrg/all/function/internal_message.html?_=1662424668421&CODE_STATE=getMsg HTTP/1.1" 200 27
116.225.121.189 - - [06/Sep/2022:08:40:11 +0800] "GET /xingrg/kc/buy/cgsh_order_operate.html?command=get_materiel&rest_code=00105&code=00101008059&supplier_code=00100203&order_time=2022-09-06 HTTP/1.1" 200 408
124.78.154.246 - - [06/Sep/2022:08:40:12 +0800] "GET /xingrg/kc/buy/cgsh_order_operate.html?command=get_materiel&rest_code=00106&code=00101008354&supplier_code=00100007&order_time=2022-09-06 HTTP/1.1" 200 412
116.232.194.65 - - [06/Sep/2022:08:40:12 +0800] "GET /xingrg/kc/buy/cgsh_order_operate.html?command=get_materiel&rest_code=00155&code=00101002027&supplier_code=00100199&order_time=2022-09-06 HTTP/1.1" 200 435
116.225.121.189 - - [06/Sep/2022:08:40:20 +0800] "GET /xingrg/kc/buy/cgsh_order_operate.html?command=get_materiel&rest_code=00105&code=00101008098&supplier_code=00100203&order_time=2022-09-06 HTTP/1.1" 200 412
116.232.194.65 - - [06/Sep/2022:08:40:22 +0800] "GET /xingrg/kc/buy/cgsh_order_operate.html?command=get_materiel&rest_code=00155&code=00101002006&supplier_code=00100199&order_time=2022-09-06 HTTP/1.1" 200 430
116.225.121.189 - - [06/Sep/2022:08:40:26 +0800] "GET /xingrg/kc/buy/cgsh_order_operate.html?command=get_materiel&rest_code=00105&code=00101008005&supplier_code=00100203&order_time=2022-09-06 HTTP/1.1" 200 432
116.232.194.65 - - [06/Sep/2022:08:40:29 +0800] "GET /xingrg/kc/buy/cgsh_order_operate.html?command=get_materiel&rest_code=00155&code=00101004038&supplier_code=00100199&order_time=2022-09-06 HTTP/1.1" 200 429
116.232.194.65 - - [06/Sep/2022:08:40:29 +0800] "GET /xingrg/all/function/internal_message.html?_=1662424770307&CODE_STATE=getMsg HTTP/1.1" 200 27
124.78.154.246 - - [06/Sep/2022:08:40:31 +0800] "GET /xingrg/all/function/internal_message.html?_=1662424828901&CODE_STATE=getMsg HTTP/1.1" 200 27
116.232.194.65 - - [06/Sep/2022:08:40:34 +0800] "GET /xingrg/kc/buy/cgsh_order_operate.html?command=get_materiel&rest_code=00155&code=00101003035&supplier_code=00100199&order_time=2022-09-06 HTTP/1.1" 200 432
116.224.123.211 - - [06/Sep/2022:08:40:36 +0800] "GET /xingrg/all/function/internal_message.html?_=1662424838769&CODE_STATE=getMsg HTTP/1.1" 200 27
116.225.121.189 - - [06/Sep/2022:08:40:36 +0800] "GET /xingrg/kc/buy/cgsh_order_operate.html?command=get_materiel&rest_code=00105&code=00101008213&supplier_code=00100203&order_time=2022-09-06 HTTP/1.1" 200 412
116.232.194.65 - - [06/Sep/2022:08:40:41 +0800] "GET /xingrg/kc/buy/cgsh_order_operate.html?command=get_materiel&rest_code=00155&code=00101003037&supplier_code=00100199&order_time=2022-09-06 HTTP/1.1" 200 434
116.225.121.189 - - [06/Sep/2022:08:40:43 +0800] "GET /xingrg/kc/buy/cgsh_order_operate.html?command=get_materiel&rest_code=00105&code=00101016018&supplier_code=00100203&order_time=2022-09-06 HTTP/1.1" 200 441
124.78.154.246 - - [06/Sep/2022:08:40:45 +0800] "GET /xingrg/kc/buy/cgsh_order_operate.html?command=get_materiel&rest_code=00106&code=00101008163&supplier_code=00100007&order_time=2022-09-06 HTTP/1.1" 200 428
222.70.246.221 - - [06/Sep/2022:08:40:45 +0800] "GET /xingrg/all/function/internal_message.html?_=1662424849099&CODE_STATE=getMsg HTTP/1.1" 302 -
116.225.121.189 - - [06/Sep/2022:08:40:46 +0800] "GET /xingrg/all/function/internal_message.html?_=1662424846821&CODE_STATE=getMsg HTTP/1.1" 200 27
116.224.255.128 - - [06/Sep/2022:08:40:53 +0800] "GET /xingrg/all/function/internal_message.html?_=1662424799288&CODE_STATE=getMsg HTTP/1.1" 200 27
124.78.154.246 - - [06/Sep/2022:08:40:53 +0800] "GET /xingrg/kc/buy/cgsh_order_operate.html?command=get_materiel&rest_code=00106&code=00101008355&supplier_code=00100007&order_time=2022-09-06 HTTP/1.1" 200 408
116.225.121.189 - - [06/Sep/2022:08:40:55 +0800] "GET /xingrg/kc/buy/cgsh_order_operate.html?command=get_materiel&rest_code=00105&code=00101010136&supplier_code=00100203&order_time=2022-09-06 HTTP/1.1" 200 408
116.232.194.65 - - [06/Sep/2022:08:40:56 +0800] "GET /xingrg/kc/buy/cgsh_order_operate.html?command=get_materiel&rest_code=00155&code=00101002041&supplier_code=00100199&order_time=2022-09-06 HTTP/1.1" 200 409
124.78.154.246 - - [06/Sep/2022:08:41:01 +0800] "GET /xingrg/kc/buy/cgsh_order_operate.html?command=get_materiel&rest_code=00106&code=00101008004&supplier_code=00100007&order_time=2022-09-06 HTTP/1.1" 200 416
116.225.121.189 - - [06/Sep/2022:08:41:03 +0800] "GET /xingrg/kc/buy/cgsh_order_operate.html?command=get_materiel&rest_code=00105&code=00101008283&supplier_code=00100203&order_time=2022-09-06 HTTP/1.1" 200 408
116.232.194.65 - - [06/Sep/2022:08:41:05 +0800] "GET /xingrg/kc/buy/cgsh_order_operate.html?command=get_materiel&rest_code=00155&code=00101006161&supplier_code=00100199&order_time=2022-09-06 HTTP/1.1" 200 409
116.225.121.189 - - [06/Sep/2022:08:41:06 +0800] "GET /xingrg/all/function/internal_message.html?_=1662424728422&CODE_STATE=getMsg HTTP/1.1" 200 27
116.225.121.189 - - [06/Sep/2022:08:41:09 +0800] "POST /xingrg/all/common/load_select.html HTTP/1.1" 200 12
124.78.154.246 - - [06/Sep/2022:08:41:10 +0800] "GET /xingrg/kc/buy/cgsh_order_operate.html?command=get_materiel&rest_code=00106&code=00101008144&supplier_code=00100007&order_time=2022-09-06 HTTP/1.1" 200 412
116.232.194.65 - - [06/Sep/2022:08:41:14 +0800] "GET /xingrg/kc/buy/cgsh_order_operate.html?command=get_materiel&rest_code=00155&code=00101010161&supplier_code=00100199&order_time=2022-09-06 HTTP/1.1" 200 409
124.78.154.246 - - [06/Sep/2022:08:41:18 +0800] "GET /xingrg/kc/buy/cgsh_order_operate.html?command=get_materiel&rest_code=00106&code=00101008264&supplier_code=00100007&order_time=2022-09-06 HTTP/1.1" 200 431
116.232.194.65 - - [06/Sep/2022:08:41:19 +0800] "GET /xingrg/kc/buy/cgsh_order_operate.html?command=get_materiel&rest_code=00155&code=00101001111&supplier_code=00100199&order_time=2022-09-06 HTTP/1.1" 200 411
124.78.154.246 - - [06/Sep/2022:08:41:26 +0800] "GET /xingrg/kc/buy/cgsh_order_operate.html?command=get_materiel&rest_code=00106&code=00101008360&supplier_code=00100007&order_time=2022-09-06 HTTP/1.1" 200 412
116.232.194.65 - - [06/Sep/2022:08:41:28 +0800] "GET /xingrg/all/function/internal_message.html?_=1662424830319&CODE_STATE=getMsg HTTP/1.1" 200 27
116.225.121.189 - - [06/Sep/2022:08:41:30 +0800] "GET /xingrg/kc/buy/cgsh_order_operate.html?command=get_materiel_price&rest_code=00105&code=00101008201&unit_code=00100001&supplier_code=00100203&order_time=2022-09-06 HTTP/1.1" 200 27
124.78.154.246 - - [06/Sep/2022:08:41:31 +0800] "GET /xingrg/all/function/internal_message.html?_=1662424888941&CODE_STATE=getMsg HTTP/1.1" 200 27
116.232.194.65 - - [06/Sep/2022:08:41:32 +0800] "POST /xingrg/kc/buy/cgsh_order_operate.html HTTP/1.1" 200 37
116.232.194.65 - - [06/Sep/2022:08:41:33 +0800] "POST /xingrg/kc/buy/cgsh_order_operate.html HTTP/1.1" 200 7413
116.232.194.65 - - [06/Sep/2022:08:41:34 +0800] "GET /xingrg/kc/print/load_data.html?order_code=212022090601866&kc_code=cgsh&condition= HTTP/1.1" 200 2488
124.78.154.246 - - [06/Sep/2022:08:41:34 +0800] "GET /xingrg/kc/buy/cgsh_order_operate.html?command=get_materiel&rest_code=00106&code=00101008439&supplier_code=00100007&order_time=2022-09-06 HTTP/1.1" 200 412
116.224.123.211 - - [06/Sep/2022:08:41:36 +0800] "GET /xingrg/all/function/internal_message.html?_=1662424898766&CODE_STATE=getMsg HTTP/1.1" 200 27
117.143.51.116 - - [06/Sep/2022:08:41:37 +0800] "GET /xingrg/check_reg.html?_=1662424895969 HTTP/1.1" 302 -
117.143.51.116 - - [06/Sep/2022:08:41:37 +0800] "GET /xingrg/login.html HTTP/1.1" 200 7641
117.143.51.116 - - [06/Sep/2022:08:41:37 +0800] "GET /xingrg/all/function/internal_message.html?_=1662424895968&CODE_STATE=getMsg HTTP/1.1" 302 -
117.143.51.116 - - [06/Sep/2022:08:41:37 +0800] "GET /xingrg/check_reg.html?_=1662424896014 HTTP/1.1" 302 -
116.224.255.128 - - [06/Sep/2022:08:41:40 +0800] "GET /xingrg/check_reg.html?_=1662424846304 HTTP/1.1" 200 22
124.78.154.246 - - [06/Sep/2022:08:41:43 +0800] "GET /xingrg/kc/buy/cgsh_order_operate.html?command=get_materiel&rest_code=00106&code=00101008357&supplier_code=00100007&order_time=2022-09-06 HTTP/1.1" 200 408
222.70.246.221 - - [06/Sep/2022:08:41:45 +0800] "GET /xingrg/all/function/internal_message.html?_=1662424909149&CODE_STATE=getMsg HTTP/1.1" 302 -
116.225.121.189 - - [06/Sep/2022:08:41:46 +0800] "GET /xingrg/all/function/internal_message.html?_=1662424906797&CODE_STATE=getMsg HTTP/1.1" 200 27
124.78.154.246 - - [06/Sep/2022:08:41:50 +0800] "GET /xingrg/kc/buy/cgsh_order_operate.html?command=get_materiel&rest_code=00106&code=00101008069&supplier_code=00100007&order_time=2022-09-06 HTTP/1.1" 200 412
116.224.255.128 - - [06/Sep/2022:08:41:53 +0800] "GET /xingrg/all/function/internal_message.html?_=1662424859299&CODE_STATE=getMsg HTTP/1.1" 200 27
124.78.154.246 - - [06/Sep/2022:08:41:58 +0800] "GET /xingrg/kc/buy/cgsh_order_operate.html?command=get_materiel&rest_code=00106&code=00101008286&supplier_code=00100007&order_time=2022-09-06 HTTP/1.1" 200 408
116.225.121.189 - - [06/Sep/2022:08:42:06 +0800] "GET /xingrg/all/function/internal_message.html?_=1662424788423&CODE_STATE=getMsg HTTP/1.1" 200 27
124.78.154.246 - - [06/Sep/2022:08:42:08 +0800] "GET /xingrg/kc/buy/cgsh_order_operate.html?command=get_materiel&rest_code=00106&code=00101008036&supplier_code=00100007&order_time=2022-09-06 HTTP/1.1" 200 408
116.225.121.189 - - [06/Sep/2022:08:42:11 +0800] "POST /xingrg/kc/buy/cgsh_order_operate.html HTTP/1.1" 200 37
116.225.121.189 - - [06/Sep/2022:08:42:13 +0800] "POST /xingrg/kc/buy/cgsh_order_operate.html HTTP/1.1" 200 18649
222.70.246.221 - - [06/Sep/2022:08:42:16 +0800] "GET /xingrg/check_reg.html?_=1662424939960 HTTP/1.1" 302 -
124.78.154.246 - - [06/Sep/2022:08:42:17 +0800] "GET /xingrg/kc/buy/cgsh_order_operate.html?command=get_materiel&rest_code=00106&code=00101008131&supplier_code=00100007&order_time=2022-09-06 HTTP/1.1" 200 408
116.232.194.65 - - [06/Sep/2022:08:42:28 +0800] "GET /xingrg/check_reg.html?_=1662424890020 HTTP/1.1" 200 22
116.232.194.65 - - [06/Sep/2022:08:42:28 +0800] "GET /xingrg/all/function/internal_message.html?_=1662424890298&CODE_STATE=getMsg HTTP/1.1" 200 27
124.78.154.246 - - [06/Sep/2022:08:42:31 +0800] "GET /xingrg/all/function/internal_message.html?_=1662424948917&CODE_STATE=getMsg HTTP/1.1" 200 27
116.224.123.211 - - [06/Sep/2022:08:42:35 +0800] "GET /xingrg/all/function/internal_message.html?_=1662424958763&CODE_STATE=getMsg HTTP/1.1" 200 27
124.78.154.246 - - [06/Sep/2022:08:42:37 +0800] "GET /xingrg/kc/buy/cgsh_order_operate.html?command=get_materiel&rest_code=00106&code=00101008233&supplier_code=00100007&order_time=2022-09-06 HTTP/1.1" 200 408
117.143.51.116 - - [06/Sep/2022:08:42:37 +0800] "GET /xingrg/all/function/internal_message.html?_=1662424955947&CODE_STATE=getMsg HTTP/1.1" 302 -
222.70.246.221 - - [06/Sep/2022:08:42:45 +0800] "GET /xingrg/all/function/internal_message.html?_=1662424969158&CODE_STATE=getMsg HTTP/1.1" 302 -
124.78.154.246 - - [06/Sep/2022:08:42:45 +0800] "GET /xingrg/kc/buy/cgsh_order_operate.html?command=get_materiel&rest_code=00106&code=00101008295&supplier_code=00100007&order_time=2022-09-06 HTTP/1.1" 200 412
116.225.121.189 - - [06/Sep/2022:08:42:46 +0800] "GET /xingrg/all/function/internal_message.html?_=1662424966777&CODE_STATE=getMsg HTTP/1.1" 200 27
116.224.255.128 - - [06/Sep/2022:08:42:53 +0800] "GET /xingrg/all/function/internal_message.html?_=1662424919312&CODE_STATE=getMsg HTTP/1.1" 200 27
124.78.154.246 - - [06/Sep/2022:08:42:56 +0800] "GET /xingrg/kc/buy/cgsh_order_operate.html?command=get_materiel&rest_code=00106&code=00101008108&supplier_code=00100007&order_time=2022-09-06 HTTP/1.1" 200 412
124.78.154.246 - - [06/Sep/2022:08:43:04 +0800] "GET /xingrg/kc/buy/cgsh_order_operate.html?command=get_materiel&rest_code=00106&code=00101008352&supplier_code=00100007&order_time=2022-09-06 HTTP/1.1" 200 433
116.225.121.189 - - [06/Sep/2022:08:43:06 +0800] "GET /xingrg/all/function/internal_message.html?_=1662424848424&CODE_STATE=getMsg HTTP/1.1" 200 27
124.78.154.246 - - [06/Sep/2022:08:43:13 +0800] "GET /xingrg/kc/buy/cgsh_order_operate.html?command=get_materiel&rest_code=00106&code=00101008005&supplier_code=00100007&order_time=2022-09-06 HTTP/1.1" 200 432
124.78.154.246 - - [06/Sep/2022:08:43:22 +0800] "GET /xingrg/kc/buy/cgsh_order_operate.html?command=get_materiel&rest_code=00106&code=00101008353&supplier_code=00100007&order_time=2022-09-06 HTTP/1.1" 200 408
124.78.154.246 - - [06/Sep/2022:08:43:24 +0800] "POST /xingrg/kc/buy/cgsh_order_operate.html HTTP/1.1" 200 2065
116.232.194.65 - - [06/Sep/2022:08:43:28 +0800] "GET /xingrg/all/function/internal_message.html?_=1662424950269&CODE_STATE=getMsg HTTP/1.1" 200 27
124.78.154.246 - - [06/Sep/2022:08:43:29 +0800] "GET /xingrg/kc/buy/cgsh_order_operate.html?command=get_materiel&rest_code=00106&code=00101008399&supplier_code=00100007&order_time=2022-09-06 HTTP/1.1" 200 409
124.78.154.246 - - [06/Sep/2022:08:43:31 +0800] "GET /xingrg/all/function/internal_message.html?_=1662425008901&CODE_STATE=getMsg HTTP/1.1" 200 27
116.224.123.211 - - [06/Sep/2022:08:43:36 +0800] "GET /xingrg/check_reg.html?_=1662425018764 HTTP/1.1" 200 22
116.224.123.211 - - [06/Sep/2022:08:43:36 +0800] "GET /xingrg/all/function/internal_message.html?_=1662425018761&CODE_STATE=getMsg HTTP/1.1" 200 27
117.143.51.116 - - [06/Sep/2022:08:43:37 +0800] "GET /xingrg/all/function/internal_message.html?_=1662425015925&CODE_STATE=getMsg HTTP/1.1" 302 -
124.78.154.246 - - [06/Sep/2022:08:43:42 +0800] "GET /xingrg/kc/buy/cgsh_order_operate.html?command=get_materiel&rest_code=00106&code=00101008312&supplier_code=00100007&order_time=2022-09-06 HTTP/1.1" 200 431
222.70.246.221 - - [06/Sep/2022:08:43:45 +0800] "GET /xingrg/all/function/internal_message.html?_=1662425029203&CODE_STATE=getMsg HTTP/1.1" 302 -
116.225.121.189 - - [06/Sep/2022:08:43:46 +0800] "GET /xingrg/all/function/internal_message.html?_=1662425026746&CODE_STATE=getMsg HTTP/1.1" 200 27
124.78.154.246 - - [06/Sep/2022:08:43:49 +0800] "GET /xingrg/kc/buy/cgsh_order_operate.html?command=get_materiel&rest_code=00106&code=00101008125&supplier_code=00100007&order_time=2022-09-06 HTTP/1.1" 200 413
116.224.255.128 - - [06/Sep/2022:08:43:53 +0800] "GET /xingrg/all/function/internal_message.html?_=1662424979345&CODE_STATE=getMsg HTTP/1.1" 200 27
124.78.154.246 - - [06/Sep/2022:08:43:56 +0800] "GET /xingrg/kc/buy/cgsh_order_operate.html?command=get_materiel&rest_code=00106&code=00101008096&supplier_code=00100007&order_time=2022-09-06 HTTP/1.1" 200 412
124.79.74.72 - - [06/Sep/2022:08:44:02 +0800] "GET /xingrg/check_reg.html?_=1662425039266 HTTP/1.1" 200 22
124.78.154.246 - - [06/Sep/2022:08:44:05 +0800] "GET /xingrg/kc/buy/cgsh_order_operate.html?command=get_materiel&rest_code=00106&code=00101008350&supplier_code=00100007&order_time=2022-09-06 HTTP/1.1" 200 429
116.225.121.189 - - [06/Sep/2022:08:44:06 +0800] "GET /xingrg/check_reg.html?_=1662424908424 HTTP/1.1" 200 22
116.225.121.189 - - [06/Sep/2022:08:44:06 +0800] "GET /xingrg/all/function/internal_message.html?_=1662424908427&CODE_STATE=getMsg HTTP/1.1" 200 27
124.78.154.246 - - [06/Sep/2022:08:44:09 +0800] "POST /xingrg/kc/buy/cgsh_order_operate.html HTTP/1.1" 200 2065
124.78.154.246 - - [06/Sep/2022:08:44:13 +0800] "GET /xingrg/kc/buy/cgsh_order_operate.html?command=get_materiel&rest_code=00106&code=00101008261&supplier_code=00100007&order_time=2022-09-06 HTTP/1.1" 200 408
116.224.255.128 - - [06/Sep/2022:08:44:23 +0800] "GET /xingrg/check_reg.html?_=1662425057540 HTTP/1.1" 302 -
116.232.194.65 - - [06/Sep/2022:08:44:28 +0800] "GET /xingrg/all/function/internal_message.html?_=1662425010246&CODE_STATE=getMsg HTTP/1.1" 200 27
124.78.154.246 - - [06/Sep/2022:08:44:30 +0800] "GET /xingrg/kc/buy/cgsh_order_operate.html?command=get_materiel&rest_code=00106&code=00101008210&supplier_code=00100007&order_time=2022-09-06 HTTP/1.1" 200 408
124.78.154.246 - - [06/Sep/2022:08:44:31 +0800] "GET /xingrg/check_reg.html?_=1662425068892 HTTP/1.1" 200 22
124.78.154.246 - - [06/Sep/2022:08:44:31 +0800] "GET /xingrg/all/function/internal_message.html?_=1662425068894&CODE_STATE=getMsg HTTP/1.1" 200 27
116.224.123.211 - - [06/Sep/2022:08:44:35 +0800] "GET /xingrg/all/function/internal_message.html?_=1662425078758&CODE_STATE=getMsg HTTP/1.1" 200 27
117.143.51.116 - - [06/Sep/2022:08:44:37 +0800] "GET /xingrg/all/function/internal_message.html?_=1662425075902&CODE_STATE=getMsg HTTP/1.1" 302 -
222.70.246.221 - - [06/Sep/2022:08:44:45 +0800] "GET /xingrg/all/function/internal_message.html?_=1662425089215&CODE_STATE=getMsg HTTP/1.1" 302 -
116.225.121.189 - - [06/Sep/2022:08:44:46 +0800] "GET /xingrg/all/function/internal_message.html?_=1662425086749&CODE_STATE=getMsg HTTP/1.1" 200 27
116.225.121.189 - - [06/Sep/2022:08:44:46 +0800] "GET /xingrg/check_reg.html?_=1662425086751 HTTP/1.1" 200 22
116.224.255.128 - - [06/Sep/2022:08:44:51 +0800] "GET /xingrg/javascript/jquery_easy_ui/themes/default/images/tabs_active.png HTTP/1.1" 304 -
116.224.255.128 - - [06/Sep/2022:08:44:51 +0800] "GET /xingrg/javascript/jquery_easy_ui/themes/default/images/tabs_active.png HTTP/1.1" 304 -
116.224.255.128 - - [06/Sep/2022:08:44:53 +0800] "GET /xingrg/all/function/internal_message.html?_=1662425039355&CODE_STATE=getMsg HTTP/1.1" 200 27
116.224.255.128 - - [06/Sep/2022:08:44:54 +0800] "GET /xingrg/javascript/jquery_tools/datebox.css HTTP/1.1" 304 -
116.224.255.128 - - [06/Sep/2022:08:44:54 +0800] "GET /xingrg/javascript/jquery_tools/jquery.tools.extend.js HTTP/1.1" 304 -
116.224.255.128 - - [06/Sep/2022:08:44:54 +0800] "GET /xingrg/javascript/jquery_tools/jquery.tools.table.js HTTP/1.1" 304 -
116.224.255.128 - - [06/Sep/2022:08:44:54 +0800] "GET /xingrg/javascript/jquery_tools/list_manager.js HTTP/1.1" 304 -
116.224.255.128 - - [06/Sep/2022:08:44:54 +0800] "GET /xingrg/css/site.css HTTP/1.1" 304 -
116.224.255.128 - - [06/Sep/2022:08:44:54 +0800] "GET /xingrg/javascript/auto/jquery.autocomplete.js HTTP/1.1" 304 -
116.224.255.128 - - [06/Sep/2022:08:44:54 +0800] "GET /xingrg/javascript/easyui/easyloader.js HTTP/1.1" 304 -
116.224.255.128 - - [06/Sep/2022:08:44:54 +0800] "GET /xingrg/javascript/jquery.utils.js HTTP/1.1" 304 -
116.224.255.128 - - [06/Sep/2022:08:44:54 +0800] "GET /xingrg/javascript/jquery.cookie.js HTTP/1.1" 304 -
116.224.255.128 - - [06/Sep/2022:08:44:54 +0800] "GET /xingrg/javascript/print/LodopFuncs.js HTTP/1.1" 304 -
116.224.255.128 - - [06/Sep/2022:08:44:54 +0800] "GET /xingrg/javascript/jquery_tools/table.css HTTP/1.1" 304 -
116.224.255.128 - - [06/Sep/2022:08:44:54 +0800] "GET /xingrg/css/base.css HTTP/1.1" 304 -
116.224.255.128 - - [06/Sep/2022:08:44:54 +0800] "GET /xingrg/kc/buy/cgsh_order_list.html HTTP/1.1" 200 52799
116.224.255.128 - - [06/Sep/2022:08:44:54 +0800] "GET /xingrg/javascript/easyui/themes/icon.css HTTP/1.1" 304 -
116.224.255.128 - - [06/Sep/2022:08:44:54 +0800] "GET /xingrg/javascript/easyui/themes/default/easyui.css HTTP/1.1" 304 -
116.224.255.128 - - [06/Sep/2022:08:44:54 +0800] "GET /xingrg/javascript/auto/jquery.autocomplete.css HTTP/1.1" 304 -
116.224.255.128 - - [06/Sep/2022:08:44:57 +0800] "GET /xingrg/javascript/jquery_tools/fix.css HTTP/1.1" 304 -
116.224.255.128 - - [06/Sep/2022:08:44:57 +0800] "GET /xingrg/javascript/jquery_tools/jquery.tools.min.js HTTP/1.1" 304 -
116.224.255.128 - - [06/Sep/2022:08:45:00 +0800] "GET /xingrg/javascript/jquery_tools/jquery.tools.hotkey.js HTTP/1.1" 304 -
116.224.255.128 - - [06/Sep/2022:08:45:00 +0800] "GET /xingrg/javascript/easyui/themes/icons/edit_add_new.png HTTP/1.1" 304 -
116.224.255.128 - - [06/Sep/2022:08:45:00 +0800] "GET /xingrg/javascript/easyui/themes/icons/cance_new.png HTTP/1.1" 304 -
116.224.255.128 - - [06/Sep/2022:08:45:00 +0800] "GET /xingrg/javascript/easyui/themes/icons/field_new.png HTTP/1.1" 304 -
116.224.255.128 - - [06/Sep/2022:08:45:00 +0800] "GET /xingrg/javascript/easyui/themes/icons/check_new.png HTTP/1.1" 304 -
116.224.255.128 - - [06/Sep/2022:08:45:00 +0800] "GET /xingrg/javascript/easyui/themes/icons/import_new.png HTTP/1.1" 304 -
116.224.255.128 - - [06/Sep/2022:08:45:00 +0800] "GET /xingrg/javascript/easyui/plugins/jquery.parser.js HTTP/1.1" 304 -
116.224.255.128 - - [06/Sep/2022:08:45:00 +0800] "GET /xingrg/images/control/ajaxLoader.gif HTTP/1.1" 304 -
116.224.255.128 - - [06/Sep/2022:08:45:01 +0800] "POST /xingrg/kc/buy/cgsh_list_operate.html HTTP/1.1" 200 700
116.225.121.189 - - [06/Sep/2022:08:45:06 +0800] "GET /xingrg/all/function/internal_message.html?_=1662424968412&CODE_STATE=getMsg HTTP/1.1" 200 27
114.83.219.57 - - [06/Sep/2022:08:45:12 +0800] "GET /xingrg/kc/buy/cgsh_order_info.html?code=212022090401182 HTTP/1.1" 200 67778
114.83.219.57 - - [06/Sep/2022:08:45:12 +0800] "GET /xingrg/words/20220905110831_words.js HTTP/1.1" 304 -
114.83.219.57 - - [06/Sep/2022:08:45:12 +0800] "GET /xingrg/all/common/auto_word.html?type=employee&rest_code=00154 HTTP/1.1" 200 101
114.83.219.57 - - [06/Sep/2022:08:45:12 +0800] "GET /xingrg/all/common/auto_word.html?type=employee&rest_code=00154 HTTP/1.1" 200 101
114.83.219.57 - - [06/Sep/2022:08:45:12 +0800] "GET /xingrg/javascript/easyui/themes/default/validatebox.css HTTP/1.1" 404 1104
114.83.219.57 - - [06/Sep/2022:08:45:13 +0800] "POST /xingrg/kc/buy/cgsh_order_operate.html HTTP/1.1" 200 6233
114.83.219.57 - - [06/Sep/2022:08:45:20 +0800] "POST /xingrg/kc/buy/cgsh_list_operate.html HTTP/1.1" 200 1994
116.232.194.65 - - [06/Sep/2022:08:45:28 +0800] "GET /xingrg/all/function/internal_message.html?_=1662425070220&CODE_STATE=getMsg HTTP/1.1" 200 27
180.163.30.76 - - [06/Sep/2022:08:45:30 +0800] "GET /xingrg/all/function/internal_message.html?_=1662424828901&CODE_STATE=getMsg HTTP/1.1" 302 -
180.163.30.76 - - [06/Sep/2022:08:45:30 +0800] "GET /xingrg/login.html HTTP/1.1" 200 7641
124.78.154.246 - - [06/Sep/2022:08:45:31 +0800] "GET /xingrg/all/function/internal_message.html?_=1662425128977&CODE_STATE=getMsg HTTP/1.1" 200 27
116.224.123.211 - - [06/Sep/2022:08:45:36 +0800] "GET /xingrg/all/function/internal_message.html?_=1662425138771&CODE_STATE=getMsg HTTP/1.1" 200 27
117.143.51.116 - - [06/Sep/2022:08:45:37 +0800] "GET /xingrg/all/function/internal_message.html?_=1662425135879&CODE_STATE=getMsg HTTP/1.1" 302 -
222.70.246.221 - - [06/Sep/2022:08:45:45 +0800] "GET /xingrg/all/function/internal_message.html?_=1662425149268&CODE_STATE=getMsg HTTP/1.1" 302 -
116.225.121.189 - - [06/Sep/2022:08:45:46 +0800] "GET /xingrg/all/function/internal_message.html?_=1662425146750&CODE_STATE=getMsg HTTP/1.1" 200 27
116.224.255.128 - - [06/Sep/2022:08:45:53 +0800] "GET /xingrg/all/function/internal_message.html?_=1662425099369&CODE_STATE=getMsg HTTP/1.1" 200 27
116.225.121.189 - - [06/Sep/2022:08:46:04 +0800] "POST /xingrg/kc/buy/cgsh_order_operate.html HTTP/1.1" 200 37
116.225.121.189 - - [06/Sep/2022:08:46:06 +0800] "GET /xingrg/all/function/internal_message.html?_=1662425028412&CODE_STATE=getMsg HTTP/1.1" 200 27
116.225.121.189 - - [06/Sep/2022:08:46:06 +0800] "POST /xingrg/kc/buy/cgsh_order_operate.html HTTP/1.1" 200 18649
116.225.121.189 - - [06/Sep/2022:08:46:07 +0800] "GET /xingrg/kc/buy/cgsh_order_add.html HTTP/1.1" 200 68657
116.225.121.189 - - [06/Sep/2022:08:46:07 +0800] "POST /xingrg/kc/buy/cgsh_order_operate.html HTTP/1.1" 200 8245
116.225.121.189 - - [06/Sep/2022:08:46:07 +0800] "GET /xingrg/javascript/easyui/themes/default/validatebox.css HTTP/1.1" 404 1104
116.225.121.189 - - [06/Sep/2022:08:46:20 +0800] "GET /xingrg/kc/buy/cgsh_order_operate.html?command=get_materiel&rest_code=00105&code=00101008005&supplier_code=00100397&order_time=2022-09-06 HTTP/1.1" 200 432
180.163.29.206 - - [06/Sep/2022:08:46:26 +0800] "GET /xingrg/kc/buy/cgsh_order_operate.html?command=get_materiel&rest_code=00106&code=00101008069&supplier_code=00100007&order_time=2022-09-06 HTTP/1.1" 302 -
180.163.29.206 - - [06/Sep/2022:08:46:26 +0800] "GET /xingrg/login.html HTTP/1.1" 200 7641
116.232.194.65 - - [06/Sep/2022:08:46:28 +0800] "GET /xingrg/all/function/internal_message.html?_=1662425130219&CODE_STATE=getMsg HTTP/1.1" 200 27
116.224.255.128 - - [06/Sep/2022:08:46:29 +0800] "GET /xingrg/javascript/jquery_easy_ui/themes/default/images/tabs_active.png HTTP/1.1" 304 -
116.224.255.128 - - [06/Sep/2022:08:46:29 +0800] "GET /xingrg/javascript/easyui/themes/default/images/button_plain_hover.png HTTP/1.1" 304 -
116.224.255.128 - - [06/Sep/2022:08:46:29 +0800] "GET /xingrg/javascript/easyui/themes/default/images/button_plain_hover.png HTTP/1.1" 304 -
116.225.121.189 - - [06/Sep/2022:08:46:29 +0800] "GET /xingrg/kc/buy/cgsh_order_operate.html?command=get_materiel&rest_code=00105&code=00101008307&supplier_code=00100397&order_time=2022-09-06 HTTP/1.1" 200 421
124.78.154.246 - - [06/Sep/2022:08:46:31 +0800] "GET /xingrg/all/function/internal_message.html?_=1662425188968&CODE_STATE=getMsg HTTP/1.1" 200 27
116.224.255.128 - - [06/Sep/2022:08:46:31 +0800] "GET /xingrg/javascript/jquery_tools/order_manager.js HTTP/1.1" 304 -
116.224.255.128 - - [06/Sep/2022:08:46:31 +0800] "GET /xingrg/kc/buy/cgsh_order_add.html HTTP/1.1" 200 68587
116.224.255.128 - - [06/Sep/2022:08:46:31 +0800] "GET /xingrg/javascript/json2.js HTTP/1.1" 304 -
116.224.255.128 - - [06/Sep/2022:08:46:31 +0800] "GET /xingrg/javascript/pic_change.js HTTP/1.1" 304 -
116.224.255.128 - - [06/Sep/2022:08:46:32 +0800] "GET /xingrg/javascript/print/kc_print.js HTTP/1.1" 304 -
116.224.255.128 - - [06/Sep/2022:08:46:32 +0800] "GET /xingrg/javascript/convert.js HTTP/1.1" 304 -
116.224.255.128 - - [06/Sep/2022:08:46:32 +0800] "GET /xingrg/words/20220905110831_words.js HTTP/1.1" 304 -
116.224.255.128 - - [06/Sep/2022:08:46:32 +0800] "GET /xingrg/javascript/easyui/themes/icons/copy_new.png HTTP/1.1" 304 -
116.224.255.128 - - [06/Sep/2022:08:46:32 +0800] "GET /xingrg/javascript/easyui/themes/icons/template_new.png HTTP/1.1" 304 -
116.224.255.128 - - [06/Sep/2022:08:46:32 +0800] "GET /xingrg/javascript/easyui/themes/icons/ok.png HTTP/1.1" 304 -
116.224.255.128 - - [06/Sep/2022:08:46:32 +0800] "GET /xingrg/javascript/easyui/themes/default/images/menu_downarrow.png HTTP/1.1" 304 -
116.224.255.128 - - [06/Sep/2022:08:46:32 +0800] "GET /xingrg/javascript/easyui/themes/icons/cancel.png HTTP/1.1" 304 -
116.224.255.128 - - [06/Sep/2022:08:46:32 +0800] "GET /xingrg/javascript/easyui/themes/icons/print.png HTTP/1.1" 304 -
116.224.255.128 - - [06/Sep/2022:08:46:32 +0800] "POST /xingrg/kc/buy/cgsh_order_operate.html HTTP/1.1" 200 8245
116.224.255.128 - - [06/Sep/2022:08:46:32 +0800] "GET /xingrg/javascript/easyui/themes/icons/edit_remove.png HTTP/1.1" 304 -
116.224.255.128 - - [06/Sep/2022:08:46:32 +0800] "GET /xingrg/all/common/auto_word.html?type=employee&rest_code=00150 HTTP/1.1" 200 159
116.224.255.128 - - [06/Sep/2022:08:46:32 +0800] "GET /xingrg/all/common/auto_word.html?type=employee&rest_code=00150 HTTP/1.1" 200 159
116.224.255.128 - - [06/Sep/2022:08:46:32 +0800] "GET /xingrg/javascript/easyui/themes/default/validatebox.css HTTP/1.1" 404 1104
116.224.255.128 - - [06/Sep/2022:08:46:32 +0800] "GET /xingrg/javascript/easyui/plugins/jquery.validatebox.js HTTP/1.1" 304 -
116.224.255.128 - - [06/Sep/2022:08:46:32 +0800] "GET /xingrg/javascript/easyui/plugins/jquery.numberbox.js HTTP/1.1" 304 -
116.224.123.211 - - [06/Sep/2022:08:46:35 +0800] "GET /xingrg/all/function/internal_message.html?_=1662425198768&CODE_STATE=getMsg HTTP/1.1" 200 27
116.224.255.128 - - [06/Sep/2022:08:46:40 +0800] "GET /xingrg/check_reg.html?_=1662425146332 HTTP/1.1" 200 22
222.70.246.221 - - [06/Sep/2022:08:46:45 +0800] "GET /xingrg/all/function/internal_message.html?_=1662425209273&CODE_STATE=getMsg HTTP/1.1" 302 -
116.224.255.128 - - [06/Sep/2022:08:46:46 +0800] "GET /xingrg/kc/buy/cgsh_order_operate.html?command=get_materiel&rest_code=00150&code=00101012039&supplier_code=00100096&order_time=2022-09-06 HTTP/1.1" 200 408
116.225.121.189 - - [06/Sep/2022:08:46:46 +0800] "GET /xingrg/all/function/internal_message.html?_=1662425206789&CODE_STATE=getMsg HTTP/1.1" 200 27
124.78.154.246 - - [06/Sep/2022:08:46:54 +0800] "GET /xingrg/kc/buy/cgsh_order_operate.html?command=get_materiel&rest_code=00106&code=00101008087&supplier_code=00100007&order_time=2022-09-06 HTTP/1.1" 200 412
116.224.255.128 - - [06/Sep/2022:08:46:54 +0800] "GET /xingrg/all/function/internal_message.html?_=1662425159382&CODE_STATE=getMsg HTTP/1.1" 200 27
116.224.255.128 - - [06/Sep/2022:08:46:59 +0800] "GET /xingrg/kc/buy/cgsh_order_operate.html?command=get_materiel&rest_code=00150&code=00101016025&supplier_code=00100096&order_time=2022-09-06 HTTP/1.1" 200 408
124.78.154.246 - - [06/Sep/2022:08:47:02 +0800] "GET /xingrg/kc/buy/cgsh_order_operate.html?command=get_materiel&rest_code=00106&code=00101008361&supplier_code=00100007&order_time=2022-09-06 HTTP/1.1" 200 408
116.225.121.189 - - [06/Sep/2022:08:47:06 +0800] "GET /xingrg/all/function/internal_message.html?_=1662425088413&CODE_STATE=getMsg HTTP/1.1" 200 27
116.224.255.128 - - [06/Sep/2022:08:47:11 +0800] "GET /xingrg/kc/buy/cgsh_order_operate.html?command=get_materiel&rest_code=00150&code=00101006168&supplier_code=00100096&order_time=2022-09-06 HTTP/1.1" 200 421
124.78.154.246 - - [06/Sep/2022:08:47:15 +0800] "POST /xingrg/kc/buy/cgsh_order_operate.html HTTP/1.1" 200 2065
222.70.246.221 - - [06/Sep/2022:08:47:16 +0800] "GET /xingrg/check_reg.html?_=1662425239996 HTTP/1.1" 302 -
124.78.154.246 - - [06/Sep/2022:08:47:22 +0800] "GET /xingrg/kc/buy/cgsh_order_operate.html?command=get_materiel&rest_code=00106&code=00101011005&supplier_code=00100007&order_time=2022-09-06 HTTP/1.1" 200 428
116.232.194.65 - - [06/Sep/2022:08:47:28 +0800] "GET /xingrg/check_reg.html?_=1662425190001 HTTP/1.1" 200 22
116.232.194.65 - - [06/Sep/2022:08:47:28 +0800] "GET /xingrg/all/function/internal_message.html?_=1662425190203&CODE_STATE=getMsg HTTP/1.1" 200 27
116.225.121.189 - - [06/Sep/2022:08:47:30 +0800] "GET /xingrg/javascript/jquery_tools/images/next.gif HTTP/1.1" 404 1086
116.225.121.189 - - [06/Sep/2022:08:47:30 +0800] "GET /xingrg/javascript/jquery_tools/images/prev.gif HTTP/1.1" 404 1086
124.78.154.246 - - [06/Sep/2022:08:47:31 +0800] "GET /xingrg/all/function/internal_message.html?_=1662425248976&CODE_STATE=getMsg HTTP/1.1" 200 27
116.224.255.128 - - [06/Sep/2022:08:47:34 +0800] "GET /xingrg/kc/buy/cgsh_order_operate.html?command=get_materiel&rest_code=00150&code=00101006111&supplier_code=00100096&order_time=2022-09-06 HTTP/1.1" 200 409
124.78.154.246 - - [06/Sep/2022:08:47:35 +0800] "GET /xingrg/kc/buy/cgsh_order_operate.html?command=get_materiel&rest_code=00106&code=00101008244&supplier_code=00100007&order_time=2022-09-06 HTTP/1.1" 200 408
116.224.123.211 - - [06/Sep/2022:08:47:35 +0800] "GET /xingrg/all/function/internal_message.html?_=1662425258766&CODE_STATE=getMsg HTTP/1.1" 200 27
116.225.121.189 - - [06/Sep/2022:08:47:38 +0800] "GET /xingrg/kc/buy/cgsh_order_list.html HTTP/1.1" 200 52793
116.225.121.189 - - [06/Sep/2022:08:47:39 +0800] "POST /xingrg/kc/buy/cgsh_list_operate.html HTTP/1.1" 200 4599
116.225.121.189 - - [06/Sep/2022:08:47:40 +0800] "GET /xingrg/kc/buy/cgsh_order_list.html HTTP/1.1" 200 52793
116.225.121.189 - - [06/Sep/2022:08:47:40 +0800] "POST /xingrg/kc/buy/cgsh_list_operate.html HTTP/1.1" 200 1437
116.225.121.189 - - [06/Sep/2022:08:47:42 +0800] "POST /xingrg/kc/buy/cgsh_list_operate.html HTTP/1.1" 200 1437
116.225.121.189 - - [06/Sep/2022:08:47:44 +0800] "GET /xingrg/kc/buy/cgsh_order_add.html HTTP/1.1" 200 68657
116.225.121.189 - - [06/Sep/2022:08:47:44 +0800] "POST /xingrg/kc/buy/cgsh_order_operate.html HTTP/1.1" 200 8245
116.225.121.189 - - [06/Sep/2022:08:47:44 +0800] "GET /xingrg/javascript/easyui/themes/default/validatebox.css HTTP/1.1" 404 1104
222.70.246.221 - - [06/Sep/2022:08:47:45 +0800] "GET /xingrg/all/function/internal_message.html?_=1662425269316&CODE_STATE=getMsg HTTP/1.1" 302 -
116.225.121.189 - - [06/Sep/2022:08:47:46 +0800] "GET /xingrg/all/function/internal_message.html?_=1662425266763&CODE_STATE=getMsg HTTP/1.1" 200 27
124.78.154.246 - - [06/Sep/2022:08:47:47 +0800] "POST /xingrg/kc/buy/cgsh_order_operate.html HTTP/1.1" 200 37
124.78.154.246 - - [06/Sep/2022:08:47:48 +0800] "POST /xingrg/kc/buy/cgsh_order_operate.html HTTP/1.1" 200 20384
116.224.255.128 - - [06/Sep/2022:08:47:53 +0800] "GET /xingrg/all/function/internal_message.html?_=1662425219409&CODE_STATE=getMsg HTTP/1.1" 200 27
116.225.121.189 - - [06/Sep/2022:08:47:58 +0800] "GET /xingrg/kc/buy/cgsh_order_operate.html?command=get_materiel&rest_code=00105&code=00101002027&supplier_code=00100397&order_time=2022-09-06 HTTP/1.1" 200 433
116.224.255.128 - - [06/Sep/2022:08:47:59 +0800] "GET /xingrg/kc/buy/cgsh_order_operate.html?command=get_materiel&rest_code=00150&code=00101007077&supplier_code=00100096&order_time=2022-09-06 HTTP/1.1" 200 415
116.225.121.189 - - [06/Sep/2022:08:48:06 +0800] "GET /xingrg/all/function/internal_message.html?_=1662425148440&CODE_STATE=getMsg HTTP/1.1" 200 27
116.225.121.189 - - [06/Sep/2022:08:48:11 +0800] "POST /xingrg/kc/buy/cgsh_order_operate.html HTTP/1.1" 200 37
116.225.121.189 - - [06/Sep/2022:08:48:15 +0800] "POST /xingrg/kc/buy/cgsh_order_operate.html HTTP/1.1" 200 2659
116.225.121.189 - - [06/Sep/2022:08:48:17 +0800] "GET /xingrg/kc/print/load_config.html?kc_code=cgsh HTTP/1.1" 200 1943
116.225.121.189 - - [06/Sep/2022:08:48:17 +0800] "GET /xingrg/kc/print/load_data.html?order_code=212022090601869&kc_code=cgsh&condition= HTTP/1.1" 200 662
124.78.154.246 - - [06/Sep/2022:08:48:18 +0800] "GET /xingrg/kc/buy/cgsh_order_operate.html?command=get_materiel&rest_code=00106&code=00101008224&supplier_code=00100007&order_time=2022-09-06 HTTP/1.1" 200 416
124.78.154.246 - - [06/Sep/2022:08:48:27 +0800] "POST /xingrg/kc/buy/cgsh_order_operate.html HTTP/1.1" 200 2065
116.232.194.65 - - [06/Sep/2022:08:48:28 +0800] "GET /xingrg/all/function/internal_message.html?_=1662425250184&CODE_STATE=getMsg HTTP/1.1" 200 27
124.78.154.246 - - [06/Sep/2022:08:48:31 +0800] "GET /xingrg/all/function/internal_message.html?_=1662425308906&CODE_STATE=getMsg HTTP/1.1" 200 27
116.224.123.211 - - [06/Sep/2022:08:48:35 +0800] "GET /xingrg/check_reg.html?_=1662425318763 HTTP/1.1" 200 22
116.224.123.211 - - [06/Sep/2022:08:48:36 +0800] "GET /xingrg/all/function/internal_message.html?_=1662425318767&CODE_STATE=getMsg HTTP/1.1" 200 27
116.224.255.128 - - [06/Sep/2022:08:48:39 +0800] "POST /xingrg/kc/buy/cgsh_order_operate.html HTTP/1.1" 200 37
116.224.255.128 - - [06/Sep/2022:08:48:42 +0800] "POST /xingrg/kc/buy/cgsh_order_operate.html HTTP/1.1" 200 12
116.224.255.128 - - [06/Sep/2022:08:48:44 +0800] "GET /xingrg/kc/buy/cgsh_order_info.html?code=212022090601870 HTTP/1.1" 200 63484
116.224.255.128 - - [06/Sep/2022:08:48:44 +0800] "GET /xingrg/javascript/easyui/themes/default/validatebox.css HTTP/1.1" 404 1104
116.224.255.128 - - [06/Sep/2022:08:48:45 +0800] "POST /xingrg/kc/buy/cgsh_order_operate.html HTTP/1.1" 200 2979
222.70.246.221 - - [06/Sep/2022:08:48:45 +0800] "GET /xingrg/all/function/internal_message.html?_=1662425329316&CODE_STATE=getMsg HTTP/1.1" 302 -
116.224.255.128 - - [06/Sep/2022:08:48:46 +0800] "GET /xingrg/kc/print/load_config.html?kc_code=cgsh HTTP/1.1" 200 1943
116.224.255.128 - - [06/Sep/2022:08:48:46 +0800] "GET /xingrg/kc/print/load_data.html?order_code=212022090601870&kc_code=cgsh&condition= HTTP/1.1" 200 1616
116.225.121.189 - - [06/Sep/2022:08:48:46 +0800] "GET /xingrg/all/function/internal_message.html?_=1662425326764&CODE_STATE=getMsg HTTP/1.1" 200 27
116.224.255.128 - - [06/Sep/2022:08:48:53 +0800] "GET /xingrg/all/function/internal_message.html?_=1662425279425&CODE_STATE=getMsg HTTP/1.1" 200 27
124.78.154.246 - - [06/Sep/2022:08:48:54 +0800] "GET /xingrg/kc/buy/cgsh_order_operate.html?command=get_materiel&rest_code=00106&code=00101008403&supplier_code=00100007&order_time=2022-09-06 HTTP/1.1" 200 412
124.79.74.72 - - [06/Sep/2022:08:49:02 +0800] "GET /xingrg/check_reg.html?_=1662425339242 HTTP/1.1" 200 22
124.78.154.246 - - [06/Sep/2022:08:49:03 +0800] "GET /xingrg/kc/buy/cgsh_order_operate.html?command=get_materiel&rest_code=00106&code=00101008010&supplier_code=00100007&order_time=2022-09-06 HTTP/1.1" 200 412
124.78.154.246 - - [06/Sep/2022:08:49:05 +0800] "POST /xingrg/kc/buy/cgsh_order_operate.html HTTP/1.1" 200 2065
116.225.121.189 - - [06/Sep/2022:08:49:06 +0800] "GET /xingrg/all/function/internal_message.html?_=1662425208440&CODE_STATE=getMsg HTTP/1.1" 200 27
116.225.121.189 - - [06/Sep/2022:08:49:06 +0800] "GET /xingrg/check_reg.html?_=1662425208443 HTTP/1.1" 200 22
124.78.154.246 - - [06/Sep/2022:08:49:11 +0800] "GET /xingrg/kc/buy/cgsh_order_operate.html?command=get_materiel&rest_code=00106&code=00101008219&supplier_code=00100007&order_time=2022-09-06 HTTP/1.1" 200 412
116.225.121.189 - - [06/Sep/2022:08:49:12 +0800] "GET /xingrg/kc/buy/cgsh_order_list.html HTTP/1.1" 200 52793
116.225.121.189 - - [06/Sep/2022:08:49:14 +0800] "POST /xingrg/kc/buy/cgsh_list_operate.html HTTP/1.1" 200 1734
116.225.121.189 - - [06/Sep/2022:08:49:19 +0800] "POST /xingrg/kc/buy/cgsh_list_operate.html HTTP/1.1" 200 565
116.225.121.189 - - [06/Sep/2022:08:49:19 +0800] "GET /xingrg/kc/buy/cgsh_order_info.html?code=212022090601867 HTTP/1.1" 200 68660
116.225.121.189 - - [06/Sep/2022:08:49:20 +0800] "GET /xingrg/javascript/easyui/themes/default/validatebox.css HTTP/1.1" 404 1104
116.224.255.128 - - [06/Sep/2022:08:49:20 +0800] "GET /xingrg/check_reg.html?_=1662425357534 HTTP/1.1" 302 -
116.225.121.189 - - [06/Sep/2022:08:49:20 +0800] "POST /xingrg/kc/buy/cgsh_order_operate.html HTTP/1.1" 200 18649
124.78.154.246 - - [06/Sep/2022:08:49:22 +0800] "GET /xingrg/kc/buy/cgsh_order_operate.html?command=get_materiel&rest_code=00106&code=00101008300&supplier_code=00100007&order_time=2022-09-06 HTTP/1.1" 200 412
180.163.28.109 - - [06/Sep/2022:08:49:22 +0800] "GET /xingrg/kc/buy/cgsh_order_operate.html?command=get_materiel&rest_code=00106&code=00101008312&supplier_code=00100007&order_time=2022-09-06 HTTP/1.1" 302 -
180.163.28.109 - - [06/Sep/2022:08:49:22 +0800] "GET /xingrg/login.html HTTP/1.1" 200 7641
116.232.194.65 - - [06/Sep/2022:08:49:28 +0800] "GET /xingrg/all/function/internal_message.html?_=1662425310173&CODE_STATE=getMsg HTTP/1.1" 200 27
124.78.154.246 - - [06/Sep/2022:08:49:31 +0800] "GET /xingrg/all/function/internal_message.html?_=1662425368895&CODE_STATE=getMsg HTTP/1.1" 200 27
124.78.154.246 - - [06/Sep/2022:08:49:31 +0800] "GET /xingrg/check_reg.html?_=1662425368891 HTTP/1.1" 200 22
116.224.123.211 - - [06/Sep/2022:08:49:36 +0800] "GET /xingrg/all/function/internal_message.html?_=1662425378760&CODE_STATE=getMsg HTTP/1.1" 200 27
116.225.121.189 - - [06/Sep/2022:08:49:40 +0800] "GET /xingrg/kc/buy/cgsh_order_operate.html?command=get_materiel&rest_code=00105&code=00101008114&supplier_code=00100203&order_time=2022-09-06 HTTP/1.1" 200 412
114.84.5.35 - - [06/Sep/2022:08:49:42 +0800] "POST /xingrg/services/DataTransmitService HTTP/1.1" 200 524
114.83.219.57 - - [06/Sep/2022:08:49:45 +0800] "GET /xingrg/check_reg.html?_=1662425465592 HTTP/1.1" 200 22
222.70.246.221 - - [06/Sep/2022:08:49:45 +0800] "GET /xingrg/all/function/internal_message.html?_=1662425389368&CODE_STATE=getMsg HTTP/1.1" 302 -
116.225.121.189 - - [06/Sep/2022:08:49:46 +0800] "GET /xingrg/check_reg.html?_=1662425386759 HTTP/1.1" 200 22
116.225.121.189 - - [06/Sep/2022:08:49:46 +0800] "GET /xingrg/all/function/internal_message.html?_=1662425386762&CODE_STATE=getMsg HTTP/1.1" 200 27
116.224.255.128 - - [06/Sep/2022:08:49:53 +0800] "GET /xingrg/all/function/internal_message.html?_=1662425339473&CODE_STATE=getMsg HTTP/1.1" 200 27
116.225.121.189 - - [06/Sep/2022:08:50:05 +0800] "POST /xingrg/kc/buy/cgsh_order_operate.html HTTP/1.1" 200 37
116.225.121.189 - - [06/Sep/2022:08:50:06 +0800] "GET /xingrg/all/function/internal_message.html?_=1662425268443&CODE_STATE=getMsg HTTP/1.1" 200 27
116.225.121.189 - - [06/Sep/2022:08:50:11 +0800] "POST /xingrg/kc/buy/cgsh_order_operate.html HTTP/1.1" 200 19239
124.78.154.246 - - [06/Sep/2022:08:50:24 +0800] "GET /xingrg/kc/buy/cgsh_order_operate.html?command=get_materiel&rest_code=00106&code=00101008323&supplier_code=00100007&order_time=2022-09-06 HTTP/1.1" 200 408
116.232.194.65 - - [06/Sep/2022:08:50:28 +0800] "GET /xingrg/all/function/internal_message.html?_=1662425370157&CODE_STATE=getMsg HTTP/1.1" 200 27
124.78.154.246 - - [06/Sep/2022:08:50:29 +0800] "POST /xingrg/kc/buy/cgsh_order_operate.html HTTP/1.1" 200 2065
124.78.154.246 - - [06/Sep/2022:08:50:31 +0800] "GET /xingrg/all/function/internal_message.html?_=1662425428957&CODE_STATE=getMsg HTTP/1.1" 200 27
124.78.154.246 - - [06/Sep/2022:08:50:35 +0800] "GET /xingrg/kc/buy/cgsh_order_operate.html?command=get_materiel&rest_code=00106&code=00101008175&supplier_code=00100007&order_time=2022-09-06 HTTP/1.1" 200 412
116.224.123.211 - - [06/Sep/2022:08:50:35 +0800] "GET /xingrg/all/function/internal_message.html?_=1662425438773&CODE_STATE=getMsg HTTP/1.1" 200 27
222.70.246.221 - - [06/Sep/2022:08:50:45 +0800] "GET /xingrg/all/function/internal_message.html?_=1662425449374&CODE_STATE=getMsg HTTP/1.1" 302 -
116.225.121.189 - - [06/Sep/2022:08:50:46 +0800] "GET /xingrg/all/function/internal_message.html?_=1662425446792&CODE_STATE=getMsg HTTP/1.1" 200 27
124.78.154.246 - - [06/Sep/2022:08:50:51 +0800] "GET /xingrg/kc/buy/cgsh_order_operate.html?command=get_materiel&rest_code=00106&code=00101008223&supplier_code=00100007&order_time=2022-09-06 HTTP/1.1" 200 412
116.224.255.128 - - [06/Sep/2022:08:50:53 +0800] "GET /xingrg/all/function/internal_message.html?_=1662425399484&CODE_STATE=getMsg HTTP/1.1" 200 27
116.235.94.249 - - [06/Sep/2022:08:50:56 +0800] "POST /xingrg/services/DataTransmitService HTTP/1.1" 200 524
116.225.121.189 - - [06/Sep/2022:08:51:06 +0800] "GET /xingrg/all/function/internal_message.html?_=1662425328443&CODE_STATE=getMsg HTTP/1.1" 200 27
124.78.154.246 - - [06/Sep/2022:08:51:07 +0800] "GET /xingrg/kc/buy/cgsh_order_operate.html?command=get_materiel&rest_code=00106&code=00101008095&supplier_code=00100007&order_time=2022-09-06 HTTP/1.1" 200 412
124.78.154.246 - - [06/Sep/2022:08:51:10 +0800] "POST /xingrg/kc/buy/cgsh_order_operate.html HTTP/1.1" 200 2065
124.78.154.246 - - [06/Sep/2022:08:51:15 +0800] "GET /xingrg/kc/buy/cgsh_order_operate.html?command=get_materiel&rest_code=00106&code=00101008110&supplier_code=00100007&order_time=2022-09-06 HTTP/1.1" 200 408
124.78.154.246 - - [06/Sep/2022:08:51:23 +0800] "GET /xingrg/kc/buy/cgsh_order_operate.html?command=get_materiel&rest_code=00106&code=00101008168&supplier_code=00100007&order_time=2022-09-06 HTTP/1.1" 200 413
116.232.194.65 - - [06/Sep/2022:08:51:28 +0800] "GET /xingrg/all/function/internal_message.html?_=1662425430141&CODE_STATE=getMsg HTTP/1.1" 200 27
124.78.154.246 - - [06/Sep/2022:08:51:30 +0800] "GET /xingrg/kc/buy/cgsh_order_operate.html?command=get_materiel&rest_code=00106&code=00101008114&supplier_code=00100007&order_time=2022-09-06 HTTP/1.1" 200 412
124.78.154.246 - - [06/Sep/2022:08:51:31 +0800] "GET /xingrg/all/function/internal_message.html?_=1662425488931&CODE_STATE=getMsg HTTP/1.1" 200 27
116.224.123.211 - - [06/Sep/2022:08:51:36 +0800] "GET /xingrg/all/function/internal_message.html?_=1662425498771&CODE_STATE=getMsg HTTP/1.1" 200 27
124.78.154.246 - - [06/Sep/2022:08:51:39 +0800] "GET /xingrg/kc/buy/cgsh_order_operate.html?command=get_materiel&rest_code=00106&code=00101008284&supplier_code=00100007&order_time=2022-09-06 HTTP/1.1" 200 413
116.224.255.128 - - [06/Sep/2022:08:51:40 +0800] "GET /xingrg/check_reg.html?_=1662425446378 HTTP/1.1" 200 22
222.70.246.221 - - [06/Sep/2022:08:51:45 +0800] "GET /xingrg/all/function/internal_message.html?_=1662425509424&CODE_STATE=getMsg HTTP/1.1" 302 -
116.225.121.189 - - [06/Sep/2022:08:51:46 +0800] "GET /xingrg/all/function/internal_message.html?_=1662425506759&CODE_STATE=getMsg HTTP/1.1" 200 27
124.78.154.246 - - [06/Sep/2022:08:51:50 +0800] "POST /xingrg/kc/buy/cgsh_order_operate.html HTTP/1.1" 200 37
116.224.255.128 - - [06/Sep/2022:08:51:53 +0800] "GET /xingrg/all/function/internal_message.html?_=1662425459497&CODE_STATE=getMsg HTTP/1.1" 200 27
116.225.121.189 - - [06/Sep/2022:08:52:06 +0800] "GET /xingrg/all/function/internal_message.html?_=1662425388444&CODE_STATE=getMsg HTTP/1.1" 200 27
124.78.154.246 - - [06/Sep/2022:08:52:12 +0800] "POST /xingrg/kc/buy/cgsh_order_operate.html HTTP/1.1" 200 33968
116.232.194.65 - - [06/Sep/2022:08:52:15 +0800] "GET /xingrg/kc/buy/cgsh_order_add.html HTTP/1.1" 200 68581
222.70.246.221 - - [06/Sep/2022:08:52:16 +0800] "GET /xingrg/check_reg.html?_=1662425539995 HTTP/1.1" 302 -
116.232.194.65 - - [06/Sep/2022:08:52:16 +0800] "POST /xingrg/kc/buy/cgsh_order_operate.html HTTP/1.1" 200 8245
