116.235.94.249 - - [04/Sep/2022:09:28:52 +0800] "GET /xingrg/check_reg.html?_=1662255125618 HTTP/1.1" 200 22
114.83.219.57 - - [04/Sep/2022:09:28:53 +0800] "GET /xingrg/all/function/internal_message.html?_=1662255013157&CODE_STATE=getMsg HTTP/1.1" 200 27
180.169.147.146 - - [04/Sep/2022:09:28:55 +0800] "GET /xingrg/kc/info/info_main.html HTTP/1.1" 200 6010
120.253.135.82 - - [04/Sep/2022:09:28:57 +0800] "POST /xingrg/kc/pszx/mdps_order_operate.html HTTP/1.1" 200 37
180.169.147.146 - - [04/Sep/2022:09:28:57 +0800] "GET /xingrg/system/info/materiel_manager.html HTTP/1.1" 200 19497
180.169.147.146 - - [04/Sep/2022:09:28:57 +0800] "GET /xingrg/dwr/interface/AjaxBaseInfoService.js HTTP/1.1" 200 21363
180.169.147.146 - - [04/Sep/2022:09:28:57 +0800] "GET /xingrg/dwr/interface/AjaxComOrderService.js HTTP/1.1" 200 18264
180.169.147.146 - - [04/Sep/2022:09:28:57 +0800] "GET /xingrg/dwr/engine.js HTTP/1.1" 200 43631
180.169.147.146 - - [04/Sep/2022:09:28:57 +0800] "GET /xingrg/dwr/util.js HTTP/1.1" 304 -
180.169.147.146 - - [04/Sep/2022:09:28:58 +0800] "POST /xingrg/dwr/call/plaincall/AjaxBaseInfoService.getSubMaterielSorts.dwr HTTP/1.1" 200 219
120.253.135.82 - - [04/Sep/2022:09:28:59 +0800] "POST /xingrg/kc/pszx/mdps_order_operate.html HTTP/1.1" 200 12
180.169.147.146 - - [04/Sep/2022:09:28:59 +0800] "POST /xingrg/dwr/call/plaincall/AjaxBaseInfoService.getMateriels.dwr HTTP/1.1" 200 2930
120.253.135.82 - - [04/Sep/2022:09:28:59 +0800] "GET /xingrg/all/function/internal_message.html?_=1662255065130&CODE_STATE=getMsg HTTP/1.1" 200 27
222.70.246.221 - - [04/Sep/2022:09:28:59 +0800] "GET /xingrg/all/function/internal_message.html?_=1662254964927&CODE_STATE=getMsg HTTP/1.1" 200 27
180.169.147.146 - - [04/Sep/2022:09:29:00 +0800] "POST /xingrg/dwr/call/plaincall/AjaxBaseInfoService.getSubMaterielSorts.dwr HTTP/1.1" 200 4044
180.169.147.146 - - [04/Sep/2022:09:29:00 +0800] "POST /xingrg/dwr/call/plaincall/AjaxBaseInfoService.getMateriels.dwr HTTP/1.1" 200 2928
120.253.135.82 - - [04/Sep/2022:09:29:01 +0800] "GET /xingrg/kc/pszx/mdps_order_info.html?code=312022090300075 HTTP/1.1" 200 19682
120.253.135.82 - - [04/Sep/2022:09:29:01 +0800] "POST /xingrg/kc/pszx/mdps_order_operate.html HTTP/1.1" 200 6457
120.253.135.82 - - [04/Sep/2022:09:29:01 +0800] "GET /xingrg/javascript/easyui/themes/default/validatebox.css HTTP/1.1" 404 1104
120.253.135.82 - - [04/Sep/2022:09:29:03 +0800] "POST /xingrg/kc/pszx/mdps_list_operate.html HTTP/1.1" 200 1690
222.70.246.221 - - [04/Sep/2022:09:29:04 +0800] "GET /xingrg/check_reg.html?_=1662254945395 HTTP/1.1" 302 -
180.169.147.146 - - [04/Sep/2022:09:29:05 +0800] "POST /xingrg/dwr/call/plaincall/AjaxBaseInfoService.getMateriels.dwr HTTP/1.1" 200 2959
180.169.147.146 - - [04/Sep/2022:09:29:06 +0800] "GET /xingrg/all/function/internal_message.html?_=1662254945726&CODE_STATE=getMsg HTTP/1.1" 200 27
180.169.147.146 - - [04/Sep/2022:09:29:06 +0800] "GET /xingrg/check_reg.html?_=1662254945762 HTTP/1.1" 200 22
180.169.147.146 - - [04/Sep/2022:09:29:07 +0800] "GET /xingrg/system/info/materiel_info.html?code=00101008&isAdd=1 HTTP/1.1" 200 36462
180.169.147.146 - - [04/Sep/2022:09:29:07 +0800] "GET /xingrg/dwr/interface/AjaxGetFirstChart.js HTTP/1.1" 200 631
180.169.147.146 - - [04/Sep/2022:09:29:07 +0800] "GET /xingrg/dwr/engine.js HTTP/1.1" 200 43631
180.169.147.146 - - [04/Sep/2022:09:29:07 +0800] "GET /favicon.ico HTTP/1.1" 404 -
180.169.147.146 - - [04/Sep/2022:09:29:07 +0800] "POST /xingrg/all/common/load_tree.html?tree=area_rest_tree_json HTTP/1.1" 200 3472
180.169.147.146 - - [04/Sep/2022:09:29:07 +0800] "POST /xingrg/dwr/call/plaincall/AjaxBaseInfoService.getMaterielInfo.dwr HTTP/1.1" 200 210
180.169.147.146 - - [04/Sep/2022:09:29:07 +0800] "POST /xingrg/all/common/load_tree.html?tree=area_rest_tree_json&defaultRests=undefined HTTP/1.1" 200 3472
222.70.246.221 - - [04/Sep/2022:09:29:10 +0800] "GET /xingrg/all/function/internal_message.html?_=1662254951635&CODE_STATE=getMsg HTTP/1.1" 302 -
124.79.74.72 - - [04/Sep/2022:09:29:15 +0800] "GET /xingrg/check_reg.html?_=1662254953435 HTTP/1.1" 200 22
180.169.147.146 - - [04/Sep/2022:09:29:15 +0800] "POST /xingrg/dwr/call/plaincall/AjaxGetFirstChart.getFirstChart.dwr HTTP/1.1" 200 79
180.169.147.146 - - [04/Sep/2022:09:29:18 +0800] "GET /xingrg/all/function/internal_message.html?_=1662255502687&CODE_STATE=getMsg HTTP/1.1" 200 27
116.224.255.128 - - [04/Sep/2022:09:29:25 +0800] "GET /xingrg/all/function/internal_message.html?_=1662254914107&CODE_STATE=getMsg HTTP/1.1" 200 27
114.83.219.57 - - [04/Sep/2022:09:29:29 +0800] "GET /xingrg/kc/base/wldb_order_operate.html?command=get_materiel&rest_code=00154&base_code=0010724&code=00101009068 HTTP/1.1" 200 434
180.169.147.146 - - [04/Sep/2022:09:29:32 +0800] "POST /xingrg/dwr/call/plaincall/AjaxBaseInfoService.changeUnitGroup.dwr HTTP/1.1" 200 243
124.79.74.72 - - [04/Sep/2022:09:29:32 +0800] "GET /xingrg/all/function/internal_message.html?_=1662254971077&CODE_STATE=getMsg HTTP/1.1" 200 27
180.169.147.146 - - [04/Sep/2022:09:29:33 +0800] "POST /xingrg/dwr/call/plaincall/AjaxBaseInfoService.saveMateriel.dwr HTTP/1.1" 200 109
180.169.147.146 - - [04/Sep/2022:09:29:33 +0800] "POST /xingrg/dwr/call/plaincall/AjaxBaseInfoService.getMateriels.dwr HTTP/1.1" 200 2959
172.20.0.100 - - [04/Sep/2022:09:29:39 +0800] "GET /xingrg/all/function/internal_message.html?_=1662254978208&CODE_STATE=getMsg HTTP/1.1" 200 27
116.224.123.211 - - [04/Sep/2022:09:29:41 +0800] "GET /xingrg/all/function/internal_message.html?_=1662254981754&CODE_STATE=getMsg HTTP/1.1" 200 27
116.225.121.189 - - [04/Sep/2022:09:29:43 +0800] "GET /xingrg/all/function/internal_message.html?_=1662254983817&CODE_STATE=getMsg HTTP/1.1" 200 27
116.224.255.128 - - [04/Sep/2022:09:29:43 +0800] "GET /xingrg/all/function/internal_message.html?_=1662254981292&CODE_STATE=getMsg HTTP/1.1" 200 27
116.224.255.128 - - [04/Sep/2022:09:29:43 +0800] "GET /xingrg/check_reg.html?_=1662254981295 HTTP/1.1" 200 22
120.253.135.82 - - [04/Sep/2022:09:29:44 +0800] "GET /xingrg/all/function/internal_message.html?_=1662254785829&CODE_STATE=getMsg HTTP/1.1" 200 27
180.169.147.146 - - [04/Sep/2022:09:29:48 +0800] "GET /xingrg/all/function/internal_message.html?_=1662254988625&CODE_STATE=getMsg HTTP/1.1" 200 27
116.232.194.65 - - [04/Sep/2022:09:29:51 +0800] "GET /xingrg/all/function/internal_message.html?_=1662254938352&CODE_STATE=getMsg HTTP/1.1" 200 27
116.235.94.249 - - [04/Sep/2022:09:29:52 +0800] "GET /xingrg/all/function/internal_message.html?_=1662255185616&CODE_STATE=getMsg HTTP/1.1" 200 27
114.83.219.57 - - [04/Sep/2022:09:29:53 +0800] "GET /xingrg/all/function/internal_message.html?_=1662255073149&CODE_STATE=getMsg HTTP/1.1" 200 27
116.224.255.128 - - [04/Sep/2022:09:29:58 +0800] "GET /xingrg/check_reg.html?_=1662254947206 HTTP/1.1" 200 22
120.253.135.82 - - [04/Sep/2022:09:29:59 +0800] "GET /xingrg/all/function/internal_message.html?_=1662255125148&CODE_STATE=getMsg HTTP/1.1" 200 27
222.70.246.221 - - [04/Sep/2022:09:29:59 +0800] "GET /xingrg/all/function/internal_message.html?_=1662255024940&CODE_STATE=getMsg HTTP/1.1" 200 27
116.232.194.65 - - [04/Sep/2022:09:30:03 +0800] "GET /xingrg/kc/buy/cgsh_order_list.html HTTP/1.1" 200 52799
116.232.194.65 - - [04/Sep/2022:09:30:03 +0800] "GET /xingrg/kc/buy/cgsh_order_list.html HTTP/1.1" 200 52799
116.232.194.65 - - [04/Sep/2022:09:30:05 +0800] "GET /xingrg/index.html?sysBaseUrl=http%3A%2F%2F180.169.147.146%3A18081%2Fxingrg%2F&costTime=40×tamp=1662251622211 HTTP/1.1" 200 17179
116.232.194.65 - - [04/Sep/2022:09:30:05 +0800] "GET /xingrg/javascript/jquery_easy_ui/themes/default/easyui.css HTTP/1.1" 304 -
116.232.194.65 - - [04/Sep/2022:09:30:05 +0800] "GET /xingrg/javascript/jquery_easy_ui/themes/icon.css HTTP/1.1" 304 -
116.232.194.65 - - [04/Sep/2022:09:30:05 +0800] "GET /xingrg/css/form.css HTTP/1.1" 304 -
116.232.194.65 - - [04/Sep/2022:09:30:05 +0800] "GET /xingrg/javascript/jquery-1.4.2.min.js HTTP/1.1" 304 -
116.232.194.65 - - [04/Sep/2022:09:30:05 +0800] "GET /xingrg/javascript/jquery_easy_ui/jquery.easyui.min.js HTTP/1.1" 304 -
116.232.194.65 - - [04/Sep/2022:09:30:05 +0800] "GET /xingrg/javascript/jquery_easy_ui/easyui-lang-zh_CN.js HTTP/1.1" 304 -
116.232.194.65 - - [04/Sep/2022:09:30:05 +0800] "GET /xingrg/javascript/jquery.form.js HTTP/1.1" 304 -
116.232.194.65 - - [04/Sep/2022:09:30:05 +0800] "POST /xingrg/kc/buy/cgsh_list_operate.html HTTP/1.1" 200 2946
116.232.194.65 - - [04/Sep/2022:09:30:05 +0800] "GET /xingrg/javascript/jquery.utils.js HTTP/1.1" 304 -
116.232.194.65 - - [04/Sep/2022:09:30:05 +0800] "GET /xingrg/javascript/jquery.timers.js HTTP/1.1" 304 -
116.232.194.65 - - [04/Sep/2022:09:30:05 +0800] "GET /xingrg/images/blue/jxLogo.png HTTP/1.1" 304 -
116.232.194.65 - - [04/Sep/2022:09:30:05 +0800] "GET /xingrg/images/blue/navBackgound.jpg HTTP/1.1" 304 -
116.232.194.65 - - [04/Sep/2022:09:30:05 +0800] "POST /xingrg/all/common/load_tree.html?tree=area_rest_tree_json&manage=1 HTTP/1.1" 200 479
116.232.194.65 - - [04/Sep/2022:09:30:05 +0800] "GET /xingrg/javascript/jquery_easy_ui/themes/icons/settle_new.png HTTP/1.1" 304 -
116.232.194.65 - - [04/Sep/2022:09:30:05 +0800] "GET /xingrg/all/function/internal_message.html?_=1662254952632&CODE_STATE=count HTTP/1.1" 200 11
116.232.194.65 - - [04/Sep/2022:09:30:05 +0800] "GET /xingrg/check_reg.html?_=1662254952634 HTTP/1.1" 200 22
116.232.194.65 - - [04/Sep/2022:09:30:05 +0800] "POST /xingrg/kc/buy/cgsh_list_operate.html HTTP/1.1" 200 2946
116.232.194.65 - - [04/Sep/2022:09:30:05 +0800] "GET /xingrg/javascript/jquery_easy_ui/themes/default/images/panel_tool_collapse.gif HTTP/1.1" 304 -
116.232.194.65 - - [04/Sep/2022:09:30:05 +0800] "POST /xingrg/load_menu.html HTTP/1.1" 200 5138
116.232.194.65 - - [04/Sep/2022:09:30:05 +0800] "GET /xingrg/javascript/jquery_easy_ui/themes/default/images/tabs_leftarrow.png HTTP/1.1" 304 -
116.232.194.65 - - [04/Sep/2022:09:30:05 +0800] "GET /xingrg/images/blue/pingpu.png HTTP/1.1" 304 -
116.232.194.65 - - [04/Sep/2022:09:30:05 +0800] "GET /xingrg/javascript/jquery_easy_ui/themes/default/images/tabs_rightarrow.png HTTP/1.1" 304 -
116.232.194.65 - - [04/Sep/2022:09:30:05 +0800] "GET /xingrg/javascript/jquery_easy_ui/themes/default/images/tree_folder_open.gif HTTP/1.1" 304 -
116.232.194.65 - - [04/Sep/2022:09:30:05 +0800] "GET /xingrg/javascript/jquery_easy_ui/themes/icons/forms_new.png HTTP/1.1" 304 -
116.232.194.65 - - [04/Sep/2022:09:30:05 +0800] "GET /xingrg/javascript/jquery_easy_ui/themes/default/images/tree_file.gif HTTP/1.1" 304 -
116.232.194.65 - - [04/Sep/2022:09:30:05 +0800] "GET /xingrg/javascript/jquery_easy_ui/themes/icons/storage_new.png HTTP/1.1" 304 -
116.232.194.65 - - [04/Sep/2022:09:30:05 +0800] "GET /xingrg/javascript/jquery_easy_ui/themes/default/images/tree_arrows.gif HTTP/1.1" 304 -
116.232.194.65 - - [04/Sep/2022:09:30:05 +0800] "GET /xingrg/javascript/jquery_easy_ui/themes/icons/search_new.png HTTP/1.1" 304 -
116.232.194.65 - - [04/Sep/2022:09:30:05 +0800] "GET /xingrg/javascript/jquery_easy_ui/themes/default/images/tree_folder.gif HTTP/1.1" 304 -
180.169.147.146 - - [04/Sep/2022:09:30:06 +0800] "GET /xingrg/check_reg.html?_=1662255005723 HTTP/1.1" 200 22
180.169.147.146 - - [04/Sep/2022:09:30:06 +0800] "GET /xingrg/all/function/internal_message.html?_=1662255005726&CODE_STATE=getMsg HTTP/1.1" 200 27
116.232.194.65 - - [04/Sep/2022:09:30:06 +0800] "POST /xingrg/kc/buy/cgsh_list_operate.html HTTP/1.1" 200 2946
116.232.194.65 - - [04/Sep/2022:09:30:08 +0800] "GET /xingrg/kc/buy/cgsh_order_list.html HTTP/1.1" 200 52799
116.232.194.65 - - [04/Sep/2022:09:30:10 +0800] "POST /xingrg/kc/buy/cgsh_list_operate.html HTTP/1.1" 200 2946
222.70.246.221 - - [04/Sep/2022:09:30:10 +0800] "GET /xingrg/all/function/internal_message.html?_=1662255012115&CODE_STATE=getMsg HTTP/1.1" 302 -
180.169.147.146 - - [04/Sep/2022:09:30:18 +0800] "GET /xingrg/all/function/internal_message.html?_=1662255562671&CODE_STATE=getMsg HTTP/1.1" 200 27
114.84.81.136 - - [04/Sep/2022:09:30:22 +0800] "GET /favicon.ico HTTP/1.1" 404 -
114.83.219.57 - - [04/Sep/2022:09:30:23 +0800] "POST /xingrg/kc/base/wldb_order_operate.html HTTP/1.1" 200 37
114.84.81.136 - - [04/Sep/2022:09:30:24 +0800] "GET /xingrg/index.html?sysBaseUrl=http%3A%2F%2F180.169.147.146%3A18081%2Fxingrg%2F&costTime=44×tamp=1622098168715 HTTP/1.1" 302 -
114.84.81.136 - - [04/Sep/2022:09:30:24 +0800] "GET /xingrg/login.html HTTP/1.1" 200 7641
114.84.81.136 - - [04/Sep/2022:09:30:24 +0800] "GET /favicon.ico HTTP/1.1" 404 -
116.224.255.128 - - [04/Sep/2022:09:30:25 +0800] "GET /xingrg/all/function/internal_message.html?_=1662254974116&CODE_STATE=getMsg HTTP/1.1" 200 27
114.83.219.57 - - [04/Sep/2022:09:30:25 +0800] "POST /xingrg/kc/base/wldb_order_operate.html HTTP/1.1" 200 12
114.83.219.57 - - [04/Sep/2022:09:30:26 +0800] "POST /xingrg/kc/base/wldb_order_operate.html HTTP/1.1" 200 7153
120.253.135.82 - - [04/Sep/2022:09:30:26 +0800] "POST /xingrg/kc/pszx/mdps_list_operate.html HTTP/1.1" 200 1690
120.253.135.82 - - [04/Sep/2022:09:30:26 +0800] "GET /xingrg/kc/pszx/mdqp_order_list.html?state=10 HTTP/1.1" 200 11453
120.253.135.82 - - [04/Sep/2022:09:30:26 +0800] "GET /xingrg/dwr/interface/AjaxQqpsService.js HTTP/1.1" 200 16326
120.253.135.82 - - [04/Sep/2022:09:30:26 +0800] "GET /xingrg/dwr/interface/AjaxReportQueryService.js HTTP/1.1" 200 13203
120.253.135.82 - - [04/Sep/2022:09:30:26 +0800] "GET /xingrg/dwr/engine.js HTTP/1.1" 200 43631
114.84.81.136 - - [04/Sep/2022:09:30:26 +0800] "GET /xingrg/index.html?sysBaseUrl=http%3A%2F%2F180.169.147.146%3A18081%2Fxingrg%2F&costTime=44×tamp=1622098168715 HTTP/1.1" 302 -
114.84.81.136 - - [04/Sep/2022:09:30:26 +0800] "GET /xingrg/login.html HTTP/1.1" 200 7641
114.84.81.136 - - [04/Sep/2022:09:30:27 +0800] "GET /favicon.ico HTTP/1.1" 404 -
120.253.135.82 - - [04/Sep/2022:09:30:28 +0800] "GET /xingrg/kc/pszx/mdps_order_list.html?orderType=0 HTTP/1.1" 200 21045
120.253.135.82 - - [04/Sep/2022:09:30:29 +0800] "POST /xingrg/kc/pszx/mdps_list_operate.html HTTP/1.1" 200 5235
114.84.81.136 - - [04/Sep/2022:09:30:29 +0800] "POST /xingrg/login.do HTTP/1.1" 302 -
114.84.81.136 - - [04/Sep/2022:09:30:29 +0800] "GET /xingrg/index.html?sysBaseUrl=http%3A%2F%2F180.169.147.146%3A18081%2Fxingrg%2F&costTime=44×tamp=1662255029520 HTTP/1.1" 200 17179
114.84.81.136 - - [04/Sep/2022:09:30:29 +0800] "GET /favicon.ico HTTP/1.1" 404 -
114.84.81.136 - - [04/Sep/2022:09:30:29 +0800] "POST /xingrg/all/common/load_tree.html?tree=area_rest_tree_json&manage=1 HTTP/1.1" 200 351
114.84.81.136 - - [04/Sep/2022:09:30:29 +0800] "POST /xingrg/load_menu.html HTTP/1.1" 200 5138
114.84.81.136 - - [04/Sep/2022:09:30:29 +0800] "GET /xingrg/all/function/internal_message.html?_=1662255030408&CODE_STATE=count HTTP/1.1" 200 11
114.84.81.136 - - [04/Sep/2022:09:30:29 +0800] "GET /xingrg/check_reg.html?_=1662255030408 HTTP/1.1" 200 22
114.84.81.136 - - [04/Sep/2022:09:30:31 +0800] "GET /xingrg/kc/buy/cgsh_order_list.html HTTP/1.1" 200 52799
114.83.219.57 - - [04/Sep/2022:09:30:31 +0800] "GET /xingrg/kc/base/wldb_order_info.html?code=422022090400308 HTTP/1.1" 200 26277
114.83.219.57 - - [04/Sep/2022:09:30:31 +0800] "GET /xingrg/words/20220904092933_words.js HTTP/1.1" 200 918662
114.83.219.57 - - [04/Sep/2022:09:30:32 +0800] "GET /xingrg/javascript/easyui/themes/default/validatebox.css HTTP/1.1" 404 1104
114.83.219.57 - - [04/Sep/2022:09:30:32 +0800] "POST /xingrg/kc/base/wldb_order_operate.html HTTP/1.1" 200 5335
124.79.74.72 - - [04/Sep/2022:09:30:32 +0800] "GET /xingrg/all/function/internal_message.html?_=1662255031047&CODE_STATE=getMsg HTTP/1.1" 200 27
114.84.81.136 - - [04/Sep/2022:09:30:33 +0800] "POST /xingrg/kc/buy/cgsh_list_operate.html HTTP/1.1" 200 700
114.84.81.136 - - [04/Sep/2022:09:30:33 +0800] "GET /xingrg/kc/mdqp/pssh_order_list.html HTTP/1.1" 200 17857
114.84.81.136 - - [04/Sep/2022:09:30:33 +0800] "POST /xingrg/kc/mdqp/pssh_list_operate.html HTTP/1.1" 200 5249
114.84.81.136 - - [04/Sep/2022:09:30:35 +0800] "POST /xingrg/kc/mdqp/pssh_list_operate.html HTTP/1.1" 200 374
114.84.81.136 - - [04/Sep/2022:09:30:37 +0800] "GET /xingrg/kc/mdqp/pssh_order_info.html?code=312022090400096 HTTP/1.1" 200 17303
114.84.81.136 - - [04/Sep/2022:09:30:37 +0800] "GET /xingrg/javascript/jquery_tools/jquery-1.4.2.min.js HTTP/1.1" 404 1094
114.84.81.136 - - [04/Sep/2022:09:30:37 +0800] "GET /xingrg/words/20220904092933_words.js HTTP/1.1" 200 918662
114.84.81.136 - - [04/Sep/2022:09:30:37 +0800] "POST /xingrg/kc/mdqp/pssh_order_operate.html HTTP/1.1" 200 1065
114.84.81.136 - - [04/Sep/2022:09:30:38 +0800] "GET /xingrg/all/common/auto_word.html?type=base&rest_code=00148&rest_code=00148 HTTP/1.1" 200 1799
114.84.81.136 - - [04/Sep/2022:09:30:38 +0800] "GET /xingrg/javascript/easyui/themes/default/validatebox.css HTTP/1.1" 404 1104
114.84.81.136 - - [04/Sep/2022:09:30:38 +0800] "GET /xingrg/all/common/auto_word.html?type=employee&rest_code=00148 HTTP/1.1" 200 243
172.20.0.100 - - [04/Sep/2022:09:30:39 +0800] "GET /xingrg/all/function/internal_message.html?_=1662255038212&CODE_STATE=getMsg HTTP/1.1" 200 27
114.84.81.136 - - [04/Sep/2022:09:30:39 +0800] "GET /xingrg/kc/print/load_config.html?kc_code=pssh HTTP/1.1" 200 2291
114.84.81.136 - - [04/Sep/2022:09:30:39 +0800] "GET /xingrg/kc/print/load_data.html?order_code=312022090400096&kc_code=pssh&condition= HTTP/1.1" 200 763
116.232.194.65 - - [04/Sep/2022:09:30:41 +0800] "POST /xingrg/kc/buy/cgsh_list_operate.html HTTP/1.1" 200 585
116.224.123.211 - - [04/Sep/2022:09:30:41 +0800] "GET /xingrg/all/function/internal_message.html?_=1662255041749&CODE_STATE=getMsg HTTP/1.1" 200 27
116.232.194.65 - - [04/Sep/2022:09:30:43 +0800] "GET /xingrg/kc/buy/cgsh_order_info.html?code=212022090401187 HTTP/1.1" 200 68602
116.225.121.189 - - [04/Sep/2022:09:30:43 +0800] "GET /xingrg/all/function/internal_message.html?_=1662255043817&CODE_STATE=getMsg HTTP/1.1" 200 27
116.224.255.128 - - [04/Sep/2022:09:30:43 +0800] "GET /xingrg/all/function/internal_message.html?_=1662255041304&CODE_STATE=getMsg HTTP/1.1" 200 27
116.232.194.65 - - [04/Sep/2022:09:30:43 +0800] "GET /xingrg/words/20220904092933_words.js HTTP/1.1" 200 918662
114.84.81.136 - - [04/Sep/2022:09:30:43 +0800] "GET /xingrg/kc/mdqp/pssh_order_list.html?isBack=1 HTTP/1.1" 200 17857
114.84.81.136 - - [04/Sep/2022:09:30:44 +0800] "POST /xingrg/kc/mdqp/pssh_list_operate.html HTTP/1.1" 200 5249
116.232.194.65 - - [04/Sep/2022:09:30:44 +0800] "GET /xingrg/javascript/easyui/themes/default/validatebox.css HTTP/1.1" 404 1104
116.232.194.65 - - [04/Sep/2022:09:30:44 +0800] "POST /xingrg/kc/buy/cgsh_order_operate.html HTTP/1.1" 200 7984
120.253.135.82 - - [04/Sep/2022:09:30:45 +0800] "GET /xingrg/all/function/internal_message.html?_=1662254845867&CODE_STATE=getMsg HTTP/1.1" 200 27
114.84.81.136 - - [04/Sep/2022:09:30:45 +0800] "POST /xingrg/kc/mdqp/pssh_list_operate.html HTTP/1.1" 200 831
114.84.81.136 - - [04/Sep/2022:09:30:46 +0800] "GET /xingrg/kc/mdqp/pssh_order_info.html?code=312022090300076 HTTP/1.1" 200 17303
114.84.81.136 - - [04/Sep/2022:09:30:46 +0800] "GET /xingrg/javascript/jquery_tools/jquery-1.4.2.min.js HTTP/1.1" 404 1094
114.84.81.136 - - [04/Sep/2022:09:30:46 +0800] "POST /xingrg/kc/mdqp/pssh_order_operate.html HTTP/1.1" 200 14495
114.84.81.136 - - [04/Sep/2022:09:30:46 +0800] "GET /xingrg/javascript/easyui/themes/default/validatebox.css HTTP/1.1" 404 1104
120.253.135.82 - - [04/Sep/2022:09:30:48 +0800] "POST /xingrg/kc/pszx/mdps_list_operate.html HTTP/1.1" 200 4295
180.169.147.146 - - [04/Sep/2022:09:30:48 +0800] "GET /xingrg/all/function/internal_message.html?_=1662255048616&CODE_STATE=getMsg HTTP/1.1" 200 27
114.84.81.136 - - [04/Sep/2022:09:30:49 +0800] "GET /xingrg/kc/print/load_data.html?order_code=312022090300076&kc_code=pssh&condition= HTTP/1.1" 200 5568
116.232.194.65 - - [04/Sep/2022:09:30:51 +0800] "GET /xingrg/javascript/auto/indicator.gif HTTP/1.1" 404 1066
114.84.81.136 - - [04/Sep/2022:09:30:52 +0800] "GET /xingrg/kc/mdqp/pssh_order_list.html?isBack=1 HTTP/1.1" 200 17857
114.84.81.136 - - [04/Sep/2022:09:30:52 +0800] "POST /xingrg/kc/mdqp/pssh_list_operate.html HTTP/1.1" 200 5249
116.235.94.249 - - [04/Sep/2022:09:30:52 +0800] "GET /xingrg/all/function/internal_message.html?_=1662255245615&CODE_STATE=getMsg HTTP/1.1" 200 27
120.253.135.82 - - [04/Sep/2022:09:30:53 +0800] "POST /xingrg/kc/pszx/mdps_list_operate.html HTTP/1.1" 200 603
114.84.81.136 - - [04/Sep/2022:09:30:53 +0800] "POST /xingrg/kc/mdqp/pssh_list_operate.html HTTP/1.1" 200 831
114.83.219.57 - - [04/Sep/2022:09:30:53 +0800] "GET /xingrg/all/function/internal_message.html?_=1662255133127&CODE_STATE=getMsg HTTP/1.1" 200 27
114.84.81.136 - - [04/Sep/2022:09:30:54 +0800] "POST /xingrg/kc/mdqp/pssh_list_operate.html HTTP/1.1" 200 1586
114.84.81.136 - - [04/Sep/2022:09:30:54 +0800] "GET /xingrg/javascript/jquery_tools/jquery-1.4.2.min.js HTTP/1.1" 404 1094
114.84.81.136 - - [04/Sep/2022:09:30:54 +0800] "GET /xingrg/kc/mdqp/pssh_order_info.html?code=312022090300076 HTTP/1.1" 200 17303
114.84.81.136 - - [04/Sep/2022:09:30:54 +0800] "POST /xingrg/kc/mdqp/pssh_order_operate.html HTTP/1.1" 200 14495
114.84.81.136 - - [04/Sep/2022:09:30:54 +0800] "GET /xingrg/javascript/easyui/themes/default/validatebox.css HTTP/1.1" 404 1104
120.253.135.82 - - [04/Sep/2022:09:30:54 +0800] "GET /xingrg/kc/pszx/mdps_order_info.html?code=312022090300069 HTTP/1.1" 200 24022
120.253.135.82 - - [04/Sep/2022:09:30:54 +0800] "GET /xingrg/words/20220904092933_words.js HTTP/1.1" 200 918662
120.253.135.82 - - [04/Sep/2022:09:30:55 +0800] "GET /xingrg/javascript/easyui/themes/default/validatebox.css HTTP/1.1" 404 1104
120.253.135.82 - - [04/Sep/2022:09:30:55 +0800] "POST /xingrg/kc/pszx/mdps_order_operate.html HTTP/1.1" 200 6792
116.232.194.65 - - [04/Sep/2022:09:30:56 +0800] "GET /xingrg/kc/buy/cgsh_order_operate.html?command=get_materiel&rest_code=00155&code=00101008683&supplier_code=00100450&order_time=2022-09-04 HTTP/1.1" 200 398
114.84.81.136 - - [04/Sep/2022:09:30:59 +0800] "GET /xingrg/kc/mdqp/pssh_order_list.html?isBack=1 HTTP/1.1" 200 17857
120.253.135.82 - - [04/Sep/2022:09:30:59 +0800] "POST /xingrg/kc/pszx/mdps_order_operate.html HTTP/1.1" 200 37
120.253.135.82 - - [04/Sep/2022:09:30:59 +0800] "GET /xingrg/all/function/internal_message.html?_=1662255185157&CODE_STATE=getMsg HTTP/1.1" 200 27
222.70.246.221 - - [04/Sep/2022:09:30:59 +0800] "GET /xingrg/all/function/internal_message.html?_=1662255084960&CODE_STATE=getMsg HTTP/1.1" 200 27
120.253.135.82 - - [04/Sep/2022:09:31:01 +0800] "POST /xingrg/kc/pszx/mdps_order_operate.html HTTP/1.1" 200 12
114.84.81.136 - - [04/Sep/2022:09:31:01 +0800] "POST /xingrg/kc/mdqp/pssh_list_operate.html HTTP/1.1" 200 5249
114.84.81.136 - - [04/Sep/2022:09:31:05 +0800] "POST /xingrg/kc/mdqp/pssh_list_operate.html HTTP/1.1" 200 252
116.232.194.65 - - [04/Sep/2022:09:31:05 +0800] "GET /xingrg/all/function/internal_message.html?_=1662255012646&CODE_STATE=getMsg HTTP/1.1" 200 27
114.84.81.136 - - [04/Sep/2022:09:31:05 +0800] "POST /xingrg/kc/mdqp/pssh_list_operate.html HTTP/1.1" 200 1586
114.84.81.136 - - [04/Sep/2022:09:31:05 +0800] "GET /xingrg/kc/mdqp/pssh_order_info.html?code=312022090300073 HTTP/1.1" 200 17303
114.84.81.136 - - [04/Sep/2022:09:31:05 +0800] "GET /xingrg/javascript/jquery_tools/jquery-1.4.2.min.js HTTP/1.1" 404 1094
114.84.81.136 - - [04/Sep/2022:09:31:06 +0800] "POST /xingrg/kc/mdqp/pssh_order_operate.html HTTP/1.1" 200 523
114.84.81.136 - - [04/Sep/2022:09:31:06 +0800] "GET /xingrg/javascript/easyui/themes/default/validatebox.css HTTP/1.1" 404 1104
180.169.147.146 - - [04/Sep/2022:09:31:06 +0800] "GET /xingrg/all/function/internal_message.html?_=1662255065714&CODE_STATE=getMsg HTTP/1.1" 200 27
116.232.194.65 - - [04/Sep/2022:09:31:07 +0800] "POST /xingrg/kc/buy/cgsh_order_operate.html HTTP/1.1" 200 37
114.84.81.136 - - [04/Sep/2022:09:31:08 +0800] "GET /xingrg/kc/print/load_data.html?order_code=312022090300073&kc_code=pssh&condition= HTTP/1.1" 200 558
222.70.246.221 - - [04/Sep/2022:09:31:10 +0800] "GET /xingrg/all/function/internal_message.html?_=1662255072116&CODE_STATE=getMsg HTTP/1.1" 302 -
120.253.135.82 - - [04/Sep/2022:09:31:11 +0800] "GET /xingrg/kc/pszx/mdps_order_info.html?code=312022090300069 HTTP/1.1" 200 19682
120.253.135.82 - - [04/Sep/2022:09:31:11 +0800] "POST /xingrg/kc/pszx/mdps_order_operate.html HTTP/1.1" 200 4978
120.253.135.82 - - [04/Sep/2022:09:31:11 +0800] "GET /xingrg/javascript/easyui/themes/default/validatebox.css HTTP/1.1" 404 1104
114.84.81.136 - - [04/Sep/2022:09:31:12 +0800] "GET /xingrg/kc/mdqp/pssh_order_list.html?isBack=1 HTTP/1.1" 200 17857
116.232.194.65 - - [04/Sep/2022:09:31:12 +0800] "POST /xingrg/kc/buy/cgsh_order_operate.html HTTP/1.1" 200 7982
114.84.81.136 - - [04/Sep/2022:09:31:12 +0800] "POST /xingrg/kc/mdqp/pssh_list_operate.html HTTP/1.1" 200 5249
114.84.81.136 - - [04/Sep/2022:09:31:13 +0800] "POST /xingrg/kc/mdqp/pssh_list_operate.html HTTP/1.1" 200 769
114.84.81.136 - - [04/Sep/2022:09:31:14 +0800] "POST /xingrg/kc/mdqp/pssh_list_operate.html HTTP/1.1" 200 1586
114.84.81.136 - - [04/Sep/2022:09:31:14 +0800] "GET /xingrg/kc/mdqp/pssh_order_info.html?code=312022090300072 HTTP/1.1" 200 17303
114.84.81.136 - - [04/Sep/2022:09:31:14 +0800] "GET /xingrg/javascript/jquery_tools/jquery-1.4.2.min.js HTTP/1.1" 404 1094
114.84.81.136 - - [04/Sep/2022:09:31:14 +0800] "POST /xingrg/kc/mdqp/pssh_order_operate.html HTTP/1.1" 200 11105
114.84.81.136 - - [04/Sep/2022:09:31:14 +0800] "GET /xingrg/javascript/easyui/themes/default/validatebox.css HTTP/1.1" 404 1104
120.253.135.82 - - [04/Sep/2022:09:31:15 +0800] "POST /xingrg/kc/pszx/mdps_list_operate.html HTTP/1.1" 200 639
114.84.81.136 - - [04/Sep/2022:09:31:15 +0800] "GET /xingrg/kc/print/load_data.html?order_code=312022090300072&kc_code=pssh&condition= HTTP/1.1" 200 4210
120.253.135.82 - - [04/Sep/2022:09:31:15 +0800] "GET /xingrg/kc/pszx/mdps_order_info.html?code=312022090300067 HTTP/1.1" 200 24022
120.253.135.82 - - [04/Sep/2022:09:31:16 +0800] "GET /xingrg/javascript/easyui/themes/default/validatebox.css HTTP/1.1" 404 1104
120.253.135.82 - - [04/Sep/2022:09:31:16 +0800] "POST /xingrg/kc/pszx/mdps_order_operate.html HTTP/1.1" 200 11630
180.169.147.146 - - [04/Sep/2022:09:31:18 +0800] "GET /xingrg/all/function/internal_message.html?_=1662255622650&CODE_STATE=getMsg HTTP/1.1" 200 27
114.84.81.136 - - [04/Sep/2022:09:31:19 +0800] "GET /xingrg/kc/mdqp/pssh_order_list.html?isBack=1 HTTP/1.1" 200 17857
114.84.81.136 - - [04/Sep/2022:09:31:19 +0800] "POST /xingrg/kc/mdqp/pssh_list_operate.html HTTP/1.1" 200 5249
114.84.81.136 - - [04/Sep/2022:09:31:20 +0800] "POST /xingrg/kc/mdqp/pssh_list_operate.html HTTP/1.1" 200 263
120.253.135.82 - - [04/Sep/2022:09:31:20 +0800] "POST /xingrg/kc/pszx/mdps_order_operate.html HTTP/1.1" 200 37
114.84.81.136 - - [04/Sep/2022:09:31:21 +0800] "POST /xingrg/kc/mdqp/pssh_list_operate.html HTTP/1.1" 200 769
120.253.135.82 - - [04/Sep/2022:09:31:22 +0800] "POST /xingrg/kc/pszx/mdps_order_operate.html HTTP/1.1" 200 12
114.84.81.136 - - [04/Sep/2022:09:31:23 +0800] "POST /xingrg/kc/mdqp/pssh_list_operate.html HTTP/1.1" 200 1586
114.84.81.136 - - [04/Sep/2022:09:31:23 +0800] "GET /xingrg/kc/mdqp/pssh_order_info.html?code=312022090300077 HTTP/1.1" 200 17303
114.84.81.136 - - [04/Sep/2022:09:31:23 +0800] "GET /xingrg/javascript/jquery_tools/jquery-1.4.2.min.js HTTP/1.1" 404 1094
114.84.81.136 - - [04/Sep/2022:09:31:23 +0800] "POST /xingrg/kc/mdqp/pssh_order_operate.html HTTP/1.1" 200 551
114.84.81.136 - - [04/Sep/2022:09:31:23 +0800] "GET /xingrg/javascript/easyui/themes/default/validatebox.css HTTP/1.1" 404 1104
116.224.255.128 - - [04/Sep/2022:09:31:25 +0800] "GET /xingrg/all/function/internal_message.html?_=1662255034130&CODE_STATE=getMsg HTTP/1.1" 200 27
114.84.81.136 - - [04/Sep/2022:09:31:25 +0800] "GET /xingrg/kc/mdqp/pssh_order_list.html?isBack=1 HTTP/1.1" 200 17857
114.84.81.136 - - [04/Sep/2022:09:31:25 +0800] "POST /xingrg/kc/mdqp/pssh_list_operate.html HTTP/1.1" 200 5249
114.84.81.136 - - [04/Sep/2022:09:31:26 +0800] "POST /xingrg/kc/mdqp/pssh_list_operate.html HTTP/1.1" 200 769
114.84.81.136 - - [04/Sep/2022:09:31:27 +0800] "POST /xingrg/kc/mdqp/pssh_list_operate.html HTTP/1.1" 200 263
114.84.81.136 - - [04/Sep/2022:09:31:27 +0800] "POST /xingrg/kc/mdqp/pssh_list_operate.html HTTP/1.1" 200 1586
114.84.81.136 - - [04/Sep/2022:09:31:27 +0800] "GET /xingrg/kc/mdqp/pssh_order_info.html?code=312022090300077 HTTP/1.1" 200 17303
114.84.81.136 - - [04/Sep/2022:09:31:28 +0800] "GET /xingrg/javascript/jquery_tools/jquery-1.4.2.min.js HTTP/1.1" 404 1094
114.84.81.136 - - [04/Sep/2022:09:31:28 +0800] "POST /xingrg/kc/mdqp/pssh_order_operate.html HTTP/1.1" 200 551
114.84.81.136 - - [04/Sep/2022:09:31:28 +0800] "GET /xingrg/javascript/easyui/themes/default/validatebox.css HTTP/1.1" 404 1104
120.253.135.82 - - [04/Sep/2022:09:31:29 +0800] "GET /xingrg/kc/pszx/mdps_order_info.html?code=312022090300067 HTTP/1.1" 200 19682
114.84.81.136 - - [04/Sep/2022:09:31:29 +0800] "GET /xingrg/kc/print/load_data.html?order_code=312022090300077&kc_code=pssh&condition= HTTP/1.1" 200 596
114.84.81.136 - - [04/Sep/2022:09:31:29 +0800] "GET /xingrg/all/function/internal_message.html?_=1662255090556&CODE_STATE=getMsg HTTP/1.1" 200 27
120.253.135.82 - - [04/Sep/2022:09:31:29 +0800] "POST /xingrg/kc/pszx/mdps_order_operate.html HTTP/1.1" 200 9775
120.253.135.82 - - [04/Sep/2022:09:31:30 +0800] "GET /xingrg/javascript/easyui/themes/default/validatebox.css HTTP/1.1" 404 1104
120.253.135.82 - - [04/Sep/2022:09:31:31 +0800] "POST /xingrg/kc/pszx/mdps_list_operate.html HTTP/1.1" 200 3551
124.79.74.72 - - [04/Sep/2022:09:31:32 +0800] "GET /xingrg/all/function/internal_message.html?_=1662255091016&CODE_STATE=getMsg HTTP/1.1" 200 27
114.84.81.136 - - [04/Sep/2022:09:31:33 +0800] "GET /xingrg/kc/mdqp/pssh_order_list.html?isBack=1 HTTP/1.1" 200 17857
114.84.81.136 - - [04/Sep/2022:09:31:34 +0800] "POST /xingrg/kc/mdqp/pssh_list_operate.html HTTP/1.1" 200 5249
114.84.81.136 - - [04/Sep/2022:09:31:35 +0800] "POST /xingrg/kc/mdqp/pssh_list_operate.html HTTP/1.1" 200 260
114.84.81.136 - - [04/Sep/2022:09:31:36 +0800] "POST /xingrg/kc/mdqp/pssh_list_operate.html HTTP/1.1" 200 1586
114.84.81.136 - - [04/Sep/2022:09:31:36 +0800] "GET /xingrg/kc/mdqp/pssh_order_info.html?code=312022090300074 HTTP/1.1" 200 17281
114.84.81.136 - - [04/Sep/2022:09:31:36 +0800] "GET /xingrg/javascript/jquery_tools/jquery-1.4.2.min.js HTTP/1.1" 404 1094
114.84.81.136 - - [04/Sep/2022:09:31:36 +0800] "POST /xingrg/kc/mdqp/pssh_order_operate.html HTTP/1.1" 200 535
114.84.81.136 - - [04/Sep/2022:09:31:36 +0800] "GET /xingrg/javascript/easyui/themes/default/validatebox.css HTTP/1.1" 404 1104
114.84.81.136 - - [04/Sep/2022:09:31:38 +0800] "GET /xingrg/kc/mdqp/pssh_order_list.html?isBack=1 HTTP/1.1" 200 17857
114.84.81.136 - - [04/Sep/2022:09:31:38 +0800] "POST /xingrg/kc/mdqp/pssh_list_operate.html HTTP/1.1" 200 5249
172.20.0.100 - - [04/Sep/2022:09:31:39 +0800] "GET /xingrg/all/function/internal_message.html?_=1662255098215&CODE_STATE=getMsg HTTP/1.1" 200 27
114.84.81.136 - - [04/Sep/2022:09:31:40 +0800] "POST /xingrg/kc/mdqp/pssh_list_operate.html HTTP/1.1" 200 260
114.84.81.136 - - [04/Sep/2022:09:31:41 +0800] "POST /xingrg/kc/mdqp/pssh_list_operate.html HTTP/1.1" 200 782
116.224.123.211 - - [04/Sep/2022:09:31:41 +0800] "GET /xingrg/all/function/internal_message.html?_=1662255101753&CODE_STATE=getMsg HTTP/1.1" 200 27
114.84.81.136 - - [04/Sep/2022:09:31:42 +0800] "POST /xingrg/kc/mdqp/pssh_list_operate.html HTTP/1.1" 200 1586
114.84.81.136 - - [04/Sep/2022:09:31:42 +0800] "GET /xingrg/kc/mdqp/pssh_order_info.html?code=312022090400095 HTTP/1.1" 200 17303
114.84.81.136 - - [04/Sep/2022:09:31:42 +0800] "GET /xingrg/javascript/jquery_tools/jquery-1.4.2.min.js HTTP/1.1" 404 1094
114.84.81.136 - - [04/Sep/2022:09:31:42 +0800] "POST /xingrg/kc/mdqp/pssh_order_operate.html HTTP/1.1" 200 3211
114.84.81.136 - - [04/Sep/2022:09:31:42 +0800] "GET /xingrg/javascript/easyui/themes/default/validatebox.css HTTP/1.1" 404 1104
116.225.121.189 - - [04/Sep/2022:09:31:43 +0800] "GET /xingrg/all/function/internal_message.html?_=1662255103818&CODE_STATE=getMsg HTTP/1.1" 200 27
116.224.255.128 - - [04/Sep/2022:09:31:43 +0800] "GET /xingrg/all/function/internal_message.html?_=1662255101305&CODE_STATE=getMsg HTTP/1.1" 200 27
114.84.81.136 - - [04/Sep/2022:09:31:43 +0800] "GET /xingrg/kc/print/load_data.html?order_code=312022090400095&kc_code=pssh&condition= HTTP/1.1" 200 1536
120.253.135.82 - - [04/Sep/2022:09:31:44 +0800] "POST /xingrg/kc/pszx/mdps_list_operate.html HTTP/1.1" 200 624
120.253.135.82 - - [04/Sep/2022:09:31:45 +0800] "GET /xingrg/all/function/internal_message.html?_=1662254905873&CODE_STATE=getMsg HTTP/1.1" 200 27
120.253.135.82 - - [04/Sep/2022:09:31:45 +0800] "GET /xingrg/kc/pszx/mdps_order_info.html?code=312022090300066 HTTP/1.1" 200 24022
120.253.135.82 - - [04/Sep/2022:09:31:46 +0800] "GET /xingrg/javascript/easyui/themes/default/validatebox.css HTTP/1.1" 404 1104
120.253.135.82 - - [04/Sep/2022:09:31:46 +0800] "POST /xingrg/kc/pszx/mdps_order_operate.html HTTP/1.1" 200 7854
114.84.81.136 - - [04/Sep/2022:09:31:47 +0800] "GET /xingrg/kc/mdqp/pssh_order_list.html?isBack=1 HTTP/1.1" 200 17857
114.84.81.136 - - [04/Sep/2022:09:31:47 +0800] "POST /xingrg/kc/mdqp/pssh_list_operate.html HTTP/1.1" 200 5249
114.84.81.136 - - [04/Sep/2022:09:31:48 +0800] "POST /xingrg/kc/mdqp/pssh_list_operate.html HTTP/1.1" 200 256
180.169.147.146 - - [04/Sep/2022:09:31:48 +0800] "GET /xingrg/all/function/internal_message.html?_=1662255108614&CODE_STATE=getMsg HTTP/1.1" 200 27
114.84.81.136 - - [04/Sep/2022:09:31:49 +0800] "POST /xingrg/kc/mdqp/pssh_list_operate.html HTTP/1.1" 200 1586
114.84.81.136 - - [04/Sep/2022:09:31:49 +0800] "GET /xingrg/kc/mdqp/pssh_order_info.html?code=312022090300092 HTTP/1.1" 200 17272
114.84.81.136 - - [04/Sep/2022:09:31:49 +0800] "GET /xingrg/javascript/jquery_tools/jquery-1.4.2.min.js HTTP/1.1" 404 1094
114.84.81.136 - - [04/Sep/2022:09:31:49 +0800] "POST /xingrg/kc/mdqp/pssh_order_operate.html HTTP/1.1" 200 526
114.84.81.136 - - [04/Sep/2022:09:31:49 +0800] "GET /xingrg/javascript/easyui/themes/default/validatebox.css HTTP/1.1" 404 1104
114.84.81.136 - - [04/Sep/2022:09:31:51 +0800] "GET /xingrg/kc/mdqp/pssh_order_list.html?isBack=1 HTTP/1.1" 200 17857
114.84.81.136 - - [04/Sep/2022:09:31:51 +0800] "POST /xingrg/kc/mdqp/pssh_list_operate.html HTTP/1.1" 200 5249
116.235.94.249 - - [04/Sep/2022:09:31:52 +0800] "GET /xingrg/all/function/internal_message.html?_=1662255305612&CODE_STATE=getMsg HTTP/1.1" 200 27
114.83.219.57 - - [04/Sep/2022:09:31:53 +0800] "GET /xingrg/all/function/internal_message.html?_=1662255193111&CODE_STATE=getMsg HTTP/1.1" 200 27
120.253.135.82 - - [04/Sep/2022:09:31:55 +0800] "POST /xingrg/kc/pszx/mdps_order_operate.html HTTP/1.1" 200 37
120.253.135.82 - - [04/Sep/2022:09:31:57 +0800] "POST /xingrg/kc/pszx/mdps_order_operate.html HTTP/1.1" 200 12
120.253.135.82 - - [04/Sep/2022:09:31:59 +0800] "GET /xingrg/all/function/internal_message.html?_=1662255245178&CODE_STATE=getMsg HTTP/1.1" 200 27
222.70.246.221 - - [04/Sep/2022:09:31:59 +0800] "GET /xingrg/all/function/internal_message.html?_=1662255144967&CODE_STATE=getMsg HTTP/1.1" 200 27
120.253.135.82 - - [04/Sep/2022:09:32:00 +0800] "GET /xingrg/kc/pszx/mdps_order_info.html?code=312022090300066 HTTP/1.1" 200 19682
120.253.135.82 - - [04/Sep/2022:09:32:01 +0800] "GET /xingrg/javascript/easyui/themes/default/validatebox.css HTTP/1.1" 404 1104
120.253.135.82 - - [04/Sep/2022:09:32:01 +0800] "POST /xingrg/kc/pszx/mdps_order_operate.html HTTP/1.1" 200 6018
120.253.135.82 - - [04/Sep/2022:09:32:03 +0800] "POST /xingrg/kc/pszx/mdps_list_operate.html HTTP/1.1" 200 3179
116.232.194.65 - - [04/Sep/2022:09:32:05 +0800] "GET /xingrg/all/function/internal_message.html?_=1662255072651&CODE_STATE=getMsg HTTP/1.1" 200 27
180.169.147.146 - - [04/Sep/2022:09:32:06 +0800] "GET /xingrg/all/function/internal_message.html?_=1662255125730&CODE_STATE=getMsg HTTP/1.1" 200 27
222.70.246.221 - - [04/Sep/2022:09:32:11 +0800] "GET /xingrg/all/function/internal_message.html?_=1662255132858&CODE_STATE=getMsg HTTP/1.1" 302 -
180.169.147.146 - - [04/Sep/2022:09:32:18 +0800] "GET /xingrg/all/function/internal_message.html?_=1662255682632&CODE_STATE=getMsg HTTP/1.1" 200 27
120.253.135.82 - - [04/Sep/2022:09:32:20 +0800] "POST /xingrg/kc/pszx/mdps_list_operate.html HTTP/1.1" 200 280
120.253.135.82 - - [04/Sep/2022:09:32:20 +0800] "GET /xingrg/kc/pszx/mdps_order_info.html?code=312022090300062 HTTP/1.1" 200 24022
120.253.135.82 - - [04/Sep/2022:09:32:21 +0800] "GET /xingrg/javascript/easyui/themes/default/validatebox.css HTTP/1.1" 404 1104
120.253.135.82 - - [04/Sep/2022:09:32:21 +0800] "POST /xingrg/kc/pszx/mdps_order_operate.html HTTP/1.1" 200 2779
116.224.255.128 - - [04/Sep/2022:09:32:25 +0800] "GET /xingrg/all/function/internal_message.html?_=1662255094205&CODE_STATE=getMsg HTTP/1.1" 200 27
120.253.135.82 - - [04/Sep/2022:09:32:25 +0800] "POST /xingrg/kc/pszx/mdps_order_operate.html HTTP/1.1" 200 37
120.253.135.82 - - [04/Sep/2022:09:32:27 +0800] "POST /xingrg/kc/pszx/mdps_order_operate.html HTTP/1.1" 200 12
114.84.81.136 - - [04/Sep/2022:09:32:29 +0800] "GET /xingrg/all/function/internal_message.html?_=1662255150541&CODE_STATE=getMsg HTTP/1.1" 200 27
124.79.74.72 - - [04/Sep/2022:09:32:32 +0800] "GET /xingrg/all/function/internal_message.html?_=1662255150986&CODE_STATE=getMsg HTTP/1.1" 200 27
120.253.135.82 - - [04/Sep/2022:09:32:33 +0800] "GET /xingrg/kc/pszx/mdps_order_info.html?code=312022090300062 HTTP/1.1" 200 19682
120.253.135.82 - - [04/Sep/2022:09:32:34 +0800] "GET /xingrg/javascript/easyui/themes/default/validatebox.css HTTP/1.1" 404 1104
120.253.135.82 - - [04/Sep/2022:09:32:34 +0800] "POST /xingrg/kc/pszx/mdps_order_operate.html HTTP/1.1" 200 998
120.253.135.82 - - [04/Sep/2022:09:32:35 +0800] "POST /xingrg/kc/pszx/mdps_list_operate.html HTTP/1.1" 200 2808
114.83.219.57 - - [04/Sep/2022:09:32:37 +0800] "GET /xingrg/check_reg.html?_=1662255236237 HTTP/1.1" 200 22
120.253.135.82 - - [04/Sep/2022:09:32:38 +0800] "POST /xingrg/kc/pszx/mdps_list_operate.html HTTP/1.1" 200 437
120.253.135.82 - - [04/Sep/2022:09:32:39 +0800] "GET /xingrg/kc/pszx/mdps_order_info.html?code=312022090300063 HTTP/1.1" 200 24022
172.20.0.100 - - [04/Sep/2022:09:32:39 +0800] "GET /xingrg/all/function/internal_message.html?_=1662255158217&CODE_STATE=getMsg HTTP/1.1" 200 27
120.253.135.82 - - [04/Sep/2022:09:32:39 +0800] "GET /xingrg/javascript/easyui/themes/default/validatebox.css HTTP/1.1" 404 1104
120.253.135.82 - - [04/Sep/2022:09:32:40 +0800] "POST /xingrg/kc/pszx/mdps_order_operate.html HTTP/1.1" 200 3765
116.224.123.211 - - [04/Sep/2022:09:32:41 +0800] "GET /xingrg/all/function/internal_message.html?_=1662255161743&CODE_STATE=getMsg HTTP/1.1" 200 27
120.253.135.82 - - [04/Sep/2022:09:32:43 +0800] "POST /xingrg/kc/pszx/mdps_order_operate.html HTTP/1.1" 200 37
116.225.121.189 - - [04/Sep/2022:09:32:43 +0800] "GET /xingrg/check_reg.html?_=1662255163818 HTTP/1.1" 200 22
116.225.121.189 - - [04/Sep/2022:09:32:43 +0800] "GET /xingrg/all/function/internal_message.html?_=1662255163821&CODE_STATE=getMsg HTTP/1.1" 200 27
116.224.255.128 - - [04/Sep/2022:09:32:43 +0800] "GET /xingrg/all/function/internal_message.html?_=1662255161310&CODE_STATE=getMsg HTTP/1.1" 200 27
120.253.135.82 - - [04/Sep/2022:09:32:43 +0800] "GET /xingrg/check_reg.html?_=1662254964445 HTTP/1.1" 200 22
120.253.135.82 - - [04/Sep/2022:09:32:44 +0800] "POST /xingrg/kc/pszx/mdps_order_operate.html HTTP/1.1" 200 12
120.253.135.82 - - [04/Sep/2022:09:32:47 +0800] "GET /xingrg/check_reg.html?_=1662255293500 HTTP/1.1" 200 22
180.169.147.146 - - [04/Sep/2022:09:32:48 +0800] "GET /xingrg/all/function/internal_message.html?_=1662255168615&CODE_STATE=getMsg HTTP/1.1" 200 27
120.253.135.82 - - [04/Sep/2022:09:32:52 +0800] "GET /xingrg/kc/pszx/mdps_order_info.html?code=312022090300063 HTTP/1.1" 200 19682
120.253.135.82 - - [04/Sep/2022:09:32:52 +0800] "GET /xingrg/javascript/easyui/themes/default/validatebox.css HTTP/1.1" 404 1104
116.235.94.249 - - [04/Sep/2022:09:32:52 +0800] "GET /xingrg/all/function/internal_message.html?_=1662255365610&CODE_STATE=getMsg HTTP/1.1" 200 27
120.253.135.82 - - [04/Sep/2022:09:32:53 +0800] "POST /xingrg/kc/pszx/mdps_order_operate.html HTTP/1.1" 200 1973
120.253.135.82 - - [04/Sep/2022:09:32:53 +0800] "GET /xingrg/all/function/internal_message.html?_=1662254973933&CODE_STATE=getMsg HTTP/1.1" 200 27
120.253.135.82 - - [04/Sep/2022:09:32:53 +0800] "POST /xingrg/kc/pszx/mdps_list_operate.html HTTP/1.1" 200 2435
114.83.219.57 - - [04/Sep/2022:09:32:53 +0800] "GET /xingrg/all/function/internal_message.html?_=1662255253096&CODE_STATE=getMsg HTTP/1.1" 200 27
120.253.135.82 - - [04/Sep/2022:09:32:55 +0800] "POST /xingrg/kc/pszx/mdps_list_operate.html HTTP/1.1" 200 415
120.253.135.82 - - [04/Sep/2022:09:32:56 +0800] "GET /xingrg/kc/pszx/mdps_order_info.html?code=312022090300065 HTTP/1.1" 200 24022
120.253.135.82 - - [04/Sep/2022:09:32:57 +0800] "GET /xingrg/javascript/easyui/themes/default/validatebox.css HTTP/1.1" 404 1104
120.253.135.82 - - [04/Sep/2022:09:32:57 +0800] "POST /xingrg/kc/pszx/mdps_order_operate.html HTTP/1.1" 200 3384
222.70.246.221 - - [04/Sep/2022:09:32:59 +0800] "GET /xingrg/check_reg.html?_=1662255204431 HTTP/1.1" 200 22
120.253.135.82 - - [04/Sep/2022:09:32:59 +0800] "GET /xingrg/all/function/internal_message.html?_=1662255305185&CODE_STATE=getMsg HTTP/1.1" 200 27
222.70.246.221 - - [04/Sep/2022:09:32:59 +0800] "GET /xingrg/all/function/internal_message.html?_=1662255204983&CODE_STATE=getMsg HTTP/1.1" 200 27
120.253.135.82 - - [04/Sep/2022:09:33:02 +0800] "POST /xingrg/kc/pszx/mdps_order_operate.html HTTP/1.1" 200 37
120.253.135.82 - - [04/Sep/2022:09:33:04 +0800] "POST /xingrg/kc/pszx/mdps_order_operate.html HTTP/1.1" 200 12
116.232.194.65 - - [04/Sep/2022:09:33:05 +0800] "GET /xingrg/all/function/internal_message.html?_=1662255132644&CODE_STATE=getMsg HTTP/1.1" 200 27
180.169.147.146 - - [04/Sep/2022:09:33:06 +0800] "GET /xingrg/all/function/internal_message.html?_=1662255185718&CODE_STATE=getMsg HTTP/1.1" 200 27
120.253.135.82 - - [04/Sep/2022:09:33:09 +0800] "GET /xingrg/kc/pszx/mdps_order_info.html?code=312022090300065 HTTP/1.1" 200 19682
120.253.135.82 - - [04/Sep/2022:09:33:09 +0800] "GET /xingrg/javascript/easyui/themes/default/validatebox.css HTTP/1.1" 404 1104
120.253.135.82 - - [04/Sep/2022:09:33:09 +0800] "POST /xingrg/kc/pszx/mdps_order_operate.html HTTP/1.1" 200 1594
120.253.135.82 - - [04/Sep/2022:09:33:10 +0800] "POST /xingrg/kc/pszx/mdps_list_operate.html HTTP/1.1" 200 2064
222.70.246.221 - - [04/Sep/2022:09:33:11 +0800] "GET /xingrg/all/function/internal_message.html?_=1662255192875&CODE_STATE=getMsg HTTP/1.1" 302 -
120.253.135.82 - - [04/Sep/2022:09:33:12 +0800] "POST /xingrg/kc/pszx/mdps_list_operate.html HTTP/1.1" 200 615
120.253.135.82 - - [04/Sep/2022:09:33:13 +0800] "GET /xingrg/kc/pszx/mdps_order_info.html?code=312022090300068 HTTP/1.1" 200 24022
120.253.135.82 - - [04/Sep/2022:09:33:14 +0800] "GET /xingrg/javascript/easyui/themes/default/validatebox.css HTTP/1.1" 404 1104
120.253.135.82 - - [04/Sep/2022:09:33:14 +0800] "POST /xingrg/kc/pszx/mdps_order_operate.html HTTP/1.1" 200 4812
180.169.147.146 - - [04/Sep/2022:09:33:17 +0800] "GET /xingrg/check_reg.html?_=1662255741759 HTTP/1.1" 200 22
180.169.147.146 - - [04/Sep/2022:09:33:18 +0800] "GET /xingrg/all/function/internal_message.html?_=1662255742613&CODE_STATE=getMsg HTTP/1.1" 200 27
120.253.135.82 - - [04/Sep/2022:09:33:18 +0800] "POST /xingrg/kc/pszx/mdps_order_operate.html HTTP/1.1" 200 37
120.253.135.82 - - [04/Sep/2022:09:33:20 +0800] "POST /xingrg/kc/pszx/mdps_order_operate.html HTTP/1.1" 200 12
120.253.135.82 - - [04/Sep/2022:09:33:21 +0800] "GET /xingrg/kc/pszx/mdps_order_info.html?code=312022090300068 HTTP/1.1" 200 19682
120.253.135.82 - - [04/Sep/2022:09:33:22 +0800] "GET /xingrg/javascript/easyui/themes/default/validatebox.css HTTP/1.1" 404 1104
120.253.135.82 - - [04/Sep/2022:09:33:22 +0800] "POST /xingrg/kc/pszx/mdps_order_operate.html HTTP/1.1" 200 3015
116.224.255.128 - - [04/Sep/2022:09:33:25 +0800] "GET /xingrg/all/function/internal_message.html?_=1662255154219&CODE_STATE=getMsg HTTP/1.1" 200 27
114.84.81.136 - - [04/Sep/2022:09:33:29 +0800] "GET /xingrg/all/function/internal_message.html?_=1662255210518&CODE_STATE=getMsg HTTP/1.1" 200 27
124.79.74.72 - - [04/Sep/2022:09:33:32 +0800] "GET /xingrg/all/function/internal_message.html?_=1662255210974&CODE_STATE=getMsg HTTP/1.1" 200 27
172.20.0.100 - - [04/Sep/2022:09:33:39 +0800] "GET /xingrg/all/function/internal_message.html?_=1662255218218&CODE_STATE=getMsg HTTP/1.1" 200 27
172.20.0.100 - - [04/Sep/2022:09:33:39 +0800] "GET /xingrg/check_reg.html?_=1662255218220 HTTP/1.1" 200 22
116.224.123.211 - - [04/Sep/2022:09:33:41 +0800] "GET /xingrg/all/function/internal_message.html?_=1662255221759&CODE_STATE=getMsg HTTP/1.1" 200 27
116.224.123.211 - - [04/Sep/2022:09:33:41 +0800] "GET /xingrg/check_reg.html?_=1662255221760 HTTP/1.1" 200 22
116.225.121.189 - - [04/Sep/2022:09:33:43 +0800] "GET /xingrg/all/function/internal_message.html?_=1662255223821&CODE_STATE=getMsg HTTP/1.1" 200 27
116.224.255.128 - - [04/Sep/2022:09:33:43 +0800] "GET /xingrg/all/function/internal_message.html?_=1662255221311&CODE_STATE=getMsg HTTP/1.1" 200 27
120.253.135.82 - - [04/Sep/2022:09:33:44 +0800] "POST /xingrg/kc/pszx/mdps_list_operate.html HTTP/1.1" 200 1692
120.253.135.82 - - [04/Sep/2022:09:33:46 +0800] "POST /xingrg/kc/pszx/mdps_list_operate.html HTTP/1.1" 200 203
180.169.147.146 - - [04/Sep/2022:09:33:48 +0800] "GET /xingrg/check_reg.html?_=1662255228615 HTTP/1.1" 200 22
180.169.147.146 - - [04/Sep/2022:09:33:48 +0800] "GET /xingrg/all/function/internal_message.html?_=1662255228618&CODE_STATE=getMsg HTTP/1.1" 200 27
120.253.135.82 - - [04/Sep/2022:09:33:49 +0800] "POST /xingrg/kc/pszx/mdps_list_operate.html HTTP/1.1" 200 1692
120.253.135.82 - - [04/Sep/2022:09:33:49 +0800] "POST /xingrg/kc/pszx/mdps_list_operate.html HTTP/1.1" 200 1692
120.253.135.82 - - [04/Sep/2022:09:33:52 +0800] "GET /xingrg/kc/pszx/mdps_order_list.html?orderType=0 HTTP/1.1" 200 21045
116.235.94.249 - - [04/Sep/2022:09:33:52 +0800] "GET /xingrg/all/function/internal_message.html?_=1662255425625&CODE_STATE=getMsg HTTP/1.1" 200 27
116.235.94.249 - - [04/Sep/2022:09:33:53 +0800] "GET /xingrg/check_reg.html?_=1662255425626 HTTP/1.1" 200 22
120.253.135.82 - - [04/Sep/2022:09:33:53 +0800] "GET /xingrg/all/function/internal_message.html?_=1662255033946&CODE_STATE=getMsg HTTP/1.1" 200 27
120.253.135.82 - - [04/Sep/2022:09:33:53 +0800] "POST /xingrg/kc/pszx/mdps_list_operate.html HTTP/1.1" 200 5013
114.83.219.57 - - [04/Sep/2022:09:33:53 +0800] "GET /xingrg/all/function/internal_message.html?_=1662255313079&CODE_STATE=getMsg HTTP/1.1" 200 27
120.253.135.82 - - [04/Sep/2022:09:33:57 +0800] "GET /xingrg/kc/report/report_main.html HTTP/1.1" 200 8599
120.253.135.82 - - [04/Sep/2022:09:33:58 +0800] "GET /xingrg/kc/base/kc_stocks.html HTTP/1.1" 200 16437
120.253.135.82 - - [04/Sep/2022:09:33:59 +0800] "GET /xingrg/javascript/easyui/themes/default/tree.css HTTP/1.1" 404 1090
120.253.135.82 - - [04/Sep/2022:09:33:59 +0800] "POST /xingrg/all/common/load_tree.html?tree=materiel_sort_tree_json HTTP/1.1" 200 9500
222.70.246.221 - - [04/Sep/2022:09:33:59 +0800] "GET /xingrg/all/function/internal_message.html?_=1662255264995&CODE_STATE=getMsg HTTP/1.1" 200 27
120.253.135.82 - - [04/Sep/2022:09:34:00 +0800] "POST /xingrg/all/common/load_combo.html?type=base HTTP/1.1" 200 1260
120.253.135.82 - - [04/Sep/2022:09:34:00 +0800] "GET /xingrg/all/function/internal_message.html?_=1662255365200&CODE_STATE=getMsg HTTP/1.1" 200 27
222.70.246.221 - - [04/Sep/2022:09:34:05 +0800] "GET /xingrg/check_reg.html?_=1662255245964 HTTP/1.1" 302 -
116.232.194.65 - - [04/Sep/2022:09:34:05 +0800] "GET /xingrg/all/function/internal_message.html?_=1662255192651&CODE_STATE=getMsg HTTP/1.1" 200 27
180.169.147.146 - - [04/Sep/2022:09:34:06 +0800] "GET /xingrg/all/function/internal_message.html?_=1662255245731&CODE_STATE=getMsg HTTP/1.1" 200 27
180.169.147.146 - - [04/Sep/2022:09:34:06 +0800] "GET /xingrg/check_reg.html?_=1662255245751 HTTP/1.1" 200 22
120.253.135.82 - - [04/Sep/2022:09:34:09 +0800] "POST /xingrg/kc/base/stock_operate.html HTTP/1.1" 200 1481
222.70.246.221 - - [04/Sep/2022:09:34:11 +0800] "GET /xingrg/all/function/internal_message.html?_=1662255252889&CODE_STATE=getMsg HTTP/1.1" 302 -
120.253.135.82 - - [04/Sep/2022:09:34:13 +0800] "GET /xingrg/kc/base/stock_detail.html?m=00101019373 HTTP/1.1" 200 6439
120.253.135.82 - - [04/Sep/2022:09:34:14 +0800] "GET /xingrg/javascript/jquery_easy_ui/themes/default/images/menu.gif HTTP/1.1" 200 834
180.169.147.146 - - [04/Sep/2022:09:34:14 +0800] "POST /xingrg/all/user/operate.html HTTP/1.1" 200 36
180.169.147.146 - - [04/Sep/2022:09:34:14 +0800] "GET /xingrg/index.html?sysBaseUrl=http%3A%2F%2F180.169.147.146%3A18081%2Fxingrg%2F&costTime=42×tamp=1662254927477 HTTP/1.1" 200 17509
180.169.147.146 - - [04/Sep/2022:09:34:14 +0800] "GET /xingrg/javascript/jquery_easy_ui/themes/default/easyui.css HTTP/1.1" 304 -
180.169.147.146 - - [04/Sep/2022:09:34:14 +0800] "GET /xingrg/javascript/jquery_easy_ui/themes/icon.css HTTP/1.1" 304 -
180.169.147.146 - - [04/Sep/2022:09:34:14 +0800] "GET /xingrg/css/form.css HTTP/1.1" 304 -
180.169.147.146 - - [04/Sep/2022:09:34:14 +0800] "GET /xingrg/javascript/jquery-1.4.2.min.js HTTP/1.1" 304 -
180.169.147.146 - - [04/Sep/2022:09:34:14 +0800] "GET /xingrg/javascript/jquery_easy_ui/jquery.easyui.min.js HTTP/1.1" 304 -
180.169.147.146 - - [04/Sep/2022:09:34:14 +0800] "GET /xingrg/javascript/jquery_easy_ui/easyui-lang-zh_CN.js HTTP/1.1" 304 -
180.169.147.146 - - [04/Sep/2022:09:34:14 +0800] "GET /xingrg/javascript/jquery.form.js HTTP/1.1" 304 -
180.169.147.146 - - [04/Sep/2022:09:34:14 +0800] "GET /xingrg/javascript/jquery.utils.js HTTP/1.1" 304 -
180.169.147.146 - - [04/Sep/2022:09:34:14 +0800] "GET /xingrg/javascript/jquery.timers.js HTTP/1.1" 304 -
