172.20.0.100 - - [04/Sep/2022:11:02:39 +0800] "GET /xingrg/all/function/internal_message.html?_=1662260558209&CODE_STATE=getMsg HTTP/1.1" 200 27
101.83.240.123 - - [04/Sep/2022:11:02:40 +0800] "GET /xingrg/all/function/internal_message.html?_=1662260560392&CODE_STATE=getMsg HTTP/1.1" 200 27
180.169.147.146 - - [04/Sep/2022:11:02:42 +0800] "GET /xingrg/check_reg.html?_=1662260561799 HTTP/1.1" 200 22
180.169.147.146 - - [04/Sep/2022:11:02:42 +0800] "GET /xingrg/all/function/internal_message.html?_=1662260561801&CODE_STATE=getMsg HTTP/1.1" 200 27
116.225.121.189 - - [04/Sep/2022:11:02:43 +0800] "GET /xingrg/all/function/internal_message.html?_=1662260563920&CODE_STATE=getMsg HTTP/1.1" 200 27
116.225.121.189 - - [04/Sep/2022:11:02:43 +0800] "GET /xingrg/check_reg.html?_=1662260563922 HTTP/1.1" 200 22
61.170.233.131 - - [04/Sep/2022:11:02:46 +0800] "GET /xingrg/kc/base/wldb_order_add.html HTTP/1.1" 200 30398
61.170.233.131 - - [04/Sep/2022:11:02:46 +0800] "GET /xingrg/javascript/easyui/themes/default/validatebox.css HTTP/1.1" 404 1104
61.170.233.131 - - [04/Sep/2022:11:02:46 +0800] "POST /xingrg/kc/base/wldb_order_operate.html HTTP/1.1" 200 6806
61.170.233.131 - - [04/Sep/2022:11:02:48 +0800] "POST /xingrg/all/common/load_combo.html?type=base HTTP/1.1" 200 3227
116.224.255.128 - - [04/Sep/2022:11:02:49 +0800] "GET /xingrg/images/yd/bt2.gif HTTP/1.1" 404 1042
116.224.255.128 - - [04/Sep/2022:11:02:50 +0800] "POST /xingrg/dwr/call/plaincall/AjaxYddbService.saveMaterielItem.dwr HTTP/1.1" 200 78
61.170.233.131 - - [04/Sep/2022:11:02:51 +0800] "POST /xingrg/all/common/load_combo.html?type=base HTTP/1.1" 200 3227
114.83.219.57 - - [04/Sep/2022:11:02:52 +0800] "GET /xingrg/all/function/internal_message.html?_=1662260651556&CODE_STATE=getMsg HTTP/1.1" 200 27
116.224.123.211 - - [04/Sep/2022:11:02:52 +0800] "GET /xingrg/kc/buy/cgsh_order_operate.html?command=get_materiel&rest_code=00102&code=00101006111&supplier_code=00100151&order_time=2022-09-04 HTTP/1.1" 200 409
116.235.94.249 - - [04/Sep/2022:11:02:53 +0800] "GET /xingrg/all/function/internal_message.html?_=1662260765769&CODE_STATE=getMsg HTTP/1.1" 200 27
116.224.255.128 - - [04/Sep/2022:11:02:53 +0800] "POST /xingrg/dwr/call/plaincall/AjaxYddbService.checkOrder.dwr HTTP/1.1" 200 281
101.89.29.78 - - [04/Sep/2022:11:02:53 +0800] "GET /xingrg/all/function/internal_message.html?_=1662258895406&CODE_STATE=count HTTP/1.1" 302 -
101.89.29.78 - - [04/Sep/2022:11:02:53 +0800] "GET /xingrg/login.html HTTP/1.1" 200 7641
61.170.233.131 - - [04/Sep/2022:11:02:57 +0800] "GET /xingrg/kc/base/wldb_order_operate.html?command=get_materiel&rest_code=00106&base_code=0010396&code=00101019127 HTTP/1.1" 200 480
180.162.112.166 - - [04/Sep/2022:11:02:57 +0800] "GET /xingrg/javascript/auto/indicator.gif HTTP/1.1" 404 1066
222.70.246.221 - - [04/Sep/2022:11:02:59 +0800] "GET /xingrg/check_reg.html?_=1662260604586 HTTP/1.1" 302 -
222.70.246.221 - - [04/Sep/2022:11:03:00 +0800] "GET /xingrg/all/function/internal_message.html?_=1662260606204&CODE_STATE=getMsg HTTP/1.1" 302 -
180.169.147.146 - - [04/Sep/2022:11:03:03 +0800] "GET /xingrg/all/function/internal_message.html?_=1662260581922&CODE_STATE=getMsg HTTP/1.1" 200 27
116.224.255.128 - - [04/Sep/2022:11:03:03 +0800] "POST /xingrg/dwr/call/plaincall/AjaxYddbService.checkOrder.dwr HTTP/1.1" 200 281
61.170.233.131 - - [04/Sep/2022:11:03:03 +0800] "GET /xingrg/kc/base/wldb_order_operate.html?command=get_materiel&rest_code=00106&base_code=0010396&code=00101019492 HTTP/1.1" 200 458
116.232.194.65 - - [04/Sep/2022:11:03:05 +0800] "GET /xingrg/all/function/internal_message.html?_=1662260532665&CODE_STATE=getMsg HTTP/1.1" 200 27
180.162.112.166 - - [04/Sep/2022:11:03:08 +0800] "GET /xingrg/javascript/jquery_easy_ui/themes/default/images/tabs_active.png HTTP/1.1" 304 -
114.84.81.136 - - [04/Sep/2022:11:03:09 +0800] "GET /xingrg/all/function/internal_message.html?_=1662260588623&CODE_STATE=getMsg HTTP/1.1" 200 27
116.224.123.211 - - [04/Sep/2022:11:03:11 +0800] "GET /xingrg/all/function/internal_message.html?_=1662260591505&CODE_STATE=getMsg HTTP/1.1" 200 27
222.70.246.221 - - [04/Sep/2022:11:03:12 +0800] "GET /xingrg/all/function/internal_message.html?_=1662260594083&CODE_STATE=getMsg HTTP/1.1" 200 27
180.162.112.166 - - [04/Sep/2022:11:03:13 +0800] "GET /xingrg/kc/buy/cgsh_order_info.html?code=212022090200744 HTTP/1.1" 200 67663
180.162.112.166 - - [04/Sep/2022:11:03:13 +0800] "GET /xingrg/javascript/easyui/themes/default/validatebox.css HTTP/1.1" 404 1104
180.162.112.166 - - [04/Sep/2022:11:03:14 +0800] "POST /xingrg/kc/buy/cgsh_order_operate.html HTTP/1.1" 200 6812
180.169.147.146 - - [04/Sep/2022:11:03:14 +0800] "GET /xingrg/all/function/internal_message.html?_=1662260594906&CODE_STATE=getMsg HTTP/1.1" 200 27
61.170.233.131 - - [04/Sep/2022:11:03:19 +0800] "GET /xingrg/all/function/internal_message.html?_=1662260593206&CODE_STATE=getMsg HTTP/1.1" 200 27
61.170.233.131 - - [04/Sep/2022:11:03:20 +0800] "GET /xingrg/kc/base/wldb_order_operate.html?command=get_materiel&rest_code=00106&base_code=0010396&code=00101016094 HTTP/1.1" 200 470
180.169.147.146 - - [04/Sep/2022:11:03:23 +0800] "POST /xingrg/dwr/call/plaincall/AjaxReportQueryService.refreshCache.dwr HTTP/1.1" 200 79
180.162.112.166 - - [04/Sep/2022:11:03:23 +0800] "GET /xingrg/kc/buy/cgsh_order_operate.html?command=get_materiel&rest_code=00143&code=00101003002&supplier_code=00100207&order_time=2022-09-02 HTTP/1.1" 200 411
180.169.147.146 - - [04/Sep/2022:11:03:24 +0800] "POST /xingrg/all/report/load_report_page.html HTTP/1.1" 200 109874
180.169.147.146 - - [04/Sep/2022:11:03:24 +0800] "GET /xingrg/servlets/image?cache=0.889751728259746&image=px HTTP/1.1" 200 807
116.224.255.128 - - [04/Sep/2022:11:03:24 +0800] "GET /xingrg/kc/base/wlsy_order_list.html?syType=1 HTTP/1.1" 200 17304
116.224.255.128 - - [04/Sep/2022:11:03:25 +0800] "GET /xingrg/javascript/easyui/themes/icons/uncheck_new.png HTTP/1.1" 304 -
116.224.255.128 - - [04/Sep/2022:11:03:25 +0800] "POST /xingrg/kc/base/wlsy_list_operate.html?syType=1 HTTP/1.1" 200 862
180.169.147.146 - - [04/Sep/2022:11:03:26 +0800] "GET /xingrg/check_reg.html?_=1662261150860 HTTP/1.1" 200 22
180.169.147.146 - - [04/Sep/2022:11:03:26 +0800] "GET /xingrg/all/function/internal_message.html?_=1662261150861&CODE_STATE=getMsg HTTP/1.1" 200 27
114.88.158.224 - - [04/Sep/2022:11:03:26 +0800] "GET /xingrg/all/function/internal_message.html?_=1662260266067&CODE_STATE=getMsg HTTP/1.1" 200 27
116.224.255.128 - - [04/Sep/2022:11:03:27 +0800] "GET /xingrg/kc/base/wlsy_order_add.html?syType=1 HTTP/1.1" 200 28603
116.224.255.128 - - [04/Sep/2022:11:03:27 +0800] "GET /xingrg/words/20220904092933_words.js HTTP/1.1" 304 -
116.224.255.128 - - [04/Sep/2022:11:03:28 +0800] "POST /xingrg/kc/base/wlsy_order_operate.html HTTP/1.1" 200 6806
116.224.255.128 - - [04/Sep/2022:11:03:28 +0800] "GET /xingrg/all/common/auto_word.html?type=base&rest_code=00151 HTTP/1.1" 200 1315
116.224.255.128 - - [04/Sep/2022:11:03:28 +0800] "GET /xingrg/all/function/internal_message.html?_=1662260557127&CODE_STATE=getMsg HTTP/1.1" 200 27
116.224.255.128 - - [04/Sep/2022:11:03:28 +0800] "GET /xingrg/javascript/easyui/themes/default/validatebox.css HTTP/1.1" 404 1104
180.169.147.146 - - [04/Sep/2022:11:03:29 +0800] "GET /xingrg/kc/pszx/mdps_order_info.html?isLook=1&code=312022082300542 HTTP/1.1" 200 19682
180.169.147.146 - - [04/Sep/2022:11:03:29 +0800] "GET /favicon.ico HTTP/1.1" 404 -
180.169.147.146 - - [04/Sep/2022:11:03:29 +0800] "GET /xingrg/javascript/easyui/themes/default/validatebox.css HTTP/1.1" 404 1104
180.169.147.146 - - [04/Sep/2022:11:03:29 +0800] "POST /xingrg/kc/pszx/mdps_order_operate.html HTTP/1.1" 200 1003
114.84.81.136 - - [04/Sep/2022:11:03:29 +0800] "GET /xingrg/all/function/internal_message.html?_=1662260610602&CODE_STATE=getMsg HTTP/1.1" 200 27
124.79.74.72 - - [04/Sep/2022:11:03:30 +0800] "GET /xingrg/all/function/internal_message.html?_=1662260608835&CODE_STATE=getMsg HTTP/1.1" 200 27
116.224.255.128 - - [04/Sep/2022:11:03:31 +0800] "GET /xingrg/javascript/auto/indicator.gif HTTP/1.1" 404 1066
180.162.112.166 - - [04/Sep/2022:11:03:32 +0800] "GET /xingrg/all/function/internal_message.html?_=1662259755319&CODE_STATE=getMsg HTTP/1.1" 200 27
61.170.233.131 - - [04/Sep/2022:11:03:32 +0800] "GET /xingrg/kc/base/wldb_order_operate.html?command=get_materiel&rest_code=00106&base_code=0010396&code=00101019187 HTTP/1.1" 200 479
180.169.147.146 - - [04/Sep/2022:11:03:39 +0800] "GET /xingrg/kc/pszx/mdps_order_info.html?isLook=1&code=312022022100288 HTTP/1.1" 200 19682
172.20.0.100 - - [04/Sep/2022:11:03:39 +0800] "GET /xingrg/all/function/internal_message.html?_=1662260618216&CODE_STATE=getMsg HTTP/1.1" 200 27
172.20.0.100 - - [04/Sep/2022:11:03:39 +0800] "GET /xingrg/check_reg.html?_=1662260618218 HTTP/1.1" 200 22
180.169.147.146 - - [04/Sep/2022:11:03:39 +0800] "GET /favicon.ico HTTP/1.1" 404 -
180.169.147.146 - - [04/Sep/2022:11:03:39 +0800] "GET /xingrg/javascript/easyui/themes/default/validatebox.css HTTP/1.1" 404 1104
180.169.147.146 - - [04/Sep/2022:11:03:39 +0800] "POST /xingrg/kc/pszx/mdps_order_operate.html HTTP/1.1" 200 5119
116.224.255.128 - - [04/Sep/2022:11:03:40 +0800] "GET /xingrg/kc/base/wlsy_order_operate.html?command=get_materiel&rest_code=00151&base_code=0010610&code=00101006002 HTTP/1.1" 200 420
101.83.240.123 - - [04/Sep/2022:11:03:40 +0800] "GET /xingrg/all/function/internal_message.html?_=1662260620394&CODE_STATE=getMsg HTTP/1.1" 200 27
116.224.123.211 - - [04/Sep/2022:11:03:41 +0800] "GET /xingrg/all/function/internal_message.html?_=1662260621048&CODE_STATE=getMsg HTTP/1.1" 200 27
116.224.123.211 - - [04/Sep/2022:11:03:41 +0800] "GET /xingrg/check_reg.html?_=1662260621643 HTTP/1.1" 200 22
180.169.147.146 - - [04/Sep/2022:11:03:42 +0800] "GET /xingrg/all/function/internal_message.html?_=1662260621801&CODE_STATE=getMsg HTTP/1.1" 200 27
116.225.121.189 - - [04/Sep/2022:11:03:43 +0800] "GET /xingrg/all/function/internal_message.html?_=1662260623921&CODE_STATE=getMsg HTTP/1.1" 200 27
180.169.147.146 - - [04/Sep/2022:11:03:43 +0800] "POST /xingrg/all/report/load_report_page.html HTTP/1.1" 200 81243
180.169.147.146 - - [04/Sep/2022:11:03:43 +0800] "GET /xingrg/servlets/image?cache=0.9545655645486368&image=px HTTP/1.1" 200 807
101.89.239.245 - - [04/Sep/2022:11:03:43 +0800] "GET /xingrg/all/function/internal_message.html?_=1662258955425&CODE_STATE=getMsg HTTP/1.1" 302 -
101.89.239.245 - - [04/Sep/2022:11:03:43 +0800] "GET /xingrg/login.html HTTP/1.1" 200 7641
116.224.255.128 - - [04/Sep/2022:11:03:44 +0800] "POST /xingrg/kc/base/wlsy_order_operate.html HTTP/1.1" 200 37
116.224.255.128 - - [04/Sep/2022:11:03:45 +0800] "POST /xingrg/kc/base/wlsy_order_operate.html HTTP/1.1" 200 12
116.224.255.128 - - [04/Sep/2022:11:03:45 +0800] "POST /xingrg/kc/base/wlsy_order_operate.html HTTP/1.1" 200 2163
180.169.147.146 - - [04/Sep/2022:11:03:47 +0800] "GET /xingrg/kc/pszx/mdps_order_info.html?isLook=1&code=312022080300072 HTTP/1.1" 200 19682
116.224.255.128 - - [04/Sep/2022:11:03:48 +0800] "POST /xingrg/kc/base/wlsy_list_operate.html?syType=1 HTTP/1.1" 200 862
180.169.147.146 - - [04/Sep/2022:11:03:48 +0800] "GET /favicon.ico HTTP/1.1" 404 -
180.169.147.146 - - [04/Sep/2022:11:03:48 +0800] "POST /xingrg/kc/pszx/mdps_order_operate.html HTTP/1.1" 200 4966
180.169.147.146 - - [04/Sep/2022:11:03:48 +0800] "GET /xingrg/javascript/easyui/themes/default/validatebox.css HTTP/1.1" 404 1104
180.169.147.146 - - [04/Sep/2022:11:03:52 +0800] "POST /xingrg/all/report/load_report_page.html HTTP/1.1" 200 101202
180.169.147.146 - - [04/Sep/2022:11:03:52 +0800] "GET /xingrg/servlets/image?cache=0.4973620867028897&image=px HTTP/1.1" 200 807
114.83.219.57 - - [04/Sep/2022:11:03:52 +0800] "GET /xingrg/all/function/internal_message.html?_=1662260711545&CODE_STATE=getMsg HTTP/1.1" 200 27
116.235.94.249 - - [04/Sep/2022:11:03:53 +0800] "GET /xingrg/check_reg.html?_=1662260825769 HTTP/1.1" 200 22
116.235.94.249 - - [04/Sep/2022:11:03:53 +0800] "GET /xingrg/all/function/internal_message.html?_=1662260825768&CODE_STATE=getMsg HTTP/1.1" 200 27
180.169.147.146 - - [04/Sep/2022:11:03:54 +0800] "GET /xingrg/kc/pszx/mdps_order_info.html?isLook=1&code=312022081800387 HTTP/1.1" 200 19682
180.169.147.146 - - [04/Sep/2022:11:03:55 +0800] "GET /favicon.ico HTTP/1.1" 404 -
180.169.147.146 - - [04/Sep/2022:11:03:55 +0800] "GET /xingrg/javascript/easyui/themes/default/validatebox.css HTTP/1.1" 404 1104
180.169.147.146 - - [04/Sep/2022:11:03:55 +0800] "POST /xingrg/kc/pszx/mdps_order_operate.html HTTP/1.1" 200 7227
116.224.255.128 - - [04/Sep/2022:11:03:56 +0800] "POST /xingrg/dwr/call/plaincall/AjaxYddbService.checkOrder.dwr HTTP/1.1" 200 78
116.224.255.128 - - [04/Sep/2022:11:03:57 +0800] "GET /xingrg/kc/base/yddb_order_info.html?code=482022090400055 HTTP/1.1" 200 29179
116.224.255.128 - - [04/Sep/2022:11:03:57 +0800] "GET /xingrg/dwr/interface/AjaxComOrderService.js HTTP/1.1" 200 18264
116.224.255.128 - - [04/Sep/2022:11:03:57 +0800] "GET /xingrg/dwr/interface/AjaxYddbService.js HTTP/1.1" 200 13201
116.224.255.128 - - [04/Sep/2022:11:03:57 +0800] "GET /xingrg/dwr/engine.js HTTP/1.1" 200 43631
116.224.255.128 - - [04/Sep/2022:11:03:57 +0800] "POST /xingrg/dwr/call/plaincall/AjaxYddbService.loadMaterielItems.dwr HTTP/1.1" 200 401
116.224.255.128 - - [04/Sep/2022:11:03:59 +0800] "GET /xingrg/kc/base/yddb_order_report.html?fileType=servlets/html&code=482022090400055&reportName=ck_order_report&subName=yddb HTTP/1.1" 302 -
116.224.255.128 - - [04/Sep/2022:11:03:59 +0800] "GET /xingrg/servlets/html?sysBaseUrl=http%3A%2F%2F180.169.147.146%3A18081%2Fxingrg%2F&costTime=85×tamp=1662260639147 HTTP/1.1" 200 14768
116.224.255.128 - - [04/Sep/2022:11:03:59 +0800] "GET /xingrg/servlets/image?image=px HTTP/1.1" 200 807
116.224.255.128 - - [04/Sep/2022:11:03:59 +0800] "GET /favicon.ico HTTP/1.1" 404 -
222.70.246.221 - - [04/Sep/2022:11:04:00 +0800] "GET /xingrg/all/function/internal_message.html?_=1662260666224&CODE_STATE=getMsg HTTP/1.1" 302 -
61.170.233.131 - - [04/Sep/2022:11:04:00 +0800] "GET /xingrg/kc/base/wldb_order_operate.html?command=get_materiel&rest_code=00106&base_code=0010396&code=00101019129 HTTP/1.1" 200 471
180.169.147.146 - - [04/Sep/2022:11:04:03 +0800] "GET /xingrg/all/function/internal_message.html?_=1662260641913&CODE_STATE=getMsg HTTP/1.1" 200 27
180.169.147.146 - - [04/Sep/2022:11:04:03 +0800] "GET /xingrg/check_reg.html?_=1662260642056 HTTP/1.1" 200 22
116.224.255.128 - - [04/Sep/2022:11:04:05 +0800] "GET /xingrg/all/function/internal_message.html?_=1662260643105&CODE_STATE=getMsg HTTP/1.1" 200 27
116.232.194.65 - - [04/Sep/2022:11:04:05 +0800] "GET /xingrg/all/function/internal_message.html?_=1662260592650&CODE_STATE=getMsg HTTP/1.1" 200 27
114.84.81.136 - - [04/Sep/2022:11:04:09 +0800] "GET /xingrg/all/function/internal_message.html?_=1662260648623&CODE_STATE=getMsg HTTP/1.1" 200 27
116.224.255.128 - - [04/Sep/2022:11:04:10 +0800] "GET /xingrg/kc/base/yddb_order_list.html?isBack=1 HTTP/1.1" 200 16790
116.224.255.128 - - [04/Sep/2022:11:04:10 +0800] "POST /xingrg/kc/base/yddb_list_operate.html HTTP/1.1" 200 636
116.224.123.211 - - [04/Sep/2022:11:04:11 +0800] "GET /xingrg/check_reg.html?_=1662260651508 HTTP/1.1" 200 22
116.224.123.211 - - [04/Sep/2022:11:04:11 +0800] "GET /xingrg/all/function/internal_message.html?_=1662260651505&CODE_STATE=getMsg HTTP/1.1" 200 27
222.70.246.221 - - [04/Sep/2022:11:04:12 +0800] "GET /xingrg/all/function/internal_message.html?_=1662260654163&CODE_STATE=getMsg HTTP/1.1" 200 27
124.79.74.72 - - [04/Sep/2022:11:04:14 +0800] "GET /xingrg/check_reg.html?_=1662260653008 HTTP/1.1" 200 22
180.169.147.146 - - [04/Sep/2022:11:04:14 +0800] "GET /xingrg/check_reg.html?_=1662260654909 HTTP/1.1" 200 22
180.169.147.146 - - [04/Sep/2022:11:04:14 +0800] "GET /xingrg/all/function/internal_message.html?_=1662260654911&CODE_STATE=getMsg HTTP/1.1" 200 27
61.170.233.131 - - [04/Sep/2022:11:04:19 +0800] "GET /xingrg/all/function/internal_message.html?_=1662260653215&CODE_STATE=getMsg HTTP/1.1" 200 27
180.169.147.146 - - [04/Sep/2022:11:04:26 +0800] "GET /xingrg/all/function/internal_message.html?_=1662261210851&CODE_STATE=getMsg HTTP/1.1" 200 27
114.88.158.224 - - [04/Sep/2022:11:04:26 +0800] "GET /xingrg/all/function/internal_message.html?_=1662260326038&CODE_STATE=getMsg HTTP/1.1" 200 27
114.88.158.224 - - [04/Sep/2022:11:04:27 +0800] "GET /xingrg/check_reg.html?_=1662260327087 HTTP/1.1" 200 22
116.224.255.128 - - [04/Sep/2022:11:04:28 +0800] "GET /xingrg/all/function/internal_message.html?_=1662260617191&CODE_STATE=getMsg HTTP/1.1" 200 27
114.84.81.136 - - [04/Sep/2022:11:04:29 +0800] "GET /xingrg/all/function/internal_message.html?_=1662260670594&CODE_STATE=getMsg HTTP/1.1" 200 27
124.79.74.72 - - [04/Sep/2022:11:04:30 +0800] "GET /xingrg/all/function/internal_message.html?_=1662260668805&CODE_STATE=getMsg HTTP/1.1" 200 27
180.162.112.166 - - [04/Sep/2022:11:04:32 +0800] "GET /xingrg/all/function/internal_message.html?_=1662259815307&CODE_STATE=getMsg HTTP/1.1" 200 27
180.162.112.166 - - [04/Sep/2022:11:04:33 +0800] "GET /xingrg/kc/buy/cgsh_order_operate.html?command=get_materiel&rest_code=00143&code=00101018011&supplier_code=00100207&order_time=2022-09-02 HTTP/1.1" 200 413
114.88.158.224 - - [04/Sep/2022:11:04:36 +0800] "GET /xingrg/kc/buy/cgsh_order_add.html HTTP/1.1" 200 68575
114.88.158.224 - - [04/Sep/2022:11:04:36 +0800] "POST /xingrg/kc/buy/cgsh_order_operate.html HTTP/1.1" 200 8245
114.88.158.224 - - [04/Sep/2022:11:04:37 +0800] "GET /xingrg/javascript/easyui/themes/default/validatebox.css HTTP/1.1" 404 1104
172.20.0.100 - - [04/Sep/2022:11:04:39 +0800] "GET /xingrg/all/function/internal_message.html?_=1662260678220&CODE_STATE=getMsg HTTP/1.1" 200 27
101.83.240.123 - - [04/Sep/2022:11:04:40 +0800] "GET /xingrg/all/function/internal_message.html?_=1662260680401&CODE_STATE=getMsg HTTP/1.1" 200 27
101.83.240.123 - - [04/Sep/2022:11:04:40 +0800] "GET /xingrg/check_reg.html?_=1662260680406 HTTP/1.1" 200 22
116.224.123.211 - - [04/Sep/2022:11:04:41 +0800] "GET /xingrg/all/function/internal_message.html?_=1662260681037&CODE_STATE=getMsg HTTP/1.1" 200 27
180.169.147.146 - - [04/Sep/2022:11:04:42 +0800] "GET /xingrg/all/function/internal_message.html?_=1662260681784&CODE_STATE=getMsg HTTP/1.1" 200 27
116.225.121.189 - - [04/Sep/2022:11:04:43 +0800] "GET /xingrg/all/function/internal_message.html?_=1662260683920&CODE_STATE=getMsg HTTP/1.1" 200 27
180.169.147.146 - - [04/Sep/2022:11:04:45 +0800] "POST /xingrg/dwr/call/plaincall/AjaxReportQueryService.refreshCache.dwr HTTP/1.1" 200 79
180.169.147.146 - - [04/Sep/2022:11:04:45 +0800] "POST /xingrg/all/report/load_report_page.html HTTP/1.1" 200 89
116.224.255.128 - - [04/Sep/2022:11:04:46 +0800] "POST /xingrg/all/user/operate.html HTTP/1.1" 200 36
116.224.255.128 - - [04/Sep/2022:11:04:47 +0800] "GET /xingrg/index.html?sysBaseUrl=http%3A%2F%2F180.169.147.146%3A18081%2Fxingrg%2F&costTime=98×tamp=1662254083068 HTTP/1.1" 200 17179
116.224.255.128 - - [04/Sep/2022:11:04:47 +0800] "GET /xingrg/javascript/jquery_easy_ui/themes/default/easyui.css HTTP/1.1" 304 -
116.224.255.128 - - [04/Sep/2022:11:04:47 +0800] "GET /xingrg/javascript/jquery_easy_ui/themes/icon.css HTTP/1.1" 304 -
116.224.255.128 - - [04/Sep/2022:11:04:47 +0800] "GET /xingrg/css/form.css HTTP/1.1" 304 -
116.224.255.128 - - [04/Sep/2022:11:04:47 +0800] "GET /xingrg/javascript/jquery-1.4.2.min.js HTTP/1.1" 304 -
116.224.255.128 - - [04/Sep/2022:11:04:47 +0800] "GET /xingrg/javascript/jquery_easy_ui/jquery.easyui.min.js HTTP/1.1" 304 -
116.224.255.128 - - [04/Sep/2022:11:04:47 +0800] "GET /xingrg/javascript/jquery_easy_ui/easyui-lang-zh_CN.js HTTP/1.1" 304 -
116.224.255.128 - - [04/Sep/2022:11:04:47 +0800] "GET /xingrg/javascript/jquery.form.js HTTP/1.1" 304 -
116.224.255.128 - - [04/Sep/2022:11:04:47 +0800] "GET /xingrg/javascript/jquery.utils.js HTTP/1.1" 304 -
116.224.255.128 - - [04/Sep/2022:11:04:47 +0800] "GET /xingrg/javascript/jquery.timers.js HTTP/1.1" 304 -
116.224.255.128 - - [04/Sep/2022:11:04:47 +0800] "GET /xingrg/images/blue/jxLogo.png HTTP/1.1" 304 -
116.224.255.128 - - [04/Sep/2022:11:04:47 +0800] "GET /xingrg/javascript/jquery_easy_ui/themes/icons/settle_new.png HTTP/1.1" 304 -
116.224.255.128 - - [04/Sep/2022:11:04:47 +0800] "GET /xingrg/images/blue/navBackgound.jpg HTTP/1.1" 304 -
116.224.255.128 - - [04/Sep/2022:11:04:47 +0800] "POST /xingrg/all/common/load_tree.html?tree=area_rest_tree_json&manage=1 HTTP/1.1" 200 476
116.224.255.128 - - [04/Sep/2022:11:04:47 +0800] "GET /xingrg/all/function/internal_message.html?_=1662260685043&CODE_STATE=count HTTP/1.1" 200 11
116.224.255.128 - - [04/Sep/2022:11:04:47 +0800] "GET /xingrg/check_reg.html?_=1662260685045 HTTP/1.1" 200 22
116.224.255.128 - - [04/Sep/2022:11:04:47 +0800] "GET /xingrg/javascript/jquery_easy_ui/themes/default/images/tabs_leftarrow.png HTTP/1.1" 304 -
116.224.255.128 - - [04/Sep/2022:11:04:47 +0800] "POST /xingrg/load_menu.html HTTP/1.1" 200 5138
116.224.255.128 - - [04/Sep/2022:11:04:47 +0800] "GET /xingrg/javascript/jquery_easy_ui/themes/default/images/tabs_rightarrow.png HTTP/1.1" 304 -
116.224.255.128 - - [04/Sep/2022:11:04:47 +0800] "GET /xingrg/images/blue/pingpu.png HTTP/1.1" 304 -
116.224.255.128 - - [04/Sep/2022:11:04:47 +0800] "GET /xingrg/javascript/jquery_easy_ui/themes/default/images/panel_tool_collapse.gif HTTP/1.1" 304 -
116.224.255.128 - - [04/Sep/2022:11:04:47 +0800] "GET /xingrg/javascript/jquery_easy_ui/themes/icons/forms_new.png HTTP/1.1" 304 -
116.224.255.128 - - [04/Sep/2022:11:04:47 +0800] "GET /xingrg/javascript/jquery_easy_ui/themes/icons/storage_new.png HTTP/1.1" 304 -
116.224.255.128 - - [04/Sep/2022:11:04:47 +0800] "GET /xingrg/javascript/jquery_easy_ui/themes/default/images/tree_folder_open.gif HTTP/1.1" 304 -
116.224.255.128 - - [04/Sep/2022:11:04:47 +0800] "GET /xingrg/javascript/jquery_easy_ui/themes/default/images/tree_file.gif HTTP/1.1" 304 -
116.224.255.128 - - [04/Sep/2022:11:04:47 +0800] "GET /xingrg/javascript/jquery_easy_ui/themes/default/images/tree_arrows.gif HTTP/1.1" 304 -
116.224.255.128 - - [04/Sep/2022:11:04:47 +0800] "GET /xingrg/javascript/jquery_easy_ui/themes/default/images/tree_folder.gif HTTP/1.1" 304 -
116.224.255.128 - - [04/Sep/2022:11:04:47 +0800] "GET /xingrg/javascript/jquery_easy_ui/themes/icons/search_new.png HTTP/1.1" 304 -
116.224.255.128 - - [04/Sep/2022:11:04:49 +0800] "GET /xingrg/kc/base/yddb_order_list.html HTTP/1.1" 200 16792
116.224.255.128 - - [04/Sep/2022:11:04:49 +0800] "POST /xingrg/kc/base/yddb_list_operate.html HTTP/1.1" 200 2577
114.88.158.224 - - [04/Sep/2022:11:04:51 +0800] "GET /xingrg/kc/buy/cgsh_order_operate.html?command=get_materiel&rest_code=00141&code=00101009050&supplier_code=00100022&order_time=2022-09-04 HTTP/1.1" 200 408
116.224.255.128 - - [04/Sep/2022:11:04:52 +0800] "POST /xingrg/kc/base/yddb_list_operate.html HTTP/1.1" 200 1856
114.83.219.57 - - [04/Sep/2022:11:04:52 +0800] "GET /xingrg/all/function/internal_message.html?_=1662260771533&CODE_STATE=getMsg HTTP/1.1" 200 27
116.235.94.249 - - [04/Sep/2022:11:04:53 +0800] "GET /xingrg/all/function/internal_message.html?_=1662260885767&CODE_STATE=getMsg HTTP/1.1" 200 27
114.83.219.57 - - [04/Sep/2022:11:04:55 +0800] "GET /xingrg/login.html HTTP/1.1" 200 7641
116.224.255.128 - - [04/Sep/2022:11:04:55 +0800] "POST /xingrg/kc/base/yddb_list_operate.html HTTP/1.1" 200 205
114.83.219.57 - - [04/Sep/2022:11:04:56 +0800] "GET /favicon.ico HTTP/1.1" 404 -
116.224.255.128 - - [04/Sep/2022:11:04:57 +0800] "GET /xingrg/kc/base/yddb_order_info.html?code=482022090400055 HTTP/1.1" 200 31151
116.224.255.128 - - [04/Sep/2022:11:04:57 +0800] "GET /xingrg/dwr/interface/AjaxComOrderService.js HTTP/1.1" 200 18264
116.224.255.128 - - [04/Sep/2022:11:04:57 +0800] "GET /xingrg/dwr/interface/AjaxYddbService.js HTTP/1.1" 200 13201
116.224.255.128 - - [04/Sep/2022:11:04:57 +0800] "GET /xingrg/dwr/engine.js HTTP/1.1" 200 43631
114.83.219.57 - - [04/Sep/2022:11:04:57 +0800] "POST /xingrg/login.do HTTP/1.1" 302 -
114.83.219.57 - - [04/Sep/2022:11:04:57 +0800] "GET /xingrg/index.html?sysBaseUrl=http%3A%2F%2F180.169.147.146%3A18081%2Fxingrg%2F&costTime=40×tamp=1662260697692 HTTP/1.1" 200 17179
116.224.255.128 - - [04/Sep/2022:11:04:57 +0800] "POST /xingrg/dwr/call/plaincall/AjaxYddbService.loadMaterielItems.dwr HTTP/1.1" 200 401
114.83.219.57 - - [04/Sep/2022:11:04:57 +0800] "GET /favicon.ico HTTP/1.1" 404 -
114.83.219.57 - - [04/Sep/2022:11:04:57 +0800] "POST /xingrg/all/common/load_tree.html?tree=area_rest_tree_json&manage=1 HTTP/1.1" 200 351
114.83.219.57 - - [04/Sep/2022:11:04:58 +0800] "GET /xingrg/all/function/internal_message.html?_=1662260777248&CODE_STATE=count HTTP/1.1" 200 11
114.83.219.57 - - [04/Sep/2022:11:04:58 +0800] "POST /xingrg/load_menu.html HTTP/1.1" 200 5138
114.83.219.57 - - [04/Sep/2022:11:04:58 +0800] "GET /xingrg/check_reg.html?_=1662260777250 HTTP/1.1" 200 22
116.224.255.128 - - [04/Sep/2022:11:04:58 +0800] "GET /xingrg/check_reg.html?_=1662260647360 HTTP/1.1" 200 22
180.169.147.146 - - [04/Sep/2022:11:04:59 +0800] "POST /xingrg/dwr/call/plaincall/AjaxReportQueryService.refreshCache.dwr HTTP/1.1" 200 79
180.169.147.146 - - [04/Sep/2022:11:05:00 +0800] "POST /xingrg/all/report/load_report_page.html HTTP/1.1" 200 29144
180.169.147.146 - - [04/Sep/2022:11:05:00 +0800] "GET /xingrg/servlets/image?cache=0.7369210806759288&image=px HTTP/1.1" 200 807
222.70.246.221 - - [04/Sep/2022:11:05:00 +0800] "GET /xingrg/all/function/internal_message.html?_=1662260726231&CODE_STATE=getMsg HTTP/1.1" 302 -
180.169.147.146 - - [04/Sep/2022:11:05:02 +0800] "GET /xingrg/kc/pszx/mdps_order_info.html?isLook=1&code=312022012100741 HTTP/1.1" 200 19682
180.169.147.146 - - [04/Sep/2022:11:05:02 +0800] "GET /favicon.ico HTTP/1.1" 404 -
180.169.147.146 - - [04/Sep/2022:11:05:02 +0800] "GET /xingrg/javascript/easyui/themes/default/validatebox.css HTTP/1.1" 404 1104
180.169.147.146 - - [04/Sep/2022:11:05:02 +0800] "POST /xingrg/kc/pszx/mdps_order_operate.html HTTP/1.1" 200 2000
116.224.255.128 - - [04/Sep/2022:11:05:02 +0800] "POST /xingrg/dwr/call/plaincall/AjaxYddbService.saveOrder.dwr HTTP/1.1" 200 78
180.169.147.146 - - [04/Sep/2022:11:05:03 +0800] "GET /xingrg/all/function/internal_message.html?_=1662260701913&CODE_STATE=getMsg HTTP/1.1" 200 27
116.232.194.65 - - [04/Sep/2022:11:05:05 +0800] "GET /xingrg/all/function/internal_message.html?_=1662260652643&CODE_STATE=getMsg HTTP/1.1" 200 27
116.232.194.65 - - [04/Sep/2022:11:05:05 +0800] "GET /xingrg/check_reg.html?_=1662260652645 HTTP/1.1" 200 22
116.224.255.128 - - [04/Sep/2022:11:05:05 +0800] "POST /xingrg/dwr/call/plaincall/AjaxYddbService.objCheckOrder.dwr HTTP/1.1" 200 78
116.224.255.128 - - [04/Sep/2022:11:05:06 +0800] "GET /xingrg/kc/base/yddb_order_info.html?code=482022090400055 HTTP/1.1" 200 31272
116.224.255.128 - - [04/Sep/2022:11:05:06 +0800] "GET /xingrg/dwr/interface/AjaxYddbService.js HTTP/1.1" 200 13201
116.224.255.128 - - [04/Sep/2022:11:05:06 +0800] "GET /xingrg/dwr/interface/AjaxComOrderService.js HTTP/1.1" 200 18264
116.224.255.128 - - [04/Sep/2022:11:05:06 +0800] "GET /xingrg/dwr/engine.js HTTP/1.1" 200 43631
114.83.219.57 - - [04/Sep/2022:11:05:06 +0800] "GET /xingrg/kc/base/wldb_order_list.html HTTP/1.1" 200 19186
116.224.255.128 - - [04/Sep/2022:11:05:07 +0800] "POST /xingrg/dwr/call/plaincall/AjaxYddbService.loadMaterielItems.dwr HTTP/1.1" 200 401
114.83.219.57 - - [04/Sep/2022:11:05:07 +0800] "POST /xingrg/kc/base/wldb_list_operate.html HTTP/1.1" 200 928
114.84.81.136 - - [04/Sep/2022:11:05:09 +0800] "GET /xingrg/all/function/internal_message.html?_=1662260708624&CODE_STATE=getMsg HTTP/1.1" 200 27
114.83.219.57 - - [04/Sep/2022:11:05:10 +0800] "GET /xingrg/kc/base/wldb_order_add.html HTTP/1.1" 200 30400
114.83.219.57 - - [04/Sep/2022:11:05:10 +0800] "GET /xingrg/words/20220904092933_words.js HTTP/1.1" 304 -
114.83.219.57 - - [04/Sep/2022:11:05:10 +0800] "POST /xingrg/kc/base/wldb_order_operate.html HTTP/1.1" 200 6806
114.83.219.57 - - [04/Sep/2022:11:05:10 +0800] "GET /xingrg/all/common/auto_word.html?type=base&rest_code=00154 HTTP/1.1" 200 831
114.83.219.57 - - [04/Sep/2022:11:05:10 +0800] "GET /xingrg/all/common/auto_word.html?type=base&rest_code=00154 HTTP/1.1" 200 831
114.83.219.57 - - [04/Sep/2022:11:05:10 +0800] "GET /xingrg/javascript/easyui/themes/default/validatebox.css HTTP/1.1" 404 1104
116.224.123.211 - - [04/Sep/2022:11:05:11 +0800] "GET /xingrg/all/function/internal_message.html?_=1662260711508&CODE_STATE=getMsg HTTP/1.1" 200 27
114.83.219.57 - - [04/Sep/2022:11:05:11 +0800] "POST /xingrg/all/common/load_combo.html?type=base HTTP/1.1" 200 1491
222.70.246.221 - - [04/Sep/2022:11:05:12 +0800] "GET /xingrg/all/function/internal_message.html?_=1662260714172&CODE_STATE=getMsg HTTP/1.1" 200 27
114.88.158.224 - - [04/Sep/2022:11:05:13 +0800] "GET /xingrg/kc/buy/cgsh_order_operate.html?command=get_materiel&rest_code=00141&code=00101009062&supplier_code=00100022&order_time=2022-09-04 HTTP/1.1" 200 435
180.169.147.146 - - [04/Sep/2022:11:05:14 +0800] "GET /xingrg/all/function/internal_message.html?_=1662260714907&CODE_STATE=getMsg HTTP/1.1" 200 27
114.83.219.57 - - [04/Sep/2022:11:05:17 +0800] "GET /xingrg/javascript/auto/indicator.gif HTTP/1.1" 404 1066
114.83.219.57 - - [04/Sep/2022:11:05:19 +0800] "GET /xingrg/kc/base/wldb_order_operate.html?command=get_materiel&rest_code=00154&base_code=0010724&code=00101019739 HTTP/1.1" 200 469
61.170.233.131 - - [04/Sep/2022:11:05:19 +0800] "GET /xingrg/all/function/internal_message.html?_=1662260713216&CODE_STATE=getMsg HTTP/1.1" 200 27
180.169.147.146 - - [04/Sep/2022:11:05:20 +0800] "GET /xingrg/kc/pszx/mdps_order_info.html?isLook=1&code=312022012100741 HTTP/1.1" 200 19682
180.169.147.146 - - [04/Sep/2022:11:05:20 +0800] "GET /favicon.ico HTTP/1.1" 404 -
180.169.147.146 - - [04/Sep/2022:11:05:20 +0800] "POST /xingrg/kc/pszx/mdps_order_operate.html HTTP/1.1" 200 2000
180.169.147.146 - - [04/Sep/2022:11:05:20 +0800] "GET /xingrg/javascript/easyui/themes/default/validatebox.css HTTP/1.1" 404 1104
116.224.255.128 - - [04/Sep/2022:11:05:21 +0800] "POST /xingrg/kc/base/yddb_list_operate.html HTTP/1.1" 200 201
116.224.255.128 - - [04/Sep/2022:11:05:22 +0800] "GET /xingrg/kc/base/yddb_order_info.html?code=482022090300052 HTTP/1.1" 200 31597
116.224.255.128 - - [04/Sep/2022:11:05:22 +0800] "GET /xingrg/dwr/interface/AjaxComOrderService.js HTTP/1.1" 200 18264
116.224.255.128 - - [04/Sep/2022:11:05:22 +0800] "GET /xingrg/dwr/interface/AjaxYddbService.js HTTP/1.1" 200 13201
116.224.255.128 - - [04/Sep/2022:11:05:22 +0800] "GET /xingrg/dwr/engine.js HTTP/1.1" 200 43631
116.224.255.128 - - [04/Sep/2022:11:05:23 +0800] "POST /xingrg/dwr/call/plaincall/AjaxYddbService.loadMaterielItems.dwr HTTP/1.1" 200 389
114.83.219.57 - - [04/Sep/2022:11:05:24 +0800] "GET /xingrg/kc/base/wldb_order_operate.html?command=get_materiel&rest_code=00154&base_code=0010724&code=00101019738 HTTP/1.1" 200 469
116.224.255.128 - - [04/Sep/2022:11:05:26 +0800] "POST /xingrg/dwr/call/plaincall/AjaxYddbService.saveOrder.dwr HTTP/1.1" 200 78
180.169.147.146 - - [04/Sep/2022:11:05:26 +0800] "GET /xingrg/all/function/internal_message.html?_=1662261270859&CODE_STATE=getMsg HTTP/1.1" 200 27
114.88.158.224 - - [04/Sep/2022:11:05:26 +0800] "GET /xingrg/all/function/internal_message.html?_=1662260386044&CODE_STATE=getMsg HTTP/1.1" 200 27
180.162.112.166 - - [04/Sep/2022:11:05:27 +0800] "GET /xingrg/kc/buy/cgsh_order_operate.html?command=get_materiel&rest_code=00143&code=00101002017&supplier_code=00100207&order_time=2022-09-02 HTTP/1.1" 200 411
116.224.255.128 - - [04/Sep/2022:11:05:28 +0800] "GET /xingrg/all/function/internal_message.html?_=1662260677201&CODE_STATE=getMsg HTTP/1.1" 200 27
114.84.81.136 - - [04/Sep/2022:11:05:29 +0800] "GET /xingrg/all/function/internal_message.html?_=1662260730592&CODE_STATE=getMsg HTTP/1.1" 200 27
114.84.81.136 - - [04/Sep/2022:11:05:29 +0800] "GET /xingrg/check_reg.html?_=1662260730595 HTTP/1.1" 200 22
124.79.74.72 - - [04/Sep/2022:11:05:30 +0800] "GET /xingrg/all/function/internal_message.html?_=1662260728790&CODE_STATE=getMsg HTTP/1.1" 200 27
114.88.158.224 - - [04/Sep/2022:11:05:31 +0800] "GET /xingrg/kc/buy/cgsh_order_operate.html?command=get_materiel&rest_code=00141&code=00101008418&supplier_code=00100022&order_time=2022-09-04 HTTP/1.1" 200 412
180.162.112.166 - - [04/Sep/2022:11:05:32 +0800] "GET /xingrg/all/function/internal_message.html?_=1662259875288&CODE_STATE=getMsg HTTP/1.1" 200 27
61.170.233.131 - - [04/Sep/2022:11:05:33 +0800] "GET /xingrg/kc/base/wldb_order_operate.html?command=get_materiel&rest_code=00106&base_code=0010396&code=00101019262 HTTP/1.1" 200 478
172.20.0.100 - - [04/Sep/2022:11:05:39 +0800] "GET /xingrg/all/function/internal_message.html?_=1662260739246&CODE_STATE=getMsg HTTP/1.1" 200 27
61.170.233.131 - - [04/Sep/2022:11:05:40 +0800] "POST /xingrg/kc/base/wldb_order_operate.html HTTP/1.1" 200 37
101.83.240.123 - - [04/Sep/2022:11:05:40 +0800] "GET /xingrg/all/function/internal_message.html?_=1662260740400&CODE_STATE=getMsg HTTP/1.1" 200 27
61.170.233.131 - - [04/Sep/2022:11:05:40 +0800] "POST /xingrg/kc/base/wldb_order_operate.html HTTP/1.1" 200 4239
116.224.123.211 - - [04/Sep/2022:11:05:41 +0800] "GET /xingrg/all/function/internal_message.html?_=1662260741012&CODE_STATE=getMsg HTTP/1.1" 200 27
180.169.147.146 - - [04/Sep/2022:11:05:41 +0800] "POST /xingrg/dwr/call/plaincall/AjaxReportQueryService.refreshCache.dwr HTTP/1.1" 200 79
180.169.147.146 - - [04/Sep/2022:11:05:42 +0800] "GET /xingrg/all/function/internal_message.html?_=1662260741802&CODE_STATE=getMsg HTTP/1.1" 200 27
101.83.240.123 - - [04/Sep/2022:11:05:42 +0800] "GET /xingrg/kc/buy/cgsh_order_operate.html?command=get_materiel&rest_code=00149&code=00101009109&supplier_code=00100201&order_time=2022-09-04 HTTP/1.1" 200 413
116.225.121.189 - - [04/Sep/2022:11:05:43 +0800] "GET /xingrg/all/function/internal_message.html?_=1662260743919&CODE_STATE=getMsg HTTP/1.1" 200 27
61.170.233.131 - - [04/Sep/2022:11:05:44 +0800] "GET /xingrg/kc/base/wldb_order_info.html?code=422022090400314 HTTP/1.1" 200 30413
61.170.233.131 - - [04/Sep/2022:11:05:44 +0800] "GET /xingrg/javascript/easyui/themes/default/validatebox.css HTTP/1.1" 404 1104
61.170.233.131 - - [04/Sep/2022:11:05:45 +0800] "POST /xingrg/kc/base/wldb_order_operate.html HTTP/1.1" 200 4239
180.169.147.146 - - [04/Sep/2022:11:05:47 +0800] "POST /xingrg/all/report/load_report_page.html HTTP/1.1" 200 128310
180.169.147.146 - - [04/Sep/2022:11:05:47 +0800] "GET /xingrg/servlets/image?cache=0.698910338305823&image=px HTTP/1.1" 200 807
116.224.255.128 - - [04/Sep/2022:11:05:47 +0800] "GET /xingrg/all/function/internal_message.html?_=1662260745059&CODE_STATE=getMsg HTTP/1.1" 200 27
58.40.7.146 - - [04/Sep/2022:11:05:49 +0800] "POST /xingrg/services/DataTransmitService HTTP/1.1" 200 524
116.235.94.249 - - [04/Sep/2022:11:05:53 +0800] "GET /xingrg/all/function/internal_message.html?_=1662260945784&CODE_STATE=getMsg HTTP/1.1" 200 27
101.83.240.123 - - [04/Sep/2022:11:05:55 +0800] "GET /xingrg/kc/buy/cgsh_order_operate.html?command=get_materiel&rest_code=00149&code=00101009122&supplier_code=00100201&order_time=2022-09-04 HTTP/1.1" 200 405
61.170.233.131 - - [04/Sep/2022:11:05:55 +0800] "POST /xingrg/kc/base/wldb_order_operate.html HTTP/1.1" 200 37
61.170.233.131 - - [04/Sep/2022:11:05:56 +0800] "GET /xingrg/kc/base/wldb_order_info.html?code=422022090400314 HTTP/1.1" 200 30413
61.170.233.131 - - [04/Sep/2022:11:05:56 +0800] "POST /xingrg/kc/base/wldb_order_operate.html HTTP/1.1" 200 4239
61.170.233.131 - - [04/Sep/2022:11:05:56 +0800] "GET /xingrg/javascript/easyui/themes/default/validatebox.css HTTP/1.1" 404 1104
61.170.233.131 - - [04/Sep/2022:11:05:57 +0800] "POST /xingrg/kc/base/wldb_order_operate.html HTTP/1.1" 200 4239
114.83.219.57 - - [04/Sep/2022:11:05:57 +0800] "GET /xingrg/all/function/internal_message.html?_=1662260837268&CODE_STATE=getMsg HTTP/1.1" 200 27
222.70.246.221 - - [04/Sep/2022:11:06:00 +0800] "GET /xingrg/all/function/internal_message.html?_=1662260786250&CODE_STATE=getMsg HTTP/1.1" 302 -
180.169.147.146 - - [04/Sep/2022:11:06:03 +0800] "GET /xingrg/all/function/internal_message.html?_=1662260761920&CODE_STATE=getMsg HTTP/1.1" 200 27
101.83.240.123 - - [04/Sep/2022:11:06:03 +0800] "GET /xingrg/kc/buy/cgsh_order_operate.html?command=get_materiel&rest_code=00149&code=00101009062&supplier_code=00100201&order_time=2022-09-04 HTTP/1.1" 200 435
120.253.135.82 - - [04/Sep/2022:11:06:04 +0800] "GET /xingrg/check_reg.html?_=1662260556501 HTTP/1.1" 200 22
120.253.135.82 - - [04/Sep/2022:11:06:05 +0800] "GET /xingrg/all/function/internal_message.html?_=1662260556641&CODE_STATE=getMsg HTTP/1.1" 200 27
116.232.194.65 - - [04/Sep/2022:11:06:05 +0800] "GET /xingrg/all/function/internal_message.html?_=1662260712661&CODE_STATE=getMsg HTTP/1.1" 200 27
180.162.112.166 - - [04/Sep/2022:11:06:06 +0800] "GET /xingrg/kc/buy/cgsh_order_operate.html?command=get_materiel&rest_code=00143&code=00101006028&supplier_code=00100207&order_time=2022-09-02 HTTP/1.1" 200 417
114.84.81.136 - - [04/Sep/2022:11:06:09 +0800] "GET /xingrg/check_reg.html?_=1662260768625 HTTP/1.1" 200 22
114.84.81.136 - - [04/Sep/2022:11:06:09 +0800] "GET /xingrg/all/function/internal_message.html?_=1662260768629&CODE_STATE=getMsg HTTP/1.1" 200 27
114.88.158.224 - - [04/Sep/2022:11:06:11 +0800] "POST /xingrg/kc/buy/cgsh_order_operate.html HTTP/1.1" 200 37
116.224.123.211 - - [04/Sep/2022:11:06:11 +0800] "GET /xingrg/all/function/internal_message.html?_=1662260771508&CODE_STATE=getMsg HTTP/1.1" 200 27
61.170.233.131 - - [04/Sep/2022:11:06:11 +0800] "GET /xingrg/kc/base/wldb_order_add.html HTTP/1.1" 200 30398
61.170.233.131 - - [04/Sep/2022:11:06:11 +0800] "POST /xingrg/kc/base/wldb_order_operate.html HTTP/1.1" 200 6806
61.170.233.131 - - [04/Sep/2022:11:06:11 +0800] "GET /xingrg/javascript/easyui/themes/default/validatebox.css HTTP/1.1" 404 1104
222.70.246.221 - - [04/Sep/2022:11:06:12 +0800] "GET /xingrg/check_reg.html?_=1662260773590 HTTP/1.1" 200 22
116.224.255.128 - - [04/Sep/2022:11:06:12 +0800] "POST /xingrg/dwr/call/plaincall/AjaxYddbService.objCheckOrder.dwr HTTP/1.1" 200 78
61.170.233.131 - - [04/Sep/2022:11:06:12 +0800] "POST /xingrg/all/common/load_combo.html?type=base HTTP/1.1" 200 3227
222.70.246.221 - - [04/Sep/2022:11:06:12 +0800] "GET /xingrg/all/function/internal_message.html?_=1662260774186&CODE_STATE=getMsg HTTP/1.1" 200 27
101.83.240.123 - - [04/Sep/2022:11:06:13 +0800] "GET /xingrg/kc/buy/cgsh_order_operate.html?command=get_materiel&rest_code=00149&code=00101009011&supplier_code=00100201&order_time=2022-09-04 HTTP/1.1" 200 416
116.224.255.128 - - [04/Sep/2022:11:06:13 +0800] "GET /xingrg/kc/base/yddb_order_info.html?code=482022090300052 HTTP/1.1" 200 31718
116.224.255.128 - - [04/Sep/2022:11:06:13 +0800] "GET /xingrg/dwr/interface/AjaxYddbService.js HTTP/1.1" 200 13201
116.224.255.128 - - [04/Sep/2022:11:06:13 +0800] "GET /xingrg/dwr/interface/AjaxComOrderService.js HTTP/1.1" 200 18264
116.224.255.128 - - [04/Sep/2022:11:06:13 +0800] "GET /xingrg/dwr/engine.js HTTP/1.1" 200 43631
116.224.255.128 - - [04/Sep/2022:11:06:13 +0800] "POST /xingrg/dwr/call/plaincall/AjaxYddbService.loadMaterielItems.dwr HTTP/1.1" 200 389
61.170.233.131 - - [04/Sep/2022:11:06:14 +0800] "POST /xingrg/all/common/load_combo.html?type=base HTTP/1.1" 200 3227
116.224.123.211 - - [04/Sep/2022:11:06:14 +0800] "GET /xingrg/kc/buy/cgsh_order_operate.html?command=get_materiel&rest_code=00102&code=00101005015&supplier_code=00100151&order_time=2022-09-04 HTTP/1.1" 200 409
180.169.147.146 - - [04/Sep/2022:11:06:14 +0800] "GET /xingrg/all/function/internal_message.html?_=1662260774903&CODE_STATE=getMsg HTTP/1.1" 200 27
116.224.255.128 - - [04/Sep/2022:11:06:15 +0800] "GET /xingrg/kc/base/yddb_order_report.html?fileType=servlets/html&code=482022090300052&reportName=ck_order_report&subName=yddb HTTP/1.1" 302 -
116.224.255.128 - - [04/Sep/2022:11:06:15 +0800] "GET /xingrg/servlets/html?sysBaseUrl=http%3A%2F%2F180.169.147.146%3A18081%2Fxingrg%2F&costTime=84×tamp=1662260775268 HTTP/1.1" 200 14763
116.224.255.128 - - [04/Sep/2022:11:06:15 +0800] "GET /favicon.ico HTTP/1.1" 404 -
114.88.158.224 - - [04/Sep/2022:11:06:15 +0800] "POST /xingrg/kc/buy/cgsh_order_operate.html HTTP/1.1" 200 12
114.88.158.224 - - [04/Sep/2022:11:06:16 +0800] "GET /xingrg/kc/buy/cgsh_order_info.html?code=212022090401221 HTTP/1.1" 200 63476
114.88.158.224 - - [04/Sep/2022:11:06:17 +0800] "GET /xingrg/javascript/easyui/themes/default/validatebox.css HTTP/1.1" 404 1104
114.88.158.224 - - [04/Sep/2022:11:06:17 +0800] "POST /xingrg/kc/buy/cgsh_order_operate.html HTTP/1.1" 200 1787
114.88.158.224 - - [04/Sep/2022:11:06:18 +0800] "GET /xingrg/kc/print/load_data.html?order_code=212022090401221&kc_code=cgsh&condition= HTTP/1.1" 200 1191
61.170.233.131 - - [04/Sep/2022:11:06:19 +0800] "GET /xingrg/all/function/internal_message.html?_=1662260773204&CODE_STATE=getMsg HTTP/1.1" 200 27
116.224.255.128 - - [04/Sep/2022:11:06:22 +0800] "GET /xingrg/kc/base/yddb_order_list.html?isBack=1 HTTP/1.1" 200 16792
116.224.255.128 - - [04/Sep/2022:11:06:22 +0800] "POST /xingrg/kc/base/yddb_list_operate.html HTTP/1.1" 200 2577
124.79.74.72 - - [04/Sep/2022:11:06:26 +0800] "GET /xingrg/kc/base/check_order_list.html HTTP/1.1" 200 16305
180.169.147.146 - - [04/Sep/2022:11:06:26 +0800] "GET /xingrg/all/function/internal_message.html?_=1662261330861&CODE_STATE=getMsg HTTP/1.1" 200 27
114.88.158.224 - - [04/Sep/2022:11:06:26 +0800] "GET /xingrg/all/function/internal_message.html?_=1662260446002&CODE_STATE=getMsg HTTP/1.1" 200 27
124.79.74.72 - - [04/Sep/2022:11:06:27 +0800] "POST /xingrg/kc/base/check_list_operate.html HTTP/1.1" 200 1566
124.79.74.72 - - [04/Sep/2022:11:06:28 +0800] "GET /xingrg/kc/report/report_main.html HTTP/1.1" 200 7340
116.224.255.128 - - [04/Sep/2022:11:06:28 +0800] "GET /xingrg/all/function/internal_message.html?_=1662260737215&CODE_STATE=getMsg HTTP/1.1" 200 27
61.170.233.131 - - [04/Sep/2022:11:06:28 +0800] "POST /xingrg/kc/base/wldb_order_operate.html HTTP/1.1" 200 37
114.84.81.136 - - [04/Sep/2022:11:06:29 +0800] "GET /xingrg/all/function/internal_message.html?_=1662260790605&CODE_STATE=getMsg HTTP/1.1" 200 27
61.170.233.131 - - [04/Sep/2022:11:06:30 +0800] "POST /xingrg/kc/base/wldb_order_operate.html HTTP/1.1" 200 2214
61.170.233.131 - - [04/Sep/2022:11:06:30 +0800] "GET /xingrg/kc/base/wldb_order_info.html?code=422022090400315 HTTP/1.1" 200 30415
124.79.74.72 - - [04/Sep/2022:11:06:30 +0800] "GET /xingrg/all/function/internal_message.html?_=1662260788773&CODE_STATE=getMsg HTTP/1.1" 200 27
61.170.233.131 - - [04/Sep/2022:11:06:30 +0800] "GET /xingrg/javascript/easyui/themes/default/validatebox.css HTTP/1.1" 404 1104
180.162.112.166 - - [04/Sep/2022:11:06:32 +0800] "GET /xingrg/check_reg.html?_=1662259935292 HTTP/1.1" 200 22
180.162.112.166 - - [04/Sep/2022:11:06:32 +0800] "GET /xingrg/all/function/internal_message.html?_=1662259935295&CODE_STATE=getMsg HTTP/1.1" 200 27
61.170.233.131 - - [04/Sep/2022:11:06:32 +0800] "POST /xingrg/kc/base/wldb_order_operate.html HTTP/1.1" 200 2214
101.83.240.123 - - [04/Sep/2022:11:06:32 +0800] "GET /xingrg/kc/buy/cgsh_order_operate.html?command=get_materiel&rest_code=00149&code=00101009059&supplier_code=00100201&order_time=2022-09-04 HTTP/1.1" 200 409
180.169.147.146 - - [04/Sep/2022:11:06:35 +0800] "POST /xingrg/dwr/call/plaincall/AjaxReportQueryService.refreshCache.dwr HTTP/1.1" 200 79
124.79.74.72 - - [04/Sep/2022:11:06:36 +0800] "GET /xingrg/kc/base/kc_stocks.html HTTP/1.1" 200 16443
116.224.123.211 - - [04/Sep/2022:11:06:36 +0800] "GET /xingrg/kc/buy/cgsh_order_operate.html?command=get_materiel&rest_code=00102&code=00101008372&supplier_code=00100151&order_time=2022-09-04 HTTP/1.1" 200 408
124.79.74.72 - - [04/Sep/2022:11:06:37 +0800] "GET /xingrg/javascript/easyui/themes/default/tree.css HTTP/1.1" 404 1090
124.79.74.72 - - [04/Sep/2022:11:06:37 +0800] "POST /xingrg/all/common/load_tree.html?tree=materiel_sort_tree_json HTTP/1.1" 200 9500
124.79.74.72 - - [04/Sep/2022:11:06:37 +0800] "GET /xingrg/all/common/auto_word.html?type=base&rest_code=00156 HTTP/1.1" 200 1903
172.20.0.100 - - [04/Sep/2022:11:06:39 +0800] "GET /xingrg/all/function/internal_message.html?_=1662260799232&CODE_STATE=getMsg HTTP/1.1" 200 27
180.169.147.146 - - [04/Sep/2022:11:06:39 +0800] "POST /xingrg/all/report/load_report_page.html HTTP/1.1" 200 58910
180.169.147.146 - - [04/Sep/2022:11:06:39 +0800] "GET /xingrg/servlets/image?cache=0.7965913457268116&image=px HTTP/1.1" 200 807
101.83.240.123 - - [04/Sep/2022:11:06:40 +0800] "GET /xingrg/all/function/internal_message.html?_=1662260800414&CODE_STATE=getMsg HTTP/1.1" 200 27
116.224.123.211 - - [04/Sep/2022:11:06:41 +0800] "GET /xingrg/all/function/internal_message.html?_=1662260800997&CODE_STATE=getMsg HTTP/1.1" 200 27
180.169.147.146 - - [04/Sep/2022:11:06:42 +0800] "GET /xingrg/all/function/internal_message.html?_=1662260801796&CODE_STATE=getMsg HTTP/1.1" 200 27
116.225.121.189 - - [04/Sep/2022:11:06:43 +0800] "GET /xingrg/all/function/internal_message.html?_=1662260803918&CODE_STATE=getMsg HTTP/1.1" 200 27
116.224.123.211 - - [04/Sep/2022:11:06:46 +0800] "GET /xingrg/kc/buy/cgsh_order_operate.html?command=get_materiel&rest_code=00102&code=00101012025&supplier_code=00100151&order_time=2022-09-04 HTTP/1.1" 200 412
116.224.255.128 - - [04/Sep/2022:11:06:47 +0800] "GET /xingrg/all/function/internal_message.html?_=1662260805057&CODE_STATE=getMsg HTTP/1.1" 200 27
61.170.233.131 - - [04/Sep/2022:11:06:52 +0800] "GET /xingrg/kc/base/wldb_order_add.html HTTP/1.1" 200 30398
61.170.233.131 - - [04/Sep/2022:11:06:52 +0800] "GET /xingrg/javascript/easyui/themes/default/validatebox.css HTTP/1.1" 404 1104
61.170.233.131 - - [04/Sep/2022:11:06:52 +0800] "POST /xingrg/kc/base/wldb_order_operate.html HTTP/1.1" 200 6806
61.170.233.131 - - [04/Sep/2022:11:06:53 +0800] "POST /xingrg/all/common/load_combo.html?type=base HTTP/1.1" 200 3227
116.235.94.249 - - [04/Sep/2022:11:06:53 +0800] "GET /xingrg/all/function/internal_message.html?_=1662261005767&CODE_STATE=getMsg HTTP/1.1" 200 27
120.253.135.82 - - [04/Sep/2022:11:06:55 +0800] "GET /xingrg/all/function/internal_message.html?_=1662260616879&CODE_STATE=getMsg HTTP/1.1" 200 27
114.88.158.224 - - [04/Sep/2022:11:06:56 +0800] "GET /xingrg/kc/buy/cgsh_order_add.html HTTP/1.1" 200 68575
114.88.158.224 - - [04/Sep/2022:11:06:56 +0800] "POST /xingrg/kc/buy/cgsh_order_operate.html HTTP/1.1" 200 8245
114.88.158.224 - - [04/Sep/2022:11:06:56 +0800] "GET /xingrg/javascript/easyui/themes/default/validatebox.css HTTP/1.1" 404 1104
114.83.219.57 - - [04/Sep/2022:11:06:57 +0800] "GET /xingrg/all/function/internal_message.html?_=1662260897266&CODE_STATE=getMsg HTTP/1.1" 200 27
61.170.233.131 - - [04/Sep/2022:11:06:59 +0800] "POST /xingrg/all/common/load_combo.html?type=base HTTP/1.1" 200 3227
222.70.246.221 - - [04/Sep/2022:11:07:00 +0800] "GET /xingrg/all/function/internal_message.html?_=1662260846259&CODE_STATE=getMsg HTTP/1.1" 302 -
180.169.147.146 - - [04/Sep/2022:11:07:03 +0800] "GET /xingrg/all/function/internal_message.html?_=1662260821909&CODE_STATE=getMsg HTTP/1.1" 200 27
114.84.81.136 - - [04/Sep/2022:11:07:05 +0800] "POST /xingrg/services/DataTransmitService HTTP/1.1" 200 524
116.232.194.65 - - [04/Sep/2022:11:07:05 +0800] "GET /xingrg/all/function/internal_message.html?_=1662260772653&CODE_STATE=getMsg HTTP/1.1" 200 27
114.88.158.224 - - [04/Sep/2022:11:07:06 +0800] "GET /xingrg/kc/buy/cgsh_order_operate.html?command=get_materiel&rest_code=00141&code=00101006283&supplier_code=00100558&order_time=2022-09-04 HTTP/1.1" 200 414
114.84.81.136 - - [04/Sep/2022:11:07:06 +0800] "POST /xingrg/services/DataTransmitService HTTP/1.1" 200 412
114.84.81.136 - - [04/Sep/2022:11:07:09 +0800] "GET /xingrg/all/function/internal_message.html?_=1662260828633&CODE_STATE=getMsg HTTP/1.1" 200 27
116.224.123.211 - - [04/Sep/2022:11:07:11 +0800] "GET /xingrg/all/function/internal_message.html?_=1662260831506&CODE_STATE=getMsg HTTP/1.1" 200 27
222.70.246.221 - - [04/Sep/2022:11:07:12 +0800] "GET /xingrg/all/function/internal_message.html?_=1662260834269&CODE_STATE=getMsg HTTP/1.1" 200 27
180.162.112.166 - - [04/Sep/2022:11:07:13 +0800] "GET /xingrg/kc/buy/cgsh_order_operate.html?command=get_materiel&rest_code=00143&code=00101006184&supplier_code=00100207&order_time=2022-09-02 HTTP/1.1" 200 408
180.169.147.146 - - [04/Sep/2022:11:07:14 +0800] "GET /xingrg/all/function/internal_message.html?_=1662260834899&CODE_STATE=getMsg HTTP/1.1" 200 27
116.224.123.211 - - [04/Sep/2022:11:07:16 +0800] "GET /xingrg/kc/buy/cgsh_order_operate.html?command=get_materiel&rest_code=00102&code=00101016080&supplier_code=00100151&order_time=2022-09-04 HTTP/1.1" 200 408
114.88.158.224 - - [04/Sep/2022:11:07:18 +0800] "GET /xingrg/kc/buy/cgsh_order_operate.html?command=get_materiel&rest_code=00141&code=00101006282&supplier_code=00100558&order_time=2022-09-04 HTTP/1.1" 200 418
61.170.233.131 - - [04/Sep/2022:11:07:19 +0800] "GET /xingrg/check_reg.html?_=1662260833206 HTTP/1.1" 200 22
61.170.233.131 - - [04/Sep/2022:11:07:19 +0800] "GET /xingrg/all/function/internal_message.html?_=1662260833207&CODE_STATE=getMsg HTTP/1.1" 200 27
61.170.233.131 - - [04/Sep/2022:11:07:20 +0800] "GET /xingrg/kc/base/wldb_order_operate.html?command=get_materiel&rest_code=00106&base_code=0010396&code=00101019339 HTTP/1.1" 200 469
101.83.240.123 - - [04/Sep/2022:11:07:24 +0800] "GET /xingrg/kc/buy/cgsh_order_operate.html?command=get_materiel&rest_code=00149&code=00101009037&supplier_code=00100201&order_time=2022-09-04 HTTP/1.1" 200 414
61.170.233.131 - - [04/Sep/2022:11:07:26 +0800] "POST /xingrg/kc/base/wldb_order_operate.html HTTP/1.1" 200 37
180.169.147.146 - - [04/Sep/2022:11:07:26 +0800] "GET /xingrg/all/function/internal_message.html?_=1662261390855&CODE_STATE=getMsg HTTP/1.1" 200 27
114.88.158.224 - - [04/Sep/2022:11:07:26 +0800] "GET /xingrg/all/function/internal_message.html?_=1662260505977&CODE_STATE=getMsg HTTP/1.1" 200 27
