180.169.147.146 - - [04/Sep/2022:10:45:16 +0800] "GET /xingrg/all/function/internal_message.html?_=1662259516406&CODE_STATE=getMsg HTTP/1.1" 200 27
61.170.233.131 - - [04/Sep/2022:10:45:19 +0800] "GET /xingrg/all/function/internal_message.html?_=1662259513171&CODE_STATE=getMsg HTTP/1.1" 200 27
180.169.147.146 - - [04/Sep/2022:10:45:25 +0800] "POST /xingrg/dwr/call/plaincall/AjaxReportQueryService.getFixDate.dwr HTTP/1.1" 200 112
180.169.147.146 - - [04/Sep/2022:10:45:26 +0800] "GET /xingrg/all/function/internal_message.html?_=1662260070856&CODE_STATE=getMsg HTTP/1.1" 200 27
180.169.147.146 - - [04/Sep/2022:10:45:26 +0800] "POST /xingrg/dwr/call/plaincall/AjaxReportQueryService.getFixDate.dwr HTTP/1.1" 200 112
114.88.158.224 - - [04/Sep/2022:10:45:26 +0800] "GET /xingrg/all/function/internal_message.html?_=1662259186365&CODE_STATE=getMsg HTTP/1.1" 200 27
180.169.147.146 - - [04/Sep/2022:10:45:27 +0800] "POST /xingrg/dwr/call/plaincall/AjaxReportQueryService.refreshCache.dwr HTTP/1.1" 200 79
116.224.255.128 - - [04/Sep/2022:10:45:27 +0800] "GET /xingrg/all/function/internal_message.html?_=1662259476555&CODE_STATE=getMsg HTTP/1.1" 200 27
114.88.158.224 - - [04/Sep/2022:10:45:29 +0800] "GET /xingrg/kc/buy/cgsh_order_operate.html?command=get_materiel&rest_code=00141&code=00101008224&supplier_code=00100007&order_time=2022-09-04 HTTP/1.1" 200 416
101.83.240.123 - - [04/Sep/2022:10:45:29 +0800] "GET /xingrg/kc/buy/cgsh_order_operate.html?command=get_materiel&rest_code=00149&code=00101008296&supplier_code=00100008&order_time=2022-09-04 HTTP/1.1" 200 416
114.84.81.136 - - [04/Sep/2022:10:45:29 +0800] "GET /xingrg/all/function/internal_message.html?_=1662259530551&CODE_STATE=getMsg HTTP/1.1" 200 27
114.84.81.136 - - [04/Sep/2022:10:45:29 +0800] "GET /xingrg/check_reg.html?_=1662259530554 HTTP/1.1" 200 22
124.79.74.72 - - [04/Sep/2022:10:45:31 +0800] "GET /xingrg/all/function/internal_message.html?_=1662259529242&CODE_STATE=getMsg HTTP/1.1" 200 27
114.88.158.224 - - [04/Sep/2022:10:45:31 +0800] "POST /xingrg/kc/buy/cgsh_order_operate.html HTTP/1.1" 200 2065
180.169.147.146 - - [04/Sep/2022:10:45:32 +0800] "POST /xingrg/all/report/load_report_page.html HTTP/1.1" 200 78444
180.169.147.146 - - [04/Sep/2022:10:45:32 +0800] "GET /xingrg/servlets/image?cache=0.9777853151144491&image=px HTTP/1.1" 200 807
114.88.158.224 - - [04/Sep/2022:10:45:36 +0800] "GET /xingrg/kc/buy/cgsh_order_operate.html?command=get_materiel&rest_code=00141&code=00101008361&supplier_code=00100007&order_time=2022-09-04 HTTP/1.1" 200 408
172.20.0.100 - - [04/Sep/2022:10:45:39 +0800] "GET /xingrg/all/function/internal_message.html?_=1662259538219&CODE_STATE=getMsg HTTP/1.1" 200 27
101.83.240.123 - - [04/Sep/2022:10:45:40 +0800] "GET /xingrg/kc/buy/cgsh_order_operate.html?command=get_materiel&rest_code=00149&code=00101008169&supplier_code=00100008&order_time=2022-09-04 HTTP/1.1" 200 412
101.83.240.123 - - [04/Sep/2022:10:45:40 +0800] "GET /xingrg/all/function/internal_message.html?_=1662259540395&CODE_STATE=getMsg HTTP/1.1" 200 27
114.84.5.35 - - [04/Sep/2022:10:45:41 +0800] "GET /xingrg/all/function/internal_message.html?_=1662259536122&CODE_STATE=getMsg HTTP/1.1" 200 27
116.224.123.211 - - [04/Sep/2022:10:45:41 +0800] "GET /xingrg/all/function/internal_message.html?_=1662259541239&CODE_STATE=getMsg HTTP/1.1" 200 27
116.225.121.189 - - [04/Sep/2022:10:45:43 +0800] "GET /xingrg/all/function/internal_message.html?_=1662259543887&CODE_STATE=getMsg HTTP/1.1" 200 27
116.224.255.128 - - [04/Sep/2022:10:45:44 +0800] "GET /xingrg/all/function/internal_message.html?_=1662259542269&CODE_STATE=getMsg HTTP/1.1" 200 27
114.88.158.224 - - [04/Sep/2022:10:45:44 +0800] "GET /xingrg/kc/buy/cgsh_order_operate.html?command=get_materiel&rest_code=00141&code=00101008356&supplier_code=00100007&order_time=2022-09-04 HTTP/1.1" 200 409
114.83.219.57 - - [04/Sep/2022:10:45:52 +0800] "GET /xingrg/all/function/internal_message.html?_=1662259631807&CODE_STATE=getMsg HTTP/1.1" 200 27
114.88.158.224 - - [04/Sep/2022:10:45:53 +0800] "GET /xingrg/kc/buy/cgsh_order_operate.html?command=get_materiel&rest_code=00141&code=00101008300&supplier_code=00100007&order_time=2022-09-04 HTTP/1.1" 200 412
116.235.94.249 - - [04/Sep/2022:10:45:53 +0800] "GET /xingrg/all/function/internal_message.html?_=1662259745753&CODE_STATE=getMsg HTTP/1.1" 200 27
222.70.246.221 - - [04/Sep/2022:10:46:00 +0800] "GET /xingrg/all/function/internal_message.html?_=1662259585979&CODE_STATE=getMsg HTTP/1.1" 302 -
180.169.147.146 - - [04/Sep/2022:10:46:03 +0800] "GET /xingrg/all/function/internal_message.html?_=1662259561922&CODE_STATE=getMsg HTTP/1.1" 200 27
180.169.147.146 - - [04/Sep/2022:10:46:04 +0800] "GET /xingrg/all/report/report_query.html?fileName=kc/mdqp/qp_report_mdps_mx_report.xml HTTP/1.1" 200 51366
180.169.147.146 - - [04/Sep/2022:10:46:04 +0800] "GET /xingrg/dwr/interface/AjaxReportQueryService.js HTTP/1.1" 200 13203
180.169.147.146 - - [04/Sep/2022:10:46:04 +0800] "GET /xingrg/dwr/engine.js HTTP/1.1" 200 43631
180.169.147.146 - - [04/Sep/2022:10:46:04 +0800] "POST /xingrg/dwr/call/plaincall/AjaxReportQueryService.getFixDate.dwr HTTP/1.1" 200 111
180.169.147.146 - - [04/Sep/2022:10:46:04 +0800] "POST /xingrg/dwr/call/plaincall/AjaxReportQueryService.getInitString.dwr HTTP/1.1" 200 106
180.169.147.146 - - [04/Sep/2022:10:46:04 +0800] "POST /xingrg/dwr/call/plaincall/AjaxReportQueryService.getInitString.dwr HTTP/1.1" 200 125
116.232.194.65 - - [04/Sep/2022:10:46:05 +0800] "GET /xingrg/all/function/internal_message.html?_=1662259512640&CODE_STATE=getMsg HTTP/1.1" 200 27
180.169.147.146 - - [04/Sep/2022:10:46:06 +0800] "POST /xingrg/dwr/call/plaincall/AjaxReportQueryService.getFixDate.dwr HTTP/1.1" 200 111
114.88.158.224 - - [04/Sep/2022:10:46:08 +0800] "POST /xingrg/kc/buy/cgsh_order_operate.html HTTP/1.1" 200 2065
114.84.81.136 - - [04/Sep/2022:10:46:09 +0800] "GET /xingrg/check_reg.html?_=1662259568628 HTTP/1.1" 200 22
114.84.81.136 - - [04/Sep/2022:10:46:09 +0800] "GET /xingrg/all/function/internal_message.html?_=1662259568630&CODE_STATE=getMsg HTTP/1.1" 200 27
116.224.123.211 - - [04/Sep/2022:10:46:11 +0800] "GET /xingrg/all/function/internal_message.html?_=1662259571485&CODE_STATE=getMsg HTTP/1.1" 200 27
180.169.147.146 - - [04/Sep/2022:10:46:12 +0800] "POST /xingrg/dwr/call/plaincall/AjaxReportQueryService.refreshCache.dwr HTTP/1.1" 200 78
222.70.246.221 - - [04/Sep/2022:10:46:12 +0800] "GET /xingrg/check_reg.html?_=1662259573502 HTTP/1.1" 200 22
222.70.246.221 - - [04/Sep/2022:10:46:12 +0800] "GET /xingrg/all/function/internal_message.html?_=1662259573852&CODE_STATE=getMsg HTTP/1.1" 200 27
180.169.147.146 - - [04/Sep/2022:10:46:12 +0800] "POST /xingrg/all/report/load_report_page.html HTTP/1.1" 200 89
180.169.147.146 - - [04/Sep/2022:10:46:14 +0800] "GET /xingrg/all/function/internal_message.html?_=1662259574884&CODE_STATE=getMsg HTTP/1.1" 200 27
180.169.147.146 - - [04/Sep/2022:10:46:15 +0800] "POST /xingrg/dwr/call/plaincall/AjaxReportQueryService.getFixDate.dwr HTTP/1.1" 200 111
180.169.147.146 - - [04/Sep/2022:10:46:16 +0800] "POST /xingrg/dwr/call/plaincall/AjaxReportQueryService.refreshCache.dwr HTTP/1.1" 200 78
180.169.147.146 - - [04/Sep/2022:10:46:16 +0800] "GET /xingrg/check_reg.html?_=1662259576404 HTTP/1.1" 200 22
180.169.147.146 - - [04/Sep/2022:10:46:16 +0800] "GET /xingrg/all/function/internal_message.html?_=1662259576409&CODE_STATE=getMsg HTTP/1.1" 200 27
180.169.147.146 - - [04/Sep/2022:10:46:17 +0800] "POST /xingrg/all/report/load_report_page.html HTTP/1.1" 200 89
61.170.233.131 - - [04/Sep/2022:10:46:19 +0800] "GET /xingrg/all/function/internal_message.html?_=1662259573186&CODE_STATE=getMsg HTTP/1.1" 200 27
114.88.158.224 - - [04/Sep/2022:10:46:20 +0800] "GET /xingrg/kc/buy/cgsh_order_operate.html?command=get_materiel&rest_code=00141&code=00101008295&supplier_code=00100007&order_time=2022-09-04 HTTP/1.1" 200 412
180.169.147.146 - - [04/Sep/2022:10:46:26 +0800] "POST /xingrg/dwr/call/plaincall/AjaxReportQueryService.refreshCache.dwr HTTP/1.1" 200 79
180.169.147.146 - - [04/Sep/2022:10:46:26 +0800] "GET /xingrg/all/function/internal_message.html?_=1662260130853&CODE_STATE=getMsg HTTP/1.1" 200 27
114.88.158.224 - - [04/Sep/2022:10:46:27 +0800] "GET /xingrg/all/function/internal_message.html?_=1662259246438&CODE_STATE=getMsg HTTP/1.1" 200 27
116.224.255.128 - - [04/Sep/2022:10:46:27 +0800] "GET /xingrg/all/function/internal_message.html?_=1662259536569&CODE_STATE=getMsg HTTP/1.1" 200 27
180.169.147.146 - - [04/Sep/2022:10:46:28 +0800] "POST /xingrg/all/report/load_report_page.html HTTP/1.1" 200 89
114.88.158.224 - - [04/Sep/2022:10:46:29 +0800] "GET /xingrg/kc/buy/cgsh_order_operate.html?command=get_materiel&rest_code=00141&code=00101008213&supplier_code=00100007&order_time=2022-09-04 HTTP/1.1" 200 412
114.84.81.136 - - [04/Sep/2022:10:46:29 +0800] "GET /xingrg/all/function/internal_message.html?_=1662259590549&CODE_STATE=getMsg HTTP/1.1" 200 27
180.169.147.146 - - [04/Sep/2022:10:46:30 +0800] "POST /xingrg/dwr/call/plaincall/AjaxReportQueryService.refreshCache.dwr HTTP/1.1" 200 79
180.169.147.146 - - [04/Sep/2022:10:46:30 +0800] "POST /xingrg/all/report/load_report_page.html HTTP/1.1" 200 89
124.79.74.72 - - [04/Sep/2022:10:46:31 +0800] "GET /xingrg/all/function/internal_message.html?_=1662259589228&CODE_STATE=getMsg HTTP/1.1" 200 27
180.169.147.146 - - [04/Sep/2022:10:46:33 +0800] "POST /xingrg/dwr/call/plaincall/AjaxReportQueryService.getFixDate.dwr HTTP/1.1" 200 112
180.169.147.146 - - [04/Sep/2022:10:46:34 +0800] "POST /xingrg/dwr/call/plaincall/AjaxReportQueryService.refreshCache.dwr HTTP/1.1" 200 79
180.169.147.146 - - [04/Sep/2022:10:46:36 +0800] "POST /xingrg/all/report/load_report_page.html HTTP/1.1" 200 89
114.88.158.224 - - [04/Sep/2022:10:46:36 +0800] "GET /xingrg/kc/buy/cgsh_order_operate.html?command=get_materiel&rest_code=00141&code=00101008265&supplier_code=00100007&order_time=2022-09-04 HTTP/1.1" 200 409
172.20.0.100 - - [04/Sep/2022:10:46:39 +0800] "GET /xingrg/all/function/internal_message.html?_=1662259598223&CODE_STATE=getMsg HTTP/1.1" 200 27
101.83.240.123 - - [04/Sep/2022:10:46:40 +0800] "GET /xingrg/all/function/internal_message.html?_=1662259600385&CODE_STATE=getMsg HTTP/1.1" 200 27
114.84.5.35 - - [04/Sep/2022:10:46:41 +0800] "GET /xingrg/all/function/internal_message.html?_=1662259596093&CODE_STATE=getMsg HTTP/1.1" 200 27
116.224.123.211 - - [04/Sep/2022:10:46:41 +0800] "GET /xingrg/all/function/internal_message.html?_=1662259601219&CODE_STATE=getMsg HTTP/1.1" 200 27
116.225.121.189 - - [04/Sep/2022:10:46:43 +0800] "GET /xingrg/all/function/internal_message.html?_=1662259603888&CODE_STATE=getMsg HTTP/1.1" 200 27
180.169.147.146 - - [04/Sep/2022:10:46:43 +0800] "POST /xingrg/dwr/call/plaincall/AjaxReportQueryService.refreshCache.dwr HTTP/1.1" 200 78
180.169.147.146 - - [04/Sep/2022:10:46:43 +0800] "POST /xingrg/all/report/load_report_page.html HTTP/1.1" 200 89
116.224.255.128 - - [04/Sep/2022:10:46:44 +0800] "GET /xingrg/all/function/internal_message.html?_=1662259602253&CODE_STATE=getMsg HTTP/1.1" 200 27
116.224.255.128 - - [04/Sep/2022:10:46:44 +0800] "GET /xingrg/check_reg.html?_=1662259602287 HTTP/1.1" 200 22
114.88.158.224 - - [04/Sep/2022:10:46:48 +0800] "GET /xingrg/kc/buy/cgsh_order_operate.html?command=get_materiel&rest_code=00141&code=00101008323&supplier_code=00100007&order_time=2022-09-04 HTTP/1.1" 200 408
114.83.219.57 - - [04/Sep/2022:10:46:52 +0800] "GET /xingrg/all/function/internal_message.html?_=1662259691790&CODE_STATE=getMsg HTTP/1.1" 200 27
116.235.94.249 - - [04/Sep/2022:10:46:53 +0800] "GET /xingrg/all/function/internal_message.html?_=1662259805751&CODE_STATE=getMsg HTTP/1.1" 200 27
114.88.158.224 - - [04/Sep/2022:10:46:55 +0800] "POST /xingrg/kc/buy/cgsh_order_operate.html HTTP/1.1" 200 2065
101.83.240.123 - - [04/Sep/2022:10:46:55 +0800] "GET /xingrg/kc/buy/cgsh_order_operate.html?command=get_materiel&rest_code=00149&code=00101008352&supplier_code=00100008&order_time=2022-09-04 HTTP/1.1" 200 431
114.88.158.224 - - [04/Sep/2022:10:47:00 +0800] "GET /xingrg/kc/buy/cgsh_order_operate.html?command=get_materiel&rest_code=00141&code=00101008331&supplier_code=00100007&order_time=2022-09-04 HTTP/1.1" 200 416
222.70.246.221 - - [04/Sep/2022:10:47:00 +0800] "GET /xingrg/all/function/internal_message.html?_=1662259645987&CODE_STATE=getMsg HTTP/1.1" 302 -
180.169.147.146 - - [04/Sep/2022:10:47:03 +0800] "GET /xingrg/all/function/internal_message.html?_=1662259621909&CODE_STATE=getMsg HTTP/1.1" 200 27
101.83.240.123 - - [04/Sep/2022:10:47:05 +0800] "POST /xingrg/kc/buy/cgsh_order_operate.html HTTP/1.1" 200 2065
116.232.194.65 - - [04/Sep/2022:10:47:05 +0800] "GET /xingrg/all/function/internal_message.html?_=1662259572653&CODE_STATE=getMsg HTTP/1.1" 200 27
114.88.158.224 - - [04/Sep/2022:10:47:08 +0800] "GET /xingrg/kc/buy/cgsh_order_operate.html?command=get_materiel&rest_code=00141&code=00101008350&supplier_code=00100007&order_time=2022-09-04 HTTP/1.1" 200 429
114.84.81.136 - - [04/Sep/2022:10:47:09 +0800] "GET /xingrg/all/function/internal_message.html?_=1662259628636&CODE_STATE=getMsg HTTP/1.1" 200 27
116.224.123.211 - - [04/Sep/2022:10:47:11 +0800] "GET /xingrg/all/function/internal_message.html?_=1662259631483&CODE_STATE=getMsg HTTP/1.1" 200 27
101.83.240.123 - - [04/Sep/2022:10:47:12 +0800] "GET /xingrg/kc/buy/cgsh_order_operate.html?command=get_materiel&rest_code=00149&code=00101008098&supplier_code=00100008&order_time=2022-09-04 HTTP/1.1" 200 412
222.70.246.221 - - [04/Sep/2022:10:47:12 +0800] "GET /xingrg/all/function/internal_message.html?_=1662259633866&CODE_STATE=getMsg HTTP/1.1" 200 27
180.169.147.146 - - [04/Sep/2022:10:47:14 +0800] "GET /xingrg/all/function/internal_message.html?_=1662259634883&CODE_STATE=getMsg HTTP/1.1" 200 27
180.169.147.146 - - [04/Sep/2022:10:47:16 +0800] "GET /xingrg/all/function/internal_message.html?_=1662259636405&CODE_STATE=getMsg HTTP/1.1" 200 27
114.88.158.224 - - [04/Sep/2022:10:47:18 +0800] "GET /xingrg/kc/buy/cgsh_order_operate.html?command=get_materiel&rest_code=00141&code=00101008110&supplier_code=00100007&order_time=2022-09-04 HTTP/1.1" 200 408
114.84.5.35 - - [04/Sep/2022:10:47:18 +0800] "GET /xingrg/kc/base/wldb_order_info.html?code=422022090300234 HTTP/1.1" 200 26273
114.84.5.35 - - [04/Sep/2022:10:47:18 +0800] "GET /xingrg/javascript/easyui/themes/default/validatebox.css HTTP/1.1" 404 1104
114.84.5.35 - - [04/Sep/2022:10:47:18 +0800] "POST /xingrg/kc/base/wldb_order_operate.html HTTP/1.1" 200 486
61.170.233.131 - - [04/Sep/2022:10:47:19 +0800] "GET /xingrg/check_reg.html?_=1662259633186 HTTP/1.1" 200 22
61.170.233.131 - - [04/Sep/2022:10:47:19 +0800] "GET /xingrg/all/function/internal_message.html?_=1662259633189&CODE_STATE=getMsg HTTP/1.1" 200 27
180.169.147.146 - - [04/Sep/2022:10:47:26 +0800] "GET /xingrg/all/function/internal_message.html?_=1662260190866&CODE_STATE=getMsg HTTP/1.1" 200 27
114.84.5.35 - - [04/Sep/2022:10:47:26 +0800] "GET /xingrg/kc/base/wldb_order_list.html HTTP/1.1" 200 19180
114.88.158.224 - - [04/Sep/2022:10:47:26 +0800] "GET /xingrg/all/function/internal_message.html?_=1662259306412&CODE_STATE=getMsg HTTP/1.1" 200 27
114.84.5.35 - - [04/Sep/2022:10:47:27 +0800] "POST /xingrg/kc/base/wldb_list_operate.html HTTP/1.1" 200 928
116.224.255.128 - - [04/Sep/2022:10:47:27 +0800] "GET /xingrg/all/function/internal_message.html?_=1662259596636&CODE_STATE=getMsg HTTP/1.1" 200 27
114.88.158.224 - - [04/Sep/2022:10:47:29 +0800] "GET /xingrg/kc/buy/cgsh_order_operate.html?command=get_materiel&rest_code=00141&code=00101008095&supplier_code=00100007&order_time=2022-09-04 HTTP/1.1" 200 412
114.84.81.136 - - [04/Sep/2022:10:47:29 +0800] "GET /xingrg/all/function/internal_message.html?_=1662259650547&CODE_STATE=getMsg HTTP/1.1" 200 27
124.79.74.72 - - [04/Sep/2022:10:47:30 +0800] "GET /xingrg/all/function/internal_message.html?_=1662259649198&CODE_STATE=getMsg HTTP/1.1" 200 27
114.84.5.35 - - [04/Sep/2022:10:47:35 +0800] "POST /xingrg/kc/base/wldb_list_operate.html HTTP/1.1" 200 928
114.83.219.57 - - [04/Sep/2022:10:47:36 +0800] "GET /xingrg/check_reg.html?_=1662259736220 HTTP/1.1" 200 22
101.83.240.123 - - [04/Sep/2022:10:47:37 +0800] "GET /xingrg/kc/buy/cgsh_order_operate.html?command=get_materiel&rest_code=00149&code=00101008005&supplier_code=00100008&order_time=2022-09-04 HTTP/1.1" 200 432
114.84.5.35 - - [04/Sep/2022:10:47:37 +0800] "POST /xingrg/kc/base/wldb_list_operate.html HTTP/1.1" 200 928
114.88.158.224 - - [04/Sep/2022:10:47:37 +0800] "POST /xingrg/kc/buy/cgsh_order_operate.html HTTP/1.1" 200 2065
172.20.0.100 - - [04/Sep/2022:10:47:39 +0800] "GET /xingrg/all/function/internal_message.html?_=1662259658208&CODE_STATE=getMsg HTTP/1.1" 200 27
101.83.240.123 - - [04/Sep/2022:10:47:40 +0800] "GET /xingrg/all/function/internal_message.html?_=1662259660356&CODE_STATE=getMsg HTTP/1.1" 200 27
114.84.5.35 - - [04/Sep/2022:10:47:41 +0800] "GET /xingrg/all/function/internal_message.html?_=1662259656070&CODE_STATE=getMsg HTTP/1.1" 200 27
116.224.123.211 - - [04/Sep/2022:10:47:41 +0800] "GET /xingrg/javascript/easyui/themes/default/tree.css HTTP/1.1" 404 1090
116.224.123.211 - - [04/Sep/2022:10:47:41 +0800] "POST /xingrg/all/common/load_tree.html?tree=supplier_tree_json&isDelete=1 HTTP/1.1" 200 68222
116.224.123.211 - - [04/Sep/2022:10:47:41 +0800] "GET /xingrg/all/function/internal_message.html?_=1662259661225&CODE_STATE=getMsg HTTP/1.1" 200 27
114.84.5.35 - - [04/Sep/2022:10:47:41 +0800] "POST /xingrg/kc/base/wldb_list_operate.html HTTP/1.1" 200 4637
116.225.121.189 - - [04/Sep/2022:10:47:43 +0800] "GET /xingrg/all/function/internal_message.html?_=1662259663888&CODE_STATE=getMsg HTTP/1.1" 200 27
116.225.121.189 - - [04/Sep/2022:10:47:43 +0800] "GET /xingrg/check_reg.html?_=1662259663892 HTTP/1.1" 200 22
116.224.255.128 - - [04/Sep/2022:10:47:44 +0800] "GET /xingrg/all/function/internal_message.html?_=1662259662237&CODE_STATE=getMsg HTTP/1.1" 200 27
114.83.219.57 - - [04/Sep/2022:10:47:52 +0800] "GET /xingrg/all/function/internal_message.html?_=1662259751772&CODE_STATE=getMsg HTTP/1.1" 200 27
116.235.94.249 - - [04/Sep/2022:10:47:53 +0800] "GET /xingrg/all/function/internal_message.html?_=1662259865749&CODE_STATE=getMsg HTTP/1.1" 200 27
222.70.246.221 - - [04/Sep/2022:10:47:59 +0800] "GET /xingrg/check_reg.html?_=1662259704558 HTTP/1.1" 302 -
222.70.246.221 - - [04/Sep/2022:10:48:00 +0800] "GET /xingrg/all/function/internal_message.html?_=1662259706000&CODE_STATE=getMsg HTTP/1.1" 302 -
180.169.147.146 - - [04/Sep/2022:10:48:03 +0800] "GET /xingrg/all/function/internal_message.html?_=1662259681912&CODE_STATE=getMsg HTTP/1.1" 200 27
101.83.240.123 - - [04/Sep/2022:10:48:05 +0800] "GET /xingrg/kc/buy/cgsh_order_operate.html?command=get_materiel&rest_code=00149&code=00101008353&supplier_code=00100008&order_time=2022-09-04 HTTP/1.1" 200 408
116.224.123.211 - - [04/Sep/2022:10:48:05 +0800] "GET /xingrg/kc/buy/cgsh_order_operate.html?command=get_materiel&rest_code=00102&code=00101009016&supplier_code=00100026&order_time=2022-09-04 HTTP/1.1" 200 412
116.232.194.65 - - [04/Sep/2022:10:48:05 +0800] "GET /xingrg/all/function/internal_message.html?_=1662259632648&CODE_STATE=getMsg HTTP/1.1" 200 27
114.84.81.136 - - [04/Sep/2022:10:48:09 +0800] "GET /xingrg/all/function/internal_message.html?_=1662259688628&CODE_STATE=getMsg HTTP/1.1" 200 27
114.88.158.224 - - [04/Sep/2022:10:48:10 +0800] "GET /xingrg/kc/buy/cgsh_order_operate.html?command=get_materiel&rest_code=00141&code=00101008298&supplier_code=00100007&order_time=2022-09-04 HTTP/1.1" 200 412
116.224.123.211 - - [04/Sep/2022:10:48:11 +0800] "GET /xingrg/all/function/internal_message.html?_=1662259691483&CODE_STATE=getMsg HTTP/1.1" 200 27
222.70.246.221 - - [04/Sep/2022:10:48:12 +0800] "GET /xingrg/all/function/internal_message.html?_=1662259693878&CODE_STATE=getMsg HTTP/1.1" 200 27
114.88.158.224 - - [04/Sep/2022:10:48:14 +0800] "POST /xingrg/kc/buy/cgsh_order_operate.html HTTP/1.1" 200 2065
180.169.147.146 - - [04/Sep/2022:10:48:14 +0800] "GET /xingrg/all/function/internal_message.html?_=1662259694883&CODE_STATE=getMsg HTTP/1.1" 200 27
180.169.147.146 - - [04/Sep/2022:10:48:16 +0800] "GET /xingrg/all/function/internal_message.html?_=1662259696410&CODE_STATE=getMsg HTTP/1.1" 200 27
101.83.240.123 - - [04/Sep/2022:10:48:17 +0800] "GET /xingrg/kc/buy/cgsh_order_operate.html?command=get_materiel&rest_code=00149&code=00101008213&supplier_code=00100008&order_time=2022-09-04 HTTP/1.1" 200 412
114.88.158.224 - - [04/Sep/2022:10:48:18 +0800] "GET /xingrg/kc/buy/cgsh_order_operate.html?command=get_materiel&rest_code=00141&code=00101008236&supplier_code=00100007&order_time=2022-09-04 HTTP/1.1" 200 416
61.170.233.131 - - [04/Sep/2022:10:48:19 +0800] "GET /xingrg/all/function/internal_message.html?_=1662259693251&CODE_STATE=getMsg HTTP/1.1" 200 27
180.169.147.146 - - [04/Sep/2022:10:48:26 +0800] "GET /xingrg/check_reg.html?_=1662260250863 HTTP/1.1" 200 22
180.169.147.146 - - [04/Sep/2022:10:48:26 +0800] "GET /xingrg/all/function/internal_message.html?_=1662260250866&CODE_STATE=getMsg HTTP/1.1" 200 27
114.88.158.224 - - [04/Sep/2022:10:48:26 +0800] "GET /xingrg/kc/buy/cgsh_order_operate.html?command=get_materiel&rest_code=00141&code=00101008114&supplier_code=00100007&order_time=2022-09-04 HTTP/1.1" 200 412
114.88.158.224 - - [04/Sep/2022:10:48:26 +0800] "GET /xingrg/all/function/internal_message.html?_=1662259366397&CODE_STATE=getMsg HTTP/1.1" 200 27
116.224.255.128 - - [04/Sep/2022:10:48:27 +0800] "GET /xingrg/all/function/internal_message.html?_=1662259656642&CODE_STATE=getMsg HTTP/1.1" 200 27
101.83.240.123 - - [04/Sep/2022:10:48:28 +0800] "POST /xingrg/kc/buy/cgsh_order_operate.html HTTP/1.1" 200 2065
114.84.81.136 - - [04/Sep/2022:10:48:29 +0800] "GET /xingrg/all/function/internal_message.html?_=1662259710551&CODE_STATE=getMsg HTTP/1.1" 200 27
124.79.74.72 - - [04/Sep/2022:10:48:30 +0800] "GET /xingrg/all/function/internal_message.html?_=1662259709168&CODE_STATE=getMsg HTTP/1.1" 200 27
101.83.240.123 - - [04/Sep/2022:10:48:34 +0800] "GET /xingrg/kc/buy/cgsh_order_operate.html?command=get_materiel&rest_code=00149&code=00101008095&supplier_code=00100008&order_time=2022-09-04 HTTP/1.1" 200 412
114.88.158.224 - - [04/Sep/2022:10:48:34 +0800] "GET /xingrg/kc/buy/cgsh_order_operate.html?command=get_materiel&rest_code=00141&code=00101008283&supplier_code=00100007&order_time=2022-09-04 HTTP/1.1" 200 408
180.169.147.146 - - [04/Sep/2022:10:48:38 +0800] "POST /xingrg/dwr/call/plaincall/AjaxReportQueryService.refreshCache.dwr HTTP/1.1" 200 78
116.224.123.211 - - [04/Sep/2022:10:48:38 +0800] "GET /xingrg/kc/buy/cgsh_order_operate.html?command=get_materiel&rest_code=00102&code=00101009137&supplier_code=00100026&order_time=2022-09-04 HTTP/1.1" 200 410
180.169.147.146 - - [04/Sep/2022:10:48:38 +0800] "POST /xingrg/all/report/load_report_page.html HTTP/1.1" 200 89
172.20.0.100 - - [04/Sep/2022:10:48:39 +0800] "GET /xingrg/all/function/internal_message.html?_=1662259718210&CODE_STATE=getMsg HTTP/1.1" 200 27
172.20.0.100 - - [04/Sep/2022:10:48:39 +0800] "GET /xingrg/check_reg.html?_=1662259718211 HTTP/1.1" 200 22
101.83.240.123 - - [04/Sep/2022:10:48:40 +0800] "GET /xingrg/all/function/internal_message.html?_=1662259720343&CODE_STATE=getMsg HTTP/1.1" 200 27
114.84.5.35 - - [04/Sep/2022:10:48:41 +0800] "GET /xingrg/all/function/internal_message.html?_=1662259716042&CODE_STATE=getMsg HTTP/1.1" 200 27
116.224.123.211 - - [04/Sep/2022:10:48:41 +0800] "GET /xingrg/all/function/internal_message.html?_=1662259721206&CODE_STATE=getMsg HTTP/1.1" 200 27
116.224.123.211 - - [04/Sep/2022:10:48:41 +0800] "GET /xingrg/check_reg.html?_=1662259721680 HTTP/1.1" 200 22
180.169.147.146 - - [04/Sep/2022:10:48:42 +0800] "POST /xingrg/dwr/call/plaincall/AjaxReportQueryService.refreshCache.dwr HTTP/1.1" 200 78
180.169.147.146 - - [04/Sep/2022:10:48:42 +0800] "POST /xingrg/all/report/load_report_page.html HTTP/1.1" 200 89
116.225.121.189 - - [04/Sep/2022:10:48:43 +0800] "GET /xingrg/all/function/internal_message.html?_=1662259723892&CODE_STATE=getMsg HTTP/1.1" 200 27
116.224.255.128 - - [04/Sep/2022:10:48:44 +0800] "GET /xingrg/all/function/internal_message.html?_=1662259722238&CODE_STATE=getMsg HTTP/1.1" 200 27
180.169.147.146 - - [04/Sep/2022:10:48:47 +0800] "POST /xingrg/dwr/call/plaincall/AjaxReportQueryService.refreshCache.dwr HTTP/1.1" 200 79
116.224.123.211 - - [04/Sep/2022:10:48:47 +0800] "GET /xingrg/kc/buy/cgsh_order_operate.html?command=get_materiel&rest_code=00102&code=00101009041&supplier_code=00100026&order_time=2022-09-04 HTTP/1.1" 200 408
180.169.147.146 - - [04/Sep/2022:10:48:49 +0800] "POST /xingrg/all/report/load_report_page.html HTTP/1.1" 200 89
114.88.158.224 - - [04/Sep/2022:10:48:50 +0800] "GET /xingrg/kc/buy/cgsh_order_operate.html?command=get_materiel&rest_code=00141&code=00101009013&supplier_code=00100007&order_time=2022-09-04 HTTP/1.1" 200 420
101.83.240.123 - - [04/Sep/2022:10:48:51 +0800] "GET /xingrg/kc/buy/cgsh_order_operate.html?command=get_materiel&rest_code=00149&code=00101008041&supplier_code=00100008&order_time=2022-09-04 HTTP/1.1" 200 408
114.83.219.57 - - [04/Sep/2022:10:48:52 +0800] "GET /xingrg/all/function/internal_message.html?_=1662259811771&CODE_STATE=getMsg HTTP/1.1" 200 27
116.235.94.249 - - [04/Sep/2022:10:48:53 +0800] "GET /xingrg/all/function/internal_message.html?_=1662259925747&CODE_STATE=getMsg HTTP/1.1" 200 27
116.235.94.249 - - [04/Sep/2022:10:48:53 +0800] "GET /xingrg/check_reg.html?_=1662259925748 HTTP/1.1" 200 22
180.169.147.146 - - [04/Sep/2022:10:48:57 +0800] "POST /xingrg/dwr/call/plaincall/AjaxReportQueryService.refreshCache.dwr HTTP/1.1" 200 79
114.88.158.224 - - [04/Sep/2022:10:48:59 +0800] "GET /xingrg/kc/buy/cgsh_order_operate.html?command=get_materiel&rest_code=00141&code=00101008150&supplier_code=00100007&order_time=2022-09-04 HTTP/1.1" 200 409
116.224.123.211 - - [04/Sep/2022:10:49:00 +0800] "GET /xingrg/kc/buy/cgsh_order_operate.html?command=get_materiel&rest_code=00102&code=00101009011&supplier_code=00100026&order_time=2022-09-04 HTTP/1.1" 200 416
222.70.246.221 - - [04/Sep/2022:10:49:00 +0800] "GET /xingrg/all/function/internal_message.html?_=1662259766023&CODE_STATE=getMsg HTTP/1.1" 302 -
180.169.147.146 - - [04/Sep/2022:10:49:01 +0800] "POST /xingrg/all/report/load_report_page.html HTTP/1.1" 200 89
114.88.158.224 - - [04/Sep/2022:10:49:02 +0800] "POST /xingrg/kc/buy/cgsh_order_operate.html HTTP/1.1" 200 2065
180.169.147.146 - - [04/Sep/2022:10:49:03 +0800] "GET /xingrg/all/function/internal_message.html?_=1662259741906&CODE_STATE=getMsg HTTP/1.1" 200 27
180.169.147.146 - - [04/Sep/2022:10:49:03 +0800] "GET /xingrg/check_reg.html?_=1662259742079 HTTP/1.1" 200 22
116.232.194.65 - - [04/Sep/2022:10:49:05 +0800] "GET /xingrg/all/function/internal_message.html?_=1662259692659&CODE_STATE=getMsg HTTP/1.1" 200 27
180.169.147.146 - - [04/Sep/2022:10:49:07 +0800] "POST /xingrg/dwr/call/plaincall/AjaxReportQueryService.refreshCache.dwr HTTP/1.1" 200 79
180.169.147.146 - - [04/Sep/2022:10:49:08 +0800] "POST /xingrg/all/report/load_report_page.html HTTP/1.1" 200 101275
180.169.147.146 - - [04/Sep/2022:10:49:08 +0800] "GET /xingrg/servlets/image?cache=0.09329012912244228&image=px HTTP/1.1" 200 807
101.83.240.123 - - [04/Sep/2022:10:49:08 +0800] "GET /xingrg/kc/buy/cgsh_order_operate.html?command=get_materiel&rest_code=00149&code=00101008275&supplier_code=00100008&order_time=2022-09-04 HTTP/1.1" 200 416
116.224.123.211 - - [04/Sep/2022:10:49:09 +0800] "GET /xingrg/kc/buy/cgsh_order_operate.html?command=get_materiel&rest_code=00102&code=00101009109&supplier_code=00100026&order_time=2022-09-04 HTTP/1.1" 200 413
114.84.81.136 - - [04/Sep/2022:10:49:09 +0800] "GET /xingrg/all/function/internal_message.html?_=1662259748628&CODE_STATE=getMsg HTTP/1.1" 200 27
114.88.158.224 - - [04/Sep/2022:10:49:09 +0800] "GET /xingrg/kc/buy/cgsh_order_operate.html?command=get_materiel&rest_code=00141&code=00101008248&supplier_code=00100007&order_time=2022-09-04 HTTP/1.1" 200 412
116.224.123.211 - - [04/Sep/2022:10:49:11 +0800] "GET /xingrg/all/function/internal_message.html?_=1662259751485&CODE_STATE=getMsg HTTP/1.1" 200 27
116.224.123.211 - - [04/Sep/2022:10:49:11 +0800] "GET /xingrg/check_reg.html?_=1662259751489 HTTP/1.1" 200 22
222.70.246.221 - - [04/Sep/2022:10:49:12 +0800] "GET /xingrg/all/function/internal_message.html?_=1662259753893&CODE_STATE=getMsg HTTP/1.1" 200 27
124.79.74.72 - - [04/Sep/2022:10:49:14 +0800] "GET /xingrg/check_reg.html?_=1662259753078 HTTP/1.1" 200 22
180.169.147.146 - - [04/Sep/2022:10:49:14 +0800] "GET /xingrg/check_reg.html?_=1662259754871 HTTP/1.1" 200 22
180.169.147.146 - - [04/Sep/2022:10:49:14 +0800] "GET /xingrg/all/function/internal_message.html?_=1662259754873&CODE_STATE=getMsg HTTP/1.1" 200 27
180.169.147.146 - - [04/Sep/2022:10:49:16 +0800] "GET /xingrg/all/function/internal_message.html?_=1662259756405&CODE_STATE=getMsg HTTP/1.1" 200 27
180.169.147.146 - - [04/Sep/2022:10:49:17 +0800] "POST /xingrg/dwr/call/plaincall/AjaxReportQueryService.refreshCache.dwr HTTP/1.1" 200 79
180.169.147.146 - - [04/Sep/2022:10:49:17 +0800] "POST /xingrg/all/report/load_report_page.html HTTP/1.1" 200 79055
180.169.147.146 - - [04/Sep/2022:10:49:17 +0800] "GET /xingrg/servlets/image?cache=0.0452627054068202&image=px HTTP/1.1" 200 807
114.88.158.224 - - [04/Sep/2022:10:49:19 +0800] "GET /xingrg/kc/buy/cgsh_order_operate.html?command=get_materiel&rest_code=00141&code=00101008261&supplier_code=00100007&order_time=2022-09-04 HTTP/1.1" 200 408
101.83.240.123 - - [04/Sep/2022:10:49:19 +0800] "POST /xingrg/kc/buy/cgsh_order_operate.html HTTP/1.1" 200 2065
61.170.233.131 - - [04/Sep/2022:10:49:19 +0800] "GET /xingrg/all/function/internal_message.html?_=1662259753231&CODE_STATE=getMsg HTTP/1.1" 200 27
180.169.147.146 - - [04/Sep/2022:10:49:20 +0800] "GET /xingrg/kc/pszx/mdps_order_info.html?isLook=1&code=312022010100025 HTTP/1.1" 200 19682
180.169.147.146 - - [04/Sep/2022:10:49:20 +0800] "GET /xingrg/words/20220904092933_words.js HTTP/1.1" 200 918662
180.169.147.146 - - [04/Sep/2022:10:49:20 +0800] "GET /favicon.ico HTTP/1.1" 404 -
180.169.147.146 - - [04/Sep/2022:10:49:20 +0800] "POST /xingrg/kc/pszx/mdps_order_operate.html HTTP/1.1" 200 2495
180.169.147.146 - - [04/Sep/2022:10:49:20 +0800] "GET /xingrg/javascript/easyui/themes/default/validatebox.css HTTP/1.1" 404 1104
116.224.123.211 - - [04/Sep/2022:10:49:22 +0800] "GET /xingrg/kc/buy/cgsh_order_operate.html?command=get_materiel&rest_code=00102&code=00101009062&supplier_code=00100026&order_time=2022-09-04 HTTP/1.1" 200 435
101.83.240.123 - - [04/Sep/2022:10:49:25 +0800] "GET /xingrg/kc/buy/cgsh_order_operate.html?command=get_materiel&rest_code=00149&code=00101008109&supplier_code=00100008&order_time=2022-09-04 HTTP/1.1" 200 413
180.169.147.146 - - [04/Sep/2022:10:49:26 +0800] "GET /xingrg/all/function/internal_message.html?_=1662260310858&CODE_STATE=getMsg HTTP/1.1" 200 27
114.88.158.224 - - [04/Sep/2022:10:49:27 +0800] "GET /xingrg/all/function/internal_message.html?_=1662259426459&CODE_STATE=getMsg HTTP/1.1" 200 27
114.88.158.224 - - [04/Sep/2022:10:49:27 +0800] "GET /xingrg/check_reg.html?_=1662259427120 HTTP/1.1" 200 22
116.224.255.128 - - [04/Sep/2022:10:49:27 +0800] "GET /xingrg/all/function/internal_message.html?_=1662259716706&CODE_STATE=getMsg HTTP/1.1" 200 27
180.169.147.146 - - [04/Sep/2022:10:49:29 +0800] "GET /xingrg/kc/pszx/mdps_order_info.html?isLook=1&code=312022012100737 HTTP/1.1" 200 19682
180.169.147.146 - - [04/Sep/2022:10:49:29 +0800] "GET /favicon.ico HTTP/1.1" 404 -
180.169.147.146 - - [04/Sep/2022:10:49:29 +0800] "POST /xingrg/kc/pszx/mdps_order_operate.html HTTP/1.1" 200 7932
180.169.147.146 - - [04/Sep/2022:10:49:29 +0800] "GET /xingrg/javascript/easyui/themes/default/validatebox.css HTTP/1.1" 404 1104
114.84.81.136 - - [04/Sep/2022:10:49:29 +0800] "GET /xingrg/all/function/internal_message.html?_=1662259770575&CODE_STATE=getMsg HTTP/1.1" 200 27
124.79.74.72 - - [04/Sep/2022:10:49:30 +0800] "GET /xingrg/all/function/internal_message.html?_=1662259769143&CODE_STATE=getMsg HTTP/1.1" 200 27
114.88.158.224 - - [04/Sep/2022:10:49:38 +0800] "GET /xingrg/kc/buy/cgsh_order_operate.html?command=get_materiel&rest_code=00141&code=00101008321&supplier_code=00100007&order_time=2022-09-04 HTTP/1.1" 200 412
172.20.0.100 - - [04/Sep/2022:10:49:39 +0800] "GET /xingrg/all/function/internal_message.html?_=1662259778217&CODE_STATE=getMsg HTTP/1.1" 200 27
101.83.240.123 - - [04/Sep/2022:10:49:40 +0800] "GET /xingrg/kc/buy/cgsh_order_operate.html?command=get_materiel&rest_code=00149&code=00101020152&supplier_code=00100008&order_time=2022-09-04 HTTP/1.1" 200 416
101.83.240.123 - - [04/Sep/2022:10:49:40 +0800] "GET /xingrg/all/function/internal_message.html?_=1662259780361&CODE_STATE=getMsg HTTP/1.1" 200 27
101.83.240.123 - - [04/Sep/2022:10:49:40 +0800] "GET /xingrg/check_reg.html?_=1662259780361 HTTP/1.1" 200 22
114.84.5.35 - - [04/Sep/2022:10:49:40 +0800] "GET /xingrg/all/function/internal_message.html?_=1662259776017&CODE_STATE=getMsg HTTP/1.1" 200 27
114.84.5.35 - - [04/Sep/2022:10:49:41 +0800] "GET /xingrg/check_reg.html?_=1662259776290 HTTP/1.1" 200 22
116.224.123.211 - - [04/Sep/2022:10:49:41 +0800] "GET /xingrg/all/function/internal_message.html?_=1662259781188&CODE_STATE=getMsg HTTP/1.1" 200 27
116.225.121.189 - - [04/Sep/2022:10:49:43 +0800] "GET /xingrg/all/function/internal_message.html?_=1662259783891&CODE_STATE=getMsg HTTP/1.1" 200 27
116.224.255.128 - - [04/Sep/2022:10:49:44 +0800] "GET /xingrg/all/function/internal_message.html?_=1662259782238&CODE_STATE=getMsg HTTP/1.1" 200 27
116.224.123.211 - - [04/Sep/2022:10:49:50 +0800] "POST /xingrg/kc/buy/cgsh_order_operate.html HTTP/1.1" 200 37
114.83.219.57 - - [04/Sep/2022:10:49:52 +0800] "GET /xingrg/all/function/internal_message.html?_=1662259871757&CODE_STATE=getMsg HTTP/1.1" 200 27
114.88.158.224 - - [04/Sep/2022:10:49:53 +0800] "POST /xingrg/kc/buy/cgsh_order_operate.html HTTP/1.1" 200 2065
116.235.94.249 - - [04/Sep/2022:10:49:53 +0800] "GET /xingrg/all/function/internal_message.html?_=1662259985746&CODE_STATE=getMsg HTTP/1.1" 200 27
101.83.240.123 - - [04/Sep/2022:10:49:53 +0800] "GET /xingrg/kc/buy/cgsh_order_operate.html?command=get_materiel&rest_code=00149&code=00101008236&supplier_code=00100008&order_time=2022-09-04 HTTP/1.1" 200 416
116.224.123.211 - - [04/Sep/2022:10:49:55 +0800] "POST /xingrg/kc/buy/cgsh_order_operate.html HTTP/1.1" 200 5612
116.224.255.128 - - [04/Sep/2022:10:49:58 +0800] "GET /xingrg/check_reg.html?_=1662259747341 HTTP/1.1" 200 22
114.88.158.224 - - [04/Sep/2022:10:49:58 +0800] "GET /xingrg/kc/buy/cgsh_order_operate.html?command=get_materiel&rest_code=00141&code=00101008372&supplier_code=00100007&order_time=2022-09-04 HTTP/1.1" 200 410
222.70.246.221 - - [04/Sep/2022:10:50:00 +0800] "GET /xingrg/all/function/internal_message.html?_=1662259826028&CODE_STATE=getMsg HTTP/1.1" 302 -
180.169.147.146 - - [04/Sep/2022:10:50:03 +0800] "GET /xingrg/all/function/internal_message.html?_=1662259801915&CODE_STATE=getMsg HTTP/1.1" 200 27
116.232.194.65 - - [04/Sep/2022:10:50:05 +0800] "GET /xingrg/check_reg.html?_=1662259752653 HTTP/1.1" 200 22
116.232.194.65 - - [04/Sep/2022:10:50:05 +0800] "GET /xingrg/all/function/internal_message.html?_=1662259752657&CODE_STATE=getMsg HTTP/1.1" 200 27
101.83.240.123 - - [04/Sep/2022:10:50:06 +0800] "GET /xingrg/kc/buy/cgsh_order_operate.html?command=get_materiel&rest_code=00149&code=00101008168&supplier_code=00100008&order_time=2022-09-04 HTTP/1.1" 200 413
114.84.81.136 - - [04/Sep/2022:10:50:09 +0800] "GET /xingrg/all/function/internal_message.html?_=1662259808629&CODE_STATE=getMsg HTTP/1.1" 200 27
116.224.123.211 - - [04/Sep/2022:10:50:11 +0800] "GET /xingrg/all/function/internal_message.html?_=1662259811489&CODE_STATE=getMsg HTTP/1.1" 200 27
222.70.246.221 - - [04/Sep/2022:10:50:12 +0800] "GET /xingrg/all/function/internal_message.html?_=1662259813906&CODE_STATE=getMsg HTTP/1.1" 200 27
180.169.147.146 - - [04/Sep/2022:10:50:14 +0800] "GET /xingrg/all/function/internal_message.html?_=1662259814879&CODE_STATE=getMsg HTTP/1.1" 200 27
180.169.147.146 - - [04/Sep/2022:10:50:16 +0800] "GET /xingrg/all/function/internal_message.html?_=1662259816421&CODE_STATE=getMsg HTTP/1.1" 200 27
101.83.240.123 - - [04/Sep/2022:10:50:18 +0800] "GET /xingrg/kc/buy/cgsh_order_operate.html?command=get_materiel&rest_code=00149&code=00101008114&supplier_code=00100008&order_time=2022-09-04 HTTP/1.1" 200 412
180.169.147.146 - - [04/Sep/2022:10:50:19 +0800] "POST /xingrg/dwr/call/plaincall/AjaxReportQueryService.refreshCache.dwr HTTP/1.1" 200 79
116.232.194.65 - - [04/Sep/2022:10:50:19 +0800] "POST /xingrg/services/DataTransmitService HTTP/1.1" 200 524
61.170.233.131 - - [04/Sep/2022:10:50:19 +0800] "GET /xingrg/all/function/internal_message.html?_=1662259813204&CODE_STATE=getMsg HTTP/1.1" 200 27
180.169.147.146 - - [04/Sep/2022:10:50:19 +0800] "POST /xingrg/all/report/load_report_page.html HTTP/1.1" 200 24231
180.169.147.146 - - [04/Sep/2022:10:50:20 +0800] "GET /xingrg/servlets/image?cache=0.5803424393728918&image=px HTTP/1.1" 200 807
116.232.194.65 - - [04/Sep/2022:10:50:20 +0800] "POST /xingrg/services/DataTransmitService HTTP/1.1" 200 412
101.83.240.123 - - [04/Sep/2022:10:50:21 +0800] "POST /xingrg/kc/buy/cgsh_order_operate.html HTTP/1.1" 200 2065
180.169.147.146 - - [04/Sep/2022:10:50:22 +0800] "GET /xingrg/kc/pszx/mdps_order_info.html?isLook=1&code=312022011100386 HTTP/1.1" 200 19682
180.169.147.146 - - [04/Sep/2022:10:50:22 +0800] "GET /favicon.ico HTTP/1.1" 404 -
180.169.147.146 - - [04/Sep/2022:10:50:22 +0800] "GET /xingrg/javascript/easyui/themes/default/validatebox.css HTTP/1.1" 404 1104
180.169.147.146 - - [04/Sep/2022:10:50:22 +0800] "POST /xingrg/kc/pszx/mdps_order_operate.html HTTP/1.1" 200 1496
180.169.147.146 - - [04/Sep/2022:10:50:26 +0800] "GET /xingrg/all/function/internal_message.html?_=1662260370857&CODE_STATE=getMsg HTTP/1.1" 200 27
114.88.158.224 - - [04/Sep/2022:10:50:27 +0800] "GET /xingrg/all/function/internal_message.html?_=1662259486459&CODE_STATE=getMsg HTTP/1.1" 200 27
116.224.255.128 - - [04/Sep/2022:10:50:27 +0800] "GET /xingrg/all/function/internal_message.html?_=1662259776716&CODE_STATE=getMsg HTTP/1.1" 200 27
114.84.81.136 - - [04/Sep/2022:10:50:29 +0800] "GET /xingrg/all/function/internal_message.html?_=1662259830570&CODE_STATE=getMsg HTTP/1.1" 200 27
114.84.81.136 - - [04/Sep/2022:10:50:29 +0800] "GET /xingrg/check_reg.html?_=1662259830573 HTTP/1.1" 200 22
124.79.74.72 - - [04/Sep/2022:10:50:30 +0800] "GET /xingrg/all/function/internal_message.html?_=1662259829129&CODE_STATE=getMsg HTTP/1.1" 200 27
101.83.240.123 - - [04/Sep/2022:10:50:31 +0800] "GET /xingrg/kc/buy/cgsh_order_operate.html?command=get_materiel&rest_code=00149&code=00101008314&supplier_code=00100008&order_time=2022-09-04 HTTP/1.1" 200 413
172.20.0.100 - - [04/Sep/2022:10:50:39 +0800] "GET /xingrg/all/function/internal_message.html?_=1662259838221&CODE_STATE=getMsg HTTP/1.1" 200 27
101.83.240.123 - - [04/Sep/2022:10:50:40 +0800] "GET /xingrg/all/function/internal_message.html?_=1662259840361&CODE_STATE=getMsg HTTP/1.1" 200 27
114.84.5.35 - - [04/Sep/2022:10:50:40 +0800] "GET /xingrg/all/function/internal_message.html?_=1662259835995&CODE_STATE=getMsg HTTP/1.1" 200 27
116.224.123.211 - - [04/Sep/2022:10:50:41 +0800] "GET /xingrg/all/function/internal_message.html?_=1662259841172&CODE_STATE=getMsg HTTP/1.1" 200 27
116.225.121.189 - - [04/Sep/2022:10:50:43 +0800] "GET /xingrg/all/function/internal_message.html?_=1662259843891&CODE_STATE=getMsg HTTP/1.1" 200 27
116.224.255.128 - - [04/Sep/2022:10:50:44 +0800] "GET /xingrg/all/function/internal_message.html?_=1662259842239&CODE_STATE=getMsg HTTP/1.1" 200 27
114.88.158.224 - - [04/Sep/2022:10:50:48 +0800] "POST /xingrg/kc/buy/cgsh_order_operate.html HTTP/1.1" 200 37
114.83.219.57 - - [04/Sep/2022:10:50:52 +0800] "GET /xingrg/all/function/internal_message.html?_=1662259931737&CODE_STATE=getMsg HTTP/1.1" 200 27
114.88.158.224 - - [04/Sep/2022:10:50:52 +0800] "POST /xingrg/kc/buy/cgsh_order_operate.html HTTP/1.1" 200 12
116.235.94.249 - - [04/Sep/2022:10:50:53 +0800] "GET /xingrg/all/function/internal_message.html?_=1662260045744&CODE_STATE=getMsg HTTP/1.1" 200 27
114.88.158.224 - - [04/Sep/2022:10:50:54 +0800] "GET /xingrg/kc/buy/cgsh_order_info.html?code=212022090401217 HTTP/1.1" 200 63478
114.88.158.224 - - [04/Sep/2022:10:50:54 +0800] "GET /xingrg/javascript/easyui/themes/default/validatebox.css HTTP/1.1" 404 1104
114.88.158.224 - - [04/Sep/2022:10:50:55 +0800] "POST /xingrg/kc/buy/cgsh_order_operate.html HTTP/1.1" 200 34246
114.88.158.224 - - [04/Sep/2022:10:50:56 +0800] "GET /xingrg/kc/print/load_data.html?order_code=212022090401217&kc_code=cgsh&condition= HTTP/1.1" 200 13428
222.70.246.221 - - [04/Sep/2022:10:51:00 +0800] "GET /xingrg/all/function/internal_message.html?_=1662259886047&CODE_STATE=getMsg HTTP/1.1" 302 -
180.169.147.146 - - [04/Sep/2022:10:51:02 +0800] "POST /xingrg/dwr/call/plaincall/AjaxReportQueryService.refreshCache.dwr HTTP/1.1" 200 79
180.169.147.146 - - [04/Sep/2022:10:51:03 +0800] "GET /xingrg/all/function/internal_message.html?_=1662259861931&CODE_STATE=getMsg HTTP/1.1" 200 27
180.169.147.146 - - [04/Sep/2022:10:51:03 +0800] "POST /xingrg/all/report/load_report_page.html HTTP/1.1" 200 54709
180.169.147.146 - - [04/Sep/2022:10:51:03 +0800] "GET /xingrg/servlets/image?cache=0.020332783975951174&image=px HTTP/1.1" 200 807
101.83.240.123 - - [04/Sep/2022:10:51:04 +0800] "POST /xingrg/kc/buy/cgsh_order_operate.html HTTP/1.1" 200 37
116.232.194.65 - - [04/Sep/2022:10:51:05 +0800] "GET /xingrg/all/function/internal_message.html?_=1662259812645&CODE_STATE=getMsg HTTP/1.1" 200 27
114.88.158.224 - - [04/Sep/2022:10:51:06 +0800] "GET /xingrg/kc/buy/cgsh_order_add.html HTTP/1.1" 200 68575
180.169.147.146 - - [04/Sep/2022:10:51:06 +0800] "GET /xingrg/kc/pszx/mdps_order_info.html?isLook=1&code=312022061700269 HTTP/1.1" 200 19682
114.88.158.224 - - [04/Sep/2022:10:51:06 +0800] "POST /xingrg/kc/buy/cgsh_order_operate.html HTTP/1.1" 200 8245
180.169.147.146 - - [04/Sep/2022:10:51:06 +0800] "GET /favicon.ico HTTP/1.1" 404 -
114.88.158.224 - - [04/Sep/2022:10:51:06 +0800] "GET /xingrg/javascript/easyui/themes/default/validatebox.css HTTP/1.1" 404 1104
180.169.147.146 - - [04/Sep/2022:10:51:06 +0800] "POST /xingrg/kc/pszx/mdps_order_operate.html HTTP/1.1" 200 1961
180.169.147.146 - - [04/Sep/2022:10:51:06 +0800] "GET /xingrg/javascript/easyui/themes/default/validatebox.css HTTP/1.1" 404 1104
101.83.240.123 - - [04/Sep/2022:10:51:08 +0800] "POST /xingrg/kc/buy/cgsh_order_operate.html HTTP/1.1" 200 12
114.84.81.136 - - [04/Sep/2022:10:51:09 +0800] "GET /xingrg/check_reg.html?_=1662259868630 HTTP/1.1" 200 22
114.84.81.136 - - [04/Sep/2022:10:51:09 +0800] "GET /xingrg/all/function/internal_message.html?_=1662259868633&CODE_STATE=getMsg HTTP/1.1" 200 27
116.224.123.211 - - [04/Sep/2022:10:51:11 +0800] "GET /xingrg/all/function/internal_message.html?_=1662259871482&CODE_STATE=getMsg HTTP/1.1" 200 27
222.70.246.221 - - [04/Sep/2022:10:51:12 +0800] "GET /xingrg/check_reg.html?_=1662259873502 HTTP/1.1" 200 22
222.70.246.221 - - [04/Sep/2022:10:51:12 +0800] "GET /xingrg/all/function/internal_message.html?_=1662259873919&CODE_STATE=getMsg HTTP/1.1" 200 27
180.169.147.146 - - [04/Sep/2022:10:51:14 +0800] "GET /xingrg/all/report/report_query.html?fileName=dma/new_5.0/menu/menu_hz_all.xml HTTP/1.1" 200 51795
180.169.147.146 - - [04/Sep/2022:10:51:14 +0800] "GET /xingrg/dwr/interface/AjaxReportQueryService.js HTTP/1.1" 200 13203
180.169.147.146 - - [04/Sep/2022:10:51:14 +0800] "GET /xingrg/dwr/engine.js HTTP/1.1" 200 43631
101.83.240.123 - - [04/Sep/2022:10:51:14 +0800] "GET /xingrg/kc/buy/cgsh_order_info.html?code=212022090401202 HTTP/1.1" 200 63566
180.169.147.146 - - [04/Sep/2022:10:51:14 +0800] "POST /xingrg/dwr/call/plaincall/AjaxReportQueryService.getFixDate.dwr HTTP/1.1" 200 111
180.169.147.146 - - [04/Sep/2022:10:51:14 +0800] "GET /xingrg/all/function/internal_message.html?_=1662259874880&CODE_STATE=getMsg HTTP/1.1" 200 27
180.169.147.146 - - [04/Sep/2022:10:51:15 +0800] "POST /xingrg/all/common/load_tree.html?tree=area_station_tree_json&manage=1 HTTP/1.1" 200 3364
101.83.240.123 - - [04/Sep/2022:10:51:15 +0800] "GET /xingrg/words/20220904092933_words.js HTTP/1.1" 304 -
114.88.158.224 - - [04/Sep/2022:10:51:15 +0800] "GET /xingrg/kc/buy/cgsh_order_operate.html?command=get_materiel&rest_code=00141&code=00102003086&supplier_code=00100075&order_time=2022-09-04 HTTP/1.1" 200 409
101.83.240.123 - - [04/Sep/2022:10:51:15 +0800] "GET /xingrg/javascript/easyui/themes/default/validatebox.css HTTP/1.1" 404 1104
101.83.240.123 - - [04/Sep/2022:10:51:16 +0800] "POST /xingrg/kc/buy/cgsh_order_operate.html HTTP/1.1" 200 45563
180.169.147.146 - - [04/Sep/2022:10:51:16 +0800] "GET /xingrg/all/report/report_query.html?fileName=dma/new_5.0/menu/menu_category_hz.xml HTTP/1.1" 200 53064
180.169.147.146 - - [04/Sep/2022:10:51:16 +0800] "GET /xingrg/dwr/interface/AjaxReportQueryService.js HTTP/1.1" 200 13203
180.169.147.146 - - [04/Sep/2022:10:51:16 +0800] "GET /xingrg/dwr/engine.js HTTP/1.1" 200 43631
180.169.147.146 - - [04/Sep/2022:10:51:16 +0800] "POST /xingrg/dwr/call/plaincall/AjaxReportQueryService.getFixDate.dwr HTTP/1.1" 200 111
180.169.147.146 - - [04/Sep/2022:10:51:16 +0800] "POST /xingrg/all/common/load_tree.html?tree=area_station_tree_json&manage=1 HTTP/1.1" 200 3364
180.169.147.146 - - [04/Sep/2022:10:51:16 +0800] "GET /xingrg/check_reg.html?_=1662259876402 HTTP/1.1" 200 22
180.169.147.146 - - [04/Sep/2022:10:51:16 +0800] "GET /xingrg/all/function/internal_message.html?_=1662259876404&CODE_STATE=getMsg HTTP/1.1" 200 27
180.169.147.146 - - [04/Sep/2022:10:51:17 +0800] "GET /xingrg/all/report/report_query.html?fileName=dma/new_5.0/menu/menu_stca_hz.xml HTTP/1.1" 200 51418
180.169.147.146 - - [04/Sep/2022:10:51:17 +0800] "GET /xingrg/dwr/interface/AjaxReportQueryService.js HTTP/1.1" 200 13203
180.169.147.146 - - [04/Sep/2022:10:51:17 +0800] "GET /xingrg/dwr/engine.js HTTP/1.1" 200 43631
180.169.147.146 - - [04/Sep/2022:10:51:18 +0800] "POST /xingrg/dwr/call/plaincall/AjaxReportQueryService.getFixDate.dwr HTTP/1.1" 200 111
180.169.147.146 - - [04/Sep/2022:10:51:18 +0800] "POST /xingrg/all/common/load_tree.html?tree=area_station_tree_json&manage=1 HTTP/1.1" 200 3364
180.169.147.146 - - [04/Sep/2022:10:51:19 +0800] "POST /xingrg/dwr/call/plaincall/AjaxReportQueryService.getFixDate.dwr HTTP/1.1" 200 111
61.170.233.131 - - [04/Sep/2022:10:51:19 +0800] "GET /xingrg/all/function/internal_message.html?_=1662259873173&CODE_STATE=getMsg HTTP/1.1" 200 27
101.83.240.123 - - [04/Sep/2022:10:51:21 +0800] "GET /xingrg/kc/print/load_config.html?kc_code=cgsh HTTP/1.1" 200 1943
101.83.240.123 - - [04/Sep/2022:10:51:21 +0800] "GET /xingrg/kc/print/load_data.html?order_code=212022090401202&kc_code=cgsh&condition= HTTP/1.1" 200 17710
180.169.147.146 - - [04/Sep/2022:10:51:23 +0800] "POST /xingrg/dwr/call/plaincall/AjaxReportQueryService.refreshCache.dwr HTTP/1.1" 200 78
180.169.147.146 - - [04/Sep/2022:10:51:23 +0800] "POST /xingrg/all/report/load_report_page.html HTTP/1.1" 200 59047
180.169.147.146 - - [04/Sep/2022:10:51:23 +0800] "GET /xingrg/servlets/image?cache=0.019241020689279353&image=px HTTP/1.1" 200 807
180.169.147.146 - - [04/Sep/2022:10:51:26 +0800] "GET /xingrg/all/function/internal_message.html?_=1662260430851&CODE_STATE=getMsg HTTP/1.1" 200 27
180.169.147.146 - - [04/Sep/2022:10:51:26 +0800] "GET /xingrg/all/report/report_query.html?isQuery=1&fileName=dma/new_5.0/menu/menu_hz.xml&queryString=(a.sale_day%2520between%252020220801%2520and%252020220831)%2520and%2520(a.sid%2520in%2520(19))%2520and%2520(a.tj_code%253D21)&queryText=%25E3%2580%2590%25E8%2590%25A5%25E4%25B8%259A%25E6%2597%25A5%25E6%259C%259F%253A2022-08-01%2520%25E8%2587%25B3%25202022-08-31%25E3%2580%2591%2520%25E5%25B9%25B6%25E4%25B8%2594%2520%2520%25E3%2580%2590%25E9%2597%25A8%25E5%25BA%2597%25E5%2590%258D%25E7%25A7%25B0%2520%253D%2520%25E6%25A6%2595%25E5%25BA%259C%25E8%2587%25BB%25E5%2593%2581%25E9%2587%2591%25E9%2592%259F%25E5%25BA%2597%25E3%2580%2591%2520%25E5%25B9%25B6%25E4%25B8%2594%2520%25E3%2580%2590%25E7%25BB%259F%25E8%25AE%25A1%25E7%25B1%25BB%25E5%2588%25AB%2520%253D%2520%25E5%25A4%2596%25E5%258C%2585%25E6%259E%259C%25E6%25B1%2581%25E3%2580%2591 HTTP/1.1" 200 54124
180.169.147.146 - - [04/Sep/2022:10:51:26 +0800] "GET /xingrg/dwr/engine.js HTTP/1.1" 200 43631
114.88.158.224 - - [04/Sep/2022:10:51:26 +0800] "GET /xingrg/all/function/internal_message.html?_=1662259546361&CODE_STATE=getMsg HTTP/1.1" 200 27
180.169.147.146 - - [04/Sep/2022:10:51:27 +0800] "GET /favicon.ico HTTP/1.1" 404 -
180.169.147.146 - - [04/Sep/2022:10:51:27 +0800] "POST /xingrg/all/report/load_report_page.html HTTP/1.1" 200 31405
180.169.147.146 - - [04/Sep/2022:10:51:27 +0800] "GET /xingrg/servlets/image?cache=0.7060995689079288&image=px HTTP/1.1" 200 807
116.224.255.128 - - [04/Sep/2022:10:51:27 +0800] "GET /xingrg/all/function/internal_message.html?_=1662259836730&CODE_STATE=getMsg HTTP/1.1" 200 27
114.84.81.136 - - [04/Sep/2022:10:51:29 +0800] "GET /xingrg/all/function/internal_message.html?_=1662259890577&CODE_STATE=getMsg HTTP/1.1" 200 27
124.79.74.72 - - [04/Sep/2022:10:51:30 +0800] "GET /xingrg/all/function/internal_message.html?_=1662259889114&CODE_STATE=getMsg HTTP/1.1" 200 27
114.88.158.224 - - [04/Sep/2022:10:51:31 +0800] "GET /xingrg/kc/buy/cgsh_order_operate.html?command=get_materiel&rest_code=00141&code=00102013051&supplier_code=00100075&order_time=2022-09-04 HTTP/1.1" 200 417
180.169.147.146 - - [04/Sep/2022:10:51:31 +0800] "POST /xingrg/all/report/report_print.html HTTP/1.1" 200 6144
172.20.0.100 - - [04/Sep/2022:10:51:39 +0800] "GET /xingrg/all/function/internal_message.html?_=1662259898222&CODE_STATE=getMsg HTTP/1.1" 200 27
114.88.158.224 - - [04/Sep/2022:10:51:40 +0800] "GET /xingrg/kc/buy/cgsh_order_operate.html?command=get_materiel&rest_code=00141&code=00102003284&supplier_code=00100075&order_time=2022-09-04 HTTP/1.1" 200 408
