58.37.150.172 - - [01/Sep/2022:10:35:19 +0800] "POST /xingrg/supplier/cgsh_list_operate.html HTTP/1.1" 200 4619
124.78.155.30 - - [01/Sep/2022:10:35:20 +0800] "GET /xingrg/all/function/internal_message.html?_=1661999722595&CODE_STATE=getMsg HTTP/1.1" 200 27
222.69.129.110 - - [01/Sep/2022:10:35:22 +0800] "POST /xingrg/dwr/call/plaincall/AjaxCheckService.setItemNumber.dwr HTTP/1.1" 200 76
124.78.155.30 - - [01/Sep/2022:10:35:22 +0800] "POST /xingrg/dwr/call/plaincall/AjaxComOrderService.getMaterielSearchList.dwr HTTP/1.1" 200 204
124.78.155.30 - - [01/Sep/2022:10:35:23 +0800] "POST /xingrg/dwr/call/plaincall/AjaxComOrderService.getMaterielSearchList.dwr HTTP/1.1" 200 204
124.78.155.30 - - [01/Sep/2022:10:35:24 +0800] "POST /xingrg/dwr/call/plaincall/AjaxComOrderService.getMaterielSearchList.dwr HTTP/1.1" 200 709
222.69.129.110 - - [01/Sep/2022:10:35:24 +0800] "GET /xingrg/all/function/internal_message.html?_=1661999799891&CODE_STATE=getMsg HTTP/1.1" 200 27
58.37.150.172 - - [01/Sep/2022:10:35:24 +0800] "POST /xingrg/supplier/cgsh_list_operate.html HTTP/1.1" 200 283
124.78.155.30 - - [01/Sep/2022:10:35:25 +0800] "POST /xingrg/dwr/call/plaincall/AjaxYddbService.getMaterielByMap.dwr HTTP/1.1" 200 2750
101.83.240.123 - - [01/Sep/2022:10:35:25 +0800] "GET /xingrg/all/function/internal_message.html?_=1661999720554&CODE_STATE=getMsg HTTP/1.1" 200 27
124.78.155.30 - - [01/Sep/2022:10:35:27 +0800] "POST /xingrg/dwr/call/plaincall/AjaxYddbService.saveMaterielItem.dwr HTTP/1.1" 200 79
180.169.147.146 - - [01/Sep/2022:10:35:28 +0800] "GET /xingrg/all/function/internal_message.html?_=1661999723813&CODE_STATE=getMsg HTTP/1.1" 200 27
101.85.93.70 - - [01/Sep/2022:10:35:31 +0800] "GET /xingrg/all/function/internal_message.html?_=1661999728403&CODE_STATE=getMsg HTTP/1.1" 200 27
58.37.150.172 - - [01/Sep/2022:10:35:31 +0800] "POST /xingrg/supplier/cgsh_list_operate.html HTTP/1.1" 200 291
124.78.155.30 - - [01/Sep/2022:10:35:36 +0800] "GET /xingrg/all/function/internal_message.html?_=1661999730573&CODE_STATE=getMsg HTTP/1.1" 200 27
116.225.121.189 - - [01/Sep/2022:10:35:36 +0800] "GET /xingrg/kc/base/wldb_order_add.html HTTP/1.1" 200 30394
116.225.121.189 - - [01/Sep/2022:10:35:36 +0800] "POST /xingrg/kc/base/wldb_order_operate.html HTTP/1.1" 200 6806
116.225.121.189 - - [01/Sep/2022:10:35:36 +0800] "GET /xingrg/javascript/easyui/themes/default/validatebox.css HTTP/1.1" 404 1104
222.69.129.110 - - [01/Sep/2022:10:35:37 +0800] "POST /xingrg/dwr/call/plaincall/AjaxCheckService.setItemNumber.dwr HTTP/1.1" 200 77
58.37.150.172 - - [01/Sep/2022:10:35:40 +0800] "POST /xingrg/supplier/cgsh_list_operate.html HTTP/1.1" 200 4781
180.169.147.146 - - [01/Sep/2022:10:35:40 +0800] "GET /xingrg/all/function/internal_message.html?_=1661999738007&CODE_STATE=getMsg HTTP/1.1" 302 -
124.78.155.30 - - [01/Sep/2022:10:35:40 +0800] "POST /xingrg/dwr/call/plaincall/AjaxYddbService.checkOrder.dwr HTTP/1.1" 200 79
116.224.255.128 - - [01/Sep/2022:10:35:41 +0800] "GET /xingrg/all/function/internal_message.html?_=1661999737661&CODE_STATE=getMsg HTTP/1.1" 200 27
58.37.150.172 - - [01/Sep/2022:10:35:43 +0800] "POST /xingrg/supplier/cgsh_list_operate.html HTTP/1.1" 200 204
222.69.129.110 - - [01/Sep/2022:10:35:43 +0800] "POST /xingrg/dwr/call/plaincall/AjaxCheckService.setItemNumber.dwr HTTP/1.1" 200 77
124.78.155.30 - - [01/Sep/2022:10:35:43 +0800] "GET /xingrg/kc/base/yddb_order_info.html?code=482022090100006 HTTP/1.1" 200 29807
124.78.155.30 - - [01/Sep/2022:10:35:43 +0800] "GET /xingrg/dwr/interface/AjaxYddbService.js HTTP/1.1" 200 13201
124.78.155.30 - - [01/Sep/2022:10:35:44 +0800] "GET /xingrg/dwr/interface/AjaxComOrderService.js HTTP/1.1" 200 18264
124.78.155.30 - - [01/Sep/2022:10:35:44 +0800] "GET /xingrg/dwr/engine.js HTTP/1.1" 200 43631
124.78.155.30 - - [01/Sep/2022:10:35:44 +0800] "POST /xingrg/dwr/call/plaincall/AjaxYddbService.loadMaterielItems.dwr HTTP/1.1" 200 2671
58.37.150.172 - - [01/Sep/2022:10:35:50 +0800] "GET /xingrg/javascript/easyui/themes/default/tree.css HTTP/1.1" 404 1090
58.37.150.172 - - [01/Sep/2022:10:35:50 +0800] "POST /xingrg/all/common/load_tree.html?tree=area_rest_tree_json HTTP/1.1" 200 3472
222.69.129.110 - - [01/Sep/2022:10:35:50 +0800] "POST /xingrg/dwr/call/plaincall/AjaxCheckService.setItemNumber.dwr HTTP/1.1" 200 77
222.69.129.110 - - [01/Sep/2022:10:35:55 +0800] "POST /xingrg/dwr/call/plaincall/AjaxCheckService.setItemNumber.dwr HTTP/1.1" 200 77
114.84.5.35 - - [01/Sep/2022:10:35:56 +0800] "GET /xingrg/all/function/internal_message.html?_=1661999752344&CODE_STATE=getMsg HTTP/1.1" 200 27
114.84.5.35 - - [01/Sep/2022:10:35:56 +0800] "GET /xingrg/check_reg.html?_=1661999752596 HTTP/1.1" 200 22
58.37.150.172 - - [01/Sep/2022:10:35:59 +0800] "POST /xingrg/supplier/cgsh_list_operate.html HTTP/1.1" 200 2081
58.221.95.50 - - [01/Sep/2022:10:35:59 +0800] "GET /xingrg/check_reg.html?_=1661999757919 HTTP/1.1" 302 -
180.169.147.146 - - [01/Sep/2022:10:36:01 +0800] "GET /xingrg/all/function/internal_message.html?_=1662000231638&CODE_STATE=getMsg HTTP/1.1" 302 -
116.225.121.189 - - [01/Sep/2022:10:36:04 +0800] "GET /xingrg/kc/base/wldb_order_operate.html?command=get_materiel&rest_code=00105&base_code=0010507&code=00101016050 HTTP/1.1" 200 463
116.232.194.65 - - [01/Sep/2022:10:36:04 +0800] "GET /xingrg/all/function/internal_message.html?_=1661999716616&CODE_STATE=getMsg HTTP/1.1" 200 27
222.69.129.110 - - [01/Sep/2022:10:36:07 +0800] "POST /xingrg/dwr/call/plaincall/AjaxCheckService.setItemNumber.dwr HTTP/1.1" 200 77
114.88.158.224 - - [01/Sep/2022:10:36:08 +0800] "GET /xingrg/all/function/internal_message.html?_=1661999440960&CODE_STATE=getMsg HTTP/1.1" 200 27
116.225.121.189 - - [01/Sep/2022:10:36:08 +0800] "GET /xingrg/all/function/internal_message.html?_=1661999767000&CODE_STATE=getMsg HTTP/1.1" 200 27
222.69.129.110 - - [01/Sep/2022:10:36:12 +0800] "POST /xingrg/dwr/call/plaincall/AjaxCheckService.setItemNumber.dwr HTTP/1.1" 200 77
116.225.121.189 - - [01/Sep/2022:10:36:14 +0800] "GET /xingrg/all/function/internal_message.html?_=1661999638584&CODE_STATE=getMsg HTTP/1.1" 200 27
222.69.129.110 - - [01/Sep/2022:10:36:16 +0800] "POST /xingrg/dwr/call/plaincall/AjaxCheckService.setItemNumber.dwr HTTP/1.1" 200 77
180.169.147.146 - - [01/Sep/2022:10:36:16 +0800] "GET /xingrg/check_reg.html?_=1661999770966 HTTP/1.1" 200 22
116.235.94.65 - - [01/Sep/2022:10:36:19 +0800] "GET /xingrg/all/function/internal_message.html?_=1661999969450&CODE_STATE=getMsg HTTP/1.1" 200 27
116.235.94.65 - - [01/Sep/2022:10:36:20 +0800] "GET /xingrg/check_reg.html?_=1661999970208 HTTP/1.1" 200 22
124.78.155.30 - - [01/Sep/2022:10:36:20 +0800] "GET /xingrg/all/function/internal_message.html?_=1661999782596&CODE_STATE=getMsg HTTP/1.1" 200 27
222.69.129.110 - - [01/Sep/2022:10:36:20 +0800] "POST /xingrg/dwr/call/plaincall/AjaxCheckService.setItemNumber.dwr HTTP/1.1" 200 77
222.69.129.110 - - [01/Sep/2022:10:36:24 +0800] "GET /xingrg/all/function/internal_message.html?_=1661999859877&CODE_STATE=getMsg HTTP/1.1" 200 27
222.69.129.110 - - [01/Sep/2022:10:36:24 +0800] "GET /xingrg/check_reg.html?_=1661999860462 HTTP/1.1" 200 22
116.225.121.189 - - [01/Sep/2022:10:36:24 +0800] "POST /xingrg/kc/base/wldb_order_operate.html HTTP/1.1" 200 37
116.225.121.189 - - [01/Sep/2022:10:36:25 +0800] "POST /xingrg/kc/base/wldb_order_operate.html HTTP/1.1" 200 2703
101.83.240.123 - - [01/Sep/2022:10:36:25 +0800] "GET /xingrg/all/function/internal_message.html?_=1661999780563&CODE_STATE=getMsg HTTP/1.1" 200 27
101.83.240.123 - - [01/Sep/2022:10:36:26 +0800] "GET /xingrg/check_reg.html?_=1661999780560 HTTP/1.1" 200 22
116.225.121.189 - - [01/Sep/2022:10:36:26 +0800] "GET /xingrg/kc/base/wldb_order_info.html?code=422022090100012 HTTP/1.1" 200 30409
116.225.121.189 - - [01/Sep/2022:10:36:26 +0800] "GET /xingrg/javascript/easyui/themes/default/validatebox.css HTTP/1.1" 404 1104
116.225.121.189 - - [01/Sep/2022:10:36:27 +0800] "POST /xingrg/kc/base/wldb_order_operate.html HTTP/1.1" 200 2703
120.253.135.82 - - [01/Sep/2022:10:36:27 +0800] "GET /xingrg/check_reg.html?_=1661999587731 HTTP/1.1" 200 22
180.169.147.146 - - [01/Sep/2022:10:36:28 +0800] "GET /xingrg/all/function/internal_message.html?_=1661999783811&CODE_STATE=getMsg HTTP/1.1" 200 27
101.85.93.70 - - [01/Sep/2022:10:36:31 +0800] "GET /xingrg/all/function/internal_message.html?_=1661999788401&CODE_STATE=getMsg HTTP/1.1" 200 27
222.69.129.110 - - [01/Sep/2022:10:36:31 +0800] "POST /xingrg/dwr/call/plaincall/AjaxCheckService.setItemNumber.dwr HTTP/1.1" 200 77
124.78.155.30 - - [01/Sep/2022:10:36:36 +0800] "GET /xingrg/check_reg.html?_=1661999790573 HTTP/1.1" 200 22
124.78.155.30 - - [01/Sep/2022:10:36:36 +0800] "GET /xingrg/all/function/internal_message.html?_=1661999790572&CODE_STATE=getMsg HTTP/1.1" 200 27
180.169.147.146 - - [01/Sep/2022:10:36:40 +0800] "GET /xingrg/all/function/internal_message.html?_=1661999797998&CODE_STATE=getMsg HTTP/1.1" 302 -
180.169.147.146 - - [01/Sep/2022:10:36:40 +0800] "GET /xingrg/check_reg.html?_=1661999797999 HTTP/1.1" 302 -
116.224.255.128 - - [01/Sep/2022:10:36:41 +0800] "GET /xingrg/all/function/internal_message.html?_=1661999797650&CODE_STATE=getMsg HTTP/1.1" 200 27
116.224.255.128 - - [01/Sep/2022:10:36:41 +0800] "GET /xingrg/check_reg.html?_=1661999797684 HTTP/1.1" 200 22
116.232.194.65 - - [01/Sep/2022:10:36:48 +0800] "GET /favicon.ico HTTP/1.1" 404 -
124.78.155.30 - - [01/Sep/2022:10:36:52 +0800] "POST /xingrg/kc/base/yddb_list_operate.html HTTP/1.1" 200 636
222.69.129.110 - - [01/Sep/2022:10:36:53 +0800] "POST /xingrg/dwr/call/plaincall/AjaxCheckService.setItemNumber.dwr HTTP/1.1" 200 77
124.78.155.30 - - [01/Sep/2022:10:36:55 +0800] "POST /xingrg/kc/base/yddb_list_operate.html HTTP/1.1" 200 636
114.84.5.35 - - [01/Sep/2022:10:36:56 +0800] "GET /xingrg/all/function/internal_message.html?_=1661999812320&CODE_STATE=getMsg HTTP/1.1" 200 27
124.78.155.30 - - [01/Sep/2022:10:36:57 +0800] "GET /xingrg/kc/base/check_order_list.html?isBack=1 HTTP/1.1" 200 16299
124.78.155.30 - - [01/Sep/2022:10:36:58 +0800] "POST /xingrg/kc/base/check_list_operate.html HTTP/1.1" 200 1566
180.169.147.146 - - [01/Sep/2022:10:37:01 +0800] "GET /xingrg/all/function/internal_message.html?_=1662000291641&CODE_STATE=getMsg HTTP/1.1" 302 -
124.78.155.30 - - [01/Sep/2022:10:37:03 +0800] "POST /xingrg/all/user/operate.html HTTP/1.1" 200 36
124.78.155.30 - - [01/Sep/2022:10:37:03 +0800] "GET /xingrg/index.html?sysBaseUrl=http%3A%2F%2F180.169.147.146%3A18081%2Fxingrg%2F&costTime=47×tamp=1661999354958 HTTP/1.1" 200 17503
124.78.155.30 - - [01/Sep/2022:10:37:03 +0800] "GET /xingrg/javascript/jquery_easy_ui/themes/default/easyui.css HTTP/1.1" 304 -
124.78.155.30 - - [01/Sep/2022:10:37:03 +0800] "GET /xingrg/javascript/jquery_easy_ui/themes/icon.css HTTP/1.1" 304 -
124.78.155.30 - - [01/Sep/2022:10:37:03 +0800] "GET /xingrg/css/form.css HTTP/1.1" 304 -
124.78.155.30 - - [01/Sep/2022:10:37:03 +0800] "GET /xingrg/javascript/jquery-1.4.2.min.js HTTP/1.1" 304 -
124.78.155.30 - - [01/Sep/2022:10:37:03 +0800] "GET /xingrg/javascript/jquery_easy_ui/jquery.easyui.min.js HTTP/1.1" 304 -
124.78.155.30 - - [01/Sep/2022:10:37:03 +0800] "GET /xingrg/javascript/jquery_easy_ui/easyui-lang-zh_CN.js HTTP/1.1" 304 -
124.78.155.30 - - [01/Sep/2022:10:37:03 +0800] "GET /xingrg/javascript/jquery.form.js HTTP/1.1" 304 -
124.78.155.30 - - [01/Sep/2022:10:37:03 +0800] "GET /xingrg/javascript/jquery.utils.js HTTP/1.1" 304 -
124.78.155.30 - - [01/Sep/2022:10:37:03 +0800] "GET /xingrg/javascript/jquery.timers.js HTTP/1.1" 304 -
124.78.155.30 - - [01/Sep/2022:10:37:03 +0800] "GET /xingrg/images/blue/jxLogo.png HTTP/1.1" 304 -
124.78.155.30 - - [01/Sep/2022:10:37:03 +0800] "GET /xingrg/images/blue/navBackgound.jpg HTTP/1.1" 304 -
124.78.155.30 - - [01/Sep/2022:10:37:03 +0800] "GET /xingrg/javascript/jquery_easy_ui/themes/icons/settle_new.png HTTP/1.1" 304 -
124.78.155.30 - - [01/Sep/2022:10:37:03 +0800] "POST /xingrg/all/common/load_tree.html?tree=area_rest_tree_json&manage=1 HTTP/1.1" 200 3472
124.78.155.30 - - [01/Sep/2022:10:37:03 +0800] "GET /xingrg/check_reg.html?_=1661999825841 HTTP/1.1" 200 22
124.78.155.30 - - [01/Sep/2022:10:37:03 +0800] "GET /xingrg/javascript/jquery_easy_ui/themes/default/images/panel_tool_collapse.gif HTTP/1.1" 304 -
124.78.155.30 - - [01/Sep/2022:10:37:03 +0800] "GET /xingrg/all/function/internal_message.html?_=1661999825840&CODE_STATE=count HTTP/1.1" 200 11
124.78.155.30 - - [01/Sep/2022:10:37:03 +0800] "POST /xingrg/load_menu.html HTTP/1.1" 200 9959
124.78.155.30 - - [01/Sep/2022:10:37:03 +0800] "GET /xingrg/javascript/jquery_easy_ui/themes/default/images/tabs_leftarrow.png HTTP/1.1" 304 -
124.78.155.30 - - [01/Sep/2022:10:37:03 +0800] "GET /xingrg/javascript/jquery_easy_ui/themes/default/images/tabs_rightarrow.png HTTP/1.1" 304 -
124.78.155.30 - - [01/Sep/2022:10:37:03 +0800] "GET /xingrg/images/blue/pingpu.png HTTP/1.1" 304 -
124.78.155.30 - - [01/Sep/2022:10:37:03 +0800] "GET /xingrg/javascript/jquery_easy_ui/themes/icons/search_new.png HTTP/1.1" 304 -
124.78.155.30 - - [01/Sep/2022:10:37:03 +0800] "GET /xingrg/javascript/jquery_easy_ui/themes/default/images/tree_folder.gif HTTP/1.1" 304 -
124.78.155.30 - - [01/Sep/2022:10:37:03 +0800] "GET /xingrg/javascript/jquery_easy_ui/themes/default/images/tree_file.gif HTTP/1.1" 304 -
124.78.155.30 - - [01/Sep/2022:10:37:03 +0800] "GET /xingrg/javascript/jquery_easy_ui/themes/default/images/tree_folder_open.gif HTTP/1.1" 304 -
124.78.155.30 - - [01/Sep/2022:10:37:03 +0800] "GET /xingrg/javascript/jquery_easy_ui/themes/icons/systemset_new.png HTTP/1.1" 304 -
124.78.155.30 - - [01/Sep/2022:10:37:03 +0800] "GET /xingrg/javascript/jquery_easy_ui/themes/icons/setting_new.png HTTP/1.1" 304 -
124.78.155.30 - - [01/Sep/2022:10:37:03 +0800] "GET /xingrg/javascript/jquery_easy_ui/themes/default/images/panel_tool_expand.gif HTTP/1.1" 304 -
124.78.155.30 - - [01/Sep/2022:10:37:04 +0800] "GET /xingrg/javascript/jquery_easy_ui/themes/icons/forms_new.png HTTP/1.1" 304 -
124.78.155.30 - - [01/Sep/2022:10:37:04 +0800] "GET /xingrg/javascript/jquery_easy_ui/themes/icons/storage_new.png HTTP/1.1" 304 -
124.78.155.30 - - [01/Sep/2022:10:37:04 +0800] "GET /xingrg/javascript/jquery_easy_ui/themes/default/images/tree_arrows.gif HTTP/1.1" 304 -
124.78.155.30 - - [01/Sep/2022:10:37:04 +0800] "GET /xingrg/javascript/jquery_easy_ui/themes/icons/checkout_new.png HTTP/1.1" 304 -
58.40.7.146 - - [01/Sep/2022:10:37:04 +0800] "GET /xingrg/check_reg.html?_=1661999822522 HTTP/1.1" 302 -
58.40.7.146 - - [01/Sep/2022:10:37:04 +0800] "GET /xingrg/login.html HTTP/1.1" 200 7641
116.225.121.189 - - [01/Sep/2022:10:37:04 +0800] "GET /xingrg/kc/base/wldb_order_add.html HTTP/1.1" 200 30394
222.69.129.110 - - [01/Sep/2022:10:37:04 +0800] "POST /xingrg/dwr/call/plaincall/AjaxCheckService.setItemNumber.dwr HTTP/1.1" 200 77
116.225.121.189 - - [01/Sep/2022:10:37:04 +0800] "POST /xingrg/kc/base/wldb_order_operate.html HTTP/1.1" 200 6806
116.232.194.65 - - [01/Sep/2022:10:37:04 +0800] "GET /xingrg/all/function/internal_message.html?_=1661999776599&CODE_STATE=getMsg HTTP/1.1" 200 27
116.232.194.65 - - [01/Sep/2022:10:37:04 +0800] "GET /xingrg/check_reg.html?_=1661999776692 HTTP/1.1" 200 22
116.225.121.189 - - [01/Sep/2022:10:37:04 +0800] "GET /xingrg/javascript/easyui/themes/default/validatebox.css HTTP/1.1" 404 1104
58.37.150.172 - - [01/Sep/2022:10:37:05 +0800] "POST /xingrg/supplier/cgsh_list_operate.html HTTP/1.1" 200 207
124.78.155.30 - - [01/Sep/2022:10:37:06 +0800] "GET /xingrg/kc/buy/buy_main.html HTTP/1.1" 200 12412
124.78.155.30 - - [01/Sep/2022:10:37:06 +0800] "GET /xingrg/css/new_ie.css HTTP/1.1" 404 1036
58.37.150.172 - - [01/Sep/2022:10:37:06 +0800] "GET /xingrg/supplier/cgsh_order_info.html?code=212022081705601 HTTP/1.1" 200 8576
58.37.150.172 - - [01/Sep/2022:10:37:06 +0800] "GET /xingrg/words/20220831093803_words.js HTTP/1.1" 304 -
124.78.155.30 - - [01/Sep/2022:10:37:06 +0800] "GET /xingrg/kc/base/check_order_list.html HTTP/1.1" 200 16560
124.78.155.30 - - [01/Sep/2022:10:37:07 +0800] "POST /xingrg/kc/base/check_list_operate.html HTTP/1.1" 200 1566
124.78.155.30 - - [01/Sep/2022:10:37:07 +0800] "GET /xingrg/images/yd/bt.gif HTTP/1.1" 404 1040
58.37.150.172 - - [01/Sep/2022:10:37:07 +0800] "GET /xingrg/javascript/easyui/themes/default/validatebox.css HTTP/1.1" 404 1104
58.37.150.172 - - [01/Sep/2022:10:37:07 +0800] "POST /xingrg/kc/buy/cgsh_order_operate.html HTTP/1.1" 200 624
114.88.158.224 - - [01/Sep/2022:10:37:08 +0800] "GET /xingrg/all/function/internal_message.html?_=1661999500929&CODE_STATE=getMsg HTTP/1.1" 200 27
124.78.155.30 - - [01/Sep/2022:10:37:08 +0800] "GET /xingrg/kc/buy/cgsh_order_list.html HTTP/1.1" 200 52731
116.225.121.189 - - [01/Sep/2022:10:37:08 +0800] "GET /xingrg/all/function/internal_message.html?_=1661999826944&CODE_STATE=getMsg HTTP/1.1" 200 27
124.78.155.30 - - [01/Sep/2022:10:37:09 +0800] "POST /xingrg/kc/buy/cgsh_list_operate.html HTTP/1.1" 200 693
124.78.155.30 - - [01/Sep/2022:10:37:10 +0800] "GET /xingrg/kc/base/check_order_info.html?code=452022083100335 HTTP/1.1" 200 26484
124.78.155.30 - - [01/Sep/2022:10:37:10 +0800] "GET /xingrg/dwr/interface/AjaxCheckService.js HTTP/1.1" 200 14003
124.78.155.30 - - [01/Sep/2022:10:37:10 +0800] "GET /xingrg/dwr/interface/AjaxComOrderService.js HTTP/1.1" 200 18264
124.78.155.30 - - [01/Sep/2022:10:37:10 +0800] "GET /xingrg/dwr/engine.js HTTP/1.1" 200 43631
124.78.155.30 - - [01/Sep/2022:10:37:11 +0800] "POST /xingrg/dwr/call/plaincall/AjaxCheckService.loadOrderItems.dwr HTTP/1.1" 200 64892
124.78.155.30 - - [01/Sep/2022:10:37:12 +0800] "GET /xingrg/javascript/jquery_easy_ui/themes/icons/no.png HTTP/1.1" 200 922
116.225.121.189 - - [01/Sep/2022:10:37:14 +0800] "GET /xingrg/all/function/internal_message.html?_=1661999698608&CODE_STATE=getMsg HTTP/1.1" 200 27
58.37.150.172 - - [01/Sep/2022:10:37:15 +0800] "GET /xingrg/javascript/easyui/themes/default/tree.css HTTP/1.1" 404 1090
58.37.150.172 - - [01/Sep/2022:10:37:15 +0800] "GET /xingrg/javascript/easyui/themes/default/validatebox.css HTTP/1.1" 404 1104
58.37.150.172 - - [01/Sep/2022:10:37:15 +0800] "GET /xingrg/javascript/easyui/themes/default/tree.css HTTP/1.1" 404 1090
58.37.150.172 - - [01/Sep/2022:10:37:15 +0800] "GET /xingrg/javascript/easyui/themes/default/validatebox.css HTTP/1.1" 404 1104
222.69.129.110 - - [01/Sep/2022:10:37:16 +0800] "GET /xingrg/kc/base/wldb_order_list.html HTTP/1.1" 200 19186
222.69.129.110 - - [01/Sep/2022:10:37:16 +0800] "GET /xingrg/css/base.css HTTP/1.1" 200 2811
222.69.129.110 - - [01/Sep/2022:10:37:16 +0800] "GET /xingrg/javascript/jquery_tools/fix.css HTTP/1.1" 200 1702
222.69.129.110 - - [01/Sep/2022:10:37:16 +0800] "GET /xingrg/javascript/jquery_tools/jquery.tools.table.js HTTP/1.1" 200 6994
222.69.129.110 - - [01/Sep/2022:10:37:16 +0800] "GET /xingrg/javascript/jquery_tools/list_manager.js HTTP/1.1" 200 3652
222.69.129.110 - - [01/Sep/2022:10:37:16 +0800] "GET /xingrg/javascript/auto/jquery.autocomplete.js HTTP/1.1" 200 21624
222.69.129.110 - - [01/Sep/2022:10:37:16 +0800] "GET /xingrg/javascript/easyui/easyloader.js HTTP/1.1" 200 5975
222.69.129.110 - - [01/Sep/2022:10:37:16 +0800] "GET /xingrg/css/site.css HTTP/1.1" 200 7541
222.69.129.110 - - [01/Sep/2022:10:37:16 +0800] "GET /xingrg/javascript/jquery.cookie.js HTTP/1.1" 200 5513
222.69.129.110 - - [01/Sep/2022:10:37:16 +0800] "GET /xingrg/javascript/jquery_tools/datebox.css HTTP/1.1" 200 2597
222.69.129.110 - - [01/Sep/2022:10:37:16 +0800] "GET /xingrg/javascript/easyui/themes/default/easyui.css HTTP/1.1" 200 30432
222.69.129.110 - - [01/Sep/2022:10:37:16 +0800] "GET /xingrg/javascript/easyui/themes/icon.css HTTP/1.1" 200 4483
222.69.129.110 - - [01/Sep/2022:10:37:16 +0800] "GET /xingrg/javascript/auto/jquery.autocomplete.css HTTP/1.1" 200 587
222.69.129.110 - - [01/Sep/2022:10:37:16 +0800] "GET /xingrg/javascript/jquery_tools/table.css HTTP/1.1" 200 1032
222.69.129.110 - - [01/Sep/2022:10:37:16 +0800] "GET /xingrg/javascript/jquery_tools/jquery.tools.min.js HTTP/1.1" 200 138801
222.69.129.110 - - [01/Sep/2022:10:37:16 +0800] "GET /xingrg/javascript/jquery_tools/jquery.tools.hotkey.js HTTP/1.1" 200 3242
222.69.129.110 - - [01/Sep/2022:10:37:16 +0800] "GET /xingrg/javascript/jquery_tools/jquery.tools.extend.js HTTP/1.1" 200 15385
222.69.129.110 - - [01/Sep/2022:10:37:16 +0800] "GET /xingrg/javascript/easyui/plugins/jquery.parser.js HTTP/1.1" 200 1142
222.69.129.110 - - [01/Sep/2022:10:37:17 +0800] "POST /xingrg/kc/base/wldb_list_operate.html HTTP/1.1" 200 928
222.69.129.110 - - [01/Sep/2022:10:37:19 +0800] "GET /xingrg/kc/base/wldb_order_add.html HTTP/1.1" 200 30400
222.69.129.110 - - [01/Sep/2022:10:37:19 +0800] "GET /xingrg/javascript/jquery_tools/order_manager.js HTTP/1.1" 200 11183
222.69.129.110 - - [01/Sep/2022:10:37:19 +0800] "GET /xingrg/javascript/json2.js HTTP/1.1" 200 11259
222.69.129.110 - - [01/Sep/2022:10:37:19 +0800] "GET /xingrg/words/20220831093803_words.js HTTP/1.1" 200 917918
116.235.94.65 - - [01/Sep/2022:10:37:19 +0800] "GET /xingrg/all/function/internal_message.html?_=1662000029420&CODE_STATE=getMsg HTTP/1.1" 200 27
222.69.129.110 - - [01/Sep/2022:10:37:19 +0800] "POST /xingrg/kc/base/wldb_order_operate.html HTTP/1.1" 200 6806
222.69.129.110 - - [01/Sep/2022:10:37:19 +0800] "GET /xingrg/all/common/auto_word.html?type=base&rest_code=00154 HTTP/1.1" 200 831
222.69.129.110 - - [01/Sep/2022:10:37:19 +0800] "GET /xingrg/all/common/auto_word.html?type=base&rest_code=00154 HTTP/1.1" 200 831
222.69.129.110 - - [01/Sep/2022:10:37:19 +0800] "GET /xingrg/javascript/easyui/themes/default/validatebox.css HTTP/1.1" 404 1104
222.69.129.110 - - [01/Sep/2022:10:37:19 +0800] "GET /xingrg/javascript/easyui/plugins/jquery.validatebox.js HTTP/1.1" 200 6103
222.69.129.110 - - [01/Sep/2022:10:37:19 +0800] "GET /xingrg/javascript/easyui/plugins/jquery.numberbox.js HTTP/1.1" 200 5213
222.69.129.110 - - [01/Sep/2022:10:37:20 +0800] "POST /xingrg/all/common/load_combo.html?type=base HTTP/1.1" 200 1491
124.78.155.30 - - [01/Sep/2022:10:37:23 +0800] "GET /xingrg/kc/buy/cgsh_order_add.html HTTP/1.1" 200 68507
124.78.155.30 - - [01/Sep/2022:10:37:23 +0800] "GET /xingrg/words/20220831093803_words.js HTTP/1.1" 304 -
124.78.155.30 - - [01/Sep/2022:10:37:23 +0800] "POST /xingrg/kc/buy/cgsh_order_operate.html HTTP/1.1" 200 8245
124.78.155.30 - - [01/Sep/2022:10:37:23 +0800] "GET /xingrg/javascript/easyui/themes/default/validatebox.css HTTP/1.1" 404 1104
124.78.155.30 - - [01/Sep/2022:10:37:23 +0800] "GET /xingrg/all/common/auto_word.html?type=employee&rest_code=00106 HTTP/1.1" 200 205
124.78.155.30 - - [01/Sep/2022:10:37:23 +0800] "GET /xingrg/all/common/auto_word.html?type=employee&rest_code=00106 HTTP/1.1" 200 205
222.69.129.110 - - [01/Sep/2022:10:37:24 +0800] "GET /xingrg/all/function/internal_message.html?_=1661999919853&CODE_STATE=getMsg HTTP/1.1" 200 27
124.78.155.30 - - [01/Sep/2022:10:37:25 +0800] "GET /xingrg/javascript/easyui/themes/default/tree.css HTTP/1.1" 404 1090
124.78.155.30 - - [01/Sep/2022:10:37:25 +0800] "POST /xingrg/all/common/load_tree.html?tree=supplier_tree_json&isDelete=1 HTTP/1.1" 200 68100
101.83.240.123 - - [01/Sep/2022:10:37:25 +0800] "GET /xingrg/all/function/internal_message.html?_=1661999840568&CODE_STATE=getMsg HTTP/1.1" 200 27
180.169.147.146 - - [01/Sep/2022:10:37:28 +0800] "GET /xingrg/all/function/internal_message.html?_=1661999843809&CODE_STATE=getMsg HTTP/1.1" 200 27
101.85.93.70 - - [01/Sep/2022:10:37:31 +0800] "GET /xingrg/all/function/internal_message.html?_=1661999848402&CODE_STATE=getMsg HTTP/1.1" 200 27
116.235.94.65 - - [01/Sep/2022:10:37:33 +0800] "POST /xingrg/services/DataTransmitService HTTP/1.1" 200 524
116.235.94.65 - - [01/Sep/2022:10:37:34 +0800] "POST /xingrg/services/DataTransmitService HTTP/1.1" 200 412
124.78.155.30 - - [01/Sep/2022:10:37:36 +0800] "GET /xingrg/all/function/internal_message.html?_=1661999850572&CODE_STATE=getMsg HTTP/1.1" 200 27
222.69.129.110 - - [01/Sep/2022:10:37:38 +0800] "GET /xingrg/javascript/auto/indicator.gif HTTP/1.1" 404 1066
180.169.147.146 - - [01/Sep/2022:10:37:40 +0800] "GET /xingrg/all/function/internal_message.html?_=1661999858011&CODE_STATE=getMsg HTTP/1.1" 302 -
116.224.255.128 - - [01/Sep/2022:10:37:40 +0800] "GET /xingrg/all/function/internal_message.html?_=1661999857621&CODE_STATE=getMsg HTTP/1.1" 200 27
222.69.129.110 - - [01/Sep/2022:10:37:42 +0800] "GET /xingrg/kc/base/wldb_order_operate.html?command=get_materiel&rest_code=00154&base_code=0010816&code=00101041030 HTTP/1.1" 200 456
222.69.129.110 - - [01/Sep/2022:10:37:46 +0800] "POST /xingrg/all/common/load_select.html HTTP/1.1" 200 25
222.69.129.110 - - [01/Sep/2022:10:37:48 +0800] "GET /xingrg/kc/base/wldb_order_operate.html?command=get_materiel_price&rest_code=00154&base_code=0010816&code=00101041030&unit_code=00100638 HTTP/1.1" 200 35
114.84.5.35 - - [01/Sep/2022:10:37:56 +0800] "GET /xingrg/all/function/internal_message.html?_=1661999872295&CODE_STATE=getMsg HTTP/1.1" 200 27
222.69.129.110 - - [01/Sep/2022:10:38:01 +0800] "GET /xingrg/kc/base/wldb_order_operate.html?command=get_materiel_price&rest_code=00154&base_code=0010816&code=00101041030&unit_code=00100639 HTTP/1.1" 200 35
180.169.147.146 - - [01/Sep/2022:10:38:01 +0800] "GET /xingrg/all/function/internal_message.html?_=1662000351620&CODE_STATE=getMsg HTTP/1.1" 302 -
116.225.121.189 - - [01/Sep/2022:10:38:02 +0800] "GET /xingrg/kc/base/wldb_order_operate.html?command=get_materiel&rest_code=00105&base_code=0010507&code=00101019542 HTTP/1.1" 200 447
124.78.155.30 - - [01/Sep/2022:10:38:03 +0800] "GET /xingrg/all/function/internal_message.html?_=1661999885842&CODE_STATE=getMsg HTTP/1.1" 200 27
116.232.194.65 - - [01/Sep/2022:10:38:04 +0800] "GET /xingrg/all/function/internal_message.html?_=1661999836594&CODE_STATE=getMsg HTTP/1.1" 200 27
114.88.158.224 - - [01/Sep/2022:10:38:07 +0800] "GET /xingrg/all/function/internal_message.html?_=1661999560903&CODE_STATE=getMsg HTTP/1.1" 200 27
116.225.121.189 - - [01/Sep/2022:10:38:08 +0800] "GET /xingrg/all/function/internal_message.html?_=1661999886946&CODE_STATE=getMsg HTTP/1.1" 200 27
116.225.121.189 - - [01/Sep/2022:10:38:14 +0800] "GET /xingrg/all/function/internal_message.html?_=1661999758569&CODE_STATE=getMsg HTTP/1.1" 200 27
116.235.94.65 - - [01/Sep/2022:10:38:19 +0800] "GET /xingrg/all/function/internal_message.html?_=1662000089395&CODE_STATE=getMsg HTTP/1.1" 200 27
124.79.74.72 - - [01/Sep/2022:10:38:23 +0800] "GET /xingrg/check_reg.html?_=1661999901734 HTTP/1.1" 200 22
222.69.129.110 - - [01/Sep/2022:10:38:24 +0800] "GET /xingrg/all/function/internal_message.html?_=1661999979829&CODE_STATE=getMsg HTTP/1.1" 200 27
116.225.121.189 - - [01/Sep/2022:10:38:25 +0800] "GET /xingrg/kc/base/wldb_order_operate.html?command=get_materiel&rest_code=00105&base_code=0010507&code=00101019110 HTTP/1.1" 200 477
101.83.240.123 - - [01/Sep/2022:10:38:26 +0800] "GET /xingrg/all/function/internal_message.html?_=1661999900573&CODE_STATE=getMsg HTTP/1.1" 200 27
222.69.129.110 - - [01/Sep/2022:10:38:26 +0800] "POST /xingrg/dwr/call/plaincall/AjaxCheckService.setItemNumber.dwr HTTP/1.1" 200 77
180.169.147.146 - - [01/Sep/2022:10:38:28 +0800] "GET /xingrg/all/function/internal_message.html?_=1661999903807&CODE_STATE=getMsg HTTP/1.1" 200 27
180.169.147.146 - - [01/Sep/2022:10:38:28 +0800] "GET /xingrg/check_reg.html?_=1661999903808 HTTP/1.1" 200 22
114.88.158.224 - - [01/Sep/2022:10:38:28 +0800] "GET /xingrg/check_reg.html?_=1661999581589 HTTP/1.1" 200 22
222.69.129.110 - - [01/Sep/2022:10:38:30 +0800] "POST /xingrg/dwr/call/plaincall/AjaxCheckService.setItemNumber.dwr HTTP/1.1" 200 77
101.85.93.70 - - [01/Sep/2022:10:38:31 +0800] "GET /xingrg/all/function/internal_message.html?_=1661999908402&CODE_STATE=getMsg HTTP/1.1" 200 27
116.225.121.189 - - [01/Sep/2022:10:38:33 +0800] "POST /xingrg/kc/base/wldb_order_operate.html HTTP/1.1" 200 37
116.225.121.189 - - [01/Sep/2022:10:38:33 +0800] "POST /xingrg/kc/base/wldb_order_operate.html HTTP/1.1" 200 3208
116.225.121.189 - - [01/Sep/2022:10:38:34 +0800] "GET /xingrg/kc/base/wldb_order_info.html?code=422022090100013 HTTP/1.1" 200 30407
116.225.121.189 - - [01/Sep/2022:10:38:34 +0800] "GET /xingrg/javascript/easyui/themes/default/validatebox.css HTTP/1.1" 404 1104
116.225.121.189 - - [01/Sep/2022:10:38:35 +0800] "POST /xingrg/kc/base/wldb_order_operate.html HTTP/1.1" 200 3208
124.78.155.30 - - [01/Sep/2022:10:38:36 +0800] "GET /xingrg/all/function/internal_message.html?_=1661999910571&CODE_STATE=getMsg HTTP/1.1" 200 27
180.169.147.146 - - [01/Sep/2022:10:38:40 +0800] "GET /xingrg/all/function/internal_message.html?_=1661999918005&CODE_STATE=getMsg HTTP/1.1" 302 -
116.224.255.128 - - [01/Sep/2022:10:38:40 +0800] "GET /xingrg/all/function/internal_message.html?_=1661999917606&CODE_STATE=getMsg HTTP/1.1" 200 27
61.151.206.14 - - [01/Sep/2022:10:38:52 +0800] "GET /xingrg/all/function/internal_message.html?_=1661997570547&CODE_STATE=getMsg HTTP/1.1" 302 -
61.151.206.14 - - [01/Sep/2022:10:38:52 +0800] "GET /xingrg/all/function/internal_message.html?_=1661998830546&CODE_STATE=getMsg HTTP/1.1" 302 -
61.151.206.14 - - [01/Sep/2022:10:38:53 +0800] "GET /xingrg/login.html HTTP/1.1" 200 7641
61.151.206.14 - - [01/Sep/2022:10:38:53 +0800] "GET /xingrg/login.html HTTP/1.1" 200 7641
114.84.5.35 - - [01/Sep/2022:10:38:56 +0800] "GET /xingrg/all/function/internal_message.html?_=1661999932272&CODE_STATE=getMsg HTTP/1.1" 200 27
180.169.147.146 - - [01/Sep/2022:10:38:56 +0800] "GET /xingrg/check_reg.html?_=1662000407012 HTTP/1.1" 302 -
124.78.155.30 - - [01/Sep/2022:10:38:59 +0800] "GET /xingrg/javascript/auto/indicator.gif HTTP/1.1" 404 1066
61.151.206.14 - - [01/Sep/2022:10:39:01 +0800] "GET /xingrg/all/function/internal_message.html?_=1661999130578&CODE_STATE=getMsg HTTP/1.1" 302 -
61.151.206.14 - - [01/Sep/2022:10:39:01 +0800] "GET /xingrg/login.html HTTP/1.1" 200 7641
180.169.147.146 - - [01/Sep/2022:10:39:01 +0800] "GET /xingrg/all/function/internal_message.html?_=1662000411607&CODE_STATE=getMsg HTTP/1.1" 302 -
124.78.155.30 - - [01/Sep/2022:10:39:03 +0800] "GET /xingrg/all/function/internal_message.html?_=1661999945854&CODE_STATE=getMsg HTTP/1.1" 200 27
116.232.194.65 - - [01/Sep/2022:10:39:04 +0800] "GET /xingrg/all/function/internal_message.html?_=1661999896594&CODE_STATE=getMsg HTTP/1.1" 200 27
124.78.155.30 - - [01/Sep/2022:10:39:05 +0800] "GET /xingrg/kc/buy/cgsh_order_operate.html?command=get_materiel&rest_code=00106&code=00101001168&supplier_code=00100313&order_time=2022-09-01 HTTP/1.1" 200 414
114.88.158.224 - - [01/Sep/2022:10:39:07 +0800] "GET /xingrg/all/function/internal_message.html?_=1661999620883&CODE_STATE=getMsg HTTP/1.1" 200 27
116.225.121.189 - - [01/Sep/2022:10:39:08 +0800] "GET /xingrg/all/function/internal_message.html?_=1661999946947&CODE_STATE=getMsg HTTP/1.1" 200 27
101.93.222.81 - - [01/Sep/2022:10:39:12 +0800] "GET /favicon.ico HTTP/1.1" 404 -
101.93.222.81 - - [01/Sep/2022:10:39:13 +0800] "GET /xingrg/login.html HTTP/1.1" 200 7641
101.93.222.81 - - [01/Sep/2022:10:39:13 +0800] "GET /xingrg/images/blue/jxLogo.png HTTP/1.1" 200 6156
101.93.222.81 - - [01/Sep/2022:10:39:14 +0800] "GET /xingrg/images/blue/login_bg.png HTTP/1.1" 200 22101
101.93.222.81 - - [01/Sep/2022:10:39:14 +0800] "GET /xingrg/images/blue/hj.png HTTP/1.1" 200 1014
101.93.222.81 - - [01/Sep/2022:10:39:14 +0800] "GET /xingrg/images/blue/srbg.png HTTP/1.1" 200 138
116.225.121.189 - - [01/Sep/2022:10:39:14 +0800] "GET /xingrg/all/function/internal_message.html?_=1661999818557&CODE_STATE=getMsg HTTP/1.1" 200 27
101.93.222.81 - - [01/Sep/2022:10:39:14 +0800] "GET /favicon.ico HTTP/1.1" 404 -
114.88.158.224 - - [01/Sep/2022:10:39:15 +0800] "POST /xingrg/services/DataTransmitService HTTP/1.1" 200 524
114.88.158.224 - - [01/Sep/2022:10:39:15 +0800] "POST /xingrg/services/DataTransmitService HTTP/1.1" 200 501
116.235.94.65 - - [01/Sep/2022:10:39:19 +0800] "GET /xingrg/all/function/internal_message.html?_=1662000149363&CODE_STATE=getMsg HTTP/1.1" 200 27
101.93.222.81 - - [01/Sep/2022:10:39:22 +0800] "POST /xingrg/login.do HTTP/1.1" 302 -
101.93.222.81 - - [01/Sep/2022:10:39:22 +0800] "GET /xingrg/javascript/jquery_easy_ui/themes/icon.css HTTP/1.1" 200 3949
101.93.222.81 - - [01/Sep/2022:10:39:22 +0800] "GET /xingrg/index.html?sysBaseUrl=http%3A%2F%2F180.169.147.146%3A18081%2Fxingrg%2F&costTime=41×tamp=1661999962133 HTTP/1.1" 200 17503
101.93.222.81 - - [01/Sep/2022:10:39:22 +0800] "GET /xingrg/javascript/jquery_easy_ui/easyui-lang-zh_CN.js HTTP/1.1" 200 1900
101.93.222.81 - - [01/Sep/2022:10:39:22 +0800] "GET /xingrg/javascript/jquery_easy_ui/themes/default/easyui.css HTTP/1.1" 200 26500
101.93.222.81 - - [01/Sep/2022:10:39:22 +0800] "GET /xingrg/javascript/jquery.form.js HTTP/1.1" 200 23110
101.93.222.81 - - [01/Sep/2022:10:39:22 +0800] "GET /xingrg/javascript/jquery.utils.js HTTP/1.1" 200 11805
101.93.222.81 - - [01/Sep/2022:10:39:22 +0800] "GET /xingrg/javascript/jquery.timers.js HTTP/1.1" 200 3532
101.93.222.81 - - [01/Sep/2022:10:39:22 +0800] "GET /xingrg/javascript/jquery-1.4.2.min.js HTTP/1.1" 200 72205
101.93.222.81 - - [01/Sep/2022:10:39:22 +0800] "GET /xingrg/javascript/jquery_easy_ui/jquery.easyui.min.js HTTP/1.1" 200 213662
101.93.222.81 - - [01/Sep/2022:10:39:22 +0800] "GET /favicon.ico HTTP/1.1" 404 -
101.93.222.81 - - [01/Sep/2022:10:39:22 +0800] "GET /xingrg/css/form.css HTTP/1.1" 200 893
101.93.222.81 - - [01/Sep/2022:10:39:22 +0800] "GET /xingrg/javascript/jquery_easy_ui/themes/icons/settle_new.png HTTP/1.1" 200 826
101.93.222.81 - - [01/Sep/2022:10:39:22 +0800] "GET /xingrg/images/blue/navBackgound.jpg HTTP/1.1" 200 12378
101.93.222.81 - - [01/Sep/2022:10:39:22 +0800] "POST /xingrg/all/common/load_tree.html?tree=area_rest_tree_json&manage=1 HTTP/1.1" 200 3472
101.93.222.81 - - [01/Sep/2022:10:39:22 +0800] "GET /xingrg/images/blue/pingpu.png HTTP/1.1" 200 231
101.93.222.81 - - [01/Sep/2022:10:39:22 +0800] "GET /xingrg/all/function/internal_message.html?_=1661999960787&CODE_STATE=count HTTP/1.1" 200 11
101.93.222.81 - - [01/Sep/2022:10:39:22 +0800] "GET /xingrg/check_reg.html?_=1661999960787 HTTP/1.1" 200 22
101.93.222.81 - - [01/Sep/2022:10:39:22 +0800] "GET /xingrg/javascript/jquery_easy_ui/themes/default/images/tabs_leftarrow.png HTTP/1.1" 200 389
101.93.222.81 - - [01/Sep/2022:10:39:22 +0800] "GET /xingrg/javascript/jquery_easy_ui/themes/default/images/tabs_rightarrow.png HTTP/1.1" 200 395
101.93.222.81 - - [01/Sep/2022:10:39:22 +0800] "GET /xingrg/javascript/jquery_easy_ui/themes/default/images/panel_tool_expand.gif HTTP/1.1" 200 247
101.93.222.81 - - [01/Sep/2022:10:39:22 +0800] "GET /xingrg/javascript/jquery_easy_ui/themes/default/images/panel_tool_collapse.gif HTTP/1.1" 200 246
101.93.222.81 - - [01/Sep/2022:10:39:22 +0800] "POST /xingrg/load_menu.html HTTP/1.1" 200 11443
101.93.222.81 - - [01/Sep/2022:10:39:22 +0800] "GET /xingrg/javascript/jquery_easy_ui/themes/default/images/tree_arrows.gif HTTP/1.1" 200 1043
101.93.222.81 - - [01/Sep/2022:10:39:22 +0800] "GET /xingrg/javascript/jquery_easy_ui/themes/default/images/tree_folder_open.gif HTTP/1.1" 200 956
101.93.222.81 - - [01/Sep/2022:10:39:22 +0800] "GET /xingrg/javascript/jquery_easy_ui/themes/icons/search_new.png HTTP/1.1" 200 586
101.93.222.81 - - [01/Sep/2022:10:39:22 +0800] "GET /xingrg/javascript/jquery_easy_ui/themes/icons/delivery_new.png HTTP/1.1" 200 700
101.93.222.81 - - [01/Sep/2022:10:39:22 +0800] "GET /xingrg/javascript/jquery_easy_ui/themes/icons/checkout_new.png HTTP/1.1" 200 744
101.93.222.81 - - [01/Sep/2022:10:39:22 +0800] "GET /xingrg/javascript/jquery_easy_ui/themes/icons/storage_new.png HTTP/1.1" 200 853
101.93.222.81 - - [01/Sep/2022:10:39:22 +0800] "GET /xingrg/javascript/jquery_easy_ui/themes/icons/setting_new.png HTTP/1.1" 200 450
101.93.222.81 - - [01/Sep/2022:10:39:22 +0800] "GET /xingrg/javascript/jquery_easy_ui/themes/icons/systemset_new.png HTTP/1.1" 200 606
101.93.222.81 - - [01/Sep/2022:10:39:22 +0800] "GET /xingrg/javascript/jquery_easy_ui/themes/icons/forms_new.png HTTP/1.1" 200 350
101.93.222.81 - - [01/Sep/2022:10:39:22 +0800] "GET /xingrg/javascript/jquery_easy_ui/themes/default/images/tree_folder.gif HTTP/1.1" 200 952
101.93.222.81 - - [01/Sep/2022:10:39:22 +0800] "GET /xingrg/javascript/jquery_easy_ui/themes/default/images/tree_file.gif HTTP/1.1" 200 118
222.69.129.110 - - [01/Sep/2022:10:39:23 +0800] "GET /xingrg/all/function/internal_message.html?_=1662000039811&CODE_STATE=getMsg HTTP/1.1" 200 27
114.88.158.224 - - [01/Sep/2022:10:39:24 +0800] "GET /xingrg/kc/base/base_main.html HTTP/1.1" 200 12142
101.93.222.81 - - [01/Sep/2022:10:39:24 +0800] "GET /xingrg/javascript/jquery_easy_ui/themes/default/images/button_a_bg.gif HTTP/1.1" 200 1194
101.93.222.81 - - [01/Sep/2022:10:39:24 +0800] "GET /xingrg/javascript/jquery_easy_ui/themes/default/images/button_span_bg.gif HTTP/1.1" 200 2061
101.93.222.81 - - [01/Sep/2022:10:39:24 +0800] "GET /xingrg/javascript/jquery_easy_ui/themes/icons/rest.png HTTP/1.1" 200 695
101.93.222.81 - - [01/Sep/2022:10:39:24 +0800] "GET /xingrg/javascript/jquery_easy_ui/themes/icons/area.png HTTP/1.1" 200 262
101.93.222.81 - - [01/Sep/2022:10:39:24 +0800] "GET /xingrg/javascript/jquery_easy_ui/themes/icons/ok.png HTTP/1.1" 200 883
101.93.222.81 - - [01/Sep/2022:10:39:24 +0800] "GET /xingrg/javascript/jquery_easy_ui/themes/icons/manage.png HTTP/1.1" 200 696
101.93.222.81 - - [01/Sep/2022:10:39:24 +0800] "GET /xingrg/javascript/jquery_easy_ui/themes/default/images/panel_title.png HTTP/1.1" 200 266
101.93.222.81 - - [01/Sep/2022:10:39:24 +0800] "GET /xingrg/javascript/jquery_easy_ui/themes/default/images/panel_tools.gif HTTP/1.1" 200 737
114.88.158.224 - - [01/Sep/2022:10:39:25 +0800] "GET /xingrg/kc/base/check_order_list.html HTTP/1.1" 200 16305
114.88.158.224 - - [01/Sep/2022:10:39:25 +0800] "POST /xingrg/kc/base/check_list_operate.html HTTP/1.1" 200 2244
101.83.240.123 - - [01/Sep/2022:10:39:25 +0800] "GET /xingrg/all/function/internal_message.html?_=1661999960562&CODE_STATE=getMsg HTTP/1.1" 200 27
101.93.222.81 - - [01/Sep/2022:10:39:26 +0800] "GET /xingrg/images/control/ajaxLoader.gif HTTP/1.1" 200 4659
101.93.222.81 - - [01/Sep/2022:10:39:26 +0800] "POST /xingrg/all/user/operate.html HTTP/1.1" 200 36
101.93.222.81 - - [01/Sep/2022:10:39:26 +0800] "GET /xingrg/index.html?sysBaseUrl=http%3A%2F%2F180.169.147.146%3A18081%2Fxingrg%2F&costTime=41×tamp=1661999962133 HTTP/1.1" 200 17509
101.93.222.81 - - [01/Sep/2022:10:39:26 +0800] "GET /xingrg/javascript/jquery_easy_ui/themes/default/easyui.css HTTP/1.1" 304 -
101.93.222.81 - - [01/Sep/2022:10:39:26 +0800] "GET /xingrg/javascript/jquery_easy_ui/themes/icon.css HTTP/1.1" 304 -
101.93.222.81 - - [01/Sep/2022:10:39:26 +0800] "GET /xingrg/css/form.css HTTP/1.1" 304 -
101.93.222.81 - - [01/Sep/2022:10:39:26 +0800] "GET /xingrg/javascript/jquery-1.4.2.min.js HTTP/1.1" 304 -
101.93.222.81 - - [01/Sep/2022:10:39:26 +0800] "GET /xingrg/javascript/jquery_easy_ui/jquery.easyui.min.js HTTP/1.1" 304 -
101.93.222.81 - - [01/Sep/2022:10:39:26 +0800] "GET /xingrg/javascript/jquery_easy_ui/easyui-lang-zh_CN.js HTTP/1.1" 304 -
101.93.222.81 - - [01/Sep/2022:10:39:26 +0800] "GET /xingrg/javascript/jquery.form.js HTTP/1.1" 304 -
101.93.222.81 - - [01/Sep/2022:10:39:26 +0800] "GET /xingrg/javascript/jquery.utils.js HTTP/1.1" 304 -
101.93.222.81 - - [01/Sep/2022:10:39:26 +0800] "GET /xingrg/javascript/jquery.timers.js HTTP/1.1" 304 -
101.93.222.81 - - [01/Sep/2022:10:39:26 +0800] "GET /xingrg/images/blue/jxLogo.png HTTP/1.1" 304 -
101.93.222.81 - - [01/Sep/2022:10:39:26 +0800] "GET /xingrg/images/blue/navBackgound.jpg HTTP/1.1" 304 -
101.93.222.81 - - [01/Sep/2022:10:39:26 +0800] "GET /xingrg/javascript/jquery_easy_ui/themes/icons/settle_new.png HTTP/1.1" 304 -
101.93.222.81 - - [01/Sep/2022:10:39:26 +0800] "POST /xingrg/all/common/load_tree.html?tree=area_rest_tree_json&manage=1 HTTP/1.1" 200 3472
101.93.222.81 - - [01/Sep/2022:10:39:26 +0800] "GET /xingrg/javascript/jquery_easy_ui/themes/default/images/tabs_leftarrow.png HTTP/1.1" 304 -
101.93.222.81 - - [01/Sep/2022:10:39:26 +0800] "GET /xingrg/javascript/jquery_easy_ui/themes/default/images/panel_tool_expand.gif HTTP/1.1" 304 -
101.93.222.81 - - [01/Sep/2022:10:39:26 +0800] "GET /xingrg/check_reg.html?_=1661999965046 HTTP/1.1" 200 22
101.93.222.81 - - [01/Sep/2022:10:39:26 +0800] "GET /xingrg/all/function/internal_message.html?_=1661999965046&CODE_STATE=count HTTP/1.1" 200 11
101.93.222.81 - - [01/Sep/2022:10:39:26 +0800] "GET /xingrg/javascript/jquery_easy_ui/themes/default/images/panel_tool_collapse.gif HTTP/1.1" 304 -
101.93.222.81 - - [01/Sep/2022:10:39:26 +0800] "GET /xingrg/javascript/jquery_easy_ui/themes/default/images/tabs_rightarrow.png HTTP/1.1" 304 -
101.93.222.81 - - [01/Sep/2022:10:39:26 +0800] "GET /xingrg/images/blue/pingpu.png HTTP/1.1" 304 -
101.93.222.81 - - [01/Sep/2022:10:39:26 +0800] "POST /xingrg/load_menu.html HTTP/1.1" 200 9959
124.78.155.30 - - [01/Sep/2022:10:39:27 +0800] "GET /xingrg/kc/buy/cgsh_order_operate.html?command=get_materiel&rest_code=00106&code=00101001135&supplier_code=00100313&order_time=2022-09-01 HTTP/1.1" 200 435
114.88.158.224 - - [01/Sep/2022:10:39:28 +0800] "GET /xingrg/kc/base/check_order_info.html?code=452022083100255 HTTP/1.1" 200 26480
114.88.158.224 - - [01/Sep/2022:10:39:28 +0800] "GET /xingrg/dwr/interface/AjaxComOrderService.js HTTP/1.1" 200 18264
114.88.158.224 - - [01/Sep/2022:10:39:28 +0800] "GET /xingrg/dwr/util.js HTTP/1.1" 200 35990
114.88.158.224 - - [01/Sep/2022:10:39:28 +0800] "GET /xingrg/dwr/interface/AjaxCheckService.js HTTP/1.1" 200 14003
114.88.158.224 - - [01/Sep/2022:10:39:28 +0800] "GET /xingrg/dwr/engine.js HTTP/1.1" 200 43631
180.169.147.146 - - [01/Sep/2022:10:39:28 +0800] "GET /xingrg/all/function/internal_message.html?_=1661999963807&CODE_STATE=getMsg HTTP/1.1" 200 27
114.88.158.224 - - [01/Sep/2022:10:39:28 +0800] "POST /xingrg/dwr/call/plaincall/AjaxCheckService.loadOrderItems.dwr HTTP/1.1" 200 126758
101.93.222.81 - - [01/Sep/2022:10:39:29 +0800] "GET /xingrg/javascript/jquery_easy_ui/themes/default/images/tabs_close.gif HTTP/1.1" 200 829
101.93.222.81 - - [01/Sep/2022:10:39:29 +0800] "GET /xingrg/kc/report/report_main.html HTTP/1.1" 200 7340
101.93.222.81 - - [01/Sep/2022:10:39:29 +0800] "GET /xingrg/javascript/pic_change.js HTTP/1.1" 200 4739
101.93.222.81 - - [01/Sep/2022:10:39:29 +0800] "GET /xingrg/css/blue.css HTTP/1.1" 200 15949
101.93.222.81 - - [01/Sep/2022:10:39:29 +0800] "GET /xingrg/javascript/json2.js HTTP/1.1" 200 11259
101.93.222.81 - - [01/Sep/2022:10:39:29 +0800] "GET /xingrg/javascript/myfunction.js HTTP/1.1" 200 24559
101.93.222.81 - - [01/Sep/2022:10:39:29 +0800] "GET /xingrg/javascript/jquery_ui/themes/humanity/humanity.css HTTP/1.1" 200 27801
101.93.222.81 - - [01/Sep/2022:10:39:29 +0800] "GET /xingrg/javascript/jquery_easy_ui/themes/icons/back_new.png HTTP/1.1" 200 3414
101.93.222.81 - - [01/Sep/2022:10:39:30 +0800] "GET /xingrg/kc/base/crk_hz.html HTTP/1.1" 200 11247
101.93.222.81 - - [01/Sep/2022:10:39:30 +0800] "GET /xingrg/javascript/step/step.css HTTP/1.1" 200 999
101.93.222.81 - - [01/Sep/2022:10:39:30 +0800] "GET /xingrg/css/table.css HTTP/1.1" 200 3684
101.93.222.81 - - [01/Sep/2022:10:39:30 +0800] "POST /xingrg/kc/cost/cost_operate.html?command=get_base_tree HTTP/1.1" 200 2722
101.93.222.81 - - [01/Sep/2022:10:39:30 +0800] "POST /xingrg/all/common/load_tree.html?tree=materiel_sort_tree_json HTTP/1.1" 200 9500
101.93.222.81 - - [01/Sep/2022:10:39:30 +0800] "GET /xingrg/javascript/jquery_easy_ui/themes/default/images/combo_arrow_dot.gif HTTP/1.1" 200 79
101.93.222.81 - - [01/Sep/2022:10:39:30 +0800] "GET /xingrg/javascript/jquery_easy_ui/themes/icons/print.png HTTP/1.1" 200 1057
101.93.222.81 - - [01/Sep/2022:10:39:30 +0800] "GET /xingrg/javascript/jquery_easy_ui/themes/icons/search.png HTTP/1.1" 200 813
101.93.222.81 - - [01/Sep/2022:10:39:30 +0800] "GET /xingrg/javascript/jquery_easy_ui/themes/default/images/menu_downarrow.png HTTP/1.1" 200 173
101.93.222.81 - - [01/Sep/2022:10:39:30 +0800] "GET /xingrg/javascript/jquery_easy_ui/themes/default/images/calendar_prevmonth.gif HTTP/1.1" 200 66
101.93.222.81 - - [01/Sep/2022:10:39:30 +0800] "GET /xingrg/javascript/jquery_easy_ui/themes/default/images/menu.gif HTTP/1.1" 200 834
101.93.222.81 - - [01/Sep/2022:10:39:30 +0800] "GET /xingrg/javascript/jquery_easy_ui/themes/default/images/calendar_nextmonth.gif HTTP/1.1" 200 64
101.93.222.81 - - [01/Sep/2022:10:39:30 +0800] "GET /xingrg/javascript/jquery_easy_ui/themes/default/images/calendar_prevyear.gif HTTP/1.1" 200 76
101.93.222.81 - - [01/Sep/2022:10:39:30 +0800] "GET /xingrg/javascript/jquery_easy_ui/themes/default/images/calendar_nextyear.gif HTTP/1.1" 200 75
101.93.222.81 - - [01/Sep/2022:10:39:30 +0800] "GET /xingrg/javascript/jquery_easy_ui/themes/default/images/tree_checkbox_0.gif HTTP/1.1" 200 168
101.85.93.70 - - [01/Sep/2022:10:39:31 +0800] "GET /xingrg/check_reg.html?_=1661999968390 HTTP/1.1" 200 22
101.85.93.70 - - [01/Sep/2022:10:39:31 +0800] "GET /xingrg/all/function/internal_message.html?_=1661999968393&CODE_STATE=getMsg HTTP/1.1" 200 27
101.93.222.81 - - [01/Sep/2022:10:39:32 +0800] "GET /xingrg/all/common/get_data_part.html?part=previousMonth&_=1661999970396 HTTP/1.1" 200 41
124.78.155.30 - - [01/Sep/2022:10:39:36 +0800] "GET /xingrg/all/function/internal_message.html?_=1661999970572&CODE_STATE=getMsg HTTP/1.1" 200 27
101.93.222.81 - - [01/Sep/2022:10:39:36 +0800] "GET /xingrg/javascript/jquery_easy_ui/themes/default/images/tree_checkbox_2.gif HTTP/1.1" 200 181
101.93.222.81 - - [01/Sep/2022:10:39:36 +0800] "GET /xingrg/javascript/jquery_easy_ui/themes/default/images/tree_checkbox_1.gif HTTP/1.1" 200 174
101.93.222.81 - - [01/Sep/2022:10:39:38 +0800] "GET /xingrg/kc/base/crk_hz.html?_=1661999976611&command=get_cost_id&end_date=2022-08-31&start_date=2022-08-01 HTTP/1.1" 200 51
101.93.222.81 - - [01/Sep/2022:10:39:38 +0800] "GET /xingrg/javascript/multi_select/jqueryMultiSelect.css HTTP/1.1" 200 951
101.93.222.81 - - [01/Sep/2022:10:39:38 +0800] "GET /xingrg/javascript/calendar/timePicker.css HTTP/1.1" 200 523
101.93.222.81 - - [01/Sep/2022:10:39:38 +0800] "GET /xingrg/javascript/bigrid/fix.css HTTP/1.1" 200 1702
101.93.222.81 - - [01/Sep/2022:10:39:38 +0800] "GET /xingrg/all/report/report_query.html?isQuery=1&onlyBody=1&rh=99999&rw=1800&varString=start:20220801,cost_id:3855,mid:20220801&fileName=kc/base/crk_hz_type_by_base.xml&queryString=%20a.base_code%20in%20('0010714')%20&queryText=ÈÕÆÚ£º2022-08-01ÖÁ2022-08-31%20²Ö¿â£ºÀñºÐ¿â&tableQueryString=materiel_table$sp1$$sp$before_table$sp1$$sp$crk_table$sp1$order_day%20between%2020220801%20and%2020220831 HTTP/1.1" 200 49400
101.93.222.81 - - [01/Sep/2022:10:39:38 +0800] "GET /xingrg/dwr/interface/AjaxReportQueryService.js HTTP/1.1" 200 13203
101.93.222.81 - - [01/Sep/2022:10:39:38 +0800] "GET /xingrg/javascript/calendar/jquery.timePicker.min.js HTTP/1.1" 200 2997
101.93.222.81 - - [01/Sep/2022:10:39:38 +0800] "GET /xingrg/javascript/bigrid/fix.js HTTP/1.1" 200 6439
101.93.222.81 - - [01/Sep/2022:10:39:38 +0800] "GET /xingrg/dwr/util.js HTTP/1.1" 200 35990
101.93.222.81 - - [01/Sep/2022:10:39:38 +0800] "GET /xingrg/javascript/jqueryMultiSelect.js HTTP/1.1" 200 11866
101.93.222.81 - - [01/Sep/2022:10:39:38 +0800] "GET /xingrg/javascript/Calendar.js HTTP/1.1" 200 31561
101.93.222.81 - - [01/Sep/2022:10:39:38 +0800] "GET /xingrg/dwr/engine.js HTTP/1.1" 200 43631
101.93.222.81 - - [01/Sep/2022:10:39:38 +0800] "GET /xingrg/images/blue/button/advanceover.gif HTTP/1.1" 200 1347
101.93.222.81 - - [01/Sep/2022:10:39:38 +0800] "GET /xingrg/images/blue/button/back2over.gif HTTP/1.1" 200 1335
101.93.222.81 - - [01/Sep/2022:10:39:38 +0800] "GET /xingrg/images/blue/button/advance2over.gif HTTP/1.1" 200 1336
101.93.222.81 - - [01/Sep/2022:10:39:38 +0800] "GET /xingrg/images/blue/button/backover.gif HTTP/1.1" 200 1348
101.93.222.81 - - [01/Sep/2022:10:39:38 +0800] "GET /xingrg/images/control/loading.gif HTTP/1.1" 200 13463
101.93.222.81 - - [01/Sep/2022:10:39:38 +0800] "GET /xingrg/javascript/jquery_easy_ui/themes/icons/help.png HTTP/1.1" 200 1187
101.93.222.81 - - [01/Sep/2022:10:39:39 +0800] "POST /xingrg/all/report/load_report_page.html HTTP/1.1" 200 94525
101.93.222.81 - - [01/Sep/2022:10:39:39 +0800] "GET /xingrg/servlets/image?cache=0.23880348421390396&image=px HTTP/1.1" 200 807
180.169.147.146 - - [01/Sep/2022:10:39:40 +0800] "GET /xingrg/all/function/internal_message.html?_=1661999978012&CODE_STATE=getMsg HTTP/1.1" 302 -
116.224.255.128 - - [01/Sep/2022:10:39:41 +0800] "GET /xingrg/all/function/internal_message.html?_=1661999977660&CODE_STATE=getMsg HTTP/1.1" 200 27
114.88.158.224 - - [01/Sep/2022:10:39:46 +0800] "POST /xingrg/dwr/call/plaincall/AjaxCheckService.setItemNumber.dwr HTTP/1.1" 200 76
101.93.222.81 - - [01/Sep/2022:10:39:47 +0800] "GET /xingrg/all/report/report_query.html?isQuery=1&fileName=kc/base/crk_detail_by_small.xml&rh=99999&queryString=&queryText=%25E3%2580%2590%25E4%25BB%2593%25E5%25BA%2593%25E5%2590%258D%25E7%25A7%25B0%253A%25E7%25A4%25BC%25E7%259B%2592%25E5%25BA%2593%25E3%2580%2591%25E3%2580%2590%25E4%25B8%259A%25E5%258A%25A1%25E7%25B1%25BB%25E5%259E%258B%25EF%25BC%259A%25E5%2586%2585%25E9%2583%25A8%25E8%25B0%2583%25E5%2585%25A5%25E3%2580%2591%2520%253F%253F%253F%253F%253F2022-08-01%253F%253F2022-08-31%2520%253F%253F%253F%253F%253F%25D0%25BF%253F&tableQueryString=crk_table%2524sp1%2524order_day%2520between%252020220801%2520and%252020220831%2520and%2520(base_code%253D'0010714')%2520and%2520(src_order_type%2520in%2520(42))%2520and%2520(is_rk%2520in%2520(1)) HTTP/1.1" 200 53784
101.93.222.81 - - [01/Sep/2022:10:39:47 +0800] "GET /xingrg/dwr/interface/AjaxReportQueryService.js HTTP/1.1" 200 13203
101.93.222.81 - - [01/Sep/2022:10:39:47 +0800] "GET /xingrg/dwr/engine.js HTTP/1.1" 200 43631
101.93.222.81 - - [01/Sep/2022:10:39:47 +0800] "GET /xingrg/javascript/jquery_easy_ui/themes/default/images/menu_rightarrow.png HTTP/1.1" 200 3617
101.93.222.81 - - [01/Sep/2022:10:39:47 +0800] "GET /xingrg/javascript/jquery_easy_ui/themes/icons/pencil.png HTTP/1.1" 200 713
