116.224.255.128 - - [01/Sep/2022:08:41:07 +0800] "GET /xingrg/kc/buy/cgsh_order_info.html?code=212022090100003 HTTP/1.1" 200 63406
116.224.255.128 - - [01/Sep/2022:08:41:07 +0800] "GET /xingrg/javascript/easyui/themes/default/validatebox.css HTTP/1.1" 404 1104
114.84.5.35 - - [01/Sep/2022:08:41:08 +0800] "POST /xingrg/dwr/call/plaincall/AjaxCheckService.setItemNumber.dwr HTTP/1.1" 200 77
116.224.255.128 - - [01/Sep/2022:08:41:08 +0800] "POST /xingrg/kc/buy/cgsh_order_operate.html HTTP/1.1" 200 8913
114.84.5.35 - - [01/Sep/2022:08:41:09 +0800] "POST /xingrg/dwr/call/plaincall/AjaxCheckService.setItemNumber.dwr HTTP/1.1" 200 77
116.224.255.128 - - [01/Sep/2022:08:41:09 +0800] "GET /xingrg/kc/print/load_data.html?order_code=212022090100003&kc_code=cgsh&condition= HTTP/1.1" 200 3824
114.88.158.224 - - [01/Sep/2022:08:41:10 +0800] "GET /xingrg/all/function/internal_message.html?_=1661992543531&CODE_STATE=getMsg HTTP/1.1" 200 27
124.78.155.30 - - [01/Sep/2022:08:41:11 +0800] "POST /xingrg/dwr/call/plaincall/AjaxReportQueryService.refreshCache.dwr HTTP/1.1" 200 78
114.84.5.35 - - [01/Sep/2022:08:41:11 +0800] "POST /xingrg/dwr/call/plaincall/AjaxCheckService.setItemNumber.dwr HTTP/1.1" 200 77
124.78.155.30 - - [01/Sep/2022:08:41:12 +0800] "POST /xingrg/all/report/load_report_page.html HTTP/1.1" 200 8924
124.78.155.30 - - [01/Sep/2022:08:41:12 +0800] "GET /xingrg/servlets/image?cache=0.4167338238302146&image=px HTTP/1.1" 200 807
114.84.5.35 - - [01/Sep/2022:08:41:13 +0800] "POST /xingrg/dwr/call/plaincall/AjaxCheckService.setItemNumber.dwr HTTP/1.1" 200 77
116.225.121.189 - - [01/Sep/2022:08:41:14 +0800] "POST /xingrg/dwr/call/plaincall/AjaxCheckService.setItemNumber.dwr HTTP/1.1" 200 77
114.84.5.35 - - [01/Sep/2022:08:41:14 +0800] "POST /xingrg/dwr/call/plaincall/AjaxCheckService.setItemNumber.dwr HTTP/1.1" 200 77
116.224.255.128 - - [01/Sep/2022:08:41:14 +0800] "GET /xingrg/kc/buy/cgsh_order_add.html HTTP/1.1" 200 68513
116.225.121.189 - - [01/Sep/2022:08:41:14 +0800] "GET /xingrg/all/function/internal_message.html?_=1661992738416&CODE_STATE=getMsg HTTP/1.1" 200 27
116.224.255.128 - - [01/Sep/2022:08:41:14 +0800] "POST /xingrg/kc/buy/cgsh_order_operate.html HTTP/1.1" 200 8245
116.224.255.128 - - [01/Sep/2022:08:41:14 +0800] "GET /xingrg/javascript/easyui/themes/default/validatebox.css HTTP/1.1" 404 1104
114.84.5.35 - - [01/Sep/2022:08:41:15 +0800] "POST /xingrg/dwr/call/plaincall/AjaxCheckService.setItemNumber.dwr HTTP/1.1" 200 77
116.225.121.189 - - [01/Sep/2022:08:41:15 +0800] "POST /xingrg/dwr/call/plaincall/AjaxCheckService.setItemNumber.dwr HTTP/1.1" 200 77
116.225.121.189 - - [01/Sep/2022:08:41:17 +0800] "POST /xingrg/dwr/call/plaincall/AjaxCheckService.setItemNumber.dwr HTTP/1.1" 200 77
114.84.5.35 - - [01/Sep/2022:08:41:18 +0800] "POST /xingrg/dwr/call/plaincall/AjaxCheckService.setItemNumber.dwr HTTP/1.1" 200 77
124.78.155.30 - - [01/Sep/2022:08:41:18 +0800] "GET /xingrg/login.html HTTP/1.1" 200 7641
114.84.5.35 - - [01/Sep/2022:08:41:19 +0800] "POST /xingrg/dwr/call/plaincall/AjaxCheckService.setItemNumber.dwr HTTP/1.1" 200 77
114.84.5.35 - - [01/Sep/2022:08:41:21 +0800] "POST /xingrg/dwr/call/plaincall/AjaxCheckService.setItemNumber.dwr HTTP/1.1" 200 77
124.78.155.30 - - [01/Sep/2022:08:41:21 +0800] "GET /favicon.ico HTTP/1.1" 404 -
120.253.135.82 - - [01/Sep/2022:08:41:22 +0800] "GET /xingrg/all/function/internal_message.html?_=1661992682546&CODE_STATE=getMsg HTTP/1.1" 200 27
114.84.5.35 - - [01/Sep/2022:08:41:22 +0800] "POST /xingrg/dwr/call/plaincall/AjaxCheckService.setItemNumber.dwr HTTP/1.1" 200 77
116.225.121.189 - - [01/Sep/2022:08:41:22 +0800] "POST /xingrg/dwr/call/plaincall/AjaxCheckService.setItemNumber.dwr HTTP/1.1" 200 77
116.224.255.128 - - [01/Sep/2022:08:41:23 +0800] "GET /xingrg/kc/buy/cgsh_order_operate.html?command=get_materiel&rest_code=00150&code=00101008323&supplier_code=00100008&order_time=2022-09-01 HTTP/1.1" 200 429
114.84.5.35 - - [01/Sep/2022:08:41:23 +0800] "POST /xingrg/dwr/call/plaincall/AjaxCheckService.setItemNumber.dwr HTTP/1.1" 200 77
116.225.121.189 - - [01/Sep/2022:08:41:25 +0800] "GET /xingrg/kc/base/wldb_order_operate.html?command=get_materiel&rest_code=00105&base_code=0010507&code=00101019211 HTTP/1.1" 200 446
116.225.121.189 - - [01/Sep/2022:08:41:25 +0800] "POST /xingrg/dwr/call/plaincall/AjaxCheckService.setItemNumber.dwr HTTP/1.1" 200 77
114.84.5.35 - - [01/Sep/2022:08:41:25 +0800] "POST /xingrg/dwr/call/plaincall/AjaxCheckService.setItemNumber.dwr HTTP/1.1" 200 77
101.83.240.123 - - [01/Sep/2022:08:41:25 +0800] "GET /xingrg/all/function/internal_message.html?_=1661992880139&CODE_STATE=getMsg HTTP/1.1" 200 27
101.83.240.123 - - [01/Sep/2022:08:41:25 +0800] "GET /xingrg/check_reg.html?_=1661992880147 HTTP/1.1" 200 22
114.84.5.35 - - [01/Sep/2022:08:41:26 +0800] "POST /xingrg/dwr/call/plaincall/AjaxCheckService.setItemNumber.dwr HTTP/1.1" 200 77
116.225.121.189 - - [01/Sep/2022:08:41:27 +0800] "POST /xingrg/dwr/call/plaincall/AjaxCheckService.setItemNumber.dwr HTTP/1.1" 200 77
116.225.121.189 - - [01/Sep/2022:08:41:28 +0800] "POST /xingrg/dwr/call/plaincall/AjaxCheckService.setItemNumber.dwr HTTP/1.1" 200 77
114.84.5.35 - - [01/Sep/2022:08:41:28 +0800] "POST /xingrg/dwr/call/plaincall/AjaxCheckService.setItemNumber.dwr HTTP/1.1" 200 77
114.84.5.35 - - [01/Sep/2022:08:41:29 +0800] "POST /xingrg/dwr/call/plaincall/AjaxCheckService.setItemNumber.dwr HTTP/1.1" 200 77
114.84.5.35 - - [01/Sep/2022:08:41:31 +0800] "POST /xingrg/dwr/call/plaincall/AjaxCheckService.setItemNumber.dwr HTTP/1.1" 200 77
116.224.255.128 - - [01/Sep/2022:08:41:32 +0800] "GET /xingrg/kc/buy/cgsh_order_operate.html?command=get_materiel&rest_code=00150&code=00101008176&supplier_code=00100008&order_time=2022-09-01 HTTP/1.1" 200 413
114.84.5.35 - - [01/Sep/2022:08:41:33 +0800] "POST /xingrg/dwr/call/plaincall/AjaxCheckService.setItemNumber.dwr HTTP/1.1" 200 77
114.84.5.35 - - [01/Sep/2022:08:41:34 +0800] "POST /xingrg/dwr/call/plaincall/AjaxCheckService.setItemNumber.dwr HTTP/1.1" 200 77
124.78.155.30 - - [01/Sep/2022:08:41:34 +0800] "POST /xingrg/login.do HTTP/1.1" 302 -
124.78.155.30 - - [01/Sep/2022:08:41:34 +0800] "GET /xingrg/index.html?sysBaseUrl=http%3A%2F%2F180.169.147.146%3A18081%2Fxingrg%2F&costTime=43×tamp=1661992894839 HTTP/1.1" 200 17173
114.84.5.35 - - [01/Sep/2022:08:41:35 +0800] "POST /xingrg/dwr/call/plaincall/AjaxCheckService.setItemNumber.dwr HTTP/1.1" 200 77
124.78.155.30 - - [01/Sep/2022:08:41:35 +0800] "GET /favicon.ico HTTP/1.1" 404 -
124.78.155.30 - - [01/Sep/2022:08:41:35 +0800] "POST /xingrg/all/common/load_tree.html?tree=area_rest_tree_json&manage=1 HTTP/1.1" 200 342
116.225.121.189 - - [01/Sep/2022:08:41:35 +0800] "POST /xingrg/dwr/call/plaincall/AjaxCheckService.setItemNumber.dwr HTTP/1.1" 200 77
124.78.155.30 - - [01/Sep/2022:08:41:36 +0800] "GET /xingrg/all/function/internal_message.html?_=1661992890486&CODE_STATE=count HTTP/1.1" 200 11
124.78.155.30 - - [01/Sep/2022:08:41:36 +0800] "POST /xingrg/load_menu.html HTTP/1.1" 200 5138
124.78.155.30 - - [01/Sep/2022:08:41:36 +0800] "GET /xingrg/check_reg.html?_=1661992890487 HTTP/1.1" 200 22
116.232.194.65 - - [01/Sep/2022:08:41:37 +0800] "GET /xingrg/all/function/internal_message.html?_=1661992849248&CODE_STATE=getMsg HTTP/1.1" 200 27
114.84.5.35 - - [01/Sep/2022:08:41:37 +0800] "POST /xingrg/dwr/call/plaincall/AjaxCheckService.setItemNumber.dwr HTTP/1.1" 200 77
124.78.155.30 - - [01/Sep/2022:08:41:39 +0800] "GET /xingrg/kc/buy/buy_main.html HTTP/1.1" 200 12412
124.78.155.30 - - [01/Sep/2022:08:41:39 +0800] "GET /xingrg/css/new_ie.css HTTP/1.1" 404 1036
114.84.5.35 - - [01/Sep/2022:08:41:39 +0800] "POST /xingrg/dwr/call/plaincall/AjaxCheckService.setItemNumber.dwr HTTP/1.1" 200 77
180.169.147.146 - - [01/Sep/2022:08:41:39 +0800] "GET /xingrg/check_reg.html?_=1661992897926 HTTP/1.1" 302 -
180.169.147.146 - - [01/Sep/2022:08:41:39 +0800] "GET /xingrg/all/function/internal_message.html?_=1661992897928&CODE_STATE=getMsg HTTP/1.1" 302 -
116.225.121.189 - - [01/Sep/2022:08:41:40 +0800] "POST /xingrg/dwr/call/plaincall/AjaxCheckService.setItemNumber.dwr HTTP/1.1" 200 77
116.224.255.128 - - [01/Sep/2022:08:41:40 +0800] "GET /xingrg/kc/buy/cgsh_order_operate.html?command=get_materiel&rest_code=00150&code=00101008175&supplier_code=00100008&order_time=2022-09-01 HTTP/1.1" 200 412
124.78.155.30 - - [01/Sep/2022:08:41:41 +0800] "GET /xingrg/kc/report/report_main.html HTTP/1.1" 200 7340
114.84.5.35 - - [01/Sep/2022:08:41:41 +0800] "POST /xingrg/dwr/call/plaincall/AjaxCheckService.setItemNumber.dwr HTTP/1.1" 200 77
116.225.121.189 - - [01/Sep/2022:08:41:41 +0800] "POST /xingrg/dwr/call/plaincall/AjaxCheckService.setItemNumber.dwr HTTP/1.1" 200 77
114.84.5.35 - - [01/Sep/2022:08:41:42 +0800] "POST /xingrg/dwr/call/plaincall/AjaxCheckService.setItemNumber.dwr HTTP/1.1" 200 77
124.78.155.30 - - [01/Sep/2022:08:41:43 +0800] "GET /xingrg/all/report/report_query.html?fileName=kc/buy/wlcg_cate_hz.xml HTTP/1.1" 200 53941
124.78.155.30 - - [01/Sep/2022:08:41:43 +0800] "GET /xingrg/dwr/interface/AjaxReportQueryService.js HTTP/1.1" 200 13203
124.78.155.30 - - [01/Sep/2022:08:41:43 +0800] "GET /xingrg/dwr/util.js HTTP/1.1" 304 -
124.78.155.30 - - [01/Sep/2022:08:41:43 +0800] "GET /xingrg/dwr/engine.js HTTP/1.1" 200 43631
116.225.121.189 - - [01/Sep/2022:08:41:43 +0800] "POST /xingrg/dwr/call/plaincall/AjaxCheckService.setItemNumber.dwr HTTP/1.1" 200 77
124.78.155.30 - - [01/Sep/2022:08:41:43 +0800] "POST /xingrg/dwr/call/plaincall/AjaxReportQueryService.getFixDate.dwr HTTP/1.1" 200 111
124.78.155.30 - - [01/Sep/2022:08:41:43 +0800] "POST /xingrg/all/common/load_tree.html?tree=supplier_tree_json&manage=1 HTTP/1.1" 200 69435
124.78.155.30 - - [01/Sep/2022:08:41:44 +0800] "POST /xingrg/all/common/load_tree.html?tree=materiel_sort_tree_json HTTP/1.1" 200 9500
114.84.5.35 - - [01/Sep/2022:08:41:44 +0800] "POST /xingrg/dwr/call/plaincall/AjaxCheckService.setItemNumber.dwr HTTP/1.1" 200 77
116.225.121.189 - - [01/Sep/2022:08:41:44 +0800] "POST /xingrg/dwr/call/plaincall/AjaxCheckService.setItemNumber.dwr HTTP/1.1" 200 77
124.78.155.30 - - [01/Sep/2022:08:41:44 +0800] "GET /xingrg/all/function/internal_message.html?_=1661992912293&CODE_STATE=getMsg HTTP/1.1" 200 27
116.225.121.189 - - [01/Sep/2022:08:41:45 +0800] "GET /xingrg/all/function/internal_message.html?_=1661992903436&CODE_STATE=getMsg HTTP/1.1" 200 27
124.78.155.30 - - [01/Sep/2022:08:41:45 +0800] "POST /xingrg/all/common/load_tree.html?tree=base_tree_json HTTP/1.1" 200 3760
116.225.121.189 - - [01/Sep/2022:08:41:45 +0800] "POST /xingrg/dwr/call/plaincall/AjaxCheckService.setItemNumber.dwr HTTP/1.1" 200 77
124.78.155.30 - - [01/Sep/2022:08:41:47 +0800] "GET /xingrg/kc/report/report_main.html HTTP/1.1" 200 7340
116.224.255.128 - - [01/Sep/2022:08:41:47 +0800] "GET /xingrg/kc/buy/cgsh_order_operate.html?command=get_materiel&rest_code=00150&code=00101008132&supplier_code=00100008&order_time=2022-09-01 HTTP/1.1" 200 408
116.225.121.189 - - [01/Sep/2022:08:41:48 +0800] "POST /xingrg/dwr/call/plaincall/AjaxCheckService.setItemNumber.dwr HTTP/1.1" 200 77
114.84.5.35 - - [01/Sep/2022:08:41:49 +0800] "POST /xingrg/dwr/call/plaincall/AjaxCheckService.setItemNumber.dwr HTTP/1.1" 200 77
124.78.155.30 - - [01/Sep/2022:08:41:50 +0800] "GET /xingrg/all/report/report_query.html?fileName=kc/buy/wlcg_price_by_month.xml HTTP/1.1" 200 52239
124.78.155.30 - - [01/Sep/2022:08:41:50 +0800] "GET /xingrg/dwr/interface/AjaxReportQueryService.js HTTP/1.1" 200 13203
124.78.155.30 - - [01/Sep/2022:08:41:50 +0800] "GET /xingrg/dwr/engine.js HTTP/1.1" 200 43631
124.78.155.30 - - [01/Sep/2022:08:41:50 +0800] "POST /xingrg/dwr/call/plaincall/AjaxReportQueryService.getFixDate.dwr HTTP/1.1" 200 111
124.78.155.30 - - [01/Sep/2022:08:41:50 +0800] "POST /xingrg/all/common/load_tree.html?tree=materiel_sort_tree_json HTTP/1.1" 200 9500
124.78.155.30 - - [01/Sep/2022:08:41:50 +0800] "POST /xingrg/all/common/load_tree.html?tree=supplier_tree_json&manage=1 HTTP/1.1" 200 69435
114.84.5.35 - - [01/Sep/2022:08:41:50 +0800] "POST /xingrg/dwr/call/plaincall/AjaxCheckService.setItemNumber.dwr HTTP/1.1" 200 77
116.225.121.189 - - [01/Sep/2022:08:41:51 +0800] "POST /xingrg/dwr/call/plaincall/AjaxCheckService.setItemNumber.dwr HTTP/1.1" 200 77
116.225.121.189 - - [01/Sep/2022:08:41:54 +0800] "POST /xingrg/dwr/call/plaincall/AjaxCheckService.setItemNumber.dwr HTTP/1.1" 200 77
114.84.5.35 - - [01/Sep/2022:08:41:56 +0800] "GET /xingrg/all/function/internal_message.html?_=1661992912424&CODE_STATE=getMsg HTTP/1.1" 200 27
116.224.255.128 - - [01/Sep/2022:08:41:56 +0800] "GET /xingrg/kc/buy/cgsh_order_operate.html?command=get_materiel&rest_code=00150&code=00101008257&supplier_code=00100008&order_time=2022-09-01 HTTP/1.1" 200 416
114.84.5.35 - - [01/Sep/2022:08:41:58 +0800] "POST /xingrg/dwr/call/plaincall/AjaxCheckService.setItemNumber.dwr HTTP/1.1" 200 77
120.253.135.82 - - [01/Sep/2022:08:41:58 +0800] "GET /xingrg/all/function/internal_message.html?_=1661993043910&CODE_STATE=getMsg HTTP/1.1" 200 27
180.169.147.146 - - [01/Sep/2022:08:42:00 +0800] "GET /xingrg/all/function/internal_message.html?_=1661993390767&CODE_STATE=getMsg HTTP/1.1" 302 -
114.84.5.35 - - [01/Sep/2022:08:42:01 +0800] "POST /xingrg/dwr/call/plaincall/AjaxCheckService.setItemNumber.dwr HTTP/1.1" 200 77
124.78.155.30 - - [01/Sep/2022:08:42:01 +0800] "POST /xingrg/dwr/call/plaincall/AjaxReportQueryService.getFixDate.dwr HTTP/1.1" 200 111
116.224.255.128 - - [01/Sep/2022:08:42:02 +0800] "GET /xingrg/all/function/internal_message.html?_=1661992918920&CODE_STATE=getMsg HTTP/1.1" 200 27
124.78.155.30 - - [01/Sep/2022:08:42:02 +0800] "POST /xingrg/dwr/call/plaincall/AjaxReportQueryService.refreshCache.dwr HTTP/1.1" 200 78
114.84.5.35 - - [01/Sep/2022:08:42:02 +0800] "POST /xingrg/dwr/call/plaincall/AjaxCheckService.setItemNumber.dwr HTTP/1.1" 200 77
114.84.5.35 - - [01/Sep/2022:08:42:03 +0800] "POST /xingrg/dwr/call/plaincall/AjaxCheckService.setItemNumber.dwr HTTP/1.1" 200 77
58.40.7.146 - - [01/Sep/2022:08:42:04 +0800] "GET /xingrg/check_reg.html?_=1661992922429 HTTP/1.1" 302 -
58.40.7.146 - - [01/Sep/2022:08:42:04 +0800] "GET /xingrg/login.html HTTP/1.1" 200 7641
116.224.255.128 - - [01/Sep/2022:08:42:04 +0800] "GET /xingrg/kc/buy/cgsh_order_operate.html?command=get_materiel&rest_code=00150&code=00101008331&supplier_code=00100008&order_time=2022-09-01 HTTP/1.1" 200 416
124.78.155.30 - - [01/Sep/2022:08:42:04 +0800] "POST /xingrg/all/report/load_report_page.html HTTP/1.1" 200 35999
124.78.155.30 - - [01/Sep/2022:08:42:04 +0800] "GET /xingrg/servlets/image?cache=0.9755638487103624&image=px HTTP/1.1" 200 807
114.84.5.35 - - [01/Sep/2022:08:42:04 +0800] "POST /xingrg/dwr/call/plaincall/AjaxCheckService.setItemNumber.dwr HTTP/1.1" 200 77
114.84.5.35 - - [01/Sep/2022:08:42:06 +0800] "POST /xingrg/dwr/call/plaincall/AjaxCheckService.setItemNumber.dwr HTTP/1.1" 200 77
114.84.5.35 - - [01/Sep/2022:08:42:07 +0800] "POST /xingrg/dwr/call/plaincall/AjaxCheckService.setItemNumber.dwr HTTP/1.1" 200 77
114.84.5.35 - - [01/Sep/2022:08:42:08 +0800] "POST /xingrg/dwr/call/plaincall/AjaxCheckService.setItemNumber.dwr HTTP/1.1" 200 77
124.78.155.30 - - [01/Sep/2022:08:42:09 +0800] "GET /xingrg/all/report/report_query.html?isQuery=1&fileName=kc/buy/wlcg_price_by_list.xml&rh=99999&queryString=&queryText=%25E3%2580%2590%25E6%259D%2590%25E6%2596%2599%25E5%2590%258D%25E7%25A7%25B0%253A%25E4%25B8%2589%25E4%25BB%25B6%25E5%25A5%2597%25E3%2580%2591%2520%25E3%2580%2590%25E9%2587%2587%25E8%25B4%25AD%25E6%2597%25B6%25E9%2597%25B4%253A2021-01-01%2520%25E8%2587%25B3%25202021-12-31%25E3%2580%2591%2520%25E5%25B9%25B6%25E4%25B8%2594%2520%2520%25E3%2580%2590%25E6%259D%2590%25E6%2596%2599%25E5%2590%258D%25E7%25A7%25B0%2520%25E5%258C%2585%25E5%2590%25AB%2520%25E4%25B8%2589%25E4%25BB%25B6%25E5%25A5%2597%25E3%2580%2591&tableQueryString=materiels%2524sp1%2524(CONVERT(char(10)%252Cb.order_time%252C%2520120)%253E%253D'2021-01-01')%2520and%2520(CONVERT(char(10)%252Cb.order_time%252C%2520120)%253C%253D'2021-12-31')%2520and%2520(m.name%2520like%2520'%2524bf%2524%25E4%25B8%2589%25E4%25BB%25B6%25E5%25A5%2597%2524bf%2524')%2520and%2520(a.materiel_code%253D'00102015031')%2520and%2520(year(b.order_time)*100%252Bmonth(b.order_time)%253D202112) HTTP/1.1" 200 51573
124.78.155.30 - - [01/Sep/2022:08:42:09 +0800] "GET /xingrg/dwr/engine.js HTTP/1.1" 200 43631
124.78.155.30 - - [01/Sep/2022:08:42:09 +0800] "GET /xingrg/dwr/interface/AjaxReportQueryService.js HTTP/1.1" 200 13203
114.84.5.35 - - [01/Sep/2022:08:42:10 +0800] "POST /xingrg/dwr/call/plaincall/AjaxCheckService.setItemNumber.dwr HTTP/1.1" 200 77
124.78.155.30 - - [01/Sep/2022:08:42:10 +0800] "POST /xingrg/all/report/load_report_page.html HTTP/1.1" 200 17433
124.78.155.30 - - [01/Sep/2022:08:42:10 +0800] "GET /xingrg/servlets/image?cache=0.46540061444897696&image=px HTTP/1.1" 200 807
114.88.158.224 - - [01/Sep/2022:08:42:10 +0800] "GET /xingrg/all/function/internal_message.html?_=1661992603513&CODE_STATE=getMsg HTTP/1.1" 200 27
114.84.5.35 - - [01/Sep/2022:08:42:11 +0800] "POST /xingrg/dwr/call/plaincall/AjaxCheckService.setItemNumber.dwr HTTP/1.1" 200 77
116.225.121.189 - - [01/Sep/2022:08:42:12 +0800] "GET /xingrg/kc/base/wldb_order_operate.html?command=get_materiel&rest_code=00105&base_code=0010507&code=00101019376 HTTP/1.1" 200 476
114.84.5.35 - - [01/Sep/2022:08:42:12 +0800] "POST /xingrg/dwr/call/plaincall/AjaxCheckService.setItemNumber.dwr HTTP/1.1" 200 77
114.84.5.35 - - [01/Sep/2022:08:42:13 +0800] "POST /xingrg/dwr/call/plaincall/AjaxCheckService.setItemNumber.dwr HTTP/1.1" 200 77
116.225.121.189 - - [01/Sep/2022:08:42:14 +0800] "GET /xingrg/all/function/internal_message.html?_=1661992798413&CODE_STATE=getMsg HTTP/1.1" 200 27
114.84.5.35 - - [01/Sep/2022:08:42:15 +0800] "POST /xingrg/dwr/call/plaincall/AjaxCheckService.setItemNumber.dwr HTTP/1.1" 200 77
114.84.5.35 - - [01/Sep/2022:08:42:16 +0800] "POST /xingrg/dwr/call/plaincall/AjaxCheckService.setItemNumber.dwr HTTP/1.1" 200 77
116.224.255.128 - - [01/Sep/2022:08:42:17 +0800] "GET /xingrg/kc/buy/cgsh_order_operate.html?command=get_materiel&rest_code=00150&code=00101008350&supplier_code=00100008&order_time=2022-09-01 HTTP/1.1" 200 408
114.84.5.35 - - [01/Sep/2022:08:42:18 +0800] "POST /xingrg/dwr/call/plaincall/AjaxCheckService.setItemNumber.dwr HTTP/1.1" 200 77
114.84.5.35 - - [01/Sep/2022:08:42:19 +0800] "POST /xingrg/dwr/call/plaincall/AjaxCheckService.setItemNumber.dwr HTTP/1.1" 200 77
114.84.5.35 - - [01/Sep/2022:08:42:21 +0800] "POST /xingrg/dwr/call/plaincall/AjaxCheckService.setItemNumber.dwr HTTP/1.1" 200 77
120.253.135.82 - - [01/Sep/2022:08:42:22 +0800] "GET /xingrg/all/function/internal_message.html?_=1661992742555&CODE_STATE=getMsg HTTP/1.1" 200 27
114.84.5.35 - - [01/Sep/2022:08:42:23 +0800] "POST /xingrg/dwr/call/plaincall/AjaxCheckService.setItemNumber.dwr HTTP/1.1" 200 77
116.224.255.128 - - [01/Sep/2022:08:42:24 +0800] "GET /xingrg/kc/buy/cgsh_order_operate.html?command=get_materiel&rest_code=00150&code=00101008185&supplier_code=00100008&order_time=2022-09-01 HTTP/1.1" 200 408
114.84.5.35 - - [01/Sep/2022:08:42:25 +0800] "POST /xingrg/dwr/call/plaincall/AjaxCheckService.setItemNumber.dwr HTTP/1.1" 200 77
101.83.240.123 - - [01/Sep/2022:08:42:25 +0800] "GET /xingrg/all/function/internal_message.html?_=1661992940132&CODE_STATE=getMsg HTTP/1.1" 200 27
114.84.5.35 - - [01/Sep/2022:08:42:26 +0800] "POST /xingrg/dwr/call/plaincall/AjaxCheckService.setItemNumber.dwr HTTP/1.1" 200 77
116.225.121.189 - - [01/Sep/2022:08:42:27 +0800] "POST /xingrg/dwr/call/plaincall/AjaxCheckService.setItemRemark.dwr HTTP/1.1" 200 77
114.84.5.35 - - [01/Sep/2022:08:42:28 +0800] "POST /xingrg/dwr/call/plaincall/AjaxCheckService.setItemNumber.dwr HTTP/1.1" 200 77
114.84.5.35 - - [01/Sep/2022:08:42:32 +0800] "POST /xingrg/dwr/call/plaincall/AjaxCheckService.setItemNumber.dwr HTTP/1.1" 200 77
114.84.5.35 - - [01/Sep/2022:08:42:33 +0800] "POST /xingrg/dwr/call/plaincall/AjaxCheckService.setItemNumber.dwr HTTP/1.1" 200 77
116.225.121.189 - - [01/Sep/2022:08:42:33 +0800] "GET /xingrg/kc/base/wldb_order_operate.html?command=get_materiel&rest_code=00105&base_code=0010507&code=00101011005 HTTP/1.1" 200 430
114.84.5.35 - - [01/Sep/2022:08:42:35 +0800] "POST /xingrg/dwr/call/plaincall/AjaxCheckService.setItemNumber.dwr HTTP/1.1" 200 77
116.224.255.128 - - [01/Sep/2022:08:42:35 +0800] "GET /xingrg/kc/buy/cgsh_order_operate.html?command=get_materiel&rest_code=00150&code=00101008612&supplier_code=00100008&order_time=2022-09-01 HTTP/1.1" 200 420
124.78.155.30 - - [01/Sep/2022:08:42:36 +0800] "GET /xingrg/all/function/internal_message.html?_=1661992950498&CODE_STATE=getMsg HTTP/1.1" 200 27
116.225.121.189 - - [01/Sep/2022:08:42:36 +0800] "POST /xingrg/dwr/call/plaincall/AjaxCheckService.setItemRemark.dwr HTTP/1.1" 200 77
114.84.5.35 - - [01/Sep/2022:08:42:36 +0800] "POST /xingrg/dwr/call/plaincall/AjaxCheckService.setItemNumber.dwr HTTP/1.1" 200 77
116.232.194.65 - - [01/Sep/2022:08:42:37 +0800] "GET /xingrg/check_reg.html?_=1661992909247 HTTP/1.1" 200 22
116.232.194.65 - - [01/Sep/2022:08:42:37 +0800] "GET /xingrg/all/function/internal_message.html?_=1661992909248&CODE_STATE=getMsg HTTP/1.1" 200 27
114.84.5.35 - - [01/Sep/2022:08:42:38 +0800] "POST /xingrg/dwr/call/plaincall/AjaxCheckService.setItemNumber.dwr HTTP/1.1" 200 77
180.169.147.146 - - [01/Sep/2022:08:42:39 +0800] "GET /xingrg/all/function/internal_message.html?_=1661992957918&CODE_STATE=getMsg HTTP/1.1" 302 -
114.84.5.35 - - [01/Sep/2022:08:42:40 +0800] "POST /xingrg/dwr/call/plaincall/AjaxCheckService.setItemNumber.dwr HTTP/1.1" 200 77
116.225.121.189 - - [01/Sep/2022:08:42:40 +0800] "POST /xingrg/dwr/call/plaincall/AjaxCheckService.setItemRemark.dwr HTTP/1.1" 200 77
116.225.121.189 - - [01/Sep/2022:08:42:43 +0800] "POST /xingrg/dwr/call/plaincall/AjaxCheckService.setItemRemark.dwr HTTP/1.1" 200 77
116.224.255.128 - - [01/Sep/2022:08:42:44 +0800] "GET /xingrg/kc/buy/cgsh_order_operate.html?command=get_materiel&rest_code=00150&code=00101008015&supplier_code=00100008&order_time=2022-09-01 HTTP/1.1" 200 414
116.225.121.189 - - [01/Sep/2022:08:42:44 +0800] "POST /xingrg/kc/base/wldb_order_operate.html HTTP/1.1" 200 37
124.78.155.30 - - [01/Sep/2022:08:42:44 +0800] "GET /xingrg/all/function/internal_message.html?_=1661992972292&CODE_STATE=getMsg HTTP/1.1" 200 27
114.84.5.35 - - [01/Sep/2022:08:42:44 +0800] "POST /xingrg/dwr/call/plaincall/AjaxCheckService.setItemNumber.dwr HTTP/1.1" 200 77
116.225.121.189 - - [01/Sep/2022:08:42:44 +0800] "POST /xingrg/kc/base/wldb_order_operate.html HTTP/1.1" 200 3171
116.225.121.189 - - [01/Sep/2022:08:42:45 +0800] "GET /xingrg/all/function/internal_message.html?_=1661992963438&CODE_STATE=getMsg HTTP/1.1" 200 27
116.225.121.189 - - [01/Sep/2022:08:42:45 +0800] "GET /xingrg/kc/base/wldb_order_info.html?code=422022090100001 HTTP/1.1" 200 30408
114.84.5.35 - - [01/Sep/2022:08:42:46 +0800] "POST /xingrg/dwr/call/plaincall/AjaxCheckService.setItemNumber.dwr HTTP/1.1" 200 77
116.225.121.189 - - [01/Sep/2022:08:42:46 +0800] "GET /xingrg/javascript/easyui/themes/default/validatebox.css HTTP/1.1" 404 1104
116.225.121.189 - - [01/Sep/2022:08:42:46 +0800] "POST /xingrg/kc/base/wldb_order_operate.html HTTP/1.1" 200 3171
116.225.121.189 - - [01/Sep/2022:08:42:46 +0800] "POST /xingrg/dwr/call/plaincall/AjaxCheckService.setItemRemark.dwr HTTP/1.1" 200 77
114.84.5.35 - - [01/Sep/2022:08:42:50 +0800] "POST /xingrg/dwr/call/plaincall/AjaxCheckService.setItemNumber.dwr HTTP/1.1" 200 77
114.84.5.35 - - [01/Sep/2022:08:42:51 +0800] "POST /xingrg/dwr/call/plaincall/AjaxCheckService.setItemNumber.dwr HTTP/1.1" 200 77
114.84.5.35 - - [01/Sep/2022:08:42:52 +0800] "POST /xingrg/dwr/call/plaincall/AjaxCheckService.setItemNumber.dwr HTTP/1.1" 200 77
116.224.255.128 - - [01/Sep/2022:08:42:53 +0800] "GET /xingrg/kc/buy/cgsh_order_operate.html?command=get_materiel&rest_code=00150&code=00101008351&supplier_code=00100008&order_time=2022-09-01 HTTP/1.1" 200 408
114.84.5.35 - - [01/Sep/2022:08:42:54 +0800] "POST /xingrg/dwr/call/plaincall/AjaxCheckService.setItemNumber.dwr HTTP/1.1" 200 77
114.84.5.35 - - [01/Sep/2022:08:42:55 +0800] "POST /xingrg/dwr/call/plaincall/AjaxCheckService.setItemNumber.dwr HTTP/1.1" 200 77
114.84.5.35 - - [01/Sep/2022:08:42:56 +0800] "GET /xingrg/all/function/internal_message.html?_=1661992972429&CODE_STATE=getMsg HTTP/1.1" 200 27
114.84.5.35 - - [01/Sep/2022:08:42:57 +0800] "POST /xingrg/dwr/call/plaincall/AjaxCheckService.setItemNumber.dwr HTTP/1.1" 200 77
116.225.121.189 - - [01/Sep/2022:08:42:57 +0800] "POST /xingrg/dwr/call/plaincall/AjaxCheckService.setItemRemark.dwr HTTP/1.1" 200 77
120.253.135.82 - - [01/Sep/2022:08:42:58 +0800] "GET /xingrg/all/function/internal_message.html?_=1661993103930&CODE_STATE=getMsg HTTP/1.1" 200 27
180.169.147.146 - - [01/Sep/2022:08:43:00 +0800] "GET /xingrg/all/function/internal_message.html?_=1661993450744&CODE_STATE=getMsg HTTP/1.1" 302 -
114.84.5.35 - - [01/Sep/2022:08:43:00 +0800] "POST /xingrg/dwr/call/plaincall/AjaxCheckService.setItemNumber.dwr HTTP/1.1" 200 77
116.225.121.189 - - [01/Sep/2022:08:43:01 +0800] "POST /xingrg/dwr/call/plaincall/AjaxCheckService.setItemRemark.dwr HTTP/1.1" 200 77
116.224.255.128 - - [01/Sep/2022:08:43:01 +0800] "GET /xingrg/kc/buy/cgsh_order_operate.html?command=get_materiel&rest_code=00150&code=00101008026&supplier_code=00100008&order_time=2022-09-01 HTTP/1.1" 200 409
116.224.255.128 - - [01/Sep/2022:08:43:02 +0800] "GET /xingrg/all/function/internal_message.html?_=1661992978902&CODE_STATE=getMsg HTTP/1.1" 200 27
114.84.5.35 - - [01/Sep/2022:08:43:02 +0800] "POST /xingrg/dwr/call/plaincall/AjaxCheckService.setItemNumber.dwr HTTP/1.1" 200 77
116.225.121.189 - - [01/Sep/2022:08:43:04 +0800] "POST /xingrg/dwr/call/plaincall/AjaxCheckService.setItemRemark.dwr HTTP/1.1" 200 77
114.84.5.35 - - [01/Sep/2022:08:43:05 +0800] "POST /xingrg/dwr/call/plaincall/AjaxCheckService.setItemNumber.dwr HTTP/1.1" 200 77
114.84.5.35 - - [01/Sep/2022:08:43:07 +0800] "POST /xingrg/dwr/call/plaincall/AjaxCheckService.setItemNumber.dwr HTTP/1.1" 200 77
116.225.121.189 - - [01/Sep/2022:08:43:07 +0800] "GET /xingrg/kc/base/wldb_order_add.html HTTP/1.1" 200 30394
116.225.121.189 - - [01/Sep/2022:08:43:08 +0800] "POST /xingrg/kc/base/wldb_order_operate.html HTTP/1.1" 200 6806
116.224.255.128 - - [01/Sep/2022:08:43:08 +0800] "GET /xingrg/kc/buy/cgsh_order_operate.html?command=get_materiel&rest_code=00150&code=00101008096&supplier_code=00100008&order_time=2022-09-01 HTTP/1.1" 200 412
116.225.121.189 - - [01/Sep/2022:08:43:08 +0800] "GET /xingrg/javascript/easyui/themes/default/validatebox.css HTTP/1.1" 404 1104
116.225.121.189 - - [01/Sep/2022:08:43:09 +0800] "POST /xingrg/dwr/call/plaincall/AjaxCheckService.setItemRemark.dwr HTTP/1.1" 200 77
114.88.158.224 - - [01/Sep/2022:08:43:10 +0800] "GET /xingrg/all/function/internal_message.html?_=1661992663490&CODE_STATE=getMsg HTTP/1.1" 200 27
114.84.5.35 - - [01/Sep/2022:08:43:13 +0800] "POST /xingrg/dwr/call/plaincall/AjaxCheckService.setItemNumber.dwr HTTP/1.1" 200 77
116.225.121.189 - - [01/Sep/2022:08:43:14 +0800] "POST /xingrg/dwr/call/plaincall/AjaxCheckService.setItemRemark.dwr HTTP/1.1" 200 77
116.225.121.189 - - [01/Sep/2022:08:43:14 +0800] "GET /xingrg/all/function/internal_message.html?_=1661992858402&CODE_STATE=getMsg HTTP/1.1" 200 27
116.224.255.128 - - [01/Sep/2022:08:43:14 +0800] "GET /xingrg/kc/buy/cgsh_order_operate.html?command=get_materiel&rest_code=00150&code=00101008163&supplier_code=00100008&order_time=2022-09-01 HTTP/1.1" 200 409
114.84.5.35 - - [01/Sep/2022:08:43:14 +0800] "POST /xingrg/dwr/call/plaincall/AjaxCheckService.setItemNumber.dwr HTTP/1.1" 200 77
114.84.5.35 - - [01/Sep/2022:08:43:16 +0800] "POST /xingrg/dwr/call/plaincall/AjaxCheckService.setItemNumber.dwr HTTP/1.1" 200 77
114.84.5.35 - - [01/Sep/2022:08:43:18 +0800] "POST /xingrg/dwr/call/plaincall/AjaxCheckService.setItemNumber.dwr HTTP/1.1" 200 77
116.225.121.189 - - [01/Sep/2022:08:43:18 +0800] "POST /xingrg/dwr/call/plaincall/AjaxCheckService.setItemRemark.dwr HTTP/1.1" 200 77
114.84.5.35 - - [01/Sep/2022:08:43:19 +0800] "POST /xingrg/dwr/call/plaincall/AjaxCheckService.setItemNumber.dwr HTTP/1.1" 200 77
114.84.5.35 - - [01/Sep/2022:08:43:21 +0800] "POST /xingrg/dwr/call/plaincall/AjaxCheckService.setItemNumber.dwr HTTP/1.1" 200 77
116.224.255.128 - - [01/Sep/2022:08:43:21 +0800] "GET /xingrg/kc/buy/cgsh_order_operate.html?command=get_materiel&rest_code=00150&code=00101008125&supplier_code=00100008&order_time=2022-09-01 HTTP/1.1" 200 413
114.84.5.35 - - [01/Sep/2022:08:43:22 +0800] "POST /xingrg/dwr/call/plaincall/AjaxCheckService.setItemNumber.dwr HTTP/1.1" 200 77
120.253.135.82 - - [01/Sep/2022:08:43:22 +0800] "GET /xingrg/check_reg.html?_=1661992802516 HTTP/1.1" 200 22
120.253.135.82 - - [01/Sep/2022:08:43:22 +0800] "GET /xingrg/all/function/internal_message.html?_=1661992802568&CODE_STATE=getMsg HTTP/1.1" 200 27
114.84.5.35 - - [01/Sep/2022:08:43:23 +0800] "POST /xingrg/dwr/call/plaincall/AjaxCheckService.setItemNumber.dwr HTTP/1.1" 200 77
116.225.121.189 - - [01/Sep/2022:08:43:24 +0800] "POST /xingrg/dwr/call/plaincall/AjaxCheckService.setItemRemark.dwr HTTP/1.1" 200 77
114.84.5.35 - - [01/Sep/2022:08:43:25 +0800] "POST /xingrg/dwr/call/plaincall/AjaxCheckService.setItemNumber.dwr HTTP/1.1" 200 77
101.83.240.123 - - [01/Sep/2022:08:43:25 +0800] "GET /xingrg/all/function/internal_message.html?_=1661993000139&CODE_STATE=getMsg HTTP/1.1" 200 27
116.224.255.128 - - [01/Sep/2022:08:43:27 +0800] "GET /xingrg/kc/buy/cgsh_order_operate.html?command=get_materiel&rest_code=00150&code=00101008010&supplier_code=00100008&order_time=2022-09-01 HTTP/1.1" 200 412
116.225.121.189 - - [01/Sep/2022:08:43:28 +0800] "POST /xingrg/dwr/call/plaincall/AjaxCheckService.setItemRemark.dwr HTTP/1.1" 200 77
114.88.158.224 - - [01/Sep/2022:08:43:28 +0800] "GET /xingrg/check_reg.html?_=1661992681276 HTTP/1.1" 200 22
116.225.121.189 - - [01/Sep/2022:08:43:29 +0800] "GET /xingrg/kc/base/wldb_order_operate.html?command=get_materiel&rest_code=00105&base_code=0010507&code=00101013011 HTTP/1.1" 200 451
116.225.121.189 - - [01/Sep/2022:08:43:30 +0800] "POST /xingrg/dwr/call/plaincall/AjaxCheckService.setItemRemark.dwr HTTP/1.1" 200 77
114.84.5.35 - - [01/Sep/2022:08:43:33 +0800] "POST /xingrg/dwr/call/plaincall/AjaxCheckService.setItemNumber.dwr HTTP/1.1" 200 77
116.225.121.189 - - [01/Sep/2022:08:43:33 +0800] "POST /xingrg/dwr/call/plaincall/AjaxCheckService.setItemRemark.dwr HTTP/1.1" 200 77
116.224.255.128 - - [01/Sep/2022:08:43:34 +0800] "GET /xingrg/kc/buy/cgsh_order_operate.html?command=get_materiel&rest_code=00150&code=00101008679&supplier_code=00100008&order_time=2022-09-01 HTTP/1.1" 200 399
116.225.121.189 - - [01/Sep/2022:08:43:36 +0800] "POST /xingrg/kc/base/wldb_order_operate.html HTTP/1.1" 200 37
124.78.155.30 - - [01/Sep/2022:08:43:36 +0800] "GET /xingrg/all/function/internal_message.html?_=1661993010498&CODE_STATE=getMsg HTTP/1.1" 200 27
116.225.121.189 - - [01/Sep/2022:08:43:36 +0800] "POST /xingrg/kc/base/wldb_order_operate.html HTTP/1.1" 200 2194
116.225.121.189 - - [01/Sep/2022:08:43:36 +0800] "POST /xingrg/dwr/call/plaincall/AjaxCheckService.setItemRemark.dwr HTTP/1.1" 200 77
116.225.121.189 - - [01/Sep/2022:08:43:37 +0800] "GET /xingrg/kc/base/wldb_order_info.html?code=422022090100002 HTTP/1.1" 200 30408
116.232.194.65 - - [01/Sep/2022:08:43:37 +0800] "GET /xingrg/all/function/internal_message.html?_=1661992969247&CODE_STATE=getMsg HTTP/1.1" 200 27
114.84.5.35 - - [01/Sep/2022:08:43:37 +0800] "POST /xingrg/dwr/call/plaincall/AjaxCheckService.setItemNumber.dwr HTTP/1.1" 200 77
116.225.121.189 - - [01/Sep/2022:08:43:37 +0800] "GET /xingrg/javascript/easyui/themes/default/validatebox.css HTTP/1.1" 404 1104
116.225.121.189 - - [01/Sep/2022:08:43:37 +0800] "POST /xingrg/kc/base/wldb_order_operate.html HTTP/1.1" 200 2194
114.84.5.35 - - [01/Sep/2022:08:43:39 +0800] "POST /xingrg/dwr/call/plaincall/AjaxCheckService.setItemNumber.dwr HTTP/1.1" 200 77
116.225.121.189 - - [01/Sep/2022:08:43:39 +0800] "POST /xingrg/dwr/call/plaincall/AjaxCheckService.setItemRemark.dwr HTTP/1.1" 200 77
180.169.147.146 - - [01/Sep/2022:08:43:39 +0800] "GET /xingrg/all/function/internal_message.html?_=1661993017907&CODE_STATE=getMsg HTTP/1.1" 302 -
114.84.5.35 - - [01/Sep/2022:08:43:40 +0800] "POST /xingrg/dwr/call/plaincall/AjaxCheckService.setItemNumber.dwr HTTP/1.1" 200 77
116.224.255.128 - - [01/Sep/2022:08:43:40 +0800] "GET /xingrg/kc/buy/cgsh_order_operate.html?command=get_materiel&rest_code=00150&code=00101008361&supplier_code=00100008&order_time=2022-09-01 HTTP/1.1" 200 408
114.84.5.35 - - [01/Sep/2022:08:43:41 +0800] "POST /xingrg/dwr/call/plaincall/AjaxCheckService.setItemNumber.dwr HTTP/1.1" 200 78
116.225.121.189 - - [01/Sep/2022:08:43:43 +0800] "POST /xingrg/dwr/call/plaincall/AjaxCheckService.setItemRemark.dwr HTTP/1.1" 200 77
114.84.5.35 - - [01/Sep/2022:08:43:43 +0800] "POST /xingrg/dwr/call/plaincall/AjaxCheckService.setItemNumber.dwr HTTP/1.1" 200 78
124.78.155.30 - - [01/Sep/2022:08:43:44 +0800] "GET /xingrg/all/function/internal_message.html?_=1661993032298&CODE_STATE=getMsg HTTP/1.1" 200 27
114.84.5.35 - - [01/Sep/2022:08:43:44 +0800] "POST /xingrg/dwr/call/plaincall/AjaxCheckService.setItemNumber.dwr HTTP/1.1" 200 78
116.225.121.189 - - [01/Sep/2022:08:43:45 +0800] "GET /xingrg/check_reg.html?_=1661993023448 HTTP/1.1" 200 22
116.225.121.189 - - [01/Sep/2022:08:43:45 +0800] "GET /xingrg/all/function/internal_message.html?_=1661993023450&CODE_STATE=getMsg HTTP/1.1" 200 27
114.84.5.35 - - [01/Sep/2022:08:43:45 +0800] "POST /xingrg/dwr/call/plaincall/AjaxCheckService.setItemNumber.dwr HTTP/1.1" 200 78
120.253.135.82 - - [01/Sep/2022:08:43:47 +0800] "GET /xingrg/check_reg.html?_=1661993152569 HTTP/1.1" 200 22
114.84.5.35 - - [01/Sep/2022:08:43:47 +0800] "POST /xingrg/dwr/call/plaincall/AjaxCheckService.setItemNumber.dwr HTTP/1.1" 200 78
116.224.255.128 - - [01/Sep/2022:08:43:48 +0800] "GET /xingrg/kc/buy/cgsh_order_operate.html?command=get_materiel&rest_code=00150&code=00101008004&supplier_code=00100008&order_time=2022-09-01 HTTP/1.1" 200 416
114.84.5.35 - - [01/Sep/2022:08:43:48 +0800] "POST /xingrg/dwr/call/plaincall/AjaxCheckService.setItemNumber.dwr HTTP/1.1" 200 78
114.84.5.35 - - [01/Sep/2022:08:43:49 +0800] "POST /xingrg/dwr/call/plaincall/AjaxCheckService.setItemNumber.dwr HTTP/1.1" 200 78
114.84.5.35 - - [01/Sep/2022:08:43:51 +0800] "POST /xingrg/dwr/call/plaincall/AjaxCheckService.setItemNumber.dwr HTTP/1.1" 200 78
114.84.5.35 - - [01/Sep/2022:08:43:53 +0800] "POST /xingrg/dwr/call/plaincall/AjaxCheckService.setItemNumber.dwr HTTP/1.1" 200 78
114.84.5.35 - - [01/Sep/2022:08:43:54 +0800] "POST /xingrg/dwr/call/plaincall/AjaxCheckService.setItemNumber.dwr HTTP/1.1" 200 78
116.224.255.128 - - [01/Sep/2022:08:43:56 +0800] "GET /xingrg/kc/buy/cgsh_order_operate.html?command=get_materiel&rest_code=00150&code=00101008024&supplier_code=00100008&order_time=2022-09-01 HTTP/1.1" 200 408
114.84.5.35 - - [01/Sep/2022:08:43:56 +0800] "GET /xingrg/all/function/internal_message.html?_=1661993032414&CODE_STATE=getMsg HTTP/1.1" 200 27
114.84.5.35 - - [01/Sep/2022:08:43:56 +0800] "POST /xingrg/dwr/call/plaincall/AjaxCheckService.setItemNumber.dwr HTTP/1.1" 200 78
180.169.147.146 - - [01/Sep/2022:08:43:56 +0800] "GET /xingrg/check_reg.html?_=1661993507318 HTTP/1.1" 302 -
120.253.135.82 - - [01/Sep/2022:08:43:58 +0800] "GET /xingrg/all/function/internal_message.html?_=1661993163938&CODE_STATE=getMsg HTTP/1.1" 200 27
114.84.5.35 - - [01/Sep/2022:08:43:58 +0800] "POST /xingrg/dwr/call/plaincall/AjaxCheckService.setItemNumber.dwr HTTP/1.1" 200 78
116.225.121.189 - - [01/Sep/2022:08:43:59 +0800] "POST /xingrg/dwr/call/plaincall/AjaxCheckService.setItemRemark.dwr HTTP/1.1" 200 77
116.225.121.189 - - [01/Sep/2022:08:43:59 +0800] "GET /xingrg/kc/base/wldb_order_add.html HTTP/1.1" 200 30394
114.84.5.35 - - [01/Sep/2022:08:43:59 +0800] "POST /xingrg/dwr/call/plaincall/AjaxCheckService.setItemNumber.dwr HTTP/1.1" 200 78
116.225.121.189 - - [01/Sep/2022:08:44:00 +0800] "POST /xingrg/kc/base/wldb_order_operate.html HTTP/1.1" 200 6806
116.225.121.189 - - [01/Sep/2022:08:44:00 +0800] "GET /xingrg/javascript/easyui/themes/default/validatebox.css HTTP/1.1" 404 1104
180.169.147.146 - - [01/Sep/2022:08:44:00 +0800] "GET /xingrg/all/function/internal_message.html?_=1661993510740&CODE_STATE=getMsg HTTP/1.1" 302 -
114.84.5.35 - - [01/Sep/2022:08:44:01 +0800] "POST /xingrg/dwr/call/plaincall/AjaxCheckService.setItemNumber.dwr HTTP/1.1" 200 78
116.224.255.128 - - [01/Sep/2022:08:44:02 +0800] "GET /xingrg/all/function/internal_message.html?_=1661993038934&CODE_STATE=getMsg HTTP/1.1" 200 27
114.84.5.35 - - [01/Sep/2022:08:44:02 +0800] "POST /xingrg/dwr/call/plaincall/AjaxCheckService.setItemNumber.dwr HTTP/1.1" 200 78
116.225.121.189 - - [01/Sep/2022:08:44:02 +0800] "POST /xingrg/dwr/call/plaincall/AjaxCheckService.setItemRemark.dwr HTTP/1.1" 200 77
114.84.5.35 - - [01/Sep/2022:08:44:04 +0800] "POST /xingrg/dwr/call/plaincall/AjaxCheckService.setItemNumber.dwr HTTP/1.1" 200 78
116.224.255.128 - - [01/Sep/2022:08:44:04 +0800] "GET /xingrg/kc/buy/cgsh_order_operate.html?command=get_materiel&rest_code=00150&code=00101008356&supplier_code=00100008&order_time=2022-09-01 HTTP/1.1" 200 409
114.84.5.35 - - [01/Sep/2022:08:44:05 +0800] "POST /xingrg/dwr/call/plaincall/AjaxCheckService.setItemNumber.dwr HTTP/1.1" 200 78
114.84.5.35 - - [01/Sep/2022:08:44:06 +0800] "POST /xingrg/dwr/call/plaincall/AjaxCheckService.setItemNumber.dwr HTTP/1.1" 200 78
116.224.255.128 - - [01/Sep/2022:08:44:07 +0800] "POST /xingrg/kc/buy/cgsh_order_operate.html HTTP/1.1" 200 2065
114.84.5.35 - - [01/Sep/2022:08:44:08 +0800] "POST /xingrg/dwr/call/plaincall/AjaxCheckService.setItemNumber.dwr HTTP/1.1" 200 78
114.84.5.35 - - [01/Sep/2022:08:44:09 +0800] "POST /xingrg/dwr/call/plaincall/AjaxCheckService.setItemNumber.dwr HTTP/1.1" 200 78
114.88.158.224 - - [01/Sep/2022:08:44:10 +0800] "GET /xingrg/all/function/internal_message.html?_=1661992723460&CODE_STATE=getMsg HTTP/1.1" 200 27
114.84.5.35 - - [01/Sep/2022:08:44:11 +0800] "POST /xingrg/dwr/call/plaincall/AjaxCheckService.setItemNumber.dwr HTTP/1.1" 200 78
114.84.5.35 - - [01/Sep/2022:08:44:12 +0800] "POST /xingrg/dwr/call/plaincall/AjaxCheckService.setItemNumber.dwr HTTP/1.1" 200 78
116.225.121.189 - - [01/Sep/2022:08:44:14 +0800] "GET /xingrg/all/function/internal_message.html?_=1661992918412&CODE_STATE=getMsg HTTP/1.1" 200 27
116.225.121.189 - - [01/Sep/2022:08:44:16 +0800] "POST /xingrg/dwr/call/plaincall/AjaxCheckService.checkOrder.dwr HTTP/1.1" 200 79
114.84.5.35 - - [01/Sep/2022:08:44:16 +0800] "POST /xingrg/dwr/call/plaincall/AjaxCheckService.setItemNumber.dwr HTTP/1.1" 200 78
114.84.5.35 - - [01/Sep/2022:08:44:16 +0800] "POST /xingrg/dwr/call/plaincall/AjaxCheckService.setItemNumber.dwr HTTP/1.1" 200 78
114.84.5.35 - - [01/Sep/2022:08:44:16 +0800] "POST /xingrg/dwr/call/plaincall/AjaxCheckService.setItemNumber.dwr HTTP/1.1" 200 78
116.225.121.189 - - [01/Sep/2022:08:44:17 +0800] "GET /xingrg/kc/base/check_order_info.html?code=452022083100240 HTTP/1.1" 200 22858
116.225.121.189 - - [01/Sep/2022:08:44:17 +0800] "GET /xingrg/dwr/interface/AjaxComOrderService.js HTTP/1.1" 200 18264
116.225.121.189 - - [01/Sep/2022:08:44:17 +0800] "GET /xingrg/dwr/interface/AjaxCheckService.js HTTP/1.1" 200 14003
116.225.121.189 - - [01/Sep/2022:08:44:17 +0800] "GET /xingrg/dwr/engine.js HTTP/1.1" 200 43631
114.84.5.35 - - [01/Sep/2022:08:44:18 +0800] "POST /xingrg/dwr/call/plaincall/AjaxCheckService.setItemNumber.dwr HTTP/1.1" 200 78
116.225.121.189 - - [01/Sep/2022:08:44:18 +0800] "POST /xingrg/dwr/call/plaincall/AjaxCheckService.loadOrderItems.dwr HTTP/1.1" 200 17682
116.224.255.128 - - [01/Sep/2022:08:44:19 +0800] "GET /xingrg/kc/buy/cgsh_order_operate.html?command=get_materiel&rest_code=00150&code=00101008300&supplier_code=00100008&order_time=2022-09-01 HTTP/1.1" 200 412
114.84.5.35 - - [01/Sep/2022:08:44:19 +0800] "POST /xingrg/dwr/call/plaincall/AjaxCheckService.setItemNumber.dwr HTTP/1.1" 200 78
116.225.121.189 - - [01/Sep/2022:08:44:21 +0800] "GET /xingrg/kc/base/wldb_order_operate.html?command=get_materiel&rest_code=00105&base_code=0010507&code=00101019249 HTTP/1.1" 200 470
120.253.135.82 - - [01/Sep/2022:08:44:22 +0800] "GET /xingrg/all/function/internal_message.html?_=1661992862581&CODE_STATE=getMsg HTTP/1.1" 200 27
124.78.155.30 - - [01/Sep/2022:08:44:22 +0800] "GET /xingrg/kc/base/base_main.html HTTP/1.1" 200 12142
124.78.155.30 - - [01/Sep/2022:08:44:24 +0800] "GET /xingrg/kc/base/check_order_list.html HTTP/1.1" 200 16299
124.78.155.30 - - [01/Sep/2022:08:44:24 +0800] "POST /xingrg/kc/base/check_list_operate.html HTTP/1.1" 200 3546
101.83.240.123 - - [01/Sep/2022:08:44:25 +0800] "GET /xingrg/all/function/internal_message.html?_=1661993060145&CODE_STATE=getMsg HTTP/1.1" 200 27
124.78.155.30 - - [01/Sep/2022:08:44:26 +0800] "POST /xingrg/kc/base/check_list_operate.html HTTP/1.1" 200 3546
116.225.121.189 - - [01/Sep/2022:08:44:28 +0800] "GET /xingrg/kc/base/check_order_list.html HTTP/1.1" 200 16299
116.225.121.189 - - [01/Sep/2022:08:44:28 +0800] "POST /xingrg/kc/base/check_list_operate.html HTTP/1.1" 200 2835
116.224.255.128 - - [01/Sep/2022:08:44:31 +0800] "GET /xingrg/kc/buy/cgsh_order_operate.html?command=get_materiel&rest_code=00150&code=00101008223&supplier_code=00100008&order_time=2022-09-01 HTTP/1.1" 200 412
116.225.121.189 - - [01/Sep/2022:08:44:32 +0800] "GET /xingrg/kc/base/check_order_info.html?code=452022083100214 HTTP/1.1" 200 26551
116.225.121.189 - - [01/Sep/2022:08:44:32 +0800] "GET /xingrg/dwr/interface/AjaxComOrderService.js HTTP/1.1" 200 18264
116.225.121.189 - - [01/Sep/2022:08:44:32 +0800] "GET /xingrg/dwr/interface/AjaxCheckService.js HTTP/1.1" 200 14003
116.225.121.189 - - [01/Sep/2022:08:44:32 +0800] "GET /xingrg/dwr/engine.js HTTP/1.1" 200 43631
116.225.121.189 - - [01/Sep/2022:08:44:32 +0800] "POST /xingrg/dwr/call/plaincall/AjaxCheckService.loadOrderItems.dwr HTTP/1.1" 200 8127
124.78.155.30 - - [01/Sep/2022:08:44:36 +0800] "GET /xingrg/all/function/internal_message.html?_=1661993070501&CODE_STATE=getMsg HTTP/1.1" 200 27
116.232.194.65 - - [01/Sep/2022:08:44:37 +0800] "GET /xingrg/all/function/internal_message.html?_=1661993029241&CODE_STATE=getMsg HTTP/1.1" 200 27
180.169.147.146 - - [01/Sep/2022:08:44:40 +0800] "GET /xingrg/all/function/internal_message.html?_=1661993077927&CODE_STATE=getMsg HTTP/1.1" 302 -
116.224.123.211 - - [01/Sep/2022:08:44:40 +0800] "GET /xingrg/index.html HTTP/1.1" 302 -
116.224.123.211 - - [01/Sep/2022:08:44:40 +0800] "GET /xingrg/login.html HTTP/1.1" 200 7641
116.224.255.128 - - [01/Sep/2022:08:44:41 +0800] "GET /xingrg/kc/buy/cgsh_order_operate.html?command=get_materiel&rest_code=00150&code=00101008079&supplier_code=00100008&order_time=2022-09-01 HTTP/1.1" 200 416
116.224.123.211 - - [01/Sep/2022:08:44:41 +0800] "GET /favicon.ico HTTP/1.1" 404 -
124.78.155.30 - - [01/Sep/2022:08:44:44 +0800] "GET /xingrg/all/function/internal_message.html?_=1661993092297&CODE_STATE=getMsg HTTP/1.1" 200 27
116.224.123.211 - - [01/Sep/2022:08:44:45 +0800] "POST /xingrg/login.do HTTP/1.1" 302 -
116.224.123.211 - - [01/Sep/2022:08:44:45 +0800] "GET /xingrg/index.html?sysBaseUrl=http%3A%2F%2F180.169.147.146%3A18081%2Fxingrg%2F&costTime=42×tamp=1661993085066 HTTP/1.1" 200 17173
116.224.123.211 - - [01/Sep/2022:08:44:45 +0800] "GET /favicon.ico HTTP/1.1" 404 -
116.225.121.189 - - [01/Sep/2022:08:44:45 +0800] "GET /xingrg/all/function/internal_message.html?_=1661993083461&CODE_STATE=getMsg HTTP/1.1" 200 27
116.224.123.211 - - [01/Sep/2022:08:44:45 +0800] "POST /xingrg/all/common/load_tree.html?tree=area_rest_tree_json&manage=1 HTTP/1.1" 200 342
116.224.123.211 - - [01/Sep/2022:08:44:45 +0800] "POST /xingrg/load_menu.html HTTP/1.1" 200 5138
116.224.123.211 - - [01/Sep/2022:08:44:45 +0800] "GET /xingrg/all/function/internal_message.html?_=1661993082706&CODE_STATE=count HTTP/1.1" 200 11
116.224.123.211 - - [01/Sep/2022:08:44:45 +0800] "GET /xingrg/check_reg.html?_=1661993082707 HTTP/1.1" 200 22
114.84.5.35 - - [01/Sep/2022:08:44:51 +0800] "POST /xingrg/dwr/call/plaincall/AjaxCheckService.setItemNumber.dwr HTTP/1.1" 200 78
116.224.255.128 - - [01/Sep/2022:08:44:52 +0800] "GET /xingrg/kc/buy/cgsh_order_operate.html?command=get_materiel&rest_code=00150&code=00101008357&supplier_code=00100008&order_time=2022-09-01 HTTP/1.1" 200 408
114.84.5.35 - - [01/Sep/2022:08:44:55 +0800] "POST /xingrg/dwr/call/plaincall/AjaxCheckService.setItemNumber.dwr HTTP/1.1" 200 78
114.84.5.35 - - [01/Sep/2022:08:44:56 +0800] "GET /xingrg/all/function/internal_message.html?_=1661993092416&CODE_STATE=getMsg HTTP/1.1" 200 27
114.84.5.35 - - [01/Sep/2022:08:44:56 +0800] "POST /xingrg/dwr/call/plaincall/AjaxCheckService.setItemNumber.dwr HTTP/1.1" 200 78
116.225.121.189 - - [01/Sep/2022:08:44:58 +0800] "POST /xingrg/dwr/call/plaincall/AjaxCheckService.setItemNumber.dwr HTTP/1.1" 200 76
120.253.135.82 - - [01/Sep/2022:08:44:58 +0800] "GET /xingrg/all/function/internal_message.html?_=1661993223952&CODE_STATE=getMsg HTTP/1.1" 200 27
116.224.255.128 - - [01/Sep/2022:08:45:00 +0800] "GET /xingrg/kc/buy/cgsh_order_operate.html?command=get_materiel&rest_code=00150&code=00101008069&supplier_code=00100008&order_time=2022-09-01 HTTP/1.1" 200 412
180.169.147.146 - - [01/Sep/2022:08:45:00 +0800] "GET /xingrg/all/function/internal_message.html?_=1661993570723&CODE_STATE=getMsg HTTP/1.1" 302 -
116.225.121.189 - - [01/Sep/2022:08:45:01 +0800] "POST /xingrg/dwr/call/plaincall/AjaxCheckService.setItemNumber.dwr HTTP/1.1" 200 76
116.224.255.128 - - [01/Sep/2022:08:45:01 +0800] "POST /xingrg/kc/buy/cgsh_order_operate.html HTTP/1.1" 200 2065
116.224.255.128 - - [01/Sep/2022:08:45:02 +0800] "GET /xingrg/all/function/internal_message.html?_=1661993098947&CODE_STATE=getMsg HTTP/1.1" 200 27
114.84.5.35 - - [01/Sep/2022:08:45:03 +0800] "POST /xingrg/dwr/call/plaincall/AjaxCheckService.setItemNumber.dwr HTTP/1.1" 200 78
116.224.255.128 - - [01/Sep/2022:08:45:06 +0800] "GET /xingrg/kc/buy/cgsh_order_operate.html?command=get_materiel&rest_code=00150&code=00101008286&supplier_code=00100008&order_time=2022-09-01 HTTP/1.1" 200 408
114.84.5.35 - - [01/Sep/2022:08:45:07 +0800] "POST /xingrg/dwr/call/plaincall/AjaxCheckService.setItemNumber.dwr HTTP/1.1" 200 78
114.84.5.35 - - [01/Sep/2022:08:45:10 +0800] "POST /xingrg/dwr/call/plaincall/AjaxCheckService.setItemNumber.dwr HTTP/1.1" 200 78
114.88.158.224 - - [01/Sep/2022:08:45:10 +0800] "GET /xingrg/all/function/internal_message.html?_=1661992783429&CODE_STATE=getMsg HTTP/1.1" 200 27
114.84.5.35 - - [01/Sep/2022:08:45:12 +0800] "POST /xingrg/dwr/call/plaincall/AjaxCheckService.setItemNumber.dwr HTTP/1.1" 200 78
116.224.255.128 - - [01/Sep/2022:08:45:12 +0800] "GET /xingrg/kc/buy/cgsh_order_operate.html?command=get_materiel&rest_code=00150&code=00101008131&supplier_code=00100008&order_time=2022-09-01 HTTP/1.1" 200 408
124.78.155.30 - - [01/Sep/2022:08:45:13 +0800] "GET /xingrg/kc/base/check_order_info.html?code=452022083100347 HTTP/1.1" 200 26484
124.78.155.30 - - [01/Sep/2022:08:45:13 +0800] "GET /xingrg/dwr/interface/AjaxComOrderService.js HTTP/1.1" 200 18264
124.78.155.30 - - [01/Sep/2022:08:45:13 +0800] "GET /xingrg/dwr/interface/AjaxCheckService.js HTTP/1.1" 200 14003
116.232.194.65 - - [01/Sep/2022:08:45:13 +0800] "GET /xingrg/index.html?sysBaseUrl=http%3A%2F%2F180.169.147.146%3A18081%2Fxingrg%2F&costTime=1277×tamp=1606817596806 HTTP/1.1" 302 -
124.78.155.30 - - [01/Sep/2022:08:45:13 +0800] "GET /xingrg/dwr/engine.js HTTP/1.1" 200 43631
116.232.194.65 - - [01/Sep/2022:08:45:13 +0800] "GET /xingrg/login.html HTTP/1.1" 200 7641
114.84.5.35 - - [01/Sep/2022:08:45:14 +0800] "POST /xingrg/dwr/call/plaincall/AjaxCheckService.setItemNumber.dwr HTTP/1.1" 200 78
116.225.121.189 - - [01/Sep/2022:08:45:14 +0800] "GET /xingrg/check_reg.html?_=1661992978407 HTTP/1.1" 200 22
116.232.194.65 - - [01/Sep/2022:08:45:14 +0800] "GET /favicon.ico HTTP/1.1" 404 -
116.225.121.189 - - [01/Sep/2022:08:45:14 +0800] "GET /xingrg/all/function/internal_message.html?_=1661992978411&CODE_STATE=getMsg HTTP/1.1" 200 27
124.78.155.30 - - [01/Sep/2022:08:45:14 +0800] "POST /xingrg/dwr/call/plaincall/AjaxCheckService.loadOrderItems.dwr HTTP/1.1" 200 160990
114.84.5.35 - - [01/Sep/2022:08:45:16 +0800] "POST /xingrg/dwr/call/plaincall/AjaxCheckService.setItemNumber.dwr HTTP/1.1" 200 78
114.84.5.35 - - [01/Sep/2022:08:45:17 +0800] "POST /xingrg/dwr/call/plaincall/AjaxCheckService.setItemNumber.dwr HTTP/1.1" 200 78
114.84.5.35 - - [01/Sep/2022:08:45:19 +0800] "POST /xingrg/dwr/call/plaincall/AjaxCheckService.setItemNumber.dwr HTTP/1.1" 200 78
114.84.5.35 - - [01/Sep/2022:08:45:20 +0800] "POST /xingrg/dwr/call/plaincall/AjaxCheckService.setItemNumber.dwr HTTP/1.1" 200 78
116.224.255.128 - - [01/Sep/2022:08:45:20 +0800] "GET /xingrg/kc/buy/cgsh_order_operate.html?command=get_materiel&rest_code=00150&code=00101008318&supplier_code=00100008&order_time=2022-09-01 HTTP/1.1" 200 408
120.253.135.82 - - [01/Sep/2022:08:45:22 +0800] "GET /xingrg/all/function/internal_message.html?_=1661992922694&CODE_STATE=getMsg HTTP/1.1" 200 27
124.78.155.30 - - [01/Sep/2022:08:45:25 +0800] "POST /xingrg/dwr/call/plaincall/AjaxCheckService.setItemNumber.dwr HTTP/1.1" 200 76
101.83.240.123 - - [01/Sep/2022:08:45:25 +0800] "GET /xingrg/all/function/internal_message.html?_=1661993120148&CODE_STATE=getMsg HTTP/1.1" 200 27
124.78.155.30 - - [01/Sep/2022:08:45:26 +0800] "POST /xingrg/dwr/call/plaincall/AjaxCheckService.setItemNumber.dwr HTTP/1.1" 200 76
116.224.255.128 - - [01/Sep/2022:08:45:27 +0800] "GET /xingrg/kc/buy/cgsh_order_operate.html?command=get_materiel&rest_code=00150&code=00101008352&supplier_code=00100008&order_time=2022-09-01 HTTP/1.1" 200 412
124.78.155.30 - - [01/Sep/2022:08:45:27 +0800] "POST /xingrg/dwr/call/plaincall/AjaxCheckService.setItemNumber.dwr HTTP/1.1" 200 76
