120.253.135.82 - - [01/Sep/2022:10:42:02 +0800] "POST /xingrg/kc/pszx/mdps_order_operate.html HTTP/1.1" 200 4268
120.253.135.82 - - [01/Sep/2022:10:42:02 +0800] "POST /xingrg/kc/pszx/mdps_list_operate.html HTTP/1.1" 200 292
120.253.135.82 - - [01/Sep/2022:10:42:02 +0800] "GET /xingrg/kc/pszx/mdps_order_info.html?code=312022083100674 HTTP/1.1" 200 24016
120.253.135.82 - - [01/Sep/2022:10:42:03 +0800] "POST /xingrg/kc/pszx/mdps_order_operate.html HTTP/1.1" 200 2799
120.253.135.82 - - [01/Sep/2022:10:42:03 +0800] "GET /xingrg/javascript/easyui/themes/default/validatebox.css HTTP/1.1" 404 1104
114.88.158.224 - - [01/Sep/2022:10:42:03 +0800] "POST /xingrg/dwr/call/plaincall/AjaxCheckService.setItemNumber.dwr HTTP/1.1" 200 77
124.78.155.30 - - [01/Sep/2022:10:42:03 +0800] "GET /xingrg/check_reg.html?_=1662000125848 HTTP/1.1" 200 22
124.78.155.30 - - [01/Sep/2022:10:42:03 +0800] "GET /xingrg/all/function/internal_message.html?_=1662000125850&CODE_STATE=getMsg HTTP/1.1" 200 27
58.40.7.146 - - [01/Sep/2022:10:42:04 +0800] "GET /xingrg/check_reg.html?_=1662000122530 HTTP/1.1" 302 -
58.40.7.146 - - [01/Sep/2022:10:42:04 +0800] "GET /xingrg/login.html HTTP/1.1" 200 7641
116.232.194.65 - - [01/Sep/2022:10:42:04 +0800] "GET /xingrg/all/function/internal_message.html?_=1662000076603&CODE_STATE=getMsg HTTP/1.1" 200 27
114.88.158.224 - - [01/Sep/2022:10:42:04 +0800] "POST /xingrg/dwr/call/plaincall/AjaxCheckService.setItemNumber.dwr HTTP/1.1" 200 77
116.232.194.65 - - [01/Sep/2022:10:42:04 +0800] "GET /xingrg/check_reg.html?_=1662000076680 HTTP/1.1" 200 22
120.253.135.82 - - [01/Sep/2022:10:42:05 +0800] "POST /xingrg/kc/pszx/mdps_order_operate.html HTTP/1.1" 200 37
116.224.255.128 - - [01/Sep/2022:10:42:06 +0800] "GET /xingrg/all/function/internal_message.html?_=1662000122941&CODE_STATE=getMsg HTTP/1.1" 200 27
114.88.158.224 - - [01/Sep/2022:10:42:06 +0800] "POST /xingrg/dwr/call/plaincall/AjaxCheckService.setItemNumber.dwr HTTP/1.1" 200 77
114.88.158.224 - - [01/Sep/2022:10:42:06 +0800] "POST /xingrg/dwr/call/plaincall/AjaxCheckService.setItemNumber.dwr HTTP/1.1" 200 77
120.253.135.82 - - [01/Sep/2022:10:42:07 +0800] "POST /xingrg/kc/pszx/mdps_order_operate.html HTTP/1.1" 200 12
120.253.135.82 - - [01/Sep/2022:10:42:07 +0800] "POST /xingrg/kc/pszx/mdps_order_operate.html HTTP/1.1" 200 37
114.88.158.224 - - [01/Sep/2022:10:42:07 +0800] "POST /xingrg/dwr/call/plaincall/AjaxCheckService.setItemNumber.dwr HTTP/1.1" 200 77
116.225.121.189 - - [01/Sep/2022:10:42:08 +0800] "GET /xingrg/all/function/internal_message.html?_=1662000126939&CODE_STATE=getMsg HTTP/1.1" 200 27
120.253.135.82 - - [01/Sep/2022:10:42:08 +0800] "POST /xingrg/kc/pszx/mdps_order_operate.html HTTP/1.1" 200 12
114.88.158.224 - - [01/Sep/2022:10:42:08 +0800] "POST /xingrg/dwr/call/plaincall/AjaxCheckService.setItemNumber.dwr HTTP/1.1" 200 77
120.253.135.82 - - [01/Sep/2022:10:42:08 +0800] "GET /xingrg/kc/pszx/mdps_order_info.html?code=312022090100006 HTTP/1.1" 200 19682
114.88.158.224 - - [01/Sep/2022:10:42:09 +0800] "GET /xingrg/all/function/internal_message.html?_=1661999801550&CODE_STATE=getMsg HTTP/1.1" 200 27
120.253.135.82 - - [01/Sep/2022:10:42:09 +0800] "POST /xingrg/kc/pszx/mdps_order_operate.html HTTP/1.1" 200 2472
120.253.135.82 - - [01/Sep/2022:10:42:09 +0800] "GET /xingrg/javascript/easyui/themes/default/validatebox.css HTTP/1.1" 404 1104
114.84.5.35 - - [01/Sep/2022:10:42:10 +0800] "GET /xingrg/kc/buy/buy_main.html HTTP/1.1" 200 12412
114.84.5.35 - - [01/Sep/2022:10:42:10 +0800] "GET /xingrg/css/new_ie.css HTTP/1.1" 404 1036
120.253.135.82 - - [01/Sep/2022:10:42:10 +0800] "GET /xingrg/kc/pszx/mdps_order_info.html?code=312022083100674 HTTP/1.1" 200 19674
120.253.135.82 - - [01/Sep/2022:10:42:10 +0800] "POST /xingrg/kc/pszx/mdps_list_operate.html HTTP/1.1" 200 868
114.84.5.35 - - [01/Sep/2022:10:42:10 +0800] "GET /xingrg/images/yd/bt.gif HTTP/1.1" 404 1040
120.253.135.82 - - [01/Sep/2022:10:42:10 +0800] "POST /xingrg/kc/pszx/mdps_order_operate.html HTTP/1.1" 200 1016
120.253.135.82 - - [01/Sep/2022:10:42:10 +0800] "GET /xingrg/javascript/easyui/themes/default/validatebox.css HTTP/1.1" 404 1104
114.84.5.35 - - [01/Sep/2022:10:42:11 +0800] "GET /xingrg/kc/buy/cgsh_order_list.html HTTP/1.1" 200 52731
114.88.158.224 - - [01/Sep/2022:10:42:12 +0800] "POST /xingrg/dwr/call/plaincall/AjaxCheckService.setItemNumber.dwr HTTP/1.1" 200 77
120.253.135.82 - - [01/Sep/2022:10:42:13 +0800] "POST /xingrg/kc/pszx/mdps_list_operate.html HTTP/1.1" 200 4859
114.88.158.224 - - [01/Sep/2022:10:42:13 +0800] "POST /xingrg/dwr/call/plaincall/AjaxCheckService.setItemNumber.dwr HTTP/1.1" 200 77
114.84.5.35 - - [01/Sep/2022:10:42:14 +0800] "POST /xingrg/kc/buy/cgsh_list_operate.html HTTP/1.1" 200 2864
116.225.121.189 - - [01/Sep/2022:10:42:14 +0800] "GET /xingrg/all/function/internal_message.html?_=1661999998547&CODE_STATE=getMsg HTTP/1.1" 200 27
120.253.135.82 - - [01/Sep/2022:10:42:14 +0800] "POST /xingrg/kc/pszx/mdps_list_operate.html HTTP/1.1" 200 2765
114.88.158.224 - - [01/Sep/2022:10:42:15 +0800] "POST /xingrg/dwr/call/plaincall/AjaxCheckService.setItemNumber.dwr HTTP/1.1" 200 77
120.253.135.82 - - [01/Sep/2022:10:42:16 +0800] "POST /xingrg/kc/pszx/mdps_list_operate.html HTTP/1.1" 200 663
120.253.135.82 - - [01/Sep/2022:10:42:16 +0800] "POST /xingrg/kc/pszx/mdps_list_operate.html HTTP/1.1" 200 367
114.88.158.224 - - [01/Sep/2022:10:42:16 +0800] "POST /xingrg/dwr/call/plaincall/AjaxCheckService.setItemNumber.dwr HTTP/1.1" 200 77
120.253.135.82 - - [01/Sep/2022:10:42:16 +0800] "GET /xingrg/kc/pszx/mdps_order_info.html?code=312022081000213 HTTP/1.1" 200 24012
120.253.135.82 - - [01/Sep/2022:10:42:17 +0800] "POST /xingrg/kc/pszx/mdps_order_operate.html HTTP/1.1" 200 3305
120.253.135.82 - - [01/Sep/2022:10:42:17 +0800] "GET /xingrg/javascript/easyui/themes/default/validatebox.css HTTP/1.1" 404 1104
114.88.158.224 - - [01/Sep/2022:10:42:18 +0800] "POST /xingrg/dwr/call/plaincall/AjaxCheckService.setItemNumber.dwr HTTP/1.1" 200 77
114.88.158.224 - - [01/Sep/2022:10:42:18 +0800] "POST /xingrg/dwr/call/plaincall/AjaxCheckService.setItemNumber.dwr HTTP/1.1" 200 77
116.235.94.65 - - [01/Sep/2022:10:42:19 +0800] "GET /xingrg/all/function/internal_message.html?_=1662000329290&CODE_STATE=getMsg HTTP/1.1" 200 27
114.88.158.224 - - [01/Sep/2022:10:42:19 +0800] "POST /xingrg/dwr/call/plaincall/AjaxCheckService.setItemNumber.dwr HTTP/1.1" 200 77
114.84.5.35 - - [01/Sep/2022:10:42:20 +0800] "POST /xingrg/kc/buy/cgsh_list_operate.html HTTP/1.1" 200 564
120.253.135.82 - - [01/Sep/2022:10:42:20 +0800] "POST /xingrg/kc/pszx/mdps_list_operate.html HTTP/1.1" 200 2765
114.88.158.224 - - [01/Sep/2022:10:42:20 +0800] "POST /xingrg/dwr/call/plaincall/AjaxCheckService.setItemNumber.dwr HTTP/1.1" 200 77
114.84.5.35 - - [01/Sep/2022:10:42:21 +0800] "GET /xingrg/kc/buy/cgsh_order_info.html?code=212022090100029 HTTP/1.1" 200 68480
114.84.5.35 - - [01/Sep/2022:10:42:21 +0800] "GET /xingrg/javascript/easyui/themes/default/validatebox.css HTTP/1.1" 404 1104
120.253.135.82 - - [01/Sep/2022:10:42:21 +0800] "POST /xingrg/kc/pszx/mdps_list_operate.html HTTP/1.1" 200 663
120.253.135.82 - - [01/Sep/2022:10:42:21 +0800] "GET /xingrg/all/function/internal_message.html?_=1662000267225&CODE_STATE=getMsg HTTP/1.1" 200 27
114.88.158.224 - - [01/Sep/2022:10:42:22 +0800] "POST /xingrg/dwr/call/plaincall/AjaxCheckService.setItemNumber.dwr HTTP/1.1" 200 77
114.84.5.35 - - [01/Sep/2022:10:42:22 +0800] "POST /xingrg/kc/buy/cgsh_order_operate.html HTTP/1.1" 200 8575
120.253.135.82 - - [01/Sep/2022:10:42:22 +0800] "GET /xingrg/kc/pszx/mdps_order_info.html?code=312022083000660 HTTP/1.1" 200 24016
114.88.158.224 - - [01/Sep/2022:10:42:22 +0800] "POST /xingrg/dwr/call/plaincall/AjaxCheckService.setItemNumber.dwr HTTP/1.1" 200 77
120.253.135.82 - - [01/Sep/2022:10:42:22 +0800] "POST /xingrg/kc/pszx/mdps_order_operate.html HTTP/1.1" 200 12992
120.253.135.82 - - [01/Sep/2022:10:42:22 +0800] "GET /xingrg/javascript/easyui/themes/default/validatebox.css HTTP/1.1" 404 1104
114.88.158.224 - - [01/Sep/2022:10:42:23 +0800] "POST /xingrg/dwr/call/plaincall/AjaxCheckService.setItemNumber.dwr HTTP/1.1" 200 77
124.78.155.30 - - [01/Sep/2022:10:42:23 +0800] "GET /xingrg/javascript/jquery_tools/images/prev.gif HTTP/1.1" 404 1086
124.78.155.30 - - [01/Sep/2022:10:42:23 +0800] "GET /xingrg/javascript/jquery_tools/images/next.gif HTTP/1.1" 404 1086
114.88.158.224 - - [01/Sep/2022:10:42:23 +0800] "POST /xingrg/dwr/call/plaincall/AjaxCheckService.setItemNumber.dwr HTTP/1.1" 200 77
222.69.129.110 - - [01/Sep/2022:10:42:23 +0800] "GET /xingrg/all/function/internal_message.html?_=1662000219749&CODE_STATE=getMsg HTTP/1.1" 200 27
114.88.158.224 - - [01/Sep/2022:10:42:24 +0800] "POST /xingrg/dwr/call/plaincall/AjaxCheckService.setItemNumber.dwr HTTP/1.1" 200 77
114.88.158.224 - - [01/Sep/2022:10:42:25 +0800] "POST /xingrg/dwr/call/plaincall/AjaxCheckService.setItemNumber.dwr HTTP/1.1" 200 77
101.83.240.123 - - [01/Sep/2022:10:42:26 +0800] "GET /xingrg/all/function/internal_message.html?_=1662000140572&CODE_STATE=getMsg HTTP/1.1" 200 27
114.88.158.224 - - [01/Sep/2022:10:42:26 +0800] "POST /xingrg/dwr/call/plaincall/AjaxCheckService.setItemNumber.dwr HTTP/1.1" 200 77
101.93.222.81 - - [01/Sep/2022:10:42:26 +0800] "GET /xingrg/all/function/internal_message.html?_=1662000145053&CODE_STATE=getMsg HTTP/1.1" 200 27
120.253.135.82 - - [01/Sep/2022:10:42:28 +0800] "POST /xingrg/kc/pszx/mdps_order_operate.html HTTP/1.1" 200 37
180.169.147.146 - - [01/Sep/2022:10:42:28 +0800] "GET /xingrg/all/function/internal_message.html?_=1662000143819&CODE_STATE=getMsg HTTP/1.1" 200 27
120.253.135.82 - - [01/Sep/2022:10:42:30 +0800] "POST /xingrg/kc/pszx/mdps_order_operate.html HTTP/1.1" 200 12
120.253.135.82 - - [01/Sep/2022:10:42:30 +0800] "POST /xingrg/kc/pszx/mdps_list_operate.html HTTP/1.1" 200 447
101.85.93.70 - - [01/Sep/2022:10:42:31 +0800] "GET /xingrg/all/function/internal_message.html?_=1662000148397&CODE_STATE=getMsg HTTP/1.1" 200 27
120.253.135.82 - - [01/Sep/2022:10:42:31 +0800] "GET /xingrg/kc/pszx/mdps_order_info.html?code=312022083000663 HTTP/1.1" 200 24016
120.253.135.82 - - [01/Sep/2022:10:42:31 +0800] "GET /xingrg/kc/pszx/mdps_order_info.html?code=312022083000660 HTTP/1.1" 200 19676
120.253.135.82 - - [01/Sep/2022:10:42:31 +0800] "GET /xingrg/javascript/easyui/themes/default/validatebox.css HTTP/1.1" 404 1104
120.253.135.82 - - [01/Sep/2022:10:42:31 +0800] "POST /xingrg/kc/pszx/mdps_order_operate.html HTTP/1.1" 200 3777
120.253.135.82 - - [01/Sep/2022:10:42:31 +0800] "POST /xingrg/kc/pszx/mdps_order_operate.html HTTP/1.1" 200 11123
120.253.135.82 - - [01/Sep/2022:10:42:32 +0800] "GET /xingrg/javascript/easyui/themes/default/validatebox.css HTTP/1.1" 404 1104
114.88.158.224 - - [01/Sep/2022:10:42:32 +0800] "POST /xingrg/dwr/call/plaincall/AjaxCheckService.setItemNumber.dwr HTTP/1.1" 200 77
120.253.135.82 - - [01/Sep/2022:10:42:32 +0800] "POST /xingrg/kc/pszx/mdps_list_operate.html HTTP/1.1" 200 2402
114.88.158.224 - - [01/Sep/2022:10:42:33 +0800] "POST /xingrg/dwr/call/plaincall/AjaxCheckService.setItemNumber.dwr HTTP/1.1" 200 77
120.253.135.82 - - [01/Sep/2022:10:42:33 +0800] "POST /xingrg/kc/pszx/mdps_list_operate.html HTTP/1.1" 200 367
124.78.155.30 - - [01/Sep/2022:10:42:34 +0800] "GET /xingrg/kc/base/wldb_order_operate.html?command=get_materiel&rest_code=00106&base_code=0010245&code=00101029011 HTTP/1.1" 200 482
120.253.135.82 - - [01/Sep/2022:10:42:34 +0800] "POST /xingrg/kc/pszx/mdps_list_operate.html HTTP/1.1" 200 626
114.88.158.224 - - [01/Sep/2022:10:42:35 +0800] "POST /xingrg/dwr/call/plaincall/AjaxCheckService.setItemNumber.dwr HTTP/1.1" 200 77
120.253.135.82 - - [01/Sep/2022:10:42:35 +0800] "GET /xingrg/kc/pszx/mdps_order_info.html?code=312022083000661 HTTP/1.1" 200 24016
114.88.158.224 - - [01/Sep/2022:10:42:35 +0800] "POST /xingrg/dwr/call/plaincall/AjaxCheckService.setItemNumber.dwr HTTP/1.1" 200 77
120.253.135.82 - - [01/Sep/2022:10:42:36 +0800] "POST /xingrg/kc/pszx/mdps_order_operate.html HTTP/1.1" 200 5323
120.253.135.82 - - [01/Sep/2022:10:42:36 +0800] "GET /xingrg/javascript/easyui/themes/default/validatebox.css HTTP/1.1" 404 1104
124.78.155.30 - - [01/Sep/2022:10:42:36 +0800] "GET /xingrg/all/function/internal_message.html?_=1662000150572&CODE_STATE=getMsg HTTP/1.1" 200 27
114.88.158.224 - - [01/Sep/2022:10:42:36 +0800] "POST /xingrg/dwr/call/plaincall/AjaxCheckService.setItemNumber.dwr HTTP/1.1" 200 77
114.84.5.35 - - [01/Sep/2022:10:42:37 +0800] "GET /xingrg/kc/buy/cgsh_order_operate.html?command=get_materiel&rest_code=00111&code=00101016105&supplier_code=00100037&order_time=2022-09-01 HTTP/1.1" 200 409
114.88.158.224 - - [01/Sep/2022:10:42:38 +0800] "POST /xingrg/dwr/call/plaincall/AjaxCheckService.setItemNumber.dwr HTTP/1.1" 200 77
120.253.135.82 - - [01/Sep/2022:10:42:39 +0800] "POST /xingrg/kc/pszx/mdps_order_operate.html HTTP/1.1" 200 37
114.88.158.224 - - [01/Sep/2022:10:42:39 +0800] "POST /xingrg/dwr/call/plaincall/AjaxCheckService.setItemNumber.dwr HTTP/1.1" 200 77
180.169.147.146 - - [01/Sep/2022:10:42:40 +0800] "GET /xingrg/all/function/internal_message.html?_=1662000158029&CODE_STATE=getMsg HTTP/1.1" 302 -
114.88.158.224 - - [01/Sep/2022:10:42:40 +0800] "POST /xingrg/dwr/call/plaincall/AjaxCheckService.setItemNumber.dwr HTTP/1.1" 200 77
114.88.158.224 - - [01/Sep/2022:10:42:40 +0800] "POST /xingrg/dwr/call/plaincall/AjaxCheckService.setItemNumber.dwr HTTP/1.1" 200 77
120.253.135.82 - - [01/Sep/2022:10:42:40 +0800] "POST /xingrg/kc/pszx/mdps_order_operate.html HTTP/1.1" 200 37
120.253.135.82 - - [01/Sep/2022:10:42:41 +0800] "POST /xingrg/kc/pszx/mdps_order_operate.html HTTP/1.1" 200 12
114.88.158.224 - - [01/Sep/2022:10:42:41 +0800] "POST /xingrg/dwr/call/plaincall/AjaxCheckService.setItemNumber.dwr HTTP/1.1" 200 77
114.88.158.224 - - [01/Sep/2022:10:42:41 +0800] "POST /xingrg/dwr/call/plaincall/AjaxCheckService.setItemNumber.dwr HTTP/1.1" 200 77
124.78.155.30 - - [01/Sep/2022:10:42:42 +0800] "POST /xingrg/kc/base/wldb_order_operate.html HTTP/1.1" 200 37
114.88.158.224 - - [01/Sep/2022:10:42:42 +0800] "POST /xingrg/dwr/call/plaincall/AjaxCheckService.setItemNumber.dwr HTTP/1.1" 200 77
120.253.135.82 - - [01/Sep/2022:10:42:42 +0800] "POST /xingrg/kc/pszx/mdps_order_operate.html HTTP/1.1" 200 12
120.253.135.82 - - [01/Sep/2022:10:42:43 +0800] "GET /xingrg/kc/pszx/mdps_order_info.html?code=312022083000661 HTTP/1.1" 200 19676
124.78.155.30 - - [01/Sep/2022:10:42:43 +0800] "POST /xingrg/kc/base/wldb_order_operate.html HTTP/1.1" 200 2226
120.253.135.82 - - [01/Sep/2022:10:42:43 +0800] "POST /xingrg/kc/pszx/mdps_order_operate.html HTTP/1.1" 200 3512
120.253.135.82 - - [01/Sep/2022:10:42:43 +0800] "GET /xingrg/javascript/easyui/themes/default/validatebox.css HTTP/1.1" 404 1104
120.253.135.82 - - [01/Sep/2022:10:42:44 +0800] "GET /xingrg/kc/pszx/mdps_order_info.html?code=312022083000663 HTTP/1.1" 200 19674
120.253.135.82 - - [01/Sep/2022:10:42:44 +0800] "POST /xingrg/kc/pszx/mdps_order_operate.html HTTP/1.1" 200 1988
120.253.135.82 - - [01/Sep/2022:10:42:44 +0800] "POST /xingrg/kc/pszx/mdps_list_operate.html HTTP/1.1" 200 2039
120.253.135.82 - - [01/Sep/2022:10:42:44 +0800] "GET /xingrg/javascript/easyui/themes/default/validatebox.css HTTP/1.1" 404 1104
114.88.158.224 - - [01/Sep/2022:10:42:44 +0800] "POST /xingrg/dwr/call/plaincall/AjaxCheckService.setItemNumber.dwr HTTP/1.1" 200 78
124.78.155.30 - - [01/Sep/2022:10:42:45 +0800] "POST /xingrg/kc/base/wldb_order_operate.html HTTP/1.1" 200 200
120.253.135.82 - - [01/Sep/2022:10:42:45 +0800] "POST /xingrg/kc/pszx/mdps_list_operate.html HTTP/1.1" 200 208
114.88.158.224 - - [01/Sep/2022:10:42:45 +0800] "POST /xingrg/dwr/call/plaincall/AjaxCheckService.setItemNumber.dwr HTTP/1.1" 200 78
120.253.135.82 - - [01/Sep/2022:10:42:46 +0800] "GET /xingrg/kc/pszx/mdps_order_info.html?code=312022083000662 HTTP/1.1" 200 24014
120.253.135.82 - - [01/Sep/2022:10:42:47 +0800] "POST /xingrg/kc/pszx/mdps_order_operate.html HTTP/1.1" 200 2305
120.253.135.82 - - [01/Sep/2022:10:42:47 +0800] "GET /xingrg/javascript/easyui/themes/default/validatebox.css HTTP/1.1" 404 1104
114.88.158.224 - - [01/Sep/2022:10:42:48 +0800] "POST /xingrg/dwr/call/plaincall/AjaxCheckService.setItemNumber.dwr HTTP/1.1" 200 78
114.88.158.224 - - [01/Sep/2022:10:42:48 +0800] "POST /xingrg/dwr/call/plaincall/AjaxCheckService.setItemNumber.dwr HTTP/1.1" 200 78
114.84.5.35 - - [01/Sep/2022:10:42:49 +0800] "GET /xingrg/kc/buy/cgsh_order_operate.html?command=get_materiel&rest_code=00111&code=00101020153&supplier_code=00100037&order_time=2022-09-01 HTTP/1.1" 200 408
114.88.158.224 - - [01/Sep/2022:10:42:49 +0800] "POST /xingrg/dwr/call/plaincall/AjaxCheckService.setItemNumber.dwr HTTP/1.1" 200 78
114.88.158.224 - - [01/Sep/2022:10:42:49 +0800] "POST /xingrg/dwr/call/plaincall/AjaxCheckService.setItemNumber.dwr HTTP/1.1" 200 78
120.253.135.82 - - [01/Sep/2022:10:42:50 +0800] "POST /xingrg/kc/pszx/mdps_order_operate.html HTTP/1.1" 200 37
114.88.158.224 - - [01/Sep/2022:10:42:50 +0800] "POST /xingrg/dwr/call/plaincall/AjaxCheckService.setItemNumber.dwr HTTP/1.1" 200 78
124.78.155.30 - - [01/Sep/2022:10:42:51 +0800] "POST /xingrg/kc/base/wldb_order_operate.html HTTP/1.1" 200 37
120.253.135.82 - - [01/Sep/2022:10:42:51 +0800] "POST /xingrg/kc/pszx/mdps_order_operate.html HTTP/1.1" 200 12
124.78.155.30 - - [01/Sep/2022:10:42:52 +0800] "POST /xingrg/kc/base/wldb_order_operate.html HTTP/1.1" 200 2226
124.78.155.30 - - [01/Sep/2022:10:42:52 +0800] "GET /xingrg/kc/base/wldb_order_info.html?code=422022090100014 HTTP/1.1" 200 30406
114.88.158.224 - - [01/Sep/2022:10:42:52 +0800] "POST /xingrg/dwr/call/plaincall/AjaxCheckService.setItemNumber.dwr HTTP/1.1" 200 78
124.78.155.30 - - [01/Sep/2022:10:42:53 +0800] "GET /xingrg/javascript/easyui/themes/default/validatebox.css HTTP/1.1" 404 1104
124.78.155.30 - - [01/Sep/2022:10:42:53 +0800] "POST /xingrg/kc/base/wldb_order_operate.html HTTP/1.1" 200 2226
120.253.135.82 - - [01/Sep/2022:10:42:53 +0800] "GET /xingrg/kc/pszx/mdps_order_info.html?code=312022083000662 HTTP/1.1" 200 19674
114.88.158.224 - - [01/Sep/2022:10:42:54 +0800] "POST /xingrg/dwr/call/plaincall/AjaxCheckService.setItemNumber.dwr HTTP/1.1" 200 78
120.253.135.82 - - [01/Sep/2022:10:42:54 +0800] "POST /xingrg/kc/pszx/mdps_order_operate.html HTTP/1.1" 200 526
120.253.135.82 - - [01/Sep/2022:10:42:54 +0800] "GET /xingrg/javascript/easyui/themes/default/validatebox.css HTTP/1.1" 404 1104
114.88.158.224 - - [01/Sep/2022:10:42:54 +0800] "POST /xingrg/dwr/call/plaincall/AjaxCheckService.setItemNumber.dwr HTTP/1.1" 200 78
114.88.158.224 - - [01/Sep/2022:10:42:55 +0800] "POST /xingrg/dwr/call/plaincall/AjaxCheckService.setItemNumber.dwr HTTP/1.1" 200 78
124.78.155.30 - - [01/Sep/2022:10:42:55 +0800] "GET /xingrg/kc/base/check_order_list.html HTTP/1.1" 200 16560
124.78.155.30 - - [01/Sep/2022:10:42:55 +0800] "POST /xingrg/kc/base/check_list_operate.html HTTP/1.1" 200 1566
114.84.5.35 - - [01/Sep/2022:10:42:56 +0800] "GET /xingrg/all/function/internal_message.html?_=1662000172323&CODE_STATE=getMsg HTTP/1.1" 200 27
114.88.158.224 - - [01/Sep/2022:10:42:56 +0800] "POST /xingrg/dwr/call/plaincall/AjaxCheckService.setItemNumber.dwr HTTP/1.1" 200 78
114.88.158.224 - - [01/Sep/2022:10:42:57 +0800] "POST /xingrg/dwr/call/plaincall/AjaxCheckService.setItemNumber.dwr HTTP/1.1" 200 78
120.253.135.82 - - [01/Sep/2022:10:42:57 +0800] "POST /xingrg/kc/pszx/mdps_list_operate.html HTTP/1.1" 200 1677
114.88.158.224 - - [01/Sep/2022:10:42:57 +0800] "POST /xingrg/dwr/call/plaincall/AjaxCheckService.setItemNumber.dwr HTTP/1.1" 200 78
114.88.158.224 - - [01/Sep/2022:10:42:58 +0800] "POST /xingrg/dwr/call/plaincall/AjaxCheckService.setItemNumber.dwr HTTP/1.1" 200 78
120.253.135.82 - - [01/Sep/2022:10:42:59 +0800] "POST /xingrg/kc/pszx/mdps_list_operate.html HTTP/1.1" 200 367
58.37.150.172 - - [01/Sep/2022:10:43:00 +0800] "GET /xingrg/javascript/easyui/themes/default/tree.css HTTP/1.1" 404 1090
58.37.150.172 - - [01/Sep/2022:10:43:00 +0800] "GET /xingrg/javascript/easyui/themes/default/validatebox.css HTTP/1.1" 404 1104
58.37.150.172 - - [01/Sep/2022:10:43:00 +0800] "GET /xingrg/javascript/easyui/themes/default/tree.css HTTP/1.1" 404 1090
58.37.150.172 - - [01/Sep/2022:10:43:00 +0800] "GET /xingrg/javascript/easyui/themes/default/validatebox.css HTTP/1.1" 404 1104
114.88.158.224 - - [01/Sep/2022:10:43:00 +0800] "POST /xingrg/dwr/call/plaincall/AjaxCheckService.setItemNumber.dwr HTTP/1.1" 200 78
124.78.155.30 - - [01/Sep/2022:10:43:01 +0800] "POST /xingrg/kc/base/check_list_operate.html HTTP/1.1" 200 4986
180.169.147.146 - - [01/Sep/2022:10:43:01 +0800] "GET /xingrg/all/function/internal_message.html?_=1662000651534&CODE_STATE=getMsg HTTP/1.1" 302 -
114.88.158.224 - - [01/Sep/2022:10:43:01 +0800] "POST /xingrg/dwr/call/plaincall/AjaxCheckService.setItemNumber.dwr HTTP/1.1" 200 78
114.84.5.35 - - [01/Sep/2022:10:43:02 +0800] "GET /xingrg/kc/buy/cgsh_order_operate.html?command=get_materiel&rest_code=00111&code=00101007073&supplier_code=00100037&order_time=2022-09-01 HTTP/1.1" 200 417
114.88.158.224 - - [01/Sep/2022:10:43:03 +0800] "POST /xingrg/dwr/call/plaincall/AjaxCheckService.setItemNumber.dwr HTTP/1.1" 200 78
124.78.155.30 - - [01/Sep/2022:10:43:03 +0800] "GET /xingrg/all/function/internal_message.html?_=1662000185841&CODE_STATE=getMsg HTTP/1.1" 200 27
114.88.158.224 - - [01/Sep/2022:10:43:04 +0800] "POST /xingrg/dwr/call/plaincall/AjaxCheckService.setItemNumber.dwr HTTP/1.1" 200 78
116.232.194.65 - - [01/Sep/2022:10:43:04 +0800] "GET /xingrg/all/function/internal_message.html?_=1662000136594&CODE_STATE=getMsg HTTP/1.1" 200 27
116.224.255.128 - - [01/Sep/2022:10:43:06 +0800] "GET /xingrg/all/function/internal_message.html?_=1662000182940&CODE_STATE=getMsg HTTP/1.1" 200 27
124.78.155.30 - - [01/Sep/2022:10:43:08 +0800] "POST /xingrg/kc/base/check_list_operate.html HTTP/1.1" 200 4
114.88.158.224 - - [01/Sep/2022:10:43:08 +0800] "GET /xingrg/all/function/internal_message.html?_=1661999861526&CODE_STATE=getMsg HTTP/1.1" 200 27
116.225.121.189 - - [01/Sep/2022:10:43:08 +0800] "GET /xingrg/all/function/internal_message.html?_=1662000186945&CODE_STATE=getMsg HTTP/1.1" 200 27
124.78.155.30 - - [01/Sep/2022:10:43:09 +0800] "POST /xingrg/kc/base/check_list_operate.html HTTP/1.1" 200 4983
120.253.135.82 - - [01/Sep/2022:10:43:12 +0800] "POST /xingrg/kc/pszx/mdps_list_operate.html HTTP/1.1" 200 2775
114.88.158.224 - - [01/Sep/2022:10:43:13 +0800] "POST /xingrg/dwr/call/plaincall/AjaxCheckService.setItemNumber.dwr HTTP/1.1" 200 78
114.88.158.224 - - [01/Sep/2022:10:43:13 +0800] "POST /xingrg/dwr/call/plaincall/AjaxCheckService.setItemNumber.dwr HTTP/1.1" 200 78
120.253.135.82 - - [01/Sep/2022:10:43:14 +0800] "POST /xingrg/kc/pszx/mdps_list_operate.html HTTP/1.1" 200 603
114.88.158.224 - - [01/Sep/2022:10:43:14 +0800] "POST /xingrg/dwr/call/plaincall/AjaxCheckService.setItemNumber.dwr HTTP/1.1" 200 78
116.225.121.189 - - [01/Sep/2022:10:43:14 +0800] "GET /xingrg/all/function/internal_message.html?_=1662000058535&CODE_STATE=getMsg HTTP/1.1" 200 27
120.253.135.82 - - [01/Sep/2022:10:43:15 +0800] "GET /xingrg/kc/pszx/mdps_order_info.html?code=312022083100672 HTTP/1.1" 200 24016
120.253.135.82 - - [01/Sep/2022:10:43:15 +0800] "POST /xingrg/kc/pszx/mdps_order_operate.html HTTP/1.1" 200 7302
120.253.135.82 - - [01/Sep/2022:10:43:15 +0800] "GET /xingrg/javascript/easyui/themes/default/validatebox.css HTTP/1.1" 404 1104
124.78.155.30 - - [01/Sep/2022:10:43:15 +0800] "POST /xingrg/kc/base/wldb_order_operate.html HTTP/1.1" 200 37
124.78.155.30 - - [01/Sep/2022:10:43:18 +0800] "POST /xingrg/kc/base/wldb_order_operate.html HTTP/1.1" 200 12
120.253.135.82 - - [01/Sep/2022:10:43:18 +0800] "POST /xingrg/kc/pszx/mdps_order_operate.html HTTP/1.1" 200 37
124.78.155.30 - - [01/Sep/2022:10:43:18 +0800] "POST /xingrg/kc/base/wldb_order_operate.html HTTP/1.1" 200 2226
116.235.94.65 - - [01/Sep/2022:10:43:19 +0800] "GET /xingrg/all/function/internal_message.html?_=1662000389261&CODE_STATE=getMsg HTTP/1.1" 200 27
124.78.155.30 - - [01/Sep/2022:10:43:19 +0800] "GET /xingrg/kc/base/wldb_order_info.html?code=422022090100014 HTTP/1.1" 200 26527
124.78.155.30 - - [01/Sep/2022:10:43:20 +0800] "GET /xingrg/javascript/easyui/themes/default/validatebox.css HTTP/1.1" 404 1104
120.253.135.82 - - [01/Sep/2022:10:43:20 +0800] "POST /xingrg/kc/pszx/mdps_order_operate.html HTTP/1.1" 200 12
124.78.155.30 - - [01/Sep/2022:10:43:20 +0800] "POST /xingrg/kc/base/wldb_order_operate.html HTTP/1.1" 200 518
120.253.135.82 - - [01/Sep/2022:10:43:21 +0800] "GET /xingrg/kc/pszx/mdps_order_info.html?code=312022083100672 HTTP/1.1" 200 19676
120.253.135.82 - - [01/Sep/2022:10:43:21 +0800] "POST /xingrg/kc/pszx/mdps_order_operate.html HTTP/1.1" 200 5480
120.253.135.82 - - [01/Sep/2022:10:43:21 +0800] "GET /xingrg/javascript/easyui/themes/default/validatebox.css HTTP/1.1" 404 1104
120.253.135.82 - - [01/Sep/2022:10:43:21 +0800] "GET /xingrg/all/function/internal_message.html?_=1662000327238&CODE_STATE=getMsg HTTP/1.1" 200 27
120.253.135.82 - - [01/Sep/2022:10:43:22 +0800] "POST /xingrg/kc/pszx/mdps_list_operate.html HTTP/1.1" 200 2411
58.37.150.172 - - [01/Sep/2022:10:43:22 +0800] "GET /xingrg/javascript/easyui/themes/default/validatebox.css HTTP/1.1" 404 1104
58.37.150.172 - - [01/Sep/2022:10:43:22 +0800] "GET /xingrg/javascript/easyui/themes/default/tree.css HTTP/1.1" 404 1090
58.37.150.172 - - [01/Sep/2022:10:43:22 +0800] "GET /xingrg/javascript/easyui/themes/default/tree.css HTTP/1.1" 404 1090
58.37.150.172 - - [01/Sep/2022:10:43:22 +0800] "GET /xingrg/javascript/easyui/themes/default/validatebox.css HTTP/1.1" 404 1104
120.253.135.82 - - [01/Sep/2022:10:43:23 +0800] "POST /xingrg/kc/pszx/mdps_list_operate.html HTTP/1.1" 200 663
222.69.129.110 - - [01/Sep/2022:10:43:23 +0800] "GET /xingrg/all/function/internal_message.html?_=1662000279728&CODE_STATE=getMsg HTTP/1.1" 200 27
124.79.74.72 - - [01/Sep/2022:10:43:23 +0800] "GET /xingrg/check_reg.html?_=1662000201706 HTTP/1.1" 200 22
124.78.155.30 - - [01/Sep/2022:10:43:24 +0800] "POST /xingrg/kc/base/check_list_operate.html HTTP/1.1" 200 1899
120.253.135.82 - - [01/Sep/2022:10:43:24 +0800] "GET /xingrg/kc/pszx/mdps_order_info.html?code=312022083100673 HTTP/1.1" 200 24016
120.253.135.82 - - [01/Sep/2022:10:43:25 +0800] "POST /xingrg/kc/pszx/mdps_order_operate.html HTTP/1.1" 200 17306
120.253.135.82 - - [01/Sep/2022:10:43:25 +0800] "GET /xingrg/javascript/easyui/themes/default/validatebox.css HTTP/1.1" 404 1104
120.253.135.82 - - [01/Sep/2022:10:43:26 +0800] "POST /xingrg/kc/pszx/mdps_list_operate.html HTTP/1.1" 200 3037
101.83.240.123 - - [01/Sep/2022:10:43:26 +0800] "GET /xingrg/all/function/internal_message.html?_=1662000200591&CODE_STATE=getMsg HTTP/1.1" 200 27
124.78.155.30 - - [01/Sep/2022:10:43:26 +0800] "GET /xingrg/kc/base/check_order_info.html?code=452022083100368 HTTP/1.1" 200 26484
124.78.155.30 - - [01/Sep/2022:10:43:26 +0800] "GET /xingrg/dwr/interface/AjaxComOrderService.js HTTP/1.1" 200 18264
124.78.155.30 - - [01/Sep/2022:10:43:26 +0800] "GET /xingrg/dwr/interface/AjaxCheckService.js HTTP/1.1" 200 14003
124.78.155.30 - - [01/Sep/2022:10:43:26 +0800] "GET /xingrg/dwr/engine.js HTTP/1.1" 200 43631
101.93.222.81 - - [01/Sep/2022:10:43:26 +0800] "GET /xingrg/all/function/internal_message.html?_=1662000205052&CODE_STATE=getMsg HTTP/1.1" 200 27
124.78.155.30 - - [01/Sep/2022:10:43:26 +0800] "POST /xingrg/dwr/call/plaincall/AjaxCheckService.loadOrderItems.dwr HTTP/1.1" 200 5551
180.169.147.146 - - [01/Sep/2022:10:43:28 +0800] "GET /xingrg/check_reg.html?_=1662000203817 HTTP/1.1" 200 22
180.169.147.146 - - [01/Sep/2022:10:43:28 +0800] "GET /xingrg/all/function/internal_message.html?_=1662000203818&CODE_STATE=getMsg HTTP/1.1" 200 27
120.253.135.82 - - [01/Sep/2022:10:43:28 +0800] "POST /xingrg/kc/pszx/mdps_order_operate.html HTTP/1.1" 200 37
114.88.158.224 - - [01/Sep/2022:10:43:28 +0800] "GET /xingrg/check_reg.html?_=1661999881605 HTTP/1.1" 200 22
120.253.135.82 - - [01/Sep/2022:10:43:30 +0800] "POST /xingrg/kc/pszx/mdps_order_operate.html HTTP/1.1" 200 12
58.37.150.172 - - [01/Sep/2022:10:43:30 +0800] "GET /xingrg/javascript/easyui/themes/default/tree.css HTTP/1.1" 404 1090
58.37.150.172 - - [01/Sep/2022:10:43:31 +0800] "GET /xingrg/javascript/easyui/themes/default/validatebox.css HTTP/1.1" 404 1104
101.85.93.70 - - [01/Sep/2022:10:43:31 +0800] "GET /xingrg/all/function/internal_message.html?_=1662000208396&CODE_STATE=getMsg HTTP/1.1" 200 27
58.37.150.172 - - [01/Sep/2022:10:43:31 +0800] "GET /xingrg/javascript/easyui/themes/default/tree.css HTTP/1.1" 404 1090
58.37.150.172 - - [01/Sep/2022:10:43:31 +0800] "GET /xingrg/javascript/easyui/themes/default/validatebox.css HTTP/1.1" 404 1104
120.253.135.82 - - [01/Sep/2022:10:43:31 +0800] "GET /xingrg/kc/pszx/mdps_order_info.html?code=312022083100673 HTTP/1.1" 200 19676
120.253.135.82 - - [01/Sep/2022:10:43:32 +0800] "POST /xingrg/kc/pszx/mdps_order_operate.html HTTP/1.1" 200 15399
120.253.135.82 - - [01/Sep/2022:10:43:32 +0800] "GET /xingrg/javascript/easyui/themes/default/validatebox.css HTTP/1.1" 404 1104
120.253.135.82 - - [01/Sep/2022:10:43:33 +0800] "POST /xingrg/kc/pszx/mdps_list_operate.html HTTP/1.1" 200 2046
120.253.135.82 - - [01/Sep/2022:10:43:34 +0800] "POST /xingrg/kc/pszx/mdps_list_operate.html HTTP/1.1" 200 202
120.253.135.82 - - [01/Sep/2022:10:43:34 +0800] "GET /xingrg/kc/pszx/mdps_order_info.html?code=312022090100003 HTTP/1.1" 200 24016
120.253.135.82 - - [01/Sep/2022:10:43:35 +0800] "POST /xingrg/kc/pszx/mdps_order_operate.html HTTP/1.1" 200 2279
120.253.135.82 - - [01/Sep/2022:10:43:35 +0800] "GET /xingrg/javascript/easyui/themes/default/validatebox.css HTTP/1.1" 404 1104
120.253.135.82 - - [01/Sep/2022:10:43:35 +0800] "POST /xingrg/kc/pszx/mdps_list_operate.html HTTP/1.1" 200 202
120.253.135.82 - - [01/Sep/2022:10:43:36 +0800] "GET /xingrg/kc/pszx/mdps_order_info.html?code=312022090100003 HTTP/1.1" 200 24016
124.78.155.30 - - [01/Sep/2022:10:43:36 +0800] "GET /xingrg/all/function/internal_message.html?_=1662000210571&CODE_STATE=getMsg HTTP/1.1" 200 27
120.253.135.82 - - [01/Sep/2022:10:43:36 +0800] "POST /xingrg/kc/pszx/mdps_order_operate.html HTTP/1.1" 200 2279
120.253.135.82 - - [01/Sep/2022:10:43:36 +0800] "GET /xingrg/javascript/easyui/themes/default/validatebox.css HTTP/1.1" 404 1104
120.253.135.82 - - [01/Sep/2022:10:43:38 +0800] "POST /xingrg/kc/pszx/mdps_order_operate.html HTTP/1.1" 200 37
180.169.147.146 - - [01/Sep/2022:10:43:40 +0800] "GET /xingrg/all/function/internal_message.html?_=1662000218034&CODE_STATE=getMsg HTTP/1.1" 302 -
120.253.135.82 - - [01/Sep/2022:10:43:40 +0800] "POST /xingrg/kc/pszx/mdps_order_operate.html HTTP/1.1" 200 12
120.253.135.82 - - [01/Sep/2022:10:43:41 +0800] "GET /xingrg/kc/pszx/mdps_order_info.html?code=312022090100003 HTTP/1.1" 200 19676
120.253.135.82 - - [01/Sep/2022:10:43:41 +0800] "POST /xingrg/kc/pszx/mdps_order_operate.html HTTP/1.1" 200 500
120.253.135.82 - - [01/Sep/2022:10:43:41 +0800] "GET /xingrg/javascript/easyui/themes/default/validatebox.css HTTP/1.1" 404 1104
116.225.121.189 - - [01/Sep/2022:10:43:42 +0800] "GET /xingrg/kc/base/check_order_list.html HTTP/1.1" 200 16299
120.253.135.82 - - [01/Sep/2022:10:43:42 +0800] "POST /xingrg/kc/pszx/mdps_list_operate.html HTTP/1.1" 200 1683
124.78.155.30 - - [01/Sep/2022:10:43:43 +0800] "POST /xingrg/dwr/call/plaincall/AjaxCheckService.checkOrder.dwr HTTP/1.1" 200 78
116.225.121.189 - - [01/Sep/2022:10:43:43 +0800] "POST /xingrg/kc/base/check_list_operate.html HTTP/1.1" 200 2193
120.253.135.82 - - [01/Sep/2022:10:43:43 +0800] "POST /xingrg/kc/pszx/mdps_list_operate.html HTTP/1.1" 200 616
120.253.135.82 - - [01/Sep/2022:10:43:43 +0800] "GET /xingrg/kc/pszx/mdps_order_info.html?code=312022090100004 HTTP/1.1" 200 24016
116.225.121.189 - - [01/Sep/2022:10:43:44 +0800] "POST /xingrg/kc/buy/cgsh_list_operate.html HTTP/1.1" 200 3436
120.253.135.82 - - [01/Sep/2022:10:43:44 +0800] "POST /xingrg/kc/pszx/mdps_order_operate.html HTTP/1.1" 200 8293
120.253.135.82 - - [01/Sep/2022:10:43:44 +0800] "GET /xingrg/javascript/easyui/themes/default/validatebox.css HTTP/1.1" 404 1104
114.88.158.224 - - [01/Sep/2022:10:43:46 +0800] "POST /xingrg/dwr/call/plaincall/AjaxCheckService.checkOrder.dwr HTTP/1.1" 200 80
120.253.135.82 - - [01/Sep/2022:10:43:47 +0800] "POST /xingrg/kc/pszx/mdps_order_operate.html HTTP/1.1" 200 37
114.88.158.224 - - [01/Sep/2022:10:43:47 +0800] "GET /xingrg/kc/base/check_order_info.html?code=452022083100255 HTTP/1.1" 200 22860
114.88.158.224 - - [01/Sep/2022:10:43:47 +0800] "GET /xingrg/dwr/interface/AjaxCheckService.js HTTP/1.1" 200 14003
114.88.158.224 - - [01/Sep/2022:10:43:47 +0800] "GET /xingrg/dwr/interface/AjaxComOrderService.js HTTP/1.1" 200 18264
114.88.158.224 - - [01/Sep/2022:10:43:47 +0800] "GET /xingrg/dwr/engine.js HTTP/1.1" 200 43631
120.253.135.82 - - [01/Sep/2022:10:43:49 +0800] "POST /xingrg/kc/pszx/mdps_order_operate.html HTTP/1.1" 200 12
120.253.135.82 - - [01/Sep/2022:10:43:49 +0800] "POST /xingrg/kc/pszx/mdps_order_operate.html HTTP/1.1" 200 78
114.88.158.224 - - [01/Sep/2022:10:43:49 +0800] "POST /xingrg/dwr/call/plaincall/AjaxCheckService.loadOrderItems.dwr HTTP/1.1" 200 56580
120.253.135.82 - - [01/Sep/2022:10:43:50 +0800] "GET /xingrg/kc/pszx/mdps_order_info.html?code=312022090100004 HTTP/1.1" 200 19676
120.253.135.82 - - [01/Sep/2022:10:43:50 +0800] "POST /xingrg/kc/pszx/mdps_order_operate.html HTTP/1.1" 200 6435
120.253.135.82 - - [01/Sep/2022:10:43:50 +0800] "GET /xingrg/javascript/easyui/themes/default/validatebox.css HTTP/1.1" 404 1104
116.225.121.189 - - [01/Sep/2022:10:43:51 +0800] "GET /xingrg/kc/base/check_order_info.html?code=452022083100225 HTTP/1.1" 200 26551
116.225.121.189 - - [01/Sep/2022:10:43:51 +0800] "GET /xingrg/dwr/interface/AjaxComOrderService.js HTTP/1.1" 200 18264
116.225.121.189 - - [01/Sep/2022:10:43:51 +0800] "GET /xingrg/dwr/interface/AjaxCheckService.js HTTP/1.1" 200 14003
116.225.121.189 - - [01/Sep/2022:10:43:51 +0800] "GET /xingrg/dwr/engine.js HTTP/1.1" 200 43631
116.225.121.189 - - [01/Sep/2022:10:43:51 +0800] "POST /xingrg/dwr/call/plaincall/AjaxCheckService.loadOrderItems.dwr HTTP/1.1" 200 10906
120.253.135.82 - - [01/Sep/2022:10:43:51 +0800] "POST /xingrg/kc/pszx/mdps_list_operate.html HTTP/1.1" 200 868
116.225.121.189 - - [01/Sep/2022:10:43:55 +0800] "GET /xingrg/kc/print/load_config.html?_=1662000233591&kc_code=check HTTP/1.1" 200 2411
116.225.121.189 - - [01/Sep/2022:10:43:55 +0800] "GET /xingrg/kc/print/load_data.html?_=1662000233652&order_code=452022083100225&kc_code=check&condition= HTTP/1.1" 200 3090
120.253.135.82 - - [01/Sep/2022:10:43:56 +0800] "POST /xingrg/kc/pszx/mdps_order_operate.html HTTP/1.1" 200 78
114.84.5.35 - - [01/Sep/2022:10:43:56 +0800] "GET /xingrg/all/function/internal_message.html?_=1662000232305&CODE_STATE=getMsg HTTP/1.1" 200 27
180.169.147.146 - - [01/Sep/2022:10:43:56 +0800] "GET /xingrg/check_reg.html?_=1662000706992 HTTP/1.1" 302 -
120.253.135.82 - - [01/Sep/2022:10:44:00 +0800] "POST /xingrg/kc/pszx/mdps_list_operate.html HTTP/1.1" 200 1931
180.169.147.146 - - [01/Sep/2022:10:44:01 +0800] "GET /xingrg/all/function/internal_message.html?_=1662000711512&CODE_STATE=getMsg HTTP/1.1" 302 -
120.253.135.82 - - [01/Sep/2022:10:44:01 +0800] "GET /xingrg/kc/base/check_order_list.html HTTP/1.1" 200 16299
120.253.135.82 - - [01/Sep/2022:10:44:01 +0800] "POST /xingrg/kc/base/check_list_operate.html HTTP/1.1" 200 2889
101.93.222.81 - - [01/Sep/2022:10:44:03 +0800] "POST /xingrg/all/user/operate.html HTTP/1.1" 200 36
101.93.222.81 - - [01/Sep/2022:10:44:04 +0800] "GET /xingrg/index.html?sysBaseUrl=http%3A%2F%2F180.169.147.146%3A18081%2Fxingrg%2F&costTime=41×tamp=1661999962133 HTTP/1.1" 200 17509
101.93.222.81 - - [01/Sep/2022:10:44:04 +0800] "GET /xingrg/javascript/jquery_easy_ui/easyui-lang-zh_CN.js HTTP/1.1" 304 -
101.93.222.81 - - [01/Sep/2022:10:44:04 +0800] "GET /xingrg/javascript/jquery.form.js HTTP/1.1" 304 -
101.93.222.81 - - [01/Sep/2022:10:44:04 +0800] "GET /xingrg/javascript/jquery.utils.js HTTP/1.1" 304 -
101.93.222.81 - - [01/Sep/2022:10:44:04 +0800] "GET /xingrg/javascript/jquery_easy_ui/themes/icon.css HTTP/1.1" 304 -
101.93.222.81 - - [01/Sep/2022:10:44:04 +0800] "GET /xingrg/javascript/jquery.timers.js HTTP/1.1" 304 -
101.93.222.81 - - [01/Sep/2022:10:44:04 +0800] "GET /xingrg/images/blue/jxLogo.png HTTP/1.1" 304 -
101.93.222.81 - - [01/Sep/2022:10:44:04 +0800] "GET /xingrg/javascript/jquery_easy_ui/themes/default/easyui.css HTTP/1.1" 304 -
101.93.222.81 - - [01/Sep/2022:10:44:04 +0800] "GET /xingrg/css/form.css HTTP/1.1" 304 -
101.93.222.81 - - [01/Sep/2022:10:44:04 +0800] "GET /xingrg/javascript/jquery-1.4.2.min.js HTTP/1.1" 304 -
101.93.222.81 - - [01/Sep/2022:10:44:04 +0800] "GET /xingrg/javascript/jquery_easy_ui/jquery.easyui.min.js HTTP/1.1" 304 -
101.93.222.81 - - [01/Sep/2022:10:44:04 +0800] "GET /xingrg/javascript/jquery_easy_ui/themes/icons/settle_new.png HTTP/1.1" 304 -
101.93.222.81 - - [01/Sep/2022:10:44:04 +0800] "GET /xingrg/images/blue/navBackgound.jpg HTTP/1.1" 304 -
101.93.222.81 - - [01/Sep/2022:10:44:04 +0800] "POST /xingrg/all/common/load_tree.html?tree=area_rest_tree_json&manage=1 HTTP/1.1" 200 3472
101.93.222.81 - - [01/Sep/2022:10:44:04 +0800] "GET /xingrg/all/function/internal_message.html?_=1662000242598&CODE_STATE=count HTTP/1.1" 200 11
101.93.222.81 - - [01/Sep/2022:10:44:04 +0800] "GET /xingrg/check_reg.html?_=1662000242599 HTTP/1.1" 200 22
101.93.222.81 - - [01/Sep/2022:10:44:04 +0800] "GET /xingrg/javascript/jquery_easy_ui/themes/default/images/panel_tool_expand.gif HTTP/1.1" 304 -
101.93.222.81 - - [01/Sep/2022:10:44:04 +0800] "GET /xingrg/javascript/jquery_easy_ui/themes/default/images/tabs_leftarrow.png HTTP/1.1" 304 -
101.93.222.81 - - [01/Sep/2022:10:44:04 +0800] "GET /xingrg/javascript/jquery_easy_ui/themes/default/images/panel_tool_collapse.gif HTTP/1.1" 304 -
101.93.222.81 - - [01/Sep/2022:10:44:04 +0800] "GET /xingrg/images/blue/pingpu.png HTTP/1.1" 304 -
101.93.222.81 - - [01/Sep/2022:10:44:04 +0800] "GET /xingrg/javascript/jquery_easy_ui/themes/default/images/tabs_rightarrow.png HTTP/1.1" 304 -
101.93.222.81 - - [01/Sep/2022:10:44:04 +0800] "POST /xingrg/load_menu.html HTTP/1.1" 200 9959
116.232.194.65 - - [01/Sep/2022:10:44:04 +0800] "GET /xingrg/all/function/internal_message.html?_=1662000196595&CODE_STATE=getMsg HTTP/1.1" 200 27
101.93.222.81 - - [01/Sep/2022:10:44:05 +0800] "GET /xingrg/kc/base/base_main.html HTTP/1.1" 200 12142
101.93.222.81 - - [01/Sep/2022:10:44:05 +0800] "GET /xingrg/images/blue/button/wlsy.gif HTTP/1.1" 200 2536
101.93.222.81 - - [01/Sep/2022:10:44:05 +0800] "GET /xingrg/images/blue/button/ckpd.gif HTTP/1.1" 200 2051
101.93.222.81 - - [01/Sep/2022:10:44:05 +0800] "GET /xingrg/images/blue/pic_form2.gif HTTP/1.1" 200 1853
101.93.222.81 - - [01/Sep/2022:10:44:05 +0800] "GET /xingrg/images/blue/button/yddb.gif HTTP/1.1" 200 2040
101.93.222.81 - - [01/Sep/2022:10:44:05 +0800] "GET /xingrg/images/blue/button/kc.gif HTTP/1.1" 200 2160
101.93.222.81 - - [01/Sep/2022:10:44:05 +0800] "GET /xingrg/images/blue/button/ckdb.gif HTTP/1.1" 200 1950
101.93.222.81 - - [01/Sep/2022:10:44:05 +0800] "GET /xingrg/images/blue/button/top_right.jpg HTTP/1.1" 200 1708
101.93.222.81 - - [01/Sep/2022:10:44:05 +0800] "GET /xingrg/images/blue/button/down.jpg HTTP/1.1" 200 1560
101.93.222.81 - - [01/Sep/2022:10:44:05 +0800] "GET /xingrg/images/blue/bg_dotted.jpg HTTP/1.1" 200 319
101.93.222.81 - - [01/Sep/2022:10:44:05 +0800] "GET /xingrg/images/blue/button/right_ah.jpg HTTP/1.1" 200 1744
101.93.222.81 - - [01/Sep/2022:10:44:05 +0800] "GET /xingrg/images/blue/button/top_left.jpg HTTP/1.1" 200 1632
101.93.222.81 - - [01/Sep/2022:10:44:05 +0800] "GET /xingrg/images/blue/button/bottom_left.jpg HTTP/1.1" 200 1524
101.93.222.81 - - [01/Sep/2022:10:44:05 +0800] "GET /xingrg/images/blue/button/bottom_right.jpg HTTP/1.1" 200 1436
101.93.222.81 - - [01/Sep/2022:10:44:05 +0800] "GET /xingrg/images/blue/button/left_ah.jpg HTTP/1.1" 200 1643
120.253.135.82 - - [01/Sep/2022:10:44:05 +0800] "POST /xingrg/kc/pszx/mdps_list_operate.html HTTP/1.1" 200 5349
116.224.255.128 - - [01/Sep/2022:10:44:06 +0800] "GET /xingrg/all/function/internal_message.html?_=1662000242949&CODE_STATE=getMsg HTTP/1.1" 200 27
101.93.222.81 - - [01/Sep/2022:10:44:07 +0800] "GET /xingrg/kc/base/yddb_order_list.html HTTP/1.1" 200 16792
101.93.222.81 - - [01/Sep/2022:10:44:07 +0800] "GET /xingrg/css/base.css HTTP/1.1" 200 2811
101.93.222.81 - - [01/Sep/2022:10:44:07 +0800] "GET /xingrg/css/site.css HTTP/1.1" 200 7541
101.93.222.81 - - [01/Sep/2022:10:44:07 +0800] "GET /xingrg/javascript/jquery_tools/datebox.css HTTP/1.1" 200 2597
101.93.222.81 - - [01/Sep/2022:10:44:07 +0800] "GET /xingrg/javascript/easyui/themes/icon.css HTTP/1.1" 200 4483
101.93.222.81 - - [01/Sep/2022:10:44:07 +0800] "GET /xingrg/javascript/auto/jquery.autocomplete.css HTTP/1.1" 200 587
101.93.222.81 - - [01/Sep/2022:10:44:07 +0800] "GET /xingrg/javascript/jquery_tools/fix.css HTTP/1.1" 200 1702
101.93.222.81 - - [01/Sep/2022:10:44:07 +0800] "GET /xingrg/javascript/jquery_tools/jquery.tools.min.js HTTP/1.1" 200 138801
101.93.222.81 - - [01/Sep/2022:10:44:07 +0800] "GET /xingrg/javascript/jquery_tools/table.css HTTP/1.1" 200 1032
101.93.222.81 - - [01/Sep/2022:10:44:07 +0800] "GET /xingrg/javascript/jquery_tools/jquery.tools.extend.js HTTP/1.1" 200 15385
101.93.222.81 - - [01/Sep/2022:10:44:07 +0800] "GET /xingrg/javascript/easyui/themes/default/easyui.css HTTP/1.1" 200 30432
101.93.222.81 - - [01/Sep/2022:10:44:07 +0800] "GET /xingrg/javascript/jquery_tools/jquery.tools.hotkey.js HTTP/1.1" 200 3242
101.93.222.81 - - [01/Sep/2022:10:44:07 +0800] "GET /xingrg/javascript/jquery_tools/list_manager.js HTTP/1.1" 200 3652
101.93.222.81 - - [01/Sep/2022:10:44:07 +0800] "GET /xingrg/javascript/jquery_tools/jquery.tools.table.js HTTP/1.1" 200 6994
101.93.222.81 - - [01/Sep/2022:10:44:07 +0800] "GET /xingrg/javascript/easyui/easyloader.js HTTP/1.1" 200 5975
101.93.222.81 - - [01/Sep/2022:10:44:07 +0800] "GET /xingrg/javascript/jquery.cookie.js HTTP/1.1" 200 5513
101.93.222.81 - - [01/Sep/2022:10:44:07 +0800] "GET /xingrg/javascript/print/LodopFuncs.js HTTP/1.1" 200 5121
101.93.222.81 - - [01/Sep/2022:10:44:07 +0800] "GET /xingrg/javascript/auto/jquery.autocomplete.js HTTP/1.1" 200 21624
101.93.222.81 - - [01/Sep/2022:10:44:07 +0800] "GET /xingrg/javascript/easyui/themes/icons/import_new.png HTTP/1.1" 200 1247
101.93.222.81 - - [01/Sep/2022:10:44:07 +0800] "GET /xingrg/javascript/easyui/themes/icons/edit_add_new.png HTTP/1.1" 200 2997
101.93.222.81 - - [01/Sep/2022:10:44:07 +0800] "GET /xingrg/javascript/easyui/themes/icons/field_new.png HTTP/1.1" 200 1097
101.93.222.81 - - [01/Sep/2022:10:44:07 +0800] "GET /xingrg/javascript/easyui/plugins/jquery.parser.js HTTP/1.1" 200 1142
101.93.222.81 - - [01/Sep/2022:10:44:07 +0800] "POST /xingrg/kc/base/yddb_list_operate.html HTTP/1.1" 200 636
114.88.158.224 - - [01/Sep/2022:10:44:08 +0800] "GET /xingrg/all/function/internal_message.html?_=1661999921512&CODE_STATE=getMsg HTTP/1.1" 200 27
116.225.121.189 - - [01/Sep/2022:10:44:08 +0800] "GET /xingrg/all/function/internal_message.html?_=1662000246987&CODE_STATE=getMsg HTTP/1.1" 200 27
101.93.222.81 - - [01/Sep/2022:10:44:10 +0800] "POST /xingrg/kc/base/yddb_list_operate.html HTTP/1.1" 200 636
120.253.135.82 - - [01/Sep/2022:10:44:12 +0800] "GET /xingrg/kc/base/check_order_info.html?code=452022083100152 HTTP/1.1" 200 26226
120.253.135.82 - - [01/Sep/2022:10:44:12 +0800] "GET /xingrg/dwr/interface/AjaxCheckService.js HTTP/1.1" 200 14003
120.253.135.82 - - [01/Sep/2022:10:44:12 +0800] "GET /xingrg/dwr/interface/AjaxComOrderService.js HTTP/1.1" 200 18264
120.253.135.82 - - [01/Sep/2022:10:44:12 +0800] "GET /xingrg/dwr/engine.js HTTP/1.1" 200 43631
120.253.135.82 - - [01/Sep/2022:10:44:12 +0800] "GET /xingrg/javascript/jquery_easy_ui/themes/icons/cance_new.png HTTP/1.1" 200 3986
120.253.135.82 - - [01/Sep/2022:10:44:12 +0800] "POST /xingrg/dwr/call/plaincall/AjaxCheckService.loadOrderItems.dwr HTTP/1.1" 200 18420
120.253.135.82 - - [01/Sep/2022:10:44:12 +0800] "GET /xingrg/javascript/jquery_easy_ui/themes/icons/no.png HTTP/1.1" 200 922
116.225.121.189 - - [01/Sep/2022:10:44:14 +0800] "GET /xingrg/all/function/internal_message.html?_=1662000118541&CODE_STATE=getMsg HTTP/1.1" 200 27
120.253.135.82 - - [01/Sep/2022:10:44:16 +0800] "POST /xingrg/dwr/call/plaincall/AjaxCheckService.deleteOrder.dwr HTTP/1.1" 200 78
120.253.135.82 - - [01/Sep/2022:10:44:16 +0800] "POST /xingrg/kc/pszx/mdps_list_operate.html HTTP/1.1" 200 1931
120.253.135.82 - - [01/Sep/2022:10:44:16 +0800] "GET /xingrg/kc/base/check_order_list.html HTTP/1.1" 200 16299
120.253.135.82 - - [01/Sep/2022:10:44:17 +0800] "POST /xingrg/kc/base/check_list_operate.html HTTP/1.1" 200 2559
116.235.94.65 - - [01/Sep/2022:10:44:19 +0800] "GET /xingrg/all/function/internal_message.html?_=1662000449242&CODE_STATE=getMsg HTTP/1.1" 200 27
120.253.135.82 - - [01/Sep/2022:10:44:19 +0800] "POST /xingrg/kc/pszx/mdps_list_operate.html HTTP/1.1" 200 5349
120.253.135.82 - - [01/Sep/2022:10:44:20 +0800] "GET /xingrg/kc/base/check_order_info.html?code=452022083100150 HTTP/1.1" 200 26226
120.253.135.82 - - [01/Sep/2022:10:44:20 +0800] "GET /xingrg/dwr/interface/AjaxComOrderService.js HTTP/1.1" 200 18264
120.253.135.82 - - [01/Sep/2022:10:44:20 +0800] "GET /xingrg/dwr/interface/AjaxCheckService.js HTTP/1.1" 200 14003
120.253.135.82 - - [01/Sep/2022:10:44:20 +0800] "GET /xingrg/dwr/engine.js HTTP/1.1" 200 43631
120.253.135.82 - - [01/Sep/2022:10:44:20 +0800] "POST /xingrg/dwr/call/plaincall/AjaxCheckService.loadOrderItems.dwr HTTP/1.1" 200 6788
116.224.255.128 - - [01/Sep/2022:10:44:21 +0800] "GET /xingrg/kc/buy/cgsh_order_list.html HTTP/1.1" 200 52737
120.253.135.82 - - [01/Sep/2022:10:44:21 +0800] "GET /xingrg/all/function/internal_message.html?_=1662000387252&CODE_STATE=getMsg HTTP/1.1" 200 27
116.224.255.128 - - [01/Sep/2022:10:44:22 +0800] "POST /xingrg/kc/buy/cgsh_list_operate.html HTTP/1.1" 200 693
116.224.255.128 - - [01/Sep/2022:10:44:23 +0800] "GET /xingrg/kc/buy/cgsh_order_add.html HTTP/1.1" 200 68513
116.224.255.128 - - [01/Sep/2022:10:44:23 +0800] "POST /xingrg/kc/buy/cgsh_order_operate.html HTTP/1.1" 200 8245
116.224.255.128 - - [01/Sep/2022:10:44:23 +0800] "GET /xingrg/javascript/easyui/themes/default/validatebox.css HTTP/1.1" 404 1104
222.69.129.110 - - [01/Sep/2022:10:44:23 +0800] "GET /xingrg/all/function/internal_message.html?_=1662000339710&CODE_STATE=getMsg HTTP/1.1" 200 27
120.253.135.82 - - [01/Sep/2022:10:44:24 +0800] "POST /xingrg/dwr/call/plaincall/AjaxCheckService.deleteOrder.dwr HTTP/1.1" 200 78
114.84.5.35 - - [01/Sep/2022:10:44:25 +0800] "POST /xingrg/kc/buy/cgsh_order_operate.html HTTP/1.1" 200 37
120.253.135.82 - - [01/Sep/2022:10:44:25 +0800] "GET /xingrg/kc/base/check_order_list.html HTTP/1.1" 200 16299
101.83.240.123 - - [01/Sep/2022:10:44:26 +0800] "GET /xingrg/all/function/internal_message.html?_=1662000260578&CODE_STATE=getMsg HTTP/1.1" 200 27
120.253.135.82 - - [01/Sep/2022:10:44:26 +0800] "POST /xingrg/kc/base/check_list_operate.html HTTP/1.1" 200 2226
114.84.5.35 - - [01/Sep/2022:10:44:26 +0800] "POST /xingrg/kc/buy/cgsh_order_operate.html HTTP/1.1" 200 10347
120.253.135.82 - - [01/Sep/2022:10:44:28 +0800] "GET /xingrg/kc/base/check_order_info.html?code=452022083100151 HTTP/1.1" 200 26226
120.253.135.82 - - [01/Sep/2022:10:44:28 +0800] "GET /xingrg/dwr/interface/AjaxComOrderService.js HTTP/1.1" 200 18264
120.253.135.82 - - [01/Sep/2022:10:44:28 +0800] "GET /xingrg/dwr/engine.js HTTP/1.1" 200 43631
120.253.135.82 - - [01/Sep/2022:10:44:28 +0800] "GET /xingrg/dwr/interface/AjaxCheckService.js HTTP/1.1" 200 14003
180.169.147.146 - - [01/Sep/2022:10:44:28 +0800] "GET /xingrg/all/function/internal_message.html?_=1662000263816&CODE_STATE=getMsg HTTP/1.1" 200 27
120.253.135.82 - - [01/Sep/2022:10:44:28 +0800] "POST /xingrg/dwr/call/plaincall/AjaxCheckService.loadOrderItems.dwr HTTP/1.1" 200 1655
101.85.93.70 - - [01/Sep/2022:10:44:31 +0800] "GET /xingrg/check_reg.html?_=1662000268395 HTTP/1.1" 200 22
101.85.93.70 - - [01/Sep/2022:10:44:31 +0800] "GET /xingrg/all/function/internal_message.html?_=1662000268398&CODE_STATE=getMsg HTTP/1.1" 200 27
120.253.135.82 - - [01/Sep/2022:10:44:32 +0800] "POST /xingrg/dwr/call/plaincall/AjaxCheckService.deleteOrder.dwr HTTP/1.1" 200 78
120.253.135.82 - - [01/Sep/2022:10:44:33 +0800] "GET /xingrg/kc/base/check_order_list.html HTTP/1.1" 200 16299
120.253.135.82 - - [01/Sep/2022:10:44:33 +0800] "POST /xingrg/kc/base/check_list_operate.html HTTP/1.1" 200 1896
124.78.155.30 - - [01/Sep/2022:10:44:36 +0800] "GET /xingrg/all/function/internal_message.html?_=1662000270571&CODE_STATE=getMsg HTTP/1.1" 200 27
124.78.155.30 - - [01/Sep/2022:10:44:36 +0800] "GET /xingrg/kc/base/check_order_info.html?code=452022083100368 HTTP/1.1" 200 23126
124.78.155.30 - - [01/Sep/2022:10:44:36 +0800] "GET /xingrg/dwr/interface/AjaxCheckService.js HTTP/1.1" 200 14003
124.78.155.30 - - [01/Sep/2022:10:44:36 +0800] "GET /xingrg/all/function/internal_message.html?_=1662000278831&CODE_STATE=getMsg HTTP/1.1" 200 27
124.78.155.30 - - [01/Sep/2022:10:44:36 +0800] "GET /xingrg/dwr/interface/AjaxComOrderService.js HTTP/1.1" 200 18264
124.78.155.30 - - [01/Sep/2022:10:44:36 +0800] "GET /xingrg/dwr/engine.js HTTP/1.1" 200 43631
120.253.135.82 - - [01/Sep/2022:10:44:36 +0800] "GET /xingrg/kc/base/check_order_info.html?code=452022083100148 HTTP/1.1" 200 26226
120.253.135.82 - - [01/Sep/2022:10:44:36 +0800] "GET /xingrg/dwr/interface/AjaxComOrderService.js HTTP/1.1" 200 18264
120.253.135.82 - - [01/Sep/2022:10:44:36 +0800] "GET /xingrg/dwr/interface/AjaxCheckService.js HTTP/1.1" 200 14003
120.253.135.82 - - [01/Sep/2022:10:44:37 +0800] "GET /xingrg/dwr/engine.js HTTP/1.1" 200 43631
124.78.155.30 - - [01/Sep/2022:10:44:37 +0800] "POST /xingrg/dwr/call/plaincall/AjaxCheckService.loadOrderItems.dwr HTTP/1.1" 200 2703
124.78.155.30 - - [01/Sep/2022:10:44:37 +0800] "POST /xingrg/kc/buy/cgsh_order_operate.html HTTP/1.1" 200 37
