116.225.121.189 - - [01/Sep/2022:08:50:28 +0800] "GET /xingrg/kc/buy/cgsh_order_operate.html?command=get_materiel&rest_code=00105&code=00101008185&supplier_code=00100203&order_time=2022-09-01 HTTP/1.1" 200 408
124.78.155.30 - - [01/Sep/2022:08:50:29 +0800] "POST /xingrg/dwr/call/plaincall/AjaxCheckService.setItemNumber.dwr HTTP/1.1" 200 77
116.225.121.189 - - [01/Sep/2022:08:50:29 +0800] "GET /xingrg/kc/base/kc_stocks.html HTTP/1.1" 200 16437
116.225.121.189 - - [01/Sep/2022:08:50:29 +0800] "GET /xingrg/javascript/easyui/themes/sunny/easyui.css HTTP/1.1" 304 -
114.84.5.35 - - [01/Sep/2022:08:50:29 +0800] "POST /xingrg/dwr/call/plaincall/AjaxCheckService.setItemNumber.dwr HTTP/1.1" 200 78
116.225.121.189 - - [01/Sep/2022:08:50:29 +0800] "GET /xingrg/javascript/easyui/themes/icons/filter_new.png HTTP/1.1" 304 -
116.225.121.189 - - [01/Sep/2022:08:50:29 +0800] "GET /xingrg/javascript/easyui/themes/icons/print_new.png HTTP/1.1" 304 -
116.225.121.189 - - [01/Sep/2022:08:50:29 +0800] "GET /xingrg/javascript/easyui/themes/icons/refresh_new.png HTTP/1.1" 304 -
116.225.121.189 - - [01/Sep/2022:08:50:29 +0800] "GET /xingrg/javascript/easyui/plugins/jquery.draggable.js HTTP/1.1" 304 -
116.225.121.189 - - [01/Sep/2022:08:50:29 +0800] "GET /xingrg/javascript/easyui/plugins/jquery.droppable.js HTTP/1.1" 304 -
116.225.121.189 - - [01/Sep/2022:08:50:30 +0800] "GET /xingrg/javascript/easyui/themes/default/tree.css HTTP/1.1" 404 1090
116.225.121.189 - - [01/Sep/2022:08:50:30 +0800] "GET /xingrg/javascript/easyui/plugins/jquery.tree.js HTTP/1.1" 304 -
116.225.121.189 - - [01/Sep/2022:08:50:30 +0800] "POST /xingrg/all/common/load_tree.html?tree=materiel_sort_tree_json HTTP/1.1" 200 9500
116.225.121.189 - - [01/Sep/2022:08:50:30 +0800] "GET /xingrg/javascript/easyui/themes/sunny/images/tree_folder.gif HTTP/1.1" 304 -
116.225.121.189 - - [01/Sep/2022:08:50:30 +0800] "GET /xingrg/javascript/easyui/themes/sunny/images/tree_folder_open.gif HTTP/1.1" 304 -
124.78.155.30 - - [01/Sep/2022:08:50:30 +0800] "POST /xingrg/dwr/call/plaincall/AjaxCheckService.setItemNumber.dwr HTTP/1.1" 200 77
116.225.121.189 - - [01/Sep/2022:08:50:30 +0800] "GET /xingrg/javascript/easyui/themes/sunny/images/tree_arrows.gif HTTP/1.1" 304 -
116.225.121.189 - - [01/Sep/2022:08:50:30 +0800] "GET /xingrg/javascript/easyui/themes/sunny/images/tree_file.gif HTTP/1.1" 304 -
114.84.5.35 - - [01/Sep/2022:08:50:30 +0800] "POST /xingrg/dwr/call/plaincall/AjaxCheckService.setItemNumber.dwr HTTP/1.1" 200 78
114.84.5.35 - - [01/Sep/2022:08:50:31 +0800] "POST /xingrg/dwr/call/plaincall/AjaxCheckService.setItemNumber.dwr HTTP/1.1" 200 78
116.232.194.65 - - [01/Sep/2022:08:50:32 +0800] "GET /xingrg/check_reg.html?_=1661993384683 HTTP/1.1" 200 22
116.232.194.65 - - [01/Sep/2022:08:50:32 +0800] "GET /xingrg/all/function/internal_message.html?_=1661993384688&CODE_STATE=getMsg HTTP/1.1" 200 27
114.84.5.35 - - [01/Sep/2022:08:50:33 +0800] "POST /xingrg/dwr/call/plaincall/AjaxCheckService.setItemNumber.dwr HTTP/1.1" 200 78
114.84.5.35 - - [01/Sep/2022:08:50:34 +0800] "POST /xingrg/dwr/call/plaincall/AjaxCheckService.setItemNumber.dwr HTTP/1.1" 200 78
116.225.121.189 - - [01/Sep/2022:08:50:34 +0800] "GET /xingrg/javascript/easyui/themes/sunny/images/ui-bg_gloss-wave_60_fece2f_500x100.png HTTP/1.1" 304 -
114.84.5.35 - - [01/Sep/2022:08:50:35 +0800] "POST /xingrg/dwr/call/plaincall/AjaxCheckService.setItemNumber.dwr HTTP/1.1" 200 78
124.78.155.30 - - [01/Sep/2022:08:50:36 +0800] "POST /xingrg/dwr/call/plaincall/AjaxCheckService.setItemNumber.dwr HTTP/1.1" 200 76
116.225.121.189 - - [01/Sep/2022:08:50:36 +0800] "GET /xingrg/javascript/easyui/themes/sunny/images/ui-bg_gloss-wave_70_ffdd57_500x100.png HTTP/1.1" 304 -
114.84.5.35 - - [01/Sep/2022:08:50:36 +0800] "POST /xingrg/dwr/call/plaincall/AjaxCheckService.setItemNumber.dwr HTTP/1.1" 200 78
124.78.155.30 - - [01/Sep/2022:08:50:36 +0800] "GET /xingrg/all/function/internal_message.html?_=1661993431174&CODE_STATE=getMsg HTTP/1.1" 200 27
116.225.121.189 - - [01/Sep/2022:08:50:37 +0800] "GET /xingrg/kc/buy/cgsh_order_operate.html?command=get_materiel&rest_code=00105&code=00101016082&supplier_code=00100203&order_time=2022-09-01 HTTP/1.1" 200 408
116.225.121.189 - - [01/Sep/2022:08:50:37 +0800] "POST /xingrg/kc/base/stock_operate.html HTTP/1.1" 200 4211
116.225.121.189 - - [01/Sep/2022:08:50:37 +0800] "GET /xingrg/javascript/jquery_tools/fix_table.js HTTP/1.1" 304 -
114.84.5.35 - - [01/Sep/2022:08:50:37 +0800] "POST /xingrg/dwr/call/plaincall/AjaxCheckService.setItemNumber.dwr HTTP/1.1" 200 78
114.84.5.35 - - [01/Sep/2022:08:50:39 +0800] "POST /xingrg/dwr/call/plaincall/AjaxCheckService.setItemNumber.dwr HTTP/1.1" 200 78
116.225.121.189 - - [01/Sep/2022:08:50:39 +0800] "GET /xingrg/css/images/panel_loading.gif HTTP/1.1" 304 -
116.225.121.189 - - [01/Sep/2022:08:50:39 +0800] "POST /xingrg/all/common/load_combo.html?type=base HTTP/1.1" 200 3409
180.169.147.146 - - [01/Sep/2022:08:50:39 +0800] "GET /xingrg/all/function/internal_message.html?_=1661993437926&CODE_STATE=getMsg HTTP/1.1" 302 -
114.84.5.35 - - [01/Sep/2022:08:50:40 +0800] "POST /xingrg/dwr/call/plaincall/AjaxCheckService.setItemNumber.dwr HTTP/1.1" 200 78
114.84.5.35 - - [01/Sep/2022:08:50:41 +0800] "POST /xingrg/dwr/call/plaincall/AjaxCheckService.setItemNumber.dwr HTTP/1.1" 200 78
124.78.155.30 - - [01/Sep/2022:08:50:42 +0800] "GET /xingrg/kc/base/check_order_list.html?isBack=1 HTTP/1.1" 200 16299
124.78.155.30 - - [01/Sep/2022:08:50:42 +0800] "POST /xingrg/kc/base/check_list_operate.html HTTP/1.1" 200 3546
114.84.5.35 - - [01/Sep/2022:08:50:43 +0800] "POST /xingrg/dwr/call/plaincall/AjaxCheckService.setItemNumber.dwr HTTP/1.1" 200 78
124.78.155.30 - - [01/Sep/2022:08:50:44 +0800] "GET /xingrg/check_reg.html?_=1661993452331 HTTP/1.1" 200 22
124.78.155.30 - - [01/Sep/2022:08:50:44 +0800] "GET /xingrg/all/function/internal_message.html?_=1661993452334&CODE_STATE=getMsg HTTP/1.1" 200 27
116.225.121.189 - - [01/Sep/2022:08:50:44 +0800] "POST /xingrg/kc/base/stock_operate.html HTTP/1.1" 200 4267
124.78.155.30 - - [01/Sep/2022:08:50:44 +0800] "GET /xingrg/kc/base/check_order_info.html?code=452022083100350 HTTP/1.1" 200 26484
116.225.121.189 - - [01/Sep/2022:08:50:44 +0800] "GET /xingrg/kc/buy/cgsh_order_operate.html?command=get_materiel&rest_code=00105&code=00101008330&supplier_code=00100203&order_time=2022-09-01 HTTP/1.1" 200 408
124.78.155.30 - - [01/Sep/2022:08:50:44 +0800] "GET /xingrg/dwr/interface/AjaxCheckService.js HTTP/1.1" 200 14003
124.78.155.30 - - [01/Sep/2022:08:50:44 +0800] "GET /xingrg/dwr/engine.js HTTP/1.1" 200 43631
124.78.155.30 - - [01/Sep/2022:08:50:44 +0800] "GET /xingrg/dwr/interface/AjaxComOrderService.js HTTP/1.1" 200 18264
124.78.155.30 - - [01/Sep/2022:08:50:45 +0800] "POST /xingrg/dwr/call/plaincall/AjaxCheckService.loadOrderItems.dwr HTTP/1.1" 200 1004
116.225.121.189 - - [01/Sep/2022:08:50:45 +0800] "GET /xingrg/all/function/internal_message.html?_=1661993443450&CODE_STATE=getMsg HTTP/1.1" 200 27
116.224.123.211 - - [01/Sep/2022:08:50:45 +0800] "GET /xingrg/all/function/internal_message.html?_=1661993442716&CODE_STATE=getMsg HTTP/1.1" 200 27
114.84.5.35 - - [01/Sep/2022:08:50:47 +0800] "POST /xingrg/dwr/call/plaincall/AjaxCheckService.setItemNumber.dwr HTTP/1.1" 200 78
124.78.155.30 - - [01/Sep/2022:08:50:48 +0800] "POST /xingrg/dwr/call/plaincall/AjaxCheckService.setItemNumber.dwr HTTP/1.1" 200 77
114.84.5.35 - - [01/Sep/2022:08:50:48 +0800] "POST /xingrg/dwr/call/plaincall/AjaxCheckService.setItemNumber.dwr HTTP/1.1" 200 78
124.78.155.30 - - [01/Sep/2022:08:50:48 +0800] "POST /xingrg/dwr/call/plaincall/AjaxCheckService.setItemNumber.dwr HTTP/1.1" 200 77
124.78.155.30 - - [01/Sep/2022:08:50:49 +0800] "POST /xingrg/dwr/call/plaincall/AjaxCheckService.setItemNumber.dwr HTTP/1.1" 200 77
114.84.5.35 - - [01/Sep/2022:08:50:49 +0800] "POST /xingrg/dwr/call/plaincall/AjaxCheckService.setItemNumber.dwr HTTP/1.1" 200 78
124.78.155.30 - - [01/Sep/2022:08:50:50 +0800] "POST /xingrg/dwr/call/plaincall/AjaxCheckService.setItemNumber.dwr HTTP/1.1" 200 78
114.84.5.35 - - [01/Sep/2022:08:50:50 +0800] "POST /xingrg/dwr/call/plaincall/AjaxCheckService.setItemNumber.dwr HTTP/1.1" 200 78
124.78.155.30 - - [01/Sep/2022:08:50:53 +0800] "POST /xingrg/dwr/call/plaincall/AjaxCheckService.checkOrder.dwr HTTP/1.1" 200 78
124.78.155.30 - - [01/Sep/2022:08:50:53 +0800] "POST /xingrg/dwr/call/plaincall/AjaxCheckService.setItemNumber.dwr HTTP/1.1" 200 78
124.78.155.30 - - [01/Sep/2022:08:50:53 +0800] "POST /xingrg/dwr/call/plaincall/AjaxCheckService.setItemNumber.dwr HTTP/1.1" 200 78
114.84.5.35 - - [01/Sep/2022:08:50:53 +0800] "POST /xingrg/dwr/call/plaincall/AjaxCheckService.setItemNumber.dwr HTTP/1.1" 200 78
124.78.155.30 - - [01/Sep/2022:08:50:53 +0800] "POST /xingrg/dwr/call/plaincall/AjaxCheckService.setItemNumber.dwr HTTP/1.1" 200 78
124.78.155.30 - - [01/Sep/2022:08:50:53 +0800] "POST /xingrg/dwr/call/plaincall/AjaxCheckService.setItemNumber.dwr HTTP/1.1" 200 78
114.84.5.35 - - [01/Sep/2022:08:50:53 +0800] "POST /xingrg/dwr/call/plaincall/AjaxCheckService.setItemNumber.dwr HTTP/1.1" 200 78
124.78.155.30 - - [01/Sep/2022:08:50:54 +0800] "POST /xingrg/dwr/call/plaincall/AjaxCheckService.setItemNumber.dwr HTTP/1.1" 200 78
124.78.155.30 - - [01/Sep/2022:08:50:55 +0800] "GET /xingrg/kc/base/check_order_info.html?code=452022083100350 HTTP/1.1" 200 22862
124.78.155.30 - - [01/Sep/2022:08:50:55 +0800] "GET /xingrg/dwr/interface/AjaxCheckService.js HTTP/1.1" 200 14003
124.78.155.30 - - [01/Sep/2022:08:50:55 +0800] "GET /xingrg/dwr/interface/AjaxComOrderService.js HTTP/1.1" 200 18264
124.78.155.30 - - [01/Sep/2022:08:50:55 +0800] "GET /xingrg/dwr/engine.js HTTP/1.1" 200 43631
124.78.155.30 - - [01/Sep/2022:08:50:55 +0800] "POST /xingrg/dwr/call/plaincall/AjaxCheckService.setItemNumber.dwr HTTP/1.1" 200 78
124.78.155.30 - - [01/Sep/2022:08:50:55 +0800] "POST /xingrg/dwr/call/plaincall/AjaxCheckService.loadOrderItems.dwr HTTP/1.1" 200 648
114.84.5.35 - - [01/Sep/2022:08:50:55 +0800] "POST /xingrg/dwr/call/plaincall/AjaxCheckService.setItemNumber.dwr HTTP/1.1" 200 78
124.78.155.30 - - [01/Sep/2022:08:50:55 +0800] "POST /xingrg/dwr/call/plaincall/AjaxCheckService.setItemNumber.dwr HTTP/1.1" 200 78
114.84.5.35 - - [01/Sep/2022:08:50:56 +0800] "GET /xingrg/all/function/internal_message.html?_=1661993452515&CODE_STATE=getMsg HTTP/1.1" 200 27
114.84.5.35 - - [01/Sep/2022:08:50:56 +0800] "GET /xingrg/check_reg.html?_=1661993452516 HTTP/1.1" 200 22
114.84.5.35 - - [01/Sep/2022:08:50:56 +0800] "POST /xingrg/dwr/call/plaincall/AjaxCheckService.setItemNumber.dwr HTTP/1.1" 200 78
116.225.121.189 - - [01/Sep/2022:08:50:57 +0800] "GET /xingrg/kc/buy/cgsh_order_operate.html?command=get_materiel&rest_code=00105&code=00101008155&supplier_code=00100203&order_time=2022-09-01 HTTP/1.1" 200 408
124.78.155.30 - - [01/Sep/2022:08:50:57 +0800] "GET /xingrg/kc/base/check_order_list.html?isBack=1 HTTP/1.1" 200 16299
124.78.155.30 - - [01/Sep/2022:08:50:57 +0800] "POST /xingrg/kc/base/check_list_operate.html HTTP/1.1" 200 3216
114.84.5.35 - - [01/Sep/2022:08:50:58 +0800] "POST /xingrg/dwr/call/plaincall/AjaxCheckService.setItemNumber.dwr HTTP/1.1" 200 78
124.78.155.30 - - [01/Sep/2022:08:50:58 +0800] "POST /xingrg/dwr/call/plaincall/AjaxCheckService.setItemNumber.dwr HTTP/1.1" 200 78
124.78.155.30 - - [01/Sep/2022:08:50:58 +0800] "POST /xingrg/dwr/call/plaincall/AjaxCheckService.setItemNumber.dwr HTTP/1.1" 200 78
120.253.135.82 - - [01/Sep/2022:08:50:58 +0800] "GET /xingrg/all/function/internal_message.html?_=1661993584038&CODE_STATE=getMsg HTTP/1.1" 200 27
124.78.155.30 - - [01/Sep/2022:08:50:59 +0800] "POST /xingrg/dwr/call/plaincall/AjaxCheckService.setItemNumber.dwr HTTP/1.1" 200 78
114.84.5.35 - - [01/Sep/2022:08:50:59 +0800] "POST /xingrg/dwr/call/plaincall/AjaxCheckService.setItemNumber.dwr HTTP/1.1" 200 78
124.78.155.30 - - [01/Sep/2022:08:50:59 +0800] "POST /xingrg/dwr/call/plaincall/AjaxCheckService.setItemNumber.dwr HTTP/1.1" 200 78
124.78.155.30 - - [01/Sep/2022:08:51:00 +0800] "POST /xingrg/dwr/call/plaincall/AjaxCheckService.setItemNumber.dwr HTTP/1.1" 200 78
180.169.147.146 - - [01/Sep/2022:08:51:00 +0800] "GET /xingrg/all/function/internal_message.html?_=1661993930903&CODE_STATE=getMsg HTTP/1.1" 302 -
114.84.5.35 - - [01/Sep/2022:08:51:00 +0800] "POST /xingrg/dwr/call/plaincall/AjaxCheckService.setItemNumber.dwr HTTP/1.1" 200 78
124.78.155.30 - - [01/Sep/2022:08:51:01 +0800] "POST /xingrg/dwr/call/plaincall/AjaxCheckService.setItemNumber.dwr HTTP/1.1" 200 78
124.78.155.30 - - [01/Sep/2022:08:51:01 +0800] "POST /xingrg/dwr/call/plaincall/AjaxCheckService.setItemNumber.dwr HTTP/1.1" 200 78
116.224.255.128 - - [01/Sep/2022:08:51:02 +0800] "GET /xingrg/all/function/internal_message.html?_=1661993458867&CODE_STATE=getMsg HTTP/1.1" 200 27
116.224.255.128 - - [01/Sep/2022:08:51:02 +0800] "GET /xingrg/check_reg.html?_=1661993458901 HTTP/1.1" 200 22
114.84.5.35 - - [01/Sep/2022:08:51:02 +0800] "POST /xingrg/dwr/call/plaincall/AjaxCheckService.setItemNumber.dwr HTTP/1.1" 200 78
114.84.5.35 - - [01/Sep/2022:08:51:03 +0800] "POST /xingrg/dwr/call/plaincall/AjaxCheckService.setItemNumber.dwr HTTP/1.1" 200 78
116.225.121.189 - - [01/Sep/2022:08:51:03 +0800] "GET /xingrg/kc/buy/cgsh_order_operate.html?command=get_materiel&rest_code=00105&code=00101008080&supplier_code=00100203&order_time=2022-09-01 HTTP/1.1" 200 416
116.225.121.189 - - [01/Sep/2022:08:51:04 +0800] "POST /xingrg/kc/base/stock_operate.html HTTP/1.1" 200 4371
124.78.155.30 - - [01/Sep/2022:08:51:05 +0800] "POST /xingrg/dwr/call/plaincall/AjaxCheckService.setItemNumber.dwr HTTP/1.1" 200 78
114.84.5.35 - - [01/Sep/2022:08:51:05 +0800] "POST /xingrg/dwr/call/plaincall/AjaxCheckService.setItemNumber.dwr HTTP/1.1" 200 78
114.84.5.35 - - [01/Sep/2022:08:51:07 +0800] "POST /xingrg/dwr/call/plaincall/AjaxCheckService.setItemNumber.dwr HTTP/1.1" 200 78
124.78.155.30 - - [01/Sep/2022:08:51:07 +0800] "POST /xingrg/dwr/call/plaincall/AjaxCheckService.setItemNumber.dwr HTTP/1.1" 200 78
114.84.5.35 - - [01/Sep/2022:08:51:08 +0800] "POST /xingrg/dwr/call/plaincall/AjaxCheckService.setItemNumber.dwr HTTP/1.1" 200 78
124.78.155.30 - - [01/Sep/2022:08:51:08 +0800] "POST /xingrg/dwr/call/plaincall/AjaxCheckService.setItemNumber.dwr HTTP/1.1" 200 78
124.78.155.30 - - [01/Sep/2022:08:51:09 +0800] "POST /xingrg/dwr/call/plaincall/AjaxCheckService.setItemNumber.dwr HTTP/1.1" 200 78
114.84.5.35 - - [01/Sep/2022:08:51:09 +0800] "POST /xingrg/dwr/call/plaincall/AjaxCheckService.setItemNumber.dwr HTTP/1.1" 200 78
124.78.155.30 - - [01/Sep/2022:08:51:09 +0800] "GET /xingrg/kc/base/check_order_info.html?code=452022083100355 HTTP/1.1" 200 26484
124.78.155.30 - - [01/Sep/2022:08:51:09 +0800] "GET /xingrg/dwr/interface/AjaxComOrderService.js HTTP/1.1" 200 18264
124.78.155.30 - - [01/Sep/2022:08:51:09 +0800] "GET /xingrg/dwr/interface/AjaxCheckService.js HTTP/1.1" 200 14003
124.78.155.30 - - [01/Sep/2022:08:51:09 +0800] "GET /xingrg/dwr/engine.js HTTP/1.1" 200 43631
124.78.155.30 - - [01/Sep/2022:08:51:10 +0800] "POST /xingrg/dwr/call/plaincall/AjaxCheckService.setItemNumber.dwr HTTP/1.1" 200 78
124.78.155.30 - - [01/Sep/2022:08:51:10 +0800] "POST /xingrg/dwr/call/plaincall/AjaxCheckService.loadOrderItems.dwr HTTP/1.1" 200 6750
114.88.158.224 - - [01/Sep/2022:08:51:10 +0800] "GET /xingrg/all/function/internal_message.html?_=1661993143282&CODE_STATE=getMsg HTTP/1.1" 200 27
124.78.155.30 - - [01/Sep/2022:08:51:10 +0800] "POST /xingrg/dwr/call/plaincall/AjaxCheckService.setItemNumber.dwr HTTP/1.1" 200 78
116.225.121.189 - - [01/Sep/2022:08:51:11 +0800] "GET /xingrg/kc/buy/cgsh_order_operate.html?command=get_materiel&rest_code=00105&code=00101008244&supplier_code=00100203&order_time=2022-09-01 HTTP/1.1" 200 408
124.78.155.30 - - [01/Sep/2022:08:51:11 +0800] "POST /xingrg/dwr/call/plaincall/AjaxCheckService.setItemNumber.dwr HTTP/1.1" 200 78
124.78.155.30 - - [01/Sep/2022:08:51:12 +0800] "POST /xingrg/dwr/call/plaincall/AjaxCheckService.setItemNumber.dwr HTTP/1.1" 200 78
124.78.155.30 - - [01/Sep/2022:08:51:12 +0800] "POST /xingrg/dwr/call/plaincall/AjaxCheckService.setItemNumber.dwr HTTP/1.1" 200 78
124.78.155.30 - - [01/Sep/2022:08:51:13 +0800] "POST /xingrg/dwr/call/plaincall/AjaxCheckService.setItemNumber.dwr HTTP/1.1" 200 78
124.78.155.30 - - [01/Sep/2022:08:51:13 +0800] "POST /xingrg/dwr/call/plaincall/AjaxCheckService.setItemNumber.dwr HTTP/1.1" 200 78
116.225.121.189 - - [01/Sep/2022:08:51:14 +0800] "GET /xingrg/all/function/internal_message.html?_=1661993338415&CODE_STATE=getMsg HTTP/1.1" 200 27
124.78.155.30 - - [01/Sep/2022:08:51:15 +0800] "POST /xingrg/dwr/call/plaincall/AjaxCheckService.setItemNumber.dwr HTTP/1.1" 200 76
114.84.5.35 - - [01/Sep/2022:08:51:16 +0800] "POST /xingrg/dwr/call/plaincall/AjaxCheckService.setItemNumber.dwr HTTP/1.1" 200 78
124.78.155.30 - - [01/Sep/2022:08:51:16 +0800] "POST /xingrg/dwr/call/plaincall/AjaxCheckService.setItemNumber.dwr HTTP/1.1" 200 76
114.84.5.35 - - [01/Sep/2022:08:51:17 +0800] "POST /xingrg/dwr/call/plaincall/AjaxCheckService.setItemNumber.dwr HTTP/1.1" 200 78
114.84.5.35 - - [01/Sep/2022:08:51:18 +0800] "POST /xingrg/dwr/call/plaincall/AjaxCheckService.setItemNumber.dwr HTTP/1.1" 200 78
116.232.194.65 - - [01/Sep/2022:08:51:18 +0800] "GET /xingrg/kc/buy/cgsh_order_add.html HTTP/1.1" 200 68519
116.225.121.189 - - [01/Sep/2022:08:51:19 +0800] "GET /xingrg/kc/buy/cgsh_order_operate.html?command=get_materiel&rest_code=00105&code=00101008351&supplier_code=00100203&order_time=2022-09-01 HTTP/1.1" 200 408
116.232.194.65 - - [01/Sep/2022:08:51:19 +0800] "POST /xingrg/kc/buy/cgsh_order_operate.html HTTP/1.1" 200 8245
116.232.194.65 - - [01/Sep/2022:08:51:19 +0800] "GET /xingrg/javascript/easyui/themes/default/validatebox.css HTTP/1.1" 404 1104
114.84.5.35 - - [01/Sep/2022:08:51:19 +0800] "POST /xingrg/dwr/call/plaincall/AjaxCheckService.setItemNumber.dwr HTTP/1.1" 200 78
114.84.5.35 - - [01/Sep/2022:08:51:21 +0800] "POST /xingrg/dwr/call/plaincall/AjaxCheckService.setItemNumber.dwr HTTP/1.1" 200 78
116.232.194.65 - - [01/Sep/2022:08:51:21 +0800] "GET /xingrg/kc/buy/cgsh_order_list.html HTTP/1.1" 200 52737
116.225.121.189 - - [01/Sep/2022:08:51:21 +0800] "POST /xingrg/kc/buy/cgsh_order_operate.html HTTP/1.1" 200 2065
124.78.155.30 - - [01/Sep/2022:08:51:21 +0800] "POST /xingrg/dwr/call/plaincall/AjaxCheckService.setItemNumber.dwr HTTP/1.1" 200 78
116.232.194.65 - - [01/Sep/2022:08:51:22 +0800] "POST /xingrg/kc/buy/cgsh_list_operate.html HTTP/1.1" 200 752
114.84.5.35 - - [01/Sep/2022:08:51:22 +0800] "POST /xingrg/dwr/call/plaincall/AjaxCheckService.setItemNumber.dwr HTTP/1.1" 200 78
120.253.135.82 - - [01/Sep/2022:08:51:22 +0800] "GET /xingrg/all/function/internal_message.html?_=1661993282837&CODE_STATE=getMsg HTTP/1.1" 200 27
116.225.121.189 - - [01/Sep/2022:08:51:22 +0800] "POST /xingrg/kc/buy/cgsh_order_operate.html HTTP/1.1" 200 2065
124.78.155.30 - - [01/Sep/2022:08:51:22 +0800] "POST /xingrg/dwr/call/plaincall/AjaxCheckService.setItemNumber.dwr HTTP/1.1" 200 78
124.78.155.30 - - [01/Sep/2022:08:51:23 +0800] "POST /xingrg/dwr/call/plaincall/AjaxCheckService.setItemNumber.dwr HTTP/1.1" 200 78
114.84.5.35 - - [01/Sep/2022:08:51:23 +0800] "POST /xingrg/dwr/call/plaincall/AjaxCheckService.setItemNumber.dwr HTTP/1.1" 200 78
124.78.155.30 - - [01/Sep/2022:08:51:24 +0800] "POST /xingrg/dwr/call/plaincall/AjaxCheckService.setItemNumber.dwr HTTP/1.1" 200 76
124.78.155.30 - - [01/Sep/2022:08:51:24 +0800] "POST /xingrg/dwr/call/plaincall/AjaxCheckService.setItemNumber.dwr HTTP/1.1" 200 78
114.84.5.35 - - [01/Sep/2022:08:51:24 +0800] "POST /xingrg/dwr/call/plaincall/AjaxCheckService.setItemNumber.dwr HTTP/1.1" 200 78
101.83.240.123 - - [01/Sep/2022:08:51:25 +0800] "GET /xingrg/all/function/internal_message.html?_=1661993480162&CODE_STATE=getMsg HTTP/1.1" 200 27
124.78.155.30 - - [01/Sep/2022:08:51:25 +0800] "POST /xingrg/dwr/call/plaincall/AjaxCheckService.setItemNumber.dwr HTTP/1.1" 200 76
101.83.240.123 - - [01/Sep/2022:08:51:25 +0800] "GET /xingrg/check_reg.html?_=1661993480168 HTTP/1.1" 200 22
124.78.155.30 - - [01/Sep/2022:08:51:27 +0800] "POST /xingrg/dwr/call/plaincall/AjaxCheckService.setItemNumber.dwr HTTP/1.1" 200 78
124.78.155.30 - - [01/Sep/2022:08:51:29 +0800] "POST /xingrg/dwr/call/plaincall/AjaxCheckService.setItemNumber.dwr HTTP/1.1" 200 78
124.78.155.30 - - [01/Sep/2022:08:51:29 +0800] "POST /xingrg/dwr/call/plaincall/AjaxCheckService.setItemNumber.dwr HTTP/1.1" 200 76
114.84.5.35 - - [01/Sep/2022:08:51:31 +0800] "POST /xingrg/dwr/call/plaincall/AjaxCheckService.setItemNumber.dwr HTTP/1.1" 200 78
124.78.155.30 - - [01/Sep/2022:08:51:31 +0800] "POST /xingrg/dwr/call/plaincall/AjaxCheckService.setItemNumber.dwr HTTP/1.1" 200 78
124.78.155.30 - - [01/Sep/2022:08:51:31 +0800] "POST /xingrg/dwr/call/plaincall/AjaxCheckService.setItemNumber.dwr HTTP/1.1" 200 76
124.78.155.30 - - [01/Sep/2022:08:51:31 +0800] "POST /xingrg/dwr/call/plaincall/AjaxCheckService.setItemNumber.dwr HTTP/1.1" 200 78
116.232.194.65 - - [01/Sep/2022:08:51:32 +0800] "GET /xingrg/all/function/internal_message.html?_=1661993444663&CODE_STATE=getMsg HTTP/1.1" 200 27
124.78.155.30 - - [01/Sep/2022:08:51:33 +0800] "POST /xingrg/dwr/call/plaincall/AjaxCheckService.setItemNumber.dwr HTTP/1.1" 200 76
114.84.5.35 - - [01/Sep/2022:08:51:33 +0800] "POST /xingrg/dwr/call/plaincall/AjaxCheckService.setItemNumber.dwr HTTP/1.1" 200 78
124.78.155.30 - - [01/Sep/2022:08:51:33 +0800] "POST /xingrg/dwr/call/plaincall/AjaxCheckService.setItemNumber.dwr HTTP/1.1" 200 78
114.84.5.35 - - [01/Sep/2022:08:51:34 +0800] "POST /xingrg/dwr/call/plaincall/AjaxCheckService.setItemNumber.dwr HTTP/1.1" 200 78
124.78.155.30 - - [01/Sep/2022:08:51:34 +0800] "POST /xingrg/dwr/call/plaincall/AjaxCheckService.setItemNumber.dwr HTTP/1.1" 200 76
124.78.155.30 - - [01/Sep/2022:08:51:35 +0800] "POST /xingrg/dwr/call/plaincall/AjaxCheckService.setItemNumber.dwr HTTP/1.1" 200 78
114.84.5.35 - - [01/Sep/2022:08:51:36 +0800] "POST /xingrg/dwr/call/plaincall/AjaxCheckService.setItemNumber.dwr HTTP/1.1" 200 78
124.78.155.30 - - [01/Sep/2022:08:51:36 +0800] "GET /xingrg/check_reg.html?_=1661993490500 HTTP/1.1" 200 22
124.78.155.30 - - [01/Sep/2022:08:51:36 +0800] "GET /xingrg/all/function/internal_message.html?_=1661993491196&CODE_STATE=getMsg HTTP/1.1" 200 27
116.225.121.189 - - [01/Sep/2022:08:51:37 +0800] "GET /xingrg/kc/buy/cgsh_order_operate.html?command=get_materiel&rest_code=00105&code=00101008224&supplier_code=00100203&order_time=2022-09-01 HTTP/1.1" 200 416
124.78.155.30 - - [01/Sep/2022:08:51:37 +0800] "POST /xingrg/dwr/call/plaincall/AjaxCheckService.setItemNumber.dwr HTTP/1.1" 200 78
114.84.5.35 - - [01/Sep/2022:08:51:37 +0800] "POST /xingrg/dwr/call/plaincall/AjaxCheckService.setItemNumber.dwr HTTP/1.1" 200 78
116.225.121.189 - - [01/Sep/2022:08:51:37 +0800] "POST /xingrg/kc/base/stock_operate.html HTTP/1.1" 200 4370
114.84.5.35 - - [01/Sep/2022:08:51:38 +0800] "POST /xingrg/dwr/call/plaincall/AjaxCheckService.setItemNumber.dwr HTTP/1.1" 200 78
180.169.147.146 - - [01/Sep/2022:08:51:39 +0800] "GET /xingrg/check_reg.html?_=1661993497923 HTTP/1.1" 302 -
180.169.147.146 - - [01/Sep/2022:08:51:39 +0800] "GET /xingrg/all/function/internal_message.html?_=1661993497924&CODE_STATE=getMsg HTTP/1.1" 302 -
124.78.155.30 - - [01/Sep/2022:08:51:39 +0800] "POST /xingrg/dwr/call/plaincall/AjaxCheckService.setItemNumber.dwr HTTP/1.1" 200 78
114.84.5.35 - - [01/Sep/2022:08:51:40 +0800] "POST /xingrg/dwr/call/plaincall/AjaxCheckService.setItemNumber.dwr HTTP/1.1" 200 78
124.78.155.30 - - [01/Sep/2022:08:51:40 +0800] "POST /xingrg/dwr/call/plaincall/AjaxCheckService.setItemNumber.dwr HTTP/1.1" 200 78
114.84.5.35 - - [01/Sep/2022:08:51:41 +0800] "POST /xingrg/dwr/call/plaincall/AjaxCheckService.setItemNumber.dwr HTTP/1.1" 200 78
124.78.155.30 - - [01/Sep/2022:08:51:42 +0800] "POST /xingrg/dwr/call/plaincall/AjaxCheckService.setItemNumber.dwr HTTP/1.1" 200 78
114.84.5.35 - - [01/Sep/2022:08:51:42 +0800] "POST /xingrg/dwr/call/plaincall/AjaxCheckService.setItemNumber.dwr HTTP/1.1" 200 78
124.78.155.30 - - [01/Sep/2022:08:51:44 +0800] "POST /xingrg/dwr/call/plaincall/AjaxCheckService.setItemNumber.dwr HTTP/1.1" 200 78
124.78.155.30 - - [01/Sep/2022:08:51:44 +0800] "GET /xingrg/all/function/internal_message.html?_=1661993512335&CODE_STATE=getMsg HTTP/1.1" 200 27
114.84.5.35 - - [01/Sep/2022:08:51:44 +0800] "POST /xingrg/dwr/call/plaincall/AjaxCheckService.setItemNumber.dwr HTTP/1.1" 200 78
116.225.121.189 - - [01/Sep/2022:08:51:45 +0800] "GET /xingrg/all/function/internal_message.html?_=1661993503450&CODE_STATE=getMsg HTTP/1.1" 200 27
116.224.123.211 - - [01/Sep/2022:08:51:45 +0800] "GET /xingrg/all/function/internal_message.html?_=1661993502722&CODE_STATE=getMsg HTTP/1.1" 200 27
124.78.155.30 - - [01/Sep/2022:08:51:45 +0800] "POST /xingrg/dwr/call/plaincall/AjaxCheckService.setItemNumber.dwr HTTP/1.1" 200 78
124.78.155.30 - - [01/Sep/2022:08:51:46 +0800] "POST /xingrg/dwr/call/plaincall/AjaxCheckService.setItemNumber.dwr HTTP/1.1" 200 78
116.225.121.189 - - [01/Sep/2022:08:51:46 +0800] "GET /xingrg/kc/buy/cgsh_order_operate.html?command=get_materiel&rest_code=00105&code=00101008003&supplier_code=00100203&order_time=2022-09-01 HTTP/1.1" 200 408
124.78.155.30 - - [01/Sep/2022:08:51:47 +0800] "POST /xingrg/dwr/call/plaincall/AjaxCheckService.setItemNumber.dwr HTTP/1.1" 200 78
116.232.194.65 - - [01/Sep/2022:08:51:47 +0800] "POST /xingrg/kc/buy/cgsh_list_operate.html HTTP/1.1" 200 1551
124.78.155.30 - - [01/Sep/2022:08:51:48 +0800] "POST /xingrg/dwr/call/plaincall/AjaxCheckService.setItemNumber.dwr HTTP/1.1" 200 78
116.232.194.65 - - [01/Sep/2022:08:51:49 +0800] "POST /xingrg/kc/buy/cgsh_list_operate.html HTTP/1.1" 200 572
116.232.194.65 - - [01/Sep/2022:08:51:50 +0800] "GET /xingrg/kc/buy/cgsh_order_info.html?code=212022080802318 HTTP/1.1" 200 63422
116.232.194.65 - - [01/Sep/2022:08:51:50 +0800] "GET /xingrg/javascript/easyui/themes/default/validatebox.css HTTP/1.1" 404 1104
116.232.194.65 - - [01/Sep/2022:08:51:51 +0800] "POST /xingrg/kc/buy/cgsh_order_operate.html HTTP/1.1" 200 9509
124.78.155.30 - - [01/Sep/2022:08:51:51 +0800] "POST /xingrg/dwr/call/plaincall/AjaxCheckService.checkOrder.dwr HTTP/1.1" 200 78
114.84.5.35 - - [01/Sep/2022:08:51:52 +0800] "POST /xingrg/dwr/call/plaincall/AjaxCheckService.setItemNumber.dwr HTTP/1.1" 200 78
124.78.155.30 - - [01/Sep/2022:08:51:52 +0800] "GET /xingrg/kc/base/check_order_info.html?code=452022083100355 HTTP/1.1" 200 22862
124.78.155.30 - - [01/Sep/2022:08:51:52 +0800] "GET /xingrg/dwr/interface/AjaxCheckService.js HTTP/1.1" 200 14003
124.78.155.30 - - [01/Sep/2022:08:51:52 +0800] "GET /xingrg/dwr/interface/AjaxComOrderService.js HTTP/1.1" 200 18264
124.78.155.30 - - [01/Sep/2022:08:51:52 +0800] "GET /xingrg/dwr/engine.js HTTP/1.1" 200 43631
124.78.155.30 - - [01/Sep/2022:08:51:52 +0800] "POST /xingrg/dwr/call/plaincall/AjaxCheckService.loadOrderItems.dwr HTTP/1.1" 200 3197
116.225.121.189 - - [01/Sep/2022:08:51:54 +0800] "GET /xingrg/kc/buy/cgsh_order_operate.html?command=get_materiel&rest_code=00105&code=00101008201&supplier_code=00100203&order_time=2022-09-01 HTTP/1.1" 200 412
124.78.155.30 - - [01/Sep/2022:08:51:55 +0800] "GET /xingrg/kc/base/check_order_list.html?isBack=1 HTTP/1.1" 200 16299
124.78.155.30 - - [01/Sep/2022:08:51:55 +0800] "POST /xingrg/kc/base/check_list_operate.html HTTP/1.1" 200 2886
114.84.5.35 - - [01/Sep/2022:08:51:55 +0800] "POST /xingrg/dwr/call/plaincall/AjaxCheckService.setItemNumber.dwr HTTP/1.1" 200 78
114.84.5.35 - - [01/Sep/2022:08:51:56 +0800] "GET /xingrg/all/function/internal_message.html?_=1661993512489&CODE_STATE=getMsg HTTP/1.1" 200 27
124.78.155.30 - - [01/Sep/2022:08:51:57 +0800] "POST /xingrg/dwr/call/plaincall/AjaxCheckService.setItemNumber.dwr HTTP/1.1" 200 78
124.78.155.30 - - [01/Sep/2022:08:51:57 +0800] "POST /xingrg/dwr/call/plaincall/AjaxCheckService.setItemNumber.dwr HTTP/1.1" 200 78
120.253.135.82 - - [01/Sep/2022:08:51:58 +0800] "GET /xingrg/all/function/internal_message.html?_=1661993644048&CODE_STATE=getMsg HTTP/1.1" 200 27
124.78.155.30 - - [01/Sep/2022:08:51:58 +0800] "GET /xingrg/kc/base/check_order_info.html?code=452022083100354 HTTP/1.1" 200 26484
124.78.155.30 - - [01/Sep/2022:08:51:58 +0800] "GET /xingrg/dwr/interface/AjaxCheckService.js HTTP/1.1" 200 14003
124.78.155.30 - - [01/Sep/2022:08:51:58 +0800] "GET /xingrg/dwr/interface/AjaxComOrderService.js HTTP/1.1" 200 18264
124.78.155.30 - - [01/Sep/2022:08:51:58 +0800] "GET /xingrg/dwr/engine.js HTTP/1.1" 200 43631
124.78.155.30 - - [01/Sep/2022:08:51:59 +0800] "POST /xingrg/dwr/call/plaincall/AjaxCheckService.loadOrderItems.dwr HTTP/1.1" 200 5434
124.78.155.30 - - [01/Sep/2022:08:51:59 +0800] "POST /xingrg/dwr/call/plaincall/AjaxCheckService.setItemNumber.dwr HTTP/1.1" 200 78
124.78.155.30 - - [01/Sep/2022:08:51:59 +0800] "POST /xingrg/dwr/call/plaincall/AjaxCheckService.setItemNumber.dwr HTTP/1.1" 200 78
180.169.147.146 - - [01/Sep/2022:08:52:00 +0800] "GET /xingrg/all/function/internal_message.html?_=1661993990885&CODE_STATE=getMsg HTTP/1.1" 302 -
116.225.121.189 - - [01/Sep/2022:08:52:00 +0800] "GET /xingrg/kc/buy/cgsh_order_operate.html?command=get_materiel&rest_code=00105&code=00101008126&supplier_code=00100203&order_time=2022-09-01 HTTP/1.1" 200 412
124.78.155.30 - - [01/Sep/2022:08:52:00 +0800] "POST /xingrg/dwr/call/plaincall/AjaxCheckService.setItemNumber.dwr HTTP/1.1" 200 78
124.78.155.30 - - [01/Sep/2022:08:52:02 +0800] "POST /xingrg/dwr/call/plaincall/AjaxCheckService.setItemNumber.dwr HTTP/1.1" 200 78
116.224.255.128 - - [01/Sep/2022:08:52:02 +0800] "GET /xingrg/all/function/internal_message.html?_=1661993518865&CODE_STATE=getMsg HTTP/1.1" 200 27
124.78.155.30 - - [01/Sep/2022:08:52:02 +0800] "POST /xingrg/dwr/call/plaincall/AjaxCheckService.setItemNumber.dwr HTTP/1.1" 200 78
124.78.155.30 - - [01/Sep/2022:08:52:03 +0800] "POST /xingrg/dwr/call/plaincall/AjaxCheckService.setItemNumber.dwr HTTP/1.1" 200 78
124.78.155.30 - - [01/Sep/2022:08:52:04 +0800] "POST /xingrg/dwr/call/plaincall/AjaxCheckService.setItemNumber.dwr HTTP/1.1" 200 78
58.40.7.146 - - [01/Sep/2022:08:52:04 +0800] "GET /xingrg/check_reg.html?_=1661993522430 HTTP/1.1" 302 -
58.40.7.146 - - [01/Sep/2022:08:52:04 +0800] "GET /xingrg/login.html HTTP/1.1" 200 7641
124.78.155.30 - - [01/Sep/2022:08:52:05 +0800] "POST /xingrg/dwr/call/plaincall/AjaxCheckService.setItemNumber.dwr HTTP/1.1" 200 78
124.78.155.30 - - [01/Sep/2022:08:52:06 +0800] "POST /xingrg/dwr/call/plaincall/AjaxCheckService.setItemNumber.dwr HTTP/1.1" 200 78
124.78.155.30 - - [01/Sep/2022:08:52:06 +0800] "POST /xingrg/dwr/call/plaincall/AjaxCheckService.setItemNumber.dwr HTTP/1.1" 200 78
116.225.121.189 - - [01/Sep/2022:08:52:07 +0800] "GET /xingrg/kc/buy/cgsh_order_operate.html?command=get_materiel&rest_code=00105&code=00101008361&supplier_code=00100203&order_time=2022-09-01 HTTP/1.1" 200 408
124.78.155.30 - - [01/Sep/2022:08:52:07 +0800] "POST /xingrg/dwr/call/plaincall/AjaxCheckService.setItemNumber.dwr HTTP/1.1" 200 78
124.78.155.30 - - [01/Sep/2022:08:52:08 +0800] "POST /xingrg/dwr/call/plaincall/AjaxCheckService.setItemNumber.dwr HTTP/1.1" 200 78
114.88.158.224 - - [01/Sep/2022:08:52:10 +0800] "GET /xingrg/all/function/internal_message.html?_=1661993203258&CODE_STATE=getMsg HTTP/1.1" 200 27
124.78.155.30 - - [01/Sep/2022:08:52:11 +0800] "POST /xingrg/dwr/call/plaincall/AjaxCheckService.setItemNumber.dwr HTTP/1.1" 200 78
124.78.155.30 - - [01/Sep/2022:08:52:11 +0800] "POST /xingrg/dwr/call/plaincall/AjaxCheckService.setItemNumber.dwr HTTP/1.1" 200 78
124.78.155.30 - - [01/Sep/2022:08:52:12 +0800] "POST /xingrg/dwr/call/plaincall/AjaxCheckService.setItemNumber.dwr HTTP/1.1" 200 78
124.78.155.30 - - [01/Sep/2022:08:52:13 +0800] "POST /xingrg/dwr/call/plaincall/AjaxCheckService.setItemNumber.dwr HTTP/1.1" 200 78
124.78.155.30 - - [01/Sep/2022:08:52:14 +0800] "POST /xingrg/dwr/call/plaincall/AjaxCheckService.setItemNumber.dwr HTTP/1.1" 200 78
116.225.121.189 - - [01/Sep/2022:08:52:14 +0800] "GET /xingrg/all/function/internal_message.html?_=1661993398414&CODE_STATE=getMsg HTTP/1.1" 200 27
116.225.121.189 - - [01/Sep/2022:08:52:15 +0800] "GET /xingrg/kc/buy/cgsh_order_operate.html?command=get_materiel&rest_code=00105&code=00101008356&supplier_code=00100203&order_time=2022-09-01 HTTP/1.1" 200 409
124.78.155.30 - - [01/Sep/2022:08:52:15 +0800] "POST /xingrg/dwr/call/plaincall/AjaxCheckService.setItemNumber.dwr HTTP/1.1" 200 78
124.78.155.30 - - [01/Sep/2022:08:52:16 +0800] "POST /xingrg/dwr/call/plaincall/AjaxCheckService.setItemNumber.dwr HTTP/1.1" 200 78
124.78.155.30 - - [01/Sep/2022:08:52:19 +0800] "POST /xingrg/dwr/call/plaincall/AjaxCheckService.setItemNumber.dwr HTTP/1.1" 200 78
124.78.155.30 - - [01/Sep/2022:08:52:20 +0800] "POST /xingrg/dwr/call/plaincall/AjaxCheckService.setItemNumber.dwr HTTP/1.1" 200 78
124.78.155.30 - - [01/Sep/2022:08:52:21 +0800] "POST /xingrg/dwr/call/plaincall/AjaxCheckService.setItemNumber.dwr HTTP/1.1" 200 78
124.78.155.30 - - [01/Sep/2022:08:52:22 +0800] "POST /xingrg/dwr/call/plaincall/AjaxCheckService.setItemNumber.dwr HTTP/1.1" 200 78
120.253.135.82 - - [01/Sep/2022:08:52:22 +0800] "GET /xingrg/all/function/internal_message.html?_=1661993342847&CODE_STATE=getMsg HTTP/1.1" 200 27
124.78.155.30 - - [01/Sep/2022:08:52:22 +0800] "POST /xingrg/dwr/call/plaincall/AjaxCheckService.setItemNumber.dwr HTTP/1.1" 200 78
124.78.155.30 - - [01/Sep/2022:08:52:24 +0800] "POST /xingrg/dwr/call/plaincall/AjaxCheckService.setItemNumber.dwr HTTP/1.1" 200 78
101.83.240.123 - - [01/Sep/2022:08:52:25 +0800] "GET /xingrg/all/function/internal_message.html?_=1661993540153&CODE_STATE=getMsg HTTP/1.1" 200 27
124.78.155.30 - - [01/Sep/2022:08:52:27 +0800] "POST /xingrg/dwr/call/plaincall/AjaxCheckService.setItemNumber.dwr HTTP/1.1" 200 78
116.232.194.65 - - [01/Sep/2022:08:52:32 +0800] "GET /xingrg/all/function/internal_message.html?_=1661993504672&CODE_STATE=getMsg HTTP/1.1" 200 27
116.225.121.189 - - [01/Sep/2022:08:52:35 +0800] "GET /xingrg/kc/buy/cgsh_order_operate.html?command=get_materiel&rest_code=00105&code=00101008212&supplier_code=00100203&order_time=2022-09-01 HTTP/1.1" 200 412
124.78.155.30 - - [01/Sep/2022:08:52:35 +0800] "POST /xingrg/dwr/call/plaincall/AjaxCheckService.setItemNumber.dwr HTTP/1.1" 200 78
116.224.255.128 - - [01/Sep/2022:08:52:35 +0800] "POST /xingrg/kc/buy/cgsh_order_operate.html HTTP/1.1" 200 37
124.78.155.30 - - [01/Sep/2022:08:52:36 +0800] "GET /xingrg/all/function/internal_message.html?_=1661993551305&CODE_STATE=getMsg HTTP/1.1" 200 27
124.78.155.30 - - [01/Sep/2022:08:52:37 +0800] "POST /xingrg/dwr/call/plaincall/AjaxCheckService.setItemNumber.dwr HTTP/1.1" 200 78
124.78.155.30 - - [01/Sep/2022:08:52:38 +0800] "POST /xingrg/dwr/call/plaincall/AjaxCheckService.setItemNumber.dwr HTTP/1.1" 200 78
180.169.147.146 - - [01/Sep/2022:08:52:39 +0800] "GET /xingrg/all/function/internal_message.html?_=1661993557914&CODE_STATE=getMsg HTTP/1.1" 302 -
124.78.155.30 - - [01/Sep/2022:08:52:40 +0800] "POST /xingrg/dwr/call/plaincall/AjaxCheckService.setItemNumber.dwr HTTP/1.1" 200 78
124.78.155.30 - - [01/Sep/2022:08:52:41 +0800] "POST /xingrg/dwr/call/plaincall/AjaxCheckService.setItemNumber.dwr HTTP/1.1" 200 78
116.225.121.189 - - [01/Sep/2022:08:52:42 +0800] "GET /xingrg/kc/buy/cgsh_order_operate.html?command=get_materiel&rest_code=00105&code=00101008357&supplier_code=00100203&order_time=2022-09-01 HTTP/1.1" 200 408
124.78.155.30 - - [01/Sep/2022:08:52:43 +0800] "POST /xingrg/dwr/call/plaincall/AjaxCheckService.setItemNumber.dwr HTTP/1.1" 200 78
124.78.155.30 - - [01/Sep/2022:08:52:44 +0800] "GET /xingrg/all/function/internal_message.html?_=1661993572327&CODE_STATE=getMsg HTTP/1.1" 200 27
116.225.121.189 - - [01/Sep/2022:08:52:45 +0800] "GET /xingrg/all/function/internal_message.html?_=1661993563553&CODE_STATE=getMsg HTTP/1.1" 200 27
116.224.123.211 - - [01/Sep/2022:08:52:45 +0800] "GET /xingrg/all/function/internal_message.html?_=1661993562709&CODE_STATE=getMsg HTTP/1.1" 200 27
124.78.155.30 - - [01/Sep/2022:08:52:45 +0800] "POST /xingrg/dwr/call/plaincall/AjaxCheckService.setItemNumber.dwr HTTP/1.1" 200 78
116.224.255.128 - - [01/Sep/2022:08:52:50 +0800] "POST /xingrg/kc/buy/cgsh_order_operate.html HTTP/1.1" 200 12
116.224.255.128 - - [01/Sep/2022:08:52:51 +0800] "GET /xingrg/kc/buy/cgsh_order_info.html?code=212022090100004 HTTP/1.1" 200 63416
116.225.121.189 - - [01/Sep/2022:08:52:51 +0800] "GET /xingrg/kc/buy/cgsh_order_operate.html?command=get_materiel&rest_code=00105&code=00101008286&supplier_code=00100203&order_time=2022-09-01 HTTP/1.1" 200 408
116.224.255.128 - - [01/Sep/2022:08:52:51 +0800] "GET /xingrg/javascript/easyui/themes/default/validatebox.css HTTP/1.1" 404 1104
116.224.255.128 - - [01/Sep/2022:08:52:52 +0800] "POST /xingrg/kc/buy/cgsh_order_operate.html HTTP/1.1" 200 29591
116.224.255.128 - - [01/Sep/2022:08:52:53 +0800] "GET /xingrg/kc/print/load_data.html?order_code=212022090100004&kc_code=cgsh&condition= HTTP/1.1" 200 11681
116.225.121.189 - - [01/Sep/2022:08:52:54 +0800] "POST /xingrg/kc/buy/cgsh_order_operate.html HTTP/1.1" 200 2065
124.78.155.30 - - [01/Sep/2022:08:52:55 +0800] "POST /xingrg/dwr/call/plaincall/AjaxCheckService.setItemNumber.dwr HTTP/1.1" 200 78
116.225.121.189 - - [01/Sep/2022:08:52:55 +0800] "POST /xingrg/kc/buy/cgsh_order_operate.html HTTP/1.1" 200 2065
114.84.5.35 - - [01/Sep/2022:08:52:56 +0800] "GET /xingrg/all/function/internal_message.html?_=1661993572471&CODE_STATE=getMsg HTTP/1.1" 200 27
124.78.155.30 - - [01/Sep/2022:08:52:56 +0800] "POST /xingrg/dwr/call/plaincall/AjaxCheckService.setItemNumber.dwr HTTP/1.1" 200 78
124.78.155.30 - - [01/Sep/2022:08:52:58 +0800] "POST /xingrg/dwr/call/plaincall/AjaxCheckService.setItemNumber.dwr HTTP/1.1" 200 78
120.253.135.82 - - [01/Sep/2022:08:52:58 +0800] "GET /xingrg/all/function/internal_message.html?_=1661993704065&CODE_STATE=getMsg HTTP/1.1" 200 27
124.78.155.30 - - [01/Sep/2022:08:52:58 +0800] "POST /xingrg/dwr/call/plaincall/AjaxCheckService.setItemNumber.dwr HTTP/1.1" 200 78
180.169.147.146 - - [01/Sep/2022:08:53:00 +0800] "GET /xingrg/all/function/internal_message.html?_=1661994051198&CODE_STATE=getMsg HTTP/1.1" 302 -
116.224.255.128 - - [01/Sep/2022:08:53:02 +0800] "GET /xingrg/all/function/internal_message.html?_=1661993578842&CODE_STATE=getMsg HTTP/1.1" 200 27
124.78.155.30 - - [01/Sep/2022:08:53:05 +0800] "POST /xingrg/dwr/call/plaincall/AjaxCheckService.checkOrder.dwr HTTP/1.1" 200 78
124.78.155.30 - - [01/Sep/2022:08:53:06 +0800] "POST /xingrg/dwr/call/plaincall/AjaxCheckService.setItemNumber.dwr HTTP/1.1" 200 78
124.78.155.30 - - [01/Sep/2022:08:53:08 +0800] "POST /xingrg/dwr/call/plaincall/AjaxCheckService.setItemNumber.dwr HTTP/1.1" 200 78
116.225.121.189 - - [01/Sep/2022:08:53:09 +0800] "GET /xingrg/kc/buy/cgsh_order_operate.html?command=get_materiel&rest_code=00105&code=00101008108&supplier_code=00100203&order_time=2022-09-01 HTTP/1.1" 200 412
116.225.121.189 - - [01/Sep/2022:08:53:10 +0800] "POST /xingrg/kc/base/stock_operate.html HTTP/1.1" 200 4431
114.88.158.224 - - [01/Sep/2022:08:53:10 +0800] "GET /xingrg/all/function/internal_message.html?_=1661993263238&CODE_STATE=getMsg HTTP/1.1" 200 27
116.225.121.189 - - [01/Sep/2022:08:53:13 +0800] "POST /xingrg/kc/base/stock_operate.html HTTP/1.1" 200 4591
116.232.194.65 - - [01/Sep/2022:08:53:14 +0800] "POST /xingrg/kc/buy/cgsh_list_operate.html HTTP/1.1" 200 1551
116.225.121.189 - - [01/Sep/2022:08:53:14 +0800] "GET /xingrg/all/function/internal_message.html?_=1661993458413&CODE_STATE=getMsg HTTP/1.1" 200 27
116.232.194.65 - - [01/Sep/2022:08:53:17 +0800] "POST /xingrg/kc/buy/cgsh_list_operate.html HTTP/1.1" 200 1551
124.78.155.30 - - [01/Sep/2022:08:53:19 +0800] "GET /xingrg/kc/base/check_order_info.html?code=452022083100354 HTTP/1.1" 200 22862
124.78.155.30 - - [01/Sep/2022:08:53:19 +0800] "GET /xingrg/dwr/interface/AjaxComOrderService.js HTTP/1.1" 200 18264
124.78.155.30 - - [01/Sep/2022:08:53:19 +0800] "GET /xingrg/dwr/interface/AjaxCheckService.js HTTP/1.1" 200 14003
124.78.155.30 - - [01/Sep/2022:08:53:19 +0800] "GET /xingrg/dwr/engine.js HTTP/1.1" 200 43631
124.78.155.30 - - [01/Sep/2022:08:53:19 +0800] "POST /xingrg/dwr/call/plaincall/AjaxCheckService.loadOrderItems.dwr HTTP/1.1" 200 2586
116.225.121.189 - - [01/Sep/2022:08:53:19 +0800] "POST /xingrg/kc/base/stock_operate.html HTTP/1.1" 200 4593
124.78.155.30 - - [01/Sep/2022:08:53:20 +0800] "POST /xingrg/dwr/call/plaincall/AjaxCheckService.setItemNumber.dwr HTTP/1.1" 200 78
124.78.155.30 - - [01/Sep/2022:08:53:21 +0800] "GET /xingrg/kc/base/check_order_list.html?isBack=1 HTTP/1.1" 200 16299
124.78.155.30 - - [01/Sep/2022:08:53:21 +0800] "POST /xingrg/kc/base/check_list_operate.html HTTP/1.1" 200 2556
120.253.135.82 - - [01/Sep/2022:08:53:22 +0800] "GET /xingrg/check_reg.html?_=1661993402531 HTTP/1.1" 200 22
120.253.135.82 - - [01/Sep/2022:08:53:22 +0800] "GET /xingrg/all/function/internal_message.html?_=1661993402859&CODE_STATE=getMsg HTTP/1.1" 200 27
101.83.240.123 - - [01/Sep/2022:08:53:25 +0800] "GET /xingrg/all/function/internal_message.html?_=1661993600171&CODE_STATE=getMsg HTTP/1.1" 200 27
116.225.121.189 - - [01/Sep/2022:08:53:25 +0800] "POST /xingrg/kc/base/stock_operate.html HTTP/1.1" 200 4672
114.88.158.224 - - [01/Sep/2022:08:53:28 +0800] "GET /xingrg/check_reg.html?_=1661993281304 HTTP/1.1" 200 22
124.78.155.30 - - [01/Sep/2022:08:53:29 +0800] "POST /xingrg/services/DataTransmitService HTTP/1.1" 200 524
116.225.121.189 - - [01/Sep/2022:08:53:29 +0800] "POST /xingrg/kc/base/stock_operate.html HTTP/1.1" 200 4563
116.232.194.65 - - [01/Sep/2022:08:53:30 +0800] "POST /xingrg/kc/buy/cgsh_list_operate.html HTTP/1.1" 200 1551
116.232.194.65 - - [01/Sep/2022:08:53:32 +0800] "POST /xingrg/kc/buy/cgsh_list_operate.html HTTP/1.1" 200 277
116.232.194.65 - - [01/Sep/2022:08:53:32 +0800] "GET /xingrg/kc/buy/cgsh_order_info.html?code=212022080802320 HTTP/1.1" 200 63422
116.232.194.65 - - [01/Sep/2022:08:53:32 +0800] "GET /xingrg/all/function/internal_message.html?_=1661993564687&CODE_STATE=getMsg HTTP/1.1" 200 27
116.232.194.65 - - [01/Sep/2022:08:53:33 +0800] "GET /xingrg/javascript/easyui/themes/default/validatebox.css HTTP/1.1" 404 1104
116.232.194.65 - - [01/Sep/2022:08:53:33 +0800] "POST /xingrg/kc/buy/cgsh_order_operate.html HTTP/1.1" 200 1205
116.225.121.189 - - [01/Sep/2022:08:53:34 +0800] "GET /xingrg/kc/buy/cgsh_order_operate.html?command=get_materiel&rest_code=00105&code=00101008004&supplier_code=00100203&order_time=2022-09-01 HTTP/1.1" 200 416
124.78.155.30 - - [01/Sep/2022:08:53:35 +0800] "GET /xingrg/kc/base/check_order_info.html?code=452022083100353 HTTP/1.1" 200 26484
124.78.155.30 - - [01/Sep/2022:08:53:35 +0800] "GET /xingrg/dwr/interface/AjaxCheckService.js HTTP/1.1" 200 14003
124.78.155.30 - - [01/Sep/2022:08:53:35 +0800] "GET /xingrg/dwr/interface/AjaxComOrderService.js HTTP/1.1" 200 18264
124.78.155.30 - - [01/Sep/2022:08:53:35 +0800] "GET /xingrg/dwr/engine.js HTTP/1.1" 200 43631
124.78.155.30 - - [01/Sep/2022:08:53:35 +0800] "POST /xingrg/dwr/call/plaincall/AjaxCheckService.loadOrderItems.dwr HTTP/1.1" 200 103774
124.78.155.30 - - [01/Sep/2022:08:53:36 +0800] "GET /xingrg/all/function/internal_message.html?_=1661993611286&CODE_STATE=getMsg HTTP/1.1" 200 27
180.169.147.146 - - [01/Sep/2022:08:53:39 +0800] "GET /xingrg/all/function/internal_message.html?_=1661993617903&CODE_STATE=getMsg HTTP/1.1" 302 -
116.225.121.189 - - [01/Sep/2022:08:53:40 +0800] "GET /xingrg/kc/buy/cgsh_order_operate.html?command=get_materiel&rest_code=00105&code=00101008298&supplier_code=00100203&order_time=2022-09-01 HTTP/1.1" 200 412
124.78.155.30 - - [01/Sep/2022:08:53:44 +0800] "POST /xingrg/dwr/call/plaincall/AjaxCheckService.setItemNumber.dwr HTTP/1.1" 200 78
124.78.155.30 - - [01/Sep/2022:08:53:44 +0800] "GET /xingrg/all/function/internal_message.html?_=1661993632342&CODE_STATE=getMsg HTTP/1.1" 200 27
116.225.121.189 - - [01/Sep/2022:08:53:45 +0800] "GET /xingrg/all/function/internal_message.html?_=1661993623445&CODE_STATE=getMsg HTTP/1.1" 200 27
116.225.121.189 - - [01/Sep/2022:08:53:45 +0800] "GET /xingrg/check_reg.html?_=1661993623446 HTTP/1.1" 200 22
116.224.123.211 - - [01/Sep/2022:08:53:45 +0800] "GET /xingrg/all/function/internal_message.html?_=1661993622718&CODE_STATE=getMsg HTTP/1.1" 200 27
120.253.135.82 - - [01/Sep/2022:08:53:47 +0800] "GET /xingrg/check_reg.html?_=1661993752582 HTTP/1.1" 200 22
124.78.155.30 - - [01/Sep/2022:08:53:47 +0800] "POST /xingrg/dwr/call/plaincall/AjaxCheckService.setItemNumber.dwr HTTP/1.1" 200 78
116.225.121.189 - - [01/Sep/2022:08:53:47 +0800] "GET /xingrg/kc/buy/cgsh_order_operate.html?command=get_materiel&rest_code=00105&code=00101008283&supplier_code=00100203&order_time=2022-09-01 HTTP/1.1" 200 408
116.224.255.128 - - [01/Sep/2022:08:53:47 +0800] "GET /xingrg/kc/buy/cgsh_order_list.html HTTP/1.1" 200 52737
116.224.255.128 - - [01/Sep/2022:08:53:48 +0800] "POST /xingrg/kc/buy/cgsh_list_operate.html HTTP/1.1" 200 752
116.224.255.128 - - [01/Sep/2022:08:53:51 +0800] "GET /xingrg/kc/buy/cgsh_order_add.html HTTP/1.1" 200 68513
116.224.255.128 - - [01/Sep/2022:08:53:51 +0800] "POST /xingrg/kc/buy/cgsh_order_operate.html HTTP/1.1" 200 8245
116.224.255.128 - - [01/Sep/2022:08:53:51 +0800] "GET /xingrg/javascript/easyui/themes/default/validatebox.css HTTP/1.1" 404 1104
124.78.155.30 - - [01/Sep/2022:08:53:54 +0800] "POST /xingrg/dwr/call/plaincall/AjaxCheckService.setItemNumber.dwr HTTP/1.1" 200 78
114.84.5.35 - - [01/Sep/2022:08:53:56 +0800] "GET /xingrg/all/function/internal_message.html?_=1661993632453&CODE_STATE=getMsg HTTP/1.1" 200 27
180.169.147.146 - - [01/Sep/2022:08:53:56 +0800] "GET /xingrg/check_reg.html?_=1661994107297 HTTP/1.1" 302 -
120.253.135.82 - - [01/Sep/2022:08:53:58 +0800] "GET /xingrg/all/function/internal_message.html?_=1661993764073&CODE_STATE=getMsg HTTP/1.1" 200 27
116.225.121.189 - - [01/Sep/2022:08:53:58 +0800] "GET /xingrg/kc/buy/cgsh_order_operate.html?command=get_materiel&rest_code=00105&code=00101008403&supplier_code=00100203&order_time=2022-09-01 HTTP/1.1" 200 413
124.78.155.30 - - [01/Sep/2022:08:53:59 +0800] "POST /xingrg/dwr/call/plaincall/AjaxCheckService.setItemNumber.dwr HTTP/1.1" 200 78
180.169.147.146 - - [01/Sep/2022:08:54:00 +0800] "GET /xingrg/all/function/internal_message.html?_=1661994111184&CODE_STATE=getMsg HTTP/1.1" 302 -
124.78.155.30 - - [01/Sep/2022:08:54:00 +0800] "POST /xingrg/dwr/call/plaincall/AjaxCheckService.setItemNumber.dwr HTTP/1.1" 200 78
124.78.155.30 - - [01/Sep/2022:08:54:01 +0800] "POST /xingrg/dwr/call/plaincall/AjaxCheckService.setItemNumber.dwr HTTP/1.1" 200 78
116.225.121.189 - - [01/Sep/2022:08:54:01 +0800] "GET /xingrg/kc/base/base_main.html HTTP/1.1" 200 12142
116.224.255.128 - - [01/Sep/2022:08:54:02 +0800] "GET /xingrg/all/function/internal_message.html?_=1661993638929&CODE_STATE=getMsg HTTP/1.1" 200 27
124.78.155.30 - - [01/Sep/2022:08:54:02 +0800] "POST /xingrg/dwr/call/plaincall/AjaxCheckService.setItemNumber.dwr HTTP/1.1" 200 78
116.224.255.128 - - [01/Sep/2022:08:54:06 +0800] "GET /xingrg/kc/buy/cgsh_order_operate.html?command=get_materiel&rest_code=00150&code=00102013050&supplier_code=00100075&order_time=2022-09-01 HTTP/1.1" 200 413
116.225.121.189 - - [01/Sep/2022:08:54:07 +0800] "GET /xingrg/kc/buy/cgsh_order_operate.html?command=get_materiel&rest_code=00105&code=00101008350&supplier_code=00100203&order_time=2022-09-01 HTTP/1.1" 200 408
116.225.121.189 - - [01/Sep/2022:08:54:08 +0800] "GET /xingrg/kc/base/wldb_order_list.html HTTP/1.1" 200 19180
116.225.121.189 - - [01/Sep/2022:08:54:09 +0800] "POST /xingrg/kc/base/wldb_list_operate.html HTTP/1.1" 200 2954
114.88.158.224 - - [01/Sep/2022:08:54:10 +0800] "GET /xingrg/all/function/internal_message.html?_=1661993323210&CODE_STATE=getMsg HTTP/1.1" 200 27
124.78.155.30 - - [01/Sep/2022:08:54:11 +0800] "POST /xingrg/dwr/call/plaincall/AjaxCheckService.setItemNumber.dwr HTTP/1.1" 200 78
124.78.155.30 - - [01/Sep/2022:08:54:12 +0800] "POST /xingrg/dwr/call/plaincall/AjaxCheckService.setItemNumber.dwr HTTP/1.1" 200 78
124.78.155.30 - - [01/Sep/2022:08:54:12 +0800] "POST /xingrg/dwr/call/plaincall/AjaxCheckService.setItemNumber.dwr HTTP/1.1" 200 78
124.78.155.30 - - [01/Sep/2022:08:54:13 +0800] "POST /xingrg/dwr/call/plaincall/AjaxCheckService.setItemNumber.dwr HTTP/1.1" 200 78
116.225.121.189 - - [01/Sep/2022:08:54:14 +0800] "GET /xingrg/all/function/internal_message.html?_=1661993518434&CODE_STATE=getMsg HTTP/1.1" 200 27
124.78.155.30 - - [01/Sep/2022:08:54:14 +0800] "POST /xingrg/dwr/call/plaincall/AjaxCheckService.setItemNumber.dwr HTTP/1.1" 200 78
124.78.155.30 - - [01/Sep/2022:08:54:16 +0800] "POST /xingrg/dwr/call/plaincall/AjaxCheckService.setItemNumber.dwr HTTP/1.1" 200 78
116.225.121.189 - - [01/Sep/2022:08:54:17 +0800] "GET /xingrg/kc/buy/cgsh_order_operate.html?command=get_materiel&rest_code=00105&code=00101008036&supplier_code=00100203&order_time=2022-09-01 HTTP/1.1" 200 408
124.78.155.30 - - [01/Sep/2022:08:54:17 +0800] "POST /xingrg/dwr/call/plaincall/AjaxCheckService.setItemNumber.dwr HTTP/1.1" 200 78
124.78.155.30 - - [01/Sep/2022:08:54:18 +0800] "POST /xingrg/dwr/call/plaincall/AjaxCheckService.setItemNumber.dwr HTTP/1.1" 200 78
116.224.255.128 - - [01/Sep/2022:08:54:19 +0800] "GET /xingrg/kc/buy/cgsh_order_operate.html?command=get_materiel&rest_code=00150&code=00102013051&supplier_code=00100075&order_time=2022-09-01 HTTP/1.1" 200 417
116.225.121.189 - - [01/Sep/2022:08:54:20 +0800] "POST /xingrg/kc/buy/cgsh_order_operate.html HTTP/1.1" 200 2065
116.225.121.189 - - [01/Sep/2022:08:54:22 +0800] "POST /xingrg/kc/buy/cgsh_order_operate.html HTTP/1.1" 200 2065
120.253.135.82 - - [01/Sep/2022:08:54:22 +0800] "GET /xingrg/all/function/internal_message.html?_=1661993462873&CODE_STATE=getMsg HTTP/1.1" 200 27
101.83.240.123 - - [01/Sep/2022:08:54:25 +0800] "GET /xingrg/all/function/internal_message.html?_=1661993660178&CODE_STATE=getMsg HTTP/1.1" 200 27
