180.169.147.146 - - [01/Sep/2022:09:31:37 +0800] "POST /xingrg/dwr/call/plaincall/AjaxCheckService.loadOrderItems.dwr HTTP/1.1" 200 36488
180.169.147.146 - - [01/Sep/2022:09:31:37 +0800] "GET /xingrg/javascript/jquery_easy_ui/themes/icons/no.png HTTP/1.1" 200 922
116.224.255.128 - - [01/Sep/2022:09:31:37 +0800] "GET /xingrg/kc/base/wldb_order_operate.html?command=get_materiel&rest_code=00150&base_code=0010445&code=00101019108 HTTP/1.1" 200 477
58.37.150.172 - - [01/Sep/2022:09:31:37 +0800] "GET /xingrg/supplier_index.html?sysBaseUrl=http%3A%2F%2F180.169.147.146%3A18081%2Fxingrg%2F&costTime=15×tamp=1661995818058 HTTP/1.1" 200 9061
222.69.129.110 - - [01/Sep/2022:09:31:37 +0800] "GET /xingrg/kc/base/stock_operate.html?_=1661995973354&command=get_report_file&start_day=20220802 HTTP/1.1" 200 53
222.69.129.110 - - [01/Sep/2022:09:31:37 +0800] "GET /xingrg/all/report/report_query.html?isQuery=1&onlyBody=1&rh=2000&fileName=kc/base/kc_stock_detail_new.xml&queryString=(1=1)&queryText=&tableQueryString=init_table$sp1$$sp$crk_table$sp1$order_day%20between%2020220802%20and%2020220930&varString=start_day:20220802,materiel_code:00101010822,cost_id:3818,end_date:20220731 HTTP/1.1" 200 48701
222.69.129.110 - - [01/Sep/2022:09:31:37 +0800] "GET /xingrg/dwr/interface/AjaxReportQueryService.js HTTP/1.1" 200 13203
222.69.129.110 - - [01/Sep/2022:09:31:37 +0800] "GET /xingrg/dwr/engine.js HTTP/1.1" 200 43631
58.37.150.172 - - [01/Sep/2022:09:31:37 +0800] "GET /favicon.ico HTTP/1.1" 404 -
222.69.129.110 - - [01/Sep/2022:09:31:38 +0800] "POST /xingrg/all/report/load_report_page.html HTTP/1.1" 200 34913
222.69.129.110 - - [01/Sep/2022:09:31:38 +0800] "GET /xingrg/servlets/image?cache=0.8054509546803553&image=px HTTP/1.1" 200 807
180.169.147.146 - - [01/Sep/2022:09:31:39 +0800] "GET /xingrg/check_reg.html?_=1661995897917 HTTP/1.1" 302 -
180.169.147.146 - - [01/Sep/2022:09:31:40 +0800] "GET /xingrg/all/function/internal_message.html?_=1661995897919&CODE_STATE=getMsg HTTP/1.1" 302 -
180.169.147.146 - - [01/Sep/2022:09:31:43 +0800] "GET /xingrg/kc/base/check_order_info.html?code=452022083100190 HTTP/1.1" 200 26402
180.169.147.146 - - [01/Sep/2022:09:31:43 +0800] "GET /xingrg/dwr/interface/AjaxComOrderService.js HTTP/1.1" 200 18264
180.169.147.146 - - [01/Sep/2022:09:31:43 +0800] "GET /xingrg/dwr/interface/AjaxCheckService.js HTTP/1.1" 200 14003
180.169.147.146 - - [01/Sep/2022:09:31:43 +0800] "GET /xingrg/dwr/engine.js HTTP/1.1" 200 43631
180.169.147.146 - - [01/Sep/2022:09:31:43 +0800] "POST /xingrg/dwr/call/plaincall/AjaxCheckService.loadOrderItems.dwr HTTP/1.1" 200 4942
124.78.155.30 - - [01/Sep/2022:09:31:44 +0800] "GET /xingrg/all/function/internal_message.html?_=1661995912455&CODE_STATE=getMsg HTTP/1.1" 200 27
116.225.121.189 - - [01/Sep/2022:09:31:45 +0800] "GET /xingrg/all/function/internal_message.html?_=1661995903278&CODE_STATE=getMsg HTTP/1.1" 200 27
58.35.213.73 - - [01/Sep/2022:09:31:45 +0800] "POST /xingrg/services/DataTransmitService HTTP/1.1" 200 524
58.35.213.73 - - [01/Sep/2022:09:31:45 +0800] "POST /xingrg/services/DataTransmitService HTTP/1.1" 200 2147
58.35.213.73 - - [01/Sep/2022:09:31:45 +0800] "POST /xingrg/services/DataTransmitService HTTP/1.1" 200 524
58.35.213.73 - - [01/Sep/2022:09:31:45 +0800] "POST /xingrg/services/DataTransmitService HTTP/1.1" 200 2147
222.69.129.110 - - [01/Sep/2022:09:31:46 +0800] "GET /xingrg/kc/guide/show_order.html?code=212022080300846&type=21 HTTP/1.1" 302 -
222.69.129.110 - - [01/Sep/2022:09:31:46 +0800] "GET /xingrg/kc/buy/cgsh_order_info.html?code=212022080300846&sysBaseUrl=http%3A%2F%2F180.169.147.146%3A18081%2Fxingrg%2F&costTime=0×tamp=1661995906361 HTTP/1.1" 200 62618
222.69.129.110 - - [01/Sep/2022:09:31:46 +0800] "GET /favicon.ico HTTP/1.1" 404 -
222.69.129.110 - - [01/Sep/2022:09:31:46 +0800] "GET /xingrg/words/20220831093803_words.js HTTP/1.1" 304 -
222.69.129.110 - - [01/Sep/2022:09:31:46 +0800] "GET /xingrg/javascript/easyui/themes/default/validatebox.css HTTP/1.1" 404 1104
222.69.129.110 - - [01/Sep/2022:09:31:47 +0800] "POST /xingrg/kc/buy/cgsh_order_operate.html HTTP/1.1" 200 3036
58.37.150.172 - - [01/Sep/2022:09:31:47 +0800] "GET /xingrg/supplier/cgsh_order_list.html HTTP/1.1" 200 10896
58.37.150.172 - - [01/Sep/2022:09:31:50 +0800] "POST /xingrg/supplier/cgsh_list_operate.html HTTP/1.1" 200 5376
180.169.147.146 - - [01/Sep/2022:09:31:52 +0800] "POST /xingrg/load_menu.html HTTP/1.1" 200 9695
180.169.147.146 - - [01/Sep/2022:09:31:54 +0800] "GET /xingrg/kc/report/report_main.html HTTP/1.1" 200 7340
180.169.147.146 - - [01/Sep/2022:09:31:56 +0800] "GET /xingrg/all/report/report_query.html?fileName=kc/buy/wlcg_mx.xml HTTP/1.1" 200 51648
180.169.147.146 - - [01/Sep/2022:09:31:56 +0800] "GET /xingrg/javascript/multi_select/jqueryMultiSelect.css HTTP/1.1" 200 951
180.169.147.146 - - [01/Sep/2022:09:31:56 +0800] "GET /xingrg/javascript/calendar/timePicker.css HTTP/1.1" 200 523
180.169.147.146 - - [01/Sep/2022:09:31:56 +0800] "GET /xingrg/javascript/bigrid/fix.css HTTP/1.1" 200 1702
180.169.147.146 - - [01/Sep/2022:09:31:56 +0800] "GET /xingrg/dwr/interface/AjaxReportQueryService.js HTTP/1.1" 200 13203
180.169.147.146 - - [01/Sep/2022:09:31:56 +0800] "GET /xingrg/dwr/engine.js HTTP/1.1" 200 43631
180.169.147.146 - - [01/Sep/2022:09:31:56 +0800] "GET /xingrg/javascript/calendar/jquery.timePicker.min.js HTTP/1.1" 200 2997
180.169.147.146 - - [01/Sep/2022:09:31:56 +0800] "GET /xingrg/javascript/jqueryMultiSelect.js HTTP/1.1" 200 11866
180.169.147.146 - - [01/Sep/2022:09:31:56 +0800] "GET /xingrg/javascript/bigrid/fix.js HTTP/1.1" 200 6439
180.169.147.146 - - [01/Sep/2022:09:31:56 +0800] "GET /xingrg/images/blue/button/advanceover.gif HTTP/1.1" 200 1347
180.169.147.146 - - [01/Sep/2022:09:31:56 +0800] "GET /xingrg/images/blue/button/advance2over.gif HTTP/1.1" 200 1336
180.169.147.146 - - [01/Sep/2022:09:31:56 +0800] "GET /xingrg/images/blue/button/back2over.gif HTTP/1.1" 200 1335
180.169.147.146 - - [01/Sep/2022:09:31:56 +0800] "GET /xingrg/images/blue/button/backover.gif HTTP/1.1" 200 1348
180.169.147.146 - - [01/Sep/2022:09:31:56 +0800] "GET /xingrg/images/control/loading.gif HTTP/1.1" 200 13463
114.84.5.35 - - [01/Sep/2022:09:31:56 +0800] "GET /xingrg/all/function/internal_message.html?_=1661995912477&CODE_STATE=getMsg HTTP/1.1" 200 27
180.169.147.146 - - [01/Sep/2022:09:31:56 +0800] "GET /xingrg/javascript/jquery_easy_ui/themes/icons/help.png HTTP/1.1" 200 1187
180.169.147.146 - - [01/Sep/2022:09:31:56 +0800] "GET /xingrg/javascript/jquery_easy_ui/themes/default/images/menu_rightarrow.png HTTP/1.1" 200 3617
180.169.147.146 - - [01/Sep/2022:09:31:56 +0800] "POST /xingrg/dwr/call/plaincall/AjaxReportQueryService.getFixDate.dwr HTTP/1.1" 200 111
180.169.147.146 - - [01/Sep/2022:09:31:56 +0800] "GET /xingrg/javascript/jquery_easy_ui/themes/icons/pencil.png HTTP/1.1" 200 713
180.169.147.146 - - [01/Sep/2022:09:31:56 +0800] "GET /xingrg/javascript/jquery_easy_ui/themes/default/images/menu.gif HTTP/1.1" 200 834
180.169.147.146 - - [01/Sep/2022:09:31:56 +0800] "POST /xingrg/dwr/call/plaincall/AjaxReportQueryService.getInitString.dwr HTTP/1.1" 200 31593
180.169.147.146 - - [01/Sep/2022:09:31:57 +0800] "GET /xingrg/javascript/multi_select/dropdown.gif HTTP/1.1" 200 61
180.169.147.146 - - [01/Sep/2022:09:31:57 +0800] "POST /xingrg/dwr/call/plaincall/AjaxReportQueryService.getInitString.dwr HTTP/1.1" 200 1083
180.169.147.146 - - [01/Sep/2022:09:31:57 +0800] "POST /xingrg/dwr/call/plaincall/AjaxReportQueryService.getInitString.dwr HTTP/1.1" 200 125
120.253.135.82 - - [01/Sep/2022:09:31:59 +0800] "GET /xingrg/all/function/internal_message.html?_=1661996044590&CODE_STATE=getMsg HTTP/1.1" 200 27
180.169.147.146 - - [01/Sep/2022:09:32:00 +0800] "GET /xingrg/all/function/internal_message.html?_=1661996391116&CODE_STATE=getMsg HTTP/1.1" 302 -
180.169.147.146 - - [01/Sep/2022:09:32:01 +0800] "POST /xingrg/dwr/call/plaincall/AjaxReportQueryService.getFixDate.dwr HTTP/1.1" 200 111
116.224.255.128 - - [01/Sep/2022:09:32:01 +0800] "GET /xingrg/all/function/internal_message.html?_=1661995918327&CODE_STATE=getMsg HTTP/1.1" 200 27
180.169.147.146 - - [01/Sep/2022:09:32:01 +0800] "GET /xingrg/javascript/multi_select/dropdown_hover.gif HTTP/1.1" 200 61
58.37.150.172 - - [01/Sep/2022:09:32:03 +0800] "GET /favicon.ico HTTP/1.1" 404 -
58.40.7.146 - - [01/Sep/2022:09:32:04 +0800] "GET /xingrg/check_reg.html?_=1661995922469 HTTP/1.1" 302 -
58.40.7.146 - - [01/Sep/2022:09:32:04 +0800] "GET /xingrg/login.html HTTP/1.1" 200 7641
116.232.194.65 - - [01/Sep/2022:09:32:04 +0800] "GET /xingrg/check_reg.html?_=1661995876585 HTTP/1.1" 200 22
116.232.194.65 - - [01/Sep/2022:09:32:04 +0800] "GET /xingrg/all/function/internal_message.html?_=1661995876591&CODE_STATE=getMsg HTTP/1.1" 200 27
180.169.147.146 - - [01/Sep/2022:09:32:08 +0800] "POST /xingrg/dwr/call/plaincall/AjaxReportQueryService.refreshCache.dwr HTTP/1.1" 200 78
114.88.158.224 - - [01/Sep/2022:09:32:09 +0800] "GET /xingrg/all/function/internal_message.html?_=1661995602388&CODE_STATE=getMsg HTTP/1.1" 200 27
180.169.147.146 - - [01/Sep/2022:09:32:12 +0800] "POST /xingrg/all/report/load_report_page.html HTTP/1.1" 200 73719
180.169.147.146 - - [01/Sep/2022:09:32:12 +0800] "GET /xingrg/servlets/image?cache=0.2950163048267833&image=px HTTP/1.1" 200 807
116.225.121.189 - - [01/Sep/2022:09:32:14 +0800] "GET /xingrg/all/function/internal_message.html?_=1661995798457&CODE_STATE=getMsg HTTP/1.1" 200 27
222.69.129.110 - - [01/Sep/2022:09:32:24 +0800] "GET /xingrg/all/function/internal_message.html?_=1661996020456&CODE_STATE=getMsg HTTP/1.1" 200 27
101.83.240.123 - - [01/Sep/2022:09:32:25 +0800] "GET /xingrg/all/function/internal_message.html?_=1661995940313&CODE_STATE=getMsg HTTP/1.1" 200 27
180.169.147.146 - - [01/Sep/2022:09:32:27 +0800] "GET /xingrg/all/function/internal_message.html?_=1661995941964&CODE_STATE=getMsg HTTP/1.1" 200 27
61.151.207.115 - - [01/Sep/2022:09:32:28 +0800] "GET /xingrg/all/function/internal_message.html?_=1661995650651&CODE_STATE=getMsg HTTP/1.1" 302 -
61.151.207.115 - - [01/Sep/2022:09:32:28 +0800] "GET /xingrg/login.html HTTP/1.1" 200 7641
124.78.155.30 - - [01/Sep/2022:09:32:36 +0800] "GET /xingrg/all/function/internal_message.html?_=1661995950536&CODE_STATE=getMsg HTTP/1.1" 200 27
180.169.147.146 - - [01/Sep/2022:09:32:39 +0800] "GET /xingrg/all/function/internal_message.html?_=1661995957915&CODE_STATE=getMsg HTTP/1.1" 302 -
222.69.129.110 - - [01/Sep/2022:09:32:40 +0800] "GET /xingrg/javascript/easyui/themes/sunny/images/ui-bg_gloss-wave_60_fece2f_500x100.png HTTP/1.1" 200 3512
58.37.150.172 - - [01/Sep/2022:09:32:42 +0800] "GET /xingrg/supplier/cgsh_order_list.html HTTP/1.1" 200 10896
116.225.121.189 - - [01/Sep/2022:09:32:43 +0800] "POST /xingrg/kc/buy/cgsh_order_operate.html HTTP/1.1" 200 37
116.225.121.189 - - [01/Sep/2022:09:32:44 +0800] "POST /xingrg/kc/buy/cgsh_order_operate.html HTTP/1.1" 200 46416
116.224.123.211 - - [01/Sep/2022:09:32:44 +0800] "POST /xingrg/dwr/call/plaincall/AjaxCheckService.setItemNumber.dwr HTTP/1.1" 200 76
124.78.155.30 - - [01/Sep/2022:09:32:44 +0800] "GET /xingrg/all/function/internal_message.html?_=1661995972455&CODE_STATE=getMsg HTTP/1.1" 200 27
116.225.121.189 - - [01/Sep/2022:09:32:45 +0800] "GET /xingrg/all/function/internal_message.html?_=1661995963247&CODE_STATE=getMsg HTTP/1.1" 200 27
58.37.150.172 - - [01/Sep/2022:09:32:45 +0800] "POST /xingrg/supplier/cgsh_list_operate.html HTTP/1.1" 200 5376
116.225.121.189 - - [01/Sep/2022:09:32:45 +0800] "GET /xingrg/kc/print/load_data.html?order_code=212022090100006&kc_code=cgsh&condition= HTTP/1.1" 200 17173
116.224.123.211 - - [01/Sep/2022:09:32:46 +0800] "POST /xingrg/dwr/call/plaincall/AjaxCheckService.setItemNumber.dwr HTTP/1.1" 200 76
116.224.123.211 - - [01/Sep/2022:09:32:48 +0800] "POST /xingrg/dwr/call/plaincall/AjaxCheckService.setItemNumber.dwr HTTP/1.1" 200 76
116.224.123.211 - - [01/Sep/2022:09:32:49 +0800] "POST /xingrg/dwr/call/plaincall/AjaxCheckService.setItemNumber.dwr HTTP/1.1" 200 76
222.69.129.110 - - [01/Sep/2022:09:32:50 +0800] "GET /xingrg/kc/buy/cgsh_order_list.html HTTP/1.1" 200 52737
116.224.123.211 - - [01/Sep/2022:09:32:51 +0800] "POST /xingrg/dwr/call/plaincall/AjaxCheckService.setItemNumber.dwr HTTP/1.1" 200 76
222.69.129.110 - - [01/Sep/2022:09:32:51 +0800] "POST /xingrg/kc/buy/cgsh_list_operate.html HTTP/1.1" 200 752
116.224.123.211 - - [01/Sep/2022:09:32:52 +0800] "POST /xingrg/dwr/call/plaincall/AjaxCheckService.setItemNumber.dwr HTTP/1.1" 200 76
116.224.123.211 - - [01/Sep/2022:09:32:54 +0800] "POST /xingrg/dwr/call/plaincall/AjaxCheckService.setItemNumber.dwr HTTP/1.1" 200 76
222.69.129.110 - - [01/Sep/2022:09:32:54 +0800] "GET /xingrg/kc/buy/cgsh_order_add.html HTTP/1.1" 200 67717
222.69.129.110 - - [01/Sep/2022:09:32:55 +0800] "POST /xingrg/kc/buy/cgsh_order_operate.html HTTP/1.1" 200 8245
222.69.129.110 - - [01/Sep/2022:09:32:55 +0800] "GET /xingrg/all/common/auto_word.html?type=employee&rest_code=00154 HTTP/1.1" 200 101
222.69.129.110 - - [01/Sep/2022:09:32:55 +0800] "GET /xingrg/javascript/easyui/themes/default/validatebox.css HTTP/1.1" 404 1104
222.69.129.110 - - [01/Sep/2022:09:32:55 +0800] "GET /xingrg/all/common/auto_word.html?type=employee&rest_code=00154 HTTP/1.1" 200 101
116.224.123.211 - - [01/Sep/2022:09:32:55 +0800] "POST /xingrg/dwr/call/plaincall/AjaxCheckService.setItemNumber.dwr HTTP/1.1" 200 76
114.84.5.35 - - [01/Sep/2022:09:32:56 +0800] "GET /xingrg/all/function/internal_message.html?_=1661995972488&CODE_STATE=getMsg HTTP/1.1" 200 27
61.151.207.117 - - [01/Sep/2022:09:32:57 +0800] "GET /xingrg/check_reg.html?_=1661995290531 HTTP/1.1" 302 -
61.151.207.117 - - [01/Sep/2022:09:32:57 +0800] "GET /xingrg/login.html HTTP/1.1" 200 7641
222.69.129.110 - - [01/Sep/2022:09:32:57 +0800] "GET /xingrg/javascript/easyui/themes/default/tree.css HTTP/1.1" 404 1090
222.69.129.110 - - [01/Sep/2022:09:32:58 +0800] "POST /xingrg/all/common/load_tree.html?tree=supplier_tree_json&isDelete=1 HTTP/1.1" 200 68100
116.224.123.211 - - [01/Sep/2022:09:32:59 +0800] "POST /xingrg/dwr/call/plaincall/AjaxCheckService.setItemNumber.dwr HTTP/1.1" 200 76
120.253.135.82 - - [01/Sep/2022:09:32:59 +0800] "GET /xingrg/all/function/internal_message.html?_=1661996104611&CODE_STATE=getMsg HTTP/1.1" 200 27
222.69.129.110 - - [01/Sep/2022:09:32:59 +0800] "GET /xingrg/javascript/easyui/themes/default/images/tree_arrows.gif HTTP/1.1" 200 617
222.69.129.110 - - [01/Sep/2022:09:32:59 +0800] "GET /xingrg/javascript/easyui/themes/default/images/tree_folder_open.gif HTTP/1.1" 200 956
222.69.129.110 - - [01/Sep/2022:09:32:59 +0800] "GET /xingrg/javascript/easyui/themes/default/images/tree_folder.gif HTTP/1.1" 200 952
222.69.129.110 - - [01/Sep/2022:09:32:59 +0800] "GET /xingrg/javascript/easyui/themes/default/images/tree_file.gif HTTP/1.1" 200 118
116.224.123.211 - - [01/Sep/2022:09:33:00 +0800] "POST /xingrg/dwr/call/plaincall/AjaxCheckService.setItemNumber.dwr HTTP/1.1" 200 77
180.169.147.146 - - [01/Sep/2022:09:33:00 +0800] "GET /xingrg/all/function/internal_message.html?_=1661996451093&CODE_STATE=getMsg HTTP/1.1" 302 -
116.224.255.128 - - [01/Sep/2022:09:33:01 +0800] "GET /xingrg/all/function/internal_message.html?_=1661995978307&CODE_STATE=getMsg HTTP/1.1" 200 27
58.37.150.172 - - [01/Sep/2022:09:33:02 +0800] "GET /xingrg/supplier/cgsh_order_list.html HTTP/1.1" 200 10896
116.232.194.65 - - [01/Sep/2022:09:33:04 +0800] "GET /xingrg/all/function/internal_message.html?_=1661995936606&CODE_STATE=getMsg HTTP/1.1" 200 27
58.37.150.172 - - [01/Sep/2022:09:33:05 +0800] "POST /xingrg/supplier/cgsh_list_operate.html HTTP/1.1" 200 5376
58.37.150.172 - - [01/Sep/2022:09:33:07 +0800] "GET /xingrg/javascript/jquery_tools/images/prev.gif HTTP/1.1" 404 1086
58.37.150.172 - - [01/Sep/2022:09:33:07 +0800] "GET /xingrg/javascript/jquery_tools/images/next.gif HTTP/1.1" 404 1086
222.69.129.110 - - [01/Sep/2022:09:33:08 +0800] "GET /xingrg/kc/buy/cgsh_order_add.html HTTP/1.1" 200 67717
222.69.129.110 - - [01/Sep/2022:09:33:09 +0800] "POST /xingrg/kc/buy/cgsh_order_operate.html HTTP/1.1" 200 8245
222.69.129.110 - - [01/Sep/2022:09:33:09 +0800] "GET /xingrg/javascript/easyui/themes/default/validatebox.css HTTP/1.1" 404 1104
114.88.158.224 - - [01/Sep/2022:09:33:09 +0800] "GET /xingrg/all/function/internal_message.html?_=1661995662359&CODE_STATE=getMsg HTTP/1.1" 200 27
222.69.129.110 - - [01/Sep/2022:09:33:12 +0800] "GET /xingrg/javascript/auto/indicator.gif HTTP/1.1" 404 1066
116.225.121.189 - - [01/Sep/2022:09:33:14 +0800] "GET /xingrg/all/function/internal_message.html?_=1661995858455&CODE_STATE=getMsg HTTP/1.1" 200 27
116.224.123.211 - - [01/Sep/2022:09:33:15 +0800] "POST /xingrg/dwr/call/plaincall/AjaxCheckService.setItemNumber.dwr HTTP/1.1" 200 77
116.224.123.211 - - [01/Sep/2022:09:33:19 +0800] "POST /xingrg/dwr/call/plaincall/AjaxCheckService.setItemNumber.dwr HTTP/1.1" 200 77
116.224.123.211 - - [01/Sep/2022:09:33:20 +0800] "POST /xingrg/dwr/call/plaincall/AjaxCheckService.setItemNumber.dwr HTTP/1.1" 200 77
58.37.150.172 - - [01/Sep/2022:09:33:20 +0800] "POST /xingrg/supplier/cgsh_list_operate.html HTTP/1.1" 200 4883
116.224.123.211 - - [01/Sep/2022:09:33:21 +0800] "POST /xingrg/dwr/call/plaincall/AjaxCheckService.setItemNumber.dwr HTTP/1.1" 200 77
116.224.123.211 - - [01/Sep/2022:09:33:22 +0800] "POST /xingrg/dwr/call/plaincall/AjaxCheckService.setItemNumber.dwr HTTP/1.1" 200 77
116.224.123.211 - - [01/Sep/2022:09:33:24 +0800] "POST /xingrg/dwr/call/plaincall/AjaxCheckService.setItemNumber.dwr HTTP/1.1" 200 77
222.69.129.110 - - [01/Sep/2022:09:33:24 +0800] "GET /xingrg/all/function/internal_message.html?_=1661996080467&CODE_STATE=getMsg HTTP/1.1" 200 27
116.224.123.211 - - [01/Sep/2022:09:33:25 +0800] "POST /xingrg/dwr/call/plaincall/AjaxCheckService.setItemNumber.dwr HTTP/1.1" 200 77
101.83.240.123 - - [01/Sep/2022:09:33:25 +0800] "GET /xingrg/all/function/internal_message.html?_=1661996000329&CODE_STATE=getMsg HTTP/1.1" 200 27
116.224.123.211 - - [01/Sep/2022:09:33:26 +0800] "POST /xingrg/dwr/call/plaincall/AjaxCheckService.setItemNumber.dwr HTTP/1.1" 200 77
180.169.147.146 - - [01/Sep/2022:09:33:27 +0800] "GET /xingrg/all/function/internal_message.html?_=1661996001965&CODE_STATE=getMsg HTTP/1.1" 200 27
116.224.123.211 - - [01/Sep/2022:09:33:28 +0800] "POST /xingrg/dwr/call/plaincall/AjaxCheckService.setItemNumber.dwr HTTP/1.1" 200 77
222.69.129.110 - - [01/Sep/2022:09:33:28 +0800] "GET /xingrg/kc/buy/cgsh_order_operate.html?command=get_materiel&rest_code=00154&code=00101010822&supplier_code=00100151&order_time=2022-09-01 HTTP/1.1" 200 434
114.88.158.224 - - [01/Sep/2022:09:33:28 +0800] "GET /xingrg/check_reg.html?_=1661995681408 HTTP/1.1" 200 22
116.224.123.211 - - [01/Sep/2022:09:33:29 +0800] "POST /xingrg/dwr/call/plaincall/AjaxCheckService.setItemNumber.dwr HTTP/1.1" 200 77
222.69.129.110 - - [01/Sep/2022:09:33:29 +0800] "POST /xingrg/all/common/load_select.html HTTP/1.1" 200 38
116.224.123.211 - - [01/Sep/2022:09:33:31 +0800] "POST /xingrg/dwr/call/plaincall/AjaxCheckService.setItemNumber.dwr HTTP/1.1" 200 77
116.224.123.211 - - [01/Sep/2022:09:33:34 +0800] "POST /xingrg/dwr/call/plaincall/AjaxCheckService.setItemNumber.dwr HTTP/1.1" 200 77
124.78.155.30 - - [01/Sep/2022:09:33:36 +0800] "GET /xingrg/all/function/internal_message.html?_=1661996010520&CODE_STATE=getMsg HTTP/1.1" 200 27
116.224.123.211 - - [01/Sep/2022:09:33:36 +0800] "POST /xingrg/dwr/call/plaincall/AjaxCheckService.setItemNumber.dwr HTTP/1.1" 200 77
222.69.129.110 - - [01/Sep/2022:09:33:36 +0800] "GET /xingrg/kc/buy/cgsh_order_operate.html?command=get_materiel_price&rest_code=00154&code=00101010822&unit_code=00100490&supplier_code=00100151&order_time=2022-09-01 HTTP/1.1" 200 28
116.224.123.211 - - [01/Sep/2022:09:33:37 +0800] "POST /xingrg/dwr/call/plaincall/AjaxCheckService.setItemNumber.dwr HTTP/1.1" 200 77
116.224.123.211 - - [01/Sep/2022:09:33:39 +0800] "POST /xingrg/dwr/call/plaincall/AjaxCheckService.setItemNumber.dwr HTTP/1.1" 200 77
180.169.147.146 - - [01/Sep/2022:09:33:40 +0800] "GET /xingrg/all/function/internal_message.html?_=1661996017934&CODE_STATE=getMsg HTTP/1.1" 302 -
116.224.123.211 - - [01/Sep/2022:09:33:41 +0800] "POST /xingrg/dwr/call/plaincall/AjaxCheckService.setItemNumber.dwr HTTP/1.1" 200 77
116.224.123.211 - - [01/Sep/2022:09:33:42 +0800] "POST /xingrg/dwr/call/plaincall/AjaxCheckService.setItemNumber.dwr HTTP/1.1" 200 77
116.224.123.211 - - [01/Sep/2022:09:33:44 +0800] "POST /xingrg/dwr/call/plaincall/AjaxCheckService.setItemNumber.dwr HTTP/1.1" 200 77
124.78.155.30 - - [01/Sep/2022:09:33:44 +0800] "GET /xingrg/all/function/internal_message.html?_=1661996032453&CODE_STATE=getMsg HTTP/1.1" 200 27
116.225.121.189 - - [01/Sep/2022:09:33:44 +0800] "GET /xingrg/all/function/internal_message.html?_=1661996023229&CODE_STATE=getMsg HTTP/1.1" 200 27
116.225.121.189 - - [01/Sep/2022:09:33:45 +0800] "GET /xingrg/check_reg.html?_=1661996023527 HTTP/1.1" 200 22
116.224.123.211 - - [01/Sep/2022:09:33:45 +0800] "POST /xingrg/dwr/call/plaincall/AjaxCheckService.setItemNumber.dwr HTTP/1.1" 200 77
120.253.135.82 - - [01/Sep/2022:09:33:47 +0800] "GET /xingrg/check_reg.html?_=1661996152623 HTTP/1.1" 200 22
116.224.123.211 - - [01/Sep/2022:09:33:47 +0800] "POST /xingrg/dwr/call/plaincall/AjaxCheckService.setItemNumber.dwr HTTP/1.1" 200 77
116.224.123.211 - - [01/Sep/2022:09:33:49 +0800] "POST /xingrg/dwr/call/plaincall/AjaxCheckService.setItemNumber.dwr HTTP/1.1" 200 77
116.224.123.211 - - [01/Sep/2022:09:33:51 +0800] "POST /xingrg/dwr/call/plaincall/AjaxCheckService.setItemNumber.dwr HTTP/1.1" 200 77
116.224.123.211 - - [01/Sep/2022:09:33:52 +0800] "POST /xingrg/dwr/call/plaincall/AjaxCheckService.setItemNumber.dwr HTTP/1.1" 200 77
114.84.5.35 - - [01/Sep/2022:09:33:56 +0800] "GET /xingrg/all/function/internal_message.html?_=1661996032484&CODE_STATE=getMsg HTTP/1.1" 200 27
180.169.147.146 - - [01/Sep/2022:09:33:56 +0800] "GET /xingrg/check_reg.html?_=1661996507179 HTTP/1.1" 302 -
116.224.123.211 - - [01/Sep/2022:09:33:57 +0800] "POST /xingrg/dwr/call/plaincall/AjaxCheckService.setItemNumber.dwr HTTP/1.1" 200 77
120.253.135.82 - - [01/Sep/2022:09:33:59 +0800] "GET /xingrg/all/function/internal_message.html?_=1661996164619&CODE_STATE=getMsg HTTP/1.1" 200 27
116.224.123.211 - - [01/Sep/2022:09:34:00 +0800] "POST /xingrg/dwr/call/plaincall/AjaxCheckService.setItemNumber.dwr HTTP/1.1" 200 77
180.169.147.146 - - [01/Sep/2022:09:34:00 +0800] "GET /xingrg/all/function/internal_message.html?_=1661996511075&CODE_STATE=getMsg HTTP/1.1" 302 -
116.224.255.128 - - [01/Sep/2022:09:34:01 +0800] "GET /xingrg/all/function/internal_message.html?_=1661996038276&CODE_STATE=getMsg HTTP/1.1" 200 27
116.224.123.211 - - [01/Sep/2022:09:34:01 +0800] "POST /xingrg/dwr/call/plaincall/AjaxCheckService.setItemNumber.dwr HTTP/1.1" 200 77
116.232.194.65 - - [01/Sep/2022:09:34:04 +0800] "GET /xingrg/all/function/internal_message.html?_=1661995996607&CODE_STATE=getMsg HTTP/1.1" 200 27
116.224.123.211 - - [01/Sep/2022:09:34:05 +0800] "POST /xingrg/dwr/call/plaincall/AjaxCheckService.setItemNumber.dwr HTTP/1.1" 200 77
58.37.150.172 - - [01/Sep/2022:09:34:06 +0800] "POST /xingrg/supplier/cgsh_list_operate.html HTTP/1.1" 200 2099
114.88.158.224 - - [01/Sep/2022:09:34:09 +0800] "GET /xingrg/all/function/internal_message.html?_=1661995722328&CODE_STATE=getMsg HTTP/1.1" 200 27
114.84.81.136 - - [01/Sep/2022:09:34:14 +0800] "POST /xingrg/services/DataTransmitService HTTP/1.1" 200 524
116.225.121.189 - - [01/Sep/2022:09:34:14 +0800] "GET /xingrg/all/function/internal_message.html?_=1661995918454&CODE_STATE=getMsg HTTP/1.1" 200 27
222.69.129.110 - - [01/Sep/2022:09:34:16 +0800] "GET /xingrg/kc/base/check_order_list.html HTTP/1.1" 200 16305
222.69.129.110 - - [01/Sep/2022:09:34:16 +0800] "POST /xingrg/kc/base/check_list_operate.html HTTP/1.1" 200 2238
222.69.129.110 - - [01/Sep/2022:09:34:20 +0800] "GET /xingrg/kc/base/check_order_info.html?code=452022083100409 HTTP/1.1" 200 25616
222.69.129.110 - - [01/Sep/2022:09:34:20 +0800] "GET /xingrg/dwr/interface/AjaxComOrderService.js HTTP/1.1" 200 18264
222.69.129.110 - - [01/Sep/2022:09:34:20 +0800] "GET /xingrg/dwr/interface/AjaxCheckService.js HTTP/1.1" 200 14003
222.69.129.110 - - [01/Sep/2022:09:34:20 +0800] "GET /xingrg/dwr/engine.js HTTP/1.1" 200 43631
222.69.129.110 - - [01/Sep/2022:09:34:20 +0800] "POST /xingrg/dwr/call/plaincall/AjaxCheckService.loadOrderItems.dwr HTTP/1.1" 200 147366
58.37.150.172 - - [01/Sep/2022:09:34:22 +0800] "POST /xingrg/supplier/cgsh_list_operate.html HTTP/1.1" 200 4700
222.69.129.110 - - [01/Sep/2022:09:34:24 +0800] "GET /xingrg/all/function/internal_message.html?_=1661996140460&CODE_STATE=getMsg HTTP/1.1" 200 27
101.83.240.123 - - [01/Sep/2022:09:34:25 +0800] "GET /xingrg/all/function/internal_message.html?_=1661996060329&CODE_STATE=getMsg HTTP/1.1" 200 27
180.169.147.146 - - [01/Sep/2022:09:34:27 +0800] "GET /xingrg/all/function/internal_message.html?_=1661996061965&CODE_STATE=getMsg HTTP/1.1" 200 27
124.78.155.30 - - [01/Sep/2022:09:34:36 +0800] "GET /xingrg/all/function/internal_message.html?_=1661996070521&CODE_STATE=getMsg HTTP/1.1" 200 27
180.169.147.146 - - [01/Sep/2022:09:34:39 +0800] "GET /xingrg/all/function/internal_message.html?_=1661996077922&CODE_STATE=getMsg HTTP/1.1" 302 -
124.78.155.30 - - [01/Sep/2022:09:34:44 +0800] "GET /xingrg/all/function/internal_message.html?_=1661996092454&CODE_STATE=getMsg HTTP/1.1" 200 27
116.225.121.189 - - [01/Sep/2022:09:34:44 +0800] "GET /xingrg/all/function/internal_message.html?_=1661996083203&CODE_STATE=getMsg HTTP/1.1" 200 27
58.37.150.172 - - [01/Sep/2022:09:34:52 +0800] "POST /xingrg/supplier/cgsh_list_operate.html HTTP/1.1" 200 5365
114.84.5.35 - - [01/Sep/2022:09:34:56 +0800] "GET /xingrg/all/function/internal_message.html?_=1661996092480&CODE_STATE=getMsg HTTP/1.1" 200 27
120.253.135.82 - - [01/Sep/2022:09:34:59 +0800] "GET /xingrg/all/function/internal_message.html?_=1661996224630&CODE_STATE=getMsg HTTP/1.1" 200 27
180.169.147.146 - - [01/Sep/2022:09:35:00 +0800] "GET /xingrg/all/function/internal_message.html?_=1661996571063&CODE_STATE=getMsg HTTP/1.1" 302 -
116.224.255.128 - - [01/Sep/2022:09:35:01 +0800] "GET /xingrg/all/function/internal_message.html?_=1661996098256&CODE_STATE=getMsg HTTP/1.1" 200 27
101.89.19.197 - - [01/Sep/2022:09:35:02 +0800] "GET /xingrg/all/function/internal_message.html?_=1661995170823&CODE_STATE=getMsg HTTP/1.1" 302 -
101.89.19.197 - - [01/Sep/2022:09:35:02 +0800] "GET /xingrg/login.html HTTP/1.1" 200 7641
116.232.194.65 - - [01/Sep/2022:09:35:04 +0800] "GET /xingrg/all/function/internal_message.html?_=1661996056588&CODE_STATE=getMsg HTTP/1.1" 200 27
114.88.158.224 - - [01/Sep/2022:09:35:09 +0800] "GET /xingrg/all/function/internal_message.html?_=1661995782311&CODE_STATE=getMsg HTTP/1.1" 200 27
116.225.121.189 - - [01/Sep/2022:09:35:14 +0800] "GET /xingrg/all/function/internal_message.html?_=1661995978460&CODE_STATE=getMsg HTTP/1.1" 200 27
116.225.121.189 - - [01/Sep/2022:09:35:14 +0800] "GET /xingrg/check_reg.html?_=1661995978463 HTTP/1.1" 200 22
116.224.123.211 - - [01/Sep/2022:09:35:22 +0800] "POST /xingrg/dwr/call/plaincall/AjaxCheckService.setItemNumber.dwr HTTP/1.1" 200 77
222.69.129.110 - - [01/Sep/2022:09:35:24 +0800] "GET /xingrg/all/function/internal_message.html?_=1661996200467&CODE_STATE=getMsg HTTP/1.1" 200 27
116.224.123.211 - - [01/Sep/2022:09:35:24 +0800] "POST /xingrg/dwr/call/plaincall/AjaxCheckService.setItemNumber.dwr HTTP/1.1" 200 77
116.224.123.211 - - [01/Sep/2022:09:35:25 +0800] "GET /xingrg/check_reg.html?_=1661996122117 HTTP/1.1" 200 22
101.83.240.123 - - [01/Sep/2022:09:35:25 +0800] "GET /xingrg/all/function/internal_message.html?_=1661996120336&CODE_STATE=getMsg HTTP/1.1" 200 27
116.224.123.211 - - [01/Sep/2022:09:35:27 +0800] "POST /xingrg/dwr/call/plaincall/AjaxCheckService.setItemNumber.dwr HTTP/1.1" 200 77
180.169.147.146 - - [01/Sep/2022:09:35:27 +0800] "GET /xingrg/all/function/internal_message.html?_=1661996121965&CODE_STATE=getMsg HTTP/1.1" 200 27
116.224.123.211 - - [01/Sep/2022:09:35:30 +0800] "POST /xingrg/dwr/call/plaincall/AjaxCheckService.setItemNumber.dwr HTTP/1.1" 200 77
116.224.123.211 - - [01/Sep/2022:09:35:31 +0800] "POST /xingrg/dwr/call/plaincall/AjaxCheckService.setItemNumber.dwr HTTP/1.1" 200 77
116.224.123.211 - - [01/Sep/2022:09:35:33 +0800] "POST /xingrg/dwr/call/plaincall/AjaxCheckService.setItemNumber.dwr HTTP/1.1" 200 77
116.224.123.211 - - [01/Sep/2022:09:35:34 +0800] "POST /xingrg/dwr/call/plaincall/AjaxCheckService.setItemNumber.dwr HTTP/1.1" 200 77
116.224.123.211 - - [01/Sep/2022:09:35:35 +0800] "POST /xingrg/dwr/call/plaincall/AjaxCheckService.setItemNumber.dwr HTTP/1.1" 200 77
124.78.155.30 - - [01/Sep/2022:09:35:36 +0800] "GET /xingrg/all/function/internal_message.html?_=1661996130520&CODE_STATE=getMsg HTTP/1.1" 200 27
116.235.94.65 - - [01/Sep/2022:09:35:37 +0800] "GET /xingrg/login.html HTTP/1.1" 200 7641
116.235.94.65 - - [01/Sep/2022:09:35:37 +0800] "GET /favicon.ico HTTP/1.1" 404 -
116.224.123.211 - - [01/Sep/2022:09:35:39 +0800] "POST /xingrg/dwr/call/plaincall/AjaxCheckService.setItemNumber.dwr HTTP/1.1" 200 77
180.169.147.146 - - [01/Sep/2022:09:35:39 +0800] "GET /xingrg/all/function/internal_message.html?_=1661996137912&CODE_STATE=getMsg HTTP/1.1" 302 -
116.224.123.211 - - [01/Sep/2022:09:35:43 +0800] "POST /xingrg/dwr/call/plaincall/AjaxCheckService.setItemNumber.dwr HTTP/1.1" 200 77
124.78.155.30 - - [01/Sep/2022:09:35:44 +0800] "GET /xingrg/check_reg.html?_=1661996152455 HTTP/1.1" 200 22
124.78.155.30 - - [01/Sep/2022:09:35:44 +0800] "GET /xingrg/all/function/internal_message.html?_=1661996152458&CODE_STATE=getMsg HTTP/1.1" 200 27
116.225.121.189 - - [01/Sep/2022:09:35:44 +0800] "GET /xingrg/all/function/internal_message.html?_=1661996143182&CODE_STATE=getMsg HTTP/1.1" 200 27
116.224.123.211 - - [01/Sep/2022:09:35:45 +0800] "POST /xingrg/dwr/call/plaincall/AjaxCheckService.setItemNumber.dwr HTTP/1.1" 200 77
58.37.150.172 - - [01/Sep/2022:09:35:45 +0800] "GET /xingrg/javascript/easyui/themes/default/tree.css HTTP/1.1" 404 1090
58.37.150.172 - - [01/Sep/2022:09:35:46 +0800] "POST /xingrg/all/common/load_tree.html?tree=area_rest_tree_json HTTP/1.1" 200 3472
116.224.123.211 - - [01/Sep/2022:09:35:46 +0800] "POST /xingrg/dwr/call/plaincall/AjaxCheckService.setItemNumber.dwr HTTP/1.1" 200 77
116.224.123.211 - - [01/Sep/2022:09:35:48 +0800] "POST /xingrg/dwr/call/plaincall/AjaxCheckService.setItemNumber.dwr HTTP/1.1" 200 77
58.37.150.172 - - [01/Sep/2022:09:35:50 +0800] "POST /xingrg/supplier/cgsh_list_operate.html HTTP/1.1" 200 4831
116.224.123.211 - - [01/Sep/2022:09:35:51 +0800] "POST /xingrg/dwr/call/plaincall/AjaxCheckService.setItemNumber.dwr HTTP/1.1" 200 77
116.224.123.211 - - [01/Sep/2022:09:35:52 +0800] "POST /xingrg/dwr/call/plaincall/AjaxCheckService.setItemNumber.dwr HTTP/1.1" 200 77
116.224.123.211 - - [01/Sep/2022:09:35:53 +0800] "POST /xingrg/dwr/call/plaincall/AjaxCheckService.setItemNumber.dwr HTTP/1.1" 200 77
116.224.123.211 - - [01/Sep/2022:09:35:54 +0800] "POST /xingrg/dwr/call/plaincall/AjaxCheckService.setItemNumber.dwr HTTP/1.1" 200 77
116.224.123.211 - - [01/Sep/2022:09:35:56 +0800] "POST /xingrg/dwr/call/plaincall/AjaxCheckService.setItemNumber.dwr HTTP/1.1" 200 77
61.151.207.116 - - [01/Sep/2022:09:35:56 +0800] "GET /xingrg/kc/print/load_data.html?order_code=212022090100010&kc_code=cgsh HTTP/1.1" 302 -
61.151.207.116 - - [01/Sep/2022:09:35:56 +0800] "GET /xingrg/login.html HTTP/1.1" 200 7641
114.84.5.35 - - [01/Sep/2022:09:35:56 +0800] "GET /xingrg/all/function/internal_message.html?_=1661996152476&CODE_STATE=getMsg HTTP/1.1" 200 27
114.84.5.35 - - [01/Sep/2022:09:35:56 +0800] "GET /xingrg/check_reg.html?_=1661996152493 HTTP/1.1" 200 22
116.224.123.211 - - [01/Sep/2022:09:35:57 +0800] "POST /xingrg/dwr/call/plaincall/AjaxCheckService.setItemNumber.dwr HTTP/1.1" 200 77
116.224.123.211 - - [01/Sep/2022:09:35:58 +0800] "POST /xingrg/dwr/call/plaincall/AjaxCheckService.setItemNumber.dwr HTTP/1.1" 200 77
120.253.135.82 - - [01/Sep/2022:09:35:59 +0800] "GET /xingrg/all/function/internal_message.html?_=1661996284653&CODE_STATE=getMsg HTTP/1.1" 200 27
58.221.95.50 - - [01/Sep/2022:09:35:59 +0800] "GET /xingrg/check_reg.html?_=1661996157829 HTTP/1.1" 302 -
116.224.123.211 - - [01/Sep/2022:09:36:00 +0800] "POST /xingrg/dwr/call/plaincall/AjaxCheckService.setItemNumber.dwr HTTP/1.1" 200 77
180.169.147.146 - - [01/Sep/2022:09:36:00 +0800] "GET /xingrg/all/function/internal_message.html?_=1661996631044&CODE_STATE=getMsg HTTP/1.1" 302 -
116.224.123.211 - - [01/Sep/2022:09:36:01 +0800] "POST /xingrg/dwr/call/plaincall/AjaxCheckService.setItemNumber.dwr HTTP/1.1" 200 77
116.224.255.128 - - [01/Sep/2022:09:36:01 +0800] "GET /xingrg/all/function/internal_message.html?_=1661996158237&CODE_STATE=getMsg HTTP/1.1" 200 27
116.224.255.128 - - [01/Sep/2022:09:36:02 +0800] "GET /xingrg/check_reg.html?_=1661996158864 HTTP/1.1" 200 22
116.224.123.211 - - [01/Sep/2022:09:36:02 +0800] "POST /xingrg/dwr/call/plaincall/AjaxCheckService.setItemNumber.dwr HTTP/1.1" 200 77
116.224.123.211 - - [01/Sep/2022:09:36:03 +0800] "POST /xingrg/dwr/call/plaincall/AjaxCheckService.setItemNumber.dwr HTTP/1.1" 200 77
58.37.150.172 - - [01/Sep/2022:09:36:03 +0800] "POST /xingrg/supplier/cgsh_list_operate.html HTTP/1.1" 200 4920
116.232.194.65 - - [01/Sep/2022:09:36:04 +0800] "GET /xingrg/all/function/internal_message.html?_=1661996116602&CODE_STATE=getMsg HTTP/1.1" 200 27
116.224.123.211 - - [01/Sep/2022:09:36:05 +0800] "POST /xingrg/dwr/call/plaincall/AjaxCheckService.setItemNumber.dwr HTTP/1.1" 200 77
116.224.123.211 - - [01/Sep/2022:09:36:07 +0800] "POST /xingrg/dwr/call/plaincall/AjaxCheckService.setItemNumber.dwr HTTP/1.1" 200 77
116.224.123.211 - - [01/Sep/2022:09:36:09 +0800] "POST /xingrg/dwr/call/plaincall/AjaxCheckService.setItemNumber.dwr HTTP/1.1" 200 77
114.88.158.224 - - [01/Sep/2022:09:36:09 +0800] "GET /xingrg/all/function/internal_message.html?_=1661995842285&CODE_STATE=getMsg HTTP/1.1" 200 27
116.224.123.211 - - [01/Sep/2022:09:36:10 +0800] "POST /xingrg/dwr/call/plaincall/AjaxCheckService.setItemNumber.dwr HTTP/1.1" 200 77
58.37.150.172 - - [01/Sep/2022:09:36:12 +0800] "POST /xingrg/supplier/cgsh_list_operate.html HTTP/1.1" 200 4828
116.225.121.189 - - [01/Sep/2022:09:36:14 +0800] "GET /xingrg/all/function/internal_message.html?_=1661996038455&CODE_STATE=getMsg HTTP/1.1" 200 27
58.37.150.172 - - [01/Sep/2022:09:36:15 +0800] "POST /xingrg/all/common/list_setting.html HTTP/1.1" 200 3706
116.224.123.211 - - [01/Sep/2022:09:36:16 +0800] "POST /xingrg/dwr/call/plaincall/AjaxCheckService.setItemNumber.dwr HTTP/1.1" 200 77
116.224.123.211 - - [01/Sep/2022:09:36:17 +0800] "POST /xingrg/dwr/call/plaincall/AjaxCheckService.setItemNumber.dwr HTTP/1.1" 200 77
116.224.123.211 - - [01/Sep/2022:09:36:18 +0800] "POST /xingrg/dwr/call/plaincall/AjaxCheckService.setItemNumber.dwr HTTP/1.1" 200 77
116.235.94.65 - - [01/Sep/2022:09:36:19 +0800] "POST /xingrg/login.do HTTP/1.1" 302 -
116.235.94.65 - - [01/Sep/2022:09:36:19 +0800] "GET /xingrg/index.html?sysBaseUrl=http%3A%2F%2F180.169.147.146%3A18081%2Fxingrg%2F&costTime=40×tamp=1661996179422 HTTP/1.1" 200 17179
58.37.150.172 - - [01/Sep/2022:09:36:19 +0800] "POST /xingrg/all/common/list_setting.html HTTP/1.1" 200 -
116.224.123.211 - - [01/Sep/2022:09:36:19 +0800] "POST /xingrg/dwr/call/plaincall/AjaxCheckService.setItemNumber.dwr HTTP/1.1" 200 77
116.235.94.65 - - [01/Sep/2022:09:36:19 +0800] "POST /xingrg/all/common/load_tree.html?tree=area_rest_tree_json&manage=1 HTTP/1.1" 200 351
116.235.94.65 - - [01/Sep/2022:09:36:20 +0800] "GET /xingrg/all/function/internal_message.html?_=1661996370212&CODE_STATE=count HTTP/1.1" 200 11
116.235.94.65 - - [01/Sep/2022:09:36:20 +0800] "POST /xingrg/load_menu.html HTTP/1.1" 200 5138
116.235.94.65 - - [01/Sep/2022:09:36:20 +0800] "GET /xingrg/check_reg.html?_=1661996370213 HTTP/1.1" 200 22
116.235.94.65 - - [01/Sep/2022:09:36:20 +0800] "GET /favicon.ico HTTP/1.1" 404 -
116.224.123.211 - - [01/Sep/2022:09:36:21 +0800] "POST /xingrg/dwr/call/plaincall/AjaxCheckService.setItemNumber.dwr HTTP/1.1" 200 77
58.37.150.172 - - [01/Sep/2022:09:36:22 +0800] "POST /xingrg/supplier/cgsh_list_operate.html HTTP/1.1" 200 4359
222.69.129.110 - - [01/Sep/2022:09:36:24 +0800] "GET /xingrg/check_reg.html?_=1661996260475 HTTP/1.1" 200 22
222.69.129.110 - - [01/Sep/2022:09:36:24 +0800] "GET /xingrg/all/function/internal_message.html?_=1661996260479&CODE_STATE=getMsg HTTP/1.1" 200 27
116.235.94.65 - - [01/Sep/2022:09:36:24 +0800] "GET /xingrg/kc/base/check_order_list.html HTTP/1.1" 200 16305
116.235.94.65 - - [01/Sep/2022:09:36:25 +0800] "POST /xingrg/kc/base/check_list_operate.html HTTP/1.1" 200 1908
101.83.240.123 - - [01/Sep/2022:09:36:25 +0800] "GET /xingrg/check_reg.html?_=1661996180325 HTTP/1.1" 200 22
101.83.240.123 - - [01/Sep/2022:09:36:25 +0800] "GET /xingrg/all/function/internal_message.html?_=1661996180327&CODE_STATE=getMsg HTTP/1.1" 200 27
116.224.123.211 - - [01/Sep/2022:09:36:26 +0800] "POST /xingrg/dwr/call/plaincall/AjaxCheckService.setItemNumber.dwr HTTP/1.1" 200 77
120.253.135.82 - - [01/Sep/2022:09:36:27 +0800] "GET /xingrg/check_reg.html?_=1661995987564 HTTP/1.1" 200 22
116.224.123.211 - - [01/Sep/2022:09:36:27 +0800] "POST /xingrg/dwr/call/plaincall/AjaxCheckService.setItemNumber.dwr HTTP/1.1" 200 77
116.224.123.211 - - [01/Sep/2022:09:36:28 +0800] "POST /xingrg/dwr/call/plaincall/AjaxCheckService.setItemNumber.dwr HTTP/1.1" 200 77
116.235.94.65 - - [01/Sep/2022:09:36:28 +0800] "GET /xingrg/kc/base/check_order_add.html HTTP/1.1" 200 26515
116.235.94.65 - - [01/Sep/2022:09:36:28 +0800] "GET /xingrg/dwr/interface/AjaxComOrderService.js HTTP/1.1" 200 18264
116.235.94.65 - - [01/Sep/2022:09:36:28 +0800] "GET /xingrg/dwr/interface/AjaxCheckService.js HTTP/1.1" 200 14003
116.235.94.65 - - [01/Sep/2022:09:36:28 +0800] "GET /xingrg/dwr/engine.js HTTP/1.1" 200 43631
116.235.94.65 - - [01/Sep/2022:09:36:28 +0800] "GET /xingrg/dwr/util.js HTTP/1.1" 304 -
116.224.123.211 - - [01/Sep/2022:09:36:29 +0800] "POST /xingrg/dwr/call/plaincall/AjaxCheckService.setItemNumber.dwr HTTP/1.1" 200 77
61.151.207.117 - - [01/Sep/2022:09:36:29 +0800] "GET /xingrg/kc/buy/cgsh_order_operate.html?command=get_materiel&rest_code=00106&code=00101008295&supplier_code=00100007&order_time=2022-09-01 HTTP/1.1" 302 -
61.151.207.117 - - [01/Sep/2022:09:36:30 +0800] "GET /xingrg/login.html HTTP/1.1" 200 7641
116.224.123.211 - - [01/Sep/2022:09:36:30 +0800] "POST /xingrg/dwr/call/plaincall/AjaxCheckService.setItemNumber.dwr HTTP/1.1" 200 77
116.224.123.211 - - [01/Sep/2022:09:36:31 +0800] "POST /xingrg/dwr/call/plaincall/AjaxCheckService.setItemNumber.dwr HTTP/1.1" 200 77
116.224.123.211 - - [01/Sep/2022:09:36:32 +0800] "POST /xingrg/dwr/call/plaincall/AjaxCheckService.setItemNumber.dwr HTTP/1.1" 200 77
116.224.123.211 - - [01/Sep/2022:09:36:33 +0800] "POST /xingrg/dwr/call/plaincall/AjaxCheckService.setItemNumber.dwr HTTP/1.1" 200 77
58.37.150.172 - - [01/Sep/2022:09:36:34 +0800] "POST /xingrg/supplier/cgsh_list_operate.html HTTP/1.1" 200 4362
116.224.123.211 - - [01/Sep/2022:09:36:34 +0800] "POST /xingrg/dwr/call/plaincall/AjaxCheckService.setItemNumber.dwr HTTP/1.1" 200 77
116.224.123.211 - - [01/Sep/2022:09:36:36 +0800] "POST /xingrg/dwr/call/plaincall/AjaxCheckService.setItemNumber.dwr HTTP/1.1" 200 77
124.78.155.30 - - [01/Sep/2022:09:36:36 +0800] "GET /xingrg/all/function/internal_message.html?_=1661996190535&CODE_STATE=getMsg HTTP/1.1" 200 27
124.78.155.30 - - [01/Sep/2022:09:36:36 +0800] "GET /xingrg/check_reg.html?_=1661996190537 HTTP/1.1" 200 22
116.225.121.189 - - [01/Sep/2022:09:36:36 +0800] "GET /xingrg/kc/buy/cgsh_order_list.html HTTP/1.1" 200 52731
116.224.123.211 - - [01/Sep/2022:09:36:37 +0800] "POST /xingrg/dwr/call/plaincall/AjaxCheckService.setItemNumber.dwr HTTP/1.1" 200 77
222.69.129.110 - - [01/Sep/2022:09:36:37 +0800] "POST /xingrg/dwr/call/plaincall/AjaxCheckService.setItemNumber.dwr HTTP/1.1" 200 76
116.224.123.211 - - [01/Sep/2022:09:36:38 +0800] "POST /xingrg/dwr/call/plaincall/AjaxCheckService.setItemNumber.dwr HTTP/1.1" 200 77
116.225.121.189 - - [01/Sep/2022:09:36:39 +0800] "POST /xingrg/kc/buy/cgsh_list_operate.html HTTP/1.1" 200 2863
116.235.94.65 - - [01/Sep/2022:09:36:39 +0800] "POST /xingrg/dwr/call/plaincall/AjaxCheckService.saveOrder.dwr HTTP/1.1" 200 78
116.224.123.211 - - [01/Sep/2022:09:36:39 +0800] "POST /xingrg/dwr/call/plaincall/AjaxCheckService.setItemNumber.dwr HTTP/1.1" 200 77
180.169.147.146 - - [01/Sep/2022:09:36:40 +0800] "GET /xingrg/check_reg.html?_=1661996197930 HTTP/1.1" 302 -
180.169.147.146 - - [01/Sep/2022:09:36:40 +0800] "GET /xingrg/all/function/internal_message.html?_=1661996197928&CODE_STATE=getMsg HTTP/1.1" 302 -
116.235.94.65 - - [01/Sep/2022:09:36:40 +0800] "POST /xingrg/dwr/call/plaincall/AjaxCheckService.loadOrderItems.dwr HTTP/1.1" 200 367
116.224.123.211 - - [01/Sep/2022:09:36:41 +0800] "POST /xingrg/dwr/call/plaincall/AjaxCheckService.setItemNumber.dwr HTTP/1.1" 200 77
116.224.123.211 - - [01/Sep/2022:09:36:43 +0800] "POST /xingrg/dwr/call/plaincall/AjaxCheckService.setItemNumber.dwr HTTP/1.1" 200 77
116.224.123.211 - - [01/Sep/2022:09:36:44 +0800] "POST /xingrg/dwr/call/plaincall/AjaxCheckService.setItemNumber.dwr HTTP/1.1" 200 77
124.78.155.30 - - [01/Sep/2022:09:36:44 +0800] "GET /xingrg/all/function/internal_message.html?_=1661996212484&CODE_STATE=getMsg HTTP/1.1" 200 27
116.225.121.189 - - [01/Sep/2022:09:36:44 +0800] "GET /xingrg/all/function/internal_message.html?_=1661996203155&CODE_STATE=getMsg HTTP/1.1" 200 27
116.235.94.65 - - [01/Sep/2022:09:36:45 +0800] "POST /xingrg/dwr/call/plaincall/AjaxCheckService.saveOrder.dwr HTTP/1.1" 200 78
116.224.123.211 - - [01/Sep/2022:09:36:45 +0800] "POST /xingrg/dwr/call/plaincall/AjaxCheckService.setItemNumber.dwr HTTP/1.1" 200 77
116.224.123.211 - - [01/Sep/2022:09:36:47 +0800] "POST /xingrg/dwr/call/plaincall/AjaxCheckService.setItemNumber.dwr HTTP/1.1" 200 77
116.235.94.65 - - [01/Sep/2022:09:36:47 +0800] "POST /xingrg/dwr/call/plaincall/AjaxCheckService.loadOrderItems.dwr HTTP/1.1" 200 367
116.235.94.65 - - [01/Sep/2022:09:36:49 +0800] "POST /xingrg/kc/report/common_data.html?type=materiel_category_tree HTTP/1.1" 200 3921
116.224.123.211 - - [01/Sep/2022:09:36:51 +0800] "POST /xingrg/dwr/call/plaincall/AjaxCheckService.setItemNumber.dwr HTTP/1.1" 200 77
116.224.123.211 - - [01/Sep/2022:09:36:52 +0800] "POST /xingrg/dwr/call/plaincall/AjaxCheckService.setItemNumber.dwr HTTP/1.1" 200 77
116.224.123.211 - - [01/Sep/2022:09:36:53 +0800] "POST /xingrg/dwr/call/plaincall/AjaxCheckService.setItemNumber.dwr HTTP/1.1" 200 77
116.225.121.189 - - [01/Sep/2022:09:36:53 +0800] "POST /xingrg/kc/buy/cgsh_list_operate.html HTTP/1.1" 200 693
116.224.123.211 - - [01/Sep/2022:09:36:54 +0800] "POST /xingrg/dwr/call/plaincall/AjaxCheckService.setItemNumber.dwr HTTP/1.1" 200 77
116.224.123.211 - - [01/Sep/2022:09:36:56 +0800] "POST /xingrg/dwr/call/plaincall/AjaxCheckService.setItemNumber.dwr HTTP/1.1" 200 77
114.84.5.35 - - [01/Sep/2022:09:36:56 +0800] "GET /xingrg/all/function/internal_message.html?_=1661996212515&CODE_STATE=getMsg HTTP/1.1" 200 27
58.37.150.172 - - [01/Sep/2022:09:36:57 +0800] "POST /xingrg/supplier/cgsh_list_operate.html HTTP/1.1" 200 3555
116.224.123.211 - - [01/Sep/2022:09:36:58 +0800] "POST /xingrg/dwr/call/plaincall/AjaxCheckService.setItemNumber.dwr HTTP/1.1" 200 77
101.89.239.245 - - [01/Sep/2022:09:36:58 +0800] "GET /xingrg/all/function/internal_message.html?_=1661996070521&CODE_STATE=getMsg HTTP/1.1" 302 -
101.89.239.245 - - [01/Sep/2022:09:36:58 +0800] "GET /xingrg/login.html HTTP/1.1" 200 7641
116.224.123.211 - - [01/Sep/2022:09:36:59 +0800] "POST /xingrg/dwr/call/plaincall/AjaxCheckService.setItemNumber.dwr HTTP/1.1" 200 77
120.253.135.82 - - [01/Sep/2022:09:36:59 +0800] "GET /xingrg/all/function/internal_message.html?_=1661996344657&CODE_STATE=getMsg HTTP/1.1" 200 27
116.224.123.211 - - [01/Sep/2022:09:37:00 +0800] "POST /xingrg/dwr/call/plaincall/AjaxCheckService.setItemNumber.dwr HTTP/1.1" 200 77
180.169.147.146 - - [01/Sep/2022:09:37:00 +0800] "GET /xingrg/all/function/internal_message.html?_=1661996691034&CODE_STATE=getMsg HTTP/1.1" 302 -
116.224.255.128 - - [01/Sep/2022:09:37:01 +0800] "GET /xingrg/all/function/internal_message.html?_=1661996218220&CODE_STATE=getMsg HTTP/1.1" 200 27
116.224.123.211 - - [01/Sep/2022:09:37:01 +0800] "POST /xingrg/dwr/call/plaincall/AjaxCheckService.setItemNumber.dwr HTTP/1.1" 200 77
116.224.123.211 - - [01/Sep/2022:09:37:03 +0800] "POST /xingrg/dwr/call/plaincall/AjaxCheckService.setItemNumber.dwr HTTP/1.1" 200 77
116.225.121.189 - - [01/Sep/2022:09:37:03 +0800] "POST /xingrg/kc/buy/cgsh_list_operate.html HTTP/1.1" 200 1747
58.40.7.146 - - [01/Sep/2022:09:37:04 +0800] "GET /xingrg/check_reg.html?_=1661996222479 HTTP/1.1" 302 -
58.40.7.146 - - [01/Sep/2022:09:37:04 +0800] "GET /xingrg/login.html HTTP/1.1" 200 7641
116.224.123.211 - - [01/Sep/2022:09:37:04 +0800] "POST /xingrg/dwr/call/plaincall/AjaxCheckService.setItemNumber.dwr HTTP/1.1" 200 77
116.232.194.65 - - [01/Sep/2022:09:37:04 +0800] "GET /xingrg/check_reg.html?_=1661996176604 HTTP/1.1" 200 22
116.232.194.65 - - [01/Sep/2022:09:37:04 +0800] "GET /xingrg/all/function/internal_message.html?_=1661996176611&CODE_STATE=getMsg HTTP/1.1" 200 27
116.224.123.211 - - [01/Sep/2022:09:37:05 +0800] "POST /xingrg/dwr/call/plaincall/AjaxCheckService.setItemNumber.dwr HTTP/1.1" 200 78
116.224.123.211 - - [01/Sep/2022:09:37:07 +0800] "POST /xingrg/dwr/call/plaincall/AjaxCheckService.setItemNumber.dwr HTTP/1.1" 200 78
116.225.121.189 - - [01/Sep/2022:09:37:07 +0800] "GET /xingrg/javascript/jquery_easy_ui/themes/icons/manage.png HTTP/1.1" 304 -
116.225.121.189 - - [01/Sep/2022:09:37:07 +0800] "GET /xingrg/javascript/jquery_easy_ui/themes/icons/area.png HTTP/1.1" 304 -
116.225.121.189 - - [01/Sep/2022:09:37:07 +0800] "GET /xingrg/javascript/jquery_easy_ui/themes/icons/rest.png HTTP/1.1" 304 -
114.88.158.224 - - [01/Sep/2022:09:37:09 +0800] "GET /xingrg/all/function/internal_message.html?_=1661995902283&CODE_STATE=getMsg HTTP/1.1" 200 27
58.37.150.172 - - [01/Sep/2022:09:37:11 +0800] "POST /xingrg/supplier/cgsh_list_operate.html HTTP/1.1" 200 4449
116.224.123.211 - - [01/Sep/2022:09:37:12 +0800] "POST /xingrg/dwr/call/plaincall/AjaxCheckService.setItemNumber.dwr HTTP/1.1" 200 78
116.224.123.211 - - [01/Sep/2022:09:37:14 +0800] "POST /xingrg/dwr/call/plaincall/AjaxCheckService.setItemNumber.dwr HTTP/1.1" 200 78
116.225.121.189 - - [01/Sep/2022:09:37:14 +0800] "GET /xingrg/all/function/internal_message.html?_=1661996098463&CODE_STATE=getMsg HTTP/1.1" 200 27
116.224.123.211 - - [01/Sep/2022:09:37:15 +0800] "POST /xingrg/dwr/call/plaincall/AjaxCheckService.setItemNumber.dwr HTTP/1.1" 200 78
116.224.123.211 - - [01/Sep/2022:09:37:16 +0800] "POST /xingrg/dwr/call/plaincall/AjaxCheckService.setItemNumber.dwr HTTP/1.1" 200 78
116.224.123.211 - - [01/Sep/2022:09:37:17 +0800] "POST /xingrg/dwr/call/plaincall/AjaxCheckService.setItemNumber.dwr HTTP/1.1" 200 78
116.224.123.211 - - [01/Sep/2022:09:37:18 +0800] "POST /xingrg/dwr/call/plaincall/AjaxCheckService.setItemNumber.dwr HTTP/1.1" 200 78
116.224.123.211 - - [01/Sep/2022:09:37:19 +0800] "POST /xingrg/dwr/call/plaincall/AjaxCheckService.setItemNumber.dwr HTTP/1.1" 200 78
116.235.94.65 - - [01/Sep/2022:09:37:19 +0800] "GET /xingrg/all/function/internal_message.html?_=1661996430220&CODE_STATE=getMsg HTTP/1.1" 200 27
116.224.123.211 - - [01/Sep/2022:09:37:21 +0800] "POST /xingrg/dwr/call/plaincall/AjaxCheckService.setItemNumber.dwr HTTP/1.1" 200 78
58.37.150.172 - - [01/Sep/2022:09:37:21 +0800] "POST /xingrg/supplier/cgsh_list_operate.html HTTP/1.1" 200 4449
116.224.123.211 - - [01/Sep/2022:09:37:23 +0800] "POST /xingrg/dwr/call/plaincall/AjaxCheckService.setItemNumber.dwr HTTP/1.1" 200 78
222.69.129.110 - - [01/Sep/2022:09:37:24 +0800] "GET /xingrg/all/function/internal_message.html?_=1661996320466&CODE_STATE=getMsg HTTP/1.1" 200 27
101.83.240.123 - - [01/Sep/2022:09:37:25 +0800] "GET /xingrg/all/function/internal_message.html?_=1661996240332&CODE_STATE=getMsg HTTP/1.1" 200 27
116.224.123.211 - - [01/Sep/2022:09:37:26 +0800] "POST /xingrg/dwr/call/plaincall/AjaxCheckService.setItemNumber.dwr HTTP/1.1" 200 78
116.224.123.211 - - [01/Sep/2022:09:37:27 +0800] "POST /xingrg/dwr/call/plaincall/AjaxCheckService.setItemNumber.dwr HTTP/1.1" 200 78
116.224.123.211 - - [01/Sep/2022:09:37:28 +0800] "POST /xingrg/dwr/call/plaincall/AjaxCheckService.setItemNumber.dwr HTTP/1.1" 200 78
116.224.123.211 - - [01/Sep/2022:09:37:30 +0800] "POST /xingrg/dwr/call/plaincall/AjaxCheckService.setItemNumber.dwr HTTP/1.1" 200 78
58.37.150.172 - - [01/Sep/2022:09:37:31 +0800] "POST /xingrg/supplier/cgsh_list_operate.html HTTP/1.1" 200 4422
116.224.123.211 - - [01/Sep/2022:09:37:31 +0800] "POST /xingrg/dwr/call/plaincall/AjaxCheckService.setItemNumber.dwr HTTP/1.1" 200 78
116.224.123.211 - - [01/Sep/2022:09:37:32 +0800] "POST /xingrg/dwr/call/plaincall/AjaxCheckService.setItemNumber.dwr HTTP/1.1" 200 78
116.224.123.211 - - [01/Sep/2022:09:37:34 +0800] "POST /xingrg/dwr/call/plaincall/AjaxCheckService.setItemNumber.dwr HTTP/1.1" 200 78
116.224.123.211 - - [01/Sep/2022:09:37:35 +0800] "POST /xingrg/dwr/call/plaincall/AjaxCheckService.setItemNumber.dwr HTTP/1.1" 200 78
124.78.155.30 - - [01/Sep/2022:09:37:36 +0800] "GET /xingrg/all/function/internal_message.html?_=1661996250523&CODE_STATE=getMsg HTTP/1.1" 200 27
116.224.123.211 - - [01/Sep/2022:09:37:36 +0800] "POST /xingrg/dwr/call/plaincall/AjaxCheckService.setItemNumber.dwr HTTP/1.1" 200 78
116.224.123.211 - - [01/Sep/2022:09:37:37 +0800] "POST /xingrg/dwr/call/plaincall/AjaxCheckService.setItemNumber.dwr HTTP/1.1" 200 78
58.37.150.172 - - [01/Sep/2022:09:37:38 +0800] "POST /xingrg/supplier/cgsh_list_operate.html HTTP/1.1" 200 3952
116.224.123.211 - - [01/Sep/2022:09:37:38 +0800] "POST /xingrg/dwr/call/plaincall/AjaxCheckService.setItemNumber.dwr HTTP/1.1" 200 78
