116.225.121.189 - - [31/Aug/2022:09:13:03 +0800] "POST /xingrg/kc/buy/cgsh_order_operate.html HTTP/1.1" 200 8245
116.225.121.189 - - [31/Aug/2022:09:13:03 +0800] "GET /xingrg/javascript/easyui/themes/default/validatebox.css HTTP/1.1" 404 1104
116.224.255.128 - - [31/Aug/2022:09:13:03 +0800] "GET /xingrg/javascript/jquery_easy_ui/themes/default/images/tabs_close.gif HTTP/1.1" 304 -
116.224.255.128 - - [31/Aug/2022:09:13:03 +0800] "GET /xingrg/kc/buy/cgsh_order_list.html HTTP/1.1" 200 52737
116.224.255.128 - - [31/Aug/2022:09:13:03 +0800] "GET /xingrg/javascript/easyui/themes/icons/edit_add_new.png HTTP/1.1" 304 -
116.224.255.128 - - [31/Aug/2022:09:13:03 +0800] "GET /xingrg/javascript/easyui/themes/icons/field_new.png HTTP/1.1" 304 -
116.224.255.128 - - [31/Aug/2022:09:13:03 +0800] "GET /xingrg/images/control/ajaxLoader.gif HTTP/1.1" 304 -
116.224.255.128 - - [31/Aug/2022:09:13:03 +0800] "GET /xingrg/javascript/easyui/themes/icons/import_new.png HTTP/1.1" 304 -
116.237.76.29 - - [31/Aug/2022:09:13:05 +0800] "GET /xingrg/all/function/internal_message.html?_=1661908380833&CODE_STATE=getMsg HTTP/1.1" 200 27
116.237.76.29 - - [31/Aug/2022:09:13:05 +0800] "GET /xingrg/check_reg.html?_=1661908380834 HTTP/1.1" 200 22
114.84.5.35 - - [31/Aug/2022:09:13:05 +0800] "GET /xingrg/all/function/internal_message.html?_=1661908382820&CODE_STATE=getMsg HTTP/1.1" 200 27
116.237.76.29 - - [31/Aug/2022:09:13:07 +0800] "POST /xingrg/kc/buy/cgsh_order_operate.html HTTP/1.1" 200 12
116.224.255.128 - - [31/Aug/2022:09:13:08 +0800] "POST /xingrg/kc/buy/cgsh_list_operate.html HTTP/1.1" 200 1537
116.224.255.128 - - [31/Aug/2022:09:13:09 +0800] "GET /xingrg/kc/buy/cgsh_order_add.html HTTP/1.1" 200 68525
116.224.255.128 - - [31/Aug/2022:09:13:09 +0800] "POST /xingrg/kc/buy/cgsh_order_operate.html HTTP/1.1" 200 8245
116.224.255.128 - - [31/Aug/2022:09:13:09 +0800] "GET /xingrg/all/common/auto_word.html?type=employee&rest_code=00150 HTTP/1.1" 200 159
116.224.255.128 - - [31/Aug/2022:09:13:09 +0800] "GET /xingrg/all/common/auto_word.html?type=employee&rest_code=00150 HTTP/1.1" 200 159
116.224.255.128 - - [31/Aug/2022:09:13:10 +0800] "GET /xingrg/javascript/easyui/themes/default/validatebox.css HTTP/1.1" 404 1104
116.237.76.29 - - [31/Aug/2022:09:13:10 +0800] "GET /xingrg/kc/buy/cgsh_order_info.html?code=212022083110804 HTTP/1.1" 200 63418
116.237.76.29 - - [31/Aug/2022:09:13:11 +0800] "GET /xingrg/javascript/easyui/themes/default/validatebox.css HTTP/1.1" 404 1104
116.224.255.128 - - [31/Aug/2022:09:13:11 +0800] "GET /xingrg/javascript/auto/indicator.gif HTTP/1.1" 404 1066
116.237.76.29 - - [31/Aug/2022:09:13:11 +0800] "POST /xingrg/kc/buy/cgsh_order_operate.html HTTP/1.1" 200 26605
116.225.121.189 - - [31/Aug/2022:09:13:11 +0800] "GET /xingrg/all/function/internal_message.html?_=1661908256601&CODE_STATE=getMsg HTTP/1.1" 200 27
116.225.121.189 - - [31/Aug/2022:09:13:11 +0800] "GET /xingrg/check_reg.html?_=1661908256604 HTTP/1.1" 200 22
101.80.228.36 - - [31/Aug/2022:09:13:15 +0800] "GET /xingrg/all/function/internal_message.html?_=1661908394687&CODE_STATE=getMsg HTTP/1.1" 200 27
116.225.121.189 - - [31/Aug/2022:09:13:16 +0800] "GET /xingrg/kc/buy/cgsh_order_operate.html?command=get_materiel&rest_code=00105&code=00101006293&supplier_code=00100012&order_time=2022-08-31 HTTP/1.1" 200 430
116.225.121.189 - - [31/Aug/2022:09:13:17 +0800] "GET /xingrg/all/function/internal_message.html?_=1661908397725&CODE_STATE=getMsg HTTP/1.1" 200 27
116.237.76.29 - - [31/Aug/2022:09:13:19 +0800] "GET /xingrg/kc/print/load_config.html?kc_code=cgsh HTTP/1.1" 200 1943
116.237.76.29 - - [31/Aug/2022:09:13:19 +0800] "GET /xingrg/kc/print/load_data.html?order_code=212022083110804&kc_code=cgsh&condition= HTTP/1.1" 200 10582
116.224.255.128 - - [31/Aug/2022:09:13:22 +0800] "GET /xingrg/kc/buy/cgsh_order_operate.html?command=get_materiel&rest_code=00150&code=00101001010&supplier_code=00100096&order_time=2022-08-31 HTTP/1.1" 200 431
116.225.121.189 - - [31/Aug/2022:09:13:34 +0800] "GET /xingrg/kc/buy/cgsh_order_operate.html?command=get_materiel&rest_code=00105&code=00101006203&supplier_code=00100012&order_time=2022-08-31 HTTP/1.1" 200 410
180.169.147.146 - - [31/Aug/2022:09:13:38 +0800] "GET /xingrg/all/function/internal_message.html?_=1661908417273&CODE_STATE=getMsg HTTP/1.1" 302 -
114.88.158.224 - - [31/Aug/2022:09:13:40 +0800] "GET /xingrg/all/function/internal_message.html?_=1661908091959&CODE_STATE=getMsg HTTP/1.1" 200 27
222.69.129.110 - - [31/Aug/2022:09:13:45 +0800] "GET /xingrg/all/function/internal_message.html?_=1661908499931&CODE_STATE=getMsg HTTP/1.1" 200 27
116.224.123.211 - - [31/Aug/2022:09:13:49 +0800] "GET /xingrg/index.html HTTP/1.1" 302 -
116.224.123.211 - - [31/Aug/2022:09:13:49 +0800] "GET /xingrg/login.html HTTP/1.1" 200 7641
116.224.123.211 - - [31/Aug/2022:09:13:50 +0800] "GET /favicon.ico HTTP/1.1" 404 -
180.169.147.146 - - [31/Aug/2022:09:13:52 +0800] "GET /xingrg/all/function/internal_message.html?_=1661908904641&CODE_STATE=getMsg HTTP/1.1" 200 27
180.169.147.146 - - [31/Aug/2022:09:13:52 +0800] "GET /xingrg/check_reg.html?_=1661908904642 HTTP/1.1" 200 22
116.224.123.211 - - [31/Aug/2022:09:13:53 +0800] "POST /xingrg/login.do HTTP/1.1" 302 -
116.224.123.211 - - [31/Aug/2022:09:13:53 +0800] "GET /xingrg/index.html?sysBaseUrl=http%3A%2F%2F180.169.147.146%3A18081%2Fxingrg%2F&costTime=48×tamp=1661908433710 HTTP/1.1" 200 17173
116.224.123.211 - - [31/Aug/2022:09:13:53 +0800] "GET /favicon.ico HTTP/1.1" 404 -
116.224.123.211 - - [31/Aug/2022:09:13:53 +0800] "POST /xingrg/all/common/load_tree.html?tree=area_rest_tree_json&manage=1 HTTP/1.1" 200 342
116.224.123.211 - - [31/Aug/2022:09:13:53 +0800] "POST /xingrg/load_menu.html HTTP/1.1" 200 5138
116.224.123.211 - - [31/Aug/2022:09:13:53 +0800] "GET /xingrg/all/function/internal_message.html?_=1661908432624&CODE_STATE=count HTTP/1.1" 200 11
116.224.123.211 - - [31/Aug/2022:09:13:54 +0800] "GET /xingrg/check_reg.html?_=1661908432625 HTTP/1.1" 200 22
101.89.29.78 - - [31/Aug/2022:09:13:54 +0800] "GET /xingrg/kc/buy/cgsh_order_operate.html?command=get_materiel&rest_code=00106&code=00101008283&supplier_code=00100007&order_time=2022-08-31 HTTP/1.1" 302 -
101.89.29.78 - - [31/Aug/2022:09:13:55 +0800] "GET /xingrg/login.html HTTP/1.1" 200 7641
116.224.255.128 - - [31/Aug/2022:09:13:55 +0800] "GET /xingrg/all/function/internal_message.html?_=1661908387896&CODE_STATE=getMsg HTTP/1.1" 200 27
116.224.255.128 - - [31/Aug/2022:09:13:55 +0800] "GET /xingrg/kc/buy/cgsh_order_operate.html?command=get_materiel&rest_code=00150&code=00101012029&supplier_code=00100096&order_time=2022-08-31 HTTP/1.1" 200 414
116.224.255.128 - - [31/Aug/2022:09:13:58 +0800] "GET /xingrg/all/function/internal_message.html?_=1661908435716&CODE_STATE=getMsg HTTP/1.1" 200 27
116.232.194.65 - - [31/Aug/2022:09:13:58 +0800] "GET /xingrg/all/function/internal_message.html?_=1661908393424&CODE_STATE=getMsg HTTP/1.1" 200 27
116.232.194.65 - - [31/Aug/2022:09:13:59 +0800] "GET /xingrg/check_reg.html?_=1661908393933 HTTP/1.1" 200 22
116.225.121.189 - - [31/Aug/2022:09:14:00 +0800] "GET /xingrg/kc/buy/cgsh_order_operate.html?command=get_materiel&rest_code=00105&code=00101006040&supplier_code=00100012&order_time=2022-08-31 HTTP/1.1" 200 417
116.224.123.211 - - [31/Aug/2022:09:14:01 +0800] "GET /xingrg/kc/buy/cgsh_order_list.html HTTP/1.1" 200 52731
58.40.7.146 - - [31/Aug/2022:09:14:02 +0800] "GET /xingrg/all/function/internal_message.html?_=1661908441117&CODE_STATE=getMsg HTTP/1.1" 200 27
116.224.123.211 - - [31/Aug/2022:09:14:02 +0800] "POST /xingrg/kc/buy/cgsh_list_operate.html HTTP/1.1" 200 752
116.224.123.211 - - [31/Aug/2022:09:14:03 +0800] "GET /xingrg/kc/buy/cgsh_order_add.html HTTP/1.1" 200 68548
116.224.123.211 - - [31/Aug/2022:09:14:03 +0800] "GET /xingrg/words/20220830212008_words.js HTTP/1.1" 200 917739
116.224.123.211 - - [31/Aug/2022:09:14:03 +0800] "POST /xingrg/kc/buy/cgsh_order_operate.html HTTP/1.1" 200 8245
116.224.123.211 - - [31/Aug/2022:09:14:03 +0800] "GET /xingrg/all/common/auto_word.html?type=employee&rest_code=00102 HTTP/1.1" 200 189
116.224.123.211 - - [31/Aug/2022:09:14:03 +0800] "GET /xingrg/all/common/auto_word.html?type=employee&rest_code=00102 HTTP/1.1" 200 189
116.224.123.211 - - [31/Aug/2022:09:14:03 +0800] "GET /xingrg/javascript/easyui/themes/default/validatebox.css HTTP/1.1" 404 1104
61.151.207.116 - - [31/Aug/2022:09:14:04 +0800] "GET /xingrg/check_reg.html?_=1661908380834 HTTP/1.1" 302 -
116.237.76.29 - - [31/Aug/2022:09:14:05 +0800] "GET /xingrg/all/function/internal_message.html?_=1661908440816&CODE_STATE=getMsg HTTP/1.1" 200 27
116.224.123.211 - - [31/Aug/2022:09:14:05 +0800] "GET /xingrg/javascript/auto/indicator.gif HTTP/1.1" 404 1066
114.84.5.35 - - [31/Aug/2022:09:14:05 +0800] "GET /xingrg/all/function/internal_message.html?_=1661908442818&CODE_STATE=getMsg HTTP/1.1" 200 27
61.151.207.116 - - [31/Aug/2022:09:14:05 +0800] "GET /xingrg/login.html HTTP/1.1" 200 7641
116.224.255.128 - - [31/Aug/2022:09:14:09 +0800] "GET /xingrg/kc/buy/cgsh_order_operate.html?command=get_materiel&rest_code=00150&code=00101007081&supplier_code=00100096&order_time=2022-08-31 HTTP/1.1" 200 436
116.225.121.189 - - [31/Aug/2022:09:14:11 +0800] "GET /xingrg/all/function/internal_message.html?_=1661908316603&CODE_STATE=getMsg HTTP/1.1" 200 27
101.80.228.36 - - [31/Aug/2022:09:14:15 +0800] "GET /xingrg/all/function/internal_message.html?_=1661908454689&CODE_STATE=getMsg HTTP/1.1" 200 27
116.225.121.189 - - [31/Aug/2022:09:14:17 +0800] "GET /xingrg/all/function/internal_message.html?_=1661908457723&CODE_STATE=getMsg HTTP/1.1" 200 27
116.225.121.189 - - [31/Aug/2022:09:14:17 +0800] "GET /xingrg/check_reg.html?_=1661908457726 HTTP/1.1" 200 22
116.224.255.128 - - [31/Aug/2022:09:14:21 +0800] "GET /xingrg/kc/buy/cgsh_order_operate.html?command=get_materiel&rest_code=00150&code=00101007071&supplier_code=00100096&order_time=2022-08-31 HTTP/1.1" 200 417
180.169.147.146 - - [31/Aug/2022:09:14:38 +0800] "GET /xingrg/all/function/internal_message.html?_=1661908477272&CODE_STATE=getMsg HTTP/1.1" 302 -
116.224.255.128 - - [31/Aug/2022:09:14:38 +0800] "GET /xingrg/kc/buy/cgsh_order_operate.html?command=get_materiel&rest_code=00150&code=00101007067&supplier_code=00100096&order_time=2022-08-31 HTTP/1.1" 200 411
114.88.158.224 - - [31/Aug/2022:09:14:40 +0800] "GET /xingrg/all/function/internal_message.html?_=1661908151933&CODE_STATE=getMsg HTTP/1.1" 200 27
222.69.129.110 - - [31/Aug/2022:09:14:45 +0800] "GET /xingrg/all/function/internal_message.html?_=1661908559932&CODE_STATE=getMsg HTTP/1.1" 200 27
222.69.129.110 - - [31/Aug/2022:09:14:45 +0800] "GET /xingrg/check_reg.html?_=1661908559933 HTTP/1.1" 200 22
114.88.158.224 - - [31/Aug/2022:09:14:49 +0800] "GET /xingrg/check_reg.html?_=1661908161700 HTTP/1.1" 200 22
116.225.121.189 - - [31/Aug/2022:09:14:52 +0800] "POST /xingrg/kc/buy/cgsh_order_operate.html HTTP/1.1" 200 37
116.224.123.211 - - [31/Aug/2022:09:14:52 +0800] "GET /xingrg/kc/buy/cgsh_order_operate.html?command=get_materiel&rest_code=00102&code=00101016080&supplier_code=00100096&order_time=2022-08-31 HTTP/1.1" 200 408
180.169.147.146 - - [31/Aug/2022:09:14:52 +0800] "GET /xingrg/all/function/internal_message.html?_=1661908964637&CODE_STATE=getMsg HTTP/1.1" 200 27
116.225.121.189 - - [31/Aug/2022:09:14:53 +0800] "POST /xingrg/kc/buy/cgsh_order_operate.html HTTP/1.1" 200 3858
116.224.123.211 - - [31/Aug/2022:09:14:53 +0800] "GET /xingrg/all/function/internal_message.html?_=1661908492641&CODE_STATE=getMsg HTTP/1.1" 200 27
116.225.121.189 - - [31/Aug/2022:09:14:54 +0800] "GET /xingrg/kc/print/load_data.html?order_code=212022083110813&kc_code=cgsh&condition= HTTP/1.1" 200 1231
116.224.255.128 - - [31/Aug/2022:09:14:55 +0800] "GET /xingrg/all/function/internal_message.html?_=1661908447910&CODE_STATE=getMsg HTTP/1.1" 200 27
116.224.255.128 - - [31/Aug/2022:09:14:58 +0800] "GET /xingrg/all/function/internal_message.html?_=1661908495702&CODE_STATE=getMsg HTTP/1.1" 200 27
116.232.194.65 - - [31/Aug/2022:09:14:58 +0800] "GET /xingrg/all/function/internal_message.html?_=1661908453416&CODE_STATE=getMsg HTTP/1.1" 200 27
116.225.121.189 - - [31/Aug/2022:09:15:01 +0800] "GET /xingrg/kc/buy/cgsh_order_add.html HTTP/1.1" 200 68595
58.22.0.194 - - [31/Aug/2022:09:15:01 +0800] "GET /xingrg/login.html HTTP/1.1" 200 7641
58.22.0.194 - - [31/Aug/2022:09:15:01 +0800] "GET /xingrg/images/blue/jxLogo.png HTTP/1.1" 200 6156
116.225.121.189 - - [31/Aug/2022:09:15:01 +0800] "POST /xingrg/kc/buy/cgsh_order_operate.html HTTP/1.1" 200 8245
116.225.121.189 - - [31/Aug/2022:09:15:01 +0800] "GET /xingrg/javascript/easyui/themes/default/validatebox.css HTTP/1.1" 404 1104
116.224.255.128 - - [31/Aug/2022:09:15:02 +0800] "GET /xingrg/kc/buy/cgsh_order_operate.html?command=get_materiel&rest_code=00150&code=00101006111&supplier_code=00100096&order_time=2022-08-31 HTTP/1.1" 200 411
58.22.0.194 - - [31/Aug/2022:09:15:02 +0800] "GET /xingrg/images/blue/login_bg.png HTTP/1.1" 200 22101
58.22.0.194 - - [31/Aug/2022:09:15:02 +0800] "GET /xingrg/images/blue/srbg.png HTTP/1.1" 200 138
58.22.0.194 - - [31/Aug/2022:09:15:02 +0800] "GET /xingrg/images/blue/hj.png HTTP/1.1" 200 1014
58.40.7.146 - - [31/Aug/2022:09:15:02 +0800] "GET /xingrg/all/function/internal_message.html?_=1661908501104&CODE_STATE=getMsg HTTP/1.1" 200 27
58.22.0.194 - - [31/Aug/2022:09:15:02 +0800] "GET /favicon.ico HTTP/1.1" 404 -
58.22.0.194 - - [31/Aug/2022:09:15:04 +0800] "POST /xingrg/login.do HTTP/1.1" 302 -
58.22.0.194 - - [31/Aug/2022:09:15:05 +0800] "GET /xingrg/javascript/jquery_easy_ui/themes/icon.css HTTP/1.1" 200 3949
58.22.0.194 - - [31/Aug/2022:09:15:05 +0800] "GET /xingrg/index.html?sysBaseUrl=http%3A%2F%2F180.169.147.146%3A18081%2Fxingrg%2F&costTime=49×tamp=1661908504963 HTTP/1.1" 200 17417
116.237.76.29 - - [31/Aug/2022:09:15:05 +0800] "GET /xingrg/all/function/internal_message.html?_=1661908500798&CODE_STATE=getMsg HTTP/1.1" 200 27
58.22.0.194 - - [31/Aug/2022:09:15:05 +0800] "GET /xingrg/javascript/jquery-1.4.2.min.js HTTP/1.1" 200 72205
58.22.0.194 - - [31/Aug/2022:09:15:05 +0800] "GET /xingrg/css/form.css HTTP/1.1" 200 893
58.22.0.194 - - [31/Aug/2022:09:15:05 +0800] "GET /xingrg/javascript/jquery_easy_ui/themes/default/easyui.css HTTP/1.1" 200 26500
58.22.0.194 - - [31/Aug/2022:09:15:05 +0800] "GET /xingrg/javascript/jquery_easy_ui/jquery.easyui.min.js HTTP/1.1" 200 213662
58.22.0.194 - - [31/Aug/2022:09:15:05 +0800] "GET /xingrg/javascript/jquery_easy_ui/easyui-lang-zh_CN.js HTTP/1.1" 200 1900
58.22.0.194 - - [31/Aug/2022:09:15:05 +0800] "GET /favicon.ico HTTP/1.1" 404 -
58.22.0.194 - - [31/Aug/2022:09:15:05 +0800] "GET /xingrg/javascript/jquery.timers.js HTTP/1.1" 200 3532
58.22.0.194 - - [31/Aug/2022:09:15:05 +0800] "GET /xingrg/javascript/jquery.utils.js HTTP/1.1" 200 11805
58.22.0.194 - - [31/Aug/2022:09:15:05 +0800] "GET /xingrg/javascript/jquery.form.js HTTP/1.1" 200 23110
114.84.5.35 - - [31/Aug/2022:09:15:05 +0800] "GET /xingrg/all/function/internal_message.html?_=1661908502817&CODE_STATE=getMsg HTTP/1.1" 200 27
222.69.129.110 - - [31/Aug/2022:09:15:05 +0800] "GET /xingrg/kc/base/yddb_order_list.html HTTP/1.1" 200 16792
222.69.129.110 - - [31/Aug/2022:09:15:05 +0800] "POST /xingrg/kc/base/yddb_list_operate.html HTTP/1.1" 200 636
58.22.0.194 - - [31/Aug/2022:09:15:06 +0800] "GET /xingrg/javascript/jquery_easy_ui/themes/icons/settle_new.png HTTP/1.1" 200 826
58.22.0.194 - - [31/Aug/2022:09:15:06 +0800] "GET /xingrg/images/blue/navBackgound.jpg HTTP/1.1" 200 12378
58.22.0.194 - - [31/Aug/2022:09:15:06 +0800] "POST /xingrg/all/common/load_tree.html?tree=area_rest_tree_json&manage=1 HTTP/1.1" 200 348
58.22.0.194 - - [31/Aug/2022:09:15:06 +0800] "GET /xingrg/all/function/internal_message.html?_=1661908504119&CODE_STATE=count HTTP/1.1" 200 11
58.22.0.194 - - [31/Aug/2022:09:15:06 +0800] "GET /xingrg/check_reg.html?_=1661908504121 HTTP/1.1" 200 22
58.22.0.194 - - [31/Aug/2022:09:15:06 +0800] "GET /xingrg/javascript/jquery_easy_ui/themes/default/images/tabs_leftarrow.png HTTP/1.1" 200 389
58.22.0.194 - - [31/Aug/2022:09:15:06 +0800] "GET /xingrg/javascript/jquery_easy_ui/themes/default/images/tabs_rightarrow.png HTTP/1.1" 200 395
58.22.0.194 - - [31/Aug/2022:09:15:06 +0800] "GET /xingrg/javascript/jquery_easy_ui/themes/default/images/panel_tool_expand.gif HTTP/1.1" 200 247
58.22.0.194 - - [31/Aug/2022:09:15:06 +0800] "GET /xingrg/images/blue/pingpu.png HTTP/1.1" 200 231
58.22.0.194 - - [31/Aug/2022:09:15:06 +0800] "GET /xingrg/javascript/jquery_easy_ui/themes/default/images/panel_tool_collapse.gif HTTP/1.1" 200 246
58.22.0.194 - - [31/Aug/2022:09:15:06 +0800] "POST /xingrg/load_menu.html HTTP/1.1" 200 9959
58.22.0.194 - - [31/Aug/2022:09:15:06 +0800] "GET /xingrg/javascript/jquery_easy_ui/themes/default/images/tree_arrows.gif HTTP/1.1" 200 1043
58.22.0.194 - - [31/Aug/2022:09:15:06 +0800] "GET /xingrg/javascript/jquery_easy_ui/themes/default/images/tree_folder_open.gif HTTP/1.1" 200 956
58.22.0.194 - - [31/Aug/2022:09:15:06 +0800] "GET /xingrg/javascript/jquery_easy_ui/themes/icons/storage_new.png HTTP/1.1" 200 853
58.22.0.194 - - [31/Aug/2022:09:15:06 +0800] "GET /xingrg/javascript/jquery_easy_ui/themes/icons/checkout_new.png HTTP/1.1" 200 744
58.22.0.194 - - [31/Aug/2022:09:15:06 +0800] "GET /xingrg/javascript/jquery_easy_ui/themes/icons/forms_new.png HTTP/1.1" 200 350
58.22.0.194 - - [31/Aug/2022:09:15:06 +0800] "GET /xingrg/javascript/jquery_easy_ui/themes/icons/search_new.png HTTP/1.1" 200 586
58.22.0.194 - - [31/Aug/2022:09:15:06 +0800] "GET /xingrg/javascript/jquery_easy_ui/themes/default/images/tree_folder.gif HTTP/1.1" 200 952
58.22.0.194 - - [31/Aug/2022:09:15:06 +0800] "GET /xingrg/javascript/jquery_easy_ui/themes/icons/setting_new.png HTTP/1.1" 200 450
58.22.0.194 - - [31/Aug/2022:09:15:06 +0800] "GET /xingrg/javascript/jquery_easy_ui/themes/default/images/tree_file.gif HTTP/1.1" 200 118
58.22.0.194 - - [31/Aug/2022:09:15:06 +0800] "GET /xingrg/javascript/jquery_easy_ui/themes/icons/systemset_new.png HTTP/1.1" 200 606
116.224.255.128 - - [31/Aug/2022:09:15:07 +0800] "POST /xingrg/kc/buy/cgsh_order_operate.html HTTP/1.1" 200 37
116.225.121.189 - - [31/Aug/2022:09:15:07 +0800] "GET /xingrg/kc/buy/cgsh_order_list.html HTTP/1.1" 200 52731
58.22.0.194 - - [31/Aug/2022:09:15:08 +0800] "GET /xingrg/javascript/jquery_easy_ui/themes/default/images/tabs_close.gif HTTP/1.1" 200 829
58.22.0.194 - - [31/Aug/2022:09:15:08 +0800] "GET /xingrg/javascript/pic_change.js HTTP/1.1" 200 4739
58.22.0.194 - - [31/Aug/2022:09:15:08 +0800] "GET /xingrg/kc/base/base_main.html HTTP/1.1" 200 12142
58.22.0.194 - - [31/Aug/2022:09:15:08 +0800] "GET /xingrg/images/blue/button/wlsy.gif HTTP/1.1" 200 2536
58.22.0.194 - - [31/Aug/2022:09:15:08 +0800] "GET /xingrg/images/blue/button/ckpd.gif HTTP/1.1" 200 2051
58.22.0.194 - - [31/Aug/2022:09:15:08 +0800] "GET /xingrg/images/blue/button/kc.gif HTTP/1.1" 200 2160
58.22.0.194 - - [31/Aug/2022:09:15:08 +0800] "GET /xingrg/images/blue/button/ckdb.gif HTTP/1.1" 200 1950
58.22.0.194 - - [31/Aug/2022:09:15:08 +0800] "GET /xingrg/images/blue/button/yddb.gif HTTP/1.1" 200 2040
58.22.0.194 - - [31/Aug/2022:09:15:08 +0800] "GET /xingrg/images/blue/pic_form2.gif HTTP/1.1" 200 1853
58.22.0.194 - - [31/Aug/2022:09:15:08 +0800] "GET /xingrg/css/blue.css HTTP/1.1" 200 15949
58.22.0.194 - - [31/Aug/2022:09:15:08 +0800] "GET /xingrg/javascript/myfunction.js HTTP/1.1" 200 24559
58.22.0.194 - - [31/Aug/2022:09:15:08 +0800] "GET /xingrg/images/blue/bg_dotted.jpg HTTP/1.1" 200 319
58.22.0.194 - - [31/Aug/2022:09:15:08 +0800] "GET /xingrg/images/blue/button/down.jpg HTTP/1.1" 200 1560
58.22.0.194 - - [31/Aug/2022:09:15:08 +0800] "GET /xingrg/images/blue/button/right_ah.jpg HTTP/1.1" 200 1744
58.22.0.194 - - [31/Aug/2022:09:15:08 +0800] "GET /xingrg/images/blue/button/left_ah.jpg HTTP/1.1" 200 1643
58.22.0.194 - - [31/Aug/2022:09:15:08 +0800] "GET /xingrg/images/blue/button/bottom_left.jpg HTTP/1.1" 200 1524
58.22.0.194 - - [31/Aug/2022:09:15:08 +0800] "GET /xingrg/images/blue/button/bottom_right.jpg HTTP/1.1" 200 1436
58.22.0.194 - - [31/Aug/2022:09:15:08 +0800] "GET /xingrg/images/blue/button/top_left.jpg HTTP/1.1" 200 1632
58.22.0.194 - - [31/Aug/2022:09:15:08 +0800] "GET /xingrg/images/blue/button/top_right.jpg HTTP/1.1" 200 1708
222.69.129.110 - - [31/Aug/2022:09:15:09 +0800] "POST /xingrg/kc/base/yddb_list_operate.html HTTP/1.1" 200 1346
114.84.5.35 - - [31/Aug/2022:09:15:10 +0800] "POST /xingrg/kc/buy/cgsh_order_operate.html HTTP/1.1" 200 37
61.151.206.14 - - [31/Aug/2022:09:15:11 +0800] "GET /xingrg/kc/print/load_data.html?order_code=212022083110804&kc_code=cgsh&condition= HTTP/1.1" 302 -
61.151.206.14 - - [31/Aug/2022:09:15:11 +0800] "GET /xingrg/login.html HTTP/1.1" 200 7641
116.225.121.189 - - [31/Aug/2022:09:15:11 +0800] "GET /xingrg/all/function/internal_message.html?_=1661908376604&CODE_STATE=getMsg HTTP/1.1" 200 27
114.84.5.35 - - [31/Aug/2022:09:15:12 +0800] "POST /xingrg/kc/buy/cgsh_order_operate.html HTTP/1.1" 200 4451
116.224.255.128 - - [31/Aug/2022:09:15:12 +0800] "POST /xingrg/kc/buy/cgsh_order_operate.html HTTP/1.1" 200 12
58.22.0.194 - - [31/Aug/2022:09:15:12 +0800] "GET /xingrg/kc/report/report_main.html HTTP/1.1" 200 7340
58.22.0.194 - - [31/Aug/2022:09:15:12 +0800] "GET /xingrg/javascript/json2.js HTTP/1.1" 200 11259
58.22.0.194 - - [31/Aug/2022:09:15:13 +0800] "GET /xingrg/javascript/jquery_ui/themes/humanity/humanity.css HTTP/1.1" 200 27801
58.22.0.194 - - [31/Aug/2022:09:15:13 +0800] "GET /xingrg/javascript/jquery_easy_ui/themes/icons/back_new.png HTTP/1.1" 200 3414
116.225.121.189 - - [31/Aug/2022:09:15:13 +0800] "POST /xingrg/kc/buy/cgsh_list_operate.html HTTP/1.1" 200 2493
58.22.0.194 - - [31/Aug/2022:09:15:14 +0800] "GET /xingrg/kc/base/base_main.html HTTP/1.1" 200 12142
116.224.255.128 - - [31/Aug/2022:09:15:14 +0800] "GET /xingrg/kc/buy/cgsh_order_info.html?code=212022083110808 HTTP/1.1" 200 63416
116.224.255.128 - - [31/Aug/2022:09:15:15 +0800] "GET /xingrg/javascript/easyui/themes/default/validatebox.css HTTP/1.1" 404 1104
101.80.228.36 - - [31/Aug/2022:09:15:15 +0800] "GET /xingrg/all/function/internal_message.html?_=1661908514691&CODE_STATE=getMsg HTTP/1.1" 200 27
116.224.255.128 - - [31/Aug/2022:09:15:15 +0800] "POST /xingrg/kc/buy/cgsh_order_operate.html HTTP/1.1" 200 24870
58.22.0.194 - - [31/Aug/2022:09:15:17 +0800] "GET /xingrg/kc/mdqp/qp_main.html HTTP/1.1" 200 10633
58.22.0.194 - - [31/Aug/2022:09:15:17 +0800] "GET /xingrg/javascript/ToolTips.js HTTP/1.1" 200 5615
58.22.0.194 - - [31/Aug/2022:09:15:17 +0800] "GET /xingrg/javascript/jquery_ui/jquery-ui.min.js HTTP/1.1" 200 186181
58.22.0.194 - - [31/Aug/2022:09:15:17 +0800] "GET /xingrg/images/blue/button/cgxqd.gif HTTP/1.1" 200 2619
58.22.0.194 - - [31/Aug/2022:09:15:17 +0800] "GET /xingrg/images/blue/button/pszx.gif HTTP/1.1" 200 2648
58.22.0.194 - - [31/Aug/2022:09:15:17 +0800] "GET /xingrg/images/blue/button/psshd.gif HTTP/1.1" 200 2692
58.22.0.194 - - [31/Aug/2022:09:15:17 +0800] "GET /xingrg/images/blue/button/qqpsd.gif HTTP/1.1" 200 2548
116.225.121.189 - - [31/Aug/2022:09:15:17 +0800] "GET /xingrg/all/function/internal_message.html?_=1661908517750&CODE_STATE=getMsg HTTP/1.1" 200 27
58.22.0.194 - - [31/Aug/2022:09:15:17 +0800] "GET /xingrg/javascript/jquery_ui/themes/humanity/images/ui-bg_inset-soft_100_f4f0ec_1x100.png HTTP/1.1" 200 141
58.22.0.194 - - [31/Aug/2022:09:15:17 +0800] "GET /xingrg/images/blue/button/down_ah.jpg HTTP/1.1" 200 1732
58.22.0.194 - - [31/Aug/2022:09:15:18 +0800] "GET /xingrg/javascript/jquery_ui/themes/humanity/images/ui-icons_c47a23_256x240.png HTTP/1.1" 200 5355
58.22.0.194 - - [31/Aug/2022:09:15:18 +0800] "GET /xingrg/javascript/jquery_ui/themes/humanity/images/ui-bg_glass_70_ede4d4_1x400.png HTTP/1.1" 200 161
58.22.0.194 - - [31/Aug/2022:09:15:18 +0800] "GET /xingrg/javascript/jquery_ui/themes/humanity/images/ui-iconsnew.jpg HTTP/1.1" 200 337
58.22.0.194 - - [31/Aug/2022:09:15:18 +0800] "GET /xingrg/javascript/jquery_ui/themes/humanity/images/ui-icons_ffffff_256x240.png HTTP/1.1" 200 4369
58.22.0.194 - - [31/Aug/2022:09:15:19 +0800] "GET /xingrg/kc/report/report_main.html HTTP/1.1" 200 7340
58.221.95.50 - - [31/Aug/2022:09:15:21 +0800] "GET /xingrg/check_reg.html?_=1661908519698 HTTP/1.1" 302 -
114.84.5.35 - - [31/Aug/2022:09:15:21 +0800] "POST /xingrg/kc/buy/cgsh_list_operate.html HTTP/1.1" 200 4822
116.225.121.189 - - [31/Aug/2022:09:15:23 +0800] "GET /xingrg/kc/buy/cgsh_order_add.html HTTP/1.1" 200 68595
116.225.121.189 - - [31/Aug/2022:09:15:24 +0800] "POST /xingrg/kc/buy/cgsh_order_operate.html HTTP/1.1" 200 8245
116.225.121.189 - - [31/Aug/2022:09:15:24 +0800] "GET /xingrg/javascript/easyui/themes/default/validatebox.css HTTP/1.1" 404 1104
58.22.0.194 - - [31/Aug/2022:09:15:24 +0800] "GET /xingrg/kc/base/base_main.html HTTP/1.1" 200 12142
116.224.255.128 - - [31/Aug/2022:09:15:26 +0800] "GET /xingrg/kc/buy/cgsh_order_operate.html?command=get_materiel&rest_code=00150&code=00101016057&supplier_code=00100096&order_time=2022-08-31 HTTP/1.1" 200 408
58.22.0.194 - - [31/Aug/2022:09:15:27 +0800] "GET /xingrg/kc/base/check_order_list.html HTTP/1.1" 200 16303
58.22.0.194 - - [31/Aug/2022:09:15:27 +0800] "GET /xingrg/css/site.css HTTP/1.1" 200 7541
58.22.0.194 - - [31/Aug/2022:09:15:27 +0800] "GET /xingrg/javascript/jquery_tools/datebox.css HTTP/1.1" 200 2597
58.22.0.194 - - [31/Aug/2022:09:15:27 +0800] "GET /xingrg/javascript/easyui/themes/icon.css HTTP/1.1" 200 4483
58.22.0.194 - - [31/Aug/2022:09:15:27 +0800] "GET /xingrg/javascript/auto/jquery.autocomplete.css HTTP/1.1" 200 587
58.22.0.194 - - [31/Aug/2022:09:15:27 +0800] "GET /xingrg/javascript/jquery_tools/fix.css HTTP/1.1" 200 1702
58.22.0.194 - - [31/Aug/2022:09:15:27 +0800] "GET /xingrg/css/base.css HTTP/1.1" 200 2811
58.22.0.194 - - [31/Aug/2022:09:15:27 +0800] "GET /xingrg/javascript/jquery_tools/table.css HTTP/1.1" 200 1032
58.22.0.194 - - [31/Aug/2022:09:15:27 +0800] "GET /xingrg/javascript/jquery_tools/jquery.tools.min.js HTTP/1.1" 200 138801
58.22.0.194 - - [31/Aug/2022:09:15:27 +0800] "GET /xingrg/javascript/jquery_tools/jquery.tools.hotkey.js HTTP/1.1" 200 3242
58.22.0.194 - - [31/Aug/2022:09:15:28 +0800] "GET /xingrg/javascript/jquery_tools/jquery.tools.table.js HTTP/1.1" 200 6994
58.22.0.194 - - [31/Aug/2022:09:15:28 +0800] "GET /xingrg/javascript/jquery_tools/list_manager.js HTTP/1.1" 200 3652
58.22.0.194 - - [31/Aug/2022:09:15:28 +0800] "GET /xingrg/javascript/easyui/easyloader.js HTTP/1.1" 200 5975
58.22.0.194 - - [31/Aug/2022:09:15:28 +0800] "GET /xingrg/javascript/jquery.cookie.js HTTP/1.1" 200 5513
58.22.0.194 - - [31/Aug/2022:09:15:28 +0800] "GET /xingrg/javascript/jquery_tools/jquery.tools.extend.js HTTP/1.1" 200 15385
58.22.0.194 - - [31/Aug/2022:09:15:28 +0800] "GET /xingrg/javascript/easyui/themes/default/easyui.css HTTP/1.1" 200 30432
58.22.0.194 - - [31/Aug/2022:09:15:28 +0800] "GET /xingrg/javascript/auto/jquery.autocomplete.js HTTP/1.1" 200 21624
58.22.0.194 - - [31/Aug/2022:09:15:28 +0800] "GET /xingrg/javascript/easyui/themes/icons/check_new.png HTTP/1.1" 200 3224
58.22.0.194 - - [31/Aug/2022:09:15:28 +0800] "GET /xingrg/javascript/easyui/themes/icons/edit_add_new.png HTTP/1.1" 200 2997
58.22.0.194 - - [31/Aug/2022:09:15:28 +0800] "GET /xingrg/javascript/easyui/themes/icons/field_new.png HTTP/1.1" 200 1097
58.22.0.194 - - [31/Aug/2022:09:15:28 +0800] "GET /xingrg/javascript/easyui/themes/icons/cance_new.png HTTP/1.1" 200 3986
58.22.0.194 - - [31/Aug/2022:09:15:28 +0800] "GET /xingrg/javascript/easyui/plugins/jquery.parser.js HTTP/1.1" 200 1142
58.22.0.194 - - [31/Aug/2022:09:15:28 +0800] "GET /xingrg/images/control/ajaxLoader.gif HTTP/1.1" 200 4659
58.22.0.194 - - [31/Aug/2022:09:15:28 +0800] "POST /xingrg/kc/base/check_list_operate.html HTTP/1.1" 200 781
58.22.0.194 - - [31/Aug/2022:09:15:29 +0800] "GET /xingrg/javascript/easyui/themes/default/images/button_plain_hover.png HTTP/1.1" 200 144
58.22.0.194 - - [31/Aug/2022:09:15:30 +0800] "GET /xingrg/kc/base/check_order_add.html HTTP/1.1" 200 25380
58.22.0.194 - - [31/Aug/2022:09:15:30 +0800] "GET /xingrg/css/table.css HTTP/1.1" 200 3684
58.22.0.194 - - [31/Aug/2022:09:15:30 +0800] "GET /xingrg/javascript/AjaxInfoList.js HTTP/1.1" 200 3774
58.22.0.194 - - [31/Aug/2022:09:15:30 +0800] "GET /xingrg/javascript/convert.js HTTP/1.1" 200 1239
58.22.0.194 - - [31/Aug/2022:09:15:30 +0800] "GET /xingrg/javascript/print/LodopFuncs.js HTTP/1.1" 200 5121
58.22.0.194 - - [31/Aug/2022:09:15:30 +0800] "GET /xingrg/dwr/interface/AjaxComOrderService.js HTTP/1.1" 200 18264
58.22.0.194 - - [31/Aug/2022:09:15:30 +0800] "GET /xingrg/dwr/interface/AjaxCheckService.js HTTP/1.1" 200 14003
58.22.0.194 - - [31/Aug/2022:09:15:30 +0800] "GET /xingrg/javascript/print/kc_print.js HTTP/1.1" 200 11415
58.22.0.194 - - [31/Aug/2022:09:15:30 +0800] "GET /xingrg/javascript/Calendar.js HTTP/1.1" 200 31561
58.22.0.194 - - [31/Aug/2022:09:15:30 +0800] "GET /xingrg/dwr/util.js HTTP/1.1" 200 35990
58.22.0.194 - - [31/Aug/2022:09:15:30 +0800] "GET /xingrg/dwr/engine.js HTTP/1.1" 200 43631
58.22.0.194 - - [31/Aug/2022:09:15:31 +0800] "GET /xingrg/javascript/jquery_easy_ui/themes/icons/cance_new.png HTTP/1.1" 200 3986
58.22.0.194 - - [31/Aug/2022:09:15:31 +0800] "GET /xingrg/javascript/jquery_easy_ui/themes/icons/print.png HTTP/1.1" 200 1057
58.22.0.194 - - [31/Aug/2022:09:15:31 +0800] "GET /xingrg/javascript/jquery_easy_ui/themes/default/images/menu_downarrow.png HTTP/1.1" 200 173
58.22.0.194 - - [31/Aug/2022:09:15:31 +0800] "GET /xingrg/javascript/jquery_easy_ui/themes/icons/check_new.png HTTP/1.1" 200 3224
116.224.123.211 - - [31/Aug/2022:09:15:33 +0800] "GET /xingrg/kc/buy/cgsh_order_operate.html?command=get_materiel&rest_code=00102&code=00101006111&supplier_code=00100096&order_time=2022-08-31 HTTP/1.1" 200 411
116.225.121.189 - - [31/Aug/2022:09:15:36 +0800] "GET /xingrg/kc/buy/cgsh_order_operate.html?command=get_materiel&rest_code=00105&code=00101007061&supplier_code=00100002&order_time=2022-08-31 HTTP/1.1" 200 409
180.169.147.146 - - [31/Aug/2022:09:15:38 +0800] "GET /xingrg/all/function/internal_message.html?_=1661908537264&CODE_STATE=getMsg HTTP/1.1" 302 -
114.88.158.224 - - [31/Aug/2022:09:15:39 +0800] "GET /xingrg/all/function/internal_message.html?_=1661908211910&CODE_STATE=getMsg HTTP/1.1" 200 27
58.22.0.194 - - [31/Aug/2022:09:15:40 +0800] "POST /xingrg/dwr/call/plaincall/AjaxCheckService.saveOrder.dwr HTTP/1.1" 200 78
116.224.255.128 - - [31/Aug/2022:09:15:41 +0800] "GET /xingrg/kc/buy/cgsh_order_operate.html?command=get_materiel&rest_code=00150&code=00101012039&supplier_code=00100096&order_time=2022-08-31 HTTP/1.1" 200 410
58.22.0.194 - - [31/Aug/2022:09:15:42 +0800] "POST /xingrg/dwr/call/plaincall/AjaxCheckService.loadOrderItems.dwr HTTP/1.1" 200 367
58.22.0.194 - - [31/Aug/2022:09:15:42 +0800] "GET /xingrg/javascript/jquery_easy_ui/themes/default/images/button_span_bg.gif HTTP/1.1" 200 2061
58.22.0.194 - - [31/Aug/2022:09:15:42 +0800] "GET /xingrg/javascript/jquery_easy_ui/themes/icons/ok.png HTTP/1.1" 200 883
58.22.0.194 - - [31/Aug/2022:09:15:42 +0800] "GET /xingrg/javascript/jquery_easy_ui/themes/default/images/panel_title.png HTTP/1.1" 200 266
58.22.0.194 - - [31/Aug/2022:09:15:42 +0800] "GET /xingrg/javascript/jquery_easy_ui/themes/default/images/panel_tools.gif HTTP/1.1" 200 737
58.22.0.194 - - [31/Aug/2022:09:15:42 +0800] "GET /xingrg/javascript/jquery_easy_ui/themes/default/images/button_a_bg.gif HTTP/1.1" 200 1194
58.22.0.194 - - [31/Aug/2022:09:15:42 +0800] "GET /xingrg/javascript/jquery_easy_ui/themes/icons/pencil.png HTTP/1.1" 200 713
222.69.129.110 - - [31/Aug/2022:09:15:45 +0800] "GET /xingrg/all/function/internal_message.html?_=1661908619941&CODE_STATE=getMsg HTTP/1.1" 200 27
58.22.0.194 - - [31/Aug/2022:09:15:45 +0800] "POST /xingrg/kc/report/common_data.html?type=materiel_category_tree HTTP/1.1" 200 3921
58.22.0.194 - - [31/Aug/2022:09:15:45 +0800] "GET /xingrg/javascript/jquery_easy_ui/themes/default/images/tree_checkbox_0.gif HTTP/1.1" 200 168
116.224.255.128 - - [31/Aug/2022:09:15:46 +0800] "GET /xingrg/kc/print/load_data.html?order_code=212022083110808&kc_code=cgsh&condition= HTTP/1.1" 200 9906
58.22.0.194 - - [31/Aug/2022:09:15:46 +0800] "GET /xingrg/javascript/jquery_easy_ui/themes/default/images/tree_checkbox_1.gif HTTP/1.1" 200 174
58.22.0.194 - - [31/Aug/2022:09:15:50 +0800] "POST /xingrg/dwr/call/plaincall/AjaxCheckService.importOrderItems.dwr HTTP/1.1" 200 78
116.224.255.128 - - [31/Aug/2022:09:15:52 +0800] "GET /xingrg/kc/buy/cgsh_order_operate.html?command=get_materiel&rest_code=00150&code=00101012051&supplier_code=00100096&order_time=2022-08-31 HTTP/1.1" 200 408
101.83.240.123 - - [31/Aug/2022:09:15:52 +0800] "GET /xingrg/login.html?sysBaseUrl=http%3A%2F%2F180.169.147.146%3A18081%2Fxingrg%2F&costTime=31×tamp=1615347190560 HTTP/1.1" 200 7641
58.22.0.194 - - [31/Aug/2022:09:15:52 +0800] "POST /xingrg/dwr/call/plaincall/AjaxCheckService.loadOrderItems.dwr HTTP/1.1" 200 56389
180.169.147.146 - - [31/Aug/2022:09:15:52 +0800] "GET /xingrg/all/function/internal_message.html?_=1661909024626&CODE_STATE=getMsg HTTP/1.1" 200 27
58.22.0.194 - - [31/Aug/2022:09:15:52 +0800] "GET /xingrg/javascript/jquery_easy_ui/themes/icons/no.png HTTP/1.1" 200 922
101.83.240.123 - - [31/Aug/2022:09:15:52 +0800] "GET /favicon.ico HTTP/1.1" 404 -
116.224.123.211 - - [31/Aug/2022:09:15:53 +0800] "GET /xingrg/all/function/internal_message.html?_=1661908552639&CODE_STATE=getMsg HTTP/1.1" 200 27
101.83.240.123 - - [31/Aug/2022:09:15:54 +0800] "POST /xingrg/login.do HTTP/1.1" 302 -
101.83.240.123 - - [31/Aug/2022:09:15:54 +0800] "GET /xingrg/index.html?sysBaseUrl=http%3A%2F%2F180.169.147.146%3A18081%2Fxingrg%2F&costTime=60×tamp=1661908554222 HTTP/1.1" 200 17179
101.83.240.123 - - [31/Aug/2022:09:15:54 +0800] "GET /favicon.ico HTTP/1.1" 404 -
101.83.240.123 - - [31/Aug/2022:09:15:54 +0800] "POST /xingrg/all/common/load_tree.html?tree=area_rest_tree_json&manage=1 HTTP/1.1" 200 351
101.83.240.123 - - [31/Aug/2022:09:15:54 +0800] "GET /xingrg/all/function/internal_message.html?_=1661908553307&CODE_STATE=count HTTP/1.1" 200 11
101.83.240.123 - - [31/Aug/2022:09:15:54 +0800] "POST /xingrg/load_menu.html HTTP/1.1" 200 5138
101.83.240.123 - - [31/Aug/2022:09:15:54 +0800] "GET /xingrg/check_reg.html?_=1661908553308 HTTP/1.1" 200 22
116.224.255.128 - - [31/Aug/2022:09:15:55 +0800] "GET /xingrg/all/function/internal_message.html?_=1661908507923&CODE_STATE=getMsg HTTP/1.1" 200 27
116.225.121.189 - - [31/Aug/2022:09:15:56 +0800] "POST /xingrg/kc/buy/cgsh_order_operate.html HTTP/1.1" 200 37
101.83.240.123 - - [31/Aug/2022:09:15:57 +0800] "GET /xingrg/kc/buy/cgsh_order_list.html HTTP/1.1" 200 52737
116.224.255.128 - - [31/Aug/2022:09:15:58 +0800] "GET /xingrg/all/function/internal_message.html?_=1661908555706&CODE_STATE=getMsg HTTP/1.1" 200 27
116.225.121.189 - - [31/Aug/2022:09:15:58 +0800] "POST /xingrg/kc/buy/cgsh_order_operate.html HTTP/1.1" 200 2653
116.232.194.65 - - [31/Aug/2022:09:15:58 +0800] "GET /xingrg/all/function/internal_message.html?_=1661908513401&CODE_STATE=getMsg HTTP/1.1" 200 27
116.225.121.189 - - [31/Aug/2022:09:15:59 +0800] "GET /xingrg/kc/print/load_data.html?order_code=212022083110815&kc_code=cgsh&condition= HTTP/1.1" 200 736
101.83.240.123 - - [31/Aug/2022:09:15:59 +0800] "POST /xingrg/kc/buy/cgsh_list_operate.html HTTP/1.1" 200 752
101.83.240.123 - - [31/Aug/2022:09:16:01 +0800] "GET /xingrg/kc/buy/cgsh_order_add.html HTTP/1.1" 200 68601
101.83.240.123 - - [31/Aug/2022:09:16:02 +0800] "GET /xingrg/words/20220830212008_words.js HTTP/1.1" 200 917739
58.40.7.146 - - [31/Aug/2022:09:16:02 +0800] "GET /xingrg/all/function/internal_message.html?_=1661908561106&CODE_STATE=getMsg HTTP/1.1" 200 27
101.83.240.123 - - [31/Aug/2022:09:16:02 +0800] "POST /xingrg/kc/buy/cgsh_order_operate.html HTTP/1.1" 200 8245
101.83.240.123 - - [31/Aug/2022:09:16:02 +0800] "GET /xingrg/all/common/auto_word.html?type=employee&rest_code=00149 HTTP/1.1" 200 197
101.83.240.123 - - [31/Aug/2022:09:16:02 +0800] "GET /xingrg/all/common/auto_word.html?type=employee&rest_code=00149 HTTP/1.1" 200 197
101.83.240.123 - - [31/Aug/2022:09:16:02 +0800] "GET /xingrg/javascript/easyui/themes/default/validatebox.css HTTP/1.1" 404 1104
116.237.76.29 - - [31/Aug/2022:09:16:04 +0800] "GET /xingrg/all/function/internal_message.html?_=1661908560779&CODE_STATE=getMsg HTTP/1.1" 200 27
101.83.240.123 - - [31/Aug/2022:09:16:05 +0800] "GET /xingrg/javascript/auto/indicator.gif HTTP/1.1" 404 1066
114.84.5.35 - - [31/Aug/2022:09:16:05 +0800] "GET /xingrg/check_reg.html?_=1661908562812 HTTP/1.1" 200 22
114.84.5.35 - - [31/Aug/2022:09:16:05 +0800] "GET /xingrg/all/function/internal_message.html?_=1661908562813&CODE_STATE=getMsg HTTP/1.1" 200 27
58.22.0.194 - - [31/Aug/2022:09:16:06 +0800] "GET /xingrg/all/function/internal_message.html?_=1661908564125&CODE_STATE=getMsg HTTP/1.1" 200 27
58.22.0.194 - - [31/Aug/2022:09:16:07 +0800] "GET /xingrg/javascript/jquery_easy_ui/themes/default/images/button_plain_hover.png HTTP/1.1" 200 252
101.83.240.123 - - [31/Aug/2022:09:16:08 +0800] "GET /xingrg/kc/buy/cgsh_order_operate.html?command=get_materiel&rest_code=00149&code=00101010161&supplier_code=&order_time=2022-08-31 HTTP/1.1" 200 409
58.22.0.194 - - [31/Aug/2022:09:16:09 +0800] "GET /xingrg/kc/base/check_order_list.html?isBack=1 HTTP/1.1" 200 16303
58.22.0.194 - - [31/Aug/2022:09:16:09 +0800] "POST /xingrg/kc/base/check_list_operate.html HTTP/1.1" 200 1560
58.22.0.194 - - [31/Aug/2022:09:16:10 +0800] "GET /xingrg/kc/base/check_order_add.html HTTP/1.1" 200 25380
58.22.0.194 - - [31/Aug/2022:09:16:10 +0800] "GET /xingrg/dwr/interface/AjaxCheckService.js HTTP/1.1" 200 14003
58.22.0.194 - - [31/Aug/2022:09:16:10 +0800] "GET /xingrg/dwr/interface/AjaxComOrderService.js HTTP/1.1" 200 18264
58.22.0.194 - - [31/Aug/2022:09:16:10 +0800] "GET /xingrg/dwr/engine.js HTTP/1.1" 200 43631
58.22.0.194 - - [31/Aug/2022:09:16:11 +0800] "GET /xingrg/kc/sw/select_base.html HTTP/1.1" 200 7049
116.225.121.189 - - [31/Aug/2022:09:16:11 +0800] "GET /xingrg/all/function/internal_message.html?_=1661908436605&CODE_STATE=getMsg HTTP/1.1" 200 27
58.22.0.194 - - [31/Aug/2022:09:16:12 +0800] "GET /favicon.ico HTTP/1.1" 404 -
101.80.228.36 - - [31/Aug/2022:09:16:15 +0800] "GET /xingrg/check_reg.html?_=1661908574677 HTTP/1.1" 200 22
101.80.228.36 - - [31/Aug/2022:09:16:15 +0800] "GET /xingrg/all/function/internal_message.html?_=1661908574679&CODE_STATE=getMsg HTTP/1.1" 200 27
116.225.121.189 - - [31/Aug/2022:09:16:17 +0800] "GET /xingrg/all/function/internal_message.html?_=1661908577729&CODE_STATE=getMsg HTTP/1.1" 200 27
58.22.0.194 - - [31/Aug/2022:09:16:19 +0800] "POST /xingrg/dwr/call/plaincall/AjaxCheckService.saveOrder.dwr HTTP/1.1" 200 78
58.22.0.194 - - [31/Aug/2022:09:16:21 +0800] "POST /xingrg/dwr/call/plaincall/AjaxCheckService.loadOrderItems.dwr HTTP/1.1" 200 367
116.224.123.211 - - [31/Aug/2022:09:16:22 +0800] "GET /xingrg/kc/buy/cgsh_order_operate.html?command=get_materiel&rest_code=00102&code=00101006062&supplier_code=00100096&order_time=2022-08-31 HTTP/1.1" 200 409
58.22.0.194 - - [31/Aug/2022:09:16:27 +0800] "POST /xingrg/dwr/call/plaincall/AjaxCheckService.importOrderItems.dwr HTTP/1.1" 200 78
58.22.0.194 - - [31/Aug/2022:09:16:29 +0800] "POST /xingrg/dwr/call/plaincall/AjaxCheckService.loadOrderItems.dwr HTTP/1.1" 200 10786
58.22.0.194 - - [31/Aug/2022:09:16:33 +0800] "GET /xingrg/kc/base/check_order_list.html?isBack=1 HTTP/1.1" 200 16303
58.22.0.194 - - [31/Aug/2022:09:16:33 +0800] "POST /xingrg/kc/base/check_list_operate.html HTTP/1.1" 200 1890
58.22.0.194 - - [31/Aug/2022:09:16:34 +0800] "GET /xingrg/kc/base/check_order_add.html HTTP/1.1" 200 25380
58.22.0.194 - - [31/Aug/2022:09:16:34 +0800] "GET /xingrg/dwr/interface/AjaxCheckService.js HTTP/1.1" 200 14003
58.22.0.194 - - [31/Aug/2022:09:16:34 +0800] "GET /xingrg/dwr/interface/AjaxComOrderService.js HTTP/1.1" 200 18264
58.22.0.194 - - [31/Aug/2022:09:16:35 +0800] "GET /xingrg/dwr/engine.js HTTP/1.1" 200 43631
116.224.255.128 - - [31/Aug/2022:09:16:37 +0800] "POST /xingrg/kc/buy/cgsh_order_operate.html HTTP/1.1" 200 37
180.169.147.146 - - [31/Aug/2022:09:16:38 +0800] "GET /xingrg/all/function/internal_message.html?_=1661908597253&CODE_STATE=getMsg HTTP/1.1" 302 -
180.169.147.146 - - [31/Aug/2022:09:16:38 +0800] "GET /xingrg/check_reg.html?_=1661908597255 HTTP/1.1" 302 -
114.88.158.224 - - [31/Aug/2022:09:16:39 +0800] "GET /xingrg/all/function/internal_message.html?_=1661908271886&CODE_STATE=getMsg HTTP/1.1" 200 27
58.22.0.194 - - [31/Aug/2022:09:16:40 +0800] "POST /xingrg/dwr/call/plaincall/AjaxCheckService.saveOrder.dwr HTTP/1.1" 200 78
116.224.255.128 - - [31/Aug/2022:09:16:40 +0800] "POST /xingrg/kc/buy/cgsh_order_operate.html HTTP/1.1" 200 12
116.224.255.128 - - [31/Aug/2022:09:16:42 +0800] "GET /xingrg/kc/buy/cgsh_order_info.html?code=212022083110816 HTTP/1.1" 200 63422
116.224.255.128 - - [31/Aug/2022:09:16:42 +0800] "GET /xingrg/javascript/jquery_easy_ui/themes/icons/area.png HTTP/1.1" 304 -
116.224.255.128 - - [31/Aug/2022:09:16:42 +0800] "GET /xingrg/javascript/jquery_easy_ui/themes/icons/rest.png HTTP/1.1" 304 -
58.22.0.194 - - [31/Aug/2022:09:16:42 +0800] "POST /xingrg/dwr/call/plaincall/AjaxCheckService.loadOrderItems.dwr HTTP/1.1" 200 367
116.224.255.128 - - [31/Aug/2022:09:16:42 +0800] "GET /xingrg/javascript/easyui/themes/default/validatebox.css HTTP/1.1" 404 1104
116.224.123.211 - - [31/Aug/2022:09:16:42 +0800] "GET /xingrg/kc/buy/cgsh_order_operate.html?command=get_materiel&rest_code=00102&code=00101006055&supplier_code=00100096&order_time=2022-08-31 HTTP/1.1" 200 411
116.224.255.128 - - [31/Aug/2022:09:16:43 +0800] "POST /xingrg/kc/buy/cgsh_order_operate.html HTTP/1.1" 200 5331
116.232.194.65 - - [31/Aug/2022:09:16:44 +0800] "POST /xingrg/services/DataTransmitService HTTP/1.1" 200 524
222.69.129.110 - - [31/Aug/2022:09:16:45 +0800] "GET /xingrg/all/function/internal_message.html?_=1661908679948&CODE_STATE=getMsg HTTP/1.1" 200 27
58.22.0.194 - - [31/Aug/2022:09:16:46 +0800] "POST /xingrg/kc/report/common_data.html?type=kc_check_template HTTP/1.1" 200 57
58.22.0.194 - - [31/Aug/2022:09:16:47 +0800] "POST /xingrg/kc/report/common_data.html?type=materiel_category_tree HTTP/1.1" 200 3921
116.224.255.128 - - [31/Aug/2022:09:16:49 +0800] "GET /xingrg/kc/print/load_data.html?order_code=212022083110816&kc_code=cgsh&condition= HTTP/1.1" 200 2495
222.69.129.110 - - [31/Aug/2022:09:16:49 +0800] "POST /xingrg/kc/base/yddb_list_operate.html HTTP/1.1" 200 636
180.169.147.146 - - [31/Aug/2022:09:16:52 +0800] "GET /xingrg/all/function/internal_message.html?_=1661909084629&CODE_STATE=getMsg HTTP/1.1" 200 27
116.224.123.211 - - [31/Aug/2022:09:16:53 +0800] "GET /xingrg/all/function/internal_message.html?_=1661908612641&CODE_STATE=getMsg HTTP/1.1" 200 27
101.83.240.123 - - [31/Aug/2022:09:16:54 +0800] "GET /xingrg/all/function/internal_message.html?_=1661908613323&CODE_STATE=getMsg HTTP/1.1" 200 27
116.224.255.128 - - [31/Aug/2022:09:16:55 +0800] "GET /xingrg/all/function/internal_message.html?_=1661908567936&CODE_STATE=getMsg HTTP/1.1" 200 27
222.69.129.110 - - [31/Aug/2022:09:16:56 +0800] "POST /xingrg/kc/base/yddb_list_operate.html HTTP/1.1" 200 636
116.224.255.128 - - [31/Aug/2022:09:16:58 +0800] "GET /xingrg/check_reg.html?_=1661908615692 HTTP/1.1" 200 22
116.224.255.128 - - [31/Aug/2022:09:16:58 +0800] "GET /xingrg/all/function/internal_message.html?_=1661908615696&CODE_STATE=getMsg HTTP/1.1" 200 27
116.232.194.65 - - [31/Aug/2022:09:16:58 +0800] "GET /xingrg/all/function/internal_message.html?_=1661908573386&CODE_STATE=getMsg HTTP/1.1" 200 27
58.22.0.194 - - [31/Aug/2022:09:16:59 +0800] "GET /xingrg/javascript/jquery_easy_ui/themes/default/images/tree_checkbox_2.gif HTTP/1.1" 200 181
58.40.7.146 - - [31/Aug/2022:09:17:02 +0800] "GET /xingrg/all/function/internal_message.html?_=1661908621108&CODE_STATE=getMsg HTTP/1.1" 200 27
58.40.7.146 - - [31/Aug/2022:09:17:02 +0800] "GET /xingrg/check_reg.html?_=1661908621111 HTTP/1.1" 200 22
58.22.0.194 - - [31/Aug/2022:09:17:02 +0800] "POST /xingrg/dwr/call/plaincall/AjaxCheckService.importOrderItems.dwr HTTP/1.1" 200 78
222.69.129.110 - - [31/Aug/2022:09:17:02 +0800] "POST /xingrg/kc/base/yddb_list_operate.html HTTP/1.1" 200 1619
116.224.123.211 - - [31/Aug/2022:09:17:03 +0800] "GET /xingrg/kc/buy/cgsh_order_operate.html?command=get_materiel&rest_code=00102&code=00101007061&supplier_code=00100096&order_time=2022-08-31 HTTP/1.1" 200 411
58.22.0.194 - - [31/Aug/2022:09:17:04 +0800] "POST /xingrg/dwr/call/plaincall/AjaxCheckService.loadOrderItems.dwr HTTP/1.1" 200 12128
116.237.76.29 - - [31/Aug/2022:09:17:04 +0800] "GET /xingrg/all/function/internal_message.html?_=1661908620755&CODE_STATE=getMsg HTTP/1.1" 200 27
222.69.129.110 - - [31/Aug/2022:09:17:05 +0800] "POST /xingrg/kc/base/yddb_list_operate.html HTTP/1.1" 200 221
222.69.129.110 - - [31/Aug/2022:09:17:05 +0800] "GET /xingrg/kc/base/yddb_order_info.html?code=482022082900207 HTTP/1.1" 200 30054
222.69.129.110 - - [31/Aug/2022:09:17:05 +0800] "GET /xingrg/dwr/interface/AjaxComOrderService.js HTTP/1.1" 200 18264
222.69.129.110 - - [31/Aug/2022:09:17:05 +0800] "GET /xingrg/dwr/interface/AjaxYddbService.js HTTP/1.1" 200 13201
222.69.129.110 - - [31/Aug/2022:09:17:05 +0800] "GET /xingrg/dwr/util.js HTTP/1.1" 304 -
222.69.129.110 - - [31/Aug/2022:09:17:05 +0800] "GET /xingrg/dwr/engine.js HTTP/1.1" 200 43631
114.84.5.35 - - [31/Aug/2022:09:17:05 +0800] "GET /xingrg/all/function/internal_message.html?_=1661908622811&CODE_STATE=getMsg HTTP/1.1" 200 27
222.69.129.110 - - [31/Aug/2022:09:17:05 +0800] "POST /xingrg/dwr/call/plaincall/AjaxYddbService.loadMaterielItems.dwr HTTP/1.1" 200 421
58.22.0.194 - - [31/Aug/2022:09:17:06 +0800] "GET /xingrg/kc/base/check_order_list.html?isBack=1 HTTP/1.1" 200 16303
58.22.0.194 - - [31/Aug/2022:09:17:06 +0800] "POST /xingrg/kc/base/check_list_operate.html HTTP/1.1" 200 2220
58.22.0.194 - - [31/Aug/2022:09:17:06 +0800] "GET /xingrg/all/function/internal_message.html?_=1661908624205&CODE_STATE=getMsg HTTP/1.1" 200 27
58.22.0.194 - - [31/Aug/2022:09:17:08 +0800] "GET /xingrg/dwr/interface/AjaxComOrderService.js HTTP/1.1" 200 18264
58.22.0.194 - - [31/Aug/2022:09:17:08 +0800] "GET /xingrg/kc/base/check_order_add.html HTTP/1.1" 200 25380
222.69.129.110 - - [31/Aug/2022:09:17:08 +0800] "GET /xingrg/kc/base/yddb_order_report.html?fileType=servlets/html&code=482022082900207&reportName=ck_order_report&subName=yddb HTTP/1.1" 302 -
222.69.129.110 - - [31/Aug/2022:09:17:08 +0800] "GET /xingrg/servlets/html?sysBaseUrl=http%3A%2F%2F180.169.147.146%3A18081%2Fxingrg%2F&costTime=95×tamp=1661908628583 HTTP/1.1" 200 14722
222.69.129.110 - - [31/Aug/2022:09:17:08 +0800] "GET /xingrg/servlets/image?image=px HTTP/1.1" 200 807
58.22.0.194 - - [31/Aug/2022:09:17:08 +0800] "GET /xingrg/dwr/interface/AjaxCheckService.js HTTP/1.1" 200 14003
222.69.129.110 - - [31/Aug/2022:09:17:08 +0800] "GET /favicon.ico HTTP/1.1" 404 -
58.22.0.194 - - [31/Aug/2022:09:17:08 +0800] "GET /xingrg/dwr/engine.js HTTP/1.1" 200 43631
116.225.121.189 - - [31/Aug/2022:09:17:11 +0800] "GET /xingrg/all/function/internal_message.html?_=1661908496606&CODE_STATE=getMsg HTTP/1.1" 200 27
58.22.0.194 - - [31/Aug/2022:09:17:14 +0800] "POST /xingrg/dwr/call/plaincall/AjaxCheckService.saveOrder.dwr HTTP/1.1" 200 78
58.22.0.194 - - [31/Aug/2022:09:17:15 +0800] "POST /xingrg/dwr/call/plaincall/AjaxCheckService.loadOrderItems.dwr HTTP/1.1" 200 367
101.80.228.36 - - [31/Aug/2022:09:17:15 +0800] "GET /xingrg/all/function/internal_message.html?_=1661908634679&CODE_STATE=getMsg HTTP/1.1" 200 27
116.225.121.189 - - [31/Aug/2022:09:17:17 +0800] "GET /xingrg/all/function/internal_message.html?_=1661908637735&CODE_STATE=getMsg HTTP/1.1" 200 27
58.22.0.194 - - [31/Aug/2022:09:17:20 +0800] "POST /xingrg/dwr/call/plaincall/AjaxCheckService.importOrderItems.dwr HTTP/1.1" 200 78
116.224.123.211 - - [31/Aug/2022:09:17:20 +0800] "GET /xingrg/kc/buy/cgsh_order_operate.html?command=get_materiel&rest_code=00102&code=00101007049&supplier_code=00100096&order_time=2022-08-31 HTTP/1.1" 200 411
58.22.0.194 - - [31/Aug/2022:09:17:21 +0800] "POST /xingrg/dwr/call/plaincall/AjaxCheckService.loadOrderItems.dwr HTTP/1.1" 200 24984
222.69.129.110 - - [31/Aug/2022:09:17:23 +0800] "POST /xingrg/kc/base/yddb_list_operate.html HTTP/1.1" 200 221
222.69.129.110 - - [31/Aug/2022:09:17:24 +0800] "GET /xingrg/kc/base/yddb_order_info.html?code=482022082900206 HTTP/1.1" 200 30015
222.69.129.110 - - [31/Aug/2022:09:17:24 +0800] "GET /xingrg/dwr/interface/AjaxYddbService.js HTTP/1.1" 200 13201
222.69.129.110 - - [31/Aug/2022:09:17:24 +0800] "GET /xingrg/dwr/interface/AjaxComOrderService.js HTTP/1.1" 200 18264
222.69.129.110 - - [31/Aug/2022:09:17:24 +0800] "GET /xingrg/dwr/engine.js HTTP/1.1" 200 43631
222.69.129.110 - - [31/Aug/2022:09:17:24 +0800] "POST /xingrg/dwr/call/plaincall/AjaxYddbService.loadMaterielItems.dwr HTTP/1.1" 200 419
58.22.0.194 - - [31/Aug/2022:09:17:25 +0800] "GET /xingrg/kc/base/check_order_list.html?isBack=1 HTTP/1.1" 200 16303
58.22.0.194 - - [31/Aug/2022:09:17:25 +0800] "POST /xingrg/kc/base/check_list_operate.html HTTP/1.1" 200 2550
222.69.129.110 - - [31/Aug/2022:09:17:27 +0800] "GET /xingrg/kc/base/yddb_order_report.html?fileType=servlets/html&code=482022082900206&reportName=ck_order_report&subName=yddb HTTP/1.1" 302 -
222.69.129.110 - - [31/Aug/2022:09:17:27 +0800] "GET /xingrg/servlets/html?sysBaseUrl=http%3A%2F%2F180.169.147.146%3A18081%2Fxingrg%2F&costTime=72×tamp=1661908647586 HTTP/1.1" 200 14720
222.69.129.110 - - [31/Aug/2022:09:17:27 +0800] "GET /favicon.ico HTTP/1.1" 404 -
58.22.0.194 - - [31/Aug/2022:09:17:31 +0800] "GET /xingrg/kc/base/check_order_info.html?code=452022083100154 HTTP/1.1" 200 25422
58.22.0.194 - - [31/Aug/2022:09:17:31 +0800] "GET /xingrg/dwr/interface/AjaxCheckService.js HTTP/1.1" 200 14003
58.22.0.194 - - [31/Aug/2022:09:17:31 +0800] "GET /xingrg/dwr/interface/AjaxComOrderService.js HTTP/1.1" 200 18264
58.22.0.194 - - [31/Aug/2022:09:17:31 +0800] "GET /xingrg/dwr/engine.js HTTP/1.1" 200 43631
