180.169.147.146 - - [29/Aug/2022:11:44:55 +0800] "GET /xingrg/all/function/internal_message.html?_=1661744694365&CODE_STATE=getMsg HTTP/1.1" 200 27
116.235.94.65 - - [29/Aug/2022:11:44:56 +0800] "GET /xingrg/all/function/internal_message.html?_=1661744888196&CODE_STATE=getMsg HTTP/1.1" 200 27
116.235.94.65 - - [29/Aug/2022:11:44:57 +0800] "GET /xingrg/check_reg.html?_=1661744889366 HTTP/1.1" 200 22
116.232.194.65 - - [29/Aug/2022:11:44:57 +0800] "GET /xingrg/kc/buy/cgsh_order_operate.html?command=get_materiel&rest_code=00155&code=00101008136&supplier_code=00100005&order_time=2022-08-29 HTTP/1.1" 200 413
222.69.129.110 - - [29/Aug/2022:11:44:57 +0800] "GET /xingrg/all/function/internal_message.html?_=1661744772536&CODE_STATE=getMsg HTTP/1.1" 200 27
124.78.153.134 - - [29/Aug/2022:11:45:01 +0800] "GET /xingrg/kc/buy/cgsh_order_operate.html?command=get_materiel&rest_code=00106&code=00102003364&supplier_code=00100151&order_time=2022-08-29 HTTP/1.1" 200 412
114.84.82.165 - - [29/Aug/2022:11:45:01 +0800] "GET /xingrg/kc/buy/cgsh_order_operate.html?command=get_materiel&rest_code=00148&code=00101008137&supplier_code=00100008&order_time=2022-08-29 HTTP/1.1" 200 408
180.162.112.166 - - [29/Aug/2022:11:45:02 +0800] "GET /xingrg/all/function/internal_message.html?_=1661743854700&CODE_STATE=getMsg HTTP/1.1" 200 27
180.169.147.146 - - [29/Aug/2022:11:45:03 +0800] "GET /xingrg/all/function/internal_message.html?_=1661744703391&CODE_STATE=getMsg HTTP/1.1" 200 27
114.83.219.200 - - [29/Aug/2022:11:45:04 +0800] "GET /xingrg/all/function/internal_message.html?_=1661744703145&CODE_STATE=getMsg HTTP/1.1" 200 27
114.88.158.224 - - [29/Aug/2022:11:45:04 +0800] "POST /xingrg/kc/buy/cgsh_order_operate.html HTTP/1.1" 200 37
120.253.135.82 - - [29/Aug/2022:11:45:05 +0800] "GET /xingrg/all/function/internal_message.html?_=1661744508506&CODE_STATE=getMsg HTTP/1.1" 200 27
114.84.82.165 - - [29/Aug/2022:11:45:09 +0800] "GET /xingrg/kc/buy/cgsh_order_operate.html?command=get_materiel&rest_code=00148&code=00101008196&supplier_code=00100008&order_time=2022-08-29 HTTP/1.1" 200 416
114.88.158.224 - - [29/Aug/2022:11:45:10 +0800] "POST /xingrg/kc/buy/cgsh_order_operate.html HTTP/1.1" 200 12
58.39.35.118 - - [29/Aug/2022:11:45:10 +0800] "GET /xingrg/all/function/internal_message.html?_=1661744710428&CODE_STATE=getMsg HTTP/1.1" 200 27
180.169.147.146 - - [29/Aug/2022:11:45:11 +0800] "GET /xingrg/all/function/internal_message.html?_=1661744711948&CODE_STATE=getMsg HTTP/1.1" 200 27
180.169.147.146 - - [29/Aug/2022:11:45:11 +0800] "GET /xingrg/check_reg.html?_=1661744711962 HTTP/1.1" 200 22
114.88.158.224 - - [29/Aug/2022:11:45:11 +0800] "GET /xingrg/kc/buy/cgsh_order_info.html?code=212022082910160 HTTP/1.1" 200 63420
114.88.158.224 - - [29/Aug/2022:11:45:12 +0800] "GET /xingrg/javascript/easyui/themes/default/validatebox.css HTTP/1.1" 404 1104
114.88.158.224 - - [29/Aug/2022:11:45:12 +0800] "POST /xingrg/kc/buy/cgsh_order_operate.html HTTP/1.1" 200 3570
114.88.158.224 - - [29/Aug/2022:11:45:14 +0800] "GET /xingrg/kc/print/load_data.html?order_code=212022082910160&kc_code=cgsh&condition= HTTP/1.1" 200 1838
116.224.123.211 - - [29/Aug/2022:11:45:14 +0800] "GET /xingrg/all/function/internal_message.html?_=1661744714487&CODE_STATE=getMsg HTTP/1.1" 200 27
116.224.255.128 - - [29/Aug/2022:11:45:14 +0800] "GET /xingrg/all/function/internal_message.html?_=1661744713217&CODE_STATE=getMsg HTTP/1.1" 200 27
114.84.82.165 - - [29/Aug/2022:11:45:17 +0800] "GET /xingrg/kc/buy/cgsh_order_operate.html?command=get_materiel&rest_code=00148&code=00101008197&supplier_code=00100008&order_time=2022-08-29 HTTP/1.1" 200 416
116.232.194.65 - - [29/Aug/2022:11:45:17 +0800] "GET /xingrg/kc/buy/cgsh_order_operate.html?command=get_materiel&rest_code=00155&code=00101008230&supplier_code=00100005&order_time=2022-08-29 HTTP/1.1" 200 408
116.225.121.189 - - [29/Aug/2022:11:45:17 +0800] "GET /xingrg/all/function/internal_message.html?_=1661744584093&CODE_STATE=getMsg HTTP/1.1" 200 27
114.88.158.224 - - [29/Aug/2022:11:45:17 +0800] "GET /xingrg/kc/buy/cgsh_order_add.html HTTP/1.1" 200 68513
114.88.158.224 - - [29/Aug/2022:11:45:17 +0800] "POST /xingrg/kc/buy/cgsh_order_operate.html HTTP/1.1" 200 8245
180.169.147.146 - - [29/Aug/2022:11:45:17 +0800] "GET /xingrg/all/function/internal_message.html?_=1661744717514&CODE_STATE=getMsg HTTP/1.1" 200 27
114.88.158.224 - - [29/Aug/2022:11:45:17 +0800] "GET /xingrg/javascript/easyui/themes/default/validatebox.css HTTP/1.1" 404 1104
124.78.153.134 - - [29/Aug/2022:11:45:18 +0800] "GET /xingrg/kc/buy/cgsh_order_operate.html?command=get_materiel&rest_code=00106&code=00102026001&supplier_code=00100151&order_time=2022-08-29 HTTP/1.1" 200 409
116.232.194.65 - - [29/Aug/2022:11:45:21 +0800] "POST /xingrg/kc/buy/cgsh_order_operate.html HTTP/1.1" 200 2065
116.225.121.189 - - [29/Aug/2022:11:45:23 +0800] "GET /xingrg/all/function/internal_message.html?_=1661744725067&CODE_STATE=getMsg HTTP/1.1" 200 27
114.84.82.165 - - [29/Aug/2022:11:45:23 +0800] "GET /xingrg/kc/buy/cgsh_order_operate.html?command=get_materiel&rest_code=00148&code=00101008357&supplier_code=00100008&order_time=2022-08-29 HTTP/1.1" 200 408
114.84.5.35 - - [29/Aug/2022:11:45:26 +0800] "GET /xingrg/check_reg.html?_=1661744726355 HTTP/1.1" 200 22
114.84.5.35 - - [29/Aug/2022:11:45:26 +0800] "GET /xingrg/all/function/internal_message.html?_=1661744726358&CODE_STATE=getMsg HTTP/1.1" 200 27
180.169.147.146 - - [29/Aug/2022:11:45:28 +0800] "GET /xingrg/javascript/jquery_easy_ui/themes/icons/area.png HTTP/1.1" 200 262
180.169.147.146 - - [29/Aug/2022:11:45:28 +0800] "GET /xingrg/javascript/jquery_easy_ui/themes/icons/rest.png HTTP/1.1" 200 695
180.169.147.146 - - [29/Aug/2022:11:45:28 +0800] "GET /xingrg/javascript/jquery_easy_ui/themes/default/images/button_span_bg.gif HTTP/1.1" 200 2061
180.169.147.146 - - [29/Aug/2022:11:45:28 +0800] "GET /xingrg/javascript/jquery_easy_ui/themes/default/images/panel_tools.gif HTTP/1.1" 200 737
180.169.147.146 - - [29/Aug/2022:11:45:28 +0800] "GET /xingrg/javascript/jquery_easy_ui/themes/icons/manage.png HTTP/1.1" 200 696
180.169.147.146 - - [29/Aug/2022:11:45:28 +0800] "GET /xingrg/javascript/jquery_easy_ui/themes/default/images/button_a_bg.gif HTTP/1.1" 200 1194
180.169.147.146 - - [29/Aug/2022:11:45:28 +0800] "GET /xingrg/javascript/jquery_easy_ui/themes/icons/ok.png HTTP/1.1" 200 883
180.169.147.146 - - [29/Aug/2022:11:45:28 +0800] "GET /xingrg/javascript/jquery_easy_ui/themes/default/images/panel_title.png HTTP/1.1" 200 266
116.232.194.65 - - [29/Aug/2022:11:45:28 +0800] "GET /xingrg/all/function/internal_message.html?_=1661744688778&CODE_STATE=getMsg HTTP/1.1" 200 27
116.232.194.65 - - [29/Aug/2022:11:45:28 +0800] "GET /xingrg/check_reg.html?_=1661744688782 HTTP/1.1" 200 22
114.84.82.165 - - [29/Aug/2022:11:45:29 +0800] "GET /xingrg/kc/buy/cgsh_order_operate.html?command=get_materiel&rest_code=00148&code=00101008069&supplier_code=00100008&order_time=2022-08-29 HTTP/1.1" 200 412
114.88.158.224 - - [29/Aug/2022:11:45:30 +0800] "GET /xingrg/kc/buy/cgsh_order_operate.html?command=get_materiel&rest_code=00141&code=00101010079&supplier_code=00100336&order_time=2022-08-29 HTTP/1.1" 200 413
180.169.147.146 - - [29/Aug/2022:11:45:32 +0800] "GET /xingrg/images/control/ajaxLoader.gif HTTP/1.1" 200 4659
180.169.147.146 - - [29/Aug/2022:11:45:32 +0800] "POST /xingrg/all/user/operate.html HTTP/1.1" 200 36
180.169.147.146 - - [29/Aug/2022:11:45:32 +0800] "GET /xingrg/index.html?sysBaseUrl=http%3A%2F%2F180.169.147.146%3A18081%2Fxingrg%2F&costTime=556×tamp=1661744642033 HTTP/1.1" 200 17509
180.169.147.146 - - [29/Aug/2022:11:45:32 +0800] "GET /xingrg/javascript/jquery_easy_ui/themes/default/easyui.css HTTP/1.1" 304 -
180.169.147.146 - - [29/Aug/2022:11:45:32 +0800] "GET /xingrg/javascript/jquery_easy_ui/themes/icon.css HTTP/1.1" 304 -
180.169.147.146 - - [29/Aug/2022:11:45:32 +0800] "GET /xingrg/css/form.css HTTP/1.1" 304 -
180.169.147.146 - - [29/Aug/2022:11:45:32 +0800] "GET /xingrg/javascript/jquery-1.4.2.min.js HTTP/1.1" 304 -
180.169.147.146 - - [29/Aug/2022:11:45:32 +0800] "GET /xingrg/javascript/jquery_easy_ui/jquery.easyui.min.js HTTP/1.1" 304 -
180.169.147.146 - - [29/Aug/2022:11:45:32 +0800] "GET /xingrg/javascript/jquery_easy_ui/easyui-lang-zh_CN.js HTTP/1.1" 304 -
180.169.147.146 - - [29/Aug/2022:11:45:32 +0800] "GET /xingrg/javascript/jquery.form.js HTTP/1.1" 304 -
180.169.147.146 - - [29/Aug/2022:11:45:32 +0800] "GET /xingrg/javascript/jquery.utils.js HTTP/1.1" 304 -
180.169.147.146 - - [29/Aug/2022:11:45:32 +0800] "GET /xingrg/javascript/jquery.timers.js HTTP/1.1" 304 -
180.169.147.146 - - [29/Aug/2022:11:45:32 +0800] "GET /xingrg/images/blue/jxLogo.png HTTP/1.1" 304 -
180.169.147.146 - - [29/Aug/2022:11:45:32 +0800] "GET /xingrg/javascript/jquery_easy_ui/themes/icons/settle_new.png HTTP/1.1" 304 -
180.169.147.146 - - [29/Aug/2022:11:45:32 +0800] "GET /xingrg/images/blue/navBackgound.jpg HTTP/1.1" 304 -
180.169.147.146 - - [29/Aug/2022:11:45:32 +0800] "GET /xingrg/all/function/internal_message.html?_=1661744732889&CODE_STATE=count HTTP/1.1" 200 11
180.169.147.146 - - [29/Aug/2022:11:45:32 +0800] "GET /xingrg/check_reg.html?_=1661744732889 HTTP/1.1" 200 22
180.169.147.146 - - [29/Aug/2022:11:45:32 +0800] "GET /xingrg/javascript/jquery_easy_ui/themes/default/images/tabs_rightarrow.png HTTP/1.1" 304 -
180.169.147.146 - - [29/Aug/2022:11:45:32 +0800] "GET /xingrg/javascript/jquery_easy_ui/themes/default/images/panel_tool_expand.gif HTTP/1.1" 304 -
180.169.147.146 - - [29/Aug/2022:11:45:32 +0800] "GET /xingrg/javascript/jquery_easy_ui/themes/default/images/panel_tool_collapse.gif HTTP/1.1" 304 -
180.169.147.146 - - [29/Aug/2022:11:45:32 +0800] "GET /xingrg/javascript/jquery_easy_ui/themes/default/images/tabs_leftarrow.png HTTP/1.1" 304 -
180.169.147.146 - - [29/Aug/2022:11:45:32 +0800] "POST /xingrg/all/common/load_tree.html?tree=area_rest_tree_json&manage=1 HTTP/1.1" 200 3472
180.169.147.146 - - [29/Aug/2022:11:45:32 +0800] "GET /xingrg/images/blue/pingpu.png HTTP/1.1" 304 -
180.169.147.146 - - [29/Aug/2022:11:45:32 +0800] "POST /xingrg/load_menu.html HTTP/1.1" 200 9959
180.169.147.146 - - [29/Aug/2022:11:45:32 +0800] "GET /xingrg/javascript/jquery_easy_ui/themes/default/images/button_plain_hover.png HTTP/1.1" 200 252
114.84.82.165 - - [29/Aug/2022:11:45:35 +0800] "GET /xingrg/kc/buy/cgsh_order_operate.html?command=get_materiel&rest_code=00148&code=00101008036&supplier_code=00100008&order_time=2022-08-29 HTTP/1.1" 200 408
124.78.153.134 - - [29/Aug/2022:11:45:36 +0800] "GET /xingrg/all/function/internal_message.html?_=1661744744201&CODE_STATE=getMsg HTTP/1.1" 200 27
124.78.153.134 - - [29/Aug/2022:11:45:37 +0800] "GET /xingrg/all/function/internal_message.html?_=1661744736204&CODE_STATE=getMsg HTTP/1.1" 200 27
114.88.158.224 - - [29/Aug/2022:11:45:39 +0800] "POST /xingrg/kc/buy/cgsh_order_operate.html HTTP/1.1" 200 37
101.80.228.36 - - [29/Aug/2022:11:45:41 +0800] "GET /xingrg/all/function/internal_message.html?_=1661744742000&CODE_STATE=getMsg HTTP/1.1" 200 27
114.88.158.224 - - [29/Aug/2022:11:45:42 +0800] "GET /xingrg/all/function/internal_message.html?_=1661744412283&CODE_STATE=getMsg HTTP/1.1" 200 27
101.80.228.36 - - [29/Aug/2022:11:45:42 +0800] "GET /xingrg/check_reg.html?_=1661744742892 HTTP/1.1" 200 22
124.78.153.134 - - [29/Aug/2022:11:45:44 +0800] "POST /xingrg/kc/buy/cgsh_order_operate.html HTTP/1.1" 200 37
114.84.82.165 - - [29/Aug/2022:11:45:44 +0800] "GET /xingrg/kc/buy/cgsh_order_operate.html?command=get_materiel&rest_code=00148&code=00101008286&supplier_code=00100008&order_time=2022-08-29 HTTP/1.1" 200 408
114.84.82.165 - - [29/Aug/2022:11:45:46 +0800] "GET /xingrg/all/function/internal_message.html?_=1661744746891&CODE_STATE=getMsg HTTP/1.1" 200 27
114.88.158.224 - - [29/Aug/2022:11:45:46 +0800] "POST /xingrg/kc/buy/cgsh_order_operate.html HTTP/1.1" 200 12
114.88.158.224 - - [29/Aug/2022:11:45:48 +0800] "GET /xingrg/kc/buy/cgsh_order_info.html?code=212022082910161 HTTP/1.1" 200 63416
114.88.158.224 - - [29/Aug/2022:11:45:48 +0800] "GET /xingrg/javascript/easyui/themes/default/validatebox.css HTTP/1.1" 404 1104
114.88.158.224 - - [29/Aug/2022:11:45:49 +0800] "POST /xingrg/kc/buy/cgsh_order_operate.html HTTP/1.1" 200 607
116.224.255.128 - - [29/Aug/2022:11:45:49 +0800] "GET /xingrg/all/function/internal_message.html?_=1661744670439&CODE_STATE=getMsg HTTP/1.1" 200 27
114.88.158.224 - - [29/Aug/2022:11:45:50 +0800] "GET /xingrg/kc/print/load_data.html?order_code=212022082910161&kc_code=cgsh&condition= HTTP/1.1" 200 708
114.84.82.165 - - [29/Aug/2022:11:45:52 +0800] "GET /xingrg/kc/buy/cgsh_order_operate.html?command=get_materiel&rest_code=00148&code=00101008352&supplier_code=00100008&order_time=2022-08-29 HTTP/1.1" 200 412
114.88.158.224 - - [29/Aug/2022:11:45:53 +0800] "GET /xingrg/kc/buy/cgsh_order_add.html HTTP/1.1" 200 68513
114.88.158.224 - - [29/Aug/2022:11:45:53 +0800] "POST /xingrg/kc/buy/cgsh_order_operate.html HTTP/1.1" 200 8245
114.88.158.224 - - [29/Aug/2022:11:45:54 +0800] "GET /xingrg/javascript/easyui/themes/default/validatebox.css HTTP/1.1" 404 1104
124.78.153.134 - - [29/Aug/2022:11:45:54 +0800] "POST /xingrg/kc/buy/cgsh_order_operate.html HTTP/1.1" 200 4432
180.169.147.146 - - [29/Aug/2022:11:45:55 +0800] "GET /xingrg/all/function/internal_message.html?_=1661744754349&CODE_STATE=getMsg HTTP/1.1" 200 27
116.235.94.65 - - [29/Aug/2022:11:45:56 +0800] "GET /xingrg/all/function/internal_message.html?_=1661744948174&CODE_STATE=getMsg HTTP/1.1" 200 27
222.69.129.110 - - [29/Aug/2022:11:45:57 +0800] "GET /xingrg/all/function/internal_message.html?_=1661744832521&CODE_STATE=getMsg HTTP/1.1" 200 27
114.84.82.165 - - [29/Aug/2022:11:45:59 +0800] "GET /xingrg/kc/buy/cgsh_order_operate.html?command=get_materiel&rest_code=00148&code=00101008353&supplier_code=00100008&order_time=2022-08-29 HTTP/1.1" 200 408
114.88.158.224 - - [29/Aug/2022:11:46:01 +0800] "GET /xingrg/kc/buy/cgsh_order_operate.html?command=get_materiel&rest_code=00141&code=00101010691&supplier_code=00100327&order_time=2022-08-29 HTTP/1.1" 200 411
180.162.112.166 - - [29/Aug/2022:11:46:02 +0800] "GET /xingrg/all/function/internal_message.html?_=1661743914702&CODE_STATE=getMsg HTTP/1.1" 200 27
114.83.219.200 - - [29/Aug/2022:11:46:04 +0800] "GET /xingrg/all/function/internal_message.html?_=1661744763118&CODE_STATE=getMsg HTTP/1.1" 200 27
124.78.153.134 - - [29/Aug/2022:11:46:05 +0800] "POST /xingrg/kc/buy/cgsh_order_operate.html HTTP/1.1" 200 37
120.253.135.82 - - [29/Aug/2022:11:46:05 +0800] "GET /xingrg/all/function/internal_message.html?_=1661744568519&CODE_STATE=getMsg HTTP/1.1" 200 27
114.88.158.224 - - [29/Aug/2022:11:46:09 +0800] "POST /xingrg/kc/buy/cgsh_order_operate.html HTTP/1.1" 200 37
58.39.35.118 - - [29/Aug/2022:11:46:10 +0800] "GET /xingrg/all/function/internal_message.html?_=1661744770435&CODE_STATE=getMsg HTTP/1.1" 200 27
58.39.35.118 - - [29/Aug/2022:11:46:10 +0800] "GET /xingrg/check_reg.html?_=1661744770438 HTTP/1.1" 200 22
124.78.153.134 - - [29/Aug/2022:11:46:10 +0800] "POST /xingrg/kc/buy/cgsh_order_operate.html HTTP/1.1" 200 12
180.169.147.146 - - [29/Aug/2022:11:46:11 +0800] "GET /xingrg/all/function/internal_message.html?_=1661744771942&CODE_STATE=getMsg HTTP/1.1" 200 27
116.224.123.211 - - [29/Aug/2022:11:46:14 +0800] "GET /xingrg/all/function/internal_message.html?_=1661744774468&CODE_STATE=getMsg HTTP/1.1" 200 27
116.224.255.128 - - [29/Aug/2022:11:46:14 +0800] "GET /xingrg/all/function/internal_message.html?_=1661744773221&CODE_STATE=getMsg HTTP/1.1" 200 27
116.224.255.128 - - [29/Aug/2022:11:46:14 +0800] "GET /xingrg/check_reg.html?_=1661744773224 HTTP/1.1" 200 22
114.88.158.224 - - [29/Aug/2022:11:46:14 +0800] "POST /xingrg/kc/buy/cgsh_order_operate.html HTTP/1.1" 200 12
124.78.153.134 - - [29/Aug/2022:11:46:15 +0800] "GET /xingrg/kc/buy/cgsh_order_info.html?code=212022082910162 HTTP/1.1" 200 63408
124.78.153.134 - - [29/Aug/2022:11:46:15 +0800] "GET /xingrg/javascript/easyui/themes/default/validatebox.css HTTP/1.1" 404 1104
114.88.158.224 - - [29/Aug/2022:11:46:16 +0800] "GET /xingrg/kc/buy/cgsh_order_info.html?code=212022082910163 HTTP/1.1" 200 63416
124.78.153.134 - - [29/Aug/2022:11:46:16 +0800] "POST /xingrg/kc/buy/cgsh_order_operate.html HTTP/1.1" 200 2382
114.88.158.224 - - [29/Aug/2022:11:46:16 +0800] "GET /xingrg/javascript/easyui/themes/default/validatebox.css HTTP/1.1" 404 1104
116.232.194.65 - - [29/Aug/2022:11:46:16 +0800] "GET /xingrg/kc/buy/cgsh_order_operate.html?command=get_materiel&rest_code=00155&code=00101008069&supplier_code=00100005&order_time=2022-08-29 HTTP/1.1" 200 412
116.225.121.189 - - [29/Aug/2022:11:46:17 +0800] "GET /xingrg/all/function/internal_message.html?_=1661744644103&CODE_STATE=getMsg HTTP/1.1" 200 27
114.88.158.224 - - [29/Aug/2022:11:46:17 +0800] "POST /xingrg/kc/buy/cgsh_order_operate.html HTTP/1.1" 200 605
180.169.147.146 - - [29/Aug/2022:11:46:17 +0800] "GET /xingrg/all/function/internal_message.html?_=1661744777521&CODE_STATE=getMsg HTTP/1.1" 200 27
180.169.147.146 - - [29/Aug/2022:11:46:17 +0800] "GET /xingrg/check_reg.html?_=1661744777522 HTTP/1.1" 200 22
114.88.158.224 - - [29/Aug/2022:11:46:18 +0800] "GET /xingrg/kc/print/load_data.html?order_code=212022082910163&kc_code=cgsh&condition= HTTP/1.1" 200 703
124.78.153.134 - - [29/Aug/2022:11:46:18 +0800] "GET /xingrg/kc/print/load_config.html?kc_code=cgsh HTTP/1.1" 200 1943
124.78.153.134 - - [29/Aug/2022:11:46:18 +0800] "GET /xingrg/kc/print/load_data.html?order_code=212022082910162&kc_code=cgsh&condition= HTTP/1.1" 200 1362
114.88.158.224 - - [29/Aug/2022:11:46:21 +0800] "GET /xingrg/kc/buy/cgsh_order_add.html HTTP/1.1" 200 68513
114.88.158.224 - - [29/Aug/2022:11:46:22 +0800] "POST /xingrg/kc/buy/cgsh_order_operate.html HTTP/1.1" 200 8245
114.88.158.224 - - [29/Aug/2022:11:46:22 +0800] "GET /xingrg/javascript/easyui/themes/default/validatebox.css HTTP/1.1" 404 1104
116.225.121.189 - - [29/Aug/2022:11:46:23 +0800] "GET /xingrg/all/function/internal_message.html?_=1661744785066&CODE_STATE=getMsg HTTP/1.1" 200 27
114.84.5.35 - - [29/Aug/2022:11:46:26 +0800] "GET /xingrg/all/function/internal_message.html?_=1661744786357&CODE_STATE=getMsg HTTP/1.1" 200 27
116.232.194.65 - - [29/Aug/2022:11:46:28 +0800] "GET /xingrg/all/function/internal_message.html?_=1661744748760&CODE_STATE=getMsg HTTP/1.1" 200 27
114.84.82.165 - - [29/Aug/2022:11:46:29 +0800] "GET /xingrg/kc/buy/cgsh_order_operate.html?command=get_materiel&rest_code=00148&code=00101015006&supplier_code=00100008&order_time=2022-08-29 HTTP/1.1" 200 412
114.84.82.165 - - [29/Aug/2022:11:46:30 +0800] "POST /xingrg/kc/buy/cgsh_order_operate.html HTTP/1.1" 200 2065
114.88.158.224 - - [29/Aug/2022:11:46:32 +0800] "GET /xingrg/kc/buy/cgsh_order_operate.html?command=get_materiel&rest_code=00141&code=00101007077&supplier_code=00100328&order_time=2022-08-29 HTTP/1.1" 200 415
180.169.147.146 - - [29/Aug/2022:11:46:32 +0800] "GET /xingrg/all/function/internal_message.html?_=1661744792903&CODE_STATE=getMsg HTTP/1.1" 200 27
116.224.123.211 - - [29/Aug/2022:11:46:35 +0800] "GET /xingrg/kc/base/wldb_order_add.html HTTP/1.1" 200 30390
114.84.82.165 - - [29/Aug/2022:11:46:36 +0800] "GET /xingrg/kc/buy/cgsh_order_operate.html?command=get_materiel&rest_code=00148&code=00101008125&supplier_code=00100008&order_time=2022-08-29 HTTP/1.1" 200 413
116.224.123.211 - - [29/Aug/2022:11:46:36 +0800] "POST /xingrg/kc/base/wldb_order_operate.html HTTP/1.1" 200 6806
116.224.123.211 - - [29/Aug/2022:11:46:36 +0800] "GET /xingrg/javascript/easyui/themes/default/validatebox.css HTTP/1.1" 404 1104
124.78.153.134 - - [29/Aug/2022:11:46:36 +0800] "GET /xingrg/all/function/internal_message.html?_=1661744804184&CODE_STATE=getMsg HTTP/1.1" 200 27
116.224.123.211 - - [29/Aug/2022:11:46:37 +0800] "POST /xingrg/all/common/load_combo.html?type=base HTTP/1.1" 200 3321
124.78.153.134 - - [29/Aug/2022:11:46:37 +0800] "GET /xingrg/check_reg.html?_=1661744804595 HTTP/1.1" 200 22
124.78.153.134 - - [29/Aug/2022:11:46:37 +0800] "GET /xingrg/all/function/internal_message.html?_=1661744796219&CODE_STATE=getMsg HTTP/1.1" 200 27
101.80.228.36 - - [29/Aug/2022:11:46:41 +0800] "GET /xingrg/all/function/internal_message.html?_=1661744801971&CODE_STATE=getMsg HTTP/1.1" 200 27
114.88.158.224 - - [29/Aug/2022:11:46:42 +0800] "GET /xingrg/all/function/internal_message.html?_=1661744472268&CODE_STATE=getMsg HTTP/1.1" 200 27
116.224.123.211 - - [29/Aug/2022:11:46:44 +0800] "GET /xingrg/kc/base/wldb_order_operate.html?command=get_materiel&rest_code=00102&base_code=0010476&code=00101019195 HTTP/1.1" 200 474
114.84.82.165 - - [29/Aug/2022:11:46:46 +0800] "GET /xingrg/kc/buy/cgsh_order_operate.html?command=get_materiel&rest_code=00148&code=00101008323&supplier_code=00100008&order_time=2022-08-29 HTTP/1.1" 200 408
114.84.82.165 - - [29/Aug/2022:11:46:46 +0800] "GET /xingrg/all/function/internal_message.html?_=1661744806879&CODE_STATE=getMsg HTTP/1.1" 200 27
116.224.255.128 - - [29/Aug/2022:11:46:47 +0800] "GET /xingrg/check_reg.html?_=1661744728317 HTTP/1.1" 200 22
116.224.255.128 - - [29/Aug/2022:11:46:49 +0800] "GET /xingrg/all/function/internal_message.html?_=1661744730453&CODE_STATE=getMsg HTTP/1.1" 200 27
116.224.123.211 - - [29/Aug/2022:11:46:49 +0800] "GET /xingrg/kc/base/wldb_order_operate.html?command=get_materiel&rest_code=00102&base_code=0010476&code=00101019372 HTTP/1.1" 200 479
114.88.158.224 - - [29/Aug/2022:11:46:52 +0800] "POST /xingrg/kc/buy/cgsh_order_operate.html HTTP/1.1" 200 37
116.232.194.65 - - [29/Aug/2022:11:46:54 +0800] "GET /xingrg/kc/buy/cgsh_order_operate.html?command=get_materiel&rest_code=00155&code=00101008286&supplier_code=00100005&order_time=2022-08-29 HTTP/1.1" 200 408
116.224.123.211 - - [29/Aug/2022:11:46:54 +0800] "GET /xingrg/kc/base/wldb_order_operate.html?command=get_materiel&rest_code=00102&base_code=0010476&code=00101019176 HTTP/1.1" 200 465
180.169.147.146 - - [29/Aug/2022:11:46:55 +0800] "GET /xingrg/all/function/internal_message.html?_=1661744814335&CODE_STATE=getMsg HTTP/1.1" 200 27
116.235.94.65 - - [29/Aug/2022:11:46:56 +0800] "GET /xingrg/all/function/internal_message.html?_=1661745008155&CODE_STATE=getMsg HTTP/1.1" 200 27
114.88.158.224 - - [29/Aug/2022:11:46:57 +0800] "POST /xingrg/kc/buy/cgsh_order_operate.html HTTP/1.1" 200 12
222.69.129.110 - - [29/Aug/2022:11:46:57 +0800] "GET /xingrg/all/function/internal_message.html?_=1661744892501&CODE_STATE=getMsg HTTP/1.1" 200 27
114.88.158.224 - - [29/Aug/2022:11:46:58 +0800] "GET /xingrg/kc/buy/cgsh_order_info.html?code=212022082910164 HTTP/1.1" 200 63420
114.88.158.224 - - [29/Aug/2022:11:46:58 +0800] "GET /xingrg/javascript/easyui/themes/default/validatebox.css HTTP/1.1" 404 1104
114.88.158.224 - - [29/Aug/2022:11:46:59 +0800] "POST /xingrg/kc/buy/cgsh_order_operate.html HTTP/1.1" 200 610
180.169.147.146 - - [29/Aug/2022:11:46:59 +0800] "GET /xingrg/check_reg.html?_=1661744818969 HTTP/1.1" 200 22
114.88.158.224 - - [29/Aug/2022:11:47:00 +0800] "GET /xingrg/kc/print/load_data.html?order_code=212022082910164&kc_code=cgsh&condition= HTTP/1.1" 200 720
116.224.123.211 - - [29/Aug/2022:11:47:00 +0800] "GET /xingrg/kc/base/wldb_order_operate.html?command=get_materiel&rest_code=00102&base_code=0010476&code=00101019392 HTTP/1.1" 200 476
180.162.112.166 - - [29/Aug/2022:11:47:02 +0800] "GET /xingrg/check_reg.html?_=1661743974706 HTTP/1.1" 200 22
180.162.112.166 - - [29/Aug/2022:11:47:02 +0800] "GET /xingrg/all/function/internal_message.html?_=1661743974702&CODE_STATE=getMsg HTTP/1.1" 200 27
114.84.82.165 - - [29/Aug/2022:11:47:02 +0800] "GET /xingrg/kc/buy/cgsh_order_operate.html?command=get_materiel&rest_code=00148&code=00101008330&supplier_code=00100008&order_time=2022-08-29 HTTP/1.1" 200 408
114.88.158.224 - - [29/Aug/2022:11:47:04 +0800] "GET /xingrg/kc/buy/cgsh_order_add.html HTTP/1.1" 200 68513
114.88.158.224 - - [29/Aug/2022:11:47:04 +0800] "POST /xingrg/kc/buy/cgsh_order_operate.html HTTP/1.1" 200 8245
114.88.158.224 - - [29/Aug/2022:11:47:04 +0800] "GET /xingrg/javascript/easyui/themes/default/validatebox.css HTTP/1.1" 404 1104
114.83.219.200 - - [29/Aug/2022:11:47:04 +0800] "GET /xingrg/all/function/internal_message.html?_=1661744823089&CODE_STATE=getMsg HTTP/1.1" 200 27
116.224.123.211 - - [29/Aug/2022:11:47:05 +0800] "GET /xingrg/kc/base/wldb_order_operate.html?command=get_materiel&rest_code=00102&base_code=0010476&code=00101019310 HTTP/1.1" 200 477
120.253.135.82 - - [29/Aug/2022:11:47:05 +0800] "GET /xingrg/all/function/internal_message.html?_=1661744628613&CODE_STATE=getMsg HTTP/1.1" 200 27
114.84.82.165 - - [29/Aug/2022:11:47:09 +0800] "GET /xingrg/kc/buy/cgsh_order_operate.html?command=get_materiel&rest_code=00148&code=00101008302&supplier_code=00100008&order_time=2022-08-29 HTTP/1.1" 200 412
58.39.35.118 - - [29/Aug/2022:11:47:10 +0800] "GET /xingrg/all/function/internal_message.html?_=1661744830439&CODE_STATE=getMsg HTTP/1.1" 200 27
180.169.147.146 - - [29/Aug/2022:11:47:11 +0800] "GET /xingrg/all/function/internal_message.html?_=1661744831940&CODE_STATE=getMsg HTTP/1.1" 200 27
116.224.123.211 - - [29/Aug/2022:11:47:11 +0800] "GET /xingrg/kc/base/wldb_order_operate.html?command=get_materiel&rest_code=00102&base_code=0010476&code=00101019187 HTTP/1.1" 200 479
114.88.158.224 - - [29/Aug/2022:11:47:13 +0800] "GET /xingrg/kc/buy/cgsh_order_operate.html?command=get_materiel&rest_code=00141&code=00101010785&supplier_code=00100323&order_time=2022-08-29 HTTP/1.1" 200 461
116.224.123.211 - - [29/Aug/2022:11:47:14 +0800] "GET /xingrg/all/function/internal_message.html?_=1661744834484&CODE_STATE=getMsg HTTP/1.1" 200 27
116.224.123.211 - - [29/Aug/2022:11:47:14 +0800] "GET /xingrg/check_reg.html?_=1661744834485 HTTP/1.1" 200 22
116.224.255.128 - - [29/Aug/2022:11:47:14 +0800] "GET /xingrg/all/function/internal_message.html?_=1661744833226&CODE_STATE=getMsg HTTP/1.1" 200 27
116.232.194.65 - - [29/Aug/2022:11:47:16 +0800] "GET /xingrg/kc/buy/cgsh_order_operate.html?command=get_materiel&rest_code=00155&code=00101008036&supplier_code=00100005&order_time=2022-08-29 HTTP/1.1" 200 408
116.225.121.189 - - [29/Aug/2022:11:47:17 +0800] "GET /xingrg/all/function/internal_message.html?_=1661744704103&CODE_STATE=getMsg HTTP/1.1" 200 27
114.84.82.165 - - [29/Aug/2022:11:47:17 +0800] "POST /xingrg/kc/buy/cgsh_order_operate.html HTTP/1.1" 200 2065
180.169.147.146 - - [29/Aug/2022:11:47:17 +0800] "GET /xingrg/all/function/internal_message.html?_=1661744837517&CODE_STATE=getMsg HTTP/1.1" 200 27
101.89.239.245 - - [29/Aug/2022:11:47:18 +0800] "GET /xingrg/kc/print/load_data.html?order_code=212022082910162&kc_code=cgsh&condition= HTTP/1.1" 302 -
101.89.239.245 - - [29/Aug/2022:11:47:18 +0800] "GET /xingrg/login.html HTTP/1.1" 200 7641
116.224.123.211 - - [29/Aug/2022:11:47:19 +0800] "GET /xingrg/kc/base/wldb_order_operate.html?command=get_materiel&rest_code=00102&base_code=0010476&code=00101019373 HTTP/1.1" 200 466
114.88.158.224 - - [29/Aug/2022:11:47:22 +0800] "GET /xingrg/kc/buy/cgsh_order_operate.html?command=get_materiel&rest_code=00141&code=00101010197&supplier_code=00100323&order_time=2022-08-29 HTTP/1.1" 200 413
116.225.121.189 - - [29/Aug/2022:11:47:23 +0800] "GET /xingrg/all/function/internal_message.html?_=1661744845066&CODE_STATE=getMsg HTTP/1.1" 200 27
114.84.82.165 - - [29/Aug/2022:11:47:23 +0800] "GET /xingrg/kc/buy/cgsh_order_operate.html?command=get_materiel&rest_code=00148&code=00101008244&supplier_code=00100008&order_time=2022-08-29 HTTP/1.1" 200 408
116.224.123.211 - - [29/Aug/2022:11:47:24 +0800] "GET /xingrg/kc/base/wldb_order_operate.html?command=get_materiel&rest_code=00102&base_code=0010476&code=00101019374 HTTP/1.1" 200 469
114.84.5.35 - - [29/Aug/2022:11:47:26 +0800] "GET /xingrg/all/function/internal_message.html?_=1661744846358&CODE_STATE=getMsg HTTP/1.1" 200 27
116.232.194.65 - - [29/Aug/2022:11:47:28 +0800] "GET /xingrg/all/function/internal_message.html?_=1661744808825&CODE_STATE=getMsg HTTP/1.1" 200 27
116.224.123.211 - - [29/Aug/2022:11:47:29 +0800] "GET /xingrg/kc/base/wldb_order_operate.html?command=get_materiel&rest_code=00102&base_code=0010476&code=00101019130 HTTP/1.1" 200 484
180.169.147.146 - - [29/Aug/2022:11:47:32 +0800] "GET /xingrg/all/function/internal_message.html?_=1661744852890&CODE_STATE=getMsg HTTP/1.1" 200 27
114.88.158.224 - - [29/Aug/2022:11:47:32 +0800] "POST /xingrg/kc/buy/cgsh_order_operate.html HTTP/1.1" 200 37
114.84.82.165 - - [29/Aug/2022:11:47:32 +0800] "GET /xingrg/kc/buy/cgsh_order_operate.html?command=get_materiel&rest_code=00148&code=00101008112&supplier_code=00100008&order_time=2022-08-29 HTTP/1.1" 200 412
116.224.123.211 - - [29/Aug/2022:11:47:34 +0800] "GET /xingrg/kc/base/wldb_order_operate.html?command=get_materiel&rest_code=00102&base_code=0010476&code=00101019134 HTTP/1.1" 200 480
124.78.153.134 - - [29/Aug/2022:11:47:36 +0800] "GET /xingrg/all/function/internal_message.html?_=1661744864159&CODE_STATE=getMsg HTTP/1.1" 200 27
114.88.158.224 - - [29/Aug/2022:11:47:37 +0800] "POST /xingrg/kc/buy/cgsh_order_operate.html HTTP/1.1" 200 12
124.78.153.134 - - [29/Aug/2022:11:47:37 +0800] "GET /xingrg/all/function/internal_message.html?_=1661744856212&CODE_STATE=getMsg HTTP/1.1" 200 27
114.88.158.224 - - [29/Aug/2022:11:47:38 +0800] "GET /xingrg/kc/buy/cgsh_order_info.html?code=212022082910165 HTTP/1.1" 200 63419
114.88.158.224 - - [29/Aug/2022:11:47:39 +0800] "GET /xingrg/javascript/easyui/themes/default/validatebox.css HTTP/1.1" 404 1104
114.88.158.224 - - [29/Aug/2022:11:47:39 +0800] "POST /xingrg/kc/buy/cgsh_order_operate.html HTTP/1.1" 200 1241
116.224.123.211 - - [29/Aug/2022:11:47:40 +0800] "GET /xingrg/kc/base/wldb_order_operate.html?command=get_materiel&rest_code=00102&base_code=0010476&code=00101019133 HTTP/1.1" 200 478
114.88.158.224 - - [29/Aug/2022:11:47:41 +0800] "GET /xingrg/kc/print/load_data.html?order_code=212022082910165&kc_code=cgsh&condition= HTTP/1.1" 200 988
101.80.228.36 - - [29/Aug/2022:11:47:41 +0800] "GET /xingrg/all/function/internal_message.html?_=1661744861956&CODE_STATE=getMsg HTTP/1.1" 200 27
114.84.82.165 - - [29/Aug/2022:11:47:41 +0800] "GET /xingrg/kc/buy/cgsh_order_operate.html?command=get_materiel&rest_code=00148&code=00101008010&supplier_code=00100008&order_time=2022-08-29 HTTP/1.1" 200 412
114.88.158.224 - - [29/Aug/2022:11:47:42 +0800] "GET /xingrg/all/function/internal_message.html?_=1661744532251&CODE_STATE=getMsg HTTP/1.1" 200 27
116.232.194.65 - - [29/Aug/2022:11:47:43 +0800] "GET /xingrg/kc/buy/cgsh_order_operate.html?command=get_materiel&rest_code=00155&code=00101008131&supplier_code=00100005&order_time=2022-08-29 HTTP/1.1" 200 408
116.224.123.211 - - [29/Aug/2022:11:47:43 +0800] "GET /xingrg/kc/base/wldb_order_operate.html?command=get_materiel&rest_code=00102&base_code=0010476&code=00101019127 HTTP/1.1" 200 479
114.88.158.224 - - [29/Aug/2022:11:47:44 +0800] "GET /xingrg/kc/buy/cgsh_order_add.html HTTP/1.1" 200 68513
114.88.158.224 - - [29/Aug/2022:11:47:44 +0800] "POST /xingrg/kc/buy/cgsh_order_operate.html HTTP/1.1" 200 8245
114.88.158.224 - - [29/Aug/2022:11:47:44 +0800] "GET /xingrg/javascript/easyui/themes/default/validatebox.css HTTP/1.1" 404 1104
114.84.82.165 - - [29/Aug/2022:11:47:46 +0800] "GET /xingrg/check_reg.html?_=1661744866839 HTTP/1.1" 200 22
114.84.82.165 - - [29/Aug/2022:11:47:46 +0800] "GET /xingrg/all/function/internal_message.html?_=1661744866857&CODE_STATE=getMsg HTTP/1.1" 200 27
116.224.255.128 - - [29/Aug/2022:11:47:49 +0800] "GET /xingrg/all/function/internal_message.html?_=1661744790466&CODE_STATE=getMsg HTTP/1.1" 200 27
116.224.123.211 - - [29/Aug/2022:11:47:50 +0800] "GET /xingrg/kc/base/wldb_order_operate.html?command=get_materiel&rest_code=00102&base_code=0010476&code=00101019439 HTTP/1.1" 200 471
114.88.158.224 - - [29/Aug/2022:11:47:54 +0800] "GET /xingrg/kc/buy/cgsh_order_operate.html?command=get_materiel&rest_code=00141&code=00101010594&supplier_code=00100329&order_time=2022-08-29 HTTP/1.1" 200 428
180.169.147.146 - - [29/Aug/2022:11:47:55 +0800] "GET /xingrg/all/function/internal_message.html?_=1661744874344&CODE_STATE=getMsg HTTP/1.1" 200 27
116.235.94.65 - - [29/Aug/2022:11:47:56 +0800] "GET /xingrg/all/function/internal_message.html?_=1661745068135&CODE_STATE=getMsg HTTP/1.1" 200 27
222.69.129.110 - - [29/Aug/2022:11:47:57 +0800] "GET /xingrg/all/function/internal_message.html?_=1661744952474&CODE_STATE=getMsg HTTP/1.1" 200 27
180.162.112.166 - - [29/Aug/2022:11:48:02 +0800] "GET /xingrg/all/function/internal_message.html?_=1661744034700&CODE_STATE=getMsg HTTP/1.1" 200 27
114.83.219.200 - - [29/Aug/2022:11:48:04 +0800] "GET /xingrg/all/function/internal_message.html?_=1661744883086&CODE_STATE=getMsg HTTP/1.1" 200 27
120.253.135.82 - - [29/Aug/2022:11:48:06 +0800] "GET /xingrg/all/function/internal_message.html?_=1661744688624&CODE_STATE=getMsg HTTP/1.1" 200 27
114.83.219.200 - - [29/Aug/2022:11:48:06 +0800] "GET /xingrg/check_reg.html?_=1661744885196 HTTP/1.1" 200 22
114.88.158.224 - - [29/Aug/2022:11:48:08 +0800] "POST /xingrg/kc/buy/cgsh_order_operate.html HTTP/1.1" 200 37
58.39.35.118 - - [29/Aug/2022:11:48:10 +0800] "GET /xingrg/all/function/internal_message.html?_=1661744890434&CODE_STATE=getMsg HTTP/1.1" 200 27
180.169.147.146 - - [29/Aug/2022:11:48:11 +0800] "GET /xingrg/all/function/internal_message.html?_=1661744891942&CODE_STATE=getMsg HTTP/1.1" 200 27
114.88.158.224 - - [29/Aug/2022:11:48:13 +0800] "POST /xingrg/kc/buy/cgsh_order_operate.html HTTP/1.1" 200 12
116.224.123.211 - - [29/Aug/2022:11:48:14 +0800] "GET /xingrg/all/function/internal_message.html?_=1661744894483&CODE_STATE=getMsg HTTP/1.1" 200 27
116.224.255.128 - - [29/Aug/2022:11:48:14 +0800] "GET /xingrg/all/function/internal_message.html?_=1661744893233&CODE_STATE=getMsg HTTP/1.1" 200 27
114.88.158.224 - - [29/Aug/2022:11:48:15 +0800] "GET /xingrg/kc/buy/cgsh_order_info.html?code=212022082910166 HTTP/1.1" 200 63420
114.88.158.224 - - [29/Aug/2022:11:48:15 +0800] "GET /xingrg/javascript/easyui/themes/default/validatebox.css HTTP/1.1" 404 1104
114.88.158.224 - - [29/Aug/2022:11:48:15 +0800] "POST /xingrg/kc/buy/cgsh_order_operate.html HTTP/1.1" 200 623
116.225.121.189 - - [29/Aug/2022:11:48:17 +0800] "GET /xingrg/all/function/internal_message.html?_=1661744764104&CODE_STATE=getMsg HTTP/1.1" 200 27
116.225.121.189 - - [29/Aug/2022:11:48:17 +0800] "GET /xingrg/check_reg.html?_=1661744764107 HTTP/1.1" 200 22
180.169.147.146 - - [29/Aug/2022:11:48:17 +0800] "GET /xingrg/all/function/internal_message.html?_=1661744897510&CODE_STATE=getMsg HTTP/1.1" 200 27
114.88.158.224 - - [29/Aug/2022:11:48:20 +0800] "GET /xingrg/kc/print/load_data.html?order_code=212022082910166&kc_code=cgsh&condition= HTTP/1.1" 200 730
116.224.123.211 - - [29/Aug/2022:11:48:23 +0800] "GET /xingrg/check_reg.html?_=1661744909167 HTTP/1.1" 302 -
116.225.121.189 - - [29/Aug/2022:11:48:23 +0800] "GET /xingrg/check_reg.html?_=1661744905067 HTTP/1.1" 200 22
116.225.121.189 - - [29/Aug/2022:11:48:23 +0800] "GET /xingrg/all/function/internal_message.html?_=1661744905095&CODE_STATE=getMsg HTTP/1.1" 200 27
114.84.5.35 - - [29/Aug/2022:11:48:26 +0800] "GET /xingrg/all/function/internal_message.html?_=1661744906358&CODE_STATE=getMsg HTTP/1.1" 200 27
114.84.82.165 - - [29/Aug/2022:11:48:27 +0800] "GET /xingrg/kc/buy/cgsh_order_operate.html?command=get_materiel&rest_code=00148&code=00101008003&supplier_code=00100008&order_time=2022-08-29 HTTP/1.1" 200 408
116.232.194.65 - - [29/Aug/2022:11:48:28 +0800] "GET /xingrg/all/function/internal_message.html?_=1661744868824&CODE_STATE=getMsg HTTP/1.1" 200 27
114.84.82.165 - - [29/Aug/2022:11:48:29 +0800] "POST /xingrg/kc/buy/cgsh_order_operate.html HTTP/1.1" 200 2065
116.224.123.211 - - [29/Aug/2022:11:48:30 +0800] "GET /xingrg/kc/base/wldb_order_operate.html?command=get_materiel&rest_code=00102&base_code=0010476&code=00101019404 HTTP/1.1" 200 476
180.169.147.146 - - [29/Aug/2022:11:48:32 +0800] "GET /xingrg/all/function/internal_message.html?_=1661744912893&CODE_STATE=getMsg HTTP/1.1" 200 27
114.84.82.165 - - [29/Aug/2022:11:48:33 +0800] "GET /xingrg/kc/buy/cgsh_order_operate.html?command=get_materiel&rest_code=00148&code=00101008300&supplier_code=00100008&order_time=2022-08-29 HTTP/1.1" 200 412
116.224.123.211 - - [29/Aug/2022:11:48:35 +0800] "GET /xingrg/kc/base/wldb_order_operate.html?command=get_materiel&rest_code=00102&base_code=0010476&code=00101019289 HTTP/1.1" 200 469
124.78.153.134 - - [29/Aug/2022:11:48:36 +0800] "GET /xingrg/all/function/internal_message.html?_=1661744924156&CODE_STATE=getMsg HTTP/1.1" 200 27
124.78.153.134 - - [29/Aug/2022:11:48:37 +0800] "GET /xingrg/check_reg.html?_=1661744916212 HTTP/1.1" 200 22
124.78.153.134 - - [29/Aug/2022:11:48:37 +0800] "GET /xingrg/all/function/internal_message.html?_=1661744916215&CODE_STATE=getMsg HTTP/1.1" 200 27
61.151.207.116 - - [29/Aug/2022:11:48:38 +0800] "GET /xingrg/all/function/internal_message.html?_=1661744856212&CODE_STATE=getMsg HTTP/1.1" 302 -
61.151.207.116 - - [29/Aug/2022:11:48:39 +0800] "GET /xingrg/login.html HTTP/1.1" 200 7641
116.224.123.211 - - [29/Aug/2022:11:48:40 +0800] "GET /xingrg/kc/base/wldb_order_operate.html?command=get_materiel&rest_code=00102&base_code=0010476&code=00101019551 HTTP/1.1" 200 465
101.80.228.36 - - [29/Aug/2022:11:48:41 +0800] "GET /xingrg/all/function/internal_message.html?_=1661744921942&CODE_STATE=getMsg HTTP/1.1" 200 27
114.88.158.224 - - [29/Aug/2022:11:48:42 +0800] "GET /xingrg/all/function/internal_message.html?_=1661744592240&CODE_STATE=getMsg HTTP/1.1" 200 27
114.84.82.165 - - [29/Aug/2022:11:48:42 +0800] "GET /xingrg/kc/buy/cgsh_order_operate.html?command=get_materiel&rest_code=00148&code=00101008296&supplier_code=00100008&order_time=2022-08-29 HTTP/1.1" 200 416
61.151.207.117 - - [29/Aug/2022:11:48:42 +0800] "GET /xingrg/check_reg.html?_=1661744179936 HTTP/1.1" 302 -
61.151.207.117 - - [29/Aug/2022:11:48:43 +0800] "GET /xingrg/login.html HTTP/1.1" 200 7641
116.224.123.211 - - [29/Aug/2022:11:48:45 +0800] "GET /xingrg/kc/base/wldb_order_operate.html?command=get_materiel&rest_code=00102&base_code=0010476&code=00101019002 HTTP/1.1" 200 460
114.84.82.165 - - [29/Aug/2022:11:48:46 +0800] "GET /xingrg/all/function/internal_message.html?_=1661744926834&CODE_STATE=getMsg HTTP/1.1" 200 27
116.224.255.128 - - [29/Aug/2022:11:48:49 +0800] "GET /xingrg/all/function/internal_message.html?_=1661744850480&CODE_STATE=getMsg HTTP/1.1" 200 27
116.224.123.211 - - [29/Aug/2022:11:48:50 +0800] "GET /xingrg/kc/base/wldb_order_operate.html?command=get_materiel&rest_code=00102&base_code=0010476&code=00101019287 HTTP/1.1" 200 454
114.84.82.165 - - [29/Aug/2022:11:48:53 +0800] "GET /xingrg/kc/buy/cgsh_order_operate.html?command=get_materiel&rest_code=00148&code=00101008359&supplier_code=00100008&order_time=2022-08-29 HTTP/1.1" 200 408
180.169.147.146 - - [29/Aug/2022:11:48:55 +0800] "GET /xingrg/all/function/internal_message.html?_=1661744934327&CODE_STATE=getMsg HTTP/1.1" 200 27
116.224.123.211 - - [29/Aug/2022:11:48:55 +0800] "GET /xingrg/kc/base/wldb_order_operate.html?command=get_materiel&rest_code=00102&base_code=0010476&code=00101019375 HTTP/1.1" 200 464
116.235.94.65 - - [29/Aug/2022:11:48:56 +0800] "GET /xingrg/all/function/internal_message.html?_=1661745128117&CODE_STATE=getMsg HTTP/1.1" 200 27
116.232.194.65 - - [29/Aug/2022:11:48:57 +0800] "POST /xingrg/kc/buy/cgsh_order_operate.html HTTP/1.1" 200 2065
222.69.129.110 - - [29/Aug/2022:11:48:57 +0800] "GET /xingrg/all/function/internal_message.html?_=1661745012456&CODE_STATE=getMsg HTTP/1.1" 200 27
222.69.129.110 - - [29/Aug/2022:11:48:57 +0800] "GET /xingrg/check_reg.html?_=1661745012531 HTTP/1.1" 200 22
114.84.82.165 - - [29/Aug/2022:11:49:02 +0800] "GET /xingrg/kc/buy/cgsh_order_operate.html?command=get_materiel&rest_code=00148&code=00101008213&supplier_code=00100008&order_time=2022-08-29 HTTP/1.1" 200 412
180.162.112.166 - - [29/Aug/2022:11:49:02 +0800] "GET /xingrg/all/function/internal_message.html?_=1661744094704&CODE_STATE=getMsg HTTP/1.1" 200 27
116.224.123.211 - - [29/Aug/2022:11:49:03 +0800] "POST /xingrg/kc/base/wldb_order_operate.html HTTP/1.1" 200 1710
120.253.135.82 - - [29/Aug/2022:11:49:03 +0800] "GET /xingrg/check_reg.html?_=1661744746204 HTTP/1.1" 200 22
114.83.219.200 - - [29/Aug/2022:11:49:04 +0800] "GET /xingrg/all/function/internal_message.html?_=1661744943057&CODE_STATE=getMsg HTTP/1.1" 200 27
120.253.135.82 - - [29/Aug/2022:11:49:05 +0800] "GET /xingrg/all/function/internal_message.html?_=1661744748778&CODE_STATE=getMsg HTTP/1.1" 200 27
114.84.82.165 - - [29/Aug/2022:11:49:06 +0800] "POST /xingrg/kc/buy/cgsh_order_operate.html HTTP/1.1" 200 2065
116.224.123.211 - - [29/Aug/2022:11:49:08 +0800] "GET /xingrg/kc/base/wldb_order_operate.html?command=get_materiel&rest_code=00102&base_code=0010476&code=00101019027 HTTP/1.1" 200 475
58.39.35.118 - - [29/Aug/2022:11:49:10 +0800] "GET /xingrg/all/function/internal_message.html?_=1661744950439&CODE_STATE=getMsg HTTP/1.1" 200 27
180.169.147.146 - - [29/Aug/2022:11:49:11 +0800] "GET /xingrg/all/function/internal_message.html?_=1661744951937&CODE_STATE=getMsg HTTP/1.1" 200 27
116.224.123.211 - - [29/Aug/2022:11:49:13 +0800] "GET /xingrg/kc/base/wldb_order_operate.html?command=get_materiel&rest_code=00102&base_code=0010476&code=00101019249 HTTP/1.1" 200 469
116.224.123.211 - - [29/Aug/2022:11:49:14 +0800] "GET /xingrg/all/function/internal_message.html?_=1661744954482&CODE_STATE=getMsg HTTP/1.1" 200 27
116.224.255.128 - - [29/Aug/2022:11:49:14 +0800] "GET /xingrg/all/function/internal_message.html?_=1661744953231&CODE_STATE=getMsg HTTP/1.1" 200 27
114.84.82.165 - - [29/Aug/2022:11:49:15 +0800] "GET /xingrg/kc/buy/cgsh_order_operate.html?command=get_materiel&rest_code=00148&code=00101013179&supplier_code=00100008&order_time=2022-08-29 HTTP/1.1" 200 412
116.225.121.189 - - [29/Aug/2022:11:49:17 +0800] "GET /xingrg/all/function/internal_message.html?_=1661744824108&CODE_STATE=getMsg HTTP/1.1" 200 27
180.169.147.146 - - [29/Aug/2022:11:49:17 +0800] "GET /xingrg/all/function/internal_message.html?_=1661744957527&CODE_STATE=getMsg HTTP/1.1" 200 27
114.84.82.165 - - [29/Aug/2022:11:49:21 +0800] "GET /xingrg/kc/buy/cgsh_order_operate.html?command=get_materiel&rest_code=00148&code=00101008305&supplier_code=00100008&order_time=2022-08-29 HTTP/1.1" 200 412
116.225.121.189 - - [29/Aug/2022:11:49:23 +0800] "GET /xingrg/all/function/internal_message.html?_=1661744965080&CODE_STATE=getMsg HTTP/1.1" 200 27
116.224.123.211 - - [29/Aug/2022:11:49:25 +0800] "GET /xingrg/kc/base/wldb_order_operate.html?command=get_materiel&rest_code=00102&base_code=0010476&code=00101019140 HTTP/1.1" 200 473
114.84.5.35 - - [29/Aug/2022:11:49:26 +0800] "GET /xingrg/all/function/internal_message.html?_=1661744966358&CODE_STATE=getMsg HTTP/1.1" 200 27
116.232.194.65 - - [29/Aug/2022:11:49:28 +0800] "GET /xingrg/all/function/internal_message.html?_=1661744928808&CODE_STATE=getMsg HTTP/1.1" 200 27
180.169.147.146 - - [29/Aug/2022:11:49:32 +0800] "GET /xingrg/all/function/internal_message.html?_=1661744972894&CODE_STATE=getMsg HTTP/1.1" 200 27
114.84.82.165 - - [29/Aug/2022:11:49:32 +0800] "GET /xingrg/kc/buy/cgsh_order_operate.html?command=get_materiel&rest_code=00148&code=00101009030&supplier_code=00100008&order_time=2022-08-29 HTTP/1.1" 200 412
116.224.123.211 - - [29/Aug/2022:11:49:33 +0800] "GET /xingrg/kc/base/wldb_order_operate.html?command=get_materiel&rest_code=00102&base_code=0010476&code=00101019111 HTTP/1.1" 200 467
124.78.153.134 - - [29/Aug/2022:11:49:36 +0800] "GET /xingrg/all/function/internal_message.html?_=1661744984128&CODE_STATE=getMsg HTTP/1.1" 200 27
124.78.153.134 - - [29/Aug/2022:11:49:37 +0800] "GET /xingrg/all/function/internal_message.html?_=1661744976211&CODE_STATE=getMsg HTTP/1.1" 200 27
116.224.123.211 - - [29/Aug/2022:11:49:41 +0800] "GET /xingrg/kc/base/wldb_order_operate.html?command=get_materiel&rest_code=00102&base_code=0010476&code=00101019077 HTTP/1.1" 200 471
101.80.228.36 - - [29/Aug/2022:11:49:41 +0800] "GET /xingrg/all/function/internal_message.html?_=1661744981928&CODE_STATE=getMsg HTTP/1.1" 200 27
114.88.158.224 - - [29/Aug/2022:11:49:42 +0800] "GET /xingrg/all/function/internal_message.html?_=1661744652211&CODE_STATE=getMsg HTTP/1.1" 200 27
114.88.158.224 - - [29/Aug/2022:11:49:44 +0800] "GET /xingrg/check_reg.html?_=1661744654231 HTTP/1.1" 200 22
116.232.194.65 - - [29/Aug/2022:11:49:44 +0800] "GET /xingrg/kc/buy/cgsh_order_operate.html?command=get_materiel&rest_code=00155&code=00101008318&supplier_code=00100005&order_time=2022-08-29 HTTP/1.1" 200 408
114.84.82.165 - - [29/Aug/2022:11:49:46 +0800] "GET /xingrg/all/function/internal_message.html?_=1661744986832&CODE_STATE=getMsg HTTP/1.1" 200 27
116.224.255.128 - - [29/Aug/2022:11:49:49 +0800] "GET /xingrg/all/function/internal_message.html?_=1661744910542&CODE_STATE=getMsg HTTP/1.1" 200 27
114.84.82.165 - - [29/Aug/2022:11:49:54 +0800] "GET /xingrg/kc/buy/cgsh_order_operate.html?command=get_materiel&rest_code=00148&code=00101008041&supplier_code=00100008&order_time=2022-08-29 HTTP/1.1" 200 408
61.151.207.116 - - [29/Aug/2022:11:49:54 +0800] "GET /xingrg/check_reg.html?_=1661743279920 HTTP/1.1" 302 -
180.169.147.146 - - [29/Aug/2022:11:49:55 +0800] "GET /xingrg/all/function/internal_message.html?_=1661744994311&CODE_STATE=getMsg HTTP/1.1" 200 27
61.151.207.116 - - [29/Aug/2022:11:49:55 +0800] "GET /xingrg/login.html HTTP/1.1" 200 7641
116.235.94.65 - - [29/Aug/2022:11:49:56 +0800] "GET /xingrg/all/function/internal_message.html?_=1661745188099&CODE_STATE=getMsg HTTP/1.1" 200 27
114.84.82.165 - - [29/Aug/2022:11:49:56 +0800] "POST /xingrg/kc/buy/cgsh_order_operate.html HTTP/1.1" 200 2065
116.235.94.65 - - [29/Aug/2022:11:49:57 +0800] "GET /xingrg/check_reg.html?_=1661745189334 HTTP/1.1" 200 22
222.69.129.110 - - [29/Aug/2022:11:49:57 +0800] "GET /xingrg/all/function/internal_message.html?_=1661745072457&CODE_STATE=getMsg HTTP/1.1" 200 27
114.84.82.165 - - [29/Aug/2022:11:50:01 +0800] "GET /xingrg/kc/buy/cgsh_order_operate.html?command=get_materiel&rest_code=00148&code=00101008176&supplier_code=00100008&order_time=2022-08-29 HTTP/1.1" 200 412
180.162.112.166 - - [29/Aug/2022:11:50:02 +0800] "GET /xingrg/all/function/internal_message.html?_=1661744154701&CODE_STATE=getMsg HTTP/1.1" 200 27
114.83.219.200 - - [29/Aug/2022:11:50:04 +0800] "GET /xingrg/all/function/internal_message.html?_=1661745003049&CODE_STATE=getMsg HTTP/1.1" 200 27
116.224.123.211 - - [29/Aug/2022:11:50:05 +0800] "GET /xingrg/kc/base/wldb_order_operate.html?command=get_materiel&rest_code=00102&base_code=0010476&code=00101019084 HTTP/1.1" 200 472
120.253.135.82 - - [29/Aug/2022:11:50:05 +0800] "GET /xingrg/all/function/internal_message.html?_=1661744808792&CODE_STATE=getMsg HTTP/1.1" 200 27
116.224.123.211 - - [29/Aug/2022:11:50:06 +0800] "POST /xingrg/kc/base/wldb_order_operate.html HTTP/1.1" 200 1710
58.39.35.118 - - [29/Aug/2022:11:50:10 +0800] "GET /xingrg/all/function/internal_message.html?_=1661745010448&CODE_STATE=getMsg HTTP/1.1" 200 27
180.169.147.146 - - [29/Aug/2022:11:50:11 +0800] "GET /xingrg/all/function/internal_message.html?_=1661745011951&CODE_STATE=getMsg HTTP/1.1" 200 27
180.169.147.146 - - [29/Aug/2022:11:50:11 +0800] "GET /xingrg/check_reg.html?_=1661745011961 HTTP/1.1" 200 22
116.224.123.211 - - [29/Aug/2022:11:50:12 +0800] "GET /xingrg/kc/base/wldb_order_operate.html?command=get_materiel&rest_code=00102&base_code=0010476&code=00101019192 HTTP/1.1" 200 475
114.84.82.165 - - [29/Aug/2022:11:50:14 +0800] "GET /xingrg/kc/buy/cgsh_order_operate.html?command=get_materiel&rest_code=00148&code=00101008350&supplier_code=00100008&order_time=2022-08-29 HTTP/1.1" 200 408
116.224.123.211 - - [29/Aug/2022:11:50:14 +0800] "GET /xingrg/all/function/internal_message.html?_=1661745014482&CODE_STATE=getMsg HTTP/1.1" 200 27
116.224.255.128 - - [29/Aug/2022:11:50:14 +0800] "GET /xingrg/all/function/internal_message.html?_=1661745013231&CODE_STATE=getMsg HTTP/1.1" 200 27
116.225.121.189 - - [29/Aug/2022:11:50:17 +0800] "GET /xingrg/all/function/internal_message.html?_=1661744884094&CODE_STATE=getMsg HTTP/1.1" 200 27
180.169.147.146 - - [29/Aug/2022:11:50:17 +0800] "GET /xingrg/all/function/internal_message.html?_=1661745017521&CODE_STATE=getMsg HTTP/1.1" 200 27
116.224.123.211 - - [29/Aug/2022:11:50:18 +0800] "GET /xingrg/kc/base/wldb_order_operate.html?command=get_materiel&rest_code=00102&base_code=0010476&code=00101019496 HTTP/1.1" 200 471
116.225.121.189 - - [29/Aug/2022:11:50:23 +0800] "GET /xingrg/all/function/internal_message.html?_=1661745025080&CODE_STATE=getMsg HTTP/1.1" 200 27
114.84.82.165 - - [29/Aug/2022:11:50:25 +0800] "GET /xingrg/kc/buy/cgsh_order_operate.html?command=get_materiel&rest_code=00148&code=00101008016&supplier_code=00100008&order_time=2022-08-29 HTTP/1.1" 200 418
114.84.5.35 - - [29/Aug/2022:11:50:26 +0800] "GET /xingrg/check_reg.html?_=1661745026358 HTTP/1.1" 200 22
114.84.5.35 - - [29/Aug/2022:11:50:26 +0800] "GET /xingrg/all/function/internal_message.html?_=1661745026361&CODE_STATE=getMsg HTTP/1.1" 200 27
116.224.123.211 - - [29/Aug/2022:11:50:28 +0800] "GET /xingrg/kc/base/wldb_order_operate.html?command=get_materiel&rest_code=00102&base_code=0010476&code=00101019074 HTTP/1.1" 200 470
116.232.194.65 - - [29/Aug/2022:11:50:28 +0800] "GET /xingrg/check_reg.html?_=1661744988787 HTTP/1.1" 200 22
116.232.194.65 - - [29/Aug/2022:11:50:28 +0800] "GET /xingrg/all/function/internal_message.html?_=1661744988793&CODE_STATE=getMsg HTTP/1.1" 200 27
114.84.82.165 - - [29/Aug/2022:11:50:29 +0800] "POST /xingrg/kc/buy/cgsh_order_operate.html HTTP/1.1" 200 2065
180.169.147.146 - - [29/Aug/2022:11:50:32 +0800] "GET /xingrg/check_reg.html?_=1661745032895 HTTP/1.1" 200 22
180.169.147.146 - - [29/Aug/2022:11:50:32 +0800] "GET /xingrg/all/function/internal_message.html?_=1661745032898&CODE_STATE=getMsg HTTP/1.1" 200 27
116.224.123.211 - - [29/Aug/2022:11:50:34 +0800] "GET /xingrg/kc/base/wldb_order_operate.html?command=get_materiel&rest_code=00102&base_code=0010476&code=00101019066 HTTP/1.1" 200 455
