116.225.121.189 - - [29/Aug/2022:09:08:30 +0800] "POST /xingrg/services/DataTransmitService HTTP/1.1" 200 501
116.225.121.189 - - [29/Aug/2022:09:08:32 +0800] "POST /xingrg/services/DataTransmitService HTTP/1.1" 200 501
116.224.255.128 - - [29/Aug/2022:09:08:34 +0800] "GET /xingrg/kc/buy/cgsh_order_operate.html?command=get_materiel&rest_code=00151&code=00101016038&supplier_code=00100096&order_time=2022-08-29 HTTP/1.1" 200 408
114.84.5.35 - - [29/Aug/2022:09:08:34 +0800] "GET /xingrg/all/function/internal_message.html?_=1661735314194&CODE_STATE=getMsg HTTP/1.1" 200 27
116.225.121.189 - - [29/Aug/2022:09:08:34 +0800] "POST /xingrg/services/DataTransmitService HTTP/1.1" 200 501
124.78.153.134 - - [29/Aug/2022:09:08:35 +0800] "GET /xingrg/kc/buy/buy_main.html HTTP/1.1" 200 12412
124.78.153.134 - - [29/Aug/2022:09:08:35 +0800] "GET /xingrg/css/new_ie.css HTTP/1.1" 404 1036
124.78.153.134 - - [29/Aug/2022:09:08:35 +0800] "GET /xingrg/images/yd/bt.gif HTTP/1.1" 404 1040
124.78.153.134 - - [29/Aug/2022:09:08:36 +0800] "GET /xingrg/kc/buy/cgsh_order_list.html HTTP/1.1" 200 52731
116.225.121.189 - - [29/Aug/2022:09:08:36 +0800] "POST /xingrg/services/DataTransmitService HTTP/1.1" 200 501
116.225.121.189 - - [29/Aug/2022:09:08:37 +0800] "POST /xingrg/services/DataTransmitService HTTP/1.1" 200 501
124.78.153.134 - - [29/Aug/2022:09:08:39 +0800] "POST /xingrg/kc/buy/cgsh_list_operate.html HTTP/1.1" 200 752
116.225.121.189 - - [29/Aug/2022:09:08:39 +0800] "POST /xingrg/services/DataTransmitService HTTP/1.1" 200 412
114.86.228.86 - - [29/Aug/2022:09:08:41 +0800] "GET /xingrg/check_reg.html?_=1661735322057 HTTP/1.1" 200 22
114.86.228.86 - - [29/Aug/2022:09:08:41 +0800] "GET /xingrg/all/function/internal_message.html?_=1661735322066&CODE_STATE=getMsg HTTP/1.1" 200 27
116.224.255.128 - - [29/Aug/2022:09:08:45 +0800] "GET /xingrg/kc/buy/cgsh_order_operate.html?command=get_materiel&rest_code=00151&code=00101016051&supplier_code=00100096&order_time=2022-08-29 HTTP/1.1" 200 408
116.224.255.128 - - [29/Aug/2022:09:08:45 +0800] "GET /xingrg/all/function/internal_message.html?_=1661735324056&CODE_STATE=getMsg HTTP/1.1" 200 27
116.224.255.128 - - [29/Aug/2022:09:08:45 +0800] "GET /xingrg/all/function/internal_message.html?_=1661735246825&CODE_STATE=getMsg HTTP/1.1" 200 27
124.78.153.134 - - [29/Aug/2022:09:08:46 +0800] "GET /xingrg/kc/buy/cgsh_order_add.html HTTP/1.1" 200 68513
124.78.153.134 - - [29/Aug/2022:09:08:46 +0800] "GET /xingrg/words/20220828173911_words.js HTTP/1.1" 304 -
124.78.153.134 - - [29/Aug/2022:09:08:46 +0800] "POST /xingrg/kc/buy/cgsh_order_operate.html HTTP/1.1" 200 8245
124.78.153.134 - - [29/Aug/2022:09:08:46 +0800] "GET /xingrg/javascript/easyui/themes/default/validatebox.css HTTP/1.1" 404 1104
124.78.153.134 - - [29/Aug/2022:09:08:46 +0800] "GET /xingrg/all/common/auto_word.html?type=employee&rest_code=00106 HTTP/1.1" 200 205
124.78.153.134 - - [29/Aug/2022:09:08:46 +0800] "GET /xingrg/all/common/auto_word.html?type=employee&rest_code=00106 HTTP/1.1" 200 205
124.78.153.134 - - [29/Aug/2022:09:08:48 +0800] "GET /xingrg/javascript/easyui/themes/default/tree.css HTTP/1.1" 404 1090
124.78.153.134 - - [29/Aug/2022:09:08:48 +0800] "POST /xingrg/all/common/load_tree.html?tree=supplier_tree_json&isDelete=1 HTTP/1.1" 200 68100
61.151.207.116 - - [29/Aug/2022:09:08:50 +0800] "GET /xingrg/all/function/internal_message.html?_=1661735268007&CODE_STATE=getMsg HTTP/1.1" 302 -
124.78.153.134 - - [29/Aug/2022:09:08:50 +0800] "GET /xingrg/all/function/internal_message.html?_=1661735329042&CODE_STATE=getMsg HTTP/1.1" 200 27
61.151.207.116 - - [29/Aug/2022:09:08:51 +0800] "GET /xingrg/login.html HTTP/1.1" 200 7641
116.224.255.128 - - [29/Aug/2022:09:08:54 +0800] "GET /xingrg/kc/buy/cgsh_order_operate.html?command=get_materiel&rest_code=00151&code=00101008084&supplier_code=00100096&order_time=2022-08-29 HTTP/1.1" 200 413
116.224.255.128 - - [29/Aug/2022:09:09:03 +0800] "GET /xingrg/kc/buy/cgsh_order_operate.html?command=get_materiel&rest_code=00151&code=00101012059&supplier_code=00100096&order_time=2022-08-29 HTTP/1.1" 200 412
114.83.219.200 - - [29/Aug/2022:09:09:04 +0800] "GET /xingrg/all/function/internal_message.html?_=1661735342643&CODE_STATE=getMsg HTTP/1.1" 200 27
114.84.5.35 - - [29/Aug/2022:09:09:10 +0800] "GET /xingrg/kc/buy/cgsh_order_operate.html?command=get_materiel&rest_code=00111&code=00101012021&supplier_code=00100037&order_time=2022-08-29 HTTP/1.1" 200 412
120.253.135.82 - - [29/Aug/2022:09:09:12 +0800] "GET /xingrg/all/function/internal_message.html?_=1661735155095&CODE_STATE=getMsg HTTP/1.1" 200 27
124.78.153.134 - - [29/Aug/2022:09:09:13 +0800] "GET /xingrg/javascript/auto/indicator.gif HTTP/1.1" 404 1066
222.69.129.110 - - [29/Aug/2022:09:09:15 +0800] "GET /xingrg/all/function/internal_message.html?_=1661735430379&CODE_STATE=getMsg HTTP/1.1" 200 27
116.224.255.128 - - [29/Aug/2022:09:09:17 +0800] "GET /xingrg/kc/buy/cgsh_order_operate.html?command=get_materiel&rest_code=00151&code=00101010711&supplier_code=00100096&order_time=2022-08-29 HTTP/1.1" 200 408
124.78.153.134 - - [29/Aug/2022:09:09:17 +0800] "GET /xingrg/kc/buy/cgsh_order_operate.html?command=get_materiel&rest_code=00106&code=00101008091&supplier_code=00100007&order_time=2022-08-29 HTTP/1.1" 200 413
116.225.121.189 - - [29/Aug/2022:09:09:23 +0800] "GET /xingrg/all/function/internal_message.html?_=1661735364950&CODE_STATE=getMsg HTTP/1.1" 200 27
114.84.5.35 - - [29/Aug/2022:09:09:25 +0800] "GET /xingrg/kc/buy/cgsh_order_operate.html?command=get_materiel&rest_code=00111&code=00101016105&supplier_code=00100037&order_time=2022-08-29 HTTP/1.1" 200 409
116.224.255.128 - - [29/Aug/2022:09:09:27 +0800] "POST /xingrg/kc/buy/cgsh_order_operate.html HTTP/1.1" 200 37
116.224.255.128 - - [29/Aug/2022:09:09:28 +0800] "POST /xingrg/kc/buy/cgsh_order_operate.html HTTP/1.1" 200 21259
116.224.255.128 - - [29/Aug/2022:09:09:29 +0800] "GET /xingrg/kc/buy/cgsh_order_operate.html?command=get_materiel&rest_code=00151&code=00101006109&supplier_code=00100096&order_time=2022-08-29 HTTP/1.1" 200 411
116.224.255.128 - - [29/Aug/2022:09:09:33 +0800] "POST /xingrg/all/user/operate.html HTTP/1.1" 200 36
114.84.5.35 - - [29/Aug/2022:09:09:33 +0800] "GET /xingrg/kc/buy/cgsh_order_operate.html?command=get_materiel&rest_code=00111&code=00101009118&supplier_code=00100037&order_time=2022-08-29 HTTP/1.1" 200 405
116.224.255.128 - - [29/Aug/2022:09:09:33 +0800] "GET /xingrg/index.html?sysBaseUrl=http%3A%2F%2F180.169.147.146%3A18081%2Fxingrg%2F&costTime=55×tamp=1661734364984 HTTP/1.1" 200 17179
116.224.255.128 - - [29/Aug/2022:09:09:33 +0800] "GET /xingrg/javascript/jquery_easy_ui/themes/default/easyui.css HTTP/1.1" 304 -
116.224.255.128 - - [29/Aug/2022:09:09:33 +0800] "GET /xingrg/javascript/jquery_easy_ui/themes/icon.css HTTP/1.1" 304 -
116.224.255.128 - - [29/Aug/2022:09:09:33 +0800] "GET /xingrg/css/form.css HTTP/1.1" 304 -
116.224.255.128 - - [29/Aug/2022:09:09:33 +0800] "GET /xingrg/javascript/jquery-1.4.2.min.js HTTP/1.1" 304 -
116.224.255.128 - - [29/Aug/2022:09:09:33 +0800] "GET /xingrg/javascript/jquery_easy_ui/jquery.easyui.min.js HTTP/1.1" 304 -
124.78.153.134 - - [29/Aug/2022:09:09:33 +0800] "GET /xingrg/kc/buy/cgsh_order_operate.html?command=get_materiel&rest_code=00106&code=00101008256&supplier_code=00100007&order_time=2022-08-29 HTTP/1.1" 200 413
116.224.255.128 - - [29/Aug/2022:09:09:33 +0800] "GET /xingrg/javascript/jquery_easy_ui/easyui-lang-zh_CN.js HTTP/1.1" 304 -
116.224.255.128 - - [29/Aug/2022:09:09:33 +0800] "GET /xingrg/javascript/jquery.form.js HTTP/1.1" 304 -
116.224.255.128 - - [29/Aug/2022:09:09:33 +0800] "GET /xingrg/javascript/jquery.utils.js HTTP/1.1" 304 -
116.224.255.128 - - [29/Aug/2022:09:09:33 +0800] "GET /xingrg/javascript/jquery.timers.js HTTP/1.1" 304 -
116.224.255.128 - - [29/Aug/2022:09:09:33 +0800] "GET /xingrg/images/blue/jxLogo.png HTTP/1.1" 304 -
116.224.255.128 - - [29/Aug/2022:09:09:33 +0800] "GET /xingrg/images/blue/navBackgound.jpg HTTP/1.1" 304 -
116.224.255.128 - - [29/Aug/2022:09:09:33 +0800] "GET /xingrg/javascript/jquery_easy_ui/themes/icons/settle_new.png HTTP/1.1" 304 -
116.224.255.128 - - [29/Aug/2022:09:09:33 +0800] "POST /xingrg/all/common/load_tree.html?tree=area_rest_tree_json&manage=1 HTTP/1.1" 200 476
116.224.255.128 - - [29/Aug/2022:09:09:33 +0800] "GET /xingrg/all/function/internal_message.html?_=1661735372271&CODE_STATE=count HTTP/1.1" 200 11
116.224.255.128 - - [29/Aug/2022:09:09:33 +0800] "GET /xingrg/check_reg.html?_=1661735372272 HTTP/1.1" 200 22
116.224.255.128 - - [29/Aug/2022:09:09:33 +0800] "GET /xingrg/images/blue/pingpu.png HTTP/1.1" 304 -
116.224.255.128 - - [29/Aug/2022:09:09:33 +0800] "POST /xingrg/load_menu.html HTTP/1.1" 200 5138
116.224.255.128 - - [29/Aug/2022:09:09:33 +0800] "GET /xingrg/javascript/jquery_easy_ui/themes/default/images/tabs_leftarrow.png HTTP/1.1" 304 -
116.224.255.128 - - [29/Aug/2022:09:09:33 +0800] "GET /xingrg/javascript/jquery_easy_ui/themes/default/images/tabs_rightarrow.png HTTP/1.1" 304 -
116.224.255.128 - - [29/Aug/2022:09:09:33 +0800] "GET /xingrg/javascript/jquery_easy_ui/themes/default/images/panel_tool_collapse.gif HTTP/1.1" 304 -
116.224.255.128 - - [29/Aug/2022:09:09:33 +0800] "GET /xingrg/javascript/jquery_easy_ui/themes/default/images/tree_file.gif HTTP/1.1" 304 -
116.224.255.128 - - [29/Aug/2022:09:09:33 +0800] "GET /xingrg/javascript/jquery_easy_ui/themes/default/images/tree_arrows.gif HTTP/1.1" 304 -
116.224.255.128 - - [29/Aug/2022:09:09:33 +0800] "GET /xingrg/javascript/jquery_easy_ui/themes/default/images/tree_folder.gif HTTP/1.1" 304 -
116.224.255.128 - - [29/Aug/2022:09:09:33 +0800] "GET /xingrg/javascript/jquery_easy_ui/themes/icons/search_new.png HTTP/1.1" 304 -
116.224.255.128 - - [29/Aug/2022:09:09:33 +0800] "GET /xingrg/javascript/jquery_easy_ui/themes/default/images/tree_folder_open.gif HTTP/1.1" 304 -
116.224.255.128 - - [29/Aug/2022:09:09:33 +0800] "GET /xingrg/javascript/jquery_easy_ui/themes/icons/storage_new.png HTTP/1.1" 304 -
116.224.255.128 - - [29/Aug/2022:09:09:33 +0800] "GET /xingrg/javascript/jquery_easy_ui/themes/icons/forms_new.png HTTP/1.1" 304 -
114.84.5.35 - - [29/Aug/2022:09:09:34 +0800] "GET /xingrg/all/function/internal_message.html?_=1661735374192&CODE_STATE=getMsg HTTP/1.1" 200 27
116.224.255.128 - - [29/Aug/2022:09:09:35 +0800] "GET /xingrg/kc/buy/cgsh_order_list.html HTTP/1.1" 200 52737
116.224.255.128 - - [29/Aug/2022:09:09:37 +0800] "POST /xingrg/kc/buy/cgsh_list_operate.html HTTP/1.1" 200 752
116.224.255.128 - - [29/Aug/2022:09:09:38 +0800] "GET /xingrg/kc/buy/cgsh_order_add.html HTTP/1.1" 200 68513
116.224.255.128 - - [29/Aug/2022:09:09:38 +0800] "POST /xingrg/kc/buy/cgsh_order_operate.html HTTP/1.1" 200 8245
116.224.255.128 - - [29/Aug/2022:09:09:38 +0800] "GET /xingrg/javascript/easyui/themes/default/validatebox.css HTTP/1.1" 404 1104
116.224.255.128 - - [29/Aug/2022:09:09:38 +0800] "GET /xingrg/all/common/auto_word.html?type=employee&rest_code=00150 HTTP/1.1" 200 159
116.224.255.128 - - [29/Aug/2022:09:09:38 +0800] "GET /xingrg/all/common/auto_word.html?type=employee&rest_code=00150 HTTP/1.1" 200 159
116.224.255.128 - - [29/Aug/2022:09:09:39 +0800] "GET /xingrg/javascript/auto/indicator.gif HTTP/1.1" 404 1066
114.86.228.86 - - [29/Aug/2022:09:09:41 +0800] "GET /xingrg/all/function/internal_message.html?_=1661735382056&CODE_STATE=getMsg HTTP/1.1" 200 27
116.224.255.128 - - [29/Aug/2022:09:09:43 +0800] "GET /xingrg/kc/buy/cgsh_order_operate.html?command=get_materiel&rest_code=00151&code=00101006112&supplier_code=00100096&order_time=2022-08-29 HTTP/1.1" 200 409
124.78.153.134 - - [29/Aug/2022:09:09:43 +0800] "GET /xingrg/kc/buy/cgsh_order_operate.html?command=get_materiel&rest_code=00106&code=00101008234&supplier_code=00100007&order_time=2022-08-29 HTTP/1.1" 200 408
116.224.255.128 - - [29/Aug/2022:09:09:45 +0800] "GET /xingrg/all/function/internal_message.html?_=1661735306838&CODE_STATE=getMsg HTTP/1.1" 200 27
124.78.153.134 - - [29/Aug/2022:09:09:50 +0800] "GET /xingrg/all/function/internal_message.html?_=1661735388821&CODE_STATE=getMsg HTTP/1.1" 200 27
124.78.153.134 - - [29/Aug/2022:09:09:51 +0800] "GET /xingrg/kc/buy/cgsh_order_operate.html?command=get_materiel&rest_code=00106&code=00101008155&supplier_code=00100007&order_time=2022-08-29 HTTP/1.1" 200 408
116.224.255.128 - - [29/Aug/2022:09:09:57 +0800] "POST /xingrg/kc/buy/cgsh_order_operate.html HTTP/1.1" 200 37
116.224.255.128 - - [29/Aug/2022:09:09:57 +0800] "GET /xingrg/kc/buy/cgsh_order_operate.html?command=get_materiel&rest_code=00150&code=00101008132&supplier_code=00100008&order_time=2022-08-29 HTTP/1.1" 200 408
116.224.255.128 - - [29/Aug/2022:09:09:58 +0800] "POST /xingrg/kc/buy/cgsh_order_operate.html HTTP/1.1" 200 9832
124.78.153.134 - - [29/Aug/2022:09:09:59 +0800] "GET /xingrg/kc/buy/cgsh_order_operate.html?command=get_materiel&rest_code=00106&code=00101008149&supplier_code=00100007&order_time=2022-08-29 HTTP/1.1" 200 408
116.225.121.189 - - [29/Aug/2022:09:10:00 +0800] "GET /xingrg/kc/buy/cgsh_order_operate.html?command=get_materiel&rest_code=00105&code=00101008298&supplier_code=00100203&order_time=2022-08-29 HTTP/1.1" 200 412
101.89.19.197 - - [29/Aug/2022:09:10:01 +0800] "GET /xingrg/all/function/internal_message.html?_=1661735329042&CODE_STATE=getMsg HTTP/1.1" 302 -
101.89.19.197 - - [29/Aug/2022:09:10:01 +0800] "GET /xingrg/login.html HTTP/1.1" 200 7641
114.83.219.200 - - [29/Aug/2022:09:10:03 +0800] "POST /xingrg/services/DataTransmitService HTTP/1.1" 200 524
114.83.219.200 - - [29/Aug/2022:09:10:04 +0800] "GET /xingrg/all/function/internal_message.html?_=1661735402650&CODE_STATE=getMsg HTTP/1.1" 200 27
114.83.219.200 - - [29/Aug/2022:09:10:04 +0800] "POST /xingrg/services/DataTransmitService HTTP/1.1" 200 412
116.224.255.128 - - [29/Aug/2022:09:10:07 +0800] "GET /xingrg/kc/buy/cgsh_order_operate.html?command=get_materiel&rest_code=00150&code=00101008350&supplier_code=00100008&order_time=2022-08-29 HTTP/1.1" 200 408
114.84.5.35 - - [29/Aug/2022:09:10:08 +0800] "GET /xingrg/kc/buy/cgsh_order_operate.html?command=get_materiel&rest_code=00111&code=00101009007&supplier_code=00100037&order_time=2022-08-29 HTTP/1.1" 200 408
124.78.153.134 - - [29/Aug/2022:09:10:12 +0800] "GET /xingrg/kc/buy/cgsh_order_operate.html?command=get_materiel&rest_code=00106&code=00101008185&supplier_code=00100007&order_time=2022-08-29 HTTP/1.1" 200 408
120.253.135.82 - - [29/Aug/2022:09:10:12 +0800] "GET /xingrg/all/function/internal_message.html?_=1661735215106&CODE_STATE=getMsg HTTP/1.1" 200 27
222.69.129.110 - - [29/Aug/2022:09:10:15 +0800] "GET /xingrg/all/function/internal_message.html?_=1661735490368&CODE_STATE=getMsg HTTP/1.1" 200 27
116.224.255.128 - - [29/Aug/2022:09:10:18 +0800] "GET /xingrg/kc/buy/cgsh_order_operate.html?command=get_materiel&rest_code=00150&code=00101008016&supplier_code=00100008&order_time=2022-08-29 HTTP/1.1" 200 416
61.151.207.117 - - [29/Aug/2022:09:10:21 +0800] "GET /xingrg/kc/buy/buy_main.html HTTP/1.1" 302 -
61.151.207.117 - - [29/Aug/2022:09:10:21 +0800] "GET /xingrg/login.html HTTP/1.1" 200 7641
116.225.121.189 - - [29/Aug/2022:09:10:23 +0800] "GET /xingrg/all/function/internal_message.html?_=1661735425020&CODE_STATE=getMsg HTTP/1.1" 200 27
124.78.153.134 - - [29/Aug/2022:09:10:25 +0800] "GET /xingrg/kc/buy/cgsh_order_operate.html?command=get_materiel&rest_code=00106&code=00101008110&supplier_code=00100007&order_time=2022-08-29 HTTP/1.1" 200 408
116.224.255.128 - - [29/Aug/2022:09:10:27 +0800] "GET /xingrg/kc/buy/cgsh_order_operate.html?command=get_materiel&rest_code=00150&code=00101008185&supplier_code=00100008&order_time=2022-08-29 HTTP/1.1" 200 408
120.253.135.82 - - [29/Aug/2022:09:10:29 +0800] "GET /xingrg/kc/buy/cgsh_order_list.html HTTP/1.1" 200 52731
120.253.135.82 - - [29/Aug/2022:09:10:31 +0800] "POST /xingrg/kc/buy/cgsh_list_operate.html HTTP/1.1" 200 752
116.224.255.128 - - [29/Aug/2022:09:10:33 +0800] "GET /xingrg/all/function/internal_message.html?_=1661735432284&CODE_STATE=getMsg HTTP/1.1" 200 27
120.253.135.82 - - [29/Aug/2022:09:10:33 +0800] "GET /xingrg/kc/buy/cgsh_order_add.html HTTP/1.1" 200 67621
120.253.135.82 - - [29/Aug/2022:09:10:33 +0800] "GET /xingrg/javascript/easyui/themes/icons/template_new.png HTTP/1.1" 200 3956
120.253.135.82 - - [29/Aug/2022:09:10:34 +0800] "POST /xingrg/kc/buy/cgsh_order_operate.html HTTP/1.1" 200 8245
120.253.135.82 - - [29/Aug/2022:09:10:34 +0800] "GET /xingrg/javascript/easyui/themes/default/validatebox.css HTTP/1.1" 404 1104
120.253.135.82 - - [29/Aug/2022:09:10:34 +0800] "GET /xingrg/all/common/auto_word.html?type=employee&rest_code=00101 HTTP/1.1" 200 977
120.253.135.82 - - [29/Aug/2022:09:10:34 +0800] "GET /xingrg/all/common/auto_word.html?type=employee&rest_code=00101 HTTP/1.1" 200 977
114.84.5.35 - - [29/Aug/2022:09:10:34 +0800] "GET /xingrg/all/function/internal_message.html?_=1661735434190&CODE_STATE=getMsg HTTP/1.1" 200 27
116.224.255.128 - - [29/Aug/2022:09:10:37 +0800] "GET /xingrg/kc/buy/cgsh_order_operate.html?command=get_materiel&rest_code=00150&code=00101008612&supplier_code=00100008&order_time=2022-08-29 HTTP/1.1" 200 420
124.78.153.134 - - [29/Aug/2022:09:10:37 +0800] "GET /xingrg/kc/buy/cgsh_order_operate.html?command=get_materiel&rest_code=00106&code=00101008038&supplier_code=00100007&order_time=2022-08-29 HTTP/1.1" 200 412
114.86.228.86 - - [29/Aug/2022:09:10:41 +0800] "GET /xingrg/all/function/internal_message.html?_=1661735442061&CODE_STATE=getMsg HTTP/1.1" 200 27
120.253.135.82 - - [29/Aug/2022:09:10:44 +0800] "POST /xingrg/all/common/load_combo.html?type=employee HTTP/1.1" 200 1752
116.224.255.128 - - [29/Aug/2022:09:10:45 +0800] "GET /xingrg/all/function/internal_message.html?_=1661735366852&CODE_STATE=getMsg HTTP/1.1" 200 27
114.84.5.35 - - [29/Aug/2022:09:10:47 +0800] "GET /xingrg/kc/buy/cgsh_order_operate.html?command=get_materiel&rest_code=00111&code=00101008090&supplier_code=00100037&order_time=2022-08-29 HTTP/1.1" 200 408
124.78.153.134 - - [29/Aug/2022:09:10:47 +0800] "GET /xingrg/kc/buy/cgsh_order_operate.html?command=get_materiel&rest_code=00106&code=00101008355&supplier_code=00100007&order_time=2022-08-29 HTTP/1.1" 200 408
116.224.255.128 - - [29/Aug/2022:09:10:48 +0800] "GET /xingrg/kc/buy/cgsh_order_operate.html?command=get_materiel&rest_code=00150&code=00101013044&supplier_code=00100008&order_time=2022-08-29 HTTP/1.1" 200 428
61.151.206.14 - - [29/Aug/2022:09:10:49 +0800] "GET /xingrg/kc/buy/cgsh_order_operate.html?command=get_materiel&rest_code=00106&code=00101008155&supplier_code=00100007&order_time=2022-08-29 HTTP/1.1" 302 -
61.151.206.14 - - [29/Aug/2022:09:10:49 +0800] "GET /xingrg/login.html HTTP/1.1" 200 7641
116.225.121.189 - - [29/Aug/2022:09:10:49 +0800] "GET /xingrg/kc/buy/cgsh_order_operate.html?command=get_materiel&rest_code=00105&code=00101008105&supplier_code=00100203&order_time=2022-08-29 HTTP/1.1" 200 412
101.89.19.197 - - [29/Aug/2022:09:10:50 +0800] "GET /xingrg/all/function/internal_message.html?_=1661735388821&CODE_STATE=getMsg HTTP/1.1" 302 -
101.89.239.245 - - [29/Aug/2022:09:10:50 +0800] "GET /xingrg/kc/buy/cgsh_order_operate.html?command=get_materiel&rest_code=00106&code=00101008234&supplier_code=00100007&order_time=2022-08-29 HTTP/1.1" 302 -
124.78.153.134 - - [29/Aug/2022:09:10:50 +0800] "GET /xingrg/all/function/internal_message.html?_=1661735448855&CODE_STATE=getMsg HTTP/1.1" 200 27
101.89.19.197 - - [29/Aug/2022:09:10:50 +0800] "GET /xingrg/login.html HTTP/1.1" 200 7641
101.89.239.245 - - [29/Aug/2022:09:10:51 +0800] "GET /xingrg/login.html HTTP/1.1" 200 7641
124.78.153.134 - - [29/Aug/2022:09:10:57 +0800] "GET /xingrg/kc/buy/cgsh_order_operate.html?command=get_materiel&rest_code=00106&code=00101008144&supplier_code=00100007&order_time=2022-08-29 HTTP/1.1" 200 412
114.84.5.35 - - [29/Aug/2022:09:10:57 +0800] "GET /xingrg/kc/buy/cgsh_order_operate.html?command=get_materiel&rest_code=00111&code=00101015046&supplier_code=00100037&order_time=2022-08-29 HTTP/1.1" 200 412
116.225.121.189 - - [29/Aug/2022:09:10:57 +0800] "GET /xingrg/kc/buy/cgsh_order_operate.html?command=get_materiel&rest_code=00105&code=00101008119&supplier_code=00100203&order_time=2022-08-29 HTTP/1.1" 200 412
116.224.255.128 - - [29/Aug/2022:09:10:58 +0800] "GET /xingrg/kc/buy/cgsh_order_operate.html?command=get_materiel&rest_code=00150&code=00101008026&supplier_code=00100008&order_time=2022-08-29 HTTP/1.1" 200 409
120.253.135.82 - - [29/Aug/2022:09:11:01 +0800] "GET /xingrg/kc/buy/cgsh_order_operate.html?command=get_materiel&rest_code=00101&code=00101014041&supplier_code=00100137&order_time=2022-08-29 HTTP/1.1" 200 414
114.83.219.200 - - [29/Aug/2022:09:11:04 +0800] "GET /xingrg/all/function/internal_message.html?_=1661735462650&CODE_STATE=getMsg HTTP/1.1" 200 27
61.151.206.14 - - [29/Aug/2022:09:11:07 +0800] "GET /xingrg/kc/buy/cgsh_order_operate.html?command=get_materiel&rest_code=00106&code=00101008185&supplier_code=00100007&order_time=2022-08-29 HTTP/1.1" 302 -
61.151.206.14 - - [29/Aug/2022:09:11:07 +0800] "GET /xingrg/login.html HTTP/1.1" 200 7641
116.225.121.189 - - [29/Aug/2022:09:11:07 +0800] "GET /xingrg/kc/buy/cgsh_order_operate.html?command=get_materiel&rest_code=00105&code=00101008185&supplier_code=00100203&order_time=2022-08-29 HTTP/1.1" 200 408
114.84.5.35 - - [29/Aug/2022:09:11:08 +0800] "GET /xingrg/kc/buy/cgsh_order_operate.html?command=get_materiel&rest_code=00111&code=00101015065&supplier_code=00100037&order_time=2022-08-29 HTTP/1.1" 200 413
116.224.255.128 - - [29/Aug/2022:09:11:09 +0800] "GET /xingrg/kc/buy/cgsh_order_operate.html?command=get_materiel&rest_code=00150&code=00101008163&supplier_code=00100008&order_time=2022-08-29 HTTP/1.1" 200 409
120.253.135.82 - - [29/Aug/2022:09:11:12 +0800] "GET /xingrg/all/function/internal_message.html?_=1661735275221&CODE_STATE=getMsg HTTP/1.1" 200 27
222.69.129.110 - - [29/Aug/2022:09:11:15 +0800] "GET /xingrg/check_reg.html?_=1661735550378 HTTP/1.1" 200 22
222.69.129.110 - - [29/Aug/2022:09:11:15 +0800] "GET /xingrg/all/function/internal_message.html?_=1661735550380&CODE_STATE=getMsg HTTP/1.1" 200 27
120.253.135.82 - - [29/Aug/2022:09:11:16 +0800] "POST /xingrg/kc/buy/cgsh_order_operate.html HTTP/1.1" 200 37
124.78.153.134 - - [29/Aug/2022:09:11:16 +0800] "GET /xingrg/kc/buy/cgsh_order_operate.html?command=get_materiel&rest_code=00106&code=00101008126&supplier_code=00100007&order_time=2022-08-29 HTTP/1.1" 200 412
120.253.135.82 - - [29/Aug/2022:09:11:19 +0800] "POST /xingrg/kc/buy/cgsh_order_operate.html HTTP/1.1" 200 2667
116.225.121.189 - - [29/Aug/2022:09:11:19 +0800] "GET /xingrg/kc/buy/cgsh_order_operate.html?command=get_materiel&rest_code=00105&code=00101008176&supplier_code=00100203&order_time=2022-08-29 HTTP/1.1" 200 413
116.224.255.128 - - [29/Aug/2022:09:11:19 +0800] "GET /xingrg/kc/buy/cgsh_order_operate.html?command=get_materiel&rest_code=00150&code=00101008224&supplier_code=00100008&order_time=2022-08-29 HTTP/1.1" 200 416
120.253.135.82 - - [29/Aug/2022:09:11:20 +0800] "GET /xingrg/kc/print/load_config.html?kc_code=cgsh HTTP/1.1" 200 1943
120.253.135.82 - - [29/Aug/2022:09:11:20 +0800] "GET /xingrg/kc/print/load_data.html?order_code=212022082910068&kc_code=cgsh&condition= HTTP/1.1" 200 737
101.89.239.245 - - [29/Aug/2022:09:11:21 +0800] "GET /xingrg/kc/buy/cgsh_order_operate.html?command=get_materiel&rest_code=00106&code=00101008110&supplier_code=00100007&order_time=2022-08-29 HTTP/1.1" 302 -
101.89.239.245 - - [29/Aug/2022:09:11:21 +0800] "GET /xingrg/login.html HTTP/1.1" 200 7641
116.225.121.189 - - [29/Aug/2022:09:11:23 +0800] "GET /xingrg/all/function/internal_message.html?_=1661735484956&CODE_STATE=getMsg HTTP/1.1" 200 27
114.84.5.35 - - [29/Aug/2022:09:11:28 +0800] "GET /xingrg/kc/buy/cgsh_order_operate.html?command=get_materiel&rest_code=00111&code=00101008324&supplier_code=00100037&order_time=2022-08-29 HTTP/1.1" 200 412
116.224.255.128 - - [29/Aug/2022:09:11:29 +0800] "GET /xingrg/kc/buy/cgsh_order_operate.html?command=get_materiel&rest_code=00150&code=00101008126&supplier_code=00100008&order_time=2022-08-29 HTTP/1.1" 200 412
116.225.121.189 - - [29/Aug/2022:09:11:31 +0800] "GET /xingrg/kc/buy/cgsh_order_operate.html?command=get_materiel&rest_code=00105&code=00101008330&supplier_code=00100203&order_time=2022-08-29 HTTP/1.1" 200 408
124.78.153.134 - - [29/Aug/2022:09:11:33 +0800] "GET /xingrg/kc/buy/cgsh_order_operate.html?command=get_materiel&rest_code=00106&code=00101008264&supplier_code=00100007&order_time=2022-08-29 HTTP/1.1" 200 412
116.224.255.128 - - [29/Aug/2022:09:11:33 +0800] "GET /xingrg/all/function/internal_message.html?_=1661735492286&CODE_STATE=getMsg HTTP/1.1" 200 27
114.84.5.35 - - [29/Aug/2022:09:11:34 +0800] "GET /xingrg/check_reg.html?_=1661735494185 HTTP/1.1" 200 22
114.84.5.35 - - [29/Aug/2022:09:11:34 +0800] "GET /xingrg/all/function/internal_message.html?_=1661735494189&CODE_STATE=getMsg HTTP/1.1" 200 27
116.224.255.128 - - [29/Aug/2022:09:11:37 +0800] "GET /xingrg/kc/buy/cgsh_order_operate.html?command=get_materiel&rest_code=00150&code=00101008361&supplier_code=00100008&order_time=2022-08-29 HTTP/1.1" 200 408
116.225.121.189 - - [29/Aug/2022:09:11:39 +0800] "GET /xingrg/kc/buy/cgsh_order_operate.html?command=get_materiel&rest_code=00105&code=00101008219&supplier_code=00100203&order_time=2022-08-29 HTTP/1.1" 200 412
114.84.5.35 - - [29/Aug/2022:09:11:40 +0800] "GET /xingrg/kc/buy/cgsh_order_operate.html?command=get_materiel&rest_code=00111&code=00101008496&supplier_code=00100037&order_time=2022-08-29 HTTP/1.1" 200 406
114.86.228.86 - - [29/Aug/2022:09:11:41 +0800] "GET /xingrg/all/function/internal_message.html?_=1661735502064&CODE_STATE=getMsg HTTP/1.1" 200 27
124.78.153.134 - - [29/Aug/2022:09:11:42 +0800] "GET /xingrg/kc/buy/cgsh_order_operate.html?command=get_materiel&rest_code=00106&code=00101008439&supplier_code=00100007&order_time=2022-08-29 HTTP/1.1" 200 412
61.151.207.117 - - [29/Aug/2022:09:11:43 +0800] "GET /xingrg/kc/buy/cgsh_order_operate.html?command=get_materiel&rest_code=00106&code=00101008355&supplier_code=00100007&order_time=2022-08-29 HTTP/1.1" 302 -
61.151.207.117 - - [29/Aug/2022:09:11:43 +0800] "GET /xingrg/login.html HTTP/1.1" 200 7641
114.83.219.200 - - [29/Aug/2022:09:11:44 +0800] "GET /xingrg/kc/buy/cgsh_order_operate.html?command=get_materiel&rest_code=00149&code=00101008131&supplier_code=00100008&order_time=2022-08-29 HTTP/1.1" 200 408
116.224.255.128 - - [29/Aug/2022:09:11:45 +0800] "GET /xingrg/check_reg.html?_=1661735426805 HTTP/1.1" 200 22
116.224.255.128 - - [29/Aug/2022:09:11:45 +0800] "GET /xingrg/all/function/internal_message.html?_=1661735426910&CODE_STATE=getMsg HTTP/1.1" 200 27
116.224.255.128 - - [29/Aug/2022:09:11:46 +0800] "GET /xingrg/kc/buy/cgsh_order_operate.html?command=get_materiel&rest_code=00150&code=00101008356&supplier_code=00100008&order_time=2022-08-29 HTTP/1.1" 200 409
124.78.153.134 - - [29/Aug/2022:09:11:49 +0800] "GET /xingrg/check_reg.html?_=1661735508054 HTTP/1.1" 200 22
124.78.153.134 - - [29/Aug/2022:09:11:50 +0800] "GET /xingrg/all/function/internal_message.html?_=1661735508834&CODE_STATE=getMsg HTTP/1.1" 200 27
116.225.121.189 - - [29/Aug/2022:09:11:51 +0800] "GET /xingrg/kc/buy/cgsh_order_operate.html?command=get_materiel&rest_code=00105&code=00101008132&supplier_code=00100203&order_time=2022-08-29 HTTP/1.1" 200 408
114.84.5.35 - - [29/Aug/2022:09:11:52 +0800] "GET /xingrg/kc/buy/cgsh_order_operate.html?command=get_materiel&rest_code=00111&code=00101008417&supplier_code=00100037&order_time=2022-08-29 HTTP/1.1" 200 408
124.78.153.134 - - [29/Aug/2022:09:11:53 +0800] "GET /xingrg/kc/buy/cgsh_order_operate.html?command=get_materiel&rest_code=00106&code=00101008357&supplier_code=00100007&order_time=2022-08-29 HTTP/1.1" 200 408
116.224.255.128 - - [29/Aug/2022:09:11:56 +0800] "GET /xingrg/kc/buy/cgsh_order_operate.html?command=get_materiel&rest_code=00150&code=00101008077&supplier_code=00100008&order_time=2022-08-29 HTTP/1.1" 200 416
114.83.219.200 - - [29/Aug/2022:09:12:04 +0800] "GET /xingrg/all/function/internal_message.html?_=1661735522660&CODE_STATE=getMsg HTTP/1.1" 200 27
114.83.219.200 - - [29/Aug/2022:09:12:04 +0800] "GET /xingrg/kc/buy/cgsh_order_operate.html?command=get_materiel&rest_code=00149&code=00101008169&supplier_code=00100008&order_time=2022-08-29 HTTP/1.1" 200 412
114.84.5.35 - - [29/Aug/2022:09:12:04 +0800] "GET /xingrg/kc/buy/cgsh_order_operate.html?command=get_materiel&rest_code=00111&code=00101019238&supplier_code=00100037&order_time=2022-08-29 HTTP/1.1" 200 449
116.225.121.189 - - [29/Aug/2022:09:12:05 +0800] "GET /xingrg/kc/buy/cgsh_order_operate.html?command=get_materiel&rest_code=00105&code=00101008244&supplier_code=00100203&order_time=2022-08-29 HTTP/1.1" 200 408
116.224.255.128 - - [29/Aug/2022:09:12:06 +0800] "GET /xingrg/kc/buy/cgsh_order_operate.html?command=get_materiel&rest_code=00150&code=00101008357&supplier_code=00100008&order_time=2022-08-29 HTTP/1.1" 200 408
114.84.5.35 - - [29/Aug/2022:09:12:08 +0800] "POST /xingrg/all/common/load_select.html HTTP/1.1" 200 25
124.78.153.134 - - [29/Aug/2022:09:12:10 +0800] "GET /xingrg/kc/buy/cgsh_order_operate.html?command=get_materiel&rest_code=00106&code=00101008069&supplier_code=00100007&order_time=2022-08-29 HTTP/1.1" 200 412
120.253.135.82 - - [29/Aug/2022:09:12:12 +0800] "GET /xingrg/all/function/internal_message.html?_=1661735335226&CODE_STATE=getMsg HTTP/1.1" 200 27
116.225.121.189 - - [29/Aug/2022:09:12:13 +0800] "GET /xingrg/kc/buy/cgsh_order_operate.html?command=get_materiel&rest_code=00105&code=00101008186&supplier_code=00100203&order_time=2022-08-29 HTTP/1.1" 200 408
114.84.5.35 - - [29/Aug/2022:09:12:14 +0800] "GET /xingrg/kc/buy/cgsh_order_operate.html?command=get_materiel_price&rest_code=00111&code=00101019238&unit_code=00100178&supplier_code=00100037&order_time=2022-08-29 HTTP/1.1" 200 28
222.69.129.110 - - [29/Aug/2022:09:12:15 +0800] "GET /xingrg/all/function/internal_message.html?_=1661735610372&CODE_STATE=getMsg HTTP/1.1" 200 27
116.225.121.189 - - [29/Aug/2022:09:12:16 +0800] "POST /xingrg/kc/buy/cgsh_order_operate.html HTTP/1.1" 200 2065
116.225.121.189 - - [29/Aug/2022:09:12:18 +0800] "POST /xingrg/kc/buy/cgsh_order_operate.html HTTP/1.1" 200 2065
116.224.255.128 - - [29/Aug/2022:09:12:19 +0800] "GET /xingrg/kc/buy/cgsh_order_operate.html?command=get_materiel&rest_code=00150&code=00101008069&supplier_code=00100008&order_time=2022-08-29 HTTP/1.1" 200 412
124.78.153.134 - - [29/Aug/2022:09:12:21 +0800] "GET /xingrg/kc/buy/cgsh_order_operate.html?command=get_materiel&rest_code=00106&code=00101008286&supplier_code=00100007&order_time=2022-08-29 HTTP/1.1" 200 408
116.225.121.189 - - [29/Aug/2022:09:12:23 +0800] "GET /xingrg/all/function/internal_message.html?_=1661735544948&CODE_STATE=getMsg HTTP/1.1" 200 27
116.224.255.128 - - [29/Aug/2022:09:12:28 +0800] "GET /xingrg/kc/buy/cgsh_order_operate.html?command=get_materiel&rest_code=00150&code=00101008286&supplier_code=00100008&order_time=2022-08-29 HTTP/1.1" 200 408
114.84.5.35 - - [29/Aug/2022:09:12:33 +0800] "GET /xingrg/kc/buy/cgsh_order_operate.html?command=get_materiel&rest_code=00111&code=00101008223&supplier_code=00100037&order_time=2022-08-29 HTTP/1.1" 200 412
116.224.255.128 - - [29/Aug/2022:09:12:33 +0800] "GET /xingrg/all/function/internal_message.html?_=1661735552283&CODE_STATE=getMsg HTTP/1.1" 200 27
124.78.153.134 - - [29/Aug/2022:09:12:33 +0800] "GET /xingrg/kc/buy/cgsh_order_operate.html?command=get_materiel&rest_code=00106&code=00101008036&supplier_code=00100007&order_time=2022-08-29 HTTP/1.1" 200 408
114.84.5.35 - - [29/Aug/2022:09:12:34 +0800] "GET /xingrg/all/function/internal_message.html?_=1661735554187&CODE_STATE=getMsg HTTP/1.1" 200 27
116.225.121.189 - - [29/Aug/2022:09:12:36 +0800] "GET /xingrg/kc/buy/cgsh_order_operate.html?command=get_materiel&rest_code=00105&code=00101008283&supplier_code=00100203&order_time=2022-08-29 HTTP/1.1" 200 408
116.224.255.128 - - [29/Aug/2022:09:12:38 +0800] "GET /xingrg/kc/buy/cgsh_order_operate.html?command=get_materiel&rest_code=00150&code=00101008296&supplier_code=00100008&order_time=2022-08-29 HTTP/1.1" 200 416
114.86.228.86 - - [29/Aug/2022:09:12:41 +0800] "GET /xingrg/all/function/internal_message.html?_=1661735562064&CODE_STATE=getMsg HTTP/1.1" 200 27
124.78.153.134 - - [29/Aug/2022:09:12:45 +0800] "GET /xingrg/kc/buy/cgsh_order_operate.html?command=get_materiel&rest_code=00106&code=00101008131&supplier_code=00100007&order_time=2022-08-29 HTTP/1.1" 200 408
116.224.255.128 - - [29/Aug/2022:09:12:45 +0800] "GET /xingrg/all/function/internal_message.html?_=1661735486910&CODE_STATE=getMsg HTTP/1.1" 200 27
116.224.255.128 - - [29/Aug/2022:09:12:45 +0800] "GET /xingrg/kc/buy/cgsh_order_operate.html?command=get_materiel&rest_code=00150&code=00101008318&supplier_code=00100008&order_time=2022-08-29 HTTP/1.1" 200 408
116.225.121.189 - - [29/Aug/2022:09:12:47 +0800] "GET /xingrg/kc/buy/cgsh_order_operate.html?command=get_materiel&rest_code=00105&code=00101008224&supplier_code=00100203&order_time=2022-08-29 HTTP/1.1" 200 416
114.84.5.35 - - [29/Aug/2022:09:12:48 +0800] "GET /xingrg/kc/buy/cgsh_order_operate.html?command=get_materiel&rest_code=00111&code=00101008418&supplier_code=00100037&order_time=2022-08-29 HTTP/1.1" 200 412
61.151.207.115 - - [29/Aug/2022:09:12:49 +0800] "GET /xingrg/kc/buy/cgsh_order_operate.html?command=get_materiel&rest_code=00106&code=00101008357&supplier_code=00100007&order_time=2022-08-29 HTTP/1.1" 302 -
101.89.29.78 - - [29/Aug/2022:09:12:49 +0800] "GET /xingrg/check_reg.html?_=1661735508054 HTTP/1.1" 302 -
61.151.207.115 - - [29/Aug/2022:09:12:49 +0800] "GET /xingrg/login.html HTTP/1.1" 200 7641
61.151.207.115 - - [29/Aug/2022:09:12:50 +0800] "GET /xingrg/all/function/internal_message.html?_=1661735508834&CODE_STATE=getMsg HTTP/1.1" 302 -
124.78.153.134 - - [29/Aug/2022:09:12:50 +0800] "GET /xingrg/all/function/internal_message.html?_=1661735568888&CODE_STATE=getMsg HTTP/1.1" 200 27
101.89.29.78 - - [29/Aug/2022:09:12:50 +0800] "GET /xingrg/login.html HTTP/1.1" 200 7641
61.151.207.115 - - [29/Aug/2022:09:12:51 +0800] "GET /xingrg/login.html HTTP/1.1" 200 7641
116.224.123.211 - - [29/Aug/2022:09:12:52 +0800] "GET /favicon.ico HTTP/1.1" 404 -
120.253.135.82 - - [29/Aug/2022:09:12:54 +0800] "GET /xingrg/check_reg.html?_=1661735377689 HTTP/1.1" 200 22
116.224.255.128 - - [29/Aug/2022:09:12:55 +0800] "GET /xingrg/kc/buy/cgsh_order_operate.html?command=get_materiel&rest_code=00150&code=00101008226&supplier_code=00100008&order_time=2022-08-29 HTTP/1.1" 200 416
101.89.19.197 - - [29/Aug/2022:09:12:55 +0800] "GET /xingrg/kc/buy/cgsh_order_operate.html?command=get_materiel&rest_code=00106&code=00101008091&supplier_code=00100007&order_time=2022-08-29 HTTP/1.1" 302 -
101.89.19.197 - - [29/Aug/2022:09:12:55 +0800] "GET /xingrg/login.html HTTP/1.1" 200 7641
222.69.129.110 - - [29/Aug/2022:09:12:55 +0800] "GET /xingrg/kc/buy/cgsh_order_list.html HTTP/1.1" 200 52737
116.225.121.189 - - [29/Aug/2022:09:12:55 +0800] "GET /xingrg/kc/buy/cgsh_order_operate.html?command=get_materiel&rest_code=00105&code=00101008003&supplier_code=00100203&order_time=2022-08-29 HTTP/1.1" 200 408
114.84.5.35 - - [29/Aug/2022:09:12:57 +0800] "GET /xingrg/kc/buy/cgsh_order_operate.html?command=get_materiel&rest_code=00111&code=00101008353&supplier_code=00100037&order_time=2022-08-29 HTTP/1.1" 200 408
120.253.135.82 - - [29/Aug/2022:09:13:02 +0800] "POST /xingrg/kc/buy/cgsh_order_operate.html HTTP/1.1" 200 37
124.78.153.134 - - [29/Aug/2022:09:13:03 +0800] "GET /xingrg/kc/buy/cgsh_order_operate.html?command=get_materiel&rest_code=00106&code=00101008233&supplier_code=00100007&order_time=2022-08-29 HTTP/1.1" 200 408
222.69.129.110 - - [29/Aug/2022:09:13:03 +0800] "POST /xingrg/kc/buy/cgsh_list_operate.html HTTP/1.1" 200 2158
116.224.255.128 - - [29/Aug/2022:09:13:03 +0800] "GET /xingrg/kc/buy/cgsh_order_operate.html?command=get_materiel&rest_code=00150&code=00101008353&supplier_code=00100008&order_time=2022-08-29 HTTP/1.1" 200 408
114.83.219.200 - - [29/Aug/2022:09:13:04 +0800] "GET /xingrg/check_reg.html?_=1661735582679 HTTP/1.1" 200 22
114.83.219.200 - - [29/Aug/2022:09:13:04 +0800] "GET /xingrg/all/function/internal_message.html?_=1661735582674&CODE_STATE=getMsg HTTP/1.1" 200 27
116.225.121.189 - - [29/Aug/2022:09:13:05 +0800] "GET /xingrg/index.html?sysBaseUrl=http%3A%2F%2F180.169.147.146%3A18081%2Fxingrg%2F&costTime=32×tamp=1585224308505 HTTP/1.1" 302 -
116.225.121.189 - - [29/Aug/2022:09:13:05 +0800] "GET /xingrg/login.html HTTP/1.1" 200 7641
116.225.121.189 - - [29/Aug/2022:09:13:05 +0800] "GET /xingrg/images/blue/jxLogo.png HTTP/1.1" 304 -
116.225.121.189 - - [29/Aug/2022:09:13:05 +0800] "GET /xingrg/images/blue/login_bg.png HTTP/1.1" 304 -
116.224.255.128 - - [29/Aug/2022:09:13:05 +0800] "POST /xingrg/kc/buy/cgsh_order_operate.html HTTP/1.1" 200 2065
116.225.121.189 - - [29/Aug/2022:09:13:05 +0800] "GET /xingrg/images/blue/hj.png HTTP/1.1" 304 -
116.225.121.189 - - [29/Aug/2022:09:13:05 +0800] "GET /xingrg/images/blue/srbg.png HTTP/1.1" 304 -
116.225.121.189 - - [29/Aug/2022:09:13:05 +0800] "GET /favicon.ico HTTP/1.1" 404 -
116.225.121.189 - - [29/Aug/2022:09:13:09 +0800] "GET /xingrg/kc/buy/cgsh_order_operate.html?command=get_materiel&rest_code=00105&code=00101008201&supplier_code=00100203&order_time=2022-08-29 HTTP/1.1" 200 412
120.253.135.82 - - [29/Aug/2022:09:13:09 +0800] "POST /xingrg/kc/buy/cgsh_order_operate.html HTTP/1.1" 200 12
114.84.5.35 - - [29/Aug/2022:09:13:09 +0800] "GET /xingrg/kc/buy/cgsh_order_operate.html?command=get_materiel&rest_code=00111&code=00101011005&supplier_code=00100037&order_time=2022-08-29 HTTP/1.1" 200 408
222.69.129.110 - - [29/Aug/2022:09:13:09 +0800] "POST /xingrg/kc/buy/cgsh_list_operate.html HTTP/1.1" 200 445
116.224.255.128 - - [29/Aug/2022:09:13:11 +0800] "GET /xingrg/kc/buy/cgsh_order_operate.html?command=get_materiel&rest_code=00150&code=00101015038&supplier_code=00100008&order_time=2022-08-29 HTTP/1.1" 200 418
222.69.129.110 - - [29/Aug/2022:09:13:11 +0800] "GET /xingrg/kc/buy/cgsh_order_info.html?code=212022082809704 HTTP/1.1" 200 67716
222.69.129.110 - - [29/Aug/2022:09:13:11 +0800] "GET /xingrg/words/20220828173911_words.js HTTP/1.1" 304 -
222.69.129.110 - - [29/Aug/2022:09:13:12 +0800] "GET /xingrg/javascript/easyui/themes/default/validatebox.css HTTP/1.1" 404 1104
222.69.129.110 - - [29/Aug/2022:09:13:12 +0800] "GET /xingrg/all/common/auto_word.html?type=employee&rest_code=00154 HTTP/1.1" 200 101
222.69.129.110 - - [29/Aug/2022:09:13:12 +0800] "GET /xingrg/all/common/auto_word.html?type=employee&rest_code=00154 HTTP/1.1" 200 101
124.78.153.134 - - [29/Aug/2022:09:13:12 +0800] "GET /xingrg/kc/buy/cgsh_order_operate.html?command=get_materiel&rest_code=00106&code=00101008352&supplier_code=00100007&order_time=2022-08-29 HTTP/1.1" 200 412
222.69.129.110 - - [29/Aug/2022:09:13:12 +0800] "POST /xingrg/kc/buy/cgsh_order_operate.html HTTP/1.1" 200 4481
222.69.129.110 - - [29/Aug/2022:09:13:15 +0800] "GET /xingrg/all/function/internal_message.html?_=1661735670370&CODE_STATE=getMsg HTTP/1.1" 200 27
116.225.121.189 - - [29/Aug/2022:09:13:16 +0800] "POST /xingrg/login.do HTTP/1.1" 302 -
116.225.121.189 - - [29/Aug/2022:09:13:16 +0800] "GET /xingrg/index.html?sysBaseUrl=http%3A%2F%2F180.169.147.146%3A18081%2Fxingrg%2F&costTime=311×tamp=1661735596245 HTTP/1.1" 200 17173
116.225.121.189 - - [29/Aug/2022:09:13:16 +0800] "GET /xingrg/javascript/jquery_easy_ui/themes/default/easyui.css HTTP/1.1" 304 -
116.225.121.189 - - [29/Aug/2022:09:13:16 +0800] "GET /xingrg/javascript/jquery_easy_ui/themes/icon.css HTTP/1.1" 304 -
116.225.121.189 - - [29/Aug/2022:09:13:16 +0800] "GET /xingrg/css/form.css HTTP/1.1" 304 -
116.225.121.189 - - [29/Aug/2022:09:13:16 +0800] "GET /xingrg/javascript/jquery-1.4.2.min.js HTTP/1.1" 304 -
116.225.121.189 - - [29/Aug/2022:09:13:16 +0800] "GET /xingrg/javascript/jquery_easy_ui/jquery.easyui.min.js HTTP/1.1" 304 -
116.225.121.189 - - [29/Aug/2022:09:13:16 +0800] "GET /xingrg/javascript/jquery_easy_ui/easyui-lang-zh_CN.js HTTP/1.1" 304 -
116.225.121.189 - - [29/Aug/2022:09:13:16 +0800] "GET /xingrg/javascript/jquery.form.js HTTP/1.1" 304 -
116.225.121.189 - - [29/Aug/2022:09:13:16 +0800] "GET /xingrg/javascript/jquery.utils.js HTTP/1.1" 304 -
116.225.121.189 - - [29/Aug/2022:09:13:16 +0800] "GET /xingrg/javascript/jquery.timers.js HTTP/1.1" 304 -
116.225.121.189 - - [29/Aug/2022:09:13:16 +0800] "GET /favicon.ico HTTP/1.1" 404 -
116.225.121.189 - - [29/Aug/2022:09:13:16 +0800] "GET /xingrg/javascript/jquery_easy_ui/themes/icons/settle_new.png HTTP/1.1" 304 -
116.225.121.189 - - [29/Aug/2022:09:13:16 +0800] "GET /xingrg/images/blue/navBackgound.jpg HTTP/1.1" 304 -
116.225.121.189 - - [29/Aug/2022:09:13:16 +0800] "POST /xingrg/all/common/load_tree.html?tree=area_rest_tree_json&manage=1 HTTP/1.1" 200 342
116.225.121.189 - - [29/Aug/2022:09:13:16 +0800] "GET /xingrg/all/function/internal_message.html?_=1661735463879&CODE_STATE=count HTTP/1.1" 200 11
116.225.121.189 - - [29/Aug/2022:09:13:16 +0800] "GET /xingrg/images/blue/pingpu.png HTTP/1.1" 304 -
116.225.121.189 - - [29/Aug/2022:09:13:16 +0800] "POST /xingrg/load_menu.html HTTP/1.1" 200 5138
116.225.121.189 - - [29/Aug/2022:09:13:16 +0800] "GET /xingrg/check_reg.html?_=1661735463880 HTTP/1.1" 200 22
116.225.121.189 - - [29/Aug/2022:09:13:17 +0800] "GET /xingrg/javascript/jquery_easy_ui/themes/default/images/tabs_leftarrow.png HTTP/1.1" 304 -
116.225.121.189 - - [29/Aug/2022:09:13:17 +0800] "GET /xingrg/javascript/jquery_easy_ui/themes/default/images/tabs_rightarrow.png HTTP/1.1" 304 -
116.225.121.189 - - [29/Aug/2022:09:13:17 +0800] "GET /xingrg/javascript/jquery_easy_ui/themes/default/images/panel_tool_collapse.gif HTTP/1.1" 304 -
116.225.121.189 - - [29/Aug/2022:09:13:17 +0800] "GET /xingrg/javascript/jquery_easy_ui/themes/default/images/tree_arrows.gif HTTP/1.1" 304 -
116.225.121.189 - - [29/Aug/2022:09:13:17 +0800] "GET /xingrg/javascript/jquery_easy_ui/themes/default/images/tree_folder_open.gif HTTP/1.1" 304 -
116.225.121.189 - - [29/Aug/2022:09:13:17 +0800] "GET /xingrg/javascript/jquery_easy_ui/themes/icons/search_new.png HTTP/1.1" 304 -
116.225.121.189 - - [29/Aug/2022:09:13:17 +0800] "GET /xingrg/javascript/jquery_easy_ui/themes/default/images/tree_folder.gif HTTP/1.1" 304 -
116.225.121.189 - - [29/Aug/2022:09:13:17 +0800] "GET /xingrg/javascript/jquery_easy_ui/themes/icons/storage_new.png HTTP/1.1" 304 -
116.225.121.189 - - [29/Aug/2022:09:13:17 +0800] "GET /xingrg/javascript/jquery_easy_ui/themes/icons/forms_new.png HTTP/1.1" 304 -
116.225.121.189 - - [29/Aug/2022:09:13:17 +0800] "GET /xingrg/javascript/jquery_easy_ui/themes/default/images/tree_file.gif HTTP/1.1" 304 -
116.225.121.189 - - [29/Aug/2022:09:13:17 +0800] "GET /xingrg/kc/buy/cgsh_order_operate.html?command=get_materiel&rest_code=00105&code=00101008126&supplier_code=00100203&order_time=2022-08-29 HTTP/1.1" 200 412
116.224.255.128 - - [29/Aug/2022:09:13:18 +0800] "GET /xingrg/kc/buy/cgsh_order_operate.html?command=get_materiel&rest_code=00150&code=00101008679&supplier_code=00100008&order_time=2022-08-29 HTTP/1.1" 200 399
116.225.121.189 - - [29/Aug/2022:09:13:19 +0800] "GET /xingrg/javascript/jquery_easy_ui/themes/default/images/tabs_close.gif HTTP/1.1" 304 -
116.225.121.189 - - [29/Aug/2022:09:13:19 +0800] "GET /xingrg/kc/buy/buy_main.html HTTP/1.1" 200 12412
116.225.121.189 - - [29/Aug/2022:09:13:19 +0800] "GET /xingrg/css/blue.css HTTP/1.1" 304 -
116.225.121.189 - - [29/Aug/2022:09:13:19 +0800] "GET /xingrg/css/new_ie.css HTTP/1.1" 404 1036
116.225.121.189 - - [29/Aug/2022:09:13:19 +0800] "GET /xingrg/javascript/jquery_ui/themes/humanity/humanity.css HTTP/1.1" 304 -
116.225.121.189 - - [29/Aug/2022:09:13:19 +0800] "GET /xingrg/javascript/pic_change.js HTTP/1.1" 304 -
116.225.121.189 - - [29/Aug/2022:09:13:19 +0800] "GET /xingrg/javascript/ToolTips.js HTTP/1.1" 304 -
116.225.121.189 - - [29/Aug/2022:09:13:19 +0800] "GET /xingrg/javascript/myfunction.js HTTP/1.1" 304 -
116.225.121.189 - - [29/Aug/2022:09:13:19 +0800] "GET /xingrg/javascript/jquery_ui/jquery-ui.min.js HTTP/1.1" 304 -
116.225.121.189 - - [29/Aug/2022:09:13:19 +0800] "GET /xingrg/images/blue/button/cgydd.gif HTTP/1.1" 304 -
116.225.121.189 - - [29/Aug/2022:09:13:19 +0800] "GET /xingrg/images/blue/button/cgxqd.gif HTTP/1.1" 304 -
116.225.121.189 - - [29/Aug/2022:09:13:19 +0800] "GET /xingrg/images/blue/button/cgshd.gif HTTP/1.1" 304 -
116.225.121.189 - - [29/Aug/2022:09:13:19 +0800] "GET /xingrg/images/blue/button/cgfkd.gif HTTP/1.1" 304 -
116.225.121.189 - - [29/Aug/2022:09:13:19 +0800] "GET /xingrg/images/blue/button/kc.gif HTTP/1.1" 304 -
116.225.121.189 - - [29/Aug/2022:09:13:19 +0800] "GET /xingrg/images/blue/button/ckthd.gif HTTP/1.1" 304 -
116.225.121.189 - - [29/Aug/2022:09:13:19 +0800] "GET /xingrg/images/blue/pic_form2.gif HTTP/1.1" 304 -
116.225.121.189 - - [29/Aug/2022:09:13:20 +0800] "GET /xingrg/javascript/jquery_ui/themes/humanity/images/ui-bg_inset-soft_100_f4f0ec_1x100.png HTTP/1.1" 304 -
116.225.121.189 - - [29/Aug/2022:09:13:20 +0800] "GET /xingrg/images/blue/bg_dotted.jpg HTTP/1.1" 304 -
116.225.121.189 - - [29/Aug/2022:09:13:20 +0800] "GET /xingrg/images/blue/button/right_ah.jpg HTTP/1.1" 304 -
116.225.121.189 - - [29/Aug/2022:09:13:20 +0800] "GET /xingrg/images/blue/button/down_ah.jpg HTTP/1.1" 304 -
222.69.129.110 - - [29/Aug/2022:09:13:20 +0800] "GET /xingrg/javascript/auto/indicator.gif HTTP/1.1" 404 1066
116.225.121.189 - - [29/Aug/2022:09:13:20 +0800] "GET /xingrg/javascript/jquery_ui/themes/humanity/images/ui-iconsnew.jpg HTTP/1.1" 304 -
116.225.121.189 - - [29/Aug/2022:09:13:20 +0800] "GET /xingrg/javascript/jquery_ui/themes/humanity/images/ui-icons_ffffff_256x240.png HTTP/1.1" 304 -
116.225.121.189 - - [29/Aug/2022:09:13:20 +0800] "GET /xingrg/javascript/jquery_ui/themes/humanity/images/ui-icons_c47a23_256x240.png HTTP/1.1" 304 -
116.225.121.189 - - [29/Aug/2022:09:13:20 +0800] "GET /xingrg/javascript/jquery_ui/themes/humanity/images/ui-bg_glass_70_ede4d4_1x400.png HTTP/1.1" 304 -
116.225.121.189 - - [29/Aug/2022:09:13:20 +0800] "GET /xingrg/images/yd/bt.gif HTTP/1.1" 404 1040
120.253.135.82 - - [29/Aug/2022:09:13:20 +0800] "GET /xingrg/kc/buy/cgsh_order_info.html?code=212022082910068 HTTP/1.1" 200 62522
120.253.135.82 - - [29/Aug/2022:09:13:21 +0800] "GET /xingrg/javascript/easyui/themes/default/validatebox.css HTTP/1.1" 404 1104
120.253.135.82 - - [29/Aug/2022:09:13:21 +0800] "GET /xingrg/all/function/internal_message.html?_=1661735403906&CODE_STATE=getMsg HTTP/1.1" 200 27
116.225.121.189 - - [29/Aug/2022:09:13:21 +0800] "GET /xingrg/kc/buy/cgsh_order_list.html HTTP/1.1" 200 52731
116.225.121.189 - - [29/Aug/2022:09:13:21 +0800] "GET /xingrg/css/base.css HTTP/1.1" 304 -
116.225.121.189 - - [29/Aug/2022:09:13:21 +0800] "GET /xingrg/css/site.css HTTP/1.1" 304 -
116.225.121.189 - - [29/Aug/2022:09:13:21 +0800] "GET /xingrg/javascript/jquery_tools/datebox.css HTTP/1.1" 304 -
116.225.121.189 - - [29/Aug/2022:09:13:21 +0800] "GET /xingrg/javascript/easyui/themes/default/easyui.css HTTP/1.1" 304 -
116.225.121.189 - - [29/Aug/2022:09:13:21 +0800] "GET /xingrg/javascript/easyui/themes/icon.css HTTP/1.1" 304 -
116.225.121.189 - - [29/Aug/2022:09:13:21 +0800] "GET /xingrg/javascript/auto/jquery.autocomplete.css HTTP/1.1" 304 -
116.225.121.189 - - [29/Aug/2022:09:13:21 +0800] "GET /xingrg/javascript/jquery_tools/fix.css HTTP/1.1" 304 -
116.225.121.189 - - [29/Aug/2022:09:13:21 +0800] "GET /xingrg/javascript/jquery_tools/table.css HTTP/1.1" 304 -
116.225.121.189 - - [29/Aug/2022:09:13:21 +0800] "GET /xingrg/javascript/jquery_tools/jquery.tools.extend.js HTTP/1.1" 304 -
116.225.121.189 - - [29/Aug/2022:09:13:21 +0800] "GET /xingrg/javascript/jquery_tools/jquery.tools.min.js HTTP/1.1" 304 -
120.253.135.82 - - [29/Aug/2022:09:13:21 +0800] "POST /xingrg/kc/buy/cgsh_order_operate.html HTTP/1.1" 200 617
116.225.121.189 - - [29/Aug/2022:09:13:21 +0800] "GET /xingrg/javascript/jquery_tools/jquery.tools.hotkey.js HTTP/1.1" 304 -
116.225.121.189 - - [29/Aug/2022:09:13:21 +0800] "GET /xingrg/javascript/jquery_tools/jquery.tools.table.js HTTP/1.1" 304 -
116.225.121.189 - - [29/Aug/2022:09:13:21 +0800] "GET /xingrg/javascript/jquery_tools/list_manager.js HTTP/1.1" 304 -
116.225.121.189 - - [29/Aug/2022:09:13:21 +0800] "GET /xingrg/javascript/auto/jquery.autocomplete.js HTTP/1.1" 304 -
116.225.121.189 - - [29/Aug/2022:09:13:21 +0800] "GET /xingrg/javascript/easyui/easyloader.js HTTP/1.1" 304 -
116.225.121.189 - - [29/Aug/2022:09:13:21 +0800] "GET /xingrg/javascript/jquery.cookie.js HTTP/1.1" 304 -
116.225.121.189 - - [29/Aug/2022:09:13:21 +0800] "GET /xingrg/javascript/print/LodopFuncs.js HTTP/1.1" 304 -
124.78.153.134 - - [29/Aug/2022:09:13:22 +0800] "POST /xingrg/kc/buy/cgsh_order_operate.html HTTP/1.1" 200 2065
116.225.121.189 - - [29/Aug/2022:09:13:22 +0800] "GET /xingrg/javascript/easyui/themes/icons/import_new.png HTTP/1.1" 304 -
116.225.121.189 - - [29/Aug/2022:09:13:22 +0800] "GET /xingrg/javascript/easyui/themes/icons/check_new.png HTTP/1.1" 304 -
116.225.121.189 - - [29/Aug/2022:09:13:22 +0800] "GET /xingrg/javascript/easyui/themes/icons/field_new.png HTTP/1.1" 304 -
116.225.121.189 - - [29/Aug/2022:09:13:22 +0800] "GET /xingrg/javascript/easyui/themes/icons/cance_new.png HTTP/1.1" 304 -
116.225.121.189 - - [29/Aug/2022:09:13:22 +0800] "GET /xingrg/javascript/easyui/themes/icons/edit_add_new.png HTTP/1.1" 304 -
116.225.121.189 - - [29/Aug/2022:09:13:22 +0800] "GET /xingrg/javascript/easyui/plugins/jquery.parser.js HTTP/1.1" 304 -
116.225.121.189 - - [29/Aug/2022:09:13:22 +0800] "GET /xingrg/images/control/ajaxLoader.gif HTTP/1.1" 304 -
116.225.121.189 - - [29/Aug/2022:09:13:23 +0800] "GET /xingrg/all/function/internal_message.html?_=1661735604957&CODE_STATE=getMsg HTTP/1.1" 200 27
116.225.121.189 - - [29/Aug/2022:09:13:23 +0800] "GET /xingrg/check_reg.html?_=1661735604990 HTTP/1.1" 200 22
