116.225.121.189 - - [29/Aug/2022:11:56:23 +0800] "GET /xingrg/all/function/internal_message.html?_=1661745385102&CODE_STATE=getMsg HTTP/1.1" 200 27
116.225.121.189 - - [29/Aug/2022:11:56:24 +0800] "GET /xingrg/kc/buy/cgsh_order_operate.html?command=get_materiel&rest_code=00105&code=00101001125&supplier_code=00100090&order_time=2022-08-29 HTTP/1.1" 200 416
114.84.5.35 - - [29/Aug/2022:11:56:26 +0800] "GET /xingrg/all/function/internal_message.html?_=1661745386359&CODE_STATE=getMsg HTTP/1.1" 200 27
116.232.194.65 - - [29/Aug/2022:11:56:28 +0800] "GET /xingrg/all/function/internal_message.html?_=1661745348768&CODE_STATE=getMsg HTTP/1.1" 200 27
180.169.147.146 - - [29/Aug/2022:11:56:32 +0800] "GET /xingrg/all/function/internal_message.html?_=1661745392899&CODE_STATE=getMsg HTTP/1.1" 200 27
116.224.123.211 - - [29/Aug/2022:11:56:34 +0800] "GET /xingrg/kc/base/wldb_order_operate.html?command=get_materiel&rest_code=00102&base_code=0010476&code=00101019543 HTTP/1.1" 200 469
124.78.153.134 - - [29/Aug/2022:11:56:36 +0800] "GET /xingrg/all/function/internal_message.html?_=1661745403980&CODE_STATE=getMsg HTTP/1.1" 200 27
124.78.153.134 - - [29/Aug/2022:11:56:37 +0800] "GET /xingrg/check_reg.html?_=1661745404609 HTTP/1.1" 200 22
124.78.153.134 - - [29/Aug/2022:11:56:37 +0800] "GET /xingrg/all/function/internal_message.html?_=1661745396220&CODE_STATE=getMsg HTTP/1.1" 200 27
116.224.123.211 - - [29/Aug/2022:11:56:39 +0800] "GET /xingrg/kc/base/wldb_order_operate.html?command=get_materiel&rest_code=00102&base_code=0010476&code=00101019527 HTTP/1.1" 200 472
116.225.121.189 - - [29/Aug/2022:11:56:41 +0800] "GET /xingrg/kc/buy/cgsh_order_operate.html?command=get_materiel&rest_code=00105&code=00101001140&supplier_code=00100090&order_time=2022-08-29 HTTP/1.1" 200 416
101.80.228.36 - - [29/Aug/2022:11:56:41 +0800] "GET /xingrg/all/function/internal_message.html?_=1661745401766&CODE_STATE=getMsg HTTP/1.1" 200 27
114.88.158.224 - - [29/Aug/2022:11:56:41 +0800] "GET /xingrg/all/function/internal_message.html?_=1661745072042&CODE_STATE=getMsg HTTP/1.1" 200 27
116.224.123.211 - - [29/Aug/2022:11:56:45 +0800] "GET /xingrg/kc/base/wldb_order_operate.html?command=get_materiel&rest_code=00102&base_code=0010476&code=00101019270 HTTP/1.1" 200 478
114.84.82.165 - - [29/Aug/2022:11:56:46 +0800] "GET /xingrg/all/function/internal_message.html?_=1661745406868&CODE_STATE=getMsg HTTP/1.1" 200 27
116.224.255.128 - - [29/Aug/2022:11:56:47 +0800] "GET /xingrg/check_reg.html?_=1661745328427 HTTP/1.1" 200 22
116.224.255.128 - - [29/Aug/2022:11:56:49 +0800] "GET /xingrg/all/function/internal_message.html?_=1661745330682&CODE_STATE=getMsg HTTP/1.1" 200 27
116.224.123.211 - - [29/Aug/2022:11:56:51 +0800] "GET /xingrg/kc/base/wldb_order_operate.html?command=get_materiel&rest_code=00102&base_code=0010476&code=00101019135 HTTP/1.1" 200 472
180.169.147.146 - - [29/Aug/2022:11:56:54 +0800] "GET /xingrg/all/function/internal_message.html?_=1661745414166&CODE_STATE=getMsg HTTP/1.1" 200 27
116.225.121.189 - - [29/Aug/2022:11:56:56 +0800] "POST /xingrg/kc/buy/cgsh_order_operate.html HTTP/1.1" 200 37
116.235.94.65 - - [29/Aug/2022:11:56:56 +0800] "GET /xingrg/all/function/internal_message.html?_=1661745608072&CODE_STATE=getMsg HTTP/1.1" 200 27
222.69.129.110 - - [29/Aug/2022:11:56:57 +0800] "GET /xingrg/all/function/internal_message.html?_=1661745492334&CODE_STATE=getMsg HTTP/1.1" 200 27
180.169.147.146 - - [29/Aug/2022:11:56:59 +0800] "GET /xingrg/check_reg.html?_=1661745418956 HTTP/1.1" 200 22
116.225.121.189 - - [29/Aug/2022:11:57:02 +0800] "POST /xingrg/kc/buy/cgsh_order_operate.html HTTP/1.1" 200 3263
180.162.112.166 - - [29/Aug/2022:11:57:02 +0800] "GET /xingrg/all/function/internal_message.html?_=1661744574719&CODE_STATE=getMsg HTTP/1.1" 200 27
180.162.112.166 - - [29/Aug/2022:11:57:02 +0800] "GET /xingrg/check_reg.html?_=1661744574722 HTTP/1.1" 200 22
114.83.219.200 - - [29/Aug/2022:11:57:04 +0800] "GET /xingrg/all/function/internal_message.html?_=1661745422946&CODE_STATE=getMsg HTTP/1.1" 200 27
116.224.123.211 - - [29/Aug/2022:11:57:05 +0800] "GET /xingrg/kc/base/wldb_order_operate.html?command=get_materiel&rest_code=00102&base_code=0010476&code=00101019238 HTTP/1.1" 200 467
116.224.123.211 - - [29/Aug/2022:11:57:06 +0800] "POST /xingrg/kc/base/wldb_order_operate.html HTTP/1.1" 200 1710
58.39.35.118 - - [29/Aug/2022:11:57:10 +0800] "GET /xingrg/all/function/internal_message.html?_=1661745430437&CODE_STATE=getMsg HTTP/1.1" 200 27
116.224.123.211 - - [29/Aug/2022:11:57:10 +0800] "GET /xingrg/kc/base/wldb_order_operate.html?command=get_materiel&rest_code=00102&base_code=0010476&code=00101019390 HTTP/1.1" 200 470
180.169.147.146 - - [29/Aug/2022:11:57:11 +0800] "GET /xingrg/all/function/internal_message.html?_=1661745431942&CODE_STATE=getMsg HTTP/1.1" 200 27
116.224.123.211 - - [29/Aug/2022:11:57:14 +0800] "GET /xingrg/all/function/internal_message.html?_=1661745434480&CODE_STATE=getMsg HTTP/1.1" 200 27
116.224.123.211 - - [29/Aug/2022:11:57:14 +0800] "GET /xingrg/check_reg.html?_=1661745434480 HTTP/1.1" 200 22
116.224.255.128 - - [29/Aug/2022:11:57:14 +0800] "GET /xingrg/all/function/internal_message.html?_=1661745433237&CODE_STATE=getMsg HTTP/1.1" 200 27
116.225.121.189 - - [29/Aug/2022:11:57:17 +0800] "GET /xingrg/all/function/internal_message.html?_=1661745304132&CODE_STATE=getMsg HTTP/1.1" 200 27
180.169.147.146 - - [29/Aug/2022:11:57:17 +0800] "GET /xingrg/all/function/internal_message.html?_=1661745437517&CODE_STATE=getMsg HTTP/1.1" 200 27
116.225.121.189 - - [29/Aug/2022:11:57:21 +0800] "GET /xingrg/kc/print/load_data.html?order_code=212022082910173&kc_code=cgsh&condition= HTTP/1.1" 200 971
116.225.121.189 - - [29/Aug/2022:11:57:23 +0800] "GET /xingrg/all/function/internal_message.html?_=1661745445095&CODE_STATE=getMsg HTTP/1.1" 200 27
116.225.121.189 - - [29/Aug/2022:11:57:26 +0800] "GET /xingrg/kc/buy/cgsh_order_add.html HTTP/1.1" 200 68595
116.225.121.189 - - [29/Aug/2022:11:57:26 +0800] "GET /xingrg/javascript/easyui/themes/default/validatebox.css HTTP/1.1" 404 1104
116.225.121.189 - - [29/Aug/2022:11:57:26 +0800] "POST /xingrg/kc/buy/cgsh_order_operate.html HTTP/1.1" 200 8245
114.84.5.35 - - [29/Aug/2022:11:57:26 +0800] "GET /xingrg/all/function/internal_message.html?_=1661745446359&CODE_STATE=getMsg HTTP/1.1" 200 27
116.232.194.65 - - [29/Aug/2022:11:57:28 +0800] "GET /xingrg/all/function/internal_message.html?_=1661745408762&CODE_STATE=getMsg HTTP/1.1" 200 27
180.169.147.146 - - [29/Aug/2022:11:57:32 +0800] "GET /xingrg/all/function/internal_message.html?_=1661745452899&CODE_STATE=getMsg HTTP/1.1" 200 27
124.78.153.134 - - [29/Aug/2022:11:57:36 +0800] "GET /xingrg/all/function/internal_message.html?_=1661745463955&CODE_STATE=getMsg HTTP/1.1" 200 27
116.225.121.189 - - [29/Aug/2022:11:57:37 +0800] "GET /xingrg/kc/buy/cgsh_order_operate.html?command=get_materiel&rest_code=00105&code=00101001045&supplier_code=00100439&order_time=2022-08-29 HTTP/1.1" 200 423
124.78.153.134 - - [29/Aug/2022:11:57:37 +0800] "GET /xingrg/all/function/internal_message.html?_=1661745456211&CODE_STATE=getMsg HTTP/1.1" 200 27
101.80.228.36 - - [29/Aug/2022:11:57:41 +0800] "GET /xingrg/all/function/internal_message.html?_=1661745461752&CODE_STATE=getMsg HTTP/1.1" 200 27
114.88.158.224 - - [29/Aug/2022:11:57:41 +0800] "GET /xingrg/all/function/internal_message.html?_=1661745132047&CODE_STATE=getMsg HTTP/1.1" 200 27
114.84.82.165 - - [29/Aug/2022:11:57:46 +0800] "GET /xingrg/all/function/internal_message.html?_=1661745466867&CODE_STATE=getMsg HTTP/1.1" 200 27
114.84.82.165 - - [29/Aug/2022:11:57:46 +0800] "GET /xingrg/check_reg.html?_=1661745466870 HTTP/1.1" 200 22
116.224.255.128 - - [29/Aug/2022:11:57:49 +0800] "GET /xingrg/all/function/internal_message.html?_=1661745390696&CODE_STATE=getMsg HTTP/1.1" 200 27
116.225.121.189 - - [29/Aug/2022:11:57:51 +0800] "POST /xingrg/kc/buy/cgsh_order_operate.html HTTP/1.1" 200 37
180.169.147.146 - - [29/Aug/2022:11:57:54 +0800] "GET /xingrg/all/function/internal_message.html?_=1661745474150&CODE_STATE=getMsg HTTP/1.1" 200 27
116.235.94.65 - - [29/Aug/2022:11:57:56 +0800] "GET /xingrg/all/function/internal_message.html?_=1661745668071&CODE_STATE=getMsg HTTP/1.1" 200 27
116.225.121.189 - - [29/Aug/2022:11:57:57 +0800] "POST /xingrg/kc/buy/cgsh_order_operate.html HTTP/1.1" 200 2670
222.69.129.110 - - [29/Aug/2022:11:57:57 +0800] "GET /xingrg/all/function/internal_message.html?_=1661745552309&CODE_STATE=getMsg HTTP/1.1" 200 27
116.225.121.189 - - [29/Aug/2022:11:57:58 +0800] "GET /xingrg/kc/print/load_data.html?order_code=212022082910174&kc_code=cgsh&condition= HTTP/1.1" 200 687
180.162.112.166 - - [29/Aug/2022:11:58:02 +0800] "GET /xingrg/all/function/internal_message.html?_=1661744634703&CODE_STATE=getMsg HTTP/1.1" 200 27
116.225.121.189 - - [29/Aug/2022:11:58:02 +0800] "GET /xingrg/kc/buy/cgsh_order_add.html HTTP/1.1" 200 68595
116.225.121.189 - - [29/Aug/2022:11:58:03 +0800] "POST /xingrg/kc/buy/cgsh_order_operate.html HTTP/1.1" 200 8245
116.225.121.189 - - [29/Aug/2022:11:58:03 +0800] "GET /xingrg/javascript/easyui/themes/default/validatebox.css HTTP/1.1" 404 1104
114.83.219.200 - - [29/Aug/2022:11:58:04 +0800] "GET /xingrg/all/function/internal_message.html?_=1661745482930&CODE_STATE=getMsg HTTP/1.1" 200 27
114.83.219.200 - - [29/Aug/2022:11:58:06 +0800] "GET /xingrg/check_reg.html?_=1661745485193 HTTP/1.1" 200 22
58.39.35.118 - - [29/Aug/2022:11:58:10 +0800] "GET /xingrg/all/function/internal_message.html?_=1661745490436&CODE_STATE=getMsg HTTP/1.1" 200 27
180.169.147.146 - - [29/Aug/2022:11:58:11 +0800] "GET /xingrg/all/function/internal_message.html?_=1661745491924&CODE_STATE=getMsg HTTP/1.1" 200 27
114.84.5.35 - - [29/Aug/2022:11:58:13 +0800] "POST /xingrg/services/DataTransmitService HTTP/1.1" 200 524
116.224.123.211 - - [29/Aug/2022:11:58:14 +0800] "GET /xingrg/all/function/internal_message.html?_=1661745494496&CODE_STATE=getMsg HTTP/1.1" 200 27
101.89.239.245 - - [29/Aug/2022:11:58:14 +0800] "GET /xingrg/kc/base/wldb_order_operate.html?command=get_materiel&rest_code=00106&base_code=0010397&code=00102004006 HTTP/1.1" 302 -
116.225.121.189 - - [29/Aug/2022:11:58:14 +0800] "GET /xingrg/kc/buy/cgsh_order_operate.html?command=get_materiel&rest_code=00105&code=00101020281&supplier_code=00100322&order_time=2022-08-29 HTTP/1.1" 200 442
116.224.255.128 - - [29/Aug/2022:11:58:14 +0800] "GET /xingrg/all/function/internal_message.html?_=1661745493237&CODE_STATE=getMsg HTTP/1.1" 200 27
101.89.239.245 - - [29/Aug/2022:11:58:14 +0800] "GET /xingrg/login.html HTTP/1.1" 200 7641
116.225.121.189 - - [29/Aug/2022:11:58:17 +0800] "GET /xingrg/check_reg.html?_=1661745364132 HTTP/1.1" 200 22
116.225.121.189 - - [29/Aug/2022:11:58:17 +0800] "GET /xingrg/all/function/internal_message.html?_=1661745364135&CODE_STATE=getMsg HTTP/1.1" 200 27
180.169.147.146 - - [29/Aug/2022:11:58:17 +0800] "GET /xingrg/all/function/internal_message.html?_=1661745497518&CODE_STATE=getMsg HTTP/1.1" 200 27
116.225.121.189 - - [29/Aug/2022:11:58:22 +0800] "POST /xingrg/kc/buy/cgsh_order_operate.html HTTP/1.1" 200 37
116.224.123.211 - - [29/Aug/2022:11:58:23 +0800] "GET /xingrg/check_reg.html?_=1661745509122 HTTP/1.1" 302 -
101.89.239.245 - - [29/Aug/2022:11:58:25 +0800] "GET /xingrg/kc/base/wldb_order_operate.html?command=get_materiel&rest_code=00106&base_code=0010397&code=00102002347 HTTP/1.1" 302 -
101.89.239.245 - - [29/Aug/2022:11:58:25 +0800] "GET /xingrg/login.html HTTP/1.1" 200 7641
114.84.5.35 - - [29/Aug/2022:11:58:26 +0800] "GET /xingrg/all/function/internal_message.html?_=1661745506359&CODE_STATE=getMsg HTTP/1.1" 200 27
116.225.121.189 - - [29/Aug/2022:11:58:28 +0800] "POST /xingrg/kc/buy/cgsh_order_operate.html HTTP/1.1" 200 2682
116.232.194.65 - - [29/Aug/2022:11:58:28 +0800] "GET /xingrg/all/function/internal_message.html?_=1661745468769&CODE_STATE=getMsg HTTP/1.1" 200 27
116.225.121.189 - - [29/Aug/2022:11:58:30 +0800] "GET /xingrg/kc/print/load_data.html?order_code=212022082910175&kc_code=cgsh&condition= HTTP/1.1" 200 686
180.169.147.146 - - [29/Aug/2022:11:58:32 +0800] "GET /xingrg/all/function/internal_message.html?_=1661745512899&CODE_STATE=getMsg HTTP/1.1" 200 27
116.225.121.189 - - [29/Aug/2022:11:58:35 +0800] "GET /xingrg/kc/buy/cgsh_order_add.html HTTP/1.1" 200 68595
116.225.121.189 - - [29/Aug/2022:11:58:35 +0800] "POST /xingrg/kc/buy/cgsh_order_operate.html HTTP/1.1" 200 8245
116.225.121.189 - - [29/Aug/2022:11:58:35 +0800] "GET /xingrg/javascript/easyui/themes/default/validatebox.css HTTP/1.1" 404 1104
124.78.153.134 - - [29/Aug/2022:11:58:36 +0800] "GET /xingrg/all/function/internal_message.html?_=1661745523925&CODE_STATE=getMsg HTTP/1.1" 200 27
124.78.153.134 - - [29/Aug/2022:11:58:37 +0800] "GET /xingrg/check_reg.html?_=1661745516213 HTTP/1.1" 200 22
124.78.153.134 - - [29/Aug/2022:11:58:37 +0800] "GET /xingrg/all/function/internal_message.html?_=1661745516211&CODE_STATE=getMsg HTTP/1.1" 200 27
116.224.123.211 - - [29/Aug/2022:11:58:40 +0800] "GET /xingrg/kc/base/wldb_order_operate.html?command=get_materiel&rest_code=00102&base_code=0010476&code=00101019018 HTTP/1.1" 200 465
101.80.228.36 - - [29/Aug/2022:11:58:41 +0800] "GET /xingrg/all/function/internal_message.html?_=1661745521737&CODE_STATE=getMsg HTTP/1.1" 200 27
114.88.158.224 - - [29/Aug/2022:11:58:41 +0800] "GET /xingrg/all/function/internal_message.html?_=1661745192016&CODE_STATE=getMsg HTTP/1.1" 200 27
114.84.5.35 - - [29/Aug/2022:11:58:43 +0800] "POST /xingrg/services/DataTransmitService HTTP/1.1" 200 501
114.84.82.165 - - [29/Aug/2022:11:58:46 +0800] "GET /xingrg/all/function/internal_message.html?_=1661745526869&CODE_STATE=getMsg HTTP/1.1" 200 27
116.225.121.189 - - [29/Aug/2022:11:58:47 +0800] "GET /xingrg/kc/buy/cgsh_order_operate.html?command=get_materiel&rest_code=00105&code=00101007032&supplier_code=00100328&order_time=2022-08-29 HTTP/1.1" 200 413
116.224.123.211 - - [29/Aug/2022:11:58:49 +0800] "GET /xingrg/kc/base/wldb_order_operate.html?command=get_materiel&rest_code=00102&base_code=0010476&code=00101019108 HTTP/1.1" 200 476
116.224.255.128 - - [29/Aug/2022:11:58:49 +0800] "GET /xingrg/all/function/internal_message.html?_=1661745450710&CODE_STATE=getMsg HTTP/1.1" 200 27
180.169.147.146 - - [29/Aug/2022:11:58:54 +0800] "GET /xingrg/all/function/internal_message.html?_=1661745534134&CODE_STATE=getMsg HTTP/1.1" 200 27
116.225.121.189 - - [29/Aug/2022:11:58:55 +0800] "POST /xingrg/kc/buy/cgsh_order_operate.html HTTP/1.1" 200 37
116.235.94.65 - - [29/Aug/2022:11:58:56 +0800] "GET /xingrg/all/function/internal_message.html?_=1661745728069&CODE_STATE=getMsg HTTP/1.1" 200 27
222.69.129.110 - - [29/Aug/2022:11:58:57 +0800] "GET /xingrg/all/function/internal_message.html?_=1661745612297&CODE_STATE=getMsg HTTP/1.1" 200 27
222.69.129.110 - - [29/Aug/2022:11:58:57 +0800] "GET /xingrg/check_reg.html?_=1661745612550 HTTP/1.1" 200 22
116.225.121.189 - - [29/Aug/2022:11:59:00 +0800] "POST /xingrg/kc/buy/cgsh_order_operate.html HTTP/1.1" 200 2658
180.162.112.166 - - [29/Aug/2022:11:59:02 +0800] "GET /xingrg/all/function/internal_message.html?_=1661744694704&CODE_STATE=getMsg HTTP/1.1" 200 27
116.225.121.189 - - [29/Aug/2022:11:59:02 +0800] "GET /xingrg/kc/print/load_data.html?order_code=212022082910176&kc_code=cgsh&condition= HTTP/1.1" 200 671
114.83.219.200 - - [29/Aug/2022:11:59:04 +0800] "GET /xingrg/all/function/internal_message.html?_=1661745542915&CODE_STATE=getMsg HTTP/1.1" 200 27
116.225.121.189 - - [29/Aug/2022:11:59:06 +0800] "GET /xingrg/kc/buy/cgsh_order_add.html HTTP/1.1" 200 68595
116.225.121.189 - - [29/Aug/2022:11:59:06 +0800] "POST /xingrg/kc/buy/cgsh_order_operate.html HTTP/1.1" 200 8245
116.225.121.189 - - [29/Aug/2022:11:59:06 +0800] "GET /xingrg/javascript/easyui/themes/default/validatebox.css HTTP/1.1" 404 1104
58.39.35.118 - - [29/Aug/2022:11:59:10 +0800] "GET /xingrg/all/function/internal_message.html?_=1661745550448&CODE_STATE=getMsg HTTP/1.1" 200 27
180.169.147.146 - - [29/Aug/2022:11:59:11 +0800] "GET /xingrg/all/function/internal_message.html?_=1661745551947&CODE_STATE=getMsg HTTP/1.1" 200 27
116.224.123.211 - - [29/Aug/2022:11:59:14 +0800] "GET /xingrg/all/function/internal_message.html?_=1661745554484&CODE_STATE=getMsg HTTP/1.1" 200 27
116.224.255.128 - - [29/Aug/2022:11:59:14 +0800] "GET /xingrg/all/function/internal_message.html?_=1661745553248&CODE_STATE=getMsg HTTP/1.1" 200 27
116.225.121.189 - - [29/Aug/2022:11:59:17 +0800] "GET /xingrg/kc/buy/cgsh_order_operate.html?command=get_materiel&rest_code=00105&code=00101010088&supplier_code=00100323&order_time=2022-08-29 HTTP/1.1" 200 418
116.225.121.189 - - [29/Aug/2022:11:59:17 +0800] "GET /xingrg/all/function/internal_message.html?_=1661745424125&CODE_STATE=getMsg HTTP/1.1" 200 27
180.169.147.146 - - [29/Aug/2022:11:59:17 +0800] "GET /xingrg/all/function/internal_message.html?_=1661745557510&CODE_STATE=getMsg HTTP/1.1" 200 27
116.225.121.189 - - [29/Aug/2022:11:59:23 +0800] "GET /xingrg/all/function/internal_message.html?_=1661745565110&CODE_STATE=getMsg HTTP/1.1" 200 27
114.84.5.35 - - [29/Aug/2022:11:59:26 +0800] "GET /xingrg/all/function/internal_message.html?_=1661745566360&CODE_STATE=getMsg HTTP/1.1" 200 27
116.232.194.65 - - [29/Aug/2022:11:59:28 +0800] "GET /xingrg/all/function/internal_message.html?_=1661745528770&CODE_STATE=getMsg HTTP/1.1" 200 27
180.169.147.146 - - [29/Aug/2022:11:59:32 +0800] "GET /xingrg/all/function/internal_message.html?_=1661745572926&CODE_STATE=getMsg HTTP/1.1" 200 27
116.225.121.189 - - [29/Aug/2022:11:59:34 +0800] "GET /xingrg/kc/buy/cgsh_order_operate.html?command=get_materiel&rest_code=00105&code=00101008214&supplier_code=00100323&order_time=2022-08-29 HTTP/1.1" 200 409
124.78.153.134 - - [29/Aug/2022:11:59:36 +0800] "GET /xingrg/all/function/internal_message.html?_=1661745583896&CODE_STATE=getMsg HTTP/1.1" 200 27
124.78.153.134 - - [29/Aug/2022:11:59:37 +0800] "GET /xingrg/all/function/internal_message.html?_=1661745576211&CODE_STATE=getMsg HTTP/1.1" 200 27
116.224.123.211 - - [29/Aug/2022:11:59:40 +0800] "GET /xingrg/system/info/materiel_import.html?isSelect=1&singleSelect=false HTTP/1.1" 200 5600
116.224.123.211 - - [29/Aug/2022:11:59:40 +0800] "GET /xingrg/css/xtree.css HTTP/1.1" 200 880
116.224.123.211 - - [29/Aug/2022:11:59:40 +0800] "GET /xingrg/javascript/jquery_ui/themes/base/base.css HTTP/1.1" 200 28568
116.224.123.211 - - [29/Aug/2022:11:59:40 +0800] "GET /xingrg/javascript/jquery_easy_ui/themes/icons/edit_add.png HTTP/1.1" 200 1088
116.224.123.211 - - [29/Aug/2022:11:59:40 +0800] "GET /favicon.ico HTTP/1.1" 404 -
116.224.123.211 - - [29/Aug/2022:11:59:40 +0800] "POST /xingrg/all/common/load_tree.html?tree=materiel_sort_tree_json HTTP/1.1" 200 9500
116.224.123.211 - - [29/Aug/2022:11:59:40 +0800] "GET /xingrg/javascript/jquery_easy_ui/themes/default/images/datagrid_header_bg.gif HTTP/1.1" 200 97
116.224.123.211 - - [29/Aug/2022:11:59:40 +0800] "GET /xingrg/javascript/jquery_easy_ui/themes/default/images/pagination_first.gif HTTP/1.1" 200 925
116.224.123.211 - - [29/Aug/2022:11:59:40 +0800] "GET /xingrg/javascript/jquery_easy_ui/themes/default/images/pagination_prev.gif HTTP/1.1" 200 879
116.224.123.211 - - [29/Aug/2022:11:59:40 +0800] "GET /xingrg/javascript/jquery_easy_ui/themes/default/images/pagination_last.gif HTTP/1.1" 200 923
116.224.123.211 - - [29/Aug/2022:11:59:40 +0800] "GET /xingrg/javascript/jquery_easy_ui/themes/default/images/pagination_next.gif HTTP/1.1" 200 875
116.224.123.211 - - [29/Aug/2022:11:59:40 +0800] "GET /xingrg/javascript/jquery_easy_ui/themes/default/images/pagination_load.png HTTP/1.1" 200 827
101.80.228.36 - - [29/Aug/2022:11:59:41 +0800] "GET /xingrg/all/function/internal_message.html?_=1661745581722&CODE_STATE=getMsg HTTP/1.1" 200 27
114.88.158.224 - - [29/Aug/2022:11:59:41 +0800] "GET /xingrg/all/function/internal_message.html?_=1661745251998&CODE_STATE=getMsg HTTP/1.1" 200 27
114.88.158.224 - - [29/Aug/2022:11:59:44 +0800] "GET /xingrg/check_reg.html?_=1661745254254 HTTP/1.1" 200 22
116.224.123.211 - - [29/Aug/2022:11:59:46 +0800] "GET /xingrg/system/info/materiel_import.html?isSelect=1&singleSelect=false HTTP/1.1" 200 5600
116.224.123.211 - - [29/Aug/2022:11:59:46 +0800] "GET /favicon.ico HTTP/1.1" 404 -
116.224.123.211 - - [29/Aug/2022:11:59:46 +0800] "POST /xingrg/all/common/load_tree.html?tree=materiel_sort_tree_json HTTP/1.1" 200 9500
114.84.82.165 - - [29/Aug/2022:11:59:46 +0800] "GET /xingrg/all/function/internal_message.html?_=1661745586869&CODE_STATE=getMsg HTTP/1.1" 200 27
116.225.121.189 - - [29/Aug/2022:11:59:47 +0800] "GET /xingrg/kc/buy/cgsh_order_operate.html?command=get_materiel&rest_code=00105&code=00101007122&supplier_code=00100323&order_time=2022-08-29 HTTP/1.1" 200 436
116.224.255.128 - - [29/Aug/2022:11:59:49 +0800] "GET /xingrg/all/function/internal_message.html?_=1661745510768&CODE_STATE=getMsg HTTP/1.1" 200 27
180.169.147.146 - - [29/Aug/2022:11:59:54 +0800] "GET /xingrg/all/function/internal_message.html?_=1661745594111&CODE_STATE=getMsg HTTP/1.1" 200 27
116.235.94.65 - - [29/Aug/2022:11:59:56 +0800] "GET /xingrg/all/function/internal_message.html?_=1661745788067&CODE_STATE=getMsg HTTP/1.1" 200 27
116.235.94.65 - - [29/Aug/2022:11:59:57 +0800] "GET /xingrg/check_reg.html?_=1661745789283 HTTP/1.1" 200 22
222.69.129.110 - - [29/Aug/2022:11:59:57 +0800] "GET /xingrg/all/function/internal_message.html?_=1661745672275&CODE_STATE=getMsg HTTP/1.1" 200 27
116.224.123.211 - - [29/Aug/2022:12:00:01 +0800] "GET /xingrg/kc/base/wldb_order_operate.html?command=get_materiel&rest_code=00102&base_code=0010476&code=00101019026 HTTP/1.1" 200 481
180.162.112.166 - - [29/Aug/2022:12:00:02 +0800] "GET /xingrg/all/function/internal_message.html?_=1661744754700&CODE_STATE=getMsg HTTP/1.1" 200 27
114.83.219.200 - - [29/Aug/2022:12:00:04 +0800] "GET /xingrg/all/function/internal_message.html?_=1661745602899&CODE_STATE=getMsg HTTP/1.1" 200 27
116.225.121.189 - - [29/Aug/2022:12:00:05 +0800] "GET /xingrg/kc/buy/cgsh_order_operate.html?command=get_materiel&rest_code=00105&code=00101010063&supplier_code=00100323&order_time=2022-08-29 HTTP/1.1" 200 409
58.39.35.118 - - [29/Aug/2022:12:00:10 +0800] "GET /xingrg/all/function/internal_message.html?_=1661745610440&CODE_STATE=getMsg HTTP/1.1" 200 27
180.169.147.146 - - [29/Aug/2022:12:00:11 +0800] "GET /xingrg/check_reg.html?_=1661745611924 HTTP/1.1" 200 22
180.169.147.146 - - [29/Aug/2022:12:00:11 +0800] "GET /xingrg/all/function/internal_message.html?_=1661745611933&CODE_STATE=getMsg HTTP/1.1" 200 27
116.224.123.211 - - [29/Aug/2022:12:00:13 +0800] "GET /xingrg/kc/base/wldb_order_operate.html?command=get_materiel&rest_code=00102&base_code=0010476&code=00101019253 HTTP/1.1" 200 481
116.224.123.211 - - [29/Aug/2022:12:00:14 +0800] "GET /xingrg/all/function/internal_message.html?_=1661745614514&CODE_STATE=getMsg HTTP/1.1" 200 27
116.224.123.211 - - [29/Aug/2022:12:00:14 +0800] "POST /xingrg/kc/base/wldb_order_operate.html HTTP/1.1" 200 1710
116.224.255.128 - - [29/Aug/2022:12:00:14 +0800] "GET /xingrg/all/function/internal_message.html?_=1661745613232&CODE_STATE=getMsg HTTP/1.1" 200 27
116.225.121.189 - - [29/Aug/2022:12:00:15 +0800] "POST /xingrg/kc/buy/cgsh_order_operate.html HTTP/1.1" 200 37
116.225.121.189 - - [29/Aug/2022:12:00:16 +0800] "POST /xingrg/kc/buy/cgsh_order_operate.html HTTP/1.1" 200 4452
116.225.121.189 - - [29/Aug/2022:12:00:17 +0800] "GET /xingrg/all/function/internal_message.html?_=1661745484126&CODE_STATE=getMsg HTTP/1.1" 200 27
180.169.147.146 - - [29/Aug/2022:12:00:17 +0800] "GET /xingrg/all/function/internal_message.html?_=1661745617514&CODE_STATE=getMsg HTTP/1.1" 200 27
116.225.121.189 - - [29/Aug/2022:12:00:18 +0800] "GET /xingrg/kc/print/load_data.html?order_code=212022082910177&kc_code=cgsh&condition= HTTP/1.1" 200 1371
116.224.123.211 - - [29/Aug/2022:12:00:21 +0800] "GET /xingrg/kc/base/wldb_order_operate.html?command=get_materiel&rest_code=00102&base_code=0010476&code=00101019247 HTTP/1.1" 200 455
116.225.121.189 - - [29/Aug/2022:12:00:21 +0800] "GET /xingrg/kc/buy/cgsh_order_add.html HTTP/1.1" 200 68595
116.225.121.189 - - [29/Aug/2022:12:00:22 +0800] "GET /xingrg/javascript/easyui/themes/default/validatebox.css HTTP/1.1" 404 1104
116.225.121.189 - - [29/Aug/2022:12:00:22 +0800] "POST /xingrg/kc/buy/cgsh_order_operate.html HTTP/1.1" 200 8245
116.225.121.189 - - [29/Aug/2022:12:00:23 +0800] "GET /xingrg/all/function/internal_message.html?_=1661745625086&CODE_STATE=getMsg HTTP/1.1" 200 27
116.224.123.211 - - [29/Aug/2022:12:00:25 +0800] "GET /xingrg/kc/base/wldb_order_operate.html?command=get_materiel&rest_code=00102&base_code=0010476&code=00101019297 HTTP/1.1" 200 478
114.84.5.35 - - [29/Aug/2022:12:00:26 +0800] "GET /xingrg/check_reg.html?_=1661745626360 HTTP/1.1" 200 22
114.84.5.35 - - [29/Aug/2022:12:00:26 +0800] "GET /xingrg/all/function/internal_message.html?_=1661745626363&CODE_STATE=getMsg HTTP/1.1" 200 27
116.232.194.65 - - [29/Aug/2022:12:00:28 +0800] "GET /xingrg/check_reg.html?_=1661745588771 HTTP/1.1" 200 22
116.232.194.65 - - [29/Aug/2022:12:00:28 +0800] "GET /xingrg/all/function/internal_message.html?_=1661745588775&CODE_STATE=getMsg HTTP/1.1" 200 27
180.169.147.146 - - [29/Aug/2022:12:00:32 +0800] "GET /xingrg/all/function/internal_message.html?_=1661745632926&CODE_STATE=getMsg HTTP/1.1" 200 27
180.169.147.146 - - [29/Aug/2022:12:00:32 +0800] "GET /xingrg/check_reg.html?_=1661745632928 HTTP/1.1" 200 22
116.225.121.189 - - [29/Aug/2022:12:00:34 +0800] "GET /xingrg/kc/buy/cgsh_order_operate.html?command=get_materiel&rest_code=00105&code=00101010691&supplier_code=00100327&order_time=2022-08-29 HTTP/1.1" 200 411
124.78.153.134 - - [29/Aug/2022:12:00:36 +0800] "GET /xingrg/all/function/internal_message.html?_=1661745643867&CODE_STATE=getMsg HTTP/1.1" 200 27
101.89.239.245 - - [29/Aug/2022:12:00:37 +0800] "GET /xingrg/all/function/internal_message.html?_=1661745576211&CODE_STATE=getMsg HTTP/1.1" 302 -
101.89.239.245 - - [29/Aug/2022:12:00:37 +0800] "GET /xingrg/login.html HTTP/1.1" 200 7641
124.78.153.134 - - [29/Aug/2022:12:00:37 +0800] "GET /xingrg/all/function/internal_message.html?_=1661745636212&CODE_STATE=getMsg HTTP/1.1" 200 27
101.80.228.36 - - [29/Aug/2022:12:00:41 +0800] "GET /xingrg/all/function/internal_message.html?_=1661745641708&CODE_STATE=getMsg HTTP/1.1" 200 27
114.88.158.224 - - [29/Aug/2022:12:00:41 +0800] "GET /xingrg/all/function/internal_message.html?_=1661745311970&CODE_STATE=getMsg HTTP/1.1" 200 27
101.80.228.36 - - [29/Aug/2022:12:00:42 +0800] "GET /xingrg/check_reg.html?_=1661745642818 HTTP/1.1" 200 22
116.225.121.189 - - [29/Aug/2022:12:00:43 +0800] "POST /xingrg/kc/buy/cgsh_order_operate.html HTTP/1.1" 200 37
116.225.121.189 - - [29/Aug/2022:12:00:44 +0800] "POST /xingrg/kc/buy/cgsh_order_operate.html HTTP/1.1" 200 2655
114.84.82.165 - - [29/Aug/2022:12:00:46 +0800] "GET /xingrg/all/function/internal_message.html?_=1661745646868&CODE_STATE=getMsg HTTP/1.1" 200 27
116.225.121.189 - - [29/Aug/2022:12:00:46 +0800] "GET /xingrg/kc/print/load_data.html?order_code=212022082910178&kc_code=cgsh&condition= HTTP/1.1" 200 665
116.224.255.128 - - [29/Aug/2022:12:00:49 +0800] "GET /xingrg/all/function/internal_message.html?_=1661745570769&CODE_STATE=getMsg HTTP/1.1" 200 27
180.169.147.146 - - [29/Aug/2022:12:00:54 +0800] "GET /xingrg/all/function/internal_message.html?_=1661745654095&CODE_STATE=getMsg HTTP/1.1" 200 27
116.235.94.65 - - [29/Aug/2022:12:00:56 +0800] "GET /xingrg/all/function/internal_message.html?_=1661745848078&CODE_STATE=getMsg HTTP/1.1" 200 27
222.69.129.110 - - [29/Aug/2022:12:00:57 +0800] "GET /xingrg/all/function/internal_message.html?_=1661745732250&CODE_STATE=getMsg HTTP/1.1" 200 27
116.225.121.189 - - [29/Aug/2022:12:00:58 +0800] "GET /xingrg/kc/buy/cgsh_order_add.html HTTP/1.1" 200 68595
116.225.121.189 - - [29/Aug/2022:12:00:58 +0800] "POST /xingrg/kc/buy/cgsh_order_operate.html HTTP/1.1" 200 8245
116.225.121.189 - - [29/Aug/2022:12:00:59 +0800] "GET /xingrg/javascript/easyui/themes/default/validatebox.css HTTP/1.1" 404 1104
180.162.112.166 - - [29/Aug/2022:12:01:02 +0800] "GET /xingrg/all/function/internal_message.html?_=1661744814704&CODE_STATE=getMsg HTTP/1.1" 200 27
114.83.219.200 - - [29/Aug/2022:12:01:04 +0800] "GET /xingrg/all/function/internal_message.html?_=1661745662898&CODE_STATE=getMsg HTTP/1.1" 200 27
58.39.35.118 - - [29/Aug/2022:12:01:10 +0800] "GET /xingrg/all/function/internal_message.html?_=1661745670453&CODE_STATE=getMsg HTTP/1.1" 200 27
116.225.121.189 - - [29/Aug/2022:12:01:10 +0800] "GET /xingrg/kc/buy/cgsh_order_operate.html?command=get_materiel&rest_code=00105&code=00101006164&supplier_code=00100326&order_time=2022-08-29 HTTP/1.1" 200 415
58.39.35.118 - - [29/Aug/2022:12:01:10 +0800] "GET /xingrg/check_reg.html?_=1661745670456 HTTP/1.1" 200 22
180.169.147.146 - - [29/Aug/2022:12:01:11 +0800] "GET /xingrg/all/function/internal_message.html?_=1661745671931&CODE_STATE=getMsg HTTP/1.1" 200 27
116.224.123.211 - - [29/Aug/2022:12:01:14 +0800] "GET /xingrg/all/function/internal_message.html?_=1661745674504&CODE_STATE=getMsg HTTP/1.1" 200 27
116.224.255.128 - - [29/Aug/2022:12:01:14 +0800] "GET /xingrg/all/function/internal_message.html?_=1661745673231&CODE_STATE=getMsg HTTP/1.1" 200 27
116.224.255.128 - - [29/Aug/2022:12:01:14 +0800] "GET /xingrg/check_reg.html?_=1661745673236 HTTP/1.1" 200 22
116.225.121.189 - - [29/Aug/2022:12:01:17 +0800] "GET /xingrg/all/function/internal_message.html?_=1661745544126&CODE_STATE=getMsg HTTP/1.1" 200 27
180.169.147.146 - - [29/Aug/2022:12:01:17 +0800] "GET /xingrg/all/function/internal_message.html?_=1661745677523&CODE_STATE=getMsg HTTP/1.1" 200 27
180.169.147.146 - - [29/Aug/2022:12:01:17 +0800] "GET /xingrg/check_reg.html?_=1661745677525 HTTP/1.1" 200 22
116.224.123.211 - - [29/Aug/2022:12:01:23 +0800] "GET /xingrg/kc/base/wldb_order_add.html HTTP/1.1" 200 30390
116.225.121.189 - - [29/Aug/2022:12:01:23 +0800] "GET /xingrg/all/function/internal_message.html?_=1661745685091&CODE_STATE=getMsg HTTP/1.1" 200 27
116.224.123.211 - - [29/Aug/2022:12:01:23 +0800] "POST /xingrg/kc/base/wldb_order_operate.html HTTP/1.1" 200 6806
116.224.123.211 - - [29/Aug/2022:12:01:23 +0800] "GET /xingrg/javascript/easyui/themes/default/validatebox.css HTTP/1.1" 404 1104
116.224.123.211 - - [29/Aug/2022:12:01:25 +0800] "POST /xingrg/all/common/load_combo.html?type=base HTTP/1.1" 200 3321
114.84.5.35 - - [29/Aug/2022:12:01:26 +0800] "GET /xingrg/all/function/internal_message.html?_=1661745686388&CODE_STATE=getMsg HTTP/1.1" 200 27
116.225.121.189 - - [29/Aug/2022:12:01:27 +0800] "GET /xingrg/kc/buy/cgsh_order_operate.html?command=get_materiel&rest_code=00105&code=00101010567&supplier_code=00100326&order_time=2022-08-29 HTTP/1.1" 200 413
116.232.194.65 - - [29/Aug/2022:12:01:28 +0800] "GET /xingrg/all/function/internal_message.html?_=1661745648770&CODE_STATE=getMsg HTTP/1.1" 200 27
116.224.123.211 - - [29/Aug/2022:12:01:32 +0800] "GET /xingrg/kc/base/wldb_order_operate.html?command=get_materiel&rest_code=00102&base_code=0010476&code=00101019183 HTTP/1.1" 200 448
180.169.147.146 - - [29/Aug/2022:12:01:32 +0800] "GET /xingrg/all/function/internal_message.html?_=1661745692928&CODE_STATE=getMsg HTTP/1.1" 200 27
116.225.121.189 - - [29/Aug/2022:12:01:33 +0800] "POST /xingrg/kc/buy/cgsh_order_operate.html HTTP/1.1" 200 37
116.225.121.189 - - [29/Aug/2022:12:01:34 +0800] "POST /xingrg/kc/buy/cgsh_order_operate.html HTTP/1.1" 200 3253
116.225.121.189 - - [29/Aug/2022:12:01:35 +0800] "GET /xingrg/kc/print/load_data.html?order_code=212022082910179&kc_code=cgsh&condition= HTTP/1.1" 200 905
124.78.153.134 - - [29/Aug/2022:12:01:36 +0800] "GET /xingrg/all/function/internal_message.html?_=1661745703850&CODE_STATE=getMsg HTTP/1.1" 200 27
124.78.153.134 - - [29/Aug/2022:12:01:37 +0800] "GET /xingrg/check_reg.html?_=1661745704588 HTTP/1.1" 200 22
124.78.153.134 - - [29/Aug/2022:12:01:37 +0800] "GET /xingrg/all/function/internal_message.html?_=1661745696212&CODE_STATE=getMsg HTTP/1.1" 200 27
116.225.121.189 - - [29/Aug/2022:12:01:39 +0800] "GET /xingrg/kc/buy/cgsh_order_add.html HTTP/1.1" 200 68595
116.225.121.189 - - [29/Aug/2022:12:01:39 +0800] "POST /xingrg/kc/buy/cgsh_order_operate.html HTTP/1.1" 200 8245
116.225.121.189 - - [29/Aug/2022:12:01:39 +0800] "GET /xingrg/javascript/easyui/themes/default/validatebox.css HTTP/1.1" 404 1104
101.80.228.36 - - [29/Aug/2022:12:01:41 +0800] "GET /xingrg/all/function/internal_message.html?_=1661745701678&CODE_STATE=getMsg HTTP/1.1" 200 27
114.88.158.224 - - [29/Aug/2022:12:01:41 +0800] "GET /xingrg/all/function/internal_message.html?_=1661745371944&CODE_STATE=getMsg HTTP/1.1" 200 27
116.224.123.211 - - [29/Aug/2022:12:01:45 +0800] "GET /xingrg/kc/base/wldb_order_operate.html?command=get_materiel&rest_code=00102&base_code=0010476&code=00101016075 HTTP/1.1" 200 464
114.84.82.165 - - [29/Aug/2022:12:01:46 +0800] "GET /xingrg/all/function/internal_message.html?_=1661745706867&CODE_STATE=getMsg HTTP/1.1" 200 27
116.224.255.128 - - [29/Aug/2022:12:01:47 +0800] "GET /xingrg/check_reg.html?_=1661745628476 HTTP/1.1" 200 22
116.224.255.128 - - [29/Aug/2022:12:01:49 +0800] "GET /xingrg/all/function/internal_message.html?_=1661745630781&CODE_STATE=getMsg HTTP/1.1" 200 27
180.169.147.146 - - [29/Aug/2022:12:01:54 +0800] "GET /xingrg/all/function/internal_message.html?_=1661745714079&CODE_STATE=getMsg HTTP/1.1" 200 27
116.224.123.211 - - [29/Aug/2022:12:01:55 +0800] "GET /xingrg/kc/base/wldb_order_operate.html?command=get_materiel&rest_code=00102&base_code=0010476&code=00101019010 HTTP/1.1" 200 466
116.225.121.189 - - [29/Aug/2022:12:01:55 +0800] "GET /xingrg/kc/buy/cgsh_order_operate.html?command=get_materiel&rest_code=00105&code=00101008094&supplier_code=00100339&order_time=2022-08-29 HTTP/1.1" 200 417
116.235.94.65 - - [29/Aug/2022:12:01:56 +0800] "GET /xingrg/all/function/internal_message.html?_=1661745908076&CODE_STATE=getMsg HTTP/1.1" 200 27
222.69.129.110 - - [29/Aug/2022:12:01:57 +0800] "GET /xingrg/all/function/internal_message.html?_=1661745792234&CODE_STATE=getMsg HTTP/1.1" 200 27
180.169.147.146 - - [29/Aug/2022:12:01:59 +0800] "GET /xingrg/check_reg.html?_=1661745718932 HTTP/1.1" 200 22
116.224.123.211 - - [29/Aug/2022:12:02:01 +0800] "GET /xingrg/kc/base/wldb_order_operate.html?command=get_materiel&rest_code=00102&base_code=0010476&code=00101019401 HTTP/1.1" 200 474
180.162.112.166 - - [29/Aug/2022:12:02:02 +0800] "GET /xingrg/check_reg.html?_=1661744874706 HTTP/1.1" 200 22
180.162.112.166 - - [29/Aug/2022:12:02:02 +0800] "GET /xingrg/all/function/internal_message.html?_=1661744874703&CODE_STATE=getMsg HTTP/1.1" 200 27
114.83.219.200 - - [29/Aug/2022:12:02:04 +0800] "GET /xingrg/all/function/internal_message.html?_=1661745722869&CODE_STATE=getMsg HTTP/1.1" 200 27
116.225.121.189 - - [29/Aug/2022:12:02:06 +0800] "POST /xingrg/kc/buy/cgsh_order_operate.html HTTP/1.1" 200 37
58.39.35.118 - - [29/Aug/2022:12:02:10 +0800] "GET /xingrg/all/function/internal_message.html?_=1661745730444&CODE_STATE=getMsg HTTP/1.1" 200 27
180.169.147.146 - - [29/Aug/2022:12:02:11 +0800] "GET /xingrg/all/function/internal_message.html?_=1661745731934&CODE_STATE=getMsg HTTP/1.1" 200 27
116.225.121.189 - - [29/Aug/2022:12:02:11 +0800] "POST /xingrg/kc/buy/cgsh_order_operate.html HTTP/1.1" 200 2660
116.224.123.211 - - [29/Aug/2022:12:02:12 +0800] "GET /xingrg/kc/base/wldb_order_operate.html?command=get_materiel&rest_code=00102&base_code=0010476&code=00101019424 HTTP/1.1" 200 448
116.225.121.189 - - [29/Aug/2022:12:02:13 +0800] "GET /xingrg/kc/print/load_data.html?order_code=212022082910180&kc_code=cgsh&condition= HTTP/1.1" 200 673
116.224.123.211 - - [29/Aug/2022:12:02:14 +0800] "GET /xingrg/check_reg.html?_=1661745734481 HTTP/1.1" 200 22
116.224.123.211 - - [29/Aug/2022:12:02:14 +0800] "GET /xingrg/all/function/internal_message.html?_=1661745734482&CODE_STATE=getMsg HTTP/1.1" 200 27
116.224.255.128 - - [29/Aug/2022:12:02:14 +0800] "GET /xingrg/all/function/internal_message.html?_=1661745733234&CODE_STATE=getMsg HTTP/1.1" 200 27
116.225.121.189 - - [29/Aug/2022:12:02:16 +0800] "GET /xingrg/kc/buy/cgsh_order_add.html HTTP/1.1" 200 68595
116.225.121.189 - - [29/Aug/2022:12:02:17 +0800] "POST /xingrg/kc/buy/cgsh_order_operate.html HTTP/1.1" 200 8245
116.225.121.189 - - [29/Aug/2022:12:02:17 +0800] "GET /xingrg/javascript/easyui/themes/default/validatebox.css HTTP/1.1" 404 1104
116.225.121.189 - - [29/Aug/2022:12:02:17 +0800] "GET /xingrg/all/function/internal_message.html?_=1661745604126&CODE_STATE=getMsg HTTP/1.1" 200 27
180.169.147.146 - - [29/Aug/2022:12:02:17 +0800] "GET /xingrg/all/function/internal_message.html?_=1661745737515&CODE_STATE=getMsg HTTP/1.1" 200 27
116.224.123.211 - - [29/Aug/2022:12:02:18 +0800] "GET /xingrg/kc/base/wldb_order_operate.html?command=get_materiel&rest_code=00102&base_code=0010476&code=00101005080 HTTP/1.1" 200 433
101.80.228.36 - - [29/Aug/2022:12:02:22 +0800] "GET /xingrg/kc/mdqp/qqps_order_list.html HTTP/1.1" 200 9222
101.80.228.36 - - [29/Aug/2022:12:02:22 +0800] "GET /xingrg/dwr/interface/AjaxQqpsService.js HTTP/1.1" 200 16326
101.80.228.36 - - [29/Aug/2022:12:02:22 +0800] "GET /xingrg/dwr/interface/AjaxReportQueryService.js HTTP/1.1" 200 13203
101.80.228.36 - - [29/Aug/2022:12:02:22 +0800] "GET /xingrg/dwr/util.js HTTP/1.1" 304 -
101.80.228.36 - - [29/Aug/2022:12:02:22 +0800] "GET /xingrg/dwr/engine.js HTTP/1.1" 200 43631
101.80.228.36 - - [29/Aug/2022:12:02:22 +0800] "GET /xingrg/javascript/jquery_easy_ui/themes/icons/uncheck_new.png HTTP/1.1" 200 3197
101.80.228.36 - - [29/Aug/2022:12:02:22 +0800] "GET /xingrg/javascript/jquery_easy_ui/themes/icons/cance_new.png HTTP/1.1" 200 3986
101.80.228.36 - - [29/Aug/2022:12:02:22 +0800] "GET /xingrg/javascript/jquery_easy_ui/themes/icons/check_new.png HTTP/1.1" 200 3224
101.85.93.70 - - [29/Aug/2022:12:02:23 +0800] "POST /xingrg/login.do HTTP/1.1" 302 -
116.224.123.211 - - [29/Aug/2022:12:02:23 +0800] "GET /xingrg/kc/base/wldb_order_operate.html?command=get_materiel&rest_code=00102&base_code=0010476&code=00101013225 HTTP/1.1" 200 449
116.225.121.189 - - [29/Aug/2022:12:02:23 +0800] "GET /xingrg/all/function/internal_message.html?_=1661745745067&CODE_STATE=getMsg HTTP/1.1" 200 27
101.85.93.70 - - [29/Aug/2022:12:02:23 +0800] "GET /xingrg/index.html?sysBaseUrl=http%3A%2F%2F180.169.147.146%3A18081%2Fxingrg%2F&costTime=463×tamp=1661745743313 HTTP/1.1" 200 17179
101.85.93.70 - - [29/Aug/2022:12:02:23 +0800] "GET /xingrg/javascript/jquery_easy_ui/jquery.easyui.min.js HTTP/1.1" 304 -
101.85.93.70 - - [29/Aug/2022:12:02:23 +0800] "GET /xingrg/javascript/jquery.form.js HTTP/1.1" 304 -
101.85.93.70 - - [29/Aug/2022:12:02:23 +0800] "GET /xingrg/javascript/jquery.utils.js HTTP/1.1" 304 -
101.85.93.70 - - [29/Aug/2022:12:02:23 +0800] "GET /xingrg/javascript/jquery_easy_ui/themes/default/easyui.css HTTP/1.1" 304 -
101.85.93.70 - - [29/Aug/2022:12:02:23 +0800] "GET /xingrg/javascript/jquery.timers.js HTTP/1.1" 304 -
101.85.93.70 - - [29/Aug/2022:12:02:23 +0800] "GET /xingrg/javascript/jquery_easy_ui/themes/icon.css HTTP/1.1" 304 -
101.85.93.70 - - [29/Aug/2022:12:02:23 +0800] "GET /xingrg/css/form.css HTTP/1.1" 304 -
101.85.93.70 - - [29/Aug/2022:12:02:23 +0800] "GET /favicon.ico HTTP/1.1" 404 -
101.85.93.70 - - [29/Aug/2022:12:02:23 +0800] "GET /xingrg/javascript/jquery-1.4.2.min.js HTTP/1.1" 304 -
101.85.93.70 - - [29/Aug/2022:12:02:23 +0800] "GET /xingrg/javascript/jquery_easy_ui/easyui-lang-zh_CN.js HTTP/1.1" 304 -
101.85.93.70 - - [29/Aug/2022:12:02:23 +0800] "GET /xingrg/javascript/jquery_easy_ui/themes/icons/settle_new.png HTTP/1.1" 304 -
101.85.93.70 - - [29/Aug/2022:12:02:23 +0800] "GET /xingrg/images/blue/navBackgound.jpg HTTP/1.1" 304 -
101.85.93.70 - - [29/Aug/2022:12:02:23 +0800] "POST /xingrg/all/common/load_tree.html?tree=area_rest_tree_json&manage=1 HTTP/1.1" 200 351
101.85.93.70 - - [29/Aug/2022:12:02:23 +0800] "GET /xingrg/check_reg.html?_=1661745742878 HTTP/1.1" 200 22
101.85.93.70 - - [29/Aug/2022:12:02:23 +0800] "GET /xingrg/images/blue/pingpu.png HTTP/1.1" 304 -
101.85.93.70 - - [29/Aug/2022:12:02:23 +0800] "GET /xingrg/javascript/jquery_easy_ui/themes/default/images/tabs_leftarrow.png HTTP/1.1" 304 -
101.85.93.70 - - [29/Aug/2022:12:02:23 +0800] "GET /xingrg/javascript/jquery_easy_ui/themes/default/images/tabs_rightarrow.png HTTP/1.1" 304 -
101.85.93.70 - - [29/Aug/2022:12:02:23 +0800] "GET /xingrg/javascript/jquery_easy_ui/themes/default/images/panel_tool_collapse.gif HTTP/1.1" 304 -
101.85.93.70 - - [29/Aug/2022:12:02:23 +0800] "GET /xingrg/all/function/internal_message.html?_=1661745742877&CODE_STATE=count HTTP/1.1" 200 11
101.85.93.70 - - [29/Aug/2022:12:02:24 +0800] "POST /xingrg/load_menu.html HTTP/1.1" 200 5138
101.80.228.36 - - [29/Aug/2022:12:02:24 +0800] "GET /xingrg/kc/mdqp/qqps_order_list.html?isQuery=1&timeSelect=1&orderTime=day&startTime=2022-08-29&endTime=2022-08-29&state=all&query=%C8%B7++%B6%A8 HTTP/1.1" 200 9321
101.80.228.36 - - [29/Aug/2022:12:02:24 +0800] "GET /xingrg/dwr/interface/AjaxReportQueryService.js HTTP/1.1" 200 13203
101.80.228.36 - - [29/Aug/2022:12:02:24 +0800] "GET /xingrg/dwr/interface/AjaxQqpsService.js HTTP/1.1" 200 16326
101.80.228.36 - - [29/Aug/2022:12:02:24 +0800] "GET /xingrg/dwr/engine.js HTTP/1.1" 200 43631
101.85.93.70 - - [29/Aug/2022:12:02:24 +0800] "GET /xingrg/javascript/jquery_easy_ui/themes/default/images/tree_arrows.gif HTTP/1.1" 304 -
101.85.93.70 - - [29/Aug/2022:12:02:24 +0800] "GET /xingrg/javascript/jquery_easy_ui/themes/default/images/tree_folder_open.gif HTTP/1.1" 304 -
101.85.93.70 - - [29/Aug/2022:12:02:24 +0800] "GET /xingrg/javascript/jquery_easy_ui/themes/icons/search_new.png HTTP/1.1" 304 -
101.85.93.70 - - [29/Aug/2022:12:02:24 +0800] "GET /xingrg/javascript/jquery_easy_ui/themes/default/images/tree_folder.gif HTTP/1.1" 304 -
101.85.93.70 - - [29/Aug/2022:12:02:24 +0800] "GET /xingrg/javascript/jquery_easy_ui/themes/icons/storage_new.png HTTP/1.1" 304 -
101.85.93.70 - - [29/Aug/2022:12:02:24 +0800] "GET /xingrg/javascript/jquery_easy_ui/themes/icons/forms_new.png HTTP/1.1" 304 -
101.85.93.70 - - [29/Aug/2022:12:02:24 +0800] "GET /xingrg/javascript/jquery_easy_ui/themes/default/images/tree_file.gif HTTP/1.1" 304 -
101.80.228.36 - - [29/Aug/2022:12:02:25 +0800] "GET /xingrg/kc/mdqp/qqps_order_add.html HTTP/1.1" 200 28231
101.80.228.36 - - [29/Aug/2022:12:02:25 +0800] "GET /xingrg/javascript/tools/jquery.qtip-1.0.0-rc3.min.js HTTP/1.1" 200 38404
101.80.228.36 - - [29/Aug/2022:12:02:25 +0800] "GET /xingrg/dwr/interface/AjaxComOrderService.js HTTP/1.1" 200 18264
101.80.228.36 - - [29/Aug/2022:12:02:25 +0800] "GET /xingrg/dwr/interface/AjaxQqpsService.js HTTP/1.1" 200 16326
101.80.228.36 - - [29/Aug/2022:12:02:25 +0800] "GET /xingrg/dwr/engine.js HTTP/1.1" 200 43631
101.80.228.36 - - [29/Aug/2022:12:02:25 +0800] "GET /xingrg/javascript/print/kc_print.js HTTP/1.1" 200 11415
101.80.228.36 - - [29/Aug/2022:12:02:25 +0800] "GET /xingrg/words/20220828173911_words.js HTTP/1.1" 200 917388
101.80.228.36 - - [29/Aug/2022:12:02:25 +0800] "GET /xingrg/javascript/jquery_easy_ui/themes/icons/ok.png HTTP/1.1" 200 883
101.80.228.36 - - [29/Aug/2022:12:02:25 +0800] "GET /xingrg/javascript/jquery_easy_ui/themes/icons/copy_new.png HTTP/1.1" 200 815
101.80.228.36 - - [29/Aug/2022:12:02:25 +0800] "GET /xingrg/javascript/jquery_easy_ui/themes/icons/template_new.png HTTP/1.1" 200 3956
101.80.228.36 - - [29/Aug/2022:12:02:26 +0800] "GET /xingrg/images/blue/button/kc_tab_save.gif HTTP/1.1" 200 777
101.80.228.36 - - [29/Aug/2022:12:02:26 +0800] "GET /xingrg/images/blue/button/kc_tab_edit.gif HTTP/1.1" 200 551
101.80.228.36 - - [29/Aug/2022:12:02:26 +0800] "GET /xingrg/images/blue/button/kc_tab_add.gif HTTP/1.1" 200 375
101.80.228.36 - - [29/Aug/2022:12:02:26 +0800] "GET /xingrg/images/blue/button/kc_tab_del.gif HTTP/1.1" 200 383
101.80.228.36 - - [29/Aug/2022:12:02:26 +0800] "GET /xingrg/images/blue/kc_tab2_left.gif HTTP/1.1" 200 625
101.80.228.36 - - [29/Aug/2022:12:02:26 +0800] "GET /xingrg/javascript/jquery_easy_ui/themes/default/images/combo_arrow_dot.gif HTTP/1.1" 200 79
101.80.228.36 - - [29/Aug/2022:12:02:26 +0800] "GET /xingrg/images/blue/kc_tab2_right.gif HTTP/1.1" 200 192
114.84.5.35 - - [29/Aug/2022:12:02:26 +0800] "GET /xingrg/all/function/internal_message.html?_=1661745746388&CODE_STATE=getMsg HTTP/1.1" 200 27
116.232.194.65 - - [29/Aug/2022:12:02:28 +0800] "GET /xingrg/all/function/internal_message.html?_=1661745708763&CODE_STATE=getMsg HTTP/1.1" 200 27
101.85.93.70 - - [29/Aug/2022:12:02:31 +0800] "GET /xingrg/javascript/jquery_easy_ui/themes/icons/area.png HTTP/1.1" 304 -
101.85.93.70 - - [29/Aug/2022:12:02:31 +0800] "GET /xingrg/javascript/jquery_easy_ui/themes/icons/rest.png HTTP/1.1" 304 -
180.169.147.146 - - [29/Aug/2022:12:02:32 +0800] "GET /xingrg/all/function/internal_message.html?_=1661745752928&CODE_STATE=getMsg HTTP/1.1" 200 27
116.225.121.189 - - [29/Aug/2022:12:02:35 +0800] "GET /xingrg/kc/buy/cgsh_order_operate.html?command=get_materiel&rest_code=00105&code=00101006199&supplier_code=00100330&order_time=2022-08-29 HTTP/1.1" 200 414
116.224.123.211 - - [29/Aug/2022:12:02:36 +0800] "GET /xingrg/kc/base/wldb_order_operate.html?command=get_materiel&rest_code=00102&base_code=0010476&code=00101019400 HTTP/1.1" 200 462
124.78.153.134 - - [29/Aug/2022:12:02:36 +0800] "GET /xingrg/all/function/internal_message.html?_=1661745763823&CODE_STATE=getMsg HTTP/1.1" 200 27
101.85.93.70 - - [29/Aug/2022:12:02:37 +0800] "GET /xingrg/javascript/jquery_easy_ui/themes/default/images/tabs_close.gif HTTP/1.1" 304 -
124.78.153.134 - - [29/Aug/2022:12:02:37 +0800] "GET /xingrg/all/function/internal_message.html?_=1661745756212&CODE_STATE=getMsg HTTP/1.1" 200 27
101.85.93.70 - - [29/Aug/2022:12:02:38 +0800] "GET /xingrg/css/base.css HTTP/1.1" 304 -
101.85.93.70 - - [29/Aug/2022:12:02:38 +0800] "GET /xingrg/css/site.css HTTP/1.1" 304 -
101.85.93.70 - - [29/Aug/2022:12:02:38 +0800] "GET /xingrg/javascript/jquery_tools/datebox.css HTTP/1.1" 304 -
101.85.93.70 - - [29/Aug/2022:12:02:38 +0800] "GET /xingrg/javascript/easyui/themes/default/easyui.css HTTP/1.1" 304 -
101.85.93.70 - - [29/Aug/2022:12:02:38 +0800] "GET /xingrg/javascript/easyui/themes/icon.css HTTP/1.1" 304 -
101.85.93.70 - - [29/Aug/2022:12:02:38 +0800] "GET /xingrg/javascript/auto/jquery.autocomplete.css HTTP/1.1" 304 -
101.85.93.70 - - [29/Aug/2022:12:02:38 +0800] "GET /xingrg/javascript/jquery_tools/fix.css HTTP/1.1" 304 -
101.85.93.70 - - [29/Aug/2022:12:02:38 +0800] "GET /xingrg/kc/buy/cgsh_order_list.html HTTP/1.1" 200 52737
101.85.93.70 - - [29/Aug/2022:12:02:38 +0800] "GET /xingrg/javascript/jquery_tools/table.css HTTP/1.1" 304 -
101.85.93.70 - - [29/Aug/2022:12:02:38 +0800] "GET /xingrg/javascript/jquery_tools/jquery.tools.min.js HTTP/1.1" 304 -
101.85.93.70 - - [29/Aug/2022:12:02:38 +0800] "GET /xingrg/javascript/jquery_tools/jquery.tools.extend.js HTTP/1.1" 304 -
101.85.93.70 - - [29/Aug/2022:12:02:38 +0800] "GET /xingrg/javascript/jquery_tools/jquery.tools.hotkey.js HTTP/1.1" 304 -
101.85.93.70 - - [29/Aug/2022:12:02:38 +0800] "GET /xingrg/javascript/jquery_tools/jquery.tools.table.js HTTP/1.1" 304 -
101.85.93.70 - - [29/Aug/2022:12:02:38 +0800] "GET /xingrg/javascript/jquery_tools/list_manager.js HTTP/1.1" 304 -
101.85.93.70 - - [29/Aug/2022:12:02:38 +0800] "GET /xingrg/javascript/auto/jquery.autocomplete.js HTTP/1.1" 304 -
101.85.93.70 - - [29/Aug/2022:12:02:38 +0800] "GET /xingrg/javascript/easyui/easyloader.js HTTP/1.1" 304 -
101.85.93.70 - - [29/Aug/2022:12:02:38 +0800] "GET /xingrg/javascript/jquery.cookie.js HTTP/1.1" 304 -
101.85.93.70 - - [29/Aug/2022:12:02:38 +0800] "GET /xingrg/javascript/print/LodopFuncs.js HTTP/1.1" 304 -
101.85.93.70 - - [29/Aug/2022:12:02:38 +0800] "GET /xingrg/javascript/easyui/themes/icons/edit_add_new.png HTTP/1.1" 304 -
101.85.93.70 - - [29/Aug/2022:12:02:38 +0800] "GET /xingrg/javascript/easyui/themes/icons/cance_new.png HTTP/1.1" 304 -
101.85.93.70 - - [29/Aug/2022:12:02:38 +0800] "GET /xingrg/javascript/easyui/themes/icons/check_new.png HTTP/1.1" 304 -
101.85.93.70 - - [29/Aug/2022:12:02:38 +0800] "GET /xingrg/javascript/easyui/themes/icons/field_new.png HTTP/1.1" 304 -
101.85.93.70 - - [29/Aug/2022:12:02:38 +0800] "GET /xingrg/javascript/easyui/themes/icons/import_new.png HTTP/1.1" 304 -
101.85.93.70 - - [29/Aug/2022:12:02:38 +0800] "GET /xingrg/javascript/easyui/plugins/jquery.parser.js HTTP/1.1" 304 -
101.85.93.70 - - [29/Aug/2022:12:02:38 +0800] "GET /xingrg/images/control/ajaxLoader.gif HTTP/1.1" 304 -
101.89.29.78 - - [29/Aug/2022:12:02:39 +0800] "GET /xingrg/all/function/internal_message.html?_=1661745696212&CODE_STATE=getMsg HTTP/1.1" 302 -
101.89.29.78 - - [29/Aug/2022:12:02:40 +0800] "GET /xingrg/login.html HTTP/1.1" 200 7641
101.80.228.36 - - [29/Aug/2022:12:02:41 +0800] "GET /xingrg/all/function/internal_message.html?_=1661745761655&CODE_STATE=getMsg HTTP/1.1" 200 27
101.85.93.70 - - [29/Aug/2022:12:02:41 +0800] "POST /xingrg/kc/buy/cgsh_list_operate.html HTTP/1.1" 200 1537
114.88.158.224 - - [29/Aug/2022:12:02:41 +0800] "GET /xingrg/all/function/internal_message.html?_=1661745431919&CODE_STATE=getMsg HTTP/1.1" 200 27
116.224.123.211 - - [29/Aug/2022:12:02:41 +0800] "GET /xingrg/kc/base/wldb_order_operate.html?command=get_materiel&rest_code=00102&base_code=0010476&code=00101019184 HTTP/1.1" 200 456
101.80.228.36 - - [29/Aug/2022:12:02:42 +0800] "POST /xingrg/dwr/call/plaincall/AjaxQqpsService.saveOrder.dwr HTTP/1.1" 200 78
101.80.228.36 - - [29/Aug/2022:12:02:43 +0800] "GET /xingrg/javascript/auto/indicator.gif HTTP/1.1" 404 1066
114.84.82.165 - - [29/Aug/2022:12:02:46 +0800] "GET /xingrg/all/function/internal_message.html?_=1661745766867&CODE_STATE=getMsg HTTP/1.1" 200 27
114.84.82.165 - - [29/Aug/2022:12:02:46 +0800] "GET /xingrg/check_reg.html?_=1661745766871 HTTP/1.1" 200 22
116.224.123.211 - - [29/Aug/2022:12:02:48 +0800] "GET /xingrg/kc/base/wldb_order_operate.html?command=get_materiel&rest_code=00102&base_code=0010476&code=00101019469 HTTP/1.1" 200 456
