116.224.123.211 - - [29/Aug/2022:11:07:51 +0800] "GET /xingrg/kc/base/wldb_order_operate.html?command=get_materiel&rest_code=00102&base_code=0010476&code=00101013257 HTTP/1.1" 200 443
116.224.123.211 - - [29/Aug/2022:11:07:52 +0800] "GET /xingrg/all/function/internal_message.html?_=1661742472517&CODE_STATE=getMsg HTTP/1.1" 200 27
101.89.239.245 - - [29/Aug/2022:11:07:53 +0800] "GET /xingrg/all/function/internal_message.html?_=1661740875988&CODE_STATE=getMsg HTTP/1.1" 302 -
101.89.239.245 - - [29/Aug/2022:11:07:54 +0800] "GET /xingrg/login.html HTTP/1.1" 200 7641
116.224.255.128 - - [29/Aug/2022:11:07:54 +0800] "POST /xingrg/dwr/call/plaincall/AjaxQqpsService.saveMaterielItem.dwr HTTP/1.1" 200 79
120.253.135.82 - - [29/Aug/2022:11:07:55 +0800] "GET /xingrg/check_reg.html?_=1661742278147 HTTP/1.1" 200 22
116.224.123.211 - - [29/Aug/2022:11:07:55 +0800] "GET /xingrg/kc/base/wldb_order_operate.html?command=get_materiel&rest_code=00102&base_code=0010476&code=00101019134 HTTP/1.1" 200 480
180.169.147.146 - - [29/Aug/2022:11:07:55 +0800] "GET /xingrg/all/function/internal_message.html?_=1661742475061&CODE_STATE=getMsg HTTP/1.1" 200 27
61.151.207.115 - - [29/Aug/2022:11:07:55 +0800] "GET /xingrg/check_reg.html?_=1661741775998 HTTP/1.1" 302 -
101.89.19.197 - - [29/Aug/2022:11:07:55 +0800] "GET /xingrg/all/function/internal_message.html?_=1661741775996&CODE_STATE=getMsg HTTP/1.1" 302 -
61.151.207.115 - - [29/Aug/2022:11:07:56 +0800] "GET /xingrg/login.html HTTP/1.1" 200 7641
101.89.19.197 - - [29/Aug/2022:11:07:56 +0800] "GET /xingrg/login.html HTTP/1.1" 200 7641
116.235.94.65 - - [29/Aug/2022:11:07:57 +0800] "GET /xingrg/all/function/internal_message.html?_=1661742669085&CODE_STATE=getMsg HTTP/1.1" 200 27
61.151.207.116 - - [29/Aug/2022:11:08:03 +0800] "GET /xingrg/all/function/internal_message.html?_=1661741835998&CODE_STATE=getMsg HTTP/1.1" 302 -
61.151.207.116 - - [29/Aug/2022:11:08:03 +0800] "GET /xingrg/login.html HTTP/1.1" 200 7641
116.224.123.211 - - [29/Aug/2022:11:08:04 +0800] "GET /xingrg/kc/base/wldb_order_operate.html?command=get_materiel&rest_code=00102&base_code=0010476&code=00101019536 HTTP/1.1" 200 470
114.83.219.200 - - [29/Aug/2022:11:08:05 +0800] "GET /xingrg/all/function/internal_message.html?_=1661742483793&CODE_STATE=getMsg HTTP/1.1" 200 27
114.83.219.200 - - [29/Aug/2022:11:08:06 +0800] "GET /xingrg/check_reg.html?_=1661742485245 HTTP/1.1" 200 22
116.224.123.211 - - [29/Aug/2022:11:08:09 +0800] "GET /xingrg/kc/base/wldb_order_operate.html?command=get_materiel&rest_code=00102&base_code=0010476&code=00101019079 HTTP/1.1" 200 479
116.224.255.128 - - [29/Aug/2022:11:08:10 +0800] "POST /xingrg/dwr/call/plaincall/AjaxQqpsService.checkOrder.dwr HTTP/1.1" 200 79
58.39.35.118 - - [29/Aug/2022:11:08:10 +0800] "GET /xingrg/all/function/internal_message.html?_=1661742490393&CODE_STATE=getMsg HTTP/1.1" 200 27
124.78.153.134 - - [29/Aug/2022:11:08:11 +0800] "GET /xingrg/all/function/internal_message.html?_=1661742499559&CODE_STATE=getMsg HTTP/1.1" 200 27
180.169.147.146 - - [29/Aug/2022:11:08:11 +0800] "GET /xingrg/all/function/internal_message.html?_=1661742491936&CODE_STATE=getMsg HTTP/1.1" 200 27
116.224.255.128 - - [29/Aug/2022:11:08:12 +0800] "GET /xingrg/dwr/interface/AjaxQqpsService.js HTTP/1.1" 200 16326
116.224.255.128 - - [29/Aug/2022:11:08:12 +0800] "GET /xingrg/dwr/interface/AjaxComOrderService.js HTTP/1.1" 200 18264
116.224.255.128 - - [29/Aug/2022:11:08:12 +0800] "GET /xingrg/kc/mdqp/qqps_order_info.html?code=302022082900530 HTTP/1.1" 200 26563
116.224.123.211 - - [29/Aug/2022:11:08:12 +0800] "GET /xingrg/kc/base/wldb_order_operate.html?command=get_materiel&rest_code=00102&base_code=0010476&code=00101016076 HTTP/1.1" 200 476
116.224.255.128 - - [29/Aug/2022:11:08:13 +0800] "GET /xingrg/dwr/engine.js HTTP/1.1" 200 43631
116.224.255.128 - - [29/Aug/2022:11:08:14 +0800] "POST /xingrg/dwr/call/plaincall/AjaxQqpsService.loadMaterielItems.dwr HTTP/1.1" 200 3765
116.224.255.128 - - [29/Aug/2022:11:08:16 +0800] "GET /xingrg/check_reg.html?_=1661742495471 HTTP/1.1" 200 22
116.224.255.128 - - [29/Aug/2022:11:08:16 +0800] "GET /xingrg/all/function/internal_message.html?_=1661742495480&CODE_STATE=getMsg HTTP/1.1" 200 27
116.225.121.189 - - [29/Aug/2022:11:08:17 +0800] "GET /xingrg/check_reg.html?_=1661742364049 HTTP/1.1" 200 22
116.225.121.189 - - [29/Aug/2022:11:08:17 +0800] "GET /xingrg/all/function/internal_message.html?_=1661742364051&CODE_STATE=getMsg HTTP/1.1" 200 27
124.78.153.134 - - [29/Aug/2022:11:08:17 +0800] "GET /xingrg/all/function/internal_message.html?_=1661742496019&CODE_STATE=getMsg HTTP/1.1" 200 27
180.169.147.146 - - [29/Aug/2022:11:08:17 +0800] "GET /xingrg/all/function/internal_message.html?_=1661742497507&CODE_STATE=getMsg HTTP/1.1" 200 27
116.224.123.211 - - [29/Aug/2022:11:08:17 +0800] "GET /xingrg/kc/base/wldb_order_operate.html?command=get_materiel&rest_code=00102&base_code=0010476&code=00101019258 HTTP/1.1" 200 483
116.224.123.211 - - [29/Aug/2022:11:08:22 +0800] "GET /xingrg/kc/base/wldb_order_operate.html?command=get_materiel&rest_code=00102&base_code=0010476&code=00101027001 HTTP/1.1" 200 471
116.225.121.189 - - [29/Aug/2022:11:08:23 +0800] "GET /xingrg/check_reg.html?_=1661742505035 HTTP/1.1" 200 22
116.225.121.189 - - [29/Aug/2022:11:08:23 +0800] "GET /xingrg/all/function/internal_message.html?_=1661742505038&CODE_STATE=getMsg HTTP/1.1" 200 27
116.224.123.211 - - [29/Aug/2022:11:08:23 +0800] "GET /xingrg/check_reg.html?_=1661742509323 HTTP/1.1" 302 -
120.253.135.82 - - [29/Aug/2022:11:08:25 +0800] "GET /xingrg/all/function/internal_message.html?_=1661742308206&CODE_STATE=getMsg HTTP/1.1" 200 27
116.224.123.211 - - [29/Aug/2022:11:08:26 +0800] "GET /xingrg/kc/base/wldb_order_operate.html?command=get_materiel&rest_code=00102&base_code=0010476&code=00101016028 HTTP/1.1" 200 432
114.84.5.35 - - [29/Aug/2022:11:08:26 +0800] "GET /xingrg/all/function/internal_message.html?_=1661742506273&CODE_STATE=getMsg HTTP/1.1" 200 27
101.80.228.36 - - [29/Aug/2022:11:08:42 +0800] "GET /xingrg/all/function/internal_message.html?_=1661742522736&CODE_STATE=getMsg HTTP/1.1" 200 27
114.88.158.224 - - [29/Aug/2022:11:08:42 +0800] "GET /xingrg/all/function/internal_message.html?_=1661742193049&CODE_STATE=getMsg HTTP/1.1" 200 27
116.224.255.128 - - [29/Aug/2022:11:08:48 +0800] "GET /xingrg/all/function/internal_message.html?_=1661742449562&CODE_STATE=getMsg HTTP/1.1" 200 27
116.224.123.211 - - [29/Aug/2022:11:08:49 +0800] "POST /xingrg/kc/base/wldb_order_operate.html HTTP/1.1" 200 37
222.69.129.110 - - [29/Aug/2022:11:08:49 +0800] "GET /xingrg/all/function/internal_message.html?_=1661742604480&CODE_STATE=getMsg HTTP/1.1" 200 27
116.224.123.211 - - [29/Aug/2022:11:08:52 +0800] "GET /xingrg/all/function/internal_message.html?_=1661742532500&CODE_STATE=getMsg HTTP/1.1" 200 27
116.224.123.211 - - [29/Aug/2022:11:08:54 +0800] "POST /xingrg/kc/base/wldb_order_operate.html HTTP/1.1" 200 12
116.224.123.211 - - [29/Aug/2022:11:08:54 +0800] "POST /xingrg/kc/base/wldb_order_operate.html HTTP/1.1" 200 6235
180.169.147.146 - - [29/Aug/2022:11:08:55 +0800] "GET /xingrg/all/function/internal_message.html?_=1661742535045&CODE_STATE=getMsg HTTP/1.1" 200 27
116.224.123.211 - - [29/Aug/2022:11:08:56 +0800] "GET /xingrg/kc/base/wldb_order_info.html?code=422022082902525 HTTP/1.1" 200 26267
116.224.123.211 - - [29/Aug/2022:11:08:56 +0800] "GET /xingrg/javascript/easyui/themes/default/validatebox.css HTTP/1.1" 404 1104
116.224.123.211 - - [29/Aug/2022:11:08:56 +0800] "POST /xingrg/kc/base/wldb_order_operate.html HTTP/1.1" 200 4440
116.235.94.65 - - [29/Aug/2022:11:08:57 +0800] "GET /xingrg/all/function/internal_message.html?_=1661742729059&CODE_STATE=getMsg HTTP/1.1" 200 27
114.83.219.200 - - [29/Aug/2022:11:09:05 +0800] "GET /xingrg/all/function/internal_message.html?_=1661742543779&CODE_STATE=getMsg HTTP/1.1" 200 27
58.39.35.118 - - [29/Aug/2022:11:09:10 +0800] "GET /xingrg/all/function/internal_message.html?_=1661742550397&CODE_STATE=getMsg HTTP/1.1" 200 27
124.78.153.134 - - [29/Aug/2022:11:09:11 +0800] "GET /xingrg/all/function/internal_message.html?_=1661742559586&CODE_STATE=getMsg HTTP/1.1" 200 27
180.169.147.146 - - [29/Aug/2022:11:09:11 +0800] "GET /xingrg/all/function/internal_message.html?_=1661742551947&CODE_STATE=getMsg HTTP/1.1" 200 27
116.224.255.128 - - [29/Aug/2022:11:09:16 +0800] "GET /xingrg/all/function/internal_message.html?_=1661742555470&CODE_STATE=getMsg HTTP/1.1" 200 27
116.225.121.189 - - [29/Aug/2022:11:09:17 +0800] "GET /xingrg/all/function/internal_message.html?_=1661742424036&CODE_STATE=getMsg HTTP/1.1" 200 27
124.78.153.134 - - [29/Aug/2022:11:09:17 +0800] "GET /xingrg/all/function/internal_message.html?_=1661742556037&CODE_STATE=getMsg HTTP/1.1" 200 27
180.169.147.146 - - [29/Aug/2022:11:09:17 +0800] "GET /xingrg/all/function/internal_message.html?_=1661742557517&CODE_STATE=getMsg HTTP/1.1" 200 27
222.69.129.110 - - [29/Aug/2022:11:09:20 +0800] "GET /xingrg/kc/buy/cgsh_order_add.html HTTP/1.1" 200 67717
222.69.129.110 - - [29/Aug/2022:11:09:20 +0800] "POST /xingrg/kc/buy/cgsh_order_operate.html HTTP/1.1" 200 8245
222.69.129.110 - - [29/Aug/2022:11:09:20 +0800] "GET /xingrg/javascript/easyui/themes/default/validatebox.css HTTP/1.1" 404 1104
116.225.121.189 - - [29/Aug/2022:11:09:23 +0800] "GET /xingrg/all/function/internal_message.html?_=1661742565037&CODE_STATE=getMsg HTTP/1.1" 200 27
120.253.135.82 - - [29/Aug/2022:11:09:25 +0800] "GET /xingrg/all/function/internal_message.html?_=1661742368219&CODE_STATE=getMsg HTTP/1.1" 200 27
114.84.5.35 - - [29/Aug/2022:11:09:26 +0800] "GET /xingrg/all/function/internal_message.html?_=1661742566275&CODE_STATE=getMsg HTTP/1.1" 200 27
101.80.228.36 - - [29/Aug/2022:11:09:42 +0800] "GET /xingrg/all/function/internal_message.html?_=1661742582721&CODE_STATE=getMsg HTTP/1.1" 200 27
114.88.158.224 - - [29/Aug/2022:11:09:42 +0800] "GET /xingrg/all/function/internal_message.html?_=1661742253029&CODE_STATE=getMsg HTTP/1.1" 200 27
114.88.158.224 - - [29/Aug/2022:11:09:43 +0800] "GET /xingrg/check_reg.html?_=1661742254098 HTTP/1.1" 200 22
116.224.255.128 - - [29/Aug/2022:11:09:48 +0800] "GET /xingrg/all/function/internal_message.html?_=1661742509625&CODE_STATE=getMsg HTTP/1.1" 200 27
116.224.123.211 - - [29/Aug/2022:11:09:52 +0800] "GET /xingrg/check_reg.html?_=1661742592507 HTTP/1.1" 200 22
116.224.123.211 - - [29/Aug/2022:11:09:52 +0800] "GET /xingrg/all/function/internal_message.html?_=1661742592508&CODE_STATE=getMsg HTTP/1.1" 200 27
222.69.129.110 - - [29/Aug/2022:11:09:52 +0800] "POST /xingrg/kc/buy/cgsh_order_operate.html HTTP/1.1" 200 37
180.169.147.146 - - [29/Aug/2022:11:09:55 +0800] "GET /xingrg/all/function/internal_message.html?_=1661742595028&CODE_STATE=getMsg HTTP/1.1" 200 27
116.235.94.65 - - [29/Aug/2022:11:09:57 +0800] "GET /xingrg/all/function/internal_message.html?_=1661742789033&CODE_STATE=getMsg HTTP/1.1" 200 27
116.235.94.65 - - [29/Aug/2022:11:09:57 +0800] "GET /xingrg/check_reg.html?_=1661742789528 HTTP/1.1" 200 22
222.69.129.110 - - [29/Aug/2022:11:09:57 +0800] "POST /xingrg/kc/buy/cgsh_order_operate.html HTTP/1.1" 200 12
222.69.129.110 - - [29/Aug/2022:11:10:00 +0800] "GET /xingrg/kc/buy/cgsh_order_info.html?code=212022082910130 HTTP/1.1" 200 62624
222.69.129.110 - - [29/Aug/2022:11:10:00 +0800] "GET /xingrg/javascript/easyui/themes/default/validatebox.css HTTP/1.1" 404 1104
222.69.129.110 - - [29/Aug/2022:11:10:01 +0800] "POST /xingrg/kc/buy/cgsh_order_operate.html HTTP/1.1" 200 603
222.69.129.110 - - [29/Aug/2022:11:10:02 +0800] "GET /xingrg/kc/print/load_data.html?order_code=212022082910130&kc_code=cgsh&condition= HTTP/1.1" 200 701
114.83.219.200 - - [29/Aug/2022:11:10:05 +0800] "GET /xingrg/all/function/internal_message.html?_=1661742603770&CODE_STATE=getMsg HTTP/1.1" 200 27
116.232.194.65 - - [29/Aug/2022:11:10:05 +0800] "GET /xingrg/index.html?sysBaseUrl=http%3A%2F%2F180.169.147.146%3A18081%2Fxingrg%2F&costTime=1277×tamp=1606817596806 HTTP/1.1" 302 -
116.232.194.65 - - [29/Aug/2022:11:10:05 +0800] "GET /xingrg/login.html HTTP/1.1" 200 7641
116.232.194.65 - - [29/Aug/2022:11:10:06 +0800] "GET /favicon.ico HTTP/1.1" 404 -
58.39.35.118 - - [29/Aug/2022:11:10:10 +0800] "GET /xingrg/all/function/internal_message.html?_=1661742610401&CODE_STATE=getMsg HTTP/1.1" 200 27
124.78.153.134 - - [29/Aug/2022:11:10:11 +0800] "GET /xingrg/all/function/internal_message.html?_=1661742619585&CODE_STATE=getMsg HTTP/1.1" 200 27
180.169.147.146 - - [29/Aug/2022:11:10:11 +0800] "GET /xingrg/check_reg.html?_=1661742611932 HTTP/1.1" 200 22
180.169.147.146 - - [29/Aug/2022:11:10:11 +0800] "GET /xingrg/all/function/internal_message.html?_=1661742611949&CODE_STATE=getMsg HTTP/1.1" 200 27
116.224.255.128 - - [29/Aug/2022:11:10:16 +0800] "GET /xingrg/all/function/internal_message.html?_=1661742615468&CODE_STATE=getMsg HTTP/1.1" 200 27
116.225.121.189 - - [29/Aug/2022:11:10:17 +0800] "GET /xingrg/all/function/internal_message.html?_=1661742484035&CODE_STATE=getMsg HTTP/1.1" 200 27
124.78.153.134 - - [29/Aug/2022:11:10:17 +0800] "GET /xingrg/all/function/internal_message.html?_=1661742616042&CODE_STATE=getMsg HTTP/1.1" 200 27
180.169.147.146 - - [29/Aug/2022:11:10:17 +0800] "GET /xingrg/all/function/internal_message.html?_=1661742617517&CODE_STATE=getMsg HTTP/1.1" 200 27
116.225.121.189 - - [29/Aug/2022:11:10:23 +0800] "GET /xingrg/all/function/internal_message.html?_=1661742625037&CODE_STATE=getMsg HTTP/1.1" 200 27
120.253.135.82 - - [29/Aug/2022:11:10:25 +0800] "GET /xingrg/all/function/internal_message.html?_=1661742428334&CODE_STATE=getMsg HTTP/1.1" 200 27
114.84.5.35 - - [29/Aug/2022:11:10:26 +0800] "GET /xingrg/all/function/internal_message.html?_=1661742626301&CODE_STATE=getMsg HTTP/1.1" 200 27
114.84.5.35 - - [29/Aug/2022:11:10:26 +0800] "GET /xingrg/check_reg.html?_=1661742626303 HTTP/1.1" 200 22
116.232.194.65 - - [29/Aug/2022:11:10:27 +0800] "POST /xingrg/login.do HTTP/1.1" 302 -
116.232.194.65 - - [29/Aug/2022:11:10:28 +0800] "GET /xingrg/index.html?sysBaseUrl=http%3A%2F%2F180.169.147.146%3A18081%2Fxingrg%2F&costTime=465×tamp=1661742627922 HTTP/1.1" 200 17179
116.232.194.65 - - [29/Aug/2022:11:10:28 +0800] "GET /favicon.ico HTTP/1.1" 404 -
116.232.194.65 - - [29/Aug/2022:11:10:28 +0800] "POST /xingrg/all/common/load_tree.html?tree=area_rest_tree_json&manage=1 HTTP/1.1" 200 479
116.232.194.65 - - [29/Aug/2022:11:10:28 +0800] "GET /xingrg/check_reg.html?_=1661742588749 HTTP/1.1" 200 22
116.232.194.65 - - [29/Aug/2022:11:10:28 +0800] "GET /xingrg/all/function/internal_message.html?_=1661742588746&CODE_STATE=count HTTP/1.1" 200 11
116.232.194.65 - - [29/Aug/2022:11:10:28 +0800] "POST /xingrg/load_menu.html HTTP/1.1" 200 5138
116.232.194.65 - - [29/Aug/2022:11:10:35 +0800] "GET /xingrg/kc/buy/cgyd_order_list.html HTTP/1.1" 200 52204
116.232.194.65 - - [29/Aug/2022:11:10:37 +0800] "POST /xingrg/kc/buy/cgyd_list_operate.html HTTP/1.1" 200 976
116.232.194.65 - - [29/Aug/2022:11:10:37 +0800] "GET /xingrg/kc/buy/cgsh_order_list.html HTTP/1.1" 200 52737
116.232.194.65 - - [29/Aug/2022:11:10:39 +0800] "POST /xingrg/kc/buy/cgsh_list_operate.html HTTP/1.1" 200 752
116.232.194.65 - - [29/Aug/2022:11:10:41 +0800] "GET /xingrg/kc/buy/cgsh_order_add.html HTTP/1.1" 200 68519
101.80.228.36 - - [29/Aug/2022:11:10:42 +0800] "GET /xingrg/all/function/internal_message.html?_=1661742642706&CODE_STATE=getMsg HTTP/1.1" 200 27
101.80.228.36 - - [29/Aug/2022:11:10:42 +0800] "GET /xingrg/check_reg.html?_=1661742643067 HTTP/1.1" 200 22
116.232.194.65 - - [29/Aug/2022:11:10:42 +0800] "GET /xingrg/words/20220828173911_words.js HTTP/1.1" 304 -
114.88.158.224 - - [29/Aug/2022:11:10:42 +0800] "GET /xingrg/all/function/internal_message.html?_=1661742313002&CODE_STATE=getMsg HTTP/1.1" 200 27
116.232.194.65 - - [29/Aug/2022:11:10:43 +0800] "POST /xingrg/kc/buy/cgsh_order_operate.html HTTP/1.1" 200 8245
116.232.194.65 - - [29/Aug/2022:11:10:43 +0800] "GET /xingrg/all/common/auto_word.html?type=employee&rest_code=00155 HTTP/1.1" 200 205
116.232.194.65 - - [29/Aug/2022:11:10:43 +0800] "GET /xingrg/javascript/easyui/themes/default/validatebox.css HTTP/1.1" 404 1104
116.232.194.65 - - [29/Aug/2022:11:10:43 +0800] "GET /xingrg/all/common/auto_word.html?type=employee&rest_code=00155 HTTP/1.1" 200 205
101.89.239.245 - - [29/Aug/2022:11:10:46 +0800] "GET /xingrg/kc/buy/cgsh_order_operate.html?command=get_materiel&rest_code=00106&code=00101007049&supplier_code=00100002&order_time=2022-08-29 HTTP/1.1" 302 -
101.89.239.245 - - [29/Aug/2022:11:10:46 +0800] "GET /xingrg/login.html HTTP/1.1" 200 7641
116.224.255.128 - - [29/Aug/2022:11:10:48 +0800] "GET /xingrg/all/function/internal_message.html?_=1661742569637&CODE_STATE=getMsg HTTP/1.1" 200 27
222.69.129.110 - - [29/Aug/2022:11:10:48 +0800] "GET /xingrg/kc/buy/cgsh_order_add.html HTTP/1.1" 200 67717
222.69.129.110 - - [29/Aug/2022:11:10:48 +0800] "POST /xingrg/kc/buy/cgsh_order_operate.html HTTP/1.1" 200 8245
222.69.129.110 - - [29/Aug/2022:11:10:48 +0800] "GET /xingrg/javascript/easyui/themes/default/validatebox.css HTTP/1.1" 404 1104
222.69.129.110 - - [29/Aug/2022:11:10:49 +0800] "GET /xingrg/all/function/internal_message.html?_=1661742724494&CODE_STATE=getMsg HTTP/1.1" 200 27
116.224.123.211 - - [29/Aug/2022:11:10:52 +0800] "GET /xingrg/all/function/internal_message.html?_=1661742652520&CODE_STATE=getMsg HTTP/1.1" 200 27
180.169.147.146 - - [29/Aug/2022:11:10:55 +0800] "GET /xingrg/all/function/internal_message.html?_=1661742655012&CODE_STATE=getMsg HTTP/1.1" 200 27
116.235.94.65 - - [29/Aug/2022:11:10:57 +0800] "GET /xingrg/all/function/internal_message.html?_=1661742849005&CODE_STATE=getMsg HTTP/1.1" 200 27
101.89.29.78 - - [29/Aug/2022:11:11:05 +0800] "GET /xingrg/kc/buy/cgsh_order_operate.html?command=get_materiel&rest_code=00106&code=00101016105&supplier_code=00100032&order_time=2022-08-29 HTTP/1.1" 302 -
114.83.219.200 - - [29/Aug/2022:11:11:05 +0800] "GET /xingrg/all/function/internal_message.html?_=1661742663741&CODE_STATE=getMsg HTTP/1.1" 200 27
101.89.29.78 - - [29/Aug/2022:11:11:05 +0800] "GET /xingrg/login.html HTTP/1.1" 200 7641
58.39.35.118 - - [29/Aug/2022:11:11:10 +0800] "GET /xingrg/check_reg.html?_=1661742670394 HTTP/1.1" 200 22
58.39.35.118 - - [29/Aug/2022:11:11:10 +0800] "GET /xingrg/all/function/internal_message.html?_=1661742670396&CODE_STATE=getMsg HTTP/1.1" 200 27
124.78.153.134 - - [29/Aug/2022:11:11:11 +0800] "GET /xingrg/all/function/internal_message.html?_=1661742679583&CODE_STATE=getMsg HTTP/1.1" 200 27
180.169.147.146 - - [29/Aug/2022:11:11:11 +0800] "GET /xingrg/all/function/internal_message.html?_=1661742671936&CODE_STATE=getMsg HTTP/1.1" 200 27
222.69.129.110 - - [29/Aug/2022:11:11:13 +0800] "POST /xingrg/kc/buy/cgsh_order_operate.html HTTP/1.1" 200 37
116.224.255.128 - - [29/Aug/2022:11:11:16 +0800] "GET /xingrg/all/function/internal_message.html?_=1661742675479&CODE_STATE=getMsg HTTP/1.1" 200 27
116.225.121.189 - - [29/Aug/2022:11:11:17 +0800] "GET /xingrg/all/function/internal_message.html?_=1661742544049&CODE_STATE=getMsg HTTP/1.1" 200 27
124.78.153.134 - - [29/Aug/2022:11:11:17 +0800] "GET /xingrg/all/function/internal_message.html?_=1661742676019&CODE_STATE=getMsg HTTP/1.1" 200 27
124.78.153.134 - - [29/Aug/2022:11:11:17 +0800] "GET /xingrg/check_reg.html?_=1661742676109 HTTP/1.1" 200 22
180.169.147.146 - - [29/Aug/2022:11:11:17 +0800] "GET /xingrg/all/function/internal_message.html?_=1661742677508&CODE_STATE=getMsg HTTP/1.1" 200 27
180.169.147.146 - - [29/Aug/2022:11:11:17 +0800] "GET /xingrg/check_reg.html?_=1661742677513 HTTP/1.1" 200 22
116.232.194.65 - - [29/Aug/2022:11:11:17 +0800] "GET /xingrg/javascript/auto/indicator.gif HTTP/1.1" 404 1066
222.69.129.110 - - [29/Aug/2022:11:11:18 +0800] "POST /xingrg/kc/buy/cgsh_order_operate.html HTTP/1.1" 200 12
222.69.129.110 - - [29/Aug/2022:11:11:20 +0800] "GET /xingrg/kc/buy/cgsh_order_info.html?code=212022082910131 HTTP/1.1" 200 62624
180.169.147.146 - - [29/Aug/2022:11:11:20 +0800] "POST /xingrg/kc/base/yddb_list_operate.html HTTP/1.1" 200 2642
222.69.129.110 - - [29/Aug/2022:11:11:20 +0800] "GET /xingrg/javascript/easyui/themes/default/validatebox.css HTTP/1.1" 404 1104
222.69.129.110 - - [29/Aug/2022:11:11:21 +0800] "POST /xingrg/kc/buy/cgsh_order_operate.html HTTP/1.1" 200 603
116.232.194.65 - - [29/Aug/2022:11:11:21 +0800] "GET /xingrg/javascript/jquery_tools/images/prev.gif HTTP/1.1" 404 1086
116.232.194.65 - - [29/Aug/2022:11:11:21 +0800] "GET /xingrg/javascript/jquery_tools/images/next.gif HTTP/1.1" 404 1086
116.225.121.189 - - [29/Aug/2022:11:11:23 +0800] "GET /xingrg/all/function/internal_message.html?_=1661742685038&CODE_STATE=getMsg HTTP/1.1" 200 27
222.69.129.110 - - [29/Aug/2022:11:11:23 +0800] "GET /xingrg/kc/print/load_data.html?order_code=212022082910131&kc_code=cgsh&condition= HTTP/1.1" 200 701
180.169.147.146 - - [29/Aug/2022:11:11:25 +0800] "POST /xingrg/kc/base/yddb_list_operate.html HTTP/1.1" 200 576
120.253.135.82 - - [29/Aug/2022:11:11:25 +0800] "GET /xingrg/all/function/internal_message.html?_=1661742488346&CODE_STATE=getMsg HTTP/1.1" 200 27
180.169.147.146 - - [29/Aug/2022:11:11:26 +0800] "POST /xingrg/kc/base/yddb_list_operate.html HTTP/1.1" 200 202
114.84.5.35 - - [29/Aug/2022:11:11:26 +0800] "GET /xingrg/all/function/internal_message.html?_=1661742686302&CODE_STATE=getMsg HTTP/1.1" 200 27
116.232.194.65 - - [29/Aug/2022:11:11:28 +0800] "GET /xingrg/all/function/internal_message.html?_=1661742648756&CODE_STATE=getMsg HTTP/1.1" 200 27
180.169.147.146 - - [29/Aug/2022:11:11:29 +0800] "GET /xingrg/javascript/jquery_easy_ui/themes/default/images/tabs_active.png HTTP/1.1" 304 -
116.232.194.65 - - [29/Aug/2022:11:11:33 +0800] "GET /xingrg/kc/buy/cgsh_order_operate.html?command=get_materiel&rest_code=00155&code=00101006124&supplier_code=00100012&order_time=2022-08-29 HTTP/1.1" 200 409
180.169.147.146 - - [29/Aug/2022:11:11:36 +0800] "GET /xingrg/kc/buy/buy_main.html HTTP/1.1" 200 12412
180.169.147.146 - - [29/Aug/2022:11:11:36 +0800] "GET /xingrg/css/new_ie.css HTTP/1.1" 404 1036
180.169.147.146 - - [29/Aug/2022:11:11:37 +0800] "GET /xingrg/images/yd/bt.gif HTTP/1.1" 404 1040
180.169.147.146 - - [29/Aug/2022:11:11:37 +0800] "GET /xingrg/kc/buy/cgsh_order_list.html HTTP/1.1" 200 52737
180.169.147.146 - - [29/Aug/2022:11:11:39 +0800] "POST /xingrg/kc/buy/cgsh_list_operate.html HTTP/1.1" 200 752
180.169.147.146 - - [29/Aug/2022:11:11:41 +0800] "GET /xingrg/kc/buy/cgsh_order_add.html HTTP/1.1" 200 68516
180.169.147.146 - - [29/Aug/2022:11:11:41 +0800] "POST /xingrg/kc/buy/cgsh_order_operate.html HTTP/1.1" 200 8245
180.169.147.146 - - [29/Aug/2022:11:11:41 +0800] "GET /xingrg/javascript/easyui/themes/default/validatebox.css HTTP/1.1" 404 1104
101.80.228.36 - - [29/Aug/2022:11:11:42 +0800] "GET /xingrg/all/function/internal_message.html?_=1661742702678&CODE_STATE=getMsg HTTP/1.1" 200 27
114.88.158.224 - - [29/Aug/2022:11:11:42 +0800] "GET /xingrg/all/function/internal_message.html?_=1661742372978&CODE_STATE=getMsg HTTP/1.1" 200 27
180.169.147.146 - - [29/Aug/2022:11:11:44 +0800] "GET /xingrg/javascript/auto/indicator.gif HTTP/1.1" 404 1066
180.169.147.146 - - [29/Aug/2022:11:11:45 +0800] "GET /xingrg/javascript/jquery_tools/images/prev.gif HTTP/1.1" 404 1086
180.169.147.146 - - [29/Aug/2022:11:11:45 +0800] "GET /xingrg/javascript/jquery_tools/images/next.gif HTTP/1.1" 404 1086
116.224.255.128 - - [29/Aug/2022:11:11:46 +0800] "GET /xingrg/check_reg.html?_=1661742627941 HTTP/1.1" 200 22
116.224.255.128 - - [29/Aug/2022:11:11:48 +0800] "GET /xingrg/all/function/internal_message.html?_=1661742629650&CODE_STATE=getMsg HTTP/1.1" 200 27
222.69.129.110 - - [29/Aug/2022:11:11:49 +0800] "GET /xingrg/all/function/internal_message.html?_=1661742784482&CODE_STATE=getMsg HTTP/1.1" 200 27
116.224.123.211 - - [29/Aug/2022:11:11:52 +0800] "GET /xingrg/all/function/internal_message.html?_=1661742712519&CODE_STATE=getMsg HTTP/1.1" 200 27
180.169.147.146 - - [29/Aug/2022:11:11:55 +0800] "GET /xingrg/all/function/internal_message.html?_=1661742714996&CODE_STATE=getMsg HTTP/1.1" 200 27
116.235.94.65 - - [29/Aug/2022:11:11:57 +0800] "GET /xingrg/all/function/internal_message.html?_=1661742908982&CODE_STATE=getMsg HTTP/1.1" 200 27
180.169.147.146 - - [29/Aug/2022:11:11:59 +0800] "GET /xingrg/check_reg.html?_=1661742719077 HTTP/1.1" 200 22
180.169.147.146 - - [29/Aug/2022:11:12:03 +0800] "GET /xingrg/kc/buy/cgsh_order_operate.html?command=get_materiel&rest_code=00147&code=00101001010&supplier_code=00100454&order_time=2022-08-29 HTTP/1.1" 200 429
114.83.219.200 - - [29/Aug/2022:11:12:05 +0800] "GET /xingrg/all/function/internal_message.html?_=1661742723730&CODE_STATE=getMsg HTTP/1.1" 200 27
58.39.35.118 - - [29/Aug/2022:11:12:10 +0800] "GET /xingrg/all/function/internal_message.html?_=1661742730394&CODE_STATE=getMsg HTTP/1.1" 200 27
124.78.153.134 - - [29/Aug/2022:11:12:11 +0800] "GET /xingrg/check_reg.html?_=1661742739584 HTTP/1.1" 200 22
124.78.153.134 - - [29/Aug/2022:11:12:11 +0800] "GET /xingrg/all/function/internal_message.html?_=1661742739587&CODE_STATE=getMsg HTTP/1.1" 200 27
180.169.147.146 - - [29/Aug/2022:11:12:11 +0800] "GET /xingrg/all/function/internal_message.html?_=1661742731930&CODE_STATE=getMsg HTTP/1.1" 200 27
116.232.194.65 - - [29/Aug/2022:11:12:16 +0800] "GET /xingrg/kc/buy/cgsh_order_operate.html?command=get_materiel&rest_code=00155&code=00101006065&supplier_code=00100012&order_time=2022-08-29 HTTP/1.1" 200 409
222.69.129.110 - - [29/Aug/2022:11:12:16 +0800] "GET /xingrg/kc/buy/cgsh_order_add.html HTTP/1.1" 200 67717
116.224.255.128 - - [29/Aug/2022:11:12:16 +0800] "GET /xingrg/all/function/internal_message.html?_=1661742735476&CODE_STATE=getMsg HTTP/1.1" 200 27
222.69.129.110 - - [29/Aug/2022:11:12:17 +0800] "POST /xingrg/kc/buy/cgsh_order_operate.html HTTP/1.1" 200 8245
222.69.129.110 - - [29/Aug/2022:11:12:17 +0800] "GET /xingrg/javascript/easyui/themes/default/validatebox.css HTTP/1.1" 404 1104
116.225.121.189 - - [29/Aug/2022:11:12:17 +0800] "GET /xingrg/all/function/internal_message.html?_=1661742604073&CODE_STATE=getMsg HTTP/1.1" 200 27
124.78.153.134 - - [29/Aug/2022:11:12:17 +0800] "GET /xingrg/all/function/internal_message.html?_=1661742736045&CODE_STATE=getMsg HTTP/1.1" 200 27
180.169.147.146 - - [29/Aug/2022:11:12:17 +0800] "GET /xingrg/all/function/internal_message.html?_=1661742737519&CODE_STATE=getMsg HTTP/1.1" 200 27
101.89.239.245 - - [29/Aug/2022:11:12:18 +0800] "GET /xingrg/check_reg.html?_=1661742676109 HTTP/1.1" 302 -
101.89.239.245 - - [29/Aug/2022:11:12:18 +0800] "GET /xingrg/login.html HTTP/1.1" 200 7641
116.225.121.189 - - [29/Aug/2022:11:12:23 +0800] "GET /xingrg/all/function/internal_message.html?_=1661742745038&CODE_STATE=getMsg HTTP/1.1" 200 27
120.253.135.82 - - [29/Aug/2022:11:12:25 +0800] "GET /xingrg/all/function/internal_message.html?_=1661742548441&CODE_STATE=getMsg HTTP/1.1" 200 27
114.84.5.35 - - [29/Aug/2022:11:12:26 +0800] "GET /xingrg/all/function/internal_message.html?_=1661742746302&CODE_STATE=getMsg HTTP/1.1" 200 27
116.232.194.65 - - [29/Aug/2022:11:12:28 +0800] "GET /xingrg/all/function/internal_message.html?_=1661742708767&CODE_STATE=getMsg HTTP/1.1" 200 27
61.151.206.14 - - [29/Aug/2022:11:12:33 +0800] "GET /xingrg/all/function/internal_message.html?_=1661741536002&CODE_STATE=getMsg HTTP/1.1" 302 -
116.232.194.65 - - [29/Aug/2022:11:12:34 +0800] "GET /xingrg/kc/buy/cgsh_order_operate.html?command=get_materiel&rest_code=00155&code=00101006055&supplier_code=00100012&order_time=2022-08-29 HTTP/1.1" 200 409
61.151.206.14 - - [29/Aug/2022:11:12:34 +0800] "GET /xingrg/login.html HTTP/1.1" 200 7641
101.80.228.36 - - [29/Aug/2022:11:12:42 +0800] "GET /xingrg/all/function/internal_message.html?_=1661742762663&CODE_STATE=getMsg HTTP/1.1" 200 27
222.69.129.110 - - [29/Aug/2022:11:12:42 +0800] "POST /xingrg/kc/buy/cgsh_order_operate.html HTTP/1.1" 200 37
114.88.158.224 - - [29/Aug/2022:11:12:42 +0800] "GET /xingrg/all/function/internal_message.html?_=1661742432949&CODE_STATE=getMsg HTTP/1.1" 200 27
222.69.129.110 - - [29/Aug/2022:11:12:46 +0800] "POST /xingrg/kc/buy/cgsh_order_operate.html HTTP/1.1" 200 12
116.224.255.128 - - [29/Aug/2022:11:12:48 +0800] "GET /xingrg/all/function/internal_message.html?_=1661742689663&CODE_STATE=getMsg HTTP/1.1" 200 27
222.69.129.110 - - [29/Aug/2022:11:12:49 +0800] "GET /xingrg/kc/buy/cgsh_order_info.html?code=212022082910132 HTTP/1.1" 200 62624
222.69.129.110 - - [29/Aug/2022:11:12:49 +0800] "GET /xingrg/javascript/easyui/themes/default/validatebox.css HTTP/1.1" 404 1104
222.69.129.110 - - [29/Aug/2022:11:12:49 +0800] "GET /xingrg/all/function/internal_message.html?_=1661742844464&CODE_STATE=getMsg HTTP/1.1" 200 27
222.69.129.110 - - [29/Aug/2022:11:12:49 +0800] "GET /xingrg/check_reg.html?_=1661742844562 HTTP/1.1" 200 22
116.232.194.65 - - [29/Aug/2022:11:12:51 +0800] "POST /xingrg/kc/buy/cgsh_order_operate.html HTTP/1.1" 200 37
222.69.129.110 - - [29/Aug/2022:11:12:51 +0800] "POST /xingrg/kc/buy/cgsh_order_operate.html HTTP/1.1" 200 603
116.224.123.211 - - [29/Aug/2022:11:12:52 +0800] "GET /xingrg/all/function/internal_message.html?_=1661742772511&CODE_STATE=getMsg HTTP/1.1" 200 27
222.69.129.110 - - [29/Aug/2022:11:12:52 +0800] "GET /xingrg/kc/print/load_data.html?order_code=212022082910132&kc_code=cgsh&condition= HTTP/1.1" 200 701
116.232.194.65 - - [29/Aug/2022:11:12:53 +0800] "POST /xingrg/kc/buy/cgsh_order_operate.html HTTP/1.1" 200 3832
120.253.135.82 - - [29/Aug/2022:11:12:55 +0800] "GET /xingrg/check_reg.html?_=1661742578150 HTTP/1.1" 200 22
180.169.147.146 - - [29/Aug/2022:11:12:55 +0800] "GET /xingrg/all/function/internal_message.html?_=1661742774976&CODE_STATE=getMsg HTTP/1.1" 200 27
116.232.194.65 - - [29/Aug/2022:11:12:56 +0800] "GET /xingrg/kc/print/load_config.html?kc_code=cgsh HTTP/1.1" 200 1943
116.232.194.65 - - [29/Aug/2022:11:12:56 +0800] "GET /xingrg/kc/print/load_data.html?order_code=212022082910133&kc_code=cgsh&condition= HTTP/1.1" 200 1212
116.235.94.65 - - [29/Aug/2022:11:12:57 +0800] "GET /xingrg/all/function/internal_message.html?_=1661742968963&CODE_STATE=getMsg HTTP/1.1" 200 27
114.83.219.200 - - [29/Aug/2022:11:13:05 +0800] "GET /xingrg/all/function/internal_message.html?_=1661742783716&CODE_STATE=getMsg HTTP/1.1" 200 27
114.83.219.200 - - [29/Aug/2022:11:13:06 +0800] "GET /xingrg/check_reg.html?_=1661742785238 HTTP/1.1" 200 22
58.39.35.118 - - [29/Aug/2022:11:13:10 +0800] "GET /xingrg/all/function/internal_message.html?_=1661742790396&CODE_STATE=getMsg HTTP/1.1" 200 27
124.78.153.134 - - [29/Aug/2022:11:13:11 +0800] "GET /xingrg/all/function/internal_message.html?_=1661742799573&CODE_STATE=getMsg HTTP/1.1" 200 27
180.169.147.146 - - [29/Aug/2022:11:13:11 +0800] "GET /xingrg/all/function/internal_message.html?_=1661742791925&CODE_STATE=getMsg HTTP/1.1" 200 27
116.224.255.128 - - [29/Aug/2022:11:13:16 +0800] "GET /xingrg/check_reg.html?_=1661742795478 HTTP/1.1" 200 22
116.224.255.128 - - [29/Aug/2022:11:13:16 +0800] "GET /xingrg/all/function/internal_message.html?_=1661742795481&CODE_STATE=getMsg HTTP/1.1" 200 27
116.225.121.189 - - [29/Aug/2022:11:13:17 +0800] "GET /xingrg/all/function/internal_message.html?_=1661742664071&CODE_STATE=getMsg HTTP/1.1" 200 27
116.225.121.189 - - [29/Aug/2022:11:13:17 +0800] "GET /xingrg/check_reg.html?_=1661742664076 HTTP/1.1" 200 22
124.78.153.134 - - [29/Aug/2022:11:13:17 +0800] "GET /xingrg/all/function/internal_message.html?_=1661742796047&CODE_STATE=getMsg HTTP/1.1" 200 27
180.169.147.146 - - [29/Aug/2022:11:13:17 +0800] "GET /xingrg/all/function/internal_message.html?_=1661742797514&CODE_STATE=getMsg HTTP/1.1" 200 27
116.232.194.65 - - [29/Aug/2022:11:13:19 +0800] "GET /xingrg/kc/buy/cgsh_order_add.html HTTP/1.1" 200 68519
116.232.194.65 - - [29/Aug/2022:11:13:19 +0800] "POST /xingrg/kc/buy/cgsh_order_operate.html HTTP/1.1" 200 8245
116.232.194.65 - - [29/Aug/2022:11:13:19 +0800] "GET /xingrg/javascript/easyui/themes/default/validatebox.css HTTP/1.1" 404 1104
180.169.147.146 - - [29/Aug/2022:11:13:21 +0800] "GET /xingrg/kc/buy/cgsh_order_operate.html?command=get_materiel&rest_code=00147&code=00101002027&supplier_code=00100454&order_time=2022-08-29 HTTP/1.1" 200 413
116.225.121.189 - - [29/Aug/2022:11:13:23 +0800] "GET /xingrg/check_reg.html?_=1661742805038 HTTP/1.1" 200 22
116.225.121.189 - - [29/Aug/2022:11:13:23 +0800] "GET /xingrg/all/function/internal_message.html?_=1661742805042&CODE_STATE=getMsg HTTP/1.1" 200 27
116.224.123.211 - - [29/Aug/2022:11:13:23 +0800] "GET /xingrg/check_reg.html?_=1661742809299 HTTP/1.1" 302 -
120.253.135.82 - - [29/Aug/2022:11:13:25 +0800] "GET /xingrg/all/function/internal_message.html?_=1661742608445&CODE_STATE=getMsg HTTP/1.1" 200 27
114.84.5.35 - - [29/Aug/2022:11:13:26 +0800] "GET /xingrg/all/function/internal_message.html?_=1661742806303&CODE_STATE=getMsg HTTP/1.1" 200 27
116.232.194.65 - - [29/Aug/2022:11:13:28 +0800] "GET /xingrg/all/function/internal_message.html?_=1661742768767&CODE_STATE=getMsg HTTP/1.1" 200 27
180.169.147.146 - - [29/Aug/2022:11:13:33 +0800] "GET /xingrg/kc/buy/cgsh_order_operate.html?command=get_materiel&rest_code=00147&code=00101006161&supplier_code=00100454&order_time=2022-08-29 HTTP/1.1" 200 411
101.80.228.36 - - [29/Aug/2022:11:13:42 +0800] "GET /xingrg/all/function/internal_message.html?_=1661742822634&CODE_STATE=getMsg HTTP/1.1" 200 27
114.88.158.224 - - [29/Aug/2022:11:13:42 +0800] "GET /xingrg/all/function/internal_message.html?_=1661742492956&CODE_STATE=getMsg HTTP/1.1" 200 27
116.224.255.128 - - [29/Aug/2022:11:13:48 +0800] "GET /xingrg/all/function/internal_message.html?_=1661742749677&CODE_STATE=getMsg HTTP/1.1" 200 27
222.69.129.110 - - [29/Aug/2022:11:13:49 +0800] "GET /xingrg/all/function/internal_message.html?_=1661742904452&CODE_STATE=getMsg HTTP/1.1" 200 27
116.224.255.128 - - [29/Aug/2022:11:13:51 +0800] "GET /xingrg/kc/buy/cgsh_order_list.html HTTP/1.1" 200 52737
116.224.123.211 - - [29/Aug/2022:11:13:52 +0800] "GET /xingrg/all/function/internal_message.html?_=1661742832500&CODE_STATE=getMsg HTTP/1.1" 200 27
116.224.255.128 - - [29/Aug/2022:11:13:52 +0800] "POST /xingrg/kc/buy/cgsh_list_operate.html HTTP/1.1" 200 752
116.224.255.128 - - [29/Aug/2022:11:13:54 +0800] "GET /xingrg/kc/buy/cgsh_order_add.html HTTP/1.1" 200 68513
116.224.255.128 - - [29/Aug/2022:11:13:55 +0800] "POST /xingrg/kc/buy/cgsh_order_operate.html HTTP/1.1" 200 8245
116.224.255.128 - - [29/Aug/2022:11:13:55 +0800] "GET /xingrg/all/common/auto_word.html?type=employee&rest_code=00150 HTTP/1.1" 200 159
116.224.255.128 - - [29/Aug/2022:11:13:55 +0800] "GET /xingrg/javascript/easyui/themes/default/validatebox.css HTTP/1.1" 404 1104
116.224.255.128 - - [29/Aug/2022:11:13:55 +0800] "GET /xingrg/all/common/auto_word.html?type=employee&rest_code=00150 HTTP/1.1" 200 159
180.169.147.146 - - [29/Aug/2022:11:13:55 +0800] "GET /xingrg/all/function/internal_message.html?_=1661742834947&CODE_STATE=getMsg HTTP/1.1" 200 27
116.235.94.65 - - [29/Aug/2022:11:13:56 +0800] "GET /xingrg/all/function/internal_message.html?_=1661743028941&CODE_STATE=getMsg HTTP/1.1" 200 27
116.224.255.128 - - [29/Aug/2022:11:13:58 +0800] "GET /xingrg/javascript/auto/indicator.gif HTTP/1.1" 404 1066
114.83.219.200 - - [29/Aug/2022:11:14:05 +0800] "GET /xingrg/all/function/internal_message.html?_=1661742843693&CODE_STATE=getMsg HTTP/1.1" 200 27
116.224.255.128 - - [29/Aug/2022:11:14:06 +0800] "GET /xingrg/kc/buy/cgsh_order_operate.html?command=get_materiel&rest_code=00150&code=00101011005&supplier_code=00100047&order_time=2022-08-29 HTTP/1.1" 200 429
58.39.35.118 - - [29/Aug/2022:11:14:10 +0800] "GET /xingrg/all/function/internal_message.html?_=1661742850384&CODE_STATE=getMsg HTTP/1.1" 200 27
124.78.153.134 - - [29/Aug/2022:11:14:11 +0800] "GET /xingrg/all/function/internal_message.html?_=1661742859572&CODE_STATE=getMsg HTTP/1.1" 200 27
180.169.147.146 - - [29/Aug/2022:11:14:11 +0800] "GET /xingrg/all/function/internal_message.html?_=1661742851945&CODE_STATE=getMsg HTTP/1.1" 200 27
116.224.255.128 - - [29/Aug/2022:11:14:16 +0800] "GET /xingrg/all/function/internal_message.html?_=1661742855481&CODE_STATE=getMsg HTTP/1.1" 200 27
116.225.121.189 - - [29/Aug/2022:11:14:17 +0800] "GET /xingrg/all/function/internal_message.html?_=1661742724062&CODE_STATE=getMsg HTTP/1.1" 200 27
124.78.153.134 - - [29/Aug/2022:11:14:17 +0800] "GET /xingrg/all/function/internal_message.html?_=1661742856017&CODE_STATE=getMsg HTTP/1.1" 200 27
180.169.147.146 - - [29/Aug/2022:11:14:17 +0800] "GET /xingrg/all/function/internal_message.html?_=1661742857528&CODE_STATE=getMsg HTTP/1.1" 200 27
116.225.121.189 - - [29/Aug/2022:11:14:23 +0800] "GET /xingrg/all/function/internal_message.html?_=1661742865041&CODE_STATE=getMsg HTTP/1.1" 200 27
120.253.135.82 - - [29/Aug/2022:11:14:25 +0800] "GET /xingrg/all/function/internal_message.html?_=1661742668458&CODE_STATE=getMsg HTTP/1.1" 200 27
114.84.5.35 - - [29/Aug/2022:11:14:26 +0800] "GET /xingrg/all/function/internal_message.html?_=1661742866303&CODE_STATE=getMsg HTTP/1.1" 200 27
116.232.194.65 - - [29/Aug/2022:11:14:27 +0800] "POST /xingrg/kc/buy/cgsh_list_operate.html HTTP/1.1" 200 1535
116.224.255.128 - - [29/Aug/2022:11:14:27 +0800] "GET /xingrg/kc/buy/cgsh_order_operate.html?command=get_materiel&rest_code=00150&code=00101011004&supplier_code=00100047&order_time=2022-08-29 HTTP/1.1" 200 412
116.232.194.65 - - [29/Aug/2022:11:14:28 +0800] "GET /xingrg/all/function/internal_message.html?_=1661742828776&CODE_STATE=getMsg HTTP/1.1" 200 27
116.232.194.65 - - [29/Aug/2022:11:14:30 +0800] "POST /xingrg/kc/buy/cgsh_list_operate.html HTTP/1.1" 200 343
116.224.255.128 - - [29/Aug/2022:11:14:38 +0800] "POST /xingrg/kc/buy/cgsh_order_operate.html HTTP/1.1" 200 37
101.80.228.36 - - [29/Aug/2022:11:14:42 +0800] "GET /xingrg/all/function/internal_message.html?_=1661742882620&CODE_STATE=getMsg HTTP/1.1" 200 27
116.224.255.128 - - [29/Aug/2022:11:14:42 +0800] "POST /xingrg/kc/buy/cgsh_order_operate.html HTTP/1.1" 200 12
116.232.194.65 - - [29/Aug/2022:11:14:42 +0800] "POST /xingrg/kc/buy/cgsh_list_operate.html HTTP/1.1" 200 987
114.88.158.224 - - [29/Aug/2022:11:14:42 +0800] "GET /xingrg/all/function/internal_message.html?_=1661742552933&CODE_STATE=getMsg HTTP/1.1" 200 27
116.224.255.128 - - [29/Aug/2022:11:14:43 +0800] "GET /xingrg/kc/buy/cgsh_order_info.html?code=212022082910134 HTTP/1.1" 200 63416
114.88.158.224 - - [29/Aug/2022:11:14:43 +0800] "GET /xingrg/check_reg.html?_=1661742554123 HTTP/1.1" 200 22
116.224.255.128 - - [29/Aug/2022:11:14:44 +0800] "GET /xingrg/javascript/easyui/themes/default/validatebox.css HTTP/1.1" 404 1104
116.224.255.128 - - [29/Aug/2022:11:14:45 +0800] "POST /xingrg/kc/buy/cgsh_order_operate.html HTTP/1.1" 200 1198
116.224.255.128 - - [29/Aug/2022:11:14:46 +0800] "GET /xingrg/kc/print/load_data.html?order_code=212022082910134&kc_code=cgsh&condition= HTTP/1.1" 200 984
116.224.255.128 - - [29/Aug/2022:11:14:48 +0800] "GET /xingrg/all/function/internal_message.html?_=1661742809739&CODE_STATE=getMsg HTTP/1.1" 200 27
222.69.129.110 - - [29/Aug/2022:11:14:49 +0800] "GET /xingrg/all/function/internal_message.html?_=1661742964439&CODE_STATE=getMsg HTTP/1.1" 200 27
222.69.129.110 - - [29/Aug/2022:11:14:51 +0800] "GET /xingrg/kc/buy/cgsh_order_add.html HTTP/1.1" 200 67717
222.69.129.110 - - [29/Aug/2022:11:14:51 +0800] "POST /xingrg/kc/buy/cgsh_order_operate.html HTTP/1.1" 200 8245
222.69.129.110 - - [29/Aug/2022:11:14:51 +0800] "GET /xingrg/javascript/easyui/themes/default/validatebox.css HTTP/1.1" 404 1104
116.224.123.211 - - [29/Aug/2022:11:14:52 +0800] "GET /xingrg/all/function/internal_message.html?_=1661742892517&CODE_STATE=getMsg HTTP/1.1" 200 27
116.224.123.211 - - [29/Aug/2022:11:14:52 +0800] "GET /xingrg/check_reg.html?_=1661742892517 HTTP/1.1" 200 22
116.224.255.128 - - [29/Aug/2022:11:14:52 +0800] "POST /xingrg/all/user/operate.html HTTP/1.1" 200 36
116.224.255.128 - - [29/Aug/2022:11:14:53 +0800] "GET /xingrg/index.html?sysBaseUrl=http%3A%2F%2F180.169.147.146%3A18081%2Fxingrg%2F&costTime=461×tamp=1661739985513 HTTP/1.1" 200 17177
116.224.255.128 - - [29/Aug/2022:11:14:53 +0800] "GET /xingrg/javascript/jquery_easy_ui/themes/default/easyui.css HTTP/1.1" 304 -
116.224.255.128 - - [29/Aug/2022:11:14:53 +0800] "GET /xingrg/javascript/jquery_easy_ui/themes/icon.css HTTP/1.1" 304 -
116.224.255.128 - - [29/Aug/2022:11:14:53 +0800] "GET /xingrg/css/form.css HTTP/1.1" 304 -
116.224.255.128 - - [29/Aug/2022:11:14:53 +0800] "GET /xingrg/javascript/jquery-1.4.2.min.js HTTP/1.1" 304 -
116.224.255.128 - - [29/Aug/2022:11:14:53 +0800] "GET /xingrg/javascript/jquery_easy_ui/jquery.easyui.min.js HTTP/1.1" 304 -
116.224.255.128 - - [29/Aug/2022:11:14:53 +0800] "GET /xingrg/javascript/jquery_easy_ui/easyui-lang-zh_CN.js HTTP/1.1" 304 -
116.224.255.128 - - [29/Aug/2022:11:14:53 +0800] "GET /xingrg/javascript/jquery.form.js HTTP/1.1" 304 -
116.224.255.128 - - [29/Aug/2022:11:14:53 +0800] "GET /xingrg/javascript/jquery.utils.js HTTP/1.1" 304 -
116.224.255.128 - - [29/Aug/2022:11:14:53 +0800] "GET /xingrg/javascript/jquery.timers.js HTTP/1.1" 304 -
116.224.255.128 - - [29/Aug/2022:11:14:53 +0800] "GET /xingrg/images/blue/jxLogo.png HTTP/1.1" 304 -
116.224.255.128 - - [29/Aug/2022:11:14:53 +0800] "GET /xingrg/images/blue/navBackgound.jpg HTTP/1.1" 304 -
116.224.255.128 - - [29/Aug/2022:11:14:53 +0800] "GET /xingrg/javascript/jquery_easy_ui/themes/icons/settle_new.png HTTP/1.1" 304 -
116.224.255.128 - - [29/Aug/2022:11:14:53 +0800] "GET /xingrg/all/function/internal_message.html?_=1661742891820&CODE_STATE=count HTTP/1.1" 200 11
116.224.255.128 - - [29/Aug/2022:11:14:53 +0800] "POST /xingrg/all/common/load_tree.html?tree=area_rest_tree_json&manage=1 HTTP/1.1" 200 476
116.224.255.128 - - [29/Aug/2022:11:14:53 +0800] "GET /xingrg/check_reg.html?_=1661742891822 HTTP/1.1" 200 22
116.224.255.128 - - [29/Aug/2022:11:14:53 +0800] "GET /xingrg/javascript/jquery_easy_ui/themes/default/images/tabs_leftarrow.png HTTP/1.1" 304 -
116.224.255.128 - - [29/Aug/2022:11:14:53 +0800] "GET /xingrg/images/blue/pingpu.png HTTP/1.1" 304 -
116.224.255.128 - - [29/Aug/2022:11:14:53 +0800] "GET /xingrg/javascript/jquery_easy_ui/themes/default/images/panel_tool_collapse.gif HTTP/1.1" 304 -
116.224.255.128 - - [29/Aug/2022:11:14:53 +0800] "GET /xingrg/javascript/jquery_easy_ui/themes/default/images/tabs_rightarrow.png HTTP/1.1" 304 -
116.224.255.128 - - [29/Aug/2022:11:14:53 +0800] "POST /xingrg/load_menu.html HTTP/1.1" 200 5138
124.78.153.134 - - [29/Aug/2022:11:14:55 +0800] "GET /xingrg/kc/base/base_main.html HTTP/1.1" 200 12142
116.224.255.128 - - [29/Aug/2022:11:14:55 +0800] "GET /xingrg/kc/buy/cgsh_order_list.html HTTP/1.1" 200 52735
180.169.147.146 - - [29/Aug/2022:11:14:55 +0800] "GET /xingrg/all/function/internal_message.html?_=1661742894925&CODE_STATE=getMsg HTTP/1.1" 200 27
116.235.94.65 - - [29/Aug/2022:11:14:56 +0800] "GET /xingrg/all/function/internal_message.html?_=1661743088920&CODE_STATE=getMsg HTTP/1.1" 200 27
116.224.255.128 - - [29/Aug/2022:11:14:56 +0800] "POST /xingrg/kc/buy/cgsh_list_operate.html HTTP/1.1" 200 752
116.235.94.65 - - [29/Aug/2022:11:14:57 +0800] "GET /xingrg/check_reg.html?_=1661743089505 HTTP/1.1" 200 22
116.224.255.128 - - [29/Aug/2022:11:14:57 +0800] "GET /xingrg/kc/buy/cgsh_order_add.html HTTP/1.1" 200 68111
116.224.255.128 - - [29/Aug/2022:11:14:58 +0800] "POST /xingrg/kc/buy/cgsh_order_operate.html HTTP/1.1" 200 8245
116.224.255.128 - - [29/Aug/2022:11:14:58 +0800] "GET /xingrg/javascript/easyui/themes/default/validatebox.css HTTP/1.1" 404 1104
116.224.255.128 - - [29/Aug/2022:11:14:59 +0800] "GET /xingrg/javascript/auto/indicator.gif HTTP/1.1" 404 1066
116.232.194.65 - - [29/Aug/2022:11:15:00 +0800] "GET /xingrg/kc/buy/cgsh_order_info.html?code=212022082910133 HTTP/1.1" 200 68528
116.232.194.65 - - [29/Aug/2022:11:15:01 +0800] "GET /xingrg/javascript/easyui/themes/default/validatebox.css HTTP/1.1" 404 1104
116.232.194.65 - - [29/Aug/2022:11:15:02 +0800] "POST /xingrg/kc/buy/cgsh_order_operate.html HTTP/1.1" 200 3832
116.232.194.65 - - [29/Aug/2022:11:15:03 +0800] "GET /xingrg/kc/print/load_data.html?order_code=212022082910133&kc_code=cgsh HTTP/1.1" 200 1212
114.83.219.200 - - [29/Aug/2022:11:15:05 +0800] "GET /xingrg/all/function/internal_message.html?_=1661742903676&CODE_STATE=getMsg HTTP/1.1" 200 27
116.224.255.128 - - [29/Aug/2022:11:15:06 +0800] "GET /xingrg/kc/buy/cgsh_order_operate.html?command=get_materiel&rest_code=00151&code=00101011005&supplier_code=00100047&order_time=2022-08-29 HTTP/1.1" 200 429
101.89.19.197 - - [29/Aug/2022:11:15:08 +0800] "GET /xingrg/all/function/internal_message.html?_=1661742015997&CODE_STATE=getMsg HTTP/1.1" 302 -
101.89.19.197 - - [29/Aug/2022:11:15:08 +0800] "GET /xingrg/login.html HTTP/1.1" 200 7641
58.39.35.118 - - [29/Aug/2022:11:15:10 +0800] "GET /xingrg/all/function/internal_message.html?_=1661742910402&CODE_STATE=getMsg HTTP/1.1" 200 27
124.78.153.134 - - [29/Aug/2022:11:15:11 +0800] "GET /xingrg/all/function/internal_message.html?_=1661742919573&CODE_STATE=getMsg HTTP/1.1" 200 27
180.169.147.146 - - [29/Aug/2022:11:15:11 +0800] "GET /xingrg/check_reg.html?_=1661742911933 HTTP/1.1" 200 22
180.169.147.146 - - [29/Aug/2022:11:15:11 +0800] "GET /xingrg/all/function/internal_message.html?_=1661742911944&CODE_STATE=getMsg HTTP/1.1" 200 27
222.69.129.110 - - [29/Aug/2022:11:15:14 +0800] "POST /xingrg/kc/buy/cgsh_order_operate.html HTTP/1.1" 200 37
116.225.121.189 - - [29/Aug/2022:11:15:17 +0800] "GET /xingrg/all/function/internal_message.html?_=1661742784062&CODE_STATE=getMsg HTTP/1.1" 200 27
180.169.147.146 - - [29/Aug/2022:11:15:17 +0800] "GET /xingrg/all/function/internal_message.html?_=1661742917516&CODE_STATE=getMsg HTTP/1.1" 200 27
116.224.255.128 - - [29/Aug/2022:11:15:18 +0800] "GET /xingrg/kc/buy/cgsh_order_operate.html?command=get_materiel&rest_code=00151&code=00101011001&supplier_code=00100047&order_time=2022-08-29 HTTP/1.1" 200 423
222.69.129.110 - - [29/Aug/2022:11:15:21 +0800] "POST /xingrg/kc/buy/cgsh_order_operate.html HTTP/1.1" 200 12
116.225.121.189 - - [29/Aug/2022:11:15:23 +0800] "GET /xingrg/all/function/internal_message.html?_=1661742925041&CODE_STATE=getMsg HTTP/1.1" 200 27
222.69.129.110 - - [29/Aug/2022:11:15:23 +0800] "GET /xingrg/kc/buy/cgsh_order_info.html?code=212022082910135 HTTP/1.1" 200 62624
222.69.129.110 - - [29/Aug/2022:11:15:23 +0800] "GET /xingrg/javascript/easyui/themes/default/validatebox.css HTTP/1.1" 404 1104
222.69.129.110 - - [29/Aug/2022:11:15:24 +0800] "POST /xingrg/kc/buy/cgsh_order_operate.html HTTP/1.1" 200 603
222.69.129.110 - - [29/Aug/2022:11:15:25 +0800] "GET /xingrg/kc/print/load_data.html?order_code=212022082910135&kc_code=cgsh&condition= HTTP/1.1" 200 701
120.253.135.82 - - [29/Aug/2022:11:15:25 +0800] "GET /xingrg/all/function/internal_message.html?_=1661742728535&CODE_STATE=getMsg HTTP/1.1" 200 27
114.84.5.35 - - [29/Aug/2022:11:15:26 +0800] "GET /xingrg/check_reg.html?_=1661742926303 HTTP/1.1" 200 22
114.84.5.35 - - [29/Aug/2022:11:15:26 +0800] "GET /xingrg/all/function/internal_message.html?_=1661742926305&CODE_STATE=getMsg HTTP/1.1" 200 27
116.232.194.65 - - [29/Aug/2022:11:15:28 +0800] "GET /xingrg/check_reg.html?_=1661742888768 HTTP/1.1" 200 22
116.232.194.65 - - [29/Aug/2022:11:15:28 +0800] "GET /xingrg/all/function/internal_message.html?_=1661742888797&CODE_STATE=getMsg HTTP/1.1" 200 27
116.232.194.65 - - [29/Aug/2022:11:15:35 +0800] "GET /xingrg/kc/buy/cgsh_order_add.html HTTP/1.1" 200 68519
116.232.194.65 - - [29/Aug/2022:11:15:36 +0800] "POST /xingrg/kc/buy/cgsh_order_operate.html HTTP/1.1" 200 8245
116.232.194.65 - - [29/Aug/2022:11:15:36 +0800] "GET /xingrg/javascript/easyui/themes/default/validatebox.css HTTP/1.1" 404 1104
101.80.228.36 - - [29/Aug/2022:11:15:41 +0800] "GET /xingrg/all/function/internal_message.html?_=1661742942605&CODE_STATE=getMsg HTTP/1.1" 200 27
101.80.228.36 - - [29/Aug/2022:11:15:42 +0800] "GET /xingrg/check_reg.html?_=1661742943044 HTTP/1.1" 200 22
114.88.158.224 - - [29/Aug/2022:11:15:42 +0800] "GET /xingrg/all/function/internal_message.html?_=1661742612910&CODE_STATE=getMsg HTTP/1.1" 200 27
124.78.153.134 - - [29/Aug/2022:11:15:43 +0800] "GET /xingrg/login.html HTTP/1.1" 200 7641
116.224.255.128 - - [29/Aug/2022:11:15:43 +0800] "POST /xingrg/kc/buy/cgsh_order_operate.html HTTP/1.1" 200 37
116.224.255.128 - - [29/Aug/2022:11:15:48 +0800] "POST /xingrg/kc/buy/cgsh_order_operate.html HTTP/1.1" 200 12
116.224.255.128 - - [29/Aug/2022:11:15:48 +0800] "GET /xingrg/all/function/internal_message.html?_=1661742869752&CODE_STATE=getMsg HTTP/1.1" 200 27
124.78.153.134 - - [29/Aug/2022:11:15:48 +0800] "GET /favicon.ico HTTP/1.1" 404 -
222.69.129.110 - - [29/Aug/2022:11:15:49 +0800] "GET /xingrg/all/function/internal_message.html?_=1661743024434&CODE_STATE=getMsg HTTP/1.1" 200 27
116.224.255.128 - - [29/Aug/2022:11:15:50 +0800] "GET /xingrg/kc/buy/cgsh_order_info.html?code=212022082910136 HTTP/1.1" 200 63014
116.224.255.128 - - [29/Aug/2022:11:15:50 +0800] "GET /xingrg/javascript/easyui/themes/default/validatebox.css HTTP/1.1" 404 1104
116.224.255.128 - - [29/Aug/2022:11:15:51 +0800] "POST /xingrg/kc/buy/cgsh_order_operate.html HTTP/1.1" 200 1222
116.224.123.211 - - [29/Aug/2022:11:15:52 +0800] "GET /xingrg/all/function/internal_message.html?_=1661742952507&CODE_STATE=getMsg HTTP/1.1" 200 27
116.224.255.128 - - [29/Aug/2022:11:15:52 +0800] "GET /xingrg/kc/print/load_data.html?order_code=212022082910136&kc_code=cgsh&condition= HTTP/1.1" 200 1005
116.224.255.128 - - [29/Aug/2022:11:15:53 +0800] "GET /xingrg/all/function/internal_message.html?_=1661742951832&CODE_STATE=getMsg HTTP/1.1" 200 27
180.169.147.146 - - [29/Aug/2022:11:15:55 +0800] "GET /xingrg/all/function/internal_message.html?_=1661742954899&CODE_STATE=getMsg HTTP/1.1" 200 27
116.235.94.65 - - [29/Aug/2022:11:15:56 +0800] "GET /xingrg/all/function/internal_message.html?_=1661743148893&CODE_STATE=getMsg HTTP/1.1" 200 27
61.151.207.117 - - [29/Aug/2022:11:16:01 +0800] "GET /xingrg/all/function/internal_message.html?_=1661741595997&CODE_STATE=getMsg HTTP/1.1" 302 -
