222.69.129.110 - - [29/Aug/2022:09:13:25 +0800] "GET /xingrg/kc/buy/cgsh_order_operate.html?command=get_materiel&rest_code=00154&code=00101043025&supplier_code=00100151&order_time=2022-08-28 HTTP/1.1" 200 416
116.224.255.128 - - [29/Aug/2022:09:13:25 +0800] "GET /xingrg/kc/buy/cgsh_order_operate.html?command=get_materiel&rest_code=00150&code=00101008095&supplier_code=00100008&order_time=2022-08-29 HTTP/1.1" 200 412
116.225.121.189 - - [29/Aug/2022:09:13:25 +0800] "POST /xingrg/kc/buy/cgsh_list_operate.html HTTP/1.1" 200 2178
120.253.135.82 - - [29/Aug/2022:09:13:26 +0800] "GET /xingrg/kc/buy/cgsh_order_add.html HTTP/1.1" 200 67621
120.253.135.82 - - [29/Aug/2022:09:13:27 +0800] "POST /xingrg/kc/buy/cgsh_order_operate.html HTTP/1.1" 200 8245
114.83.219.200 - - [29/Aug/2022:09:13:27 +0800] "GET /xingrg/kc/buy/cgsh_order_operate.html?command=get_materiel&rest_code=00149&code=00101008318&supplier_code=00100008&order_time=2022-08-29 HTTP/1.1" 200 408
120.253.135.82 - - [29/Aug/2022:09:13:27 +0800] "GET /xingrg/javascript/easyui/themes/default/validatebox.css HTTP/1.1" 404 1104
116.235.94.65 - - [29/Aug/2022:09:13:29 +0800] "POST /xingrg/services/DataTransmitService HTTP/1.1" 200 524
124.78.153.134 - - [29/Aug/2022:09:13:30 +0800] "GET /xingrg/kc/buy/cgsh_order_operate.html?command=get_materiel&rest_code=00106&code=00101008005&supplier_code=00100007&order_time=2022-08-29 HTTP/1.1" 200 412
116.224.255.128 - - [29/Aug/2022:09:13:30 +0800] "GET /xingrg/kc/buy/cgsh_order_operate.html?command=get_materiel&rest_code=00150&code=00101008110&supplier_code=00100008&order_time=2022-08-29 HTTP/1.1" 200 408
120.253.135.82 - - [29/Aug/2022:09:13:31 +0800] "POST /xingrg/all/common/load_combo.html?type=employee HTTP/1.1" 200 1752
116.225.121.189 - - [29/Aug/2022:09:13:31 +0800] "GET /xingrg/kc/buy/cgsh_order_operate.html?command=get_materiel&rest_code=00105&code=00101008067&supplier_code=00100203&order_time=2022-08-29 HTTP/1.1" 200 416
116.224.255.128 - - [29/Aug/2022:09:13:33 +0800] "GET /xingrg/all/function/internal_message.html?_=1661735612282&CODE_STATE=getMsg HTTP/1.1" 200 27
114.84.5.35 - - [29/Aug/2022:09:13:34 +0800] "GET /xingrg/all/function/internal_message.html?_=1661735614195&CODE_STATE=getMsg HTTP/1.1" 200 27
116.225.121.189 - - [29/Aug/2022:09:13:35 +0800] "POST /xingrg/kc/buy/cgsh_list_operate.html HTTP/1.1" 200 496
116.224.255.128 - - [29/Aug/2022:09:13:36 +0800] "GET /xingrg/kc/buy/cgsh_order_operate.html?command=get_materiel&rest_code=00150&code=00101008270&supplier_code=00100008&order_time=2022-08-29 HTTP/1.1" 200 412
114.83.219.200 - - [29/Aug/2022:09:13:39 +0800] "POST /xingrg/kc/buy/cgsh_order_operate.html HTTP/1.1" 200 2065
116.225.121.189 - - [29/Aug/2022:09:13:39 +0800] "GET /xingrg/kc/buy/cgsh_order_operate.html?command=get_materiel&rest_code=00105&code=00101008356&supplier_code=00100203&order_time=2022-08-29 HTTP/1.1" 200 409
116.224.255.128 - - [29/Aug/2022:09:13:39 +0800] "POST /xingrg/kc/buy/cgsh_order_operate.html HTTP/1.1" 200 2065
124.78.153.134 - - [29/Aug/2022:09:13:40 +0800] "GET /xingrg/kc/buy/cgsh_order_operate.html?command=get_materiel&rest_code=00106&code=00101008353&supplier_code=00100007&order_time=2022-08-29 HTTP/1.1" 200 408
114.86.228.86 - - [29/Aug/2022:09:13:41 +0800] "GET /xingrg/check_reg.html?_=1661735622065 HTTP/1.1" 200 22
114.86.228.86 - - [29/Aug/2022:09:13:41 +0800] "GET /xingrg/all/function/internal_message.html?_=1661735622074&CODE_STATE=getMsg HTTP/1.1" 200 27
120.253.135.82 - - [29/Aug/2022:09:13:42 +0800] "GET /xingrg/kc/buy/cgsh_order_operate.html?command=get_materiel&rest_code=00101&code=00101029049&supplier_code=00100151&order_time=2022-08-29 HTTP/1.1" 200 420
116.224.255.128 - - [29/Aug/2022:09:13:44 +0800] "GET /xingrg/kc/buy/cgsh_order_operate.html?command=get_materiel&rest_code=00150&code=00101008359&supplier_code=00100008&order_time=2022-08-29 HTTP/1.1" 200 408
101.89.239.245 - - [29/Aug/2022:09:13:45 +0800] "GET /xingrg/kc/buy/cgsh_order_operate.html?command=get_materiel&rest_code=00106&code=00101008439&supplier_code=00100007&order_time=2022-08-29 HTTP/1.1" 302 -
101.89.239.245 - - [29/Aug/2022:09:13:45 +0800] "GET /xingrg/login.html HTTP/1.1" 200 7641
116.224.255.128 - - [29/Aug/2022:09:13:45 +0800] "GET /xingrg/all/function/internal_message.html?_=1661735546924&CODE_STATE=getMsg HTTP/1.1" 200 27
116.225.121.189 - - [29/Aug/2022:09:13:46 +0800] "GET /xingrg/javascript/jquery_easy_ui/themes/default/images/tabs_active.png HTTP/1.1" 304 -
222.69.129.110 - - [29/Aug/2022:09:13:49 +0800] "POST /xingrg/kc/buy/cgsh_order_operate.html HTTP/1.1" 200 37
124.78.153.134 - - [29/Aug/2022:09:13:50 +0800] "GET /xingrg/all/function/internal_message.html?_=1661735628871&CODE_STATE=getMsg HTTP/1.1" 200 27
124.78.153.134 - - [29/Aug/2022:09:13:50 +0800] "GET /xingrg/kc/buy/cgsh_order_operate.html?command=get_materiel&rest_code=00106&code=00101008125&supplier_code=00100007&order_time=2022-08-29 HTTP/1.1" 200 413
222.69.129.110 - - [29/Aug/2022:09:13:51 +0800] "POST /xingrg/kc/buy/cgsh_order_operate.html HTTP/1.1" 200 5093
61.151.207.115 - - [29/Aug/2022:09:13:56 +0800] "GET /xingrg/kc/buy/cgsh_order_operate.html?command=get_materiel&rest_code=00106&code=00101008131&supplier_code=00100007&order_time=2022-08-29 HTTP/1.1" 302 -
61.151.207.115 - - [29/Aug/2022:09:13:57 +0800] "GET /xingrg/login.html HTTP/1.1" 200 7641
116.225.121.189 - - [29/Aug/2022:09:13:57 +0800] "GET /xingrg/kc/buy/cgsh_order_operate.html?command=get_materiel&rest_code=00105&code=00101008212&supplier_code=00100203&order_time=2022-08-29 HTTP/1.1" 200 412
101.89.29.78 - - [29/Aug/2022:09:13:59 +0800] "GET /xingrg/kc/buy/cgsh_order_operate.html?command=get_materiel&rest_code=00106&code=00101008233&supplier_code=00100007&order_time=2022-08-29 HTTP/1.1" 302 -
101.89.29.78 - - [29/Aug/2022:09:13:59 +0800] "GET /xingrg/login.html HTTP/1.1" 200 7641
114.83.219.200 - - [29/Aug/2022:09:14:04 +0800] "GET /xingrg/all/function/internal_message.html?_=1661735642669&CODE_STATE=getMsg HTTP/1.1" 200 27
124.78.153.134 - - [29/Aug/2022:09:14:04 +0800] "GET /xingrg/kc/buy/cgsh_order_operate.html?command=get_materiel&rest_code=00106&code=00101015112&supplier_code=00100007&order_time=2022-08-29 HTTP/1.1" 200 417
101.89.19.197 - - [29/Aug/2022:09:14:05 +0800] "GET /xingrg/all/function/internal_message.html?_=1661735568888&CODE_STATE=getMsg HTTP/1.1" 302 -
101.89.19.197 - - [29/Aug/2022:09:14:05 +0800] "GET /xingrg/login.html HTTP/1.1" 200 7641
114.83.219.200 - - [29/Aug/2022:09:14:07 +0800] "GET /xingrg/kc/buy/cgsh_order_operate.html?command=get_materiel&rest_code=00149&code=00101008098&supplier_code=00100008&order_time=2022-08-29 HTTP/1.1" 200 412
116.225.121.189 - - [29/Aug/2022:09:14:08 +0800] "GET /xingrg/kc/buy/cgsh_order_operate.html?command=get_materiel&rest_code=00105&code=00101008357&supplier_code=00100203&order_time=2022-08-29 HTTP/1.1" 200 408
61.151.207.116 - - [29/Aug/2022:09:14:10 +0800] "GET /xingrg/kc/buy/cgsh_order_operate.html?command=get_materiel&rest_code=00106&code=00101008352&supplier_code=00100007&order_time=2022-08-29 HTTP/1.1" 302 -
61.151.207.116 - - [29/Aug/2022:09:14:10 +0800] "GET /xingrg/login.html HTTP/1.1" 200 7641
124.78.153.134 - - [29/Aug/2022:09:14:13 +0800] "GET /xingrg/kc/buy/cgsh_order_operate.html?command=get_materiel&rest_code=00106&code=00102014106&supplier_code=00100007&order_time=2022-08-29 HTTP/1.1" 200 413
58.37.150.172 - - [29/Aug/2022:09:14:14 +0800] "GET /favicon.ico HTTP/1.1" 404 -
116.225.121.189 - - [29/Aug/2022:09:14:15 +0800] "GET /xingrg/kc/buy/cgsh_order_operate.html?command=get_materiel&rest_code=00105&code=00101008069&supplier_code=00100203&order_time=2022-08-29 HTTP/1.1" 200 412
222.69.129.110 - - [29/Aug/2022:09:14:15 +0800] "GET /xingrg/all/function/internal_message.html?_=1661735730372&CODE_STATE=getMsg HTTP/1.1" 200 27
116.225.121.189 - - [29/Aug/2022:09:14:16 +0800] "GET /xingrg/all/function/internal_message.html?_=1661735523890&CODE_STATE=getMsg HTTP/1.1" 200 27
116.225.121.189 - - [29/Aug/2022:09:14:18 +0800] "POST /xingrg/kc/buy/cgsh_order_operate.html HTTP/1.1" 200 2065
120.253.135.82 - - [29/Aug/2022:09:14:18 +0800] "POST /xingrg/kc/buy/cgsh_order_operate.html HTTP/1.1" 200 37
120.253.135.82 - - [29/Aug/2022:09:14:20 +0800] "POST /xingrg/kc/buy/cgsh_order_operate.html HTTP/1.1" 200 2676
116.225.121.189 - - [29/Aug/2022:09:14:20 +0800] "POST /xingrg/kc/buy/cgsh_order_operate.html HTTP/1.1" 200 2065
120.253.135.82 - - [29/Aug/2022:09:14:21 +0800] "GET /xingrg/all/function/internal_message.html?_=1661735463911&CODE_STATE=getMsg HTTP/1.1" 200 27
116.225.121.189 - - [29/Aug/2022:09:14:23 +0800] "GET /xingrg/all/function/internal_message.html?_=1661735664957&CODE_STATE=getMsg HTTP/1.1" 200 27
124.78.153.134 - - [29/Aug/2022:09:14:24 +0800] "POST /xingrg/kc/buy/cgsh_order_operate.html HTTP/1.1" 200 37
116.225.121.189 - - [29/Aug/2022:09:14:28 +0800] "GET /xingrg/kc/buy/cgsh_order_operate.html?command=get_materiel&rest_code=00105&code=00101008286&supplier_code=00100203&order_time=2022-08-29 HTTP/1.1" 200 408
222.69.129.110 - - [29/Aug/2022:09:14:29 +0800] "POST /xingrg/kc/buy/cgsh_order_operate.html HTTP/1.1" 200 37
61.151.207.116 - - [29/Aug/2022:09:14:31 +0800] "GET /xingrg/all/common/auto_word.html?type=employee&rest_code=00106 HTTP/1.1" 302 -
61.151.207.116 - - [29/Aug/2022:09:14:31 +0800] "GET /xingrg/login.html HTTP/1.1" 200 7641
222.69.129.110 - - [29/Aug/2022:09:14:31 +0800] "POST /xingrg/kc/buy/cgsh_order_operate.html HTTP/1.1" 200 5093
116.224.255.128 - - [29/Aug/2022:09:14:33 +0800] "GET /xingrg/check_reg.html?_=1661735672280 HTTP/1.1" 200 22
116.224.255.128 - - [29/Aug/2022:09:14:33 +0800] "GET /xingrg/all/function/internal_message.html?_=1661735672284&CODE_STATE=getMsg HTTP/1.1" 200 27
124.78.153.134 - - [29/Aug/2022:09:14:34 +0800] "POST /xingrg/kc/buy/cgsh_order_operate.html HTTP/1.1" 200 15641
114.84.5.35 - - [29/Aug/2022:09:14:34 +0800] "GET /xingrg/all/function/internal_message.html?_=1661735674185&CODE_STATE=getMsg HTTP/1.1" 200 27
116.225.121.189 - - [29/Aug/2022:09:14:35 +0800] "GET /xingrg/kc/buy/cgsh_order_operate.html?command=get_materiel&rest_code=00105&code=00101008108&supplier_code=00100203&order_time=2022-08-29 HTTP/1.1" 200 412
222.69.129.110 - - [29/Aug/2022:09:14:35 +0800] "POST /xingrg/kc/buy/cgsh_list_operate.html HTTP/1.1" 200 583
114.88.158.224 - - [29/Aug/2022:09:14:35 +0800] "POST /xingrg/services/DataTransmitService HTTP/1.1" 200 524
222.69.129.110 - - [29/Aug/2022:09:14:36 +0800] "GET /xingrg/kc/buy/cgsh_order_info.html?code=212022082809710 HTTP/1.1" 200 67716
222.69.129.110 - - [29/Aug/2022:09:14:37 +0800] "GET /xingrg/javascript/easyui/themes/default/validatebox.css HTTP/1.1" 404 1104
222.69.129.110 - - [29/Aug/2022:09:14:37 +0800] "POST /xingrg/kc/buy/cgsh_order_operate.html HTTP/1.1" 200 5651
114.86.228.86 - - [29/Aug/2022:09:14:41 +0800] "GET /xingrg/all/function/internal_message.html?_=1661735682085&CODE_STATE=getMsg HTTP/1.1" 200 27
116.225.121.189 - - [29/Aug/2022:09:14:42 +0800] "GET /xingrg/kc/buy/cgsh_order_operate.html?command=get_materiel&rest_code=00105&code=00101008004&supplier_code=00100203&order_time=2022-08-29 HTTP/1.1" 200 416
124.78.153.134 - - [29/Aug/2022:09:14:44 +0800] "GET /xingrg/kc/buy/cgsh_order_operate.html?command=get_materiel&rest_code=00106&code=00101008270&supplier_code=00100007&order_time=2022-08-29 HTTP/1.1" 200 412
116.224.255.128 - - [29/Aug/2022:09:14:45 +0800] "GET /xingrg/all/function/internal_message.html?_=1661735606985&CODE_STATE=getMsg HTTP/1.1" 200 27
120.253.135.82 - - [29/Aug/2022:09:14:47 +0800] "POST /xingrg/kc/buy/cgsh_order_operate.html HTTP/1.1" 200 37
120.253.135.82 - - [29/Aug/2022:09:14:49 +0800] "POST /xingrg/kc/buy/cgsh_order_operate.html HTTP/1.1" 200 2676
124.78.153.134 - - [29/Aug/2022:09:14:50 +0800] "GET /xingrg/all/function/internal_message.html?_=1661735688848&CODE_STATE=getMsg HTTP/1.1" 200 27
120.253.135.82 - - [29/Aug/2022:09:14:51 +0800] "GET /xingrg/kc/print/load_data.html?order_code=212022082910069&kc_code=cgsh&condition= HTTP/1.1" 200 667
222.69.129.110 - - [29/Aug/2022:09:14:52 +0800] "GET /xingrg/kc/buy/cgsh_order_operate.html?command=get_materiel&rest_code=00154&code=00101008353&supplier_code=00100466&order_time=2022-08-28 HTTP/1.1" 200 410
124.78.153.134 - - [29/Aug/2022:09:14:53 +0800] "GET /xingrg/kc/buy/cgsh_order_operate.html?command=get_materiel&rest_code=00106&code=00101008059&supplier_code=00100007&order_time=2022-08-29 HTTP/1.1" 200 408
61.151.207.116 - - [29/Aug/2022:09:14:54 +0800] "GET /xingrg/all/function/internal_message.html?_=1661735448855&CODE_STATE=getMsg HTTP/1.1" 302 -
61.151.207.116 - - [29/Aug/2022:09:14:55 +0800] "GET /xingrg/login.html HTTP/1.1" 200 7641
101.89.239.245 - - [29/Aug/2022:09:14:55 +0800] "GET /xingrg/kc/buy/cgsh_order_operate.html?command=get_materiel&rest_code=00106&code=00101008038&supplier_code=00100007&order_time=2022-08-29 HTTP/1.1" 302 -
101.89.239.245 - - [29/Aug/2022:09:14:55 +0800] "GET /xingrg/login.html HTTP/1.1" 200 7641
116.225.121.189 - - [29/Aug/2022:09:14:58 +0800] "GET /xingrg/kc/buy/cgsh_order_operate.html?command=get_materiel&rest_code=00105&code=00101008403&supplier_code=00100203&order_time=2022-08-29 HTTP/1.1" 200 413
114.83.219.200 - - [29/Aug/2022:09:14:59 +0800] "GET /xingrg/kc/buy/cgsh_order_operate.html?command=get_materiel&rest_code=00149&code=00101008005&supplier_code=00100008&order_time=2022-08-29 HTTP/1.1" 200 412
124.78.153.134 - - [29/Aug/2022:09:15:03 +0800] "GET /xingrg/kc/buy/cgsh_order_operate.html?command=get_materiel&rest_code=00106&code=00101011005&supplier_code=00100007&order_time=2022-08-29 HTTP/1.1" 200 408
114.83.219.200 - - [29/Aug/2022:09:15:04 +0800] "GET /xingrg/all/function/internal_message.html?_=1661735702664&CODE_STATE=getMsg HTTP/1.1" 200 27
101.89.239.245 - - [29/Aug/2022:09:15:04 +0800] "GET /xingrg/kc/buy/cgsh_order_operate.html?command=get_materiel&rest_code=00106&code=00101015112&supplier_code=00100007&order_time=2022-08-29 HTTP/1.1" 302 -
101.89.239.245 - - [29/Aug/2022:09:15:05 +0800] "GET /xingrg/login.html HTTP/1.1" 200 7641
218.81.223.53 - - [29/Aug/2022:09:15:05 +0800] "POST /xingrg/services/DataTransmitService HTTP/1.1" 200 524
116.225.121.189 - - [29/Aug/2022:09:15:05 +0800] "GET /xingrg/kc/buy/cgsh_order_operate.html?command=get_materiel&rest_code=00105&code=00101008277&supplier_code=00100203&order_time=2022-08-29 HTTP/1.1" 200 412
218.81.223.53 - - [29/Aug/2022:09:15:07 +0800] "POST /xingrg/services/DataTransmitService HTTP/1.1" 200 412
114.83.219.200 - - [29/Aug/2022:09:15:08 +0800] "GET /xingrg/kc/buy/cgsh_order_operate.html?command=get_materiel&rest_code=00149&code=00101008353&supplier_code=00100008&order_time=2022-08-29 HTTP/1.1" 200 408
101.89.239.245 - - [29/Aug/2022:09:15:11 +0800] "GET /xingrg/kc/buy/cgsh_order_operate.html?command=get_materiel&rest_code=00106&code=00102014106&supplier_code=00100007&order_time=2022-08-29 HTTP/1.1" 302 -
101.89.239.245 - - [29/Aug/2022:09:15:11 +0800] "GET /xingrg/login.html HTTP/1.1" 200 7641
116.225.121.189 - - [29/Aug/2022:09:15:11 +0800] "GET /xingrg/kc/buy/cgsh_order_operate.html?command=get_materiel&rest_code=00105&code=00101008350&supplier_code=00100203&order_time=2022-08-29 HTTP/1.1" 200 408
222.69.129.110 - - [29/Aug/2022:09:15:15 +0800] "GET /xingrg/all/function/internal_message.html?_=1661735790372&CODE_STATE=getMsg HTTP/1.1" 200 27
114.83.219.200 - - [29/Aug/2022:09:15:16 +0800] "GET /xingrg/kc/buy/cgsh_order_operate.html?command=get_materiel&rest_code=00149&code=00101008238&supplier_code=00100008&order_time=2022-08-29 HTTP/1.1" 200 416
116.225.121.189 - - [29/Aug/2022:09:15:16 +0800] "GET /xingrg/all/function/internal_message.html?_=1661735583891&CODE_STATE=getMsg HTTP/1.1" 200 27
222.69.129.110 - - [29/Aug/2022:09:15:19 +0800] "GET /xingrg/kc/buy/cgsh_order_operate.html?command=get_materiel&rest_code=00154&code=00101019794&supplier_code=00100466&order_time=2022-08-28 HTTP/1.1" 200 410
120.253.135.82 - - [29/Aug/2022:09:15:21 +0800] "GET /xingrg/all/function/internal_message.html?_=1661735523973&CODE_STATE=getMsg HTTP/1.1" 200 27
116.225.121.189 - - [29/Aug/2022:09:15:22 +0800] "GET /xingrg/kc/buy/cgsh_order_operate.html?command=get_materiel&rest_code=00105&code=00101008036&supplier_code=00100203&order_time=2022-08-29 HTTP/1.1" 200 408
124.78.153.134 - - [29/Aug/2022:09:15:23 +0800] "POST /xingrg/services/DataTransmitService HTTP/1.1" 200 524
116.225.121.189 - - [29/Aug/2022:09:15:23 +0800] "GET /xingrg/all/function/internal_message.html?_=1661735724954&CODE_STATE=getMsg HTTP/1.1" 200 27
114.83.219.200 - - [29/Aug/2022:09:15:24 +0800] "GET /xingrg/kc/buy/cgsh_order_operate.html?command=get_materiel&rest_code=00149&code=00101008275&supplier_code=00100008&order_time=2022-08-29 HTTP/1.1" 200 416
114.83.219.200 - - [29/Aug/2022:09:15:26 +0800] "POST /xingrg/kc/buy/cgsh_order_operate.html HTTP/1.1" 200 2065
124.78.153.134 - - [29/Aug/2022:09:15:29 +0800] "GET /xingrg/kc/buy/cgsh_order_operate.html?command=get_materiel&rest_code=00106&code=00101008096&supplier_code=00100007&order_time=2022-08-29 HTTP/1.1" 200 413
116.232.194.65 - - [29/Aug/2022:09:15:30 +0800] "POST /xingrg/services/DataTransmitService HTTP/1.1" 200 524
116.232.194.65 - - [29/Aug/2022:09:15:30 +0800] "POST /xingrg/services/DataTransmitService HTTP/1.1" 200 412
114.83.219.200 - - [29/Aug/2022:09:15:32 +0800] "GET /xingrg/kc/buy/cgsh_order_operate.html?command=get_materiel&rest_code=00149&code=00101013165&supplier_code=00100008&order_time=2022-08-29 HTTP/1.1" 200 408
124.78.153.134 - - [29/Aug/2022:09:15:33 +0800] "POST /xingrg/kc/buy/cgsh_order_operate.html HTTP/1.1" 200 2065
116.224.255.128 - - [29/Aug/2022:09:15:33 +0800] "GET /xingrg/all/function/internal_message.html?_=1661735732282&CODE_STATE=getMsg HTTP/1.1" 200 27
114.84.5.35 - - [29/Aug/2022:09:15:34 +0800] "GET /xingrg/all/function/internal_message.html?_=1661735734196&CODE_STATE=getMsg HTTP/1.1" 200 27
222.69.129.110 - - [29/Aug/2022:09:15:35 +0800] "GET /xingrg/kc/buy/cgsh_order_operate.html?command=get_materiel&rest_code=00154&code=00101008151&supplier_code=00100466&order_time=2022-08-28 HTTP/1.1" 200 413
116.224.123.211 - - [29/Aug/2022:09:15:37 +0800] "GET /xingrg/index.html HTTP/1.1" 302 -
116.224.123.211 - - [29/Aug/2022:09:15:37 +0800] "GET /xingrg/login.html HTTP/1.1" 200 7641
116.224.123.211 - - [29/Aug/2022:09:15:38 +0800] "GET /favicon.ico HTTP/1.1" 404 -
124.78.153.134 - - [29/Aug/2022:09:15:39 +0800] "GET /xingrg/kc/buy/cgsh_order_operate.html?command=get_materiel&rest_code=00106&code=00101008199&supplier_code=00100007&order_time=2022-08-29 HTTP/1.1" 200 408
116.224.123.211 - - [29/Aug/2022:09:15:39 +0800] "POST /xingrg/login.do HTTP/1.1" 302 -
116.224.123.211 - - [29/Aug/2022:09:15:39 +0800] "GET /xingrg/index.html?sysBaseUrl=http%3A%2F%2F180.169.147.146%3A18081%2Fxingrg%2F&costTime=307×tamp=1661735739870 HTTP/1.1" 200 17173
116.224.123.211 - - [29/Aug/2022:09:15:40 +0800] "GET /favicon.ico HTTP/1.1" 404 -
116.224.123.211 - - [29/Aug/2022:09:15:40 +0800] "POST /xingrg/all/common/load_tree.html?tree=area_rest_tree_json&manage=1 HTTP/1.1" 200 342
116.224.123.211 - - [29/Aug/2022:09:15:40 +0800] "POST /xingrg/load_menu.html HTTP/1.1" 200 5138
116.224.123.211 - - [29/Aug/2022:09:15:40 +0800] "GET /xingrg/check_reg.html?_=1661735740426 HTTP/1.1" 200 22
116.224.123.211 - - [29/Aug/2022:09:15:40 +0800] "GET /xingrg/all/function/internal_message.html?_=1661735740425&CODE_STATE=count HTTP/1.1" 200 11
114.83.219.200 - - [29/Aug/2022:09:15:40 +0800] "GET /xingrg/kc/buy/cgsh_order_operate.html?command=get_materiel&rest_code=00149&code=00101008236&supplier_code=00100008&order_time=2022-08-29 HTTP/1.1" 200 416
114.86.228.86 - - [29/Aug/2022:09:15:41 +0800] "GET /xingrg/all/function/internal_message.html?_=1661735742084&CODE_STATE=getMsg HTTP/1.1" 200 27
116.224.123.211 - - [29/Aug/2022:09:15:42 +0800] "GET /xingrg/kc/buy/cgsh_order_list.html HTTP/1.1" 200 52731
61.151.206.14 - - [29/Aug/2022:09:15:43 +0800] "GET /xingrg/kc/buy/cgsh_order_operate.html?command=get_materiel&rest_code=00106&code=00101008256&supplier_code=00100007&order_time=2022-08-29 HTTP/1.1" 302 -
61.151.206.14 - - [29/Aug/2022:09:15:44 +0800] "GET /xingrg/login.html HTTP/1.1" 200 7641
116.224.123.211 - - [29/Aug/2022:09:15:45 +0800] "POST /xingrg/kc/buy/cgsh_list_operate.html HTTP/1.1" 200 1521
116.224.255.128 - - [29/Aug/2022:09:15:45 +0800] "GET /xingrg/all/function/internal_message.html?_=1661735666998&CODE_STATE=getMsg HTTP/1.1" 200 27
116.224.123.211 - - [29/Aug/2022:09:15:46 +0800] "GET /xingrg/kc/buy/cgsh_order_add.html HTTP/1.1" 200 68548
116.224.123.211 - - [29/Aug/2022:09:15:46 +0800] "GET /xingrg/words/20220828173911_words.js HTTP/1.1" 200 917388
116.224.123.211 - - [29/Aug/2022:09:15:46 +0800] "POST /xingrg/kc/buy/cgsh_order_operate.html HTTP/1.1" 200 8245
116.224.123.211 - - [29/Aug/2022:09:15:47 +0800] "GET /xingrg/all/common/auto_word.html?type=employee&rest_code=00102 HTTP/1.1" 200 189
116.224.123.211 - - [29/Aug/2022:09:15:47 +0800] "GET /xingrg/all/common/auto_word.html?type=employee&rest_code=00102 HTTP/1.1" 200 189
116.224.123.211 - - [29/Aug/2022:09:15:47 +0800] "GET /xingrg/javascript/easyui/themes/default/validatebox.css HTTP/1.1" 404 1104
116.224.123.211 - - [29/Aug/2022:09:15:47 +0800] "GET /xingrg/javascript/easyui/plugins/jquery.draggable.js HTTP/1.1" 200 6121
116.224.123.211 - - [29/Aug/2022:09:15:47 +0800] "GET /xingrg/css/images/panel_loading.gif HTTP/1.1" 200 1737
116.224.123.211 - - [29/Aug/2022:09:15:47 +0800] "GET /xingrg/javascript/easyui/plugins/jquery.droppable.js HTTP/1.1" 200 1167
116.224.123.211 - - [29/Aug/2022:09:15:47 +0800] "GET /xingrg/javascript/easyui/themes/default/tree.css HTTP/1.1" 404 1090
116.224.123.211 - - [29/Aug/2022:09:15:47 +0800] "GET /xingrg/javascript/easyui/plugins/jquery.tree.js HTTP/1.1" 200 20874
124.78.153.134 - - [29/Aug/2022:09:15:48 +0800] "GET /xingrg/kc/buy/cgsh_order_operate.html?command=get_materiel&rest_code=00106&code=00101008224&supplier_code=00100007&order_time=2022-08-29 HTTP/1.1" 200 416
116.224.123.211 - - [29/Aug/2022:09:15:48 +0800] "POST /xingrg/all/common/load_tree.html?tree=supplier_tree_json&isDelete=1 HTTP/1.1" 200 68100
116.224.255.128 - - [29/Aug/2022:09:15:48 +0800] "GET /xingrg/kc/buy/cgsh_order_operate.html?command=get_materiel&rest_code=00150&code=00101008010&supplier_code=00100008&order_time=2022-08-29 HTTP/1.1" 200 412
116.224.123.211 - - [29/Aug/2022:09:15:49 +0800] "GET /xingrg/javascript/easyui/themes/default/images/tree_arrows.gif HTTP/1.1" 200 617
116.224.123.211 - - [29/Aug/2022:09:15:49 +0800] "GET /xingrg/javascript/easyui/themes/default/images/tree_folder_open.gif HTTP/1.1" 200 956
116.224.123.211 - - [29/Aug/2022:09:15:49 +0800] "GET /xingrg/javascript/easyui/themes/default/images/tree_folder.gif HTTP/1.1" 200 952
116.224.123.211 - - [29/Aug/2022:09:15:49 +0800] "GET /xingrg/javascript/easyui/themes/default/images/tree_file.gif HTTP/1.1" 200 118
124.78.153.134 - - [29/Aug/2022:09:15:50 +0800] "GET /xingrg/all/function/internal_message.html?_=1661735748868&CODE_STATE=getMsg HTTP/1.1" 200 27
222.69.129.110 - - [29/Aug/2022:09:15:51 +0800] "GET /xingrg/kc/buy/cgsh_order_operate.html?command=get_materiel&rest_code=00154&code=00101010161&supplier_code=00100466&order_time=2022-08-28 HTTP/1.1" 200 410
124.78.153.134 - - [29/Aug/2022:09:15:57 +0800] "POST /xingrg/kc/buy/cgsh_order_operate.html HTTP/1.1" 200 37
124.78.153.134 - - [29/Aug/2022:09:15:59 +0800] "POST /xingrg/kc/buy/cgsh_order_operate.html HTTP/1.1" 200 19207
116.224.123.211 - - [29/Aug/2022:09:15:59 +0800] "GET /xingrg/javascript/auto/indicator.gif HTTP/1.1" 404 1066
101.89.29.78 - - [29/Aug/2022:09:16:01 +0800] "GET /xingrg/kc/buy/cgsh_order_operate.html?command=get_materiel&rest_code=00106&code=00101011005&supplier_code=00100007&order_time=2022-08-29 HTTP/1.1" 302 -
61.151.207.116 - - [29/Aug/2022:09:16:01 +0800] "GET /xingrg/kc/buy/cgsh_order_operate.html?command=get_materiel&rest_code=00106&code=00101008264&supplier_code=00100007&order_time=2022-08-29 HTTP/1.1" 302 -
61.151.207.116 - - [29/Aug/2022:09:16:02 +0800] "GET /xingrg/login.html HTTP/1.1" 200 7641
101.89.29.78 - - [29/Aug/2022:09:16:02 +0800] "GET /xingrg/login.html HTTP/1.1" 200 7641
114.83.219.200 - - [29/Aug/2022:09:16:04 +0800] "GET /xingrg/all/function/internal_message.html?_=1661735762666&CODE_STATE=getMsg HTTP/1.1" 200 27
120.253.135.82 - - [29/Aug/2022:09:16:04 +0800] "POST /xingrg/kc/buy/cgsh_order_operate.html HTTP/1.1" 200 37
116.225.121.189 - - [29/Aug/2022:09:16:05 +0800] "GET /xingrg/kc/buy/cgsh_order_operate.html?command=get_materiel&rest_code=00105&code=00101008041&supplier_code=00100203&order_time=2022-08-29 HTTP/1.1" 200 408
61.151.207.116 - - [29/Aug/2022:09:16:05 +0800] "GET /xingrg/kc/buy/cgsh_order_operate.html?command=get_materiel&rest_code=00106&code=00101008125&supplier_code=00100007&order_time=2022-08-29 HTTP/1.1" 302 -
61.151.207.116 - - [29/Aug/2022:09:16:05 +0800] "GET /xingrg/login.html HTTP/1.1" 200 7641
222.69.129.110 - - [29/Aug/2022:09:16:08 +0800] "GET /xingrg/kc/buy/cgsh_order_operate.html?command=get_materiel&rest_code=00154&code=00101006039&supplier_code=00100466&order_time=2022-08-28 HTTP/1.1" 200 414
120.253.135.82 - - [29/Aug/2022:09:16:09 +0800] "POST /xingrg/kc/buy/cgsh_order_operate.html HTTP/1.1" 200 12
116.224.123.211 - - [29/Aug/2022:09:16:09 +0800] "GET /xingrg/kc/buy/cgsh_order_operate.html?command=get_materiel&rest_code=00102&code=00101008276&supplier_code=00100008&order_time=2022-08-29 HTTP/1.1" 200 412
114.83.219.200 - - [29/Aug/2022:09:16:14 +0800] "GET /xingrg/kc/buy/cgsh_order_operate.html?command=get_materiel&rest_code=00149&code=00101008314&supplier_code=00100008&order_time=2022-08-29 HTTP/1.1" 200 413
222.69.129.110 - - [29/Aug/2022:09:16:15 +0800] "GET /xingrg/all/function/internal_message.html?_=1661735850381&CODE_STATE=getMsg HTTP/1.1" 200 27
222.69.129.110 - - [29/Aug/2022:09:16:15 +0800] "GET /xingrg/check_reg.html?_=1661735850385 HTTP/1.1" 200 22
116.225.121.189 - - [29/Aug/2022:09:16:16 +0800] "GET /xingrg/all/function/internal_message.html?_=1661735643892&CODE_STATE=getMsg HTTP/1.1" 200 27
222.69.129.110 - - [29/Aug/2022:09:16:19 +0800] "POST /xingrg/kc/buy/cgsh_order_operate.html HTTP/1.1" 200 2065
120.253.135.82 - - [29/Aug/2022:09:16:21 +0800] "GET /xingrg/all/function/internal_message.html?_=1661735584015&CODE_STATE=getMsg HTTP/1.1" 200 27
120.253.135.82 - - [29/Aug/2022:09:16:21 +0800] "GET /xingrg/kc/buy/cgsh_order_info.html?code=212022082910069 HTTP/1.1" 200 62512
120.253.135.82 - - [29/Aug/2022:09:16:22 +0800] "GET /xingrg/javascript/easyui/themes/default/validatebox.css HTTP/1.1" 404 1104
116.225.121.189 - - [29/Aug/2022:09:16:23 +0800] "GET /xingrg/all/function/internal_message.html?_=1661735784955&CODE_STATE=getMsg HTTP/1.1" 200 27
114.84.5.35 - - [29/Aug/2022:09:16:23 +0800] "POST /xingrg/kc/buy/cgsh_order_operate.html HTTP/1.1" 200 64
116.224.255.128 - - [29/Aug/2022:09:16:23 +0800] "POST /xingrg/kc/buy/cgsh_order_operate.html HTTP/1.1" 200 37
120.253.135.82 - - [29/Aug/2022:09:16:23 +0800] "POST /xingrg/kc/buy/cgsh_order_operate.html HTTP/1.1" 200 626
116.225.121.189 - - [29/Aug/2022:09:16:25 +0800] "POST /xingrg/kc/buy/cgsh_order_operate.html HTTP/1.1" 200 2065
114.83.219.200 - - [29/Aug/2022:09:16:26 +0800] "GET /xingrg/kc/buy/cgsh_order_operate.html?command=get_materiel&rest_code=00149&code=00101008150&supplier_code=00100008&order_time=2022-08-29 HTTP/1.1" 200 409
116.225.121.189 - - [29/Aug/2022:09:16:26 +0800] "POST /xingrg/kc/buy/cgsh_order_operate.html HTTP/1.1" 200 2065
61.151.207.116 - - [29/Aug/2022:09:16:27 +0800] "GET /xingrg/kc/buy/cgsh_order_operate.html?command=get_materiel&rest_code=00106&code=00101008096&supplier_code=00100007&order_time=2022-08-29 HTTP/1.1" 302 -
61.151.207.116 - - [29/Aug/2022:09:16:28 +0800] "GET /xingrg/login.html HTTP/1.1" 200 7641
114.84.5.35 - - [29/Aug/2022:09:16:30 +0800] "POST /xingrg/kc/buy/cgsh_order_operate.html HTTP/1.1" 200 37
116.224.255.128 - - [29/Aug/2022:09:16:31 +0800] "POST /xingrg/kc/buy/cgsh_order_operate.html HTTP/1.1" 200 12
222.69.129.110 - - [29/Aug/2022:09:16:32 +0800] "GET /xingrg/kc/buy/cgsh_order_operate.html?command=get_materiel&rest_code=00154&code=00101006193&supplier_code=00100466&order_time=2022-08-28 HTTP/1.1" 200 410
114.84.5.35 - - [29/Aug/2022:09:16:32 +0800] "POST /xingrg/kc/buy/cgsh_order_operate.html HTTP/1.1" 200 11531
116.224.255.128 - - [29/Aug/2022:09:16:33 +0800] "GET /xingrg/kc/buy/cgsh_order_info.html?code=212022082910071 HTTP/1.1" 200 63416
114.84.5.35 - - [29/Aug/2022:09:16:33 +0800] "GET /xingrg/kc/print/load_config.html?kc_code=cgsh HTTP/1.1" 200 1943
116.224.255.128 - - [29/Aug/2022:09:16:33 +0800] "GET /xingrg/javascript/easyui/themes/default/validatebox.css HTTP/1.1" 404 1104
114.84.5.35 - - [29/Aug/2022:09:16:33 +0800] "GET /xingrg/kc/print/load_data.html?order_code=212022082910073&kc_code=cgsh&condition= HTTP/1.1" 200 4064
116.224.255.128 - - [29/Aug/2022:09:16:33 +0800] "GET /xingrg/all/function/internal_message.html?_=1661735792310&CODE_STATE=getMsg HTTP/1.1" 200 27
116.224.255.128 - - [29/Aug/2022:09:16:34 +0800] "POST /xingrg/kc/buy/cgsh_order_operate.html HTTP/1.1" 200 15989
114.84.5.35 - - [29/Aug/2022:09:16:34 +0800] "GET /xingrg/check_reg.html?_=1661735794450 HTTP/1.1" 200 22
114.84.5.35 - - [29/Aug/2022:09:16:34 +0800] "GET /xingrg/all/function/internal_message.html?_=1661735794451&CODE_STATE=getMsg HTTP/1.1" 200 27
120.253.135.82 - - [29/Aug/2022:09:16:36 +0800] "POST /xingrg/kc/buy/cgsh_list_operate.html HTTP/1.1" 200 752
120.253.135.82 - - [29/Aug/2022:09:16:37 +0800] "GET /xingrg/kc/buy/cgsh_order_add.html HTTP/1.1" 200 67621
120.253.135.82 - - [29/Aug/2022:09:16:38 +0800] "POST /xingrg/kc/buy/cgsh_order_operate.html HTTP/1.1" 200 8245
120.253.135.82 - - [29/Aug/2022:09:16:38 +0800] "GET /xingrg/javascript/easyui/themes/default/validatebox.css HTTP/1.1" 404 1104
114.84.5.35 - - [29/Aug/2022:09:16:38 +0800] "GET /xingrg/kc/buy/cgsh_order_add.html HTTP/1.1" 200 68469
114.84.5.35 - - [29/Aug/2022:09:16:39 +0800] "POST /xingrg/kc/buy/cgsh_order_operate.html HTTP/1.1" 200 8245
114.84.5.35 - - [29/Aug/2022:09:16:39 +0800] "GET /xingrg/javascript/easyui/themes/default/validatebox.css HTTP/1.1" 404 1104
116.224.123.211 - - [29/Aug/2022:09:16:40 +0800] "GET /xingrg/all/function/internal_message.html?_=1661735800447&CODE_STATE=getMsg HTTP/1.1" 200 27
114.86.228.86 - - [29/Aug/2022:09:16:41 +0800] "GET /xingrg/all/function/internal_message.html?_=1661735802090&CODE_STATE=getMsg HTTP/1.1" 200 27
120.253.135.82 - - [29/Aug/2022:09:16:41 +0800] "POST /xingrg/all/common/load_combo.html?type=employee HTTP/1.1" 200 1752
116.224.255.128 - - [29/Aug/2022:09:16:43 +0800] "GET /xingrg/kc/print/load_config.html?kc_code=cgsh HTTP/1.1" 200 1943
116.224.255.128 - - [29/Aug/2022:09:16:43 +0800] "GET /xingrg/kc/print/load_data.html?order_code=212022082910071&kc_code=cgsh&condition= HTTP/1.1" 200 6533
116.225.121.189 - - [29/Aug/2022:09:16:44 +0800] "GET /xingrg/kc/buy/cgsh_order_operate.html?command=get_materiel&rest_code=00105&code=00101008223&supplier_code=00100203&order_time=2022-08-29 HTTP/1.1" 200 412
116.224.255.128 - - [29/Aug/2022:09:16:45 +0800] "GET /xingrg/check_reg.html?_=1661735726859 HTTP/1.1" 200 22
116.224.255.128 - - [29/Aug/2022:09:16:45 +0800] "GET /xingrg/all/function/internal_message.html?_=1661735727011&CODE_STATE=getMsg HTTP/1.1" 200 27
101.89.239.245 - - [29/Aug/2022:09:16:46 +0800] "GET /xingrg/kc/buy/cgsh_order_operate.html?command=get_materiel&rest_code=00106&code=00101008224&supplier_code=00100007&order_time=2022-08-29 HTTP/1.1" 302 -
101.89.239.245 - - [29/Aug/2022:09:16:47 +0800] "GET /xingrg/login.html HTTP/1.1" 200 7641
116.224.255.128 - - [29/Aug/2022:09:16:48 +0800] "GET /xingrg/kc/buy/cgsh_order_add.html HTTP/1.1" 200 68513
116.224.255.128 - - [29/Aug/2022:09:16:48 +0800] "GET /xingrg/javascript/easyui/themes/default/validatebox.css HTTP/1.1" 404 1104
116.224.255.128 - - [29/Aug/2022:09:16:48 +0800] "POST /xingrg/kc/buy/cgsh_order_operate.html HTTP/1.1" 200 8245
114.84.5.35 - - [29/Aug/2022:09:16:48 +0800] "GET /xingrg/kc/buy/cgsh_order_operate.html?command=get_materiel&rest_code=00111&code=00101002027&supplier_code=00100199&order_time=2022-08-29 HTTP/1.1" 200 413
124.78.153.134 - - [29/Aug/2022:09:16:49 +0800] "GET /xingrg/check_reg.html?_=1661735808003 HTTP/1.1" 200 22
124.78.153.134 - - [29/Aug/2022:09:16:50 +0800] "GET /xingrg/all/function/internal_message.html?_=1661735808846&CODE_STATE=getMsg HTTP/1.1" 200 27
120.253.135.82 - - [29/Aug/2022:09:16:53 +0800] "GET /xingrg/kc/buy/cgsh_order_operate.html?command=get_materiel&rest_code=00101&code=00101029112&supplier_code=00100151&order_time=2022-08-29 HTTP/1.1" 200 420
116.225.121.189 - - [29/Aug/2022:09:17:01 +0800] "GET /xingrg/kc/buy/cgsh_order_operate.html?command=get_materiel&rest_code=00105&code=00101008109&supplier_code=00100203&order_time=2022-08-29 HTTP/1.1" 200 413
116.224.255.128 - - [29/Aug/2022:09:17:01 +0800] "GET /xingrg/kc/buy/cgsh_order_operate.html?command=get_materiel&rest_code=00150&code=00101008323&supplier_code=00100008&order_time=2022-08-29 HTTP/1.1" 200 408
114.83.219.200 - - [29/Aug/2022:09:17:04 +0800] "GET /xingrg/all/function/internal_message.html?_=1661735822683&CODE_STATE=getMsg HTTP/1.1" 200 27
116.225.121.189 - - [29/Aug/2022:09:17:07 +0800] "GET /xingrg/kc/buy/cgsh_order_operate.html?command=get_materiel&rest_code=00105&code=00101008402&supplier_code=00100203&order_time=2022-08-29 HTTP/1.1" 200 410
116.224.255.128 - - [29/Aug/2022:09:17:10 +0800] "GET /xingrg/kc/buy/cgsh_order_operate.html?command=get_materiel&rest_code=00150&code=00101008331&supplier_code=00100008&order_time=2022-08-29 HTTP/1.1" 200 416
114.84.5.35 - - [29/Aug/2022:09:17:13 +0800] "GET /xingrg/kc/buy/cgsh_order_operate.html?command=get_materiel&rest_code=00111&code=00101002006&supplier_code=00100199&order_time=2022-08-29 HTTP/1.1" 200 414
222.69.129.110 - - [29/Aug/2022:09:17:15 +0800] "GET /xingrg/all/function/internal_message.html?_=1661735910358&CODE_STATE=getMsg HTTP/1.1" 200 27
116.225.121.189 - - [29/Aug/2022:09:17:16 +0800] "GET /xingrg/all/function/internal_message.html?_=1661735703892&CODE_STATE=getMsg HTTP/1.1" 200 27
120.253.135.82 - - [29/Aug/2022:09:17:21 +0800] "GET /xingrg/all/function/internal_message.html?_=1661735644014&CODE_STATE=getMsg HTTP/1.1" 200 27
116.225.121.189 - - [29/Aug/2022:09:17:23 +0800] "GET /xingrg/all/function/internal_message.html?_=1661735845111&CODE_STATE=getMsg HTTP/1.1" 200 27
114.84.5.35 - - [29/Aug/2022:09:17:24 +0800] "POST /xingrg/kc/buy/cgsh_order_operate.html HTTP/1.1" 200 37
101.89.239.245 - - [29/Aug/2022:09:17:24 +0800] "GET /xingrg/kc/buy/cgsh_order_operate.html?command=get_materiel&rest_code=00106&code=00101008144&supplier_code=00100007&order_time=2022-08-29 HTTP/1.1" 302 -
101.89.239.245 - - [29/Aug/2022:09:17:25 +0800] "GET /xingrg/login.html HTTP/1.1" 200 7641
120.253.135.82 - - [29/Aug/2022:09:17:27 +0800] "POST /xingrg/kc/buy/cgsh_order_operate.html HTTP/1.1" 200 37
114.84.5.35 - - [29/Aug/2022:09:17:27 +0800] "POST /xingrg/kc/buy/cgsh_order_operate.html HTTP/1.1" 200 3849
116.225.121.189 - - [29/Aug/2022:09:17:28 +0800] "GET /xingrg/kc/buy/cgsh_order_operate.html?command=get_materiel&rest_code=00105&code=00101008261&supplier_code=00100203&order_time=2022-08-29 HTTP/1.1" 200 408
120.253.135.82 - - [29/Aug/2022:09:17:29 +0800] "POST /xingrg/kc/buy/cgsh_order_operate.html HTTP/1.1" 200 2683
114.84.5.35 - - [29/Aug/2022:09:17:29 +0800] "GET /xingrg/kc/print/load_data.html?order_code=212022082910074&kc_code=cgsh&condition= HTTP/1.1" 200 1130
120.253.135.82 - - [29/Aug/2022:09:17:31 +0800] "GET /xingrg/kc/print/load_data.html?order_code=212022082910075&kc_code=cgsh&condition= HTTP/1.1" 200 670
116.224.255.128 - - [29/Aug/2022:09:17:33 +0800] "GET /xingrg/all/function/internal_message.html?_=1661735852281&CODE_STATE=getMsg HTTP/1.1" 200 27
114.84.5.35 - - [29/Aug/2022:09:17:34 +0800] "GET /xingrg/kc/buy/cgsh_order_add.html HTTP/1.1" 200 68469
114.84.5.35 - - [29/Aug/2022:09:17:34 +0800] "GET /xingrg/all/function/internal_message.html?_=1661735854471&CODE_STATE=getMsg HTTP/1.1" 200 27
114.84.5.35 - - [29/Aug/2022:09:17:34 +0800] "GET /xingrg/javascript/easyui/themes/default/validatebox.css HTTP/1.1" 404 1104
114.84.5.35 - - [29/Aug/2022:09:17:34 +0800] "POST /xingrg/kc/buy/cgsh_order_operate.html HTTP/1.1" 200 8245
116.225.121.189 - - [29/Aug/2022:09:17:36 +0800] "GET /xingrg/kc/buy/cgsh_order_operate.html?command=get_materiel&rest_code=00105&code=00101008358&supplier_code=00100203&order_time=2022-08-29 HTTP/1.1" 200 412
116.224.123.211 - - [29/Aug/2022:09:17:40 +0800] "GET /xingrg/all/function/internal_message.html?_=1661735860425&CODE_STATE=getMsg HTTP/1.1" 200 27
114.86.228.86 - - [29/Aug/2022:09:17:41 +0800] "GET /xingrg/all/function/internal_message.html?_=1661735862094&CODE_STATE=getMsg HTTP/1.1" 200 27
114.83.219.200 - - [29/Aug/2022:09:17:44 +0800] "POST /xingrg/kc/buy/cgsh_order_operate.html HTTP/1.1" 200 37
116.224.255.128 - - [29/Aug/2022:09:17:45 +0800] "GET /xingrg/kc/buy/cgsh_order_operate.html?command=get_materiel&rest_code=00150&code=00101008223&supplier_code=00100008&order_time=2022-08-29 HTTP/1.1" 200 412
116.224.255.128 - - [29/Aug/2022:09:17:45 +0800] "GET /xingrg/all/function/internal_message.html?_=1661735787025&CODE_STATE=getMsg HTTP/1.1" 200 27
114.83.219.200 - - [29/Aug/2022:09:17:46 +0800] "POST /xingrg/kc/buy/cgsh_order_operate.html HTTP/1.1" 200 30442
124.78.153.134 - - [29/Aug/2022:09:17:50 +0800] "GET /xingrg/all/function/internal_message.html?_=1661735868817&CODE_STATE=getMsg HTTP/1.1" 200 27
120.253.135.82 - - [29/Aug/2022:09:17:55 +0800] "GET /xingrg/check_reg.html?_=1661735677753 HTTP/1.1" 200 22
116.224.255.128 - - [29/Aug/2022:09:17:57 +0800] "GET /xingrg/kc/buy/cgsh_order_operate.html?command=get_materiel&rest_code=00150&code=00101008371&supplier_code=00100008&order_time=2022-08-29 HTTP/1.1" 200 412
116.225.121.189 - - [29/Aug/2022:09:18:00 +0800] "GET /xingrg/kc/buy/cgsh_order_operate.html?command=get_materiel&rest_code=00105&code=00101008118&supplier_code=00100203&order_time=2022-08-29 HTTP/1.1" 200 418
114.83.219.200 - - [29/Aug/2022:09:18:04 +0800] "GET /xingrg/all/function/internal_message.html?_=1661735882673&CODE_STATE=getMsg HTTP/1.1" 200 27
116.224.255.128 - - [29/Aug/2022:09:18:04 +0800] "GET /xingrg/kc/buy/cgsh_order_operate.html?command=get_materiel&rest_code=00150&code=00101008092&supplier_code=00100008&order_time=2022-08-29 HTTP/1.1" 200 412
114.83.219.200 - - [29/Aug/2022:09:18:04 +0800] "GET /xingrg/check_reg.html?_=1661735882683 HTTP/1.1" 200 22
222.69.129.110 - - [29/Aug/2022:09:18:08 +0800] "GET /xingrg/kc/buy/cgsh_order_operate.html?command=get_materiel&rest_code=00154&code=00102002022&supplier_code=00100466&order_time=2022-08-28 HTTP/1.1" 200 454
116.224.255.128 - - [29/Aug/2022:09:18:08 +0800] "POST /xingrg/kc/buy/cgsh_order_operate.html HTTP/1.1" 200 37
116.228.172.94 - - [29/Aug/2022:09:18:11 +0800] "GET /xingrg/login.html HTTP/1.1" 200 7641
114.84.5.35 - - [29/Aug/2022:09:18:12 +0800] "GET /xingrg/kc/buy/cgsh_order_operate.html?command=get_materiel&rest_code=00111&code=00102002389&supplier_code=00100075&order_time=2022-08-29 HTTP/1.1" 200 414
116.228.172.94 - - [29/Aug/2022:09:18:13 +0800] "GET /favicon.ico HTTP/1.1" 404 -
116.224.255.128 - - [29/Aug/2022:09:18:13 +0800] "POST /xingrg/kc/buy/cgsh_order_operate.html HTTP/1.1" 200 12
116.224.255.128 - - [29/Aug/2022:09:18:15 +0800] "GET /xingrg/kc/buy/cgsh_order_info.html?code=212022082910067 HTTP/1.1" 200 63020
116.228.172.94 - - [29/Aug/2022:09:18:15 +0800] "POST /xingrg/login.do HTTP/1.1" 302 -
116.228.172.94 - - [29/Aug/2022:09:18:15 +0800] "GET /xingrg/index.html?sysBaseUrl=http%3A%2F%2F180.169.147.146%3A18081%2Fxingrg%2F&costTime=497×tamp=1661735895541 HTTP/1.1" 200 17417
116.228.172.94 - - [29/Aug/2022:09:18:15 +0800] "GET /favicon.ico HTTP/1.1" 404 -
116.224.255.128 - - [29/Aug/2022:09:18:15 +0800] "GET /xingrg/javascript/easyui/themes/default/validatebox.css HTTP/1.1" 404 1104
222.69.129.110 - - [29/Aug/2022:09:18:15 +0800] "GET /xingrg/all/function/internal_message.html?_=1661735970383&CODE_STATE=getMsg HTTP/1.1" 200 27
116.228.172.94 - - [29/Aug/2022:09:18:15 +0800] "POST /xingrg/all/common/load_tree.html?tree=area_rest_tree_json&manage=1 HTTP/1.1" 200 348
116.228.172.94 - - [29/Aug/2022:09:18:16 +0800] "GET /xingrg/check_reg.html?_=1661735497745 HTTP/1.1" 200 22
116.228.172.94 - - [29/Aug/2022:09:18:16 +0800] "POST /xingrg/load_menu.html HTTP/1.1" 200 9959
116.228.172.94 - - [29/Aug/2022:09:18:16 +0800] "GET /xingrg/all/function/internal_message.html?_=1661735497743&CODE_STATE=count HTTP/1.1" 200 11
116.224.255.128 - - [29/Aug/2022:09:18:16 +0800] "POST /xingrg/kc/buy/cgsh_order_operate.html HTTP/1.1" 200 7762
116.225.121.189 - - [29/Aug/2022:09:18:16 +0800] "GET /xingrg/check_reg.html?_=1661735763892 HTTP/1.1" 200 22
116.225.121.189 - - [29/Aug/2022:09:18:16 +0800] "GET /xingrg/all/function/internal_message.html?_=1661735763894&CODE_STATE=getMsg HTTP/1.1" 200 27
116.224.255.128 - - [29/Aug/2022:09:18:17 +0800] "GET /xingrg/kc/buy/cgsh_order_operate.html?command=get_materiel&rest_code=00150&code=00101008061&supplier_code=00100008&order_time=2022-08-29 HTTP/1.1" 200 422
116.224.255.128 - - [29/Aug/2022:09:18:17 +0800] "GET /xingrg/kc/print/load_data.html?order_code=212022082910067&kc_code=cgsh&condition= HTTP/1.1" 200 3453
120.253.135.82 - - [29/Aug/2022:09:18:21 +0800] "GET /xingrg/all/function/internal_message.html?_=1661735704138&CODE_STATE=getMsg HTTP/1.1" 200 27
116.228.172.94 - - [29/Aug/2022:09:18:23 +0800] "GET /xingrg/kc/buy/buy_main.html HTTP/1.1" 200 12412
116.228.172.94 - - [29/Aug/2022:09:18:23 +0800] "GET /xingrg/css/new_ie.css HTTP/1.1" 404 1036
116.225.121.189 - - [29/Aug/2022:09:18:23 +0800] "GET /xingrg/check_reg.html?_=1661735905089 HTTP/1.1" 200 22
116.225.121.189 - - [29/Aug/2022:09:18:23 +0800] "GET /xingrg/all/function/internal_message.html?_=1661735905090&CODE_STATE=getMsg HTTP/1.1" 200 27
116.228.172.94 - - [29/Aug/2022:09:18:24 +0800] "GET /xingrg/images/yd/bt.gif HTTP/1.1" 404 1040
116.228.172.94 - - [29/Aug/2022:09:18:25 +0800] "GET /xingrg/kc/buy/cgsh_order_list.html HTTP/1.1" 200 52735
116.228.172.94 - - [29/Aug/2022:09:18:26 +0800] "POST /xingrg/kc/buy/cgsh_list_operate.html HTTP/1.1" 200 752
116.224.255.128 - - [29/Aug/2022:09:18:33 +0800] "GET /xingrg/all/function/internal_message.html?_=1661735912288&CODE_STATE=getMsg HTTP/1.1" 200 27
114.84.5.35 - - [29/Aug/2022:09:18:34 +0800] "GET /xingrg/all/function/internal_message.html?_=1661735914457&CODE_STATE=getMsg HTTP/1.1" 200 27
116.224.255.128 - - [29/Aug/2022:09:18:35 +0800] "GET /xingrg/kc/buy/cgsh_order_operate.html?command=get_materiel&rest_code=00150&code=00101008279&supplier_code=00100008&order_time=2022-08-29 HTTP/1.1" 200 412
116.228.172.94 - - [29/Aug/2022:09:18:35 +0800] "GET /xingrg/kc/buy/cgsh_order_add.html HTTP/1.1" 200 67560
116.228.172.94 - - [29/Aug/2022:09:18:36 +0800] "GET /xingrg/words/20220828173911_words.js HTTP/1.1" 200 917388
116.228.172.94 - - [29/Aug/2022:09:18:36 +0800] "POST /xingrg/kc/buy/cgsh_order_operate.html HTTP/1.1" 200 8245
116.228.172.94 - - [29/Aug/2022:09:18:36 +0800] "GET /xingrg/all/common/auto_word.html?type=employee&rest_code=00153 HTTP/1.1" 200 47
116.224.255.128 - - [29/Aug/2022:09:18:36 +0800] "GET /xingrg/javascript/jquery_easy_ui/themes/default/images/tabs_active.png HTTP/1.1" 304 -
116.228.172.94 - - [29/Aug/2022:09:18:36 +0800] "GET /xingrg/javascript/easyui/themes/default/validatebox.css HTTP/1.1" 404 1104
116.228.172.94 - - [29/Aug/2022:09:18:36 +0800] "GET /xingrg/all/common/auto_word.html?type=employee&rest_code=00153 HTTP/1.1" 200 47
116.224.123.211 - - [29/Aug/2022:09:18:40 +0800] "GET /xingrg/all/function/internal_message.html?_=1661735920436&CODE_STATE=getMsg HTTP/1.1" 200 27
114.86.228.86 - - [29/Aug/2022:09:18:41 +0800] "GET /xingrg/check_reg.html?_=1661735922085 HTTP/1.1" 200 22
114.86.228.86 - - [29/Aug/2022:09:18:41 +0800] "GET /xingrg/all/function/internal_message.html?_=1661735922094&CODE_STATE=getMsg HTTP/1.1" 200 27
116.228.172.94 - - [29/Aug/2022:09:18:42 +0800] "GET /xingrg/javascript/auto/indicator.gif HTTP/1.1" 404 1066
222.69.129.110 - - [29/Aug/2022:09:18:43 +0800] "GET /xingrg/kc/buy/cgsh_order_operate.html?command=get_materiel&rest_code=00154&code=00102002692&supplier_code=00100466&order_time=2022-08-28 HTTP/1.1" 200 415
120.253.135.82 - - [29/Aug/2022:09:18:44 +0800] "POST /xingrg/kc/buy/cgsh_order_operate.html HTTP/1.1" 200 37
116.224.255.128 - - [29/Aug/2022:09:18:44 +0800] "GET /xingrg/kc/buy/cgsh_order_operate.html?command=get_materiel&rest_code=00150&code=00101009015&supplier_code=00100008&order_time=2022-08-29 HTTP/1.1" 200 416
116.228.172.94 - - [29/Aug/2022:09:18:45 +0800] "GET /xingrg/javascript/jquery_tools/images/prev.gif HTTP/1.1" 404 1086
116.228.172.94 - - [29/Aug/2022:09:18:45 +0800] "GET /xingrg/javascript/jquery_tools/images/next.gif HTTP/1.1" 404 1086
116.224.255.128 - - [29/Aug/2022:09:18:46 +0800] "GET /xingrg/all/function/internal_message.html?_=1661735847079&CODE_STATE=getMsg HTTP/1.1" 200 27
222.69.129.110 - - [29/Aug/2022:09:18:47 +0800] "POST /xingrg/all/common/load_select.html HTTP/1.1" 200 12
120.253.135.82 - - [29/Aug/2022:09:18:49 +0800] "POST /xingrg/kc/buy/cgsh_order_operate.html HTTP/1.1" 200 12
124.78.153.134 - - [29/Aug/2022:09:18:50 +0800] "GET /xingrg/all/function/internal_message.html?_=1661735928792&CODE_STATE=getMsg HTTP/1.1" 200 27
222.69.129.110 - - [29/Aug/2022:09:18:51 +0800] "GET /xingrg/kc/buy/cgsh_order_operate.html?command=get_materiel_price&rest_code=00154&code=00102002692&unit_code=00100004&supplier_code=00100466&order_time=2022-08-28 HTTP/1.1" 200 29
120.253.135.82 - - [29/Aug/2022:09:18:51 +0800] "GET /xingrg/kc/buy/cgsh_order_info.html?code=212022082910075 HTTP/1.1" 200 62512
116.224.255.128 - - [29/Aug/2022:09:18:52 +0800] "GET /xingrg/kc/buy/cgsh_order_operate.html?command=get_materiel&rest_code=00150&code=00101008558&supplier_code=00100008&order_time=2022-08-29 HTTP/1.1" 200 409
120.253.135.82 - - [29/Aug/2022:09:18:52 +0800] "GET /xingrg/javascript/easyui/themes/default/validatebox.css HTTP/1.1" 404 1104
120.253.135.82 - - [29/Aug/2022:09:18:53 +0800] "POST /xingrg/kc/buy/cgsh_order_operate.html HTTP/1.1" 200 633
116.225.121.189 - - [29/Aug/2022:09:18:55 +0800] "GET /xingrg/kc/buy/cgsh_order_operate.html?command=get_materiel&rest_code=00105&code=00101008477&supplier_code=00100203&order_time=2022-08-29 HTTP/1.1" 200 422
61.151.206.14 - - [29/Aug/2022:09:18:56 +0800] "GET /xingrg/kc/buy/cgsh_order_operate.html?command=get_materiel&rest_code=00106&code=00101008036&supplier_code=00100007&order_time=2022-08-29 HTTP/1.1" 302 -
61.151.206.14 - - [29/Aug/2022:09:18:57 +0800] "GET /xingrg/login.html HTTP/1.1" 200 7641
116.228.172.94 - - [29/Aug/2022:09:18:59 +0800] "GET /xingrg/kc/buy/cgsh_order_operate.html?command=get_materiel&rest_code=00153&code=00101011005&supplier_code=00100049&order_time=2022-08-28 HTTP/1.1" 200 408
114.83.219.200 - - [29/Aug/2022:09:19:04 +0800] "GET /xingrg/all/function/internal_message.html?_=1661735942685&CODE_STATE=getMsg HTTP/1.1" 200 27
114.84.5.35 - - [29/Aug/2022:09:19:05 +0800] "GET /xingrg/kc/buy/cgsh_order_operate.html?command=get_materiel&rest_code=00111&code=00102002582&supplier_code=00100075&order_time=2022-08-29 HTTP/1.1" 200 413
116.228.172.94 - - [29/Aug/2022:09:19:14 +0800] "POST /xingrg/kc/buy/cgsh_order_operate.html HTTP/1.1" 200 37
116.225.121.189 - - [29/Aug/2022:09:19:15 +0800] "POST /xingrg/kc/buy/cgsh_order_operate.html HTTP/1.1" 200 2065
222.69.129.110 - - [29/Aug/2022:09:19:15 +0800] "GET /xingrg/all/function/internal_message.html?_=1661736030371&CODE_STATE=getMsg HTTP/1.1" 200 27
116.228.172.94 - - [29/Aug/2022:09:19:16 +0800] "GET /xingrg/all/function/internal_message.html?_=1661735558118&CODE_STATE=getMsg HTTP/1.1" 200 27
116.225.121.189 - - [29/Aug/2022:09:19:16 +0800] "GET /xingrg/all/function/internal_message.html?_=1661735823893&CODE_STATE=getMsg HTTP/1.1" 200 27
116.225.121.189 - - [29/Aug/2022:09:19:18 +0800] "POST /xingrg/kc/buy/cgsh_order_operate.html HTTP/1.1" 200 2065
114.84.5.35 - - [29/Aug/2022:09:19:18 +0800] "POST /xingrg/kc/buy/cgsh_order_operate.html HTTP/1.1" 200 37
114.84.5.35 - - [29/Aug/2022:09:19:20 +0800] "POST /xingrg/kc/buy/cgsh_order_operate.html HTTP/1.1" 200 3250
120.253.135.82 - - [29/Aug/2022:09:19:21 +0800] "GET /xingrg/all/function/internal_message.html?_=1661735764151&CODE_STATE=getMsg HTTP/1.1" 200 27
114.84.5.35 - - [29/Aug/2022:09:19:22 +0800] "GET /xingrg/kc/print/load_data.html?order_code=212022082910078&kc_code=cgsh&condition= HTTP/1.1" 200 911
116.228.172.94 - - [29/Aug/2022:09:19:22 +0800] "POST /xingrg/kc/buy/cgsh_order_operate.html HTTP/1.1" 200 12
116.225.121.189 - - [29/Aug/2022:09:19:23 +0800] "GET /xingrg/all/function/internal_message.html?_=1661735965063&CODE_STATE=getMsg HTTP/1.1" 200 27
116.228.172.94 - - [29/Aug/2022:09:19:24 +0800] "GET /xingrg/kc/buy/cgsh_order_info.html?code=212022082910077 HTTP/1.1" 200 62461
116.228.172.94 - - [29/Aug/2022:09:19:24 +0800] "GET /xingrg/javascript/easyui/themes/default/validatebox.css HTTP/1.1" 404 1104
116.228.172.94 - - [29/Aug/2022:09:19:25 +0800] "POST /xingrg/kc/buy/cgsh_order_operate.html HTTP/1.1" 200 606
120.253.135.82 - - [29/Aug/2022:09:19:25 +0800] "POST /xingrg/kc/buy/cgsh_list_operate.html HTTP/1.1" 200 752
114.84.5.35 - - [29/Aug/2022:09:19:26 +0800] "GET /xingrg/kc/buy/cgsh_order_add.html HTTP/1.1" 200 68469
116.228.172.94 - - [29/Aug/2022:09:19:26 +0800] "GET /xingrg/kc/print/load_config.html?kc_code=cgsh HTTP/1.1" 200 1943
114.84.5.35 - - [29/Aug/2022:09:19:27 +0800] "POST /xingrg/kc/buy/cgsh_order_operate.html HTTP/1.1" 200 8245
116.228.172.94 - - [29/Aug/2022:09:19:27 +0800] "GET /xingrg/kc/print/load_data.html?order_code=212022082910077&kc_code=cgsh&condition= HTTP/1.1" 200 742
114.84.5.35 - - [29/Aug/2022:09:19:27 +0800] "GET /xingrg/javascript/easyui/themes/default/validatebox.css HTTP/1.1" 404 1104
