116.224.255.128 - - [27/Aug/2022:08:54:33 +0800] "GET /xingrg/kc/buy/cgsh_order_operate.html?command=get_materiel&rest_code=00151&code=00101008096&supplier_code=00100008&order_time=2022-08-27 HTTP/1.1" 200 412
61.165.19.104 - - [27/Aug/2022:08:54:34 +0800] "GET /xingrg/kc/buy/cgsh_order_operate.html?command=get_materiel&rest_code=00105&code=00101008005&supplier_code=00100203&order_time=2022-08-27 HTTP/1.1" 200 412
116.224.255.128 - - [27/Aug/2022:08:54:35 +0800] "POST /xingrg/kc/buy/cgsh_order_operate.html HTTP/1.1" 200 2065
116.224.255.128 - - [27/Aug/2022:08:54:36 +0800] "GET /xingrg/kc/buy/cgsh_order_operate.html?command=get_materiel&rest_code=00150&code=00101008077&supplier_code=00100008&order_time=2022-08-27 HTTP/1.1" 200 416
101.80.228.36 - - [27/Aug/2022:08:54:38 +0800] "GET /xingrg/check_reg.html?_=1661561674883 HTTP/1.1" 200 22
116.224.255.128 - - [27/Aug/2022:08:54:40 +0800] "GET /xingrg/kc/buy/cgsh_order_operate.html?command=get_materiel&rest_code=00151&code=00101008312&supplier_code=00100008&order_time=2022-08-27 HTTP/1.1" 200 412
61.165.19.104 - - [27/Aug/2022:08:54:42 +0800] "GET /xingrg/kc/buy/cgsh_order_operate.html?command=get_materiel&rest_code=00105&code=00101008271&supplier_code=00100203&order_time=2022-08-27 HTTP/1.1" 200 408
116.232.194.65 - - [27/Aug/2022:08:54:43 +0800] "GET /xingrg/kc/buy/cgsh_order_operate.html?command=get_materiel&rest_code=00155&code=00101004038&supplier_code=00100199&order_time=2022-08-27 HTTP/1.1" 200 426
116.224.255.128 - - [27/Aug/2022:08:54:45 +0800] "GET /xingrg/kc/buy/cgsh_order_operate.html?command=get_materiel&rest_code=00150&code=00101008079&supplier_code=00100008&order_time=2022-08-27 HTTP/1.1" 200 416
116.224.255.128 - - [27/Aug/2022:08:54:47 +0800] "POST /xingrg/kc/buy/cgsh_order_operate.html HTTP/1.1" 200 37
116.224.255.128 - - [27/Aug/2022:08:54:49 +0800] "POST /xingrg/kc/buy/cgsh_order_operate.html HTTP/1.1" 200 17626
116.232.194.65 - - [27/Aug/2022:08:54:53 +0800] "GET /xingrg/all/function/internal_message.html?_=1661561654388&CODE_STATE=getMsg HTTP/1.1" 200 27
116.224.255.128 - - [27/Aug/2022:08:54:54 +0800] "POST /xingrg/kc/buy/cgsh_order_operate.html HTTP/1.1" 200 64
116.232.194.65 - - [27/Aug/2022:08:54:55 +0800] "POST /xingrg/kc/buy/cgsh_order_operate.html HTTP/1.1" 200 37
61.165.19.104 - - [27/Aug/2022:08:54:56 +0800] "GET /xingrg/kc/buy/cgsh_order_operate.html?command=get_materiel&rest_code=00105&code=00101008213&supplier_code=00100203&order_time=2022-08-27 HTTP/1.1" 200 412
116.232.194.65 - - [27/Aug/2022:08:54:57 +0800] "POST /xingrg/kc/buy/cgsh_order_operate.html HTTP/1.1" 200 5040
116.232.194.65 - - [27/Aug/2022:08:54:57 +0800] "GET /xingrg/kc/print/load_data.html?order_code=212022082709317&kc_code=cgsh&condition= HTTP/1.1" 200 1592
61.165.19.104 - - [27/Aug/2022:08:54:59 +0800] "POST /xingrg/kc/buy/cgsh_order_operate.html HTTP/1.1" 200 2065
116.224.255.128 - - [27/Aug/2022:08:55:00 +0800] "POST /xingrg/kc/buy/cgsh_order_operate.html HTTP/1.1" 200 37
61.165.19.104 - - [27/Aug/2022:08:55:01 +0800] "POST /xingrg/kc/buy/cgsh_order_operate.html HTTP/1.1" 200 2065
116.224.255.128 - - [27/Aug/2022:08:55:02 +0800] "POST /xingrg/kc/buy/cgsh_order_operate.html HTTP/1.1" 200 19863
116.224.123.211 - - [27/Aug/2022:08:55:07 +0800] "POST /xingrg/services/DataTransmitService HTTP/1.1" 200 524
61.165.19.104 - - [27/Aug/2022:08:55:09 +0800] "GET /xingrg/kc/buy/cgsh_order_operate.html?command=get_materiel&rest_code=00105&code=00101008119&supplier_code=00100203&order_time=2022-08-27 HTTP/1.1" 200 412
124.78.154.80 - - [27/Aug/2022:08:55:10 +0800] "POST /xingrg/services/DataTransmitService HTTP/1.1" 200 524
114.88.158.224 - - [27/Aug/2022:08:55:13 +0800] "GET /xingrg/all/function/internal_message.html?_=1661561377334&CODE_STATE=getMsg HTTP/1.1" 200 27
116.224.255.128 - - [27/Aug/2022:08:55:13 +0800] "GET /xingrg/kc/buy/cgsh_order_operate.html?command=get_materiel&rest_code=00150&code=00101008357&supplier_code=00100008&order_time=2022-08-27 HTTP/1.1" 200 408
101.80.228.36 - - [27/Aug/2022:08:55:14 +0800] "GET /xingrg/all/function/internal_message.html?_=1661561710946&CODE_STATE=getMsg HTTP/1.1" 200 27
218.81.223.53 - - [27/Aug/2022:08:55:15 +0800] "GET /xingrg/all/function/internal_message.html?_=1661561733846&CODE_STATE=getMsg HTTP/1.1" 200 27
61.165.19.104 - - [27/Aug/2022:08:55:17 +0800] "GET /xingrg/kc/buy/cgsh_order_operate.html?command=get_materiel&rest_code=00105&code=00101015038&supplier_code=00100203&order_time=2022-08-27 HTTP/1.1" 200 418
61.165.19.104 - - [27/Aug/2022:08:55:20 +0800] "GET /xingrg/all/function/internal_message.html?_=1661561717595&CODE_STATE=getMsg HTTP/1.1" 200 27
124.78.154.80 - - [27/Aug/2022:08:55:22 +0800] "GET /xingrg/kc/buy/cgsh_order_operate.html?command=get_materiel&rest_code=00106&code=00101015032&supplier_code=00100007&order_time=2022-08-27 HTTP/1.1" 200 419
124.78.154.80 - - [27/Aug/2022:08:55:23 +0800] "GET /xingrg/all/function/internal_message.html?_=1661561726283&CODE_STATE=getMsg HTTP/1.1" 200 27
116.224.255.128 - - [27/Aug/2022:08:55:23 +0800] "GET /xingrg/kc/buy/cgsh_order_operate.html?command=get_materiel&rest_code=00150&code=00101008069&supplier_code=00100008&order_time=2022-08-27 HTTP/1.1" 200 412
61.165.19.104 - - [27/Aug/2022:08:55:23 +0800] "GET /xingrg/kc/buy/cgsh_order_operate.html?command=get_materiel&rest_code=00105&code=00101008185&supplier_code=00100203&order_time=2022-08-27 HTTP/1.1" 200 408
116.224.123.211 - - [27/Aug/2022:08:55:27 +0800] "GET /xingrg/all/function/internal_message.html?_=1661561724311&CODE_STATE=getMsg HTTP/1.1" 200 27
116.224.255.128 - - [27/Aug/2022:08:55:29 +0800] "GET /xingrg/all/function/internal_message.html?_=1661561649372&CODE_STATE=getMsg HTTP/1.1" 200 27
116.224.255.128 - - [27/Aug/2022:08:55:31 +0800] "GET /xingrg/all/function/internal_message.html?_=1661561651581&CODE_STATE=getMsg HTTP/1.1" 200 27
116.224.255.128 - - [27/Aug/2022:08:55:33 +0800] "GET /xingrg/all/function/internal_message.html?_=1661561728681&CODE_STATE=getMsg HTTP/1.1" 200 27
116.224.255.128 - - [27/Aug/2022:08:55:33 +0800] "GET /xingrg/check_reg.html?_=1661561728686 HTTP/1.1" 200 22
61.165.19.104 - - [27/Aug/2022:08:55:33 +0800] "GET /xingrg/kc/buy/cgsh_order_operate.html?command=get_materiel&rest_code=00105&code=00101010528&supplier_code=00100203&order_time=2022-08-27 HTTP/1.1" 200 409
116.224.255.128 - - [27/Aug/2022:08:55:33 +0800] "GET /xingrg/kc/buy/cgsh_order_operate.html?command=get_materiel&rest_code=00150&code=00101008286&supplier_code=00100008&order_time=2022-08-27 HTTP/1.1" 200 408
124.78.154.80 - - [27/Aug/2022:08:55:37 +0800] "GET /xingrg/kc/buy/cgsh_order_operate.html?command=get_materiel&rest_code=00106&code=00102014106&supplier_code=00100007&order_time=2022-08-27 HTTP/1.1" 200 413
124.78.154.80 - - [27/Aug/2022:08:55:41 +0800] "POST /xingrg/kc/buy/cgsh_order_operate.html HTTP/1.1" 200 2065
61.165.19.104 - - [27/Aug/2022:08:55:42 +0800] "GET /xingrg/kc/buy/cgsh_order_operate.html?command=get_materiel&rest_code=00105&code=00101008176&supplier_code=00100203&order_time=2022-08-27 HTTP/1.1" 200 413
116.224.255.128 - - [27/Aug/2022:08:55:48 +0800] "GET /xingrg/kc/buy/cgsh_order_operate.html?command=get_materiel&rest_code=00150&code=00101008131&supplier_code=00100008&order_time=2022-08-27 HTTP/1.1" 200 408
124.78.154.80 - - [27/Aug/2022:08:55:50 +0800] "GET /xingrg/kc/buy/cgsh_order_operate.html?command=get_materiel&rest_code=00106&code=00101008283&supplier_code=00100007&order_time=2022-08-27 HTTP/1.1" 200 408
116.232.194.65 - - [27/Aug/2022:08:55:53 +0800] "GET /xingrg/all/function/internal_message.html?_=1661561714405&CODE_STATE=getMsg HTTP/1.1" 200 27
61.165.19.104 - - [27/Aug/2022:08:55:53 +0800] "GET /xingrg/kc/buy/cgsh_order_operate.html?command=get_materiel&rest_code=00105&code=00101008330&supplier_code=00100203&order_time=2022-08-27 HTTP/1.1" 200 408
116.224.255.128 - - [27/Aug/2022:08:55:56 +0800] "GET /xingrg/kc/buy/cgsh_order_operate.html?command=get_materiel&rest_code=00150&code=00101008296&supplier_code=00100008&order_time=2022-08-27 HTTP/1.1" 200 416
120.253.135.82 - - [27/Aug/2022:08:55:57 +0800] "POST /xingrg/kc/buy/cgsh_order_operate.html HTTP/1.1" 200 37
61.165.19.104 - - [27/Aug/2022:08:56:07 +0800] "GET /xingrg/kc/buy/cgsh_order_operate.html?command=get_materiel&rest_code=00105&code=00101008219&supplier_code=00100203&order_time=2022-08-27 HTTP/1.1" 200 23
124.78.154.80 - - [27/Aug/2022:08:56:07 +0800] "GET /xingrg/kc/buy/cgsh_order_operate.html?command=get_materiel&rest_code=00106&code=00101008182&supplier_code=00100007&order_time=2022-08-27 HTTP/1.1" 200 23
116.224.255.128 - - [27/Aug/2022:08:56:11 +0800] "POST /xingrg/kc/buy/cgsh_order_operate.html HTTP/1.1" 200 205
120.253.135.82 - - [27/Aug/2022:08:56:12 +0800] "POST /xingrg/kc/buy/cgsh_order_operate.html HTTP/1.1" 200 12
114.88.158.224 - - [27/Aug/2022:08:56:13 +0800] "GET /xingrg/all/function/internal_message.html?_=1661561437310&CODE_STATE=getMsg HTTP/1.1" 200 27
116.224.255.128 - - [27/Aug/2022:08:56:13 +0800] "GET /xingrg/check_reg.html?_=1661561693980 HTTP/1.1" 200 22
101.80.228.36 - - [27/Aug/2022:08:56:14 +0800] "GET /xingrg/all/function/internal_message.html?_=1661561770933&CODE_STATE=getMsg HTTP/1.1" 200 27
218.81.223.53 - - [27/Aug/2022:08:56:14 +0800] "GET /xingrg/check_reg.html?_=1661561792651 HTTP/1.1" 200 22
218.81.223.53 - - [27/Aug/2022:08:56:15 +0800] "GET /xingrg/all/function/internal_message.html?_=1661561793861&CODE_STATE=getMsg HTTP/1.1" 200 27
61.165.19.104 - - [27/Aug/2022:08:56:15 +0800] "POST /xingrg/kc/buy/cgsh_order_operate.html HTTP/1.1" 200 37
124.78.154.80 - - [27/Aug/2022:08:56:15 +0800] "POST /xingrg/kc/buy/cgsh_order_operate.html HTTP/1.1" 200 88
61.165.19.104 - - [27/Aug/2022:08:56:17 +0800] "POST /xingrg/kc/buy/cgsh_order_operate.html HTTP/1.1" 200 20984
120.253.135.82 - - [27/Aug/2022:08:56:17 +0800] "GET /xingrg/kc/buy/cgsh_order_info.html?code=212022082709315 HTTP/1.1" 200 62416
120.253.135.82 - - [27/Aug/2022:08:56:18 +0800] "GET /xingrg/javascript/easyui/themes/default/validatebox.css HTTP/1.1" 404 1104
180.169.147.146 - - [27/Aug/2022:08:56:18 +0800] "GET /xingrg/check_reg.html?_=1661561778454 HTTP/1.1" 200 22
116.224.255.128 - - [27/Aug/2022:08:56:19 +0800] "POST /xingrg/kc/buy/cgsh_order_operate.html HTTP/1.1" 200 2065
120.253.135.82 - - [27/Aug/2022:08:56:19 +0800] "POST /xingrg/kc/buy/cgsh_order_operate.html HTTP/1.1" 200 615
61.165.19.104 - - [27/Aug/2022:08:56:21 +0800] "GET /xingrg/index.html?sysBaseUrl=http%3A%2F%2F180.169.147.146%3A18081%2Fxingrg%2F&costTime=36×tamp=1585223203754 HTTP/1.1" 302 -
61.165.19.104 - - [27/Aug/2022:08:56:21 +0800] "GET /xingrg/login.html HTTP/1.1" 200 7641
61.165.19.104 - - [27/Aug/2022:08:56:21 +0800] "GET /favicon.ico HTTP/1.1" 404 -
124.78.154.80 - - [27/Aug/2022:08:56:22 +0800] "POST /xingrg/kc/buy/cgsh_order_operate.html HTTP/1.1" 200 37
124.78.154.80 - - [27/Aug/2022:08:56:23 +0800] "GET /xingrg/all/function/internal_message.html?_=1661561787027&CODE_STATE=getMsg HTTP/1.1" 200 27
120.253.135.82 - - [27/Aug/2022:08:56:23 +0800] "GET /xingrg/kc/pszx/mdqp_order_list.html?state=10 HTTP/1.1" 200 10217
120.253.135.82 - - [27/Aug/2022:08:56:23 +0800] "GET /xingrg/dwr/interface/AjaxQqpsService.js HTTP/1.1" 200 16326
120.253.135.82 - - [27/Aug/2022:08:56:24 +0800] "GET /xingrg/dwr/interface/AjaxReportQueryService.js HTTP/1.1" 200 13203
120.253.135.82 - - [27/Aug/2022:08:56:24 +0800] "GET /xingrg/dwr/engine.js HTTP/1.1" 200 43631
61.165.19.104 - - [27/Aug/2022:08:56:24 +0800] "POST /xingrg/login.do HTTP/1.1" 200 2421
61.165.19.104 - - [27/Aug/2022:08:56:24 +0800] "GET /favicon.ico HTTP/1.1" 404 -
124.78.154.80 - - [27/Aug/2022:08:56:24 +0800] "POST /xingrg/kc/buy/cgsh_order_operate.html HTTP/1.1" 200 13877
61.165.19.104 - - [27/Aug/2022:08:56:24 +0800] "GET /xingrg/login.html HTTP/1.1" 200 7641
61.165.19.104 - - [27/Aug/2022:08:56:25 +0800] "GET /favicon.ico HTTP/1.1" 404 -
120.253.135.82 - - [27/Aug/2022:08:56:25 +0800] "GET /xingrg/check_reg.html?_=1661561584837 HTTP/1.1" 200 22
61.165.19.104 - - [27/Aug/2022:08:56:25 +0800] "POST /xingrg/login.do HTTP/1.1" 302 -
61.165.19.104 - - [27/Aug/2022:08:56:25 +0800] "GET /xingrg/index.html?sysBaseUrl=http%3A%2F%2F180.169.147.146%3A18081%2Fxingrg%2F&costTime=44×tamp=1661561785722 HTTP/1.1" 200 17173
61.165.19.104 - - [27/Aug/2022:08:56:25 +0800] "GET /favicon.ico HTTP/1.1" 404 -
61.165.19.104 - - [27/Aug/2022:08:56:25 +0800] "POST /xingrg/all/common/load_tree.html?tree=area_rest_tree_json&manage=1 HTTP/1.1" 200 3472
61.165.19.104 - - [27/Aug/2022:08:56:25 +0800] "POST /xingrg/load_menu.html HTTP/1.1" 200 5138
61.165.19.104 - - [27/Aug/2022:08:56:25 +0800] "GET /xingrg/all/function/internal_message.html?_=1661561782689&CODE_STATE=count HTTP/1.1" 200 11
61.165.19.104 - - [27/Aug/2022:08:56:25 +0800] "GET /xingrg/check_reg.html?_=1661561782690 HTTP/1.1" 200 22
116.224.123.211 - - [27/Aug/2022:08:56:27 +0800] "GET /xingrg/all/function/internal_message.html?_=1661561784309&CODE_STATE=getMsg HTTP/1.1" 200 27
116.224.255.128 - - [27/Aug/2022:08:56:27 +0800] "GET /xingrg/kc/buy/cgsh_order_operate.html?command=get_materiel&rest_code=00150&code=00101008318&supplier_code=00100008&order_time=2022-08-27 HTTP/1.1" 200 408
61.165.19.104 - - [27/Aug/2022:08:56:29 +0800] "GET /xingrg/kc/buy/cgsh_order_list.html HTTP/1.1" 200 52635
116.224.255.128 - - [27/Aug/2022:08:56:29 +0800] "GET /xingrg/all/function/internal_message.html?_=1661561709378&CODE_STATE=getMsg HTTP/1.1" 200 27
116.224.255.128 - - [27/Aug/2022:08:56:31 +0800] "GET /xingrg/check_reg.html?_=1661561711281 HTTP/1.1" 200 22
116.224.255.128 - - [27/Aug/2022:08:56:31 +0800] "GET /xingrg/all/function/internal_message.html?_=1661561711593&CODE_STATE=getMsg HTTP/1.1" 200 27
61.165.19.104 - - [27/Aug/2022:08:56:31 +0800] "POST /xingrg/kc/buy/cgsh_list_operate.html HTTP/1.1" 200 1519
116.224.255.128 - - [27/Aug/2022:08:56:33 +0800] "GET /xingrg/all/function/internal_message.html?_=1661561788773&CODE_STATE=getMsg HTTP/1.1" 200 27
61.165.19.104 - - [27/Aug/2022:08:56:34 +0800] "POST /xingrg/kc/buy/cgsh_list_operate.html HTTP/1.1" 200 565
61.165.19.104 - - [27/Aug/2022:08:56:35 +0800] "GET /xingrg/kc/buy/cgsh_order_info.html?code=212022082709318 HTTP/1.1" 200 68502
61.165.19.104 - - [27/Aug/2022:08:56:35 +0800] "GET /xingrg/all/common/auto_word.html?type=employee&rest_code=00105 HTTP/1.1" 200 193
61.165.19.104 - - [27/Aug/2022:08:56:35 +0800] "GET /xingrg/all/common/auto_word.html?type=employee&rest_code=00105 HTTP/1.1" 200 193
61.165.19.104 - - [27/Aug/2022:08:56:35 +0800] "GET /xingrg/javascript/easyui/themes/default/validatebox.css HTTP/1.1" 404 1104
61.165.19.104 - - [27/Aug/2022:08:56:36 +0800] "POST /xingrg/kc/buy/cgsh_order_operate.html HTTP/1.1" 200 20984
61.165.19.104 - - [27/Aug/2022:08:56:39 +0800] "POST /xingrg/kc/buy/cgsh_order_operate.html HTTP/1.1" 200 2065
61.165.19.104 - - [27/Aug/2022:08:56:40 +0800] "POST /xingrg/kc/buy/cgsh_order_operate.html HTTP/1.1" 200 2065
116.224.255.128 - - [27/Aug/2022:08:56:41 +0800] "GET /xingrg/kc/buy/cgsh_order_operate.html?command=get_materiel&rest_code=00150&code=00101008352&supplier_code=00100008&order_time=2022-08-27 HTTP/1.1" 200 412
61.165.19.104 - - [27/Aug/2022:08:56:42 +0800] "GET /xingrg/javascript/auto/indicator.gif HTTP/1.1" 404 1066
180.169.147.146 - - [27/Aug/2022:08:56:45 +0800] "GET /xingrg/check_reg.html?_=1661562197286 HTTP/1.1" 200 22
116.232.194.65 - - [27/Aug/2022:08:56:53 +0800] "GET /xingrg/all/function/internal_message.html?_=1661561774396&CODE_STATE=getMsg HTTP/1.1" 200 27
116.224.255.128 - - [27/Aug/2022:08:56:54 +0800] "GET /xingrg/kc/buy/cgsh_order_operate.html?command=get_materiel&rest_code=00150&code=00101008371&supplier_code=00100008&order_time=2022-08-27 HTTP/1.1" 200 412
124.78.154.80 - - [27/Aug/2022:08:56:54 +0800] "GET /xingrg/login.html?r=1 HTTP/1.1" 200 7641
124.78.154.80 - - [27/Aug/2022:08:56:54 +0800] "GET /favicon.ico HTTP/1.1" 404 -
61.165.19.104 - - [27/Aug/2022:08:56:56 +0800] "GET /xingrg/kc/buy/cgsh_order_operate.html?command=get_materiel&rest_code=00105&code=00101008219&supplier_code=00100203&order_time=2022-08-27 HTTP/1.1" 200 412
124.78.154.80 - - [27/Aug/2022:08:56:56 +0800] "POST /xingrg/login.do HTTP/1.1" 302 -
124.78.154.80 - - [27/Aug/2022:08:56:56 +0800] "GET /xingrg/index.html?sysBaseUrl=http%3A%2F%2F180.169.147.146%3A18081%2Fxingrg%2F&costTime=39×tamp=1661561816079 HTTP/1.1" 200 17173
124.78.154.80 - - [27/Aug/2022:08:56:56 +0800] "GET /favicon.ico HTTP/1.1" 404 -
124.78.154.80 - - [27/Aug/2022:08:56:56 +0800] "POST /xingrg/all/common/load_tree.html?tree=area_rest_tree_json&manage=1 HTTP/1.1" 200 342
124.78.154.80 - - [27/Aug/2022:08:56:56 +0800] "GET /xingrg/all/function/internal_message.html?_=1661561819574&CODE_STATE=count HTTP/1.1" 200 11
124.78.154.80 - - [27/Aug/2022:08:56:56 +0800] "POST /xingrg/load_menu.html HTTP/1.1" 200 5138
124.78.154.80 - - [27/Aug/2022:08:56:56 +0800] "GET /xingrg/check_reg.html?_=1661561819576 HTTP/1.1" 200 22
124.78.154.80 - - [27/Aug/2022:08:56:58 +0800] "GET /xingrg/kc/buy/buy_main.html HTTP/1.1" 200 12412
124.78.154.80 - - [27/Aug/2022:08:56:58 +0800] "GET /xingrg/css/new_ie.css HTTP/1.1" 404 1036
124.78.154.80 - - [27/Aug/2022:08:56:58 +0800] "GET /xingrg/images/yd/bt.gif HTTP/1.1" 404 1040
124.78.154.80 - - [27/Aug/2022:08:56:59 +0800] "GET /xingrg/kc/buy/cgsh_order_list.html HTTP/1.1" 200 52635
124.78.154.80 - - [27/Aug/2022:08:57:01 +0800] "POST /xingrg/kc/buy/cgsh_list_operate.html HTTP/1.1" 200 1834
124.78.154.80 - - [27/Aug/2022:08:57:04 +0800] "POST /xingrg/kc/buy/cgsh_list_operate.html HTTP/1.1" 200 564
124.78.154.80 - - [27/Aug/2022:08:57:05 +0800] "GET /xingrg/kc/buy/cgsh_order_info.html?code=212022082709320 HTTP/1.1" 200 68420
124.78.154.80 - - [27/Aug/2022:08:57:05 +0800] "GET /xingrg/all/common/auto_word.html?type=employee&rest_code=00106 HTTP/1.1" 200 205
124.78.154.80 - - [27/Aug/2022:08:57:05 +0800] "GET /xingrg/javascript/easyui/themes/default/validatebox.css HTTP/1.1" 404 1104
124.78.154.80 - - [27/Aug/2022:08:57:05 +0800] "GET /xingrg/all/common/auto_word.html?type=employee&rest_code=00106 HTTP/1.1" 200 205
116.224.255.128 - - [27/Aug/2022:08:57:05 +0800] "GET /xingrg/kc/buy/cgsh_order_operate.html?command=get_materiel&rest_code=00150&code=00101008005&supplier_code=00100008&order_time=2022-08-27 HTTP/1.1" 200 412
61.165.19.104 - - [27/Aug/2022:08:57:05 +0800] "GET /xingrg/kc/buy/cgsh_order_operate.html?command=get_materiel&rest_code=00105&code=00101008132&supplier_code=00100203&order_time=2022-08-27 HTTP/1.1" 200 408
124.78.154.80 - - [27/Aug/2022:08:57:06 +0800] "POST /xingrg/kc/buy/cgsh_order_operate.html HTTP/1.1" 200 13877
61.165.19.104 - - [27/Aug/2022:08:57:12 +0800] "GET /xingrg/kc/buy/cgsh_order_operate.html?command=get_materiel&rest_code=00105&code=00101008155&supplier_code=00100203&order_time=2022-08-27 HTTP/1.1" 200 408
114.88.158.224 - - [27/Aug/2022:08:57:13 +0800] "GET /xingrg/all/function/internal_message.html?_=1661561497277&CODE_STATE=getMsg HTTP/1.1" 200 27
101.80.228.36 - - [27/Aug/2022:08:57:14 +0800] "GET /xingrg/all/function/internal_message.html?_=1661561830918&CODE_STATE=getMsg HTTP/1.1" 200 27
218.81.223.53 - - [27/Aug/2022:08:57:15 +0800] "GET /xingrg/all/function/internal_message.html?_=1661561853874&CODE_STATE=getMsg HTTP/1.1" 200 27
116.224.255.128 - - [27/Aug/2022:08:57:15 +0800] "GET /xingrg/kc/buy/cgsh_order_operate.html?command=get_materiel&rest_code=00150&code=00101008353&supplier_code=00100008&order_time=2022-08-27 HTTP/1.1" 200 408
124.78.154.80 - - [27/Aug/2022:08:57:16 +0800] "GET /xingrg/javascript/auto/indicator.gif HTTP/1.1" 404 1066
61.165.19.104 - - [27/Aug/2022:08:57:18 +0800] "GET /xingrg/kc/buy/cgsh_order_operate.html?command=get_materiel&rest_code=00105&code=00101008244&supplier_code=00100203&order_time=2022-08-27 HTTP/1.1" 200 408
116.224.255.128 - - [27/Aug/2022:08:57:21 +0800] "POST /xingrg/kc/buy/cgsh_order_operate.html HTTP/1.1" 200 37
124.78.154.80 - - [27/Aug/2022:08:57:23 +0800] "GET /xingrg/kc/buy/cgsh_order_operate.html?command=get_materiel&rest_code=00106&code=00101008182&supplier_code=00100007&order_time=2022-08-27 HTTP/1.1" 200 433
116.224.255.128 - - [27/Aug/2022:08:57:23 +0800] "POST /xingrg/kc/buy/cgsh_order_operate.html HTTP/1.1" 200 25768
61.165.19.104 - - [27/Aug/2022:08:57:25 +0800] "GET /xingrg/all/function/internal_message.html?_=1661561842691&CODE_STATE=getMsg HTTP/1.1" 200 27
116.224.123.211 - - [27/Aug/2022:08:57:27 +0800] "GET /xingrg/all/function/internal_message.html?_=1661561844301&CODE_STATE=getMsg HTTP/1.1" 200 27
116.224.123.211 - - [27/Aug/2022:08:57:27 +0800] "GET /xingrg/check_reg.html?_=1661561844303 HTTP/1.1" 200 22
61.165.19.104 - - [27/Aug/2022:08:57:28 +0800] "GET /xingrg/kc/buy/cgsh_order_operate.html?command=get_materiel&rest_code=00105&code=00101008354&supplier_code=00100203&order_time=2022-08-27 HTTP/1.1" 200 412
116.224.255.128 - - [27/Aug/2022:08:57:29 +0800] "GET /xingrg/all/function/internal_message.html?_=1661561769392&CODE_STATE=getMsg HTTP/1.1" 200 27
116.224.255.128 - - [27/Aug/2022:08:57:31 +0800] "GET /xingrg/all/function/internal_message.html?_=1661561771606&CODE_STATE=getMsg HTTP/1.1" 200 27
116.224.255.128 - - [27/Aug/2022:08:57:33 +0800] "GET /xingrg/all/function/internal_message.html?_=1661561848755&CODE_STATE=getMsg HTTP/1.1" 200 27
114.88.158.224 - - [27/Aug/2022:08:57:33 +0800] "GET /xingrg/check_reg.html?_=1661561517388 HTTP/1.1" 200 22
61.165.19.104 - - [27/Aug/2022:08:57:36 +0800] "GET /xingrg/kc/buy/cgsh_order_operate.html?command=get_materiel&rest_code=00105&code=00101008351&supplier_code=00100203&order_time=2022-08-27 HTTP/1.1" 200 408
120.253.135.82 - - [27/Aug/2022:08:57:40 +0800] "GET /xingrg/kc/pszx/mdps_order_list.html?orderType=0 HTTP/1.1" 200 21045
120.253.135.82 - - [27/Aug/2022:08:57:40 +0800] "POST /xingrg/kc/pszx/mdps_list_operate.html HTTP/1.1" 200 5344
61.165.19.104 - - [27/Aug/2022:08:57:42 +0800] "GET /xingrg/kc/buy/cgsh_order_operate.html?command=get_materiel&rest_code=00105&code=00101008283&supplier_code=00100203&order_time=2022-08-27 HTTP/1.1" 200 408
116.232.194.65 - - [27/Aug/2022:08:57:46 +0800] "GET /xingrg/kc/buy/cgsh_order_add.html HTTP/1.1" 200 68423
116.232.194.65 - - [27/Aug/2022:08:57:47 +0800] "POST /xingrg/kc/buy/cgsh_order_operate.html HTTP/1.1" 200 8245
116.232.194.65 - - [27/Aug/2022:08:57:47 +0800] "GET /xingrg/javascript/easyui/themes/default/validatebox.css HTTP/1.1" 404 1104
120.253.135.82 - - [27/Aug/2022:08:57:47 +0800] "POST /xingrg/kc/pszx/mdps_list_operate.html HTTP/1.1" 200 2437
61.165.19.104 - - [27/Aug/2022:08:57:48 +0800] "GET /xingrg/kc/buy/cgsh_order_operate.html?command=get_materiel&rest_code=00105&code=00101008096&supplier_code=00100203&order_time=2022-08-27 HTTP/1.1" 200 413
116.224.255.128 - - [27/Aug/2022:08:57:52 +0800] "GET /xingrg/kc/buy/cgsh_order_operate.html?command=get_materiel&rest_code=00150&code=00101008095&supplier_code=00100008&order_time=2022-08-27 HTTP/1.1" 200 412
120.253.135.82 - - [27/Aug/2022:08:57:52 +0800] "POST /xingrg/kc/pszx/mdps_list_operate.html HTTP/1.1" 200 639
116.232.194.65 - - [27/Aug/2022:08:57:53 +0800] "GET /xingrg/check_reg.html?_=1661561834390 HTTP/1.1" 200 22
116.232.194.65 - - [27/Aug/2022:08:57:53 +0800] "GET /xingrg/all/function/internal_message.html?_=1661561834392&CODE_STATE=getMsg HTTP/1.1" 200 27
120.253.135.82 - - [27/Aug/2022:08:57:53 +0800] "GET /xingrg/kc/pszx/mdps_order_info.html?code=312022082700617 HTTP/1.1" 200 24022
120.253.135.82 - - [27/Aug/2022:08:57:53 +0800] "GET /xingrg/javascript/easyui/themes/default/validatebox.css HTTP/1.1" 404 1104
120.253.135.82 - - [27/Aug/2022:08:57:54 +0800] "POST /xingrg/kc/pszx/mdps_order_operate.html HTTP/1.1" 200 12049
61.165.19.104 - - [27/Aug/2022:08:57:56 +0800] "GET /xingrg/kc/buy/cgsh_order_operate.html?command=get_materiel&rest_code=00105&code=00101008221&supplier_code=00100203&order_time=2022-08-27 HTTP/1.1" 200 412
124.78.154.80 - - [27/Aug/2022:08:57:56 +0800] "GET /xingrg/all/function/internal_message.html?_=1661561879582&CODE_STATE=getMsg HTTP/1.1" 200 27
116.224.255.128 - - [27/Aug/2022:08:57:59 +0800] "GET /xingrg/kc/buy/cgsh_order_operate.html?command=get_materiel&rest_code=00150&code=00101008110&supplier_code=00100008&order_time=2022-08-27 HTTP/1.1" 200 408
116.232.194.65 - - [27/Aug/2022:08:57:59 +0800] "GET /xingrg/kc/buy/cgsh_order_operate.html?command=get_materiel&rest_code=00155&code=00101009113&supplier_code=00100037&order_time=2022-08-27 HTTP/1.1" 200 413
120.253.135.82 - - [27/Aug/2022:08:58:01 +0800] "POST /xingrg/kc/pszx/mdps_order_operate.html HTTP/1.1" 200 37
120.253.135.82 - - [27/Aug/2022:08:58:03 +0800] "POST /xingrg/kc/pszx/mdps_order_operate.html HTTP/1.1" 200 12
61.165.19.104 - - [27/Aug/2022:08:58:04 +0800] "GET /xingrg/kc/buy/cgsh_order_operate.html?command=get_materiel&rest_code=00105&code=00101008224&supplier_code=00100203&order_time=2022-08-27 HTTP/1.1" 200 416
120.253.135.82 - - [27/Aug/2022:08:58:05 +0800] "GET /xingrg/kc/pszx/mdps_order_info.html?code=312022082700617 HTTP/1.1" 200 19682
116.224.255.128 - - [27/Aug/2022:08:58:05 +0800] "GET /xingrg/kc/buy/cgsh_order_operate.html?command=get_materiel&rest_code=00150&code=00101008298&supplier_code=00100008&order_time=2022-08-27 HTTP/1.1" 200 431
120.253.135.82 - - [27/Aug/2022:08:58:06 +0800] "POST /xingrg/kc/pszx/mdps_order_operate.html HTTP/1.1" 200 10192
120.253.135.82 - - [27/Aug/2022:08:58:06 +0800] "GET /xingrg/javascript/easyui/themes/default/validatebox.css HTTP/1.1" 404 1104
61.165.19.104 - - [27/Aug/2022:08:58:10 +0800] "GET /xingrg/kc/buy/cgsh_order_operate.html?command=get_materiel&rest_code=00105&code=00101008003&supplier_code=00100203&order_time=2022-08-27 HTTP/1.1" 200 408
61.165.19.104 - - [27/Aug/2022:08:58:12 +0800] "POST /xingrg/kc/buy/cgsh_order_operate.html HTTP/1.1" 200 2065
114.88.158.224 - - [27/Aug/2022:08:58:13 +0800] "GET /xingrg/all/function/internal_message.html?_=1661561557256&CODE_STATE=getMsg HTTP/1.1" 200 27
61.165.19.104 - - [27/Aug/2022:08:58:13 +0800] "POST /xingrg/kc/buy/cgsh_order_operate.html HTTP/1.1" 200 2065
101.80.228.36 - - [27/Aug/2022:08:58:14 +0800] "GET /xingrg/all/function/internal_message.html?_=1661561890903&CODE_STATE=getMsg HTTP/1.1" 200 27
218.81.223.53 - - [27/Aug/2022:08:58:15 +0800] "GET /xingrg/all/function/internal_message.html?_=1661561913887&CODE_STATE=getMsg HTTP/1.1" 200 27
124.78.154.80 - - [27/Aug/2022:08:58:19 +0800] "GET /xingrg/kc/buy/cgsh_order_operate.html?command=get_materiel&rest_code=00106&code=00101008072&supplier_code=00100007&order_time=2022-08-27 HTTP/1.1" 200 408
116.232.194.65 - - [27/Aug/2022:08:58:19 +0800] "GET /xingrg/kc/buy/cgsh_order_operate.html?command=get_materiel&rest_code=00155&code=00101013139&supplier_code=00100037&order_time=2022-08-27 HTTP/1.1" 200 450
61.165.19.104 - - [27/Aug/2022:08:58:21 +0800] "GET /xingrg/kc/buy/cgsh_order_operate.html?command=get_materiel&rest_code=00105&code=00101008126&supplier_code=00100203&order_time=2022-08-27 HTTP/1.1" 200 412
61.165.19.104 - - [27/Aug/2022:08:58:25 +0800] "GET /xingrg/all/function/internal_message.html?_=1661561902766&CODE_STATE=getMsg HTTP/1.1" 200 27
116.224.123.211 - - [27/Aug/2022:08:58:27 +0800] "GET /xingrg/all/function/internal_message.html?_=1661561904305&CODE_STATE=getMsg HTTP/1.1" 200 27
116.224.255.128 - - [27/Aug/2022:08:58:29 +0800] "GET /xingrg/all/function/internal_message.html?_=1661561829431&CODE_STATE=getMsg HTTP/1.1" 200 27
61.165.19.104 - - [27/Aug/2022:08:58:29 +0800] "GET /xingrg/kc/buy/cgsh_order_operate.html?command=get_materiel&rest_code=00105&code=00101008067&supplier_code=00100203&order_time=2022-08-27 HTTP/1.1" 200 416
120.253.135.82 - - [27/Aug/2022:08:58:31 +0800] "POST /xingrg/kc/pszx/mdps_list_operate.html HTTP/1.1" 200 359
116.224.255.128 - - [27/Aug/2022:08:58:31 +0800] "GET /xingrg/kc/buy/cgsh_order_operate.html?command=get_materiel&rest_code=00150&code=00101008169&supplier_code=00100008&order_time=2022-08-27 HTTP/1.1" 200 412
116.224.255.128 - - [27/Aug/2022:08:58:31 +0800] "GET /xingrg/all/function/internal_message.html?_=1661561831646&CODE_STATE=getMsg HTTP/1.1" 200 27
120.253.135.82 - - [27/Aug/2022:08:58:32 +0800] "GET /xingrg/kc/pszx/mdps_order_info.html?code=312022082700619 HTTP/1.1" 200 24022
120.253.135.82 - - [27/Aug/2022:08:58:32 +0800] "GET /xingrg/javascript/easyui/themes/default/validatebox.css HTTP/1.1" 404 1104
120.253.135.82 - - [27/Aug/2022:08:58:32 +0800] "POST /xingrg/kc/pszx/mdps_order_operate.html HTTP/1.1" 200 3274
116.224.255.128 - - [27/Aug/2022:08:58:33 +0800] "GET /xingrg/all/function/internal_message.html?_=1661561908735&CODE_STATE=getMsg HTTP/1.1" 200 27
61.165.19.104 - - [27/Aug/2022:08:58:34 +0800] "POST /xingrg/services/DataTransmitService HTTP/1.1" 200 524
61.165.19.104 - - [27/Aug/2022:08:58:35 +0800] "POST /xingrg/services/DataTransmitService HTTP/1.1" 200 2407
61.165.19.104 - - [27/Aug/2022:08:58:35 +0800] "POST /xingrg/services/DataTransmitService HTTP/1.1" 200 196950
120.253.135.82 - - [27/Aug/2022:08:58:36 +0800] "POST /xingrg/kc/pszx/mdps_order_operate.html HTTP/1.1" 200 37
61.165.19.104 - - [27/Aug/2022:08:58:37 +0800] "GET /xingrg/kc/buy/cgsh_order_operate.html?command=get_materiel&rest_code=00105&code=00101008201&supplier_code=00100203&order_time=2022-08-27 HTTP/1.1" 200 412
120.253.135.82 - - [27/Aug/2022:08:58:38 +0800] "POST /xingrg/kc/pszx/mdps_order_operate.html HTTP/1.1" 200 12
120.253.135.82 - - [27/Aug/2022:08:58:39 +0800] "GET /xingrg/kc/pszx/mdps_order_info.html?code=312022082700619 HTTP/1.1" 200 19682
120.253.135.82 - - [27/Aug/2022:08:58:39 +0800] "POST /xingrg/kc/pszx/mdps_order_operate.html HTTP/1.1" 200 1487
120.253.135.82 - - [27/Aug/2022:08:58:39 +0800] "GET /xingrg/javascript/easyui/themes/default/validatebox.css HTTP/1.1" 404 1104
120.253.135.82 - - [27/Aug/2022:08:58:40 +0800] "POST /xingrg/kc/pszx/mdps_list_operate.html HTTP/1.1" 200 1692
116.224.255.128 - - [27/Aug/2022:08:58:40 +0800] "POST /xingrg/kc/buy/cgsh_order_operate.html HTTP/1.1" 200 37
124.78.154.80 - - [27/Aug/2022:08:58:41 +0800] "GET /xingrg/kc/buy/cgsh_order_operate.html?command=get_materiel&rest_code=00106&code=00101008337&supplier_code=00100007&order_time=2022-08-27 HTTP/1.1" 200 408
120.253.135.82 - - [27/Aug/2022:08:58:42 +0800] "POST /xingrg/kc/pszx/mdps_list_operate.html HTTP/1.1" 200 606
116.224.255.128 - - [27/Aug/2022:08:58:42 +0800] "POST /xingrg/kc/buy/cgsh_order_operate.html HTTP/1.1" 200 28727
116.232.194.65 - - [27/Aug/2022:08:58:45 +0800] "GET /xingrg/kc/buy/cgsh_order_operate.html?command=get_materiel&rest_code=00155&code=00101009118&supplier_code=00100037&order_time=2022-08-27 HTTP/1.1" 200 424
61.165.19.104 - - [27/Aug/2022:08:58:46 +0800] "GET /xingrg/kc/buy/cgsh_order_operate.html?command=get_materiel&rest_code=00105&code=00101008212&supplier_code=00100203&order_time=2022-08-27 HTTP/1.1" 200 412
116.224.255.128 - - [27/Aug/2022:08:58:51 +0800] "GET /xingrg/kc/buy/cgsh_order_operate.html?command=get_materiel&rest_code=00150&code=00101008141&supplier_code=00100008&order_time=2022-08-27 HTTP/1.1" 200 412
116.232.194.65 - - [27/Aug/2022:08:58:53 +0800] "GET /xingrg/all/function/internal_message.html?_=1661561894395&CODE_STATE=getMsg HTTP/1.1" 200 27
61.165.19.104 - - [27/Aug/2022:08:58:55 +0800] "GET /xingrg/kc/buy/cgsh_order_operate.html?command=get_materiel&rest_code=00105&code=00101008357&supplier_code=00100203&order_time=2022-08-27 HTTP/1.1" 200 408
124.78.154.80 - - [27/Aug/2022:08:58:56 +0800] "GET /xingrg/all/function/internal_message.html?_=1661561939584&CODE_STATE=getMsg HTTP/1.1" 200 27
124.78.154.80 - - [27/Aug/2022:08:58:59 +0800] "GET /xingrg/kc/buy/cgsh_order_operate.html?command=get_materiel&rest_code=00106&code=00101008185&supplier_code=00100007&order_time=2022-08-27 HTTP/1.1" 200 408
120.253.135.82 - - [27/Aug/2022:08:59:00 +0800] "GET /xingrg/kc/pszx/mdps_order_info.html?code=312022082700618 HTTP/1.1" 200 24022
120.253.135.82 - - [27/Aug/2022:08:59:01 +0800] "POST /xingrg/kc/pszx/mdps_order_operate.html HTTP/1.1" 200 6808
120.253.135.82 - - [27/Aug/2022:08:59:01 +0800] "GET /xingrg/javascript/easyui/themes/default/validatebox.css HTTP/1.1" 404 1104
124.78.154.80 - - [27/Aug/2022:08:59:01 +0800] "POST /xingrg/kc/buy/cgsh_order_operate.html HTTP/1.1" 200 2065
61.165.19.104 - - [27/Aug/2022:08:59:04 +0800] "GET /xingrg/kc/buy/cgsh_order_operate.html?command=get_materiel&rest_code=00105&code=00101008131&supplier_code=00100203&order_time=2022-08-27 HTTP/1.1" 200 408
116.232.194.65 - - [27/Aug/2022:08:59:12 +0800] "GET /xingrg/kc/buy/cgsh_order_operate.html?command=get_materiel&rest_code=00155&code=00101016025&supplier_code=00100037&order_time=2022-08-27 HTTP/1.1" 200 408
61.165.19.104 - - [27/Aug/2022:08:59:12 +0800] "GET /xingrg/kc/buy/cgsh_order_operate.html?command=get_materiel&rest_code=00105&code=00101008233&supplier_code=00100203&order_time=2022-08-27 HTTP/1.1" 200 408
114.88.158.224 - - [27/Aug/2022:08:59:13 +0800] "GET /xingrg/all/function/internal_message.html?_=1661561617233&CODE_STATE=getMsg HTTP/1.1" 200 27
101.80.228.36 - - [27/Aug/2022:08:59:14 +0800] "GET /xingrg/all/function/internal_message.html?_=1661561950890&CODE_STATE=getMsg HTTP/1.1" 200 27
124.78.154.80 - - [27/Aug/2022:08:59:14 +0800] "GET /xingrg/kc/buy/cgsh_order_operate.html?command=get_materiel&rest_code=00106&code=00101008126&supplier_code=00100007&order_time=2022-08-27 HTTP/1.1" 200 412
218.81.223.53 - - [27/Aug/2022:08:59:16 +0800] "GET /xingrg/all/function/internal_message.html?_=1661561974519&CODE_STATE=getMsg HTTP/1.1" 200 27
61.165.19.104 - - [27/Aug/2022:08:59:18 +0800] "GET /xingrg/kc/buy/cgsh_order_operate.html?command=get_materiel&rest_code=00105&code=00101008213&supplier_code=00100203&order_time=2022-08-27 HTTP/1.1" 200 412
120.253.135.82 - - [27/Aug/2022:08:59:20 +0800] "POST /xingrg/kc/pszx/mdps_order_operate.html HTTP/1.1" 200 37
116.224.255.128 - - [27/Aug/2022:08:59:21 +0800] "GET /xingrg/kc/buy/cgsh_order_operate.html?command=get_materiel&rest_code=00150&code=00101020139&supplier_code=00100008&order_time=2022-08-27 HTTP/1.1" 200 435
120.253.135.82 - - [27/Aug/2022:08:59:22 +0800] "POST /xingrg/kc/pszx/mdps_order_operate.html HTTP/1.1" 200 12
120.253.135.82 - - [27/Aug/2022:08:59:23 +0800] "GET /xingrg/kc/pszx/mdps_order_info.html?code=312022082700618 HTTP/1.1" 200 19682
120.253.135.82 - - [27/Aug/2022:08:59:23 +0800] "POST /xingrg/kc/pszx/mdps_order_operate.html HTTP/1.1" 200 4981
120.253.135.82 - - [27/Aug/2022:08:59:23 +0800] "GET /xingrg/javascript/easyui/themes/default/validatebox.css HTTP/1.1" 404 1104
120.253.135.82 - - [27/Aug/2022:08:59:24 +0800] "POST /xingrg/kc/pszx/mdps_list_operate.html HTTP/1.1" 200 868
61.165.19.104 - - [27/Aug/2022:08:59:25 +0800] "GET /xingrg/kc/buy/cgsh_order_operate.html?command=get_materiel&rest_code=00105&code=00101008004&supplier_code=00100203&order_time=2022-08-27 HTTP/1.1" 200 416
61.165.19.104 - - [27/Aug/2022:08:59:25 +0800] "GET /xingrg/all/function/internal_message.html?_=1661561962693&CODE_STATE=getMsg HTTP/1.1" 200 27
116.224.123.211 - - [27/Aug/2022:08:59:27 +0800] "GET /xingrg/all/function/internal_message.html?_=1661561964308&CODE_STATE=getMsg HTTP/1.1" 200 27
116.224.255.128 - - [27/Aug/2022:08:59:29 +0800] "GET /xingrg/all/function/internal_message.html?_=1661561889434&CODE_STATE=getMsg HTTP/1.1" 200 27
116.232.194.65 - - [27/Aug/2022:08:59:31 +0800] "GET /xingrg/kc/buy/cgsh_order_operate.html?command=get_materiel&rest_code=00155&code=00101023022&supplier_code=00100037&order_time=2022-08-27 HTTP/1.1" 200 425
61.165.19.104 - - [27/Aug/2022:08:59:31 +0800] "GET /xingrg/kc/buy/cgsh_order_operate.html?command=get_materiel&rest_code=00105&code=00101008298&supplier_code=00100203&order_time=2022-08-27 HTTP/1.1" 200 431
116.224.255.128 - - [27/Aug/2022:08:59:31 +0800] "GET /xingrg/all/function/internal_message.html?_=1661561891650&CODE_STATE=getMsg HTTP/1.1" 200 27
124.78.154.80 - - [27/Aug/2022:08:59:31 +0800] "GET /xingrg/kc/buy/cgsh_order_operate.html?command=get_materiel&rest_code=00106&code=00101008067&supplier_code=00100007&order_time=2022-08-27 HTTP/1.1" 200 416
116.224.255.128 - - [27/Aug/2022:08:59:33 +0800] "GET /xingrg/all/function/internal_message.html?_=1661561968721&CODE_STATE=getMsg HTTP/1.1" 200 27
61.165.19.104 - - [27/Aug/2022:08:59:35 +0800] "POST /xingrg/kc/buy/cgsh_order_operate.html HTTP/1.1" 200 2065
61.165.19.104 - - [27/Aug/2022:08:59:36 +0800] "POST /xingrg/kc/buy/cgsh_order_operate.html HTTP/1.1" 200 2065
101.80.228.36 - - [27/Aug/2022:08:59:38 +0800] "GET /xingrg/check_reg.html?_=1661561974876 HTTP/1.1" 200 22
116.224.255.128 - - [27/Aug/2022:08:59:40 +0800] "GET /xingrg/kc/buy/cgsh_order_operate.html?command=get_materiel&rest_code=00150&code=00101008323&supplier_code=00100008&order_time=2022-08-27 HTTP/1.1" 200 408
61.165.19.104 - - [27/Aug/2022:08:59:43 +0800] "GET /xingrg/kc/buy/cgsh_order_operate.html?command=get_materiel&rest_code=00105&code=00101008350&supplier_code=00100203&order_time=2022-08-27 HTTP/1.1" 200 408
120.253.135.82 - - [27/Aug/2022:08:59:46 +0800] "POST /xingrg/kc/pszx/mdps_list_operate.html HTTP/1.1" 200 4233
116.232.194.65 - - [27/Aug/2022:08:59:53 +0800] "GET /xingrg/all/function/internal_message.html?_=1661561954388&CODE_STATE=getMsg HTTP/1.1" 200 27
116.232.194.65 - - [27/Aug/2022:08:59:54 +0800] "GET /xingrg/kc/buy/cgsh_order_operate.html?command=get_materiel&rest_code=00155&code=00101016030&supplier_code=00100037&order_time=2022-08-27 HTTP/1.1" 200 412
61.165.19.104 - - [27/Aug/2022:08:59:54 +0800] "GET /xingrg/kc/buy/cgsh_order_operate.html?command=get_materiel&rest_code=00105&code=00101008036&supplier_code=00100203&order_time=2022-08-27 HTTP/1.1" 200 408
124.78.154.80 - - [27/Aug/2022:08:59:56 +0800] "GET /xingrg/all/function/internal_message.html?_=1661561999590&CODE_STATE=getMsg HTTP/1.1" 200 27
116.224.255.128 - - [27/Aug/2022:09:00:06 +0800] "POST /xingrg/kc/buy/cgsh_order_operate.html HTTP/1.1" 200 37
120.253.135.82 - - [27/Aug/2022:09:00:06 +0800] "POST /xingrg/kc/pszx/mdps_list_operate.html HTTP/1.1" 200 669
120.253.135.82 - - [27/Aug/2022:09:00:07 +0800] "GET /xingrg/kc/pszx/mdps_order_info.html?code=312022082600598 HTTP/1.1" 200 24016
120.253.135.82 - - [27/Aug/2022:09:00:07 +0800] "POST /xingrg/kc/pszx/mdps_order_operate.html HTTP/1.1" 200 8009
120.253.135.82 - - [27/Aug/2022:09:00:07 +0800] "GET /xingrg/javascript/easyui/themes/default/validatebox.css HTTP/1.1" 404 1104
116.224.255.128 - - [27/Aug/2022:09:00:07 +0800] "POST /xingrg/kc/buy/cgsh_order_operate.html HTTP/1.1" 200 31701
61.165.19.104 - - [27/Aug/2022:09:00:10 +0800] "GET /xingrg/kc/buy/cgsh_order_operate.html?command=get_materiel&rest_code=00105&code=00101008355&supplier_code=00100203&order_time=2022-08-27 HTTP/1.1" 200 408
120.253.135.82 - - [27/Aug/2022:09:00:12 +0800] "POST /xingrg/kc/pszx/mdps_order_operate.html HTTP/1.1" 200 37
114.88.158.224 - - [27/Aug/2022:09:00:13 +0800] "GET /xingrg/all/function/internal_message.html?_=1661561677235&CODE_STATE=getMsg HTTP/1.1" 200 27
101.80.228.36 - - [27/Aug/2022:09:00:14 +0800] "GET /xingrg/all/function/internal_message.html?_=1661562010861&CODE_STATE=getMsg HTTP/1.1" 200 27
120.253.135.82 - - [27/Aug/2022:09:00:14 +0800] "POST /xingrg/kc/pszx/mdps_order_operate.html HTTP/1.1" 200 12
116.224.255.128 - - [27/Aug/2022:09:00:14 +0800] "GET /xingrg/kc/buy/cgsh_order_operate.html?command=get_materiel&rest_code=00150&code=00101008356&supplier_code=00100008&order_time=2022-08-27 HTTP/1.1" 200 409
218.81.223.53 - - [27/Aug/2022:09:00:16 +0800] "GET /xingrg/all/function/internal_message.html?_=1661562034522&CODE_STATE=getMsg HTTP/1.1" 200 27
120.253.135.82 - - [27/Aug/2022:09:00:16 +0800] "GET /xingrg/kc/pszx/mdps_order_info.html?code=312022082600598 HTTP/1.1" 200 19676
120.253.135.82 - - [27/Aug/2022:09:00:16 +0800] "POST /xingrg/kc/pszx/mdps_order_operate.html HTTP/1.1" 200 6184
120.253.135.82 - - [27/Aug/2022:09:00:16 +0800] "GET /xingrg/javascript/easyui/themes/default/validatebox.css HTTP/1.1" 404 1104
120.253.135.82 - - [27/Aug/2022:09:00:18 +0800] "POST /xingrg/kc/pszx/mdps_list_operate.html HTTP/1.1" 200 3870
116.224.255.128 - - [27/Aug/2022:09:00:18 +0800] "POST /xingrg/kc/buy/cgsh_order_operate.html HTTP/1.1" 200 37
116.224.255.128 - - [27/Aug/2022:09:00:21 +0800] "POST /xingrg/kc/buy/cgsh_order_operate.html HTTP/1.1" 200 12
116.224.255.128 - - [27/Aug/2022:09:00:23 +0800] "GET /xingrg/kc/buy/cgsh_order_operate.html?command=get_materiel&rest_code=00150&code=00101008223&supplier_code=00100008&order_time=2022-08-27 HTTP/1.1" 200 412
116.224.255.128 - - [27/Aug/2022:09:00:23 +0800] "GET /xingrg/kc/buy/cgsh_order_info.html?code=212022082709316 HTTP/1.1" 200 62918
124.78.154.80 - - [27/Aug/2022:09:00:23 +0800] "GET /xingrg/kc/buy/cgsh_order_operate.html?command=get_materiel&rest_code=00106&code=00101008219&supplier_code=00100007&order_time=2022-08-27 HTTP/1.1" 200 412
116.224.255.128 - - [27/Aug/2022:09:00:24 +0800] "GET /xingrg/javascript/easyui/themes/default/validatebox.css HTTP/1.1" 404 1104
116.224.255.128 - - [27/Aug/2022:09:00:24 +0800] "POST /xingrg/kc/buy/cgsh_order_operate.html HTTP/1.1" 200 15562
61.165.19.104 - - [27/Aug/2022:09:00:25 +0800] "GET /xingrg/all/function/internal_message.html?_=1661562022705&CODE_STATE=getMsg HTTP/1.1" 200 27
116.224.255.128 - - [27/Aug/2022:09:00:26 +0800] "GET /xingrg/kc/print/load_data.html?order_code=212022082709316&kc_code=cgsh&condition= HTTP/1.1" 200 6473
116.224.123.211 - - [27/Aug/2022:09:00:27 +0800] "GET /xingrg/all/function/internal_message.html?_=1661562024308&CODE_STATE=getMsg HTTP/1.1" 200 27
116.224.255.128 - - [27/Aug/2022:09:00:29 +0800] "GET /xingrg/all/function/internal_message.html?_=1661561949471&CODE_STATE=getMsg HTTP/1.1" 200 27
120.253.135.82 - - [27/Aug/2022:09:00:31 +0800] "POST /xingrg/kc/pszx/mdps_list_operate.html HTTP/1.1" 200 595
116.224.255.128 - - [27/Aug/2022:09:00:31 +0800] "GET /xingrg/all/function/internal_message.html?_=1661561951664&CODE_STATE=getMsg HTTP/1.1" 200 27
120.253.135.82 - - [27/Aug/2022:09:00:32 +0800] "GET /xingrg/kc/pszx/mdps_order_info.html?code=312022082600603 HTTP/1.1" 200 24016
120.253.135.82 - - [27/Aug/2022:09:00:32 +0800] "POST /xingrg/kc/pszx/mdps_order_operate.html HTTP/1.1" 200 4753
120.253.135.82 - - [27/Aug/2022:09:00:32 +0800] "GET /xingrg/javascript/easyui/themes/default/validatebox.css HTTP/1.1" 404 1104
116.224.255.128 - - [27/Aug/2022:09:00:33 +0800] "GET /xingrg/kc/buy/cgsh_order_operate.html?command=get_materiel&rest_code=00150&code=00101008619&supplier_code=00100008&order_time=2022-08-27 HTTP/1.1" 200 419
116.224.255.128 - - [27/Aug/2022:09:00:33 +0800] "GET /xingrg/check_reg.html?_=1661562028739 HTTP/1.1" 200 22
116.224.255.128 - - [27/Aug/2022:09:00:33 +0800] "GET /xingrg/all/function/internal_message.html?_=1661562028740&CODE_STATE=getMsg HTTP/1.1" 200 27
61.165.19.104 - - [27/Aug/2022:09:00:34 +0800] "GET /xingrg/kc/buy/cgsh_order_operate.html?command=get_materiel&rest_code=00105&code=00101008439&supplier_code=00100203&order_time=2022-08-27 HTTP/1.1" 200 413
120.253.135.82 - - [27/Aug/2022:09:00:36 +0800] "POST /xingrg/kc/pszx/mdps_order_operate.html HTTP/1.1" 200 37
120.253.135.82 - - [27/Aug/2022:09:00:38 +0800] "POST /xingrg/kc/pszx/mdps_order_operate.html HTTP/1.1" 200 12
116.224.255.128 - - [27/Aug/2022:09:00:41 +0800] "GET /xingrg/kc/buy/cgsh_order_operate.html?command=get_materiel&rest_code=00150&code=00101008125&supplier_code=00100008&order_time=2022-08-27 HTTP/1.1" 200 413
120.253.135.82 - - [27/Aug/2022:09:00:47 +0800] "GET /xingrg/kc/pszx/mdps_order_info.html?code=312022082600603 HTTP/1.1" 200 19676
120.253.135.82 - - [27/Aug/2022:09:00:48 +0800] "POST /xingrg/kc/pszx/mdps_order_operate.html HTTP/1.1" 200 2953
120.253.135.82 - - [27/Aug/2022:09:00:48 +0800] "GET /xingrg/javascript/easyui/themes/default/validatebox.css HTTP/1.1" 404 1104
120.253.135.82 - - [27/Aug/2022:09:00:49 +0800] "POST /xingrg/kc/pszx/mdps_list_operate.html HTTP/1.1" 200 3507
116.224.255.128 - - [27/Aug/2022:09:00:50 +0800] "GET /xingrg/kc/buy/cgsh_order_operate.html?command=get_materiel&rest_code=00150&code=00101008114&supplier_code=00100008&order_time=2022-08-27 HTTP/1.1" 200 412
124.78.154.80 - - [27/Aug/2022:09:00:51 +0800] "GET /xingrg/kc/buy/cgsh_order_operate.html?command=get_materiel&rest_code=00106&code=00101008080&supplier_code=00100007&order_time=2022-08-27 HTTP/1.1" 200 416
120.253.135.82 - - [27/Aug/2022:09:00:51 +0800] "POST /xingrg/kc/pszx/mdps_list_operate.html HTTP/1.1" 200 356
120.253.135.82 - - [27/Aug/2022:09:00:52 +0800] "GET /xingrg/kc/pszx/mdps_order_info.html?code=312022082600604 HTTP/1.1" 200 24016
116.232.194.65 - - [27/Aug/2022:09:00:53 +0800] "GET /xingrg/all/function/internal_message.html?_=1661562014392&CODE_STATE=getMsg HTTP/1.1" 200 27
120.253.135.82 - - [27/Aug/2022:09:00:53 +0800] "POST /xingrg/kc/pszx/mdps_order_operate.html HTTP/1.1" 200 3261
120.253.135.82 - - [27/Aug/2022:09:00:53 +0800] "GET /xingrg/javascript/easyui/themes/default/validatebox.css HTTP/1.1" 404 1104
124.78.154.80 - - [27/Aug/2022:09:00:56 +0800] "GET /xingrg/all/function/internal_message.html?_=1661562059592&CODE_STATE=getMsg HTTP/1.1" 200 27
120.253.135.82 - - [27/Aug/2022:09:00:57 +0800] "POST /xingrg/kc/pszx/mdps_order_operate.html HTTP/1.1" 200 37
120.253.135.82 - - [27/Aug/2022:09:00:58 +0800] "POST /xingrg/kc/pszx/mdps_order_operate.html HTTP/1.1" 200 12
120.253.135.82 - - [27/Aug/2022:09:01:00 +0800] "GET /xingrg/kc/pszx/mdps_order_info.html?code=312022082600604 HTTP/1.1" 200 19676
120.253.135.82 - - [27/Aug/2022:09:01:00 +0800] "POST /xingrg/kc/pszx/mdps_order_operate.html HTTP/1.1" 200 1476
120.253.135.82 - - [27/Aug/2022:09:01:00 +0800] "GET /xingrg/javascript/easyui/themes/default/validatebox.css HTTP/1.1" 404 1104
61.165.19.104 - - [27/Aug/2022:09:01:01 +0800] "GET /xingrg/kc/buy/cgsh_order_operate.html?command=get_materiel&rest_code=00105&code=00101008041&supplier_code=00100203&order_time=2022-08-27 HTTP/1.1" 200 408
120.253.135.82 - - [27/Aug/2022:09:01:02 +0800] "POST /xingrg/kc/pszx/mdps_list_operate.html HTTP/1.1" 200 3144
124.78.154.80 - - [27/Aug/2022:09:01:03 +0800] "GET /xingrg/kc/buy/cgsh_order_operate.html?command=get_materiel&rest_code=00106&code=00101008244&supplier_code=00100007&order_time=2022-08-27 HTTP/1.1" 200 408
124.78.154.80 - - [27/Aug/2022:09:01:07 +0800] "POST /xingrg/kc/buy/cgsh_order_operate.html HTTP/1.1" 200 2065
114.88.158.224 - - [27/Aug/2022:09:01:13 +0800] "GET /xingrg/all/function/internal_message.html?_=1661561737208&CODE_STATE=getMsg HTTP/1.1" 200 27
120.253.135.82 - - [27/Aug/2022:09:01:13 +0800] "POST /xingrg/kc/pszx/mdps_list_operate.html HTTP/1.1" 200 380
101.80.228.36 - - [27/Aug/2022:09:01:14 +0800] "GET /xingrg/all/function/internal_message.html?_=1661562070846&CODE_STATE=getMsg HTTP/1.1" 200 27
120.253.135.82 - - [27/Aug/2022:09:01:14 +0800] "GET /xingrg/kc/pszx/mdps_order_info.html?code=312022082500581 HTTP/1.1" 200 24022
61.165.19.104 - - [27/Aug/2022:09:01:14 +0800] "GET /xingrg/kc/buy/cgsh_order_operate.html?command=get_materiel&rest_code=00105&code=00101015107&supplier_code=00100203&order_time=2022-08-27 HTTP/1.1" 200 411
120.253.135.82 - - [27/Aug/2022:09:01:14 +0800] "POST /xingrg/kc/pszx/mdps_order_operate.html HTTP/1.1" 200 3293
120.253.135.82 - - [27/Aug/2022:09:01:14 +0800] "GET /xingrg/javascript/easyui/themes/default/validatebox.css HTTP/1.1" 404 1104
218.81.223.53 - - [27/Aug/2022:09:01:14 +0800] "GET /xingrg/check_reg.html?_=1661562093258 HTTP/1.1" 200 22
218.81.223.53 - - [27/Aug/2022:09:01:16 +0800] "GET /xingrg/all/function/internal_message.html?_=1661562094536&CODE_STATE=getMsg HTTP/1.1" 200 27
120.253.135.82 - - [27/Aug/2022:09:01:18 +0800] "POST /xingrg/kc/pszx/mdps_order_operate.html HTTP/1.1" 200 37
180.169.147.146 - - [27/Aug/2022:09:01:18 +0800] "GET /xingrg/check_reg.html?_=1661562078460 HTTP/1.1" 200 22
124.78.154.80 - - [27/Aug/2022:09:01:18 +0800] "GET /xingrg/kc/buy/cgsh_order_operate.html?command=get_materiel&rest_code=00106&code=00101008186&supplier_code=00100007&order_time=2022-08-27 HTTP/1.1" 200 410
120.253.135.82 - - [27/Aug/2022:09:01:20 +0800] "POST /xingrg/kc/pszx/mdps_order_operate.html HTTP/1.1" 200 12
120.253.135.82 - - [27/Aug/2022:09:01:21 +0800] "GET /xingrg/kc/pszx/mdps_order_info.html?code=312022082500581 HTTP/1.1" 200 19682
120.253.135.82 - - [27/Aug/2022:09:01:22 +0800] "POST /xingrg/kc/pszx/mdps_order_operate.html HTTP/1.1" 200 1503
120.253.135.82 - - [27/Aug/2022:09:01:22 +0800] "GET /xingrg/javascript/easyui/themes/default/validatebox.css HTTP/1.1" 404 1104
120.253.135.82 - - [27/Aug/2022:09:01:23 +0800] "POST /xingrg/kc/pszx/mdps_list_operate.html HTTP/1.1" 200 2771
120.253.135.82 - - [27/Aug/2022:09:01:25 +0800] "GET /xingrg/check_reg.html?_=1661561884844 HTTP/1.1" 200 22
114.84.5.35 - - [27/Aug/2022:09:01:25 +0800] "GET /xingrg/login.html HTTP/1.1" 200 7641
61.165.19.104 - - [27/Aug/2022:09:01:25 +0800] "GET /xingrg/all/function/internal_message.html?_=1661562082705&CODE_STATE=getMsg HTTP/1.1" 200 27
61.165.19.104 - - [27/Aug/2022:09:01:25 +0800] "GET /xingrg/check_reg.html?_=1661562082703 HTTP/1.1" 200 22
114.84.5.35 - - [27/Aug/2022:09:01:26 +0800] "GET /favicon.ico HTTP/1.1" 404 -
116.224.123.211 - - [27/Aug/2022:09:01:27 +0800] "GET /xingrg/all/function/internal_message.html?_=1661562084312&CODE_STATE=getMsg HTTP/1.1" 200 27
61.165.19.104 - - [27/Aug/2022:09:01:29 +0800] "GET /xingrg/kc/buy/cgsh_order_operate.html?command=get_materiel&rest_code=00105&code=00101015061&supplier_code=00100203&order_time=2022-08-27 HTTP/1.1" 200 412
116.224.255.128 - - [27/Aug/2022:09:01:31 +0800] "GET /xingrg/check_reg.html?_=1661562011293 HTTP/1.1" 200 22
116.224.255.128 - - [27/Aug/2022:09:01:31 +0800] "GET /xingrg/all/function/internal_message.html?_=1661562011677&CODE_STATE=getMsg HTTP/1.1" 200 27
114.84.5.35 - - [27/Aug/2022:09:01:31 +0800] "POST /xingrg/login.do HTTP/1.1" 302 -
114.84.5.35 - - [27/Aug/2022:09:01:31 +0800] "GET /xingrg/index.html?sysBaseUrl=http%3A%2F%2F180.169.147.146%3A18081%2Fxingrg%2F&costTime=56×tamp=1661562091870 HTTP/1.1" 200 17173
114.84.5.35 - - [27/Aug/2022:09:01:32 +0800] "GET /favicon.ico HTTP/1.1" 404 -
