101.80.228.36 - - [27/Aug/2022:11:04:04 +0800] "GET /xingrg/javascript/jquery_easy_ui/themes/icons/ok.png HTTP/1.1" 200 883
101.80.228.36 - - [27/Aug/2022:11:04:04 +0800] "GET /xingrg/javascript/jquery_easy_ui/themes/icons/template_new.png HTTP/1.1" 200 3956
101.80.228.36 - - [27/Aug/2022:11:04:04 +0800] "GET /xingrg/images/blue/button/kc_tab_edit.gif HTTP/1.1" 200 551
101.80.228.36 - - [27/Aug/2022:11:04:04 +0800] "GET /xingrg/images/blue/button/kc_tab_add.gif HTTP/1.1" 200 375
101.80.228.36 - - [27/Aug/2022:11:04:04 +0800] "GET /xingrg/images/blue/button/kc_tab_save.gif HTTP/1.1" 200 777
101.80.228.36 - - [27/Aug/2022:11:04:04 +0800] "GET /xingrg/images/blue/button/kc_tab_del.gif HTTP/1.1" 200 383
101.80.228.36 - - [27/Aug/2022:11:04:04 +0800] "GET /xingrg/javascript/jquery_easy_ui/themes/default/images/combo_arrow_dot.gif HTTP/1.1" 200 79
101.80.228.36 - - [27/Aug/2022:11:04:04 +0800] "POST /xingrg/dwr/call/plaincall/AjaxQqpsService.loadMaterielItems.dwr HTTP/1.1" 200 684
101.80.228.36 - - [27/Aug/2022:11:04:05 +0800] "GET /xingrg/images/yd/bt2.gif HTTP/1.1" 404 1042
120.253.135.82 - - [27/Aug/2022:11:04:09 +0800] "GET /xingrg/kc/pszx/mdps_order_info.html?code=312022082700625 HTTP/1.1" 200 19682
120.253.135.82 - - [27/Aug/2022:11:04:10 +0800] "POST /xingrg/kc/pszx/mdps_order_operate.html HTTP/1.1" 200 523
120.253.135.82 - - [27/Aug/2022:11:04:10 +0800] "GET /xingrg/javascript/easyui/themes/default/validatebox.css HTTP/1.1" 404 1104
114.88.158.224 - - [27/Aug/2022:11:04:10 +0800] "GET /xingrg/all/function/internal_message.html?_=1661569114522&CODE_STATE=getMsg HTTP/1.1" 200 27
101.80.228.36 - - [27/Aug/2022:11:04:11 +0800] "GET /xingrg/all/function/internal_message.html?_=1661569448357&CODE_STATE=getMsg HTTP/1.1" 200 27
101.85.93.70 - - [27/Aug/2022:11:04:12 +0800] "GET /xingrg/all/function/internal_message.html?_=1661569448763&CODE_STATE=getMsg HTTP/1.1" 200 27
222.69.129.110 - - [27/Aug/2022:11:04:12 +0800] "GET /xingrg/all/function/internal_message.html?_=1661569522501&CODE_STATE=getMsg HTTP/1.1" 200 27
116.224.123.211 - - [27/Aug/2022:11:04:13 +0800] "GET /xingrg/all/function/internal_message.html?_=1661569450002&CODE_STATE=getMsg HTTP/1.1" 200 27
120.253.135.82 - - [27/Aug/2022:11:04:15 +0800] "GET /xingrg/kc/pszx/mdps_order_info.html?code=312022082700625 HTTP/1.1" 200 19682
120.253.135.82 - - [27/Aug/2022:11:04:15 +0800] "POST /xingrg/kc/pszx/mdps_order_operate.html HTTP/1.1" 200 523
120.253.135.82 - - [27/Aug/2022:11:04:15 +0800] "GET /xingrg/javascript/easyui/themes/default/validatebox.css HTTP/1.1" 404 1104
116.224.255.128 - - [27/Aug/2022:11:04:15 +0800] "GET /xingrg/check_reg.html?_=1661569375510 HTTP/1.1" 200 22
120.253.135.82 - - [27/Aug/2022:11:04:16 +0800] "POST /xingrg/kc/pszx/mdps_list_operate.html HTTP/1.1" 200 2059
116.224.255.128 - - [27/Aug/2022:11:04:16 +0800] "GET /xingrg/all/function/internal_message.html?_=1661569376921&CODE_STATE=getMsg HTTP/1.1" 200 27
120.253.135.82 - - [27/Aug/2022:11:04:17 +0800] "POST /xingrg/kc/pszx/mdps_list_operate.html HTTP/1.1" 200 352
101.80.228.36 - - [27/Aug/2022:11:04:17 +0800] "POST /xingrg/dwr/call/plaincall/AjaxQqpsService.getMaterielByCode.dwr HTTP/1.1" 200 2849
114.84.5.35 - - [27/Aug/2022:11:04:20 +0800] "GET /xingrg/all/function/internal_message.html?_=1661569453091&CODE_STATE=getMsg HTTP/1.1" 200 27
101.80.228.36 - - [27/Aug/2022:11:04:21 +0800] "POST /xingrg/dwr/call/plaincall/AjaxQqpsService.saveMaterielItem.dwr HTTP/1.1" 200 78
120.253.135.82 - - [27/Aug/2022:11:04:21 +0800] "GET /xingrg/kc/pszx/mdps_order_info.html?code=312022081000211 HTTP/1.1" 200 24020
120.253.135.82 - - [27/Aug/2022:11:04:22 +0800] "POST /xingrg/kc/pszx/mdps_order_operate.html HTTP/1.1" 200 3241
120.253.135.82 - - [27/Aug/2022:11:04:22 +0800] "GET /xingrg/javascript/easyui/themes/default/validatebox.css HTTP/1.1" 404 1104
114.84.5.35 - - [27/Aug/2022:11:04:24 +0800] "POST /xingrg/services/DataTransmitService HTTP/1.1" 200 524
114.84.5.35 - - [27/Aug/2022:11:04:25 +0800] "POST /xingrg/services/DataTransmitService HTTP/1.1" 200 412
61.165.19.104 - - [27/Aug/2022:11:04:26 +0800] "GET /xingrg/all/function/internal_message.html?_=1661569462839&CODE_STATE=getMsg HTTP/1.1" 200 27
114.88.158.224 - - [27/Aug/2022:11:04:29 +0800] "GET /xingrg/kc/buy/cgsh_order_operate.html?command=get_materiel&rest_code=00141&code=00101019492&supplier_code=00100030&order_time=2022-08-27 HTTP/1.1" 200 456
218.81.223.53 - - [27/Aug/2022:11:04:32 +0800] "GET /xingrg/all/function/internal_message.html?_=1661569491542&CODE_STATE=getMsg HTTP/1.1" 200 27
120.253.135.82 - - [27/Aug/2022:11:04:35 +0800] "POST /xingrg/kc/pszx/mdps_list_operate.html HTTP/1.1" 200 2059
120.253.135.82 - - [27/Aug/2022:11:04:36 +0800] "POST /xingrg/kc/pszx/mdps_list_operate.html HTTP/1.1" 200 202
116.224.255.128 - - [27/Aug/2022:11:04:37 +0800] "GET /xingrg/all/function/internal_message.html?_=1661569472662&CODE_STATE=getMsg HTTP/1.1" 200 27
116.224.255.128 - - [27/Aug/2022:11:04:37 +0800] "GET /xingrg/check_reg.html?_=1661569472664 HTTP/1.1" 200 22
114.88.158.224 - - [27/Aug/2022:11:04:37 +0800] "GET /xingrg/kc/buy/cgsh_order_operate.html?command=get_materiel&rest_code=00141&code=00101016083&supplier_code=00100030&order_time=2022-08-27 HTTP/1.1" 200 448
101.80.228.36 - - [27/Aug/2022:11:04:38 +0800] "GET /xingrg/check_reg.html?_=1661569474862 HTTP/1.1" 200 22
61.165.19.104 - - [27/Aug/2022:11:04:43 +0800] "GET /xingrg/all/function/internal_message.html?_=1661569347689&CODE_STATE=getMsg HTTP/1.1" 200 27
116.233.73.81 - - [27/Aug/2022:11:04:44 +0800] "GET /xingrg/all/function/internal_message.html?_=1661569481846&CODE_STATE=getMsg HTTP/1.1" 200 27
116.232.194.65 - - [27/Aug/2022:11:04:46 +0800] "GET /xingrg/all/function/internal_message.html?_=1661569448037&CODE_STATE=getMsg HTTP/1.1" 200 27
114.88.158.224 - - [27/Aug/2022:11:04:59 +0800] "POST /xingrg/kc/buy/cgsh_order_operate.html HTTP/1.1" 200 37
114.88.158.224 - - [27/Aug/2022:11:05:04 +0800] "POST /xingrg/kc/buy/cgsh_order_operate.html HTTP/1.1" 200 12
114.88.158.224 - - [27/Aug/2022:11:05:05 +0800] "GET /xingrg/kc/buy/cgsh_order_info.html?code=212022082709355 HTTP/1.1" 200 63320
114.88.158.224 - - [27/Aug/2022:11:05:06 +0800] "GET /xingrg/javascript/easyui/themes/default/validatebox.css HTTP/1.1" 404 1104
114.88.158.224 - - [27/Aug/2022:11:05:06 +0800] "POST /xingrg/kc/buy/cgsh_order_operate.html HTTP/1.1" 200 1239
114.88.158.224 - - [27/Aug/2022:11:05:07 +0800] "GET /xingrg/kc/print/load_data.html?order_code=212022082709355&kc_code=cgsh&condition= HTTP/1.1" 200 1017
114.88.158.224 - - [27/Aug/2022:11:05:10 +0800] "GET /xingrg/all/function/internal_message.html?_=1661569174710&CODE_STATE=getMsg HTTP/1.1" 200 27
101.80.228.36 - - [27/Aug/2022:11:05:11 +0800] "GET /xingrg/all/function/internal_message.html?_=1661569508333&CODE_STATE=getMsg HTTP/1.1" 200 27
114.88.158.224 - - [27/Aug/2022:11:05:11 +0800] "GET /xingrg/kc/buy/cgsh_order_add.html HTTP/1.1" 200 68417
101.85.93.70 - - [27/Aug/2022:11:05:12 +0800] "GET /xingrg/all/function/internal_message.html?_=1661569508764&CODE_STATE=getMsg HTTP/1.1" 200 27
114.88.158.224 - - [27/Aug/2022:11:05:12 +0800] "POST /xingrg/kc/buy/cgsh_order_operate.html HTTP/1.1" 200 8245
114.88.158.224 - - [27/Aug/2022:11:05:12 +0800] "GET /xingrg/javascript/easyui/themes/default/validatebox.css HTTP/1.1" 404 1104
222.69.129.110 - - [27/Aug/2022:11:05:12 +0800] "GET /xingrg/all/function/internal_message.html?_=1661569582477&CODE_STATE=getMsg HTTP/1.1" 200 27
222.69.129.110 - - [27/Aug/2022:11:05:13 +0800] "GET /xingrg/check_reg.html?_=1661569583178 HTTP/1.1" 200 22
116.224.123.211 - - [27/Aug/2022:11:05:13 +0800] "GET /xingrg/all/function/internal_message.html?_=1661569509983&CODE_STATE=getMsg HTTP/1.1" 200 27
116.224.255.128 - - [27/Aug/2022:11:05:16 +0800] "GET /xingrg/all/function/internal_message.html?_=1661569436934&CODE_STATE=getMsg HTTP/1.1" 200 27
114.84.5.35 - - [27/Aug/2022:11:05:20 +0800] "GET /xingrg/all/function/internal_message.html?_=1661569513089&CODE_STATE=getMsg HTTP/1.1" 200 27
116.224.123.211 - - [27/Aug/2022:11:05:20 +0800] "GET /xingrg/kc/buy/cgsh_order_operate.html?command=get_materiel&rest_code=00102&code=00101016105&supplier_code=00100151&order_time=2022-08-27 HTTP/1.1" 200 409
61.165.19.104 - - [27/Aug/2022:11:05:26 +0800] "GET /xingrg/all/function/internal_message.html?_=1661569522836&CODE_STATE=getMsg HTTP/1.1" 200 27
114.88.158.224 - - [27/Aug/2022:11:05:27 +0800] "GET /xingrg/kc/buy/cgsh_order_operate.html?command=get_materiel&rest_code=00141&code=00101008112&supplier_code=00100007&order_time=2022-08-27 HTTP/1.1" 200 412
218.81.223.53 - - [27/Aug/2022:11:05:32 +0800] "GET /xingrg/all/function/internal_message.html?_=1661569551556&CODE_STATE=getMsg HTTP/1.1" 200 27
116.224.123.211 - - [27/Aug/2022:11:05:35 +0800] "POST /xingrg/kc/buy/cgsh_order_operate.html HTTP/1.1" 200 37
114.88.158.224 - - [27/Aug/2022:11:05:36 +0800] "GET /xingrg/kc/buy/cgsh_order_operate.html?command=get_materiel&rest_code=00141&code=00101008185&supplier_code=00100007&order_time=2022-08-27 HTTP/1.1" 200 408
116.224.255.128 - - [27/Aug/2022:11:05:37 +0800] "GET /xingrg/all/function/internal_message.html?_=1661569532664&CODE_STATE=getMsg HTTP/1.1" 200 27
116.224.123.211 - - [27/Aug/2022:11:05:42 +0800] "POST /xingrg/kc/buy/cgsh_order_operate.html HTTP/1.1" 200 12162
61.165.19.104 - - [27/Aug/2022:11:05:43 +0800] "GET /xingrg/all/function/internal_message.html?_=1661569407678&CODE_STATE=getMsg HTTP/1.1" 200 27
61.165.19.104 - - [27/Aug/2022:11:05:43 +0800] "GET /xingrg/check_reg.html?_=1661569407681 HTTP/1.1" 200 22
114.88.158.224 - - [27/Aug/2022:11:05:44 +0800] "GET /xingrg/kc/buy/cgsh_order_operate.html?command=get_materiel&rest_code=00141&code=00101008010&supplier_code=00100007&order_time=2022-08-27 HTTP/1.1" 200 412
116.233.73.81 - - [27/Aug/2022:11:05:44 +0800] "GET /xingrg/all/function/internal_message.html?_=1661569541848&CODE_STATE=getMsg HTTP/1.1" 200 27
116.232.194.65 - - [27/Aug/2022:11:05:46 +0800] "GET /xingrg/all/function/internal_message.html?_=1661569508039&CODE_STATE=getMsg HTTP/1.1" 200 27
114.88.158.224 - - [27/Aug/2022:11:05:55 +0800] "GET /xingrg/kc/buy/cgsh_order_operate.html?command=get_materiel&rest_code=00141&code=00101008038&supplier_code=00100007&order_time=2022-08-27 HTTP/1.1" 200 412
120.253.135.82 - - [27/Aug/2022:11:06:01 +0800] "GET /xingrg/check_reg.html?_=1661569361456 HTTP/1.1" 200 22
114.88.158.224 - - [27/Aug/2022:11:06:07 +0800] "GET /xingrg/kc/buy/cgsh_order_operate.html?command=get_materiel&rest_code=00141&code=00101008079&supplier_code=00100007&order_time=2022-08-27 HTTP/1.1" 200 416
114.88.158.224 - - [27/Aug/2022:11:06:10 +0800] "GET /xingrg/all/function/internal_message.html?_=1661569234694&CODE_STATE=getMsg HTTP/1.1" 200 27
101.80.228.36 - - [27/Aug/2022:11:06:11 +0800] "GET /xingrg/all/function/internal_message.html?_=1661569568318&CODE_STATE=getMsg HTTP/1.1" 200 27
101.85.93.70 - - [27/Aug/2022:11:06:12 +0800] "GET /xingrg/check_reg.html?_=1661569568766 HTTP/1.1" 200 22
101.85.93.70 - - [27/Aug/2022:11:06:12 +0800] "GET /xingrg/all/function/internal_message.html?_=1661569568771&CODE_STATE=getMsg HTTP/1.1" 200 27
222.69.129.110 - - [27/Aug/2022:11:06:12 +0800] "GET /xingrg/all/function/internal_message.html?_=1661569642474&CODE_STATE=getMsg HTTP/1.1" 200 27
116.224.123.211 - - [27/Aug/2022:11:06:13 +0800] "GET /xingrg/all/function/internal_message.html?_=1661569569981&CODE_STATE=getMsg HTTP/1.1" 200 27
116.224.255.128 - - [27/Aug/2022:11:06:16 +0800] "GET /xingrg/all/function/internal_message.html?_=1661569496947&CODE_STATE=getMsg HTTP/1.1" 200 27
180.169.147.146 - - [27/Aug/2022:11:06:18 +0800] "GET /xingrg/check_reg.html?_=1661569578023 HTTP/1.1" 200 22
114.84.5.35 - - [27/Aug/2022:11:06:20 +0800] "GET /xingrg/check_reg.html?_=1661569573106 HTTP/1.1" 200 22
114.84.5.35 - - [27/Aug/2022:11:06:20 +0800] "GET /xingrg/all/function/internal_message.html?_=1661569573101&CODE_STATE=getMsg HTTP/1.1" 200 27
114.88.158.224 - - [27/Aug/2022:11:06:21 +0800] "GET /xingrg/kc/buy/cgsh_order_operate.html?command=get_materiel&rest_code=00141&code=00101008077&supplier_code=00100007&order_time=2022-08-27 HTTP/1.1" 200 416
61.165.19.104 - - [27/Aug/2022:11:06:26 +0800] "GET /xingrg/all/function/internal_message.html?_=1661569582834&CODE_STATE=getMsg HTTP/1.1" 200 27
61.165.19.104 - - [27/Aug/2022:11:06:26 +0800] "GET /xingrg/check_reg.html?_=1661569582839 HTTP/1.1" 200 22
116.235.94.65 - - [27/Aug/2022:11:06:28 +0800] "POST /xingrg/services/DataTransmitService HTTP/1.1" 200 524
218.81.223.53 - - [27/Aug/2022:11:06:29 +0800] "GET /xingrg/check_reg.html?_=1661569608576 HTTP/1.1" 200 22
218.81.223.53 - - [27/Aug/2022:11:06:32 +0800] "GET /xingrg/all/function/internal_message.html?_=1661569611569&CODE_STATE=getMsg HTTP/1.1" 200 27
114.88.158.224 - - [27/Aug/2022:11:06:34 +0800] "GET /xingrg/kc/buy/cgsh_order_operate.html?command=get_materiel&rest_code=00141&code=00101008357&supplier_code=00100007&order_time=2022-08-27 HTTP/1.1" 200 408
116.224.255.128 - - [27/Aug/2022:11:06:37 +0800] "GET /xingrg/all/function/internal_message.html?_=1661569592672&CODE_STATE=getMsg HTTP/1.1" 200 27
101.85.93.70 - - [27/Aug/2022:11:06:37 +0800] "GET /xingrg/javascript/easyui/themes/default/images/button_plain_hover.png HTTP/1.1" 304 -
114.88.158.224 - - [27/Aug/2022:11:06:41 +0800] "GET /xingrg/kc/buy/cgsh_order_operate.html?command=get_materiel&rest_code=00141&code=00101008286&supplier_code=00100007&order_time=2022-08-27 HTTP/1.1" 200 408
61.165.19.104 - - [27/Aug/2022:11:06:43 +0800] "GET /xingrg/all/function/internal_message.html?_=1661569467687&CODE_STATE=getMsg HTTP/1.1" 200 27
116.233.73.81 - - [27/Aug/2022:11:06:44 +0800] "GET /xingrg/all/function/internal_message.html?_=1661569601849&CODE_STATE=getMsg HTTP/1.1" 200 27
116.233.73.81 - - [27/Aug/2022:11:06:44 +0800] "GET /xingrg/check_reg.html?_=1661569601850 HTTP/1.1" 200 22
180.169.147.146 - - [27/Aug/2022:11:06:45 +0800] "GET /xingrg/check_reg.html?_=1661569997327 HTTP/1.1" 200 22
116.224.123.211 - - [27/Aug/2022:11:06:46 +0800] "POST /xingrg/kc/buy/cgsh_order_operate.html HTTP/1.1" 200 37
101.80.228.36 - - [27/Aug/2022:11:06:46 +0800] "POST /xingrg/dwr/call/plaincall/AjaxQqpsService.saveOrder.dwr HTTP/1.1" 200 78
116.232.194.65 - - [27/Aug/2022:11:06:46 +0800] "GET /xingrg/all/function/internal_message.html?_=1661569568039&CODE_STATE=getMsg HTTP/1.1" 200 27
114.88.158.224 - - [27/Aug/2022:11:06:48 +0800] "GET /xingrg/kc/buy/cgsh_order_operate.html?command=get_materiel&rest_code=00141&code=00101008036&supplier_code=00100007&order_time=2022-08-27 HTTP/1.1" 200 408
101.80.228.36 - - [27/Aug/2022:11:06:51 +0800] "GET /xingrg/kc/mdqp/qqps_order_add.html HTTP/1.1" 200 28231
101.80.228.36 - - [27/Aug/2022:11:06:51 +0800] "GET /xingrg/dwr/interface/AjaxComOrderService.js HTTP/1.1" 200 18264
101.80.228.36 - - [27/Aug/2022:11:06:51 +0800] "GET /xingrg/dwr/interface/AjaxQqpsService.js HTTP/1.1" 200 16326
101.80.228.36 - - [27/Aug/2022:11:06:51 +0800] "GET /xingrg/dwr/engine.js HTTP/1.1" 200 43631
114.83.218.32 - - [27/Aug/2022:11:06:54 +0800] "GET /xingrg/all/function/internal_message.html?_=1661569605892&CODE_STATE=getMsg HTTP/1.1" 200 27
114.83.218.32 - - [27/Aug/2022:11:06:54 +0800] "GET /xingrg/check_reg.html?_=1661569605894 HTTP/1.1" 200 22
114.83.218.32 - - [27/Aug/2022:11:06:54 +0800] "POST /xingrg/kc/buy/cgsh_order_operate.html HTTP/1.1" 200 19831
114.88.158.224 - - [27/Aug/2022:11:06:56 +0800] "GET /xingrg/kc/buy/cgsh_order_operate.html?command=get_materiel&rest_code=00141&code=00101008131&supplier_code=00100007&order_time=2022-08-27 HTTP/1.1" 200 408
114.83.218.32 - - [27/Aug/2022:11:06:57 +0800] "GET /xingrg/kc/mdqp/qqps_order_list.html HTTP/1.1" 200 9668
114.83.218.32 - - [27/Aug/2022:11:06:57 +0800] "GET /xingrg/dwr/interface/AjaxQqpsService.js HTTP/1.1" 200 16326
114.83.218.32 - - [27/Aug/2022:11:06:57 +0800] "GET /xingrg/dwr/interface/AjaxReportQueryService.js HTTP/1.1" 200 13203
114.83.218.32 - - [27/Aug/2022:11:06:57 +0800] "GET /xingrg/dwr/engine.js HTTP/1.1" 200 43631
101.80.228.36 - - [27/Aug/2022:11:06:59 +0800] "POST /xingrg/dwr/call/plaincall/AjaxQqpsService.saveOrder.dwr HTTP/1.1" 200 78
114.83.218.32 - - [27/Aug/2022:11:06:59 +0800] "GET /xingrg/kc/mdqp/qqps_order_info.html?code=302022082700499 HTTP/1.1" 200 26801
114.83.218.32 - - [27/Aug/2022:11:06:59 +0800] "GET /xingrg/dwr/interface/AjaxComOrderService.js HTTP/1.1" 200 18264
114.83.218.32 - - [27/Aug/2022:11:06:59 +0800] "GET /xingrg/dwr/interface/AjaxQqpsService.js HTTP/1.1" 200 16326
114.83.218.32 - - [27/Aug/2022:11:06:59 +0800] "GET /xingrg/dwr/engine.js HTTP/1.1" 200 43631
114.83.218.32 - - [27/Aug/2022:11:06:59 +0800] "GET /xingrg/words/20220827093126_words.js HTTP/1.1" 304 -
114.83.218.32 - - [27/Aug/2022:11:07:00 +0800] "POST /xingrg/dwr/call/plaincall/AjaxQqpsService.loadMaterielItems.dwr HTTP/1.1" 200 669
114.83.218.32 - - [27/Aug/2022:11:07:03 +0800] "POST /xingrg/dwr/call/plaincall/AjaxQqpsService.uncheckOrder.dwr HTTP/1.1" 200 78
114.83.218.32 - - [27/Aug/2022:11:07:04 +0800] "GET /xingrg/css/blue.css HTTP/1.1" 304 -
114.83.218.32 - - [27/Aug/2022:11:07:04 +0800] "GET /xingrg/javascript/jquery_easy_ui/themes/icon.css HTTP/1.1" 304 -
114.83.218.32 - - [27/Aug/2022:11:07:04 +0800] "GET /xingrg/kc/mdqp/qqps_order_info.html?code=302022082700499 HTTP/1.1" 200 28560
114.83.218.32 - - [27/Aug/2022:11:07:04 +0800] "GET /xingrg/javascript/tools/jquery.qtip-1.0.0-rc3.min.js HTTP/1.1" 304 -
114.83.218.32 - - [27/Aug/2022:11:07:04 +0800] "GET /xingrg/javascript/jquery_easy_ui/jquery.easyui.min.js HTTP/1.1" 304 -
114.83.218.32 - - [27/Aug/2022:11:07:04 +0800] "GET /xingrg/javascript/pic_change.js HTTP/1.1" 304 -
114.83.218.32 - - [27/Aug/2022:11:07:04 +0800] "GET /xingrg/dwr/util.js HTTP/1.1" 304 -
114.83.218.32 - - [27/Aug/2022:11:07:04 +0800] "GET /xingrg/javascript/Calendar.js HTTP/1.1" 304 -
114.83.218.32 - - [27/Aug/2022:11:07:04 +0800] "GET /xingrg/javascript/myfunction.js HTTP/1.1" 304 -
114.83.218.32 - - [27/Aug/2022:11:07:04 +0800] "GET /xingrg/javascript/AjaxInfoList.js HTTP/1.1" 304 -
114.83.218.32 - - [27/Aug/2022:11:07:04 +0800] "GET /xingrg/javascript/jquery_easy_ui/themes/icon.css HTTP/1.1" 304 -
114.83.218.32 - - [27/Aug/2022:11:07:04 +0800] "GET /xingrg/javascript/jquery-1.4.2.min.js HTTP/1.1" 304 -
114.83.218.32 - - [27/Aug/2022:11:07:04 +0800] "GET /xingrg/javascript/jquery_easy_ui/themes/default/easyui.css HTTP/1.1" 304 -
114.83.218.32 - - [27/Aug/2022:11:07:04 +0800] "GET /xingrg/dwr/engine.js HTTP/1.1" 200 43631
114.83.218.32 - - [27/Aug/2022:11:07:04 +0800] "GET /xingrg/javascript/Grid.js HTTP/1.1" 304 -
114.83.218.32 - - [27/Aug/2022:11:07:04 +0800] "GET /xingrg/javascript/ToolTips.js HTTP/1.1" 304 -
114.83.218.32 - - [27/Aug/2022:11:07:04 +0800] "GET /xingrg/javascript/print/LodopFuncs.js HTTP/1.1" 304 -
114.83.218.32 - - [27/Aug/2022:11:07:04 +0800] "GET /xingrg/javascript/print/kc_print.js HTTP/1.1" 304 -
114.83.218.32 - - [27/Aug/2022:11:07:04 +0800] "GET /xingrg/javascript/jquery_easy_ui/easyui-lang-zh_CN.js HTTP/1.1" 304 -
114.83.218.32 - - [27/Aug/2022:11:07:04 +0800] "GET /xingrg/javascript/auto/jquery.autocomplete.css HTTP/1.1" 304 -
114.83.218.32 - - [27/Aug/2022:11:07:04 +0800] "GET /xingrg/javascript/auto/jquery.autocomplete.js HTTP/1.1" 304 -
114.83.218.32 - - [27/Aug/2022:11:07:04 +0800] "GET /xingrg/javascript/jquery.utils.js HTTP/1.1" 304 -
114.83.218.32 - - [27/Aug/2022:11:07:04 +0800] "GET /xingrg/dwr/interface/AjaxComOrderService.js HTTP/1.1" 200 18264
114.83.218.32 - - [27/Aug/2022:11:07:04 +0800] "GET /xingrg/dwr/interface/AjaxQqpsService.js HTTP/1.1" 200 16326
114.83.218.32 - - [27/Aug/2022:11:07:04 +0800] "GET /xingrg/words/20220827093126_words.js HTTP/1.1" 304 -
114.83.218.32 - - [27/Aug/2022:11:07:05 +0800] "GET /xingrg/images/blue/button/kc_tab_add.gif HTTP/1.1" 304 -
114.83.218.32 - - [27/Aug/2022:11:07:05 +0800] "GET /xingrg/images/blue/button/kc_tab_edit.gif HTTP/1.1" 304 -
114.88.158.224 - - [27/Aug/2022:11:07:05 +0800] "GET /xingrg/kc/buy/cgsh_order_operate.html?command=get_materiel&rest_code=00141&code=00101008005&supplier_code=00100007&order_time=2022-08-27 HTTP/1.1" 200 412
114.83.218.32 - - [27/Aug/2022:11:07:05 +0800] "GET /xingrg/images/blue/button/kc_tab_save.gif HTTP/1.1" 304 -
114.83.218.32 - - [27/Aug/2022:11:07:05 +0800] "GET /xingrg/images/blue/button/kc_tab_del.gif HTTP/1.1" 304 -
114.83.218.32 - - [27/Aug/2022:11:07:05 +0800] "GET /xingrg/images/blue/wait.gif HTTP/1.1" 304 -
114.83.218.32 - - [27/Aug/2022:11:07:05 +0800] "POST /xingrg/dwr/call/plaincall/AjaxQqpsService.loadMaterielItems.dwr HTTP/1.1" 200 669
114.83.218.32 - - [27/Aug/2022:11:07:08 +0800] "POST /xingrg/dwr/call/plaincall/AjaxQqpsService.getMaterielByCode.dwr HTTP/1.1" 200 2806
101.80.228.36 - - [27/Aug/2022:11:07:09 +0800] "POST /xingrg/dwr/call/plaincall/AjaxQqpsService.getMaterielByCode.dwr HTTP/1.1" 200 2870
114.83.218.32 - - [27/Aug/2022:11:07:10 +0800] "POST /xingrg/dwr/call/plaincall/AjaxQqpsService.saveMaterielItem.dwr HTTP/1.1" 200 78
114.88.158.224 - - [27/Aug/2022:11:07:10 +0800] "GET /xingrg/all/function/internal_message.html?_=1661569294650&CODE_STATE=getMsg HTTP/1.1" 200 27
101.80.228.36 - - [27/Aug/2022:11:07:11 +0800] "GET /xingrg/all/function/internal_message.html?_=1661569628300&CODE_STATE=getMsg HTTP/1.1" 200 27
101.85.93.70 - - [27/Aug/2022:11:07:12 +0800] "GET /xingrg/all/function/internal_message.html?_=1661569628772&CODE_STATE=getMsg HTTP/1.1" 200 27
222.69.129.110 - - [27/Aug/2022:11:07:12 +0800] "GET /xingrg/all/function/internal_message.html?_=1661569702463&CODE_STATE=getMsg HTTP/1.1" 200 27
116.235.94.65 - - [27/Aug/2022:11:07:12 +0800] "GET /xingrg/login.html HTTP/1.1" 200 7641
116.235.94.65 - - [27/Aug/2022:11:07:13 +0800] "GET /favicon.ico HTTP/1.1" 404 -
114.88.158.224 - - [27/Aug/2022:11:07:13 +0800] "GET /xingrg/kc/buy/cgsh_order_operate.html?command=get_materiel&rest_code=00141&code=00101008353&supplier_code=00100007&order_time=2022-08-27 HTTP/1.1" 200 408
101.80.228.36 - - [27/Aug/2022:11:07:16 +0800] "POST /xingrg/dwr/call/plaincall/AjaxQqpsService.saveMaterielItem.dwr HTTP/1.1" 200 78
116.224.255.128 - - [27/Aug/2022:11:07:17 +0800] "GET /xingrg/all/function/internal_message.html?_=1661569556983&CODE_STATE=getMsg HTTP/1.1" 200 27
114.88.158.224 - - [27/Aug/2022:11:07:20 +0800] "GET /xingrg/kc/buy/cgsh_order_operate.html?command=get_materiel&rest_code=00141&code=00101008213&supplier_code=00100007&order_time=2022-08-27 HTTP/1.1" 200 412
114.84.5.35 - - [27/Aug/2022:11:07:20 +0800] "GET /xingrg/all/function/internal_message.html?_=1661569633114&CODE_STATE=getMsg HTTP/1.1" 200 27
101.80.228.36 - - [27/Aug/2022:11:07:23 +0800] "POST /xingrg/dwr/call/plaincall/AjaxQqpsService.getMaterielByCode.dwr HTTP/1.1" 200 2879
61.165.19.104 - - [27/Aug/2022:11:07:26 +0800] "GET /xingrg/all/function/internal_message.html?_=1661569642841&CODE_STATE=getMsg HTTP/1.1" 200 27
116.235.94.65 - - [27/Aug/2022:11:07:28 +0800] "POST /xingrg/login.do HTTP/1.1" 302 -
116.235.94.65 - - [27/Aug/2022:11:07:28 +0800] "GET /xingrg/index.html?sysBaseUrl=http%3A%2F%2F180.169.147.146%3A18081%2Fxingrg%2F&costTime=40×tamp=1661569648189 HTTP/1.1" 200 17179
116.235.94.65 - - [27/Aug/2022:11:07:28 +0800] "GET /favicon.ico HTTP/1.1" 404 -
116.235.94.65 - - [27/Aug/2022:11:07:28 +0800] "POST /xingrg/all/common/load_tree.html?tree=area_rest_tree_json&manage=1 HTTP/1.1" 200 351
116.235.94.65 - - [27/Aug/2022:11:07:28 +0800] "GET /xingrg/all/function/internal_message.html?_=1661569837086&CODE_STATE=count HTTP/1.1" 200 11
116.235.94.65 - - [27/Aug/2022:11:07:28 +0800] "POST /xingrg/load_menu.html HTTP/1.1" 200 5138
116.235.94.65 - - [27/Aug/2022:11:07:28 +0800] "GET /xingrg/check_reg.html?_=1661569837087 HTTP/1.1" 200 22
114.88.158.224 - - [27/Aug/2022:11:07:29 +0800] "GET /xingrg/kc/buy/cgsh_order_operate.html?command=get_materiel&rest_code=00141&code=00101009122&supplier_code=00100007&order_time=2022-08-27 HTTP/1.1" 200 424
114.83.218.32 - - [27/Aug/2022:11:07:30 +0800] "POST /xingrg/dwr/call/plaincall/AjaxQqpsService.getMaterielByCode.dwr HTTP/1.1" 200 2758
101.80.228.36 - - [27/Aug/2022:11:07:31 +0800] "POST /xingrg/dwr/call/plaincall/AjaxQqpsService.saveMaterielItem.dwr HTTP/1.1" 200 78
114.83.218.32 - - [27/Aug/2022:11:07:31 +0800] "POST /xingrg/dwr/call/plaincall/AjaxQqpsService.saveMaterielItem.dwr HTTP/1.1" 200 78
218.81.223.53 - - [27/Aug/2022:11:07:32 +0800] "GET /xingrg/all/function/internal_message.html?_=1661569671582&CODE_STATE=getMsg HTTP/1.1" 200 27
114.88.158.224 - - [27/Aug/2022:11:07:33 +0800] "GET /xingrg/check_reg.html?_=1661569317810 HTTP/1.1" 200 22
114.83.218.32 - - [27/Aug/2022:11:07:34 +0800] "POST /xingrg/dwr/call/plaincall/AjaxQqpsService.checkOrder.dwr HTTP/1.1" 200 78
114.83.218.32 - - [27/Aug/2022:11:07:35 +0800] "GET /xingrg/kc/mdqp/qqps_order_info.html?code=302022082700499 HTTP/1.1" 200 26801
114.83.218.32 - - [27/Aug/2022:11:07:35 +0800] "GET /xingrg/dwr/interface/AjaxComOrderService.js HTTP/1.1" 200 18264
114.83.218.32 - - [27/Aug/2022:11:07:35 +0800] "GET /xingrg/dwr/interface/AjaxQqpsService.js HTTP/1.1" 200 16326
114.83.218.32 - - [27/Aug/2022:11:07:35 +0800] "GET /xingrg/dwr/engine.js HTTP/1.1" 200 43631
114.83.218.32 - - [27/Aug/2022:11:07:35 +0800] "POST /xingrg/dwr/call/plaincall/AjaxQqpsService.loadMaterielItems.dwr HTTP/1.1" 200 1238
101.80.228.36 - - [27/Aug/2022:11:07:36 +0800] "POST /xingrg/dwr/call/plaincall/AjaxQqpsService.checkOrder.dwr HTTP/1.1" 200 78
116.224.255.128 - - [27/Aug/2022:11:07:37 +0800] "GET /xingrg/all/function/internal_message.html?_=1661569652672&CODE_STATE=getMsg HTTP/1.1" 200 27
114.88.158.224 - - [27/Aug/2022:11:07:37 +0800] "GET /xingrg/kc/buy/cgsh_order_operate.html?command=get_materiel&rest_code=00141&code=00101013175&supplier_code=00100007&order_time=2022-08-27 HTTP/1.1" 200 431
101.80.228.36 - - [27/Aug/2022:11:07:37 +0800] "GET /xingrg/kc/mdqp/qqps_order_info.html?code=302022082700501 HTTP/1.1" 200 26634
101.80.228.36 - - [27/Aug/2022:11:07:37 +0800] "GET /xingrg/dwr/interface/AjaxComOrderService.js HTTP/1.1" 200 18264
101.80.228.36 - - [27/Aug/2022:11:07:37 +0800] "GET /xingrg/dwr/interface/AjaxQqpsService.js HTTP/1.1" 200 16326
101.80.228.36 - - [27/Aug/2022:11:07:37 +0800] "GET /xingrg/dwr/engine.js HTTP/1.1" 200 43631
101.80.228.36 - - [27/Aug/2022:11:07:38 +0800] "POST /xingrg/dwr/call/plaincall/AjaxQqpsService.loadMaterielItems.dwr HTTP/1.1" 200 730
101.80.228.36 - - [27/Aug/2022:11:07:39 +0800] "GET /xingrg/kc/mdqp/qqps_order_list.html?isBack=1 HTTP/1.1" 200 10445
101.80.228.36 - - [27/Aug/2022:11:07:39 +0800] "GET /xingrg/dwr/interface/AjaxReportQueryService.js HTTP/1.1" 200 13203
101.80.228.36 - - [27/Aug/2022:11:07:39 +0800] "GET /xingrg/dwr/interface/AjaxQqpsService.js HTTP/1.1" 200 16326
101.80.228.36 - - [27/Aug/2022:11:07:39 +0800] "GET /xingrg/dwr/engine.js HTTP/1.1" 200 43631
101.80.228.36 - - [27/Aug/2022:11:07:42 +0800] "GET /xingrg/kc/mdqp/qqps_order_info.html?code=302022082400445 HTTP/1.1" 200 28393
101.80.228.36 - - [27/Aug/2022:11:07:42 +0800] "GET /xingrg/dwr/interface/AjaxComOrderService.js HTTP/1.1" 200 18264
101.80.228.36 - - [27/Aug/2022:11:07:42 +0800] "GET /xingrg/dwr/interface/AjaxQqpsService.js HTTP/1.1" 200 16326
101.80.228.36 - - [27/Aug/2022:11:07:42 +0800] "GET /xingrg/dwr/engine.js HTTP/1.1" 200 43631
101.80.228.36 - - [27/Aug/2022:11:07:42 +0800] "POST /xingrg/dwr/call/plaincall/AjaxQqpsService.loadMaterielItems.dwr HTTP/1.1" 200 986
116.235.94.65 - - [27/Aug/2022:11:07:43 +0800] "GET /xingrg/kc/mdqp/qqps_order_list.html HTTP/1.1" 200 9222
116.235.94.65 - - [27/Aug/2022:11:07:43 +0800] "GET /xingrg/dwr/interface/AjaxReportQueryService.js HTTP/1.1" 200 13203
116.235.94.65 - - [27/Aug/2022:11:07:43 +0800] "GET /xingrg/dwr/engine.js HTTP/1.1" 200 43631
116.235.94.65 - - [27/Aug/2022:11:07:43 +0800] "GET /xingrg/dwr/interface/AjaxQqpsService.js HTTP/1.1" 200 16326
61.165.19.104 - - [27/Aug/2022:11:07:43 +0800] "GET /xingrg/all/function/internal_message.html?_=1661569527676&CODE_STATE=getMsg HTTP/1.1" 200 27
101.80.228.36 - - [27/Aug/2022:11:07:44 +0800] "GET /xingrg/kc/mdqp/qqps_order_list.html?isBack=1 HTTP/1.1" 200 10445
101.80.228.36 - - [27/Aug/2022:11:07:44 +0800] "GET /xingrg/dwr/interface/AjaxReportQueryService.js HTTP/1.1" 200 13203
101.80.228.36 - - [27/Aug/2022:11:07:44 +0800] "GET /xingrg/dwr/interface/AjaxQqpsService.js HTTP/1.1" 200 16326
101.80.228.36 - - [27/Aug/2022:11:07:44 +0800] "GET /xingrg/dwr/engine.js HTTP/1.1" 200 43631
116.233.73.81 - - [27/Aug/2022:11:07:44 +0800] "GET /xingrg/all/function/internal_message.html?_=1661569661852&CODE_STATE=getMsg HTTP/1.1" 200 27
116.235.94.65 - - [27/Aug/2022:11:07:44 +0800] "GET /xingrg/kc/mdqp/qqps_order_add.html HTTP/1.1" 200 28386
116.235.94.65 - - [27/Aug/2022:11:07:44 +0800] "GET /xingrg/dwr/interface/AjaxComOrderService.js HTTP/1.1" 200 18264
116.235.94.65 - - [27/Aug/2022:11:07:44 +0800] "GET /xingrg/dwr/interface/AjaxQqpsService.js HTTP/1.1" 200 16326
116.235.94.65 - - [27/Aug/2022:11:07:44 +0800] "GET /xingrg/dwr/engine.js HTTP/1.1" 200 43631
116.235.94.65 - - [27/Aug/2022:11:07:45 +0800] "GET /xingrg/words/20220827093126_words.js HTTP/1.1" 200 917214
101.80.228.36 - - [27/Aug/2022:11:07:45 +0800] "GET /xingrg/kc/mdqp/qqps_order_info.html?code=302022082500482 HTTP/1.1" 200 28393
101.80.228.36 - - [27/Aug/2022:11:07:45 +0800] "GET /xingrg/dwr/interface/AjaxComOrderService.js HTTP/1.1" 200 18264
101.80.228.36 - - [27/Aug/2022:11:07:45 +0800] "GET /xingrg/dwr/interface/AjaxQqpsService.js HTTP/1.1" 200 16326
101.80.228.36 - - [27/Aug/2022:11:07:46 +0800] "GET /xingrg/dwr/engine.js HTTP/1.1" 200 43631
101.80.228.36 - - [27/Aug/2022:11:07:46 +0800] "POST /xingrg/dwr/call/plaincall/AjaxQqpsService.loadMaterielItems.dwr HTTP/1.1" 200 362
116.232.194.65 - - [27/Aug/2022:11:07:46 +0800] "GET /xingrg/all/function/internal_message.html?_=1661569628034&CODE_STATE=getMsg HTTP/1.1" 200 27
114.88.158.224 - - [27/Aug/2022:11:07:47 +0800] "GET /xingrg/kc/buy/cgsh_order_operate.html?command=get_materiel&rest_code=00141&code=00101008323&supplier_code=00100007&order_time=2022-08-27 HTTP/1.1" 200 408
114.83.218.32 - - [27/Aug/2022:11:07:53 +0800] "GET /xingrg/all/function/internal_message.html?_=1661569665873&CODE_STATE=getMsg HTTP/1.1" 200 27
114.88.158.224 - - [27/Aug/2022:11:07:57 +0800] "GET /xingrg/kc/buy/cgsh_order_operate.html?command=get_materiel&rest_code=00141&code=00101008176&supplier_code=00100007&order_time=2022-08-27 HTTP/1.1" 200 413
114.88.158.224 - - [27/Aug/2022:11:08:03 +0800] "GET /xingrg/kc/buy/cgsh_order_operate.html?command=get_materiel&rest_code=00141&code=00101008302&supplier_code=00100007&order_time=2022-08-27 HTTP/1.1" 200 412
114.88.158.224 - - [27/Aug/2022:11:08:10 +0800] "GET /xingrg/all/function/internal_message.html?_=1661569354665&CODE_STATE=getMsg HTTP/1.1" 200 27
101.80.228.36 - - [27/Aug/2022:11:08:11 +0800] "GET /xingrg/all/function/internal_message.html?_=1661569688276&CODE_STATE=getMsg HTTP/1.1" 200 27
101.85.93.70 - - [27/Aug/2022:11:08:12 +0800] "GET /xingrg/all/function/internal_message.html?_=1661569688759&CODE_STATE=getMsg HTTP/1.1" 200 27
114.88.158.224 - - [27/Aug/2022:11:08:12 +0800] "GET /xingrg/kc/buy/cgsh_order_operate.html?command=get_materiel&rest_code=00141&code=00101008132&supplier_code=00100007&order_time=2022-08-27 HTTP/1.1" 200 408
222.69.129.110 - - [27/Aug/2022:11:08:12 +0800] "GET /xingrg/all/function/internal_message.html?_=1661569762441&CODE_STATE=getMsg HTTP/1.1" 200 27
116.235.94.65 - - [27/Aug/2022:11:08:16 +0800] "POST /xingrg/dwr/call/plaincall/AjaxQqpsService.saveOrder.dwr HTTP/1.1" 200 78
116.224.255.128 - - [27/Aug/2022:11:08:17 +0800] "GET /xingrg/all/function/internal_message.html?_=1661569616990&CODE_STATE=getMsg HTTP/1.1" 200 27
116.235.94.65 - - [27/Aug/2022:11:08:18 +0800] "GET /xingrg/javascript/auto/indicator.gif HTTP/1.1" 404 1066
114.88.158.224 - - [27/Aug/2022:11:08:18 +0800] "POST /xingrg/kc/buy/cgsh_order_operate.html HTTP/1.1" 200 2065
114.84.5.35 - - [27/Aug/2022:11:08:20 +0800] "GET /xingrg/all/function/internal_message.html?_=1661569693115&CODE_STATE=getMsg HTTP/1.1" 200 27
116.235.94.65 - - [27/Aug/2022:11:08:24 +0800] "POST /xingrg/dwr/call/plaincall/AjaxQqpsService.getMaterielByCode.dwr HTTP/1.1" 200 2761
114.88.158.224 - - [27/Aug/2022:11:08:25 +0800] "GET /xingrg/kc/buy/cgsh_order_operate.html?command=get_materiel&rest_code=00141&code=00101008244&supplier_code=00100007&order_time=2022-08-27 HTTP/1.1" 200 408
61.165.19.104 - - [27/Aug/2022:11:08:26 +0800] "GET /xingrg/all/function/internal_message.html?_=1661569702838&CODE_STATE=getMsg HTTP/1.1" 200 27
116.235.94.65 - - [27/Aug/2022:11:08:26 +0800] "POST /xingrg/dwr/call/plaincall/AjaxQqpsService.saveMaterielItem.dwr HTTP/1.1" 200 78
116.235.94.65 - - [27/Aug/2022:11:08:28 +0800] "GET /xingrg/all/function/internal_message.html?_=1661569897106&CODE_STATE=getMsg HTTP/1.1" 200 27
218.81.223.53 - - [27/Aug/2022:11:08:32 +0800] "GET /xingrg/all/function/internal_message.html?_=1661569731597&CODE_STATE=getMsg HTTP/1.1" 200 27
116.235.94.65 - - [27/Aug/2022:11:08:34 +0800] "POST /xingrg/dwr/call/plaincall/AjaxQqpsService.getMaterielByCode.dwr HTTP/1.1" 200 2715
116.224.255.128 - - [27/Aug/2022:11:08:37 +0800] "GET /xingrg/all/function/internal_message.html?_=1661569712671&CODE_STATE=getMsg HTTP/1.1" 200 27
61.165.19.104 - - [27/Aug/2022:11:08:43 +0800] "GET /xingrg/all/function/internal_message.html?_=1661569587684&CODE_STATE=getMsg HTTP/1.1" 200 27
116.235.94.65 - - [27/Aug/2022:11:08:44 +0800] "POST /xingrg/dwr/call/plaincall/AjaxQqpsService.saveMaterielItem.dwr HTTP/1.1" 200 78
116.233.73.81 - - [27/Aug/2022:11:08:44 +0800] "GET /xingrg/all/function/internal_message.html?_=1661569721854&CODE_STATE=getMsg HTTP/1.1" 200 27
116.232.194.65 - - [27/Aug/2022:11:08:46 +0800] "GET /xingrg/all/function/internal_message.html?_=1661569688032&CODE_STATE=getMsg HTTP/1.1" 200 27
116.232.194.65 - - [27/Aug/2022:11:08:47 +0800] "GET /xingrg/check_reg.html?_=1661569688036 HTTP/1.1" 200 22
116.224.123.211 - - [27/Aug/2022:11:08:47 +0800] "POST /xingrg/kc/buy/cgsh_order_operate.html HTTP/1.1" 200 12775
114.83.218.32 - - [27/Aug/2022:11:08:53 +0800] "GET /xingrg/all/function/internal_message.html?_=1661569725862&CODE_STATE=getMsg HTTP/1.1" 200 27
116.224.123.211 - - [27/Aug/2022:11:08:59 +0800] "POST /xingrg/kc/buy/cgsh_order_operate.html HTTP/1.1" 200 37
116.224.123.211 - - [27/Aug/2022:11:09:02 +0800] "POST /xingrg/kc/buy/cgsh_order_operate.html HTTP/1.1" 200 12775
116.224.123.211 - - [27/Aug/2022:11:09:03 +0800] "GET /xingrg/kc/buy/cgsh_order_add.html HTTP/1.1" 200 68452
116.224.123.211 - - [27/Aug/2022:11:09:04 +0800] "GET /xingrg/words/20220827093126_words.js HTTP/1.1" 304 -
116.224.123.211 - - [27/Aug/2022:11:09:04 +0800] "POST /xingrg/kc/buy/cgsh_order_operate.html HTTP/1.1" 200 8245
116.224.123.211 - - [27/Aug/2022:11:09:04 +0800] "GET /xingrg/javascript/easyui/themes/default/validatebox.css HTTP/1.1" 404 1104
114.88.158.224 - - [27/Aug/2022:11:09:10 +0800] "GET /xingrg/all/function/internal_message.html?_=1661569414652&CODE_STATE=getMsg HTTP/1.1" 200 27
101.80.228.36 - - [27/Aug/2022:11:09:11 +0800] "GET /xingrg/all/function/internal_message.html?_=1661569748258&CODE_STATE=getMsg HTTP/1.1" 200 27
101.85.93.70 - - [27/Aug/2022:11:09:12 +0800] "GET /xingrg/all/function/internal_message.html?_=1661569748761&CODE_STATE=getMsg HTTP/1.1" 200 27
222.69.129.110 - - [27/Aug/2022:11:09:12 +0800] "GET /xingrg/all/function/internal_message.html?_=1661569822423&CODE_STATE=getMsg HTTP/1.1" 200 27
116.224.123.211 - - [27/Aug/2022:11:09:13 +0800] "GET /xingrg/all/function/internal_message.html?_=1661569749992&CODE_STATE=getMsg HTTP/1.1" 200 27
116.224.255.128 - - [27/Aug/2022:11:09:15 +0800] "GET /xingrg/check_reg.html?_=1661569675530 HTTP/1.1" 200 22
116.224.255.128 - - [27/Aug/2022:11:09:17 +0800] "GET /xingrg/all/function/internal_message.html?_=1661569677004&CODE_STATE=getMsg HTTP/1.1" 200 27
114.84.5.35 - - [27/Aug/2022:11:09:20 +0800] "GET /xingrg/all/function/internal_message.html?_=1661569753126&CODE_STATE=getMsg HTTP/1.1" 200 27
114.83.218.32 - - [27/Aug/2022:11:09:22 +0800] "GET /xingrg/kc/buy/cgsh_order_operate.html?command=get_materiel&rest_code=00149&code=00101008361&supplier_code=00100008&order_time=2022-08-27 HTTP/1.1" 200 408
114.88.158.224 - - [27/Aug/2022:11:09:23 +0800] "GET /xingrg/kc/buy/cgsh_order_operate.html?command=get_materiel&rest_code=00141&code=00101008096&supplier_code=00100007&order_time=2022-08-27 HTTP/1.1" 200 413
61.165.19.104 - - [27/Aug/2022:11:09:26 +0800] "GET /xingrg/all/function/internal_message.html?_=1661569762843&CODE_STATE=getMsg HTTP/1.1" 200 27
116.235.94.65 - - [27/Aug/2022:11:09:28 +0800] "GET /xingrg/all/function/internal_message.html?_=1661569957096&CODE_STATE=getMsg HTTP/1.1" 200 27
116.224.123.211 - - [27/Aug/2022:11:09:29 +0800] "GET /xingrg/kc/buy/cgsh_order_operate.html?command=get_materiel&rest_code=00102&code=00101006062&supplier_code=00100151&order_time=2022-08-27 HTTP/1.1" 200 409
218.81.223.53 - - [27/Aug/2022:11:09:33 +0800] "GET /xingrg/all/function/internal_message.html?_=1661569792200&CODE_STATE=getMsg HTTP/1.1" 200 27
116.224.255.128 - - [27/Aug/2022:11:09:37 +0800] "GET /xingrg/all/function/internal_message.html?_=1661569772671&CODE_STATE=getMsg HTTP/1.1" 200 27
116.224.255.128 - - [27/Aug/2022:11:09:37 +0800] "GET /xingrg/check_reg.html?_=1661569772672 HTTP/1.1" 200 22
101.80.228.36 - - [27/Aug/2022:11:09:38 +0800] "GET /xingrg/check_reg.html?_=1661569774868 HTTP/1.1" 200 22
114.88.158.224 - - [27/Aug/2022:11:09:40 +0800] "GET /xingrg/kc/buy/cgsh_order_operate.html?command=get_materiel&rest_code=00141&code=00101008396&supplier_code=00100007&order_time=2022-08-27 HTTP/1.1" 200 412
114.88.158.224 - - [27/Aug/2022:11:09:43 +0800] "POST /xingrg/kc/buy/cgsh_order_operate.html HTTP/1.1" 200 2065
61.165.19.104 - - [27/Aug/2022:11:09:43 +0800] "GET /xingrg/all/function/internal_message.html?_=1661569647694&CODE_STATE=getMsg HTTP/1.1" 200 27
116.233.73.81 - - [27/Aug/2022:11:09:44 +0800] "GET /xingrg/all/function/internal_message.html?_=1661569781856&CODE_STATE=getMsg HTTP/1.1" 200 27
116.232.194.65 - - [27/Aug/2022:11:09:46 +0800] "GET /xingrg/all/function/internal_message.html?_=1661569748028&CODE_STATE=getMsg HTTP/1.1" 200 27
114.88.158.224 - - [27/Aug/2022:11:09:48 +0800] "GET /xingrg/kc/buy/cgsh_order_operate.html?command=get_materiel&rest_code=00141&code=00101001013&supplier_code=00100007&order_time=2022-08-27 HTTP/1.1" 200 414
114.83.218.32 - - [27/Aug/2022:11:09:49 +0800] "GET /xingrg/kc/buy/cgsh_order_operate.html?command=get_materiel&rest_code=00149&code=00101008355&supplier_code=00100008&order_time=2022-08-27 HTTP/1.1" 200 408
114.83.218.32 - - [27/Aug/2022:11:09:53 +0800] "GET /xingrg/all/function/internal_message.html?_=1661569785818&CODE_STATE=getMsg HTTP/1.1" 200 27
114.88.158.224 - - [27/Aug/2022:11:09:54 +0800] "GET /xingrg/kc/buy/cgsh_order_operate.html?command=get_materiel&rest_code=00141&code=00101008370&supplier_code=00100007&order_time=2022-08-27 HTTP/1.1" 200 412
114.88.158.224 - - [27/Aug/2022:11:10:03 +0800] "GET /xingrg/kc/buy/cgsh_order_operate.html?command=get_materiel&rest_code=00141&code=00101008361&supplier_code=00100007&order_time=2022-08-27 HTTP/1.1" 200 408
114.88.158.224 - - [27/Aug/2022:11:10:10 +0800] "GET /xingrg/all/function/internal_message.html?_=1661569474657&CODE_STATE=getMsg HTTP/1.1" 200 27
114.83.218.32 - - [27/Aug/2022:11:10:11 +0800] "GET /xingrg/kc/buy/cgsh_order_operate.html?command=get_materiel&rest_code=00149&code=00101008264&supplier_code=00100008&order_time=2022-08-27 HTTP/1.1" 200 412
101.80.228.36 - - [27/Aug/2022:11:10:11 +0800] "GET /xingrg/all/function/internal_message.html?_=1661569808241&CODE_STATE=getMsg HTTP/1.1" 200 27
114.88.158.224 - - [27/Aug/2022:11:10:11 +0800] "GET /xingrg/kc/buy/cgsh_order_operate.html?command=get_materiel&rest_code=00141&code=00101008356&supplier_code=00100007&order_time=2022-08-27 HTTP/1.1" 200 409
101.85.93.70 - - [27/Aug/2022:11:10:12 +0800] "GET /xingrg/all/function/internal_message.html?_=1661569808763&CODE_STATE=getMsg HTTP/1.1" 200 27
222.69.129.110 - - [27/Aug/2022:11:10:12 +0800] "GET /xingrg/all/function/internal_message.html?_=1661569882401&CODE_STATE=getMsg HTTP/1.1" 200 27
222.69.129.110 - - [27/Aug/2022:11:10:13 +0800] "GET /xingrg/check_reg.html?_=1661569883178 HTTP/1.1" 200 22
116.224.123.211 - - [27/Aug/2022:11:10:13 +0800] "GET /xingrg/all/function/internal_message.html?_=1661569809973&CODE_STATE=getMsg HTTP/1.1" 200 27
116.224.255.128 - - [27/Aug/2022:11:10:17 +0800] "GET /xingrg/all/function/internal_message.html?_=1661569737018&CODE_STATE=getMsg HTTP/1.1" 200 27
114.84.5.35 - - [27/Aug/2022:11:10:20 +0800] "GET /xingrg/all/function/internal_message.html?_=1661569813113&CODE_STATE=getMsg HTTP/1.1" 200 27
114.83.218.32 - - [27/Aug/2022:11:10:20 +0800] "POST /xingrg/kc/buy/cgsh_order_operate.html HTTP/1.1" 200 2065
114.88.158.224 - - [27/Aug/2022:11:10:22 +0800] "GET /xingrg/kc/buy/cgsh_order_operate.html?command=get_materiel&rest_code=00141&code=00101008300&supplier_code=00100007&order_time=2022-08-27 HTTP/1.1" 200 412
61.165.19.104 - - [27/Aug/2022:11:10:26 +0800] "GET /xingrg/all/function/internal_message.html?_=1661569822847&CODE_STATE=getMsg HTTP/1.1" 200 27
116.235.94.65 - - [27/Aug/2022:11:10:28 +0800] "GET /xingrg/all/function/internal_message.html?_=1661570017104&CODE_STATE=getMsg HTTP/1.1" 200 27
114.83.218.32 - - [27/Aug/2022:11:10:28 +0800] "GET /xingrg/kc/buy/cgsh_order_operate.html?command=get_materiel&rest_code=00149&code=00101008024&supplier_code=00100008&order_time=2022-08-27 HTTP/1.1" 200 408
218.81.223.53 - - [27/Aug/2022:11:10:33 +0800] "GET /xingrg/all/function/internal_message.html?_=1661569852201&CODE_STATE=getMsg HTTP/1.1" 200 27
116.224.255.128 - - [27/Aug/2022:11:10:37 +0800] "GET /xingrg/all/function/internal_message.html?_=1661569832671&CODE_STATE=getMsg HTTP/1.1" 200 27
114.83.218.32 - - [27/Aug/2022:11:10:41 +0800] "GET /xingrg/kc/buy/cgsh_order_operate.html?command=get_materiel&rest_code=00149&code=00101008041&supplier_code=00100008&order_time=2022-08-27 HTTP/1.1" 200 408
61.165.19.104 - - [27/Aug/2022:11:10:43 +0800] "GET /xingrg/check_reg.html?_=1661569707683 HTTP/1.1" 200 22
61.165.19.104 - - [27/Aug/2022:11:10:43 +0800] "GET /xingrg/all/function/internal_message.html?_=1661569707686&CODE_STATE=getMsg HTTP/1.1" 200 27
116.233.73.81 - - [27/Aug/2022:11:10:44 +0800] "GET /xingrg/all/function/internal_message.html?_=1661569841858&CODE_STATE=getMsg HTTP/1.1" 200 27
116.232.194.65 - - [27/Aug/2022:11:10:46 +0800] "GET /xingrg/all/function/internal_message.html?_=1661569808033&CODE_STATE=getMsg HTTP/1.1" 200 27
114.83.218.32 - - [27/Aug/2022:11:10:53 +0800] "GET /xingrg/all/function/internal_message.html?_=1661569845796&CODE_STATE=getMsg HTTP/1.1" 200 27
120.253.135.82 - - [27/Aug/2022:11:11:01 +0800] "GET /xingrg/check_reg.html?_=1661569661462 HTTP/1.1" 200 22
114.88.158.224 - - [27/Aug/2022:11:11:10 +0800] "GET /xingrg/all/function/internal_message.html?_=1661569534556&CODE_STATE=getMsg HTTP/1.1" 200 27
101.80.228.36 - - [27/Aug/2022:11:11:11 +0800] "GET /xingrg/all/function/internal_message.html?_=1661569868217&CODE_STATE=getMsg HTTP/1.1" 200 27
101.85.93.70 - - [27/Aug/2022:11:11:12 +0800] "GET /xingrg/check_reg.html?_=1661569868770 HTTP/1.1" 200 22
101.85.93.70 - - [27/Aug/2022:11:11:12 +0800] "GET /xingrg/all/function/internal_message.html?_=1661569868765&CODE_STATE=getMsg HTTP/1.1" 200 27
114.83.218.32 - - [27/Aug/2022:11:11:12 +0800] "POST /xingrg/kc/buy/cgsh_order_operate.html HTTP/1.1" 200 37
222.69.129.110 - - [27/Aug/2022:11:11:12 +0800] "GET /xingrg/all/function/internal_message.html?_=1661569942392&CODE_STATE=getMsg HTTP/1.1" 200 27
116.224.123.211 - - [27/Aug/2022:11:11:13 +0800] "GET /xingrg/all/function/internal_message.html?_=1661569869957&CODE_STATE=getMsg HTTP/1.1" 200 27
114.83.218.32 - - [27/Aug/2022:11:11:14 +0800] "POST /xingrg/kc/buy/cgsh_order_operate.html HTTP/1.1" 200 23368
124.78.154.80 - - [27/Aug/2022:11:11:14 +0800] "GET /xingrg/login.html?r=1 HTTP/1.1" 200 7641
124.78.154.80 - - [27/Aug/2022:11:11:14 +0800] "GET /favicon.ico HTTP/1.1" 404 -
116.224.255.128 - - [27/Aug/2022:11:11:17 +0800] "GET /xingrg/all/function/internal_message.html?_=1661569797031&CODE_STATE=getMsg HTTP/1.1" 200 27
180.169.147.146 - - [27/Aug/2022:11:11:18 +0800] "GET /xingrg/check_reg.html?_=1661569877998 HTTP/1.1" 200 22
124.78.154.80 - - [27/Aug/2022:11:11:19 +0800] "POST /xingrg/login.do HTTP/1.1" 302 -
124.78.154.80 - - [27/Aug/2022:11:11:19 +0800] "GET /xingrg/index.html?sysBaseUrl=http%3A%2F%2F180.169.147.146%3A18081%2Fxingrg%2F&costTime=39×tamp=1661569879045 HTTP/1.1" 200 17173
124.78.154.80 - - [27/Aug/2022:11:11:19 +0800] "GET /favicon.ico HTTP/1.1" 404 -
124.78.154.80 - - [27/Aug/2022:11:11:19 +0800] "POST /xingrg/all/common/load_tree.html?tree=area_rest_tree_json&manage=1 HTTP/1.1" 200 342
124.78.154.80 - - [27/Aug/2022:11:11:19 +0800] "GET /xingrg/all/function/internal_message.html?_=1661569882779&CODE_STATE=count HTTP/1.1" 200 11
124.78.154.80 - - [27/Aug/2022:11:11:19 +0800] "POST /xingrg/load_menu.html HTTP/1.1" 200 5138
124.78.154.80 - - [27/Aug/2022:11:11:19 +0800] "GET /xingrg/check_reg.html?_=1661569882781 HTTP/1.1" 200 22
114.84.5.35 - - [27/Aug/2022:11:11:20 +0800] "GET /xingrg/all/function/internal_message.html?_=1661569873123&CODE_STATE=getMsg HTTP/1.1" 200 27
114.84.5.35 - - [27/Aug/2022:11:11:20 +0800] "GET /xingrg/check_reg.html?_=1661569873128 HTTP/1.1" 200 22
124.78.154.80 - - [27/Aug/2022:11:11:21 +0800] "GET /xingrg/kc/buy/buy_main.html HTTP/1.1" 200 12412
124.78.154.80 - - [27/Aug/2022:11:11:21 +0800] "GET /xingrg/css/new_ie.css HTTP/1.1" 404 1036
114.88.158.224 - - [27/Aug/2022:11:11:21 +0800] "POST /xingrg/kc/buy/cgsh_order_operate.html HTTP/1.1" 200 2065
124.78.154.80 - - [27/Aug/2022:11:11:22 +0800] "GET /xingrg/images/yd/bt.gif HTTP/1.1" 404 1040
124.78.154.80 - - [27/Aug/2022:11:11:22 +0800] "GET /xingrg/kc/buy/cgsh_order_list.html HTTP/1.1" 200 52635
124.78.154.80 - - [27/Aug/2022:11:11:25 +0800] "POST /xingrg/kc/buy/cgsh_list_operate.html HTTP/1.1" 200 1836
61.165.19.104 - - [27/Aug/2022:11:11:26 +0800] "GET /xingrg/check_reg.html?_=1661569882842 HTTP/1.1" 200 22
61.165.19.104 - - [27/Aug/2022:11:11:26 +0800] "GET /xingrg/all/function/internal_message.html?_=1661569882845&CODE_STATE=getMsg HTTP/1.1" 200 27
124.78.154.80 - - [27/Aug/2022:11:11:27 +0800] "POST /xingrg/kc/buy/cgsh_list_operate.html HTTP/1.1" 200 564
116.235.94.65 - - [27/Aug/2022:11:11:28 +0800] "GET /xingrg/all/function/internal_message.html?_=1661570077097&CODE_STATE=getMsg HTTP/1.1" 200 27
124.78.154.80 - - [27/Aug/2022:11:11:28 +0800] "GET /xingrg/kc/buy/cgsh_order_info.html?code=212022082709320 HTTP/1.1" 200 68420
124.78.154.80 - - [27/Aug/2022:11:11:28 +0800] "GET /xingrg/words/20220827093126_words.js HTTP/1.1" 304 -
124.78.154.80 - - [27/Aug/2022:11:11:28 +0800] "GET /xingrg/all/common/auto_word.html?type=employee&rest_code=00106 HTTP/1.1" 200 205
124.78.154.80 - - [27/Aug/2022:11:11:28 +0800] "GET /xingrg/javascript/easyui/themes/default/validatebox.css HTTP/1.1" 404 1104
124.78.154.80 - - [27/Aug/2022:11:11:28 +0800] "GET /xingrg/all/common/auto_word.html?type=employee&rest_code=00106 HTTP/1.1" 200 205
124.78.154.80 - - [27/Aug/2022:11:11:29 +0800] "POST /xingrg/kc/buy/cgsh_order_operate.html HTTP/1.1" 200 33976
218.81.223.53 - - [27/Aug/2022:11:11:30 +0800] "GET /xingrg/check_reg.html?_=1661569909202 HTTP/1.1" 200 22
218.81.223.53 - - [27/Aug/2022:11:11:33 +0800] "GET /xingrg/all/function/internal_message.html?_=1661569912214&CODE_STATE=getMsg HTTP/1.1" 200 27
116.224.255.128 - - [27/Aug/2022:11:11:37 +0800] "GET /xingrg/all/function/internal_message.html?_=1661569892673&CODE_STATE=getMsg HTTP/1.1" 200 27
116.235.94.65 - - [27/Aug/2022:11:11:38 +0800] "POST /xingrg/dwr/call/plaincall/AjaxQqpsService.checkOrder.dwr HTTP/1.1" 200 78
116.235.94.65 - - [27/Aug/2022:11:11:39 +0800] "GET /xingrg/kc/mdqp/qqps_order_info.html?code=302022082700502 HTTP/1.1" 200 26789
116.235.94.65 - - [27/Aug/2022:11:11:39 +0800] "GET /xingrg/dwr/interface/AjaxQqpsService.js HTTP/1.1" 200 16326
116.235.94.65 - - [27/Aug/2022:11:11:39 +0800] "GET /xingrg/dwr/interface/AjaxComOrderService.js HTTP/1.1" 200 18264
116.235.94.65 - - [27/Aug/2022:11:11:39 +0800] "GET /xingrg/dwr/engine.js HTTP/1.1" 200 43631
114.88.158.224 - - [27/Aug/2022:11:11:39 +0800] "GET /xingrg/kc/buy/cgsh_order_operate.html?command=get_materiel&rest_code=00141&code=00101008295&supplier_code=00100007&order_time=2022-08-27 HTTP/1.1" 200 412
116.235.94.65 - - [27/Aug/2022:11:11:40 +0800] "POST /xingrg/dwr/call/plaincall/AjaxQqpsService.loadMaterielItems.dwr HTTP/1.1" 200 694
61.165.19.104 - - [27/Aug/2022:11:11:43 +0800] "GET /xingrg/all/function/internal_message.html?_=1661569767672&CODE_STATE=getMsg HTTP/1.1" 200 27
116.233.73.81 - - [27/Aug/2022:11:11:44 +0800] "GET /xingrg/all/function/internal_message.html?_=1661569901859&CODE_STATE=getMsg HTTP/1.1" 200 27
116.233.73.81 - - [27/Aug/2022:11:11:44 +0800] "GET /xingrg/check_reg.html?_=1661569901860 HTTP/1.1" 200 22
180.169.147.146 - - [27/Aug/2022:11:11:45 +0800] "GET /xingrg/check_reg.html?_=1661570297326 HTTP/1.1" 200 22
116.232.194.65 - - [27/Aug/2022:11:11:46 +0800] "GET /xingrg/all/function/internal_message.html?_=1661569868025&CODE_STATE=getMsg HTTP/1.1" 200 27
116.235.94.65 - - [27/Aug/2022:11:11:47 +0800] "GET /xingrg/kc/buy/cgsh_order_list.html HTTP/1.1" 200 52641
116.235.94.65 - - [27/Aug/2022:11:11:48 +0800] "POST /xingrg/kc/buy/cgsh_list_operate.html HTTP/1.1" 200 752
116.235.94.65 - - [27/Aug/2022:11:11:48 +0800] "GET /xingrg/kc/buy/cgsh_order_add.html HTTP/1.1" 200 68458
116.235.94.65 - - [27/Aug/2022:11:11:49 +0800] "POST /xingrg/kc/buy/cgsh_order_operate.html HTTP/1.1" 200 8245
116.235.94.65 - - [27/Aug/2022:11:11:49 +0800] "GET /xingrg/all/common/auto_word.html?type=employee&rest_code=00104 HTTP/1.1" 200 245
116.235.94.65 - - [27/Aug/2022:11:11:49 +0800] "GET /xingrg/javascript/easyui/themes/default/validatebox.css HTTP/1.1" 404 1104
