114.84.5.35 - - [27/Aug/2022:09:01:32 +0800] "POST /xingrg/all/common/load_tree.html?tree=area_rest_tree_json&manage=1 HTTP/1.1" 200 342
114.84.5.35 - - [27/Aug/2022:09:01:32 +0800] "GET /xingrg/all/function/internal_message.html?_=1661562084626&CODE_STATE=count HTTP/1.1" 200 11
114.84.5.35 - - [27/Aug/2022:09:01:32 +0800] "GET /xingrg/check_reg.html?_=1661562084631 HTTP/1.1" 200 22
114.84.5.35 - - [27/Aug/2022:09:01:32 +0800] "POST /xingrg/load_menu.html HTTP/1.1" 200 5138
116.224.255.128 - - [27/Aug/2022:09:01:33 +0800] "GET /xingrg/all/function/internal_message.html?_=1661562088722&CODE_STATE=getMsg HTTP/1.1" 200 27
114.84.5.35 - - [27/Aug/2022:09:01:34 +0800] "GET /xingrg/kc/buy/buy_main.html HTTP/1.1" 200 12412
114.84.5.35 - - [27/Aug/2022:09:01:34 +0800] "GET /xingrg/css/new_ie.css HTTP/1.1" 404 1036
114.84.5.35 - - [27/Aug/2022:09:01:34 +0800] "GET /xingrg/images/yd/bt.gif HTTP/1.1" 404 1040
114.84.5.35 - - [27/Aug/2022:09:01:35 +0800] "GET /xingrg/kc/buy/cgsh_order_list.html HTTP/1.1" 200 52635
120.253.135.82 - - [27/Aug/2022:09:01:35 +0800] "POST /xingrg/kc/pszx/mdps_list_operate.html HTTP/1.1" 200 200
120.253.135.82 - - [27/Aug/2022:09:01:36 +0800] "GET /xingrg/kc/pszx/mdps_order_info.html?code=312022082600601 HTTP/1.1" 200 24016
120.253.135.82 - - [27/Aug/2022:09:01:37 +0800] "GET /xingrg/javascript/easyui/themes/default/validatebox.css HTTP/1.1" 404 1104
120.253.135.82 - - [27/Aug/2022:09:01:37 +0800] "POST /xingrg/kc/pszx/mdps_order_operate.html HTTP/1.1" 200 2279
114.84.5.35 - - [27/Aug/2022:09:01:37 +0800] "POST /xingrg/kc/buy/cgsh_list_operate.html HTTP/1.1" 200 4701
124.78.154.80 - - [27/Aug/2022:09:01:39 +0800] "GET /xingrg/kc/buy/cgsh_order_operate.html?command=get_materiel&rest_code=00106&code=00101008224&supplier_code=00100007&order_time=2022-08-27 HTTP/1.1" 200 416
120.253.135.82 - - [27/Aug/2022:09:01:40 +0800] "POST /xingrg/kc/pszx/mdps_order_operate.html HTTP/1.1" 200 37
120.253.135.82 - - [27/Aug/2022:09:01:42 +0800] "POST /xingrg/kc/pszx/mdps_order_operate.html HTTP/1.1" 200 12
180.169.147.146 - - [27/Aug/2022:09:01:45 +0800] "GET /xingrg/check_reg.html?_=1661562497275 HTTP/1.1" 200 22
120.253.135.82 - - [27/Aug/2022:09:01:50 +0800] "GET /xingrg/kc/pszx/mdps_order_info.html?code=312022082600601 HTTP/1.1" 200 19676
120.253.135.82 - - [27/Aug/2022:09:01:51 +0800] "POST /xingrg/kc/pszx/mdps_order_operate.html HTTP/1.1" 200 501
120.253.135.82 - - [27/Aug/2022:09:01:51 +0800] "GET /xingrg/javascript/easyui/themes/default/validatebox.css HTTP/1.1" 404 1104
120.253.135.82 - - [27/Aug/2022:09:01:52 +0800] "POST /xingrg/kc/pszx/mdps_list_operate.html HTTP/1.1" 200 2408
116.232.194.65 - - [27/Aug/2022:09:01:53 +0800] "GET /xingrg/all/function/internal_message.html?_=1661562074390&CODE_STATE=getMsg HTTP/1.1" 200 27
124.78.154.80 - - [27/Aug/2022:09:01:54 +0800] "GET /xingrg/kc/buy/cgsh_order_operate.html?command=get_materiel&rest_code=00106&code=00101008370&supplier_code=00100007&order_time=2022-08-27 HTTP/1.1" 200 412
120.253.135.82 - - [27/Aug/2022:09:01:54 +0800] "POST /xingrg/kc/pszx/mdps_list_operate.html HTTP/1.1" 200 444
120.253.135.82 - - [27/Aug/2022:09:01:55 +0800] "GET /xingrg/kc/pszx/mdps_order_info.html?code=312022082600600 HTTP/1.1" 200 24016
120.253.135.82 - - [27/Aug/2022:09:01:56 +0800] "POST /xingrg/kc/pszx/mdps_order_operate.html HTTP/1.1" 200 3754
120.253.135.82 - - [27/Aug/2022:09:01:56 +0800] "GET /xingrg/javascript/easyui/themes/default/validatebox.css HTTP/1.1" 404 1104
124.78.154.80 - - [27/Aug/2022:09:01:56 +0800] "GET /xingrg/check_reg.html?_=1661562119585 HTTP/1.1" 200 22
124.78.154.80 - - [27/Aug/2022:09:01:56 +0800] "GET /xingrg/all/function/internal_message.html?_=1661562119588&CODE_STATE=getMsg HTTP/1.1" 200 27
61.165.19.104 - - [27/Aug/2022:09:01:57 +0800] "GET /xingrg/kc/buy/cgsh_order_operate.html?command=get_materiel&rest_code=00105&code=00101015001&supplier_code=00100203&order_time=2022-08-27 HTTP/1.1" 200 412
120.253.135.82 - - [27/Aug/2022:09:02:00 +0800] "POST /xingrg/kc/pszx/mdps_order_operate.html HTTP/1.1" 200 37
120.253.135.82 - - [27/Aug/2022:09:02:02 +0800] "POST /xingrg/kc/pszx/mdps_order_operate.html HTTP/1.1" 200 12
124.78.154.80 - - [27/Aug/2022:09:02:07 +0800] "GET /xingrg/kc/buy/cgsh_order_operate.html?command=get_materiel&rest_code=00106&code=00101008361&supplier_code=00100007&order_time=2022-08-27 HTTP/1.1" 200 408
61.165.19.104 - - [27/Aug/2022:09:02:10 +0800] "GET /xingrg/kc/buy/cgsh_order_operate.html?command=get_materiel&rest_code=00105&code=00101015022&supplier_code=00100203&order_time=2022-08-27 HTTP/1.1" 200 408
114.84.5.35 - - [27/Aug/2022:09:02:12 +0800] "POST /xingrg/kc/buy/cgsh_list_operate.html HTTP/1.1" 200 4
120.253.135.82 - - [27/Aug/2022:09:02:12 +0800] "GET /xingrg/kc/pszx/mdps_order_info.html?code=312022082600600 HTTP/1.1" 200 19676
120.253.135.82 - - [27/Aug/2022:09:02:13 +0800] "POST /xingrg/kc/pszx/mdps_order_operate.html HTTP/1.1" 200 1966
114.88.158.224 - - [27/Aug/2022:09:02:13 +0800] "GET /xingrg/all/function/internal_message.html?_=1661561797186&CODE_STATE=getMsg HTTP/1.1" 200 27
120.253.135.82 - - [27/Aug/2022:09:02:13 +0800] "GET /xingrg/javascript/easyui/themes/default/validatebox.css HTTP/1.1" 404 1104
101.80.228.36 - - [27/Aug/2022:09:02:14 +0800] "GET /xingrg/all/function/internal_message.html?_=1661562130832&CODE_STATE=getMsg HTTP/1.1" 200 27
120.253.135.82 - - [27/Aug/2022:09:02:14 +0800] "POST /xingrg/kc/pszx/mdps_list_operate.html HTTP/1.1" 200 2046
114.84.5.35 - - [27/Aug/2022:09:02:15 +0800] "POST /xingrg/kc/buy/cgsh_list_operate.html HTTP/1.1" 200 4665
218.81.223.53 - - [27/Aug/2022:09:02:16 +0800] "GET /xingrg/all/function/internal_message.html?_=1661562154550&CODE_STATE=getMsg HTTP/1.1" 200 27
120.253.135.82 - - [27/Aug/2022:09:02:16 +0800] "POST /xingrg/kc/pszx/mdps_list_operate.html HTTP/1.1" 200 532
120.253.135.82 - - [27/Aug/2022:09:02:17 +0800] "GET /xingrg/kc/pszx/mdps_order_info.html?code=312022082600599 HTTP/1.1" 200 24016
120.253.135.82 - - [27/Aug/2022:09:02:17 +0800] "POST /xingrg/kc/pszx/mdps_order_operate.html HTTP/1.1" 200 4298
120.253.135.82 - - [27/Aug/2022:09:02:17 +0800] "GET /xingrg/javascript/easyui/themes/default/validatebox.css HTTP/1.1" 404 1104
124.78.154.80 - - [27/Aug/2022:09:02:23 +0800] "GET /xingrg/kc/buy/cgsh_order_operate.html?command=get_materiel&rest_code=00106&code=00101008264&supplier_code=00100007&order_time=2022-08-27 HTTP/1.1" 200 412
120.253.135.82 - - [27/Aug/2022:09:02:23 +0800] "POST /xingrg/kc/pszx/mdps_order_operate.html HTTP/1.1" 200 37
120.253.135.82 - - [27/Aug/2022:09:02:25 +0800] "POST /xingrg/kc/pszx/mdps_order_operate.html HTTP/1.1" 200 12
124.78.154.80 - - [27/Aug/2022:09:02:25 +0800] "POST /xingrg/kc/buy/cgsh_order_operate.html HTTP/1.1" 200 2065
61.165.19.104 - - [27/Aug/2022:09:02:25 +0800] "GET /xingrg/all/function/internal_message.html?_=1661562142690&CODE_STATE=getMsg HTTP/1.1" 200 27
120.253.135.82 - - [27/Aug/2022:09:02:26 +0800] "GET /xingrg/kc/pszx/mdps_order_info.html?code=312022082600599 HTTP/1.1" 200 19676
120.253.135.82 - - [27/Aug/2022:09:02:27 +0800] "POST /xingrg/kc/pszx/mdps_order_operate.html HTTP/1.1" 200 2500
120.253.135.82 - - [27/Aug/2022:09:02:27 +0800] "GET /xingrg/javascript/easyui/themes/default/validatebox.css HTTP/1.1" 404 1104
116.224.123.211 - - [27/Aug/2022:09:02:27 +0800] "GET /xingrg/check_reg.html?_=1661562144314 HTTP/1.1" 200 22
116.224.123.211 - - [27/Aug/2022:09:02:27 +0800] "GET /xingrg/all/function/internal_message.html?_=1661562144315&CODE_STATE=getMsg HTTP/1.1" 200 27
61.165.19.104 - - [27/Aug/2022:09:02:29 +0800] "GET /xingrg/kc/buy/cgsh_order_operate.html?command=get_materiel&rest_code=00105&code=00102012060&supplier_code=00100203&order_time=2022-08-27 HTTP/1.1" 200 425
116.224.255.128 - - [27/Aug/2022:09:02:31 +0800] "GET /xingrg/all/function/internal_message.html?_=1661562071690&CODE_STATE=getMsg HTTP/1.1" 200 27
114.84.5.35 - - [27/Aug/2022:09:02:32 +0800] "GET /xingrg/all/function/internal_message.html?_=1661562144650&CODE_STATE=getMsg HTTP/1.1" 200 27
120.253.135.82 - - [27/Aug/2022:09:02:32 +0800] "POST /xingrg/kc/pszx/mdps_list_operate.html HTTP/1.1" 200 1683
116.224.255.128 - - [27/Aug/2022:09:02:33 +0800] "GET /xingrg/all/function/internal_message.html?_=1661562148698&CODE_STATE=getMsg HTTP/1.1" 200 27
114.88.158.224 - - [27/Aug/2022:09:02:33 +0800] "GET /xingrg/check_reg.html?_=1661561817421 HTTP/1.1" 200 22
124.78.154.80 - - [27/Aug/2022:09:02:37 +0800] "GET /xingrg/kc/buy/cgsh_order_operate.html?command=get_materiel&rest_code=00106&code=00101008296&supplier_code=00100007&order_time=2022-08-27 HTTP/1.1" 200 416
61.165.19.104 - - [27/Aug/2022:09:02:48 +0800] "GET /xingrg/kc/buy/cgsh_order_operate.html?command=get_materiel&rest_code=00105&code=00101009063&supplier_code=00100203&order_time=2022-08-27 HTTP/1.1" 200 410
114.84.5.35 - - [27/Aug/2022:09:02:49 +0800] "POST /xingrg/kc/buy/cgsh_list_operate.html HTTP/1.1" 200 4
124.78.154.80 - - [27/Aug/2022:09:02:50 +0800] "GET /xingrg/kc/buy/cgsh_order_operate.html?command=get_materiel&rest_code=00106&code=00101008353&supplier_code=00100007&order_time=2022-08-27 HTTP/1.1" 200 408
61.165.19.104 - - [27/Aug/2022:09:02:51 +0800] "POST /xingrg/kc/buy/cgsh_order_operate.html HTTP/1.1" 200 2065
116.232.194.65 - - [27/Aug/2022:09:02:53 +0800] "GET /xingrg/check_reg.html?_=1661562134405 HTTP/1.1" 200 22
116.232.194.65 - - [27/Aug/2022:09:02:53 +0800] "GET /xingrg/all/function/internal_message.html?_=1661562134410&CODE_STATE=getMsg HTTP/1.1" 200 27
61.165.19.104 - - [27/Aug/2022:09:02:53 +0800] "POST /xingrg/kc/buy/cgsh_order_operate.html HTTP/1.1" 200 2065
61.165.19.104 - - [27/Aug/2022:09:02:55 +0800] "POST /xingrg/kc/buy/cgsh_order_operate.html HTTP/1.1" 200 2065
124.78.154.80 - - [27/Aug/2022:09:02:56 +0800] "GET /xingrg/all/function/internal_message.html?_=1661562179595&CODE_STATE=getMsg HTTP/1.1" 200 27
120.253.135.82 - - [27/Aug/2022:09:03:00 +0800] "POST /xingrg/kc/pszx/mdps_list_operate.html HTTP/1.1" 200 645
120.253.135.82 - - [27/Aug/2022:09:03:01 +0800] "GET /xingrg/kc/pszx/mdps_order_info.html?code=312022082600602 HTTP/1.1" 200 24016
61.165.19.104 - - [27/Aug/2022:09:03:01 +0800] "GET /xingrg/kc/buy/cgsh_order_operate.html?command=get_materiel&rest_code=00105&code=00101015026&supplier_code=00100203&order_time=2022-08-27 HTTP/1.1" 200 412
120.253.135.82 - - [27/Aug/2022:09:03:01 +0800] "POST /xingrg/kc/pszx/mdps_order_operate.html HTTP/1.1" 200 6351
120.253.135.82 - - [27/Aug/2022:09:03:01 +0800] "GET /xingrg/javascript/easyui/themes/default/validatebox.css HTTP/1.1" 404 1104
124.78.154.80 - - [27/Aug/2022:09:03:05 +0800] "GET /xingrg/kc/buy/cgsh_order_operate.html?command=get_materiel&rest_code=00106&code=00101008213&supplier_code=00100007&order_time=2022-08-27 HTTP/1.1" 200 412
114.84.5.35 - - [27/Aug/2022:09:03:05 +0800] "POST /xingrg/kc/buy/cgsh_list_operate.html HTTP/1.1" 200 2523
120.253.135.82 - - [27/Aug/2022:09:03:05 +0800] "POST /xingrg/kc/pszx/mdps_order_operate.html HTTP/1.1" 200 37
120.253.135.82 - - [27/Aug/2022:09:03:07 +0800] "POST /xingrg/kc/pszx/mdps_order_operate.html HTTP/1.1" 200 12
61.165.19.104 - - [27/Aug/2022:09:03:10 +0800] "GET /xingrg/kc/buy/cgsh_order_operate.html?command=get_materiel&rest_code=00105&code=00101008323&supplier_code=00100203&order_time=2022-08-27 HTTP/1.1" 200 408
114.88.158.224 - - [27/Aug/2022:09:03:13 +0800] "GET /xingrg/all/function/internal_message.html?_=1661561857154&CODE_STATE=getMsg HTTP/1.1" 200 27
101.80.228.36 - - [27/Aug/2022:09:03:14 +0800] "GET /xingrg/all/function/internal_message.html?_=1661562190817&CODE_STATE=getMsg HTTP/1.1" 200 27
218.81.223.53 - - [27/Aug/2022:09:03:16 +0800] "GET /xingrg/all/function/internal_message.html?_=1661562214564&CODE_STATE=getMsg HTTP/1.1" 200 27
124.78.154.80 - - [27/Aug/2022:09:03:22 +0800] "GET /xingrg/kc/buy/cgsh_order_operate.html?command=get_materiel&rest_code=00106&code=00101008403&supplier_code=00100007&order_time=2022-08-27 HTTP/1.1" 200 412
114.84.5.35 - - [27/Aug/2022:09:03:25 +0800] "POST /xingrg/kc/buy/cgsh_list_operate.html HTTP/1.1" 200 4
61.165.19.104 - - [27/Aug/2022:09:03:25 +0800] "GET /xingrg/all/function/internal_message.html?_=1661562202731&CODE_STATE=getMsg HTTP/1.1" 200 27
116.224.123.211 - - [27/Aug/2022:09:03:27 +0800] "GET /xingrg/all/function/internal_message.html?_=1661562204315&CODE_STATE=getMsg HTTP/1.1" 200 27
61.165.19.104 - - [27/Aug/2022:09:03:28 +0800] "GET /xingrg/kc/buy/cgsh_order_operate.html?command=get_materiel&rest_code=00105&code=00101008223&supplier_code=00100203&order_time=2022-08-27 HTTP/1.1" 200 412
120.253.135.82 - - [27/Aug/2022:09:03:28 +0800] "GET /xingrg/kc/pszx/mdps_order_info.html?code=312022082600602 HTTP/1.1" 200 19676
120.253.135.82 - - [27/Aug/2022:09:03:29 +0800] "POST /xingrg/kc/pszx/mdps_order_operate.html HTTP/1.1" 200 4533
120.253.135.82 - - [27/Aug/2022:09:03:29 +0800] "GET /xingrg/javascript/easyui/themes/default/validatebox.css HTTP/1.1" 404 1104
116.224.255.128 - - [27/Aug/2022:09:03:31 +0800] "GET /xingrg/all/function/internal_message.html?_=1661562131704&CODE_STATE=getMsg HTTP/1.1" 200 27
116.224.255.128 - - [27/Aug/2022:09:03:33 +0800] "GET /xingrg/all/function/internal_message.html?_=1661562208699&CODE_STATE=getMsg HTTP/1.1" 200 27
124.78.154.80 - - [27/Aug/2022:09:03:33 +0800] "GET /xingrg/kc/buy/cgsh_order_operate.html?command=get_materiel&rest_code=00106&code=00101008283&supplier_code=00100007&order_time=2022-08-27 HTTP/1.1" 200 408
120.253.135.82 - - [27/Aug/2022:09:03:34 +0800] "POST /xingrg/kc/pszx/mdps_list_operate.html HTTP/1.1" 200 868
124.78.154.80 - - [27/Aug/2022:09:03:35 +0800] "POST /xingrg/kc/buy/cgsh_order_operate.html HTTP/1.1" 200 2065
114.84.5.35 - - [27/Aug/2022:09:03:36 +0800] "GET /xingrg/all/function/internal_message.html?_=1661562208832&CODE_STATE=getMsg HTTP/1.1" 200 27
114.84.5.35 - - [27/Aug/2022:09:03:37 +0800] "POST /xingrg/kc/buy/cgsh_list_operate.html HTTP/1.1" 200 752
120.253.135.82 - - [27/Aug/2022:09:03:39 +0800] "GET /xingrg/kc/pszx/mdqp_order_list.html?state=10 HTTP/1.1" 200 10217
61.165.19.104 - - [27/Aug/2022:09:03:39 +0800] "GET /xingrg/kc/buy/cgsh_order_operate.html?command=get_materiel&rest_code=00105&code=00101008286&supplier_code=00100203&order_time=2022-08-27 HTTP/1.1" 200 408
120.253.135.82 - - [27/Aug/2022:09:03:39 +0800] "GET /xingrg/dwr/interface/AjaxQqpsService.js HTTP/1.1" 200 16326
120.253.135.82 - - [27/Aug/2022:09:03:39 +0800] "GET /xingrg/dwr/engine.js HTTP/1.1" 200 43631
120.253.135.82 - - [27/Aug/2022:09:03:39 +0800] "GET /xingrg/dwr/interface/AjaxReportQueryService.js HTTP/1.1" 200 13203
114.84.5.35 - - [27/Aug/2022:09:03:40 +0800] "GET /xingrg/kc/base/wldb_order_list.html HTTP/1.1" 200 19180
114.84.5.35 - - [27/Aug/2022:09:03:40 +0800] "POST /xingrg/kc/base/wldb_list_operate.html HTTP/1.1" 200 4130
120.253.135.82 - - [27/Aug/2022:09:03:41 +0800] "GET /xingrg/kc/pszx/mdps_order_list.html?orderType=0 HTTP/1.1" 200 21045
120.253.135.82 - - [27/Aug/2022:09:03:42 +0800] "POST /xingrg/kc/pszx/mdps_list_operate.html HTTP/1.1" 200 5252
124.78.154.80 - - [27/Aug/2022:09:03:45 +0800] "GET /xingrg/kc/buy/cgsh_order_operate.html?command=get_materiel&rest_code=00106&code=00101008350&supplier_code=00100007&order_time=2022-08-27 HTTP/1.1" 200 408
116.232.194.65 - - [27/Aug/2022:09:03:53 +0800] "GET /xingrg/all/function/internal_message.html?_=1661562194390&CODE_STATE=getMsg HTTP/1.1" 200 27
61.165.19.104 - - [27/Aug/2022:09:03:55 +0800] "GET /xingrg/kc/buy/cgsh_order_operate.html?command=get_materiel&rest_code=00105&code=00101008105&supplier_code=00100203&order_time=2022-08-27 HTTP/1.1" 200 412
124.78.154.80 - - [27/Aug/2022:09:03:56 +0800] "GET /xingrg/all/function/internal_message.html?_=1661562239593&CODE_STATE=getMsg HTTP/1.1" 200 27
114.84.5.35 - - [27/Aug/2022:09:03:59 +0800] "POST /xingrg/kc/base/wldb_list_operate.html HTTP/1.1" 200 84
61.165.19.104 - - [27/Aug/2022:09:04:01 +0800] "GET /xingrg/kc/buy/cgsh_order_operate.html?command=get_materiel&rest_code=00105&code=00101008119&supplier_code=00100203&order_time=2022-08-27 HTTP/1.1" 200 412
124.78.154.80 - - [27/Aug/2022:09:04:03 +0800] "GET /xingrg/kc/buy/cgsh_order_operate.html?command=get_materiel&rest_code=00106&code=00101008036&supplier_code=00100007&order_time=2022-08-27 HTTP/1.1" 200 408
61.165.19.104 - - [27/Aug/2022:09:04:07 +0800] "GET /xingrg/kc/buy/cgsh_order_operate.html?command=get_materiel&rest_code=00105&code=00101015006&supplier_code=00100203&order_time=2022-08-27 HTTP/1.1" 200 413
114.88.158.224 - - [27/Aug/2022:09:04:13 +0800] "GET /xingrg/all/function/internal_message.html?_=1661561917133&CODE_STATE=getMsg HTTP/1.1" 200 27
101.80.228.36 - - [27/Aug/2022:09:04:13 +0800] "GET /xingrg/all/function/internal_message.html?_=1661562250787&CODE_STATE=getMsg HTTP/1.1" 200 27
61.165.19.104 - - [27/Aug/2022:09:04:16 +0800] "GET /xingrg/kc/buy/cgsh_order_operate.html?command=get_materiel&rest_code=00105&code=00101015066&supplier_code=00100203&order_time=2022-08-27 HTTP/1.1" 200 413
218.81.223.53 - - [27/Aug/2022:09:04:16 +0800] "GET /xingrg/all/function/internal_message.html?_=1661562275228&CODE_STATE=getMsg HTTP/1.1" 200 27
61.165.19.104 - - [27/Aug/2022:09:04:22 +0800] "GET /xingrg/kc/buy/cgsh_order_operate.html?command=get_materiel&rest_code=00105&code=00101015052&supplier_code=00100203&order_time=2022-08-27 HTTP/1.1" 200 413
114.84.5.35 - - [27/Aug/2022:09:04:23 +0800] "POST /xingrg/kc/base/wldb_list_operate.html HTTP/1.1" 200 383
114.84.5.35 - - [27/Aug/2022:09:04:25 +0800] "GET /xingrg/kc/base/wldb_order_info.html?code=422022082602247 HTTP/1.1" 200 30407
114.84.5.35 - - [27/Aug/2022:09:04:25 +0800] "GET /xingrg/words/20220826170836_words.js HTTP/1.1" 304 -
114.84.5.35 - - [27/Aug/2022:09:04:25 +0800] "GET /xingrg/all/common/auto_word.html?type=base&rest_code=00111 HTTP/1.1" 200 1753
114.84.5.35 - - [27/Aug/2022:09:04:25 +0800] "GET /xingrg/all/common/auto_word.html?type=base&rest_code=00111 HTTP/1.1" 200 1753
114.84.5.35 - - [27/Aug/2022:09:04:25 +0800] "GET /xingrg/javascript/easyui/themes/default/validatebox.css HTTP/1.1" 404 1104
61.165.19.104 - - [27/Aug/2022:09:04:25 +0800] "GET /xingrg/all/function/internal_message.html?_=1661562262704&CODE_STATE=getMsg HTTP/1.1" 200 27
114.84.5.35 - - [27/Aug/2022:09:04:26 +0800] "POST /xingrg/kc/base/wldb_order_operate.html HTTP/1.1" 200 3177
61.165.19.104 - - [27/Aug/2022:09:04:26 +0800] "POST /xingrg/kc/buy/cgsh_order_operate.html HTTP/1.1" 200 2065
116.224.123.211 - - [27/Aug/2022:09:04:27 +0800] "GET /xingrg/all/function/internal_message.html?_=1661562264315&CODE_STATE=getMsg HTTP/1.1" 200 27
61.165.19.104 - - [27/Aug/2022:09:04:28 +0800] "POST /xingrg/kc/buy/cgsh_order_operate.html HTTP/1.1" 200 2065
124.78.154.80 - - [27/Aug/2022:09:04:29 +0800] "GET /xingrg/kc/buy/cgsh_order_operate.html?command=get_materiel&rest_code=00106&code=00101008323&supplier_code=00100007&order_time=2022-08-27 HTTP/1.1" 200 408
116.224.255.128 - - [27/Aug/2022:09:04:31 +0800] "GET /xingrg/all/function/internal_message.html?_=1661562191717&CODE_STATE=getMsg HTTP/1.1" 200 27
116.224.255.128 - - [27/Aug/2022:09:04:33 +0800] "GET /xingrg/all/function/internal_message.html?_=1661562268693&CODE_STATE=getMsg HTTP/1.1" 200 27
61.165.19.104 - - [27/Aug/2022:09:04:34 +0800] "GET /xingrg/kc/buy/cgsh_order_operate.html?command=get_materiel&rest_code=00105&code=00101008109&supplier_code=00100203&order_time=2022-08-27 HTTP/1.1" 200 413
114.84.5.35 - - [27/Aug/2022:09:04:35 +0800] "POST /xingrg/kc/base/wldb_order_operate.html HTTP/1.1" 200 37
114.84.5.35 - - [27/Aug/2022:09:04:36 +0800] "POST /xingrg/kc/base/wldb_order_operate.html HTTP/1.1" 200 3177
114.84.5.35 - - [27/Aug/2022:09:04:36 +0800] "GET /xingrg/kc/base/wldb_order_info.html?code=422022082602247 HTTP/1.1" 200 30408
114.84.5.35 - - [27/Aug/2022:09:04:36 +0800] "GET /xingrg/all/function/internal_message.html?_=1661562269074&CODE_STATE=getMsg HTTP/1.1" 200 27
114.84.5.35 - - [27/Aug/2022:09:04:36 +0800] "GET /xingrg/javascript/easyui/themes/default/validatebox.css HTTP/1.1" 404 1104
114.84.5.35 - - [27/Aug/2022:09:04:37 +0800] "POST /xingrg/kc/base/wldb_order_operate.html HTTP/1.1" 200 3177
101.80.228.36 - - [27/Aug/2022:09:04:38 +0800] "GET /xingrg/check_reg.html?_=1661562274866 HTTP/1.1" 200 22
114.84.5.35 - - [27/Aug/2022:09:04:38 +0800] "GET /xingrg/kc/base/wldb_order_list.html HTTP/1.1" 200 19180
114.84.5.35 - - [27/Aug/2022:09:04:39 +0800] "POST /xingrg/kc/base/wldb_list_operate.html HTTP/1.1" 200 1771
61.165.19.104 - - [27/Aug/2022:09:04:42 +0800] "GET /xingrg/kc/buy/cgsh_order_operate.html?command=get_materiel&rest_code=00105&code=00101008114&supplier_code=00100203&order_time=2022-08-27 HTTP/1.1" 200 412
120.253.135.82 - - [27/Aug/2022:09:04:42 +0800] "GET /xingrg/kc/pszx/mdqp_order_list.html?state=10 HTTP/1.1" 200 10217
120.253.135.82 - - [27/Aug/2022:09:04:42 +0800] "GET /xingrg/dwr/interface/AjaxQqpsService.js HTTP/1.1" 200 16326
120.253.135.82 - - [27/Aug/2022:09:04:42 +0800] "GET /xingrg/dwr/interface/AjaxReportQueryService.js HTTP/1.1" 200 13203
120.253.135.82 - - [27/Aug/2022:09:04:42 +0800] "GET /xingrg/dwr/engine.js HTTP/1.1" 200 43631
114.84.5.35 - - [27/Aug/2022:09:04:43 +0800] "POST /xingrg/kc/base/wldb_list_operate.html HTTP/1.1" 200 383
114.84.5.35 - - [27/Aug/2022:09:04:45 +0800] "GET /xingrg/kc/base/wldb_order_info.html?code=422022082602247 HTTP/1.1" 200 30408
114.84.5.35 - - [27/Aug/2022:09:04:46 +0800] "GET /xingrg/javascript/easyui/themes/default/validatebox.css HTTP/1.1" 404 1104
114.84.5.35 - - [27/Aug/2022:09:04:46 +0800] "POST /xingrg/kc/base/wldb_order_operate.html HTTP/1.1" 200 3177
61.165.19.104 - - [27/Aug/2022:09:04:49 +0800] "GET /xingrg/kc/buy/cgsh_order_operate.html?command=get_materiel&rest_code=00105&code=00101008168&supplier_code=00100203&order_time=2022-08-27 HTTP/1.1" 200 413
116.232.194.65 - - [27/Aug/2022:09:04:53 +0800] "GET /xingrg/all/function/internal_message.html?_=1661562254398&CODE_STATE=getMsg HTTP/1.1" 200 27
114.84.5.35 - - [27/Aug/2022:09:04:54 +0800] "POST /xingrg/kc/base/wldb_list_operate.html HTTP/1.1" 200 4
114.84.5.35 - - [27/Aug/2022:09:04:55 +0800] "POST /xingrg/kc/base/wldb_list_operate.html HTTP/1.1" 200 928
124.78.154.80 - - [27/Aug/2022:09:04:56 +0800] "GET /xingrg/all/function/internal_message.html?_=1661562299632&CODE_STATE=getMsg HTTP/1.1" 200 27
61.165.19.104 - - [27/Aug/2022:09:04:59 +0800] "GET /xingrg/kc/buy/cgsh_order_operate.html?command=get_materiel&rest_code=00105&code=00101008331&supplier_code=00100203&order_time=2022-08-27 HTTP/1.1" 200 416
124.78.154.80 - - [27/Aug/2022:09:05:03 +0800] "GET /xingrg/kc/buy/cgsh_order_operate.html?command=get_materiel&rest_code=00106&code=00101008175&supplier_code=00100007&order_time=2022-08-27 HTTP/1.1" 200 412
58.35.213.73 - - [27/Aug/2022:09:05:09 +0800] "POST /xingrg/services/DataTransmitService HTTP/1.1" 200 524
61.165.19.104 - - [27/Aug/2022:09:05:10 +0800] "GET /xingrg/kc/buy/cgsh_order_operate.html?command=get_materiel&rest_code=00105&code=00101008072&supplier_code=00100203&order_time=2022-08-27 HTTP/1.1" 200 408
114.88.158.224 - - [27/Aug/2022:09:05:13 +0800] "GET /xingrg/all/function/internal_message.html?_=1661561977102&CODE_STATE=getMsg HTTP/1.1" 200 27
101.80.228.36 - - [27/Aug/2022:09:05:13 +0800] "GET /xingrg/all/function/internal_message.html?_=1661562310757&CODE_STATE=getMsg HTTP/1.1" 200 27
218.81.223.53 - - [27/Aug/2022:09:05:16 +0800] "GET /xingrg/all/function/internal_message.html?_=1661562335232&CODE_STATE=getMsg HTTP/1.1" 200 27
124.78.154.80 - - [27/Aug/2022:09:05:19 +0800] "POST /xingrg/kc/buy/cgsh_order_operate.html HTTP/1.1" 200 2065
61.165.19.104 - - [27/Aug/2022:09:05:20 +0800] "GET /xingrg/kc/buy/cgsh_order_operate.html?command=get_materiel&rest_code=00105&code=00101008246&supplier_code=00100203&order_time=2022-08-27 HTTP/1.1" 200 408
61.165.19.104 - - [27/Aug/2022:09:05:26 +0800] "GET /xingrg/all/function/internal_message.html?_=1661562322797&CODE_STATE=getMsg HTTP/1.1" 200 27
116.224.123.211 - - [27/Aug/2022:09:05:27 +0800] "GET /xingrg/all/function/internal_message.html?_=1661562324310&CODE_STATE=getMsg HTTP/1.1" 200 27
61.165.19.104 - - [27/Aug/2022:09:05:29 +0800] "GET /xingrg/index.html?sysBaseUrl=http%3A%2F%2F180.169.147.146%3A18081%2Fxingrg%2F&costTime=32×tamp=1585224308505 HTTP/1.1" 302 -
61.165.19.104 - - [27/Aug/2022:09:05:30 +0800] "GET /xingrg/kc/buy/cgsh_order_operate.html?command=get_materiel&rest_code=00105&code=00101008141&supplier_code=00100203&order_time=2022-08-27 HTTP/1.1" 200 412
61.165.19.104 - - [27/Aug/2022:09:05:30 +0800] "GET /xingrg/login.html HTTP/1.1" 200 7641
61.165.19.104 - - [27/Aug/2022:09:05:30 +0800] "GET /xingrg/images/blue/jxLogo.png HTTP/1.1" 304 -
61.165.19.104 - - [27/Aug/2022:09:05:31 +0800] "GET /xingrg/images/blue/login_bg.png HTTP/1.1" 304 -
61.165.19.104 - - [27/Aug/2022:09:05:31 +0800] "GET /xingrg/images/blue/hj.png HTTP/1.1" 304 -
61.165.19.104 - - [27/Aug/2022:09:05:31 +0800] "GET /xingrg/images/blue/srbg.png HTTP/1.1" 304 -
61.165.19.104 - - [27/Aug/2022:09:05:31 +0800] "GET /favicon.ico HTTP/1.1" 404 -
116.224.255.128 - - [27/Aug/2022:09:05:31 +0800] "GET /xingrg/all/function/internal_message.html?_=1661562251731&CODE_STATE=getMsg HTTP/1.1" 200 27
116.224.255.128 - - [27/Aug/2022:09:05:33 +0800] "GET /xingrg/all/function/internal_message.html?_=1661562328693&CODE_STATE=getMsg HTTP/1.1" 200 27
116.224.255.128 - - [27/Aug/2022:09:05:33 +0800] "GET /xingrg/check_reg.html?_=1661562328729 HTTP/1.1" 200 22
124.78.154.80 - - [27/Aug/2022:09:05:41 +0800] "GET /xingrg/kc/buy/cgsh_order_operate.html?command=get_materiel&rest_code=00106&code=00101008223&supplier_code=00100007&order_time=2022-08-27 HTTP/1.1" 200 412
61.165.19.104 - - [27/Aug/2022:09:05:41 +0800] "POST /xingrg/login.do HTTP/1.1" 302 -
61.165.19.104 - - [27/Aug/2022:09:05:41 +0800] "GET /xingrg/index.html?sysBaseUrl=http%3A%2F%2F180.169.147.146%3A18081%2Fxingrg%2F&costTime=39×tamp=1661562341821 HTTP/1.1" 200 17173
61.165.19.104 - - [27/Aug/2022:09:05:42 +0800] "GET /xingrg/kc/buy/cgsh_order_operate.html?command=get_materiel&rest_code=00105&code=00101008144&supplier_code=00100203&order_time=2022-08-27 HTTP/1.1" 200 412
61.165.19.104 - - [27/Aug/2022:09:05:42 +0800] "GET /xingrg/javascript/jquery_easy_ui/themes/default/easyui.css HTTP/1.1" 304 -
61.165.19.104 - - [27/Aug/2022:09:05:42 +0800] "GET /xingrg/javascript/jquery_easy_ui/themes/icon.css HTTP/1.1" 304 -
61.165.19.104 - - [27/Aug/2022:09:05:42 +0800] "GET /xingrg/css/form.css HTTP/1.1" 304 -
61.165.19.104 - - [27/Aug/2022:09:05:42 +0800] "GET /xingrg/javascript/jquery-1.4.2.min.js HTTP/1.1" 304 -
61.165.19.104 - - [27/Aug/2022:09:05:42 +0800] "GET /xingrg/javascript/jquery_easy_ui/jquery.easyui.min.js HTTP/1.1" 304 -
61.165.19.104 - - [27/Aug/2022:09:05:42 +0800] "GET /xingrg/javascript/jquery.timers.js HTTP/1.1" 304 -
61.165.19.104 - - [27/Aug/2022:09:05:42 +0800] "GET /xingrg/javascript/jquery_easy_ui/easyui-lang-zh_CN.js HTTP/1.1" 304 -
61.165.19.104 - - [27/Aug/2022:09:05:42 +0800] "GET /xingrg/javascript/jquery.form.js HTTP/1.1" 304 -
61.165.19.104 - - [27/Aug/2022:09:05:42 +0800] "GET /xingrg/javascript/jquery.utils.js HTTP/1.1" 304 -
61.165.19.104 - - [27/Aug/2022:09:05:42 +0800] "GET /favicon.ico HTTP/1.1" 404 -
61.165.19.104 - - [27/Aug/2022:09:05:42 +0800] "GET /xingrg/javascript/jquery_easy_ui/themes/icons/settle_new.png HTTP/1.1" 304 -
61.165.19.104 - - [27/Aug/2022:09:05:42 +0800] "GET /xingrg/images/blue/navBackgound.jpg HTTP/1.1" 304 -
61.165.19.104 - - [27/Aug/2022:09:05:42 +0800] "POST /xingrg/all/common/load_tree.html?tree=area_rest_tree_json&manage=1 HTTP/1.1" 200 342
61.165.19.104 - - [27/Aug/2022:09:05:43 +0800] "GET /xingrg/check_reg.html?_=1661562207515 HTTP/1.1" 200 22
61.165.19.104 - - [27/Aug/2022:09:05:43 +0800] "GET /xingrg/all/function/internal_message.html?_=1661562207514&CODE_STATE=count HTTP/1.1" 200 11
61.165.19.104 - - [27/Aug/2022:09:05:43 +0800] "GET /xingrg/images/blue/pingpu.png HTTP/1.1" 304 -
61.165.19.104 - - [27/Aug/2022:09:05:43 +0800] "POST /xingrg/load_menu.html HTTP/1.1" 200 5138
61.165.19.104 - - [27/Aug/2022:09:05:43 +0800] "GET /xingrg/javascript/jquery_easy_ui/themes/default/images/tabs_leftarrow.png HTTP/1.1" 304 -
61.165.19.104 - - [27/Aug/2022:09:05:43 +0800] "GET /xingrg/javascript/jquery_easy_ui/themes/default/images/tabs_rightarrow.png HTTP/1.1" 304 -
61.165.19.104 - - [27/Aug/2022:09:05:43 +0800] "GET /xingrg/javascript/jquery_easy_ui/themes/default/images/panel_tool_collapse.gif HTTP/1.1" 304 -
61.165.19.104 - - [27/Aug/2022:09:05:43 +0800] "GET /xingrg/javascript/jquery_easy_ui/themes/default/images/tree_arrows.gif HTTP/1.1" 304 -
61.165.19.104 - - [27/Aug/2022:09:05:43 +0800] "GET /xingrg/javascript/jquery_easy_ui/themes/default/images/tree_folder_open.gif HTTP/1.1" 304 -
61.165.19.104 - - [27/Aug/2022:09:05:43 +0800] "GET /xingrg/javascript/jquery_easy_ui/themes/icons/search_new.png HTTP/1.1" 304 -
61.165.19.104 - - [27/Aug/2022:09:05:43 +0800] "GET /xingrg/javascript/jquery_easy_ui/themes/default/images/tree_folder.gif HTTP/1.1" 304 -
61.165.19.104 - - [27/Aug/2022:09:05:43 +0800] "GET /xingrg/javascript/jquery_easy_ui/themes/icons/storage_new.png HTTP/1.1" 304 -
61.165.19.104 - - [27/Aug/2022:09:05:43 +0800] "GET /xingrg/javascript/jquery_easy_ui/themes/icons/forms_new.png HTTP/1.1" 304 -
61.165.19.104 - - [27/Aug/2022:09:05:43 +0800] "GET /xingrg/javascript/jquery_easy_ui/themes/default/images/tree_file.gif HTTP/1.1" 304 -
61.165.19.104 - - [27/Aug/2022:09:05:45 +0800] "GET /xingrg/kc/base/base_main.html HTTP/1.1" 200 12142
61.165.19.104 - - [27/Aug/2022:09:05:45 +0800] "GET /xingrg/javascript/jquery_easy_ui/themes/default/images/tabs_close.gif HTTP/1.1" 304 -
61.165.19.104 - - [27/Aug/2022:09:05:45 +0800] "GET /xingrg/css/blue.css HTTP/1.1" 304 -
61.165.19.104 - - [27/Aug/2022:09:05:45 +0800] "GET /xingrg/javascript/pic_change.js HTTP/1.1" 304 -
61.165.19.104 - - [27/Aug/2022:09:05:45 +0800] "GET /xingrg/javascript/myfunction.js HTTP/1.1" 304 -
61.165.19.104 - - [27/Aug/2022:09:05:45 +0800] "GET /xingrg/images/blue/button/wlsy.gif HTTP/1.1" 304 -
61.165.19.104 - - [27/Aug/2022:09:05:45 +0800] "GET /xingrg/images/blue/button/ckpd.gif HTTP/1.1" 304 -
61.165.19.104 - - [27/Aug/2022:09:05:45 +0800] "GET /xingrg/images/blue/button/kc.gif HTTP/1.1" 304 -
61.165.19.104 - - [27/Aug/2022:09:05:45 +0800] "GET /xingrg/images/blue/button/ckdb.gif HTTP/1.1" 304 -
61.165.19.104 - - [27/Aug/2022:09:05:45 +0800] "GET /xingrg/images/blue/button/yddb.gif HTTP/1.1" 304 -
61.165.19.104 - - [27/Aug/2022:09:05:45 +0800] "GET /xingrg/images/blue/pic_form2.gif HTTP/1.1" 304 -
61.165.19.104 - - [27/Aug/2022:09:05:45 +0800] "GET /xingrg/images/blue/bg_dotted.jpg HTTP/1.1" 304 -
61.165.19.104 - - [27/Aug/2022:09:05:45 +0800] "GET /xingrg/images/blue/button/top_left.jpg HTTP/1.1" 304 -
61.165.19.104 - - [27/Aug/2022:09:05:45 +0800] "GET /xingrg/images/blue/button/top_right.jpg HTTP/1.1" 304 -
61.165.19.104 - - [27/Aug/2022:09:05:45 +0800] "GET /xingrg/images/blue/button/down.jpg HTTP/1.1" 304 -
61.165.19.104 - - [27/Aug/2022:09:05:45 +0800] "GET /xingrg/images/blue/button/right_ah.jpg HTTP/1.1" 304 -
61.165.19.104 - - [27/Aug/2022:09:05:45 +0800] "GET /xingrg/images/blue/button/left_ah.jpg HTTP/1.1" 304 -
61.165.19.104 - - [27/Aug/2022:09:05:45 +0800] "GET /xingrg/images/blue/button/bottom_left.jpg HTTP/1.1" 304 -
61.165.19.104 - - [27/Aug/2022:09:05:45 +0800] "GET /xingrg/images/blue/button/bottom_right.jpg HTTP/1.1" 304 -
61.165.19.104 - - [27/Aug/2022:09:05:47 +0800] "GET /xingrg/kc/base/wldb_order_list.html HTTP/1.1" 200 19180
61.165.19.104 - - [27/Aug/2022:09:05:47 +0800] "GET /xingrg/css/base.css HTTP/1.1" 304 -
61.165.19.104 - - [27/Aug/2022:09:05:47 +0800] "GET /xingrg/css/site.css HTTP/1.1" 304 -
61.165.19.104 - - [27/Aug/2022:09:05:47 +0800] "GET /xingrg/javascript/jquery_tools/datebox.css HTTP/1.1" 304 -
61.165.19.104 - - [27/Aug/2022:09:05:47 +0800] "GET /xingrg/javascript/easyui/themes/default/easyui.css HTTP/1.1" 304 -
61.165.19.104 - - [27/Aug/2022:09:05:47 +0800] "GET /xingrg/javascript/easyui/themes/icon.css HTTP/1.1" 304 -
61.165.19.104 - - [27/Aug/2022:09:05:47 +0800] "GET /xingrg/javascript/auto/jquery.autocomplete.css HTTP/1.1" 304 -
61.165.19.104 - - [27/Aug/2022:09:05:47 +0800] "GET /xingrg/javascript/jquery_tools/fix.css HTTP/1.1" 304 -
61.165.19.104 - - [27/Aug/2022:09:05:47 +0800] "GET /xingrg/javascript/jquery_tools/table.css HTTP/1.1" 304 -
61.165.19.104 - - [27/Aug/2022:09:05:47 +0800] "GET /xingrg/javascript/jquery_tools/jquery.tools.min.js HTTP/1.1" 304 -
61.165.19.104 - - [27/Aug/2022:09:05:47 +0800] "GET /xingrg/javascript/jquery_tools/jquery.tools.extend.js HTTP/1.1" 304 -
61.165.19.104 - - [27/Aug/2022:09:05:47 +0800] "GET /xingrg/javascript/jquery_tools/jquery.tools.table.js HTTP/1.1" 304 -
61.165.19.104 - - [27/Aug/2022:09:05:47 +0800] "GET /xingrg/javascript/jquery_tools/jquery.tools.hotkey.js HTTP/1.1" 304 -
61.165.19.104 - - [27/Aug/2022:09:05:47 +0800] "GET /xingrg/javascript/jquery_tools/list_manager.js HTTP/1.1" 304 -
61.165.19.104 - - [27/Aug/2022:09:05:47 +0800] "GET /xingrg/javascript/auto/jquery.autocomplete.js HTTP/1.1" 304 -
61.165.19.104 - - [27/Aug/2022:09:05:47 +0800] "GET /xingrg/javascript/easyui/easyloader.js HTTP/1.1" 304 -
61.165.19.104 - - [27/Aug/2022:09:05:47 +0800] "GET /xingrg/javascript/jquery.cookie.js HTTP/1.1" 304 -
61.165.19.104 - - [27/Aug/2022:09:05:47 +0800] "GET /xingrg/javascript/print/LodopFuncs.js HTTP/1.1" 304 -
61.165.19.104 - - [27/Aug/2022:09:05:47 +0800] "GET /xingrg/javascript/easyui/plugins/jquery.parser.js HTTP/1.1" 304 -
61.165.19.104 - - [27/Aug/2022:09:05:47 +0800] "GET /xingrg/images/control/ajaxLoader.gif HTTP/1.1" 304 -
61.165.19.104 - - [27/Aug/2022:09:05:47 +0800] "GET /xingrg/javascript/easyui/themes/icons/edit_add_new.png HTTP/1.1" 304 -
61.165.19.104 - - [27/Aug/2022:09:05:47 +0800] "GET /xingrg/javascript/easyui/themes/icons/field_new.png HTTP/1.1" 304 -
61.165.19.104 - - [27/Aug/2022:09:05:47 +0800] "GET /xingrg/javascript/easyui/themes/icons/import_new.png HTTP/1.1" 304 -
61.165.19.104 - - [27/Aug/2022:09:05:47 +0800] "GET /xingrg/javascript/easyui/themes/icons/check_new.png HTTP/1.1" 304 -
61.165.19.104 - - [27/Aug/2022:09:05:47 +0800] "GET /xingrg/javascript/easyui/themes/icons/cance_new.png HTTP/1.1" 304 -
61.165.19.104 - - [27/Aug/2022:09:05:48 +0800] "POST /xingrg/kc/base/wldb_list_operate.html HTTP/1.1" 200 928
61.165.19.104 - - [27/Aug/2022:09:05:51 +0800] "GET /xingrg/javascript/easyui/themes/default/images/button_plain_hover.png HTTP/1.1" 304 -
61.165.19.104 - - [27/Aug/2022:09:05:51 +0800] "GET /xingrg/kc/base/wldb_order_add.html HTTP/1.1" 200 30394
61.165.19.104 - - [27/Aug/2022:09:05:51 +0800] "GET /xingrg/javascript/jquery_tools/order_manager.js HTTP/1.1" 304 -
61.165.19.104 - - [27/Aug/2022:09:05:51 +0800] "GET /xingrg/javascript/convert.js HTTP/1.1" 304 -
61.165.19.104 - - [27/Aug/2022:09:05:51 +0800] "GET /xingrg/javascript/json2.js HTTP/1.1" 304 -
61.165.19.104 - - [27/Aug/2022:09:05:51 +0800] "GET /xingrg/javascript/print/kc_print.js HTTP/1.1" 304 -
61.165.19.104 - - [27/Aug/2022:09:05:52 +0800] "GET /xingrg/words/20220826170836_words.js HTTP/1.1" 200 917106
61.165.19.104 - - [27/Aug/2022:09:05:52 +0800] "GET /xingrg/javascript/easyui/themes/icons/ok.png HTTP/1.1" 304 -
61.165.19.104 - - [27/Aug/2022:09:05:52 +0800] "GET /xingrg/javascript/easyui/themes/icons/template_new.png HTTP/1.1" 304 -
61.165.19.104 - - [27/Aug/2022:09:05:52 +0800] "GET /xingrg/javascript/easyui/themes/icons/print.png HTTP/1.1" 304 -
61.165.19.104 - - [27/Aug/2022:09:05:52 +0800] "GET /xingrg/javascript/easyui/themes/default/images/menu_downarrow.png HTTP/1.1" 304 -
61.165.19.104 - - [27/Aug/2022:09:05:52 +0800] "GET /xingrg/javascript/easyui/themes/icons/cancel.png HTTP/1.1" 304 -
61.165.19.104 - - [27/Aug/2022:09:05:52 +0800] "POST /xingrg/kc/base/wldb_order_operate.html HTTP/1.1" 200 6806
61.165.19.104 - - [27/Aug/2022:09:05:53 +0800] "GET /xingrg/all/common/auto_word.html?type=base&rest_code=00105 HTTP/1.1" 200 1907
61.165.19.104 - - [27/Aug/2022:09:05:53 +0800] "GET /xingrg/all/common/auto_word.html?type=base&rest_code=00105 HTTP/1.1" 200 1907
116.232.194.65 - - [27/Aug/2022:09:05:53 +0800] "GET /xingrg/all/function/internal_message.html?_=1661562314398&CODE_STATE=getMsg HTTP/1.1" 200 27
61.165.19.104 - - [27/Aug/2022:09:05:53 +0800] "GET /xingrg/javascript/easyui/themes/default/validatebox.css HTTP/1.1" 404 1104
61.165.19.104 - - [27/Aug/2022:09:05:53 +0800] "GET /xingrg/javascript/easyui/plugins/jquery.validatebox.js HTTP/1.1" 304 -
61.165.19.104 - - [27/Aug/2022:09:05:53 +0800] "GET /xingrg/javascript/easyui/themes/icons/edit_remove.png HTTP/1.1" 304 -
61.165.19.104 - - [27/Aug/2022:09:05:53 +0800] "GET /xingrg/javascript/easyui/plugins/jquery.numberbox.js HTTP/1.1" 304 -
61.165.19.104 - - [27/Aug/2022:09:05:53 +0800] "GET /xingrg/kc/buy/cgsh_order_operate.html?command=get_materiel&rest_code=00105&code=00101008137&supplier_code=00100203&order_time=2022-08-27 HTTP/1.1" 200 408
61.165.19.104 - - [27/Aug/2022:09:05:56 +0800] "GET /xingrg/javascript/auto/indicator.gif HTTP/1.1" 404 1066
124.78.154.80 - - [27/Aug/2022:09:05:56 +0800] "GET /xingrg/all/function/internal_message.html?_=1661562359610&CODE_STATE=getMsg HTTP/1.1" 200 27
124.78.154.80 - - [27/Aug/2022:09:06:04 +0800] "GET /xingrg/kc/buy/cgsh_order_operate.html?command=get_materiel&rest_code=00106&code=00101008439&supplier_code=00100007&order_time=2022-08-27 HTTP/1.1" 200 412
61.165.19.104 - - [27/Aug/2022:09:06:05 +0800] "GET /xingrg/kc/buy/cgsh_order_operate.html?command=get_materiel&rest_code=00105&code=00101008098&supplier_code=00100203&order_time=2022-08-27 HTTP/1.1" 200 412
61.165.19.104 - - [27/Aug/2022:09:06:12 +0800] "GET /xingrg/kc/base/wldb_order_operate.html?command=get_materiel&rest_code=00105&base_code=0010507&code=00101011005 HTTP/1.1" 200 430
114.88.158.224 - - [27/Aug/2022:09:06:13 +0800] "GET /xingrg/all/function/internal_message.html?_=1661562037072&CODE_STATE=getMsg HTTP/1.1" 200 27
101.80.228.36 - - [27/Aug/2022:09:06:13 +0800] "GET /xingrg/all/function/internal_message.html?_=1661562370742&CODE_STATE=getMsg HTTP/1.1" 200 27
61.165.19.104 - - [27/Aug/2022:09:06:15 +0800] "GET /xingrg/kc/buy/cgsh_order_operate.html?command=get_materiel&rest_code=00105&code=00101010136&supplier_code=00100203&order_time=2022-08-27 HTTP/1.1" 200 408
218.81.223.53 - - [27/Aug/2022:09:06:15 +0800] "GET /xingrg/check_reg.html?_=1661562393847 HTTP/1.1" 200 22
218.81.223.53 - - [27/Aug/2022:09:06:16 +0800] "GET /xingrg/all/function/internal_message.html?_=1661562395245&CODE_STATE=getMsg HTTP/1.1" 200 27
124.78.154.80 - - [27/Aug/2022:09:06:17 +0800] "GET /xingrg/kc/buy/cgsh_order_operate.html?command=get_materiel&rest_code=00106&code=00101008286&supplier_code=00100007&order_time=2022-08-27 HTTP/1.1" 200 408
180.169.147.146 - - [27/Aug/2022:09:06:18 +0800] "GET /xingrg/check_reg.html?_=1661562378434 HTTP/1.1" 200 22
120.253.135.82 - - [27/Aug/2022:09:06:25 +0800] "GET /xingrg/check_reg.html?_=1661562184852 HTTP/1.1" 200 22
61.165.19.104 - - [27/Aug/2022:09:06:25 +0800] "GET /xingrg/check_reg.html?_=1661562382701 HTTP/1.1" 200 22
61.165.19.104 - - [27/Aug/2022:09:06:25 +0800] "GET /xingrg/all/function/internal_message.html?_=1661562382776&CODE_STATE=getMsg HTTP/1.1" 200 27
61.165.19.104 - - [27/Aug/2022:09:06:26 +0800] "POST /xingrg/kc/base/wldb_order_operate.html HTTP/1.1" 200 37
61.165.19.104 - - [27/Aug/2022:09:06:26 +0800] "POST /xingrg/kc/buy/cgsh_order_operate.html HTTP/1.1" 200 37
61.165.19.104 - - [27/Aug/2022:09:06:26 +0800] "POST /xingrg/kc/base/wldb_order_operate.html HTTP/1.1" 200 2181
116.224.123.211 - - [27/Aug/2022:09:06:27 +0800] "GET /xingrg/all/function/internal_message.html?_=1661562384299&CODE_STATE=getMsg HTTP/1.1" 200 27
61.165.19.104 - - [27/Aug/2022:09:06:27 +0800] "GET /xingrg/kc/base/wldb_order_info.html?code=422022082702264 HTTP/1.1" 200 30411
61.165.19.104 - - [27/Aug/2022:09:06:28 +0800] "GET /xingrg/javascript/easyui/themes/default/validatebox.css HTTP/1.1" 404 1104
61.165.19.104 - - [27/Aug/2022:09:06:28 +0800] "POST /xingrg/kc/base/wldb_order_operate.html HTTP/1.1" 200 2181
124.78.154.80 - - [27/Aug/2022:09:06:29 +0800] "POST /xingrg/kc/buy/cgsh_order_operate.html HTTP/1.1" 200 2065
116.224.255.128 - - [27/Aug/2022:09:06:31 +0800] "GET /xingrg/check_reg.html?_=1661562311292 HTTP/1.1" 200 22
116.224.255.128 - - [27/Aug/2022:09:06:31 +0800] "GET /xingrg/all/function/internal_message.html?_=1661562311745&CODE_STATE=getMsg HTTP/1.1" 200 27
116.224.255.128 - - [27/Aug/2022:09:06:33 +0800] "GET /xingrg/all/function/internal_message.html?_=1661562388694&CODE_STATE=getMsg HTTP/1.1" 200 27
124.78.154.80 - - [27/Aug/2022:09:06:38 +0800] "GET /xingrg/kc/buy/cgsh_order_operate.html?command=get_materiel&rest_code=00106&code=00101008152&supplier_code=00100007&order_time=2022-08-27 HTTP/1.1" 200 408
61.165.19.104 - - [27/Aug/2022:09:06:43 +0800] "GET /xingrg/all/function/internal_message.html?_=1661562267527&CODE_STATE=getMsg HTTP/1.1" 200 27
180.169.147.146 - - [27/Aug/2022:09:06:45 +0800] "GET /xingrg/check_reg.html?_=1661562797257 HTTP/1.1" 200 22
116.232.194.65 - - [27/Aug/2022:09:06:53 +0800] "GET /xingrg/all/function/internal_message.html?_=1661562374401&CODE_STATE=getMsg HTTP/1.1" 200 27
124.78.154.80 - - [27/Aug/2022:09:06:53 +0800] "GET /xingrg/kc/buy/cgsh_order_operate.html?command=get_materiel&rest_code=00106&code=00101008095&supplier_code=00100007&order_time=2022-08-27 HTTP/1.1" 200 412
124.78.154.80 - - [27/Aug/2022:09:06:56 +0800] "GET /xingrg/all/function/internal_message.html?_=1661562419627&CODE_STATE=getMsg HTTP/1.1" 200 27
124.78.154.80 - - [27/Aug/2022:09:06:56 +0800] "GET /xingrg/check_reg.html?_=1661562419631 HTTP/1.1" 200 22
124.78.154.80 - - [27/Aug/2022:09:07:05 +0800] "GET /xingrg/kc/buy/cgsh_order_operate.html?command=get_materiel&rest_code=00106&code=00101008110&supplier_code=00100007&order_time=2022-08-27 HTTP/1.1" 200 408
61.165.19.104 - - [27/Aug/2022:09:07:08 +0800] "POST /xingrg/kc/buy/cgsh_order_operate.html HTTP/1.1" 200 54697
114.88.158.224 - - [27/Aug/2022:09:07:13 +0800] "GET /xingrg/all/function/internal_message.html?_=1661562097041&CODE_STATE=getMsg HTTP/1.1" 200 27
101.80.228.36 - - [27/Aug/2022:09:07:13 +0800] "GET /xingrg/all/function/internal_message.html?_=1661562430712&CODE_STATE=getMsg HTTP/1.1" 200 27
218.81.223.53 - - [27/Aug/2022:09:07:16 +0800] "GET /xingrg/all/function/internal_message.html?_=1661562455257&CODE_STATE=getMsg HTTP/1.1" 200 27
124.78.154.80 - - [27/Aug/2022:09:07:21 +0800] "GET /xingrg/kc/buy/cgsh_order_operate.html?command=get_materiel&rest_code=00106&code=00101008168&supplier_code=00100007&order_time=2022-08-27 HTTP/1.1" 200 413
61.165.19.104 - - [27/Aug/2022:09:07:25 +0800] "GET /xingrg/all/function/internal_message.html?_=1661562442749&CODE_STATE=getMsg HTTP/1.1" 200 27
116.224.123.211 - - [27/Aug/2022:09:07:27 +0800] "GET /xingrg/all/function/internal_message.html?_=1661562444308&CODE_STATE=getMsg HTTP/1.1" 200 27
116.224.123.211 - - [27/Aug/2022:09:07:27 +0800] "GET /xingrg/check_reg.html?_=1661562444309 HTTP/1.1" 200 22
116.224.255.128 - - [27/Aug/2022:09:07:31 +0800] "GET /xingrg/all/function/internal_message.html?_=1661562371847&CODE_STATE=getMsg HTTP/1.1" 200 27
116.224.255.128 - - [27/Aug/2022:09:07:33 +0800] "POST /xingrg/kc/buy/cgsh_order_operate.html HTTP/1.1" 200 37
116.224.255.128 - - [27/Aug/2022:09:07:33 +0800] "GET /xingrg/all/function/internal_message.html?_=1661562448690&CODE_STATE=getMsg HTTP/1.1" 200 27
114.88.158.224 - - [27/Aug/2022:09:07:33 +0800] "GET /xingrg/check_reg.html?_=1661562117415 HTTP/1.1" 200 22
116.224.255.128 - - [27/Aug/2022:09:07:34 +0800] "POST /xingrg/kc/buy/cgsh_order_operate.html HTTP/1.1" 200 34671
124.78.154.80 - - [27/Aug/2022:09:07:39 +0800] "GET /xingrg/kc/buy/cgsh_order_operate.html?command=get_materiel&rest_code=00106&code=00101008041&supplier_code=00100007&order_time=2022-08-27 HTTP/1.1" 200 408
61.165.19.104 - - [27/Aug/2022:09:07:43 +0800] "GET /xingrg/all/function/internal_message.html?_=1661562327527&CODE_STATE=getMsg HTTP/1.1" 200 27
116.232.194.65 - - [27/Aug/2022:09:07:53 +0800] "GET /xingrg/all/function/internal_message.html?_=1661562434403&CODE_STATE=getMsg HTTP/1.1" 200 27
116.232.194.65 - - [27/Aug/2022:09:07:53 +0800] "GET /xingrg/check_reg.html?_=1661562434406 HTTP/1.1" 200 22
61.165.19.104 - - [27/Aug/2022:09:07:55 +0800] "POST /xingrg/kc/buy/cgsh_order_operate.html HTTP/1.1" 200 37
124.78.154.80 - - [27/Aug/2022:09:07:56 +0800] "GET /xingrg/all/function/internal_message.html?_=1661562479608&CODE_STATE=getMsg HTTP/1.1" 200 27
61.165.19.104 - - [27/Aug/2022:09:07:56 +0800] "POST /xingrg/kc/buy/cgsh_order_operate.html HTTP/1.1" 200 54697
61.165.19.104 - - [27/Aug/2022:09:07:57 +0800] "GET /xingrg/kc/buy/cgsh_order_add.html HTTP/1.1" 200 68499
61.165.19.104 - - [27/Aug/2022:09:07:58 +0800] "POST /xingrg/kc/buy/cgsh_order_operate.html HTTP/1.1" 200 8245
61.165.19.104 - - [27/Aug/2022:09:07:58 +0800] "GET /xingrg/javascript/easyui/themes/default/validatebox.css HTTP/1.1" 404 1104
61.165.19.104 - - [27/Aug/2022:09:08:07 +0800] "GET /xingrg/kc/buy/cgsh_order_operate.html?command=get_materiel&rest_code=00105&code=00101002027&supplier_code=00100397&order_time=2022-08-27 HTTP/1.1" 200 434
114.88.158.224 - - [27/Aug/2022:09:08:13 +0800] "GET /xingrg/all/function/internal_message.html?_=1661562157024&CODE_STATE=getMsg HTTP/1.1" 200 27
124.78.154.80 - - [27/Aug/2022:09:08:13 +0800] "POST /xingrg/kc/buy/cgsh_order_operate.html HTTP/1.1" 200 37
101.80.228.36 - - [27/Aug/2022:09:08:13 +0800] "GET /xingrg/all/function/internal_message.html?_=1661562490682&CODE_STATE=getMsg HTTP/1.1" 200 27
218.81.223.53 - - [27/Aug/2022:09:08:16 +0800] "GET /xingrg/all/function/internal_message.html?_=1661562515271&CODE_STATE=getMsg HTTP/1.1" 200 27
124.78.154.80 - - [27/Aug/2022:09:08:19 +0800] "POST /xingrg/kc/buy/cgsh_order_operate.html HTTP/1.1" 200 33976
114.83.218.32 - - [27/Aug/2022:09:08:22 +0800] "POST /xingrg/services/DataTransmitService HTTP/1.1" 200 524
61.165.19.104 - - [27/Aug/2022:09:08:25 +0800] "GET /xingrg/all/function/internal_message.html?_=1661562502733&CODE_STATE=getMsg HTTP/1.1" 200 27
61.165.19.104 - - [27/Aug/2022:09:08:27 +0800] "GET /xingrg/kc/buy/cgsh_order_operate.html?command=get_materiel&rest_code=00105&code=00101005037&supplier_code=00100397&order_time=2022-08-27 HTTP/1.1" 200 409
116.224.123.211 - - [27/Aug/2022:09:08:27 +0800] "GET /xingrg/all/function/internal_message.html?_=1661562504320&CODE_STATE=getMsg HTTP/1.1" 200 27
116.224.255.128 - - [27/Aug/2022:09:08:31 +0800] "GET /xingrg/all/function/internal_message.html?_=1661562431850&CODE_STATE=getMsg HTTP/1.1" 200 27
116.224.255.128 - - [27/Aug/2022:09:08:33 +0800] "GET /xingrg/all/function/internal_message.html?_=1661562508691&CODE_STATE=getMsg HTTP/1.1" 200 27
61.165.19.104 - - [27/Aug/2022:09:08:34 +0800] "GET /xingrg/kc/buy/cgsh_order_operate.html?command=get_materiel&rest_code=00105&code=00101003025&supplier_code=00100397&order_time=2022-08-27 HTTP/1.1" 200 409
61.165.19.104 - - [27/Aug/2022:09:08:43 +0800] "GET /xingrg/all/function/internal_message.html?_=1661562387525&CODE_STATE=getMsg HTTP/1.1" 200 27
116.232.194.65 - - [27/Aug/2022:09:08:53 +0800] "GET /xingrg/all/function/internal_message.html?_=1661562494405&CODE_STATE=getMsg HTTP/1.1" 200 27
124.78.154.80 - - [27/Aug/2022:09:08:56 +0800] "GET /xingrg/all/function/internal_message.html?_=1661562539605&CODE_STATE=getMsg HTTP/1.1" 200 27
114.88.158.224 - - [27/Aug/2022:09:09:13 +0800] "GET /xingrg/all/function/internal_message.html?_=1661562217030&CODE_STATE=getMsg HTTP/1.1" 200 27
116.224.255.128 - - [27/Aug/2022:09:09:13 +0800] "POST /xingrg/all/user/operate.html HTTP/1.1" 200 36
101.80.228.36 - - [27/Aug/2022:09:09:13 +0800] "GET /xingrg/all/function/internal_message.html?_=1661562550667&CODE_STATE=getMsg HTTP/1.1" 200 27
116.224.255.128 - - [27/Aug/2022:09:09:14 +0800] "GET /xingrg/index.html?sysBaseUrl=http%3A%2F%2F180.169.147.146%3A18081%2Fxingrg%2F&costTime=40×tamp=1661560590441 HTTP/1.1" 200 17177
116.224.255.128 - - [27/Aug/2022:09:09:14 +0800] "GET /xingrg/javascript/jquery_easy_ui/themes/default/easyui.css HTTP/1.1" 304 -
116.224.255.128 - - [27/Aug/2022:09:09:14 +0800] "GET /xingrg/javascript/jquery_easy_ui/themes/icon.css HTTP/1.1" 304 -
116.224.255.128 - - [27/Aug/2022:09:09:14 +0800] "GET /xingrg/css/form.css HTTP/1.1" 304 -
116.224.255.128 - - [27/Aug/2022:09:09:14 +0800] "GET /xingrg/javascript/jquery-1.4.2.min.js HTTP/1.1" 304 -
116.224.255.128 - - [27/Aug/2022:09:09:14 +0800] "GET /xingrg/javascript/jquery_easy_ui/jquery.easyui.min.js HTTP/1.1" 304 -
116.224.255.128 - - [27/Aug/2022:09:09:14 +0800] "GET /xingrg/javascript/jquery_easy_ui/easyui-lang-zh_CN.js HTTP/1.1" 304 -
116.224.255.128 - - [27/Aug/2022:09:09:14 +0800] "GET /xingrg/javascript/jquery.form.js HTTP/1.1" 304 -
116.224.255.128 - - [27/Aug/2022:09:09:14 +0800] "GET /xingrg/javascript/jquery.utils.js HTTP/1.1" 304 -
116.224.255.128 - - [27/Aug/2022:09:09:14 +0800] "GET /xingrg/javascript/jquery.timers.js HTTP/1.1" 304 -
116.224.255.128 - - [27/Aug/2022:09:09:14 +0800] "GET /xingrg/images/blue/jxLogo.png HTTP/1.1" 304 -
116.224.255.128 - - [27/Aug/2022:09:09:14 +0800] "GET /xingrg/images/blue/navBackgound.jpg HTTP/1.1" 304 -
116.224.255.128 - - [27/Aug/2022:09:09:14 +0800] "GET /xingrg/javascript/jquery_easy_ui/themes/icons/settle_new.png HTTP/1.1" 304 -
116.224.255.128 - - [27/Aug/2022:09:09:14 +0800] "POST /xingrg/all/common/load_tree.html?tree=area_rest_tree_json&manage=1 HTTP/1.1" 200 476
116.224.255.128 - - [27/Aug/2022:09:09:14 +0800] "GET /xingrg/images/blue/pingpu.png HTTP/1.1" 304 -
116.224.255.128 - - [27/Aug/2022:09:09:14 +0800] "GET /xingrg/javascript/jquery_easy_ui/themes/default/images/tabs_leftarrow.png HTTP/1.1" 304 -
116.224.255.128 - - [27/Aug/2022:09:09:14 +0800] "GET /xingrg/javascript/jquery_easy_ui/themes/default/images/panel_tool_collapse.gif HTTP/1.1" 304 -
