114.84.5.35 - - [27/Aug/2022:09:30:21 +0800] "POST /xingrg/kc/buy/cgsh_order_operate.html HTTP/1.1" 200 8245
114.84.5.35 - - [27/Aug/2022:09:30:21 +0800] "GET /xingrg/javascript/easyui/themes/default/validatebox.css HTTP/1.1" 404 1104
116.233.73.81 - - [27/Aug/2022:09:30:23 +0800] "GET /xingrg/index.html?sysBaseUrl=http%3A%2F%2F180.169.147.146%3A18081%2Fxingrg%2F&costTime=48×tamp=1661563815069 HTTP/1.1" 200 17503
116.233.73.81 - - [27/Aug/2022:09:30:24 +0800] "POST /xingrg/all/common/load_tree.html?tree=area_rest_tree_json&manage=1 HTTP/1.1" 200 2091
116.233.73.81 - - [27/Aug/2022:09:30:24 +0800] "GET /xingrg/all/function/internal_message.html?_=1661563820904&CODE_STATE=count HTTP/1.1" 200 11
116.233.73.81 - - [27/Aug/2022:09:30:24 +0800] "GET /xingrg/check_reg.html?_=1661563820905 HTTP/1.1" 200 22
116.233.73.81 - - [27/Aug/2022:09:30:24 +0800] "POST /xingrg/load_menu.html HTTP/1.1" 200 11564
116.233.73.81 - - [27/Aug/2022:09:30:25 +0800] "GET /xingrg/kc/info/info_main.html HTTP/1.1" 200 6010
116.233.73.81 - - [27/Aug/2022:09:30:25 +0800] "GET /xingrg/images/blue/ckxx.gif HTTP/1.1" 200 2041
116.233.73.81 - - [27/Aug/2022:09:30:25 +0800] "GET /xingrg/images/blue/clxx.gif HTTP/1.1" 200 1916
116.233.73.81 - - [27/Aug/2022:09:30:25 +0800] "GET /xingrg/images/blue/cldwgl.gif HTTP/1.1" 200 2487
116.233.73.81 - - [27/Aug/2022:09:30:25 +0800] "GET /xingrg/images/blue/gysxxgl.gif HTTP/1.1" 200 1945
116.233.73.81 - - [27/Aug/2022:09:30:25 +0800] "GET /xingrg/images/blue/gyslbgl.gif HTTP/1.1" 200 1480
116.233.73.81 - - [27/Aug/2022:09:30:25 +0800] "GET /xingrg/images/blue/gyscljg.gif HTTP/1.1" 200 2081
61.165.19.104 - - [27/Aug/2022:09:30:25 +0800] "GET /xingrg/all/function/internal_message.html?_=1661563822725&CODE_STATE=getMsg HTTP/1.1" 200 27
116.233.73.81 - - [27/Aug/2022:09:30:27 +0800] "GET /xingrg/system/info/unit_group_list.html HTTP/1.1" 200 8548
116.233.73.81 - - [27/Aug/2022:09:30:27 +0800] "GET /xingrg/dwr/interface/AjaxBaseInfoService.js HTTP/1.1" 200 21363
116.233.73.81 - - [27/Aug/2022:09:30:27 +0800] "GET /xingrg/dwr/engine.js HTTP/1.1" 200 43631
116.233.73.81 - - [27/Aug/2022:09:30:27 +0800] "GET /xingrg/dwr/util.js HTTP/1.1" 200 35990
116.233.73.81 - - [27/Aug/2022:09:30:27 +0800] "GET /xingrg/javascript/jquery_easy_ui/themes/icons/edit_add_new.png HTTP/1.1" 200 2997
116.233.73.81 - - [27/Aug/2022:09:30:27 +0800] "GET /xingrg/javascript/jquery_easy_ui/themes/icons/cance_new.png HTTP/1.1" 200 3986
116.233.73.81 - - [27/Aug/2022:09:30:27 +0800] "GET /xingrg/javascript/jquery_easy_ui/themes/icons/back_new.png HTTP/1.1" 200 3414
116.233.73.81 - - [27/Aug/2022:09:30:28 +0800] "GET /xingrg/kc/info/info_main.html HTTP/1.1" 200 6010
61.165.19.104 - - [27/Aug/2022:09:30:29 +0800] "GET /favicon.ico HTTP/1.1" 404 -
116.233.73.81 - - [27/Aug/2022:09:30:29 +0800] "GET /xingrg/system/info/materiel_manager.html HTTP/1.1" 200 19497
116.233.73.81 - - [27/Aug/2022:09:30:29 +0800] "GET /xingrg/css/xtree.css HTTP/1.1" 200 880
116.233.73.81 - - [27/Aug/2022:09:30:29 +0800] "GET /xingrg/javascript/jquery_ui/themes/base/base.css HTTP/1.1" 200 28568
116.233.73.81 - - [27/Aug/2022:09:30:29 +0800] "GET /xingrg/javascript/Grid.js HTTP/1.1" 200 58908
116.233.73.81 - - [27/Aug/2022:09:30:29 +0800] "GET /xingrg/dwr/interface/AjaxBaseInfoService.js HTTP/1.1" 200 21363
116.233.73.81 - - [27/Aug/2022:09:30:29 +0800] "GET /xingrg/dwr/interface/AjaxComOrderService.js HTTP/1.1" 200 18264
116.233.73.81 - - [27/Aug/2022:09:30:29 +0800] "GET /xingrg/javascript/Calendar.js HTTP/1.1" 200 31561
116.233.73.81 - - [27/Aug/2022:09:30:29 +0800] "GET /xingrg/dwr/engine.js HTTP/1.1" 200 43631
116.233.73.81 - - [27/Aug/2022:09:30:29 +0800] "GET /xingrg/javascript/xtree.js HTTP/1.1" 200 26582
116.233.73.81 - - [27/Aug/2022:09:30:29 +0800] "GET /xingrg/images/xtree/openfoldericon.png HTTP/1.1" 200 232
116.233.73.81 - - [27/Aug/2022:09:30:29 +0800] "GET /xingrg/javascript/jquery_easy_ui/themes/icons/import_new.png HTTP/1.1" 200 1247
116.233.73.81 - - [27/Aug/2022:09:30:29 +0800] "GET /xingrg/javascript/jquery_easy_ui/themes/icons/print_new.png HTTP/1.1" 200 3580
116.233.73.81 - - [27/Aug/2022:09:30:29 +0800] "GET /xingrg/images/blue/wait.gif HTTP/1.1" 200 1100
116.233.73.81 - - [27/Aug/2022:09:30:29 +0800] "POST /xingrg/dwr/call/plaincall/AjaxBaseInfoService.getSubMaterielSorts.dwr HTTP/1.1" 200 219
116.233.73.81 - - [27/Aug/2022:09:30:29 +0800] "GET /xingrg/images/xtree/foldericon.png HTTP/1.1" 200 229
116.233.73.81 - - [27/Aug/2022:09:30:29 +0800] "GET /xingrg/images/xtree/Lplus.png HTTP/1.1" 200 224
116.233.73.81 - - [27/Aug/2022:09:30:29 +0800] "GET /xingrg/images/xtree/Tplus.png HTTP/1.1" 200 222
116.233.73.81 - - [27/Aug/2022:09:30:29 +0800] "GET /xingrg/images/xtree/Lplus.png HTTP/1.1" 200 224
116.233.73.81 - - [27/Aug/2022:09:30:30 +0800] "POST /xingrg/dwr/call/plaincall/AjaxBaseInfoService.getMateriels.dwr HTTP/1.1" 200 2930
116.233.73.81 - - [27/Aug/2022:09:30:31 +0800] "POST /xingrg/dwr/call/plaincall/AjaxBaseInfoService.getSubMaterielSorts.dwr HTTP/1.1" 200 4044
116.233.73.81 - - [27/Aug/2022:09:30:31 +0800] "GET /xingrg/images/xtree/I.png HTTP/1.1" 200 148
116.233.73.81 - - [27/Aug/2022:09:30:31 +0800] "GET /xingrg/images/xtree/L.png HTTP/1.1" 200 153
116.233.73.81 - - [27/Aug/2022:09:30:31 +0800] "GET /xingrg/images/xtree/file.png HTTP/1.1" 200 251
116.233.73.81 - - [27/Aug/2022:09:30:31 +0800] "GET /xingrg/images/xtree/T.png HTTP/1.1" 200 152
116.233.73.81 - - [27/Aug/2022:09:30:31 +0800] "GET /xingrg/images/xtree/L.png HTTP/1.1" 200 153
116.233.73.81 - - [27/Aug/2022:09:30:31 +0800] "GET /xingrg/images/xtree/L.png HTTP/1.1" 200 153
116.233.73.81 - - [27/Aug/2022:09:30:31 +0800] "GET /xingrg/images/xtree/Tminus.png HTTP/1.1" 200 207
116.233.73.81 - - [27/Aug/2022:09:30:31 +0800] "POST /xingrg/dwr/call/plaincall/AjaxBaseInfoService.getMateriels.dwr HTTP/1.1" 200 2928
116.233.73.81 - - [27/Aug/2022:09:30:33 +0800] "POST /xingrg/dwr/call/plaincall/AjaxBaseInfoService.getMateriels.dwr HTTP/1.1" 200 2917
114.84.5.35 - - [27/Aug/2022:09:30:33 +0800] "GET /xingrg/kc/buy/cgsh_order_operate.html?command=get_materiel&rest_code=00111&code=00101001060&supplier_code=00100042&order_time=2022-08-27 HTTP/1.1" 200 419
222.69.129.110 - - [27/Aug/2022:09:30:34 +0800] "GET /xingrg/kc/buy/cgsh_order_list.html HTTP/1.1" 200 52641
116.233.73.81 - - [27/Aug/2022:09:30:35 +0800] "GET /xingrg/javascript/jquery_easy_ui/themes/default/images/button_plain_hover.png HTTP/1.1" 200 252
116.233.73.81 - - [27/Aug/2022:09:30:36 +0800] "GET /xingrg/system/info/materiel_info.html?code=00101001&isAdd=1 HTTP/1.1" 200 36462
116.233.73.81 - - [27/Aug/2022:09:30:36 +0800] "GET /xingrg/dwr/interface/AjaxGetFirstChart.js HTTP/1.1" 200 631
116.233.73.81 - - [27/Aug/2022:09:30:36 +0800] "GET /xingrg/javascript/checkform.js HTTP/1.1" 200 18351
222.69.129.110 - - [27/Aug/2022:09:30:36 +0800] "POST /xingrg/kc/buy/cgsh_list_operate.html HTTP/1.1" 200 2156
116.233.73.81 - - [27/Aug/2022:09:30:36 +0800] "GET /xingrg/dwr/engine.js HTTP/1.1" 200 43631
116.233.73.81 - - [27/Aug/2022:09:30:36 +0800] "POST /xingrg/all/common/load_tree.html?tree=area_rest_tree_json HTTP/1.1" 200 3472
116.233.73.81 - - [27/Aug/2022:09:30:36 +0800] "POST /xingrg/dwr/call/plaincall/AjaxBaseInfoService.getMaterielInfo.dwr HTTP/1.1" 200 204
116.233.73.81 - - [27/Aug/2022:09:30:36 +0800] "GET /xingrg/javascript/jquery_easy_ui/themes/default/images/tree_checkbox_0.gif HTTP/1.1" 200 168
116.233.73.81 - - [27/Aug/2022:09:30:36 +0800] "POST /xingrg/all/common/load_tree.html?tree=area_rest_tree_json&defaultRests=undefined HTTP/1.1" 200 3472
114.84.5.35 - - [27/Aug/2022:09:30:41 +0800] "GET /xingrg/all/function/internal_message.html?_=1661563833459&CODE_STATE=getMsg HTTP/1.1" 200 27
114.84.5.35 - - [27/Aug/2022:09:30:41 +0800] "GET /xingrg/check_reg.html?_=1661563833453 HTTP/1.1" 200 22
116.233.73.81 - - [27/Aug/2022:09:30:42 +0800] "POST /xingrg/services/DataTransmitService HTTP/1.1" 200 524
61.165.19.104 - - [27/Aug/2022:09:30:43 +0800] "GET /xingrg/all/function/internal_message.html?_=1661563707558&CODE_STATE=getMsg HTTP/1.1" 200 27
61.165.19.104 - - [27/Aug/2022:09:30:43 +0800] "GET /xingrg/check_reg.html?_=1661563707562 HTTP/1.1" 200 22
222.69.129.110 - - [27/Aug/2022:09:30:43 +0800] "POST /xingrg/kc/buy/cgsh_list_operate.html HTTP/1.1" 200 574
222.69.129.110 - - [27/Aug/2022:09:30:44 +0800] "GET /xingrg/kc/buy/cgsh_order_info.html?code=212022082608951 HTTP/1.1" 200 67620
222.69.129.110 - - [27/Aug/2022:09:30:44 +0800] "GET /xingrg/words/20220826170836_words.js HTTP/1.1" 304 -
222.69.129.110 - - [27/Aug/2022:09:30:44 +0800] "GET /xingrg/all/common/auto_word.html?type=employee&rest_code=00154 HTTP/1.1" 200 101
222.69.129.110 - - [27/Aug/2022:09:30:44 +0800] "GET /xingrg/all/common/auto_word.html?type=employee&rest_code=00154 HTTP/1.1" 200 101
222.69.129.110 - - [27/Aug/2022:09:30:44 +0800] "GET /xingrg/javascript/easyui/themes/default/validatebox.css HTTP/1.1" 404 1104
114.84.5.35 - - [27/Aug/2022:09:30:45 +0800] "GET /xingrg/kc/buy/cgsh_order_operate.html?command=get_materiel&rest_code=00111&code=00101005036&supplier_code=00100042&order_time=2022-08-27 HTTP/1.1" 200 409
222.69.129.110 - - [27/Aug/2022:09:30:45 +0800] "POST /xingrg/kc/buy/cgsh_order_operate.html HTTP/1.1" 200 9195
116.233.73.81 - - [27/Aug/2022:09:30:46 +0800] "POST /xingrg/dwr/call/plaincall/AjaxGetFirstChart.getFirstChart.dwr HTTP/1.1" 200 79
116.233.73.81 - - [27/Aug/2022:09:30:52 +0800] "POST /xingrg/dwr/call/plaincall/AjaxBaseInfoService.changeUnitGroup.dwr HTTP/1.1" 200 243
116.232.194.65 - - [27/Aug/2022:09:30:53 +0800] "GET /xingrg/all/function/internal_message.html?_=1661563814404&CODE_STATE=getMsg HTTP/1.1" 200 27
116.233.73.81 - - [27/Aug/2022:09:30:54 +0800] "POST /xingrg/dwr/call/plaincall/AjaxBaseInfoService.saveMateriel.dwr HTTP/1.1" 200 109
116.233.73.81 - - [27/Aug/2022:09:30:54 +0800] "POST /xingrg/dwr/call/plaincall/AjaxBaseInfoService.getMateriels.dwr HTTP/1.1" 200 2917
114.84.5.35 - - [27/Aug/2022:09:30:54 +0800] "GET /xingrg/kc/buy/cgsh_order_operate.html?command=get_materiel&rest_code=00111&code=00101003025&supplier_code=00100042&order_time=2022-08-27 HTTP/1.1" 200 409
124.78.154.80 - - [27/Aug/2022:09:30:56 +0800] "GET /xingrg/all/function/internal_message.html?_=1661563859681&CODE_STATE=getMsg HTTP/1.1" 200 27
116.224.123.211 - - [27/Aug/2022:09:30:57 +0800] "GET /xingrg/all/function/internal_message.html?_=1661563854539&CODE_STATE=getMsg HTTP/1.1" 200 27
116.233.73.81 - - [27/Aug/2022:09:30:59 +0800] "POST /xingrg/dwr/call/plaincall/AjaxBaseInfoService.getMateriels.dwr HTTP/1.1" 200 2991
116.233.73.81 - - [27/Aug/2022:09:31:01 +0800] "GET /xingrg/system/info/materiel_info.html?code=00101002&isAdd=1 HTTP/1.1" 200 36462
116.233.73.81 - - [27/Aug/2022:09:31:01 +0800] "GET /xingrg/dwr/engine.js HTTP/1.1" 200 43631
116.233.73.81 - - [27/Aug/2022:09:31:01 +0800] "POST /xingrg/all/common/load_tree.html?tree=area_rest_tree_json HTTP/1.1" 200 3472
116.233.73.81 - - [27/Aug/2022:09:31:01 +0800] "POST /xingrg/dwr/call/plaincall/AjaxBaseInfoService.getMaterielInfo.dwr HTTP/1.1" 200 204
116.233.73.81 - - [27/Aug/2022:09:31:01 +0800] "POST /xingrg/all/common/load_tree.html?tree=area_rest_tree_json&defaultRests=undefined HTTP/1.1" 200 3472
114.84.5.35 - - [27/Aug/2022:09:31:03 +0800] "GET /xingrg/kc/buy/cgsh_order_operate.html?command=get_materiel&rest_code=00111&code=00101006067&supplier_code=00100042&order_time=2022-08-27 HTTP/1.1" 200 409
222.69.129.110 - - [27/Aug/2022:09:31:08 +0800] "GET /xingrg/javascript/auto/indicator.gif HTTP/1.1" 404 1066
114.88.158.224 - - [27/Aug/2022:09:31:12 +0800] "GET /xingrg/all/function/internal_message.html?_=1661563536573&CODE_STATE=getMsg HTTP/1.1" 200 27
114.84.5.35 - - [27/Aug/2022:09:31:12 +0800] "POST /xingrg/kc/buy/cgsh_order_operate.html HTTP/1.1" 200 37
116.233.73.81 - - [27/Aug/2022:09:31:13 +0800] "POST /xingrg/dwr/call/plaincall/AjaxGetFirstChart.getFirstChart.dwr HTTP/1.1" 200 79
101.80.228.36 - - [27/Aug/2022:09:31:13 +0800] "GET /xingrg/all/function/internal_message.html?_=1661563870211&CODE_STATE=getMsg HTTP/1.1" 200 27
222.69.129.110 - - [27/Aug/2022:09:31:13 +0800] "GET /xingrg/all/function/internal_message.html?_=1661563943182&CODE_STATE=getMsg HTTP/1.1" 200 27
222.69.129.110 - - [27/Aug/2022:09:31:14 +0800] "GET /xingrg/kc/buy/cgsh_order_operate.html?command=get_materiel&rest_code=00154&code=00101008270&supplier_code=00100466&order_time=2022-08-26 HTTP/1.1" 200 413
116.224.255.128 - - [27/Aug/2022:09:31:15 +0800] "GET /xingrg/all/function/internal_message.html?_=1661563795361&CODE_STATE=getMsg HTTP/1.1" 200 27
114.84.5.35 - - [27/Aug/2022:09:31:16 +0800] "POST /xingrg/kc/buy/cgsh_order_operate.html HTTP/1.1" 200 4427
114.84.5.35 - - [27/Aug/2022:09:31:17 +0800] "GET /xingrg/kc/print/load_data.html?order_code=212022082709329&kc_code=cgsh&condition= HTTP/1.1" 200 1382
180.169.147.146 - - [27/Aug/2022:09:31:18 +0800] "GET /xingrg/check_reg.html?_=1661563878341 HTTP/1.1" 200 22
218.81.223.53 - - [27/Aug/2022:09:31:18 +0800] "GET /xingrg/check_reg.html?_=1661563896957 HTTP/1.1" 200 22
218.81.223.53 - - [27/Aug/2022:09:31:20 +0800] "GET /xingrg/all/function/internal_message.html?_=1661563898547&CODE_STATE=getMsg HTTP/1.1" 200 27
116.224.255.128 - - [27/Aug/2022:09:31:20 +0800] "GET /xingrg/all/function/internal_message.html?_=1661563875792&CODE_STATE=getMsg HTTP/1.1" 200 27
116.233.73.81 - - [27/Aug/2022:09:31:24 +0800] "GET /xingrg/all/function/internal_message.html?_=1661563880920&CODE_STATE=getMsg HTTP/1.1" 200 27
116.233.73.81 - - [27/Aug/2022:09:31:24 +0800] "POST /xingrg/dwr/call/plaincall/AjaxBaseInfoService.changeUnitGroup.dwr HTTP/1.1" 200 243
120.253.135.82 - - [27/Aug/2022:09:31:25 +0800] "GET /xingrg/check_reg.html?_=1661563685048 HTTP/1.1" 200 22
114.84.5.35 - - [27/Aug/2022:09:31:25 +0800] "GET /xingrg/kc/buy/cgsh_order_add.html HTTP/1.1" 200 68373
114.84.5.35 - - [27/Aug/2022:09:31:25 +0800] "GET /xingrg/words/20220827093054_words.js HTTP/1.1" 200 917160
61.165.19.104 - - [27/Aug/2022:09:31:25 +0800] "GET /xingrg/check_reg.html?_=1661563882724 HTTP/1.1" 200 22
61.165.19.104 - - [27/Aug/2022:09:31:25 +0800] "GET /xingrg/all/function/internal_message.html?_=1661563882727&CODE_STATE=getMsg HTTP/1.1" 200 27
116.233.73.81 - - [27/Aug/2022:09:31:26 +0800] "POST /xingrg/dwr/call/plaincall/AjaxBaseInfoService.saveMateriel.dwr HTTP/1.1" 200 108
114.84.5.35 - - [27/Aug/2022:09:31:26 +0800] "POST /xingrg/kc/buy/cgsh_order_operate.html HTTP/1.1" 200 8245
114.84.5.35 - - [27/Aug/2022:09:31:26 +0800] "GET /xingrg/javascript/easyui/themes/default/validatebox.css HTTP/1.1" 404 1104
116.233.73.81 - - [27/Aug/2022:09:31:26 +0800] "POST /xingrg/dwr/call/plaincall/AjaxBaseInfoService.getMateriels.dwr HTTP/1.1" 200 2991
116.233.73.81 - - [27/Aug/2022:09:31:31 +0800] "GET /xingrg/logout.do HTTP/1.1" 302 -
116.233.73.81 - - [27/Aug/2022:09:31:31 +0800] "GET /xingrg/login.html?sysBaseUrl=http%3A%2F%2F180.169.147.146%3A18081%2Fxingrg%2F&costTime=2×tamp=1661563891874 HTTP/1.1" 200 7641
116.233.73.81 - - [27/Aug/2022:09:31:31 +0800] "GET /xingrg/images/blue/hj.png HTTP/1.1" 200 1014
116.233.73.81 - - [27/Aug/2022:09:31:31 +0800] "GET /xingrg/images/blue/srbg.png HTTP/1.1" 200 138
116.233.73.81 - - [27/Aug/2022:09:31:31 +0800] "GET /xingrg/images/blue/login_bg.png HTTP/1.1" 200 22101
114.84.5.35 - - [27/Aug/2022:09:31:35 +0800] "GET /xingrg/kc/buy/cgsh_order_operate.html?command=get_materiel&rest_code=00111&code=00101007125&supplier_code=00100004&order_time=2022-08-27 HTTP/1.1" 200 406
116.233.73.81 - - [27/Aug/2022:09:31:37 +0800] "POST /xingrg/login.do HTTP/1.1" 302 -
116.233.73.81 - - [27/Aug/2022:09:31:37 +0800] "GET /xingrg/index.html?sysBaseUrl=http%3A%2F%2F180.169.147.146%3A18081%2Fxingrg%2F&costTime=52×tamp=1661563897357 HTTP/1.1" 200 17173
116.233.73.81 - - [27/Aug/2022:09:31:37 +0800] "POST /xingrg/all/common/load_tree.html?tree=area_rest_tree_json&manage=1 HTTP/1.1" 200 342
116.233.73.81 - - [27/Aug/2022:09:31:37 +0800] "GET /xingrg/all/function/internal_message.html?_=1661563894341&CODE_STATE=count HTTP/1.1" 200 11
116.233.73.81 - - [27/Aug/2022:09:31:37 +0800] "GET /xingrg/check_reg.html?_=1661563894342 HTTP/1.1" 200 22
116.233.73.81 - - [27/Aug/2022:09:31:37 +0800] "POST /xingrg/load_menu.html HTTP/1.1" 200 5138
116.233.73.81 - - [27/Aug/2022:09:31:39 +0800] "GET /xingrg/kc/buy/buy_main.html HTTP/1.1" 200 12412
116.233.73.81 - - [27/Aug/2022:09:31:39 +0800] "GET /xingrg/css/new_ie.css HTTP/1.1" 404 1036
116.233.73.81 - - [27/Aug/2022:09:31:39 +0800] "GET /xingrg/images/yd/bt.gif HTTP/1.1" 404 1040
116.233.73.81 - - [27/Aug/2022:09:31:40 +0800] "GET /xingrg/kc/buy/cgsh_order_list.html HTTP/1.1" 200 52635
114.84.5.35 - - [27/Aug/2022:09:31:41 +0800] "GET /xingrg/all/function/internal_message.html?_=1661563893454&CODE_STATE=getMsg HTTP/1.1" 200 27
222.69.129.110 - - [27/Aug/2022:09:31:41 +0800] "GET /xingrg/kc/buy/cgsh_order_operate.html?command=get_materiel&rest_code=00154&code=00101015070&supplier_code=00100466&order_time=2022-08-26 HTTP/1.1" 200 413
116.233.73.81 - - [27/Aug/2022:09:31:42 +0800] "POST /xingrg/kc/buy/cgsh_list_operate.html HTTP/1.1" 200 2736
61.165.19.104 - - [27/Aug/2022:09:31:43 +0800] "GET /xingrg/javascript/jquery_easy_ui/themes/default/images/tabs_active.png HTTP/1.1" 304 -
61.165.19.104 - - [27/Aug/2022:09:31:43 +0800] "GET /xingrg/all/function/internal_message.html?_=1661563767547&CODE_STATE=getMsg HTTP/1.1" 200 27
61.165.19.104 - - [27/Aug/2022:09:31:44 +0800] "GET /xingrg/kc/buy/cgsh_order_list.html HTTP/1.1" 200 52635
116.233.73.81 - - [27/Aug/2022:09:31:44 +0800] "GET /xingrg/index.html?sysBaseUrl=http%3A%2F%2F180.169.147.146%3A18081%2Fxingrg%2F&costTime=52×tamp=1661563897357 HTTP/1.1" 200 17173
116.233.73.81 - - [27/Aug/2022:09:31:44 +0800] "POST /xingrg/all/common/load_tree.html?tree=area_rest_tree_json&manage=1 HTTP/1.1" 200 342
116.233.73.81 - - [27/Aug/2022:09:31:44 +0800] "GET /xingrg/check_reg.html?_=1661563901654 HTTP/1.1" 200 22
116.233.73.81 - - [27/Aug/2022:09:31:44 +0800] "GET /xingrg/all/function/internal_message.html?_=1661563901654&CODE_STATE=count HTTP/1.1" 200 11
116.233.73.81 - - [27/Aug/2022:09:31:44 +0800] "POST /xingrg/load_menu.html HTTP/1.1" 200 5138
180.169.147.146 - - [27/Aug/2022:09:31:45 +0800] "GET /xingrg/check_reg.html?_=1661564297193 HTTP/1.1" 200 22
116.233.73.81 - - [27/Aug/2022:09:31:46 +0800] "GET /xingrg/kc/buy/buy_main.html HTTP/1.1" 200 12412
116.233.73.81 - - [27/Aug/2022:09:31:46 +0800] "GET /xingrg/css/new_ie.css HTTP/1.1" 404 1036
61.165.19.104 - - [27/Aug/2022:09:31:46 +0800] "POST /xingrg/kc/buy/cgsh_list_operate.html HTTP/1.1" 200 2170
116.233.73.81 - - [27/Aug/2022:09:31:47 +0800] "GET /xingrg/kc/buy/cgsh_order_list.html HTTP/1.1" 200 52635
116.233.73.81 - - [27/Aug/2022:09:31:49 +0800] "POST /xingrg/kc/buy/cgsh_list_operate.html HTTP/1.1" 200 2736
114.84.5.35 - - [27/Aug/2022:09:31:49 +0800] "GET /xingrg/kc/buy/cgsh_order_operate.html?command=get_materiel&rest_code=00111&code=00101007085&supplier_code=00100004&order_time=2022-08-27 HTTP/1.1" 200 413
116.233.73.81 - - [27/Aug/2022:09:31:52 +0800] "POST /xingrg/kc/buy/cgsh_list_operate.html HTTP/1.1" 200 415
116.233.73.81 - - [27/Aug/2022:09:31:53 +0800] "GET /xingrg/words/20220827093126_words.js HTTP/1.1" 200 917214
116.233.73.81 - - [27/Aug/2022:09:31:53 +0800] "GET /xingrg/kc/buy/cgsh_order_info.html?code=212022082709327 HTTP/1.1" 200 68492
116.232.194.65 - - [27/Aug/2022:09:31:53 +0800] "GET /xingrg/all/function/internal_message.html?_=1661563874403&CODE_STATE=getMsg HTTP/1.1" 200 27
116.233.73.81 - - [27/Aug/2022:09:31:53 +0800] "GET /xingrg/javascript/easyui/themes/default/validatebox.css HTTP/1.1" 404 1104
116.233.73.81 - - [27/Aug/2022:09:31:53 +0800] "GET /xingrg/all/common/auto_word.html?type=employee&rest_code=00109 HTTP/1.1" 200 255
116.233.73.81 - - [27/Aug/2022:09:31:53 +0800] "GET /xingrg/all/common/auto_word.html?type=employee&rest_code=00109 HTTP/1.1" 200 255
116.233.73.81 - - [27/Aug/2022:09:31:54 +0800] "POST /xingrg/kc/buy/cgsh_order_operate.html HTTP/1.1" 200 4413
124.78.154.80 - - [27/Aug/2022:09:31:56 +0800] "GET /xingrg/all/function/internal_message.html?_=1661563919682&CODE_STATE=getMsg HTTP/1.1" 200 27
124.78.154.80 - - [27/Aug/2022:09:31:56 +0800] "GET /xingrg/check_reg.html?_=1661563919685 HTTP/1.1" 200 22
116.224.123.211 - - [27/Aug/2022:09:31:57 +0800] "GET /xingrg/all/function/internal_message.html?_=1661563914524&CODE_STATE=getMsg HTTP/1.1" 200 27
114.84.5.35 - - [27/Aug/2022:09:31:58 +0800] "POST /xingrg/kc/buy/cgsh_order_operate.html HTTP/1.1" 200 37
61.165.19.104 - - [27/Aug/2022:09:31:59 +0800] "GET /xingrg/kc/buy/cgsh_order_add.html HTTP/1.1" 200 68499
61.165.19.104 - - [27/Aug/2022:09:31:59 +0800] "GET /xingrg/words/20220827093126_words.js HTTP/1.1" 200 917214
61.165.19.104 - - [27/Aug/2022:09:32:00 +0800] "POST /xingrg/kc/buy/cgsh_order_operate.html HTTP/1.1" 200 8245
114.84.5.35 - - [27/Aug/2022:09:32:00 +0800] "POST /xingrg/kc/buy/cgsh_order_operate.html HTTP/1.1" 200 3243
61.165.19.104 - - [27/Aug/2022:09:32:00 +0800] "GET /xingrg/javascript/easyui/themes/default/validatebox.css HTTP/1.1" 404 1104
114.84.5.35 - - [27/Aug/2022:09:32:01 +0800] "GET /xingrg/kc/print/load_data.html?order_code=212022082709330&kc_code=cgsh&condition= HTTP/1.1" 200 946
114.84.5.35 - - [27/Aug/2022:09:32:06 +0800] "GET /xingrg/kc/buy/cgsh_order_add.html HTTP/1.1" 200 68373
114.84.5.35 - - [27/Aug/2022:09:32:06 +0800] "GET /xingrg/words/20220827093126_words.js HTTP/1.1" 200 917214
114.84.5.35 - - [27/Aug/2022:09:32:07 +0800] "POST /xingrg/kc/buy/cgsh_order_operate.html HTTP/1.1" 200 8245
114.84.5.35 - - [27/Aug/2022:09:32:07 +0800] "GET /xingrg/javascript/easyui/themes/default/validatebox.css HTTP/1.1" 404 1104
114.88.158.224 - - [27/Aug/2022:09:32:12 +0800] "GET /xingrg/all/function/internal_message.html?_=1661563596540&CODE_STATE=getMsg HTTP/1.1" 200 27
61.165.19.104 - - [27/Aug/2022:09:32:12 +0800] "GET /xingrg/kc/buy/cgsh_order_operate.html?command=get_materiel&rest_code=00105&code=00101007014&supplier_code=00100002&order_time=2022-08-27 HTTP/1.1" 200 420
101.80.228.36 - - [27/Aug/2022:09:32:13 +0800] "GET /xingrg/all/function/internal_message.html?_=1661563930196&CODE_STATE=getMsg HTTP/1.1" 200 27
222.69.129.110 - - [27/Aug/2022:09:32:13 +0800] "GET /xingrg/all/function/internal_message.html?_=1661564003159&CODE_STATE=getMsg HTTP/1.1" 200 27
116.224.255.128 - - [27/Aug/2022:09:32:15 +0800] "GET /xingrg/all/function/internal_message.html?_=1661563855396&CODE_STATE=getMsg HTTP/1.1" 200 27
114.84.5.35 - - [27/Aug/2022:09:32:19 +0800] "GET /xingrg/kc/buy/cgsh_order_operate.html?command=get_materiel&rest_code=00111&code=00101008049&supplier_code=00100005&order_time=2022-08-27 HTTP/1.1" 200 408
218.81.223.53 - - [27/Aug/2022:09:32:20 +0800] "GET /xingrg/all/function/internal_message.html?_=1661563958561&CODE_STATE=getMsg HTTP/1.1" 200 27
116.224.255.128 - - [27/Aug/2022:09:32:20 +0800] "GET /xingrg/all/function/internal_message.html?_=1661563935777&CODE_STATE=getMsg HTTP/1.1" 200 27
61.165.19.104 - - [27/Aug/2022:09:32:25 +0800] "GET /xingrg/all/function/internal_message.html?_=1661563942734&CODE_STATE=getMsg HTTP/1.1" 200 27
222.69.129.110 - - [27/Aug/2022:09:32:27 +0800] "GET /xingrg/kc/buy/cgsh_order_operate.html?command=get_materiel&rest_code=00154&code=00101006159&supplier_code=00100466&order_time=2022-08-26 HTTP/1.1" 200 415
114.84.5.35 - - [27/Aug/2022:09:32:31 +0800] "GET /xingrg/kc/buy/cgsh_order_operate.html?command=get_materiel&rest_code=00111&code=00101008358&supplier_code=00100005&order_time=2022-08-27 HTTP/1.1" 200 412
114.88.158.224 - - [27/Aug/2022:09:32:33 +0800] "GET /xingrg/check_reg.html?_=1661563617491 HTTP/1.1" 200 22
61.165.19.104 - - [27/Aug/2022:09:32:35 +0800] "GET /xingrg/kc/buy/cgsh_order_operate.html?command=get_materiel&rest_code=00105&code=00101007061&supplier_code=00100002&order_time=2022-08-27 HTTP/1.1" 200 409
116.233.73.81 - - [27/Aug/2022:09:32:37 +0800] "GET /xingrg/all/function/internal_message.html?_=1661563954348&CODE_STATE=getMsg HTTP/1.1" 200 27
114.84.5.35 - - [27/Aug/2022:09:32:39 +0800] "GET /xingrg/kc/buy/cgsh_order_operate.html?command=get_materiel&rest_code=00111&code=00101008361&supplier_code=00100005&order_time=2022-08-27 HTTP/1.1" 200 408
114.84.5.35 - - [27/Aug/2022:09:32:41 +0800] "GET /xingrg/all/function/internal_message.html?_=1661563953437&CODE_STATE=getMsg HTTP/1.1" 200 27
61.165.19.104 - - [27/Aug/2022:09:32:43 +0800] "GET /xingrg/all/function/internal_message.html?_=1661563827556&CODE_STATE=getMsg HTTP/1.1" 200 27
116.232.194.65 - - [27/Aug/2022:09:32:44 +0800] "POST /xingrg/kc/buy/cgsh_order_operate.html HTTP/1.1" 200 37
116.233.73.81 - - [27/Aug/2022:09:32:44 +0800] "GET /xingrg/all/function/internal_message.html?_=1661563961659&CODE_STATE=getMsg HTTP/1.1" 200 27
116.232.194.65 - - [27/Aug/2022:09:32:45 +0800] "POST /xingrg/kc/buy/cgsh_order_operate.html HTTP/1.1" 200 6199
116.232.194.65 - - [27/Aug/2022:09:32:46 +0800] "GET /xingrg/kc/buy/cgsh_order_add.html HTTP/1.1" 200 68423
116.232.194.65 - - [27/Aug/2022:09:32:46 +0800] "GET /xingrg/words/20220827093126_words.js HTTP/1.1" 200 917214
116.232.194.65 - - [27/Aug/2022:09:32:46 +0800] "POST /xingrg/kc/buy/cgsh_order_operate.html HTTP/1.1" 200 8245
116.232.194.65 - - [27/Aug/2022:09:32:46 +0800] "GET /xingrg/javascript/easyui/themes/default/validatebox.css HTTP/1.1" 404 1104
114.84.5.35 - - [27/Aug/2022:09:32:48 +0800] "GET /xingrg/kc/buy/cgsh_order_operate.html?command=get_materiel&rest_code=00111&code=00101008261&supplier_code=00100005&order_time=2022-08-27 HTTP/1.1" 200 408
116.232.194.65 - - [27/Aug/2022:09:32:53 +0800] "GET /xingrg/all/function/internal_message.html?_=1661563934400&CODE_STATE=getMsg HTTP/1.1" 200 27
116.232.194.65 - - [27/Aug/2022:09:32:53 +0800] "GET /xingrg/check_reg.html?_=1661563934403 HTTP/1.1" 200 22
124.78.154.80 - - [27/Aug/2022:09:32:56 +0800] "GET /xingrg/all/function/internal_message.html?_=1661563979685&CODE_STATE=getMsg HTTP/1.1" 200 27
114.84.5.35 - - [27/Aug/2022:09:32:56 +0800] "GET /xingrg/kc/buy/cgsh_order_operate.html?command=get_materiel&rest_code=00111&code=00101008290&supplier_code=00100005&order_time=2022-08-27 HTTP/1.1" 200 416
116.224.123.211 - - [27/Aug/2022:09:32:57 +0800] "GET /xingrg/all/function/internal_message.html?_=1661563974499&CODE_STATE=getMsg HTTP/1.1" 200 27
222.69.129.110 - - [27/Aug/2022:09:32:58 +0800] "GET /xingrg/kc/buy/cgsh_order_operate.html?command=get_materiel&rest_code=00154&code=00101016084&supplier_code=00100466&order_time=2022-08-26 HTTP/1.1" 200 408
116.224.123.211 - - [27/Aug/2022:09:33:00 +0800] "GET /xingrg/javascript/easyui/plugins/jquery.draggable.js HTTP/1.1" 200 6121
116.224.123.211 - - [27/Aug/2022:09:33:00 +0800] "GET /xingrg/css/images/panel_loading.gif HTTP/1.1" 200 1737
116.224.123.211 - - [27/Aug/2022:09:33:00 +0800] "GET /xingrg/javascript/easyui/plugins/jquery.droppable.js HTTP/1.1" 200 1167
116.224.123.211 - - [27/Aug/2022:09:33:00 +0800] "GET /xingrg/javascript/easyui/themes/default/tree.css HTTP/1.1" 404 1090
116.224.123.211 - - [27/Aug/2022:09:33:00 +0800] "GET /xingrg/javascript/easyui/plugins/jquery.tree.js HTTP/1.1" 200 20874
116.224.123.211 - - [27/Aug/2022:09:33:01 +0800] "POST /xingrg/all/common/load_tree.html?tree=supplier_tree_json&isDelete=1 HTTP/1.1" 200 67879
116.232.194.65 - - [27/Aug/2022:09:33:01 +0800] "GET /xingrg/kc/buy/cgsh_order_operate.html?command=get_materiel&rest_code=00155&code=00101007145&supplier_code=00100547&order_time=2022-08-27 HTTP/1.1" 200 415
116.224.123.211 - - [27/Aug/2022:09:33:02 +0800] "GET /xingrg/javascript/easyui/themes/default/images/tree_arrows.gif HTTP/1.1" 200 617
116.224.123.211 - - [27/Aug/2022:09:33:02 +0800] "GET /xingrg/javascript/easyui/themes/default/images/tree_folder_open.gif HTTP/1.1" 200 956
116.224.123.211 - - [27/Aug/2022:09:33:02 +0800] "GET /xingrg/javascript/easyui/themes/default/images/tree_folder.gif HTTP/1.1" 200 952
116.224.123.211 - - [27/Aug/2022:09:33:02 +0800] "GET /xingrg/javascript/easyui/themes/default/images/tree_file.gif HTTP/1.1" 200 118
61.165.19.104 - - [27/Aug/2022:09:33:03 +0800] "GET /xingrg/kc/buy/cgsh_order_operate.html?command=get_materiel&rest_code=00105&code=00101007024&supplier_code=00100002&order_time=2022-08-27 HTTP/1.1" 200 415
114.84.5.35 - - [27/Aug/2022:09:33:07 +0800] "GET /xingrg/kc/buy/cgsh_order_operate.html?command=get_materiel&rest_code=00111&code=00101008003&supplier_code=00100005&order_time=2022-08-27 HTTP/1.1" 200 408
116.232.194.65 - - [27/Aug/2022:09:33:09 +0800] "POST /xingrg/kc/buy/cgsh_order_operate.html HTTP/1.1" 200 37
116.232.194.65 - - [27/Aug/2022:09:33:11 +0800] "POST /xingrg/kc/buy/cgsh_order_operate.html HTTP/1.1" 200 2660
116.232.194.65 - - [27/Aug/2022:09:33:11 +0800] "GET /xingrg/kc/print/load_data.html?order_code=212022082709332&kc_code=cgsh&condition= HTTP/1.1" 200 655
114.88.158.224 - - [27/Aug/2022:09:33:12 +0800] "GET /xingrg/all/function/internal_message.html?_=1661563656510&CODE_STATE=getMsg HTTP/1.1" 200 27
101.80.228.36 - - [27/Aug/2022:09:33:13 +0800] "GET /xingrg/all/function/internal_message.html?_=1661563990183&CODE_STATE=getMsg HTTP/1.1" 200 27
222.69.129.110 - - [27/Aug/2022:09:33:13 +0800] "GET /xingrg/all/function/internal_message.html?_=1661564063184&CODE_STATE=getMsg HTTP/1.1" 200 27
116.224.255.128 - - [27/Aug/2022:09:33:15 +0800] "GET /xingrg/all/function/internal_message.html?_=1661563915404&CODE_STATE=getMsg HTTP/1.1" 200 27
61.165.19.104 - - [27/Aug/2022:09:33:16 +0800] "GET /xingrg/kc/buy/cgsh_order_operate.html?command=get_materiel&rest_code=00105&code=00101007049&supplier_code=00100002&order_time=2022-08-27 HTTP/1.1" 200 409
114.84.5.35 - - [27/Aug/2022:09:33:16 +0800] "GET /xingrg/kc/buy/cgsh_order_operate.html?command=get_materiel&rest_code=00111&code=00101008148&supplier_code=00100005&order_time=2022-08-27 HTTP/1.1" 200 416
116.224.255.128 - - [27/Aug/2022:09:33:20 +0800] "GET /xingrg/check_reg.html?_=1661563995703 HTTP/1.1" 200 22
218.81.223.53 - - [27/Aug/2022:09:33:20 +0800] "GET /xingrg/all/function/internal_message.html?_=1661564018575&CODE_STATE=getMsg HTTP/1.1" 200 27
116.224.255.128 - - [27/Aug/2022:09:33:20 +0800] "GET /xingrg/all/function/internal_message.html?_=1661563995753&CODE_STATE=getMsg HTTP/1.1" 200 27
61.165.19.104 - - [27/Aug/2022:09:33:25 +0800] "GET /xingrg/all/function/internal_message.html?_=1661564002733&CODE_STATE=getMsg HTTP/1.1" 200 27
116.233.73.81 - - [27/Aug/2022:09:33:28 +0800] "GET /xingrg/kc/buy/cgsh_order_operate.html?command=get_materiel&rest_code=00109&code=00101001290&supplier_code=00100151&order_time=2022-08-27 HTTP/1.1" 200 395
114.84.5.35 - - [27/Aug/2022:09:33:28 +0800] "GET /xingrg/kc/buy/cgsh_order_operate.html?command=get_materiel&rest_code=00111&code=00101008296&supplier_code=00100005&order_time=2022-08-27 HTTP/1.1" 200 416
116.233.73.81 - - [27/Aug/2022:09:33:37 +0800] "GET /xingrg/all/function/internal_message.html?_=1661564014356&CODE_STATE=getMsg HTTP/1.1" 200 27
116.233.73.81 - - [27/Aug/2022:09:33:37 +0800] "GET /xingrg/kc/buy/cgsh_order_operate.html?command=get_materiel&rest_code=00109&code=00101002081&supplier_code=00100151&order_time=2022-08-27 HTTP/1.1" 200 395
114.84.5.35 - - [27/Aug/2022:09:33:39 +0800] "GET /xingrg/kc/buy/cgsh_order_operate.html?command=get_materiel&rest_code=00111&code=00101008132&supplier_code=00100005&order_time=2022-08-27 HTTP/1.1" 200 408
114.84.5.35 - - [27/Aug/2022:09:33:41 +0800] "GET /xingrg/all/function/internal_message.html?_=1661564013439&CODE_STATE=getMsg HTTP/1.1" 200 27
61.165.19.104 - - [27/Aug/2022:09:33:43 +0800] "GET /xingrg/all/function/internal_message.html?_=1661563887564&CODE_STATE=getMsg HTTP/1.1" 200 27
116.224.123.211 - - [27/Aug/2022:09:33:43 +0800] "GET /xingrg/kc/buy/cgsh_order_operate.html?command=get_materiel&rest_code=00102&code=00101029085&supplier_code=00100406&order_time=2022-08-27 HTTP/1.1" 200 447
116.233.73.81 - - [27/Aug/2022:09:33:44 +0800] "GET /xingrg/all/function/internal_message.html?_=1661564021660&CODE_STATE=getMsg HTTP/1.1" 200 27
114.84.5.35 - - [27/Aug/2022:09:33:49 +0800] "GET /xingrg/kc/buy/cgsh_order_operate.html?command=get_materiel&rest_code=00111&code=00101008080&supplier_code=00100005&order_time=2022-08-27 HTTP/1.1" 200 416
116.232.194.65 - - [27/Aug/2022:09:33:53 +0800] "GET /xingrg/all/function/internal_message.html?_=1661563994405&CODE_STATE=getMsg HTTP/1.1" 200 27
222.69.129.110 - - [27/Aug/2022:09:33:53 +0800] "GET /xingrg/kc/buy/cgsh_order_operate.html?command=get_materiel&rest_code=00154&code=00101008151&supplier_code=00100466&order_time=2022-08-26 HTTP/1.1" 200 431
124.78.154.80 - - [27/Aug/2022:09:33:56 +0800] "GET /xingrg/all/function/internal_message.html?_=1661564039686&CODE_STATE=getMsg HTTP/1.1" 200 27
116.224.123.211 - - [27/Aug/2022:09:33:57 +0800] "GET /xingrg/all/function/internal_message.html?_=1661564034482&CODE_STATE=getMsg HTTP/1.1" 200 27
116.224.123.211 - - [27/Aug/2022:09:33:57 +0800] "POST /xingrg/kc/buy/cgsh_order_operate.html HTTP/1.1" 200 37
116.233.73.81 - - [27/Aug/2022:09:33:58 +0800] "GET /xingrg/kc/buy/cgsh_order_operate.html?command=get_materiel&rest_code=00109&code=00101010653&supplier_code=00100151&order_time=2022-08-27 HTTP/1.1" 200 415
114.84.5.35 - - [27/Aug/2022:09:33:59 +0800] "GET /xingrg/kc/buy/cgsh_order_operate.html?command=get_materiel&rest_code=00111&code=00101008244&supplier_code=00100005&order_time=2022-08-27 HTTP/1.1" 200 408
116.224.123.211 - - [27/Aug/2022:09:34:01 +0800] "POST /xingrg/kc/buy/cgsh_order_operate.html HTTP/1.1" 200 12
116.224.123.211 - - [27/Aug/2022:09:34:03 +0800] "GET /xingrg/kc/buy/cgsh_order_info.html?code=212022082709333 HTTP/1.1" 200 63359
116.224.123.211 - - [27/Aug/2022:09:34:03 +0800] "GET /xingrg/words/20220827093126_words.js HTTP/1.1" 200 917214
116.224.123.211 - - [27/Aug/2022:09:34:03 +0800] "GET /xingrg/javascript/easyui/themes/default/validatebox.css HTTP/1.1" 404 1104
116.224.123.211 - - [27/Aug/2022:09:34:04 +0800] "POST /xingrg/kc/buy/cgsh_order_operate.html HTTP/1.1" 200 636
222.69.129.110 - - [27/Aug/2022:09:34:05 +0800] "POST /xingrg/kc/buy/cgsh_order_operate.html HTTP/1.1" 200 2065
116.233.73.81 - - [27/Aug/2022:09:34:12 +0800] "POST /xingrg/kc/buy/cgsh_order_operate.html HTTP/1.1" 200 37
116.224.123.211 - - [27/Aug/2022:09:34:12 +0800] "GET /xingrg/kc/print/load_data.html?order_code=212022082709333&kc_code=cgsh&condition= HTTP/1.1" 200 2278
114.88.158.224 - - [27/Aug/2022:09:34:12 +0800] "GET /xingrg/all/function/internal_message.html?_=1661563716490&CODE_STATE=getMsg HTTP/1.1" 200 27
101.80.228.36 - - [27/Aug/2022:09:34:13 +0800] "GET /xingrg/all/function/internal_message.html?_=1661564050154&CODE_STATE=getMsg HTTP/1.1" 200 27
222.69.129.110 - - [27/Aug/2022:09:34:13 +0800] "GET /xingrg/all/function/internal_message.html?_=1661564123172&CODE_STATE=getMsg HTTP/1.1" 200 27
114.84.5.35 - - [27/Aug/2022:09:34:13 +0800] "GET /xingrg/kc/buy/cgsh_order_operate.html?command=get_materiel&rest_code=00111&code=00101008096&supplier_code=00100005&order_time=2022-08-27 HTTP/1.1" 200 413
116.224.255.128 - - [27/Aug/2022:09:34:15 +0800] "GET /xingrg/check_reg.html?_=1661563975101 HTTP/1.1" 200 22
116.224.255.128 - - [27/Aug/2022:09:34:15 +0800] "GET /xingrg/all/function/internal_message.html?_=1661563975417&CODE_STATE=getMsg HTTP/1.1" 200 27
116.224.255.128 - - [27/Aug/2022:09:34:20 +0800] "GET /xingrg/all/function/internal_message.html?_=1661564055747&CODE_STATE=getMsg HTTP/1.1" 200 27
116.233.73.81 - - [27/Aug/2022:09:34:20 +0800] "POST /xingrg/kc/buy/cgsh_order_operate.html HTTP/1.1" 200 6186
218.81.223.53 - - [27/Aug/2022:09:34:20 +0800] "GET /xingrg/all/function/internal_message.html?_=1661564079222&CODE_STATE=getMsg HTTP/1.1" 200 27
116.233.73.81 - - [27/Aug/2022:09:34:22 +0800] "GET /xingrg/kc/print/load_config.html?kc_code=cgsh HTTP/1.1" 200 1943
116.233.73.81 - - [27/Aug/2022:09:34:22 +0800] "GET /xingrg/kc/print/load_data.html?order_code=212022082709327&kc_code=cgsh&condition= HTTP/1.1" 200 1961
114.84.5.35 - - [27/Aug/2022:09:34:24 +0800] "POST /xingrg/services/DataTransmitService HTTP/1.1" 200 524
61.165.19.104 - - [27/Aug/2022:09:34:25 +0800] "GET /xingrg/all/function/internal_message.html?_=1661564062735&CODE_STATE=getMsg HTTP/1.1" 200 27
116.233.73.81 - - [27/Aug/2022:09:34:27 +0800] "GET /xingrg/kc/buy/cgsh_order_add.html HTTP/1.1" 200 68493
116.233.73.81 - - [27/Aug/2022:09:34:27 +0800] "GET /xingrg/words/20220827093126_words.js HTTP/1.1" 304 -
116.233.73.81 - - [27/Aug/2022:09:34:27 +0800] "POST /xingrg/kc/buy/cgsh_order_operate.html HTTP/1.1" 200 8245
116.233.73.81 - - [27/Aug/2022:09:34:27 +0800] "GET /xingrg/all/common/auto_word.html?type=employee&rest_code=00109 HTTP/1.1" 200 255
116.233.73.81 - - [27/Aug/2022:09:34:27 +0800] "GET /xingrg/all/common/auto_word.html?type=employee&rest_code=00109 HTTP/1.1" 200 255
116.233.73.81 - - [27/Aug/2022:09:34:27 +0800] "GET /xingrg/javascript/easyui/themes/default/validatebox.css HTTP/1.1" 404 1104
116.224.123.211 - - [27/Aug/2022:09:34:27 +0800] "GET /xingrg/index.html HTTP/1.1" 302 -
116.224.123.211 - - [27/Aug/2022:09:34:27 +0800] "GET /xingrg/login.html HTTP/1.1" 200 7641
116.224.123.211 - - [27/Aug/2022:09:34:27 +0800] "GET /favicon.ico HTTP/1.1" 404 -
116.224.123.211 - - [27/Aug/2022:09:34:29 +0800] "POST /xingrg/login.do HTTP/1.1" 302 -
116.224.123.211 - - [27/Aug/2022:09:34:29 +0800] "GET /xingrg/index.html?sysBaseUrl=http%3A%2F%2F180.169.147.146%3A18081%2Fxingrg%2F&costTime=40×tamp=1661564069170 HTTP/1.1" 200 17173
116.224.123.211 - - [27/Aug/2022:09:34:29 +0800] "GET /favicon.ico HTTP/1.1" 404 -
116.224.123.211 - - [27/Aug/2022:09:34:29 +0800] "POST /xingrg/all/common/load_tree.html?tree=area_rest_tree_json&manage=1 HTTP/1.1" 200 342
116.224.123.211 - - [27/Aug/2022:09:34:29 +0800] "GET /xingrg/all/function/internal_message.html?_=1661564066233&CODE_STATE=count HTTP/1.1" 200 11
116.224.123.211 - - [27/Aug/2022:09:34:29 +0800] "POST /xingrg/load_menu.html HTTP/1.1" 200 5138
116.224.123.211 - - [27/Aug/2022:09:34:29 +0800] "GET /xingrg/check_reg.html?_=1661564066234 HTTP/1.1" 200 22
116.224.123.211 - - [27/Aug/2022:09:34:32 +0800] "GET /xingrg/kc/buy/cgsh_order_list.html HTTP/1.1" 200 52635
116.224.123.211 - - [27/Aug/2022:09:34:33 +0800] "POST /xingrg/kc/buy/cgsh_list_operate.html HTTP/1.1" 200 752
116.233.73.81 - - [27/Aug/2022:09:34:35 +0800] "GET /xingrg/javascript/jquery_tools/images/prev.gif HTTP/1.1" 404 1086
116.233.73.81 - - [27/Aug/2022:09:34:35 +0800] "GET /xingrg/javascript/jquery_tools/images/next.gif HTTP/1.1" 404 1086
116.233.73.81 - - [27/Aug/2022:09:34:37 +0800] "GET /xingrg/all/function/internal_message.html?_=1661564074349&CODE_STATE=getMsg HTTP/1.1" 200 27
101.80.228.36 - - [27/Aug/2022:09:34:38 +0800] "GET /xingrg/check_reg.html?_=1661564074873 HTTP/1.1" 200 22
114.84.5.35 - - [27/Aug/2022:09:34:39 +0800] "GET /xingrg/kc/buy/cgsh_order_operate.html?command=get_materiel&rest_code=00111&code=00101008067&supplier_code=00100005&order_time=2022-08-27 HTTP/1.1" 200 416
116.224.123.211 - - [27/Aug/2022:09:34:40 +0800] "POST /xingrg/kc/buy/cgsh_list_operate.html HTTP/1.1" 200 5268
114.84.5.35 - - [27/Aug/2022:09:34:41 +0800] "GET /xingrg/all/function/internal_message.html?_=1661564073444&CODE_STATE=getMsg HTTP/1.1" 200 27
61.165.19.104 - - [27/Aug/2022:09:34:43 +0800] "GET /xingrg/all/function/internal_message.html?_=1661563947557&CODE_STATE=getMsg HTTP/1.1" 200 27
116.224.123.211 - - [27/Aug/2022:09:34:43 +0800] "POST /xingrg/kc/buy/cgsh_list_operate.html HTTP/1.1" 200 211
116.224.123.211 - - [27/Aug/2022:09:34:44 +0800] "GET /xingrg/kc/buy/cgsh_order_info.html?code=212022082709333 HTTP/1.1" 200 63359
116.224.123.211 - - [27/Aug/2022:09:34:44 +0800] "GET /xingrg/words/20220827093126_words.js HTTP/1.1" 304 -
116.224.123.211 - - [27/Aug/2022:09:34:44 +0800] "GET /xingrg/javascript/easyui/themes/default/validatebox.css HTTP/1.1" 404 1104
116.233.73.81 - - [27/Aug/2022:09:34:44 +0800] "GET /xingrg/all/function/internal_message.html?_=1661564081662&CODE_STATE=getMsg HTTP/1.1" 200 27
116.224.123.211 - - [27/Aug/2022:09:34:45 +0800] "POST /xingrg/kc/buy/cgsh_order_operate.html HTTP/1.1" 200 636
116.224.123.211 - - [27/Aug/2022:09:34:46 +0800] "GET /xingrg/kc/print/load_config.html?kc_code=cgsh HTTP/1.1" 200 1943
116.224.123.211 - - [27/Aug/2022:09:34:46 +0800] "GET /xingrg/kc/print/load_data.html?order_code=212022082709333&kc_code=cgsh&condition= HTTP/1.1" 200 716
116.232.194.65 - - [27/Aug/2022:09:34:53 +0800] "GET /xingrg/all/function/internal_message.html?_=1661564054404&CODE_STATE=getMsg HTTP/1.1" 200 27
116.224.123.211 - - [27/Aug/2022:09:34:56 +0800] "GET /xingrg/kc/buy/cgsh_order_add.html HTTP/1.1" 200 68452
124.78.154.80 - - [27/Aug/2022:09:34:56 +0800] "GET /xingrg/all/function/internal_message.html?_=1661564099687&CODE_STATE=getMsg HTTP/1.1" 200 27
116.224.123.211 - - [27/Aug/2022:09:34:56 +0800] "POST /xingrg/kc/buy/cgsh_order_operate.html HTTP/1.1" 200 8245
116.224.123.211 - - [27/Aug/2022:09:34:56 +0800] "GET /xingrg/all/common/auto_word.html?type=employee&rest_code=00102 HTTP/1.1" 200 189
114.84.5.35 - - [27/Aug/2022:09:34:56 +0800] "GET /xingrg/kc/buy/cgsh_order_operate.html?command=get_materiel&rest_code=00111&code=00101008209&supplier_code=00100005&order_time=2022-08-27 HTTP/1.1" 200 409
116.224.123.211 - - [27/Aug/2022:09:34:56 +0800] "GET /xingrg/javascript/easyui/themes/default/validatebox.css HTTP/1.1" 404 1104
116.224.123.211 - - [27/Aug/2022:09:34:56 +0800] "GET /xingrg/all/common/auto_word.html?type=employee&rest_code=00102 HTTP/1.1" 200 189
116.224.123.211 - - [27/Aug/2022:09:34:58 +0800] "GET /xingrg/javascript/easyui/themes/default/tree.css HTTP/1.1" 404 1090
222.69.129.110 - - [27/Aug/2022:09:34:58 +0800] "GET /xingrg/kc/buy/cgsh_order_operate.html?command=get_materiel&rest_code=00154&code=00101007035&supplier_code=00100466&order_time=2022-08-26 HTTP/1.1" 200 409
116.224.123.211 - - [27/Aug/2022:09:34:58 +0800] "POST /xingrg/all/common/load_tree.html?tree=supplier_tree_json&isDelete=1 HTTP/1.1" 200 67879
116.233.73.81 - - [27/Aug/2022:09:35:02 +0800] "GET /xingrg/javascript/auto/indicator.gif HTTP/1.1" 404 1066
114.84.5.35 - - [27/Aug/2022:09:35:05 +0800] "GET /xingrg/kc/buy/cgsh_order_operate.html?command=get_materiel&rest_code=00111&code=00101008356&supplier_code=00100005&order_time=2022-08-27 HTTP/1.1" 200 409
114.88.158.224 - - [27/Aug/2022:09:35:12 +0800] "GET /xingrg/all/function/internal_message.html?_=1661563776471&CODE_STATE=getMsg HTTP/1.1" 200 27
114.84.5.35 - - [27/Aug/2022:09:35:12 +0800] "GET /xingrg/kc/buy/cgsh_order_operate.html?command=get_materiel&rest_code=00111&code=00101008196&supplier_code=00100005&order_time=2022-08-27 HTTP/1.1" 200 416
101.80.228.36 - - [27/Aug/2022:09:35:13 +0800] "GET /xingrg/all/function/internal_message.html?_=1661564110125&CODE_STATE=getMsg HTTP/1.1" 200 27
222.69.129.110 - - [27/Aug/2022:09:35:13 +0800] "GET /xingrg/check_reg.html?_=1661564183171 HTTP/1.1" 200 22
222.69.129.110 - - [27/Aug/2022:09:35:13 +0800] "GET /xingrg/all/function/internal_message.html?_=1661564183177&CODE_STATE=getMsg HTTP/1.1" 200 27
116.224.255.128 - - [27/Aug/2022:09:35:15 +0800] "GET /xingrg/all/function/internal_message.html?_=1661564035430&CODE_STATE=getMsg HTTP/1.1" 200 27
116.224.255.128 - - [27/Aug/2022:09:35:20 +0800] "GET /xingrg/all/function/internal_message.html?_=1661564115730&CODE_STATE=getMsg HTTP/1.1" 200 27
114.84.5.35 - - [27/Aug/2022:09:35:20 +0800] "GET /xingrg/kc/buy/cgsh_order_operate.html?command=get_materiel&rest_code=00111&code=00101008069&supplier_code=00100005&order_time=2022-08-27 HTTP/1.1" 200 412
218.81.223.53 - - [27/Aug/2022:09:35:20 +0800] "GET /xingrg/all/function/internal_message.html?_=1661564139226&CODE_STATE=getMsg HTTP/1.1" 200 27
61.165.19.104 - - [27/Aug/2022:09:35:25 +0800] "GET /xingrg/all/function/internal_message.html?_=1661564122737&CODE_STATE=getMsg HTTP/1.1" 200 27
114.84.5.35 - - [27/Aug/2022:09:35:28 +0800] "GET /xingrg/kc/buy/cgsh_order_operate.html?command=get_materiel&rest_code=00111&code=00101008286&supplier_code=00100005&order_time=2022-08-27 HTTP/1.1" 200 408
116.224.123.211 - - [27/Aug/2022:09:35:29 +0800] "GET /xingrg/all/function/internal_message.html?_=1661564126245&CODE_STATE=getMsg HTTP/1.1" 200 27
114.84.5.35 - - [27/Aug/2022:09:35:30 +0800] "POST /xingrg/kc/buy/cgsh_order_operate.html HTTP/1.1" 200 2065
116.233.73.81 - - [27/Aug/2022:09:35:35 +0800] "GET /xingrg/kc/buy/cgsh_order_operate.html?command=get_materiel&rest_code=00109&code=00101019510&supplier_code=00100151&order_time=2022-08-27 HTTP/1.1" 200 466
114.84.5.35 - - [27/Aug/2022:09:35:36 +0800] "GET /xingrg/kc/buy/cgsh_order_operate.html?command=get_materiel&rest_code=00111&code=00101008131&supplier_code=00100005&order_time=2022-08-27 HTTP/1.1" 200 408
116.233.73.81 - - [27/Aug/2022:09:35:37 +0800] "GET /xingrg/all/function/internal_message.html?_=1661564134351&CODE_STATE=getMsg HTTP/1.1" 200 27
114.84.5.35 - - [27/Aug/2022:09:35:41 +0800] "GET /xingrg/check_reg.html?_=1661564133453 HTTP/1.1" 200 22
114.84.5.35 - - [27/Aug/2022:09:35:41 +0800] "GET /xingrg/all/function/internal_message.html?_=1661564133446&CODE_STATE=getMsg HTTP/1.1" 200 27
61.165.19.104 - - [27/Aug/2022:09:35:43 +0800] "GET /xingrg/all/function/internal_message.html?_=1661564007547&CODE_STATE=getMsg HTTP/1.1" 200 27
61.165.19.104 - - [27/Aug/2022:09:35:43 +0800] "GET /xingrg/check_reg.html?_=1661564007550 HTTP/1.1" 200 22
116.233.73.81 - - [27/Aug/2022:09:35:44 +0800] "GET /xingrg/all/function/internal_message.html?_=1661564141664&CODE_STATE=getMsg HTTP/1.1" 200 27
116.224.123.211 - - [27/Aug/2022:09:35:51 +0800] "GET /xingrg/javascript/auto/indicator.gif HTTP/1.1" 404 1066
222.69.129.110 - - [27/Aug/2022:09:35:52 +0800] "GET /xingrg/kc/buy/cgsh_order_operate.html?command=get_materiel&rest_code=00154&code=00101010161&supplier_code=00100466&order_time=2022-08-26 HTTP/1.1" 200 410
116.232.194.65 - - [27/Aug/2022:09:35:53 +0800] "GET /xingrg/all/function/internal_message.html?_=1661564114384&CODE_STATE=getMsg HTTP/1.1" 200 27
114.84.5.35 - - [27/Aug/2022:09:35:54 +0800] "GET /xingrg/kc/buy/cgsh_order_operate.html?command=get_materiel&rest_code=00111&code=00101008353&supplier_code=00100005&order_time=2022-08-27 HTTP/1.1" 200 408
116.224.123.211 - - [27/Aug/2022:09:35:55 +0800] "GET /xingrg/kc/buy/cgsh_order_operate.html?command=get_materiel&rest_code=00102&code=00101010161&supplier_code=00100400&order_time=2022-08-27 HTTP/1.1" 200 409
124.78.154.80 - - [27/Aug/2022:09:35:56 +0800] "GET /xingrg/all/function/internal_message.html?_=1661564159687&CODE_STATE=getMsg HTTP/1.1" 200 27
114.84.5.35 - - [27/Aug/2022:09:36:03 +0800] "GET /xingrg/kc/buy/cgsh_order_operate.html?command=get_materiel&rest_code=00111&code=00101008213&supplier_code=00100005&order_time=2022-08-27 HTTP/1.1" 200 412
116.224.123.211 - - [27/Aug/2022:09:36:08 +0800] "GET /xingrg/kc/buy/cgsh_order_operate.html?command=get_materiel&rest_code=00102&code=00101005037&supplier_code=00100400&order_time=2022-08-27 HTTP/1.1" 200 409
114.88.158.224 - - [27/Aug/2022:09:36:12 +0800] "GET /xingrg/all/function/internal_message.html?_=1661563836450&CODE_STATE=getMsg HTTP/1.1" 200 27
101.80.228.36 - - [27/Aug/2022:09:36:13 +0800] "GET /xingrg/all/function/internal_message.html?_=1661564170110&CODE_STATE=getMsg HTTP/1.1" 200 27
222.69.129.110 - - [27/Aug/2022:09:36:13 +0800] "GET /xingrg/all/function/internal_message.html?_=1661564243180&CODE_STATE=getMsg HTTP/1.1" 200 27
114.84.5.35 - - [27/Aug/2022:09:36:13 +0800] "GET /xingrg/kc/buy/cgsh_order_operate.html?command=get_materiel&rest_code=00111&code=00101019254&supplier_code=00100005&order_time=2022-08-27 HTTP/1.1" 200 447
116.224.255.128 - - [27/Aug/2022:09:36:15 +0800] "GET /xingrg/all/function/internal_message.html?_=1661564095444&CODE_STATE=getMsg HTTP/1.1" 200 27
116.224.123.211 - - [27/Aug/2022:09:36:16 +0800] "GET /xingrg/kc/buy/cgsh_order_operate.html?command=get_materiel&rest_code=00102&code=00101003039&supplier_code=00100400&order_time=2022-08-27 HTTP/1.1" 200 419
116.233.73.81 - - [27/Aug/2022:09:36:16 +0800] "GET /xingrg/kc/buy/cgsh_order_operate.html?command=get_materiel&rest_code=00109&code=00101019483&supplier_code=00100151&order_time=2022-08-27 HTTP/1.1" 200 428
114.84.5.35 - - [27/Aug/2022:09:36:16 +0800] "POST /xingrg/all/common/load_select.html HTTP/1.1" 200 25
180.169.147.146 - - [27/Aug/2022:09:36:18 +0800] "GET /xingrg/check_reg.html?_=1661564178316 HTTP/1.1" 200 22
218.81.223.53 - - [27/Aug/2022:09:36:19 +0800] "GET /xingrg/check_reg.html?_=1661564197564 HTTP/1.1" 200 22
116.224.255.128 - - [27/Aug/2022:09:36:20 +0800] "GET /xingrg/all/function/internal_message.html?_=1661564175715&CODE_STATE=getMsg HTTP/1.1" 200 27
218.81.223.53 - - [27/Aug/2022:09:36:20 +0800] "GET /xingrg/all/function/internal_message.html?_=1661564199239&CODE_STATE=getMsg HTTP/1.1" 200 27
222.69.129.110 - - [27/Aug/2022:09:36:21 +0800] "GET /xingrg/kc/buy/cgsh_order_operate.html?command=get_materiel&rest_code=00154&code=00101009118&supplier_code=00100466&order_time=2022-08-26 HTTP/1.1" 200 425
114.84.5.35 - - [27/Aug/2022:09:36:21 +0800] "GET /xingrg/kc/buy/cgsh_order_operate.html?command=get_materiel_price&rest_code=00111&code=00101019254&unit_code=00100040&supplier_code=00100005&order_time=2022-08-27 HTTP/1.1" 200 27
61.165.19.104 - - [27/Aug/2022:09:36:25 +0800] "POST /xingrg/kc/buy/cgsh_order_operate.html HTTP/1.1" 200 37
120.253.135.82 - - [27/Aug/2022:09:36:25 +0800] "GET /xingrg/check_reg.html?_=1661563985053 HTTP/1.1" 200 22
61.165.19.104 - - [27/Aug/2022:09:36:26 +0800] "GET /xingrg/all/function/internal_message.html?_=1661564182796&CODE_STATE=getMsg HTTP/1.1" 200 27
61.165.19.104 - - [27/Aug/2022:09:36:26 +0800] "GET /xingrg/check_reg.html?_=1661564182797 HTTP/1.1" 200 22
61.165.19.104 - - [27/Aug/2022:09:36:26 +0800] "POST /xingrg/kc/buy/cgsh_order_operate.html HTTP/1.1" 200 5022
114.84.5.35 - - [27/Aug/2022:09:36:26 +0800] "POST /xingrg/kc/buy/cgsh_order_operate.html HTTP/1.1" 200 2065
