116.235.94.65 - - [27/Aug/2022:11:11:49 +0800] "GET /xingrg/all/common/auto_word.html?type=employee&rest_code=00104 HTTP/1.1" 200 245
114.88.158.224 - - [27/Aug/2022:11:11:52 +0800] "GET /xingrg/kc/buy/cgsh_order_operate.html?command=get_materiel&rest_code=00141&code=00101008304&supplier_code=00100007&order_time=2022-08-27 HTTP/1.1" 200 412
114.83.218.32 - - [27/Aug/2022:11:11:53 +0800] "GET /xingrg/all/function/internal_message.html?_=1661569905769&CODE_STATE=getMsg HTTP/1.1" 200 27
114.83.218.32 - - [27/Aug/2022:11:11:53 +0800] "GET /xingrg/check_reg.html?_=1661569905882 HTTP/1.1" 200 22
124.78.154.80 - - [27/Aug/2022:11:11:56 +0800] "GET /xingrg/javascript/auto/indicator.gif HTTP/1.1" 404 1066
114.88.158.224 - - [27/Aug/2022:11:12:00 +0800] "GET /xingrg/kc/buy/cgsh_order_operate.html?command=get_materiel&rest_code=00141&code=00101008283&supplier_code=00100007&order_time=2022-08-27 HTTP/1.1" 200 408
114.88.158.224 - - [27/Aug/2022:11:12:03 +0800] "POST /xingrg/kc/buy/cgsh_order_operate.html HTTP/1.1" 200 2065
124.78.154.80 - - [27/Aug/2022:11:12:04 +0800] "GET /xingrg/kc/buy/cgsh_order_operate.html?command=get_materiel&rest_code=00106&code=00101008402&supplier_code=00100007&order_time=2022-08-27 HTTP/1.1" 200 410
114.88.158.224 - - [27/Aug/2022:11:12:09 +0800] "GET /xingrg/kc/buy/cgsh_order_operate.html?command=get_materiel&rest_code=00141&code=00101008265&supplier_code=00100007&order_time=2022-08-27 HTTP/1.1" 200 409
114.88.158.224 - - [27/Aug/2022:11:12:10 +0800] "GET /xingrg/all/function/internal_message.html?_=1661569594525&CODE_STATE=getMsg HTTP/1.1" 200 27
101.80.228.36 - - [27/Aug/2022:11:12:11 +0800] "GET /xingrg/all/function/internal_message.html?_=1661569928191&CODE_STATE=getMsg HTTP/1.1" 200 27
101.85.93.70 - - [27/Aug/2022:11:12:12 +0800] "GET /xingrg/all/function/internal_message.html?_=1661569928763&CODE_STATE=getMsg HTTP/1.1" 200 27
222.69.129.110 - - [27/Aug/2022:11:12:12 +0800] "GET /xingrg/all/function/internal_message.html?_=1661570002377&CODE_STATE=getMsg HTTP/1.1" 200 27
116.224.123.211 - - [27/Aug/2022:11:12:13 +0800] "GET /xingrg/all/function/internal_message.html?_=1661569929949&CODE_STATE=getMsg HTTP/1.1" 200 27
116.224.123.211 - - [27/Aug/2022:11:12:14 +0800] "GET /xingrg/check_reg.html?_=1661569930516 HTTP/1.1" 200 22
116.224.255.128 - - [27/Aug/2022:11:12:17 +0800] "GET /xingrg/all/function/internal_message.html?_=1661569857067&CODE_STATE=getMsg HTTP/1.1" 200 27
124.78.154.80 - - [27/Aug/2022:11:12:19 +0800] "GET /xingrg/all/function/internal_message.html?_=1661569942789&CODE_STATE=getMsg HTTP/1.1" 200 27
114.88.158.224 - - [27/Aug/2022:11:12:20 +0800] "GET /xingrg/kc/buy/cgsh_order_operate.html?command=get_materiel&rest_code=00141&code=00101008521&supplier_code=00100007&order_time=2022-08-27 HTTP/1.1" 200 409
114.84.5.35 - - [27/Aug/2022:11:12:20 +0800] "GET /xingrg/all/function/internal_message.html?_=1661569933123&CODE_STATE=getMsg HTTP/1.1" 200 27
124.78.154.80 - - [27/Aug/2022:11:12:23 +0800] "GET /xingrg/kc/buy/cgsh_order_operate.html?command=get_materiel&rest_code=00106&code=00101008163&supplier_code=00100007&order_time=2022-08-27 HTTP/1.1" 200 409
61.165.19.104 - - [27/Aug/2022:11:12:26 +0800] "GET /xingrg/all/function/internal_message.html?_=1661569942839&CODE_STATE=getMsg HTTP/1.1" 200 27
116.235.94.65 - - [27/Aug/2022:11:12:27 +0800] "GET /xingrg/kc/buy/cgsh_order_operate.html?command=get_materiel&rest_code=00104&code=00101006161&supplier_code=00100040&order_time=2022-08-27 HTTP/1.1" 200 411
116.235.94.65 - - [27/Aug/2022:11:12:28 +0800] "GET /xingrg/check_reg.html?_=1661570137089 HTTP/1.1" 200 22
116.235.94.65 - - [27/Aug/2022:11:12:28 +0800] "GET /xingrg/all/function/internal_message.html?_=1661570137089&CODE_STATE=getMsg HTTP/1.1" 200 27
114.88.158.224 - - [27/Aug/2022:11:12:30 +0800] "GET /xingrg/kc/buy/cgsh_order_operate.html?command=get_materiel&rest_code=00141&code=00101008350&supplier_code=00100007&order_time=2022-08-27 HTTP/1.1" 200 408
218.81.223.53 - - [27/Aug/2022:11:12:33 +0800] "GET /xingrg/all/function/internal_message.html?_=1661569972228&CODE_STATE=getMsg HTTP/1.1" 200 27
114.88.158.224 - - [27/Aug/2022:11:12:33 +0800] "GET /xingrg/check_reg.html?_=1661569617806 HTTP/1.1" 200 22
116.224.255.128 - - [27/Aug/2022:11:12:37 +0800] "GET /xingrg/all/function/internal_message.html?_=1661569952672&CODE_STATE=getMsg HTTP/1.1" 200 27
114.88.158.224 - - [27/Aug/2022:11:12:42 +0800] "GET /xingrg/kc/buy/cgsh_order_operate.html?command=get_materiel&rest_code=00141&code=00101008110&supplier_code=00100007&order_time=2022-08-27 HTTP/1.1" 200 408
61.165.19.104 - - [27/Aug/2022:11:12:43 +0800] "GET /xingrg/all/function/internal_message.html?_=1661569827680&CODE_STATE=getMsg HTTP/1.1" 200 27
116.233.73.81 - - [27/Aug/2022:11:12:44 +0800] "GET /xingrg/all/function/internal_message.html?_=1661569961863&CODE_STATE=getMsg HTTP/1.1" 200 27
116.232.194.65 - - [27/Aug/2022:11:12:46 +0800] "GET /xingrg/all/function/internal_message.html?_=1661569928029&CODE_STATE=getMsg HTTP/1.1" 200 27
116.235.94.65 - - [27/Aug/2022:11:12:49 +0800] "GET /xingrg/kc/buy/cgsh_order_operate.html?command=get_materiel&rest_code=00104&code=00101005037&supplier_code=00100040&order_time=2022-08-27 HTTP/1.1" 200 409
114.88.158.224 - - [27/Aug/2022:11:12:52 +0800] "GET /xingrg/kc/buy/cgsh_order_operate.html?command=get_materiel&rest_code=00141&code=00101008095&supplier_code=00100007&order_time=2022-08-27 HTTP/1.1" 200 412
114.83.218.32 - - [27/Aug/2022:11:12:53 +0800] "GET /xingrg/all/function/internal_message.html?_=1661569965758&CODE_STATE=getMsg HTTP/1.1" 200 27
114.88.158.224 - - [27/Aug/2022:11:12:55 +0800] "POST /xingrg/kc/buy/cgsh_order_operate.html HTTP/1.1" 200 2065
114.88.158.224 - - [27/Aug/2022:11:13:06 +0800] "GET /xingrg/kc/buy/cgsh_order_operate.html?command=get_materiel&rest_code=00141&code=00101008224&supplier_code=00100007&order_time=2022-08-27 HTTP/1.1" 200 416
114.88.158.224 - - [27/Aug/2022:11:13:10 +0800] "GET /xingrg/all/function/internal_message.html?_=1661569654518&CODE_STATE=getMsg HTTP/1.1" 200 27
101.80.228.36 - - [27/Aug/2022:11:13:11 +0800] "GET /xingrg/all/function/internal_message.html?_=1661569988160&CODE_STATE=getMsg HTTP/1.1" 200 27
116.235.94.65 - - [27/Aug/2022:11:13:11 +0800] "GET /xingrg/kc/buy/cgsh_order_operate.html?command=get_materiel&rest_code=00104&code=00101020144&supplier_code=00100040&order_time=2022-08-27 HTTP/1.1" 200 448
101.85.93.70 - - [27/Aug/2022:11:13:12 +0800] "GET /xingrg/all/function/internal_message.html?_=1661569988765&CODE_STATE=getMsg HTTP/1.1" 200 27
222.69.129.110 - - [27/Aug/2022:11:13:12 +0800] "GET /xingrg/all/function/internal_message.html?_=1661570062379&CODE_STATE=getMsg HTTP/1.1" 200 27
116.224.123.211 - - [27/Aug/2022:11:13:13 +0800] "GET /xingrg/all/function/internal_message.html?_=1661569989937&CODE_STATE=getMsg HTTP/1.1" 200 27
114.88.158.224 - - [27/Aug/2022:11:13:13 +0800] "GET /xingrg/kc/buy/cgsh_order_operate.html?command=get_materiel&rest_code=00141&code=00101015060&supplier_code=00100007&order_time=2022-08-27 HTTP/1.1" 200 412
116.224.255.128 - - [27/Aug/2022:11:13:17 +0800] "GET /xingrg/all/function/internal_message.html?_=1661569917074&CODE_STATE=getMsg HTTP/1.1" 200 27
124.78.154.80 - - [27/Aug/2022:11:13:19 +0800] "GET /xingrg/all/function/internal_message.html?_=1661570002794&CODE_STATE=getMsg HTTP/1.1" 200 27
114.84.5.35 - - [27/Aug/2022:11:13:20 +0800] "GET /xingrg/all/function/internal_message.html?_=1661569993120&CODE_STATE=getMsg HTTP/1.1" 200 27
114.88.158.224 - - [27/Aug/2022:11:13:21 +0800] "GET /xingrg/kc/buy/cgsh_order_operate.html?command=get_materiel&rest_code=00141&code=00101008223&supplier_code=00100007&order_time=2022-08-27 HTTP/1.1" 200 414
61.165.19.104 - - [27/Aug/2022:11:13:26 +0800] "GET /xingrg/all/function/internal_message.html?_=1661570002845&CODE_STATE=getMsg HTTP/1.1" 200 27
116.235.94.65 - - [27/Aug/2022:11:13:28 +0800] "GET /xingrg/all/function/internal_message.html?_=1661570197110&CODE_STATE=getMsg HTTP/1.1" 200 27
116.235.94.65 - - [27/Aug/2022:11:13:30 +0800] "GET /xingrg/kc/buy/cgsh_order_operate.html?command=get_materiel&rest_code=00104&code=00101019249&supplier_code=00100040&order_time=2022-08-27 HTTP/1.1" 200 468
114.88.158.224 - - [27/Aug/2022:11:13:31 +0800] "POST /xingrg/kc/buy/cgsh_order_operate.html HTTP/1.1" 200 2065
218.81.223.53 - - [27/Aug/2022:11:13:33 +0800] "GET /xingrg/all/function/internal_message.html?_=1661570032242&CODE_STATE=getMsg HTTP/1.1" 200 27
116.224.255.128 - - [27/Aug/2022:11:13:37 +0800] "GET /xingrg/all/function/internal_message.html?_=1661570012674&CODE_STATE=getMsg HTTP/1.1" 200 27
114.88.158.224 - - [27/Aug/2022:11:13:37 +0800] "GET /xingrg/kc/buy/cgsh_order_operate.html?command=get_materiel&rest_code=00141&code=00101008114&supplier_code=00100007&order_time=2022-08-27 HTTP/1.1" 200 412
61.165.19.104 - - [27/Aug/2022:11:13:43 +0800] "GET /xingrg/all/function/internal_message.html?_=1661569887689&CODE_STATE=getMsg HTTP/1.1" 200 27
116.233.73.81 - - [27/Aug/2022:11:13:44 +0800] "GET /xingrg/all/function/internal_message.html?_=1661570021865&CODE_STATE=getMsg HTTP/1.1" 200 27
116.235.94.65 - - [27/Aug/2022:11:13:46 +0800] "GET /xingrg/kc/buy/cgsh_order_operate.html?command=get_materiel&rest_code=00104&code=00101002027&supplier_code=00100040&order_time=2022-08-27 HTTP/1.1" 200 434
116.232.194.65 - - [27/Aug/2022:11:13:46 +0800] "GET /xingrg/all/function/internal_message.html?_=1661569988042&CODE_STATE=getMsg HTTP/1.1" 200 27
116.232.194.65 - - [27/Aug/2022:11:13:47 +0800] "GET /xingrg/check_reg.html?_=1661569988045 HTTP/1.1" 200 22
114.88.158.224 - - [27/Aug/2022:11:13:51 +0800] "GET /xingrg/kc/buy/cgsh_order_operate.html?command=get_materiel&rest_code=00141&code=00101008109&supplier_code=00100007&order_time=2022-08-27 HTTP/1.1" 200 413
114.83.218.32 - - [27/Aug/2022:11:13:53 +0800] "GET /xingrg/all/function/internal_message.html?_=1661570025748&CODE_STATE=getMsg HTTP/1.1" 200 27
114.88.158.224 - - [27/Aug/2022:11:14:02 +0800] "GET /xingrg/kc/buy/cgsh_order_operate.html?command=get_materiel&rest_code=00141&code=00101008125&supplier_code=00100007&order_time=2022-08-27 HTTP/1.1" 200 413
116.224.123.211 - - [27/Aug/2022:11:14:04 +0800] "GET /xingrg/kc/buy/cgsh_order_operate.html?command=get_materiel&rest_code=00102&code=00101006055&supplier_code=00100151&order_time=2022-08-27 HTTP/1.1" 200 409
114.88.158.224 - - [27/Aug/2022:11:14:10 +0800] "GET /xingrg/all/function/internal_message.html?_=1661569714602&CODE_STATE=getMsg HTTP/1.1" 200 27
101.80.228.36 - - [27/Aug/2022:11:14:11 +0800] "GET /xingrg/all/function/internal_message.html?_=1661570048130&CODE_STATE=getMsg HTTP/1.1" 200 27
114.88.158.224 - - [27/Aug/2022:11:14:11 +0800] "GET /xingrg/kc/buy/cgsh_order_operate.html?command=get_materiel&rest_code=00141&code=00101009016&supplier_code=00100007&order_time=2022-08-27 HTTP/1.1" 200 431
101.85.93.70 - - [27/Aug/2022:11:14:12 +0800] "GET /xingrg/all/function/internal_message.html?_=1661570048792&CODE_STATE=getMsg HTTP/1.1" 200 27
222.69.129.110 - - [27/Aug/2022:11:14:12 +0800] "GET /xingrg/all/function/internal_message.html?_=1661570122367&CODE_STATE=getMsg HTTP/1.1" 200 27
116.224.123.211 - - [27/Aug/2022:11:14:13 +0800] "GET /xingrg/all/function/internal_message.html?_=1661570049923&CODE_STATE=getMsg HTTP/1.1" 200 27
114.88.158.224 - - [27/Aug/2022:11:14:15 +0800] "POST /xingrg/kc/buy/cgsh_order_operate.html HTTP/1.1" 200 2065
116.224.255.128 - - [27/Aug/2022:11:14:15 +0800] "GET /xingrg/check_reg.html?_=1661569975552 HTTP/1.1" 200 22
116.224.255.128 - - [27/Aug/2022:11:14:17 +0800] "GET /xingrg/all/function/internal_message.html?_=1661569977087&CODE_STATE=getMsg HTTP/1.1" 200 27
116.224.123.211 - - [27/Aug/2022:11:14:18 +0800] "GET /xingrg/kc/buy/cgsh_order_operate.html?command=get_materiel&rest_code=00102&code=00101012029&supplier_code=00100151&order_time=2022-08-27 HTTP/1.1" 200 414
124.78.154.80 - - [27/Aug/2022:11:14:19 +0800] "GET /xingrg/all/function/internal_message.html?_=1661570062787&CODE_STATE=getMsg HTTP/1.1" 200 27
114.84.5.35 - - [27/Aug/2022:11:14:20 +0800] "GET /xingrg/all/function/internal_message.html?_=1661570053125&CODE_STATE=getMsg HTTP/1.1" 200 27
61.165.19.104 - - [27/Aug/2022:11:14:26 +0800] "GET /xingrg/all/function/internal_message.html?_=1661570062834&CODE_STATE=getMsg HTTP/1.1" 200 27
116.235.94.65 - - [27/Aug/2022:11:14:28 +0800] "GET /xingrg/all/function/internal_message.html?_=1661570257110&CODE_STATE=getMsg HTTP/1.1" 200 27
218.81.223.53 - - [27/Aug/2022:11:14:33 +0800] "GET /xingrg/all/function/internal_message.html?_=1661570092255&CODE_STATE=getMsg HTTP/1.1" 200 27
114.88.158.224 - - [27/Aug/2022:11:14:34 +0800] "GET /xingrg/kc/buy/cgsh_order_operate.html?command=get_materiel&rest_code=00141&code=00101009013&supplier_code=00100007&order_time=2022-08-27 HTTP/1.1" 200 420
116.224.255.128 - - [27/Aug/2022:11:14:37 +0800] "GET /xingrg/all/function/internal_message.html?_=1661570072674&CODE_STATE=getMsg HTTP/1.1" 200 27
116.224.255.128 - - [27/Aug/2022:11:14:37 +0800] "GET /xingrg/check_reg.html?_=1661570072676 HTTP/1.1" 200 22
101.80.228.36 - - [27/Aug/2022:11:14:38 +0800] "GET /xingrg/check_reg.html?_=1661570074866 HTTP/1.1" 200 22
114.88.158.224 - - [27/Aug/2022:11:14:43 +0800] "GET /xingrg/kc/buy/cgsh_order_operate.html?command=get_materiel&rest_code=00141&code=00101008418&supplier_code=00100007&order_time=2022-08-27 HTTP/1.1" 200 412
61.165.19.104 - - [27/Aug/2022:11:14:43 +0800] "GET /xingrg/all/function/internal_message.html?_=1661569947679&CODE_STATE=getMsg HTTP/1.1" 200 27
116.224.123.211 - - [27/Aug/2022:11:14:44 +0800] "GET /xingrg/kc/buy/cgsh_order_operate.html?command=get_materiel&rest_code=00102&code=00101006056&supplier_code=00100151&order_time=2022-08-27 HTTP/1.1" 200 414
116.233.73.81 - - [27/Aug/2022:11:14:44 +0800] "GET /xingrg/all/function/internal_message.html?_=1661570081866&CODE_STATE=getMsg HTTP/1.1" 200 27
116.232.194.65 - - [27/Aug/2022:11:14:46 +0800] "GET /xingrg/all/function/internal_message.html?_=1661570048037&CODE_STATE=getMsg HTTP/1.1" 200 27
116.224.123.211 - - [27/Aug/2022:11:14:53 +0800] "GET /xingrg/kc/buy/cgsh_order_operate.html?command=get_materiel&rest_code=00102&code=00101006109&supplier_code=00100151&order_time=2022-08-27 HTTP/1.1" 200 411
114.83.218.32 - - [27/Aug/2022:11:14:53 +0800] "GET /xingrg/all/function/internal_message.html?_=1661570085734&CODE_STATE=getMsg HTTP/1.1" 200 27
114.88.158.224 - - [27/Aug/2022:11:14:55 +0800] "GET /xingrg/kc/buy/cgsh_order_operate.html?command=get_materiel&rest_code=00141&code=00101009015&supplier_code=00100007&order_time=2022-08-27 HTTP/1.1" 200 416
114.88.158.224 - - [27/Aug/2022:11:15:05 +0800] "GET /xingrg/kc/buy/cgsh_order_operate.html?command=get_materiel&rest_code=00141&code=00101009007&supplier_code=00100007&order_time=2022-08-27 HTTP/1.1" 200 410
114.88.158.224 - - [27/Aug/2022:11:15:10 +0800] "GET /xingrg/all/function/internal_message.html?_=1661569774492&CODE_STATE=getMsg HTTP/1.1" 200 27
101.80.228.36 - - [27/Aug/2022:11:15:11 +0800] "GET /xingrg/all/function/internal_message.html?_=1661570108101&CODE_STATE=getMsg HTTP/1.1" 200 27
101.85.93.70 - - [27/Aug/2022:11:15:12 +0800] "GET /xingrg/all/function/internal_message.html?_=1661570108793&CODE_STATE=getMsg HTTP/1.1" 200 27
222.69.129.110 - - [27/Aug/2022:11:15:12 +0800] "GET /xingrg/all/function/internal_message.html?_=1661570182343&CODE_STATE=getMsg HTTP/1.1" 200 27
222.69.129.110 - - [27/Aug/2022:11:15:13 +0800] "GET /xingrg/check_reg.html?_=1661570183185 HTTP/1.1" 200 22
116.224.123.211 - - [27/Aug/2022:11:15:13 +0800] "GET /xingrg/all/function/internal_message.html?_=1661570109897&CODE_STATE=getMsg HTTP/1.1" 200 27
116.224.255.128 - - [27/Aug/2022:11:15:17 +0800] "GET /xingrg/all/function/internal_message.html?_=1661570037101&CODE_STATE=getMsg HTTP/1.1" 200 27
116.224.123.211 - - [27/Aug/2022:11:15:17 +0800] "GET /xingrg/kc/buy/cgsh_order_operate.html?command=get_materiel&rest_code=00102&code=00101006193&supplier_code=00100151&order_time=2022-08-27 HTTP/1.1" 200 409
124.78.154.80 - - [27/Aug/2022:11:15:19 +0800] "GET /xingrg/all/function/internal_message.html?_=1661570122784&CODE_STATE=getMsg HTTP/1.1" 200 27
114.84.5.35 - - [27/Aug/2022:11:15:20 +0800] "GET /xingrg/all/function/internal_message.html?_=1661570113113&CODE_STATE=getMsg HTTP/1.1" 200 27
114.88.158.224 - - [27/Aug/2022:11:15:24 +0800] "POST /xingrg/kc/buy/cgsh_order_operate.html HTTP/1.1" 200 2065
61.165.19.104 - - [27/Aug/2022:11:15:26 +0800] "GET /xingrg/all/function/internal_message.html?_=1661570122841&CODE_STATE=getMsg HTTP/1.1" 200 27
116.235.94.65 - - [27/Aug/2022:11:15:28 +0800] "GET /xingrg/all/function/internal_message.html?_=1661570317084&CODE_STATE=getMsg HTTP/1.1" 200 27
116.224.123.211 - - [27/Aug/2022:11:15:32 +0800] "GET /xingrg/kc/buy/cgsh_order_operate.html?command=get_materiel&rest_code=00102&code=00101006168&supplier_code=00100151&order_time=2022-08-27 HTTP/1.1" 200 423
218.81.223.53 - - [27/Aug/2022:11:15:33 +0800] "GET /xingrg/all/function/internal_message.html?_=1661570152270&CODE_STATE=getMsg HTTP/1.1" 200 27
116.224.255.128 - - [27/Aug/2022:11:15:37 +0800] "GET /xingrg/all/function/internal_message.html?_=1661570132663&CODE_STATE=getMsg HTTP/1.1" 200 27
61.165.19.104 - - [27/Aug/2022:11:15:43 +0800] "GET /xingrg/all/function/internal_message.html?_=1661570007688&CODE_STATE=getMsg HTTP/1.1" 200 27
61.165.19.104 - - [27/Aug/2022:11:15:43 +0800] "GET /xingrg/check_reg.html?_=1661570007691 HTTP/1.1" 200 22
116.233.73.81 - - [27/Aug/2022:11:15:44 +0800] "GET /xingrg/all/function/internal_message.html?_=1661570141869&CODE_STATE=getMsg HTTP/1.1" 200 27
116.232.194.65 - - [27/Aug/2022:11:15:46 +0800] "GET /xingrg/all/function/internal_message.html?_=1661570108039&CODE_STATE=getMsg HTTP/1.1" 200 27
116.224.123.211 - - [27/Aug/2022:11:15:49 +0800] "GET /xingrg/kc/buy/cgsh_order_operate.html?command=get_materiel&rest_code=00102&code=00101007061&supplier_code=00100151&order_time=2022-08-27 HTTP/1.1" 200 411
114.83.218.32 - - [27/Aug/2022:11:15:53 +0800] "GET /xingrg/all/function/internal_message.html?_=1661570145719&CODE_STATE=getMsg HTTP/1.1" 200 27
120.253.135.82 - - [27/Aug/2022:11:16:01 +0800] "GET /xingrg/check_reg.html?_=1661569961534 HTTP/1.1" 200 22
114.88.158.224 - - [27/Aug/2022:11:16:10 +0800] "GET /xingrg/all/function/internal_message.html?_=1661569834501&CODE_STATE=getMsg HTTP/1.1" 200 27
101.80.228.36 - - [27/Aug/2022:11:16:11 +0800] "GET /xingrg/all/function/internal_message.html?_=1661570168086&CODE_STATE=getMsg HTTP/1.1" 200 27
101.85.93.70 - - [27/Aug/2022:11:16:12 +0800] "GET /xingrg/check_reg.html?_=1661570168794 HTTP/1.1" 200 22
101.85.93.70 - - [27/Aug/2022:11:16:12 +0800] "GET /xingrg/all/function/internal_message.html?_=1661570168790&CODE_STATE=getMsg HTTP/1.1" 200 27
222.69.129.110 - - [27/Aug/2022:11:16:12 +0800] "GET /xingrg/all/function/internal_message.html?_=1661570242329&CODE_STATE=getMsg HTTP/1.1" 200 27
116.224.123.211 - - [27/Aug/2022:11:16:13 +0800] "GET /xingrg/all/function/internal_message.html?_=1661570169878&CODE_STATE=getMsg HTTP/1.1" 200 27
222.64.62.155 - - [27/Aug/2022:11:16:14 +0800] "GET /favicon.ico HTTP/1.1" 404 -
116.224.255.128 - - [27/Aug/2022:11:16:17 +0800] "GET /xingrg/all/function/internal_message.html?_=1661570097115&CODE_STATE=getMsg HTTP/1.1" 200 27
180.169.147.146 - - [27/Aug/2022:11:16:18 +0800] "GET /xingrg/check_reg.html?_=1661570177974 HTTP/1.1" 200 22
124.78.154.80 - - [27/Aug/2022:11:16:19 +0800] "GET /xingrg/check_reg.html?_=1661570182788 HTTP/1.1" 200 22
124.78.154.80 - - [27/Aug/2022:11:16:19 +0800] "GET /xingrg/all/function/internal_message.html?_=1661570182790&CODE_STATE=getMsg HTTP/1.1" 200 27
114.84.5.35 - - [27/Aug/2022:11:16:20 +0800] "GET /xingrg/check_reg.html?_=1661570173123 HTTP/1.1" 200 22
114.84.5.35 - - [27/Aug/2022:11:16:20 +0800] "GET /xingrg/all/function/internal_message.html?_=1661570173118&CODE_STATE=getMsg HTTP/1.1" 200 27
61.165.19.104 - - [27/Aug/2022:11:16:26 +0800] "GET /xingrg/all/function/internal_message.html?_=1661570182837&CODE_STATE=getMsg HTTP/1.1" 200 27
61.165.19.104 - - [27/Aug/2022:11:16:26 +0800] "GET /xingrg/check_reg.html?_=1661570182838 HTTP/1.1" 200 22
116.235.94.65 - - [27/Aug/2022:11:16:28 +0800] "GET /xingrg/all/function/internal_message.html?_=1661570377087&CODE_STATE=getMsg HTTP/1.1" 200 27
218.81.223.53 - - [27/Aug/2022:11:16:30 +0800] "GET /xingrg/check_reg.html?_=1661570209209 HTTP/1.1" 200 22
218.81.223.53 - - [27/Aug/2022:11:16:34 +0800] "GET /xingrg/all/function/internal_message.html?_=1661570212897&CODE_STATE=getMsg HTTP/1.1" 200 27
114.88.158.224 - - [27/Aug/2022:11:16:35 +0800] "GET /xingrg/kc/buy/cgsh_order_operate.html?command=get_materiel&rest_code=00141&code=00101008210&supplier_code=00100007&order_time=2022-08-27 HTTP/1.1" 200 408
116.224.255.128 - - [27/Aug/2022:11:16:37 +0800] "GET /xingrg/all/function/internal_message.html?_=1661570192676&CODE_STATE=getMsg HTTP/1.1" 200 27
61.165.19.104 - - [27/Aug/2022:11:16:43 +0800] "GET /xingrg/all/function/internal_message.html?_=1661570067676&CODE_STATE=getMsg HTTP/1.1" 200 27
116.233.73.81 - - [27/Aug/2022:11:16:44 +0800] "GET /xingrg/all/function/internal_message.html?_=1661570201871&CODE_STATE=getMsg HTTP/1.1" 200 27
116.233.73.81 - - [27/Aug/2022:11:16:44 +0800] "GET /xingrg/check_reg.html?_=1661570201871 HTTP/1.1" 200 22
180.169.147.146 - - [27/Aug/2022:11:16:45 +0800] "GET /xingrg/check_reg.html?_=1661570597314 HTTP/1.1" 200 22
116.232.194.65 - - [27/Aug/2022:11:16:46 +0800] "GET /xingrg/all/function/internal_message.html?_=1661570168030&CODE_STATE=getMsg HTTP/1.1" 200 27
114.88.158.224 - - [27/Aug/2022:11:16:52 +0800] "POST /xingrg/kc/buy/cgsh_order_operate.html HTTP/1.1" 200 2065
114.83.218.32 - - [27/Aug/2022:11:16:53 +0800] "GET /xingrg/all/function/internal_message.html?_=1661570205691&CODE_STATE=getMsg HTTP/1.1" 200 27
114.83.218.32 - - [27/Aug/2022:11:16:53 +0800] "GET /xingrg/check_reg.html?_=1661570205896 HTTP/1.1" 200 22
114.88.158.224 - - [27/Aug/2022:11:16:59 +0800] "GET /xingrg/kc/buy/cgsh_order_operate.html?command=get_materiel&rest_code=00141&code=00101008355&supplier_code=00100007&order_time=2022-08-27 HTTP/1.1" 200 408
114.88.158.224 - - [27/Aug/2022:11:17:10 +0800] "GET /xingrg/all/function/internal_message.html?_=1661569894475&CODE_STATE=getMsg HTTP/1.1" 200 27
101.80.228.36 - - [27/Aug/2022:11:17:11 +0800] "GET /xingrg/all/function/internal_message.html?_=1661570228072&CODE_STATE=getMsg HTTP/1.1" 200 27
101.85.93.70 - - [27/Aug/2022:11:17:12 +0800] "GET /xingrg/all/function/internal_message.html?_=1661570228787&CODE_STATE=getMsg HTTP/1.1" 200 27
222.69.129.110 - - [27/Aug/2022:11:17:12 +0800] "GET /xingrg/all/function/internal_message.html?_=1661570302314&CODE_STATE=getMsg HTTP/1.1" 200 27
116.224.123.211 - - [27/Aug/2022:11:17:13 +0800] "GET /xingrg/all/function/internal_message.html?_=1661570229858&CODE_STATE=getMsg HTTP/1.1" 200 27
116.224.123.211 - - [27/Aug/2022:11:17:14 +0800] "GET /xingrg/check_reg.html?_=1661570230502 HTTP/1.1" 200 22
116.224.255.128 - - [27/Aug/2022:11:17:17 +0800] "GET /xingrg/all/function/internal_message.html?_=1661570157148&CODE_STATE=getMsg HTTP/1.1" 200 27
124.78.154.80 - - [27/Aug/2022:11:17:19 +0800] "GET /xingrg/all/function/internal_message.html?_=1661570242793&CODE_STATE=getMsg HTTP/1.1" 200 27
114.84.5.35 - - [27/Aug/2022:11:17:20 +0800] "GET /xingrg/all/function/internal_message.html?_=1661570233115&CODE_STATE=getMsg HTTP/1.1" 200 27
61.165.19.104 - - [27/Aug/2022:11:17:26 +0800] "GET /xingrg/all/function/internal_message.html?_=1661570242834&CODE_STATE=getMsg HTTP/1.1" 200 27
116.235.94.65 - - [27/Aug/2022:11:17:28 +0800] "GET /xingrg/all/function/internal_message.html?_=1661570437088&CODE_STATE=getMsg HTTP/1.1" 200 27
116.224.123.211 - - [27/Aug/2022:11:17:28 +0800] "POST /xingrg/kc/buy/cgsh_order_operate.html HTTP/1.1" 200 37
116.235.94.65 - - [27/Aug/2022:11:17:28 +0800] "GET /xingrg/check_reg.html?_=1661570437089 HTTP/1.1" 200 22
116.224.123.211 - - [27/Aug/2022:11:17:30 +0800] "POST /xingrg/kc/buy/cgsh_order_operate.html HTTP/1.1" 200 7386
114.88.158.224 - - [27/Aug/2022:11:17:32 +0800] "GET /xingrg/kc/buy/cgsh_order_operate.html?command=get_materiel&rest_code=00141&code=00101008137&supplier_code=00100007&order_time=2022-08-27 HTTP/1.1" 200 408
114.88.158.224 - - [27/Aug/2022:11:17:33 +0800] "GET /xingrg/check_reg.html?_=1661569917807 HTTP/1.1" 200 22
218.81.223.53 - - [27/Aug/2022:11:17:34 +0800] "GET /xingrg/all/function/internal_message.html?_=1661570272905&CODE_STATE=getMsg HTTP/1.1" 200 27
116.224.255.128 - - [27/Aug/2022:11:17:37 +0800] "GET /xingrg/all/function/internal_message.html?_=1661570252663&CODE_STATE=getMsg HTTP/1.1" 200 27
61.165.19.104 - - [27/Aug/2022:11:17:43 +0800] "GET /xingrg/all/function/internal_message.html?_=1661570127685&CODE_STATE=getMsg HTTP/1.1" 200 27
116.233.73.81 - - [27/Aug/2022:11:17:44 +0800] "GET /xingrg/all/function/internal_message.html?_=1661570261872&CODE_STATE=getMsg HTTP/1.1" 200 27
116.232.194.65 - - [27/Aug/2022:11:17:47 +0800] "GET /xingrg/all/function/internal_message.html?_=1661570228044&CODE_STATE=getMsg HTTP/1.1" 200 27
114.88.158.224 - - [27/Aug/2022:11:17:49 +0800] "GET /xingrg/kc/buy/cgsh_order_operate.html?command=get_materiel&rest_code=00141&code=00101008059&supplier_code=00100007&order_time=2022-08-27 HTTP/1.1" 200 408
114.83.218.32 - - [27/Aug/2022:11:17:53 +0800] "GET /xingrg/all/function/internal_message.html?_=1661570265677&CODE_STATE=getMsg HTTP/1.1" 200 27
114.88.158.224 - - [27/Aug/2022:11:17:59 +0800] "GET /xingrg/kc/buy/cgsh_order_operate.html?command=get_materiel&rest_code=00141&code=00101008169&supplier_code=00100007&order_time=2022-08-27 HTTP/1.1" 200 412
114.88.158.224 - - [27/Aug/2022:11:18:10 +0800] "GET /xingrg/all/function/internal_message.html?_=1661569954573&CODE_STATE=getMsg HTTP/1.1" 200 27
101.80.228.36 - - [27/Aug/2022:11:18:11 +0800] "GET /xingrg/all/function/internal_message.html?_=1661570288058&CODE_STATE=getMsg HTTP/1.1" 200 27
101.85.93.70 - - [27/Aug/2022:11:18:12 +0800] "GET /xingrg/all/function/internal_message.html?_=1661570288786&CODE_STATE=getMsg HTTP/1.1" 200 27
222.69.129.110 - - [27/Aug/2022:11:18:12 +0800] "GET /xingrg/all/function/internal_message.html?_=1661570362294&CODE_STATE=getMsg HTTP/1.1" 200 27
116.224.123.211 - - [27/Aug/2022:11:18:13 +0800] "GET /xingrg/all/function/internal_message.html?_=1661570289842&CODE_STATE=getMsg HTTP/1.1" 200 27
116.224.255.128 - - [27/Aug/2022:11:18:17 +0800] "GET /xingrg/all/function/internal_message.html?_=1661570217158&CODE_STATE=getMsg HTTP/1.1" 200 27
124.78.154.80 - - [27/Aug/2022:11:18:19 +0800] "GET /xingrg/all/function/internal_message.html?_=1661570302795&CODE_STATE=getMsg HTTP/1.1" 200 27
114.84.5.35 - - [27/Aug/2022:11:18:20 +0800] "GET /xingrg/all/function/internal_message.html?_=1661570293114&CODE_STATE=getMsg HTTP/1.1" 200 27
61.165.19.104 - - [27/Aug/2022:11:18:26 +0800] "GET /xingrg/all/function/internal_message.html?_=1661570302834&CODE_STATE=getMsg HTTP/1.1" 200 27
116.235.94.65 - - [27/Aug/2022:11:18:28 +0800] "GET /xingrg/all/function/internal_message.html?_=1661570497105&CODE_STATE=getMsg HTTP/1.1" 200 27
218.81.223.53 - - [27/Aug/2022:11:18:34 +0800] "GET /xingrg/all/function/internal_message.html?_=1661570333551&CODE_STATE=getMsg HTTP/1.1" 200 27
116.224.255.128 - - [27/Aug/2022:11:18:37 +0800] "GET /xingrg/all/function/internal_message.html?_=1661570312662&CODE_STATE=getMsg HTTP/1.1" 200 27
61.165.19.104 - - [27/Aug/2022:11:18:43 +0800] "GET /xingrg/all/function/internal_message.html?_=1661570187674&CODE_STATE=getMsg HTTP/1.1" 200 27
116.224.123.211 - - [27/Aug/2022:11:18:44 +0800] "GET /xingrg/kc/buy/cgsh_order_operate.html?command=get_materiel&rest_code=00102&code=00101006112&supplier_code=00100151&order_time=2022-08-27 HTTP/1.1" 200 432
116.233.73.81 - - [27/Aug/2022:11:18:44 +0800] "GET /xingrg/all/function/internal_message.html?_=1661570321875&CODE_STATE=getMsg HTTP/1.1" 200 27
116.232.194.65 - - [27/Aug/2022:11:18:47 +0800] "GET /xingrg/all/function/internal_message.html?_=1661570288043&CODE_STATE=getMsg HTTP/1.1" 200 27
116.232.194.65 - - [27/Aug/2022:11:18:47 +0800] "GET /xingrg/check_reg.html?_=1661570288045 HTTP/1.1" 200 22
114.83.218.32 - - [27/Aug/2022:11:18:53 +0800] "GET /xingrg/all/function/internal_message.html?_=1661570325647&CODE_STATE=getMsg HTTP/1.1" 200 27
116.224.123.211 - - [27/Aug/2022:11:18:56 +0800] "POST /xingrg/kc/buy/cgsh_order_operate.html HTTP/1.1" 200 37
116.224.123.211 - - [27/Aug/2022:11:18:59 +0800] "POST /xingrg/kc/buy/cgsh_order_operate.html HTTP/1.1" 200 7977
114.88.158.224 - - [27/Aug/2022:11:19:10 +0800] "GET /xingrg/all/function/internal_message.html?_=1661570014576&CODE_STATE=getMsg HTTP/1.1" 200 27
101.80.228.36 - - [27/Aug/2022:11:19:11 +0800] "GET /xingrg/all/function/internal_message.html?_=1661570348042&CODE_STATE=getMsg HTTP/1.1" 200 27
101.85.93.70 - - [27/Aug/2022:11:19:12 +0800] "GET /xingrg/all/function/internal_message.html?_=1661570348785&CODE_STATE=getMsg HTTP/1.1" 200 27
222.69.129.110 - - [27/Aug/2022:11:19:12 +0800] "GET /xingrg/all/function/internal_message.html?_=1661570422273&CODE_STATE=getMsg HTTP/1.1" 200 27
116.224.123.211 - - [27/Aug/2022:11:19:13 +0800] "GET /xingrg/all/function/internal_message.html?_=1661570349836&CODE_STATE=getMsg HTTP/1.1" 200 27
116.224.255.128 - - [27/Aug/2022:11:19:15 +0800] "GET /xingrg/check_reg.html?_=1661570275576 HTTP/1.1" 200 22
116.224.255.128 - - [27/Aug/2022:11:19:17 +0800] "GET /xingrg/all/function/internal_message.html?_=1661570277171&CODE_STATE=getMsg HTTP/1.1" 200 27
114.88.158.224 - - [27/Aug/2022:11:19:17 +0800] "GET /xingrg/kc/buy/cgsh_order_operate.html?command=get_materiel&rest_code=00141&code=00101008072&supplier_code=00100007&order_time=2022-08-27 HTTP/1.1" 200 408
124.78.154.80 - - [27/Aug/2022:11:19:19 +0800] "GET /xingrg/all/function/internal_message.html?_=1661570362814&CODE_STATE=getMsg HTTP/1.1" 200 27
114.84.5.35 - - [27/Aug/2022:11:19:20 +0800] "GET /xingrg/all/function/internal_message.html?_=1661570353116&CODE_STATE=getMsg HTTP/1.1" 200 27
114.88.158.224 - - [27/Aug/2022:11:19:21 +0800] "POST /xingrg/kc/buy/cgsh_order_operate.html HTTP/1.1" 200 2065
61.165.19.104 - - [27/Aug/2022:11:19:26 +0800] "GET /xingrg/all/function/internal_message.html?_=1661570362834&CODE_STATE=getMsg HTTP/1.1" 200 27
116.235.94.65 - - [27/Aug/2022:11:19:28 +0800] "GET /xingrg/all/function/internal_message.html?_=1661570557090&CODE_STATE=getMsg HTTP/1.1" 200 27
218.81.223.53 - - [27/Aug/2022:11:19:34 +0800] "GET /xingrg/all/function/internal_message.html?_=1661570393556&CODE_STATE=getMsg HTTP/1.1" 200 27
116.224.255.128 - - [27/Aug/2022:11:19:37 +0800] "GET /xingrg/all/function/internal_message.html?_=1661570372666&CODE_STATE=getMsg HTTP/1.1" 200 27
116.224.255.128 - - [27/Aug/2022:11:19:37 +0800] "GET /xingrg/check_reg.html?_=1661570372668 HTTP/1.1" 200 22
101.80.228.36 - - [27/Aug/2022:11:19:38 +0800] "GET /xingrg/check_reg.html?_=1661570374872 HTTP/1.1" 200 22
114.88.158.224 - - [27/Aug/2022:11:19:41 +0800] "GET /xingrg/kc/buy/cgsh_order_operate.html?command=get_materiel&rest_code=00141&code=00101008186&supplier_code=00100007&order_time=2022-08-27 HTTP/1.1" 200 408
61.165.19.104 - - [27/Aug/2022:11:19:43 +0800] "GET /xingrg/all/function/internal_message.html?_=1661570247708&CODE_STATE=getMsg HTTP/1.1" 200 27
116.233.73.81 - - [27/Aug/2022:11:19:44 +0800] "GET /xingrg/all/function/internal_message.html?_=1661570381884&CODE_STATE=getMsg HTTP/1.1" 200 27
116.232.194.65 - - [27/Aug/2022:11:19:47 +0800] "GET /xingrg/all/function/internal_message.html?_=1661570348040&CODE_STATE=getMsg HTTP/1.1" 200 27
114.83.218.32 - - [27/Aug/2022:11:19:53 +0800] "GET /xingrg/all/function/internal_message.html?_=1661570385632&CODE_STATE=getMsg HTTP/1.1" 200 27
114.88.158.224 - - [27/Aug/2022:11:20:00 +0800] "POST /xingrg/kc/buy/cgsh_order_operate.html HTTP/1.1" 200 37
114.88.158.224 - - [27/Aug/2022:11:20:04 +0800] "POST /xingrg/kc/buy/cgsh_order_operate.html HTTP/1.1" 200 12
114.88.158.224 - - [27/Aug/2022:11:20:11 +0800] "GET /xingrg/kc/buy/cgsh_order_info.html?code=212022082709357 HTTP/1.1" 200 63320
101.80.228.36 - - [27/Aug/2022:11:20:11 +0800] "GET /xingrg/all/function/internal_message.html?_=1661570408012&CODE_STATE=getMsg HTTP/1.1" 200 27
114.88.158.224 - - [27/Aug/2022:11:20:11 +0800] "GET /xingrg/javascript/easyui/themes/default/validatebox.css HTTP/1.1" 404 1104
101.85.93.70 - - [27/Aug/2022:11:20:12 +0800] "GET /xingrg/all/function/internal_message.html?_=1661570408784&CODE_STATE=getMsg HTTP/1.1" 200 27
114.88.158.224 - - [27/Aug/2022:11:20:12 +0800] "POST /xingrg/kc/buy/cgsh_order_operate.html HTTP/1.1" 200 40147
222.69.129.110 - - [27/Aug/2022:11:20:12 +0800] "GET /xingrg/all/function/internal_message.html?_=1661570482255&CODE_STATE=getMsg HTTP/1.1" 200 27
222.69.129.110 - - [27/Aug/2022:11:20:13 +0800] "GET /xingrg/check_reg.html?_=1661570483177 HTTP/1.1" 200 22
116.224.123.211 - - [27/Aug/2022:11:20:13 +0800] "GET /xingrg/all/function/internal_message.html?_=1661570409815&CODE_STATE=getMsg HTTP/1.1" 200 27
114.88.158.224 - - [27/Aug/2022:11:20:14 +0800] "GET /xingrg/kc/print/load_data.html?order_code=212022082709357&kc_code=cgsh&condition= HTTP/1.1" 200 15646
116.224.255.128 - - [27/Aug/2022:11:20:17 +0800] "GET /xingrg/all/function/internal_message.html?_=1661570337185&CODE_STATE=getMsg HTTP/1.1" 200 27
124.78.154.80 - - [27/Aug/2022:11:20:19 +0800] "GET /xingrg/all/function/internal_message.html?_=1661570422811&CODE_STATE=getMsg HTTP/1.1" 200 27
180.162.112.166 - - [27/Aug/2022:11:20:20 +0800] "GET /favicon.ico HTTP/1.1" 404 -
114.84.5.35 - - [27/Aug/2022:11:20:20 +0800] "GET /xingrg/all/function/internal_message.html?_=1661570413117&CODE_STATE=getMsg HTTP/1.1" 200 27
114.88.158.224 - - [27/Aug/2022:11:20:23 +0800] "GET /xingrg/kc/buy/cgsh_order_add.html HTTP/1.1" 200 68417
114.88.158.224 - - [27/Aug/2022:11:20:23 +0800] "POST /xingrg/kc/buy/cgsh_order_operate.html HTTP/1.1" 200 8245
114.88.158.224 - - [27/Aug/2022:11:20:23 +0800] "GET /xingrg/javascript/easyui/themes/default/validatebox.css HTTP/1.1" 404 1104
61.165.19.104 - - [27/Aug/2022:11:20:26 +0800] "GET /xingrg/all/function/internal_message.html?_=1661570422834&CODE_STATE=getMsg HTTP/1.1" 200 27
116.235.94.65 - - [27/Aug/2022:11:20:28 +0800] "GET /xingrg/all/function/internal_message.html?_=1661570617104&CODE_STATE=getMsg HTTP/1.1" 200 27
218.81.223.53 - - [27/Aug/2022:11:20:35 +0800] "GET /xingrg/all/function/internal_message.html?_=1661570454154&CODE_STATE=getMsg HTTP/1.1" 200 27
116.224.255.128 - - [27/Aug/2022:11:20:37 +0800] "GET /xingrg/all/function/internal_message.html?_=1661570432673&CODE_STATE=getMsg HTTP/1.1" 200 27
114.88.158.224 - - [27/Aug/2022:11:20:43 +0800] "GET /xingrg/kc/buy/cgsh_order_operate.html?command=get_materiel&rest_code=00141&code=00101008593&supplier_code=00100450&order_time=2022-08-27 HTTP/1.1" 200 418
61.165.19.104 - - [27/Aug/2022:11:20:43 +0800] "GET /xingrg/all/function/internal_message.html?_=1661570307716&CODE_STATE=getMsg HTTP/1.1" 200 27
61.165.19.104 - - [27/Aug/2022:11:20:43 +0800] "GET /xingrg/check_reg.html?_=1661570307719 HTTP/1.1" 200 22
116.233.73.81 - - [27/Aug/2022:11:20:44 +0800] "GET /xingrg/all/function/internal_message.html?_=1661570441879&CODE_STATE=getMsg HTTP/1.1" 200 27
116.232.194.65 - - [27/Aug/2022:11:20:46 +0800] "GET /xingrg/all/function/internal_message.html?_=1661570408031&CODE_STATE=getMsg HTTP/1.1" 200 27
114.83.218.32 - - [27/Aug/2022:11:20:53 +0800] "GET /xingrg/all/function/internal_message.html?_=1661570445612&CODE_STATE=getMsg HTTP/1.1" 200 27
114.88.158.224 - - [27/Aug/2022:11:20:54 +0800] "GET /xingrg/kc/buy/cgsh_order_operate.html?command=get_materiel&rest_code=00141&code=00101015052&supplier_code=00100450&order_time=2022-08-27 HTTP/1.1" 200 413
120.253.135.82 - - [27/Aug/2022:11:21:01 +0800] "GET /xingrg/check_reg.html?_=1661570261535 HTTP/1.1" 200 22
116.224.123.211 - - [27/Aug/2022:11:21:05 +0800] "POST /xingrg/kc/buy/cgsh_order_operate.html HTTP/1.1" 200 37
114.88.158.224 - - [27/Aug/2022:11:21:05 +0800] "GET /xingrg/kc/buy/cgsh_order_operate.html?command=get_materiel&rest_code=00141&code=00102014088&supplier_code=00100450&order_time=2022-08-27 HTTP/1.1" 200 426
116.224.123.211 - - [27/Aug/2022:11:21:08 +0800] "POST /xingrg/kc/buy/cgsh_order_operate.html HTTP/1.1" 200 7977
114.88.158.224 - - [27/Aug/2022:11:21:10 +0800] "GET /xingrg/all/function/internal_message.html?_=1661570134487&CODE_STATE=getMsg HTTP/1.1" 200 27
101.80.228.36 - - [27/Aug/2022:11:21:11 +0800] "GET /xingrg/all/function/internal_message.html?_=1661570467998&CODE_STATE=getMsg HTTP/1.1" 200 27
101.85.93.70 - - [27/Aug/2022:11:21:12 +0800] "GET /xingrg/all/function/internal_message.html?_=1661570468789&CODE_STATE=getMsg HTTP/1.1" 200 27
101.85.93.70 - - [27/Aug/2022:11:21:12 +0800] "GET /xingrg/check_reg.html?_=1661570468793 HTTP/1.1" 200 22
222.69.129.110 - - [27/Aug/2022:11:21:12 +0800] "GET /xingrg/all/function/internal_message.html?_=1661570542229&CODE_STATE=getMsg HTTP/1.1" 200 27
116.224.123.211 - - [27/Aug/2022:11:21:13 +0800] "GET /xingrg/all/function/internal_message.html?_=1661570469791&CODE_STATE=getMsg HTTP/1.1" 200 27
114.88.158.224 - - [27/Aug/2022:11:21:13 +0800] "GET /xingrg/kc/buy/cgsh_order_operate.html?command=get_materiel&rest_code=00141&code=00101008568&supplier_code=00100450&order_time=2022-08-27 HTTP/1.1" 200 413
116.224.255.128 - - [27/Aug/2022:11:21:17 +0800] "GET /xingrg/all/function/internal_message.html?_=1661570397198&CODE_STATE=getMsg HTTP/1.1" 200 27
116.224.123.211 - - [27/Aug/2022:11:21:17 +0800] "POST /xingrg/kc/buy/cgsh_list_operate.html HTTP/1.1" 200 5232
180.169.147.146 - - [27/Aug/2022:11:21:18 +0800] "GET /xingrg/check_reg.html?_=1661570477980 HTTP/1.1" 200 22
124.78.154.80 - - [27/Aug/2022:11:21:19 +0800] "GET /xingrg/all/function/internal_message.html?_=1661570482819&CODE_STATE=getMsg HTTP/1.1" 200 27
124.78.154.80 - - [27/Aug/2022:11:21:19 +0800] "GET /xingrg/check_reg.html?_=1661570482822 HTTP/1.1" 200 22
114.84.5.35 - - [27/Aug/2022:11:21:20 +0800] "GET /xingrg/check_reg.html?_=1661570473124 HTTP/1.1" 200 22
114.84.5.35 - - [27/Aug/2022:11:21:20 +0800] "GET /xingrg/all/function/internal_message.html?_=1661570473120&CODE_STATE=getMsg HTTP/1.1" 200 27
116.224.123.211 - - [27/Aug/2022:11:21:23 +0800] "POST /xingrg/kc/buy/cgsh_list_operate.html HTTP/1.1" 200 2122
114.88.158.224 - - [27/Aug/2022:11:21:24 +0800] "GET /xingrg/kc/buy/cgsh_order_operate.html?command=get_materiel&rest_code=00141&code=00101008571&supplier_code=00100450&order_time=2022-08-27 HTTP/1.1" 200 412
61.165.19.104 - - [27/Aug/2022:11:21:26 +0800] "GET /xingrg/all/function/internal_message.html?_=1661570482861&CODE_STATE=getMsg HTTP/1.1" 200 27
61.165.19.104 - - [27/Aug/2022:11:21:26 +0800] "GET /xingrg/check_reg.html?_=1661570482863 HTTP/1.1" 200 22
116.235.94.65 - - [27/Aug/2022:11:21:28 +0800] "GET /xingrg/all/function/internal_message.html?_=1661570677090&CODE_STATE=getMsg HTTP/1.1" 200 27
218.81.223.53 - - [27/Aug/2022:11:21:30 +0800] "GET /xingrg/check_reg.html?_=1661570509214 HTTP/1.1" 200 22
222.64.62.155 - - [27/Aug/2022:11:21:31 +0800] "POST /xingrg/services/DataTransmitService HTTP/1.1" 200 524
222.64.62.155 - - [27/Aug/2022:11:21:32 +0800] "POST /xingrg/services/DataTransmitService HTTP/1.1" 200 412
114.88.158.224 - - [27/Aug/2022:11:21:34 +0800] "GET /xingrg/kc/buy/cgsh_order_operate.html?command=get_materiel&rest_code=00141&code=00101015121&supplier_code=00100450&order_time=2022-08-27 HTTP/1.1" 200 418
218.81.223.53 - - [27/Aug/2022:11:21:35 +0800] "GET /xingrg/all/function/internal_message.html?_=1661570514160&CODE_STATE=getMsg HTTP/1.1" 200 27
116.224.255.128 - - [27/Aug/2022:11:21:37 +0800] "GET /xingrg/all/function/internal_message.html?_=1661570492672&CODE_STATE=getMsg HTTP/1.1" 200 27
61.165.19.104 - - [27/Aug/2022:11:21:43 +0800] "GET /xingrg/all/function/internal_message.html?_=1661570367706&CODE_STATE=getMsg HTTP/1.1" 200 27
116.233.73.81 - - [27/Aug/2022:11:21:44 +0800] "GET /xingrg/all/function/internal_message.html?_=1661570501881&CODE_STATE=getMsg HTTP/1.1" 200 27
116.233.73.81 - - [27/Aug/2022:11:21:44 +0800] "GET /xingrg/check_reg.html?_=1661570501882 HTTP/1.1" 200 22
180.169.147.146 - - [27/Aug/2022:11:21:45 +0800] "GET /xingrg/check_reg.html?_=1661570897308 HTTP/1.1" 200 22
114.88.158.224 - - [27/Aug/2022:11:21:45 +0800] "GET /xingrg/kc/buy/cgsh_order_operate.html?command=get_materiel&rest_code=00141&code=00102014008&supplier_code=00100450&order_time=2022-08-27 HTTP/1.1" 200 409
116.232.194.65 - - [27/Aug/2022:11:21:47 +0800] "GET /xingrg/all/function/internal_message.html?_=1661570468035&CODE_STATE=getMsg HTTP/1.1" 200 27
114.83.218.32 - - [27/Aug/2022:11:21:53 +0800] "GET /xingrg/all/function/internal_message.html?_=1661570505589&CODE_STATE=getMsg HTTP/1.1" 200 27
114.83.218.32 - - [27/Aug/2022:11:21:53 +0800] "GET /xingrg/check_reg.html?_=1661570505888 HTTP/1.1" 200 22
114.88.158.224 - - [27/Aug/2022:11:22:00 +0800] "GET /xingrg/kc/buy/cgsh_order_operate.html?command=get_materiel&rest_code=00141&code=00101010696&supplier_code=00100450&order_time=2022-08-27 HTTP/1.1" 200 412
114.88.158.224 - - [27/Aug/2022:11:22:10 +0800] "GET /xingrg/all/function/internal_message.html?_=1661570194479&CODE_STATE=getMsg HTTP/1.1" 200 27
101.80.228.36 - - [27/Aug/2022:11:22:11 +0800] "GET /xingrg/all/function/internal_message.html?_=1661570527984&CODE_STATE=getMsg HTTP/1.1" 200 27
101.85.93.70 - - [27/Aug/2022:11:22:12 +0800] "GET /xingrg/all/function/internal_message.html?_=1661570528793&CODE_STATE=getMsg HTTP/1.1" 200 27
222.69.129.110 - - [27/Aug/2022:11:22:12 +0800] "GET /xingrg/all/function/internal_message.html?_=1661570602210&CODE_STATE=getMsg HTTP/1.1" 200 27
116.224.123.211 - - [27/Aug/2022:11:22:13 +0800] "GET /xingrg/all/function/internal_message.html?_=1661570529774&CODE_STATE=getMsg HTTP/1.1" 200 27
116.224.123.211 - - [27/Aug/2022:11:22:14 +0800] "GET /xingrg/check_reg.html?_=1661570530481 HTTP/1.1" 200 22
116.224.255.128 - - [27/Aug/2022:11:22:17 +0800] "GET /xingrg/all/function/internal_message.html?_=1661570457232&CODE_STATE=getMsg HTTP/1.1" 200 27
124.78.154.80 - - [27/Aug/2022:11:22:19 +0800] "GET /xingrg/all/function/internal_message.html?_=1661570542822&CODE_STATE=getMsg HTTP/1.1" 200 27
114.84.5.35 - - [27/Aug/2022:11:22:20 +0800] "GET /xingrg/all/function/internal_message.html?_=1661570533125&CODE_STATE=getMsg HTTP/1.1" 200 27
116.224.123.211 - - [27/Aug/2022:11:22:22 +0800] "POST /xingrg/kc/buy/cgsh_list_operate.html HTTP/1.1" 200 576
116.224.123.211 - - [27/Aug/2022:11:22:23 +0800] "GET /xingrg/kc/buy/cgsh_order_info.html?code=212022082709350 HTTP/1.1" 200 68451
116.224.123.211 - - [27/Aug/2022:11:22:23 +0800] "GET /xingrg/words/20220827093126_words.js HTTP/1.1" 304 -
116.224.123.211 - - [27/Aug/2022:11:22:23 +0800] "GET /xingrg/javascript/easyui/themes/default/validatebox.css HTTP/1.1" 404 1104
116.224.123.211 - - [27/Aug/2022:11:22:24 +0800] "POST /xingrg/kc/buy/cgsh_order_operate.html HTTP/1.1" 200 12775
61.165.19.104 - - [27/Aug/2022:11:22:26 +0800] "GET /xingrg/all/function/internal_message.html?_=1661570542863&CODE_STATE=getMsg HTTP/1.1" 200 27
116.235.94.65 - - [27/Aug/2022:11:22:28 +0800] "GET /xingrg/check_reg.html?_=1661570737088 HTTP/1.1" 200 22
116.235.94.65 - - [27/Aug/2022:11:22:28 +0800] "GET /xingrg/all/function/internal_message.html?_=1661570737089&CODE_STATE=getMsg HTTP/1.1" 200 27
114.88.158.224 - - [27/Aug/2022:11:22:33 +0800] "GET /xingrg/check_reg.html?_=1661570217864 HTTP/1.1" 200 22
218.81.223.53 - - [27/Aug/2022:11:22:35 +0800] "GET /xingrg/all/function/internal_message.html?_=1661570574173&CODE_STATE=getMsg HTTP/1.1" 200 27
116.224.255.128 - - [27/Aug/2022:11:22:37 +0800] "GET /xingrg/all/function/internal_message.html?_=1661570552673&CODE_STATE=getMsg HTTP/1.1" 200 27
114.88.158.224 - - [27/Aug/2022:11:22:39 +0800] "POST /xingrg/kc/buy/cgsh_order_operate.html HTTP/1.1" 200 37
114.88.158.224 - - [27/Aug/2022:11:22:42 +0800] "POST /xingrg/kc/buy/cgsh_order_operate.html HTTP/1.1" 200 12
61.165.19.104 - - [27/Aug/2022:11:22:43 +0800] "GET /xingrg/all/function/internal_message.html?_=1661570427715&CODE_STATE=getMsg HTTP/1.1" 200 27
114.88.158.224 - - [27/Aug/2022:11:22:44 +0800] "GET /xingrg/kc/buy/cgsh_order_info.html?code=212022082709358 HTTP/1.1" 200 63332
114.88.158.224 - - [27/Aug/2022:11:22:44 +0800] "GET /xingrg/javascript/easyui/themes/default/validatebox.css HTTP/1.1" 404 1104
116.233.73.81 - - [27/Aug/2022:11:22:44 +0800] "GET /xingrg/all/function/internal_message.html?_=1661570561883&CODE_STATE=getMsg HTTP/1.1" 200 27
114.88.158.224 - - [27/Aug/2022:11:22:45 +0800] "POST /xingrg/kc/buy/cgsh_order_operate.html HTTP/1.1" 200 4761
114.88.158.224 - - [27/Aug/2022:11:22:46 +0800] "GET /xingrg/kc/print/load_data.html?order_code=212022082709358&kc_code=cgsh&condition= HTTP/1.1" 200 2308
116.232.194.65 - - [27/Aug/2022:11:22:46 +0800] "GET /xingrg/all/function/internal_message.html?_=1661570528027&CODE_STATE=getMsg HTTP/1.1" 200 27
114.83.218.32 - - [27/Aug/2022:11:22:53 +0800] "GET /xingrg/all/function/internal_message.html?_=1661570565563&CODE_STATE=getMsg HTTP/1.1" 200 27
114.88.158.224 - - [27/Aug/2022:11:22:53 +0800] "GET /xingrg/kc/buy/cgsh_order_add.html HTTP/1.1" 200 68417
114.88.158.224 - - [27/Aug/2022:11:22:54 +0800] "POST /xingrg/kc/buy/cgsh_order_operate.html HTTP/1.1" 200 8245
114.88.158.224 - - [27/Aug/2022:11:22:54 +0800] "GET /xingrg/javascript/easyui/themes/default/validatebox.css HTTP/1.1" 404 1104
61.165.19.104 - - [27/Aug/2022:11:23:02 +0800] "GET /xingrg/kc/base/wldb_order_add.html HTTP/1.1" 200 30394
61.165.19.104 - - [27/Aug/2022:11:23:03 +0800] "GET /xingrg/words/20220827093126_words.js HTTP/1.1" 200 917214
61.165.19.104 - - [27/Aug/2022:11:23:03 +0800] "POST /xingrg/kc/base/wldb_order_operate.html HTTP/1.1" 200 6806
61.165.19.104 - - [27/Aug/2022:11:23:03 +0800] "GET /xingrg/javascript/easyui/themes/default/validatebox.css HTTP/1.1" 404 1104
114.88.158.224 - - [27/Aug/2022:11:23:08 +0800] "GET /xingrg/kc/buy/cgsh_order_operate.html?command=get_materiel&rest_code=00141&code=00101007071&supplier_code=00100004&order_time=2022-08-27 HTTP/1.1" 200 417
114.88.158.224 - - [27/Aug/2022:11:23:10 +0800] "GET /xingrg/all/function/internal_message.html?_=1661570254451&CODE_STATE=getMsg HTTP/1.1" 200 27
101.80.228.36 - - [27/Aug/2022:11:23:11 +0800] "GET /xingrg/all/function/internal_message.html?_=1661570587955&CODE_STATE=getMsg HTTP/1.1" 200 27
101.85.93.70 - - [27/Aug/2022:11:23:12 +0800] "GET /xingrg/all/function/internal_message.html?_=1661570588795&CODE_STATE=getMsg HTTP/1.1" 200 27
222.69.129.110 - - [27/Aug/2022:11:23:12 +0800] "GET /xingrg/all/function/internal_message.html?_=1661570662195&CODE_STATE=getMsg HTTP/1.1" 200 27
116.224.123.211 - - [27/Aug/2022:11:23:13 +0800] "GET /xingrg/all/function/internal_message.html?_=1661570589769&CODE_STATE=getMsg HTTP/1.1" 200 27
116.224.255.128 - - [27/Aug/2022:11:23:17 +0800] "GET /xingrg/all/function/internal_message.html?_=1661570517241&CODE_STATE=getMsg HTTP/1.1" 200 27
124.78.154.80 - - [27/Aug/2022:11:23:19 +0800] "GET /xingrg/all/function/internal_message.html?_=1661570602815&CODE_STATE=getMsg HTTP/1.1" 200 27
114.84.5.35 - - [27/Aug/2022:11:23:20 +0800] "GET /xingrg/all/function/internal_message.html?_=1661570593127&CODE_STATE=getMsg HTTP/1.1" 200 27
114.88.158.224 - - [27/Aug/2022:11:23:23 +0800] "GET /xingrg/kc/buy/cgsh_order_operate.html?command=get_materiel&rest_code=00141&code=00101007125&supplier_code=00100004&order_time=2022-08-27 HTTP/1.1" 200 406
61.165.19.104 - - [27/Aug/2022:11:23:26 +0800] "GET /xingrg/all/function/internal_message.html?_=1661570602863&CODE_STATE=getMsg HTTP/1.1" 200 27
61.165.19.104 - - [27/Aug/2022:11:23:26 +0800] "GET /xingrg/kc/base/wldb_order_operate.html?command=get_materiel&rest_code=00105&base_code=0010510&code=00101036002 HTTP/1.1" 200 439
116.235.94.65 - - [27/Aug/2022:11:23:28 +0800] "GET /xingrg/all/function/internal_message.html?_=1661570797089&CODE_STATE=getMsg HTTP/1.1" 200 27
114.88.158.224 - - [27/Aug/2022:11:23:35 +0800] "GET /xingrg/kc/buy/cgsh_order_operate.html?command=get_materiel&rest_code=00141&code=00101007061&supplier_code=00100004&order_time=2022-08-27 HTTP/1.1" 200 409
218.81.223.53 - - [27/Aug/2022:11:23:36 +0800] "GET /xingrg/all/function/internal_message.html?_=1661570634827&CODE_STATE=getMsg HTTP/1.1" 200 27
116.224.255.128 - - [27/Aug/2022:11:23:37 +0800] "GET /xingrg/all/function/internal_message.html?_=1661570612673&CODE_STATE=getMsg HTTP/1.1" 200 27
61.165.19.104 - - [27/Aug/2022:11:23:38 +0800] "POST /xingrg/kc/base/wldb_order_operate.html HTTP/1.1" 200 37
61.165.19.104 - - [27/Aug/2022:11:23:39 +0800] "POST /xingrg/kc/base/wldb_order_operate.html HTTP/1.1" 200 2190
61.165.19.104 - - [27/Aug/2022:11:23:40 +0800] "GET /xingrg/kc/base/wldb_order_info.html?code=422022082702272 HTTP/1.1" 200 30406
61.165.19.104 - - [27/Aug/2022:11:23:40 +0800] "GET /xingrg/javascript/easyui/themes/default/validatebox.css HTTP/1.1" 404 1104
61.165.19.104 - - [27/Aug/2022:11:23:40 +0800] "POST /xingrg/kc/base/wldb_order_operate.html HTTP/1.1" 200 2190
114.88.158.224 - - [27/Aug/2022:11:23:43 +0800] "GET /xingrg/kc/buy/cgsh_order_operate.html?command=get_materiel&rest_code=00141&code=00101007081&supplier_code=00100004&order_time=2022-08-27 HTTP/1.1" 200 413
61.165.19.104 - - [27/Aug/2022:11:23:43 +0800] "GET /xingrg/all/function/internal_message.html?_=1661570487698&CODE_STATE=getMsg HTTP/1.1" 200 27
116.233.73.81 - - [27/Aug/2022:11:23:44 +0800] "GET /xingrg/all/function/internal_message.html?_=1661570621885&CODE_STATE=getMsg HTTP/1.1" 200 27
116.232.194.65 - - [27/Aug/2022:11:23:47 +0800] "GET /xingrg/all/function/internal_message.html?_=1661570588040&CODE_STATE=getMsg HTTP/1.1" 200 27
116.232.194.65 - - [27/Aug/2022:11:23:47 +0800] "GET /xingrg/check_reg.html?_=1661570588042 HTTP/1.1" 200 22
114.83.218.32 - - [27/Aug/2022:11:23:53 +0800] "GET /xingrg/all/function/internal_message.html?_=1661570625555&CODE_STATE=getMsg HTTP/1.1" 200 27
