61.165.19.104 - - [27/Aug/2022:11:43:43 +0800] "GET /xingrg/all/function/internal_message.html?_=1661571687732&CODE_STATE=getMsg HTTP/1.1" 200 27
116.233.73.81 - - [27/Aug/2022:11:43:43 +0800] "GET /xingrg/all/function/internal_message.html?_=1661571820735&CODE_STATE=getMsg HTTP/1.1" 200 27
180.162.112.166 - - [27/Aug/2022:11:43:43 +0800] "GET /xingrg/all/function/internal_message.html?_=1661570976072&CODE_STATE=getMsg HTTP/1.1" 200 27
116.224.255.128 - - [27/Aug/2022:11:43:45 +0800] "GET /xingrg/kc/base/wldb_order_operate.html?command=get_materiel&rest_code=00150&base_code=0010445&code=00101013010 HTTP/1.1" 200 436
124.78.154.80 - - [27/Aug/2022:11:43:46 +0800] "GET /xingrg/kc/base/base_main.html HTTP/1.1" 200 12142
124.78.154.80 - - [27/Aug/2022:11:43:46 +0800] "POST /xingrg/kc/mdqp/pssh_list_operate.html HTTP/1.1" 200 814
116.232.194.65 - - [27/Aug/2022:11:43:47 +0800] "GET /xingrg/all/function/internal_message.html?_=1661571788029&CODE_STATE=getMsg HTTP/1.1" 200 27
116.232.194.65 - - [27/Aug/2022:11:43:47 +0800] "GET /xingrg/check_reg.html?_=1661571788031 HTTP/1.1" 200 22
124.78.154.80 - - [27/Aug/2022:11:43:49 +0800] "GET /xingrg/kc/base/wldb_order_list.html HTTP/1.1" 200 19180
124.78.154.80 - - [27/Aug/2022:11:43:50 +0800] "POST /xingrg/kc/base/wldb_list_operate.html HTTP/1.1" 200 928
124.78.154.80 - - [27/Aug/2022:11:43:52 +0800] "GET /xingrg/kc/base/wldb_order_add.html HTTP/1.1" 200 30394
124.78.154.80 - - [27/Aug/2022:11:43:52 +0800] "POST /xingrg/kc/base/wldb_order_operate.html HTTP/1.1" 200 6806
124.78.154.80 - - [27/Aug/2022:11:43:52 +0800] "GET /xingrg/all/common/auto_word.html?type=base&rest_code=00106 HTTP/1.1" 200 1799
124.78.154.80 - - [27/Aug/2022:11:43:52 +0800] "GET /xingrg/all/common/auto_word.html?type=base&rest_code=00106 HTTP/1.1" 200 1799
124.78.154.80 - - [27/Aug/2022:11:43:52 +0800] "GET /xingrg/javascript/easyui/themes/default/validatebox.css HTTP/1.1" 404 1104
114.83.218.32 - - [27/Aug/2022:11:43:53 +0800] "GET /xingrg/all/function/internal_message.html?_=1661571825182&CODE_STATE=getMsg HTTP/1.1" 200 27
124.78.154.80 - - [27/Aug/2022:11:43:54 +0800] "POST /xingrg/all/common/load_combo.html?type=base HTTP/1.1" 200 3227
116.233.73.81 - - [27/Aug/2022:11:43:55 +0800] "GET /xingrg/kc/buy/cgsh_order_operate.html?command=get_materiel&rest_code=00109&code=00101008355&supplier_code=00100005&order_time=2022-08-27 HTTP/1.1" 200 408
124.78.154.80 - - [27/Aug/2022:11:43:58 +0800] "POST /xingrg/all/common/load_combo.html?type=base HTTP/1.1" 200 3227
116.224.255.128 - - [27/Aug/2022:11:43:59 +0800] "POST /xingrg/kc/base/wldb_order_operate.html HTTP/1.1" 200 37
116.224.255.128 - - [27/Aug/2022:11:44:00 +0800] "POST /xingrg/kc/base/wldb_order_operate.html HTTP/1.1" 200 7643
116.224.255.128 - - [27/Aug/2022:11:44:01 +0800] "GET /xingrg/kc/base/wldb_order_info.html?code=422022082702282 HTTP/1.1" 200 30417
116.224.255.128 - - [27/Aug/2022:11:44:01 +0800] "GET /xingrg/javascript/easyui/themes/default/validatebox.css HTTP/1.1" 404 1104
116.233.73.81 - - [27/Aug/2022:11:44:02 +0800] "GET /xingrg/kc/buy/cgsh_order_operate.html?command=get_materiel&rest_code=00109&code=00101008004&supplier_code=00100005&order_time=2022-08-27 HTTP/1.1" 200 416
116.224.255.128 - - [27/Aug/2022:11:44:02 +0800] "POST /xingrg/kc/base/wldb_order_operate.html HTTP/1.1" 200 7643
116.233.73.81 - - [27/Aug/2022:11:44:07 +0800] "GET /xingrg/kc/buy/cgsh_order_operate.html?command=get_materiel&rest_code=00109&code=00101008296&supplier_code=00100005&order_time=2022-08-27 HTTP/1.1" 200 416
114.88.158.224 - - [27/Aug/2022:11:44:10 +0800] "GET /xingrg/all/function/internal_message.html?_=1661571513988&CODE_STATE=getMsg HTTP/1.1" 200 27
101.80.228.36 - - [27/Aug/2022:11:44:10 +0800] "GET /xingrg/all/function/internal_message.html?_=1661571847601&CODE_STATE=getMsg HTTP/1.1" 200 27
116.224.255.128 - - [27/Aug/2022:11:44:12 +0800] "GET /xingrg/kc/base/yddb_order_list.html HTTP/1.1" 200 16792
222.69.129.110 - - [27/Aug/2022:11:44:12 +0800] "GET /xingrg/all/function/internal_message.html?_=1661571921797&CODE_STATE=getMsg HTTP/1.1" 200 27
101.85.93.70 - - [27/Aug/2022:11:44:12 +0800] "GET /xingrg/all/function/internal_message.html?_=1661571848819&CODE_STATE=getMsg HTTP/1.1" 200 27
116.224.255.128 - - [27/Aug/2022:11:44:12 +0800] "POST /xingrg/kc/base/yddb_list_operate.html HTTP/1.1" 200 636
116.233.73.81 - - [27/Aug/2022:11:44:13 +0800] "GET /xingrg/kc/buy/cgsh_order_operate.html?command=get_materiel&rest_code=00109&code=00101008169&supplier_code=00100005&order_time=2022-08-27 HTTP/1.1" 200 412
116.224.255.128 - - [27/Aug/2022:11:44:13 +0800] "GET /xingrg/kc/base/yddb_order_add.html HTTP/1.1" 200 29837
116.224.255.128 - - [27/Aug/2022:11:44:13 +0800] "GET /xingrg/dwr/engine.js HTTP/1.1" 200 43631
116.224.255.128 - - [27/Aug/2022:11:44:13 +0800] "GET /xingrg/dwr/interface/AjaxComOrderService.js HTTP/1.1" 200 18264
116.224.255.128 - - [27/Aug/2022:11:44:13 +0800] "GET /xingrg/dwr/interface/AjaxYddbService.js HTTP/1.1" 200 13201
116.224.255.128 - - [27/Aug/2022:11:44:15 +0800] "GET /xingrg/check_reg.html?_=1661571775694 HTTP/1.1" 200 22
116.224.255.128 - - [27/Aug/2022:11:44:16 +0800] "POST /xingrg/dwr/call/plaincall/AjaxYddbService.getRestBases.dwr HTTP/1.1" 200 1616
116.224.255.128 - - [27/Aug/2022:11:44:17 +0800] "GET /xingrg/all/function/internal_message.html?_=1661571777589&CODE_STATE=getMsg HTTP/1.1" 200 27
124.78.154.80 - - [27/Aug/2022:11:44:19 +0800] "GET /xingrg/all/function/internal_message.html?_=1661571862896&CODE_STATE=getMsg HTTP/1.1" 200 27
116.233.73.81 - - [27/Aug/2022:11:44:20 +0800] "GET /xingrg/kc/buy/cgsh_order_operate.html?command=get_materiel&rest_code=00109&code=00101008359&supplier_code=00100005&order_time=2022-08-27 HTTP/1.1" 200 408
116.224.255.128 - - [27/Aug/2022:11:44:20 +0800] "POST /xingrg/dwr/call/plaincall/AjaxYddbService.saveOrder.dwr HTTP/1.1" 200 78
116.224.255.128 - - [27/Aug/2022:11:44:20 +0800] "GET /xingrg/images/yd/bt.gif HTTP/1.1" 404 1040
114.84.5.35 - - [27/Aug/2022:11:44:20 +0800] "GET /xingrg/all/function/internal_message.html?_=1661571853169&CODE_STATE=getMsg HTTP/1.1" 200 27
116.224.255.128 - - [27/Aug/2022:11:44:22 +0800] "POST /xingrg/dwr/call/plaincall/AjaxComOrderService.getMaterielSearchList.dwr HTTP/1.1" 200 571
116.224.255.128 - - [27/Aug/2022:11:44:24 +0800] "POST /xingrg/dwr/call/plaincall/AjaxYddbService.getMaterielByMap.dwr HTTP/1.1" 200 3878
124.78.154.80 - - [27/Aug/2022:11:44:24 +0800] "GET /xingrg/kc/base/wldb_order_operate.html?command=get_materiel&rest_code=00106&base_code=0010397&code=00101017003 HTTP/1.1" 200 448
116.224.255.128 - - [27/Aug/2022:11:44:25 +0800] "POST /xingrg/dwr/call/plaincall/AjaxYddbService.saveMaterielItem.dwr HTTP/1.1" 200 78
61.165.19.104 - - [27/Aug/2022:11:44:26 +0800] "GET /xingrg/all/function/internal_message.html?_=1661571862894&CODE_STATE=getMsg HTTP/1.1" 200 27
116.224.255.128 - - [27/Aug/2022:11:44:27 +0800] "POST /xingrg/dwr/call/plaincall/AjaxComOrderService.getMaterielSearchList.dwr HTTP/1.1" 200 20901
116.224.255.128 - - [27/Aug/2022:11:44:27 +0800] "POST /xingrg/dwr/call/plaincall/AjaxComOrderService.getMaterielSearchList.dwr HTTP/1.1" 200 1012
116.235.94.65 - - [27/Aug/2022:11:44:28 +0800] "GET /xingrg/all/function/internal_message.html?_=1661572057108&CODE_STATE=getMsg HTTP/1.1" 200 27
116.224.255.128 - - [27/Aug/2022:11:44:30 +0800] "POST /xingrg/dwr/call/plaincall/AjaxYddbService.getMaterielByMap.dwr HTTP/1.1" 200 3932
116.233.73.81 - - [27/Aug/2022:11:44:31 +0800] "GET /xingrg/kc/buy/cgsh_order_operate.html?command=get_materiel&rest_code=00109&code=00101008185&supplier_code=00100005&order_time=2022-08-27 HTTP/1.1" 200 408
116.224.255.128 - - [27/Aug/2022:11:44:31 +0800] "POST /xingrg/dwr/call/plaincall/AjaxYddbService.saveMaterielItem.dwr HTTP/1.1" 200 78
120.253.135.82 - - [27/Aug/2022:11:44:32 +0800] "GET /xingrg/all/function/internal_message.html?_=1661571998642&CODE_STATE=getMsg HTTP/1.1" 200 27
116.224.123.211 - - [27/Aug/2022:11:44:34 +0800] "GET /xingrg/kc/buy/cgsh_order_info.html?code=212022082709350 HTTP/1.1" 200 63343
116.224.123.211 - - [27/Aug/2022:11:44:34 +0800] "GET /xingrg/javascript/easyui/themes/default/validatebox.css HTTP/1.1" 404 1104
116.224.255.128 - - [27/Aug/2022:11:44:35 +0800] "POST /xingrg/dwr/call/plaincall/AjaxYddbService.checkOrder.dwr HTTP/1.1" 200 78
116.224.123.211 - - [27/Aug/2022:11:44:35 +0800] "POST /xingrg/kc/buy/cgsh_order_operate.html HTTP/1.1" 200 10721
101.80.228.36 - - [27/Aug/2022:11:44:38 +0800] "GET /xingrg/check_reg.html?_=1661571874867 HTTP/1.1" 200 22
116.224.255.128 - - [27/Aug/2022:11:44:39 +0800] "GET /xingrg/kc/base/yddb_order_info.html?code=482022082700191 HTTP/1.1" 200 29585
116.224.255.128 - - [27/Aug/2022:11:44:39 +0800] "GET /xingrg/dwr/interface/AjaxComOrderService.js HTTP/1.1" 200 18264
116.224.255.128 - - [27/Aug/2022:11:44:39 +0800] "GET /xingrg/dwr/interface/AjaxYddbService.js HTTP/1.1" 200 13201
116.224.255.128 - - [27/Aug/2022:11:44:39 +0800] "GET /xingrg/dwr/engine.js HTTP/1.1" 200 43631
116.224.255.128 - - [27/Aug/2022:11:44:39 +0800] "POST /xingrg/dwr/call/plaincall/AjaxYddbService.loadMaterielItems.dwr HTTP/1.1" 200 763
116.224.123.211 - - [27/Aug/2022:11:44:39 +0800] "POST /xingrg/kc/buy/cgsh_list_operate.html HTTP/1.1" 200 752
116.224.255.128 - - [27/Aug/2022:11:44:41 +0800] "GET /xingrg/all/function/internal_message.html?_=1661571876909&CODE_STATE=getMsg HTTP/1.1" 200 27
218.81.223.53 - - [27/Aug/2022:11:44:41 +0800] "GET /xingrg/all/function/internal_message.html?_=1661571900136&CODE_STATE=getMsg HTTP/1.1" 200 27
61.165.19.104 - - [27/Aug/2022:11:44:43 +0800] "GET /xingrg/all/function/internal_message.html?_=1661571747720&CODE_STATE=getMsg HTTP/1.1" 200 27
116.233.73.81 - - [27/Aug/2022:11:44:43 +0800] "GET /xingrg/all/function/internal_message.html?_=1661571880737&CODE_STATE=getMsg HTTP/1.1" 200 27
180.162.112.166 - - [27/Aug/2022:11:44:43 +0800] "GET /xingrg/all/function/internal_message.html?_=1661571036073&CODE_STATE=getMsg HTTP/1.1" 200 27
124.78.154.80 - - [27/Aug/2022:11:44:44 +0800] "POST /xingrg/kc/base/wldb_order_operate.html HTTP/1.1" 200 37
116.224.123.211 - - [27/Aug/2022:11:44:44 +0800] "GET /xingrg/kc/base/wldb_order_list.html HTTP/1.1" 200 19180
124.78.154.80 - - [27/Aug/2022:11:44:45 +0800] "POST /xingrg/kc/base/wldb_order_operate.html HTTP/1.1" 200 2199
116.224.123.211 - - [27/Aug/2022:11:44:45 +0800] "POST /xingrg/kc/base/wldb_list_operate.html HTTP/1.1" 200 928
124.78.154.80 - - [27/Aug/2022:11:44:45 +0800] "GET /xingrg/kc/base/wldb_order_info.html?code=422022082702283 HTTP/1.1" 200 30406
124.78.154.80 - - [27/Aug/2022:11:44:45 +0800] "GET /xingrg/javascript/easyui/themes/default/validatebox.css HTTP/1.1" 404 1104
116.224.123.211 - - [27/Aug/2022:11:44:46 +0800] "GET /xingrg/kc/base/wldb_order_add.html HTTP/1.1" 200 30390
124.78.154.80 - - [27/Aug/2022:11:44:46 +0800] "POST /xingrg/kc/base/wldb_order_operate.html HTTP/1.1" 200 2199
116.224.123.211 - - [27/Aug/2022:11:44:46 +0800] "POST /xingrg/kc/base/wldb_order_operate.html HTTP/1.1" 200 6806
116.224.123.211 - - [27/Aug/2022:11:44:46 +0800] "GET /xingrg/all/common/auto_word.html?type=base&rest_code=00102 HTTP/1.1" 200 1857
116.224.123.211 - - [27/Aug/2022:11:44:46 +0800] "GET /xingrg/all/common/auto_word.html?type=base&rest_code=00102 HTTP/1.1" 200 1857
116.224.123.211 - - [27/Aug/2022:11:44:46 +0800] "GET /xingrg/javascript/easyui/themes/default/validatebox.css HTTP/1.1" 404 1104
116.232.194.65 - - [27/Aug/2022:11:44:47 +0800] "GET /xingrg/all/function/internal_message.html?_=1661571848037&CODE_STATE=getMsg HTTP/1.1" 200 27
120.253.135.82 - - [27/Aug/2022:11:44:48 +0800] "GET /xingrg/check_reg.html?_=1661571682527 HTTP/1.1" 200 22
124.78.154.80 - - [27/Aug/2022:11:44:49 +0800] "GET /xingrg/kc/base/wldb_order_add.html HTTP/1.1" 200 30394
124.78.154.80 - - [27/Aug/2022:11:44:49 +0800] "POST /xingrg/kc/base/wldb_order_operate.html HTTP/1.1" 200 6806
124.78.154.80 - - [27/Aug/2022:11:44:50 +0800] "GET /xingrg/javascript/easyui/themes/default/validatebox.css HTTP/1.1" 404 1104
124.78.154.80 - - [27/Aug/2022:11:44:51 +0800] "POST /xingrg/all/common/load_combo.html?type=base HTTP/1.1" 200 3227
116.224.123.211 - - [27/Aug/2022:11:44:52 +0800] "POST /xingrg/all/common/load_combo.html?type=base HTTP/1.1" 200 3321
114.83.218.32 - - [27/Aug/2022:11:44:53 +0800] "GET /xingrg/all/function/internal_message.html?_=1661571885153&CODE_STATE=getMsg HTTP/1.1" 200 27
116.224.123.211 - - [27/Aug/2022:11:44:53 +0800] "POST /xingrg/all/common/load_combo.html?type=base HTTP/1.1" 200 3321
124.78.154.80 - - [27/Aug/2022:11:44:55 +0800] "POST /xingrg/all/common/load_combo.html?type=base HTTP/1.1" 200 3227
120.253.135.82 - - [27/Aug/2022:11:44:58 +0800] "GET /xingrg/kc/pszx/mdqp_order_list.html?state=10 HTTP/1.1" 200 11465
120.253.135.82 - - [27/Aug/2022:11:44:58 +0800] "GET /xingrg/dwr/interface/AjaxQqpsService.js HTTP/1.1" 200 16326
120.253.135.82 - - [27/Aug/2022:11:44:58 +0800] "GET /xingrg/dwr/engine.js HTTP/1.1" 200 43631
120.253.135.82 - - [27/Aug/2022:11:44:58 +0800] "GET /xingrg/dwr/interface/AjaxReportQueryService.js HTTP/1.1" 200 13203
116.224.123.211 - - [27/Aug/2022:11:44:59 +0800] "GET /xingrg/javascript/auto/indicator.gif HTTP/1.1" 404 1066
120.253.135.82 - - [27/Aug/2022:11:45:03 +0800] "GET /xingrg/kc/pszx/mdqp_order_info.html?code=302022082700502 HTTP/1.1" 200 13350
120.253.135.82 - - [27/Aug/2022:11:45:03 +0800] "GET /xingrg/dwr/interface/AjaxComOrderService.js HTTP/1.1" 200 18264
120.253.135.82 - - [27/Aug/2022:11:45:03 +0800] "GET /xingrg/dwr/interface/AjaxQqpsService.js HTTP/1.1" 200 16326
120.253.135.82 - - [27/Aug/2022:11:45:03 +0800] "GET /xingrg/dwr/engine.js HTTP/1.1" 200 43631
120.253.135.82 - - [27/Aug/2022:11:45:04 +0800] "POST /xingrg/dwr/call/plaincall/AjaxQqpsService.loadMaterielItems.dwr HTTP/1.1" 200 694
116.224.123.211 - - [27/Aug/2022:11:45:04 +0800] "GET /xingrg/kc/base/wldb_order_operate.html?command=get_materiel&rest_code=00102&base_code=0010476&code=00101019527 HTTP/1.1" 200 473
120.253.135.82 - - [27/Aug/2022:11:45:07 +0800] "GET /xingrg/kc/pszx/mdqp_order_list.html?isBack=1 HTTP/1.1" 302 -
120.253.135.82 - - [27/Aug/2022:11:45:08 +0800] "GET /xingrg/kc/pszx/mdqp_order_list.html?state=10 HTTP/1.1" 200 11465
120.253.135.82 - - [27/Aug/2022:11:45:08 +0800] "GET /xingrg/dwr/interface/AjaxReportQueryService.js HTTP/1.1" 200 13203
120.253.135.82 - - [27/Aug/2022:11:45:08 +0800] "GET /xingrg/dwr/interface/AjaxQqpsService.js HTTP/1.1" 200 16326
120.253.135.82 - - [27/Aug/2022:11:45:08 +0800] "GET /xingrg/dwr/engine.js HTTP/1.1" 200 43631
114.88.158.224 - - [27/Aug/2022:11:45:10 +0800] "GET /xingrg/all/function/internal_message.html?_=1661571573961&CODE_STATE=getMsg HTTP/1.1" 200 27
120.253.135.82 - - [27/Aug/2022:11:45:10 +0800] "GET /xingrg/kc/pszx/mdqp_order_info.html?code=302022082700499 HTTP/1.1" 200 13350
120.253.135.82 - - [27/Aug/2022:11:45:10 +0800] "GET /xingrg/dwr/interface/AjaxComOrderService.js HTTP/1.1" 200 18264
120.253.135.82 - - [27/Aug/2022:11:45:10 +0800] "GET /xingrg/dwr/interface/AjaxQqpsService.js HTTP/1.1" 200 16326
120.253.135.82 - - [27/Aug/2022:11:45:10 +0800] "GET /xingrg/dwr/engine.js HTTP/1.1" 200 43631
120.253.135.82 - - [27/Aug/2022:11:45:10 +0800] "POST /xingrg/dwr/call/plaincall/AjaxQqpsService.loadMaterielItems.dwr HTTP/1.1" 200 1238
124.78.154.80 - - [27/Aug/2022:11:45:10 +0800] "GET /xingrg/kc/base/wldb_order_operate.html?command=get_materiel&rest_code=00106&base_code=0010397&code=00102002114 HTTP/1.1" 200 463
101.80.228.36 - - [27/Aug/2022:11:45:10 +0800] "GET /xingrg/all/function/internal_message.html?_=1661571907575&CODE_STATE=getMsg HTTP/1.1" 200 27
116.224.123.211 - - [27/Aug/2022:11:45:11 +0800] "GET /xingrg/kc/base/wldb_order_operate.html?command=get_materiel&rest_code=00102&base_code=0010476&code=00101019430 HTTP/1.1" 200 477
222.69.129.110 - - [27/Aug/2022:11:45:12 +0800] "GET /xingrg/all/function/internal_message.html?_=1661571981777&CODE_STATE=getMsg HTTP/1.1" 200 27
101.85.93.70 - - [27/Aug/2022:11:45:12 +0800] "GET /xingrg/all/function/internal_message.html?_=1661571908819&CODE_STATE=getMsg HTTP/1.1" 200 27
222.69.129.110 - - [27/Aug/2022:11:45:13 +0800] "GET /xingrg/check_reg.html?_=1661571983187 HTTP/1.1" 200 22
116.224.123.211 - - [27/Aug/2022:11:45:13 +0800] "GET /xingrg/all/function/internal_message.html?_=1661571909732&CODE_STATE=getMsg HTTP/1.1" 200 27
116.224.255.128 - - [27/Aug/2022:11:45:17 +0800] "GET /xingrg/all/function/internal_message.html?_=1661571837602&CODE_STATE=getMsg HTTP/1.1" 200 27
120.253.135.82 - - [27/Aug/2022:11:45:17 +0800] "GET /xingrg/kc/pszx/mdqp_order_list.html?isBack=1 HTTP/1.1" 302 -
120.253.135.82 - - [27/Aug/2022:11:45:17 +0800] "GET /xingrg/kc/pszx/mdqp_order_list.html?state=10 HTTP/1.1" 200 11465
120.253.135.82 - - [27/Aug/2022:11:45:17 +0800] "GET /xingrg/dwr/interface/AjaxReportQueryService.js HTTP/1.1" 200 13203
120.253.135.82 - - [27/Aug/2022:11:45:17 +0800] "GET /xingrg/dwr/interface/AjaxQqpsService.js HTTP/1.1" 200 16326
120.253.135.82 - - [27/Aug/2022:11:45:17 +0800] "GET /xingrg/dwr/engine.js HTTP/1.1" 200 43631
124.78.154.80 - - [27/Aug/2022:11:45:19 +0800] "GET /xingrg/all/function/internal_message.html?_=1661571922925&CODE_STATE=getMsg HTTP/1.1" 200 27
120.253.135.82 - - [27/Aug/2022:11:45:20 +0800] "GET /xingrg/kc/pszx/mdqp_order_info.html?code=302022082700499 HTTP/1.1" 200 13350
120.253.135.82 - - [27/Aug/2022:11:45:20 +0800] "GET /xingrg/dwr/interface/AjaxComOrderService.js HTTP/1.1" 200 18264
120.253.135.82 - - [27/Aug/2022:11:45:20 +0800] "GET /xingrg/dwr/interface/AjaxQqpsService.js HTTP/1.1" 200 16326
120.253.135.82 - - [27/Aug/2022:11:45:20 +0800] "GET /xingrg/dwr/engine.js HTTP/1.1" 200 43631
120.253.135.82 - - [27/Aug/2022:11:45:20 +0800] "POST /xingrg/dwr/call/plaincall/AjaxQqpsService.loadMaterielItems.dwr HTTP/1.1" 200 1238
114.84.5.35 - - [27/Aug/2022:11:45:20 +0800] "GET /xingrg/all/function/internal_message.html?_=1661571913168&CODE_STATE=getMsg HTTP/1.1" 200 27
120.253.135.82 - - [27/Aug/2022:11:45:23 +0800] "GET /xingrg/kc/pszx/mdqp_order_list.html?isBack=1 HTTP/1.1" 302 -
120.253.135.82 - - [27/Aug/2022:11:45:23 +0800] "GET /xingrg/kc/pszx/mdqp_order_list.html?state=10 HTTP/1.1" 200 11465
120.253.135.82 - - [27/Aug/2022:11:45:23 +0800] "GET /xingrg/dwr/interface/AjaxReportQueryService.js HTTP/1.1" 200 13203
120.253.135.82 - - [27/Aug/2022:11:45:23 +0800] "GET /xingrg/dwr/engine.js HTTP/1.1" 200 43631
120.253.135.82 - - [27/Aug/2022:11:45:23 +0800] "GET /xingrg/dwr/interface/AjaxQqpsService.js HTTP/1.1" 200 16326
120.253.135.82 - - [27/Aug/2022:11:45:25 +0800] "GET /xingrg/kc/pszx/mdqp_order_info.html?code=302022082700502 HTTP/1.1" 200 13350
120.253.135.82 - - [27/Aug/2022:11:45:25 +0800] "GET /xingrg/dwr/interface/AjaxComOrderService.js HTTP/1.1" 200 18264
120.253.135.82 - - [27/Aug/2022:11:45:25 +0800] "GET /xingrg/dwr/interface/AjaxQqpsService.js HTTP/1.1" 200 16326
120.253.135.82 - - [27/Aug/2022:11:45:25 +0800] "GET /xingrg/dwr/engine.js HTTP/1.1" 200 43631
61.165.19.104 - - [27/Aug/2022:11:45:26 +0800] "GET /xingrg/all/function/internal_message.html?_=1661571922894&CODE_STATE=getMsg HTTP/1.1" 200 27
120.253.135.82 - - [27/Aug/2022:11:45:26 +0800] "POST /xingrg/dwr/call/plaincall/AjaxQqpsService.loadMaterielItems.dwr HTTP/1.1" 200 694
116.235.94.65 - - [27/Aug/2022:11:45:28 +0800] "GET /xingrg/all/function/internal_message.html?_=1661572117106&CODE_STATE=getMsg HTTP/1.1" 200 27
120.253.135.82 - - [27/Aug/2022:11:45:28 +0800] "GET /xingrg/kc/pszx/mdqp_order_list.html?isBack=1 HTTP/1.1" 302 -
120.253.135.82 - - [27/Aug/2022:11:45:28 +0800] "GET /xingrg/kc/pszx/mdqp_order_list.html?state=10 HTTP/1.1" 200 11465
120.253.135.82 - - [27/Aug/2022:11:45:28 +0800] "GET /xingrg/dwr/interface/AjaxQqpsService.js HTTP/1.1" 200 16326
120.253.135.82 - - [27/Aug/2022:11:45:28 +0800] "GET /xingrg/dwr/interface/AjaxReportQueryService.js HTTP/1.1" 200 13203
120.253.135.82 - - [27/Aug/2022:11:45:28 +0800] "GET /xingrg/dwr/engine.js HTTP/1.1" 200 43631
116.224.123.211 - - [27/Aug/2022:11:45:29 +0800] "POST /xingrg/kc/base/wldb_order_operate.html HTTP/1.1" 200 37
120.253.135.82 - - [27/Aug/2022:11:45:31 +0800] "GET /xingrg/kc/pszx/mdqp_order_info.html?code=302022082700501 HTTP/1.1" 200 13350
120.253.135.82 - - [27/Aug/2022:11:45:31 +0800] "GET /xingrg/dwr/interface/AjaxQqpsService.js HTTP/1.1" 200 16326
120.253.135.82 - - [27/Aug/2022:11:45:31 +0800] "GET /xingrg/dwr/interface/AjaxComOrderService.js HTTP/1.1" 200 18264
120.253.135.82 - - [27/Aug/2022:11:45:31 +0800] "GET /xingrg/dwr/engine.js HTTP/1.1" 200 43631
120.253.135.82 - - [27/Aug/2022:11:45:31 +0800] "POST /xingrg/dwr/call/plaincall/AjaxQqpsService.loadMaterielItems.dwr HTTP/1.1" 200 730
116.224.123.211 - - [27/Aug/2022:11:45:31 +0800] "POST /xingrg/kc/base/wldb_order_operate.html HTTP/1.1" 200 12
116.224.123.211 - - [27/Aug/2022:11:45:31 +0800] "POST /xingrg/kc/base/wldb_order_operate.html HTTP/1.1" 200 2724
120.253.135.82 - - [27/Aug/2022:11:45:32 +0800] "GET /xingrg/all/function/internal_message.html?_=1661572058666&CODE_STATE=getMsg HTTP/1.1" 200 27
124.78.154.80 - - [27/Aug/2022:11:45:32 +0800] "GET /xingrg/kc/base/wldb_order_operate.html?command=get_materiel&rest_code=00106&base_code=0010397&code=00102002028 HTTP/1.1" 200 469
116.224.123.211 - - [27/Aug/2022:11:45:36 +0800] "GET /xingrg/kc/base/wldb_order_info.html?code=422022082702284 HTTP/1.1" 200 26268
116.224.123.211 - - [27/Aug/2022:11:45:36 +0800] "GET /xingrg/javascript/easyui/themes/default/validatebox.css HTTP/1.1" 404 1104
116.224.123.211 - - [27/Aug/2022:11:45:36 +0800] "POST /xingrg/kc/base/wldb_order_operate.html HTTP/1.1" 200 1007
120.253.135.82 - - [27/Aug/2022:11:45:37 +0800] "GET /xingrg/kc/pszx/mdqp_order_list.html?isBack=1 HTTP/1.1" 302 -
120.253.135.82 - - [27/Aug/2022:11:45:37 +0800] "GET /xingrg/kc/pszx/mdqp_order_list.html?state=10 HTTP/1.1" 200 11465
120.253.135.82 - - [27/Aug/2022:11:45:37 +0800] "GET /xingrg/dwr/interface/AjaxQqpsService.js HTTP/1.1" 200 16326
120.253.135.82 - - [27/Aug/2022:11:45:37 +0800] "GET /xingrg/dwr/interface/AjaxReportQueryService.js HTTP/1.1" 200 13203
120.253.135.82 - - [27/Aug/2022:11:45:37 +0800] "GET /xingrg/dwr/engine.js HTTP/1.1" 200 43631
116.224.123.211 - - [27/Aug/2022:11:45:40 +0800] "GET /xingrg/kc/base/wldb_order_add.html HTTP/1.1" 200 30390
116.224.123.211 - - [27/Aug/2022:11:45:40 +0800] "POST /xingrg/kc/base/wldb_order_operate.html HTTP/1.1" 200 6806
116.224.123.211 - - [27/Aug/2022:11:45:40 +0800] "GET /xingrg/javascript/easyui/themes/default/validatebox.css HTTP/1.1" 404 1104
116.224.255.128 - - [27/Aug/2022:11:45:41 +0800] "GET /xingrg/all/function/internal_message.html?_=1661571936883&CODE_STATE=getMsg HTTP/1.1" 200 27
120.253.135.82 - - [27/Aug/2022:11:45:41 +0800] "GET /xingrg/kc/pszx/jzcl_ps.html HTTP/1.1" 200 7683
120.253.135.82 - - [27/Aug/2022:11:45:41 +0800] "POST /xingrg/all/common/load_tree.html?tree=area_rest_tree_json HTTP/1.1" 200 3472
218.81.223.53 - - [27/Aug/2022:11:45:41 +0800] "GET /xingrg/all/function/internal_message.html?_=1661571960746&CODE_STATE=getMsg HTTP/1.1" 200 27
116.224.123.211 - - [27/Aug/2022:11:45:42 +0800] "POST /xingrg/all/common/load_combo.html?type=base HTTP/1.1" 200 3321
120.253.135.82 - - [27/Aug/2022:11:45:42 +0800] "POST /xingrg/kc/pszx/jzcl_ps_operate.html HTTP/1.1" 200 1284
120.253.135.82 - - [27/Aug/2022:11:45:42 +0800] "POST /xingrg/kc/pszx/jzcl_ps_operate.html HTTP/1.1" 200 1284
61.165.19.104 - - [27/Aug/2022:11:45:43 +0800] "GET /xingrg/all/function/internal_message.html?_=1661571807729&CODE_STATE=getMsg HTTP/1.1" 200 27
61.165.19.104 - - [27/Aug/2022:11:45:43 +0800] "GET /xingrg/check_reg.html?_=1661571807732 HTTP/1.1" 200 22
116.233.73.81 - - [27/Aug/2022:11:45:43 +0800] "GET /xingrg/all/function/internal_message.html?_=1661571940739&CODE_STATE=getMsg HTTP/1.1" 200 27
180.162.112.166 - - [27/Aug/2022:11:45:43 +0800] "GET /xingrg/all/function/internal_message.html?_=1661571096046&CODE_STATE=getMsg HTTP/1.1" 200 27
180.162.112.166 - - [27/Aug/2022:11:45:44 +0800] "GET /xingrg/check_reg.html?_=1661571096043 HTTP/1.1" 200 22
116.224.123.211 - - [27/Aug/2022:11:45:44 +0800] "POST /xingrg/all/common/load_combo.html?type=base HTTP/1.1" 200 3321
120.253.135.82 - - [27/Aug/2022:11:45:46 +0800] "POST /xingrg/kc/pszx/jzcl_ps_operate.html HTTP/1.1" 200 4
116.232.194.65 - - [27/Aug/2022:11:45:47 +0800] "GET /xingrg/all/function/internal_message.html?_=1661571908040&CODE_STATE=getMsg HTTP/1.1" 200 27
120.253.135.82 - - [27/Aug/2022:11:45:48 +0800] "GET /xingrg/kc/pszx/mdps_order_list.html HTTP/1.1" 200 21045
120.253.135.82 - - [27/Aug/2022:11:45:48 +0800] "POST /xingrg/kc/pszx/jzcl_ps_operate.html HTTP/1.1" 200 875
120.253.135.82 - - [27/Aug/2022:11:45:48 +0800] "POST /xingrg/kc/pszx/mdps_list_operate.html HTTP/1.1" 200 5260
116.224.123.211 - - [27/Aug/2022:11:45:52 +0800] "GET /xingrg/kc/base/wldb_order_operate.html?command=get_materiel&rest_code=00102&base_code=0010476&code=00101019015 HTTP/1.1" 200 450
114.83.218.32 - - [27/Aug/2022:11:45:53 +0800] "GET /xingrg/all/function/internal_message.html?_=1661571945139&CODE_STATE=getMsg HTTP/1.1" 200 27
120.253.135.82 - - [27/Aug/2022:11:45:55 +0800] "GET /xingrg/kc/pszx/jzcl_ps.html HTTP/1.1" 200 7683
120.253.135.82 - - [27/Aug/2022:11:45:55 +0800] "POST /xingrg/all/common/load_tree.html?tree=area_rest_tree_json HTTP/1.1" 200 3472
120.253.135.82 - - [27/Aug/2022:11:45:55 +0800] "POST /xingrg/kc/pszx/jzcl_ps_operate.html HTTP/1.1" 200 875
120.253.135.82 - - [27/Aug/2022:11:45:55 +0800] "POST /xingrg/kc/pszx/jzcl_ps_operate.html HTTP/1.1" 200 875
116.224.123.211 - - [27/Aug/2022:11:45:56 +0800] "GET /xingrg/kc/base/wldb_order_operate.html?command=get_materiel&rest_code=00102&base_code=0010476&code=00101019063 HTTP/1.1" 200 461
120.253.135.82 - - [27/Aug/2022:11:45:59 +0800] "POST /xingrg/kc/pszx/jzcl_ps_operate.html HTTP/1.1" 200 4
120.253.135.82 - - [27/Aug/2022:11:46:00 +0800] "GET /xingrg/kc/pszx/mdps_order_list.html HTTP/1.1" 200 21045
116.224.255.128 - - [27/Aug/2022:11:46:00 +0800] "POST /xingrg/all/user/operate.html HTTP/1.1" 200 36
116.224.255.128 - - [27/Aug/2022:11:46:01 +0800] "GET /xingrg/index.html?sysBaseUrl=http%3A%2F%2F180.169.147.146%3A18081%2Fxingrg%2F&costTime=39×tamp=1661560626741 HTTP/1.1" 200 17177
116.224.255.128 - - [27/Aug/2022:11:46:01 +0800] "GET /xingrg/javascript/jquery_easy_ui/themes/default/easyui.css HTTP/1.1" 304 -
116.224.255.128 - - [27/Aug/2022:11:46:01 +0800] "GET /xingrg/javascript/jquery_easy_ui/themes/icon.css HTTP/1.1" 304 -
116.224.255.128 - - [27/Aug/2022:11:46:01 +0800] "GET /xingrg/css/form.css HTTP/1.1" 304 -
116.224.255.128 - - [27/Aug/2022:11:46:01 +0800] "GET /xingrg/javascript/jquery-1.4.2.min.js HTTP/1.1" 304 -
120.253.135.82 - - [27/Aug/2022:11:46:01 +0800] "POST /xingrg/kc/pszx/mdps_list_operate.html HTTP/1.1" 200 5283
116.224.255.128 - - [27/Aug/2022:11:46:01 +0800] "GET /xingrg/javascript/jquery_easy_ui/jquery.easyui.min.js HTTP/1.1" 304 -
116.224.255.128 - - [27/Aug/2022:11:46:01 +0800] "GET /xingrg/javascript/jquery_easy_ui/easyui-lang-zh_CN.js HTTP/1.1" 304 -
116.224.255.128 - - [27/Aug/2022:11:46:01 +0800] "GET /xingrg/javascript/jquery.form.js HTTP/1.1" 304 -
116.224.255.128 - - [27/Aug/2022:11:46:01 +0800] "GET /xingrg/javascript/jquery.utils.js HTTP/1.1" 304 -
116.224.255.128 - - [27/Aug/2022:11:46:01 +0800] "GET /xingrg/javascript/jquery.timers.js HTTP/1.1" 304 -
116.224.255.128 - - [27/Aug/2022:11:46:01 +0800] "GET /xingrg/images/blue/jxLogo.png HTTP/1.1" 304 -
116.224.255.128 - - [27/Aug/2022:11:46:01 +0800] "GET /xingrg/images/blue/navBackgound.jpg HTTP/1.1" 304 -
116.224.255.128 - - [27/Aug/2022:11:46:01 +0800] "POST /xingrg/all/common/load_tree.html?tree=area_rest_tree_json&manage=1 HTTP/1.1" 200 476
116.224.255.128 - - [27/Aug/2022:11:46:01 +0800] "GET /xingrg/javascript/jquery_easy_ui/themes/icons/settle_new.png HTTP/1.1" 304 -
116.224.255.128 - - [27/Aug/2022:11:46:01 +0800] "GET /xingrg/all/function/internal_message.html?_=1661571956943&CODE_STATE=count HTTP/1.1" 200 11
116.224.255.128 - - [27/Aug/2022:11:46:01 +0800] "GET /xingrg/check_reg.html?_=1661571956944 HTTP/1.1" 200 22
116.224.255.128 - - [27/Aug/2022:11:46:01 +0800] "GET /xingrg/javascript/jquery_easy_ui/themes/default/images/tabs_rightarrow.png HTTP/1.1" 304 -
116.224.255.128 - - [27/Aug/2022:11:46:01 +0800] "POST /xingrg/load_menu.html HTTP/1.1" 200 5138
116.224.255.128 - - [27/Aug/2022:11:46:01 +0800] "GET /xingrg/javascript/jquery_easy_ui/themes/default/images/panel_tool_collapse.gif HTTP/1.1" 304 -
116.224.255.128 - - [27/Aug/2022:11:46:01 +0800] "GET /xingrg/javascript/jquery_easy_ui/themes/default/images/tabs_leftarrow.png HTTP/1.1" 304 -
116.224.255.128 - - [27/Aug/2022:11:46:01 +0800] "GET /xingrg/images/blue/pingpu.png HTTP/1.1" 304 -
116.224.255.128 - - [27/Aug/2022:11:46:01 +0800] "GET /xingrg/javascript/jquery_easy_ui/themes/default/images/tree_folder_open.gif HTTP/1.1" 304 -
116.224.255.128 - - [27/Aug/2022:11:46:01 +0800] "GET /xingrg/javascript/jquery_easy_ui/themes/icons/search_new.png HTTP/1.1" 304 -
116.224.255.128 - - [27/Aug/2022:11:46:01 +0800] "GET /xingrg/javascript/jquery_easy_ui/themes/icons/storage_new.png HTTP/1.1" 304 -
116.224.255.128 - - [27/Aug/2022:11:46:01 +0800] "GET /xingrg/javascript/jquery_easy_ui/themes/icons/forms_new.png HTTP/1.1" 304 -
116.224.255.128 - - [27/Aug/2022:11:46:01 +0800] "GET /xingrg/javascript/jquery_easy_ui/themes/default/images/tree_file.gif HTTP/1.1" 304 -
116.224.255.128 - - [27/Aug/2022:11:46:01 +0800] "GET /xingrg/javascript/jquery_easy_ui/themes/default/images/tree_arrows.gif HTTP/1.1" 304 -
116.224.255.128 - - [27/Aug/2022:11:46:01 +0800] "GET /xingrg/javascript/jquery_easy_ui/themes/default/images/tree_folder.gif HTTP/1.1" 304 -
116.224.123.211 - - [27/Aug/2022:11:46:02 +0800] "GET /xingrg/kc/base/wldb_order_operate.html?command=get_materiel&rest_code=00102&base_code=0010476&code=00101019056 HTTP/1.1" 200 476
124.78.154.80 - - [27/Aug/2022:11:46:02 +0800] "POST /xingrg/kc/base/wldb_order_operate.html HTTP/1.1" 200 37
124.78.154.80 - - [27/Aug/2022:11:46:03 +0800] "POST /xingrg/kc/base/wldb_order_operate.html HTTP/1.1" 200 2720
116.224.255.128 - - [27/Aug/2022:11:46:03 +0800] "GET /xingrg/kc/base/yddb_order_list.html HTTP/1.1" 200 16790
116.224.255.128 - - [27/Aug/2022:11:46:03 +0800] "POST /xingrg/kc/base/yddb_list_operate.html HTTP/1.1" 200 636
124.78.154.80 - - [27/Aug/2022:11:46:03 +0800] "GET /xingrg/kc/base/wldb_order_info.html?code=422022082702285 HTTP/1.1" 200 30406
124.78.154.80 - - [27/Aug/2022:11:46:03 +0800] "GET /xingrg/javascript/easyui/themes/default/validatebox.css HTTP/1.1" 404 1104
124.78.154.80 - - [27/Aug/2022:11:46:04 +0800] "POST /xingrg/kc/base/wldb_order_operate.html HTTP/1.1" 200 2720
116.224.255.128 - - [27/Aug/2022:11:46:05 +0800] "POST /xingrg/kc/base/yddb_list_operate.html HTTP/1.1" 200 1346
116.224.255.128 - - [27/Aug/2022:11:46:06 +0800] "POST /xingrg/kc/base/yddb_list_operate.html HTTP/1.1" 200 296
116.224.255.128 - - [27/Aug/2022:11:46:06 +0800] "GET /xingrg/kc/base/yddb_order_info.html?code=482022082700191 HTTP/1.1" 200 31150
116.224.255.128 - - [27/Aug/2022:11:46:06 +0800] "GET /xingrg/dwr/interface/AjaxYddbService.js HTTP/1.1" 200 13201
116.224.255.128 - - [27/Aug/2022:11:46:06 +0800] "GET /xingrg/dwr/interface/AjaxComOrderService.js HTTP/1.1" 200 18264
116.224.255.128 - - [27/Aug/2022:11:46:06 +0800] "GET /xingrg/dwr/engine.js HTTP/1.1" 200 43631
116.224.255.128 - - [27/Aug/2022:11:46:06 +0800] "POST /xingrg/dwr/call/plaincall/AjaxYddbService.loadMaterielItems.dwr HTTP/1.1" 200 763
116.224.123.211 - - [27/Aug/2022:11:46:06 +0800] "GET /xingrg/kc/base/wldb_order_operate.html?command=get_materiel&rest_code=00102&base_code=0010476&code=00101019951 HTTP/1.1" 200 441
124.78.154.80 - - [27/Aug/2022:11:46:07 +0800] "GET /xingrg/kc/base/wldb_order_add.html HTTP/1.1" 200 30394
124.78.154.80 - - [27/Aug/2022:11:46:07 +0800] "POST /xingrg/kc/base/wldb_order_operate.html HTTP/1.1" 200 6806
124.78.154.80 - - [27/Aug/2022:11:46:07 +0800] "GET /xingrg/javascript/easyui/themes/default/validatebox.css HTTP/1.1" 404 1104
124.78.154.80 - - [27/Aug/2022:11:46:08 +0800] "POST /xingrg/all/common/load_combo.html?type=base HTTP/1.1" 200 3227
116.224.255.128 - - [27/Aug/2022:11:46:09 +0800] "POST /xingrg/dwr/call/plaincall/AjaxYddbService.saveOrder.dwr HTTP/1.1" 200 78
114.88.158.224 - - [27/Aug/2022:11:46:10 +0800] "GET /xingrg/all/function/internal_message.html?_=1661571633956&CODE_STATE=getMsg HTTP/1.1" 200 27
101.80.228.36 - - [27/Aug/2022:11:46:10 +0800] "GET /xingrg/all/function/internal_message.html?_=1661571967560&CODE_STATE=getMsg HTTP/1.1" 200 27
222.69.129.110 - - [27/Aug/2022:11:46:12 +0800] "GET /xingrg/all/function/internal_message.html?_=1661572041764&CODE_STATE=getMsg HTTP/1.1" 200 27
101.85.93.70 - - [27/Aug/2022:11:46:12 +0800] "GET /xingrg/check_reg.html?_=1661571968825 HTTP/1.1" 200 22
101.85.93.70 - - [27/Aug/2022:11:46:12 +0800] "GET /xingrg/all/function/internal_message.html?_=1661571968821&CODE_STATE=getMsg HTTP/1.1" 200 27
116.224.123.211 - - [27/Aug/2022:11:46:12 +0800] "GET /xingrg/kc/base/wldb_order_operate.html?command=get_materiel&rest_code=00102&base_code=0010476&code=00101019405 HTTP/1.1" 200 482
116.224.255.128 - - [27/Aug/2022:11:46:13 +0800] "POST /xingrg/dwr/call/plaincall/AjaxYddbService.objCheckOrder.dwr HTTP/1.1" 200 78
116.224.123.211 - - [27/Aug/2022:11:46:13 +0800] "GET /xingrg/all/function/internal_message.html?_=1661571969704&CODE_STATE=getMsg HTTP/1.1" 200 27
116.224.255.128 - - [27/Aug/2022:11:46:13 +0800] "GET /xingrg/kc/base/yddb_order_info.html?code=482022082700191 HTTP/1.1" 200 31271
116.224.255.128 - - [27/Aug/2022:11:46:13 +0800] "GET /xingrg/dwr/interface/AjaxYddbService.js HTTP/1.1" 200 13201
116.224.255.128 - - [27/Aug/2022:11:46:13 +0800] "GET /xingrg/dwr/interface/AjaxComOrderService.js HTTP/1.1" 200 18264
116.224.255.128 - - [27/Aug/2022:11:46:13 +0800] "GET /xingrg/dwr/engine.js HTTP/1.1" 200 43631
116.224.255.128 - - [27/Aug/2022:11:46:14 +0800] "POST /xingrg/dwr/call/plaincall/AjaxYddbService.loadMaterielItems.dwr HTTP/1.1" 200 763
120.253.135.82 - - [27/Aug/2022:11:46:16 +0800] "POST /xingrg/kc/pszx/mdps_list_operate.html HTTP/1.1" 200 3178
116.224.255.128 - - [27/Aug/2022:11:46:17 +0800] "GET /xingrg/all/function/internal_message.html?_=1661571897617&CODE_STATE=getMsg HTTP/1.1" 200 27
116.224.123.211 - - [27/Aug/2022:11:46:17 +0800] "GET /xingrg/kc/base/wldb_order_operate.html?command=get_materiel&rest_code=00102&base_code=0010476&code=00101019185 HTTP/1.1" 200 469
180.169.147.146 - - [27/Aug/2022:11:46:18 +0800] "GET /xingrg/check_reg.html?_=1661571977894 HTTP/1.1" 200 22
120.253.135.82 - - [27/Aug/2022:11:46:18 +0800] "POST /xingrg/kc/pszx/mdps_list_operate.html HTTP/1.1" 200 203
120.253.135.82 - - [27/Aug/2022:11:46:19 +0800] "POST /xingrg/kc/pszx/mdps_list_operate.html HTTP/1.1" 200 457
124.78.154.80 - - [27/Aug/2022:11:46:19 +0800] "GET /xingrg/check_reg.html?_=1661571982908 HTTP/1.1" 200 22
124.78.154.80 - - [27/Aug/2022:11:46:19 +0800] "GET /xingrg/all/function/internal_message.html?_=1661571982911&CODE_STATE=getMsg HTTP/1.1" 200 27
114.84.5.35 - - [27/Aug/2022:11:46:20 +0800] "GET /xingrg/all/function/internal_message.html?_=1661571973177&CODE_STATE=getMsg HTTP/1.1" 200 27
114.84.5.35 - - [27/Aug/2022:11:46:20 +0800] "GET /xingrg/check_reg.html?_=1661571973182 HTTP/1.1" 200 22
120.253.135.82 - - [27/Aug/2022:11:46:21 +0800] "POST /xingrg/kc/pszx/mdps_list_operate.html HTTP/1.1" 200 203
124.78.154.80 - - [27/Aug/2022:11:46:21 +0800] "POST /xingrg/all/common/load_combo.html?type=base HTTP/1.1" 200 3227
120.253.135.82 - - [27/Aug/2022:11:46:23 +0800] "POST /xingrg/kc/pszx/mdps_list_operate.html HTTP/1.1" 200 425
116.224.123.211 - - [27/Aug/2022:11:46:23 +0800] "GET /xingrg/kc/base/wldb_order_operate.html?command=get_materiel&rest_code=00102&base_code=0010476&code=00101016019 HTTP/1.1" 200 451
120.253.135.82 - - [27/Aug/2022:11:46:26 +0800] "GET /xingrg/kc/pszx/mdps_order_info.html?code=312022082700615 HTTP/1.1" 200 24022
61.165.19.104 - - [27/Aug/2022:11:46:26 +0800] "GET /xingrg/check_reg.html?_=1661571982894 HTTP/1.1" 200 22
61.165.19.104 - - [27/Aug/2022:11:46:26 +0800] "GET /xingrg/all/function/internal_message.html?_=1661571982897&CODE_STATE=getMsg HTTP/1.1" 200 27
120.253.135.82 - - [27/Aug/2022:11:46:26 +0800] "GET /xingrg/javascript/easyui/themes/default/validatebox.css HTTP/1.1" 404 1104
120.253.135.82 - - [27/Aug/2022:11:46:26 +0800] "POST /xingrg/kc/pszx/mdps_order_operate.html HTTP/1.1" 200 3734
116.235.94.65 - - [27/Aug/2022:11:46:28 +0800] "GET /xingrg/all/function/internal_message.html?_=1661572177120&CODE_STATE=getMsg HTTP/1.1" 200 27
218.81.223.53 - - [27/Aug/2022:11:46:30 +0800] "GET /xingrg/check_reg.html?_=1661572009244 HTTP/1.1" 200 22
120.253.135.82 - - [27/Aug/2022:11:46:32 +0800] "GET /xingrg/all/function/internal_message.html?_=1661572118669&CODE_STATE=getMsg HTTP/1.1" 200 27
120.253.135.82 - - [27/Aug/2022:11:46:38 +0800] "POST /xingrg/kc/pszx/mdps_order_operate.html HTTP/1.1" 200 37
120.253.135.82 - - [27/Aug/2022:11:46:39 +0800] "GET /xingrg/kc/pszx/mdps_order_info.html?code=312022082700615 HTTP/1.1" 200 24022
120.253.135.82 - - [27/Aug/2022:11:46:39 +0800] "GET /xingrg/javascript/easyui/themes/default/validatebox.css HTTP/1.1" 404 1104
120.253.135.82 - - [27/Aug/2022:11:46:39 +0800] "POST /xingrg/kc/pszx/mdps_order_operate.html HTTP/1.1" 200 3732
120.253.135.82 - - [27/Aug/2022:11:46:40 +0800] "POST /xingrg/kc/pszx/mdps_list_operate.html HTTP/1.1" 200 5282
218.81.223.53 - - [27/Aug/2022:11:46:41 +0800] "GET /xingrg/all/function/internal_message.html?_=1661572020756&CODE_STATE=getMsg HTTP/1.1" 200 27
61.165.19.104 - - [27/Aug/2022:11:46:43 +0800] "GET /xingrg/all/function/internal_message.html?_=1661571867719&CODE_STATE=getMsg HTTP/1.1" 200 27
116.233.73.81 - - [27/Aug/2022:11:46:43 +0800] "GET /xingrg/all/function/internal_message.html?_=1661572000741&CODE_STATE=getMsg HTTP/1.1" 200 27
180.162.112.166 - - [27/Aug/2022:11:46:43 +0800] "GET /xingrg/all/function/internal_message.html?_=1661571156043&CODE_STATE=getMsg HTTP/1.1" 200 27
116.224.123.211 - - [27/Aug/2022:11:46:44 +0800] "POST /xingrg/kc/base/wldb_order_operate.html HTTP/1.1" 200 37
180.169.147.146 - - [27/Aug/2022:11:46:45 +0800] "GET /xingrg/check_reg.html?_=1661572397218 HTTP/1.1" 200 22
124.78.154.80 - - [27/Aug/2022:11:46:46 +0800] "GET /xingrg/kc/base/wldb_order_operate.html?command=get_materiel&rest_code=00106&base_code=0010640&code=00101020351 HTTP/1.1" 200 454
116.232.194.65 - - [27/Aug/2022:11:46:47 +0800] "GET /xingrg/all/function/internal_message.html?_=1661571968031&CODE_STATE=getMsg HTTP/1.1" 200 27
116.224.123.211 - - [27/Aug/2022:11:46:47 +0800] "POST /xingrg/kc/base/wldb_order_operate.html HTTP/1.1" 200 12
116.224.123.211 - - [27/Aug/2022:11:46:47 +0800] "POST /xingrg/kc/base/wldb_order_operate.html HTTP/1.1" 200 5178
120.253.135.82 - - [27/Aug/2022:11:46:47 +0800] "GET /xingrg/kc/pszx/mdps_order_info.html?code=312022082700627 HTTP/1.1" 200 24022
120.253.135.82 - - [27/Aug/2022:11:46:47 +0800] "GET /xingrg/javascript/easyui/themes/default/validatebox.css HTTP/1.1" 404 1104
120.253.135.82 - - [27/Aug/2022:11:46:48 +0800] "POST /xingrg/kc/pszx/mdps_order_operate.html HTTP/1.1" 200 3775
116.224.123.211 - - [27/Aug/2022:11:46:50 +0800] "GET /xingrg/kc/base/wldb_order_info.html?code=422022082702286 HTTP/1.1" 200 26267
116.224.123.211 - - [27/Aug/2022:11:46:50 +0800] "GET /xingrg/javascript/easyui/themes/default/validatebox.css HTTP/1.1" 404 1104
120.253.135.82 - - [27/Aug/2022:11:46:50 +0800] "POST /xingrg/kc/pszx/mdps_order_operate.html HTTP/1.1" 200 37
116.224.123.211 - - [27/Aug/2022:11:46:50 +0800] "POST /xingrg/kc/base/wldb_order_operate.html HTTP/1.1" 200 3403
120.253.135.82 - - [27/Aug/2022:11:46:51 +0800] "GET /xingrg/kc/pszx/mdps_order_info.html?code=312022082700627 HTTP/1.1" 200 24022
120.253.135.82 - - [27/Aug/2022:11:46:52 +0800] "POST /xingrg/kc/pszx/mdps_order_operate.html HTTP/1.1" 200 3806
120.253.135.82 - - [27/Aug/2022:11:46:52 +0800] "GET /xingrg/javascript/easyui/themes/default/validatebox.css HTTP/1.1" 404 1104
114.83.218.32 - - [27/Aug/2022:11:46:53 +0800] "GET /xingrg/all/function/internal_message.html?_=1661572005123&CODE_STATE=getMsg HTTP/1.1" 200 27
116.224.123.211 - - [27/Aug/2022:11:46:53 +0800] "GET /xingrg/kc/base/wldb_order_add.html HTTP/1.1" 200 30390
114.83.218.32 - - [27/Aug/2022:11:46:53 +0800] "GET /xingrg/check_reg.html?_=1661572005876 HTTP/1.1" 200 22
116.224.123.211 - - [27/Aug/2022:11:46:54 +0800] "POST /xingrg/kc/base/wldb_order_operate.html HTTP/1.1" 200 6806
116.224.123.211 - - [27/Aug/2022:11:46:54 +0800] "GET /xingrg/javascript/easyui/themes/default/validatebox.css HTTP/1.1" 404 1104
116.224.123.211 - - [27/Aug/2022:11:46:56 +0800] "POST /xingrg/all/common/load_combo.html?type=base HTTP/1.1" 200 3321
116.224.123.211 - - [27/Aug/2022:11:46:58 +0800] "POST /xingrg/all/common/load_combo.html?type=base HTTP/1.1" 200 3321
124.78.154.80 - - [27/Aug/2022:11:46:59 +0800] "POST /xingrg/kc/base/wldb_order_operate.html HTTP/1.1" 200 37
124.78.154.80 - - [27/Aug/2022:11:47:00 +0800] "POST /xingrg/kc/base/wldb_order_operate.html HTTP/1.1" 200 2197
124.78.154.80 - - [27/Aug/2022:11:47:00 +0800] "GET /xingrg/kc/base/wldb_order_info.html?code=422022082702287 HTTP/1.1" 200 30408
124.78.154.80 - - [27/Aug/2022:11:47:01 +0800] "GET /xingrg/javascript/easyui/themes/default/validatebox.css HTTP/1.1" 404 1104
116.224.255.128 - - [27/Aug/2022:11:47:01 +0800] "GET /xingrg/all/function/internal_message.html?_=1661572016945&CODE_STATE=getMsg HTTP/1.1" 200 27
124.78.154.80 - - [27/Aug/2022:11:47:01 +0800] "POST /xingrg/kc/base/wldb_order_operate.html HTTP/1.1" 200 2197
120.253.135.82 - - [27/Aug/2022:11:47:03 +0800] "POST /xingrg/kc/pszx/mdps_list_operate.html HTTP/1.1" 200 3177
116.224.123.211 - - [27/Aug/2022:11:47:05 +0800] "GET /xingrg/kc/base/wldb_order_operate.html?command=get_materiel&rest_code=00102&base_code=0010476&code=00101019313 HTTP/1.1" 200 456
114.88.158.224 - - [27/Aug/2022:11:47:09 +0800] "GET /xingrg/all/function/internal_message.html?_=1661571693930&CODE_STATE=getMsg HTTP/1.1" 200 27
101.80.228.36 - - [27/Aug/2022:11:47:10 +0800] "GET /xingrg/all/function/internal_message.html?_=1661572027546&CODE_STATE=getMsg HTTP/1.1" 200 27
222.69.129.110 - - [27/Aug/2022:11:47:12 +0800] "GET /xingrg/all/function/internal_message.html?_=1661572101739&CODE_STATE=getMsg HTTP/1.1" 200 27
101.85.93.70 - - [27/Aug/2022:11:47:12 +0800] "GET /xingrg/all/function/internal_message.html?_=1661572028809&CODE_STATE=getMsg HTTP/1.1" 200 27
120.253.135.82 - - [27/Aug/2022:11:47:13 +0800] "POST /xingrg/kc/pszx/mdps_list_operate.html HTTP/1.1" 200 3175
116.224.123.211 - - [27/Aug/2022:11:47:13 +0800] "GET /xingrg/all/function/internal_message.html?_=1661572029688&CODE_STATE=getMsg HTTP/1.1" 200 27
116.224.123.211 - - [27/Aug/2022:11:47:14 +0800] "GET /xingrg/check_reg.html?_=1661572030424 HTTP/1.1" 200 22
120.253.135.82 - - [27/Aug/2022:11:47:15 +0800] "POST /xingrg/kc/pszx/mdps_list_operate.html HTTP/1.1" 200 297
120.253.135.82 - - [27/Aug/2022:11:47:16 +0800] "GET /xingrg/kc/pszx/mdps_order_info.html?code=312022082700626 HTTP/1.1" 200 24022
116.224.123.211 - - [27/Aug/2022:11:47:17 +0800] "GET /xingrg/kc/base/wldb_order_operate.html?command=get_materiel&rest_code=00102&base_code=0010476&code=00101019391 HTTP/1.1" 200 485
120.253.135.82 - - [27/Aug/2022:11:47:17 +0800] "POST /xingrg/kc/pszx/mdps_order_operate.html HTTP/1.1" 200 2800
120.253.135.82 - - [27/Aug/2022:11:47:17 +0800] "GET /xingrg/javascript/easyui/themes/default/validatebox.css HTTP/1.1" 404 1104
116.224.255.128 - - [27/Aug/2022:11:47:17 +0800] "GET /xingrg/all/function/internal_message.html?_=1661571957653&CODE_STATE=getMsg HTTP/1.1" 200 27
124.78.154.80 - - [27/Aug/2022:11:47:19 +0800] "GET /xingrg/all/function/internal_message.html?_=1661572042901&CODE_STATE=getMsg HTTP/1.1" 200 27
120.253.135.82 - - [27/Aug/2022:11:47:20 +0800] "POST /xingrg/kc/pszx/mdps_order_operate.html HTTP/1.1" 200 37
114.84.5.35 - - [27/Aug/2022:11:47:20 +0800] "GET /xingrg/all/function/internal_message.html?_=1661572033176&CODE_STATE=getMsg HTTP/1.1" 200 27
120.253.135.82 - - [27/Aug/2022:11:47:21 +0800] "GET /xingrg/kc/pszx/mdps_order_info.html?code=312022082700626 HTTP/1.1" 200 24022
116.224.123.211 - - [27/Aug/2022:11:47:21 +0800] "GET /xingrg/kc/base/wldb_order_operate.html?command=get_materiel&rest_code=00102&base_code=0010476&code=00101013257 HTTP/1.1" 200 444
120.253.135.82 - - [27/Aug/2022:11:47:21 +0800] "POST /xingrg/kc/pszx/mdps_order_operate.html HTTP/1.1" 200 2816
120.253.135.82 - - [27/Aug/2022:11:47:21 +0800] "GET /xingrg/javascript/easyui/themes/default/validatebox.css HTTP/1.1" 404 1104
116.224.123.211 - - [27/Aug/2022:11:47:25 +0800] "GET /xingrg/kc/base/wldb_order_operate.html?command=get_materiel&rest_code=00102&base_code=0010476&code=00101019249 HTTP/1.1" 200 470
61.165.19.104 - - [27/Aug/2022:11:47:26 +0800] "GET /xingrg/all/function/internal_message.html?_=1661572042897&CODE_STATE=getMsg HTTP/1.1" 200 27
116.235.94.65 - - [27/Aug/2022:11:47:28 +0800] "GET /xingrg/check_reg.html?_=1661572237122 HTTP/1.1" 200 22
116.235.94.65 - - [27/Aug/2022:11:47:28 +0800] "GET /xingrg/all/function/internal_message.html?_=1661572237123&CODE_STATE=getMsg HTTP/1.1" 200 27
120.253.135.82 - - [27/Aug/2022:11:47:30 +0800] "POST /xingrg/kc/pszx/mdps_order_operate.html HTTP/1.1" 200 37
120.253.135.82 - - [27/Aug/2022:11:47:30 +0800] "GET /xingrg/kc/pszx/mdps_order_info.html?code=312022082700626 HTTP/1.1" 200 24022
120.253.135.82 - - [27/Aug/2022:11:47:31 +0800] "POST /xingrg/kc/pszx/mdps_order_operate.html HTTP/1.1" 200 2816
120.253.135.82 - - [27/Aug/2022:11:47:31 +0800] "GET /xingrg/javascript/easyui/themes/default/validatebox.css HTTP/1.1" 404 1104
120.253.135.82 - - [27/Aug/2022:11:47:32 +0800] "GET /xingrg/check_reg.html?_=1661572178322 HTTP/1.1" 200 22
120.253.135.82 - - [27/Aug/2022:11:47:32 +0800] "POST /xingrg/kc/pszx/mdps_list_operate.html HTTP/1.1" 200 3175
120.253.135.82 - - [27/Aug/2022:11:47:32 +0800] "GET /xingrg/all/function/internal_message.html?_=1661572178683&CODE_STATE=getMsg HTTP/1.1" 200 27
114.88.158.224 - - [27/Aug/2022:11:47:33 +0800] "GET /xingrg/check_reg.html?_=1661571717862 HTTP/1.1" 200 22
218.81.223.53 - - [27/Aug/2022:11:47:41 +0800] "GET /xingrg/all/function/internal_message.html?_=1661572080769&CODE_STATE=getMsg HTTP/1.1" 200 27
61.165.19.104 - - [27/Aug/2022:11:47:43 +0800] "GET /xingrg/all/function/internal_message.html?_=1661571927728&CODE_STATE=getMsg HTTP/1.1" 200 27
116.233.73.81 - - [27/Aug/2022:11:47:43 +0800] "GET /xingrg/all/function/internal_message.html?_=1661572060743&CODE_STATE=getMsg HTTP/1.1" 200 27
116.233.73.81 - - [27/Aug/2022:11:47:43 +0800] "GET /xingrg/check_reg.html?_=1661572060745 HTTP/1.1" 200 22
180.162.112.166 - - [27/Aug/2022:11:47:43 +0800] "GET /xingrg/all/function/internal_message.html?_=1661571216043&CODE_STATE=getMsg HTTP/1.1" 200 27
116.232.194.65 - - [27/Aug/2022:11:47:47 +0800] "GET /xingrg/all/function/internal_message.html?_=1661572028034&CODE_STATE=getMsg HTTP/1.1" 200 27
116.224.123.211 - - [27/Aug/2022:11:47:47 +0800] "GET /xingrg/kc/base/wldb_order_operate.html?command=get_materiel&rest_code=00102&base_code=0010476&code=00101013172 HTTP/1.1" 200 428
114.83.218.32 - - [27/Aug/2022:11:47:53 +0800] "GET /xingrg/all/function/internal_message.html?_=1661572065096&CODE_STATE=getMsg HTTP/1.1" 200 27
116.224.255.128 - - [27/Aug/2022:11:48:01 +0800] "GET /xingrg/all/function/internal_message.html?_=1661572076946&CODE_STATE=getMsg HTTP/1.1" 200 27
116.224.123.211 - - [27/Aug/2022:11:48:05 +0800] "POST /xingrg/kc/base/wldb_order_operate.html HTTP/1.1" 200 37
116.224.123.211 - - [27/Aug/2022:11:48:07 +0800] "POST /xingrg/kc/base/wldb_order_operate.html HTTP/1.1" 200 12
116.224.123.211 - - [27/Aug/2022:11:48:07 +0800] "POST /xingrg/kc/base/wldb_order_operate.html HTTP/1.1" 200 6632
114.88.158.224 - - [27/Aug/2022:11:48:09 +0800] "GET /xingrg/all/function/internal_message.html?_=1661571753898&CODE_STATE=getMsg HTTP/1.1" 200 27
116.224.123.211 - - [27/Aug/2022:11:48:10 +0800] "GET /xingrg/kc/base/wldb_order_info.html?code=422022082702288 HTTP/1.1" 200 26267
101.80.228.36 - - [27/Aug/2022:11:48:10 +0800] "GET /xingrg/all/function/internal_message.html?_=1661572087532&CODE_STATE=getMsg HTTP/1.1" 200 27
116.224.123.211 - - [27/Aug/2022:11:48:10 +0800] "GET /xingrg/words/20220827093126_words.js HTTP/1.1" 304 -
116.224.123.211 - - [27/Aug/2022:11:48:10 +0800] "GET /xingrg/javascript/easyui/themes/default/validatebox.css HTTP/1.1" 404 1104
116.224.123.211 - - [27/Aug/2022:11:48:11 +0800] "POST /xingrg/kc/base/wldb_order_operate.html HTTP/1.1" 200 4825
222.69.129.110 - - [27/Aug/2022:11:48:11 +0800] "GET /xingrg/all/function/internal_message.html?_=1661572161718&CODE_STATE=getMsg HTTP/1.1" 200 27
101.85.93.70 - - [27/Aug/2022:11:48:12 +0800] "GET /xingrg/all/function/internal_message.html?_=1661572088811&CODE_STATE=getMsg HTTP/1.1" 200 27
116.224.123.211 - - [27/Aug/2022:11:48:13 +0800] "GET /xingrg/all/function/internal_message.html?_=1661572089656&CODE_STATE=getMsg HTTP/1.1" 200 27
116.224.123.211 - - [27/Aug/2022:11:48:15 +0800] "GET /xingrg/kc/base/wldb_order_add.html HTTP/1.1" 200 30390
116.224.123.211 - - [27/Aug/2022:11:48:16 +0800] "POST /xingrg/kc/base/wldb_order_operate.html HTTP/1.1" 200 6806
116.224.123.211 - - [27/Aug/2022:11:48:16 +0800] "GET /xingrg/javascript/easyui/themes/default/validatebox.css HTTP/1.1" 404 1104
116.224.255.128 - - [27/Aug/2022:11:48:17 +0800] "GET /xingrg/all/function/internal_message.html?_=1661572017658&CODE_STATE=getMsg HTTP/1.1" 200 27
116.224.123.211 - - [27/Aug/2022:11:48:18 +0800] "POST /xingrg/all/common/load_combo.html?type=base HTTP/1.1" 200 3321
124.78.154.80 - - [27/Aug/2022:11:48:19 +0800] "GET /xingrg/all/function/internal_message.html?_=1661572102924&CODE_STATE=getMsg HTTP/1.1" 200 27
114.84.5.35 - - [27/Aug/2022:11:48:20 +0800] "GET /xingrg/all/function/internal_message.html?_=1661572093174&CODE_STATE=getMsg HTTP/1.1" 200 27
