58.39.35.118 - - [25/Aug/2022:11:24:45 +0800] "GET /xingrg/all/function/internal_message.html?_=1661397874326&CODE_STATE=getMsg HTTP/1.1" 200 27
116.224.123.211 - - [25/Aug/2022:11:24:50 +0800] "GET /xingrg/kc/buy/cgsh_order_operate.html?command=get_materiel&rest_code=00102&code=00101007071&supplier_code=00100096&order_time=2022-08-25 HTTP/1.1" 200 419
61.165.19.104 - - [25/Aug/2022:11:24:51 +0800] "GET /xingrg/all/function/internal_message.html?_=1661397890949&CODE_STATE=getMsg HTTP/1.1" 200 27
124.78.154.232 - - [25/Aug/2022:11:24:52 +0800] "GET /xingrg/all/function/internal_message.html?_=1661397891583&CODE_STATE=getMsg HTTP/1.1" 200 27
61.165.19.104 - - [25/Aug/2022:11:24:55 +0800] "GET /xingrg/all/function/internal_message.html?_=1661397895425&CODE_STATE=getMsg HTTP/1.1" 200 27
218.81.223.53 - - [25/Aug/2022:11:24:56 +0800] "GET /xingrg/kc/buy/cgsh_order_add.html HTTP/1.1" 200 68379
218.81.223.53 - - [25/Aug/2022:11:24:57 +0800] "POST /xingrg/kc/buy/cgsh_order_operate.html HTTP/1.1" 200 8245
218.81.223.53 - - [25/Aug/2022:11:24:57 +0800] "GET /xingrg/javascript/easyui/themes/default/validatebox.css HTTP/1.1" 404 1104
116.224.123.211 - - [25/Aug/2022:11:25:04 +0800] "GET /xingrg/all/function/internal_message.html?_=1661397920235&CODE_STATE=getMsg HTTP/1.1" 200 27
116.235.94.65 - - [25/Aug/2022:11:25:04 +0800] "GET /xingrg/all/function/internal_message.html?_=1661398093250&CODE_STATE=getMsg HTTP/1.1" 200 27
101.80.228.36 - - [25/Aug/2022:11:25:05 +0800] "GET /xingrg/check_reg.html?_=1661397903121 HTTP/1.1" 200 22
116.224.123.211 - - [25/Aug/2022:11:25:05 +0800] "GET /xingrg/kc/buy/cgsh_order_operate.html?command=get_materiel&rest_code=00102&code=00101006193&supplier_code=00100096&order_time=2022-08-25 HTTP/1.1" 200 409
101.85.93.70 - - [25/Aug/2022:11:25:06 +0800] "GET /xingrg/all/function/internal_message.html?_=1661397904223&CODE_STATE=getMsg HTTP/1.1" 200 27
114.84.5.35 - - [25/Aug/2022:11:25:08 +0800] "GET /xingrg/all/function/internal_message.html?_=1661397902978&CODE_STATE=getMsg HTTP/1.1" 200 27
218.81.223.53 - - [25/Aug/2022:11:25:13 +0800] "GET /xingrg/all/function/internal_message.html?_=1661397925340&CODE_STATE=getMsg HTTP/1.1" 200 27
218.81.223.53 - - [25/Aug/2022:11:25:15 +0800] "GET /xingrg/kc/buy/cgsh_order_operate.html?command=get_materiel&rest_code=00146&code=00101002027&supplier_code=00100199&order_time=2022-08-25 HTTP/1.1" 200 436
114.88.158.224 - - [25/Aug/2022:11:25:15 +0800] "GET /xingrg/all/function/internal_message.html?_=1661397579416&CODE_STATE=getMsg HTTP/1.1" 200 27
222.69.129.110 - - [25/Aug/2022:11:25:20 +0800] "GET /xingrg/all/function/internal_message.html?_=1661397990407&CODE_STATE=getMsg HTTP/1.1" 200 27
116.233.77.165 - - [25/Aug/2022:11:25:21 +0800] "GET /xingrg/all/function/internal_message.html?_=1661397921608&CODE_STATE=getMsg HTTP/1.1" 200 27
222.69.129.110 - - [25/Aug/2022:11:25:21 +0800] "GET /xingrg/check_reg.html?_=1661397991009 HTTP/1.1" 200 22
116.233.77.165 - - [25/Aug/2022:11:25:21 +0800] "GET /xingrg/check_reg.html?_=1661397921609 HTTP/1.1" 200 22
124.78.154.232 - - [25/Aug/2022:11:25:21 +0800] "GET /xingrg/all/function/internal_message.html?_=1661397925862&CODE_STATE=getMsg HTTP/1.1" 200 27
218.81.223.53 - - [25/Aug/2022:11:25:23 +0800] "GET /xingrg/all/function/internal_message.html?_=1661397930546&CODE_STATE=getMsg HTTP/1.1" 302 -
222.69.129.110 - - [25/Aug/2022:11:25:25 +0800] "GET /xingrg/kc/base/wldb_order_operate.html?command=get_materiel&rest_code=00154&base_code=0010724&code=00101019416 HTTP/1.1" 200 466
116.224.123.211 - - [25/Aug/2022:11:25:26 +0800] "GET /xingrg/kc/buy/cgsh_order_operate.html?command=get_materiel&rest_code=00102&code=00101006112&supplier_code=00100096&order_time=2022-08-25 HTTP/1.1" 200 411
116.232.194.65 - - [25/Aug/2022:11:25:27 +0800] "GET /xingrg/all/function/internal_message.html?_=1661397894397&CODE_STATE=getMsg HTTP/1.1" 200 27
116.232.194.65 - - [25/Aug/2022:11:25:27 +0800] "GET /xingrg/check_reg.html?_=1661397894399 HTTP/1.1" 200 22
61.165.19.104 - - [25/Aug/2022:11:25:28 +0800] "GET /xingrg/all/function/internal_message.html?_=1661397794845&CODE_STATE=getMsg HTTP/1.1" 200 27
120.253.135.82 - - [25/Aug/2022:11:25:34 +0800] "GET /xingrg/all/function/internal_message.html?_=1661397735893&CODE_STATE=getMsg HTTP/1.1" 200 27
180.169.147.146 - - [25/Aug/2022:11:25:36 +0800] "GET /xingrg/all/function/internal_message.html?_=1661397934656&CODE_STATE=getMsg HTTP/1.1" 200 27
180.169.147.146 - - [25/Aug/2022:11:25:41 +0800] "GET /xingrg/all/function/internal_message.html?_=1661397938718&CODE_STATE=getMsg HTTP/1.1" 200 27
116.224.255.128 - - [25/Aug/2022:11:25:42 +0800] "GET /xingrg/all/function/internal_message.html?_=1661397866145&CODE_STATE=getMsg HTTP/1.1" 200 27
101.80.228.36 - - [25/Aug/2022:11:25:43 +0800] "GET /xingrg/all/function/internal_message.html?_=1661397940559&CODE_STATE=getMsg HTTP/1.1" 200 27
116.224.123.211 - - [25/Aug/2022:11:25:44 +0800] "GET /xingrg/all/function/internal_message.html?_=1661397943406&CODE_STATE=getMsg HTTP/1.1" 200 27
116.224.255.128 - - [25/Aug/2022:11:25:45 +0800] "GET /xingrg/all/function/internal_message.html?_=1661397941998&CODE_STATE=getMsg HTTP/1.1" 200 27
58.39.35.118 - - [25/Aug/2022:11:25:45 +0800] "GET /xingrg/all/function/internal_message.html?_=1661397934314&CODE_STATE=getMsg HTTP/1.1" 200 27
61.165.19.104 - - [25/Aug/2022:11:25:51 +0800] "GET /xingrg/check_reg.html?_=1661397950949 HTTP/1.1" 200 22
61.165.19.104 - - [25/Aug/2022:11:25:51 +0800] "GET /xingrg/all/function/internal_message.html?_=1661397950952&CODE_STATE=getMsg HTTP/1.1" 200 27
124.78.154.232 - - [25/Aug/2022:11:25:52 +0800] "GET /xingrg/all/function/internal_message.html?_=1661397951585&CODE_STATE=getMsg HTTP/1.1" 200 27
61.165.19.104 - - [25/Aug/2022:11:25:55 +0800] "GET /xingrg/all/function/internal_message.html?_=1661397955425&CODE_STATE=getMsg HTTP/1.1" 200 27
116.224.123.211 - - [25/Aug/2022:11:25:59 +0800] "GET /xingrg/kc/buy/cgsh_order_operate.html?command=get_materiel&rest_code=00102&code=00101006130&supplier_code=00100096&order_time=2022-08-25 HTTP/1.1" 200 429
116.224.123.211 - - [25/Aug/2022:11:26:04 +0800] "GET /xingrg/all/function/internal_message.html?_=1661397980207&CODE_STATE=getMsg HTTP/1.1" 200 27
116.235.94.65 - - [25/Aug/2022:11:26:04 +0800] "GET /xingrg/all/function/internal_message.html?_=1661398153224&CODE_STATE=getMsg HTTP/1.1" 200 27
101.85.93.70 - - [25/Aug/2022:11:26:06 +0800] "GET /xingrg/all/function/internal_message.html?_=1661397964223&CODE_STATE=getMsg HTTP/1.1" 200 27
114.84.5.35 - - [25/Aug/2022:11:26:08 +0800] "GET /xingrg/all/function/internal_message.html?_=1661397962975&CODE_STATE=getMsg HTTP/1.1" 200 27
116.224.123.211 - - [25/Aug/2022:11:26:11 +0800] "GET /xingrg/kc/buy/cgsh_order_operate.html?command=get_materiel&rest_code=00102&code=00101016104&supplier_code=00100096&order_time=2022-08-25 HTTP/1.1" 200 411
218.81.223.53 - - [25/Aug/2022:11:26:13 +0800] "GET /xingrg/all/function/internal_message.html?_=1661397985353&CODE_STATE=getMsg HTTP/1.1" 200 27
114.88.158.224 - - [25/Aug/2022:11:26:15 +0800] "GET /xingrg/all/function/internal_message.html?_=1661397639397&CODE_STATE=getMsg HTTP/1.1" 200 27
218.81.223.53 - - [25/Aug/2022:11:26:20 +0800] "GET /xingrg/check_reg.html?_=1661397986695 HTTP/1.1" 302 -
222.69.129.110 - - [25/Aug/2022:11:26:20 +0800] "GET /xingrg/all/function/internal_message.html?_=1661398050380&CODE_STATE=getMsg HTTP/1.1" 200 27
116.233.77.165 - - [25/Aug/2022:11:26:21 +0800] "GET /xingrg/all/function/internal_message.html?_=1661397981611&CODE_STATE=getMsg HTTP/1.1" 200 27
124.78.154.232 - - [25/Aug/2022:11:26:21 +0800] "GET /xingrg/all/function/internal_message.html?_=1661397985861&CODE_STATE=getMsg HTTP/1.1" 200 27
218.81.223.53 - - [25/Aug/2022:11:26:23 +0800] "GET /xingrg/all/function/internal_message.html?_=1661397990559&CODE_STATE=getMsg HTTP/1.1" 302 -
116.224.123.211 - - [25/Aug/2022:11:26:27 +0800] "GET /xingrg/kc/buy/cgsh_order_operate.html?command=get_materiel&rest_code=00102&code=00101006177&supplier_code=00100096&order_time=2022-08-25 HTTP/1.1" 200 409
116.232.194.65 - - [25/Aug/2022:11:26:27 +0800] "GET /xingrg/all/function/internal_message.html?_=1661397954401&CODE_STATE=getMsg HTTP/1.1" 200 27
61.165.19.104 - - [25/Aug/2022:11:26:28 +0800] "GET /xingrg/check_reg.html?_=1661397854176 HTTP/1.1" 200 22
61.165.19.104 - - [25/Aug/2022:11:26:28 +0800] "GET /xingrg/all/function/internal_message.html?_=1661397854826&CODE_STATE=getMsg HTTP/1.1" 200 27
218.81.223.53 - - [25/Aug/2022:11:26:31 +0800] "GET /xingrg/kc/buy/cgsh_order_operate.html?command=get_materiel&rest_code=00146&code=00101002007&supplier_code=00100199&order_time=2022-08-25 HTTP/1.1" 200 411
120.253.135.82 - - [25/Aug/2022:11:26:34 +0800] "GET /xingrg/all/function/internal_message.html?_=1661397795897&CODE_STATE=getMsg HTTP/1.1" 200 27
180.169.147.146 - - [25/Aug/2022:11:26:36 +0800] "GET /xingrg/all/function/internal_message.html?_=1661397994666&CODE_STATE=getMsg HTTP/1.1" 200 27
180.169.147.146 - - [25/Aug/2022:11:26:41 +0800] "GET /xingrg/all/function/internal_message.html?_=1661397998718&CODE_STATE=getMsg HTTP/1.1" 200 27
116.224.255.128 - - [25/Aug/2022:11:26:42 +0800] "GET /xingrg/all/function/internal_message.html?_=1661397926159&CODE_STATE=getMsg HTTP/1.1" 200 27
101.80.228.36 - - [25/Aug/2022:11:26:43 +0800] "GET /xingrg/all/function/internal_message.html?_=1661398000528&CODE_STATE=getMsg HTTP/1.1" 200 27
116.224.123.211 - - [25/Aug/2022:11:26:44 +0800] "GET /xingrg/check_reg.html?_=1661398003384 HTTP/1.1" 200 22
116.224.123.211 - - [25/Aug/2022:11:26:44 +0800] "GET /xingrg/all/function/internal_message.html?_=1661398003387&CODE_STATE=getMsg HTTP/1.1" 200 27
116.224.255.128 - - [25/Aug/2022:11:26:45 +0800] "GET /xingrg/all/function/internal_message.html?_=1661398002000&CODE_STATE=getMsg HTTP/1.1" 200 27
218.81.223.53 - - [25/Aug/2022:11:26:45 +0800] "GET /xingrg/kc/buy/cgsh_order_operate.html?command=get_materiel&rest_code=00146&code=00101002006&supplier_code=00100199&order_time=2022-08-25 HTTP/1.1" 200 414
58.39.35.118 - - [25/Aug/2022:11:26:45 +0800] "GET /xingrg/all/function/internal_message.html?_=1661397994319&CODE_STATE=getMsg HTTP/1.1" 200 27
116.224.123.211 - - [25/Aug/2022:11:26:47 +0800] "GET /xingrg/kc/buy/cgsh_order_operate.html?command=get_materiel&rest_code=00102&code=00101016080&supplier_code=00100096&order_time=2022-08-25 HTTP/1.1" 200 408
61.165.19.104 - - [25/Aug/2022:11:26:51 +0800] "GET /xingrg/all/function/internal_message.html?_=1661398010952&CODE_STATE=getMsg HTTP/1.1" 200 27
124.78.154.232 - - [25/Aug/2022:11:26:52 +0800] "GET /xingrg/all/function/internal_message.html?_=1661398011589&CODE_STATE=getMsg HTTP/1.1" 200 27
222.69.129.110 - - [25/Aug/2022:11:26:52 +0800] "GET /xingrg/login.html HTTP/1.1" 200 7641
222.69.129.110 - - [25/Aug/2022:11:26:52 +0800] "GET /xingrg/images/blue/login_bg.png HTTP/1.1" 200 22101
222.69.129.110 - - [25/Aug/2022:11:26:52 +0800] "GET /xingrg/images/blue/hj.png HTTP/1.1" 200 1014
222.69.129.110 - - [25/Aug/2022:11:26:52 +0800] "GET /xingrg/images/blue/srbg.png HTTP/1.1" 200 138
222.69.129.110 - - [25/Aug/2022:11:26:52 +0800] "GET /favicon.ico HTTP/1.1" 404 -
222.69.129.110 - - [25/Aug/2022:11:26:54 +0800] "POST /xingrg/login.do HTTP/1.1" 302 -
222.69.129.110 - - [25/Aug/2022:11:26:54 +0800] "GET /xingrg/index.html?sysBaseUrl=http%3A%2F%2F180.169.147.146%3A18081%2Fxingrg%2F&costTime=39×tamp=1661398014164 HTTP/1.1" 200 17179
222.69.129.110 - - [25/Aug/2022:11:26:54 +0800] "GET /favicon.ico HTTP/1.1" 404 -
222.69.129.110 - - [25/Aug/2022:11:26:54 +0800] "POST /xingrg/all/common/load_tree.html?tree=area_rest_tree_json&manage=1 HTTP/1.1" 200 351
222.69.129.110 - - [25/Aug/2022:11:26:54 +0800] "GET /xingrg/all/function/internal_message.html?_=1661398083908&CODE_STATE=count HTTP/1.1" 200 11
222.69.129.110 - - [25/Aug/2022:11:26:54 +0800] "GET /xingrg/check_reg.html?_=1661398083909 HTTP/1.1" 200 22
222.69.129.110 - - [25/Aug/2022:11:26:54 +0800] "POST /xingrg/load_menu.html HTTP/1.1" 200 5138
116.224.123.211 - - [25/Aug/2022:11:26:54 +0800] "GET /xingrg/kc/buy/cgsh_order_operate.html?command=get_materiel&rest_code=00102&code=00101012025&supplier_code=00100096&order_time=2022-08-25 HTTP/1.1" 200 412
61.165.19.104 - - [25/Aug/2022:11:26:55 +0800] "GET /xingrg/all/function/internal_message.html?_=1661398015427&CODE_STATE=getMsg HTTP/1.1" 200 27
222.69.129.110 - - [25/Aug/2022:11:26:57 +0800] "GET /xingrg/kc/base/wldb_order_list.html HTTP/1.1" 200 19186
222.69.129.110 - - [25/Aug/2022:11:26:57 +0800] "POST /xingrg/kc/base/wldb_list_operate.html HTTP/1.1" 200 928
222.69.129.110 - - [25/Aug/2022:11:26:59 +0800] "GET /xingrg/kc/base/wldb_order_add.html HTTP/1.1" 200 30400
218.81.223.53 - - [25/Aug/2022:11:26:59 +0800] "GET /xingrg/kc/buy/cgsh_order_operate.html?command=get_materiel&rest_code=00146&code=00101001069&supplier_code=00100199&order_time=2022-08-25 HTTP/1.1" 200 409
222.69.129.110 - - [25/Aug/2022:11:26:59 +0800] "POST /xingrg/kc/base/wldb_order_operate.html HTTP/1.1" 200 6806
222.69.129.110 - - [25/Aug/2022:11:26:59 +0800] "GET /xingrg/all/common/auto_word.html?type=base&rest_code=00154 HTTP/1.1" 200 831
222.69.129.110 - - [25/Aug/2022:11:26:59 +0800] "GET /xingrg/all/common/auto_word.html?type=base&rest_code=00154 HTTP/1.1" 200 831
222.69.129.110 - - [25/Aug/2022:11:26:59 +0800] "GET /xingrg/javascript/easyui/themes/default/validatebox.css HTTP/1.1" 404 1104
222.69.129.110 - - [25/Aug/2022:11:27:00 +0800] "POST /xingrg/all/common/load_combo.html?type=base HTTP/1.1" 200 1491
116.224.123.211 - - [25/Aug/2022:11:27:04 +0800] "GET /xingrg/all/function/internal_message.html?_=1661398040177&CODE_STATE=getMsg HTTP/1.1" 200 27
116.235.94.65 - - [25/Aug/2022:11:27:04 +0800] "GET /xingrg/all/function/internal_message.html?_=1661398213196&CODE_STATE=getMsg HTTP/1.1" 200 27
222.69.129.110 - - [25/Aug/2022:11:27:05 +0800] "GET /xingrg/javascript/auto/indicator.gif HTTP/1.1" 404 1066
116.224.123.211 - - [25/Aug/2022:11:27:05 +0800] "GET /xingrg/kc/buy/cgsh_order_operate.html?command=get_materiel&rest_code=00102&code=00101007049&supplier_code=00100096&order_time=2022-08-25 HTTP/1.1" 200 409
101.85.93.70 - - [25/Aug/2022:11:27:06 +0800] "GET /xingrg/all/function/internal_message.html?_=1661398024225&CODE_STATE=getMsg HTTP/1.1" 200 27
222.69.129.110 - - [25/Aug/2022:11:27:07 +0800] "GET /xingrg/kc/base/wldb_order_operate.html?command=get_materiel&rest_code=00154&base_code=0010724&code=00101019184 HTTP/1.1" 200 458
114.84.5.35 - - [25/Aug/2022:11:27:08 +0800] "GET /xingrg/all/function/internal_message.html?_=1661398022973&CODE_STATE=getMsg HTTP/1.1" 200 27
218.81.223.53 - - [25/Aug/2022:11:27:12 +0800] "GET /xingrg/kc/buy/cgsh_order_operate.html?command=get_materiel&rest_code=00146&code=00101004010&supplier_code=00100199&order_time=2022-08-25 HTTP/1.1" 200 429
124.78.154.232 - - [25/Aug/2022:11:27:12 +0800] "GET /xingrg/kc/buy/cgsh_order_add.html HTTP/1.1" 200 68411
124.78.154.232 - - [25/Aug/2022:11:27:12 +0800] "GET /xingrg/words/20220824165639_words.js HTTP/1.1" 304 -
116.233.77.165 - - [25/Aug/2022:11:27:12 +0800] "GET /xingrg/kc/buy/cgsh_order_operate.html?command=get_materiel&rest_code=00109&code=00101008185&supplier_code=00100005&order_time=2022-08-25 HTTP/1.1" 200 408
124.78.154.232 - - [25/Aug/2022:11:27:13 +0800] "POST /xingrg/kc/buy/cgsh_order_operate.html HTTP/1.1" 200 8245
124.78.154.232 - - [25/Aug/2022:11:27:13 +0800] "GET /xingrg/javascript/easyui/themes/default/validatebox.css HTTP/1.1" 404 1104
218.81.223.53 - - [25/Aug/2022:11:27:13 +0800] "GET /xingrg/all/function/internal_message.html?_=1661398045366&CODE_STATE=getMsg HTTP/1.1" 200 27
124.78.154.232 - - [25/Aug/2022:11:27:14 +0800] "GET /xingrg/javascript/easyui/themes/default/tree.css HTTP/1.1" 404 1090
124.78.154.232 - - [25/Aug/2022:11:27:14 +0800] "POST /xingrg/all/common/load_tree.html?tree=supplier_tree_json&isDelete=1 HTTP/1.1" 200 67879
114.88.158.224 - - [25/Aug/2022:11:27:15 +0800] "GET /xingrg/all/function/internal_message.html?_=1661397699373&CODE_STATE=getMsg HTTP/1.1" 200 27
180.169.147.146 - - [25/Aug/2022:11:27:16 +0800] "GET /xingrg/javascript/auto/indicator.gif HTTP/1.1" 404 1066
116.224.123.211 - - [25/Aug/2022:11:27:19 +0800] "GET /xingrg/kc/buy/cgsh_order_operate.html?command=get_materiel&rest_code=00102&code=00101006055&supplier_code=00100096&order_time=2022-08-25 HTTP/1.1" 200 411
180.169.147.146 - - [25/Aug/2022:11:27:19 +0800] "GET /xingrg/javascript/jquery_tools/images/next.gif HTTP/1.1" 404 1086
180.169.147.146 - - [25/Aug/2022:11:27:19 +0800] "GET /xingrg/javascript/jquery_tools/images/prev.gif HTTP/1.1" 404 1086
116.233.77.165 - - [25/Aug/2022:11:27:21 +0800] "GET /xingrg/all/function/internal_message.html?_=1661398041613&CODE_STATE=getMsg HTTP/1.1" 200 27
124.78.154.232 - - [25/Aug/2022:11:27:21 +0800] "GET /xingrg/all/function/internal_message.html?_=1661398045872&CODE_STATE=getMsg HTTP/1.1" 200 27
218.81.223.53 - - [25/Aug/2022:11:27:23 +0800] "GET /xingrg/all/function/internal_message.html?_=1661398050580&CODE_STATE=getMsg HTTP/1.1" 302 -
218.81.223.53 - - [25/Aug/2022:11:27:24 +0800] "POST /xingrg/kc/buy/cgsh_order_operate.html HTTP/1.1" 200 37
116.233.77.165 - - [25/Aug/2022:11:27:24 +0800] "GET /xingrg/kc/buy/cgsh_order_operate.html?command=get_materiel&rest_code=00109&code=00101008351&supplier_code=00100005&order_time=2022-08-25 HTTP/1.1" 200 408
218.81.223.53 - - [25/Aug/2022:11:27:26 +0800] "POST /xingrg/kc/buy/cgsh_order_operate.html HTTP/1.1" 200 5033
180.169.147.146 - - [25/Aug/2022:11:27:27 +0800] "GET /xingrg/kc/buy/cgsh_order_operate.html?command=get_materiel&rest_code=00147&code=00102013013&supplier_code=00100073&order_time=2022-08-25 HTTP/1.1" 200 409
116.232.194.65 - - [25/Aug/2022:11:27:27 +0800] "GET /xingrg/all/function/internal_message.html?_=1661398014394&CODE_STATE=getMsg HTTP/1.1" 200 27
218.81.223.53 - - [25/Aug/2022:11:27:28 +0800] "GET /xingrg/kc/print/load_data.html?order_code=212022082508488&kc_code=cgsh&condition= HTTP/1.1" 200 1588
61.165.19.104 - - [25/Aug/2022:11:27:28 +0800] "GET /xingrg/all/function/internal_message.html?_=1661397914815&CODE_STATE=getMsg HTTP/1.1" 200 27
120.253.135.82 - - [25/Aug/2022:11:27:33 +0800] "GET /xingrg/check_reg.html?_=1661397855795 HTTP/1.1" 200 22
120.253.135.82 - - [25/Aug/2022:11:27:34 +0800] "GET /xingrg/all/function/internal_message.html?_=1661397855912&CODE_STATE=getMsg HTTP/1.1" 200 27
116.233.77.165 - - [25/Aug/2022:11:27:34 +0800] "GET /xingrg/kc/buy/cgsh_order_operate.html?command=get_materiel&rest_code=00109&code=00101008038&supplier_code=00100005&order_time=2022-08-25 HTTP/1.1" 200 412
180.169.147.146 - - [25/Aug/2022:11:27:36 +0800] "GET /xingrg/check_reg.html?_=1661398054657 HTTP/1.1" 200 22
180.169.147.146 - - [25/Aug/2022:11:27:36 +0800] "GET /xingrg/all/function/internal_message.html?_=1661398054659&CODE_STATE=getMsg HTTP/1.1" 200 27
116.224.123.211 - - [25/Aug/2022:11:27:40 +0800] "POST /xingrg/kc/buy/cgsh_order_operate.html HTTP/1.1" 200 37
180.169.147.146 - - [25/Aug/2022:11:27:41 +0800] "GET /xingrg/all/function/internal_message.html?_=1661398058717&CODE_STATE=getMsg HTTP/1.1" 200 27
180.169.147.146 - - [25/Aug/2022:11:27:41 +0800] "GET /xingrg/check_reg.html?_=1661398058719 HTTP/1.1" 200 22
116.224.255.128 - - [25/Aug/2022:11:27:42 +0800] "GET /xingrg/all/function/internal_message.html?_=1661397986182&CODE_STATE=getMsg HTTP/1.1" 200 27
101.80.228.36 - - [25/Aug/2022:11:27:43 +0800] "GET /xingrg/all/function/internal_message.html?_=1661398060514&CODE_STATE=getMsg HTTP/1.1" 200 27
180.169.147.146 - - [25/Aug/2022:11:27:43 +0800] "POST /xingrg/kc/buy/cgsh_order_operate.html HTTP/1.1" 200 37
116.224.123.211 - - [25/Aug/2022:11:27:43 +0800] "POST /xingrg/kc/buy/cgsh_order_operate.html HTTP/1.1" 200 10976
116.224.123.211 - - [25/Aug/2022:11:27:44 +0800] "GET /xingrg/all/function/internal_message.html?_=1661398063400&CODE_STATE=getMsg HTTP/1.1" 200 27
180.169.147.146 - - [25/Aug/2022:11:27:44 +0800] "POST /xingrg/kc/buy/cgsh_order_operate.html HTTP/1.1" 200 2655
116.224.255.128 - - [25/Aug/2022:11:27:45 +0800] "GET /xingrg/all/function/internal_message.html?_=1661398062000&CODE_STATE=getMsg HTTP/1.1" 200 27
58.39.35.118 - - [25/Aug/2022:11:27:45 +0800] "GET /xingrg/all/function/internal_message.html?_=1661398054318&CODE_STATE=getMsg HTTP/1.1" 200 27
58.39.35.118 - - [25/Aug/2022:11:27:45 +0800] "GET /xingrg/check_reg.html?_=1661398054321 HTTP/1.1" 200 22
180.169.147.146 - - [25/Aug/2022:11:27:46 +0800] "GET /xingrg/kc/print/load_config.html?kc_code=cgsh HTTP/1.1" 200 1943
180.169.147.146 - - [25/Aug/2022:11:27:46 +0800] "GET /xingrg/kc/print/load_data.html?order_code=212022082508490&kc_code=cgsh&condition= HTTP/1.1" 200 722
218.81.223.53 - - [25/Aug/2022:11:27:47 +0800] "GET /xingrg/kc/buy/cgsh_order_add.html HTTP/1.1" 200 68379
218.81.223.53 - - [25/Aug/2022:11:27:48 +0800] "POST /xingrg/kc/buy/cgsh_order_operate.html HTTP/1.1" 200 8245
218.81.223.53 - - [25/Aug/2022:11:27:48 +0800] "GET /xingrg/javascript/easyui/themes/default/validatebox.css HTTP/1.1" 404 1104
222.69.129.110 - - [25/Aug/2022:11:27:50 +0800] "GET /xingrg/kc/base/wldb_order_operate.html?command=get_materiel&rest_code=00154&base_code=0010724&code=00101019509 HTTP/1.1" 200 463
61.165.19.104 - - [25/Aug/2022:11:27:51 +0800] "GET /xingrg/all/function/internal_message.html?_=1661398070952&CODE_STATE=getMsg HTTP/1.1" 200 27
124.78.154.232 - - [25/Aug/2022:11:27:52 +0800] "GET /xingrg/all/function/internal_message.html?_=1661398071591&CODE_STATE=getMsg HTTP/1.1" 200 27
124.78.154.232 - - [25/Aug/2022:11:27:52 +0800] "GET /xingrg/check_reg.html?_=1661398071591 HTTP/1.1" 200 22
222.69.129.110 - - [25/Aug/2022:11:27:54 +0800] "GET /xingrg/all/function/internal_message.html?_=1661398143924&CODE_STATE=getMsg HTTP/1.1" 200 27
61.165.19.104 - - [25/Aug/2022:11:27:55 +0800] "GET /xingrg/check_reg.html?_=1661398075427 HTTP/1.1" 200 22
61.165.19.104 - - [25/Aug/2022:11:27:55 +0800] "GET /xingrg/all/function/internal_message.html?_=1661398075430&CODE_STATE=getMsg HTTP/1.1" 200 27
180.169.147.146 - - [25/Aug/2022:11:27:55 +0800] "GET /xingrg/kc/buy/cgsh_order_add.html HTTP/1.1" 200 68420
180.169.147.146 - - [25/Aug/2022:11:27:56 +0800] "POST /xingrg/kc/buy/cgsh_order_operate.html HTTP/1.1" 200 8245
180.169.147.146 - - [25/Aug/2022:11:27:56 +0800] "GET /xingrg/javascript/easyui/themes/default/validatebox.css HTTP/1.1" 404 1104
116.233.77.165 - - [25/Aug/2022:11:27:58 +0800] "GET /xingrg/kc/buy/cgsh_order_operate.html?command=get_materiel&rest_code=00109&code=00101008199&supplier_code=00100005&order_time=2022-08-25 HTTP/1.1" 200 408
116.224.123.211 - - [25/Aug/2022:11:28:04 +0800] "GET /xingrg/all/function/internal_message.html?_=1661398100148&CODE_STATE=getMsg HTTP/1.1" 200 27
116.235.94.65 - - [25/Aug/2022:11:28:04 +0800] "GET /xingrg/all/function/internal_message.html?_=1661398273171&CODE_STATE=getMsg HTTP/1.1" 200 27
180.169.147.146 - - [25/Aug/2022:11:28:05 +0800] "GET /xingrg/check_reg.html?_=1661398085568 HTTP/1.1" 200 22
101.85.93.70 - - [25/Aug/2022:11:28:06 +0800] "GET /xingrg/all/function/internal_message.html?_=1661398084222&CODE_STATE=getMsg HTTP/1.1" 200 27
114.84.5.35 - - [25/Aug/2022:11:28:08 +0800] "GET /xingrg/check_reg.html?_=1661398082984 HTTP/1.1" 200 22
114.84.5.35 - - [25/Aug/2022:11:28:08 +0800] "GET /xingrg/all/function/internal_message.html?_=1661398082979&CODE_STATE=getMsg HTTP/1.1" 200 27
218.81.223.53 - - [25/Aug/2022:11:28:08 +0800] "GET /xingrg/kc/buy/cgsh_order_operate.html?command=get_materiel&rest_code=00146&code=00101006025&supplier_code=00100012&order_time=2022-08-25 HTTP/1.1" 200 417
116.224.255.128 - - [25/Aug/2022:11:28:08 +0800] "POST /xingrg/services/DataTransmitService HTTP/1.1" 200 524
116.224.255.128 - - [25/Aug/2022:11:28:08 +0800] "POST /xingrg/services/DataTransmitService HTTP/1.1" 200 501
180.169.147.146 - - [25/Aug/2022:11:28:12 +0800] "GET /xingrg/kc/buy/cgsh_order_operate.html?command=get_materiel&rest_code=00147&code=00101001010&supplier_code=00100454&order_time=2022-08-25 HTTP/1.1" 200 409
218.81.223.53 - - [25/Aug/2022:11:28:13 +0800] "GET /xingrg/all/function/internal_message.html?_=1661398105381&CODE_STATE=getMsg HTTP/1.1" 200 27
116.224.123.211 - - [25/Aug/2022:11:28:14 +0800] "POST /xingrg/kc/buy/cgsh_order_operate.html HTTP/1.1" 200 37
114.88.158.224 - - [25/Aug/2022:11:28:15 +0800] "GET /xingrg/all/function/internal_message.html?_=1661397759346&CODE_STATE=getMsg HTTP/1.1" 200 27
101.85.93.70 - - [25/Aug/2022:11:28:17 +0800] "GET /xingrg/javascript/jquery_easy_ui/themes/default/images/button_plain_hover.png HTTP/1.1" 200 252
116.233.77.165 - - [25/Aug/2022:11:28:17 +0800] "GET /xingrg/kc/buy/cgsh_order_operate.html?command=get_materiel&rest_code=00109&code=00101008004&supplier_code=00100005&order_time=2022-08-25 HTTP/1.1" 200 416
116.233.77.165 - - [25/Aug/2022:11:28:21 +0800] "GET /xingrg/all/function/internal_message.html?_=1661398101624&CODE_STATE=getMsg HTTP/1.1" 200 27
124.78.154.232 - - [25/Aug/2022:11:28:21 +0800] "GET /xingrg/all/function/internal_message.html?_=1661398105889&CODE_STATE=getMsg HTTP/1.1" 200 27
124.78.154.232 - - [25/Aug/2022:11:28:22 +0800] "GET /xingrg/javascript/auto/indicator.gif HTTP/1.1" 404 1066
218.81.223.53 - - [25/Aug/2022:11:28:23 +0800] "GET /xingrg/all/function/internal_message.html?_=1661398110587&CODE_STATE=getMsg HTTP/1.1" 302 -
116.233.77.165 - - [25/Aug/2022:11:28:25 +0800] "GET /xingrg/kc/buy/cgsh_order_operate.html?command=get_materiel&rest_code=00109&code=00101008264&supplier_code=00100005&order_time=2022-08-25 HTTP/1.1" 200 412
218.81.223.53 - - [25/Aug/2022:11:28:26 +0800] "GET /xingrg/kc/buy/cgsh_order_operate.html?command=get_materiel&rest_code=00146&code=00101006299&supplier_code=00100012&order_time=2022-08-25 HTTP/1.1" 200 418
116.232.194.65 - - [25/Aug/2022:11:28:27 +0800] "GET /xingrg/all/function/internal_message.html?_=1661398074390&CODE_STATE=getMsg HTTP/1.1" 200 27
116.224.123.211 - - [25/Aug/2022:11:28:28 +0800] "POST /xingrg/kc/buy/cgsh_order_operate.html HTTP/1.1" 200 12
61.165.19.104 - - [25/Aug/2022:11:28:28 +0800] "GET /xingrg/all/function/internal_message.html?_=1661397974805&CODE_STATE=getMsg HTTP/1.1" 200 27
124.78.154.232 - - [25/Aug/2022:11:28:29 +0800] "GET /xingrg/kc/buy/cgsh_order_operate.html?command=get_materiel&rest_code=00106&code=00101009001&supplier_code=00100022&order_time=2022-08-25 HTTP/1.1" 200 416
116.224.123.211 - - [25/Aug/2022:11:28:30 +0800] "GET /xingrg/kc/buy/cgsh_order_info.html?code=212022082508489 HTTP/1.1" 200 63343
116.224.123.211 - - [25/Aug/2022:11:28:30 +0800] "GET /xingrg/javascript/easyui/themes/default/validatebox.css HTTP/1.1" 404 1104
116.224.123.211 - - [25/Aug/2022:11:28:31 +0800] "POST /xingrg/kc/buy/cgsh_order_operate.html HTTP/1.1" 200 8921
116.233.77.165 - - [25/Aug/2022:11:28:32 +0800] "GET /xingrg/kc/buy/cgsh_order_operate.html?command=get_materiel&rest_code=00109&code=00101008360&supplier_code=00100005&order_time=2022-08-25 HTTP/1.1" 200 412
116.224.123.211 - - [25/Aug/2022:11:28:32 +0800] "GET /xingrg/kc/print/load_data.html?order_code=212022082508489&kc_code=cgsh&condition= HTTP/1.1" 200 3811
120.253.135.82 - - [25/Aug/2022:11:28:34 +0800] "GET /xingrg/all/function/internal_message.html?_=1661397915925&CODE_STATE=getMsg HTTP/1.1" 200 27
180.169.147.146 - - [25/Aug/2022:11:28:36 +0800] "GET /xingrg/all/function/internal_message.html?_=1661398114663&CODE_STATE=getMsg HTTP/1.1" 200 27
218.81.223.53 - - [25/Aug/2022:11:28:37 +0800] "GET /xingrg/kc/buy/cgsh_order_operate.html?command=get_materiel&rest_code=00146&code=00101006111&supplier_code=00100012&order_time=2022-08-25 HTTP/1.1" 200 409
116.233.77.165 - - [25/Aug/2022:11:28:39 +0800] "GET /xingrg/kc/buy/cgsh_order_operate.html?command=get_materiel&rest_code=00109&code=00101008357&supplier_code=00100005&order_time=2022-08-25 HTTP/1.1" 200 408
180.169.147.146 - - [25/Aug/2022:11:28:41 +0800] "GET /xingrg/all/function/internal_message.html?_=1661398118726&CODE_STATE=getMsg HTTP/1.1" 200 27
116.224.123.211 - - [25/Aug/2022:11:28:42 +0800] "GET /xingrg/kc/buy/cgsh_order_add.html HTTP/1.1" 200 68452
116.224.255.128 - - [25/Aug/2022:11:28:42 +0800] "GET /xingrg/all/function/internal_message.html?_=1661398046186&CODE_STATE=getMsg HTTP/1.1" 200 27
116.224.123.211 - - [25/Aug/2022:11:28:42 +0800] "POST /xingrg/kc/buy/cgsh_order_operate.html HTTP/1.1" 200 8245
116.224.123.211 - - [25/Aug/2022:11:28:42 +0800] "GET /xingrg/javascript/easyui/themes/default/validatebox.css HTTP/1.1" 404 1104
101.80.228.36 - - [25/Aug/2022:11:28:43 +0800] "GET /xingrg/all/function/internal_message.html?_=1661398120501&CODE_STATE=getMsg HTTP/1.1" 200 27
116.224.123.211 - - [25/Aug/2022:11:28:44 +0800] "GET /xingrg/all/function/internal_message.html?_=1661398123399&CODE_STATE=getMsg HTTP/1.1" 200 27
116.224.255.128 - - [25/Aug/2022:11:28:45 +0800] "GET /xingrg/all/function/internal_message.html?_=1661398122001&CODE_STATE=getMsg HTTP/1.1" 200 27
116.224.255.128 - - [25/Aug/2022:11:28:45 +0800] "GET /xingrg/check_reg.html?_=1661398122004 HTTP/1.1" 200 22
58.39.35.118 - - [25/Aug/2022:11:28:45 +0800] "GET /xingrg/all/function/internal_message.html?_=1661398114306&CODE_STATE=getMsg HTTP/1.1" 200 27
116.233.77.165 - - [25/Aug/2022:11:28:46 +0800] "GET /xingrg/kc/buy/cgsh_order_operate.html?command=get_materiel&rest_code=00109&code=00101008286&supplier_code=00100005&order_time=2022-08-25 HTTP/1.1" 200 408
218.81.223.53 - - [25/Aug/2022:11:28:48 +0800] "GET /xingrg/kc/buy/cgsh_order_operate.html?command=get_materiel&rest_code=00146&code=00101006109&supplier_code=00100012&order_time=2022-08-25 HTTP/1.1" 200 409
61.165.19.104 - - [25/Aug/2022:11:28:51 +0800] "GET /xingrg/all/function/internal_message.html?_=1661398130953&CODE_STATE=getMsg HTTP/1.1" 200 27
124.78.154.232 - - [25/Aug/2022:11:28:52 +0800] "GET /xingrg/all/function/internal_message.html?_=1661398131597&CODE_STATE=getMsg HTTP/1.1" 200 27
222.69.129.110 - - [25/Aug/2022:11:28:54 +0800] "GET /xingrg/all/function/internal_message.html?_=1661398203923&CODE_STATE=getMsg HTTP/1.1" 200 27
116.233.77.165 - - [25/Aug/2022:11:28:55 +0800] "GET /xingrg/kc/buy/cgsh_order_operate.html?command=get_materiel&rest_code=00109&code=00101008131&supplier_code=00100005&order_time=2022-08-25 HTTP/1.1" 200 408
61.165.19.104 - - [25/Aug/2022:11:28:55 +0800] "GET /xingrg/all/function/internal_message.html?_=1661398135430&CODE_STATE=getMsg HTTP/1.1" 200 27
124.78.154.232 - - [25/Aug/2022:11:28:55 +0800] "GET /xingrg/kc/buy/cgsh_order_operate.html?command=get_materiel&rest_code=00106&code=00101009011&supplier_code=00100022&order_time=2022-08-25 HTTP/1.1" 200 418
218.81.223.53 - - [25/Aug/2022:11:29:02 +0800] "GET /xingrg/check_reg.html?_=1661398154601 HTTP/1.1" 200 22
116.224.123.211 - - [25/Aug/2022:11:29:04 +0800] "GET /xingrg/all/function/internal_message.html?_=1661398160117&CODE_STATE=getMsg HTTP/1.1" 200 27
116.224.123.211 - - [25/Aug/2022:11:29:04 +0800] "GET /xingrg/check_reg.html?_=1661398160355 HTTP/1.1" 200 22
218.81.223.53 - - [25/Aug/2022:11:29:04 +0800] "GET /xingrg/kc/buy/cgsh_order_operate.html?command=get_materiel&rest_code=00146&code=00101006130&supplier_code=00100012&order_time=2022-08-25 HTTP/1.1" 200 427
116.233.77.165 - - [25/Aug/2022:11:29:04 +0800] "GET /xingrg/kc/buy/cgsh_order_operate.html?command=get_materiel&rest_code=00109&code=00101008644&supplier_code=00100005&order_time=2022-08-25 HTTP/1.1" 200 420
116.235.94.65 - - [25/Aug/2022:11:29:04 +0800] "GET /xingrg/all/function/internal_message.html?_=1661398333153&CODE_STATE=getMsg HTTP/1.1" 200 27
116.233.77.165 - - [25/Aug/2022:11:29:06 +0800] "POST /xingrg/kc/buy/cgsh_order_operate.html HTTP/1.1" 200 2065
101.85.93.70 - - [25/Aug/2022:11:29:06 +0800] "GET /xingrg/check_reg.html?_=1661398144234 HTTP/1.1" 200 22
101.85.93.70 - - [25/Aug/2022:11:29:06 +0800] "GET /xingrg/all/function/internal_message.html?_=1661398144237&CODE_STATE=getMsg HTTP/1.1" 200 27
101.80.228.36 - - [25/Aug/2022:11:29:06 +0800] "GET /xingrg/kc/base/yddb_order_list.html HTTP/1.1" 200 16792
101.80.228.36 - - [25/Aug/2022:11:29:06 +0800] "POST /xingrg/kc/base/yddb_list_operate.html HTTP/1.1" 200 636
116.235.94.65 - - [25/Aug/2022:11:29:07 +0800] "GET /xingrg/check_reg.html?_=1661398335494 HTTP/1.1" 200 22
114.84.5.35 - - [25/Aug/2022:11:29:08 +0800] "GET /xingrg/all/function/internal_message.html?_=1661398142973&CODE_STATE=getMsg HTTP/1.1" 200 27
114.86.187.244 - - [25/Aug/2022:11:29:09 +0800] "GET /xingrg/check_reg.html?_=1661398153759 HTTP/1.1" 200 22
101.80.228.36 - - [25/Aug/2022:11:29:09 +0800] "POST /xingrg/kc/base/yddb_list_operate.html HTTP/1.1" 200 4371
101.80.228.36 - - [25/Aug/2022:11:29:11 +0800] "POST /xingrg/kc/base/yddb_list_operate.html HTTP/1.1" 200 205
116.233.77.165 - - [25/Aug/2022:11:29:11 +0800] "GET /xingrg/kc/buy/cgsh_order_operate.html?command=get_materiel&rest_code=00109&code=00101008005&supplier_code=00100005&order_time=2022-08-25 HTTP/1.1" 200 412
101.80.228.36 - - [25/Aug/2022:11:29:12 +0800] "GET /xingrg/kc/base/yddb_order_info.html?code=482022082400162 HTTP/1.1" 200 29668
101.80.228.36 - - [25/Aug/2022:11:29:12 +0800] "GET /xingrg/dwr/interface/AjaxComOrderService.js HTTP/1.1" 200 18264
101.80.228.36 - - [25/Aug/2022:11:29:12 +0800] "GET /xingrg/dwr/interface/AjaxYddbService.js HTTP/1.1" 200 13201
101.80.228.36 - - [25/Aug/2022:11:29:12 +0800] "GET /xingrg/dwr/engine.js HTTP/1.1" 200 43631
101.80.228.36 - - [25/Aug/2022:11:29:12 +0800] "POST /xingrg/dwr/call/plaincall/AjaxYddbService.loadMaterielItems.dwr HTTP/1.1" 200 403
124.78.154.232 - - [25/Aug/2022:11:29:13 +0800] "GET /xingrg/kc/buy/cgsh_order_operate.html?command=get_materiel&rest_code=00106&code=00101009039&supplier_code=00100022&order_time=2022-08-25 HTTP/1.1" 200 410
218.81.223.53 - - [25/Aug/2022:11:29:13 +0800] "GET /xingrg/all/function/internal_message.html?_=1661398165395&CODE_STATE=getMsg HTTP/1.1" 200 27
114.88.158.224 - - [25/Aug/2022:11:29:15 +0800] "GET /xingrg/all/function/internal_message.html?_=1661397819319&CODE_STATE=getMsg HTTP/1.1" 200 27
114.88.158.224 - - [25/Aug/2022:11:29:16 +0800] "GET /xingrg/check_reg.html?_=1661397819820 HTTP/1.1" 200 22
222.69.129.110 - - [25/Aug/2022:11:29:17 +0800] "GET /xingrg/kc/base/wldb_order_operate.html?command=get_materiel&rest_code=00154&base_code=0010724&code=00101019074 HTTP/1.1" 200 471
116.233.77.165 - - [25/Aug/2022:11:29:21 +0800] "GET /xingrg/all/function/internal_message.html?_=1661398161622&CODE_STATE=getMsg HTTP/1.1" 200 27
124.78.154.232 - - [25/Aug/2022:11:29:21 +0800] "GET /xingrg/check_reg.html?_=1661398165880 HTTP/1.1" 200 22
124.78.154.232 - - [25/Aug/2022:11:29:21 +0800] "GET /xingrg/all/function/internal_message.html?_=1661398165885&CODE_STATE=getMsg HTTP/1.1" 200 27
116.233.77.165 - - [25/Aug/2022:11:29:22 +0800] "GET /xingrg/kc/buy/cgsh_order_operate.html?command=get_materiel&rest_code=00109&code=00101008353&supplier_code=00100005&order_time=2022-08-25 HTTP/1.1" 200 408
218.81.223.53 - - [25/Aug/2022:11:29:23 +0800] "GET /xingrg/all/function/internal_message.html?_=1661398170608&CODE_STATE=getMsg HTTP/1.1" 302 -
116.232.194.65 - - [25/Aug/2022:11:29:27 +0800] "GET /xingrg/all/function/internal_message.html?_=1661398134386&CODE_STATE=getMsg HTTP/1.1" 200 27
61.165.19.104 - - [25/Aug/2022:11:29:28 +0800] "GET /xingrg/all/function/internal_message.html?_=1661398034795&CODE_STATE=getMsg HTTP/1.1" 200 27
124.78.154.232 - - [25/Aug/2022:11:29:29 +0800] "POST /xingrg/kc/buy/cgsh_order_operate.html HTTP/1.1" 200 37
124.78.154.232 - - [25/Aug/2022:11:29:30 +0800] "POST /xingrg/kc/buy/cgsh_order_operate.html HTTP/1.1" 200 3850
116.233.77.165 - - [25/Aug/2022:11:29:30 +0800] "GET /xingrg/kc/buy/cgsh_order_operate.html?command=get_materiel&rest_code=00109&code=00101008095&supplier_code=00100005&order_time=2022-08-25 HTTP/1.1" 200 412
124.78.154.232 - - [25/Aug/2022:11:29:32 +0800] "GET /xingrg/kc/buy/cgsh_order_add.html HTTP/1.1" 200 68411
124.78.154.232 - - [25/Aug/2022:11:29:32 +0800] "POST /xingrg/kc/buy/cgsh_order_operate.html HTTP/1.1" 200 8245
124.78.154.232 - - [25/Aug/2022:11:29:32 +0800] "GET /xingrg/javascript/easyui/themes/default/validatebox.css HTTP/1.1" 404 1104
218.81.223.53 - - [25/Aug/2022:11:29:33 +0800] "GET /xingrg/kc/buy/cgsh_order_operate.html?command=get_materiel&rest_code=00146&code=00101006184&supplier_code=00100012&order_time=2022-08-25 HTTP/1.1" 200 408
124.78.154.232 - - [25/Aug/2022:11:29:33 +0800] "GET /xingrg/javascript/easyui/themes/default/tree.css HTTP/1.1" 404 1090
124.78.154.232 - - [25/Aug/2022:11:29:34 +0800] "POST /xingrg/all/common/load_tree.html?tree=supplier_tree_json&isDelete=1 HTTP/1.1" 200 67879
120.253.135.82 - - [25/Aug/2022:11:29:34 +0800] "GET /xingrg/all/function/internal_message.html?_=1661397975938&CODE_STATE=getMsg HTTP/1.1" 200 27
180.169.147.146 - - [25/Aug/2022:11:29:36 +0800] "GET /xingrg/all/function/internal_message.html?_=1661398174662&CODE_STATE=getMsg HTTP/1.1" 200 27
116.233.77.165 - - [25/Aug/2022:11:29:38 +0800] "GET /xingrg/kc/buy/cgsh_order_operate.html?command=get_materiel&rest_code=00109&code=00101008196&supplier_code=00100005&order_time=2022-08-25 HTTP/1.1" 200 416
61.165.19.104 - - [25/Aug/2022:11:29:41 +0800] "GET /xingrg/kc/buy/buy_main.html HTTP/1.1" 200 12412
61.165.19.104 - - [25/Aug/2022:11:29:41 +0800] "GET /xingrg/css/new_ie.css HTTP/1.1" 404 1036
116.224.255.128 - - [25/Aug/2022:11:29:41 +0800] "GET /xingrg/check_reg.html?_=1661398105200 HTTP/1.1" 200 22
180.169.147.146 - - [25/Aug/2022:11:29:41 +0800] "GET /xingrg/all/function/internal_message.html?_=1661398178726&CODE_STATE=getMsg HTTP/1.1" 200 27
116.224.255.128 - - [25/Aug/2022:11:29:42 +0800] "GET /xingrg/all/function/internal_message.html?_=1661398106200&CODE_STATE=getMsg HTTP/1.1" 200 27
61.165.19.104 - - [25/Aug/2022:11:29:42 +0800] "GET /xingrg/images/yd/bt.gif HTTP/1.1" 404 1040
101.80.228.36 - - [25/Aug/2022:11:29:43 +0800] "GET /xingrg/all/function/internal_message.html?_=1661398180485&CODE_STATE=getMsg HTTP/1.1" 200 27
61.165.19.104 - - [25/Aug/2022:11:29:43 +0800] "GET /xingrg/kc/buy/cgsh_order_list.html HTTP/1.1" 200 52635
116.224.123.211 - - [25/Aug/2022:11:29:44 +0800] "GET /xingrg/all/function/internal_message.html?_=1661398183395&CODE_STATE=getMsg HTTP/1.1" 200 27
116.224.255.128 - - [25/Aug/2022:11:29:45 +0800] "GET /xingrg/all/function/internal_message.html?_=1661398182005&CODE_STATE=getMsg HTTP/1.1" 200 27
58.39.35.118 - - [25/Aug/2022:11:29:45 +0800] "GET /xingrg/all/function/internal_message.html?_=1661398174322&CODE_STATE=getMsg HTTP/1.1" 200 27
116.233.77.165 - - [25/Aug/2022:11:29:45 +0800] "GET /xingrg/kc/buy/cgsh_order_operate.html?command=get_materiel&rest_code=00109&code=00101008096&supplier_code=00100005&order_time=2022-08-25 HTTP/1.1" 200 413
61.165.19.104 - - [25/Aug/2022:11:29:46 +0800] "POST /xingrg/kc/buy/cgsh_list_operate.html HTTP/1.1" 200 3461
218.81.223.53 - - [25/Aug/2022:11:29:47 +0800] "GET /xingrg/kc/buy/cgsh_order_operate.html?command=get_materiel&rest_code=00146&code=00101006065&supplier_code=00100012&order_time=2022-08-25 HTTP/1.1" 200 409
116.233.77.165 - - [25/Aug/2022:11:29:47 +0800] "POST /xingrg/kc/buy/cgsh_order_operate.html HTTP/1.1" 200 2065
61.165.19.104 - - [25/Aug/2022:11:29:51 +0800] "GET /xingrg/all/function/internal_message.html?_=1661398190953&CODE_STATE=getMsg HTTP/1.1" 200 27
124.78.154.232 - - [25/Aug/2022:11:29:52 +0800] "GET /xingrg/all/function/internal_message.html?_=1661398191581&CODE_STATE=getMsg HTTP/1.1" 200 27
116.233.77.165 - - [25/Aug/2022:11:29:53 +0800] "GET /xingrg/kc/buy/cgsh_order_operate.html?command=get_materiel&rest_code=00109&code=00101008132&supplier_code=00100005&order_time=2022-08-25 HTTP/1.1" 200 408
222.69.129.110 - - [25/Aug/2022:11:29:54 +0800] "GET /xingrg/all/function/internal_message.html?_=1661398263930&CODE_STATE=getMsg HTTP/1.1" 200 27
61.165.19.104 - - [25/Aug/2022:11:29:55 +0800] "GET /xingrg/all/function/internal_message.html?_=1661398195430&CODE_STATE=getMsg HTTP/1.1" 200 27
180.169.147.146 - - [25/Aug/2022:11:29:58 +0800] "GET /xingrg/kc/buy/cgsh_order_operate.html?command=get_materiel&rest_code=00147&code=00101002027&supplier_code=00100454&order_time=2022-08-25 HTTP/1.1" 200 434
218.81.223.53 - - [25/Aug/2022:11:29:59 +0800] "GET /xingrg/kc/buy/cgsh_order_operate.html?command=get_materiel&rest_code=00146&code=00101006136&supplier_code=00100012&order_time=2022-08-25 HTTP/1.1" 200 417
61.165.19.104 - - [25/Aug/2022:11:30:03 +0800] "POST /xingrg/kc/buy/cgsh_list_operate.html HTTP/1.1" 200 3461
116.224.123.211 - - [25/Aug/2022:11:30:03 +0800] "GET /xingrg/all/function/internal_message.html?_=1661398220091&CODE_STATE=getMsg HTTP/1.1" 200 27
116.235.94.65 - - [25/Aug/2022:11:30:04 +0800] "GET /xingrg/all/function/internal_message.html?_=1661398393133&CODE_STATE=getMsg HTTP/1.1" 200 27
101.80.228.36 - - [25/Aug/2022:11:30:05 +0800] "GET /xingrg/check_reg.html?_=1661398203096 HTTP/1.1" 200 22
101.85.93.70 - - [25/Aug/2022:11:30:06 +0800] "GET /xingrg/all/function/internal_message.html?_=1661398204221&CODE_STATE=getMsg HTTP/1.1" 200 27
124.78.154.232 - - [25/Aug/2022:11:30:07 +0800] "GET /xingrg/kc/buy/cgsh_order_operate.html?command=get_materiel&rest_code=00106&code=00101015128&supplier_code=00100450&order_time=2022-08-25 HTTP/1.1" 200 421
114.84.5.35 - - [25/Aug/2022:11:30:08 +0800] "GET /xingrg/all/function/internal_message.html?_=1661398202978&CODE_STATE=getMsg HTTP/1.1" 200 27
218.81.223.53 - - [25/Aug/2022:11:30:09 +0800] "POST /xingrg/kc/buy/cgsh_order_operate.html HTTP/1.1" 200 37
180.169.147.146 - - [25/Aug/2022:11:30:11 +0800] "GET /xingrg/kc/buy/cgsh_order_operate.html?command=get_materiel&rest_code=00147&code=00101002016&supplier_code=00100454&order_time=2022-08-25 HTTP/1.1" 200 413
218.81.223.53 - - [25/Aug/2022:11:30:12 +0800] "POST /xingrg/kc/buy/cgsh_order_operate.html HTTP/1.1" 200 6819
218.81.223.53 - - [25/Aug/2022:11:30:13 +0800] "GET /xingrg/all/function/internal_message.html?_=1661398225408&CODE_STATE=getMsg HTTP/1.1" 200 27
218.81.223.53 - - [25/Aug/2022:11:30:15 +0800] "GET /xingrg/kc/print/load_data.html?order_code=212022082508492&kc_code=cgsh&condition= HTTP/1.1" 200 2369
114.88.158.224 - - [25/Aug/2022:11:30:15 +0800] "GET /xingrg/all/function/internal_message.html?_=1661397879294&CODE_STATE=getMsg HTTP/1.1" 200 27
116.233.77.165 - - [25/Aug/2022:11:30:21 +0800] "GET /xingrg/all/function/internal_message.html?_=1661398221621&CODE_STATE=getMsg HTTP/1.1" 200 27
116.233.77.165 - - [25/Aug/2022:11:30:21 +0800] "GET /xingrg/check_reg.html?_=1661398221623 HTTP/1.1" 200 22
124.78.154.232 - - [25/Aug/2022:11:30:21 +0800] "GET /xingrg/all/function/internal_message.html?_=1661398225883&CODE_STATE=getMsg HTTP/1.1" 200 27
218.81.223.53 - - [25/Aug/2022:11:30:23 +0800] "GET /xingrg/all/function/internal_message.html?_=1661398230613&CODE_STATE=getMsg HTTP/1.1" 302 -
116.232.194.65 - - [25/Aug/2022:11:30:27 +0800] "GET /xingrg/all/function/internal_message.html?_=1661398194377&CODE_STATE=getMsg HTTP/1.1" 200 27
116.232.194.65 - - [25/Aug/2022:11:30:27 +0800] "GET /xingrg/check_reg.html?_=1661398194380 HTTP/1.1" 200 22
61.165.19.104 - - [25/Aug/2022:11:30:28 +0800] "GET /xingrg/all/function/internal_message.html?_=1661398094787&CODE_STATE=getMsg HTTP/1.1" 200 27
120.253.135.82 - - [25/Aug/2022:11:30:34 +0800] "GET /xingrg/all/function/internal_message.html?_=1661398035969&CODE_STATE=getMsg HTTP/1.1" 200 27
101.80.228.36 - - [25/Aug/2022:11:30:34 +0800] "GET /xingrg/kc/base/yddb_order_report.html?fileType=servlets/pdf&code=482022082400162&reportName=ck_order_report&subName=yddb HTTP/1.1" 302 -
101.80.228.36 - - [25/Aug/2022:11:30:34 +0800] "GET /xingrg/servlets/pdf?sysBaseUrl=http%3A%2F%2F180.169.147.146%3A18081%2Fxingrg%2F&costTime=91×tamp=1661398234696 HTTP/1.1" 200 3884
101.80.228.36 - - [25/Aug/2022:11:30:34 +0800] "GET /favicon.ico HTTP/1.1" 404 -
124.78.154.232 - - [25/Aug/2022:11:30:34 +0800] "GET /xingrg/kc/buy/cgsh_order_operate.html?command=get_materiel&rest_code=00106&code=00102014088&supplier_code=00100450&order_time=2022-08-25 HTTP/1.1" 200 426
180.169.147.146 - - [25/Aug/2022:11:30:36 +0800] "GET /xingrg/all/function/internal_message.html?_=1661398234664&CODE_STATE=getMsg HTTP/1.1" 200 27
218.81.223.53 - - [25/Aug/2022:11:30:41 +0800] "GET /xingrg/kc/buy/cgsh_order_list.html HTTP/1.1" 200 52641
180.169.147.146 - - [25/Aug/2022:11:30:41 +0800] "GET /xingrg/all/function/internal_message.html?_=1661398238726&CODE_STATE=getMsg HTTP/1.1" 200 27
116.224.255.128 - - [25/Aug/2022:11:30:42 +0800] "GET /xingrg/all/function/internal_message.html?_=1661398166213&CODE_STATE=getMsg HTTP/1.1" 200 27
101.80.228.36 - - [25/Aug/2022:11:30:43 +0800] "GET /xingrg/all/function/internal_message.html?_=1661398240457&CODE_STATE=getMsg HTTP/1.1" 200 27
218.81.223.53 - - [25/Aug/2022:11:30:43 +0800] "POST /xingrg/kc/buy/cgsh_list_operate.html HTTP/1.1" 200 3865
116.224.123.211 - - [25/Aug/2022:11:30:44 +0800] "GET /xingrg/all/function/internal_message.html?_=1661398243401&CODE_STATE=getMsg HTTP/1.1" 200 27
116.224.255.128 - - [25/Aug/2022:11:30:45 +0800] "GET /xingrg/all/function/internal_message.html?_=1661398242008&CODE_STATE=getMsg HTTP/1.1" 200 27
58.39.35.118 - - [25/Aug/2022:11:30:45 +0800] "GET /xingrg/all/function/internal_message.html?_=1661398234329&CODE_STATE=getMsg HTTP/1.1" 200 27
116.233.77.165 - - [25/Aug/2022:11:30:46 +0800] "GET /xingrg/kc/buy/cgsh_order_operate.html?command=get_materiel&rest_code=00109&code=00101008080&supplier_code=00100005&order_time=2022-08-25 HTTP/1.1" 200 416
218.81.223.53 - - [25/Aug/2022:11:30:47 +0800] "POST /xingrg/kc/buy/cgsh_list_operate.html HTTP/1.1" 200 494
124.78.154.232 - - [25/Aug/2022:11:30:50 +0800] "GET /xingrg/kc/buy/cgsh_order_operate.html?command=get_materiel&rest_code=00106&code=00101008568&supplier_code=00100450&order_time=2022-08-25 HTTP/1.1" 200 413
61.165.19.104 - - [25/Aug/2022:11:30:51 +0800] "GET /xingrg/check_reg.html?_=1661398250953 HTTP/1.1" 200 22
61.165.19.104 - - [25/Aug/2022:11:30:51 +0800] "GET /xingrg/all/function/internal_message.html?_=1661398250955&CODE_STATE=getMsg HTTP/1.1" 200 27
124.78.154.232 - - [25/Aug/2022:11:30:52 +0800] "GET /xingrg/all/function/internal_message.html?_=1661398251585&CODE_STATE=getMsg HTTP/1.1" 200 27
218.81.223.53 - - [25/Aug/2022:11:30:52 +0800] "POST /xingrg/kc/buy/cgsh_list_operate.html HTTP/1.1" 200 490
116.233.77.165 - - [25/Aug/2022:11:30:52 +0800] "GET /xingrg/kc/buy/cgsh_order_operate.html?command=get_materiel&rest_code=00109&code=00101008354&supplier_code=00100005&order_time=2022-08-25 HTTP/1.1" 200 412
222.69.129.110 - - [25/Aug/2022:11:30:54 +0800] "GET /xingrg/all/function/internal_message.html?_=1661398323922&CODE_STATE=getMsg HTTP/1.1" 200 27
218.81.223.53 - - [25/Aug/2022:11:30:55 +0800] "POST /xingrg/kc/buy/cgsh_list_operate.html HTTP/1.1" 200 502
61.165.19.104 - - [25/Aug/2022:11:30:55 +0800] "GET /xingrg/all/function/internal_message.html?_=1661398255430&CODE_STATE=getMsg HTTP/1.1" 200 27
116.233.77.165 - - [25/Aug/2022:11:30:59 +0800] "GET /xingrg/kc/buy/cgsh_order_operate.html?command=get_materiel&rest_code=00109&code=00101008356&supplier_code=00100005&order_time=2022-08-25 HTTP/1.1" 200 409
116.224.123.211 - - [25/Aug/2022:11:31:03 +0800] "GET /xingrg/all/function/internal_message.html?_=1661398280076&CODE_STATE=getMsg HTTP/1.1" 200 27
116.235.94.65 - - [25/Aug/2022:11:31:04 +0800] "GET /xingrg/all/function/internal_message.html?_=1661398453104&CODE_STATE=getMsg HTTP/1.1" 200 27
101.85.93.70 - - [25/Aug/2022:11:31:06 +0800] "GET /xingrg/all/function/internal_message.html?_=1661398264220&CODE_STATE=getMsg HTTP/1.1" 200 27
114.84.5.35 - - [25/Aug/2022:11:31:08 +0800] "GET /xingrg/all/function/internal_message.html?_=1661398262981&CODE_STATE=getMsg HTTP/1.1" 200 27
116.233.77.165 - - [25/Aug/2022:11:31:08 +0800] "GET /xingrg/kc/buy/cgsh_order_operate.html?command=get_materiel&rest_code=00109&code=00101008137&supplier_code=00100005&order_time=2022-08-25 HTTP/1.1" 200 408
124.78.154.232 - - [25/Aug/2022:11:31:08 +0800] "GET /xingrg/kc/buy/cgsh_order_operate.html?command=get_materiel&rest_code=00106&code=00101008509&supplier_code=00100450&order_time=2022-08-25 HTTP/1.1" 200 410
101.80.228.36 - - [25/Aug/2022:11:31:09 +0800] "GET /xingrg/kc/report/report_main.html HTTP/1.1" 200 7340
116.233.77.165 - - [25/Aug/2022:11:31:09 +0800] "POST /xingrg/kc/buy/cgsh_order_operate.html HTTP/1.1" 200 2065
101.80.228.36 - - [25/Aug/2022:11:31:11 +0800] "GET /xingrg/kc/base/kc_stocks.html HTTP/1.1" 200 16443
101.80.228.36 - - [25/Aug/2022:11:31:11 +0800] "GET /xingrg/javascript/easyui/themes/default/tree.css HTTP/1.1" 404 1090
101.80.228.36 - - [25/Aug/2022:11:31:11 +0800] "POST /xingrg/all/common/load_tree.html?tree=materiel_sort_tree_json HTTP/1.1" 200 9500
218.81.223.53 - - [25/Aug/2022:11:31:13 +0800] "GET /xingrg/all/function/internal_message.html?_=1661398285643&CODE_STATE=getMsg HTTP/1.1" 200 27
114.88.158.224 - - [25/Aug/2022:11:31:15 +0800] "GET /xingrg/all/function/internal_message.html?_=1661397939265&CODE_STATE=getMsg HTTP/1.1" 200 27
116.233.77.165 - - [25/Aug/2022:11:31:16 +0800] "GET /xingrg/kc/buy/cgsh_order_operate.html?command=get_materiel&rest_code=00109&code=00101008357&supplier_code=00100005&order_time=2022-08-25 HTTP/1.1" 200 408
218.81.223.53 - - [25/Aug/2022:11:31:19 +0800] "GET /xingrg/check_reg.html?_=1661398286696 HTTP/1.1" 302 -
116.233.77.165 - - [25/Aug/2022:11:31:21 +0800] "GET /xingrg/all/function/internal_message.html?_=1661398281624&CODE_STATE=getMsg HTTP/1.1" 200 27
124.78.154.232 - - [25/Aug/2022:11:31:21 +0800] "GET /xingrg/all/function/internal_message.html?_=1661398285873&CODE_STATE=getMsg HTTP/1.1" 200 27
101.80.228.36 - - [25/Aug/2022:11:31:21 +0800] "POST /xingrg/kc/base/stock_operate.html HTTP/1.1" 200 2454
218.81.223.53 - - [25/Aug/2022:11:31:23 +0800] "GET /xingrg/all/function/internal_message.html?_=1661398290627&CODE_STATE=getMsg HTTP/1.1" 302 -
116.233.77.165 - - [25/Aug/2022:11:31:24 +0800] "GET /xingrg/kc/buy/cgsh_order_operate.html?command=get_materiel&rest_code=00109&code=00101008286&supplier_code=00100005&order_time=2022-08-25 HTTP/1.1" 200 408
