116.224.123.211 - - [25/Aug/2022:10:30:45 +0800] "POST /xingrg/kc/mdqp/pssh_list_operate.html HTTP/1.1" 200 5243
116.224.123.211 - - [25/Aug/2022:10:30:47 +0800] "POST /xingrg/kc/mdqp/pssh_list_operate.html HTTP/1.1" 200 757
116.224.123.211 - - [25/Aug/2022:10:30:48 +0800] "POST /xingrg/kc/mdqp/pssh_list_operate.html HTTP/1.1" 200 804
116.224.123.211 - - [25/Aug/2022:10:30:49 +0800] "POST /xingrg/kc/mdqp/pssh_list_operate.html HTTP/1.1" 200 259
116.224.123.211 - - [25/Aug/2022:10:30:50 +0800] "POST /xingrg/kc/mdqp/pssh_list_operate.html HTTP/1.1" 200 760
116.224.123.211 - - [25/Aug/2022:10:30:51 +0800] "POST /xingrg/kc/mdqp/pssh_list_operate.html HTTP/1.1" 200 260
116.224.123.211 - - [25/Aug/2022:10:30:51 +0800] "POST /xingrg/kc/mdqp/pssh_list_operate.html HTTP/1.1" 200 288
124.78.154.232 - - [25/Aug/2022:10:30:52 +0800] "GET /xingrg/all/function/internal_message.html?_=1661394651583&CODE_STATE=getMsg HTTP/1.1" 200 27
218.81.223.53 - - [25/Aug/2022:10:30:52 +0800] "POST /xingrg/kc/buy/cgsh_order_operate.html HTTP/1.1" 200 2065
116.224.123.211 - - [25/Aug/2022:10:30:53 +0800] "POST /xingrg/kc/mdqp/pssh_list_operate.html HTTP/1.1" 200 256
116.224.123.211 - - [25/Aug/2022:10:30:55 +0800] "POST /xingrg/kc/mdqp/pssh_list_operate.html HTTP/1.1" 200 258
61.165.19.104 - - [25/Aug/2022:10:30:58 +0800] "GET /xingrg/all/function/internal_message.html?_=1661394658684&CODE_STATE=getMsg HTTP/1.1" 200 27
124.78.154.232 - - [25/Aug/2022:10:30:59 +0800] "GET /favicon.ico HTTP/1.1" 404 -
218.81.223.53 - - [25/Aug/2022:10:31:02 +0800] "GET /xingrg/kc/buy/cgsh_order_operate.html?command=get_materiel&rest_code=00146&code=00101008356&supplier_code=00100005&order_time=2022-08-25 HTTP/1.1" 200 409
218.81.223.53 - - [25/Aug/2022:10:31:02 +0800] "GET /xingrg/all/function/internal_message.html?_=1661394674406&CODE_STATE=getMsg HTTP/1.1" 200 27
116.235.94.65 - - [25/Aug/2022:10:31:06 +0800] "GET /xingrg/all/function/internal_message.html?_=1661394854510&CODE_STATE=getMsg HTTP/1.1" 200 27
114.84.5.35 - - [25/Aug/2022:10:31:07 +0800] "GET /xingrg/all/function/internal_message.html?_=1661394662880&CODE_STATE=getMsg HTTP/1.1" 200 27
218.81.223.53 - - [25/Aug/2022:10:31:15 +0800] "GET /xingrg/kc/buy/cgsh_order_operate.html?command=get_materiel&rest_code=00146&code=00101008439&supplier_code=00100005&order_time=2022-08-25 HTTP/1.1" 200 412
114.88.158.224 - - [25/Aug/2022:10:31:16 +0800] "GET /xingrg/all/function/internal_message.html?_=1661394339731&CODE_STATE=getMsg HTTP/1.1" 200 27
114.88.158.224 - - [25/Aug/2022:10:31:18 +0800] "GET /xingrg/kc/buy/cgsh_order_operate.html?command=get_materiel&rest_code=00141&code=00101008234&supplier_code=00100007&order_time=2022-08-25 HTTP/1.1" 200 408
218.81.223.53 - - [25/Aug/2022:10:31:19 +0800] "GET /xingrg/check_reg.html?_=1661394686583 HTTP/1.1" 302 -
124.78.154.232 - - [25/Aug/2022:10:31:21 +0800] "GET /xingrg/all/function/internal_message.html?_=1661394685691&CODE_STATE=getMsg HTTP/1.1" 200 27
222.69.129.110 - - [25/Aug/2022:10:31:21 +0800] "GET /xingrg/all/function/internal_message.html?_=1661394751084&CODE_STATE=getMsg HTTP/1.1" 200 27
218.81.223.53 - - [25/Aug/2022:10:31:23 +0800] "GET /xingrg/all/function/internal_message.html?_=1661394689797&CODE_STATE=getMsg HTTP/1.1" 302 -
218.81.223.53 - - [25/Aug/2022:10:31:26 +0800] "GET /xingrg/kc/buy/cgsh_order_operate.html?command=get_materiel&rest_code=00146&code=00101008137&supplier_code=00100005&order_time=2022-08-25 HTTP/1.1" 200 408
58.39.35.118 - - [25/Aug/2022:10:31:27 +0800] "GET /xingrg/login.html HTTP/1.1" 200 7641
116.232.194.65 - - [25/Aug/2022:10:31:27 +0800] "GET /xingrg/all/function/internal_message.html?_=1661394654398&CODE_STATE=getMsg HTTP/1.1" 200 27
61.165.19.104 - - [25/Aug/2022:10:31:28 +0800] "GET /xingrg/all/function/internal_message.html?_=1661394554106&CODE_STATE=getMsg HTTP/1.1" 200 27
61.165.19.104 - - [25/Aug/2022:10:31:28 +0800] "GET /xingrg/check_reg.html?_=1661394554109 HTTP/1.1" 200 22
58.39.35.118 - - [25/Aug/2022:10:31:35 +0800] "GET /favicon.ico HTTP/1.1" 404 -
180.169.147.146 - - [25/Aug/2022:10:31:36 +0800] "GET /xingrg/all/function/internal_message.html?_=1661394694662&CODE_STATE=getMsg HTTP/1.1" 200 27
218.81.223.53 - - [25/Aug/2022:10:31:37 +0800] "GET /xingrg/kc/buy/cgsh_order_operate.html?command=get_materiel&rest_code=00146&code=00101008196&supplier_code=00100005&order_time=2022-08-25 HTTP/1.1" 200 416
116.224.123.211 - - [25/Aug/2022:10:31:39 +0800] "GET /xingrg/all/function/internal_message.html?_=1661394714954&CODE_STATE=getMsg HTTP/1.1" 200 27
116.233.77.165 - - [25/Aug/2022:10:31:40 +0800] "GET /favicon.ico HTTP/1.1" 404 -
116.224.255.128 - - [25/Aug/2022:10:31:41 +0800] "GET /xingrg/all/function/internal_message.html?_=1661394625411&CODE_STATE=getMsg HTTP/1.1" 200 27
116.233.77.165 - - [25/Aug/2022:10:31:43 +0800] "GET /xingrg/login.html HTTP/1.1" 200 7641
116.233.77.165 - - [25/Aug/2022:10:31:44 +0800] "GET /xingrg/images/blue/jxLogo.png HTTP/1.1" 200 6156
116.233.77.165 - - [25/Aug/2022:10:31:44 +0800] "GET /xingrg/images/blue/login_bg.png HTTP/1.1" 200 22101
116.233.77.165 - - [25/Aug/2022:10:31:44 +0800] "GET /xingrg/images/blue/srbg.png HTTP/1.1" 200 138
116.233.77.165 - - [25/Aug/2022:10:31:44 +0800] "GET /xingrg/images/blue/hj.png HTTP/1.1" 200 1014
116.233.77.165 - - [25/Aug/2022:10:31:44 +0800] "GET /favicon.ico HTTP/1.1" 404 -
101.80.228.36 - - [25/Aug/2022:10:31:44 +0800] "GET /xingrg/all/function/internal_message.html?_=1661394701889&CODE_STATE=getMsg HTTP/1.1" 200 27
116.224.255.128 - - [25/Aug/2022:10:31:44 +0800] "GET /xingrg/all/function/internal_message.html?_=1661394701967&CODE_STATE=getMsg HTTP/1.1" 200 27
218.81.223.53 - - [25/Aug/2022:10:31:51 +0800] "POST /xingrg/kc/buy/cgsh_order_operate.html HTTP/1.1" 200 2065
124.78.154.232 - - [25/Aug/2022:10:31:52 +0800] "GET /xingrg/all/function/internal_message.html?_=1661394711585&CODE_STATE=getMsg HTTP/1.1" 200 27
61.165.19.104 - - [25/Aug/2022:10:31:58 +0800] "GET /xingrg/all/function/internal_message.html?_=1661394718656&CODE_STATE=getMsg HTTP/1.1" 200 27
218.81.223.53 - - [25/Aug/2022:10:31:59 +0800] "GET /xingrg/kc/buy/cgsh_order_operate.html?command=get_materiel&rest_code=00146&code=00101008069&supplier_code=00100005&order_time=2022-08-25 HTTP/1.1" 200 412
218.81.223.53 - - [25/Aug/2022:10:32:02 +0800] "GET /xingrg/all/function/internal_message.html?_=1661394734475&CODE_STATE=getMsg HTTP/1.1" 200 27
116.235.94.65 - - [25/Aug/2022:10:32:06 +0800] "GET /xingrg/all/function/internal_message.html?_=1661394914488&CODE_STATE=getMsg HTTP/1.1" 200 27
114.84.5.35 - - [25/Aug/2022:10:32:07 +0800] "GET /xingrg/all/function/internal_message.html?_=1661394722867&CODE_STATE=getMsg HTTP/1.1" 200 27
218.81.223.53 - - [25/Aug/2022:10:32:15 +0800] "GET /xingrg/kc/buy/cgsh_order_operate.html?command=get_materiel&rest_code=00146&code=00101008286&supplier_code=00100005&order_time=2022-08-25 HTTP/1.1" 200 408
114.88.158.224 - - [25/Aug/2022:10:32:15 +0800] "GET /xingrg/all/function/internal_message.html?_=1661394399702&CODE_STATE=getMsg HTTP/1.1" 200 27
124.78.154.232 - - [25/Aug/2022:10:32:21 +0800] "GET /xingrg/all/function/internal_message.html?_=1661394745692&CODE_STATE=getMsg HTTP/1.1" 200 27
222.69.129.110 - - [25/Aug/2022:10:32:21 +0800] "GET /xingrg/all/function/internal_message.html?_=1661394811095&CODE_STATE=getMsg HTTP/1.1" 200 27
218.81.223.53 - - [25/Aug/2022:10:32:23 +0800] "GET /xingrg/all/function/internal_message.html?_=1661394749819&CODE_STATE=getMsg HTTP/1.1" 302 -
116.232.194.65 - - [25/Aug/2022:10:32:27 +0800] "GET /xingrg/all/function/internal_message.html?_=1661394714399&CODE_STATE=getMsg HTTP/1.1" 200 27
61.165.19.104 - - [25/Aug/2022:10:32:28 +0800] "GET /xingrg/all/function/internal_message.html?_=1661394614109&CODE_STATE=getMsg HTTP/1.1" 200 27
180.169.147.146 - - [25/Aug/2022:10:32:30 +0800] "GET /xingrg/login.html HTTP/1.1" 200 7641
180.169.147.146 - - [25/Aug/2022:10:32:30 +0800] "GET /xingrg/login.html HTTP/1.1" 200 7641
114.88.158.224 - - [25/Aug/2022:10:32:31 +0800] "GET /xingrg/kc/buy/cgsh_order_operate.html?command=get_materiel&rest_code=00141&code=00101008112&supplier_code=00100007&order_time=2022-08-25 HTTP/1.1" 200 412
180.169.147.146 - - [25/Aug/2022:10:32:36 +0800] "GET /favicon.ico HTTP/1.1" 404 -
180.169.147.146 - - [25/Aug/2022:10:32:36 +0800] "GET /favicon.ico HTTP/1.1" 404 -
180.169.147.146 - - [25/Aug/2022:10:32:36 +0800] "GET /xingrg/check_reg.html?_=1661394754657 HTTP/1.1" 200 22
180.169.147.146 - - [25/Aug/2022:10:32:36 +0800] "GET /xingrg/all/function/internal_message.html?_=1661394754660&CODE_STATE=getMsg HTTP/1.1" 200 27
58.39.35.118 - - [25/Aug/2022:10:32:37 +0800] "POST /xingrg/login.do HTTP/1.1" 200 2421
58.39.35.118 - - [25/Aug/2022:10:32:37 +0800] "GET /xingrg/images/blue/pic_top.gif HTTP/1.1" 200 3656
58.39.35.118 - - [25/Aug/2022:10:32:37 +0800] "GET /xingrg/images/blue/pic_notice.jpg HTTP/1.1" 200 3583
58.39.35.118 - - [25/Aug/2022:10:32:37 +0800] "GET /xingrg/images/blue/error_buttom.gif HTTP/1.1" 200 1750
58.39.35.118 - - [25/Aug/2022:10:32:37 +0800] "GET /xingrg/images/blue/error_mid.gif HTTP/1.1" 200 215
58.39.35.118 - - [25/Aug/2022:10:32:37 +0800] "GET /xingrg/images/blue/error_top.gif HTTP/1.1" 200 1790
58.39.35.118 - - [25/Aug/2022:10:32:37 +0800] "GET /favicon.ico HTTP/1.1" 404 -
180.169.147.146 - - [25/Aug/2022:10:32:38 +0800] "POST /xingrg/login.do HTTP/1.1" 302 -
180.169.147.146 - - [25/Aug/2022:10:32:38 +0800] "GET /xingrg/index.html?sysBaseUrl=http%3A%2F%2F180.169.147.146%3A18081%2Fxingrg%2F&costTime=40×tamp=1661394758878 HTTP/1.1" 200 17503
116.224.123.211 - - [25/Aug/2022:10:32:39 +0800] "GET /xingrg/all/function/internal_message.html?_=1661394774946&CODE_STATE=getMsg HTTP/1.1" 200 27
58.39.35.118 - - [25/Aug/2022:10:32:39 +0800] "GET /xingrg/login.html HTTP/1.1" 200 7641
58.39.35.118 - - [25/Aug/2022:10:32:39 +0800] "GET /favicon.ico HTTP/1.1" 404 -
180.169.147.146 - - [25/Aug/2022:10:32:40 +0800] "GET /favicon.ico HTTP/1.1" 404 -
180.169.147.146 - - [25/Aug/2022:10:32:41 +0800] "POST /xingrg/all/common/load_tree.html?tree=area_rest_tree_json&manage=1 HTTP/1.1" 200 3472
218.81.223.53 - - [25/Aug/2022:10:32:41 +0800] "GET /xingrg/kc/buy/cgsh_order_operate.html?command=get_materiel&rest_code=00146&code=00101008131&supplier_code=00100005&order_time=2022-08-25 HTTP/1.1" 200 408
180.169.147.146 - - [25/Aug/2022:10:32:41 +0800] "GET /xingrg/all/function/internal_message.html?_=1661394758607&CODE_STATE=count HTTP/1.1" 200 11
180.169.147.146 - - [25/Aug/2022:10:32:41 +0800] "GET /xingrg/check_reg.html?_=1661394758608 HTTP/1.1" 200 22
116.224.255.128 - - [25/Aug/2022:10:32:42 +0800] "GET /xingrg/all/function/internal_message.html?_=1661394685434&CODE_STATE=getMsg HTTP/1.1" 200 27
180.169.147.146 - - [25/Aug/2022:10:32:42 +0800] "POST /xingrg/load_menu.html HTTP/1.1" 200 11443
101.80.228.36 - - [25/Aug/2022:10:32:44 +0800] "GET /xingrg/all/function/internal_message.html?_=1661394761859&CODE_STATE=getMsg HTTP/1.1" 200 27
58.39.35.118 - - [25/Aug/2022:10:32:44 +0800] "POST /xingrg/login.do HTTP/1.1" 302 -
58.39.35.118 - - [25/Aug/2022:10:32:44 +0800] "GET /xingrg/index.html?sysBaseUrl=http%3A%2F%2F180.169.147.146%3A18081%2Fxingrg%2F&costTime=40×tamp=1661394764731 HTTP/1.1" 200 17179
116.224.255.128 - - [25/Aug/2022:10:32:44 +0800] "GET /xingrg/all/function/internal_message.html?_=1661394761970&CODE_STATE=getMsg HTTP/1.1" 200 27
58.39.35.118 - - [25/Aug/2022:10:32:45 +0800] "GET /favicon.ico HTTP/1.1" 404 -
58.39.35.118 - - [25/Aug/2022:10:32:45 +0800] "POST /xingrg/all/common/load_tree.html?tree=area_rest_tree_json&manage=1 HTTP/1.1" 200 351
58.39.35.118 - - [25/Aug/2022:10:32:45 +0800] "GET /xingrg/all/function/internal_message.html?_=1661394754225&CODE_STATE=count HTTP/1.1" 200 11
58.39.35.118 - - [25/Aug/2022:10:32:45 +0800] "GET /xingrg/check_reg.html?_=1661394754228 HTTP/1.1" 200 22
58.39.35.118 - - [25/Aug/2022:10:32:45 +0800] "POST /xingrg/load_menu.html HTTP/1.1" 200 5138
58.39.35.118 - - [25/Aug/2022:10:32:51 +0800] "GET /xingrg/kc/buy/buy_main.html HTTP/1.1" 200 12412
58.39.35.118 - - [25/Aug/2022:10:32:51 +0800] "GET /xingrg/css/new_ie.css HTTP/1.1" 404 1036
124.78.154.232 - - [25/Aug/2022:10:32:52 +0800] "GET /xingrg/check_reg.html?_=1661394771585 HTTP/1.1" 200 22
124.78.154.232 - - [25/Aug/2022:10:32:52 +0800] "GET /xingrg/all/function/internal_message.html?_=1661394771587&CODE_STATE=getMsg HTTP/1.1" 200 27
114.88.158.224 - - [25/Aug/2022:10:32:55 +0800] "GET /xingrg/kc/buy/cgsh_order_operate.html?command=get_materiel&rest_code=00141&code=00101008185&supplier_code=00100007&order_time=2022-08-25 HTTP/1.1" 200 408
61.165.19.104 - - [25/Aug/2022:10:32:58 +0800] "GET /xingrg/all/function/internal_message.html?_=1661394778633&CODE_STATE=getMsg HTTP/1.1" 200 27
218.81.223.53 - - [25/Aug/2022:10:33:02 +0800] "GET /xingrg/all/function/internal_message.html?_=1661394794592&CODE_STATE=getMsg HTTP/1.1" 200 27
58.39.35.118 - - [25/Aug/2022:10:33:05 +0800] "GET /xingrg/images/yd/bt.gif HTTP/1.1" 404 1040
180.169.147.146 - - [25/Aug/2022:10:33:05 +0800] "GET /xingrg/check_reg.html?_=1661394785627 HTTP/1.1" 200 22
116.235.94.65 - - [25/Aug/2022:10:33:06 +0800] "GET /xingrg/all/function/internal_message.html?_=1661394974470&CODE_STATE=getMsg HTTP/1.1" 200 27
58.39.35.118 - - [25/Aug/2022:10:33:06 +0800] "GET /xingrg/kc/buy/cgsh_order_list.html HTTP/1.1" 200 52641
114.84.5.35 - - [25/Aug/2022:10:33:07 +0800] "GET /xingrg/check_reg.html?_=1661394782874 HTTP/1.1" 200 22
114.84.5.35 - - [25/Aug/2022:10:33:07 +0800] "GET /xingrg/all/function/internal_message.html?_=1661394782869&CODE_STATE=getMsg HTTP/1.1" 200 27
58.39.35.118 - - [25/Aug/2022:10:33:08 +0800] "POST /xingrg/kc/buy/cgsh_list_operate.html HTTP/1.1" 200 752
114.88.158.224 - - [25/Aug/2022:10:33:16 +0800] "GET /xingrg/all/function/internal_message.html?_=1661394459672&CODE_STATE=getMsg HTTP/1.1" 200 27
218.81.223.53 - - [25/Aug/2022:10:33:16 +0800] "GET /xingrg/kc/buy/cgsh_order_operate.html?command=get_materiel&rest_code=00146&code=00101008318&supplier_code=00100005&order_time=2022-08-25 HTTP/1.1" 200 408
120.253.135.82 - - [25/Aug/2022:10:33:17 +0800] "GET /xingrg/kc/pszx/mdqp_order_list.html?state=10 HTTP/1.1" 200 10217
120.253.135.82 - - [25/Aug/2022:10:33:17 +0800] "GET /xingrg/css/blue.css HTTP/1.1" 304 -
120.253.135.82 - - [25/Aug/2022:10:33:17 +0800] "GET /xingrg/javascript/pic_change.js HTTP/1.1" 304 -
120.253.135.82 - - [25/Aug/2022:10:33:17 +0800] "GET /xingrg/dwr/interface/AjaxReportQueryService.js HTTP/1.1" 200 13203
120.253.135.82 - - [25/Aug/2022:10:33:17 +0800] "GET /xingrg/dwr/util.js HTTP/1.1" 304 -
120.253.135.82 - - [25/Aug/2022:10:33:17 +0800] "GET /xingrg/dwr/interface/AjaxQqpsService.js HTTP/1.1" 200 16326
120.253.135.82 - - [25/Aug/2022:10:33:17 +0800] "GET /xingrg/javascript/jquery_easy_ui/themes/icon.css HTTP/1.1" 304 -
120.253.135.82 - - [25/Aug/2022:10:33:17 +0800] "GET /xingrg/dwr/engine.js HTTP/1.1" 200 43631
120.253.135.82 - - [25/Aug/2022:10:33:17 +0800] "GET /xingrg/javascript/Calendar.js HTTP/1.1" 304 -
120.253.135.82 - - [25/Aug/2022:10:33:17 +0800] "GET /xingrg/javascript/myfunction.js HTTP/1.1" 304 -
120.253.135.82 - - [25/Aug/2022:10:33:17 +0800] "GET /xingrg/javascript/jquery_easy_ui/themes/default/easyui.css HTTP/1.1" 304 -
114.88.158.224 - - [25/Aug/2022:10:33:18 +0800] "GET /xingrg/kc/buy/cgsh_order_operate.html?command=get_materiel&rest_code=00141&code=00101008354&supplier_code=00100007&order_time=2022-08-25 HTTP/1.1" 200 412
120.253.135.82 - - [25/Aug/2022:10:33:18 +0800] "GET /xingrg/javascript/jquery_easy_ui/themes/icons/check_new.png HTTP/1.1" 304 -
120.253.135.82 - - [25/Aug/2022:10:33:18 +0800] "GET /xingrg/javascript/jquery_easy_ui/themes/icons/uncheck_new.png HTTP/1.1" 304 -
120.253.135.82 - - [25/Aug/2022:10:33:18 +0800] "GET /xingrg/javascript/jquery_easy_ui/themes/icons/back_new.png HTTP/1.1" 304 -
120.253.135.82 - - [25/Aug/2022:10:33:18 +0800] "GET /favicon.ico HTTP/1.1" 404 -
124.78.154.232 - - [25/Aug/2022:10:33:19 +0800] "POST /xingrg/kc/buy/cgsh_list_operate.html HTTP/1.1" 200 213
124.78.154.232 - - [25/Aug/2022:10:33:21 +0800] "GET /xingrg/all/function/internal_message.html?_=1661394805692&CODE_STATE=getMsg HTTP/1.1" 200 27
58.39.35.118 - - [25/Aug/2022:10:33:21 +0800] "GET /xingrg/kc/buy/cgsh_order_add.html HTTP/1.1" 200 67612
222.69.129.110 - - [25/Aug/2022:10:33:21 +0800] "GET /xingrg/all/function/internal_message.html?_=1661394871098&CODE_STATE=getMsg HTTP/1.1" 200 27
58.39.35.118 - - [25/Aug/2022:10:33:21 +0800] "GET /xingrg/words/20220824165639_words.js HTTP/1.1" 304 -
58.39.35.118 - - [25/Aug/2022:10:33:22 +0800] "POST /xingrg/kc/buy/cgsh_order_operate.html HTTP/1.1" 200 8245
58.39.35.118 - - [25/Aug/2022:10:33:22 +0800] "GET /xingrg/all/common/auto_word.html?type=employee&rest_code=00145 HTTP/1.1" 200 155
58.39.35.118 - - [25/Aug/2022:10:33:22 +0800] "GET /xingrg/all/common/auto_word.html?type=employee&rest_code=00145 HTTP/1.1" 200 155
58.39.35.118 - - [25/Aug/2022:10:33:22 +0800] "GET /xingrg/javascript/easyui/themes/default/validatebox.css HTTP/1.1" 404 1104
120.253.135.82 - - [25/Aug/2022:10:33:22 +0800] "GET /xingrg/kc/pszx/mdqp_order_list.html?state=10 HTTP/1.1" 200 10217
120.253.135.82 - - [25/Aug/2022:10:33:22 +0800] "GET /xingrg/dwr/interface/AjaxQqpsService.js HTTP/1.1" 200 16326
120.253.135.82 - - [25/Aug/2022:10:33:22 +0800] "GET /xingrg/dwr/interface/AjaxReportQueryService.js HTTP/1.1" 200 13203
120.253.135.82 - - [25/Aug/2022:10:33:22 +0800] "GET /xingrg/dwr/engine.js HTTP/1.1" 200 43631
218.81.223.53 - - [25/Aug/2022:10:33:23 +0800] "GET /xingrg/all/function/internal_message.html?_=1661394809824&CODE_STATE=getMsg HTTP/1.1" 302 -
120.253.135.82 - - [25/Aug/2022:10:33:24 +0800] "GET /xingrg/kc/pszx/mdqp_order_list.html?state=10 HTTP/1.1" 200 10217
120.253.135.82 - - [25/Aug/2022:10:33:24 +0800] "GET /xingrg/dwr/interface/AjaxReportQueryService.js HTTP/1.1" 200 13203
120.253.135.82 - - [25/Aug/2022:10:33:24 +0800] "GET /xingrg/dwr/interface/AjaxQqpsService.js HTTP/1.1" 200 16326
120.253.135.82 - - [25/Aug/2022:10:33:24 +0800] "GET /xingrg/dwr/engine.js HTTP/1.1" 200 43631
218.81.223.53 - - [25/Aug/2022:10:33:27 +0800] "GET /xingrg/kc/buy/cgsh_order_operate.html?command=get_materiel&rest_code=00146&code=00101008352&supplier_code=00100005&order_time=2022-08-25 HTTP/1.1" 200 412
116.232.194.65 - - [25/Aug/2022:10:33:27 +0800] "GET /xingrg/all/function/internal_message.html?_=1661394774389&CODE_STATE=getMsg HTTP/1.1" 200 27
120.253.135.82 - - [25/Aug/2022:10:33:27 +0800] "GET /xingrg/kc/pszx/mdth_order_list.html HTTP/1.1" 200 18469
61.165.19.104 - - [25/Aug/2022:10:33:28 +0800] "GET /xingrg/all/function/internal_message.html?_=1661394674110&CODE_STATE=getMsg HTTP/1.1" 200 27
120.253.135.82 - - [25/Aug/2022:10:33:28 +0800] "POST /xingrg/kc/pszx/mdth_order_new_list.html HTTP/1.1" 200 4755
218.81.223.53 - - [25/Aug/2022:10:33:29 +0800] "POST /xingrg/kc/buy/cgsh_order_operate.html HTTP/1.1" 200 2065
180.169.147.146 - - [25/Aug/2022:10:33:36 +0800] "GET /xingrg/all/function/internal_message.html?_=1661394814652&CODE_STATE=getMsg HTTP/1.1" 200 27
114.88.158.224 - - [25/Aug/2022:10:33:37 +0800] "GET /xingrg/kc/buy/cgsh_order_operate.html?command=get_materiel&rest_code=00141&code=00101008010&supplier_code=00100007&order_time=2022-08-25 HTTP/1.1" 200 412
218.81.223.53 - - [25/Aug/2022:10:33:38 +0800] "GET /xingrg/kc/buy/cgsh_order_operate.html?command=get_materiel&rest_code=00146&code=00101008005&supplier_code=00100005&order_time=2022-08-25 HTTP/1.1" 200 412
116.224.123.211 - - [25/Aug/2022:10:33:39 +0800] "GET /xingrg/all/function/internal_message.html?_=1661394834954&CODE_STATE=getMsg HTTP/1.1" 200 27
180.169.147.146 - - [25/Aug/2022:10:33:41 +0800] "GET /xingrg/all/function/internal_message.html?_=1661394818618&CODE_STATE=getMsg HTTP/1.1" 200 27
116.224.255.128 - - [25/Aug/2022:10:33:41 +0800] "GET /xingrg/all/function/internal_message.html?_=1661394745439&CODE_STATE=getMsg HTTP/1.1" 200 27
101.80.228.36 - - [25/Aug/2022:10:33:44 +0800] "GET /xingrg/all/function/internal_message.html?_=1661394821830&CODE_STATE=getMsg HTTP/1.1" 200 27
116.224.255.128 - - [25/Aug/2022:10:33:44 +0800] "GET /xingrg/check_reg.html?_=1661394821955 HTTP/1.1" 200 22
116.224.255.128 - - [25/Aug/2022:10:33:45 +0800] "GET /xingrg/all/function/internal_message.html?_=1661394821960&CODE_STATE=getMsg HTTP/1.1" 200 27
58.39.35.118 - - [25/Aug/2022:10:33:45 +0800] "GET /xingrg/all/function/internal_message.html?_=1661394814247&CODE_STATE=getMsg HTTP/1.1" 200 27
124.78.154.232 - - [25/Aug/2022:10:33:45 +0800] "GET /xingrg/javascript/pic_change.js HTTP/1.1" 200 4739
124.78.154.232 - - [25/Aug/2022:10:33:45 +0800] "GET /xingrg/javascript/convert.js HTTP/1.1" 200 1239
124.78.154.232 - - [25/Aug/2022:10:33:45 +0800] "GET /xingrg/kc/buy/cgsh_order_info.html?code=212022070501334 HTTP/1.1" 200 63575
124.78.154.232 - - [25/Aug/2022:10:33:45 +0800] "GET /xingrg/javascript/jquery_tools/order_manager.js HTTP/1.1" 200 11183
124.78.154.232 - - [25/Aug/2022:10:33:45 +0800] "GET /xingrg/javascript/json2.js HTTP/1.1" 200 11259
124.78.154.232 - - [25/Aug/2022:10:33:45 +0800] "GET /xingrg/javascript/print/kc_print.js HTTP/1.1" 200 11415
124.78.154.232 - - [25/Aug/2022:10:33:45 +0800] "GET /xingrg/words/20220824165639_words.js HTTP/1.1" 200 917052
124.78.154.232 - - [25/Aug/2022:10:33:45 +0800] "GET /xingrg/javascript/easyui/themes/icons/copy_new.png HTTP/1.1" 200 815
124.78.154.232 - - [25/Aug/2022:10:33:45 +0800] "GET /xingrg/javascript/easyui/themes/icons/print.png HTTP/1.1" 200 1057
124.78.154.232 - - [25/Aug/2022:10:33:45 +0800] "GET /xingrg/javascript/easyui/themes/default/images/menu_downarrow.png HTTP/1.1" 200 173
124.78.154.232 - - [25/Aug/2022:10:33:45 +0800] "GET /xingrg/javascript/easyui/themes/icons/cancel.png HTTP/1.1" 200 1133
124.78.154.232 - - [25/Aug/2022:10:33:46 +0800] "GET /xingrg/javascript/easyui/themes/default/validatebox.css HTTP/1.1" 404 1104
124.78.154.232 - - [25/Aug/2022:10:33:46 +0800] "GET /xingrg/javascript/easyui/plugins/jquery.validatebox.js HTTP/1.1" 200 6103
124.78.154.232 - - [25/Aug/2022:10:33:47 +0800] "GET /xingrg/javascript/easyui/plugins/jquery.numberbox.js HTTP/1.1" 200 5213
124.78.154.232 - - [25/Aug/2022:10:33:47 +0800] "POST /xingrg/kc/buy/cgsh_order_operate.html HTTP/1.1" 200 623
124.78.154.232 - - [25/Aug/2022:10:33:47 +0800] "GET /xingrg/javascript/easyui/themes/icons/edit_remove.png HTTP/1.1" 200 625
124.78.154.232 - - [25/Aug/2022:10:33:52 +0800] "GET /xingrg/all/function/internal_message.html?_=1661394831581&CODE_STATE=getMsg HTTP/1.1" 200 27
120.253.135.82 - - [25/Aug/2022:10:33:56 +0800] "GET /xingrg/kc/pszx/mdqp_order_list.html?state=10 HTTP/1.1" 200 10217
120.253.135.82 - - [25/Aug/2022:10:33:56 +0800] "GET /xingrg/dwr/interface/AjaxReportQueryService.js HTTP/1.1" 200 13203
120.253.135.82 - - [25/Aug/2022:10:33:56 +0800] "GET /xingrg/dwr/interface/AjaxQqpsService.js HTTP/1.1" 200 16326
120.253.135.82 - - [25/Aug/2022:10:33:56 +0800] "GET /xingrg/dwr/engine.js HTTP/1.1" 200 43631
114.88.158.224 - - [25/Aug/2022:10:33:58 +0800] "GET /xingrg/kc/buy/cgsh_order_operate.html?command=get_materiel&rest_code=00141&code=00101008351&supplier_code=00100007&order_time=2022-08-25 HTTP/1.1" 200 408
61.165.19.104 - - [25/Aug/2022:10:33:58 +0800] "GET /xingrg/all/function/internal_message.html?_=1661394838611&CODE_STATE=getMsg HTTP/1.1" 200 27
58.221.95.50 - - [25/Aug/2022:10:33:59 +0800] "GET /xingrg/check_reg.html?_=1661394837756 HTTP/1.1" 302 -
61.165.19.104 - - [25/Aug/2022:10:34:00 +0800] "GET /xingrg/check_reg.html?_=1661394840735 HTTP/1.1" 200 22
218.81.223.53 - - [25/Aug/2022:10:34:02 +0800] "GET /xingrg/check_reg.html?_=1661394854058 HTTP/1.1" 200 22
218.81.223.53 - - [25/Aug/2022:10:34:02 +0800] "GET /xingrg/all/function/internal_message.html?_=1661394854600&CODE_STATE=getMsg HTTP/1.1" 200 27
116.235.94.65 - - [25/Aug/2022:10:34:06 +0800] "GET /xingrg/all/function/internal_message.html?_=1661395034449&CODE_STATE=getMsg HTTP/1.1" 200 27
116.235.94.65 - - [25/Aug/2022:10:34:07 +0800] "GET /xingrg/check_reg.html?_=1661395035448 HTTP/1.1" 200 22
124.78.154.232 - - [25/Aug/2022:10:34:07 +0800] "GET /xingrg/javascript/jquery_easy_ui/themes/default/images/tabs_active.png HTTP/1.1" 200 2894
114.84.5.35 - - [25/Aug/2022:10:34:07 +0800] "GET /xingrg/all/function/internal_message.html?_=1661394842873&CODE_STATE=getMsg HTTP/1.1" 200 27
124.78.154.232 - - [25/Aug/2022:10:34:10 +0800] "POST /xingrg/load_menu.html HTTP/1.1" 200 9695
124.78.154.232 - - [25/Aug/2022:10:34:13 +0800] "GET /xingrg/kc/report/report_main.html HTTP/1.1" 200 7340
124.78.154.232 - - [25/Aug/2022:10:34:13 +0800] "GET /xingrg/css/blue.css HTTP/1.1" 200 15949
124.78.154.232 - - [25/Aug/2022:10:34:13 +0800] "GET /xingrg/javascript/jquery_ui/themes/humanity/humanity.css HTTP/1.1" 200 27801
124.78.154.232 - - [25/Aug/2022:10:34:13 +0800] "GET /xingrg/javascript/myfunction.js HTTP/1.1" 200 24559
124.78.154.232 - - [25/Aug/2022:10:34:13 +0800] "GET /xingrg/javascript/jquery_easy_ui/themes/icons/back_new.png HTTP/1.1" 200 3414
124.78.154.232 - - [25/Aug/2022:10:34:14 +0800] "GET /xingrg/kc/base/crk_hz.html HTTP/1.1" 200 11247
124.78.154.232 - - [25/Aug/2022:10:34:14 +0800] "GET /xingrg/javascript/step/step.css HTTP/1.1" 200 999
124.78.154.232 - - [25/Aug/2022:10:34:14 +0800] "GET /xingrg/css/table.css HTTP/1.1" 200 3684
124.78.154.232 - - [25/Aug/2022:10:34:14 +0800] "POST /xingrg/kc/cost/cost_operate.html?command=get_base_tree HTTP/1.1" 200 2583
124.78.154.232 - - [25/Aug/2022:10:34:14 +0800] "POST /xingrg/all/common/load_tree.html?tree=materiel_sort_tree_json HTTP/1.1" 200 9500
124.78.154.232 - - [25/Aug/2022:10:34:14 +0800] "GET /xingrg/javascript/jquery_easy_ui/themes/default/images/menu_downarrow.png HTTP/1.1" 200 173
124.78.154.232 - - [25/Aug/2022:10:34:14 +0800] "GET /xingrg/javascript/jquery_easy_ui/themes/icons/search.png HTTP/1.1" 200 813
124.78.154.232 - - [25/Aug/2022:10:34:14 +0800] "GET /xingrg/javascript/jquery_easy_ui/themes/icons/print.png HTTP/1.1" 200 1057
124.78.154.232 - - [25/Aug/2022:10:34:14 +0800] "GET /xingrg/javascript/jquery_easy_ui/themes/default/images/combo_arrow_dot.gif HTTP/1.1" 200 79
124.78.154.232 - - [25/Aug/2022:10:34:14 +0800] "GET /xingrg/javascript/jquery_easy_ui/themes/default/images/menu.gif HTTP/1.1" 200 834
124.78.154.232 - - [25/Aug/2022:10:34:14 +0800] "GET /xingrg/javascript/jquery_easy_ui/themes/default/images/calendar_prevyear.gif HTTP/1.1" 200 76
124.78.154.232 - - [25/Aug/2022:10:34:14 +0800] "GET /xingrg/javascript/jquery_easy_ui/themes/default/images/calendar_nextmonth.gif HTTP/1.1" 200 64
124.78.154.232 - - [25/Aug/2022:10:34:14 +0800] "GET /xingrg/javascript/jquery_easy_ui/themes/default/images/calendar_nextyear.gif HTTP/1.1" 200 75
124.78.154.232 - - [25/Aug/2022:10:34:14 +0800] "GET /xingrg/javascript/jquery_easy_ui/themes/default/images/calendar_prevmonth.gif HTTP/1.1" 200 66
124.78.154.232 - - [25/Aug/2022:10:34:14 +0800] "GET /xingrg/javascript/jquery_easy_ui/themes/default/images/tree_checkbox_0.gif HTTP/1.1" 200 168
114.88.158.224 - - [25/Aug/2022:10:34:15 +0800] "GET /xingrg/check_reg.html?_=1661394519668 HTTP/1.1" 200 22
114.88.158.224 - - [25/Aug/2022:10:34:15 +0800] "GET /xingrg/all/function/internal_message.html?_=1661394519669&CODE_STATE=getMsg HTTP/1.1" 200 27
124.78.154.232 - - [25/Aug/2022:10:34:16 +0800] "GET /xingrg/all/common/get_data_part.html?part=previousMonth&_=1661394856362 HTTP/1.1" 200 41
124.78.154.232 - - [25/Aug/2022:10:34:20 +0800] "GET /xingrg/javascript/jquery_easy_ui/themes/default/images/tree_checkbox_2.gif HTTP/1.1" 200 181
124.78.154.232 - - [25/Aug/2022:10:34:20 +0800] "GET /xingrg/javascript/jquery_easy_ui/themes/default/images/tree_checkbox_1.gif HTTP/1.1" 200 174
124.78.154.232 - - [25/Aug/2022:10:34:21 +0800] "GET /xingrg/check_reg.html?_=1661394865693 HTTP/1.1" 200 22
124.78.154.232 - - [25/Aug/2022:10:34:21 +0800] "GET /xingrg/all/function/internal_message.html?_=1661394865696&CODE_STATE=getMsg HTTP/1.1" 200 27
222.69.129.110 - - [25/Aug/2022:10:34:21 +0800] "GET /xingrg/all/function/internal_message.html?_=1661394931098&CODE_STATE=getMsg HTTP/1.1" 200 27
218.81.223.53 - - [25/Aug/2022:10:34:23 +0800] "GET /xingrg/all/function/internal_message.html?_=1661394869844&CODE_STATE=getMsg HTTP/1.1" 302 -
124.78.154.232 - - [25/Aug/2022:10:34:25 +0800] "GET /xingrg/kc/base/crk_hz.html?_=1661394864949&command=get_cost_id&end_date=2022-07-31&start_date=2022-07-01 HTTP/1.1" 200 51
124.78.154.232 - - [25/Aug/2022:10:34:25 +0800] "GET /xingrg/javascript/multi_select/jqueryMultiSelect.css HTTP/1.1" 200 951
124.78.154.232 - - [25/Aug/2022:10:34:25 +0800] "GET /xingrg/javascript/bigrid/fix.css HTTP/1.1" 200 1702
124.78.154.232 - - [25/Aug/2022:10:34:25 +0800] "GET /xingrg/javascript/calendar/timePicker.css HTTP/1.1" 200 523
124.78.154.232 - - [25/Aug/2022:10:34:25 +0800] "GET /xingrg/dwr/interface/AjaxReportQueryService.js HTTP/1.1" 200 13203
124.78.154.232 - - [25/Aug/2022:10:34:25 +0800] "GET /xingrg/javascript/calendar/jquery.timePicker.min.js HTTP/1.1" 200 2997
124.78.154.232 - - [25/Aug/2022:10:34:25 +0800] "GET /xingrg/javascript/bigrid/fix.js HTTP/1.1" 200 6439
124.78.154.232 - - [25/Aug/2022:10:34:25 +0800] "GET /xingrg/dwr/util.js HTTP/1.1" 200 35990
124.78.154.232 - - [25/Aug/2022:10:34:25 +0800] "GET /xingrg/javascript/Calendar.js HTTP/1.1" 200 31561
124.78.154.232 - - [25/Aug/2022:10:34:25 +0800] "GET /xingrg/javascript/jqueryMultiSelect.js HTTP/1.1" 200 11866
124.78.154.232 - - [25/Aug/2022:10:34:25 +0800] "GET /xingrg/dwr/engine.js HTTP/1.1" 200 43631
124.78.154.232 - - [25/Aug/2022:10:34:25 +0800] "GET /xingrg/all/report/report_query.html?isQuery=1&onlyBody=1&rh=99999&rw=1800&varString=start:20220701,cost_id:3815,mid:20220701&fileName=kc/base/crk_hz_type_by_base.xml&queryString=%20a.base_code%20in%20('0010404','0010833')%20&queryText=ÈÕÆÚ£º2022-07-01ÖÁ2022-07-31%20²Ö¿â£ºÔÁ²Ë,ÉÏʲ&tableQueryString=materiel_table$sp1$$sp$before_table$sp1$$sp$crk_table$sp1$order_day%20between%2020220701%20and%2020220731 HTTP/1.1" 200 49413
124.78.154.232 - - [25/Aug/2022:10:34:25 +0800] "GET /xingrg/images/blue/button/advanceover.gif HTTP/1.1" 200 1347
124.78.154.232 - - [25/Aug/2022:10:34:25 +0800] "GET /xingrg/images/blue/button/advance2over.gif HTTP/1.1" 200 1336
124.78.154.232 - - [25/Aug/2022:10:34:25 +0800] "GET /xingrg/images/blue/button/backover.gif HTTP/1.1" 200 1348
124.78.154.232 - - [25/Aug/2022:10:34:25 +0800] "GET /xingrg/images/blue/button/back2over.gif HTTP/1.1" 200 1335
124.78.154.232 - - [25/Aug/2022:10:34:25 +0800] "GET /xingrg/images/control/loading.gif HTTP/1.1" 200 13463
124.78.154.232 - - [25/Aug/2022:10:34:25 +0800] "GET /xingrg/javascript/jquery_easy_ui/themes/icons/help.png HTTP/1.1" 200 1187
124.78.154.232 - - [25/Aug/2022:10:34:26 +0800] "POST /xingrg/all/report/load_report_page.html HTTP/1.1" 200 118723
124.78.154.232 - - [25/Aug/2022:10:34:26 +0800] "GET /xingrg/servlets/image?cache=0.24738926648484594&image=px HTTP/1.1" 200 807
116.232.194.65 - - [25/Aug/2022:10:34:27 +0800] "GET /xingrg/all/function/internal_message.html?_=1661394834384&CODE_STATE=getMsg HTTP/1.1" 200 27
61.165.19.104 - - [25/Aug/2022:10:34:28 +0800] "GET /xingrg/all/function/internal_message.html?_=1661394734110&CODE_STATE=getMsg HTTP/1.1" 200 27
218.81.223.53 - - [25/Aug/2022:10:34:36 +0800] "GET /xingrg/kc/buy/cgsh_order_operate.html?command=get_materiel&rest_code=00146&code=00101008096&supplier_code=00100005&order_time=2022-08-25 HTTP/1.1" 200 413
180.169.147.146 - - [25/Aug/2022:10:34:36 +0800] "GET /xingrg/all/function/internal_message.html?_=1661394874663&CODE_STATE=getMsg HTTP/1.1" 200 27
120.253.135.82 - - [25/Aug/2022:10:34:37 +0800] "GET /xingrg/kc/pszx/mdqp_order_list.html?state=10 HTTP/1.1" 200 10217
120.253.135.82 - - [25/Aug/2022:10:34:37 +0800] "GET /xingrg/dwr/interface/AjaxReportQueryService.js HTTP/1.1" 200 13203
120.253.135.82 - - [25/Aug/2022:10:34:37 +0800] "GET /xingrg/dwr/interface/AjaxQqpsService.js HTTP/1.1" 200 16326
120.253.135.82 - - [25/Aug/2022:10:34:37 +0800] "GET /xingrg/dwr/engine.js HTTP/1.1" 200 43631
116.224.123.211 - - [25/Aug/2022:10:34:38 +0800] "GET /xingrg/all/function/internal_message.html?_=1661394894945&CODE_STATE=getMsg HTTP/1.1" 200 27
218.81.223.53 - - [25/Aug/2022:10:34:39 +0800] "POST /xingrg/kc/buy/cgsh_order_operate.html HTTP/1.1" 200 2065
116.224.255.128 - - [25/Aug/2022:10:34:41 +0800] "GET /xingrg/check_reg.html?_=1661394805086 HTTP/1.1" 200 22
180.169.147.146 - - [25/Aug/2022:10:34:41 +0800] "GET /xingrg/all/function/internal_message.html?_=1661394878623&CODE_STATE=getMsg HTTP/1.1" 200 27
116.224.255.128 - - [25/Aug/2022:10:34:41 +0800] "GET /xingrg/all/function/internal_message.html?_=1661394805453&CODE_STATE=getMsg HTTP/1.1" 200 27
101.80.228.36 - - [25/Aug/2022:10:34:44 +0800] "GET /xingrg/all/function/internal_message.html?_=1661394881815&CODE_STATE=getMsg HTTP/1.1" 200 27
116.224.255.128 - - [25/Aug/2022:10:34:44 +0800] "GET /xingrg/all/function/internal_message.html?_=1661394881961&CODE_STATE=getMsg HTTP/1.1" 200 27
58.39.35.118 - - [25/Aug/2022:10:34:45 +0800] "GET /xingrg/all/function/internal_message.html?_=1661394874231&CODE_STATE=getMsg HTTP/1.1" 200 27
58.35.213.73 - - [25/Aug/2022:10:34:47 +0800] "POST /xingrg/services/DataTransmitService HTTP/1.1" 200 524
218.81.223.53 - - [25/Aug/2022:10:34:49 +0800] "GET /xingrg/kc/buy/cgsh_order_operate.html?command=get_materiel&rest_code=00146&code=00101008283&supplier_code=00100005&order_time=2022-08-25 HTTP/1.1" 200 408
124.78.154.232 - - [25/Aug/2022:10:34:52 +0800] "GET /xingrg/all/function/internal_message.html?_=1661394891584&CODE_STATE=getMsg HTTP/1.1" 200 27
61.165.19.104 - - [25/Aug/2022:10:34:58 +0800] "GET /xingrg/all/function/internal_message.html?_=1661394898591&CODE_STATE=getMsg HTTP/1.1" 200 27
218.81.223.53 - - [25/Aug/2022:10:35:02 +0800] "GET /xingrg/all/function/internal_message.html?_=1661394914613&CODE_STATE=getMsg HTTP/1.1" 200 27
101.80.228.36 - - [25/Aug/2022:10:35:05 +0800] "GET /xingrg/check_reg.html?_=1661394903348 HTTP/1.1" 200 22
116.235.94.65 - - [25/Aug/2022:10:35:06 +0800] "GET /xingrg/all/function/internal_message.html?_=1661395094426&CODE_STATE=getMsg HTTP/1.1" 200 27
114.84.5.35 - - [25/Aug/2022:10:35:07 +0800] "GET /xingrg/all/function/internal_message.html?_=1661394902901&CODE_STATE=getMsg HTTP/1.1" 200 27
120.253.135.82 - - [25/Aug/2022:10:35:12 +0800] "GET /xingrg/kc/pszx/mdqp_order_list.html?state=10 HTTP/1.1" 200 10217
120.253.135.82 - - [25/Aug/2022:10:35:12 +0800] "GET /xingrg/dwr/interface/AjaxQqpsService.js HTTP/1.1" 200 16326
120.253.135.82 - - [25/Aug/2022:10:35:12 +0800] "GET /xingrg/dwr/interface/AjaxReportQueryService.js HTTP/1.1" 200 13203
120.253.135.82 - - [25/Aug/2022:10:35:12 +0800] "GET /xingrg/dwr/engine.js HTTP/1.1" 200 43631
120.253.135.82 - - [25/Aug/2022:10:35:15 +0800] "GET /xingrg/javascript/jquery_easy_ui/themes/default/images/button_plain_hover.png HTTP/1.1" 200 252
114.88.158.224 - - [25/Aug/2022:10:35:16 +0800] "GET /xingrg/all/function/internal_message.html?_=1661394579701&CODE_STATE=getMsg HTTP/1.1" 200 27
124.78.154.232 - - [25/Aug/2022:10:35:21 +0800] "GET /xingrg/all/function/internal_message.html?_=1661394925689&CODE_STATE=getMsg HTTP/1.1" 200 27
222.69.129.110 - - [25/Aug/2022:10:35:21 +0800] "GET /xingrg/check_reg.html?_=1661394991101 HTTP/1.1" 200 22
222.69.129.110 - - [25/Aug/2022:10:35:21 +0800] "GET /xingrg/all/function/internal_message.html?_=1661394991103&CODE_STATE=getMsg HTTP/1.1" 200 27
218.81.223.53 - - [25/Aug/2022:10:35:23 +0800] "GET /xingrg/all/function/internal_message.html?_=1661394929851&CODE_STATE=getMsg HTTP/1.1" 302 -
116.232.194.65 - - [25/Aug/2022:10:35:27 +0800] "GET /xingrg/check_reg.html?_=1661394894387 HTTP/1.1" 200 22
116.232.194.65 - - [25/Aug/2022:10:35:27 +0800] "GET /xingrg/all/function/internal_message.html?_=1661394894390&CODE_STATE=getMsg HTTP/1.1" 200 27
61.165.19.104 - - [25/Aug/2022:10:35:28 +0800] "GET /xingrg/all/function/internal_message.html?_=1661394794111&CODE_STATE=getMsg HTTP/1.1" 200 27
180.169.147.146 - - [25/Aug/2022:10:35:36 +0800] "GET /xingrg/all/function/internal_message.html?_=1661394934652&CODE_STATE=getMsg HTTP/1.1" 200 27
116.224.123.211 - - [25/Aug/2022:10:35:38 +0800] "GET /xingrg/check_reg.html?_=1661394954951 HTTP/1.1" 200 22
116.224.123.211 - - [25/Aug/2022:10:35:39 +0800] "GET /xingrg/all/function/internal_message.html?_=1661394954955&CODE_STATE=getMsg HTTP/1.1" 200 27
114.88.158.224 - - [25/Aug/2022:10:35:39 +0800] "GET /xingrg/kc/buy/cgsh_order_operate.html?command=get_materiel&rest_code=00141&code=00101008110&supplier_code=00100007&order_time=2022-08-25 HTTP/1.1" 200 408
180.169.147.146 - - [25/Aug/2022:10:35:41 +0800] "GET /xingrg/all/function/internal_message.html?_=1661394938623&CODE_STATE=getMsg HTTP/1.1" 200 27
116.224.255.128 - - [25/Aug/2022:10:35:42 +0800] "GET /xingrg/all/function/internal_message.html?_=1661394865466&CODE_STATE=getMsg HTTP/1.1" 200 27
101.80.228.36 - - [25/Aug/2022:10:35:44 +0800] "GET /xingrg/all/function/internal_message.html?_=1661394941787&CODE_STATE=getMsg HTTP/1.1" 200 27
116.224.255.128 - - [25/Aug/2022:10:35:44 +0800] "GET /xingrg/all/function/internal_message.html?_=1661394941962&CODE_STATE=getMsg HTTP/1.1" 200 27
58.39.35.118 - - [25/Aug/2022:10:35:45 +0800] "GET /xingrg/all/function/internal_message.html?_=1661394934232&CODE_STATE=getMsg HTTP/1.1" 200 27
124.78.154.232 - - [25/Aug/2022:10:35:52 +0800] "GET /xingrg/all/function/internal_message.html?_=1661394951585&CODE_STATE=getMsg HTTP/1.1" 200 27
124.78.154.232 - - [25/Aug/2022:10:35:56 +0800] "GET /xingrg/javascript/easyui/themes/default/images/button_plain_hover.png HTTP/1.1" 200 144
61.165.19.104 - - [25/Aug/2022:10:35:58 +0800] "GET /xingrg/all/function/internal_message.html?_=1661394958570&CODE_STATE=getMsg HTTP/1.1" 200 27
114.88.158.224 - - [25/Aug/2022:10:36:00 +0800] "GET /xingrg/kc/buy/cgsh_order_operate.html?command=get_materiel&rest_code=00141&code=00101008097&supplier_code=00100007&order_time=2022-08-25 HTTP/1.1" 200 408
218.81.223.53 - - [25/Aug/2022:10:36:03 +0800] "GET /xingrg/all/function/internal_message.html?_=1661394974627&CODE_STATE=getMsg HTTP/1.1" 200 27
116.235.94.65 - - [25/Aug/2022:10:36:05 +0800] "GET /xingrg/all/function/internal_message.html?_=1661395154426&CODE_STATE=getMsg HTTP/1.1" 200 27
114.84.5.35 - - [25/Aug/2022:10:36:07 +0800] "GET /xingrg/all/function/internal_message.html?_=1661394962904&CODE_STATE=getMsg HTTP/1.1" 200 27
114.88.158.224 - - [25/Aug/2022:10:36:15 +0800] "GET /xingrg/all/function/internal_message.html?_=1661394639713&CODE_STATE=getMsg HTTP/1.1" 200 27
218.81.223.53 - - [25/Aug/2022:10:36:19 +0800] "GET /xingrg/check_reg.html?_=1661394986593 HTTP/1.1" 302 -
124.78.154.232 - - [25/Aug/2022:10:36:21 +0800] "GET /xingrg/all/function/internal_message.html?_=1661394985687&CODE_STATE=getMsg HTTP/1.1" 200 27
222.69.129.110 - - [25/Aug/2022:10:36:21 +0800] "GET /xingrg/all/function/internal_message.html?_=1661395051099&CODE_STATE=getMsg HTTP/1.1" 200 27
218.81.223.53 - - [25/Aug/2022:10:36:23 +0800] "GET /xingrg/all/function/internal_message.html?_=1661394989865&CODE_STATE=getMsg HTTP/1.1" 302 -
116.232.194.65 - - [25/Aug/2022:10:36:27 +0800] "GET /xingrg/all/function/internal_message.html?_=1661394954382&CODE_STATE=getMsg HTTP/1.1" 200 27
61.165.19.104 - - [25/Aug/2022:10:36:28 +0800] "GET /xingrg/check_reg.html?_=1661394854111 HTTP/1.1" 200 22
61.165.19.104 - - [25/Aug/2022:10:36:28 +0800] "GET /xingrg/all/function/internal_message.html?_=1661394854114&CODE_STATE=getMsg HTTP/1.1" 200 27
180.169.147.146 - - [25/Aug/2022:10:36:36 +0800] "GET /xingrg/all/function/internal_message.html?_=1661394994668&CODE_STATE=getMsg HTTP/1.1" 200 27
116.224.123.211 - - [25/Aug/2022:10:36:39 +0800] "GET /xingrg/all/function/internal_message.html?_=1661395014946&CODE_STATE=getMsg HTTP/1.1" 200 27
180.169.147.146 - - [25/Aug/2022:10:36:41 +0800] "GET /xingrg/all/function/internal_message.html?_=1661394998623&CODE_STATE=getMsg HTTP/1.1" 200 27
116.224.255.128 - - [25/Aug/2022:10:36:42 +0800] "GET /xingrg/all/function/internal_message.html?_=1661394925480&CODE_STATE=getMsg HTTP/1.1" 200 27
101.80.228.36 - - [25/Aug/2022:10:36:44 +0800] "GET /xingrg/all/function/internal_message.html?_=1661395001773&CODE_STATE=getMsg HTTP/1.1" 200 27
116.224.255.128 - - [25/Aug/2022:10:36:44 +0800] "GET /xingrg/all/function/internal_message.html?_=1661395001963&CODE_STATE=getMsg HTTP/1.1" 200 27
58.39.35.118 - - [25/Aug/2022:10:36:45 +0800] "GET /xingrg/all/function/internal_message.html?_=1661394994239&CODE_STATE=getMsg HTTP/1.1" 200 27
114.88.158.224 - - [25/Aug/2022:10:36:48 +0800] "GET /xingrg/kc/buy/cgsh_order_operate.html?command=get_materiel&rest_code=00141&code=00101008355&supplier_code=00100007&order_time=2022-08-25 HTTP/1.1" 200 408
124.78.154.232 - - [25/Aug/2022:10:36:52 +0800] "GET /xingrg/all/function/internal_message.html?_=1661395011584&CODE_STATE=getMsg HTTP/1.1" 200 27
114.83.218.102 - - [25/Aug/2022:10:36:56 +0800] "POST /xingrg/services/DataTransmitService HTTP/1.1" 200 524
61.165.19.104 - - [25/Aug/2022:10:36:58 +0800] "GET /xingrg/all/function/internal_message.html?_=1661395018544&CODE_STATE=getMsg HTTP/1.1" 200 27
218.81.223.53 - - [25/Aug/2022:10:37:03 +0800] "GET /xingrg/all/function/internal_message.html?_=1661395034782&CODE_STATE=getMsg HTTP/1.1" 200 27
114.88.158.224 - - [25/Aug/2022:10:37:04 +0800] "GET /xingrg/kc/buy/cgsh_order_operate.html?command=get_materiel&rest_code=00141&code=00101008264&supplier_code=00100007&order_time=2022-08-25 HTTP/1.1" 200 412
116.235.94.65 - - [25/Aug/2022:10:37:05 +0800] "GET /xingrg/all/function/internal_message.html?_=1661395214402&CODE_STATE=getMsg HTTP/1.1" 200 27
114.84.5.35 - - [25/Aug/2022:10:37:07 +0800] "GET /xingrg/all/function/internal_message.html?_=1661395022892&CODE_STATE=getMsg HTTP/1.1" 200 27
114.88.158.224 - - [25/Aug/2022:10:37:16 +0800] "GET /xingrg/all/function/internal_message.html?_=1661394699719&CODE_STATE=getMsg HTTP/1.1" 200 27
124.78.154.232 - - [25/Aug/2022:10:37:21 +0800] "GET /xingrg/all/function/internal_message.html?_=1661395045714&CODE_STATE=getMsg HTTP/1.1" 200 27
222.69.129.110 - - [25/Aug/2022:10:37:21 +0800] "GET /xingrg/all/function/internal_message.html?_=1661395111088&CODE_STATE=getMsg HTTP/1.1" 200 27
124.78.154.232 - - [25/Aug/2022:10:37:22 +0800] "GET /xingrg/kc/buy/cgsh_order_list.html HTTP/1.1" 200 52890
218.81.223.53 - - [25/Aug/2022:10:37:23 +0800] "GET /xingrg/all/function/internal_message.html?_=1661395049889&CODE_STATE=getMsg HTTP/1.1" 302 -
124.78.154.232 - - [25/Aug/2022:10:37:24 +0800] "POST /xingrg/kc/buy/cgsh_list_operate.html HTTP/1.1" 200 3138
116.232.194.65 - - [25/Aug/2022:10:37:27 +0800] "GET /xingrg/all/function/internal_message.html?_=1661395014393&CODE_STATE=getMsg HTTP/1.1" 200 27
61.165.19.104 - - [25/Aug/2022:10:37:28 +0800] "GET /xingrg/all/function/internal_message.html?_=1661394914100&CODE_STATE=getMsg HTTP/1.1" 200 27
180.169.147.146 - - [25/Aug/2022:10:37:36 +0800] "GET /xingrg/check_reg.html?_=1661395054670 HTTP/1.1" 200 22
180.169.147.146 - - [25/Aug/2022:10:37:36 +0800] "GET /xingrg/all/function/internal_message.html?_=1661395054673&CODE_STATE=getMsg HTTP/1.1" 200 27
124.78.154.232 - - [25/Aug/2022:10:37:37 +0800] "POST /xingrg/kc/buy/cgsh_list_operate.html HTTP/1.1" 200 4846
114.88.158.224 - - [25/Aug/2022:10:37:37 +0800] "GET /xingrg/kc/buy/cgsh_order_operate.html?command=get_materiel&rest_code=00141&code=00101008197&supplier_code=00100007&order_time=2022-08-25 HTTP/1.1" 200 416
116.224.123.211 - - [25/Aug/2022:10:37:38 +0800] "GET /xingrg/all/function/internal_message.html?_=1661395074943&CODE_STATE=getMsg HTTP/1.1" 200 27
180.169.147.146 - - [25/Aug/2022:10:37:41 +0800] "GET /xingrg/check_reg.html?_=1661395058609 HTTP/1.1" 200 22
180.169.147.146 - - [25/Aug/2022:10:37:41 +0800] "GET /xingrg/all/function/internal_message.html?_=1661395058610&CODE_STATE=getMsg HTTP/1.1" 200 27
116.224.255.128 - - [25/Aug/2022:10:37:42 +0800] "GET /xingrg/all/function/internal_message.html?_=1661394985502&CODE_STATE=getMsg HTTP/1.1" 200 27
101.80.228.36 - - [25/Aug/2022:10:37:44 +0800] "GET /xingrg/all/function/internal_message.html?_=1661395061758&CODE_STATE=getMsg HTTP/1.1" 200 27
116.224.255.128 - - [25/Aug/2022:10:37:44 +0800] "GET /xingrg/all/function/internal_message.html?_=1661395061965&CODE_STATE=getMsg HTTP/1.1" 200 27
58.39.35.118 - - [25/Aug/2022:10:37:45 +0800] "GET /xingrg/check_reg.html?_=1661395054250 HTTP/1.1" 200 22
58.39.35.118 - - [25/Aug/2022:10:37:45 +0800] "GET /xingrg/all/function/internal_message.html?_=1661395054253&CODE_STATE=getMsg HTTP/1.1" 200 27
124.78.154.232 - - [25/Aug/2022:10:37:52 +0800] "GET /xingrg/all/function/internal_message.html?_=1661395071589&CODE_STATE=getMsg HTTP/1.1" 200 27
124.78.154.232 - - [25/Aug/2022:10:37:52 +0800] "GET /xingrg/check_reg.html?_=1661395071591 HTTP/1.1" 200 22
61.165.19.104 - - [25/Aug/2022:10:37:58 +0800] "GET /xingrg/all/function/internal_message.html?_=1661395078518&CODE_STATE=getMsg HTTP/1.1" 200 27
114.88.158.224 - - [25/Aug/2022:10:37:58 +0800] "GET /xingrg/kc/buy/cgsh_order_operate.html?command=get_materiel&rest_code=00141&code=00101008196&supplier_code=00100007&order_time=2022-08-25 HTTP/1.1" 200 416
218.81.223.53 - - [25/Aug/2022:10:38:03 +0800] "GET /xingrg/all/function/internal_message.html?_=1661395094795&CODE_STATE=getMsg HTTP/1.1" 200 27
180.169.147.146 - - [25/Aug/2022:10:38:05 +0800] "GET /xingrg/check_reg.html?_=1661395085611 HTTP/1.1" 200 22
116.235.94.65 - - [25/Aug/2022:10:38:05 +0800] "GET /xingrg/all/function/internal_message.html?_=1661395274375&CODE_STATE=getMsg HTTP/1.1" 200 27
114.84.5.35 - - [25/Aug/2022:10:38:07 +0800] "GET /xingrg/check_reg.html?_=1661395082900 HTTP/1.1" 200 22
114.84.5.35 - - [25/Aug/2022:10:38:07 +0800] "GET /xingrg/all/function/internal_message.html?_=1661395082895&CODE_STATE=getMsg HTTP/1.1" 200 27
114.88.158.224 - - [25/Aug/2022:10:38:14 +0800] "GET /xingrg/kc/buy/cgsh_order_operate.html?command=get_materiel&rest_code=00141&code=00101008357&supplier_code=00100007&order_time=2022-08-25 HTTP/1.1" 200 408
114.88.158.224 - - [25/Aug/2022:10:38:15 +0800] "GET /xingrg/all/function/internal_message.html?_=1661394759706&CODE_STATE=getMsg HTTP/1.1" 200 27
124.78.154.232 - - [25/Aug/2022:10:38:21 +0800] "GET /xingrg/all/function/internal_message.html?_=1661395105713&CODE_STATE=getMsg HTTP/1.1" 200 27
222.69.129.110 - - [25/Aug/2022:10:38:21 +0800] "GET /xingrg/all/function/internal_message.html?_=1661395171099&CODE_STATE=getMsg HTTP/1.1" 200 27
218.81.223.53 - - [25/Aug/2022:10:38:23 +0800] "GET /xingrg/all/function/internal_message.html?_=1661395109891&CODE_STATE=getMsg HTTP/1.1" 302 -
116.232.194.65 - - [25/Aug/2022:10:38:27 +0800] "GET /xingrg/all/function/internal_message.html?_=1661395074383&CODE_STATE=getMsg HTTP/1.1" 200 27
61.165.19.104 - - [25/Aug/2022:10:38:28 +0800] "GET /xingrg/all/function/internal_message.html?_=1661394974100&CODE_STATE=getMsg HTTP/1.1" 200 27
180.169.147.146 - - [25/Aug/2022:10:38:36 +0800] "GET /xingrg/all/function/internal_message.html?_=1661395114667&CODE_STATE=getMsg HTTP/1.1" 200 27
116.224.123.211 - - [25/Aug/2022:10:38:39 +0800] "GET /xingrg/all/function/internal_message.html?_=1661395134950&CODE_STATE=getMsg HTTP/1.1" 200 27
180.169.147.146 - - [25/Aug/2022:10:38:41 +0800] "GET /xingrg/all/function/internal_message.html?_=1661395118609&CODE_STATE=getMsg HTTP/1.1" 200 27
116.224.255.128 - - [25/Aug/2022:10:38:42 +0800] "GET /xingrg/all/function/internal_message.html?_=1661395045508&CODE_STATE=getMsg HTTP/1.1" 200 27
114.88.158.224 - - [25/Aug/2022:10:38:43 +0800] "GET /xingrg/kc/buy/cgsh_order_operate.html?command=get_materiel&rest_code=00141&code=00101008286&supplier_code=00100007&order_time=2022-08-25 HTTP/1.1" 200 408
101.80.228.36 - - [25/Aug/2022:10:38:44 +0800] "GET /xingrg/all/function/internal_message.html?_=1661395121744&CODE_STATE=getMsg HTTP/1.1" 200 27
116.224.255.128 - - [25/Aug/2022:10:38:44 +0800] "GET /xingrg/check_reg.html?_=1661395121969 HTTP/1.1" 200 22
116.224.255.128 - - [25/Aug/2022:10:38:45 +0800] "GET /xingrg/all/function/internal_message.html?_=1661395121972&CODE_STATE=getMsg HTTP/1.1" 200 27
58.39.35.118 - - [25/Aug/2022:10:38:45 +0800] "GET /xingrg/all/function/internal_message.html?_=1661395114243&CODE_STATE=getMsg HTTP/1.1" 200 27
124.78.154.232 - - [25/Aug/2022:10:38:52 +0800] "GET /xingrg/all/function/internal_message.html?_=1661395131580&CODE_STATE=getMsg HTTP/1.1" 200 27
61.165.19.104 - - [25/Aug/2022:10:38:58 +0800] "GET /xingrg/all/function/internal_message.html?_=1661395138498&CODE_STATE=getMsg HTTP/1.1" 200 27
114.88.158.224 - - [25/Aug/2022:10:38:59 +0800] "GET /xingrg/kc/buy/cgsh_order_operate.html?command=get_materiel&rest_code=00141&code=00101008131&supplier_code=00100007&order_time=2022-08-25 HTTP/1.1" 200 408
58.221.95.50 - - [25/Aug/2022:10:38:59 +0800] "GET /xingrg/check_reg.html?_=1661395137771 HTTP/1.1" 302 -
61.165.19.104 - - [25/Aug/2022:10:39:00 +0800] "GET /xingrg/check_reg.html?_=1661395140731 HTTP/1.1" 200 22
218.81.223.53 - - [25/Aug/2022:10:39:02 +0800] "GET /xingrg/check_reg.html?_=1661395154193 HTTP/1.1" 200 22
218.81.223.53 - - [25/Aug/2022:10:39:03 +0800] "GET /xingrg/all/function/internal_message.html?_=1661395154933&CODE_STATE=getMsg HTTP/1.1" 200 27
124.78.154.232 - - [25/Aug/2022:10:39:03 +0800] "POST /xingrg/kc/buy/cgsh_list_operate.html HTTP/1.1" 200 4312
116.235.94.65 - - [25/Aug/2022:10:39:05 +0800] "GET /xingrg/all/function/internal_message.html?_=1661395334344&CODE_STATE=getMsg HTTP/1.1" 200 27
116.235.94.65 - - [25/Aug/2022:10:39:07 +0800] "GET /xingrg/check_reg.html?_=1661395335468 HTTP/1.1" 200 22
114.84.5.35 - - [25/Aug/2022:10:39:07 +0800] "GET /xingrg/all/function/internal_message.html?_=1661395142900&CODE_STATE=getMsg HTTP/1.1" 200 27
114.88.158.224 - - [25/Aug/2022:10:39:15 +0800] "GET /xingrg/check_reg.html?_=1661394819699 HTTP/1.1" 200 22
114.88.158.224 - - [25/Aug/2022:10:39:16 +0800] "GET /xingrg/all/function/internal_message.html?_=1661394819701&CODE_STATE=getMsg HTTP/1.1" 200 27
