180.169.147.146 - - [25/Aug/2022:09:13:31 +0800] "GET /xingrg/servlets/image?cache=0.21310849991647207&image=px HTTP/1.1" 200 807
114.84.5.35 - - [25/Aug/2022:09:13:32 +0800] "GET /xingrg/kc/buy/cgsh_order_operate.html?command=get_materiel&rest_code=00111&code=00101008061&supplier_code=00100005&order_time=2022-08-25 HTTP/1.1" 200 422
116.224.255.128 - - [25/Aug/2022:09:13:33 +0800] "GET /xingrg/all/function/internal_message.html?_=1661389937145&CODE_STATE=getMsg HTTP/1.1" 200 27
116.224.255.128 - - [25/Aug/2022:09:13:33 +0800] "POST /xingrg/dwr/call/plaincall/AjaxYddbService.getUnitPrice.dwr HTTP/1.1" 200 87
180.169.147.146 - - [25/Aug/2022:09:13:34 +0800] "POST /xingrg/all/report/load_report_page.html HTTP/1.1" 200 113552
180.169.147.146 - - [25/Aug/2022:09:13:34 +0800] "GET /xingrg/servlets/image?cache=0.7905529387514278&image=px HTTP/1.1" 200 807
124.78.154.232 - - [25/Aug/2022:09:13:34 +0800] "GET /xingrg/check_reg.html?_=1661390018941 HTTP/1.1" 200 22
124.78.154.232 - - [25/Aug/2022:09:13:34 +0800] "GET /xingrg/all/function/internal_message.html?_=1661390018944&CODE_STATE=getMsg HTTP/1.1" 200 27
114.84.5.35 - - [25/Aug/2022:09:13:35 +0800] "POST /xingrg/kc/buy/cgsh_order_operate.html HTTP/1.1" 200 2065
116.224.255.128 - - [25/Aug/2022:09:13:35 +0800] "GET /xingrg/kc/buy/cgsh_order_operate.html?command=get_materiel&rest_code=00150&code=00101008079&supplier_code=00100008&order_time=2022-08-25 HTTP/1.1" 200 416
180.169.147.146 - - [25/Aug/2022:09:13:36 +0800] "GET /xingrg/all/report/report_query.html?isQuery=1&fileName=kc/buy/wlcg_mx_rest.xml&queryString=(CONVERT(char(10)%2Ca.order_time%2C%20120)%3E%3D'2022-08-24')%20and%20(CONVERT(char(10)%2Ca.order_time%2C%20120)%3C%3D'2022-08-24')%20and%20(a.supplier_code%20in%20('00100008'))%20and%20(a.supplier_code%3D'00100008')%20and%20(a.data_area%3D'00102')%20and%20(a.materiel_code%3D'00101008003')&queryText=%E3%80%90%E9%87%87%E8%B4%AD%E6%97%A5%E6%9C%9F%3A2022-08-24%20%E8%87%B3%202022-08-24%E3%80%91%20%E5%B9%B6%E4%B8%94%20%20%E3%80%90%E4%BE%9B%E5%BA%94%E5%95%86%20%3D%20%E8%94%AC%E8%8F%9C%EF%BC%88%E8%B0%A2%E9%87%91%E5%8D%8E%EF%BC%89%E3%80%91%20%E5%B9%B6%E4%B8%94%20%E3%80%90%E4%BE%9B%E5%BA%94%E5%95%86%3D%E8%94%AC%E8%8F%9C%EF%BC%88%E8%B0%A2%E9%87%91%E5%8D%8E%EF%BC%89%E3%80%91%E5%B9%B6%E4%B8%94%E3%80%90%E9%97%A8%E5%BA%97%E5%90%8D%E7%A7%B0%20%3D%20%E6%9D%BE%E6%B1%9F%E6%A6%95%E6%B8%AF%E3%80%91%20%E5%B9%B6%E4%B8%94%20%E3%80%90%E6%9D%90%E6%96%99%E5%90%8D%E7%A7%B0%20%3D%20%E7%99%BD%E8%8F%9C%E3%80%91&rand=0.08286826400349645 HTTP/1.1" 200 51329
180.169.147.146 - - [25/Aug/2022:09:13:36 +0800] "GET /xingrg/all/report/report_query.html?isQuery=1&fileName=kc/buy/wlcg_mx_rest.xml&queryString=(CONVERT(char(10)%2Ca.order_time%2C%20120)%3E%3D'2022-08-24')%20and%20(CONVERT(char(10)%2Ca.order_time%2C%20120)%3C%3D'2022-08-24')%20and%20(a.supplier_code%20in%20('00100008'))%20and%20(a.supplier_code%3D'00100008')%20and%20(a.data_area%3D'00102')%20and%20(a.materiel_code%3D'00101008003')&queryText=%E3%80%90%E9%87%87%E8%B4%AD%E6%97%A5%E6%9C%9F%3A2022-08-24%20%E8%87%B3%202022-08-24%E3%80%91%20%E5%B9%B6%E4%B8%94%20%20%E3%80%90%E4%BE%9B%E5%BA%94%E5%95%86%20%3D%20%E8%94%AC%E8%8F%9C%EF%BC%88%E8%B0%A2%E9%87%91%E5%8D%8E%EF%BC%89%E3%80%91%20%E5%B9%B6%E4%B8%94%20%E3%80%90%E4%BE%9B%E5%BA%94%E5%95%86%3D%E8%94%AC%E8%8F%9C%EF%BC%88%E8%B0%A2%E9%87%91%E5%8D%8E%EF%BC%89%E3%80%91%E5%B9%B6%E4%B8%94%E3%80%90%E9%97%A8%E5%BA%97%E5%90%8D%E7%A7%B0%20%3D%20%E6%9D%BE%E6%B1%9F%E6%A6%95%E6%B8%AF%E3%80%91%20%E5%B9%B6%E4%B8%94%20%E3%80%90%E6%9D%90%E6%96%99%E5%90%8D%E7%A7%B0%20%3D%20%E7%99%BD%E8%8F%9C%E3%80%91&rand=0.08286826400349645 HTTP/1.1" 200 51329
180.169.147.146 - - [25/Aug/2022:09:13:36 +0800] "GET /xingrg/dwr/interface/AjaxReportQueryService.js HTTP/1.1" 200 13203
180.169.147.146 - - [25/Aug/2022:09:13:36 +0800] "GET /xingrg/dwr/engine.js HTTP/1.1" 200 43631
116.224.255.128 - - [25/Aug/2022:09:13:37 +0800] "POST /xingrg/dwr/call/plaincall/AjaxYddbService.saveMaterielItem.dwr HTTP/1.1" 200 79
180.169.147.146 - - [25/Aug/2022:09:13:37 +0800] "POST /xingrg/all/report/load_report_page.html HTTP/1.1" 200 15934
180.169.147.146 - - [25/Aug/2022:09:13:37 +0800] "GET /xingrg/servlets/image?cache=0.4477068673378498&image=px HTTP/1.1" 200 807
116.224.255.128 - - [25/Aug/2022:09:13:41 +0800] "POST /xingrg/dwr/call/plaincall/AjaxYddbService.checkOrder.dwr HTTP/1.1" 200 79
116.224.255.128 - - [25/Aug/2022:09:13:41 +0800] "GET /xingrg/kc/base/yddb_order_info.html?code=482022082500167 HTTP/1.1" 200 29593
116.224.255.128 - - [25/Aug/2022:09:13:42 +0800] "GET /xingrg/dwr/engine.js HTTP/1.1" 200 43631
116.224.255.128 - - [25/Aug/2022:09:13:42 +0800] "GET /xingrg/dwr/interface/AjaxComOrderService.js HTTP/1.1" 200 18264
116.224.255.128 - - [25/Aug/2022:09:13:42 +0800] "GET /xingrg/dwr/interface/AjaxYddbService.js HTTP/1.1" 200 13201
116.224.255.128 - - [25/Aug/2022:09:13:42 +0800] "POST /xingrg/dwr/call/plaincall/AjaxYddbService.loadMaterielItems.dwr HTTP/1.1" 200 3003
124.78.154.232 - - [25/Aug/2022:09:13:43 +0800] "GET /xingrg/kc/buy/cgsh_order_operate.html?command=get_materiel&rest_code=00106&code=00101008354&supplier_code=00100007&order_time=2022-08-25 HTTP/1.1" 200 412
114.84.5.35 - - [25/Aug/2022:09:13:44 +0800] "GET /xingrg/kc/buy/cgsh_order_operate.html?command=get_materiel&rest_code=00111&code=00101008168&supplier_code=00100005&order_time=2022-08-25 HTTP/1.1" 200 413
101.80.228.36 - - [25/Aug/2022:09:13:46 +0800] "GET /xingrg/all/function/internal_message.html?_=1661390023583&CODE_STATE=getMsg HTTP/1.1" 200 27
116.224.255.128 - - [25/Aug/2022:09:13:48 +0800] "GET /xingrg/kc/buy/cgsh_order_operate.html?command=get_materiel&rest_code=00150&code=00101008357&supplier_code=00100008&order_time=2022-08-25 HTTP/1.1" 200 408
120.253.135.82 - - [25/Aug/2022:09:13:51 +0800] "GET /xingrg/all/function/internal_message.html?_=1661389832967&CODE_STATE=getMsg HTTP/1.1" 200 27
114.84.5.35 - - [25/Aug/2022:09:13:51 +0800] "GET /xingrg/kc/buy/cgsh_order_operate.html?command=get_materiel&rest_code=00111&code=00101008236&supplier_code=00100005&order_time=2022-08-25 HTTP/1.1" 200 416
116.224.255.128 - - [25/Aug/2022:09:13:51 +0800] "GET /xingrg/kc/base/yddb_order_add.html HTTP/1.1" 200 29841
116.224.255.128 - - [25/Aug/2022:09:13:51 +0800] "POST /xingrg/kc/buy/cgsh_order_operate.html HTTP/1.1" 200 2065
116.224.255.128 - - [25/Aug/2022:09:13:51 +0800] "GET /xingrg/dwr/engine.js HTTP/1.1" 200 43631
116.224.255.128 - - [25/Aug/2022:09:13:51 +0800] "GET /xingrg/dwr/interface/AjaxComOrderService.js HTTP/1.1" 200 18264
116.224.255.128 - - [25/Aug/2022:09:13:51 +0800] "GET /xingrg/dwr/interface/AjaxYddbService.js HTTP/1.1" 200 13201
116.224.255.128 - - [25/Aug/2022:09:13:52 +0800] "GET /xingrg/all/function/internal_message.html?_=1661389956193&CODE_STATE=getMsg HTTP/1.1" 200 27
116.232.194.65 - - [25/Aug/2022:09:13:52 +0800] "POST /xingrg/services/DataTransmitService HTTP/1.1" 200 524
116.224.255.128 - - [25/Aug/2022:09:13:55 +0800] "POST /xingrg/dwr/call/plaincall/AjaxYddbService.getRestBases.dwr HTTP/1.1" 200 1616
61.165.19.104 - - [25/Aug/2022:09:14:00 +0800] "GET /xingrg/all/function/internal_message.html?_=1661390040572&CODE_STATE=getMsg HTTP/1.1" 200 27
61.165.19.104 - - [25/Aug/2022:09:14:00 +0800] "GET /xingrg/check_reg.html?_=1661390040683 HTTP/1.1" 200 22
116.224.255.128 - - [25/Aug/2022:09:14:01 +0800] "POST /xingrg/dwr/call/plaincall/AjaxYddbService.saveOrder.dwr HTTP/1.1" 200 78
116.224.255.128 - - [25/Aug/2022:09:14:05 +0800] "POST /xingrg/dwr/call/plaincall/AjaxComOrderService.getMaterielSearchList.dwr HTTP/1.1" 200 20015
116.224.255.128 - - [25/Aug/2022:09:14:06 +0800] "POST /xingrg/dwr/call/plaincall/AjaxComOrderService.getMaterielSearchList.dwr HTTP/1.1" 200 20015
116.235.94.65 - - [25/Aug/2022:09:14:06 +0800] "GET /xingrg/all/function/internal_message.html?_=1661390235409&CODE_STATE=getMsg HTTP/1.1" 200 27
116.235.94.65 - - [25/Aug/2022:09:14:06 +0800] "GET /xingrg/check_reg.html?_=1661390235411 HTTP/1.1" 200 22
114.84.5.35 - - [25/Aug/2022:09:14:07 +0800] "GET /xingrg/all/function/internal_message.html?_=1661390042757&CODE_STATE=getMsg HTTP/1.1" 200 27
114.86.187.244 - - [25/Aug/2022:09:14:09 +0800] "GET /xingrg/all/function/internal_message.html?_=1661390053664&CODE_STATE=getMsg HTTP/1.1" 200 27
114.86.187.244 - - [25/Aug/2022:09:14:09 +0800] "GET /xingrg/check_reg.html?_=1661390053666 HTTP/1.1" 200 22
116.224.255.128 - - [25/Aug/2022:09:14:10 +0800] "POST /xingrg/dwr/call/plaincall/AjaxYddbService.getMaterielByMap.dwr HTTP/1.1" 200 3857
124.78.154.232 - - [25/Aug/2022:09:14:13 +0800] "POST /xingrg/kc/buy/cgsh_order_operate.html HTTP/1.1" 200 2065
116.224.255.128 - - [25/Aug/2022:09:14:16 +0800] "POST /xingrg/dwr/call/plaincall/AjaxYddbService.saveMaterielItem.dwr HTTP/1.1" 200 78
116.224.255.128 - - [25/Aug/2022:09:14:17 +0800] "POST /xingrg/dwr/call/plaincall/AjaxComOrderService.getMaterielSearchList.dwr HTTP/1.1" 200 15030
116.224.255.128 - - [25/Aug/2022:09:14:19 +0800] "GET /xingrg/kc/buy/cgsh_order_operate.html?command=get_materiel&rest_code=00150&code=00101008069&supplier_code=00100008&order_time=2022-08-25 HTTP/1.1" 200 412
116.224.255.128 - - [25/Aug/2022:09:14:19 +0800] "POST /xingrg/dwr/call/plaincall/AjaxComOrderService.getMaterielSearchList.dwr HTTP/1.1" 200 581
180.169.147.146 - - [25/Aug/2022:09:14:19 +0800] "POST /xingrg/dwr/call/plaincall/AjaxReportQueryService.refreshCache.dwr HTTP/1.1" 200 78
180.169.147.146 - - [25/Aug/2022:09:14:21 +0800] "POST /xingrg/all/report/load_report_page.html HTTP/1.1" 200 49874
180.169.147.146 - - [25/Aug/2022:09:14:21 +0800] "GET /xingrg/servlets/image?cache=0.16553235690326729&image=px HTTP/1.1" 200 807
114.84.5.35 - - [25/Aug/2022:09:14:21 +0800] "GET /xingrg/kc/buy/cgsh_order_operate.html?command=get_materiel&rest_code=00111&code=00101008353&supplier_code=00100005&order_time=2022-08-25 HTTP/1.1" 200 408
116.224.255.128 - - [25/Aug/2022:09:14:21 +0800] "POST /xingrg/dwr/call/plaincall/AjaxYddbService.getMaterielByMap.dwr HTTP/1.1" 200 3955
116.224.255.128 - - [25/Aug/2022:09:14:22 +0800] "GET /xingrg/all/function/internal_message.html?_=1661390059098&CODE_STATE=getMsg HTTP/1.1" 200 27
218.81.223.53 - - [25/Aug/2022:09:14:22 +0800] "GET /xingrg/all/function/internal_message.html?_=1661390073778&CODE_STATE=getMsg HTTP/1.1" 302 -
218.81.223.53 - - [25/Aug/2022:09:14:22 +0800] "GET /xingrg/all/function/internal_message.html?_=1661390068761&CODE_STATE=getMsg HTTP/1.1" 200 27
124.78.154.232 - - [25/Aug/2022:09:14:22 +0800] "GET /xingrg/kc/buy/cgsh_order_operate.html?command=get_materiel&rest_code=00106&code=00101008224&supplier_code=00100007&order_time=2022-08-25 HTTP/1.1" 200 416
114.84.5.35 - - [25/Aug/2022:09:14:23 +0800] "POST /xingrg/kc/buy/cgsh_order_operate.html HTTP/1.1" 200 2065
116.224.123.211 - - [25/Aug/2022:09:14:23 +0800] "GET /xingrg/all/function/internal_message.html?_=1661390079603&CODE_STATE=getMsg HTTP/1.1" 200 27
116.224.255.128 - - [25/Aug/2022:09:14:25 +0800] "POST /xingrg/dwr/call/plaincall/AjaxYddbService.getUnitPrice.dwr HTTP/1.1" 200 86
116.224.255.128 - - [25/Aug/2022:09:14:26 +0800] "GET /xingrg/images/yd/bt.gif HTTP/1.1" 404 1040
116.232.194.65 - - [25/Aug/2022:09:14:27 +0800] "GET /xingrg/all/function/internal_message.html?_=1661390034390&CODE_STATE=getMsg HTTP/1.1" 200 27
61.165.19.104 - - [25/Aug/2022:09:14:27 +0800] "GET /xingrg/all/function/internal_message.html?_=1661389933996&CODE_STATE=getMsg HTTP/1.1" 200 27
114.84.5.35 - - [25/Aug/2022:09:14:30 +0800] "GET /xingrg/kc/buy/cgsh_order_operate.html?command=get_materiel&rest_code=00111&code=00101008114&supplier_code=00100005&order_time=2022-08-25 HTTP/1.1" 200 412
180.169.147.146 - - [25/Aug/2022:09:14:30 +0800] "GET /xingrg/all/function/internal_message.html?_=1661390068661&CODE_STATE=getMsg HTTP/1.1" 200 27
218.81.223.53 - - [25/Aug/2022:09:14:31 +0800] "GET /xingrg/check_reg.html?_=1661390082732 HTTP/1.1" 302 -
116.224.255.128 - - [25/Aug/2022:09:14:33 +0800] "GET /xingrg/all/function/internal_message.html?_=1661389997167&CODE_STATE=getMsg HTTP/1.1" 200 27
116.224.255.128 - - [25/Aug/2022:09:14:33 +0800] "POST /xingrg/dwr/call/plaincall/AjaxYddbService.saveMaterielItem.dwr HTTP/1.1" 200 79
124.78.154.232 - - [25/Aug/2022:09:14:34 +0800] "GET /xingrg/all/function/internal_message.html?_=1661390078933&CODE_STATE=getMsg HTTP/1.1" 200 27
124.78.154.232 - - [25/Aug/2022:09:14:36 +0800] "GET /xingrg/kc/buy/cgsh_order_operate.html?command=get_materiel&rest_code=00106&code=00101008361&supplier_code=00100007&order_time=2022-08-25 HTTP/1.1" 200 408
114.84.5.35 - - [25/Aug/2022:09:14:38 +0800] "GET /xingrg/kc/buy/cgsh_order_operate.html?command=get_materiel&rest_code=00111&code=00101008223&supplier_code=00100005&order_time=2022-08-25 HTTP/1.1" 200 412
116.224.255.128 - - [25/Aug/2022:09:14:39 +0800] "POST /xingrg/dwr/call/plaincall/AjaxComOrderService.getMaterielSearchList.dwr HTTP/1.1" 200 27894
116.224.255.128 - - [25/Aug/2022:09:14:39 +0800] "POST /xingrg/dwr/call/plaincall/AjaxComOrderService.getMaterielSearchList.dwr HTTP/1.1" 200 1576
116.224.255.128 - - [25/Aug/2022:09:14:44 +0800] "POST /xingrg/dwr/call/plaincall/AjaxComOrderService.getMaterielSearchList.dwr HTTP/1.1" 200 470
101.80.228.36 - - [25/Aug/2022:09:14:46 +0800] "GET /xingrg/all/function/internal_message.html?_=1661390083554&CODE_STATE=getMsg HTTP/1.1" 200 27
116.224.255.128 - - [25/Aug/2022:09:14:47 +0800] "POST /xingrg/dwr/call/plaincall/AjaxYddbService.getMaterielByMap.dwr HTTP/1.1" 200 3962
116.224.255.128 - - [25/Aug/2022:09:14:50 +0800] "GET /xingrg/check_reg.html?_=1661390014568 HTTP/1.1" 200 22
120.253.135.82 - - [25/Aug/2022:09:14:51 +0800] "GET /xingrg/all/function/internal_message.html?_=1661389893140&CODE_STATE=getMsg HTTP/1.1" 200 27
116.224.255.128 - - [25/Aug/2022:09:14:52 +0800] "GET /xingrg/all/function/internal_message.html?_=1661390016206&CODE_STATE=getMsg HTTP/1.1" 200 27
116.224.255.128 - - [25/Aug/2022:09:14:53 +0800] "GET /xingrg/kc/buy/cgsh_order_operate.html?command=get_materiel&rest_code=00150&code=00101008286&supplier_code=00100008&order_time=2022-08-25 HTTP/1.1" 200 408
116.224.255.128 - - [25/Aug/2022:09:14:53 +0800] "POST /xingrg/dwr/call/plaincall/AjaxYddbService.saveMaterielItem.dwr HTTP/1.1" 200 79
116.224.255.128 - - [25/Aug/2022:09:14:53 +0800] "POST /xingrg/dwr/call/plaincall/AjaxComOrderService.getMaterielSearchList.dwr HTTP/1.1" 200 77
116.224.255.128 - - [25/Aug/2022:09:14:57 +0800] "POST /xingrg/dwr/call/plaincall/AjaxComOrderService.getMaterielSearchList.dwr HTTP/1.1" 200 17908
116.224.255.128 - - [25/Aug/2022:09:14:57 +0800] "POST /xingrg/dwr/call/plaincall/AjaxComOrderService.getMaterielSearchList.dwr HTTP/1.1" 200 754
116.224.255.128 - - [25/Aug/2022:09:14:59 +0800] "POST /xingrg/dwr/call/plaincall/AjaxYddbService.getMaterielByMap.dwr HTTP/1.1" 200 3953
61.165.19.104 - - [25/Aug/2022:09:15:00 +0800] "GET /xingrg/all/function/internal_message.html?_=1661390100544&CODE_STATE=getMsg HTTP/1.1" 200 27
116.224.255.128 - - [25/Aug/2022:09:15:03 +0800] "POST /xingrg/dwr/call/plaincall/AjaxYddbService.getUnitPrice.dwr HTTP/1.1" 200 87
101.80.228.36 - - [25/Aug/2022:09:15:06 +0800] "GET /xingrg/check_reg.html?_=1661390103742 HTTP/1.1" 200 22
116.235.94.65 - - [25/Aug/2022:09:15:06 +0800] "GET /xingrg/all/function/internal_message.html?_=1661390295410&CODE_STATE=getMsg HTTP/1.1" 200 27
114.84.5.35 - - [25/Aug/2022:09:15:07 +0800] "GET /xingrg/all/function/internal_message.html?_=1661390102770&CODE_STATE=getMsg HTTP/1.1" 200 27
116.224.255.128 - - [25/Aug/2022:09:15:08 +0800] "POST /xingrg/dwr/call/plaincall/AjaxYddbService.saveMaterielItem.dwr HTTP/1.1" 200 79
116.224.255.128 - - [25/Aug/2022:09:15:08 +0800] "GET /xingrg/kc/buy/cgsh_order_operate.html?command=get_materiel&rest_code=00150&code=00101008036&supplier_code=00100008&order_time=2022-08-25 HTTP/1.1" 200 408
114.86.187.244 - - [25/Aug/2022:09:15:09 +0800] "GET /xingrg/all/function/internal_message.html?_=1661390113666&CODE_STATE=getMsg HTTP/1.1" 200 27
116.224.255.128 - - [25/Aug/2022:09:15:09 +0800] "POST /xingrg/dwr/call/plaincall/AjaxComOrderService.getMaterielSearchList.dwr HTTP/1.1" 200 37734
116.224.255.128 - - [25/Aug/2022:09:15:10 +0800] "POST /xingrg/dwr/call/plaincall/AjaxComOrderService.getMaterielSearchList.dwr HTTP/1.1" 200 1972
116.224.255.128 - - [25/Aug/2022:09:15:12 +0800] "POST /xingrg/dwr/call/plaincall/AjaxYddbService.getMaterielByMap.dwr HTTP/1.1" 200 3972
116.224.255.128 - - [25/Aug/2022:09:15:13 +0800] "GET /xingrg/check_reg.html?_=1661390037500 HTTP/1.1" 200 22
116.224.255.128 - - [25/Aug/2022:09:15:14 +0800] "POST /xingrg/dwr/call/plaincall/AjaxYddbService.getUnitPrice.dwr HTTP/1.1" 200 88
116.224.255.128 - - [25/Aug/2022:09:15:17 +0800] "POST /xingrg/dwr/call/plaincall/AjaxYddbService.saveMaterielItem.dwr HTTP/1.1" 200 79
116.224.255.128 - - [25/Aug/2022:09:15:19 +0800] "POST /xingrg/dwr/call/plaincall/AjaxComOrderService.getMaterielSearchList.dwr HTTP/1.1" 200 34467
116.224.255.128 - - [25/Aug/2022:09:15:20 +0800] "POST /xingrg/dwr/call/plaincall/AjaxComOrderService.getMaterielSearchList.dwr HTTP/1.1" 200 1736
124.78.154.232 - - [25/Aug/2022:09:15:20 +0800] "GET /xingrg/kc/buy/cgsh_order_operate.html?command=get_materiel&rest_code=00106&code=00101008356&supplier_code=00100007&order_time=2022-08-25 HTTP/1.1" 200 409
116.224.255.128 - - [25/Aug/2022:09:15:21 +0800] "POST /xingrg/dwr/call/plaincall/AjaxYddbService.getMaterielByMap.dwr HTTP/1.1" 200 3920
116.224.255.128 - - [25/Aug/2022:09:15:22 +0800] "GET /xingrg/all/function/internal_message.html?_=1661390119157&CODE_STATE=getMsg HTTP/1.1" 200 27
116.224.255.128 - - [25/Aug/2022:09:15:22 +0800] "GET /xingrg/check_reg.html?_=1661390119158 HTTP/1.1" 200 22
218.81.223.53 - - [25/Aug/2022:09:15:22 +0800] "GET /xingrg/all/function/internal_message.html?_=1661390133793&CODE_STATE=getMsg HTTP/1.1" 302 -
218.81.223.53 - - [25/Aug/2022:09:15:22 +0800] "GET /xingrg/all/function/internal_message.html?_=1661390128765&CODE_STATE=getMsg HTTP/1.1" 200 27
116.224.123.211 - - [25/Aug/2022:09:15:23 +0800] "GET /xingrg/all/function/internal_message.html?_=1661390139601&CODE_STATE=getMsg HTTP/1.1" 200 27
116.232.194.65 - - [25/Aug/2022:09:15:27 +0800] "GET /xingrg/all/function/internal_message.html?_=1661390094382&CODE_STATE=getMsg HTTP/1.1" 200 27
116.232.194.65 - - [25/Aug/2022:09:15:27 +0800] "GET /xingrg/check_reg.html?_=1661390094386 HTTP/1.1" 200 22
61.165.19.104 - - [25/Aug/2022:09:15:27 +0800] "GET /xingrg/all/function/internal_message.html?_=1661389993994&CODE_STATE=getMsg HTTP/1.1" 200 27
116.224.255.128 - - [25/Aug/2022:09:15:28 +0800] "POST /xingrg/dwr/call/plaincall/AjaxYddbService.saveMaterielItem.dwr HTTP/1.1" 200 79
61.165.19.104 - - [25/Aug/2022:09:15:28 +0800] "POST /xingrg/services/DataTransmitService HTTP/1.1" 200 524
180.169.147.146 - - [25/Aug/2022:09:15:30 +0800] "GET /xingrg/all/function/internal_message.html?_=1661390128640&CODE_STATE=getMsg HTTP/1.1" 200 27
116.224.255.128 - - [25/Aug/2022:09:15:33 +0800] "GET /xingrg/all/function/internal_message.html?_=1661390057188&CODE_STATE=getMsg HTTP/1.1" 200 27
116.224.255.128 - - [25/Aug/2022:09:15:33 +0800] "POST /xingrg/dwr/call/plaincall/AjaxYddbService.checkOrder.dwr HTTP/1.1" 200 79
124.78.154.232 - - [25/Aug/2022:09:15:34 +0800] "GET /xingrg/all/function/internal_message.html?_=1661390138931&CODE_STATE=getMsg HTTP/1.1" 200 27
116.224.255.128 - - [25/Aug/2022:09:15:35 +0800] "GET /xingrg/kc/base/yddb_order_info.html?code=482022082500168 HTTP/1.1" 200 29593
116.224.255.128 - - [25/Aug/2022:09:15:35 +0800] "GET /xingrg/dwr/interface/AjaxComOrderService.js HTTP/1.1" 200 18264
116.224.255.128 - - [25/Aug/2022:09:15:35 +0800] "GET /xingrg/dwr/interface/AjaxYddbService.js HTTP/1.1" 200 13201
116.224.255.128 - - [25/Aug/2022:09:15:35 +0800] "GET /xingrg/dwr/engine.js HTTP/1.1" 200 43631
116.224.255.128 - - [25/Aug/2022:09:15:35 +0800] "POST /xingrg/dwr/call/plaincall/AjaxYddbService.loadMaterielItems.dwr HTTP/1.1" 200 2251
116.224.255.128 - - [25/Aug/2022:09:15:42 +0800] "POST /xingrg/all/user/operate.html HTTP/1.1" 200 36
116.224.255.128 - - [25/Aug/2022:09:15:43 +0800] "GET /xingrg/index.html?sysBaseUrl=http%3A%2F%2F180.169.147.146%3A18081%2Fxingrg%2F&costTime=39×tamp=1661332590910 HTTP/1.1" 200 17177
116.224.255.128 - - [25/Aug/2022:09:15:43 +0800] "GET /xingrg/javascript/jquery_easy_ui/themes/default/easyui.css HTTP/1.1" 304 -
116.224.255.128 - - [25/Aug/2022:09:15:43 +0800] "GET /xingrg/javascript/jquery_easy_ui/themes/icon.css HTTP/1.1" 304 -
116.224.255.128 - - [25/Aug/2022:09:15:43 +0800] "GET /xingrg/css/form.css HTTP/1.1" 304 -
116.224.255.128 - - [25/Aug/2022:09:15:43 +0800] "GET /xingrg/javascript/jquery-1.4.2.min.js HTTP/1.1" 304 -
116.224.255.128 - - [25/Aug/2022:09:15:43 +0800] "GET /xingrg/javascript/jquery_easy_ui/jquery.easyui.min.js HTTP/1.1" 304 -
116.224.255.128 - - [25/Aug/2022:09:15:43 +0800] "GET /xingrg/javascript/jquery_easy_ui/easyui-lang-zh_CN.js HTTP/1.1" 304 -
116.224.255.128 - - [25/Aug/2022:09:15:43 +0800] "GET /xingrg/javascript/jquery.form.js HTTP/1.1" 304 -
116.224.255.128 - - [25/Aug/2022:09:15:43 +0800] "GET /xingrg/javascript/jquery.utils.js HTTP/1.1" 304 -
116.224.255.128 - - [25/Aug/2022:09:15:43 +0800] "GET /xingrg/javascript/jquery.timers.js HTTP/1.1" 304 -
116.224.255.128 - - [25/Aug/2022:09:15:43 +0800] "GET /xingrg/images/blue/navBackgound.jpg HTTP/1.1" 304 -
116.224.255.128 - - [25/Aug/2022:09:15:43 +0800] "GET /xingrg/images/blue/jxLogo.png HTTP/1.1" 304 -
116.224.255.128 - - [25/Aug/2022:09:15:43 +0800] "POST /xingrg/all/common/load_tree.html?tree=area_rest_tree_json&manage=1 HTTP/1.1" 200 476
116.224.255.128 - - [25/Aug/2022:09:15:43 +0800] "GET /xingrg/images/blue/pingpu.png HTTP/1.1" 304 -
116.224.255.128 - - [25/Aug/2022:09:15:43 +0800] "GET /xingrg/javascript/jquery_easy_ui/themes/icons/settle_new.png HTTP/1.1" 304 -
116.224.255.128 - - [25/Aug/2022:09:15:43 +0800] "GET /xingrg/javascript/jquery_easy_ui/themes/default/images/panel_tool_collapse.gif HTTP/1.1" 304 -
116.224.255.128 - - [25/Aug/2022:09:15:43 +0800] "GET /xingrg/all/function/internal_message.html?_=1661390067008&CODE_STATE=count HTTP/1.1" 200 11
116.224.255.128 - - [25/Aug/2022:09:15:43 +0800] "GET /xingrg/check_reg.html?_=1661390067009 HTTP/1.1" 200 22
116.224.255.128 - - [25/Aug/2022:09:15:43 +0800] "GET /xingrg/javascript/jquery_easy_ui/themes/default/images/tabs_leftarrow.png HTTP/1.1" 304 -
116.224.255.128 - - [25/Aug/2022:09:15:43 +0800] "GET /xingrg/javascript/jquery_easy_ui/themes/default/images/tree_arrows.gif HTTP/1.1" 304 -
116.224.255.128 - - [25/Aug/2022:09:15:43 +0800] "GET /xingrg/javascript/jquery_easy_ui/themes/default/images/tabs_rightarrow.png HTTP/1.1" 304 -
116.224.255.128 - - [25/Aug/2022:09:15:43 +0800] "POST /xingrg/load_menu.html HTTP/1.1" 200 5138
124.78.154.232 - - [25/Aug/2022:09:15:45 +0800] "POST /xingrg/kc/buy/cgsh_order_operate.html HTTP/1.1" 200 2065
101.80.228.36 - - [25/Aug/2022:09:15:46 +0800] "GET /xingrg/all/function/internal_message.html?_=1661390143525&CODE_STATE=getMsg HTTP/1.1" 200 27
116.224.255.128 - - [25/Aug/2022:09:15:46 +0800] "GET /xingrg/kc/buy/cgsh_order_operate.html?command=get_materiel&rest_code=00150&code=00101008131&supplier_code=00100008&order_time=2022-08-25 HTTP/1.1" 200 408
116.224.255.128 - - [25/Aug/2022:09:15:46 +0800] "GET /xingrg/kc/base/yddb_order_list.html HTTP/1.1" 200 16790
116.224.255.128 - - [25/Aug/2022:09:15:46 +0800] "POST /xingrg/kc/base/yddb_list_operate.html HTTP/1.1" 200 636
116.224.255.128 - - [25/Aug/2022:09:15:50 +0800] "POST /xingrg/kc/base/yddb_list_operate.html HTTP/1.1" 200 2123
120.253.135.82 - - [25/Aug/2022:09:15:51 +0800] "GET /xingrg/all/function/internal_message.html?_=1661389953150&CODE_STATE=getMsg HTTP/1.1" 200 27
116.224.255.128 - - [25/Aug/2022:09:15:52 +0800] "POST /xingrg/kc/base/yddb_list_operate.html HTTP/1.1" 200 624
116.224.255.128 - - [25/Aug/2022:09:15:53 +0800] "GET /xingrg/kc/base/yddb_order_info.html?code=482022082500168 HTTP/1.1" 200 31158
116.224.255.128 - - [25/Aug/2022:09:15:53 +0800] "GET /xingrg/dwr/interface/AjaxComOrderService.js HTTP/1.1" 200 18264
116.224.255.128 - - [25/Aug/2022:09:15:53 +0800] "GET /xingrg/dwr/interface/AjaxYddbService.js HTTP/1.1" 200 13201
116.224.255.128 - - [25/Aug/2022:09:15:53 +0800] "GET /xingrg/dwr/engine.js HTTP/1.1" 200 43631
116.224.255.128 - - [25/Aug/2022:09:15:54 +0800] "POST /xingrg/dwr/call/plaincall/AjaxYddbService.loadMaterielItems.dwr HTTP/1.1" 200 2251
180.169.147.146 - - [25/Aug/2022:09:15:54 +0800] "POST /xingrg/dwr/call/plaincall/AjaxReportQueryService.refreshCache.dwr HTTP/1.1" 200 78
116.224.255.128 - - [25/Aug/2022:09:15:55 +0800] "GET /xingrg/kc/buy/cgsh_order_operate.html?command=get_materiel&rest_code=00150&code=00101008318&supplier_code=00100008&order_time=2022-08-25 HTTP/1.1" 200 408
180.169.147.146 - - [25/Aug/2022:09:15:56 +0800] "POST /xingrg/all/report/load_report_page.html HTTP/1.1" 200 49639
180.169.147.146 - - [25/Aug/2022:09:15:56 +0800] "GET /xingrg/servlets/image?cache=0.6182268694737062&image=px HTTP/1.1" 200 807
116.224.255.128 - - [25/Aug/2022:09:15:57 +0800] "POST /xingrg/dwr/call/plaincall/AjaxYddbService.saveOrder.dwr HTTP/1.1" 200 78
116.224.255.128 - - [25/Aug/2022:09:15:59 +0800] "POST /xingrg/kc/buy/cgsh_order_operate.html HTTP/1.1" 200 2065
61.165.19.104 - - [25/Aug/2022:09:16:00 +0800] "GET /xingrg/all/function/internal_message.html?_=1661390160524&CODE_STATE=getMsg HTTP/1.1" 200 27
116.224.255.128 - - [25/Aug/2022:09:16:00 +0800] "POST /xingrg/dwr/call/plaincall/AjaxYddbService.objCheckOrder.dwr HTTP/1.1" 200 78
116.224.255.128 - - [25/Aug/2022:09:16:01 +0800] "GET /xingrg/kc/base/yddb_order_info.html?code=482022082500168 HTTP/1.1" 200 31283
116.224.255.128 - - [25/Aug/2022:09:16:01 +0800] "GET /xingrg/dwr/interface/AjaxComOrderService.js HTTP/1.1" 200 18264
116.224.255.128 - - [25/Aug/2022:09:16:01 +0800] "GET /xingrg/dwr/interface/AjaxYddbService.js HTTP/1.1" 200 13201
116.224.255.128 - - [25/Aug/2022:09:16:01 +0800] "GET /xingrg/dwr/engine.js HTTP/1.1" 200 43631
116.224.255.128 - - [25/Aug/2022:09:16:02 +0800] "POST /xingrg/dwr/call/plaincall/AjaxYddbService.loadMaterielItems.dwr HTTP/1.1" 200 2251
124.78.154.232 - - [25/Aug/2022:09:16:02 +0800] "GET /xingrg/kc/buy/cgsh_order_operate.html?command=get_materiel&rest_code=00106&code=00101008403&supplier_code=00100007&order_time=2022-08-25 HTTP/1.1" 200 412
116.235.94.65 - - [25/Aug/2022:09:16:06 +0800] "GET /xingrg/all/function/internal_message.html?_=1661390355409&CODE_STATE=getMsg HTTP/1.1" 200 27
114.84.5.35 - - [25/Aug/2022:09:16:07 +0800] "GET /xingrg/all/function/internal_message.html?_=1661390162756&CODE_STATE=getMsg HTTP/1.1" 200 27
116.224.255.128 - - [25/Aug/2022:09:16:07 +0800] "GET /xingrg/kc/buy/cgsh_order_operate.html?command=get_materiel&rest_code=00150&code=00101008352&supplier_code=00100008&order_time=2022-08-25 HTTP/1.1" 200 412
116.224.255.128 - - [25/Aug/2022:09:16:08 +0800] "POST /xingrg/kc/base/yddb_list_operate.html HTTP/1.1" 200 643
114.86.187.244 - - [25/Aug/2022:09:16:09 +0800] "GET /xingrg/all/function/internal_message.html?_=1661390173666&CODE_STATE=getMsg HTTP/1.1" 200 27
116.224.255.128 - - [25/Aug/2022:09:16:10 +0800] "GET /xingrg/kc/base/yddb_order_info.html?code=482022082500167 HTTP/1.1" 200 31158
116.224.255.128 - - [25/Aug/2022:09:16:10 +0800] "GET /xingrg/dwr/interface/AjaxComOrderService.js HTTP/1.1" 200 18264
116.224.255.128 - - [25/Aug/2022:09:16:10 +0800] "GET /xingrg/dwr/interface/AjaxYddbService.js HTTP/1.1" 200 13201
116.224.255.128 - - [25/Aug/2022:09:16:10 +0800] "GET /xingrg/dwr/engine.js HTTP/1.1" 200 43631
116.224.255.128 - - [25/Aug/2022:09:16:10 +0800] "POST /xingrg/dwr/call/plaincall/AjaxYddbService.loadMaterielItems.dwr HTTP/1.1" 200 3003
116.224.255.128 - - [25/Aug/2022:09:16:13 +0800] "POST /xingrg/dwr/call/plaincall/AjaxYddbService.saveOrder.dwr HTTP/1.1" 200 78
116.224.255.128 - - [25/Aug/2022:09:16:17 +0800] "POST /xingrg/dwr/call/plaincall/AjaxYddbService.objCheckOrder.dwr HTTP/1.1" 200 78
116.224.255.128 - - [25/Aug/2022:09:16:18 +0800] "GET /xingrg/kc/buy/cgsh_order_operate.html?command=get_materiel&rest_code=00150&code=00101008371&supplier_code=00100008&order_time=2022-08-25 HTTP/1.1" 200 412
116.224.255.128 - - [25/Aug/2022:09:16:19 +0800] "GET /xingrg/kc/base/yddb_order_info.html?code=482022082500167 HTTP/1.1" 200 31283
116.224.255.128 - - [25/Aug/2022:09:16:19 +0800] "GET /xingrg/dwr/interface/AjaxYddbService.js HTTP/1.1" 200 13201
116.224.255.128 - - [25/Aug/2022:09:16:19 +0800] "GET /xingrg/dwr/interface/AjaxComOrderService.js HTTP/1.1" 200 18264
116.224.255.128 - - [25/Aug/2022:09:16:19 +0800] "GET /xingrg/dwr/engine.js HTTP/1.1" 200 43631
116.224.255.128 - - [25/Aug/2022:09:16:19 +0800] "POST /xingrg/dwr/call/plaincall/AjaxYddbService.loadMaterielItems.dwr HTTP/1.1" 200 3003
218.81.223.53 - - [25/Aug/2022:09:16:20 +0800] "GET /xingrg/check_reg.html?_=1661390186500 HTTP/1.1" 200 22
116.224.255.128 - - [25/Aug/2022:09:16:22 +0800] "GET /xingrg/all/function/internal_message.html?_=1661390179128&CODE_STATE=getMsg HTTP/1.1" 200 27
218.81.223.53 - - [25/Aug/2022:09:16:22 +0800] "GET /xingrg/all/function/internal_message.html?_=1661390193804&CODE_STATE=getMsg HTTP/1.1" 302 -
218.81.223.53 - - [25/Aug/2022:09:16:22 +0800] "GET /xingrg/all/function/internal_message.html?_=1661390188778&CODE_STATE=getMsg HTTP/1.1" 200 27
116.224.255.128 - - [25/Aug/2022:09:16:22 +0800] "POST /xingrg/kc/base/yddb_list_operate.html HTTP/1.1" 200 203
116.224.123.211 - - [25/Aug/2022:09:16:23 +0800] "GET /xingrg/all/function/internal_message.html?_=1661390199599&CODE_STATE=getMsg HTTP/1.1" 200 27
116.224.255.128 - - [25/Aug/2022:09:16:24 +0800] "GET /xingrg/kc/base/yddb_order_info.html?code=482022082500166 HTTP/1.1" 200 31157
116.224.255.128 - - [25/Aug/2022:09:16:24 +0800] "GET /xingrg/dwr/interface/AjaxYddbService.js HTTP/1.1" 200 13201
116.224.255.128 - - [25/Aug/2022:09:16:24 +0800] "GET /xingrg/dwr/interface/AjaxComOrderService.js HTTP/1.1" 200 18264
116.224.255.128 - - [25/Aug/2022:09:16:24 +0800] "GET /xingrg/dwr/engine.js HTTP/1.1" 200 43631
116.224.255.128 - - [25/Aug/2022:09:16:24 +0800] "POST /xingrg/dwr/call/plaincall/AjaxYddbService.loadMaterielItems.dwr HTTP/1.1" 200 406
116.232.194.65 - - [25/Aug/2022:09:16:27 +0800] "GET /xingrg/all/function/internal_message.html?_=1661390154394&CODE_STATE=getMsg HTTP/1.1" 200 27
61.165.19.104 - - [25/Aug/2022:09:16:27 +0800] "GET /xingrg/check_reg.html?_=1661390053994 HTTP/1.1" 200 22
61.165.19.104 - - [25/Aug/2022:09:16:27 +0800] "GET /xingrg/all/function/internal_message.html?_=1661390053993&CODE_STATE=getMsg HTTP/1.1" 200 27
180.169.147.146 - - [25/Aug/2022:09:16:30 +0800] "GET /xingrg/check_reg.html?_=1661390188664 HTTP/1.1" 200 22
180.169.147.146 - - [25/Aug/2022:09:16:30 +0800] "GET /xingrg/all/function/internal_message.html?_=1661390188666&CODE_STATE=getMsg HTTP/1.1" 200 27
116.224.255.128 - - [25/Aug/2022:09:16:33 +0800] "GET /xingrg/all/function/internal_message.html?_=1661390117201&CODE_STATE=getMsg HTTP/1.1" 200 27
124.78.154.232 - - [25/Aug/2022:09:16:34 +0800] "GET /xingrg/all/function/internal_message.html?_=1661390198945&CODE_STATE=getMsg HTTP/1.1" 200 27
124.78.154.232 - - [25/Aug/2022:09:16:42 +0800] "GET /xingrg/kc/buy/cgsh_order_operate.html?command=get_materiel&rest_code=00106&code=00101008350&supplier_code=00100007&order_time=2022-08-25 HTTP/1.1" 200 408
116.224.255.128 - - [25/Aug/2022:09:16:43 +0800] "GET /xingrg/all/function/internal_message.html?_=1661390127014&CODE_STATE=getMsg HTTP/1.1" 200 27
101.80.228.36 - - [25/Aug/2022:09:16:46 +0800] "GET /xingrg/all/function/internal_message.html?_=1661390203510&CODE_STATE=getMsg HTTP/1.1" 200 27
116.224.255.128 - - [25/Aug/2022:09:16:47 +0800] "POST /xingrg/dwr/call/plaincall/AjaxYddbService.saveOrder.dwr HTTP/1.1" 200 78
120.253.135.82 - - [25/Aug/2022:09:16:50 +0800] "GET /xingrg/check_reg.html?_=1661390012160 HTTP/1.1" 200 22
120.253.135.82 - - [25/Aug/2022:09:16:51 +0800] "GET /xingrg/all/function/internal_message.html?_=1661390013164&CODE_STATE=getMsg HTTP/1.1" 200 27
116.224.255.128 - - [25/Aug/2022:09:16:51 +0800] "POST /xingrg/dwr/call/plaincall/AjaxYddbService.objCheckOrder.dwr HTTP/1.1" 200 78
116.224.255.128 - - [25/Aug/2022:09:16:53 +0800] "GET /xingrg/kc/base/yddb_order_info.html?code=482022082500166 HTTP/1.1" 200 31282
116.224.255.128 - - [25/Aug/2022:09:16:53 +0800] "GET /xingrg/dwr/interface/AjaxComOrderService.js HTTP/1.1" 200 18264
116.224.255.128 - - [25/Aug/2022:09:16:53 +0800] "GET /xingrg/dwr/interface/AjaxYddbService.js HTTP/1.1" 200 13201
116.224.255.128 - - [25/Aug/2022:09:16:53 +0800] "GET /xingrg/dwr/engine.js HTTP/1.1" 200 43631
116.224.255.128 - - [25/Aug/2022:09:16:53 +0800] "POST /xingrg/dwr/call/plaincall/AjaxYddbService.loadMaterielItems.dwr HTTP/1.1" 200 406
116.224.255.128 - - [25/Aug/2022:09:16:56 +0800] "POST /xingrg/kc/base/yddb_list_operate.html HTTP/1.1" 200 468
116.224.255.128 - - [25/Aug/2022:09:17:00 +0800] "GET /xingrg/dwr/interface/AjaxYddbService.js HTTP/1.1" 200 13201
116.224.255.128 - - [25/Aug/2022:09:17:00 +0800] "GET /xingrg/dwr/interface/AjaxComOrderService.js HTTP/1.1" 200 18264
116.224.255.128 - - [25/Aug/2022:09:17:00 +0800] "GET /xingrg/dwr/engine.js HTTP/1.1" 200 43631
116.224.255.128 - - [25/Aug/2022:09:17:00 +0800] "GET /xingrg/kc/base/yddb_order_info.html?code=482022082500165 HTTP/1.1" 200 31158
61.165.19.104 - - [25/Aug/2022:09:17:00 +0800] "GET /xingrg/all/function/internal_message.html?_=1661390220509&CODE_STATE=getMsg HTTP/1.1" 200 27
116.224.255.128 - - [25/Aug/2022:09:17:00 +0800] "POST /xingrg/dwr/call/plaincall/AjaxYddbService.loadMaterielItems.dwr HTTP/1.1" 200 1494
180.169.147.146 - - [25/Aug/2022:09:17:02 +0800] "POST /xingrg/dwr/call/plaincall/AjaxReportQueryService.refreshCache.dwr HTTP/1.1" 200 78
180.169.147.146 - - [25/Aug/2022:09:17:03 +0800] "POST /xingrg/all/report/load_report_page.html HTTP/1.1" 200 49757
180.169.147.146 - - [25/Aug/2022:09:17:03 +0800] "GET /xingrg/servlets/image?cache=0.3368809478566831&image=px HTTP/1.1" 200 807
116.224.255.128 - - [25/Aug/2022:09:17:04 +0800] "POST /xingrg/dwr/call/plaincall/AjaxYddbService.saveOrder.dwr HTTP/1.1" 200 78
116.235.94.65 - - [25/Aug/2022:09:17:06 +0800] "GET /xingrg/all/function/internal_message.html?_=1661390415407&CODE_STATE=getMsg HTTP/1.1" 200 27
114.84.5.35 - - [25/Aug/2022:09:17:07 +0800] "GET /xingrg/all/function/internal_message.html?_=1661390222766&CODE_STATE=getMsg HTTP/1.1" 200 27
116.224.255.128 - - [25/Aug/2022:09:17:09 +0800] "POST /xingrg/dwr/call/plaincall/AjaxYddbService.objCheckOrder.dwr HTTP/1.1" 200 78
114.86.187.244 - - [25/Aug/2022:09:17:09 +0800] "GET /xingrg/all/function/internal_message.html?_=1661390233667&CODE_STATE=getMsg HTTP/1.1" 200 27
116.224.255.128 - - [25/Aug/2022:09:17:10 +0800] "GET /xingrg/kc/base/yddb_order_info.html?code=482022082500165 HTTP/1.1" 200 31283
116.224.255.128 - - [25/Aug/2022:09:17:10 +0800] "GET /xingrg/dwr/interface/AjaxComOrderService.js HTTP/1.1" 200 18264
116.224.255.128 - - [25/Aug/2022:09:17:10 +0800] "GET /xingrg/dwr/interface/AjaxYddbService.js HTTP/1.1" 200 13201
116.224.255.128 - - [25/Aug/2022:09:17:10 +0800] "GET /xingrg/dwr/engine.js HTTP/1.1" 200 43631
116.224.255.128 - - [25/Aug/2022:09:17:10 +0800] "POST /xingrg/dwr/call/plaincall/AjaxYddbService.loadMaterielItems.dwr HTTP/1.1" 200 1494
124.78.154.232 - - [25/Aug/2022:09:17:18 +0800] "GET /xingrg/kc/buy/cgsh_order_operate.html?command=get_materiel&rest_code=00106&code=00101015006&supplier_code=00100007&order_time=2022-08-25 HTTP/1.1" 200 413
116.224.255.128 - - [25/Aug/2022:09:17:22 +0800] "GET /xingrg/all/function/internal_message.html?_=1661390239102&CODE_STATE=getMsg HTTP/1.1" 200 27
218.81.223.53 - - [25/Aug/2022:09:17:22 +0800] "GET /xingrg/all/function/internal_message.html?_=1661390253819&CODE_STATE=getMsg HTTP/1.1" 302 -
218.81.223.53 - - [25/Aug/2022:09:17:22 +0800] "GET /xingrg/all/function/internal_message.html?_=1661390248792&CODE_STATE=getMsg HTTP/1.1" 200 27
116.224.123.211 - - [25/Aug/2022:09:17:23 +0800] "GET /xingrg/all/function/internal_message.html?_=1661390259597&CODE_STATE=getMsg HTTP/1.1" 200 27
116.224.123.211 - - [25/Aug/2022:09:17:23 +0800] "GET /xingrg/check_reg.html?_=1661390259601 HTTP/1.1" 200 22
116.224.123.211 - - [25/Aug/2022:09:17:24 +0800] "POST /xingrg/services/DataTransmitService HTTP/1.1" 200 524
116.232.194.65 - - [25/Aug/2022:09:17:27 +0800] "GET /xingrg/all/function/internal_message.html?_=1661390214393&CODE_STATE=getMsg HTTP/1.1" 200 27
61.165.19.104 - - [25/Aug/2022:09:17:27 +0800] "GET /xingrg/all/function/internal_message.html?_=1661390113993&CODE_STATE=getMsg HTTP/1.1" 200 27
180.169.147.146 - - [25/Aug/2022:09:17:30 +0800] "GET /xingrg/all/function/internal_message.html?_=1661390248654&CODE_STATE=getMsg HTTP/1.1" 200 27
116.224.255.128 - - [25/Aug/2022:09:17:33 +0800] "GET /xingrg/all/function/internal_message.html?_=1661390177228&CODE_STATE=getMsg HTTP/1.1" 200 27
124.78.154.232 - - [25/Aug/2022:09:17:34 +0800] "GET /xingrg/all/function/internal_message.html?_=1661390258944&CODE_STATE=getMsg HTTP/1.1" 200 27
116.224.255.128 - - [25/Aug/2022:09:17:43 +0800] "GET /xingrg/all/function/internal_message.html?_=1661390187027&CODE_STATE=getMsg HTTP/1.1" 200 27
101.80.228.36 - - [25/Aug/2022:09:17:46 +0800] "GET /xingrg/all/function/internal_message.html?_=1661390263479&CODE_STATE=getMsg HTTP/1.1" 200 27
116.224.255.128 - - [25/Aug/2022:09:17:49 +0800] "GET /xingrg/kc/buy/cgsh_order_operate.html?command=get_materiel&rest_code=00150&code=00101008005&supplier_code=00100008&order_time=2022-08-25 HTTP/1.1" 200 412
120.253.135.82 - - [25/Aug/2022:09:17:51 +0800] "GET /xingrg/all/function/internal_message.html?_=1661390073177&CODE_STATE=getMsg HTTP/1.1" 200 27
180.169.147.146 - - [25/Aug/2022:09:17:54 +0800] "POST /xingrg/dwr/call/plaincall/AjaxReportQueryService.refreshCache.dwr HTTP/1.1" 200 78
180.169.147.146 - - [25/Aug/2022:09:17:55 +0800] "POST /xingrg/all/report/load_report_page.html HTTP/1.1" 200 49757
180.169.147.146 - - [25/Aug/2022:09:17:55 +0800] "GET /xingrg/servlets/image?cache=0.8382538234401415&image=px HTTP/1.1" 200 807
61.165.19.104 - - [25/Aug/2022:09:18:00 +0800] "GET /xingrg/all/function/internal_message.html?_=1661390280484&CODE_STATE=getMsg HTTP/1.1" 200 27
116.224.255.128 - - [25/Aug/2022:09:18:02 +0800] "GET /xingrg/kc/buy/cgsh_order_operate.html?command=get_materiel&rest_code=00150&code=00101008271&supplier_code=00100008&order_time=2022-08-25 HTTP/1.1" 200 408
180.169.147.146 - - [25/Aug/2022:09:18:06 +0800] "GET /xingrg/check_reg.html?_=1661390285871 HTTP/1.1" 200 22
116.235.94.65 - - [25/Aug/2022:09:18:06 +0800] "GET /xingrg/all/function/internal_message.html?_=1661390475406&CODE_STATE=getMsg HTTP/1.1" 200 27
114.84.5.35 - - [25/Aug/2022:09:18:07 +0800] "GET /xingrg/check_reg.html?_=1661390282768 HTTP/1.1" 200 22
114.84.5.35 - - [25/Aug/2022:09:18:07 +0800] "GET /xingrg/all/function/internal_message.html?_=1661390282763&CODE_STATE=getMsg HTTP/1.1" 200 27
114.86.187.244 - - [25/Aug/2022:09:18:09 +0800] "GET /xingrg/all/function/internal_message.html?_=1661390293667&CODE_STATE=getMsg HTTP/1.1" 200 27
180.169.147.146 - - [25/Aug/2022:09:18:09 +0800] "POST /xingrg/dwr/call/plaincall/AjaxReportQueryService.refreshCache.dwr HTTP/1.1" 200 78
180.169.147.146 - - [25/Aug/2022:09:18:10 +0800] "POST /xingrg/all/report/load_report_page.html HTTP/1.1" 200 49800
180.169.147.146 - - [25/Aug/2022:09:18:10 +0800] "GET /xingrg/servlets/image?cache=0.7734976976790692&image=px HTTP/1.1" 200 807
124.78.154.232 - - [25/Aug/2022:09:18:15 +0800] "GET /xingrg/kc/buy/cgsh_order_operate.html?command=get_materiel&rest_code=00106&code=00101008298&supplier_code=00100007&order_time=2022-08-25 HTTP/1.1" 200 431
116.224.255.128 - - [25/Aug/2022:09:18:17 +0800] "POST /xingrg/kc/buy/cgsh_order_operate.html HTTP/1.1" 200 2065
124.78.154.232 - - [25/Aug/2022:09:18:17 +0800] "POST /xingrg/kc/buy/cgsh_order_operate.html HTTP/1.1" 200 2065
61.165.19.104 - - [25/Aug/2022:09:18:19 +0800] "GET /xingrg/kc/buy/cgsh_order_operate.html?command=get_materiel&rest_code=00105&code=00101008199&supplier_code=00100203&order_time=2022-08-25 HTTP/1.1" 200 408
180.169.147.146 - - [25/Aug/2022:09:18:21 +0800] "POST /xingrg/dwr/call/plaincall/AjaxReportQueryService.refreshCache.dwr HTTP/1.1" 200 78
180.169.147.146 - - [25/Aug/2022:09:18:21 +0800] "POST /xingrg/all/report/load_report_page.html HTTP/1.1" 200 49731
180.169.147.146 - - [25/Aug/2022:09:18:21 +0800] "GET /xingrg/servlets/image?cache=0.48955980945789834&image=px HTTP/1.1" 200 807
116.224.255.128 - - [25/Aug/2022:09:18:22 +0800] "GET /xingrg/all/function/internal_message.html?_=1661390299160&CODE_STATE=getMsg HTTP/1.1" 200 27
218.81.223.53 - - [25/Aug/2022:09:18:22 +0800] "GET /xingrg/all/function/internal_message.html?_=1661390308805&CODE_STATE=getMsg HTTP/1.1" 200 27
218.81.223.53 - - [25/Aug/2022:09:18:22 +0800] "GET /xingrg/all/function/internal_message.html?_=1661390313945&CODE_STATE=getMsg HTTP/1.1" 302 -
116.224.123.211 - - [25/Aug/2022:09:18:23 +0800] "GET /xingrg/all/function/internal_message.html?_=1661390319596&CODE_STATE=getMsg HTTP/1.1" 200 27
116.232.194.65 - - [25/Aug/2022:09:18:27 +0800] "GET /xingrg/all/function/internal_message.html?_=1661390274382&CODE_STATE=getMsg HTTP/1.1" 200 27
61.165.19.104 - - [25/Aug/2022:09:18:27 +0800] "GET /xingrg/all/function/internal_message.html?_=1661390173992&CODE_STATE=getMsg HTTP/1.1" 200 27
116.224.255.128 - - [25/Aug/2022:09:18:29 +0800] "GET /xingrg/kc/buy/cgsh_order_operate.html?command=get_materiel&rest_code=00150&code=00101008213&supplier_code=00100008&order_time=2022-08-25 HTTP/1.1" 200 412
124.78.154.232 - - [25/Aug/2022:09:18:30 +0800] "GET /xingrg/kc/buy/cgsh_order_operate.html?command=get_materiel&rest_code=00106&code=00101008182&supplier_code=00100007&order_time=2022-08-25 HTTP/1.1" 200 433
180.169.147.146 - - [25/Aug/2022:09:18:30 +0800] "GET /xingrg/all/function/internal_message.html?_=1661390308640&CODE_STATE=getMsg HTTP/1.1" 200 27
116.224.255.128 - - [25/Aug/2022:09:18:33 +0800] "GET /xingrg/all/function/internal_message.html?_=1661390237244&CODE_STATE=getMsg HTTP/1.1" 200 27
124.78.154.232 - - [25/Aug/2022:09:18:34 +0800] "GET /xingrg/check_reg.html?_=1661390318983 HTTP/1.1" 200 22
124.78.154.232 - - [25/Aug/2022:09:18:34 +0800] "GET /xingrg/all/function/internal_message.html?_=1661390319011&CODE_STATE=getMsg HTTP/1.1" 200 27
114.84.5.35 - - [25/Aug/2022:09:18:40 +0800] "POST /xingrg/kc/buy/cgsh_order_operate.html HTTP/1.1" 200 37
116.224.255.128 - - [25/Aug/2022:09:18:40 +0800] "GET /xingrg/kc/buy/cgsh_order_operate.html?command=get_materiel&rest_code=00150&code=00101008291&supplier_code=00100008&order_time=2022-08-25 HTTP/1.1" 200 427
114.84.5.35 - - [25/Aug/2022:09:18:42 +0800] "POST /xingrg/kc/buy/cgsh_order_operate.html HTTP/1.1" 200 29295
120.253.135.82 - - [25/Aug/2022:09:18:42 +0800] "GET /xingrg/kc/pszx/mdqp_order_list.html?state=10 HTTP/1.1" 200 10217
120.253.135.82 - - [25/Aug/2022:09:18:42 +0800] "GET /xingrg/dwr/interface/AjaxReportQueryService.js HTTP/1.1" 200 13203
120.253.135.82 - - [25/Aug/2022:09:18:42 +0800] "GET /xingrg/dwr/interface/AjaxQqpsService.js HTTP/1.1" 200 16326
120.253.135.82 - - [25/Aug/2022:09:18:42 +0800] "GET /xingrg/dwr/engine.js HTTP/1.1" 200 43631
120.253.135.82 - - [25/Aug/2022:09:18:42 +0800] "GET /xingrg/javascript/jquery_easy_ui/themes/icon.css HTTP/1.1" 200 3949
116.224.255.128 - - [25/Aug/2022:09:18:43 +0800] "GET /xingrg/all/function/internal_message.html?_=1661390247041&CODE_STATE=getMsg HTTP/1.1" 200 27
114.84.5.35 - - [25/Aug/2022:09:18:43 +0800] "GET /xingrg/kc/print/load_data.html?order_code=212022082508439&kc_code=cgsh&condition= HTTP/1.1" 200 10806
180.169.147.146 - - [25/Aug/2022:09:18:45 +0800] "POST /xingrg/dwr/call/plaincall/AjaxReportQueryService.refreshCache.dwr HTTP/1.1" 200 79
101.80.228.36 - - [25/Aug/2022:09:18:46 +0800] "GET /xingrg/all/function/internal_message.html?_=1661390323465&CODE_STATE=getMsg HTTP/1.1" 200 27
180.169.147.146 - - [25/Aug/2022:09:18:46 +0800] "POST /xingrg/all/report/load_report_page.html HTTP/1.1" 200 49731
180.169.147.146 - - [25/Aug/2022:09:18:46 +0800] "GET /xingrg/servlets/image?cache=0.38481411424529754&image=px HTTP/1.1" 200 807
120.253.135.82 - - [25/Aug/2022:09:18:46 +0800] "GET /xingrg/kc/pszx/mdth_order_list.html HTTP/1.1" 200 18469
120.253.135.82 - - [25/Aug/2022:09:18:47 +0800] "POST /xingrg/kc/pszx/mdth_order_new_list.html HTTP/1.1" 200 4755
116.224.255.128 - - [25/Aug/2022:09:18:47 +0800] "GET /xingrg/kc/buy/cgsh_order_operate.html?command=get_materiel&rest_code=00150&code=00101008312&supplier_code=00100008&order_time=2022-08-25 HTTP/1.1" 200 412
114.84.5.35 - - [25/Aug/2022:09:18:49 +0800] "GET /xingrg/kc/print/load_data.html?order_code=212022082508439&kc_code=cgsh HTTP/1.1" 200 10806
120.253.135.82 - - [25/Aug/2022:09:18:49 +0800] "POST /xingrg/kc/pszx/mdth_order_new_list.html HTTP/1.1" 200 213
120.253.135.82 - - [25/Aug/2022:09:18:51 +0800] "GET /xingrg/all/function/internal_message.html?_=1661390133191&CODE_STATE=getMsg HTTP/1.1" 200 27
124.78.154.232 - - [25/Aug/2022:09:18:51 +0800] "GET /xingrg/kc/buy/cgsh_order_operate.html?command=get_materiel&rest_code=00106&code=00101008223&supplier_code=00100007&order_time=2022-08-25 HTTP/1.1" 200 412
116.224.255.128 - - [25/Aug/2022:09:18:54 +0800] "GET /xingrg/kc/buy/cgsh_order_operate.html?command=get_materiel&rest_code=00150&code=00101008344&supplier_code=00100008&order_time=2022-08-25 HTTP/1.1" 200 412
116.224.255.128 - - [25/Aug/2022:09:18:55 +0800] "POST /xingrg/kc/buy/cgsh_order_operate.html HTTP/1.1" 200 2065
120.253.135.82 - - [25/Aug/2022:09:18:58 +0800] "GET /xingrg/kc/pszx/mdth_order_info.html?code=322022082400010 HTTP/1.1" 200 22267
120.253.135.82 - - [25/Aug/2022:09:18:58 +0800] "GET /xingrg/all/common/auto_word.html?type=employee&rest_code=00101 HTTP/1.1" 200 977
120.253.135.82 - - [25/Aug/2022:09:18:58 +0800] "GET /xingrg/javascript/easyui/themes/default/validatebox.css HTTP/1.1" 404 1104
120.253.135.82 - - [25/Aug/2022:09:18:58 +0800] "POST /xingrg/kc/pszx/mdth_order_new_info.html HTTP/1.1" 200 293
58.221.95.50 - - [25/Aug/2022:09:19:00 +0800] "GET /xingrg/check_reg.html?_=1661390337539 HTTP/1.1" 302 -
58.221.95.50 - - [25/Aug/2022:09:19:00 +0800] "GET /xingrg/login.html HTTP/1.1" 200 7641
61.165.19.104 - - [25/Aug/2022:09:19:00 +0800] "GET /xingrg/all/function/internal_message.html?_=1661390340456&CODE_STATE=getMsg HTTP/1.1" 200 27
61.165.19.104 - - [25/Aug/2022:09:19:00 +0800] "GET /xingrg/check_reg.html?_=1661390340693 HTTP/1.1" 200 22
120.253.135.82 - - [25/Aug/2022:09:19:02 +0800] "POST /xingrg/kc/pszx/mdth_order_new_list.html HTTP/1.1" 200 402
124.78.154.232 - - [25/Aug/2022:09:19:03 +0800] "GET /xingrg/kc/buy/cgsh_order_operate.html?command=get_materiel&rest_code=00106&code=00101008236&supplier_code=00100007&order_time=2022-08-25 HTTP/1.1" 200 416
114.84.5.35 - - [25/Aug/2022:09:19:03 +0800] "GET /xingrg/kc/buy/cgsh_order_add.html HTTP/1.1" 200 68373
114.84.5.35 - - [25/Aug/2022:09:19:04 +0800] "POST /xingrg/kc/buy/cgsh_order_operate.html HTTP/1.1" 200 8245
114.84.5.35 - - [25/Aug/2022:09:19:04 +0800] "GET /xingrg/javascript/easyui/themes/default/validatebox.css HTTP/1.1" 404 1104
124.78.154.232 - - [25/Aug/2022:09:19:05 +0800] "POST /xingrg/kc/buy/cgsh_order_operate.html HTTP/1.1" 200 2065
120.253.135.82 - - [25/Aug/2022:09:19:06 +0800] "GET /xingrg/kc/pszx/mdqp_order_list.html?state=10 HTTP/1.1" 200 10217
120.253.135.82 - - [25/Aug/2022:09:19:06 +0800] "GET /xingrg/dwr/interface/AjaxReportQueryService.js HTTP/1.1" 200 13203
120.253.135.82 - - [25/Aug/2022:09:19:06 +0800] "GET /xingrg/dwr/interface/AjaxQqpsService.js HTTP/1.1" 200 16326
120.253.135.82 - - [25/Aug/2022:09:19:06 +0800] "GET /xingrg/dwr/engine.js HTTP/1.1" 200 43631
116.235.94.65 - - [25/Aug/2022:09:19:06 +0800] "GET /xingrg/all/function/internal_message.html?_=1661390535412&CODE_STATE=getMsg HTTP/1.1" 200 27
116.235.94.65 - - [25/Aug/2022:09:19:06 +0800] "GET /xingrg/check_reg.html?_=1661390535413 HTTP/1.1" 200 22
114.84.5.35 - - [25/Aug/2022:09:19:07 +0800] "GET /xingrg/all/function/internal_message.html?_=1661390342785&CODE_STATE=getMsg HTTP/1.1" 200 27
114.86.187.244 - - [25/Aug/2022:09:19:09 +0800] "GET /xingrg/check_reg.html?_=1661390353667 HTTP/1.1" 200 22
114.86.187.244 - - [25/Aug/2022:09:19:09 +0800] "GET /xingrg/all/function/internal_message.html?_=1661390353669&CODE_STATE=getMsg HTTP/1.1" 200 27
120.253.135.82 - - [25/Aug/2022:09:19:16 +0800] "GET /xingrg/kc/report/report_main.html HTTP/1.1" 200 8599
120.253.135.82 - - [25/Aug/2022:09:19:16 +0800] "GET /xingrg/javascript/jquery-1.4.2.min.js HTTP/1.1" 200 72205
120.253.135.82 - - [25/Aug/2022:09:19:16 +0800] "GET /xingrg/javascript/jquery_ui/themes/humanity/humanity.css HTTP/1.1" 200 27801
120.253.135.82 - - [25/Aug/2022:09:19:16 +0800] "GET /xingrg/javascript/jquery_easy_ui/themes/icons/settle_new.png HTTP/1.1" 200 826
124.78.154.232 - - [25/Aug/2022:09:19:18 +0800] "GET /xingrg/kc/buy/cgsh_order_operate.html?command=get_materiel&rest_code=00106&code=00101008095&supplier_code=00100007&order_time=2022-08-25 HTTP/1.1" 200 412
116.224.255.128 - - [25/Aug/2022:09:19:18 +0800] "GET /xingrg/kc/buy/cgsh_order_operate.html?command=get_materiel&rest_code=00150&code=00101008283&supplier_code=00100008&order_time=2022-08-25 HTTP/1.1" 200 408
120.253.135.82 - - [25/Aug/2022:09:19:19 +0800] "GET /xingrg/kc/pszx/mdqp_order_list.html?state=10 HTTP/1.1" 200 10217
120.253.135.82 - - [25/Aug/2022:09:19:19 +0800] "GET /xingrg/dwr/interface/AjaxQqpsService.js HTTP/1.1" 200 16326
120.253.135.82 - - [25/Aug/2022:09:19:19 +0800] "GET /xingrg/dwr/interface/AjaxReportQueryService.js HTTP/1.1" 200 13203
120.253.135.82 - - [25/Aug/2022:09:19:19 +0800] "GET /xingrg/dwr/engine.js HTTP/1.1" 200 43631
114.84.5.35 - - [25/Aug/2022:09:19:20 +0800] "GET /xingrg/kc/buy/cgsh_order_operate.html?command=get_materiel&rest_code=00111&code=00101011005&supplier_code=00100037&order_time=2022-08-25 HTTP/1.1" 200 429
