120.253.135.82 - - [25/Aug/2022:06:18:49 +0800] "POST /xingrg/kc/pszx/mdps_list_operate.html HTTP/1.1" 200 5259
101.80.228.36 - - [25/Aug/2022:06:18:50 +0800] "GET /xingrg/all/function/internal_message.html?_=1661379527614&CODE_STATE=getMsg HTTP/1.1" 200 27
116.224.255.128 - - [25/Aug/2022:06:18:53 +0800] "GET /xingrg/all/function/internal_message.html?_=1661379457094&CODE_STATE=getMsg HTTP/1.1" 200 27
116.232.194.65 - - [25/Aug/2022:06:18:57 +0800] "GET /xingrg/all/function/internal_message.html?_=1661379505002&CODE_STATE=getMsg HTTP/1.1" 200 27
120.253.135.82 - - [25/Aug/2022:06:19:07 +0800] "GET /xingrg/kc/pszx/mdqp_order_list.html?state=10 HTTP/1.1" 200 10217
120.253.135.82 - - [25/Aug/2022:06:19:07 +0800] "GET /xingrg/dwr/interface/AjaxReportQueryService.js HTTP/1.1" 200 13203
120.253.135.82 - - [25/Aug/2022:06:19:07 +0800] "GET /xingrg/dwr/interface/AjaxQqpsService.js HTTP/1.1" 200 16326
120.253.135.82 - - [25/Aug/2022:06:19:07 +0800] "GET /xingrg/dwr/engine.js HTTP/1.1" 200 43631
120.253.135.82 - - [25/Aug/2022:06:19:10 +0800] "GET /xingrg/kc/pszx/mdps_order_list.html?orderType=0 HTTP/1.1" 200 21045
120.253.135.82 - - [25/Aug/2022:06:19:10 +0800] "POST /xingrg/kc/pszx/mdps_list_operate.html HTTP/1.1" 200 5259
218.81.223.53 - - [25/Aug/2022:06:19:13 +0800] "GET /xingrg/all/function/internal_message.html?_=1661379564601&CODE_STATE=getMsg HTTP/1.1" 200 27
120.253.135.82 - - [25/Aug/2022:06:19:14 +0800] "GET /xingrg/kc/pszx/mdps_order_list.html?orderType=0 HTTP/1.1" 200 21045
120.253.135.82 - - [25/Aug/2022:06:19:14 +0800] "POST /xingrg/kc/pszx/mdps_list_operate.html HTTP/1.1" 200 5259
120.253.135.82 - - [25/Aug/2022:06:19:16 +0800] "GET /xingrg/check_reg.html?_=1661379357470 HTTP/1.1" 200 22
120.253.135.82 - - [25/Aug/2022:06:19:16 +0800] "GET /xingrg/all/function/internal_message.html?_=1661379358217&CODE_STATE=getMsg HTTP/1.1" 200 27
120.253.135.82 - - [25/Aug/2022:06:19:20 +0800] "POST /xingrg/kc/pszx/mdps_list_operate.html HTTP/1.1" 200 3132
116.224.123.211 - - [25/Aug/2022:06:19:24 +0800] "GET /xingrg/all/function/internal_message.html?_=1661379579502&CODE_STATE=getMsg HTTP/1.1" 200 27
120.253.135.82 - - [25/Aug/2022:06:19:26 +0800] "POST /xingrg/kc/pszx/mdps_list_operate.html HTTP/1.1" 200 2097
120.253.135.82 - - [25/Aug/2022:06:19:27 +0800] "POST /xingrg/kc/pszx/mdps_list_operate.html HTTP/1.1" 200 204
120.253.135.82 - - [25/Aug/2022:06:19:29 +0800] "GET /xingrg/kc/pszx/mdps_order_info.html?code=312022082300532 HTTP/1.1" 200 19676
120.253.135.82 - - [25/Aug/2022:06:19:29 +0800] "POST /xingrg/kc/pszx/mdps_order_operate.html HTTP/1.1" 200 502
120.253.135.82 - - [25/Aug/2022:06:19:29 +0800] "GET /xingrg/javascript/easyui/themes/default/validatebox.css HTTP/1.1" 404 1104
116.224.255.128 - - [25/Aug/2022:06:19:30 +0800] "GET /xingrg/all/function/internal_message.html?_=1661379493873&CODE_STATE=getMsg HTTP/1.1" 200 27
218.81.223.53 - - [25/Aug/2022:06:19:30 +0800] "GET /xingrg/check_reg.html?_=1661379581511 HTTP/1.1" 200 22
120.253.135.82 - - [25/Aug/2022:06:19:31 +0800] "GET /xingrg/kc/print/load_config.html?kc_code=mdps HTTP/1.1" 200 2390
120.253.135.82 - - [25/Aug/2022:06:19:31 +0800] "GET /xingrg/kc/print/load_data.html?order_code=312022082300532&kc_code=mdps&condition= HTTP/1.1" 200 720
120.253.135.82 - - [25/Aug/2022:06:19:38 +0800] "POST /xingrg/kc/pszx/mdps_list_operate.html HTTP/1.1" 200 206
120.253.135.82 - - [25/Aug/2022:06:19:38 +0800] "GET /xingrg/kc/pszx/mdps_order_info.html?code=312022082300549 HTTP/1.1" 200 19682
120.253.135.82 - - [25/Aug/2022:06:19:39 +0800] "POST /xingrg/kc/pszx/mdps_order_operate.html HTTP/1.1" 200 502
120.253.135.82 - - [25/Aug/2022:06:19:39 +0800] "GET /xingrg/javascript/easyui/themes/default/validatebox.css HTTP/1.1" 404 1104
120.253.135.82 - - [25/Aug/2022:06:19:41 +0800] "GET /xingrg/kc/print/load_data.html?order_code=312022082300549&kc_code=mdps&condition= HTTP/1.1" 200 748
101.80.228.36 - - [25/Aug/2022:06:19:50 +0800] "GET /xingrg/all/function/internal_message.html?_=1661379587584&CODE_STATE=getMsg HTTP/1.1" 200 27
116.224.255.128 - - [25/Aug/2022:06:19:53 +0800] "GET /xingrg/all/function/internal_message.html?_=1661379517104&CODE_STATE=getMsg HTTP/1.1" 200 27
116.232.194.65 - - [25/Aug/2022:06:19:57 +0800] "GET /xingrg/all/function/internal_message.html?_=1661379565017&CODE_STATE=getMsg HTTP/1.1" 200 27
101.80.228.36 - - [25/Aug/2022:06:20:07 +0800] "GET /xingrg/check_reg.html?_=1661379604553 HTTP/1.1" 200 22
218.81.223.53 - - [25/Aug/2022:06:20:13 +0800] "GET /xingrg/all/function/internal_message.html?_=1661379624613&CODE_STATE=getMsg HTTP/1.1" 200 27
116.224.255.128 - - [25/Aug/2022:06:20:13 +0800] "GET /xingrg/check_reg.html?_=1661379537307 HTTP/1.1" 200 22
120.253.135.82 - - [25/Aug/2022:06:20:16 +0800] "GET /xingrg/all/function/internal_message.html?_=1661379418230&CODE_STATE=getMsg HTTP/1.1" 200 27
116.224.123.211 - - [25/Aug/2022:06:20:24 +0800] "GET /xingrg/all/function/internal_message.html?_=1661379639502&CODE_STATE=getMsg HTTP/1.1" 200 27
116.224.255.128 - - [25/Aug/2022:06:20:30 +0800] "GET /xingrg/all/function/internal_message.html?_=1661379553890&CODE_STATE=getMsg HTTP/1.1" 200 27
101.80.228.36 - - [25/Aug/2022:06:20:50 +0800] "GET /xingrg/all/function/internal_message.html?_=1661379647555&CODE_STATE=getMsg HTTP/1.1" 200 27
116.224.255.128 - - [25/Aug/2022:06:20:53 +0800] "GET /xingrg/all/function/internal_message.html?_=1661379577131&CODE_STATE=getMsg HTTP/1.1" 200 27
116.232.194.65 - - [25/Aug/2022:06:20:57 +0800] "GET /xingrg/all/function/internal_message.html?_=1661379625016&CODE_STATE=getMsg HTTP/1.1" 200 27
120.253.135.82 - - [25/Aug/2022:06:21:05 +0800] "POST /xingrg/kc/pszx/mdps_list_operate.html HTTP/1.1" 200 2097
120.253.135.82 - - [25/Aug/2022:06:21:10 +0800] "GET /xingrg/javascript/easyui/plugins/jquery.draggable.js HTTP/1.1" 200 6121
120.253.135.82 - - [25/Aug/2022:06:21:10 +0800] "GET /xingrg/javascript/easyui/plugins/jquery.droppable.js HTTP/1.1" 200 1167
120.253.135.82 - - [25/Aug/2022:06:21:10 +0800] "GET /xingrg/javascript/easyui/themes/default/tree.css HTTP/1.1" 404 1090
120.253.135.82 - - [25/Aug/2022:06:21:10 +0800] "GET /xingrg/javascript/easyui/plugins/jquery.tree.js HTTP/1.1" 200 20874
120.253.135.82 - - [25/Aug/2022:06:21:10 +0800] "POST /xingrg/all/common/load_tree.html?tree=area_rest_tree_json HTTP/1.1" 200 3472
120.253.135.82 - - [25/Aug/2022:06:21:10 +0800] "GET /xingrg/javascript/easyui/themes/default/images/tree_arrows.gif HTTP/1.1" 200 617
120.253.135.82 - - [25/Aug/2022:06:21:10 +0800] "GET /xingrg/javascript/easyui/themes/default/images/tree_checkbox_2.gif HTTP/1.1" 200 181
120.253.135.82 - - [25/Aug/2022:06:21:10 +0800] "GET /xingrg/javascript/easyui/themes/default/images/tree_checkbox_0.gif HTTP/1.1" 200 168
120.253.135.82 - - [25/Aug/2022:06:21:10 +0800] "GET /xingrg/javascript/easyui/themes/default/images/tree_checkbox_1.gif HTTP/1.1" 200 174
120.253.135.82 - - [25/Aug/2022:06:21:10 +0800] "GET /xingrg/javascript/easyui/themes/default/images/tree_folder_open.gif HTTP/1.1" 200 956
120.253.135.82 - - [25/Aug/2022:06:21:10 +0800] "GET /xingrg/javascript/easyui/themes/icons/rest.png HTTP/1.1" 200 695
120.253.135.82 - - [25/Aug/2022:06:21:10 +0800] "GET /xingrg/javascript/easyui/themes/icons/area.png HTTP/1.1" 200 262
120.253.135.82 - - [25/Aug/2022:06:21:10 +0800] "GET /xingrg/javascript/easyui/themes/icons/manage.png HTTP/1.1" 200 696
218.81.223.53 - - [25/Aug/2022:06:21:13 +0800] "GET /xingrg/all/function/internal_message.html?_=1661379684626&CODE_STATE=getMsg HTTP/1.1" 200 27
120.253.135.82 - - [25/Aug/2022:06:21:14 +0800] "POST /xingrg/kc/pszx/mdps_list_operate.html HTTP/1.1" 200 3132
120.253.135.82 - - [25/Aug/2022:06:21:16 +0800] "GET /xingrg/all/function/internal_message.html?_=1661379478244&CODE_STATE=getMsg HTTP/1.1" 200 27
116.224.123.211 - - [25/Aug/2022:06:21:24 +0800] "GET /xingrg/all/function/internal_message.html?_=1661379699498&CODE_STATE=getMsg HTTP/1.1" 200 27
116.224.255.128 - - [25/Aug/2022:06:21:30 +0800] "GET /xingrg/all/function/internal_message.html?_=1661379613904&CODE_STATE=getMsg HTTP/1.1" 200 27
120.253.135.82 - - [25/Aug/2022:06:21:36 +0800] "POST /xingrg/kc/pszx/mdps_list_operate.html HTTP/1.1" 200 601
120.253.135.82 - - [25/Aug/2022:06:21:37 +0800] "GET /xingrg/kc/pszx/mdps_order_info.html?code=312022082500573 HTTP/1.1" 200 24016
120.253.135.82 - - [25/Aug/2022:06:21:37 +0800] "GET /xingrg/javascript/easyui/themes/default/validatebox.css HTTP/1.1" 404 1104
120.253.135.82 - - [25/Aug/2022:06:21:37 +0800] "POST /xingrg/kc/pszx/mdps_order_operate.html HTTP/1.1" 200 7710
120.253.135.82 - - [25/Aug/2022:06:21:40 +0800] "POST /xingrg/kc/pszx/mdps_order_operate.html HTTP/1.1" 200 37
116.224.255.128 - - [25/Aug/2022:06:21:40 +0800] "GET /xingrg/check_reg.html?_=1661379624235 HTTP/1.1" 200 22
120.253.135.82 - - [25/Aug/2022:06:21:41 +0800] "GET /xingrg/kc/pszx/mdps_order_info.html?code=312022082500573 HTTP/1.1" 200 24016
120.253.135.82 - - [25/Aug/2022:06:21:41 +0800] "GET /xingrg/javascript/easyui/themes/default/validatebox.css HTTP/1.1" 404 1104
120.253.135.82 - - [25/Aug/2022:06:21:41 +0800] "POST /xingrg/kc/pszx/mdps_order_operate.html HTTP/1.1" 200 7799
101.80.228.36 - - [25/Aug/2022:06:21:49 +0800] "GET /xingrg/all/function/internal_message.html?_=1661379707525&CODE_STATE=getMsg HTTP/1.1" 200 27
116.224.255.128 - - [25/Aug/2022:06:21:53 +0800] "GET /xingrg/all/function/internal_message.html?_=1661379637132&CODE_STATE=getMsg HTTP/1.1" 200 27
116.232.194.65 - - [25/Aug/2022:06:21:57 +0800] "GET /xingrg/check_reg.html?_=1661379685016 HTTP/1.1" 200 22
116.232.194.65 - - [25/Aug/2022:06:21:57 +0800] "GET /xingrg/all/function/internal_message.html?_=1661379685021&CODE_STATE=getMsg HTTP/1.1" 200 27
218.81.223.53 - - [25/Aug/2022:06:22:13 +0800] "GET /xingrg/all/function/internal_message.html?_=1661379744733&CODE_STATE=getMsg HTTP/1.1" 200 27
120.253.135.82 - - [25/Aug/2022:06:22:16 +0800] "GET /xingrg/all/function/internal_message.html?_=1661379538259&CODE_STATE=getMsg HTTP/1.1" 200 27
116.224.123.211 - - [25/Aug/2022:06:22:24 +0800] "GET /xingrg/all/function/internal_message.html?_=1661379759496&CODE_STATE=getMsg HTTP/1.1" 200 27
116.224.123.211 - - [25/Aug/2022:06:22:24 +0800] "GET /xingrg/check_reg.html?_=1661379759499 HTTP/1.1" 200 22
116.224.255.128 - - [25/Aug/2022:06:22:30 +0800] "GET /xingrg/all/function/internal_message.html?_=1661379673930&CODE_STATE=getMsg HTTP/1.1" 200 27
101.80.228.36 - - [25/Aug/2022:06:22:49 +0800] "GET /xingrg/all/function/internal_message.html?_=1661379767510&CODE_STATE=getMsg HTTP/1.1" 200 27
116.224.255.128 - - [25/Aug/2022:06:22:53 +0800] "GET /xingrg/all/function/internal_message.html?_=1661379697145&CODE_STATE=getMsg HTTP/1.1" 200 27
116.232.194.65 - - [25/Aug/2022:06:22:57 +0800] "GET /xingrg/all/function/internal_message.html?_=1661379745014&CODE_STATE=getMsg HTTP/1.1" 200 27
180.169.147.146 - - [25/Aug/2022:06:23:06 +0800] "GET /xingrg/check_reg.html?_=1661379786466 HTTP/1.1" 200 22
218.81.223.53 - - [25/Aug/2022:06:23:13 +0800] "GET /xingrg/all/function/internal_message.html?_=1661379804747&CODE_STATE=getMsg HTTP/1.1" 200 27
120.253.135.82 - - [25/Aug/2022:06:23:17 +0800] "GET /xingrg/all/function/internal_message.html?_=1661379598273&CODE_STATE=getMsg HTTP/1.1" 200 27
116.224.123.211 - - [25/Aug/2022:06:23:24 +0800] "GET /xingrg/all/function/internal_message.html?_=1661379819521&CODE_STATE=getMsg HTTP/1.1" 200 27
116.224.255.128 - - [25/Aug/2022:06:23:30 +0800] "GET /xingrg/all/function/internal_message.html?_=1661379733947&CODE_STATE=getMsg HTTP/1.1" 200 27
120.253.135.82 - - [25/Aug/2022:06:23:35 +0800] "POST /xingrg/kc/pszx/mdps_order_operate.html HTTP/1.1" 200 37
120.253.135.82 - - [25/Aug/2022:06:23:37 +0800] "GET /xingrg/kc/pszx/mdps_order_info.html?code=312022082500573 HTTP/1.1" 200 24016
120.253.135.82 - - [25/Aug/2022:06:23:37 +0800] "POST /xingrg/kc/pszx/mdps_order_operate.html HTTP/1.1" 200 7799
120.253.135.82 - - [25/Aug/2022:06:23:37 +0800] "GET /xingrg/javascript/easyui/themes/default/validatebox.css HTTP/1.1" 404 1104
120.253.135.82 - - [25/Aug/2022:06:23:38 +0800] "POST /xingrg/kc/pszx/mdps_list_operate.html HTTP/1.1" 200 3132
120.253.135.82 - - [25/Aug/2022:06:23:40 +0800] "GET /xingrg/kc/pszx/mdps_order_add.html HTTP/1.1" 200 29158
120.253.135.82 - - [25/Aug/2022:06:23:41 +0800] "POST /xingrg/kc/pszx/mdps_order_operate.html HTTP/1.1" 200 7126
120.253.135.82 - - [25/Aug/2022:06:23:41 +0800] "GET /xingrg/javascript/easyui/themes/default/validatebox.css HTTP/1.1" 404 1104
120.253.135.82 - - [25/Aug/2022:06:23:47 +0800] "POST /xingrg/all/common/load_combo.html?type=base HTTP/1.1" 200 1260
101.80.228.36 - - [25/Aug/2022:06:23:49 +0800] "GET /xingrg/all/function/internal_message.html?_=1661379827479&CODE_STATE=getMsg HTTP/1.1" 200 27
116.224.255.128 - - [25/Aug/2022:06:23:53 +0800] "GET /xingrg/all/function/internal_message.html?_=1661379757176&CODE_STATE=getMsg HTTP/1.1" 200 27
120.253.135.82 - - [25/Aug/2022:06:23:56 +0800] "GET /xingrg/kc/pszx/mdps_order_operate.html?command=get_materiel&pszx_code=00101&rest_code=00102&base_code=0010252&code=00101014040 HTTP/1.1" 200 434
116.232.194.65 - - [25/Aug/2022:06:23:57 +0800] "GET /xingrg/all/function/internal_message.html?_=1661379805006&CODE_STATE=getMsg HTTP/1.1" 200 27
120.253.135.82 - - [25/Aug/2022:06:24:01 +0800] "POST /xingrg/kc/pszx/mdps_order_operate.html HTTP/1.1" 200 37
120.253.135.82 - - [25/Aug/2022:06:24:02 +0800] "GET /xingrg/kc/pszx/mdps_order_info.html?code=312022082500577 HTTP/1.1" 200 24016
120.253.135.82 - - [25/Aug/2022:06:24:03 +0800] "GET /xingrg/javascript/easyui/themes/default/validatebox.css HTTP/1.1" 404 1104
120.253.135.82 - - [25/Aug/2022:06:24:03 +0800] "POST /xingrg/kc/pszx/mdps_order_operate.html HTTP/1.1" 200 2276
120.253.135.82 - - [25/Aug/2022:06:24:04 +0800] "POST /xingrg/kc/pszx/mdps_list_operate.html HTTP/1.1" 200 3495
120.253.135.82 - - [25/Aug/2022:06:24:06 +0800] "POST /xingrg/kc/pszx/mdps_list_operate.html HTTP/1.1" 200 212
120.253.135.82 - - [25/Aug/2022:06:24:12 +0800] "POST /xingrg/kc/pszx/mdps_list_operate.html HTTP/1.1" 200 601
218.81.223.53 - - [25/Aug/2022:06:24:13 +0800] "GET /xingrg/all/function/internal_message.html?_=1661379864870&CODE_STATE=getMsg HTTP/1.1" 200 27
120.253.135.82 - - [25/Aug/2022:06:24:14 +0800] "GET /xingrg/kc/pszx/mdps_order_info.html?code=312022082500573 HTTP/1.1" 200 24016
120.253.135.82 - - [25/Aug/2022:06:24:14 +0800] "POST /xingrg/kc/pszx/mdps_order_operate.html HTTP/1.1" 200 7799
120.253.135.82 - - [25/Aug/2022:06:24:14 +0800] "GET /xingrg/javascript/easyui/themes/default/validatebox.css HTTP/1.1" 404 1104
120.253.135.82 - - [25/Aug/2022:06:24:16 +0800] "GET /xingrg/check_reg.html?_=1661379657478 HTTP/1.1" 200 22
120.253.135.82 - - [25/Aug/2022:06:24:17 +0800] "GET /xingrg/all/function/internal_message.html?_=1661379658285&CODE_STATE=getMsg HTTP/1.1" 200 27
120.253.135.82 - - [25/Aug/2022:06:24:18 +0800] "POST /xingrg/kc/pszx/mdps_list_operate.html HTTP/1.1" 200 3495
120.253.135.82 - - [25/Aug/2022:06:24:21 +0800] "POST /xingrg/kc/pszx/mdps_list_operate.html HTTP/1.1" 200 212
120.253.135.82 - - [25/Aug/2022:06:24:22 +0800] "GET /xingrg/kc/pszx/mdps_order_info.html?code=312022082100464 HTTP/1.1" 200 24016
120.253.135.82 - - [25/Aug/2022:06:24:23 +0800] "POST /xingrg/kc/pszx/mdps_order_operate.html HTTP/1.1" 200 2302
120.253.135.82 - - [25/Aug/2022:06:24:23 +0800] "GET /xingrg/javascript/easyui/themes/default/validatebox.css HTTP/1.1" 404 1104
116.224.123.211 - - [25/Aug/2022:06:24:24 +0800] "GET /xingrg/all/function/internal_message.html?_=1661379879535&CODE_STATE=getMsg HTTP/1.1" 200 27
116.224.255.128 - - [25/Aug/2022:06:24:30 +0800] "GET /xingrg/all/function/internal_message.html?_=1661379793973&CODE_STATE=getMsg HTTP/1.1" 200 27
218.81.223.53 - - [25/Aug/2022:06:24:30 +0800] "GET /xingrg/check_reg.html?_=1661379881515 HTTP/1.1" 200 22
101.80.228.36 - - [25/Aug/2022:06:24:49 +0800] "GET /xingrg/all/function/internal_message.html?_=1661379887465&CODE_STATE=getMsg HTTP/1.1" 200 27
116.224.255.128 - - [25/Aug/2022:06:24:53 +0800] "GET /xingrg/all/function/internal_message.html?_=1661379817189&CODE_STATE=getMsg HTTP/1.1" 200 27
120.253.135.82 - - [25/Aug/2022:06:24:54 +0800] "POST /xingrg/kc/pszx/mdps_list_operate.html HTTP/1.1" 200 3495
120.253.135.82 - - [25/Aug/2022:06:24:56 +0800] "POST /xingrg/kc/pszx/mdps_list_operate.html HTTP/1.1" 200 601
120.253.135.82 - - [25/Aug/2022:06:24:57 +0800] "GET /xingrg/kc/pszx/mdps_order_info.html?code=312022082500573 HTTP/1.1" 200 24016
116.232.194.65 - - [25/Aug/2022:06:24:57 +0800] "GET /xingrg/all/function/internal_message.html?_=1661379865014&CODE_STATE=getMsg HTTP/1.1" 200 27
120.253.135.82 - - [25/Aug/2022:06:24:58 +0800] "POST /xingrg/kc/pszx/mdps_order_operate.html HTTP/1.1" 200 7799
120.253.135.82 - - [25/Aug/2022:06:24:58 +0800] "GET /xingrg/javascript/easyui/themes/default/validatebox.css HTTP/1.1" 404 1104
120.253.135.82 - - [25/Aug/2022:06:25:05 +0800] "POST /xingrg/kc/pszx/mdps_order_operate.html HTTP/1.1" 200 37
120.253.135.82 - - [25/Aug/2022:06:25:06 +0800] "GET /xingrg/kc/pszx/mdps_order_info.html?code=312022082500573 HTTP/1.1" 200 24016
101.80.228.36 - - [25/Aug/2022:06:25:06 +0800] "GET /xingrg/check_reg.html?_=1661379904528 HTTP/1.1" 200 22
120.253.135.82 - - [25/Aug/2022:06:25:07 +0800] "POST /xingrg/kc/pszx/mdps_order_operate.html HTTP/1.1" 200 7310
120.253.135.82 - - [25/Aug/2022:06:25:07 +0800] "GET /xingrg/javascript/easyui/themes/default/validatebox.css HTTP/1.1" 404 1104
120.253.135.82 - - [25/Aug/2022:06:25:12 +0800] "POST /xingrg/kc/pszx/mdps_list_operate.html HTTP/1.1" 200 3495
116.224.255.128 - - [25/Aug/2022:06:25:13 +0800] "GET /xingrg/check_reg.html?_=1661379837314 HTTP/1.1" 200 22
218.81.223.53 - - [25/Aug/2022:06:25:13 +0800] "GET /xingrg/all/function/internal_message.html?_=1661379924883&CODE_STATE=getMsg HTTP/1.1" 200 27
120.253.135.82 - - [25/Aug/2022:06:25:14 +0800] "POST /xingrg/kc/pszx/mdps_list_operate.html HTTP/1.1" 200 649
120.253.135.82 - - [25/Aug/2022:06:25:14 +0800] "GET /xingrg/kc/pszx/mdps_order_info.html?code=312022082500574 HTTP/1.1" 200 24016
120.253.135.82 - - [25/Aug/2022:06:25:15 +0800] "GET /xingrg/javascript/easyui/themes/default/validatebox.css HTTP/1.1" 404 1104
120.253.135.82 - - [25/Aug/2022:06:25:15 +0800] "POST /xingrg/kc/pszx/mdps_order_operate.html HTTP/1.1" 200 11397
120.253.135.82 - - [25/Aug/2022:06:25:17 +0800] "POST /xingrg/kc/pszx/mdps_order_operate.html HTTP/1.1" 200 37
120.253.135.82 - - [25/Aug/2022:06:25:18 +0800] "GET /xingrg/kc/pszx/mdps_order_info.html?code=312022082500574 HTTP/1.1" 200 24016
120.253.135.82 - - [25/Aug/2022:06:25:19 +0800] "POST /xingrg/kc/pszx/mdps_order_operate.html HTTP/1.1" 200 11551
120.253.135.82 - - [25/Aug/2022:06:25:19 +0800] "GET /xingrg/javascript/easyui/themes/default/validatebox.css HTTP/1.1" 404 1104
120.253.135.82 - - [25/Aug/2022:06:25:19 +0800] "GET /xingrg/all/function/internal_message.html?_=1661379720618&CODE_STATE=getMsg HTTP/1.1" 200 27
116.224.123.211 - - [25/Aug/2022:06:25:24 +0800] "GET /xingrg/all/function/internal_message.html?_=1661379939532&CODE_STATE=getMsg HTTP/1.1" 200 27
116.224.255.128 - - [25/Aug/2022:06:25:30 +0800] "GET /xingrg/all/function/internal_message.html?_=1661379853990&CODE_STATE=getMsg HTTP/1.1" 200 27
120.253.135.82 - - [25/Aug/2022:06:25:36 +0800] "POST /xingrg/kc/pszx/mdps_list_operate.html HTTP/1.1" 200 3495
120.253.135.82 - - [25/Aug/2022:06:25:39 +0800] "GET /xingrg/kc/report/report_main.html HTTP/1.1" 200 8599
120.253.135.82 - - [25/Aug/2022:06:25:39 +0800] "GET /xingrg/css/blue.css HTTP/1.1" 304 -
120.253.135.82 - - [25/Aug/2022:06:25:39 +0800] "GET /xingrg/javascript/jquery-1.4.2.min.js HTTP/1.1" 304 -
120.253.135.82 - - [25/Aug/2022:06:25:39 +0800] "GET /xingrg/javascript/jquery_easy_ui/themes/icon.css HTTP/1.1" 304 -
120.253.135.82 - - [25/Aug/2022:06:25:39 +0800] "GET /xingrg/javascript/jquery_ui/themes/humanity/humanity.css HTTP/1.1" 200 27801
120.253.135.82 - - [25/Aug/2022:06:25:39 +0800] "GET /xingrg/javascript/json2.js HTTP/1.1" 304 -
120.253.135.82 - - [25/Aug/2022:06:25:39 +0800] "GET /xingrg/javascript/pic_change.js HTTP/1.1" 304 -
120.253.135.82 - - [25/Aug/2022:06:25:39 +0800] "GET /xingrg/javascript/jquery_easy_ui/themes/default/easyui.css HTTP/1.1" 304 -
120.253.135.82 - - [25/Aug/2022:06:25:39 +0800] "GET /xingrg/javascript/myfunction.js HTTP/1.1" 304 -
120.253.135.82 - - [25/Aug/2022:06:25:39 +0800] "GET /xingrg/javascript/jquery_easy_ui/themes/icons/settle_new.png HTTP/1.1" 200 826
120.253.135.82 - - [25/Aug/2022:06:25:39 +0800] "GET /xingrg/javascript/jquery_easy_ui/themes/icons/back_new.png HTTP/1.1" 304 -
120.253.135.82 - - [25/Aug/2022:06:25:39 +0800] "GET /favicon.ico HTTP/1.1" 404 -
120.253.135.82 - - [25/Aug/2022:06:25:42 +0800] "GET /xingrg/kc/report/report_main.html HTTP/1.1" 200 8599
120.253.135.82 - - [25/Aug/2022:06:25:43 +0800] "GET /xingrg/kc/base/kc_stocks.html HTTP/1.1" 200 16437
120.253.135.82 - - [25/Aug/2022:06:25:43 +0800] "GET /xingrg/javascript/easyui/themes/sunny/easyui.css HTTP/1.1" 200 34304
120.253.135.82 - - [25/Aug/2022:06:25:43 +0800] "GET /xingrg/javascript/easyui/themes/icons/print_new.png HTTP/1.1" 200 3580
120.253.135.82 - - [25/Aug/2022:06:25:43 +0800] "GET /xingrg/javascript/easyui/themes/icons/refresh_new.png HTTP/1.1" 200 685
120.253.135.82 - - [25/Aug/2022:06:25:43 +0800] "GET /xingrg/javascript/easyui/themes/icons/filter_new.png HTTP/1.1" 200 795
120.253.135.82 - - [25/Aug/2022:06:25:43 +0800] "GET /xingrg/javascript/easyui/themes/default/tree.css HTTP/1.1" 404 1090
120.253.135.82 - - [25/Aug/2022:06:25:43 +0800] "POST /xingrg/all/common/load_tree.html?tree=materiel_sort_tree_json HTTP/1.1" 200 9500
120.253.135.82 - - [25/Aug/2022:06:25:44 +0800] "GET /xingrg/javascript/easyui/themes/sunny/images/tree_arrows.gif HTTP/1.1" 200 617
120.253.135.82 - - [25/Aug/2022:06:25:44 +0800] "GET /xingrg/javascript/easyui/themes/sunny/images/tree_folder.gif HTTP/1.1" 200 952
120.253.135.82 - - [25/Aug/2022:06:25:44 +0800] "GET /xingrg/javascript/easyui/themes/sunny/images/tree_folder_open.gif HTTP/1.1" 200 956
120.253.135.82 - - [25/Aug/2022:06:25:44 +0800] "GET /xingrg/javascript/easyui/themes/sunny/images/tree_file.gif HTTP/1.1" 200 118
120.253.135.82 - - [25/Aug/2022:06:25:45 +0800] "POST /xingrg/all/common/load_combo.html?type=base HTTP/1.1" 200 1260
101.80.228.36 - - [25/Aug/2022:06:25:49 +0800] "GET /xingrg/all/function/internal_message.html?_=1661379947437&CODE_STATE=getMsg HTTP/1.1" 200 27
120.253.135.82 - - [25/Aug/2022:06:25:53 +0800] "POST /xingrg/kc/base/stock_operate.html HTTP/1.1" 200 2006
120.253.135.82 - - [25/Aug/2022:06:25:53 +0800] "GET /xingrg/javascript/jquery_tools/fix_table.js HTTP/1.1" 200 6528
116.224.255.128 - - [25/Aug/2022:06:25:53 +0800] "GET /xingrg/all/function/internal_message.html?_=1661379877221&CODE_STATE=getMsg HTTP/1.1" 200 27
218.81.223.53 - - [25/Aug/2022:06:25:56 +0800] "POST /xingrg/services/DataTransmitService HTTP/1.1" 200 524
218.81.223.53 - - [25/Aug/2022:06:25:57 +0800] "POST /xingrg/services/DataTransmitService HTTP/1.1" 200 412
116.232.194.65 - - [25/Aug/2022:06:25:57 +0800] "GET /xingrg/all/function/internal_message.html?_=1661379925015&CODE_STATE=getMsg HTTP/1.1" 200 27
218.81.223.53 - - [25/Aug/2022:06:26:13 +0800] "GET /xingrg/all/function/internal_message.html?_=1661379984897&CODE_STATE=getMsg HTTP/1.1" 200 27
120.253.135.82 - - [25/Aug/2022:06:26:19 +0800] "GET /xingrg/all/function/internal_message.html?_=1661379780621&CODE_STATE=getMsg HTTP/1.1" 200 27
116.224.123.211 - - [25/Aug/2022:06:26:24 +0800] "GET /xingrg/all/function/internal_message.html?_=1661379999531&CODE_STATE=getMsg HTTP/1.1" 200 27
116.224.255.128 - - [25/Aug/2022:06:26:30 +0800] "GET /xingrg/all/function/internal_message.html?_=1661379914003&CODE_STATE=getMsg HTTP/1.1" 200 27
120.253.135.82 - - [25/Aug/2022:06:26:31 +0800] "GET /xingrg/kc/pszx/mdps_order_list.html?orderType=0 HTTP/1.1" 200 21045
120.253.135.82 - - [25/Aug/2022:06:26:31 +0800] "POST /xingrg/kc/pszx/mdps_list_operate.html HTTP/1.1" 200 5259
120.253.135.82 - - [25/Aug/2022:06:26:36 +0800] "POST /xingrg/kc/pszx/mdps_list_operate.html HTTP/1.1" 200 3495
120.253.135.82 - - [25/Aug/2022:06:26:38 +0800] "POST /xingrg/kc/pszx/mdps_list_operate.html HTTP/1.1" 200 649
120.253.135.82 - - [25/Aug/2022:06:26:39 +0800] "GET /xingrg/kc/pszx/mdps_order_info.html?code=312022082500574 HTTP/1.1" 200 24016
120.253.135.82 - - [25/Aug/2022:06:26:39 +0800] "POST /xingrg/kc/pszx/mdps_order_operate.html HTTP/1.1" 200 11551
120.253.135.82 - - [25/Aug/2022:06:26:39 +0800] "GET /xingrg/javascript/easyui/themes/default/validatebox.css HTTP/1.1" 404 1104
116.224.255.128 - - [25/Aug/2022:06:26:40 +0800] "GET /xingrg/check_reg.html?_=1661379924236 HTTP/1.1" 200 22
101.80.228.36 - - [25/Aug/2022:06:26:49 +0800] "GET /xingrg/all/function/internal_message.html?_=1661380007407&CODE_STATE=getMsg HTTP/1.1" 200 27
116.224.255.128 - - [25/Aug/2022:06:26:53 +0800] "GET /xingrg/all/function/internal_message.html?_=1661379937231&CODE_STATE=getMsg HTTP/1.1" 200 27
116.232.194.65 - - [25/Aug/2022:06:26:57 +0800] "GET /xingrg/all/function/internal_message.html?_=1661379985019&CODE_STATE=getMsg HTTP/1.1" 200 27
116.232.194.65 - - [25/Aug/2022:06:26:57 +0800] "GET /xingrg/check_reg.html?_=1661379985020 HTTP/1.1" 200 22
218.81.223.53 - - [25/Aug/2022:06:27:13 +0800] "GET /xingrg/all/function/internal_message.html?_=1661380045026&CODE_STATE=getMsg HTTP/1.1" 200 27
120.253.135.82 - - [25/Aug/2022:06:27:19 +0800] "GET /xingrg/all/function/internal_message.html?_=1661379840635&CODE_STATE=getMsg HTTP/1.1" 200 27
120.253.135.82 - - [25/Aug/2022:06:27:23 +0800] "POST /xingrg/kc/pszx/mdps_order_operate.html HTTP/1.1" 200 37
116.224.123.211 - - [25/Aug/2022:06:27:24 +0800] "GET /xingrg/check_reg.html?_=1661380059528 HTTP/1.1" 200 22
116.224.123.211 - - [25/Aug/2022:06:27:24 +0800] "GET /xingrg/all/function/internal_message.html?_=1661380059532&CODE_STATE=getMsg HTTP/1.1" 200 27
120.253.135.82 - - [25/Aug/2022:06:27:24 +0800] "GET /xingrg/kc/pszx/mdps_order_info.html?code=312022082500574 HTTP/1.1" 200 24016
120.253.135.82 - - [25/Aug/2022:06:27:25 +0800] "GET /xingrg/javascript/easyui/themes/default/validatebox.css HTTP/1.1" 404 1104
120.253.135.82 - - [25/Aug/2022:06:27:25 +0800] "POST /xingrg/kc/pszx/mdps_order_operate.html HTTP/1.1" 200 11551
120.253.135.82 - - [25/Aug/2022:06:27:29 +0800] "POST /xingrg/kc/pszx/mdps_list_operate.html HTTP/1.1" 200 205
116.224.255.128 - - [25/Aug/2022:06:27:30 +0800] "GET /xingrg/all/function/internal_message.html?_=1661379974029&CODE_STATE=getMsg HTTP/1.1" 200 27
120.253.135.82 - - [25/Aug/2022:06:27:30 +0800] "GET /xingrg/kc/pszx/mdps_order_info.html?code=312022082500575 HTTP/1.1" 200 24016
120.253.135.82 - - [25/Aug/2022:06:27:31 +0800] "POST /xingrg/kc/pszx/mdps_order_operate.html HTTP/1.1" 200 2280
120.253.135.82 - - [25/Aug/2022:06:27:31 +0800] "GET /xingrg/javascript/easyui/themes/default/validatebox.css HTTP/1.1" 404 1104
120.253.135.82 - - [25/Aug/2022:06:27:33 +0800] "POST /xingrg/kc/pszx/mdps_order_operate.html HTTP/1.1" 200 37
120.253.135.82 - - [25/Aug/2022:06:27:34 +0800] "GET /xingrg/kc/pszx/mdps_order_info.html?code=312022082500575 HTTP/1.1" 200 24016
120.253.135.82 - - [25/Aug/2022:06:27:35 +0800] "POST /xingrg/kc/pszx/mdps_order_operate.html HTTP/1.1" 200 2288
120.253.135.82 - - [25/Aug/2022:06:27:35 +0800] "GET /xingrg/javascript/easyui/themes/default/validatebox.css HTTP/1.1" 404 1104
120.253.135.82 - - [25/Aug/2022:06:27:36 +0800] "POST /xingrg/kc/pszx/mdps_list_operate.html HTTP/1.1" 200 3495
120.253.135.82 - - [25/Aug/2022:06:27:38 +0800] "POST /xingrg/kc/pszx/mdps_list_operate.html HTTP/1.1" 200 233
120.253.135.82 - - [25/Aug/2022:06:27:39 +0800] "GET /xingrg/kc/pszx/mdps_order_info.html?code=312022082500576 HTTP/1.1" 200 24016
120.253.135.82 - - [25/Aug/2022:06:27:39 +0800] "POST /xingrg/kc/pszx/mdps_order_operate.html HTTP/1.1" 200 2323
120.253.135.82 - - [25/Aug/2022:06:27:39 +0800] "GET /xingrg/javascript/easyui/themes/default/validatebox.css HTTP/1.1" 404 1104
120.253.135.82 - - [25/Aug/2022:06:27:42 +0800] "POST /xingrg/kc/pszx/mdps_order_operate.html HTTP/1.1" 200 37
120.253.135.82 - - [25/Aug/2022:06:27:43 +0800] "GET /xingrg/kc/pszx/mdps_order_info.html?code=312022082500576 HTTP/1.1" 200 24016
120.253.135.82 - - [25/Aug/2022:06:27:44 +0800] "POST /xingrg/kc/pszx/mdps_order_operate.html HTTP/1.1" 200 2331
120.253.135.82 - - [25/Aug/2022:06:27:44 +0800] "GET /xingrg/javascript/easyui/themes/default/validatebox.css HTTP/1.1" 404 1104
120.253.135.82 - - [25/Aug/2022:06:27:45 +0800] "POST /xingrg/kc/pszx/mdps_list_operate.html HTTP/1.1" 200 3495
120.253.135.82 - - [25/Aug/2022:06:27:47 +0800] "POST /xingrg/kc/pszx/mdps_list_operate.html HTTP/1.1" 200 202
120.253.135.82 - - [25/Aug/2022:06:27:48 +0800] "POST /xingrg/kc/pszx/mdps_list_operate.html HTTP/1.1" 200 212
101.80.228.36 - - [25/Aug/2022:06:27:49 +0800] "GET /xingrg/all/function/internal_message.html?_=1661380067377&CODE_STATE=getMsg HTTP/1.1" 200 27
120.253.135.82 - - [25/Aug/2022:06:27:52 +0800] "GET /xingrg/kc/pszx/mdqp_order_list.html?state=10 HTTP/1.1" 200 10217
120.253.135.82 - - [25/Aug/2022:06:27:52 +0800] "POST /xingrg/kc/pszx/mdps_list_operate.html HTTP/1.1" 200 3495
120.253.135.82 - - [25/Aug/2022:06:27:52 +0800] "GET /xingrg/dwr/interface/AjaxQqpsService.js HTTP/1.1" 200 16326
120.253.135.82 - - [25/Aug/2022:06:27:52 +0800] "GET /xingrg/dwr/interface/AjaxReportQueryService.js HTTP/1.1" 200 13203
120.253.135.82 - - [25/Aug/2022:06:27:52 +0800] "GET /xingrg/dwr/engine.js HTTP/1.1" 200 43631
116.224.255.128 - - [25/Aug/2022:06:27:53 +0800] "GET /xingrg/all/function/internal_message.html?_=1661379997245&CODE_STATE=getMsg HTTP/1.1" 200 27
116.232.194.65 - - [25/Aug/2022:06:27:57 +0800] "GET /xingrg/all/function/internal_message.html?_=1661380045012&CODE_STATE=getMsg HTTP/1.1" 200 27
180.169.147.146 - - [25/Aug/2022:06:28:06 +0800] "GET /xingrg/check_reg.html?_=1661380086441 HTTP/1.1" 200 22
218.81.223.53 - - [25/Aug/2022:06:28:13 +0800] "GET /xingrg/all/function/internal_message.html?_=1661380105033&CODE_STATE=getMsg HTTP/1.1" 200 27
120.253.135.82 - - [25/Aug/2022:06:28:19 +0800] "GET /xingrg/all/function/internal_message.html?_=1661379900751&CODE_STATE=getMsg HTTP/1.1" 200 27
116.224.123.211 - - [25/Aug/2022:06:28:24 +0800] "GET /xingrg/all/function/internal_message.html?_=1661380119527&CODE_STATE=getMsg HTTP/1.1" 200 27
116.224.255.128 - - [25/Aug/2022:06:28:30 +0800] "GET /xingrg/all/function/internal_message.html?_=1661380034046&CODE_STATE=getMsg HTTP/1.1" 200 27
101.80.228.36 - - [25/Aug/2022:06:28:49 +0800] "GET /xingrg/all/function/internal_message.html?_=1661380127364&CODE_STATE=getMsg HTTP/1.1" 200 27
116.224.255.128 - - [25/Aug/2022:06:28:53 +0800] "GET /xingrg/all/function/internal_message.html?_=1661380057277&CODE_STATE=getMsg HTTP/1.1" 200 27
116.232.194.65 - - [25/Aug/2022:06:28:57 +0800] "GET /xingrg/all/function/internal_message.html?_=1661380105030&CODE_STATE=getMsg HTTP/1.1" 200 27
218.81.223.53 - - [25/Aug/2022:06:29:14 +0800] "GET /xingrg/all/function/internal_message.html?_=1661380165174&CODE_STATE=getMsg HTTP/1.1" 200 27
120.253.135.82 - - [25/Aug/2022:06:29:16 +0800] "GET /xingrg/check_reg.html?_=1661379957486 HTTP/1.1" 200 22
120.253.135.82 - - [25/Aug/2022:06:29:19 +0800] "GET /xingrg/all/function/internal_message.html?_=1661379960756&CODE_STATE=getMsg HTTP/1.1" 200 27
116.224.123.211 - - [25/Aug/2022:06:29:24 +0800] "GET /xingrg/all/function/internal_message.html?_=1661380179524&CODE_STATE=getMsg HTTP/1.1" 200 27
116.224.255.128 - - [25/Aug/2022:06:29:30 +0800] "GET /xingrg/all/function/internal_message.html?_=1661380094071&CODE_STATE=getMsg HTTP/1.1" 200 27
218.81.223.53 - - [25/Aug/2022:06:29:30 +0800] "GET /xingrg/check_reg.html?_=1661380181630 HTTP/1.1" 200 22
101.80.228.36 - - [25/Aug/2022:06:29:49 +0800] "GET /xingrg/all/function/internal_message.html?_=1661380187349&CODE_STATE=getMsg HTTP/1.1" 200 27
116.224.255.128 - - [25/Aug/2022:06:29:53 +0800] "GET /xingrg/all/function/internal_message.html?_=1661380117287&CODE_STATE=getMsg HTTP/1.1" 200 27
116.232.194.65 - - [25/Aug/2022:06:29:57 +0800] "GET /xingrg/all/function/internal_message.html?_=1661380165018&CODE_STATE=getMsg HTTP/1.1" 200 27
120.253.135.82 - - [25/Aug/2022:06:30:00 +0800] "GET /xingrg/kc/report/report_main.html HTTP/1.1" 200 8599
120.253.135.82 - - [25/Aug/2022:06:30:02 +0800] "GET /xingrg/kc/base/kc_stocks.html HTTP/1.1" 200 16437
120.253.135.82 - - [25/Aug/2022:06:30:02 +0800] "GET /xingrg/javascript/easyui/themes/default/tree.css HTTP/1.1" 404 1090
120.253.135.82 - - [25/Aug/2022:06:30:02 +0800] "POST /xingrg/all/common/load_tree.html?tree=materiel_sort_tree_json HTTP/1.1" 200 9500
101.80.228.36 - - [25/Aug/2022:06:30:06 +0800] "GET /xingrg/check_reg.html?_=1661380204507 HTTP/1.1" 200 22
120.253.135.82 - - [25/Aug/2022:06:30:08 +0800] "POST /xingrg/all/common/load_combo.html?type=base HTTP/1.1" 200 1260
116.224.255.128 - - [25/Aug/2022:06:30:13 +0800] "GET /xingrg/check_reg.html?_=1661380137318 HTTP/1.1" 200 22
218.81.223.53 - - [25/Aug/2022:06:30:14 +0800] "GET /xingrg/all/function/internal_message.html?_=1661380225186&CODE_STATE=getMsg HTTP/1.1" 200 27
120.253.135.82 - - [25/Aug/2022:06:30:14 +0800] "POST /xingrg/kc/base/stock_operate.html HTTP/1.1" 200 1719
120.253.135.82 - - [25/Aug/2022:06:30:19 +0800] "GET /xingrg/all/function/internal_message.html?_=1661380020769&CODE_STATE=getMsg HTTP/1.1" 200 27
116.224.123.211 - - [25/Aug/2022:06:30:24 +0800] "GET /xingrg/all/function/internal_message.html?_=1661380239523&CODE_STATE=getMsg HTTP/1.1" 200 27
116.224.255.128 - - [25/Aug/2022:06:30:30 +0800] "GET /xingrg/all/function/internal_message.html?_=1661380154088&CODE_STATE=getMsg HTTP/1.1" 200 27
101.80.228.36 - - [25/Aug/2022:06:30:49 +0800] "GET /xingrg/all/function/internal_message.html?_=1661380247321&CODE_STATE=getMsg HTTP/1.1" 200 27
116.224.255.128 - - [25/Aug/2022:06:30:53 +0800] "GET /xingrg/all/function/internal_message.html?_=1661380177320&CODE_STATE=getMsg HTTP/1.1" 200 27
116.232.194.65 - - [25/Aug/2022:06:30:57 +0800] "GET /xingrg/all/function/internal_message.html?_=1661380225022&CODE_STATE=getMsg HTTP/1.1" 200 27
120.253.135.82 - - [25/Aug/2022:06:31:06 +0800] "POST /xingrg/kc/base/stock_operate.html HTTP/1.1" 200 1722
218.81.223.53 - - [25/Aug/2022:06:31:14 +0800] "GET /xingrg/all/function/internal_message.html?_=1661380285199&CODE_STATE=getMsg HTTP/1.1" 200 27
120.253.135.82 - - [25/Aug/2022:06:31:19 +0800] "GET /xingrg/all/function/internal_message.html?_=1661380080783&CODE_STATE=getMsg HTTP/1.1" 200 27
116.224.123.211 - - [25/Aug/2022:06:31:24 +0800] "GET /xingrg/all/function/internal_message.html?_=1661380299522&CODE_STATE=getMsg HTTP/1.1" 200 27
116.224.255.128 - - [25/Aug/2022:06:31:30 +0800] "GET /xingrg/all/function/internal_message.html?_=1661380214102&CODE_STATE=getMsg HTTP/1.1" 200 27
116.224.255.128 - - [25/Aug/2022:06:31:40 +0800] "GET /xingrg/check_reg.html?_=1661380224245 HTTP/1.1" 200 22
101.80.228.36 - - [25/Aug/2022:06:31:49 +0800] "GET /xingrg/all/function/internal_message.html?_=1661380307290&CODE_STATE=getMsg HTTP/1.1" 200 27
116.224.255.128 - - [25/Aug/2022:06:31:53 +0800] "GET /xingrg/all/function/internal_message.html?_=1661380237330&CODE_STATE=getMsg HTTP/1.1" 200 27
120.253.135.82 - - [25/Aug/2022:06:31:54 +0800] "POST /xingrg/kc/base/stock_operate.html HTTP/1.1" 200 1464
116.232.194.65 - - [25/Aug/2022:06:31:57 +0800] "GET /xingrg/check_reg.html?_=1661380285010 HTTP/1.1" 200 22
116.232.194.65 - - [25/Aug/2022:06:31:57 +0800] "GET /xingrg/all/function/internal_message.html?_=1661380285012&CODE_STATE=getMsg HTTP/1.1" 200 27
218.81.223.53 - - [25/Aug/2022:06:32:14 +0800] "GET /xingrg/all/function/internal_message.html?_=1661380345334&CODE_STATE=getMsg HTTP/1.1" 200 27
120.253.135.82 - - [25/Aug/2022:06:32:19 +0800] "GET /xingrg/all/function/internal_message.html?_=1661380140796&CODE_STATE=getMsg HTTP/1.1" 200 27
116.224.123.211 - - [25/Aug/2022:06:32:24 +0800] "GET /xingrg/all/function/internal_message.html?_=1661380359535&CODE_STATE=getMsg HTTP/1.1" 200 27
116.224.123.211 - - [25/Aug/2022:06:32:24 +0800] "GET /xingrg/check_reg.html?_=1661380359539 HTTP/1.1" 200 22
116.224.255.128 - - [25/Aug/2022:06:32:30 +0800] "GET /xingrg/all/function/internal_message.html?_=1661380274129&CODE_STATE=getMsg HTTP/1.1" 200 27
120.253.135.82 - - [25/Aug/2022:06:32:36 +0800] "POST /xingrg/kc/base/stock_operate.html HTTP/1.1" 200 1466
101.80.228.36 - - [25/Aug/2022:06:32:49 +0800] "GET /xingrg/all/function/internal_message.html?_=1661380367277&CODE_STATE=getMsg HTTP/1.1" 200 27
116.224.255.128 - - [25/Aug/2022:06:32:53 +0800] "GET /xingrg/all/function/internal_message.html?_=1661380297344&CODE_STATE=getMsg HTTP/1.1" 200 27
116.232.194.65 - - [25/Aug/2022:06:32:57 +0800] "GET /xingrg/all/function/internal_message.html?_=1661380345016&CODE_STATE=getMsg HTTP/1.1" 200 27
180.169.147.146 - - [25/Aug/2022:06:33:06 +0800] "GET /xingrg/check_reg.html?_=1661380386449 HTTP/1.1" 200 22
218.81.223.53 - - [25/Aug/2022:06:33:14 +0800] "GET /xingrg/all/function/internal_message.html?_=1661380405336&CODE_STATE=getMsg HTTP/1.1" 200 27
120.253.135.82 - - [25/Aug/2022:06:33:19 +0800] "GET /xingrg/all/function/internal_message.html?_=1661380200810&CODE_STATE=getMsg HTTP/1.1" 200 27
114.84.5.35 - - [25/Aug/2022:06:33:20 +0800] "POST /xingrg/services/DataTransmitService HTTP/1.1" 200 524
116.224.123.211 - - [25/Aug/2022:06:33:24 +0800] "GET /xingrg/all/function/internal_message.html?_=1661380419532&CODE_STATE=getMsg HTTP/1.1" 200 27
116.224.255.128 - - [25/Aug/2022:06:33:30 +0800] "GET /xingrg/all/function/internal_message.html?_=1661380334145&CODE_STATE=getMsg HTTP/1.1" 200 27
101.80.228.36 - - [25/Aug/2022:06:33:49 +0800] "GET /xingrg/all/function/internal_message.html?_=1661380427262&CODE_STATE=getMsg HTTP/1.1" 200 27
116.224.255.128 - - [25/Aug/2022:06:33:53 +0800] "GET /xingrg/all/function/internal_message.html?_=1661380357376&CODE_STATE=getMsg HTTP/1.1" 200 27
116.232.194.65 - - [25/Aug/2022:06:33:57 +0800] "GET /xingrg/all/function/internal_message.html?_=1661380405022&CODE_STATE=getMsg HTTP/1.1" 200 27
218.81.223.53 - - [25/Aug/2022:06:34:14 +0800] "GET /xingrg/all/function/internal_message.html?_=1661380465458&CODE_STATE=getMsg HTTP/1.1" 200 27
120.253.135.82 - - [25/Aug/2022:06:34:16 +0800] "GET /xingrg/check_reg.html?_=1661380257487 HTTP/1.1" 200 22
120.253.135.82 - - [25/Aug/2022:06:34:19 +0800] "GET /xingrg/all/function/internal_message.html?_=1661380260823&CODE_STATE=getMsg HTTP/1.1" 200 27
116.224.123.211 - - [25/Aug/2022:06:34:24 +0800] "GET /xingrg/all/function/internal_message.html?_=1661380479531&CODE_STATE=getMsg HTTP/1.1" 200 27
116.224.255.128 - - [25/Aug/2022:06:34:30 +0800] "GET /xingrg/all/function/internal_message.html?_=1661380394171&CODE_STATE=getMsg HTTP/1.1" 200 27
218.81.223.53 - - [25/Aug/2022:06:34:30 +0800] "GET /xingrg/check_reg.html?_=1661380481638 HTTP/1.1" 200 22
101.80.228.36 - - [25/Aug/2022:06:34:49 +0800] "GET /xingrg/all/function/internal_message.html?_=1661380487232&CODE_STATE=getMsg HTTP/1.1" 200 27
116.224.255.128 - - [25/Aug/2022:06:34:53 +0800] "GET /xingrg/all/function/internal_message.html?_=1661380417387&CODE_STATE=getMsg HTTP/1.1" 200 27
116.232.194.65 - - [25/Aug/2022:06:34:57 +0800] "GET /xingrg/all/function/internal_message.html?_=1661380465014&CODE_STATE=getMsg HTTP/1.1" 200 27
101.80.228.36 - - [25/Aug/2022:06:35:06 +0800] "GET /xingrg/check_reg.html?_=1661380504484 HTTP/1.1" 200 22
116.224.255.128 - - [25/Aug/2022:06:35:13 +0800] "GET /xingrg/check_reg.html?_=1661380437323 HTTP/1.1" 200 22
218.81.223.53 - - [25/Aug/2022:06:35:14 +0800] "GET /xingrg/all/function/internal_message.html?_=1661380525472&CODE_STATE=getMsg HTTP/1.1" 200 27
120.253.135.82 - - [25/Aug/2022:06:35:19 +0800] "GET /xingrg/all/function/internal_message.html?_=1661380320837&CODE_STATE=getMsg HTTP/1.1" 200 27
116.224.123.211 - - [25/Aug/2022:06:35:24 +0800] "GET /xingrg/all/function/internal_message.html?_=1661380539529&CODE_STATE=getMsg HTTP/1.1" 200 27
116.224.255.128 - - [25/Aug/2022:06:35:30 +0800] "GET /xingrg/all/function/internal_message.html?_=1661380454187&CODE_STATE=getMsg HTTP/1.1" 200 27
101.80.228.36 - - [25/Aug/2022:06:35:49 +0800] "GET /xingrg/all/function/internal_message.html?_=1661380547205&CODE_STATE=getMsg HTTP/1.1" 200 27
116.224.255.128 - - [25/Aug/2022:06:35:53 +0800] "GET /xingrg/all/function/internal_message.html?_=1661380477419&CODE_STATE=getMsg HTTP/1.1" 200 27
116.232.194.65 - - [25/Aug/2022:06:35:57 +0800] "GET /xingrg/all/function/internal_message.html?_=1661380525012&CODE_STATE=getMsg HTTP/1.1" 200 27
120.253.135.82 - - [25/Aug/2022:06:36:12 +0800] "POST /xingrg/kc/base/stock_operate.html HTTP/1.1" 200 1455
218.81.223.53 - - [25/Aug/2022:06:36:14 +0800] "GET /xingrg/all/function/internal_message.html?_=1661380585484&CODE_STATE=getMsg HTTP/1.1" 200 27
120.253.135.82 - - [25/Aug/2022:06:36:19 +0800] "GET /xingrg/all/function/internal_message.html?_=1661380380851&CODE_STATE=getMsg HTTP/1.1" 200 27
116.224.123.211 - - [25/Aug/2022:06:36:24 +0800] "GET /xingrg/all/function/internal_message.html?_=1661380599527&CODE_STATE=getMsg HTTP/1.1" 200 27
116.224.255.128 - - [25/Aug/2022:06:36:30 +0800] "GET /xingrg/all/function/internal_message.html?_=1661380514201&CODE_STATE=getMsg HTTP/1.1" 200 27
116.224.255.128 - - [25/Aug/2022:06:36:40 +0800] "GET /xingrg/check_reg.html?_=1661380524256 HTTP/1.1" 200 22
101.80.228.36 - - [25/Aug/2022:06:36:49 +0800] "GET /xingrg/all/function/internal_message.html?_=1661380607191&CODE_STATE=getMsg HTTP/1.1" 200 27
116.224.255.128 - - [25/Aug/2022:06:36:53 +0800] "GET /xingrg/all/function/internal_message.html?_=1661380537429&CODE_STATE=getMsg HTTP/1.1" 200 27
116.232.194.65 - - [25/Aug/2022:06:36:57 +0800] "GET /xingrg/check_reg.html?_=1661380585003 HTTP/1.1" 200 22
116.232.194.65 - - [25/Aug/2022:06:36:57 +0800] "GET /xingrg/all/function/internal_message.html?_=1661380585008&CODE_STATE=getMsg HTTP/1.1" 200 27
120.253.135.82 - - [25/Aug/2022:06:37:07 +0800] "POST /xingrg/kc/base/stock_operate.html HTTP/1.1" 200 1470
218.81.223.53 - - [25/Aug/2022:06:37:14 +0800] "GET /xingrg/all/function/internal_message.html?_=1661380645630&CODE_STATE=getMsg HTTP/1.1" 200 27
120.253.135.82 - - [25/Aug/2022:06:37:19 +0800] "GET /xingrg/all/function/internal_message.html?_=1661380440864&CODE_STATE=getMsg HTTP/1.1" 200 27
116.224.123.211 - - [25/Aug/2022:06:37:24 +0800] "GET /xingrg/all/function/internal_message.html?_=1661380659524&CODE_STATE=getMsg HTTP/1.1" 200 27
116.224.123.211 - - [25/Aug/2022:06:37:24 +0800] "GET /xingrg/check_reg.html?_=1661380659528 HTTP/1.1" 200 22
116.224.255.128 - - [25/Aug/2022:06:37:30 +0800] "GET /xingrg/all/function/internal_message.html?_=1661380574228&CODE_STATE=getMsg HTTP/1.1" 200 27
120.253.135.82 - - [25/Aug/2022:06:37:37 +0800] "POST /xingrg/kc/base/stock_operate.html HTTP/1.1" 200 1461
101.80.228.36 - - [25/Aug/2022:06:37:49 +0800] "GET /xingrg/all/function/internal_message.html?_=1661380667176&CODE_STATE=getMsg HTTP/1.1" 200 27
116.224.255.128 - - [25/Aug/2022:06:37:53 +0800] "GET /xingrg/all/function/internal_message.html?_=1661380597443&CODE_STATE=getMsg HTTP/1.1" 200 27
116.232.194.65 - - [25/Aug/2022:06:37:57 +0800] "GET /xingrg/all/function/internal_message.html?_=1661380645026&CODE_STATE=getMsg HTTP/1.1" 200 27
180.169.147.146 - - [25/Aug/2022:06:38:06 +0800] "GET /xingrg/check_reg.html?_=1661380686423 HTTP/1.1" 200 22
218.81.223.53 - - [25/Aug/2022:06:38:14 +0800] "GET /xingrg/all/function/internal_message.html?_=1661380705636&CODE_STATE=getMsg HTTP/1.1" 200 27
120.253.135.82 - - [25/Aug/2022:06:38:19 +0800] "GET /xingrg/all/function/internal_message.html?_=1661380500878&CODE_STATE=getMsg HTTP/1.1" 200 27
116.224.123.211 - - [25/Aug/2022:06:38:24 +0800] "GET /xingrg/all/function/internal_message.html?_=1661380719522&CODE_STATE=getMsg HTTP/1.1" 200 27
116.224.255.128 - - [25/Aug/2022:06:38:30 +0800] "GET /xingrg/all/function/internal_message.html?_=1661380634243&CODE_STATE=getMsg HTTP/1.1" 200 27
101.80.228.36 - - [25/Aug/2022:06:38:49 +0800] "GET /xingrg/all/function/internal_message.html?_=1661380727162&CODE_STATE=getMsg HTTP/1.1" 200 27
116.224.255.128 - - [25/Aug/2022:06:38:53 +0800] "GET /xingrg/all/function/internal_message.html?_=1661380657475&CODE_STATE=getMsg HTTP/1.1" 200 27
116.232.194.65 - - [25/Aug/2022:06:38:57 +0800] "GET /xingrg/all/function/internal_message.html?_=1661380705017&CODE_STATE=getMsg HTTP/1.1" 200 27
218.81.223.53 - - [25/Aug/2022:06:39:14 +0800] "GET /xingrg/all/function/internal_message.html?_=1661380765764&CODE_STATE=getMsg HTTP/1.1" 200 27
120.253.135.82 - - [25/Aug/2022:06:39:16 +0800] "GET /xingrg/check_reg.html?_=1661380557490 HTTP/1.1" 200 22
120.253.135.82 - - [25/Aug/2022:06:39:19 +0800] "GET /xingrg/all/function/internal_message.html?_=1661380560891&CODE_STATE=getMsg HTTP/1.1" 200 27
116.224.123.211 - - [25/Aug/2022:06:39:24 +0800] "GET /xingrg/all/function/internal_message.html?_=1661380779531&CODE_STATE=getMsg HTTP/1.1" 200 27
116.224.255.128 - - [25/Aug/2022:06:39:30 +0800] "GET /xingrg/all/function/internal_message.html?_=1661380694269&CODE_STATE=getMsg HTTP/1.1" 200 27
218.81.223.53 - - [25/Aug/2022:06:39:30 +0800] "GET /xingrg/check_reg.html?_=1661380781770 HTTP/1.1" 200 22
101.80.228.36 - - [25/Aug/2022:06:39:49 +0800] "GET /xingrg/all/function/internal_message.html?_=1661380787132&CODE_STATE=getMsg HTTP/1.1" 200 27
116.224.255.128 - - [25/Aug/2022:06:39:53 +0800] "GET /xingrg/all/function/internal_message.html?_=1661380717486&CODE_STATE=getMsg HTTP/1.1" 200 27
116.232.194.65 - - [25/Aug/2022:06:39:57 +0800] "GET /xingrg/all/function/internal_message.html?_=1661380765010&CODE_STATE=getMsg HTTP/1.1" 200 27
101.80.228.36 - - [25/Aug/2022:06:40:06 +0800] "GET /xingrg/check_reg.html?_=1661380804462 HTTP/1.1" 200 22
116.224.255.128 - - [25/Aug/2022:06:40:13 +0800] "GET /xingrg/check_reg.html?_=1661380737329 HTTP/1.1" 200 22
218.81.223.53 - - [25/Aug/2022:06:40:14 +0800] "GET /xingrg/all/function/internal_message.html?_=1661380825773&CODE_STATE=getMsg HTTP/1.1" 200 27
120.253.135.82 - - [25/Aug/2022:06:40:19 +0800] "GET /xingrg/all/function/internal_message.html?_=1661380620905&CODE_STATE=getMsg HTTP/1.1" 200 27
116.224.123.211 - - [25/Aug/2022:06:40:24 +0800] "GET /xingrg/all/function/internal_message.html?_=1661380839530&CODE_STATE=getMsg HTTP/1.1" 200 27
116.224.255.128 - - [25/Aug/2022:06:40:30 +0800] "GET /xingrg/all/function/internal_message.html?_=1661380754287&CODE_STATE=getMsg HTTP/1.1" 200 27
120.253.135.82 - - [25/Aug/2022:06:40:32 +0800] "POST /xingrg/kc/base/stock_operate.html HTTP/1.1" 200 1464
101.80.228.36 - - [25/Aug/2022:06:40:49 +0800] "GET /xingrg/all/function/internal_message.html?_=1661380847104&CODE_STATE=getMsg HTTP/1.1" 200 27
116.224.255.128 - - [25/Aug/2022:06:40:53 +0800] "GET /xingrg/all/function/internal_message.html?_=1661380777518&CODE_STATE=getMsg HTTP/1.1" 200 27
116.232.194.65 - - [25/Aug/2022:06:40:57 +0800] "GET /xingrg/all/function/internal_message.html?_=1661380825030&CODE_STATE=getMsg HTTP/1.1" 200 27
218.81.223.53 - - [25/Aug/2022:06:41:14 +0800] "GET /xingrg/all/function/internal_message.html?_=1661380885787&CODE_STATE=getMsg HTTP/1.1" 200 27
120.253.135.82 - - [25/Aug/2022:06:41:18 +0800] "POST /xingrg/kc/base/stock_operate.html HTTP/1.1" 200 1476
120.253.135.82 - - [25/Aug/2022:06:41:19 +0800] "GET /xingrg/all/function/internal_message.html?_=1661380680918&CODE_STATE=getMsg HTTP/1.1" 200 27
116.224.123.211 - - [25/Aug/2022:06:41:24 +0800] "GET /xingrg/all/function/internal_message.html?_=1661380899526&CODE_STATE=getMsg HTTP/1.1" 200 27
116.224.255.128 - - [25/Aug/2022:06:41:30 +0800] "GET /xingrg/all/function/internal_message.html?_=1661380814300&CODE_STATE=getMsg HTTP/1.1" 200 27
116.224.255.128 - - [25/Aug/2022:06:41:40 +0800] "GET /xingrg/check_reg.html?_=1661380824252 HTTP/1.1" 200 22
101.80.228.36 - - [25/Aug/2022:06:41:49 +0800] "GET /xingrg/all/function/internal_message.html?_=1661380907089&CODE_STATE=getMsg HTTP/1.1" 200 27
116.224.255.128 - - [25/Aug/2022:06:41:53 +0800] "GET /xingrg/all/function/internal_message.html?_=1661380837529&CODE_STATE=getMsg HTTP/1.1" 200 27
120.253.135.82 - - [25/Aug/2022:06:41:56 +0800] "POST /xingrg/kc/base/stock_operate.html HTTP/1.1" 200 1465
116.232.194.65 - - [25/Aug/2022:06:41:57 +0800] "GET /xingrg/check_reg.html?_=1661380885015 HTTP/1.1" 200 22
116.232.194.65 - - [25/Aug/2022:06:41:57 +0800] "GET /xingrg/all/function/internal_message.html?_=1661380885020&CODE_STATE=getMsg HTTP/1.1" 200 27
120.253.135.82 - - [25/Aug/2022:06:42:13 +0800] "POST /xingrg/kc/base/stock_operate.html HTTP/1.1" 200 1478
218.81.223.53 - - [25/Aug/2022:06:42:14 +0800] "GET /xingrg/all/function/internal_message.html?_=1661380945931&CODE_STATE=getMsg HTTP/1.1" 200 27
120.253.135.82 - - [25/Aug/2022:06:42:19 +0800] "GET /xingrg/all/function/internal_message.html?_=1661380740932&CODE_STATE=getMsg HTTP/1.1" 200 27
116.224.123.211 - - [25/Aug/2022:06:42:24 +0800] "GET /xingrg/all/function/internal_message.html?_=1661380959526&CODE_STATE=getMsg HTTP/1.1" 200 27
116.224.123.211 - - [25/Aug/2022:06:42:24 +0800] "GET /xingrg/check_reg.html?_=1661380959528 HTTP/1.1" 200 22
116.224.255.128 - - [25/Aug/2022:06:42:30 +0800] "GET /xingrg/all/function/internal_message.html?_=1661380874327&CODE_STATE=getMsg HTTP/1.1" 200 27
101.80.228.36 - - [25/Aug/2022:06:42:49 +0800] "GET /xingrg/all/function/internal_message.html?_=1661380967059&CODE_STATE=getMsg HTTP/1.1" 200 27
120.253.135.82 - - [25/Aug/2022:06:42:51 +0800] "POST /xingrg/kc/base/stock_operate.html HTTP/1.1" 200 1770
116.224.255.128 - - [25/Aug/2022:06:42:53 +0800] "GET /xingrg/all/function/internal_message.html?_=1661380897542&CODE_STATE=getMsg HTTP/1.1" 200 27
116.232.194.65 - - [25/Aug/2022:06:42:57 +0800] "GET /xingrg/all/function/internal_message.html?_=1661380945016&CODE_STATE=getMsg HTTP/1.1" 200 27
