124.78.154.232 - - [25/Aug/2022:09:37:35 +0800] "GET /xingrg/kc/base/base_main.html HTTP/1.1" 200 12142
124.78.154.232 - - [25/Aug/2022:09:37:39 +0800] "GET /xingrg/kc/base/yddb_order_list.html HTTP/1.1" 200 16786
124.78.154.232 - - [25/Aug/2022:09:37:39 +0800] "POST /xingrg/kc/base/yddb_list_operate.html HTTP/1.1" 200 636
124.78.154.232 - - [25/Aug/2022:09:37:42 +0800] "GET /xingrg/kc/base/yddb_order_add.html HTTP/1.1" 200 29837
124.78.154.232 - - [25/Aug/2022:09:37:42 +0800] "GET /xingrg/dwr/interface/AjaxComOrderService.js HTTP/1.1" 200 18264
124.78.154.232 - - [25/Aug/2022:09:37:42 +0800] "GET /xingrg/dwr/interface/AjaxYddbService.js HTTP/1.1" 200 13201
124.78.154.232 - - [25/Aug/2022:09:37:42 +0800] "GET /xingrg/dwr/engine.js HTTP/1.1" 200 43631
101.80.228.36 - - [25/Aug/2022:09:37:45 +0800] "GET /xingrg/all/function/internal_message.html?_=1661391463040&CODE_STATE=getMsg HTTP/1.1" 200 27
124.78.154.232 - - [25/Aug/2022:09:37:47 +0800] "POST /xingrg/dwr/call/plaincall/AjaxYddbService.getRestBases.dwr HTTP/1.1" 200 1055
114.88.158.224 - - [25/Aug/2022:09:37:47 +0800] "GET /xingrg/all/function/internal_message.html?_=1661391131408&CODE_STATE=getMsg HTTP/1.1" 200 27
120.253.135.82 - - [25/Aug/2022:09:37:52 +0800] "GET /xingrg/all/function/internal_message.html?_=1661391274447&CODE_STATE=getMsg HTTP/1.1" 200 27
124.78.154.232 - - [25/Aug/2022:09:37:57 +0800] "POST /xingrg/dwr/call/plaincall/AjaxYddbService.saveOrder.dwr HTTP/1.1" 200 78
114.88.158.224 - - [25/Aug/2022:09:37:59 +0800] "GET /xingrg/kc/buy/cgsh_order_operate.html?command=get_materiel&rest_code=00141&code=00101016038&supplier_code=00100036&order_time=2022-08-25 HTTP/1.1" 200 408
61.165.19.104 - - [25/Aug/2022:09:38:00 +0800] "GET /xingrg/all/function/internal_message.html?_=1661391479994&CODE_STATE=getMsg HTTP/1.1" 200 27
180.169.147.146 - - [25/Aug/2022:09:38:05 +0800] "GET /xingrg/check_reg.html?_=1661391485802 HTTP/1.1" 200 22
116.235.94.65 - - [25/Aug/2022:09:38:06 +0800] "GET /xingrg/all/function/internal_message.html?_=1661391675437&CODE_STATE=getMsg HTTP/1.1" 200 27
114.84.5.35 - - [25/Aug/2022:09:38:07 +0800] "GET /xingrg/check_reg.html?_=1661391482797 HTTP/1.1" 200 22
114.84.5.35 - - [25/Aug/2022:09:38:07 +0800] "GET /xingrg/all/function/internal_message.html?_=1661391482792&CODE_STATE=getMsg HTTP/1.1" 200 27
116.235.94.65 - - [25/Aug/2022:09:38:08 +0800] "GET /xingrg/kc/mdqp/pssh_order_list.html HTTP/1.1" 200 17897
116.235.94.65 - - [25/Aug/2022:09:38:08 +0800] "GET /xingrg/javascript/jquery_easy_ui/themes/default/images/tabs_close.gif HTTP/1.1" 200 829
116.235.94.65 - - [25/Aug/2022:09:38:08 +0800] "GET /xingrg/javascript/easyui/themes/icons/field_new.png HTTP/1.1" 200 1097
116.235.94.65 - - [25/Aug/2022:09:38:08 +0800] "GET /xingrg/images/control/ajaxLoader.gif HTTP/1.1" 200 4659
116.235.94.65 - - [25/Aug/2022:09:38:08 +0800] "POST /xingrg/kc/mdqp/pssh_list_operate.html HTTP/1.1" 200 5218
114.86.187.244 - - [25/Aug/2022:09:38:09 +0800] "GET /xingrg/all/function/internal_message.html?_=1661391493720&CODE_STATE=getMsg HTTP/1.1" 200 27
116.235.94.65 - - [25/Aug/2022:09:38:12 +0800] "GET /xingrg/kc/mdqp/pssh_order_list.html HTTP/1.1" 200 17897
116.235.94.65 - - [25/Aug/2022:09:38:12 +0800] "POST /xingrg/kc/mdqp/pssh_list_operate.html HTTP/1.1" 200 5218
116.224.255.128 - - [25/Aug/2022:09:38:21 +0800] "GET /xingrg/all/function/internal_message.html?_=1661391498876&CODE_STATE=getMsg HTTP/1.1" 200 27
218.81.223.53 - - [25/Aug/2022:09:38:22 +0800] "GET /xingrg/all/function/internal_message.html?_=1661391509077&CODE_STATE=getMsg HTTP/1.1" 200 27
124.78.154.232 - - [25/Aug/2022:09:38:22 +0800] "POST /xingrg/dwr/call/plaincall/AjaxComOrderService.getMaterielSearchList.dwr HTTP/1.1" 200 9142
218.81.223.53 - - [25/Aug/2022:09:38:23 +0800] "GET /xingrg/all/function/internal_message.html?_=1661391515383&CODE_STATE=getMsg HTTP/1.1" 302 -
116.224.123.211 - - [25/Aug/2022:09:38:24 +0800] "GET /xingrg/all/function/internal_message.html?_=1661391519618&CODE_STATE=getMsg HTTP/1.1" 200 27
116.232.194.65 - - [25/Aug/2022:09:38:27 +0800] "GET /xingrg/all/function/internal_message.html?_=1661391474398&CODE_STATE=getMsg HTTP/1.1" 200 27
61.165.19.104 - - [25/Aug/2022:09:38:27 +0800] "GET /xingrg/all/function/internal_message.html?_=1661391374030&CODE_STATE=getMsg HTTP/1.1" 200 27
180.169.147.146 - - [25/Aug/2022:09:38:30 +0800] "GET /xingrg/all/function/internal_message.html?_=1661391508627&CODE_STATE=getMsg HTTP/1.1" 200 27
61.165.19.104 - - [25/Aug/2022:09:38:32 +0800] "POST /xingrg/kc/buy/cgsh_order_operate.html HTTP/1.1" 200 37
116.224.255.128 - - [25/Aug/2022:09:38:34 +0800] "GET /xingrg/all/function/internal_message.html?_=1661391437642&CODE_STATE=getMsg HTTP/1.1" 200 27
61.165.19.104 - - [25/Aug/2022:09:38:34 +0800] "POST /xingrg/kc/buy/cgsh_order_operate.html HTTP/1.1" 200 7454
124.78.154.232 - - [25/Aug/2022:09:38:34 +0800] "GET /xingrg/all/function/internal_message.html?_=1661391519029&CODE_STATE=getMsg HTTP/1.1" 200 27
124.78.154.232 - - [25/Aug/2022:09:38:34 +0800] "GET /xingrg/check_reg.html?_=1661391519031 HTTP/1.1" 200 22
61.165.19.104 - - [25/Aug/2022:09:38:35 +0800] "GET /xingrg/kc/print/load_data.html?order_code=212022082508449&kc_code=cgsh&condition= HTTP/1.1" 200 2624
116.235.94.65 - - [25/Aug/2022:09:38:36 +0800] "POST /xingrg/kc/mdqp/pssh_list_operate.html HTTP/1.1" 200 1574
114.86.187.244 - - [25/Aug/2022:09:38:37 +0800] "GET /xingrg/kc/base/wldb_order_list.html HTTP/1.1" 200 19186
114.86.187.244 - - [25/Aug/2022:09:38:38 +0800] "POST /xingrg/kc/base/wldb_list_operate.html HTTP/1.1" 200 928
114.86.187.244 - - [25/Aug/2022:09:38:39 +0800] "GET /xingrg/kc/buy/cgyd_order_list.html HTTP/1.1" 200 52108
124.78.154.232 - - [25/Aug/2022:09:38:39 +0800] "POST /xingrg/dwr/call/plaincall/AjaxYddbService.getMaterielByMap.dwr HTTP/1.1" 200 2742
114.86.187.244 - - [25/Aug/2022:09:38:39 +0800] "POST /xingrg/kc/buy/cgyd_list_operate.html HTTP/1.1" 200 976
114.86.187.244 - - [25/Aug/2022:09:38:39 +0800] "GET /xingrg/kc/buy/cgsh_order_list.html HTTP/1.1" 200 52641
114.86.187.244 - - [25/Aug/2022:09:38:41 +0800] "POST /xingrg/kc/buy/cgsh_list_operate.html HTTP/1.1" 200 2856
116.235.94.65 - - [25/Aug/2022:09:38:43 +0800] "POST /xingrg/kc/mdqp/pssh_list_operate.html HTTP/1.1" 200 8780
124.78.154.232 - - [25/Aug/2022:09:38:43 +0800] "POST /xingrg/dwr/call/plaincall/AjaxYddbService.saveMaterielItem.dwr HTTP/1.1" 200 78
101.80.228.36 - - [25/Aug/2022:09:38:45 +0800] "GET /xingrg/all/function/internal_message.html?_=1661391523025&CODE_STATE=getMsg HTTP/1.1" 200 27
114.88.158.224 - - [25/Aug/2022:09:38:47 +0800] "GET /xingrg/all/function/internal_message.html?_=1661391191404&CODE_STATE=getMsg HTTP/1.1" 200 27
114.86.187.244 - - [25/Aug/2022:09:38:52 +0800] "GET /xingrg/kc/base/wldb_order_list.html HTTP/1.1" 200 19186
114.86.187.244 - - [25/Aug/2022:09:38:52 +0800] "POST /xingrg/kc/base/wldb_list_operate.html HTTP/1.1" 200 928
120.253.135.82 - - [25/Aug/2022:09:38:52 +0800] "GET /xingrg/all/function/internal_message.html?_=1661391334461&CODE_STATE=getMsg HTTP/1.1" 200 27
114.86.187.244 - - [25/Aug/2022:09:38:53 +0800] "GET /xingrg/kc/base/kc_stocks.html HTTP/1.1" 200 16443
114.86.187.244 - - [25/Aug/2022:09:38:53 +0800] "GET /xingrg/javascript/easyui/themes/default/tree.css HTTP/1.1" 404 1090
114.86.187.244 - - [25/Aug/2022:09:38:53 +0800] "GET /xingrg/all/common/auto_word.html?type=base&rest_code=00148 HTTP/1.1" 200 1799
114.86.187.244 - - [25/Aug/2022:09:38:53 +0800] "POST /xingrg/all/common/load_tree.html?tree=materiel_sort_tree_json HTTP/1.1" 200 9500
58.221.95.50 - - [25/Aug/2022:09:39:00 +0800] "GET /xingrg/check_reg.html?_=1661391537875 HTTP/1.1" 302 -
61.165.19.104 - - [25/Aug/2022:09:39:00 +0800] "GET /xingrg/all/function/internal_message.html?_=1661391539981&CODE_STATE=getMsg HTTP/1.1" 200 27
61.165.19.104 - - [25/Aug/2022:09:39:00 +0800] "GET /xingrg/check_reg.html?_=1661391540701 HTTP/1.1" 200 22
116.235.94.65 - - [25/Aug/2022:09:39:06 +0800] "GET /xingrg/check_reg.html?_=1661391735447 HTTP/1.1" 200 22
116.235.94.65 - - [25/Aug/2022:09:39:06 +0800] "GET /xingrg/all/function/internal_message.html?_=1661391735448&CODE_STATE=getMsg HTTP/1.1" 200 27
114.84.5.35 - - [25/Aug/2022:09:39:07 +0800] "GET /xingrg/all/function/internal_message.html?_=1661391542797&CODE_STATE=getMsg HTTP/1.1" 200 27
114.86.187.244 - - [25/Aug/2022:09:39:09 +0800] "GET /xingrg/check_reg.html?_=1661391553718 HTTP/1.1" 200 22
114.86.187.244 - - [25/Aug/2022:09:39:09 +0800] "GET /xingrg/all/function/internal_message.html?_=1661391553719&CODE_STATE=getMsg HTTP/1.1" 200 27
61.165.19.104 - - [25/Aug/2022:09:39:11 +0800] "GET /xingrg/kc/buy/cgsh_order_list.html HTTP/1.1" 200 52635
61.165.19.104 - - [25/Aug/2022:09:39:14 +0800] "POST /xingrg/kc/buy/cgsh_list_operate.html HTTP/1.1" 200 3141
61.165.19.104 - - [25/Aug/2022:09:39:16 +0800] "POST /xingrg/kc/buy/cgsh_list_operate.html HTTP/1.1" 200 613
61.165.19.104 - - [25/Aug/2022:09:39:18 +0800] "POST /xingrg/kc/buy/cgsh_list_operate.html HTTP/1.1" 200 204
116.224.255.128 - - [25/Aug/2022:09:39:21 +0800] "GET /xingrg/all/function/internal_message.html?_=1661391558850&CODE_STATE=getMsg HTTP/1.1" 200 27
218.81.223.53 - - [25/Aug/2022:09:39:22 +0800] "GET /xingrg/all/function/internal_message.html?_=1661391569099&CODE_STATE=getMsg HTTP/1.1" 200 27
116.224.123.211 - - [25/Aug/2022:09:39:23 +0800] "GET /xingrg/all/function/internal_message.html?_=1661391579618&CODE_STATE=getMsg HTTP/1.1" 200 27
218.81.223.53 - - [25/Aug/2022:09:39:23 +0800] "GET /xingrg/all/function/internal_message.html?_=1661391575509&CODE_STATE=getMsg HTTP/1.1" 302 -
114.88.158.224 - - [25/Aug/2022:09:39:26 +0800] "GET /xingrg/kc/buy/cgsh_order_operate.html?command=get_materiel&rest_code=00141&code=00101010092&supplier_code=00100036&order_time=2022-08-25 HTTP/1.1" 200 450
116.232.194.65 - - [25/Aug/2022:09:39:27 +0800] "GET /xingrg/all/function/internal_message.html?_=1661391534396&CODE_STATE=getMsg HTTP/1.1" 200 27
61.165.19.104 - - [25/Aug/2022:09:39:27 +0800] "GET /xingrg/all/function/internal_message.html?_=1661391434029&CODE_STATE=getMsg HTTP/1.1" 200 27
180.169.147.146 - - [25/Aug/2022:09:39:30 +0800] "GET /xingrg/all/function/internal_message.html?_=1661391568616&CODE_STATE=getMsg HTTP/1.1" 200 27
218.81.223.53 - - [25/Aug/2022:09:39:31 +0800] "GET /xingrg/check_reg.html?_=1661391582869 HTTP/1.1" 302 -
116.224.255.128 - - [25/Aug/2022:09:39:34 +0800] "GET /xingrg/all/function/internal_message.html?_=1661391497669&CODE_STATE=getMsg HTTP/1.1" 200 27
124.78.154.232 - - [25/Aug/2022:09:39:34 +0800] "GET /xingrg/all/function/internal_message.html?_=1661391579032&CODE_STATE=getMsg HTTP/1.1" 200 27
101.80.228.36 - - [25/Aug/2022:09:39:45 +0800] "GET /xingrg/all/function/internal_message.html?_=1661391583010&CODE_STATE=getMsg HTTP/1.1" 200 27
114.88.158.224 - - [25/Aug/2022:09:39:47 +0800] "GET /xingrg/all/function/internal_message.html?_=1661391251401&CODE_STATE=getMsg HTTP/1.1" 200 27
114.88.158.224 - - [25/Aug/2022:09:39:48 +0800] "GET /xingrg/kc/buy/cgsh_order_operate.html?command=get_materiel&rest_code=00141&code=00101012025&supplier_code=00100036&order_time=2022-08-25 HTTP/1.1" 200 412
120.253.135.82 - - [25/Aug/2022:09:39:53 +0800] "GET /xingrg/all/function/internal_message.html?_=1661391394633&CODE_STATE=getMsg HTTP/1.1" 200 27
61.165.19.104 - - [25/Aug/2022:09:40:00 +0800] "GET /xingrg/all/function/internal_message.html?_=1661391599958&CODE_STATE=getMsg HTTP/1.1" 200 27
101.80.228.36 - - [25/Aug/2022:09:40:06 +0800] "GET /xingrg/check_reg.html?_=1661391603620 HTTP/1.1" 200 22
116.235.94.65 - - [25/Aug/2022:09:40:06 +0800] "GET /xingrg/all/function/internal_message.html?_=1661391795432&CODE_STATE=getMsg HTTP/1.1" 200 27
114.84.5.35 - - [25/Aug/2022:09:40:07 +0800] "GET /xingrg/all/function/internal_message.html?_=1661391602800&CODE_STATE=getMsg HTTP/1.1" 200 27
114.86.187.244 - - [25/Aug/2022:09:40:09 +0800] "GET /xingrg/all/function/internal_message.html?_=1661391613717&CODE_STATE=getMsg HTTP/1.1" 200 27
114.88.158.224 - - [25/Aug/2022:09:40:13 +0800] "GET /xingrg/kc/buy/cgsh_order_operate.html?command=get_materiel&rest_code=00141&code=00101012038&supplier_code=00100036&order_time=2022-08-25 HTTP/1.1" 200 412
116.224.255.128 - - [25/Aug/2022:09:40:13 +0800] "GET /xingrg/check_reg.html?_=1661391537528 HTTP/1.1" 200 22
116.224.255.128 - - [25/Aug/2022:09:40:21 +0800] "GET /xingrg/all/function/internal_message.html?_=1661391618825&CODE_STATE=getMsg HTTP/1.1" 200 27
116.224.255.128 - - [25/Aug/2022:09:40:22 +0800] "GET /xingrg/check_reg.html?_=1661391619156 HTTP/1.1" 200 22
218.81.223.53 - - [25/Aug/2022:09:40:22 +0800] "GET /xingrg/all/function/internal_message.html?_=1661391629104&CODE_STATE=getMsg HTTP/1.1" 200 27
116.224.123.211 - - [25/Aug/2022:09:40:23 +0800] "GET /xingrg/all/function/internal_message.html?_=1661391639623&CODE_STATE=getMsg HTTP/1.1" 200 27
218.81.223.53 - - [25/Aug/2022:09:40:23 +0800] "GET /xingrg/all/function/internal_message.html?_=1661391635519&CODE_STATE=getMsg HTTP/1.1" 302 -
116.232.194.65 - - [25/Aug/2022:09:40:27 +0800] "GET /xingrg/check_reg.html?_=1661391594389 HTTP/1.1" 200 22
116.232.194.65 - - [25/Aug/2022:09:40:27 +0800] "GET /xingrg/all/function/internal_message.html?_=1661391594394&CODE_STATE=getMsg HTTP/1.1" 200 27
61.165.19.104 - - [25/Aug/2022:09:40:27 +0800] "GET /xingrg/all/function/internal_message.html?_=1661391494028&CODE_STATE=getMsg HTTP/1.1" 200 27
180.169.147.146 - - [25/Aug/2022:09:40:30 +0800] "GET /xingrg/all/function/internal_message.html?_=1661391628618&CODE_STATE=getMsg HTTP/1.1" 200 27
116.224.255.128 - - [25/Aug/2022:09:40:34 +0800] "GET /xingrg/all/function/internal_message.html?_=1661391557683&CODE_STATE=getMsg HTTP/1.1" 200 27
124.78.154.232 - - [25/Aug/2022:09:40:34 +0800] "GET /xingrg/all/function/internal_message.html?_=1661391639021&CODE_STATE=getMsg HTTP/1.1" 200 27
101.80.228.36 - - [25/Aug/2022:09:40:45 +0800] "GET /xingrg/all/function/internal_message.html?_=1661391642981&CODE_STATE=getMsg HTTP/1.1" 200 27
114.88.158.224 - - [25/Aug/2022:09:40:47 +0800] "GET /xingrg/all/function/internal_message.html?_=1661391311452&CODE_STATE=getMsg HTTP/1.1" 200 27
120.253.135.82 - - [25/Aug/2022:09:40:53 +0800] "GET /xingrg/all/function/internal_message.html?_=1661391454644&CODE_STATE=getMsg HTTP/1.1" 200 27
61.165.19.104 - - [25/Aug/2022:09:41:00 +0800] "GET /xingrg/all/function/internal_message.html?_=1661391659935&CODE_STATE=getMsg HTTP/1.1" 200 27
116.235.94.65 - - [25/Aug/2022:09:41:06 +0800] "GET /xingrg/all/function/internal_message.html?_=1661391855445&CODE_STATE=getMsg HTTP/1.1" 200 27
114.84.5.35 - - [25/Aug/2022:09:41:07 +0800] "GET /xingrg/all/function/internal_message.html?_=1661391662790&CODE_STATE=getMsg HTTP/1.1" 200 27
114.86.187.244 - - [25/Aug/2022:09:41:09 +0800] "GET /xingrg/all/function/internal_message.html?_=1661391673716&CODE_STATE=getMsg HTTP/1.1" 200 27
218.81.223.53 - - [25/Aug/2022:09:41:20 +0800] "GET /xingrg/check_reg.html?_=1661391686534 HTTP/1.1" 200 22
116.224.255.128 - - [25/Aug/2022:09:41:21 +0800] "GET /xingrg/all/function/internal_message.html?_=1661391678803&CODE_STATE=getMsg HTTP/1.1" 200 27
218.81.223.53 - - [25/Aug/2022:09:41:22 +0800] "GET /xingrg/all/function/internal_message.html?_=1661391689118&CODE_STATE=getMsg HTTP/1.1" 200 27
116.224.123.211 - - [25/Aug/2022:09:41:23 +0800] "GET /xingrg/all/function/internal_message.html?_=1661391699625&CODE_STATE=getMsg HTTP/1.1" 200 27
218.81.223.53 - - [25/Aug/2022:09:41:24 +0800] "GET /xingrg/all/function/internal_message.html?_=1661391695533&CODE_STATE=getMsg HTTP/1.1" 302 -
116.232.194.65 - - [25/Aug/2022:09:41:27 +0800] "GET /xingrg/all/function/internal_message.html?_=1661391654393&CODE_STATE=getMsg HTTP/1.1" 200 27
61.165.19.104 - - [25/Aug/2022:09:41:27 +0800] "GET /xingrg/check_reg.html?_=1661391554027 HTTP/1.1" 200 22
61.165.19.104 - - [25/Aug/2022:09:41:27 +0800] "GET /xingrg/all/function/internal_message.html?_=1661391554026&CODE_STATE=getMsg HTTP/1.1" 200 27
114.88.158.224 - - [25/Aug/2022:09:41:29 +0800] "GET /xingrg/kc/buy/cgsh_order_operate.html?command=get_materiel&rest_code=00141&code=00101016025&supplier_code=00100036&order_time=2022-08-25 HTTP/1.1" 200 408
124.78.154.232 - - [25/Aug/2022:09:41:30 +0800] "GET /xingrg/images/yd/bt.gif HTTP/1.1" 404 1040
180.169.147.146 - - [25/Aug/2022:09:41:30 +0800] "GET /xingrg/all/function/internal_message.html?_=1661391688611&CODE_STATE=getMsg HTTP/1.1" 200 27
180.169.147.146 - - [25/Aug/2022:09:41:30 +0800] "GET /xingrg/check_reg.html?_=1661391688613 HTTP/1.1" 200 22
116.224.255.128 - - [25/Aug/2022:09:41:34 +0800] "GET /xingrg/all/function/internal_message.html?_=1661391617697&CODE_STATE=getMsg HTTP/1.1" 200 27
124.78.154.232 - - [25/Aug/2022:09:41:34 +0800] "GET /xingrg/all/function/internal_message.html?_=1661391699045&CODE_STATE=getMsg HTTP/1.1" 200 27
124.78.154.232 - - [25/Aug/2022:09:41:40 +0800] "POST /xingrg/dwr/call/plaincall/AjaxYddbService.checkOrder.dwr HTTP/1.1" 200 78
124.78.154.232 - - [25/Aug/2022:09:41:41 +0800] "GET /xingrg/kc/base/yddb_order_info.html?code=482022082500169 HTTP/1.1" 200 29584
124.78.154.232 - - [25/Aug/2022:09:41:41 +0800] "GET /xingrg/dwr/interface/AjaxYddbService.js HTTP/1.1" 200 13201
124.78.154.232 - - [25/Aug/2022:09:41:41 +0800] "GET /xingrg/dwr/interface/AjaxComOrderService.js HTTP/1.1" 200 18264
124.78.154.232 - - [25/Aug/2022:09:41:41 +0800] "GET /xingrg/dwr/engine.js HTTP/1.1" 200 43631
124.78.154.232 - - [25/Aug/2022:09:41:42 +0800] "POST /xingrg/dwr/call/plaincall/AjaxYddbService.loadMaterielItems.dwr HTTP/1.1" 200 387
124.78.154.232 - - [25/Aug/2022:09:41:45 +0800] "GET /xingrg/kc/base/yddb_order_list.html?isBack=1 HTTP/1.1" 200 16786
124.78.154.232 - - [25/Aug/2022:09:41:45 +0800] "POST /xingrg/kc/base/yddb_list_operate.html HTTP/1.1" 200 636
101.80.228.36 - - [25/Aug/2022:09:41:45 +0800] "GET /xingrg/all/function/internal_message.html?_=1661391702951&CODE_STATE=getMsg HTTP/1.1" 200 27
114.88.158.224 - - [25/Aug/2022:09:41:47 +0800] "GET /xingrg/check_reg.html?_=1661391371400 HTTP/1.1" 200 22
114.88.158.224 - - [25/Aug/2022:09:41:47 +0800] "GET /xingrg/all/function/internal_message.html?_=1661391371430&CODE_STATE=getMsg HTTP/1.1" 200 27
120.253.135.82 - - [25/Aug/2022:09:41:51 +0800] "GET /xingrg/check_reg.html?_=1661391512863 HTTP/1.1" 200 22
124.78.154.232 - - [25/Aug/2022:09:41:53 +0800] "POST /xingrg/kc/base/yddb_list_operate.html HTTP/1.1" 200 4282
120.253.135.82 - - [25/Aug/2022:09:41:53 +0800] "GET /xingrg/all/function/internal_message.html?_=1661391514658&CODE_STATE=getMsg HTTP/1.1" 200 27
114.88.158.224 - - [25/Aug/2022:09:41:53 +0800] "GET /xingrg/kc/buy/cgsh_order_operate.html?command=get_materiel&rest_code=00141&code=00101012026&supplier_code=00100036&order_time=2022-08-25 HTTP/1.1" 200 408
124.78.154.232 - - [25/Aug/2022:09:41:54 +0800] "POST /xingrg/kc/base/yddb_list_operate.html HTTP/1.1" 200 204
124.78.154.232 - - [25/Aug/2022:09:41:55 +0800] "GET /xingrg/kc/base/yddb_order_info.html?code=482022082500169 HTTP/1.1" 200 29584
124.78.154.232 - - [25/Aug/2022:09:41:55 +0800] "GET /xingrg/dwr/interface/AjaxYddbService.js HTTP/1.1" 200 13201
124.78.154.232 - - [25/Aug/2022:09:41:55 +0800] "GET /xingrg/dwr/interface/AjaxComOrderService.js HTTP/1.1" 200 18264
124.78.154.232 - - [25/Aug/2022:09:41:55 +0800] "GET /xingrg/dwr/engine.js HTTP/1.1" 200 43631
124.78.154.232 - - [25/Aug/2022:09:41:55 +0800] "POST /xingrg/dwr/call/plaincall/AjaxYddbService.loadMaterielItems.dwr HTTP/1.1" 200 387
61.165.19.104 - - [25/Aug/2022:09:42:00 +0800] "GET /xingrg/all/function/internal_message.html?_=1661391719905&CODE_STATE=getMsg HTTP/1.1" 200 27
124.78.154.232 - - [25/Aug/2022:09:42:00 +0800] "GET /xingrg/kc/base/yddb_order_report.html?fileType=servlets/html&code=482022082500169&reportName=ck_order_report&subName=yddb HTTP/1.1" 302 -
124.78.154.232 - - [25/Aug/2022:09:42:00 +0800] "GET /xingrg/servlets/html?sysBaseUrl=http%3A%2F%2F180.169.147.146%3A18081%2Fxingrg%2F&costTime=98×tamp=1661391720143 HTTP/1.1" 200 14683
124.78.154.232 - - [25/Aug/2022:09:42:00 +0800] "GET /xingrg/servlets/image?image=px HTTP/1.1" 200 807
124.78.154.232 - - [25/Aug/2022:09:42:00 +0800] "GET /favicon.ico HTTP/1.1" 404 -
114.84.5.35 - - [25/Aug/2022:09:42:06 +0800] "GET /xingrg/kc/buy/cgsh_order_add.html HTTP/1.1" 200 68373
114.84.5.35 - - [25/Aug/2022:09:42:06 +0800] "POST /xingrg/kc/buy/cgsh_order_operate.html HTTP/1.1" 200 8245
114.84.5.35 - - [25/Aug/2022:09:42:06 +0800] "GET /xingrg/javascript/easyui/themes/default/validatebox.css HTTP/1.1" 404 1104
116.235.94.65 - - [25/Aug/2022:09:42:06 +0800] "GET /xingrg/all/function/internal_message.html?_=1661391915443&CODE_STATE=getMsg HTTP/1.1" 200 27
114.84.5.35 - - [25/Aug/2022:09:42:07 +0800] "GET /xingrg/all/function/internal_message.html?_=1661391722815&CODE_STATE=getMsg HTTP/1.1" 200 27
114.86.187.244 - - [25/Aug/2022:09:42:09 +0800] "GET /xingrg/all/function/internal_message.html?_=1661391733716&CODE_STATE=getMsg HTTP/1.1" 200 27
180.169.147.146 - - [25/Aug/2022:09:42:12 +0800] "GET /xingrg/index.html?sysBaseUrl=http%3A%2F%2F180.169.147.146%3A18081%2Fxingrg%2F&costTime=39×tamp=1592034574635 HTTP/1.1" 200 17503
180.169.147.146 - - [25/Aug/2022:09:42:12 +0800] "POST /xingrg/all/common/load_tree.html?tree=area_rest_tree_json&manage=1 HTTP/1.1" 200 3472
180.169.147.146 - - [25/Aug/2022:09:42:12 +0800] "GET /favicon.ico HTTP/1.1" 404 -
180.169.147.146 - - [25/Aug/2022:09:42:12 +0800] "GET /xingrg/all/function/internal_message.html?_=1661391730544&CODE_STATE=count HTTP/1.1" 200 11
180.169.147.146 - - [25/Aug/2022:09:42:12 +0800] "GET /xingrg/check_reg.html?_=1661391730545 HTTP/1.1" 200 22
180.169.147.146 - - [25/Aug/2022:09:42:12 +0800] "POST /xingrg/load_menu.html HTTP/1.1" 200 11564
114.84.5.35 - - [25/Aug/2022:09:42:17 +0800] "GET /xingrg/kc/buy/cgsh_order_operate.html?command=get_materiel&rest_code=00111&code=00101006334&supplier_code=00100558&order_time=2022-08-25 HTTP/1.1" 200 399
116.224.255.128 - - [25/Aug/2022:09:42:21 +0800] "GET /xingrg/all/function/internal_message.html?_=1661391738781&CODE_STATE=getMsg HTTP/1.1" 200 27
218.81.223.53 - - [25/Aug/2022:09:42:22 +0800] "GET /xingrg/all/function/internal_message.html?_=1661391749131&CODE_STATE=getMsg HTTP/1.1" 200 27
180.169.147.146 - - [25/Aug/2022:09:42:23 +0800] "POST /xingrg/dwr/call/plaincall/AjaxReportQueryService.refreshCache.dwr HTTP/1.1" 200 79
116.224.123.211 - - [25/Aug/2022:09:42:23 +0800] "GET /xingrg/check_reg.html?_=1661391759612 HTTP/1.1" 200 22
116.224.123.211 - - [25/Aug/2022:09:42:23 +0800] "GET /xingrg/all/function/internal_message.html?_=1661391759616&CODE_STATE=getMsg HTTP/1.1" 200 27
218.81.223.53 - - [25/Aug/2022:09:42:24 +0800] "GET /xingrg/all/function/internal_message.html?_=1661391755659&CODE_STATE=getMsg HTTP/1.1" 302 -
180.169.147.146 - - [25/Aug/2022:09:42:24 +0800] "POST /xingrg/all/report/load_report_page.html HTTP/1.1" 200 50246
180.169.147.146 - - [25/Aug/2022:09:42:24 +0800] "GET /xingrg/servlets/image?cache=0.8730264032422878&image=px HTTP/1.1" 200 807
116.232.194.65 - - [25/Aug/2022:09:42:27 +0800] "GET /xingrg/all/function/internal_message.html?_=1661391714388&CODE_STATE=getMsg HTTP/1.1" 200 27
180.169.147.146 - - [25/Aug/2022:09:42:27 +0800] "POST /xingrg/dwr/call/plaincall/AjaxReportQueryService.refreshCache.dwr HTTP/1.1" 200 79
61.165.19.104 - - [25/Aug/2022:09:42:27 +0800] "GET /xingrg/all/function/internal_message.html?_=1661391614024&CODE_STATE=getMsg HTTP/1.1" 200 27
180.169.147.146 - - [25/Aug/2022:09:42:28 +0800] "POST /xingrg/all/report/load_report_page.html HTTP/1.1" 200 50306
180.169.147.146 - - [25/Aug/2022:09:42:28 +0800] "GET /xingrg/servlets/image?cache=0.39102920826399823&image=px HTTP/1.1" 200 807
180.169.147.146 - - [25/Aug/2022:09:42:30 +0800] "GET /xingrg/all/function/internal_message.html?_=1661391748622&CODE_STATE=getMsg HTTP/1.1" 200 27
116.224.255.128 - - [25/Aug/2022:09:42:34 +0800] "GET /xingrg/all/function/internal_message.html?_=1661391677725&CODE_STATE=getMsg HTTP/1.1" 200 27
124.78.154.232 - - [25/Aug/2022:09:42:34 +0800] "GET /xingrg/all/function/internal_message.html?_=1661391759032&CODE_STATE=getMsg HTTP/1.1" 200 27
180.169.147.146 - - [25/Aug/2022:09:42:37 +0800] "POST /xingrg/dwr/call/plaincall/AjaxReportQueryService.refreshCache.dwr HTTP/1.1" 200 79
180.169.147.146 - - [25/Aug/2022:09:42:38 +0800] "POST /xingrg/all/report/load_report_page.html HTTP/1.1" 200 50336
180.169.147.146 - - [25/Aug/2022:09:42:38 +0800] "GET /xingrg/servlets/image?cache=0.24786517836001654&image=px HTTP/1.1" 200 807
101.80.228.36 - - [25/Aug/2022:09:42:45 +0800] "GET /xingrg/all/function/internal_message.html?_=1661391762920&CODE_STATE=getMsg HTTP/1.1" 200 27
114.88.158.224 - - [25/Aug/2022:09:42:47 +0800] "GET /xingrg/all/function/internal_message.html?_=1661391431428&CODE_STATE=getMsg HTTP/1.1" 200 27
114.84.5.35 - - [25/Aug/2022:09:42:49 +0800] "GET /xingrg/kc/buy/cgsh_order_operate.html?command=get_materiel&rest_code=00111&code=00101006284&supplier_code=00100558&order_time=2022-08-25 HTTP/1.1" 200 418
180.169.147.146 - - [25/Aug/2022:09:42:51 +0800] "POST /xingrg/dwr/call/plaincall/AjaxReportQueryService.refreshCache.dwr HTTP/1.1" 200 79
180.169.147.146 - - [25/Aug/2022:09:42:51 +0800] "POST /xingrg/all/report/load_report_page.html HTTP/1.1" 200 50277
180.169.147.146 - - [25/Aug/2022:09:42:51 +0800] "GET /xingrg/servlets/image?cache=0.9573598530938086&image=px HTTP/1.1" 200 807
120.253.135.82 - - [25/Aug/2022:09:42:53 +0800] "GET /xingrg/all/function/internal_message.html?_=1661391574671&CODE_STATE=getMsg HTTP/1.1" 200 27
114.88.158.224 - - [25/Aug/2022:09:42:56 +0800] "GET /xingrg/kc/buy/cgsh_order_operate.html?command=get_materiel&rest_code=00141&code=00101016105&supplier_code=00100036&order_time=2022-08-25 HTTP/1.1" 200 409
61.165.19.104 - - [25/Aug/2022:09:43:00 +0800] "GET /xingrg/all/function/internal_message.html?_=1661391779879&CODE_STATE=getMsg HTTP/1.1" 200 27
180.169.147.146 - - [25/Aug/2022:09:43:05 +0800] "GET /xingrg/check_reg.html?_=1661391785777 HTTP/1.1" 200 22
116.235.94.65 - - [25/Aug/2022:09:43:06 +0800] "GET /xingrg/all/function/internal_message.html?_=1661391975442&CODE_STATE=getMsg HTTP/1.1" 200 27
114.84.5.35 - - [25/Aug/2022:09:43:07 +0800] "GET /xingrg/check_reg.html?_=1661391782815 HTTP/1.1" 200 22
180.169.147.146 - - [25/Aug/2022:09:43:07 +0800] "POST /xingrg/dwr/call/plaincall/AjaxReportQueryService.refreshCache.dwr HTTP/1.1" 200 79
114.84.5.35 - - [25/Aug/2022:09:43:07 +0800] "GET /xingrg/all/function/internal_message.html?_=1661391782811&CODE_STATE=getMsg HTTP/1.1" 200 27
180.169.147.146 - - [25/Aug/2022:09:43:08 +0800] "POST /xingrg/all/report/load_report_page.html HTTP/1.1" 200 50336
180.169.147.146 - - [25/Aug/2022:09:43:08 +0800] "GET /xingrg/servlets/image?cache=0.11759224932074464&image=px HTTP/1.1" 200 807
114.86.187.244 - - [25/Aug/2022:09:43:09 +0800] "GET /xingrg/all/function/internal_message.html?_=1661391793725&CODE_STATE=getMsg HTTP/1.1" 200 27
114.84.5.35 - - [25/Aug/2022:09:43:12 +0800] "GET /xingrg/kc/buy/cgsh_order_operate.html?command=get_materiel&rest_code=00111&code=00101006335&supplier_code=00100558&order_time=2022-08-25 HTTP/1.1" 200 399
180.169.147.146 - - [25/Aug/2022:09:43:12 +0800] "GET /xingrg/all/function/internal_message.html?_=1661391790599&CODE_STATE=getMsg HTTP/1.1" 200 27
116.224.255.128 - - [25/Aug/2022:09:43:21 +0800] "GET /xingrg/all/function/internal_message.html?_=1661391798762&CODE_STATE=getMsg HTTP/1.1" 200 27
218.81.223.53 - - [25/Aug/2022:09:43:22 +0800] "GET /xingrg/all/function/internal_message.html?_=1661391809144&CODE_STATE=getMsg HTTP/1.1" 200 27
116.224.123.211 - - [25/Aug/2022:09:43:23 +0800] "GET /xingrg/all/function/internal_message.html?_=1661391819617&CODE_STATE=getMsg HTTP/1.1" 200 27
218.81.223.53 - - [25/Aug/2022:09:43:24 +0800] "GET /xingrg/all/function/internal_message.html?_=1661391815670&CODE_STATE=getMsg HTTP/1.1" 302 -
116.232.194.65 - - [25/Aug/2022:09:43:27 +0800] "GET /xingrg/all/function/internal_message.html?_=1661391774373&CODE_STATE=getMsg HTTP/1.1" 200 27
61.165.19.104 - - [25/Aug/2022:09:43:27 +0800] "GET /xingrg/all/function/internal_message.html?_=1661391674022&CODE_STATE=getMsg HTTP/1.1" 200 27
114.84.5.35 - - [25/Aug/2022:09:43:28 +0800] "GET /xingrg/kc/buy/cgsh_order_operate.html?command=get_materiel&rest_code=00111&code=00101006282&supplier_code=00100558&order_time=2022-08-25 HTTP/1.1" 200 418
180.169.147.146 - - [25/Aug/2022:09:43:30 +0800] "GET /xingrg/all/function/internal_message.html?_=1661391808622&CODE_STATE=getMsg HTTP/1.1" 200 27
116.224.255.128 - - [25/Aug/2022:09:43:34 +0800] "GET /xingrg/all/function/internal_message.html?_=1661391737739&CODE_STATE=getMsg HTTP/1.1" 200 27
124.78.154.232 - - [25/Aug/2022:09:43:34 +0800] "GET /xingrg/all/function/internal_message.html?_=1661391819034&CODE_STATE=getMsg HTTP/1.1" 200 27
124.78.154.232 - - [25/Aug/2022:09:43:34 +0800] "GET /xingrg/check_reg.html?_=1661391819037 HTTP/1.1" 200 22
114.88.158.224 - - [25/Aug/2022:09:43:41 +0800] "POST /xingrg/kc/buy/cgsh_order_operate.html HTTP/1.1" 200 37
101.80.228.36 - - [25/Aug/2022:09:43:45 +0800] "GET /xingrg/all/function/internal_message.html?_=1661391822894&CODE_STATE=getMsg HTTP/1.1" 200 27
114.88.158.224 - - [25/Aug/2022:09:43:46 +0800] "POST /xingrg/kc/buy/cgsh_order_operate.html HTTP/1.1" 200 12
114.88.158.224 - - [25/Aug/2022:09:43:47 +0800] "GET /xingrg/kc/buy/cgsh_order_info.html?code=212022082508450 HTTP/1.1" 200 63322
114.88.158.224 - - [25/Aug/2022:09:43:48 +0800] "GET /xingrg/javascript/easyui/themes/default/validatebox.css HTTP/1.1" 404 1104
180.169.147.146 - - [25/Aug/2022:09:43:48 +0800] "POST /xingrg/dwr/call/plaincall/AjaxReportQueryService.refreshCache.dwr HTTP/1.1" 200 79
114.88.158.224 - - [25/Aug/2022:09:43:48 +0800] "POST /xingrg/kc/buy/cgsh_order_operate.html HTTP/1.1" 200 4150
180.169.147.146 - - [25/Aug/2022:09:43:49 +0800] "POST /xingrg/all/report/load_report_page.html HTTP/1.1" 200 49840
180.169.147.146 - - [25/Aug/2022:09:43:49 +0800] "GET /xingrg/servlets/image?cache=0.6360165740818071&image=px HTTP/1.1" 200 807
120.253.135.82 - - [25/Aug/2022:09:43:53 +0800] "GET /xingrg/all/function/internal_message.html?_=1661391634684&CODE_STATE=getMsg HTTP/1.1" 200 27
114.88.158.224 - - [25/Aug/2022:09:43:55 +0800] "GET /xingrg/kc/print/load_data.html?order_code=212022082508450&kc_code=cgsh&condition= HTTP/1.1" 200 2131
114.84.5.35 - - [25/Aug/2022:09:43:59 +0800] "GET /xingrg/kc/buy/cgsh_order_operate.html?command=get_materiel&rest_code=00111&code=00101006285&supplier_code=00100558&order_time=2022-08-25 HTTP/1.1" 200 409
61.165.19.104 - - [25/Aug/2022:09:44:00 +0800] "GET /xingrg/all/function/internal_message.html?_=1661391839860&CODE_STATE=getMsg HTTP/1.1" 200 27
58.221.95.50 - - [25/Aug/2022:09:44:00 +0800] "GET /xingrg/check_reg.html?_=1661391837854 HTTP/1.1" 302 -
61.165.19.104 - - [25/Aug/2022:09:44:00 +0800] "GET /xingrg/check_reg.html?_=1661391840705 HTTP/1.1" 200 22
180.169.147.146 - - [25/Aug/2022:09:44:03 +0800] "POST /xingrg/dwr/call/plaincall/AjaxReportQueryService.refreshCache.dwr HTTP/1.1" 200 79
180.169.147.146 - - [25/Aug/2022:09:44:04 +0800] "POST /xingrg/all/report/load_report_page.html HTTP/1.1" 200 50179
180.169.147.146 - - [25/Aug/2022:09:44:04 +0800] "GET /xingrg/servlets/image?cache=0.47633226162594866&image=px HTTP/1.1" 200 807
116.235.94.65 - - [25/Aug/2022:09:44:06 +0800] "GET /xingrg/all/function/internal_message.html?_=1661392035441&CODE_STATE=getMsg HTTP/1.1" 200 27
116.235.94.65 - - [25/Aug/2022:09:44:06 +0800] "GET /xingrg/check_reg.html?_=1661392035443 HTTP/1.1" 200 22
114.84.5.35 - - [25/Aug/2022:09:44:07 +0800] "GET /xingrg/all/function/internal_message.html?_=1661391842813&CODE_STATE=getMsg HTTP/1.1" 200 27
114.84.5.35 - - [25/Aug/2022:09:44:09 +0800] "GET /xingrg/kc/buy/cgsh_order_operate.html?command=get_materiel&rest_code=00111&code=00101012117&supplier_code=00100558&order_time=2022-08-25 HTTP/1.1" 200 399
180.169.147.146 - - [25/Aug/2022:09:44:12 +0800] "GET /xingrg/all/function/internal_message.html?_=1661391850564&CODE_STATE=getMsg HTTP/1.1" 200 27
218.81.223.53 - - [25/Aug/2022:09:44:22 +0800] "GET /xingrg/all/function/internal_message.html?_=1661391869167&CODE_STATE=getMsg HTTP/1.1" 200 27
114.88.158.224 - - [25/Aug/2022:09:44:23 +0800] "GET /xingrg/kc/buy/cgsh_order_add.html HTTP/1.1" 200 68417
114.88.158.224 - - [25/Aug/2022:09:44:23 +0800] "POST /xingrg/kc/buy/cgsh_order_operate.html HTTP/1.1" 200 8245
114.88.158.224 - - [25/Aug/2022:09:44:23 +0800] "GET /xingrg/javascript/easyui/themes/default/validatebox.css HTTP/1.1" 404 1104
116.224.123.211 - - [25/Aug/2022:09:44:23 +0800] "GET /xingrg/all/function/internal_message.html?_=1661391879619&CODE_STATE=getMsg HTTP/1.1" 200 27
218.81.223.53 - - [25/Aug/2022:09:44:24 +0800] "GET /xingrg/all/function/internal_message.html?_=1661391875683&CODE_STATE=getMsg HTTP/1.1" 302 -
116.224.255.128 - - [25/Aug/2022:09:44:25 +0800] "POST /xingrg/kc/buy/cgsh_order_operate.html HTTP/1.1" 200 37
116.232.194.65 - - [25/Aug/2022:09:44:27 +0800] "GET /xingrg/all/function/internal_message.html?_=1661391834383&CODE_STATE=getMsg HTTP/1.1" 200 27
61.165.19.104 - - [25/Aug/2022:09:44:27 +0800] "GET /xingrg/all/function/internal_message.html?_=1661391734020&CODE_STATE=getMsg HTTP/1.1" 200 27
116.224.255.128 - - [25/Aug/2022:09:44:29 +0800] "POST /xingrg/kc/buy/cgsh_order_operate.html HTTP/1.1" 200 12
116.224.255.128 - - [25/Aug/2022:09:44:30 +0800] "GET /xingrg/kc/buy/cgsh_order_info.html?code=212022082508451 HTTP/1.1" 200 63320
116.233.77.165 - - [25/Aug/2022:09:44:30 +0800] "POST /xingrg/services/DataTransmitService HTTP/1.1" 200 524
116.224.255.128 - - [25/Aug/2022:09:44:30 +0800] "GET /xingrg/javascript/easyui/themes/default/validatebox.css HTTP/1.1" 404 1104
180.169.147.146 - - [25/Aug/2022:09:44:30 +0800] "GET /xingrg/all/function/internal_message.html?_=1661391868618&CODE_STATE=getMsg HTTP/1.1" 200 27
218.81.223.53 - - [25/Aug/2022:09:44:31 +0800] "GET /xingrg/check_reg.html?_=1661391882878 HTTP/1.1" 302 -
116.224.255.128 - - [25/Aug/2022:09:44:31 +0800] "POST /xingrg/kc/buy/cgsh_order_operate.html HTTP/1.1" 200 31974
116.224.255.128 - - [25/Aug/2022:09:44:33 +0800] "GET /xingrg/kc/print/load_data.html?order_code=212022082508451&kc_code=cgsh&condition= HTTP/1.1" 200 12595
114.84.5.35 - - [25/Aug/2022:09:44:34 +0800] "GET /xingrg/kc/buy/cgsh_order_operate.html?command=get_materiel&rest_code=00111&code=00101006280&supplier_code=00100558&order_time=2022-08-25 HTTP/1.1" 200 414
116.224.255.128 - - [25/Aug/2022:09:44:34 +0800] "GET /xingrg/all/function/internal_message.html?_=1661391797766&CODE_STATE=getMsg HTTP/1.1" 200 27
124.78.154.232 - - [25/Aug/2022:09:44:34 +0800] "GET /xingrg/all/function/internal_message.html?_=1661391879037&CODE_STATE=getMsg HTTP/1.1" 200 27
114.88.158.224 - - [25/Aug/2022:09:44:43 +0800] "GET /xingrg/kc/buy/cgsh_order_operate.html?command=get_materiel&rest_code=00141&code=00101006055&supplier_code=00100012&order_time=2022-08-25 HTTP/1.1" 200 409
101.80.228.36 - - [25/Aug/2022:09:44:45 +0800] "GET /xingrg/all/function/internal_message.html?_=1661391882874&CODE_STATE=getMsg HTTP/1.1" 200 27
114.84.5.35 - - [25/Aug/2022:09:44:45 +0800] "GET /xingrg/kc/buy/cgsh_order_operate.html?command=get_materiel&rest_code=00111&code=00102026001&supplier_code=00100558&order_time=2022-08-25 HTTP/1.1" 200 409
114.88.158.224 - - [25/Aug/2022:09:44:47 +0800] "GET /xingrg/all/function/internal_message.html?_=1661391551444&CODE_STATE=getMsg HTTP/1.1" 200 27
120.253.135.82 - - [25/Aug/2022:09:44:53 +0800] "GET /xingrg/all/function/internal_message.html?_=1661391694868&CODE_STATE=getMsg HTTP/1.1" 200 27
61.165.19.104 - - [25/Aug/2022:09:45:00 +0800] "GET /xingrg/all/function/internal_message.html?_=1661391899828&CODE_STATE=getMsg HTTP/1.1" 200 27
116.235.94.65 - - [25/Aug/2022:09:45:03 +0800] "POST /xingrg/kc/mdqp/pssh_list_operate.html HTTP/1.1" 200 760
116.235.94.65 - - [25/Aug/2022:09:45:03 +0800] "GET /xingrg/javascript/pic_change.js HTTP/1.1" 200 4739
116.235.94.65 - - [25/Aug/2022:09:45:03 +0800] "GET /xingrg/kc/mdqp/pssh_order_info.html?code=312022082300524 HTTP/1.1" 200 17272
116.235.94.65 - - [25/Aug/2022:09:45:03 +0800] "GET /xingrg/javascript/print/kc_print.js HTTP/1.1" 200 11415
116.235.94.65 - - [25/Aug/2022:09:45:03 +0800] "GET /xingrg/words/20220824165639_words.js HTTP/1.1" 200 917052
116.235.94.65 - - [25/Aug/2022:09:45:03 +0800] "GET /xingrg/javascript/jquery_tools/jquery-1.4.2.min.js HTTP/1.1" 404 1094
116.235.94.65 - - [25/Aug/2022:09:45:03 +0800] "GET /xingrg/javascript/json2.js HTTP/1.1" 200 11259
116.235.94.65 - - [25/Aug/2022:09:45:03 +0800] "GET /xingrg/javascript/convert.js HTTP/1.1" 200 1239
116.235.94.65 - - [25/Aug/2022:09:45:03 +0800] "GET /xingrg/javascript/jquery_tools/order_manager.js HTTP/1.1" 200 11183
116.235.94.65 - - [25/Aug/2022:09:45:03 +0800] "GET /xingrg/javascript/easyui/themes/icons/cance_new.png HTTP/1.1" 200 3986
116.235.94.65 - - [25/Aug/2022:09:45:03 +0800] "GET /xingrg/javascript/easyui/themes/icons/ok.png HTTP/1.1" 200 883
116.235.94.65 - - [25/Aug/2022:09:45:03 +0800] "GET /xingrg/javascript/easyui/themes/icons/print.png HTTP/1.1" 200 1057
116.235.94.65 - - [25/Aug/2022:09:45:03 +0800] "GET /xingrg/javascript/easyui/themes/icons/check_new.png HTTP/1.1" 200 3224
116.235.94.65 - - [25/Aug/2022:09:45:03 +0800] "POST /xingrg/kc/mdqp/pssh_order_operate.html HTTP/1.1" 200 3104
116.235.94.65 - - [25/Aug/2022:09:45:03 +0800] "GET /xingrg/javascript/easyui/themes/icons/back_new.png HTTP/1.1" 200 3414
116.235.94.65 - - [25/Aug/2022:09:45:03 +0800] "GET /xingrg/all/common/auto_word.html?type=base&rest_code=00104&rest_code=00104 HTTP/1.1" 200 1849
116.235.94.65 - - [25/Aug/2022:09:45:03 +0800] "GET /xingrg/javascript/easyui/themes/default/validatebox.css HTTP/1.1" 404 1104
116.235.94.65 - - [25/Aug/2022:09:45:03 +0800] "GET /xingrg/javascript/easyui/plugins/jquery.validatebox.js HTTP/1.1" 200 6103
116.235.94.65 - - [25/Aug/2022:09:45:03 +0800] "GET /xingrg/all/common/auto_word.html?type=employee&rest_code=00104 HTTP/1.1" 200 245
116.235.94.65 - - [25/Aug/2022:09:45:03 +0800] "GET /xingrg/javascript/easyui/themes/default/images/menu_downarrow.png HTTP/1.1" 200 173
116.235.94.65 - - [25/Aug/2022:09:45:03 +0800] "GET /xingrg/javascript/easyui/plugins/jquery.numberbox.js HTTP/1.1" 200 5213
116.235.94.65 - - [25/Aug/2022:09:45:05 +0800] "POST /xingrg/all/common/load_combo.html?type=base&rest_code=00104 HTTP/1.1" 200 3315
116.235.94.65 - - [25/Aug/2022:09:45:05 +0800] "GET /xingrg/css/images/panel_loading.gif HTTP/1.1" 200 1737
101.80.228.36 - - [25/Aug/2022:09:45:06 +0800] "GET /xingrg/check_reg.html?_=1661391903591 HTTP/1.1" 200 22
116.235.94.65 - - [25/Aug/2022:09:45:07 +0800] "GET /xingrg/all/function/internal_message.html?_=1661392095536&CODE_STATE=getMsg HTTP/1.1" 200 27
114.84.5.35 - - [25/Aug/2022:09:45:07 +0800] "GET /xingrg/all/function/internal_message.html?_=1661391902827&CODE_STATE=getMsg HTTP/1.1" 200 27
114.84.5.35 - - [25/Aug/2022:09:45:10 +0800] "POST /xingrg/kc/buy/cgsh_order_operate.html HTTP/1.1" 200 37
116.235.94.65 - - [25/Aug/2022:09:45:10 +0800] "POST /xingrg/all/common/load_combo.html?type=employee HTTP/1.1" 200 445
116.235.94.65 - - [25/Aug/2022:09:45:11 +0800] "GET /xingrg/javascript/easyui/themes/default/images/button_plain_hover.png HTTP/1.1" 200 144
180.169.147.146 - - [25/Aug/2022:09:45:12 +0800] "GET /xingrg/all/function/internal_message.html?_=1661391910559&CODE_STATE=getMsg HTTP/1.1" 200 27
116.224.255.128 - - [25/Aug/2022:09:45:13 +0800] "GET /xingrg/check_reg.html?_=1661391837536 HTTP/1.1" 200 22
116.235.94.65 - - [25/Aug/2022:09:45:14 +0800] "POST /xingrg/kc/mdqp/pssh_order_operate.html HTTP/1.1" 200 37
116.235.94.65 - - [25/Aug/2022:09:45:14 +0800] "POST /xingrg/kc/mdqp/pssh_order_operate.html HTTP/1.1" 200 12
114.88.158.224 - - [25/Aug/2022:09:45:16 +0800] "GET /xingrg/kc/buy/cgsh_order_operate.html?command=get_materiel&rest_code=00141&code=00101006073&supplier_code=00100012&order_time=2022-08-25 HTTP/1.1" 200 410
114.84.5.35 - - [25/Aug/2022:09:45:17 +0800] "POST /xingrg/kc/buy/cgsh_order_operate.html HTTP/1.1" 200 6820
114.84.5.35 - - [25/Aug/2022:09:45:19 +0800] "GET /xingrg/kc/print/load_data.html?order_code=212022082508452&kc_code=cgsh&condition= HTTP/1.1" 200 2247
116.224.255.128 - - [25/Aug/2022:09:45:22 +0800] "GET /xingrg/all/function/internal_message.html?_=1661391918778&CODE_STATE=getMsg HTTP/1.1" 200 27
116.224.255.128 - - [25/Aug/2022:09:45:22 +0800] "GET /xingrg/check_reg.html?_=1661391919157 HTTP/1.1" 200 22
218.81.223.53 - - [25/Aug/2022:09:45:22 +0800] "GET /xingrg/all/function/internal_message.html?_=1661391929171&CODE_STATE=getMsg HTTP/1.1" 200 27
116.224.123.211 - - [25/Aug/2022:09:45:23 +0800] "GET /xingrg/all/function/internal_message.html?_=1661391939621&CODE_STATE=getMsg HTTP/1.1" 200 27
218.81.223.53 - - [25/Aug/2022:09:45:24 +0800] "GET /xingrg/all/function/internal_message.html?_=1661391935696&CODE_STATE=getMsg HTTP/1.1" 302 -
116.232.194.65 - - [25/Aug/2022:09:45:27 +0800] "GET /xingrg/all/function/internal_message.html?_=1661391894391&CODE_STATE=getMsg HTTP/1.1" 200 27
116.232.194.65 - - [25/Aug/2022:09:45:27 +0800] "GET /xingrg/check_reg.html?_=1661391894393 HTTP/1.1" 200 22
61.165.19.104 - - [25/Aug/2022:09:45:27 +0800] "GET /xingrg/all/function/internal_message.html?_=1661391794020&CODE_STATE=getMsg HTTP/1.1" 200 27
180.169.147.146 - - [25/Aug/2022:09:45:30 +0800] "GET /xingrg/all/function/internal_message.html?_=1661391928614&CODE_STATE=getMsg HTTP/1.1" 200 27
114.88.158.224 - - [25/Aug/2022:09:45:34 +0800] "GET /xingrg/kc/buy/cgsh_order_operate.html?command=get_materiel&rest_code=00141&code=00101006109&supplier_code=00100012&order_time=2022-08-25 HTTP/1.1" 200 409
116.224.255.128 - - [25/Aug/2022:09:45:34 +0800] "GET /xingrg/all/function/internal_message.html?_=1661391857783&CODE_STATE=getMsg HTTP/1.1" 200 27
124.78.154.232 - - [25/Aug/2022:09:45:34 +0800] "GET /xingrg/all/function/internal_message.html?_=1661391939037&CODE_STATE=getMsg HTTP/1.1" 200 27
101.80.228.36 - - [25/Aug/2022:09:45:45 +0800] "GET /xingrg/all/function/internal_message.html?_=1661391942852&CODE_STATE=getMsg HTTP/1.1" 200 27
114.88.158.224 - - [25/Aug/2022:09:45:47 +0800] "GET /xingrg/all/function/internal_message.html?_=1661391611428&CODE_STATE=getMsg HTTP/1.1" 200 27
120.253.135.82 - - [25/Aug/2022:09:45:53 +0800] "GET /xingrg/all/function/internal_message.html?_=1661391754868&CODE_STATE=getMsg HTTP/1.1" 200 27
116.235.94.65 - - [25/Aug/2022:09:45:59 +0800] "GET /xingrg/kc/mdqp/pssh_order_info.html?code=312022082300524 HTTP/1.1" 200 14390
116.235.94.65 - - [25/Aug/2022:09:45:59 +0800] "GET /xingrg/javascript/jquery_tools/jquery-1.4.2.min.js HTTP/1.1" 404 1094
116.235.94.65 - - [25/Aug/2022:09:45:59 +0800] "GET /xingrg/javascript/easyui/themes/icons/uncheck_new.png HTTP/1.1" 200 3197
116.235.94.65 - - [25/Aug/2022:09:45:59 +0800] "POST /xingrg/kc/mdqp/pssh_order_operate.html HTTP/1.1" 200 3104
116.235.94.65 - - [25/Aug/2022:09:45:59 +0800] "GET /xingrg/javascript/easyui/themes/default/validatebox.css HTTP/1.1" 404 1104
61.165.19.104 - - [25/Aug/2022:09:45:59 +0800] "GET /xingrg/all/function/internal_message.html?_=1661391959805&CODE_STATE=getMsg HTTP/1.1" 200 27
116.235.94.65 - - [25/Aug/2022:09:46:02 +0800] "GET /xingrg/kc/mdqp/pssh_order_list.html?isBack=1 HTTP/1.1" 200 17897
116.235.94.65 - - [25/Aug/2022:09:46:02 +0800] "POST /xingrg/kc/mdqp/pssh_list_operate.html HTTP/1.1" 200 8814
114.88.158.224 - - [25/Aug/2022:09:46:05 +0800] "GET /xingrg/kc/buy/cgsh_order_operate.html?command=get_materiel&rest_code=00141&code=00101006111&supplier_code=00100012&order_time=2022-08-25 HTTP/1.1" 200 409
116.235.94.65 - - [25/Aug/2022:09:46:07 +0800] "GET /xingrg/all/function/internal_message.html?_=1661392155514&CODE_STATE=getMsg HTTP/1.1" 200 27
114.84.5.35 - - [25/Aug/2022:09:46:07 +0800] "GET /xingrg/all/function/internal_message.html?_=1661391962822&CODE_STATE=getMsg HTTP/1.1" 200 27
180.169.147.146 - - [25/Aug/2022:09:46:12 +0800] "GET /xingrg/all/function/internal_message.html?_=1661391970562&CODE_STATE=getMsg HTTP/1.1" 200 27
218.81.223.53 - - [25/Aug/2022:09:46:20 +0800] "GET /xingrg/check_reg.html?_=1661391986544 HTTP/1.1" 200 22
116.224.255.128 - - [25/Aug/2022:09:46:21 +0800] "GET /xingrg/all/function/internal_message.html?_=1661391978752&CODE_STATE=getMsg HTTP/1.1" 200 27
114.88.158.224 - - [25/Aug/2022:09:46:22 +0800] "GET /xingrg/kc/buy/cgsh_order_operate.html?command=get_materiel&rest_code=00141&code=00101006193&supplier_code=00100012&order_time=2022-08-25 HTTP/1.1" 200 409
218.81.223.53 - - [25/Aug/2022:09:46:22 +0800] "GET /xingrg/all/function/internal_message.html?_=1661391989185&CODE_STATE=getMsg HTTP/1.1" 200 27
116.224.123.211 - - [25/Aug/2022:09:46:23 +0800] "GET /xingrg/all/function/internal_message.html?_=1661391999622&CODE_STATE=getMsg HTTP/1.1" 200 27
218.81.223.53 - - [25/Aug/2022:09:46:24 +0800] "GET /xingrg/all/function/internal_message.html?_=1661391995710&CODE_STATE=getMsg HTTP/1.1" 302 -
116.232.194.65 - - [25/Aug/2022:09:46:27 +0800] "GET /xingrg/all/function/internal_message.html?_=1661391954393&CODE_STATE=getMsg HTTP/1.1" 200 27
61.165.19.104 - - [25/Aug/2022:09:46:27 +0800] "GET /xingrg/check_reg.html?_=1661391854020 HTTP/1.1" 200 22
61.165.19.104 - - [25/Aug/2022:09:46:27 +0800] "GET /xingrg/all/function/internal_message.html?_=1661391854018&CODE_STATE=getMsg HTTP/1.1" 200 27
180.169.147.146 - - [25/Aug/2022:09:46:30 +0800] "GET /xingrg/check_reg.html?_=1661391988624 HTTP/1.1" 200 22
180.169.147.146 - - [25/Aug/2022:09:46:30 +0800] "GET /xingrg/all/function/internal_message.html?_=1661391988628&CODE_STATE=getMsg HTTP/1.1" 200 27
116.235.94.65 - - [25/Aug/2022:09:46:32 +0800] "POST /xingrg/kc/mdqp/pssh_list_operate.html HTTP/1.1" 200 792
116.235.94.65 - - [25/Aug/2022:09:46:32 +0800] "GET /xingrg/kc/mdqp/pssh_order_info.html?code=312022082200484 HTTP/1.1" 200 17301
116.235.94.65 - - [25/Aug/2022:09:46:32 +0800] "GET /xingrg/javascript/jquery_tools/jquery-1.4.2.min.js HTTP/1.1" 404 1094
116.235.94.65 - - [25/Aug/2022:09:46:32 +0800] "POST /xingrg/kc/mdqp/pssh_order_operate.html HTTP/1.1" 200 3158
116.235.94.65 - - [25/Aug/2022:09:46:32 +0800] "GET /xingrg/javascript/easyui/themes/default/validatebox.css HTTP/1.1" 404 1104
116.224.255.128 - - [25/Aug/2022:09:46:34 +0800] "GET /xingrg/all/function/internal_message.html?_=1661391917796&CODE_STATE=getMsg HTTP/1.1" 200 27
124.78.154.232 - - [25/Aug/2022:09:46:34 +0800] "GET /xingrg/all/function/internal_message.html?_=1661391999036&CODE_STATE=getMsg HTTP/1.1" 200 27
114.88.158.224 - - [25/Aug/2022:09:46:45 +0800] "POST /xingrg/kc/buy/cgsh_order_operate.html HTTP/1.1" 200 37
101.80.228.36 - - [25/Aug/2022:09:46:45 +0800] "GET /xingrg/all/function/internal_message.html?_=1661392002821&CODE_STATE=getMsg HTTP/1.1" 200 27
114.88.158.224 - - [25/Aug/2022:09:46:50 +0800] "POST /xingrg/kc/buy/cgsh_order_operate.html HTTP/1.1" 200 12
120.253.135.82 - - [25/Aug/2022:09:46:51 +0800] "GET /xingrg/check_reg.html?_=1661391813038 HTTP/1.1" 200 22
114.88.158.224 - - [25/Aug/2022:09:46:51 +0800] "GET /xingrg/kc/buy/cgsh_order_info.html?code=212022082508453 HTTP/1.1" 200 63320
114.88.158.224 - - [25/Aug/2022:09:46:52 +0800] "GET /xingrg/javascript/easyui/themes/default/validatebox.css HTTP/1.1" 404 1104
114.88.158.224 - - [25/Aug/2022:09:46:52 +0800] "POST /xingrg/kc/buy/cgsh_order_operate.html HTTP/1.1" 200 2959
120.253.135.82 - - [25/Aug/2022:09:46:53 +0800] "GET /xingrg/all/function/internal_message.html?_=1661391814882&CODE_STATE=getMsg HTTP/1.1" 200 27
114.88.158.224 - - [25/Aug/2022:09:46:56 +0800] "GET /xingrg/kc/print/load_data.html?order_code=212022082508453&kc_code=cgsh&condition= HTTP/1.1" 200 1687
61.165.19.104 - - [25/Aug/2022:09:46:59 +0800] "GET /xingrg/all/function/internal_message.html?_=1661392019777&CODE_STATE=getMsg HTTP/1.1" 200 27
116.235.94.65 - - [25/Aug/2022:09:47:06 +0800] "GET /xingrg/all/function/internal_message.html?_=1661392215484&CODE_STATE=getMsg HTTP/1.1" 200 27
114.84.5.35 - - [25/Aug/2022:09:47:07 +0800] "GET /xingrg/all/function/internal_message.html?_=1661392022824&CODE_STATE=getMsg HTTP/1.1" 200 27
180.169.147.146 - - [25/Aug/2022:09:47:12 +0800] "GET /xingrg/check_reg.html?_=1661392030552 HTTP/1.1" 200 22
180.169.147.146 - - [25/Aug/2022:09:47:12 +0800] "GET /xingrg/all/function/internal_message.html?_=1661392030556&CODE_STATE=getMsg HTTP/1.1" 200 27
114.88.158.224 - - [25/Aug/2022:09:47:18 +0800] "GET /xingrg/kc/buy/cgsh_order_add.html HTTP/1.1" 200 68417
114.88.158.224 - - [25/Aug/2022:09:47:19 +0800] "POST /xingrg/kc/buy/cgsh_order_operate.html HTTP/1.1" 200 8245
114.88.158.224 - - [25/Aug/2022:09:47:19 +0800] "GET /xingrg/javascript/easyui/themes/default/validatebox.css HTTP/1.1" 404 1104
116.235.94.65 - - [25/Aug/2022:09:47:20 +0800] "POST /xingrg/all/common/load_combo.html?type=employee HTTP/1.1" 200 445
116.224.255.128 - - [25/Aug/2022:09:47:21 +0800] "GET /xingrg/all/function/internal_message.html?_=1661392038742&CODE_STATE=getMsg HTTP/1.1" 200 27
218.81.223.53 - - [25/Aug/2022:09:47:22 +0800] "GET /xingrg/all/function/internal_message.html?_=1661392049199&CODE_STATE=getMsg HTTP/1.1" 200 27
116.224.123.211 - - [25/Aug/2022:09:47:23 +0800] "GET /xingrg/check_reg.html?_=1661392059623 HTTP/1.1" 200 22
116.224.123.211 - - [25/Aug/2022:09:47:23 +0800] "GET /xingrg/all/function/internal_message.html?_=1661392059627&CODE_STATE=getMsg HTTP/1.1" 200 27
218.81.223.53 - - [25/Aug/2022:09:47:24 +0800] "GET /xingrg/all/function/internal_message.html?_=1661392055725&CODE_STATE=getMsg HTTP/1.1" 302 -
116.232.194.65 - - [25/Aug/2022:09:47:27 +0800] "GET /xingrg/all/function/internal_message.html?_=1661392014383&CODE_STATE=getMsg HTTP/1.1" 200 27
61.165.19.104 - - [25/Aug/2022:09:47:27 +0800] "GET /xingrg/all/function/internal_message.html?_=1661391914043&CODE_STATE=getMsg HTTP/1.1" 200 27
180.169.147.146 - - [25/Aug/2022:09:47:30 +0800] "GET /xingrg/all/function/internal_message.html?_=1661392048616&CODE_STATE=getMsg HTTP/1.1" 200 27
