114.84.5.35 - - [25/Aug/2022:09:56:07 +0800] "GET /xingrg/all/function/internal_message.html?_=1661392562821&CODE_STATE=getMsg HTTP/1.1" 200 27
180.169.147.146 - - [25/Aug/2022:09:56:12 +0800] "GET /xingrg/all/function/internal_message.html?_=1661392570559&CODE_STATE=getMsg HTTP/1.1" 200 27
218.81.223.53 - - [25/Aug/2022:09:56:20 +0800] "GET /xingrg/check_reg.html?_=1661392586550 HTTP/1.1" 200 22
116.224.255.128 - - [25/Aug/2022:09:56:21 +0800] "GET /xingrg/all/function/internal_message.html?_=1661392578550&CODE_STATE=getMsg HTTP/1.1" 200 27
222.69.129.110 - - [25/Aug/2022:09:56:21 +0800] "GET /xingrg/all/function/internal_message.html?_=1661392651092&CODE_STATE=getMsg HTTP/1.1" 200 27
218.81.223.53 - - [25/Aug/2022:09:56:22 +0800] "GET /xingrg/all/function/internal_message.html?_=1661392589322&CODE_STATE=getMsg HTTP/1.1" 200 27
116.224.123.211 - - [25/Aug/2022:09:56:23 +0800] "GET /xingrg/all/function/internal_message.html?_=1661392599619&CODE_STATE=getMsg HTTP/1.1" 200 27
218.81.223.53 - - [25/Aug/2022:09:56:24 +0800] "GET /xingrg/all/function/internal_message.html?_=1661392596064&CODE_STATE=getMsg HTTP/1.1" 302 -
116.232.194.65 - - [25/Aug/2022:09:56:27 +0800] "GET /xingrg/all/function/internal_message.html?_=1661392554396&CODE_STATE=getMsg HTTP/1.1" 200 27
61.165.19.104 - - [25/Aug/2022:09:56:27 +0800] "GET /xingrg/all/function/internal_message.html?_=1661392454049&CODE_STATE=getMsg HTTP/1.1" 200 27
61.165.19.104 - - [25/Aug/2022:09:56:27 +0800] "GET /xingrg/check_reg.html?_=1661392454050 HTTP/1.1" 200 22
180.169.147.146 - - [25/Aug/2022:09:56:30 +0800] "GET /xingrg/all/function/internal_message.html?_=1661392588618&CODE_STATE=getMsg HTTP/1.1" 200 27
180.169.147.146 - - [25/Aug/2022:09:56:30 +0800] "GET /xingrg/check_reg.html?_=1661392588623 HTTP/1.1" 200 22
116.224.255.128 - - [25/Aug/2022:09:56:34 +0800] "GET /xingrg/all/function/internal_message.html?_=1661392517978&CODE_STATE=getMsg HTTP/1.1" 200 27
124.78.154.232 - - [25/Aug/2022:09:56:34 +0800] "GET /xingrg/all/function/internal_message.html?_=1661392599058&CODE_STATE=getMsg HTTP/1.1" 200 27
101.80.228.36 - - [25/Aug/2022:09:56:45 +0800] "GET /xingrg/all/function/internal_message.html?_=1661392602631&CODE_STATE=getMsg HTTP/1.1" 200 27
114.88.158.224 - - [25/Aug/2022:09:56:47 +0800] "GET /xingrg/all/function/internal_message.html?_=1661392271171&CODE_STATE=getMsg HTTP/1.1" 200 27
114.88.158.224 - - [25/Aug/2022:09:56:47 +0800] "GET /xingrg/check_reg.html?_=1661392271421 HTTP/1.1" 200 22
120.253.135.82 - - [25/Aug/2022:09:56:51 +0800] "GET /xingrg/check_reg.html?_=1661392413480 HTTP/1.1" 200 22
120.253.135.82 - - [25/Aug/2022:09:56:53 +0800] "GET /xingrg/all/function/internal_message.html?_=1661392415345&CODE_STATE=getMsg HTTP/1.1" 200 27
61.165.19.104 - - [25/Aug/2022:09:56:59 +0800] "GET /xingrg/all/function/internal_message.html?_=1661392619508&CODE_STATE=getMsg HTTP/1.1" 200 27
116.235.94.65 - - [25/Aug/2022:09:57:06 +0800] "GET /xingrg/all/function/internal_message.html?_=1661392815353&CODE_STATE=getMsg HTTP/1.1" 200 27
114.84.5.35 - - [25/Aug/2022:09:57:07 +0800] "GET /xingrg/all/function/internal_message.html?_=1661392622823&CODE_STATE=getMsg HTTP/1.1" 200 27
180.169.147.146 - - [25/Aug/2022:09:57:12 +0800] "GET /xingrg/check_reg.html?_=1661392630562 HTTP/1.1" 200 22
180.169.147.146 - - [25/Aug/2022:09:57:12 +0800] "GET /xingrg/all/function/internal_message.html?_=1661392630564&CODE_STATE=getMsg HTTP/1.1" 200 27
222.69.129.110 - - [25/Aug/2022:09:57:18 +0800] "GET /xingrg/kc/buy/cgsh_order_operate.html?command=get_materiel&rest_code=00154&code=00101001280&supplier_code=00100466&order_time=2022-08-20 HTTP/1.1" 200 399
116.224.255.128 - - [25/Aug/2022:09:57:21 +0800] "GET /xingrg/all/function/internal_message.html?_=1661392638535&CODE_STATE=getMsg HTTP/1.1" 200 27
222.69.129.110 - - [25/Aug/2022:09:57:21 +0800] "GET /xingrg/all/function/internal_message.html?_=1661392711091&CODE_STATE=getMsg HTTP/1.1" 200 27
218.81.223.53 - - [25/Aug/2022:09:57:22 +0800] "GET /xingrg/all/function/internal_message.html?_=1661392649334&CODE_STATE=getMsg HTTP/1.1" 200 27
116.224.123.211 - - [25/Aug/2022:09:57:23 +0800] "GET /xingrg/all/function/internal_message.html?_=1661392659620&CODE_STATE=getMsg HTTP/1.1" 200 27
116.224.123.211 - - [25/Aug/2022:09:57:23 +0800] "GET /xingrg/check_reg.html?_=1661392659622 HTTP/1.1" 200 22
218.81.223.53 - - [25/Aug/2022:09:57:24 +0800] "GET /xingrg/all/function/internal_message.html?_=1661392656079&CODE_STATE=getMsg HTTP/1.1" 302 -
116.232.194.65 - - [25/Aug/2022:09:57:27 +0800] "GET /xingrg/all/function/internal_message.html?_=1661392614387&CODE_STATE=getMsg HTTP/1.1" 200 27
61.165.19.104 - - [25/Aug/2022:09:57:27 +0800] "GET /xingrg/all/function/internal_message.html?_=1661392514047&CODE_STATE=getMsg HTTP/1.1" 200 27
180.169.147.146 - - [25/Aug/2022:09:57:30 +0800] "GET /xingrg/all/function/internal_message.html?_=1661392648620&CODE_STATE=getMsg HTTP/1.1" 200 27
116.224.255.128 - - [25/Aug/2022:09:57:34 +0800] "GET /xingrg/all/function/internal_message.html?_=1661392578007&CODE_STATE=getMsg HTTP/1.1" 200 27
124.78.154.232 - - [25/Aug/2022:09:57:34 +0800] "GET /xingrg/all/function/internal_message.html?_=1661392659084&CODE_STATE=getMsg HTTP/1.1" 200 27
116.224.255.128 - - [25/Aug/2022:09:57:40 +0800] "GET /xingrg/kc/buy/cgsh_order_list.html HTTP/1.1" 200 52639
222.69.129.110 - - [25/Aug/2022:09:57:41 +0800] "GET /xingrg/kc/buy/cgsh_order_operate.html?command=get_materiel&rest_code=00154&code=00101008350&supplier_code=00100466&order_time=2022-08-20 HTTP/1.1" 200 409
116.224.255.128 - - [25/Aug/2022:09:57:42 +0800] "POST /xingrg/kc/buy/cgsh_list_operate.html HTTP/1.1" 200 752
101.80.228.36 - - [25/Aug/2022:09:57:45 +0800] "GET /xingrg/all/function/internal_message.html?_=1661392662616&CODE_STATE=getMsg HTTP/1.1" 200 27
116.224.255.128 - - [25/Aug/2022:09:57:46 +0800] "GET /xingrg/kc/buy/cgsh_order_add.html HTTP/1.1" 200 68027
114.88.158.224 - - [25/Aug/2022:09:57:47 +0800] "GET /xingrg/all/function/internal_message.html?_=1661392331152&CODE_STATE=getMsg HTTP/1.1" 200 27
116.224.255.128 - - [25/Aug/2022:09:57:47 +0800] "POST /xingrg/kc/buy/cgsh_order_operate.html HTTP/1.1" 200 8245
116.224.255.128 - - [25/Aug/2022:09:57:47 +0800] "GET /xingrg/javascript/easyui/themes/default/validatebox.css HTTP/1.1" 404 1104
116.224.255.128 - - [25/Aug/2022:09:57:51 +0800] "GET /xingrg/javascript/auto/indicator.gif HTTP/1.1" 404 1066
120.253.135.82 - - [25/Aug/2022:09:57:53 +0800] "GET /xingrg/all/function/internal_message.html?_=1661392475359&CODE_STATE=getMsg HTTP/1.1" 200 27
61.165.19.104 - - [25/Aug/2022:09:57:59 +0800] "GET /xingrg/all/function/internal_message.html?_=1661392679489&CODE_STATE=getMsg HTTP/1.1" 200 27
180.169.147.146 - - [25/Aug/2022:09:58:05 +0800] "GET /xingrg/check_reg.html?_=1661392685729 HTTP/1.1" 200 22
116.235.94.65 - - [25/Aug/2022:09:58:06 +0800] "GET /xingrg/all/function/internal_message.html?_=1661392875325&CODE_STATE=getMsg HTTP/1.1" 200 27
114.84.5.35 - - [25/Aug/2022:09:58:07 +0800] "GET /xingrg/all/function/internal_message.html?_=1661392682826&CODE_STATE=getMsg HTTP/1.1" 200 27
114.84.5.35 - - [25/Aug/2022:09:58:07 +0800] "GET /xingrg/check_reg.html?_=1661392682839 HTTP/1.1" 200 22
116.224.255.128 - - [25/Aug/2022:09:58:08 +0800] "POST /xingrg/services/DataTransmitService HTTP/1.1" 200 524
180.169.147.146 - - [25/Aug/2022:09:58:12 +0800] "GET /xingrg/all/function/internal_message.html?_=1661392690553&CODE_STATE=getMsg HTTP/1.1" 200 27
116.224.255.128 - - [25/Aug/2022:09:58:21 +0800] "GET /xingrg/all/function/internal_message.html?_=1661392698522&CODE_STATE=getMsg HTTP/1.1" 200 27
222.69.129.110 - - [25/Aug/2022:09:58:21 +0800] "GET /xingrg/all/function/internal_message.html?_=1661392771088&CODE_STATE=getMsg HTTP/1.1" 200 27
218.81.223.53 - - [25/Aug/2022:09:58:22 +0800] "GET /xingrg/all/function/internal_message.html?_=1661392709348&CODE_STATE=getMsg HTTP/1.1" 200 27
116.224.123.211 - - [25/Aug/2022:09:58:23 +0800] "GET /xingrg/all/function/internal_message.html?_=1661392719621&CODE_STATE=getMsg HTTP/1.1" 200 27
218.81.223.53 - - [25/Aug/2022:09:58:24 +0800] "GET /xingrg/all/function/internal_message.html?_=1661392716230&CODE_STATE=getMsg HTTP/1.1" 302 -
116.232.194.65 - - [25/Aug/2022:09:58:27 +0800] "GET /xingrg/all/function/internal_message.html?_=1661392674382&CODE_STATE=getMsg HTTP/1.1" 200 27
61.165.19.104 - - [25/Aug/2022:09:58:27 +0800] "GET /xingrg/all/function/internal_message.html?_=1661392574045&CODE_STATE=getMsg HTTP/1.1" 200 27
180.169.147.146 - - [25/Aug/2022:09:58:30 +0800] "GET /xingrg/all/function/internal_message.html?_=1661392708616&CODE_STATE=getMsg HTTP/1.1" 200 27
116.224.255.128 - - [25/Aug/2022:09:58:34 +0800] "GET /xingrg/kc/buy/cgsh_order_operate.html?command=get_materiel&rest_code=00151&code=00101009001&supplier_code=00100026&order_time=2022-08-25 HTTP/1.1" 200 416
116.224.255.128 - - [25/Aug/2022:09:58:34 +0800] "GET /xingrg/all/function/internal_message.html?_=1661392638022&CODE_STATE=getMsg HTTP/1.1" 200 27
124.78.154.232 - - [25/Aug/2022:09:58:34 +0800] "GET /xingrg/all/function/internal_message.html?_=1661392719083&CODE_STATE=getMsg HTTP/1.1" 200 27
124.78.154.232 - - [25/Aug/2022:09:58:36 +0800] "GET /xingrg/check_reg.html?_=1661392719086 HTTP/1.1" 200 22
101.80.228.36 - - [25/Aug/2022:09:58:45 +0800] "GET /xingrg/all/function/internal_message.html?_=1661392722585&CODE_STATE=getMsg HTTP/1.1" 200 27
114.88.158.224 - - [25/Aug/2022:09:58:47 +0800] "GET /xingrg/all/function/internal_message.html?_=1661392391149&CODE_STATE=getMsg HTTP/1.1" 200 27
120.253.135.82 - - [25/Aug/2022:09:58:53 +0800] "GET /xingrg/all/function/internal_message.html?_=1661392535373&CODE_STATE=getMsg HTTP/1.1" 200 27
101.80.228.36 - - [25/Aug/2022:09:58:58 +0800] "GET /xingrg/kc/base/kc_stocks.html HTTP/1.1" 200 16443
101.80.228.36 - - [25/Aug/2022:09:58:58 +0800] "GET /xingrg/javascript/easyui/themes/default/tree.css HTTP/1.1" 404 1090
101.80.228.36 - - [25/Aug/2022:09:58:58 +0800] "GET /xingrg/all/common/auto_word.html?type=base&rest_code=00156 HTTP/1.1" 200 1903
101.80.228.36 - - [25/Aug/2022:09:58:58 +0800] "POST /xingrg/all/common/load_tree.html?tree=materiel_sort_tree_json HTTP/1.1" 200 9500
61.165.19.104 - - [25/Aug/2022:09:58:59 +0800] "GET /xingrg/all/function/internal_message.html?_=1661392739459&CODE_STATE=getMsg HTTP/1.1" 200 27
58.221.95.50 - - [25/Aug/2022:09:59:00 +0800] "GET /xingrg/check_reg.html?_=1661392737832 HTTP/1.1" 302 -
61.165.19.104 - - [25/Aug/2022:09:59:00 +0800] "GET /xingrg/check_reg.html?_=1661392740710 HTTP/1.1" 200 22
101.80.228.36 - - [25/Aug/2022:09:59:02 +0800] "POST /xingrg/kc/base/stock_operate.html HTTP/1.1" 200 765
116.224.255.128 - - [25/Aug/2022:09:59:05 +0800] "POST /xingrg/all/user/operate.html HTTP/1.1" 200 36
101.80.228.36 - - [25/Aug/2022:09:59:06 +0800] "POST /xingrg/kc/base/stock_operate.html HTTP/1.1" 200 1658
116.224.255.128 - - [25/Aug/2022:09:59:06 +0800] "GET /xingrg/index.html?sysBaseUrl=http%3A%2F%2F180.169.147.146%3A18081%2Fxingrg%2F&costTime=41×tamp=1661307309961 HTTP/1.1" 200 17179
116.224.255.128 - - [25/Aug/2022:09:59:06 +0800] "GET /xingrg/javascript/jquery_easy_ui/themes/default/easyui.css HTTP/1.1" 304 -
116.224.255.128 - - [25/Aug/2022:09:59:06 +0800] "GET /xingrg/javascript/jquery_easy_ui/themes/icon.css HTTP/1.1" 304 -
116.224.255.128 - - [25/Aug/2022:09:59:06 +0800] "GET /xingrg/css/form.css HTTP/1.1" 304 -
116.224.255.128 - - [25/Aug/2022:09:59:06 +0800] "GET /xingrg/javascript/jquery-1.4.2.min.js HTTP/1.1" 304 -
116.235.94.65 - - [25/Aug/2022:09:59:06 +0800] "GET /xingrg/all/function/internal_message.html?_=1661392935300&CODE_STATE=getMsg HTTP/1.1" 200 27
116.224.255.128 - - [25/Aug/2022:09:59:06 +0800] "GET /xingrg/javascript/jquery_easy_ui/jquery.easyui.min.js HTTP/1.1" 304 -
116.224.255.128 - - [25/Aug/2022:09:59:06 +0800] "GET /xingrg/javascript/jquery_easy_ui/easyui-lang-zh_CN.js HTTP/1.1" 304 -
116.224.255.128 - - [25/Aug/2022:09:59:06 +0800] "GET /xingrg/javascript/jquery.form.js HTTP/1.1" 304 -
116.224.255.128 - - [25/Aug/2022:09:59:06 +0800] "GET /xingrg/javascript/jquery.utils.js HTTP/1.1" 304 -
116.224.255.128 - - [25/Aug/2022:09:59:06 +0800] "GET /xingrg/javascript/jquery.timers.js HTTP/1.1" 304 -
116.224.255.128 - - [25/Aug/2022:09:59:06 +0800] "GET /xingrg/images/blue/jxLogo.png HTTP/1.1" 304 -
116.224.255.128 - - [25/Aug/2022:09:59:06 +0800] "GET /xingrg/images/blue/navBackgound.jpg HTTP/1.1" 304 -
116.224.255.128 - - [25/Aug/2022:09:59:06 +0800] "GET /xingrg/javascript/jquery_easy_ui/themes/icons/settle_new.png HTTP/1.1" 304 -
116.235.94.65 - - [25/Aug/2022:09:59:06 +0800] "GET /xingrg/check_reg.html?_=1661392935441 HTTP/1.1" 200 22
116.224.255.128 - - [25/Aug/2022:09:59:06 +0800] "POST /xingrg/all/common/load_tree.html?tree=area_rest_tree_json&manage=1 HTTP/1.1" 200 476
116.224.255.128 - - [25/Aug/2022:09:59:06 +0800] "GET /xingrg/images/blue/pingpu.png HTTP/1.1" 304 -
116.224.255.128 - - [25/Aug/2022:09:59:06 +0800] "GET /xingrg/javascript/jquery_easy_ui/themes/default/images/tabs_leftarrow.png HTTP/1.1" 304 -
116.224.255.128 - - [25/Aug/2022:09:59:06 +0800] "GET /xingrg/javascript/jquery_easy_ui/themes/default/images/panel_tool_collapse.gif HTTP/1.1" 304 -
116.224.255.128 - - [25/Aug/2022:09:59:07 +0800] "GET /xingrg/all/function/internal_message.html?_=1661392670544&CODE_STATE=count HTTP/1.1" 200 11
116.224.255.128 - - [25/Aug/2022:09:59:07 +0800] "GET /xingrg/check_reg.html?_=1661392670544 HTTP/1.1" 200 22
116.224.255.128 - - [25/Aug/2022:09:59:07 +0800] "GET /xingrg/javascript/jquery_easy_ui/themes/default/images/tabs_rightarrow.png HTTP/1.1" 304 -
116.224.255.128 - - [25/Aug/2022:09:59:07 +0800] "GET /xingrg/javascript/jquery_easy_ui/themes/default/images/tree_arrows.gif HTTP/1.1" 304 -
116.224.255.128 - - [25/Aug/2022:09:59:07 +0800] "POST /xingrg/load_menu.html HTTP/1.1" 200 5138
114.84.5.35 - - [25/Aug/2022:09:59:07 +0800] "GET /xingrg/all/function/internal_message.html?_=1661392742823&CODE_STATE=getMsg HTTP/1.1" 200 27
101.80.228.36 - - [25/Aug/2022:09:59:09 +0800] "GET /xingrg/kc/base/stock_detail.html?m=00102012014 HTTP/1.1" 200 7438
116.224.255.128 - - [25/Aug/2022:09:59:10 +0800] "GET /xingrg/kc/buy/cgsh_order_list.html HTTP/1.1" 200 52641
116.224.255.128 - - [25/Aug/2022:09:59:11 +0800] "POST /xingrg/kc/buy/cgsh_list_operate.html HTTP/1.1" 200 752
180.169.147.146 - - [25/Aug/2022:09:59:12 +0800] "GET /xingrg/all/function/internal_message.html?_=1661392750568&CODE_STATE=getMsg HTTP/1.1" 200 27
116.224.255.128 - - [25/Aug/2022:09:59:13 +0800] "GET /xingrg/kc/buy/cgsh_order_add.html HTTP/1.1" 200 68429
116.224.255.128 - - [25/Aug/2022:09:59:13 +0800] "GET /xingrg/javascript/easyui/themes/default/validatebox.css HTTP/1.1" 404 1104
101.80.228.36 - - [25/Aug/2022:09:59:13 +0800] "GET /xingrg/kc/base/stock_operate.html?_=1661392751114&command=get_report_file&start_day=20190803 HTTP/1.1" 200 21
101.80.228.36 - - [25/Aug/2022:09:59:13 +0800] "GET /xingrg/all/report/report_query.html?isQuery=1&onlyBody=1&rh=2000&fileName=kc/base/kc_stock_detail.xml&queryString=(1=1)&queryText=&tableQueryString=init_table$sp1$$sp$crk_table$sp1$order_day%20between%2020190803%20and%2020220831&varString=start_day:20190803,materiel_code:00102012014,cost_id:undefined,end_date:undefined HTTP/1.1" 200 48699
116.224.255.128 - - [25/Aug/2022:09:59:13 +0800] "POST /xingrg/kc/buy/cgsh_order_operate.html HTTP/1.1" 200 8245
101.80.228.36 - - [25/Aug/2022:09:59:13 +0800] "GET /xingrg/dwr/interface/AjaxReportQueryService.js HTTP/1.1" 200 13203
101.80.228.36 - - [25/Aug/2022:09:59:13 +0800] "GET /xingrg/dwr/engine.js HTTP/1.1" 200 43631
116.224.255.128 - - [25/Aug/2022:09:59:14 +0800] "GET /xingrg/javascript/auto/indicator.gif HTTP/1.1" 404 1066
101.80.228.36 - - [25/Aug/2022:09:59:15 +0800] "POST /xingrg/all/report/load_report_page.html HTTP/1.1" 200 89
116.224.255.128 - - [25/Aug/2022:09:59:21 +0800] "GET /xingrg/all/function/internal_message.html?_=1661392758507&CODE_STATE=getMsg HTTP/1.1" 200 27
222.69.129.110 - - [25/Aug/2022:09:59:21 +0800] "GET /xingrg/all/function/internal_message.html?_=1661392831090&CODE_STATE=getMsg HTTP/1.1" 200 27
218.81.223.53 - - [25/Aug/2022:09:59:22 +0800] "GET /xingrg/all/function/internal_message.html?_=1661392769369&CODE_STATE=getMsg HTTP/1.1" 200 27
116.224.255.128 - - [25/Aug/2022:09:59:23 +0800] "GET /xingrg/kc/buy/cgsh_order_operate.html?command=get_materiel&rest_code=00150&code=00101009001&supplier_code=00100026&order_time=2022-08-25 HTTP/1.1" 200 416
116.224.123.211 - - [25/Aug/2022:09:59:23 +0800] "GET /xingrg/all/function/internal_message.html?_=1661392779622&CODE_STATE=getMsg HTTP/1.1" 200 27
218.81.223.53 - - [25/Aug/2022:09:59:24 +0800] "GET /xingrg/all/function/internal_message.html?_=1661392776246&CODE_STATE=getMsg HTTP/1.1" 302 -
116.232.194.65 - - [25/Aug/2022:09:59:27 +0800] "GET /xingrg/all/function/internal_message.html?_=1661392734395&CODE_STATE=getMsg HTTP/1.1" 200 27
61.165.19.104 - - [25/Aug/2022:09:59:27 +0800] "GET /xingrg/all/function/internal_message.html?_=1661392634044&CODE_STATE=getMsg HTTP/1.1" 200 27
180.169.147.146 - - [25/Aug/2022:09:59:30 +0800] "GET /xingrg/all/function/internal_message.html?_=1661392768631&CODE_STATE=getMsg HTTP/1.1" 200 27
218.81.223.53 - - [25/Aug/2022:09:59:31 +0800] "GET /xingrg/check_reg.html?_=1661392783105 HTTP/1.1" 302 -
124.78.154.232 - - [25/Aug/2022:09:59:34 +0800] "GET /xingrg/all/function/internal_message.html?_=1661392779087&CODE_STATE=getMsg HTTP/1.1" 200 27
116.224.255.128 - - [25/Aug/2022:09:59:36 +0800] "GET /xingrg/kc/buy/cgsh_order_operate.html?command=get_materiel&rest_code=00150&code=00101009062&supplier_code=00100026&order_time=2022-08-25 HTTP/1.1" 200 412
116.224.255.128 - - [25/Aug/2022:09:59:45 +0800] "GET /xingrg/kc/buy/cgsh_order_operate.html?command=get_materiel&rest_code=00150&code=00101009124&supplier_code=00100026&order_time=2022-08-25 HTTP/1.1" 200 416
101.80.228.36 - - [25/Aug/2022:09:59:45 +0800] "GET /xingrg/all/function/internal_message.html?_=1661392782571&CODE_STATE=getMsg HTTP/1.1" 200 27
114.88.158.224 - - [25/Aug/2022:09:59:47 +0800] "GET /xingrg/all/function/internal_message.html?_=1661392451118&CODE_STATE=getMsg HTTP/1.1" 200 27
120.253.135.82 - - [25/Aug/2022:09:59:53 +0800] "GET /xingrg/all/function/internal_message.html?_=1661392595550&CODE_STATE=getMsg HTTP/1.1" 200 27
116.224.255.128 - - [25/Aug/2022:09:59:54 +0800] "GET /xingrg/kc/buy/cgsh_order_operate.html?command=get_materiel&rest_code=00150&code=00101009011&supplier_code=00100026&order_time=2022-08-25 HTTP/1.1" 200 416
61.165.19.104 - - [25/Aug/2022:09:59:59 +0800] "GET /xingrg/all/function/internal_message.html?_=1661392799439&CODE_STATE=getMsg HTTP/1.1" 200 27
116.224.255.128 - - [25/Aug/2022:10:00:02 +0800] "GET /xingrg/kc/buy/cgsh_order_operate.html?command=get_materiel&rest_code=00150&code=00101009044&supplier_code=00100026&order_time=2022-08-25 HTTP/1.1" 200 412
101.80.228.36 - - [25/Aug/2022:10:00:06 +0800] "GET /xingrg/check_reg.html?_=1661392803525 HTTP/1.1" 200 22
116.235.94.65 - - [25/Aug/2022:10:00:06 +0800] "GET /xingrg/all/function/internal_message.html?_=1661392995281&CODE_STATE=getMsg HTTP/1.1" 200 27
116.224.255.128 - - [25/Aug/2022:10:00:07 +0800] "GET /xingrg/all/function/internal_message.html?_=1661392730546&CODE_STATE=getMsg HTTP/1.1" 200 27
114.84.5.35 - - [25/Aug/2022:10:00:07 +0800] "GET /xingrg/all/function/internal_message.html?_=1661392802825&CODE_STATE=getMsg HTTP/1.1" 200 27
222.69.129.110 - - [25/Aug/2022:10:00:09 +0800] "POST /xingrg/kc/buy/cgsh_order_operate.html HTTP/1.1" 200 37
222.69.129.110 - - [25/Aug/2022:10:00:11 +0800] "POST /xingrg/kc/buy/cgsh_order_operate.html HTTP/1.1" 200 18719
180.169.147.146 - - [25/Aug/2022:10:00:12 +0800] "GET /xingrg/all/function/internal_message.html?_=1661392810563&CODE_STATE=getMsg HTTP/1.1" 200 27
116.224.255.128 - - [25/Aug/2022:10:00:14 +0800] "GET /xingrg/kc/buy/cgsh_order_operate.html?command=get_materiel&rest_code=00150&code=00101009015&supplier_code=00100026&order_time=2022-08-25 HTTP/1.1" 200 416
116.224.255.128 - - [25/Aug/2022:10:00:21 +0800] "GET /xingrg/all/function/internal_message.html?_=1661392818491&CODE_STATE=getMsg HTTP/1.1" 200 27
222.69.129.110 - - [25/Aug/2022:10:00:21 +0800] "GET /xingrg/check_reg.html?_=1661392891099 HTTP/1.1" 200 22
222.69.129.110 - - [25/Aug/2022:10:00:21 +0800] "GET /xingrg/all/function/internal_message.html?_=1661392891100&CODE_STATE=getMsg HTTP/1.1" 200 27
116.224.255.128 - - [25/Aug/2022:10:00:22 +0800] "GET /xingrg/check_reg.html?_=1661392819163 HTTP/1.1" 200 22
218.81.223.53 - - [25/Aug/2022:10:00:22 +0800] "GET /xingrg/all/function/internal_message.html?_=1661392829375&CODE_STATE=getMsg HTTP/1.1" 200 27
116.224.123.211 - - [25/Aug/2022:10:00:23 +0800] "GET /xingrg/all/function/internal_message.html?_=1661392839621&CODE_STATE=getMsg HTTP/1.1" 200 27
218.81.223.53 - - [25/Aug/2022:10:00:24 +0800] "GET /xingrg/all/function/internal_message.html?_=1661392836370&CODE_STATE=getMsg HTTP/1.1" 302 -
116.232.194.65 - - [25/Aug/2022:10:00:27 +0800] "GET /xingrg/check_reg.html?_=1661392794397 HTTP/1.1" 200 22
116.232.194.65 - - [25/Aug/2022:10:00:27 +0800] "GET /xingrg/all/function/internal_message.html?_=1661392794400&CODE_STATE=getMsg HTTP/1.1" 200 27
61.165.19.104 - - [25/Aug/2022:10:00:27 +0800] "GET /xingrg/all/function/internal_message.html?_=1661392694042&CODE_STATE=getMsg HTTP/1.1" 200 27
180.169.147.146 - - [25/Aug/2022:10:00:30 +0800] "GET /xingrg/all/function/internal_message.html?_=1661392828627&CODE_STATE=getMsg HTTP/1.1" 200 27
116.224.255.128 - - [25/Aug/2022:10:00:33 +0800] "GET /xingrg/kc/buy/cgsh_order_operate.html?command=get_materiel&rest_code=00150&code=00101009016&supplier_code=00100026&order_time=2022-08-25 HTTP/1.1" 200 412
124.78.154.232 - - [25/Aug/2022:10:00:34 +0800] "GET /xingrg/all/function/internal_message.html?_=1661392839086&CODE_STATE=getMsg HTTP/1.1" 200 27
222.69.129.110 - - [25/Aug/2022:10:00:35 +0800] "POST /xingrg/kc/buy/cgsh_order_operate.html HTTP/1.1" 200 37
116.224.255.128 - - [25/Aug/2022:10:00:42 +0800] "GET /xingrg/kc/buy/cgsh_order_operate.html?command=get_materiel&rest_code=00150&code=00101009013&supplier_code=00100026&order_time=2022-08-25 HTTP/1.1" 200 420
101.80.228.36 - - [25/Aug/2022:10:00:45 +0800] "GET /xingrg/all/function/internal_message.html?_=1661392842542&CODE_STATE=getMsg HTTP/1.1" 200 27
114.88.158.224 - - [25/Aug/2022:10:00:47 +0800] "GET /xingrg/all/function/internal_message.html?_=1661392511088&CODE_STATE=getMsg HTTP/1.1" 200 27
222.69.129.110 - - [25/Aug/2022:10:00:50 +0800] "POST /xingrg/kc/buy/cgsh_order_operate.html HTTP/1.1" 200 18719
116.224.255.128 - - [25/Aug/2022:10:00:50 +0800] "POST /xingrg/kc/buy/cgsh_order_operate.html HTTP/1.1" 200 37
222.69.129.110 - - [25/Aug/2022:10:00:53 +0800] "GET /xingrg/javascript/jquery_easy_ui/themes/default/images/tabs_active.png HTTP/1.1" 200 2894
120.253.135.82 - - [25/Aug/2022:10:00:53 +0800] "GET /xingrg/all/function/internal_message.html?_=1661392655555&CODE_STATE=getMsg HTTP/1.1" 200 27
116.224.255.128 - - [25/Aug/2022:10:00:54 +0800] "POST /xingrg/kc/buy/cgsh_order_operate.html HTTP/1.1" 200 12
116.224.255.128 - - [25/Aug/2022:10:00:55 +0800] "GET /xingrg/kc/buy/cgsh_order_info.html?code=212022082508455 HTTP/1.1" 200 63336
116.224.255.128 - - [25/Aug/2022:10:00:56 +0800] "GET /xingrg/javascript/easyui/themes/default/validatebox.css HTTP/1.1" 404 1104
116.224.255.128 - - [25/Aug/2022:10:00:56 +0800] "POST /xingrg/kc/buy/cgsh_order_operate.html HTTP/1.1" 200 4762
116.224.255.128 - - [25/Aug/2022:10:00:57 +0800] "GET /xingrg/kc/print/load_data.html?order_code=212022082508455&kc_code=cgsh&condition= HTTP/1.1" 200 2374
61.165.19.104 - - [25/Aug/2022:10:00:59 +0800] "GET /xingrg/all/function/internal_message.html?_=1661392859415&CODE_STATE=getMsg HTTP/1.1" 200 27
222.69.129.110 - - [25/Aug/2022:10:01:01 +0800] "POST /xingrg/kc/buy/cgsh_list_operate.html HTTP/1.1" 200 568
116.235.94.65 - - [25/Aug/2022:10:01:06 +0800] "GET /xingrg/all/function/internal_message.html?_=1661393055254&CODE_STATE=getMsg HTTP/1.1" 200 27
116.224.255.128 - - [25/Aug/2022:10:01:07 +0800] "GET /xingrg/all/function/internal_message.html?_=1661392790559&CODE_STATE=getMsg HTTP/1.1" 200 27
114.84.5.35 - - [25/Aug/2022:10:01:07 +0800] "GET /xingrg/all/function/internal_message.html?_=1661392862827&CODE_STATE=getMsg HTTP/1.1" 200 27
222.69.129.110 - - [25/Aug/2022:10:01:10 +0800] "GET /xingrg/kc/buy/cgsh_order_info.html?code=212022081906453 HTTP/1.1" 200 67620
222.69.129.110 - - [25/Aug/2022:10:01:10 +0800] "GET /xingrg/javascript/easyui/themes/default/validatebox.css HTTP/1.1" 404 1104
222.69.129.110 - - [25/Aug/2022:10:01:11 +0800] "POST /xingrg/kc/buy/cgsh_order_operate.html HTTP/1.1" 200 6196
180.169.147.146 - - [25/Aug/2022:10:01:12 +0800] "GET /xingrg/all/function/internal_message.html?_=1661392870554&CODE_STATE=getMsg HTTP/1.1" 200 27
218.81.223.53 - - [25/Aug/2022:10:01:20 +0800] "GET /xingrg/check_reg.html?_=1661392886557 HTTP/1.1" 200 22
116.224.255.128 - - [25/Aug/2022:10:01:20 +0800] "POST /xingrg/all/user/operate.html HTTP/1.1" 200 36
116.224.255.128 - - [25/Aug/2022:10:01:21 +0800] "GET /xingrg/index.html?sysBaseUrl=http%3A%2F%2F180.169.147.146%3A18081%2Fxingrg%2F&costTime=41×tamp=1661307309961 HTTP/1.1" 200 17177
116.224.255.128 - - [25/Aug/2022:10:01:21 +0800] "GET /xingrg/javascript/jquery_easy_ui/themes/default/easyui.css HTTP/1.1" 304 -
116.224.255.128 - - [25/Aug/2022:10:01:21 +0800] "GET /xingrg/javascript/jquery_easy_ui/themes/icon.css HTTP/1.1" 304 -
116.224.255.128 - - [25/Aug/2022:10:01:21 +0800] "GET /xingrg/css/form.css HTTP/1.1" 304 -
116.224.255.128 - - [25/Aug/2022:10:01:21 +0800] "GET /xingrg/javascript/jquery-1.4.2.min.js HTTP/1.1" 304 -
116.224.255.128 - - [25/Aug/2022:10:01:21 +0800] "GET /xingrg/javascript/jquery_easy_ui/jquery.easyui.min.js HTTP/1.1" 304 -
116.224.255.128 - - [25/Aug/2022:10:01:21 +0800] "GET /xingrg/javascript/jquery_easy_ui/easyui-lang-zh_CN.js HTTP/1.1" 304 -
116.224.255.128 - - [25/Aug/2022:10:01:21 +0800] "GET /xingrg/javascript/jquery.form.js HTTP/1.1" 304 -
116.224.255.128 - - [25/Aug/2022:10:01:21 +0800] "GET /xingrg/javascript/jquery.utils.js HTTP/1.1" 304 -
116.224.255.128 - - [25/Aug/2022:10:01:21 +0800] "GET /xingrg/javascript/jquery.timers.js HTTP/1.1" 304 -
116.224.255.128 - - [25/Aug/2022:10:01:21 +0800] "GET /xingrg/images/blue/navBackgound.jpg HTTP/1.1" 304 -
116.224.255.128 - - [25/Aug/2022:10:01:21 +0800] "GET /xingrg/images/blue/jxLogo.png HTTP/1.1" 304 -
116.224.255.128 - - [25/Aug/2022:10:01:21 +0800] "GET /xingrg/javascript/jquery_easy_ui/themes/icons/settle_new.png HTTP/1.1" 304 -
116.224.255.128 - - [25/Aug/2022:10:01:21 +0800] "POST /xingrg/all/common/load_tree.html?tree=area_rest_tree_json&manage=1 HTTP/1.1" 200 476
116.224.255.128 - - [25/Aug/2022:10:01:21 +0800] "GET /xingrg/images/blue/pingpu.png HTTP/1.1" 304 -
116.224.255.128 - - [25/Aug/2022:10:01:21 +0800] "GET /xingrg/javascript/jquery_easy_ui/themes/default/images/tabs_leftarrow.png HTTP/1.1" 304 -
116.224.255.128 - - [25/Aug/2022:10:01:21 +0800] "GET /xingrg/javascript/jquery_easy_ui/themes/default/images/panel_tool_collapse.gif HTTP/1.1" 304 -
116.224.255.128 - - [25/Aug/2022:10:01:21 +0800] "GET /xingrg/all/function/internal_message.html?_=1661392878482&CODE_STATE=getMsg HTTP/1.1" 200 27
116.224.255.128 - - [25/Aug/2022:10:01:21 +0800] "GET /xingrg/check_reg.html?_=1661392805006 HTTP/1.1" 200 22
116.224.255.128 - - [25/Aug/2022:10:01:21 +0800] "GET /xingrg/javascript/jquery_easy_ui/themes/default/images/tabs_rightarrow.png HTTP/1.1" 304 -
116.224.255.128 - - [25/Aug/2022:10:01:21 +0800] "GET /xingrg/all/function/internal_message.html?_=1661392805005&CODE_STATE=count HTTP/1.1" 200 11
116.224.255.128 - - [25/Aug/2022:10:01:21 +0800] "POST /xingrg/load_menu.html HTTP/1.1" 200 5138
116.224.255.128 - - [25/Aug/2022:10:01:21 +0800] "GET /xingrg/javascript/jquery_easy_ui/themes/default/images/tree_arrows.gif HTTP/1.1" 304 -
116.224.255.128 - - [25/Aug/2022:10:01:21 +0800] "GET /xingrg/javascript/jquery_easy_ui/themes/default/images/tree_folder_open.gif HTTP/1.1" 304 -
116.224.255.128 - - [25/Aug/2022:10:01:21 +0800] "GET /xingrg/javascript/jquery_easy_ui/themes/default/images/tree_folder.gif HTTP/1.1" 304 -
116.224.255.128 - - [25/Aug/2022:10:01:21 +0800] "GET /xingrg/javascript/jquery_easy_ui/themes/icons/search_new.png HTTP/1.1" 304 -
116.224.255.128 - - [25/Aug/2022:10:01:21 +0800] "GET /xingrg/javascript/jquery_easy_ui/themes/icons/storage_new.png HTTP/1.1" 304 -
116.224.255.128 - - [25/Aug/2022:10:01:21 +0800] "GET /xingrg/javascript/jquery_easy_ui/themes/icons/forms_new.png HTTP/1.1" 304 -
222.69.129.110 - - [25/Aug/2022:10:01:21 +0800] "GET /xingrg/all/function/internal_message.html?_=1661392951101&CODE_STATE=getMsg HTTP/1.1" 200 27
218.81.223.53 - - [25/Aug/2022:10:01:22 +0800] "GET /xingrg/all/function/internal_message.html?_=1661392889389&CODE_STATE=getMsg HTTP/1.1" 200 27
116.224.123.211 - - [25/Aug/2022:10:01:23 +0800] "GET /xingrg/all/function/internal_message.html?_=1661392899621&CODE_STATE=getMsg HTTP/1.1" 200 27
116.224.255.128 - - [25/Aug/2022:10:01:24 +0800] "GET /xingrg/javascript/jquery_easy_ui/themes/default/images/tabs_close.gif HTTP/1.1" 304 -
116.224.255.128 - - [25/Aug/2022:10:01:24 +0800] "GET /xingrg/css/base.css HTTP/1.1" 304 -
116.224.255.128 - - [25/Aug/2022:10:01:24 +0800] "GET /xingrg/css/site.css HTTP/1.1" 304 -
116.224.255.128 - - [25/Aug/2022:10:01:24 +0800] "GET /xingrg/javascript/jquery_tools/datebox.css HTTP/1.1" 304 -
116.224.255.128 - - [25/Aug/2022:10:01:24 +0800] "GET /xingrg/javascript/easyui/themes/default/easyui.css HTTP/1.1" 304 -
116.224.255.128 - - [25/Aug/2022:10:01:24 +0800] "GET /xingrg/javascript/jquery_tools/jquery.tools.extend.js HTTP/1.1" 304 -
116.224.255.128 - - [25/Aug/2022:10:01:24 +0800] "GET /xingrg/javascript/jquery_tools/jquery.tools.min.js HTTP/1.1" 304 -
116.224.255.128 - - [25/Aug/2022:10:01:24 +0800] "GET /xingrg/javascript/jquery_tools/jquery.tools.table.js HTTP/1.1" 304 -
116.224.255.128 - - [25/Aug/2022:10:01:24 +0800] "GET /xingrg/javascript/jquery.utils.js HTTP/1.1" 304 -
116.224.255.128 - - [25/Aug/2022:10:01:24 +0800] "GET /xingrg/javascript/easyui/easyloader.js HTTP/1.1" 304 -
116.224.255.128 - - [25/Aug/2022:10:01:24 +0800] "GET /xingrg/javascript/print/LodopFuncs.js HTTP/1.1" 304 -
116.224.255.128 - - [25/Aug/2022:10:01:24 +0800] "GET /xingrg/javascript/jquery_tools/jquery.tools.hotkey.js HTTP/1.1" 304 -
116.224.255.128 - - [25/Aug/2022:10:01:24 +0800] "GET /xingrg/javascript/auto/jquery.autocomplete.js HTTP/1.1" 304 -
116.224.255.128 - - [25/Aug/2022:10:01:24 +0800] "GET /xingrg/javascript/jquery.cookie.js HTTP/1.1" 304 -
116.224.255.128 - - [25/Aug/2022:10:01:24 +0800] "GET /xingrg/javascript/easyui/themes/icon.css HTTP/1.1" 304 -
116.224.255.128 - - [25/Aug/2022:10:01:24 +0800] "GET /xingrg/javascript/jquery_easy_ui/themes/default/images/tree_file.gif HTTP/1.1" 304 -
116.224.255.128 - - [25/Aug/2022:10:01:24 +0800] "GET /xingrg/javascript/jquery_tools/list_manager.js HTTP/1.1" 304 -
116.224.255.128 - - [25/Aug/2022:10:01:24 +0800] "GET /xingrg/kc/buy/cgsh_order_list.html HTTP/1.1" 200 52639
218.81.223.53 - - [25/Aug/2022:10:01:24 +0800] "GET /xingrg/all/function/internal_message.html?_=1661392896382&CODE_STATE=getMsg HTTP/1.1" 302 -
116.224.255.128 - - [25/Aug/2022:10:01:27 +0800] "GET /xingrg/javascript/auto/jquery.autocomplete.css HTTP/1.1" 304 -
116.224.255.128 - - [25/Aug/2022:10:01:27 +0800] "GET /xingrg/javascript/jquery_tools/fix.css HTTP/1.1" 304 -
116.232.194.65 - - [25/Aug/2022:10:01:27 +0800] "GET /xingrg/all/function/internal_message.html?_=1661392854388&CODE_STATE=getMsg HTTP/1.1" 200 27
61.165.19.104 - - [25/Aug/2022:10:01:27 +0800] "GET /xingrg/all/function/internal_message.html?_=1661392754057&CODE_STATE=getMsg HTTP/1.1" 200 27
61.165.19.104 - - [25/Aug/2022:10:01:28 +0800] "GET /xingrg/check_reg.html?_=1661392754058 HTTP/1.1" 200 22
116.224.255.128 - - [25/Aug/2022:10:01:30 +0800] "GET /xingrg/javascript/jquery_tools/table.css HTTP/1.1" 304 -
116.224.255.128 - - [25/Aug/2022:10:01:30 +0800] "GET /xingrg/javascript/easyui/themes/icons/cance_new.png HTTP/1.1" 304 -
116.224.255.128 - - [25/Aug/2022:10:01:30 +0800] "GET /xingrg/javascript/easyui/themes/icons/check_new.png HTTP/1.1" 304 -
116.224.255.128 - - [25/Aug/2022:10:01:30 +0800] "GET /xingrg/javascript/easyui/themes/icons/edit_add_new.png HTTP/1.1" 304 -
116.224.255.128 - - [25/Aug/2022:10:01:30 +0800] "GET /xingrg/javascript/easyui/themes/icons/import_new.png HTTP/1.1" 304 -
116.224.255.128 - - [25/Aug/2022:10:01:30 +0800] "GET /xingrg/javascript/easyui/themes/icons/field_new.png HTTP/1.1" 304 -
116.224.255.128 - - [25/Aug/2022:10:01:30 +0800] "GET /xingrg/javascript/easyui/plugins/jquery.parser.js HTTP/1.1" 304 -
116.224.255.128 - - [25/Aug/2022:10:01:30 +0800] "GET /xingrg/images/control/ajaxLoader.gif HTTP/1.1" 304 -
116.224.255.128 - - [25/Aug/2022:10:01:31 +0800] "POST /xingrg/kc/buy/cgsh_list_operate.html HTTP/1.1" 200 752
116.224.255.128 - - [25/Aug/2022:10:01:32 +0800] "GET /xingrg/kc/buy/cgsh_order_add.html HTTP/1.1" 200 68027
116.224.255.128 - - [25/Aug/2022:10:01:32 +0800] "POST /xingrg/kc/buy/cgsh_order_operate.html HTTP/1.1" 200 8245
116.224.255.128 - - [25/Aug/2022:10:01:32 +0800] "GET /xingrg/javascript/easyui/themes/default/validatebox.css HTTP/1.1" 404 1104
116.224.255.128 - - [25/Aug/2022:10:01:34 +0800] "GET /xingrg/javascript/auto/indicator.gif HTTP/1.1" 404 1066
124.78.154.232 - - [25/Aug/2022:10:01:34 +0800] "GET /xingrg/all/function/internal_message.html?_=1661392899086&CODE_STATE=getMsg HTTP/1.1" 200 27
222.69.129.110 - - [25/Aug/2022:10:01:37 +0800] "GET /xingrg/kc/buy/cgsh_order_operate.html?command=get_materiel&rest_code=00154&code=00101009050&supplier_code=00100151&order_time=2022-08-19 HTTP/1.1" 200 410
101.80.228.36 - - [25/Aug/2022:10:01:45 +0800] "GET /xingrg/all/function/internal_message.html?_=1661392902511&CODE_STATE=getMsg HTTP/1.1" 200 27
114.88.158.224 - - [25/Aug/2022:10:01:47 +0800] "GET /xingrg/all/function/internal_message.html?_=1661392571074&CODE_STATE=getMsg HTTP/1.1" 200 27
114.88.158.224 - - [25/Aug/2022:10:01:47 +0800] "GET /xingrg/check_reg.html?_=1661392571434 HTTP/1.1" 200 22
222.69.129.110 - - [25/Aug/2022:10:01:54 +0800] "POST /xingrg/kc/buy/cgsh_order_operate.html HTTP/1.1" 200 37
222.69.129.110 - - [25/Aug/2022:10:01:55 +0800] "POST /xingrg/kc/buy/cgsh_order_operate.html HTTP/1.1" 200 6787
61.165.19.104 - - [25/Aug/2022:10:01:59 +0800] "GET /xingrg/all/function/internal_message.html?_=1661392919383&CODE_STATE=getMsg HTTP/1.1" 200 27
116.235.94.65 - - [25/Aug/2022:10:02:06 +0800] "GET /xingrg/all/function/internal_message.html?_=1661393115225&CODE_STATE=getMsg HTTP/1.1" 200 27
114.84.5.35 - - [25/Aug/2022:10:02:07 +0800] "GET /xingrg/all/function/internal_message.html?_=1661392922842&CODE_STATE=getMsg HTTP/1.1" 200 27
116.224.255.128 - - [25/Aug/2022:10:02:10 +0800] "GET /xingrg/kc/buy/cgsh_order_operate.html?command=get_materiel&rest_code=00151&code=00101009078&supplier_code=00100026&order_time=2022-08-25 HTTP/1.1" 200 408
222.69.129.110 - - [25/Aug/2022:10:02:16 +0800] "POST /xingrg/kc/buy/cgsh_list_operate.html HTTP/1.1" 200 2157
222.69.129.110 - - [25/Aug/2022:10:02:17 +0800] "GET /xingrg/kc/buy/cgsh_order_info.html?code=212022081906444 HTTP/1.1" 200 67620
222.69.129.110 - - [25/Aug/2022:10:02:17 +0800] "GET /xingrg/javascript/easyui/themes/default/validatebox.css HTTP/1.1" 404 1104
222.69.129.110 - - [25/Aug/2022:10:02:18 +0800] "POST /xingrg/kc/buy/cgsh_order_operate.html HTTP/1.1" 200 3882
116.224.255.128 - - [25/Aug/2022:10:02:21 +0800] "GET /xingrg/all/function/internal_message.html?_=1661392938468&CODE_STATE=getMsg HTTP/1.1" 200 27
116.224.255.128 - - [25/Aug/2022:10:02:21 +0800] "GET /xingrg/all/function/internal_message.html?_=1661392865019&CODE_STATE=getMsg HTTP/1.1" 200 27
222.69.129.110 - - [25/Aug/2022:10:02:21 +0800] "GET /xingrg/all/function/internal_message.html?_=1661393011086&CODE_STATE=getMsg HTTP/1.1" 200 27
218.81.223.53 - - [25/Aug/2022:10:02:22 +0800] "GET /xingrg/all/function/internal_message.html?_=1661392949402&CODE_STATE=getMsg HTTP/1.1" 200 27
116.224.123.211 - - [25/Aug/2022:10:02:23 +0800] "GET /xingrg/all/function/internal_message.html?_=1661392959621&CODE_STATE=getMsg HTTP/1.1" 200 27
116.224.123.211 - - [25/Aug/2022:10:02:23 +0800] "GET /xingrg/check_reg.html?_=1661392959624 HTTP/1.1" 200 22
116.224.255.128 - - [25/Aug/2022:10:02:24 +0800] "GET /xingrg/kc/buy/cgsh_order_operate.html?command=get_materiel&rest_code=00151&code=00101009053&supplier_code=00100026&order_time=2022-08-25 HTTP/1.1" 200 408
218.81.223.53 - - [25/Aug/2022:10:02:24 +0800] "GET /xingrg/all/function/internal_message.html?_=1661392956395&CODE_STATE=getMsg HTTP/1.1" 302 -
116.232.194.65 - - [25/Aug/2022:10:02:27 +0800] "GET /xingrg/all/function/internal_message.html?_=1661392914379&CODE_STATE=getMsg HTTP/1.1" 200 27
61.165.19.104 - - [25/Aug/2022:10:02:27 +0800] "GET /xingrg/all/function/internal_message.html?_=1661392814042&CODE_STATE=getMsg HTTP/1.1" 200 27
222.69.129.110 - - [25/Aug/2022:10:02:29 +0800] "GET /xingrg/kc/buy/cgsh_order_operate.html?command=get_materiel&rest_code=00154&code=00101043019&supplier_code=00100151&order_time=2022-08-19 HTTP/1.1" 200 416
116.224.255.128 - - [25/Aug/2022:10:02:33 +0800] "GET /xingrg/kc/buy/cgsh_order_operate.html?command=get_materiel&rest_code=00151&code=00101009062&supplier_code=00100026&order_time=2022-08-25 HTTP/1.1" 200 412
124.78.154.232 - - [25/Aug/2022:10:02:34 +0800] "GET /xingrg/all/function/internal_message.html?_=1661392959086&CODE_STATE=getMsg HTTP/1.1" 200 27
222.69.129.110 - - [25/Aug/2022:10:02:44 +0800] "POST /xingrg/kc/buy/cgsh_order_operate.html HTTP/1.1" 200 37
101.80.228.36 - - [25/Aug/2022:10:02:45 +0800] "GET /xingrg/all/function/internal_message.html?_=1661392962498&CODE_STATE=getMsg HTTP/1.1" 200 27
116.224.255.128 - - [25/Aug/2022:10:02:46 +0800] "GET /xingrg/kc/buy/cgsh_order_operate.html?command=get_materiel&rest_code=00151&code=00101009049&supplier_code=00100026&order_time=2022-08-25 HTTP/1.1" 200 416
222.69.129.110 - - [25/Aug/2022:10:02:46 +0800] "POST /xingrg/kc/buy/cgsh_order_operate.html HTTP/1.1" 200 4494
114.88.158.224 - - [25/Aug/2022:10:02:47 +0800] "GET /xingrg/all/function/internal_message.html?_=1661392631057&CODE_STATE=getMsg HTTP/1.1" 200 27
116.224.255.128 - - [25/Aug/2022:10:02:54 +0800] "POST /xingrg/kc/buy/cgsh_order_operate.html HTTP/1.1" 200 37
116.224.255.128 - - [25/Aug/2022:10:02:58 +0800] "POST /xingrg/kc/buy/cgsh_order_operate.html HTTP/1.1" 200 12
61.165.19.104 - - [25/Aug/2022:10:02:59 +0800] "GET /xingrg/all/function/internal_message.html?_=1661392979353&CODE_STATE=getMsg HTTP/1.1" 200 27
222.69.129.110 - - [25/Aug/2022:10:03:03 +0800] "POST /xingrg/kc/buy/cgsh_list_operate.html HTTP/1.1" 200 2157
116.224.255.128 - - [25/Aug/2022:10:03:05 +0800] "GET /xingrg/kc/buy/cgsh_order_info.html?code=212022082508456 HTTP/1.1" 200 62934
116.224.255.128 - - [25/Aug/2022:10:03:05 +0800] "GET /xingrg/javascript/easyui/themes/default/validatebox.css HTTP/1.1" 404 1104
180.169.147.146 - - [25/Aug/2022:10:03:05 +0800] "GET /xingrg/check_reg.html?_=1661392985706 HTTP/1.1" 200 22
116.224.255.128 - - [25/Aug/2022:10:03:06 +0800] "POST /xingrg/kc/buy/cgsh_order_operate.html HTTP/1.1" 200 2413
116.235.94.65 - - [25/Aug/2022:10:03:06 +0800] "GET /xingrg/all/function/internal_message.html?_=1661393175193&CODE_STATE=getMsg HTTP/1.1" 200 27
101.80.228.36 - - [25/Aug/2022:10:03:06 +0800] "GET /xingrg/kc/report/report_main.html HTTP/1.1" 200 7340
114.84.5.35 - - [25/Aug/2022:10:03:07 +0800] "GET /xingrg/check_reg.html?_=1661392982849 HTTP/1.1" 200 22
114.84.5.35 - - [25/Aug/2022:10:03:07 +0800] "GET /xingrg/all/function/internal_message.html?_=1661392982844&CODE_STATE=getMsg HTTP/1.1" 200 27
116.224.255.128 - - [25/Aug/2022:10:03:08 +0800] "GET /xingrg/kc/print/load_data.html?order_code=212022082508456&kc_code=cgsh&condition= HTTP/1.1" 200 1490
116.224.255.128 - - [25/Aug/2022:10:03:21 +0800] "GET /xingrg/all/function/internal_message.html?_=1661392998452&CODE_STATE=getMsg HTTP/1.1" 200 27
116.224.255.128 - - [25/Aug/2022:10:03:21 +0800] "GET /xingrg/all/function/internal_message.html?_=1661392925032&CODE_STATE=getMsg HTTP/1.1" 200 27
222.69.129.110 - - [25/Aug/2022:10:03:21 +0800] "GET /xingrg/all/function/internal_message.html?_=1661393071107&CODE_STATE=getMsg HTTP/1.1" 200 27
218.81.223.53 - - [25/Aug/2022:10:03:22 +0800] "GET /xingrg/all/function/internal_message.html?_=1661393009416&CODE_STATE=getMsg HTTP/1.1" 200 27
116.224.123.211 - - [25/Aug/2022:10:03:23 +0800] "GET /xingrg/all/function/internal_message.html?_=1661393019625&CODE_STATE=getMsg HTTP/1.1" 200 27
218.81.223.53 - - [25/Aug/2022:10:03:24 +0800] "GET /xingrg/all/function/internal_message.html?_=1661393016410&CODE_STATE=getMsg HTTP/1.1" 302 -
116.232.194.65 - - [25/Aug/2022:10:03:27 +0800] "GET /xingrg/all/function/internal_message.html?_=1661392974389&CODE_STATE=getMsg HTTP/1.1" 200 27
61.165.19.104 - - [25/Aug/2022:10:03:27 +0800] "GET /xingrg/all/function/internal_message.html?_=1661392874042&CODE_STATE=getMsg HTTP/1.1" 200 27
124.78.154.232 - - [25/Aug/2022:10:03:34 +0800] "GET /xingrg/check_reg.html?_=1661393019087 HTTP/1.1" 200 22
124.78.154.232 - - [25/Aug/2022:10:03:34 +0800] "GET /xingrg/all/function/internal_message.html?_=1661393019090&CODE_STATE=getMsg HTTP/1.1" 200 27
116.224.255.128 - - [25/Aug/2022:10:03:35 +0800] "GET /xingrg/kc/base/yddb_order_list.html HTTP/1.1" 200 16792
116.224.255.128 - - [25/Aug/2022:10:03:35 +0800] "POST /xingrg/kc/base/yddb_list_operate.html HTTP/1.1" 200 636
116.224.255.128 - - [25/Aug/2022:10:03:38 +0800] "GET /xingrg/kc/base/yddb_order_add.html HTTP/1.1" 200 29837
116.224.255.128 - - [25/Aug/2022:10:03:38 +0800] "GET /xingrg/dwr/interface/AjaxComOrderService.js HTTP/1.1" 200 18264
116.224.255.128 - - [25/Aug/2022:10:03:38 +0800] "GET /xingrg/dwr/interface/AjaxYddbService.js HTTP/1.1" 200 13201
116.224.255.128 - - [25/Aug/2022:10:03:38 +0800] "GET /xingrg/dwr/engine.js HTTP/1.1" 200 43631
116.224.255.128 - - [25/Aug/2022:10:03:40 +0800] "POST /xingrg/dwr/call/plaincall/AjaxYddbService.getRestBases.dwr HTTP/1.1" 200 1616
101.80.228.36 - - [25/Aug/2022:10:03:45 +0800] "GET /xingrg/all/function/internal_message.html?_=1661393022475&CODE_STATE=getMsg HTTP/1.1" 200 27
114.88.158.224 - - [25/Aug/2022:10:03:47 +0800] "GET /xingrg/all/function/internal_message.html?_=1661392691028&CODE_STATE=getMsg HTTP/1.1" 200 27
116.224.255.128 - - [25/Aug/2022:10:03:48 +0800] "POST /xingrg/dwr/call/plaincall/AjaxYddbService.saveOrder.dwr HTTP/1.1" 200 78
116.224.255.128 - - [25/Aug/2022:10:03:49 +0800] "GET /xingrg/images/yd/bt.gif HTTP/1.1" 404 1040
116.224.255.128 - - [25/Aug/2022:10:03:51 +0800] "POST /xingrg/dwr/call/plaincall/AjaxComOrderService.getMaterielSearchList.dwr HTTP/1.1" 200 1281
116.224.255.128 - - [25/Aug/2022:10:03:52 +0800] "POST /xingrg/dwr/call/plaincall/AjaxComOrderService.getMaterielSearchList.dwr HTTP/1.1" 200 1281
116.224.255.128 - - [25/Aug/2022:10:03:52 +0800] "POST /xingrg/dwr/call/plaincall/AjaxYddbService.getMaterielByMap.dwr HTTP/1.1" 200 3943
116.224.255.128 - - [25/Aug/2022:10:03:54 +0800] "GET /xingrg/images/yd/bt2.gif HTTP/1.1" 404 1042
116.224.255.128 - - [25/Aug/2022:10:03:55 +0800] "POST /xingrg/dwr/call/plaincall/AjaxYddbService.saveMaterielItem.dwr HTTP/1.1" 200 78
116.224.255.128 - - [25/Aug/2022:10:03:58 +0800] "POST /xingrg/dwr/call/plaincall/AjaxComOrderService.getMaterielSearchList.dwr HTTP/1.1" 200 26096
116.224.255.128 - - [25/Aug/2022:10:03:58 +0800] "POST /xingrg/dwr/call/plaincall/AjaxComOrderService.getMaterielSearchList.dwr HTTP/1.1" 200 2808
61.165.19.104 - - [25/Aug/2022:10:03:59 +0800] "GET /xingrg/all/function/internal_message.html?_=1661393039327&CODE_STATE=getMsg HTTP/1.1" 200 27
58.221.95.50 - - [25/Aug/2022:10:04:00 +0800] "GET /xingrg/check_reg.html?_=1661393037811 HTTP/1.1" 302 -
116.224.255.128 - - [25/Aug/2022:10:04:00 +0800] "POST /xingrg/dwr/call/plaincall/AjaxYddbService.getMaterielByMap.dwr HTTP/1.1" 200 3964
61.165.19.104 - - [25/Aug/2022:10:04:00 +0800] "GET /xingrg/check_reg.html?_=1661393040703 HTTP/1.1" 200 22
116.224.255.128 - - [25/Aug/2022:10:04:02 +0800] "POST /xingrg/dwr/call/plaincall/AjaxYddbService.saveMaterielItem.dwr HTTP/1.1" 200 78
116.224.255.128 - - [25/Aug/2022:10:04:05 +0800] "POST /xingrg/dwr/call/plaincall/AjaxComOrderService.getMaterielSearchList.dwr HTTP/1.1" 200 19757
116.224.255.128 - - [25/Aug/2022:10:04:06 +0800] "POST /xingrg/dwr/call/plaincall/AjaxComOrderService.getMaterielSearchList.dwr HTTP/1.1" 200 1773
116.235.94.65 - - [25/Aug/2022:10:04:06 +0800] "GET /xingrg/all/function/internal_message.html?_=1661393235162&CODE_STATE=getMsg HTTP/1.1" 200 27
116.235.94.65 - - [25/Aug/2022:10:04:06 +0800] "GET /xingrg/check_reg.html?_=1661393235444 HTTP/1.1" 200 22
116.224.255.128 - - [25/Aug/2022:10:04:07 +0800] "POST /xingrg/dwr/call/plaincall/AjaxYddbService.getMaterielByMap.dwr HTTP/1.1" 200 3965
114.84.5.35 - - [25/Aug/2022:10:04:07 +0800] "GET /xingrg/all/function/internal_message.html?_=1661393042849&CODE_STATE=getMsg HTTP/1.1" 200 27
116.224.255.128 - - [25/Aug/2022:10:04:09 +0800] "POST /xingrg/dwr/call/plaincall/AjaxYddbService.getUnitPrice.dwr HTTP/1.1" 200 87
116.224.255.128 - - [25/Aug/2022:10:04:11 +0800] "POST /xingrg/dwr/call/plaincall/AjaxYddbService.saveMaterielItem.dwr HTTP/1.1" 200 79
124.78.154.232 - - [25/Aug/2022:10:04:19 +0800] "GET /xingrg/login.html?r=1 HTTP/1.1" 200 7641
124.78.154.232 - - [25/Aug/2022:10:04:19 +0800] "GET /favicon.ico HTTP/1.1" 404 -
124.78.154.232 - - [25/Aug/2022:10:04:21 +0800] "POST /xingrg/login.do HTTP/1.1" 302 -
124.78.154.232 - - [25/Aug/2022:10:04:21 +0800] "GET /xingrg/index.html?sysBaseUrl=http%3A%2F%2F180.169.147.146%3A18081%2Fxingrg%2F&costTime=39×tamp=1661393061002 HTTP/1.1" 200 17173
124.78.154.232 - - [25/Aug/2022:10:04:21 +0800] "GET /favicon.ico HTTP/1.1" 404 -
124.78.154.232 - - [25/Aug/2022:10:04:21 +0800] "POST /xingrg/all/common/load_tree.html?tree=area_rest_tree_json&manage=1 HTTP/1.1" 200 342
124.78.154.232 - - [25/Aug/2022:10:04:21 +0800] "GET /xingrg/all/function/internal_message.html?_=1661393065594&CODE_STATE=count HTTP/1.1" 200 11
124.78.154.232 - - [25/Aug/2022:10:04:21 +0800] "POST /xingrg/load_menu.html HTTP/1.1" 200 5138
124.78.154.232 - - [25/Aug/2022:10:04:21 +0800] "GET /xingrg/check_reg.html?_=1661393065596 HTTP/1.1" 200 22
116.224.255.128 - - [25/Aug/2022:10:04:21 +0800] "GET /xingrg/all/function/internal_message.html?_=1661393058431&CODE_STATE=getMsg HTTP/1.1" 200 27
116.224.255.128 - - [25/Aug/2022:10:04:21 +0800] "GET /xingrg/all/function/internal_message.html?_=1661392985061&CODE_STATE=getMsg HTTP/1.1" 200 27
222.69.129.110 - - [25/Aug/2022:10:04:21 +0800] "GET /xingrg/all/function/internal_message.html?_=1661393131108&CODE_STATE=getMsg HTTP/1.1" 200 27
218.81.223.53 - - [25/Aug/2022:10:04:22 +0800] "GET /xingrg/all/function/internal_message.html?_=1661393069436&CODE_STATE=getMsg HTTP/1.1" 200 27
124.78.154.232 - - [25/Aug/2022:10:04:22 +0800] "GET /xingrg/kc/buy/buy_main.html HTTP/1.1" 200 12412
124.78.154.232 - - [25/Aug/2022:10:04:22 +0800] "GET /xingrg/css/new_ie.css HTTP/1.1" 404 1036
124.78.154.232 - - [25/Aug/2022:10:04:23 +0800] "GET /xingrg/images/yd/bt.gif HTTP/1.1" 404 1040
116.224.123.211 - - [25/Aug/2022:10:04:23 +0800] "GET /xingrg/all/function/internal_message.html?_=1661393079626&CODE_STATE=getMsg HTTP/1.1" 200 27
124.78.154.232 - - [25/Aug/2022:10:04:24 +0800] "GET /xingrg/kc/buy/cgsh_order_list.html HTTP/1.1" 200 52635
218.81.223.53 - - [25/Aug/2022:10:04:24 +0800] "GET /xingrg/all/function/internal_message.html?_=1661393076423&CODE_STATE=getMsg HTTP/1.1" 302 -
124.78.154.232 - - [25/Aug/2022:10:04:27 +0800] "POST /xingrg/kc/buy/cgsh_list_operate.html HTTP/1.1" 200 1836
116.232.194.65 - - [25/Aug/2022:10:04:27 +0800] "GET /xingrg/all/function/internal_message.html?_=1661393034385&CODE_STATE=getMsg HTTP/1.1" 200 27
61.165.19.104 - - [25/Aug/2022:10:04:27 +0800] "GET /xingrg/all/function/internal_message.html?_=1661392934056&CODE_STATE=getMsg HTTP/1.1" 200 27
218.81.223.53 - - [25/Aug/2022:10:04:31 +0800] "GET /xingrg/check_reg.html?_=1661393083099 HTTP/1.1" 302 -
124.78.154.232 - - [25/Aug/2022:10:04:36 +0800] "GET /xingrg/kc/buy/cgsh_order_add.html HTTP/1.1" 200 68411
124.78.154.232 - - [25/Aug/2022:10:04:36 +0800] "GET /xingrg/all/common/auto_word.html?type=employee&rest_code=00106 HTTP/1.1" 200 205
124.78.154.232 - - [25/Aug/2022:10:04:36 +0800] "POST /xingrg/kc/buy/cgsh_order_operate.html HTTP/1.1" 200 8245
124.78.154.232 - - [25/Aug/2022:10:04:36 +0800] "GET /xingrg/javascript/easyui/themes/default/validatebox.css HTTP/1.1" 404 1104
124.78.154.232 - - [25/Aug/2022:10:04:36 +0800] "GET /xingrg/all/common/auto_word.html?type=employee&rest_code=00106 HTTP/1.1" 200 205
124.78.154.232 - - [25/Aug/2022:10:04:38 +0800] "GET /xingrg/javascript/easyui/themes/default/tree.css HTTP/1.1" 404 1090
124.78.154.232 - - [25/Aug/2022:10:04:38 +0800] "POST /xingrg/all/common/load_tree.html?tree=supplier_tree_json&isDelete=1 HTTP/1.1" 200 67879
116.224.255.128 - - [25/Aug/2022:10:04:41 +0800] "POST /xingrg/all/user/operate.html HTTP/1.1" 200 36
116.224.255.128 - - [25/Aug/2022:10:04:41 +0800] "GET /xingrg/index.html?sysBaseUrl=http%3A%2F%2F180.169.147.146%3A18081%2Fxingrg%2F&costTime=41×tamp=1661307309961 HTTP/1.1" 200 17179
116.224.255.128 - - [25/Aug/2022:10:04:41 +0800] "GET /xingrg/javascript/jquery_easy_ui/themes/default/easyui.css HTTP/1.1" 304 -
116.224.255.128 - - [25/Aug/2022:10:04:41 +0800] "GET /xingrg/javascript/jquery_easy_ui/themes/icon.css HTTP/1.1" 304 -
116.224.255.128 - - [25/Aug/2022:10:04:41 +0800] "GET /xingrg/css/form.css HTTP/1.1" 304 -
116.224.255.128 - - [25/Aug/2022:10:04:41 +0800] "GET /xingrg/javascript/jquery-1.4.2.min.js HTTP/1.1" 304 -
116.224.255.128 - - [25/Aug/2022:10:04:41 +0800] "GET /xingrg/javascript/jquery_easy_ui/jquery.easyui.min.js HTTP/1.1" 304 -
