116.232.53.43 - - [23/Aug/2022:11:10:24 +0800] "GET /xingrg/check_reg.html?_=1661224225517 HTTP/1.1" 200 22
218.81.223.53 - - [23/Aug/2022:11:10:24 +0800] "GET /xingrg/kc/buy/cgsh_order_operate.html?command=get_materiel&rest_code=00146&code=00101013114&supplier_code=00100005&order_time=2022-08-23 HTTP/1.1" 200 408
101.80.228.36 - - [23/Aug/2022:11:10:27 +0800] "GET /xingrg/all/function/internal_message.html?_=1661224226273&CODE_STATE=getMsg HTTP/1.1" 200 27
120.253.135.82 - - [23/Aug/2022:11:10:28 +0800] "GET /xingrg/check_reg.html?_=1661224331783 HTTP/1.1" 200 22
120.253.135.82 - - [23/Aug/2022:11:10:29 +0800] "GET /xingrg/all/function/internal_message.html?_=1661224331992&CODE_STATE=getMsg HTTP/1.1" 200 27
61.165.19.104 - - [23/Aug/2022:11:10:29 +0800] "GET /xingrg/kc/base/wldb_order_operate.html?command=get_materiel&rest_code=00105&base_code=0010507&code=00101019951 HTTP/1.1" 200 441
101.85.120.95 - - [23/Aug/2022:11:10:29 +0800] "GET /xingrg/all/function/internal_message.html?_=1661224228195&CODE_STATE=getMsg HTTP/1.1" 200 27
114.88.158.224 - - [23/Aug/2022:11:10:33 +0800] "GET /xingrg/kc/buy/cgsh_order_operate.html?command=get_materiel&rest_code=00141&code=00101013175&supplier_code=00100007&order_time=2022-08-23 HTTP/1.1" 200 431
114.86.187.244 - - [23/Aug/2022:11:10:33 +0800] "GET /xingrg/check_reg.html?_=1661224233312 HTTP/1.1" 200 22
116.224.255.128 - - [23/Aug/2022:11:10:34 +0800] "GET /xingrg/all/function/internal_message.html?_=1661224161695&CODE_STATE=getMsg HTTP/1.1" 200 27
61.165.19.104 - - [23/Aug/2022:11:10:39 +0800] "GET /xingrg/all/function/internal_message.html?_=1661224239554&CODE_STATE=getMsg HTTP/1.1" 200 27
114.88.158.224 - - [23/Aug/2022:11:10:41 +0800] "GET /xingrg/all/function/internal_message.html?_=1661223907927&CODE_STATE=getMsg HTTP/1.1" 200 27
116.224.255.128 - - [23/Aug/2022:11:10:44 +0800] "GET /xingrg/all/function/internal_message.html?_=1661224242806&CODE_STATE=getMsg HTTP/1.1" 200 27
120.253.135.82 - - [23/Aug/2022:11:10:45 +0800] "POST /xingrg/kc/buy/cgsh_order_operate.html HTTP/1.1" 200 37
180.169.147.146 - - [23/Aug/2022:11:10:45 +0800] "GET /xingrg/all/function/internal_message.html?_=1661224244779&CODE_STATE=getMsg HTTP/1.1" 200 27
120.253.135.82 - - [23/Aug/2022:11:10:46 +0800] "POST /xingrg/kc/buy/cgsh_order_operate.html HTTP/1.1" 200 2671
114.88.158.224 - - [23/Aug/2022:11:10:46 +0800] "GET /xingrg/kc/buy/cgsh_order_operate.html?command=get_materiel&rest_code=00141&code=00101008176&supplier_code=00100007&order_time=2022-08-23 HTTP/1.1" 200 413
120.253.135.82 - - [23/Aug/2022:11:10:47 +0800] "GET /xingrg/kc/print/load_data.html?order_code=212022082307714&kc_code=cgsh&condition= HTTP/1.1" 200 668
114.88.158.224 - - [23/Aug/2022:11:10:51 +0800] "POST /xingrg/kc/buy/cgsh_order_operate.html HTTP/1.1" 200 2065
116.224.123.211 - - [23/Aug/2022:11:10:55 +0800] "GET /xingrg/all/function/internal_message.html?_=1661224254979&CODE_STATE=getMsg HTTP/1.1" 200 27
116.224.123.211 - - [23/Aug/2022:11:10:56 +0800] "GET /xingrg/check_reg.html?_=1661224255678 HTTP/1.1" 200 22
114.88.158.224 - - [23/Aug/2022:11:10:58 +0800] "GET /xingrg/kc/buy/cgsh_order_operate.html?command=get_materiel&rest_code=00141&code=00101008132&supplier_code=00100007&order_time=2022-08-23 HTTP/1.1" 200 408
101.80.228.36 - - [23/Aug/2022:11:10:59 +0800] "GET /xingrg/check_reg.html?_=1661224258107 HTTP/1.1" 200 22
218.81.223.53 - - [23/Aug/2022:11:11:05 +0800] "GET /xingrg/all/function/internal_message.html?_=1661224270698&CODE_STATE=getMsg HTTP/1.1" 200 27
61.165.19.104 - - [23/Aug/2022:11:11:08 +0800] "GET /xingrg/all/function/internal_message.html?_=1661224136430&CODE_STATE=getMsg HTTP/1.1" 200 27
218.81.223.53 - - [23/Aug/2022:11:11:11 +0800] "GET /xingrg/kc/buy/cgsh_order_operate.html?command=get_materiel&rest_code=00146&code=00101008036&supplier_code=00100005&order_time=2022-08-23 HTTP/1.1" 200 408
114.88.158.224 - - [23/Aug/2022:11:11:12 +0800] "GET /xingrg/kc/buy/cgsh_order_operate.html?command=get_materiel&rest_code=00141&code=00101008244&supplier_code=00100007&order_time=2022-08-23 HTTP/1.1" 200 408
124.78.156.101 - - [23/Aug/2022:11:11:14 +0800] "GET /xingrg/all/function/internal_message.html?_=1661224278610&CODE_STATE=getMsg HTTP/1.1" 200 27
218.81.223.53 - - [23/Aug/2022:11:11:18 +0800] "GET /xingrg/check_reg.html?_=1661224283516 HTTP/1.1" 200 22
114.83.216.129 - - [23/Aug/2022:11:11:19 +0800] "GET /xingrg/all/function/internal_message.html?_=1661224277089&CODE_STATE=getMsg HTTP/1.1" 200 27
114.83.216.129 - - [23/Aug/2022:11:11:19 +0800] "GET /xingrg/check_reg.html?_=1661224277405 HTTP/1.1" 200 22
116.232.194.65 - - [23/Aug/2022:11:11:22 +0800] "GET /xingrg/all/function/internal_message.html?_=1661224254936&CODE_STATE=getMsg HTTP/1.1" 200 27
116.224.255.128 - - [23/Aug/2022:11:11:23 +0800] "GET /xingrg/check_reg.html?_=1661224209971 HTTP/1.1" 200 22
114.86.187.244 - - [23/Aug/2022:11:11:23 +0800] "GET /xingrg/javascript/jquery_tools/images/next.gif HTTP/1.1" 404 1086
114.86.187.244 - - [23/Aug/2022:11:11:23 +0800] "GET /xingrg/javascript/jquery_tools/images/prev.gif HTTP/1.1" 404 1086
116.232.53.43 - - [23/Aug/2022:11:11:24 +0800] "GET /xingrg/all/function/internal_message.html?_=1661224285519&CODE_STATE=getMsg HTTP/1.1" 200 27
101.80.228.36 - - [23/Aug/2022:11:11:27 +0800] "GET /xingrg/all/function/internal_message.html?_=1661224286251&CODE_STATE=getMsg HTTP/1.1" 200 27
114.88.158.224 - - [23/Aug/2022:11:11:28 +0800] "GET /xingrg/kc/buy/cgsh_order_operate.html?command=get_materiel&rest_code=00141&code=00101008224&supplier_code=00100007&order_time=2022-08-23 HTTP/1.1" 200 416
218.81.223.53 - - [23/Aug/2022:11:11:29 +0800] "POST /xingrg/kc/buy/cgsh_order_operate.html HTTP/1.1" 200 2065
120.253.135.82 - - [23/Aug/2022:11:11:29 +0800] "GET /xingrg/all/function/internal_message.html?_=1661224392005&CODE_STATE=getMsg HTTP/1.1" 200 27
101.85.120.95 - - [23/Aug/2022:11:11:29 +0800] "GET /xingrg/all/function/internal_message.html?_=1661224288194&CODE_STATE=getMsg HTTP/1.1" 200 27
114.86.187.244 - - [23/Aug/2022:11:11:31 +0800] "GET /xingrg/kc/buy/cgsh_order_operate.html?command=get_materiel&rest_code=00148&code=00101006115&supplier_code=00100010&order_time=2022-08-23 HTTP/1.1" 200 409
116.224.255.128 - - [23/Aug/2022:11:11:34 +0800] "GET /xingrg/all/function/internal_message.html?_=1661224221697&CODE_STATE=getMsg HTTP/1.1" 200 27
114.88.158.224 - - [23/Aug/2022:11:11:37 +0800] "GET /xingrg/kc/buy/cgsh_order_operate.html?command=get_materiel&rest_code=00141&code=00101008370&supplier_code=00100007&order_time=2022-08-23 HTTP/1.1" 200 412
61.165.19.104 - - [23/Aug/2022:11:11:39 +0800] "GET /xingrg/all/function/internal_message.html?_=1661224299534&CODE_STATE=getMsg HTTP/1.1" 200 27
114.88.158.224 - - [23/Aug/2022:11:11:41 +0800] "GET /xingrg/all/function/internal_message.html?_=1661223967953&CODE_STATE=getMsg HTTP/1.1" 200 27
114.88.158.224 - - [23/Aug/2022:11:11:42 +0800] "POST /xingrg/kc/buy/cgsh_order_operate.html HTTP/1.1" 200 2065
116.224.255.128 - - [23/Aug/2022:11:11:44 +0800] "GET /xingrg/all/function/internal_message.html?_=1661224302806&CODE_STATE=getMsg HTTP/1.1" 200 27
180.169.147.146 - - [23/Aug/2022:11:11:45 +0800] "GET /xingrg/all/function/internal_message.html?_=1661224304774&CODE_STATE=getMsg HTTP/1.1" 200 27
218.81.223.53 - - [23/Aug/2022:11:11:50 +0800] "POST /xingrg/kc/buy/cgsh_order_operate.html HTTP/1.1" 200 37
114.88.158.224 - - [23/Aug/2022:11:11:50 +0800] "GET /xingrg/kc/buy/cgsh_order_operate.html?command=get_materiel&rest_code=00141&code=00101008356&supplier_code=00100007&order_time=2022-08-23 HTTP/1.1" 200 23
218.81.223.53 - - [23/Aug/2022:11:11:53 +0800] "POST /xingrg/kc/buy/cgsh_order_operate.html HTTP/1.1" 200 35748
120.253.135.82 - - [23/Aug/2022:11:11:53 +0800] "POST /xingrg/kc/buy/cgsh_order_operate.html HTTP/1.1" 200 37
116.224.123.211 - - [23/Aug/2022:11:11:55 +0800] "GET /xingrg/all/function/internal_message.html?_=1661224314962&CODE_STATE=getMsg HTTP/1.1" 200 27
218.81.223.53 - - [23/Aug/2022:11:11:56 +0800] "GET /xingrg/kc/print/load_config.html?kc_code=cgsh HTTP/1.1" 200 1943
218.81.223.53 - - [23/Aug/2022:11:11:56 +0800] "GET /xingrg/kc/print/load_data.html?order_code=212022082307704&kc_code=cgsh&condition= HTTP/1.1" 200 13214
120.253.135.82 - - [23/Aug/2022:11:11:57 +0800] "POST /xingrg/kc/buy/cgsh_order_operate.html HTTP/1.1" 200 12
120.253.135.82 - - [23/Aug/2022:11:11:59 +0800] "GET /xingrg/kc/buy/cgsh_order_info.html?code=212022082307714 HTTP/1.1" 200 62418
120.253.135.82 - - [23/Aug/2022:11:11:59 +0800] "GET /xingrg/javascript/easyui/themes/default/validatebox.css HTTP/1.1" 404 1104
120.253.135.82 - - [23/Aug/2022:11:12:00 +0800] "POST /xingrg/kc/buy/cgsh_order_operate.html HTTP/1.1" 200 621
61.165.19.104 - - [23/Aug/2022:11:12:05 +0800] "POST /xingrg/kc/base/wldb_list_operate.html HTTP/1.1" 200 5290
218.81.223.53 - - [23/Aug/2022:11:12:05 +0800] "GET /xingrg/all/function/internal_message.html?_=1661224330703&CODE_STATE=getMsg HTTP/1.1" 200 27
120.253.135.82 - - [23/Aug/2022:11:12:07 +0800] "POST /xingrg/kc/buy/cgsh_list_operate.html HTTP/1.1" 200 752
61.165.19.104 - - [23/Aug/2022:11:12:08 +0800] "GET /xingrg/all/function/internal_message.html?_=1661224196436&CODE_STATE=getMsg HTTP/1.1" 200 27
114.88.158.224 - - [23/Aug/2022:11:12:13 +0800] "GET /xingrg/kc/buy/cgsh_order_operate.html?command=get_materiel&rest_code=00141&code=00101008300&supplier_code=00100007&order_time=2022-08-23 HTTP/1.1" 200 412
124.78.156.101 - - [23/Aug/2022:11:12:14 +0800] "GET /xingrg/all/function/internal_message.html?_=1661224338638&CODE_STATE=getMsg HTTP/1.1" 200 27
120.253.135.82 - - [23/Aug/2022:11:12:17 +0800] "GET /xingrg/check_reg.html?_=1661224140178 HTTP/1.1" 200 22
114.83.216.129 - - [23/Aug/2022:11:12:19 +0800] "GET /xingrg/all/function/internal_message.html?_=1661224337080&CODE_STATE=getMsg HTTP/1.1" 200 27
116.232.194.65 - - [23/Aug/2022:11:12:22 +0800] "GET /xingrg/all/function/internal_message.html?_=1661224314930&CODE_STATE=getMsg HTTP/1.1" 200 27
116.232.53.43 - - [23/Aug/2022:11:12:24 +0800] "GET /xingrg/all/function/internal_message.html?_=1661224345522&CODE_STATE=getMsg HTTP/1.1" 200 27
124.78.156.101 - - [23/Aug/2022:11:12:25 +0800] "GET /xingrg/kc/buy/buy_main.html HTTP/1.1" 200 12412
124.78.156.101 - - [23/Aug/2022:11:12:25 +0800] "GET /xingrg/css/new_ie.css HTTP/1.1" 404 1036
124.78.156.101 - - [23/Aug/2022:11:12:26 +0800] "GET /xingrg/images/yd/bt.gif HTTP/1.1" 404 1040
124.78.156.101 - - [23/Aug/2022:11:12:27 +0800] "GET /xingrg/kc/buy/cgsh_order_list.html HTTP/1.1" 200 52635
101.80.228.36 - - [23/Aug/2022:11:12:27 +0800] "GET /xingrg/all/function/internal_message.html?_=1661224346237&CODE_STATE=getMsg HTTP/1.1" 200 27
120.253.135.82 - - [23/Aug/2022:11:12:29 +0800] "GET /xingrg/all/function/internal_message.html?_=1661224452026&CODE_STATE=getMsg HTTP/1.1" 200 27
101.85.120.95 - - [23/Aug/2022:11:12:29 +0800] "GET /xingrg/all/function/internal_message.html?_=1661224348199&CODE_STATE=getMsg HTTP/1.1" 200 27
101.80.228.36 - - [23/Aug/2022:11:12:30 +0800] "POST /xingrg/kc/base/yddb_list_operate.html HTTP/1.1" 200 4382
124.78.156.101 - - [23/Aug/2022:11:12:31 +0800] "POST /xingrg/kc/buy/cgsh_list_operate.html HTTP/1.1" 200 3136
120.253.135.82 - - [23/Aug/2022:11:12:34 +0800] "GET /xingrg/javascript/jquery_easy_ui/themes/icons/manage.png HTTP/1.1" 304 -
120.253.135.82 - - [23/Aug/2022:11:12:34 +0800] "GET /xingrg/javascript/jquery_easy_ui/themes/icons/area.png HTTP/1.1" 304 -
116.224.255.128 - - [23/Aug/2022:11:12:35 +0800] "GET /xingrg/all/function/internal_message.html?_=1661224281712&CODE_STATE=getMsg HTTP/1.1" 200 27
116.232.53.43 - - [23/Aug/2022:11:12:35 +0800] "POST /xingrg/services/DataTransmitService HTTP/1.1" 200 524
116.232.53.43 - - [23/Aug/2022:11:12:36 +0800] "POST /xingrg/services/DataTransmitService HTTP/1.1" 200 412
120.253.135.82 - - [23/Aug/2022:11:12:38 +0800] "GET /xingrg/kc/pszx/mdqp_order_list.html?state=10 HTTP/1.1" 200 14697
120.253.135.82 - - [23/Aug/2022:11:12:38 +0800] "GET /xingrg/css/blue.css HTTP/1.1" 304 -
120.253.135.82 - - [23/Aug/2022:11:12:38 +0800] "GET /xingrg/dwr/interface/AjaxQqpsService.js HTTP/1.1" 200 16326
120.253.135.82 - - [23/Aug/2022:11:12:38 +0800] "GET /xingrg/dwr/util.js HTTP/1.1" 304 -
120.253.135.82 - - [23/Aug/2022:11:12:38 +0800] "GET /xingrg/dwr/engine.js HTTP/1.1" 200 43631
120.253.135.82 - - [23/Aug/2022:11:12:38 +0800] "GET /xingrg/dwr/interface/AjaxReportQueryService.js HTTP/1.1" 200 13203
120.253.135.82 - - [23/Aug/2022:11:12:38 +0800] "GET /xingrg/javascript/Calendar.js HTTP/1.1" 304 -
120.253.135.82 - - [23/Aug/2022:11:12:38 +0800] "GET /xingrg/javascript/myfunction.js HTTP/1.1" 304 -
120.253.135.82 - - [23/Aug/2022:11:12:38 +0800] "GET /xingrg/javascript/jquery_easy_ui/themes/icons/back_new.png HTTP/1.1" 304 -
120.253.135.82 - - [23/Aug/2022:11:12:38 +0800] "GET /xingrg/javascript/jquery_easy_ui/themes/icons/check_new.png HTTP/1.1" 304 -
120.253.135.82 - - [23/Aug/2022:11:12:38 +0800] "GET /xingrg/javascript/jquery_easy_ui/themes/icons/uncheck_new.png HTTP/1.1" 304 -
61.165.19.104 - - [23/Aug/2022:11:12:39 +0800] "GET /xingrg/all/function/internal_message.html?_=1661224359513&CODE_STATE=getMsg HTTP/1.1" 200 27
114.88.158.224 - - [23/Aug/2022:11:12:41 +0800] "GET /xingrg/all/function/internal_message.html?_=1661224027930&CODE_STATE=getMsg HTTP/1.1" 200 27
116.224.255.128 - - [23/Aug/2022:11:12:44 +0800] "GET /xingrg/check_reg.html?_=1661224362806 HTTP/1.1" 200 22
116.224.255.128 - - [23/Aug/2022:11:12:44 +0800] "GET /xingrg/all/function/internal_message.html?_=1661224362809&CODE_STATE=getMsg HTTP/1.1" 200 27
180.169.147.146 - - [23/Aug/2022:11:12:45 +0800] "GET /xingrg/check_reg.html?_=1661224364774 HTTP/1.1" 200 22
180.169.147.146 - - [23/Aug/2022:11:12:45 +0800] "GET /xingrg/all/function/internal_message.html?_=1661224364775&CODE_STATE=getMsg HTTP/1.1" 200 27
120.253.135.82 - - [23/Aug/2022:11:12:48 +0800] "GET /xingrg/kc/pszx/mdqp_order_info.html?code=302022082300430 HTTP/1.1" 200 13350
120.253.135.82 - - [23/Aug/2022:11:12:48 +0800] "GET /xingrg/javascript/Grid.js HTTP/1.1" 304 -
120.253.135.82 - - [23/Aug/2022:11:12:48 +0800] "GET /xingrg/dwr/interface/AjaxQqpsService.js HTTP/1.1" 200 16326
120.253.135.82 - - [23/Aug/2022:11:12:48 +0800] "GET /xingrg/dwr/interface/AjaxComOrderService.js HTTP/1.1" 200 18264
120.253.135.82 - - [23/Aug/2022:11:12:48 +0800] "GET /xingrg/javascript/tools/jquery.qtip-1.0.0-rc3.min.js HTTP/1.1" 304 -
120.253.135.82 - - [23/Aug/2022:11:12:48 +0800] "GET /xingrg/dwr/engine.js HTTP/1.1" 200 43631
120.253.135.82 - - [23/Aug/2022:11:12:48 +0800] "GET /xingrg/javascript/checkform.js HTTP/1.1" 304 -
120.253.135.82 - - [23/Aug/2022:11:12:48 +0800] "GET /xingrg/javascript/AjaxInfoList.js HTTP/1.1" 304 -
120.253.135.82 - - [23/Aug/2022:11:12:48 +0800] "GET /xingrg/javascript/ToolTips.js HTTP/1.1" 304 -
120.253.135.82 - - [23/Aug/2022:11:12:49 +0800] "GET /xingrg/javascript/jquery_easy_ui/themes/icons/print.png HTTP/1.1" 304 -
120.253.135.82 - - [23/Aug/2022:11:12:49 +0800] "GET /xingrg/javascript/jquery_easy_ui/themes/default/images/menu_downarrow.png HTTP/1.1" 304 -
120.253.135.82 - - [23/Aug/2022:11:12:49 +0800] "GET /xingrg/images/blue/button/kc_tab_save.gif HTTP/1.1" 304 -
120.253.135.82 - - [23/Aug/2022:11:12:49 +0800] "GET /xingrg/images/blue/button/kc_tab_edit.gif HTTP/1.1" 304 -
120.253.135.82 - - [23/Aug/2022:11:12:49 +0800] "GET /xingrg/images/blue/kc_tab_mid.gif HTTP/1.1" 304 -
120.253.135.82 - - [23/Aug/2022:11:12:49 +0800] "GET /xingrg/images/blue/kc_tab_right.gif HTTP/1.1" 304 -
120.253.135.82 - - [23/Aug/2022:11:12:49 +0800] "GET /xingrg/images/blue/kc_tab2_right.gif HTTP/1.1" 304 -
120.253.135.82 - - [23/Aug/2022:11:12:49 +0800] "GET /xingrg/images/blue/kc_tab_left.gif HTTP/1.1" 304 -
120.253.135.82 - - [23/Aug/2022:11:12:49 +0800] "GET /xingrg/images/blue/kc_tab2_left.gif HTTP/1.1" 304 -
120.253.135.82 - - [23/Aug/2022:11:12:49 +0800] "GET /xingrg/images/blue/wait.gif HTTP/1.1" 304 -
120.253.135.82 - - [23/Aug/2022:11:12:49 +0800] "POST /xingrg/dwr/call/plaincall/AjaxQqpsService.loadMaterielItems.dwr HTTP/1.1" 200 408
120.253.135.82 - - [23/Aug/2022:11:12:51 +0800] "GET /xingrg/images/yd/bt.gif HTTP/1.1" 404 1040
120.253.135.82 - - [23/Aug/2022:11:12:51 +0800] "GET /xingrg/images/yd/bt2.gif HTTP/1.1" 404 1042
120.253.135.82 - - [23/Aug/2022:11:12:51 +0800] "GET /xingrg/javascript/jquery_easy_ui/themes/default/images/button_plain_hover.png HTTP/1.1" 304 -
218.81.223.53 - - [23/Aug/2022:11:12:53 +0800] "POST /xingrg/services/DataTransmitService HTTP/1.1" 200 524
120.253.135.82 - - [23/Aug/2022:11:12:54 +0800] "GET /xingrg/kc/pszx/mdqp_order_list.html?isBack=1 HTTP/1.1" 302 -
120.253.135.82 - - [23/Aug/2022:11:12:54 +0800] "GET /xingrg/kc/pszx/mdqp_order_list.html?state=10 HTTP/1.1" 200 14697
120.253.135.82 - - [23/Aug/2022:11:12:54 +0800] "GET /xingrg/dwr/interface/AjaxReportQueryService.js HTTP/1.1" 200 13203
120.253.135.82 - - [23/Aug/2022:11:12:54 +0800] "GET /xingrg/dwr/interface/AjaxQqpsService.js HTTP/1.1" 200 16326
120.253.135.82 - - [23/Aug/2022:11:12:54 +0800] "GET /xingrg/dwr/engine.js HTTP/1.1" 200 43631
116.224.123.211 - - [23/Aug/2022:11:12:55 +0800] "GET /xingrg/all/function/internal_message.html?_=1661224374963&CODE_STATE=getMsg HTTP/1.1" 200 27
120.253.135.82 - - [23/Aug/2022:11:12:55 +0800] "GET /xingrg/kc/pszx/mdqp_order_info.html?code=302022082200406 HTTP/1.1" 200 13350
120.253.135.82 - - [23/Aug/2022:11:12:55 +0800] "GET /xingrg/dwr/interface/AjaxComOrderService.js HTTP/1.1" 200 18264
120.253.135.82 - - [23/Aug/2022:11:12:55 +0800] "GET /xingrg/dwr/interface/AjaxQqpsService.js HTTP/1.1" 200 16326
120.253.135.82 - - [23/Aug/2022:11:12:55 +0800] "GET /xingrg/dwr/engine.js HTTP/1.1" 200 43631
218.81.223.53 - - [23/Aug/2022:11:12:55 +0800] "POST /xingrg/services/DataTransmitService HTTP/1.1" 200 412
120.253.135.82 - - [23/Aug/2022:11:12:56 +0800] "POST /xingrg/dwr/call/plaincall/AjaxQqpsService.loadMaterielItems.dwr HTTP/1.1" 200 2869
124.78.156.101 - - [23/Aug/2022:11:13:05 +0800] "GET /xingrg/kc/buy/cgsh_order_add.html HTTP/1.1" 200 68411
124.78.156.101 - - [23/Aug/2022:11:13:05 +0800] "GET /xingrg/words/20220823102144_words.js HTTP/1.1" 304 -
124.78.156.101 - - [23/Aug/2022:11:13:05 +0800] "POST /xingrg/kc/buy/cgsh_order_operate.html HTTP/1.1" 200 8245
124.78.156.101 - - [23/Aug/2022:11:13:05 +0800] "GET /xingrg/javascript/easyui/themes/default/validatebox.css HTTP/1.1" 404 1104
218.81.223.53 - - [23/Aug/2022:11:13:06 +0800] "GET /xingrg/all/function/internal_message.html?_=1661224391089&CODE_STATE=getMsg HTTP/1.1" 200 27
124.78.156.101 - - [23/Aug/2022:11:13:07 +0800] "GET /xingrg/javascript/easyui/themes/default/tree.css HTTP/1.1" 404 1090
124.78.156.101 - - [23/Aug/2022:11:13:07 +0800] "POST /xingrg/all/common/load_tree.html?tree=supplier_tree_json&isDelete=1 HTTP/1.1" 200 67879
61.165.19.104 - - [23/Aug/2022:11:13:08 +0800] "GET /xingrg/check_reg.html?_=1661224256110 HTTP/1.1" 200 22
61.165.19.104 - - [23/Aug/2022:11:13:08 +0800] "GET /xingrg/all/function/internal_message.html?_=1661224256380&CODE_STATE=getMsg HTTP/1.1" 200 27
120.253.135.82 - - [23/Aug/2022:11:13:13 +0800] "GET /xingrg/javascript/jquery_easy_ui/themes/default/images/tabs_active.png HTTP/1.1" 304 -
120.253.135.82 - - [23/Aug/2022:11:13:13 +0800] "GET /xingrg/javascript/jquery_easy_ui/themes/default/images/tabs_active.png HTTP/1.1" 304 -
124.78.156.101 - - [23/Aug/2022:11:13:14 +0800] "GET /xingrg/all/function/internal_message.html?_=1661224398632&CODE_STATE=getMsg HTTP/1.1" 200 27
180.169.147.146 - - [23/Aug/2022:11:13:15 +0800] "GET /xingrg/check_reg.html?_=1661224395113 HTTP/1.1" 200 22
120.253.135.82 - - [23/Aug/2022:11:13:18 +0800] "GET /xingrg/kc/pszx/mdqp_order_list.html?state=10 HTTP/1.1" 200 14697
120.253.135.82 - - [23/Aug/2022:11:13:18 +0800] "GET /xingrg/dwr/interface/AjaxQqpsService.js HTTP/1.1" 200 16326
120.253.135.82 - - [23/Aug/2022:11:13:18 +0800] "GET /xingrg/dwr/interface/AjaxReportQueryService.js HTTP/1.1" 200 13203
120.253.135.82 - - [23/Aug/2022:11:13:18 +0800] "GET /xingrg/dwr/engine.js HTTP/1.1" 200 43631
114.83.216.129 - - [23/Aug/2022:11:13:19 +0800] "GET /xingrg/all/function/internal_message.html?_=1661224397050&CODE_STATE=getMsg HTTP/1.1" 200 27
114.86.187.244 - - [23/Aug/2022:11:13:21 +0800] "GET /xingrg/kc/buy/cgsh_order_operate.html?command=get_materiel&rest_code=00148&code=00101003024&supplier_code=00100010&order_time=2022-08-23 HTTP/1.1" 200 415
116.232.194.65 - - [23/Aug/2022:11:13:22 +0800] "GET /xingrg/all/function/internal_message.html?_=1661224374928&CODE_STATE=getMsg HTTP/1.1" 200 27
120.253.135.82 - - [23/Aug/2022:11:13:22 +0800] "GET /xingrg/kc/pszx/mdqp_order_info.html?code=302022082300429 HTTP/1.1" 200 13350
120.253.135.82 - - [23/Aug/2022:11:13:22 +0800] "GET /xingrg/javascript/tools/jquery.qtip-1.0.0-rc3.min.js HTTP/1.1" 304 -
120.253.135.82 - - [23/Aug/2022:11:13:22 +0800] "GET /xingrg/dwr/interface/AjaxQqpsService.js HTTP/1.1" 200 16326
120.253.135.82 - - [23/Aug/2022:11:13:22 +0800] "GET /xingrg/javascript/ToolTips.js HTTP/1.1" 304 -
120.253.135.82 - - [23/Aug/2022:11:13:22 +0800] "GET /xingrg/dwr/interface/AjaxComOrderService.js HTTP/1.1" 200 18264
120.253.135.82 - - [23/Aug/2022:11:13:22 +0800] "GET /xingrg/dwr/engine.js HTTP/1.1" 200 43631
120.253.135.82 - - [23/Aug/2022:11:13:22 +0800] "GET /xingrg/javascript/AjaxInfoList.js HTTP/1.1" 304 -
120.253.135.82 - - [23/Aug/2022:11:13:23 +0800] "GET /xingrg/javascript/Grid.js HTTP/1.1" 304 -
120.253.135.82 - - [23/Aug/2022:11:13:23 +0800] "GET /xingrg/javascript/checkform.js HTTP/1.1" 304 -
120.253.135.82 - - [23/Aug/2022:11:13:23 +0800] "GET /xingrg/javascript/jquery_easy_ui/themes/icons/print.png HTTP/1.1" 304 -
120.253.135.82 - - [23/Aug/2022:11:13:23 +0800] "GET /xingrg/javascript/jquery_easy_ui/themes/default/images/menu_downarrow.png HTTP/1.1" 304 -
120.253.135.82 - - [23/Aug/2022:11:13:23 +0800] "GET /xingrg/images/blue/button/kc_tab_edit.gif HTTP/1.1" 304 -
120.253.135.82 - - [23/Aug/2022:11:13:23 +0800] "GET /xingrg/images/blue/button/kc_tab_save.gif HTTP/1.1" 304 -
120.253.135.82 - - [23/Aug/2022:11:13:23 +0800] "GET /xingrg/images/blue/kc_tab_left.gif HTTP/1.1" 304 -
120.253.135.82 - - [23/Aug/2022:11:13:23 +0800] "GET /xingrg/images/blue/kc_tab_mid.gif HTTP/1.1" 304 -
120.253.135.82 - - [23/Aug/2022:11:13:23 +0800] "GET /xingrg/images/blue/kc_tab_right.gif HTTP/1.1" 304 -
120.253.135.82 - - [23/Aug/2022:11:13:23 +0800] "GET /xingrg/images/blue/kc_tab2_left.gif HTTP/1.1" 304 -
120.253.135.82 - - [23/Aug/2022:11:13:23 +0800] "GET /xingrg/images/blue/kc_tab2_right.gif HTTP/1.1" 304 -
120.253.135.82 - - [23/Aug/2022:11:13:23 +0800] "GET /xingrg/images/blue/wait.gif HTTP/1.1" 304 -
120.253.135.82 - - [23/Aug/2022:11:13:23 +0800] "POST /xingrg/dwr/call/plaincall/AjaxQqpsService.loadMaterielItems.dwr HTTP/1.1" 200 462
116.232.53.43 - - [23/Aug/2022:11:13:24 +0800] "GET /xingrg/all/function/internal_message.html?_=1661224405524&CODE_STATE=getMsg HTTP/1.1" 200 27
120.253.135.82 - - [23/Aug/2022:11:13:25 +0800] "GET /xingrg/images/yd/bt.gif HTTP/1.1" 404 1040
120.253.135.82 - - [23/Aug/2022:11:13:25 +0800] "GET /xingrg/images/yd/bt2.gif HTTP/1.1" 404 1042
101.80.228.36 - - [23/Aug/2022:11:13:27 +0800] "GET /xingrg/all/function/internal_message.html?_=1661224406218&CODE_STATE=getMsg HTTP/1.1" 200 27
120.253.135.82 - - [23/Aug/2022:11:13:27 +0800] "GET /xingrg/javascript/jquery_easy_ui/themes/default/images/button_plain_hover.png HTTP/1.1" 304 -
120.253.135.82 - - [23/Aug/2022:11:13:28 +0800] "GET /xingrg/kc/pszx/mdqp_order_list.html?isBack=1 HTTP/1.1" 302 -
120.253.135.82 - - [23/Aug/2022:11:13:28 +0800] "GET /xingrg/kc/pszx/mdqp_order_list.html?state=10 HTTP/1.1" 200 14697
120.253.135.82 - - [23/Aug/2022:11:13:28 +0800] "GET /xingrg/dwr/interface/AjaxReportQueryService.js HTTP/1.1" 200 13203
120.253.135.82 - - [23/Aug/2022:11:13:28 +0800] "GET /xingrg/dwr/interface/AjaxQqpsService.js HTTP/1.1" 200 16326
120.253.135.82 - - [23/Aug/2022:11:13:28 +0800] "GET /xingrg/dwr/engine.js HTTP/1.1" 200 43631
120.253.135.82 - - [23/Aug/2022:11:13:29 +0800] "GET /xingrg/all/function/internal_message.html?_=1661224512047&CODE_STATE=getMsg HTTP/1.1" 200 27
101.85.120.95 - - [23/Aug/2022:11:13:29 +0800] "GET /xingrg/check_reg.html?_=1661224408200 HTTP/1.1" 200 22
101.85.120.95 - - [23/Aug/2022:11:13:29 +0800] "GET /xingrg/all/function/internal_message.html?_=1661224408202&CODE_STATE=getMsg HTTP/1.1" 200 27
120.253.135.82 - - [23/Aug/2022:11:13:29 +0800] "GET /xingrg/images/yd/bt.gif HTTP/1.1" 404 1040
124.78.156.101 - - [23/Aug/2022:11:13:29 +0800] "GET /xingrg/kc/buy/cgsh_order_operate.html?command=get_materiel&rest_code=00106&code=00101009001&supplier_code=00100022&order_time=2022-08-23 HTTP/1.1" 200 418
114.86.187.244 - - [23/Aug/2022:11:13:30 +0800] "GET /xingrg/kc/buy/cgsh_order_operate.html?command=get_materiel&rest_code=00148&code=00101006111&supplier_code=00100010&order_time=2022-08-23 HTTP/1.1" 200 409
120.253.135.82 - - [23/Aug/2022:11:13:31 +0800] "GET /xingrg/kc/pszx/mdqp_order_list.html?isBack=1 HTTP/1.1" 302 -
120.253.135.82 - - [23/Aug/2022:11:13:31 +0800] "GET /xingrg/kc/pszx/mdqp_order_list.html?state=10 HTTP/1.1" 200 14697
120.253.135.82 - - [23/Aug/2022:11:13:32 +0800] "GET /xingrg/dwr/interface/AjaxQqpsService.js HTTP/1.1" 200 16326
120.253.135.82 - - [23/Aug/2022:11:13:32 +0800] "GET /xingrg/dwr/interface/AjaxReportQueryService.js HTTP/1.1" 200 13203
120.253.135.82 - - [23/Aug/2022:11:13:32 +0800] "GET /xingrg/dwr/engine.js HTTP/1.1" 200 43631
116.224.255.128 - - [23/Aug/2022:11:13:34 +0800] "GET /xingrg/all/function/internal_message.html?_=1661224341737&CODE_STATE=getMsg HTTP/1.1" 200 27
120.253.135.82 - - [23/Aug/2022:11:13:35 +0800] "GET /xingrg/kc/pszx/mdqp_order_info.html?code=302022082200407 HTTP/1.1" 200 13350
120.253.135.82 - - [23/Aug/2022:11:13:35 +0800] "GET /xingrg/dwr/interface/AjaxComOrderService.js HTTP/1.1" 200 18264
120.253.135.82 - - [23/Aug/2022:11:13:35 +0800] "GET /xingrg/dwr/interface/AjaxQqpsService.js HTTP/1.1" 200 16326
120.253.135.82 - - [23/Aug/2022:11:13:35 +0800] "GET /xingrg/dwr/engine.js HTTP/1.1" 200 43631
120.253.135.82 - - [23/Aug/2022:11:13:35 +0800] "GET /xingrg/kc/pszx/mdqp_order_info.html?code=302022082300431 HTTP/1.1" 200 13350
120.253.135.82 - - [23/Aug/2022:11:13:35 +0800] "POST /xingrg/dwr/call/plaincall/AjaxQqpsService.loadMaterielItems.dwr HTTP/1.1" 200 1044
120.253.135.82 - - [23/Aug/2022:11:13:35 +0800] "GET /xingrg/dwr/interface/AjaxComOrderService.js HTTP/1.1" 200 18264
120.253.135.82 - - [23/Aug/2022:11:13:35 +0800] "GET /xingrg/dwr/interface/AjaxQqpsService.js HTTP/1.1" 200 16326
120.253.135.82 - - [23/Aug/2022:11:13:35 +0800] "GET /xingrg/dwr/engine.js HTTP/1.1" 200 43631
120.253.135.82 - - [23/Aug/2022:11:13:35 +0800] "POST /xingrg/dwr/call/plaincall/AjaxQqpsService.loadMaterielItems.dwr HTTP/1.1" 200 338
218.81.223.53 - - [23/Aug/2022:11:13:36 +0800] "GET /xingrg/kc/buy/cgsh_order_add.html HTTP/1.1" 200 68379
218.81.223.53 - - [23/Aug/2022:11:13:38 +0800] "POST /xingrg/kc/buy/cgsh_order_operate.html HTTP/1.1" 200 8245
218.81.223.53 - - [23/Aug/2022:11:13:38 +0800] "GET /xingrg/javascript/easyui/themes/default/validatebox.css HTTP/1.1" 404 1104
61.165.19.104 - - [23/Aug/2022:11:13:39 +0800] "GET /xingrg/all/function/internal_message.html?_=1661224419495&CODE_STATE=getMsg HTTP/1.1" 200 27
120.253.135.82 - - [23/Aug/2022:11:13:41 +0800] "GET /xingrg/kc/pszx/mdqp_order_list.html?isBack=1 HTTP/1.1" 302 -
61.165.19.104 - - [23/Aug/2022:11:13:41 +0800] "GET /xingrg/check_reg.html?_=1661224421220 HTTP/1.1" 200 22
120.253.135.82 - - [23/Aug/2022:11:13:41 +0800] "GET /xingrg/kc/pszx/mdqp_order_list.html?state=10 HTTP/1.1" 200 14697
120.253.135.82 - - [23/Aug/2022:11:13:41 +0800] "GET /xingrg/dwr/interface/AjaxQqpsService.js HTTP/1.1" 200 16326
120.253.135.82 - - [23/Aug/2022:11:13:41 +0800] "GET /xingrg/dwr/interface/AjaxReportQueryService.js HTTP/1.1" 200 13203
120.253.135.82 - - [23/Aug/2022:11:13:41 +0800] "GET /xingrg/dwr/engine.js HTTP/1.1" 200 43631
114.88.158.224 - - [23/Aug/2022:11:13:41 +0800] "GET /xingrg/check_reg.html?_=1661224087900 HTTP/1.1" 200 22
114.88.158.224 - - [23/Aug/2022:11:13:41 +0800] "GET /xingrg/all/function/internal_message.html?_=1661224087902&CODE_STATE=getMsg HTTP/1.1" 200 27
120.253.135.82 - - [23/Aug/2022:11:13:43 +0800] "GET /xingrg/kc/pszx/mdqp_order_info.html?code=302022082200409 HTTP/1.1" 200 13350
120.253.135.82 - - [23/Aug/2022:11:13:43 +0800] "GET /xingrg/dwr/interface/AjaxComOrderService.js HTTP/1.1" 200 18264
120.253.135.82 - - [23/Aug/2022:11:13:43 +0800] "GET /xingrg/dwr/interface/AjaxQqpsService.js HTTP/1.1" 200 16326
120.253.135.82 - - [23/Aug/2022:11:13:43 +0800] "GET /xingrg/dwr/engine.js HTTP/1.1" 200 43631
120.253.135.82 - - [23/Aug/2022:11:13:43 +0800] "POST /xingrg/dwr/call/plaincall/AjaxQqpsService.loadMaterielItems.dwr HTTP/1.1" 200 604
116.224.255.128 - - [23/Aug/2022:11:13:44 +0800] "GET /xingrg/all/function/internal_message.html?_=1661224422811&CODE_STATE=getMsg HTTP/1.1" 200 27
120.253.135.82 - - [23/Aug/2022:11:13:44 +0800] "GET /xingrg/images/yd/bt.gif HTTP/1.1" 404 1040
120.253.135.82 - - [23/Aug/2022:11:13:44 +0800] "GET /xingrg/images/yd/bt2.gif HTTP/1.1" 404 1042
180.169.147.146 - - [23/Aug/2022:11:13:45 +0800] "GET /xingrg/all/function/internal_message.html?_=1661224424762&CODE_STATE=getMsg HTTP/1.1" 200 27
120.253.135.82 - - [23/Aug/2022:11:13:46 +0800] "GET /xingrg/kc/pszx/mdqp_order_list.html?isBack=1 HTTP/1.1" 302 -
120.253.135.82 - - [23/Aug/2022:11:13:46 +0800] "GET /xingrg/kc/pszx/mdqp_order_list.html?state=10 HTTP/1.1" 200 14697
120.253.135.82 - - [23/Aug/2022:11:13:46 +0800] "GET /xingrg/dwr/interface/AjaxQqpsService.js HTTP/1.1" 200 16326
120.253.135.82 - - [23/Aug/2022:11:13:46 +0800] "GET /xingrg/dwr/interface/AjaxReportQueryService.js HTTP/1.1" 200 13203
120.253.135.82 - - [23/Aug/2022:11:13:46 +0800] "GET /xingrg/dwr/engine.js HTTP/1.1" 200 43631
120.253.135.82 - - [23/Aug/2022:11:13:47 +0800] "GET /xingrg/kc/pszx/mdqp_order_list.html?isBack=1 HTTP/1.1" 302 -
120.253.135.82 - - [23/Aug/2022:11:13:47 +0800] "GET /xingrg/kc/pszx/mdqp_order_list.html?state=10 HTTP/1.1" 200 14697
120.253.135.82 - - [23/Aug/2022:11:13:47 +0800] "GET /xingrg/dwr/interface/AjaxReportQueryService.js HTTP/1.1" 200 13203
120.253.135.82 - - [23/Aug/2022:11:13:47 +0800] "GET /xingrg/dwr/interface/AjaxQqpsService.js HTTP/1.1" 200 16326
120.253.135.82 - - [23/Aug/2022:11:13:47 +0800] "GET /xingrg/dwr/engine.js HTTP/1.1" 200 43631
120.253.135.82 - - [23/Aug/2022:11:13:48 +0800] "GET /xingrg/kc/pszx/mdqp_order_info.html?code=302022082200413 HTTP/1.1" 200 13350
120.253.135.82 - - [23/Aug/2022:11:13:49 +0800] "GET /xingrg/dwr/interface/AjaxComOrderService.js HTTP/1.1" 200 18264
120.253.135.82 - - [23/Aug/2022:11:13:49 +0800] "GET /xingrg/dwr/interface/AjaxQqpsService.js HTTP/1.1" 200 16326
120.253.135.82 - - [23/Aug/2022:11:13:49 +0800] "GET /xingrg/dwr/engine.js HTTP/1.1" 200 43631
120.253.135.82 - - [23/Aug/2022:11:13:49 +0800] "POST /xingrg/dwr/call/plaincall/AjaxQqpsService.loadMaterielItems.dwr HTTP/1.1" 200 582
120.253.135.82 - - [23/Aug/2022:11:13:52 +0800] "GET /xingrg/kc/pszx/mdqp_order_list.html?isBack=1 HTTP/1.1" 302 -
120.253.135.82 - - [23/Aug/2022:11:13:52 +0800] "GET /xingrg/kc/pszx/mdqp_order_list.html?state=10 HTTP/1.1" 200 14697
120.253.135.82 - - [23/Aug/2022:11:13:52 +0800] "GET /xingrg/dwr/interface/AjaxQqpsService.js HTTP/1.1" 200 16326
120.253.135.82 - - [23/Aug/2022:11:13:52 +0800] "GET /xingrg/dwr/interface/AjaxReportQueryService.js HTTP/1.1" 200 13203
120.253.135.82 - - [23/Aug/2022:11:13:52 +0800] "GET /xingrg/dwr/engine.js HTTP/1.1" 200 43631
120.253.135.82 - - [23/Aug/2022:11:13:54 +0800] "GET /xingrg/kc/pszx/mdqp_order_info.html?code=302022082200414 HTTP/1.1" 200 13350
120.253.135.82 - - [23/Aug/2022:11:13:54 +0800] "GET /xingrg/dwr/interface/AjaxComOrderService.js HTTP/1.1" 200 18264
120.253.135.82 - - [23/Aug/2022:11:13:54 +0800] "GET /xingrg/dwr/interface/AjaxQqpsService.js HTTP/1.1" 200 16326
120.253.135.82 - - [23/Aug/2022:11:13:54 +0800] "GET /xingrg/dwr/engine.js HTTP/1.1" 200 43631
120.253.135.82 - - [23/Aug/2022:11:13:54 +0800] "POST /xingrg/dwr/call/plaincall/AjaxQqpsService.loadMaterielItems.dwr HTTP/1.1" 200 354
116.224.123.211 - - [23/Aug/2022:11:13:55 +0800] "GET /xingrg/all/function/internal_message.html?_=1661224434964&CODE_STATE=getMsg HTTP/1.1" 200 27
114.86.187.244 - - [23/Aug/2022:11:13:56 +0800] "GET /xingrg/kc/buy/cgsh_order_operate.html?command=get_materiel&rest_code=00148&code=00101006131&supplier_code=00100010&order_time=2022-08-23 HTTP/1.1" 200 417
120.253.135.82 - - [23/Aug/2022:11:14:01 +0800] "GET /xingrg/kc/pszx/mdqp_order_list.html?isBack=1 HTTP/1.1" 302 -
120.253.135.82 - - [23/Aug/2022:11:14:01 +0800] "GET /xingrg/kc/pszx/mdqp_order_list.html?state=10 HTTP/1.1" 200 14697
120.253.135.82 - - [23/Aug/2022:11:14:01 +0800] "GET /xingrg/dwr/engine.js HTTP/1.1" 200 43631
120.253.135.82 - - [23/Aug/2022:11:14:01 +0800] "GET /xingrg/dwr/interface/AjaxReportQueryService.js HTTP/1.1" 200 13203
120.253.135.82 - - [23/Aug/2022:11:14:01 +0800] "GET /xingrg/dwr/interface/AjaxQqpsService.js HTTP/1.1" 200 16326
218.81.223.53 - - [23/Aug/2022:11:14:06 +0800] "GET /xingrg/all/function/internal_message.html?_=1661224451088&CODE_STATE=getMsg HTTP/1.1" 200 27
61.165.19.104 - - [23/Aug/2022:11:14:08 +0800] "GET /xingrg/all/function/internal_message.html?_=1661224316369&CODE_STATE=getMsg HTTP/1.1" 200 27
120.253.135.82 - - [23/Aug/2022:11:14:09 +0800] "GET /xingrg/kc/pszx/mdqp_order_info.html?code=302022082200415 HTTP/1.1" 200 13350
120.253.135.82 - - [23/Aug/2022:11:14:09 +0800] "GET /xingrg/dwr/interface/AjaxComOrderService.js HTTP/1.1" 200 18264
120.253.135.82 - - [23/Aug/2022:11:14:09 +0800] "GET /xingrg/dwr/interface/AjaxQqpsService.js HTTP/1.1" 200 16326
120.253.135.82 - - [23/Aug/2022:11:14:09 +0800] "GET /xingrg/dwr/engine.js HTTP/1.1" 200 43631
120.253.135.82 - - [23/Aug/2022:11:14:09 +0800] "POST /xingrg/dwr/call/plaincall/AjaxQqpsService.loadMaterielItems.dwr HTTP/1.1" 200 730
120.253.135.82 - - [23/Aug/2022:11:14:11 +0800] "GET /xingrg/images/yd/bt.gif HTTP/1.1" 404 1040
120.253.135.82 - - [23/Aug/2022:11:14:11 +0800] "GET /xingrg/images/yd/bt2.gif HTTP/1.1" 404 1042
120.253.135.82 - - [23/Aug/2022:11:14:12 +0800] "GET /xingrg/kc/pszx/mdqp_order_list.html?isBack=1 HTTP/1.1" 302 -
120.253.135.82 - - [23/Aug/2022:11:14:12 +0800] "GET /xingrg/kc/pszx/mdqp_order_list.html?state=10 HTTP/1.1" 200 14697
120.253.135.82 - - [23/Aug/2022:11:14:12 +0800] "GET /xingrg/dwr/interface/AjaxQqpsService.js HTTP/1.1" 200 16326
120.253.135.82 - - [23/Aug/2022:11:14:12 +0800] "GET /xingrg/dwr/interface/AjaxReportQueryService.js HTTP/1.1" 200 13203
120.253.135.82 - - [23/Aug/2022:11:14:12 +0800] "GET /xingrg/dwr/engine.js HTTP/1.1" 200 43631
114.86.187.244 - - [23/Aug/2022:11:14:12 +0800] "POST /xingrg/kc/buy/cgsh_order_operate.html HTTP/1.1" 200 37
114.86.187.244 - - [23/Aug/2022:11:14:14 +0800] "POST /xingrg/kc/buy/cgsh_order_operate.html HTTP/1.1" 200 4433
120.253.135.82 - - [23/Aug/2022:11:14:14 +0800] "GET /xingrg/kc/pszx/mdqp_order_info.html?code=302022082200416 HTTP/1.1" 200 13350
120.253.135.82 - - [23/Aug/2022:11:14:14 +0800] "GET /xingrg/dwr/interface/AjaxComOrderService.js HTTP/1.1" 200 18264
120.253.135.82 - - [23/Aug/2022:11:14:14 +0800] "GET /xingrg/dwr/interface/AjaxQqpsService.js HTTP/1.1" 200 16326
120.253.135.82 - - [23/Aug/2022:11:14:14 +0800] "GET /xingrg/dwr/engine.js HTTP/1.1" 200 43631
120.253.135.82 - - [23/Aug/2022:11:14:14 +0800] "POST /xingrg/dwr/call/plaincall/AjaxQqpsService.loadMaterielItems.dwr HTTP/1.1" 200 583
124.78.156.101 - - [23/Aug/2022:11:14:14 +0800] "GET /xingrg/all/function/internal_message.html?_=1661224458631&CODE_STATE=getMsg HTTP/1.1" 200 27
114.86.187.244 - - [23/Aug/2022:11:14:14 +0800] "GET /xingrg/kc/print/load_data.html?order_code=212022082307715&kc_code=cgsh&condition= HTTP/1.1" 200 1406
120.253.135.82 - - [23/Aug/2022:11:14:16 +0800] "GET /xingrg/kc/pszx/mdqp_order_list.html?isBack=1 HTTP/1.1" 302 -
120.253.135.82 - - [23/Aug/2022:11:14:16 +0800] "GET /xingrg/kc/pszx/mdqp_order_list.html?state=10 HTTP/1.1" 200 14697
120.253.135.82 - - [23/Aug/2022:11:14:16 +0800] "GET /xingrg/dwr/interface/AjaxReportQueryService.js HTTP/1.1" 200 13203
120.253.135.82 - - [23/Aug/2022:11:14:16 +0800] "GET /xingrg/dwr/interface/AjaxQqpsService.js HTTP/1.1" 200 16326
120.253.135.82 - - [23/Aug/2022:11:14:17 +0800] "GET /xingrg/dwr/engine.js HTTP/1.1" 200 43631
120.253.135.82 - - [23/Aug/2022:11:14:18 +0800] "GET /xingrg/kc/pszx/mdqp_order_info.html?code=302022082200416 HTTP/1.1" 200 13350
120.253.135.82 - - [23/Aug/2022:11:14:18 +0800] "GET /xingrg/dwr/interface/AjaxComOrderService.js HTTP/1.1" 200 18264
120.253.135.82 - - [23/Aug/2022:11:14:18 +0800] "GET /xingrg/dwr/interface/AjaxQqpsService.js HTTP/1.1" 200 16326
120.253.135.82 - - [23/Aug/2022:11:14:18 +0800] "GET /xingrg/dwr/engine.js HTTP/1.1" 200 43631
58.221.95.50 - - [23/Aug/2022:11:14:18 +0800] "GET /xingrg/check_reg.html?_=1661224457532 HTTP/1.1" 302 -
120.253.135.82 - - [23/Aug/2022:11:14:18 +0800] "POST /xingrg/dwr/call/plaincall/AjaxQqpsService.loadMaterielItems.dwr HTTP/1.1" 200 583
114.83.216.129 - - [23/Aug/2022:11:14:19 +0800] "GET /xingrg/all/function/internal_message.html?_=1661224457034&CODE_STATE=getMsg HTTP/1.1" 200 27
120.253.135.82 - - [23/Aug/2022:11:14:21 +0800] "GET /xingrg/kc/pszx/mdqp_order_list.html?isBack=1 HTTP/1.1" 302 -
120.253.135.82 - - [23/Aug/2022:11:14:21 +0800] "GET /xingrg/kc/pszx/mdqp_order_list.html?state=10 HTTP/1.1" 200 14697
120.253.135.82 - - [23/Aug/2022:11:14:21 +0800] "GET /xingrg/dwr/interface/AjaxReportQueryService.js HTTP/1.1" 200 13203
120.253.135.82 - - [23/Aug/2022:11:14:21 +0800] "GET /xingrg/dwr/interface/AjaxQqpsService.js HTTP/1.1" 200 16326
120.253.135.82 - - [23/Aug/2022:11:14:21 +0800] "GET /xingrg/dwr/engine.js HTTP/1.1" 200 43631
116.232.194.65 - - [23/Aug/2022:11:14:22 +0800] "GET /xingrg/all/function/internal_message.html?_=1661224434917&CODE_STATE=getMsg HTTP/1.1" 200 27
116.232.194.65 - - [23/Aug/2022:11:14:22 +0800] "GET /xingrg/check_reg.html?_=1661224434921 HTTP/1.1" 200 22
116.232.53.43 - - [23/Aug/2022:11:14:24 +0800] "GET /xingrg/all/function/internal_message.html?_=1661224465526&CODE_STATE=getMsg HTTP/1.1" 200 27
218.81.223.53 - - [23/Aug/2022:11:14:25 +0800] "GET /xingrg/kc/buy/cgsh_order_operate.html?command=get_materiel&rest_code=00146&code=00101009011&supplier_code=00100023&order_time=2022-08-23 HTTP/1.1" 200 416
101.80.228.36 - - [23/Aug/2022:11:14:27 +0800] "GET /xingrg/all/function/internal_message.html?_=1661224466189&CODE_STATE=getMsg HTTP/1.1" 200 27
120.253.135.82 - - [23/Aug/2022:11:14:27 +0800] "GET /xingrg/kc/pszx/mdqp_order_info.html?code=302022082200417 HTTP/1.1" 200 13350
120.253.135.82 - - [23/Aug/2022:11:14:27 +0800] "GET /xingrg/dwr/interface/AjaxComOrderService.js HTTP/1.1" 200 18264
120.253.135.82 - - [23/Aug/2022:11:14:27 +0800] "GET /xingrg/dwr/interface/AjaxQqpsService.js HTTP/1.1" 200 16326
120.253.135.82 - - [23/Aug/2022:11:14:28 +0800] "GET /xingrg/dwr/engine.js HTTP/1.1" 200 43631
120.253.135.82 - - [23/Aug/2022:11:14:28 +0800] "POST /xingrg/dwr/call/plaincall/AjaxQqpsService.loadMaterielItems.dwr HTTP/1.1" 200 607
120.253.135.82 - - [23/Aug/2022:11:14:29 +0800] "GET /xingrg/kc/pszx/mdqp_order_info.html?code=302022082300430 HTTP/1.1" 200 13350
120.253.135.82 - - [23/Aug/2022:11:14:29 +0800] "GET /xingrg/dwr/interface/AjaxComOrderService.js HTTP/1.1" 200 18264
120.253.135.82 - - [23/Aug/2022:11:14:29 +0800] "GET /xingrg/dwr/interface/AjaxQqpsService.js HTTP/1.1" 200 16326
120.253.135.82 - - [23/Aug/2022:11:14:29 +0800] "GET /xingrg/all/function/internal_message.html?_=1661224572062&CODE_STATE=getMsg HTTP/1.1" 200 27
120.253.135.82 - - [23/Aug/2022:11:14:29 +0800] "GET /xingrg/dwr/engine.js HTTP/1.1" 200 43631
101.85.120.95 - - [23/Aug/2022:11:14:29 +0800] "GET /xingrg/all/function/internal_message.html?_=1661224468201&CODE_STATE=getMsg HTTP/1.1" 200 27
120.253.135.82 - - [23/Aug/2022:11:14:29 +0800] "POST /xingrg/dwr/call/plaincall/AjaxQqpsService.loadMaterielItems.dwr HTTP/1.1" 200 408
120.253.135.82 - - [23/Aug/2022:11:14:32 +0800] "GET /xingrg/kc/pszx/mdqp_order_list.html?isBack=1 HTTP/1.1" 302 -
120.253.135.82 - - [23/Aug/2022:11:14:32 +0800] "GET /xingrg/kc/pszx/mdqp_order_list.html?state=10 HTTP/1.1" 200 14697
120.253.135.82 - - [23/Aug/2022:11:14:32 +0800] "GET /xingrg/kc/pszx/mdqp_order_list.html?isBack=1 HTTP/1.1" 302 -
120.253.135.82 - - [23/Aug/2022:11:14:32 +0800] "GET /xingrg/dwr/interface/AjaxReportQueryService.js HTTP/1.1" 200 13203
120.253.135.82 - - [23/Aug/2022:11:14:32 +0800] "GET /xingrg/dwr/interface/AjaxQqpsService.js HTTP/1.1" 200 16326
120.253.135.82 - - [23/Aug/2022:11:14:32 +0800] "GET /xingrg/dwr/engine.js HTTP/1.1" 200 43631
120.253.135.82 - - [23/Aug/2022:11:14:32 +0800] "GET /xingrg/kc/pszx/mdqp_order_list.html?state=10 HTTP/1.1" 200 14697
120.253.135.82 - - [23/Aug/2022:11:14:32 +0800] "GET /xingrg/dwr/interface/AjaxQqpsService.js HTTP/1.1" 200 16326
120.253.135.82 - - [23/Aug/2022:11:14:32 +0800] "GET /xingrg/dwr/interface/AjaxReportQueryService.js HTTP/1.1" 200 13203
120.253.135.82 - - [23/Aug/2022:11:14:32 +0800] "GET /xingrg/dwr/engine.js HTTP/1.1" 200 43631
116.224.255.128 - - [23/Aug/2022:11:14:34 +0800] "GET /xingrg/all/function/internal_message.html?_=1661224401739&CODE_STATE=getMsg HTTP/1.1" 200 27
120.253.135.82 - - [23/Aug/2022:11:14:34 +0800] "GET /xingrg/kc/pszx/mdqp_order_info.html?code=302022082200416 HTTP/1.1" 200 13350
120.253.135.82 - - [23/Aug/2022:11:14:34 +0800] "GET /xingrg/dwr/interface/AjaxQqpsService.js HTTP/1.1" 200 16326
120.253.135.82 - - [23/Aug/2022:11:14:34 +0800] "GET /xingrg/dwr/interface/AjaxComOrderService.js HTTP/1.1" 200 18264
120.253.135.82 - - [23/Aug/2022:11:14:35 +0800] "GET /xingrg/dwr/engine.js HTTP/1.1" 200 43631
120.253.135.82 - - [23/Aug/2022:11:14:35 +0800] "POST /xingrg/dwr/call/plaincall/AjaxQqpsService.loadMaterielItems.dwr HTTP/1.1" 200 583
120.253.135.82 - - [23/Aug/2022:11:14:38 +0800] "GET /xingrg/kc/pszx/mdqp_order_list.html?isBack=1 HTTP/1.1" 302 -
120.253.135.82 - - [23/Aug/2022:11:14:38 +0800] "GET /xingrg/kc/pszx/mdqp_order_list.html?state=10 HTTP/1.1" 200 14697
120.253.135.82 - - [23/Aug/2022:11:14:38 +0800] "GET /xingrg/dwr/interface/AjaxQqpsService.js HTTP/1.1" 200 16326
120.253.135.82 - - [23/Aug/2022:11:14:38 +0800] "GET /xingrg/dwr/interface/AjaxReportQueryService.js HTTP/1.1" 200 13203
120.253.135.82 - - [23/Aug/2022:11:14:38 +0800] "GET /xingrg/dwr/engine.js HTTP/1.1" 200 43631
61.165.19.104 - - [23/Aug/2022:11:14:39 +0800] "GET /xingrg/all/function/internal_message.html?_=1661224479470&CODE_STATE=getMsg HTTP/1.1" 200 27
114.88.158.224 - - [23/Aug/2022:11:14:41 +0800] "GET /xingrg/all/function/internal_message.html?_=1661224147931&CODE_STATE=getMsg HTTP/1.1" 200 27
120.253.135.82 - - [23/Aug/2022:11:14:41 +0800] "GET /xingrg/kc/pszx/mdqp_order_info.html?code=302022082200415 HTTP/1.1" 200 13350
120.253.135.82 - - [23/Aug/2022:11:14:41 +0800] "GET /xingrg/dwr/interface/AjaxQqpsService.js HTTP/1.1" 200 16326
120.253.135.82 - - [23/Aug/2022:11:14:41 +0800] "GET /xingrg/dwr/interface/AjaxComOrderService.js HTTP/1.1" 200 18264
120.253.135.82 - - [23/Aug/2022:11:14:41 +0800] "GET /xingrg/dwr/engine.js HTTP/1.1" 200 43631
120.253.135.82 - - [23/Aug/2022:11:14:42 +0800] "POST /xingrg/dwr/call/plaincall/AjaxQqpsService.loadMaterielItems.dwr HTTP/1.1" 200 730
120.253.135.82 - - [23/Aug/2022:11:14:43 +0800] "GET /xingrg/kc/pszx/jzcl_ps.html HTTP/1.1" 200 7683
120.253.135.82 - - [23/Aug/2022:11:14:43 +0800] "GET /xingrg/javascript/step/step.css HTTP/1.1" 304 -
120.253.135.82 - - [23/Aug/2022:11:14:43 +0800] "GET /xingrg/css/table.css HTTP/1.1" 304 -
120.253.135.82 - - [23/Aug/2022:11:14:44 +0800] "GET /xingrg/javascript/step/images/navCurrentBtn.gif HTTP/1.1" 304 -
120.253.135.82 - - [23/Aug/2022:11:14:44 +0800] "GET /xingrg/javascript/jquery_easy_ui/themes/default/images/button_a_bg.gif HTTP/1.1" 304 -
120.253.135.82 - - [23/Aug/2022:11:14:44 +0800] "GET /xingrg/javascript/jquery_easy_ui/themes/icons/search.png HTTP/1.1" 304 -
120.253.135.82 - - [23/Aug/2022:11:14:44 +0800] "GET /xingrg/javascript/jquery_easy_ui/themes/default/images/button_span_bg.gif HTTP/1.1" 304 -
120.253.135.82 - - [23/Aug/2022:11:14:44 +0800] "GET /xingrg/javascript/jquery_easy_ui/themes/default/images/combo_arrow_dot.gif HTTP/1.1" 304 -
120.253.135.82 - - [23/Aug/2022:11:14:44 +0800] "POST /xingrg/all/common/load_tree.html?tree=area_rest_tree_json HTTP/1.1" 200 3472
120.253.135.82 - - [23/Aug/2022:11:14:44 +0800] "GET /xingrg/javascript/jquery_easy_ui/themes/default/images/calendar_prevmonth.gif HTTP/1.1" 304 -
120.253.135.82 - - [23/Aug/2022:11:14:44 +0800] "GET /xingrg/javascript/jquery_easy_ui/themes/default/images/calendar_nextmonth.gif HTTP/1.1" 304 -
120.253.135.82 - - [23/Aug/2022:11:14:44 +0800] "GET /xingrg/javascript/jquery_easy_ui/themes/default/images/calendar_prevyear.gif HTTP/1.1" 304 -
120.253.135.82 - - [23/Aug/2022:11:14:44 +0800] "GET /xingrg/javascript/jquery_easy_ui/themes/default/images/calendar_nextyear.gif HTTP/1.1" 304 -
120.253.135.82 - - [23/Aug/2022:11:14:44 +0800] "GET /xingrg/javascript/jquery_easy_ui/themes/default/images/datagrid_header_bg.gif HTTP/1.1" 304 -
120.253.135.82 - - [23/Aug/2022:11:14:44 +0800] "GET /xingrg/kc/pszx/mdqp_order_list.html?isBack=1 HTTP/1.1" 302 -
120.253.135.82 - - [23/Aug/2022:11:14:44 +0800] "GET /xingrg/javascript/jquery_easy_ui/themes/default/images/pagination_loading.gif HTTP/1.1" 304 -
120.253.135.82 - - [23/Aug/2022:11:14:44 +0800] "GET /xingrg/kc/pszx/mdqp_order_list.html?state=10 HTTP/1.1" 200 14697
120.253.135.82 - - [23/Aug/2022:11:14:44 +0800] "GET /xingrg/dwr/interface/AjaxQqpsService.js HTTP/1.1" 200 16326
120.253.135.82 - - [23/Aug/2022:11:14:44 +0800] "GET /xingrg/dwr/interface/AjaxReportQueryService.js HTTP/1.1" 200 13203
120.253.135.82 - - [23/Aug/2022:11:14:44 +0800] "GET /xingrg/javascript/jquery_easy_ui/themes/default/images/tree_checkbox_0.gif HTTP/1.1" 304 -
120.253.135.82 - - [23/Aug/2022:11:14:44 +0800] "GET /xingrg/dwr/engine.js HTTP/1.1" 200 43631
120.253.135.82 - - [23/Aug/2022:11:14:44 +0800] "POST /xingrg/kc/pszx/jzcl_ps_operate.html HTTP/1.1" 200 4449
120.253.135.82 - - [23/Aug/2022:11:14:44 +0800] "POST /xingrg/kc/pszx/jzcl_ps_operate.html HTTP/1.1" 200 4449
116.224.255.128 - - [23/Aug/2022:11:14:44 +0800] "GET /xingrg/all/function/internal_message.html?_=1661224482816&CODE_STATE=getMsg HTTP/1.1" 200 27
180.169.147.146 - - [23/Aug/2022:11:14:45 +0800] "GET /xingrg/all/function/internal_message.html?_=1661224484774&CODE_STATE=getMsg HTTP/1.1" 200 27
120.253.135.82 - - [23/Aug/2022:11:14:46 +0800] "GET /xingrg/javascript/jquery_easy_ui/themes/icons/rest.png HTTP/1.1" 304 -
114.86.187.244 - - [23/Aug/2022:11:14:47 +0800] "GET /xingrg/kc/buy/cgsh_order_add.html HTTP/1.1" 200 68411
114.86.187.244 - - [23/Aug/2022:11:14:47 +0800] "POST /xingrg/kc/buy/cgsh_order_operate.html HTTP/1.1" 200 8245
114.86.187.244 - - [23/Aug/2022:11:14:47 +0800] "GET /xingrg/javascript/easyui/themes/default/validatebox.css HTTP/1.1" 404 1104
120.253.135.82 - - [23/Aug/2022:11:14:49 +0800] "GET /xingrg/kc/pszx/mdqp_order_info.html?code=302022082200414 HTTP/1.1" 200 13350
120.253.135.82 - - [23/Aug/2022:11:14:49 +0800] "GET /xingrg/dwr/interface/AjaxQqpsService.js HTTP/1.1" 200 16326
120.253.135.82 - - [23/Aug/2022:11:14:50 +0800] "POST /xingrg/kc/pszx/jzcl_ps_operate.html HTTP/1.1" 200 4
120.253.135.82 - - [23/Aug/2022:11:14:50 +0800] "GET /xingrg/dwr/engine.js HTTP/1.1" 200 43631
120.253.135.82 - - [23/Aug/2022:11:14:50 +0800] "GET /xingrg/dwr/interface/AjaxComOrderService.js HTTP/1.1" 200 18264
120.253.135.82 - - [23/Aug/2022:11:14:50 +0800] "GET /xingrg/javascript/step/images/navLastDoneBtn.gif HTTP/1.1" 304 -
120.253.135.82 - - [23/Aug/2022:11:14:50 +0800] "GET /xingrg/javascript/step/images/navDoneBtn.gif HTTP/1.1" 304 -
120.253.135.82 - - [23/Aug/2022:11:14:50 +0800] "POST /xingrg/dwr/call/plaincall/AjaxQqpsService.loadMaterielItems.dwr HTTP/1.1" 200 354
120.253.135.82 - - [23/Aug/2022:11:14:50 +0800] "GET /xingrg/kc/pszx/mdps_order_list.html HTTP/1.1" 200 21045
120.253.135.82 - - [23/Aug/2022:11:14:51 +0800] "POST /xingrg/kc/pszx/jzcl_ps_operate.html HTTP/1.1" 200 4063
120.253.135.82 - - [23/Aug/2022:11:14:51 +0800] "POST /xingrg/kc/pszx/mdps_list_operate.html HTTP/1.1" 200 5457
114.86.187.244 - - [23/Aug/2022:11:14:51 +0800] "GET /xingrg/javascript/jquery_tools/images/next.gif HTTP/1.1" 404 1086
114.86.187.244 - - [23/Aug/2022:11:14:51 +0800] "GET /xingrg/javascript/jquery_tools/images/prev.gif HTTP/1.1" 404 1086
120.253.135.82 - - [23/Aug/2022:11:14:52 +0800] "GET /xingrg/kc/pszx/mdqp_order_list.html?isBack=1 HTTP/1.1" 302 -
120.253.135.82 - - [23/Aug/2022:11:14:52 +0800] "GET /xingrg/kc/pszx/mdqp_order_list.html?state=10 HTTP/1.1" 200 14296
120.253.135.82 - - [23/Aug/2022:11:14:52 +0800] "GET /xingrg/dwr/interface/AjaxReportQueryService.js HTTP/1.1" 200 13203
120.253.135.82 - - [23/Aug/2022:11:14:52 +0800] "GET /xingrg/dwr/interface/AjaxQqpsService.js HTTP/1.1" 200 16326
120.253.135.82 - - [23/Aug/2022:11:14:52 +0800] "GET /xingrg/dwr/engine.js HTTP/1.1" 200 43631
120.253.135.82 - - [23/Aug/2022:11:14:53 +0800] "GET /xingrg/kc/pszx/jzcl_ps.html HTTP/1.1" 200 7683
120.253.135.82 - - [23/Aug/2022:11:14:54 +0800] "POST /xingrg/all/common/load_tree.html?tree=area_rest_tree_json HTTP/1.1" 200 3472
120.253.135.82 - - [23/Aug/2022:11:14:54 +0800] "POST /xingrg/kc/pszx/jzcl_ps_operate.html HTTP/1.1" 200 4063
120.253.135.82 - - [23/Aug/2022:11:14:54 +0800] "POST /xingrg/kc/pszx/jzcl_ps_operate.html HTTP/1.1" 200 4063
116.224.123.211 - - [23/Aug/2022:11:14:55 +0800] "GET /xingrg/all/function/internal_message.html?_=1661224494964&CODE_STATE=getMsg HTTP/1.1" 200 27
114.86.187.244 - - [23/Aug/2022:11:14:59 +0800] "GET /xingrg/kc/buy/cgsh_order_operate.html?command=get_materiel&rest_code=00148&code=00101007061&supplier_code=00100004&order_time=2022-08-23 HTTP/1.1" 200 411
