114.83.216.129 - - [23/Aug/2022:10:46:16 +0800] "GET /xingrg/javascript/easyui/themes/default/validatebox.css HTTP/1.1" 404 1104
124.78.156.101 - - [23/Aug/2022:10:46:16 +0800] "GET /xingrg/kc/buy/cgsh_order_operate.html?command=get_materiel&rest_code=00106&code=00101008286&supplier_code=00100007&order_time=2022-08-23 HTTP/1.1" 200 408
114.83.216.129 - - [23/Aug/2022:10:46:16 +0800] "POST /xingrg/kc/buy/cgsh_order_operate.html HTTP/1.1" 200 3728
218.81.223.53 - - [23/Aug/2022:10:46:18 +0800] "GET /xingrg/check_reg.html?_=1661222783143 HTTP/1.1" 200 22
114.83.216.129 - - [23/Aug/2022:10:46:19 +0800] "GET /xingrg/kc/print/load_data.html?order_code=212022082307687&kc_code=cgsh&condition= HTTP/1.1" 200 2056
114.83.216.129 - - [23/Aug/2022:10:46:19 +0800] "GET /xingrg/check_reg.html?_=1661222777416 HTTP/1.1" 200 22
114.83.216.129 - - [23/Aug/2022:10:46:20 +0800] "GET /xingrg/all/function/internal_message.html?_=1661222777418&CODE_STATE=getMsg HTTP/1.1" 200 27
61.165.19.104 - - [23/Aug/2022:10:46:20 +0800] "GET /xingrg/kc/buy/cgsh_order_operate.html?command=get_materiel&rest_code=00105&code=00101005002&supplier_code=00100313&order_time=2022-08-23 HTTP/1.1" 200 413
116.232.194.65 - - [23/Aug/2022:10:46:22 +0800] "GET /xingrg/all/function/internal_message.html?_=1661222754936&CODE_STATE=getMsg HTTP/1.1" 200 27
116.224.255.128 - - [23/Aug/2022:10:46:23 +0800] "GET /xingrg/check_reg.html?_=1661222709943 HTTP/1.1" 200 22
116.232.53.43 - - [23/Aug/2022:10:46:24 +0800] "GET /xingrg/all/function/internal_message.html?_=1661222785457&CODE_STATE=getMsg HTTP/1.1" 200 27
114.83.216.129 - - [23/Aug/2022:10:46:24 +0800] "GET /xingrg/kc/buy/cgsh_order_add.html HTTP/1.1" 200 68505
114.83.216.129 - - [23/Aug/2022:10:46:25 +0800] "POST /xingrg/kc/buy/cgsh_order_operate.html HTTP/1.1" 200 8245
114.83.216.129 - - [23/Aug/2022:10:46:25 +0800] "GET /xingrg/javascript/easyui/themes/default/validatebox.css HTTP/1.1" 404 1104
116.224.255.128 - - [23/Aug/2022:10:46:26 +0800] "GET /xingrg/kc/base/wldb_order_operate.html?command=get_materiel&rest_code=00150&base_code=0010445&code=00101013012 HTTP/1.1" 200 430
101.80.228.36 - - [23/Aug/2022:10:46:27 +0800] "GET /xingrg/all/function/internal_message.html?_=1661222786540&CODE_STATE=getMsg HTTP/1.1" 200 27
124.78.156.101 - - [23/Aug/2022:10:46:28 +0800] "GET /xingrg/kc/buy/cgsh_order_operate.html?command=get_materiel&rest_code=00106&code=00101008036&supplier_code=00100007&order_time=2022-08-23 HTTP/1.1" 200 408
61.165.19.104 - - [23/Aug/2022:10:46:28 +0800] "GET /xingrg/kc/buy/cgsh_order_operate.html?command=get_materiel&rest_code=00105&code=00102026001&supplier_code=00100313&order_time=2022-08-23 HTTP/1.1" 200 410
101.85.120.95 - - [23/Aug/2022:10:46:29 +0800] "GET /xingrg/all/function/internal_message.html?_=1661222788167&CODE_STATE=getMsg HTTP/1.1" 200 27
116.224.255.128 - - [23/Aug/2022:10:46:32 +0800] "GET /xingrg/all/function/internal_message.html?_=1661222790271&CODE_STATE=getMsg HTTP/1.1" 200 27
116.224.123.211 - - [23/Aug/2022:10:46:33 +0800] "POST /xingrg/services/DataTransmitService HTTP/1.1" 200 524
116.224.123.211 - - [23/Aug/2022:10:46:34 +0800] "POST /xingrg/services/DataTransmitService HTTP/1.1" 200 412
116.224.255.128 - - [23/Aug/2022:10:46:34 +0800] "GET /xingrg/all/function/internal_message.html?_=1661222721295&CODE_STATE=getMsg HTTP/1.1" 200 27
61.165.19.104 - - [23/Aug/2022:10:46:35 +0800] "GET /xingrg/kc/base/wldb_order_operate.html?command=get_materiel&rest_code=00105&base_code=0010507&code=00101016037 HTTP/1.1" 200 452
114.86.187.244 - - [23/Aug/2022:10:46:36 +0800] "GET /xingrg/kc/buy/cgsh_order_operate.html?command=get_materiel&rest_code=00148&code=00101008126&supplier_code=00100008&order_time=2022-08-23 HTTP/1.1" 200 412
61.165.19.104 - - [23/Aug/2022:10:46:38 +0800] "GET /xingrg/kc/buy/cgsh_order_operate.html?command=get_materiel&rest_code=00105&code=00101004023&supplier_code=00100313&order_time=2022-08-23 HTTP/1.1" 200 409
61.165.19.104 - - [23/Aug/2022:10:46:38 +0800] "POST /xingrg/all/common/load_select.html HTTP/1.1" 200 25
61.165.19.104 - - [23/Aug/2022:10:46:39 +0800] "GET /xingrg/all/function/internal_message.html?_=1661222800076&CODE_STATE=getMsg HTTP/1.1" 200 27
61.165.19.104 - - [23/Aug/2022:10:46:43 +0800] "GET /xingrg/kc/base/wldb_order_operate.html?command=get_materiel_price&rest_code=00105&base_code=0010507&code=00101016037&unit_code=00100098 HTTP/1.1" 200 36
180.169.147.146 - - [23/Aug/2022:10:46:45 +0800] "GET /xingrg/all/function/internal_message.html?_=1661222804776&CODE_STATE=getMsg HTTP/1.1" 200 27
61.165.19.104 - - [23/Aug/2022:10:46:52 +0800] "POST /xingrg/kc/buy/cgsh_order_operate.html HTTP/1.1" 200 37
114.83.216.129 - - [23/Aug/2022:10:46:53 +0800] "GET /xingrg/kc/buy/cgsh_order_operate.html?command=get_materiel&rest_code=00149&code=00101009001&supplier_code=00100201&order_time=2022-08-23 HTTP/1.1" 200 416
114.86.187.244 - - [23/Aug/2022:10:46:53 +0800] "GET /xingrg/kc/buy/cgsh_order_operate.html?command=get_materiel&rest_code=00148&code=00101008264&supplier_code=00100008&order_time=2022-08-23 HTTP/1.1" 200 412
124.78.156.101 - - [23/Aug/2022:10:46:54 +0800] "GET /xingrg/kc/buy/cgsh_order_operate.html?command=get_materiel&rest_code=00106&code=00101008152&supplier_code=00100007&order_time=2022-08-23 HTTP/1.1" 200 408
116.224.123.211 - - [23/Aug/2022:10:46:55 +0800] "GET /xingrg/all/function/internal_message.html?_=1661222815122&CODE_STATE=getMsg HTTP/1.1" 200 27
114.86.187.244 - - [23/Aug/2022:10:46:55 +0800] "POST /xingrg/kc/buy/cgsh_order_operate.html HTTP/1.1" 200 2065
61.165.19.104 - - [23/Aug/2022:10:46:58 +0800] "POST /xingrg/kc/buy/cgsh_order_operate.html HTTP/1.1" 200 6819
61.165.19.104 - - [23/Aug/2022:10:47:00 +0800] "GET /xingrg/kc/print/load_data.html?order_code=212022082307688&kc_code=cgsh&condition= HTTP/1.1" 200 2268
114.86.187.244 - - [23/Aug/2022:10:47:02 +0800] "GET /xingrg/kc/buy/cgsh_order_operate.html?command=get_materiel&rest_code=00148&code=00101008356&supplier_code=00100008&order_time=2022-08-23 HTTP/1.1" 200 409
218.81.223.53 - - [23/Aug/2022:10:47:04 +0800] "GET /xingrg/all/function/internal_message.html?_=1661222828928&CODE_STATE=getMsg HTTP/1.1" 200 27
114.83.216.129 - - [23/Aug/2022:10:47:05 +0800] "GET /xingrg/kc/buy/cgsh_order_operate.html?command=get_materiel&rest_code=00149&code=00101009062&supplier_code=00100201&order_time=2022-08-23 HTTP/1.1" 200 412
61.165.19.104 - - [23/Aug/2022:10:47:08 +0800] "GET /xingrg/all/function/internal_message.html?_=1661222696786&CODE_STATE=getMsg HTTP/1.1" 200 27
124.78.156.101 - - [23/Aug/2022:10:47:09 +0800] "GET /xingrg/kc/buy/cgsh_order_operate.html?command=get_materiel&rest_code=00106&code=00101008352&supplier_code=00100007&order_time=2022-08-23 HTTP/1.1" 200 412
218.81.223.53 - - [23/Aug/2022:10:47:10 +0800] "GET /xingrg/kc/buy/cgsh_order_operate.html?command=get_materiel&rest_code=00146&code=00101008350&supplier_code=00100005&order_time=2022-08-23 HTTP/1.1" 200 408
124.78.156.101 - - [23/Aug/2022:10:47:14 +0800] "GET /xingrg/all/function/internal_message.html?_=1661222838527&CODE_STATE=getMsg HTTP/1.1" 200 27
61.165.19.104 - - [23/Aug/2022:10:47:17 +0800] "POST /xingrg/kc/base/wldb_order_operate.html HTTP/1.1" 200 37
61.165.19.104 - - [23/Aug/2022:10:47:17 +0800] "POST /xingrg/kc/base/wldb_order_operate.html HTTP/1.1" 200 2194
114.83.216.129 - - [23/Aug/2022:10:47:17 +0800] "GET /xingrg/kc/buy/cgsh_order_operate.html?command=get_materiel&rest_code=00149&code=00101004010&supplier_code=00100201&order_time=2022-08-23 HTTP/1.1" 200 429
61.165.19.104 - - [23/Aug/2022:10:47:17 +0800] "GET /xingrg/kc/base/wldb_order_info.html?code=422022082301945 HTTP/1.1" 200 30409
61.165.19.104 - - [23/Aug/2022:10:47:18 +0800] "GET /xingrg/javascript/easyui/themes/default/validatebox.css HTTP/1.1" 404 1104
61.165.19.104 - - [23/Aug/2022:10:47:18 +0800] "POST /xingrg/kc/base/wldb_order_operate.html HTTP/1.1" 200 2194
116.224.255.128 - - [23/Aug/2022:10:47:19 +0800] "GET /xingrg/kc/base/wldb_order_operate.html?command=get_materiel&rest_code=00150&base_code=0010445&code=00101013177 HTTP/1.1" 200 431
114.83.216.129 - - [23/Aug/2022:10:47:19 +0800] "GET /xingrg/all/function/internal_message.html?_=1661222837406&CODE_STATE=getMsg HTTP/1.1" 200 27
61.165.19.104 - - [23/Aug/2022:10:47:22 +0800] "GET /xingrg/kc/base/wldb_order_add.html HTTP/1.1" 200 30394
61.165.19.104 - - [23/Aug/2022:10:47:22 +0800] "POST /xingrg/kc/base/wldb_order_operate.html HTTP/1.1" 200 6806
116.232.194.65 - - [23/Aug/2022:10:47:22 +0800] "GET /xingrg/all/function/internal_message.html?_=1661222814928&CODE_STATE=getMsg HTTP/1.1" 200 27
61.165.19.104 - - [23/Aug/2022:10:47:22 +0800] "GET /xingrg/javascript/easyui/themes/default/validatebox.css HTTP/1.1" 404 1104
114.86.187.244 - - [23/Aug/2022:10:47:23 +0800] "GET /xingrg/kc/buy/cgsh_order_operate.html?command=get_materiel&rest_code=00148&code=00101008013&supplier_code=00100008&order_time=2022-08-23 HTTP/1.1" 200 408
116.232.53.43 - - [23/Aug/2022:10:47:24 +0800] "GET /xingrg/all/function/internal_message.html?_=1661222845459&CODE_STATE=getMsg HTTP/1.1" 200 27
114.83.216.129 - - [23/Aug/2022:10:47:24 +0800] "GET /xingrg/kc/buy/cgsh_order_operate.html?command=get_materiel&rest_code=00149&code=00101009122&supplier_code=00100201&order_time=2022-08-23 HTTP/1.1" 200 424
101.80.228.36 - - [23/Aug/2022:10:47:27 +0800] "GET /xingrg/all/function/internal_message.html?_=1661222846528&CODE_STATE=getMsg HTTP/1.1" 200 27
124.78.156.101 - - [23/Aug/2022:10:47:28 +0800] "GET /xingrg/kc/buy/cgsh_order_operate.html?command=get_materiel&rest_code=00106&code=00101008125&supplier_code=00100007&order_time=2022-08-23 HTTP/1.1" 200 413
101.85.120.95 - - [23/Aug/2022:10:47:29 +0800] "GET /xingrg/all/function/internal_message.html?_=1661222848182&CODE_STATE=getMsg HTTP/1.1" 200 27
116.224.255.128 - - [23/Aug/2022:10:47:30 +0800] "GET /xingrg/kc/base/wldb_order_operate.html?command=get_materiel&rest_code=00150&base_code=0010445&code=00101013092 HTTP/1.1" 200 432
114.86.187.244 - - [23/Aug/2022:10:47:31 +0800] "GET /xingrg/kc/buy/cgsh_order_operate.html?command=get_materiel&rest_code=00148&code=00101008213&supplier_code=00100008&order_time=2022-08-23 HTTP/1.1" 200 412
116.224.255.128 - - [23/Aug/2022:10:47:32 +0800] "GET /xingrg/all/function/internal_message.html?_=1661222850253&CODE_STATE=getMsg HTTP/1.1" 200 27
124.78.156.101 - - [23/Aug/2022:10:47:32 +0800] "POST /xingrg/kc/buy/cgsh_order_operate.html HTTP/1.1" 200 2065
116.224.255.128 - - [23/Aug/2022:10:47:34 +0800] "GET /xingrg/all/function/internal_message.html?_=1661222781310&CODE_STATE=getMsg HTTP/1.1" 200 27
116.224.255.128 - - [23/Aug/2022:10:47:37 +0800] "GET /xingrg/kc/base/wldb_order_operate.html?command=get_materiel&rest_code=00150&base_code=0010445&code=00101013018 HTTP/1.1" 200 430
61.165.19.104 - - [23/Aug/2022:10:47:39 +0800] "GET /xingrg/all/function/internal_message.html?_=1661222860052&CODE_STATE=getMsg HTTP/1.1" 200 27
114.83.216.129 - - [23/Aug/2022:10:47:41 +0800] "GET /xingrg/kc/buy/cgsh_order_operate.html?command=get_materiel&rest_code=00149&code=00101009059&supplier_code=00100201&order_time=2022-08-23 HTTP/1.1" 200 409
116.224.255.128 - - [23/Aug/2022:10:47:43 +0800] "GET /xingrg/kc/base/wldb_order_operate.html?command=get_materiel&rest_code=00150&base_code=0010445&code=00101013081 HTTP/1.1" 200 430
180.169.147.146 - - [23/Aug/2022:10:47:45 +0800] "GET /xingrg/check_reg.html?_=1661222864773 HTTP/1.1" 200 22
180.169.147.146 - - [23/Aug/2022:10:47:45 +0800] "GET /xingrg/all/function/internal_message.html?_=1661222864775&CODE_STATE=getMsg HTTP/1.1" 200 27
124.78.156.101 - - [23/Aug/2022:10:47:46 +0800] "GET /xingrg/kc/buy/cgsh_order_operate.html?command=get_materiel&rest_code=00106&code=00101008059&supplier_code=00100007&order_time=2022-08-23 HTTP/1.1" 200 408
114.88.158.224 - - [23/Aug/2022:10:47:48 +0800] "GET /xingrg/check_reg.html?_=1661222534495 HTTP/1.1" 302 -
116.224.255.128 - - [23/Aug/2022:10:47:49 +0800] "GET /xingrg/kc/base/wldb_order_operate.html?command=get_materiel&rest_code=00150&base_code=0010445&code=00101013224 HTTP/1.1" 200 432
114.83.216.129 - - [23/Aug/2022:10:47:51 +0800] "POST /xingrg/kc/buy/cgsh_order_operate.html HTTP/1.1" 200 37
116.224.123.211 - - [23/Aug/2022:10:47:55 +0800] "GET /xingrg/all/function/internal_message.html?_=1661222875112&CODE_STATE=getMsg HTTP/1.1" 200 27
218.81.223.53 - - [23/Aug/2022:10:48:04 +0800] "GET /xingrg/all/function/internal_message.html?_=1661222889174&CODE_STATE=getMsg HTTP/1.1" 200 27
116.224.255.128 - - [23/Aug/2022:10:48:06 +0800] "GET /xingrg/kc/base/wldb_order_operate.html?command=get_materiel&rest_code=00150&base_code=0010445&code=00101013188 HTTP/1.1" 200 431
61.165.19.104 - - [23/Aug/2022:10:48:08 +0800] "GET /xingrg/check_reg.html?_=1661222756079 HTTP/1.1" 200 22
61.165.19.104 - - [23/Aug/2022:10:48:08 +0800] "GET /xingrg/all/function/internal_message.html?_=1661222756749&CODE_STATE=getMsg HTTP/1.1" 200 27
180.169.147.146 - - [23/Aug/2022:10:48:09 +0800] "GET /xingrg/kc/base/yddb_order_list.html?isBack=1 HTTP/1.1" 200 16792
180.169.147.146 - - [23/Aug/2022:10:48:09 +0800] "POST /xingrg/kc/base/yddb_list_operate.html HTTP/1.1" 200 636
180.169.147.146 - - [23/Aug/2022:10:48:11 +0800] "GET /xingrg/kc/buy/buy_main.html HTTP/1.1" 200 12412
114.86.187.244 - - [23/Aug/2022:10:48:11 +0800] "GET /xingrg/kc/buy/cgsh_order_operate.html?command=get_materiel&rest_code=00148&code=00101008403&supplier_code=00100008&order_time=2022-08-23 HTTP/1.1" 200 412
180.169.147.146 - - [23/Aug/2022:10:48:11 +0800] "GET /xingrg/css/new_ie.css HTTP/1.1" 404 1036
180.169.147.146 - - [23/Aug/2022:10:48:11 +0800] "GET /xingrg/images/yd/bt.gif HTTP/1.1" 404 1040
180.169.147.146 - - [23/Aug/2022:10:48:11 +0800] "GET /xingrg/kc/buy/cgsh_order_list.html HTTP/1.1" 200 52641
114.86.187.244 - - [23/Aug/2022:10:48:12 +0800] "POST /xingrg/kc/buy/cgsh_order_operate.html HTTP/1.1" 200 2065
180.169.147.146 - - [23/Aug/2022:10:48:14 +0800] "POST /xingrg/kc/buy/cgsh_list_operate.html HTTP/1.1" 200 4925
124.78.156.101 - - [23/Aug/2022:10:48:14 +0800] "GET /xingrg/all/function/internal_message.html?_=1661222898550&CODE_STATE=getMsg HTTP/1.1" 200 27
180.169.147.146 - - [23/Aug/2022:10:48:15 +0800] "GET /xingrg/check_reg.html?_=1661222895191 HTTP/1.1" 200 22
116.232.194.65 - - [23/Aug/2022:10:48:22 +0800] "GET /xingrg/all/function/internal_message.html?_=1661222874919&CODE_STATE=getMsg HTTP/1.1" 200 27
116.232.53.43 - - [23/Aug/2022:10:48:24 +0800] "GET /xingrg/all/function/internal_message.html?_=1661222905461&CODE_STATE=getMsg HTTP/1.1" 200 27
114.86.187.244 - - [23/Aug/2022:10:48:25 +0800] "GET /xingrg/kc/buy/cgsh_order_operate.html?command=get_materiel&rest_code=00148&code=00101008096&supplier_code=00100008&order_time=2022-08-23 HTTP/1.1" 200 412
101.80.228.36 - - [23/Aug/2022:10:48:27 +0800] "GET /xingrg/all/function/internal_message.html?_=1661222906498&CODE_STATE=getMsg HTTP/1.1" 200 27
116.224.255.128 - - [23/Aug/2022:10:48:28 +0800] "GET /xingrg/kc/base/wldb_order_operate.html?command=get_materiel&rest_code=00150&base_code=0010445&code=00101019066 HTTP/1.1" 200 455
101.85.120.95 - - [23/Aug/2022:10:48:29 +0800] "GET /xingrg/check_reg.html?_=1661222908167 HTTP/1.1" 200 22
101.85.120.95 - - [23/Aug/2022:10:48:29 +0800] "GET /xingrg/all/function/internal_message.html?_=1661222908168&CODE_STATE=getMsg HTTP/1.1" 200 27
218.81.223.53 - - [23/Aug/2022:10:48:30 +0800] "GET /xingrg/kc/buy/cgsh_order_operate.html?command=get_materiel&rest_code=00146&code=00101008351&supplier_code=00100005&order_time=2022-08-23 HTTP/1.1" 200 408
116.224.255.128 - - [23/Aug/2022:10:48:32 +0800] "GET /xingrg/all/function/internal_message.html?_=1661222910226&CODE_STATE=getMsg HTTP/1.1" 200 27
116.224.255.128 - - [23/Aug/2022:10:48:34 +0800] "GET /xingrg/all/function/internal_message.html?_=1661222841330&CODE_STATE=getMsg HTTP/1.1" 200 27
124.78.156.101 - - [23/Aug/2022:10:48:34 +0800] "GET /xingrg/kc/buy/cgsh_order_operate.html?command=get_materiel&rest_code=00106&code=00101011005&supplier_code=00100007&order_time=2022-08-23 HTTP/1.1" 200 408
116.224.123.211 - - [23/Aug/2022:10:48:38 +0800] "GET /xingrg/kc/buy/cgsh_order_list.html HTTP/1.1" 200 52635
61.165.19.104 - - [23/Aug/2022:10:48:39 +0800] "GET /xingrg/all/function/internal_message.html?_=1661222920026&CODE_STATE=getMsg HTTP/1.1" 200 27
61.165.19.104 - - [23/Aug/2022:10:48:41 +0800] "GET /xingrg/check_reg.html?_=1661222921316 HTTP/1.1" 200 22
114.86.187.244 - - [23/Aug/2022:10:48:41 +0800] "GET /xingrg/kc/buy/cgsh_order_operate.html?command=get_materiel&rest_code=00148&code=00101008350&supplier_code=00100008&order_time=2022-08-23 HTTP/1.1" 200 408
114.83.216.129 - - [23/Aug/2022:10:48:41 +0800] "POST /xingrg/kc/buy/cgsh_order_operate.html HTTP/1.1" 200 12
218.81.223.53 - - [23/Aug/2022:10:48:43 +0800] "GET /xingrg/kc/buy/cgsh_order_operate.html?command=get_materiel&rest_code=00146&code=00101008355&supplier_code=00100005&order_time=2022-08-23 HTTP/1.1" 200 408
116.224.255.128 - - [23/Aug/2022:10:48:45 +0800] "POST /xingrg/kc/base/wldb_order_operate.html HTTP/1.1" 200 37
180.169.147.146 - - [23/Aug/2022:10:48:45 +0800] "GET /xingrg/all/function/internal_message.html?_=1661222924774&CODE_STATE=getMsg HTTP/1.1" 200 27
180.169.147.146 - - [23/Aug/2022:10:48:46 +0800] "POST /xingrg/kc/buy/cgsh_list_operate.html HTTP/1.1" 200 4
114.83.216.129 - - [23/Aug/2022:10:48:46 +0800] "GET /xingrg/kc/buy/cgsh_order_info.html?code=212022082307689 HTTP/1.1" 200 63408
114.83.216.129 - - [23/Aug/2022:10:48:46 +0800] "GET /xingrg/words/20220823102144_words.js HTTP/1.1" 304 -
114.83.216.129 - - [23/Aug/2022:10:48:46 +0800] "GET /xingrg/javascript/easyui/themes/default/validatebox.css HTTP/1.1" 404 1104
116.224.123.211 - - [23/Aug/2022:10:48:47 +0800] "POST /xingrg/kc/buy/cgsh_list_operate.html HTTP/1.1" 200 752
114.83.216.129 - - [23/Aug/2022:10:48:47 +0800] "POST /xingrg/kc/buy/cgsh_order_operate.html HTTP/1.1" 200 2375
116.224.255.128 - - [23/Aug/2022:10:48:48 +0800] "POST /xingrg/kc/base/wldb_order_operate.html HTTP/1.1" 200 12
116.224.255.128 - - [23/Aug/2022:10:48:48 +0800] "POST /xingrg/kc/base/wldb_order_operate.html HTTP/1.1" 200 7449
218.81.223.53 - - [23/Aug/2022:10:48:55 +0800] "GET /xingrg/kc/buy/cgsh_order_operate.html?command=get_materiel&rest_code=00146&code=00101008321&supplier_code=00100005&order_time=2022-08-23 HTTP/1.1" 200 412
116.224.123.211 - - [23/Aug/2022:10:48:55 +0800] "GET /xingrg/all/function/internal_message.html?_=1661222935125&CODE_STATE=getMsg HTTP/1.1" 200 27
180.169.147.146 - - [23/Aug/2022:10:48:56 +0800] "POST /xingrg/kc/buy/cgsh_list_operate.html HTTP/1.1" 200 4870
114.83.216.129 - - [23/Aug/2022:10:48:58 +0800] "GET /xingrg/kc/print/load_data.html?order_code=212022082307689&kc_code=cgsh&condition= HTTP/1.1" 200 1384
114.83.216.129 - - [23/Aug/2022:10:49:04 +0800] "GET /xingrg/kc/buy/cgsh_order_add.html HTTP/1.1" 200 68505
218.81.223.53 - - [23/Aug/2022:10:49:04 +0800] "GET /xingrg/all/function/internal_message.html?_=1661222949188&CODE_STATE=getMsg HTTP/1.1" 200 27
114.83.216.129 - - [23/Aug/2022:10:49:04 +0800] "POST /xingrg/kc/buy/cgsh_order_operate.html HTTP/1.1" 200 8245
114.83.216.129 - - [23/Aug/2022:10:49:04 +0800] "GET /xingrg/javascript/easyui/themes/default/validatebox.css HTTP/1.1" 404 1104
218.81.223.53 - - [23/Aug/2022:10:49:06 +0800] "GET /xingrg/kc/buy/cgsh_order_operate.html?command=get_materiel&rest_code=00146&code=00101008115&supplier_code=00100005&order_time=2022-08-23 HTTP/1.1" 200 412
61.165.19.104 - - [23/Aug/2022:10:49:08 +0800] "GET /xingrg/all/function/internal_message.html?_=1661222816729&CODE_STATE=getMsg HTTP/1.1" 200 27
114.86.187.244 - - [23/Aug/2022:10:49:10 +0800] "GET /xingrg/kc/buy/cgsh_order_operate.html?command=get_materiel&rest_code=00148&code=00101008105&supplier_code=00100008&order_time=2022-08-23 HTTP/1.1" 200 412
114.86.187.244 - - [23/Aug/2022:10:49:11 +0800] "POST /xingrg/kc/buy/cgsh_order_operate.html HTTP/1.1" 200 2065
124.78.156.101 - - [23/Aug/2022:10:49:14 +0800] "GET /xingrg/all/function/internal_message.html?_=1661222958554&CODE_STATE=getMsg HTTP/1.1" 200 27
114.86.187.244 - - [23/Aug/2022:10:49:18 +0800] "GET /xingrg/kc/buy/cgsh_order_operate.html?command=get_materiel&rest_code=00148&code=00101008119&supplier_code=00100008&order_time=2022-08-23 HTTP/1.1" 200 412
58.221.95.50 - - [23/Aug/2022:10:49:18 +0800] "GET /xingrg/check_reg.html?_=1661222957607 HTTP/1.1" 302 -
218.81.223.53 - - [23/Aug/2022:10:49:19 +0800] "GET /xingrg/kc/buy/cgsh_order_operate.html?command=get_materiel&rest_code=00146&code=00101008239&supplier_code=00100005&order_time=2022-08-23 HTTP/1.1" 200 416
114.83.216.129 - - [23/Aug/2022:10:49:20 +0800] "GET /xingrg/all/function/internal_message.html?_=1661222957418&CODE_STATE=getMsg HTTP/1.1" 200 27
116.232.194.65 - - [23/Aug/2022:10:49:22 +0800] "GET /xingrg/all/function/internal_message.html?_=1661222934928&CODE_STATE=getMsg HTTP/1.1" 200 27
116.232.194.65 - - [23/Aug/2022:10:49:22 +0800] "GET /xingrg/check_reg.html?_=1661222934932 HTTP/1.1" 200 22
61.165.19.104 - - [23/Aug/2022:10:49:23 +0800] "GET /xingrg/kc/base/wldb_order_operate.html?command=get_materiel&rest_code=00105&base_code=0010507&code=00101019391 HTTP/1.1" 200 485
116.232.53.43 - - [23/Aug/2022:10:49:24 +0800] "GET /xingrg/all/function/internal_message.html?_=1661222965464&CODE_STATE=getMsg HTTP/1.1" 200 27
101.80.228.36 - - [23/Aug/2022:10:49:27 +0800] "GET /xingrg/all/function/internal_message.html?_=1661222966470&CODE_STATE=getMsg HTTP/1.1" 200 27
180.169.147.146 - - [23/Aug/2022:10:49:28 +0800] "POST /xingrg/kc/buy/cgsh_list_operate.html HTTP/1.1" 200 4
116.224.123.211 - - [23/Aug/2022:10:49:28 +0800] "GET /xingrg/kc/buy/cgsh_order_add.html HTTP/1.1" 200 68452
116.224.123.211 - - [23/Aug/2022:10:49:28 +0800] "GET /xingrg/words/20220823102144_words.js HTTP/1.1" 200 916815
101.85.120.95 - - [23/Aug/2022:10:49:29 +0800] "GET /xingrg/all/function/internal_message.html?_=1661222968167&CODE_STATE=getMsg HTTP/1.1" 200 27
116.224.123.211 - - [23/Aug/2022:10:49:29 +0800] "POST /xingrg/kc/buy/cgsh_order_operate.html HTTP/1.1" 200 8245
116.224.123.211 - - [23/Aug/2022:10:49:29 +0800] "GET /xingrg/javascript/easyui/themes/default/validatebox.css HTTP/1.1" 404 1104
218.81.223.53 - - [23/Aug/2022:10:49:30 +0800] "GET /xingrg/kc/buy/cgsh_order_operate.html?command=get_materiel&rest_code=00146&code=00101008017&supplier_code=00100005&order_time=2022-08-23 HTTP/1.1" 200 416
116.224.123.211 - - [23/Aug/2022:10:49:30 +0800] "GET /xingrg/javascript/easyui/themes/default/tree.css HTTP/1.1" 404 1090
116.224.123.211 - - [23/Aug/2022:10:49:30 +0800] "POST /xingrg/all/common/load_tree.html?tree=supplier_tree_json&isDelete=1 HTTP/1.1" 200 67879
180.169.147.146 - - [23/Aug/2022:10:49:32 +0800] "POST /xingrg/kc/buy/cgsh_list_operate.html HTTP/1.1" 200 4804
116.224.255.128 - - [23/Aug/2022:10:49:34 +0800] "GET /xingrg/all/function/internal_message.html?_=1661222901336&CODE_STATE=getMsg HTTP/1.1" 200 27
114.83.216.129 - - [23/Aug/2022:10:49:34 +0800] "GET /xingrg/kc/buy/cgsh_order_operate.html?command=get_materiel&rest_code=00149&code=00101004063&supplier_code=00100083&order_time=2022-08-23 HTTP/1.1" 200 418
124.78.156.101 - - [23/Aug/2022:10:49:35 +0800] "GET /xingrg/kc/buy/cgsh_order_operate.html?command=get_materiel&rest_code=00106&code=00101008098&supplier_code=00100007&order_time=2022-08-23 HTTP/1.1" 200 412
61.165.19.104 - - [23/Aug/2022:10:49:39 +0800] "GET /xingrg/all/function/internal_message.html?_=1661222980008&CODE_STATE=getMsg HTTP/1.1" 200 27
61.165.19.104 - - [23/Aug/2022:10:49:40 +0800] "GET /xingrg/kc/base/wldb_order_operate.html?command=get_materiel&rest_code=00105&base_code=0010507&code=00101019058 HTTP/1.1" 200 454
218.81.223.53 - - [23/Aug/2022:10:49:44 +0800] "GET /xingrg/kc/buy/cgsh_order_operate.html?command=get_materiel&rest_code=00146&code=00101008502&supplier_code=00100005&order_time=2022-08-23 HTTP/1.1" 200 412
114.83.216.129 - - [23/Aug/2022:10:49:45 +0800] "GET /xingrg/kc/buy/cgsh_order_operate.html?command=get_materiel&rest_code=00149&code=00101004010&supplier_code=00100083&order_time=2022-08-23 HTTP/1.1" 200 429
180.169.147.146 - - [23/Aug/2022:10:49:45 +0800] "GET /xingrg/all/function/internal_message.html?_=1661222984774&CODE_STATE=getMsg HTTP/1.1" 200 27
116.224.123.211 - - [23/Aug/2022:10:49:46 +0800] "GET /xingrg/kc/buy/cgsh_order_operate.html?command=get_materiel&rest_code=00102&code=00101009001&supplier_code=00100026&order_time=2022-08-23 HTTP/1.1" 200 416
114.86.187.244 - - [23/Aug/2022:10:49:55 +0800] "GET /xingrg/check_reg.html?_=1661222994734 HTTP/1.1" 200 22
116.224.123.211 - - [23/Aug/2022:10:49:55 +0800] "GET /xingrg/all/function/internal_message.html?_=1661222995118&CODE_STATE=getMsg HTTP/1.1" 200 27
114.83.216.129 - - [23/Aug/2022:10:49:56 +0800] "GET /xingrg/kc/buy/cgsh_order_operate.html?command=get_materiel&rest_code=00149&code=00101004013&supplier_code=00100083&order_time=2022-08-23 HTTP/1.1" 200 415
61.165.19.104 - - [23/Aug/2022:10:49:56 +0800] "GET /xingrg/kc/base/wldb_order_operate.html?command=get_materiel&rest_code=00105&base_code=0010507&code=00101019056 HTTP/1.1" 200 477
218.81.223.53 - - [23/Aug/2022:10:49:56 +0800] "GET /xingrg/kc/buy/cgsh_order_operate.html?command=get_materiel&rest_code=00146&code=00101008201&supplier_code=00100005&order_time=2022-08-23 HTTP/1.1" 200 414
116.224.123.211 - - [23/Aug/2022:10:49:59 +0800] "GET /xingrg/kc/buy/cgsh_order_operate.html?command=get_materiel&rest_code=00102&code=00101009011&supplier_code=00100026&order_time=2022-08-23 HTTP/1.1" 200 416
116.224.255.128 - - [23/Aug/2022:10:49:59 +0800] "GET /xingrg/kc/base/wldb_order_info.html?code=422022082301946 HTTP/1.1" 200 26279
116.224.255.128 - - [23/Aug/2022:10:50:00 +0800] "GET /xingrg/words/20220823102144_words.js HTTP/1.1" 304 -
116.224.255.128 - - [23/Aug/2022:10:50:00 +0800] "GET /xingrg/javascript/easyui/themes/default/validatebox.css HTTP/1.1" 404 1104
116.224.255.128 - - [23/Aug/2022:10:50:00 +0800] "POST /xingrg/kc/base/wldb_order_operate.html HTTP/1.1" 200 5626
124.78.156.101 - - [23/Aug/2022:10:50:01 +0800] "GET /xingrg/kc/buy/cgsh_order_operate.html?command=get_materiel&rest_code=00106&code=00101008219&supplier_code=00100007&order_time=2022-08-23 HTTP/1.1" 200 412
180.169.147.146 - - [23/Aug/2022:10:50:02 +0800] "POST /xingrg/kc/buy/cgsh_list_operate.html HTTP/1.1" 200 4
218.81.223.53 - - [23/Aug/2022:10:50:04 +0800] "GET /xingrg/all/function/internal_message.html?_=1661223009203&CODE_STATE=getMsg HTTP/1.1" 200 27
116.224.123.211 - - [23/Aug/2022:10:50:07 +0800] "GET /xingrg/kc/buy/cgsh_order_operate.html?command=get_materiel&rest_code=00102&code=00101009137&supplier_code=00100026&order_time=2022-08-23 HTTP/1.1" 200 409
180.169.147.146 - - [23/Aug/2022:10:50:07 +0800] "POST /xingrg/kc/buy/cgsh_list_operate.html HTTP/1.1" 200 4723
61.165.19.104 - - [23/Aug/2022:10:50:08 +0800] "GET /xingrg/all/function/internal_message.html?_=1661222876706&CODE_STATE=getMsg HTTP/1.1" 200 27
61.165.19.104 - - [23/Aug/2022:10:50:10 +0800] "GET /xingrg/kc/base/wldb_order_operate.html?command=get_materiel&rest_code=00105&base_code=0010507&code=00101019438 HTTP/1.1" 200 461
114.83.216.129 - - [23/Aug/2022:10:50:10 +0800] "GET /xingrg/kc/buy/cgsh_order_operate.html?command=get_materiel&rest_code=00149&code=00101004067&supplier_code=00100083&order_time=2022-08-23 HTTP/1.1" 200 413
218.81.223.53 - - [23/Aug/2022:10:50:12 +0800] "GET /xingrg/kc/buy/cgsh_order_operate.html?command=get_materiel&rest_code=00146&code=00101008175&supplier_code=00100005&order_time=2022-08-23 HTTP/1.1" 200 412
124.78.156.101 - - [23/Aug/2022:10:50:14 +0800] "GET /xingrg/all/function/internal_message.html?_=1661223018560&CODE_STATE=getMsg HTTP/1.1" 200 27
116.224.123.211 - - [23/Aug/2022:10:50:14 +0800] "GET /xingrg/kc/buy/cgsh_order_operate.html?command=get_materiel&rest_code=00102&code=00101009041&supplier_code=00100026&order_time=2022-08-23 HTTP/1.1" 200 408
124.78.156.101 - - [23/Aug/2022:10:50:14 +0800] "GET /xingrg/check_reg.html?_=1661223018561 HTTP/1.1" 200 22
114.86.187.244 - - [23/Aug/2022:10:50:17 +0800] "GET /xingrg/kc/buy/cgsh_order_operate.html?command=get_materiel&rest_code=00148&code=00101008072&supplier_code=00100008&order_time=2022-08-23 HTTP/1.1" 200 408
114.83.216.129 - - [23/Aug/2022:10:50:18 +0800] "GET /xingrg/kc/buy/cgsh_order_operate.html?command=get_materiel&rest_code=00149&code=00101004011&supplier_code=00100083&order_time=2022-08-23 HTTP/1.1" 200 415
114.83.216.129 - - [23/Aug/2022:10:50:19 +0800] "GET /xingrg/all/function/internal_message.html?_=1661223017407&CODE_STATE=getMsg HTTP/1.1" 200 27
116.224.123.211 - - [23/Aug/2022:10:50:22 +0800] "GET /xingrg/kc/buy/cgsh_order_operate.html?command=get_materiel&rest_code=00102&code=00101009062&supplier_code=00100026&order_time=2022-08-23 HTTP/1.1" 200 412
116.232.194.65 - - [23/Aug/2022:10:50:22 +0800] "GET /xingrg/all/function/internal_message.html?_=1661222994924&CODE_STATE=getMsg HTTP/1.1" 200 27
116.232.53.43 - - [23/Aug/2022:10:50:24 +0800] "GET /xingrg/all/function/internal_message.html?_=1661223025466&CODE_STATE=getMsg HTTP/1.1" 200 27
116.232.53.43 - - [23/Aug/2022:10:50:24 +0800] "GET /xingrg/check_reg.html?_=1661223025468 HTTP/1.1" 200 22
124.78.156.101 - - [23/Aug/2022:10:50:24 +0800] "GET /xingrg/kc/buy/cgsh_order_operate.html?command=get_materiel&rest_code=00106&code=00101008244&supplier_code=00100007&order_time=2022-08-23 HTTP/1.1" 200 408
218.81.223.53 - - [23/Aug/2022:10:50:25 +0800] "GET /xingrg/kc/buy/cgsh_order_operate.html?command=get_materiel&rest_code=00146&code=00101008219&supplier_code=00100005&order_time=2022-08-23 HTTP/1.1" 200 412
114.86.187.244 - - [23/Aug/2022:10:50:26 +0800] "GET /xingrg/kc/buy/cgsh_order_operate.html?command=get_materiel&rest_code=00148&code=00101008210&supplier_code=00100008&order_time=2022-08-23 HTTP/1.1" 200 408
61.165.19.104 - - [23/Aug/2022:10:50:27 +0800] "GET /xingrg/kc/base/wldb_order_operate.html?command=get_materiel&rest_code=00105&base_code=0010507&code=00101019405 HTTP/1.1" 200 482
101.80.228.36 - - [23/Aug/2022:10:50:27 +0800] "GET /xingrg/all/function/internal_message.html?_=1661223026439&CODE_STATE=getMsg HTTP/1.1" 200 27
124.78.156.101 - - [23/Aug/2022:10:50:28 +0800] "POST /xingrg/kc/buy/cgsh_order_operate.html HTTP/1.1" 200 2065
114.86.187.244 - - [23/Aug/2022:10:50:28 +0800] "POST /xingrg/kc/buy/cgsh_order_operate.html HTTP/1.1" 200 2065
101.85.120.95 - - [23/Aug/2022:10:50:29 +0800] "GET /xingrg/all/function/internal_message.html?_=1661223028181&CODE_STATE=getMsg HTTP/1.1" 200 27
116.224.255.128 - - [23/Aug/2022:10:50:32 +0800] "GET /xingrg/all/function/internal_message.html?_=1661223030234&CODE_STATE=getMsg HTTP/1.1" 200 27
116.224.255.128 - - [23/Aug/2022:10:50:34 +0800] "GET /xingrg/all/function/internal_message.html?_=1661222961361&CODE_STATE=getMsg HTTP/1.1" 200 27
116.224.123.211 - - [23/Aug/2022:10:50:34 +0800] "POST /xingrg/kc/buy/cgsh_order_operate.html HTTP/1.1" 200 64
114.83.216.129 - - [23/Aug/2022:10:50:36 +0800] "POST /xingrg/kc/buy/cgsh_order_operate.html HTTP/1.1" 200 37
114.86.187.244 - - [23/Aug/2022:10:50:37 +0800] "GET /xingrg/kc/buy/cgsh_order_operate.html?command=get_materiel&rest_code=00148&code=00101008024&supplier_code=00100008&order_time=2022-08-23 HTTP/1.1" 200 408
61.165.19.104 - - [23/Aug/2022:10:50:37 +0800] "GET /xingrg/kc/base/wldb_order_operate.html?command=get_materiel&rest_code=00105&base_code=0010507&code=00101019400 HTTP/1.1" 200 465
124.78.156.101 - - [23/Aug/2022:10:50:37 +0800] "GET /xingrg/kc/buy/cgsh_order_operate.html?command=get_materiel&rest_code=00106&code=00101008224&supplier_code=00100007&order_time=2022-08-23 HTTP/1.1" 200 416
61.165.19.104 - - [23/Aug/2022:10:50:39 +0800] "GET /xingrg/all/function/internal_message.html?_=1661223039975&CODE_STATE=getMsg HTTP/1.1" 200 27
114.83.216.129 - - [23/Aug/2022:10:50:44 +0800] "POST /xingrg/kc/buy/cgsh_order_operate.html HTTP/1.1" 200 12
218.81.223.53 - - [23/Aug/2022:10:50:44 +0800] "GET /xingrg/kc/buy/cgsh_order_operate.html?command=get_materiel&rest_code=00146&code=00101008132&supplier_code=00100005&order_time=2022-08-23 HTTP/1.1" 200 408
114.86.187.244 - - [23/Aug/2022:10:50:44 +0800] "GET /favicon.ico HTTP/1.1" 404 -
180.169.147.146 - - [23/Aug/2022:10:50:45 +0800] "GET /xingrg/all/function/internal_message.html?_=1661223044766&CODE_STATE=getMsg HTTP/1.1" 200 27
116.224.123.211 - - [23/Aug/2022:10:50:47 +0800] "POST /xingrg/kc/buy/cgsh_order_operate.html HTTP/1.1" 200 37
114.83.216.129 - - [23/Aug/2022:10:50:48 +0800] "GET /xingrg/kc/buy/cgsh_order_info.html?code=212022082307690 HTTP/1.1" 200 63406
114.83.216.129 - - [23/Aug/2022:10:50:48 +0800] "GET /xingrg/javascript/easyui/themes/default/validatebox.css HTTP/1.1" 404 1104
114.86.187.244 - - [23/Aug/2022:10:50:48 +0800] "GET /xingrg/kc/buy/cgsh_order_operate.html?command=get_materiel&rest_code=00148&code=00101008300&supplier_code=00100008&order_time=2022-08-23 HTTP/1.1" 200 412
114.83.216.129 - - [23/Aug/2022:10:50:49 +0800] "POST /xingrg/kc/buy/cgsh_order_operate.html HTTP/1.1" 200 2996
61.165.19.104 - - [23/Aug/2022:10:50:50 +0800] "GET /xingrg/kc/base/wldb_order_operate.html?command=get_materiel&rest_code=00105&base_code=0010507&code=00101019390 HTTP/1.1" 200 470
180.169.147.146 - - [23/Aug/2022:10:50:50 +0800] "POST /xingrg/kc/buy/cgsh_list_operate.html HTTP/1.1" 200 4
124.78.156.101 - - [23/Aug/2022:10:50:51 +0800] "GET /xingrg/kc/buy/cgsh_order_operate.html?command=get_materiel&rest_code=00106&code=00101008356&supplier_code=00100007&order_time=2022-08-23 HTTP/1.1" 200 409
116.224.123.211 - - [23/Aug/2022:10:50:52 +0800] "POST /xingrg/kc/buy/cgsh_order_operate.html HTTP/1.1" 200 12
116.224.123.211 - - [23/Aug/2022:10:50:54 +0800] "GET /xingrg/kc/buy/cgsh_order_info.html?code=212022082307692 HTTP/1.1" 200 63353
116.224.123.211 - - [23/Aug/2022:10:50:54 +0800] "GET /xingrg/javascript/easyui/themes/default/validatebox.css HTTP/1.1" 404 1104
116.224.123.211 - - [23/Aug/2022:10:50:55 +0800] "POST /xingrg/kc/buy/cgsh_order_operate.html HTTP/1.1" 200 2970
114.83.216.129 - - [23/Aug/2022:10:50:55 +0800] "GET /xingrg/kc/print/load_data.html?order_code=212022082307690&kc_code=cgsh&condition= HTTP/1.1" 200 1644
116.224.123.211 - - [23/Aug/2022:10:50:55 +0800] "GET /xingrg/all/function/internal_message.html?_=1661223055107&CODE_STATE=getMsg HTTP/1.1" 200 27
116.224.123.211 - - [23/Aug/2022:10:50:56 +0800] "GET /xingrg/check_reg.html?_=1661223055707 HTTP/1.1" 200 22
116.224.123.211 - - [23/Aug/2022:10:50:57 +0800] "GET /xingrg/kc/print/load_data.html?order_code=212022082307692&kc_code=cgsh&condition= HTTP/1.1" 200 1638
218.81.223.53 - - [23/Aug/2022:10:50:58 +0800] "GET /xingrg/kc/buy/cgsh_order_operate.html?command=get_materiel&rest_code=00146&code=00101008354&supplier_code=00100005&order_time=2022-08-23 HTTP/1.1" 200 412
101.80.228.36 - - [23/Aug/2022:10:50:59 +0800] "GET /xingrg/check_reg.html?_=1661223058113 HTTP/1.1" 200 22
114.83.216.129 - - [23/Aug/2022:10:50:59 +0800] "GET /xingrg/kc/buy/cgsh_order_add.html HTTP/1.1" 200 68505
114.83.216.129 - - [23/Aug/2022:10:50:59 +0800] "POST /xingrg/kc/buy/cgsh_order_operate.html HTTP/1.1" 200 8245
114.83.216.129 - - [23/Aug/2022:10:50:59 +0800] "GET /xingrg/javascript/easyui/themes/default/validatebox.css HTTP/1.1" 404 1104
218.81.223.53 - - [23/Aug/2022:10:51:04 +0800] "GET /xingrg/all/function/internal_message.html?_=1661223069216&CODE_STATE=getMsg HTTP/1.1" 200 27
61.165.19.104 - - [23/Aug/2022:10:51:06 +0800] "GET /xingrg/kc/base/wldb_order_operate.html?command=get_materiel&rest_code=00105&base_code=0010507&code=00101019372 HTTP/1.1" 200 481
61.165.19.104 - - [23/Aug/2022:10:51:08 +0800] "GET /xingrg/all/function/internal_message.html?_=1661222936681&CODE_STATE=getMsg HTTP/1.1" 200 27
124.78.156.101 - - [23/Aug/2022:10:51:08 +0800] "GET /xingrg/kc/buy/cgsh_order_operate.html?command=get_materiel&rest_code=00106&code=00101008213&supplier_code=00100007&order_time=2022-08-23 HTTP/1.1" 200 414
116.224.123.211 - - [23/Aug/2022:10:51:11 +0800] "GET /xingrg/kc/base/wldb_order_list.html HTTP/1.1" 200 19180
116.224.123.211 - - [23/Aug/2022:10:51:12 +0800] "POST /xingrg/kc/base/wldb_list_operate.html HTTP/1.1" 200 928
116.224.123.211 - - [23/Aug/2022:10:51:13 +0800] "GET /xingrg/kc/base/wldb_order_add.html HTTP/1.1" 200 30390
116.224.123.211 - - [23/Aug/2022:10:51:13 +0800] "POST /xingrg/kc/base/wldb_order_operate.html HTTP/1.1" 200 6806
116.224.123.211 - - [23/Aug/2022:10:51:13 +0800] "GET /xingrg/all/common/auto_word.html?type=base&rest_code=00102 HTTP/1.1" 200 1857
116.224.123.211 - - [23/Aug/2022:10:51:13 +0800] "GET /xingrg/all/common/auto_word.html?type=base&rest_code=00102 HTTP/1.1" 200 1857
116.224.123.211 - - [23/Aug/2022:10:51:13 +0800] "GET /xingrg/javascript/easyui/themes/default/validatebox.css HTTP/1.1" 404 1104
124.78.156.101 - - [23/Aug/2022:10:51:14 +0800] "GET /xingrg/all/function/internal_message.html?_=1661223078596&CODE_STATE=getMsg HTTP/1.1" 200 27
114.83.216.129 - - [23/Aug/2022:10:51:15 +0800] "GET /xingrg/kc/buy/cgsh_order_operate.html?command=get_materiel&rest_code=00149&code=00101003037&supplier_code=00100039&order_time=2022-08-23 HTTP/1.1" 200 415
61.165.19.104 - - [23/Aug/2022:10:51:17 +0800] "GET /xingrg/kc/base/wldb_order_operate.html?command=get_materiel&rest_code=00105&base_code=0010507&code=00101019542 HTTP/1.1" 200 448
218.81.223.53 - - [23/Aug/2022:10:51:18 +0800] "GET /xingrg/check_reg.html?_=1661223083152 HTTP/1.1" 200 22
114.83.216.129 - - [23/Aug/2022:10:51:19 +0800] "GET /xingrg/all/function/internal_message.html?_=1661223077389&CODE_STATE=getMsg HTTP/1.1" 200 27
114.83.216.129 - - [23/Aug/2022:10:51:20 +0800] "GET /xingrg/check_reg.html?_=1661223077406 HTTP/1.1" 200 22
218.81.223.53 - - [23/Aug/2022:10:51:20 +0800] "GET /xingrg/kc/buy/cgsh_order_operate.html?command=get_materiel&rest_code=00146&code=00101008290&supplier_code=00100005&order_time=2022-08-23 HTTP/1.1" 200 416
180.169.147.146 - - [23/Aug/2022:10:51:21 +0800] "POST /xingrg/kc/buy/cgsh_list_operate.html HTTP/1.1" 200 4221
116.232.194.65 - - [23/Aug/2022:10:51:22 +0800] "GET /xingrg/all/function/internal_message.html?_=1661223054939&CODE_STATE=getMsg HTTP/1.1" 200 27
116.224.255.128 - - [23/Aug/2022:10:51:23 +0800] "GET /xingrg/check_reg.html?_=1661223009944 HTTP/1.1" 200 22
116.232.53.43 - - [23/Aug/2022:10:51:24 +0800] "GET /xingrg/all/function/internal_message.html?_=1661223085469&CODE_STATE=getMsg HTTP/1.1" 200 27
61.165.19.104 - - [23/Aug/2022:10:51:25 +0800] "POST /xingrg/kc/base/wldb_order_operate.html HTTP/1.1" 200 37
61.165.19.104 - - [23/Aug/2022:10:51:25 +0800] "POST /xingrg/kc/base/wldb_order_operate.html HTTP/1.1" 200 6222
124.78.156.101 - - [23/Aug/2022:10:51:27 +0800] "GET /xingrg/kc/buy/cgsh_order_operate.html?command=get_materiel&rest_code=00106&code=00101008403&supplier_code=00100007&order_time=2022-08-23 HTTP/1.1" 200 412
101.80.228.36 - - [23/Aug/2022:10:51:27 +0800] "GET /xingrg/all/function/internal_message.html?_=1661223086410&CODE_STATE=getMsg HTTP/1.1" 200 27
61.165.19.104 - - [23/Aug/2022:10:51:28 +0800] "GET /xingrg/kc/base/wldb_order_info.html?code=422022082301947 HTTP/1.1" 200 30408
61.165.19.104 - - [23/Aug/2022:10:51:28 +0800] "GET /xingrg/words/20220823102144_words.js HTTP/1.1" 304 -
61.165.19.104 - - [23/Aug/2022:10:51:28 +0800] "GET /xingrg/javascript/easyui/themes/default/validatebox.css HTTP/1.1" 404 1104
101.85.120.95 - - [23/Aug/2022:10:51:29 +0800] "GET /xingrg/all/function/internal_message.html?_=1661223088180&CODE_STATE=getMsg HTTP/1.1" 200 27
114.83.216.129 - - [23/Aug/2022:10:51:29 +0800] "GET /xingrg/kc/buy/cgsh_order_operate.html?command=get_materiel&rest_code=00149&code=00101002027&supplier_code=00100039&order_time=2022-08-23 HTTP/1.1" 200 434
61.165.19.104 - - [23/Aug/2022:10:51:30 +0800] "POST /xingrg/kc/base/wldb_order_operate.html HTTP/1.1" 200 6222
116.224.255.128 - - [23/Aug/2022:10:51:32 +0800] "GET /xingrg/all/function/internal_message.html?_=1661223090321&CODE_STATE=getMsg HTTP/1.1" 200 27
218.81.223.53 - - [23/Aug/2022:10:51:33 +0800] "GET /xingrg/kc/buy/cgsh_order_operate.html?command=get_materiel&rest_code=00146&code=00101008003&supplier_code=00100005&order_time=2022-08-23 HTTP/1.1" 200 408
116.224.255.128 - - [23/Aug/2022:10:51:34 +0800] "GET /xingrg/all/function/internal_message.html?_=1661223021379&CODE_STATE=getMsg HTTP/1.1" 200 27
61.165.19.104 - - [23/Aug/2022:10:51:39 +0800] "GET /xingrg/all/function/internal_message.html?_=1661223099953&CODE_STATE=getMsg HTTP/1.1" 200 27
61.165.19.104 - - [23/Aug/2022:10:51:43 +0800] "GET /xingrg/kc/base/wldb_order_add.html HTTP/1.1" 200 30394
61.165.19.104 - - [23/Aug/2022:10:51:43 +0800] "POST /xingrg/kc/base/wldb_order_operate.html HTTP/1.1" 200 6806
61.165.19.104 - - [23/Aug/2022:10:51:43 +0800] "GET /xingrg/javascript/easyui/themes/default/validatebox.css HTTP/1.1" 404 1104
101.85.120.95 - - [23/Aug/2022:10:51:45 +0800] "GET /xingrg/javascript/jquery_easy_ui/themes/default/images/button_plain_hover.png HTTP/1.1" 200 252
180.169.147.146 - - [23/Aug/2022:10:51:45 +0800] "GET /xingrg/all/function/internal_message.html?_=1661223104777&CODE_STATE=getMsg HTTP/1.1" 200 27
218.81.223.53 - - [23/Aug/2022:10:51:46 +0800] "GET /xingrg/kc/buy/cgsh_order_operate.html?command=get_materiel&rest_code=00146&code=00101008361&supplier_code=00100005&order_time=2022-08-23 HTTP/1.1" 200 408
114.83.216.129 - - [23/Aug/2022:10:51:46 +0800] "GET /xingrg/kc/buy/cgsh_order_operate.html?command=get_materiel&rest_code=00149&code=00101001061&supplier_code=00100039&order_time=2022-08-23 HTTP/1.1" 200 419
116.224.255.128 - - [23/Aug/2022:10:51:54 +0800] "GET /xingrg/kc/base/wldb_order_add.html HTTP/1.1" 200 30400
180.169.147.146 - - [23/Aug/2022:10:51:54 +0800] "POST /xingrg/kc/buy/cgsh_list_operate.html HTTP/1.1" 200 4
116.224.255.128 - - [23/Aug/2022:10:51:54 +0800] "POST /xingrg/kc/base/wldb_order_operate.html HTTP/1.1" 200 6806
116.224.255.128 - - [23/Aug/2022:10:51:54 +0800] "GET /xingrg/javascript/easyui/themes/default/validatebox.css HTTP/1.1" 404 1104
116.224.123.211 - - [23/Aug/2022:10:51:55 +0800] "GET /xingrg/all/function/internal_message.html?_=1661223115119&CODE_STATE=getMsg HTTP/1.1" 200 27
180.169.147.146 - - [23/Aug/2022:10:51:56 +0800] "POST /xingrg/kc/buy/cgsh_list_operate.html HTTP/1.1" 200 752
218.81.223.53 - - [23/Aug/2022:10:51:59 +0800] "GET /xingrg/kc/buy/cgsh_order_operate.html?command=get_materiel&rest_code=00146&code=00101008264&supplier_code=00100005&order_time=2022-08-23 HTTP/1.1" 200 412
124.78.156.101 - - [23/Aug/2022:10:52:00 +0800] "GET /xingrg/kc/buy/cgsh_order_operate.html?command=get_materiel&rest_code=00106&code=00101008323&supplier_code=00100007&order_time=2022-08-23 HTTP/1.1" 200 408
116.224.255.128 - - [23/Aug/2022:10:52:01 +0800] "GET /xingrg/kc/base/wldb_order_operate.html?command=get_materiel&rest_code=00150&base_code=0010446&code=00102002347 HTTP/1.1" 200 457
116.224.123.211 - - [23/Aug/2022:10:52:02 +0800] "POST /xingrg/all/common/load_combo.html?type=base HTTP/1.1" 200 3321
218.81.223.53 - - [23/Aug/2022:10:52:04 +0800] "GET /xingrg/all/function/internal_message.html?_=1661223129230&CODE_STATE=getMsg HTTP/1.1" 200 27
116.224.123.211 - - [23/Aug/2022:10:52:04 +0800] "POST /xingrg/all/common/load_combo.html?type=base HTTP/1.1" 200 3321
61.165.19.104 - - [23/Aug/2022:10:52:06 +0800] "GET /xingrg/kc/base/wldb_order_operate.html?command=get_materiel&rest_code=00105&base_code=0010507&code=00101019183 HTTP/1.1" 200 449
180.169.147.146 - - [23/Aug/2022:10:52:07 +0800] "GET /xingrg/kc/buy/cgsh_order_add.html HTTP/1.1" 200 68420
180.169.147.146 - - [23/Aug/2022:10:52:07 +0800] "GET /xingrg/words/20220823102144_words.js HTTP/1.1" 304 -
180.169.147.146 - - [23/Aug/2022:10:52:08 +0800] "POST /xingrg/kc/buy/cgsh_order_operate.html HTTP/1.1" 200 8245
180.169.147.146 - - [23/Aug/2022:10:52:08 +0800] "GET /xingrg/javascript/easyui/themes/default/validatebox.css HTTP/1.1" 404 1104
61.165.19.104 - - [23/Aug/2022:10:52:08 +0800] "GET /xingrg/all/function/internal_message.html?_=1661222996679&CODE_STATE=getMsg HTTP/1.1" 200 27
116.224.123.211 - - [23/Aug/2022:10:52:09 +0800] "GET /xingrg/kc/base/wldb_order_operate.html?command=get_materiel&rest_code=00102&base_code=0010476&code=00101016076 HTTP/1.1" 200 476
114.83.216.129 - - [23/Aug/2022:10:52:13 +0800] "GET /xingrg/kc/buy/cgsh_order_operate.html?command=get_materiel&rest_code=00149&code=00101003025&supplier_code=00100039&order_time=2022-08-23 HTTP/1.1" 200 409
218.81.223.53 - - [23/Aug/2022:10:52:13 +0800] "GET /xingrg/kc/buy/cgsh_order_operate.html?command=get_materiel&rest_code=00146&code=00101008131&supplier_code=00100005&order_time=2022-08-23 HTTP/1.1" 200 408
124.78.156.101 - - [23/Aug/2022:10:52:14 +0800] "GET /xingrg/all/function/internal_message.html?_=1661223138574&CODE_STATE=getMsg HTTP/1.1" 200 27
116.224.255.128 - - [23/Aug/2022:10:52:15 +0800] "GET /xingrg/kc/base/wldb_order_operate.html?command=get_materiel&rest_code=00150&base_code=0010446&code=00102002315 HTTP/1.1" 200 460
116.224.123.211 - - [23/Aug/2022:10:52:18 +0800] "GET /xingrg/kc/base/wldb_order_operate.html?command=get_materiel&rest_code=00102&base_code=0010476&code=00101019247 HTTP/1.1" 200 455
114.83.216.129 - - [23/Aug/2022:10:52:19 +0800] "GET /xingrg/all/function/internal_message.html?_=1661223137372&CODE_STATE=getMsg HTTP/1.1" 200 27
116.224.123.211 - - [23/Aug/2022:10:52:22 +0800] "GET /xingrg/kc/base/wldb_order_operate.html?command=get_materiel&rest_code=00102&base_code=0010476&code=00101019529 HTTP/1.1" 200 475
116.224.255.128 - - [23/Aug/2022:10:52:22 +0800] "GET /xingrg/kc/base/wldb_order_operate.html?command=get_materiel&rest_code=00150&base_code=0010446&code=00102004026 HTTP/1.1" 200 442
116.232.194.65 - - [23/Aug/2022:10:52:22 +0800] "GET /xingrg/all/function/internal_message.html?_=1661223114915&CODE_STATE=getMsg HTTP/1.1" 200 27
116.232.53.43 - - [23/Aug/2022:10:52:24 +0800] "GET /xingrg/all/function/internal_message.html?_=1661223145471&CODE_STATE=getMsg HTTP/1.1" 200 27
218.81.223.53 - - [23/Aug/2022:10:52:25 +0800] "GET /xingrg/kc/buy/cgsh_order_operate.html?command=get_materiel&rest_code=00146&code=00101008296&supplier_code=00100005&order_time=2022-08-23 HTTP/1.1" 200 416
101.80.228.36 - - [23/Aug/2022:10:52:27 +0800] "GET /xingrg/all/function/internal_message.html?_=1661223146380&CODE_STATE=getMsg HTTP/1.1" 200 27
218.81.223.53 - - [23/Aug/2022:10:52:28 +0800] "POST /xingrg/kc/buy/cgsh_order_operate.html HTTP/1.1" 200 2065
101.85.120.95 - - [23/Aug/2022:10:52:29 +0800] "GET /xingrg/all/function/internal_message.html?_=1661223148181&CODE_STATE=getMsg HTTP/1.1" 200 27
116.224.255.128 - - [23/Aug/2022:10:52:29 +0800] "POST /xingrg/kc/base/wldb_order_operate.html HTTP/1.1" 200 37
114.83.216.129 - - [23/Aug/2022:10:52:31 +0800] "POST /xingrg/kc/buy/cgsh_order_operate.html HTTP/1.1" 200 37
116.224.255.128 - - [23/Aug/2022:10:52:31 +0800] "POST /xingrg/kc/base/wldb_order_operate.html HTTP/1.1" 200 12
116.224.255.128 - - [23/Aug/2022:10:52:32 +0800] "POST /xingrg/kc/base/wldb_order_operate.html HTTP/1.1" 200 3185
116.224.255.128 - - [23/Aug/2022:10:52:34 +0800] "GET /xingrg/all/function/internal_message.html?_=1661223081393&CODE_STATE=getMsg HTTP/1.1" 200 27
116.224.123.211 - - [23/Aug/2022:10:52:36 +0800] "GET /xingrg/kc/base/wldb_order_operate.html?command=get_materiel&rest_code=00102&base_code=0010476&code=00101019015 HTTP/1.1" 200 451
218.81.223.53 - - [23/Aug/2022:10:52:37 +0800] "GET /xingrg/kc/buy/cgsh_order_operate.html?command=get_materiel&rest_code=00146&code=00101008353&supplier_code=00100005&order_time=2022-08-23 HTTP/1.1" 200 408
116.224.255.128 - - [23/Aug/2022:10:52:37 +0800] "GET /xingrg/kc/base/wldb_order_info.html?code=422022082301948 HTTP/1.1" 200 26278
116.224.255.128 - - [23/Aug/2022:10:52:37 +0800] "GET /xingrg/javascript/easyui/themes/default/validatebox.css HTTP/1.1" 404 1104
116.224.255.128 - - [23/Aug/2022:10:52:37 +0800] "POST /xingrg/kc/base/wldb_order_operate.html HTTP/1.1" 200 1457
61.165.19.104 - - [23/Aug/2022:10:52:39 +0800] "GET /xingrg/all/function/internal_message.html?_=1661223159927&CODE_STATE=getMsg HTTP/1.1" 200 27
116.224.123.211 - - [23/Aug/2022:10:52:40 +0800] "GET /xingrg/kc/base/wldb_order_operate.html?command=get_materiel&rest_code=00102&base_code=0010476&code=00101019222 HTTP/1.1" 200 453
61.165.19.104 - - [23/Aug/2022:10:52:41 +0800] "GET /xingrg/kc/base/wldb_order_operate.html?command=get_materiel&rest_code=00105&base_code=0010507&code=00101016097 HTTP/1.1" 200 470
124.78.156.101 - - [23/Aug/2022:10:52:42 +0800] "POST /xingrg/kc/buy/cgsh_order_operate.html HTTP/1.1" 200 2065
116.224.255.128 - - [23/Aug/2022:10:52:42 +0800] "GET /xingrg/kc/base/wldb_order_add.html HTTP/1.1" 200 30400
116.224.255.128 - - [23/Aug/2022:10:52:43 +0800] "POST /xingrg/kc/base/wldb_order_operate.html HTTP/1.1" 200 6806
116.224.255.128 - - [23/Aug/2022:10:52:43 +0800] "GET /xingrg/javascript/easyui/themes/default/validatebox.css HTTP/1.1" 404 1104
180.169.147.146 - - [23/Aug/2022:10:52:45 +0800] "GET /xingrg/check_reg.html?_=1661223164770 HTTP/1.1" 200 22
180.169.147.146 - - [23/Aug/2022:10:52:45 +0800] "GET /xingrg/all/function/internal_message.html?_=1661223164772&CODE_STATE=getMsg HTTP/1.1" 200 27
218.81.223.53 - - [23/Aug/2022:10:52:46 +0800] "GET /xingrg/kc/buy/cgsh_order_operate.html?command=get_materiel&rest_code=00146&code=00101008213&supplier_code=00100005&order_time=2022-08-23 HTTP/1.1" 200 412
114.86.187.244 - - [23/Aug/2022:10:52:47 +0800] "GET /xingrg/kc/buy/cgsh_order_operate.html?command=get_materiel&rest_code=00148&code=00101008359&supplier_code=00100008&order_time=2022-08-23 HTTP/1.1" 200 408
114.88.158.224 - - [23/Aug/2022:10:52:48 +0800] "GET /xingrg/check_reg.html?_=1661222834467 HTTP/1.1" 302 -
114.83.216.129 - - [23/Aug/2022:10:52:49 +0800] "POST /xingrg/kc/buy/cgsh_order_operate.html HTTP/1.1" 200 12
116.224.123.211 - - [23/Aug/2022:10:52:49 +0800] "GET /xingrg/kc/base/wldb_order_operate.html?command=get_materiel&rest_code=00102&base_code=0010476&code=00101019127 HTTP/1.1" 200 479
