120.253.135.82 - - [23/Aug/2022:06:07:12 +0800] "POST /xingrg/kc/pszx/mdps_list_operate.html HTTP/1.1" 200 208
120.253.135.82 - - [23/Aug/2022:06:07:13 +0800] "POST /xingrg/kc/pszx/mdps_list_operate.html HTTP/1.1" 200 536
120.253.135.82 - - [23/Aug/2022:06:07:15 +0800] "POST /xingrg/kc/pszx/mdps_list_operate.html HTTP/1.1" 200 649
120.253.135.82 - - [23/Aug/2022:06:07:17 +0800] "GET /xingrg/kc/pszx/mdps_order_info.html?code=312022082200491 HTTP/1.1" 200 24022
120.253.135.82 - - [23/Aug/2022:06:07:17 +0800] "GET /xingrg/javascript/jquery_tools/order_manager.js HTTP/1.1" 304 -
120.253.135.82 - - [23/Aug/2022:06:07:17 +0800] "GET /xingrg/javascript/convert.js HTTP/1.1" 304 -
120.253.135.82 - - [23/Aug/2022:06:07:17 +0800] "GET /xingrg/javascript/json2.js HTTP/1.1" 304 -
120.253.135.82 - - [23/Aug/2022:06:07:17 +0800] "GET /xingrg/words/20220822123539_words.js HTTP/1.1" 304 -
120.253.135.82 - - [23/Aug/2022:06:07:17 +0800] "GET /xingrg/javascript/easyui/themes/icons/copy_new.png HTTP/1.1" 304 -
120.253.135.82 - - [23/Aug/2022:06:07:17 +0800] "GET /xingrg/javascript/easyui/themes/icons/ok.png HTTP/1.1" 304 -
120.253.135.82 - - [23/Aug/2022:06:07:17 +0800] "GET /xingrg/javascript/easyui/themes/icons/print.png HTTP/1.1" 304 -
120.253.135.82 - - [23/Aug/2022:06:07:17 +0800] "GET /xingrg/javascript/easyui/themes/icons/cancel.png HTTP/1.1" 304 -
120.253.135.82 - - [23/Aug/2022:06:07:17 +0800] "GET /xingrg/javascript/easyui/themes/default/images/menu_downarrow.png HTTP/1.1" 304 -
120.253.135.82 - - [23/Aug/2022:06:07:17 +0800] "GET /xingrg/all/common/auto_word.html?type=base&rest_code=00101 HTTP/1.1" 200 725
120.253.135.82 - - [23/Aug/2022:06:07:17 +0800] "GET /xingrg/javascript/easyui/themes/default/validatebox.css HTTP/1.1" 404 1104
120.253.135.82 - - [23/Aug/2022:06:07:17 +0800] "GET /xingrg/javascript/easyui/plugins/jquery.validatebox.js HTTP/1.1" 304 -
120.253.135.82 - - [23/Aug/2022:06:07:17 +0800] "POST /xingrg/kc/pszx/mdps_order_operate.html HTTP/1.1" 200 4329
120.253.135.82 - - [23/Aug/2022:06:07:17 +0800] "GET /xingrg/javascript/easyui/plugins/jquery.numberbox.js HTTP/1.1" 304 -
120.253.135.82 - - [23/Aug/2022:06:07:17 +0800] "GET /xingrg/javascript/easyui/themes/icons/edit_remove.png HTTP/1.1" 304 -
120.253.135.82 - - [23/Aug/2022:06:07:18 +0800] "GET /xingrg/javascript/easyui/themes/default/images/button_plain_hover.png HTTP/1.1" 304 -
120.253.135.82 - - [23/Aug/2022:06:07:18 +0800] "GET /xingrg/javascript/easyui/themes/default/images/button_plain_hover.png HTTP/1.1" 304 -
218.81.223.53 - - [23/Aug/2022:06:07:20 +0800] "GET /xingrg/all/function/internal_message.html?_=1661206044858&CODE_STATE=getMsg HTTP/1.1" 200 27
120.253.135.82 - - [23/Aug/2022:06:07:21 +0800] "POST /xingrg/kc/pszx/mdps_list_operate.html HTTP/1.1" 200 516
120.253.135.82 - - [23/Aug/2022:06:07:22 +0800] "GET /xingrg/kc/pszx/mdps_order_info.html?code=312022082200492 HTTP/1.1" 200 24022
120.253.135.82 - - [23/Aug/2022:06:07:23 +0800] "GET /xingrg/javascript/easyui/themes/default/validatebox.css HTTP/1.1" 404 1104
120.253.135.82 - - [23/Aug/2022:06:07:23 +0800] "POST /xingrg/kc/pszx/mdps_order_operate.html HTTP/1.1" 200 11543
218.81.223.53 - - [23/Aug/2022:06:07:25 +0800] "GET /xingrg/kc/base/wldb_order_operate.html?command=get_materiel&rest_code=00146&base_code=0010063&code=00101019079 HTTP/1.1" 200 479
116.224.255.128 - - [23/Aug/2022:06:07:29 +0800] "GET /xingrg/all/function/internal_message.html?_=1661205977241&CODE_STATE=getMsg HTTP/1.1" 200 27
218.81.223.53 - - [23/Aug/2022:06:07:33 +0800] "GET /xingrg/kc/base/wldb_order_operate.html?command=get_materiel&rest_code=00146&base_code=0010063&code=00101019390 HTTP/1.1" 200 469
101.80.228.36 - - [23/Aug/2022:06:07:34 +0800] "GET /xingrg/all/function/internal_message.html?_=1661206053059&CODE_STATE=getMsg HTTP/1.1" 200 27
120.253.135.82 - - [23/Aug/2022:06:07:42 +0800] "POST /xingrg/kc/pszx/mdps_list_operate.html HTTP/1.1" 200 3551
120.253.135.82 - - [23/Aug/2022:06:07:44 +0800] "POST /xingrg/kc/pszx/mdps_list_operate.html HTTP/1.1" 200 516
218.81.223.53 - - [23/Aug/2022:06:07:45 +0800] "GET /xingrg/kc/base/wldb_order_operate.html?command=get_materiel&rest_code=00146&base_code=0010063&code=00101019118 HTTP/1.1" 200 471
120.253.135.82 - - [23/Aug/2022:06:07:46 +0800] "GET /xingrg/kc/pszx/mdps_order_info.html?code=312022082200493 HTTP/1.1" 200 24022
120.253.135.82 - - [23/Aug/2022:06:07:46 +0800] "GET /xingrg/javascript/easyui/themes/default/validatebox.css HTTP/1.1" 404 1104
120.253.135.82 - - [23/Aug/2022:06:07:46 +0800] "POST /xingrg/kc/pszx/mdps_order_operate.html HTTP/1.1" 200 4265
120.253.135.82 - - [23/Aug/2022:06:07:49 +0800] "POST /xingrg/kc/pszx/mdps_list_operate.html HTTP/1.1" 200 3551
120.253.135.82 - - [23/Aug/2022:06:07:51 +0800] "POST /xingrg/kc/pszx/mdps_list_operate.html HTTP/1.1" 200 599
120.253.135.82 - - [23/Aug/2022:06:07:52 +0800] "GET /xingrg/kc/pszx/mdps_order_info.html?code=312022082200494 HTTP/1.1" 200 24022
120.253.135.82 - - [23/Aug/2022:06:07:52 +0800] "GET /xingrg/check_reg.html?_=1661205876413 HTTP/1.1" 200 22
120.253.135.82 - - [23/Aug/2022:06:07:52 +0800] "GET /xingrg/all/function/internal_message.html?_=1661205876414&CODE_STATE=getMsg HTTP/1.1" 200 27
120.253.135.82 - - [23/Aug/2022:06:07:52 +0800] "POST /xingrg/kc/pszx/mdps_order_operate.html HTTP/1.1" 200 5760
120.253.135.82 - - [23/Aug/2022:06:07:52 +0800] "GET /xingrg/javascript/easyui/themes/default/validatebox.css HTTP/1.1" 404 1104
120.253.135.82 - - [23/Aug/2022:06:07:57 +0800] "POST /xingrg/kc/pszx/mdps_list_operate.html HTTP/1.1" 200 3551
120.253.135.82 - - [23/Aug/2022:06:08:08 +0800] "POST /xingrg/kc/pszx/mdps_list_operate.html HTTP/1.1" 200 386
120.253.135.82 - - [23/Aug/2022:06:08:09 +0800] "GET /xingrg/kc/pszx/mdps_order_info.html?code=312022082300511 HTTP/1.1" 200 24022
120.253.135.82 - - [23/Aug/2022:06:08:09 +0800] "GET /xingrg/javascript/easyui/themes/default/validatebox.css HTTP/1.1" 404 1104
120.253.135.82 - - [23/Aug/2022:06:08:09 +0800] "POST /xingrg/kc/pszx/mdps_order_operate.html HTTP/1.1" 200 3294
120.253.135.82 - - [23/Aug/2022:06:08:10 +0800] "GET /xingrg/all/function/internal_message.html?_=1661206194198&CODE_STATE=getMsg HTTP/1.1" 200 27
218.81.223.53 - - [23/Aug/2022:06:08:20 +0800] "GET /xingrg/all/function/internal_message.html?_=1661206104872&CODE_STATE=getMsg HTTP/1.1" 200 27
120.253.135.82 - - [23/Aug/2022:06:08:22 +0800] "POST /xingrg/kc/pszx/mdps_order_operate.html HTTP/1.1" 200 37
120.253.135.82 - - [23/Aug/2022:06:08:22 +0800] "GET /xingrg/kc/pszx/mdps_order_info.html?code=312022082300511 HTTP/1.1" 200 24022
120.253.135.82 - - [23/Aug/2022:06:08:23 +0800] "GET /xingrg/javascript/easyui/themes/default/validatebox.css HTTP/1.1" 404 1104
120.253.135.82 - - [23/Aug/2022:06:08:23 +0800] "POST /xingrg/kc/pszx/mdps_order_operate.html HTTP/1.1" 200 3316
116.224.255.128 - - [23/Aug/2022:06:08:30 +0800] "GET /xingrg/all/function/internal_message.html?_=1661206037265&CODE_STATE=getMsg HTTP/1.1" 200 27
120.253.135.82 - - [23/Aug/2022:06:08:32 +0800] "POST /xingrg/kc/pszx/mdps_order_operate.html HTTP/1.1" 200 37
218.81.223.53 - - [23/Aug/2022:06:08:33 +0800] "GET /xingrg/kc/base/wldb_order_operate.html?command=get_materiel&rest_code=00146&base_code=0010063&code=00101019066 HTTP/1.1" 200 455
120.253.135.82 - - [23/Aug/2022:06:08:33 +0800] "GET /xingrg/kc/pszx/mdps_order_info.html?code=312022082300511 HTTP/1.1" 200 24022
101.80.228.36 - - [23/Aug/2022:06:08:33 +0800] "GET /xingrg/all/function/internal_message.html?_=1661206113030&CODE_STATE=getMsg HTTP/1.1" 200 27
120.253.135.82 - - [23/Aug/2022:06:08:34 +0800] "POST /xingrg/kc/pszx/mdps_order_operate.html HTTP/1.1" 200 3316
120.253.135.82 - - [23/Aug/2022:06:08:34 +0800] "GET /xingrg/javascript/easyui/themes/default/validatebox.css HTTP/1.1" 404 1104
120.253.135.82 - - [23/Aug/2022:06:08:36 +0800] "POST /xingrg/kc/pszx/mdps_list_operate.html HTTP/1.1" 200 3550
120.253.135.82 - - [23/Aug/2022:06:08:37 +0800] "GET /xingrg/kc/pszx/mdps_order_add.html HTTP/1.1" 200 29158
120.253.135.82 - - [23/Aug/2022:06:08:38 +0800] "POST /xingrg/kc/pszx/mdps_order_operate.html HTTP/1.1" 200 7126
120.253.135.82 - - [23/Aug/2022:06:08:38 +0800] "GET /xingrg/javascript/easyui/themes/default/validatebox.css HTTP/1.1" 404 1104
218.81.223.53 - - [23/Aug/2022:06:08:42 +0800] "GET /xingrg/kc/base/wldb_order_operate.html?command=get_materiel&rest_code=00146&base_code=0010063&code=00101019430 HTTP/1.1" 200 477
218.81.223.53 - - [23/Aug/2022:06:08:52 +0800] "GET /xingrg/kc/base/wldb_order_operate.html?command=get_materiel&rest_code=00146&base_code=0010063&code=00101016060 HTTP/1.1" 200 466
120.253.135.82 - - [23/Aug/2022:06:08:52 +0800] "GET /xingrg/all/function/internal_message.html?_=1661205936433&CODE_STATE=getMsg HTTP/1.1" 200 27
218.81.223.53 - - [23/Aug/2022:06:09:01 +0800] "GET /xingrg/kc/base/wldb_order_operate.html?command=get_materiel&rest_code=00146&base_code=0010063&code=00101019313 HTTP/1.1" 200 456
120.253.135.82 - - [23/Aug/2022:06:09:01 +0800] "GET /xingrg/check_reg.html?_=1661206245005 HTTP/1.1" 200 22
120.253.135.82 - - [23/Aug/2022:06:09:10 +0800] "GET /xingrg/all/function/internal_message.html?_=1661206254205&CODE_STATE=getMsg HTTP/1.1" 200 27
218.81.223.53 - - [23/Aug/2022:06:09:10 +0800] "GET /xingrg/kc/base/wldb_order_operate.html?command=get_materiel&rest_code=00146&base_code=0010063&code=00101019222 HTTP/1.1" 200 453
120.253.135.82 - - [23/Aug/2022:06:09:20 +0800] "GET /xingrg/css/images/panel_loading.gif HTTP/1.1" 304 -
120.253.135.82 - - [23/Aug/2022:06:09:20 +0800] "POST /xingrg/all/common/load_combo.html?type=base HTTP/1.1" 200 1260
218.81.223.53 - - [23/Aug/2022:06:09:20 +0800] "GET /xingrg/all/function/internal_message.html?_=1661206164898&CODE_STATE=getMsg HTTP/1.1" 200 27
116.224.255.128 - - [23/Aug/2022:06:09:30 +0800] "GET /xingrg/all/function/internal_message.html?_=1661206097282&CODE_STATE=getMsg HTTP/1.1" 200 27
218.81.223.53 - - [23/Aug/2022:06:09:31 +0800] "GET /xingrg/kc/base/wldb_order_operate.html?command=get_materiel&rest_code=00146&base_code=0010063&code=00101019529 HTTP/1.1" 200 476
101.80.228.36 - - [23/Aug/2022:06:09:33 +0800] "GET /xingrg/all/function/internal_message.html?_=1661206173000&CODE_STATE=getMsg HTTP/1.1" 200 27
120.253.135.82 - - [23/Aug/2022:06:09:39 +0800] "GET /xingrg/kc/pszx/mdps_order_operate.html?command=get_materiel&pszx_code=00101&rest_code=00141&base_code=0010246&code=00101019424 HTTP/1.1" 200 448
120.253.135.82 - - [23/Aug/2022:06:09:45 +0800] "POST /xingrg/kc/pszx/mdps_order_operate.html HTTP/1.1" 200 37
120.253.135.82 - - [23/Aug/2022:06:09:45 +0800] "GET /xingrg/kc/pszx/mdps_order_info.html?code=312022082300512 HTTP/1.1" 200 24022
120.253.135.82 - - [23/Aug/2022:06:09:46 +0800] "POST /xingrg/kc/pszx/mdps_order_operate.html HTTP/1.1" 200 2289
120.253.135.82 - - [23/Aug/2022:06:09:46 +0800] "GET /xingrg/javascript/easyui/themes/default/validatebox.css HTTP/1.1" 404 1104
120.253.135.82 - - [23/Aug/2022:06:09:47 +0800] "POST /xingrg/kc/pszx/mdps_list_operate.html HTTP/1.1" 200 3921
218.81.223.53 - - [23/Aug/2022:06:09:48 +0800] "POST /xingrg/kc/base/wldb_order_operate.html HTTP/1.1" 200 37
120.253.135.82 - - [23/Aug/2022:06:09:48 +0800] "POST /xingrg/kc/pszx/mdps_list_operate.html HTTP/1.1" 200 386
120.253.135.82 - - [23/Aug/2022:06:09:49 +0800] "GET /xingrg/kc/pszx/mdps_order_info.html?code=312022082300511 HTTP/1.1" 200 24022
120.253.135.82 - - [23/Aug/2022:06:09:50 +0800] "GET /xingrg/javascript/easyui/themes/default/validatebox.css HTTP/1.1" 404 1104
218.81.223.53 - - [23/Aug/2022:06:09:50 +0800] "POST /xingrg/kc/base/wldb_order_operate.html HTTP/1.1" 200 12
120.253.135.82 - - [23/Aug/2022:06:09:50 +0800] "POST /xingrg/kc/pszx/mdps_order_operate.html HTTP/1.1" 200 3316
218.81.223.53 - - [23/Aug/2022:06:09:50 +0800] "POST /xingrg/kc/base/wldb_order_operate.html HTTP/1.1" 200 7704
218.81.223.53 - - [23/Aug/2022:06:09:51 +0800] "GET /xingrg/kc/base/wldb_order_info.html?code=422022082301932 HTTP/1.1" 200 26279
218.81.223.53 - - [23/Aug/2022:06:09:52 +0800] "GET /xingrg/javascript/easyui/themes/default/validatebox.css HTTP/1.1" 404 1104
218.81.223.53 - - [23/Aug/2022:06:09:52 +0800] "POST /xingrg/kc/base/wldb_order_operate.html HTTP/1.1" 200 5875
120.253.135.82 - - [23/Aug/2022:06:09:52 +0800] "GET /xingrg/all/function/internal_message.html?_=1661205996620&CODE_STATE=getMsg HTTP/1.1" 200 27
218.81.223.53 - - [23/Aug/2022:06:09:55 +0800] "GET /xingrg/kc/base/wldb_order_add.html HTTP/1.1" 200 30400
218.81.223.53 - - [23/Aug/2022:06:09:55 +0800] "POST /xingrg/kc/base/wldb_order_operate.html HTTP/1.1" 200 6806
218.81.223.53 - - [23/Aug/2022:06:09:56 +0800] "GET /xingrg/javascript/easyui/themes/default/validatebox.css HTTP/1.1" 404 1104
120.253.135.82 - - [23/Aug/2022:06:09:57 +0800] "POST /xingrg/kc/pszx/mdps_order_operate.html HTTP/1.1" 200 37
120.253.135.82 - - [23/Aug/2022:06:09:58 +0800] "GET /xingrg/kc/pszx/mdps_order_info.html?code=312022082300511 HTTP/1.1" 200 24022
120.253.135.82 - - [23/Aug/2022:06:09:58 +0800] "POST /xingrg/kc/pszx/mdps_order_operate.html HTTP/1.1" 200 2814
120.253.135.82 - - [23/Aug/2022:06:09:58 +0800] "GET /xingrg/javascript/easyui/themes/default/validatebox.css HTTP/1.1" 404 1104
120.253.135.82 - - [23/Aug/2022:06:10:05 +0800] "POST /xingrg/kc/pszx/mdps_order_operate.html HTTP/1.1" 200 37
120.253.135.82 - - [23/Aug/2022:06:10:06 +0800] "GET /xingrg/kc/pszx/mdps_order_info.html?code=312022082300511 HTTP/1.1" 200 24022
120.253.135.82 - - [23/Aug/2022:06:10:06 +0800] "POST /xingrg/kc/pszx/mdps_order_operate.html HTTP/1.1" 200 2814
120.253.135.82 - - [23/Aug/2022:06:10:06 +0800] "GET /xingrg/javascript/easyui/themes/default/validatebox.css HTTP/1.1" 404 1104
120.253.135.82 - - [23/Aug/2022:06:10:07 +0800] "POST /xingrg/kc/pszx/mdps_list_operate.html HTTP/1.1" 200 3921
120.253.135.82 - - [23/Aug/2022:06:10:09 +0800] "POST /xingrg/kc/pszx/mdps_list_operate.html HTTP/1.1" 200 301
120.253.135.82 - - [23/Aug/2022:06:10:10 +0800] "GET /xingrg/kc/pszx/mdps_order_info.html?code=312022082300511 HTTP/1.1" 200 24022
120.253.135.82 - - [23/Aug/2022:06:10:10 +0800] "GET /xingrg/javascript/easyui/themes/default/validatebox.css HTTP/1.1" 404 1104
120.253.135.82 - - [23/Aug/2022:06:10:10 +0800] "POST /xingrg/kc/pszx/mdps_order_operate.html HTTP/1.1" 200 2814
120.253.135.82 - - [23/Aug/2022:06:10:10 +0800] "GET /xingrg/all/function/internal_message.html?_=1661206314218&CODE_STATE=getMsg HTTP/1.1" 200 27
120.253.135.82 - - [23/Aug/2022:06:10:12 +0800] "GET /xingrg/kc/print/load_config.html?kc_code=mdps HTTP/1.1" 200 2390
120.253.135.82 - - [23/Aug/2022:06:10:12 +0800] "GET /xingrg/kc/print/load_data.html?order_code=312022082300511&kc_code=mdps&condition= HTTP/1.1" 200 949
218.81.223.53 - - [23/Aug/2022:06:10:14 +0800] "GET /xingrg/kc/base/wldb_order_operate.html?command=get_materiel&rest_code=00146&base_code=0010063&code=00101019238 HTTP/1.1" 200 468
120.253.135.82 - - [23/Aug/2022:06:10:17 +0800] "POST /xingrg/kc/pszx/mdps_list_operate.html HTTP/1.1" 200 3921
218.81.223.53 - - [23/Aug/2022:06:10:20 +0800] "GET /xingrg/all/function/internal_message.html?_=1661206224898&CODE_STATE=getMsg HTTP/1.1" 200 27
218.81.223.53 - - [23/Aug/2022:06:10:23 +0800] "GET /xingrg/kc/base/wldb_order_operate.html?command=get_materiel&rest_code=00146&base_code=0010063&code=00101019108 HTTP/1.1" 200 477
116.235.94.65 - - [23/Aug/2022:06:10:25 +0800] "POST /xingrg/services/DataTransmitService HTTP/1.1" 200 524
116.224.255.128 - - [23/Aug/2022:06:10:30 +0800] "GET /xingrg/all/function/internal_message.html?_=1661206157306&CODE_STATE=getMsg HTTP/1.1" 200 27
101.80.228.36 - - [23/Aug/2022:06:10:33 +0800] "GET /xingrg/all/function/internal_message.html?_=1661206232984&CODE_STATE=getMsg HTTP/1.1" 200 27
218.81.223.53 - - [23/Aug/2022:06:10:39 +0800] "GET /xingrg/kc/base/wldb_order_operate.html?command=get_materiel&rest_code=00146&base_code=0010063&code=00101019184 HTTP/1.1" 200 458
114.83.216.129 - - [23/Aug/2022:06:10:40 +0800] "POST /xingrg/services/DataTransmitService HTTP/1.1" 200 524
218.81.223.53 - - [23/Aug/2022:06:10:46 +0800] "GET /xingrg/kc/base/wldb_order_operate.html?command=get_materiel&rest_code=00146&base_code=0010063&code=00101019359 HTTP/1.1" 200 461
120.253.135.82 - - [23/Aug/2022:06:10:52 +0800] "GET /xingrg/all/function/internal_message.html?_=1661206056679&CODE_STATE=getMsg HTTP/1.1" 200 27
114.88.158.224 - - [23/Aug/2022:06:10:53 +0800] "POST /xingrg/services/DataTransmitService HTTP/1.1" 200 524
218.81.223.53 - - [23/Aug/2022:06:10:56 +0800] "GET /xingrg/kc/base/wldb_order_operate.html?command=get_materiel&rest_code=00146&base_code=0010063&code=00101016094 HTTP/1.1" 200 470
101.80.228.36 - - [23/Aug/2022:06:10:59 +0800] "GET /xingrg/check_reg.html?_=1661206258110 HTTP/1.1" 200 22
218.81.223.53 - - [23/Aug/2022:06:11:05 +0800] "GET /xingrg/kc/base/wldb_order_operate.html?command=get_materiel&rest_code=00146&base_code=0010063&code=00101016076 HTTP/1.1" 200 477
120.253.135.82 - - [23/Aug/2022:06:11:10 +0800] "GET /xingrg/all/function/internal_message.html?_=1661206374245&CODE_STATE=getMsg HTTP/1.1" 200 27
218.81.223.53 - - [23/Aug/2022:06:11:15 +0800] "GET /xingrg/kc/base/wldb_order_operate.html?command=get_materiel&rest_code=00146&base_code=0010063&code=00101019253 HTTP/1.1" 200 482
218.81.223.53 - - [23/Aug/2022:06:11:17 +0800] "GET /xingrg/check_reg.html?_=1661206281903 HTTP/1.1" 200 22
218.81.223.53 - - [23/Aug/2022:06:11:20 +0800] "GET /xingrg/all/function/internal_message.html?_=1661206284913&CODE_STATE=getMsg HTTP/1.1" 200 27
116.224.255.128 - - [23/Aug/2022:06:11:22 +0800] "GET /xingrg/check_reg.html?_=1661206209634 HTTP/1.1" 200 22
218.81.223.53 - - [23/Aug/2022:06:11:27 +0800] "GET /xingrg/kc/base/wldb_order_operate.html?command=get_materiel&rest_code=00146&base_code=0010063&code=00101019187 HTTP/1.1" 200 479
116.224.255.128 - - [23/Aug/2022:06:11:30 +0800] "GET /xingrg/all/function/internal_message.html?_=1661206217310&CODE_STATE=getMsg HTTP/1.1" 200 27
101.80.228.36 - - [23/Aug/2022:06:11:33 +0800] "GET /xingrg/all/function/internal_message.html?_=1661206292955&CODE_STATE=getMsg HTTP/1.1" 200 27
218.81.223.53 - - [23/Aug/2022:06:11:36 +0800] "GET /xingrg/kc/base/wldb_order_operate.html?command=get_materiel&rest_code=00146&base_code=0010063&code=00101019297 HTTP/1.1" 200 477
61.165.19.104 - - [23/Aug/2022:06:11:38 +0800] "POST /xingrg/services/DataTransmitService HTTP/1.1" 200 524
218.81.223.53 - - [23/Aug/2022:06:11:43 +0800] "GET /xingrg/kc/base/wldb_order_operate.html?command=get_materiel&rest_code=00146&base_code=0010063&code=00101019063 HTTP/1.1" 200 461
218.81.223.53 - - [23/Aug/2022:06:11:52 +0800] "GET /xingrg/kc/base/wldb_order_operate.html?command=get_materiel&rest_code=00146&base_code=0010063&code=00101019015 HTTP/1.1" 200 451
120.253.135.82 - - [23/Aug/2022:06:11:52 +0800] "GET /xingrg/all/function/internal_message.html?_=1661206116689&CODE_STATE=getMsg HTTP/1.1" 200 27
218.81.223.53 - - [23/Aug/2022:06:12:01 +0800] "GET /xingrg/kc/base/wldb_order_operate.html?command=get_materiel&rest_code=00146&base_code=0010063&code=00101013115 HTTP/1.1" 200 435
218.81.223.53 - - [23/Aug/2022:06:12:09 +0800] "GET /xingrg/kc/base/wldb_order_operate.html?command=get_materiel&rest_code=00146&base_code=0010063&code=00101013067 HTTP/1.1" 200 435
120.253.135.82 - - [23/Aug/2022:06:12:10 +0800] "GET /xingrg/all/function/internal_message.html?_=1661206434261&CODE_STATE=getMsg HTTP/1.1" 200 27
120.253.135.82 - - [23/Aug/2022:06:12:13 +0800] "POST /xingrg/kc/pszx/mdps_list_operate.html HTTP/1.1" 200 3917
120.253.135.82 - - [23/Aug/2022:06:12:16 +0800] "POST /xingrg/kc/pszx/mdps_list_operate.html HTTP/1.1" 200 3917
120.253.135.82 - - [23/Aug/2022:06:12:17 +0800] "POST /xingrg/kc/pszx/mdps_list_operate.html HTTP/1.1" 200 203
218.81.223.53 - - [23/Aug/2022:06:12:18 +0800] "GET /xingrg/kc/base/wldb_order_operate.html?command=get_materiel&rest_code=00146&base_code=0010063&code=00101008500 HTTP/1.1" 200 441
120.253.135.82 - - [23/Aug/2022:06:12:19 +0800] "POST /xingrg/kc/pszx/mdps_list_operate.html HTTP/1.1" 200 204
218.81.223.53 - - [23/Aug/2022:06:12:20 +0800] "GET /xingrg/all/function/internal_message.html?_=1661206344927&CODE_STATE=getMsg HTTP/1.1" 200 27
120.253.135.82 - - [23/Aug/2022:06:12:21 +0800] "POST /xingrg/kc/pszx/mdps_list_operate.html HTTP/1.1" 200 202
218.81.223.53 - - [23/Aug/2022:06:12:28 +0800] "GET /xingrg/kc/base/wldb_order_operate.html?command=get_materiel&rest_code=00146&base_code=0010063&code=00101019750 HTTP/1.1" 200 456
116.224.255.128 - - [23/Aug/2022:06:12:30 +0800] "GET /xingrg/all/function/internal_message.html?_=1661206277324&CODE_STATE=getMsg HTTP/1.1" 200 27
101.80.228.36 - - [23/Aug/2022:06:12:33 +0800] "GET /xingrg/all/function/internal_message.html?_=1661206352941&CODE_STATE=getMsg HTTP/1.1" 200 27
218.81.223.53 - - [23/Aug/2022:06:12:43 +0800] "POST /xingrg/kc/base/wldb_order_operate.html HTTP/1.1" 200 37
218.81.223.53 - - [23/Aug/2022:06:12:45 +0800] "POST /xingrg/kc/base/wldb_order_operate.html HTTP/1.1" 200 12
218.81.223.53 - - [23/Aug/2022:06:12:45 +0800] "POST /xingrg/kc/base/wldb_order_operate.html HTTP/1.1" 200 9156
218.81.223.53 - - [23/Aug/2022:06:12:46 +0800] "GET /xingrg/kc/base/wldb_order_info.html?code=422022082301933 HTTP/1.1" 200 26281
218.81.223.53 - - [23/Aug/2022:06:12:47 +0800] "GET /xingrg/javascript/easyui/themes/default/validatebox.css HTTP/1.1" 404 1104
218.81.223.53 - - [23/Aug/2022:06:12:47 +0800] "POST /xingrg/kc/base/wldb_order_operate.html HTTP/1.1" 200 7276
218.81.223.53 - - [23/Aug/2022:06:12:50 +0800] "GET /xingrg/kc/base/wldb_order_add.html HTTP/1.1" 200 30400
218.81.223.53 - - [23/Aug/2022:06:12:50 +0800] "POST /xingrg/kc/base/wldb_order_operate.html HTTP/1.1" 200 6806
218.81.223.53 - - [23/Aug/2022:06:12:50 +0800] "GET /xingrg/javascript/easyui/themes/default/validatebox.css HTTP/1.1" 404 1104
116.232.194.65 - - [23/Aug/2022:06:12:51 +0800] "POST /xingrg/services/DataTransmitService HTTP/1.1" 200 524
120.253.135.82 - - [23/Aug/2022:06:12:52 +0800] "GET /xingrg/check_reg.html?_=1661206176445 HTTP/1.1" 200 22
120.253.135.82 - - [23/Aug/2022:06:12:52 +0800] "GET /xingrg/all/function/internal_message.html?_=1661206176702&CODE_STATE=getMsg HTTP/1.1" 200 27
120.253.135.82 - - [23/Aug/2022:06:13:10 +0800] "GET /xingrg/all/function/internal_message.html?_=1661206494287&CODE_STATE=getMsg HTTP/1.1" 200 27
218.81.223.53 - - [23/Aug/2022:06:13:14 +0800] "GET /xingrg/kc/base/wldb_order_operate.html?command=get_materiel&rest_code=00146&base_code=0010068&code=00101001142 HTTP/1.1" 200 434
218.81.223.53 - - [23/Aug/2022:06:13:23 +0800] "POST /xingrg/kc/base/wldb_order_operate.html HTTP/1.1" 200 37
218.81.223.53 - - [23/Aug/2022:06:13:25 +0800] "POST /xingrg/kc/base/wldb_order_operate.html HTTP/1.1" 200 12
218.81.223.53 - - [23/Aug/2022:06:13:25 +0800] "POST /xingrg/kc/base/wldb_order_operate.html HTTP/1.1" 200 2183
218.81.223.53 - - [23/Aug/2022:06:13:27 +0800] "GET /xingrg/kc/base/wldb_order_info.html?code=422022082301934 HTTP/1.1" 200 26276
218.81.223.53 - - [23/Aug/2022:06:13:27 +0800] "GET /xingrg/javascript/easyui/themes/default/validatebox.css HTTP/1.1" 404 1104
218.81.223.53 - - [23/Aug/2022:06:13:28 +0800] "POST /xingrg/kc/base/wldb_order_operate.html HTTP/1.1" 200 478
218.81.223.53 - - [23/Aug/2022:06:13:28 +0800] "GET /xingrg/all/function/internal_message.html?_=1661206412397&CODE_STATE=getMsg HTTP/1.1" 200 27
116.224.255.128 - - [23/Aug/2022:06:13:30 +0800] "GET /xingrg/all/function/internal_message.html?_=1661206337346&CODE_STATE=getMsg HTTP/1.1" 200 27
218.81.223.53 - - [23/Aug/2022:06:13:30 +0800] "GET /xingrg/kc/base/wldb_order_add.html HTTP/1.1" 200 30400
218.81.223.53 - - [23/Aug/2022:06:13:31 +0800] "POST /xingrg/kc/base/wldb_order_operate.html HTTP/1.1" 200 6806
218.81.223.53 - - [23/Aug/2022:06:13:31 +0800] "GET /xingrg/javascript/easyui/themes/default/validatebox.css HTTP/1.1" 404 1104
101.80.228.36 - - [23/Aug/2022:06:13:33 +0800] "GET /xingrg/all/function/internal_message.html?_=1661206412914&CODE_STATE=getMsg HTTP/1.1" 200 27
218.81.223.53 - - [23/Aug/2022:06:13:44 +0800] "GET /xingrg/kc/base/wldb_order_operate.html?command=get_materiel&rest_code=00146&base_code=0010332&code=00101029022 HTTP/1.1" 200 474
120.253.135.82 - - [23/Aug/2022:06:13:52 +0800] "GET /xingrg/all/function/internal_message.html?_=1661206236716&CODE_STATE=getMsg HTTP/1.1" 200 27
218.81.223.53 - - [23/Aug/2022:06:13:55 +0800] "POST /xingrg/kc/base/wldb_order_operate.html HTTP/1.1" 200 37
218.81.223.53 - - [23/Aug/2022:06:13:57 +0800] "POST /xingrg/kc/base/wldb_order_operate.html HTTP/1.1" 200 12
218.81.223.53 - - [23/Aug/2022:06:13:57 +0800] "POST /xingrg/kc/base/wldb_order_operate.html HTTP/1.1" 200 2215
218.81.223.53 - - [23/Aug/2022:06:13:58 +0800] "GET /xingrg/kc/base/wldb_order_info.html?code=422022082301935 HTTP/1.1" 200 26273
218.81.223.53 - - [23/Aug/2022:06:13:59 +0800] "GET /xingrg/javascript/easyui/themes/default/validatebox.css HTTP/1.1" 404 1104
218.81.223.53 - - [23/Aug/2022:06:13:59 +0800] "POST /xingrg/kc/base/wldb_order_operate.html HTTP/1.1" 200 507
218.81.223.53 - - [23/Aug/2022:06:14:01 +0800] "GET /xingrg/kc/base/wldb_order_add.html HTTP/1.1" 200 30400
120.253.135.82 - - [23/Aug/2022:06:14:01 +0800] "GET /xingrg/check_reg.html?_=1661206545006 HTTP/1.1" 200 22
218.81.223.53 - - [23/Aug/2022:06:14:01 +0800] "POST /xingrg/kc/base/wldb_order_operate.html HTTP/1.1" 200 6806
218.81.223.53 - - [23/Aug/2022:06:14:02 +0800] "GET /xingrg/javascript/easyui/themes/default/validatebox.css HTTP/1.1" 404 1104
120.253.135.82 - - [23/Aug/2022:06:14:04 +0800] "POST /xingrg/kc/pszx/mdps_list_operate.html HTTP/1.1" 200 208
120.253.135.82 - - [23/Aug/2022:06:14:05 +0800] "POST /xingrg/kc/pszx/mdps_list_operate.html HTTP/1.1" 200 644
120.253.135.82 - - [23/Aug/2022:06:14:07 +0800] "GET /xingrg/kc/pszx/mdps_order_info.html?code=312022082200496 HTTP/1.1" 200 24022
120.253.135.82 - - [23/Aug/2022:06:14:08 +0800] "GET /xingrg/javascript/easyui/themes/default/validatebox.css HTTP/1.1" 404 1104
120.253.135.82 - - [23/Aug/2022:06:14:08 +0800] "POST /xingrg/kc/pszx/mdps_order_operate.html HTTP/1.1" 200 23252
120.253.135.82 - - [23/Aug/2022:06:14:10 +0800] "GET /xingrg/all/function/internal_message.html?_=1661206554289&CODE_STATE=getMsg HTTP/1.1" 200 27
218.81.223.53 - - [23/Aug/2022:06:14:24 +0800] "GET /xingrg/kc/base/wldb_order_operate.html?command=get_materiel&rest_code=00146&base_code=0010071&code=00101001115 HTTP/1.1" 200 435
218.81.223.53 - - [23/Aug/2022:06:14:28 +0800] "GET /xingrg/all/function/internal_message.html?_=1661206472410&CODE_STATE=getMsg HTTP/1.1" 200 27
116.224.255.128 - - [23/Aug/2022:06:14:30 +0800] "GET /xingrg/all/function/internal_message.html?_=1661206397350&CODE_STATE=getMsg HTTP/1.1" 200 27
101.80.228.36 - - [23/Aug/2022:06:14:33 +0800] "GET /xingrg/all/function/internal_message.html?_=1661206472900&CODE_STATE=getMsg HTTP/1.1" 200 27
120.253.135.82 - - [23/Aug/2022:06:14:39 +0800] "POST /xingrg/kc/pszx/mdps_list_operate.html HTTP/1.1" 200 3917
218.81.223.53 - - [23/Aug/2022:06:14:41 +0800] "GET /xingrg/kc/base/wldb_order_operate.html?command=get_materiel&rest_code=00146&base_code=0010071&code=00101004019 HTTP/1.1" 200 432
120.253.135.82 - - [23/Aug/2022:06:14:42 +0800] "POST /xingrg/kc/pszx/mdps_list_operate.html HTTP/1.1" 200 202
120.253.135.82 - - [23/Aug/2022:06:14:45 +0800] "GET /xingrg/kc/pszx/mdps_order_info.html?code=312022082200498 HTTP/1.1" 200 24020
120.253.135.82 - - [23/Aug/2022:06:14:45 +0800] "POST /xingrg/kc/pszx/mdps_order_operate.html HTTP/1.1" 200 2286
120.253.135.82 - - [23/Aug/2022:06:14:45 +0800] "GET /xingrg/javascript/easyui/themes/default/validatebox.css HTTP/1.1" 404 1104
120.253.135.82 - - [23/Aug/2022:06:14:50 +0800] "POST /xingrg/kc/pszx/mdps_list_operate.html HTTP/1.1" 200 3917
120.253.135.82 - - [23/Aug/2022:06:14:52 +0800] "GET /xingrg/all/function/internal_message.html?_=1661206296729&CODE_STATE=getMsg HTTP/1.1" 200 27
120.253.135.82 - - [23/Aug/2022:06:14:53 +0800] "POST /xingrg/kc/pszx/mdps_list_operate.html HTTP/1.1" 200 616
120.253.135.82 - - [23/Aug/2022:06:14:54 +0800] "GET /xingrg/kc/pszx/mdps_order_info.html?code=312022082200499 HTTP/1.1" 200 24022
120.253.135.82 - - [23/Aug/2022:06:14:55 +0800] "GET /xingrg/javascript/easyui/themes/default/validatebox.css HTTP/1.1" 404 1104
120.253.135.82 - - [23/Aug/2022:06:14:55 +0800] "POST /xingrg/kc/pszx/mdps_order_operate.html HTTP/1.1" 200 7324
218.81.223.53 - - [23/Aug/2022:06:14:56 +0800] "GET /xingrg/kc/base/wldb_order_operate.html?command=get_materiel&rest_code=00146&base_code=0010071&code=00101001261 HTTP/1.1" 200 431
120.253.135.82 - - [23/Aug/2022:06:14:58 +0800] "POST /xingrg/kc/pszx/mdps_list_operate.html HTTP/1.1" 200 3917
120.253.135.82 - - [23/Aug/2022:06:15:00 +0800] "POST /xingrg/kc/pszx/mdps_list_operate.html HTTP/1.1" 200 644
120.253.135.82 - - [23/Aug/2022:06:15:00 +0800] "GET /xingrg/kc/pszx/mdps_order_info.html?code=312022082200496 HTTP/1.1" 200 24022
120.253.135.82 - - [23/Aug/2022:06:15:01 +0800] "POST /xingrg/kc/pszx/mdps_order_operate.html HTTP/1.1" 200 23252
120.253.135.82 - - [23/Aug/2022:06:15:01 +0800] "GET /xingrg/javascript/easyui/themes/default/validatebox.css HTTP/1.1" 404 1104
120.253.135.82 - - [23/Aug/2022:06:15:11 +0800] "GET /xingrg/all/function/internal_message.html?_=1661206614302&CODE_STATE=getMsg HTTP/1.1" 200 27
218.81.223.53 - - [23/Aug/2022:06:15:20 +0800] "POST /xingrg/kc/base/wldb_order_operate.html HTTP/1.1" 200 37
218.81.223.53 - - [23/Aug/2022:06:15:22 +0800] "POST /xingrg/kc/base/wldb_order_operate.html HTTP/1.1" 200 12
218.81.223.53 - - [23/Aug/2022:06:15:22 +0800] "POST /xingrg/kc/base/wldb_order_operate.html HTTP/1.1" 200 3125
218.81.223.53 - - [23/Aug/2022:06:15:25 +0800] "GET /xingrg/kc/base/wldb_order_info.html?code=422022082301936 HTTP/1.1" 200 26277
218.81.223.53 - - [23/Aug/2022:06:15:25 +0800] "POST /xingrg/kc/base/wldb_order_operate.html HTTP/1.1" 200 1400
218.81.223.53 - - [23/Aug/2022:06:15:26 +0800] "GET /xingrg/javascript/easyui/themes/default/validatebox.css HTTP/1.1" 404 1104
218.81.223.53 - - [23/Aug/2022:06:15:28 +0800] "GET /xingrg/kc/base/wldb_order_add.html HTTP/1.1" 200 30400
218.81.223.53 - - [23/Aug/2022:06:15:29 +0800] "POST /xingrg/kc/base/wldb_order_operate.html HTTP/1.1" 200 6806
218.81.223.53 - - [23/Aug/2022:06:15:29 +0800] "GET /xingrg/javascript/easyui/themes/default/validatebox.css HTTP/1.1" 404 1104
218.81.223.53 - - [23/Aug/2022:06:15:29 +0800] "GET /xingrg/all/function/internal_message.html?_=1661206534113&CODE_STATE=getMsg HTTP/1.1" 200 27
116.224.255.128 - - [23/Aug/2022:06:15:30 +0800] "GET /xingrg/all/function/internal_message.html?_=1661206457371&CODE_STATE=getMsg HTTP/1.1" 200 27
101.80.228.36 - - [23/Aug/2022:06:15:33 +0800] "GET /xingrg/all/function/internal_message.html?_=1661206532886&CODE_STATE=getMsg HTTP/1.1" 200 27
218.81.223.53 - - [23/Aug/2022:06:15:46 +0800] "GET /xingrg/kc/base/wldb_order_operate.html?command=get_materiel&rest_code=00146&base_code=0010064&code=00102002204 HTTP/1.1" 200 447
120.253.135.82 - - [23/Aug/2022:06:15:52 +0800] "GET /xingrg/all/function/internal_message.html?_=1661206356743&CODE_STATE=getMsg HTTP/1.1" 200 27
218.81.223.53 - - [23/Aug/2022:06:15:54 +0800] "GET /xingrg/kc/base/wldb_order_operate.html?command=get_materiel&rest_code=00146&base_code=0010064&code=00102002448 HTTP/1.1" 200 440
101.80.228.36 - - [23/Aug/2022:06:15:59 +0800] "GET /xingrg/check_reg.html?_=1661206558107 HTTP/1.1" 200 22
218.81.223.53 - - [23/Aug/2022:06:16:06 +0800] "POST /xingrg/kc/base/wldb_order_operate.html HTTP/1.1" 200 37
218.81.223.53 - - [23/Aug/2022:06:16:09 +0800] "POST /xingrg/kc/base/wldb_order_operate.html HTTP/1.1" 200 12
218.81.223.53 - - [23/Aug/2022:06:16:09 +0800] "POST /xingrg/kc/base/wldb_order_operate.html HTTP/1.1" 200 2676
218.81.223.53 - - [23/Aug/2022:06:16:10 +0800] "GET /xingrg/kc/base/wldb_order_info.html?code=422022082301937 HTTP/1.1" 200 26278
120.253.135.82 - - [23/Aug/2022:06:16:11 +0800] "GET /xingrg/all/function/internal_message.html?_=1661206674329&CODE_STATE=getMsg HTTP/1.1" 200 27
218.81.223.53 - - [23/Aug/2022:06:16:11 +0800] "GET /xingrg/javascript/easyui/themes/default/validatebox.css HTTP/1.1" 404 1104
218.81.223.53 - - [23/Aug/2022:06:16:11 +0800] "POST /xingrg/kc/base/wldb_order_operate.html HTTP/1.1" 200 959
218.81.223.53 - - [23/Aug/2022:06:16:13 +0800] "GET /xingrg/kc/base/wldb_order_add.html HTTP/1.1" 200 30400
218.81.223.53 - - [23/Aug/2022:06:16:14 +0800] "POST /xingrg/kc/base/wldb_order_operate.html HTTP/1.1" 200 6806
218.81.223.53 - - [23/Aug/2022:06:16:14 +0800] "GET /xingrg/javascript/easyui/themes/default/validatebox.css HTTP/1.1" 404 1104
218.81.223.53 - - [23/Aug/2022:06:16:17 +0800] "GET /xingrg/check_reg.html?_=1661206581909 HTTP/1.1" 200 22
116.224.255.128 - - [23/Aug/2022:06:16:22 +0800] "GET /xingrg/check_reg.html?_=1661206509650 HTTP/1.1" 200 22
218.81.223.53 - - [23/Aug/2022:06:16:29 +0800] "GET /xingrg/all/function/internal_message.html?_=1661206594122&CODE_STATE=getMsg HTTP/1.1" 200 27
116.224.255.128 - - [23/Aug/2022:06:16:30 +0800] "GET /xingrg/all/function/internal_message.html?_=1661206517378&CODE_STATE=getMsg HTTP/1.1" 200 27
116.224.123.211 - - [23/Aug/2022:06:16:33 +0800] "POST /xingrg/services/DataTransmitService HTTP/1.1" 200 524
101.80.228.36 - - [23/Aug/2022:06:16:33 +0800] "GET /xingrg/all/function/internal_message.html?_=1661206592860&CODE_STATE=getMsg HTTP/1.1" 200 27
218.81.223.53 - - [23/Aug/2022:06:16:34 +0800] "GET /xingrg/kc/base/wldb_order_operate.html?command=get_materiel&rest_code=00146&base_code=0010064&code=00102002347 HTTP/1.1" 200 457
218.81.223.53 - - [23/Aug/2022:06:16:50 +0800] "GET /xingrg/kc/base/wldb_order_operate.html?command=get_materiel&rest_code=00146&base_code=0010064&code=00102001084 HTTP/1.1" 200 432
120.253.135.82 - - [23/Aug/2022:06:16:52 +0800] "GET /xingrg/all/function/internal_message.html?_=1661206416757&CODE_STATE=getMsg HTTP/1.1" 200 27
218.81.223.53 - - [23/Aug/2022:06:17:01 +0800] "GET /xingrg/kc/base/wldb_order_operate.html?command=get_materiel&rest_code=00146&base_code=0010064&code=00102002992 HTTP/1.1" 200 435
218.81.223.53 - - [23/Aug/2022:06:17:08 +0800] "GET /xingrg/kc/base/wldb_order_operate.html?command=get_materiel&rest_code=00146&base_code=0010064&code=00102002610 HTTP/1.1" 200 444
120.253.135.82 - - [23/Aug/2022:06:17:11 +0800] "GET /xingrg/all/function/internal_message.html?_=1661206734346&CODE_STATE=getMsg HTTP/1.1" 200 27
120.253.135.82 - - [23/Aug/2022:06:17:18 +0800] "POST /xingrg/kc/pszx/mdps_list_operate.html HTTP/1.1" 200 3917
120.253.135.82 - - [23/Aug/2022:06:17:20 +0800] "POST /xingrg/kc/pszx/mdps_list_operate.html HTTP/1.1" 200 202
120.253.135.82 - - [23/Aug/2022:06:17:21 +0800] "POST /xingrg/kc/pszx/mdps_list_operate.html HTTP/1.1" 200 616
120.253.135.82 - - [23/Aug/2022:06:17:25 +0800] "POST /xingrg/kc/pszx/mdps_list_operate.html HTTP/1.1" 200 202
120.253.135.82 - - [23/Aug/2022:06:17:27 +0800] "POST /xingrg/kc/pszx/mdps_list_operate.html HTTP/1.1" 200 204
218.81.223.53 - - [23/Aug/2022:06:17:29 +0800] "GET /xingrg/all/function/internal_message.html?_=1661206654136&CODE_STATE=getMsg HTTP/1.1" 200 27
116.224.255.128 - - [23/Aug/2022:06:17:30 +0800] "GET /xingrg/all/function/internal_message.html?_=1661206577391&CODE_STATE=getMsg HTTP/1.1" 200 27
101.80.228.36 - - [23/Aug/2022:06:17:33 +0800] "GET /xingrg/all/function/internal_message.html?_=1661206652831&CODE_STATE=getMsg HTTP/1.1" 200 27
218.81.223.53 - - [23/Aug/2022:06:17:37 +0800] "POST /xingrg/kc/base/wldb_order_operate.html HTTP/1.1" 200 37
218.81.223.53 - - [23/Aug/2022:06:17:40 +0800] "POST /xingrg/kc/base/wldb_order_operate.html HTTP/1.1" 200 12
218.81.223.53 - - [23/Aug/2022:06:17:40 +0800] "POST /xingrg/kc/base/wldb_order_operate.html HTTP/1.1" 200 4598
218.81.223.53 - - [23/Aug/2022:06:17:47 +0800] "GET /xingrg/kc/base/wldb_order_info.html?code=422022082301938 HTTP/1.1" 200 26278
218.81.223.53 - - [23/Aug/2022:06:17:47 +0800] "GET /xingrg/javascript/easyui/themes/default/validatebox.css HTTP/1.1" 404 1104
218.81.223.53 - - [23/Aug/2022:06:17:47 +0800] "POST /xingrg/kc/base/wldb_order_operate.html HTTP/1.1" 200 2837
120.253.135.82 - - [23/Aug/2022:06:17:52 +0800] "GET /xingrg/check_reg.html?_=1661206476494 HTTP/1.1" 200 22
120.253.135.82 - - [23/Aug/2022:06:17:52 +0800] "GET /xingrg/all/function/internal_message.html?_=1661206476771&CODE_STATE=getMsg HTTP/1.1" 200 27
120.253.135.82 - - [23/Aug/2022:06:18:11 +0800] "GET /xingrg/all/function/internal_message.html?_=1661206794370&CODE_STATE=getMsg HTTP/1.1" 200 27
218.81.223.53 - - [23/Aug/2022:06:18:29 +0800] "GET /xingrg/all/function/internal_message.html?_=1661206714150&CODE_STATE=getMsg HTTP/1.1" 200 27
116.224.255.128 - - [23/Aug/2022:06:18:30 +0800] "GET /xingrg/all/function/internal_message.html?_=1661206637415&CODE_STATE=getMsg HTTP/1.1" 200 27
101.80.228.36 - - [23/Aug/2022:06:18:33 +0800] "GET /xingrg/all/function/internal_message.html?_=1661206712816&CODE_STATE=getMsg HTTP/1.1" 200 27
120.253.135.82 - - [23/Aug/2022:06:18:40 +0800] "GET /xingrg/kc/pszx/mdqp_order_list.html?state=10 HTTP/1.1" 200 14292
120.253.135.82 - - [23/Aug/2022:06:18:40 +0800] "GET /xingrg/dwr/interface/AjaxQqpsService.js HTTP/1.1" 200 16326
120.253.135.82 - - [23/Aug/2022:06:18:40 +0800] "GET /xingrg/dwr/interface/AjaxReportQueryService.js HTTP/1.1" 200 13203
120.253.135.82 - - [23/Aug/2022:06:18:40 +0800] "GET /xingrg/dwr/engine.js HTTP/1.1" 200 43631
120.253.135.82 - - [23/Aug/2022:06:18:48 +0800] "GET /xingrg/kc/pszx/mdqp_order_info.html?code=302022082200419 HTTP/1.1" 200 13338
120.253.135.82 - - [23/Aug/2022:06:18:48 +0800] "GET /xingrg/dwr/interface/AjaxComOrderService.js HTTP/1.1" 200 18264
120.253.135.82 - - [23/Aug/2022:06:18:48 +0800] "GET /xingrg/dwr/interface/AjaxQqpsService.js HTTP/1.1" 200 16326
120.253.135.82 - - [23/Aug/2022:06:18:48 +0800] "GET /xingrg/dwr/engine.js HTTP/1.1" 200 43631
120.253.135.82 - - [23/Aug/2022:06:18:49 +0800] "POST /xingrg/dwr/call/plaincall/AjaxQqpsService.loadMaterielItems.dwr HTTP/1.1" 200 2061
120.253.135.82 - - [23/Aug/2022:06:18:52 +0800] "GET /xingrg/all/function/internal_message.html?_=1661206536783&CODE_STATE=getMsg HTTP/1.1" 200 27
120.253.135.82 - - [23/Aug/2022:06:18:57 +0800] "GET /xingrg/images/yd/bt.gif HTTP/1.1" 404 1040
120.253.135.82 - - [23/Aug/2022:06:18:57 +0800] "GET /xingrg/images/yd/bt2.gif HTTP/1.1" 404 1042
120.253.135.82 - - [23/Aug/2022:06:19:01 +0800] "GET /xingrg/check_reg.html?_=1661206845017 HTTP/1.1" 200 22
120.253.135.82 - - [23/Aug/2022:06:19:11 +0800] "GET /xingrg/all/function/internal_message.html?_=1661206854388&CODE_STATE=getMsg HTTP/1.1" 200 27
120.253.135.82 - - [23/Aug/2022:06:19:11 +0800] "GET /xingrg/kc/pszx/mdqp_order_list.html?isBack=1 HTTP/1.1" 302 -
120.253.135.82 - - [23/Aug/2022:06:19:11 +0800] "GET /xingrg/kc/pszx/mdqp_order_list.html?state=10 HTTP/1.1" 200 14292
120.253.135.82 - - [23/Aug/2022:06:19:12 +0800] "GET /xingrg/dwr/interface/AjaxQqpsService.js HTTP/1.1" 200 16326
120.253.135.82 - - [23/Aug/2022:06:19:12 +0800] "GET /xingrg/dwr/interface/AjaxReportQueryService.js HTTP/1.1" 200 13203
120.253.135.82 - - [23/Aug/2022:06:19:12 +0800] "GET /xingrg/dwr/engine.js HTTP/1.1" 200 43631
120.253.135.82 - - [23/Aug/2022:06:19:13 +0800] "GET /xingrg/kc/pszx/mdqp_order_info.html?code=302022082200420 HTTP/1.1" 200 13338
120.253.135.82 - - [23/Aug/2022:06:19:13 +0800] "GET /xingrg/dwr/interface/AjaxComOrderService.js HTTP/1.1" 200 18264
120.253.135.82 - - [23/Aug/2022:06:19:13 +0800] "GET /xingrg/dwr/interface/AjaxQqpsService.js HTTP/1.1" 200 16326
120.253.135.82 - - [23/Aug/2022:06:19:13 +0800] "GET /xingrg/dwr/engine.js HTTP/1.1" 200 43631
120.253.135.82 - - [23/Aug/2022:06:19:14 +0800] "POST /xingrg/dwr/call/plaincall/AjaxQqpsService.loadMaterielItems.dwr HTTP/1.1" 200 354
120.253.135.82 - - [23/Aug/2022:06:19:16 +0800] "GET /xingrg/kc/pszx/mdqp_order_list.html?isBack=1 HTTP/1.1" 302 -
120.253.135.82 - - [23/Aug/2022:06:19:16 +0800] "GET /xingrg/kc/pszx/mdqp_order_list.html?state=10 HTTP/1.1" 200 14292
120.253.135.82 - - [23/Aug/2022:06:19:16 +0800] "GET /xingrg/dwr/interface/AjaxReportQueryService.js HTTP/1.1" 200 13203
120.253.135.82 - - [23/Aug/2022:06:19:16 +0800] "GET /xingrg/dwr/interface/AjaxQqpsService.js HTTP/1.1" 200 16326
120.253.135.82 - - [23/Aug/2022:06:19:16 +0800] "GET /xingrg/dwr/engine.js HTTP/1.1" 200 43631
120.253.135.82 - - [23/Aug/2022:06:19:25 +0800] "GET /xingrg/kc/pszx/jzcl_ps.html HTTP/1.1" 200 7683
120.253.135.82 - - [23/Aug/2022:06:19:25 +0800] "POST /xingrg/all/common/load_tree.html?tree=area_rest_tree_json HTTP/1.1" 200 3472
120.253.135.82 - - [23/Aug/2022:06:19:25 +0800] "POST /xingrg/kc/pszx/jzcl_ps_operate.html HTTP/1.1" 200 4286
120.253.135.82 - - [23/Aug/2022:06:19:25 +0800] "POST /xingrg/kc/pszx/jzcl_ps_operate.html HTTP/1.1" 200 4286
218.81.223.53 - - [23/Aug/2022:06:19:29 +0800] "GET /xingrg/all/function/internal_message.html?_=1661206774162&CODE_STATE=getMsg HTTP/1.1" 200 27
116.224.255.128 - - [23/Aug/2022:06:19:30 +0800] "GET /xingrg/all/function/internal_message.html?_=1661206697420&CODE_STATE=getMsg HTTP/1.1" 200 27
120.253.135.82 - - [23/Aug/2022:06:19:30 +0800] "POST /xingrg/kc/pszx/jzcl_ps_operate.html HTTP/1.1" 200 4
120.253.135.82 - - [23/Aug/2022:06:19:31 +0800] "GET /xingrg/kc/pszx/mdps_order_list.html HTTP/1.1" 200 21045
120.253.135.82 - - [23/Aug/2022:06:19:32 +0800] "POST /xingrg/kc/pszx/mdps_list_operate.html HTTP/1.1" 200 5316
101.80.228.36 - - [23/Aug/2022:06:19:33 +0800] "GET /xingrg/all/function/internal_message.html?_=1661206772786&CODE_STATE=getMsg HTTP/1.1" 200 27
120.253.135.82 - - [23/Aug/2022:06:19:38 +0800] "POST /xingrg/kc/pszx/mdps_list_operate.html HTTP/1.1" 200 2046
120.253.135.82 - - [23/Aug/2022:06:19:40 +0800] "POST /xingrg/kc/pszx/mdps_list_operate.html HTTP/1.1" 200 591
120.253.135.82 - - [23/Aug/2022:06:19:41 +0800] "GET /xingrg/kc/pszx/mdps_order_info.html?code=312022082300513 HTTP/1.1" 200 24016
120.253.135.82 - - [23/Aug/2022:06:19:41 +0800] "GET /xingrg/javascript/easyui/themes/default/validatebox.css HTTP/1.1" 404 1104
120.253.135.82 - - [23/Aug/2022:06:19:41 +0800] "POST /xingrg/kc/pszx/mdps_order_operate.html HTTP/1.1" 200 5234
120.253.135.82 - - [23/Aug/2022:06:19:44 +0800] "POST /xingrg/kc/pszx/mdps_order_operate.html HTTP/1.1" 200 37
120.253.135.82 - - [23/Aug/2022:06:19:45 +0800] "GET /xingrg/kc/pszx/mdps_order_info.html?code=312022082300513 HTTP/1.1" 200 24016
120.253.135.82 - - [23/Aug/2022:06:19:45 +0800] "GET /xingrg/javascript/easyui/themes/default/validatebox.css HTTP/1.1" 404 1104
120.253.135.82 - - [23/Aug/2022:06:19:45 +0800] "POST /xingrg/kc/pszx/mdps_order_operate.html HTTP/1.1" 200 5289
120.253.135.82 - - [23/Aug/2022:06:19:52 +0800] "GET /xingrg/all/function/internal_message.html?_=1661206596798&CODE_STATE=getMsg HTTP/1.1" 200 27
120.253.135.82 - - [23/Aug/2022:06:20:11 +0800] "GET /xingrg/all/function/internal_message.html?_=1661206914402&CODE_STATE=getMsg HTTP/1.1" 200 27
116.224.255.128 - - [23/Aug/2022:06:20:30 +0800] "GET /xingrg/all/function/internal_message.html?_=1661206757443&CODE_STATE=getMsg HTTP/1.1" 200 27
218.81.223.53 - - [23/Aug/2022:06:20:30 +0800] "GET /xingrg/all/function/internal_message.html?_=1661206834444&CODE_STATE=getMsg HTTP/1.1" 200 27
101.80.228.36 - - [23/Aug/2022:06:20:33 +0800] "GET /xingrg/all/function/internal_message.html?_=1661206832757&CODE_STATE=getMsg HTTP/1.1" 200 27
120.253.135.82 - - [23/Aug/2022:06:20:53 +0800] "POST /xingrg/kc/pszx/mdps_order_operate.html HTTP/1.1" 200 37
120.253.135.82 - - [23/Aug/2022:06:20:54 +0800] "GET /xingrg/kc/pszx/mdps_order_info.html?code=312022082300513 HTTP/1.1" 200 24016
120.253.135.82 - - [23/Aug/2022:06:20:54 +0800] "POST /xingrg/kc/pszx/mdps_order_operate.html HTTP/1.1" 200 5289
120.253.135.82 - - [23/Aug/2022:06:20:54 +0800] "GET /xingrg/javascript/easyui/themes/default/validatebox.css HTTP/1.1" 404 1104
120.253.135.82 - - [23/Aug/2022:06:20:54 +0800] "GET /xingrg/all/function/internal_message.html?_=1661206658730&CODE_STATE=getMsg HTTP/1.1" 200 27
120.253.135.82 - - [23/Aug/2022:06:20:57 +0800] "POST /xingrg/kc/pszx/mdps_list_operate.html HTTP/1.1" 200 211
120.253.135.82 - - [23/Aug/2022:06:20:57 +0800] "GET /xingrg/kc/pszx/mdps_order_info.html?code=312022082300514 HTTP/1.1" 200 24016
120.253.135.82 - - [23/Aug/2022:06:20:58 +0800] "POST /xingrg/kc/pszx/mdps_order_operate.html HTTP/1.1" 200 2285
120.253.135.82 - - [23/Aug/2022:06:20:58 +0800] "GET /xingrg/javascript/easyui/themes/default/validatebox.css HTTP/1.1" 404 1104
101.80.228.36 - - [23/Aug/2022:06:20:59 +0800] "GET /xingrg/check_reg.html?_=1661206858118 HTTP/1.1" 200 22
120.253.135.82 - - [23/Aug/2022:06:21:00 +0800] "POST /xingrg/all/common/load_combo.html?type=base HTTP/1.1" 200 1260
120.253.135.82 - - [23/Aug/2022:06:21:03 +0800] "POST /xingrg/kc/pszx/mdps_order_operate.html HTTP/1.1" 200 37
120.253.135.82 - - [23/Aug/2022:06:21:04 +0800] "GET /xingrg/kc/pszx/mdps_order_info.html?code=312022082300514 HTTP/1.1" 200 24016
120.253.135.82 - - [23/Aug/2022:06:21:05 +0800] "POST /xingrg/kc/pszx/mdps_order_operate.html HTTP/1.1" 200 2296
120.253.135.82 - - [23/Aug/2022:06:21:05 +0800] "GET /xingrg/javascript/easyui/themes/default/validatebox.css HTTP/1.1" 404 1104
120.253.135.82 - - [23/Aug/2022:06:21:08 +0800] "POST /xingrg/kc/pszx/mdps_list_operate.html HTTP/1.1" 200 2046
120.253.135.82 - - [23/Aug/2022:06:21:10 +0800] "POST /xingrg/kc/pszx/mdps_list_operate.html HTTP/1.1" 200 211
120.253.135.82 - - [23/Aug/2022:06:21:11 +0800] "GET /xingrg/all/function/internal_message.html?_=1661206974428&CODE_STATE=getMsg HTTP/1.1" 200 27
120.253.135.82 - - [23/Aug/2022:06:21:11 +0800] "POST /xingrg/kc/pszx/mdps_list_operate.html HTTP/1.1" 200 591
120.253.135.82 - - [23/Aug/2022:06:21:17 +0800] "GET /xingrg/kc/pszx/mdqp_order_list.html?state=10 HTTP/1.1" 200 13499
120.253.135.82 - - [23/Aug/2022:06:21:17 +0800] "GET /xingrg/dwr/engine.js HTTP/1.1" 200 43631
120.253.135.82 - - [23/Aug/2022:06:21:17 +0800] "GET /xingrg/dwr/interface/AjaxQqpsService.js HTTP/1.1" 200 16326
120.253.135.82 - - [23/Aug/2022:06:21:17 +0800] "GET /xingrg/dwr/interface/AjaxReportQueryService.js HTTP/1.1" 200 13203
218.81.223.53 - - [23/Aug/2022:06:21:17 +0800] "GET /xingrg/check_reg.html?_=1661206881913 HTTP/1.1" 200 22
120.253.135.82 - - [23/Aug/2022:06:21:21 +0800] "GET /xingrg/kc/pszx/mdqp_order_info.html?code=302022082200421 HTTP/1.1" 200 13350
120.253.135.82 - - [23/Aug/2022:06:21:21 +0800] "GET /xingrg/dwr/interface/AjaxComOrderService.js HTTP/1.1" 200 18264
120.253.135.82 - - [23/Aug/2022:06:21:21 +0800] "GET /xingrg/dwr/interface/AjaxQqpsService.js HTTP/1.1" 200 16326
120.253.135.82 - - [23/Aug/2022:06:21:21 +0800] "GET /xingrg/dwr/engine.js HTTP/1.1" 200 43631
120.253.135.82 - - [23/Aug/2022:06:21:22 +0800] "POST /xingrg/dwr/call/plaincall/AjaxQqpsService.loadMaterielItems.dwr HTTP/1.1" 200 4645
116.224.255.128 - - [23/Aug/2022:06:21:22 +0800] "GET /xingrg/check_reg.html?_=1661206809645 HTTP/1.1" 200 22
116.224.255.128 - - [23/Aug/2022:06:21:30 +0800] "GET /xingrg/all/function/internal_message.html?_=1661206817461&CODE_STATE=getMsg HTTP/1.1" 200 27
218.81.223.53 - - [23/Aug/2022:06:21:30 +0800] "GET /xingrg/all/function/internal_message.html?_=1661206894455&CODE_STATE=getMsg HTTP/1.1" 200 27
120.253.135.82 - - [23/Aug/2022:06:21:32 +0800] "GET /xingrg/images/yd/bt.gif HTTP/1.1" 404 1040
120.253.135.82 - - [23/Aug/2022:06:21:32 +0800] "GET /xingrg/images/yd/bt2.gif HTTP/1.1" 404 1042
101.80.228.36 - - [23/Aug/2022:06:21:33 +0800] "GET /xingrg/all/function/internal_message.html?_=1661206892729&CODE_STATE=getMsg HTTP/1.1" 200 27
120.253.135.82 - - [23/Aug/2022:06:21:55 +0800] "GET /xingrg/all/function/internal_message.html?_=1661206718801&CODE_STATE=getMsg HTTP/1.1" 200 27
120.253.135.82 - - [23/Aug/2022:06:22:08 +0800] "GET /xingrg/kc/pszx/mdqp_order_list.html?isBack=1 HTTP/1.1" 302 -
120.253.135.82 - - [23/Aug/2022:06:22:08 +0800] "GET /xingrg/kc/pszx/mdqp_order_list.html?state=10 HTTP/1.1" 200 13499
120.253.135.82 - - [23/Aug/2022:06:22:08 +0800] "GET /xingrg/dwr/interface/AjaxQqpsService.js HTTP/1.1" 200 16326
120.253.135.82 - - [23/Aug/2022:06:22:08 +0800] "GET /xingrg/dwr/interface/AjaxReportQueryService.js HTTP/1.1" 200 13203
120.253.135.82 - - [23/Aug/2022:06:22:08 +0800] "GET /xingrg/dwr/engine.js HTTP/1.1" 200 43631
120.253.135.82 - - [23/Aug/2022:06:22:10 +0800] "GET /xingrg/kc/pszx/mdqp_order_info.html?code=302022082200422 HTTP/1.1" 200 13350
120.253.135.82 - - [23/Aug/2022:06:22:10 +0800] "GET /xingrg/dwr/interface/AjaxComOrderService.js HTTP/1.1" 200 18264
120.253.135.82 - - [23/Aug/2022:06:22:10 +0800] "GET /xingrg/dwr/interface/AjaxQqpsService.js HTTP/1.1" 200 16326
120.253.135.82 - - [23/Aug/2022:06:22:10 +0800] "GET /xingrg/dwr/engine.js HTTP/1.1" 200 43631
120.253.135.82 - - [23/Aug/2022:06:22:11 +0800] "GET /xingrg/all/function/internal_message.html?_=1661207034444&CODE_STATE=getMsg HTTP/1.1" 200 27
120.253.135.82 - - [23/Aug/2022:06:22:11 +0800] "POST /xingrg/dwr/call/plaincall/AjaxQqpsService.loadMaterielItems.dwr HTTP/1.1" 200 6316
120.253.135.82 - - [23/Aug/2022:06:22:13 +0800] "GET /xingrg/images/yd/bt.gif HTTP/1.1" 404 1040
120.253.135.82 - - [23/Aug/2022:06:22:13 +0800] "GET /xingrg/images/yd/bt2.gif HTTP/1.1" 404 1042
120.253.135.82 - - [23/Aug/2022:06:22:27 +0800] "GET /xingrg/kc/pszx/mdqp_order_list.html?isBack=1 HTTP/1.1" 302 -
120.253.135.82 - - [23/Aug/2022:06:22:27 +0800] "GET /xingrg/kc/pszx/mdqp_order_list.html?state=10 HTTP/1.1" 200 13499
120.253.135.82 - - [23/Aug/2022:06:22:27 +0800] "GET /xingrg/dwr/interface/AjaxQqpsService.js HTTP/1.1" 200 16326
120.253.135.82 - - [23/Aug/2022:06:22:27 +0800] "GET /xingrg/dwr/interface/AjaxReportQueryService.js HTTP/1.1" 200 13203
120.253.135.82 - - [23/Aug/2022:06:22:27 +0800] "GET /xingrg/dwr/engine.js HTTP/1.1" 200 43631
120.253.135.82 - - [23/Aug/2022:06:22:29 +0800] "GET /xingrg/kc/pszx/mdqp_order_info.html?code=302022082200425 HTTP/1.1" 200 13350
120.253.135.82 - - [23/Aug/2022:06:22:29 +0800] "GET /xingrg/dwr/interface/AjaxQqpsService.js HTTP/1.1" 200 16326
