120.253.135.82 - - [23/Aug/2022:11:15:00 +0800] "POST /xingrg/kc/pszx/jzcl_ps_operate.html HTTP/1.1" 200 4
120.253.135.82 - - [23/Aug/2022:11:15:01 +0800] "GET /xingrg/kc/pszx/mdps_order_list.html HTTP/1.1" 200 21045
120.253.135.82 - - [23/Aug/2022:11:15:01 +0800] "GET /xingrg/kc/pszx/mdqp_order_info.html?code=302022082200413 HTTP/1.1" 200 13350
120.253.135.82 - - [23/Aug/2022:11:15:01 +0800] "GET /xingrg/dwr/engine.js HTTP/1.1" 200 43631
120.253.135.82 - - [23/Aug/2022:11:15:01 +0800] "GET /xingrg/dwr/interface/AjaxComOrderService.js HTTP/1.1" 200 18264
120.253.135.82 - - [23/Aug/2022:11:15:01 +0800] "GET /xingrg/dwr/interface/AjaxQqpsService.js HTTP/1.1" 200 16326
120.253.135.82 - - [23/Aug/2022:11:15:01 +0800] "POST /xingrg/dwr/call/plaincall/AjaxQqpsService.loadMaterielItems.dwr HTTP/1.1" 200 582
120.253.135.82 - - [23/Aug/2022:11:15:01 +0800] "POST /xingrg/kc/pszx/mdps_list_operate.html HTTP/1.1" 200 5457
120.253.135.82 - - [23/Aug/2022:11:15:04 +0800] "GET /xingrg/kc/pszx/jzcl_ps.html HTTP/1.1" 200 7683
120.253.135.82 - - [23/Aug/2022:11:15:04 +0800] "POST /xingrg/all/common/load_tree.html?tree=area_rest_tree_json HTTP/1.1" 200 3472
120.253.135.82 - - [23/Aug/2022:11:15:04 +0800] "GET /xingrg/kc/pszx/mdqp_order_list.html?isBack=1 HTTP/1.1" 302 -
120.253.135.82 - - [23/Aug/2022:11:15:04 +0800] "GET /xingrg/kc/pszx/mdqp_order_list.html?state=10 HTTP/1.1" 200 13890
120.253.135.82 - - [23/Aug/2022:11:15:04 +0800] "GET /xingrg/dwr/interface/AjaxReportQueryService.js HTTP/1.1" 200 13203
120.253.135.82 - - [23/Aug/2022:11:15:04 +0800] "GET /xingrg/dwr/interface/AjaxQqpsService.js HTTP/1.1" 200 16326
120.253.135.82 - - [23/Aug/2022:11:15:04 +0800] "GET /xingrg/dwr/engine.js HTTP/1.1" 200 43631
120.253.135.82 - - [23/Aug/2022:11:15:05 +0800] "POST /xingrg/kc/pszx/jzcl_ps_operate.html HTTP/1.1" 200 3679
120.253.135.82 - - [23/Aug/2022:11:15:05 +0800] "POST /xingrg/kc/pszx/jzcl_ps_operate.html HTTP/1.1" 200 3679
218.81.223.53 - - [23/Aug/2022:11:15:06 +0800] "GET /xingrg/all/function/internal_message.html?_=1661224511102&CODE_STATE=getMsg HTTP/1.1" 200 27
120.253.135.82 - - [23/Aug/2022:11:15:06 +0800] "GET /xingrg/kc/pszx/mdqp_order_info.html?code=302022082200409 HTTP/1.1" 200 13350
120.253.135.82 - - [23/Aug/2022:11:15:06 +0800] "GET /xingrg/dwr/interface/AjaxComOrderService.js HTTP/1.1" 200 18264
120.253.135.82 - - [23/Aug/2022:11:15:06 +0800] "GET /xingrg/dwr/interface/AjaxQqpsService.js HTTP/1.1" 200 16326
120.253.135.82 - - [23/Aug/2022:11:15:06 +0800] "GET /xingrg/dwr/engine.js HTTP/1.1" 200 43631
120.253.135.82 - - [23/Aug/2022:11:15:06 +0800] "POST /xingrg/dwr/call/plaincall/AjaxQqpsService.loadMaterielItems.dwr HTTP/1.1" 200 604
61.165.19.104 - - [23/Aug/2022:11:15:08 +0800] "GET /xingrg/all/function/internal_message.html?_=1661224376358&CODE_STATE=getMsg HTTP/1.1" 200 27
120.253.135.82 - - [23/Aug/2022:11:15:08 +0800] "GET /xingrg/kc/pszx/mdqp_order_list.html?isBack=1 HTTP/1.1" 302 -
120.253.135.82 - - [23/Aug/2022:11:15:08 +0800] "GET /xingrg/kc/pszx/mdqp_order_list.html?state=10 HTTP/1.1" 200 13890
120.253.135.82 - - [23/Aug/2022:11:15:08 +0800] "GET /xingrg/dwr/interface/AjaxReportQueryService.js HTTP/1.1" 200 13203
120.253.135.82 - - [23/Aug/2022:11:15:08 +0800] "GET /xingrg/dwr/interface/AjaxQqpsService.js HTTP/1.1" 200 16326
120.253.135.82 - - [23/Aug/2022:11:15:08 +0800] "GET /xingrg/dwr/engine.js HTTP/1.1" 200 43631
120.253.135.82 - - [23/Aug/2022:11:15:10 +0800] "GET /xingrg/kc/pszx/mdqp_order_info.html?code=302022082200407 HTTP/1.1" 200 13350
120.253.135.82 - - [23/Aug/2022:11:15:10 +0800] "GET /xingrg/dwr/interface/AjaxComOrderService.js HTTP/1.1" 200 18264
120.253.135.82 - - [23/Aug/2022:11:15:10 +0800] "GET /xingrg/dwr/interface/AjaxQqpsService.js HTTP/1.1" 200 16326
120.253.135.82 - - [23/Aug/2022:11:15:10 +0800] "GET /xingrg/dwr/engine.js HTTP/1.1" 200 43631
120.253.135.82 - - [23/Aug/2022:11:15:10 +0800] "POST /xingrg/dwr/call/plaincall/AjaxQqpsService.loadMaterielItems.dwr HTTP/1.1" 200 1044
120.253.135.82 - - [23/Aug/2022:11:15:13 +0800] "GET /xingrg/kc/pszx/mdqp_order_list.html?isBack=1 HTTP/1.1" 302 -
120.253.135.82 - - [23/Aug/2022:11:15:13 +0800] "GET /xingrg/kc/pszx/mdqp_order_list.html?state=10 HTTP/1.1" 200 13890
120.253.135.82 - - [23/Aug/2022:11:15:13 +0800] "GET /xingrg/dwr/interface/AjaxReportQueryService.js HTTP/1.1" 200 13203
120.253.135.82 - - [23/Aug/2022:11:15:13 +0800] "GET /xingrg/dwr/interface/AjaxQqpsService.js HTTP/1.1" 200 16326
120.253.135.82 - - [23/Aug/2022:11:15:13 +0800] "GET /xingrg/dwr/engine.js HTTP/1.1" 200 43631
120.253.135.82 - - [23/Aug/2022:11:15:14 +0800] "GET /xingrg/kc/pszx/mdqp_order_info.html?code=302022082200406 HTTP/1.1" 200 13350
120.253.135.82 - - [23/Aug/2022:11:15:14 +0800] "GET /xingrg/dwr/interface/AjaxComOrderService.js HTTP/1.1" 200 18264
120.253.135.82 - - [23/Aug/2022:11:15:14 +0800] "GET /xingrg/dwr/interface/AjaxQqpsService.js HTTP/1.1" 200 16326
120.253.135.82 - - [23/Aug/2022:11:15:14 +0800] "GET /xingrg/dwr/engine.js HTTP/1.1" 200 43631
120.253.135.82 - - [23/Aug/2022:11:15:15 +0800] "POST /xingrg/dwr/call/plaincall/AjaxQqpsService.loadMaterielItems.dwr HTTP/1.1" 200 2869
114.86.187.244 - - [23/Aug/2022:11:15:15 +0800] "GET /xingrg/kc/buy/cgsh_order_operate.html?command=get_materiel&rest_code=00148&code=00101007049&supplier_code=00100004&order_time=2022-08-23 HTTP/1.1" 200 409
124.78.156.101 - - [23/Aug/2022:11:15:19 +0800] "GET /xingrg/all/function/internal_message.html?_=1661224518641&CODE_STATE=getMsg HTTP/1.1" 200 27
120.253.135.82 - - [23/Aug/2022:11:15:19 +0800] "GET /xingrg/images/yd/bt.gif HTTP/1.1" 404 1040
124.78.156.101 - - [23/Aug/2022:11:15:19 +0800] "GET /xingrg/check_reg.html?_=1661224518644 HTTP/1.1" 200 22
120.253.135.82 - - [23/Aug/2022:11:15:19 +0800] "GET /xingrg/images/yd/bt2.gif HTTP/1.1" 404 1042
124.78.156.101 - - [23/Aug/2022:11:15:19 +0800] "GET /xingrg/kc/buy/cgsh_order_operate.html?command=get_materiel&rest_code=00106&code=00101009062&supplier_code=00100022&order_time=2022-08-23 HTTP/1.1" 200 412
114.83.216.129 - - [23/Aug/2022:11:15:19 +0800] "GET /xingrg/all/function/internal_message.html?_=1661224517020&CODE_STATE=getMsg HTTP/1.1" 200 27
120.253.135.82 - - [23/Aug/2022:11:15:20 +0800] "GET /xingrg/kc/pszx/mdqp_order_list.html?isBack=1 HTTP/1.1" 302 -
120.253.135.82 - - [23/Aug/2022:11:15:20 +0800] "GET /xingrg/kc/pszx/mdqp_order_list.html?state=10 HTTP/1.1" 200 13890
120.253.135.82 - - [23/Aug/2022:11:15:20 +0800] "GET /xingrg/dwr/interface/AjaxReportQueryService.js HTTP/1.1" 200 13203
120.253.135.82 - - [23/Aug/2022:11:15:20 +0800] "GET /xingrg/dwr/interface/AjaxQqpsService.js HTTP/1.1" 200 16326
120.253.135.82 - - [23/Aug/2022:11:15:20 +0800] "GET /xingrg/dwr/engine.js HTTP/1.1" 200 43631
114.86.187.244 - - [23/Aug/2022:11:15:22 +0800] "GET /xingrg/kc/buy/cgsh_order_operate.html?command=get_materiel&rest_code=00148&code=00101007081&supplier_code=00100004&order_time=2022-08-23 HTTP/1.1" 200 413
116.232.194.65 - - [23/Aug/2022:11:15:22 +0800] "GET /xingrg/all/function/internal_message.html?_=1661224494941&CODE_STATE=getMsg HTTP/1.1" 200 27
116.232.53.43 - - [23/Aug/2022:11:15:24 +0800] "GET /xingrg/all/function/internal_message.html?_=1661224525529&CODE_STATE=getMsg HTTP/1.1" 200 27
116.232.53.43 - - [23/Aug/2022:11:15:24 +0800] "GET /xingrg/check_reg.html?_=1661224525530 HTTP/1.1" 200 22
101.80.228.36 - - [23/Aug/2022:11:15:27 +0800] "GET /xingrg/all/function/internal_message.html?_=1661224526158&CODE_STATE=getMsg HTTP/1.1" 200 27
120.253.135.82 - - [23/Aug/2022:11:15:27 +0800] "GET /xingrg/kc/pszx/mdqp_order_info.html?code=302022082300431 HTTP/1.1" 200 13350
120.253.135.82 - - [23/Aug/2022:11:15:27 +0800] "GET /xingrg/dwr/engine.js HTTP/1.1" 200 43631
120.253.135.82 - - [23/Aug/2022:11:15:27 +0800] "GET /xingrg/dwr/interface/AjaxQqpsService.js HTTP/1.1" 200 16326
120.253.135.82 - - [23/Aug/2022:11:15:27 +0800] "GET /xingrg/dwr/interface/AjaxComOrderService.js HTTP/1.1" 200 18264
120.253.135.82 - - [23/Aug/2022:11:15:27 +0800] "POST /xingrg/dwr/call/plaincall/AjaxQqpsService.loadMaterielItems.dwr HTTP/1.1" 200 338
120.253.135.82 - - [23/Aug/2022:11:15:28 +0800] "GET /xingrg/kc/pszx/jzcl_ps.html HTTP/1.1" 200 7683
120.253.135.82 - - [23/Aug/2022:11:15:28 +0800] "GET /xingrg/check_reg.html?_=1661224631778 HTTP/1.1" 200 22
120.253.135.82 - - [23/Aug/2022:11:15:28 +0800] "POST /xingrg/all/common/load_tree.html?tree=area_rest_tree_json HTTP/1.1" 200 3472
120.253.135.82 - - [23/Aug/2022:11:15:29 +0800] "GET /xingrg/all/function/internal_message.html?_=1661224632075&CODE_STATE=getMsg HTTP/1.1" 200 27
101.85.120.95 - - [23/Aug/2022:11:15:29 +0800] "GET /xingrg/all/function/internal_message.html?_=1661224528201&CODE_STATE=getMsg HTTP/1.1" 200 27
120.253.135.82 - - [23/Aug/2022:11:15:29 +0800] "POST /xingrg/kc/pszx/jzcl_ps_operate.html HTTP/1.1" 200 3679
120.253.135.82 - - [23/Aug/2022:11:15:29 +0800] "POST /xingrg/kc/pszx/jzcl_ps_operate.html HTTP/1.1" 200 3679
120.253.135.82 - - [23/Aug/2022:11:15:30 +0800] "GET /xingrg/images/yd/bt.gif HTTP/1.1" 404 1040
120.253.135.82 - - [23/Aug/2022:11:15:30 +0800] "GET /xingrg/images/yd/bt2.gif HTTP/1.1" 404 1042
124.78.156.101 - - [23/Aug/2022:11:15:32 +0800] "GET /xingrg/kc/buy/cgsh_order_operate.html?command=get_materiel&rest_code=00106&code=00101009011&supplier_code=00100022&order_time=2022-08-23 HTTP/1.1" 200 418
120.253.135.82 - - [23/Aug/2022:11:15:32 +0800] "GET /xingrg/kc/pszx/mdqp_order_list.html?isBack=1 HTTP/1.1" 302 -
120.253.135.82 - - [23/Aug/2022:11:15:32 +0800] "GET /xingrg/kc/pszx/mdqp_order_list.html?state=10 HTTP/1.1" 200 13890
120.253.135.82 - - [23/Aug/2022:11:15:32 +0800] "GET /xingrg/dwr/interface/AjaxReportQueryService.js HTTP/1.1" 200 13203
120.253.135.82 - - [23/Aug/2022:11:15:32 +0800] "GET /xingrg/dwr/interface/AjaxQqpsService.js HTTP/1.1" 200 16326
120.253.135.82 - - [23/Aug/2022:11:15:32 +0800] "GET /xingrg/dwr/engine.js HTTP/1.1" 200 43631
114.86.187.244 - - [23/Aug/2022:11:15:33 +0800] "GET /xingrg/check_reg.html?_=1661224533338 HTTP/1.1" 200 22
120.253.135.82 - - [23/Aug/2022:11:15:34 +0800] "POST /xingrg/kc/pszx/jzcl_ps_operate.html HTTP/1.1" 200 4
116.224.255.128 - - [23/Aug/2022:11:15:34 +0800] "GET /xingrg/all/function/internal_message.html?_=1661224461762&CODE_STATE=getMsg HTTP/1.1" 200 27
120.253.135.82 - - [23/Aug/2022:11:15:35 +0800] "GET /xingrg/kc/pszx/mdps_order_list.html HTTP/1.1" 200 21045
120.253.135.82 - - [23/Aug/2022:11:15:35 +0800] "POST /xingrg/kc/pszx/mdps_list_operate.html HTTP/1.1" 200 5457
114.86.187.244 - - [23/Aug/2022:11:15:36 +0800] "POST /xingrg/kc/buy/cgsh_order_operate.html HTTP/1.1" 200 37
114.86.187.244 - - [23/Aug/2022:11:15:37 +0800] "POST /xingrg/kc/buy/cgsh_order_operate.html HTTP/1.1" 200 3833
61.165.19.104 - - [23/Aug/2022:11:15:39 +0800] "GET /xingrg/all/function/internal_message.html?_=1661224539441&CODE_STATE=getMsg HTTP/1.1" 200 27
114.88.158.224 - - [23/Aug/2022:11:15:41 +0800] "GET /xingrg/all/function/internal_message.html?_=1661224207933&CODE_STATE=getMsg HTTP/1.1" 200 27
116.224.255.128 - - [23/Aug/2022:11:15:44 +0800] "GET /xingrg/all/function/internal_message.html?_=1661224542815&CODE_STATE=getMsg HTTP/1.1" 200 27
180.169.147.146 - - [23/Aug/2022:11:15:45 +0800] "GET /xingrg/all/function/internal_message.html?_=1661224544774&CODE_STATE=getMsg HTTP/1.1" 200 27
124.78.156.101 - - [23/Aug/2022:11:15:46 +0800] "GET /xingrg/kc/buy/cgsh_order_operate.html?command=get_materiel&rest_code=00106&code=00101009124&supplier_code=00100022&order_time=2022-08-23 HTTP/1.1" 200 418
120.253.135.82 - - [23/Aug/2022:11:15:46 +0800] "POST /xingrg/kc/pszx/mdps_list_operate.html HTTP/1.1" 200 3173
120.253.135.82 - - [23/Aug/2022:11:15:48 +0800] "POST /xingrg/kc/pszx/mdps_list_operate.html HTTP/1.1" 200 273
120.253.135.82 - - [23/Aug/2022:11:15:50 +0800] "POST /xingrg/kc/pszx/mdps_list_operate.html HTTP/1.1" 200 202
120.253.135.82 - - [23/Aug/2022:11:15:52 +0800] "POST /xingrg/kc/pszx/mdps_list_operate.html HTTP/1.1" 200 204
120.253.135.82 - - [23/Aug/2022:11:15:54 +0800] "GET /xingrg/kc/pszx/mdps_order_info.html?code=312022082300539 HTTP/1.1" 200 24022
120.253.135.82 - - [23/Aug/2022:11:15:55 +0800] "GET /xingrg/javascript/easyui/themes/default/validatebox.css HTTP/1.1" 404 1104
120.253.135.82 - - [23/Aug/2022:11:15:55 +0800] "POST /xingrg/kc/pszx/mdps_order_operate.html HTTP/1.1" 200 2272
116.224.123.211 - - [23/Aug/2022:11:15:55 +0800] "GET /xingrg/all/function/internal_message.html?_=1661224554948&CODE_STATE=getMsg HTTP/1.1" 200 27
116.224.123.211 - - [23/Aug/2022:11:15:56 +0800] "GET /xingrg/check_reg.html?_=1661224555654 HTTP/1.1" 200 22
101.80.228.36 - - [23/Aug/2022:11:15:59 +0800] "GET /xingrg/check_reg.html?_=1661224558114 HTTP/1.1" 200 22
218.81.223.53 - - [23/Aug/2022:11:16:06 +0800] "GET /xingrg/all/function/internal_message.html?_=1661224571115&CODE_STATE=getMsg HTTP/1.1" 200 27
120.253.135.82 - - [23/Aug/2022:11:16:08 +0800] "POST /xingrg/kc/pszx/mdps_list_operate.html HTTP/1.1" 200 600
61.165.19.104 - - [23/Aug/2022:11:16:08 +0800] "GET /xingrg/all/function/internal_message.html?_=1661224436348&CODE_STATE=getMsg HTTP/1.1" 200 27
120.253.135.82 - - [23/Aug/2022:11:16:13 +0800] "GET /xingrg/kc/pszx/mdps_order_info.html?code=312022082300539 HTTP/1.1" 200 24022
120.253.135.82 - - [23/Aug/2022:11:16:14 +0800] "GET /xingrg/javascript/easyui/themes/default/validatebox.css HTTP/1.1" 404 1104
120.253.135.82 - - [23/Aug/2022:11:16:14 +0800] "POST /xingrg/kc/pszx/mdps_order_operate.html HTTP/1.1" 200 2272
124.78.156.101 - - [23/Aug/2022:11:16:14 +0800] "GET /xingrg/all/function/internal_message.html?_=1661224578645&CODE_STATE=getMsg HTTP/1.1" 200 27
124.78.156.101 - - [23/Aug/2022:11:16:16 +0800] "POST /xingrg/kc/buy/cgsh_order_operate.html HTTP/1.1" 200 37
120.253.135.82 - - [23/Aug/2022:11:16:16 +0800] "POST /xingrg/kc/pszx/mdps_order_operate.html HTTP/1.1" 200 12
120.253.135.82 - - [23/Aug/2022:11:16:17 +0800] "POST /xingrg/kc/pszx/mdps_list_operate.html HTTP/1.1" 200 2804
124.78.156.101 - - [23/Aug/2022:11:16:17 +0800] "POST /xingrg/kc/buy/cgsh_order_operate.html HTTP/1.1" 200 5043
218.81.223.53 - - [23/Aug/2022:11:16:19 +0800] "GET /xingrg/check_reg.html?_=1661224583933 HTTP/1.1" 200 22
124.78.156.101 - - [23/Aug/2022:11:16:19 +0800] "GET /xingrg/kc/buy/cgsh_order_add.html HTTP/1.1" 200 68411
120.253.135.82 - - [23/Aug/2022:11:16:19 +0800] "POST /xingrg/kc/pszx/mdps_list_operate.html HTTP/1.1" 200 202
114.83.216.129 - - [23/Aug/2022:11:16:19 +0800] "GET /xingrg/all/function/internal_message.html?_=1661224576995&CODE_STATE=getMsg HTTP/1.1" 200 27
124.78.156.101 - - [23/Aug/2022:11:16:19 +0800] "POST /xingrg/kc/buy/cgsh_order_operate.html HTTP/1.1" 200 8245
124.78.156.101 - - [23/Aug/2022:11:16:19 +0800] "GET /xingrg/javascript/easyui/themes/default/validatebox.css HTTP/1.1" 404 1104
114.83.216.129 - - [23/Aug/2022:11:16:20 +0800] "GET /xingrg/check_reg.html?_=1661224577422 HTTP/1.1" 200 22
124.78.156.101 - - [23/Aug/2022:11:16:21 +0800] "GET /xingrg/javascript/easyui/themes/default/tree.css HTTP/1.1" 404 1090
124.78.156.101 - - [23/Aug/2022:11:16:21 +0800] "POST /xingrg/all/common/load_tree.html?tree=supplier_tree_json&isDelete=1 HTTP/1.1" 200 67879
116.232.194.65 - - [23/Aug/2022:11:16:22 +0800] "GET /xingrg/all/function/internal_message.html?_=1661224554920&CODE_STATE=getMsg HTTP/1.1" 200 27
116.224.255.128 - - [23/Aug/2022:11:16:23 +0800] "GET /xingrg/check_reg.html?_=1661224509976 HTTP/1.1" 200 22
120.253.135.82 - - [23/Aug/2022:11:16:23 +0800] "GET /xingrg/kc/pszx/mdqp_order_list.html?state=10 HTTP/1.1" 200 13487
120.253.135.82 - - [23/Aug/2022:11:16:23 +0800] "GET /xingrg/dwr/interface/AjaxQqpsService.js HTTP/1.1" 200 16326
120.253.135.82 - - [23/Aug/2022:11:16:23 +0800] "GET /xingrg/dwr/interface/AjaxReportQueryService.js HTTP/1.1" 200 13203
120.253.135.82 - - [23/Aug/2022:11:16:23 +0800] "GET /xingrg/dwr/engine.js HTTP/1.1" 200 43631
116.232.53.43 - - [23/Aug/2022:11:16:24 +0800] "GET /xingrg/all/function/internal_message.html?_=1661224585531&CODE_STATE=getMsg HTTP/1.1" 200 27
120.253.135.82 - - [23/Aug/2022:11:16:25 +0800] "GET /xingrg/kc/pszx/mdqp_order_info.html?code=302022082200406 HTTP/1.1" 200 13350
120.253.135.82 - - [23/Aug/2022:11:16:25 +0800] "GET /xingrg/dwr/interface/AjaxComOrderService.js HTTP/1.1" 200 18264
120.253.135.82 - - [23/Aug/2022:11:16:25 +0800] "GET /xingrg/dwr/interface/AjaxQqpsService.js HTTP/1.1" 200 16326
120.253.135.82 - - [23/Aug/2022:11:16:25 +0800] "GET /xingrg/dwr/engine.js HTTP/1.1" 200 43631
120.253.135.82 - - [23/Aug/2022:11:16:26 +0800] "POST /xingrg/dwr/call/plaincall/AjaxQqpsService.loadMaterielItems.dwr HTTP/1.1" 200 2869
101.80.228.36 - - [23/Aug/2022:11:16:27 +0800] "GET /xingrg/all/function/internal_message.html?_=1661224586131&CODE_STATE=getMsg HTTP/1.1" 200 27
101.85.120.95 - - [23/Aug/2022:11:16:29 +0800] "GET /xingrg/all/function/internal_message.html?_=1661224588201&CODE_STATE=getMsg HTTP/1.1" 200 27
120.253.135.82 - - [23/Aug/2022:11:16:29 +0800] "GET /xingrg/all/function/internal_message.html?_=1661224692088&CODE_STATE=getMsg HTTP/1.1" 200 27
124.78.156.101 - - [23/Aug/2022:11:16:32 +0800] "GET /xingrg/kc/buy/buy_main.html HTTP/1.1" 200 12412
124.78.156.101 - - [23/Aug/2022:11:16:32 +0800] "GET /xingrg/css/new_ie.css HTTP/1.1" 404 1036
124.78.156.101 - - [23/Aug/2022:11:16:33 +0800] "GET /xingrg/images/yd/bt.gif HTTP/1.1" 404 1040
124.78.156.101 - - [23/Aug/2022:11:16:34 +0800] "GET /xingrg/kc/buy/cgsh_order_list.html HTTP/1.1" 200 52635
116.224.255.128 - - [23/Aug/2022:11:16:34 +0800] "GET /xingrg/all/function/internal_message.html?_=1661224521765&CODE_STATE=getMsg HTTP/1.1" 200 27
124.78.156.101 - - [23/Aug/2022:11:16:36 +0800] "POST /xingrg/kc/buy/cgsh_list_operate.html HTTP/1.1" 200 3457
120.253.135.82 - - [23/Aug/2022:11:16:38 +0800] "GET /xingrg/kc/pszx/mdqp_order_list.html?isBack=1 HTTP/1.1" 302 -
120.253.135.82 - - [23/Aug/2022:11:16:38 +0800] "GET /xingrg/kc/pszx/mdqp_order_list.html?state=10 HTTP/1.1" 200 13487
120.253.135.82 - - [23/Aug/2022:11:16:38 +0800] "GET /xingrg/dwr/interface/AjaxReportQueryService.js HTTP/1.1" 200 13203
120.253.135.82 - - [23/Aug/2022:11:16:38 +0800] "GET /xingrg/dwr/interface/AjaxQqpsService.js HTTP/1.1" 200 16326
120.253.135.82 - - [23/Aug/2022:11:16:38 +0800] "GET /xingrg/dwr/engine.js HTTP/1.1" 200 43631
61.165.19.104 - - [23/Aug/2022:11:16:39 +0800] "GET /xingrg/all/function/internal_message.html?_=1661224599411&CODE_STATE=getMsg HTTP/1.1" 200 27
120.253.135.82 - - [23/Aug/2022:11:16:40 +0800] "GET /xingrg/kc/pszx/mdqp_order_info.html?code=302022082200407 HTTP/1.1" 200 13350
120.253.135.82 - - [23/Aug/2022:11:16:40 +0800] "GET /xingrg/dwr/interface/AjaxComOrderService.js HTTP/1.1" 200 18264
124.78.156.101 - - [23/Aug/2022:11:16:40 +0800] "GET /xingrg/kc/buy/cgsh_order_add.html HTTP/1.1" 200 68411
120.253.135.82 - - [23/Aug/2022:11:16:40 +0800] "GET /xingrg/dwr/interface/AjaxQqpsService.js HTTP/1.1" 200 16326
120.253.135.82 - - [23/Aug/2022:11:16:40 +0800] "GET /xingrg/dwr/engine.js HTTP/1.1" 200 43631
124.78.156.101 - - [23/Aug/2022:11:16:41 +0800] "POST /xingrg/kc/buy/cgsh_order_operate.html HTTP/1.1" 200 8245
124.78.156.101 - - [23/Aug/2022:11:16:41 +0800] "GET /xingrg/javascript/easyui/themes/default/validatebox.css HTTP/1.1" 404 1104
114.88.158.224 - - [23/Aug/2022:11:16:41 +0800] "GET /xingrg/all/function/internal_message.html?_=1661224267937&CODE_STATE=getMsg HTTP/1.1" 200 27
120.253.135.82 - - [23/Aug/2022:11:16:41 +0800] "POST /xingrg/dwr/call/plaincall/AjaxQqpsService.loadMaterielItems.dwr HTTP/1.1" 200 1044
218.81.223.53 - - [23/Aug/2022:11:16:42 +0800] "GET /xingrg/kc/buy/cgsh_order_operate.html?command=get_materiel&rest_code=00146&code=00101009124&supplier_code=00100023&order_time=2022-08-23 HTTP/1.1" 200 418
124.78.156.101 - - [23/Aug/2022:11:16:43 +0800] "GET /xingrg/javascript/easyui/themes/default/tree.css HTTP/1.1" 404 1090
124.78.156.101 - - [23/Aug/2022:11:16:43 +0800] "POST /xingrg/all/common/load_tree.html?tree=supplier_tree_json&isDelete=1 HTTP/1.1" 200 67879
116.224.255.128 - - [23/Aug/2022:11:16:44 +0800] "GET /xingrg/all/function/internal_message.html?_=1661224602814&CODE_STATE=getMsg HTTP/1.1" 200 27
180.169.147.146 - - [23/Aug/2022:11:16:45 +0800] "GET /xingrg/all/function/internal_message.html?_=1661224604775&CODE_STATE=getMsg HTTP/1.1" 200 27
120.253.135.82 - - [23/Aug/2022:11:16:47 +0800] "GET /xingrg/kc/pszx/mdqp_order_list.html?isBack=1 HTTP/1.1" 302 -
120.253.135.82 - - [23/Aug/2022:11:16:47 +0800] "GET /xingrg/kc/pszx/mdqp_order_list.html?state=10 HTTP/1.1" 200 13487
120.253.135.82 - - [23/Aug/2022:11:16:47 +0800] "GET /xingrg/dwr/interface/AjaxQqpsService.js HTTP/1.1" 200 16326
120.253.135.82 - - [23/Aug/2022:11:16:47 +0800] "GET /xingrg/dwr/interface/AjaxReportQueryService.js HTTP/1.1" 200 13203
120.253.135.82 - - [23/Aug/2022:11:16:47 +0800] "GET /xingrg/dwr/engine.js HTTP/1.1" 200 43631
120.253.135.82 - - [23/Aug/2022:11:16:48 +0800] "GET /xingrg/kc/pszx/mdqp_order_info.html?code=302022082200409 HTTP/1.1" 200 13350
120.253.135.82 - - [23/Aug/2022:11:16:48 +0800] "GET /xingrg/dwr/interface/AjaxComOrderService.js HTTP/1.1" 200 18264
120.253.135.82 - - [23/Aug/2022:11:16:48 +0800] "GET /xingrg/dwr/interface/AjaxQqpsService.js HTTP/1.1" 200 16326
120.253.135.82 - - [23/Aug/2022:11:16:48 +0800] "GET /xingrg/dwr/engine.js HTTP/1.1" 200 43631
120.253.135.82 - - [23/Aug/2022:11:16:49 +0800] "POST /xingrg/dwr/call/plaincall/AjaxQqpsService.loadMaterielItems.dwr HTTP/1.1" 200 604
218.81.223.53 - - [23/Aug/2022:11:16:54 +0800] "GET /xingrg/kc/buy/cgsh_order_operate.html?command=get_materiel&rest_code=00146&code=00101009007&supplier_code=00100023&order_time=2022-08-23 HTTP/1.1" 200 409
116.224.123.211 - - [23/Aug/2022:11:16:55 +0800] "GET /xingrg/all/function/internal_message.html?_=1661224614937&CODE_STATE=getMsg HTTP/1.1" 200 27
120.253.135.82 - - [23/Aug/2022:11:16:55 +0800] "GET /xingrg/kc/pszx/mdqp_order_list.html?isBack=1 HTTP/1.1" 302 -
120.253.135.82 - - [23/Aug/2022:11:16:55 +0800] "GET /xingrg/kc/pszx/mdqp_order_list.html?state=10 HTTP/1.1" 200 13487
120.253.135.82 - - [23/Aug/2022:11:16:56 +0800] "GET /xingrg/dwr/interface/AjaxReportQueryService.js HTTP/1.1" 200 13203
120.253.135.82 - - [23/Aug/2022:11:16:56 +0800] "GET /xingrg/dwr/interface/AjaxQqpsService.js HTTP/1.1" 200 16326
120.253.135.82 - - [23/Aug/2022:11:16:56 +0800] "GET /xingrg/dwr/engine.js HTTP/1.1" 200 43631
120.253.135.82 - - [23/Aug/2022:11:16:58 +0800] "GET /xingrg/kc/pszx/mdqp_order_info.html?code=302022082200413 HTTP/1.1" 200 13350
120.253.135.82 - - [23/Aug/2022:11:16:58 +0800] "GET /xingrg/dwr/interface/AjaxComOrderService.js HTTP/1.1" 200 18264
120.253.135.82 - - [23/Aug/2022:11:16:58 +0800] "GET /xingrg/dwr/interface/AjaxQqpsService.js HTTP/1.1" 200 16326
120.253.135.82 - - [23/Aug/2022:11:16:58 +0800] "GET /xingrg/dwr/engine.js HTTP/1.1" 200 43631
120.253.135.82 - - [23/Aug/2022:11:16:59 +0800] "POST /xingrg/dwr/call/plaincall/AjaxQqpsService.loadMaterielItems.dwr HTTP/1.1" 200 582
120.253.135.82 - - [23/Aug/2022:11:17:02 +0800] "GET /xingrg/kc/pszx/mdqp_order_list.html?isBack=1 HTTP/1.1" 302 -
120.253.135.82 - - [23/Aug/2022:11:17:02 +0800] "GET /xingrg/kc/pszx/mdqp_order_list.html?state=10 HTTP/1.1" 200 13487
120.253.135.82 - - [23/Aug/2022:11:17:02 +0800] "GET /xingrg/dwr/interface/AjaxReportQueryService.js HTTP/1.1" 200 13203
120.253.135.82 - - [23/Aug/2022:11:17:02 +0800] "GET /xingrg/dwr/interface/AjaxQqpsService.js HTTP/1.1" 200 16326
120.253.135.82 - - [23/Aug/2022:11:17:02 +0800] "GET /xingrg/dwr/engine.js HTTP/1.1" 200 43631
120.253.135.82 - - [23/Aug/2022:11:17:05 +0800] "GET /xingrg/kc/pszx/mdqp_order_info.html?code=302022082200414 HTTP/1.1" 200 13350
120.253.135.82 - - [23/Aug/2022:11:17:05 +0800] "GET /xingrg/dwr/interface/AjaxComOrderService.js HTTP/1.1" 200 18264
120.253.135.82 - - [23/Aug/2022:11:17:05 +0800] "GET /xingrg/dwr/interface/AjaxQqpsService.js HTTP/1.1" 200 16326
120.253.135.82 - - [23/Aug/2022:11:17:05 +0800] "GET /xingrg/dwr/engine.js HTTP/1.1" 200 43631
120.253.135.82 - - [23/Aug/2022:11:17:05 +0800] "POST /xingrg/dwr/call/plaincall/AjaxQqpsService.loadMaterielItems.dwr HTTP/1.1" 200 354
218.81.223.53 - - [23/Aug/2022:11:17:06 +0800] "GET /xingrg/all/function/internal_message.html?_=1661224631131&CODE_STATE=getMsg HTTP/1.1" 200 27
120.253.135.82 - - [23/Aug/2022:11:17:08 +0800] "GET /xingrg/kc/pszx/mdqp_order_list.html?isBack=1 HTTP/1.1" 302 -
120.253.135.82 - - [23/Aug/2022:11:17:08 +0800] "GET /xingrg/kc/pszx/mdqp_order_list.html?state=10 HTTP/1.1" 200 13487
120.253.135.82 - - [23/Aug/2022:11:17:08 +0800] "GET /xingrg/dwr/interface/AjaxQqpsService.js HTTP/1.1" 200 16326
120.253.135.82 - - [23/Aug/2022:11:17:08 +0800] "GET /xingrg/dwr/interface/AjaxReportQueryService.js HTTP/1.1" 200 13203
120.253.135.82 - - [23/Aug/2022:11:17:08 +0800] "GET /xingrg/dwr/engine.js HTTP/1.1" 200 43631
61.165.19.104 - - [23/Aug/2022:11:17:08 +0800] "GET /xingrg/all/function/internal_message.html?_=1661224496338&CODE_STATE=getMsg HTTP/1.1" 200 27
120.253.135.82 - - [23/Aug/2022:11:17:09 +0800] "GET /xingrg/kc/pszx/mdqp_order_info.html?code=302022082200415 HTTP/1.1" 200 13350
120.253.135.82 - - [23/Aug/2022:11:17:10 +0800] "GET /xingrg/dwr/interface/AjaxComOrderService.js HTTP/1.1" 200 18264
120.253.135.82 - - [23/Aug/2022:11:17:10 +0800] "GET /xingrg/dwr/interface/AjaxQqpsService.js HTTP/1.1" 200 16326
120.253.135.82 - - [23/Aug/2022:11:17:10 +0800] "GET /xingrg/dwr/engine.js HTTP/1.1" 200 43631
120.253.135.82 - - [23/Aug/2022:11:17:10 +0800] "POST /xingrg/dwr/call/plaincall/AjaxQqpsService.loadMaterielItems.dwr HTTP/1.1" 200 730
120.253.135.82 - - [23/Aug/2022:11:17:13 +0800] "GET /xingrg/kc/pszx/mdqp_order_list.html?isBack=1 HTTP/1.1" 302 -
120.253.135.82 - - [23/Aug/2022:11:17:13 +0800] "GET /xingrg/kc/pszx/mdqp_order_list.html?state=10 HTTP/1.1" 200 13487
120.253.135.82 - - [23/Aug/2022:11:17:13 +0800] "GET /xingrg/dwr/interface/AjaxReportQueryService.js HTTP/1.1" 200 13203
120.253.135.82 - - [23/Aug/2022:11:17:13 +0800] "GET /xingrg/dwr/interface/AjaxQqpsService.js HTTP/1.1" 200 16326
120.253.135.82 - - [23/Aug/2022:11:17:13 +0800] "GET /xingrg/dwr/engine.js HTTP/1.1" 200 43631
124.78.156.101 - - [23/Aug/2022:11:17:14 +0800] "GET /xingrg/all/function/internal_message.html?_=1661224638654&CODE_STATE=getMsg HTTP/1.1" 200 27
120.253.135.82 - - [23/Aug/2022:11:17:15 +0800] "GET /xingrg/kc/pszx/mdqp_order_info.html?code=302022082200416 HTTP/1.1" 200 13350
120.253.135.82 - - [23/Aug/2022:11:17:15 +0800] "GET /xingrg/dwr/interface/AjaxQqpsService.js HTTP/1.1" 200 16326
120.253.135.82 - - [23/Aug/2022:11:17:15 +0800] "GET /xingrg/dwr/interface/AjaxComOrderService.js HTTP/1.1" 200 18264
120.253.135.82 - - [23/Aug/2022:11:17:15 +0800] "GET /xingrg/dwr/engine.js HTTP/1.1" 200 43631
120.253.135.82 - - [23/Aug/2022:11:17:16 +0800] "POST /xingrg/dwr/call/plaincall/AjaxQqpsService.loadMaterielItems.dwr HTTP/1.1" 200 583
218.81.223.53 - - [23/Aug/2022:11:17:16 +0800] "GET /xingrg/kc/buy/cgsh_order_operate.html?command=get_materiel&rest_code=00146&code=00101009031&supplier_code=00100023&order_time=2022-08-23 HTTP/1.1" 200 409
120.253.135.82 - - [23/Aug/2022:11:17:17 +0800] "GET /xingrg/check_reg.html?_=1661224440175 HTTP/1.1" 200 22
120.253.135.82 - - [23/Aug/2022:11:17:18 +0800] "GET /xingrg/kc/pszx/mdqp_order_list.html?isBack=1 HTTP/1.1" 302 -
120.253.135.82 - - [23/Aug/2022:11:17:18 +0800] "GET /xingrg/kc/pszx/mdqp_order_list.html?state=10 HTTP/1.1" 200 13487
120.253.135.82 - - [23/Aug/2022:11:17:18 +0800] "GET /xingrg/dwr/interface/AjaxReportQueryService.js HTTP/1.1" 200 13203
120.253.135.82 - - [23/Aug/2022:11:17:18 +0800] "GET /xingrg/dwr/interface/AjaxQqpsService.js HTTP/1.1" 200 16326
120.253.135.82 - - [23/Aug/2022:11:17:18 +0800] "GET /xingrg/dwr/engine.js HTTP/1.1" 200 43631
114.83.216.129 - - [23/Aug/2022:11:17:19 +0800] "GET /xingrg/all/function/internal_message.html?_=1661224636986&CODE_STATE=getMsg HTTP/1.1" 200 27
120.253.135.82 - - [23/Aug/2022:11:17:19 +0800] "GET /xingrg/kc/pszx/mdqp_order_info.html?code=302022082200417 HTTP/1.1" 200 13350
120.253.135.82 - - [23/Aug/2022:11:17:20 +0800] "GET /xingrg/dwr/interface/AjaxComOrderService.js HTTP/1.1" 200 18264
120.253.135.82 - - [23/Aug/2022:11:17:20 +0800] "GET /xingrg/dwr/interface/AjaxQqpsService.js HTTP/1.1" 200 16326
120.253.135.82 - - [23/Aug/2022:11:17:20 +0800] "GET /xingrg/dwr/engine.js HTTP/1.1" 200 43631
120.253.135.82 - - [23/Aug/2022:11:17:20 +0800] "POST /xingrg/dwr/call/plaincall/AjaxQqpsService.loadMaterielItems.dwr HTTP/1.1" 200 607
116.232.194.65 - - [23/Aug/2022:11:17:22 +0800] "GET /xingrg/all/function/internal_message.html?_=1661224614929&CODE_STATE=getMsg HTTP/1.1" 200 27
116.232.53.43 - - [23/Aug/2022:11:17:24 +0800] "GET /xingrg/all/function/internal_message.html?_=1661224645534&CODE_STATE=getMsg HTTP/1.1" 200 27
120.253.135.82 - - [23/Aug/2022:11:17:24 +0800] "GET /xingrg/kc/pszx/mdqp_order_list.html?isBack=1 HTTP/1.1" 302 -
120.253.135.82 - - [23/Aug/2022:11:17:24 +0800] "GET /xingrg/kc/pszx/mdqp_order_list.html?state=10 HTTP/1.1" 200 13487
120.253.135.82 - - [23/Aug/2022:11:17:24 +0800] "GET /xingrg/dwr/interface/AjaxQqpsService.js HTTP/1.1" 200 16326
120.253.135.82 - - [23/Aug/2022:11:17:24 +0800] "GET /xingrg/dwr/interface/AjaxReportQueryService.js HTTP/1.1" 200 13203
120.253.135.82 - - [23/Aug/2022:11:17:24 +0800] "GET /xingrg/dwr/engine.js HTTP/1.1" 200 43631
101.80.228.36 - - [23/Aug/2022:11:17:27 +0800] "GET /xingrg/all/function/internal_message.html?_=1661224646102&CODE_STATE=getMsg HTTP/1.1" 200 27
120.253.135.82 - - [23/Aug/2022:11:17:28 +0800] "GET /xingrg/kc/pszx/jzcl_ps.html HTTP/1.1" 200 7683
120.253.135.82 - - [23/Aug/2022:11:17:28 +0800] "POST /xingrg/all/common/load_tree.html?tree=area_rest_tree_json HTTP/1.1" 200 3472
101.85.120.95 - - [23/Aug/2022:11:17:29 +0800] "GET /xingrg/all/function/internal_message.html?_=1661224648205&CODE_STATE=getMsg HTTP/1.1" 200 27
120.253.135.82 - - [23/Aug/2022:11:17:29 +0800] "GET /xingrg/all/function/internal_message.html?_=1661224752101&CODE_STATE=getMsg HTTP/1.1" 200 27
120.253.135.82 - - [23/Aug/2022:11:17:29 +0800] "POST /xingrg/kc/pszx/jzcl_ps_operate.html HTTP/1.1" 200 3296
120.253.135.82 - - [23/Aug/2022:11:17:29 +0800] "POST /xingrg/kc/pszx/jzcl_ps_operate.html HTTP/1.1" 200 3296
116.224.255.128 - - [23/Aug/2022:11:17:34 +0800] "GET /xingrg/all/function/internal_message.html?_=1661224581779&CODE_STATE=getMsg HTTP/1.1" 200 27
114.86.187.244 - - [23/Aug/2022:11:17:37 +0800] "GET /xingrg/kc/print/load_data.html?order_code=212022082307716&kc_code=cgsh&condition= HTTP/1.1" 200 1167
61.165.19.104 - - [23/Aug/2022:11:17:39 +0800] "GET /xingrg/all/function/internal_message.html?_=1661224659386&CODE_STATE=getMsg HTTP/1.1" 200 27
114.88.158.224 - - [23/Aug/2022:11:17:41 +0800] "GET /xingrg/all/function/internal_message.html?_=1661224327936&CODE_STATE=getMsg HTTP/1.1" 200 27
120.253.135.82 - - [23/Aug/2022:11:17:42 +0800] "POST /xingrg/kc/pszx/jzcl_ps_operate.html HTTP/1.1" 200 4
114.86.187.244 - - [23/Aug/2022:11:17:43 +0800] "GET /xingrg/kc/buy/cgsh_order_add.html HTTP/1.1" 200 68411
114.86.187.244 - - [23/Aug/2022:11:17:43 +0800] "POST /xingrg/kc/buy/cgsh_order_operate.html HTTP/1.1" 200 8245
114.86.187.244 - - [23/Aug/2022:11:17:43 +0800] "GET /xingrg/javascript/easyui/themes/default/validatebox.css HTTP/1.1" 404 1104
218.81.223.53 - - [23/Aug/2022:11:17:43 +0800] "GET /xingrg/kc/buy/cgsh_order_operate.html?command=get_materiel&rest_code=00146&code=00101009001&supplier_code=00100023&order_time=2022-08-23 HTTP/1.1" 200 416
120.253.135.82 - - [23/Aug/2022:11:17:44 +0800] "GET /xingrg/kc/pszx/mdps_order_list.html HTTP/1.1" 200 21045
120.253.135.82 - - [23/Aug/2022:11:17:44 +0800] "POST /xingrg/kc/pszx/jzcl_ps_operate.html HTTP/1.1" 200 21
116.224.255.128 - - [23/Aug/2022:11:17:44 +0800] "GET /xingrg/check_reg.html?_=1661224662815 HTTP/1.1" 200 22
116.224.255.128 - - [23/Aug/2022:11:17:44 +0800] "GET /xingrg/all/function/internal_message.html?_=1661224662818&CODE_STATE=getMsg HTTP/1.1" 200 27
120.253.135.82 - - [23/Aug/2022:11:17:45 +0800] "POST /xingrg/kc/pszx/mdps_list_operate.html HTTP/1.1" 200 5516
180.169.147.146 - - [23/Aug/2022:11:17:45 +0800] "GET /xingrg/check_reg.html?_=1661224664769 HTTP/1.1" 200 22
180.169.147.146 - - [23/Aug/2022:11:17:45 +0800] "GET /xingrg/all/function/internal_message.html?_=1661224664772&CODE_STATE=getMsg HTTP/1.1" 200 27
114.86.187.244 - - [23/Aug/2022:11:17:48 +0800] "GET /xingrg/javascript/jquery_tools/images/prev.gif HTTP/1.1" 404 1086
114.86.187.244 - - [23/Aug/2022:11:17:48 +0800] "GET /xingrg/javascript/jquery_tools/images/next.gif HTTP/1.1" 404 1086
116.224.123.211 - - [23/Aug/2022:11:17:55 +0800] "GET /xingrg/all/function/internal_message.html?_=1661224674936&CODE_STATE=getMsg HTTP/1.1" 200 27
114.86.187.244 - - [23/Aug/2022:11:17:56 +0800] "GET /xingrg/kc/buy/cgsh_order_operate.html?command=get_materiel&rest_code=00148&code=00101001010&supplier_code=00100036&order_time=2022-08-23 HTTP/1.1" 200 409
120.253.135.82 - - [23/Aug/2022:11:17:58 +0800] "POST /xingrg/kc/pszx/mdps_list_operate.html HTTP/1.1" 200 5233
120.253.135.82 - - [23/Aug/2022:11:18:01 +0800] "POST /xingrg/kc/pszx/mdps_list_operate.html HTTP/1.1" 200 600
218.81.223.53 - - [23/Aug/2022:11:18:01 +0800] "GET /xingrg/kc/buy/cgsh_order_operate.html?command=get_materiel&rest_code=00146&code=00101009062&supplier_code=00100023&order_time=2022-08-23 HTTP/1.1" 200 412
120.253.135.82 - - [23/Aug/2022:11:18:02 +0800] "GET /xingrg/kc/pszx/mdps_order_info.html?code=312022082300531 HTTP/1.1" 200 24028
120.253.135.82 - - [23/Aug/2022:11:18:03 +0800] "GET /xingrg/javascript/easyui/themes/default/validatebox.css HTTP/1.1" 404 1104
120.253.135.82 - - [23/Aug/2022:11:18:03 +0800] "POST /xingrg/kc/pszx/mdps_order_operate.html HTTP/1.1" 200 4738
120.253.135.82 - - [23/Aug/2022:11:18:04 +0800] "GET /xingrg/javascript/jquery_tools/images/prev.gif HTTP/1.1" 404 1086
120.253.135.82 - - [23/Aug/2022:11:18:04 +0800] "GET /xingrg/javascript/jquery_tools/images/next.gif HTTP/1.1" 404 1086
218.81.223.53 - - [23/Aug/2022:11:18:06 +0800] "GET /xingrg/all/function/internal_message.html?_=1661224691143&CODE_STATE=getMsg HTTP/1.1" 200 27
114.88.158.224 - - [23/Aug/2022:11:18:06 +0800] "GET /xingrg/all/function/internal_message.html?_=1661224683992&CODE_STATE=getMsg HTTP/1.1" 200 27
114.88.158.224 - - [23/Aug/2022:11:18:06 +0800] "GET /xingrg/check_reg.html?_=1661224683995 HTTP/1.1" 200 22
114.88.158.224 - - [23/Aug/2022:11:18:06 +0800] "POST /xingrg/kc/buy/cgsh_list_operate.html HTTP/1.1" 200 752
61.165.19.104 - - [23/Aug/2022:11:18:08 +0800] "GET /xingrg/check_reg.html?_=1661224556108 HTTP/1.1" 200 22
61.165.19.104 - - [23/Aug/2022:11:18:08 +0800] "GET /xingrg/all/function/internal_message.html?_=1661224556318&CODE_STATE=getMsg HTTP/1.1" 200 27
120.253.135.82 - - [23/Aug/2022:11:18:09 +0800] "POST /xingrg/kc/pszx/mdps_order_operate.html HTTP/1.1" 200 37
120.253.135.82 - - [23/Aug/2022:11:18:10 +0800] "GET /xingrg/kc/pszx/mdps_order_info.html?code=312022082300531 HTTP/1.1" 200 24028
120.253.135.82 - - [23/Aug/2022:11:18:10 +0800] "GET /xingrg/javascript/easyui/themes/default/validatebox.css HTTP/1.1" 404 1104
120.253.135.82 - - [23/Aug/2022:11:18:10 +0800] "POST /xingrg/kc/pszx/mdps_order_operate.html HTTP/1.1" 200 4738
124.78.156.101 - - [23/Aug/2022:11:18:14 +0800] "GET /xingrg/all/function/internal_message.html?_=1661224698651&CODE_STATE=getMsg HTTP/1.1" 200 27
180.169.147.146 - - [23/Aug/2022:11:18:15 +0800] "GET /xingrg/check_reg.html?_=1661224695090 HTTP/1.1" 200 22
218.81.223.53 - - [23/Aug/2022:11:18:16 +0800] "POST /xingrg/kc/buy/cgsh_order_operate.html HTTP/1.1" 200 37
218.81.223.53 - - [23/Aug/2022:11:18:18 +0800] "POST /xingrg/kc/buy/cgsh_order_operate.html HTTP/1.1" 200 5616
114.83.216.129 - - [23/Aug/2022:11:18:19 +0800] "GET /xingrg/all/function/internal_message.html?_=1661224696956&CODE_STATE=getMsg HTTP/1.1" 200 27
218.81.223.53 - - [23/Aug/2022:11:18:21 +0800] "GET /xingrg/kc/print/load_data.html?order_code=212022082307718&kc_code=cgsh&condition= HTTP/1.1" 200 1822
116.232.194.65 - - [23/Aug/2022:11:18:22 +0800] "GET /xingrg/all/function/internal_message.html?_=1661224674926&CODE_STATE=getMsg HTTP/1.1" 200 27
116.232.53.43 - - [23/Aug/2022:11:18:24 +0800] "GET /xingrg/all/function/internal_message.html?_=1661224705536&CODE_STATE=getMsg HTTP/1.1" 200 27
101.80.228.36 - - [23/Aug/2022:11:18:27 +0800] "GET /xingrg/all/function/internal_message.html?_=1661224706077&CODE_STATE=getMsg HTTP/1.1" 200 27
101.85.120.95 - - [23/Aug/2022:11:18:29 +0800] "GET /xingrg/check_reg.html?_=1661224708206 HTTP/1.1" 200 22
120.253.135.82 - - [23/Aug/2022:11:18:29 +0800] "GET /xingrg/all/function/internal_message.html?_=1661224812124&CODE_STATE=getMsg HTTP/1.1" 200 27
101.85.120.95 - - [23/Aug/2022:11:18:29 +0800] "GET /xingrg/all/function/internal_message.html?_=1661224708208&CODE_STATE=getMsg HTTP/1.1" 200 27
124.78.156.101 - - [23/Aug/2022:11:18:29 +0800] "GET /xingrg/kc/buy/cgsh_order_operate.html?command=get_materiel&rest_code=00106&code=00101028009&supplier_code=00100017&order_time=2022-08-23 HTTP/1.1" 200 460
114.88.158.224 - - [23/Aug/2022:11:18:32 +0800] "GET /xingrg/all/function/internal_message.html?_=1661224709990&CODE_STATE=getMsg HTTP/1.1" 200 27
218.81.223.53 - - [23/Aug/2022:11:18:32 +0800] "GET /xingrg/kc/buy/cgsh_order_add.html HTTP/1.1" 200 68379
218.81.223.53 - - [23/Aug/2022:11:18:34 +0800] "POST /xingrg/kc/buy/cgsh_order_operate.html HTTP/1.1" 200 8245
218.81.223.53 - - [23/Aug/2022:11:18:34 +0800] "GET /xingrg/javascript/easyui/themes/default/validatebox.css HTTP/1.1" 404 1104
116.224.255.128 - - [23/Aug/2022:11:18:34 +0800] "GET /xingrg/kc/mdqp/qqps_order_list.html HTTP/1.1" 200 9668
116.224.255.128 - - [23/Aug/2022:11:18:34 +0800] "GET /xingrg/dwr/interface/AjaxReportQueryService.js HTTP/1.1" 200 13203
116.224.255.128 - - [23/Aug/2022:11:18:34 +0800] "GET /xingrg/dwr/interface/AjaxQqpsService.js HTTP/1.1" 200 16326
116.224.255.128 - - [23/Aug/2022:11:18:34 +0800] "GET /xingrg/dwr/engine.js HTTP/1.1" 200 43631
116.224.255.128 - - [23/Aug/2022:11:18:34 +0800] "GET /xingrg/all/function/internal_message.html?_=1661224641805&CODE_STATE=getMsg HTTP/1.1" 200 27
120.253.135.82 - - [23/Aug/2022:11:18:36 +0800] "POST /xingrg/kc/pszx/mdps_list_operate.html HTTP/1.1" 200 637
116.224.255.128 - - [23/Aug/2022:11:18:37 +0800] "GET /xingrg/kc/mdqp/pssh_order_list.html HTTP/1.1" 200 17857
120.253.135.82 - - [23/Aug/2022:11:18:37 +0800] "GET /xingrg/kc/pszx/mdps_order_info.html?code=312022082300540 HTTP/1.1" 200 24022
116.224.255.128 - - [23/Aug/2022:11:18:37 +0800] "POST /xingrg/kc/mdqp/pssh_list_operate.html HTTP/1.1" 200 5375
120.253.135.82 - - [23/Aug/2022:11:18:37 +0800] "GET /xingrg/javascript/easyui/themes/default/validatebox.css HTTP/1.1" 404 1104
120.253.135.82 - - [23/Aug/2022:11:18:37 +0800] "POST /xingrg/kc/pszx/mdps_order_operate.html HTTP/1.1" 200 6349
116.224.255.128 - - [23/Aug/2022:11:18:39 +0800] "POST /xingrg/kc/mdqp/pssh_list_operate.html HTTP/1.1" 200 760
61.165.19.104 - - [23/Aug/2022:11:18:39 +0800] "GET /xingrg/all/function/internal_message.html?_=1661224719367&CODE_STATE=getMsg HTTP/1.1" 200 27
116.224.255.128 - - [23/Aug/2022:11:18:40 +0800] "GET /xingrg/kc/mdqp/pssh_order_info.html?code=312022082300529 HTTP/1.1" 200 17250
116.224.255.128 - - [23/Aug/2022:11:18:40 +0800] "GET /xingrg/javascript/jquery_tools/jquery-1.4.2.min.js HTTP/1.1" 404 1094
116.224.255.128 - - [23/Aug/2022:11:18:40 +0800] "GET /xingrg/words/20220823102144_words.js HTTP/1.1" 304 -
116.224.255.128 - - [23/Aug/2022:11:18:41 +0800] "POST /xingrg/kc/mdqp/pssh_order_operate.html HTTP/1.1" 200 3104
116.224.255.128 - - [23/Aug/2022:11:18:41 +0800] "GET /xingrg/all/common/auto_word.html?type=base&rest_code=00150&rest_code=00150 HTTP/1.1" 200 1799
61.165.19.104 - - [23/Aug/2022:11:18:41 +0800] "GET /xingrg/check_reg.html?_=1661224721192 HTTP/1.1" 200 22
116.224.255.128 - - [23/Aug/2022:11:18:41 +0800] "GET /xingrg/javascript/easyui/themes/default/validatebox.css HTTP/1.1" 404 1104
120.253.135.82 - - [23/Aug/2022:11:18:41 +0800] "POST /xingrg/kc/pszx/mdps_order_operate.html HTTP/1.1" 200 37
114.88.158.224 - - [23/Aug/2022:11:18:41 +0800] "GET /xingrg/check_reg.html?_=1661224387925 HTTP/1.1" 200 22
114.88.158.224 - - [23/Aug/2022:11:18:41 +0800] "GET /xingrg/all/function/internal_message.html?_=1661224387926&CODE_STATE=getMsg HTTP/1.1" 200 27
120.253.135.82 - - [23/Aug/2022:11:18:42 +0800] "GET /xingrg/kc/pszx/mdps_order_info.html?code=312022082300540 HTTP/1.1" 200 24022
120.253.135.82 - - [23/Aug/2022:11:18:42 +0800] "GET /xingrg/javascript/easyui/themes/default/validatebox.css HTTP/1.1" 404 1104
120.253.135.82 - - [23/Aug/2022:11:18:42 +0800] "POST /xingrg/kc/pszx/mdps_order_operate.html HTTP/1.1" 200 6418
116.224.255.128 - - [23/Aug/2022:11:18:44 +0800] "GET /xingrg/all/function/internal_message.html?_=1661224722814&CODE_STATE=getMsg HTTP/1.1" 200 27
180.169.147.146 - - [23/Aug/2022:11:18:45 +0800] "GET /xingrg/all/function/internal_message.html?_=1661224724770&CODE_STATE=getMsg HTTP/1.1" 200 27
218.81.223.53 - - [23/Aug/2022:11:18:51 +0800] "GET /xingrg/kc/buy/cgsh_order_operate.html?command=get_materiel&rest_code=00146&code=00101016025&supplier_code=00100033&order_time=2022-08-23 HTTP/1.1" 200 408
101.93.222.16 - - [23/Aug/2022:11:18:52 +0800] "POST /xingrg/services/DataTransmitService HTTP/1.1" 200 524
101.93.222.16 - - [23/Aug/2022:11:18:53 +0800] "POST /xingrg/services/DataTransmitService HTTP/1.1" 200 412
116.224.123.211 - - [23/Aug/2022:11:18:55 +0800] "GET /xingrg/all/function/internal_message.html?_=1661224734937&CODE_STATE=getMsg HTTP/1.1" 200 27
120.253.135.82 - - [23/Aug/2022:11:18:58 +0800] "POST /xingrg/kc/pszx/mdps_order_operate.html HTTP/1.1" 200 37
120.253.135.82 - - [23/Aug/2022:11:18:58 +0800] "GET /xingrg/kc/pszx/mdps_order_info.html?code=312022082300540 HTTP/1.1" 200 24022
120.253.135.82 - - [23/Aug/2022:11:18:59 +0800] "POST /xingrg/kc/pszx/mdps_order_operate.html HTTP/1.1" 200 6418
120.253.135.82 - - [23/Aug/2022:11:18:59 +0800] "GET /xingrg/javascript/easyui/themes/default/validatebox.css HTTP/1.1" 404 1104
124.78.156.101 - - [23/Aug/2022:11:19:03 +0800] "POST /xingrg/kc/buy/cgsh_order_operate.html HTTP/1.1" 200 37
124.78.156.101 - - [23/Aug/2022:11:19:05 +0800] "POST /xingrg/kc/buy/cgsh_order_operate.html HTTP/1.1" 200 4558
120.253.135.82 - - [23/Aug/2022:11:19:05 +0800] "GET /xingrg/kc/pszx/mdps_order_operate.html?command=get_materiel&pszx_code=00101&rest_code=00147&base_code=0010246&code=00101019438 HTTP/1.1" 200 461
218.81.223.53 - - [23/Aug/2022:11:19:06 +0800] "GET /xingrg/all/function/internal_message.html?_=1661224751157&CODE_STATE=getMsg HTTP/1.1" 200 27
120.253.135.82 - - [23/Aug/2022:11:19:07 +0800] "POST /xingrg/all/common/load_select.html HTTP/1.1" 200 25
61.165.19.104 - - [23/Aug/2022:11:19:08 +0800] "GET /xingrg/all/function/internal_message.html?_=1661224616309&CODE_STATE=getMsg HTTP/1.1" 200 27
120.253.135.82 - - [23/Aug/2022:11:19:08 +0800] "GET /xingrg/kc/pszx/mdps_order_operate.html?command=get_materiel_price&pszx_code=00101&rest_code=00147&base_code=0010246&code=00101019438&unit_code=00100159&order_time=2022-08-24 HTTP/1.1" 200 35
124.78.156.101 - - [23/Aug/2022:11:19:14 +0800] "GET /xingrg/all/function/internal_message.html?_=1661224758654&CODE_STATE=getMsg HTTP/1.1" 200 27
120.253.135.82 - - [23/Aug/2022:11:19:16 +0800] "POST /xingrg/kc/pszx/mdps_order_operate.html HTTP/1.1" 200 37
120.253.135.82 - - [23/Aug/2022:11:19:18 +0800] "GET /xingrg/kc/pszx/mdps_order_info.html?code=312022082300540 HTTP/1.1" 200 24022
58.221.95.50 - - [23/Aug/2022:11:19:18 +0800] "GET /xingrg/check_reg.html?_=1661224757547 HTTP/1.1" 302 -
218.81.223.53 - - [23/Aug/2022:11:19:18 +0800] "GET /xingrg/kc/buy/cgsh_order_operate.html?command=get_materiel&rest_code=00146&code=00101016105&supplier_code=00100033&order_time=2022-08-23 HTTP/1.1" 200 409
120.253.135.82 - - [23/Aug/2022:11:19:18 +0800] "POST /xingrg/kc/pszx/mdps_order_operate.html HTTP/1.1" 200 6425
120.253.135.82 - - [23/Aug/2022:11:19:18 +0800] "GET /xingrg/javascript/easyui/themes/default/validatebox.css HTTP/1.1" 404 1104
114.83.216.129 - - [23/Aug/2022:11:19:19 +0800] "GET /xingrg/all/function/internal_message.html?_=1661224756940&CODE_STATE=getMsg HTTP/1.1" 200 27
120.253.135.82 - - [23/Aug/2022:11:19:20 +0800] "POST /xingrg/kc/pszx/mdps_list_operate.html HTTP/1.1" 200 5233
116.232.194.65 - - [23/Aug/2022:11:19:22 +0800] "GET /xingrg/check_reg.html?_=1661224734924 HTTP/1.1" 200 22
116.232.194.65 - - [23/Aug/2022:11:19:22 +0800] "GET /xingrg/all/function/internal_message.html?_=1661224734927&CODE_STATE=getMsg HTTP/1.1" 200 27
120.253.135.82 - - [23/Aug/2022:11:19:22 +0800] "POST /xingrg/kc/pszx/mdps_list_operate.html HTTP/1.1" 200 208
116.232.53.43 - - [23/Aug/2022:11:19:24 +0800] "GET /xingrg/all/function/internal_message.html?_=1661224765538&CODE_STATE=getMsg HTTP/1.1" 200 27
120.253.135.82 - - [23/Aug/2022:11:19:24 +0800] "POST /xingrg/kc/pszx/mdps_list_operate.html HTTP/1.1" 200 600
120.253.135.82 - - [23/Aug/2022:11:19:26 +0800] "POST /xingrg/kc/pszx/mdps_list_operate.html HTTP/1.1" 200 634
120.253.135.82 - - [23/Aug/2022:11:19:26 +0800] "GET /xingrg/kc/pszx/mdps_order_info.html?code=312022082300540 HTTP/1.1" 200 24022
101.80.228.36 - - [23/Aug/2022:11:19:27 +0800] "GET /xingrg/all/function/internal_message.html?_=1661224766054&CODE_STATE=getMsg HTTP/1.1" 200 27
120.253.135.82 - - [23/Aug/2022:11:19:27 +0800] "POST /xingrg/kc/pszx/mdps_order_operate.html HTTP/1.1" 200 6425
120.253.135.82 - - [23/Aug/2022:11:19:27 +0800] "GET /xingrg/javascript/easyui/themes/default/validatebox.css HTTP/1.1" 404 1104
101.85.120.95 - - [23/Aug/2022:11:19:29 +0800] "GET /xingrg/all/function/internal_message.html?_=1661224768192&CODE_STATE=getMsg HTTP/1.1" 200 27
120.253.135.82 - - [23/Aug/2022:11:19:29 +0800] "GET /xingrg/all/function/internal_message.html?_=1661224872128&CODE_STATE=getMsg HTTP/1.1" 200 27
120.253.135.82 - - [23/Aug/2022:11:19:29 +0800] "POST /xingrg/kc/pszx/mdps_list_operate.html HTTP/1.1" 200 5233
120.253.135.82 - - [23/Aug/2022:11:19:30 +0800] "POST /xingrg/kc/pszx/mdps_list_operate.html HTTP/1.1" 200 392
120.253.135.82 - - [23/Aug/2022:11:19:31 +0800] "GET /xingrg/kc/pszx/mdps_order_info.html?code=312022082300541 HTTP/1.1" 200 24022
120.253.135.82 - - [23/Aug/2022:11:19:31 +0800] "POST /xingrg/kc/pszx/mdps_order_operate.html HTTP/1.1" 200 3320
120.253.135.82 - - [23/Aug/2022:11:19:31 +0800] "GET /xingrg/javascript/easyui/themes/default/validatebox.css HTTP/1.1" 404 1104
114.88.158.224 - - [23/Aug/2022:11:19:32 +0800] "GET /xingrg/all/function/internal_message.html?_=1661224769990&CODE_STATE=getMsg HTTP/1.1" 200 27
114.88.158.224 - - [23/Aug/2022:11:19:32 +0800] "GET /xingrg/check_reg.html?_=1661224769995 HTTP/1.1" 200 22
218.81.223.53 - - [23/Aug/2022:11:19:33 +0800] "GET /xingrg/kc/buy/cgsh_order_operate.html?command=get_materiel&rest_code=00146&code=00101007109&supplier_code=00100033&order_time=2022-08-23 HTTP/1.1" 200 408
116.224.255.128 - - [23/Aug/2022:11:19:34 +0800] "GET /xingrg/all/function/internal_message.html?_=1661224701823&CODE_STATE=getMsg HTTP/1.1" 200 27
120.253.135.82 - - [23/Aug/2022:11:19:35 +0800] "POST /xingrg/all/common/load_combo.html?type=base HTTP/1.1" 200 1260
120.253.135.82 - - [23/Aug/2022:11:19:38 +0800] "POST /xingrg/kc/pszx/mdps_order_operate.html HTTP/1.1" 200 37
61.165.19.104 - - [23/Aug/2022:11:19:39 +0800] "GET /xingrg/all/function/internal_message.html?_=1661224779348&CODE_STATE=getMsg HTTP/1.1" 200 27
120.253.135.82 - - [23/Aug/2022:11:19:39 +0800] "GET /xingrg/kc/pszx/mdps_order_info.html?code=312022082300541 HTTP/1.1" 200 24022
116.224.255.128 - - [23/Aug/2022:11:19:40 +0800] "GET /xingrg/javascript/jquery_tools/images/next.gif HTTP/1.1" 404 1086
116.224.255.128 - - [23/Aug/2022:11:19:40 +0800] "GET /xingrg/javascript/jquery_tools/images/prev.gif HTTP/1.1" 404 1086
120.253.135.82 - - [23/Aug/2022:11:19:40 +0800] "POST /xingrg/kc/pszx/mdps_order_operate.html HTTP/1.1" 200 3342
120.253.135.82 - - [23/Aug/2022:11:19:40 +0800] "GET /xingrg/javascript/easyui/themes/default/validatebox.css HTTP/1.1" 404 1104
114.88.158.224 - - [23/Aug/2022:11:19:41 +0800] "GET /xingrg/all/function/internal_message.html?_=1661224447926&CODE_STATE=getMsg HTTP/1.1" 200 27
124.78.156.101 - - [23/Aug/2022:11:19:42 +0800] "GET /xingrg/kc/buy/cgsh_order_add.html HTTP/1.1" 200 68411
124.78.156.101 - - [23/Aug/2022:11:19:42 +0800] "GET /xingrg/words/20220823102144_words.js HTTP/1.1" 304 -
124.78.156.101 - - [23/Aug/2022:11:19:42 +0800] "POST /xingrg/kc/buy/cgsh_order_operate.html HTTP/1.1" 200 8245
124.78.156.101 - - [23/Aug/2022:11:19:42 +0800] "GET /xingrg/javascript/easyui/themes/default/validatebox.css HTTP/1.1" 404 1104
116.224.255.128 - - [23/Aug/2022:11:19:44 +0800] "GET /xingrg/all/function/internal_message.html?_=1661224782808&CODE_STATE=getMsg HTTP/1.1" 200 27
180.169.147.146 - - [23/Aug/2022:11:19:45 +0800] "GET /xingrg/all/function/internal_message.html?_=1661224784769&CODE_STATE=getMsg HTTP/1.1" 200 27
116.224.255.128 - - [23/Aug/2022:11:19:46 +0800] "POST /xingrg/all/common/load_combo.html?type=employee HTTP/1.1" 200 280
218.81.223.53 - - [23/Aug/2022:11:19:48 +0800] "POST /xingrg/kc/buy/cgsh_order_operate.html HTTP/1.1" 200 37
116.224.255.128 - - [23/Aug/2022:11:19:49 +0800] "POST /xingrg/kc/mdqp/pssh_order_operate.html HTTP/1.1" 200 37
116.224.255.128 - - [23/Aug/2022:11:19:49 +0800] "POST /xingrg/kc/mdqp/pssh_order_operate.html HTTP/1.1" 200 3104
218.81.223.53 - - [23/Aug/2022:11:19:50 +0800] "POST /xingrg/kc/buy/cgsh_order_operate.html HTTP/1.1" 200 4414
116.224.255.128 - - [23/Aug/2022:11:19:51 +0800] "GET /xingrg/kc/print/load_config.html?kc_code=pssh HTTP/1.1" 200 2291
116.224.255.128 - - [23/Aug/2022:11:19:51 +0800] "GET /xingrg/kc/print/load_data.html?order_code=312022082300529&kc_code=pssh&condition= HTTP/1.1" 200 1476
218.81.223.53 - - [23/Aug/2022:11:19:53 +0800] "GET /xingrg/kc/print/load_data.html?order_code=212022082307720&kc_code=cgsh&condition= HTTP/1.1" 200 1383
