116.224.255.128 - - [22/Aug/2022:10:37:45 +0800] "GET /xingrg/all/function/internal_message.html?_=1661135864022&CODE_STATE=getMsg HTTP/1.1" 200 27
61.165.19.104 - - [22/Aug/2022:10:37:45 +0800] "GET /xingrg/all/function/internal_message.html?_=1661135866196&CODE_STATE=getMsg HTTP/1.1" 200 27
61.165.19.104 - - [22/Aug/2022:10:37:45 +0800] "GET /xingrg/check_reg.html?_=1661135866200 HTTP/1.1" 200 22
116.224.123.211 - - [22/Aug/2022:10:37:45 +0800] "GET /xingrg/check_reg.html?_=1661135867493 HTTP/1.1" 200 22
116.224.123.211 - - [22/Aug/2022:10:37:45 +0800] "GET /xingrg/all/function/internal_message.html?_=1661135867496&CODE_STATE=getMsg HTTP/1.1" 200 27
114.83.216.129 - - [22/Aug/2022:10:37:47 +0800] "GET /xingrg/all/function/internal_message.html?_=1661135866610&CODE_STATE=getMsg HTTP/1.1" 200 27
180.169.147.146 - - [22/Aug/2022:10:37:50 +0800] "GET /xingrg/all/function/internal_message.html?_=1661135869911&CODE_STATE=getMsg HTTP/1.1" 200 27
218.81.223.53 - - [22/Aug/2022:10:37:50 +0800] "GET /xingrg/all/function/internal_message.html?_=1661135871926&CODE_STATE=getMsg HTTP/1.1" 200 27
61.165.19.104 - - [22/Aug/2022:10:37:52 +0800] "GET /xingrg/kc/base/wldb_order_operate.html?command=get_materiel&rest_code=00105&base_code=0010507&code=00101019438 HTTP/1.1" 200 461
120.253.135.82 - - [22/Aug/2022:10:37:53 +0800] "POST /xingrg/kc/buy/cgsh_order_operate.html HTTP/1.1" 200 37
222.69.129.110 - - [22/Aug/2022:10:37:55 +0800] "GET /xingrg/all/function/internal_message.html?_=1661135943493&CODE_STATE=getMsg HTTP/1.1" 200 27
120.253.135.82 - - [22/Aug/2022:10:37:56 +0800] "POST /xingrg/kc/buy/cgsh_order_operate.html HTTP/1.1" 200 2683
101.80.228.36 - - [22/Aug/2022:10:37:58 +0800] "GET /xingrg/all/function/internal_message.html?_=1661135878134&CODE_STATE=getMsg HTTP/1.1" 200 27
120.253.135.82 - - [22/Aug/2022:10:37:59 +0800] "GET /xingrg/kc/print/load_data.html?order_code=212022082207317&kc_code=cgsh&condition= HTTP/1.1" 200 691
120.253.135.82 - - [22/Aug/2022:10:38:00 +0800] "GET /xingrg/all/function/internal_message.html?_=1661135684904&CODE_STATE=getMsg HTTP/1.1" 200 27
61.165.19.104 - - [22/Aug/2022:10:38:06 +0800] "GET /xingrg/kc/base/wldb_order_operate.html?command=get_materiel&rest_code=00105&base_code=0010507&code=00101019184 HTTP/1.1" 200 458
114.84.5.35 - - [22/Aug/2022:10:38:07 +0800] "GET /xingrg/all/function/internal_message.html?_=1661135886818&CODE_STATE=getMsg HTTP/1.1" 200 27
116.232.194.65 - - [22/Aug/2022:10:38:10 +0800] "GET /xingrg/all/function/internal_message.html?_=1661135847706&CODE_STATE=getMsg HTTP/1.1" 200 27
180.169.147.146 - - [22/Aug/2022:10:38:13 +0800] "GET /xingrg/check_reg.html?_=1661135893288 HTTP/1.1" 200 22
180.169.147.146 - - [22/Aug/2022:10:38:13 +0800] "GET /xingrg/all/function/internal_message.html?_=1661135893290&CODE_STATE=getMsg HTTP/1.1" 200 27
180.169.147.146 - - [22/Aug/2022:10:38:21 +0800] "POST /xingrg/kc/buy/cgsh_list_operate.html HTTP/1.1" 200 4
114.88.158.224 - - [22/Aug/2022:10:38:27 +0800] "GET /xingrg/all/function/internal_message.html?_=1661135574855&CODE_STATE=getMsg HTTP/1.1" 200 27
61.165.19.104 - - [22/Aug/2022:10:38:27 +0800] "GET /xingrg/all/function/internal_message.html?_=1661135776586&CODE_STATE=getMsg HTTP/1.1" 200 27
61.165.19.104 - - [22/Aug/2022:10:38:28 +0800] "GET /xingrg/kc/base/wldb_order_operate.html?command=get_materiel&rest_code=00105&base_code=0010507&code=00101013154 HTTP/1.1" 200 457
116.224.123.211 - - [22/Aug/2022:10:38:28 +0800] "GET /xingrg/all/function/internal_message.html?_=1661135908532&CODE_STATE=getMsg HTTP/1.1" 200 27
180.169.147.146 - - [22/Aug/2022:10:38:28 +0800] "POST /xingrg/kc/buy/cgsh_list_operate.html HTTP/1.1" 200 4566
116.233.77.65 - - [22/Aug/2022:10:38:30 +0800] "GET /xingrg/all/function/internal_message.html?_=1661135916528&CODE_STATE=getMsg HTTP/1.1" 200 27
116.233.77.65 - - [22/Aug/2022:10:38:30 +0800] "GET /xingrg/check_reg.html?_=1661135916529 HTTP/1.1" 200 22
116.224.255.128 - - [22/Aug/2022:10:38:31 +0800] "GET /xingrg/all/function/internal_message.html?_=1661135840095&CODE_STATE=getMsg HTTP/1.1" 200 27
61.165.19.104 - - [22/Aug/2022:10:38:35 +0800] "POST /xingrg/kc/base/wldb_order_operate.html HTTP/1.1" 200 37
180.169.147.146 - - [22/Aug/2022:10:38:35 +0800] "GET /xingrg/all/function/internal_message.html?_=1661136254606&CODE_STATE=getMsg HTTP/1.1" 200 27
61.165.19.104 - - [22/Aug/2022:10:38:35 +0800] "POST /xingrg/kc/base/wldb_order_operate.html HTTP/1.1" 200 4640
61.165.19.104 - - [22/Aug/2022:10:38:36 +0800] "GET /xingrg/kc/base/wldb_order_info.html?code=422022082201832 HTTP/1.1" 200 30371
61.165.19.104 - - [22/Aug/2022:10:38:36 +0800] "GET /xingrg/javascript/easyui/themes/default/validatebox.css HTTP/1.1" 404 1104
61.165.19.104 - - [22/Aug/2022:10:38:38 +0800] "POST /xingrg/kc/base/wldb_order_operate.html HTTP/1.1" 200 4640
114.88.158.224 - - [22/Aug/2022:10:38:42 +0800] "GET /xingrg/all/function/internal_message.html?_=1661135922176&CODE_STATE=getMsg HTTP/1.1" 200 27
101.89.239.245 - - [22/Aug/2022:10:38:43 +0800] "GET /xingrg/check_reg.html?_=1661135862174 HTTP/1.1" 302 -
101.89.239.245 - - [22/Aug/2022:10:38:43 +0800] "GET /xingrg/login.html HTTP/1.1" 200 7641
116.224.255.128 - - [22/Aug/2022:10:38:45 +0800] "GET /xingrg/all/function/internal_message.html?_=1661135924008&CODE_STATE=getMsg HTTP/1.1" 200 27
61.165.19.104 - - [22/Aug/2022:10:38:45 +0800] "GET /xingrg/all/function/internal_message.html?_=1661135926199&CODE_STATE=getMsg HTTP/1.1" 200 27
116.224.123.211 - - [22/Aug/2022:10:38:45 +0800] "GET /xingrg/all/function/internal_message.html?_=1661135927482&CODE_STATE=getMsg HTTP/1.1" 200 27
114.83.216.129 - - [22/Aug/2022:10:38:47 +0800] "GET /xingrg/all/function/internal_message.html?_=1661135926599&CODE_STATE=getMsg HTTP/1.1" 200 27
218.81.223.53 - - [22/Aug/2022:10:38:49 +0800] "GET /xingrg/check_reg.html?_=1661135931064 HTTP/1.1" 200 22
180.169.147.146 - - [22/Aug/2022:10:38:50 +0800] "GET /xingrg/all/function/internal_message.html?_=1661135929901&CODE_STATE=getMsg HTTP/1.1" 200 27
218.81.223.53 - - [22/Aug/2022:10:38:50 +0800] "GET /xingrg/all/function/internal_message.html?_=1661135931940&CODE_STATE=getMsg HTTP/1.1" 200 27
222.69.129.110 - - [22/Aug/2022:10:38:55 +0800] "GET /xingrg/check_reg.html?_=1661136003493 HTTP/1.1" 200 22
222.69.129.110 - - [22/Aug/2022:10:38:55 +0800] "GET /xingrg/all/function/internal_message.html?_=1661136003498&CODE_STATE=getMsg HTTP/1.1" 200 27
61.165.19.104 - - [22/Aug/2022:10:38:58 +0800] "GET /xingrg/kc/base/wldb_order_add.html HTTP/1.1" 200 30356
101.80.228.36 - - [22/Aug/2022:10:38:58 +0800] "GET /xingrg/all/function/internal_message.html?_=1661135938136&CODE_STATE=getMsg HTTP/1.1" 200 27
61.165.19.104 - - [22/Aug/2022:10:38:58 +0800] "POST /xingrg/kc/base/wldb_order_operate.html HTTP/1.1" 200 6806
61.165.19.104 - - [22/Aug/2022:10:38:58 +0800] "GET /xingrg/javascript/easyui/themes/default/validatebox.css HTTP/1.1" 404 1104
180.169.147.146 - - [22/Aug/2022:10:38:59 +0800] "POST /xingrg/kc/buy/cgsh_list_operate.html HTTP/1.1" 200 4
120.253.135.82 - - [22/Aug/2022:10:39:00 +0800] "GET /xingrg/all/function/internal_message.html?_=1661135745062&CODE_STATE=getMsg HTTP/1.1" 200 27
180.169.147.146 - - [22/Aug/2022:10:39:00 +0800] "POST /xingrg/kc/buy/cgsh_list_operate.html HTTP/1.1" 200 752
114.84.5.35 - - [22/Aug/2022:10:39:07 +0800] "GET /xingrg/all/function/internal_message.html?_=1661135946816&CODE_STATE=getMsg HTTP/1.1" 200 27
116.232.194.65 - - [22/Aug/2022:10:39:10 +0800] "GET /xingrg/all/function/internal_message.html?_=1661135907706&CODE_STATE=getMsg HTTP/1.1" 200 27
180.169.147.146 - - [22/Aug/2022:10:39:13 +0800] "GET /xingrg/all/function/internal_message.html?_=1661135953288&CODE_STATE=getMsg HTTP/1.1" 200 27
120.253.135.82 - - [22/Aug/2022:10:39:14 +0800] "POST /xingrg/kc/buy/cgsh_order_operate.html HTTP/1.1" 200 37
61.165.19.104 - - [22/Aug/2022:10:39:16 +0800] "GET /xingrg/kc/base/wldb_order_operate.html?command=get_materiel&rest_code=00105&base_code=0010507&code=00101019142 HTTP/1.1" 200 462
116.235.94.65 - - [22/Aug/2022:10:39:19 +0800] "POST /xingrg/services/DataTransmitService HTTP/1.1" 401 565
116.235.94.65 - - [22/Aug/2022:10:39:19 +0800] "POST /xingrg/services/DataTransmitService HTTP/1.1" 200 478
116.235.94.65 - - [22/Aug/2022:10:39:19 +0800] "POST /xingrg/services/DataTransmitService HTTP/1.1" 200 1319
116.235.94.65 - - [22/Aug/2022:10:39:19 +0800] "POST /xingrg/services/DataTransmitService HTTP/1.1" 200 478
116.235.94.65 - - [22/Aug/2022:10:39:19 +0800] "POST /xingrg/services/DataTransmitService HTTP/1.1" 200 1319
120.253.135.82 - - [22/Aug/2022:10:39:19 +0800] "POST /xingrg/kc/buy/cgsh_order_operate.html HTTP/1.1" 200 12
116.235.94.65 - - [22/Aug/2022:10:39:19 +0800] "POST /xingrg/services/DataTransmitService HTTP/1.1" 200 524
116.235.94.65 - - [22/Aug/2022:10:39:19 +0800] "POST /xingrg/services/DataTransmitService HTTP/1.1" 200 2407
116.235.94.65 - - [22/Aug/2022:10:39:20 +0800] "POST /xingrg/services/DataTransmitService HTTP/1.1" 200 177732
120.253.135.82 - - [22/Aug/2022:10:39:23 +0800] "GET /xingrg/kc/buy/cgsh_order_info.html?code=212022082207317 HTTP/1.1" 200 62390
120.253.135.82 - - [22/Aug/2022:10:39:23 +0800] "GET /xingrg/javascript/easyui/themes/default/validatebox.css HTTP/1.1" 404 1104
120.253.135.82 - - [22/Aug/2022:10:39:24 +0800] "POST /xingrg/kc/buy/cgsh_order_operate.html HTTP/1.1" 200 633
114.88.158.224 - - [22/Aug/2022:10:39:27 +0800] "GET /xingrg/check_reg.html?_=1661135634859 HTTP/1.1" 200 22
114.88.158.224 - - [22/Aug/2022:10:39:27 +0800] "GET /xingrg/all/function/internal_message.html?_=1661135634861&CODE_STATE=getMsg HTTP/1.1" 200 27
61.165.19.104 - - [22/Aug/2022:10:39:27 +0800] "GET /xingrg/all/function/internal_message.html?_=1661135836600&CODE_STATE=getMsg HTTP/1.1" 200 27
116.224.123.211 - - [22/Aug/2022:10:39:28 +0800] "GET /xingrg/all/function/internal_message.html?_=1661135968508&CODE_STATE=getMsg HTTP/1.1" 200 27
116.224.123.211 - - [22/Aug/2022:10:39:28 +0800] "GET /xingrg/check_reg.html?_=1661135969049 HTTP/1.1" 200 22
61.165.19.104 - - [22/Aug/2022:10:39:30 +0800] "POST /xingrg/kc/base/wldb_order_operate.html HTTP/1.1" 200 37
116.233.77.65 - - [22/Aug/2022:10:39:30 +0800] "GET /xingrg/all/function/internal_message.html?_=1661135976531&CODE_STATE=getMsg HTTP/1.1" 200 27
61.165.19.104 - - [22/Aug/2022:10:39:30 +0800] "POST /xingrg/kc/base/wldb_order_operate.html HTTP/1.1" 200 2204
61.165.19.104 - - [22/Aug/2022:10:39:31 +0800] "GET /xingrg/kc/base/wldb_order_info.html?code=422022082201833 HTTP/1.1" 200 30370
116.224.255.128 - - [22/Aug/2022:10:39:31 +0800] "GET /xingrg/all/function/internal_message.html?_=1661135900154&CODE_STATE=getMsg HTTP/1.1" 200 27
61.165.19.104 - - [22/Aug/2022:10:39:31 +0800] "GET /xingrg/javascript/easyui/themes/default/validatebox.css HTTP/1.1" 404 1104
120.253.135.82 - - [22/Aug/2022:10:39:32 +0800] "POST /xingrg/kc/buy/cgsh_list_operate.html HTTP/1.1" 200 752
61.165.19.104 - - [22/Aug/2022:10:39:32 +0800] "POST /xingrg/kc/base/wldb_order_operate.html HTTP/1.1" 200 2204
180.169.147.146 - - [22/Aug/2022:10:39:35 +0800] "GET /xingrg/all/function/internal_message.html?_=1661136314600&CODE_STATE=getMsg HTTP/1.1" 200 27
120.253.135.82 - - [22/Aug/2022:10:39:40 +0800] "POST /xingrg/kc/buy/cgsh_list_operate.html HTTP/1.1" 200 752
120.253.135.82 - - [22/Aug/2022:10:39:40 +0800] "POST /xingrg/kc/buy/cgsh_list_operate.html HTTP/1.1" 200 752
114.88.158.224 - - [22/Aug/2022:10:39:42 +0800] "GET /xingrg/all/function/internal_message.html?_=1661135982178&CODE_STATE=getMsg HTTP/1.1" 200 27
101.89.239.245 - - [22/Aug/2022:10:39:42 +0800] "GET /xingrg/all/function/internal_message.html?_=1661135922176&CODE_STATE=getMsg HTTP/1.1" 302 -
101.89.239.245 - - [22/Aug/2022:10:39:43 +0800] "GET /xingrg/login.html HTTP/1.1" 200 7641
120.253.135.82 - - [22/Aug/2022:10:39:45 +0800] "GET /xingrg/kc/pszx/mdqp_order_list.html?state=10 HTTP/1.1" 200 10657
120.253.135.82 - - [22/Aug/2022:10:39:45 +0800] "GET /xingrg/dwr/interface/AjaxQqpsService.js HTTP/1.1" 200 16326
120.253.135.82 - - [22/Aug/2022:10:39:45 +0800] "GET /xingrg/dwr/interface/AjaxReportQueryService.js HTTP/1.1" 200 13203
120.253.135.82 - - [22/Aug/2022:10:39:45 +0800] "GET /xingrg/dwr/engine.js HTTP/1.1" 200 43631
116.224.255.128 - - [22/Aug/2022:10:39:45 +0800] "GET /xingrg/all/function/internal_message.html?_=1661135984009&CODE_STATE=getMsg HTTP/1.1" 200 27
61.165.19.104 - - [22/Aug/2022:10:39:45 +0800] "GET /xingrg/all/function/internal_message.html?_=1661135986226&CODE_STATE=getMsg HTTP/1.1" 200 27
116.224.123.211 - - [22/Aug/2022:10:39:45 +0800] "GET /xingrg/all/function/internal_message.html?_=1661135987467&CODE_STATE=getMsg HTTP/1.1" 200 27
114.83.216.129 - - [22/Aug/2022:10:39:47 +0800] "GET /xingrg/all/function/internal_message.html?_=1661135986584&CODE_STATE=getMsg HTTP/1.1" 200 27
114.83.216.129 - - [22/Aug/2022:10:39:48 +0800] "GET /xingrg/check_reg.html?_=1661135987536 HTTP/1.1" 200 22
61.165.19.104 - - [22/Aug/2022:10:39:48 +0800] "GET /xingrg/kc/base/wldb_order_add.html HTTP/1.1" 200 30356
61.165.19.104 - - [22/Aug/2022:10:39:49 +0800] "POST /xingrg/kc/base/wldb_order_operate.html HTTP/1.1" 200 6806
61.165.19.104 - - [22/Aug/2022:10:39:49 +0800] "GET /xingrg/javascript/easyui/themes/default/validatebox.css HTTP/1.1" 404 1104
120.253.135.82 - - [22/Aug/2022:10:39:50 +0800] "GET /xingrg/kc/pszx/mdqp_order_info.html?code=302022082200402 HTTP/1.1" 200 13350
120.253.135.82 - - [22/Aug/2022:10:39:50 +0800] "GET /xingrg/dwr/interface/AjaxComOrderService.js HTTP/1.1" 200 18264
120.253.135.82 - - [22/Aug/2022:10:39:50 +0800] "GET /xingrg/dwr/interface/AjaxQqpsService.js HTTP/1.1" 200 16326
120.253.135.82 - - [22/Aug/2022:10:39:50 +0800] "GET /xingrg/dwr/engine.js HTTP/1.1" 200 43631
180.169.147.146 - - [22/Aug/2022:10:39:50 +0800] "GET /xingrg/all/function/internal_message.html?_=1661135989916&CODE_STATE=getMsg HTTP/1.1" 200 27
218.81.223.53 - - [22/Aug/2022:10:39:50 +0800] "GET /xingrg/all/function/internal_message.html?_=1661135991954&CODE_STATE=getMsg HTTP/1.1" 200 27
120.253.135.82 - - [22/Aug/2022:10:39:50 +0800] "POST /xingrg/dwr/call/plaincall/AjaxQqpsService.loadMaterielItems.dwr HTTP/1.1" 200 702
222.69.129.110 - - [22/Aug/2022:10:39:55 +0800] "GET /xingrg/all/function/internal_message.html?_=1661136063481&CODE_STATE=getMsg HTTP/1.1" 200 27
61.165.19.104 - - [22/Aug/2022:10:39:57 +0800] "GET /xingrg/javascript/jquery_tools/images/prev.gif HTTP/1.1" 404 1086
61.165.19.104 - - [22/Aug/2022:10:39:57 +0800] "GET /xingrg/javascript/jquery_tools/images/next.gif HTTP/1.1" 404 1086
101.80.228.36 - - [22/Aug/2022:10:39:58 +0800] "GET /xingrg/all/function/internal_message.html?_=1661135998139&CODE_STATE=getMsg HTTP/1.1" 200 27
120.253.135.82 - - [22/Aug/2022:10:40:00 +0800] "GET /xingrg/all/function/internal_message.html?_=1661135805073&CODE_STATE=getMsg HTTP/1.1" 200 27
116.235.94.65 - - [22/Aug/2022:10:40:01 +0800] "POST /xingrg/services/DataTransmitService HTTP/1.1" 200 45454
116.235.94.65 - - [22/Aug/2022:10:40:01 +0800] "POST /xingrg/services/DataTransmitService HTTP/1.1" 200 19237
120.253.135.82 - - [22/Aug/2022:10:40:04 +0800] "GET /xingrg/kc/pszx/mdqp_order_list.html?isBack=1 HTTP/1.1" 302 -
120.253.135.82 - - [22/Aug/2022:10:40:04 +0800] "GET /xingrg/kc/pszx/mdqp_order_list.html?state=10 HTTP/1.1" 200 10657
120.253.135.82 - - [22/Aug/2022:10:40:04 +0800] "GET /xingrg/dwr/interface/AjaxReportQueryService.js HTTP/1.1" 200 13203
120.253.135.82 - - [22/Aug/2022:10:40:04 +0800] "GET /xingrg/dwr/interface/AjaxQqpsService.js HTTP/1.1" 200 16326
120.253.135.82 - - [22/Aug/2022:10:40:04 +0800] "GET /xingrg/dwr/engine.js HTTP/1.1" 200 43631
61.165.19.104 - - [22/Aug/2022:10:40:04 +0800] "GET /xingrg/kc/base/wldb_order_operate.html?command=get_materiel&rest_code=00105&base_code=0010507&code=00101019183 HTTP/1.1" 200 449
120.253.135.82 - - [22/Aug/2022:10:40:07 +0800] "GET /xingrg/kc/pszx/mdps_order_list.html?orderType=0 HTTP/1.1" 200 21007
114.84.5.35 - - [22/Aug/2022:10:40:07 +0800] "GET /xingrg/all/function/internal_message.html?_=1661136006825&CODE_STATE=getMsg HTTP/1.1" 200 27
114.84.5.35 - - [22/Aug/2022:10:40:07 +0800] "GET /xingrg/check_reg.html?_=1661136006821 HTTP/1.1" 200 22
120.253.135.82 - - [22/Aug/2022:10:40:08 +0800] "POST /xingrg/kc/pszx/mdps_list_operate.html HTTP/1.1" 200 5458
116.232.194.65 - - [22/Aug/2022:10:40:10 +0800] "GET /xingrg/all/function/internal_message.html?_=1661135967695&CODE_STATE=getMsg HTTP/1.1" 200 27
180.169.147.146 - - [22/Aug/2022:10:40:13 +0800] "GET /xingrg/all/function/internal_message.html?_=1661136013287&CODE_STATE=getMsg HTTP/1.1" 200 27
120.253.135.82 - - [22/Aug/2022:10:40:14 +0800] "POST /xingrg/kc/pszx/mdps_list_operate.html HTTP/1.1" 200 868
61.165.19.104 - - [22/Aug/2022:10:40:14 +0800] "GET /xingrg/kc/base/wldb_order_operate.html?command=get_materiel&rest_code=00105&base_code=0010507&code=00101019222 HTTP/1.1" 200 453
120.253.135.82 - - [22/Aug/2022:10:40:16 +0800] "GET /xingrg/kc/pszx/mdps_order_add.html HTTP/1.1" 200 29120
120.253.135.82 - - [22/Aug/2022:10:40:16 +0800] "POST /xingrg/kc/pszx/mdps_order_operate.html HTTP/1.1" 200 7126
120.253.135.82 - - [22/Aug/2022:10:40:17 +0800] "GET /xingrg/javascript/easyui/themes/default/validatebox.css HTTP/1.1" 404 1104
114.83.216.129 - - [22/Aug/2022:10:40:17 +0800] "POST /xingrg/services/DataTransmitService HTTP/1.1" 200 524
114.83.216.129 - - [22/Aug/2022:10:40:18 +0800] "POST /xingrg/services/DataTransmitService HTTP/1.1" 200 412
120.253.135.82 - - [22/Aug/2022:10:40:21 +0800] "POST /xingrg/all/common/load_combo.html?type=base HTTP/1.1" 200 1260
114.88.158.224 - - [22/Aug/2022:10:40:25 +0800] "POST /xingrg/services/DataTransmitService HTTP/1.1" 200 524
114.88.158.224 - - [22/Aug/2022:10:40:25 +0800] "POST /xingrg/services/DataTransmitService HTTP/1.1" 200 501
114.88.158.224 - - [22/Aug/2022:10:40:27 +0800] "GET /xingrg/all/function/internal_message.html?_=1661135694854&CODE_STATE=getMsg HTTP/1.1" 200 27
61.165.19.104 - - [22/Aug/2022:10:40:27 +0800] "GET /xingrg/check_reg.html?_=1661135896590 HTTP/1.1" 200 22
61.165.19.104 - - [22/Aug/2022:10:40:27 +0800] "GET /xingrg/all/function/internal_message.html?_=1661135896595&CODE_STATE=getMsg HTTP/1.1" 200 27
116.224.123.211 - - [22/Aug/2022:10:40:28 +0800] "GET /xingrg/all/function/internal_message.html?_=1661136028482&CODE_STATE=getMsg HTTP/1.1" 200 27
120.253.135.82 - - [22/Aug/2022:10:40:29 +0800] "GET /xingrg/kc/pszx/mdps_order_operate.html?command=get_materiel&pszx_code=00101&rest_code=00151&base_code=0010250&code=00102002679 HTTP/1.1" 200 457
116.233.77.65 - - [22/Aug/2022:10:40:30 +0800] "GET /xingrg/all/function/internal_message.html?_=1661136036532&CODE_STATE=getMsg HTTP/1.1" 200 27
120.253.135.82 - - [22/Aug/2022:10:40:31 +0800] "POST /xingrg/all/common/load_select.html HTTP/1.1" 200 25
116.224.255.128 - - [22/Aug/2022:10:40:31 +0800] "GET /xingrg/all/function/internal_message.html?_=1661135960169&CODE_STATE=getMsg HTTP/1.1" 200 27
120.253.135.82 - - [22/Aug/2022:10:40:33 +0800] "GET /xingrg/kc/pszx/mdps_order_operate.html?command=get_materiel_price&pszx_code=00101&rest_code=00151&base_code=0010250&code=00102002679&unit_code=00100037&order_time=2022-08-22 HTTP/1.1" 200 34
180.169.147.146 - - [22/Aug/2022:10:40:35 +0800] "GET /xingrg/all/function/internal_message.html?_=1661136374592&CODE_STATE=getMsg HTTP/1.1" 200 27
180.169.147.146 - - [22/Aug/2022:10:40:38 +0800] "GET /xingrg/check_reg.html?_=1661136377681 HTTP/1.1" 200 22
114.88.158.224 - - [22/Aug/2022:10:40:42 +0800] "GET /xingrg/all/function/internal_message.html?_=1661136042180&CODE_STATE=getMsg HTTP/1.1" 200 27
120.253.135.82 - - [22/Aug/2022:10:40:43 +0800] "POST /xingrg/kc/pszx/mdps_order_operate.html HTTP/1.1" 200 37
120.253.135.82 - - [22/Aug/2022:10:40:43 +0800] "GET /xingrg/kc/pszx/mdps_order_info.html?code=312022082200503 HTTP/1.1" 200 24020
61.165.19.104 - - [22/Aug/2022:10:40:43 +0800] "GET /xingrg/kc/base/wldb_order_operate.html?command=get_materiel&rest_code=00105&base_code=0010507&code=00101019249 HTTP/1.1" 200 470
120.253.135.82 - - [22/Aug/2022:10:40:44 +0800] "GET /xingrg/javascript/easyui/themes/default/validatebox.css HTTP/1.1" 404 1104
120.253.135.82 - - [22/Aug/2022:10:40:44 +0800] "POST /xingrg/kc/pszx/mdps_order_operate.html HTTP/1.1" 200 2292
116.224.255.128 - - [22/Aug/2022:10:40:45 +0800] "GET /xingrg/all/function/internal_message.html?_=1661136044010&CODE_STATE=getMsg HTTP/1.1" 200 27
61.165.19.104 - - [22/Aug/2022:10:40:45 +0800] "GET /xingrg/all/function/internal_message.html?_=1661136046226&CODE_STATE=getMsg HTTP/1.1" 200 27
116.224.123.211 - - [22/Aug/2022:10:40:45 +0800] "GET /xingrg/all/function/internal_message.html?_=1661136047459&CODE_STATE=getMsg HTTP/1.1" 200 27
114.83.216.129 - - [22/Aug/2022:10:40:47 +0800] "GET /xingrg/all/function/internal_message.html?_=1661136046562&CODE_STATE=getMsg HTTP/1.1" 200 27
120.253.135.82 - - [22/Aug/2022:10:40:47 +0800] "GET /xingrg/kc/print/load_data.html?order_code=312022082200503&kc_code=mdps&condition= HTTP/1.1" 200 690
61.165.19.104 - - [22/Aug/2022:10:40:49 +0800] "POST /xingrg/services/DataTransmitService HTTP/1.1" 200 524
180.169.147.146 - - [22/Aug/2022:10:40:50 +0800] "GET /xingrg/all/function/internal_message.html?_=1661136049916&CODE_STATE=getMsg HTTP/1.1" 200 27
218.81.223.53 - - [22/Aug/2022:10:40:50 +0800] "GET /xingrg/all/function/internal_message.html?_=1661136051968&CODE_STATE=getMsg HTTP/1.1" 200 27
120.253.135.82 - - [22/Aug/2022:10:40:55 +0800] "POST /xingrg/kc/pszx/mdps_order_operate.html HTTP/1.1" 200 37
222.69.129.110 - - [22/Aug/2022:10:40:55 +0800] "GET /xingrg/all/function/internal_message.html?_=1661136123477&CODE_STATE=getMsg HTTP/1.1" 200 27
61.165.19.104 - - [22/Aug/2022:10:40:55 +0800] "POST /xingrg/services/DataTransmitService HTTP/1.1" 200 501
120.253.135.82 - - [22/Aug/2022:10:40:57 +0800] "POST /xingrg/kc/pszx/mdps_order_operate.html HTTP/1.1" 200 12
101.80.228.36 - - [22/Aug/2022:10:40:58 +0800] "GET /xingrg/check_reg.html?_=1661136058154 HTTP/1.1" 200 22
120.253.135.82 - - [22/Aug/2022:10:40:58 +0800] "GET /xingrg/kc/pszx/mdps_order_info.html?code=312022082200503 HTTP/1.1" 200 19680
101.80.228.36 - - [22/Aug/2022:10:40:58 +0800] "GET /xingrg/all/function/internal_message.html?_=1661136058155&CODE_STATE=getMsg HTTP/1.1" 200 27
114.88.158.224 - - [22/Aug/2022:10:40:59 +0800] "GET /xingrg/kc/buy/cgsh_order_operate.html?command=get_materiel&rest_code=00141&code=00101008185&supplier_code=00100007&order_time=2022-08-22 HTTP/1.1" 200 408
120.253.135.82 - - [22/Aug/2022:10:40:59 +0800] "POST /xingrg/kc/pszx/mdps_order_operate.html HTTP/1.1" 200 514
120.253.135.82 - - [22/Aug/2022:10:40:59 +0800] "GET /xingrg/javascript/easyui/themes/default/validatebox.css HTTP/1.1" 404 1104
120.253.135.82 - - [22/Aug/2022:10:40:59 +0800] "GET /xingrg/check_reg.html?_=1661135863772 HTTP/1.1" 200 22
120.253.135.82 - - [22/Aug/2022:10:41:00 +0800] "GET /xingrg/all/function/internal_message.html?_=1661135865085&CODE_STATE=getMsg HTTP/1.1" 200 27
114.84.5.35 - - [22/Aug/2022:10:41:07 +0800] "GET /xingrg/all/function/internal_message.html?_=1661136066812&CODE_STATE=getMsg HTTP/1.1" 200 27
114.88.158.224 - - [22/Aug/2022:10:41:08 +0800] "GET /xingrg/kc/buy/cgsh_order_operate.html?command=get_materiel&rest_code=00141&code=00101008354&supplier_code=00100007&order_time=2022-08-22 HTTP/1.1" 200 412
116.232.194.65 - - [22/Aug/2022:10:41:10 +0800] "GET /xingrg/all/function/internal_message.html?_=1661136027712&CODE_STATE=getMsg HTTP/1.1" 200 27
116.232.194.65 - - [22/Aug/2022:10:41:10 +0800] "GET /xingrg/check_reg.html?_=1661136027714 HTTP/1.1" 200 22
180.169.147.146 - - [22/Aug/2022:10:41:13 +0800] "GET /xingrg/all/function/internal_message.html?_=1661136073285&CODE_STATE=getMsg HTTP/1.1" 200 27
114.88.158.224 - - [22/Aug/2022:10:41:16 +0800] "GET /xingrg/kc/buy/cgsh_order_operate.html?command=get_materiel&rest_code=00141&code=00101008010&supplier_code=00100007&order_time=2022-08-22 HTTP/1.1" 200 412
61.165.19.104 - - [22/Aug/2022:10:41:23 +0800] "GET /xingrg/kc/base/wldb_order_operate.html?command=get_materiel&rest_code=00105&base_code=0010507&code=00101016029 HTTP/1.1" 200 460
114.88.158.224 - - [22/Aug/2022:10:41:27 +0800] "GET /xingrg/all/function/internal_message.html?_=1661135754863&CODE_STATE=getMsg HTTP/1.1" 200 27
61.165.19.104 - - [22/Aug/2022:10:41:27 +0800] "GET /xingrg/all/function/internal_message.html?_=1661135956587&CODE_STATE=getMsg HTTP/1.1" 200 27
116.224.123.211 - - [22/Aug/2022:10:41:28 +0800] "GET /xingrg/all/function/internal_message.html?_=1661136088458&CODE_STATE=getMsg HTTP/1.1" 200 27
116.224.255.128 - - [22/Aug/2022:10:41:30 +0800] "GET /xingrg/check_reg.html?_=1661136018756 HTTP/1.1" 200 22
116.233.77.65 - - [22/Aug/2022:10:41:30 +0800] "GET /xingrg/all/function/internal_message.html?_=1661136096535&CODE_STATE=getMsg HTTP/1.1" 200 27
116.224.255.128 - - [22/Aug/2022:10:41:31 +0800] "GET /xingrg/all/function/internal_message.html?_=1661136020183&CODE_STATE=getMsg HTTP/1.1" 200 27
61.165.19.104 - - [22/Aug/2022:10:41:31 +0800] "POST /xingrg/kc/base/wldb_order_operate.html HTTP/1.1" 200 37
61.165.19.104 - - [22/Aug/2022:10:41:32 +0800] "POST /xingrg/kc/base/wldb_order_operate.html HTTP/1.1" 200 4168
61.165.19.104 - - [22/Aug/2022:10:41:33 +0800] "GET /xingrg/kc/base/wldb_order_info.html?code=422022082201834 HTTP/1.1" 200 30371
61.165.19.104 - - [22/Aug/2022:10:41:33 +0800] "GET /xingrg/javascript/easyui/themes/default/validatebox.css HTTP/1.1" 404 1104
61.165.19.104 - - [22/Aug/2022:10:41:34 +0800] "POST /xingrg/kc/base/wldb_order_operate.html HTTP/1.1" 200 4168
180.169.147.146 - - [22/Aug/2022:10:41:35 +0800] "GET /xingrg/all/function/internal_message.html?_=1661136434603&CODE_STATE=getMsg HTTP/1.1" 200 27
116.224.123.211 - - [22/Aug/2022:10:41:35 +0800] "GET /xingrg/kc/mdqp/pssh_order_list.html HTTP/1.1" 200 17863
116.224.123.211 - - [22/Aug/2022:10:41:35 +0800] "POST /xingrg/kc/mdqp/pssh_list_operate.html HTTP/1.1" 200 5382
116.224.123.211 - - [22/Aug/2022:10:41:36 +0800] "POST /xingrg/kc/mdqp/pssh_list_operate.html HTTP/1.1" 200 255
116.224.123.211 - - [22/Aug/2022:10:41:37 +0800] "POST /xingrg/kc/mdqp/pssh_list_operate.html HTTP/1.1" 200 262
114.88.158.224 - - [22/Aug/2022:10:41:37 +0800] "GET /xingrg/kc/buy/cgsh_order_operate.html?command=get_materiel&rest_code=00141&code=00101008038&supplier_code=00100007&order_time=2022-08-22 HTTP/1.1" 200 412
114.88.158.224 - - [22/Aug/2022:10:41:42 +0800] "GET /xingrg/all/function/internal_message.html?_=1661136102184&CODE_STATE=getMsg HTTP/1.1" 200 27
116.224.255.128 - - [22/Aug/2022:10:41:45 +0800] "GET /xingrg/all/function/internal_message.html?_=1661136104009&CODE_STATE=getMsg HTTP/1.1" 200 27
61.165.19.104 - - [22/Aug/2022:10:41:45 +0800] "GET /xingrg/all/function/internal_message.html?_=1661136106226&CODE_STATE=getMsg HTTP/1.1" 200 27
116.224.123.211 - - [22/Aug/2022:10:41:45 +0800] "GET /xingrg/all/function/internal_message.html?_=1661136107436&CODE_STATE=getMsg HTTP/1.1" 200 27
114.88.158.224 - - [22/Aug/2022:10:41:45 +0800] "GET /xingrg/kc/buy/cgsh_order_operate.html?command=get_materiel&rest_code=00141&code=00101008355&supplier_code=00100007&order_time=2022-08-22 HTTP/1.1" 200 408
180.169.147.146 - - [22/Aug/2022:10:41:47 +0800] "GET /xingrg/login.html HTTP/1.1" 200 7641
114.83.216.129 - - [22/Aug/2022:10:41:47 +0800] "GET /xingrg/all/function/internal_message.html?_=1661136106545&CODE_STATE=getMsg HTTP/1.1" 200 27
116.224.123.211 - - [22/Aug/2022:10:41:48 +0800] "POST /xingrg/kc/mdqp/pssh_list_operate.html HTTP/1.1" 200 266
116.224.123.211 - - [22/Aug/2022:10:41:49 +0800] "POST /xingrg/all/common/load_combo.html?type=base HTTP/1.1" 200 3321
180.169.147.146 - - [22/Aug/2022:10:41:49 +0800] "GET /favicon.ico HTTP/1.1" 404 -
180.169.147.146 - - [22/Aug/2022:10:41:50 +0800] "GET /xingrg/check_reg.html?_=1661136109920 HTTP/1.1" 200 22
180.169.147.146 - - [22/Aug/2022:10:41:50 +0800] "GET /xingrg/all/function/internal_message.html?_=1661136109922&CODE_STATE=getMsg HTTP/1.1" 200 27
218.81.223.53 - - [22/Aug/2022:10:41:50 +0800] "GET /xingrg/all/function/internal_message.html?_=1661136112213&CODE_STATE=getMsg HTTP/1.1" 200 27
180.169.147.146 - - [22/Aug/2022:10:41:51 +0800] "POST /xingrg/login.do HTTP/1.1" 302 -
180.169.147.146 - - [22/Aug/2022:10:41:51 +0800] "GET /xingrg/index.html?sysBaseUrl=http%3A%2F%2F180.169.147.146%3A18081%2Fxingrg%2F&costTime=48×tamp=1661136111230 HTTP/1.1" 200 17503
180.169.147.146 - - [22/Aug/2022:10:41:51 +0800] "GET /favicon.ico HTTP/1.1" 404 -
180.169.147.146 - - [22/Aug/2022:10:41:52 +0800] "POST /xingrg/all/common/load_tree.html?tree=area_rest_tree_json&manage=1 HTTP/1.1" 200 3472
116.224.123.211 - - [22/Aug/2022:10:41:52 +0800] "POST /xingrg/all/common/load_combo.html?type=base HTTP/1.1" 200 3321
180.169.147.146 - - [22/Aug/2022:10:41:52 +0800] "GET /xingrg/all/function/internal_message.html?_=1661136111079&CODE_STATE=count HTTP/1.1" 200 11
180.169.147.146 - - [22/Aug/2022:10:41:52 +0800] "GET /xingrg/check_reg.html?_=1661136111081 HTTP/1.1" 200 22
180.169.147.146 - - [22/Aug/2022:10:41:52 +0800] "POST /xingrg/load_menu.html HTTP/1.1" 200 11443
114.88.158.224 - - [22/Aug/2022:10:41:53 +0800] "GET /xingrg/kc/buy/cgsh_order_operate.html?command=get_materiel&rest_code=00141&code=00101008079&supplier_code=00100007&order_time=2022-08-22 HTTP/1.1" 200 416
222.69.129.110 - - [22/Aug/2022:10:41:55 +0800] "GET /xingrg/all/function/internal_message.html?_=1661136183476&CODE_STATE=getMsg HTTP/1.1" 200 27
180.169.147.146 - - [22/Aug/2022:10:41:57 +0800] "POST /xingrg/all/user/operate.html HTTP/1.1" 200 36
180.169.147.146 - - [22/Aug/2022:10:41:57 +0800] "GET /xingrg/javascript/jquery_easy_ui/themes/default/easyui.css HTTP/1.1" 304 -
180.169.147.146 - - [22/Aug/2022:10:41:57 +0800] "GET /xingrg/javascript/jquery_easy_ui/themes/icon.css HTTP/1.1" 304 -
180.169.147.146 - - [22/Aug/2022:10:41:57 +0800] "GET /xingrg/css/form.css HTTP/1.1" 304 -
180.169.147.146 - - [22/Aug/2022:10:41:57 +0800] "GET /xingrg/javascript/jquery-1.4.2.min.js HTTP/1.1" 304 -
180.169.147.146 - - [22/Aug/2022:10:41:57 +0800] "GET /xingrg/javascript/jquery_easy_ui/jquery.easyui.min.js HTTP/1.1" 304 -
180.169.147.146 - - [22/Aug/2022:10:41:57 +0800] "GET /xingrg/javascript/jquery_easy_ui/easyui-lang-zh_CN.js HTTP/1.1" 304 -
180.169.147.146 - - [22/Aug/2022:10:41:57 +0800] "GET /xingrg/javascript/jquery.utils.js HTTP/1.1" 304 -
180.169.147.146 - - [22/Aug/2022:10:41:57 +0800] "GET /xingrg/javascript/jquery.timers.js HTTP/1.1" 304 -
180.169.147.146 - - [22/Aug/2022:10:41:57 +0800] "GET /xingrg/index.html?sysBaseUrl=http%3A%2F%2F180.169.147.146%3A18081%2Fxingrg%2F&costTime=48×tamp=1661136111230 HTTP/1.1" 200 17509
180.169.147.146 - - [22/Aug/2022:10:41:57 +0800] "GET /xingrg/images/blue/jxLogo.png HTTP/1.1" 304 -
180.169.147.146 - - [22/Aug/2022:10:41:57 +0800] "GET /xingrg/javascript/jquery.form.js HTTP/1.1" 304 -
180.169.147.146 - - [22/Aug/2022:10:41:57 +0800] "GET /xingrg/images/blue/navBackgound.jpg HTTP/1.1" 304 -
180.169.147.146 - - [22/Aug/2022:10:41:57 +0800] "GET /xingrg/javascript/jquery_easy_ui/themes/icons/settle_new.png HTTP/1.1" 304 -
180.169.147.146 - - [22/Aug/2022:10:41:57 +0800] "POST /xingrg/all/common/load_tree.html?tree=area_rest_tree_json&manage=1 HTTP/1.1" 200 3472
180.169.147.146 - - [22/Aug/2022:10:41:57 +0800] "GET /xingrg/check_reg.html?_=1661136116413 HTTP/1.1" 200 22
180.169.147.146 - - [22/Aug/2022:10:41:57 +0800] "GET /xingrg/all/function/internal_message.html?_=1661136116413&CODE_STATE=count HTTP/1.1" 200 11
180.169.147.146 - - [22/Aug/2022:10:41:57 +0800] "GET /xingrg/javascript/jquery_easy_ui/themes/default/images/tabs_leftarrow.png HTTP/1.1" 304 -
180.169.147.146 - - [22/Aug/2022:10:41:57 +0800] "GET /xingrg/javascript/jquery_easy_ui/themes/default/images/panel_tool_collapse.gif HTTP/1.1" 304 -
180.169.147.146 - - [22/Aug/2022:10:41:57 +0800] "GET /xingrg/images/blue/pingpu.png HTTP/1.1" 304 -
180.169.147.146 - - [22/Aug/2022:10:41:57 +0800] "GET /xingrg/javascript/jquery_easy_ui/themes/default/images/panel_tool_expand.gif HTTP/1.1" 304 -
180.169.147.146 - - [22/Aug/2022:10:41:57 +0800] "GET /xingrg/javascript/jquery_easy_ui/themes/default/images/tabs_rightarrow.png HTTP/1.1" 304 -
180.169.147.146 - - [22/Aug/2022:10:41:57 +0800] "POST /xingrg/load_menu.html HTTP/1.1" 200 9959
101.80.228.36 - - [22/Aug/2022:10:41:58 +0800] "GET /xingrg/all/function/internal_message.html?_=1661136118140&CODE_STATE=getMsg HTTP/1.1" 200 27
180.169.147.146 - - [22/Aug/2022:10:41:58 +0800] "GET /xingrg/kc/buy/buy_main.html HTTP/1.1" 200 12412
180.169.147.146 - - [22/Aug/2022:10:41:58 +0800] "GET /xingrg/css/new_ie.css HTTP/1.1" 404 1036
180.169.147.146 - - [22/Aug/2022:10:41:59 +0800] "GET /xingrg/images/yd/bt.gif HTTP/1.1" 404 1040
180.169.147.146 - - [22/Aug/2022:10:41:59 +0800] "GET /xingrg/kc/buy/cgsh_order_list.html HTTP/1.1" 200 52858
120.253.135.82 - - [22/Aug/2022:10:42:00 +0800] "GET /xingrg/all/function/internal_message.html?_=1661135925100&CODE_STATE=getMsg HTTP/1.1" 200 27
116.224.123.211 - - [22/Aug/2022:10:42:01 +0800] "GET /xingrg/kc/base/wldb_order_operate.html?command=get_materiel&rest_code=00102&base_code=0010476&code=00101019079 HTTP/1.1" 200 479
114.88.158.224 - - [22/Aug/2022:10:42:01 +0800] "GET /xingrg/kc/buy/cgsh_order_operate.html?command=get_materiel&rest_code=00141&code=00101008077&supplier_code=00100007&order_time=2022-08-22 HTTP/1.1" 200 416
180.169.147.146 - - [22/Aug/2022:10:42:01 +0800] "POST /xingrg/kc/buy/cgsh_list_operate.html HTTP/1.1" 200 752
180.169.147.146 - - [22/Aug/2022:10:42:05 +0800] "GET /xingrg/javascript/jquery_tools/images/next.gif HTTP/1.1" 404 1086
180.169.147.146 - - [22/Aug/2022:10:42:05 +0800] "GET /xingrg/javascript/jquery_tools/images/prev.gif HTTP/1.1" 404 1086
116.224.123.211 - - [22/Aug/2022:10:42:06 +0800] "GET /xingrg/kc/base/wldb_order_operate.html?command=get_materiel&rest_code=00102&base_code=0010476&code=00101013092 HTTP/1.1" 200 432
114.84.5.35 - - [22/Aug/2022:10:42:07 +0800] "GET /xingrg/all/function/internal_message.html?_=1661136126823&CODE_STATE=getMsg HTTP/1.1" 200 27
116.232.194.65 - - [22/Aug/2022:10:42:10 +0800] "GET /xingrg/all/function/internal_message.html?_=1661136087711&CODE_STATE=getMsg HTTP/1.1" 200 27
114.88.158.224 - - [22/Aug/2022:10:42:11 +0800] "GET /xingrg/kc/buy/cgsh_order_operate.html?command=get_materiel&rest_code=00141&code=00101008357&supplier_code=00100007&order_time=2022-08-22 HTTP/1.1" 200 408
180.169.147.146 - - [22/Aug/2022:10:42:11 +0800] "POST /xingrg/kc/buy/cgsh_list_operate.html HTTP/1.1" 200 4896
180.169.147.146 - - [22/Aug/2022:10:42:13 +0800] "GET /xingrg/all/function/internal_message.html?_=1661136133284&CODE_STATE=getMsg HTTP/1.1" 200 27
116.224.123.211 - - [22/Aug/2022:10:42:13 +0800] "GET /xingrg/kc/base/wldb_order_operate.html?command=get_materiel&rest_code=00102&base_code=0010476&code=00101019295 HTTP/1.1" 200 477
116.224.123.211 - - [22/Aug/2022:10:42:17 +0800] "GET /xingrg/kc/base/wldb_order_operate.html?command=get_materiel&rest_code=00102&base_code=0010476&code=00101019438 HTTP/1.1" 200 461
180.169.147.146 - - [22/Aug/2022:10:42:18 +0800] "POST /xingrg/kc/buy/cgsh_list_operate.html HTTP/1.1" 200 4915
180.169.147.146 - - [22/Aug/2022:10:42:20 +0800] "POST /xingrg/kc/buy/cgsh_list_operate.html HTTP/1.1" 200 440
116.235.94.65 - - [22/Aug/2022:10:42:23 +0800] "GET /xingrg/login.html HTTP/1.1" 200 7641
116.235.94.65 - - [22/Aug/2022:10:42:23 +0800] "GET /favicon.ico HTTP/1.1" 404 -
116.224.123.211 - - [22/Aug/2022:10:42:23 +0800] "GET /xingrg/kc/base/wldb_order_operate.html?command=get_materiel&rest_code=00102&base_code=0010476&code=00101019253 HTTP/1.1" 200 481
180.169.147.146 - - [22/Aug/2022:10:42:25 +0800] "POST /xingrg/kc/buy/cgsh_list_operate.html HTTP/1.1" 200 4
114.88.158.224 - - [22/Aug/2022:10:42:27 +0800] "GET /xingrg/all/function/internal_message.html?_=1661135814863&CODE_STATE=getMsg HTTP/1.1" 200 27
61.165.19.104 - - [22/Aug/2022:10:42:27 +0800] "GET /xingrg/all/function/internal_message.html?_=1661136016606&CODE_STATE=getMsg HTTP/1.1" 200 27
116.224.123.211 - - [22/Aug/2022:10:42:28 +0800] "GET /xingrg/all/function/internal_message.html?_=1661136148522&CODE_STATE=getMsg HTTP/1.1" 200 27
116.224.123.211 - - [22/Aug/2022:10:42:29 +0800] "GET /xingrg/kc/base/wldb_order_operate.html?command=get_materiel&rest_code=00102&base_code=0010476&code=00101019536 HTTP/1.1" 200 470
116.233.77.65 - - [22/Aug/2022:10:42:30 +0800] "GET /xingrg/all/function/internal_message.html?_=1661136156537&CODE_STATE=getMsg HTTP/1.1" 200 27
116.224.255.128 - - [22/Aug/2022:10:42:31 +0800] "GET /xingrg/all/function/internal_message.html?_=1661136080196&CODE_STATE=getMsg HTTP/1.1" 200 27
116.232.194.65 - - [22/Aug/2022:10:42:31 +0800] "POST /xingrg/services/DataTransmitService HTTP/1.1" 200 524
114.88.158.224 - - [22/Aug/2022:10:42:32 +0800] "GET /xingrg/kc/buy/cgsh_order_operate.html?command=get_materiel&rest_code=00141&code=00101008036&supplier_code=00100007&order_time=2022-08-22 HTTP/1.1" 200 408
116.224.123.211 - - [22/Aug/2022:10:42:34 +0800] "GET /xingrg/kc/base/wldb_order_operate.html?command=get_materiel&rest_code=00102&base_code=0010476&code=00101019258 HTTP/1.1" 200 482
180.169.147.146 - - [22/Aug/2022:10:42:35 +0800] "GET /xingrg/check_reg.html?_=1661136494593 HTTP/1.1" 200 22
180.169.147.146 - - [22/Aug/2022:10:42:35 +0800] "GET /xingrg/all/function/internal_message.html?_=1661136494596&CODE_STATE=getMsg HTTP/1.1" 200 27
180.169.147.146 - - [22/Aug/2022:10:42:36 +0800] "POST /xingrg/kc/buy/cgsh_list_operate.html HTTP/1.1" 200 4896
116.235.94.65 - - [22/Aug/2022:10:42:42 +0800] "POST /xingrg/login.do HTTP/1.1" 200 2421
116.235.94.65 - - [22/Aug/2022:10:42:42 +0800] "GET /favicon.ico HTTP/1.1" 404 -
114.88.158.224 - - [22/Aug/2022:10:42:42 +0800] "GET /xingrg/check_reg.html?_=1661136162186 HTTP/1.1" 200 22
114.88.158.224 - - [22/Aug/2022:10:42:42 +0800] "GET /xingrg/all/function/internal_message.html?_=1661136162184&CODE_STATE=getMsg HTTP/1.1" 200 27
114.88.158.224 - - [22/Aug/2022:10:42:43 +0800] "GET /xingrg/kc/buy/cgsh_order_operate.html?command=get_materiel&rest_code=00141&code=00101008286&supplier_code=00100007&order_time=2022-08-22 HTTP/1.1" 200 408
116.224.255.128 - - [22/Aug/2022:10:42:45 +0800] "GET /xingrg/all/function/internal_message.html?_=1661136164017&CODE_STATE=getMsg HTTP/1.1" 200 27
116.224.255.128 - - [22/Aug/2022:10:42:45 +0800] "GET /xingrg/check_reg.html?_=1661136164022 HTTP/1.1" 200 22
61.165.19.104 - - [22/Aug/2022:10:42:45 +0800] "GET /xingrg/check_reg.html?_=1661136166227 HTTP/1.1" 200 22
116.224.123.211 - - [22/Aug/2022:10:42:45 +0800] "GET /xingrg/all/function/internal_message.html?_=1661136167415&CODE_STATE=getMsg HTTP/1.1" 200 27
61.165.19.104 - - [22/Aug/2022:10:42:45 +0800] "GET /xingrg/all/function/internal_message.html?_=1661136166228&CODE_STATE=getMsg HTTP/1.1" 200 27
116.224.123.211 - - [22/Aug/2022:10:42:45 +0800] "GET /xingrg/check_reg.html?_=1661136167505 HTTP/1.1" 200 22
116.235.94.65 - - [22/Aug/2022:10:42:45 +0800] "GET /xingrg/login.html HTTP/1.1" 200 7641
116.235.94.65 - - [22/Aug/2022:10:42:45 +0800] "GET /favicon.ico HTTP/1.1" 404 -
114.83.216.129 - - [22/Aug/2022:10:42:47 +0800] "GET /xingrg/all/function/internal_message.html?_=1661136166538&CODE_STATE=getMsg HTTP/1.1" 200 27
180.169.147.146 - - [22/Aug/2022:10:42:50 +0800] "GET /xingrg/all/function/internal_message.html?_=1661136169913&CODE_STATE=getMsg HTTP/1.1" 200 27
114.88.158.224 - - [22/Aug/2022:10:42:50 +0800] "GET /xingrg/kc/buy/cgsh_order_operate.html?command=get_materiel&rest_code=00141&code=00101008131&supplier_code=00100007&order_time=2022-08-22 HTTP/1.1" 200 408
218.81.223.53 - - [22/Aug/2022:10:42:50 +0800] "GET /xingrg/all/function/internal_message.html?_=1661136172229&CODE_STATE=getMsg HTTP/1.1" 200 27
222.69.129.110 - - [22/Aug/2022:10:42:55 +0800] "GET /xingrg/all/function/internal_message.html?_=1661136243489&CODE_STATE=getMsg HTTP/1.1" 200 27
116.235.94.65 - - [22/Aug/2022:10:42:56 +0800] "POST /xingrg/login.do HTTP/1.1" 302 -
116.235.94.65 - - [22/Aug/2022:10:42:56 +0800] "GET /xingrg/index.html?sysBaseUrl=http%3A%2F%2F180.169.147.146%3A18081%2Fxingrg%2F&costTime=56×tamp=1661136176142 HTTP/1.1" 200 17179
116.235.94.65 - - [22/Aug/2022:10:42:56 +0800] "GET /favicon.ico HTTP/1.1" 404 -
116.235.94.65 - - [22/Aug/2022:10:42:56 +0800] "POST /xingrg/all/common/load_tree.html?tree=area_rest_tree_json&manage=1 HTTP/1.1" 200 351
116.235.94.65 - - [22/Aug/2022:10:42:56 +0800] "POST /xingrg/load_menu.html HTTP/1.1" 200 5138
116.235.94.65 - - [22/Aug/2022:10:42:56 +0800] "GET /xingrg/all/function/internal_message.html?_=1661136365811&CODE_STATE=count HTTP/1.1" 200 11
116.235.94.65 - - [22/Aug/2022:10:42:56 +0800] "GET /xingrg/check_reg.html?_=1661136365813 HTTP/1.1" 200 22
180.169.147.146 - - [22/Aug/2022:10:42:57 +0800] "GET /xingrg/all/function/internal_message.html?_=1661136176416&CODE_STATE=getMsg HTTP/1.1" 200 27
101.80.228.36 - - [22/Aug/2022:10:42:58 +0800] "GET /xingrg/all/function/internal_message.html?_=1661136178145&CODE_STATE=getMsg HTTP/1.1" 200 27
180.169.147.146 - - [22/Aug/2022:10:42:59 +0800] "POST /xingrg/kc/buy/cgsh_list_operate.html HTTP/1.1" 200 1532
116.235.94.65 - - [22/Aug/2022:10:42:59 +0800] "GET /xingrg/kc/buy/cgsh_order_list.html HTTP/1.1" 200 52603
120.253.135.82 - - [22/Aug/2022:10:43:01 +0800] "GET /xingrg/all/function/internal_message.html?_=1661135985276&CODE_STATE=getMsg HTTP/1.1" 200 27
116.235.94.65 - - [22/Aug/2022:10:43:01 +0800] "POST /xingrg/kc/buy/cgsh_list_operate.html HTTP/1.1" 200 752
180.169.147.146 - - [22/Aug/2022:10:43:01 +0800] "POST /xingrg/kc/buy/cgsh_list_operate.html HTTP/1.1" 200 440
180.169.147.146 - - [22/Aug/2022:10:43:01 +0800] "GET /xingrg/kc/buy/cgsh_order_info.html?code=212022082006565 HTTP/1.1" 200 68389
180.169.147.146 - - [22/Aug/2022:10:43:02 +0800] "GET /xingrg/javascript/easyui/themes/default/validatebox.css HTTP/1.1" 404 1104
180.169.147.146 - - [22/Aug/2022:10:43:02 +0800] "POST /xingrg/kc/buy/cgsh_order_operate.html HTTP/1.1" 200 4464
116.224.123.211 - - [22/Aug/2022:10:43:04 +0800] "POST /xingrg/kc/mdqp/pssh_list_operate.html HTTP/1.1" 200 1572
116.235.94.65 - - [22/Aug/2022:10:43:04 +0800] "GET /xingrg/kc/buy/cgsh_order_add.html HTTP/1.1" 200 68420
116.235.94.65 - - [22/Aug/2022:10:43:04 +0800] "GET /xingrg/words/20220821110948_words.js HTTP/1.1" 304 -
116.235.94.65 - - [22/Aug/2022:10:43:04 +0800] "POST /xingrg/kc/buy/cgsh_order_operate.html HTTP/1.1" 200 8245
116.235.94.65 - - [22/Aug/2022:10:43:04 +0800] "GET /xingrg/javascript/easyui/themes/default/validatebox.css HTTP/1.1" 404 1104
116.235.94.65 - - [22/Aug/2022:10:43:04 +0800] "GET /xingrg/all/common/auto_word.html?type=employee&rest_code=00104 HTTP/1.1" 200 245
116.235.94.65 - - [22/Aug/2022:10:43:04 +0800] "GET /xingrg/all/common/auto_word.html?type=employee&rest_code=00104 HTTP/1.1" 200 245
116.224.123.211 - - [22/Aug/2022:10:43:04 +0800] "POST /xingrg/kc/mdqp/pssh_list_operate.html HTTP/1.1" 200 266
101.89.239.245 - - [22/Aug/2022:10:43:05 +0800] "GET /xingrg/all/function/internal_message.html?_=1661136102184&CODE_STATE=getMsg HTTP/1.1" 302 -
101.89.239.245 - - [22/Aug/2022:10:43:05 +0800] "GET /xingrg/login.html HTTP/1.1" 200 7641
180.169.147.146 - - [22/Aug/2022:10:43:05 +0800] "GET /xingrg/javascript/jquery_tools/images/prev.gif HTTP/1.1" 404 1086
180.169.147.146 - - [22/Aug/2022:10:43:05 +0800] "GET /xingrg/javascript/jquery_tools/images/next.gif HTTP/1.1" 404 1086
114.84.5.35 - - [22/Aug/2022:10:43:07 +0800] "GET /xingrg/all/function/internal_message.html?_=1661136186812&CODE_STATE=getMsg HTTP/1.1" 200 27
116.235.94.65 - - [22/Aug/2022:10:43:08 +0800] "GET /xingrg/kc/mdqp/qqps_order_list.html HTTP/1.1" 200 9222
116.235.94.65 - - [22/Aug/2022:10:43:08 +0800] "GET /xingrg/dwr/interface/AjaxQqpsService.js HTTP/1.1" 200 16326
116.235.94.65 - - [22/Aug/2022:10:43:08 +0800] "GET /xingrg/dwr/engine.js HTTP/1.1" 200 43631
116.235.94.65 - - [22/Aug/2022:10:43:08 +0800] "GET /xingrg/dwr/interface/AjaxReportQueryService.js HTTP/1.1" 200 13203
180.169.147.146 - - [22/Aug/2022:10:43:10 +0800] "POST /xingrg/kc/buy/cgsh_order_operate.html HTTP/1.1" 200 37
116.232.194.65 - - [22/Aug/2022:10:43:10 +0800] "GET /xingrg/all/function/internal_message.html?_=1661136147711&CODE_STATE=getMsg HTTP/1.1" 200 27
180.169.147.146 - - [22/Aug/2022:10:43:11 +0800] "POST /xingrg/kc/buy/cgsh_order_operate.html HTTP/1.1" 200 4464
116.235.94.65 - - [22/Aug/2022:10:43:12 +0800] "GET /xingrg/kc/mdqp/qqps_order_list.html?isQuery=1&timeSelect=1&orderTime=day&startTime=2022-08-21&endTime=2022-08-22&state=all&query=%C8%B7++%B6%A8 HTTP/1.1" 200 12227
116.235.94.65 - - [22/Aug/2022:10:43:12 +0800] "GET /xingrg/dwr/interface/AjaxReportQueryService.js HTTP/1.1" 200 13203
116.235.94.65 - - [22/Aug/2022:10:43:12 +0800] "GET /xingrg/dwr/interface/AjaxQqpsService.js HTTP/1.1" 200 16326
116.235.94.65 - - [22/Aug/2022:10:43:12 +0800] "GET /xingrg/dwr/engine.js HTTP/1.1" 200 43631
180.169.147.146 - - [22/Aug/2022:10:43:13 +0800] "GET /xingrg/all/function/internal_message.html?_=1661136193302&CODE_STATE=getMsg HTTP/1.1" 200 27
180.169.147.146 - - [22/Aug/2022:10:43:13 +0800] "GET /xingrg/check_reg.html?_=1661136193303 HTTP/1.1" 200 22
180.169.147.146 - - [22/Aug/2022:10:43:17 +0800] "POST /xingrg/kc/buy/cgsh_order_operate.html HTTP/1.1" 200 37
180.169.147.146 - - [22/Aug/2022:10:43:18 +0800] "POST /xingrg/kc/buy/cgsh_order_operate.html HTTP/1.1" 200 4464
116.224.123.211 - - [22/Aug/2022:10:43:20 +0800] "POST /xingrg/kc/base/wldb_order_operate.html HTTP/1.1" 200 37
116.224.123.211 - - [22/Aug/2022:10:43:22 +0800] "POST /xingrg/kc/base/wldb_order_operate.html HTTP/1.1" 200 12
116.224.123.211 - - [22/Aug/2022:10:43:23 +0800] "POST /xingrg/kc/base/wldb_order_operate.html HTTP/1.1" 200 5222
180.169.147.146 - - [22/Aug/2022:10:43:23 +0800] "POST /xingrg/kc/buy/cgsh_order_operate.html HTTP/1.1" 200 37
180.169.147.146 - - [22/Aug/2022:10:43:24 +0800] "GET /xingrg/javascript/jquery_easy_ui/themes/icons/rest.png HTTP/1.1" 304 -
180.169.147.146 - - [22/Aug/2022:10:43:24 +0800] "GET /xingrg/javascript/jquery_easy_ui/themes/icons/area.png HTTP/1.1" 304 -
116.224.123.211 - - [22/Aug/2022:10:43:25 +0800] "GET /xingrg/kc/base/wldb_order_info.html?code=422022082201835 HTTP/1.1" 200 26229
116.224.123.211 - - [22/Aug/2022:10:43:25 +0800] "GET /xingrg/javascript/easyui/themes/default/validatebox.css HTTP/1.1" 404 1104
116.224.123.211 - - [22/Aug/2022:10:43:25 +0800] "POST /xingrg/kc/base/wldb_order_operate.html HTTP/1.1" 200 3453
180.169.147.146 - - [22/Aug/2022:10:43:26 +0800] "POST /xingrg/kc/buy/cgsh_order_operate.html HTTP/1.1" 200 12
114.88.158.224 - - [22/Aug/2022:10:43:27 +0800] "GET /xingrg/all/function/internal_message.html?_=1661135874928&CODE_STATE=getMsg HTTP/1.1" 200 27
61.165.19.104 - - [22/Aug/2022:10:43:27 +0800] "GET /xingrg/all/function/internal_message.html?_=1661136076597&CODE_STATE=getMsg HTTP/1.1" 200 27
116.224.123.211 - - [22/Aug/2022:10:43:28 +0800] "GET /xingrg/all/function/internal_message.html?_=1661136208507&CODE_STATE=getMsg HTTP/1.1" 200 27
180.169.147.146 - - [22/Aug/2022:10:43:28 +0800] "GET /xingrg/kc/buy/cgsh_order_info.html?code=212022082006565 HTTP/1.1" 200 63277
180.169.147.146 - - [22/Aug/2022:10:43:28 +0800] "GET /xingrg/javascript/easyui/themes/default/validatebox.css HTTP/1.1" 404 1104
180.169.147.146 - - [22/Aug/2022:10:43:29 +0800] "POST /xingrg/kc/buy/cgsh_order_operate.html HTTP/1.1" 200 2414
116.233.77.65 - - [22/Aug/2022:10:43:30 +0800] "GET /xingrg/all/function/internal_message.html?_=1661136216539&CODE_STATE=getMsg HTTP/1.1" 200 27
116.233.77.65 - - [22/Aug/2022:10:43:30 +0800] "GET /xingrg/check_reg.html?_=1661136216539 HTTP/1.1" 200 22
116.224.255.128 - - [22/Aug/2022:10:43:31 +0800] "GET /xingrg/all/function/internal_message.html?_=1661136140211&CODE_STATE=getMsg HTTP/1.1" 200 27
180.169.147.146 - - [22/Aug/2022:10:43:35 +0800] "GET /xingrg/all/function/internal_message.html?_=1661136554609&CODE_STATE=getMsg HTTP/1.1" 200 27
101.89.29.78 - - [22/Aug/2022:10:43:42 +0800] "GET /xingrg/check_reg.html?_=1661136162186 HTTP/1.1" 302 -
114.88.158.224 - - [22/Aug/2022:10:43:42 +0800] "GET /xingrg/all/function/internal_message.html?_=1661136222187&CODE_STATE=getMsg HTTP/1.1" 200 27
101.89.29.78 - - [22/Aug/2022:10:43:42 +0800] "GET /xingrg/login.html HTTP/1.1" 200 7641
116.224.255.128 - - [22/Aug/2022:10:43:45 +0800] "GET /xingrg/all/function/internal_message.html?_=1661136224022&CODE_STATE=getMsg HTTP/1.1" 200 27
61.165.19.104 - - [22/Aug/2022:10:43:45 +0800] "GET /xingrg/all/function/internal_message.html?_=1661136226227&CODE_STATE=getMsg HTTP/1.1" 200 27
116.224.123.211 - - [22/Aug/2022:10:43:45 +0800] "GET /xingrg/all/function/internal_message.html?_=1661136227396&CODE_STATE=getMsg HTTP/1.1" 200 27
114.83.216.129 - - [22/Aug/2022:10:43:47 +0800] "GET /xingrg/all/function/internal_message.html?_=1661136226524&CODE_STATE=getMsg HTTP/1.1" 200 27
218.81.223.53 - - [22/Aug/2022:10:43:49 +0800] "GET /xingrg/check_reg.html?_=1661136231280 HTTP/1.1" 200 22
180.169.147.146 - - [22/Aug/2022:10:43:50 +0800] "GET /xingrg/all/function/internal_message.html?_=1661136229914&CODE_STATE=getMsg HTTP/1.1" 200 27
218.81.223.53 - - [22/Aug/2022:10:43:50 +0800] "GET /xingrg/all/function/internal_message.html?_=1661136232244&CODE_STATE=getMsg HTTP/1.1" 200 27
222.69.129.110 - - [22/Aug/2022:10:43:55 +0800] "GET /xingrg/all/function/internal_message.html?_=1661136303489&CODE_STATE=getMsg HTTP/1.1" 200 27
222.69.129.110 - - [22/Aug/2022:10:43:55 +0800] "GET /xingrg/check_reg.html?_=1661136303491 HTTP/1.1" 200 22
116.235.94.65 - - [22/Aug/2022:10:43:56 +0800] "GET /xingrg/all/function/internal_message.html?_=1661136425820&CODE_STATE=getMsg HTTP/1.1" 200 27
180.169.147.146 - - [22/Aug/2022:10:43:57 +0800] "GET /xingrg/all/function/internal_message.html?_=1661136236417&CODE_STATE=getMsg HTTP/1.1" 200 27
101.80.228.36 - - [22/Aug/2022:10:43:58 +0800] "GET /xingrg/all/function/internal_message.html?_=1661136238133&CODE_STATE=getMsg HTTP/1.1" 200 27
