120.253.135.82 - - [22/Aug/2022:11:08:32 +0800] "GET /xingrg/kc/pszx/mdps_order_info.html?code=312022082100451 HTTP/1.1" 200 24016
120.253.135.82 - - [22/Aug/2022:11:08:32 +0800] "POST /xingrg/kc/pszx/mdps_order_operate.html HTTP/1.1" 200 5783
120.253.135.82 - - [22/Aug/2022:11:08:32 +0800] "GET /xingrg/javascript/easyui/themes/default/validatebox.css HTTP/1.1" 404 1104
180.169.147.146 - - [22/Aug/2022:11:08:35 +0800] "GET /xingrg/all/function/internal_message.html?_=1661138054594&CODE_STATE=getMsg HTTP/1.1" 200 27
120.253.135.82 - - [22/Aug/2022:11:08:36 +0800] "POST /xingrg/kc/pszx/mdps_order_operate.html HTTP/1.1" 200 37
180.162.109.37 - - [22/Aug/2022:11:08:36 +0800] "GET /xingrg/check_reg.html?_=1661136877682 HTTP/1.1" 200 22
180.162.109.37 - - [22/Aug/2022:11:08:36 +0800] "GET /xingrg/all/function/internal_message.html?_=1661136877679&CODE_STATE=getMsg HTTP/1.1" 200 27
101.89.239.245 - - [22/Aug/2022:11:08:37 +0800] "GET /xingrg/all/function/internal_message.html?_=1661137617947&CODE_STATE=getMsg HTTP/1.1" 302 -
101.89.239.245 - - [22/Aug/2022:11:08:37 +0800] "GET /xingrg/login.html HTTP/1.1" 200 7641
120.253.135.82 - - [22/Aug/2022:11:08:38 +0800] "POST /xingrg/kc/pszx/mdps_order_operate.html HTTP/1.1" 200 12
116.233.77.65 - - [22/Aug/2022:11:08:38 +0800] "GET /xingrg/kc/buy/cgsh_order_operate.html?command=get_materiel&rest_code=00109&code=00101008004&supplier_code=00100005&order_time=2022-08-22 HTTP/1.1" 200 416
116.237.75.117 - - [22/Aug/2022:11:08:39 +0800] "GET /xingrg/all/function/internal_message.html?_=1661137724346&CODE_STATE=getMsg HTTP/1.1" 200 27
116.237.75.117 - - [22/Aug/2022:11:08:39 +0800] "GET /xingrg/check_reg.html?_=1661137724694 HTTP/1.1" 200 22
101.85.120.95 - - [22/Aug/2022:11:08:44 +0800] "GET /xingrg/check_reg.html?_=1661137722722 HTTP/1.1" 200 22
101.85.120.95 - - [22/Aug/2022:11:08:44 +0800] "GET /xingrg/all/function/internal_message.html?_=1661137722724&CODE_STATE=getMsg HTTP/1.1" 200 27
116.233.77.65 - - [22/Aug/2022:11:08:44 +0800] "GET /xingrg/kc/buy/cgsh_order_operate.html?command=get_materiel&rest_code=00109&code=00101008264&supplier_code=00100005&order_time=2022-08-22 HTTP/1.1" 200 412
61.165.19.104 - - [22/Aug/2022:11:08:45 +0800] "GET /xingrg/all/function/internal_message.html?_=1661137726270&CODE_STATE=getMsg HTTP/1.1" 200 27
114.83.216.129 - - [22/Aug/2022:11:08:47 +0800] "GET /xingrg/all/function/internal_message.html?_=1661137726093&CODE_STATE=getMsg HTTP/1.1" 200 27
180.169.147.146 - - [22/Aug/2022:11:08:50 +0800] "GET /xingrg/all/function/internal_message.html?_=1661137729908&CODE_STATE=getMsg HTTP/1.1" 200 27
218.81.223.53 - - [22/Aug/2022:11:08:50 +0800] "GET /xingrg/check_reg.html?_=1661137732239 HTTP/1.1" 200 22
116.233.77.65 - - [22/Aug/2022:11:08:51 +0800] "GET /xingrg/kc/buy/cgsh_order_operate.html?command=get_materiel&rest_code=00109&code=00101008360&supplier_code=00100005&order_time=2022-08-22 HTTP/1.1" 200 412
218.81.223.53 - - [22/Aug/2022:11:08:52 +0800] "GET /xingrg/all/function/internal_message.html?_=1661137733783&CODE_STATE=getMsg HTTP/1.1" 200 27
120.253.135.82 - - [22/Aug/2022:11:08:54 +0800] "GET /xingrg/kc/pszx/mdps_order_info.html?code=312022082100451 HTTP/1.1" 200 19676
222.69.129.110 - - [22/Aug/2022:11:08:55 +0800] "GET /xingrg/all/function/internal_message.html?_=1661137803483&CODE_STATE=getMsg HTTP/1.1" 200 27
120.253.135.82 - - [22/Aug/2022:11:08:55 +0800] "POST /xingrg/kc/pszx/mdps_order_operate.html HTTP/1.1" 200 3969
222.69.129.110 - - [22/Aug/2022:11:08:55 +0800] "GET /xingrg/check_reg.html?_=1661137803487 HTTP/1.1" 200 22
120.253.135.82 - - [22/Aug/2022:11:08:55 +0800] "GET /xingrg/javascript/easyui/themes/default/validatebox.css HTTP/1.1" 404 1104
120.253.135.82 - - [22/Aug/2022:11:08:55 +0800] "GET /xingrg/all/function/internal_message.html?_=1661137539959&CODE_STATE=getMsg HTTP/1.1" 200 27
120.253.135.82 - - [22/Aug/2022:11:08:56 +0800] "POST /xingrg/kc/pszx/mdps_list_operate.html HTTP/1.1" 200 1681
116.235.94.65 - - [22/Aug/2022:11:08:56 +0800] "GET /xingrg/all/function/internal_message.html?_=1661137925853&CODE_STATE=getMsg HTTP/1.1" 200 27
120.253.135.82 - - [22/Aug/2022:11:08:57 +0800] "POST /xingrg/kc/pszx/mdps_list_operate.html HTTP/1.1" 200 524
114.88.158.224 - - [22/Aug/2022:11:08:58 +0800] "GET /xingrg/all/function/internal_message.html?_=1661137737951&CODE_STATE=getMsg HTTP/1.1" 200 27
180.169.147.146 - - [22/Aug/2022:11:08:58 +0800] "GET /xingrg/all/function/internal_message.html?_=1661137737284&CODE_STATE=getMsg HTTP/1.1" 200 27
101.80.228.36 - - [22/Aug/2022:11:08:58 +0800] "GET /xingrg/all/function/internal_message.html?_=1661137738134&CODE_STATE=getMsg HTTP/1.1" 200 27
116.237.75.117 - - [22/Aug/2022:11:08:59 +0800] "GET /xingrg/kc/buy/cgsh_order_operate.html?command=get_materiel&rest_code=00106&code=00101006109&supplier_code=00100015&order_time=2022-08-22 HTTP/1.1" 200 411
116.224.255.128 - - [22/Aug/2022:11:09:02 +0800] "GET /xingrg/all/function/internal_message.html?_=1661137740850&CODE_STATE=getMsg HTTP/1.1" 200 27
116.224.255.128 - - [22/Aug/2022:11:09:02 +0800] "GET /xingrg/check_reg.html?_=1661137740853 HTTP/1.1" 200 22
180.169.147.146 - - [22/Aug/2022:11:09:07 +0800] "GET /xingrg/kc/buy/cgsh_order_operate.html?command=get_materiel&rest_code=00147&code=00102003265&supplier_code=00100004&order_time=2022-08-22 HTTP/1.1" 200 412
116.233.77.65 - - [22/Aug/2022:11:09:07 +0800] "GET /xingrg/kc/buy/cgsh_order_operate.html?command=get_materiel&rest_code=00109&code=00101008439&supplier_code=00100005&order_time=2022-08-22 HTTP/1.1" 200 412
114.84.5.35 - - [22/Aug/2022:11:09:07 +0800] "GET /xingrg/all/function/internal_message.html?_=1661137746870&CODE_STATE=getMsg HTTP/1.1" 200 27
116.232.194.65 - - [22/Aug/2022:11:09:10 +0800] "GET /xingrg/all/function/internal_message.html?_=1661137707700&CODE_STATE=getMsg HTTP/1.1" 200 27
120.253.135.82 - - [22/Aug/2022:11:09:12 +0800] "POST /xingrg/kc/pszx/mdps_list_operate.html HTTP/1.1" 200 4580
180.169.147.146 - - [22/Aug/2022:11:09:12 +0800] "GET /xingrg/kc/buy/cgsh_order_operate.html?command=get_materiel&rest_code=00147&code=00101010044&supplier_code=00100004&order_time=2022-08-22 HTTP/1.1" 200 410
180.169.147.146 - - [22/Aug/2022:11:09:13 +0800] "GET /xingrg/all/function/internal_message.html?_=1661137753341&CODE_STATE=getMsg HTTP/1.1" 200 27
120.253.135.82 - - [22/Aug/2022:11:09:16 +0800] "POST /xingrg/kc/pszx/mdps_list_operate.html HTTP/1.1" 200 665
120.253.135.82 - - [22/Aug/2022:11:09:16 +0800] "GET /xingrg/kc/pszx/mdps_order_info.html?code=312022082100455 HTTP/1.1" 200 24016
120.253.135.82 - - [22/Aug/2022:11:09:17 +0800] "POST /xingrg/kc/pszx/mdps_order_operate.html HTTP/1.1" 200 9055
120.253.135.82 - - [22/Aug/2022:11:09:17 +0800] "GET /xingrg/javascript/easyui/themes/default/validatebox.css HTTP/1.1" 404 1104
116.233.77.65 - - [22/Aug/2022:11:09:19 +0800] "GET /xingrg/kc/buy/cgsh_order_operate.html?command=get_materiel&rest_code=00109&code=00101008069&supplier_code=00100005&order_time=2022-08-22 HTTP/1.1" 200 412
120.253.135.82 - - [22/Aug/2022:11:09:20 +0800] "POST /xingrg/kc/pszx/mdps_order_operate.html HTTP/1.1" 200 37
120.253.135.82 - - [22/Aug/2022:11:09:22 +0800] "POST /xingrg/kc/pszx/mdps_order_operate.html HTTP/1.1" 200 12
180.169.147.146 - - [22/Aug/2022:11:09:24 +0800] "GET /xingrg/kc/buy/cgsh_order_operate.html?command=get_materiel&rest_code=00147&code=00101007072&supplier_code=00100004&order_time=2022-08-22 HTTP/1.1" 200 413
116.237.75.117 - - [22/Aug/2022:11:09:24 +0800] "GET /xingrg/kc/buy/cgsh_order_operate.html?command=get_materiel&rest_code=00106&code=00101006133&supplier_code=00100015&order_time=2022-08-22 HTTP/1.1" 200 415
120.253.135.82 - - [22/Aug/2022:11:09:25 +0800] "GET /xingrg/kc/pszx/mdps_order_info.html?code=312022082100455 HTTP/1.1" 200 19676
116.233.77.65 - - [22/Aug/2022:11:09:25 +0800] "GET /xingrg/kc/buy/cgsh_order_operate.html?command=get_materiel&rest_code=00109&code=00101008131&supplier_code=00100005&order_time=2022-08-22 HTTP/1.1" 200 408
120.253.135.82 - - [22/Aug/2022:11:09:25 +0800] "POST /xingrg/kc/pszx/mdps_order_operate.html HTTP/1.1" 200 7203
120.253.135.82 - - [22/Aug/2022:11:09:25 +0800] "GET /xingrg/javascript/easyui/themes/default/validatebox.css HTTP/1.1" 404 1104
114.88.158.224 - - [22/Aug/2022:11:09:27 +0800] "GET /xingrg/check_reg.html?_=1661137434959 HTTP/1.1" 200 22
114.88.158.224 - - [22/Aug/2022:11:09:27 +0800] "GET /xingrg/all/function/internal_message.html?_=1661137434960&CODE_STATE=getMsg HTTP/1.1" 200 27
61.165.19.104 - - [22/Aug/2022:11:09:27 +0800] "GET /xingrg/all/function/internal_message.html?_=1661137636633&CODE_STATE=getMsg HTTP/1.1" 200 27
116.224.123.211 - - [22/Aug/2022:11:09:27 +0800] "GET /xingrg/all/function/internal_message.html?_=1661137768198&CODE_STATE=getMsg HTTP/1.1" 200 27
116.224.123.211 - - [22/Aug/2022:11:09:28 +0800] "GET /xingrg/check_reg.html?_=1661137769047 HTTP/1.1" 200 22
116.233.77.65 - - [22/Aug/2022:11:09:30 +0800] "GET /xingrg/all/function/internal_message.html?_=1661137776596&CODE_STATE=getMsg HTTP/1.1" 200 27
116.224.255.128 - - [22/Aug/2022:11:09:32 +0800] "GET /xingrg/all/function/internal_message.html?_=1661137700827&CODE_STATE=getMsg HTTP/1.1" 200 27
180.162.109.37 - - [22/Aug/2022:11:09:32 +0800] "GET /xingrg/kc/buy/cgsh_order_add.html HTTP/1.1" 200 67460
180.162.109.37 - - [22/Aug/2022:11:09:32 +0800] "GET /xingrg/javascript/easyui/themes/default/validatebox.css HTTP/1.1" 404 1104
180.162.109.37 - - [22/Aug/2022:11:09:32 +0800] "POST /xingrg/kc/buy/cgsh_order_operate.html HTTP/1.1" 200 8245
116.233.77.65 - - [22/Aug/2022:11:09:33 +0800] "GET /xingrg/kc/buy/cgsh_order_operate.html?command=get_materiel&rest_code=00109&code=00101008318&supplier_code=00100005&order_time=2022-08-22 HTTP/1.1" 200 408
180.162.109.37 - - [22/Aug/2022:11:09:33 +0800] "GET /xingrg/javascript/easyui/plugins/jquery.draggable.js HTTP/1.1" 304 -
180.162.109.37 - - [22/Aug/2022:11:09:34 +0800] "GET /xingrg/css/images/panel_loading.gif HTTP/1.1" 304 -
180.162.109.37 - - [22/Aug/2022:11:09:34 +0800] "GET /xingrg/javascript/easyui/plugins/jquery.droppable.js HTTP/1.1" 304 -
180.162.109.37 - - [22/Aug/2022:11:09:34 +0800] "GET /xingrg/javascript/easyui/themes/default/tree.css HTTP/1.1" 404 1090
180.162.109.37 - - [22/Aug/2022:11:09:34 +0800] "GET /xingrg/javascript/easyui/plugins/jquery.tree.js HTTP/1.1" 304 -
180.162.109.37 - - [22/Aug/2022:11:09:34 +0800] "POST /xingrg/all/common/load_tree.html?tree=supplier_tree_json&isDelete=1 HTTP/1.1" 200 67879
180.169.147.146 - - [22/Aug/2022:11:09:35 +0800] "GET /xingrg/kc/buy/cgsh_order_operate.html?command=get_materiel&rest_code=00147&code=00101007081&supplier_code=00100004&order_time=2022-08-22 HTTP/1.1" 200 413
180.169.147.146 - - [22/Aug/2022:11:09:35 +0800] "GET /xingrg/all/function/internal_message.html?_=1661138114601&CODE_STATE=getMsg HTTP/1.1" 200 27
180.162.109.37 - - [22/Aug/2022:11:09:35 +0800] "GET /xingrg/javascript/easyui/themes/default/images/tree_arrows.gif HTTP/1.1" 304 -
180.162.109.37 - - [22/Aug/2022:11:09:35 +0800] "GET /xingrg/javascript/easyui/themes/default/images/tree_folder_open.gif HTTP/1.1" 304 -
180.162.109.37 - - [22/Aug/2022:11:09:35 +0800] "GET /xingrg/javascript/easyui/themes/default/images/tree_file.gif HTTP/1.1" 304 -
180.162.109.37 - - [22/Aug/2022:11:09:35 +0800] "GET /xingrg/javascript/easyui/themes/default/images/tree_folder.gif HTTP/1.1" 304 -
120.253.135.82 - - [22/Aug/2022:11:09:36 +0800] "POST /xingrg/kc/pszx/mdps_list_operate.html HTTP/1.1" 200 4216
180.162.109.37 - - [22/Aug/2022:11:09:36 +0800] "GET /xingrg/all/function/internal_message.html?_=1661136937694&CODE_STATE=getMsg HTTP/1.1" 200 27
120.253.135.82 - - [22/Aug/2022:11:09:38 +0800] "POST /xingrg/kc/pszx/mdps_list_operate.html HTTP/1.1" 200 202
120.253.135.82 - - [22/Aug/2022:11:09:38 +0800] "GET /xingrg/kc/pszx/mdps_order_info.html?code=312022082100454 HTTP/1.1" 200 24016
61.151.207.116 - - [22/Aug/2022:11:09:39 +0800] "GET /xingrg/kc/buy/cgsh_order_list.html HTTP/1.1" 302 -
116.237.75.117 - - [22/Aug/2022:11:09:39 +0800] "GET /xingrg/all/function/internal_message.html?_=1661137784332&CODE_STATE=getMsg HTTP/1.1" 200 27
116.233.77.65 - - [22/Aug/2022:11:09:39 +0800] "GET /xingrg/kc/buy/cgsh_order_operate.html?command=get_materiel&rest_code=00109&code=00101008098&supplier_code=00100005&order_time=2022-08-22 HTTP/1.1" 200 412
120.253.135.82 - - [22/Aug/2022:11:09:39 +0800] "POST /xingrg/kc/pszx/mdps_order_operate.html HTTP/1.1" 200 2285
120.253.135.82 - - [22/Aug/2022:11:09:39 +0800] "GET /xingrg/javascript/easyui/themes/default/validatebox.css HTTP/1.1" 404 1104
61.151.207.116 - - [22/Aug/2022:11:09:40 +0800] "GET /xingrg/login.html HTTP/1.1" 200 7641
120.253.135.82 - - [22/Aug/2022:11:09:43 +0800] "POST /xingrg/kc/pszx/mdps_order_operate.html HTTP/1.1" 200 37
101.85.120.95 - - [22/Aug/2022:11:09:44 +0800] "GET /xingrg/all/function/internal_message.html?_=1661137782724&CODE_STATE=getMsg HTTP/1.1" 200 27
120.253.135.82 - - [22/Aug/2022:11:09:44 +0800] "POST /xingrg/kc/pszx/mdps_order_operate.html HTTP/1.1" 200 12
61.165.19.104 - - [22/Aug/2022:11:09:45 +0800] "GET /xingrg/all/function/internal_message.html?_=1661137786256&CODE_STATE=getMsg HTTP/1.1" 200 27
116.233.77.65 - - [22/Aug/2022:11:09:46 +0800] "GET /xingrg/kc/buy/cgsh_order_operate.html?command=get_materiel&rest_code=00109&code=00101008005&supplier_code=00100005&order_time=2022-08-22 HTTP/1.1" 200 412
114.83.216.129 - - [22/Aug/2022:11:09:47 +0800] "GET /xingrg/all/function/internal_message.html?_=1661137786076&CODE_STATE=getMsg HTTP/1.1" 200 27
180.169.147.146 - - [22/Aug/2022:11:09:48 +0800] "GET /xingrg/kc/buy/cgsh_order_operate.html?command=get_materiel&rest_code=00147&code=00101007048&supplier_code=00100004&order_time=2022-08-22 HTTP/1.1" 200 408
114.83.216.129 - - [22/Aug/2022:11:09:48 +0800] "GET /xingrg/check_reg.html?_=1661137787654 HTTP/1.1" 200 22
61.151.206.14 - - [22/Aug/2022:11:09:48 +0800] "GET /xingrg/all/function/internal_message.html?_=1661136822209&CODE_STATE=getMsg HTTP/1.1" 302 -
61.151.206.14 - - [22/Aug/2022:11:09:48 +0800] "GET /xingrg/login.html HTTP/1.1" 200 7641
180.169.147.146 - - [22/Aug/2022:11:09:50 +0800] "GET /xingrg/all/function/internal_message.html?_=1661137789924&CODE_STATE=getMsg HTTP/1.1" 200 27
116.233.77.65 - - [22/Aug/2022:11:09:51 +0800] "POST /xingrg/kc/buy/cgsh_order_operate.html HTTP/1.1" 200 2065
218.81.223.53 - - [22/Aug/2022:11:09:52 +0800] "GET /xingrg/all/function/internal_message.html?_=1661137793797&CODE_STATE=getMsg HTTP/1.1" 200 27
120.253.135.82 - - [22/Aug/2022:11:09:54 +0800] "GET /xingrg/kc/pszx/mdps_order_info.html?code=312022082100454 HTTP/1.1" 200 19676
180.162.109.37 - - [22/Aug/2022:11:09:54 +0800] "GET /xingrg/kc/buy/cgsh_order_operate.html?command=get_materiel&rest_code=00143&code=00101010242&supplier_code=00100177&order_time=2022-08-22 HTTP/1.1" 200 412
120.253.135.82 - - [22/Aug/2022:11:09:55 +0800] "POST /xingrg/kc/pszx/mdps_order_operate.html HTTP/1.1" 200 506
120.253.135.82 - - [22/Aug/2022:11:09:55 +0800] "GET /xingrg/javascript/easyui/themes/default/validatebox.css HTTP/1.1" 404 1104
222.69.129.110 - - [22/Aug/2022:11:09:55 +0800] "GET /xingrg/all/function/internal_message.html?_=1661137863480&CODE_STATE=getMsg HTTP/1.1" 200 27
120.253.135.82 - - [22/Aug/2022:11:09:55 +0800] "GET /xingrg/all/function/internal_message.html?_=1661137599972&CODE_STATE=getMsg HTTP/1.1" 200 27
120.253.135.82 - - [22/Aug/2022:11:09:56 +0800] "POST /xingrg/kc/pszx/mdps_list_operate.html HTTP/1.1" 200 3854
116.235.94.65 - - [22/Aug/2022:11:09:56 +0800] "GET /xingrg/all/function/internal_message.html?_=1661137985852&CODE_STATE=getMsg HTTP/1.1" 200 27
116.233.77.65 - - [22/Aug/2022:11:09:57 +0800] "GET /xingrg/kc/buy/cgsh_order_operate.html?command=get_materiel&rest_code=00109&code=00101008353&supplier_code=00100005&order_time=2022-08-22 HTTP/1.1" 200 408
120.253.135.82 - - [22/Aug/2022:11:09:58 +0800] "POST /xingrg/kc/pszx/mdps_list_operate.html HTTP/1.1" 200 604
114.88.158.224 - - [22/Aug/2022:11:09:58 +0800] "GET /xingrg/all/function/internal_message.html?_=1661137797953&CODE_STATE=getMsg HTTP/1.1" 200 27
114.83.216.129 - - [22/Aug/2022:11:09:58 +0800] "GET /xingrg/kc/base/wldb_order_operate.html?command=get_materiel&rest_code=00149&base_code=0010394&code=00101019400 HTTP/1.1" 200 463
180.169.147.146 - - [22/Aug/2022:11:09:58 +0800] "GET /xingrg/all/function/internal_message.html?_=1661137797292&CODE_STATE=getMsg HTTP/1.1" 200 27
101.80.228.36 - - [22/Aug/2022:11:09:58 +0800] "GET /xingrg/all/function/internal_message.html?_=1661137798135&CODE_STATE=getMsg HTTP/1.1" 200 27
120.253.135.82 - - [22/Aug/2022:11:09:58 +0800] "GET /xingrg/kc/pszx/mdps_order_info.html?code=312022082100456 HTTP/1.1" 200 24016
120.253.135.82 - - [22/Aug/2022:11:09:59 +0800] "POST /xingrg/kc/pszx/mdps_order_operate.html HTTP/1.1" 200 4792
120.253.135.82 - - [22/Aug/2022:11:09:59 +0800] "GET /xingrg/javascript/easyui/themes/default/validatebox.css HTTP/1.1" 404 1104
116.224.255.128 - - [22/Aug/2022:11:10:02 +0800] "GET /xingrg/all/function/internal_message.html?_=1661137800850&CODE_STATE=getMsg HTTP/1.1" 200 27
120.253.135.82 - - [22/Aug/2022:11:10:03 +0800] "POST /xingrg/kc/pszx/mdps_order_operate.html HTTP/1.1" 200 37
114.83.216.129 - - [22/Aug/2022:11:10:04 +0800] "GET /xingrg/kc/base/wldb_order_operate.html?command=get_materiel&rest_code=00149&base_code=0010394&code=00101019138 HTTP/1.1" 200 438
120.253.135.82 - - [22/Aug/2022:11:10:05 +0800] "POST /xingrg/kc/pszx/mdps_order_operate.html HTTP/1.1" 200 12
116.233.77.65 - - [22/Aug/2022:11:10:05 +0800] "GET /xingrg/kc/buy/cgsh_order_operate.html?command=get_materiel&rest_code=00109&code=00101008312&supplier_code=00100005&order_time=2022-08-22 HTTP/1.1" 200 412
114.84.5.35 - - [22/Aug/2022:11:10:07 +0800] "GET /xingrg/all/function/internal_message.html?_=1661137806873&CODE_STATE=getMsg HTTP/1.1" 200 27
114.84.5.35 - - [22/Aug/2022:11:10:08 +0800] "GET /xingrg/check_reg.html?_=1661137806869 HTTP/1.1" 200 22
180.169.147.146 - - [22/Aug/2022:11:10:08 +0800] "POST /xingrg/kc/buy/cgsh_order_operate.html HTTP/1.1" 200 37
114.83.216.129 - - [22/Aug/2022:11:10:08 +0800] "GET /xingrg/kc/base/wldb_order_operate.html?command=get_materiel&rest_code=00149&base_code=0010394&code=00101019133 HTTP/1.1" 200 480
116.232.194.65 - - [22/Aug/2022:11:10:10 +0800] "GET /xingrg/all/function/internal_message.html?_=1661137767700&CODE_STATE=getMsg HTTP/1.1" 200 27
114.83.216.129 - - [22/Aug/2022:11:10:13 +0800] "GET /xingrg/kc/base/wldb_order_operate.html?command=get_materiel&rest_code=00149&base_code=0010394&code=00102003172 HTTP/1.1" 200 439
120.253.135.82 - - [22/Aug/2022:11:10:17 +0800] "GET /xingrg/kc/pszx/mdps_order_info.html?code=312022082100456 HTTP/1.1" 200 19676
120.253.135.82 - - [22/Aug/2022:11:10:18 +0800] "POST /xingrg/kc/pszx/mdps_order_operate.html HTTP/1.1" 200 2995
120.253.135.82 - - [22/Aug/2022:11:10:18 +0800] "GET /xingrg/javascript/easyui/themes/default/validatebox.css HTTP/1.1" 404 1104
120.253.135.82 - - [22/Aug/2022:11:10:19 +0800] "POST /xingrg/kc/pszx/mdps_list_operate.html HTTP/1.1" 200 3491
120.253.135.82 - - [22/Aug/2022:11:10:21 +0800] "POST /xingrg/kc/pszx/mdps_list_operate.html HTTP/1.1" 200 368
120.253.135.82 - - [22/Aug/2022:11:10:22 +0800] "GET /xingrg/kc/pszx/mdps_order_info.html?code=312022082100457 HTTP/1.1" 200 24016
120.253.135.82 - - [22/Aug/2022:11:10:23 +0800] "POST /xingrg/kc/pszx/mdps_order_operate.html HTTP/1.1" 200 3308
120.253.135.82 - - [22/Aug/2022:11:10:23 +0800] "GET /xingrg/javascript/easyui/themes/default/validatebox.css HTTP/1.1" 404 1104
180.169.147.146 - - [22/Aug/2022:11:10:23 +0800] "GET /xingrg/all/function/internal_message.html?_=1661137823283&CODE_STATE=getMsg HTTP/1.1" 200 27
114.83.216.129 - - [22/Aug/2022:11:10:23 +0800] "GET /xingrg/kc/base/wldb_order_operate.html?command=get_materiel&rest_code=00149&base_code=0010394&code=00101019185 HTTP/1.1" 200 467
180.169.147.146 - - [22/Aug/2022:11:10:24 +0800] "POST /xingrg/kc/buy/cgsh_order_operate.html HTTP/1.1" 200 4430
116.233.77.65 - - [22/Aug/2022:11:10:25 +0800] "GET /xingrg/kc/buy/cgsh_order_operate.html?command=get_materiel&rest_code=00109&code=00101008196&supplier_code=00100005&order_time=2022-08-22 HTTP/1.1" 200 416
114.88.158.224 - - [22/Aug/2022:11:10:27 +0800] "GET /xingrg/all/function/internal_message.html?_=1661137494959&CODE_STATE=getMsg HTTP/1.1" 200 27
61.165.19.104 - - [22/Aug/2022:11:10:27 +0800] "GET /xingrg/check_reg.html?_=1661137696622 HTTP/1.1" 200 22
61.165.19.104 - - [22/Aug/2022:11:10:27 +0800] "GET /xingrg/all/function/internal_message.html?_=1661137696625&CODE_STATE=getMsg HTTP/1.1" 200 27
116.224.123.211 - - [22/Aug/2022:11:10:27 +0800] "GET /xingrg/all/function/internal_message.html?_=1661137828182&CODE_STATE=getMsg HTTP/1.1" 200 27
120.253.135.82 - - [22/Aug/2022:11:10:28 +0800] "POST /xingrg/kc/pszx/mdps_order_operate.html HTTP/1.1" 200 37
116.237.75.117 - - [22/Aug/2022:11:10:29 +0800] "GET /xingrg/kc/buy/cgsh_order_operate.html?command=get_materiel&rest_code=00106&code=00101006144&supplier_code=00100015&order_time=2022-08-22 HTTP/1.1" 200 411
120.253.135.82 - - [22/Aug/2022:11:10:29 +0800] "POST /xingrg/kc/pszx/mdps_order_operate.html HTTP/1.1" 200 12
116.233.77.65 - - [22/Aug/2022:11:10:30 +0800] "GET /xingrg/all/function/internal_message.html?_=1661137836594&CODE_STATE=getMsg HTTP/1.1" 200 27
180.169.147.146 - - [22/Aug/2022:11:10:31 +0800] "GET /xingrg/kc/print/load_config.html?kc_code=cgsh HTTP/1.1" 200 1943
180.169.147.146 - - [22/Aug/2022:11:10:32 +0800] "GET /xingrg/kc/print/load_data.html?order_code=212022082207324&kc_code=cgsh&condition= HTTP/1.1" 200 1409
116.224.255.128 - - [22/Aug/2022:11:10:32 +0800] "GET /xingrg/all/function/internal_message.html?_=1661137760842&CODE_STATE=getMsg HTTP/1.1" 200 27
116.233.77.65 - - [22/Aug/2022:11:10:32 +0800] "GET /xingrg/kc/buy/cgsh_order_operate.html?command=get_materiel&rest_code=00109&code=00101008096&supplier_code=00100005&order_time=2022-08-22 HTTP/1.1" 200 413
61.151.207.116 - - [22/Aug/2022:11:10:33 +0800] "GET /xingrg/index.html?sysBaseUrl=http://180.169.147.146:18081/xingrg/&costTime=43×tamp=1661135552318 HTTP/1.1" 302 -
61.151.207.116 - - [22/Aug/2022:11:10:34 +0800] "GET /xingrg/login.html HTTP/1.1" 200 7641
180.169.147.146 - - [22/Aug/2022:11:10:35 +0800] "GET /xingrg/all/function/internal_message.html?_=1661138174599&CODE_STATE=getMsg HTTP/1.1" 200 27
180.162.109.37 - - [22/Aug/2022:11:10:36 +0800] "GET /xingrg/all/function/internal_message.html?_=1661136997720&CODE_STATE=getMsg HTTP/1.1" 200 27
180.162.109.37 - - [22/Aug/2022:11:10:38 +0800] "GET /xingrg/kc/buy/cgsh_order_operate.html?command=get_materiel&rest_code=00143&code=00101006201&supplier_code=00100177&order_time=2022-08-22 HTTP/1.1" 200 405
180.169.147.146 - - [22/Aug/2022:11:10:38 +0800] "GET /xingrg/check_reg.html?_=1661138177617 HTTP/1.1" 200 22
116.237.75.117 - - [22/Aug/2022:11:10:39 +0800] "GET /xingrg/all/function/internal_message.html?_=1661137844310&CODE_STATE=getMsg HTTP/1.1" 200 27
114.83.216.129 - - [22/Aug/2022:11:10:40 +0800] "GET /xingrg/kc/base/wldb_order_operate.html?command=get_materiel&rest_code=00149&base_code=0010394&code=00101019438 HTTP/1.1" 200 462
120.253.135.82 - - [22/Aug/2022:11:10:40 +0800] "GET /xingrg/kc/pszx/mdps_order_info.html?code=312022082100457 HTTP/1.1" 200 19676
116.233.77.65 - - [22/Aug/2022:11:10:41 +0800] "GET /xingrg/kc/buy/cgsh_order_operate.html?command=get_materiel&rest_code=00109&code=00101008283&supplier_code=00100005&order_time=2022-08-22 HTTP/1.1" 200 408
120.253.135.82 - - [22/Aug/2022:11:10:41 +0800] "POST /xingrg/kc/pszx/mdps_order_operate.html HTTP/1.1" 200 1522
120.253.135.82 - - [22/Aug/2022:11:10:41 +0800] "GET /xingrg/javascript/easyui/themes/default/validatebox.css HTTP/1.1" 404 1104
120.253.135.82 - - [22/Aug/2022:11:10:42 +0800] "POST /xingrg/kc/pszx/mdps_list_operate.html HTTP/1.1" 200 3128
116.233.77.65 - - [22/Aug/2022:11:10:43 +0800] "POST /xingrg/kc/buy/cgsh_order_operate.html HTTP/1.1" 200 2065
101.85.120.95 - - [22/Aug/2022:11:10:44 +0800] "GET /xingrg/all/function/internal_message.html?_=1661137842724&CODE_STATE=getMsg HTTP/1.1" 200 27
61.165.19.104 - - [22/Aug/2022:11:10:45 +0800] "GET /xingrg/all/function/internal_message.html?_=1661137846256&CODE_STATE=getMsg HTTP/1.1" 200 27
120.253.135.82 - - [22/Aug/2022:11:10:46 +0800] "POST /xingrg/kc/pszx/mdps_list_operate.html HTTP/1.1" 200 298
120.253.135.82 - - [22/Aug/2022:11:10:46 +0800] "GET /xingrg/kc/pszx/mdps_order_info.html?code=312022082200480 HTTP/1.1" 200 24016
114.83.216.129 - - [22/Aug/2022:11:10:47 +0800] "GET /xingrg/all/function/internal_message.html?_=1661137846065&CODE_STATE=getMsg HTTP/1.1" 200 27
120.253.135.82 - - [22/Aug/2022:11:10:47 +0800] "POST /xingrg/kc/pszx/mdps_order_operate.html HTTP/1.1" 200 2816
120.253.135.82 - - [22/Aug/2022:11:10:47 +0800] "GET /xingrg/javascript/easyui/themes/default/validatebox.css HTTP/1.1" 404 1104
116.233.77.65 - - [22/Aug/2022:11:10:47 +0800] "GET /xingrg/kc/buy/cgsh_order_operate.html?command=get_materiel&rest_code=00109&code=00101008010&supplier_code=00100005&order_time=2022-08-22 HTTP/1.1" 200 412
180.169.147.146 - - [22/Aug/2022:11:10:49 +0800] "POST /xingrg/kc/buy/cgsh_order_operate.html HTTP/1.1" 200 37
180.169.147.146 - - [22/Aug/2022:11:10:50 +0800] "GET /xingrg/all/function/internal_message.html?_=1661137849916&CODE_STATE=getMsg HTTP/1.1" 200 27
120.253.135.82 - - [22/Aug/2022:11:10:50 +0800] "POST /xingrg/kc/pszx/mdps_order_operate.html HTTP/1.1" 200 37
114.83.216.129 - - [22/Aug/2022:11:10:50 +0800] "GET /xingrg/kc/base/wldb_order_operate.html?command=get_materiel&rest_code=00149&base_code=0010394&code=00101019183 HTTP/1.1" 200 449
120.253.135.82 - - [22/Aug/2022:11:10:52 +0800] "POST /xingrg/kc/pszx/mdps_order_operate.html HTTP/1.1" 200 12
218.81.223.53 - - [22/Aug/2022:11:10:52 +0800] "GET /xingrg/all/function/internal_message.html?_=1661137853812&CODE_STATE=getMsg HTTP/1.1" 200 27
116.224.123.211 - - [22/Aug/2022:11:10:52 +0800] "GET /xingrg/kc/base/wldb_order_list.html HTTP/1.1" 200 19142
116.224.123.211 - - [22/Aug/2022:11:10:53 +0800] "POST /xingrg/kc/base/wldb_list_operate.html HTTP/1.1" 200 928
114.83.216.129 - - [22/Aug/2022:11:10:54 +0800] "GET /xingrg/kc/base/wldb_order_operate.html?command=get_materiel&rest_code=00149&base_code=0010394&code=00101019222 HTTP/1.1" 200 453
116.224.123.211 - - [22/Aug/2022:11:10:54 +0800] "GET /xingrg/kc/base/wldb_order_add.html HTTP/1.1" 200 30352
116.224.123.211 - - [22/Aug/2022:11:10:54 +0800] "POST /xingrg/kc/base/wldb_order_operate.html HTTP/1.1" 200 6806
116.224.123.211 - - [22/Aug/2022:11:10:54 +0800] "GET /xingrg/javascript/easyui/themes/default/validatebox.css HTTP/1.1" 404 1104
222.69.129.110 - - [22/Aug/2022:11:10:55 +0800] "GET /xingrg/all/function/internal_message.html?_=1661137923482&CODE_STATE=getMsg HTTP/1.1" 200 27
116.235.94.65 - - [22/Aug/2022:11:10:56 +0800] "GET /xingrg/all/function/internal_message.html?_=1661138045850&CODE_STATE=getMsg HTTP/1.1" 200 27
114.88.158.224 - - [22/Aug/2022:11:10:58 +0800] "GET /xingrg/all/function/internal_message.html?_=1661137857956&CODE_STATE=getMsg HTTP/1.1" 200 27
114.88.158.224 - - [22/Aug/2022:11:10:58 +0800] "GET /xingrg/check_reg.html?_=1661137857957 HTTP/1.1" 200 22
180.169.147.146 - - [22/Aug/2022:11:10:58 +0800] "GET /xingrg/check_reg.html?_=1661137857291 HTTP/1.1" 200 22
180.169.147.146 - - [22/Aug/2022:11:10:58 +0800] "GET /xingrg/all/function/internal_message.html?_=1661137857292&CODE_STATE=getMsg HTTP/1.1" 200 27
101.80.228.36 - - [22/Aug/2022:11:10:58 +0800] "GET /xingrg/check_reg.html?_=1661137858137 HTTP/1.1" 200 22
101.80.228.36 - - [22/Aug/2022:11:10:58 +0800] "GET /xingrg/all/function/internal_message.html?_=1661137858138&CODE_STATE=getMsg HTTP/1.1" 200 27
120.253.135.82 - - [22/Aug/2022:11:10:59 +0800] "GET /xingrg/kc/pszx/mdps_order_info.html?code=312022082200480 HTTP/1.1" 200 19676
120.253.135.82 - - [22/Aug/2022:11:10:59 +0800] "POST /xingrg/kc/pszx/mdps_order_operate.html HTTP/1.1" 200 1034
120.253.135.82 - - [22/Aug/2022:11:10:59 +0800] "GET /xingrg/javascript/easyui/themes/default/validatebox.css HTTP/1.1" 404 1104
120.253.135.82 - - [22/Aug/2022:11:11:00 +0800] "GET /xingrg/all/function/internal_message.html?_=1661137664308&CODE_STATE=getMsg HTTP/1.1" 200 27
114.83.216.129 - - [22/Aug/2022:11:11:00 +0800] "GET /xingrg/kc/base/wldb_order_operate.html?command=get_materiel&rest_code=00149&base_code=0010394&code=00101016094 HTTP/1.1" 200 470
120.253.135.82 - - [22/Aug/2022:11:11:00 +0800] "POST /xingrg/kc/pszx/mdps_list_operate.html HTTP/1.1" 200 2766
180.162.109.37 - - [22/Aug/2022:11:11:01 +0800] "POST /xingrg/kc/buy/cgsh_order_operate.html HTTP/1.1" 200 37
116.224.255.128 - - [22/Aug/2022:11:11:02 +0800] "GET /xingrg/all/function/internal_message.html?_=1661137860850&CODE_STATE=getMsg HTTP/1.1" 200 27
120.253.135.82 - - [22/Aug/2022:11:11:03 +0800] "POST /xingrg/kc/pszx/mdps_list_operate.html HTTP/1.1" 200 208
120.253.135.82 - - [22/Aug/2022:11:11:04 +0800] "GET /xingrg/kc/pszx/mdps_order_info.html?code=312022082100468 HTTP/1.1" 200 24016
114.83.216.129 - - [22/Aug/2022:11:11:04 +0800] "GET /xingrg/kc/base/wldb_order_operate.html?command=get_materiel&rest_code=00149&base_code=0010394&code=00101019127 HTTP/1.1" 200 480
120.253.135.82 - - [22/Aug/2022:11:11:04 +0800] "POST /xingrg/kc/pszx/mdps_order_operate.html HTTP/1.1" 200 2282
120.253.135.82 - - [22/Aug/2022:11:11:04 +0800] "GET /xingrg/javascript/easyui/themes/default/validatebox.css HTTP/1.1" 404 1104
116.233.77.65 - - [22/Aug/2022:11:11:06 +0800] "GET /xingrg/kc/buy/cgsh_order_operate.html?command=get_materiel&rest_code=00109&code=00101008244&supplier_code=00100005&order_time=2022-08-22 HTTP/1.1" 200 408
180.162.109.37 - - [22/Aug/2022:11:11:07 +0800] "POST /xingrg/kc/buy/cgsh_order_operate.html HTTP/1.1" 200 12
120.253.135.82 - - [22/Aug/2022:11:11:07 +0800] "POST /xingrg/kc/pszx/mdps_order_operate.html HTTP/1.1" 200 37
114.84.5.35 - - [22/Aug/2022:11:11:07 +0800] "GET /xingrg/all/function/internal_message.html?_=1661137866871&CODE_STATE=getMsg HTTP/1.1" 200 27
180.162.109.37 - - [22/Aug/2022:11:11:08 +0800] "GET /xingrg/kc/buy/cgsh_order_info.html?code=212022082207325 HTTP/1.1" 200 62361
114.83.216.129 - - [22/Aug/2022:11:11:08 +0800] "GET /xingrg/kc/base/wldb_order_operate.html?command=get_materiel&rest_code=00149&base_code=0010394&code=00101019405 HTTP/1.1" 200 482
180.162.109.37 - - [22/Aug/2022:11:11:09 +0800] "GET /xingrg/javascript/easyui/themes/default/validatebox.css HTTP/1.1" 404 1104
120.253.135.82 - - [22/Aug/2022:11:11:09 +0800] "POST /xingrg/kc/pszx/mdps_order_operate.html HTTP/1.1" 200 12
180.162.109.37 - - [22/Aug/2022:11:11:09 +0800] "POST /xingrg/kc/buy/cgsh_order_operate.html HTTP/1.1" 200 1194
116.232.194.65 - - [22/Aug/2022:11:11:10 +0800] "GET /xingrg/check_reg.html?_=1661137827698 HTTP/1.1" 200 22
116.232.194.65 - - [22/Aug/2022:11:11:10 +0800] "GET /xingrg/all/function/internal_message.html?_=1661137827699&CODE_STATE=getMsg HTTP/1.1" 200 27
120.253.135.82 - - [22/Aug/2022:11:11:16 +0800] "GET /xingrg/kc/pszx/mdps_order_info.html?code=312022082100468 HTTP/1.1" 200 19676
180.169.147.146 - - [22/Aug/2022:11:11:16 +0800] "POST /xingrg/kc/buy/cgsh_order_operate.html HTTP/1.1" 200 4430
180.162.109.37 - - [22/Aug/2022:11:11:16 +0800] "GET /xingrg/kc/print/load_config.html?kc_code=cgsh HTTP/1.1" 200 1943
120.253.135.82 - - [22/Aug/2022:11:11:16 +0800] "POST /xingrg/kc/pszx/mdps_order_operate.html HTTP/1.1" 200 504
120.253.135.82 - - [22/Aug/2022:11:11:16 +0800] "GET /xingrg/check_reg.html?_=1661137681055 HTTP/1.1" 200 22
120.253.135.82 - - [22/Aug/2022:11:11:16 +0800] "GET /xingrg/javascript/easyui/themes/default/validatebox.css HTTP/1.1" 404 1104
180.162.109.37 - - [22/Aug/2022:11:11:16 +0800] "GET /xingrg/kc/print/load_data.html?order_code=212022082207325&kc_code=cgsh&condition= HTTP/1.1" 200 981
120.253.135.82 - - [22/Aug/2022:11:11:17 +0800] "POST /xingrg/kc/pszx/mdps_list_operate.html HTTP/1.1" 200 2404
114.83.216.129 - - [22/Aug/2022:11:11:18 +0800] "POST /xingrg/kc/base/wldb_order_operate.html HTTP/1.1" 200 37
114.83.216.129 - - [22/Aug/2022:11:11:19 +0800] "POST /xingrg/kc/base/wldb_order_operate.html HTTP/1.1" 200 7192
120.253.135.82 - - [22/Aug/2022:11:11:19 +0800] "POST /xingrg/kc/pszx/mdps_list_operate.html HTTP/1.1" 200 217
116.233.77.65 - - [22/Aug/2022:11:11:19 +0800] "GET /xingrg/kc/buy/cgsh_order_operate.html?command=get_materiel&rest_code=00109&code=00101008356&supplier_code=00100005&order_time=2022-08-22 HTTP/1.1" 200 409
120.253.135.82 - - [22/Aug/2022:11:11:20 +0800] "GET /xingrg/kc/pszx/mdps_order_info.html?code=312022082100459 HTTP/1.1" 200 24014
120.253.135.82 - - [22/Aug/2022:11:11:21 +0800] "POST /xingrg/kc/pszx/mdps_order_operate.html HTTP/1.1" 200 2304
120.253.135.82 - - [22/Aug/2022:11:11:21 +0800] "GET /xingrg/javascript/easyui/themes/default/validatebox.css HTTP/1.1" 404 1104
180.169.147.146 - - [22/Aug/2022:11:11:23 +0800] "GET /xingrg/all/function/internal_message.html?_=1661137883261&CODE_STATE=getMsg HTTP/1.1" 200 27
120.253.135.82 - - [22/Aug/2022:11:11:24 +0800] "POST /xingrg/kc/pszx/mdps_order_operate.html HTTP/1.1" 200 37
114.83.216.129 - - [22/Aug/2022:11:11:25 +0800] "GET /xingrg/kc/base/wldb_order_info.html?code=422022082201841 HTTP/1.1" 200 30377
120.253.135.82 - - [22/Aug/2022:11:11:26 +0800] "POST /xingrg/kc/pszx/mdps_order_operate.html HTTP/1.1" 200 12
114.83.216.129 - - [22/Aug/2022:11:11:26 +0800] "GET /xingrg/javascript/easyui/themes/default/validatebox.css HTTP/1.1" 404 1104
114.83.216.129 - - [22/Aug/2022:11:11:27 +0800] "POST /xingrg/kc/base/wldb_order_operate.html HTTP/1.1" 200 7192
114.88.158.224 - - [22/Aug/2022:11:11:27 +0800] "GET /xingrg/all/function/internal_message.html?_=1661137554958&CODE_STATE=getMsg HTTP/1.1" 200 27
61.165.19.104 - - [22/Aug/2022:11:11:27 +0800] "GET /xingrg/all/function/internal_message.html?_=1661137756656&CODE_STATE=getMsg HTTP/1.1" 200 27
180.169.147.146 - - [22/Aug/2022:11:11:27 +0800] "GET /xingrg/kc/buy/cgsh_order_add.html HTTP/1.1" 200 68382
116.224.123.211 - - [22/Aug/2022:11:11:27 +0800] "GET /xingrg/all/function/internal_message.html?_=1661137888164&CODE_STATE=getMsg HTTP/1.1" 200 27
180.169.147.146 - - [22/Aug/2022:11:11:27 +0800] "POST /xingrg/kc/buy/cgsh_order_operate.html HTTP/1.1" 200 8245
180.169.147.146 - - [22/Aug/2022:11:11:28 +0800] "GET /xingrg/javascript/easyui/themes/default/validatebox.css HTTP/1.1" 404 1104
114.83.216.129 - - [22/Aug/2022:11:11:29 +0800] "GET /xingrg/kc/base/wldb_order_add.html HTTP/1.1" 200 30362
116.233.77.65 - - [22/Aug/2022:11:11:30 +0800] "POST /xingrg/services/DataTransmitService HTTP/1.1" 200 524
114.83.216.129 - - [22/Aug/2022:11:11:30 +0800] "POST /xingrg/kc/base/wldb_order_operate.html HTTP/1.1" 200 6806
116.233.77.65 - - [22/Aug/2022:11:11:30 +0800] "POST /xingrg/services/DataTransmitService HTTP/1.1" 200 501
116.233.77.65 - - [22/Aug/2022:11:11:30 +0800] "GET /xingrg/all/function/internal_message.html?_=1661137896596&CODE_STATE=getMsg HTTP/1.1" 200 27
116.224.255.128 - - [22/Aug/2022:11:11:30 +0800] "GET /xingrg/check_reg.html?_=1661137819043 HTTP/1.1" 200 22
114.83.216.129 - - [22/Aug/2022:11:11:30 +0800] "GET /xingrg/javascript/easyui/themes/default/validatebox.css HTTP/1.1" 404 1104
116.224.255.128 - - [22/Aug/2022:11:11:32 +0800] "GET /xingrg/all/function/internal_message.html?_=1661137820855&CODE_STATE=getMsg HTTP/1.1" 200 27
120.253.135.82 - - [22/Aug/2022:11:11:34 +0800] "GET /xingrg/kc/pszx/mdps_order_info.html?code=312022082100459 HTTP/1.1" 200 19674
120.253.135.82 - - [22/Aug/2022:11:11:34 +0800] "POST /xingrg/kc/pszx/mdps_order_operate.html HTTP/1.1" 200 525
120.253.135.82 - - [22/Aug/2022:11:11:34 +0800] "GET /xingrg/javascript/easyui/themes/default/validatebox.css HTTP/1.1" 404 1104
180.169.147.146 - - [22/Aug/2022:11:11:35 +0800] "GET /xingrg/all/function/internal_message.html?_=1661138234591&CODE_STATE=getMsg HTTP/1.1" 200 27
180.162.109.37 - - [22/Aug/2022:11:11:36 +0800] "GET /xingrg/all/function/internal_message.html?_=1661137057704&CODE_STATE=getMsg HTTP/1.1" 200 27
120.253.135.82 - - [22/Aug/2022:11:11:36 +0800] "POST /xingrg/kc/pszx/mdps_list_operate.html HTTP/1.1" 200 2045
114.83.216.129 - - [22/Aug/2022:11:11:36 +0800] "GET /xingrg/kc/base/wldb_order_operate.html?command=get_materiel&rest_code=00149&base_code=0010436&code=00101014041 HTTP/1.1" 200 435
180.169.147.146 - - [22/Aug/2022:11:11:37 +0800] "GET /xingrg/kc/buy/cgsh_order_operate.html?command=get_materiel&rest_code=00147&code=00101006055&supplier_code=00100015&order_time=2022-08-22 HTTP/1.1" 200 409
120.253.135.82 - - [22/Aug/2022:11:11:38 +0800] "POST /xingrg/kc/pszx/mdps_list_operate.html HTTP/1.1" 200 208
116.237.75.117 - - [22/Aug/2022:11:11:39 +0800] "GET /xingrg/all/function/internal_message.html?_=1661137904311&CODE_STATE=getMsg HTTP/1.1" 200 27
120.253.135.82 - - [22/Aug/2022:11:11:39 +0800] "GET /xingrg/kc/pszx/mdps_order_info.html?code=312022082200479 HTTP/1.1" 200 24016
120.253.135.82 - - [22/Aug/2022:11:11:40 +0800] "POST /xingrg/kc/pszx/mdps_order_operate.html HTTP/1.1" 200 2292
120.253.135.82 - - [22/Aug/2022:11:11:40 +0800] "GET /xingrg/javascript/easyui/themes/default/validatebox.css HTTP/1.1" 404 1104
116.233.77.65 - - [22/Aug/2022:11:11:41 +0800] "GET /xingrg/kc/buy/cgsh_order_operate.html?command=get_materiel&rest_code=00109&code=00101008357&supplier_code=00100005&order_time=2022-08-22 HTTP/1.1" 200 408
120.253.135.82 - - [22/Aug/2022:11:11:43 +0800] "POST /xingrg/kc/pszx/mdps_order_operate.html HTTP/1.1" 200 37
101.85.120.95 - - [22/Aug/2022:11:11:44 +0800] "GET /xingrg/all/function/internal_message.html?_=1661137902724&CODE_STATE=getMsg HTTP/1.1" 200 27
61.165.19.104 - - [22/Aug/2022:11:11:45 +0800] "GET /xingrg/all/function/internal_message.html?_=1661137906256&CODE_STATE=getMsg HTTP/1.1" 200 27
120.253.135.82 - - [22/Aug/2022:11:11:45 +0800] "POST /xingrg/kc/pszx/mdps_order_operate.html HTTP/1.1" 200 12
116.233.77.65 - - [22/Aug/2022:11:11:46 +0800] "GET /xingrg/kc/buy/cgsh_order_operate.html?command=get_materiel&rest_code=00109&code=00101008296&supplier_code=00100005&order_time=2022-08-22 HTTP/1.1" 200 416
114.83.216.129 - - [22/Aug/2022:11:11:47 +0800] "GET /xingrg/all/function/internal_message.html?_=1661137906042&CODE_STATE=getMsg HTTP/1.1" 200 27
180.169.147.146 - - [22/Aug/2022:11:11:48 +0800] "GET /xingrg/kc/buy/cgsh_order_operate.html?command=get_materiel&rest_code=00147&code=00101006068&supplier_code=00100015&order_time=2022-08-22 HTTP/1.1" 200 409
116.233.77.65 - - [22/Aug/2022:11:11:49 +0800] "POST /xingrg/kc/buy/cgsh_order_operate.html HTTP/1.1" 200 2065
114.83.216.129 - - [22/Aug/2022:11:11:49 +0800] "POST /xingrg/kc/base/wldb_order_operate.html HTTP/1.1" 200 37
114.83.216.129 - - [22/Aug/2022:11:11:50 +0800] "POST /xingrg/kc/base/wldb_order_operate.html HTTP/1.1" 200 2186
180.169.147.146 - - [22/Aug/2022:11:11:50 +0800] "GET /xingrg/all/function/internal_message.html?_=1661137909908&CODE_STATE=getMsg HTTP/1.1" 200 27
180.169.147.146 - - [22/Aug/2022:11:11:50 +0800] "GET /xingrg/check_reg.html?_=1661137909910 HTTP/1.1" 200 22
114.83.216.129 - - [22/Aug/2022:11:11:50 +0800] "GET /xingrg/kc/base/wldb_order_info.html?code=422022082201842 HTTP/1.1" 200 30379
114.83.216.129 - - [22/Aug/2022:11:11:51 +0800] "GET /xingrg/javascript/easyui/themes/default/validatebox.css HTTP/1.1" 404 1104
114.83.216.129 - - [22/Aug/2022:11:11:51 +0800] "POST /xingrg/kc/base/wldb_order_operate.html HTTP/1.1" 200 2186
218.81.223.53 - - [22/Aug/2022:11:11:52 +0800] "GET /xingrg/all/function/internal_message.html?_=1661137914097&CODE_STATE=getMsg HTTP/1.1" 200 27
116.233.77.65 - - [22/Aug/2022:11:11:53 +0800] "GET /xingrg/kc/buy/cgsh_order_operate.html?command=get_materiel&rest_code=00109&code=00101008213&supplier_code=00100005&order_time=2022-08-22 HTTP/1.1" 200 412
114.83.216.129 - - [22/Aug/2022:11:11:53 +0800] "GET /xingrg/kc/base/wldb_order_add.html HTTP/1.1" 200 30362
114.83.216.129 - - [22/Aug/2022:11:11:54 +0800] "POST /xingrg/kc/base/wldb_order_operate.html HTTP/1.1" 200 6806
114.83.216.129 - - [22/Aug/2022:11:11:54 +0800] "GET /xingrg/javascript/easyui/themes/default/validatebox.css HTTP/1.1" 404 1104
222.69.129.110 - - [22/Aug/2022:11:11:55 +0800] "GET /xingrg/all/function/internal_message.html?_=1661137983475&CODE_STATE=getMsg HTTP/1.1" 200 27
116.235.94.65 - - [22/Aug/2022:11:11:56 +0800] "GET /xingrg/all/function/internal_message.html?_=1661138105847&CODE_STATE=getMsg HTTP/1.1" 200 27
114.88.158.224 - - [22/Aug/2022:11:11:58 +0800] "GET /xingrg/all/function/internal_message.html?_=1661137917959&CODE_STATE=getMsg HTTP/1.1" 200 27
120.253.135.82 - - [22/Aug/2022:11:11:58 +0800] "GET /xingrg/kc/pszx/mdps_order_info.html?code=312022082200479 HTTP/1.1" 200 19676
180.169.147.146 - - [22/Aug/2022:11:11:58 +0800] "GET /xingrg/all/function/internal_message.html?_=1661137917291&CODE_STATE=getMsg HTTP/1.1" 200 27
101.80.228.36 - - [22/Aug/2022:11:11:58 +0800] "GET /xingrg/all/function/internal_message.html?_=1661137918139&CODE_STATE=getMsg HTTP/1.1" 200 27
120.253.135.82 - - [22/Aug/2022:11:11:58 +0800] "POST /xingrg/kc/pszx/mdps_order_operate.html HTTP/1.1" 200 513
120.253.135.82 - - [22/Aug/2022:11:11:58 +0800] "GET /xingrg/javascript/easyui/themes/default/validatebox.css HTTP/1.1" 404 1104
120.253.135.82 - - [22/Aug/2022:11:12:00 +0800] "GET /xingrg/all/function/internal_message.html?_=1661137724322&CODE_STATE=getMsg HTTP/1.1" 200 27
120.253.135.82 - - [22/Aug/2022:11:12:00 +0800] "POST /xingrg/kc/pszx/mdps_list_operate.html HTTP/1.1" 200 1683
116.233.77.65 - - [22/Aug/2022:11:12:00 +0800] "GET /xingrg/kc/buy/cgsh_order_operate.html?command=get_materiel&rest_code=00109&code=00101008291&supplier_code=00100005&order_time=2022-08-22 HTTP/1.1" 200 427
180.169.147.146 - - [22/Aug/2022:11:12:00 +0800] "GET /xingrg/kc/buy/cgsh_order_operate.html?command=get_materiel&rest_code=00147&code=00101006006&supplier_code=00100015&order_time=2022-08-22 HTTP/1.1" 200 409
114.83.216.129 - - [22/Aug/2022:11:12:00 +0800] "GET /xingrg/kc/base/wldb_order_operate.html?command=get_materiel&rest_code=00149&base_code=0010394&code=00101019536 HTTP/1.1" 200 471
120.253.135.82 - - [22/Aug/2022:11:12:01 +0800] "POST /xingrg/kc/pszx/mdps_list_operate.html HTTP/1.1" 200 599
116.237.75.117 - - [22/Aug/2022:11:12:02 +0800] "GET /xingrg/kc/buy/cgsh_order_operate.html?command=get_materiel&rest_code=00106&code=00101006065&supplier_code=00100015&order_time=2022-08-22 HTTP/1.1" 200 409
116.224.255.128 - - [22/Aug/2022:11:12:02 +0800] "GET /xingrg/all/function/internal_message.html?_=1661137920852&CODE_STATE=getMsg HTTP/1.1" 200 27
120.253.135.82 - - [22/Aug/2022:11:12:02 +0800] "GET /xingrg/kc/pszx/mdps_order_info.html?code=312022082100458 HTTP/1.1" 200 24016
120.253.135.82 - - [22/Aug/2022:11:12:03 +0800] "POST /xingrg/kc/pszx/mdps_order_operate.html HTTP/1.1" 200 6759
120.253.135.82 - - [22/Aug/2022:11:12:03 +0800] "GET /xingrg/javascript/easyui/themes/default/validatebox.css HTTP/1.1" 404 1104
116.233.77.65 - - [22/Aug/2022:11:12:06 +0800] "GET /xingrg/kc/buy/cgsh_order_operate.html?command=get_materiel&rest_code=00109&code=00101008297&supplier_code=00100005&order_time=2022-08-22 HTTP/1.1" 200 412
114.83.216.129 - - [22/Aug/2022:11:12:07 +0800] "GET /xingrg/kc/base/wldb_order_operate.html?command=get_materiel&rest_code=00149&base_code=0010394&code=00101019187 HTTP/1.1" 200 479
114.84.5.35 - - [22/Aug/2022:11:12:07 +0800] "GET /xingrg/all/function/internal_message.html?_=1661137926872&CODE_STATE=getMsg HTTP/1.1" 200 27
116.232.194.65 - - [22/Aug/2022:11:12:10 +0800] "GET /xingrg/all/function/internal_message.html?_=1661137887707&CODE_STATE=getMsg HTTP/1.1" 200 27
114.83.216.129 - - [22/Aug/2022:11:12:12 +0800] "GET /xingrg/kc/base/wldb_order_operate.html?command=get_materiel&rest_code=00149&base_code=0010394&code=00101019358 HTTP/1.1" 200 461
114.83.216.129 - - [22/Aug/2022:11:12:16 +0800] "GET /xingrg/kc/base/wldb_order_operate.html?command=get_materiel&rest_code=00149&base_code=0010394&code=00101019529 HTTP/1.1" 200 475
116.233.77.65 - - [22/Aug/2022:11:12:19 +0800] "GET /xingrg/kc/buy/cgsh_order_operate.html?command=get_materiel&rest_code=00109&code=00101008175&supplier_code=00100005&order_time=2022-08-22 HTTP/1.1" 200 412
114.83.216.129 - - [22/Aug/2022:11:12:20 +0800] "GET /xingrg/kc/base/wldb_order_operate.html?command=get_materiel&rest_code=00149&base_code=0010394&code=00101019306 HTTP/1.1" 200 479
120.253.135.82 - - [22/Aug/2022:11:12:21 +0800] "POST /xingrg/kc/pszx/mdps_order_operate.html HTTP/1.1" 200 37
180.169.147.146 - - [22/Aug/2022:11:12:23 +0800] "GET /xingrg/all/function/internal_message.html?_=1661137943242&CODE_STATE=getMsg HTTP/1.1" 200 27
120.253.135.82 - - [22/Aug/2022:11:12:23 +0800] "POST /xingrg/kc/pszx/mdps_order_operate.html HTTP/1.1" 200 12
116.233.77.65 - - [22/Aug/2022:11:12:27 +0800] "GET /xingrg/kc/buy/cgsh_order_operate.html?command=get_materiel&rest_code=00109&code=00101008350&supplier_code=00100005&order_time=2022-08-22 HTTP/1.1" 200 408
114.88.158.224 - - [22/Aug/2022:11:12:27 +0800] "GET /xingrg/all/function/internal_message.html?_=1661137614959&CODE_STATE=getMsg HTTP/1.1" 200 27
61.165.19.104 - - [22/Aug/2022:11:12:27 +0800] "GET /xingrg/all/function/internal_message.html?_=1661137816664&CODE_STATE=getMsg HTTP/1.1" 200 27
116.224.123.211 - - [22/Aug/2022:11:12:27 +0800] "GET /xingrg/all/function/internal_message.html?_=1661137948147&CODE_STATE=getMsg HTTP/1.1" 200 27
116.233.77.65 - - [22/Aug/2022:11:12:29 +0800] "POST /xingrg/kc/buy/cgsh_order_operate.html HTTP/1.1" 200 2065
114.83.216.129 - - [22/Aug/2022:11:12:29 +0800] "GET /xingrg/kc/base/wldb_order_operate.html?command=get_materiel&rest_code=00149&base_code=0010394&code=00101019063 HTTP/1.1" 200 460
116.233.77.65 - - [22/Aug/2022:11:12:30 +0800] "GET /xingrg/all/function/internal_message.html?_=1661137956603&CODE_STATE=getMsg HTTP/1.1" 200 27
116.224.255.128 - - [22/Aug/2022:11:12:32 +0800] "GET /xingrg/all/function/internal_message.html?_=1661137880870&CODE_STATE=getMsg HTTP/1.1" 200 27
116.233.77.65 - - [22/Aug/2022:11:12:33 +0800] "GET /xingrg/kc/buy/cgsh_order_operate.html?command=get_materiel&rest_code=00109&code=00101008223&supplier_code=00100005&order_time=2022-08-22 HTTP/1.1" 200 412
180.169.147.146 - - [22/Aug/2022:11:12:35 +0800] "GET /xingrg/all/function/internal_message.html?_=1661138294601&CODE_STATE=getMsg HTTP/1.1" 200 27
180.169.147.146 - - [22/Aug/2022:11:12:35 +0800] "GET /xingrg/check_reg.html?_=1661138294604 HTTP/1.1" 200 22
180.162.109.37 - - [22/Aug/2022:11:12:36 +0800] "GET /xingrg/all/function/internal_message.html?_=1661137117699&CODE_STATE=getMsg HTTP/1.1" 200 27
114.83.216.129 - - [22/Aug/2022:11:12:38 +0800] "GET /xingrg/kc/base/wldb_order_operate.html?command=get_materiel&rest_code=00149&base_code=0010394&code=00101019066 HTTP/1.1" 200 455
116.237.75.117 - - [22/Aug/2022:11:12:39 +0800] "GET /xingrg/all/function/internal_message.html?_=1661137964288&CODE_STATE=getMsg HTTP/1.1" 200 27
116.233.77.65 - - [22/Aug/2022:11:12:39 +0800] "GET /xingrg/kc/buy/cgsh_order_operate.html?command=get_materiel&rest_code=00109&code=00101008114&supplier_code=00100005&order_time=2022-08-22 HTTP/1.1" 200 412
114.83.216.129 - - [22/Aug/2022:11:12:42 +0800] "GET /xingrg/kc/base/wldb_order_operate.html?command=get_materiel&rest_code=00149&base_code=0010394&code=00101019249 HTTP/1.1" 200 470
116.224.123.211 - - [22/Aug/2022:11:12:42 +0800] "POST /xingrg/all/common/load_combo.html?type=base HTTP/1.1" 200 3321
101.85.120.95 - - [22/Aug/2022:11:12:44 +0800] "GET /xingrg/all/function/internal_message.html?_=1661137962725&CODE_STATE=getMsg HTTP/1.1" 200 27
61.165.19.104 - - [22/Aug/2022:11:12:45 +0800] "GET /xingrg/all/function/internal_message.html?_=1661137966257&CODE_STATE=getMsg HTTP/1.1" 200 27
61.165.19.104 - - [22/Aug/2022:11:12:45 +0800] "GET /xingrg/check_reg.html?_=1661137966260 HTTP/1.1" 200 22
114.83.216.129 - - [22/Aug/2022:11:12:45 +0800] "GET /xingrg/kc/base/wldb_order_operate.html?command=get_materiel&rest_code=00149&base_code=0010394&code=00101019339 HTTP/1.1" 200 468
114.83.216.129 - - [22/Aug/2022:11:12:47 +0800] "GET /xingrg/all/function/internal_message.html?_=1661137966063&CODE_STATE=getMsg HTTP/1.1" 200 27
116.233.77.65 - - [22/Aug/2022:11:12:47 +0800] "GET /xingrg/kc/buy/cgsh_order_operate.html?command=get_materiel&rest_code=00109&code=00101008298&supplier_code=00100005&order_time=2022-08-22 HTTP/1.1" 200 431
180.169.147.146 - - [22/Aug/2022:11:12:50 +0800] "GET /xingrg/all/function/internal_message.html?_=1661137969926&CODE_STATE=getMsg HTTP/1.1" 200 27
218.81.223.53 - - [22/Aug/2022:11:12:52 +0800] "GET /xingrg/all/function/internal_message.html?_=1661137974103&CODE_STATE=getMsg HTTP/1.1" 200 27
116.224.123.211 - - [22/Aug/2022:11:12:54 +0800] "POST /xingrg/all/common/load_combo.html?type=base HTTP/1.1" 200 3321
180.169.147.146 - - [22/Aug/2022:11:12:54 +0800] "POST /xingrg/kc/buy/cgsh_order_operate.html HTTP/1.1" 200 37
222.69.129.110 - - [22/Aug/2022:11:12:55 +0800] "GET /xingrg/all/function/internal_message.html?_=1661138043475&CODE_STATE=getMsg HTTP/1.1" 200 27
116.235.94.65 - - [22/Aug/2022:11:12:56 +0800] "GET /xingrg/check_reg.html?_=1661138165847 HTTP/1.1" 200 22
116.235.94.65 - - [22/Aug/2022:11:12:56 +0800] "GET /xingrg/all/function/internal_message.html?_=1661138165846&CODE_STATE=getMsg HTTP/1.1" 200 27
114.88.158.224 - - [22/Aug/2022:11:12:58 +0800] "GET /xingrg/all/function/internal_message.html?_=1661137977961&CODE_STATE=getMsg HTTP/1.1" 200 27
180.169.147.146 - - [22/Aug/2022:11:12:58 +0800] "GET /xingrg/all/function/internal_message.html?_=1661137977290&CODE_STATE=getMsg HTTP/1.1" 200 27
101.80.228.36 - - [22/Aug/2022:11:12:58 +0800] "GET /xingrg/all/function/internal_message.html?_=1661137978140&CODE_STATE=getMsg HTTP/1.1" 200 27
116.233.77.65 - - [22/Aug/2022:11:13:00 +0800] "GET /xingrg/kc/buy/cgsh_order_operate.html?command=get_materiel&rest_code=00109&code=00101008061&supplier_code=00100005&order_time=2022-08-22 HTTP/1.1" 200 422
