116.232.194.65 - - [22/Aug/2022:11:38:17 +0800] "GET /xingrg/kc/buy/cgsh_order_add.html HTTP/1.1" 200 68385
116.232.194.65 - - [22/Aug/2022:11:38:17 +0800] "POST /xingrg/kc/buy/cgsh_order_operate.html HTTP/1.1" 200 8245
116.232.194.65 - - [22/Aug/2022:11:38:17 +0800] "GET /xingrg/javascript/easyui/themes/default/validatebox.css HTTP/1.1" 404 1104
180.169.147.146 - - [22/Aug/2022:11:38:23 +0800] "GET /xingrg/all/function/internal_message.html?_=1661139502792&CODE_STATE=getMsg HTTP/1.1" 200 27
116.232.194.65 - - [22/Aug/2022:11:38:24 +0800] "GET /xingrg/kc/buy/cgsh_order_operate.html?command=get_materiel&rest_code=00155&code=00101003037&supplier_code=00100091&order_time=2022-08-22 HTTP/1.1" 200 417
114.88.158.224 - - [22/Aug/2022:11:38:27 +0800] "GET /xingrg/all/function/internal_message.html?_=1661139175050&CODE_STATE=getMsg HTTP/1.1" 200 27
61.165.19.104 - - [22/Aug/2022:11:38:27 +0800] "GET /xingrg/all/function/internal_message.html?_=1661139376689&CODE_STATE=getMsg HTTP/1.1" 200 27
116.233.77.65 - - [22/Aug/2022:11:38:29 +0800] "GET /xingrg/all/function/internal_message.html?_=1661139515299&CODE_STATE=getMsg HTTP/1.1" 200 27
116.224.123.211 - - [22/Aug/2022:11:38:29 +0800] "GET /xingrg/all/function/internal_message.html?_=1661139509879&CODE_STATE=getMsg HTTP/1.1" 200 27
116.232.194.65 - - [22/Aug/2022:11:38:32 +0800] "POST /xingrg/kc/buy/cgsh_order_operate.html HTTP/1.1" 200 37
116.224.255.128 - - [22/Aug/2022:11:38:32 +0800] "GET /xingrg/all/function/internal_message.html?_=1661139441456&CODE_STATE=getMsg HTTP/1.1" 200 27
116.232.194.65 - - [22/Aug/2022:11:38:33 +0800] "POST /xingrg/kc/buy/cgsh_order_operate.html HTTP/1.1" 200 2665
116.232.194.65 - - [22/Aug/2022:11:38:34 +0800] "GET /xingrg/kc/print/load_data.html?order_code=212022082207343&kc_code=cgsh&condition= HTTP/1.1" 200 754
180.169.147.146 - - [22/Aug/2022:11:38:35 +0800] "GET /xingrg/all/function/internal_message.html?_=1661139854603&CODE_STATE=getMsg HTTP/1.1" 200 27
180.162.109.37 - - [22/Aug/2022:11:38:36 +0800] "GET /xingrg/check_reg.html?_=1661138677700 HTTP/1.1" 200 22
180.162.109.37 - - [22/Aug/2022:11:38:36 +0800] "GET /xingrg/all/function/internal_message.html?_=1661138677697&CODE_STATE=getMsg HTTP/1.1" 200 27
120.253.135.82 - - [22/Aug/2022:11:38:36 +0800] "GET /xingrg/all/function/internal_message.html?_=1661139320925&CODE_STATE=getMsg HTTP/1.1" 200 27
116.232.194.65 - - [22/Aug/2022:11:38:38 +0800] "GET /xingrg/kc/buy/cgsh_order_add.html HTTP/1.1" 200 68385
116.232.194.65 - - [22/Aug/2022:11:38:38 +0800] "POST /xingrg/kc/buy/cgsh_order_operate.html HTTP/1.1" 200 8245
116.232.194.65 - - [22/Aug/2022:11:38:38 +0800] "GET /xingrg/javascript/easyui/themes/default/validatebox.css HTTP/1.1" 404 1104
116.237.75.117 - - [22/Aug/2022:11:38:39 +0800] "GET /xingrg/all/function/internal_message.html?_=1661139523850&CODE_STATE=getMsg HTTP/1.1" 200 27
116.237.75.117 - - [22/Aug/2022:11:38:39 +0800] "GET /xingrg/kc/buy/cgsh_order_operate.html?command=get_materiel&rest_code=00106&code=00101008169&supplier_code=00100007&order_time=2022-08-22 HTTP/1.1" 200 412
116.237.75.117 - - [22/Aug/2022:11:38:39 +0800] "GET /xingrg/check_reg.html?_=1661139524649 HTTP/1.1" 200 22
101.85.120.95 - - [22/Aug/2022:11:38:44 +0800] "GET /xingrg/all/function/internal_message.html?_=1661139522749&CODE_STATE=getMsg HTTP/1.1" 200 27
101.85.120.95 - - [22/Aug/2022:11:38:44 +0800] "GET /xingrg/check_reg.html?_=1661139522752 HTTP/1.1" 200 22
61.165.19.104 - - [22/Aug/2022:11:38:45 +0800] "GET /xingrg/all/function/internal_message.html?_=1661139526311&CODE_STATE=getMsg HTTP/1.1" 200 27
114.83.216.129 - - [22/Aug/2022:11:38:46 +0800] "GET /xingrg/all/function/internal_message.html?_=1661139525689&CODE_STATE=getMsg HTTP/1.1" 200 27
180.169.147.146 - - [22/Aug/2022:11:38:50 +0800] "GET /xingrg/all/function/internal_message.html?_=1661139529948&CODE_STATE=getMsg HTTP/1.1" 200 27
218.81.223.53 - - [22/Aug/2022:11:38:51 +0800] "GET /xingrg/check_reg.html?_=1661139533470 HTTP/1.1" 200 22
116.237.75.117 - - [22/Aug/2022:11:38:52 +0800] "GET /xingrg/kc/buy/cgsh_order_operate.html?command=get_materiel&rest_code=00106&code=00101008224&supplier_code=00100007&order_time=2022-08-22 HTTP/1.1" 200 416
218.81.223.53 - - [22/Aug/2022:11:38:54 +0800] "GET /xingrg/all/function/internal_message.html?_=1661139535672&CODE_STATE=getMsg HTTP/1.1" 200 27
222.69.129.110 - - [22/Aug/2022:11:38:55 +0800] "GET /xingrg/all/function/internal_message.html?_=1661139603494&CODE_STATE=getMsg HTTP/1.1" 200 27
222.69.129.110 - - [22/Aug/2022:11:38:55 +0800] "GET /xingrg/check_reg.html?_=1661139603496 HTTP/1.1" 200 22
116.235.94.65 - - [22/Aug/2022:11:38:56 +0800] "GET /xingrg/all/function/internal_message.html?_=1661139725896&CODE_STATE=getMsg HTTP/1.1" 200 27
114.88.158.224 - - [22/Aug/2022:11:38:58 +0800] "GET /xingrg/all/function/internal_message.html?_=1661139538018&CODE_STATE=getMsg HTTP/1.1" 200 27
180.169.147.146 - - [22/Aug/2022:11:38:58 +0800] "GET /xingrg/all/function/internal_message.html?_=1661139537338&CODE_STATE=getMsg HTTP/1.1" 200 27
101.80.228.36 - - [22/Aug/2022:11:38:58 +0800] "GET /xingrg/all/function/internal_message.html?_=1661139538128&CODE_STATE=getMsg HTTP/1.1" 200 27
114.86.187.244 - - [22/Aug/2022:11:38:59 +0800] "GET /xingrg/all/function/internal_message.html?_=1661139539520&CODE_STATE=getMsg HTTP/1.1" 200 27
116.224.255.128 - - [22/Aug/2022:11:39:02 +0800] "GET /xingrg/check_reg.html?_=1661139540874 HTTP/1.1" 200 22
116.224.255.128 - - [22/Aug/2022:11:39:02 +0800] "GET /xingrg/all/function/internal_message.html?_=1661139540878&CODE_STATE=getMsg HTTP/1.1" 200 27
114.84.5.35 - - [22/Aug/2022:11:39:08 +0800] "GET /xingrg/all/function/internal_message.html?_=1661139546898&CODE_STATE=getMsg HTTP/1.1" 200 27
114.86.187.244 - - [22/Aug/2022:11:39:09 +0800] "GET /xingrg/kc/buy/cgsh_order_list.html HTTP/1.1" 200 52603
116.232.194.65 - - [22/Aug/2022:11:39:10 +0800] "GET /xingrg/kc/buy/cgsh_order_operate.html?command=get_materiel&rest_code=00155&code=00101003003&supplier_code=00100093&order_time=2022-08-22 HTTP/1.1" 200 418
114.86.187.244 - - [22/Aug/2022:11:39:10 +0800] "POST /xingrg/kc/buy/cgsh_list_operate.html HTTP/1.1" 200 752
116.232.194.65 - - [22/Aug/2022:11:39:10 +0800] "GET /xingrg/all/function/internal_message.html?_=1661139507697&CODE_STATE=getMsg HTTP/1.1" 200 27
116.232.194.65 - - [22/Aug/2022:11:39:20 +0800] "POST /xingrg/kc/buy/cgsh_order_operate.html HTTP/1.1" 200 37
116.224.123.211 - - [22/Aug/2022:11:39:21 +0800] "GET /xingrg/kc/buy/cgsh_order_list.html HTTP/1.1" 200 52597
116.224.123.211 - - [22/Aug/2022:11:39:22 +0800] "POST /xingrg/kc/buy/cgsh_list_operate.html HTTP/1.1" 200 752
180.169.147.146 - - [22/Aug/2022:11:39:23 +0800] "GET /xingrg/all/function/internal_message.html?_=1661139562776&CODE_STATE=getMsg HTTP/1.1" 200 27
116.224.123.211 - - [22/Aug/2022:11:39:23 +0800] "GET /xingrg/kc/buy/cgsh_order_add.html HTTP/1.1" 200 68414
116.224.123.211 - - [22/Aug/2022:11:39:23 +0800] "POST /xingrg/kc/buy/cgsh_order_operate.html HTTP/1.1" 200 8245
116.224.123.211 - - [22/Aug/2022:11:39:23 +0800] "GET /xingrg/javascript/easyui/themes/default/validatebox.css HTTP/1.1" 404 1104
114.88.158.224 - - [22/Aug/2022:11:39:27 +0800] "GET /xingrg/check_reg.html?_=1661139235048 HTTP/1.1" 200 22
114.88.158.224 - - [22/Aug/2022:11:39:27 +0800] "GET /xingrg/all/function/internal_message.html?_=1661139235050&CODE_STATE=getMsg HTTP/1.1" 200 27
61.165.19.104 - - [22/Aug/2022:11:39:27 +0800] "GET /xingrg/all/function/internal_message.html?_=1661139436678&CODE_STATE=getMsg HTTP/1.1" 200 27
116.224.123.211 - - [22/Aug/2022:11:39:28 +0800] "GET /xingrg/check_reg.html?_=1661139569053 HTTP/1.1" 200 22
116.233.77.65 - - [22/Aug/2022:11:39:29 +0800] "GET /xingrg/all/function/internal_message.html?_=1661139575293&CODE_STATE=getMsg HTTP/1.1" 200 27
116.224.123.211 - - [22/Aug/2022:11:39:29 +0800] "GET /xingrg/all/function/internal_message.html?_=1661139569870&CODE_STATE=getMsg HTTP/1.1" 200 27
116.224.255.128 - - [22/Aug/2022:11:39:32 +0800] "GET /xingrg/all/function/internal_message.html?_=1661139501522&CODE_STATE=getMsg HTTP/1.1" 200 27
180.169.147.146 - - [22/Aug/2022:11:39:35 +0800] "GET /xingrg/all/function/internal_message.html?_=1661139914594&CODE_STATE=getMsg HTTP/1.1" 200 27
180.162.109.37 - - [22/Aug/2022:11:39:36 +0800] "GET /xingrg/all/function/internal_message.html?_=1661138737699&CODE_STATE=getMsg HTTP/1.1" 200 27
120.253.135.82 - - [22/Aug/2022:11:39:36 +0800] "GET /xingrg/all/function/internal_message.html?_=1661139380942&CODE_STATE=getMsg HTTP/1.1" 200 27
116.237.75.117 - - [22/Aug/2022:11:39:39 +0800] "GET /xingrg/all/function/internal_message.html?_=1661139583831&CODE_STATE=getMsg HTTP/1.1" 200 27
101.85.120.95 - - [22/Aug/2022:11:39:44 +0800] "GET /xingrg/all/function/internal_message.html?_=1661139582751&CODE_STATE=getMsg HTTP/1.1" 200 27
61.165.19.104 - - [22/Aug/2022:11:39:45 +0800] "GET /xingrg/all/function/internal_message.html?_=1661139586311&CODE_STATE=getMsg HTTP/1.1" 200 27
114.83.216.129 - - [22/Aug/2022:11:39:46 +0800] "GET /xingrg/all/function/internal_message.html?_=1661139585686&CODE_STATE=getMsg HTTP/1.1" 200 27
114.83.216.129 - - [22/Aug/2022:11:39:48 +0800] "GET /xingrg/check_reg.html?_=1661139587657 HTTP/1.1" 200 22
116.224.123.211 - - [22/Aug/2022:11:39:50 +0800] "GET /xingrg/javascript/auto/indicator.gif HTTP/1.1" 404 1066
180.169.147.146 - - [22/Aug/2022:11:39:50 +0800] "GET /xingrg/all/function/internal_message.html?_=1661139589957&CODE_STATE=getMsg HTTP/1.1" 200 27
218.81.223.53 - - [22/Aug/2022:11:39:54 +0800] "GET /xingrg/all/function/internal_message.html?_=1661139595687&CODE_STATE=getMsg HTTP/1.1" 200 27
222.69.129.110 - - [22/Aug/2022:11:39:55 +0800] "GET /xingrg/all/function/internal_message.html?_=1661139663466&CODE_STATE=getMsg HTTP/1.1" 200 27
116.235.94.65 - - [22/Aug/2022:11:39:56 +0800] "GET /xingrg/all/function/internal_message.html?_=1661139785894&CODE_STATE=getMsg HTTP/1.1" 200 27
114.88.158.224 - - [22/Aug/2022:11:39:58 +0800] "GET /xingrg/all/function/internal_message.html?_=1661139598021&CODE_STATE=getMsg HTTP/1.1" 200 27
180.169.147.146 - - [22/Aug/2022:11:39:58 +0800] "GET /xingrg/all/function/internal_message.html?_=1661139597339&CODE_STATE=getMsg HTTP/1.1" 200 27
101.80.228.36 - - [22/Aug/2022:11:39:58 +0800] "GET /xingrg/all/function/internal_message.html?_=1661139598130&CODE_STATE=getMsg HTTP/1.1" 200 27
114.86.187.244 - - [22/Aug/2022:11:39:59 +0800] "GET /xingrg/all/function/internal_message.html?_=1661139599525&CODE_STATE=getMsg HTTP/1.1" 200 27
114.84.5.35 - - [22/Aug/2022:11:40:08 +0800] "GET /xingrg/all/function/internal_message.html?_=1661139606902&CODE_STATE=getMsg HTTP/1.1" 200 27
114.84.5.35 - - [22/Aug/2022:11:40:08 +0800] "GET /xingrg/check_reg.html?_=1661139606899 HTTP/1.1" 200 22
180.169.147.146 - - [22/Aug/2022:11:40:23 +0800] "GET /xingrg/all/function/internal_message.html?_=1661139622753&CODE_STATE=getMsg HTTP/1.1" 200 27
114.88.158.224 - - [22/Aug/2022:11:40:27 +0800] "GET /xingrg/all/function/internal_message.html?_=1661139295049&CODE_STATE=getMsg HTTP/1.1" 200 27
61.165.19.104 - - [22/Aug/2022:11:40:27 +0800] "GET /xingrg/all/function/internal_message.html?_=1661139496687&CODE_STATE=getMsg HTTP/1.1" 200 27
61.165.19.104 - - [22/Aug/2022:11:40:27 +0800] "GET /xingrg/check_reg.html?_=1661139496690 HTTP/1.1" 200 22
116.233.77.65 - - [22/Aug/2022:11:40:29 +0800] "GET /xingrg/all/function/internal_message.html?_=1661139635329&CODE_STATE=getMsg HTTP/1.1" 200 27
116.233.77.65 - - [22/Aug/2022:11:40:29 +0800] "GET /xingrg/check_reg.html?_=1661139635332 HTTP/1.1" 200 22
116.224.123.211 - - [22/Aug/2022:11:40:29 +0800] "GET /xingrg/all/function/internal_message.html?_=1661139629841&CODE_STATE=getMsg HTTP/1.1" 200 27
116.224.123.211 - - [22/Aug/2022:11:40:30 +0800] "GET /xingrg/kc/buy/cgsh_order_operate.html?command=get_materiel&rest_code=00102&code=00101020133&supplier_code=00100151&order_time=2022-08-22 HTTP/1.1" 200 417
180.169.147.146 - - [22/Aug/2022:11:40:30 +0800] "GET /xingrg/kc/buy/cgsh_order_operate.html?command=get_materiel&rest_code=00147&code=00101029033&supplier_code=00100017&order_time=2022-08-21 HTTP/1.1" 200 454
180.169.147.146 - - [22/Aug/2022:11:40:32 +0800] "POST /xingrg/all/common/load_select.html HTTP/1.1" 200 25
116.224.255.128 - - [22/Aug/2022:11:40:32 +0800] "GET /xingrg/all/function/internal_message.html?_=1661139561530&CODE_STATE=getMsg HTTP/1.1" 200 27
180.169.147.146 - - [22/Aug/2022:11:40:35 +0800] "GET /xingrg/all/function/internal_message.html?_=1661139974611&CODE_STATE=getMsg HTTP/1.1" 200 27
180.169.147.146 - - [22/Aug/2022:11:40:35 +0800] "GET /xingrg/kc/buy/cgsh_order_operate.html?command=get_materiel_price&rest_code=00147&code=00101029033&unit_code=00100179&supplier_code=00100017&order_time=2022-08-21 HTTP/1.1" 200 30
120.253.135.82 - - [22/Aug/2022:11:40:36 +0800] "GET /xingrg/check_reg.html?_=1661139440582 HTTP/1.1" 200 22
180.162.109.37 - - [22/Aug/2022:11:40:36 +0800] "GET /xingrg/all/function/internal_message.html?_=1661138797700&CODE_STATE=getMsg HTTP/1.1" 200 27
120.253.135.82 - - [22/Aug/2022:11:40:36 +0800] "GET /xingrg/all/function/internal_message.html?_=1661139440957&CODE_STATE=getMsg HTTP/1.1" 200 27
180.169.147.146 - - [22/Aug/2022:11:40:38 +0800] "GET /xingrg/check_reg.html?_=1661139977568 HTTP/1.1" 200 22
116.237.75.117 - - [22/Aug/2022:11:40:39 +0800] "GET /xingrg/all/function/internal_message.html?_=1661139643832&CODE_STATE=getMsg HTTP/1.1" 200 27
61.151.207.116 - - [22/Aug/2022:11:40:40 +0800] "GET /xingrg/all/function/internal_message.html?_=1661137857956&CODE_STATE=getMsg HTTP/1.1" 302 -
61.151.207.116 - - [22/Aug/2022:11:40:40 +0800] "GET /xingrg/login.html HTTP/1.1" 200 7641
101.85.120.95 - - [22/Aug/2022:11:40:44 +0800] "GET /xingrg/all/function/internal_message.html?_=1661139642751&CODE_STATE=getMsg HTTP/1.1" 200 27
61.165.19.104 - - [22/Aug/2022:11:40:45 +0800] "GET /xingrg/all/function/internal_message.html?_=1661139646312&CODE_STATE=getMsg HTTP/1.1" 200 27
114.83.216.129 - - [22/Aug/2022:11:40:46 +0800] "GET /xingrg/all/function/internal_message.html?_=1661139645673&CODE_STATE=getMsg HTTP/1.1" 200 27
180.169.147.146 - - [22/Aug/2022:11:40:49 +0800] "GET /xingrg/kc/buy/cgsh_order_operate.html?command=get_materiel&rest_code=00147&code=00101029017&supplier_code=00100017&order_time=2022-08-21 HTTP/1.1" 200 466
180.169.147.146 - - [22/Aug/2022:11:40:50 +0800] "GET /xingrg/all/function/internal_message.html?_=1661139649954&CODE_STATE=getMsg HTTP/1.1" 200 27
180.169.147.146 - - [22/Aug/2022:11:40:52 +0800] "POST /xingrg/all/common/load_select.html HTTP/1.1" 200 25
116.232.194.65 - - [22/Aug/2022:11:40:52 +0800] "POST /xingrg/kc/buy/cgsh_order_operate.html HTTP/1.1" 200 2665
116.224.123.211 - - [22/Aug/2022:11:40:53 +0800] "GET /xingrg/kc/buy/cgsh_order_operate.html?command=get_materiel&rest_code=00102&code=00101020165&supplier_code=00100151&order_time=2022-08-22 HTTP/1.1" 200 430
116.232.194.65 - - [22/Aug/2022:11:40:53 +0800] "GET /xingrg/kc/print/load_data.html?order_code=212022082207344&kc_code=cgsh&condition= HTTP/1.1" 200 744
218.81.223.53 - - [22/Aug/2022:11:40:54 +0800] "GET /xingrg/all/function/internal_message.html?_=1661139655699&CODE_STATE=getMsg HTTP/1.1" 200 27
222.69.129.110 - - [22/Aug/2022:11:40:55 +0800] "GET /xingrg/all/function/internal_message.html?_=1661139723480&CODE_STATE=getMsg HTTP/1.1" 200 27
180.169.147.146 - - [22/Aug/2022:11:40:56 +0800] "GET /xingrg/kc/buy/cgsh_order_operate.html?command=get_materiel_price&rest_code=00147&code=00101029017&unit_code=00100179&supplier_code=00100017&order_time=2022-08-21 HTTP/1.1" 200 29
116.235.94.65 - - [22/Aug/2022:11:40:56 +0800] "GET /xingrg/all/function/internal_message.html?_=1661139845892&CODE_STATE=getMsg HTTP/1.1" 200 27
114.88.158.224 - - [22/Aug/2022:11:40:58 +0800] "GET /xingrg/all/function/internal_message.html?_=1661139658023&CODE_STATE=getMsg HTTP/1.1" 200 27
114.88.158.224 - - [22/Aug/2022:11:40:58 +0800] "GET /xingrg/check_reg.html?_=1661139658025 HTTP/1.1" 200 22
180.169.147.146 - - [22/Aug/2022:11:40:58 +0800] "GET /xingrg/check_reg.html?_=1661139657338 HTTP/1.1" 200 22
180.169.147.146 - - [22/Aug/2022:11:40:58 +0800] "GET /xingrg/all/function/internal_message.html?_=1661139657341&CODE_STATE=getMsg HTTP/1.1" 200 27
101.80.228.36 - - [22/Aug/2022:11:40:58 +0800] "GET /xingrg/all/function/internal_message.html?_=1661139658131&CODE_STATE=getMsg HTTP/1.1" 200 27
101.80.228.36 - - [22/Aug/2022:11:40:58 +0800] "GET /xingrg/check_reg.html?_=1661139658134 HTTP/1.1" 200 22
116.232.194.65 - - [22/Aug/2022:11:40:59 +0800] "GET /xingrg/kc/buy/cgsh_order_add.html HTTP/1.1" 200 68385
114.86.187.244 - - [22/Aug/2022:11:40:59 +0800] "GET /xingrg/check_reg.html?_=1661139659527 HTTP/1.1" 200 22
114.86.187.244 - - [22/Aug/2022:11:40:59 +0800] "GET /xingrg/all/function/internal_message.html?_=1661139659530&CODE_STATE=getMsg HTTP/1.1" 200 27
116.232.194.65 - - [22/Aug/2022:11:40:59 +0800] "POST /xingrg/kc/buy/cgsh_order_operate.html HTTP/1.1" 200 8245
116.232.194.65 - - [22/Aug/2022:11:40:59 +0800] "GET /xingrg/javascript/easyui/themes/default/validatebox.css HTTP/1.1" 404 1104
114.84.5.35 - - [22/Aug/2022:11:41:08 +0800] "GET /xingrg/all/function/internal_message.html?_=1661139666902&CODE_STATE=getMsg HTTP/1.1" 200 27
116.232.194.65 - - [22/Aug/2022:11:41:08 +0800] "GET /xingrg/kc/buy/cgsh_order_operate.html?command=get_materiel&rest_code=00155&code=00101003006&supplier_code=00100092&order_time=2022-08-22 HTTP/1.1" 200 433
116.232.194.65 - - [22/Aug/2022:11:41:10 +0800] "GET /xingrg/all/function/internal_message.html?_=1661139627704&CODE_STATE=getMsg HTTP/1.1" 200 27
116.232.194.65 - - [22/Aug/2022:11:41:10 +0800] "GET /xingrg/check_reg.html?_=1661139627705 HTTP/1.1" 200 22
116.232.194.65 - - [22/Aug/2022:11:41:17 +0800] "POST /xingrg/kc/buy/cgsh_order_operate.html HTTP/1.1" 200 37
116.232.194.65 - - [22/Aug/2022:11:41:19 +0800] "POST /xingrg/kc/buy/cgsh_order_operate.html HTTP/1.1" 200 2661
116.232.194.65 - - [22/Aug/2022:11:41:19 +0800] "GET /xingrg/kc/print/load_data.html?order_code=212022082207345&kc_code=cgsh&condition= HTTP/1.1" 200 731
180.169.147.146 - - [22/Aug/2022:11:41:22 +0800] "GET /xingrg/all/function/internal_message.html?_=1661139682723&CODE_STATE=getMsg HTTP/1.1" 200 27
116.232.194.65 - - [22/Aug/2022:11:41:23 +0800] "GET /xingrg/kc/buy/cgsh_order_add.html HTTP/1.1" 200 68385
116.232.194.65 - - [22/Aug/2022:11:41:24 +0800] "POST /xingrg/kc/buy/cgsh_order_operate.html HTTP/1.1" 200 8245
116.232.194.65 - - [22/Aug/2022:11:41:24 +0800] "GET /xingrg/javascript/easyui/themes/default/validatebox.css HTTP/1.1" 404 1104
180.169.147.146 - - [22/Aug/2022:11:41:25 +0800] "GET /xingrg/kc/report/report_main.html HTTP/1.1" 200 7340
114.88.158.224 - - [22/Aug/2022:11:41:27 +0800] "GET /xingrg/all/function/internal_message.html?_=1661139355049&CODE_STATE=getMsg HTTP/1.1" 200 27
61.165.19.104 - - [22/Aug/2022:11:41:27 +0800] "GET /xingrg/all/function/internal_message.html?_=1661139556701&CODE_STATE=getMsg HTTP/1.1" 200 27
180.169.147.146 - - [22/Aug/2022:11:41:27 +0800] "GET /xingrg/system/info/unit_group_list.html HTTP/1.1" 200 8548
180.169.147.146 - - [22/Aug/2022:11:41:27 +0800] "GET /xingrg/dwr/interface/AjaxBaseInfoService.js HTTP/1.1" 200 21363
180.169.147.146 - - [22/Aug/2022:11:41:27 +0800] "GET /xingrg/dwr/engine.js HTTP/1.1" 200 43631
180.169.147.146 - - [22/Aug/2022:11:41:27 +0800] "GET /xingrg/javascript/jquery_easy_ui/themes/icons/edit_add_new.png HTTP/1.1" 200 2997
180.169.147.146 - - [22/Aug/2022:11:41:27 +0800] "GET /xingrg/javascript/jquery_easy_ui/themes/icons/cance_new.png HTTP/1.1" 200 3986
180.169.147.146 - - [22/Aug/2022:11:41:28 +0800] "GET /xingrg/system/info/materiel_manager.html HTTP/1.1" 200 19497
180.169.147.146 - - [22/Aug/2022:11:41:28 +0800] "GET /xingrg/css/xtree.css HTTP/1.1" 200 880
180.169.147.146 - - [22/Aug/2022:11:41:28 +0800] "GET /xingrg/javascript/jquery_ui/themes/base/base.css HTTP/1.1" 200 28568
180.169.147.146 - - [22/Aug/2022:11:41:28 +0800] "GET /xingrg/dwr/interface/AjaxBaseInfoService.js HTTP/1.1" 200 21363
180.169.147.146 - - [22/Aug/2022:11:41:28 +0800] "GET /xingrg/dwr/engine.js HTTP/1.1" 200 43631
180.169.147.146 - - [22/Aug/2022:11:41:28 +0800] "GET /xingrg/dwr/interface/AjaxComOrderService.js HTTP/1.1" 200 18264
180.169.147.146 - - [22/Aug/2022:11:41:28 +0800] "GET /xingrg/javascript/Grid.js HTTP/1.1" 200 58908
180.169.147.146 - - [22/Aug/2022:11:41:28 +0800] "GET /xingrg/javascript/xtree.js HTTP/1.1" 200 26582
180.169.147.146 - - [22/Aug/2022:11:41:28 +0800] "GET /xingrg/images/xtree/openfoldericon.png HTTP/1.1" 200 232
180.169.147.146 - - [22/Aug/2022:11:41:28 +0800] "GET /xingrg/javascript/jquery_easy_ui/themes/icons/import_new.png HTTP/1.1" 200 1247
180.169.147.146 - - [22/Aug/2022:11:41:28 +0800] "GET /xingrg/javascript/jquery_easy_ui/themes/icons/print_new.png HTTP/1.1" 200 3580
180.169.147.146 - - [22/Aug/2022:11:41:28 +0800] "GET /xingrg/images/blue/wait.gif HTTP/1.1" 200 1100
180.169.147.146 - - [22/Aug/2022:11:41:28 +0800] "POST /xingrg/dwr/call/plaincall/AjaxBaseInfoService.getSubMaterielSorts.dwr HTTP/1.1" 200 219
180.169.147.146 - - [22/Aug/2022:11:41:28 +0800] "GET /xingrg/images/xtree/Lplus.png HTTP/1.1" 200 224
180.169.147.146 - - [22/Aug/2022:11:41:28 +0800] "GET /xingrg/images/xtree/foldericon.png HTTP/1.1" 200 229
180.169.147.146 - - [22/Aug/2022:11:41:28 +0800] "GET /xingrg/images/xtree/Tplus.png HTTP/1.1" 200 222
180.169.147.146 - - [22/Aug/2022:11:41:28 +0800] "GET /xingrg/images/xtree/Lplus.png HTTP/1.1" 200 224
180.169.147.146 - - [22/Aug/2022:11:41:28 +0800] "POST /xingrg/dwr/call/plaincall/AjaxBaseInfoService.getMateriels.dwr HTTP/1.1" 200 2930
116.233.77.65 - - [22/Aug/2022:11:41:29 +0800] "GET /xingrg/all/function/internal_message.html?_=1661139695333&CODE_STATE=getMsg HTTP/1.1" 200 27
116.224.123.211 - - [22/Aug/2022:11:41:29 +0800] "GET /xingrg/all/function/internal_message.html?_=1661139689820&CODE_STATE=getMsg HTTP/1.1" 200 27
180.169.147.146 - - [22/Aug/2022:11:41:29 +0800] "POST /xingrg/dwr/call/plaincall/AjaxBaseInfoService.getSubMaterielSorts.dwr HTTP/1.1" 200 4044
180.169.147.146 - - [22/Aug/2022:11:41:29 +0800] "GET /xingrg/images/xtree/I.png HTTP/1.1" 200 148
180.169.147.146 - - [22/Aug/2022:11:41:29 +0800] "GET /xingrg/images/xtree/L.png HTTP/1.1" 200 153
180.169.147.146 - - [22/Aug/2022:11:41:29 +0800] "GET /xingrg/images/xtree/file.png HTTP/1.1" 200 251
180.169.147.146 - - [22/Aug/2022:11:41:29 +0800] "GET /xingrg/images/xtree/T.png HTTP/1.1" 200 152
180.169.147.146 - - [22/Aug/2022:11:41:29 +0800] "GET /xingrg/images/xtree/L.png HTTP/1.1" 200 153
180.169.147.146 - - [22/Aug/2022:11:41:29 +0800] "GET /xingrg/images/xtree/L.png HTTP/1.1" 200 153
180.169.147.146 - - [22/Aug/2022:11:41:29 +0800] "GET /xingrg/images/xtree/L.png HTTP/1.1" 200 153
180.169.147.146 - - [22/Aug/2022:11:41:29 +0800] "POST /xingrg/dwr/call/plaincall/AjaxBaseInfoService.getMateriels.dwr HTTP/1.1" 200 2928
180.169.147.146 - - [22/Aug/2022:11:41:29 +0800] "GET /xingrg/images/xtree/Tminus.png HTTP/1.1" 200 207
116.224.255.128 - - [22/Aug/2022:11:41:30 +0800] "GET /xingrg/check_reg.html?_=1661139619349 HTTP/1.1" 200 22
116.232.194.65 - - [22/Aug/2022:11:41:31 +0800] "GET /xingrg/kc/buy/cgsh_order_operate.html?command=get_materiel&rest_code=00155&code=00101004094&supplier_code=00100090&order_time=2022-08-22 HTTP/1.1" 200 430
180.169.147.146 - - [22/Aug/2022:11:41:32 +0800] "POST /xingrg/dwr/call/plaincall/AjaxBaseInfoService.getMateriels.dwr HTTP/1.1" 200 3049
116.224.255.128 - - [22/Aug/2022:11:41:32 +0800] "GET /xingrg/all/function/internal_message.html?_=1661139621545&CODE_STATE=getMsg HTTP/1.1" 200 27
180.169.147.146 - - [22/Aug/2022:11:41:34 +0800] "GET /xingrg/system/info/materiel_info.html?code=00101003&isAdd=1 HTTP/1.1" 200 36462
180.169.147.146 - - [22/Aug/2022:11:41:34 +0800] "GET /xingrg/dwr/interface/AjaxGetFirstChart.js HTTP/1.1" 200 631
180.169.147.146 - - [22/Aug/2022:11:41:34 +0800] "GET /xingrg/javascript/checkform.js HTTP/1.1" 200 18351
180.169.147.146 - - [22/Aug/2022:11:41:34 +0800] "GET /xingrg/dwr/engine.js HTTP/1.1" 200 43631
180.169.147.146 - - [22/Aug/2022:11:41:34 +0800] "POST /xingrg/all/common/load_tree.html?tree=area_rest_tree_json HTTP/1.1" 200 3472
180.169.147.146 - - [22/Aug/2022:11:41:34 +0800] "GET /favicon.ico HTTP/1.1" 404 -
180.169.147.146 - - [22/Aug/2022:11:41:34 +0800] "POST /xingrg/dwr/call/plaincall/AjaxBaseInfoService.getMaterielInfo.dwr HTTP/1.1" 200 204
180.169.147.146 - - [22/Aug/2022:11:41:34 +0800] "POST /xingrg/all/common/load_tree.html?tree=area_rest_tree_json&defaultRests=undefined HTTP/1.1" 200 3472
180.169.147.146 - - [22/Aug/2022:11:41:35 +0800] "GET /xingrg/all/function/internal_message.html?_=1661140034602&CODE_STATE=getMsg HTTP/1.1" 200 27
180.162.109.37 - - [22/Aug/2022:11:41:36 +0800] "GET /xingrg/all/function/internal_message.html?_=1661138857701&CODE_STATE=getMsg HTTP/1.1" 200 27
120.253.135.82 - - [22/Aug/2022:11:41:36 +0800] "GET /xingrg/all/function/internal_message.html?_=1661139500970&CODE_STATE=getMsg HTTP/1.1" 200 27
116.232.194.65 - - [22/Aug/2022:11:41:37 +0800] "POST /xingrg/kc/buy/cgsh_order_operate.html HTTP/1.1" 200 37
116.232.194.65 - - [22/Aug/2022:11:41:38 +0800] "POST /xingrg/kc/buy/cgsh_order_operate.html HTTP/1.1" 200 2658
116.237.75.117 - - [22/Aug/2022:11:41:38 +0800] "GET /xingrg/all/function/internal_message.html?_=1661139703824&CODE_STATE=getMsg HTTP/1.1" 200 27
116.232.194.65 - - [22/Aug/2022:11:41:39 +0800] "GET /xingrg/kc/print/load_data.html?order_code=212022082207346&kc_code=cgsh&condition= HTTP/1.1" 200 749
180.169.147.146 - - [22/Aug/2022:11:41:43 +0800] "POST /xingrg/dwr/call/plaincall/AjaxGetFirstChart.getFirstChart.dwr HTTP/1.1" 200 80
101.85.120.95 - - [22/Aug/2022:11:41:44 +0800] "GET /xingrg/all/function/internal_message.html?_=1661139702750&CODE_STATE=getMsg HTTP/1.1" 200 27
61.165.19.104 - - [22/Aug/2022:11:41:45 +0800] "GET /xingrg/all/function/internal_message.html?_=1661139706312&CODE_STATE=getMsg HTTP/1.1" 200 27
114.83.216.129 - - [22/Aug/2022:11:41:46 +0800] "GET /xingrg/all/function/internal_message.html?_=1661139705646&CODE_STATE=getMsg HTTP/1.1" 200 27
180.169.147.146 - - [22/Aug/2022:11:41:50 +0800] "GET /xingrg/all/function/internal_message.html?_=1661139709967&CODE_STATE=getMsg HTTP/1.1" 200 27
180.169.147.146 - - [22/Aug/2022:11:41:50 +0800] "GET /xingrg/check_reg.html?_=1661139709969 HTTP/1.1" 200 22
180.169.147.146 - - [22/Aug/2022:11:41:53 +0800] "POST /xingrg/dwr/call/plaincall/AjaxBaseInfoService.changeUnitGroup.dwr HTTP/1.1" 200 243
116.224.123.211 - - [22/Aug/2022:11:41:53 +0800] "GET /xingrg/kc/buy/cgsh_order_operate.html?command=get_materiel&rest_code=00102&code=00102002325&supplier_code=00100151&order_time=2022-08-22 HTTP/1.1" 200 414
218.81.223.53 - - [22/Aug/2022:11:41:54 +0800] "GET /xingrg/all/function/internal_message.html?_=1661139715713&CODE_STATE=getMsg HTTP/1.1" 200 27
180.169.147.146 - - [22/Aug/2022:11:41:54 +0800] "POST /xingrg/dwr/call/plaincall/AjaxBaseInfoService.saveMateriel.dwr HTTP/1.1" 200 108
180.169.147.146 - - [22/Aug/2022:11:41:54 +0800] "POST /xingrg/dwr/call/plaincall/AjaxBaseInfoService.getMateriels.dwr HTTP/1.1" 200 3049
222.69.129.110 - - [22/Aug/2022:11:41:55 +0800] "GET /xingrg/all/function/internal_message.html?_=1661139783479&CODE_STATE=getMsg HTTP/1.1" 200 27
116.235.94.65 - - [22/Aug/2022:11:41:56 +0800] "GET /xingrg/all/function/internal_message.html?_=1661139905891&CODE_STATE=getMsg HTTP/1.1" 200 27
114.88.158.224 - - [22/Aug/2022:11:41:58 +0800] "GET /xingrg/all/function/internal_message.html?_=1661139718025&CODE_STATE=getMsg HTTP/1.1" 200 27
180.169.147.146 - - [22/Aug/2022:11:41:58 +0800] "GET /xingrg/all/function/internal_message.html?_=1661139717351&CODE_STATE=getMsg HTTP/1.1" 200 27
101.80.228.36 - - [22/Aug/2022:11:41:58 +0800] "GET /xingrg/all/function/internal_message.html?_=1661139718136&CODE_STATE=getMsg HTTP/1.1" 200 27
114.86.187.244 - - [22/Aug/2022:11:41:59 +0800] "GET /xingrg/all/function/internal_message.html?_=1661139719539&CODE_STATE=getMsg HTTP/1.1" 200 27
116.224.123.211 - - [22/Aug/2022:11:42:03 +0800] "GET /xingrg/kc/buy/cgsh_order_operate.html?command=get_materiel&rest_code=00102&code=00102011043&supplier_code=00100151&order_time=2022-08-22 HTTP/1.1" 200 408
114.84.5.35 - - [22/Aug/2022:11:42:08 +0800] "GET /xingrg/all/function/internal_message.html?_=1661139726929&CODE_STATE=getMsg HTTP/1.1" 200 27
116.232.194.65 - - [22/Aug/2022:11:42:10 +0800] "GET /xingrg/all/function/internal_message.html?_=1661139687693&CODE_STATE=getMsg HTTP/1.1" 200 27
61.165.19.104 - - [22/Aug/2022:11:42:18 +0800] "GET /xingrg/kc/buy/cgsh_order_list.html HTTP/1.1" 200 52597
180.169.147.146 - - [22/Aug/2022:11:42:20 +0800] "GET /xingrg/kc/buy/cgsh_order_operate.html?command=get_materiel&rest_code=00147&code=00101029003&supplier_code=00100017&order_time=2022-08-21 HTTP/1.1" 200 476
61.165.19.104 - - [22/Aug/2022:11:42:20 +0800] "POST /xingrg/kc/buy/cgsh_list_operate.html HTTP/1.1" 200 3459
61.165.19.104 - - [22/Aug/2022:11:42:22 +0800] "GET /xingrg/kc/buy/cgsh_order_add.html HTTP/1.1" 200 68461
61.165.19.104 - - [22/Aug/2022:11:42:22 +0800] "GET /xingrg/words/20220822114154_words.js HTTP/1.1" 200 916587
180.169.147.146 - - [22/Aug/2022:11:42:22 +0800] "GET /xingrg/all/function/internal_message.html?_=1661139742699&CODE_STATE=getMsg HTTP/1.1" 200 27
180.169.147.146 - - [22/Aug/2022:11:42:23 +0800] "POST /xingrg/all/common/load_select.html HTTP/1.1" 200 25
114.86.187.244 - - [22/Aug/2022:11:42:23 +0800] "POST /xingrg/kc/buy/cgsh_list_operate.html HTTP/1.1" 200 752
61.165.19.104 - - [22/Aug/2022:11:42:23 +0800] "POST /xingrg/kc/buy/cgsh_order_operate.html HTTP/1.1" 200 8245
61.165.19.104 - - [22/Aug/2022:11:42:23 +0800] "GET /xingrg/javascript/easyui/themes/default/validatebox.css HTTP/1.1" 404 1104
180.169.147.146 - - [22/Aug/2022:11:42:26 +0800] "GET /xingrg/kc/buy/cgsh_order_operate.html?command=get_materiel_price&rest_code=00147&code=00101029003&unit_code=00100179&supplier_code=00100017&order_time=2022-08-21 HTTP/1.1" 200 29
61.165.19.104 - - [22/Aug/2022:11:42:27 +0800] "GET /xingrg/all/function/internal_message.html?_=1661139616709&CODE_STATE=getMsg HTTP/1.1" 200 27
116.233.77.65 - - [22/Aug/2022:11:42:29 +0800] "GET /xingrg/all/function/internal_message.html?_=1661139755325&CODE_STATE=getMsg HTTP/1.1" 200 27
116.224.123.211 - - [22/Aug/2022:11:42:29 +0800] "GET /xingrg/all/function/internal_message.html?_=1661139749804&CODE_STATE=getMsg HTTP/1.1" 200 27
116.224.255.128 - - [22/Aug/2022:11:42:32 +0800] "GET /xingrg/all/function/internal_message.html?_=1661139681557&CODE_STATE=getMsg HTTP/1.1" 200 27
61.165.19.104 - - [22/Aug/2022:11:42:34 +0800] "GET /xingrg/kc/buy/cgsh_order_operate.html?command=get_materiel&rest_code=00105&code=00101006310&supplier_code=00100505&order_time=2022-08-22 HTTP/1.1" 200 415
180.169.147.146 - - [22/Aug/2022:11:42:35 +0800] "GET /xingrg/all/function/internal_message.html?_=1661140094589&CODE_STATE=getMsg HTTP/1.1" 200 27
180.169.147.146 - - [22/Aug/2022:11:42:35 +0800] "GET /xingrg/check_reg.html?_=1661140094590 HTTP/1.1" 200 22
180.162.109.37 - - [22/Aug/2022:11:42:36 +0800] "GET /xingrg/all/function/internal_message.html?_=1661138917692&CODE_STATE=getMsg HTTP/1.1" 200 27
120.253.135.82 - - [22/Aug/2022:11:42:36 +0800] "GET /xingrg/all/function/internal_message.html?_=1661139560984&CODE_STATE=getMsg HTTP/1.1" 200 27
116.237.75.117 - - [22/Aug/2022:11:42:38 +0800] "GET /xingrg/all/function/internal_message.html?_=1661139763796&CODE_STATE=getMsg HTTP/1.1" 200 27
116.237.75.117 - - [22/Aug/2022:11:42:42 +0800] "GET /xingrg/kc/buy/cgsh_order_operate.html?command=get_materiel&rest_code=00106&code=00101008337&supplier_code=00100007&order_time=2022-08-22 HTTP/1.1" 200 408
101.85.120.95 - - [22/Aug/2022:11:42:44 +0800] "GET /xingrg/all/function/internal_message.html?_=1661139762747&CODE_STATE=getMsg HTTP/1.1" 200 27
61.165.19.104 - - [22/Aug/2022:11:42:45 +0800] "GET /xingrg/check_reg.html?_=1661139766322 HTTP/1.1" 200 22
61.165.19.104 - - [22/Aug/2022:11:42:45 +0800] "GET /xingrg/all/function/internal_message.html?_=1661139766325&CODE_STATE=getMsg HTTP/1.1" 200 27
114.83.216.129 - - [22/Aug/2022:11:42:46 +0800] "GET /xingrg/all/function/internal_message.html?_=1661139765630&CODE_STATE=getMsg HTTP/1.1" 200 27
180.169.147.146 - - [22/Aug/2022:11:42:50 +0800] "GET /xingrg/all/function/internal_message.html?_=1661139769972&CODE_STATE=getMsg HTTP/1.1" 200 27
180.169.147.146 - - [22/Aug/2022:11:42:53 +0800] "POST /xingrg/kc/buy/cgsh_order_operate.html HTTP/1.1" 200 37
218.81.223.53 - - [22/Aug/2022:11:42:54 +0800] "GET /xingrg/all/function/internal_message.html?_=1661139775728&CODE_STATE=getMsg HTTP/1.1" 200 27
222.69.129.110 - - [22/Aug/2022:11:42:55 +0800] "GET /xingrg/all/function/internal_message.html?_=1661139843492&CODE_STATE=getMsg HTTP/1.1" 200 27
116.235.94.65 - - [22/Aug/2022:11:42:56 +0800] "GET /xingrg/check_reg.html?_=1661139965907 HTTP/1.1" 200 22
116.235.94.65 - - [22/Aug/2022:11:42:56 +0800] "GET /xingrg/all/function/internal_message.html?_=1661139965906&CODE_STATE=getMsg HTTP/1.1" 200 27
180.169.147.146 - - [22/Aug/2022:11:42:57 +0800] "POST /xingrg/kc/buy/cgsh_order_operate.html HTTP/1.1" 200 3939
180.169.147.146 - - [22/Aug/2022:11:42:58 +0800] "GET /xingrg/kc/print/load_data.html?order_code=212022082207347&kc_code=cgsh&condition= HTTP/1.1" 200 1293
114.88.158.224 - - [22/Aug/2022:11:42:58 +0800] "GET /xingrg/all/function/internal_message.html?_=1661139778026&CODE_STATE=getMsg HTTP/1.1" 200 27
180.169.147.146 - - [22/Aug/2022:11:42:58 +0800] "GET /xingrg/all/function/internal_message.html?_=1661139777344&CODE_STATE=getMsg HTTP/1.1" 200 27
101.80.228.36 - - [22/Aug/2022:11:42:58 +0800] "GET /xingrg/all/function/internal_message.html?_=1661139778137&CODE_STATE=getMsg HTTP/1.1" 200 27
114.86.187.244 - - [22/Aug/2022:11:42:59 +0800] "GET /xingrg/all/function/internal_message.html?_=1661139779526&CODE_STATE=getMsg HTTP/1.1" 200 27
180.169.147.146 - - [22/Aug/2022:11:43:01 +0800] "GET /xingrg/kc/buy/cgsh_order_add.html HTTP/1.1" 200 68382
180.169.147.146 - - [22/Aug/2022:11:43:01 +0800] "GET /xingrg/words/20220822114154_words.js HTTP/1.1" 200 916587
180.169.147.146 - - [22/Aug/2022:11:43:02 +0800] "POST /xingrg/kc/buy/cgsh_order_operate.html HTTP/1.1" 200 8245
180.169.147.146 - - [22/Aug/2022:11:43:02 +0800] "GET /xingrg/javascript/easyui/themes/default/validatebox.css HTTP/1.1" 404 1104
114.84.5.35 - - [22/Aug/2022:11:43:08 +0800] "GET /xingrg/all/function/internal_message.html?_=1661139786914&CODE_STATE=getMsg HTTP/1.1" 200 27
116.232.194.65 - - [22/Aug/2022:11:43:10 +0800] "GET /xingrg/all/function/internal_message.html?_=1661139747684&CODE_STATE=getMsg HTTP/1.1" 200 27
180.169.147.146 - - [22/Aug/2022:11:43:13 +0800] "GET /xingrg/check_reg.html?_=1661139793322 HTTP/1.1" 200 22
116.237.75.117 - - [22/Aug/2022:11:43:21 +0800] "GET /xingrg/kc/buy/cgsh_order_operate.html?command=get_materiel&rest_code=00106&code=00101008087&supplier_code=00100007&order_time=2022-08-22 HTTP/1.1" 200 412
180.169.147.146 - - [22/Aug/2022:11:43:22 +0800] "GET /xingrg/all/function/internal_message.html?_=1661139802682&CODE_STATE=getMsg HTTP/1.1" 200 27
116.237.75.117 - - [22/Aug/2022:11:43:25 +0800] "POST /xingrg/kc/buy/cgsh_order_operate.html HTTP/1.1" 200 2065
61.165.19.104 - - [22/Aug/2022:11:43:27 +0800] "GET /xingrg/all/function/internal_message.html?_=1661139676700&CODE_STATE=getMsg HTTP/1.1" 200 27
116.233.77.65 - - [22/Aug/2022:11:43:29 +0800] "GET /xingrg/all/function/internal_message.html?_=1661139815328&CODE_STATE=getMsg HTTP/1.1" 200 27
116.224.123.211 - - [22/Aug/2022:11:43:29 +0800] "GET /xingrg/all/function/internal_message.html?_=1661139809787&CODE_STATE=getMsg HTTP/1.1" 200 27
116.224.123.211 - - [22/Aug/2022:11:43:29 +0800] "POST /xingrg/services/DataTransmitService HTTP/1.1" 200 524
116.224.123.211 - - [22/Aug/2022:11:43:30 +0800] "POST /xingrg/services/DataTransmitService HTTP/1.1" 200 2487
116.224.123.211 - - [22/Aug/2022:11:43:31 +0800] "POST /xingrg/services/DataTransmitService HTTP/1.1" 200 193228
116.224.255.128 - - [22/Aug/2022:11:43:32 +0800] "GET /xingrg/all/function/internal_message.html?_=1661139741571&CODE_STATE=getMsg HTTP/1.1" 200 27
61.165.19.104 - - [22/Aug/2022:11:43:34 +0800] "POST /xingrg/kc/buy/cgsh_order_operate.html HTTP/1.1" 200 37
180.169.147.146 - - [22/Aug/2022:11:43:35 +0800] "GET /xingrg/all/function/internal_message.html?_=1661140154605&CODE_STATE=getMsg HTTP/1.1" 200 27
180.162.109.37 - - [22/Aug/2022:11:43:36 +0800] "GET /xingrg/check_reg.html?_=1661138977696 HTTP/1.1" 200 22
180.162.109.37 - - [22/Aug/2022:11:43:36 +0800] "GET /xingrg/all/function/internal_message.html?_=1661138977693&CODE_STATE=getMsg HTTP/1.1" 200 27
120.253.135.82 - - [22/Aug/2022:11:43:36 +0800] "GET /xingrg/all/function/internal_message.html?_=1661139621004&CODE_STATE=getMsg HTTP/1.1" 200 27
61.165.19.104 - - [22/Aug/2022:11:43:37 +0800] "POST /xingrg/kc/buy/cgsh_order_operate.html HTTP/1.1" 200 2664
116.237.75.117 - - [22/Aug/2022:11:43:38 +0800] "GET /xingrg/kc/buy/cgsh_order_operate.html?command=get_materiel&rest_code=00106&code=00101008415&supplier_code=00100007&order_time=2022-08-22 HTTP/1.1" 200 412
116.237.75.117 - - [22/Aug/2022:11:43:38 +0800] "GET /xingrg/all/function/internal_message.html?_=1661139823779&CODE_STATE=getMsg HTTP/1.1" 200 27
116.237.75.117 - - [22/Aug/2022:11:43:39 +0800] "GET /xingrg/check_reg.html?_=1661139824645 HTTP/1.1" 200 22
180.169.147.146 - - [22/Aug/2022:11:43:40 +0800] "GET /xingrg/kc/buy/cgsh_order_operate.html?command=get_materiel&rest_code=00147&code=00101028020&supplier_code=00100017&order_time=2022-08-21 HTTP/1.1" 200 451
180.169.147.146 - - [22/Aug/2022:11:43:42 +0800] "POST /xingrg/all/common/load_select.html HTTP/1.1" 200 25
101.85.120.95 - - [22/Aug/2022:11:43:44 +0800] "GET /xingrg/all/function/internal_message.html?_=1661139822746&CODE_STATE=getMsg HTTP/1.1" 200 27
101.85.120.95 - - [22/Aug/2022:11:43:44 +0800] "GET /xingrg/check_reg.html?_=1661139822747 HTTP/1.1" 200 22
61.165.19.104 - - [22/Aug/2022:11:43:45 +0800] "GET /xingrg/all/function/internal_message.html?_=1661139826341&CODE_STATE=getMsg HTTP/1.1" 200 27
180.169.147.146 - - [22/Aug/2022:11:43:45 +0800] "GET /xingrg/kc/buy/cgsh_order_operate.html?command=get_materiel_price&rest_code=00147&code=00101028020&unit_code=00100159&supplier_code=00100017&order_time=2022-08-21 HTTP/1.1" 200 30
114.83.216.129 - - [22/Aug/2022:11:43:46 +0800] "GET /xingrg/all/function/internal_message.html?_=1661139825624&CODE_STATE=getMsg HTTP/1.1" 200 27
180.169.147.146 - - [22/Aug/2022:11:43:50 +0800] "GET /xingrg/all/function/internal_message.html?_=1661139829960&CODE_STATE=getMsg HTTP/1.1" 200 27
218.81.223.53 - - [22/Aug/2022:11:43:51 +0800] "GET /xingrg/check_reg.html?_=1661139833469 HTTP/1.1" 200 22
218.81.223.53 - - [22/Aug/2022:11:43:54 +0800] "GET /xingrg/all/function/internal_message.html?_=1661139835741&CODE_STATE=getMsg HTTP/1.1" 200 27
222.69.129.110 - - [22/Aug/2022:11:43:55 +0800] "GET /xingrg/all/function/internal_message.html?_=1661139903486&CODE_STATE=getMsg HTTP/1.1" 200 27
222.69.129.110 - - [22/Aug/2022:11:43:55 +0800] "GET /xingrg/check_reg.html?_=1661139903488 HTTP/1.1" 200 22
116.235.94.65 - - [22/Aug/2022:11:43:56 +0800] "GET /xingrg/all/function/internal_message.html?_=1661140025928&CODE_STATE=getMsg HTTP/1.1" 200 27
180.169.147.146 - - [22/Aug/2022:11:43:56 +0800] "POST /xingrg/kc/buy/cgsh_order_operate.html HTTP/1.1" 200 37
114.88.158.224 - - [22/Aug/2022:11:43:58 +0800] "GET /xingrg/all/function/internal_message.html?_=1661139838029&CODE_STATE=getMsg HTTP/1.1" 200 27
180.169.147.146 - - [22/Aug/2022:11:43:58 +0800] "POST /xingrg/kc/buy/cgsh_order_operate.html HTTP/1.1" 200 2690
180.169.147.146 - - [22/Aug/2022:11:43:58 +0800] "GET /xingrg/all/function/internal_message.html?_=1661139837344&CODE_STATE=getMsg HTTP/1.1" 200 27
101.80.228.36 - - [22/Aug/2022:11:43:58 +0800] "GET /xingrg/all/function/internal_message.html?_=1661139838140&CODE_STATE=getMsg HTTP/1.1" 200 27
180.169.147.146 - - [22/Aug/2022:11:43:59 +0800] "GET /xingrg/kc/print/load_data.html?order_code=212022082207349&kc_code=cgsh&condition= HTTP/1.1" 200 769
114.86.187.244 - - [22/Aug/2022:11:43:59 +0800] "GET /xingrg/all/function/internal_message.html?_=1661139839525&CODE_STATE=getMsg HTTP/1.1" 200 27
114.84.5.35 - - [22/Aug/2022:11:44:08 +0800] "GET /xingrg/all/function/internal_message.html?_=1661139846914&CODE_STATE=getMsg HTTP/1.1" 200 27
116.232.194.65 - - [22/Aug/2022:11:44:10 +0800] "GET /xingrg/all/function/internal_message.html?_=1661139807666&CODE_STATE=getMsg HTTP/1.1" 200 27
180.169.147.146 - - [22/Aug/2022:11:44:11 +0800] "GET /favicon.ico HTTP/1.1" 404 -
180.169.147.146 - - [22/Aug/2022:11:44:21 +0800] "GET /xingrg/kc/buy/cgsh_order_add.html HTTP/1.1" 200 68382
180.169.147.146 - - [22/Aug/2022:11:44:21 +0800] "GET /xingrg/words/20220822114154_words.js HTTP/1.1" 304 -
180.169.147.146 - - [22/Aug/2022:11:44:21 +0800] "POST /xingrg/kc/buy/cgsh_order_operate.html HTTP/1.1" 200 8245
180.169.147.146 - - [22/Aug/2022:11:44:22 +0800] "GET /xingrg/javascript/easyui/themes/default/validatebox.css HTTP/1.1" 404 1104
180.169.147.146 - - [22/Aug/2022:11:44:22 +0800] "GET /xingrg/all/function/internal_message.html?_=1661139862664&CODE_STATE=getMsg HTTP/1.1" 200 27
61.165.19.104 - - [22/Aug/2022:11:44:27 +0800] "GET /xingrg/all/function/internal_message.html?_=1661139736707&CODE_STATE=getMsg HTTP/1.1" 200 27
116.224.123.211 - - [22/Aug/2022:11:44:28 +0800] "GET /xingrg/check_reg.html?_=1661139869046 HTTP/1.1" 200 22
116.233.77.65 - - [22/Aug/2022:11:44:29 +0800] "GET /xingrg/all/function/internal_message.html?_=1661139875327&CODE_STATE=getMsg HTTP/1.1" 200 27
116.224.123.211 - - [22/Aug/2022:11:44:29 +0800] "GET /xingrg/all/function/internal_message.html?_=1661139869778&CODE_STATE=getMsg HTTP/1.1" 200 27
116.224.255.128 - - [22/Aug/2022:11:44:33 +0800] "GET /xingrg/all/function/internal_message.html?_=1661139801633&CODE_STATE=getMsg HTTP/1.1" 200 27
180.169.147.146 - - [22/Aug/2022:11:44:35 +0800] "GET /xingrg/all/function/internal_message.html?_=1661140214607&CODE_STATE=getMsg HTTP/1.1" 200 27
180.162.109.37 - - [22/Aug/2022:11:44:36 +0800] "GET /xingrg/all/function/internal_message.html?_=1661139037696&CODE_STATE=getMsg HTTP/1.1" 200 27
120.253.135.82 - - [22/Aug/2022:11:44:36 +0800] "GET /xingrg/all/function/internal_message.html?_=1661139681010&CODE_STATE=getMsg HTTP/1.1" 200 27
61.165.19.104 - - [22/Aug/2022:11:44:37 +0800] "GET /xingrg/kc/print/load_data.html?order_code=212022082207348&kc_code=cgsh&condition= HTTP/1.1" 200 675
116.237.75.117 - - [22/Aug/2022:11:44:38 +0800] "GET /xingrg/all/function/internal_message.html?_=1661139883764&CODE_STATE=getMsg HTTP/1.1" 200 27
61.165.19.104 - - [22/Aug/2022:11:44:42 +0800] "GET /xingrg/kc/buy/cgsh_order_add.html HTTP/1.1" 200 68461
61.165.19.104 - - [22/Aug/2022:11:44:42 +0800] "POST /xingrg/kc/buy/cgsh_order_operate.html HTTP/1.1" 200 8245
61.165.19.104 - - [22/Aug/2022:11:44:42 +0800] "GET /xingrg/javascript/easyui/themes/default/validatebox.css HTTP/1.1" 404 1104
101.85.120.95 - - [22/Aug/2022:11:44:44 +0800] "GET /xingrg/all/function/internal_message.html?_=1661139882745&CODE_STATE=getMsg HTTP/1.1" 200 27
61.165.19.104 - - [22/Aug/2022:11:44:45 +0800] "GET /xingrg/all/function/internal_message.html?_=1661139886335&CODE_STATE=getMsg HTTP/1.1" 200 27
114.83.216.129 - - [22/Aug/2022:11:44:46 +0800] "GET /xingrg/all/function/internal_message.html?_=1661139885595&CODE_STATE=getMsg HTTP/1.1" 200 27
114.83.216.129 - - [22/Aug/2022:11:44:48 +0800] "GET /xingrg/check_reg.html?_=1661139887640 HTTP/1.1" 200 22
116.237.75.117 - - [22/Aug/2022:11:44:48 +0800] "GET /xingrg/kc/buy/cgsh_order_operate.html?command=get_materiel&rest_code=00106&code=00101008185&supplier_code=00100007&order_time=2022-08-22 HTTP/1.1" 200 408
180.169.147.146 - - [22/Aug/2022:11:44:50 +0800] "GET /xingrg/all/function/internal_message.html?_=1661139889965&CODE_STATE=getMsg HTTP/1.1" 200 27
218.81.223.53 - - [22/Aug/2022:11:44:54 +0800] "GET /xingrg/all/function/internal_message.html?_=1661139895754&CODE_STATE=getMsg HTTP/1.1" 200 27
222.69.129.110 - - [22/Aug/2022:11:44:55 +0800] "GET /xingrg/all/function/internal_message.html?_=1661139963479&CODE_STATE=getMsg HTTP/1.1" 200 27
116.235.94.65 - - [22/Aug/2022:11:44:56 +0800] "GET /xingrg/all/function/internal_message.html?_=1661140085925&CODE_STATE=getMsg HTTP/1.1" 200 27
61.151.207.116 - - [22/Aug/2022:11:44:57 +0800] "GET /xingrg/all/function/internal_message.html?_=1661139838029&CODE_STATE=getMsg HTTP/1.1" 302 -
114.88.158.224 - - [22/Aug/2022:11:44:58 +0800] "GET /xingrg/all/function/internal_message.html?_=1661139898031&CODE_STATE=getMsg HTTP/1.1" 200 27
180.169.147.146 - - [22/Aug/2022:11:44:58 +0800] "GET /xingrg/all/function/internal_message.html?_=1661139897343&CODE_STATE=getMsg HTTP/1.1" 200 27
101.80.228.36 - - [22/Aug/2022:11:44:58 +0800] "GET /xingrg/all/function/internal_message.html?_=1661139898140&CODE_STATE=getMsg HTTP/1.1" 200 27
61.151.207.116 - - [22/Aug/2022:11:44:58 +0800] "GET /xingrg/login.html HTTP/1.1" 200 7641
114.86.187.244 - - [22/Aug/2022:11:44:59 +0800] "GET /xingrg/all/function/internal_message.html?_=1661139899534&CODE_STATE=getMsg HTTP/1.1" 200 27
61.165.19.104 - - [22/Aug/2022:11:45:01 +0800] "GET /xingrg/kc/buy/cgsh_order_operate.html?command=get_materiel&rest_code=00105&code=00101018011&supplier_code=00100330&order_time=2022-08-22 HTTP/1.1" 200 413
116.237.75.117 - - [22/Aug/2022:11:45:03 +0800] "GET /xingrg/kc/buy/cgsh_order_operate.html?command=get_materiel&rest_code=00106&code=00101008199&supplier_code=00100007&order_time=2022-08-22 HTTP/1.1" 200 408
114.84.5.35 - - [22/Aug/2022:11:45:08 +0800] "GET /xingrg/check_reg.html?_=1661139906918 HTTP/1.1" 200 22
114.84.5.35 - - [22/Aug/2022:11:45:08 +0800] "GET /xingrg/all/function/internal_message.html?_=1661139906914&CODE_STATE=getMsg HTTP/1.1" 200 27
116.232.194.65 - - [22/Aug/2022:11:45:10 +0800] "GET /xingrg/all/function/internal_message.html?_=1661139867642&CODE_STATE=getMsg HTTP/1.1" 200 27
116.237.75.117 - - [22/Aug/2022:11:45:18 +0800] "GET /xingrg/kc/buy/cgsh_order_operate.html?command=get_materiel&rest_code=00106&code=00101008370&supplier_code=00100007&order_time=2022-08-22 HTTP/1.1" 200 412
61.165.19.104 - - [22/Aug/2022:11:45:18 +0800] "GET /xingrg/kc/buy/cgsh_order_operate.html?command=get_materiel&rest_code=00105&code=00101018007&supplier_code=00100330&order_time=2022-08-22 HTTP/1.1" 200 409
180.169.147.146 - - [22/Aug/2022:11:45:22 +0800] "GET /xingrg/all/function/internal_message.html?_=1661139922646&CODE_STATE=getMsg HTTP/1.1" 200 27
116.237.75.117 - - [22/Aug/2022:11:45:24 +0800] "POST /xingrg/kc/buy/cgsh_order_operate.html HTTP/1.1" 200 2065
61.165.19.104 - - [22/Aug/2022:11:45:27 +0800] "GET /xingrg/all/function/internal_message.html?_=1661139796715&CODE_STATE=getMsg HTTP/1.1" 200 27
61.165.19.104 - - [22/Aug/2022:11:45:27 +0800] "GET /xingrg/check_reg.html?_=1661139796718 HTTP/1.1" 200 22
61.165.19.104 - - [22/Aug/2022:11:45:28 +0800] "POST /xingrg/kc/buy/cgsh_order_operate.html HTTP/1.1" 200 37
116.233.77.65 - - [22/Aug/2022:11:45:29 +0800] "GET /xingrg/all/function/internal_message.html?_=1661139935320&CODE_STATE=getMsg HTTP/1.1" 200 27
116.233.77.65 - - [22/Aug/2022:11:45:29 +0800] "GET /xingrg/check_reg.html?_=1661139935330 HTTP/1.1" 200 22
61.165.19.104 - - [22/Aug/2022:11:45:29 +0800] "POST /xingrg/kc/buy/cgsh_order_operate.html HTTP/1.1" 200 3245
116.224.123.211 - - [22/Aug/2022:11:45:29 +0800] "GET /xingrg/all/function/internal_message.html?_=1661139929775&CODE_STATE=getMsg HTTP/1.1" 200 27
61.165.19.104 - - [22/Aug/2022:11:45:30 +0800] "GET /xingrg/kc/print/load_data.html?order_code=212022082207350&kc_code=cgsh&condition= HTTP/1.1" 200 900
116.224.255.128 - - [22/Aug/2022:11:45:33 +0800] "GET /xingrg/all/function/internal_message.html?_=1661139861645&CODE_STATE=getMsg HTTP/1.1" 200 27
61.165.19.104 - - [22/Aug/2022:11:45:34 +0800] "GET /xingrg/kc/buy/cgsh_order_add.html HTTP/1.1" 200 68461
61.165.19.104 - - [22/Aug/2022:11:45:34 +0800] "POST /xingrg/kc/buy/cgsh_order_operate.html HTTP/1.1" 200 8245
61.165.19.104 - - [22/Aug/2022:11:45:34 +0800] "GET /xingrg/javascript/easyui/themes/default/validatebox.css HTTP/1.1" 404 1104
180.169.147.146 - - [22/Aug/2022:11:45:35 +0800] "GET /xingrg/all/function/internal_message.html?_=1661140274602&CODE_STATE=getMsg HTTP/1.1" 200 27
120.253.135.82 - - [22/Aug/2022:11:45:36 +0800] "GET /xingrg/check_reg.html?_=1661139740597 HTTP/1.1" 200 22
180.162.109.37 - - [22/Aug/2022:11:45:36 +0800] "GET /xingrg/all/function/internal_message.html?_=1661139097696&CODE_STATE=getMsg HTTP/1.1" 200 27
120.253.135.82 - - [22/Aug/2022:11:45:36 +0800] "GET /xingrg/all/function/internal_message.html?_=1661139741034&CODE_STATE=getMsg HTTP/1.1" 200 27
180.169.147.146 - - [22/Aug/2022:11:45:38 +0800] "GET /xingrg/check_reg.html?_=1661140277555 HTTP/1.1" 200 22
116.237.75.117 - - [22/Aug/2022:11:45:38 +0800] "GET /xingrg/all/function/internal_message.html?_=1661139943737&CODE_STATE=getMsg HTTP/1.1" 200 27
116.232.194.65 - - [22/Aug/2022:11:45:42 +0800] "GET /xingrg/index.html?sysBaseUrl=http%3A%2F%2F180.169.147.146%3A18081%2Fxingrg%2F&costTime=1277×tamp=1606817596806 HTTP/1.1" 302 -
116.232.194.65 - - [22/Aug/2022:11:45:42 +0800] "GET /xingrg/login.html HTTP/1.1" 200 7641
116.232.194.65 - - [22/Aug/2022:11:45:43 +0800] "GET /favicon.ico HTTP/1.1" 404 -
180.169.147.146 - - [22/Aug/2022:11:45:43 +0800] "GET /xingrg/kc/buy/cgsh_order_operate.html?command=get_materiel&rest_code=00147&code=00101028011&supplier_code=00100017&order_time=2022-08-22 HTTP/1.1" 200 475
101.85.120.95 - - [22/Aug/2022:11:45:44 +0800] "GET /xingrg/all/function/internal_message.html?_=1661139942759&CODE_STATE=getMsg HTTP/1.1" 200 27
61.165.19.104 - - [22/Aug/2022:11:45:44 +0800] "GET /xingrg/kc/buy/cgsh_order_operate.html?command=get_materiel&rest_code=00105&code=00101002041&supplier_code=00100442&order_time=2022-08-22 HTTP/1.1" 200 409
