120.253.135.82 - - [22/Aug/2022:06:43:07 +0800] "POST /xingrg/kc/pszx/mdps_order_operate.html HTTP/1.1" 200 37
120.253.135.82 - - [22/Aug/2022:06:43:07 +0800] "GET /xingrg/kc/pszx/mdps_order_info.html?code=312022082200494 HTTP/1.1" 200 24022
120.253.135.82 - - [22/Aug/2022:06:43:08 +0800] "POST /xingrg/kc/pszx/mdps_order_operate.html HTTP/1.1" 200 5760
120.253.135.82 - - [22/Aug/2022:06:43:08 +0800] "GET /xingrg/javascript/easyui/themes/default/validatebox.css HTTP/1.1" 404 1104
120.253.135.82 - - [22/Aug/2022:06:43:10 +0800] "POST /xingrg/kc/pszx/mdps_list_operate.html HTTP/1.1" 200 3550
116.224.255.128 - - [22/Aug/2022:06:43:10 +0800] "POST /xingrg/services/DataTransmitService HTTP/1.1" 200 524
120.253.135.82 - - [22/Aug/2022:06:43:11 +0800] "POST /xingrg/kc/pszx/mdps_list_operate.html HTTP/1.1" 200 212
120.253.135.82 - - [22/Aug/2022:06:43:12 +0800] "GET /xingrg/kc/pszx/mdps_order_info.html?code=312022082200495 HTTP/1.1" 200 24022
120.253.135.82 - - [22/Aug/2022:06:43:12 +0800] "POST /xingrg/kc/pszx/mdps_order_operate.html HTTP/1.1" 200 2287
120.253.135.82 - - [22/Aug/2022:06:43:12 +0800] "GET /xingrg/javascript/easyui/themes/default/validatebox.css HTTP/1.1" 404 1104
120.253.135.82 - - [22/Aug/2022:06:43:15 +0800] "POST /xingrg/kc/pszx/mdps_order_operate.html HTTP/1.1" 200 12
120.253.135.82 - - [22/Aug/2022:06:43:16 +0800] "POST /xingrg/kc/pszx/mdps_list_operate.html HTTP/1.1" 200 3179
120.253.135.82 - - [22/Aug/2022:06:43:20 +0800] "POST /xingrg/kc/pszx/mdps_list_operate.html HTTP/1.1" 200 208
120.253.135.82 - - [22/Aug/2022:06:43:25 +0800] "POST /xingrg/kc/pszx/mdps_list_operate.html HTTP/1.1" 200 599
120.253.135.82 - - [22/Aug/2022:06:43:32 +0800] "GET /xingrg/kc/pszx/mdqp_order_list.html?state=10 HTTP/1.1" 200 12271
120.253.135.82 - - [22/Aug/2022:06:43:32 +0800] "POST /xingrg/kc/pszx/mdps_list_operate.html HTTP/1.1" 200 3179
120.253.135.82 - - [22/Aug/2022:06:43:32 +0800] "GET /xingrg/dwr/interface/AjaxQqpsService.js HTTP/1.1" 200 16326
120.253.135.82 - - [22/Aug/2022:06:43:32 +0800] "GET /xingrg/dwr/engine.js HTTP/1.1" 200 43631
120.253.135.82 - - [22/Aug/2022:06:43:32 +0800] "GET /xingrg/dwr/interface/AjaxReportQueryService.js HTTP/1.1" 200 13203
116.224.255.128 - - [22/Aug/2022:06:43:34 +0800] "GET /xingrg/all/function/internal_message.html?_=1661121743426&CODE_STATE=getMsg HTTP/1.1" 200 27
120.253.135.82 - - [22/Aug/2022:06:43:34 +0800] "GET /xingrg/kc/pszx/mdqp_order_info.html?code=302022082100379 HTTP/1.1" 200 13350
120.253.135.82 - - [22/Aug/2022:06:43:34 +0800] "GET /xingrg/dwr/interface/AjaxComOrderService.js HTTP/1.1" 200 18264
120.253.135.82 - - [22/Aug/2022:06:43:34 +0800] "GET /xingrg/dwr/interface/AjaxQqpsService.js HTTP/1.1" 200 16326
120.253.135.82 - - [22/Aug/2022:06:43:34 +0800] "GET /xingrg/dwr/engine.js HTTP/1.1" 200 43631
120.253.135.82 - - [22/Aug/2022:06:43:36 +0800] "POST /xingrg/dwr/call/plaincall/AjaxQqpsService.loadMaterielItems.dwr HTTP/1.1" 200 329
120.253.135.82 - - [22/Aug/2022:06:43:38 +0800] "GET /xingrg/all/function/internal_message.html?_=1661121623349&CODE_STATE=getMsg HTTP/1.1" 200 27
120.253.135.82 - - [22/Aug/2022:06:43:44 +0800] "GET /xingrg/kc/pszx/mdqp_order_list.html?isBack=1 HTTP/1.1" 302 -
120.253.135.82 - - [22/Aug/2022:06:43:44 +0800] "GET /xingrg/kc/pszx/mdqp_order_list.html?state=10 HTTP/1.1" 200 12271
120.253.135.82 - - [22/Aug/2022:06:43:44 +0800] "GET /xingrg/dwr/interface/AjaxReportQueryService.js HTTP/1.1" 200 13203
120.253.135.82 - - [22/Aug/2022:06:43:44 +0800] "GET /xingrg/dwr/interface/AjaxQqpsService.js HTTP/1.1" 200 16326
120.253.135.82 - - [22/Aug/2022:06:43:44 +0800] "GET /xingrg/dwr/engine.js HTTP/1.1" 200 43631
218.81.223.53 - - [22/Aug/2022:06:43:46 +0800] "GET /xingrg/all/function/internal_message.html?_=1661121827546&CODE_STATE=getMsg HTTP/1.1" 200 27
120.253.135.82 - - [22/Aug/2022:06:43:47 +0800] "GET /xingrg/kc/pszx/mdqp_order_info.html?code=302022082100380 HTTP/1.1" 200 13350
120.253.135.82 - - [22/Aug/2022:06:43:47 +0800] "GET /xingrg/dwr/interface/AjaxComOrderService.js HTTP/1.1" 200 18264
120.253.135.82 - - [22/Aug/2022:06:43:47 +0800] "GET /xingrg/dwr/interface/AjaxQqpsService.js HTTP/1.1" 200 16326
120.253.135.82 - - [22/Aug/2022:06:43:47 +0800] "GET /xingrg/dwr/engine.js HTTP/1.1" 200 43631
120.253.135.82 - - [22/Aug/2022:06:43:48 +0800] "POST /xingrg/dwr/call/plaincall/AjaxQqpsService.loadMaterielItems.dwr HTTP/1.1" 200 2668
101.80.228.36 - - [22/Aug/2022:06:43:58 +0800] "GET /xingrg/all/function/internal_message.html?_=1661121838128&CODE_STATE=getMsg HTTP/1.1" 200 27
120.253.135.82 - - [22/Aug/2022:06:43:59 +0800] "GET /xingrg/kc/pszx/mdqp_order_list.html?isBack=1 HTTP/1.1" 302 -
120.253.135.82 - - [22/Aug/2022:06:43:59 +0800] "GET /xingrg/kc/pszx/mdqp_order_list.html?state=10 HTTP/1.1" 200 12271
120.253.135.82 - - [22/Aug/2022:06:43:59 +0800] "GET /xingrg/dwr/interface/AjaxQqpsService.js HTTP/1.1" 200 16326
120.253.135.82 - - [22/Aug/2022:06:43:59 +0800] "GET /xingrg/dwr/interface/AjaxReportQueryService.js HTTP/1.1" 200 13203
120.253.135.82 - - [22/Aug/2022:06:43:59 +0800] "GET /xingrg/dwr/engine.js HTTP/1.1" 200 43631
120.253.135.82 - - [22/Aug/2022:06:44:01 +0800] "GET /xingrg/kc/pszx/mdqp_order_info.html?code=302022082100380 HTTP/1.1" 200 13350
120.253.135.82 - - [22/Aug/2022:06:44:01 +0800] "GET /xingrg/dwr/interface/AjaxQqpsService.js HTTP/1.1" 200 16326
120.253.135.82 - - [22/Aug/2022:06:44:01 +0800] "GET /xingrg/dwr/interface/AjaxComOrderService.js HTTP/1.1" 200 18264
120.253.135.82 - - [22/Aug/2022:06:44:01 +0800] "GET /xingrg/dwr/engine.js HTTP/1.1" 200 43631
120.253.135.82 - - [22/Aug/2022:06:44:02 +0800] "POST /xingrg/dwr/call/plaincall/AjaxQqpsService.loadMaterielItems.dwr HTTP/1.1" 200 2668
120.253.135.82 - - [22/Aug/2022:06:44:05 +0800] "GET /xingrg/kc/pszx/mdqp_order_list.html?isBack=1 HTTP/1.1" 302 -
120.253.135.82 - - [22/Aug/2022:06:44:05 +0800] "GET /xingrg/kc/pszx/mdqp_order_list.html?state=10 HTTP/1.1" 200 12271
120.253.135.82 - - [22/Aug/2022:06:44:05 +0800] "GET /xingrg/dwr/interface/AjaxQqpsService.js HTTP/1.1" 200 16326
120.253.135.82 - - [22/Aug/2022:06:44:06 +0800] "GET /xingrg/dwr/interface/AjaxReportQueryService.js HTTP/1.1" 200 13203
120.253.135.82 - - [22/Aug/2022:06:44:06 +0800] "GET /xingrg/dwr/engine.js HTTP/1.1" 200 43631
120.253.135.82 - - [22/Aug/2022:06:44:09 +0800] "GET /xingrg/kc/pszx/mdqp_order_info.html?code=302022082100381 HTTP/1.1" 200 13350
120.253.135.82 - - [22/Aug/2022:06:44:09 +0800] "GET /xingrg/dwr/interface/AjaxQqpsService.js HTTP/1.1" 200 16326
120.253.135.82 - - [22/Aug/2022:06:44:09 +0800] "GET /xingrg/dwr/interface/AjaxComOrderService.js HTTP/1.1" 200 18264
120.253.135.82 - - [22/Aug/2022:06:44:09 +0800] "GET /xingrg/dwr/engine.js HTTP/1.1" 200 43631
120.253.135.82 - - [22/Aug/2022:06:44:10 +0800] "POST /xingrg/dwr/call/plaincall/AjaxQqpsService.loadMaterielItems.dwr HTTP/1.1" 200 356
120.253.135.82 - - [22/Aug/2022:06:44:12 +0800] "GET /xingrg/kc/pszx/mdqp_order_list.html?isBack=1 HTTP/1.1" 302 -
120.253.135.82 - - [22/Aug/2022:06:44:12 +0800] "GET /xingrg/kc/pszx/mdqp_order_list.html?state=10 HTTP/1.1" 200 12271
120.253.135.82 - - [22/Aug/2022:06:44:12 +0800] "GET /xingrg/dwr/interface/AjaxReportQueryService.js HTTP/1.1" 200 13203
120.253.135.82 - - [22/Aug/2022:06:44:12 +0800] "GET /xingrg/dwr/interface/AjaxQqpsService.js HTTP/1.1" 200 16326
120.253.135.82 - - [22/Aug/2022:06:44:12 +0800] "GET /xingrg/dwr/engine.js HTTP/1.1" 200 43631
120.253.135.82 - - [22/Aug/2022:06:44:15 +0800] "GET /xingrg/kc/pszx/mdqp_order_info.html?code=302022082100382 HTTP/1.1" 200 13350
120.253.135.82 - - [22/Aug/2022:06:44:15 +0800] "GET /xingrg/dwr/interface/AjaxComOrderService.js HTTP/1.1" 200 18264
120.253.135.82 - - [22/Aug/2022:06:44:15 +0800] "GET /xingrg/dwr/interface/AjaxQqpsService.js HTTP/1.1" 200 16326
120.253.135.82 - - [22/Aug/2022:06:44:15 +0800] "GET /xingrg/dwr/engine.js HTTP/1.1" 200 43631
120.253.135.82 - - [22/Aug/2022:06:44:16 +0800] "POST /xingrg/dwr/call/plaincall/AjaxQqpsService.loadMaterielItems.dwr HTTP/1.1" 200 12521
120.253.135.82 - - [22/Aug/2022:06:44:27 +0800] "GET /xingrg/images/yd/bt.gif HTTP/1.1" 404 1040
120.253.135.82 - - [22/Aug/2022:06:44:27 +0800] "GET /xingrg/images/yd/bt2.gif HTTP/1.1" 404 1042
116.224.255.128 - - [22/Aug/2022:06:44:34 +0800] "GET /xingrg/all/function/internal_message.html?_=1661121803437&CODE_STATE=getMsg HTTP/1.1" 200 27
120.253.135.82 - - [22/Aug/2022:06:44:38 +0800] "GET /xingrg/all/function/internal_message.html?_=1661121683363&CODE_STATE=getMsg HTTP/1.1" 200 27
218.81.223.53 - - [22/Aug/2022:06:44:46 +0800] "GET /xingrg/all/function/internal_message.html?_=1661121887564&CODE_STATE=getMsg HTTP/1.1" 200 27
101.80.228.36 - - [22/Aug/2022:06:44:58 +0800] "GET /xingrg/all/function/internal_message.html?_=1661121898131&CODE_STATE=getMsg HTTP/1.1" 200 27
120.253.135.82 - - [22/Aug/2022:06:45:31 +0800] "GET /xingrg/check_reg.html?_=1661121736158 HTTP/1.1" 200 22
120.253.135.82 - - [22/Aug/2022:06:45:31 +0800] "GET /xingrg/kc/pszx/mdqp_order_list.html?isBack=1 HTTP/1.1" 302 -
120.253.135.82 - - [22/Aug/2022:06:45:31 +0800] "GET /xingrg/kc/pszx/mdqp_order_list.html?state=10 HTTP/1.1" 200 12271
120.253.135.82 - - [22/Aug/2022:06:45:32 +0800] "GET /xingrg/dwr/interface/AjaxReportQueryService.js HTTP/1.1" 200 13203
120.253.135.82 - - [22/Aug/2022:06:45:32 +0800] "GET /xingrg/dwr/interface/AjaxQqpsService.js HTTP/1.1" 200 16326
120.253.135.82 - - [22/Aug/2022:06:45:32 +0800] "GET /xingrg/dwr/engine.js HTTP/1.1" 200 43631
116.224.255.128 - - [22/Aug/2022:06:45:34 +0800] "GET /xingrg/all/function/internal_message.html?_=1661121863467&CODE_STATE=getMsg HTTP/1.1" 200 27
120.253.135.82 - - [22/Aug/2022:06:45:35 +0800] "GET /xingrg/kc/pszx/mdqp_order_info.html?code=302022082100382 HTTP/1.1" 200 13350
120.253.135.82 - - [22/Aug/2022:06:45:35 +0800] "GET /xingrg/dwr/interface/AjaxQqpsService.js HTTP/1.1" 200 16326
120.253.135.82 - - [22/Aug/2022:06:45:35 +0800] "GET /xingrg/dwr/interface/AjaxComOrderService.js HTTP/1.1" 200 18264
120.253.135.82 - - [22/Aug/2022:06:45:35 +0800] "GET /xingrg/dwr/engine.js HTTP/1.1" 200 43631
120.253.135.82 - - [22/Aug/2022:06:45:36 +0800] "POST /xingrg/dwr/call/plaincall/AjaxQqpsService.loadMaterielItems.dwr HTTP/1.1" 200 12521
180.169.147.146 - - [22/Aug/2022:06:45:38 +0800] "GET /xingrg/check_reg.html?_=1661122277572 HTTP/1.1" 200 22
120.253.135.82 - - [22/Aug/2022:06:45:38 +0800] "GET /xingrg/kc/pszx/mdqp_order_list.html?isBack=1 HTTP/1.1" 302 -
120.253.135.82 - - [22/Aug/2022:06:45:38 +0800] "GET /xingrg/kc/pszx/mdqp_order_list.html?state=10 HTTP/1.1" 200 12271
120.253.135.82 - - [22/Aug/2022:06:45:38 +0800] "GET /xingrg/dwr/interface/AjaxQqpsService.js HTTP/1.1" 200 16326
120.253.135.82 - - [22/Aug/2022:06:45:38 +0800] "GET /xingrg/dwr/interface/AjaxReportQueryService.js HTTP/1.1" 200 13203
120.253.135.82 - - [22/Aug/2022:06:45:38 +0800] "GET /xingrg/dwr/engine.js HTTP/1.1" 200 43631
120.253.135.82 - - [22/Aug/2022:06:45:39 +0800] "GET /xingrg/all/function/internal_message.html?_=1661121744038&CODE_STATE=getMsg HTTP/1.1" 200 27
120.253.135.82 - - [22/Aug/2022:06:45:40 +0800] "GET /xingrg/kc/pszx/mdqp_order_info.html?code=302022082100383 HTTP/1.1" 200 13350
120.253.135.82 - - [22/Aug/2022:06:45:41 +0800] "GET /xingrg/dwr/interface/AjaxQqpsService.js HTTP/1.1" 200 16326
120.253.135.82 - - [22/Aug/2022:06:45:41 +0800] "GET /xingrg/dwr/interface/AjaxComOrderService.js HTTP/1.1" 200 18264
120.253.135.82 - - [22/Aug/2022:06:45:41 +0800] "GET /xingrg/dwr/engine.js HTTP/1.1" 200 43631
120.253.135.82 - - [22/Aug/2022:06:45:42 +0800] "POST /xingrg/dwr/call/plaincall/AjaxQqpsService.loadMaterielItems.dwr HTTP/1.1" 200 651
120.253.135.82 - - [22/Aug/2022:06:45:45 +0800] "GET /xingrg/kc/pszx/mdqp_order_list.html?isBack=1 HTTP/1.1" 302 -
120.253.135.82 - - [22/Aug/2022:06:45:45 +0800] "GET /xingrg/kc/pszx/mdqp_order_list.html?state=10 HTTP/1.1" 200 12271
120.253.135.82 - - [22/Aug/2022:06:45:46 +0800] "GET /xingrg/dwr/interface/AjaxQqpsService.js HTTP/1.1" 200 16326
120.253.135.82 - - [22/Aug/2022:06:45:46 +0800] "GET /xingrg/dwr/interface/AjaxReportQueryService.js HTTP/1.1" 200 13203
120.253.135.82 - - [22/Aug/2022:06:45:46 +0800] "GET /xingrg/dwr/engine.js HTTP/1.1" 200 43631
218.81.223.53 - - [22/Aug/2022:06:45:46 +0800] "GET /xingrg/all/function/internal_message.html?_=1661121947574&CODE_STATE=getMsg HTTP/1.1" 200 27
120.253.135.82 - - [22/Aug/2022:06:45:49 +0800] "GET /xingrg/kc/pszx/jzcl_ps.html HTTP/1.1" 200 7683
120.253.135.82 - - [22/Aug/2022:06:45:49 +0800] "POST /xingrg/all/common/load_tree.html?tree=area_rest_tree_json HTTP/1.1" 200 3472
120.253.135.82 - - [22/Aug/2022:06:45:50 +0800] "POST /xingrg/kc/pszx/jzcl_ps_operate.html HTTP/1.1" 200 2097
120.253.135.82 - - [22/Aug/2022:06:45:50 +0800] "POST /xingrg/kc/pszx/jzcl_ps_operate.html HTTP/1.1" 200 2097
101.80.228.36 - - [22/Aug/2022:06:45:58 +0800] "GET /xingrg/all/function/internal_message.html?_=1661121958131&CODE_STATE=getMsg HTTP/1.1" 200 27
101.80.228.36 - - [22/Aug/2022:06:45:58 +0800] "GET /xingrg/check_reg.html?_=1661121958133 HTTP/1.1" 200 22
120.253.135.82 - - [22/Aug/2022:06:46:00 +0800] "POST /xingrg/kc/pszx/jzcl_ps_operate.html HTTP/1.1" 200 4
116.224.255.128 - - [22/Aug/2022:06:46:00 +0800] "GET /xingrg/check_reg.html?_=1661121889881 HTTP/1.1" 200 22
120.253.135.82 - - [22/Aug/2022:06:46:02 +0800] "GET /xingrg/kc/pszx/mdps_order_list.html HTTP/1.1" 200 21007
120.253.135.82 - - [22/Aug/2022:06:46:02 +0800] "POST /xingrg/kc/pszx/jzcl_ps_operate.html HTTP/1.1" 200 21
120.253.135.82 - - [22/Aug/2022:06:46:02 +0800] "POST /xingrg/kc/pszx/mdps_list_operate.html HTTP/1.1" 200 5458
116.224.255.128 - - [22/Aug/2022:06:46:34 +0800] "GET /xingrg/all/function/internal_message.html?_=1661121923480&CODE_STATE=getMsg HTTP/1.1" 200 27
120.253.135.82 - - [22/Aug/2022:06:46:39 +0800] "GET /xingrg/all/function/internal_message.html?_=1661121804226&CODE_STATE=getMsg HTTP/1.1" 200 27
218.81.223.53 - - [22/Aug/2022:06:46:46 +0800] "GET /xingrg/all/function/internal_message.html?_=1661122007591&CODE_STATE=getMsg HTTP/1.1" 200 27
101.80.228.36 - - [22/Aug/2022:06:46:58 +0800] "GET /xingrg/all/function/internal_message.html?_=1661122018135&CODE_STATE=getMsg HTTP/1.1" 200 27
120.253.135.82 - - [22/Aug/2022:06:47:03 +0800] "POST /xingrg/kc/pszx/mdps_list_operate.html HTTP/1.1" 200 4289
120.253.135.82 - - [22/Aug/2022:06:47:11 +0800] "POST /xingrg/kc/pszx/mdps_list_operate.html HTTP/1.1" 200 208
120.253.135.82 - - [22/Aug/2022:06:47:13 +0800] "GET /xingrg/kc/pszx/mdps_order_info.html?code=312022082100471 HTTP/1.1" 200 24022
120.253.135.82 - - [22/Aug/2022:06:47:13 +0800] "GET /xingrg/javascript/easyui/themes/default/validatebox.css HTTP/1.1" 404 1104
120.253.135.82 - - [22/Aug/2022:06:47:13 +0800] "POST /xingrg/kc/pszx/mdps_order_operate.html HTTP/1.1" 200 2283
120.253.135.82 - - [22/Aug/2022:06:47:16 +0800] "POST /xingrg/kc/pszx/mdps_list_operate.html HTTP/1.1" 200 644
120.253.135.82 - - [22/Aug/2022:06:47:17 +0800] "GET /xingrg/kc/pszx/mdps_order_info.html?code=312022082200496 HTTP/1.1" 200 24022
120.253.135.82 - - [22/Aug/2022:06:47:17 +0800] "POST /xingrg/kc/pszx/mdps_order_operate.html HTTP/1.1" 200 21426
120.253.135.82 - - [22/Aug/2022:06:47:17 +0800] "GET /xingrg/javascript/easyui/themes/default/validatebox.css HTTP/1.1" 404 1104
120.253.135.82 - - [22/Aug/2022:06:47:21 +0800] "POST /xingrg/kc/pszx/mdps_order_operate.html HTTP/1.1" 200 37
120.253.135.82 - - [22/Aug/2022:06:47:22 +0800] "GET /xingrg/kc/pszx/mdps_order_info.html?code=312022082200496 HTTP/1.1" 200 24022
120.253.135.82 - - [22/Aug/2022:06:47:23 +0800] "POST /xingrg/kc/pszx/mdps_order_operate.html HTTP/1.1" 200 21730
120.253.135.82 - - [22/Aug/2022:06:47:23 +0800] "GET /xingrg/javascript/easyui/themes/default/validatebox.css HTTP/1.1" 404 1104
116.224.255.128 - - [22/Aug/2022:06:47:34 +0800] "GET /xingrg/all/function/internal_message.html?_=1661121983493&CODE_STATE=getMsg HTTP/1.1" 200 27
120.253.135.82 - - [22/Aug/2022:06:47:36 +0800] "POST /xingrg/all/common/load_select.html HTTP/1.1" 200 25
120.253.135.82 - - [22/Aug/2022:06:47:38 +0800] "GET /xingrg/kc/pszx/mdps_order_operate.html?command=get_materiel_price&pszx_code=00101&rest_code=00149&base_code=0010246&code=00101027001&unit_code=00100157&order_time=2022-08-23 HTTP/1.1" 200 34
218.81.223.53 - - [22/Aug/2022:06:47:39 +0800] "GET /xingrg/check_reg.html?_=1661122059884 HTTP/1.1" 200 22
120.253.135.82 - - [22/Aug/2022:06:47:39 +0800] "GET /xingrg/all/function/internal_message.html?_=1661121864231&CODE_STATE=getMsg HTTP/1.1" 200 27
218.81.223.53 - - [22/Aug/2022:06:47:46 +0800] "GET /xingrg/all/function/internal_message.html?_=1661122067601&CODE_STATE=getMsg HTTP/1.1" 200 27
120.253.135.82 - - [22/Aug/2022:06:47:54 +0800] "POST /xingrg/all/common/load_select.html HTTP/1.1" 200 25
120.253.135.82 - - [22/Aug/2022:06:47:56 +0800] "GET /xingrg/kc/pszx/mdps_order_operate.html?command=get_materiel_price&pszx_code=00101&rest_code=00149&base_code=0010246&code=00101019133&unit_code=00100189&order_time=2022-08-23 HTTP/1.1" 200 35
101.80.228.36 - - [22/Aug/2022:06:47:58 +0800] "GET /xingrg/all/function/internal_message.html?_=1661122078137&CODE_STATE=getMsg HTTP/1.1" 200 27
222.64.61.249 - - [22/Aug/2022:06:48:02 +0800] "POST /xingrg/services/DataTransmitService HTTP/1.1" 200 524
120.253.135.82 - - [22/Aug/2022:06:48:03 +0800] "POST /xingrg/all/common/load_select.html HTTP/1.1" 200 25
120.253.135.82 - - [22/Aug/2022:06:48:05 +0800] "GET /xingrg/kc/pszx/mdps_order_operate.html?command=get_materiel_price&pszx_code=00101&rest_code=00149&base_code=0010246&code=00101019184&unit_code=00100037&order_time=2022-08-23 HTTP/1.1" 200 35
116.224.255.128 - - [22/Aug/2022:06:48:34 +0800] "GET /xingrg/all/function/internal_message.html?_=1661122043523&CODE_STATE=getMsg HTTP/1.1" 200 27
120.253.135.82 - - [22/Aug/2022:06:48:36 +0800] "POST /xingrg/all/common/load_select.html HTTP/1.1" 200 25
120.253.135.82 - - [22/Aug/2022:06:48:39 +0800] "GET /xingrg/kc/pszx/mdps_order_operate.html?command=get_materiel_price&pszx_code=00101&rest_code=00149&base_code=0010246&code=00101019222&unit_code=00100130&order_time=2022-08-23 HTTP/1.1" 200 34
120.253.135.82 - - [22/Aug/2022:06:48:39 +0800] "GET /xingrg/all/function/internal_message.html?_=1661121924260&CODE_STATE=getMsg HTTP/1.1" 200 27
218.81.223.53 - - [22/Aug/2022:06:48:46 +0800] "GET /xingrg/all/function/internal_message.html?_=1661122127614&CODE_STATE=getMsg HTTP/1.1" 200 27
101.80.228.36 - - [22/Aug/2022:06:48:58 +0800] "GET /xingrg/all/function/internal_message.html?_=1661122138139&CODE_STATE=getMsg HTTP/1.1" 200 27
120.253.135.82 - - [22/Aug/2022:06:49:07 +0800] "POST /xingrg/kc/pszx/mdps_order_operate.html HTTP/1.1" 200 37
120.253.135.82 - - [22/Aug/2022:06:49:08 +0800] "GET /xingrg/kc/pszx/mdps_order_info.html?code=312022082200496 HTTP/1.1" 200 24022
120.253.135.82 - - [22/Aug/2022:06:49:09 +0800] "POST /xingrg/kc/pszx/mdps_order_operate.html HTTP/1.1" 200 21722
120.253.135.82 - - [22/Aug/2022:06:49:09 +0800] "GET /xingrg/javascript/easyui/themes/default/validatebox.css HTTP/1.1" 404 1104
116.224.255.128 - - [22/Aug/2022:06:49:34 +0800] "GET /xingrg/all/function/internal_message.html?_=1661122103536&CODE_STATE=getMsg HTTP/1.1" 200 27
120.253.135.82 - - [22/Aug/2022:06:49:39 +0800] "GET /xingrg/all/function/internal_message.html?_=1661121984273&CODE_STATE=getMsg HTTP/1.1" 200 27
218.81.223.53 - - [22/Aug/2022:06:49:46 +0800] "GET /xingrg/all/function/internal_message.html?_=1661122187631&CODE_STATE=getMsg HTTP/1.1" 200 27
101.80.228.36 - - [22/Aug/2022:06:49:58 +0800] "GET /xingrg/all/function/internal_message.html?_=1661122198141&CODE_STATE=getMsg HTTP/1.1" 200 27
120.253.135.82 - - [22/Aug/2022:06:50:00 +0800] "GET /xingrg/kc/pszx/mdps_order_operate.html?command=get_materiel&pszx_code=00101&rest_code=00149&base_code=0010246&code=00101013229 HTTP/1.1" 200 432
120.253.135.82 - - [22/Aug/2022:06:50:09 +0800] "POST /xingrg/kc/pszx/mdps_order_operate.html HTTP/1.1" 200 37
120.253.135.82 - - [22/Aug/2022:06:50:10 +0800] "GET /xingrg/kc/pszx/mdps_order_info.html?code=312022082200496 HTTP/1.1" 200 24022
120.253.135.82 - - [22/Aug/2022:06:50:11 +0800] "POST /xingrg/kc/pszx/mdps_order_operate.html HTTP/1.1" 200 21723
120.253.135.82 - - [22/Aug/2022:06:50:11 +0800] "GET /xingrg/javascript/easyui/themes/default/validatebox.css HTTP/1.1" 404 1104
120.253.135.82 - - [22/Aug/2022:06:50:25 +0800] "POST /xingrg/kc/pszx/mdps_order_operate.html HTTP/1.1" 200 37
120.253.135.82 - - [22/Aug/2022:06:50:26 +0800] "GET /xingrg/kc/pszx/mdps_order_info.html?code=312022082200496 HTTP/1.1" 200 24022
120.253.135.82 - - [22/Aug/2022:06:50:27 +0800] "POST /xingrg/kc/pszx/mdps_order_operate.html HTTP/1.1" 200 21723
120.253.135.82 - - [22/Aug/2022:06:50:27 +0800] "GET /xingrg/javascript/easyui/themes/default/validatebox.css HTTP/1.1" 404 1104
120.253.135.82 - - [22/Aug/2022:06:50:29 +0800] "POST /xingrg/kc/pszx/mdps_list_operate.html HTTP/1.1" 200 4288
120.253.135.82 - - [22/Aug/2022:06:50:31 +0800] "GET /xingrg/check_reg.html?_=1661122036159 HTTP/1.1" 200 22
120.253.135.82 - - [22/Aug/2022:06:50:32 +0800] "POST /xingrg/kc/pszx/mdps_list_operate.html HTTP/1.1" 200 294
120.253.135.82 - - [22/Aug/2022:06:50:33 +0800] "GET /xingrg/kc/pszx/mdps_order_info.html?code=312022082200497 HTTP/1.1" 200 24022
120.253.135.82 - - [22/Aug/2022:06:50:34 +0800] "POST /xingrg/kc/pszx/mdps_order_operate.html HTTP/1.1" 200 2783
120.253.135.82 - - [22/Aug/2022:06:50:34 +0800] "GET /xingrg/javascript/easyui/themes/default/validatebox.css HTTP/1.1" 404 1104
116.224.255.128 - - [22/Aug/2022:06:50:34 +0800] "GET /xingrg/all/function/internal_message.html?_=1661122163565&CODE_STATE=getMsg HTTP/1.1" 200 27
120.253.135.82 - - [22/Aug/2022:06:50:35 +0800] "POST /xingrg/all/common/load_combo.html?type=base HTTP/1.1" 200 1260
180.169.147.146 - - [22/Aug/2022:06:50:38 +0800] "GET /xingrg/check_reg.html?_=1661122577565 HTTP/1.1" 200 22
120.253.135.82 - - [22/Aug/2022:06:50:39 +0800] "POST /xingrg/kc/pszx/mdps_order_operate.html HTTP/1.1" 200 37
120.253.135.82 - - [22/Aug/2022:06:50:40 +0800] "GET /xingrg/kc/pszx/mdps_order_info.html?code=312022082200497 HTTP/1.1" 200 24022
120.253.135.82 - - [22/Aug/2022:06:50:41 +0800] "POST /xingrg/kc/pszx/mdps_order_operate.html HTTP/1.1" 200 2797
120.253.135.82 - - [22/Aug/2022:06:50:41 +0800] "GET /xingrg/javascript/easyui/themes/default/validatebox.css HTTP/1.1" 404 1104
120.253.135.82 - - [22/Aug/2022:06:50:41 +0800] "GET /xingrg/all/function/internal_message.html?_=1661122046036&CODE_STATE=getMsg HTTP/1.1" 200 27
120.253.135.82 - - [22/Aug/2022:06:50:46 +0800] "POST /xingrg/kc/pszx/mdps_list_operate.html HTTP/1.1" 200 4288
218.81.223.53 - - [22/Aug/2022:06:50:46 +0800] "GET /xingrg/all/function/internal_message.html?_=1661122247641&CODE_STATE=getMsg HTTP/1.1" 200 27
120.253.135.82 - - [22/Aug/2022:06:50:47 +0800] "POST /xingrg/kc/pszx/mdps_list_operate.html HTTP/1.1" 200 202
120.253.135.82 - - [22/Aug/2022:06:50:48 +0800] "GET /xingrg/kc/pszx/mdps_order_info.html?code=312022082200498 HTTP/1.1" 200 24022
120.253.135.82 - - [22/Aug/2022:06:50:49 +0800] "GET /xingrg/javascript/easyui/themes/default/validatebox.css HTTP/1.1" 404 1104
120.253.135.82 - - [22/Aug/2022:06:50:49 +0800] "POST /xingrg/kc/pszx/mdps_order_operate.html HTTP/1.1" 200 2278
120.253.135.82 - - [22/Aug/2022:06:50:50 +0800] "POST /xingrg/all/common/load_combo.html?type=base HTTP/1.1" 200 1260
120.253.135.82 - - [22/Aug/2022:06:50:55 +0800] "POST /xingrg/kc/pszx/mdps_order_operate.html HTTP/1.1" 200 37
120.253.135.82 - - [22/Aug/2022:06:50:56 +0800] "GET /xingrg/kc/pszx/mdps_order_info.html?code=312022082200498 HTTP/1.1" 200 24020
120.253.135.82 - - [22/Aug/2022:06:50:57 +0800] "POST /xingrg/kc/pszx/mdps_order_operate.html HTTP/1.1" 200 2287
120.253.135.82 - - [22/Aug/2022:06:50:57 +0800] "GET /xingrg/javascript/easyui/themes/default/validatebox.css HTTP/1.1" 404 1104
101.80.228.36 - - [22/Aug/2022:06:50:58 +0800] "GET /xingrg/check_reg.html?_=1661122258126 HTTP/1.1" 200 22
101.80.228.36 - - [22/Aug/2022:06:50:58 +0800] "GET /xingrg/all/function/internal_message.html?_=1661122258128&CODE_STATE=getMsg HTTP/1.1" 200 27
120.253.135.82 - - [22/Aug/2022:06:50:59 +0800] "POST /xingrg/all/common/load_select.html HTTP/1.1" 200 25
116.224.255.128 - - [22/Aug/2022:06:51:00 +0800] "GET /xingrg/check_reg.html?_=1661122189883 HTTP/1.1" 200 22
120.253.135.82 - - [22/Aug/2022:06:51:01 +0800] "GET /xingrg/kc/pszx/mdps_order_operate.html?command=get_materiel_price&pszx_code=00101&rest_code=00149&base_code=0010253&code=00101036002&unit_code=00100317&order_time=2022-08-23 HTTP/1.1" 200 35
120.253.135.82 - - [22/Aug/2022:06:51:08 +0800] "POST /xingrg/kc/pszx/mdps_order_operate.html HTTP/1.1" 200 37
120.253.135.82 - - [22/Aug/2022:06:51:08 +0800] "GET /xingrg/kc/pszx/mdps_order_info.html?code=312022082200498 HTTP/1.1" 200 24020
120.253.135.82 - - [22/Aug/2022:06:51:09 +0800] "POST /xingrg/kc/pszx/mdps_order_operate.html HTTP/1.1" 200 2286
120.253.135.82 - - [22/Aug/2022:06:51:09 +0800] "GET /xingrg/javascript/easyui/themes/default/validatebox.css HTTP/1.1" 404 1104
120.253.135.82 - - [22/Aug/2022:06:51:10 +0800] "POST /xingrg/kc/pszx/mdps_list_operate.html HTTP/1.1" 200 4285
120.253.135.82 - - [22/Aug/2022:06:51:12 +0800] "POST /xingrg/kc/pszx/mdps_list_operate.html HTTP/1.1" 200 616
120.253.135.82 - - [22/Aug/2022:06:51:13 +0800] "GET /xingrg/kc/pszx/mdps_order_info.html?code=312022082200499 HTTP/1.1" 200 24022
120.253.135.82 - - [22/Aug/2022:06:51:14 +0800] "POST /xingrg/kc/pszx/mdps_order_operate.html HTTP/1.1" 200 6236
120.253.135.82 - - [22/Aug/2022:06:51:14 +0800] "GET /xingrg/javascript/easyui/themes/default/validatebox.css HTTP/1.1" 404 1104
120.253.135.82 - - [22/Aug/2022:06:51:16 +0800] "POST /xingrg/all/common/load_combo.html?type=base HTTP/1.1" 200 1260
120.253.135.82 - - [22/Aug/2022:06:51:19 +0800] "POST /xingrg/kc/pszx/mdps_order_operate.html HTTP/1.1" 200 37
120.253.135.82 - - [22/Aug/2022:06:51:20 +0800] "GET /xingrg/kc/pszx/mdps_order_info.html?code=312022082200499 HTTP/1.1" 200 24022
120.253.135.82 - - [22/Aug/2022:06:51:21 +0800] "POST /xingrg/kc/pszx/mdps_order_operate.html HTTP/1.1" 200 6312
120.253.135.82 - - [22/Aug/2022:06:51:21 +0800] "GET /xingrg/javascript/easyui/themes/default/validatebox.css HTTP/1.1" 404 1104
116.224.255.128 - - [22/Aug/2022:06:51:34 +0800] "GET /xingrg/all/function/internal_message.html?_=1661122223579&CODE_STATE=getMsg HTTP/1.1" 200 27
120.253.135.82 - - [22/Aug/2022:06:51:39 +0800] "POST /xingrg/kc/pszx/mdps_order_operate.html HTTP/1.1" 200 37
120.253.135.82 - - [22/Aug/2022:06:51:40 +0800] "GET /xingrg/kc/pszx/mdps_order_info.html?code=312022082200499 HTTP/1.1" 200 24022
120.253.135.82 - - [22/Aug/2022:06:51:41 +0800] "GET /xingrg/all/function/internal_message.html?_=1661122106208&CODE_STATE=getMsg HTTP/1.1" 200 27
120.253.135.82 - - [22/Aug/2022:06:51:41 +0800] "GET /xingrg/javascript/easyui/themes/default/validatebox.css HTTP/1.1" 404 1104
120.253.135.82 - - [22/Aug/2022:06:51:41 +0800] "POST /xingrg/kc/pszx/mdps_order_operate.html HTTP/1.1" 200 6311
120.253.135.82 - - [22/Aug/2022:06:51:42 +0800] "POST /xingrg/kc/pszx/mdps_list_operate.html HTTP/1.1" 200 4285
120.253.135.82 - - [22/Aug/2022:06:51:45 +0800] "POST /xingrg/kc/pszx/mdps_list_operate.html HTTP/1.1" 200 202
120.253.135.82 - - [22/Aug/2022:06:51:46 +0800] "GET /xingrg/kc/pszx/mdps_order_info.html?code=312022082200500 HTTP/1.1" 200 24022
120.253.135.82 - - [22/Aug/2022:06:51:46 +0800] "POST /xingrg/kc/pszx/mdps_order_operate.html HTTP/1.1" 200 2271
120.253.135.82 - - [22/Aug/2022:06:51:46 +0800] "GET /xingrg/javascript/easyui/themes/default/validatebox.css HTTP/1.1" 404 1104
218.81.223.53 - - [22/Aug/2022:06:51:46 +0800] "GET /xingrg/all/function/internal_message.html?_=1661122307659&CODE_STATE=getMsg HTTP/1.1" 200 27
120.253.135.82 - - [22/Aug/2022:06:51:48 +0800] "POST /xingrg/all/common/load_combo.html?type=base HTTP/1.1" 200 1260
120.253.135.82 - - [22/Aug/2022:06:51:53 +0800] "POST /xingrg/kc/pszx/mdps_order_operate.html HTTP/1.1" 200 37
120.253.135.82 - - [22/Aug/2022:06:51:54 +0800] "GET /xingrg/kc/pszx/mdps_order_info.html?code=312022082200500 HTTP/1.1" 200 24022
120.253.135.82 - - [22/Aug/2022:06:51:54 +0800] "POST /xingrg/kc/pszx/mdps_order_operate.html HTTP/1.1" 200 2279
120.253.135.82 - - [22/Aug/2022:06:51:55 +0800] "GET /xingrg/javascript/easyui/themes/default/validatebox.css HTTP/1.1" 404 1104
116.235.94.65 - - [22/Aug/2022:06:51:55 +0800] "POST /xingrg/services/DataTransmitService HTTP/1.1" 200 524
120.253.135.82 - - [22/Aug/2022:06:51:57 +0800] "POST /xingrg/kc/pszx/mdps_list_operate.html HTTP/1.1" 200 4285
101.80.228.36 - - [22/Aug/2022:06:51:58 +0800] "GET /xingrg/all/function/internal_message.html?_=1661122318129&CODE_STATE=getMsg HTTP/1.1" 200 27
120.253.135.82 - - [22/Aug/2022:06:51:59 +0800] "POST /xingrg/kc/pszx/mdps_list_operate.html HTTP/1.1" 200 205
120.253.135.82 - - [22/Aug/2022:06:52:00 +0800] "POST /xingrg/kc/pszx/mdps_list_operate.html HTTP/1.1" 200 203
120.253.135.82 - - [22/Aug/2022:06:52:07 +0800] "POST /xingrg/kc/pszx/mdps_list_operate.html HTTP/1.1" 200 202
120.253.135.82 - - [22/Aug/2022:06:52:08 +0800] "POST /xingrg/kc/pszx/mdps_list_operate.html HTTP/1.1" 200 616
120.253.135.82 - - [22/Aug/2022:06:52:10 +0800] "POST /xingrg/kc/pszx/mdps_list_operate.html HTTP/1.1" 200 202
120.253.135.82 - - [22/Aug/2022:06:52:11 +0800] "POST /xingrg/kc/pszx/mdps_list_operate.html HTTP/1.1" 200 294
120.253.135.82 - - [22/Aug/2022:06:52:13 +0800] "POST /xingrg/kc/pszx/mdps_list_operate.html HTTP/1.1" 200 644
120.253.135.82 - - [22/Aug/2022:06:52:15 +0800] "GET /xingrg/kc/pszx/mdps_order_info.html?code=312022082200496 HTTP/1.1" 200 24022
120.253.135.82 - - [22/Aug/2022:06:52:15 +0800] "GET /xingrg/javascript/easyui/themes/default/validatebox.css HTTP/1.1" 404 1104
120.253.135.82 - - [22/Aug/2022:06:52:15 +0800] "POST /xingrg/kc/pszx/mdps_order_operate.html HTTP/1.1" 200 21723
116.224.255.128 - - [22/Aug/2022:06:52:34 +0800] "GET /xingrg/all/function/internal_message.html?_=1661122283592&CODE_STATE=getMsg HTTP/1.1" 200 27
218.81.223.53 - - [22/Aug/2022:06:52:39 +0800] "GET /xingrg/check_reg.html?_=1661122359885 HTTP/1.1" 200 22
120.253.135.82 - - [22/Aug/2022:06:52:41 +0800] "GET /xingrg/all/function/internal_message.html?_=1661122166576&CODE_STATE=getMsg HTTP/1.1" 200 27
218.81.223.53 - - [22/Aug/2022:06:52:46 +0800] "GET /xingrg/all/function/internal_message.html?_=1661122367669&CODE_STATE=getMsg HTTP/1.1" 200 27
120.253.135.82 - - [22/Aug/2022:06:52:49 +0800] "POST /xingrg/all/common/load_select.html HTTP/1.1" 200 25
120.253.135.82 - - [22/Aug/2022:06:52:51 +0800] "GET /xingrg/kc/pszx/mdps_order_operate.html?command=get_materiel_price&pszx_code=00101&rest_code=00149&base_code=0010246&code=00101019400&unit_code=00100111&order_time=2022-08-23 HTTP/1.1" 200 36
101.80.228.36 - - [22/Aug/2022:06:52:58 +0800] "GET /xingrg/all/function/internal_message.html?_=1661122378130&CODE_STATE=getMsg HTTP/1.1" 200 27
120.253.135.82 - - [22/Aug/2022:06:53:25 +0800] "POST /xingrg/kc/pszx/mdps_order_operate.html HTTP/1.1" 200 37
120.253.135.82 - - [22/Aug/2022:06:53:26 +0800] "GET /xingrg/kc/pszx/mdps_order_info.html?code=312022082200496 HTTP/1.1" 200 24022
120.253.135.82 - - [22/Aug/2022:06:53:27 +0800] "POST /xingrg/kc/pszx/mdps_order_operate.html HTTP/1.1" 200 21724
120.253.135.82 - - [22/Aug/2022:06:53:27 +0800] "GET /xingrg/javascript/easyui/themes/default/validatebox.css HTTP/1.1" 404 1104
120.253.135.82 - - [22/Aug/2022:06:53:28 +0800] "POST /xingrg/kc/pszx/mdps_list_operate.html HTTP/1.1" 200 4285
116.224.255.128 - - [22/Aug/2022:06:53:34 +0800] "GET /xingrg/all/function/internal_message.html?_=1661122343619&CODE_STATE=getMsg HTTP/1.1" 200 27
120.253.135.82 - - [22/Aug/2022:06:53:42 +0800] "GET /xingrg/all/function/internal_message.html?_=1661122226833&CODE_STATE=getMsg HTTP/1.1" 200 27
218.81.223.53 - - [22/Aug/2022:06:53:46 +0800] "GET /xingrg/all/function/internal_message.html?_=1661122427683&CODE_STATE=getMsg HTTP/1.1" 200 27
101.80.228.36 - - [22/Aug/2022:06:53:58 +0800] "GET /xingrg/all/function/internal_message.html?_=1661122438132&CODE_STATE=getMsg HTTP/1.1" 200 27
120.253.135.82 - - [22/Aug/2022:06:54:00 +0800] "GET /xingrg/kc/report/report_main.html HTTP/1.1" 200 8599
120.253.135.82 - - [22/Aug/2022:06:54:00 +0800] "POST /xingrg/kc/pszx/mdps_list_operate.html HTTP/1.1" 200 4285
120.253.135.82 - - [22/Aug/2022:06:54:01 +0800] "GET /xingrg/kc/base/kc_stocks.html HTTP/1.1" 200 16437
120.253.135.82 - - [22/Aug/2022:06:54:01 +0800] "GET /xingrg/javascript/easyui/themes/default/tree.css HTTP/1.1" 404 1090
120.253.135.82 - - [22/Aug/2022:06:54:01 +0800] "POST /xingrg/all/common/load_tree.html?tree=materiel_sort_tree_json HTTP/1.1" 200 9500
120.253.135.82 - - [22/Aug/2022:06:54:02 +0800] "POST /xingrg/all/common/load_combo.html?type=base HTTP/1.1" 200 1260
120.253.135.82 - - [22/Aug/2022:06:54:17 +0800] "POST /xingrg/kc/base/stock_operate.html HTTP/1.1" 200 1467
120.253.135.82 - - [22/Aug/2022:06:54:24 +0800] "POST /xingrg/kc/base/stock_operate.html HTTP/1.1" 200 1471
116.224.255.128 - - [22/Aug/2022:06:54:34 +0800] "GET /xingrg/all/function/internal_message.html?_=1661122403620&CODE_STATE=getMsg HTTP/1.1" 200 27
120.253.135.82 - - [22/Aug/2022:06:54:37 +0800] "POST /xingrg/kc/base/stock_operate.html HTTP/1.1" 200 1471
120.253.135.82 - - [22/Aug/2022:06:54:42 +0800] "GET /xingrg/all/function/internal_message.html?_=1661122286836&CODE_STATE=getMsg HTTP/1.1" 200 27
218.81.223.53 - - [22/Aug/2022:06:54:46 +0800] "GET /xingrg/all/function/internal_message.html?_=1661122487699&CODE_STATE=getMsg HTTP/1.1" 200 27
120.253.135.82 - - [22/Aug/2022:06:54:47 +0800] "POST /xingrg/kc/base/stock_operate.html HTTP/1.1" 200 1480
101.80.228.36 - - [22/Aug/2022:06:54:58 +0800] "GET /xingrg/all/function/internal_message.html?_=1661122498135&CODE_STATE=getMsg HTTP/1.1" 200 27
120.253.135.82 - - [22/Aug/2022:06:55:31 +0800] "GET /xingrg/check_reg.html?_=1661122336168 HTTP/1.1" 200 22
116.224.255.128 - - [22/Aug/2022:06:55:34 +0800] "GET /xingrg/all/function/internal_message.html?_=1661122463650&CODE_STATE=getMsg HTTP/1.1" 200 27
120.253.135.82 - - [22/Aug/2022:06:55:35 +0800] "POST /xingrg/kc/base/stock_operate.html HTTP/1.1" 200 1748
180.169.147.146 - - [22/Aug/2022:06:55:38 +0800] "GET /xingrg/check_reg.html?_=1661122877550 HTTP/1.1" 200 22
120.253.135.82 - - [22/Aug/2022:06:55:42 +0800] "GET /xingrg/all/function/internal_message.html?_=1661122346851&CODE_STATE=getMsg HTTP/1.1" 200 27
218.81.223.53 - - [22/Aug/2022:06:55:46 +0800] "GET /xingrg/all/function/internal_message.html?_=1661122547709&CODE_STATE=getMsg HTTP/1.1" 200 27
101.80.228.36 - - [22/Aug/2022:06:55:58 +0800] "GET /xingrg/check_reg.html?_=1661122558137 HTTP/1.1" 200 22
101.80.228.36 - - [22/Aug/2022:06:55:58 +0800] "GET /xingrg/all/function/internal_message.html?_=1661122558138&CODE_STATE=getMsg HTTP/1.1" 200 27
116.224.255.128 - - [22/Aug/2022:06:56:00 +0800] "GET /xingrg/check_reg.html?_=1661122489892 HTTP/1.1" 200 22
116.224.255.128 - - [22/Aug/2022:06:56:34 +0800] "GET /xingrg/all/function/internal_message.html?_=1661122523662&CODE_STATE=getMsg HTTP/1.1" 200 27
120.253.135.82 - - [22/Aug/2022:06:56:42 +0800] "GET /xingrg/all/function/internal_message.html?_=1661122406865&CODE_STATE=getMsg HTTP/1.1" 200 27
218.81.223.53 - - [22/Aug/2022:06:56:46 +0800] "GET /xingrg/all/function/internal_message.html?_=1661122607726&CODE_STATE=getMsg HTTP/1.1" 200 27
101.80.228.36 - - [22/Aug/2022:06:56:58 +0800] "GET /xingrg/all/function/internal_message.html?_=1661122618139&CODE_STATE=getMsg HTTP/1.1" 200 27
116.224.255.128 - - [22/Aug/2022:06:57:01 +0800] "POST /xingrg/services/DataTransmitService HTTP/1.1" 200 524
116.224.255.128 - - [22/Aug/2022:06:57:34 +0800] "GET /xingrg/all/function/internal_message.html?_=1661122583676&CODE_STATE=getMsg HTTP/1.1" 200 27
218.81.223.53 - - [22/Aug/2022:06:57:39 +0800] "GET /xingrg/check_reg.html?_=1661122659890 HTTP/1.1" 200 22
120.253.135.82 - - [22/Aug/2022:06:57:42 +0800] "GET /xingrg/all/function/internal_message.html?_=1661122467126&CODE_STATE=getMsg HTTP/1.1" 200 27
218.81.223.53 - - [22/Aug/2022:06:57:46 +0800] "GET /xingrg/all/function/internal_message.html?_=1661122667737&CODE_STATE=getMsg HTTP/1.1" 200 27
101.80.228.36 - - [22/Aug/2022:06:57:58 +0800] "GET /xingrg/all/function/internal_message.html?_=1661122678140&CODE_STATE=getMsg HTTP/1.1" 200 27
116.224.255.128 - - [22/Aug/2022:06:58:34 +0800] "GET /xingrg/all/function/internal_message.html?_=1661122643706&CODE_STATE=getMsg HTTP/1.1" 200 27
120.253.135.82 - - [22/Aug/2022:06:58:42 +0800] "GET /xingrg/all/function/internal_message.html?_=1661122527126&CODE_STATE=getMsg HTTP/1.1" 200 27
218.81.223.53 - - [22/Aug/2022:06:58:46 +0800] "GET /xingrg/all/function/internal_message.html?_=1661122727750&CODE_STATE=getMsg HTTP/1.1" 200 27
101.80.228.36 - - [22/Aug/2022:06:58:58 +0800] "GET /xingrg/all/function/internal_message.html?_=1661122738141&CODE_STATE=getMsg HTTP/1.1" 200 27
120.253.135.82 - - [22/Aug/2022:06:59:33 +0800] "POST /xingrg/kc/base/stock_operate.html HTTP/1.1" 200 1766
116.224.255.128 - - [22/Aug/2022:06:59:34 +0800] "GET /xingrg/all/function/internal_message.html?_=1661122703719&CODE_STATE=getMsg HTTP/1.1" 200 27
120.253.135.82 - - [22/Aug/2022:06:59:42 +0800] "GET /xingrg/all/function/internal_message.html?_=1661122587139&CODE_STATE=getMsg HTTP/1.1" 200 27
218.81.223.53 - - [22/Aug/2022:06:59:46 +0800] "GET /xingrg/all/function/internal_message.html?_=1661122787768&CODE_STATE=getMsg HTTP/1.1" 200 27
101.80.228.36 - - [22/Aug/2022:06:59:58 +0800] "GET /xingrg/all/function/internal_message.html?_=1661122798126&CODE_STATE=getMsg HTTP/1.1" 200 27
120.253.135.82 - - [22/Aug/2022:07:00:31 +0800] "GET /xingrg/check_reg.html?_=1661122636170 HTTP/1.1" 200 22
116.224.255.128 - - [22/Aug/2022:07:00:34 +0800] "GET /xingrg/all/function/internal_message.html?_=1661122763744&CODE_STATE=getMsg HTTP/1.1" 200 27
180.169.147.146 - - [22/Aug/2022:07:00:38 +0800] "GET /xingrg/check_reg.html?_=1661123177536 HTTP/1.1" 200 22
120.253.135.82 - - [22/Aug/2022:07:00:42 +0800] "GET /xingrg/all/function/internal_message.html?_=1661122647153&CODE_STATE=getMsg HTTP/1.1" 200 27
218.81.223.53 - - [22/Aug/2022:07:00:53 +0800] "GET /xingrg/all/function/internal_message.html?_=1661122847777&CODE_STATE=getMsg HTTP/1.1" 200 27
58.40.7.146 - - [22/Aug/2022:07:00:56 +0800] "POST /xingrg/services/DataTransmitService HTTP/1.1" 200 524
101.80.228.36 - - [22/Aug/2022:07:00:58 +0800] "GET /xingrg/all/function/internal_message.html?_=1661122858128&CODE_STATE=getMsg HTTP/1.1" 200 27
101.80.228.36 - - [22/Aug/2022:07:00:58 +0800] "GET /xingrg/check_reg.html?_=1661122858129 HTTP/1.1" 200 22
116.224.255.128 - - [22/Aug/2022:07:01:00 +0800] "GET /xingrg/check_reg.html?_=1661122789902 HTTP/1.1" 200 22
116.224.255.128 - - [22/Aug/2022:07:01:34 +0800] "GET /xingrg/all/function/internal_message.html?_=1661122823746&CODE_STATE=getMsg HTTP/1.1" 200 27
120.253.135.82 - - [22/Aug/2022:07:01:42 +0800] "GET /xingrg/all/function/internal_message.html?_=1661122707166&CODE_STATE=getMsg HTTP/1.1" 200 27
218.81.223.53 - - [22/Aug/2022:07:01:46 +0800] "GET /xingrg/all/function/internal_message.html?_=1661122907794&CODE_STATE=getMsg HTTP/1.1" 200 27
101.80.228.36 - - [22/Aug/2022:07:01:58 +0800] "GET /xingrg/all/function/internal_message.html?_=1661122918131&CODE_STATE=getMsg HTTP/1.1" 200 27
120.253.135.82 - - [22/Aug/2022:07:01:58 +0800] "POST /xingrg/kc/base/stock_operate.html HTTP/1.1" 200 1485
116.224.255.128 - - [22/Aug/2022:07:02:34 +0800] "GET /xingrg/all/function/internal_message.html?_=1661122883759&CODE_STATE=getMsg HTTP/1.1" 200 27
218.81.223.53 - - [22/Aug/2022:07:02:39 +0800] "GET /xingrg/check_reg.html?_=1661122959899 HTTP/1.1" 200 22
120.253.135.82 - - [22/Aug/2022:07:02:42 +0800] "GET /xingrg/all/function/internal_message.html?_=1661122767180&CODE_STATE=getMsg HTTP/1.1" 200 27
120.253.135.82 - - [22/Aug/2022:07:02:45 +0800] "POST /xingrg/kc/base/stock_operate.html HTTP/1.1" 200 1747
218.81.223.53 - - [22/Aug/2022:07:02:46 +0800] "GET /xingrg/all/function/internal_message.html?_=1661122967805&CODE_STATE=getMsg HTTP/1.1" 200 27
101.80.228.36 - - [22/Aug/2022:07:02:58 +0800] "GET /xingrg/all/function/internal_message.html?_=1661122978132&CODE_STATE=getMsg HTTP/1.1" 200 27
120.253.135.82 - - [22/Aug/2022:07:03:27 +0800] "POST /xingrg/kc/base/stock_operate.html HTTP/1.1" 200 1463
114.83.216.129 - - [22/Aug/2022:07:03:32 +0800] "POST /xingrg/services/DataTransmitService HTTP/1.1" 200 524
116.224.255.128 - - [22/Aug/2022:07:03:34 +0800] "GET /xingrg/all/function/internal_message.html?_=1661122943791&CODE_STATE=getMsg HTTP/1.1" 200 27
120.253.135.82 - - [22/Aug/2022:07:03:42 +0800] "GET /xingrg/all/function/internal_message.html?_=1661122827194&CODE_STATE=getMsg HTTP/1.1" 200 27
218.81.223.53 - - [22/Aug/2022:07:03:46 +0800] "GET /xingrg/all/function/internal_message.html?_=1661123027818&CODE_STATE=getMsg HTTP/1.1" 200 27
120.253.135.82 - - [22/Aug/2022:07:03:49 +0800] "POST /xingrg/kc/base/stock_operate.html HTTP/1.1" 200 1737
101.80.228.36 - - [22/Aug/2022:07:03:58 +0800] "GET /xingrg/all/function/internal_message.html?_=1661123038135&CODE_STATE=getMsg HTTP/1.1" 200 27
120.253.135.82 - - [22/Aug/2022:07:04:28 +0800] "POST /xingrg/kc/base/stock_operate.html HTTP/1.1" 200 1463
116.224.255.128 - - [22/Aug/2022:07:04:34 +0800] "GET /xingrg/all/function/internal_message.html?_=1661123003803&CODE_STATE=getMsg HTTP/1.1" 200 27
120.253.135.82 - - [22/Aug/2022:07:04:42 +0800] "GET /xingrg/all/function/internal_message.html?_=1661122887207&CODE_STATE=getMsg HTTP/1.1" 200 27
218.81.223.53 - - [22/Aug/2022:07:04:46 +0800] "GET /xingrg/all/function/internal_message.html?_=1661123087835&CODE_STATE=getMsg HTTP/1.1" 200 27
101.80.228.36 - - [22/Aug/2022:07:04:58 +0800] "GET /xingrg/all/function/internal_message.html?_=1661123098136&CODE_STATE=getMsg HTTP/1.1" 200 27
120.253.135.82 - - [22/Aug/2022:07:05:30 +0800] "POST /xingrg/kc/base/stock_operate.html HTTP/1.1" 200 1465
120.253.135.82 - - [22/Aug/2022:07:05:31 +0800] "GET /xingrg/check_reg.html?_=1661122936179 HTTP/1.1" 200 22
116.224.255.128 - - [22/Aug/2022:07:05:34 +0800] "GET /xingrg/all/function/internal_message.html?_=1661123063834&CODE_STATE=getMsg HTTP/1.1" 200 27
180.169.147.146 - - [22/Aug/2022:07:05:38 +0800] "GET /xingrg/check_reg.html?_=1661123477528 HTTP/1.1" 200 22
120.253.135.82 - - [22/Aug/2022:07:05:42 +0800] "GET /xingrg/all/function/internal_message.html?_=1661122947220&CODE_STATE=getMsg HTTP/1.1" 200 27
218.81.223.53 - - [22/Aug/2022:07:05:46 +0800] "GET /xingrg/all/function/internal_message.html?_=1661123147845&CODE_STATE=getMsg HTTP/1.1" 200 27
101.80.228.36 - - [22/Aug/2022:07:05:58 +0800] "GET /xingrg/check_reg.html?_=1661123158137 HTTP/1.1" 200 22
120.253.135.82 - - [22/Aug/2022:07:05:58 +0800] "POST /xingrg/kc/base/stock_operate.html HTTP/1.1" 200 1482
101.80.228.36 - - [22/Aug/2022:07:05:58 +0800] "GET /xingrg/all/function/internal_message.html?_=1661123158138&CODE_STATE=getMsg HTTP/1.1" 200 27
116.224.255.128 - - [22/Aug/2022:07:06:00 +0800] "GET /xingrg/check_reg.html?_=1661123089902 HTTP/1.1" 200 22
120.253.135.82 - - [22/Aug/2022:07:06:17 +0800] "POST /xingrg/kc/base/stock_operate.html HTTP/1.1" 200 1482
116.224.255.128 - - [22/Aug/2022:07:06:34 +0800] "GET /xingrg/all/function/internal_message.html?_=1661123123845&CODE_STATE=getMsg HTTP/1.1" 200 27
120.253.135.82 - - [22/Aug/2022:07:06:42 +0800] "GET /xingrg/all/function/internal_message.html?_=1661123007233&CODE_STATE=getMsg HTTP/1.1" 200 27
218.81.223.53 - - [22/Aug/2022:07:06:46 +0800] "GET /xingrg/all/function/internal_message.html?_=1661123207862&CODE_STATE=getMsg HTTP/1.1" 200 27
120.253.135.82 - - [22/Aug/2022:07:06:56 +0800] "POST /xingrg/kc/base/stock_operate.html HTTP/1.1" 200 1489
101.80.228.36 - - [22/Aug/2022:07:06:58 +0800] "GET /xingrg/all/function/internal_message.html?_=1661123218139&CODE_STATE=getMsg HTTP/1.1" 200 27
120.253.135.82 - - [22/Aug/2022:07:07:15 +0800] "POST /xingrg/kc/base/stock_operate.html HTTP/1.1" 200 1477
116.224.255.128 - - [22/Aug/2022:07:07:34 +0800] "GET /xingrg/all/function/internal_message.html?_=1661123183859&CODE_STATE=getMsg HTTP/1.1" 200 27
218.81.223.53 - - [22/Aug/2022:07:07:39 +0800] "GET /xingrg/check_reg.html?_=1661123259902 HTTP/1.1" 200 22
120.253.135.82 - - [22/Aug/2022:07:07:42 +0800] "GET /xingrg/all/function/internal_message.html?_=1661123067248&CODE_STATE=getMsg HTTP/1.1" 200 27
218.81.223.53 - - [22/Aug/2022:07:07:46 +0800] "GET /xingrg/all/function/internal_message.html?_=1661123267873&CODE_STATE=getMsg HTTP/1.1" 200 27
101.80.228.36 - - [22/Aug/2022:07:07:58 +0800] "GET /xingrg/all/function/internal_message.html?_=1661123278141&CODE_STATE=getMsg HTTP/1.1" 200 27
116.224.255.128 - - [22/Aug/2022:07:08:34 +0800] "GET /xingrg/all/function/internal_message.html?_=1661123243891&CODE_STATE=getMsg HTTP/1.1" 200 27
120.253.135.82 - - [22/Aug/2022:07:08:42 +0800] "GET /xingrg/all/function/internal_message.html?_=1661123127261&CODE_STATE=getMsg HTTP/1.1" 200 27
218.81.223.53 - - [22/Aug/2022:07:08:46 +0800] "GET /xingrg/all/function/internal_message.html?_=1661123327886&CODE_STATE=getMsg HTTP/1.1" 200 27
101.80.228.36 - - [22/Aug/2022:07:08:58 +0800] "GET /xingrg/all/function/internal_message.html?_=1661123338126&CODE_STATE=getMsg HTTP/1.1" 200 27
116.224.255.128 - - [22/Aug/2022:07:09:34 +0800] "GET /xingrg/all/function/internal_message.html?_=1661123303902&CODE_STATE=getMsg HTTP/1.1" 200 27
120.253.135.82 - - [22/Aug/2022:07:09:43 +0800] "GET /xingrg/all/function/internal_message.html?_=1661123187577&CODE_STATE=getMsg HTTP/1.1" 200 27
218.81.223.53 - - [22/Aug/2022:07:09:47 +0800] "GET /xingrg/all/function/internal_message.html?_=1661123387902&CODE_STATE=getMsg HTTP/1.1" 200 27
120.253.135.82 - - [22/Aug/2022:07:09:53 +0800] "POST /xingrg/kc/base/stock_operate.html HTTP/1.1" 200 1477
101.80.228.36 - - [22/Aug/2022:07:09:58 +0800] "GET /xingrg/all/function/internal_message.html?_=1661123398128&CODE_STATE=getMsg HTTP/1.1" 200 27
120.253.135.82 - - [22/Aug/2022:07:10:00 +0800] "GET /xingrg/kc/pszx/mdqp_order_list.html?state=10 HTTP/1.1" 200 10217
120.253.135.82 - - [22/Aug/2022:07:10:00 +0800] "GET /xingrg/dwr/engine.js HTTP/1.1" 200 43631
120.253.135.82 - - [22/Aug/2022:07:10:00 +0800] "GET /xingrg/dwr/interface/AjaxQqpsService.js HTTP/1.1" 200 16326
120.253.135.82 - - [22/Aug/2022:07:10:00 +0800] "GET /xingrg/dwr/interface/AjaxReportQueryService.js HTTP/1.1" 200 13203
120.253.135.82 - - [22/Aug/2022:07:10:32 +0800] "GET /xingrg/check_reg.html?_=1661123236734 HTTP/1.1" 200 22
116.224.255.128 - - [22/Aug/2022:07:10:34 +0800] "GET /xingrg/all/function/internal_message.html?_=1661123363933&CODE_STATE=getMsg HTTP/1.1" 200 27
180.169.147.146 - - [22/Aug/2022:07:10:38 +0800] "GET /xingrg/check_reg.html?_=1661123777897 HTTP/1.1" 200 22
120.253.135.82 - - [22/Aug/2022:07:10:42 +0800] "GET /xingrg/all/function/internal_message.html?_=1661123247584&CODE_STATE=getMsg HTTP/1.1" 200 27
218.81.223.53 - - [22/Aug/2022:07:10:47 +0800] "GET /xingrg/all/function/internal_message.html?_=1661123447913&CODE_STATE=getMsg HTTP/1.1" 200 27
101.80.228.36 - - [22/Aug/2022:07:10:58 +0800] "GET /xingrg/all/function/internal_message.html?_=1661123458131&CODE_STATE=getMsg HTTP/1.1" 200 27
101.80.228.36 - - [22/Aug/2022:07:10:58 +0800] "GET /xingrg/check_reg.html?_=1661123458131 HTTP/1.1" 200 22
116.224.255.128 - - [22/Aug/2022:07:11:00 +0800] "GET /xingrg/check_reg.html?_=1661123389905 HTTP/1.1" 200 22
116.224.255.128 - - [22/Aug/2022:07:11:34 +0800] "GET /xingrg/all/function/internal_message.html?_=1661123423944&CODE_STATE=getMsg HTTP/1.1" 200 27
120.253.135.82 - - [22/Aug/2022:07:11:43 +0800] "GET /xingrg/all/function/internal_message.html?_=1661123307599&CODE_STATE=getMsg HTTP/1.1" 200 27
218.81.223.53 - - [22/Aug/2022:07:11:47 +0800] "GET /xingrg/all/function/internal_message.html?_=1661123507930&CODE_STATE=getMsg HTTP/1.1" 200 27
101.80.228.36 - - [22/Aug/2022:07:11:58 +0800] "GET /xingrg/all/function/internal_message.html?_=1661123518132&CODE_STATE=getMsg HTTP/1.1" 200 27
120.253.135.82 - - [22/Aug/2022:07:12:14 +0800] "GET /xingrg/kc/pszx/mdqp_order_list.html?state=10 HTTP/1.1" 200 10217
120.253.135.82 - - [22/Aug/2022:07:12:14 +0800] "GET /xingrg/dwr/interface/AjaxReportQueryService.js HTTP/1.1" 200 13203
120.253.135.82 - - [22/Aug/2022:07:12:14 +0800] "GET /xingrg/dwr/interface/AjaxQqpsService.js HTTP/1.1" 200 16326
120.253.135.82 - - [22/Aug/2022:07:12:14 +0800] "GET /xingrg/dwr/engine.js HTTP/1.1" 200 43631
120.253.135.82 - - [22/Aug/2022:07:12:18 +0800] "GET /xingrg/kc/pszx/mdth_order_list.html HTTP/1.1" 200 18431
120.253.135.82 - - [22/Aug/2022:07:12:18 +0800] "POST /xingrg/kc/pszx/mdth_order_new_list.html HTTP/1.1" 200 4693
120.253.135.82 - - [22/Aug/2022:07:12:22 +0800] "GET /xingrg/kc/pszx/mdqp_order_list.html?state=10 HTTP/1.1" 200 10217
120.253.135.82 - - [22/Aug/2022:07:12:22 +0800] "GET /xingrg/dwr/interface/AjaxQqpsService.js HTTP/1.1" 200 16326
120.253.135.82 - - [22/Aug/2022:07:12:22 +0800] "GET /xingrg/dwr/interface/AjaxReportQueryService.js HTTP/1.1" 200 13203
120.253.135.82 - - [22/Aug/2022:07:12:22 +0800] "GET /xingrg/dwr/engine.js HTTP/1.1" 200 43631
116.224.255.128 - - [22/Aug/2022:07:12:35 +0800] "GET /xingrg/all/function/internal_message.html?_=1661123483958&CODE_STATE=getMsg HTTP/1.1" 200 27
218.81.223.53 - - [22/Aug/2022:07:12:39 +0800] "GET /xingrg/check_reg.html?_=1661123559906 HTTP/1.1" 200 22
120.253.135.82 - - [22/Aug/2022:07:12:43 +0800] "GET /xingrg/all/function/internal_message.html?_=1661123367878&CODE_STATE=getMsg HTTP/1.1" 200 27
218.81.223.53 - - [22/Aug/2022:07:12:47 +0800] "GET /xingrg/all/function/internal_message.html?_=1661123567941&CODE_STATE=getMsg HTTP/1.1" 200 27
101.80.228.36 - - [22/Aug/2022:07:12:58 +0800] "GET /xingrg/all/function/internal_message.html?_=1661123578135&CODE_STATE=getMsg HTTP/1.1" 200 27
