116.224.123.211 - - [22/Aug/2022:10:04:22 +0800] "GET /xingrg/kc/buy/cgsh_order_info.html?code=212022082207273 HTTP/1.1" 200 63313
116.224.123.211 - - [22/Aug/2022:10:04:23 +0800] "GET /xingrg/javascript/easyui/themes/default/validatebox.css HTTP/1.1" 404 1104
116.224.123.211 - - [22/Aug/2022:10:04:24 +0800] "POST /xingrg/kc/buy/cgsh_order_operate.html HTTP/1.1" 200 2369
116.224.123.211 - - [22/Aug/2022:10:04:24 +0800] "GET /xingrg/kc/print/load_data.html?order_code=212022082207273&kc_code=cgsh&condition= HTTP/1.1" 200 1343
61.165.19.104 - - [22/Aug/2022:10:04:27 +0800] "GET /xingrg/all/function/internal_message.html?_=1661133736525&CODE_STATE=getMsg HTTP/1.1" 200 27
116.224.123.211 - - [22/Aug/2022:10:04:28 +0800] "GET /xingrg/all/function/internal_message.html?_=1661133868919&CODE_STATE=getMsg HTTP/1.1" 200 27
116.224.123.211 - - [22/Aug/2022:10:04:28 +0800] "GET /xingrg/check_reg.html?_=1661133869031 HTTP/1.1" 200 22
116.233.77.65 - - [22/Aug/2022:10:04:30 +0800] "GET /xingrg/all/function/internal_message.html?_=1661133876458&CODE_STATE=getMsg HTTP/1.1" 200 27
116.224.255.128 - - [22/Aug/2022:10:04:30 +0800] "GET /xingrg/all/function/internal_message.html?_=1661133799369&CODE_STATE=getMsg HTTP/1.1" 200 27
180.169.147.146 - - [22/Aug/2022:10:04:35 +0800] "GET /xingrg/all/function/internal_message.html?_=1661134214594&CODE_STATE=getMsg HTTP/1.1" 200 27
218.81.223.53 - - [22/Aug/2022:10:04:39 +0800] "GET /xingrg/kc/buy/cgsh_order_operate.html?command=get_materiel&rest_code=00146&code=00101006229&supplier_code=00100012&order_time=2022-08-22 HTTP/1.1" 200 426
61.165.19.104 - - [22/Aug/2022:10:04:45 +0800] "GET /xingrg/all/function/internal_message.html?_=1661133886175&CODE_STATE=getMsg HTTP/1.1" 200 27
114.83.216.129 - - [22/Aug/2022:10:04:48 +0800] "GET /xingrg/all/function/internal_message.html?_=1661133887228&CODE_STATE=getMsg HTTP/1.1" 200 27
114.83.216.129 - - [22/Aug/2022:10:04:48 +0800] "GET /xingrg/check_reg.html?_=1661133887406 HTTP/1.1" 200 22
222.69.129.110 - - [22/Aug/2022:10:04:49 +0800] "GET /xingrg/kc/buy/cgsh_order_operate.html?command=get_materiel&rest_code=00154&code=00101007101&supplier_code=00100503&order_time=2022-08-22 HTTP/1.1" 200 414
172.20.0.100 - - [22/Aug/2022:10:04:49 +0800] "GET /xingrg/all/function/internal_message.html?_=1661133889005&CODE_STATE=getMsg HTTP/1.1" 200 27
180.169.147.146 - - [22/Aug/2022:10:04:50 +0800] "GET /xingrg/all/function/internal_message.html?_=1661133889902&CODE_STATE=getMsg HTTP/1.1" 200 27
218.81.223.53 - - [22/Aug/2022:10:04:50 +0800] "GET /xingrg/all/function/internal_message.html?_=1661133892149&CODE_STATE=getMsg HTTP/1.1" 200 27
222.69.129.110 - - [22/Aug/2022:10:04:55 +0800] "GET /xingrg/all/function/internal_message.html?_=1661133963481&CODE_STATE=getMsg HTTP/1.1" 200 27
120.253.135.82 - - [22/Aug/2022:10:04:57 +0800] "GET /xingrg/all/function/internal_message.html?_=1661133701726&CODE_STATE=getMsg HTTP/1.1" 200 27
116.224.255.128 - - [22/Aug/2022:10:04:57 +0800] "GET /xingrg/all/function/internal_message.html?_=1661133896446&CODE_STATE=getMsg HTTP/1.1" 200 27
101.80.228.36 - - [22/Aug/2022:10:04:58 +0800] "GET /xingrg/all/function/internal_message.html?_=1661133898133&CODE_STATE=getMsg HTTP/1.1" 200 27
218.81.223.53 - - [22/Aug/2022:10:04:58 +0800] "GET /xingrg/kc/buy/cgsh_order_operate.html?command=get_materiel&rest_code=00146&code=00101006109&supplier_code=00100012&order_time=2022-08-22 HTTP/1.1" 200 409
116.235.94.65 - - [22/Aug/2022:10:05:01 +0800] "GET /xingrg/all/function/internal_message.html?_=1661134091250&CODE_STATE=getMsg HTTP/1.1" 200 27
116.237.75.117 - - [22/Aug/2022:10:05:01 +0800] "GET /xingrg/all/function/internal_message.html?_=1661133906487&CODE_STATE=getMsg HTTP/1.1" 200 27
222.69.129.110 - - [22/Aug/2022:10:05:02 +0800] "GET /xingrg/kc/buy/cgsh_order_operate.html?command=get_materiel&rest_code=00154&code=00101007074&supplier_code=00100503&order_time=2022-08-22 HTTP/1.1" 200 417
116.224.123.211 - - [22/Aug/2022:10:05:06 +0800] "GET /xingrg/check_reg.html?_=1661133908144 HTTP/1.1" 200 22
116.224.123.211 - - [22/Aug/2022:10:05:06 +0800] "GET /xingrg/all/function/internal_message.html?_=1661133908491&CODE_STATE=getMsg HTTP/1.1" 200 27
114.84.5.35 - - [22/Aug/2022:10:05:07 +0800] "GET /xingrg/all/function/internal_message.html?_=1661133906767&CODE_STATE=getMsg HTTP/1.1" 200 27
114.84.5.35 - - [22/Aug/2022:10:05:07 +0800] "GET /xingrg/check_reg.html?_=1661133906771 HTTP/1.1" 200 22
61.165.19.104 - - [22/Aug/2022:10:05:08 +0800] "GET /xingrg/kc/buy/cgsh_order_add.html HTTP/1.1" 200 68461
61.165.19.104 - - [22/Aug/2022:10:05:08 +0800] "POST /xingrg/kc/buy/cgsh_order_operate.html HTTP/1.1" 200 8245
61.165.19.104 - - [22/Aug/2022:10:05:08 +0800] "GET /xingrg/javascript/easyui/themes/default/validatebox.css HTTP/1.1" 404 1104
116.232.194.65 - - [22/Aug/2022:10:05:10 +0800] "GET /xingrg/all/function/internal_message.html?_=1661133867693&CODE_STATE=getMsg HTTP/1.1" 200 27
218.81.223.53 - - [22/Aug/2022:10:05:11 +0800] "GET /xingrg/kc/buy/cgsh_order_operate.html?command=get_materiel&rest_code=00146&code=00101006056&supplier_code=00100012&order_time=2022-08-22 HTTP/1.1" 200 413
222.69.129.110 - - [22/Aug/2022:10:05:12 +0800] "GET /xingrg/kc/buy/cgsh_order_operate.html?command=get_materiel&rest_code=00154&code=00101018028&supplier_code=00100503&order_time=2022-08-22 HTTP/1.1" 200 413
116.224.123.211 - - [22/Aug/2022:10:05:19 +0800] "GET /xingrg/kc/buy/cgsh_order_add.html HTTP/1.1" 200 68420
116.224.123.211 - - [22/Aug/2022:10:05:20 +0800] "POST /xingrg/kc/buy/cgsh_order_operate.html HTTP/1.1" 200 8245
116.224.123.211 - - [22/Aug/2022:10:05:20 +0800] "GET /xingrg/javascript/easyui/themes/default/validatebox.css HTTP/1.1" 404 1104
61.165.19.104 - - [22/Aug/2022:10:05:20 +0800] "GET /xingrg/kc/buy/cgsh_order_operate.html?command=get_materiel&rest_code=00105&code=00101006307&supplier_code=00100012&order_time=2022-08-22 HTTP/1.1" 200 410
218.81.223.53 - - [22/Aug/2022:10:05:24 +0800] "POST /xingrg/kc/buy/cgsh_order_operate.html HTTP/1.1" 200 37
222.69.129.110 - - [22/Aug/2022:10:05:24 +0800] "POST /xingrg/kc/buy/cgsh_order_operate.html HTTP/1.1" 200 88
61.165.19.104 - - [22/Aug/2022:10:05:27 +0800] "GET /xingrg/all/function/internal_message.html?_=1661133796528&CODE_STATE=getMsg HTTP/1.1" 200 27
61.165.19.104 - - [22/Aug/2022:10:05:27 +0800] "GET /xingrg/check_reg.html?_=1661133796531 HTTP/1.1" 200 22
218.81.223.53 - - [22/Aug/2022:10:05:27 +0800] "POST /xingrg/kc/buy/cgsh_order_operate.html HTTP/1.1" 200 7428
116.224.123.211 - - [22/Aug/2022:10:05:28 +0800] "GET /xingrg/all/function/internal_message.html?_=1661133928899&CODE_STATE=getMsg HTTP/1.1" 200 27
116.233.77.65 - - [22/Aug/2022:10:05:30 +0800] "GET /xingrg/all/function/internal_message.html?_=1661133936460&CODE_STATE=getMsg HTTP/1.1" 200 27
116.224.255.128 - - [22/Aug/2022:10:05:30 +0800] "GET /xingrg/all/function/internal_message.html?_=1661133859381&CODE_STATE=getMsg HTTP/1.1" 200 27
222.69.129.110 - - [22/Aug/2022:10:05:32 +0800] "POST /xingrg/kc/buy/cgsh_order_operate.html HTTP/1.1" 200 37
218.81.223.53 - - [22/Aug/2022:10:05:32 +0800] "GET /xingrg/kc/print/load_data.html?order_code=212022082207274&kc_code=cgsh&condition= HTTP/1.1" 200 2607
116.224.123.211 - - [22/Aug/2022:10:05:34 +0800] "GET /xingrg/kc/buy/cgsh_order_operate.html?command=get_materiel&rest_code=00102&code=00102013003&supplier_code=00100151&order_time=2022-08-22 HTTP/1.1" 200 409
222.69.129.110 - - [22/Aug/2022:10:05:34 +0800] "POST /xingrg/kc/buy/cgsh_order_operate.html HTTP/1.1" 200 5625
61.165.19.104 - - [22/Aug/2022:10:05:34 +0800] "GET /xingrg/kc/buy/cgsh_order_operate.html?command=get_materiel&rest_code=00105&code=00101006203&supplier_code=00100012&order_time=2022-08-22 HTTP/1.1" 200 429
180.169.147.146 - - [22/Aug/2022:10:05:35 +0800] "GET /xingrg/all/function/internal_message.html?_=1661134274600&CODE_STATE=getMsg HTTP/1.1" 200 27
180.169.147.146 - - [22/Aug/2022:10:05:38 +0800] "GET /xingrg/check_reg.html?_=1661134277793 HTTP/1.1" 200 22
218.81.223.53 - - [22/Aug/2022:10:05:39 +0800] "GET /xingrg/kc/buy/cgsh_order_add.html HTTP/1.1" 200 68341
218.81.223.53 - - [22/Aug/2022:10:05:39 +0800] "POST /xingrg/kc/buy/cgsh_order_operate.html HTTP/1.1" 200 8245
218.81.223.53 - - [22/Aug/2022:10:05:39 +0800] "GET /xingrg/javascript/easyui/themes/default/validatebox.css HTTP/1.1" 404 1104
222.69.129.110 - - [22/Aug/2022:10:05:39 +0800] "POST /xingrg/kc/buy/cgsh_order_operate.html HTTP/1.1" 200 37
222.69.129.110 - - [22/Aug/2022:10:05:43 +0800] "POST /xingrg/kc/buy/cgsh_order_operate.html HTTP/1.1" 200 12
222.69.129.110 - - [22/Aug/2022:10:05:44 +0800] "GET /xingrg/kc/buy/cgsh_order_info.html?code=212022082207276 HTTP/1.1" 200 62492
222.69.129.110 - - [22/Aug/2022:10:05:45 +0800] "GET /xingrg/javascript/easyui/themes/default/validatebox.css HTTP/1.1" 404 1104
61.165.19.104 - - [22/Aug/2022:10:05:45 +0800] "GET /xingrg/all/function/internal_message.html?_=1661133946189&CODE_STATE=getMsg HTTP/1.1" 200 27
222.69.129.110 - - [22/Aug/2022:10:05:45 +0800] "POST /xingrg/kc/buy/cgsh_order_operate.html HTTP/1.1" 200 3573
222.69.129.110 - - [22/Aug/2022:10:05:46 +0800] "GET /xingrg/kc/print/load_config.html?kc_code=cgsh HTTP/1.1" 200 1943
222.69.129.110 - - [22/Aug/2022:10:05:47 +0800] "GET /xingrg/kc/print/load_data.html?order_code=212022082207276&kc_code=cgsh&condition= HTTP/1.1" 200 1846
116.224.123.211 - - [22/Aug/2022:10:05:47 +0800] "GET /xingrg/kc/buy/cgsh_order_operate.html?command=get_materiel&rest_code=00102&code=00102013041&supplier_code=00100151&order_time=2022-08-22 HTTP/1.1" 200 424
114.83.216.129 - - [22/Aug/2022:10:05:48 +0800] "GET /xingrg/all/function/internal_message.html?_=1661133947204&CODE_STATE=getMsg HTTP/1.1" 200 27
61.165.19.104 - - [22/Aug/2022:10:05:48 +0800] "GET /xingrg/kc/buy/cgsh_order_operate.html?command=get_materiel&rest_code=00105&code=00101006040&supplier_code=00100012&order_time=2022-08-22 HTTP/1.1" 200 417
172.20.0.100 - - [22/Aug/2022:10:05:49 +0800] "GET /xingrg/all/function/internal_message.html?_=1661133949007&CODE_STATE=getMsg HTTP/1.1" 200 27
180.169.147.146 - - [22/Aug/2022:10:05:50 +0800] "GET /xingrg/all/function/internal_message.html?_=1661133949897&CODE_STATE=getMsg HTTP/1.1" 200 27
218.81.223.53 - - [22/Aug/2022:10:05:50 +0800] "GET /xingrg/all/function/internal_message.html?_=1661133952164&CODE_STATE=getMsg HTTP/1.1" 200 27
218.81.223.53 - - [22/Aug/2022:10:05:53 +0800] "GET /xingrg/kc/buy/cgsh_order_operate.html?command=get_materiel&rest_code=00146&code=00101012003&supplier_code=00100033&order_time=2022-08-22 HTTP/1.1" 200 413
120.253.135.82 - - [22/Aug/2022:10:05:55 +0800] "GET /xingrg/check_reg.html?_=1661133759360 HTTP/1.1" 200 22
222.69.129.110 - - [22/Aug/2022:10:05:55 +0800] "GET /xingrg/all/function/internal_message.html?_=1661134023480&CODE_STATE=getMsg HTTP/1.1" 200 27
120.253.135.82 - - [22/Aug/2022:10:05:57 +0800] "GET /xingrg/all/function/internal_message.html?_=1661133761740&CODE_STATE=getMsg HTTP/1.1" 200 27
116.224.255.128 - - [22/Aug/2022:10:05:57 +0800] "GET /xingrg/all/function/internal_message.html?_=1661133956447&CODE_STATE=getMsg HTTP/1.1" 200 27
116.224.255.128 - - [22/Aug/2022:10:05:57 +0800] "GET /xingrg/check_reg.html?_=1661133956451 HTTP/1.1" 200 22
101.80.228.36 - - [22/Aug/2022:10:05:58 +0800] "GET /xingrg/all/function/internal_message.html?_=1661133958135&CODE_STATE=getMsg HTTP/1.1" 200 27
101.80.228.36 - - [22/Aug/2022:10:05:58 +0800] "GET /xingrg/check_reg.html?_=1661133958136 HTTP/1.1" 200 22
116.235.94.65 - - [22/Aug/2022:10:06:01 +0800] "GET /xingrg/all/function/internal_message.html?_=1661134151250&CODE_STATE=getMsg HTTP/1.1" 200 27
116.237.75.117 - - [22/Aug/2022:10:06:01 +0800] "GET /xingrg/all/function/internal_message.html?_=1661133966473&CODE_STATE=getMsg HTTP/1.1" 200 27
61.165.19.104 - - [22/Aug/2022:10:06:04 +0800] "GET /xingrg/kc/buy/cgsh_order_operate.html?command=get_materiel&rest_code=00105&code=00101007199&supplier_code=00100012&order_time=2022-08-22 HTTP/1.1" 200 435
116.224.123.211 - - [22/Aug/2022:10:06:06 +0800] "GET /xingrg/all/function/internal_message.html?_=1661133968474&CODE_STATE=getMsg HTTP/1.1" 200 27
114.84.5.35 - - [22/Aug/2022:10:06:07 +0800] "GET /xingrg/all/function/internal_message.html?_=1661133966773&CODE_STATE=getMsg HTTP/1.1" 200 27
116.232.194.65 - - [22/Aug/2022:10:06:10 +0800] "GET /xingrg/check_reg.html?_=1661133927707 HTTP/1.1" 200 22
116.232.194.65 - - [22/Aug/2022:10:06:10 +0800] "GET /xingrg/all/function/internal_message.html?_=1661133927708&CODE_STATE=getMsg HTTP/1.1" 200 27
218.81.223.53 - - [22/Aug/2022:10:06:10 +0800] "GET /xingrg/kc/buy/cgsh_order_operate.html?command=get_materiel&rest_code=00146&code=00101016025&supplier_code=00100033&order_time=2022-08-22 HTTP/1.1" 200 408
61.165.19.104 - - [22/Aug/2022:10:06:15 +0800] "GET /xingrg/kc/buy/cgsh_order_operate.html?command=get_materiel&rest_code=00105&code=00101006129&supplier_code=00100012&order_time=2022-08-22 HTTP/1.1" 200 433
218.81.223.53 - - [22/Aug/2022:10:06:23 +0800] "GET /xingrg/kc/buy/cgsh_order_operate.html?command=get_materiel&rest_code=00146&code=00101016080&supplier_code=00100033&order_time=2022-08-22 HTTP/1.1" 200 408
61.165.19.104 - - [22/Aug/2022:10:06:27 +0800] "GET /xingrg/all/function/internal_message.html?_=1661133856531&CODE_STATE=getMsg HTTP/1.1" 200 27
116.224.123.211 - - [22/Aug/2022:10:06:28 +0800] "GET /xingrg/all/function/internal_message.html?_=1661133988882&CODE_STATE=getMsg HTTP/1.1" 200 27
116.224.255.128 - - [22/Aug/2022:10:06:29 +0800] "GET /xingrg/check_reg.html?_=1661133918388 HTTP/1.1" 200 22
61.165.19.104 - - [22/Aug/2022:10:06:29 +0800] "GET /xingrg/kc/buy/cgsh_order_operate.html?command=get_materiel&rest_code=00105&code=00101010248&supplier_code=00100012&order_time=2022-08-22 HTTP/1.1" 200 451
116.233.77.65 - - [22/Aug/2022:10:06:30 +0800] "GET /xingrg/all/function/internal_message.html?_=1661133996462&CODE_STATE=getMsg HTTP/1.1" 200 27
61.165.19.104 - - [22/Aug/2022:10:06:30 +0800] "POST /xingrg/all/common/load_select.html HTTP/1.1" 200 25
116.224.255.128 - - [22/Aug/2022:10:06:30 +0800] "GET /xingrg/all/function/internal_message.html?_=1661133919396&CODE_STATE=getMsg HTTP/1.1" 200 27
61.165.19.104 - - [22/Aug/2022:10:06:34 +0800] "GET /xingrg/kc/buy/cgsh_order_operate.html?command=get_materiel_price&rest_code=00105&code=00101010248&unit_code=00100043&supplier_code=00100012&order_time=2022-08-22 HTTP/1.1" 200 29
180.169.147.146 - - [22/Aug/2022:10:06:35 +0800] "GET /xingrg/all/function/internal_message.html?_=1661134334590&CODE_STATE=getMsg HTTP/1.1" 200 27
218.81.223.53 - - [22/Aug/2022:10:06:37 +0800] "POST /xingrg/kc/buy/cgsh_order_operate.html HTTP/1.1" 200 37
61.165.19.104 - - [22/Aug/2022:10:06:41 +0800] "POST /xingrg/kc/buy/cgsh_order_operate.html HTTP/1.1" 200 37
114.88.158.224 - - [22/Aug/2022:10:06:42 +0800] "GET /xingrg/check_reg.html?_=1661133669466 HTTP/1.1" 302 -
61.165.19.104 - - [22/Aug/2022:10:06:42 +0800] "POST /xingrg/kc/buy/cgsh_order_operate.html HTTP/1.1" 200 5665
61.165.19.104 - - [22/Aug/2022:10:06:43 +0800] "GET /xingrg/kc/print/load_data.html?order_code=212022082207278&kc_code=cgsh&condition= HTTP/1.1" 200 1941
120.253.135.82 - - [22/Aug/2022:10:06:44 +0800] "POST /xingrg/kc/pszx/mdps_list_operate.html HTTP/1.1" 200 4580
120.253.135.82 - - [22/Aug/2022:10:06:44 +0800] "GET /xingrg/kc/report/report_main.html HTTP/1.1" 200 8599
116.224.123.211 - - [22/Aug/2022:10:06:45 +0800] "POST /xingrg/kc/buy/cgsh_list_operate.html HTTP/1.1" 200 5379
120.253.135.82 - - [22/Aug/2022:10:06:45 +0800] "GET /xingrg/kc/base/kc_stocks.html HTTP/1.1" 200 16437
61.165.19.104 - - [22/Aug/2022:10:06:45 +0800] "GET /xingrg/all/function/internal_message.html?_=1661134006193&CODE_STATE=getMsg HTTP/1.1" 200 27
120.253.135.82 - - [22/Aug/2022:10:06:45 +0800] "GET /xingrg/javascript/easyui/themes/default/tree.css HTTP/1.1" 404 1090
120.253.135.82 - - [22/Aug/2022:10:06:45 +0800] "POST /xingrg/all/common/load_tree.html?tree=materiel_sort_tree_json HTTP/1.1" 200 9500
120.253.135.82 - - [22/Aug/2022:10:06:46 +0800] "POST /xingrg/all/common/load_combo.html?type=base HTTP/1.1" 200 1260
114.83.216.129 - - [22/Aug/2022:10:06:48 +0800] "GET /xingrg/all/function/internal_message.html?_=1661134007176&CODE_STATE=getMsg HTTP/1.1" 200 27
180.169.147.146 - - [22/Aug/2022:10:06:50 +0800] "GET /xingrg/check_reg.html?_=1661134009911 HTTP/1.1" 200 22
180.169.147.146 - - [22/Aug/2022:10:06:50 +0800] "GET /xingrg/all/function/internal_message.html?_=1661134009910&CODE_STATE=getMsg HTTP/1.1" 200 27
222.69.129.110 - - [22/Aug/2022:10:06:55 +0800] "GET /xingrg/all/function/internal_message.html?_=1661134083486&CODE_STATE=getMsg HTTP/1.1" 200 27
120.253.135.82 - - [22/Aug/2022:10:06:57 +0800] "GET /xingrg/all/function/internal_message.html?_=1661133821821&CODE_STATE=getMsg HTTP/1.1" 200 27
116.224.255.128 - - [22/Aug/2022:10:06:57 +0800] "GET /xingrg/all/function/internal_message.html?_=1661134016456&CODE_STATE=getMsg HTTP/1.1" 200 27
101.80.228.36 - - [22/Aug/2022:10:06:58 +0800] "GET /xingrg/all/function/internal_message.html?_=1661134018136&CODE_STATE=getMsg HTTP/1.1" 200 27
116.235.94.65 - - [22/Aug/2022:10:07:01 +0800] "GET /xingrg/check_reg.html?_=1661134211275 HTTP/1.1" 200 22
116.235.94.65 - - [22/Aug/2022:10:07:01 +0800] "GET /xingrg/all/function/internal_message.html?_=1661134211275&CODE_STATE=getMsg HTTP/1.1" 200 27
116.237.75.117 - - [22/Aug/2022:10:07:01 +0800] "GET /xingrg/all/function/internal_message.html?_=1661134026485&CODE_STATE=getMsg HTTP/1.1" 200 27
120.253.135.82 - - [22/Aug/2022:10:07:03 +0800] "POST /xingrg/kc/base/stock_operate.html HTTP/1.1" 200 1479
116.224.123.211 - - [22/Aug/2022:10:07:06 +0800] "GET /xingrg/kc/buy/cgsh_order_operate.html?command=get_materiel&rest_code=00102&code=00102003360&supplier_code=00100151&order_time=2022-08-22 HTTP/1.1" 200 416
116.224.123.211 - - [22/Aug/2022:10:07:06 +0800] "GET /xingrg/all/function/internal_message.html?_=1661134028445&CODE_STATE=getMsg HTTP/1.1" 200 27
114.84.5.35 - - [22/Aug/2022:10:07:07 +0800] "GET /xingrg/all/function/internal_message.html?_=1661134026763&CODE_STATE=getMsg HTTP/1.1" 200 27
116.232.194.65 - - [22/Aug/2022:10:07:10 +0800] "GET /xingrg/all/function/internal_message.html?_=1661133987695&CODE_STATE=getMsg HTTP/1.1" 200 27
116.224.123.211 - - [22/Aug/2022:10:07:23 +0800] "POST /xingrg/kc/buy/cgsh_order_operate.html HTTP/1.1" 200 37
116.224.123.211 - - [22/Aug/2022:10:07:26 +0800] "POST /xingrg/kc/buy/cgsh_order_operate.html HTTP/1.1" 200 12
61.165.19.104 - - [22/Aug/2022:10:07:27 +0800] "GET /xingrg/all/function/internal_message.html?_=1661133916531&CODE_STATE=getMsg HTTP/1.1" 200 27
116.224.123.211 - - [22/Aug/2022:10:07:27 +0800] "GET /xingrg/kc/buy/cgsh_order_info.html?code=212022082207279 HTTP/1.1" 200 63313
116.224.123.211 - - [22/Aug/2022:10:07:28 +0800] "GET /xingrg/javascript/easyui/themes/default/validatebox.css HTTP/1.1" 404 1104
116.224.123.211 - - [22/Aug/2022:10:07:28 +0800] "GET /xingrg/all/function/internal_message.html?_=1661134048867&CODE_STATE=getMsg HTTP/1.1" 200 27
116.224.123.211 - - [22/Aug/2022:10:07:28 +0800] "POST /xingrg/kc/buy/cgsh_order_operate.html HTTP/1.1" 200 2412
116.224.123.211 - - [22/Aug/2022:10:07:29 +0800] "GET /xingrg/kc/print/load_data.html?order_code=212022082207279&kc_code=cgsh&condition= HTTP/1.1" 200 1387
116.233.77.65 - - [22/Aug/2022:10:07:30 +0800] "GET /xingrg/all/function/internal_message.html?_=1661134056464&CODE_STATE=getMsg HTTP/1.1" 200 27
116.224.255.128 - - [22/Aug/2022:10:07:30 +0800] "GET /xingrg/all/function/internal_message.html?_=1661133979409&CODE_STATE=getMsg HTTP/1.1" 200 27
116.224.123.211 - - [22/Aug/2022:10:07:33 +0800] "GET /xingrg/kc/buy/cgsh_order_add.html HTTP/1.1" 200 68420
116.224.123.211 - - [22/Aug/2022:10:07:34 +0800] "POST /xingrg/kc/buy/cgsh_order_operate.html HTTP/1.1" 200 8245
116.224.123.211 - - [22/Aug/2022:10:07:34 +0800] "GET /xingrg/javascript/easyui/themes/default/validatebox.css HTTP/1.1" 404 1104
180.169.147.146 - - [22/Aug/2022:10:07:35 +0800] "GET /xingrg/all/function/internal_message.html?_=1661134394594&CODE_STATE=getMsg HTTP/1.1" 200 27
180.169.147.146 - - [22/Aug/2022:10:07:35 +0800] "GET /xingrg/check_reg.html?_=1661134394596 HTTP/1.1" 200 22
116.224.123.211 - - [22/Aug/2022:10:07:44 +0800] "GET /xingrg/kc/buy/cgsh_order_operate.html?command=get_materiel&rest_code=00102&code=00101029002&supplier_code=00100018&order_time=2022-08-21 HTTP/1.1" 200 468
61.165.19.104 - - [22/Aug/2022:10:07:45 +0800] "GET /xingrg/check_reg.html?_=1661134066181 HTTP/1.1" 200 22
61.165.19.104 - - [22/Aug/2022:10:07:45 +0800] "GET /xingrg/all/function/internal_message.html?_=1661134066184&CODE_STATE=getMsg HTTP/1.1" 200 27
120.253.135.82 - - [22/Aug/2022:10:07:46 +0800] "GET /xingrg/kc/pszx/mdps_order_list.html?orderType=0 HTTP/1.1" 200 21007
120.253.135.82 - - [22/Aug/2022:10:07:46 +0800] "POST /xingrg/kc/pszx/mdps_list_operate.html HTTP/1.1" 200 5458
120.253.135.82 - - [22/Aug/2022:10:07:47 +0800] "GET /xingrg/kc/pszx/mdps_order_add.html HTTP/1.1" 200 29120
114.83.216.129 - - [22/Aug/2022:10:07:48 +0800] "GET /xingrg/all/function/internal_message.html?_=1661134067158&CODE_STATE=getMsg HTTP/1.1" 200 27
120.253.135.82 - - [22/Aug/2022:10:07:48 +0800] "POST /xingrg/kc/pszx/mdps_order_operate.html HTTP/1.1" 200 7126
120.253.135.82 - - [22/Aug/2022:10:07:48 +0800] "GET /xingrg/javascript/easyui/themes/default/validatebox.css HTTP/1.1" 404 1104
180.169.147.146 - - [22/Aug/2022:10:07:50 +0800] "GET /xingrg/all/function/internal_message.html?_=1661134069902&CODE_STATE=getMsg HTTP/1.1" 200 27
116.224.123.211 - - [22/Aug/2022:10:07:54 +0800] "GET /xingrg/kc/buy/cgsh_order_operate.html?command=get_materiel&rest_code=00102&code=00101028005&supplier_code=00100018&order_time=2022-08-21 HTTP/1.1" 200 436
222.69.129.110 - - [22/Aug/2022:10:07:55 +0800] "GET /xingrg/all/function/internal_message.html?_=1661134143488&CODE_STATE=getMsg HTTP/1.1" 200 27
120.253.135.82 - - [22/Aug/2022:10:07:57 +0800] "GET /xingrg/all/function/internal_message.html?_=1661133881831&CODE_STATE=getMsg HTTP/1.1" 200 27
116.224.255.128 - - [22/Aug/2022:10:07:57 +0800] "GET /xingrg/all/function/internal_message.html?_=1661134076458&CODE_STATE=getMsg HTTP/1.1" 200 27
120.253.135.82 - - [22/Aug/2022:10:07:57 +0800] "POST /xingrg/all/common/load_combo.html?type=base HTTP/1.1" 200 1260
101.80.228.36 - - [22/Aug/2022:10:07:58 +0800] "GET /xingrg/all/function/internal_message.html?_=1661134078138&CODE_STATE=getMsg HTTP/1.1" 200 27
116.235.94.65 - - [22/Aug/2022:10:08:01 +0800] "GET /xingrg/all/function/internal_message.html?_=1661134271273&CODE_STATE=getMsg HTTP/1.1" 200 27
116.224.123.211 - - [22/Aug/2022:10:08:01 +0800] "POST /xingrg/kc/buy/cgsh_order_operate.html HTTP/1.1" 200 37
116.237.75.117 - - [22/Aug/2022:10:08:01 +0800] "GET /xingrg/all/function/internal_message.html?_=1661134086454&CODE_STATE=getMsg HTTP/1.1" 200 27
116.237.75.117 - - [22/Aug/2022:10:08:02 +0800] "GET /xingrg/check_reg.html?_=1661134086987 HTTP/1.1" 200 22
116.224.123.211 - - [22/Aug/2022:10:08:04 +0800] "POST /xingrg/kc/buy/cgsh_order_operate.html HTTP/1.1" 200 12
116.224.123.211 - - [22/Aug/2022:10:08:05 +0800] "GET /xingrg/kc/buy/cgsh_order_info.html?code=212022082207280 HTTP/1.1" 200 63321
116.224.123.211 - - [22/Aug/2022:10:08:05 +0800] "GET /xingrg/javascript/easyui/themes/default/validatebox.css HTTP/1.1" 404 1104
116.224.123.211 - - [22/Aug/2022:10:08:06 +0800] "POST /xingrg/kc/buy/cgsh_order_operate.html HTTP/1.1" 200 1249
116.224.123.211 - - [22/Aug/2022:10:08:06 +0800] "GET /xingrg/all/function/internal_message.html?_=1661134088418&CODE_STATE=getMsg HTTP/1.1" 200 27
116.224.123.211 - - [22/Aug/2022:10:08:07 +0800] "GET /xingrg/kc/print/load_data.html?order_code=212022082207280&kc_code=cgsh&condition= HTTP/1.1" 200 1023
114.84.5.35 - - [22/Aug/2022:10:08:07 +0800] "GET /xingrg/all/function/internal_message.html?_=1661134086769&CODE_STATE=getMsg HTTP/1.1" 200 27
116.232.194.65 - - [22/Aug/2022:10:08:10 +0800] "GET /xingrg/all/function/internal_message.html?_=1661134047709&CODE_STATE=getMsg HTTP/1.1" 200 27
120.253.135.82 - - [22/Aug/2022:10:08:11 +0800] "GET /xingrg/kc/pszx/mdps_order_operate.html?command=get_materiel&pszx_code=00101&rest_code=00150&base_code=0010570&code=00101025089 HTTP/1.1" 200 442
116.224.123.211 - - [22/Aug/2022:10:08:11 +0800] "POST /xingrg/kc/buy/cgsh_list_operate.html HTTP/1.1" 200 752
116.224.123.211 - - [22/Aug/2022:10:08:12 +0800] "GET /xingrg/kc/buy/cgsh_order_add.html HTTP/1.1" 200 68420
116.224.123.211 - - [22/Aug/2022:10:08:12 +0800] "POST /xingrg/kc/buy/cgsh_order_operate.html HTTP/1.1" 200 8245
116.224.123.211 - - [22/Aug/2022:10:08:12 +0800] "GET /xingrg/javascript/easyui/themes/default/validatebox.css HTTP/1.1" 404 1104
116.224.123.211 - - [22/Aug/2022:10:08:19 +0800] "GET /xingrg/kc/buy/cgsh_order_operate.html?command=get_materiel&rest_code=00102&code=00101008680&supplier_code=&order_time=2022-08-22 HTTP/1.1" 200 401
61.165.19.104 - - [22/Aug/2022:10:08:27 +0800] "GET /xingrg/all/function/internal_message.html?_=1661133976532&CODE_STATE=getMsg HTTP/1.1" 200 27
116.224.123.211 - - [22/Aug/2022:10:08:28 +0800] "GET /xingrg/all/function/internal_message.html?_=1661134108844&CODE_STATE=getMsg HTTP/1.1" 200 27
116.233.77.65 - - [22/Aug/2022:10:08:30 +0800] "GET /xingrg/all/function/internal_message.html?_=1661134116467&CODE_STATE=getMsg HTTP/1.1" 200 27
116.233.77.65 - - [22/Aug/2022:10:08:30 +0800] "GET /xingrg/check_reg.html?_=1661134116467 HTTP/1.1" 200 22
116.224.123.211 - - [22/Aug/2022:10:08:30 +0800] "GET /xingrg/kc/buy/cgsh_order_operate.html?command=get_materiel&rest_code=00102&code=00101010163&supplier_code=&order_time=2022-08-22 HTTP/1.1" 200 408
116.224.255.128 - - [22/Aug/2022:10:08:30 +0800] "GET /xingrg/all/function/internal_message.html?_=1661134039423&CODE_STATE=getMsg HTTP/1.1" 200 27
116.224.123.211 - - [22/Aug/2022:10:08:34 +0800] "GET /xingrg/kc/mdqp/pssh_order_list.html HTTP/1.1" 200 17863
116.224.123.211 - - [22/Aug/2022:10:08:34 +0800] "POST /xingrg/kc/mdqp/pssh_list_operate.html HTTP/1.1" 200 5382
180.169.147.146 - - [22/Aug/2022:10:08:35 +0800] "GET /xingrg/all/function/internal_message.html?_=1661134454609&CODE_STATE=getMsg HTTP/1.1" 200 27
116.224.123.211 - - [22/Aug/2022:10:08:36 +0800] "POST /xingrg/kc/mdqp/pssh_list_operate.html HTTP/1.1" 200 266
120.253.135.82 - - [22/Aug/2022:10:08:36 +0800] "POST /xingrg/kc/pszx/mdps_order_operate.html HTTP/1.1" 200 37
116.224.123.211 - - [22/Aug/2022:10:08:36 +0800] "POST /xingrg/kc/mdqp/pssh_list_operate.html HTTP/1.1" 200 262
120.253.135.82 - - [22/Aug/2022:10:08:37 +0800] "GET /xingrg/kc/pszx/mdps_order_info.html?code=312022082200502 HTTP/1.1" 200 24020
120.253.135.82 - - [22/Aug/2022:10:08:38 +0800] "POST /xingrg/kc/pszx/mdps_order_operate.html HTTP/1.1" 200 2293
120.253.135.82 - - [22/Aug/2022:10:08:38 +0800] "GET /xingrg/javascript/easyui/themes/default/validatebox.css HTTP/1.1" 404 1104
61.165.19.104 - - [22/Aug/2022:10:08:45 +0800] "GET /xingrg/all/function/internal_message.html?_=1661134126168&CODE_STATE=getMsg HTTP/1.1" 200 27
114.83.216.129 - - [22/Aug/2022:10:08:48 +0800] "GET /xingrg/all/function/internal_message.html?_=1661134127132&CODE_STATE=getMsg HTTP/1.1" 200 27
180.169.147.146 - - [22/Aug/2022:10:08:50 +0800] "GET /xingrg/all/function/internal_message.html?_=1661134129899&CODE_STATE=getMsg HTTP/1.1" 200 27
222.69.129.110 - - [22/Aug/2022:10:08:55 +0800] "GET /xingrg/check_reg.html?_=1661134203481 HTTP/1.1" 200 22
222.69.129.110 - - [22/Aug/2022:10:08:55 +0800] "GET /xingrg/all/function/internal_message.html?_=1661134203485&CODE_STATE=getMsg HTTP/1.1" 200 27
120.253.135.82 - - [22/Aug/2022:10:08:57 +0800] "GET /xingrg/all/function/internal_message.html?_=1661133941843&CODE_STATE=getMsg HTTP/1.1" 200 27
116.224.255.128 - - [22/Aug/2022:10:08:57 +0800] "GET /xingrg/all/function/internal_message.html?_=1661134136467&CODE_STATE=getMsg HTTP/1.1" 200 27
101.80.228.36 - - [22/Aug/2022:10:08:58 +0800] "GET /xingrg/all/function/internal_message.html?_=1661134138140&CODE_STATE=getMsg HTTP/1.1" 200 27
116.235.94.65 - - [22/Aug/2022:10:09:01 +0800] "GET /xingrg/all/function/internal_message.html?_=1661134331271&CODE_STATE=getMsg HTTP/1.1" 200 27
116.237.75.117 - - [22/Aug/2022:10:09:01 +0800] "GET /xingrg/all/function/internal_message.html?_=1661134146426&CODE_STATE=getMsg HTTP/1.1" 200 27
116.224.123.211 - - [22/Aug/2022:10:09:06 +0800] "GET /xingrg/all/function/internal_message.html?_=1661134148394&CODE_STATE=getMsg HTTP/1.1" 200 27
114.84.5.35 - - [22/Aug/2022:10:09:07 +0800] "GET /xingrg/all/function/internal_message.html?_=1661134146775&CODE_STATE=getMsg HTTP/1.1" 200 27
116.232.194.65 - - [22/Aug/2022:10:09:10 +0800] "GET /xingrg/all/function/internal_message.html?_=1661134107709&CODE_STATE=getMsg HTTP/1.1" 200 27
120.253.135.82 - - [22/Aug/2022:10:09:11 +0800] "POST /xingrg/kc/pszx/mdps_list_operate.html HTTP/1.1" 200 2799
120.253.135.82 - - [22/Aug/2022:10:09:12 +0800] "POST /xingrg/kc/pszx/mdps_list_operate.html HTTP/1.1" 200 211
120.253.135.82 - - [22/Aug/2022:10:09:16 +0800] "POST /xingrg/kc/pszx/mdps_list_operate.html HTTP/1.1" 200 202
120.253.135.82 - - [22/Aug/2022:10:09:18 +0800] "POST /xingrg/kc/pszx/mdps_list_operate.html HTTP/1.1" 200 208
120.253.135.82 - - [22/Aug/2022:10:09:21 +0800] "POST /xingrg/kc/pszx/mdps_list_operate.html HTTP/1.1" 200 273
61.165.19.104 - - [22/Aug/2022:10:09:27 +0800] "GET /xingrg/all/function/internal_message.html?_=1661134036530&CODE_STATE=getMsg HTTP/1.1" 200 27
116.224.123.211 - - [22/Aug/2022:10:09:28 +0800] "GET /xingrg/all/function/internal_message.html?_=1661134168827&CODE_STATE=getMsg HTTP/1.1" 200 27
116.224.123.211 - - [22/Aug/2022:10:09:28 +0800] "GET /xingrg/check_reg.html?_=1661134169035 HTTP/1.1" 200 22
116.233.77.65 - - [22/Aug/2022:10:09:30 +0800] "GET /xingrg/all/function/internal_message.html?_=1661134176469&CODE_STATE=getMsg HTTP/1.1" 200 27
116.224.255.128 - - [22/Aug/2022:10:09:30 +0800] "GET /xingrg/all/function/internal_message.html?_=1661134099486&CODE_STATE=getMsg HTTP/1.1" 200 27
180.169.147.146 - - [22/Aug/2022:10:09:35 +0800] "GET /xingrg/all/function/internal_message.html?_=1661134514599&CODE_STATE=getMsg HTTP/1.1" 200 27
120.253.135.82 - - [22/Aug/2022:10:09:39 +0800] "POST /xingrg/kc/pszx/mdps_list_operate.html HTTP/1.1" 200 2799
120.253.135.82 - - [22/Aug/2022:10:09:39 +0800] "GET /xingrg/kc/base/wldb_order_list.html HTTP/1.1" 200 19142
120.253.135.82 - - [22/Aug/2022:10:09:39 +0800] "POST /xingrg/kc/base/wldb_list_operate.html HTTP/1.1" 200 928
114.84.5.35 - - [22/Aug/2022:10:09:44 +0800] "GET /xingrg/javascript/jquery_tools/images/next.gif HTTP/1.1" 404 1086
114.84.5.35 - - [22/Aug/2022:10:09:44 +0800] "GET /xingrg/javascript/jquery_tools/images/prev.gif HTTP/1.1" 404 1086
120.253.135.82 - - [22/Aug/2022:10:09:45 +0800] "GET /xingrg/kc/base/wldb_order_add.html HTTP/1.1" 200 30356
61.165.19.104 - - [22/Aug/2022:10:09:45 +0800] "GET /xingrg/all/function/internal_message.html?_=1661134186168&CODE_STATE=getMsg HTTP/1.1" 200 27
120.253.135.82 - - [22/Aug/2022:10:09:45 +0800] "GET /xingrg/javascript/easyui/themes/icons/template_new.png HTTP/1.1" 200 3956
120.253.135.82 - - [22/Aug/2022:10:09:45 +0800] "POST /xingrg/kc/base/wldb_order_operate.html HTTP/1.1" 200 6806
120.253.135.82 - - [22/Aug/2022:10:09:46 +0800] "GET /xingrg/javascript/easyui/themes/default/validatebox.css HTTP/1.1" 404 1104
120.253.135.82 - - [22/Aug/2022:10:09:47 +0800] "POST /xingrg/all/common/load_combo.html?type=base HTTP/1.1" 200 1260
114.83.216.129 - - [22/Aug/2022:10:09:48 +0800] "GET /xingrg/all/function/internal_message.html?_=1661134187116&CODE_STATE=getMsg HTTP/1.1" 200 27
114.83.216.129 - - [22/Aug/2022:10:09:48 +0800] "GET /xingrg/check_reg.html?_=1661134187438 HTTP/1.1" 200 22
180.169.147.146 - - [22/Aug/2022:10:09:50 +0800] "GET /xingrg/all/function/internal_message.html?_=1661134189909&CODE_STATE=getMsg HTTP/1.1" 200 27
120.253.135.82 - - [22/Aug/2022:10:09:53 +0800] "POST /xingrg/all/common/load_combo.html?type=base HTTP/1.1" 200 1260
222.69.129.110 - - [22/Aug/2022:10:09:55 +0800] "GET /xingrg/all/function/internal_message.html?_=1661134263472&CODE_STATE=getMsg HTTP/1.1" 200 27
120.253.135.82 - - [22/Aug/2022:10:09:57 +0800] "GET /xingrg/all/function/internal_message.html?_=1661134001857&CODE_STATE=getMsg HTTP/1.1" 200 27
116.224.255.128 - - [22/Aug/2022:10:09:57 +0800] "GET /xingrg/all/function/internal_message.html?_=1661134196457&CODE_STATE=getMsg HTTP/1.1" 200 27
101.80.228.36 - - [22/Aug/2022:10:09:58 +0800] "GET /xingrg/all/function/internal_message.html?_=1661134198141&CODE_STATE=getMsg HTTP/1.1" 200 27
114.84.5.35 - - [22/Aug/2022:10:09:59 +0800] "GET /xingrg/kc/buy/cgsh_order_operate.html?command=get_materiel&rest_code=00111&code=00101001060&supplier_code=00100042&order_time=2022-08-22 HTTP/1.1" 200 419
116.235.94.65 - - [22/Aug/2022:10:10:01 +0800] "GET /xingrg/all/function/internal_message.html?_=1661134391270&CODE_STATE=getMsg HTTP/1.1" 200 27
116.237.75.117 - - [22/Aug/2022:10:10:01 +0800] "GET /xingrg/all/function/internal_message.html?_=1661134206412&CODE_STATE=getMsg HTTP/1.1" 200 27
116.224.123.211 - - [22/Aug/2022:10:10:06 +0800] "GET /xingrg/check_reg.html?_=1661134208136 HTTP/1.1" 200 22
116.224.123.211 - - [22/Aug/2022:10:10:06 +0800] "GET /xingrg/all/function/internal_message.html?_=1661134208375&CODE_STATE=getMsg HTTP/1.1" 200 27
114.84.5.35 - - [22/Aug/2022:10:10:07 +0800] "GET /xingrg/check_reg.html?_=1661134206763 HTTP/1.1" 200 22
114.84.5.35 - - [22/Aug/2022:10:10:07 +0800] "GET /xingrg/all/function/internal_message.html?_=1661134206767&CODE_STATE=getMsg HTTP/1.1" 200 27
116.232.194.65 - - [22/Aug/2022:10:10:10 +0800] "GET /xingrg/all/function/internal_message.html?_=1661134167697&CODE_STATE=getMsg HTTP/1.1" 200 27
114.84.5.35 - - [22/Aug/2022:10:10:27 +0800] "GET /xingrg/kc/buy/cgsh_order_operate.html?command=get_materiel&rest_code=00111&code=00101010161&supplier_code=00100042&order_time=2022-08-22 HTTP/1.1" 200 409
61.165.19.104 - - [22/Aug/2022:10:10:27 +0800] "GET /xingrg/all/function/internal_message.html?_=1661134096531&CODE_STATE=getMsg HTTP/1.1" 200 27
61.165.19.104 - - [22/Aug/2022:10:10:27 +0800] "GET /xingrg/check_reg.html?_=1661134096532 HTTP/1.1" 200 22
116.224.123.211 - - [22/Aug/2022:10:10:28 +0800] "GET /xingrg/all/function/internal_message.html?_=1661134228814&CODE_STATE=getMsg HTTP/1.1" 200 27
116.233.77.65 - - [22/Aug/2022:10:10:30 +0800] "GET /xingrg/all/function/internal_message.html?_=1661134236471&CODE_STATE=getMsg HTTP/1.1" 200 27
116.224.255.128 - - [22/Aug/2022:10:10:30 +0800] "GET /xingrg/all/function/internal_message.html?_=1661134159497&CODE_STATE=getMsg HTTP/1.1" 200 27
120.253.135.82 - - [22/Aug/2022:10:10:31 +0800] "GET /xingrg/kc/base/wldb_order_operate.html?command=get_materiel&rest_code=00101&base_code=0010570&code=00101025089 HTTP/1.1" 200 442
180.169.147.146 - - [22/Aug/2022:10:10:35 +0800] "GET /xingrg/all/function/internal_message.html?_=1661134574592&CODE_STATE=getMsg HTTP/1.1" 200 27
120.253.135.82 - - [22/Aug/2022:10:10:38 +0800] "POST /xingrg/kc/base/wldb_order_operate.html HTTP/1.1" 200 37
180.169.147.146 - - [22/Aug/2022:10:10:38 +0800] "GET /xingrg/check_reg.html?_=1661134577782 HTTP/1.1" 200 22
120.253.135.82 - - [22/Aug/2022:10:10:38 +0800] "POST /xingrg/kc/base/wldb_order_operate.html HTTP/1.1" 200 2201
120.253.135.82 - - [22/Aug/2022:10:10:39 +0800] "GET /xingrg/kc/base/wldb_order_info.html?code=422022082201825 HTTP/1.1" 200 30368
120.253.135.82 - - [22/Aug/2022:10:10:40 +0800] "GET /xingrg/javascript/easyui/themes/default/validatebox.css HTTP/1.1" 404 1104
120.253.135.82 - - [22/Aug/2022:10:10:40 +0800] "POST /xingrg/kc/base/wldb_order_operate.html HTTP/1.1" 200 2201
61.165.19.104 - - [22/Aug/2022:10:10:45 +0800] "GET /xingrg/all/function/internal_message.html?_=1661134246168&CODE_STATE=getMsg HTTP/1.1" 200 27
114.83.216.129 - - [22/Aug/2022:10:10:48 +0800] "GET /xingrg/all/function/internal_message.html?_=1661134247098&CODE_STATE=getMsg HTTP/1.1" 200 27
114.84.5.35 - - [22/Aug/2022:10:10:49 +0800] "GET /xingrg/kc/buy/cgsh_order_operate.html?command=get_materiel&rest_code=00111&code=00101018019&supplier_code=00100042&order_time=2022-08-22 HTTP/1.1" 200 421
180.169.147.146 - - [22/Aug/2022:10:10:50 +0800] "GET /xingrg/all/function/internal_message.html?_=1661134249904&CODE_STATE=getMsg HTTP/1.1" 200 27
120.253.135.82 - - [22/Aug/2022:10:10:55 +0800] "GET /xingrg/check_reg.html?_=1661134059359 HTTP/1.1" 200 22
222.69.129.110 - - [22/Aug/2022:10:10:55 +0800] "GET /xingrg/all/function/internal_message.html?_=1661134323479&CODE_STATE=getMsg HTTP/1.1" 200 27
120.253.135.82 - - [22/Aug/2022:10:10:57 +0800] "GET /xingrg/all/function/internal_message.html?_=1661134061870&CODE_STATE=getMsg HTTP/1.1" 200 27
116.224.255.128 - - [22/Aug/2022:10:10:57 +0800] "GET /xingrg/check_reg.html?_=1661134256468 HTTP/1.1" 200 22
116.224.255.128 - - [22/Aug/2022:10:10:57 +0800] "GET /xingrg/all/function/internal_message.html?_=1661134256469&CODE_STATE=getMsg HTTP/1.1" 200 27
101.80.228.36 - - [22/Aug/2022:10:10:58 +0800] "GET /xingrg/check_reg.html?_=1661134258143 HTTP/1.1" 200 22
101.80.228.36 - - [22/Aug/2022:10:10:58 +0800] "GET /xingrg/all/function/internal_message.html?_=1661134258143&CODE_STATE=getMsg HTTP/1.1" 200 27
116.235.94.65 - - [22/Aug/2022:10:11:01 +0800] "GET /xingrg/all/function/internal_message.html?_=1661134451268&CODE_STATE=getMsg HTTP/1.1" 200 27
116.237.75.117 - - [22/Aug/2022:10:11:01 +0800] "GET /xingrg/all/function/internal_message.html?_=1661134266398&CODE_STATE=getMsg HTTP/1.1" 200 27
116.224.123.211 - - [22/Aug/2022:10:11:06 +0800] "GET /xingrg/all/function/internal_message.html?_=1661134268354&CODE_STATE=getMsg HTTP/1.1" 200 27
114.84.5.35 - - [22/Aug/2022:10:11:07 +0800] "GET /xingrg/all/function/internal_message.html?_=1661134266767&CODE_STATE=getMsg HTTP/1.1" 200 27
116.232.194.65 - - [22/Aug/2022:10:11:10 +0800] "GET /xingrg/all/function/internal_message.html?_=1661134227693&CODE_STATE=getMsg HTTP/1.1" 200 27
116.232.194.65 - - [22/Aug/2022:10:11:10 +0800] "GET /xingrg/check_reg.html?_=1661134227695 HTTP/1.1" 200 22
120.253.135.82 - - [22/Aug/2022:10:11:18 +0800] "POST /xingrg/kc/base/wldb_order_operate.html HTTP/1.1" 200 37
120.253.135.82 - - [22/Aug/2022:10:11:19 +0800] "POST /xingrg/kc/base/wldb_order_operate.html HTTP/1.1" 200 2201
120.253.135.82 - - [22/Aug/2022:10:11:19 +0800] "GET /xingrg/kc/base/wldb_order_info.html?code=422022082201825 HTTP/1.1" 200 30368
120.253.135.82 - - [22/Aug/2022:10:11:20 +0800] "GET /xingrg/javascript/easyui/themes/default/validatebox.css HTTP/1.1" 404 1104
120.253.135.82 - - [22/Aug/2022:10:11:20 +0800] "POST /xingrg/kc/base/wldb_order_operate.html HTTP/1.1" 200 2201
114.84.5.35 - - [22/Aug/2022:10:11:20 +0800] "GET /xingrg/kc/buy/cgsh_order_operate.html?command=get_materiel&rest_code=00111&code=00101005037&supplier_code=00100042&order_time=2022-08-22 HTTP/1.1" 200 409
61.165.19.104 - - [22/Aug/2022:10:11:27 +0800] "GET /xingrg/all/function/internal_message.html?_=1661134156533&CODE_STATE=getMsg HTTP/1.1" 200 27
116.224.123.211 - - [22/Aug/2022:10:11:28 +0800] "GET /xingrg/all/function/internal_message.html?_=1661134288791&CODE_STATE=getMsg HTTP/1.1" 200 27
116.224.255.128 - - [22/Aug/2022:10:11:29 +0800] "GET /xingrg/check_reg.html?_=1661134218434 HTTP/1.1" 200 22
116.233.77.65 - - [22/Aug/2022:10:11:30 +0800] "GET /xingrg/all/function/internal_message.html?_=1661134296474&CODE_STATE=getMsg HTTP/1.1" 200 27
116.224.255.128 - - [22/Aug/2022:10:11:30 +0800] "GET /xingrg/all/function/internal_message.html?_=1661134219510&CODE_STATE=getMsg HTTP/1.1" 200 27
180.169.147.146 - - [22/Aug/2022:10:11:35 +0800] "GET /xingrg/all/function/internal_message.html?_=1661134634599&CODE_STATE=getMsg HTTP/1.1" 200 27
114.88.158.224 - - [22/Aug/2022:10:11:42 +0800] "GET /xingrg/check_reg.html?_=1661133969471 HTTP/1.1" 302 -
120.253.135.82 - - [22/Aug/2022:10:11:42 +0800] "POST /xingrg/kc/base/wldb_list_operate.html HTTP/1.1" 200 1771
120.253.135.82 - - [22/Aug/2022:10:11:45 +0800] "GET /xingrg/kc/base/wldb_order_add.html HTTP/1.1" 200 30356
120.253.135.82 - - [22/Aug/2022:10:11:45 +0800] "POST /xingrg/kc/base/wldb_order_operate.html HTTP/1.1" 200 6806
61.165.19.104 - - [22/Aug/2022:10:11:45 +0800] "GET /xingrg/all/function/internal_message.html?_=1661134306168&CODE_STATE=getMsg HTTP/1.1" 200 27
120.253.135.82 - - [22/Aug/2022:10:11:45 +0800] "GET /xingrg/javascript/easyui/themes/default/validatebox.css HTTP/1.1" 404 1104
116.224.123.211 - - [22/Aug/2022:10:11:47 +0800] "GET /xingrg/kc/buy/cgsh_order_list.html HTTP/1.1" 200 52597
114.83.216.129 - - [22/Aug/2022:10:11:48 +0800] "GET /xingrg/all/function/internal_message.html?_=1661134307080&CODE_STATE=getMsg HTTP/1.1" 200 27
116.224.123.211 - - [22/Aug/2022:10:11:48 +0800] "POST /xingrg/kc/buy/cgsh_list_operate.html HTTP/1.1" 200 752
180.169.147.146 - - [22/Aug/2022:10:11:50 +0800] "GET /xingrg/all/function/internal_message.html?_=1661134309904&CODE_STATE=getMsg HTTP/1.1" 200 27
180.169.147.146 - - [22/Aug/2022:10:11:50 +0800] "GET /xingrg/check_reg.html?_=1661134309907 HTTP/1.1" 200 22
120.253.135.82 - - [22/Aug/2022:10:11:50 +0800] "POST /xingrg/all/common/load_combo.html?type=base HTTP/1.1" 200 1260
114.84.5.35 - - [22/Aug/2022:10:11:53 +0800] "GET /xingrg/kc/buy/cgsh_order_operate.html?command=get_materiel&rest_code=00111&code=00101005036&supplier_code=00100042&order_time=2022-08-22 HTTP/1.1" 200 409
120.253.135.82 - - [22/Aug/2022:10:11:53 +0800] "POST /xingrg/all/common/load_combo.html?type=base HTTP/1.1" 200 1260
222.69.129.110 - - [22/Aug/2022:10:11:55 +0800] "GET /xingrg/all/function/internal_message.html?_=1661134383472&CODE_STATE=getMsg HTTP/1.1" 200 27
120.253.135.82 - - [22/Aug/2022:10:11:57 +0800] "GET /xingrg/all/function/internal_message.html?_=1661134121884&CODE_STATE=getMsg HTTP/1.1" 200 27
116.224.255.128 - - [22/Aug/2022:10:11:57 +0800] "GET /xingrg/all/function/internal_message.html?_=1661134316462&CODE_STATE=getMsg HTTP/1.1" 200 27
101.80.228.36 - - [22/Aug/2022:10:11:58 +0800] "GET /xingrg/all/function/internal_message.html?_=1661134318129&CODE_STATE=getMsg HTTP/1.1" 200 27
116.237.75.117 - - [22/Aug/2022:10:12:01 +0800] "GET /xingrg/all/function/internal_message.html?_=1661134326382&CODE_STATE=getMsg HTTP/1.1" 200 27
116.235.94.65 - - [22/Aug/2022:10:12:01 +0800] "GET /xingrg/all/function/internal_message.html?_=1661134511267&CODE_STATE=getMsg HTTP/1.1" 200 27
116.235.94.65 - - [22/Aug/2022:10:12:01 +0800] "GET /xingrg/check_reg.html?_=1661134511268 HTTP/1.1" 200 22
116.224.123.211 - - [22/Aug/2022:10:12:06 +0800] "GET /xingrg/all/function/internal_message.html?_=1661134328336&CODE_STATE=getMsg HTTP/1.1" 200 27
114.84.5.35 - - [22/Aug/2022:10:12:07 +0800] "GET /xingrg/all/function/internal_message.html?_=1661134326774&CODE_STATE=getMsg HTTP/1.1" 200 27
114.84.5.35 - - [22/Aug/2022:10:12:09 +0800] "GET /xingrg/kc/buy/cgsh_order_operate.html?command=get_materiel&rest_code=00111&code=00101006067&supplier_code=00100042&order_time=2022-08-22 HTTP/1.1" 200 409
116.232.194.65 - - [22/Aug/2022:10:12:10 +0800] "GET /xingrg/all/function/internal_message.html?_=1661134287699&CODE_STATE=getMsg HTTP/1.1" 200 27
222.69.129.110 - - [22/Aug/2022:10:12:10 +0800] "GET /xingrg/kc/report/report_main.html HTTP/1.1" 200 7340
222.69.129.110 - - [22/Aug/2022:10:12:11 +0800] "GET /xingrg/kc/base/kc_stocks.html HTTP/1.1" 200 16443
222.69.129.110 - - [22/Aug/2022:10:12:12 +0800] "GET /xingrg/javascript/easyui/themes/default/tree.css HTTP/1.1" 404 1090
222.69.129.110 - - [22/Aug/2022:10:12:12 +0800] "GET /xingrg/all/common/auto_word.html?type=base&rest_code=00154 HTTP/1.1" 200 831
222.69.129.110 - - [22/Aug/2022:10:12:12 +0800] "POST /xingrg/all/common/load_tree.html?tree=materiel_sort_tree_json HTTP/1.1" 200 9500
120.253.135.82 - - [22/Aug/2022:10:12:14 +0800] "GET /xingrg/kc/base/wldb_order_operate.html?command=get_materiel&rest_code=00101&base_code=0010250&code=00102002422 HTTP/1.1" 200 444
114.84.5.35 - - [22/Aug/2022:10:12:24 +0800] "POST /xingrg/kc/buy/cgsh_order_operate.html HTTP/1.1" 200 37
114.84.5.35 - - [22/Aug/2022:10:12:26 +0800] "POST /xingrg/kc/buy/cgsh_order_operate.html HTTP/1.1" 200 5623
61.165.19.104 - - [22/Aug/2022:10:12:27 +0800] "GET /xingrg/all/function/internal_message.html?_=1661134216539&CODE_STATE=getMsg HTTP/1.1" 200 27
116.224.123.211 - - [22/Aug/2022:10:12:28 +0800] "GET /xingrg/all/function/internal_message.html?_=1661134348768&CODE_STATE=getMsg HTTP/1.1" 200 27
114.84.5.35 - - [22/Aug/2022:10:12:28 +0800] "GET /xingrg/kc/print/load_data.html?order_code=212022082207281&kc_code=cgsh&condition= HTTP/1.1" 200 1842
116.233.77.65 - - [22/Aug/2022:10:12:30 +0800] "GET /xingrg/all/function/internal_message.html?_=1661134356475&CODE_STATE=getMsg HTTP/1.1" 200 27
116.224.255.128 - - [22/Aug/2022:10:12:30 +0800] "GET /xingrg/all/function/internal_message.html?_=1661134279524&CODE_STATE=getMsg HTTP/1.1" 200 27
180.169.147.146 - - [22/Aug/2022:10:12:35 +0800] "GET /xingrg/check_reg.html?_=1661134694599 HTTP/1.1" 200 22
180.169.147.146 - - [22/Aug/2022:10:12:35 +0800] "GET /xingrg/all/function/internal_message.html?_=1661134694603&CODE_STATE=getMsg HTTP/1.1" 200 27
222.69.129.110 - - [22/Aug/2022:10:12:44 +0800] "POST /xingrg/kc/base/stock_operate.html HTTP/1.1" 200 1456
61.165.19.104 - - [22/Aug/2022:10:12:45 +0800] "GET /xingrg/all/function/internal_message.html?_=1661134366169&CODE_STATE=getMsg HTTP/1.1" 200 27
61.165.19.104 - - [22/Aug/2022:10:12:45 +0800] "GET /xingrg/check_reg.html?_=1661134366172 HTTP/1.1" 200 22
114.83.216.129 - - [22/Aug/2022:10:12:48 +0800] "GET /xingrg/all/function/internal_message.html?_=1661134367060&CODE_STATE=getMsg HTTP/1.1" 200 27
180.169.147.146 - - [22/Aug/2022:10:12:50 +0800] "GET /xingrg/all/function/internal_message.html?_=1661134369904&CODE_STATE=getMsg HTTP/1.1" 200 27
222.69.129.110 - - [22/Aug/2022:10:12:55 +0800] "GET /xingrg/all/function/internal_message.html?_=1661134443488&CODE_STATE=getMsg HTTP/1.1" 200 27
120.253.135.82 - - [22/Aug/2022:10:12:57 +0800] "GET /xingrg/all/function/internal_message.html?_=1661134181898&CODE_STATE=getMsg HTTP/1.1" 200 27
116.224.255.128 - - [22/Aug/2022:10:12:57 +0800] "GET /xingrg/all/function/internal_message.html?_=1661134376449&CODE_STATE=getMsg HTTP/1.1" 200 27
101.80.228.36 - - [22/Aug/2022:10:12:58 +0800] "GET /xingrg/all/function/internal_message.html?_=1661134378131&CODE_STATE=getMsg HTTP/1.1" 200 27
116.237.75.117 - - [22/Aug/2022:10:13:01 +0800] "GET /xingrg/all/function/internal_message.html?_=1661134386367&CODE_STATE=getMsg HTTP/1.1" 200 27
116.235.94.65 - - [22/Aug/2022:10:13:01 +0800] "GET /xingrg/all/function/internal_message.html?_=1661134571266&CODE_STATE=getMsg HTTP/1.1" 200 27
116.237.75.117 - - [22/Aug/2022:10:13:02 +0800] "GET /xingrg/check_reg.html?_=1661134386978 HTTP/1.1" 200 22
116.224.123.211 - - [22/Aug/2022:10:13:06 +0800] "GET /xingrg/all/function/internal_message.html?_=1661134388307&CODE_STATE=getMsg HTTP/1.1" 200 27
114.84.5.35 - - [22/Aug/2022:10:13:07 +0800] "GET /xingrg/all/function/internal_message.html?_=1661134386781&CODE_STATE=getMsg HTTP/1.1" 200 27
116.232.194.65 - - [22/Aug/2022:10:13:10 +0800] "GET /xingrg/all/function/internal_message.html?_=1661134347704&CODE_STATE=getMsg HTTP/1.1" 200 27
120.253.135.82 - - [22/Aug/2022:10:13:25 +0800] "GET /xingrg/kc/base/wldb_order_operate.html?command=get_materiel&rest_code=00101&base_code=0010250&code=00102001008 HTTP/1.1" 200 442
61.165.19.104 - - [22/Aug/2022:10:13:27 +0800] "GET /xingrg/all/function/internal_message.html?_=1661134276524&CODE_STATE=getMsg HTTP/1.1" 200 27
116.224.123.211 - - [22/Aug/2022:10:13:28 +0800] "GET /xingrg/all/function/internal_message.html?_=1661134408766&CODE_STATE=getMsg HTTP/1.1" 200 27
120.253.135.82 - - [22/Aug/2022:10:13:28 +0800] "POST /xingrg/all/common/load_select.html HTTP/1.1" 200 25
120.253.135.82 - - [22/Aug/2022:10:13:29 +0800] "GET /xingrg/kc/base/wldb_order_operate.html?command=get_materiel_price&rest_code=00101&base_code=0010250&code=00102001008&unit_code=00100062 HTTP/1.1" 200 36
116.233.77.65 - - [22/Aug/2022:10:13:30 +0800] "GET /xingrg/all/function/internal_message.html?_=1661134416477&CODE_STATE=getMsg HTTP/1.1" 200 27
116.233.77.65 - - [22/Aug/2022:10:13:30 +0800] "GET /xingrg/check_reg.html?_=1661134416478 HTTP/1.1" 200 22
116.224.255.128 - - [22/Aug/2022:10:13:30 +0800] "GET /xingrg/all/function/internal_message.html?_=1661134339537&CODE_STATE=getMsg HTTP/1.1" 200 27
180.169.147.146 - - [22/Aug/2022:10:13:35 +0800] "GET /xingrg/all/function/internal_message.html?_=1661134754594&CODE_STATE=getMsg HTTP/1.1" 200 27
61.165.19.104 - - [22/Aug/2022:10:13:45 +0800] "GET /xingrg/all/function/internal_message.html?_=1661134426172&CODE_STATE=getMsg HTTP/1.1" 200 27
218.81.223.53 - - [22/Aug/2022:10:13:46 +0800] "POST /xingrg/kc/buy/cgsh_order_operate.html HTTP/1.1" 200 3831
114.83.216.129 - - [22/Aug/2022:10:13:48 +0800] "GET /xingrg/all/function/internal_message.html?_=1661134427035&CODE_STATE=getMsg HTTP/1.1" 200 27
218.81.223.53 - - [22/Aug/2022:10:13:48 +0800] "GET /xingrg/all/function/internal_message.html?_=1661134430323&CODE_STATE=getMsg HTTP/1.1" 200 27
218.81.223.53 - - [22/Aug/2022:10:13:49 +0800] "GET /xingrg/check_reg.html?_=1661134430325 HTTP/1.1" 200 22
218.81.223.53 - - [22/Aug/2022:10:13:49 +0800] "GET /xingrg/kc/print/load_data.html?order_code=212022082207277&kc_code=cgsh&condition= HTTP/1.1" 200 1154
180.169.147.146 - - [22/Aug/2022:10:13:50 +0800] "GET /xingrg/all/function/internal_message.html?_=1661134429898&CODE_STATE=getMsg HTTP/1.1" 200 27
116.224.123.211 - - [22/Aug/2022:10:13:52 +0800] "GET /xingrg/kc/buy/cgsh_order_add.html HTTP/1.1" 200 68420
116.224.123.211 - - [22/Aug/2022:10:13:53 +0800] "POST /xingrg/kc/buy/cgsh_order_operate.html HTTP/1.1" 200 8245
116.224.123.211 - - [22/Aug/2022:10:13:53 +0800] "GET /xingrg/javascript/easyui/themes/default/validatebox.css HTTP/1.1" 404 1104
222.69.129.110 - - [22/Aug/2022:10:13:55 +0800] "GET /xingrg/check_reg.html?_=1661134503472 HTTP/1.1" 200 22
