120.253.135.82 - - [22/Aug/2022:10:44:00 +0800] "GET /xingrg/all/function/internal_message.html?_=1661136045283&CODE_STATE=getMsg HTTP/1.1" 200 27
116.224.255.128 - - [22/Aug/2022:10:44:01 +0800] "POST /xingrg/all/user/operate.html HTTP/1.1" 200 36
116.224.255.128 - - [22/Aug/2022:10:44:01 +0800] "GET /xingrg/index.html?sysBaseUrl=http%3A%2F%2F180.169.147.146%3A18081%2Fxingrg%2F&costTime=41×tamp=1661128924097 HTTP/1.1" 200 17179
116.224.255.128 - - [22/Aug/2022:10:44:01 +0800] "GET /xingrg/javascript/jquery_easy_ui/themes/default/easyui.css HTTP/1.1" 304 -
116.224.255.128 - - [22/Aug/2022:10:44:01 +0800] "GET /xingrg/javascript/jquery_easy_ui/themes/icon.css HTTP/1.1" 304 -
116.224.255.128 - - [22/Aug/2022:10:44:01 +0800] "GET /xingrg/css/form.css HTTP/1.1" 304 -
116.224.255.128 - - [22/Aug/2022:10:44:01 +0800] "GET /xingrg/javascript/jquery-1.4.2.min.js HTTP/1.1" 304 -
116.224.255.128 - - [22/Aug/2022:10:44:02 +0800] "GET /xingrg/javascript/jquery_easy_ui/jquery.easyui.min.js HTTP/1.1" 304 -
116.224.255.128 - - [22/Aug/2022:10:44:02 +0800] "GET /xingrg/javascript/jquery_easy_ui/easyui-lang-zh_CN.js HTTP/1.1" 304 -
116.224.255.128 - - [22/Aug/2022:10:44:02 +0800] "GET /xingrg/javascript/jquery.form.js HTTP/1.1" 304 -
116.224.255.128 - - [22/Aug/2022:10:44:02 +0800] "GET /xingrg/javascript/jquery.utils.js HTTP/1.1" 304 -
116.224.255.128 - - [22/Aug/2022:10:44:02 +0800] "GET /xingrg/javascript/jquery.timers.js HTTP/1.1" 304 -
116.224.255.128 - - [22/Aug/2022:10:44:02 +0800] "GET /xingrg/images/blue/jxLogo.png HTTP/1.1" 304 -
116.224.255.128 - - [22/Aug/2022:10:44:02 +0800] "GET /xingrg/javascript/jquery_easy_ui/themes/icons/settle_new.png HTTP/1.1" 304 -
116.224.255.128 - - [22/Aug/2022:10:44:02 +0800] "POST /xingrg/all/common/load_tree.html?tree=area_rest_tree_json&manage=1 HTTP/1.1" 200 476
116.224.255.128 - - [22/Aug/2022:10:44:02 +0800] "GET /xingrg/images/blue/navBackgound.jpg HTTP/1.1" 304 -
116.224.255.128 - - [22/Aug/2022:10:44:02 +0800] "GET /xingrg/all/function/internal_message.html?_=1661136240823&CODE_STATE=count HTTP/1.1" 200 11
116.224.255.128 - - [22/Aug/2022:10:44:02 +0800] "GET /xingrg/check_reg.html?_=1661136240824 HTTP/1.1" 200 22
116.224.255.128 - - [22/Aug/2022:10:44:02 +0800] "POST /xingrg/load_menu.html HTTP/1.1" 200 5138
116.224.255.128 - - [22/Aug/2022:10:44:02 +0800] "GET /xingrg/javascript/jquery_easy_ui/themes/default/images/tabs_leftarrow.png HTTP/1.1" 304 -
116.224.255.128 - - [22/Aug/2022:10:44:02 +0800] "GET /xingrg/images/blue/pingpu.png HTTP/1.1" 304 -
116.224.255.128 - - [22/Aug/2022:10:44:02 +0800] "GET /xingrg/javascript/jquery_easy_ui/themes/default/images/panel_tool_collapse.gif HTTP/1.1" 304 -
116.224.255.128 - - [22/Aug/2022:10:44:02 +0800] "GET /xingrg/javascript/jquery_easy_ui/themes/icons/storage_new.png HTTP/1.1" 304 -
116.224.255.128 - - [22/Aug/2022:10:44:02 +0800] "GET /xingrg/javascript/jquery_easy_ui/themes/default/images/tree_folder_open.gif HTTP/1.1" 304 -
116.224.255.128 - - [22/Aug/2022:10:44:02 +0800] "GET /xingrg/javascript/jquery_easy_ui/themes/icons/search_new.png HTTP/1.1" 304 -
116.224.255.128 - - [22/Aug/2022:10:44:02 +0800] "GET /xingrg/javascript/jquery_easy_ui/themes/default/images/tree_folder.gif HTTP/1.1" 304 -
116.224.255.128 - - [22/Aug/2022:10:44:02 +0800] "GET /xingrg/javascript/jquery_easy_ui/themes/icons/forms_new.png HTTP/1.1" 304 -
116.224.255.128 - - [22/Aug/2022:10:44:02 +0800] "GET /xingrg/javascript/jquery_easy_ui/themes/default/images/tree_arrows.gif HTTP/1.1" 304 -
116.224.255.128 - - [22/Aug/2022:10:44:02 +0800] "GET /xingrg/javascript/jquery_easy_ui/themes/default/images/tabs_rightarrow.png HTTP/1.1" 304 -
116.224.255.128 - - [22/Aug/2022:10:44:02 +0800] "GET /xingrg/javascript/jquery_easy_ui/themes/default/images/tree_file.gif HTTP/1.1" 304 -
116.224.255.128 - - [22/Aug/2022:10:44:05 +0800] "GET /xingrg/kc/mdqp/qqps_order_list.html HTTP/1.1" 200 9222
116.224.255.128 - - [22/Aug/2022:10:44:05 +0800] "GET /xingrg/dwr/interface/AjaxReportQueryService.js HTTP/1.1" 200 13203
116.224.255.128 - - [22/Aug/2022:10:44:05 +0800] "GET /xingrg/dwr/interface/AjaxQqpsService.js HTTP/1.1" 200 16326
116.224.255.128 - - [22/Aug/2022:10:44:05 +0800] "GET /xingrg/dwr/engine.js HTTP/1.1" 200 43631
116.224.255.128 - - [22/Aug/2022:10:44:06 +0800] "GET /xingrg/kc/mdqp/qqps_order_add.html HTTP/1.1" 200 28160
116.224.255.128 - - [22/Aug/2022:10:44:07 +0800] "GET /xingrg/dwr/interface/AjaxComOrderService.js HTTP/1.1" 200 18264
116.224.255.128 - - [22/Aug/2022:10:44:07 +0800] "GET /xingrg/dwr/interface/AjaxQqpsService.js HTTP/1.1" 200 16326
116.224.255.128 - - [22/Aug/2022:10:44:07 +0800] "GET /xingrg/dwr/engine.js HTTP/1.1" 200 43631
114.84.5.35 - - [22/Aug/2022:10:44:07 +0800] "GET /xingrg/all/function/internal_message.html?_=1661136246817&CODE_STATE=getMsg HTTP/1.1" 200 27
116.232.194.65 - - [22/Aug/2022:10:44:10 +0800] "GET /xingrg/all/function/internal_message.html?_=1661136207700&CODE_STATE=getMsg HTTP/1.1" 200 27
180.169.147.146 - - [22/Aug/2022:10:44:13 +0800] "GET /xingrg/all/function/internal_message.html?_=1661136253298&CODE_STATE=getMsg HTTP/1.1" 200 27
116.224.255.128 - - [22/Aug/2022:10:44:15 +0800] "POST /xingrg/dwr/call/plaincall/AjaxQqpsService.saveOrder.dwr HTTP/1.1" 200 78
116.224.255.128 - - [22/Aug/2022:10:44:16 +0800] "GET /xingrg/javascript/auto/indicator.gif HTTP/1.1" 404 1066
116.224.255.128 - - [22/Aug/2022:10:44:18 +0800] "POST /xingrg/dwr/call/plaincall/AjaxQqpsService.getMaterielByCode.dwr HTTP/1.1" 200 3788
116.224.123.211 - - [22/Aug/2022:10:44:19 +0800] "GET /xingrg/kc/mdqp/pssh_order_list.html HTTP/1.1" 200 17863
116.224.123.211 - - [22/Aug/2022:10:44:19 +0800] "POST /xingrg/kc/mdqp/pssh_list_operate.html HTTP/1.1" 200 5382
116.224.123.211 - - [22/Aug/2022:10:44:20 +0800] "POST /xingrg/kc/mdqp/pssh_list_operate.html HTTP/1.1" 200 776
116.224.123.211 - - [22/Aug/2022:10:44:20 +0800] "POST /xingrg/kc/mdqp/pssh_list_operate.html HTTP/1.1" 200 262
116.224.123.211 - - [22/Aug/2022:10:44:21 +0800] "POST /xingrg/kc/mdqp/pssh_list_operate.html HTTP/1.1" 200 266
116.224.123.211 - - [22/Aug/2022:10:44:22 +0800] "POST /xingrg/kc/mdqp/pssh_list_operate.html HTTP/1.1" 200 790
116.224.123.211 - - [22/Aug/2022:10:44:24 +0800] "GET /xingrg/kc/mdqp/pssh_order_info.html?code=312022082100465 HTTP/1.1" 200 17266
116.224.123.211 - - [22/Aug/2022:10:44:24 +0800] "GET /xingrg/javascript/jquery_tools/jquery-1.4.2.min.js HTTP/1.1" 404 1094
116.224.255.128 - - [22/Aug/2022:10:44:24 +0800] "POST /xingrg/dwr/call/plaincall/AjaxQqpsService.saveMaterielItem.dwr HTTP/1.1" 200 78
116.224.123.211 - - [22/Aug/2022:10:44:25 +0800] "POST /xingrg/kc/mdqp/pssh_order_operate.html HTTP/1.1" 200 531
116.224.123.211 - - [22/Aug/2022:10:44:25 +0800] "GET /xingrg/javascript/easyui/themes/default/validatebox.css HTTP/1.1" 404 1104
116.224.123.211 - - [22/Aug/2022:10:44:25 +0800] "GET /xingrg/all/common/auto_word.html?type=base&rest_code=00102&rest_code=00102 HTTP/1.1" 200 1857
114.88.158.224 - - [22/Aug/2022:10:44:27 +0800] "GET /xingrg/check_reg.html?_=1661135934890 HTTP/1.1" 200 22
114.88.158.224 - - [22/Aug/2022:10:44:27 +0800] "GET /xingrg/all/function/internal_message.html?_=1661135934892&CODE_STATE=getMsg HTTP/1.1" 200 27
61.165.19.104 - - [22/Aug/2022:10:44:27 +0800] "GET /xingrg/all/function/internal_message.html?_=1661136136604&CODE_STATE=getMsg HTTP/1.1" 200 27
116.224.123.211 - - [22/Aug/2022:10:44:28 +0800] "GET /xingrg/all/function/internal_message.html?_=1661136268479&CODE_STATE=getMsg HTTP/1.1" 200 27
116.224.123.211 - - [22/Aug/2022:10:44:28 +0800] "GET /xingrg/check_reg.html?_=1661136269048 HTTP/1.1" 200 22
116.233.77.65 - - [22/Aug/2022:10:44:30 +0800] "GET /xingrg/all/function/internal_message.html?_=1661136276541&CODE_STATE=getMsg HTTP/1.1" 200 27
116.224.255.128 - - [22/Aug/2022:10:44:31 +0800] "POST /xingrg/dwr/call/plaincall/AjaxQqpsService.getMaterielByCode.dwr HTTP/1.1" 200 3848
116.224.255.128 - - [22/Aug/2022:10:44:31 +0800] "GET /xingrg/all/function/internal_message.html?_=1661136200275&CODE_STATE=getMsg HTTP/1.1" 200 27
180.169.147.146 - - [22/Aug/2022:10:44:35 +0800] "GET /xingrg/all/function/internal_message.html?_=1661136614603&CODE_STATE=getMsg HTTP/1.1" 200 27
116.224.255.128 - - [22/Aug/2022:10:44:36 +0800] "POST /xingrg/dwr/call/plaincall/AjaxQqpsService.saveMaterielItem.dwr HTTP/1.1" 200 78
116.224.123.211 - - [22/Aug/2022:10:44:39 +0800] "GET /xingrg/kc/buy/cgsh_order_list.html HTTP/1.1" 200 52597
116.224.123.211 - - [22/Aug/2022:10:44:40 +0800] "POST /xingrg/kc/buy/cgsh_list_operate.html HTTP/1.1" 200 752
116.224.123.211 - - [22/Aug/2022:10:44:41 +0800] "GET /xingrg/kc/buy/cgsh_order_add.html HTTP/1.1" 200 68414
116.224.123.211 - - [22/Aug/2022:10:44:41 +0800] "POST /xingrg/kc/buy/cgsh_order_operate.html HTTP/1.1" 200 8245
116.224.123.211 - - [22/Aug/2022:10:44:42 +0800] "GET /xingrg/javascript/easyui/themes/default/validatebox.css HTTP/1.1" 404 1104
114.88.158.224 - - [22/Aug/2022:10:44:42 +0800] "GET /xingrg/all/function/internal_message.html?_=1661136282189&CODE_STATE=getMsg HTTP/1.1" 200 27
116.224.123.211 - - [22/Aug/2022:10:44:45 +0800] "GET /xingrg/javascript/easyui/themes/default/tree.css HTTP/1.1" 404 1090
116.224.123.211 - - [22/Aug/2022:10:44:45 +0800] "POST /xingrg/all/common/load_tree.html?tree=supplier_tree_json&isDelete=1 HTTP/1.1" 200 67879
116.224.123.211 - - [22/Aug/2022:10:44:45 +0800] "GET /xingrg/all/function/internal_message.html?_=1661136287379&CODE_STATE=getMsg HTTP/1.1" 200 27
61.165.19.104 - - [22/Aug/2022:10:44:45 +0800] "GET /xingrg/all/function/internal_message.html?_=1661136286226&CODE_STATE=getMsg HTTP/1.1" 200 27
116.224.255.128 - - [22/Aug/2022:10:44:46 +0800] "POST /xingrg/dwr/call/plaincall/AjaxQqpsService.saveMaterielItem.dwr HTTP/1.1" 200 78
61.151.207.117 - - [22/Aug/2022:10:44:46 +0800] "GET /xingrg/check_reg.html?_=1661135552640 HTTP/1.1" 302 -
61.151.207.117 - - [22/Aug/2022:10:44:46 +0800] "GET /xingrg/login.html HTTP/1.1" 200 7641
114.83.216.129 - - [22/Aug/2022:10:44:47 +0800] "GET /xingrg/all/function/internal_message.html?_=1661136286493&CODE_STATE=getMsg HTTP/1.1" 200 27
114.83.216.129 - - [22/Aug/2022:10:44:48 +0800] "GET /xingrg/check_reg.html?_=1661136287554 HTTP/1.1" 200 22
180.169.147.146 - - [22/Aug/2022:10:44:50 +0800] "GET /xingrg/all/function/internal_message.html?_=1661136289916&CODE_STATE=getMsg HTTP/1.1" 200 27
218.81.223.53 - - [22/Aug/2022:10:44:50 +0800] "GET /xingrg/all/function/internal_message.html?_=1661136292255&CODE_STATE=getMsg HTTP/1.1" 200 27
222.69.129.110 - - [22/Aug/2022:10:44:55 +0800] "GET /xingrg/all/function/internal_message.html?_=1661136363489&CODE_STATE=getMsg HTTP/1.1" 200 27
116.235.94.65 - - [22/Aug/2022:10:44:56 +0800] "GET /xingrg/all/function/internal_message.html?_=1661136485820&CODE_STATE=getMsg HTTP/1.1" 200 27
180.169.147.146 - - [22/Aug/2022:10:44:57 +0800] "GET /xingrg/all/function/internal_message.html?_=1661136296417&CODE_STATE=getMsg HTTP/1.1" 200 27
101.80.228.36 - - [22/Aug/2022:10:44:58 +0800] "GET /xingrg/all/function/internal_message.html?_=1661136298138&CODE_STATE=getMsg HTTP/1.1" 200 27
120.253.135.82 - - [22/Aug/2022:10:45:01 +0800] "GET /xingrg/all/function/internal_message.html?_=1661136105470&CODE_STATE=getMsg HTTP/1.1" 200 27
116.224.255.128 - - [22/Aug/2022:10:45:02 +0800] "GET /xingrg/all/function/internal_message.html?_=1661136300838&CODE_STATE=getMsg HTTP/1.1" 200 27
114.88.158.224 - - [22/Aug/2022:10:45:06 +0800] "GET /xingrg/kc/buy/cgsh_order_operate.html?command=get_materiel&rest_code=00141&code=00101008352&supplier_code=00100007&order_time=2022-08-22 HTTP/1.1" 200 412
114.84.5.35 - - [22/Aug/2022:10:45:07 +0800] "GET /xingrg/all/function/internal_message.html?_=1661136306821&CODE_STATE=getMsg HTTP/1.1" 200 27
114.84.5.35 - - [22/Aug/2022:10:45:07 +0800] "GET /xingrg/check_reg.html?_=1661136306824 HTTP/1.1" 200 22
116.232.194.65 - - [22/Aug/2022:10:45:10 +0800] "GET /xingrg/all/function/internal_message.html?_=1661136267687&CODE_STATE=getMsg HTTP/1.1" 200 27
180.169.147.146 - - [22/Aug/2022:10:45:13 +0800] "GET /xingrg/all/function/internal_message.html?_=1661136313382&CODE_STATE=getMsg HTTP/1.1" 200 27
114.88.158.224 - - [22/Aug/2022:10:45:15 +0800] "GET /xingrg/kc/buy/cgsh_order_operate.html?command=get_materiel&rest_code=00141&code=00101008371&supplier_code=00100007&order_time=2022-08-22 HTTP/1.1" 200 412
114.88.158.224 - - [22/Aug/2022:10:45:27 +0800] "GET /xingrg/all/function/internal_message.html?_=1661135994935&CODE_STATE=getMsg HTTP/1.1" 200 27
61.165.19.104 - - [22/Aug/2022:10:45:27 +0800] "GET /xingrg/check_reg.html?_=1661136196613 HTTP/1.1" 200 22
61.165.19.104 - - [22/Aug/2022:10:45:27 +0800] "GET /xingrg/all/function/internal_message.html?_=1661136196616&CODE_STATE=getMsg HTTP/1.1" 200 27
116.224.123.211 - - [22/Aug/2022:10:45:28 +0800] "GET /xingrg/all/function/internal_message.html?_=1661136328454&CODE_STATE=getMsg HTTP/1.1" 200 27
116.233.77.65 - - [22/Aug/2022:10:45:30 +0800] "GET /xingrg/all/function/internal_message.html?_=1661136336543&CODE_STATE=getMsg HTTP/1.1" 200 27
116.224.255.128 - - [22/Aug/2022:10:45:31 +0800] "GET /xingrg/all/function/internal_message.html?_=1661136260284&CODE_STATE=getMsg HTTP/1.1" 200 27
114.88.158.224 - - [22/Aug/2022:10:45:33 +0800] "GET /xingrg/kc/buy/cgsh_order_operate.html?command=get_materiel&rest_code=00141&code=00101008098&supplier_code=00100007&order_time=2022-08-22 HTTP/1.1" 200 412
180.169.147.146 - - [22/Aug/2022:10:45:35 +0800] "GET /xingrg/all/function/internal_message.html?_=1661136674600&CODE_STATE=getMsg HTTP/1.1" 200 27
180.169.147.146 - - [22/Aug/2022:10:45:38 +0800] "GET /xingrg/check_reg.html?_=1661136677679 HTTP/1.1" 200 22
114.88.158.224 - - [22/Aug/2022:10:45:42 +0800] "GET /xingrg/all/function/internal_message.html?_=1661136342191&CODE_STATE=getMsg HTTP/1.1" 200 27
114.88.158.224 - - [22/Aug/2022:10:45:44 +0800] "GET /xingrg/kc/buy/cgsh_order_operate.html?command=get_materiel&rest_code=00141&code=00101008005&supplier_code=00100007&order_time=2022-08-22 HTTP/1.1" 200 412
116.224.123.211 - - [22/Aug/2022:10:45:45 +0800] "GET /xingrg/all/function/internal_message.html?_=1661136347355&CODE_STATE=getMsg HTTP/1.1" 200 27
61.165.19.104 - - [22/Aug/2022:10:45:45 +0800] "GET /xingrg/all/function/internal_message.html?_=1661136346227&CODE_STATE=getMsg HTTP/1.1" 200 27
114.83.216.129 - - [22/Aug/2022:10:45:47 +0800] "GET /xingrg/all/function/internal_message.html?_=1661136346478&CODE_STATE=getMsg HTTP/1.1" 200 27
180.169.147.146 - - [22/Aug/2022:10:45:50 +0800] "GET /xingrg/all/function/internal_message.html?_=1661136349913&CODE_STATE=getMsg HTTP/1.1" 200 27
218.81.223.53 - - [22/Aug/2022:10:45:50 +0800] "GET /xingrg/all/function/internal_message.html?_=1661136352270&CODE_STATE=getMsg HTTP/1.1" 200 27
114.88.158.224 - - [22/Aug/2022:10:45:53 +0800] "GET /xingrg/kc/buy/cgsh_order_operate.html?command=get_materiel&rest_code=00141&code=00101008353&supplier_code=00100007&order_time=2022-08-22 HTTP/1.1" 200 408
222.69.129.110 - - [22/Aug/2022:10:45:55 +0800] "GET /xingrg/all/function/internal_message.html?_=1661136423487&CODE_STATE=getMsg HTTP/1.1" 200 27
116.235.94.65 - - [22/Aug/2022:10:45:56 +0800] "GET /xingrg/all/function/internal_message.html?_=1661136545818&CODE_STATE=getMsg HTTP/1.1" 200 27
180.169.147.146 - - [22/Aug/2022:10:45:57 +0800] "GET /xingrg/all/function/internal_message.html?_=1661136356422&CODE_STATE=getMsg HTTP/1.1" 200 27
180.169.147.146 - - [22/Aug/2022:10:45:57 +0800] "POST /xingrg/all/user/operate.html HTTP/1.1" 200 36
180.169.147.146 - - [22/Aug/2022:10:45:58 +0800] "GET /xingrg/index.html?sysBaseUrl=http%3A%2F%2F180.169.147.146%3A18081%2Fxingrg%2F&costTime=48×tamp=1661136111230 HTTP/1.1" 200 17509
180.169.147.146 - - [22/Aug/2022:10:45:58 +0800] "GET /xingrg/javascript/jquery_easy_ui/easyui-lang-zh_CN.js HTTP/1.1" 304 -
180.169.147.146 - - [22/Aug/2022:10:45:58 +0800] "GET /xingrg/javascript/jquery.utils.js HTTP/1.1" 304 -
180.169.147.146 - - [22/Aug/2022:10:45:58 +0800] "GET /xingrg/images/blue/jxLogo.png HTTP/1.1" 304 -
180.169.147.146 - - [22/Aug/2022:10:45:58 +0800] "GET /xingrg/javascript/jquery_easy_ui/themes/default/easyui.css HTTP/1.1" 304 -
180.169.147.146 - - [22/Aug/2022:10:45:58 +0800] "GET /xingrg/javascript/jquery_easy_ui/themes/icon.css HTTP/1.1" 304 -
180.169.147.146 - - [22/Aug/2022:10:45:58 +0800] "GET /xingrg/css/form.css HTTP/1.1" 304 -
180.169.147.146 - - [22/Aug/2022:10:45:58 +0800] "GET /xingrg/javascript/jquery-1.4.2.min.js HTTP/1.1" 304 -
180.169.147.146 - - [22/Aug/2022:10:45:58 +0800] "GET /xingrg/javascript/jquery_easy_ui/jquery.easyui.min.js HTTP/1.1" 304 -
180.169.147.146 - - [22/Aug/2022:10:45:58 +0800] "GET /xingrg/javascript/jquery.form.js HTTP/1.1" 304 -
180.169.147.146 - - [22/Aug/2022:10:45:58 +0800] "GET /xingrg/javascript/jquery.timers.js HTTP/1.1" 304 -
180.169.147.146 - - [22/Aug/2022:10:45:58 +0800] "GET /xingrg/images/blue/navBackgound.jpg HTTP/1.1" 304 -
180.169.147.146 - - [22/Aug/2022:10:45:58 +0800] "GET /xingrg/javascript/jquery_easy_ui/themes/icons/settle_new.png HTTP/1.1" 304 -
180.169.147.146 - - [22/Aug/2022:10:45:58 +0800] "POST /xingrg/all/common/load_tree.html?tree=area_rest_tree_json&manage=1 HTTP/1.1" 200 3472
180.169.147.146 - - [22/Aug/2022:10:45:58 +0800] "GET /xingrg/all/function/internal_message.html?_=1661136357250&CODE_STATE=count HTTP/1.1" 200 11
180.169.147.146 - - [22/Aug/2022:10:45:58 +0800] "GET /xingrg/check_reg.html?_=1661136357251 HTTP/1.1" 200 22
180.169.147.146 - - [22/Aug/2022:10:45:58 +0800] "GET /xingrg/javascript/jquery_easy_ui/themes/default/images/panel_tool_expand.gif HTTP/1.1" 304 -
180.169.147.146 - - [22/Aug/2022:10:45:58 +0800] "GET /xingrg/javascript/jquery_easy_ui/themes/default/images/tabs_rightarrow.png HTTP/1.1" 304 -
180.169.147.146 - - [22/Aug/2022:10:45:58 +0800] "GET /xingrg/images/blue/pingpu.png HTTP/1.1" 304 -
180.169.147.146 - - [22/Aug/2022:10:45:58 +0800] "GET /xingrg/javascript/jquery_easy_ui/themes/default/images/panel_tool_collapse.gif HTTP/1.1" 304 -
180.169.147.146 - - [22/Aug/2022:10:45:58 +0800] "GET /xingrg/javascript/jquery_easy_ui/themes/default/images/tabs_leftarrow.png HTTP/1.1" 304 -
180.169.147.146 - - [22/Aug/2022:10:45:58 +0800] "POST /xingrg/load_menu.html HTTP/1.1" 200 9959
101.80.228.36 - - [22/Aug/2022:10:45:58 +0800] "GET /xingrg/check_reg.html?_=1661136358140 HTTP/1.1" 200 22
101.80.228.36 - - [22/Aug/2022:10:45:58 +0800] "GET /xingrg/all/function/internal_message.html?_=1661136358141&CODE_STATE=getMsg HTTP/1.1" 200 27
120.253.135.82 - - [22/Aug/2022:10:45:59 +0800] "GET /xingrg/check_reg.html?_=1661136163765 HTTP/1.1" 200 22
180.169.147.146 - - [22/Aug/2022:10:46:00 +0800] "GET /xingrg/kc/report/report_main.html HTTP/1.1" 200 7340
120.253.135.82 - - [22/Aug/2022:10:46:01 +0800] "GET /xingrg/all/function/internal_message.html?_=1661136165640&CODE_STATE=getMsg HTTP/1.1" 200 27
114.88.158.224 - - [22/Aug/2022:10:46:01 +0800] "GET /xingrg/kc/buy/cgsh_order_operate.html?command=get_materiel&rest_code=00141&code=00101008125&supplier_code=00100007&order_time=2022-08-22 HTTP/1.1" 200 413
180.169.147.146 - - [22/Aug/2022:10:46:01 +0800] "GET /xingrg/all/report/report_query.html?fileName=kc/buy/gys_amount.xml&rh=99999 HTTP/1.1" 200 52006
180.169.147.146 - - [22/Aug/2022:10:46:01 +0800] "GET /xingrg/dwr/interface/AjaxReportQueryService.js HTTP/1.1" 200 13203
180.169.147.146 - - [22/Aug/2022:10:46:01 +0800] "GET /xingrg/dwr/engine.js HTTP/1.1" 200 43631
116.224.255.128 - - [22/Aug/2022:10:46:02 +0800] "GET /xingrg/all/function/internal_message.html?_=1661136360835&CODE_STATE=getMsg HTTP/1.1" 200 27
180.169.147.146 - - [22/Aug/2022:10:46:02 +0800] "POST /xingrg/dwr/call/plaincall/AjaxReportQueryService.getFixDate.dwr HTTP/1.1" 200 111
180.169.147.146 - - [22/Aug/2022:10:46:02 +0800] "POST /xingrg/all/common/load_tree.html?tree=supplier_tree_json&manage=1 HTTP/1.1" 200 69214
180.169.147.146 - - [22/Aug/2022:10:46:03 +0800] "POST /xingrg/all/common/load_tree.html?tree=materiel_sort_tree_json HTTP/1.1" 200 9500
180.169.147.146 - - [22/Aug/2022:10:46:03 +0800] "POST /xingrg/dwr/call/plaincall/AjaxReportQueryService.getInitString.dwr HTTP/1.1" 200 1035
180.169.147.146 - - [22/Aug/2022:10:46:05 +0800] "POST /xingrg/dwr/call/plaincall/AjaxReportQueryService.getFixDate.dwr HTTP/1.1" 200 111
116.224.123.211 - - [22/Aug/2022:10:46:07 +0800] "POST /xingrg/services/DataTransmitService HTTP/1.1" 200 524
114.84.5.35 - - [22/Aug/2022:10:46:07 +0800] "GET /xingrg/all/function/internal_message.html?_=1661136366810&CODE_STATE=getMsg HTTP/1.1" 200 27
114.88.158.224 - - [22/Aug/2022:10:46:09 +0800] "GET /xingrg/kc/buy/cgsh_order_operate.html?command=get_materiel&rest_code=00141&code=00101008323&supplier_code=00100007&order_time=2022-08-22 HTTP/1.1" 200 408
116.232.194.65 - - [22/Aug/2022:10:46:10 +0800] "GET /xingrg/all/function/internal_message.html?_=1661136327700&CODE_STATE=getMsg HTTP/1.1" 200 27
116.232.194.65 - - [22/Aug/2022:10:46:10 +0800] "GET /xingrg/check_reg.html?_=1661136327703 HTTP/1.1" 200 22
116.224.123.211 - - [22/Aug/2022:10:46:12 +0800] "POST /xingrg/services/DataTransmitService HTTP/1.1" 200 501
180.169.147.146 - - [22/Aug/2022:10:46:13 +0800] "POST /xingrg/dwr/call/plaincall/AjaxReportQueryService.refreshCache.dwr HTTP/1.1" 200 78
180.169.147.146 - - [22/Aug/2022:10:46:13 +0800] "GET /xingrg/all/function/internal_message.html?_=1661136373303&CODE_STATE=getMsg HTTP/1.1" 200 27
180.169.147.146 - - [22/Aug/2022:10:46:16 +0800] "POST /xingrg/all/report/load_report_page.html HTTP/1.1" 200 89
114.88.158.224 - - [22/Aug/2022:10:46:17 +0800] "GET /xingrg/kc/buy/cgsh_order_operate.html?command=get_materiel&rest_code=00141&code=00101008219&supplier_code=00100007&order_time=2022-08-22 HTTP/1.1" 200 412
180.169.147.146 - - [22/Aug/2022:10:46:20 +0800] "GET /xingrg/kc/buy/buy_main.html HTTP/1.1" 200 12412
180.169.147.146 - - [22/Aug/2022:10:46:20 +0800] "GET /xingrg/css/new_ie.css HTTP/1.1" 404 1036
180.169.147.146 - - [22/Aug/2022:10:46:20 +0800] "GET /xingrg/images/yd/bt.gif HTTP/1.1" 404 1040
180.169.147.146 - - [22/Aug/2022:10:46:21 +0800] "GET /xingrg/kc/buy/cgsh_order_list.html HTTP/1.1" 200 52858
180.169.147.146 - - [22/Aug/2022:10:46:23 +0800] "POST /xingrg/kc/buy/cgsh_list_operate.html HTTP/1.1" 200 2530
180.169.147.146 - - [22/Aug/2022:10:46:26 +0800] "GET /xingrg/javascript/jquery_tools/images/next.gif HTTP/1.1" 404 1086
180.169.147.146 - - [22/Aug/2022:10:46:26 +0800] "GET /xingrg/javascript/jquery_tools/images/prev.gif HTTP/1.1" 404 1086
114.88.158.224 - - [22/Aug/2022:10:46:27 +0800] "GET /xingrg/kc/buy/cgsh_order_operate.html?command=get_materiel&rest_code=00141&code=00101008132&supplier_code=00100007&order_time=2022-08-22 HTTP/1.1" 200 408
114.88.158.224 - - [22/Aug/2022:10:46:27 +0800] "GET /xingrg/all/function/internal_message.html?_=1661136054880&CODE_STATE=getMsg HTTP/1.1" 200 27
61.165.19.104 - - [22/Aug/2022:10:46:27 +0800] "GET /xingrg/all/function/internal_message.html?_=1661136256608&CODE_STATE=getMsg HTTP/1.1" 200 27
116.224.123.211 - - [22/Aug/2022:10:46:27 +0800] "GET /xingrg/all/function/internal_message.html?_=1661136388434&CODE_STATE=getMsg HTTP/1.1" 200 27
114.88.158.224 - - [22/Aug/2022:10:46:29 +0800] "POST /xingrg/kc/buy/cgsh_order_operate.html HTTP/1.1" 200 2065
116.224.255.128 - - [22/Aug/2022:10:46:30 +0800] "GET /xingrg/check_reg.html?_=1661136318806 HTTP/1.1" 200 22
116.233.77.65 - - [22/Aug/2022:10:46:30 +0800] "GET /xingrg/all/function/internal_message.html?_=1661136396545&CODE_STATE=getMsg HTTP/1.1" 200 27
116.224.255.128 - - [22/Aug/2022:10:46:31 +0800] "GET /xingrg/all/function/internal_message.html?_=1661136320298&CODE_STATE=getMsg HTTP/1.1" 200 27
180.169.147.146 - - [22/Aug/2022:10:46:34 +0800] "GET /xingrg/javascript/auto/indicator.gif HTTP/1.1" 404 1066
180.169.147.146 - - [22/Aug/2022:10:46:35 +0800] "GET /xingrg/all/function/internal_message.html?_=1661136734596&CODE_STATE=getMsg HTTP/1.1" 200 27
114.88.158.224 - - [22/Aug/2022:10:46:38 +0800] "GET /xingrg/kc/buy/cgsh_order_operate.html?command=get_materiel&rest_code=00141&code=00101008244&supplier_code=00100007&order_time=2022-08-22 HTTP/1.1" 200 408
114.88.158.224 - - [22/Aug/2022:10:46:42 +0800] "GET /xingrg/all/function/internal_message.html?_=1661136402194&CODE_STATE=getMsg HTTP/1.1" 200 27
116.224.123.211 - - [22/Aug/2022:10:46:45 +0800] "GET /xingrg/all/function/internal_message.html?_=1661136407326&CODE_STATE=getMsg HTTP/1.1" 200 27
61.165.19.104 - - [22/Aug/2022:10:46:45 +0800] "GET /xingrg/all/function/internal_message.html?_=1661136406226&CODE_STATE=getMsg HTTP/1.1" 200 27
114.83.216.129 - - [22/Aug/2022:10:46:47 +0800] "GET /xingrg/all/function/internal_message.html?_=1661136406463&CODE_STATE=getMsg HTTP/1.1" 200 27
180.169.147.146 - - [22/Aug/2022:10:46:49 +0800] "POST /xingrg/kc/buy/cgsh_list_operate.html HTTP/1.1" 200 1548
180.169.147.146 - - [22/Aug/2022:10:46:50 +0800] "GET /xingrg/all/function/internal_message.html?_=1661136409913&CODE_STATE=getMsg HTTP/1.1" 200 27
180.169.147.146 - - [22/Aug/2022:10:46:50 +0800] "GET /xingrg/check_reg.html?_=1661136409916 HTTP/1.1" 200 22
218.81.223.53 - - [22/Aug/2022:10:46:51 +0800] "GET /xingrg/all/function/internal_message.html?_=1661136412538&CODE_STATE=getMsg HTTP/1.1" 200 27
180.169.147.146 - - [22/Aug/2022:10:46:52 +0800] "POST /xingrg/kc/buy/cgsh_list_operate.html HTTP/1.1" 200 205
222.69.129.110 - - [22/Aug/2022:10:46:55 +0800] "GET /xingrg/all/function/internal_message.html?_=1661136483479&CODE_STATE=getMsg HTTP/1.1" 200 27
116.235.94.65 - - [22/Aug/2022:10:46:56 +0800] "GET /xingrg/all/function/internal_message.html?_=1661136605821&CODE_STATE=getMsg HTTP/1.1" 200 27
180.169.147.146 - - [22/Aug/2022:10:46:58 +0800] "GET /xingrg/all/function/internal_message.html?_=1661136417252&CODE_STATE=getMsg HTTP/1.1" 200 27
101.80.228.36 - - [22/Aug/2022:10:46:58 +0800] "GET /xingrg/all/function/internal_message.html?_=1661136418142&CODE_STATE=getMsg HTTP/1.1" 200 27
114.88.158.224 - - [22/Aug/2022:10:47:00 +0800] "GET /xingrg/kc/buy/cgsh_order_operate.html?command=get_materiel&rest_code=00141&code=00101008396&supplier_code=00100007&order_time=2022-08-22 HTTP/1.1" 200 412
120.253.135.82 - - [22/Aug/2022:10:47:01 +0800] "GET /xingrg/all/function/internal_message.html?_=1661136225651&CODE_STATE=getMsg HTTP/1.1" 200 27
116.224.255.128 - - [22/Aug/2022:10:47:02 +0800] "GET /xingrg/all/function/internal_message.html?_=1661136420833&CODE_STATE=getMsg HTTP/1.1" 200 27
114.84.5.35 - - [22/Aug/2022:10:47:07 +0800] "GET /xingrg/all/function/internal_message.html?_=1661136426825&CODE_STATE=getMsg HTTP/1.1" 200 27
116.232.194.65 - - [22/Aug/2022:10:47:10 +0800] "GET /xingrg/all/function/internal_message.html?_=1661136387691&CODE_STATE=getMsg HTTP/1.1" 200 27
180.169.147.146 - - [22/Aug/2022:10:47:13 +0800] "GET /xingrg/all/function/internal_message.html?_=1661136433302&CODE_STATE=getMsg HTTP/1.1" 200 27
116.232.35.191 - - [22/Aug/2022:10:47:17 +0800] "GET /favicon.ico HTTP/1.1" 404 -
114.88.158.224 - - [22/Aug/2022:10:47:27 +0800] "GET /xingrg/all/function/internal_message.html?_=1661136114887&CODE_STATE=getMsg HTTP/1.1" 200 27
61.165.19.104 - - [22/Aug/2022:10:47:27 +0800] "GET /xingrg/all/function/internal_message.html?_=1661136316597&CODE_STATE=getMsg HTTP/1.1" 200 27
116.224.123.211 - - [22/Aug/2022:10:47:27 +0800] "GET /xingrg/all/function/internal_message.html?_=1661136448412&CODE_STATE=getMsg HTTP/1.1" 200 27
116.233.77.65 - - [22/Aug/2022:10:47:30 +0800] "GET /xingrg/all/function/internal_message.html?_=1661136456547&CODE_STATE=getMsg HTTP/1.1" 200 27
116.224.255.128 - - [22/Aug/2022:10:47:31 +0800] "GET /xingrg/all/function/internal_message.html?_=1661136380311&CODE_STATE=getMsg HTTP/1.1" 200 27
114.88.158.224 - - [22/Aug/2022:10:47:32 +0800] "GET /xingrg/kc/buy/cgsh_order_operate.html?command=get_materiel&rest_code=00141&code=00101008370&supplier_code=00100007&order_time=2022-08-22 HTTP/1.1" 200 412
180.169.147.146 - - [22/Aug/2022:10:47:35 +0800] "GET /xingrg/check_reg.html?_=1661136794609 HTTP/1.1" 200 22
180.169.147.146 - - [22/Aug/2022:10:47:35 +0800] "GET /xingrg/all/function/internal_message.html?_=1661136794613&CODE_STATE=getMsg HTTP/1.1" 200 27
114.88.158.224 - - [22/Aug/2022:10:47:41 +0800] "GET /xingrg/kc/buy/cgsh_order_operate.html?command=get_materiel&rest_code=00141&code=00101008356&supplier_code=00100007&order_time=2022-08-22 HTTP/1.1" 200 409
114.88.158.224 - - [22/Aug/2022:10:47:42 +0800] "GET /xingrg/all/function/internal_message.html?_=1661136462195&CODE_STATE=getMsg HTTP/1.1" 200 27
114.88.158.224 - - [22/Aug/2022:10:47:42 +0800] "GET /xingrg/check_reg.html?_=1661136462198 HTTP/1.1" 200 22
116.224.123.211 - - [22/Aug/2022:10:47:45 +0800] "GET /xingrg/all/function/internal_message.html?_=1661136467297&CODE_STATE=getMsg HTTP/1.1" 200 27
61.165.19.104 - - [22/Aug/2022:10:47:45 +0800] "GET /xingrg/all/function/internal_message.html?_=1661136466226&CODE_STATE=getMsg HTTP/1.1" 200 27
61.165.19.104 - - [22/Aug/2022:10:47:45 +0800] "GET /xingrg/check_reg.html?_=1661136466228 HTTP/1.1" 200 22
116.224.123.211 - - [22/Aug/2022:10:47:45 +0800] "GET /xingrg/check_reg.html?_=1661136467504 HTTP/1.1" 200 22
114.88.158.224 - - [22/Aug/2022:10:47:46 +0800] "POST /xingrg/kc/buy/cgsh_order_operate.html HTTP/1.1" 200 2065
114.83.216.129 - - [22/Aug/2022:10:47:47 +0800] "GET /xingrg/all/function/internal_message.html?_=1661136466452&CODE_STATE=getMsg HTTP/1.1" 200 27
180.169.147.146 - - [22/Aug/2022:10:47:50 +0800] "GET /xingrg/all/function/internal_message.html?_=1661136469914&CODE_STATE=getMsg HTTP/1.1" 200 27
218.81.223.53 - - [22/Aug/2022:10:47:51 +0800] "GET /xingrg/all/function/internal_message.html?_=1661136472547&CODE_STATE=getMsg HTTP/1.1" 200 27
114.88.158.224 - - [22/Aug/2022:10:47:54 +0800] "GET /xingrg/kc/buy/cgsh_order_operate.html?command=get_materiel&rest_code=00141&code=00101008300&supplier_code=00100007&order_time=2022-08-22 HTTP/1.1" 200 412
222.69.129.110 - - [22/Aug/2022:10:47:55 +0800] "GET /xingrg/all/function/internal_message.html?_=1661136543470&CODE_STATE=getMsg HTTP/1.1" 200 27
116.235.94.65 - - [22/Aug/2022:10:47:56 +0800] "GET /xingrg/all/function/internal_message.html?_=1661136665818&CODE_STATE=getMsg HTTP/1.1" 200 27
116.235.94.65 - - [22/Aug/2022:10:47:56 +0800] "GET /xingrg/check_reg.html?_=1661136665816 HTTP/1.1" 200 22
101.80.228.36 - - [22/Aug/2022:10:47:58 +0800] "GET /xingrg/all/function/internal_message.html?_=1661136478129&CODE_STATE=getMsg HTTP/1.1" 200 27
180.169.147.146 - - [22/Aug/2022:10:47:58 +0800] "GET /xingrg/all/function/internal_message.html?_=1661136477266&CODE_STATE=getMsg HTTP/1.1" 200 27
120.253.135.82 - - [22/Aug/2022:10:48:01 +0800] "GET /xingrg/all/function/internal_message.html?_=1661136285665&CODE_STATE=getMsg HTTP/1.1" 200 27
116.224.255.128 - - [22/Aug/2022:10:48:02 +0800] "GET /xingrg/all/function/internal_message.html?_=1661136480846&CODE_STATE=getMsg HTTP/1.1" 200 27
114.84.5.35 - - [22/Aug/2022:10:48:07 +0800] "GET /xingrg/all/function/internal_message.html?_=1661136486823&CODE_STATE=getMsg HTTP/1.1" 200 27
116.232.194.65 - - [22/Aug/2022:10:48:10 +0800] "GET /xingrg/all/function/internal_message.html?_=1661136447698&CODE_STATE=getMsg HTTP/1.1" 200 27
180.169.147.146 - - [22/Aug/2022:10:48:13 +0800] "GET /xingrg/all/function/internal_message.html?_=1661136493301&CODE_STATE=getMsg HTTP/1.1" 200 27
180.169.147.146 - - [22/Aug/2022:10:48:13 +0800] "GET /xingrg/check_reg.html?_=1661136493302 HTTP/1.1" 200 22
114.86.187.244 - - [22/Aug/2022:10:48:15 +0800] "GET /favicon.ico HTTP/1.1" 404 -
218.81.223.53 - - [22/Aug/2022:10:48:23 +0800] "GET /xingrg/kc/buy/cgsh_order_list.html HTTP/1.1" 200 52603
218.81.223.53 - - [22/Aug/2022:10:48:23 +0800] "GET /xingrg/javascript/jquery_tools/list_manager.js HTTP/1.1" 304 -
218.81.223.53 - - [22/Aug/2022:10:48:26 +0800] "POST /xingrg/kc/buy/cgsh_list_operate.html HTTP/1.1" 200 3195
114.88.158.224 - - [22/Aug/2022:10:48:27 +0800] "GET /xingrg/all/function/internal_message.html?_=1661136174886&CODE_STATE=getMsg HTTP/1.1" 200 27
61.165.19.104 - - [22/Aug/2022:10:48:27 +0800] "GET /xingrg/all/function/internal_message.html?_=1661136376602&CODE_STATE=getMsg HTTP/1.1" 200 27
180.162.109.37 - - [22/Aug/2022:10:48:27 +0800] "GET /xingrg HTTP/1.1" 302 -
180.162.109.37 - - [22/Aug/2022:10:48:27 +0800] "GET /xingrg/ HTTP/1.1" 304 -
116.224.123.211 - - [22/Aug/2022:10:48:27 +0800] "GET /xingrg/all/function/internal_message.html?_=1661136508383&CODE_STATE=getMsg HTTP/1.1" 200 27
180.162.109.37 - - [22/Aug/2022:10:48:28 +0800] "GET /xingrg/index.html HTTP/1.1" 302 -
180.162.109.37 - - [22/Aug/2022:10:48:28 +0800] "GET /favicon.ico HTTP/1.1" 404 -
180.162.109.37 - - [22/Aug/2022:10:48:28 +0800] "GET /xingrg/login.html HTTP/1.1" 200 7641
180.162.109.37 - - [22/Aug/2022:10:48:28 +0800] "GET /xingrg/images/blue/jxLogo.png HTTP/1.1" 304 -
180.162.109.37 - - [22/Aug/2022:10:48:28 +0800] "GET /xingrg/images/blue/hj.png HTTP/1.1" 304 -
180.162.109.37 - - [22/Aug/2022:10:48:28 +0800] "GET /xingrg/images/blue/login_bg.png HTTP/1.1" 304 -
180.162.109.37 - - [22/Aug/2022:10:48:28 +0800] "GET /xingrg/images/blue/srbg.png HTTP/1.1" 304 -
180.162.109.37 - - [22/Aug/2022:10:48:28 +0800] "GET /favicon.ico HTTP/1.1" 404 -
116.233.77.65 - - [22/Aug/2022:10:48:30 +0800] "GET /xingrg/all/function/internal_message.html?_=1661136516549&CODE_STATE=getMsg HTTP/1.1" 200 27
116.233.77.65 - - [22/Aug/2022:10:48:30 +0800] "GET /xingrg/check_reg.html?_=1661136516550 HTTP/1.1" 200 22
116.224.255.128 - - [22/Aug/2022:10:48:31 +0800] "GET /xingrg/all/function/internal_message.html?_=1661136440324&CODE_STATE=getMsg HTTP/1.1" 200 27
180.169.147.146 - - [22/Aug/2022:10:48:35 +0800] "GET /xingrg/all/function/internal_message.html?_=1661136854610&CODE_STATE=getMsg HTTP/1.1" 200 27
180.162.109.37 - - [22/Aug/2022:10:48:35 +0800] "POST /xingrg/login.do HTTP/1.1" 302 -
180.162.109.37 - - [22/Aug/2022:10:48:35 +0800] "GET /xingrg/javascript/jquery_easy_ui/themes/default/easyui.css HTTP/1.1" 304 -
180.162.109.37 - - [22/Aug/2022:10:48:35 +0800] "GET /xingrg/index.html?sysBaseUrl=http%3A%2F%2F180.169.147.146%3A18081%2Fxingrg%2F&costTime=39×tamp=1661136515909 HTTP/1.1" 200 17179
180.162.109.37 - - [22/Aug/2022:10:48:36 +0800] "GET /xingrg/javascript/jquery_easy_ui/themes/icon.css HTTP/1.1" 304 -
180.162.109.37 - - [22/Aug/2022:10:48:36 +0800] "GET /favicon.ico HTTP/1.1" 404 -
180.162.109.37 - - [22/Aug/2022:10:48:36 +0800] "GET /xingrg/javascript/jquery-1.4.2.min.js HTTP/1.1" 304 -
180.162.109.37 - - [22/Aug/2022:10:48:36 +0800] "GET /xingrg/css/form.css HTTP/1.1" 304 -
180.162.109.37 - - [22/Aug/2022:10:48:36 +0800] "GET /xingrg/javascript/jquery_easy_ui/jquery.easyui.min.js HTTP/1.1" 304 -
180.162.109.37 - - [22/Aug/2022:10:48:36 +0800] "GET /xingrg/javascript/jquery.form.js HTTP/1.1" 304 -
180.162.109.37 - - [22/Aug/2022:10:48:36 +0800] "GET /xingrg/javascript/jquery_easy_ui/easyui-lang-zh_CN.js HTTP/1.1" 304 -
180.162.109.37 - - [22/Aug/2022:10:48:36 +0800] "GET /xingrg/javascript/jquery.utils.js HTTP/1.1" 304 -
180.162.109.37 - - [22/Aug/2022:10:48:36 +0800] "GET /xingrg/javascript/jquery.timers.js HTTP/1.1" 304 -
180.162.109.37 - - [22/Aug/2022:10:48:36 +0800] "GET /xingrg/javascript/jquery_easy_ui/themes/icons/settle_new.png HTTP/1.1" 304 -
180.162.109.37 - - [22/Aug/2022:10:48:36 +0800] "GET /xingrg/images/blue/navBackgound.jpg HTTP/1.1" 304 -
180.162.109.37 - - [22/Aug/2022:10:48:36 +0800] "POST /xingrg/all/common/load_tree.html?tree=area_rest_tree_json&manage=1 HTTP/1.1" 200 351
180.162.109.37 - - [22/Aug/2022:10:48:36 +0800] "GET /xingrg/all/function/internal_message.html?_=1661135677677&CODE_STATE=count HTTP/1.1" 200 11
180.162.109.37 - - [22/Aug/2022:10:48:36 +0800] "GET /xingrg/check_reg.html?_=1661135677678 HTTP/1.1" 200 22
180.162.109.37 - - [22/Aug/2022:10:48:36 +0800] "GET /xingrg/images/blue/pingpu.png HTTP/1.1" 304 -
180.162.109.37 - - [22/Aug/2022:10:48:36 +0800] "GET /xingrg/javascript/jquery_easy_ui/themes/default/images/tabs_leftarrow.png HTTP/1.1" 304 -
180.162.109.37 - - [22/Aug/2022:10:48:36 +0800] "GET /xingrg/javascript/jquery_easy_ui/themes/default/images/panel_tool_collapse.gif HTTP/1.1" 304 -
180.162.109.37 - - [22/Aug/2022:10:48:36 +0800] "GET /xingrg/javascript/jquery_easy_ui/themes/default/images/tabs_rightarrow.png HTTP/1.1" 304 -
180.162.109.37 - - [22/Aug/2022:10:48:36 +0800] "POST /xingrg/load_menu.html HTTP/1.1" 200 5138
180.162.109.37 - - [22/Aug/2022:10:48:36 +0800] "GET /xingrg/javascript/jquery_easy_ui/themes/default/images/tree_arrows.gif HTTP/1.1" 304 -
180.162.109.37 - - [22/Aug/2022:10:48:36 +0800] "GET /xingrg/javascript/jquery_easy_ui/themes/icons/search_new.png HTTP/1.1" 304 -
180.162.109.37 - - [22/Aug/2022:10:48:36 +0800] "GET /xingrg/javascript/jquery_easy_ui/themes/default/images/tree_folder_open.gif HTTP/1.1" 304 -
180.162.109.37 - - [22/Aug/2022:10:48:36 +0800] "GET /xingrg/javascript/jquery_easy_ui/themes/default/images/tree_folder.gif HTTP/1.1" 304 -
180.162.109.37 - - [22/Aug/2022:10:48:36 +0800] "GET /xingrg/javascript/jquery_easy_ui/themes/icons/storage_new.png HTTP/1.1" 304 -
180.162.109.37 - - [22/Aug/2022:10:48:36 +0800] "GET /xingrg/javascript/jquery_easy_ui/themes/icons/forms_new.png HTTP/1.1" 304 -
180.162.109.37 - - [22/Aug/2022:10:48:36 +0800] "GET /xingrg/javascript/jquery_easy_ui/themes/default/images/tree_file.gif HTTP/1.1" 304 -
180.162.109.37 - - [22/Aug/2022:10:48:38 +0800] "GET /xingrg/kc/buy/buy_main.html HTTP/1.1" 200 12412
180.162.109.37 - - [22/Aug/2022:10:48:38 +0800] "GET /xingrg/javascript/jquery_easy_ui/themes/default/images/tabs_close.gif HTTP/1.1" 304 -
180.162.109.37 - - [22/Aug/2022:10:48:38 +0800] "GET /xingrg/css/blue.css HTTP/1.1" 304 -
180.162.109.37 - - [22/Aug/2022:10:48:38 +0800] "GET /xingrg/css/new_ie.css HTTP/1.1" 404 1036
180.162.109.37 - - [22/Aug/2022:10:48:38 +0800] "GET /xingrg/javascript/jquery_ui/themes/humanity/humanity.css HTTP/1.1" 304 -
180.162.109.37 - - [22/Aug/2022:10:48:38 +0800] "GET /xingrg/javascript/pic_change.js HTTP/1.1" 304 -
180.162.109.37 - - [22/Aug/2022:10:48:38 +0800] "GET /xingrg/javascript/ToolTips.js HTTP/1.1" 304 -
180.162.109.37 - - [22/Aug/2022:10:48:38 +0800] "GET /xingrg/javascript/myfunction.js HTTP/1.1" 304 -
180.162.109.37 - - [22/Aug/2022:10:48:38 +0800] "GET /xingrg/javascript/jquery_ui/jquery-ui.min.js HTTP/1.1" 304 -
180.162.109.37 - - [22/Aug/2022:10:48:38 +0800] "GET /xingrg/images/blue/button/cgxqd.gif HTTP/1.1" 304 -
180.162.109.37 - - [22/Aug/2022:10:48:38 +0800] "GET /xingrg/images/blue/button/cgydd.gif HTTP/1.1" 304 -
180.162.109.37 - - [22/Aug/2022:10:48:38 +0800] "GET /xingrg/images/blue/button/cgshd.gif HTTP/1.1" 304 -
180.162.109.37 - - [22/Aug/2022:10:48:38 +0800] "GET /xingrg/images/blue/button/kc.gif HTTP/1.1" 304 -
180.162.109.37 - - [22/Aug/2022:10:48:38 +0800] "GET /xingrg/images/blue/button/cgfkd.gif HTTP/1.1" 304 -
180.162.109.37 - - [22/Aug/2022:10:48:38 +0800] "GET /xingrg/images/blue/button/ckthd.gif HTTP/1.1" 304 -
180.162.109.37 - - [22/Aug/2022:10:48:38 +0800] "GET /xingrg/images/blue/pic_form2.gif HTTP/1.1" 304 -
180.162.109.37 - - [22/Aug/2022:10:48:38 +0800] "GET /xingrg/images/blue/bg_dotted.jpg HTTP/1.1" 304 -
180.162.109.37 - - [22/Aug/2022:10:48:38 +0800] "GET /xingrg/images/blue/button/right_ah.jpg HTTP/1.1" 304 -
180.162.109.37 - - [22/Aug/2022:10:48:38 +0800] "GET /xingrg/images/blue/button/down_ah.jpg HTTP/1.1" 304 -
180.162.109.37 - - [22/Aug/2022:10:48:38 +0800] "GET /xingrg/javascript/jquery_ui/themes/humanity/images/ui-bg_inset-soft_100_f4f0ec_1x100.png HTTP/1.1" 304 -
180.162.109.37 - - [22/Aug/2022:10:48:39 +0800] "GET /xingrg/javascript/jquery_ui/themes/humanity/images/ui-iconsnew.jpg HTTP/1.1" 304 -
180.162.109.37 - - [22/Aug/2022:10:48:39 +0800] "GET /xingrg/javascript/jquery_ui/themes/humanity/images/ui-icons_ffffff_256x240.png HTTP/1.1" 304 -
180.162.109.37 - - [22/Aug/2022:10:48:39 +0800] "GET /xingrg/javascript/jquery_ui/themes/humanity/images/ui-icons_c47a23_256x240.png HTTP/1.1" 304 -
180.162.109.37 - - [22/Aug/2022:10:48:39 +0800] "GET /xingrg/javascript/jquery_ui/themes/humanity/images/ui-bg_glass_70_ede4d4_1x400.png HTTP/1.1" 304 -
180.162.109.37 - - [22/Aug/2022:10:48:40 +0800] "GET /xingrg/images/yd/bt.gif HTTP/1.1" 404 1040
180.162.109.37 - - [22/Aug/2022:10:48:41 +0800] "GET /xingrg/css/base.css HTTP/1.1" 304 -
180.162.109.37 - - [22/Aug/2022:10:48:41 +0800] "GET /xingrg/css/site.css HTTP/1.1" 304 -
180.162.109.37 - - [22/Aug/2022:10:48:41 +0800] "GET /xingrg/javascript/jquery_tools/datebox.css HTTP/1.1" 304 -
180.162.109.37 - - [22/Aug/2022:10:48:41 +0800] "GET /xingrg/kc/buy/cgsh_order_list.html HTTP/1.1" 200 52603
180.162.109.37 - - [22/Aug/2022:10:48:41 +0800] "GET /xingrg/javascript/easyui/themes/icon.css HTTP/1.1" 304 -
180.162.109.37 - - [22/Aug/2022:10:48:41 +0800] "GET /xingrg/javascript/easyui/themes/default/easyui.css HTTP/1.1" 304 -
180.162.109.37 - - [22/Aug/2022:10:48:41 +0800] "GET /xingrg/javascript/auto/jquery.autocomplete.css HTTP/1.1" 304 -
180.162.109.37 - - [22/Aug/2022:10:48:41 +0800] "GET /xingrg/javascript/jquery_tools/fix.css HTTP/1.1" 304 -
180.162.109.37 - - [22/Aug/2022:10:48:41 +0800] "GET /xingrg/javascript/jquery_tools/table.css HTTP/1.1" 304 -
180.162.109.37 - - [22/Aug/2022:10:48:41 +0800] "GET /xingrg/javascript/jquery_tools/jquery.tools.min.js HTTP/1.1" 304 -
180.162.109.37 - - [22/Aug/2022:10:48:41 +0800] "GET /xingrg/javascript/jquery_tools/jquery.tools.extend.js HTTP/1.1" 304 -
180.162.109.37 - - [22/Aug/2022:10:48:41 +0800] "GET /xingrg/javascript/jquery_tools/jquery.tools.table.js HTTP/1.1" 304 -
180.162.109.37 - - [22/Aug/2022:10:48:41 +0800] "GET /xingrg/javascript/jquery_tools/jquery.tools.hotkey.js HTTP/1.1" 304 -
180.162.109.37 - - [22/Aug/2022:10:48:41 +0800] "GET /xingrg/javascript/jquery_tools/list_manager.js HTTP/1.1" 304 -
180.162.109.37 - - [22/Aug/2022:10:48:41 +0800] "GET /xingrg/javascript/auto/jquery.autocomplete.js HTTP/1.1" 304 -
180.162.109.37 - - [22/Aug/2022:10:48:41 +0800] "GET /xingrg/javascript/easyui/easyloader.js HTTP/1.1" 304 -
180.162.109.37 - - [22/Aug/2022:10:48:41 +0800] "GET /xingrg/javascript/jquery.cookie.js HTTP/1.1" 304 -
180.162.109.37 - - [22/Aug/2022:10:48:41 +0800] "GET /xingrg/javascript/print/LodopFuncs.js HTTP/1.1" 304 -
180.162.109.37 - - [22/Aug/2022:10:48:41 +0800] "GET /xingrg/javascript/easyui/themes/icons/check_new.png HTTP/1.1" 304 -
180.162.109.37 - - [22/Aug/2022:10:48:41 +0800] "GET /xingrg/javascript/easyui/themes/icons/cance_new.png HTTP/1.1" 304 -
180.162.109.37 - - [22/Aug/2022:10:48:41 +0800] "GET /xingrg/javascript/easyui/themes/icons/edit_add_new.png HTTP/1.1" 304 -
180.162.109.37 - - [22/Aug/2022:10:48:41 +0800] "GET /xingrg/javascript/easyui/themes/icons/field_new.png HTTP/1.1" 304 -
180.162.109.37 - - [22/Aug/2022:10:48:41 +0800] "GET /xingrg/javascript/easyui/themes/icons/import_new.png HTTP/1.1" 304 -
180.162.109.37 - - [22/Aug/2022:10:48:41 +0800] "GET /xingrg/javascript/easyui/plugins/jquery.parser.js HTTP/1.1" 304 -
180.162.109.37 - - [22/Aug/2022:10:48:41 +0800] "GET /xingrg/images/control/ajaxLoader.gif HTTP/1.1" 304 -
114.88.158.224 - - [22/Aug/2022:10:48:42 +0800] "GET /xingrg/all/function/internal_message.html?_=1661136522200&CODE_STATE=getMsg HTTP/1.1" 200 27
58.35.213.73 - - [22/Aug/2022:10:48:42 +0800] "POST /xingrg/services/DataTransmitService HTTP/1.1" 200 524
58.35.213.73 - - [22/Aug/2022:10:48:42 +0800] "POST /xingrg/services/DataTransmitService HTTP/1.1" 200 2147
58.35.213.73 - - [22/Aug/2022:10:48:42 +0800] "POST /xingrg/services/DataTransmitService HTTP/1.1" 200 524
58.35.213.73 - - [22/Aug/2022:10:48:43 +0800] "POST /xingrg/services/DataTransmitService HTTP/1.1" 200 2147
58.35.213.73 - - [22/Aug/2022:10:48:43 +0800] "POST /xingrg/services/DataTransmitService HTTP/1.1" 200 524
180.162.109.37 - - [22/Aug/2022:10:48:43 +0800] "POST /xingrg/kc/buy/cgsh_list_operate.html HTTP/1.1" 200 1872
58.35.213.73 - - [22/Aug/2022:10:48:43 +0800] "POST /xingrg/services/DataTransmitService HTTP/1.1" 200 2147
58.35.213.73 - - [22/Aug/2022:10:48:43 +0800] "POST /xingrg/services/DataTransmitService HTTP/1.1" 200 524
58.35.213.73 - - [22/Aug/2022:10:48:43 +0800] "POST /xingrg/services/DataTransmitService HTTP/1.1" 200 2147
58.35.213.73 - - [22/Aug/2022:10:48:44 +0800] "POST /xingrg/services/DataTransmitService HTTP/1.1" 200 524
58.35.213.73 - - [22/Aug/2022:10:48:44 +0800] "POST /xingrg/services/DataTransmitService HTTP/1.1" 200 2147
58.35.213.73 - - [22/Aug/2022:10:48:44 +0800] "POST /xingrg/services/DataTransmitService HTTP/1.1" 200 524
58.35.213.73 - - [22/Aug/2022:10:48:44 +0800] "POST /xingrg/services/DataTransmitService HTTP/1.1" 200 2147
58.35.213.73 - - [22/Aug/2022:10:48:44 +0800] "POST /xingrg/services/DataTransmitService HTTP/1.1" 200 524
58.35.213.73 - - [22/Aug/2022:10:48:45 +0800] "POST /xingrg/services/DataTransmitService HTTP/1.1" 200 2147
116.224.123.211 - - [22/Aug/2022:10:48:45 +0800] "GET /xingrg/all/function/internal_message.html?_=1661136527274&CODE_STATE=getMsg HTTP/1.1" 200 27
58.35.213.73 - - [22/Aug/2022:10:48:45 +0800] "POST /xingrg/services/DataTransmitService HTTP/1.1" 200 524
61.165.19.104 - - [22/Aug/2022:10:48:45 +0800] "GET /xingrg/all/function/internal_message.html?_=1661136526226&CODE_STATE=getMsg HTTP/1.1" 200 27
58.35.213.73 - - [22/Aug/2022:10:48:45 +0800] "POST /xingrg/services/DataTransmitService HTTP/1.1" 200 2147
58.35.213.73 - - [22/Aug/2022:10:48:45 +0800] "POST /xingrg/services/DataTransmitService HTTP/1.1" 200 524
180.162.109.37 - - [22/Aug/2022:10:48:46 +0800] "POST /xingrg/kc/buy/cgsh_list_operate.html HTTP/1.1" 200 561
58.35.213.73 - - [22/Aug/2022:10:48:46 +0800] "POST /xingrg/services/DataTransmitService HTTP/1.1" 200 2147
58.35.213.73 - - [22/Aug/2022:10:48:46 +0800] "POST /xingrg/services/DataTransmitService HTTP/1.1" 200 524
58.35.213.73 - - [22/Aug/2022:10:48:46 +0800] "POST /xingrg/services/DataTransmitService HTTP/1.1" 200 2147
58.35.213.73 - - [22/Aug/2022:10:48:46 +0800] "POST /xingrg/services/DataTransmitService HTTP/1.1" 200 524
180.162.109.37 - - [22/Aug/2022:10:48:46 +0800] "GET /xingrg/kc/buy/cgsh_order_info.html?code=212022081805789 HTTP/1.1" 200 67467
180.162.109.37 - - [22/Aug/2022:10:48:46 +0800] "GET /xingrg/javascript/jquery_tools/order_manager.js HTTP/1.1" 304 -
180.162.109.37 - - [22/Aug/2022:10:48:46 +0800] "GET /xingrg/javascript/json2.js HTTP/1.1" 304 -
180.162.109.37 - - [22/Aug/2022:10:48:46 +0800] "GET /xingrg/javascript/convert.js HTTP/1.1" 304 -
180.162.109.37 - - [22/Aug/2022:10:48:46 +0800] "GET /xingrg/javascript/print/kc_print.js HTTP/1.1" 304 -
180.162.109.37 - - [22/Aug/2022:10:48:46 +0800] "GET /xingrg/words/20220821110948_words.js HTTP/1.1" 200 916530
180.162.109.37 - - [22/Aug/2022:10:48:46 +0800] "GET /xingrg/javascript/easyui/themes/icons/cancel.png HTTP/1.1" 304 -
180.162.109.37 - - [22/Aug/2022:10:48:46 +0800] "GET /xingrg/javascript/easyui/themes/icons/template_new.png HTTP/1.1" 304 -
180.162.109.37 - - [22/Aug/2022:10:48:46 +0800] "GET /xingrg/javascript/easyui/themes/icons/print.png HTTP/1.1" 304 -
180.162.109.37 - - [22/Aug/2022:10:48:46 +0800] "GET /xingrg/javascript/easyui/themes/icons/ok.png HTTP/1.1" 304 -
180.162.109.37 - - [22/Aug/2022:10:48:46 +0800] "GET /xingrg/javascript/easyui/themes/default/images/menu_downarrow.png HTTP/1.1" 304 -
180.162.109.37 - - [22/Aug/2022:10:48:46 +0800] "GET /xingrg/javascript/easyui/themes/icons/copy_new.png HTTP/1.1" 304 -
58.35.213.73 - - [22/Aug/2022:10:48:47 +0800] "POST /xingrg/services/DataTransmitService HTTP/1.1" 200 2147
218.81.223.53 - - [22/Aug/2022:10:48:47 +0800] "POST /xingrg/kc/buy/cgsh_list_operate.html HTTP/1.1" 200 752
58.35.213.73 - - [22/Aug/2022:10:48:47 +0800] "POST /xingrg/services/DataTransmitService HTTP/1.1" 200 524
114.83.216.129 - - [22/Aug/2022:10:48:47 +0800] "GET /xingrg/all/function/internal_message.html?_=1661136526437&CODE_STATE=getMsg HTTP/1.1" 200 27
58.35.213.73 - - [22/Aug/2022:10:48:47 +0800] "POST /xingrg/services/DataTransmitService HTTP/1.1" 200 2147
180.162.109.37 - - [22/Aug/2022:10:48:47 +0800] "GET /xingrg/all/common/auto_word.html?type=employee&rest_code=00143 HTTP/1.1" 200 55
180.162.109.37 - - [22/Aug/2022:10:48:47 +0800] "GET /xingrg/javascript/easyui/themes/default/validatebox.css HTTP/1.1" 404 1104
180.162.109.37 - - [22/Aug/2022:10:48:47 +0800] "GET /xingrg/all/common/auto_word.html?type=employee&rest_code=00143 HTTP/1.1" 200 55
180.162.109.37 - - [22/Aug/2022:10:48:47 +0800] "GET /xingrg/javascript/easyui/plugins/jquery.validatebox.js HTTP/1.1" 304 -
180.162.109.37 - - [22/Aug/2022:10:48:47 +0800] "GET /xingrg/javascript/easyui/plugins/jquery.numberbox.js HTTP/1.1" 304 -
58.35.213.73 - - [22/Aug/2022:10:48:47 +0800] "POST /xingrg/services/DataTransmitService HTTP/1.1" 200 524
58.35.213.73 - - [22/Aug/2022:10:48:47 +0800] "POST /xingrg/services/DataTransmitService HTTP/1.1" 200 2147
58.35.213.73 - - [22/Aug/2022:10:48:48 +0800] "POST /xingrg/services/DataTransmitService HTTP/1.1" 200 524
180.162.109.37 - - [22/Aug/2022:10:48:48 +0800] "POST /xingrg/kc/buy/cgsh_order_operate.html HTTP/1.1" 200 11570
180.162.109.37 - - [22/Aug/2022:10:48:48 +0800] "GET /xingrg/javascript/easyui/themes/icons/edit_remove.png HTTP/1.1" 304 -
58.35.213.73 - - [22/Aug/2022:10:48:48 +0800] "POST /xingrg/services/DataTransmitService HTTP/1.1" 200 2147
58.35.213.73 - - [22/Aug/2022:10:48:48 +0800] "POST /xingrg/services/DataTransmitService HTTP/1.1" 200 524
58.35.213.73 - - [22/Aug/2022:10:48:48 +0800] "POST /xingrg/services/DataTransmitService HTTP/1.1" 200 2147
58.35.213.73 - - [22/Aug/2022:10:48:49 +0800] "POST /xingrg/services/DataTransmitService HTTP/1.1" 200 524
58.35.213.73 - - [22/Aug/2022:10:48:49 +0800] "POST /xingrg/services/DataTransmitService HTTP/1.1" 200 2147
58.35.213.73 - - [22/Aug/2022:10:48:49 +0800] "POST /xingrg/services/DataTransmitService HTTP/1.1" 200 524
58.35.213.73 - - [22/Aug/2022:10:48:49 +0800] "POST /xingrg/services/DataTransmitService HTTP/1.1" 200 2147
218.81.223.53 - - [22/Aug/2022:10:48:49 +0800] "GET /xingrg/check_reg.html?_=1661136531289 HTTP/1.1" 200 22
