114.86.187.244 - - [15/Aug/2022:09:17:47 +0800] "GET /xingrg/kc/buy/cgsh_order_operate.html?command=get_materiel&rest_code=00148&code=00101006065&supplier_code=00100010&order_time=2022-08-15 HTTP/1.1" 200 409
218.81.223.53 - - [15/Aug/2022:09:17:48 +0800] "GET /xingrg/kc/buy/cgsh_order_operate.html?command=get_materiel&rest_code=00146&code=00101008213&supplier_code=00100005&order_time=2022-08-15 HTTP/1.1" 200 412
114.86.187.244 - - [15/Aug/2022:09:17:56 +0800] "GET /xingrg/kc/buy/cgsh_order_operate.html?command=get_materiel&rest_code=00148&code=00101006144&supplier_code=00100010&order_time=2022-08-15 HTTP/1.1" 200 409
218.81.223.53 - - [15/Aug/2022:09:18:01 +0800] "GET /xingrg/kc/buy/cgsh_order_operate.html?command=get_materiel&rest_code=00146&code=00101008502&supplier_code=00100005&order_time=2022-08-15 HTTP/1.1" 200 412
116.224.123.211 - - [15/Aug/2022:09:18:06 +0800] "GET /xingrg/all/function/internal_message.html?_=1660526286247&CODE_STATE=getMsg HTTP/1.1" 200 27
116.232.194.65 - - [15/Aug/2022:09:18:09 +0800] "GET /xingrg/all/function/internal_message.html?_=1660526262592&CODE_STATE=getMsg HTTP/1.1" 200 27
114.86.187.244 - - [15/Aug/2022:09:18:10 +0800] "GET /xingrg/kc/buy/cgsh_order_operate.html?command=get_materiel&rest_code=00148&code=00101006174&supplier_code=00100010&order_time=2022-08-15 HTTP/1.1" 200 414
180.169.147.146 - - [15/Aug/2022:09:18:11 +0800] "GET /xingrg/all/function/internal_message.html?_=1660526291788&CODE_STATE=getMsg HTTP/1.1" 200 27
116.224.255.128 - - [15/Aug/2022:09:18:11 +0800] "GET /xingrg/kc/buy/cgsh_order_operate.html?command=get_materiel&rest_code=00151&code=00102007006&supplier_code=00100082&order_time=2022-08-15 HTTP/1.1" 200 408
114.86.187.244 - - [15/Aug/2022:09:18:14 +0800] "GET /xingrg/all/function/internal_message.html?_=1660526293854&CODE_STATE=getMsg HTTP/1.1" 200 27
101.83.146.132 - - [15/Aug/2022:09:18:15 +0800] "GET /xingrg/all/function/internal_message.html?_=1660526167191&CODE_STATE=getMsg HTTP/1.1" 200 27
114.86.187.244 - - [15/Aug/2022:09:18:17 +0800] "GET /xingrg/check_reg.html?_=1660526296737 HTTP/1.1" 200 22
120.253.135.82 - - [15/Aug/2022:09:18:17 +0800] "GET /xingrg/all/function/internal_message.html?_=1660526102725&CODE_STATE=getMsg HTTP/1.1" 200 27
222.69.129.110 - - [15/Aug/2022:09:18:18 +0800] "GET /xingrg/all/function/internal_message.html?_=1660526362249&CODE_STATE=getMsg HTTP/1.1" 200 27
114.86.187.244 - - [15/Aug/2022:09:18:19 +0800] "GET /xingrg/kc/buy/cgsh_order_operate.html?command=get_materiel&rest_code=00148&code=00101003024&supplier_code=00100010&order_time=2022-08-15 HTTP/1.1" 200 415
114.86.187.244 - - [15/Aug/2022:09:18:23 +0800] "GET /xingrg/all/function/internal_message.html?_=1660526303041&CODE_STATE=getMsg HTTP/1.1" 200 27
114.86.187.244 - - [15/Aug/2022:09:18:27 +0800] "POST /xingrg/kc/buy/cgsh_order_operate.html HTTP/1.1" 200 37
218.81.223.53 - - [15/Aug/2022:09:18:29 +0800] "GET /xingrg/kc/buy/cgsh_order_operate.html?command=get_materiel&rest_code=00146&code=00101008219&supplier_code=00100005&order_time=2022-08-15 HTTP/1.1" 200 412
114.86.187.244 - - [15/Aug/2022:09:18:30 +0800] "POST /xingrg/kc/buy/cgsh_order_operate.html HTTP/1.1" 200 6783
101.83.146.132 - - [15/Aug/2022:09:18:30 +0800] "GET /xingrg/check_reg.html?_=1660526310038 HTTP/1.1" 200 22
101.83.146.132 - - [15/Aug/2022:09:18:30 +0800] "GET /xingrg/all/function/internal_message.html?_=1660526310041&CODE_STATE=getMsg HTTP/1.1" 200 27
114.86.187.244 - - [15/Aug/2022:09:18:35 +0800] "GET /xingrg/check_reg.html?_=1660526314339 HTTP/1.1" 200 22
218.81.223.53 - - [15/Aug/2022:09:18:35 +0800] "GET /xingrg/check_reg.html?_=1660526315976 HTTP/1.1" 200 22
116.224.255.128 - - [15/Aug/2022:09:18:38 +0800] "GET /xingrg/all/function/internal_message.html?_=1660526254421&CODE_STATE=getMsg HTTP/1.1" 200 27
218.81.223.53 - - [15/Aug/2022:09:18:39 +0800] "GET /xingrg/all/function/internal_message.html?_=1660526320537&CODE_STATE=getMsg HTTP/1.1" 200 27
116.237.76.174 - - [15/Aug/2022:09:18:46 +0800] "GET /xingrg/all/function/internal_message.html?_=1660526329042&CODE_STATE=getMsg HTTP/1.1" 200 27
218.81.223.53 - - [15/Aug/2022:09:18:49 +0800] "GET /xingrg/kc/buy/cgsh_order_operate.html?command=get_materiel&rest_code=00146&code=00101008132&supplier_code=00100005&order_time=2022-08-15 HTTP/1.1" 200 408
218.81.223.53 - - [15/Aug/2022:09:19:03 +0800] "GET /xingrg/kc/buy/cgsh_order_operate.html?command=get_materiel&rest_code=00146&code=00101008290&supplier_code=00100005&order_time=2022-08-15 HTTP/1.1" 200 416
116.224.123.211 - - [15/Aug/2022:09:19:06 +0800] "GET /xingrg/check_reg.html?_=1660526346234 HTTP/1.1" 200 22
116.224.123.211 - - [15/Aug/2022:09:19:06 +0800] "GET /xingrg/all/function/internal_message.html?_=1660526346238&CODE_STATE=getMsg HTTP/1.1" 200 27
116.232.194.65 - - [15/Aug/2022:09:19:09 +0800] "GET /xingrg/all/function/internal_message.html?_=1660526322588&CODE_STATE=getMsg HTTP/1.1" 200 27
180.169.147.146 - - [15/Aug/2022:09:19:11 +0800] "GET /xingrg/all/function/internal_message.html?_=1660526351795&CODE_STATE=getMsg HTTP/1.1" 200 27
180.169.147.146 - - [15/Aug/2022:09:19:11 +0800] "GET /xingrg/check_reg.html?_=1660526351790 HTTP/1.1" 200 22
114.86.187.244 - - [15/Aug/2022:09:19:14 +0800] "GET /xingrg/all/function/internal_message.html?_=1660526353856&CODE_STATE=getMsg HTTP/1.1" 200 27
101.83.146.132 - - [15/Aug/2022:09:19:15 +0800] "GET /xingrg/all/function/internal_message.html?_=1660526227206&CODE_STATE=getMsg HTTP/1.1" 200 27
114.86.187.244 - - [15/Aug/2022:09:19:17 +0800] "GET /xingrg/kc/print/load_data.html?order_code=212022081504700&kc_code=cgsh&condition= HTTP/1.1" 200 2284
120.253.135.82 - - [15/Aug/2022:09:19:17 +0800] "GET /xingrg/all/function/internal_message.html?_=1660526162744&CODE_STATE=getMsg HTTP/1.1" 200 27
222.69.129.110 - - [15/Aug/2022:09:19:18 +0800] "GET /xingrg/all/function/internal_message.html?_=1660526422240&CODE_STATE=getMsg HTTP/1.1" 200 27
114.86.187.244 - - [15/Aug/2022:09:19:23 +0800] "GET /xingrg/all/function/internal_message.html?_=1660526363041&CODE_STATE=getMsg HTTP/1.1" 200 27
218.81.223.53 - - [15/Aug/2022:09:19:29 +0800] "GET /xingrg/kc/buy/cgsh_order_operate.html?command=get_materiel&rest_code=00146&code=00101008264&supplier_code=00100005&order_time=2022-08-15 HTTP/1.1" 200 412
101.83.146.132 - - [15/Aug/2022:09:19:30 +0800] "GET /xingrg/all/function/internal_message.html?_=1660526370040&CODE_STATE=getMsg HTTP/1.1" 200 27
218.81.223.53 - - [15/Aug/2022:09:19:35 +0800] "POST /xingrg/services/DataTransmitService HTTP/1.1" 200 524
218.81.223.53 - - [15/Aug/2022:09:19:35 +0800] "POST /xingrg/services/DataTransmitService HTTP/1.1" 200 2339
218.81.223.53 - - [15/Aug/2022:09:19:36 +0800] "POST /xingrg/services/DataTransmitService HTTP/1.1" 200 201472
116.224.255.128 - - [15/Aug/2022:09:19:38 +0800] "GET /xingrg/all/function/internal_message.html?_=1660526314442&CODE_STATE=getMsg HTTP/1.1" 200 27
218.81.223.53 - - [15/Aug/2022:09:19:39 +0800] "GET /xingrg/all/function/internal_message.html?_=1660526380552&CODE_STATE=getMsg HTTP/1.1" 200 27
116.224.255.128 - - [15/Aug/2022:09:19:42 +0800] "GET /xingrg/kc/buy/cgsh_order_operate.html?command=get_materiel&rest_code=00151&code=00102007124&supplier_code=00100082&order_time=2022-08-15 HTTP/1.1" 200 412
116.237.76.174 - - [15/Aug/2022:09:19:45 +0800] "GET /xingrg/check_reg.html?_=1660526388498 HTTP/1.1" 200 22
116.237.76.174 - - [15/Aug/2022:09:19:46 +0800] "GET /xingrg/all/function/internal_message.html?_=1660526389017&CODE_STATE=getMsg HTTP/1.1" 200 27
222.69.129.110 - - [15/Aug/2022:09:19:48 +0800] "POST /xingrg/kc/buy/cgsh_order_operate.html HTTP/1.1" 200 37
222.69.129.110 - - [15/Aug/2022:09:19:51 +0800] "POST /xingrg/kc/buy/cgsh_order_operate.html HTTP/1.1" 200 9807
218.81.223.53 - - [15/Aug/2022:09:19:55 +0800] "POST /xingrg/services/DataTransmitService HTTP/1.1" 200 524
218.81.223.53 - - [15/Aug/2022:09:19:56 +0800] "POST /xingrg/services/DataTransmitService HTTP/1.1" 200 497
116.224.255.128 - - [15/Aug/2022:09:19:57 +0800] "GET /xingrg/kc/buy/cgsh_order_operate.html?command=get_materiel&rest_code=00151&code=00102007018&supplier_code=00100082&order_time=2022-08-15 HTTP/1.1" 200 410
218.81.223.53 - - [15/Aug/2022:09:19:57 +0800] "POST /xingrg/services/DataTransmitService HTTP/1.1" 200 524
218.81.223.53 - - [15/Aug/2022:09:19:58 +0800] "POST /xingrg/services/DataTransmitService HTTP/1.1" 200 501
218.81.223.53 - - [15/Aug/2022:09:19:58 +0800] "POST /xingrg/services/DataTransmitService HTTP/1.1" 200 524
116.232.194.65 - - [15/Aug/2022:09:20:09 +0800] "GET /xingrg/check_reg.html?_=1660526382584 HTTP/1.1" 200 22
116.232.194.65 - - [15/Aug/2022:09:20:09 +0800] "GET /xingrg/all/function/internal_message.html?_=1660526382587&CODE_STATE=getMsg HTTP/1.1" 200 27
180.169.147.146 - - [15/Aug/2022:09:20:11 +0800] "GET /xingrg/all/function/internal_message.html?_=1660526411780&CODE_STATE=getMsg HTTP/1.1" 200 27
114.86.187.244 - - [15/Aug/2022:09:20:14 +0800] "GET /xingrg/check_reg.html?_=1660526413847 HTTP/1.1" 200 22
114.86.187.244 - - [15/Aug/2022:09:20:14 +0800] "GET /xingrg/all/function/internal_message.html?_=1660526413850&CODE_STATE=getMsg HTTP/1.1" 200 27
101.83.146.132 - - [15/Aug/2022:09:20:15 +0800] "GET /xingrg/all/function/internal_message.html?_=1660526287204&CODE_STATE=getMsg HTTP/1.1" 200 27
120.253.135.82 - - [15/Aug/2022:09:20:17 +0800] "GET /xingrg/all/function/internal_message.html?_=1660526222872&CODE_STATE=getMsg HTTP/1.1" 200 27
222.69.129.110 - - [15/Aug/2022:09:20:18 +0800] "GET /xingrg/all/function/internal_message.html?_=1660526482239&CODE_STATE=getMsg HTTP/1.1" 200 27
116.224.255.128 - - [15/Aug/2022:09:20:23 +0800] "GET /xingrg/kc/buy/cgsh_order_operate.html?command=get_materiel&rest_code=00151&code=00102007022&supplier_code=00100082&order_time=2022-08-15 HTTP/1.1" 200 409
114.86.187.244 - - [15/Aug/2022:09:20:23 +0800] "GET /xingrg/all/function/internal_message.html?_=1660526423025&CODE_STATE=getMsg HTTP/1.1" 200 27
218.81.223.53 - - [15/Aug/2022:09:20:28 +0800] "POST /xingrg/services/DataTransmitService HTTP/1.1" 200 501
218.81.223.53 - - [15/Aug/2022:09:20:28 +0800] "POST /xingrg/services/DataTransmitService HTTP/1.1" 200 501
218.81.223.53 - - [15/Aug/2022:09:20:29 +0800] "POST /xingrg/services/DataTransmitService HTTP/1.1" 200 501
218.81.223.53 - - [15/Aug/2022:09:20:30 +0800] "POST /xingrg/services/DataTransmitService HTTP/1.1" 200 501
101.83.146.132 - - [15/Aug/2022:09:20:30 +0800] "GET /xingrg/all/function/internal_message.html?_=1660526430041&CODE_STATE=getMsg HTTP/1.1" 200 27
218.81.223.53 - - [15/Aug/2022:09:20:31 +0800] "POST /xingrg/services/DataTransmitService HTTP/1.1" 200 501
218.81.223.53 - - [15/Aug/2022:09:20:31 +0800] "POST /xingrg/services/DataTransmitService HTTP/1.1" 200 501
218.81.223.53 - - [15/Aug/2022:09:20:32 +0800] "POST /xingrg/services/DataTransmitService HTTP/1.1" 200 501
218.81.223.53 - - [15/Aug/2022:09:20:32 +0800] "POST /xingrg/services/DataTransmitService HTTP/1.1" 200 501
218.81.223.53 - - [15/Aug/2022:09:20:33 +0800] "POST /xingrg/services/DataTransmitService HTTP/1.1" 200 501
218.81.223.53 - - [15/Aug/2022:09:20:33 +0800] "POST /xingrg/services/DataTransmitService HTTP/1.1" 200 412
116.232.194.65 - - [15/Aug/2022:09:20:37 +0800] "POST /xingrg/services/DataTransmitService HTTP/1.1" 200 524
116.224.255.128 - - [15/Aug/2022:09:20:38 +0800] "GET /xingrg/all/function/internal_message.html?_=1660526374452&CODE_STATE=getMsg HTTP/1.1" 200 27
218.81.223.53 - - [15/Aug/2022:09:20:39 +0800] "GET /xingrg/all/function/internal_message.html?_=1660526440563&CODE_STATE=getMsg HTTP/1.1" 200 27
116.237.76.174 - - [15/Aug/2022:09:20:46 +0800] "GET /xingrg/all/function/internal_message.html?_=1660526449003&CODE_STATE=getMsg HTTP/1.1" 200 27
218.81.223.53 - - [15/Aug/2022:09:20:53 +0800] "GET /xingrg/kc/buy/cgsh_order_operate.html?command=get_materiel&rest_code=00146&code=00101008300&supplier_code=00100005&order_time=2022-08-15 HTTP/1.1" 200 412
116.224.255.128 - - [15/Aug/2022:09:21:05 +0800] "GET /xingrg/kc/buy/cgsh_order_operate.html?command=get_materiel&rest_code=00151&code=00102007025&supplier_code=00100082&order_time=2022-08-15 HTTP/1.1" 200 412
218.81.223.53 - - [15/Aug/2022:09:21:07 +0800] "GET /xingrg/kc/buy/cgsh_order_operate.html?command=get_materiel&rest_code=00146&code=00101008098&supplier_code=00100005&order_time=2022-08-15 HTTP/1.1" 200 412
116.232.194.65 - - [15/Aug/2022:09:21:09 +0800] "GET /xingrg/all/function/internal_message.html?_=1660526442590&CODE_STATE=getMsg HTTP/1.1" 200 27
180.169.147.146 - - [15/Aug/2022:09:21:11 +0800] "GET /xingrg/all/function/internal_message.html?_=1660526471782&CODE_STATE=getMsg HTTP/1.1" 200 27
172.20.0.100 - - [15/Aug/2022:09:21:11 +0800] "GET /favicon.ico HTTP/1.1" 404 -
114.86.187.244 - - [15/Aug/2022:09:21:14 +0800] "GET /xingrg/all/function/internal_message.html?_=1660526473860&CODE_STATE=getMsg HTTP/1.1" 200 27
101.83.146.132 - - [15/Aug/2022:09:21:15 +0800] "GET /xingrg/check_reg.html?_=1660526347205 HTTP/1.1" 200 22
101.83.146.132 - - [15/Aug/2022:09:21:15 +0800] "GET /xingrg/all/function/internal_message.html?_=1660526347206&CODE_STATE=getMsg HTTP/1.1" 200 27
120.253.135.82 - - [15/Aug/2022:09:21:17 +0800] "GET /xingrg/all/function/internal_message.html?_=1660526282876&CODE_STATE=getMsg HTTP/1.1" 200 27
222.69.129.110 - - [15/Aug/2022:09:21:18 +0800] "GET /xingrg/check_reg.html?_=1660526542260 HTTP/1.1" 200 22
222.69.129.110 - - [15/Aug/2022:09:21:18 +0800] "GET /xingrg/all/function/internal_message.html?_=1660526542256&CODE_STATE=getMsg HTTP/1.1" 200 27
114.86.187.244 - - [15/Aug/2022:09:21:23 +0800] "GET /xingrg/all/function/internal_message.html?_=1660526482996&CODE_STATE=getMsg HTTP/1.1" 200 27
218.81.223.53 - - [15/Aug/2022:09:21:24 +0800] "GET /xingrg/kc/buy/cgsh_order_operate.html?command=get_materiel&rest_code=00146&code=00101008353&supplier_code=00100005&order_time=2022-08-15 HTTP/1.1" 200 408
116.224.255.128 - - [15/Aug/2022:09:21:30 +0800] "POST /xingrg/kc/buy/cgsh_order_operate.html HTTP/1.1" 200 37
101.83.146.132 - - [15/Aug/2022:09:21:30 +0800] "GET /xingrg/all/function/internal_message.html?_=1660526490041&CODE_STATE=getMsg HTTP/1.1" 200 27
116.224.255.128 - - [15/Aug/2022:09:21:36 +0800] "POST /xingrg/kc/buy/cgsh_order_operate.html HTTP/1.1" 200 4427
116.224.255.128 - - [15/Aug/2022:09:21:38 +0800] "GET /xingrg/check_reg.html?_=1660526434377 HTTP/1.1" 200 22
116.224.255.128 - - [15/Aug/2022:09:21:38 +0800] "GET /xingrg/all/function/internal_message.html?_=1660526434466&CODE_STATE=getMsg HTTP/1.1" 200 27
116.224.255.128 - - [15/Aug/2022:09:21:39 +0800] "GET /xingrg/kc/buy/cgsh_order_add.html HTTP/1.1" 200 67989
116.224.255.128 - - [15/Aug/2022:09:21:39 +0800] "POST /xingrg/kc/buy/cgsh_order_operate.html HTTP/1.1" 200 8245
116.224.255.128 - - [15/Aug/2022:09:21:39 +0800] "GET /xingrg/javascript/easyui/themes/default/validatebox.css HTTP/1.1" 404 1104
218.81.223.53 - - [15/Aug/2022:09:21:39 +0800] "GET /xingrg/all/function/internal_message.html?_=1660526500578&CODE_STATE=getMsg HTTP/1.1" 200 27
116.237.76.174 - - [15/Aug/2022:09:21:46 +0800] "GET /xingrg/all/function/internal_message.html?_=1660526508974&CODE_STATE=getMsg HTTP/1.1" 200 27
116.232.194.65 - - [15/Aug/2022:09:22:09 +0800] "GET /xingrg/all/function/internal_message.html?_=1660526502579&CODE_STATE=getMsg HTTP/1.1" 200 27
180.169.147.146 - - [15/Aug/2022:09:22:11 +0800] "GET /xingrg/all/function/internal_message.html?_=1660526531791&CODE_STATE=getMsg HTTP/1.1" 200 27
114.86.187.244 - - [15/Aug/2022:09:22:14 +0800] "GET /xingrg/all/function/internal_message.html?_=1660526533893&CODE_STATE=getMsg HTTP/1.1" 200 27
101.83.146.132 - - [15/Aug/2022:09:22:15 +0800] "GET /xingrg/all/function/internal_message.html?_=1660526407204&CODE_STATE=getMsg HTTP/1.1" 200 27
114.86.187.244 - - [15/Aug/2022:09:22:16 +0800] "POST /xingrg/kc/buy/cgsh_order_operate.html HTTP/1.1" 200 37
120.253.135.82 - - [15/Aug/2022:09:22:18 +0800] "GET /xingrg/all/function/internal_message.html?_=1660526342933&CODE_STATE=getMsg HTTP/1.1" 200 27
116.224.255.128 - - [15/Aug/2022:09:22:18 +0800] "GET /xingrg/kc/buy/cgsh_order_operate.html?command=get_materiel&rest_code=00151&code=00102002432&supplier_code=00100082&order_time=2022-08-15 HTTP/1.1" 200 428
222.69.129.110 - - [15/Aug/2022:09:22:18 +0800] "GET /xingrg/all/function/internal_message.html?_=1660526602259&CODE_STATE=getMsg HTTP/1.1" 200 27
114.86.187.244 - - [15/Aug/2022:09:22:19 +0800] "POST /xingrg/kc/buy/cgsh_order_operate.html HTTP/1.1" 200 6783
114.86.187.244 - - [15/Aug/2022:09:22:23 +0800] "GET /xingrg/all/function/internal_message.html?_=1660526542966&CODE_STATE=getMsg HTTP/1.1" 200 27
114.83.216.111 - - [15/Aug/2022:09:22:24 +0800] "GET /xingrg/login.html?sysBaseUrl=http%3A%2F%2F180.169.147.146%3A18081%2Fxingrg%2F&costTime=31×tamp=1615347190560 HTTP/1.1" 200 7641
114.86.187.244 - - [15/Aug/2022:09:22:25 +0800] "GET /xingrg/index.html?sysBaseUrl=http%3A%2F%2F180.169.147.146%3A18081%2Fxingrg%2F&costTime=44×tamp=1622098168715 HTTP/1.1" 200 17179
114.83.216.111 - - [15/Aug/2022:09:22:25 +0800] "GET /favicon.ico HTTP/1.1" 404 -
114.86.187.244 - - [15/Aug/2022:09:22:25 +0800] "GET /favicon.ico HTTP/1.1" 404 -
114.86.187.244 - - [15/Aug/2022:09:22:25 +0800] "POST /xingrg/all/common/load_tree.html?tree=area_rest_tree_json&manage=1 HTTP/1.1" 200 351
114.86.187.244 - - [15/Aug/2022:09:22:25 +0800] "GET /xingrg/all/function/internal_message.html?_=1660526545169&CODE_STATE=count HTTP/1.1" 200 11
114.86.187.244 - - [15/Aug/2022:09:22:25 +0800] "POST /xingrg/load_menu.html HTTP/1.1" 200 5138
114.86.187.244 - - [15/Aug/2022:09:22:25 +0800] "GET /xingrg/check_reg.html?_=1660526545170 HTTP/1.1" 200 22
114.86.187.244 - - [15/Aug/2022:09:22:27 +0800] "GET /xingrg/kc/buy/cgsh_order_list.html HTTP/1.1" 200 52603
114.86.187.244 - - [15/Aug/2022:09:22:29 +0800] "POST /xingrg/kc/buy/cgsh_list_operate.html HTTP/1.1" 200 1771
101.83.146.132 - - [15/Aug/2022:09:22:30 +0800] "GET /xingrg/all/function/internal_message.html?_=1660526550041&CODE_STATE=getMsg HTTP/1.1" 200 27
114.86.187.244 - - [15/Aug/2022:09:22:31 +0800] "POST /xingrg/kc/buy/cgsh_list_operate.html HTTP/1.1" 200 558
114.86.187.244 - - [15/Aug/2022:09:22:32 +0800] "GET /xingrg/kc/buy/cgsh_order_info.html?code=212022081504700 HTTP/1.1" 200 68382
114.86.187.244 - - [15/Aug/2022:09:22:32 +0800] "GET /xingrg/all/common/auto_word.html?type=employee&rest_code=00148 HTTP/1.1" 200 243
114.86.187.244 - - [15/Aug/2022:09:22:32 +0800] "GET /xingrg/all/common/auto_word.html?type=employee&rest_code=00148 HTTP/1.1" 200 243
114.86.187.244 - - [15/Aug/2022:09:22:32 +0800] "GET /xingrg/javascript/easyui/themes/default/validatebox.css HTTP/1.1" 404 1104
114.86.187.244 - - [15/Aug/2022:09:22:32 +0800] "POST /xingrg/kc/buy/cgsh_order_operate.html HTTP/1.1" 200 6783
114.83.216.111 - - [15/Aug/2022:09:22:33 +0800] "POST /xingrg/login.do HTTP/1.1" 302 -
114.83.216.111 - - [15/Aug/2022:09:22:33 +0800] "GET /xingrg/index.html?sysBaseUrl=http%3A%2F%2F180.169.147.146%3A18081%2Fxingrg%2F&costTime=52×tamp=1660526553405 HTTP/1.1" 200 17179
114.86.187.244 - - [15/Aug/2022:09:22:33 +0800] "GET /xingrg/kc/print/load_config.html?kc_code=cgsh HTTP/1.1" 200 1943
114.83.216.111 - - [15/Aug/2022:09:22:33 +0800] "GET /favicon.ico HTTP/1.1" 404 -
114.86.187.244 - - [15/Aug/2022:09:22:33 +0800] "GET /xingrg/kc/print/load_data.html?order_code=212022081504700&kc_code=cgsh&condition= HTTP/1.1" 200 2284
114.83.216.111 - - [15/Aug/2022:09:22:33 +0800] "POST /xingrg/all/common/load_tree.html?tree=area_rest_tree_json&manage=1 HTTP/1.1" 200 351
114.83.216.111 - - [15/Aug/2022:09:22:33 +0800] "POST /xingrg/load_menu.html HTTP/1.1" 200 5138
114.83.216.111 - - [15/Aug/2022:09:22:33 +0800] "GET /xingrg/check_reg.html?_=1660526551774 HTTP/1.1" 200 22
114.83.216.111 - - [15/Aug/2022:09:22:33 +0800] "GET /xingrg/all/function/internal_message.html?_=1660526551772&CODE_STATE=count HTTP/1.1" 200 11
116.224.255.128 - - [15/Aug/2022:09:22:36 +0800] "GET /xingrg/kc/buy/cgsh_order_operate.html?command=get_materiel&rest_code=00151&code=00102007122&supplier_code=00100082&order_time=2022-08-15 HTTP/1.1" 200 416
116.224.255.128 - - [15/Aug/2022:09:22:38 +0800] "GET /xingrg/all/function/internal_message.html?_=1660526494481&CODE_STATE=getMsg HTTP/1.1" 200 27
222.69.129.110 - - [15/Aug/2022:09:22:38 +0800] "POST /xingrg/kc/buy/cgsh_list_operate.html HTTP/1.1" 200 2052
218.81.223.53 - - [15/Aug/2022:09:22:39 +0800] "GET /xingrg/all/function/internal_message.html?_=1660526560591&CODE_STATE=getMsg HTTP/1.1" 200 27
222.69.129.110 - - [15/Aug/2022:09:22:40 +0800] "GET /xingrg/kc/buy/cgsh_order_add.html HTTP/1.1" 200 67583
222.69.129.110 - - [15/Aug/2022:09:22:40 +0800] "GET /xingrg/css/base.css HTTP/1.1" 200 2811
222.69.129.110 - - [15/Aug/2022:09:22:40 +0800] "GET /xingrg/javascript/jquery_tools/jquery.tools.min.js HTTP/1.1" 200 138801
222.69.129.110 - - [15/Aug/2022:09:22:40 +0800] "GET /xingrg/javascript/jquery_tools/jquery.tools.extend.js HTTP/1.1" 200 15385
222.69.129.110 - - [15/Aug/2022:09:22:40 +0800] "GET /xingrg/javascript/jquery_tools/jquery.tools.hotkey.js HTTP/1.1" 200 3242
222.69.129.110 - - [15/Aug/2022:09:22:40 +0800] "GET /xingrg/css/site.css HTTP/1.1" 200 7541
222.69.129.110 - - [15/Aug/2022:09:22:40 +0800] "GET /xingrg/javascript/jquery_tools/jquery.tools.table.js HTTP/1.1" 200 6994
222.69.129.110 - - [15/Aug/2022:09:22:40 +0800] "GET /xingrg/javascript/easyui/easyloader.js HTTP/1.1" 200 5975
222.69.129.110 - - [15/Aug/2022:09:22:40 +0800] "GET /xingrg/javascript/auto/jquery.autocomplete.js HTTP/1.1" 200 21624
222.69.129.110 - - [15/Aug/2022:09:22:40 +0800] "GET /xingrg/javascript/jquery.utils.js HTTP/1.1" 200 11805
222.69.129.110 - - [15/Aug/2022:09:22:40 +0800] "GET /xingrg/javascript/convert.js HTTP/1.1" 200 1239
222.69.129.110 - - [15/Aug/2022:09:22:40 +0800] "GET /xingrg/javascript/jquery_tools/order_manager.js HTTP/1.1" 200 11183
222.69.129.110 - - [15/Aug/2022:09:22:40 +0800] "GET /xingrg/javascript/jquery.cookie.js HTTP/1.1" 200 5513
222.69.129.110 - - [15/Aug/2022:09:22:40 +0800] "GET /xingrg/javascript/json2.js HTTP/1.1" 200 11259
222.69.129.110 - - [15/Aug/2022:09:22:40 +0800] "GET /xingrg/javascript/print/kc_print.js HTTP/1.1" 200 11415
222.69.129.110 - - [15/Aug/2022:09:22:40 +0800] "GET /xingrg/javascript/print/LodopFuncs.js HTTP/1.1" 200 5121
222.69.129.110 - - [15/Aug/2022:09:22:40 +0800] "GET /xingrg/javascript/easyui/themes/default/easyui.css HTTP/1.1" 200 30432
222.69.129.110 - - [15/Aug/2022:09:22:40 +0800] "GET /xingrg/javascript/jquery_tools/datebox.css HTTP/1.1" 200 2597
222.69.129.110 - - [15/Aug/2022:09:22:40 +0800] "GET /xingrg/javascript/easyui/themes/icon.css HTTP/1.1" 200 4483
222.69.129.110 - - [15/Aug/2022:09:22:40 +0800] "GET /xingrg/javascript/auto/jquery.autocomplete.css HTTP/1.1" 200 587
222.69.129.110 - - [15/Aug/2022:09:22:40 +0800] "GET /xingrg/javascript/jquery_tools/fix.css HTTP/1.1" 200 1702
222.69.129.110 - - [15/Aug/2022:09:22:40 +0800] "GET /xingrg/javascript/jquery_tools/table.css HTTP/1.1" 200 1032
222.69.129.110 - - [15/Aug/2022:09:22:40 +0800] "GET /xingrg/javascript/pic_change.js HTTP/1.1" 200 4739
222.69.129.110 - - [15/Aug/2022:09:22:40 +0800] "GET /xingrg/words/20220814143851_words.js HTTP/1.1" 200 913546
222.69.129.110 - - [15/Aug/2022:09:22:41 +0800] "GET /xingrg/javascript/easyui/plugins/jquery.parser.js HTTP/1.1" 200 1142
222.69.129.110 - - [15/Aug/2022:09:22:41 +0800] "POST /xingrg/kc/buy/cgsh_order_operate.html HTTP/1.1" 200 8245
222.69.129.110 - - [15/Aug/2022:09:22:41 +0800] "GET /xingrg/all/common/auto_word.html?type=employee&rest_code=00154 HTTP/1.1" 200 101
222.69.129.110 - - [15/Aug/2022:09:22:41 +0800] "GET /xingrg/all/common/auto_word.html?type=employee&rest_code=00154 HTTP/1.1" 200 101
222.69.129.110 - - [15/Aug/2022:09:22:41 +0800] "GET /xingrg/javascript/easyui/themes/default/validatebox.css HTTP/1.1" 404 1104
222.69.129.110 - - [15/Aug/2022:09:22:41 +0800] "GET /xingrg/javascript/easyui/plugins/jquery.validatebox.js HTTP/1.1" 200 6103
222.69.129.110 - - [15/Aug/2022:09:22:41 +0800] "GET /xingrg/javascript/easyui/plugins/jquery.numberbox.js HTTP/1.1" 200 5213
116.237.76.174 - - [15/Aug/2022:09:22:46 +0800] "GET /xingrg/all/function/internal_message.html?_=1660526568943&CODE_STATE=getMsg HTTP/1.1" 200 27
116.224.255.128 - - [15/Aug/2022:09:22:48 +0800] "POST /xingrg/kc/buy/cgsh_order_operate.html HTTP/1.1" 200 37
218.81.223.53 - - [15/Aug/2022:09:22:49 +0800] "GET /xingrg/kc/buy/cgsh_order_operate.html?command=get_materiel&rest_code=00146&code=00101008331&supplier_code=00100005&order_time=2022-08-15 HTTP/1.1" 200 416
116.224.255.128 - - [15/Aug/2022:09:22:52 +0800] "POST /xingrg/kc/buy/cgsh_order_operate.html HTTP/1.1" 200 4423
218.81.223.53 - - [15/Aug/2022:09:22:57 +0800] "POST /xingrg/kc/buy/cgsh_order_operate.html HTTP/1.1" 200 2065
218.81.223.53 - - [15/Aug/2022:09:23:08 +0800] "GET /xingrg/kc/buy/cgsh_order_operate.html?command=get_materiel&rest_code=00146&code=00101008185&supplier_code=00100005&order_time=2022-08-15 HTTP/1.1" 200 408
116.232.194.65 - - [15/Aug/2022:09:23:09 +0800] "GET /xingrg/all/function/internal_message.html?_=1660526562595&CODE_STATE=getMsg HTTP/1.1" 200 27
180.169.147.146 - - [15/Aug/2022:09:23:11 +0800] "GET /xingrg/all/function/internal_message.html?_=1660526591790&CODE_STATE=getMsg HTTP/1.1" 200 27
101.83.146.132 - - [15/Aug/2022:09:23:15 +0800] "GET /xingrg/all/function/internal_message.html?_=1660526467202&CODE_STATE=getMsg HTTP/1.1" 200 27
114.86.187.244 - - [15/Aug/2022:09:23:17 +0800] "GET /xingrg/check_reg.html?_=1660526596717 HTTP/1.1" 200 22
222.69.129.110 - - [15/Aug/2022:09:23:18 +0800] "GET /xingrg/all/function/internal_message.html?_=1660526662245&CODE_STATE=getMsg HTTP/1.1" 200 27
114.86.187.244 - - [15/Aug/2022:09:23:23 +0800] "GET /xingrg/all/function/internal_message.html?_=1660526602937&CODE_STATE=getMsg HTTP/1.1" 200 27
218.81.223.53 - - [15/Aug/2022:09:23:24 +0800] "GET /xingrg/kc/buy/cgsh_order_operate.html?command=get_materiel&rest_code=00146&code=00101008010&supplier_code=00100005&order_time=2022-08-15 HTTP/1.1" 200 412
114.86.187.244 - - [15/Aug/2022:09:23:25 +0800] "GET /xingrg/all/function/internal_message.html?_=1660526605184&CODE_STATE=getMsg HTTP/1.1" 200 27
222.69.129.110 - - [15/Aug/2022:09:23:28 +0800] "GET /xingrg/kc/buy/cgsh_order_operate.html?command=get_materiel&rest_code=00154&code=00101008144&supplier_code=00100417&order_time=2022-08-15 HTTP/1.1" 200 412
101.83.146.132 - - [15/Aug/2022:09:23:30 +0800] "GET /xingrg/all/function/internal_message.html?_=1660526610043&CODE_STATE=getMsg HTTP/1.1" 200 27
101.83.146.132 - - [15/Aug/2022:09:23:30 +0800] "GET /xingrg/check_reg.html?_=1660526610042 HTTP/1.1" 200 22
114.83.216.111 - - [15/Aug/2022:09:23:33 +0800] "GET /xingrg/all/function/internal_message.html?_=1660526611787&CODE_STATE=getMsg HTTP/1.1" 200 27
114.86.187.244 - - [15/Aug/2022:09:23:35 +0800] "GET /xingrg/check_reg.html?_=1660526614347 HTTP/1.1" 200 22
218.81.223.53 - - [15/Aug/2022:09:23:35 +0800] "GET /xingrg/check_reg.html?_=1660526615974 HTTP/1.1" 200 22
116.224.255.128 - - [15/Aug/2022:09:23:36 +0800] "GET /xingrg/kc/buy/cgsh_order_add.html HTTP/1.1" 200 67989
116.224.255.128 - - [15/Aug/2022:09:23:36 +0800] "POST /xingrg/kc/buy/cgsh_order_operate.html HTTP/1.1" 200 8245
116.224.255.128 - - [15/Aug/2022:09:23:36 +0800] "GET /xingrg/javascript/easyui/themes/default/validatebox.css HTTP/1.1" 404 1104
116.224.255.128 - - [15/Aug/2022:09:23:38 +0800] "GET /xingrg/all/function/internal_message.html?_=1660526554493&CODE_STATE=getMsg HTTP/1.1" 200 27
218.81.223.53 - - [15/Aug/2022:09:23:39 +0800] "GET /xingrg/kc/buy/cgsh_order_operate.html?command=get_materiel&rest_code=00146&code=00101008096&supplier_code=00100005&order_time=2022-08-15 HTTP/1.1" 200 413
218.81.223.53 - - [15/Aug/2022:09:23:39 +0800] "GET /xingrg/all/function/internal_message.html?_=1660526620618&CODE_STATE=getMsg HTTP/1.1" 200 27
222.69.129.110 - - [15/Aug/2022:09:23:45 +0800] "GET /xingrg/kc/buy/cgsh_order_operate.html?command=get_materiel&rest_code=00154&code=00101008210&supplier_code=00100417&order_time=2022-08-15 HTTP/1.1" 200 408
116.237.76.174 - - [15/Aug/2022:09:23:46 +0800] "GET /xingrg/all/function/internal_message.html?_=1660526628914&CODE_STATE=getMsg HTTP/1.1" 200 27
116.224.255.128 - - [15/Aug/2022:09:23:47 +0800] "GET /xingrg/kc/buy/cgsh_order_operate.html?command=get_materiel&rest_code=00151&code=00101008323&supplier_code=00100008&order_time=2022-08-15 HTTP/1.1" 200 408
218.81.223.53 - - [15/Aug/2022:09:23:56 +0800] "GET /xingrg/kc/buy/cgsh_order_operate.html?command=get_materiel&rest_code=00146&code=00101008403&supplier_code=00100005&order_time=2022-08-15 HTTP/1.1" 200 412
116.232.194.65 - - [15/Aug/2022:09:24:09 +0800] "GET /xingrg/all/function/internal_message.html?_=1660526622594&CODE_STATE=getMsg HTTP/1.1" 200 27
180.169.147.146 - - [15/Aug/2022:09:24:11 +0800] "GET /xingrg/all/function/internal_message.html?_=1660526651790&CODE_STATE=getMsg HTTP/1.1" 200 27
180.169.147.146 - - [15/Aug/2022:09:24:11 +0800] "GET /xingrg/check_reg.html?_=1660526651797 HTTP/1.1" 200 22
222.69.129.110 - - [15/Aug/2022:09:24:11 +0800] "GET /xingrg/kc/buy/cgsh_order_operate.html?command=get_materiel&rest_code=00154&code=00101008155&supplier_code=00100417&order_time=2022-08-15 HTTP/1.1" 200 408
218.81.223.53 - - [15/Aug/2022:09:24:12 +0800] "GET /xingrg/kc/buy/cgsh_order_operate.html?command=get_materiel&rest_code=00146&code=00101012067&supplier_code=00100005&order_time=2022-08-15 HTTP/1.1" 200 405
218.81.223.53 - - [15/Aug/2022:09:24:15 +0800] "POST /xingrg/kc/buy/cgsh_order_operate.html HTTP/1.1" 200 2065
101.83.146.132 - - [15/Aug/2022:09:24:15 +0800] "GET /xingrg/all/function/internal_message.html?_=1660526527226&CODE_STATE=getMsg HTTP/1.1" 200 27
222.69.129.110 - - [15/Aug/2022:09:24:18 +0800] "GET /xingrg/all/function/internal_message.html?_=1660526722252&CODE_STATE=getMsg HTTP/1.1" 200 27
101.80.228.36 - - [15/Aug/2022:09:24:19 +0800] "GET /xingrg/kc/base/wldb_order_info.html?code=422022081501212 HTTP/1.1" 200 26242
101.80.228.36 - - [15/Aug/2022:09:24:20 +0800] "GET /xingrg/javascript/easyui/themes/default/validatebox.css HTTP/1.1" 404 1104
101.80.228.36 - - [15/Aug/2022:09:24:20 +0800] "POST /xingrg/kc/base/wldb_order_operate.html HTTP/1.1" 200 475
101.80.228.36 - - [15/Aug/2022:09:24:21 +0800] "GET /xingrg/kc/mdqp/qqps_order_list.html HTTP/1.1" 200 9222
101.80.228.36 - - [15/Aug/2022:09:24:21 +0800] "GET /xingrg/dwr/interface/AjaxQqpsService.js HTTP/1.1" 200 16326
101.80.228.36 - - [15/Aug/2022:09:24:21 +0800] "GET /xingrg/dwr/interface/AjaxReportQueryService.js HTTP/1.1" 200 13203
101.80.228.36 - - [15/Aug/2022:09:24:21 +0800] "GET /xingrg/dwr/engine.js HTTP/1.1" 200 43631
101.80.228.36 - - [15/Aug/2022:09:24:21 +0800] "GET /xingrg/dwr/util.js HTTP/1.1" 304 -
114.86.187.244 - - [15/Aug/2022:09:24:23 +0800] "GET /xingrg/all/function/internal_message.html?_=1660526662913&CODE_STATE=getMsg HTTP/1.1" 200 27
101.80.228.36 - - [15/Aug/2022:09:24:24 +0800] "GET /xingrg/kc/mdqp/qqps_order_add.html HTTP/1.1" 200 28231
101.80.228.36 - - [15/Aug/2022:09:24:25 +0800] "GET /xingrg/dwr/interface/AjaxQqpsService.js HTTP/1.1" 200 16326
101.80.228.36 - - [15/Aug/2022:09:24:25 +0800] "GET /xingrg/dwr/interface/AjaxComOrderService.js HTTP/1.1" 200 18264
101.80.228.36 - - [15/Aug/2022:09:24:25 +0800] "GET /xingrg/dwr/engine.js HTTP/1.1" 200 43631
114.86.187.244 - - [15/Aug/2022:09:24:25 +0800] "GET /xingrg/all/function/internal_message.html?_=1660526665183&CODE_STATE=getMsg HTTP/1.1" 200 27
218.81.223.53 - - [15/Aug/2022:09:24:27 +0800] "GET /xingrg/kc/buy/cgsh_order_operate.html?command=get_materiel&rest_code=00146&code=00101008361&supplier_code=00100005&order_time=2022-08-15 HTTP/1.1" 200 408
101.83.146.132 - - [15/Aug/2022:09:24:30 +0800] "GET /xingrg/all/function/internal_message.html?_=1660526670067&CODE_STATE=getMsg HTTP/1.1" 200 27
114.83.216.111 - - [15/Aug/2022:09:24:33 +0800] "GET /xingrg/all/function/internal_message.html?_=1660526671782&CODE_STATE=getMsg HTTP/1.1" 200 27
101.80.228.36 - - [15/Aug/2022:09:24:35 +0800] "GET /xingrg/all/function/internal_message.html?_=1660526672523&CODE_STATE=getMsg HTTP/1.1" 200 27
116.224.255.128 - - [15/Aug/2022:09:24:38 +0800] "GET /xingrg/all/function/internal_message.html?_=1660526614507&CODE_STATE=getMsg HTTP/1.1" 200 27
218.81.223.53 - - [15/Aug/2022:09:24:39 +0800] "GET /xingrg/all/function/internal_message.html?_=1660526680619&CODE_STATE=getMsg HTTP/1.1" 200 27
222.69.129.110 - - [15/Aug/2022:09:24:45 +0800] "GET /xingrg/kc/buy/cgsh_order_operate.html?command=get_materiel&rest_code=00154&code=00101008371&supplier_code=00100417&order_time=2022-08-15 HTTP/1.1" 200 413
116.237.76.174 - - [15/Aug/2022:09:24:45 +0800] "GET /xingrg/check_reg.html?_=1660526688479 HTTP/1.1" 200 22
116.237.76.174 - - [15/Aug/2022:09:24:46 +0800] "GET /xingrg/all/function/internal_message.html?_=1660526688889&CODE_STATE=getMsg HTTP/1.1" 200 27
218.81.223.53 - - [15/Aug/2022:09:24:53 +0800] "GET /xingrg/kc/buy/cgsh_order_operate.html?command=get_materiel&rest_code=00146&code=00101008004&supplier_code=00100005&order_time=2022-08-15 HTTP/1.1" 200 416
101.80.228.36 - - [15/Aug/2022:09:24:55 +0800] "POST /xingrg/dwr/call/plaincall/AjaxQqpsService.saveOrder.dwr HTTP/1.1" 200 78
222.69.129.110 - - [15/Aug/2022:09:25:04 +0800] "GET /xingrg/kc/buy/cgsh_order_operate.html?command=get_materiel&rest_code=00154&code=00101015126&supplier_code=00100417&order_time=2022-08-15 HTTP/1.1" 200 413
116.232.194.65 - - [15/Aug/2022:09:25:09 +0800] "GET /xingrg/check_reg.html?_=1660526682581 HTTP/1.1" 200 22
116.232.194.65 - - [15/Aug/2022:09:25:09 +0800] "GET /xingrg/all/function/internal_message.html?_=1660526682582&CODE_STATE=getMsg HTTP/1.1" 200 27
180.169.147.146 - - [15/Aug/2022:09:25:11 +0800] "GET /xingrg/all/function/internal_message.html?_=1660526711797&CODE_STATE=getMsg HTTP/1.1" 200 27
101.83.146.132 - - [15/Aug/2022:09:25:15 +0800] "GET /xingrg/all/function/internal_message.html?_=1660526587224&CODE_STATE=getMsg HTTP/1.1" 200 27
222.69.129.110 - - [15/Aug/2022:09:25:18 +0800] "GET /xingrg/all/function/internal_message.html?_=1660526782249&CODE_STATE=getMsg HTTP/1.1" 200 27
222.69.129.110 - - [15/Aug/2022:09:25:19 +0800] "GET /xingrg/kc/buy/cgsh_order_operate.html?command=get_materiel&rest_code=00154&code=00101012029&supplier_code=00100417&order_time=2022-08-15 HTTP/1.1" 200 412
218.81.223.53 - - [15/Aug/2022:09:25:20 +0800] "GET /xingrg/kc/buy/cgsh_order_operate.html?command=get_materiel&rest_code=00146&code=00101008077&supplier_code=00100005&order_time=2022-08-15 HTTP/1.1" 200 416
114.86.187.244 - - [15/Aug/2022:09:25:21 +0800] "GET /xingrg/kc/buy/cgsh_order_add.html HTTP/1.1" 200 68373
114.86.187.244 - - [15/Aug/2022:09:25:21 +0800] "POST /xingrg/kc/buy/cgsh_order_operate.html HTTP/1.1" 200 8245
114.86.187.244 - - [15/Aug/2022:09:25:21 +0800] "GET /xingrg/javascript/easyui/themes/default/validatebox.css HTTP/1.1" 404 1104
114.86.187.244 - - [15/Aug/2022:09:25:23 +0800] "GET /xingrg/all/function/internal_message.html?_=1660526722898&CODE_STATE=getMsg HTTP/1.1" 200 27
114.86.187.244 - - [15/Aug/2022:09:25:23 +0800] "GET /xingrg/javascript/auto/indicator.gif HTTP/1.1" 404 1066
114.86.187.244 - - [15/Aug/2022:09:25:24 +0800] "GET /xingrg/javascript/jquery_tools/images/prev.gif HTTP/1.1" 404 1086
114.86.187.244 - - [15/Aug/2022:09:25:24 +0800] "GET /xingrg/javascript/jquery_tools/images/next.gif HTTP/1.1" 404 1086
218.81.223.53 - - [15/Aug/2022:09:25:24 +0800] "POST /xingrg/kc/buy/cgsh_order_operate.html HTTP/1.1" 200 2065
114.86.187.244 - - [15/Aug/2022:09:25:25 +0800] "GET /xingrg/all/function/internal_message.html?_=1660526725207&CODE_STATE=getMsg HTTP/1.1" 200 27
101.83.146.132 - - [15/Aug/2022:09:25:30 +0800] "GET /xingrg/all/function/internal_message.html?_=1660526730065&CODE_STATE=getMsg HTTP/1.1" 200 27
114.83.216.111 - - [15/Aug/2022:09:25:33 +0800] "GET /xingrg/all/function/internal_message.html?_=1660526731785&CODE_STATE=getMsg HTTP/1.1" 200 27
114.86.187.244 - - [15/Aug/2022:09:25:33 +0800] "GET /xingrg/kc/buy/cgsh_order_operate.html?command=get_materiel&rest_code=00148&code=00101007081&supplier_code=00100004&order_time=2022-08-15 HTTP/1.1" 200 413
101.80.228.36 - - [15/Aug/2022:09:25:35 +0800] "GET /xingrg/check_reg.html?_=1660526732495 HTTP/1.1" 200 22
101.80.228.36 - - [15/Aug/2022:09:25:35 +0800] "GET /xingrg/all/function/internal_message.html?_=1660526732497&CODE_STATE=getMsg HTTP/1.1" 200 27
218.81.223.53 - - [15/Aug/2022:09:25:38 +0800] "GET /xingrg/kc/buy/cgsh_order_operate.html?command=get_materiel&rest_code=00146&code=00101008196&supplier_code=00100005&order_time=2022-08-15 HTTP/1.1" 200 416
116.224.255.128 - - [15/Aug/2022:09:25:38 +0800] "GET /xingrg/all/function/internal_message.html?_=1660526674521&CODE_STATE=getMsg HTTP/1.1" 200 27
218.81.223.53 - - [15/Aug/2022:09:25:40 +0800] "GET /xingrg/all/function/internal_message.html?_=1660526740632&CODE_STATE=getMsg HTTP/1.1" 200 27
101.80.228.36 - - [15/Aug/2022:09:25:40 +0800] "POST /xingrg/dwr/call/plaincall/AjaxQqpsService.getMaterielByCode.dwr HTTP/1.1" 200 2807
116.237.76.174 - - [15/Aug/2022:09:25:46 +0800] "GET /xingrg/all/function/internal_message.html?_=1660526748885&CODE_STATE=getMsg HTTP/1.1" 200 27
116.224.255.128 - - [15/Aug/2022:09:25:47 +0800] "GET /xingrg/kc/buy/cgsh_order_operate.html?command=get_materiel&rest_code=00151&code=00101008072&supplier_code=00100008&order_time=2022-08-15 HTTP/1.1" 200 408
218.81.223.53 - - [15/Aug/2022:09:25:51 +0800] "GET /xingrg/kc/buy/cgsh_order_operate.html?command=get_materiel&rest_code=00146&code=00101008197&supplier_code=00100005&order_time=2022-08-15 HTTP/1.1" 200 416
222.69.129.110 - - [15/Aug/2022:09:25:55 +0800] "GET /xingrg/kc/buy/cgsh_order_operate.html?command=get_materiel&rest_code=00154&code=00101008108&supplier_code=00100417&order_time=2022-08-15 HTTP/1.1" 200 412
116.224.255.128 - - [15/Aug/2022:09:26:00 +0800] "GET /xingrg/kc/buy/cgsh_order_operate.html?command=get_materiel&rest_code=00151&code=00101008080&supplier_code=00100008&order_time=2022-08-15 HTTP/1.1" 200 416
114.86.187.244 - - [15/Aug/2022:09:26:03 +0800] "GET /xingrg/kc/buy/cgsh_order_operate.html?command=get_materiel&rest_code=00148&code=00101007049&supplier_code=00100004&order_time=2022-08-15 HTTP/1.1" 200 409
218.81.223.53 - - [15/Aug/2022:09:26:03 +0800] "GET /xingrg/kc/buy/cgsh_order_operate.html?command=get_materiel&rest_code=00146&code=00101008357&supplier_code=00100005&order_time=2022-08-15 HTTP/1.1" 200 408
222.69.129.110 - - [15/Aug/2022:09:26:07 +0800] "GET /xingrg/kc/buy/cgsh_order_operate.html?command=get_materiel&rest_code=00154&code=00101008152&supplier_code=00100417&order_time=2022-08-15 HTTP/1.1" 200 408
116.224.255.128 - - [15/Aug/2022:09:26:08 +0800] "GET /xingrg/kc/buy/cgsh_order_operate.html?command=get_materiel&rest_code=00151&code=00101008350&supplier_code=00100008&order_time=2022-08-15 HTTP/1.1" 200 408
116.232.194.65 - - [15/Aug/2022:09:26:09 +0800] "GET /xingrg/all/function/internal_message.html?_=1660526742588&CODE_STATE=getMsg HTTP/1.1" 200 27
101.80.228.36 - - [15/Aug/2022:09:26:10 +0800] "POST /xingrg/dwr/call/plaincall/AjaxQqpsService.saveMaterielItem.dwr HTTP/1.1" 200 78
180.169.147.146 - - [15/Aug/2022:09:26:11 +0800] "GET /xingrg/all/function/internal_message.html?_=1660526771799&CODE_STATE=getMsg HTTP/1.1" 200 27
114.86.187.244 - - [15/Aug/2022:09:26:15 +0800] "GET /xingrg/kc/buy/cgsh_order_operate.html?command=get_materiel&rest_code=00148&code=00101007061&supplier_code=00100004&order_time=2022-08-15 HTTP/1.1" 200 409
101.83.146.132 - - [15/Aug/2022:09:26:15 +0800] "GET /xingrg/all/function/internal_message.html?_=1660526647223&CODE_STATE=getMsg HTTP/1.1" 200 27
101.83.146.132 - - [15/Aug/2022:09:26:15 +0800] "GET /xingrg/check_reg.html?_=1660526647224 HTTP/1.1" 200 22
218.81.223.53 - - [15/Aug/2022:09:26:16 +0800] "GET /xingrg/kc/buy/cgsh_order_operate.html?command=get_materiel&rest_code=00146&code=00101008069&supplier_code=00100005&order_time=2022-08-15 HTTP/1.1" 200 412
222.69.129.110 - - [15/Aug/2022:09:26:18 +0800] "GET /xingrg/all/function/internal_message.html?_=1660526842261&CODE_STATE=getMsg HTTP/1.1" 200 27
222.69.129.110 - - [15/Aug/2022:09:26:18 +0800] "GET /xingrg/check_reg.html?_=1660526842265 HTTP/1.1" 200 22
222.69.129.110 - - [15/Aug/2022:09:26:20 +0800] "GET /xingrg/kc/buy/cgsh_order_operate.html?command=get_materiel&rest_code=00154&code=00101008361&supplier_code=00100417&order_time=2022-08-15 HTTP/1.1" 200 408
116.224.255.128 - - [15/Aug/2022:09:26:20 +0800] "GET /xingrg/kc/buy/cgsh_order_operate.html?command=get_materiel&rest_code=00151&code=00101008017&supplier_code=00100008&order_time=2022-08-15 HTTP/1.1" 200 416
114.86.187.244 - - [15/Aug/2022:09:26:23 +0800] "GET /xingrg/all/function/internal_message.html?_=1660526782884&CODE_STATE=getMsg HTTP/1.1" 200 27
114.86.187.244 - - [15/Aug/2022:09:26:25 +0800] "GET /xingrg/all/function/internal_message.html?_=1660526785207&CODE_STATE=getMsg HTTP/1.1" 200 27
101.80.228.36 - - [15/Aug/2022:09:26:26 +0800] "POST /xingrg/dwr/call/plaincall/AjaxQqpsService.getMaterielByCode.dwr HTTP/1.1" 200 2880
114.86.187.244 - - [15/Aug/2022:09:26:27 +0800] "GET /xingrg/kc/buy/cgsh_order_operate.html?command=get_materiel&rest_code=00148&code=00101007038&supplier_code=00100004&order_time=2022-08-15 HTTP/1.1" 200 440
218.81.223.53 - - [15/Aug/2022:09:26:30 +0800] "GET /xingrg/kc/buy/cgsh_order_operate.html?command=get_materiel&rest_code=00146&code=00101008131&supplier_code=00100005&order_time=2022-08-15 HTTP/1.1" 200 408
222.69.129.110 - - [15/Aug/2022:09:26:30 +0800] "GET /xingrg/kc/buy/cgsh_order_operate.html?command=get_materiel&rest_code=00154&code=00101012070&supplier_code=00100417&order_time=2022-08-15 HTTP/1.1" 200 412
101.83.146.132 - - [15/Aug/2022:09:26:30 +0800] "GET /xingrg/all/function/internal_message.html?_=1660526790064&CODE_STATE=getMsg HTTP/1.1" 200 27
116.224.255.128 - - [15/Aug/2022:09:26:32 +0800] "GET /xingrg/kc/buy/cgsh_order_operate.html?command=get_materiel&rest_code=00151&code=00101008083&supplier_code=00100008&order_time=2022-08-15 HTTP/1.1" 200 427
114.83.216.111 - - [15/Aug/2022:09:26:33 +0800] "GET /xingrg/all/function/internal_message.html?_=1660526791799&CODE_STATE=getMsg HTTP/1.1" 200 27
116.224.255.128 - - [15/Aug/2022:09:26:34 +0800] "POST /xingrg/all/common/load_select.html HTTP/1.1" 200 25
114.86.187.244 - - [15/Aug/2022:09:26:34 +0800] "POST /xingrg/kc/buy/cgsh_order_operate.html HTTP/1.1" 200 37
101.80.228.36 - - [15/Aug/2022:09:26:35 +0800] "GET /xingrg/all/function/internal_message.html?_=1660526792465&CODE_STATE=getMsg HTTP/1.1" 200 27
114.86.187.244 - - [15/Aug/2022:09:26:36 +0800] "POST /xingrg/kc/buy/cgsh_order_operate.html HTTP/1.1" 200 4429
114.86.187.244 - - [15/Aug/2022:09:26:37 +0800] "GET /xingrg/kc/print/load_data.html?order_code=212022081504703&kc_code=cgsh&condition= HTTP/1.1" 200 1394
101.80.228.36 - - [15/Aug/2022:09:26:37 +0800] "POST /xingrg/dwr/call/plaincall/AjaxQqpsService.saveMaterielItem.dwr HTTP/1.1" 200 78
116.224.255.128 - - [15/Aug/2022:09:26:38 +0800] "GET /xingrg/check_reg.html?_=1660526734378 HTTP/1.1" 200 22
116.224.255.128 - - [15/Aug/2022:09:26:38 +0800] "GET /xingrg/all/function/internal_message.html?_=1660526734534&CODE_STATE=getMsg HTTP/1.1" 200 27
116.224.255.128 - - [15/Aug/2022:09:26:38 +0800] "GET /xingrg/kc/buy/cgsh_order_operate.html?command=get_materiel_price&rest_code=00151&code=00101008083&unit_code=00100026&supplier_code=00100008&order_time=2022-08-15 HTTP/1.1" 200 27
222.69.129.110 - - [15/Aug/2022:09:26:39 +0800] "GET /xingrg/kc/buy/cgsh_order_operate.html?command=get_materiel&rest_code=00154&code=00101008259&supplier_code=00100417&order_time=2022-08-15 HTTP/1.1" 200 408
218.81.223.53 - - [15/Aug/2022:09:26:40 +0800] "GET /xingrg/all/function/internal_message.html?_=1660526800645&CODE_STATE=getMsg HTTP/1.1" 200 27
114.86.187.244 - - [15/Aug/2022:09:26:44 +0800] "GET /xingrg/kc/buy/cgsh_order_list.html HTTP/1.1" 200 52603
116.237.76.174 - - [15/Aug/2022:09:26:46 +0800] "GET /xingrg/all/function/internal_message.html?_=1660526808854&CODE_STATE=getMsg HTTP/1.1" 200 27
114.86.187.244 - - [15/Aug/2022:09:26:46 +0800] "POST /xingrg/kc/buy/cgsh_list_operate.html HTTP/1.1" 200 2084
222.70.182.94 - - [15/Aug/2022:09:26:47 +0800] "GET /xingrg/check_reg.html?_=1660526805766 HTTP/1.1" 200 22
116.224.255.128 - - [15/Aug/2022:09:26:51 +0800] "GET /xingrg/kc/buy/cgsh_order_operate.html?command=get_materiel&rest_code=00151&code=00101008084&supplier_code=00100008&order_time=2022-08-15 HTTP/1.1" 200 413
222.69.129.110 - - [15/Aug/2022:09:26:51 +0800] "GET /xingrg/kc/buy/cgsh_order_operate.html?command=get_materiel&rest_code=00154&code=00101008264&supplier_code=00100417&order_time=2022-08-15 HTTP/1.1" 200 412
116.224.255.128 - - [15/Aug/2022:09:27:01 +0800] "GET /xingrg/kc/buy/cgsh_order_operate.html?command=get_materiel&rest_code=00151&code=00101008370&supplier_code=00100008&order_time=2022-08-15 HTTP/1.1" 200 412
222.69.129.110 - - [15/Aug/2022:09:27:02 +0800] "GET /xingrg/kc/buy/cgsh_order_operate.html?command=get_materiel&rest_code=00154&code=00101008268&supplier_code=00100417&order_time=2022-08-15 HTTP/1.1" 200 408
218.81.223.53 - - [15/Aug/2022:09:27:08 +0800] "GET /xingrg/kc/buy/cgsh_order_operate.html?command=get_materiel&rest_code=00146&code=00101008318&supplier_code=00100005&order_time=2022-08-15 HTTP/1.1" 200 408
116.232.194.65 - - [15/Aug/2022:09:27:09 +0800] "GET /xingrg/all/function/internal_message.html?_=1660526802587&CODE_STATE=getMsg HTTP/1.1" 200 27
116.224.255.128 - - [15/Aug/2022:09:27:10 +0800] "GET /xingrg/kc/buy/cgsh_order_operate.html?command=get_materiel&rest_code=00151&code=00101008087&supplier_code=00100008&order_time=2022-08-15 HTTP/1.1" 200 412
180.169.147.146 - - [15/Aug/2022:09:27:11 +0800] "GET /xingrg/all/function/internal_message.html?_=1660526831798&CODE_STATE=getMsg HTTP/1.1" 200 27
222.69.129.110 - - [15/Aug/2022:09:27:13 +0800] "GET /xingrg/kc/buy/cgsh_order_operate.html?command=get_materiel&rest_code=00154&code=00101008024&supplier_code=00100417&order_time=2022-08-15 HTTP/1.1" 200 408
101.83.146.132 - - [15/Aug/2022:09:27:15 +0800] "GET /xingrg/all/function/internal_message.html?_=1660526707223&CODE_STATE=getMsg HTTP/1.1" 200 27
218.81.223.53 - - [15/Aug/2022:09:27:16 +0800] "POST /xingrg/kc/buy/cgsh_order_operate.html HTTP/1.1" 200 2065
222.69.129.110 - - [15/Aug/2022:09:27:18 +0800] "GET /xingrg/all/function/internal_message.html?_=1660526902255&CODE_STATE=getMsg HTTP/1.1" 200 27
116.224.255.128 - - [15/Aug/2022:09:27:21 +0800] "GET /xingrg/kc/buy/cgsh_order_operate.html?command=get_materiel&rest_code=00151&code=00101008361&supplier_code=00100008&order_time=2022-08-15 HTTP/1.1" 200 408
114.86.187.244 - - [15/Aug/2022:09:27:23 +0800] "GET /xingrg/all/function/internal_message.html?_=1660526842858&CODE_STATE=getMsg HTTP/1.1" 200 27
222.69.129.110 - - [15/Aug/2022:09:27:24 +0800] "GET /xingrg/kc/buy/cgsh_order_operate.html?command=get_materiel&rest_code=00154&code=00101008356&supplier_code=00100417&order_time=2022-08-15 HTTP/1.1" 200 409
114.86.187.244 - - [15/Aug/2022:09:27:25 +0800] "GET /xingrg/check_reg.html?_=1660526845183 HTTP/1.1" 200 22
114.86.187.244 - - [15/Aug/2022:09:27:25 +0800] "GET /xingrg/all/function/internal_message.html?_=1660526845185&CODE_STATE=getMsg HTTP/1.1" 200 27
218.81.223.53 - - [15/Aug/2022:09:27:28 +0800] "GET /xingrg/kc/buy/cgsh_order_operate.html?command=get_materiel&rest_code=00146&code=00101008352&supplier_code=00100005&order_time=2022-08-15 HTTP/1.1" 200 412
222.70.182.94 - - [15/Aug/2022:09:27:29 +0800] "GET /xingrg/login.html HTTP/1.1" 200 7641
222.70.182.94 - - [15/Aug/2022:09:27:29 +0800] "GET /favicon.ico HTTP/1.1" 404 -
101.83.146.132 - - [15/Aug/2022:09:27:30 +0800] "GET /xingrg/all/function/internal_message.html?_=1660526850064&CODE_STATE=getMsg HTTP/1.1" 200 27
116.224.255.128 - - [15/Aug/2022:09:27:30 +0800] "GET /xingrg/kc/buy/cgsh_order_operate.html?command=get_materiel&rest_code=00151&code=00101008355&supplier_code=00100008&order_time=2022-08-15 HTTP/1.1" 200 408
114.83.216.111 - - [15/Aug/2022:09:27:33 +0800] "GET /xingrg/check_reg.html?_=1660526851797 HTTP/1.1" 200 22
114.83.216.111 - - [15/Aug/2022:09:27:33 +0800] "GET /xingrg/all/function/internal_message.html?_=1660526851799&CODE_STATE=getMsg HTTP/1.1" 200 27
101.80.228.36 - - [15/Aug/2022:09:27:35 +0800] "GET /xingrg/all/function/internal_message.html?_=1660526852440&CODE_STATE=getMsg HTTP/1.1" 200 27
222.70.182.94 - - [15/Aug/2022:09:27:35 +0800] "POST /xingrg/login.do HTTP/1.1" 302 -
222.70.182.94 - - [15/Aug/2022:09:27:35 +0800] "GET /xingrg/index.html?sysBaseUrl=http%3A%2F%2F180.169.147.146%3A18081%2Fxingrg%2F&costTime=39×tamp=1660526855829 HTTP/1.1" 200 17173
222.70.182.94 - - [15/Aug/2022:09:27:35 +0800] "GET /favicon.ico HTTP/1.1" 404 -
222.70.182.94 - - [15/Aug/2022:09:27:36 +0800] "POST /xingrg/all/common/load_tree.html?tree=area_rest_tree_json&manage=1 HTTP/1.1" 200 342
222.69.129.110 - - [15/Aug/2022:09:27:36 +0800] "GET /xingrg/kc/buy/cgsh_order_operate.html?command=get_materiel&rest_code=00154&code=00101008286&supplier_code=00100417&order_time=2022-08-15 HTTP/1.1" 200 408
222.70.182.94 - - [15/Aug/2022:09:27:36 +0800] "POST /xingrg/load_menu.html HTTP/1.1" 200 5138
222.70.182.94 - - [15/Aug/2022:09:27:36 +0800] "GET /xingrg/all/function/internal_message.html?_=1660526854451&CODE_STATE=count HTTP/1.1" 200 11
222.70.182.94 - - [15/Aug/2022:09:27:36 +0800] "GET /xingrg/check_reg.html?_=1660526854452 HTTP/1.1" 200 22
116.224.255.128 - - [15/Aug/2022:09:27:38 +0800] "GET /xingrg/all/function/internal_message.html?_=1660526794548&CODE_STATE=getMsg HTTP/1.1" 200 27
222.70.182.94 - - [15/Aug/2022:09:27:38 +0800] "GET /xingrg/css/new_ie.css HTTP/1.1" 404 1036
222.70.182.94 - - [15/Aug/2022:09:27:38 +0800] "GET /xingrg/kc/buy/buy_main.html HTTP/1.1" 200 12412
222.70.182.94 - - [15/Aug/2022:09:27:38 +0800] "GET /xingrg/images/yd/bt.gif HTTP/1.1" 404 1040
