218.81.223.53 - - [15/Aug/2022:10:53:35 +0800] "GET /xingrg/kc/buy/cgsh_order_operate.html?command=get_materiel&rest_code=00146&code=00101016105&supplier_code=00100033&order_time=2022-08-15 HTTP/1.1" 200 409
114.86.225.95 - - [15/Aug/2022:10:53:43 +0800] "GET /xingrg/all/function/internal_message.html?_=1660532024242&CODE_STATE=getMsg HTTP/1.1" 200 27
120.253.135.82 - - [15/Aug/2022:10:53:44 +0800] "GET /xingrg/all/function/internal_message.html?_=1660531828549&CODE_STATE=getMsg HTTP/1.1" 200 27
116.237.76.174 - - [15/Aug/2022:10:53:45 +0800] "POST /xingrg/dwr/call/plaincall/AjaxQqpsService.saveMaterielItem.dwr HTTP/1.1" 200 79
218.81.223.53 - - [15/Aug/2022:10:53:47 +0800] "GET /xingrg/all/function/internal_message.html?_=1660532027942&CODE_STATE=getMsg HTTP/1.1" 200 27
218.81.223.53 - - [15/Aug/2022:10:53:51 +0800] "GET /xingrg/kc/buy/cgsh_order_operate.html?command=get_materiel&rest_code=00146&code=00101016080&supplier_code=00100033&order_time=2022-08-15 HTTP/1.1" 200 408
114.86.225.95 - - [15/Aug/2022:10:53:52 +0800] "POST /xingrg/kc/buy/cgsh_list_operate.html HTTP/1.1" 200 2668
116.224.255.128 - - [15/Aug/2022:10:53:56 +0800] "GET /xingrg/all/function/internal_message.html?_=1660531972082&CODE_STATE=getMsg HTTP/1.1" 200 27
116.224.123.211 - - [15/Aug/2022:10:53:56 +0800] "GET /xingrg/all/function/internal_message.html?_=1660532034608&CODE_STATE=getMsg HTTP/1.1" 200 27
116.237.76.174 - - [15/Aug/2022:10:54:03 +0800] "POST /xingrg/dwr/call/plaincall/AjaxQqpsService.getMaterielByCode.dwr HTTP/1.1" 200 2717
218.81.223.53 - - [15/Aug/2022:10:54:04 +0800] "GET /xingrg/kc/buy/cgsh_order_operate.html?command=get_materiel&rest_code=00146&code=00101016025&supplier_code=00100033&order_time=2022-08-15 HTTP/1.1" 200 408
101.80.228.36 - - [15/Aug/2022:10:54:04 +0800] "GET /xingrg/kc/base/kc_stocks_rest.html?code=00102002138 HTTP/1.1" 200 7843
101.80.228.36 - - [15/Aug/2022:10:54:04 +0800] "POST /xingrg/kc/base/stock_operate.html HTTP/1.1" 200 766
101.80.228.36 - - [15/Aug/2022:10:54:05 +0800] "GET /xingrg/kc/base/stock_operate.html?command=query_base_stocks&rest_code=00156&materiel_code=00102002138&_setting=%257B%2522pk%2522%3A%2522base_code%2522%2C%2522fields%2522%3A%257B%2522base_name%2522%3A%257B%2522h%2522%3A0%2C%2522w%2522%3A140%2C%2522t%2522%3A%2522%25E4%25BB%2593%25E5%25BA%2593%25E5%2590%258D%25E7%25A7%25B0%2522%257D%2C%2522number%2522%3A%257B%2522h%2522%3A0%2C%2522w%2522%3A80%2C%2522t%2522%3A%2522%25E6%2595%25B0%25E9%2587%258F%2522%2C%2522s%2522%3A1%257D%2C%2522price%2522%3A%257B%2522h%2522%3A0%2C%2522w%2522%3A80%2C%2522t%2522%3A%2522%25E5%258D%2595%25E4%25BB%25B7%2522%257D%2C%2522total_money%2522%3A%257B%2522h%2522%3A0%2C%2522w%2522%3A100%2C%2522t%2522%3A%2522%25E9%2587%2591%25E9%25A2%259D%2522%2C%2522s%2522%3A1%257D%2C%2522assist_unit%2522%3A%257B%2522h%2522%3A0%2C%2522w%2522%3A100%2C%2522t%2522%3A%2522%25E8%25BE%2585%25E5%258D%2595%25E4%25BD%258D%2522%257D%2C%2522assist_number%2522%3A%257B%2522h%2522%3A0%2C%2522w%2522%3A100%2C%2522t%2522%3A%2522%25E8%25BE%2585%25E6%2595%25B0%25E9%2587%258F%2522%2C%2522s%2522%3A1%257D%257D%257D HTTP/1.1" 200 6446
116.237.76.174 - - [15/Aug/2022:10:54:07 +0800] "POST /xingrg/dwr/call/plaincall/AjaxQqpsService.saveMaterielItem.dwr HTTP/1.1" 200 79
116.232.194.65 - - [15/Aug/2022:10:54:09 +0800] "GET /xingrg/all/function/internal_message.html?_=1660532022596&CODE_STATE=getMsg HTTP/1.1" 200 27
101.80.228.36 - - [15/Aug/2022:10:54:13 +0800] "GET /xingrg/all/function/internal_message.html?_=1660532050293&CODE_STATE=getMsg HTTP/1.1" 200 27
114.83.216.111 - - [15/Aug/2022:10:54:15 +0800] "GET /xingrg/all/function/internal_message.html?_=1660532053263&CODE_STATE=getMsg HTTP/1.1" 200 27
101.83.146.132 - - [15/Aug/2022:10:54:16 +0800] "GET /xingrg/all/function/internal_message.html?_=1660531927305&CODE_STATE=getMsg HTTP/1.1" 200 27
222.69.129.110 - - [15/Aug/2022:10:54:18 +0800] "GET /xingrg/all/function/internal_message.html?_=1660532122230&CODE_STATE=getMsg HTTP/1.1" 200 27
218.81.223.53 - - [15/Aug/2022:10:54:19 +0800] "POST /xingrg/kc/buy/cgsh_order_operate.html HTTP/1.1" 200 37
218.81.223.53 - - [15/Aug/2022:10:54:20 +0800] "POST /xingrg/kc/buy/cgsh_order_operate.html HTTP/1.1" 200 3824
222.69.129.110 - - [15/Aug/2022:10:54:22 +0800] "GET /xingrg/kc/buy/cgsh_order_operate.html?command=get_materiel&rest_code=00154&code=00101008149&supplier_code=00100417&order_time=2022-08-15 HTTP/1.1" 200 408
114.86.187.244 - - [15/Aug/2022:10:54:22 +0800] "GET /xingrg/all/function/internal_message.html?_=1660532061280&CODE_STATE=getMsg HTTP/1.1" 200 27
218.81.223.53 - - [15/Aug/2022:10:54:23 +0800] "GET /xingrg/kc/print/load_data.html?order_code=212022081504761&kc_code=cgsh&condition= HTTP/1.1" 200 1147
101.85.120.95 - - [15/Aug/2022:10:54:23 +0800] "GET /xingrg/all/function/internal_message.html?_=1660532060911&CODE_STATE=getMsg HTTP/1.1" 200 27
222.70.182.94 - - [15/Aug/2022:10:54:24 +0800] "GET /xingrg/all/function/internal_message.html?_=1660532062327&CODE_STATE=getMsg HTTP/1.1" 200 27
180.169.147.146 - - [15/Aug/2022:10:54:25 +0800] "GET /xingrg/all/function/internal_message.html?_=1660532065577&CODE_STATE=getMsg HTTP/1.1" 200 27
114.86.187.244 - - [15/Aug/2022:10:54:26 +0800] "GET /xingrg/all/function/internal_message.html?_=1660532065361&CODE_STATE=getMsg HTTP/1.1" 200 27
116.237.76.174 - - [15/Aug/2022:10:54:27 +0800] "POST /xingrg/dwr/call/plaincall/AjaxQqpsService.getMaterielByCode.dwr HTTP/1.1" 200 2726
116.237.76.174 - - [15/Aug/2022:10:54:29 +0800] "POST /xingrg/dwr/call/plaincall/AjaxQqpsService.saveMaterielItem.dwr HTTP/1.1" 200 79
101.83.146.132 - - [15/Aug/2022:10:54:29 +0800] "GET /xingrg/all/function/internal_message.html?_=1660532069136&CODE_STATE=getMsg HTTP/1.1" 200 27
114.88.158.224 - - [15/Aug/2022:10:54:30 +0800] "GET /xingrg/all/function/internal_message.html?_=1660531742475&CODE_STATE=getMsg HTTP/1.1" 200 27
218.81.223.53 - - [15/Aug/2022:10:54:35 +0800] "GET /xingrg/kc/buy/cgsh_order_add.html HTTP/1.1" 200 68341
218.81.223.53 - - [15/Aug/2022:10:54:36 +0800] "POST /xingrg/kc/buy/cgsh_order_operate.html HTTP/1.1" 200 8245
218.81.223.53 - - [15/Aug/2022:10:54:36 +0800] "GET /xingrg/javascript/easyui/themes/default/validatebox.css HTTP/1.1" 404 1104
114.86.225.95 - - [15/Aug/2022:10:54:43 +0800] "GET /xingrg/all/function/internal_message.html?_=1660532084245&CODE_STATE=getMsg HTTP/1.1" 200 27
120.253.135.82 - - [15/Aug/2022:10:54:44 +0800] "GET /xingrg/all/function/internal_message.html?_=1660531888553&CODE_STATE=getMsg HTTP/1.1" 200 27
116.237.76.174 - - [15/Aug/2022:10:54:45 +0800] "POST /xingrg/dwr/call/plaincall/AjaxQqpsService.getMaterielByCode.dwr HTTP/1.1" 200 2760
218.81.223.53 - - [15/Aug/2022:10:54:47 +0800] "GET /xingrg/all/function/internal_message.html?_=1660532088134&CODE_STATE=getMsg HTTP/1.1" 200 27
116.237.76.174 - - [15/Aug/2022:10:54:49 +0800] "POST /xingrg/dwr/call/plaincall/AjaxQqpsService.saveMaterielItem.dwr HTTP/1.1" 200 79
116.224.255.128 - - [15/Aug/2022:10:54:56 +0800] "GET /xingrg/all/function/internal_message.html?_=1660532032122&CODE_STATE=getMsg HTTP/1.1" 200 27
116.224.123.211 - - [15/Aug/2022:10:54:56 +0800] "GET /xingrg/all/function/internal_message.html?_=1660532094612&CODE_STATE=getMsg HTTP/1.1" 200 27
218.81.223.53 - - [15/Aug/2022:10:55:04 +0800] "GET /xingrg/kc/buy/cgsh_order_operate.html?command=get_materiel&rest_code=00146&code=00101006128&supplier_code=00100012&order_time=2022-08-15 HTTP/1.1" 200 427
116.237.76.174 - - [15/Aug/2022:10:55:05 +0800] "POST /xingrg/dwr/call/plaincall/AjaxQqpsService.saveOrder.dwr HTTP/1.1" 200 79
116.237.76.174 - - [15/Aug/2022:10:55:09 +0800] "GET /xingrg/kc/mdqp/qqps_order_list.html?isBack=1 HTTP/1.1" 200 10419
116.237.76.174 - - [15/Aug/2022:10:55:09 +0800] "GET /xingrg/dwr/interface/AjaxQqpsService.js HTTP/1.1" 200 16326
116.232.194.65 - - [15/Aug/2022:10:55:09 +0800] "GET /xingrg/check_reg.html?_=1660532082582 HTTP/1.1" 200 22
116.237.76.174 - - [15/Aug/2022:10:55:09 +0800] "GET /xingrg/dwr/interface/AjaxReportQueryService.js HTTP/1.1" 200 13203
116.232.194.65 - - [15/Aug/2022:10:55:09 +0800] "GET /xingrg/all/function/internal_message.html?_=1660532082585&CODE_STATE=getMsg HTTP/1.1" 200 27
116.237.76.174 - - [15/Aug/2022:10:55:09 +0800] "GET /xingrg/dwr/engine.js HTTP/1.1" 200 43631
116.237.76.174 - - [15/Aug/2022:10:55:11 +0800] "GET /xingrg/kc/mdqp/qqps_order_info.html?code=302022081500245 HTTP/1.1" 200 28398
116.237.76.174 - - [15/Aug/2022:10:55:11 +0800] "GET /xingrg/dwr/interface/AjaxQqpsService.js HTTP/1.1" 200 16326
116.237.76.174 - - [15/Aug/2022:10:55:11 +0800] "GET /xingrg/dwr/interface/AjaxComOrderService.js HTTP/1.1" 200 18264
116.237.76.174 - - [15/Aug/2022:10:55:11 +0800] "GET /xingrg/dwr/engine.js HTTP/1.1" 200 43631
116.237.76.174 - - [15/Aug/2022:10:55:11 +0800] "POST /xingrg/dwr/call/plaincall/AjaxQqpsService.loadMaterielItems.dwr HTTP/1.1" 200 2049
222.69.129.110 - - [15/Aug/2022:10:55:13 +0800] "GET /xingrg/kc/buy/cgsh_order_operate.html?command=get_materiel&rest_code=00154&code=00101008320&supplier_code=00100417&order_time=2022-08-15 HTTP/1.1" 200 412
101.80.228.36 - - [15/Aug/2022:10:55:13 +0800] "GET /xingrg/all/function/internal_message.html?_=1660532110297&CODE_STATE=getMsg HTTP/1.1" 200 27
114.83.216.111 - - [15/Aug/2022:10:55:15 +0800] "GET /xingrg/all/function/internal_message.html?_=1660532113272&CODE_STATE=getMsg HTTP/1.1" 200 27
101.83.146.132 - - [15/Aug/2022:10:55:16 +0800] "GET /xingrg/all/function/internal_message.html?_=1660531987334&CODE_STATE=getMsg HTTP/1.1" 200 27
222.69.129.110 - - [15/Aug/2022:10:55:18 +0800] "GET /xingrg/all/function/internal_message.html?_=1660532182209&CODE_STATE=getMsg HTTP/1.1" 200 27
222.69.129.110 - - [15/Aug/2022:10:55:20 +0800] "GET /xingrg/kc/buy/cgsh_order_operate.html?command=get_materiel&rest_code=00154&code=00101008387&supplier_code=00100417&order_time=2022-08-15 HTTP/1.1" 200 412
114.86.187.244 - - [15/Aug/2022:10:55:22 +0800] "GET /xingrg/all/function/internal_message.html?_=1660532121265&CODE_STATE=getMsg HTTP/1.1" 200 27
116.237.76.174 - - [15/Aug/2022:10:55:22 +0800] "GET /xingrg/check_reg.html?_=1660532124661 HTTP/1.1" 200 22
101.85.120.95 - - [15/Aug/2022:10:55:23 +0800] "GET /xingrg/all/function/internal_message.html?_=1660532120910&CODE_STATE=getMsg HTTP/1.1" 200 27
222.70.182.94 - - [15/Aug/2022:10:55:24 +0800] "GET /xingrg/all/function/internal_message.html?_=1660532122328&CODE_STATE=getMsg HTTP/1.1" 200 27
180.169.147.146 - - [15/Aug/2022:10:55:25 +0800] "GET /xingrg/all/function/internal_message.html?_=1660532125570&CODE_STATE=getMsg HTTP/1.1" 200 27
114.86.187.244 - - [15/Aug/2022:10:55:26 +0800] "GET /xingrg/all/function/internal_message.html?_=1660532125345&CODE_STATE=getMsg HTTP/1.1" 200 27
222.69.129.110 - - [15/Aug/2022:10:55:28 +0800] "GET /xingrg/kc/buy/cgsh_order_operate.html?command=get_materiel&rest_code=00154&code=00101008070&supplier_code=00100417&order_time=2022-08-15 HTTP/1.1" 200 412
101.83.146.132 - - [15/Aug/2022:10:55:29 +0800] "GET /xingrg/all/function/internal_message.html?_=1660532129116&CODE_STATE=getMsg HTTP/1.1" 200 27
114.88.158.224 - - [15/Aug/2022:10:55:30 +0800] "GET /xingrg/all/function/internal_message.html?_=1660531802454&CODE_STATE=getMsg HTTP/1.1" 200 27
114.88.158.224 - - [15/Aug/2022:10:55:31 +0800] "GET /xingrg/check_reg.html?_=1660531803375 HTTP/1.1" 200 22
218.81.223.53 - - [15/Aug/2022:10:55:31 +0800] "GET /xingrg/kc/buy/cgsh_order_operate.html?command=get_materiel&rest_code=00146&code=00101006127&supplier_code=00100012&order_time=2022-08-15 HTTP/1.1" 200 423
116.237.76.174 - - [15/Aug/2022:10:55:33 +0800] "POST /xingrg/dwr/call/plaincall/AjaxQqpsService.getMaterielByCode.dwr HTTP/1.1" 200 2709
116.237.76.174 - - [15/Aug/2022:10:55:34 +0800] "POST /xingrg/dwr/call/plaincall/AjaxQqpsService.saveMaterielItem.dwr HTTP/1.1" 200 78
120.253.135.82 - - [15/Aug/2022:10:55:43 +0800] "GET /xingrg/check_reg.html?_=1660531947305 HTTP/1.1" 200 22
114.86.225.95 - - [15/Aug/2022:10:55:43 +0800] "GET /xingrg/all/function/internal_message.html?_=1660532144246&CODE_STATE=getMsg HTTP/1.1" 200 27
120.253.135.82 - - [15/Aug/2022:10:55:44 +0800] "GET /xingrg/all/function/internal_message.html?_=1660531948570&CODE_STATE=getMsg HTTP/1.1" 200 27
218.81.223.53 - - [15/Aug/2022:10:55:47 +0800] "GET /xingrg/all/function/internal_message.html?_=1660532148143&CODE_STATE=getMsg HTTP/1.1" 200 27
101.80.228.36 - - [15/Aug/2022:10:55:50 +0800] "GET /xingrg/kc/guide/show_order.html?code=312021102800701&type=31 HTTP/1.1" 302 -
101.80.228.36 - - [15/Aug/2022:10:55:50 +0800] "GET /xingrg/kc/mdqp/pssh_order_info.html?code=312021102800701&sysBaseUrl=http%3A%2F%2F180.169.147.146%3A18081%2Fxingrg%2F&costTime=1×tamp=1660532150531 HTTP/1.1" 200 14392
101.80.228.36 - - [15/Aug/2022:10:55:50 +0800] "GET /xingrg/javascript/jquery_tools/jquery-1.4.2.min.js HTTP/1.1" 404 1094
101.80.228.36 - - [15/Aug/2022:10:55:50 +0800] "GET /favicon.ico HTTP/1.1" 404 -
101.80.228.36 - - [15/Aug/2022:10:55:51 +0800] "POST /xingrg/kc/mdqp/pssh_order_operate.html HTTP/1.1" 200 529
101.80.228.36 - - [15/Aug/2022:10:55:51 +0800] "GET /xingrg/javascript/easyui/themes/default/validatebox.css HTTP/1.1" 404 1104
218.81.223.53 - - [15/Aug/2022:10:55:51 +0800] "GET /xingrg/kc/buy/cgsh_order_operate.html?command=get_materiel&rest_code=00146&code=00101006111&supplier_code=00100012&order_time=2022-08-15 HTTP/1.1" 200 409
116.224.255.128 - - [15/Aug/2022:10:55:56 +0800] "GET /xingrg/all/function/internal_message.html?_=1660532092123&CODE_STATE=getMsg HTTP/1.1" 200 27
116.224.123.211 - - [15/Aug/2022:10:55:56 +0800] "GET /xingrg/check_reg.html?_=1660532154611 HTTP/1.1" 200 22
116.224.123.211 - - [15/Aug/2022:10:55:56 +0800] "GET /xingrg/all/function/internal_message.html?_=1660532154611&CODE_STATE=getMsg HTTP/1.1" 200 27
116.237.76.174 - - [15/Aug/2022:10:55:59 +0800] "POST /xingrg/dwr/call/plaincall/AjaxQqpsService.getMaterielByCode.dwr HTTP/1.1" 200 2665
222.69.129.110 - - [15/Aug/2022:10:56:01 +0800] "GET /xingrg/kc/buy/cgsh_order_operate.html?command=get_materiel&rest_code=00154&code=00101008126&supplier_code=00100417&order_time=2022-08-15 HTTP/1.1" 200 412
116.237.76.174 - - [15/Aug/2022:10:56:01 +0800] "POST /xingrg/dwr/call/plaincall/AjaxQqpsService.saveMaterielItem.dwr HTTP/1.1" 200 78
116.237.76.174 - - [15/Aug/2022:10:56:09 +0800] "POST /xingrg/dwr/call/plaincall/AjaxQqpsService.getMaterielByCode.dwr HTTP/1.1" 200 2658
116.232.194.65 - - [15/Aug/2022:10:56:09 +0800] "GET /xingrg/all/function/internal_message.html?_=1660532142592&CODE_STATE=getMsg HTTP/1.1" 200 27
116.237.76.174 - - [15/Aug/2022:10:56:11 +0800] "POST /xingrg/dwr/call/plaincall/AjaxQqpsService.saveMaterielItem.dwr HTTP/1.1" 200 78
218.81.223.53 - - [15/Aug/2022:10:56:12 +0800] "GET /xingrg/kc/buy/cgsh_order_operate.html?command=get_materiel&rest_code=00146&code=00101006117&supplier_code=00100012&order_time=2022-08-15 HTTP/1.1" 200 409
101.80.228.36 - - [15/Aug/2022:10:56:13 +0800] "GET /xingrg/all/function/internal_message.html?_=1660532170301&CODE_STATE=getMsg HTTP/1.1" 200 27
114.83.216.111 - - [15/Aug/2022:10:56:15 +0800] "GET /xingrg/all/function/internal_message.html?_=1660532173271&CODE_STATE=getMsg HTTP/1.1" 200 27
114.83.216.111 - - [15/Aug/2022:10:56:15 +0800] "GET /xingrg/check_reg.html?_=1660532173279 HTTP/1.1" 200 22
101.83.146.132 - - [15/Aug/2022:10:56:16 +0800] "GET /xingrg/check_reg.html?_=1660532047305 HTTP/1.1" 200 22
101.83.146.132 - - [15/Aug/2022:10:56:16 +0800] "GET /xingrg/all/function/internal_message.html?_=1660532047308&CODE_STATE=getMsg HTTP/1.1" 200 27
222.69.129.110 - - [15/Aug/2022:10:56:18 +0800] "GET /xingrg/all/function/internal_message.html?_=1660532242195&CODE_STATE=getMsg HTTP/1.1" 200 27
222.69.129.110 - - [15/Aug/2022:10:56:18 +0800] "GET /xingrg/check_reg.html?_=1660532242266 HTTP/1.1" 200 22
114.86.187.244 - - [15/Aug/2022:10:56:22 +0800] "GET /xingrg/all/function/internal_message.html?_=1660532181249&CODE_STATE=getMsg HTTP/1.1" 200 27
116.237.76.174 - - [15/Aug/2022:10:56:23 +0800] "POST /xingrg/dwr/call/plaincall/AjaxQqpsService.getMaterielByCode.dwr HTTP/1.1" 200 2665
101.85.120.95 - - [15/Aug/2022:10:56:23 +0800] "GET /xingrg/all/function/internal_message.html?_=1660532180909&CODE_STATE=getMsg HTTP/1.1" 200 27
222.70.182.94 - - [15/Aug/2022:10:56:24 +0800] "GET /xingrg/all/function/internal_message.html?_=1660532182328&CODE_STATE=getMsg HTTP/1.1" 200 27
180.169.147.146 - - [15/Aug/2022:10:56:25 +0800] "GET /xingrg/all/function/internal_message.html?_=1660532185565&CODE_STATE=getMsg HTTP/1.1" 200 27
116.237.76.174 - - [15/Aug/2022:10:56:25 +0800] "POST /xingrg/dwr/call/plaincall/AjaxQqpsService.saveMaterielItem.dwr HTTP/1.1" 200 78
114.86.187.244 - - [15/Aug/2022:10:56:26 +0800] "GET /xingrg/all/function/internal_message.html?_=1660532185345&CODE_STATE=getMsg HTTP/1.1" 200 27
101.83.146.132 - - [15/Aug/2022:10:56:29 +0800] "GET /xingrg/all/function/internal_message.html?_=1660532189094&CODE_STATE=getMsg HTTP/1.1" 200 27
114.88.158.224 - - [15/Aug/2022:10:56:30 +0800] "GET /xingrg/all/function/internal_message.html?_=1660531862463&CODE_STATE=getMsg HTTP/1.1" 200 27
218.81.223.53 - - [15/Aug/2022:10:56:36 +0800] "POST /xingrg/kc/buy/cgsh_order_operate.html HTTP/1.1" 200 37
218.81.223.53 - - [15/Aug/2022:10:56:38 +0800] "POST /xingrg/kc/buy/cgsh_order_operate.html HTTP/1.1" 200 3846
218.81.223.53 - - [15/Aug/2022:10:56:40 +0800] "GET /xingrg/kc/print/load_data.html?order_code=212022081504762&kc_code=cgsh&condition= HTTP/1.1" 200 1228
116.237.76.174 - - [15/Aug/2022:10:56:41 +0800] "POST /xingrg/dwr/call/plaincall/AjaxQqpsService.saveOrder.dwr HTTP/1.1" 200 78
114.86.225.95 - - [15/Aug/2022:10:56:43 +0800] "GET /xingrg/all/function/internal_message.html?_=1660532204248&CODE_STATE=getMsg HTTP/1.1" 200 27
114.86.225.95 - - [15/Aug/2022:10:56:43 +0800] "GET /xingrg/check_reg.html?_=1660532204250 HTTP/1.1" 200 22
120.253.135.82 - - [15/Aug/2022:10:56:44 +0800] "GET /xingrg/all/function/internal_message.html?_=1660532008580&CODE_STATE=getMsg HTTP/1.1" 200 27
116.237.76.174 - - [15/Aug/2022:10:56:44 +0800] "GET /xingrg/kc/mdqp/qqps_order_list.html?isBack=1 HTTP/1.1" 200 10419
116.237.76.174 - - [15/Aug/2022:10:56:44 +0800] "GET /xingrg/dwr/interface/AjaxQqpsService.js HTTP/1.1" 200 16326
116.237.76.174 - - [15/Aug/2022:10:56:44 +0800] "GET /xingrg/dwr/interface/AjaxReportQueryService.js HTTP/1.1" 200 13203
116.237.76.174 - - [15/Aug/2022:10:56:45 +0800] "GET /xingrg/dwr/engine.js HTTP/1.1" 200 43631
218.81.223.53 - - [15/Aug/2022:10:56:47 +0800] "GET /xingrg/all/function/internal_message.html?_=1660532208154&CODE_STATE=getMsg HTTP/1.1" 200 27
116.237.76.174 - - [15/Aug/2022:10:56:48 +0800] "GET /xingrg/kc/buy/buy_main.html HTTP/1.1" 200 12412
116.237.76.174 - - [15/Aug/2022:10:56:48 +0800] "GET /xingrg/css/new_ie.css HTTP/1.1" 404 1036
116.224.255.128 - - [15/Aug/2022:10:56:55 +0800] "GET /xingrg/check_reg.html?_=1660532151650 HTTP/1.1" 200 22
116.224.255.128 - - [15/Aug/2022:10:56:56 +0800] "GET /xingrg/all/function/internal_message.html?_=1660532152137&CODE_STATE=getMsg HTTP/1.1" 200 27
218.81.223.53 - - [15/Aug/2022:10:56:56 +0800] "GET /xingrg/kc/buy/cgsh_order_add.html HTTP/1.1" 200 68341
116.224.123.211 - - [15/Aug/2022:10:56:56 +0800] "GET /xingrg/all/function/internal_message.html?_=1660532214608&CODE_STATE=getMsg HTTP/1.1" 200 27
218.81.223.53 - - [15/Aug/2022:10:56:57 +0800] "POST /xingrg/kc/buy/cgsh_order_operate.html HTTP/1.1" 200 8245
218.81.223.53 - - [15/Aug/2022:10:56:57 +0800] "GET /xingrg/javascript/easyui/themes/default/validatebox.css HTTP/1.1" 404 1104
116.232.194.65 - - [15/Aug/2022:10:57:09 +0800] "GET /xingrg/all/function/internal_message.html?_=1660532202591&CODE_STATE=getMsg HTTP/1.1" 200 27
218.81.223.53 - - [15/Aug/2022:10:57:11 +0800] "GET /xingrg/kc/buy/cgsh_order_operate.html?command=get_materiel&rest_code=00146&code=00101002027&supplier_code=00100199&order_time=2022-08-15 HTTP/1.1" 200 433
116.237.76.174 - - [15/Aug/2022:10:57:11 +0800] "GET /xingrg/kc/mdqp/qp_main.html HTTP/1.1" 200 10633
116.237.76.174 - - [15/Aug/2022:10:57:12 +0800] "GET /xingrg/images/yd/bt.gif HTTP/1.1" 404 1040
116.237.76.174 - - [15/Aug/2022:10:57:12 +0800] "GET /xingrg/kc/mdqp/qqps_order_list.html HTTP/1.1" 200 10410
116.237.76.174 - - [15/Aug/2022:10:57:12 +0800] "GET /xingrg/dwr/interface/AjaxReportQueryService.js HTTP/1.1" 200 13203
116.237.76.174 - - [15/Aug/2022:10:57:12 +0800] "GET /xingrg/dwr/interface/AjaxQqpsService.js HTTP/1.1" 200 16326
116.237.76.174 - - [15/Aug/2022:10:57:13 +0800] "GET /xingrg/dwr/engine.js HTTP/1.1" 200 43631
101.80.228.36 - - [15/Aug/2022:10:57:13 +0800] "GET /xingrg/check_reg.html?_=1660532230287 HTTP/1.1" 200 22
101.80.228.36 - - [15/Aug/2022:10:57:13 +0800] "GET /xingrg/all/function/internal_message.html?_=1660532230291&CODE_STATE=getMsg HTTP/1.1" 200 27
116.237.76.174 - - [15/Aug/2022:10:57:15 +0800] "GET /xingrg/kc/mdqp/qqps_order_add.html HTTP/1.1" 200 28236
116.237.76.174 - - [15/Aug/2022:10:57:15 +0800] "GET /xingrg/dwr/interface/AjaxComOrderService.js HTTP/1.1" 200 18264
116.237.76.174 - - [15/Aug/2022:10:57:15 +0800] "GET /xingrg/dwr/engine.js HTTP/1.1" 200 43631
114.83.216.111 - - [15/Aug/2022:10:57:15 +0800] "GET /xingrg/all/function/internal_message.html?_=1660532233286&CODE_STATE=getMsg HTTP/1.1" 200 27
116.237.76.174 - - [15/Aug/2022:10:57:15 +0800] "GET /xingrg/dwr/interface/AjaxQqpsService.js HTTP/1.1" 200 16326
101.83.146.132 - - [15/Aug/2022:10:57:16 +0800] "GET /xingrg/all/function/internal_message.html?_=1660532107309&CODE_STATE=getMsg HTTP/1.1" 200 27
222.69.129.110 - - [15/Aug/2022:10:57:18 +0800] "GET /xingrg/all/function/internal_message.html?_=1660532302178&CODE_STATE=getMsg HTTP/1.1" 200 27
114.86.187.244 - - [15/Aug/2022:10:57:22 +0800] "GET /xingrg/all/function/internal_message.html?_=1660532241234&CODE_STATE=getMsg HTTP/1.1" 200 27
101.85.120.95 - - [15/Aug/2022:10:57:23 +0800] "GET /xingrg/check_reg.html?_=1660532240910 HTTP/1.1" 200 22
101.85.120.95 - - [15/Aug/2022:10:57:23 +0800] "GET /xingrg/all/function/internal_message.html?_=1660532240909&CODE_STATE=getMsg HTTP/1.1" 200 27
222.69.129.110 - - [15/Aug/2022:10:57:23 +0800] "POST /xingrg/kc/buy/cgsh_order_operate.html HTTP/1.1" 200 37
222.70.182.94 - - [15/Aug/2022:10:57:24 +0800] "GET /xingrg/all/function/internal_message.html?_=1660532242329&CODE_STATE=getMsg HTTP/1.1" 200 27
180.169.147.146 - - [15/Aug/2022:10:57:25 +0800] "GET /xingrg/all/function/internal_message.html?_=1660532245570&CODE_STATE=getMsg HTTP/1.1" 200 27
114.86.187.244 - - [15/Aug/2022:10:57:26 +0800] "GET /xingrg/check_reg.html?_=1660532245345 HTTP/1.1" 200 22
114.86.187.244 - - [15/Aug/2022:10:57:26 +0800] "GET /xingrg/all/function/internal_message.html?_=1660532245347&CODE_STATE=getMsg HTTP/1.1" 200 27
222.69.129.110 - - [15/Aug/2022:10:57:27 +0800] "POST /xingrg/kc/buy/cgsh_order_operate.html HTTP/1.1" 200 12
222.69.129.110 - - [15/Aug/2022:10:57:28 +0800] "GET /xingrg/kc/buy/cgsh_order_info.html?code=212022081504763 HTTP/1.1" 200 62488
222.69.129.110 - - [15/Aug/2022:10:57:29 +0800] "GET /xingrg/javascript/easyui/themes/default/validatebox.css HTTP/1.1" 404 1104
116.237.76.174 - - [15/Aug/2022:10:57:29 +0800] "POST /xingrg/dwr/call/plaincall/AjaxQqpsService.saveOrder.dwr HTTP/1.1" 200 78
222.69.129.110 - - [15/Aug/2022:10:57:29 +0800] "POST /xingrg/kc/buy/cgsh_order_operate.html HTTP/1.1" 200 8266
101.83.146.132 - - [15/Aug/2022:10:57:29 +0800] "GET /xingrg/all/function/internal_message.html?_=1660532249069&CODE_STATE=getMsg HTTP/1.1" 200 27
114.88.158.224 - - [15/Aug/2022:10:57:30 +0800] "GET /xingrg/all/function/internal_message.html?_=1660531922442&CODE_STATE=getMsg HTTP/1.1" 200 27
222.69.129.110 - - [15/Aug/2022:10:57:31 +0800] "GET /xingrg/kc/print/load_data.html?order_code=212022081504763&kc_code=cgsh&condition= HTTP/1.1" 200 3578
101.80.228.36 - - [15/Aug/2022:10:57:31 +0800] "GET /xingrg/kc/mdqp/qqps_order_list.html HTTP/1.1" 200 9642
101.80.228.36 - - [15/Aug/2022:10:57:31 +0800] "GET /xingrg/dwr/interface/AjaxReportQueryService.js HTTP/1.1" 200 13203
101.80.228.36 - - [15/Aug/2022:10:57:31 +0800] "GET /xingrg/dwr/interface/AjaxQqpsService.js HTTP/1.1" 200 16326
101.80.228.36 - - [15/Aug/2022:10:57:32 +0800] "GET /xingrg/dwr/engine.js HTTP/1.1" 200 43631
218.81.223.53 - - [15/Aug/2022:10:57:33 +0800] "GET /xingrg/kc/buy/cgsh_order_operate.html?command=get_materiel&rest_code=00146&code=00101002007&supplier_code=00100199&order_time=2022-08-15 HTTP/1.1" 200 409
101.80.228.36 - - [15/Aug/2022:10:57:34 +0800] "GET /xingrg/kc/mdqp/qqps_order_add.html HTTP/1.1" 200 28231
101.80.228.36 - - [15/Aug/2022:10:57:34 +0800] "GET /xingrg/dwr/interface/AjaxComOrderService.js HTTP/1.1" 200 18264
101.80.228.36 - - [15/Aug/2022:10:57:34 +0800] "GET /xingrg/dwr/interface/AjaxQqpsService.js HTTP/1.1" 200 16326
101.80.228.36 - - [15/Aug/2022:10:57:34 +0800] "GET /xingrg/dwr/engine.js HTTP/1.1" 200 43631
116.237.76.174 - - [15/Aug/2022:10:57:35 +0800] "GET /xingrg/javascript/auto/indicator.gif HTTP/1.1" 404 1066
116.224.123.211 - - [15/Aug/2022:10:57:39 +0800] "GET /xingrg/kc/mdqp/pssh_order_list.html HTTP/1.1" 200 17863
116.224.123.211 - - [15/Aug/2022:10:57:39 +0800] "POST /xingrg/kc/mdqp/pssh_list_operate.html HTTP/1.1" 200 5140
101.80.228.36 - - [15/Aug/2022:10:57:42 +0800] "POST /xingrg/dwr/call/plaincall/AjaxQqpsService.saveOrder.dwr HTTP/1.1" 200 78
114.86.225.95 - - [15/Aug/2022:10:57:43 +0800] "GET /xingrg/all/function/internal_message.html?_=1660532264250&CODE_STATE=getMsg HTTP/1.1" 200 27
120.253.135.82 - - [15/Aug/2022:10:57:44 +0800] "GET /xingrg/all/function/internal_message.html?_=1660532068594&CODE_STATE=getMsg HTTP/1.1" 200 27
116.237.76.174 - - [15/Aug/2022:10:57:46 +0800] "POST /xingrg/dwr/call/plaincall/AjaxQqpsService.getMaterielByCode.dwr HTTP/1.1" 200 2714
218.81.223.53 - - [15/Aug/2022:10:57:47 +0800] "GET /xingrg/all/function/internal_message.html?_=1660532268170&CODE_STATE=getMsg HTTP/1.1" 200 27
101.80.228.36 - - [15/Aug/2022:10:57:47 +0800] "POST /xingrg/dwr/call/plaincall/AjaxQqpsService.getMaterielByCode.dwr HTTP/1.1" 200 2786
116.237.76.174 - - [15/Aug/2022:10:57:48 +0800] "POST /xingrg/dwr/call/plaincall/AjaxQqpsService.saveMaterielItem.dwr HTTP/1.1" 200 78
114.83.216.111 - - [15/Aug/2022:10:57:51 +0800] "POST /xingrg/services/DataTransmitService HTTP/1.1" 200 524
101.80.228.36 - - [15/Aug/2022:10:57:53 +0800] "POST /xingrg/dwr/call/plaincall/AjaxQqpsService.saveMaterielItem.dwr HTTP/1.1" 200 78
116.224.123.211 - - [15/Aug/2022:10:57:54 +0800] "POST /xingrg/kc/mdqp/pssh_list_operate.html HTTP/1.1" 200 268
116.224.123.211 - - [15/Aug/2022:10:57:55 +0800] "GET /xingrg/kc/mdqp/pssh_order_info.html?code=312022081400304 HTTP/1.1" 200 17266
116.224.123.211 - - [15/Aug/2022:10:57:55 +0800] "GET /xingrg/javascript/jquery_tools/jquery-1.4.2.min.js HTTP/1.1" 404 1094
116.224.123.211 - - [15/Aug/2022:10:57:55 +0800] "GET /xingrg/javascript/easyui/themes/icons/back_new.png HTTP/1.1" 200 3414
116.224.123.211 - - [15/Aug/2022:10:57:55 +0800] "POST /xingrg/kc/mdqp/pssh_order_operate.html HTTP/1.1" 200 543
116.224.123.211 - - [15/Aug/2022:10:57:55 +0800] "GET /xingrg/javascript/easyui/themes/default/validatebox.css HTTP/1.1" 404 1104
116.224.123.211 - - [15/Aug/2022:10:57:55 +0800] "GET /xingrg/all/common/auto_word.html?type=base&rest_code=00102&rest_code=00102 HTTP/1.1" 200 1857
116.224.255.128 - - [15/Aug/2022:10:57:56 +0800] "GET /xingrg/all/function/internal_message.html?_=1660532212150&CODE_STATE=getMsg HTTP/1.1" 200 27
116.224.123.211 - - [15/Aug/2022:10:57:56 +0800] "GET /xingrg/all/function/internal_message.html?_=1660532274597&CODE_STATE=getMsg HTTP/1.1" 200 27
116.224.123.211 - - [15/Aug/2022:10:57:56 +0800] "POST /xingrg/all/common/load_combo.html?type=base&rest_code=00102 HTTP/1.1" 200 3321
114.83.216.111 - - [15/Aug/2022:10:57:57 +0800] "POST /xingrg/services/DataTransmitService HTTP/1.1" 200 501
116.224.123.211 - - [15/Aug/2022:10:58:00 +0800] "POST /xingrg/all/common/load_combo.html?type=employee HTTP/1.1" 200 353
218.81.223.53 - - [15/Aug/2022:10:58:04 +0800] "GET /xingrg/kc/buy/cgsh_order_operate.html?command=get_materiel&rest_code=00146&code=00101002006&supplier_code=00100199&order_time=2022-08-15 HTTP/1.1" 200 414
116.224.123.211 - - [15/Aug/2022:10:58:04 +0800] "POST /xingrg/kc/mdqp/pssh_order_operate.html HTTP/1.1" 200 37
116.224.123.211 - - [15/Aug/2022:10:58:04 +0800] "POST /xingrg/kc/mdqp/pssh_order_operate.html HTTP/1.1" 200 12
116.237.76.174 - - [15/Aug/2022:10:58:04 +0800] "POST /xingrg/dwr/call/plaincall/AjaxQqpsService.getMaterielByCode.dwr HTTP/1.1" 200 2673
116.224.123.211 - - [15/Aug/2022:10:58:06 +0800] "GET /xingrg/kc/mdqp/pssh_order_info.html?code=312022081400304 HTTP/1.1" 200 14378
116.224.123.211 - - [15/Aug/2022:10:58:06 +0800] "GET /xingrg/javascript/jquery_tools/jquery-1.4.2.min.js HTTP/1.1" 404 1094
116.224.123.211 - - [15/Aug/2022:10:58:06 +0800] "GET /xingrg/javascript/easyui/themes/icons/uncheck_new.png HTTP/1.1" 200 3197
116.224.123.211 - - [15/Aug/2022:10:58:07 +0800] "POST /xingrg/kc/mdqp/pssh_order_operate.html HTTP/1.1" 200 543
116.224.123.211 - - [15/Aug/2022:10:58:07 +0800] "GET /xingrg/javascript/easyui/themes/default/validatebox.css HTTP/1.1" 404 1104
116.237.76.174 - - [15/Aug/2022:10:58:07 +0800] "POST /xingrg/dwr/call/plaincall/AjaxQqpsService.saveMaterielItem.dwr HTTP/1.1" 200 78
116.232.194.65 - - [15/Aug/2022:10:58:09 +0800] "GET /xingrg/all/function/internal_message.html?_=1660532262580&CODE_STATE=getMsg HTTP/1.1" 200 27
101.80.228.36 - - [15/Aug/2022:10:58:13 +0800] "GET /xingrg/all/function/internal_message.html?_=1660532290289&CODE_STATE=getMsg HTTP/1.1" 200 27
114.83.216.111 - - [15/Aug/2022:10:58:15 +0800] "GET /xingrg/all/function/internal_message.html?_=1660532293285&CODE_STATE=getMsg HTTP/1.1" 200 27
101.83.146.132 - - [15/Aug/2022:10:58:16 +0800] "GET /xingrg/all/function/internal_message.html?_=1660532167309&CODE_STATE=getMsg HTTP/1.1" 200 27
114.86.187.244 - - [15/Aug/2022:10:58:17 +0800] "GET /xingrg/check_reg.html?_=1660532296586 HTTP/1.1" 200 22
222.69.129.110 - - [15/Aug/2022:10:58:18 +0800] "GET /xingrg/all/function/internal_message.html?_=1660532362173&CODE_STATE=getMsg HTTP/1.1" 200 27
222.69.129.110 - - [15/Aug/2022:10:58:21 +0800] "GET /xingrg/kc/buy/cgsh_order_add.html HTTP/1.1" 200 67583
222.69.129.110 - - [15/Aug/2022:10:58:21 +0800] "POST /xingrg/kc/buy/cgsh_order_operate.html HTTP/1.1" 200 8245
222.69.129.110 - - [15/Aug/2022:10:58:21 +0800] "GET /xingrg/javascript/easyui/themes/default/validatebox.css HTTP/1.1" 404 1104
114.86.187.244 - - [15/Aug/2022:10:58:22 +0800] "GET /xingrg/all/function/internal_message.html?_=1660532301246&CODE_STATE=getMsg HTTP/1.1" 200 27
116.224.123.211 - - [15/Aug/2022:10:58:22 +0800] "GET /xingrg/kc/print/load_config.html?kc_code=pssh HTTP/1.1" 200 2291
116.224.123.211 - - [15/Aug/2022:10:58:22 +0800] "GET /xingrg/kc/print/load_data.html?order_code=312022081400304&kc_code=pssh&condition= HTTP/1.1" 200 665
101.85.120.95 - - [15/Aug/2022:10:58:23 +0800] "GET /xingrg/all/function/internal_message.html?_=1660532300909&CODE_STATE=getMsg HTTP/1.1" 200 27
222.70.182.94 - - [15/Aug/2022:10:58:24 +0800] "GET /xingrg/all/function/internal_message.html?_=1660532302319&CODE_STATE=getMsg HTTP/1.1" 200 27
222.70.182.94 - - [15/Aug/2022:10:58:24 +0800] "GET /xingrg/check_reg.html?_=1660532302315 HTTP/1.1" 200 22
180.169.147.146 - - [15/Aug/2022:10:58:25 +0800] "GET /xingrg/check_reg.html?_=1660532305566 HTTP/1.1" 200 22
180.169.147.146 - - [15/Aug/2022:10:58:25 +0800] "GET /xingrg/all/function/internal_message.html?_=1660532305570&CODE_STATE=getMsg HTTP/1.1" 200 27
114.86.187.244 - - [15/Aug/2022:10:58:26 +0800] "GET /xingrg/all/function/internal_message.html?_=1660532305347&CODE_STATE=getMsg HTTP/1.1" 200 27
116.237.76.174 - - [15/Aug/2022:10:58:27 +0800] "POST /xingrg/dwr/call/plaincall/AjaxQqpsService.getMaterielByCode.dwr HTTP/1.1" 200 2716
101.83.146.132 - - [15/Aug/2022:10:58:29 +0800] "GET /xingrg/all/function/internal_message.html?_=1660532309037&CODE_STATE=getMsg HTTP/1.1" 200 27
114.88.158.224 - - [15/Aug/2022:10:58:30 +0800] "GET /xingrg/all/function/internal_message.html?_=1660531982421&CODE_STATE=getMsg HTTP/1.1" 200 27
101.83.146.132 - - [15/Aug/2022:10:58:30 +0800] "GET /xingrg/check_reg.html?_=1660532310178 HTTP/1.1" 200 22
116.237.76.174 - - [15/Aug/2022:10:58:31 +0800] "POST /xingrg/dwr/call/plaincall/AjaxQqpsService.saveMaterielItem.dwr HTTP/1.1" 200 78
114.86.187.244 - - [15/Aug/2022:10:58:34 +0800] "GET /xingrg/check_reg.html?_=1660532314199 HTTP/1.1" 200 22
218.81.223.53 - - [15/Aug/2022:10:58:35 +0800] "GET /xingrg/check_reg.html?_=1660532316085 HTTP/1.1" 200 22
116.237.76.174 - - [15/Aug/2022:10:58:40 +0800] "POST /xingrg/dwr/call/plaincall/AjaxQqpsService.saveOrder.dwr HTTP/1.1" 200 78
114.86.225.95 - - [15/Aug/2022:10:58:43 +0800] "GET /xingrg/all/function/internal_message.html?_=1660532324252&CODE_STATE=getMsg HTTP/1.1" 200 27
218.81.223.53 - - [15/Aug/2022:10:58:43 +0800] "GET /xingrg/kc/buy/cgsh_order_operate.html?command=get_materiel&rest_code=00146&code=00101004010&supplier_code=00100199&order_time=2022-08-15 HTTP/1.1" 200 429
120.253.135.82 - - [15/Aug/2022:10:58:44 +0800] "GET /xingrg/all/function/internal_message.html?_=1660532128633&CODE_STATE=getMsg HTTP/1.1" 200 27
218.81.223.53 - - [15/Aug/2022:10:58:47 +0800] "GET /xingrg/all/function/internal_message.html?_=1660532328182&CODE_STATE=getMsg HTTP/1.1" 200 27
222.69.129.110 - - [15/Aug/2022:10:58:51 +0800] "POST /xingrg/kc/buy/cgsh_list_operate.html HTTP/1.1" 200 2052
218.81.223.53 - - [15/Aug/2022:10:58:54 +0800] "GET /xingrg/kc/buy/cgsh_order_operate.html?command=get_materiel&rest_code=00146&code=00101001069&supplier_code=00100199&order_time=2022-08-15 HTTP/1.1" 200 409
116.224.255.128 - - [15/Aug/2022:10:58:56 +0800] "GET /xingrg/all/function/internal_message.html?_=1660532272163&CODE_STATE=getMsg HTTP/1.1" 200 27
116.224.123.211 - - [15/Aug/2022:10:58:56 +0800] "GET /xingrg/all/function/internal_message.html?_=1660532334638&CODE_STATE=getMsg HTTP/1.1" 200 27
218.81.223.53 - - [15/Aug/2022:10:59:08 +0800] "POST /xingrg/kc/buy/cgsh_order_operate.html HTTP/1.1" 200 37
116.232.194.65 - - [15/Aug/2022:10:59:09 +0800] "GET /xingrg/all/function/internal_message.html?_=1660532322594&CODE_STATE=getMsg HTTP/1.1" 200 27
218.81.223.53 - - [15/Aug/2022:10:59:10 +0800] "POST /xingrg/kc/buy/cgsh_order_operate.html HTTP/1.1" 200 5034
218.81.223.53 - - [15/Aug/2022:10:59:12 +0800] "GET /xingrg/kc/print/load_data.html?order_code=212022081504764&kc_code=cgsh&condition= HTTP/1.1" 200 1587
101.80.228.36 - - [15/Aug/2022:10:59:13 +0800] "GET /xingrg/all/function/internal_message.html?_=1660532350291&CODE_STATE=getMsg HTTP/1.1" 200 27
114.83.216.111 - - [15/Aug/2022:10:59:15 +0800] "GET /xingrg/all/function/internal_message.html?_=1660532353289&CODE_STATE=getMsg HTTP/1.1" 200 27
101.83.146.132 - - [15/Aug/2022:10:59:16 +0800] "GET /xingrg/all/function/internal_message.html?_=1660532227295&CODE_STATE=getMsg HTTP/1.1" 200 27
222.69.129.110 - - [15/Aug/2022:10:59:18 +0800] "GET /xingrg/all/function/internal_message.html?_=1660532422172&CODE_STATE=getMsg HTTP/1.1" 200 27
114.86.187.244 - - [15/Aug/2022:10:59:21 +0800] "GET /xingrg/all/function/internal_message.html?_=1660532361221&CODE_STATE=getMsg HTTP/1.1" 200 27
101.85.120.95 - - [15/Aug/2022:10:59:23 +0800] "GET /xingrg/all/function/internal_message.html?_=1660532360924&CODE_STATE=getMsg HTTP/1.1" 200 27
222.70.182.94 - - [15/Aug/2022:10:59:24 +0800] "GET /xingrg/all/function/internal_message.html?_=1660532362319&CODE_STATE=getMsg HTTP/1.1" 200 27
180.169.147.146 - - [15/Aug/2022:10:59:25 +0800] "GET /xingrg/all/function/internal_message.html?_=1660532365560&CODE_STATE=getMsg HTTP/1.1" 200 27
114.86.187.244 - - [15/Aug/2022:10:59:26 +0800] "GET /xingrg/all/function/internal_message.html?_=1660532365344&CODE_STATE=getMsg HTTP/1.1" 200 27
218.81.223.53 - - [15/Aug/2022:10:59:27 +0800] "GET /xingrg/kc/buy/cgsh_order_add.html HTTP/1.1" 200 68341
218.81.223.53 - - [15/Aug/2022:10:59:28 +0800] "POST /xingrg/kc/buy/cgsh_order_operate.html HTTP/1.1" 200 8245
218.81.223.53 - - [15/Aug/2022:10:59:28 +0800] "GET /xingrg/javascript/easyui/themes/default/validatebox.css HTTP/1.1" 404 1104
101.83.146.132 - - [15/Aug/2022:10:59:29 +0800] "GET /xingrg/all/function/internal_message.html?_=1660532369019&CODE_STATE=getMsg HTTP/1.1" 200 27
114.88.158.224 - - [15/Aug/2022:10:59:30 +0800] "GET /xingrg/all/function/internal_message.html?_=1660532042388&CODE_STATE=getMsg HTTP/1.1" 200 27
114.86.225.95 - - [15/Aug/2022:10:59:43 +0800] "GET /xingrg/all/function/internal_message.html?_=1660532384254&CODE_STATE=getMsg HTTP/1.1" 200 27
218.81.223.53 - - [15/Aug/2022:10:59:47 +0800] "GET /xingrg/all/function/internal_message.html?_=1660532388196&CODE_STATE=getMsg HTTP/1.1" 200 27
218.81.223.53 - - [15/Aug/2022:10:59:52 +0800] "GET /xingrg/kc/buy/cgsh_order_operate.html?command=get_materiel&rest_code=00146&code=00101007090&supplier_code=00100002&order_time=2022-08-15 HTTP/1.1" 200 413
116.224.255.128 - - [15/Aug/2022:10:59:56 +0800] "GET /xingrg/all/function/internal_message.html?_=1660532332206&CODE_STATE=getMsg HTTP/1.1" 200 27
116.224.123.211 - - [15/Aug/2022:10:59:56 +0800] "GET /xingrg/all/function/internal_message.html?_=1660532394627&CODE_STATE=getMsg HTTP/1.1" 200 27
116.224.123.211 - - [15/Aug/2022:11:00:03 +0800] "GET /xingrg/kc/mdqp/qqps_order_list.html HTTP/1.1" 200 9222
116.224.123.211 - - [15/Aug/2022:11:00:03 +0800] "GET /xingrg/dwr/interface/AjaxQqpsService.js HTTP/1.1" 200 16326
116.224.123.211 - - [15/Aug/2022:11:00:03 +0800] "GET /xingrg/dwr/interface/AjaxReportQueryService.js HTTP/1.1" 200 13203
116.224.123.211 - - [15/Aug/2022:11:00:03 +0800] "GET /xingrg/dwr/engine.js HTTP/1.1" 200 43631
116.224.123.211 - - [15/Aug/2022:11:00:05 +0800] "GET /xingrg/kc/mdqp/qqps_order_add.html HTTP/1.1" 200 28305
116.224.123.211 - - [15/Aug/2022:11:00:05 +0800] "GET /xingrg/dwr/interface/AjaxQqpsService.js HTTP/1.1" 200 16326
116.224.123.211 - - [15/Aug/2022:11:00:05 +0800] "GET /xingrg/dwr/interface/AjaxComOrderService.js HTTP/1.1" 200 18264
116.224.123.211 - - [15/Aug/2022:11:00:05 +0800] "GET /xingrg/dwr/engine.js HTTP/1.1" 200 43631
116.232.194.65 - - [15/Aug/2022:11:00:09 +0800] "GET /xingrg/check_reg.html?_=1660532382595 HTTP/1.1" 200 22
116.232.194.65 - - [15/Aug/2022:11:00:09 +0800] "GET /xingrg/all/function/internal_message.html?_=1660532382597&CODE_STATE=getMsg HTTP/1.1" 200 27
218.81.223.53 - - [15/Aug/2022:11:00:11 +0800] "GET /xingrg/kc/buy/cgsh_order_operate.html?command=get_materiel&rest_code=00146&code=00101007032&supplier_code=00100002&order_time=2022-08-15 HTTP/1.1" 200 413
101.80.228.36 - - [15/Aug/2022:11:00:13 +0800] "GET /xingrg/all/function/internal_message.html?_=1660532410298&CODE_STATE=getMsg HTTP/1.1" 200 27
114.83.216.111 - - [15/Aug/2022:11:00:15 +0800] "GET /xingrg/all/function/internal_message.html?_=1660532413295&CODE_STATE=getMsg HTTP/1.1" 200 27
101.83.146.132 - - [15/Aug/2022:11:00:16 +0800] "GET /xingrg/all/function/internal_message.html?_=1660532287299&CODE_STATE=getMsg HTTP/1.1" 200 27
116.224.123.211 - - [15/Aug/2022:11:00:17 +0800] "POST /xingrg/dwr/call/plaincall/AjaxQqpsService.saveOrder.dwr HTTP/1.1" 200 78
222.69.129.110 - - [15/Aug/2022:11:00:18 +0800] "GET /xingrg/all/function/internal_message.html?_=1660532482136&CODE_STATE=getMsg HTTP/1.1" 200 27
114.86.187.244 - - [15/Aug/2022:11:00:21 +0800] "GET /xingrg/all/function/internal_message.html?_=1660532421192&CODE_STATE=getMsg HTTP/1.1" 200 27
116.224.123.211 - - [15/Aug/2022:11:00:22 +0800] "GET /xingrg/javascript/auto/indicator.gif HTTP/1.1" 404 1066
116.237.76.174 - - [15/Aug/2022:11:00:22 +0800] "GET /xingrg/check_reg.html?_=1660532424644 HTTP/1.1" 200 22
101.85.120.95 - - [15/Aug/2022:11:00:23 +0800] "GET /xingrg/all/function/internal_message.html?_=1660532420910&CODE_STATE=getMsg HTTP/1.1" 200 27
222.70.182.94 - - [15/Aug/2022:11:00:24 +0800] "GET /xingrg/all/function/internal_message.html?_=1660532422320&CODE_STATE=getMsg HTTP/1.1" 200 27
116.224.123.211 - - [15/Aug/2022:11:00:24 +0800] "POST /xingrg/dwr/call/plaincall/AjaxQqpsService.getMaterielByCode.dwr HTTP/1.1" 200 2739
180.169.147.146 - - [15/Aug/2022:11:00:25 +0800] "GET /xingrg/all/function/internal_message.html?_=1660532425572&CODE_STATE=getMsg HTTP/1.1" 200 27
114.86.187.244 - - [15/Aug/2022:11:00:26 +0800] "GET /xingrg/all/function/internal_message.html?_=1660532425344&CODE_STATE=getMsg HTTP/1.1" 200 27
116.224.123.211 - - [15/Aug/2022:11:00:27 +0800] "POST /xingrg/dwr/call/plaincall/AjaxQqpsService.saveMaterielItem.dwr HTTP/1.1" 200 78
218.81.223.53 - - [15/Aug/2022:11:00:27 +0800] "GET /xingrg/kc/buy/cgsh_order_operate.html?command=get_materiel&rest_code=00146&code=00101007085&supplier_code=00100002&order_time=2022-08-15 HTTP/1.1" 200 413
101.83.146.132 - - [15/Aug/2022:11:00:29 +0800] "GET /xingrg/all/function/internal_message.html?_=1660532428999&CODE_STATE=getMsg HTTP/1.1" 200 27
114.88.158.224 - - [15/Aug/2022:11:00:30 +0800] "GET /xingrg/all/function/internal_message.html?_=1660532102363&CODE_STATE=getMsg HTTP/1.1" 200 27
114.88.158.224 - - [15/Aug/2022:11:00:31 +0800] "GET /xingrg/check_reg.html?_=1660532103409 HTTP/1.1" 200 22
116.224.123.211 - - [15/Aug/2022:11:00:31 +0800] "POST /xingrg/dwr/call/plaincall/AjaxQqpsService.getMaterielByCode.dwr HTTP/1.1" 200 2781
116.224.123.211 - - [15/Aug/2022:11:00:32 +0800] "POST /xingrg/dwr/call/plaincall/AjaxQqpsService.saveMaterielItem.dwr HTTP/1.1" 200 78
116.224.123.211 - - [15/Aug/2022:11:00:35 +0800] "POST /xingrg/dwr/call/plaincall/AjaxQqpsService.getMaterielByCode.dwr HTTP/1.1" 200 2775
116.224.123.211 - - [15/Aug/2022:11:00:37 +0800] "POST /xingrg/dwr/call/plaincall/AjaxQqpsService.saveMaterielItem.dwr HTTP/1.1" 200 78
58.40.7.146 - - [15/Aug/2022:11:00:37 +0800] "POST /xingrg/services/DataTransmitService HTTP/1.1" 200 524
114.86.225.95 - - [15/Aug/2022:11:00:43 +0800] "GET /xingrg/all/function/internal_message.html?_=1660532444257&CODE_STATE=getMsg HTTP/1.1" 200 27
218.81.223.53 - - [15/Aug/2022:11:00:44 +0800] "POST /xingrg/kc/buy/cgsh_order_operate.html HTTP/1.1" 200 37
116.224.255.128 - - [15/Aug/2022:11:00:56 +0800] "GET /xingrg/all/function/internal_message.html?_=1660532392223&CODE_STATE=getMsg HTTP/1.1" 200 27
116.224.123.211 - - [15/Aug/2022:11:00:56 +0800] "GET /xingrg/check_reg.html?_=1660532454602 HTTP/1.1" 200 22
116.224.123.211 - - [15/Aug/2022:11:00:56 +0800] "GET /xingrg/all/function/internal_message.html?_=1660532454604&CODE_STATE=getMsg HTTP/1.1" 200 27
116.224.123.211 - - [15/Aug/2022:11:01:06 +0800] "POST /xingrg/dwr/call/plaincall/AjaxQqpsService.saveOrder.dwr HTTP/1.1" 200 78
116.232.194.65 - - [15/Aug/2022:11:01:09 +0800] "GET /xingrg/all/function/internal_message.html?_=1660532442595&CODE_STATE=getMsg HTTP/1.1" 200 27
116.224.123.211 - - [15/Aug/2022:11:01:12 +0800] "GET /xingrg/kc/mdqp/qqps_order_list.html HTTP/1.1" 200 9640
116.224.123.211 - - [15/Aug/2022:11:01:12 +0800] "GET /xingrg/dwr/interface/AjaxQqpsService.js HTTP/1.1" 200 16326
116.224.123.211 - - [15/Aug/2022:11:01:12 +0800] "GET /xingrg/dwr/engine.js HTTP/1.1" 200 43631
116.224.123.211 - - [15/Aug/2022:11:01:12 +0800] "GET /xingrg/dwr/interface/AjaxReportQueryService.js HTTP/1.1" 200 13203
101.80.228.36 - - [15/Aug/2022:11:01:13 +0800] "GET /xingrg/all/function/internal_message.html?_=1660532470299&CODE_STATE=getMsg HTTP/1.1" 200 27
114.83.216.111 - - [15/Aug/2022:11:01:15 +0800] "GET /xingrg/check_reg.html?_=1660532473300 HTTP/1.1" 200 22
114.83.216.111 - - [15/Aug/2022:11:01:15 +0800] "GET /xingrg/all/function/internal_message.html?_=1660532473305&CODE_STATE=getMsg HTTP/1.1" 200 27
101.83.146.132 - - [15/Aug/2022:11:01:16 +0800] "GET /xingrg/all/function/internal_message.html?_=1660532347297&CODE_STATE=getMsg HTTP/1.1" 200 27
101.83.146.132 - - [15/Aug/2022:11:01:16 +0800] "GET /xingrg/check_reg.html?_=1660532347301 HTTP/1.1" 200 22
222.69.129.110 - - [15/Aug/2022:11:01:18 +0800] "GET /xingrg/all/function/internal_message.html?_=1660532542114&CODE_STATE=getMsg HTTP/1.1" 200 27
222.69.129.110 - - [15/Aug/2022:11:01:18 +0800] "GET /xingrg/check_reg.html?_=1660532542254 HTTP/1.1" 200 22
116.224.123.211 - - [15/Aug/2022:11:01:19 +0800] "GET /xingrg/kc/mdqp/qqps_order_list.html?isQuery=1&timeSelect=1&orderTime=day&startTime=2022-08-14&endTime=2022-08-14&state=all&query=%C8%B7++%B6%A8 HTTP/1.1" 200 11778
116.224.123.211 - - [15/Aug/2022:11:01:19 +0800] "GET /xingrg/dwr/interface/AjaxReportQueryService.js HTTP/1.1" 200 13203
116.224.123.211 - - [15/Aug/2022:11:01:19 +0800] "GET /xingrg/dwr/interface/AjaxQqpsService.js HTTP/1.1" 200 16326
116.224.123.211 - - [15/Aug/2022:11:01:19 +0800] "GET /xingrg/dwr/engine.js HTTP/1.1" 200 43631
116.224.123.211 - - [15/Aug/2022:11:01:21 +0800] "GET /xingrg/kc/mdqp/qqps_order_info.html?code=302022081400237 HTTP/1.1" 200 26706
116.224.123.211 - - [15/Aug/2022:11:01:21 +0800] "GET /xingrg/dwr/interface/AjaxComOrderService.js HTTP/1.1" 200 18264
116.224.123.211 - - [15/Aug/2022:11:01:21 +0800] "GET /xingrg/dwr/interface/AjaxQqpsService.js HTTP/1.1" 200 16326
116.224.123.211 - - [15/Aug/2022:11:01:21 +0800] "GET /xingrg/dwr/engine.js HTTP/1.1" 200 43631
114.86.187.244 - - [15/Aug/2022:11:01:21 +0800] "GET /xingrg/all/function/internal_message.html?_=1660532481178&CODE_STATE=getMsg HTTP/1.1" 200 27
116.224.123.211 - - [15/Aug/2022:11:01:22 +0800] "POST /xingrg/dwr/call/plaincall/AjaxQqpsService.loadMaterielItems.dwr HTTP/1.1" 200 7954
101.85.120.95 - - [15/Aug/2022:11:01:23 +0800] "GET /xingrg/all/function/internal_message.html?_=1660532480913&CODE_STATE=getMsg HTTP/1.1" 200 27
222.70.182.94 - - [15/Aug/2022:11:01:24 +0800] "GET /xingrg/all/function/internal_message.html?_=1660532482320&CODE_STATE=getMsg HTTP/1.1" 200 27
180.169.147.146 - - [15/Aug/2022:11:01:25 +0800] "GET /xingrg/all/function/internal_message.html?_=1660532485561&CODE_STATE=getMsg HTTP/1.1" 200 27
114.86.187.244 - - [15/Aug/2022:11:01:26 +0800] "GET /xingrg/all/function/internal_message.html?_=1660532485343&CODE_STATE=getMsg HTTP/1.1" 200 27
101.83.146.132 - - [15/Aug/2022:11:01:29 +0800] "GET /xingrg/all/function/internal_message.html?_=1660532488967&CODE_STATE=getMsg HTTP/1.1" 200 27
114.88.158.224 - - [15/Aug/2022:11:01:29 +0800] "GET /xingrg/all/function/internal_message.html?_=1660532162334&CODE_STATE=getMsg HTTP/1.1" 200 27
116.237.76.174 - - [15/Aug/2022:11:01:34 +0800] "POST /xingrg/dwr/call/plaincall/AjaxQqpsService.saveOrder.dwr HTTP/1.1" 200 78
116.237.76.174 - - [15/Aug/2022:11:01:40 +0800] "GET /xingrg/kc/mdqp/qqps_order_add.html HTTP/1.1" 200 28236
116.237.76.174 - - [15/Aug/2022:11:01:40 +0800] "GET /xingrg/dwr/interface/AjaxComOrderService.js HTTP/1.1" 200 18264
116.237.76.174 - - [15/Aug/2022:11:01:40 +0800] "GET /xingrg/dwr/interface/AjaxQqpsService.js HTTP/1.1" 200 16326
116.237.76.174 - - [15/Aug/2022:11:01:40 +0800] "GET /xingrg/dwr/engine.js HTTP/1.1" 200 43631
116.237.76.174 - - [15/Aug/2022:11:01:40 +0800] "GET /xingrg/words/20220814143851_words.js HTTP/1.1" 304 -
114.86.225.95 - - [15/Aug/2022:11:01:43 +0800] "GET /xingrg/all/function/internal_message.html?_=1660532504259&CODE_STATE=getMsg HTTP/1.1" 200 27
114.86.225.95 - - [15/Aug/2022:11:01:43 +0800] "GET /xingrg/check_reg.html?_=1660532504260 HTTP/1.1" 200 22
116.237.76.174 - - [15/Aug/2022:11:01:51 +0800] "POST /xingrg/dwr/call/plaincall/AjaxQqpsService.saveOrder.dwr HTTP/1.1" 200 78
116.224.255.128 - - [15/Aug/2022:11:01:55 +0800] "GET /xingrg/check_reg.html?_=1660532451672 HTTP/1.1" 200 22
116.224.255.128 - - [15/Aug/2022:11:01:56 +0800] "GET /xingrg/all/function/internal_message.html?_=1660532452236&CODE_STATE=getMsg HTTP/1.1" 200 27
116.224.123.211 - - [15/Aug/2022:11:01:56 +0800] "GET /xingrg/all/function/internal_message.html?_=1660532514606&CODE_STATE=getMsg HTTP/1.1" 200 27
116.237.76.174 - - [15/Aug/2022:11:02:03 +0800] "POST /xingrg/dwr/call/plaincall/AjaxQqpsService.getMaterielByCode.dwr HTTP/1.1" 200 2713
116.232.194.65 - - [15/Aug/2022:11:02:09 +0800] "GET /xingrg/all/function/internal_message.html?_=1660532502591&CODE_STATE=getMsg HTTP/1.1" 200 27
101.80.228.36 - - [15/Aug/2022:11:02:13 +0800] "GET /xingrg/check_reg.html?_=1660532530301 HTTP/1.1" 200 22
101.80.228.36 - - [15/Aug/2022:11:02:13 +0800] "GET /xingrg/all/function/internal_message.html?_=1660532530302&CODE_STATE=getMsg HTTP/1.1" 200 27
114.83.216.111 - - [15/Aug/2022:11:02:15 +0800] "GET /xingrg/all/function/internal_message.html?_=1660532533303&CODE_STATE=getMsg HTTP/1.1" 200 27
101.83.146.132 - - [15/Aug/2022:11:02:16 +0800] "GET /xingrg/all/function/internal_message.html?_=1660532407301&CODE_STATE=getMsg HTTP/1.1" 200 27
222.69.129.110 - - [15/Aug/2022:11:02:18 +0800] "GET /xingrg/all/function/internal_message.html?_=1660532602088&CODE_STATE=getMsg HTTP/1.1" 200 27
114.86.187.244 - - [15/Aug/2022:11:02:21 +0800] "GET /xingrg/all/function/internal_message.html?_=1660532541150&CODE_STATE=getMsg HTTP/1.1" 200 27
101.85.120.95 - - [15/Aug/2022:11:02:23 +0800] "GET /xingrg/all/function/internal_message.html?_=1660532540918&CODE_STATE=getMsg HTTP/1.1" 200 27
101.85.120.95 - - [15/Aug/2022:11:02:23 +0800] "GET /xingrg/check_reg.html?_=1660532540914 HTTP/1.1" 200 22
222.70.182.94 - - [15/Aug/2022:11:02:24 +0800] "GET /xingrg/all/function/internal_message.html?_=1660532542321&CODE_STATE=getMsg HTTP/1.1" 200 27
180.169.147.146 - - [15/Aug/2022:11:02:25 +0800] "GET /xingrg/all/function/internal_message.html?_=1660532545564&CODE_STATE=getMsg HTTP/1.1" 200 27
114.86.187.244 - - [15/Aug/2022:11:02:26 +0800] "GET /xingrg/all/function/internal_message.html?_=1660532545343&CODE_STATE=getMsg HTTP/1.1" 200 27
114.86.187.244 - - [15/Aug/2022:11:02:26 +0800] "GET /xingrg/check_reg.html?_=1660532545345 HTTP/1.1" 200 22
101.83.146.132 - - [15/Aug/2022:11:02:29 +0800] "GET /xingrg/all/function/internal_message.html?_=1660532548942&CODE_STATE=getMsg HTTP/1.1" 200 27
114.88.158.224 - - [15/Aug/2022:11:02:29 +0800] "GET /xingrg/all/function/internal_message.html?_=1660532222304&CODE_STATE=getMsg HTTP/1.1" 200 27
