180.169.147.146 - - [15/Aug/2022:11:29:25 +0800] "GET /xingrg/all/function/internal_message.html?_=1660534165567&CODE_STATE=getMsg HTTP/1.1" 200 27
114.86.187.244 - - [15/Aug/2022:11:29:26 +0800] "GET /xingrg/all/function/internal_message.html?_=1660534165403&CODE_STATE=getMsg HTTP/1.1" 200 27
114.88.158.224 - - [15/Aug/2022:11:29:27 +0800] "GET /xingrg/kc/buy/cgsh_order_operate.html?command=get_materiel&rest_code=00141&code=00101004071&supplier_code=00100312&order_time=2022-08-15 HTTP/1.1" 200 409
101.83.146.132 - - [15/Aug/2022:11:29:29 +0800] "GET /xingrg/all/function/internal_message.html?_=1660534168287&CODE_STATE=getMsg HTTP/1.1" 200 27
218.81.223.53 - - [15/Aug/2022:11:29:30 +0800] "POST /xingrg/services/DataTransmitService HTTP/1.1" 200 524
101.85.120.95 - - [15/Aug/2022:11:29:30 +0800] "GET /xingrg/kc/base/wldb_order_operate.html?command=get_materiel&rest_code=00142&base_code=0010185&code=00101006263 HTTP/1.1" 200 446
114.83.216.111 - - [15/Aug/2022:11:29:33 +0800] "GET /xingrg/kc/buy/cgsh_order_operate.html?command=get_materiel&rest_code=00149&code=00101001010&supplier_code=00100039&order_time=2022-08-15 HTTP/1.1" 200 409
116.237.76.174 - - [15/Aug/2022:11:29:42 +0800] "POST /xingrg/dwr/call/plaincall/AjaxQqpsService.getMaterielByCode.dwr HTTP/1.1" 200 2731
114.86.225.95 - - [15/Aug/2022:11:29:43 +0800] "GET /xingrg/all/function/internal_message.html?_=1660534184317&CODE_STATE=getMsg HTTP/1.1" 200 27
116.237.76.174 - - [15/Aug/2022:11:29:44 +0800] "POST /xingrg/dwr/call/plaincall/AjaxQqpsService.saveMaterielItem.dwr HTTP/1.1" 200 79
101.85.120.95 - - [15/Aug/2022:11:29:47 +0800] "GET /xingrg/kc/base/wldb_order_operate.html?command=get_materiel&rest_code=00142&base_code=0010185&code=00101010300 HTTP/1.1" 200 437
114.88.158.224 - - [15/Aug/2022:11:29:49 +0800] "GET /xingrg/kc/buy/cgsh_order_operate.html?command=get_materiel&rest_code=00141&code=00101005017&supplier_code=00100312&order_time=2022-08-15 HTTP/1.1" 200 409
114.83.216.111 - - [15/Aug/2022:11:29:54 +0800] "POST /xingrg/kc/buy/cgsh_order_operate.html HTTP/1.1" 200 37
116.224.123.211 - - [15/Aug/2022:11:29:56 +0800] "GET /xingrg/all/function/internal_message.html?_=1660534194530&CODE_STATE=getMsg HTTP/1.1" 200 27
116.224.255.128 - - [15/Aug/2022:11:29:56 +0800] "GET /xingrg/all/function/internal_message.html?_=1660534132734&CODE_STATE=getMsg HTTP/1.1" 200 27
116.237.76.174 - - [15/Aug/2022:11:29:57 +0800] "POST /xingrg/dwr/call/plaincall/AjaxQqpsService.getMaterielByCode.dwr HTTP/1.1" 200 2730
114.83.216.111 - - [15/Aug/2022:11:29:57 +0800] "POST /xingrg/kc/buy/cgsh_order_operate.html HTTP/1.1" 200 12
114.88.158.224 - - [15/Aug/2022:11:29:59 +0800] "GET /xingrg/kc/buy/cgsh_order_operate.html?command=get_materiel&rest_code=00141&code=00101004050&supplier_code=00100312&order_time=2022-08-15 HTTP/1.1" 200 409
116.237.76.174 - - [15/Aug/2022:11:30:00 +0800] "POST /xingrg/dwr/call/plaincall/AjaxQqpsService.saveMaterielItem.dwr HTTP/1.1" 200 79
101.85.120.95 - - [15/Aug/2022:11:30:05 +0800] "GET /xingrg/all/function/internal_message.html?_=1660534202522&CODE_STATE=getMsg HTTP/1.1" 200 27
114.88.158.224 - - [15/Aug/2022:11:30:08 +0800] "GET /xingrg/all/function/internal_message.html?_=1660533880385&CODE_STATE=getMsg HTTP/1.1" 200 27
114.88.158.224 - - [15/Aug/2022:11:30:08 +0800] "GET /xingrg/kc/buy/cgsh_order_operate.html?command=get_materiel&rest_code=00141&code=00101001096&supplier_code=00100312&order_time=2022-08-15 HTTP/1.1" 200 412
116.232.194.65 - - [15/Aug/2022:11:30:09 +0800] "GET /xingrg/check_reg.html?_=1660534182585 HTTP/1.1" 200 22
116.232.194.65 - - [15/Aug/2022:11:30:09 +0800] "GET /xingrg/all/function/internal_message.html?_=1660534182589&CODE_STATE=getMsg HTTP/1.1" 200 27
116.237.76.174 - - [15/Aug/2022:11:30:10 +0800] "POST /xingrg/dwr/call/plaincall/AjaxQqpsService.getMaterielByCode.dwr HTTP/1.1" 200 2725
116.224.123.211 - - [15/Aug/2022:11:30:12 +0800] "GET /xingrg/all/function/internal_message.html?_=1660534212985&CODE_STATE=getMsg HTTP/1.1" 200 27
114.83.216.111 - - [15/Aug/2022:11:30:12 +0800] "POST /xingrg/kc/buy/cgsh_order_operate.html HTTP/1.1" 200 78
116.224.123.211 - - [15/Aug/2022:11:30:12 +0800] "POST /xingrg/services/DataTransmitService HTTP/1.1" 200 524
101.80.228.36 - - [15/Aug/2022:11:30:13 +0800] "GET /xingrg/all/function/internal_message.html?_=1660534210295&CODE_STATE=getMsg HTTP/1.1" 200 27
114.83.216.111 - - [15/Aug/2022:11:30:15 +0800] "GET /xingrg/all/function/internal_message.html?_=1660534213413&CODE_STATE=getMsg HTTP/1.1" 200 27
101.83.146.132 - - [15/Aug/2022:11:30:16 +0800] "GET /xingrg/all/function/internal_message.html?_=1660534087321&CODE_STATE=getMsg HTTP/1.1" 200 27
114.83.216.111 - - [15/Aug/2022:11:30:16 +0800] "GET /xingrg/kc/buy/cgsh_order_info.html?code=212022081504780 HTTP/1.1" 200 63370
114.83.216.111 - - [15/Aug/2022:11:30:16 +0800] "GET /xingrg/javascript/easyui/themes/default/validatebox.css HTTP/1.1" 404 1104
116.237.76.174 - - [15/Aug/2022:11:30:17 +0800] "POST /xingrg/dwr/call/plaincall/AjaxQqpsService.saveMaterielItem.dwr HTTP/1.1" 200 79
114.83.216.111 - - [15/Aug/2022:11:30:17 +0800] "POST /xingrg/kc/buy/cgsh_order_operate.html HTTP/1.1" 200 2974
222.69.129.110 - - [15/Aug/2022:11:30:18 +0800] "GET /xingrg/all/function/internal_message.html?_=1660534281640&CODE_STATE=getMsg HTTP/1.1" 200 27
116.224.123.211 - - [15/Aug/2022:11:30:18 +0800] "POST /xingrg/services/DataTransmitService HTTP/1.1" 200 501
114.88.158.224 - - [15/Aug/2022:11:30:19 +0800] "GET /xingrg/kc/buy/cgsh_order_operate.html?command=get_materiel&rest_code=00141&code=00101005022&supplier_code=00100312&order_time=2022-08-15 HTTP/1.1" 200 417
172.20.0.100 - - [15/Aug/2022:11:30:19 +0800] "GET /xingrg/all/function/internal_message.html?_=1660534219219&CODE_STATE=getMsg HTTP/1.1" 200 27
114.83.216.111 - - [15/Aug/2022:11:30:19 +0800] "GET /xingrg/kc/print/load_data.html?order_code=212022081504780&kc_code=cgsh&condition= HTTP/1.1" 200 1627
114.86.187.244 - - [15/Aug/2022:11:30:21 +0800] "GET /xingrg/all/function/internal_message.html?_=1660534220609&CODE_STATE=getMsg HTTP/1.1" 200 27
116.237.76.174 - - [15/Aug/2022:11:30:22 +0800] "GET /xingrg/check_reg.html?_=1660534224592 HTTP/1.1" 200 22
222.70.182.94 - - [15/Aug/2022:11:30:24 +0800] "GET /xingrg/all/function/internal_message.html?_=1660534222359&CODE_STATE=getMsg HTTP/1.1" 200 27
180.169.147.146 - - [15/Aug/2022:11:30:25 +0800] "GET /xingrg/all/function/internal_message.html?_=1660534225571&CODE_STATE=getMsg HTTP/1.1" 200 27
114.88.158.224 - - [15/Aug/2022:11:30:25 +0800] "GET /xingrg/kc/buy/cgsh_order_operate.html?command=get_materiel&rest_code=00141&code=00101001029&supplier_code=00100312&order_time=2022-08-15 HTTP/1.1" 200 415
114.86.187.244 - - [15/Aug/2022:11:30:26 +0800] "GET /xingrg/all/function/internal_message.html?_=1660534225401&CODE_STATE=getMsg HTTP/1.1" 200 27
101.83.146.132 - - [15/Aug/2022:11:30:29 +0800] "GET /xingrg/all/function/internal_message.html?_=1660534228263&CODE_STATE=getMsg HTTP/1.1" 200 27
116.237.76.174 - - [15/Aug/2022:11:30:30 +0800] "POST /xingrg/dwr/call/plaincall/AjaxQqpsService.getMaterielByCode.dwr HTTP/1.1" 200 2721
116.237.76.174 - - [15/Aug/2022:11:30:37 +0800] "POST /xingrg/dwr/call/plaincall/AjaxQqpsService.saveMaterielItem.dwr HTTP/1.1" 200 79
114.88.158.224 - - [15/Aug/2022:11:30:37 +0800] "GET /xingrg/kc/buy/cgsh_order_operate.html?command=get_materiel&rest_code=00141&code=00101004038&supplier_code=00100312&order_time=2022-08-15 HTTP/1.1" 200 429
114.83.216.111 - - [15/Aug/2022:11:30:40 +0800] "GET /xingrg/kc/buy/cgsh_order_add.html HTTP/1.1" 200 68467
114.83.216.111 - - [15/Aug/2022:11:30:40 +0800] "POST /xingrg/kc/buy/cgsh_order_operate.html HTTP/1.1" 200 8245
114.83.216.111 - - [15/Aug/2022:11:30:40 +0800] "GET /xingrg/javascript/easyui/themes/default/validatebox.css HTTP/1.1" 404 1104
114.86.225.95 - - [15/Aug/2022:11:30:43 +0800] "GET /xingrg/all/function/internal_message.html?_=1660534244319&CODE_STATE=getMsg HTTP/1.1" 200 27
114.88.158.224 - - [15/Aug/2022:11:30:53 +0800] "POST /xingrg/kc/buy/cgsh_order_operate.html HTTP/1.1" 200 37
101.85.120.95 - - [15/Aug/2022:11:30:54 +0800] "GET /xingrg/kc/base/wldb_order_operate.html?command=get_materiel&rest_code=00142&base_code=0010185&code=00101021009 HTTP/1.1" 200 451
114.83.216.111 - - [15/Aug/2022:11:30:55 +0800] "GET /xingrg/kc/buy/cgsh_order_operate.html?command=get_materiel&rest_code=00149&code=00101009001&supplier_code=00100201&order_time=2022-08-15 HTTP/1.1" 200 416
116.224.123.211 - - [15/Aug/2022:11:30:56 +0800] "GET /xingrg/all/function/internal_message.html?_=1660534254516&CODE_STATE=getMsg HTTP/1.1" 200 27
116.224.123.211 - - [15/Aug/2022:11:30:56 +0800] "GET /xingrg/check_reg.html?_=1660534254621 HTTP/1.1" 200 22
116.224.255.128 - - [15/Aug/2022:11:30:56 +0800] "GET /xingrg/all/function/internal_message.html?_=1660534192739&CODE_STATE=getMsg HTTP/1.1" 200 27
114.88.158.224 - - [15/Aug/2022:11:30:57 +0800] "POST /xingrg/kc/buy/cgsh_order_operate.html HTTP/1.1" 200 12
114.88.158.224 - - [15/Aug/2022:11:30:59 +0800] "GET /xingrg/kc/buy/cgsh_order_info.html?code=212022081504781 HTTP/1.1" 200 63286
114.88.158.224 - - [15/Aug/2022:11:31:00 +0800] "GET /xingrg/javascript/easyui/themes/default/validatebox.css HTTP/1.1" 404 1104
101.85.120.95 - - [15/Aug/2022:11:31:00 +0800] "POST /xingrg/all/common/load_select.html HTTP/1.1" 200 25
114.88.158.224 - - [15/Aug/2022:11:31:00 +0800] "POST /xingrg/kc/buy/cgsh_order_operate.html HTTP/1.1" 200 3572
101.85.120.95 - - [15/Aug/2022:11:31:02 +0800] "GET /xingrg/kc/base/wldb_order_operate.html?command=get_materiel_price&rest_code=00142&base_code=0010185&code=00101021009&unit_code=00100053 HTTP/1.1" 200 34
101.85.120.95 - - [15/Aug/2022:11:31:05 +0800] "GET /xingrg/all/function/internal_message.html?_=1660534262520&CODE_STATE=getMsg HTTP/1.1" 200 27
114.88.158.224 - - [15/Aug/2022:11:31:07 +0800] "GET /xingrg/kc/print/load_data.html?order_code=212022081504781&kc_code=cgsh&condition= HTTP/1.1" 200 1849
114.88.158.224 - - [15/Aug/2022:11:31:08 +0800] "GET /xingrg/all/function/internal_message.html?_=1660533940470&CODE_STATE=getMsg HTTP/1.1" 200 27
116.232.194.65 - - [15/Aug/2022:11:31:09 +0800] "GET /xingrg/all/function/internal_message.html?_=1660534242590&CODE_STATE=getMsg HTTP/1.1" 200 27
120.253.135.82 - - [15/Aug/2022:11:31:10 +0800] "GET /xingrg/login.html HTTP/1.1" 200 7641
120.253.135.82 - - [15/Aug/2022:11:31:11 +0800] "GET /xingrg/images/blue/jxLogo.png HTTP/1.1" 304 -
120.253.135.82 - - [15/Aug/2022:11:31:11 +0800] "GET /xingrg/images/blue/hj.png HTTP/1.1" 304 -
120.253.135.82 - - [15/Aug/2022:11:31:11 +0800] "GET /xingrg/images/blue/login_bg.png HTTP/1.1" 304 -
120.253.135.82 - - [15/Aug/2022:11:31:11 +0800] "GET /xingrg/images/blue/srbg.png HTTP/1.1" 304 -
120.253.135.82 - - [15/Aug/2022:11:31:11 +0800] "GET /favicon.ico HTTP/1.1" 404 -
114.83.216.111 - - [15/Aug/2022:11:31:12 +0800] "GET /xingrg/kc/buy/cgsh_order_operate.html?command=get_materiel&rest_code=00149&code=00101009011&supplier_code=00100201&order_time=2022-08-15 HTTP/1.1" 200 416
116.224.123.211 - - [15/Aug/2022:11:31:12 +0800] "GET /xingrg/all/function/internal_message.html?_=1660534272973&CODE_STATE=getMsg HTTP/1.1" 200 27
114.88.158.224 - - [15/Aug/2022:11:31:12 +0800] "GET /xingrg/kc/buy/cgsh_order_add.html HTTP/1.1" 200 68379
114.88.158.224 - - [15/Aug/2022:11:31:12 +0800] "POST /xingrg/kc/buy/cgsh_order_operate.html HTTP/1.1" 200 8245
114.88.158.224 - - [15/Aug/2022:11:31:13 +0800] "GET /xingrg/javascript/easyui/themes/default/validatebox.css HTTP/1.1" 404 1104
101.80.228.36 - - [15/Aug/2022:11:31:13 +0800] "GET /xingrg/all/function/internal_message.html?_=1660534270298&CODE_STATE=getMsg HTTP/1.1" 200 27
114.83.216.111 - - [15/Aug/2022:11:31:15 +0800] "GET /xingrg/check_reg.html?_=1660534273419 HTTP/1.1" 200 22
114.83.216.111 - - [15/Aug/2022:11:31:15 +0800] "GET /xingrg/all/function/internal_message.html?_=1660534273420&CODE_STATE=getMsg HTTP/1.1" 200 27
101.83.146.132 - - [15/Aug/2022:11:31:16 +0800] "GET /xingrg/all/function/internal_message.html?_=1660534147323&CODE_STATE=getMsg HTTP/1.1" 200 27
101.83.146.132 - - [15/Aug/2022:11:31:16 +0800] "GET /xingrg/check_reg.html?_=1660534147326 HTTP/1.1" 200 22
120.253.135.82 - - [15/Aug/2022:11:31:16 +0800] "POST /xingrg/login.do HTTP/1.1" 302 -
120.253.135.82 - - [15/Aug/2022:11:31:16 +0800] "GET /xingrg/index.html?sysBaseUrl=http%3A%2F%2F180.169.147.146%3A18081%2Fxingrg%2F&costTime=40×tamp=1660534276490 HTTP/1.1" 200 17173
120.253.135.82 - - [15/Aug/2022:11:31:16 +0800] "GET /xingrg/javascript/jquery_easy_ui/themes/default/easyui.css HTTP/1.1" 304 -
120.253.135.82 - - [15/Aug/2022:11:31:16 +0800] "GET /xingrg/javascript/jquery_easy_ui/themes/icon.css HTTP/1.1" 304 -
120.253.135.82 - - [15/Aug/2022:11:31:16 +0800] "GET /xingrg/css/form.css HTTP/1.1" 304 -
120.253.135.82 - - [15/Aug/2022:11:31:16 +0800] "GET /xingrg/javascript/jquery_easy_ui/jquery.easyui.min.js HTTP/1.1" 304 -
120.253.135.82 - - [15/Aug/2022:11:31:16 +0800] "GET /xingrg/javascript/jquery_easy_ui/easyui-lang-zh_CN.js HTTP/1.1" 304 -
120.253.135.82 - - [15/Aug/2022:11:31:16 +0800] "GET /xingrg/javascript/jquery.utils.js HTTP/1.1" 304 -
120.253.135.82 - - [15/Aug/2022:11:31:16 +0800] "GET /xingrg/javascript/jquery.form.js HTTP/1.1" 304 -
120.253.135.82 - - [15/Aug/2022:11:31:16 +0800] "GET /xingrg/javascript/jquery-1.4.2.min.js HTTP/1.1" 304 -
120.253.135.82 - - [15/Aug/2022:11:31:16 +0800] "GET /xingrg/javascript/jquery.timers.js HTTP/1.1" 304 -
120.253.135.82 - - [15/Aug/2022:11:31:16 +0800] "GET /favicon.ico HTTP/1.1" 404 -
120.253.135.82 - - [15/Aug/2022:11:31:16 +0800] "GET /xingrg/images/blue/navBackgound.jpg HTTP/1.1" 304 -
120.253.135.82 - - [15/Aug/2022:11:31:16 +0800] "GET /xingrg/javascript/jquery_easy_ui/themes/icons/settle_new.png HTTP/1.1" 304 -
120.253.135.82 - - [15/Aug/2022:11:31:17 +0800] "GET /xingrg/images/blue/pingpu.png HTTP/1.1" 304 -
120.253.135.82 - - [15/Aug/2022:11:31:17 +0800] "GET /xingrg/javascript/jquery_easy_ui/themes/default/images/tabs_leftarrow.png HTTP/1.1" 304 -
120.253.135.82 - - [15/Aug/2022:11:31:17 +0800] "GET /xingrg/javascript/jquery_easy_ui/themes/default/images/tabs_rightarrow.png HTTP/1.1" 304 -
120.253.135.82 - - [15/Aug/2022:11:31:17 +0800] "POST /xingrg/all/common/load_tree.html?tree=area_rest_tree_json&manage=1 HTTP/1.1" 200 344
120.253.135.82 - - [15/Aug/2022:11:31:17 +0800] "GET /xingrg/javascript/jquery_easy_ui/themes/default/images/panel_tool_collapse.gif HTTP/1.1" 304 -
120.253.135.82 - - [15/Aug/2022:11:31:17 +0800] "GET /xingrg/javascript/jquery_easy_ui/themes/default/images/tree_arrows.gif HTTP/1.1" 304 -
120.253.135.82 - - [15/Aug/2022:11:31:17 +0800] "GET /xingrg/all/function/internal_message.html?_=1660534082718&CODE_STATE=count HTTP/1.1" 200 11
120.253.135.82 - - [15/Aug/2022:11:31:17 +0800] "GET /xingrg/check_reg.html?_=1660534082719 HTTP/1.1" 200 22
120.253.135.82 - - [15/Aug/2022:11:31:17 +0800] "POST /xingrg/load_menu.html HTTP/1.1" 200 6743
222.69.129.110 - - [15/Aug/2022:11:31:18 +0800] "GET /xingrg/all/function/internal_message.html?_=1660534341625&CODE_STATE=getMsg HTTP/1.1" 200 27
120.253.135.82 - - [15/Aug/2022:11:31:18 +0800] "GET /xingrg/javascript/jquery_easy_ui/themes/icons/search_new.png HTTP/1.1" 304 -
120.253.135.82 - - [15/Aug/2022:11:31:18 +0800] "GET /xingrg/javascript/jquery_easy_ui/themes/default/images/tree_folder_open.gif HTTP/1.1" 304 -
120.253.135.82 - - [15/Aug/2022:11:31:18 +0800] "GET /xingrg/javascript/jquery_easy_ui/themes/icons/forms_new.png HTTP/1.1" 304 -
120.253.135.82 - - [15/Aug/2022:11:31:18 +0800] "GET /xingrg/javascript/jquery_easy_ui/themes/default/images/tree_folder.gif HTTP/1.1" 304 -
120.253.135.82 - - [15/Aug/2022:11:31:18 +0800] "GET /xingrg/javascript/jquery_easy_ui/themes/default/images/tree_file.gif HTTP/1.1" 304 -
120.253.135.82 - - [15/Aug/2022:11:31:18 +0800] "GET /xingrg/javascript/jquery_easy_ui/themes/icons/storage_new.png HTTP/1.1" 304 -
120.253.135.82 - - [15/Aug/2022:11:31:18 +0800] "GET /xingrg/javascript/jquery_easy_ui/themes/icons/delivery_new.png HTTP/1.1" 304 -
222.69.129.110 - - [15/Aug/2022:11:31:18 +0800] "GET /xingrg/check_reg.html?_=1660534342145 HTTP/1.1" 200 22
172.20.0.100 - - [15/Aug/2022:11:31:19 +0800] "GET /xingrg/all/function/internal_message.html?_=1660534279223&CODE_STATE=getMsg HTTP/1.1" 200 27
120.253.135.82 - - [15/Aug/2022:11:31:20 +0800] "GET /xingrg/javascript/jquery_easy_ui/themes/default/images/tabs_close.gif HTTP/1.1" 304 -
120.253.135.82 - - [15/Aug/2022:11:31:20 +0800] "GET /xingrg/kc/pszx/mdqp_order_list.html?state=10 HTTP/1.1" 200 10649
120.253.135.82 - - [15/Aug/2022:11:31:20 +0800] "GET /xingrg/dwr/util.js HTTP/1.1" 304 -
120.253.135.82 - - [15/Aug/2022:11:31:20 +0800] "GET /xingrg/javascript/Calendar.js HTTP/1.1" 304 -
120.253.135.82 - - [15/Aug/2022:11:31:20 +0800] "GET /xingrg/css/blue.css HTTP/1.1" 304 -
120.253.135.82 - - [15/Aug/2022:11:31:20 +0800] "GET /xingrg/javascript/pic_change.js HTTP/1.1" 304 -
120.253.135.82 - - [15/Aug/2022:11:31:20 +0800] "GET /xingrg/dwr/interface/AjaxReportQueryService.js HTTP/1.1" 200 13203
120.253.135.82 - - [15/Aug/2022:11:31:20 +0800] "GET /xingrg/dwr/engine.js HTTP/1.1" 200 43631
120.253.135.82 - - [15/Aug/2022:11:31:20 +0800] "GET /xingrg/dwr/interface/AjaxQqpsService.js HTTP/1.1" 200 16326
120.253.135.82 - - [15/Aug/2022:11:31:20 +0800] "GET /xingrg/javascript/myfunction.js HTTP/1.1" 304 -
114.86.187.244 - - [15/Aug/2022:11:31:21 +0800] "GET /xingrg/all/function/internal_message.html?_=1660534280580&CODE_STATE=getMsg HTTP/1.1" 200 27
120.253.135.82 - - [15/Aug/2022:11:31:21 +0800] "GET /xingrg/javascript/jquery_easy_ui/themes/icons/check_new.png HTTP/1.1" 304 -
120.253.135.82 - - [15/Aug/2022:11:31:21 +0800] "GET /xingrg/javascript/jquery_easy_ui/themes/icons/uncheck_new.png HTTP/1.1" 304 -
120.253.135.82 - - [15/Aug/2022:11:31:21 +0800] "GET /xingrg/javascript/jquery_easy_ui/themes/icons/back_new.png HTTP/1.1" 304 -
101.85.120.95 - - [15/Aug/2022:11:31:22 +0800] "GET /xingrg/kc/base/wldb_order_operate.html?command=get_materiel&rest_code=00142&base_code=0010185&code=00101010289 HTTP/1.1" 200 448
114.83.216.111 - - [15/Aug/2022:11:31:23 +0800] "GET /xingrg/kc/buy/cgsh_order_operate.html?command=get_materiel&rest_code=00149&code=00101009122&supplier_code=00100201&order_time=2022-08-15 HTTP/1.1" 200 405
120.253.135.82 - - [15/Aug/2022:11:31:23 +0800] "GET /xingrg/kc/pszx/mdqp_order_info.html?code=302022081500249 HTTP/1.1" 200 13338
120.253.135.82 - - [15/Aug/2022:11:31:23 +0800] "GET /xingrg/javascript/auto/jquery.autocomplete.js HTTP/1.1" 304 -
120.253.135.82 - - [15/Aug/2022:11:31:23 +0800] "GET /xingrg/dwr/interface/AjaxQqpsService.js HTTP/1.1" 200 16326
120.253.135.82 - - [15/Aug/2022:11:31:23 +0800] "GET /xingrg/javascript/tools/jquery.qtip-1.0.0-rc3.min.js HTTP/1.1" 200 38404
120.253.135.82 - - [15/Aug/2022:11:31:23 +0800] "GET /xingrg/javascript/Grid.js HTTP/1.1" 200 58908
120.253.135.82 - - [15/Aug/2022:11:31:23 +0800] "GET /xingrg/dwr/interface/AjaxComOrderService.js HTTP/1.1" 200 18264
120.253.135.82 - - [15/Aug/2022:11:31:23 +0800] "GET /xingrg/javascript/AjaxInfoList.js HTTP/1.1" 200 3774
120.253.135.82 - - [15/Aug/2022:11:31:23 +0800] "GET /xingrg/javascript/ToolTips.js HTTP/1.1" 200 5615
120.253.135.82 - - [15/Aug/2022:11:31:23 +0800] "GET /xingrg/javascript/print/LodopFuncs.js HTTP/1.1" 304 -
120.253.135.82 - - [15/Aug/2022:11:31:23 +0800] "GET /xingrg/javascript/print/kc_print.js HTTP/1.1" 304 -
120.253.135.82 - - [15/Aug/2022:11:31:23 +0800] "GET /xingrg/javascript/checkform.js HTTP/1.1" 200 18351
120.253.135.82 - - [15/Aug/2022:11:31:23 +0800] "GET /xingrg/dwr/engine.js HTTP/1.1" 200 43631
222.70.182.94 - - [15/Aug/2022:11:31:24 +0800] "GET /xingrg/all/function/internal_message.html?_=1660534282350&CODE_STATE=getMsg HTTP/1.1" 200 27
120.253.135.82 - - [15/Aug/2022:11:31:24 +0800] "GET /xingrg/javascript/jquery_easy_ui/themes/icons/print.png HTTP/1.1" 200 1057
120.253.135.82 - - [15/Aug/2022:11:31:24 +0800] "GET /xingrg/javascript/jquery_easy_ui/themes/default/images/menu_downarrow.png HTTP/1.1" 200 173
120.253.135.82 - - [15/Aug/2022:11:31:24 +0800] "GET /xingrg/images/blue/kc_tab_left.gif HTTP/1.1" 200 188
120.253.135.82 - - [15/Aug/2022:11:31:24 +0800] "GET /xingrg/images/blue/kc_tab2_right.gif HTTP/1.1" 200 192
120.253.135.82 - - [15/Aug/2022:11:31:24 +0800] "GET /xingrg/images/blue/button/kc_tab_edit.gif HTTP/1.1" 200 551
120.253.135.82 - - [15/Aug/2022:11:31:24 +0800] "GET /xingrg/images/blue/kc_tab_right.gif HTTP/1.1" 200 643
120.253.135.82 - - [15/Aug/2022:11:31:24 +0800] "GET /xingrg/images/blue/kc_tab2_left.gif HTTP/1.1" 200 625
120.253.135.82 - - [15/Aug/2022:11:31:24 +0800] "GET /xingrg/images/blue/button/kc_tab_save.gif HTTP/1.1" 200 777
120.253.135.82 - - [15/Aug/2022:11:31:24 +0800] "GET /xingrg/images/blue/kc_tab_mid.gif HTTP/1.1" 200 44
120.253.135.82 - - [15/Aug/2022:11:31:24 +0800] "GET /xingrg/images/blue/wait.gif HTTP/1.1" 200 1100
180.169.147.146 - - [15/Aug/2022:11:31:25 +0800] "GET /xingrg/all/function/internal_message.html?_=1660534285567&CODE_STATE=getMsg HTTP/1.1" 200 27
120.253.135.82 - - [15/Aug/2022:11:31:25 +0800] "POST /xingrg/dwr/call/plaincall/AjaxQqpsService.loadMaterielItems.dwr HTTP/1.1" 200 1624
114.86.187.244 - - [15/Aug/2022:11:31:26 +0800] "GET /xingrg/all/function/internal_message.html?_=1660534285399&CODE_STATE=getMsg HTTP/1.1" 200 27
101.83.146.132 - - [15/Aug/2022:11:31:27 +0800] "POST /xingrg/services/DataTransmitService HTTP/1.1" 200 524
101.83.146.132 - - [15/Aug/2022:11:31:29 +0800] "GET /xingrg/all/function/internal_message.html?_=1660534288238&CODE_STATE=getMsg HTTP/1.1" 200 27
101.83.146.132 - - [15/Aug/2022:11:31:32 +0800] "POST /xingrg/services/DataTransmitService HTTP/1.1" 200 501
120.253.135.82 - - [15/Aug/2022:11:31:35 +0800] "GET /xingrg/javascript/jquery_easy_ui/themes/default/images/button_plain_hover.png HTTP/1.1" 200 252
120.253.135.82 - - [15/Aug/2022:11:31:35 +0800] "GET /xingrg/kc/pszx/mdqp_order_list.html?isBack=1 HTTP/1.1" 302 -
120.253.135.82 - - [15/Aug/2022:11:31:35 +0800] "GET /xingrg/kc/pszx/mdqp_order_list.html?state=10 HTTP/1.1" 200 10649
120.253.135.82 - - [15/Aug/2022:11:31:35 +0800] "GET /xingrg/dwr/interface/AjaxQqpsService.js HTTP/1.1" 200 16326
120.253.135.82 - - [15/Aug/2022:11:31:35 +0800] "GET /xingrg/dwr/interface/AjaxReportQueryService.js HTTP/1.1" 200 13203
120.253.135.82 - - [15/Aug/2022:11:31:35 +0800] "GET /xingrg/dwr/engine.js HTTP/1.1" 200 43631
114.88.158.224 - - [15/Aug/2022:11:31:37 +0800] "GET /xingrg/kc/buy/cgsh_order_operate.html?command=get_materiel&rest_code=00141&code=00101002006&supplier_code=00100091&order_time=2022-08-15 HTTP/1.1" 200 414
120.253.135.82 - - [15/Aug/2022:11:31:39 +0800] "GET /xingrg/kc/pszx/mdps_order_list.html?orderType=0 HTTP/1.1" 200 21007
120.253.135.82 - - [15/Aug/2022:11:31:39 +0800] "GET /xingrg/css/site.css HTTP/1.1" 304 -
120.253.135.82 - - [15/Aug/2022:11:31:39 +0800] "GET /xingrg/javascript/easyui/themes/icon.css HTTP/1.1" 304 -
120.253.135.82 - - [15/Aug/2022:11:31:39 +0800] "GET /xingrg/javascript/auto/jquery.autocomplete.css HTTP/1.1" 304 -
120.253.135.82 - - [15/Aug/2022:11:31:39 +0800] "GET /xingrg/javascript/easyui/themes/default/easyui.css HTTP/1.1" 304 -
120.253.135.82 - - [15/Aug/2022:11:31:39 +0800] "GET /xingrg/javascript/jquery_tools/fix.css HTTP/1.1" 304 -
120.253.135.82 - - [15/Aug/2022:11:31:39 +0800] "GET /xingrg/javascript/jquery_tools/datebox.css HTTP/1.1" 304 -
120.253.135.82 - - [15/Aug/2022:11:31:39 +0800] "GET /xingrg/javascript/jquery_tools/table.css HTTP/1.1" 304 -
120.253.135.82 - - [15/Aug/2022:11:31:39 +0800] "GET /xingrg/javascript/jquery_tools/jquery.tools.min.js HTTP/1.1" 304 -
120.253.135.82 - - [15/Aug/2022:11:31:39 +0800] "GET /xingrg/css/base.css HTTP/1.1" 304 -
120.253.135.82 - - [15/Aug/2022:11:31:39 +0800] "GET /xingrg/javascript/jquery_tools/jquery.tools.extend.js HTTP/1.1" 304 -
120.253.135.82 - - [15/Aug/2022:11:31:39 +0800] "GET /xingrg/javascript/jquery.cookie.js HTTP/1.1" 304 -
120.253.135.82 - - [15/Aug/2022:11:31:39 +0800] "GET /xingrg/javascript/jquery_tools/jquery.tools.table.js HTTP/1.1" 304 -
120.253.135.82 - - [15/Aug/2022:11:31:39 +0800] "GET /xingrg/javascript/jquery_tools/list_manager.js HTTP/1.1" 304 -
120.253.135.82 - - [15/Aug/2022:11:31:39 +0800] "GET /xingrg/javascript/easyui/easyloader.js HTTP/1.1" 304 -
120.253.135.82 - - [15/Aug/2022:11:31:39 +0800] "GET /xingrg/javascript/jquery_tools/jquery.tools.hotkey.js HTTP/1.1" 304 -
120.253.135.82 - - [15/Aug/2022:11:31:39 +0800] "GET /xingrg/javascript/easyui/themes/icons/import_new.png HTTP/1.1" 304 -
120.253.135.82 - - [15/Aug/2022:11:31:39 +0800] "GET /xingrg/javascript/easyui/themes/icons/cance_new.png HTTP/1.1" 304 -
120.253.135.82 - - [15/Aug/2022:11:31:39 +0800] "GET /xingrg/javascript/easyui/themes/icons/check_new.png HTTP/1.1" 304 -
120.253.135.82 - - [15/Aug/2022:11:31:39 +0800] "GET /xingrg/javascript/easyui/themes/icons/uncheck_new.png HTTP/1.1" 304 -
120.253.135.82 - - [15/Aug/2022:11:31:39 +0800] "GET /xingrg/javascript/easyui/themes/icons/field_new.png HTTP/1.1" 304 -
120.253.135.82 - - [15/Aug/2022:11:31:39 +0800] "GET /xingrg/javascript/easyui/themes/icons/edit_add_new.png HTTP/1.1" 304 -
120.253.135.82 - - [15/Aug/2022:11:31:39 +0800] "GET /xingrg/javascript/easyui/plugins/jquery.parser.js HTTP/1.1" 304 -
120.253.135.82 - - [15/Aug/2022:11:31:39 +0800] "GET /xingrg/images/control/ajaxLoader.gif HTTP/1.1" 304 -
120.253.135.82 - - [15/Aug/2022:11:31:40 +0800] "POST /xingrg/kc/pszx/mdps_list_operate.html HTTP/1.1" 200 5237
101.85.120.95 - - [15/Aug/2022:11:31:41 +0800] "GET /xingrg/kc/base/wldb_order_operate.html?command=get_materiel&rest_code=00142&base_code=0010185&code=00101010822 HTTP/1.1" 200 454
120.253.135.82 - - [15/Aug/2022:11:31:41 +0800] "GET /xingrg/javascript/auto/indicator.gif HTTP/1.1" 404 1066
114.86.225.95 - - [15/Aug/2022:11:31:43 +0800] "GET /xingrg/all/function/internal_message.html?_=1660534304321&CODE_STATE=getMsg HTTP/1.1" 200 27
114.86.225.95 - - [15/Aug/2022:11:31:43 +0800] "GET /xingrg/check_reg.html?_=1660534304322 HTTP/1.1" 200 22
101.85.120.95 - - [15/Aug/2022:11:31:45 +0800] "POST /xingrg/all/common/load_select.html HTTP/1.1" 200 38
101.85.120.95 - - [15/Aug/2022:11:31:46 +0800] "GET /xingrg/kc/base/wldb_order_operate.html?command=get_materiel_price&rest_code=00142&base_code=0010185&code=00101010822&unit_code=00100491 HTTP/1.1" 200 35
114.88.158.224 - - [15/Aug/2022:11:31:48 +0800] "POST /xingrg/kc/buy/cgsh_order_operate.html HTTP/1.1" 200 37
120.253.135.82 - - [15/Aug/2022:11:31:50 +0800] "POST /xingrg/kc/pszx/mdps_list_operate.html HTTP/1.1" 200 2807
114.88.158.224 - - [15/Aug/2022:11:31:52 +0800] "POST /xingrg/kc/buy/cgsh_order_operate.html HTTP/1.1" 200 12
120.253.135.82 - - [15/Aug/2022:11:31:52 +0800] "POST /xingrg/kc/pszx/mdps_list_operate.html HTTP/1.1" 200 602
114.88.158.224 - - [15/Aug/2022:11:31:53 +0800] "GET /xingrg/kc/buy/cgsh_order_info.html?code=212022081504782 HTTP/1.1" 200 63286
114.88.158.224 - - [15/Aug/2022:11:31:53 +0800] "GET /xingrg/javascript/easyui/themes/default/validatebox.css HTTP/1.1" 404 1104
120.253.135.82 - - [15/Aug/2022:11:31:54 +0800] "GET /xingrg/javascript/easyui/themes/default/images/button_plain_hover.png HTTP/1.1" 304 -
120.253.135.82 - - [15/Aug/2022:11:31:54 +0800] "GET /xingrg/javascript/easyui/themes/default/images/button_plain_hover.png HTTP/1.1" 304 -
114.88.158.224 - - [15/Aug/2022:11:31:54 +0800] "POST /xingrg/kc/buy/cgsh_order_operate.html HTTP/1.1" 200 611
120.253.135.82 - - [15/Aug/2022:11:31:54 +0800] "GET /xingrg/kc/pszx/mdps_order_add.html HTTP/1.1" 200 29120
120.253.135.82 - - [15/Aug/2022:11:31:54 +0800] "GET /xingrg/javascript/jquery_tools/order_manager.js HTTP/1.1" 304 -
120.253.135.82 - - [15/Aug/2022:11:31:54 +0800] "GET /xingrg/javascript/convert.js HTTP/1.1" 304 -
120.253.135.82 - - [15/Aug/2022:11:31:54 +0800] "GET /xingrg/javascript/json2.js HTTP/1.1" 304 -
120.253.135.82 - - [15/Aug/2022:11:31:54 +0800] "GET /xingrg/words/20220814143851_words.js HTTP/1.1" 304 -
101.83.146.132 - - [15/Aug/2022:11:31:55 +0800] "GET /xingrg/kc/buy/cgsh_order_add.html HTTP/1.1" 200 68461
120.253.135.82 - - [15/Aug/2022:11:31:55 +0800] "GET /xingrg/javascript/easyui/themes/icons/copy_new.png HTTP/1.1" 304 -
120.253.135.82 - - [15/Aug/2022:11:31:55 +0800] "GET /xingrg/javascript/easyui/themes/icons/cancel.png HTTP/1.1" 304 -
120.253.135.82 - - [15/Aug/2022:11:31:55 +0800] "GET /xingrg/javascript/easyui/themes/icons/print.png HTTP/1.1" 304 -
120.253.135.82 - - [15/Aug/2022:11:31:55 +0800] "GET /xingrg/javascript/easyui/themes/icons/ok.png HTTP/1.1" 304 -
120.253.135.82 - - [15/Aug/2022:11:31:55 +0800] "GET /xingrg/javascript/easyui/themes/default/images/menu_downarrow.png HTTP/1.1" 304 -
120.253.135.82 - - [15/Aug/2022:11:31:55 +0800] "POST /xingrg/kc/pszx/mdps_order_operate.html HTTP/1.1" 200 7126
120.253.135.82 - - [15/Aug/2022:11:31:55 +0800] "GET /xingrg/javascript/easyui/themes/icons/edit_remove.png HTTP/1.1" 304 -
101.83.146.132 - - [15/Aug/2022:11:31:55 +0800] "POST /xingrg/kc/buy/cgsh_order_operate.html HTTP/1.1" 200 8245
101.83.146.132 - - [15/Aug/2022:11:31:55 +0800] "GET /xingrg/javascript/easyui/themes/default/validatebox.css HTTP/1.1" 404 1104
120.253.135.82 - - [15/Aug/2022:11:31:55 +0800] "GET /xingrg/all/common/auto_word.html?type=base&rest_code=00101 HTTP/1.1" 200 725
120.253.135.82 - - [15/Aug/2022:11:31:55 +0800] "GET /xingrg/javascript/easyui/themes/default/validatebox.css HTTP/1.1" 404 1104
120.253.135.82 - - [15/Aug/2022:11:31:55 +0800] "GET /xingrg/javascript/easyui/plugins/jquery.validatebox.js HTTP/1.1" 304 -
120.253.135.82 - - [15/Aug/2022:11:31:55 +0800] "GET /xingrg/javascript/easyui/plugins/jquery.numberbox.js HTTP/1.1" 304 -
116.224.255.128 - - [15/Aug/2022:11:31:55 +0800] "GET /xingrg/check_reg.html?_=1660534251902 HTTP/1.1" 200 22
114.88.158.224 - - [15/Aug/2022:11:31:56 +0800] "GET /xingrg/kc/print/load_data.html?order_code=212022081504782&kc_code=cgsh&condition= HTTP/1.1" 200 781
116.224.123.211 - - [15/Aug/2022:11:31:56 +0800] "GET /xingrg/all/function/internal_message.html?_=1660534314503&CODE_STATE=getMsg HTTP/1.1" 200 27
116.224.255.128 - - [15/Aug/2022:11:31:56 +0800] "GET /xingrg/all/function/internal_message.html?_=1660534252753&CODE_STATE=getMsg HTTP/1.1" 200 27
114.83.216.111 - - [15/Aug/2022:11:31:57 +0800] "GET /xingrg/kc/buy/cgsh_order_operate.html?command=get_materiel&rest_code=00149&code=00101009016&supplier_code=00100201&order_time=2022-08-15 HTTP/1.1" 200 412
114.88.158.224 - - [15/Aug/2022:11:31:59 +0800] "GET /xingrg/kc/buy/cgsh_order_add.html HTTP/1.1" 200 68379
114.88.158.224 - - [15/Aug/2022:11:32:00 +0800] "POST /xingrg/kc/buy/cgsh_order_operate.html HTTP/1.1" 200 8245
114.88.158.224 - - [15/Aug/2022:11:32:00 +0800] "GET /xingrg/javascript/easyui/themes/default/validatebox.css HTTP/1.1" 404 1104
101.85.120.95 - - [15/Aug/2022:11:32:01 +0800] "GET /xingrg/kc/base/wldb_order_operate.html?command=get_materiel&rest_code=00142&base_code=0010185&code=00101010237 HTTP/1.1" 200 433
120.253.135.82 - - [15/Aug/2022:11:32:03 +0800] "GET /xingrg/javascript/jquery_tools/images/prev.gif HTTP/1.1" 404 1086
120.253.135.82 - - [15/Aug/2022:11:32:03 +0800] "GET /xingrg/javascript/jquery_tools/images/next.gif HTTP/1.1" 404 1086
101.85.120.95 - - [15/Aug/2022:11:32:05 +0800] "GET /xingrg/all/function/internal_message.html?_=1660534322526&CODE_STATE=getMsg HTTP/1.1" 200 27
120.253.135.82 - - [15/Aug/2022:11:32:07 +0800] "GET /xingrg/css/images/panel_loading.gif HTTP/1.1" 304 -
120.253.135.82 - - [15/Aug/2022:11:32:07 +0800] "POST /xingrg/all/common/load_combo.html?type=base HTTP/1.1" 200 1260
101.83.146.132 - - [15/Aug/2022:11:32:07 +0800] "GET /xingrg/kc/buy/cgsh_order_operate.html?command=get_materiel&rest_code=00105&code=00101001261&supplier_code=00100323&order_time=2022-08-15 HTTP/1.1" 200 410
114.88.158.224 - - [15/Aug/2022:11:32:08 +0800] "GET /xingrg/all/function/internal_message.html?_=1660534000447&CODE_STATE=getMsg HTTP/1.1" 200 27
116.232.194.65 - - [15/Aug/2022:11:32:09 +0800] "GET /xingrg/all/function/internal_message.html?_=1660534302590&CODE_STATE=getMsg HTTP/1.1" 200 27
114.88.158.224 - - [15/Aug/2022:11:32:09 +0800] "GET /xingrg/kc/buy/cgsh_order_operate.html?command=get_materiel&rest_code=00141&code=00101004034&supplier_code=00100085&order_time=2022-08-15 HTTP/1.1" 200 416
114.83.216.111 - - [15/Aug/2022:11:32:10 +0800] "GET /xingrg/kc/buy/cgsh_order_operate.html?command=get_materiel&rest_code=00149&code=00101009013&supplier_code=00100201&order_time=2022-08-15 HTTP/1.1" 200 420
101.85.120.95 - - [15/Aug/2022:11:32:11 +0800] "POST /xingrg/kc/base/wldb_order_operate.html HTTP/1.1" 200 37
116.224.123.211 - - [15/Aug/2022:11:32:12 +0800] "GET /xingrg/all/function/internal_message.html?_=1660534332977&CODE_STATE=getMsg HTTP/1.1" 200 27
116.224.123.211 - - [15/Aug/2022:11:32:12 +0800] "GET /xingrg/check_reg.html?_=1660534332981 HTTP/1.1" 200 22
101.85.120.95 - - [15/Aug/2022:11:32:12 +0800] "POST /xingrg/kc/base/wldb_order_operate.html HTTP/1.1" 200 4596
101.85.120.95 - - [15/Aug/2022:11:32:13 +0800] "GET /xingrg/kc/base/wldb_order_info.html?code=422022081501226 HTTP/1.1" 200 30379
101.80.228.36 - - [15/Aug/2022:11:32:13 +0800] "GET /xingrg/all/function/internal_message.html?_=1660534330301&CODE_STATE=getMsg HTTP/1.1" 200 27
101.80.228.36 - - [15/Aug/2022:11:32:13 +0800] "GET /xingrg/check_reg.html?_=1660534330303 HTTP/1.1" 200 22
101.85.120.95 - - [15/Aug/2022:11:32:13 +0800] "GET /xingrg/javascript/easyui/themes/default/validatebox.css HTTP/1.1" 404 1104
101.85.120.95 - - [15/Aug/2022:11:32:13 +0800] "POST /xingrg/kc/base/wldb_order_operate.html HTTP/1.1" 200 4596
114.83.216.111 - - [15/Aug/2022:11:32:15 +0800] "GET /xingrg/all/function/internal_message.html?_=1660534333410&CODE_STATE=getMsg HTTP/1.1" 200 27
101.83.146.132 - - [15/Aug/2022:11:32:16 +0800] "GET /xingrg/all/function/internal_message.html?_=1660534207328&CODE_STATE=getMsg HTTP/1.1" 200 27
120.253.135.82 - - [15/Aug/2022:11:32:17 +0800] "GET /xingrg/all/function/internal_message.html?_=1660534142720&CODE_STATE=getMsg HTTP/1.1" 200 27
222.69.129.110 - - [15/Aug/2022:11:32:17 +0800] "GET /xingrg/all/function/internal_message.html?_=1660534401617&CODE_STATE=getMsg HTTP/1.1" 200 27
58.35.213.73 - - [15/Aug/2022:11:32:19 +0800] "POST /xingrg/services/DataTransmitService HTTP/1.1" 200 524
58.35.213.73 - - [15/Aug/2022:11:32:19 +0800] "POST /xingrg/services/DataTransmitService HTTP/1.1" 200 2147
58.35.213.73 - - [15/Aug/2022:11:32:19 +0800] "POST /xingrg/services/DataTransmitService HTTP/1.1" 200 524
58.35.213.73 - - [15/Aug/2022:11:32:19 +0800] "POST /xingrg/services/DataTransmitService HTTP/1.1" 200 2147
172.20.0.100 - - [15/Aug/2022:11:32:19 +0800] "GET /xingrg/all/function/internal_message.html?_=1660534339239&CODE_STATE=getMsg HTTP/1.1" 200 27
172.20.0.100 - - [15/Aug/2022:11:32:19 +0800] "GET /xingrg/check_reg.html?_=1660534339241 HTTP/1.1" 200 22
58.35.213.73 - - [15/Aug/2022:11:32:19 +0800] "POST /xingrg/services/DataTransmitService HTTP/1.1" 200 524
114.88.158.224 - - [15/Aug/2022:11:32:20 +0800] "POST /xingrg/kc/buy/cgsh_order_operate.html HTTP/1.1" 200 37
58.35.213.73 - - [15/Aug/2022:11:32:20 +0800] "POST /xingrg/services/DataTransmitService HTTP/1.1" 200 2147
58.35.213.73 - - [15/Aug/2022:11:32:20 +0800] "POST /xingrg/services/DataTransmitService HTTP/1.1" 200 524
58.35.213.73 - - [15/Aug/2022:11:32:20 +0800] "POST /xingrg/services/DataTransmitService HTTP/1.1" 200 2147
58.35.213.73 - - [15/Aug/2022:11:32:21 +0800] "POST /xingrg/services/DataTransmitService HTTP/1.1" 200 524
58.35.213.73 - - [15/Aug/2022:11:32:21 +0800] "POST /xingrg/services/DataTransmitService HTTP/1.1" 200 2147
114.86.187.244 - - [15/Aug/2022:11:32:21 +0800] "GET /xingrg/all/function/internal_message.html?_=1660534340551&CODE_STATE=getMsg HTTP/1.1" 200 27
58.35.213.73 - - [15/Aug/2022:11:32:21 +0800] "POST /xingrg/services/DataTransmitService HTTP/1.1" 200 524
101.83.146.132 - - [15/Aug/2022:11:32:21 +0800] "GET /xingrg/kc/buy/cgsh_order_operate.html?command=get_materiel&rest_code=00105&code=00101004069&supplier_code=00100323&order_time=2022-08-15 HTTP/1.1" 200 418
58.35.213.73 - - [15/Aug/2022:11:32:21 +0800] "POST /xingrg/services/DataTransmitService HTTP/1.1" 200 2147
58.35.213.73 - - [15/Aug/2022:11:32:21 +0800] "POST /xingrg/services/DataTransmitService HTTP/1.1" 200 524
58.35.213.73 - - [15/Aug/2022:11:32:22 +0800] "POST /xingrg/services/DataTransmitService HTTP/1.1" 200 2147
58.35.213.73 - - [15/Aug/2022:11:32:22 +0800] "POST /xingrg/services/DataTransmitService HTTP/1.1" 200 524
58.35.213.73 - - [15/Aug/2022:11:32:22 +0800] "POST /xingrg/services/DataTransmitService HTTP/1.1" 200 2147
114.88.158.224 - - [15/Aug/2022:11:32:23 +0800] "POST /xingrg/kc/buy/cgsh_order_operate.html HTTP/1.1" 200 12
222.70.182.94 - - [15/Aug/2022:11:32:24 +0800] "GET /xingrg/all/function/internal_message.html?_=1660534342349&CODE_STATE=getMsg HTTP/1.1" 200 27
114.88.158.224 - - [15/Aug/2022:11:32:25 +0800] "GET /xingrg/kc/buy/cgsh_order_info.html?code=212022081504783 HTTP/1.1" 200 63284
114.88.158.224 - - [15/Aug/2022:11:32:25 +0800] "GET /xingrg/javascript/easyui/themes/default/validatebox.css HTTP/1.1" 404 1104
180.169.147.146 - - [15/Aug/2022:11:32:25 +0800] "GET /xingrg/all/function/internal_message.html?_=1660534345574&CODE_STATE=getMsg HTTP/1.1" 200 27
114.88.158.224 - - [15/Aug/2022:11:32:26 +0800] "POST /xingrg/kc/buy/cgsh_order_operate.html HTTP/1.1" 200 614
114.86.187.244 - - [15/Aug/2022:11:32:26 +0800] "GET /xingrg/check_reg.html?_=1660534345397 HTTP/1.1" 200 22
114.86.187.244 - - [15/Aug/2022:11:32:26 +0800] "GET /xingrg/all/function/internal_message.html?_=1660534345399&CODE_STATE=getMsg HTTP/1.1" 200 27
116.237.76.174 - - [15/Aug/2022:11:32:26 +0800] "POST /xingrg/dwr/call/plaincall/AjaxQqpsService.getMaterielByCode.dwr HTTP/1.1" 200 2667
120.253.135.82 - - [15/Aug/2022:11:32:27 +0800] "GET /xingrg/kc/pszx/mdps_order_operate.html?command=get_materiel&pszx_code=00101&rest_code=00150&base_code=0010246&code=00101016082 HTTP/1.1" 200 427
114.88.158.224 - - [15/Aug/2022:11:32:27 +0800] "GET /xingrg/kc/print/load_data.html?order_code=212022081504783&kc_code=cgsh&condition= HTTP/1.1" 200 775
116.237.76.174 - - [15/Aug/2022:11:32:28 +0800] "POST /xingrg/dwr/call/plaincall/AjaxQqpsService.saveMaterielItem.dwr HTTP/1.1" 200 79
101.83.146.132 - - [15/Aug/2022:11:32:29 +0800] "GET /xingrg/all/function/internal_message.html?_=1660534348244&CODE_STATE=getMsg HTTP/1.1" 200 27
101.83.146.132 - - [15/Aug/2022:11:32:30 +0800] "GET /xingrg/kc/buy/cgsh_order_operate.html?command=get_materiel&rest_code=00105&code=00101007122&supplier_code=00100323&order_time=2022-08-15 HTTP/1.1" 200 436
114.88.158.224 - - [15/Aug/2022:11:32:31 +0800] "GET /xingrg/kc/buy/cgsh_order_add.html HTTP/1.1" 200 68379
114.88.158.224 - - [15/Aug/2022:11:32:32 +0800] "POST /xingrg/kc/buy/cgsh_order_operate.html HTTP/1.1" 200 8245
114.88.158.224 - - [15/Aug/2022:11:32:32 +0800] "GET /xingrg/javascript/easyui/themes/default/validatebox.css HTTP/1.1" 404 1104
120.253.135.82 - - [15/Aug/2022:11:32:32 +0800] "POST /xingrg/kc/pszx/mdps_order_operate.html HTTP/1.1" 200 37
120.253.135.82 - - [15/Aug/2022:11:32:33 +0800] "GET /xingrg/kc/pszx/mdps_order_info.html?code=312022081500317 HTTP/1.1" 200 24022
120.253.135.82 - - [15/Aug/2022:11:32:34 +0800] "GET /xingrg/javascript/jquery_easy_ui/themes/icons/manage.png HTTP/1.1" 304 -
120.253.135.82 - - [15/Aug/2022:11:32:34 +0800] "GET /xingrg/javascript/jquery_easy_ui/themes/icons/area.png HTTP/1.1" 304 -
120.253.135.82 - - [15/Aug/2022:11:32:34 +0800] "POST /xingrg/kc/pszx/mdps_order_operate.html HTTP/1.1" 200 2267
120.253.135.82 - - [15/Aug/2022:11:32:34 +0800] "GET /xingrg/javascript/easyui/themes/default/validatebox.css HTTP/1.1" 404 1104
114.83.216.111 - - [15/Aug/2022:11:32:37 +0800] "GET /xingrg/kc/buy/cgsh_order_operate.html?command=get_materiel&rest_code=00149&code=00101009007&supplier_code=00100201&order_time=2022-08-15 HTTP/1.1" 200 408
120.253.135.82 - - [15/Aug/2022:11:32:39 +0800] "POST /xingrg/kc/pszx/mdps_list_operate.html HTTP/1.1" 200 3177
114.86.225.95 - - [15/Aug/2022:11:32:43 +0800] "GET /xingrg/all/function/internal_message.html?_=1660534364323&CODE_STATE=getMsg HTTP/1.1" 200 27
120.253.135.82 - - [15/Aug/2022:11:32:43 +0800] "POST /xingrg/kc/pszx/mdps_list_operate.html HTTP/1.1" 200 602
120.253.135.82 - - [15/Aug/2022:11:32:46 +0800] "POST /xingrg/kc/pszx/mdps_list_operate.html HTTP/1.1" 200 206
120.253.135.82 - - [15/Aug/2022:11:32:48 +0800] "POST /xingrg/kc/pszx/mdps_list_operate.html HTTP/1.1" 200 622
116.237.76.174 - - [15/Aug/2022:11:32:48 +0800] "POST /xingrg/dwr/call/plaincall/AjaxQqpsService.getMaterielByCode.dwr HTTP/1.1" 200 2667
114.83.216.111 - - [15/Aug/2022:11:32:48 +0800] "POST /xingrg/kc/buy/cgsh_order_operate.html HTTP/1.1" 200 37
116.237.76.174 - - [15/Aug/2022:11:32:53 +0800] "POST /xingrg/dwr/call/plaincall/AjaxQqpsService.saveMaterielItem.dwr HTTP/1.1" 200 79
120.253.135.82 - - [15/Aug/2022:11:32:55 +0800] "GET /xingrg/kc/pszx/mdps_order_info.html?code=312022081500308 HTTP/1.1" 200 24022
114.83.216.111 - - [15/Aug/2022:11:32:55 +0800] "POST /xingrg/kc/buy/cgsh_order_operate.html HTTP/1.1" 200 12
120.253.135.82 - - [15/Aug/2022:11:32:56 +0800] "GET /xingrg/javascript/easyui/themes/default/validatebox.css HTTP/1.1" 404 1104
120.253.135.82 - - [15/Aug/2022:11:32:56 +0800] "POST /xingrg/kc/pszx/mdps_order_operate.html HTTP/1.1" 200 19635
116.224.123.211 - - [15/Aug/2022:11:32:56 +0800] "GET /xingrg/all/function/internal_message.html?_=1660534374494&CODE_STATE=getMsg HTTP/1.1" 200 27
116.224.255.128 - - [15/Aug/2022:11:32:56 +0800] "GET /xingrg/all/function/internal_message.html?_=1660534312766&CODE_STATE=getMsg HTTP/1.1" 200 27
101.83.146.132 - - [15/Aug/2022:11:33:00 +0800] "POST /xingrg/kc/buy/cgsh_order_operate.html HTTP/1.1" 200 37
101.83.146.132 - - [15/Aug/2022:11:33:01 +0800] "POST /xingrg/kc/buy/cgsh_order_operate.html HTTP/1.1" 200 3866
101.83.146.132 - - [15/Aug/2022:11:33:02 +0800] "GET /xingrg/kc/print/load_data.html?order_code=212022081504785&kc_code=cgsh&condition= HTTP/1.1" 200 1161
101.85.120.95 - - [15/Aug/2022:11:33:05 +0800] "GET /xingrg/check_reg.html?_=1660534382529 HTTP/1.1" 200 22
101.85.120.95 - - [15/Aug/2022:11:33:05 +0800] "GET /xingrg/all/function/internal_message.html?_=1660534382532&CODE_STATE=getMsg HTTP/1.1" 200 27
101.83.146.132 - - [15/Aug/2022:11:33:05 +0800] "GET /xingrg/kc/buy/cgsh_order_add.html HTTP/1.1" 200 68461
101.83.146.132 - - [15/Aug/2022:11:33:06 +0800] "POST /xingrg/kc/buy/cgsh_order_operate.html HTTP/1.1" 200 8245
101.83.146.132 - - [15/Aug/2022:11:33:06 +0800] "GET /xingrg/javascript/easyui/themes/default/validatebox.css HTTP/1.1" 404 1104
114.83.216.111 - - [15/Aug/2022:11:33:07 +0800] "GET /xingrg/kc/buy/cgsh_order_info.html?code=212022081504784 HTTP/1.1" 200 63370
114.88.158.224 - - [15/Aug/2022:11:33:08 +0800] "GET /xingrg/all/function/internal_message.html?_=1660534060416&CODE_STATE=getMsg HTTP/1.1" 200 27
114.83.216.111 - - [15/Aug/2022:11:33:08 +0800] "GET /xingrg/javascript/easyui/themes/default/validatebox.css HTTP/1.1" 404 1104
114.83.216.111 - - [15/Aug/2022:11:33:09 +0800] "POST /xingrg/kc/buy/cgsh_order_operate.html HTTP/1.1" 200 4156
116.237.76.174 - - [15/Aug/2022:11:33:09 +0800] "POST /xingrg/dwr/call/plaincall/AjaxQqpsService.getMaterielByCode.dwr HTTP/1.1" 200 2667
116.232.194.65 - - [15/Aug/2022:11:33:09 +0800] "GET /xingrg/all/function/internal_message.html?_=1660534362585&CODE_STATE=getMsg HTTP/1.1" 200 27
114.83.216.111 - - [15/Aug/2022:11:33:10 +0800] "GET /xingrg/kc/print/load_data.html?order_code=212022081504784&kc_code=cgsh&condition= HTTP/1.1" 200 2064
222.70.182.94 - - [15/Aug/2022:11:33:10 +0800] "GET /xingrg/kc/buy/buy_main.html HTTP/1.1" 200 12412
222.70.182.94 - - [15/Aug/2022:11:33:10 +0800] "GET /xingrg/css/new_ie.css HTTP/1.1" 404 1036
222.70.182.94 - - [15/Aug/2022:11:33:11 +0800] "GET /xingrg/images/yd/bt.gif HTTP/1.1" 404 1040
222.70.182.94 - - [15/Aug/2022:11:33:11 +0800] "GET /xingrg/kc/buy/cgsh_order_list.html HTTP/1.1" 200 52597
116.224.123.211 - - [15/Aug/2022:11:33:12 +0800] "GET /xingrg/all/function/internal_message.html?_=1660534392976&CODE_STATE=getMsg HTTP/1.1" 200 27
222.70.182.94 - - [15/Aug/2022:11:33:12 +0800] "POST /xingrg/kc/buy/cgsh_list_operate.html HTTP/1.1" 200 693
101.80.228.36 - - [15/Aug/2022:11:33:13 +0800] "GET /xingrg/all/function/internal_message.html?_=1660534390289&CODE_STATE=getMsg HTTP/1.1" 200 27
222.70.182.94 - - [15/Aug/2022:11:33:13 +0800] "GET /xingrg/kc/buy/cgsh_order_add.html HTTP/1.1" 200 68335
222.70.182.94 - - [15/Aug/2022:11:33:13 +0800] "GET /xingrg/words/20220814143851_words.js HTTP/1.1" 304 -
222.70.182.94 - - [15/Aug/2022:11:33:13 +0800] "POST /xingrg/kc/buy/cgsh_order_operate.html HTTP/1.1" 200 8245
222.70.182.94 - - [15/Aug/2022:11:33:14 +0800] "GET /xingrg/all/common/auto_word.html?type=employee&rest_code=00111 HTTP/1.1" 200 155
222.70.182.94 - - [15/Aug/2022:11:33:14 +0800] "GET /xingrg/javascript/easyui/themes/default/validatebox.css HTTP/1.1" 404 1104
222.70.182.94 - - [15/Aug/2022:11:33:14 +0800] "GET /xingrg/all/common/auto_word.html?type=employee&rest_code=00111 HTTP/1.1" 200 155
114.83.216.111 - - [15/Aug/2022:11:33:15 +0800] "GET /xingrg/all/function/internal_message.html?_=1660534393421&CODE_STATE=getMsg HTTP/1.1" 200 27
101.83.146.132 - - [15/Aug/2022:11:33:15 +0800] "GET /xingrg/kc/buy/cgsh_order_operate.html?command=get_materiel&rest_code=00105&code=00101010209&supplier_code=00100322&order_time=2022-08-15 HTTP/1.1" 200 439
101.83.146.132 - - [15/Aug/2022:11:33:16 +0800] "GET /xingrg/all/function/internal_message.html?_=1660534267327&CODE_STATE=getMsg HTTP/1.1" 200 27
222.70.182.94 - - [15/Aug/2022:11:33:16 +0800] "GET /xingrg/javascript/jquery_tools/images/prev.gif HTTP/1.1" 404 1086
222.70.182.94 - - [15/Aug/2022:11:33:16 +0800] "GET /xingrg/javascript/jquery_tools/images/next.gif HTTP/1.1" 404 1086
114.83.216.111 - - [15/Aug/2022:11:33:17 +0800] "GET /xingrg/kc/buy/cgsh_order_add.html HTTP/1.1" 200 68467
114.86.187.244 - - [15/Aug/2022:11:33:17 +0800] "GET /xingrg/check_reg.html?_=1660534396522 HTTP/1.1" 200 22
114.83.216.111 - - [15/Aug/2022:11:33:17 +0800] "POST /xingrg/kc/buy/cgsh_order_operate.html HTTP/1.1" 200 8245
120.253.135.82 - - [15/Aug/2022:11:33:17 +0800] "GET /xingrg/all/function/internal_message.html?_=1660534202734&CODE_STATE=getMsg HTTP/1.1" 200 27
114.83.216.111 - - [15/Aug/2022:11:33:17 +0800] "GET /xingrg/javascript/easyui/themes/default/validatebox.css HTTP/1.1" 404 1104
222.69.129.110 - - [15/Aug/2022:11:33:17 +0800] "GET /xingrg/all/function/internal_message.html?_=1660534461600&CODE_STATE=getMsg HTTP/1.1" 200 27
172.20.0.100 - - [15/Aug/2022:11:33:19 +0800] "GET /xingrg/all/function/internal_message.html?_=1660534399240&CODE_STATE=getMsg HTTP/1.1" 200 27
116.237.76.174 - - [15/Aug/2022:11:33:20 +0800] "POST /xingrg/dwr/call/plaincall/AjaxQqpsService.saveMaterielItem.dwr HTTP/1.1" 200 79
114.86.187.244 - - [15/Aug/2022:11:33:21 +0800] "GET /xingrg/all/function/internal_message.html?_=1660534400537&CODE_STATE=getMsg HTTP/1.1" 200 27
101.83.146.132 - - [15/Aug/2022:11:33:21 +0800] "POST /xingrg/all/common/load_select.html HTTP/1.1" 200 25
222.70.182.94 - - [15/Aug/2022:11:33:24 +0800] "GET /xingrg/kc/buy/cgsh_order_operate.html?command=get_materiel&rest_code=00111&code=00101001140&supplier_code=00100090&order_time=2022-08-15 HTTP/1.1" 200 417
222.70.182.94 - - [15/Aug/2022:11:33:24 +0800] "GET /xingrg/all/function/internal_message.html?_=1660534402401&CODE_STATE=getMsg HTTP/1.1" 200 27
222.70.182.94 - - [15/Aug/2022:11:33:24 +0800] "GET /xingrg/check_reg.html?_=1660534402425 HTTP/1.1" 200 22
101.83.146.132 - - [15/Aug/2022:11:33:25 +0800] "GET /xingrg/kc/buy/cgsh_order_operate.html?command=get_materiel_price&rest_code=00105&code=00101010209&unit_code=00100076&supplier_code=00100322&order_time=2022-08-15 HTTP/1.1" 200 30
180.169.147.146 - - [15/Aug/2022:11:33:25 +0800] "GET /xingrg/check_reg.html?_=1660534405570 HTTP/1.1" 200 22
180.169.147.146 - - [15/Aug/2022:11:33:25 +0800] "GET /xingrg/all/function/internal_message.html?_=1660534405574&CODE_STATE=getMsg HTTP/1.1" 200 27
114.86.187.244 - - [15/Aug/2022:11:33:26 +0800] "GET /xingrg/all/function/internal_message.html?_=1660534405397&CODE_STATE=getMsg HTTP/1.1" 200 27
101.83.146.132 - - [15/Aug/2022:11:33:31 +0800] "GET /xingrg/check_reg.html?_=1660534410258 HTTP/1.1" 200 22
101.83.146.132 - - [15/Aug/2022:11:33:31 +0800] "POST /xingrg/kc/buy/cgsh_order_operate.html HTTP/1.1" 200 37
114.86.187.244 - - [15/Aug/2022:11:33:34 +0800] "GET /xingrg/check_reg.html?_=1660534414130 HTTP/1.1" 200 22
222.70.182.94 - - [15/Aug/2022:11:33:35 +0800] "POST /xingrg/kc/buy/cgsh_order_operate.html HTTP/1.1" 200 37
114.88.158.224 - - [15/Aug/2022:11:33:35 +0800] "GET /xingrg/kc/buy/cgsh_order_operate.html?command=get_materiel&rest_code=00141&code=00102011083&supplier_code=00100486&order_time=2022-08-15 HTTP/1.1" 200 410
222.70.182.94 - - [15/Aug/2022:11:33:37 +0800] "POST /xingrg/kc/buy/cgsh_order_operate.html HTTP/1.1" 200 2662
222.70.182.94 - - [15/Aug/2022:11:33:39 +0800] "GET /xingrg/kc/print/load_config.html?kc_code=cgsh HTTP/1.1" 200 1943
222.70.182.94 - - [15/Aug/2022:11:33:39 +0800] "GET /xingrg/kc/print/load_data.html?order_code=212022081504787&kc_code=cgsh&condition= HTTP/1.1" 200 744
101.83.146.132 - - [15/Aug/2022:11:33:39 +0800] "POST /xingrg/kc/buy/cgsh_order_operate.html HTTP/1.1" 200 2678
116.237.76.174 - - [15/Aug/2022:11:33:40 +0800] "POST /xingrg/dwr/call/plaincall/AjaxQqpsService.removeMaterielItem.dwr HTTP/1.1" 200 79
101.83.146.132 - - [15/Aug/2022:11:33:41 +0800] "GET /xingrg/kc/print/load_data.html?order_code=212022081504786&kc_code=cgsh&condition= HTTP/1.1" 200 682
114.86.225.95 - - [15/Aug/2022:11:33:43 +0800] "GET /xingrg/all/function/internal_message.html?_=1660534424325&CODE_STATE=getMsg HTTP/1.1" 200 27
