114.83.216.111 - - [15/Aug/2022:11:21:12 +0800] "GET /xingrg/javascript/json2.js HTTP/1.1" 200 11259
114.83.216.111 - - [15/Aug/2022:11:21:12 +0800] "GET /xingrg/javascript/print/kc_print.js HTTP/1.1" 200 11415
114.83.216.111 - - [15/Aug/2022:11:21:12 +0800] "GET /xingrg/javascript/print/LodopFuncs.js HTTP/1.1" 200 5121
114.83.216.111 - - [15/Aug/2022:11:21:12 +0800] "GET /xingrg/javascript/jquery_tools/table.css HTTP/1.1" 200 1032
114.83.216.111 - - [15/Aug/2022:11:21:12 +0800] "GET /xingrg/javascript/easyui/themes/default/easyui.css HTTP/1.1" 200 30432
114.83.216.111 - - [15/Aug/2022:11:21:12 +0800] "GET /xingrg/javascript/auto/jquery.autocomplete.css HTTP/1.1" 200 587
114.83.216.111 - - [15/Aug/2022:11:21:12 +0800] "GET /xingrg/javascript/pic_change.js HTTP/1.1" 200 4739
114.83.216.111 - - [15/Aug/2022:11:21:12 +0800] "GET /xingrg/javascript/jquery_tools/fix.css HTTP/1.1" 200 1702
114.83.216.111 - - [15/Aug/2022:11:21:12 +0800] "GET /xingrg/javascript/easyui/themes/icon.css HTTP/1.1" 200 4483
114.83.216.111 - - [15/Aug/2022:11:21:13 +0800] "GET /xingrg/words/20220814143851_words.js HTTP/1.1" 200 913546
114.83.216.111 - - [15/Aug/2022:11:21:13 +0800] "GET /xingrg/javascript/easyui/plugins/jquery.parser.js HTTP/1.1" 200 1142
114.83.216.111 - - [15/Aug/2022:11:21:13 +0800] "GET /xingrg/javascript/easyui/themes/default/validatebox.css HTTP/1.1" 404 1104
114.83.216.111 - - [15/Aug/2022:11:21:13 +0800] "GET /xingrg/javascript/easyui/plugins/jquery.validatebox.js HTTP/1.1" 200 6103
114.83.216.111 - - [15/Aug/2022:11:21:13 +0800] "GET /xingrg/javascript/easyui/plugins/jquery.numberbox.js HTTP/1.1" 200 5213
101.80.228.36 - - [15/Aug/2022:11:21:13 +0800] "GET /xingrg/all/function/internal_message.html?_=1660533670297&CODE_STATE=getMsg HTTP/1.1" 200 27
114.83.216.111 - - [15/Aug/2022:11:21:14 +0800] "POST /xingrg/kc/buy/cgsh_order_operate.html HTTP/1.1" 200 1785
114.83.216.111 - - [15/Aug/2022:11:21:15 +0800] "GET /xingrg/check_reg.html?_=1660533673374 HTTP/1.1" 200 22
114.83.216.111 - - [15/Aug/2022:11:21:15 +0800] "GET /xingrg/all/function/internal_message.html?_=1660533673378&CODE_STATE=getMsg HTTP/1.1" 200 27
101.83.146.132 - - [15/Aug/2022:11:21:16 +0800] "GET /xingrg/check_reg.html?_=1660533547332 HTTP/1.1" 200 22
101.83.146.132 - - [15/Aug/2022:11:21:16 +0800] "GET /xingrg/all/function/internal_message.html?_=1660533547334&CODE_STATE=getMsg HTTP/1.1" 200 27
222.69.129.110 - - [15/Aug/2022:11:21:18 +0800] "GET /xingrg/all/function/internal_message.html?_=1660533741810&CODE_STATE=getMsg HTTP/1.1" 200 27
222.69.129.110 - - [15/Aug/2022:11:21:18 +0800] "GET /xingrg/check_reg.html?_=1660533742175 HTTP/1.1" 200 22
172.20.0.100 - - [15/Aug/2022:11:21:19 +0800] "GET /xingrg/all/function/internal_message.html?_=1660533679239&CODE_STATE=getMsg HTTP/1.1" 200 27
114.86.187.244 - - [15/Aug/2022:11:21:21 +0800] "GET /xingrg/all/function/internal_message.html?_=1660533680740&CODE_STATE=getMsg HTTP/1.1" 200 27
116.224.123.211 - - [15/Aug/2022:11:21:21 +0800] "GET /xingrg/kc/base/wldb_order_info.html?code=422022081501225 HTTP/1.1" 200 26229
116.224.123.211 - - [15/Aug/2022:11:21:21 +0800] "GET /xingrg/javascript/easyui/themes/default/validatebox.css HTTP/1.1" 404 1104
116.224.123.211 - - [15/Aug/2022:11:21:22 +0800] "POST /xingrg/kc/base/wldb_order_operate.html HTTP/1.1" 200 2476
222.70.182.94 - - [15/Aug/2022:11:21:24 +0800] "GET /xingrg/all/function/internal_message.html?_=1660533682363&CODE_STATE=getMsg HTTP/1.1" 200 27
180.169.147.146 - - [15/Aug/2022:11:21:25 +0800] "GET /xingrg/all/function/internal_message.html?_=1660533685566&CODE_STATE=getMsg HTTP/1.1" 200 27
116.224.123.211 - - [15/Aug/2022:11:21:26 +0800] "GET /xingrg/kc/buy/cgsh_order_operate.html?command=get_materiel&rest_code=00102&code=00102005958&supplier_code=00100460&order_time=2022-08-15 HTTP/1.1" 200 408
114.86.187.244 - - [15/Aug/2022:11:21:26 +0800] "GET /xingrg/all/function/internal_message.html?_=1660533685399&CODE_STATE=getMsg HTTP/1.1" 200 27
101.83.146.132 - - [15/Aug/2022:11:21:29 +0800] "GET /xingrg/all/function/internal_message.html?_=1660533688472&CODE_STATE=getMsg HTTP/1.1" 200 27
116.224.123.211 - - [15/Aug/2022:11:21:35 +0800] "GET /xingrg/kc/buy/cgsh_order_operate.html?command=get_materiel&rest_code=00102&code=00102035072&supplier_code=00100460&order_time=2022-08-15 HTTP/1.1" 200 431
114.83.216.111 - - [15/Aug/2022:11:21:40 +0800] "GET /xingrg/kc/print/load_config.html?kc_code=cgsh HTTP/1.1" 200 1943
114.83.216.111 - - [15/Aug/2022:11:21:40 +0800] "GET /xingrg/kc/print/load_data.html?order_code=212022081504768&kc_code=cgsh&condition= HTTP/1.1" 200 1140
114.86.225.95 - - [15/Aug/2022:11:21:43 +0800] "GET /xingrg/all/function/internal_message.html?_=1660533704301&CODE_STATE=getMsg HTTP/1.1" 200 27
114.86.225.95 - - [15/Aug/2022:11:21:43 +0800] "GET /xingrg/check_reg.html?_=1660533704301 HTTP/1.1" 200 22
116.224.123.211 - - [15/Aug/2022:11:21:45 +0800] "GET /xingrg/kc/buy/cgsh_order_operate.html?command=get_materiel&rest_code=00102&code=00102035113&supplier_code=00100460&order_time=2022-08-15 HTTP/1.1" 200 403
162.142.125.8 - - [15/Aug/2022:11:21:45 +0800] "GET / HTTP/1.1" 404 -
162.142.125.8 - - [15/Aug/2022:11:21:46 +0800] "PRI * HTTP/2.0" 505 -
116.224.255.128 - - [15/Aug/2022:11:21:55 +0800] "GET /xingrg/check_reg.html?_=1660533651820 HTTP/1.1" 200 22
116.224.255.128 - - [15/Aug/2022:11:21:56 +0800] "GET /xingrg/all/function/internal_message.html?_=1660533652586&CODE_STATE=getMsg HTTP/1.1" 200 27
116.224.123.211 - - [15/Aug/2022:11:21:56 +0800] "GET /xingrg/all/function/internal_message.html?_=1660533714567&CODE_STATE=getMsg HTTP/1.1" 200 27
114.83.216.111 - - [15/Aug/2022:11:22:00 +0800] "GET /xingrg/kc/buy/cgsh_order_add.html HTTP/1.1" 200 68467
114.83.216.111 - - [15/Aug/2022:11:22:01 +0800] "POST /xingrg/kc/buy/cgsh_order_operate.html HTTP/1.1" 200 8245
114.83.216.111 - - [15/Aug/2022:11:22:01 +0800] "GET /xingrg/all/common/auto_word.html?type=employee&rest_code=00149 HTTP/1.1" 200 197
114.83.216.111 - - [15/Aug/2022:11:22:01 +0800] "GET /xingrg/javascript/easyui/themes/default/validatebox.css HTTP/1.1" 404 1104
114.83.216.111 - - [15/Aug/2022:11:22:01 +0800] "GET /xingrg/all/common/auto_word.html?type=employee&rest_code=00149 HTTP/1.1" 200 197
116.224.123.211 - - [15/Aug/2022:11:22:04 +0800] "GET /xingrg/kc/buy/cgsh_order_operate.html?command=get_materiel&rest_code=00102&code=00102005950&supplier_code=00100460&order_time=2022-08-15 HTTP/1.1" 200 420
116.232.194.65 - - [15/Aug/2022:11:22:09 +0800] "GET /xingrg/all/function/internal_message.html?_=1660533702590&CODE_STATE=getMsg HTTP/1.1" 200 27
116.224.123.211 - - [15/Aug/2022:11:22:12 +0800] "GET /xingrg/check_reg.html?_=1660533732981 HTTP/1.1" 200 22
116.224.123.211 - - [15/Aug/2022:11:22:12 +0800] "GET /xingrg/all/function/internal_message.html?_=1660533732983&CODE_STATE=getMsg HTTP/1.1" 200 27
101.80.228.36 - - [15/Aug/2022:11:22:13 +0800] "GET /xingrg/all/function/internal_message.html?_=1660533730300&CODE_STATE=getMsg HTTP/1.1" 200 27
101.80.228.36 - - [15/Aug/2022:11:22:13 +0800] "GET /xingrg/check_reg.html?_=1660533730301 HTTP/1.1" 200 22
114.83.216.111 - - [15/Aug/2022:11:22:15 +0800] "GET /xingrg/all/function/internal_message.html?_=1660533733401&CODE_STATE=getMsg HTTP/1.1" 200 27
101.83.146.132 - - [15/Aug/2022:11:22:16 +0800] "GET /xingrg/all/function/internal_message.html?_=1660533607333&CODE_STATE=getMsg HTTP/1.1" 200 27
114.83.216.111 - - [15/Aug/2022:11:22:17 +0800] "GET /xingrg/kc/buy/cgsh_order_operate.html?command=get_materiel&rest_code=00149&code=00101016025&supplier_code=00100036&order_time=2022-08-15 HTTP/1.1" 200 408
222.69.129.110 - - [15/Aug/2022:11:22:18 +0800] "GET /xingrg/all/function/internal_message.html?_=1660533801791&CODE_STATE=getMsg HTTP/1.1" 200 27
172.20.0.100 - - [15/Aug/2022:11:22:19 +0800] "GET /xingrg/check_reg.html?_=1660533739225 HTTP/1.1" 200 22
172.20.0.100 - - [15/Aug/2022:11:22:19 +0800] "GET /xingrg/all/function/internal_message.html?_=1660533739226&CODE_STATE=getMsg HTTP/1.1" 200 27
114.86.187.244 - - [15/Aug/2022:11:22:21 +0800] "GET /xingrg/all/function/internal_message.html?_=1660533740725&CODE_STATE=getMsg HTTP/1.1" 200 27
222.70.182.94 - - [15/Aug/2022:11:22:24 +0800] "GET /xingrg/all/function/internal_message.html?_=1660533742352&CODE_STATE=getMsg HTTP/1.1" 200 27
180.169.147.146 - - [15/Aug/2022:11:22:25 +0800] "GET /xingrg/all/function/internal_message.html?_=1660533745572&CODE_STATE=getMsg HTTP/1.1" 200 27
114.86.187.244 - - [15/Aug/2022:11:22:26 +0800] "GET /xingrg/check_reg.html?_=1660533745396 HTTP/1.1" 200 22
114.86.187.244 - - [15/Aug/2022:11:22:26 +0800] "GET /xingrg/all/function/internal_message.html?_=1660533745397&CODE_STATE=getMsg HTTP/1.1" 200 27
101.83.146.132 - - [15/Aug/2022:11:22:29 +0800] "GET /xingrg/all/function/internal_message.html?_=1660533748439&CODE_STATE=getMsg HTTP/1.1" 200 27
114.83.216.111 - - [15/Aug/2022:11:22:35 +0800] "GET /xingrg/kc/buy/cgsh_order_operate.html?command=get_materiel&rest_code=00149&code=00101016053&supplier_code=00100036&order_time=2022-08-15 HTTP/1.1" 200 408
116.224.123.211 - - [15/Aug/2022:11:22:37 +0800] "GET /xingrg/kc/buy/cgsh_order_operate.html?command=get_materiel&rest_code=00102&code=00102005869&supplier_code=00100460&order_time=2022-08-15 HTTP/1.1" 200 434
114.86.225.95 - - [15/Aug/2022:11:22:43 +0800] "GET /xingrg/all/function/internal_message.html?_=1660533764303&CODE_STATE=getMsg HTTP/1.1" 200 27
114.83.216.111 - - [15/Aug/2022:11:22:47 +0800] "POST /xingrg/kc/buy/cgsh_order_operate.html HTTP/1.1" 200 37
114.83.216.111 - - [15/Aug/2022:11:22:55 +0800] "POST /xingrg/kc/buy/cgsh_order_operate.html HTTP/1.1" 200 12
116.224.255.128 - - [15/Aug/2022:11:22:56 +0800] "GET /xingrg/all/function/internal_message.html?_=1660533712599&CODE_STATE=getMsg HTTP/1.1" 200 27
116.224.123.211 - - [15/Aug/2022:11:22:56 +0800] "GET /xingrg/all/function/internal_message.html?_=1660533774562&CODE_STATE=getMsg HTTP/1.1" 200 27
114.83.216.111 - - [15/Aug/2022:11:22:58 +0800] "GET /xingrg/kc/buy/cgsh_order_info.html?code=212022081504769 HTTP/1.1" 200 63372
114.83.216.111 - - [15/Aug/2022:11:22:58 +0800] "GET /xingrg/javascript/easyui/themes/default/validatebox.css HTTP/1.1" 404 1104
114.83.216.111 - - [15/Aug/2022:11:22:59 +0800] "POST /xingrg/kc/buy/cgsh_order_operate.html HTTP/1.1" 200 1195
114.83.216.111 - - [15/Aug/2022:11:23:01 +0800] "GET /xingrg/kc/print/load_data.html?order_code=212022081504769&kc_code=cgsh&condition= HTTP/1.1" 200 996
116.232.194.65 - - [15/Aug/2022:11:23:09 +0800] "GET /xingrg/all/function/internal_message.html?_=1660533762579&CODE_STATE=getMsg HTTP/1.1" 200 27
116.224.123.211 - - [15/Aug/2022:11:23:12 +0800] "GET /xingrg/all/function/internal_message.html?_=1660533792970&CODE_STATE=getMsg HTTP/1.1" 200 27
101.80.228.36 - - [15/Aug/2022:11:23:13 +0800] "GET /xingrg/all/function/internal_message.html?_=1660533790288&CODE_STATE=getMsg HTTP/1.1" 200 27
114.83.216.111 - - [15/Aug/2022:11:23:14 +0800] "GET /xingrg/kc/buy/cgsh_order_add.html HTTP/1.1" 200 68467
114.83.216.111 - - [15/Aug/2022:11:23:14 +0800] "POST /xingrg/kc/buy/cgsh_order_operate.html HTTP/1.1" 200 8245
114.83.216.111 - - [15/Aug/2022:11:23:14 +0800] "GET /xingrg/javascript/easyui/themes/default/validatebox.css HTTP/1.1" 404 1104
114.83.216.111 - - [15/Aug/2022:11:23:15 +0800] "GET /xingrg/all/function/internal_message.html?_=1660533793392&CODE_STATE=getMsg HTTP/1.1" 200 27
101.83.146.132 - - [15/Aug/2022:11:23:16 +0800] "GET /xingrg/all/function/internal_message.html?_=1660533667333&CODE_STATE=getMsg HTTP/1.1" 200 27
114.86.187.244 - - [15/Aug/2022:11:23:17 +0800] "GET /xingrg/check_reg.html?_=1660533796537 HTTP/1.1" 200 22
222.69.129.110 - - [15/Aug/2022:11:23:18 +0800] "GET /xingrg/all/function/internal_message.html?_=1660533861763&CODE_STATE=getMsg HTTP/1.1" 200 27
172.20.0.100 - - [15/Aug/2022:11:23:19 +0800] "GET /xingrg/all/function/internal_message.html?_=1660533799241&CODE_STATE=getMsg HTTP/1.1" 200 27
114.86.187.244 - - [15/Aug/2022:11:23:21 +0800] "GET /xingrg/all/function/internal_message.html?_=1660533800711&CODE_STATE=getMsg HTTP/1.1" 200 27
222.70.182.94 - - [15/Aug/2022:11:23:24 +0800] "GET /xingrg/check_reg.html?_=1660533802359 HTTP/1.1" 200 22
222.70.182.94 - - [15/Aug/2022:11:23:24 +0800] "GET /xingrg/all/function/internal_message.html?_=1660533802356&CODE_STATE=getMsg HTTP/1.1" 200 27
180.169.147.146 - - [15/Aug/2022:11:23:25 +0800] "GET /xingrg/check_reg.html?_=1660533805558 HTTP/1.1" 200 22
180.169.147.146 - - [15/Aug/2022:11:23:25 +0800] "GET /xingrg/all/function/internal_message.html?_=1660533805560&CODE_STATE=getMsg HTTP/1.1" 200 27
114.86.187.244 - - [15/Aug/2022:11:23:26 +0800] "GET /xingrg/all/function/internal_message.html?_=1660533805396&CODE_STATE=getMsg HTTP/1.1" 200 27
101.83.146.132 - - [15/Aug/2022:11:23:29 +0800] "GET /xingrg/all/function/internal_message.html?_=1660533808414&CODE_STATE=getMsg HTTP/1.1" 200 27
101.83.146.132 - - [15/Aug/2022:11:23:31 +0800] "GET /xingrg/check_reg.html?_=1660533810211 HTTP/1.1" 200 22
114.83.216.111 - - [15/Aug/2022:11:23:33 +0800] "GET /xingrg/kc/buy/cgsh_order_operate.html?command=get_materiel&rest_code=00149&code=00101006109&supplier_code=00100012&order_time=2022-08-15 HTTP/1.1" 200 409
114.86.187.244 - - [15/Aug/2022:11:23:34 +0800] "GET /xingrg/check_reg.html?_=1660533814146 HTTP/1.1" 200 22
114.86.225.95 - - [15/Aug/2022:11:23:43 +0800] "GET /xingrg/all/function/internal_message.html?_=1660533824305&CODE_STATE=getMsg HTTP/1.1" 200 27
116.224.255.128 - - [15/Aug/2022:11:23:56 +0800] "GET /xingrg/all/function/internal_message.html?_=1660533772613&CODE_STATE=getMsg HTTP/1.1" 200 27
116.224.123.211 - - [15/Aug/2022:11:23:56 +0800] "GET /xingrg/all/function/internal_message.html?_=1660533834558&CODE_STATE=getMsg HTTP/1.1" 200 27
114.83.216.111 - - [15/Aug/2022:11:23:59 +0800] "GET /xingrg/kc/buy/cgsh_order_operate.html?command=get_materiel&rest_code=00149&code=00101006057&supplier_code=00100012&order_time=2022-08-15 HTTP/1.1" 200 413
116.224.255.128 - - [15/Aug/2022:11:24:06 +0800] "POST /xingrg/services/DataTransmitService HTTP/1.1" 200 524
116.232.194.65 - - [15/Aug/2022:11:24:09 +0800] "GET /xingrg/all/function/internal_message.html?_=1660533822591&CODE_STATE=getMsg HTTP/1.1" 200 27
116.224.255.128 - - [15/Aug/2022:11:24:09 +0800] "POST /xingrg/services/DataTransmitService HTTP/1.1" 200 501
116.224.123.211 - - [15/Aug/2022:11:24:12 +0800] "GET /xingrg/all/function/internal_message.html?_=1660533852987&CODE_STATE=getMsg HTTP/1.1" 200 27
114.88.158.224 - - [15/Aug/2022:11:24:13 +0800] "GET /xingrg/check_reg.html?_=1660533520549 HTTP/1.1" 200 22
114.88.158.224 - - [15/Aug/2022:11:24:13 +0800] "GET /xingrg/all/function/internal_message.html?_=1660533520515&CODE_STATE=getMsg HTTP/1.1" 200 27
101.80.228.36 - - [15/Aug/2022:11:24:13 +0800] "GET /xingrg/all/function/internal_message.html?_=1660533850290&CODE_STATE=getMsg HTTP/1.1" 200 27
114.83.216.111 - - [15/Aug/2022:11:24:15 +0800] "GET /xingrg/all/function/internal_message.html?_=1660533853387&CODE_STATE=getMsg HTTP/1.1" 200 27
101.83.146.132 - - [15/Aug/2022:11:24:16 +0800] "GET /xingrg/all/function/internal_message.html?_=1660533727333&CODE_STATE=getMsg HTTP/1.1" 200 27
222.69.129.110 - - [15/Aug/2022:11:24:18 +0800] "GET /xingrg/all/function/internal_message.html?_=1660533921747&CODE_STATE=getMsg HTTP/1.1" 200 27
172.20.0.100 - - [15/Aug/2022:11:24:19 +0800] "GET /xingrg/all/function/internal_message.html?_=1660533859239&CODE_STATE=getMsg HTTP/1.1" 200 27
114.83.216.111 - - [15/Aug/2022:11:24:20 +0800] "GET /xingrg/kc/buy/cgsh_order_operate.html?command=get_materiel&rest_code=00149&code=00101006025&supplier_code=00100012&order_time=2022-08-15 HTTP/1.1" 200 417
114.86.187.244 - - [15/Aug/2022:11:24:21 +0800] "GET /xingrg/all/function/internal_message.html?_=1660533860685&CODE_STATE=getMsg HTTP/1.1" 200 27
114.88.158.224 - - [15/Aug/2022:11:24:23 +0800] "GET /xingrg/kc/buy/buy_main.html HTTP/1.1" 200 12412
114.88.158.224 - - [15/Aug/2022:11:24:23 +0800] "GET /xingrg/css/new_ie.css HTTP/1.1" 404 1036
222.70.182.94 - - [15/Aug/2022:11:24:24 +0800] "GET /xingrg/all/function/internal_message.html?_=1660533862349&CODE_STATE=getMsg HTTP/1.1" 200 27
114.88.158.224 - - [15/Aug/2022:11:24:24 +0800] "GET /xingrg/images/yd/bt.gif HTTP/1.1" 404 1040
114.88.158.224 - - [15/Aug/2022:11:24:24 +0800] "GET /xingrg/kc/buy/cgsh_order_list.html HTTP/1.1" 200 52603
180.169.147.146 - - [15/Aug/2022:11:24:25 +0800] "GET /xingrg/all/function/internal_message.html?_=1660533865568&CODE_STATE=getMsg HTTP/1.1" 200 27
114.88.158.224 - - [15/Aug/2022:11:24:25 +0800] "POST /xingrg/kc/buy/cgsh_list_operate.html HTTP/1.1" 200 693
114.86.187.244 - - [15/Aug/2022:11:24:26 +0800] "GET /xingrg/all/function/internal_message.html?_=1660533865393&CODE_STATE=getMsg HTTP/1.1" 200 27
114.88.158.224 - - [15/Aug/2022:11:24:27 +0800] "GET /xingrg/kc/buy/cgsh_order_add.html HTTP/1.1" 200 68379
114.88.158.224 - - [15/Aug/2022:11:24:27 +0800] "POST /xingrg/kc/buy/cgsh_order_operate.html HTTP/1.1" 200 8245
114.88.158.224 - - [15/Aug/2022:11:24:27 +0800] "GET /xingrg/javascript/easyui/themes/default/validatebox.css HTTP/1.1" 404 1104
101.83.146.132 - - [15/Aug/2022:11:24:29 +0800] "GET /xingrg/all/function/internal_message.html?_=1660533868391&CODE_STATE=getMsg HTTP/1.1" 200 27
114.88.158.224 - - [15/Aug/2022:11:24:41 +0800] "GET /xingrg/kc/buy/cgsh_order_operate.html?command=get_materiel&rest_code=00141&code=00101018011&supplier_code=00100330&order_time=2022-08-15 HTTP/1.1" 200 413
114.86.225.95 - - [15/Aug/2022:11:24:43 +0800] "GET /xingrg/all/function/internal_message.html?_=1660533884307&CODE_STATE=getMsg HTTP/1.1" 200 27
114.83.216.111 - - [15/Aug/2022:11:24:47 +0800] "POST /xingrg/kc/buy/cgsh_order_operate.html HTTP/1.1" 200 37
114.83.216.111 - - [15/Aug/2022:11:24:53 +0800] "POST /xingrg/kc/buy/cgsh_order_operate.html HTTP/1.1" 200 12
114.88.158.224 - - [15/Aug/2022:11:24:55 +0800] "GET /xingrg/kc/buy/cgsh_order_operate.html?command=get_materiel&rest_code=00141&code=00101006067&supplier_code=00100330&order_time=2022-08-15 HTTP/1.1" 200 409
116.224.123.211 - - [15/Aug/2022:11:24:56 +0800] "GET /xingrg/all/function/internal_message.html?_=1660533894549&CODE_STATE=getMsg HTTP/1.1" 200 27
116.224.255.128 - - [15/Aug/2022:11:24:56 +0800] "GET /xingrg/all/function/internal_message.html?_=1660533832655&CODE_STATE=getMsg HTTP/1.1" 200 27
114.83.216.111 - - [15/Aug/2022:11:24:57 +0800] "GET /xingrg/kc/buy/cgsh_order_info.html?code=212022081504770 HTTP/1.1" 200 63370
114.83.216.111 - - [15/Aug/2022:11:24:58 +0800] "GET /xingrg/javascript/easyui/themes/default/validatebox.css HTTP/1.1" 404 1104
114.83.216.111 - - [15/Aug/2022:11:24:58 +0800] "POST /xingrg/kc/buy/cgsh_order_operate.html HTTP/1.1" 200 1795
114.83.216.111 - - [15/Aug/2022:11:24:59 +0800] "GET /xingrg/kc/print/load_data.html?order_code=212022081504770&kc_code=cgsh&condition= HTTP/1.1" 200 1256
114.83.216.111 - - [15/Aug/2022:11:25:05 +0800] "GET /xingrg/kc/buy/cgsh_order_add.html HTTP/1.1" 200 68467
114.83.216.111 - - [15/Aug/2022:11:25:05 +0800] "POST /xingrg/kc/buy/cgsh_order_operate.html HTTP/1.1" 200 8245
114.83.216.111 - - [15/Aug/2022:11:25:05 +0800] "GET /xingrg/javascript/easyui/themes/default/validatebox.css HTTP/1.1" 404 1104
114.88.158.224 - - [15/Aug/2022:11:25:08 +0800] "GET /xingrg/all/function/internal_message.html?_=1660533580490&CODE_STATE=getMsg HTTP/1.1" 200 27
116.232.194.65 - - [15/Aug/2022:11:25:09 +0800] "GET /xingrg/check_reg.html?_=1660533882582 HTTP/1.1" 200 22
116.232.194.65 - - [15/Aug/2022:11:25:09 +0800] "GET /xingrg/all/function/internal_message.html?_=1660533882584&CODE_STATE=getMsg HTTP/1.1" 200 27
114.88.158.224 - - [15/Aug/2022:11:25:10 +0800] "POST /xingrg/kc/buy/cgsh_order_operate.html HTTP/1.1" 200 37
116.224.123.211 - - [15/Aug/2022:11:25:12 +0800] "GET /xingrg/all/function/internal_message.html?_=1660533912978&CODE_STATE=getMsg HTTP/1.1" 200 27
101.80.228.36 - - [15/Aug/2022:11:25:13 +0800] "GET /xingrg/all/function/internal_message.html?_=1660533910294&CODE_STATE=getMsg HTTP/1.1" 200 27
114.88.158.224 - - [15/Aug/2022:11:25:14 +0800] "POST /xingrg/kc/buy/cgsh_order_operate.html HTTP/1.1" 200 12
114.83.216.111 - - [15/Aug/2022:11:25:15 +0800] "GET /xingrg/all/function/internal_message.html?_=1660533913411&CODE_STATE=getMsg HTTP/1.1" 200 27
101.83.146.132 - - [15/Aug/2022:11:25:16 +0800] "GET /xingrg/all/function/internal_message.html?_=1660533787332&CODE_STATE=getMsg HTTP/1.1" 200 27
114.88.158.224 - - [15/Aug/2022:11:25:16 +0800] "GET /xingrg/kc/buy/cgsh_order_info.html?code=212022081504771 HTTP/1.1" 200 63288
114.88.158.224 - - [15/Aug/2022:11:25:16 +0800] "GET /xingrg/javascript/easyui/themes/default/validatebox.css HTTP/1.1" 404 1104
114.88.158.224 - - [15/Aug/2022:11:25:17 +0800] "POST /xingrg/kc/buy/cgsh_order_operate.html HTTP/1.1" 200 1195
222.69.129.110 - - [15/Aug/2022:11:25:18 +0800] "GET /xingrg/all/function/internal_message.html?_=1660533981732&CODE_STATE=getMsg HTTP/1.1" 200 27
114.88.158.224 - - [15/Aug/2022:11:25:18 +0800] "GET /xingrg/kc/print/load_data.html?order_code=212022081504771&kc_code=cgsh&condition= HTTP/1.1" 200 938
172.20.0.100 - - [15/Aug/2022:11:25:19 +0800] "GET /xingrg/all/function/internal_message.html?_=1660533919229&CODE_STATE=getMsg HTTP/1.1" 200 27
114.86.187.244 - - [15/Aug/2022:11:25:21 +0800] "GET /xingrg/all/function/internal_message.html?_=1660533920670&CODE_STATE=getMsg HTTP/1.1" 200 27
116.237.76.174 - - [15/Aug/2022:11:25:22 +0800] "GET /xingrg/check_reg.html?_=1660533924630 HTTP/1.1" 200 22
114.88.158.224 - - [15/Aug/2022:11:25:23 +0800] "GET /xingrg/kc/buy/cgsh_order_add.html HTTP/1.1" 200 68379
114.88.158.224 - - [15/Aug/2022:11:25:23 +0800] "POST /xingrg/kc/buy/cgsh_order_operate.html HTTP/1.1" 200 8245
114.88.158.224 - - [15/Aug/2022:11:25:23 +0800] "GET /xingrg/javascript/easyui/themes/default/validatebox.css HTTP/1.1" 404 1104
222.70.182.94 - - [15/Aug/2022:11:25:24 +0800] "GET /xingrg/all/function/internal_message.html?_=1660533922350&CODE_STATE=getMsg HTTP/1.1" 200 27
180.169.147.146 - - [15/Aug/2022:11:25:25 +0800] "GET /xingrg/all/function/internal_message.html?_=1660533925571&CODE_STATE=getMsg HTTP/1.1" 200 27
114.86.187.244 - - [15/Aug/2022:11:25:26 +0800] "GET /xingrg/all/function/internal_message.html?_=1660533925391&CODE_STATE=getMsg HTTP/1.1" 200 27
101.83.146.132 - - [15/Aug/2022:11:25:29 +0800] "GET /xingrg/all/function/internal_message.html?_=1660533928365&CODE_STATE=getMsg HTTP/1.1" 200 27
114.88.158.224 - - [15/Aug/2022:11:25:36 +0800] "GET /xingrg/kc/buy/cgsh_order_operate.html?command=get_materiel&rest_code=00141&code=00101012046&supplier_code=00100325&order_time=2022-08-15 HTTP/1.1" 200 417
114.86.225.95 - - [15/Aug/2022:11:25:43 +0800] "GET /xingrg/all/function/internal_message.html?_=1660533944309&CODE_STATE=getMsg HTTP/1.1" 200 27
116.224.123.211 - - [15/Aug/2022:11:25:44 +0800] "POST /xingrg/kc/buy/cgsh_order_operate.html HTTP/1.1" 200 37
114.83.216.111 - - [15/Aug/2022:11:25:44 +0800] "GET /xingrg/kc/buy/cgsh_order_operate.html?command=get_materiel&rest_code=00149&code=00101011005&supplier_code=00100051&order_time=2022-08-15 HTTP/1.1" 200 408
116.224.123.211 - - [15/Aug/2022:11:25:45 +0800] "POST /xingrg/kc/buy/cgsh_order_operate.html HTTP/1.1" 200 4458
114.88.158.224 - - [15/Aug/2022:11:25:48 +0800] "POST /xingrg/kc/buy/cgsh_order_operate.html HTTP/1.1" 200 37
114.88.158.224 - - [15/Aug/2022:11:25:52 +0800] "POST /xingrg/kc/buy/cgsh_order_operate.html HTTP/1.1" 200 12
114.88.158.224 - - [15/Aug/2022:11:25:54 +0800] "GET /xingrg/kc/buy/cgsh_order_info.html?code=212022081504773 HTTP/1.1" 200 63286
114.88.158.224 - - [15/Aug/2022:11:25:55 +0800] "GET /xingrg/javascript/easyui/themes/default/validatebox.css HTTP/1.1" 404 1104
114.88.158.224 - - [15/Aug/2022:11:25:55 +0800] "POST /xingrg/kc/buy/cgsh_order_operate.html HTTP/1.1" 200 611
116.224.123.211 - - [15/Aug/2022:11:25:56 +0800] "GET /xingrg/all/function/internal_message.html?_=1660533954550&CODE_STATE=getMsg HTTP/1.1" 200 27
116.224.255.128 - - [15/Aug/2022:11:25:56 +0800] "GET /xingrg/all/function/internal_message.html?_=1660533892655&CODE_STATE=getMsg HTTP/1.1" 200 27
116.224.123.211 - - [15/Aug/2022:11:25:56 +0800] "GET /xingrg/check_reg.html?_=1660533954611 HTTP/1.1" 200 22
114.88.158.224 - - [15/Aug/2022:11:25:57 +0800] "GET /xingrg/kc/print/load_data.html?order_code=212022081504773&kc_code=cgsh&condition= HTTP/1.1" 200 721
114.83.216.111 - - [15/Aug/2022:11:25:59 +0800] "GET /xingrg/kc/buy/cgsh_order_operate.html?command=get_materiel&rest_code=00149&code=00101011003&supplier_code=00100051&order_time=2022-08-15 HTTP/1.1" 200 413
114.88.158.224 - - [15/Aug/2022:11:26:01 +0800] "GET /xingrg/kc/buy/cgsh_order_add.html HTTP/1.1" 200 68379
114.88.158.224 - - [15/Aug/2022:11:26:01 +0800] "POST /xingrg/kc/buy/cgsh_order_operate.html HTTP/1.1" 200 8245
114.88.158.224 - - [15/Aug/2022:11:26:01 +0800] "GET /xingrg/javascript/easyui/themes/default/validatebox.css HTTP/1.1" 404 1104
114.88.158.224 - - [15/Aug/2022:11:26:08 +0800] "GET /xingrg/all/function/internal_message.html?_=1660533640478&CODE_STATE=getMsg HTTP/1.1" 200 27
116.232.194.65 - - [15/Aug/2022:11:26:09 +0800] "GET /xingrg/all/function/internal_message.html?_=1660533942585&CODE_STATE=getMsg HTTP/1.1" 200 27
114.88.158.224 - - [15/Aug/2022:11:26:12 +0800] "GET /xingrg/kc/buy/cgsh_order_operate.html?command=get_materiel&rest_code=00141&code=00101010161&supplier_code=00100334&order_time=2022-08-15 HTTP/1.1" 200 409
116.224.123.211 - - [15/Aug/2022:11:26:12 +0800] "GET /xingrg/all/function/internal_message.html?_=1660533972974&CODE_STATE=getMsg HTTP/1.1" 200 27
101.80.228.36 - - [15/Aug/2022:11:26:13 +0800] "GET /xingrg/all/function/internal_message.html?_=1660533970297&CODE_STATE=getMsg HTTP/1.1" 200 27
114.83.216.111 - - [15/Aug/2022:11:26:15 +0800] "GET /xingrg/all/function/internal_message.html?_=1660533973389&CODE_STATE=getMsg HTTP/1.1" 200 27
114.83.216.111 - - [15/Aug/2022:11:26:15 +0800] "GET /xingrg/check_reg.html?_=1660533973396 HTTP/1.1" 200 22
101.83.146.132 - - [15/Aug/2022:11:26:16 +0800] "GET /xingrg/check_reg.html?_=1660533847333 HTTP/1.1" 200 22
101.83.146.132 - - [15/Aug/2022:11:26:16 +0800] "GET /xingrg/all/function/internal_message.html?_=1660533847335&CODE_STATE=getMsg HTTP/1.1" 200 27
222.69.129.110 - - [15/Aug/2022:11:26:18 +0800] "GET /xingrg/all/function/internal_message.html?_=1660534041725&CODE_STATE=getMsg HTTP/1.1" 200 27
222.69.129.110 - - [15/Aug/2022:11:26:18 +0800] "GET /xingrg/check_reg.html?_=1660534042152 HTTP/1.1" 200 22
114.83.216.111 - - [15/Aug/2022:11:26:19 +0800] "GET /xingrg/kc/buy/cgsh_order_operate.html?command=get_materiel&rest_code=00149&code=00101011004&supplier_code=00100051&order_time=2022-08-15 HTTP/1.1" 200 412
172.20.0.100 - - [15/Aug/2022:11:26:19 +0800] "GET /xingrg/all/function/internal_message.html?_=1660533979243&CODE_STATE=getMsg HTTP/1.1" 200 27
114.86.187.244 - - [15/Aug/2022:11:26:21 +0800] "GET /xingrg/all/function/internal_message.html?_=1660533980655&CODE_STATE=getMsg HTTP/1.1" 200 27
114.88.158.224 - - [15/Aug/2022:11:26:23 +0800] "POST /xingrg/kc/buy/cgsh_order_operate.html HTTP/1.1" 200 37
222.70.182.94 - - [15/Aug/2022:11:26:24 +0800] "GET /xingrg/all/function/internal_message.html?_=1660533982349&CODE_STATE=getMsg HTTP/1.1" 200 27
58.35.213.73 - - [15/Aug/2022:11:26:24 +0800] "POST /xingrg/services/DataTransmitService HTTP/1.1" 200 524
58.35.213.73 - - [15/Aug/2022:11:26:24 +0800] "POST /xingrg/services/DataTransmitService HTTP/1.1" 200 2147
58.35.213.73 - - [15/Aug/2022:11:26:24 +0800] "POST /xingrg/services/DataTransmitService HTTP/1.1" 200 120724
180.169.147.146 - - [15/Aug/2022:11:26:25 +0800] "GET /xingrg/all/function/internal_message.html?_=1660533985564&CODE_STATE=getMsg HTTP/1.1" 200 27
114.86.187.244 - - [15/Aug/2022:11:26:26 +0800] "GET /xingrg/all/function/internal_message.html?_=1660533985389&CODE_STATE=getMsg HTTP/1.1" 200 27
114.88.158.224 - - [15/Aug/2022:11:26:28 +0800] "POST /xingrg/kc/buy/cgsh_order_operate.html HTTP/1.1" 200 12
101.83.146.132 - - [15/Aug/2022:11:26:29 +0800] "GET /xingrg/all/function/internal_message.html?_=1660533988339&CODE_STATE=getMsg HTTP/1.1" 200 27
114.88.158.224 - - [15/Aug/2022:11:26:29 +0800] "GET /xingrg/kc/buy/cgsh_order_info.html?code=212022081504774 HTTP/1.1" 200 63286
114.88.158.224 - - [15/Aug/2022:11:26:29 +0800] "GET /xingrg/javascript/easyui/themes/default/validatebox.css HTTP/1.1" 404 1104
114.88.158.224 - - [15/Aug/2022:11:26:30 +0800] "POST /xingrg/kc/buy/cgsh_order_operate.html HTTP/1.1" 200 604
114.88.158.224 - - [15/Aug/2022:11:26:32 +0800] "GET /xingrg/kc/print/load_data.html?order_code=212022081504774&kc_code=cgsh&condition= HTTP/1.1" 200 714
114.83.216.111 - - [15/Aug/2022:11:26:36 +0800] "POST /xingrg/kc/buy/cgsh_order_operate.html HTTP/1.1" 200 37
114.88.158.224 - - [15/Aug/2022:11:26:42 +0800] "GET /xingrg/kc/buy/cgsh_order_add.html HTTP/1.1" 200 68379
114.88.158.224 - - [15/Aug/2022:11:26:42 +0800] "POST /xingrg/kc/buy/cgsh_order_operate.html HTTP/1.1" 200 8245
114.88.158.224 - - [15/Aug/2022:11:26:42 +0800] "GET /xingrg/javascript/easyui/themes/default/validatebox.css HTTP/1.1" 404 1104
114.86.225.95 - - [15/Aug/2022:11:26:43 +0800] "GET /xingrg/all/function/internal_message.html?_=1660534004311&CODE_STATE=getMsg HTTP/1.1" 200 27
114.86.225.95 - - [15/Aug/2022:11:26:43 +0800] "GET /xingrg/check_reg.html?_=1660534004311 HTTP/1.1" 200 22
58.35.213.73 - - [15/Aug/2022:11:26:44 +0800] "POST /xingrg/services/DataTransmitService HTTP/1.1" 200 524
58.35.213.73 - - [15/Aug/2022:11:26:44 +0800] "POST /xingrg/services/DataTransmitService HTTP/1.1" 200 2147
58.35.213.73 - - [15/Aug/2022:11:26:44 +0800] "POST /xingrg/services/DataTransmitService HTTP/1.1" 200 524
58.35.213.73 - - [15/Aug/2022:11:26:44 +0800] "POST /xingrg/services/DataTransmitService HTTP/1.1" 200 2147
58.35.213.73 - - [15/Aug/2022:11:26:44 +0800] "POST /xingrg/services/DataTransmitService HTTP/1.1" 200 524
58.35.213.73 - - [15/Aug/2022:11:26:45 +0800] "POST /xingrg/services/DataTransmitService HTTP/1.1" 200 2147
58.35.213.73 - - [15/Aug/2022:11:26:45 +0800] "POST /xingrg/services/DataTransmitService HTTP/1.1" 200 524
58.35.213.73 - - [15/Aug/2022:11:26:45 +0800] "POST /xingrg/services/DataTransmitService HTTP/1.1" 200 2147
58.35.213.73 - - [15/Aug/2022:11:26:45 +0800] "POST /xingrg/services/DataTransmitService HTTP/1.1" 200 524
58.35.213.73 - - [15/Aug/2022:11:26:46 +0800] "POST /xingrg/services/DataTransmitService HTTP/1.1" 200 2147
58.35.213.73 - - [15/Aug/2022:11:26:46 +0800] "POST /xingrg/services/DataTransmitService HTTP/1.1" 200 524
58.35.213.73 - - [15/Aug/2022:11:26:46 +0800] "POST /xingrg/services/DataTransmitService HTTP/1.1" 200 2147
114.83.216.111 - - [15/Aug/2022:11:26:52 +0800] "POST /xingrg/kc/buy/cgsh_order_operate.html HTTP/1.1" 200 12
114.88.158.224 - - [15/Aug/2022:11:26:53 +0800] "GET /xingrg/kc/buy/cgsh_order_operate.html?command=get_materiel&rest_code=00141&code=00101002007&supplier_code=00100442&order_time=2022-08-15 HTTP/1.1" 200 409
114.83.216.111 - - [15/Aug/2022:11:26:54 +0800] "GET /xingrg/kc/buy/cgsh_order_info.html?code=212022081504775 HTTP/1.1" 200 63370
114.83.216.111 - - [15/Aug/2022:11:26:54 +0800] "GET /xingrg/javascript/easyui/themes/default/validatebox.css HTTP/1.1" 404 1104
114.83.216.111 - - [15/Aug/2022:11:26:55 +0800] "POST /xingrg/kc/buy/cgsh_order_operate.html HTTP/1.1" 200 1788
116.224.255.128 - - [15/Aug/2022:11:26:55 +0800] "GET /xingrg/check_reg.html?_=1660533951855 HTTP/1.1" 200 22
116.224.123.211 - - [15/Aug/2022:11:26:56 +0800] "GET /xingrg/all/function/internal_message.html?_=1660534014541&CODE_STATE=getMsg HTTP/1.1" 200 27
116.224.255.128 - - [15/Aug/2022:11:26:56 +0800] "GET /xingrg/all/function/internal_message.html?_=1660533952669&CODE_STATE=getMsg HTTP/1.1" 200 27
114.83.216.111 - - [15/Aug/2022:11:26:56 +0800] "GET /xingrg/kc/print/load_data.html?order_code=212022081504775&kc_code=cgsh&condition= HTTP/1.1" 200 1172
114.88.158.224 - - [15/Aug/2022:11:27:04 +0800] "POST /xingrg/kc/buy/cgsh_order_operate.html HTTP/1.1" 200 37
114.83.216.111 - - [15/Aug/2022:11:27:07 +0800] "GET /xingrg/kc/buy/cgsh_order_add.html HTTP/1.1" 200 68467
114.83.216.111 - - [15/Aug/2022:11:27:08 +0800] "POST /xingrg/kc/buy/cgsh_order_operate.html HTTP/1.1" 200 8245
114.83.216.111 - - [15/Aug/2022:11:27:08 +0800] "GET /xingrg/javascript/easyui/themes/default/validatebox.css HTTP/1.1" 404 1104
114.88.158.224 - - [15/Aug/2022:11:27:08 +0800] "GET /xingrg/all/function/internal_message.html?_=1660533700434&CODE_STATE=getMsg HTTP/1.1" 200 27
114.88.158.224 - - [15/Aug/2022:11:27:09 +0800] "POST /xingrg/kc/buy/cgsh_order_operate.html HTTP/1.1" 200 12
116.232.194.65 - - [15/Aug/2022:11:27:09 +0800] "GET /xingrg/all/function/internal_message.html?_=1660534002601&CODE_STATE=getMsg HTTP/1.1" 200 27
114.88.158.224 - - [15/Aug/2022:11:27:10 +0800] "GET /xingrg/kc/buy/cgsh_order_info.html?code=212022081504776 HTTP/1.1" 200 63284
114.88.158.224 - - [15/Aug/2022:11:27:10 +0800] "GET /xingrg/javascript/easyui/themes/default/validatebox.css HTTP/1.1" 404 1104
114.88.158.224 - - [15/Aug/2022:11:27:11 +0800] "POST /xingrg/kc/buy/cgsh_order_operate.html HTTP/1.1" 200 606
116.224.123.211 - - [15/Aug/2022:11:27:12 +0800] "GET /xingrg/check_reg.html?_=1660534032977 HTTP/1.1" 200 22
116.224.123.211 - - [15/Aug/2022:11:27:12 +0800] "GET /xingrg/all/function/internal_message.html?_=1660534032970&CODE_STATE=getMsg HTTP/1.1" 200 27
114.88.158.224 - - [15/Aug/2022:11:27:12 +0800] "GET /xingrg/kc/print/load_data.html?order_code=212022081504776&kc_code=cgsh&condition= HTTP/1.1" 200 713
101.80.228.36 - - [15/Aug/2022:11:27:13 +0800] "GET /xingrg/all/function/internal_message.html?_=1660534030299&CODE_STATE=getMsg HTTP/1.1" 200 27
101.80.228.36 - - [15/Aug/2022:11:27:13 +0800] "GET /xingrg/check_reg.html?_=1660534030302 HTTP/1.1" 200 22
114.83.216.111 - - [15/Aug/2022:11:27:15 +0800] "GET /xingrg/all/function/internal_message.html?_=1660534033393&CODE_STATE=getMsg HTTP/1.1" 200 27
101.83.146.132 - - [15/Aug/2022:11:27:16 +0800] "GET /xingrg/all/function/internal_message.html?_=1660533907319&CODE_STATE=getMsg HTTP/1.1" 200 27
114.88.158.224 - - [15/Aug/2022:11:27:16 +0800] "GET /xingrg/kc/buy/cgsh_order_add.html HTTP/1.1" 200 68379
114.88.158.224 - - [15/Aug/2022:11:27:16 +0800] "POST /xingrg/kc/buy/cgsh_order_operate.html HTTP/1.1" 200 8245
114.88.158.224 - - [15/Aug/2022:11:27:17 +0800] "GET /xingrg/javascript/easyui/themes/default/validatebox.css HTTP/1.1" 404 1104
222.69.129.110 - - [15/Aug/2022:11:27:18 +0800] "GET /xingrg/all/function/internal_message.html?_=1660534101704&CODE_STATE=getMsg HTTP/1.1" 200 27
172.20.0.100 - - [15/Aug/2022:11:27:19 +0800] "GET /xingrg/check_reg.html?_=1660534039234 HTTP/1.1" 200 22
172.20.0.100 - - [15/Aug/2022:11:27:19 +0800] "GET /xingrg/all/function/internal_message.html?_=1660534039235&CODE_STATE=getMsg HTTP/1.1" 200 27
114.86.187.244 - - [15/Aug/2022:11:27:21 +0800] "GET /xingrg/all/function/internal_message.html?_=1660534040639&CODE_STATE=getMsg HTTP/1.1" 200 27
222.70.182.94 - - [15/Aug/2022:11:27:24 +0800] "GET /xingrg/all/function/internal_message.html?_=1660534042352&CODE_STATE=getMsg HTTP/1.1" 200 27
180.169.147.146 - - [15/Aug/2022:11:27:25 +0800] "GET /xingrg/all/function/internal_message.html?_=1660534045569&CODE_STATE=getMsg HTTP/1.1" 200 27
114.83.216.111 - - [15/Aug/2022:11:27:25 +0800] "GET /xingrg/kc/buy/cgsh_order_operate.html?command=get_materiel&rest_code=00149&code=00101004010&supplier_code=00100083&order_time=2022-08-15 HTTP/1.1" 200 431
114.86.187.244 - - [15/Aug/2022:11:27:26 +0800] "GET /xingrg/all/function/internal_message.html?_=1660534045388&CODE_STATE=getMsg HTTP/1.1" 200 27
114.86.187.244 - - [15/Aug/2022:11:27:26 +0800] "GET /xingrg/check_reg.html?_=1660534045390 HTTP/1.1" 200 22
101.83.146.132 - - [15/Aug/2022:11:27:29 +0800] "GET /xingrg/all/function/internal_message.html?_=1660534048312&CODE_STATE=getMsg HTTP/1.1" 200 27
114.83.216.111 - - [15/Aug/2022:11:27:40 +0800] "GET /xingrg/kc/buy/cgsh_order_operate.html?command=get_materiel&rest_code=00149&code=00101004074&supplier_code=00100083&order_time=2022-08-15 HTTP/1.1" 200 406
114.88.158.224 - - [15/Aug/2022:11:27:42 +0800] "GET /xingrg/kc/buy/cgsh_order_operate.html?command=get_materiel&rest_code=00141&code=00101009036&supplier_code=00100335&order_time=2022-08-15 HTTP/1.1" 200 415
114.86.225.95 - - [15/Aug/2022:11:27:43 +0800] "GET /xingrg/all/function/internal_message.html?_=1660534064313&CODE_STATE=getMsg HTTP/1.1" 200 27
114.88.158.224 - - [15/Aug/2022:11:27:52 +0800] "POST /xingrg/kc/buy/cgsh_order_operate.html HTTP/1.1" 200 37
114.83.216.111 - - [15/Aug/2022:11:27:54 +0800] "GET /xingrg/kc/buy/cgsh_order_operate.html?command=get_materiel&rest_code=00149&code=00101004067&supplier_code=00100083&order_time=2022-08-15 HTTP/1.1" 200 413
116.224.123.211 - - [15/Aug/2022:11:27:56 +0800] "GET /xingrg/all/function/internal_message.html?_=1660534074530&CODE_STATE=getMsg HTTP/1.1" 200 27
116.224.255.128 - - [15/Aug/2022:11:27:56 +0800] "GET /xingrg/all/function/internal_message.html?_=1660534012683&CODE_STATE=getMsg HTTP/1.1" 200 27
114.88.158.224 - - [15/Aug/2022:11:27:57 +0800] "POST /xingrg/kc/buy/cgsh_order_operate.html HTTP/1.1" 200 12
114.88.158.224 - - [15/Aug/2022:11:28:00 +0800] "GET /xingrg/kc/buy/cgsh_order_info.html?code=212022081504777 HTTP/1.1" 200 63282
114.88.158.224 - - [15/Aug/2022:11:28:00 +0800] "GET /xingrg/javascript/easyui/themes/default/validatebox.css HTTP/1.1" 404 1104
114.88.158.224 - - [15/Aug/2022:11:28:01 +0800] "POST /xingrg/kc/buy/cgsh_order_operate.html HTTP/1.1" 200 608
101.85.120.95 - - [15/Aug/2022:11:28:04 +0800] "POST /xingrg/login.do HTTP/1.1" 302 -
101.85.120.95 - - [15/Aug/2022:11:28:04 +0800] "GET /xingrg/index.html?sysBaseUrl=http%3A%2F%2F180.169.147.146%3A18081%2Fxingrg%2F&costTime=45×tamp=1660534084804 HTTP/1.1" 200 17179
101.85.120.95 - - [15/Aug/2022:11:28:04 +0800] "GET /favicon.ico HTTP/1.1" 404 -
101.85.120.95 - - [15/Aug/2022:11:28:05 +0800] "POST /xingrg/all/common/load_tree.html?tree=area_rest_tree_json&manage=1 HTTP/1.1" 200 351
101.85.120.95 - - [15/Aug/2022:11:28:05 +0800] "GET /xingrg/all/function/internal_message.html?_=1660534082512&CODE_STATE=count HTTP/1.1" 200 11
101.85.120.95 - - [15/Aug/2022:11:28:05 +0800] "POST /xingrg/load_menu.html HTTP/1.1" 200 5138
101.85.120.95 - - [15/Aug/2022:11:28:05 +0800] "GET /xingrg/check_reg.html?_=1660534082512 HTTP/1.1" 200 22
114.83.216.111 - - [15/Aug/2022:11:28:06 +0800] "POST /xingrg/kc/buy/cgsh_order_operate.html HTTP/1.1" 200 37
114.88.158.224 - - [15/Aug/2022:11:28:06 +0800] "GET /xingrg/kc/print/load_data.html?order_code=212022081504777&kc_code=cgsh&condition= HTTP/1.1" 200 702
114.88.158.224 - - [15/Aug/2022:11:28:08 +0800] "GET /xingrg/all/function/internal_message.html?_=1660533760425&CODE_STATE=getMsg HTTP/1.1" 200 27
101.85.120.95 - - [15/Aug/2022:11:28:09 +0800] "GET /xingrg/kc/base/wldb_order_list.html HTTP/1.1" 200 19148
116.232.194.65 - - [15/Aug/2022:11:28:09 +0800] "GET /xingrg/all/function/internal_message.html?_=1660534062593&CODE_STATE=getMsg HTTP/1.1" 200 27
101.85.120.95 - - [15/Aug/2022:11:28:09 +0800] "POST /xingrg/kc/base/wldb_list_operate.html HTTP/1.1" 200 928
114.88.158.224 - - [15/Aug/2022:11:28:10 +0800] "GET /xingrg/kc/buy/cgsh_order_add.html HTTP/1.1" 200 68379
114.88.158.224 - - [15/Aug/2022:11:28:10 +0800] "POST /xingrg/kc/buy/cgsh_order_operate.html HTTP/1.1" 200 8245
114.88.158.224 - - [15/Aug/2022:11:28:10 +0800] "GET /xingrg/javascript/easyui/themes/default/validatebox.css HTTP/1.1" 404 1104
101.85.120.95 - - [15/Aug/2022:11:28:11 +0800] "GET /xingrg/kc/base/wldb_order_add.html HTTP/1.1" 200 30366
101.85.120.95 - - [15/Aug/2022:11:28:11 +0800] "GET /xingrg/javascript/pic_change.js HTTP/1.1" 304 -
101.85.120.95 - - [15/Aug/2022:11:28:11 +0800] "GET /xingrg/javascript/jquery_tools/order_manager.js HTTP/1.1" 304 -
101.85.120.95 - - [15/Aug/2022:11:28:11 +0800] "GET /xingrg/javascript/convert.js HTTP/1.1" 304 -
101.85.120.95 - - [15/Aug/2022:11:28:11 +0800] "GET /xingrg/javascript/json2.js HTTP/1.1" 304 -
101.85.120.95 - - [15/Aug/2022:11:28:11 +0800] "GET /xingrg/javascript/print/kc_print.js HTTP/1.1" 304 -
101.85.120.95 - - [15/Aug/2022:11:28:11 +0800] "GET /xingrg/words/20220814143851_words.js HTTP/1.1" 200 913546
101.85.120.95 - - [15/Aug/2022:11:28:11 +0800] "GET /xingrg/javascript/easyui/themes/icons/template_new.png HTTP/1.1" 304 -
101.85.120.95 - - [15/Aug/2022:11:28:11 +0800] "GET /xingrg/javascript/easyui/themes/icons/ok.png HTTP/1.1" 304 -
101.85.120.95 - - [15/Aug/2022:11:28:11 +0800] "GET /xingrg/javascript/easyui/themes/icons/print.png HTTP/1.1" 304 -
101.85.120.95 - - [15/Aug/2022:11:28:11 +0800] "GET /xingrg/javascript/easyui/themes/default/images/menu_downarrow.png HTTP/1.1" 304 -
101.85.120.95 - - [15/Aug/2022:11:28:11 +0800] "GET /xingrg/javascript/easyui/themes/icons/cancel.png HTTP/1.1" 304 -
101.85.120.95 - - [15/Aug/2022:11:28:12 +0800] "POST /xingrg/kc/base/wldb_order_operate.html HTTP/1.1" 200 6806
101.85.120.95 - - [15/Aug/2022:11:28:12 +0800] "GET /xingrg/all/common/auto_word.html?type=base&rest_code=00142 HTTP/1.1" 200 719
101.85.120.95 - - [15/Aug/2022:11:28:12 +0800] "GET /xingrg/all/common/auto_word.html?type=base&rest_code=00142 HTTP/1.1" 200 719
101.85.120.95 - - [15/Aug/2022:11:28:12 +0800] "GET /xingrg/javascript/easyui/themes/default/validatebox.css HTTP/1.1" 404 1104
101.85.120.95 - - [15/Aug/2022:11:28:12 +0800] "GET /xingrg/javascript/easyui/plugins/jquery.validatebox.js HTTP/1.1" 304 -
101.85.120.95 - - [15/Aug/2022:11:28:12 +0800] "GET /xingrg/javascript/easyui/themes/icons/edit_remove.png HTTP/1.1" 304 -
101.85.120.95 - - [15/Aug/2022:11:28:12 +0800] "GET /xingrg/javascript/easyui/plugins/jquery.numberbox.js HTTP/1.1" 304 -
116.224.123.211 - - [15/Aug/2022:11:28:12 +0800] "GET /xingrg/all/function/internal_message.html?_=1660534092973&CODE_STATE=getMsg HTTP/1.1" 200 27
114.83.216.111 - - [15/Aug/2022:11:28:13 +0800] "POST /xingrg/kc/buy/cgsh_order_operate.html HTTP/1.1" 200 12
101.80.228.36 - - [15/Aug/2022:11:28:13 +0800] "GET /xingrg/all/function/internal_message.html?_=1660534090287&CODE_STATE=getMsg HTTP/1.1" 200 27
114.83.216.111 - - [15/Aug/2022:11:28:14 +0800] "GET /xingrg/kc/buy/cgsh_order_info.html?code=212022081504778 HTTP/1.1" 200 63368
114.83.216.111 - - [15/Aug/2022:11:28:15 +0800] "GET /xingrg/javascript/easyui/themes/default/validatebox.css HTTP/1.1" 404 1104
114.83.216.111 - - [15/Aug/2022:11:28:15 +0800] "GET /xingrg/all/function/internal_message.html?_=1660534093402&CODE_STATE=getMsg HTTP/1.1" 200 27
114.83.216.111 - - [15/Aug/2022:11:28:15 +0800] "POST /xingrg/kc/buy/cgsh_order_operate.html HTTP/1.1" 200 1792
101.83.146.132 - - [15/Aug/2022:11:28:16 +0800] "GET /xingrg/all/function/internal_message.html?_=1660533967335&CODE_STATE=getMsg HTTP/1.1" 200 27
101.85.120.95 - - [15/Aug/2022:11:28:16 +0800] "GET /xingrg/javascript/auto/indicator.gif HTTP/1.1" 404 1066
114.83.216.111 - - [15/Aug/2022:11:28:16 +0800] "GET /xingrg/kc/print/load_data.html?order_code=212022081504778&kc_code=cgsh&condition= HTTP/1.1" 200 1168
114.86.187.244 - - [15/Aug/2022:11:28:17 +0800] "GET /xingrg/check_reg.html?_=1660534096542 HTTP/1.1" 200 22
222.69.129.110 - - [15/Aug/2022:11:28:18 +0800] "GET /xingrg/all/function/internal_message.html?_=1660534161685&CODE_STATE=getMsg HTTP/1.1" 200 27
172.20.0.100 - - [15/Aug/2022:11:28:19 +0800] "GET /xingrg/all/function/internal_message.html?_=1660534099226&CODE_STATE=getMsg HTTP/1.1" 200 27
114.86.187.244 - - [15/Aug/2022:11:28:21 +0800] "GET /xingrg/all/function/internal_message.html?_=1660534100651&CODE_STATE=getMsg HTTP/1.1" 200 27
114.88.158.224 - - [15/Aug/2022:11:28:23 +0800] "GET /xingrg/kc/buy/cgsh_order_operate.html?command=get_materiel&rest_code=00141&code=00101007033&supplier_code=00100339&order_time=2022-08-15 HTTP/1.1" 200 417
222.70.182.94 - - [15/Aug/2022:11:28:24 +0800] "GET /xingrg/check_reg.html?_=1660534102359 HTTP/1.1" 200 22
222.70.182.94 - - [15/Aug/2022:11:28:24 +0800] "GET /xingrg/all/function/internal_message.html?_=1660534102355&CODE_STATE=getMsg HTTP/1.1" 200 27
180.169.147.146 - - [15/Aug/2022:11:28:25 +0800] "GET /xingrg/check_reg.html?_=1660534105562 HTTP/1.1" 200 22
180.169.147.146 - - [15/Aug/2022:11:28:25 +0800] "GET /xingrg/all/function/internal_message.html?_=1660534105563&CODE_STATE=getMsg HTTP/1.1" 200 27
114.86.187.244 - - [15/Aug/2022:11:28:26 +0800] "GET /xingrg/all/function/internal_message.html?_=1660534105389&CODE_STATE=getMsg HTTP/1.1" 200 27
101.83.146.132 - - [15/Aug/2022:11:28:29 +0800] "GET /xingrg/all/function/internal_message.html?_=1660534108312&CODE_STATE=getMsg HTTP/1.1" 200 27
116.232.39.21 - - [15/Aug/2022:11:28:30 +0800] "POST /xingrg/services/DataTransmitService HTTP/1.1" 200 524
101.83.146.132 - - [15/Aug/2022:11:28:31 +0800] "GET /xingrg/check_reg.html?_=1660534110233 HTTP/1.1" 200 22
116.232.39.21 - - [15/Aug/2022:11:28:31 +0800] "POST /xingrg/services/DataTransmitService HTTP/1.1" 200 412
114.86.187.244 - - [15/Aug/2022:11:28:34 +0800] "GET /xingrg/check_reg.html?_=1660534114148 HTTP/1.1" 200 22
114.88.158.224 - - [15/Aug/2022:11:28:40 +0800] "GET /xingrg/kc/buy/cgsh_order_operate.html?command=get_materiel&rest_code=00141&code=00101010866&supplier_code=00100339&order_time=2022-08-15 HTTP/1.1" 200 404
114.83.216.111 - - [15/Aug/2022:11:28:42 +0800] "GET /xingrg/kc/buy/cgsh_order_add.html HTTP/1.1" 200 68467
114.83.216.111 - - [15/Aug/2022:11:28:42 +0800] "POST /xingrg/kc/buy/cgsh_order_operate.html HTTP/1.1" 200 8245
114.83.216.111 - - [15/Aug/2022:11:28:42 +0800] "GET /xingrg/javascript/easyui/themes/default/validatebox.css HTTP/1.1" 404 1104
114.86.225.95 - - [15/Aug/2022:11:28:43 +0800] "GET /xingrg/all/function/internal_message.html?_=1660534124315&CODE_STATE=getMsg HTTP/1.1" 200 27
114.88.158.224 - - [15/Aug/2022:11:28:51 +0800] "POST /xingrg/kc/buy/cgsh_order_operate.html HTTP/1.1" 200 37
114.83.216.111 - - [15/Aug/2022:11:28:53 +0800] "GET /xingrg/kc/buy/cgsh_order_operate.html?command=get_materiel&rest_code=00149&code=00101002041&supplier_code=00100039&order_time=2022-08-15 HTTP/1.1" 200 409
116.224.123.211 - - [15/Aug/2022:11:28:56 +0800] "GET /xingrg/all/function/internal_message.html?_=1660534134530&CODE_STATE=getMsg HTTP/1.1" 200 27
116.224.255.128 - - [15/Aug/2022:11:28:56 +0800] "GET /xingrg/all/function/internal_message.html?_=1660534072696&CODE_STATE=getMsg HTTP/1.1" 200 27
114.88.158.224 - - [15/Aug/2022:11:29:01 +0800] "POST /xingrg/kc/buy/cgsh_order_operate.html HTTP/1.1" 200 12
114.88.158.224 - - [15/Aug/2022:11:29:02 +0800] "GET /xingrg/kc/buy/cgsh_order_info.html?code=212022081504779 HTTP/1.1" 200 63285
114.88.158.224 - - [15/Aug/2022:11:29:03 +0800] "GET /xingrg/javascript/easyui/themes/default/validatebox.css HTTP/1.1" 404 1104
114.88.158.224 - - [15/Aug/2022:11:29:03 +0800] "POST /xingrg/kc/buy/cgsh_order_operate.html HTTP/1.1" 200 611
114.88.158.224 - - [15/Aug/2022:11:29:04 +0800] "GET /xingrg/kc/print/load_data.html?order_code=212022081504779&kc_code=cgsh&condition= HTTP/1.1" 200 709
101.85.120.95 - - [15/Aug/2022:11:29:05 +0800] "GET /xingrg/all/function/internal_message.html?_=1660534142521&CODE_STATE=getMsg HTTP/1.1" 200 27
114.88.158.224 - - [15/Aug/2022:11:29:08 +0800] "GET /xingrg/all/function/internal_message.html?_=1660533820406&CODE_STATE=getMsg HTTP/1.1" 200 27
114.88.158.224 - - [15/Aug/2022:11:29:08 +0800] "GET /xingrg/check_reg.html?_=1660533820544 HTTP/1.1" 200 22
114.88.158.224 - - [15/Aug/2022:11:29:08 +0800] "GET /xingrg/kc/buy/cgsh_order_add.html HTTP/1.1" 200 68379
114.88.158.224 - - [15/Aug/2022:11:29:08 +0800] "GET /xingrg/javascript/easyui/themes/default/validatebox.css HTTP/1.1" 404 1104
114.88.158.224 - - [15/Aug/2022:11:29:08 +0800] "POST /xingrg/kc/buy/cgsh_order_operate.html HTTP/1.1" 200 8245
116.232.194.65 - - [15/Aug/2022:11:29:09 +0800] "GET /xingrg/all/function/internal_message.html?_=1660534122585&CODE_STATE=getMsg HTTP/1.1" 200 27
114.83.216.111 - - [15/Aug/2022:11:29:10 +0800] "GET /xingrg/kc/buy/cgsh_order_operate.html?command=get_materiel&rest_code=00149&code=00101002027&supplier_code=00100039&order_time=2022-08-15 HTTP/1.1" 200 433
116.224.123.211 - - [15/Aug/2022:11:29:12 +0800] "GET /xingrg/all/function/internal_message.html?_=1660534152975&CODE_STATE=getMsg HTTP/1.1" 200 27
101.80.228.36 - - [15/Aug/2022:11:29:13 +0800] "GET /xingrg/all/function/internal_message.html?_=1660534150292&CODE_STATE=getMsg HTTP/1.1" 200 27
114.83.216.111 - - [15/Aug/2022:11:29:15 +0800] "GET /xingrg/all/function/internal_message.html?_=1660534153405&CODE_STATE=getMsg HTTP/1.1" 200 27
101.83.146.132 - - [15/Aug/2022:11:29:16 +0800] "GET /xingrg/all/function/internal_message.html?_=1660534027320&CODE_STATE=getMsg HTTP/1.1" 200 27
222.69.129.110 - - [15/Aug/2022:11:29:18 +0800] "GET /xingrg/all/function/internal_message.html?_=1660534221664&CODE_STATE=getMsg HTTP/1.1" 200 27
114.88.158.224 - - [15/Aug/2022:11:29:19 +0800] "GET /xingrg/kc/buy/cgsh_order_operate.html?command=get_materiel&rest_code=00141&code=00101004046&supplier_code=00100312&order_time=2022-08-15 HTTP/1.1" 200 417
172.20.0.100 - - [15/Aug/2022:11:29:19 +0800] "GET /xingrg/all/function/internal_message.html?_=1660534159233&CODE_STATE=getMsg HTTP/1.1" 200 27
114.86.187.244 - - [15/Aug/2022:11:29:21 +0800] "GET /xingrg/all/function/internal_message.html?_=1660534160623&CODE_STATE=getMsg HTTP/1.1" 200 27
101.85.120.95 - - [15/Aug/2022:11:29:22 +0800] "GET /xingrg/javascript/jquery_tools/images/prev.gif HTTP/1.1" 404 1086
101.85.120.95 - - [15/Aug/2022:11:29:22 +0800] "GET /xingrg/javascript/jquery_tools/images/next.gif HTTP/1.1" 404 1086
114.83.216.111 - - [15/Aug/2022:11:29:23 +0800] "GET /xingrg/kc/buy/cgsh_order_operate.html?command=get_materiel&rest_code=00149&code=00101005037&supplier_code=00100039&order_time=2022-08-15 HTTP/1.1" 200 409
222.70.182.94 - - [15/Aug/2022:11:29:24 +0800] "GET /xingrg/all/function/internal_message.html?_=1660534162352&CODE_STATE=getMsg HTTP/1.1" 200 27
