58.35.213.73 - - [15/Aug/2022:10:35:32 +0800] "POST /xingrg/services/DataTransmitService HTTP/1.1" 200 524
58.35.213.73 - - [15/Aug/2022:10:35:32 +0800] "POST /xingrg/services/DataTransmitService HTTP/1.1" 200 2147
58.35.213.73 - - [15/Aug/2022:10:35:32 +0800] "POST /xingrg/services/DataTransmitService HTTP/1.1" 200 524
58.35.213.73 - - [15/Aug/2022:10:35:32 +0800] "POST /xingrg/services/DataTransmitService HTTP/1.1" 200 2147
58.35.213.73 - - [15/Aug/2022:10:35:33 +0800] "POST /xingrg/services/DataTransmitService HTTP/1.1" 200 524
58.35.213.73 - - [15/Aug/2022:10:35:33 +0800] "POST /xingrg/services/DataTransmitService HTTP/1.1" 200 2147
58.35.213.73 - - [15/Aug/2022:10:35:33 +0800] "POST /xingrg/services/DataTransmitService HTTP/1.1" 200 524
218.81.223.53 - - [15/Aug/2022:10:35:33 +0800] "GET /favicon.ico HTTP/1.1" 404 -
58.35.213.73 - - [15/Aug/2022:10:35:33 +0800] "POST /xingrg/services/DataTransmitService HTTP/1.1" 200 2147
58.35.213.73 - - [15/Aug/2022:10:35:33 +0800] "POST /xingrg/services/DataTransmitService HTTP/1.1" 200 524
58.35.213.73 - - [15/Aug/2022:10:35:34 +0800] "POST /xingrg/services/DataTransmitService HTTP/1.1" 200 2147
58.35.213.73 - - [15/Aug/2022:10:35:34 +0800] "POST /xingrg/services/DataTransmitService HTTP/1.1" 200 524
58.35.213.73 - - [15/Aug/2022:10:35:34 +0800] "POST /xingrg/services/DataTransmitService HTTP/1.1" 200 2147
58.35.213.73 - - [15/Aug/2022:10:35:34 +0800] "POST /xingrg/services/DataTransmitService HTTP/1.1" 200 524
58.35.213.73 - - [15/Aug/2022:10:35:35 +0800] "POST /xingrg/services/DataTransmitService HTTP/1.1" 200 2147
58.35.213.73 - - [15/Aug/2022:10:35:35 +0800] "POST /xingrg/services/DataTransmitService HTTP/1.1" 200 524
58.35.213.73 - - [15/Aug/2022:10:35:35 +0800] "POST /xingrg/services/DataTransmitService HTTP/1.1" 200 2147
58.35.213.73 - - [15/Aug/2022:10:35:35 +0800] "POST /xingrg/services/DataTransmitService HTTP/1.1" 200 524
58.35.213.73 - - [15/Aug/2022:10:35:36 +0800] "POST /xingrg/services/DataTransmitService HTTP/1.1" 200 2147
58.35.213.73 - - [15/Aug/2022:10:35:36 +0800] "POST /xingrg/services/DataTransmitService HTTP/1.1" 200 524
58.35.213.73 - - [15/Aug/2022:10:35:36 +0800] "POST /xingrg/services/DataTransmitService HTTP/1.1" 200 2147
58.35.213.73 - - [15/Aug/2022:10:35:37 +0800] "POST /xingrg/services/DataTransmitService HTTP/1.1" 200 524
58.35.213.73 - - [15/Aug/2022:10:35:37 +0800] "POST /xingrg/services/DataTransmitService HTTP/1.1" 200 2147
58.35.213.73 - - [15/Aug/2022:10:35:38 +0800] "POST /xingrg/services/DataTransmitService HTTP/1.1" 200 524
58.35.213.73 - - [15/Aug/2022:10:35:38 +0800] "POST /xingrg/services/DataTransmitService HTTP/1.1" 200 2147
58.39.35.118 - - [15/Aug/2022:10:35:38 +0800] "GET /xingrg/all/function/internal_message.html?_=1660530937454&CODE_STATE=getMsg HTTP/1.1" 200 27
58.35.213.73 - - [15/Aug/2022:10:35:38 +0800] "POST /xingrg/services/DataTransmitService HTTP/1.1" 200 524
58.35.213.73 - - [15/Aug/2022:10:35:38 +0800] "POST /xingrg/services/DataTransmitService HTTP/1.1" 200 2147
58.35.213.73 - - [15/Aug/2022:10:35:39 +0800] "POST /xingrg/services/DataTransmitService HTTP/1.1" 200 524
58.35.213.73 - - [15/Aug/2022:10:35:39 +0800] "POST /xingrg/services/DataTransmitService HTTP/1.1" 200 2147
58.35.213.73 - - [15/Aug/2022:10:35:39 +0800] "POST /xingrg/services/DataTransmitService HTTP/1.1" 200 524
58.35.213.73 - - [15/Aug/2022:10:35:40 +0800] "POST /xingrg/services/DataTransmitService HTTP/1.1" 200 2147
58.35.213.73 - - [15/Aug/2022:10:35:40 +0800] "POST /xingrg/services/DataTransmitService HTTP/1.1" 200 524
58.35.213.73 - - [15/Aug/2022:10:35:40 +0800] "POST /xingrg/services/DataTransmitService HTTP/1.1" 200 2147
120.253.135.82 - - [15/Aug/2022:10:35:43 +0800] "GET /xingrg/check_reg.html?_=1660530747228 HTTP/1.1" 200 22
114.86.225.95 - - [15/Aug/2022:10:35:43 +0800] "GET /xingrg/all/function/internal_message.html?_=1660530944206&CODE_STATE=getMsg HTTP/1.1" 200 27
120.253.135.82 - - [15/Aug/2022:10:35:44 +0800] "GET /xingrg/all/function/internal_message.html?_=1660530748217&CODE_STATE=getMsg HTTP/1.1" 200 27
218.81.223.53 - - [15/Aug/2022:10:35:45 +0800] "GET /xingrg/all/function/internal_message.html?_=1660530946405&CODE_STATE=getMsg HTTP/1.1" 200 27
114.88.158.224 - - [15/Aug/2022:10:35:52 +0800] "POST /xingrg/services/DataTransmitService HTTP/1.1" 200 524
114.88.158.224 - - [15/Aug/2022:10:35:52 +0800] "POST /xingrg/services/DataTransmitService HTTP/1.1" 200 2419
114.88.158.224 - - [15/Aug/2022:10:35:53 +0800] "POST /xingrg/services/DataTransmitService HTTP/1.1" 200 205114
116.224.255.128 - - [15/Aug/2022:10:35:55 +0800] "GET /xingrg/all/function/internal_message.html?_=1660530891690&CODE_STATE=getMsg HTTP/1.1" 200 27
116.224.123.211 - - [15/Aug/2022:10:35:56 +0800] "GET /xingrg/all/function/internal_message.html?_=1660530954603&CODE_STATE=getMsg HTTP/1.1" 200 27
116.224.123.211 - - [15/Aug/2022:10:35:56 +0800] "GET /xingrg/check_reg.html?_=1660530954603 HTTP/1.1" 200 22
116.232.194.65 - - [15/Aug/2022:10:36:09 +0800] "GET /xingrg/all/function/internal_message.html?_=1660530942588&CODE_STATE=getMsg HTTP/1.1" 200 27
101.80.228.36 - - [15/Aug/2022:10:36:13 +0800] "GET /xingrg/all/function/internal_message.html?_=1660530970297&CODE_STATE=getMsg HTTP/1.1" 200 27
114.83.216.111 - - [15/Aug/2022:10:36:15 +0800] "GET /xingrg/check_reg.html?_=1660530973198 HTTP/1.1" 200 22
114.83.216.111 - - [15/Aug/2022:10:36:15 +0800] "GET /xingrg/all/function/internal_message.html?_=1660530973202&CODE_STATE=getMsg HTTP/1.1" 200 27
101.83.146.132 - - [15/Aug/2022:10:36:16 +0800] "GET /xingrg/all/function/internal_message.html?_=1660530847270&CODE_STATE=getMsg HTTP/1.1" 200 27
101.83.146.132 - - [15/Aug/2022:10:36:16 +0800] "GET /xingrg/check_reg.html?_=1660530847275 HTTP/1.1" 200 22
222.69.129.110 - - [15/Aug/2022:10:36:18 +0800] "GET /xingrg/check_reg.html?_=1660531042246 HTTP/1.1" 200 22
222.69.129.110 - - [15/Aug/2022:10:36:18 +0800] "GET /xingrg/all/function/internal_message.html?_=1660531042310&CODE_STATE=getMsg HTTP/1.1" 200 27
114.86.187.244 - - [15/Aug/2022:10:36:22 +0800] "GET /xingrg/all/function/internal_message.html?_=1660530981615&CODE_STATE=getMsg HTTP/1.1" 200 27
116.237.76.174 - - [15/Aug/2022:10:36:22 +0800] "GET /xingrg/kc/base/wldb_order_operate.html?command=get_materiel&rest_code=00106&base_code=0010396&code=00101019133 HTTP/1.1" 200 480
101.85.120.95 - - [15/Aug/2022:10:36:23 +0800] "GET /xingrg/all/function/internal_message.html?_=1660530980917&CODE_STATE=getMsg HTTP/1.1" 200 27
222.70.182.94 - - [15/Aug/2022:10:36:24 +0800] "GET /xingrg/all/function/internal_message.html?_=1660530982302&CODE_STATE=getMsg HTTP/1.1" 200 27
180.169.147.146 - - [15/Aug/2022:10:36:25 +0800] "GET /xingrg/all/function/internal_message.html?_=1660530985566&CODE_STATE=getMsg HTTP/1.1" 200 27
114.86.187.244 - - [15/Aug/2022:10:36:26 +0800] "GET /xingrg/all/function/internal_message.html?_=1660530985299&CODE_STATE=getMsg HTTP/1.1" 200 27
101.83.146.132 - - [15/Aug/2022:10:36:30 +0800] "GET /xingrg/all/function/internal_message.html?_=1660530989564&CODE_STATE=getMsg HTTP/1.1" 200 27
114.88.158.224 - - [15/Aug/2022:10:36:30 +0800] "GET /xingrg/all/function/internal_message.html?_=1660530662846&CODE_STATE=getMsg HTTP/1.1" 200 27
114.88.158.224 - - [15/Aug/2022:10:36:33 +0800] "POST /xingrg/services/DataTransmitService HTTP/1.1" 200 524
114.88.158.224 - - [15/Aug/2022:10:36:33 +0800] "POST /xingrg/services/DataTransmitService HTTP/1.1" 200 497
58.39.35.118 - - [15/Aug/2022:10:36:38 +0800] "GET /xingrg/all/function/internal_message.html?_=1660530997459&CODE_STATE=getMsg HTTP/1.1" 200 27
116.237.76.174 - - [15/Aug/2022:10:36:41 +0800] "GET /xingrg/kc/base/wldb_order_operate.html?command=get_materiel&rest_code=00106&base_code=0010396&code=00101019127 HTTP/1.1" 200 480
114.86.225.95 - - [15/Aug/2022:10:36:43 +0800] "GET /xingrg/all/function/internal_message.html?_=1660531004208&CODE_STATE=getMsg HTTP/1.1" 200 27
114.86.225.95 - - [15/Aug/2022:10:36:43 +0800] "GET /xingrg/check_reg.html?_=1660531004209 HTTP/1.1" 200 22
120.253.135.82 - - [15/Aug/2022:10:36:44 +0800] "GET /xingrg/all/function/internal_message.html?_=1660530808230&CODE_STATE=getMsg HTTP/1.1" 200 27
218.81.223.53 - - [15/Aug/2022:10:36:45 +0800] "GET /xingrg/all/function/internal_message.html?_=1660531006417&CODE_STATE=getMsg HTTP/1.1" 200 27
116.237.76.174 - - [15/Aug/2022:10:36:51 +0800] "GET /xingrg/kc/base/wldb_order_operate.html?command=get_materiel&rest_code=00106&base_code=0010396&code=00101016094 HTTP/1.1" 200 470
116.224.255.128 - - [15/Aug/2022:10:36:55 +0800] "GET /xingrg/check_reg.html?_=1660530951553 HTTP/1.1" 200 22
116.224.255.128 - - [15/Aug/2022:10:36:55 +0800] "GET /xingrg/all/function/internal_message.html?_=1660530951719&CODE_STATE=getMsg HTTP/1.1" 200 27
116.224.123.211 - - [15/Aug/2022:10:36:56 +0800] "GET /xingrg/all/function/internal_message.html?_=1660531014603&CODE_STATE=getMsg HTTP/1.1" 200 27
116.224.255.128 - - [15/Aug/2022:10:37:03 +0800] "GET /xingrg/javascript/jquery_easy_ui/themes/default/images/tabs_active.png HTTP/1.1" 304 -
116.224.255.128 - - [15/Aug/2022:10:37:06 +0800] "POST /xingrg/kc/buy/cgsh_list_operate.html HTTP/1.1" 200 420
116.224.255.128 - - [15/Aug/2022:10:37:06 +0800] "GET /xingrg/kc/buy/cgsh_order_info.html?code=212022081504702 HTTP/1.1" 200 67996
116.224.255.128 - - [15/Aug/2022:10:37:07 +0800] "GET /xingrg/javascript/easyui/themes/default/validatebox.css HTTP/1.1" 404 1104
116.224.255.128 - - [15/Aug/2022:10:37:07 +0800] "POST /xingrg/kc/buy/cgsh_order_operate.html HTTP/1.1" 200 4423
116.237.76.174 - - [15/Aug/2022:10:37:08 +0800] "GET /xingrg/kc/base/wldb_order_operate.html?command=get_materiel&rest_code=00106&base_code=0010396&code=00101019185 HTTP/1.1" 200 467
116.232.194.65 - - [15/Aug/2022:10:37:09 +0800] "GET /xingrg/all/function/internal_message.html?_=1660531002596&CODE_STATE=getMsg HTTP/1.1" 200 27
116.224.255.128 - - [15/Aug/2022:10:37:12 +0800] "POST /xingrg/kc/buy/cgsh_order_operate.html HTTP/1.1" 200 37
101.80.228.36 - - [15/Aug/2022:10:37:13 +0800] "GET /xingrg/all/function/internal_message.html?_=1660531030298&CODE_STATE=getMsg HTTP/1.1" 200 27
101.80.228.36 - - [15/Aug/2022:10:37:13 +0800] "GET /xingrg/check_reg.html?_=1660531030299 HTTP/1.1" 200 22
114.83.216.111 - - [15/Aug/2022:10:37:15 +0800] "GET /xingrg/all/function/internal_message.html?_=1660531033203&CODE_STATE=getMsg HTTP/1.1" 200 27
116.224.255.128 - - [15/Aug/2022:10:37:15 +0800] "POST /xingrg/kc/buy/cgsh_order_operate.html HTTP/1.1" 200 12
101.83.146.132 - - [15/Aug/2022:10:37:16 +0800] "GET /xingrg/all/function/internal_message.html?_=1660530907274&CODE_STATE=getMsg HTTP/1.1" 200 27
116.224.255.128 - - [15/Aug/2022:10:37:17 +0800] "GET /xingrg/kc/buy/cgsh_order_info.html?code=212022081504702 HTTP/1.1" 200 62894
116.224.255.128 - - [15/Aug/2022:10:37:17 +0800] "GET /xingrg/javascript/easyui/themes/default/validatebox.css HTTP/1.1" 404 1104
116.224.255.128 - - [15/Aug/2022:10:37:18 +0800] "POST /xingrg/kc/buy/cgsh_order_operate.html HTTP/1.1" 200 2373
222.69.129.110 - - [15/Aug/2022:10:37:18 +0800] "GET /xingrg/all/function/internal_message.html?_=1660531102295&CODE_STATE=getMsg HTTP/1.1" 200 27
116.224.255.128 - - [15/Aug/2022:10:37:19 +0800] "GET /xingrg/kc/print/load_data.html?order_code=212022081504702&kc_code=cgsh&condition= HTTP/1.1" 200 1455
114.86.187.244 - - [15/Aug/2022:10:37:22 +0800] "GET /xingrg/all/function/internal_message.html?_=1660531041586&CODE_STATE=getMsg HTTP/1.1" 200 27
101.85.120.95 - - [15/Aug/2022:10:37:23 +0800] "GET /xingrg/check_reg.html?_=1660531040921 HTTP/1.1" 200 22
101.85.120.95 - - [15/Aug/2022:10:37:23 +0800] "GET /xingrg/all/function/internal_message.html?_=1660531040917&CODE_STATE=getMsg HTTP/1.1" 200 27
222.70.182.94 - - [15/Aug/2022:10:37:24 +0800] "GET /xingrg/all/function/internal_message.html?_=1660531042303&CODE_STATE=getMsg HTTP/1.1" 200 27
116.237.76.174 - - [15/Aug/2022:10:37:24 +0800] "GET /xingrg/kc/base/wldb_order_operate.html?command=get_materiel&rest_code=00106&base_code=0010396&code=00101019222 HTTP/1.1" 200 454
180.169.147.146 - - [15/Aug/2022:10:37:25 +0800] "GET /xingrg/all/function/internal_message.html?_=1660531045575&CODE_STATE=getMsg HTTP/1.1" 200 27
114.86.187.244 - - [15/Aug/2022:10:37:26 +0800] "GET /xingrg/check_reg.html?_=1660531045299 HTTP/1.1" 200 22
114.86.187.244 - - [15/Aug/2022:10:37:26 +0800] "GET /xingrg/all/function/internal_message.html?_=1660531045301&CODE_STATE=getMsg HTTP/1.1" 200 27
116.224.255.128 - - [15/Aug/2022:10:37:27 +0800] "POST /xingrg/kc/buy/cgsh_list_operate.html HTTP/1.1" 200 1462
114.86.225.95 - - [15/Aug/2022:10:37:28 +0800] "POST /xingrg/services/DataTransmitService HTTP/1.1" 401 565
114.86.225.95 - - [15/Aug/2022:10:37:28 +0800] "POST /xingrg/services/DataTransmitService HTTP/1.1" 200 478
114.86.225.95 - - [15/Aug/2022:10:37:28 +0800] "POST /xingrg/services/DataTransmitService HTTP/1.1" 200 1319
114.86.225.95 - - [15/Aug/2022:10:37:28 +0800] "POST /xingrg/services/DataTransmitService HTTP/1.1" 200 478
114.86.225.95 - - [15/Aug/2022:10:37:28 +0800] "POST /xingrg/services/DataTransmitService HTTP/1.1" 200 1319
114.86.225.95 - - [15/Aug/2022:10:37:28 +0800] "POST /xingrg/services/DataTransmitService HTTP/1.1" 200 524
114.86.225.95 - - [15/Aug/2022:10:37:29 +0800] "POST /xingrg/services/DataTransmitService HTTP/1.1" 200 2663
116.224.255.128 - - [15/Aug/2022:10:37:29 +0800] "POST /xingrg/kc/buy/cgsh_list_operate.html HTTP/1.1" 200 420
116.224.255.128 - - [15/Aug/2022:10:37:29 +0800] "GET /xingrg/kc/buy/cgsh_order_info.html?code=212022081504701 HTTP/1.1" 200 67996
116.224.255.128 - - [15/Aug/2022:10:37:30 +0800] "GET /xingrg/javascript/easyui/themes/default/validatebox.css HTTP/1.1" 404 1104
114.86.225.95 - - [15/Aug/2022:10:37:30 +0800] "POST /xingrg/services/DataTransmitService HTTP/1.1" 200 197967
101.83.146.132 - - [15/Aug/2022:10:37:30 +0800] "GET /xingrg/all/function/internal_message.html?_=1660531049546&CODE_STATE=getMsg HTTP/1.1" 200 27
114.88.158.224 - - [15/Aug/2022:10:37:30 +0800] "GET /xingrg/all/function/internal_message.html?_=1660530722823&CODE_STATE=getMsg HTTP/1.1" 200 27
116.224.255.128 - - [15/Aug/2022:10:37:30 +0800] "POST /xingrg/kc/buy/cgsh_order_operate.html HTTP/1.1" 200 4427
116.224.255.128 - - [15/Aug/2022:10:37:34 +0800] "POST /xingrg/kc/buy/cgsh_order_operate.html HTTP/1.1" 200 37
58.39.35.118 - - [15/Aug/2022:10:37:38 +0800] "GET /xingrg/all/function/internal_message.html?_=1660531057459&CODE_STATE=getMsg HTTP/1.1" 200 27
116.224.255.128 - - [15/Aug/2022:10:37:38 +0800] "POST /xingrg/kc/buy/cgsh_order_operate.html HTTP/1.1" 200 12
116.224.255.128 - - [15/Aug/2022:10:37:40 +0800] "GET /xingrg/kc/buy/cgsh_order_info.html?code=212022081504701 HTTP/1.1" 200 62894
116.224.255.128 - - [15/Aug/2022:10:37:40 +0800] "GET /xingrg/javascript/easyui/themes/default/validatebox.css HTTP/1.1" 404 1104
116.224.255.128 - - [15/Aug/2022:10:37:40 +0800] "POST /xingrg/kc/buy/cgsh_order_operate.html HTTP/1.1" 200 2377
116.224.255.128 - - [15/Aug/2022:10:37:42 +0800] "GET /xingrg/kc/print/load_data.html?order_code=212022081504701&kc_code=cgsh&condition= HTTP/1.1" 200 1464
114.86.225.95 - - [15/Aug/2022:10:37:43 +0800] "GET /xingrg/all/function/internal_message.html?_=1660531064209&CODE_STATE=getMsg HTTP/1.1" 200 27
116.237.76.174 - - [15/Aug/2022:10:37:43 +0800] "GET /xingrg/kc/base/wldb_order_operate.html?command=get_materiel&rest_code=00106&base_code=0010396&code=00101013052 HTTP/1.1" 200 441
120.253.135.82 - - [15/Aug/2022:10:37:44 +0800] "GET /xingrg/all/function/internal_message.html?_=1660530868244&CODE_STATE=getMsg HTTP/1.1" 200 27
218.81.223.53 - - [15/Aug/2022:10:37:45 +0800] "GET /xingrg/all/function/internal_message.html?_=1660531066631&CODE_STATE=getMsg HTTP/1.1" 200 27
116.224.255.128 - - [15/Aug/2022:10:37:55 +0800] "GET /xingrg/all/function/internal_message.html?_=1660531011724&CODE_STATE=getMsg HTTP/1.1" 200 27
116.224.123.211 - - [15/Aug/2022:10:37:56 +0800] "GET /xingrg/all/function/internal_message.html?_=1660531074608&CODE_STATE=getMsg HTTP/1.1" 200 27
116.232.194.65 - - [15/Aug/2022:10:38:09 +0800] "GET /xingrg/all/function/internal_message.html?_=1660531062598&CODE_STATE=getMsg HTTP/1.1" 200 27
116.237.76.174 - - [15/Aug/2022:10:38:11 +0800] "POST /xingrg/kc/base/wldb_order_operate.html HTTP/1.1" 200 37
116.237.76.174 - - [15/Aug/2022:10:38:12 +0800] "POST /xingrg/kc/base/wldb_order_operate.html HTTP/1.1" 200 5708
101.80.228.36 - - [15/Aug/2022:10:38:13 +0800] "GET /xingrg/all/function/internal_message.html?_=1660531090300&CODE_STATE=getMsg HTTP/1.1" 200 27
114.83.216.111 - - [15/Aug/2022:10:38:15 +0800] "GET /xingrg/all/function/internal_message.html?_=1660531093211&CODE_STATE=getMsg HTTP/1.1" 200 27
116.237.76.174 - - [15/Aug/2022:10:38:15 +0800] "GET /xingrg/kc/base/wldb_order_info.html?code=422022081501217 HTTP/1.1" 200 30377
116.237.76.174 - - [15/Aug/2022:10:38:15 +0800] "GET /xingrg/javascript/easyui/themes/default/validatebox.css HTTP/1.1" 404 1104
101.83.146.132 - - [15/Aug/2022:10:38:16 +0800] "GET /xingrg/all/function/internal_message.html?_=1660530967274&CODE_STATE=getMsg HTTP/1.1" 200 27
116.237.76.174 - - [15/Aug/2022:10:38:16 +0800] "POST /xingrg/kc/base/wldb_order_operate.html HTTP/1.1" 200 5708
114.86.187.244 - - [15/Aug/2022:10:38:17 +0800] "GET /xingrg/check_reg.html?_=1660531096617 HTTP/1.1" 200 22
222.69.129.110 - - [15/Aug/2022:10:38:18 +0800] "GET /xingrg/all/function/internal_message.html?_=1660531162273&CODE_STATE=getMsg HTTP/1.1" 200 27
116.237.76.174 - - [15/Aug/2022:10:38:20 +0800] "GET /xingrg/kc/base/wldb_order_add.html HTTP/1.1" 200 30356
114.86.225.95 - - [15/Aug/2022:10:38:20 +0800] "POST /xingrg/services/DataTransmitService HTTP/1.1" 200 45454
114.86.225.95 - - [15/Aug/2022:10:38:20 +0800] "POST /xingrg/services/DataTransmitService HTTP/1.1" 200 19237
116.237.76.174 - - [15/Aug/2022:10:38:20 +0800] "POST /xingrg/kc/base/wldb_order_operate.html HTTP/1.1" 200 6806
116.237.76.174 - - [15/Aug/2022:10:38:20 +0800] "GET /xingrg/javascript/easyui/themes/default/validatebox.css HTTP/1.1" 404 1104
116.237.76.174 - - [15/Aug/2022:10:38:21 +0800] "POST /xingrg/all/common/load_combo.html?type=base HTTP/1.1" 200 3227
114.86.187.244 - - [15/Aug/2022:10:38:22 +0800] "GET /xingrg/all/function/internal_message.html?_=1660531101597&CODE_STATE=getMsg HTTP/1.1" 200 27
101.85.120.95 - - [15/Aug/2022:10:38:23 +0800] "GET /xingrg/all/function/internal_message.html?_=1660531100920&CODE_STATE=getMsg HTTP/1.1" 200 27
222.70.182.94 - - [15/Aug/2022:10:38:24 +0800] "GET /xingrg/check_reg.html?_=1660531102289 HTTP/1.1" 200 22
222.70.182.94 - - [15/Aug/2022:10:38:24 +0800] "GET /xingrg/all/function/internal_message.html?_=1660531102292&CODE_STATE=getMsg HTTP/1.1" 200 27
180.169.147.146 - - [15/Aug/2022:10:38:25 +0800] "GET /xingrg/check_reg.html?_=1660531105579 HTTP/1.1" 200 22
180.169.147.146 - - [15/Aug/2022:10:38:25 +0800] "GET /xingrg/all/function/internal_message.html?_=1660531105582&CODE_STATE=getMsg HTTP/1.1" 200 27
114.86.187.244 - - [15/Aug/2022:10:38:26 +0800] "GET /xingrg/all/function/internal_message.html?_=1660531105292&CODE_STATE=getMsg HTTP/1.1" 200 27
116.237.76.174 - - [15/Aug/2022:10:38:28 +0800] "POST /xingrg/all/common/load_combo.html?type=base HTTP/1.1" 200 3227
101.83.146.132 - - [15/Aug/2022:10:38:30 +0800] "GET /xingrg/all/function/internal_message.html?_=1660531109518&CODE_STATE=getMsg HTTP/1.1" 200 27
114.88.158.224 - - [15/Aug/2022:10:38:30 +0800] "GET /xingrg/all/function/internal_message.html?_=1660530782801&CODE_STATE=getMsg HTTP/1.1" 200 27
101.83.146.132 - - [15/Aug/2022:10:38:30 +0800] "GET /xingrg/check_reg.html?_=1660531110161 HTTP/1.1" 200 22
116.232.194.65 - - [15/Aug/2022:10:38:34 +0800] "POST /xingrg/services/DataTransmitService HTTP/1.1" 200 524
116.232.194.65 - - [15/Aug/2022:10:38:34 +0800] "POST /xingrg/services/DataTransmitService HTTP/1.1" 200 2155
114.86.187.244 - - [15/Aug/2022:10:38:34 +0800] "GET /xingrg/check_reg.html?_=1660531114236 HTTP/1.1" 200 22
218.81.223.53 - - [15/Aug/2022:10:38:35 +0800] "GET /xingrg/check_reg.html?_=1660531116057 HTTP/1.1" 200 22
116.232.194.65 - - [15/Aug/2022:10:38:35 +0800] "POST /xingrg/services/DataTransmitService HTTP/1.1" 200 177312
58.39.35.118 - - [15/Aug/2022:10:38:38 +0800] "GET /xingrg/all/function/internal_message.html?_=1660531117451&CODE_STATE=getMsg HTTP/1.1" 200 27
114.86.225.95 - - [15/Aug/2022:10:38:43 +0800] "GET /xingrg/all/function/internal_message.html?_=1660531124212&CODE_STATE=getMsg HTTP/1.1" 200 27
120.253.135.82 - - [15/Aug/2022:10:38:44 +0800] "GET /xingrg/all/function/internal_message.html?_=1660530928284&CODE_STATE=getMsg HTTP/1.1" 200 27
218.81.223.53 - - [15/Aug/2022:10:38:45 +0800] "GET /xingrg/all/function/internal_message.html?_=1660531126632&CODE_STATE=getMsg HTTP/1.1" 200 27
116.237.76.174 - - [15/Aug/2022:10:38:51 +0800] "GET /xingrg/kc/base/wldb_order_operate.html?command=get_materiel&rest_code=00106&base_code=0010396&code=00101016020 HTTP/1.1" 200 446
116.224.255.128 - - [15/Aug/2022:10:38:55 +0800] "GET /xingrg/all/function/internal_message.html?_=1660531071767&CODE_STATE=getMsg HTTP/1.1" 200 27
116.224.123.211 - - [15/Aug/2022:10:38:56 +0800] "GET /xingrg/all/function/internal_message.html?_=1660531134622&CODE_STATE=getMsg HTTP/1.1" 200 27
116.237.76.174 - - [15/Aug/2022:10:39:01 +0800] "GET /xingrg/kc/base/wldb_order_operate.html?command=get_materiel&rest_code=00106&base_code=0010396&code=00101016001 HTTP/1.1" 200 457
116.237.76.174 - - [15/Aug/2022:10:39:08 +0800] "POST /xingrg/kc/base/wldb_order_operate.html HTTP/1.1" 200 37
116.237.76.174 - - [15/Aug/2022:10:39:08 +0800] "POST /xingrg/kc/base/wldb_order_operate.html HTTP/1.1" 200 3182
116.237.76.174 - - [15/Aug/2022:10:39:09 +0800] "GET /xingrg/kc/base/wldb_order_info.html?code=422022081501218 HTTP/1.1" 200 30371
116.237.76.174 - - [15/Aug/2022:10:39:09 +0800] "GET /xingrg/javascript/easyui/themes/default/validatebox.css HTTP/1.1" 404 1104
116.232.194.65 - - [15/Aug/2022:10:39:09 +0800] "GET /xingrg/all/function/internal_message.html?_=1660531122598&CODE_STATE=getMsg HTTP/1.1" 200 27
116.237.76.174 - - [15/Aug/2022:10:39:09 +0800] "POST /xingrg/kc/base/wldb_order_operate.html HTTP/1.1" 200 3182
101.80.228.36 - - [15/Aug/2022:10:39:13 +0800] "GET /xingrg/all/function/internal_message.html?_=1660531150301&CODE_STATE=getMsg HTTP/1.1" 200 27
116.237.76.174 - - [15/Aug/2022:10:39:14 +0800] "GET /xingrg/kc/base/wldb_order_add.html HTTP/1.1" 200 30356
116.237.76.174 - - [15/Aug/2022:10:39:15 +0800] "POST /xingrg/kc/base/wldb_order_operate.html HTTP/1.1" 200 6806
116.237.76.174 - - [15/Aug/2022:10:39:15 +0800] "GET /xingrg/javascript/easyui/themes/default/validatebox.css HTTP/1.1" 404 1104
114.83.216.111 - - [15/Aug/2022:10:39:15 +0800] "GET /xingrg/all/function/internal_message.html?_=1660531153213&CODE_STATE=getMsg HTTP/1.1" 200 27
101.83.146.132 - - [15/Aug/2022:10:39:16 +0800] "GET /xingrg/all/function/internal_message.html?_=1660531027273&CODE_STATE=getMsg HTTP/1.1" 200 27
116.237.76.174 - - [15/Aug/2022:10:39:16 +0800] "POST /xingrg/all/common/load_combo.html?type=base HTTP/1.1" 200 3227
222.69.129.110 - - [15/Aug/2022:10:39:18 +0800] "GET /xingrg/all/function/internal_message.html?_=1660531222249&CODE_STATE=getMsg HTTP/1.1" 200 27
116.237.76.174 - - [15/Aug/2022:10:39:21 +0800] "POST /xingrg/all/common/load_combo.html?type=base HTTP/1.1" 200 3227
114.86.187.244 - - [15/Aug/2022:10:39:22 +0800] "GET /xingrg/all/function/internal_message.html?_=1660531161569&CODE_STATE=getMsg HTTP/1.1" 200 27
101.85.120.95 - - [15/Aug/2022:10:39:23 +0800] "GET /xingrg/all/function/internal_message.html?_=1660531160921&CODE_STATE=getMsg HTTP/1.1" 200 27
222.70.182.94 - - [15/Aug/2022:10:39:24 +0800] "GET /xingrg/all/function/internal_message.html?_=1660531162292&CODE_STATE=getMsg HTTP/1.1" 200 27
180.169.147.146 - - [15/Aug/2022:10:39:25 +0800] "GET /xingrg/all/function/internal_message.html?_=1660531165579&CODE_STATE=getMsg HTTP/1.1" 200 27
114.86.187.244 - - [15/Aug/2022:10:39:26 +0800] "GET /xingrg/all/function/internal_message.html?_=1660531165326&CODE_STATE=getMsg HTTP/1.1" 200 27
101.83.146.132 - - [15/Aug/2022:10:39:30 +0800] "GET /xingrg/all/function/internal_message.html?_=1660531169495&CODE_STATE=getMsg HTTP/1.1" 200 27
114.88.158.224 - - [15/Aug/2022:10:39:30 +0800] "GET /xingrg/all/function/internal_message.html?_=1660530842777&CODE_STATE=getMsg HTTP/1.1" 200 27
116.237.76.174 - - [15/Aug/2022:10:39:37 +0800] "GET /xingrg/kc/base/wldb_order_operate.html?command=get_materiel&rest_code=00106&base_code=0010396&code=00101019071 HTTP/1.1" 200 471
58.39.35.118 - - [15/Aug/2022:10:39:38 +0800] "GET /xingrg/check_reg.html?_=1660531177451 HTTP/1.1" 200 22
58.39.35.118 - - [15/Aug/2022:10:39:38 +0800] "GET /xingrg/all/function/internal_message.html?_=1660531177453&CODE_STATE=getMsg HTTP/1.1" 200 27
114.86.225.95 - - [15/Aug/2022:10:39:43 +0800] "GET /xingrg/all/function/internal_message.html?_=1660531184214&CODE_STATE=getMsg HTTP/1.1" 200 27
120.253.135.82 - - [15/Aug/2022:10:39:44 +0800] "GET /xingrg/all/function/internal_message.html?_=1660530988287&CODE_STATE=getMsg HTTP/1.1" 200 27
218.81.223.53 - - [15/Aug/2022:10:39:45 +0800] "GET /xingrg/all/function/internal_message.html?_=1660531186644&CODE_STATE=getMsg HTTP/1.1" 200 27
116.237.76.174 - - [15/Aug/2022:10:39:48 +0800] "GET /xingrg/kc/base/wldb_order_operate.html?command=get_materiel&rest_code=00106&base_code=0010396&code=00101019492 HTTP/1.1" 200 458
116.224.255.128 - - [15/Aug/2022:10:39:55 +0800] "GET /xingrg/all/function/internal_message.html?_=1660531131781&CODE_STATE=getMsg HTTP/1.1" 200 27
116.224.123.211 - - [15/Aug/2022:10:39:56 +0800] "GET /xingrg/all/function/internal_message.html?_=1660531194626&CODE_STATE=getMsg HTTP/1.1" 200 27
116.237.76.174 - - [15/Aug/2022:10:40:04 +0800] "GET /xingrg/kc/base/wldb_order_operate.html?command=get_materiel&rest_code=00106&base_code=0010396&code=00101019253 HTTP/1.1" 200 482
116.232.194.65 - - [15/Aug/2022:10:40:09 +0800] "GET /xingrg/check_reg.html?_=1660531182588 HTTP/1.1" 200 22
116.232.194.65 - - [15/Aug/2022:10:40:09 +0800] "GET /xingrg/all/function/internal_message.html?_=1660531182590&CODE_STATE=getMsg HTTP/1.1" 200 27
116.232.194.65 - - [15/Aug/2022:10:40:09 +0800] "GET /favicon.ico HTTP/1.1" 404 -
116.237.76.174 - - [15/Aug/2022:10:40:13 +0800] "POST /xingrg/kc/base/wldb_order_operate.html HTTP/1.1" 200 37
101.80.228.36 - - [15/Aug/2022:10:40:13 +0800] "GET /xingrg/all/function/internal_message.html?_=1660531210292&CODE_STATE=getMsg HTTP/1.1" 200 27
116.237.76.174 - - [15/Aug/2022:10:40:13 +0800] "POST /xingrg/kc/base/wldb_order_operate.html HTTP/1.1" 200 3216
116.237.76.174 - - [15/Aug/2022:10:40:14 +0800] "GET /xingrg/kc/base/wldb_order_info.html?code=422022081501219 HTTP/1.1" 200 30370
116.237.76.174 - - [15/Aug/2022:10:40:14 +0800] "GET /xingrg/javascript/easyui/themes/default/validatebox.css HTTP/1.1" 404 1104
116.237.76.174 - - [15/Aug/2022:10:40:14 +0800] "POST /xingrg/kc/base/wldb_order_operate.html HTTP/1.1" 200 3216
114.83.216.111 - - [15/Aug/2022:10:40:15 +0800] "GET /xingrg/all/function/internal_message.html?_=1660531213215&CODE_STATE=getMsg HTTP/1.1" 200 27
101.83.146.132 - - [15/Aug/2022:10:40:16 +0800] "GET /xingrg/all/function/internal_message.html?_=1660531087276&CODE_STATE=getMsg HTTP/1.1" 200 27
116.237.76.174 - - [15/Aug/2022:10:40:17 +0800] "GET /xingrg/kc/base/wldb_order_add.html HTTP/1.1" 200 30356
116.237.76.174 - - [15/Aug/2022:10:40:18 +0800] "POST /xingrg/kc/base/wldb_order_operate.html HTTP/1.1" 200 6806
116.237.76.174 - - [15/Aug/2022:10:40:18 +0800] "GET /xingrg/javascript/easyui/themes/default/validatebox.css HTTP/1.1" 404 1104
222.69.129.110 - - [15/Aug/2022:10:40:18 +0800] "GET /xingrg/all/function/internal_message.html?_=1660531282239&CODE_STATE=getMsg HTTP/1.1" 200 27
116.237.76.174 - - [15/Aug/2022:10:40:19 +0800] "POST /xingrg/all/common/load_combo.html?type=base HTTP/1.1" 200 3227
114.86.187.244 - - [15/Aug/2022:10:40:22 +0800] "GET /xingrg/all/function/internal_message.html?_=1660531221554&CODE_STATE=getMsg HTTP/1.1" 200 27
116.237.76.174 - - [15/Aug/2022:10:40:22 +0800] "GET /xingrg/check_reg.html?_=1660531224680 HTTP/1.1" 200 22
101.85.120.95 - - [15/Aug/2022:10:40:23 +0800] "GET /xingrg/all/function/internal_message.html?_=1660531220920&CODE_STATE=getMsg HTTP/1.1" 200 27
114.86.225.95 - - [15/Aug/2022:10:40:23 +0800] "POST /xingrg/services/DataTransmitService HTTP/1.1" 200 524
116.237.76.174 - - [15/Aug/2022:10:40:24 +0800] "POST /xingrg/all/common/load_combo.html?type=base HTTP/1.1" 200 3227
222.70.182.94 - - [15/Aug/2022:10:40:24 +0800] "GET /xingrg/all/function/internal_message.html?_=1660531222292&CODE_STATE=getMsg HTTP/1.1" 200 27
114.86.225.95 - - [15/Aug/2022:10:40:24 +0800] "POST /xingrg/services/DataTransmitService HTTP/1.1" 200 2663
180.169.147.146 - - [15/Aug/2022:10:40:25 +0800] "GET /xingrg/all/function/internal_message.html?_=1660531225583&CODE_STATE=getMsg HTTP/1.1" 200 27
114.86.187.244 - - [15/Aug/2022:10:40:26 +0800] "GET /xingrg/all/function/internal_message.html?_=1660531225338&CODE_STATE=getMsg HTTP/1.1" 200 27
101.83.146.132 - - [15/Aug/2022:10:40:30 +0800] "GET /xingrg/all/function/internal_message.html?_=1660531229463&CODE_STATE=getMsg HTTP/1.1" 200 27
114.88.158.224 - - [15/Aug/2022:10:40:30 +0800] "GET /xingrg/all/function/internal_message.html?_=1660530902785&CODE_STATE=getMsg HTTP/1.1" 200 27
114.88.158.224 - - [15/Aug/2022:10:40:30 +0800] "GET /xingrg/check_reg.html?_=1660530903348 HTTP/1.1" 200 22
58.39.35.118 - - [15/Aug/2022:10:40:38 +0800] "GET /xingrg/all/function/internal_message.html?_=1660531237453&CODE_STATE=getMsg HTTP/1.1" 200 27
120.253.135.82 - - [15/Aug/2022:10:40:43 +0800] "GET /xingrg/check_reg.html?_=1660531047225 HTTP/1.1" 200 22
114.86.225.95 - - [15/Aug/2022:10:40:43 +0800] "GET /xingrg/all/function/internal_message.html?_=1660531244216&CODE_STATE=getMsg HTTP/1.1" 200 27
120.253.135.82 - - [15/Aug/2022:10:40:44 +0800] "GET /xingrg/all/function/internal_message.html?_=1660531048326&CODE_STATE=getMsg HTTP/1.1" 200 27
218.81.223.53 - - [15/Aug/2022:10:40:46 +0800] "GET /xingrg/all/function/internal_message.html?_=1660531246852&CODE_STATE=getMsg HTTP/1.1" 200 27
116.237.76.174 - - [15/Aug/2022:10:40:47 +0800] "GET /xingrg/kc/base/wldb_order_operate.html?command=get_materiel&rest_code=00106&base_code=0010396&code=00101019258 HTTP/1.1" 200 482
116.224.255.128 - - [15/Aug/2022:10:40:55 +0800] "GET /xingrg/all/function/internal_message.html?_=1660531191824&CODE_STATE=getMsg HTTP/1.1" 200 27
116.224.123.211 - - [15/Aug/2022:10:40:56 +0800] "GET /xingrg/check_reg.html?_=1660531254601 HTTP/1.1" 200 22
116.224.123.211 - - [15/Aug/2022:10:40:56 +0800] "GET /xingrg/all/function/internal_message.html?_=1660531254602&CODE_STATE=getMsg HTTP/1.1" 200 27
116.237.76.174 - - [15/Aug/2022:10:40:58 +0800] "POST /xingrg/kc/base/wldb_order_operate.html HTTP/1.1" 200 37
116.237.76.174 - - [15/Aug/2022:10:40:58 +0800] "POST /xingrg/kc/base/wldb_order_operate.html HTTP/1.1" 200 2736
116.237.76.174 - - [15/Aug/2022:10:40:59 +0800] "GET /xingrg/kc/base/wldb_order_info.html?code=422022081501220 HTTP/1.1" 200 30370
116.237.76.174 - - [15/Aug/2022:10:41:00 +0800] "GET /xingrg/javascript/easyui/themes/default/validatebox.css HTTP/1.1" 404 1104
116.237.76.174 - - [15/Aug/2022:10:41:00 +0800] "POST /xingrg/kc/base/wldb_order_operate.html HTTP/1.1" 200 2736
114.86.225.95 - - [15/Aug/2022:10:41:02 +0800] "GET /xingrg/kc/buy/cgsh_order_operate.html?command=get_materiel&rest_code=00109&code=00101008210&supplier_code=00100005&order_time=2022-08-15 HTTP/1.1" 200 408
116.237.76.174 - - [15/Aug/2022:10:41:04 +0800] "GET /xingrg/kc/mdqp/qp_main.html HTTP/1.1" 200 10633
116.237.76.174 - - [15/Aug/2022:10:41:05 +0800] "GET /xingrg/images/yd/bt.gif HTTP/1.1" 404 1040
116.237.76.174 - - [15/Aug/2022:10:41:06 +0800] "GET /xingrg/kc/mdqp/qqps_order_list.html HTTP/1.1" 200 9222
116.237.76.174 - - [15/Aug/2022:10:41:06 +0800] "GET /xingrg/dwr/interface/AjaxQqpsService.js HTTP/1.1" 200 16326
116.237.76.174 - - [15/Aug/2022:10:41:06 +0800] "GET /xingrg/dwr/interface/AjaxReportQueryService.js HTTP/1.1" 200 13203
116.237.76.174 - - [15/Aug/2022:10:41:06 +0800] "GET /xingrg/dwr/engine.js HTTP/1.1" 200 43631
116.237.76.174 - - [15/Aug/2022:10:41:08 +0800] "GET /xingrg/kc/mdqp/qqps_order_add.html HTTP/1.1" 200 28236
116.237.76.174 - - [15/Aug/2022:10:41:08 +0800] "GET /xingrg/dwr/interface/AjaxComOrderService.js HTTP/1.1" 200 18264
116.237.76.174 - - [15/Aug/2022:10:41:08 +0800] "GET /xingrg/dwr/interface/AjaxQqpsService.js HTTP/1.1" 200 16326
116.237.76.174 - - [15/Aug/2022:10:41:08 +0800] "GET /xingrg/dwr/engine.js HTTP/1.1" 200 43631
116.232.194.65 - - [15/Aug/2022:10:41:09 +0800] "GET /xingrg/all/function/internal_message.html?_=1660531242589&CODE_STATE=getMsg HTTP/1.1" 200 27
101.80.228.36 - - [15/Aug/2022:10:41:13 +0800] "GET /xingrg/all/function/internal_message.html?_=1660531270293&CODE_STATE=getMsg HTTP/1.1" 200 27
114.83.216.111 - - [15/Aug/2022:10:41:15 +0800] "GET /xingrg/check_reg.html?_=1660531273224 HTTP/1.1" 200 22
114.83.216.111 - - [15/Aug/2022:10:41:15 +0800] "GET /xingrg/all/function/internal_message.html?_=1660531273227&CODE_STATE=getMsg HTTP/1.1" 200 27
101.83.146.132 - - [15/Aug/2022:10:41:16 +0800] "GET /xingrg/check_reg.html?_=1660531147274 HTTP/1.1" 200 22
101.83.146.132 - - [15/Aug/2022:10:41:16 +0800] "GET /xingrg/all/function/internal_message.html?_=1660531147276&CODE_STATE=getMsg HTTP/1.1" 200 27
114.86.225.95 - - [15/Aug/2022:10:41:18 +0800] "GET /xingrg/kc/buy/cgsh_order_operate.html?command=get_materiel&rest_code=00109&code=00101008351&supplier_code=00100005&order_time=2022-08-15 HTTP/1.1" 200 408
222.69.129.110 - - [15/Aug/2022:10:41:18 +0800] "GET /xingrg/all/function/internal_message.html?_=1660531342250&CODE_STATE=getMsg HTTP/1.1" 200 27
222.69.129.110 - - [15/Aug/2022:10:41:18 +0800] "GET /xingrg/check_reg.html?_=1660531342252 HTTP/1.1" 200 22
116.237.76.174 - - [15/Aug/2022:10:41:20 +0800] "POST /xingrg/dwr/call/plaincall/AjaxQqpsService.saveOrder.dwr HTTP/1.1" 200 78
114.86.187.244 - - [15/Aug/2022:10:41:22 +0800] "GET /xingrg/all/function/internal_message.html?_=1660531281525&CODE_STATE=getMsg HTTP/1.1" 200 27
101.85.120.95 - - [15/Aug/2022:10:41:23 +0800] "GET /xingrg/all/function/internal_message.html?_=1660531280922&CODE_STATE=getMsg HTTP/1.1" 200 27
222.70.182.94 - - [15/Aug/2022:10:41:24 +0800] "GET /xingrg/all/function/internal_message.html?_=1660531282293&CODE_STATE=getMsg HTTP/1.1" 200 27
180.169.147.146 - - [15/Aug/2022:10:41:25 +0800] "GET /xingrg/all/function/internal_message.html?_=1660531285562&CODE_STATE=getMsg HTTP/1.1" 200 27
114.86.187.244 - - [15/Aug/2022:10:41:26 +0800] "GET /xingrg/all/function/internal_message.html?_=1660531285327&CODE_STATE=getMsg HTTP/1.1" 200 27
114.86.225.95 - - [15/Aug/2022:10:41:26 +0800] "GET /xingrg/kc/buy/cgsh_order_operate.html?command=get_materiel&rest_code=00109&code=00101008087&supplier_code=00100005&order_time=2022-08-15 HTTP/1.1" 200 412
101.83.146.132 - - [15/Aug/2022:10:41:30 +0800] "GET /xingrg/all/function/internal_message.html?_=1660531289442&CODE_STATE=getMsg HTTP/1.1" 200 27
114.88.158.224 - - [15/Aug/2022:10:41:30 +0800] "GET /xingrg/all/function/internal_message.html?_=1660530962766&CODE_STATE=getMsg HTTP/1.1" 200 27
114.86.225.95 - - [15/Aug/2022:10:41:33 +0800] "GET /xingrg/kc/buy/cgsh_order_operate.html?command=get_materiel&rest_code=00109&code=00101008296&supplier_code=00100005&order_time=2022-08-15 HTTP/1.1" 200 416
58.39.35.118 - - [15/Aug/2022:10:41:38 +0800] "GET /xingrg/all/function/internal_message.html?_=1660531297457&CODE_STATE=getMsg HTTP/1.1" 200 27
114.86.225.95 - - [15/Aug/2022:10:41:43 +0800] "GET /xingrg/all/function/internal_message.html?_=1660531304218&CODE_STATE=getMsg HTTP/1.1" 200 27
114.86.225.95 - - [15/Aug/2022:10:41:43 +0800] "GET /xingrg/check_reg.html?_=1660531304219 HTTP/1.1" 200 22
120.253.135.82 - - [15/Aug/2022:10:41:44 +0800] "GET /xingrg/all/function/internal_message.html?_=1660531108329&CODE_STATE=getMsg HTTP/1.1" 200 27
218.81.223.53 - - [15/Aug/2022:10:41:46 +0800] "GET /xingrg/all/function/internal_message.html?_=1660531306860&CODE_STATE=getMsg HTTP/1.1" 200 27
116.224.255.128 - - [15/Aug/2022:10:41:55 +0800] "GET /xingrg/check_reg.html?_=1660531251561 HTTP/1.1" 200 22
116.224.255.128 - - [15/Aug/2022:10:41:55 +0800] "GET /xingrg/all/function/internal_message.html?_=1660531251868&CODE_STATE=getMsg HTTP/1.1" 200 27
116.224.123.211 - - [15/Aug/2022:10:41:56 +0800] "GET /xingrg/all/function/internal_message.html?_=1660531314612&CODE_STATE=getMsg HTTP/1.1" 200 27
116.237.76.174 - - [15/Aug/2022:10:42:00 +0800] "POST /xingrg/dwr/call/plaincall/AjaxQqpsService.getMaterielByCode.dwr HTTP/1.1" 200 2735
116.232.194.65 - - [15/Aug/2022:10:42:09 +0800] "GET /xingrg/all/function/internal_message.html?_=1660531302579&CODE_STATE=getMsg HTTP/1.1" 200 27
101.80.228.36 - - [15/Aug/2022:10:42:13 +0800] "GET /xingrg/all/function/internal_message.html?_=1660531330297&CODE_STATE=getMsg HTTP/1.1" 200 27
101.80.228.36 - - [15/Aug/2022:10:42:13 +0800] "GET /xingrg/check_reg.html?_=1660531330298 HTTP/1.1" 200 22
116.237.76.174 - - [15/Aug/2022:10:42:13 +0800] "POST /xingrg/dwr/call/plaincall/AjaxQqpsService.saveMaterielItem.dwr HTTP/1.1" 200 78
114.88.158.224 - - [15/Aug/2022:10:42:14 +0800] "POST /xingrg/services/DataTransmitService HTTP/1.1" 200 524
114.88.158.224 - - [15/Aug/2022:10:42:14 +0800] "POST /xingrg/services/DataTransmitService HTTP/1.1" 200 2419
114.83.216.111 - - [15/Aug/2022:10:42:15 +0800] "GET /xingrg/all/function/internal_message.html?_=1660531333227&CODE_STATE=getMsg HTTP/1.1" 200 27
101.83.146.132 - - [15/Aug/2022:10:42:16 +0800] "GET /xingrg/all/function/internal_message.html?_=1660531207275&CODE_STATE=getMsg HTTP/1.1" 200 27
222.69.129.110 - - [15/Aug/2022:10:42:18 +0800] "GET /xingrg/all/function/internal_message.html?_=1660531402249&CODE_STATE=getMsg HTTP/1.1" 200 27
114.86.187.244 - - [15/Aug/2022:10:42:22 +0800] "GET /xingrg/all/function/internal_message.html?_=1660531341510&CODE_STATE=getMsg HTTP/1.1" 200 27
114.88.158.224 - - [15/Aug/2022:10:42:23 +0800] "POST /xingrg/services/DataTransmitService HTTP/1.1" 200 524
101.85.120.95 - - [15/Aug/2022:10:42:23 +0800] "GET /xingrg/all/function/internal_message.html?_=1660531340913&CODE_STATE=getMsg HTTP/1.1" 200 27
101.85.120.95 - - [15/Aug/2022:10:42:23 +0800] "GET /xingrg/check_reg.html?_=1660531340909 HTTP/1.1" 200 22
114.88.158.224 - - [15/Aug/2022:10:42:23 +0800] "POST /xingrg/services/DataTransmitService HTTP/1.1" 200 2419
222.70.182.94 - - [15/Aug/2022:10:42:24 +0800] "GET /xingrg/all/function/internal_message.html?_=1660531342294&CODE_STATE=getMsg HTTP/1.1" 200 27
180.169.147.146 - - [15/Aug/2022:10:42:25 +0800] "GET /xingrg/all/function/internal_message.html?_=1660531345574&CODE_STATE=getMsg HTTP/1.1" 200 27
116.237.76.174 - - [15/Aug/2022:10:42:25 +0800] "POST /xingrg/dwr/call/plaincall/AjaxQqpsService.getMaterielByCode.dwr HTTP/1.1" 200 2724
114.86.187.244 - - [15/Aug/2022:10:42:26 +0800] "GET /xingrg/check_reg.html?_=1660531345331 HTTP/1.1" 200 22
114.86.187.244 - - [15/Aug/2022:10:42:26 +0800] "GET /xingrg/all/function/internal_message.html?_=1660531345333&CODE_STATE=getMsg HTTP/1.1" 200 27
101.83.146.132 - - [15/Aug/2022:10:42:30 +0800] "GET /xingrg/all/function/internal_message.html?_=1660531349412&CODE_STATE=getMsg HTTP/1.1" 200 27
114.88.158.224 - - [15/Aug/2022:10:42:30 +0800] "GET /xingrg/all/function/internal_message.html?_=1660531022747&CODE_STATE=getMsg HTTP/1.1" 200 27
116.237.76.174 - - [15/Aug/2022:10:42:32 +0800] "POST /xingrg/dwr/call/plaincall/AjaxQqpsService.saveMaterielItem.dwr HTTP/1.1" 200 78
114.86.225.95 - - [15/Aug/2022:10:42:35 +0800] "GET /xingrg/kc/buy/cgsh_order_operate.html?command=get_materiel&rest_code=00109&code=00101008403&supplier_code=00100005&order_time=2022-08-15 HTTP/1.1" 200 412
116.237.76.174 - - [15/Aug/2022:10:42:43 +0800] "POST /xingrg/dwr/call/plaincall/AjaxQqpsService.getMaterielByCode.dwr HTTP/1.1" 200 2711
114.86.225.95 - - [15/Aug/2022:10:42:43 +0800] "GET /xingrg/all/function/internal_message.html?_=1660531364219&CODE_STATE=getMsg HTTP/1.1" 200 27
114.86.225.95 - - [15/Aug/2022:10:42:43 +0800] "GET /xingrg/kc/buy/cgsh_order_operate.html?command=get_materiel&rest_code=00109&code=00101013100&supplier_code=00100005&order_time=2022-08-15 HTTP/1.1" 200 409
120.253.135.82 - - [15/Aug/2022:10:42:44 +0800] "GET /xingrg/all/function/internal_message.html?_=1660531168343&CODE_STATE=getMsg HTTP/1.1" 200 27
116.237.76.174 - - [15/Aug/2022:10:42:45 +0800] "POST /xingrg/dwr/call/plaincall/AjaxQqpsService.saveMaterielItem.dwr HTTP/1.1" 200 78
218.81.223.53 - - [15/Aug/2022:10:42:46 +0800] "GET /xingrg/all/function/internal_message.html?_=1660531367082&CODE_STATE=getMsg HTTP/1.1" 200 27
114.86.225.95 - - [15/Aug/2022:10:42:49 +0800] "GET /xingrg/kc/buy/cgsh_order_operate.html?command=get_materiel&rest_code=00109&code=00101008350&supplier_code=00100005&order_time=2022-08-15 HTTP/1.1" 200 408
116.224.255.128 - - [15/Aug/2022:10:42:55 +0800] "GET /xingrg/all/function/internal_message.html?_=1660531311884&CODE_STATE=getMsg HTTP/1.1" 200 27
114.86.225.95 - - [15/Aug/2022:10:42:56 +0800] "GET /xingrg/kc/buy/cgsh_order_operate.html?command=get_materiel&rest_code=00109&code=00101008185&supplier_code=00100005&order_time=2022-08-15 HTTP/1.1" 200 408
116.224.123.211 - - [15/Aug/2022:10:42:56 +0800] "GET /xingrg/all/function/internal_message.html?_=1660531374612&CODE_STATE=getMsg HTTP/1.1" 200 27
114.86.225.95 - - [15/Aug/2022:10:43:02 +0800] "GET /xingrg/kc/buy/cgsh_order_operate.html?command=get_materiel&rest_code=00109&code=00101008355&supplier_code=00100005&order_time=2022-08-15 HTTP/1.1" 200 408
116.237.76.174 - - [15/Aug/2022:10:43:04 +0800] "POST /xingrg/dwr/call/plaincall/AjaxQqpsService.getMaterielByCode.dwr HTTP/1.1" 200 2734
116.237.76.174 - - [15/Aug/2022:10:43:05 +0800] "POST /xingrg/dwr/call/plaincall/AjaxQqpsService.saveMaterielItem.dwr HTTP/1.1" 200 78
116.232.194.65 - - [15/Aug/2022:10:43:09 +0800] "GET /xingrg/all/function/internal_message.html?_=1660531362598&CODE_STATE=getMsg HTTP/1.1" 200 27
114.86.225.95 - - [15/Aug/2022:10:43:13 +0800] "GET /xingrg/kc/buy/cgsh_order_operate.html?command=get_materiel&rest_code=00109&code=00101008148&supplier_code=00100005&order_time=2022-08-15 HTTP/1.1" 200 416
101.80.228.36 - - [15/Aug/2022:10:43:13 +0800] "GET /xingrg/all/function/internal_message.html?_=1660531390298&CODE_STATE=getMsg HTTP/1.1" 200 27
114.83.216.111 - - [15/Aug/2022:10:43:15 +0800] "GET /xingrg/all/function/internal_message.html?_=1660531393236&CODE_STATE=getMsg HTTP/1.1" 200 27
101.83.146.132 - - [15/Aug/2022:10:43:16 +0800] "GET /xingrg/all/function/internal_message.html?_=1660531267274&CODE_STATE=getMsg HTTP/1.1" 200 27
114.86.187.244 - - [15/Aug/2022:10:43:17 +0800] "GET /xingrg/check_reg.html?_=1660531396595 HTTP/1.1" 200 22
222.69.129.110 - - [15/Aug/2022:10:43:18 +0800] "GET /xingrg/all/function/internal_message.html?_=1660531462237&CODE_STATE=getMsg HTTP/1.1" 200 27
114.86.225.95 - - [15/Aug/2022:10:43:20 +0800] "GET /xingrg/kc/buy/cgsh_order_operate.html?command=get_materiel&rest_code=00109&code=00101008004&supplier_code=00100005&order_time=2022-08-15 HTTP/1.1" 200 416
114.86.187.244 - - [15/Aug/2022:10:43:22 +0800] "GET /xingrg/all/function/internal_message.html?_=1660531401480&CODE_STATE=getMsg HTTP/1.1" 200 27
101.85.120.95 - - [15/Aug/2022:10:43:23 +0800] "GET /xingrg/all/function/internal_message.html?_=1660531400912&CODE_STATE=getMsg HTTP/1.1" 200 27
222.70.182.94 - - [15/Aug/2022:10:43:24 +0800] "GET /xingrg/all/function/internal_message.html?_=1660531402326&CODE_STATE=getMsg HTTP/1.1" 200 27
222.70.182.94 - - [15/Aug/2022:10:43:24 +0800] "GET /xingrg/check_reg.html?_=1660531402323 HTTP/1.1" 200 22
180.169.147.146 - - [15/Aug/2022:10:43:25 +0800] "GET /xingrg/all/function/internal_message.html?_=1660531405571&CODE_STATE=getMsg HTTP/1.1" 200 27
180.169.147.146 - - [15/Aug/2022:10:43:25 +0800] "GET /xingrg/check_reg.html?_=1660531405575 HTTP/1.1" 200 22
114.86.187.244 - - [15/Aug/2022:10:43:26 +0800] "GET /xingrg/all/function/internal_message.html?_=1660531405334&CODE_STATE=getMsg HTTP/1.1" 200 27
114.86.225.95 - - [15/Aug/2022:10:43:27 +0800] "GET /xingrg/kc/buy/cgsh_order_operate.html?command=get_materiel&rest_code=00109&code=00101008264&supplier_code=00100005&order_time=2022-08-15 HTTP/1.1" 200 412
101.83.146.132 - - [15/Aug/2022:10:43:30 +0800] "GET /xingrg/all/function/internal_message.html?_=1660531409393&CODE_STATE=getMsg HTTP/1.1" 200 27
114.88.158.224 - - [15/Aug/2022:10:43:30 +0800] "GET /xingrg/all/function/internal_message.html?_=1660531082716&CODE_STATE=getMsg HTTP/1.1" 200 27
101.83.146.132 - - [15/Aug/2022:10:43:30 +0800] "GET /xingrg/check_reg.html?_=1660531410160 HTTP/1.1" 200 22
114.86.225.95 - - [15/Aug/2022:10:43:33 +0800] "GET /xingrg/kc/buy/cgsh_order_operate.html?command=get_materiel&rest_code=00109&code=00101008360&supplier_code=00100005&order_time=2022-08-15 HTTP/1.1" 200 413
114.86.187.244 - - [15/Aug/2022:10:43:34 +0800] "GET /xingrg/check_reg.html?_=1660531414213 HTTP/1.1" 200 22
218.81.223.53 - - [15/Aug/2022:10:43:35 +0800] "GET /xingrg/check_reg.html?_=1660531416059 HTTP/1.1" 200 22
116.237.76.174 - - [15/Aug/2022:10:43:38 +0800] "POST /xingrg/dwr/call/plaincall/AjaxQqpsService.getMaterielByCode.dwr HTTP/1.1" 200 2759
114.86.225.95 - - [15/Aug/2022:10:43:39 +0800] "GET /xingrg/kc/buy/cgsh_order_operate.html?command=get_materiel&rest_code=00109&code=00101008439&supplier_code=00100005&order_time=2022-08-15 HTTP/1.1" 200 412
114.86.225.95 - - [15/Aug/2022:10:43:43 +0800] "GET /xingrg/all/function/internal_message.html?_=1660531424221&CODE_STATE=getMsg HTTP/1.1" 200 27
120.253.135.82 - - [15/Aug/2022:10:43:44 +0800] "GET /xingrg/all/function/internal_message.html?_=1660531228384&CODE_STATE=getMsg HTTP/1.1" 200 27
218.81.223.53 - - [15/Aug/2022:10:43:46 +0800] "GET /xingrg/all/function/internal_message.html?_=1660531427090&CODE_STATE=getMsg HTTP/1.1" 200 27
114.86.225.95 - - [15/Aug/2022:10:43:47 +0800] "GET /xingrg/kc/buy/cgsh_order_operate.html?command=get_materiel&rest_code=00109&code=00101008136&supplier_code=00100005&order_time=2022-08-15 HTTP/1.1" 200 413
222.69.129.110 - - [15/Aug/2022:10:43:49 +0800] "POST /xingrg/kc/buy/cgsh_list_operate.html HTTP/1.1" 200 568
222.69.129.110 - - [15/Aug/2022:10:43:51 +0800] "GET /xingrg/kc/buy/cgsh_order_info.html?code=212022081103493 HTTP/1.1" 200 67582
222.69.129.110 - - [15/Aug/2022:10:43:52 +0800] "GET /xingrg/javascript/easyui/themes/default/validatebox.css HTTP/1.1" 404 1104
222.69.129.110 - - [15/Aug/2022:10:43:52 +0800] "POST /xingrg/kc/buy/cgsh_order_operate.html HTTP/1.1" 200 10992
114.86.225.95 - - [15/Aug/2022:10:43:54 +0800] "GET /xingrg/kc/buy/cgsh_order_operate.html?command=get_materiel&rest_code=00109&code=00101008286&supplier_code=00100005&order_time=2022-08-15 HTTP/1.1" 200 408
116.224.255.128 - - [15/Aug/2022:10:43:55 +0800] "GET /xingrg/all/function/internal_message.html?_=1660531371899&CODE_STATE=getMsg HTTP/1.1" 200 27
116.224.123.211 - - [15/Aug/2022:10:43:56 +0800] "GET /xingrg/all/function/internal_message.html?_=1660531434602&CODE_STATE=getMsg HTTP/1.1" 200 27
114.86.225.95 - - [15/Aug/2022:10:44:00 +0800] "GET /xingrg/kc/buy/cgsh_order_operate.html?command=get_materiel&rest_code=00109&code=00101008196&supplier_code=00100005&order_time=2022-08-15 HTTP/1.1" 200 416
114.86.225.95 - - [15/Aug/2022:10:44:06 +0800] "GET /xingrg/kc/buy/cgsh_order_operate.html?command=get_materiel&rest_code=00109&code=00101008010&supplier_code=00100005&order_time=2022-08-15 HTTP/1.1" 200 412
116.232.194.65 - - [15/Aug/2022:10:44:09 +0800] "GET /xingrg/all/function/internal_message.html?_=1660531422587&CODE_STATE=getMsg HTTP/1.1" 200 27
114.86.225.95 - - [15/Aug/2022:10:44:12 +0800] "GET /xingrg/kc/buy/cgsh_order_operate.html?command=get_materiel&rest_code=00109&code=00101008354&supplier_code=00100005&order_time=2022-08-15 HTTP/1.1" 200 412
116.237.76.174 - - [15/Aug/2022:10:44:12 +0800] "POST /xingrg/dwr/call/plaincall/AjaxQqpsService.saveMaterielItem.dwr HTTP/1.1" 200 79
101.80.228.36 - - [15/Aug/2022:10:44:13 +0800] "GET /xingrg/all/function/internal_message.html?_=1660531450300&CODE_STATE=getMsg HTTP/1.1" 200 27
114.83.216.111 - - [15/Aug/2022:10:44:15 +0800] "GET /xingrg/all/function/internal_message.html?_=1660531453239&CODE_STATE=getMsg HTTP/1.1" 200 27
101.83.146.132 - - [15/Aug/2022:10:44:16 +0800] "GET /xingrg/all/function/internal_message.html?_=1660531327298&CODE_STATE=getMsg HTTP/1.1" 200 27
222.69.129.110 - - [15/Aug/2022:10:44:18 +0800] "GET /xingrg/all/function/internal_message.html?_=1660531522255&CODE_STATE=getMsg HTTP/1.1" 200 27
114.86.225.95 - - [15/Aug/2022:10:44:19 +0800] "GET /xingrg/kc/buy/cgsh_order_operate.html?command=get_materiel&rest_code=00109&code=00101008361&supplier_code=00100005&order_time=2022-08-15 HTTP/1.1" 200 408
114.86.225.95 - - [15/Aug/2022:10:44:20 +0800] "POST /xingrg/kc/buy/cgsh_order_operate.html HTTP/1.1" 200 2065
114.86.187.244 - - [15/Aug/2022:10:44:22 +0800] "GET /xingrg/all/function/internal_message.html?_=1660531461451&CODE_STATE=getMsg HTTP/1.1" 200 27
116.237.76.174 - - [15/Aug/2022:10:44:23 +0800] "POST /xingrg/dwr/call/plaincall/AjaxQqpsService.getMaterielByCode.dwr HTTP/1.1" 200 2760
101.85.120.95 - - [15/Aug/2022:10:44:23 +0800] "GET /xingrg/all/function/internal_message.html?_=1660531460909&CODE_STATE=getMsg HTTP/1.1" 200 27
222.70.182.94 - - [15/Aug/2022:10:44:24 +0800] "GET /xingrg/all/function/internal_message.html?_=1660531462326&CODE_STATE=getMsg HTTP/1.1" 200 27
114.86.225.95 - - [15/Aug/2022:10:44:25 +0800] "GET /xingrg/kc/buy/cgsh_order_operate.html?command=get_materiel&rest_code=00109&code=00101008353&supplier_code=00100005&order_time=2022-08-15 HTTP/1.1" 200 408
180.169.147.146 - - [15/Aug/2022:10:44:25 +0800] "GET /xingrg/all/function/internal_message.html?_=1660531465568&CODE_STATE=getMsg HTTP/1.1" 200 27
