180.169.147.146 - - [12/Aug/2022:10:13:44 +0800] "POST /xingrg/kc/buy/cgsh_order_operate.html HTTP/1.1" 200 3252
114.88.158.224 - - [12/Aug/2022:10:13:45 +0800] "GET /xingrg/kc/buy/cgsh_order_add.html HTTP/1.1" 200 68278
114.88.158.224 - - [12/Aug/2022:10:13:45 +0800] "GET /xingrg/words/20220811185726_words.js HTTP/1.1" 304 -
114.88.158.224 - - [12/Aug/2022:10:13:45 +0800] "POST /xingrg/kc/buy/cgsh_order_operate.html HTTP/1.1" 200 8245
114.88.158.224 - - [12/Aug/2022:10:13:46 +0800] "GET /xingrg/all/common/auto_word.html?type=employee&rest_code=00141 HTTP/1.1" 200 201
114.88.158.224 - - [12/Aug/2022:10:13:46 +0800] "GET /xingrg/javascript/easyui/themes/default/validatebox.css HTTP/1.1" 404 1104
114.88.158.224 - - [12/Aug/2022:10:13:46 +0800] "GET /xingrg/all/common/auto_word.html?type=employee&rest_code=00141 HTTP/1.1" 200 201
116.237.76.47 - - [12/Aug/2022:10:13:46 +0800] "GET /xingrg/all/function/internal_message.html?_=1660270425545&CODE_STATE=getMsg HTTP/1.1" 200 27
114.88.158.224 - - [12/Aug/2022:10:13:47 +0800] "GET /xingrg/javascript/auto/indicator.gif HTTP/1.1" 404 1066
116.224.123.211 - - [12/Aug/2022:10:13:48 +0800] "POST /xingrg/dwr/call/plaincall/AjaxQqpsService.saveOrder.dwr HTTP/1.1" 200 78
116.228.172.94 - - [12/Aug/2022:10:13:48 +0800] "GET /xingrg/all/function/internal_message.html?_=1660270105075&CODE_STATE=getMsg HTTP/1.1" 200 27
180.169.147.146 - - [12/Aug/2022:10:13:49 +0800] "GET /xingrg/all/function/internal_message.html?_=1660270425297&CODE_STATE=getMsg HTTP/1.1" 200 27
116.224.123.211 - - [12/Aug/2022:10:13:50 +0800] "GET /xingrg/javascript/auto/indicator.gif HTTP/1.1" 404 1066
222.69.129.110 - - [12/Aug/2022:10:13:50 +0800] "GET /xingrg/all/function/internal_message.html?_=1660270489506&CODE_STATE=getMsg HTTP/1.1" 200 27
114.88.158.224 - - [12/Aug/2022:10:13:51 +0800] "GET /xingrg/javascript/jquery_tools/images/prev.gif HTTP/1.1" 404 1086
114.88.158.224 - - [12/Aug/2022:10:13:51 +0800] "GET /xingrg/javascript/jquery_tools/images/next.gif HTTP/1.1" 404 1086
116.224.123.211 - - [12/Aug/2022:10:13:54 +0800] "POST /xingrg/dwr/call/plaincall/AjaxQqpsService.getMaterielByCode.dwr HTTP/1.1" 200 2739
116.224.123.211 - - [12/Aug/2022:10:13:56 +0800] "POST /xingrg/dwr/call/plaincall/AjaxQqpsService.saveMaterielItem.dwr HTTP/1.1" 200 78
114.88.158.224 - - [12/Aug/2022:10:13:56 +0800] "GET /xingrg/kc/buy/cgsh_order_operate.html?command=get_materiel&rest_code=00141&code=00101007185&supplier_code=00100004&order_time=2022-08-12 HTTP/1.1" 200 416
116.224.123.211 - - [12/Aug/2022:10:13:59 +0800] "POST /xingrg/dwr/call/plaincall/AjaxQqpsService.getMaterielByCode.dwr HTTP/1.1" 200 2758
116.224.123.211 - - [12/Aug/2022:10:14:00 +0800] "POST /xingrg/dwr/call/plaincall/AjaxQqpsService.saveMaterielItem.dwr HTTP/1.1" 200 78
58.221.95.50 - - [12/Aug/2022:10:14:01 +0800] "GET /xingrg/all/function/internal_message.html?_=1660270438260&CODE_STATE=getMsg HTTP/1.1" 200 27
180.169.147.146 - - [12/Aug/2022:10:14:05 +0800] "GET /xingrg/all/function/internal_message.html?_=1660270441081&CODE_STATE=getMsg HTTP/1.1" 200 27
116.237.76.47 - - [12/Aug/2022:10:14:10 +0800] "GET /xingrg/all/function/internal_message.html?_=1660270449036&CODE_STATE=getMsg HTTP/1.1" 200 27
180.169.147.146 - - [12/Aug/2022:10:14:10 +0800] "POST /xingrg/kc/buy/cgsh_order_operate.html HTTP/1.1" 200 37
180.169.147.146 - - [12/Aug/2022:10:14:12 +0800] "POST /xingrg/kc/buy/cgsh_order_operate.html HTTP/1.1" 200 3252
114.88.158.224 - - [12/Aug/2022:10:14:13 +0800] "GET /xingrg/kc/buy/cgsh_order_operate.html?command=get_materiel&rest_code=00141&code=00101007061&supplier_code=00100004&order_time=2022-08-12 HTTP/1.1" 200 409
180.169.147.146 - - [12/Aug/2022:10:14:13 +0800] "GET /xingrg/kc/print/load_data.html?order_code=212022081203555&kc_code=cgsh&condition= HTTP/1.1" 200 916
114.84.0.234 - - [12/Aug/2022:10:14:14 +0800] "GET /xingrg/all/function/internal_message.html?_=1660270448666&CODE_STATE=getMsg HTTP/1.1" 200 27
114.86.187.244 - - [12/Aug/2022:10:14:15 +0800] "GET /xingrg/all/function/internal_message.html?_=1660270457403&CODE_STATE=getMsg HTTP/1.1" 200 27
180.174.21.132 - - [12/Aug/2022:10:14:16 +0800] "GET /xingrg/all/function/internal_message.html?_=1660270326621&CODE_STATE=getMsg HTTP/1.1" 200 27
116.224.255.128 - - [12/Aug/2022:10:14:17 +0800] "GET /xingrg/all/function/internal_message.html?_=1660270393893&CODE_STATE=getMsg HTTP/1.1" 200 27
116.224.123.211 - - [12/Aug/2022:10:14:18 +0800] "POST /xingrg/dwr/call/plaincall/AjaxQqpsService.checkOrder.dwr HTTP/1.1" 200 78
116.235.94.65 - - [12/Aug/2022:10:14:23 +0800] "GET /xingrg/all/function/internal_message.html?_=1660270647495&CODE_STATE=getMsg HTTP/1.1" 200 27
116.224.123.211 - - [12/Aug/2022:10:14:25 +0800] "GET /xingrg/kc/mdqp/qqps_order_info.html?code=302022081200198 HTTP/1.1" 200 26706
180.174.21.132 - - [12/Aug/2022:10:14:26 +0800] "GET /xingrg/all/function/internal_message.html?_=1660270462123&CODE_STATE=getMsg HTTP/1.1" 200 27
116.224.123.211 - - [12/Aug/2022:10:14:26 +0800] "GET /xingrg/dwr/interface/AjaxComOrderService.js HTTP/1.1" 200 18264
116.224.123.211 - - [12/Aug/2022:10:14:26 +0800] "GET /xingrg/dwr/interface/AjaxQqpsService.js HTTP/1.1" 200 16326
116.224.123.211 - - [12/Aug/2022:10:14:26 +0800] "GET /xingrg/dwr/engine.js HTTP/1.1" 200 43631
116.232.194.65 - - [12/Aug/2022:10:14:26 +0800] "GET /xingrg/all/function/internal_message.html?_=1660270443621&CODE_STATE=getMsg HTTP/1.1" 200 27
116.224.123.211 - - [12/Aug/2022:10:14:26 +0800] "POST /xingrg/dwr/call/plaincall/AjaxQqpsService.loadMaterielItems.dwr HTTP/1.1" 200 668
114.86.187.244 - - [12/Aug/2022:10:14:27 +0800] "GET /xingrg/check_reg.html?_=1660270463584 HTTP/1.1" 200 22
114.88.158.224 - - [12/Aug/2022:10:14:28 +0800] "GET /xingrg/all/function/internal_message.html?_=1660270138844&CODE_STATE=getMsg HTTP/1.1" 200 27
180.169.147.146 - - [12/Aug/2022:10:14:30 +0800] "GET /xingrg/kc/buy/cgsh_order_add.html HTTP/1.1" 200 68281
101.85.120.95 - - [12/Aug/2022:10:14:30 +0800] "GET /xingrg/all/function/internal_message.html?_=1660270464866&CODE_STATE=getMsg HTTP/1.1" 200 27
180.169.147.146 - - [12/Aug/2022:10:14:30 +0800] "POST /xingrg/kc/buy/cgsh_order_operate.html HTTP/1.1" 200 8245
180.169.147.146 - - [12/Aug/2022:10:14:30 +0800] "GET /xingrg/javascript/easyui/themes/default/validatebox.css HTTP/1.1" 404 1104
180.169.147.146 - - [12/Aug/2022:10:14:33 +0800] "GET /xingrg/check_reg.html?_=1660270465822 HTTP/1.1" 200 22
101.80.228.36 - - [12/Aug/2022:10:14:33 +0800] "GET /xingrg/all/function/internal_message.html?_=1660270468361&CODE_STATE=getMsg HTTP/1.1" 200 27
180.169.147.146 - - [12/Aug/2022:10:14:33 +0800] "GET /xingrg/all/function/internal_message.html?_=1660270466030&CODE_STATE=getMsg HTTP/1.1" 200 27
114.88.158.224 - - [12/Aug/2022:10:14:34 +0800] "POST /xingrg/kc/buy/cgsh_order_operate.html HTTP/1.1" 200 37
120.253.135.82 - - [12/Aug/2022:10:14:35 +0800] "GET /xingrg/all/function/internal_message.html?_=1660270277137&CODE_STATE=getMsg HTTP/1.1" 200 27
218.81.223.53 - - [12/Aug/2022:10:14:35 +0800] "GET /xingrg/all/function/internal_message.html?_=1660270489465&CODE_STATE=getMsg HTTP/1.1" 200 27
114.88.158.224 - - [12/Aug/2022:10:14:39 +0800] "POST /xingrg/kc/buy/cgsh_order_operate.html HTTP/1.1" 200 12
114.88.158.224 - - [12/Aug/2022:10:14:42 +0800] "GET /xingrg/kc/buy/cgsh_order_info.html?code=212022081203556 HTTP/1.1" 200 63181
114.88.158.224 - - [12/Aug/2022:10:14:42 +0800] "GET /xingrg/javascript/easyui/themes/default/validatebox.css HTTP/1.1" 404 1104
114.88.158.224 - - [12/Aug/2022:10:14:43 +0800] "POST /xingrg/kc/buy/cgsh_order_operate.html HTTP/1.1" 200 1198
114.83.216.111 - - [12/Aug/2022:10:14:43 +0800] "GET /xingrg/all/function/internal_message.html?_=1660270476640&CODE_STATE=getMsg HTTP/1.1" 200 27
180.174.21.132 - - [12/Aug/2022:10:14:43 +0800] "GET /xingrg/all/function/internal_message.html?_=1660270528181&CODE_STATE=getMsg HTTP/1.1" 200 27
180.169.147.146 - - [12/Aug/2022:10:14:45 +0800] "GET /xingrg/kc/buy/cgsh_order_operate.html?command=get_materiel&rest_code=00147&code=00101004038&supplier_code=00100312&order_time=2022-08-11 HTTP/1.1" 200 429
114.88.158.224 - - [12/Aug/2022:10:14:46 +0800] "GET /xingrg/kc/print/load_config.html?kc_code=cgsh HTTP/1.1" 200 1943
114.88.158.224 - - [12/Aug/2022:10:14:46 +0800] "GET /xingrg/kc/print/load_data.html?order_code=212022081203556&kc_code=cgsh&condition= HTTP/1.1" 200 991
116.237.76.47 - - [12/Aug/2022:10:14:46 +0800] "GET /xingrg/all/function/internal_message.html?_=1660270485572&CODE_STATE=getMsg HTTP/1.1" 200 27
116.228.172.94 - - [12/Aug/2022:10:14:48 +0800] "GET /xingrg/all/function/internal_message.html?_=1660270165048&CODE_STATE=getMsg HTTP/1.1" 200 27
180.169.147.146 - - [12/Aug/2022:10:14:49 +0800] "GET /xingrg/all/function/internal_message.html?_=1660270485296&CODE_STATE=getMsg HTTP/1.1" 200 27
116.224.255.128 - - [12/Aug/2022:10:14:49 +0800] "POST /xingrg/kc/buy/cgsh_order_operate.html HTTP/1.1" 200 37
180.169.147.146 - - [12/Aug/2022:10:14:49 +0800] "POST /xingrg/all/report/report_print.html HTTP/1.1" 200 7168
222.69.129.110 - - [12/Aug/2022:10:14:50 +0800] "GET /xingrg/all/function/internal_message.html?_=1660270549502&CODE_STATE=getMsg HTTP/1.1" 200 27
116.224.255.128 - - [12/Aug/2022:10:14:53 +0800] "POST /xingrg/kc/buy/cgsh_order_operate.html HTTP/1.1" 200 12
116.224.255.128 - - [12/Aug/2022:10:14:54 +0800] "GET /xingrg/kc/buy/cgsh_order_info.html?code=212022081203523 HTTP/1.1" 200 62795
116.224.255.128 - - [12/Aug/2022:10:14:54 +0800] "GET /xingrg/javascript/easyui/themes/default/validatebox.css HTTP/1.1" 404 1104
116.224.255.128 - - [12/Aug/2022:10:14:55 +0800] "POST /xingrg/kc/buy/cgsh_order_operate.html HTTP/1.1" 200 13185
116.224.255.128 - - [12/Aug/2022:10:14:56 +0800] "GET /xingrg/kc/print/load_data.html?order_code=212022081203523&kc_code=cgsh&condition= HTTP/1.1" 200 5590
114.88.158.224 - - [12/Aug/2022:10:14:58 +0800] "GET /xingrg/kc/buy/cgsh_order_add.html HTTP/1.1" 200 68278
114.88.158.224 - - [12/Aug/2022:10:14:59 +0800] "POST /xingrg/kc/buy/cgsh_order_operate.html HTTP/1.1" 200 8245
114.88.158.224 - - [12/Aug/2022:10:14:59 +0800] "GET /xingrg/javascript/easyui/themes/default/validatebox.css HTTP/1.1" 404 1104
58.221.95.50 - - [12/Aug/2022:10:15:01 +0800] "GET /xingrg/check_reg.html?_=1660270498263 HTTP/1.1" 200 22
58.221.95.50 - - [12/Aug/2022:10:15:01 +0800] "GET /xingrg/all/function/internal_message.html?_=1660270498265&CODE_STATE=getMsg HTTP/1.1" 200 27
180.169.147.146 - - [12/Aug/2022:10:15:05 +0800] "GET /xingrg/all/function/internal_message.html?_=1660270501071&CODE_STATE=getMsg HTTP/1.1" 200 27
116.237.76.47 - - [12/Aug/2022:10:15:10 +0800] "GET /xingrg/all/function/internal_message.html?_=1660270509036&CODE_STATE=getMsg HTTP/1.1" 200 27
114.84.0.234 - - [12/Aug/2022:10:15:14 +0800] "GET /xingrg/all/function/internal_message.html?_=1660270508666&CODE_STATE=getMsg HTTP/1.1" 200 27
114.84.0.234 - - [12/Aug/2022:10:15:15 +0800] "GET /xingrg/check_reg.html?_=1660270508668 HTTP/1.1" 200 22
114.86.187.244 - - [12/Aug/2022:10:15:15 +0800] "GET /xingrg/check_reg.html?_=1660270517403 HTTP/1.1" 200 22
114.86.187.244 - - [12/Aug/2022:10:15:15 +0800] "GET /xingrg/all/function/internal_message.html?_=1660270517405&CODE_STATE=getMsg HTTP/1.1" 200 27
180.174.21.132 - - [12/Aug/2022:10:15:16 +0800] "GET /xingrg/all/function/internal_message.html?_=1660270386620&CODE_STATE=getMsg HTTP/1.1" 200 27
116.224.123.211 - - [12/Aug/2022:10:15:17 +0800] "GET /xingrg/all/function/internal_message.html?_=1660270513598&CODE_STATE=getMsg HTTP/1.1" 200 27
116.224.255.128 - - [12/Aug/2022:10:15:17 +0800] "GET /xingrg/all/function/internal_message.html?_=1660270453931&CODE_STATE=getMsg HTTP/1.1" 200 27
114.88.158.224 - - [12/Aug/2022:10:15:22 +0800] "GET /xingrg/kc/buy/cgsh_order_operate.html?command=get_materiel&rest_code=00141&code=00101001010&supplier_code=00100040&order_time=2022-08-12 HTTP/1.1" 200 409
116.235.94.65 - - [12/Aug/2022:10:15:23 +0800] "GET /xingrg/all/function/internal_message.html?_=1660270707492&CODE_STATE=getMsg HTTP/1.1" 200 27
180.174.21.132 - - [12/Aug/2022:10:15:25 +0800] "GET /xingrg/all/function/internal_message.html?_=1660270522098&CODE_STATE=getMsg HTTP/1.1" 200 27
116.232.194.65 - - [12/Aug/2022:10:15:26 +0800] "GET /xingrg/all/function/internal_message.html?_=1660270503602&CODE_STATE=getMsg HTTP/1.1" 200 27
116.232.194.65 - - [12/Aug/2022:10:15:27 +0800] "GET /xingrg/check_reg.html?_=1660270504366 HTTP/1.1" 200 22
180.174.21.132 - - [12/Aug/2022:10:15:27 +0800] "GET /xingrg/check_reg.html?_=1660270523584 HTTP/1.1" 200 22
114.88.158.224 - - [12/Aug/2022:10:15:28 +0800] "GET /xingrg/all/function/internal_message.html?_=1660270198828&CODE_STATE=getMsg HTTP/1.1" 200 27
101.85.120.95 - - [12/Aug/2022:10:15:30 +0800] "GET /xingrg/all/function/internal_message.html?_=1660270524865&CODE_STATE=getMsg HTTP/1.1" 200 27
101.80.228.36 - - [12/Aug/2022:10:15:33 +0800] "GET /xingrg/all/function/internal_message.html?_=1660270528347&CODE_STATE=getMsg HTTP/1.1" 200 27
180.169.147.146 - - [12/Aug/2022:10:15:33 +0800] "GET /xingrg/all/function/internal_message.html?_=1660270526007&CODE_STATE=getMsg HTTP/1.1" 200 27
120.253.135.82 - - [12/Aug/2022:10:15:34 +0800] "GET /xingrg/check_reg.html?_=1660270336394 HTTP/1.1" 200 22
114.88.158.224 - - [12/Aug/2022:10:15:34 +0800] "POST /xingrg/kc/buy/cgsh_order_operate.html HTTP/1.1" 200 37
120.253.135.82 - - [12/Aug/2022:10:15:35 +0800] "GET /xingrg/all/function/internal_message.html?_=1660270337159&CODE_STATE=getMsg HTTP/1.1" 200 27
218.81.223.53 - - [12/Aug/2022:10:15:35 +0800] "GET /xingrg/all/function/internal_message.html?_=1660270549479&CODE_STATE=getMsg HTTP/1.1" 200 27
114.88.158.224 - - [12/Aug/2022:10:15:38 +0800] "POST /xingrg/kc/buy/cgsh_order_operate.html HTTP/1.1" 200 12
114.88.158.224 - - [12/Aug/2022:10:15:40 +0800] "GET /xingrg/kc/buy/cgsh_order_info.html?code=212022081203557 HTTP/1.1" 200 63181
114.88.158.224 - - [12/Aug/2022:10:15:40 +0800] "GET /xingrg/javascript/easyui/themes/default/validatebox.css HTTP/1.1" 404 1104
114.88.158.224 - - [12/Aug/2022:10:15:41 +0800] "POST /xingrg/kc/buy/cgsh_order_operate.html HTTP/1.1" 200 604
114.83.216.111 - - [12/Aug/2022:10:15:43 +0800] "GET /xingrg/all/function/internal_message.html?_=1660270536619&CODE_STATE=getMsg HTTP/1.1" 200 27
114.88.158.224 - - [12/Aug/2022:10:15:43 +0800] "GET /xingrg/kc/print/load_data.html?order_code=212022081203557&kc_code=cgsh&condition= HTTP/1.1" 200 779
180.174.21.132 - - [12/Aug/2022:10:15:43 +0800] "GET /xingrg/all/function/internal_message.html?_=1660270588180&CODE_STATE=getMsg HTTP/1.1" 200 27
116.237.76.47 - - [12/Aug/2022:10:15:46 +0800] "GET /xingrg/all/function/internal_message.html?_=1660270545572&CODE_STATE=getMsg HTTP/1.1" 200 27
114.88.158.224 - - [12/Aug/2022:10:15:48 +0800] "GET /xingrg/kc/buy/cgsh_order_add.html HTTP/1.1" 200 68278
116.228.172.94 - - [12/Aug/2022:10:15:48 +0800] "GET /xingrg/all/function/internal_message.html?_=1660270225029&CODE_STATE=getMsg HTTP/1.1" 200 27
114.88.158.224 - - [12/Aug/2022:10:15:48 +0800] "POST /xingrg/kc/buy/cgsh_order_operate.html HTTP/1.1" 200 8245
114.88.158.224 - - [12/Aug/2022:10:15:48 +0800] "GET /xingrg/javascript/easyui/themes/default/validatebox.css HTTP/1.1" 404 1104
180.169.147.146 - - [12/Aug/2022:10:15:49 +0800] "GET /xingrg/all/function/internal_message.html?_=1660270545302&CODE_STATE=getMsg HTTP/1.1" 200 27
222.69.129.110 - - [12/Aug/2022:10:15:50 +0800] "GET /xingrg/all/function/internal_message.html?_=1660270609497&CODE_STATE=getMsg HTTP/1.1" 200 27
58.221.95.50 - - [12/Aug/2022:10:16:01 +0800] "GET /xingrg/all/function/internal_message.html?_=1660270558275&CODE_STATE=getMsg HTTP/1.1" 200 27
218.81.223.53 - - [12/Aug/2022:10:16:04 +0800] "POST /xingrg/kc/buy/cgsh_order_operate.html HTTP/1.1" 200 37
180.169.147.146 - - [12/Aug/2022:10:16:05 +0800] "GET /xingrg/all/function/internal_message.html?_=1660270561092&CODE_STATE=getMsg HTTP/1.1" 200 27
218.81.223.53 - - [12/Aug/2022:10:16:05 +0800] "POST /xingrg/kc/buy/cgsh_order_operate.html HTTP/1.1" 200 31029
114.88.158.224 - - [12/Aug/2022:10:16:09 +0800] "GET /xingrg/kc/buy/cgsh_order_operate.html?command=get_materiel&rest_code=00141&code=00101011005&supplier_code=00100036&order_time=2022-08-12 HTTP/1.1" 200 427
116.237.76.47 - - [12/Aug/2022:10:16:10 +0800] "GET /xingrg/all/function/internal_message.html?_=1660270569035&CODE_STATE=getMsg HTTP/1.1" 200 27
116.224.123.211 - - [12/Aug/2022:10:16:11 +0800] "GET /favicon.ico HTTP/1.1" 404 -
114.84.0.234 - - [12/Aug/2022:10:16:14 +0800] "GET /xingrg/all/function/internal_message.html?_=1660270568668&CODE_STATE=getMsg HTTP/1.1" 200 27
114.86.187.244 - - [12/Aug/2022:10:16:15 +0800] "GET /xingrg/all/function/internal_message.html?_=1660270577405&CODE_STATE=getMsg HTTP/1.1" 200 27
180.174.21.132 - - [12/Aug/2022:10:16:16 +0800] "GET /xingrg/all/function/internal_message.html?_=1660270446619&CODE_STATE=getMsg HTTP/1.1" 200 27
180.174.21.132 - - [12/Aug/2022:10:16:16 +0800] "GET /xingrg/check_reg.html?_=1660270446620 HTTP/1.1" 200 22
116.224.123.211 - - [12/Aug/2022:10:16:17 +0800] "GET /xingrg/all/function/internal_message.html?_=1660270573588&CODE_STATE=getMsg HTTP/1.1" 200 27
116.224.255.128 - - [12/Aug/2022:10:16:17 +0800] "GET /xingrg/all/function/internal_message.html?_=1660270513936&CODE_STATE=getMsg HTTP/1.1" 200 27
101.80.228.36 - - [12/Aug/2022:10:16:18 +0800] "GET /xingrg/check_reg.html?_=1660270573708 HTTP/1.1" 200 22
116.235.94.65 - - [12/Aug/2022:10:16:23 +0800] "GET /xingrg/all/function/internal_message.html?_=1660270767491&CODE_STATE=getMsg HTTP/1.1" 200 27
114.88.158.224 - - [12/Aug/2022:10:16:25 +0800] "GET /xingrg/kc/buy/cgsh_order_operate.html?command=get_materiel&rest_code=00141&code=00101012040&supplier_code=00100036&order_time=2022-08-12 HTTP/1.1" 200 413
180.174.21.132 - - [12/Aug/2022:10:16:25 +0800] "GET /xingrg/all/function/internal_message.html?_=1660270582077&CODE_STATE=getMsg HTTP/1.1" 200 27
116.232.194.65 - - [12/Aug/2022:10:16:26 +0800] "GET /xingrg/all/function/internal_message.html?_=1660270563589&CODE_STATE=getMsg HTTP/1.1" 200 27
114.88.158.224 - - [12/Aug/2022:10:16:28 +0800] "GET /xingrg/all/function/internal_message.html?_=1660270258799&CODE_STATE=getMsg HTTP/1.1" 200 27
101.85.120.95 - - [12/Aug/2022:10:16:30 +0800] "GET /xingrg/all/function/internal_message.html?_=1660270584867&CODE_STATE=getMsg HTTP/1.1" 200 27
101.80.228.36 - - [12/Aug/2022:10:16:33 +0800] "GET /xingrg/all/function/internal_message.html?_=1660270588350&CODE_STATE=getMsg HTTP/1.1" 200 27
180.169.147.146 - - [12/Aug/2022:10:16:33 +0800] "GET /xingrg/all/function/internal_message.html?_=1660270585978&CODE_STATE=getMsg HTTP/1.1" 200 27
120.253.135.82 - - [12/Aug/2022:10:16:35 +0800] "GET /xingrg/all/function/internal_message.html?_=1660270397166&CODE_STATE=getMsg HTTP/1.1" 200 27
218.81.223.53 - - [12/Aug/2022:10:16:35 +0800] "GET /xingrg/all/function/internal_message.html?_=1660270609492&CODE_STATE=getMsg HTTP/1.1" 200 27
114.83.216.111 - - [12/Aug/2022:10:16:43 +0800] "GET /xingrg/all/function/internal_message.html?_=1660270596604&CODE_STATE=getMsg HTTP/1.1" 200 27
180.174.21.132 - - [12/Aug/2022:10:16:43 +0800] "GET /xingrg/all/function/internal_message.html?_=1660270648179&CODE_STATE=getMsg HTTP/1.1" 200 27
114.83.216.111 - - [12/Aug/2022:10:16:44 +0800] "GET /xingrg/check_reg.html?_=1660270597454 HTTP/1.1" 200 22
116.237.76.47 - - [12/Aug/2022:10:16:46 +0800] "GET /xingrg/check_reg.html?_=1660270605572 HTTP/1.1" 200 22
116.237.76.47 - - [12/Aug/2022:10:16:46 +0800] "GET /xingrg/all/function/internal_message.html?_=1660270605575&CODE_STATE=getMsg HTTP/1.1" 200 27
116.228.172.94 - - [12/Aug/2022:10:16:48 +0800] "GET /xingrg/all/function/internal_message.html?_=1660270285002&CODE_STATE=getMsg HTTP/1.1" 200 27
180.169.147.146 - - [12/Aug/2022:10:16:49 +0800] "GET /xingrg/all/function/internal_message.html?_=1660270605302&CODE_STATE=getMsg HTTP/1.1" 200 27
222.69.129.110 - - [12/Aug/2022:10:16:50 +0800] "GET /xingrg/all/function/internal_message.html?_=1660270669503&CODE_STATE=getMsg HTTP/1.1" 200 27
180.169.147.146 - - [12/Aug/2022:10:16:54 +0800] "GET /xingrg/kc/buy/cgsh_order_operate.html?command=get_materiel&rest_code=00147&code=00101005017&supplier_code=00100312&order_time=2022-08-11 HTTP/1.1" 200 409
58.221.95.50 - - [12/Aug/2022:10:17:01 +0800] "GET /xingrg/all/function/internal_message.html?_=1660270618260&CODE_STATE=getMsg HTTP/1.1" 200 27
114.88.158.224 - - [12/Aug/2022:10:17:03 +0800] "GET /xingrg/kc/buy/cgsh_order_operate.html?command=get_materiel&rest_code=00141&code=00101020115&supplier_code=00100036&order_time=2022-08-12 HTTP/1.1" 200 410
180.169.147.146 - - [12/Aug/2022:10:17:05 +0800] "GET /xingrg/all/function/internal_message.html?_=1660270621093&CODE_STATE=getMsg HTTP/1.1" 200 27
180.169.147.146 - - [12/Aug/2022:10:17:09 +0800] "POST /xingrg/kc/buy/cgsh_order_operate.html HTTP/1.1" 200 37
116.237.76.47 - - [12/Aug/2022:10:17:10 +0800] "GET /xingrg/all/function/internal_message.html?_=1660270629036&CODE_STATE=getMsg HTTP/1.1" 200 27
180.169.147.146 - - [12/Aug/2022:10:17:11 +0800] "POST /xingrg/kc/buy/cgsh_order_operate.html HTTP/1.1" 200 3243
180.169.147.146 - - [12/Aug/2022:10:17:13 +0800] "GET /xingrg/kc/print/load_data.html?order_code=212022081203558&kc_code=cgsh&condition= HTTP/1.1" 200 904
180.174.21.132 - - [12/Aug/2022:10:17:14 +0800] "GET /xingrg/javascript/jquery_easy_ui/themes/default/images/button_plain_hover.png HTTP/1.1" 200 252
114.86.187.244 - - [12/Aug/2022:10:17:14 +0800] "POST /xingrg/services/DataTransmitService HTTP/1.1" 200 524
114.84.0.234 - - [12/Aug/2022:10:17:14 +0800] "GET /xingrg/all/function/internal_message.html?_=1660270628668&CODE_STATE=getMsg HTTP/1.1" 200 27
114.86.187.244 - - [12/Aug/2022:10:17:15 +0800] "GET /xingrg/all/function/internal_message.html?_=1660270637405&CODE_STATE=getMsg HTTP/1.1" 200 27
180.169.147.146 - - [12/Aug/2022:10:17:16 +0800] "GET /xingrg/kc/buy/cgsh_order_add.html HTTP/1.1" 200 68281
180.169.147.146 - - [12/Aug/2022:10:17:16 +0800] "POST /xingrg/kc/buy/cgsh_order_operate.html HTTP/1.1" 200 8245
180.169.147.146 - - [12/Aug/2022:10:17:16 +0800] "GET /xingrg/javascript/easyui/themes/default/validatebox.css HTTP/1.1" 404 1104
180.174.21.132 - - [12/Aug/2022:10:17:16 +0800] "GET /xingrg/all/function/internal_message.html?_=1660270506619&CODE_STATE=getMsg HTTP/1.1" 200 27
116.224.123.211 - - [12/Aug/2022:10:17:17 +0800] "GET /xingrg/all/function/internal_message.html?_=1660270633582&CODE_STATE=getMsg HTTP/1.1" 200 27
116.224.255.128 - - [12/Aug/2022:10:17:17 +0800] "GET /xingrg/all/function/internal_message.html?_=1660270573971&CODE_STATE=getMsg HTTP/1.1" 200 27
116.235.94.65 - - [12/Aug/2022:10:17:23 +0800] "GET /xingrg/all/function/internal_message.html?_=1660270827491&CODE_STATE=getMsg HTTP/1.1" 200 27
116.228.172.94 - - [12/Aug/2022:10:17:25 +0800] "GET /xingrg/check_reg.html?_=1660270321840 HTTP/1.1" 200 22
180.174.21.132 - - [12/Aug/2022:10:17:25 +0800] "GET /xingrg/all/function/internal_message.html?_=1660270642053&CODE_STATE=getMsg HTTP/1.1" 200 27
116.232.194.65 - - [12/Aug/2022:10:17:26 +0800] "GET /xingrg/all/function/internal_message.html?_=1660270623573&CODE_STATE=getMsg HTTP/1.1" 200 27
114.88.158.224 - - [12/Aug/2022:10:17:26 +0800] "GET /xingrg/kc/buy/cgsh_order_operate.html?command=get_materiel&rest_code=00141&code=00101011007&supplier_code=00100036&order_time=2022-08-12 HTTP/1.1" 200 414
114.88.158.224 - - [12/Aug/2022:10:17:28 +0800] "GET /xingrg/check_reg.html?_=1660270318788 HTTP/1.1" 200 22
114.88.158.224 - - [12/Aug/2022:10:17:28 +0800] "GET /xingrg/all/function/internal_message.html?_=1660270318789&CODE_STATE=getMsg HTTP/1.1" 200 27
101.85.120.95 - - [12/Aug/2022:10:17:30 +0800] "GET /xingrg/all/function/internal_message.html?_=1660270644868&CODE_STATE=getMsg HTTP/1.1" 200 27
101.85.120.95 - - [12/Aug/2022:10:17:30 +0800] "GET /xingrg/check_reg.html?_=1660270644870 HTTP/1.1" 200 22
101.80.228.36 - - [12/Aug/2022:10:17:33 +0800] "GET /xingrg/all/function/internal_message.html?_=1660270648351&CODE_STATE=getMsg HTTP/1.1" 200 27
180.169.147.146 - - [12/Aug/2022:10:17:33 +0800] "GET /xingrg/all/function/internal_message.html?_=1660270645970&CODE_STATE=getMsg HTTP/1.1" 200 27
180.169.147.146 - - [12/Aug/2022:10:17:34 +0800] "GET /xingrg/kc/buy/cgsh_order_operate.html?command=get_materiel&rest_code=00147&code=00101005037&supplier_code=00100334&order_time=2022-08-12 HTTP/1.1" 200 409
120.253.135.82 - - [12/Aug/2022:10:17:35 +0800] "GET /xingrg/all/function/internal_message.html?_=1660270457178&CODE_STATE=getMsg HTTP/1.1" 200 27
218.81.223.53 - - [12/Aug/2022:10:17:35 +0800] "GET /xingrg/all/function/internal_message.html?_=1660270669509&CODE_STATE=getMsg HTTP/1.1" 200 27
114.88.158.224 - - [12/Aug/2022:10:17:38 +0800] "GET /xingrg/kc/buy/cgsh_order_operate.html?command=get_materiel&rest_code=00141&code=00101012026&supplier_code=00100036&order_time=2022-08-12 HTTP/1.1" 200 408
114.83.216.111 - - [12/Aug/2022:10:17:43 +0800] "GET /xingrg/all/function/internal_message.html?_=1660270656581&CODE_STATE=getMsg HTTP/1.1" 200 27
180.174.21.132 - - [12/Aug/2022:10:17:43 +0800] "GET /xingrg/check_reg.html?_=1660270708186 HTTP/1.1" 200 22
180.174.21.132 - - [12/Aug/2022:10:17:43 +0800] "GET /xingrg/all/function/internal_message.html?_=1660270708188&CODE_STATE=getMsg HTTP/1.1" 200 27
116.237.76.47 - - [12/Aug/2022:10:17:46 +0800] "GET /xingrg/all/function/internal_message.html?_=1660270665575&CODE_STATE=getMsg HTTP/1.1" 200 27
180.169.147.146 - - [12/Aug/2022:10:17:47 +0800] "POST /xingrg/kc/buy/cgsh_order_operate.html HTTP/1.1" 200 37
116.228.172.94 - - [12/Aug/2022:10:17:48 +0800] "GET /xingrg/all/function/internal_message.html?_=1660270344985&CODE_STATE=getMsg HTTP/1.1" 200 27
180.169.147.146 - - [12/Aug/2022:10:17:49 +0800] "GET /xingrg/check_reg.html?_=1660270665303 HTTP/1.1" 200 22
180.169.147.146 - - [12/Aug/2022:10:17:49 +0800] "GET /xingrg/all/function/internal_message.html?_=1660270665302&CODE_STATE=getMsg HTTP/1.1" 200 27
222.69.129.110 - - [12/Aug/2022:10:17:50 +0800] "GET /xingrg/check_reg.html?_=1660270729499 HTTP/1.1" 200 22
222.69.129.110 - - [12/Aug/2022:10:17:50 +0800] "GET /xingrg/all/function/internal_message.html?_=1660270729503&CODE_STATE=getMsg HTTP/1.1" 200 27
180.169.147.146 - - [12/Aug/2022:10:17:51 +0800] "POST /xingrg/kc/buy/cgsh_order_operate.html HTTP/1.1" 200 2653
180.169.147.146 - - [12/Aug/2022:10:17:51 +0800] "GET /xingrg/kc/print/load_data.html?order_code=212022081203559&kc_code=cgsh&condition= HTTP/1.1" 200 681
58.221.95.50 - - [12/Aug/2022:10:18:01 +0800] "GET /xingrg/all/function/internal_message.html?_=1660270678271&CODE_STATE=getMsg HTTP/1.1" 200 27
180.169.147.146 - - [12/Aug/2022:10:18:04 +0800] "GET /xingrg/kc/buy/cgsh_order_add.html HTTP/1.1" 200 68281
180.169.147.146 - - [12/Aug/2022:10:18:04 +0800] "GET /xingrg/javascript/easyui/themes/default/validatebox.css HTTP/1.1" 404 1104
180.169.147.146 - - [12/Aug/2022:10:18:04 +0800] "POST /xingrg/kc/buy/cgsh_order_operate.html HTTP/1.1" 200 8245
180.169.147.146 - - [12/Aug/2022:10:18:05 +0800] "GET /xingrg/check_reg.html?_=1660270681084 HTTP/1.1" 200 22
180.169.147.146 - - [12/Aug/2022:10:18:05 +0800] "GET /xingrg/all/function/internal_message.html?_=1660270681085&CODE_STATE=getMsg HTTP/1.1" 200 27
116.224.255.128 - - [12/Aug/2022:10:18:05 +0800] "POST /xingrg/all/user/operate.html HTTP/1.1" 200 36
116.224.255.128 - - [12/Aug/2022:10:18:05 +0800] "GET /xingrg/index.html?sysBaseUrl=http%3A%2F%2F180.169.147.146%3A18081%2Fxingrg%2F&costTime=40×tamp=1660264766473 HTTP/1.1" 200 17179
116.224.255.128 - - [12/Aug/2022:10:18:05 +0800] "GET /xingrg/javascript/jquery_easy_ui/themes/default/easyui.css HTTP/1.1" 304 -
116.224.255.128 - - [12/Aug/2022:10:18:05 +0800] "GET /xingrg/javascript/jquery_easy_ui/themes/icon.css HTTP/1.1" 304 -
116.224.255.128 - - [12/Aug/2022:10:18:05 +0800] "GET /xingrg/css/form.css HTTP/1.1" 304 -
116.224.255.128 - - [12/Aug/2022:10:18:05 +0800] "GET /xingrg/javascript/jquery-1.4.2.min.js HTTP/1.1" 304 -
116.224.255.128 - - [12/Aug/2022:10:18:05 +0800] "GET /xingrg/javascript/jquery_easy_ui/jquery.easyui.min.js HTTP/1.1" 304 -
116.224.255.128 - - [12/Aug/2022:10:18:05 +0800] "GET /xingrg/javascript/jquery_easy_ui/easyui-lang-zh_CN.js HTTP/1.1" 304 -
116.224.255.128 - - [12/Aug/2022:10:18:05 +0800] "GET /xingrg/javascript/jquery.form.js HTTP/1.1" 304 -
116.224.255.128 - - [12/Aug/2022:10:18:05 +0800] "GET /xingrg/javascript/jquery.utils.js HTTP/1.1" 304 -
116.224.255.128 - - [12/Aug/2022:10:18:05 +0800] "GET /xingrg/javascript/jquery.timers.js HTTP/1.1" 304 -
116.224.255.128 - - [12/Aug/2022:10:18:05 +0800] "GET /xingrg/images/blue/jxLogo.png HTTP/1.1" 304 -
116.224.255.128 - - [12/Aug/2022:10:18:05 +0800] "GET /xingrg/images/blue/navBackgound.jpg HTTP/1.1" 304 -
116.224.255.128 - - [12/Aug/2022:10:18:05 +0800] "POST /xingrg/all/common/load_tree.html?tree=area_rest_tree_json&manage=1 HTTP/1.1" 200 476
116.224.255.128 - - [12/Aug/2022:10:18:05 +0800] "GET /xingrg/images/blue/pingpu.png HTTP/1.1" 304 -
116.224.255.128 - - [12/Aug/2022:10:18:05 +0800] "GET /xingrg/javascript/jquery_easy_ui/themes/icons/settle_new.png HTTP/1.1" 304 -
116.224.255.128 - - [12/Aug/2022:10:18:05 +0800] "GET /xingrg/javascript/jquery_easy_ui/themes/default/images/panel_tool_collapse.gif HTTP/1.1" 304 -
116.224.255.128 - - [12/Aug/2022:10:18:05 +0800] "GET /xingrg/all/function/internal_message.html?_=1660270622038&CODE_STATE=count HTTP/1.1" 200 11
116.224.255.128 - - [12/Aug/2022:10:18:05 +0800] "GET /xingrg/check_reg.html?_=1660270622039 HTTP/1.1" 200 22
116.224.255.128 - - [12/Aug/2022:10:18:05 +0800] "GET /xingrg/javascript/jquery_easy_ui/themes/default/images/tree_arrows.gif HTTP/1.1" 304 -
116.224.255.128 - - [12/Aug/2022:10:18:05 +0800] "POST /xingrg/load_menu.html HTTP/1.1" 200 5138
116.224.255.128 - - [12/Aug/2022:10:18:05 +0800] "GET /xingrg/javascript/jquery_easy_ui/themes/default/images/tabs_leftarrow.png HTTP/1.1" 304 -
116.224.255.128 - - [12/Aug/2022:10:18:05 +0800] "GET /xingrg/javascript/jquery_easy_ui/themes/default/images/tabs_rightarrow.png HTTP/1.1" 304 -
116.224.255.128 - - [12/Aug/2022:10:18:05 +0800] "GET /xingrg/javascript/jquery_easy_ui/themes/default/images/tree_folder_open.gif HTTP/1.1" 304 -
116.224.255.128 - - [12/Aug/2022:10:18:05 +0800] "GET /xingrg/javascript/jquery_easy_ui/themes/default/images/tree_folder.gif HTTP/1.1" 304 -
116.224.255.128 - - [12/Aug/2022:10:18:05 +0800] "GET /xingrg/javascript/jquery_easy_ui/themes/icons/search_new.png HTTP/1.1" 304 -
116.224.255.128 - - [12/Aug/2022:10:18:05 +0800] "GET /xingrg/javascript/jquery_easy_ui/themes/icons/storage_new.png HTTP/1.1" 304 -
116.224.255.128 - - [12/Aug/2022:10:18:05 +0800] "GET /xingrg/javascript/jquery_easy_ui/themes/icons/forms_new.png HTTP/1.1" 304 -
116.224.255.128 - - [12/Aug/2022:10:18:05 +0800] "GET /xingrg/javascript/jquery_easy_ui/themes/default/images/tree_file.gif HTTP/1.1" 304 -
116.237.76.47 - - [12/Aug/2022:10:18:10 +0800] "GET /xingrg/check_reg.html?_=1660270689037 HTTP/1.1" 200 22
116.237.76.47 - - [12/Aug/2022:10:18:10 +0800] "GET /xingrg/all/function/internal_message.html?_=1660270689040&CODE_STATE=getMsg HTTP/1.1" 200 27
116.224.255.128 - - [12/Aug/2022:10:18:11 +0800] "GET /xingrg/kc/buy/cgsh_order_list.html HTTP/1.1" 200 52502
116.224.255.128 - - [12/Aug/2022:10:18:13 +0800] "POST /xingrg/kc/buy/cgsh_list_operate.html HTTP/1.1" 200 1372
114.88.158.224 - - [12/Aug/2022:10:18:14 +0800] "GET /xingrg/kc/buy/cgsh_order_operate.html?command=get_materiel&rest_code=00141&code=00101016105&supplier_code=00100036&order_time=2022-08-12 HTTP/1.1" 200 409
114.84.0.234 - - [12/Aug/2022:10:18:14 +0800] "GET /xingrg/all/function/internal_message.html?_=1660270688669&CODE_STATE=getMsg HTTP/1.1" 200 27
116.224.255.128 - - [12/Aug/2022:10:18:15 +0800] "POST /xingrg/kc/buy/cgsh_list_operate.html HTTP/1.1" 200 556
114.86.187.244 - - [12/Aug/2022:10:18:15 +0800] "GET /xingrg/all/function/internal_message.html?_=1660270697405&CODE_STATE=getMsg HTTP/1.1" 200 27
180.174.21.132 - - [12/Aug/2022:10:18:16 +0800] "GET /xingrg/all/function/internal_message.html?_=1660270566618&CODE_STATE=getMsg HTTP/1.1" 200 27
116.224.123.211 - - [12/Aug/2022:10:18:17 +0800] "GET /xingrg/all/function/internal_message.html?_=1660270693567&CODE_STATE=getMsg HTTP/1.1" 200 27
116.224.255.128 - - [12/Aug/2022:10:18:18 +0800] "GET /xingrg/kc/buy/cgsh_order_info.html?code=212022081203509 HTTP/1.1" 200 68299
116.224.255.128 - - [12/Aug/2022:10:18:18 +0800] "GET /xingrg/javascript/easyui/themes/default/validatebox.css HTTP/1.1" 404 1104
116.224.255.128 - - [12/Aug/2022:10:18:18 +0800] "POST /xingrg/kc/buy/cgsh_order_operate.html HTTP/1.1" 200 39369
116.235.94.65 - - [12/Aug/2022:10:18:23 +0800] "GET /xingrg/check_reg.html?_=1660270887506 HTTP/1.1" 200 22
116.235.94.65 - - [12/Aug/2022:10:18:23 +0800] "GET /xingrg/all/function/internal_message.html?_=1660270887504&CODE_STATE=getMsg HTTP/1.1" 200 27
180.169.147.146 - - [12/Aug/2022:10:18:23 +0800] "GET /xingrg/kc/buy/cgsh_order_operate.html?command=get_materiel&rest_code=00147&code=00101010161&supplier_code=00100334&order_time=2022-08-12 HTTP/1.1" 200 409
180.174.21.132 - - [12/Aug/2022:10:18:25 +0800] "GET /xingrg/all/function/internal_message.html?_=1660270702029&CODE_STATE=getMsg HTTP/1.1" 200 27
116.232.194.65 - - [12/Aug/2022:10:18:26 +0800] "GET /xingrg/all/function/internal_message.html?_=1660270683546&CODE_STATE=getMsg HTTP/1.1" 200 27
114.88.158.224 - - [12/Aug/2022:10:18:28 +0800] "GET /xingrg/all/function/internal_message.html?_=1660270378801&CODE_STATE=getMsg HTTP/1.1" 200 27
101.85.120.95 - - [12/Aug/2022:10:18:30 +0800] "GET /xingrg/all/function/internal_message.html?_=1660270704871&CODE_STATE=getMsg HTTP/1.1" 200 27
114.88.158.224 - - [12/Aug/2022:10:18:33 +0800] "GET /xingrg/kc/buy/cgsh_order_operate.html?command=get_materiel&rest_code=00141&code=00101012002&supplier_code=00100036&order_time=2022-08-12 HTTP/1.1" 200 419
101.80.228.36 - - [12/Aug/2022:10:18:33 +0800] "GET /xingrg/all/function/internal_message.html?_=1660270708353&CODE_STATE=getMsg HTTP/1.1" 200 27
180.169.147.146 - - [12/Aug/2022:10:18:33 +0800] "GET /xingrg/all/function/internal_message.html?_=1660270705951&CODE_STATE=getMsg HTTP/1.1" 200 27
120.253.135.82 - - [12/Aug/2022:10:18:35 +0800] "GET /xingrg/all/function/internal_message.html?_=1660270517221&CODE_STATE=getMsg HTTP/1.1" 200 27
218.81.223.53 - - [12/Aug/2022:10:18:35 +0800] "GET /xingrg/check_reg.html?_=1660270729162 HTTP/1.1" 200 22
218.81.223.53 - - [12/Aug/2022:10:18:35 +0800] "GET /xingrg/all/function/internal_message.html?_=1660270729521&CODE_STATE=getMsg HTTP/1.1" 200 27
180.169.147.146 - - [12/Aug/2022:10:18:39 +0800] "POST /xingrg/kc/buy/cgsh_order_operate.html HTTP/1.1" 200 37
180.169.147.146 - - [12/Aug/2022:10:18:41 +0800] "POST /xingrg/kc/buy/cgsh_order_operate.html HTTP/1.1" 200 3241
180.169.147.146 - - [12/Aug/2022:10:18:42 +0800] "GET /xingrg/kc/print/load_data.html?order_code=212022081203560&kc_code=cgsh&condition= HTTP/1.1" 200 902
114.88.158.224 - - [12/Aug/2022:10:18:42 +0800] "GET /xingrg/kc/buy/cgsh_order_operate.html?command=get_materiel&rest_code=00141&code=00101010348&supplier_code=00100036&order_time=2022-08-12 HTTP/1.1" 200 431
114.83.216.111 - - [12/Aug/2022:10:18:43 +0800] "GET /xingrg/all/function/internal_message.html?_=1660270716567&CODE_STATE=getMsg HTTP/1.1" 200 27
180.174.21.132 - - [12/Aug/2022:10:18:43 +0800] "GET /xingrg/all/function/internal_message.html?_=1660270768191&CODE_STATE=getMsg HTTP/1.1" 200 27
180.169.147.146 - - [12/Aug/2022:10:18:45 +0800] "GET /xingrg/kc/buy/cgsh_order_add.html HTTP/1.1" 200 68281
180.169.147.146 - - [12/Aug/2022:10:18:45 +0800] "POST /xingrg/kc/buy/cgsh_order_operate.html HTTP/1.1" 200 8245
180.169.147.146 - - [12/Aug/2022:10:18:45 +0800] "GET /xingrg/javascript/easyui/themes/default/validatebox.css HTTP/1.1" 404 1104
116.237.76.47 - - [12/Aug/2022:10:18:46 +0800] "GET /xingrg/all/function/internal_message.html?_=1660270725576&CODE_STATE=getMsg HTTP/1.1" 200 27
116.228.172.94 - - [12/Aug/2022:10:18:48 +0800] "GET /xingrg/all/function/internal_message.html?_=1660270404958&CODE_STATE=getMsg HTTP/1.1" 200 27
180.169.147.146 - - [12/Aug/2022:10:18:49 +0800] "GET /xingrg/all/function/internal_message.html?_=1660270725301&CODE_STATE=getMsg HTTP/1.1" 200 27
222.69.129.110 - - [12/Aug/2022:10:18:50 +0800] "GET /xingrg/all/function/internal_message.html?_=1660270789513&CODE_STATE=getMsg HTTP/1.1" 200 27
114.88.158.224 - - [12/Aug/2022:10:18:51 +0800] "GET /xingrg/kc/buy/cgsh_order_operate.html?command=get_materiel&rest_code=00141&code=00101007109&supplier_code=00100036&order_time=2022-08-12 HTTP/1.1" 200 408
114.88.158.224 - - [12/Aug/2022:10:19:00 +0800] "GET /xingrg/kc/buy/cgsh_order_operate.html?command=get_materiel&rest_code=00141&code=00101016038&supplier_code=00100036&order_time=2022-08-12 HTTP/1.1" 200 408
58.221.95.50 - - [12/Aug/2022:10:19:01 +0800] "GET /xingrg/all/function/internal_message.html?_=1660270738288&CODE_STATE=getMsg HTTP/1.1" 200 27
180.169.147.146 - - [12/Aug/2022:10:19:05 +0800] "GET /xingrg/kc/buy/cgsh_order_operate.html?command=get_materiel&rest_code=00147&code=00101012046&supplier_code=00100325&order_time=2022-08-11 HTTP/1.1" 200 417
180.169.147.146 - - [12/Aug/2022:10:19:05 +0800] "GET /xingrg/all/function/internal_message.html?_=1660270741081&CODE_STATE=getMsg HTTP/1.1" 200 27
116.224.255.128 - - [12/Aug/2022:10:19:05 +0800] "GET /xingrg/all/function/internal_message.html?_=1660270682043&CODE_STATE=getMsg HTTP/1.1" 200 27
114.88.158.224 - - [12/Aug/2022:10:19:08 +0800] "POST /xingrg/kc/buy/cgsh_order_operate.html HTTP/1.1" 200 37
116.237.76.47 - - [12/Aug/2022:10:19:10 +0800] "GET /xingrg/all/function/internal_message.html?_=1660270749066&CODE_STATE=getMsg HTTP/1.1" 200 27
180.169.147.146 - - [12/Aug/2022:10:19:13 +0800] "POST /xingrg/kc/buy/cgsh_order_operate.html HTTP/1.1" 200 37
114.88.158.224 - - [12/Aug/2022:10:19:14 +0800] "POST /xingrg/kc/buy/cgsh_order_operate.html HTTP/1.1" 200 12
114.84.0.234 - - [12/Aug/2022:10:19:14 +0800] "GET /xingrg/all/function/internal_message.html?_=1660270748669&CODE_STATE=getMsg HTTP/1.1" 200 27
114.86.187.244 - - [12/Aug/2022:10:19:15 +0800] "GET /xingrg/all/function/internal_message.html?_=1660270757408&CODE_STATE=getMsg HTTP/1.1" 200 27
114.88.158.224 - - [12/Aug/2022:10:19:15 +0800] "GET /xingrg/kc/buy/cgsh_order_info.html?code=212022081203561 HTTP/1.1" 200 63183
114.88.158.224 - - [12/Aug/2022:10:19:16 +0800] "GET /xingrg/javascript/easyui/themes/default/validatebox.css HTTP/1.1" 404 1104
180.174.21.132 - - [12/Aug/2022:10:19:16 +0800] "GET /xingrg/all/function/internal_message.html?_=1660270626618&CODE_STATE=getMsg HTTP/1.1" 200 27
114.88.158.224 - - [12/Aug/2022:10:19:16 +0800] "POST /xingrg/kc/buy/cgsh_order_operate.html HTTP/1.1" 200 5337
116.224.123.211 - - [12/Aug/2022:10:19:17 +0800] "GET /xingrg/all/function/internal_message.html?_=1660270753557&CODE_STATE=getMsg HTTP/1.1" 200 27
114.88.158.224 - - [12/Aug/2022:10:19:17 +0800] "GET /xingrg/kc/print/load_data.html?order_code=212022081203561&kc_code=cgsh&condition= HTTP/1.1" 200 2585
116.224.123.211 - - [12/Aug/2022:10:19:17 +0800] "GET /xingrg/check_reg.html?_=1660270754083 HTTP/1.1" 200 22
180.169.147.146 - - [12/Aug/2022:10:19:18 +0800] "POST /xingrg/kc/buy/cgsh_order_operate.html HTTP/1.1" 200 2661
180.169.147.146 - - [12/Aug/2022:10:19:19 +0800] "GET /xingrg/kc/print/load_data.html?order_code=212022081203562&kc_code=cgsh&condition= HTTP/1.1" 200 692
180.169.147.146 - - [12/Aug/2022:10:19:21 +0800] "GET /xingrg/kc/buy/cgsh_order_add.html HTTP/1.1" 200 68281
180.169.147.146 - - [12/Aug/2022:10:19:22 +0800] "POST /xingrg/kc/buy/cgsh_order_operate.html HTTP/1.1" 200 8245
180.169.147.146 - - [12/Aug/2022:10:19:22 +0800] "GET /xingrg/javascript/easyui/themes/default/validatebox.css HTTP/1.1" 404 1104
114.88.158.224 - - [12/Aug/2022:10:19:22 +0800] "GET /xingrg/kc/buy/cgsh_order_add.html HTTP/1.1" 200 68278
114.88.158.224 - - [12/Aug/2022:10:19:22 +0800] "POST /xingrg/kc/buy/cgsh_order_operate.html HTTP/1.1" 200 8245
114.88.158.224 - - [12/Aug/2022:10:19:22 +0800] "GET /xingrg/javascript/easyui/themes/default/validatebox.css HTTP/1.1" 404 1104
116.235.94.65 - - [12/Aug/2022:10:19:23 +0800] "GET /xingrg/all/function/internal_message.html?_=1660270947504&CODE_STATE=getMsg HTTP/1.1" 200 27
180.174.21.132 - - [12/Aug/2022:10:19:25 +0800] "GET /xingrg/all/function/internal_message.html?_=1660270761997&CODE_STATE=getMsg HTTP/1.1" 200 27
116.232.194.65 - - [12/Aug/2022:10:19:26 +0800] "GET /xingrg/all/function/internal_message.html?_=1660270743528&CODE_STATE=getMsg HTTP/1.1" 200 27
114.86.187.244 - - [12/Aug/2022:10:19:27 +0800] "GET /xingrg/check_reg.html?_=1660270763590 HTTP/1.1" 200 22
114.88.158.224 - - [12/Aug/2022:10:19:28 +0800] "GET /xingrg/all/function/internal_message.html?_=1660270438817&CODE_STATE=getMsg HTTP/1.1" 200 27
101.85.120.95 - - [12/Aug/2022:10:19:30 +0800] "GET /xingrg/all/function/internal_message.html?_=1660270764858&CODE_STATE=getMsg HTTP/1.1" 200 27
114.88.158.224 - - [12/Aug/2022:10:19:32 +0800] "GET /xingrg/kc/buy/cgsh_order_operate.html?command=get_materiel&rest_code=00141&code=00101006111&supplier_code=00100012&order_time=2022-08-12 HTTP/1.1" 200 409
180.169.147.146 - - [12/Aug/2022:10:19:33 +0800] "GET /xingrg/check_reg.html?_=1660270765824 HTTP/1.1" 200 22
101.80.228.36 - - [12/Aug/2022:10:19:33 +0800] "GET /xingrg/all/function/internal_message.html?_=1660270768356&CODE_STATE=getMsg HTTP/1.1" 200 27
180.169.147.146 - - [12/Aug/2022:10:19:33 +0800] "GET /xingrg/all/function/internal_message.html?_=1660270765941&CODE_STATE=getMsg HTTP/1.1" 200 27
120.253.135.82 - - [12/Aug/2022:10:19:35 +0800] "GET /xingrg/all/function/internal_message.html?_=1660270577237&CODE_STATE=getMsg HTTP/1.1" 200 27
218.81.223.53 - - [12/Aug/2022:10:19:35 +0800] "GET /xingrg/all/function/internal_message.html?_=1660270789533&CODE_STATE=getMsg HTTP/1.1" 200 27
180.169.147.146 - - [12/Aug/2022:10:19:36 +0800] "GET /xingrg/kc/buy/cgsh_order_operate.html?command=get_materiel&rest_code=00147&code=00101001115&supplier_code=00100089&order_time=2022-08-11 HTTP/1.1" 200 414
114.83.216.111 - - [12/Aug/2022:10:19:43 +0800] "GET /xingrg/all/function/internal_message.html?_=1660270776537&CODE_STATE=getMsg HTTP/1.1" 200 27
180.174.21.132 - - [12/Aug/2022:10:19:43 +0800] "GET /xingrg/all/function/internal_message.html?_=1660270828191&CODE_STATE=getMsg HTTP/1.1" 200 27
180.169.147.146 - - [12/Aug/2022:10:19:46 +0800] "POST /xingrg/kc/buy/cgsh_order_operate.html HTTP/1.1" 200 37
116.237.76.47 - - [12/Aug/2022:10:19:46 +0800] "GET /xingrg/all/function/internal_message.html?_=1660270785575&CODE_STATE=getMsg HTTP/1.1" 200 27
114.88.158.224 - - [12/Aug/2022:10:19:47 +0800] "GET /xingrg/kc/buy/cgsh_order_operate.html?command=get_materiel&rest_code=00141&code=00101006129&supplier_code=00100012&order_time=2022-08-12 HTTP/1.1" 200 431
116.228.172.94 - - [12/Aug/2022:10:19:48 +0800] "GET /xingrg/all/function/internal_message.html?_=1660270464936&CODE_STATE=getMsg HTTP/1.1" 200 27
180.169.147.146 - - [12/Aug/2022:10:19:49 +0800] "GET /xingrg/all/function/internal_message.html?_=1660270785302&CODE_STATE=getMsg HTTP/1.1" 200 27
180.169.147.146 - - [12/Aug/2022:10:19:49 +0800] "POST /xingrg/kc/buy/cgsh_order_operate.html HTTP/1.1" 200 2660
180.169.147.146 - - [12/Aug/2022:10:19:50 +0800] "GET /xingrg/kc/print/load_data.html?order_code=212022081203563&kc_code=cgsh&condition= HTTP/1.1" 200 752
222.69.129.110 - - [12/Aug/2022:10:19:50 +0800] "GET /xingrg/all/function/internal_message.html?_=1660270849515&CODE_STATE=getMsg HTTP/1.1" 200 27
180.169.147.146 - - [12/Aug/2022:10:19:53 +0800] "GET /xingrg/kc/buy/cgsh_order_add.html HTTP/1.1" 200 68281
180.169.147.146 - - [12/Aug/2022:10:19:53 +0800] "POST /xingrg/kc/buy/cgsh_order_operate.html HTTP/1.1" 200 8245
180.169.147.146 - - [12/Aug/2022:10:19:53 +0800] "GET /xingrg/javascript/easyui/themes/default/validatebox.css HTTP/1.1" 404 1104
114.88.158.224 - - [12/Aug/2022:10:20:01 +0800] "GET /xingrg/kc/buy/cgsh_order_operate.html?command=get_materiel&rest_code=00141&code=00101006055&supplier_code=00100012&order_time=2022-08-12 HTTP/1.1" 200 409
58.221.95.50 - - [12/Aug/2022:10:20:01 +0800] "GET /xingrg/all/function/internal_message.html?_=1660270798297&CODE_STATE=getMsg HTTP/1.1" 200 27
58.221.95.50 - - [12/Aug/2022:10:20:01 +0800] "GET /xingrg/check_reg.html?_=1660270798300 HTTP/1.1" 200 22
180.169.147.146 - - [12/Aug/2022:10:20:05 +0800] "GET /xingrg/all/function/internal_message.html?_=1660270801076&CODE_STATE=getMsg HTTP/1.1" 200 27
116.224.255.128 - - [12/Aug/2022:10:20:05 +0800] "GET /xingrg/all/function/internal_message.html?_=1660270742056&CODE_STATE=getMsg HTTP/1.1" 200 27
116.237.76.47 - - [12/Aug/2022:10:20:10 +0800] "GET /xingrg/all/function/internal_message.html?_=1660270809065&CODE_STATE=getMsg HTTP/1.1" 200 27
114.88.158.224 - - [12/Aug/2022:10:20:11 +0800] "GET /xingrg/kc/buy/cgsh_order_operate.html?command=get_materiel&rest_code=00141&code=00101006193&supplier_code=00100012&order_time=2022-08-12 HTTP/1.1" 200 409
180.169.147.146 - - [12/Aug/2022:10:20:14 +0800] "GET /xingrg/kc/buy/cgsh_order_operate.html?command=get_materiel&rest_code=00147&code=00101003006&supplier_code=00100092&order_time=2022-08-11 HTTP/1.1" 200 433
114.84.0.234 - - [12/Aug/2022:10:20:14 +0800] "GET /xingrg/check_reg.html?_=1660270808696 HTTP/1.1" 200 22
114.84.0.234 - - [12/Aug/2022:10:20:15 +0800] "GET /xingrg/all/function/internal_message.html?_=1660270808698&CODE_STATE=getMsg HTTP/1.1" 200 27
114.86.187.244 - - [12/Aug/2022:10:20:15 +0800] "GET /xingrg/check_reg.html?_=1660270817393 HTTP/1.1" 200 22
114.86.187.244 - - [12/Aug/2022:10:20:15 +0800] "GET /xingrg/all/function/internal_message.html?_=1660270817395&CODE_STATE=getMsg HTTP/1.1" 200 27
180.174.21.132 - - [12/Aug/2022:10:20:16 +0800] "GET /xingrg/all/function/internal_message.html?_=1660270686617&CODE_STATE=getMsg HTTP/1.1" 200 27
116.224.123.211 - - [12/Aug/2022:10:20:17 +0800] "GET /xingrg/all/function/internal_message.html?_=1660270813536&CODE_STATE=getMsg HTTP/1.1" 200 27
116.235.94.65 - - [12/Aug/2022:10:20:23 +0800] "GET /xingrg/all/function/internal_message.html?_=1660271007502&CODE_STATE=getMsg HTTP/1.1" 200 27
114.88.158.224 - - [12/Aug/2022:10:20:23 +0800] "POST /xingrg/kc/buy/cgsh_order_operate.html HTTP/1.1" 200 37
180.174.21.132 - - [12/Aug/2022:10:20:25 +0800] "GET /xingrg/all/function/internal_message.html?_=1660270821977&CODE_STATE=getMsg HTTP/1.1" 200 27
116.232.194.65 - - [12/Aug/2022:10:20:26 +0800] "GET /xingrg/all/function/internal_message.html?_=1660270803511&CODE_STATE=getMsg HTTP/1.1" 200 27
116.232.194.65 - - [12/Aug/2022:10:20:27 +0800] "GET /xingrg/check_reg.html?_=1660270804368 HTTP/1.1" 200 22
180.169.147.146 - - [12/Aug/2022:10:20:27 +0800] "POST /xingrg/kc/buy/cgsh_order_operate.html HTTP/1.1" 200 37
180.174.21.132 - - [12/Aug/2022:10:20:27 +0800] "GET /xingrg/check_reg.html?_=1660270823609 HTTP/1.1" 200 22
114.88.158.224 - - [12/Aug/2022:10:20:28 +0800] "GET /xingrg/all/function/internal_message.html?_=1660270498807&CODE_STATE=getMsg HTTP/1.1" 200 27
114.88.158.224 - - [12/Aug/2022:10:20:29 +0800] "POST /xingrg/kc/buy/cgsh_order_operate.html HTTP/1.1" 200 12
180.169.147.146 - - [12/Aug/2022:10:20:30 +0800] "POST /xingrg/kc/buy/cgsh_order_operate.html HTTP/1.1" 200 2661
101.85.120.95 - - [12/Aug/2022:10:20:30 +0800] "GET /xingrg/all/function/internal_message.html?_=1660270824857&CODE_STATE=getMsg HTTP/1.1" 200 27
180.169.147.146 - - [12/Aug/2022:10:20:31 +0800] "GET /xingrg/kc/print/load_data.html?order_code=212022081203565&kc_code=cgsh&condition= HTTP/1.1" 200 731
114.88.158.224 - - [12/Aug/2022:10:20:31 +0800] "GET /xingrg/kc/buy/cgsh_order_info.html?code=212022081203564 HTTP/1.1" 200 63181
114.88.158.224 - - [12/Aug/2022:10:20:31 +0800] "GET /xingrg/javascript/easyui/themes/default/validatebox.css HTTP/1.1" 404 1104
114.88.158.224 - - [12/Aug/2022:10:20:32 +0800] "POST /xingrg/kc/buy/cgsh_order_operate.html HTTP/1.1" 200 2395
101.80.228.36 - - [12/Aug/2022:10:20:33 +0800] "GET /xingrg/all/function/internal_message.html?_=1660270828359&CODE_STATE=getMsg HTTP/1.1" 200 27
180.169.147.146 - - [12/Aug/2022:10:20:33 +0800] "GET /xingrg/all/function/internal_message.html?_=1660270825907&CODE_STATE=getMsg HTTP/1.1" 200 27
180.169.147.146 - - [12/Aug/2022:10:20:34 +0800] "GET /xingrg/kc/buy/cgsh_order_add.html HTTP/1.1" 200 68281
120.253.135.82 - - [12/Aug/2022:10:20:34 +0800] "GET /xingrg/check_reg.html?_=1660270636421 HTTP/1.1" 200 22
180.169.147.146 - - [12/Aug/2022:10:20:34 +0800] "POST /xingrg/kc/buy/cgsh_order_operate.html HTTP/1.1" 200 8245
180.169.147.146 - - [12/Aug/2022:10:20:34 +0800] "GET /xingrg/javascript/easyui/themes/default/validatebox.css HTTP/1.1" 404 1104
114.88.158.224 - - [12/Aug/2022:10:20:34 +0800] "GET /xingrg/kc/print/load_data.html?order_code=212022081203564&kc_code=cgsh&condition= HTTP/1.1" 200 1483
120.253.135.82 - - [12/Aug/2022:10:20:35 +0800] "GET /xingrg/all/function/internal_message.html?_=1660270637251&CODE_STATE=getMsg HTTP/1.1" 200 27
218.81.223.53 - - [12/Aug/2022:10:20:35 +0800] "GET /xingrg/all/function/internal_message.html?_=1660270849547&CODE_STATE=getMsg HTTP/1.1" 200 27
114.88.158.224 - - [12/Aug/2022:10:20:40 +0800] "GET /xingrg/kc/buy/cgsh_order_add.html HTTP/1.1" 200 68278
114.88.158.224 - - [12/Aug/2022:10:20:41 +0800] "POST /xingrg/kc/buy/cgsh_order_operate.html HTTP/1.1" 200 8245
114.88.158.224 - - [12/Aug/2022:10:20:41 +0800] "GET /xingrg/javascript/easyui/themes/default/validatebox.css HTTP/1.1" 404 1104
114.83.216.111 - - [12/Aug/2022:10:20:43 +0800] "GET /xingrg/all/function/internal_message.html?_=1660270836522&CODE_STATE=getMsg HTTP/1.1" 200 27
180.174.21.132 - - [12/Aug/2022:10:20:43 +0800] "GET /xingrg/all/function/internal_message.html?_=1660270888190&CODE_STATE=getMsg HTTP/1.1" 200 27
116.237.76.47 - - [12/Aug/2022:10:20:46 +0800] "GET /xingrg/all/function/internal_message.html?_=1660270845575&CODE_STATE=getMsg HTTP/1.1" 200 27
