218.81.223.53 - - [12/Aug/2022:09:30:58 +0800] "GET /xingrg/all/function/internal_message.html?_=1660267872050&CODE_STATE=getMsg HTTP/1.1" 200 27
120.253.135.82 - - [12/Aug/2022:09:31:04 +0800] "GET /xingrg/images/blue/wait.gif HTTP/1.1" 304 -
120.253.135.82 - - [12/Aug/2022:09:31:04 +0800] "POST /xingrg/dwr/call/plaincall/AjaxCgthService.saveOrder.dwr HTTP/1.1" 200 78
120.253.135.82 - - [12/Aug/2022:09:31:05 +0800] "GET /xingrg/images/yd/bt.gif HTTP/1.1" 404 1040
120.253.135.82 - - [12/Aug/2022:09:31:08 +0800] "POST /xingrg/dwr/call/plaincall/AjaxComOrderService.getMaterielSearchList.dwr HTTP/1.1" 200 208339
120.253.135.82 - - [12/Aug/2022:09:31:09 +0800] "POST /xingrg/dwr/call/plaincall/AjaxComOrderService.getMaterielSearchList.dwr HTTP/1.1" 200 2784
114.86.187.244 - - [12/Aug/2022:09:31:15 +0800] "GET /xingrg/all/function/internal_message.html?_=1660267877316&CODE_STATE=getMsg HTTP/1.1" 200 27
180.174.21.132 - - [12/Aug/2022:09:31:16 +0800] "GET /xingrg/check_reg.html?_=1660267746544 HTTP/1.1" 200 22
180.174.21.132 - - [12/Aug/2022:09:31:16 +0800] "GET /xingrg/all/function/internal_message.html?_=1660267746546&CODE_STATE=getMsg HTTP/1.1" 200 27
116.224.123.211 - - [12/Aug/2022:09:31:17 +0800] "GET /xingrg/kc/buy/cgsh_order_operate.html?command=get_materiel&rest_code=00102&code=00101008132&supplier_code=00100008&order_time=2022-08-12 HTTP/1.1" 200 408
116.224.123.211 - - [12/Aug/2022:09:31:17 +0800] "GET /xingrg/all/function/internal_message.html?_=1660267874061&CODE_STATE=getMsg HTTP/1.1" 200 27
101.80.228.36 - - [12/Aug/2022:09:31:19 +0800] "GET /xingrg/check_reg.html?_=1660267873873 HTTP/1.1" 200 22
180.174.21.132 - - [12/Aug/2022:09:31:19 +0800] "POST /xingrg/services/DataTransmitService HTTP/1.1" 200 524
116.224.255.128 - - [12/Aug/2022:09:31:21 +0800] "GET /xingrg/all/function/internal_message.html?_=1660267818332&CODE_STATE=getMsg HTTP/1.1" 200 27
180.174.21.132 - - [12/Aug/2022:09:31:27 +0800] "GET /xingrg/all/function/internal_message.html?_=1660267883155&CODE_STATE=getMsg HTTP/1.1" 200 27
116.232.194.65 - - [12/Aug/2022:09:31:27 +0800] "GET /xingrg/all/function/internal_message.html?_=1660267864382&CODE_STATE=getMsg HTTP/1.1" 200 27
116.224.123.211 - - [12/Aug/2022:09:31:31 +0800] "GET /xingrg/kc/buy/cgsh_order_operate.html?command=get_materiel&rest_code=00102&code=00101008108&supplier_code=00100008&order_time=2022-08-12 HTTP/1.1" 200 412
101.80.228.36 - - [12/Aug/2022:09:31:33 +0800] "GET /xingrg/all/function/internal_message.html?_=1660267888360&CODE_STATE=getMsg HTTP/1.1" 200 27
116.237.76.47 - - [12/Aug/2022:09:31:33 +0800] "GET /xingrg/all/function/internal_message.html?_=1660267892609&CODE_STATE=getMsg HTTP/1.1" 200 27
116.237.76.47 - - [12/Aug/2022:09:31:33 +0800] "GET /xingrg/check_reg.html?_=1660267892613 HTTP/1.1" 200 22
120.253.135.82 - - [12/Aug/2022:09:31:33 +0800] "GET /xingrg/all/function/internal_message.html?_=1660267696175&CODE_STATE=getMsg HTTP/1.1" 200 27
222.69.129.110 - - [12/Aug/2022:09:31:40 +0800] "GET /xingrg/kc/base/wldb_order_operate.html?command=get_materiel&rest_code=00154&base_code=0010724&code=00101040002 HTTP/1.1" 200 460
116.224.123.211 - - [12/Aug/2022:09:31:42 +0800] "GET /xingrg/kc/buy/cgsh_order_operate.html?command=get_materiel&rest_code=00102&code=00101015002&supplier_code=00100008&order_time=2022-08-12 HTTP/1.1" 200 413
222.69.129.110 - - [12/Aug/2022:09:31:42 +0800] "POST /xingrg/all/common/load_select.html HTTP/1.1" 200 25
114.83.216.111 - - [12/Aug/2022:09:31:44 +0800] "GET /xingrg/all/function/internal_message.html?_=1660267897309&CODE_STATE=getMsg HTTP/1.1" 200 27
114.83.216.111 - - [12/Aug/2022:09:31:44 +0800] "GET /xingrg/check_reg.html?_=1660267897517 HTTP/1.1" 200 22
222.69.129.110 - - [12/Aug/2022:09:31:45 +0800] "GET /xingrg/kc/base/wldb_order_operate.html?command=get_materiel_price&rest_code=00154&base_code=0010724&code=00101040002&unit_code=00100619 HTTP/1.1" 200 37
116.237.76.47 - - [12/Aug/2022:09:31:46 +0800] "GET /xingrg/all/function/internal_message.html?_=1660267905410&CODE_STATE=getMsg HTTP/1.1" 200 27
116.237.76.47 - - [12/Aug/2022:09:31:46 +0800] "GET /xingrg/check_reg.html?_=1660267905413 HTTP/1.1" 200 22
116.228.172.94 - - [12/Aug/2022:09:31:49 +0800] "GET /xingrg/all/function/internal_message.html?_=1660267585746&CODE_STATE=getMsg HTTP/1.1" 200 27
222.69.129.110 - - [12/Aug/2022:09:31:50 +0800] "GET /xingrg/all/function/internal_message.html?_=1660267969510&CODE_STATE=getMsg HTTP/1.1" 200 27
116.224.123.211 - - [12/Aug/2022:09:31:52 +0800] "GET /xingrg/kc/buy/cgsh_order_operate.html?command=get_materiel&rest_code=00102&code=00101008297&supplier_code=00100008&order_time=2022-08-12 HTTP/1.1" 200 412
116.224.123.211 - - [12/Aug/2022:09:31:54 +0800] "POST /xingrg/kc/buy/cgsh_order_operate.html HTTP/1.1" 200 2065
114.84.0.234 - - [12/Aug/2022:09:31:58 +0800] "GET /xingrg/all/function/internal_message.html?_=1660267911885&CODE_STATE=getMsg HTTP/1.1" 200 27
218.81.223.53 - - [12/Aug/2022:09:31:58 +0800] "GET /xingrg/all/function/internal_message.html?_=1660267932063&CODE_STATE=getMsg HTTP/1.1" 200 27
116.224.123.211 - - [12/Aug/2022:09:32:00 +0800] "GET /xingrg/kc/buy/cgsh_order_operate.html?command=get_materiel&rest_code=00102&code=00101008344&supplier_code=00100008&order_time=2022-08-12 HTTP/1.1" 200 412
120.253.135.82 - - [12/Aug/2022:09:32:03 +0800] "POST /xingrg/dwr/call/plaincall/AjaxCgthService.getMaterielByMap.dwr HTTP/1.1" 200 1819
120.253.135.82 - - [12/Aug/2022:09:32:06 +0800] "POST /xingrg/dwr/call/plaincall/AjaxCgthService.getUnitPrice.dwr HTTP/1.1" 200 86
120.253.135.82 - - [12/Aug/2022:09:32:10 +0800] "GET /xingrg/javascript/jquery_easy_ui/themes/default/images/button_plain_hover.png HTTP/1.1" 304 -
120.253.135.82 - - [12/Aug/2022:09:32:11 +0800] "POST /xingrg/dwr/call/plaincall/AjaxCgthService.saveMaterielItem.dwr HTTP/1.1" 200 78
120.253.135.82 - - [12/Aug/2022:09:32:11 +0800] "POST /xingrg/dwr/call/plaincall/AjaxCgthService.saveOrder.dwr HTTP/1.1" 200 78
114.86.187.244 - - [12/Aug/2022:09:32:15 +0800] "GET /xingrg/all/function/internal_message.html?_=1660267937328&CODE_STATE=getMsg HTTP/1.1" 200 27
120.253.135.82 - - [12/Aug/2022:09:32:15 +0800] "POST /xingrg/dwr/call/plaincall/AjaxCgthService.saveOrder.dwr HTTP/1.1" 200 78
180.174.21.132 - - [12/Aug/2022:09:32:16 +0800] "GET /xingrg/all/function/internal_message.html?_=1660267806545&CODE_STATE=getMsg HTTP/1.1" 200 27
116.224.123.211 - - [12/Aug/2022:09:32:17 +0800] "GET /xingrg/all/function/internal_message.html?_=1660267934066&CODE_STATE=getMsg HTTP/1.1" 200 27
120.253.135.82 - - [12/Aug/2022:09:32:19 +0800] "GET /xingrg/kc/print/load_config.html?_=1660267741740&kc_code=cgth HTTP/1.1" 200 2458
120.253.135.82 - - [12/Aug/2022:09:32:19 +0800] "GET /xingrg/kc/print/load_data.html?_=1660267741765&order_code=232022081200005&kc_code=cgth&condition= HTTP/1.1" 200 566
116.224.255.128 - - [12/Aug/2022:09:32:22 +0800] "GET /xingrg/all/function/internal_message.html?_=1660267878382&CODE_STATE=getMsg HTTP/1.1" 200 27
116.224.123.211 - - [12/Aug/2022:09:32:23 +0800] "GET /xingrg/kc/buy/cgsh_order_operate.html?command=get_materiel&rest_code=00102&code=00101008610&supplier_code=00100008&order_time=2022-08-12 HTTP/1.1" 200 413
116.228.172.94 - - [12/Aug/2022:09:32:25 +0800] "GET /xingrg/check_reg.html?_=1660267621961 HTTP/1.1" 200 22
180.174.21.132 - - [12/Aug/2022:09:32:27 +0800] "GET /xingrg/all/function/internal_message.html?_=1660267943129&CODE_STATE=getMsg HTTP/1.1" 200 27
116.232.194.65 - - [12/Aug/2022:09:32:27 +0800] "GET /xingrg/all/function/internal_message.html?_=1660267924361&CODE_STATE=getMsg HTTP/1.1" 200 27
101.80.228.36 - - [12/Aug/2022:09:32:33 +0800] "GET /xingrg/all/function/internal_message.html?_=1660267948346&CODE_STATE=getMsg HTTP/1.1" 200 27
116.237.76.47 - - [12/Aug/2022:09:32:33 +0800] "GET /xingrg/all/function/internal_message.html?_=1660267952603&CODE_STATE=getMsg HTTP/1.1" 200 27
120.253.135.82 - - [12/Aug/2022:09:32:33 +0800] "GET /xingrg/all/function/internal_message.html?_=1660267756177&CODE_STATE=getMsg HTTP/1.1" 200 27
120.253.135.82 - - [12/Aug/2022:09:32:38 +0800] "POST /xingrg/dwr/call/plaincall/AjaxCgthService.checkOrder.dwr HTTP/1.1" 200 78
116.224.123.211 - - [12/Aug/2022:09:32:39 +0800] "GET /xingrg/kc/buy/cgsh_order_operate.html?command=get_materiel&rest_code=00102&code=00101008265&supplier_code=00100008&order_time=2022-08-12 HTTP/1.1" 200 408
180.169.147.146 - - [12/Aug/2022:09:32:39 +0800] "GET /xingrg/login.html HTTP/1.1" 200 7641
120.253.135.82 - - [12/Aug/2022:09:32:40 +0800] "GET /xingrg/dwr/interface/AjaxCgthService.js HTTP/1.1" 200 14519
120.253.135.82 - - [12/Aug/2022:09:32:40 +0800] "GET /xingrg/dwr/interface/AjaxComOrderService.js HTTP/1.1" 200 18264
120.253.135.82 - - [12/Aug/2022:09:32:40 +0800] "GET /xingrg/kc/buy/cgth_order_info.html?code=232022081200005&part=buyck HTTP/1.1" 200 67635
120.253.135.82 - - [12/Aug/2022:09:32:40 +0800] "GET /xingrg/dwr/engine.js HTTP/1.1" 200 43631
180.169.147.146 - - [12/Aug/2022:09:32:40 +0800] "GET /xingrg/images/blue/hj.png HTTP/1.1" 200 1014
180.169.147.146 - - [12/Aug/2022:09:32:40 +0800] "GET /xingrg/images/blue/login_bg.png HTTP/1.1" 200 22101
180.169.147.146 - - [12/Aug/2022:09:32:40 +0800] "GET /xingrg/images/blue/srbg.png HTTP/1.1" 200 138
180.169.147.146 - - [12/Aug/2022:09:32:41 +0800] "GET /favicon.ico HTTP/1.1" 404 -
120.253.135.82 - - [12/Aug/2022:09:32:41 +0800] "POST /xingrg/all/common/load_tree.html?tree=supplier_tree_json&isDelete=1 HTTP/1.1" 200 67655
180.169.147.146 - - [12/Aug/2022:09:32:42 +0800] "POST /xingrg/login.do HTTP/1.1" 302 -
180.169.147.146 - - [12/Aug/2022:09:32:42 +0800] "GET /xingrg/index.html?sysBaseUrl=http%3A%2F%2F180.169.147.146%3A18081%2Fxingrg%2F&costTime=40×tamp=1660267962401 HTTP/1.1" 200 17503
180.169.147.146 - - [12/Aug/2022:09:32:43 +0800] "GET /favicon.ico HTTP/1.1" 404 -
120.253.135.82 - - [12/Aug/2022:09:32:43 +0800] "POST /xingrg/dwr/call/plaincall/AjaxCgthService.loadMaterielItems.dwr HTTP/1.1" 200 848
180.169.147.146 - - [12/Aug/2022:09:32:43 +0800] "POST /xingrg/all/common/load_tree.html?tree=area_rest_tree_json&manage=1 HTTP/1.1" 200 3472
114.83.216.111 - - [12/Aug/2022:09:32:44 +0800] "GET /xingrg/all/function/internal_message.html?_=1660267957317&CODE_STATE=getMsg HTTP/1.1" 200 27
180.169.147.146 - - [12/Aug/2022:09:32:44 +0800] "GET /xingrg/all/function/internal_message.html?_=1660267953608&CODE_STATE=count HTTP/1.1" 200 11
180.169.147.146 - - [12/Aug/2022:09:32:44 +0800] "GET /xingrg/check_reg.html?_=1660267953609 HTTP/1.1" 200 22
180.169.147.146 - - [12/Aug/2022:09:32:44 +0800] "POST /xingrg/load_menu.html HTTP/1.1" 200 11443
180.169.147.146 - - [12/Aug/2022:09:32:45 +0800] "GET /xingrg/javascript/jquery_easy_ui/themes/icons/delivery_new.png HTTP/1.1" 200 700
116.237.76.47 - - [12/Aug/2022:09:32:46 +0800] "GET /xingrg/all/function/internal_message.html?_=1660267965413&CODE_STATE=getMsg HTTP/1.1" 200 27
180.169.147.146 - - [12/Aug/2022:09:32:48 +0800] "POST /xingrg/all/user/operate.html HTTP/1.1" 200 36
180.169.147.146 - - [12/Aug/2022:09:32:49 +0800] "GET /xingrg/index.html?sysBaseUrl=http%3A%2F%2F180.169.147.146%3A18081%2Fxingrg%2F&costTime=40×tamp=1660267962401 HTTP/1.1" 200 17509
180.169.147.146 - - [12/Aug/2022:09:32:49 +0800] "GET /xingrg/javascript/jquery_easy_ui/themes/default/easyui.css HTTP/1.1" 304 -
180.169.147.146 - - [12/Aug/2022:09:32:49 +0800] "GET /xingrg/javascript/jquery_easy_ui/themes/icon.css HTTP/1.1" 304 -
180.169.147.146 - - [12/Aug/2022:09:32:49 +0800] "GET /xingrg/css/form.css HTTP/1.1" 304 -
180.169.147.146 - - [12/Aug/2022:09:32:49 +0800] "GET /xingrg/javascript/jquery-1.4.2.min.js HTTP/1.1" 304 -
180.169.147.146 - - [12/Aug/2022:09:32:49 +0800] "GET /xingrg/javascript/jquery_easy_ui/jquery.easyui.min.js HTTP/1.1" 304 -
180.169.147.146 - - [12/Aug/2022:09:32:49 +0800] "GET /xingrg/javascript/jquery_easy_ui/easyui-lang-zh_CN.js HTTP/1.1" 304 -
180.169.147.146 - - [12/Aug/2022:09:32:49 +0800] "GET /xingrg/javascript/jquery.form.js HTTP/1.1" 304 -
180.169.147.146 - - [12/Aug/2022:09:32:49 +0800] "GET /xingrg/javascript/jquery.utils.js HTTP/1.1" 304 -
180.169.147.146 - - [12/Aug/2022:09:32:49 +0800] "GET /xingrg/javascript/jquery.timers.js HTTP/1.1" 304 -
180.169.147.146 - - [12/Aug/2022:09:32:49 +0800] "GET /xingrg/images/blue/jxLogo.png HTTP/1.1" 304 -
180.169.147.146 - - [12/Aug/2022:09:32:49 +0800] "GET /xingrg/javascript/jquery_easy_ui/themes/icons/settle_new.png HTTP/1.1" 304 -
180.169.147.146 - - [12/Aug/2022:09:32:49 +0800] "GET /xingrg/images/blue/navBackgound.jpg HTTP/1.1" 304 -
180.169.147.146 - - [12/Aug/2022:09:32:49 +0800] "POST /xingrg/all/common/load_tree.html?tree=area_rest_tree_json&manage=1 HTTP/1.1" 200 3472
180.169.147.146 - - [12/Aug/2022:09:32:49 +0800] "GET /xingrg/all/function/internal_message.html?_=1660267958558&CODE_STATE=count HTTP/1.1" 200 11
180.169.147.146 - - [12/Aug/2022:09:32:49 +0800] "GET /xingrg/check_reg.html?_=1660267958558 HTTP/1.1" 200 22
180.169.147.146 - - [12/Aug/2022:09:32:49 +0800] "GET /xingrg/javascript/jquery_easy_ui/themes/default/images/tabs_rightarrow.png HTTP/1.1" 304 -
180.169.147.146 - - [12/Aug/2022:09:32:49 +0800] "GET /xingrg/javascript/jquery_easy_ui/themes/default/images/panel_tool_collapse.gif HTTP/1.1" 304 -
180.169.147.146 - - [12/Aug/2022:09:32:49 +0800] "POST /xingrg/load_menu.html HTTP/1.1" 200 9959
180.169.147.146 - - [12/Aug/2022:09:32:49 +0800] "GET /xingrg/javascript/jquery_easy_ui/themes/default/images/tabs_leftarrow.png HTTP/1.1" 304 -
180.169.147.146 - - [12/Aug/2022:09:32:49 +0800] "GET /xingrg/javascript/jquery_easy_ui/themes/default/images/panel_tool_expand.gif HTTP/1.1" 304 -
180.169.147.146 - - [12/Aug/2022:09:32:49 +0800] "GET /xingrg/images/blue/pingpu.png HTTP/1.1" 304 -
180.169.147.146 - - [12/Aug/2022:09:32:49 +0800] "GET /xingrg/javascript/jquery_easy_ui/themes/default/images/tree_folder.gif HTTP/1.1" 304 -
180.169.147.146 - - [12/Aug/2022:09:32:49 +0800] "GET /xingrg/javascript/jquery_easy_ui/themes/default/images/tree_arrows.gif HTTP/1.1" 304 -
180.169.147.146 - - [12/Aug/2022:09:32:49 +0800] "GET /xingrg/javascript/jquery_easy_ui/themes/default/images/tree_folder_open.gif HTTP/1.1" 304 -
180.169.147.146 - - [12/Aug/2022:09:32:49 +0800] "GET /xingrg/javascript/jquery_easy_ui/themes/icons/storage_new.png HTTP/1.1" 304 -
180.169.147.146 - - [12/Aug/2022:09:32:49 +0800] "GET /xingrg/javascript/jquery_easy_ui/themes/icons/forms_new.png HTTP/1.1" 304 -
180.169.147.146 - - [12/Aug/2022:09:32:49 +0800] "GET /xingrg/javascript/jquery_easy_ui/themes/icons/checkout_new.png HTTP/1.1" 304 -
180.169.147.146 - - [12/Aug/2022:09:32:49 +0800] "GET /xingrg/javascript/jquery_easy_ui/themes/default/images/tree_file.gif HTTP/1.1" 304 -
180.169.147.146 - - [12/Aug/2022:09:32:49 +0800] "GET /xingrg/javascript/jquery_easy_ui/themes/icons/setting_new.png HTTP/1.1" 304 -
180.169.147.146 - - [12/Aug/2022:09:32:49 +0800] "GET /xingrg/javascript/jquery_easy_ui/themes/icons/systemset_new.png HTTP/1.1" 304 -
180.169.147.146 - - [12/Aug/2022:09:32:49 +0800] "GET /xingrg/javascript/jquery_easy_ui/themes/icons/search_new.png HTTP/1.1" 304 -
116.228.172.94 - - [12/Aug/2022:09:32:49 +0800] "GET /xingrg/all/function/internal_message.html?_=1660267645732&CODE_STATE=getMsg HTTP/1.1" 200 27
222.69.129.110 - - [12/Aug/2022:09:32:50 +0800] "GET /xingrg/check_reg.html?_=1660268029516 HTTP/1.1" 200 22
222.69.129.110 - - [12/Aug/2022:09:32:50 +0800] "GET /xingrg/all/function/internal_message.html?_=1660268029520&CODE_STATE=getMsg HTTP/1.1" 200 27
180.169.147.146 - - [12/Aug/2022:09:32:51 +0800] "POST /xingrg/load_menu.html HTTP/1.1" 200 9695
180.169.147.146 - - [12/Aug/2022:09:32:57 +0800] "GET /xingrg/all/report/report_query.html?fileName=dma/new_5.0/menu/menu_category_hz.xml HTTP/1.1" 200 53064
180.169.147.146 - - [12/Aug/2022:09:32:57 +0800] "GET /xingrg/dwr/interface/AjaxReportQueryService.js HTTP/1.1" 200 13203
180.169.147.146 - - [12/Aug/2022:09:32:57 +0800] "GET /xingrg/dwr/util.js HTTP/1.1" 304 -
180.169.147.146 - - [12/Aug/2022:09:32:57 +0800] "GET /xingrg/dwr/engine.js HTTP/1.1" 200 43631
180.169.147.146 - - [12/Aug/2022:09:32:57 +0800] "POST /xingrg/dwr/call/plaincall/AjaxReportQueryService.getFixDate.dwr HTTP/1.1" 200 111
180.169.147.146 - - [12/Aug/2022:09:32:57 +0800] "POST /xingrg/all/common/load_tree.html?tree=area_station_tree_json&manage=1 HTTP/1.1" 200 3364
114.84.0.234 - - [12/Aug/2022:09:32:58 +0800] "GET /xingrg/all/function/internal_message.html?_=1660267971870&CODE_STATE=getMsg HTTP/1.1" 200 27
218.81.223.53 - - [12/Aug/2022:09:32:58 +0800] "GET /xingrg/all/function/internal_message.html?_=1660267992078&CODE_STATE=getMsg HTTP/1.1" 200 27
180.169.147.146 - - [12/Aug/2022:09:32:59 +0800] "GET /xingrg/all/report/report_query.html?fileName=dma/new_5.0/menu/menu_stca_hz.xml HTTP/1.1" 200 51418
180.169.147.146 - - [12/Aug/2022:09:32:59 +0800] "GET /xingrg/dwr/interface/AjaxReportQueryService.js HTTP/1.1" 200 13203
180.169.147.146 - - [12/Aug/2022:09:32:59 +0800] "GET /xingrg/dwr/engine.js HTTP/1.1" 200 43631
180.169.147.146 - - [12/Aug/2022:09:32:59 +0800] "POST /xingrg/dwr/call/plaincall/AjaxReportQueryService.getFixDate.dwr HTTP/1.1" 200 111
180.169.147.146 - - [12/Aug/2022:09:33:00 +0800] "POST /xingrg/all/common/load_tree.html?tree=area_station_tree_json&manage=1 HTTP/1.1" 200 3364
116.224.123.211 - - [12/Aug/2022:09:33:01 +0800] "POST /xingrg/kc/buy/cgsh_order_operate.html HTTP/1.1" 200 37
180.169.147.146 - - [12/Aug/2022:09:33:01 +0800] "POST /xingrg/dwr/call/plaincall/AjaxReportQueryService.getFixDate.dwr HTTP/1.1" 200 111
116.224.123.211 - - [12/Aug/2022:09:33:06 +0800] "POST /xingrg/kc/buy/cgsh_order_operate.html HTTP/1.1" 200 20381
180.169.147.146 - - [12/Aug/2022:09:33:06 +0800] "POST /xingrg/dwr/call/plaincall/AjaxReportQueryService.refreshCache.dwr HTTP/1.1" 200 78
114.83.216.111 - - [12/Aug/2022:09:33:06 +0800] "GET /xingrg/kc/buy/cgsh_order_operate.html?command=get_materiel&rest_code=00149&code=00101008004&supplier_code=00100008&order_time=2022-08-12 HTTP/1.1" 200 416
180.169.147.146 - - [12/Aug/2022:09:33:07 +0800] "POST /xingrg/all/report/load_report_page.html HTTP/1.1" 200 58985
180.169.147.146 - - [12/Aug/2022:09:33:07 +0800] "GET /xingrg/servlets/image?cache=0.5185172812565839&image=px HTTP/1.1" 200 807
114.86.187.244 - - [12/Aug/2022:09:33:15 +0800] "GET /xingrg/all/function/internal_message.html?_=1660267997318&CODE_STATE=getMsg HTTP/1.1" 200 27
180.174.21.132 - - [12/Aug/2022:09:33:16 +0800] "GET /xingrg/all/function/internal_message.html?_=1660267866544&CODE_STATE=getMsg HTTP/1.1" 200 27
180.169.147.146 - - [12/Aug/2022:09:33:17 +0800] "GET /xingrg/all/report/report_query.html?fileName=dma/new_5.0/menu/menu_category_hz.xml HTTP/1.1" 200 53064
180.169.147.146 - - [12/Aug/2022:09:33:17 +0800] "GET /xingrg/dwr/interface/AjaxReportQueryService.js HTTP/1.1" 200 13203
180.169.147.146 - - [12/Aug/2022:09:33:17 +0800] "GET /xingrg/dwr/engine.js HTTP/1.1" 200 43631
180.169.147.146 - - [12/Aug/2022:09:33:18 +0800] "POST /xingrg/dwr/call/plaincall/AjaxReportQueryService.getFixDate.dwr HTTP/1.1" 200 111
180.169.147.146 - - [12/Aug/2022:09:33:18 +0800] "POST /xingrg/all/common/load_tree.html?tree=area_station_tree_json&manage=1 HTTP/1.1" 200 3364
120.253.135.82 - - [12/Aug/2022:09:33:19 +0800] "GET /xingrg/kc/buy/cgth_order_list.html?isBack=1 HTTP/1.1" 200 51899
120.253.135.82 - - [12/Aug/2022:09:33:20 +0800] "POST /xingrg/kc/buy/cgth_list_operate.html HTTP/1.1" 200 1035
180.169.147.146 - - [12/Aug/2022:09:33:20 +0800] "POST /xingrg/dwr/call/plaincall/AjaxReportQueryService.getFixDate.dwr HTTP/1.1" 200 111
116.224.255.128 - - [12/Aug/2022:09:33:22 +0800] "GET /xingrg/all/function/internal_message.html?_=1660267938391&CODE_STATE=getMsg HTTP/1.1" 200 27
120.253.135.82 - - [12/Aug/2022:09:33:22 +0800] "GET /xingrg/kc/buy/cgth_order_add.html HTTP/1.1" 200 69753
120.253.135.82 - - [12/Aug/2022:09:33:22 +0800] "GET /xingrg/dwr/interface/AjaxComOrderService.js HTTP/1.1" 200 18264
120.253.135.82 - - [12/Aug/2022:09:33:22 +0800] "GET /xingrg/dwr/interface/AjaxCgthService.js HTTP/1.1" 200 14519
120.253.135.82 - - [12/Aug/2022:09:33:22 +0800] "GET /xingrg/dwr/engine.js HTTP/1.1" 200 43631
180.169.147.146 - - [12/Aug/2022:09:33:22 +0800] "GET /xingrg/all/report/report_query.html?fileName=dma/new_5.0/menu/menu_stca_hz.xml HTTP/1.1" 200 51418
180.169.147.146 - - [12/Aug/2022:09:33:22 +0800] "GET /xingrg/dwr/interface/AjaxReportQueryService.js HTTP/1.1" 200 13203
180.169.147.146 - - [12/Aug/2022:09:33:22 +0800] "GET /xingrg/dwr/engine.js HTTP/1.1" 200 43631
180.169.147.146 - - [12/Aug/2022:09:33:22 +0800] "POST /xingrg/dwr/call/plaincall/AjaxReportQueryService.getFixDate.dwr HTTP/1.1" 200 111
116.224.123.211 - - [12/Aug/2022:09:33:22 +0800] "POST /xingrg/kc/buy/cgsh_order_operate.html HTTP/1.1" 200 37
180.169.147.146 - - [12/Aug/2022:09:33:23 +0800] "POST /xingrg/all/common/load_tree.html?tree=area_station_tree_json&manage=1 HTTP/1.1" 200 3364
114.83.216.111 - - [12/Aug/2022:09:33:23 +0800] "GET /xingrg/kc/buy/cgsh_order_operate.html?command=get_materiel&rest_code=00149&code=00101008077&supplier_code=00100008&order_time=2022-08-12 HTTP/1.1" 200 416
120.253.135.82 - - [12/Aug/2022:09:33:23 +0800] "POST /xingrg/all/common/load_tree.html?tree=supplier_tree_json&isDelete=1 HTTP/1.1" 200 67655
180.169.147.146 - - [12/Aug/2022:09:33:24 +0800] "POST /xingrg/dwr/call/plaincall/AjaxReportQueryService.getFixDate.dwr HTTP/1.1" 200 111
114.84.0.234 - - [12/Aug/2022:09:33:25 +0800] "GET /xingrg/check_reg.html?_=1660267999530 HTTP/1.1" 200 22
180.174.21.132 - - [12/Aug/2022:09:33:26 +0800] "GET /xingrg/all/function/internal_message.html?_=1660268003104&CODE_STATE=getMsg HTTP/1.1" 200 27
116.232.194.65 - - [12/Aug/2022:09:33:27 +0800] "GET /xingrg/all/function/internal_message.html?_=1660267984345&CODE_STATE=getMsg HTTP/1.1" 200 27
116.224.123.211 - - [12/Aug/2022:09:33:27 +0800] "POST /xingrg/kc/buy/cgsh_order_operate.html HTTP/1.1" 200 20381
180.169.147.146 - - [12/Aug/2022:09:33:28 +0800] "POST /xingrg/dwr/call/plaincall/AjaxReportQueryService.refreshCache.dwr HTTP/1.1" 200 78
180.169.147.146 - - [12/Aug/2022:09:33:28 +0800] "POST /xingrg/all/report/load_report_page.html HTTP/1.1" 200 58985
180.169.147.146 - - [12/Aug/2022:09:33:28 +0800] "GET /xingrg/servlets/image?cache=0.7913366644912858&image=px HTTP/1.1" 200 807
114.83.216.111 - - [12/Aug/2022:09:33:28 +0800] "POST /xingrg/kc/buy/cgsh_order_operate.html HTTP/1.1" 200 2065
180.169.147.146 - - [12/Aug/2022:09:33:32 +0800] "GET /xingrg/all/report/report_query.html?isQuery=1&fileName=dma/new_5.0/menu/menu_hz.xml&queryString=(a.sale_day%2520between%252020220701%2520and%252020220731)%2520and%2520(a.sid%2520in%2520(13))%2520and%2520(a.tj_code%253D9)&queryText=%25E3%2580%2590%25E8%2590%25A5%25E4%25B8%259A%25E6%2597%25A5%25E6%259C%259F%253A2022-07-01%2520%25E8%2587%25B3%25202022-07-31%25E3%2580%2591%2520%25E5%25B9%25B6%25E4%25B8%2594%2520%2520%25E3%2580%2590%25E9%2597%25A8%25E5%25BA%2597%25E5%2590%258D%25E7%25A7%25B0%2520%253D%2520%25E6%25A6%2595%25E6%25B8%25AF%25E5%2590%258D%25E8%25BD%25A9%25E5%2590%25B4%25E4%25B8%25AD%25E5%25BA%2597%25E3%2580%2591%2520%25E5%25B9%25B6%25E4%25B8%2594%2520%25E3%2580%2590%25E7%25BB%259F%25E8%25AE%25A1%25E7%25B1%25BB%25E5%2588%25AB%2520%253D%2520%25E6%25A5%25BC%25E9%259D%25A2%25E3%2580%2591 HTTP/1.1" 200 54115
180.169.147.146 - - [12/Aug/2022:09:33:32 +0800] "GET /xingrg/dwr/engine.js HTTP/1.1" 200 43631
180.169.147.146 - - [12/Aug/2022:09:33:32 +0800] "GET /favicon.ico HTTP/1.1" 404 -
180.169.147.146 - - [12/Aug/2022:09:33:32 +0800] "POST /xingrg/all/report/load_report_page.html HTTP/1.1" 200 123307
180.169.147.146 - - [12/Aug/2022:09:33:32 +0800] "GET /xingrg/images/blue/button/back.gif HTTP/1.1" 200 1352
180.169.147.146 - - [12/Aug/2022:09:33:32 +0800] "GET /xingrg/images/blue/button/back2.gif HTTP/1.1" 200 1339
180.169.147.146 - - [12/Aug/2022:09:33:32 +0800] "GET /xingrg/servlets/image?cache=0.43142922078058077&image=px HTTP/1.1" 200 807
101.80.228.36 - - [12/Aug/2022:09:33:33 +0800] "GET /xingrg/all/function/internal_message.html?_=1660268008349&CODE_STATE=getMsg HTTP/1.1" 200 27
116.237.76.47 - - [12/Aug/2022:09:33:33 +0800] "GET /xingrg/all/function/internal_message.html?_=1660268012607&CODE_STATE=getMsg HTTP/1.1" 200 27
120.253.135.82 - - [12/Aug/2022:09:33:34 +0800] "GET /xingrg/all/function/internal_message.html?_=1660267816254&CODE_STATE=getMsg HTTP/1.1" 200 27
120.253.135.82 - - [12/Aug/2022:09:33:35 +0800] "POST /xingrg/dwr/call/plaincall/AjaxCgthService.saveOrder.dwr HTTP/1.1" 200 78
114.83.216.111 - - [12/Aug/2022:09:33:35 +0800] "GET /xingrg/kc/buy/cgsh_order_operate.html?command=get_materiel&rest_code=00149&code=00101008223&supplier_code=00100008&order_time=2022-08-12 HTTP/1.1" 200 412
120.253.135.82 - - [12/Aug/2022:09:33:35 +0800] "GET /xingrg/images/yd/bt.gif HTTP/1.1" 404 1040
116.224.123.211 - - [12/Aug/2022:09:33:38 +0800] "GET /xingrg/kc/buy/cgsh_order_add.html HTTP/1.1" 200 68313
116.224.123.211 - - [12/Aug/2022:09:33:38 +0800] "POST /xingrg/kc/buy/cgsh_order_operate.html HTTP/1.1" 200 8245
116.224.123.211 - - [12/Aug/2022:09:33:38 +0800] "GET /xingrg/javascript/easyui/themes/default/validatebox.css HTTP/1.1" 404 1104
120.253.135.82 - - [12/Aug/2022:09:33:39 +0800] "POST /xingrg/dwr/call/plaincall/AjaxComOrderService.getMaterielSearchList.dwr HTTP/1.1" 200 522385
120.253.135.82 - - [12/Aug/2022:09:33:39 +0800] "POST /xingrg/dwr/call/plaincall/AjaxComOrderService.getMaterielSearchList.dwr HTTP/1.1" 200 708
180.169.147.146 - - [12/Aug/2022:09:33:39 +0800] "GET /xingrg/all/report/report_query.html?isQuery=1&fileName=dma/new_5.0/menu/menu_day_hz.xml&queryString=(a.sale_day%2520between%252020220701%2520and%252020220731)%2520and%2520(a.sid%2520in%2520(13))%2520and%2520(a.tj_code%253D9)%2520and%2520(a.menu_name%253D'%25E5%25A4%25A7%25E5%258E%2585%25E8%258C%25B6%25E4%25BD%258D%25E8%25B4%25B9'%2520and%2520a.menu_unit%253D'%25E4%25BD%258D')&queryText=%25E3%2580%2590%25E8%2590%25A5%25E4%25B8%259A%25E6%2597%25A5%25E6%259C%259F%253A2022-07-01%2520%25E8%2587%25B3%25202022-07-31%25E3%2580%2591%2520%25E5%25B9%25B6%25E4%25B8%2594%2520%2520%25E3%2580%2590%25E9%2597%25A8%25E5%25BA%2597%25E5%2590%258D%25E7%25A7%25B0%2520%253D%2520%25E6%25A6%2595%25E6%25B8%25AF%25E5%2590%258D%25E8%25BD%25A9%25E5%2590%25B4%25E4%25B8%25AD%25E5%25BA%2597%25E3%2580%2591%2520%25E5%25B9%25B6%25E4%25B8%2594%2520%25E3%2580%2590%25E7%25BB%259F%25E8%25AE%25A1%25E7%25B1%25BB%25E5%2588%25AB%2520%253D%2520%25E6%25A5%25BC%25E9%259D%25A2%25E3%2580%2591%2520%25E5%25B9%25B6%25E4%25B8%2594%2520%25E3%2580%2590%25E8%258F%259C%25E5%2593%2581%25E5%2590%258D%25E7%25A7%25B0%2520%253D%2520%25E5%25A4%25A7%25E5%258E%2585%25E8%258C%25B6%25E4%25BD%258D%25E8%25B4%25B9%25E3%2580%2591%2520%25E3%2580%2590%25E5%258D%2595%25E4%25BD%258D%2520%253D%2520%25E4%25BD%258D%25E3%2580%2591 HTTP/1.1" 200 52398
180.169.147.146 - - [12/Aug/2022:09:33:40 +0800] "GET /xingrg/dwr/engine.js HTTP/1.1" 200 43631
180.169.147.146 - - [12/Aug/2022:09:33:40 +0800] "GET /favicon.ico HTTP/1.1" 404 -
116.224.123.211 - - [12/Aug/2022:09:33:40 +0800] "GET /xingrg/javascript/easyui/themes/default/tree.css HTTP/1.1" 404 1090
116.224.123.211 - - [12/Aug/2022:09:33:40 +0800] "POST /xingrg/all/common/load_tree.html?tree=supplier_tree_json&isDelete=1 HTTP/1.1" 200 67655
180.169.147.146 - - [12/Aug/2022:09:33:40 +0800] "POST /xingrg/all/report/load_report_page.html HTTP/1.1" 200 17567
180.169.147.146 - - [12/Aug/2022:09:33:40 +0800] "GET /xingrg/servlets/image?cache=0.8346049637878568&image=px HTTP/1.1" 200 807
114.83.216.111 - - [12/Aug/2022:09:33:44 +0800] "GET /xingrg/all/function/internal_message.html?_=1660268017304&CODE_STATE=getMsg HTTP/1.1" 200 27
114.83.216.111 - - [12/Aug/2022:09:33:45 +0800] "GET /xingrg/kc/buy/cgsh_order_operate.html?command=get_materiel&rest_code=00149&code=00101008439&supplier_code=00100008&order_time=2022-08-12 HTTP/1.1" 200 412
116.237.76.47 - - [12/Aug/2022:09:33:46 +0800] "GET /xingrg/all/function/internal_message.html?_=1660268025413&CODE_STATE=getMsg HTTP/1.1" 200 27
218.81.223.53 - - [12/Aug/2022:09:33:47 +0800] "POST /xingrg/services/DataTransmitService HTTP/1.1" 200 524
218.81.223.53 - - [12/Aug/2022:09:33:48 +0800] "POST /xingrg/services/DataTransmitService HTTP/1.1" 200 2339
120.253.135.82 - - [12/Aug/2022:09:33:48 +0800] "POST /xingrg/dwr/call/plaincall/AjaxCgthService.getMaterielByMap.dwr HTTP/1.1" 200 1733
180.169.147.146 - - [12/Aug/2022:09:33:48 +0800] "GET /xingrg/all/report/report_query.html?isQuery=1&fileName=dma/new_5.0/menu/menu_day_hz.xml&queryString=(a.sale_day%2520between%252020220701%2520and%252020220731)%2520and%2520(a.sid%2520in%2520(13))%2520and%2520(a.tj_code%253D9)%2520and%2520(a.menu_name%253D'%25E6%2599%25AE%25E5%258C%2585%25E8%258C%25B6%25E4%25BD%258D%25E8%25B4%25B9'%2520and%2520a.menu_unit%253D'%25E4%25BD%258D')&queryText=%25E3%2580%2590%25E8%2590%25A5%25E4%25B8%259A%25E6%2597%25A5%25E6%259C%259F%253A2022-07-01%2520%25E8%2587%25B3%25202022-07-31%25E3%2580%2591%2520%25E5%25B9%25B6%25E4%25B8%2594%2520%2520%25E3%2580%2590%25E9%2597%25A8%25E5%25BA%2597%25E5%2590%258D%25E7%25A7%25B0%2520%253D%2520%25E6%25A6%2595%25E6%25B8%25AF%25E5%2590%258D%25E8%25BD%25A9%25E5%2590%25B4%25E4%25B8%25AD%25E5%25BA%2597%25E3%2580%2591%2520%25E5%25B9%25B6%25E4%25B8%2594%2520%25E3%2580%2590%25E7%25BB%259F%25E8%25AE%25A1%25E7%25B1%25BB%25E5%2588%25AB%2520%253D%2520%25E6%25A5%25BC%25E9%259D%25A2%25E3%2580%2591%2520%25E5%25B9%25B6%25E4%25B8%2594%2520%25E3%2580%2590%25E8%258F%259C%25E5%2593%2581%25E5%2590%258D%25E7%25A7%25B0%2520%253D%2520%25E6%2599%25AE%25E5%258C%2585%25E8%258C%25B6%25E4%25BD%258D%25E8%25B4%25B9%25E3%2580%2591%2520%25E3%2580%2590%25E5%258D%2595%25E4%25BD%258D%2520%253D%2520%25E4%25BD%258D%25E3%2580%2591 HTTP/1.1" 200 52398
180.169.147.146 - - [12/Aug/2022:09:33:48 +0800] "GET /xingrg/dwr/engine.js HTTP/1.1" 200 43631
180.169.147.146 - - [12/Aug/2022:09:33:48 +0800] "GET /favicon.ico HTTP/1.1" 404 -
180.169.147.146 - - [12/Aug/2022:09:33:49 +0800] "POST /xingrg/all/report/load_report_page.html HTTP/1.1" 200 11637
180.169.147.146 - - [12/Aug/2022:09:33:49 +0800] "GET /xingrg/servlets/image?cache=0.11570579920038304&image=px HTTP/1.1" 200 807
218.81.223.53 - - [12/Aug/2022:09:33:49 +0800] "POST /xingrg/services/DataTransmitService HTTP/1.1" 200 201296
180.169.147.146 - - [12/Aug/2022:09:33:49 +0800] "GET /xingrg/all/function/internal_message.html?_=1660268025235&CODE_STATE=getMsg HTTP/1.1" 200 27
116.228.172.94 - - [12/Aug/2022:09:33:49 +0800] "GET /xingrg/all/function/internal_message.html?_=1660267705709&CODE_STATE=getMsg HTTP/1.1" 200 27
222.69.129.110 - - [12/Aug/2022:09:33:50 +0800] "GET /xingrg/all/function/internal_message.html?_=1660268089496&CODE_STATE=getMsg HTTP/1.1" 200 27
120.253.135.82 - - [12/Aug/2022:09:33:51 +0800] "POST /xingrg/dwr/call/plaincall/AjaxCgthService.saveMaterielItem.dwr HTTP/1.1" 200 78
180.169.147.146 - - [12/Aug/2022:09:33:54 +0800] "GET /xingrg/all/report/report_query.html?isQuery=1&fileName=dma/new_5.0/menu/menu_day_hz.xml&queryString=(a.sale_day%2520between%252020220701%2520and%252020220731)%2520and%2520(a.sid%2520in%2520(13))%2520and%2520(a.tj_code%253D9)%2520and%2520(a.menu_name%253D'%25E5%259B%25BD%25E5%25AE%25BE%25E8%258C%25B6%25E4%25BD%258D%25E8%25B4%25B9'%2520and%2520a.menu_unit%253D'%25E4%25BD%258D')&queryText=%25E3%2580%2590%25E8%2590%25A5%25E4%25B8%259A%25E6%2597%25A5%25E6%259C%259F%253A2022-07-01%2520%25E8%2587%25B3%25202022-07-31%25E3%2580%2591%2520%25E5%25B9%25B6%25E4%25B8%2594%2520%2520%25E3%2580%2590%25E9%2597%25A8%25E5%25BA%2597%25E5%2590%258D%25E7%25A7%25B0%2520%253D%2520%25E6%25A6%2595%25E6%25B8%25AF%25E5%2590%258D%25E8%25BD%25A9%25E5%2590%25B4%25E4%25B8%25AD%25E5%25BA%2597%25E3%2580%2591%2520%25E5%25B9%25B6%25E4%25B8%2594%2520%25E3%2580%2590%25E7%25BB%259F%25E8%25AE%25A1%25E7%25B1%25BB%25E5%2588%25AB%2520%253D%2520%25E6%25A5%25BC%25E9%259D%25A2%25E3%2580%2591%2520%25E5%25B9%25B6%25E4%25B8%2594%2520%25E3%2580%2590%25E8%258F%259C%25E5%2593%2581%25E5%2590%258D%25E7%25A7%25B0%2520%253D%2520%25E5%259B%25BD%25E5%25AE%25BE%25E8%258C%25B6%25E4%25BD%258D%25E8%25B4%25B9%25E3%2580%2591%2520%25E3%2580%2590%25E5%258D%2595%25E4%25BD%258D%2520%253D%2520%25E4%25BD%258D%25E3%2580%2591 HTTP/1.1" 200 52398
180.169.147.146 - - [12/Aug/2022:09:33:54 +0800] "GET /xingrg/dwr/engine.js HTTP/1.1" 200 43631
180.169.147.146 - - [12/Aug/2022:09:33:54 +0800] "GET /favicon.ico HTTP/1.1" 404 -
180.169.147.146 - - [12/Aug/2022:09:33:54 +0800] "POST /xingrg/all/report/load_report_page.html HTTP/1.1" 200 14633
180.169.147.146 - - [12/Aug/2022:09:33:54 +0800] "GET /xingrg/servlets/image?cache=0.07273775931825488&image=px HTTP/1.1" 200 807
120.253.135.82 - - [12/Aug/2022:09:33:54 +0800] "POST /xingrg/dwr/call/plaincall/AjaxCgthService.saveOrder.dwr HTTP/1.1" 200 78
114.83.216.111 - - [12/Aug/2022:09:33:56 +0800] "GET /xingrg/kc/buy/cgsh_order_operate.html?command=get_materiel&rest_code=00149&code=00101008286&supplier_code=00100008&order_time=2022-08-12 HTTP/1.1" 200 408
114.84.0.234 - - [12/Aug/2022:09:33:58 +0800] "GET /xingrg/all/function/internal_message.html?_=1660268031840&CODE_STATE=getMsg HTTP/1.1" 200 27
120.253.135.82 - - [12/Aug/2022:09:33:58 +0800] "GET /xingrg/kc/print/load_config.html?_=1660267840293&kc_code=cgth HTTP/1.1" 200 2458
120.253.135.82 - - [12/Aug/2022:09:33:58 +0800] "GET /xingrg/kc/print/load_data.html?_=1660267840316&order_code=232022081200006&kc_code=cgth&condition= HTTP/1.1" 200 517
218.81.223.53 - - [12/Aug/2022:09:33:58 +0800] "GET /xingrg/all/function/internal_message.html?_=1660268052090&CODE_STATE=getMsg HTTP/1.1" 200 27
180.169.147.146 - - [12/Aug/2022:09:33:59 +0800] "GET /xingrg/all/report/report_query.html?isQuery=1&fileName=dma/new_5.0/menu/menu_day_hz.xml&queryString=(a.sale_day%2520between%252020220701%2520and%252020220731)%2520and%2520(a.sid%2520in%2520(13))%2520and%2520(a.tj_code%253D9)%2520and%2520(a.menu_name%253D'%25E6%2580%25BB%25E7%25BB%259F%25E8%258C%25B6%25E4%25BD%258D%25E8%25B4%25B9'%2520and%2520a.menu_unit%253D'%25E4%25BD%258D')&queryText=%25E3%2580%2590%25E8%2590%25A5%25E4%25B8%259A%25E6%2597%25A5%25E6%259C%259F%253A2022-07-01%2520%25E8%2587%25B3%25202022-07-31%25E3%2580%2591%2520%25E5%25B9%25B6%25E4%25B8%2594%2520%2520%25E3%2580%2590%25E9%2597%25A8%25E5%25BA%2597%25E5%2590%258D%25E7%25A7%25B0%2520%253D%2520%25E6%25A6%2595%25E6%25B8%25AF%25E5%2590%258D%25E8%25BD%25A9%25E5%2590%25B4%25E4%25B8%25AD%25E5%25BA%2597%25E3%2580%2591%2520%25E5%25B9%25B6%25E4%25B8%2594%2520%25E3%2580%2590%25E7%25BB%259F%25E8%25AE%25A1%25E7%25B1%25BB%25E5%2588%25AB%2520%253D%2520%25E6%25A5%25BC%25E9%259D%25A2%25E3%2580%2591%2520%25E5%25B9%25B6%25E4%25B8%2594%2520%25E3%2580%2590%25E8%258F%259C%25E5%2593%2581%25E5%2590%258D%25E7%25A7%25B0%2520%253D%2520%25E6%2580%25BB%25E7%25BB%259F%25E8%258C%25B6%25E4%25BD%258D%25E8%25B4%25B9%25E3%2580%2591%2520%25E3%2580%2590%25E5%258D%2595%25E4%25BD%258D%2520%253D%2520%25E4%25BD%258D%25E3%2580%2591 HTTP/1.1" 200 52398
180.169.147.146 - - [12/Aug/2022:09:34:00 +0800] "GET /xingrg/dwr/engine.js HTTP/1.1" 200 43631
180.169.147.146 - - [12/Aug/2022:09:34:00 +0800] "GET /favicon.ico HTTP/1.1" 404 -
180.169.147.146 - - [12/Aug/2022:09:34:00 +0800] "POST /xingrg/all/report/load_report_page.html HTTP/1.1" 200 14634
180.169.147.146 - - [12/Aug/2022:09:34:00 +0800] "GET /xingrg/servlets/image?cache=0.23550602057893288&image=px HTTP/1.1" 200 807
114.86.187.244 - - [12/Aug/2022:09:34:15 +0800] "GET /xingrg/all/function/internal_message.html?_=1660268057321&CODE_STATE=getMsg HTTP/1.1" 200 27
180.174.21.132 - - [12/Aug/2022:09:34:16 +0800] "GET /xingrg/all/function/internal_message.html?_=1660267926569&CODE_STATE=getMsg HTTP/1.1" 200 27
116.224.123.211 - - [12/Aug/2022:09:34:17 +0800] "GET /xingrg/all/function/internal_message.html?_=1660268054055&CODE_STATE=getMsg HTTP/1.1" 200 27
116.224.123.211 - - [12/Aug/2022:09:34:17 +0800] "GET /xingrg/check_reg.html?_=1660268054057 HTTP/1.1" 200 22
222.69.129.110 - - [12/Aug/2022:09:34:20 +0800] "GET /xingrg/kc/base/wldb_order_operate.html?command=get_materiel&rest_code=00154&base_code=0010724&code=00101040040 HTTP/1.1" 200 458
116.224.255.128 - - [12/Aug/2022:09:34:22 +0800] "GET /xingrg/all/function/internal_message.html?_=1660267998443&CODE_STATE=getMsg HTTP/1.1" 200 27
180.169.147.146 - - [12/Aug/2022:09:34:25 +0800] "GET /xingrg/all/report/report_query.html?isQuery=1&fileName=dma/new_5.0/menu/menu_hz.xml&queryString=(a.sale_day%2520between%252020220701%2520and%252020220731)%2520and%2520(a.sid%2520in%2520(13))%2520and%2520(a.tj_code%253D9)&queryText=%25E3%2580%2590%25E8%2590%25A5%25E4%25B8%259A%25E6%2597%25A5%25E6%259C%259F%253A2022-07-01%2520%25E8%2587%25B3%25202022-07-31%25E3%2580%2591%2520%25E5%25B9%25B6%25E4%25B8%2594%2520%2520%25E3%2580%2590%25E9%2597%25A8%25E5%25BA%2597%25E5%2590%258D%25E7%25A7%25B0%2520%253D%2520%25E6%25A6%2595%25E6%25B8%25AF%25E5%2590%258D%25E8%25BD%25A9%25E5%2590%25B4%25E4%25B8%25AD%25E5%25BA%2597%25E3%2580%2591%2520%25E5%25B9%25B6%25E4%25B8%2594%2520%25E3%2580%2590%25E7%25BB%259F%25E8%25AE%25A1%25E7%25B1%25BB%25E5%2588%25AB%2520%253D%2520%25E6%25A5%25BC%25E9%259D%25A2%25E3%2580%2591 HTTP/1.1" 200 54115
180.169.147.146 - - [12/Aug/2022:09:34:25 +0800] "GET /xingrg/dwr/engine.js HTTP/1.1" 200 43631
180.169.147.146 - - [12/Aug/2022:09:34:25 +0800] "GET /favicon.ico HTTP/1.1" 404 -
180.169.147.146 - - [12/Aug/2022:09:34:26 +0800] "POST /xingrg/all/report/load_report_page.html HTTP/1.1" 200 123282
180.169.147.146 - - [12/Aug/2022:09:34:26 +0800] "GET /xingrg/servlets/image?cache=0.8315919156820946&image=px HTTP/1.1" 200 807
180.174.21.132 - - [12/Aug/2022:09:34:26 +0800] "GET /xingrg/all/function/internal_message.html?_=1660268063076&CODE_STATE=getMsg HTTP/1.1" 200 27
114.86.187.244 - - [12/Aug/2022:09:34:27 +0800] "GET /xingrg/check_reg.html?_=1660268063652 HTTP/1.1" 200 22
116.232.194.65 - - [12/Aug/2022:09:34:27 +0800] "GET /xingrg/all/function/internal_message.html?_=1660268044342&CODE_STATE=getMsg HTTP/1.1" 200 27
180.169.147.146 - - [12/Aug/2022:09:34:27 +0800] "GET /xingrg/all/report/report_query.html?isQuery=1&fileName=dma/new_5.0/menu/menu_mx.xml&queryString=(a.sale_day%2520between%252020220701%2520and%252020220731)%2520and%2520(a.sid%2520in%2520(13))%2520and%2520(a.tj_code%253D9)%2520and%2520(a.menu_name%253D'%25E5%25A4%25A7%25E5%258E%2585%25E8%258C%25B6%25E4%25BD%258D%25E8%25B4%25B9'%2520and%2520a.menu_unit%253D'%25E4%25BD%258D')&queryText=%25E3%2580%2590%25E8%2590%25A5%25E4%25B8%259A%25E6%2597%25A5%25E6%259C%259F%253A2022-07-01%2520%25E8%2587%25B3%25202022-07-31%25E3%2580%2591%2520%25E5%25B9%25B6%25E4%25B8%2594%2520%2520%25E3%2580%2590%25E9%2597%25A8%25E5%25BA%2597%25E5%2590%258D%25E7%25A7%25B0%2520%253D%2520%25E6%25A6%2595%25E6%25B8%25AF%25E5%2590%258D%25E8%25BD%25A9%25E5%2590%25B4%25E4%25B8%25AD%25E5%25BA%2597%25E3%2580%2591%2520%25E5%25B9%25B6%25E4%25B8%2594%2520%25E3%2580%2590%25E7%25BB%259F%25E8%25AE%25A1%25E7%25B1%25BB%25E5%2588%25AB%2520%253D%2520%25E6%25A5%25BC%25E9%259D%25A2%25E3%2580%2591%2520%25E5%25B9%25B6%25E4%25B8%2594%2520%25E3%2580%2590%25E8%258F%259C%25E5%2593%2581%25E5%2590%258D%25E7%25A7%25B0%2520%253D%2520%25E5%25A4%25A7%25E5%258E%2585%25E8%258C%25B6%25E4%25BD%258D%25E8%25B4%25B9%25E3%2580%2591%2520%25E3%2580%2590%25E5%258D%2595%25E4%25BD%258D%2520%253D%2520%25E4%25BD%258D%25E3%2580%2591 HTTP/1.1" 200 51817
180.169.147.146 - - [12/Aug/2022:09:34:27 +0800] "GET /xingrg/dwr/engine.js HTTP/1.1" 200 43631
180.169.147.146 - - [12/Aug/2022:09:34:28 +0800] "GET /favicon.ico HTTP/1.1" 404 -
180.169.147.146 - - [12/Aug/2022:09:34:28 +0800] "POST /xingrg/all/report/load_report_page.html HTTP/1.1" 200 24314
180.169.147.146 - - [12/Aug/2022:09:34:28 +0800] "GET /xingrg/servlets/image?cache=0.33838521282956724&image=px HTTP/1.1" 200 807
222.69.129.110 - - [12/Aug/2022:09:34:29 +0800] "GET /xingrg/kc/base/wldb_order_operate.html?command=get_materiel&rest_code=00154&base_code=0010724&code=00101040041 HTTP/1.1" 200 464
180.169.147.146 - - [12/Aug/2022:09:34:30 +0800] "GET /xingrg/dma/order_info.html?id=63127&sid=13&sale_day=20220731 HTTP/1.1" 200 8876
180.169.147.146 - - [12/Aug/2022:09:34:30 +0800] "GET /favicon.ico HTTP/1.1" 404 -
116.235.94.65 - - [12/Aug/2022:09:34:31 +0800] "POST /xingrg/services/DataTransmitService HTTP/1.1" 200 524
222.69.129.110 - - [12/Aug/2022:09:34:32 +0800] "POST /xingrg/kc/base/wldb_order_operate.html HTTP/1.1" 200 1710
101.80.228.36 - - [12/Aug/2022:09:34:33 +0800] "GET /xingrg/all/function/internal_message.html?_=1660268068350&CODE_STATE=getMsg HTTP/1.1" 200 27
116.237.76.47 - - [12/Aug/2022:09:34:33 +0800] "GET /xingrg/all/function/internal_message.html?_=1660268072606&CODE_STATE=getMsg HTTP/1.1" 200 27
120.253.135.82 - - [12/Aug/2022:09:34:34 +0800] "GET /xingrg/all/function/internal_message.html?_=1660267876267&CODE_STATE=getMsg HTTP/1.1" 200 27
180.169.147.146 - - [12/Aug/2022:09:34:37 +0800] "GET /xingrg/all/report/report_query.html?isQuery=1&fileName=dma/new_5.0/menu/menu_hz.xml&queryString=(a.sale_day%2520between%252020220701%2520and%252020220731)%2520and%2520(a.sid%2520in%2520(13))%2520and%2520(a.tj_code%253D9)&queryText=%25E3%2580%2590%25E8%2590%25A5%25E4%25B8%259A%25E6%2597%25A5%25E6%259C%259F%253A2022-07-01%2520%25E8%2587%25B3%25202022-07-31%25E3%2580%2591%2520%25E5%25B9%25B6%25E4%25B8%2594%2520%2520%25E3%2580%2590%25E9%2597%25A8%25E5%25BA%2597%25E5%2590%258D%25E7%25A7%25B0%2520%253D%2520%25E6%25A6%2595%25E6%25B8%25AF%25E5%2590%258D%25E8%25BD%25A9%25E5%2590%25B4%25E4%25B8%25AD%25E5%25BA%2597%25E3%2580%2591%2520%25E5%25B9%25B6%25E4%25B8%2594%2520%25E3%2580%2590%25E7%25BB%259F%25E8%25AE%25A1%25E7%25B1%25BB%25E5%2588%25AB%2520%253D%2520%25E6%25A5%25BC%25E9%259D%25A2%25E3%2580%2591 HTTP/1.1" 200 54115
180.169.147.146 - - [12/Aug/2022:09:34:37 +0800] "GET /xingrg/dwr/engine.js HTTP/1.1" 200 43631
180.169.147.146 - - [12/Aug/2022:09:34:38 +0800] "GET /favicon.ico HTTP/1.1" 404 -
180.169.147.146 - - [12/Aug/2022:09:34:38 +0800] "POST /xingrg/all/report/load_report_page.html HTTP/1.1" 200 123307
180.169.147.146 - - [12/Aug/2022:09:34:38 +0800] "GET /xingrg/servlets/image?cache=0.08883373402291961&image=px HTTP/1.1" 200 807
116.224.255.128 - - [12/Aug/2022:09:34:39 +0800] "GET /xingrg/check_reg.html?_=1660268016266 HTTP/1.1" 200 22
222.69.129.110 - - [12/Aug/2022:09:34:40 +0800] "GET /xingrg/kc/base/wldb_order_operate.html?command=get_materiel&rest_code=00154&base_code=0010724&code=00101040030 HTTP/1.1" 200 456
116.224.123.211 - - [12/Aug/2022:09:34:41 +0800] "GET /xingrg/kc/buy/cgsh_order_operate.html?command=get_materiel&rest_code=00102&code=00101008268&supplier_code=00100008&order_time=2022-08-12 HTTP/1.1" 200 408
114.83.216.111 - - [12/Aug/2022:09:34:44 +0800] "GET /xingrg/all/function/internal_message.html?_=1660268077285&CODE_STATE=getMsg HTTP/1.1" 200 27
116.237.76.47 - - [12/Aug/2022:09:34:46 +0800] "GET /xingrg/all/function/internal_message.html?_=1660268085441&CODE_STATE=getMsg HTTP/1.1" 200 27
180.169.147.146 - - [12/Aug/2022:09:34:49 +0800] "GET /xingrg/all/function/internal_message.html?_=1660268085228&CODE_STATE=getMsg HTTP/1.1" 200 27
116.228.172.94 - - [12/Aug/2022:09:34:49 +0800] "GET /xingrg/all/function/internal_message.html?_=1660267765708&CODE_STATE=getMsg HTTP/1.1" 200 27
120.253.135.82 - - [12/Aug/2022:09:34:49 +0800] "POST /xingrg/dwr/call/plaincall/AjaxCgthService.checkOrder.dwr HTTP/1.1" 200 78
222.69.129.110 - - [12/Aug/2022:09:34:50 +0800] "GET /xingrg/all/function/internal_message.html?_=1660268149496&CODE_STATE=getMsg HTTP/1.1" 200 27
114.83.216.111 - - [12/Aug/2022:09:34:51 +0800] "POST /xingrg/kc/buy/cgsh_order_operate.html HTTP/1.1" 200 37
120.253.135.82 - - [12/Aug/2022:09:34:51 +0800] "GET /xingrg/kc/buy/cgth_order_info.html?code=232022081200006&part=buyck HTTP/1.1" 200 67635
120.253.135.82 - - [12/Aug/2022:09:34:51 +0800] "GET /xingrg/dwr/interface/AjaxCgthService.js HTTP/1.1" 200 14519
120.253.135.82 - - [12/Aug/2022:09:34:51 +0800] "GET /xingrg/dwr/interface/AjaxComOrderService.js HTTP/1.1" 200 18264
120.253.135.82 - - [12/Aug/2022:09:34:51 +0800] "GET /xingrg/dwr/engine.js HTTP/1.1" 200 43631
120.253.135.82 - - [12/Aug/2022:09:34:52 +0800] "POST /xingrg/all/common/load_tree.html?tree=supplier_tree_json&isDelete=1 HTTP/1.1" 200 67655
114.83.216.111 - - [12/Aug/2022:09:34:53 +0800] "POST /xingrg/kc/buy/cgsh_order_operate.html HTTP/1.1" 200 22806
222.69.129.110 - - [12/Aug/2022:09:34:54 +0800] "GET /xingrg/kc/base/wldb_order_operate.html?command=get_materiel&rest_code=00154&base_code=0010724&code=00101040043 HTTP/1.1" 200 462
120.253.135.82 - - [12/Aug/2022:09:34:54 +0800] "POST /xingrg/dwr/call/plaincall/AjaxCgthService.loadMaterielItems.dwr HTTP/1.1" 200 787
116.224.123.211 - - [12/Aug/2022:09:34:55 +0800] "GET /xingrg/kc/buy/cgsh_order_operate.html?command=get_materiel&rest_code=00102&code=00101008361&supplier_code=00100008&order_time=2022-08-12 HTTP/1.1" 200 410
120.253.135.82 - - [12/Aug/2022:09:34:56 +0800] "GET /xingrg/kc/buy/cgth_order_list.html?isBack=1 HTTP/1.1" 200 51899
120.253.135.82 - - [12/Aug/2022:09:34:57 +0800] "POST /xingrg/kc/buy/cgth_list_operate.html HTTP/1.1" 200 1035
114.84.0.234 - - [12/Aug/2022:09:34:58 +0800] "GET /xingrg/all/function/internal_message.html?_=1660268091825&CODE_STATE=getMsg HTTP/1.1" 200 27
218.81.223.53 - - [12/Aug/2022:09:34:58 +0800] "GET /xingrg/all/function/internal_message.html?_=1660268112104&CODE_STATE=getMsg HTTP/1.1" 200 27
120.253.135.82 - - [12/Aug/2022:09:34:58 +0800] "GET /xingrg/kc/buy/cgth_order_add.html HTTP/1.1" 200 69753
120.253.135.82 - - [12/Aug/2022:09:34:58 +0800] "GET /xingrg/dwr/interface/AjaxCgthService.js HTTP/1.1" 200 14519
120.253.135.82 - - [12/Aug/2022:09:34:58 +0800] "GET /xingrg/dwr/interface/AjaxComOrderService.js HTTP/1.1" 200 18264
120.253.135.82 - - [12/Aug/2022:09:34:58 +0800] "GET /xingrg/dwr/engine.js HTTP/1.1" 200 43631
120.253.135.82 - - [12/Aug/2022:09:34:59 +0800] "POST /xingrg/all/common/load_tree.html?tree=supplier_tree_json&isDelete=1 HTTP/1.1" 200 67655
222.69.129.110 - - [12/Aug/2022:09:35:01 +0800] "GET /xingrg/kc/base/wldb_order_operate.html?command=get_materiel&rest_code=00154&base_code=0010724&code=00101040042 HTTP/1.1" 200 463
116.224.123.211 - - [12/Aug/2022:09:35:05 +0800] "GET /xingrg/kc/buy/cgsh_order_operate.html?command=get_materiel&rest_code=00102&code=00101008321&supplier_code=00100008&order_time=2022-08-12 HTTP/1.1" 200 412
180.169.147.146 - - [12/Aug/2022:09:35:06 +0800] "GET /xingrg/index.html?sysBaseUrl=http%3A%2F%2F180.169.147.146%3A18081%2Fxingrg%2F&costTime=39×tamp=1592034574635 HTTP/1.1" 302 -
180.169.147.146 - - [12/Aug/2022:09:35:06 +0800] "GET /xingrg/login.html HTTP/1.1" 200 7641
180.169.147.146 - - [12/Aug/2022:09:35:06 +0800] "GET /xingrg/images/blue/jxLogo.png HTTP/1.1" 200 6156
180.169.147.146 - - [12/Aug/2022:09:35:06 +0800] "GET /xingrg/images/blue/hj.png HTTP/1.1" 200 1014
180.169.147.146 - - [12/Aug/2022:09:35:06 +0800] "GET /xingrg/images/blue/srbg.png HTTP/1.1" 200 138
180.169.147.146 - - [12/Aug/2022:09:35:06 +0800] "GET /favicon.ico HTTP/1.1" 404 -
180.169.147.146 - - [12/Aug/2022:09:35:06 +0800] "GET /xingrg/images/blue/login_bg.png HTTP/1.1" 200 22101
180.169.147.146 - - [12/Aug/2022:09:35:06 +0800] "GET /favicon.ico HTTP/1.1" 404 -
180.169.147.146 - - [12/Aug/2022:09:35:08 +0800] "POST /xingrg/login.do HTTP/1.1" 302 -
180.169.147.146 - - [12/Aug/2022:09:35:08 +0800] "GET /xingrg/index.html?sysBaseUrl=http%3A%2F%2F180.169.147.146%3A18081%2Fxingrg%2F&costTime=40×tamp=1660268108004 HTTP/1.1" 200 17503
180.169.147.146 - - [12/Aug/2022:09:35:08 +0800] "GET /xingrg/javascript/jquery_easy_ui/themes/default/easyui.css HTTP/1.1" 200 26500
180.169.147.146 - - [12/Aug/2022:09:35:08 +0800] "GET /xingrg/javascript/jquery_easy_ui/jquery.easyui.min.js HTTP/1.1" 200 213662
180.169.147.146 - - [12/Aug/2022:09:35:08 +0800] "GET /xingrg/javascript/jquery_easy_ui/easyui-lang-zh_CN.js HTTP/1.1" 200 1900
180.169.147.146 - - [12/Aug/2022:09:35:08 +0800] "GET /xingrg/css/form.css HTTP/1.1" 200 893
180.169.147.146 - - [12/Aug/2022:09:35:08 +0800] "GET /xingrg/javascript/jquery.timers.js HTTP/1.1" 200 3532
180.169.147.146 - - [12/Aug/2022:09:35:08 +0800] "GET /xingrg/javascript/jquery-1.4.2.min.js HTTP/1.1" 200 72205
180.169.147.146 - - [12/Aug/2022:09:35:08 +0800] "GET /favicon.ico HTTP/1.1" 404 -
180.169.147.146 - - [12/Aug/2022:09:35:08 +0800] "GET /xingrg/javascript/jquery_easy_ui/themes/icon.css HTTP/1.1" 200 3949
180.169.147.146 - - [12/Aug/2022:09:35:08 +0800] "GET /xingrg/javascript/jquery.form.js HTTP/1.1" 200 23110
180.169.147.146 - - [12/Aug/2022:09:35:08 +0800] "GET /xingrg/javascript/jquery.utils.js HTTP/1.1" 200 11805
180.169.147.146 - - [12/Aug/2022:09:35:08 +0800] "GET /xingrg/javascript/jquery_easy_ui/themes/icons/settle_new.png HTTP/1.1" 200 826
180.169.147.146 - - [12/Aug/2022:09:35:08 +0800] "GET /xingrg/images/blue/navBackgound.jpg HTTP/1.1" 200 12378
180.169.147.146 - - [12/Aug/2022:09:35:08 +0800] "POST /xingrg/all/common/load_tree.html?tree=area_rest_tree_json&manage=1 HTTP/1.1" 200 3472
180.169.147.146 - - [12/Aug/2022:09:35:08 +0800] "GET /xingrg/all/function/internal_message.html?_=1660268104585&CODE_STATE=count HTTP/1.1" 200 11
180.169.147.146 - - [12/Aug/2022:09:35:08 +0800] "GET /xingrg/check_reg.html?_=1660268104586 HTTP/1.1" 200 22
180.169.147.146 - - [12/Aug/2022:09:35:08 +0800] "GET /xingrg/javascript/jquery_easy_ui/themes/default/images/tabs_leftarrow.png HTTP/1.1" 200 389
180.169.147.146 - - [12/Aug/2022:09:35:08 +0800] "GET /xingrg/images/blue/pingpu.png HTTP/1.1" 200 231
180.169.147.146 - - [12/Aug/2022:09:35:08 +0800] "GET /xingrg/javascript/jquery_easy_ui/themes/default/images/tabs_rightarrow.png HTTP/1.1" 200 395
180.169.147.146 - - [12/Aug/2022:09:35:08 +0800] "GET /xingrg/javascript/jquery_easy_ui/themes/default/images/panel_tool_expand.gif HTTP/1.1" 200 247
180.169.147.146 - - [12/Aug/2022:09:35:08 +0800] "GET /xingrg/javascript/jquery_easy_ui/themes/default/images/panel_tool_collapse.gif HTTP/1.1" 200 246
180.169.147.146 - - [12/Aug/2022:09:35:08 +0800] "POST /xingrg/load_menu.html HTTP/1.1" 200 11564
