116.224.255.128 - - [12/Aug/2022:09:47:07 +0800] "GET /xingrg/kc/buy/cgsh_order_add.html HTTP/1.1" 200 68290
116.224.123.211 - - [12/Aug/2022:09:47:07 +0800] "POST /xingrg/kc/buy/cgsh_order_operate.html HTTP/1.1" 200 37
116.224.255.128 - - [12/Aug/2022:09:47:07 +0800] "POST /xingrg/kc/buy/cgsh_order_operate.html HTTP/1.1" 200 8245
116.224.255.128 - - [12/Aug/2022:09:47:08 +0800] "GET /xingrg/javascript/easyui/themes/default/validatebox.css HTTP/1.1" 404 1104
116.237.76.47 - - [12/Aug/2022:09:47:09 +0800] "GET /xingrg/kc/report/report_main.html HTTP/1.1" 200 7340
116.237.76.47 - - [12/Aug/2022:09:47:10 +0800] "GET /xingrg/all/function/internal_message.html?_=1660268828955&CODE_STATE=getMsg HTTP/1.1" 200 27
116.224.123.211 - - [12/Aug/2022:09:47:10 +0800] "POST /xingrg/kc/buy/cgsh_order_operate.html HTTP/1.1" 200 15680
114.84.0.234 - - [12/Aug/2022:09:47:11 +0800] "GET /xingrg/kc/buy/cgsh_order_operate.html?command=get_materiel&rest_code=00111&code=00101011007&supplier_code=00100037&order_time=2022-08-12 HTTP/1.1" 200 414
116.237.76.47 - - [12/Aug/2022:09:47:11 +0800] "GET /xingrg/all/report/report_query.html?fileName=kc/buy/gys_amount.xml&rh=99999 HTTP/1.1" 200 52006
116.237.76.47 - - [12/Aug/2022:09:47:11 +0800] "GET /xingrg/dwr/interface/AjaxReportQueryService.js HTTP/1.1" 200 13203
116.237.76.47 - - [12/Aug/2022:09:47:11 +0800] "GET /xingrg/dwr/engine.js HTTP/1.1" 200 43631
116.237.76.47 - - [12/Aug/2022:09:47:12 +0800] "POST /xingrg/dwr/call/plaincall/AjaxReportQueryService.getFixDate.dwr HTTP/1.1" 200 111
116.237.76.47 - - [12/Aug/2022:09:47:12 +0800] "POST /xingrg/all/common/load_tree.html?tree=supplier_tree_json&manage=1 HTTP/1.1" 200 68990
180.169.147.146 - - [12/Aug/2022:09:47:12 +0800] "GET /xingrg/all/function/internal_message.html?_=1660268828391&CODE_STATE=getMsg HTTP/1.1" 200 27
116.237.76.47 - - [12/Aug/2022:09:47:12 +0800] "POST /xingrg/all/common/load_tree.html?tree=materiel_sort_tree_json HTTP/1.1" 200 9500
114.84.0.234 - - [12/Aug/2022:09:47:13 +0800] "POST /xingrg/kc/buy/cgsh_order_operate.html HTTP/1.1" 200 2065
116.237.76.47 - - [12/Aug/2022:09:47:13 +0800] "POST /xingrg/dwr/call/plaincall/AjaxReportQueryService.getInitString.dwr HTTP/1.1" 200 1023
116.224.123.211 - - [12/Aug/2022:09:47:14 +0800] "POST /xingrg/kc/buy/cgsh_list_operate.html HTTP/1.1" 200 1620
114.84.0.234 - - [12/Aug/2022:09:47:14 +0800] "GET /xingrg/all/function/internal_message.html?_=1660268828633&CODE_STATE=getMsg HTTP/1.1" 200 27
114.86.187.244 - - [12/Aug/2022:09:47:15 +0800] "GET /xingrg/all/function/internal_message.html?_=1660268837346&CODE_STATE=getMsg HTTP/1.1" 200 27
116.224.123.211 - - [12/Aug/2022:09:47:16 +0800] "POST /xingrg/kc/buy/cgsh_list_operate.html HTTP/1.1" 200 564
222.69.129.110 - - [12/Aug/2022:09:47:16 +0800] "GET /xingrg/kc/base/wldb_order_operate.html?command=get_materiel_price&rest_code=00154&base_code=0010724&code=00101040041&unit_code=00100004 HTTP/1.1" 200 36
116.224.123.211 - - [12/Aug/2022:09:47:16 +0800] "GET /xingrg/kc/buy/cgsh_order_info.html?code=212022081203535 HTTP/1.1" 200 68322
180.174.21.132 - - [12/Aug/2022:09:47:16 +0800] "GET /xingrg/all/function/internal_message.html?_=1660268706565&CODE_STATE=getMsg HTTP/1.1" 200 27
116.224.123.211 - - [12/Aug/2022:09:47:16 +0800] "GET /xingrg/javascript/easyui/themes/default/validatebox.css HTTP/1.1" 404 1104
116.224.123.211 - - [12/Aug/2022:09:47:17 +0800] "POST /xingrg/kc/buy/cgsh_order_operate.html HTTP/1.1" 200 20381
116.224.123.211 - - [12/Aug/2022:09:47:17 +0800] "GET /xingrg/all/function/internal_message.html?_=1660268833948&CODE_STATE=getMsg HTTP/1.1" 200 27
114.84.0.234 - - [12/Aug/2022:09:47:20 +0800] "GET /xingrg/kc/buy/cgsh_order_operate.html?command=get_materiel&rest_code=00111&code=00101008418&supplier_code=00100037&order_time=2022-08-12 HTTP/1.1" 200 412
114.83.216.111 - - [12/Aug/2022:09:47:21 +0800] "GET /xingrg/kc/buy/cgsh_order_add.html HTTP/1.1" 200 68366
114.83.216.111 - - [12/Aug/2022:09:47:22 +0800] "POST /xingrg/kc/buy/cgsh_order_operate.html HTTP/1.1" 200 8245
114.83.216.111 - - [12/Aug/2022:09:47:22 +0800] "GET /xingrg/javascript/easyui/themes/default/validatebox.css HTTP/1.1" 404 1104
116.224.255.128 - - [12/Aug/2022:09:47:22 +0800] "GET /xingrg/all/function/internal_message.html?_=1660268778737&CODE_STATE=getMsg HTTP/1.1" 200 27
222.69.129.110 - - [12/Aug/2022:09:47:22 +0800] "GET /xingrg/kc/base/wldb_order_operate.html?command=get_materiel&rest_code=00154&base_code=0010724&code=00101040022 HTTP/1.1" 200 454
116.235.94.65 - - [12/Aug/2022:09:47:22 +0800] "POST /xingrg/dwr/call/plaincall/AjaxQqpsService.saveMaterielItem.dwr HTTP/1.1" 200 78
101.85.120.95 - - [12/Aug/2022:09:47:24 +0800] "GET /favicon.ico HTTP/1.1" 404 -
101.85.120.95 - - [12/Aug/2022:09:47:24 +0800] "GET /xingrg/login.html HTTP/1.1" 200 7641
101.85.120.95 - - [12/Aug/2022:09:47:25 +0800] "GET /xingrg/images/blue/jxLogo.png HTTP/1.1" 304 -
116.228.172.94 - - [12/Aug/2022:09:47:25 +0800] "GET /xingrg/check_reg.html?_=1660268521930 HTTP/1.1" 200 22
101.85.120.95 - - [12/Aug/2022:09:47:25 +0800] "GET /xingrg/images/blue/login_bg.png HTTP/1.1" 304 -
101.85.120.95 - - [12/Aug/2022:09:47:25 +0800] "GET /xingrg/images/blue/hj.png HTTP/1.1" 304 -
101.85.120.95 - - [12/Aug/2022:09:47:25 +0800] "GET /xingrg/images/blue/srbg.png HTTP/1.1" 304 -
101.85.120.95 - - [12/Aug/2022:09:47:26 +0800] "GET /favicon.ico HTTP/1.1" 404 -
180.174.21.132 - - [12/Aug/2022:09:47:26 +0800] "GET /xingrg/all/function/internal_message.html?_=1660268842755&CODE_STATE=getMsg HTTP/1.1" 200 27
116.232.194.65 - - [12/Aug/2022:09:47:26 +0800] "GET /xingrg/all/function/internal_message.html?_=1660268824095&CODE_STATE=getMsg HTTP/1.1" 200 27
116.224.123.211 - - [12/Aug/2022:09:47:28 +0800] "POST /xingrg/kc/buy/cgsh_order_operate.html HTTP/1.1" 200 37
101.85.120.95 - - [12/Aug/2022:09:47:29 +0800] "POST /xingrg/login.do HTTP/1.1" 302 -
101.85.120.95 - - [12/Aug/2022:09:47:29 +0800] "GET /xingrg/javascript/jquery_easy_ui/themes/default/easyui.css HTTP/1.1" 304 -
101.85.120.95 - - [12/Aug/2022:09:47:29 +0800] "GET /xingrg/javascript/jquery_easy_ui/themes/icon.css HTTP/1.1" 304 -
101.85.120.95 - - [12/Aug/2022:09:47:29 +0800] "GET /xingrg/javascript/jquery_easy_ui/easyui-lang-zh_CN.js HTTP/1.1" 304 -
101.85.120.95 - - [12/Aug/2022:09:47:29 +0800] "GET /xingrg/javascript/jquery.form.js HTTP/1.1" 304 -
101.85.120.95 - - [12/Aug/2022:09:47:29 +0800] "GET /xingrg/index.html?sysBaseUrl=http%3A%2F%2F180.169.147.146%3A18081%2Fxingrg%2F&costTime=40×tamp=1660268849049 HTTP/1.1" 200 17179
101.85.120.95 - - [12/Aug/2022:09:47:29 +0800] "GET /xingrg/javascript/jquery.utils.js HTTP/1.1" 304 -
101.85.120.95 - - [12/Aug/2022:09:47:29 +0800] "GET /xingrg/javascript/jquery.timers.js HTTP/1.1" 304 -
101.85.120.95 - - [12/Aug/2022:09:47:29 +0800] "GET /xingrg/javascript/jquery-1.4.2.min.js HTTP/1.1" 304 -
101.85.120.95 - - [12/Aug/2022:09:47:29 +0800] "GET /xingrg/javascript/jquery_easy_ui/jquery.easyui.min.js HTTP/1.1" 304 -
101.85.120.95 - - [12/Aug/2022:09:47:29 +0800] "GET /favicon.ico HTTP/1.1" 404 -
101.85.120.95 - - [12/Aug/2022:09:47:29 +0800] "GET /xingrg/css/form.css HTTP/1.1" 304 -
101.85.120.95 - - [12/Aug/2022:09:47:29 +0800] "GET /xingrg/javascript/jquery_easy_ui/themes/icons/settle_new.png HTTP/1.1" 304 -
101.85.120.95 - - [12/Aug/2022:09:47:29 +0800] "GET /xingrg/images/blue/navBackgound.jpg HTTP/1.1" 304 -
101.85.120.95 - - [12/Aug/2022:09:47:29 +0800] "POST /xingrg/all/common/load_tree.html?tree=area_rest_tree_json&manage=1 HTTP/1.1" 200 351
101.85.120.95 - - [12/Aug/2022:09:47:30 +0800] "GET /xingrg/all/function/internal_message.html?_=1660268844829&CODE_STATE=count HTTP/1.1" 200 11
101.85.120.95 - - [12/Aug/2022:09:47:30 +0800] "GET /xingrg/check_reg.html?_=1660268844830 HTTP/1.1" 200 22
101.85.120.95 - - [12/Aug/2022:09:47:30 +0800] "GET /xingrg/images/blue/pingpu.png HTTP/1.1" 304 -
101.85.120.95 - - [12/Aug/2022:09:47:30 +0800] "GET /xingrg/javascript/jquery_easy_ui/themes/default/images/tabs_leftarrow.png HTTP/1.1" 304 -
101.85.120.95 - - [12/Aug/2022:09:47:30 +0800] "GET /xingrg/javascript/jquery_easy_ui/themes/default/images/tabs_rightarrow.png HTTP/1.1" 304 -
101.85.120.95 - - [12/Aug/2022:09:47:30 +0800] "GET /xingrg/javascript/jquery_easy_ui/themes/default/images/panel_tool_collapse.gif HTTP/1.1" 304 -
101.85.120.95 - - [12/Aug/2022:09:47:30 +0800] "POST /xingrg/load_menu.html HTTP/1.1" 200 5138
114.84.0.234 - - [12/Aug/2022:09:47:30 +0800] "GET /xingrg/kc/buy/cgsh_order_operate.html?command=get_materiel&rest_code=00111&code=00101007061&supplier_code=00100037&order_time=2022-08-12 HTTP/1.1" 200 409
101.85.120.95 - - [12/Aug/2022:09:47:30 +0800] "GET /xingrg/javascript/jquery_easy_ui/themes/default/images/tree_arrows.gif HTTP/1.1" 304 -
101.85.120.95 - - [12/Aug/2022:09:47:30 +0800] "GET /xingrg/javascript/jquery_easy_ui/themes/default/images/tree_folder_open.gif HTTP/1.1" 304 -
101.85.120.95 - - [12/Aug/2022:09:47:30 +0800] "GET /xingrg/javascript/jquery_easy_ui/themes/icons/search_new.png HTTP/1.1" 304 -
101.85.120.95 - - [12/Aug/2022:09:47:30 +0800] "GET /xingrg/javascript/jquery_easy_ui/themes/default/images/tree_folder.gif HTTP/1.1" 304 -
101.85.120.95 - - [12/Aug/2022:09:47:30 +0800] "GET /xingrg/javascript/jquery_easy_ui/themes/icons/storage_new.png HTTP/1.1" 304 -
116.224.123.211 - - [12/Aug/2022:09:47:30 +0800] "POST /xingrg/kc/buy/cgsh_order_operate.html HTTP/1.1" 200 20383
101.85.120.95 - - [12/Aug/2022:09:47:30 +0800] "GET /xingrg/javascript/jquery_easy_ui/themes/icons/forms_new.png HTTP/1.1" 304 -
101.85.120.95 - - [12/Aug/2022:09:47:30 +0800] "GET /xingrg/javascript/jquery_easy_ui/themes/default/images/tree_file.gif HTTP/1.1" 304 -
116.235.94.65 - - [12/Aug/2022:09:47:30 +0800] "GET /xingrg/all/function/internal_message.html?_=1660269035323&CODE_STATE=getMsg HTTP/1.1" 200 27
101.80.228.36 - - [12/Aug/2022:09:47:33 +0800] "GET /xingrg/all/function/internal_message.html?_=1660268848356&CODE_STATE=getMsg HTTP/1.1" 200 27
120.253.135.82 - - [12/Aug/2022:09:47:34 +0800] "GET /xingrg/all/function/internal_message.html?_=1660268656443&CODE_STATE=getMsg HTTP/1.1" 200 27
116.224.123.211 - - [12/Aug/2022:09:47:35 +0800] "POST /xingrg/kc/buy/cgsh_list_operate.html HTTP/1.1" 200 1620
218.81.223.53 - - [12/Aug/2022:09:47:35 +0800] "GET /xingrg/all/function/internal_message.html?_=1660268869067&CODE_STATE=getMsg HTTP/1.1" 200 27
101.85.120.95 - - [12/Aug/2022:09:47:38 +0800] "GET /xingrg/javascript/jquery_easy_ui/themes/icons/area.png HTTP/1.1" 304 -
101.85.120.95 - - [12/Aug/2022:09:47:38 +0800] "GET /xingrg/javascript/jquery_easy_ui/themes/icons/rest.png HTTP/1.1" 304 -
114.83.216.111 - - [12/Aug/2022:09:47:43 +0800] "GET /xingrg/all/function/internal_message.html?_=1660268857079&CODE_STATE=getMsg HTTP/1.1" 200 27
101.85.120.95 - - [12/Aug/2022:09:47:44 +0800] "GET /xingrg/kc/base/yddb_order_list.html HTTP/1.1" 200 16754
101.85.120.95 - - [12/Aug/2022:09:47:44 +0800] "GET /xingrg/javascript/jquery_easy_ui/themes/default/images/tabs_close.gif HTTP/1.1" 304 -
101.85.120.95 - - [12/Aug/2022:09:47:44 +0800] "GET /xingrg/css/base.css HTTP/1.1" 304 -
101.85.120.95 - - [12/Aug/2022:09:47:44 +0800] "GET /xingrg/css/site.css HTTP/1.1" 304 -
101.85.120.95 - - [12/Aug/2022:09:47:44 +0800] "GET /xingrg/javascript/jquery_tools/datebox.css HTTP/1.1" 304 -
101.85.120.95 - - [12/Aug/2022:09:47:44 +0800] "GET /xingrg/javascript/easyui/themes/default/easyui.css HTTP/1.1" 304 -
101.85.120.95 - - [12/Aug/2022:09:47:44 +0800] "GET /xingrg/javascript/easyui/themes/icon.css HTTP/1.1" 304 -
101.85.120.95 - - [12/Aug/2022:09:47:44 +0800] "GET /xingrg/javascript/auto/jquery.autocomplete.css HTTP/1.1" 304 -
101.85.120.95 - - [12/Aug/2022:09:47:44 +0800] "GET /xingrg/javascript/jquery_tools/fix.css HTTP/1.1" 304 -
101.85.120.95 - - [12/Aug/2022:09:47:44 +0800] "GET /xingrg/javascript/jquery_tools/table.css HTTP/1.1" 304 -
101.85.120.95 - - [12/Aug/2022:09:47:44 +0800] "GET /xingrg/javascript/jquery_tools/jquery.tools.min.js HTTP/1.1" 304 -
101.85.120.95 - - [12/Aug/2022:09:47:44 +0800] "GET /xingrg/javascript/jquery_tools/jquery.tools.extend.js HTTP/1.1" 304 -
101.85.120.95 - - [12/Aug/2022:09:47:44 +0800] "GET /xingrg/javascript/jquery_tools/jquery.tools.hotkey.js HTTP/1.1" 304 -
101.85.120.95 - - [12/Aug/2022:09:47:44 +0800] "GET /xingrg/javascript/auto/jquery.autocomplete.js HTTP/1.1" 304 -
101.85.120.95 - - [12/Aug/2022:09:47:44 +0800] "GET /xingrg/javascript/jquery_tools/list_manager.js HTTP/1.1" 304 -
101.85.120.95 - - [12/Aug/2022:09:47:44 +0800] "GET /xingrg/javascript/jquery_tools/jquery.tools.table.js HTTP/1.1" 304 -
101.85.120.95 - - [12/Aug/2022:09:47:44 +0800] "GET /xingrg/javascript/easyui/easyloader.js HTTP/1.1" 304 -
101.85.120.95 - - [12/Aug/2022:09:47:44 +0800] "GET /xingrg/javascript/jquery.cookie.js HTTP/1.1" 304 -
101.85.120.95 - - [12/Aug/2022:09:47:44 +0800] "GET /xingrg/javascript/print/LodopFuncs.js HTTP/1.1" 304 -
101.85.120.95 - - [12/Aug/2022:09:47:45 +0800] "GET /xingrg/javascript/easyui/themes/icons/edit_add_new.png HTTP/1.1" 304 -
101.85.120.95 - - [12/Aug/2022:09:47:45 +0800] "GET /xingrg/javascript/easyui/themes/icons/field_new.png HTTP/1.1" 304 -
101.85.120.95 - - [12/Aug/2022:09:47:45 +0800] "GET /xingrg/javascript/easyui/themes/icons/import_new.png HTTP/1.1" 304 -
101.85.120.95 - - [12/Aug/2022:09:47:45 +0800] "GET /xingrg/javascript/easyui/plugins/jquery.parser.js HTTP/1.1" 304 -
101.85.120.95 - - [12/Aug/2022:09:47:45 +0800] "GET /xingrg/images/control/ajaxLoader.gif HTTP/1.1" 304 -
101.85.120.95 - - [12/Aug/2022:09:47:45 +0800] "POST /xingrg/kc/base/yddb_list_operate.html HTTP/1.1" 200 636
116.237.76.47 - - [12/Aug/2022:09:47:46 +0800] "GET /xingrg/all/function/internal_message.html?_=1660268865461&CODE_STATE=getMsg HTTP/1.1" 200 27
101.85.120.95 - - [12/Aug/2022:09:47:48 +0800] "POST /xingrg/kc/base/yddb_list_operate.html HTTP/1.1" 200 4384
116.228.172.94 - - [12/Aug/2022:09:47:49 +0800] "GET /xingrg/all/function/internal_message.html?_=1660268545504&CODE_STATE=getMsg HTTP/1.1" 200 27
180.169.147.146 - - [12/Aug/2022:09:47:49 +0800] "GET /xingrg/all/function/internal_message.html?_=1660268865282&CODE_STATE=getMsg HTTP/1.1" 200 27
180.169.147.146 - - [12/Aug/2022:09:47:49 +0800] "GET /xingrg/check_reg.html?_=1660268865283 HTTP/1.1" 200 22
222.69.129.110 - - [12/Aug/2022:09:47:50 +0800] "GET /xingrg/check_reg.html?_=1660268929498 HTTP/1.1" 200 22
222.69.129.110 - - [12/Aug/2022:09:47:50 +0800] "GET /xingrg/all/function/internal_message.html?_=1660268929501&CODE_STATE=getMsg HTTP/1.1" 200 27
114.84.0.234 - - [12/Aug/2022:09:47:59 +0800] "GET /xingrg/kc/buy/cgsh_order_operate.html?command=get_materiel&rest_code=00111&code=00101016071&supplier_code=00100037&order_time=2022-08-12 HTTP/1.1" 200 416
116.237.76.47 - - [12/Aug/2022:09:48:10 +0800] "GET /xingrg/all/function/internal_message.html?_=1660268888954&CODE_STATE=getMsg HTTP/1.1" 200 27
116.237.76.47 - - [12/Aug/2022:09:48:10 +0800] "GET /xingrg/check_reg.html?_=1660268888957 HTTP/1.1" 200 22
114.84.0.234 - - [12/Aug/2022:09:48:11 +0800] "GET /xingrg/kc/buy/cgsh_order_operate.html?command=get_materiel&rest_code=00111&code=00101012040&supplier_code=00100037&order_time=2022-08-12 HTTP/1.1" 200 413
180.169.147.146 - - [12/Aug/2022:09:48:12 +0800] "GET /xingrg/all/function/internal_message.html?_=1660268888390&CODE_STATE=getMsg HTTP/1.1" 200 27
116.224.255.128 - - [12/Aug/2022:09:48:13 +0800] "GET /xingrg/kc/buy/cgsh_order_operate.html?command=get_materiel&rest_code=00150&code=00102011220&supplier_code=00100099&order_time=2022-08-12 HTTP/1.1" 200 410
114.84.0.234 - - [12/Aug/2022:09:48:14 +0800] "GET /xingrg/all/function/internal_message.html?_=1660268888639&CODE_STATE=getMsg HTTP/1.1" 200 27
114.86.187.244 - - [12/Aug/2022:09:48:15 +0800] "GET /xingrg/all/function/internal_message.html?_=1660268897351&CODE_STATE=getMsg HTTP/1.1" 200 27
180.174.21.132 - - [12/Aug/2022:09:48:16 +0800] "GET /xingrg/all/function/internal_message.html?_=1660268766563&CODE_STATE=getMsg HTTP/1.1" 200 27
116.224.123.211 - - [12/Aug/2022:09:48:17 +0800] "GET /xingrg/all/function/internal_message.html?_=1660268893929&CODE_STATE=getMsg HTTP/1.1" 200 27
114.84.0.234 - - [12/Aug/2022:09:48:18 +0800] "GET /xingrg/kc/buy/cgsh_order_operate.html?command=get_materiel&rest_code=00111&code=00101012025&supplier_code=00100037&order_time=2022-08-12 HTTP/1.1" 200 412
116.235.94.65 - - [12/Aug/2022:09:48:18 +0800] "POST /xingrg/dwr/call/plaincall/AjaxQqpsService.getMaterielByCode.dwr HTTP/1.1" 200 2709
114.84.0.234 - - [12/Aug/2022:09:48:20 +0800] "POST /xingrg/kc/buy/cgsh_order_operate.html HTTP/1.1" 200 2065
116.235.94.65 - - [12/Aug/2022:09:48:20 +0800] "POST /xingrg/dwr/call/plaincall/AjaxQqpsService.saveMaterielItem.dwr HTTP/1.1" 200 78
116.224.255.128 - - [12/Aug/2022:09:48:22 +0800] "GET /xingrg/all/function/internal_message.html?_=1660268838750&CODE_STATE=getMsg HTTP/1.1" 200 27
180.174.21.132 - - [12/Aug/2022:09:48:26 +0800] "GET /xingrg/all/function/internal_message.html?_=1660268902737&CODE_STATE=getMsg HTTP/1.1" 200 27
114.84.0.234 - - [12/Aug/2022:09:48:26 +0800] "GET /xingrg/kc/buy/cgsh_order_operate.html?command=get_materiel&rest_code=00111&code=00101009007&supplier_code=00100037&order_time=2022-08-12 HTTP/1.1" 200 410
116.232.194.65 - - [12/Aug/2022:09:48:26 +0800] "GET /xingrg/all/function/internal_message.html?_=1660268884071&CODE_STATE=getMsg HTTP/1.1" 200 27
101.85.120.95 - - [12/Aug/2022:09:48:30 +0800] "GET /xingrg/all/function/internal_message.html?_=1660268904835&CODE_STATE=getMsg HTTP/1.1" 200 27
116.235.94.65 - - [12/Aug/2022:09:48:30 +0800] "GET /xingrg/all/function/internal_message.html?_=1660269095296&CODE_STATE=getMsg HTTP/1.1" 200 27
101.80.228.36 - - [12/Aug/2022:09:48:33 +0800] "GET /xingrg/all/function/internal_message.html?_=1660268908359&CODE_STATE=getMsg HTTP/1.1" 200 27
120.253.135.82 - - [12/Aug/2022:09:48:34 +0800] "GET /xingrg/all/function/internal_message.html?_=1660268716457&CODE_STATE=getMsg HTTP/1.1" 200 27
218.81.223.53 - - [12/Aug/2022:09:48:35 +0800] "GET /xingrg/check_reg.html?_=1660268928958 HTTP/1.1" 200 22
218.81.223.53 - - [12/Aug/2022:09:48:35 +0800] "GET /xingrg/all/function/internal_message.html?_=1660268929082&CODE_STATE=getMsg HTTP/1.1" 200 27
116.224.255.128 - - [12/Aug/2022:09:48:43 +0800] "POST /xingrg/kc/buy/cgsh_order_operate.html HTTP/1.1" 200 37
114.83.216.111 - - [12/Aug/2022:09:48:43 +0800] "GET /xingrg/all/function/internal_message.html?_=1660268917051&CODE_STATE=getMsg HTTP/1.1" 200 27
114.84.0.234 - - [12/Aug/2022:09:48:45 +0800] "GET /xingrg/kc/buy/cgsh_order_operate.html?command=get_materiel&rest_code=00111&code=00101009013&supplier_code=00100037&order_time=2022-08-12 HTTP/1.1" 200 420
116.237.76.47 - - [12/Aug/2022:09:48:46 +0800] "GET /xingrg/all/function/internal_message.html?_=1660268925461&CODE_STATE=getMsg HTTP/1.1" 200 27
116.224.255.128 - - [12/Aug/2022:09:48:47 +0800] "POST /xingrg/kc/buy/cgsh_order_operate.html HTTP/1.1" 200 12
116.224.255.128 - - [12/Aug/2022:09:48:48 +0800] "GET /xingrg/kc/buy/cgsh_order_info.html?code=212022081203543 HTTP/1.1" 200 63189
116.224.255.128 - - [12/Aug/2022:09:48:49 +0800] "GET /xingrg/javascript/easyui/themes/default/validatebox.css HTTP/1.1" 404 1104
116.228.172.94 - - [12/Aug/2022:09:48:49 +0800] "GET /xingrg/all/function/internal_message.html?_=1660268605493&CODE_STATE=getMsg HTTP/1.1" 200 27
180.169.147.146 - - [12/Aug/2022:09:48:49 +0800] "GET /xingrg/all/function/internal_message.html?_=1660268925261&CODE_STATE=getMsg HTTP/1.1" 200 27
116.224.255.128 - - [12/Aug/2022:09:48:49 +0800] "POST /xingrg/kc/buy/cgsh_order_operate.html HTTP/1.1" 200 608
116.224.255.128 - - [12/Aug/2022:09:48:50 +0800] "GET /xingrg/kc/print/load_data.html?order_code=212022081203543&kc_code=cgsh&condition= HTTP/1.1" 200 712
222.69.129.110 - - [12/Aug/2022:09:48:50 +0800] "GET /xingrg/all/function/internal_message.html?_=1660268989511&CODE_STATE=getMsg HTTP/1.1" 200 27
114.84.0.234 - - [12/Aug/2022:09:48:55 +0800] "GET /xingrg/kc/buy/cgsh_order_operate.html?command=get_materiel&rest_code=00111&code=00101015044&supplier_code=00100037&order_time=2022-08-12 HTTP/1.1" 200 408
58.35.213.73 - - [12/Aug/2022:09:49:01 +0800] "POST /xingrg/services/DataTransmitService HTTP/1.1" 200 524
114.84.0.234 - - [12/Aug/2022:09:49:04 +0800] "POST /xingrg/kc/buy/cgsh_order_operate.html HTTP/1.1" 200 2065
116.237.76.47 - - [12/Aug/2022:09:49:10 +0800] "GET /xingrg/all/function/internal_message.html?_=1660268948960&CODE_STATE=getMsg HTTP/1.1" 200 27
180.169.147.146 - - [12/Aug/2022:09:49:12 +0800] "GET /xingrg/all/function/internal_message.html?_=1660268948389&CODE_STATE=getMsg HTTP/1.1" 200 27
116.224.255.128 - - [12/Aug/2022:09:49:12 +0800] "GET /xingrg/kc/buy/cgsh_order_add.html HTTP/1.1" 200 68290
116.224.255.128 - - [12/Aug/2022:09:49:13 +0800] "POST /xingrg/kc/buy/cgsh_order_operate.html HTTP/1.1" 200 8245
116.224.255.128 - - [12/Aug/2022:09:49:13 +0800] "GET /xingrg/javascript/easyui/themes/default/validatebox.css HTTP/1.1" 404 1104
114.84.0.234 - - [12/Aug/2022:09:49:13 +0800] "GET /xingrg/kc/buy/cgsh_order_operate.html?command=get_materiel&rest_code=00111&code=00101008090&supplier_code=00100037&order_time=2022-08-12 HTTP/1.1" 200 408
114.84.0.234 - - [12/Aug/2022:09:49:14 +0800] "GET /xingrg/all/function/internal_message.html?_=1660268948678&CODE_STATE=getMsg HTTP/1.1" 200 27
114.86.187.244 - - [12/Aug/2022:09:49:15 +0800] "GET /xingrg/all/function/internal_message.html?_=1660268957347&CODE_STATE=getMsg HTTP/1.1" 200 27
180.174.21.132 - - [12/Aug/2022:09:49:16 +0800] "GET /xingrg/all/function/internal_message.html?_=1660268826577&CODE_STATE=getMsg HTTP/1.1" 200 27
116.224.123.211 - - [12/Aug/2022:09:49:17 +0800] "GET /xingrg/all/function/internal_message.html?_=1660268953919&CODE_STATE=getMsg HTTP/1.1" 200 27
116.224.123.211 - - [12/Aug/2022:09:49:17 +0800] "GET /xingrg/check_reg.html?_=1660268954062 HTTP/1.1" 200 22
114.84.0.234 - - [12/Aug/2022:09:49:22 +0800] "GET /xingrg/kc/buy/cgsh_order_operate.html?command=get_materiel&rest_code=00111&code=00101015046&supplier_code=00100037&order_time=2022-08-12 HTTP/1.1" 200 412
116.224.255.128 - - [12/Aug/2022:09:49:22 +0800] "GET /xingrg/all/function/internal_message.html?_=1660268898764&CODE_STATE=getMsg HTTP/1.1" 200 27
116.224.255.128 - - [12/Aug/2022:09:49:24 +0800] "GET /xingrg/kc/buy/cgsh_order_operate.html?command=get_materiel&rest_code=00150&code=00101009001&supplier_code=00100026&order_time=2022-08-12 HTTP/1.1" 200 416
180.174.21.132 - - [12/Aug/2022:09:49:26 +0800] "GET /xingrg/all/function/internal_message.html?_=1660268962708&CODE_STATE=getMsg HTTP/1.1" 200 27
116.232.194.65 - - [12/Aug/2022:09:49:26 +0800] "GET /xingrg/all/function/internal_message.html?_=1660268944053&CODE_STATE=getMsg HTTP/1.1" 200 27
114.86.187.244 - - [12/Aug/2022:09:49:27 +0800] "GET /xingrg/check_reg.html?_=1660268963637 HTTP/1.1" 200 22
101.85.120.95 - - [12/Aug/2022:09:49:30 +0800] "GET /xingrg/all/function/internal_message.html?_=1660268964837&CODE_STATE=getMsg HTTP/1.1" 200 27
116.235.94.65 - - [12/Aug/2022:09:49:30 +0800] "GET /xingrg/all/function/internal_message.html?_=1660269155269&CODE_STATE=getMsg HTTP/1.1" 200 27
114.84.0.234 - - [12/Aug/2022:09:49:31 +0800] "GET /xingrg/kc/buy/cgsh_order_operate.html?command=get_materiel&rest_code=00111&code=00101008324&supplier_code=00100037&order_time=2022-08-12 HTTP/1.1" 200 412
116.235.94.65 - - [12/Aug/2022:09:49:32 +0800] "POST /xingrg/dwr/call/plaincall/AjaxQqpsService.getMaterielByCode.dwr HTTP/1.1" 200 2709
101.80.228.36 - - [12/Aug/2022:09:49:33 +0800] "GET /xingrg/all/function/internal_message.html?_=1660268968346&CODE_STATE=getMsg HTTP/1.1" 200 27
120.253.135.82 - - [12/Aug/2022:09:49:34 +0800] "GET /xingrg/all/function/internal_message.html?_=1660268776471&CODE_STATE=getMsg HTTP/1.1" 200 27
116.235.94.65 - - [12/Aug/2022:09:49:34 +0800] "POST /xingrg/dwr/call/plaincall/AjaxQqpsService.saveMaterielItem.dwr HTTP/1.1" 200 78
218.81.223.53 - - [12/Aug/2022:09:49:35 +0800] "GET /xingrg/all/function/internal_message.html?_=1660268989095&CODE_STATE=getMsg HTTP/1.1" 200 27
114.84.0.234 - - [12/Aug/2022:09:49:38 +0800] "GET /xingrg/kc/buy/cgsh_order_operate.html?command=get_materiel&rest_code=00111&code=00101008284&supplier_code=00100037&order_time=2022-08-12 HTTP/1.1" 200 412
116.224.255.128 - - [12/Aug/2022:09:49:39 +0800] "GET /xingrg/check_reg.html?_=1660268916285 HTTP/1.1" 200 22
116.224.255.128 - - [12/Aug/2022:09:49:43 +0800] "GET /xingrg/kc/buy/cgsh_order_operate.html?command=get_materiel&rest_code=00150&code=00101009124&supplier_code=00100026&order_time=2022-08-12 HTTP/1.1" 200 416
114.83.216.111 - - [12/Aug/2022:09:49:43 +0800] "GET /xingrg/all/function/internal_message.html?_=1660268977024&CODE_STATE=getMsg HTTP/1.1" 200 27
114.84.0.234 - - [12/Aug/2022:09:49:46 +0800] "GET /xingrg/kc/buy/cgsh_order_operate.html?command=get_materiel&rest_code=00111&code=00101008123&supplier_code=00100037&order_time=2022-08-12 HTTP/1.1" 200 412
116.237.76.47 - - [12/Aug/2022:09:49:46 +0800] "GET /xingrg/all/function/internal_message.html?_=1660268985462&CODE_STATE=getMsg HTTP/1.1" 200 27
114.84.0.234 - - [12/Aug/2022:09:49:48 +0800] "POST /xingrg/kc/buy/cgsh_order_operate.html HTTP/1.1" 200 2065
116.228.172.94 - - [12/Aug/2022:09:49:49 +0800] "GET /xingrg/all/function/internal_message.html?_=1660268665470&CODE_STATE=getMsg HTTP/1.1" 200 27
180.169.147.146 - - [12/Aug/2022:09:49:49 +0800] "GET /xingrg/all/function/internal_message.html?_=1660268985244&CODE_STATE=getMsg HTTP/1.1" 200 27
222.69.129.110 - - [12/Aug/2022:09:49:50 +0800] "GET /xingrg/all/function/internal_message.html?_=1660269049509&CODE_STATE=getMsg HTTP/1.1" 200 27
114.84.0.234 - - [12/Aug/2022:09:49:54 +0800] "GET /xingrg/kc/buy/cgsh_order_operate.html?command=get_materiel&rest_code=00111&code=00101007081&supplier_code=00100037&order_time=2022-08-12 HTTP/1.1" 200 413
120.253.135.82 - - [12/Aug/2022:09:49:55 +0800] "GET /xingrg/kc/pszx/mdqp_order_list.html?state=10 HTTP/1.1" 200 11465
120.253.135.82 - - [12/Aug/2022:09:49:56 +0800] "GET /xingrg/dwr/engine.js HTTP/1.1" 200 43631
120.253.135.82 - - [12/Aug/2022:09:49:56 +0800] "GET /xingrg/dwr/interface/AjaxReportQueryService.js HTTP/1.1" 200 13203
120.253.135.82 - - [12/Aug/2022:09:49:56 +0800] "GET /xingrg/dwr/interface/AjaxQqpsService.js HTTP/1.1" 200 16326
120.253.135.82 - - [12/Aug/2022:09:49:58 +0800] "GET /xingrg/kc/pszx/mdqp_order_info.html?code=302022081200194 HTTP/1.1" 200 13350
120.253.135.82 - - [12/Aug/2022:09:49:58 +0800] "GET /xingrg/dwr/interface/AjaxComOrderService.js HTTP/1.1" 200 18264
120.253.135.82 - - [12/Aug/2022:09:49:58 +0800] "GET /xingrg/dwr/interface/AjaxQqpsService.js HTTP/1.1" 200 16326
120.253.135.82 - - [12/Aug/2022:09:49:58 +0800] "GET /xingrg/dwr/engine.js HTTP/1.1" 200 43631
120.253.135.82 - - [12/Aug/2022:09:49:58 +0800] "GET /xingrg/javascript/checkform.js HTTP/1.1" 304 -
120.253.135.82 - - [12/Aug/2022:09:49:59 +0800] "POST /xingrg/dwr/call/plaincall/AjaxQqpsService.loadMaterielItems.dwr HTTP/1.1" 200 2608
116.224.255.128 - - [12/Aug/2022:09:50:00 +0800] "GET /xingrg/kc/buy/cgsh_order_operate.html?command=get_materiel&rest_code=00150&code=00101009039&supplier_code=00100026&order_time=2022-08-12 HTTP/1.1" 200 408
120.253.135.82 - - [12/Aug/2022:09:50:08 +0800] "GET /xingrg/images/yd/bt.gif HTTP/1.1" 404 1040
120.253.135.82 - - [12/Aug/2022:09:50:08 +0800] "GET /xingrg/images/yd/bt2.gif HTTP/1.1" 404 1042
120.253.135.82 - - [12/Aug/2022:09:50:09 +0800] "GET /xingrg/kc/pszx/mdqp_order_list.html?isBack=1 HTTP/1.1" 302 -
120.253.135.82 - - [12/Aug/2022:09:50:10 +0800] "GET /xingrg/kc/pszx/mdqp_order_list.html?state=10 HTTP/1.1" 200 11465
120.253.135.82 - - [12/Aug/2022:09:50:10 +0800] "GET /xingrg/dwr/interface/AjaxQqpsService.js HTTP/1.1" 200 16326
120.253.135.82 - - [12/Aug/2022:09:50:10 +0800] "GET /xingrg/dwr/interface/AjaxReportQueryService.js HTTP/1.1" 200 13203
116.237.76.47 - - [12/Aug/2022:09:50:10 +0800] "GET /xingrg/all/function/internal_message.html?_=1660269008962&CODE_STATE=getMsg HTTP/1.1" 200 27
120.253.135.82 - - [12/Aug/2022:09:50:10 +0800] "GET /xingrg/dwr/engine.js HTTP/1.1" 200 43631
116.224.255.128 - - [12/Aug/2022:09:50:10 +0800] "GET /xingrg/kc/buy/cgsh_order_operate.html?command=get_materiel&rest_code=00150&code=00101009066&supplier_code=00100026&order_time=2022-08-12 HTTP/1.1" 200 416
120.253.135.82 - - [12/Aug/2022:09:50:11 +0800] "GET /xingrg/kc/pszx/mdqp_order_info.html?code=302022081200195 HTTP/1.1" 200 13350
120.253.135.82 - - [12/Aug/2022:09:50:12 +0800] "GET /xingrg/dwr/interface/AjaxQqpsService.js HTTP/1.1" 200 16326
120.253.135.82 - - [12/Aug/2022:09:50:12 +0800] "GET /xingrg/dwr/interface/AjaxComOrderService.js HTTP/1.1" 200 18264
120.253.135.82 - - [12/Aug/2022:09:50:12 +0800] "GET /xingrg/dwr/engine.js HTTP/1.1" 200 43631
180.169.147.146 - - [12/Aug/2022:09:50:12 +0800] "GET /xingrg/check_reg.html?_=1660269008396 HTTP/1.1" 200 22
180.169.147.146 - - [12/Aug/2022:09:50:12 +0800] "GET /xingrg/all/function/internal_message.html?_=1660269008398&CODE_STATE=getMsg HTTP/1.1" 200 27
120.253.135.82 - - [12/Aug/2022:09:50:12 +0800] "POST /xingrg/dwr/call/plaincall/AjaxQqpsService.loadMaterielItems.dwr HTTP/1.1" 200 658
114.84.0.234 - - [12/Aug/2022:09:50:14 +0800] "GET /xingrg/check_reg.html?_=1660269008640 HTTP/1.1" 200 22
114.84.0.234 - - [12/Aug/2022:09:50:14 +0800] "GET /xingrg/all/function/internal_message.html?_=1660269008659&CODE_STATE=getMsg HTTP/1.1" 200 27
114.86.187.244 - - [12/Aug/2022:09:50:15 +0800] "GET /xingrg/check_reg.html?_=1660269017347 HTTP/1.1" 200 22
114.86.187.244 - - [12/Aug/2022:09:50:15 +0800] "GET /xingrg/all/function/internal_message.html?_=1660269017349&CODE_STATE=getMsg HTTP/1.1" 200 27
120.253.135.82 - - [12/Aug/2022:09:50:15 +0800] "GET /xingrg/kc/pszx/mdqp_order_list.html?isBack=1 HTTP/1.1" 302 -
120.253.135.82 - - [12/Aug/2022:09:50:15 +0800] "GET /xingrg/kc/pszx/mdqp_order_list.html?state=10 HTTP/1.1" 200 11465
120.253.135.82 - - [12/Aug/2022:09:50:15 +0800] "GET /xingrg/dwr/interface/AjaxReportQueryService.js HTTP/1.1" 200 13203
120.253.135.82 - - [12/Aug/2022:09:50:15 +0800] "GET /xingrg/dwr/interface/AjaxQqpsService.js HTTP/1.1" 200 16326
120.253.135.82 - - [12/Aug/2022:09:50:15 +0800] "GET /xingrg/dwr/engine.js HTTP/1.1" 200 43631
180.174.21.132 - - [12/Aug/2022:09:50:16 +0800] "GET /xingrg/all/function/internal_message.html?_=1660268886575&CODE_STATE=getMsg HTTP/1.1" 200 27
116.224.123.211 - - [12/Aug/2022:09:50:17 +0800] "GET /xingrg/all/function/internal_message.html?_=1660269013900&CODE_STATE=getMsg HTTP/1.1" 200 27
120.253.135.82 - - [12/Aug/2022:09:50:21 +0800] "GET /xingrg/kc/pszx/mdps_order_list.html?orderType=0 HTTP/1.1" 200 21007
120.253.135.82 - - [12/Aug/2022:09:50:22 +0800] "POST /xingrg/kc/pszx/mdps_list_operate.html HTTP/1.1" 200 5342
116.224.255.128 - - [12/Aug/2022:09:50:22 +0800] "GET /xingrg/all/function/internal_message.html?_=1660268958778&CODE_STATE=getMsg HTTP/1.1" 200 27
116.224.255.128 - - [12/Aug/2022:09:50:23 +0800] "GET /xingrg/kc/buy/cgsh_order_operate.html?command=get_materiel&rest_code=00150&code=00101009044&supplier_code=00100026&order_time=2022-08-12 HTTP/1.1" 200 412
120.253.135.82 - - [12/Aug/2022:09:50:23 +0800] "GET /xingrg/kc/pszx/mdps_order_add.html HTTP/1.1" 200 29120
120.253.135.82 - - [12/Aug/2022:09:50:24 +0800] "POST /xingrg/kc/pszx/mdps_order_operate.html HTTP/1.1" 200 7126
120.253.135.82 - - [12/Aug/2022:09:50:24 +0800] "GET /xingrg/javascript/easyui/themes/default/validatebox.css HTTP/1.1" 404 1104
180.174.21.132 - - [12/Aug/2022:09:50:26 +0800] "GET /xingrg/all/function/internal_message.html?_=1660269022687&CODE_STATE=getMsg HTTP/1.1" 200 27
116.232.194.65 - - [12/Aug/2022:09:50:26 +0800] "GET /xingrg/all/function/internal_message.html?_=1660269004038&CODE_STATE=getMsg HTTP/1.1" 200 27
116.232.194.65 - - [12/Aug/2022:09:50:27 +0800] "GET /xingrg/check_reg.html?_=1660269004365 HTTP/1.1" 200 22
180.174.21.132 - - [12/Aug/2022:09:50:27 +0800] "GET /xingrg/check_reg.html?_=1660269023549 HTTP/1.1" 200 22
120.253.135.82 - - [12/Aug/2022:09:50:28 +0800] "GET /xingrg/css/images/panel_loading.gif HTTP/1.1" 304 -
120.253.135.82 - - [12/Aug/2022:09:50:28 +0800] "POST /xingrg/all/common/load_combo.html?type=base HTTP/1.1" 200 1260
101.85.120.95 - - [12/Aug/2022:09:50:30 +0800] "GET /xingrg/all/function/internal_message.html?_=1660269024837&CODE_STATE=getMsg HTTP/1.1" 200 27
116.235.94.65 - - [12/Aug/2022:09:50:30 +0800] "GET /xingrg/check_reg.html?_=1660269215053 HTTP/1.1" 200 22
116.235.94.65 - - [12/Aug/2022:09:50:30 +0800] "GET /xingrg/all/function/internal_message.html?_=1660269215239&CODE_STATE=getMsg HTTP/1.1" 200 27
101.80.228.36 - - [12/Aug/2022:09:50:33 +0800] "GET /xingrg/all/function/internal_message.html?_=1660269028349&CODE_STATE=getMsg HTTP/1.1" 200 27
120.253.135.82 - - [12/Aug/2022:09:50:34 +0800] "GET /xingrg/check_reg.html?_=1660268836172 HTTP/1.1" 200 22
120.253.135.82 - - [12/Aug/2022:09:50:34 +0800] "GET /xingrg/all/function/internal_message.html?_=1660268836484&CODE_STATE=getMsg HTTP/1.1" 200 27
218.81.223.53 - - [12/Aug/2022:09:50:35 +0800] "GET /xingrg/all/function/internal_message.html?_=1660269049110&CODE_STATE=getMsg HTTP/1.1" 200 27
120.253.135.82 - - [12/Aug/2022:09:50:37 +0800] "GET /xingrg/kc/pszx/mdps_order_operate.html?command=get_materiel&pszx_code=00101&rest_code=00151&base_code=0010250&code=00102002685 HTTP/1.1" 200 457
116.224.255.128 - - [12/Aug/2022:09:50:38 +0800] "GET /xingrg/kc/buy/cgsh_order_operate.html?command=get_materiel&rest_code=00150&code=00101009016&supplier_code=00100026&order_time=2022-08-12 HTTP/1.1" 200 412
114.83.216.111 - - [12/Aug/2022:09:50:43 +0800] "GET /xingrg/all/function/internal_message.html?_=1660269037009&CODE_STATE=getMsg HTTP/1.1" 200 27
120.253.135.82 - - [12/Aug/2022:09:50:45 +0800] "POST /xingrg/kc/pszx/mdps_order_operate.html HTTP/1.1" 200 37
116.237.76.47 - - [12/Aug/2022:09:50:46 +0800] "GET /xingrg/all/function/internal_message.html?_=1660269045489&CODE_STATE=getMsg HTTP/1.1" 200 27
120.253.135.82 - - [12/Aug/2022:09:50:46 +0800] "GET /xingrg/kc/pszx/mdps_order_info.html?code=312022081200252 HTTP/1.1" 200 24020
120.253.135.82 - - [12/Aug/2022:09:50:47 +0800] "GET /xingrg/javascript/easyui/themes/default/validatebox.css HTTP/1.1" 404 1104
120.253.135.82 - - [12/Aug/2022:09:50:47 +0800] "POST /xingrg/kc/pszx/mdps_order_operate.html HTTP/1.1" 200 2296
116.224.255.128 - - [12/Aug/2022:09:50:48 +0800] "GET /xingrg/kc/buy/cgsh_order_operate.html?command=get_materiel&rest_code=00150&code=00101009013&supplier_code=00100026&order_time=2022-08-12 HTTP/1.1" 200 420
120.253.135.82 - - [12/Aug/2022:09:50:49 +0800] "GET /xingrg/kc/print/load_config.html?kc_code=mdps HTTP/1.1" 200 2390
116.228.172.94 - - [12/Aug/2022:09:50:49 +0800] "GET /xingrg/all/function/internal_message.html?_=1660268725454&CODE_STATE=getMsg HTTP/1.1" 200 27
120.253.135.82 - - [12/Aug/2022:09:50:49 +0800] "GET /xingrg/kc/print/load_data.html?order_code=312022081200252&kc_code=mdps&condition= HTTP/1.1" 200 696
180.169.147.146 - - [12/Aug/2022:09:50:49 +0800] "GET /xingrg/all/function/internal_message.html?_=1660269045252&CODE_STATE=getMsg HTTP/1.1" 200 27
222.69.129.110 - - [12/Aug/2022:09:50:50 +0800] "GET /xingrg/all/function/internal_message.html?_=1660269109507&CODE_STATE=getMsg HTTP/1.1" 200 27
120.253.135.82 - - [12/Aug/2022:09:50:56 +0800] "POST /xingrg/kc/pszx/mdps_order_operate.html HTTP/1.1" 200 37
120.253.135.82 - - [12/Aug/2022:09:50:58 +0800] "POST /xingrg/kc/pszx/mdps_order_operate.html HTTP/1.1" 200 12
120.253.135.82 - - [12/Aug/2022:09:50:59 +0800] "GET /xingrg/kc/pszx/mdps_order_info.html?code=312022081200252 HTTP/1.1" 200 19680
120.253.135.82 - - [12/Aug/2022:09:50:59 +0800] "GET /xingrg/javascript/easyui/themes/default/validatebox.css HTTP/1.1" 404 1104
120.253.135.82 - - [12/Aug/2022:09:50:59 +0800] "POST /xingrg/kc/pszx/mdps_order_operate.html HTTP/1.1" 200 517
116.237.76.47 - - [12/Aug/2022:09:51:10 +0800] "GET /xingrg/all/function/internal_message.html?_=1660269068952&CODE_STATE=getMsg HTTP/1.1" 200 27
116.224.255.128 - - [12/Aug/2022:09:51:10 +0800] "POST /xingrg/kc/buy/cgsh_order_operate.html HTTP/1.1" 200 37
180.169.147.146 - - [12/Aug/2022:09:51:12 +0800] "GET /xingrg/all/function/internal_message.html?_=1660269068400&CODE_STATE=getMsg HTTP/1.1" 200 27
116.224.255.128 - - [12/Aug/2022:09:51:13 +0800] "POST /xingrg/kc/buy/cgsh_order_operate.html HTTP/1.1" 200 12
116.224.255.128 - - [12/Aug/2022:09:51:14 +0800] "GET /xingrg/kc/buy/cgsh_order_info.html?code=212022081203544 HTTP/1.1" 200 63197
114.84.0.234 - - [12/Aug/2022:09:51:14 +0800] "GET /xingrg/all/function/internal_message.html?_=1660269068632&CODE_STATE=getMsg HTTP/1.1" 200 27
116.224.255.128 - - [12/Aug/2022:09:51:15 +0800] "GET /xingrg/javascript/easyui/themes/default/validatebox.css HTTP/1.1" 404 1104
114.86.187.244 - - [12/Aug/2022:09:51:15 +0800] "GET /xingrg/all/function/internal_message.html?_=1660269077339&CODE_STATE=getMsg HTTP/1.1" 200 27
116.224.255.128 - - [12/Aug/2022:09:51:15 +0800] "POST /xingrg/kc/buy/cgsh_order_operate.html HTTP/1.1" 200 4163
180.174.21.132 - - [12/Aug/2022:09:51:16 +0800] "GET /xingrg/check_reg.html?_=1660268946599 HTTP/1.1" 200 22
180.174.21.132 - - [12/Aug/2022:09:51:16 +0800] "GET /xingrg/all/function/internal_message.html?_=1660268946600&CODE_STATE=getMsg HTTP/1.1" 200 27
116.224.255.128 - - [12/Aug/2022:09:51:16 +0800] "GET /xingrg/kc/print/load_data.html?order_code=212022081203544&kc_code=cgsh&condition= HTTP/1.1" 200 2142
116.224.123.211 - - [12/Aug/2022:09:51:17 +0800] "GET /xingrg/all/function/internal_message.html?_=1660269073891&CODE_STATE=getMsg HTTP/1.1" 200 27
101.80.228.36 - - [12/Aug/2022:09:51:19 +0800] "GET /xingrg/check_reg.html?_=1660269073806 HTTP/1.1" 200 22
116.235.94.65 - - [12/Aug/2022:09:51:19 +0800] "POST /xingrg/dwr/call/plaincall/AjaxQqpsService.getMaterielByCode.dwr HTTP/1.1" 200 2734
116.224.255.128 - - [12/Aug/2022:09:51:22 +0800] "GET /xingrg/all/function/internal_message.html?_=1660269018791&CODE_STATE=getMsg HTTP/1.1" 200 27
116.224.255.128 - - [12/Aug/2022:09:51:26 +0800] "GET /xingrg/javascript/jquery_easy_ui/themes/default/images/tabs_active.png HTTP/1.1" 304 -
180.174.21.132 - - [12/Aug/2022:09:51:26 +0800] "GET /xingrg/all/function/internal_message.html?_=1660269082657&CODE_STATE=getMsg HTTP/1.1" 200 27
116.232.194.65 - - [12/Aug/2022:09:51:26 +0800] "GET /xingrg/all/function/internal_message.html?_=1660269064025&CODE_STATE=getMsg HTTP/1.1" 200 27
116.224.255.128 - - [12/Aug/2022:09:51:28 +0800] "POST /xingrg/kc/buy/cgsh_list_operate.html HTTP/1.1" 200 556
101.85.120.95 - - [12/Aug/2022:09:51:30 +0800] "GET /xingrg/all/function/internal_message.html?_=1660269084838&CODE_STATE=getMsg HTTP/1.1" 200 27
116.235.94.65 - - [12/Aug/2022:09:51:30 +0800] "GET /xingrg/all/function/internal_message.html?_=1660269275221&CODE_STATE=getMsg HTTP/1.1" 200 27
116.235.94.65 - - [12/Aug/2022:09:51:31 +0800] "POST /xingrg/dwr/call/plaincall/AjaxQqpsService.saveMaterielItem.dwr HTTP/1.1" 200 78
101.80.228.36 - - [12/Aug/2022:09:51:33 +0800] "GET /xingrg/all/function/internal_message.html?_=1660269088354&CODE_STATE=getMsg HTTP/1.1" 200 27
120.253.135.82 - - [12/Aug/2022:09:51:34 +0800] "GET /xingrg/all/function/internal_message.html?_=1660268896497&CODE_STATE=getMsg HTTP/1.1" 200 27
218.81.223.53 - - [12/Aug/2022:09:51:35 +0800] "GET /xingrg/all/function/internal_message.html?_=1660269109128&CODE_STATE=getMsg HTTP/1.1" 200 27
114.83.216.111 - - [12/Aug/2022:09:51:43 +0800] "GET /xingrg/all/function/internal_message.html?_=1660269096978&CODE_STATE=getMsg HTTP/1.1" 200 27
114.83.216.111 - - [12/Aug/2022:09:51:44 +0800] "GET /xingrg/check_reg.html?_=1660269097479 HTTP/1.1" 200 22
116.237.76.47 - - [12/Aug/2022:09:51:46 +0800] "GET /xingrg/check_reg.html?_=1660269105488 HTTP/1.1" 200 22
116.237.76.47 - - [12/Aug/2022:09:51:46 +0800] "GET /xingrg/all/function/internal_message.html?_=1660269105491&CODE_STATE=getMsg HTTP/1.1" 200 27
116.228.172.94 - - [12/Aug/2022:09:51:49 +0800] "GET /xingrg/all/function/internal_message.html?_=1660268785435&CODE_STATE=getMsg HTTP/1.1" 200 27
180.169.147.146 - - [12/Aug/2022:09:51:49 +0800] "GET /xingrg/all/function/internal_message.html?_=1660269105252&CODE_STATE=getMsg HTTP/1.1" 200 27
222.69.129.110 - - [12/Aug/2022:09:51:50 +0800] "GET /xingrg/all/function/internal_message.html?_=1660269169493&CODE_STATE=getMsg HTTP/1.1" 200 27
116.237.76.47 - - [12/Aug/2022:09:52:10 +0800] "GET /xingrg/all/function/internal_message.html?_=1660269128963&CODE_STATE=getMsg HTTP/1.1" 200 27
180.169.147.146 - - [12/Aug/2022:09:52:12 +0800] "GET /xingrg/all/function/internal_message.html?_=1660269128383&CODE_STATE=getMsg HTTP/1.1" 200 27
114.84.0.234 - - [12/Aug/2022:09:52:14 +0800] "GET /xingrg/all/function/internal_message.html?_=1660269128638&CODE_STATE=getMsg HTTP/1.1" 200 27
114.86.187.244 - - [12/Aug/2022:09:52:15 +0800] "GET /xingrg/all/function/internal_message.html?_=1660269137351&CODE_STATE=getMsg HTTP/1.1" 200 27
180.174.21.132 - - [12/Aug/2022:09:52:16 +0800] "GET /xingrg/all/function/internal_message.html?_=1660269006598&CODE_STATE=getMsg HTTP/1.1" 200 27
116.224.123.211 - - [12/Aug/2022:09:52:17 +0800] "GET /xingrg/all/function/internal_message.html?_=1660269133878&CODE_STATE=getMsg HTTP/1.1" 200 27
101.85.120.95 - - [12/Aug/2022:09:52:18 +0800] "GET /xingrg/javascript/easyui/themes/default/images/button_plain_hover.png HTTP/1.1" 304 -
116.224.255.128 - - [12/Aug/2022:09:52:22 +0800] "GET /xingrg/all/function/internal_message.html?_=1660269078806&CODE_STATE=getMsg HTTP/1.1" 200 27
116.228.172.94 - - [12/Aug/2022:09:52:25 +0800] "GET /xingrg/check_reg.html?_=1660268821926 HTTP/1.1" 200 22
180.174.21.132 - - [12/Aug/2022:09:52:26 +0800] "GET /xingrg/all/function/internal_message.html?_=1660269142637&CODE_STATE=getMsg HTTP/1.1" 200 27
116.232.194.65 - - [12/Aug/2022:09:52:26 +0800] "GET /xingrg/all/function/internal_message.html?_=1660269124003&CODE_STATE=getMsg HTTP/1.1" 200 27
101.85.120.95 - - [12/Aug/2022:09:52:30 +0800] "GET /xingrg/check_reg.html?_=1660269144845 HTTP/1.1" 200 22
101.85.120.95 - - [12/Aug/2022:09:52:30 +0800] "GET /xingrg/all/function/internal_message.html?_=1660269144847&CODE_STATE=getMsg HTTP/1.1" 200 27
116.235.94.65 - - [12/Aug/2022:09:52:30 +0800] "GET /xingrg/all/function/internal_message.html?_=1660269335191&CODE_STATE=getMsg HTTP/1.1" 200 27
101.80.228.36 - - [12/Aug/2022:09:52:33 +0800] "GET /xingrg/all/function/internal_message.html?_=1660269148355&CODE_STATE=getMsg HTTP/1.1" 200 27
120.253.135.82 - - [12/Aug/2022:09:52:34 +0800] "GET /xingrg/all/function/internal_message.html?_=1660268956511&CODE_STATE=getMsg HTTP/1.1" 200 27
218.81.223.53 - - [12/Aug/2022:09:52:35 +0800] "GET /xingrg/all/function/internal_message.html?_=1660269169136&CODE_STATE=getMsg HTTP/1.1" 200 27
114.83.216.111 - - [12/Aug/2022:09:52:43 +0800] "GET /xingrg/all/function/internal_message.html?_=1660269156965&CODE_STATE=getMsg HTTP/1.1" 200 27
116.237.76.47 - - [12/Aug/2022:09:52:46 +0800] "GET /xingrg/all/function/internal_message.html?_=1660269165490&CODE_STATE=getMsg HTTP/1.1" 200 27
116.224.255.128 - - [12/Aug/2022:09:52:47 +0800] "POST /xingrg/services/DataTransmitService HTTP/1.1" 200 524
116.228.172.94 - - [12/Aug/2022:09:52:49 +0800] "GET /xingrg/all/function/internal_message.html?_=1660268845422&CODE_STATE=getMsg HTTP/1.1" 200 27
180.169.147.146 - - [12/Aug/2022:09:52:49 +0800] "GET /xingrg/all/function/internal_message.html?_=1660269165253&CODE_STATE=getMsg HTTP/1.1" 200 27
180.169.147.146 - - [12/Aug/2022:09:52:49 +0800] "GET /xingrg/check_reg.html?_=1660269165256 HTTP/1.1" 200 22
222.69.129.110 - - [12/Aug/2022:09:52:50 +0800] "GET /xingrg/check_reg.html?_=1660269229511 HTTP/1.1" 200 22
222.69.129.110 - - [12/Aug/2022:09:52:51 +0800] "GET /xingrg/all/function/internal_message.html?_=1660269229507&CODE_STATE=getMsg HTTP/1.1" 200 27
116.235.94.65 - - [12/Aug/2022:09:52:53 +0800] "POST /xingrg/dwr/call/plaincall/AjaxQqpsService.checkOrder.dwr HTTP/1.1" 200 78
116.235.94.65 - - [12/Aug/2022:09:52:54 +0800] "GET /xingrg/kc/mdqp/qqps_order_info.html?code=302022081200196 HTTP/1.1" 200 26789
116.235.94.65 - - [12/Aug/2022:09:52:54 +0800] "GET /xingrg/dwr/interface/AjaxComOrderService.js HTTP/1.1" 200 18264
116.235.94.65 - - [12/Aug/2022:09:52:54 +0800] "GET /xingrg/dwr/interface/AjaxQqpsService.js HTTP/1.1" 200 16326
116.235.94.65 - - [12/Aug/2022:09:52:54 +0800] "GET /xingrg/dwr/engine.js HTTP/1.1" 200 43631
116.235.94.65 - - [12/Aug/2022:09:52:55 +0800] "POST /xingrg/dwr/call/plaincall/AjaxQqpsService.loadMaterielItems.dwr HTTP/1.1" 200 1228
116.237.76.47 - - [12/Aug/2022:09:53:10 +0800] "GET /xingrg/check_reg.html?_=1660269188964 HTTP/1.1" 200 22
116.237.76.47 - - [12/Aug/2022:09:53:10 +0800] "GET /xingrg/all/function/internal_message.html?_=1660269188967&CODE_STATE=getMsg HTTP/1.1" 200 27
180.169.147.146 - - [12/Aug/2022:09:53:12 +0800] "GET /xingrg/all/function/internal_message.html?_=1660269188400&CODE_STATE=getMsg HTTP/1.1" 200 27
116.235.94.65 - - [12/Aug/2022:09:53:13 +0800] "GET /xingrg/login.html HTTP/1.1" 200 7641
116.235.94.65 - - [12/Aug/2022:09:53:13 +0800] "GET /favicon.ico HTTP/1.1" 404 -
114.84.0.234 - - [12/Aug/2022:09:53:14 +0800] "GET /xingrg/all/function/internal_message.html?_=1660269188634&CODE_STATE=getMsg HTTP/1.1" 200 27
114.86.187.244 - - [12/Aug/2022:09:53:15 +0800] "GET /xingrg/all/function/internal_message.html?_=1660269197349&CODE_STATE=getMsg HTTP/1.1" 200 27
116.224.255.128 - - [12/Aug/2022:09:53:16 +0800] "POST /xingrg/all/user/operate.html HTTP/1.1" 200 36
180.174.21.132 - - [12/Aug/2022:09:53:16 +0800] "GET /xingrg/all/function/internal_message.html?_=1660269066597&CODE_STATE=getMsg HTTP/1.1" 200 27
116.224.255.128 - - [12/Aug/2022:09:53:16 +0800] "GET /xingrg/index.html?sysBaseUrl=http%3A%2F%2F180.169.147.146%3A18081%2Fxingrg%2F&costTime=40×tamp=1660264766473 HTTP/1.1" 200 17177
116.224.255.128 - - [12/Aug/2022:09:53:16 +0800] "GET /xingrg/javascript/jquery_easy_ui/themes/default/easyui.css HTTP/1.1" 304 -
116.224.255.128 - - [12/Aug/2022:09:53:16 +0800] "GET /xingrg/javascript/jquery_easy_ui/themes/icon.css HTTP/1.1" 304 -
116.224.255.128 - - [12/Aug/2022:09:53:16 +0800] "GET /xingrg/css/form.css HTTP/1.1" 304 -
116.224.255.128 - - [12/Aug/2022:09:53:16 +0800] "GET /xingrg/javascript/jquery-1.4.2.min.js HTTP/1.1" 304 -
116.224.255.128 - - [12/Aug/2022:09:53:16 +0800] "GET /xingrg/javascript/jquery_easy_ui/jquery.easyui.min.js HTTP/1.1" 304 -
116.224.255.128 - - [12/Aug/2022:09:53:17 +0800] "GET /xingrg/javascript/jquery_easy_ui/easyui-lang-zh_CN.js HTTP/1.1" 304 -
116.224.255.128 - - [12/Aug/2022:09:53:17 +0800] "GET /xingrg/javascript/jquery.form.js HTTP/1.1" 304 -
116.224.255.128 - - [12/Aug/2022:09:53:17 +0800] "GET /xingrg/javascript/jquery.utils.js HTTP/1.1" 304 -
116.224.255.128 - - [12/Aug/2022:09:53:17 +0800] "GET /xingrg/javascript/jquery.timers.js HTTP/1.1" 304 -
116.224.255.128 - - [12/Aug/2022:09:53:17 +0800] "GET /xingrg/images/blue/jxLogo.png HTTP/1.1" 304 -
116.224.255.128 - - [12/Aug/2022:09:53:17 +0800] "GET /xingrg/images/blue/navBackgound.jpg HTTP/1.1" 304 -
116.224.255.128 - - [12/Aug/2022:09:53:17 +0800] "GET /xingrg/images/blue/pingpu.png HTTP/1.1" 304 -
116.224.255.128 - - [12/Aug/2022:09:53:17 +0800] "POST /xingrg/all/common/load_tree.html?tree=area_rest_tree_json&manage=1 HTTP/1.1" 200 476
116.224.255.128 - - [12/Aug/2022:09:53:17 +0800] "GET /xingrg/javascript/jquery_easy_ui/themes/icons/settle_new.png HTTP/1.1" 304 -
116.224.255.128 - - [12/Aug/2022:09:53:17 +0800] "GET /xingrg/javascript/jquery_easy_ui/themes/default/images/panel_tool_collapse.gif HTTP/1.1" 304 -
116.224.255.128 - - [12/Aug/2022:09:53:17 +0800] "GET /xingrg/all/function/internal_message.html?_=1660269133544&CODE_STATE=count HTTP/1.1" 200 11
116.224.255.128 - - [12/Aug/2022:09:53:17 +0800] "GET /xingrg/check_reg.html?_=1660269133545 HTTP/1.1" 200 22
116.224.255.128 - - [12/Aug/2022:09:53:17 +0800] "GET /xingrg/javascript/jquery_easy_ui/themes/default/images/tree_arrows.gif HTTP/1.1" 304 -
116.224.255.128 - - [12/Aug/2022:09:53:17 +0800] "GET /xingrg/javascript/jquery_easy_ui/themes/default/images/tabs_leftarrow.png HTTP/1.1" 304 -
116.224.255.128 - - [12/Aug/2022:09:53:17 +0800] "POST /xingrg/load_menu.html HTTP/1.1" 200 5138
116.224.255.128 - - [12/Aug/2022:09:53:17 +0800] "GET /xingrg/javascript/jquery_easy_ui/themes/default/images/tabs_rightarrow.png HTTP/1.1" 304 -
116.224.255.128 - - [12/Aug/2022:09:53:17 +0800] "GET /xingrg/javascript/jquery_easy_ui/themes/icons/search_new.png HTTP/1.1" 304 -
116.224.255.128 - - [12/Aug/2022:09:53:17 +0800] "GET /xingrg/javascript/jquery_easy_ui/themes/default/images/tree_folder_open.gif HTTP/1.1" 304 -
116.224.255.128 - - [12/Aug/2022:09:53:17 +0800] "GET /xingrg/javascript/jquery_easy_ui/themes/default/images/tree_folder.gif HTTP/1.1" 304 -
116.224.255.128 - - [12/Aug/2022:09:53:17 +0800] "GET /xingrg/javascript/jquery_easy_ui/themes/icons/storage_new.png HTTP/1.1" 304 -
116.224.255.128 - - [12/Aug/2022:09:53:17 +0800] "GET /xingrg/javascript/jquery_easy_ui/themes/icons/forms_new.png HTTP/1.1" 304 -
116.224.255.128 - - [12/Aug/2022:09:53:17 +0800] "GET /xingrg/javascript/jquery_easy_ui/themes/default/images/tree_file.gif HTTP/1.1" 304 -
116.224.123.211 - - [12/Aug/2022:09:53:17 +0800] "GET /xingrg/all/function/internal_message.html?_=1660269193869&CODE_STATE=getMsg HTTP/1.1" 200 27
222.69.129.110 - - [12/Aug/2022:09:53:19 +0800] "GET /xingrg/kc/base/wldb_order_list.html HTTP/1.1" 200 19148
222.69.129.110 - - [12/Aug/2022:09:53:20 +0800] "POST /xingrg/kc/base/wldb_list_operate.html HTTP/1.1" 200 928
116.224.255.128 - - [12/Aug/2022:09:53:20 +0800] "GET /xingrg/kc/buy/cgsh_order_list.html HTTP/1.1" 200 52500
222.69.129.110 - - [12/Aug/2022:09:53:21 +0800] "GET /xingrg/kc/base/wldb_order_add.html HTTP/1.1" 200 30362
222.69.129.110 - - [12/Aug/2022:09:53:21 +0800] "POST /xingrg/kc/base/wldb_order_operate.html HTTP/1.1" 200 6806
