124.78.152.212 - - [10/Aug/2022:11:54:37 +0800] "POST /xingrg/kc/buy/cgsh_order_operate.html HTTP/1.1" 200 31650
180.169.147.146 - - [10/Aug/2022:11:54:39 +0800] "GET /xingrg/all/function/internal_message.html?_=1660103673197&CODE_STATE=getMsg HTTP/1.1" 200 27
114.86.224.84 - - [10/Aug/2022:11:54:40 +0800] "GET /xingrg/all/function/internal_message.html?_=1660103683229&CODE_STATE=getMsg HTTP/1.1" 200 27
116.232.194.65 - - [10/Aug/2022:11:54:40 +0800] "POST /xingrg/kc/buy/cgsh_order_operate.html HTTP/1.1" 200 37
180.162.109.37 - - [10/Aug/2022:11:54:40 +0800] "GET /xingrg/all/function/internal_message.html?_=1660102856473&CODE_STATE=getMsg HTTP/1.1" 200 27
180.162.109.37 - - [10/Aug/2022:11:54:40 +0800] "GET /xingrg/check_reg.html?_=1660102856476 HTTP/1.1" 200 22
124.78.152.212 - - [10/Aug/2022:11:54:40 +0800] "POST /xingrg/kc/buy/cgsh_list_operate.html HTTP/1.1" 200 1453
116.232.194.65 - - [10/Aug/2022:11:54:41 +0800] "POST /xingrg/kc/buy/cgsh_order_operate.html HTTP/1.1" 200 5056
116.232.194.65 - - [10/Aug/2022:11:54:42 +0800] "GET /xingrg/kc/print/load_data.html?order_code=212022081002977&kc_code=cgsh&condition= HTTP/1.1" 200 1620
101.85.120.95 - - [10/Aug/2022:11:54:45 +0800] "GET /xingrg/check_reg.html?_=1660103680299 HTTP/1.1" 200 22
101.85.120.95 - - [10/Aug/2022:11:54:45 +0800] "GET /xingrg/all/function/internal_message.html?_=1660103680302&CODE_STATE=getMsg HTTP/1.1" 200 27
116.232.194.65 - - [10/Aug/2022:11:54:46 +0800] "GET /xingrg/kc/mdqp/qqps_order_list.html HTTP/1.1" 200 9658
116.232.194.65 - - [10/Aug/2022:11:54:46 +0800] "GET /xingrg/dwr/interface/AjaxQqpsService.js HTTP/1.1" 200 16326
116.232.194.65 - - [10/Aug/2022:11:54:46 +0800] "GET /xingrg/dwr/interface/AjaxReportQueryService.js HTTP/1.1" 200 13203
124.78.152.212 - - [10/Aug/2022:11:54:46 +0800] "POST /xingrg/kc/buy/cgsh_order_operate.html HTTP/1.1" 200 37
116.232.194.65 - - [10/Aug/2022:11:54:46 +0800] "GET /xingrg/dwr/engine.js HTTP/1.1" 200 43631
116.232.194.65 - - [10/Aug/2022:11:54:46 +0800] "GET /xingrg/dwr/util.js HTTP/1.1" 304 -
116.224.123.211 - - [10/Aug/2022:11:54:46 +0800] "GET /xingrg/all/function/internal_message.html?_=1660103683686&CODE_STATE=getMsg HTTP/1.1" 200 27
116.232.194.65 - - [10/Aug/2022:11:54:46 +0800] "GET /xingrg/kc/mdqp/pssh_order_list.html HTTP/1.1" 200 17823
116.232.194.65 - - [10/Aug/2022:11:54:46 +0800] "POST /xingrg/kc/mdqp/pssh_list_operate.html HTTP/1.1" 200 5452
116.232.194.65 - - [10/Aug/2022:11:54:48 +0800] "POST /xingrg/kc/mdqp/pssh_list_operate.html HTTP/1.1" 200 267
116.224.255.128 - - [10/Aug/2022:11:54:49 +0800] "GET /xingrg/kc/buy/cgsh_order_operate.html?command=get_materiel&rest_code=00150&code=00101015021&supplier_code=00100054&order_time=2022-08-10 HTTP/1.1" 200 408
124.78.152.212 - - [10/Aug/2022:11:54:49 +0800] "POST /xingrg/kc/buy/cgsh_order_operate.html HTTP/1.1" 200 12
116.232.194.65 - - [10/Aug/2022:11:54:50 +0800] "POST /xingrg/kc/mdqp/pssh_list_operate.html HTTP/1.1" 200 256
124.78.152.212 - - [10/Aug/2022:11:54:50 +0800] "GET /xingrg/kc/buy/cgsh_order_info.html?code=212022081002916 HTTP/1.1" 200 63126
124.78.152.212 - - [10/Aug/2022:11:54:50 +0800] "GET /xingrg/javascript/easyui/themes/default/validatebox.css HTTP/1.1" 404 1104
124.78.152.212 - - [10/Aug/2022:11:54:51 +0800] "POST /xingrg/kc/buy/cgsh_order_operate.html HTTP/1.1" 200 29595
180.174.21.132 - - [10/Aug/2022:11:54:52 +0800] "GET /xingrg/all/function/internal_message.html?_=1660103564822&CODE_STATE=getMsg HTTP/1.1" 200 27
180.174.21.132 - - [10/Aug/2022:11:54:52 +0800] "GET /xingrg/check_reg.html?_=1660103564824 HTTP/1.1" 200 22
58.40.7.146 - - [10/Aug/2022:11:54:53 +0800] "GET /xingrg/all/function/internal_message.html?_=1660103690668&CODE_STATE=getMsg HTTP/1.1" 200 27
116.232.194.65 - - [10/Aug/2022:11:54:53 +0800] "GET /xingrg/kc/buy/cgsh_order_list.html HTTP/1.1" 200 52453
124.78.152.212 - - [10/Aug/2022:11:54:54 +0800] "GET /xingrg/kc/print/load_data.html?order_code=212022081002916&kc_code=cgsh&condition= HTTP/1.1" 200 11719
116.232.194.65 - - [10/Aug/2022:11:54:55 +0800] "POST /xingrg/kc/buy/cgsh_list_operate.html HTTP/1.1" 200 3379
180.174.21.132 - - [10/Aug/2022:11:54:56 +0800] "GET /xingrg/all/function/internal_message.html?_=1660103695044&CODE_STATE=getMsg HTTP/1.1" 200 27
116.224.255.128 - - [10/Aug/2022:11:54:58 +0800] "GET /xingrg/kc/buy/cgsh_order_operate.html?command=get_materiel&rest_code=00150&code=00101015026&supplier_code=00100054&order_time=2022-08-10 HTTP/1.1" 200 412
172.20.0.100 - - [10/Aug/2022:11:55:00 +0800] "GET /xingrg/all/function/internal_message.html?_=1660103699151&CODE_STATE=getMsg HTTP/1.1" 200 27
114.84.0.234 - - [10/Aug/2022:11:55:01 +0800] "GET /xingrg/all/function/internal_message.html?_=1660103697474&CODE_STATE=getMsg HTTP/1.1" 200 27
114.83.216.111 - - [10/Aug/2022:11:55:01 +0800] "POST /xingrg/kc/buy/cgsh_order_operate.html HTTP/1.1" 200 37
116.232.194.65 - - [10/Aug/2022:11:55:03 +0800] "POST /xingrg/kc/buy/cgsh_list_operate.html HTTP/1.1" 200 3379
101.80.228.36 - - [10/Aug/2022:11:55:05 +0800] "GET /xingrg/all/function/internal_message.html?_=1660103701514&CODE_STATE=getMsg HTTP/1.1" 200 27
116.232.194.65 - - [10/Aug/2022:11:55:06 +0800] "GET /xingrg/kc/buy/cgsh_order_add.html HTTP/1.1" 200 68235
116.232.194.65 - - [10/Aug/2022:11:55:06 +0800] "POST /xingrg/kc/buy/cgsh_order_operate.html HTTP/1.1" 200 8245
116.232.194.65 - - [10/Aug/2022:11:55:06 +0800] "GET /xingrg/javascript/easyui/themes/default/validatebox.css HTTP/1.1" 404 1104
114.83.216.111 - - [10/Aug/2022:11:55:06 +0800] "POST /xingrg/kc/buy/cgsh_order_operate.html HTTP/1.1" 200 12
180.174.21.132 - - [10/Aug/2022:11:55:07 +0800] "GET /xingrg/kc/buy/cgsh_order_list.html HTTP/1.1" 200 52447
114.83.216.111 - - [10/Aug/2022:11:55:07 +0800] "GET /xingrg/kc/buy/cgsh_order_info.html?code=212022081002978 HTTP/1.1" 200 63224
114.83.216.111 - - [10/Aug/2022:11:55:08 +0800] "GET /xingrg/javascript/easyui/themes/default/validatebox.css HTTP/1.1" 404 1104
114.83.216.111 - - [10/Aug/2022:11:55:08 +0800] "POST /xingrg/kc/buy/cgsh_order_operate.html HTTP/1.1" 200 1212
116.224.255.128 - - [10/Aug/2022:11:55:10 +0800] "GET /xingrg/all/function/internal_message.html?_=1660103650228&CODE_STATE=getMsg HTTP/1.1" 200 27
116.224.255.128 - - [10/Aug/2022:11:55:11 +0800] "POST /xingrg/kc/buy/cgsh_order_operate.html HTTP/1.1" 200 37
114.83.216.111 - - [10/Aug/2022:11:55:11 +0800] "GET /xingrg/kc/print/load_data.html?order_code=212022081002978&kc_code=cgsh&condition= HTTP/1.1" 200 1014
180.174.21.132 - - [10/Aug/2022:11:55:12 +0800] "POST /xingrg/kc/buy/cgsh_list_operate.html HTTP/1.1" 200 2675
114.84.0.234 - - [10/Aug/2022:11:55:12 +0800] "GET /xingrg/kc/buy/cgsh_order_operate.html?command=get_materiel&rest_code=00111&code=00101004034&supplier_code=00100085&order_time=2022-08-10 HTTP/1.1" 200 418
180.174.21.132 - - [10/Aug/2022:11:55:13 +0800] "GET /xingrg/kc/buy/cgsh_order_add.html HTTP/1.1" 200 68311
180.174.21.132 - - [10/Aug/2022:11:55:13 +0800] "POST /xingrg/kc/buy/cgsh_order_operate.html HTTP/1.1" 200 8245
180.174.21.132 - - [10/Aug/2022:11:55:13 +0800] "GET /xingrg/javascript/easyui/themes/default/validatebox.css HTTP/1.1" 404 1104
114.88.158.224 - - [10/Aug/2022:11:55:14 +0800] "GET /xingrg/all/function/internal_message.html?_=1660103387649&CODE_STATE=getMsg HTTP/1.1" 200 27
114.83.216.111 - - [10/Aug/2022:11:55:16 +0800] "GET /xingrg/kc/buy/cgsh_order_add.html HTTP/1.1" 200 68317
114.83.216.111 - - [10/Aug/2022:11:55:16 +0800] "POST /xingrg/kc/buy/cgsh_order_operate.html HTTP/1.1" 200 8245
114.83.216.111 - - [10/Aug/2022:11:55:17 +0800] "GET /xingrg/javascript/easyui/themes/default/validatebox.css HTTP/1.1" 404 1104
116.232.194.65 - - [10/Aug/2022:11:55:17 +0800] "GET /xingrg/kc/buy/cgsh_order_operate.html?command=get_materiel&rest_code=00155&code=00101010237&supplier_code=00100323&order_time=2022-08-10 HTTP/1.1" 200 433
116.224.255.128 - - [10/Aug/2022:11:55:18 +0800] "POST /xingrg/kc/buy/cgsh_order_operate.html HTTP/1.1" 200 12
218.81.223.53 - - [10/Aug/2022:11:55:20 +0800] "GET /xingrg/all/function/internal_message.html?_=1660103727122&CODE_STATE=getMsg HTTP/1.1" 200 27
116.224.255.128 - - [10/Aug/2022:11:55:21 +0800] "GET /xingrg/kc/buy/cgsh_order_info.html?code=212022081002979 HTTP/1.1" 200 63146
116.224.255.128 - - [10/Aug/2022:11:55:22 +0800] "GET /xingrg/javascript/easyui/themes/default/validatebox.css HTTP/1.1" 404 1104
116.224.255.128 - - [10/Aug/2022:11:55:22 +0800] "POST /xingrg/kc/buy/cgsh_order_operate.html HTTP/1.1" 200 2962
222.69.129.110 - - [10/Aug/2022:11:55:23 +0800] "GET /xingrg/all/function/internal_message.html?_=1660103783017&CODE_STATE=getMsg HTTP/1.1" 200 27
222.69.129.110 - - [10/Aug/2022:11:55:23 +0800] "GET /xingrg/check_reg.html?_=1660103783020 HTTP/1.1" 200 22
180.174.21.132 - - [10/Aug/2022:11:55:25 +0800] "GET /xingrg/kc/buy/cgsh_order_operate.html?command=get_materiel&rest_code=00105&code=00101010567&supplier_code=00100326&order_time=2022-08-10 HTTP/1.1" 200 413
116.232.194.65 - - [10/Aug/2022:11:55:26 +0800] "GET /xingrg/all/function/internal_message.html?_=1660103709097&CODE_STATE=getMsg HTTP/1.1" 200 27
116.224.255.128 - - [10/Aug/2022:11:55:26 +0800] "GET /xingrg/kc/print/load_data.html?order_code=212022081002979&kc_code=cgsh&condition= HTTP/1.1" 200 1609
116.232.194.65 - - [10/Aug/2022:11:55:27 +0800] "GET /xingrg/kc/buy/cgsh_order_operate.html?command=get_materiel&rest_code=00155&code=00101007106&supplier_code=00100323&order_time=2022-08-10 HTTP/1.1" 200 409
124.78.152.212 - - [10/Aug/2022:11:55:30 +0800] "GET /xingrg/all/function/internal_message.html?_=1660103729298&CODE_STATE=getMsg HTTP/1.1" 200 27
180.169.147.146 - - [10/Aug/2022:11:55:36 +0800] "GET /xingrg/all/function/internal_message.html?_=1660103734416&CODE_STATE=getMsg HTTP/1.1" 200 27
120.253.135.82 - - [10/Aug/2022:11:55:37 +0800] "GET /xingrg/all/function/internal_message.html?_=1660103853511&CODE_STATE=getMsg HTTP/1.1" 200 27
180.169.147.146 - - [10/Aug/2022:11:55:39 +0800] "GET /xingrg/all/function/internal_message.html?_=1660103733195&CODE_STATE=getMsg HTTP/1.1" 200 27
180.174.21.132 - - [10/Aug/2022:11:55:40 +0800] "GET /xingrg/kc/buy/cgsh_order_operate.html?command=get_materiel&rest_code=00105&code=00101012045&supplier_code=00100326&order_time=2022-08-10 HTTP/1.1" 200 409
114.86.224.84 - - [10/Aug/2022:11:55:40 +0800] "GET /xingrg/all/function/internal_message.html?_=1660103743230&CODE_STATE=getMsg HTTP/1.1" 200 27
114.86.224.84 - - [10/Aug/2022:11:55:40 +0800] "GET /xingrg/check_reg.html?_=1660103743232 HTTP/1.1" 200 22
180.162.109.37 - - [10/Aug/2022:11:55:40 +0800] "GET /xingrg/all/function/internal_message.html?_=1660102916462&CODE_STATE=getMsg HTTP/1.1" 200 27
116.232.194.65 - - [10/Aug/2022:11:55:41 +0800] "GET /xingrg/kc/buy/cgsh_order_operate.html?command=get_materiel&rest_code=00155&code=00101014005&supplier_code=00100323&order_time=2022-08-10 HTTP/1.1" 200 419
101.85.120.95 - - [10/Aug/2022:11:55:45 +0800] "GET /xingrg/all/function/internal_message.html?_=1660103740286&CODE_STATE=getMsg HTTP/1.1" 200 27
116.224.123.211 - - [10/Aug/2022:11:55:46 +0800] "GET /xingrg/all/function/internal_message.html?_=1660103743683&CODE_STATE=getMsg HTTP/1.1" 200 27
116.224.123.211 - - [10/Aug/2022:11:55:47 +0800] "GET /xingrg/check_reg.html?_=1660103744673 HTTP/1.1" 200 22
116.224.255.128 - - [10/Aug/2022:11:55:52 +0800] "GET /xingrg/kc/buy/cgsh_order_add.html HTTP/1.1" 200 68241
116.224.255.128 - - [10/Aug/2022:11:55:52 +0800] "POST /xingrg/kc/buy/cgsh_order_operate.html HTTP/1.1" 200 8245
180.174.21.132 - - [10/Aug/2022:11:55:52 +0800] "GET /xingrg/all/function/internal_message.html?_=1660103624823&CODE_STATE=getMsg HTTP/1.1" 200 27
116.224.255.128 - - [10/Aug/2022:11:55:52 +0800] "GET /xingrg/javascript/easyui/themes/default/validatebox.css HTTP/1.1" 404 1104
58.40.7.146 - - [10/Aug/2022:11:55:53 +0800] "GET /xingrg/all/function/internal_message.html?_=1660103750668&CODE_STATE=getMsg HTTP/1.1" 200 27
172.20.0.100 - - [10/Aug/2022:11:55:54 +0800] "GET /xingrg/check_reg.html?_=1660103753206 HTTP/1.1" 200 22
180.174.21.132 - - [10/Aug/2022:11:55:56 +0800] "GET /xingrg/all/function/internal_message.html?_=1660103755076&CODE_STATE=getMsg HTTP/1.1" 200 27
114.84.0.234 - - [10/Aug/2022:11:55:56 +0800] "POST /xingrg/kc/buy/cgsh_order_operate.html HTTP/1.1" 200 37
180.174.21.132 - - [10/Aug/2022:11:55:56 +0800] "GET /xingrg/check_reg.html?_=1660103755079 HTTP/1.1" 200 22
180.174.21.132 - - [10/Aug/2022:11:55:56 +0800] "POST /xingrg/kc/buy/cgsh_order_operate.html HTTP/1.1" 200 88
114.83.216.111 - - [10/Aug/2022:11:55:58 +0800] "GET /xingrg/all/function/internal_message.html?_=1660103754451&CODE_STATE=getMsg HTTP/1.1" 200 27
114.84.0.234 - - [10/Aug/2022:11:55:59 +0800] "POST /xingrg/kc/buy/cgsh_order_operate.html HTTP/1.1" 200 2666
172.20.0.100 - - [10/Aug/2022:11:56:00 +0800] "GET /xingrg/all/function/internal_message.html?_=1660103759141&CODE_STATE=getMsg HTTP/1.1" 200 27
114.84.0.234 - - [10/Aug/2022:11:56:01 +0800] "GET /xingrg/check_reg.html?_=1660103757398 HTTP/1.1" 200 22
114.84.0.234 - - [10/Aug/2022:11:56:01 +0800] "GET /xingrg/all/function/internal_message.html?_=1660103757448&CODE_STATE=getMsg HTTP/1.1" 200 27
180.174.21.132 - - [10/Aug/2022:11:56:01 +0800] "POST /xingrg/kc/buy/cgsh_order_operate.html HTTP/1.1" 200 37
114.84.0.234 - - [10/Aug/2022:11:56:02 +0800] "GET /xingrg/kc/print/load_data.html?order_code=212022081002980&kc_code=cgsh&condition= HTTP/1.1" 200 731
180.174.21.132 - - [10/Aug/2022:11:56:03 +0800] "POST /xingrg/kc/buy/cgsh_order_operate.html HTTP/1.1" 200 3249
116.232.194.65 - - [10/Aug/2022:11:56:03 +0800] "GET /xingrg/kc/buy/cgsh_order_operate.html?command=get_materiel&rest_code=00155&code=00101006044&supplier_code=00100323&order_time=2022-08-10 HTTP/1.1" 200 411
180.174.21.132 - - [10/Aug/2022:11:56:04 +0800] "GET /xingrg/kc/print/load_data.html?order_code=212022081002982&kc_code=cgsh&condition= HTTP/1.1" 200 899
101.80.228.36 - - [10/Aug/2022:11:56:05 +0800] "GET /xingrg/all/function/internal_message.html?_=1660103761485&CODE_STATE=getMsg HTTP/1.1" 200 27
116.224.255.128 - - [10/Aug/2022:11:56:06 +0800] "GET /xingrg/kc/buy/cgsh_order_operate.html?command=get_materiel&rest_code=00150&code=00101029022&supplier_code=00100017&order_time=2022-08-10 HTTP/1.1" 200 452
218.81.223.53 - - [10/Aug/2022:11:56:08 +0800] "GET /xingrg/check_reg.html?_=1660103775395 HTTP/1.1" 200 22
180.174.21.132 - - [10/Aug/2022:11:56:08 +0800] "GET /xingrg/kc/buy/cgsh_order_add.html HTTP/1.1" 200 68311
180.174.21.132 - - [10/Aug/2022:11:56:08 +0800] "POST /xingrg/kc/buy/cgsh_order_operate.html HTTP/1.1" 200 8245
180.174.21.132 - - [10/Aug/2022:11:56:08 +0800] "GET /xingrg/javascript/easyui/themes/default/validatebox.css HTTP/1.1" 404 1104
116.224.255.128 - - [10/Aug/2022:11:56:10 +0800] "GET /xingrg/all/function/internal_message.html?_=1660103710241&CODE_STATE=getMsg HTTP/1.1" 200 27
114.88.158.224 - - [10/Aug/2022:11:56:14 +0800] "GET /xingrg/all/function/internal_message.html?_=1660103447621&CODE_STATE=getMsg HTTP/1.1" 200 27
180.169.147.146 - - [10/Aug/2022:11:56:17 +0800] "GET /xingrg/check_reg.html?_=1660103774496 HTTP/1.1" 200 22
180.174.21.132 - - [10/Aug/2022:11:56:19 +0800] "GET /xingrg/kc/buy/cgsh_order_operate.html?command=get_materiel&rest_code=00105&code=00101001037&supplier_code=00100090&order_time=2022-08-10 HTTP/1.1" 200 418
116.224.255.128 - - [10/Aug/2022:11:56:19 +0800] "GET /xingrg/kc/buy/cgsh_order_operate.html?command=get_materiel&rest_code=00150&code=00101029011&supplier_code=00100017&order_time=2022-08-10 HTTP/1.1" 200 479
218.81.223.53 - - [10/Aug/2022:11:56:19 +0800] "GET /xingrg/all/function/internal_message.html?_=1660103787124&CODE_STATE=getMsg HTTP/1.1" 200 27
222.69.129.110 - - [10/Aug/2022:11:56:23 +0800] "GET /xingrg/all/function/internal_message.html?_=1660103843024&CODE_STATE=getMsg HTTP/1.1" 200 27
120.253.135.82 - - [10/Aug/2022:11:56:26 +0800] "GET /xingrg/check_reg.html?_=1660103902647 HTTP/1.1" 200 22
116.232.194.65 - - [10/Aug/2022:11:56:26 +0800] "GET /xingrg/all/function/internal_message.html?_=1660103769100&CODE_STATE=getMsg HTTP/1.1" 200 27
101.80.228.36 - - [10/Aug/2022:11:56:27 +0800] "GET /xingrg/check_reg.html?_=1660103783907 HTTP/1.1" 200 22
124.78.152.212 - - [10/Aug/2022:11:56:30 +0800] "GET /xingrg/all/function/internal_message.html?_=1660103789267&CODE_STATE=getMsg HTTP/1.1" 200 27
116.224.255.128 - - [10/Aug/2022:11:56:30 +0800] "GET /xingrg/kc/buy/cgsh_order_operate.html?command=get_materiel&rest_code=00150&code=00101029002&supplier_code=00100017&order_time=2022-08-10 HTTP/1.1" 200 470
180.174.21.132 - - [10/Aug/2022:11:56:35 +0800] "GET /xingrg/kc/buy/cgsh_order_operate.html?command=get_materiel&rest_code=00105&code=00101001140&supplier_code=00100090&order_time=2022-08-10 HTTP/1.1" 200 415
180.169.147.146 - - [10/Aug/2022:11:56:36 +0800] "GET /xingrg/all/function/internal_message.html?_=1660103794415&CODE_STATE=getMsg HTTP/1.1" 200 27
180.169.147.146 - - [10/Aug/2022:11:56:36 +0800] "GET /xingrg/check_reg.html?_=1660103794418 HTTP/1.1" 200 22
120.253.135.82 - - [10/Aug/2022:11:56:37 +0800] "GET /xingrg/all/function/internal_message.html?_=1660103913511&CODE_STATE=getMsg HTTP/1.1" 200 27
114.84.0.234 - - [10/Aug/2022:11:56:37 +0800] "GET /xingrg/kc/buy/cgsh_order_add.html HTTP/1.1" 200 68185
114.84.0.234 - - [10/Aug/2022:11:56:37 +0800] "POST /xingrg/kc/buy/cgsh_order_operate.html HTTP/1.1" 200 8245
114.84.0.234 - - [10/Aug/2022:11:56:37 +0800] "GET /xingrg/javascript/easyui/themes/default/validatebox.css HTTP/1.1" 404 1104
124.78.152.212 - - [10/Aug/2022:11:56:39 +0800] "GET /xingrg/check_reg.html?_=1660103798615 HTTP/1.1" 200 22
180.169.147.146 - - [10/Aug/2022:11:56:39 +0800] "GET /xingrg/all/function/internal_message.html?_=1660103793195&CODE_STATE=getMsg HTTP/1.1" 200 27
114.86.224.84 - - [10/Aug/2022:11:56:40 +0800] "GET /xingrg/all/function/internal_message.html?_=1660103803233&CODE_STATE=getMsg HTTP/1.1" 200 27
180.162.109.37 - - [10/Aug/2022:11:56:40 +0800] "GET /xingrg/all/function/internal_message.html?_=1660102976464&CODE_STATE=getMsg HTTP/1.1" 200 27
101.85.120.95 - - [10/Aug/2022:11:56:45 +0800] "GET /xingrg/all/function/internal_message.html?_=1660103800295&CODE_STATE=getMsg HTTP/1.1" 200 27
116.224.255.128 - - [10/Aug/2022:11:56:46 +0800] "GET /xingrg/kc/buy/cgsh_order_operate.html?command=get_materiel&rest_code=00150&code=00101029005&supplier_code=00100017&order_time=2022-08-10 HTTP/1.1" 200 435
116.224.123.211 - - [10/Aug/2022:11:56:46 +0800] "GET /xingrg/all/function/internal_message.html?_=1660103803671&CODE_STATE=getMsg HTTP/1.1" 200 27
180.174.21.132 - - [10/Aug/2022:11:56:52 +0800] "GET /xingrg/all/function/internal_message.html?_=1660103684824&CODE_STATE=getMsg HTTP/1.1" 200 27
114.84.0.234 - - [10/Aug/2022:11:56:53 +0800] "GET /xingrg/javascript/jquery_tools/images/prev.gif HTTP/1.1" 404 1086
58.40.7.146 - - [10/Aug/2022:11:56:53 +0800] "GET /xingrg/all/function/internal_message.html?_=1660103810671&CODE_STATE=getMsg HTTP/1.1" 200 27
114.84.0.234 - - [10/Aug/2022:11:56:53 +0800] "GET /xingrg/javascript/jquery_tools/images/next.gif HTTP/1.1" 404 1086
116.224.255.128 - - [10/Aug/2022:11:56:55 +0800] "GET /xingrg/kc/buy/cgsh_order_operate.html?command=get_materiel&rest_code=00150&code=00101028012&supplier_code=00100017&order_time=2022-08-10 HTTP/1.1" 200 477
180.174.21.132 - - [10/Aug/2022:11:56:56 +0800] "GET /xingrg/all/function/internal_message.html?_=1660103815054&CODE_STATE=getMsg HTTP/1.1" 200 27
180.174.21.132 - - [10/Aug/2022:11:56:56 +0800] "GET /xingrg/kc/buy/cgsh_order_operate.html?command=get_materiel&rest_code=00105&code=00101001125&supplier_code=00100090&order_time=2022-08-10 HTTP/1.1" 200 417
114.83.216.111 - - [10/Aug/2022:11:56:58 +0800] "GET /xingrg/all/function/internal_message.html?_=1660103814423&CODE_STATE=getMsg HTTP/1.1" 200 27
172.20.0.100 - - [10/Aug/2022:11:57:00 +0800] "GET /xingrg/all/function/internal_message.html?_=1660103819122&CODE_STATE=getMsg HTTP/1.1" 200 27
114.84.0.234 - - [10/Aug/2022:11:57:01 +0800] "GET /xingrg/all/function/internal_message.html?_=1660103817428&CODE_STATE=getMsg HTTP/1.1" 200 27
180.174.21.132 - - [10/Aug/2022:11:57:04 +0800] "GET /xingrg/kc/buy/cgsh_order_operate.html?command=get_materiel&rest_code=00105&code=00101001169&supplier_code=00100090&order_time=2022-08-10 HTTP/1.1" 200 417
101.80.228.36 - - [10/Aug/2022:11:57:04 +0800] "GET /xingrg/all/function/internal_message.html?_=1660103821456&CODE_STATE=getMsg HTTP/1.1" 200 27
114.83.216.111 - - [10/Aug/2022:11:57:06 +0800] "GET /xingrg/kc/base/wldb_order_list.html HTTP/1.1" 200 19148
114.83.216.111 - - [10/Aug/2022:11:57:07 +0800] "POST /xingrg/kc/base/wldb_list_operate.html HTTP/1.1" 200 928
116.232.194.65 - - [10/Aug/2022:11:57:09 +0800] "GET /xingrg/kc/buy/cgsh_order_operate.html?command=get_materiel&rest_code=00155&code=00101006060&supplier_code=00100323&order_time=2022-08-10 HTTP/1.1" 200 409
116.224.255.128 - - [10/Aug/2022:11:57:10 +0800] "GET /xingrg/all/function/internal_message.html?_=1660103770255&CODE_STATE=getMsg HTTP/1.1" 200 27
114.88.158.224 - - [10/Aug/2022:11:57:14 +0800] "GET /xingrg/all/function/internal_message.html?_=1660103507594&CODE_STATE=getMsg HTTP/1.1" 200 27
180.174.21.132 - - [10/Aug/2022:11:57:14 +0800] "POST /xingrg/kc/buy/cgsh_order_operate.html HTTP/1.1" 200 37
180.174.21.132 - - [10/Aug/2022:11:57:16 +0800] "POST /xingrg/kc/buy/cgsh_order_operate.html HTTP/1.1" 200 4462
116.232.194.65 - - [10/Aug/2022:11:57:16 +0800] "GET /xingrg/kc/buy/cgsh_order_operate.html?command=get_materiel&rest_code=00155&code=00101006061&supplier_code=00100323&order_time=2022-08-10 HTTP/1.1" 200 409
180.174.21.132 - - [10/Aug/2022:11:57:17 +0800] "GET /xingrg/kc/print/load_data.html?order_code=212022081002983&kc_code=cgsh&condition= HTTP/1.1" 200 1432
116.224.255.128 - - [10/Aug/2022:11:57:18 +0800] "GET /xingrg/kc/buy/cgsh_order_operate.html?command=get_materiel&rest_code=00150&code=00101026182&supplier_code=00100017&order_time=2022-08-10 HTTP/1.1" 200 463
218.81.223.53 - - [10/Aug/2022:11:57:20 +0800] "GET /xingrg/all/function/internal_message.html?_=1660103847138&CODE_STATE=getMsg HTTP/1.1" 200 27
180.174.21.132 - - [10/Aug/2022:11:57:20 +0800] "GET /xingrg/kc/buy/cgsh_order_add.html HTTP/1.1" 200 68311
180.174.21.132 - - [10/Aug/2022:11:57:20 +0800] "POST /xingrg/kc/buy/cgsh_order_operate.html HTTP/1.1" 200 8245
180.174.21.132 - - [10/Aug/2022:11:57:20 +0800] "GET /xingrg/javascript/easyui/themes/default/validatebox.css HTTP/1.1" 404 1104
222.69.129.110 - - [10/Aug/2022:11:57:23 +0800] "GET /xingrg/all/function/internal_message.html?_=1660103903026&CODE_STATE=getMsg HTTP/1.1" 200 27
116.232.194.65 - - [10/Aug/2022:11:57:26 +0800] "GET /xingrg/all/function/internal_message.html?_=1660103829105&CODE_STATE=getMsg HTTP/1.1" 200 27
124.78.152.212 - - [10/Aug/2022:11:57:30 +0800] "GET /xingrg/all/function/internal_message.html?_=1660103849245&CODE_STATE=getMsg HTTP/1.1" 200 27
116.232.38.241 - - [10/Aug/2022:11:57:30 +0800] "POST /xingrg/services/DataTransmitService HTTP/1.1" 200 524
180.174.21.132 - - [10/Aug/2022:11:57:30 +0800] "GET /xingrg/kc/buy/cgsh_order_operate.html?command=get_materiel&rest_code=00105&code=00101003040&supplier_code=00100093&order_time=2022-08-10 HTTP/1.1" 200 416
116.224.255.128 - - [10/Aug/2022:11:57:31 +0800] "GET /xingrg/kc/buy/cgsh_order_operate.html?command=get_materiel&rest_code=00150&code=00101024082&supplier_code=00100017&order_time=2022-08-10 HTTP/1.1" 200 428
116.232.194.65 - - [10/Aug/2022:11:57:32 +0800] "GET /xingrg/kc/buy/cgsh_order_operate.html?command=get_materiel&rest_code=00155&code=00101013285&supplier_code=00100323&order_time=2022-08-10 HTTP/1.1" 200 413
116.232.38.241 - - [10/Aug/2022:11:57:35 +0800] "POST /xingrg/services/DataTransmitService HTTP/1.1" 200 501
180.169.147.146 - - [10/Aug/2022:11:57:36 +0800] "GET /xingrg/all/function/internal_message.html?_=1660103854424&CODE_STATE=getMsg HTTP/1.1" 200 27
120.253.135.82 - - [10/Aug/2022:11:57:37 +0800] "GET /xingrg/all/function/internal_message.html?_=1660103973526&CODE_STATE=getMsg HTTP/1.1" 200 27
180.174.21.132 - - [10/Aug/2022:11:57:38 +0800] "POST /xingrg/kc/buy/cgsh_order_operate.html HTTP/1.1" 200 37
180.169.147.146 - - [10/Aug/2022:11:57:39 +0800] "GET /xingrg/all/function/internal_message.html?_=1660103853195&CODE_STATE=getMsg HTTP/1.1" 200 27
180.169.147.146 - - [10/Aug/2022:11:57:39 +0800] "GET /xingrg/check_reg.html?_=1660103853198 HTTP/1.1" 200 22
180.174.21.132 - - [10/Aug/2022:11:57:40 +0800] "POST /xingrg/kc/buy/cgsh_order_operate.html HTTP/1.1" 200 2665
114.86.224.84 - - [10/Aug/2022:11:57:40 +0800] "GET /xingrg/all/function/internal_message.html?_=1660103863239&CODE_STATE=getMsg HTTP/1.1" 200 27
180.162.109.37 - - [10/Aug/2022:11:57:40 +0800] "GET /xingrg/all/function/internal_message.html?_=1660103036467&CODE_STATE=getMsg HTTP/1.1" 200 27
180.174.21.132 - - [10/Aug/2022:11:57:42 +0800] "GET /xingrg/kc/print/load_data.html?order_code=212022081002984&kc_code=cgsh&condition= HTTP/1.1" 200 726
116.224.255.128 - - [10/Aug/2022:11:57:42 +0800] "POST /xingrg/kc/buy/cgsh_order_operate.html HTTP/1.1" 200 37
101.85.120.95 - - [10/Aug/2022:11:57:45 +0800] "GET /xingrg/all/function/internal_message.html?_=1660103860289&CODE_STATE=getMsg HTTP/1.1" 200 27
101.85.120.95 - - [10/Aug/2022:11:57:45 +0800] "POST /xingrg/kc/base/yddb_list_operate.html HTTP/1.1" 200 4384
116.224.255.128 - - [10/Aug/2022:11:57:46 +0800] "POST /xingrg/kc/buy/cgsh_order_operate.html HTTP/1.1" 200 12
116.224.123.211 - - [10/Aug/2022:11:57:46 +0800] "GET /xingrg/all/function/internal_message.html?_=1660103863660&CODE_STATE=getMsg HTTP/1.1" 200 27
101.85.120.95 - - [10/Aug/2022:11:57:47 +0800] "POST /xingrg/kc/base/yddb_list_operate.html HTTP/1.1" 200 4384
101.85.120.95 - - [10/Aug/2022:11:57:48 +0800] "POST /xingrg/kc/base/yddb_list_operate.html HTTP/1.1" 200 4384
101.85.120.95 - - [10/Aug/2022:11:57:48 +0800] "POST /xingrg/kc/base/yddb_list_operate.html HTTP/1.1" 200 4384
101.85.120.95 - - [10/Aug/2022:11:57:49 +0800] "POST /xingrg/kc/base/yddb_list_operate.html HTTP/1.1" 200 4384
101.85.120.95 - - [10/Aug/2022:11:57:50 +0800] "POST /xingrg/kc/base/yddb_list_operate.html HTTP/1.1" 200 4384
116.224.255.128 - - [10/Aug/2022:11:57:50 +0800] "GET /xingrg/kc/buy/cgsh_order_info.html?code=212022081002985 HTTP/1.1" 200 63146
116.224.255.128 - - [10/Aug/2022:11:57:50 +0800] "GET /xingrg/javascript/easyui/themes/default/validatebox.css HTTP/1.1" 404 1104
58.221.95.50 - - [10/Aug/2022:11:57:50 +0800] "GET /xingrg/check_reg.html?_=1660103868745 HTTP/1.1" 302 -
116.224.255.128 - - [10/Aug/2022:11:57:51 +0800] "POST /xingrg/kc/buy/cgsh_order_operate.html HTTP/1.1" 200 4385
180.174.21.132 - - [10/Aug/2022:11:57:52 +0800] "GET /xingrg/all/function/internal_message.html?_=1660103744826&CODE_STATE=getMsg HTTP/1.1" 200 27
116.224.255.128 - - [10/Aug/2022:11:57:53 +0800] "GET /xingrg/kc/print/load_data.html?order_code=212022081002985&kc_code=cgsh&condition= HTTP/1.1" 200 2379
58.40.7.146 - - [10/Aug/2022:11:57:53 +0800] "GET /xingrg/all/function/internal_message.html?_=1660103870674&CODE_STATE=getMsg HTTP/1.1" 200 27
180.174.21.132 - - [10/Aug/2022:11:57:54 +0800] "GET /xingrg/kc/buy/cgsh_order_add.html HTTP/1.1" 200 68311
180.174.21.132 - - [10/Aug/2022:11:57:54 +0800] "POST /xingrg/kc/buy/cgsh_order_operate.html HTTP/1.1" 200 8245
180.174.21.132 - - [10/Aug/2022:11:57:54 +0800] "GET /xingrg/javascript/easyui/themes/default/validatebox.css HTTP/1.1" 404 1104
180.174.21.132 - - [10/Aug/2022:11:57:56 +0800] "GET /xingrg/all/function/internal_message.html?_=1660103875058&CODE_STATE=getMsg HTTP/1.1" 200 27
114.83.216.111 - - [10/Aug/2022:11:57:58 +0800] "GET /xingrg/all/function/internal_message.html?_=1660103874401&CODE_STATE=getMsg HTTP/1.1" 200 27
114.83.216.111 - - [10/Aug/2022:11:57:59 +0800] "GET /xingrg/check_reg.html?_=1660103875171 HTTP/1.1" 200 22
172.20.0.100 - - [10/Aug/2022:11:58:00 +0800] "GET /xingrg/all/function/internal_message.html?_=1660103879109&CODE_STATE=getMsg HTTP/1.1" 200 27
116.232.194.65 - - [10/Aug/2022:11:58:00 +0800] "GET /xingrg/kc/buy/cgsh_order_operate.html?command=get_materiel&rest_code=00155&code=00101004075&supplier_code=00100323&order_time=2022-08-10 HTTP/1.1" 200 416
114.84.0.234 - - [10/Aug/2022:11:58:01 +0800] "GET /xingrg/all/function/internal_message.html?_=1660103877403&CODE_STATE=getMsg HTTP/1.1" 200 27
124.78.152.212 - - [10/Aug/2022:11:58:04 +0800] "GET /xingrg/kc/buy/buy_main.html HTTP/1.1" 200 12412
124.78.152.212 - - [10/Aug/2022:11:58:04 +0800] "GET /xingrg/css/new_ie.css HTTP/1.1" 404 1036
101.80.228.36 - - [10/Aug/2022:11:58:04 +0800] "GET /xingrg/all/function/internal_message.html?_=1660103881442&CODE_STATE=getMsg HTTP/1.1" 200 27
180.174.21.132 - - [10/Aug/2022:11:58:05 +0800] "GET /xingrg/kc/buy/cgsh_order_operate.html?command=get_materiel&rest_code=00105&code=00101010161&supplier_code=00100334&order_time=2022-08-10 HTTP/1.1" 200 409
124.78.152.212 - - [10/Aug/2022:11:58:06 +0800] "GET /xingrg/images/yd/bt.gif HTTP/1.1" 404 1040
116.232.194.65 - - [10/Aug/2022:11:58:07 +0800] "GET /xingrg/kc/buy/cgsh_order_operate.html?command=get_materiel&rest_code=00155&code=00101002066&supplier_code=00100323&order_time=2022-08-10 HTTP/1.1" 200 414
124.78.152.212 - - [10/Aug/2022:11:58:07 +0800] "GET /xingrg/kc/buy/cgsh_order_list.html HTTP/1.1" 200 52447
124.78.152.212 - - [10/Aug/2022:11:58:08 +0800] "POST /xingrg/kc/buy/cgsh_list_operate.html HTTP/1.1" 200 693
124.78.152.212 - - [10/Aug/2022:11:58:10 +0800] "GET /xingrg/kc/mdqp/qp_main.html HTTP/1.1" 200 10633
116.224.255.128 - - [10/Aug/2022:11:58:10 +0800] "GET /xingrg/check_reg.html?_=1660103830023 HTTP/1.1" 200 22
116.224.255.128 - - [10/Aug/2022:11:58:10 +0800] "GET /xingrg/all/function/internal_message.html?_=1660103830268&CODE_STATE=getMsg HTTP/1.1" 200 27
124.78.152.212 - - [10/Aug/2022:11:58:11 +0800] "GET /xingrg/images/yd/bt.gif HTTP/1.1" 404 1040
124.78.152.212 - - [10/Aug/2022:11:58:11 +0800] "GET /xingrg/kc/mdqp/qqps_order_list.html HTTP/1.1" 200 9642
124.78.152.212 - - [10/Aug/2022:11:58:11 +0800] "GET /xingrg/dwr/interface/AjaxQqpsService.js HTTP/1.1" 200 16326
124.78.152.212 - - [10/Aug/2022:11:58:11 +0800] "GET /xingrg/dwr/interface/AjaxReportQueryService.js HTTP/1.1" 200 13203
124.78.152.212 - - [10/Aug/2022:11:58:11 +0800] "GET /xingrg/dwr/engine.js HTTP/1.1" 200 43631
114.84.0.234 - - [10/Aug/2022:11:58:13 +0800] "GET /xingrg/kc/buy/cgsh_order_operate.html?command=get_materiel&rest_code=00111&code=00101006047&supplier_code=00100323&order_time=2022-08-10 HTTP/1.1" 200 413
114.88.158.224 - - [10/Aug/2022:11:58:14 +0800] "GET /xingrg/all/function/internal_message.html?_=1660103567566&CODE_STATE=getMsg HTTP/1.1" 200 27
114.88.158.224 - - [10/Aug/2022:11:58:14 +0800] "GET /xingrg/check_reg.html?_=1660103568301 HTTP/1.1" 200 22
218.81.223.53 - - [10/Aug/2022:11:58:20 +0800] "GET /xingrg/all/function/internal_message.html?_=1660103907595&CODE_STATE=getMsg HTTP/1.1" 200 27
222.69.129.110 - - [10/Aug/2022:11:58:23 +0800] "GET /xingrg/all/function/internal_message.html?_=1660103963011&CODE_STATE=getMsg HTTP/1.1" 200 27
116.232.194.65 - - [10/Aug/2022:11:58:26 +0800] "GET /xingrg/check_reg.html?_=1660103889109 HTTP/1.1" 200 22
116.232.194.65 - - [10/Aug/2022:11:58:26 +0800] "GET /xingrg/all/function/internal_message.html?_=1660103889111&CODE_STATE=getMsg HTTP/1.1" 200 27
124.78.152.212 - - [10/Aug/2022:11:58:30 +0800] "GET /xingrg/all/function/internal_message.html?_=1660103909237&CODE_STATE=getMsg HTTP/1.1" 200 27
180.169.147.146 - - [10/Aug/2022:11:58:36 +0800] "GET /xingrg/all/function/internal_message.html?_=1660103914425&CODE_STATE=getMsg HTTP/1.1" 200 27
120.253.135.82 - - [10/Aug/2022:11:58:37 +0800] "GET /xingrg/all/function/internal_message.html?_=1660104033538&CODE_STATE=getMsg HTTP/1.1" 200 27
180.174.21.132 - - [10/Aug/2022:11:58:38 +0800] "POST /xingrg/kc/buy/cgsh_order_operate.html HTTP/1.1" 200 37
180.169.147.146 - - [10/Aug/2022:11:58:39 +0800] "GET /xingrg/all/function/internal_message.html?_=1660103913197&CODE_STATE=getMsg HTTP/1.1" 200 27
180.174.21.132 - - [10/Aug/2022:11:58:39 +0800] "POST /xingrg/kc/buy/cgsh_order_operate.html HTTP/1.1" 200 3241
114.86.224.84 - - [10/Aug/2022:11:58:40 +0800] "GET /xingrg/all/function/internal_message.html?_=1660103923239&CODE_STATE=getMsg HTTP/1.1" 200 27
180.162.109.37 - - [10/Aug/2022:11:58:40 +0800] "GET /xingrg/all/function/internal_message.html?_=1660103096468&CODE_STATE=getMsg HTTP/1.1" 200 27
180.174.21.132 - - [10/Aug/2022:11:58:41 +0800] "GET /xingrg/kc/print/load_data.html?order_code=212022081002986&kc_code=cgsh&condition= HTTP/1.1" 200 893
101.85.120.95 - - [10/Aug/2022:11:58:45 +0800] "GET /xingrg/all/function/internal_message.html?_=1660103920294&CODE_STATE=getMsg HTTP/1.1" 200 27
180.174.21.132 - - [10/Aug/2022:11:58:45 +0800] "GET /xingrg/kc/buy/cgsh_order_add.html HTTP/1.1" 200 68311
180.174.21.132 - - [10/Aug/2022:11:58:46 +0800] "POST /xingrg/kc/buy/cgsh_order_operate.html HTTP/1.1" 200 8245
180.174.21.132 - - [10/Aug/2022:11:58:46 +0800] "GET /xingrg/javascript/easyui/themes/default/validatebox.css HTTP/1.1" 404 1104
116.224.123.211 - - [10/Aug/2022:11:58:46 +0800] "GET /xingrg/all/function/internal_message.html?_=1660103923650&CODE_STATE=getMsg HTTP/1.1" 200 27
180.174.21.132 - - [10/Aug/2022:11:58:52 +0800] "GET /xingrg/all/function/internal_message.html?_=1660103804814&CODE_STATE=getMsg HTTP/1.1" 200 27
58.40.7.146 - - [10/Aug/2022:11:58:53 +0800] "GET /xingrg/check_reg.html?_=1660103930677 HTTP/1.1" 200 22
58.40.7.146 - - [10/Aug/2022:11:58:53 +0800] "GET /xingrg/all/function/internal_message.html?_=1660103930678&CODE_STATE=getMsg HTTP/1.1" 200 27
180.174.21.132 - - [10/Aug/2022:11:58:56 +0800] "GET /xingrg/all/function/internal_message.html?_=1660103935063&CODE_STATE=getMsg HTTP/1.1" 200 27
124.78.152.212 - - [10/Aug/2022:11:58:56 +0800] "GET /xingrg/kc/mdqp/qqps_order_add.html HTTP/1.1" 200 28236
124.78.152.212 - - [10/Aug/2022:11:58:56 +0800] "GET /xingrg/dwr/interface/AjaxQqpsService.js HTTP/1.1" 200 16326
124.78.152.212 - - [10/Aug/2022:11:58:56 +0800] "GET /xingrg/dwr/interface/AjaxComOrderService.js HTTP/1.1" 200 18264
124.78.152.212 - - [10/Aug/2022:11:58:56 +0800] "GET /xingrg/dwr/engine.js HTTP/1.1" 200 43631
180.174.21.132 - - [10/Aug/2022:11:58:58 +0800] "GET /xingrg/kc/buy/cgsh_order_operate.html?command=get_materiel&rest_code=00105&code=00101007032&supplier_code=00100328&order_time=2022-08-10 HTTP/1.1" 200 413
114.83.216.111 - - [10/Aug/2022:11:58:58 +0800] "GET /xingrg/all/function/internal_message.html?_=1660103934377&CODE_STATE=getMsg HTTP/1.1" 200 27
172.20.0.100 - - [10/Aug/2022:11:59:00 +0800] "GET /xingrg/all/function/internal_message.html?_=1660103939109&CODE_STATE=getMsg HTTP/1.1" 200 27
114.84.0.234 - - [10/Aug/2022:11:59:01 +0800] "GET /xingrg/all/function/internal_message.html?_=1660103937380&CODE_STATE=getMsg HTTP/1.1" 200 27
101.80.228.36 - - [10/Aug/2022:11:59:04 +0800] "GET /xingrg/all/function/internal_message.html?_=1660103941413&CODE_STATE=getMsg HTTP/1.1" 200 27
114.83.216.111 - - [10/Aug/2022:11:59:07 +0800] "GET /xingrg/kc/base/wldb_order_add.html HTTP/1.1" 200 30362
114.83.216.111 - - [10/Aug/2022:11:59:07 +0800] "POST /xingrg/kc/base/wldb_order_operate.html HTTP/1.1" 200 6806
114.83.216.111 - - [10/Aug/2022:11:59:07 +0800] "GET /xingrg/all/common/auto_word.html?type=base&rest_code=00149 HTTP/1.1" 200 1907
114.83.216.111 - - [10/Aug/2022:11:59:07 +0800] "GET /xingrg/all/common/auto_word.html?type=base&rest_code=00149 HTTP/1.1" 200 1907
114.83.216.111 - - [10/Aug/2022:11:59:07 +0800] "GET /xingrg/javascript/easyui/themes/default/validatebox.css HTTP/1.1" 404 1104
114.84.0.234 - - [10/Aug/2022:11:59:08 +0800] "GET /xingrg/kc/buy/cgsh_order_operate.html?command=get_materiel&rest_code=00111&code=00101010616&supplier_code=00100323&order_time=2022-08-10 HTTP/1.1" 200 429
124.78.152.212 - - [10/Aug/2022:11:59:08 +0800] "POST /xingrg/dwr/call/plaincall/AjaxQqpsService.saveOrder.dwr HTTP/1.1" 200 78
116.224.255.128 - - [10/Aug/2022:11:59:10 +0800] "GET /xingrg/all/function/internal_message.html?_=1660103890282&CODE_STATE=getMsg HTTP/1.1" 200 27
114.88.158.224 - - [10/Aug/2022:11:59:14 +0800] "GET /xingrg/all/function/internal_message.html?_=1660103627543&CODE_STATE=getMsg HTTP/1.1" 200 27
124.78.152.212 - - [10/Aug/2022:11:59:19 +0800] "POST /xingrg/dwr/call/plaincall/AjaxQqpsService.getMaterielByCode.dwr HTTP/1.1" 200 2714
218.81.223.53 - - [10/Aug/2022:11:59:20 +0800] "GET /xingrg/all/function/internal_message.html?_=1660103967603&CODE_STATE=getMsg HTTP/1.1" 200 27
180.174.21.132 - - [10/Aug/2022:11:59:20 +0800] "POST /xingrg/kc/buy/cgsh_order_operate.html HTTP/1.1" 200 37
124.78.152.212 - - [10/Aug/2022:11:59:22 +0800] "POST /xingrg/dwr/call/plaincall/AjaxQqpsService.saveMaterielItem.dwr HTTP/1.1" 200 78
222.69.129.110 - - [10/Aug/2022:11:59:23 +0800] "GET /xingrg/all/function/internal_message.html?_=1660104023023&CODE_STATE=getMsg HTTP/1.1" 200 27
116.232.194.65 - - [10/Aug/2022:11:59:26 +0800] "GET /xingrg/all/function/internal_message.html?_=1660103949105&CODE_STATE=getMsg HTTP/1.1" 200 27
180.174.21.132 - - [10/Aug/2022:11:59:28 +0800] "POST /xingrg/kc/buy/cgsh_order_operate.html HTTP/1.1" 200 3250
124.78.152.212 - - [10/Aug/2022:11:59:30 +0800] "GET /xingrg/all/function/internal_message.html?_=1660103969217&CODE_STATE=getMsg HTTP/1.1" 200 27
180.174.21.132 - - [10/Aug/2022:11:59:34 +0800] "POST /xingrg/kc/buy/cgsh_order_operate.html HTTP/1.1" 200 37
180.174.21.132 - - [10/Aug/2022:11:59:35 +0800] "POST /xingrg/kc/buy/cgsh_order_operate.html HTTP/1.1" 200 3250
124.78.152.212 - - [10/Aug/2022:11:59:36 +0800] "POST /xingrg/dwr/call/plaincall/AjaxQqpsService.getMaterielByCode.dwr HTTP/1.1" 200 2728
180.169.147.146 - - [10/Aug/2022:11:59:36 +0800] "GET /xingrg/all/function/internal_message.html?_=1660103974426&CODE_STATE=getMsg HTTP/1.1" 200 27
120.253.135.82 - - [10/Aug/2022:11:59:37 +0800] "GET /xingrg/all/function/internal_message.html?_=1660104093553&CODE_STATE=getMsg HTTP/1.1" 200 27
180.174.21.132 - - [10/Aug/2022:11:59:37 +0800] "GET /xingrg/kc/print/load_data.html?order_code=212022081002987&kc_code=cgsh&condition= HTTP/1.1" 200 902
124.78.152.212 - - [10/Aug/2022:11:59:38 +0800] "POST /xingrg/dwr/call/plaincall/AjaxQqpsService.saveMaterielItem.dwr HTTP/1.1" 200 78
180.169.147.146 - - [10/Aug/2022:11:59:39 +0800] "GET /xingrg/all/function/internal_message.html?_=1660103973197&CODE_STATE=getMsg HTTP/1.1" 200 27
180.174.21.132 - - [10/Aug/2022:11:59:39 +0800] "GET /xingrg/kc/buy/cgsh_order_add.html HTTP/1.1" 200 68311
180.174.21.132 - - [10/Aug/2022:11:59:40 +0800] "POST /xingrg/kc/buy/cgsh_order_operate.html HTTP/1.1" 200 8245
180.174.21.132 - - [10/Aug/2022:11:59:40 +0800] "GET /xingrg/javascript/easyui/themes/default/validatebox.css HTTP/1.1" 404 1104
114.86.224.84 - - [10/Aug/2022:11:59:40 +0800] "GET /xingrg/all/function/internal_message.html?_=1660103983242&CODE_STATE=getMsg HTTP/1.1" 200 27
180.162.109.37 - - [10/Aug/2022:11:59:40 +0800] "GET /xingrg/check_reg.html?_=1660103156474 HTTP/1.1" 200 22
180.162.109.37 - - [10/Aug/2022:11:59:40 +0800] "GET /xingrg/all/function/internal_message.html?_=1660103156471&CODE_STATE=getMsg HTTP/1.1" 200 27
124.78.152.212 - - [10/Aug/2022:11:59:44 +0800] "POST /xingrg/dwr/call/plaincall/AjaxQqpsService.getMaterielByCode.dwr HTTP/1.1" 200 2734
101.85.120.95 - - [10/Aug/2022:11:59:45 +0800] "GET /xingrg/all/function/internal_message.html?_=1660103980294&CODE_STATE=getMsg HTTP/1.1" 200 27
101.85.120.95 - - [10/Aug/2022:11:59:45 +0800] "GET /xingrg/check_reg.html?_=1660103980296 HTTP/1.1" 200 22
116.224.123.211 - - [10/Aug/2022:11:59:46 +0800] "GET /xingrg/all/function/internal_message.html?_=1660103983651&CODE_STATE=getMsg HTTP/1.1" 200 27
124.78.152.212 - - [10/Aug/2022:11:59:46 +0800] "POST /xingrg/dwr/call/plaincall/AjaxQqpsService.saveMaterielItem.dwr HTTP/1.1" 200 78
114.83.216.111 - - [10/Aug/2022:11:59:46 +0800] "GET /xingrg/kc/base/wldb_order_operate.html?command=get_materiel&rest_code=00149&base_code=0010394&code=00101019750 HTTP/1.1" 200 456
114.83.216.111 - - [10/Aug/2022:11:59:50 +0800] "GET /xingrg/kc/base/wldb_order_operate.html?command=get_materiel&rest_code=00149&base_code=0010394&code=00101019400 HTTP/1.1" 200 463
180.174.21.132 - - [10/Aug/2022:11:59:52 +0800] "GET /xingrg/all/function/internal_message.html?_=1660103864814&CODE_STATE=getMsg HTTP/1.1" 200 27
180.174.21.132 - - [10/Aug/2022:11:59:52 +0800] "GET /xingrg/check_reg.html?_=1660103864817 HTTP/1.1" 200 22
114.83.216.111 - - [10/Aug/2022:11:59:52 +0800] "GET /xingrg/kc/base/wldb_order_operate.html?command=get_materiel&rest_code=00149&base_code=0010394&code=00101019391 HTTP/1.1" 200 485
58.40.7.146 - - [10/Aug/2022:11:59:53 +0800] "GET /xingrg/all/function/internal_message.html?_=1660103990664&CODE_STATE=getMsg HTTP/1.1" 200 27
114.83.216.111 - - [10/Aug/2022:11:59:55 +0800] "GET /xingrg/kc/base/wldb_order_operate.html?command=get_materiel&rest_code=00149&base_code=0010394&code=00101019079 HTTP/1.1" 200 479
180.174.21.132 - - [10/Aug/2022:11:59:56 +0800] "GET /xingrg/all/function/internal_message.html?_=1660103995054&CODE_STATE=getMsg HTTP/1.1" 200 27
180.174.21.132 - - [10/Aug/2022:11:59:58 +0800] "GET /xingrg/kc/buy/cgsh_order_operate.html?command=get_materiel&rest_code=00105&code=00101013232&supplier_code=00100339&order_time=2022-08-10 HTTP/1.1" 200 406
114.83.216.111 - - [10/Aug/2022:11:59:58 +0800] "GET /xingrg/all/function/internal_message.html?_=1660103994365&CODE_STATE=getMsg HTTP/1.1" 200 27
172.20.0.100 - - [10/Aug/2022:12:00:00 +0800] "GET /xingrg/all/function/internal_message.html?_=1660103999094&CODE_STATE=getMsg HTTP/1.1" 200 27
114.84.0.234 - - [10/Aug/2022:12:00:01 +0800] "GET /xingrg/all/function/internal_message.html?_=1660103997366&CODE_STATE=getMsg HTTP/1.1" 200 27
114.83.216.111 - - [10/Aug/2022:12:00:02 +0800] "GET /xingrg/kc/base/wldb_order_operate.html?command=get_materiel&rest_code=00149&base_code=0010394&code=00101019108 HTTP/1.1" 200 477
114.84.0.234 - - [10/Aug/2022:12:00:02 +0800] "POST /xingrg/kc/buy/cgsh_order_operate.html HTTP/1.1" 200 37
101.80.228.36 - - [10/Aug/2022:12:00:04 +0800] "GET /xingrg/all/function/internal_message.html?_=1660104001383&CODE_STATE=getMsg HTTP/1.1" 200 27
124.78.152.212 - - [10/Aug/2022:12:00:05 +0800] "POST /xingrg/dwr/call/plaincall/AjaxQqpsService.getMaterielByCode.dwr HTTP/1.1" 200 2716
114.83.216.111 - - [10/Aug/2022:12:00:06 +0800] "GET /xingrg/kc/base/wldb_order_operate.html?command=get_materiel&rest_code=00149&base_code=0010394&code=00101019390 HTTP/1.1" 200 470
114.84.0.234 - - [10/Aug/2022:12:00:06 +0800] "POST /xingrg/kc/buy/cgsh_order_operate.html HTTP/1.1" 200 3248
124.78.152.212 - - [10/Aug/2022:12:00:09 +0800] "POST /xingrg/dwr/call/plaincall/AjaxQqpsService.saveMaterielItem.dwr HTTP/1.1" 200 78
116.232.194.65 - - [10/Aug/2022:12:00:09 +0800] "GET /xingrg/kc/buy/cgsh_order_operate.html?command=get_materiel&rest_code=00155&code=00101010616&supplier_code=00100323&order_time=2022-08-10 HTTP/1.1" 200 429
114.84.0.234 - - [10/Aug/2022:12:00:10 +0800] "GET /xingrg/kc/print/load_data.html?order_code=212022081002988&kc_code=cgsh&condition= HTTP/1.1" 200 902
116.224.255.128 - - [10/Aug/2022:12:00:10 +0800] "GET /xingrg/all/function/internal_message.html?_=1660103950296&CODE_STATE=getMsg HTTP/1.1" 200 27
114.83.216.111 - - [10/Aug/2022:12:00:11 +0800] "GET /xingrg/kc/base/wldb_order_operate.html?command=get_materiel&rest_code=00149&base_code=0010394&code=00101019372 HTTP/1.1" 200 481
114.88.158.224 - - [10/Aug/2022:12:00:14 +0800] "GET /xingrg/all/function/internal_message.html?_=1660103687517&CODE_STATE=getMsg HTTP/1.1" 200 27
180.174.21.132 - - [10/Aug/2022:12:00:14 +0800] "POST /xingrg/kc/buy/cgsh_order_operate.html HTTP/1.1" 200 37
180.174.21.132 - - [10/Aug/2022:12:00:16 +0800] "POST /xingrg/kc/buy/cgsh_order_operate.html HTTP/1.1" 200 2649
114.83.216.111 - - [10/Aug/2022:12:00:17 +0800] "GET /xingrg/kc/base/wldb_order_operate.html?command=get_materiel&rest_code=00149&base_code=0010394&code=00101016094 HTTP/1.1" 200 469
180.174.21.132 - - [10/Aug/2022:12:00:17 +0800] "GET /xingrg/kc/print/load_data.html?order_code=212022081002989&kc_code=cgsh&condition= HTTP/1.1" 200 659
180.174.21.132 - - [10/Aug/2022:12:00:20 +0800] "GET /xingrg/kc/buy/cgsh_order_add.html HTTP/1.1" 200 68311
180.174.21.132 - - [10/Aug/2022:12:00:20 +0800] "GET /xingrg/javascript/easyui/themes/default/validatebox.css HTTP/1.1" 404 1104
180.174.21.132 - - [10/Aug/2022:12:00:20 +0800] "POST /xingrg/kc/buy/cgsh_order_operate.html HTTP/1.1" 200 8245
218.81.223.53 - - [10/Aug/2022:12:00:20 +0800] "GET /xingrg/all/function/internal_message.html?_=1660104028059&CODE_STATE=getMsg HTTP/1.1" 200 27
124.78.152.212 - - [10/Aug/2022:12:00:21 +0800] "POST /xingrg/dwr/call/plaincall/AjaxQqpsService.saveOrder.dwr HTTP/1.1" 200 78
114.83.216.111 - - [10/Aug/2022:12:00:22 +0800] "GET /xingrg/kc/base/wldb_order_operate.html?command=get_materiel&rest_code=00149&base_code=0010394&code=00101022087 HTTP/1.1" 200 475
222.69.129.110 - - [10/Aug/2022:12:00:23 +0800] "GET /xingrg/check_reg.html?_=1660104083021 HTTP/1.1" 200 22
222.69.129.110 - - [10/Aug/2022:12:00:23 +0800] "GET /xingrg/all/function/internal_message.html?_=1660104083026&CODE_STATE=getMsg HTTP/1.1" 200 27
114.84.0.234 - - [10/Aug/2022:12:00:24 +0800] "GET /xingrg/kc/buy/cgsh_order_add.html HTTP/1.1" 200 68185
114.84.0.234 - - [10/Aug/2022:12:00:25 +0800] "POST /xingrg/kc/buy/cgsh_order_operate.html HTTP/1.1" 200 8245
114.84.0.234 - - [10/Aug/2022:12:00:25 +0800] "GET /xingrg/javascript/easyui/themes/default/validatebox.css HTTP/1.1" 404 1104
116.232.194.65 - - [10/Aug/2022:12:00:26 +0800] "GET /xingrg/all/function/internal_message.html?_=1660104009089&CODE_STATE=getMsg HTTP/1.1" 200 27
116.232.194.65 - - [10/Aug/2022:12:00:26 +0800] "POST /xingrg/kc/buy/cgsh_order_operate.html HTTP/1.1" 200 37
114.83.216.111 - - [10/Aug/2022:12:00:26 +0800] "GET /xingrg/kc/base/wldb_order_operate.html?command=get_materiel&rest_code=00149&base_code=0010394&code=00101019289 HTTP/1.1" 200 468
116.232.194.65 - - [10/Aug/2022:12:00:27 +0800] "POST /xingrg/kc/buy/cgsh_order_operate.html HTTP/1.1" 200 7988
124.78.152.212 - - [10/Aug/2022:12:00:28 +0800] "GET /xingrg/kc/mdqp/qqps_order_list.html?isBack=1 HTTP/1.1" 200 10036
124.78.152.212 - - [10/Aug/2022:12:00:28 +0800] "GET /xingrg/dwr/interface/AjaxQqpsService.js HTTP/1.1" 200 16326
124.78.152.212 - - [10/Aug/2022:12:00:28 +0800] "GET /xingrg/dwr/interface/AjaxReportQueryService.js HTTP/1.1" 200 13203
124.78.152.212 - - [10/Aug/2022:12:00:28 +0800] "GET /xingrg/dwr/engine.js HTTP/1.1" 200 43631
116.232.194.65 - - [10/Aug/2022:12:00:28 +0800] "GET /xingrg/kc/print/load_data.html?order_code=212022081002990&kc_code=cgsh&condition= HTTP/1.1" 200 2711
124.78.152.212 - - [10/Aug/2022:12:00:30 +0800] "GET /xingrg/all/function/internal_message.html?_=1660104029201&CODE_STATE=getMsg HTTP/1.1" 200 27
114.83.216.111 - - [10/Aug/2022:12:00:30 +0800] "GET /xingrg/kc/base/wldb_order_operate.html?command=get_materiel&rest_code=00149&base_code=0010394&code=00101019527 HTTP/1.1" 200 474
116.232.194.65 - - [10/Aug/2022:12:00:32 +0800] "GET /xingrg/kc/buy/cgsh_order_add.html HTTP/1.1" 200 68235
116.232.194.65 - - [10/Aug/2022:12:00:32 +0800] "POST /xingrg/kc/buy/cgsh_order_operate.html HTTP/1.1" 200 8245
116.232.194.65 - - [10/Aug/2022:12:00:32 +0800] "GET /xingrg/javascript/easyui/themes/default/validatebox.css HTTP/1.1" 404 1104
180.174.21.132 - - [10/Aug/2022:12:00:34 +0800] "GET /xingrg/kc/buy/cgsh_order_operate.html?command=get_materiel&rest_code=00105&code=00101008214&supplier_code=00100323&order_time=2022-08-10 HTTP/1.1" 200 409
114.83.216.111 - - [10/Aug/2022:12:00:35 +0800] "GET /xingrg/kc/base/wldb_order_operate.html?command=get_materiel&rest_code=00149&base_code=0010394&code=00101019833 HTTP/1.1" 200 428
180.169.147.146 - - [10/Aug/2022:12:00:36 +0800] "GET /xingrg/all/function/internal_message.html?_=1660104034427&CODE_STATE=getMsg HTTP/1.1" 200 27
116.232.194.65 - - [10/Aug/2022:12:00:39 +0800] "GET /xingrg/kc/buy/cgsh_order_operate.html?command=get_materiel&rest_code=00155&code=00101008314&supplier_code=00100339&order_time=2022-08-10 HTTP/1.1" 200 413
180.169.147.146 - - [10/Aug/2022:12:00:39 +0800] "GET /xingrg/all/function/internal_message.html?_=1660104033222&CODE_STATE=getMsg HTTP/1.1" 200 27
58.39.35.118 - - [10/Aug/2022:12:00:40 +0800] "GET /xingrg/login.html HTTP/1.1" 200 7641
120.253.135.82 - - [10/Aug/2022:12:00:40 +0800] "GET /xingrg/all/function/internal_message.html?_=1660104153567&CODE_STATE=getMsg HTTP/1.1" 200 27
114.86.224.84 - - [10/Aug/2022:12:00:40 +0800] "GET /xingrg/all/function/internal_message.html?_=1660104043245&CODE_STATE=getMsg HTTP/1.1" 200 27
114.86.224.84 - - [10/Aug/2022:12:00:40 +0800] "GET /xingrg/check_reg.html?_=1660104043246 HTTP/1.1" 200 22
180.162.109.37 - - [10/Aug/2022:12:00:40 +0800] "GET /xingrg/all/function/internal_message.html?_=1660103216461&CODE_STATE=getMsg HTTP/1.1" 200 27
101.85.120.95 - - [10/Aug/2022:12:00:45 +0800] "GET /xingrg/all/function/internal_message.html?_=1660104040295&CODE_STATE=getMsg HTTP/1.1" 200 27
58.39.35.118 - - [10/Aug/2022:12:00:45 +0800] "GET /favicon.ico HTTP/1.1" 404 -
116.232.194.65 - - [10/Aug/2022:12:00:46 +0800] "POST /xingrg/kc/buy/cgsh_order_operate.html HTTP/1.1" 200 37
116.224.123.211 - - [10/Aug/2022:12:00:46 +0800] "GET /xingrg/all/function/internal_message.html?_=1660104043650&CODE_STATE=getMsg HTTP/1.1" 200 27
116.224.123.211 - - [10/Aug/2022:12:00:47 +0800] "GET /xingrg/check_reg.html?_=1660104044653 HTTP/1.1" 200 22
116.232.194.65 - - [10/Aug/2022:12:00:47 +0800] "POST /xingrg/kc/buy/cgsh_order_operate.html HTTP/1.1" 200 2657
116.232.194.65 - - [10/Aug/2022:12:00:48 +0800] "GET /xingrg/kc/print/load_data.html?order_code=212022081002991&kc_code=cgsh&condition= HTTP/1.1" 200 683
114.83.216.111 - - [10/Aug/2022:12:00:48 +0800] "GET /xingrg/kc/base/wldb_order_operate.html?command=get_materiel&rest_code=00149&base_code=0010394&code=00101019066 HTTP/1.1" 200 455
