116.235.94.65 - - [10/Aug/2022:12:05:53 +0800] "GET /xingrg/javascript/bigrid/fix.js HTTP/1.1" 200 6439
116.235.94.65 - - [10/Aug/2022:12:05:53 +0800] "GET /xingrg/dwr/interface/AjaxReportQueryService.js HTTP/1.1" 200 13203
116.235.94.65 - - [10/Aug/2022:12:05:53 +0800] "GET /xingrg/dwr/util.js HTTP/1.1" 200 35990
116.235.94.65 - - [10/Aug/2022:12:05:53 +0800] "GET /xingrg/javascript/Calendar.js HTTP/1.1" 200 31561
116.235.94.65 - - [10/Aug/2022:12:05:53 +0800] "GET /xingrg/dwr/engine.js HTTP/1.1" 200 43631
58.40.7.146 - - [10/Aug/2022:12:05:53 +0800] "GET /xingrg/all/function/internal_message.html?_=1660104350669&CODE_STATE=getMsg HTTP/1.1" 200 27
116.235.94.65 - - [10/Aug/2022:12:05:53 +0800] "GET /xingrg/javascript/jqueryMultiSelect.js HTTP/1.1" 200 11866
116.235.94.65 - - [10/Aug/2022:12:05:53 +0800] "GET /xingrg/images/blue/button/back2over.gif HTTP/1.1" 200 1335
116.235.94.65 - - [10/Aug/2022:12:05:53 +0800] "GET /xingrg/images/blue/button/advance2over.gif HTTP/1.1" 200 1336
116.235.94.65 - - [10/Aug/2022:12:05:53 +0800] "GET /xingrg/images/blue/button/backover.gif HTTP/1.1" 200 1348
116.235.94.65 - - [10/Aug/2022:12:05:53 +0800] "GET /xingrg/images/blue/button/advanceover.gif HTTP/1.1" 200 1347
116.235.94.65 - - [10/Aug/2022:12:05:53 +0800] "GET /xingrg/images/control/loading.gif HTTP/1.1" 200 13463
116.235.94.65 - - [10/Aug/2022:12:05:54 +0800] "GET /xingrg/javascript/jquery_easy_ui/themes/icons/help.png HTTP/1.1" 200 1187
116.235.94.65 - - [10/Aug/2022:12:05:54 +0800] "GET /xingrg/javascript/jquery_easy_ui/themes/default/images/button_a_bg.gif HTTP/1.1" 200 1194
116.235.94.65 - - [10/Aug/2022:12:05:54 +0800] "GET /xingrg/javascript/jquery_easy_ui/themes/icons/print.png HTTP/1.1" 200 1057
116.235.94.65 - - [10/Aug/2022:12:05:54 +0800] "GET /xingrg/javascript/jquery_easy_ui/themes/default/images/menu_downarrow.png HTTP/1.1" 200 173
116.235.94.65 - - [10/Aug/2022:12:05:54 +0800] "GET /xingrg/javascript/jquery_easy_ui/themes/icons/pencil.png HTTP/1.1" 200 713
116.235.94.65 - - [10/Aug/2022:12:05:54 +0800] "POST /xingrg/dwr/call/plaincall/AjaxReportQueryService.getFixDate.dwr HTTP/1.1" 200 111
116.235.94.65 - - [10/Aug/2022:12:05:54 +0800] "GET /xingrg/javascript/jquery_easy_ui/themes/default/images/menu.gif HTTP/1.1" 200 834
116.235.94.65 - - [10/Aug/2022:12:05:54 +0800] "GET /xingrg/javascript/jquery_easy_ui/themes/default/images/menu_rightarrow.png HTTP/1.1" 200 3617
116.235.94.65 - - [10/Aug/2022:12:05:54 +0800] "GET /xingrg/javascript/jquery_easy_ui/themes/default/images/combo_arrow_dot.gif HTTP/1.1" 200 79
116.235.94.65 - - [10/Aug/2022:12:05:54 +0800] "POST /xingrg/all/common/load_tree.html?tree=supplier_tree_json&manage=1 HTTP/1.1" 200 68756
116.235.94.65 - - [10/Aug/2022:12:05:54 +0800] "POST /xingrg/all/common/load_tree.html?tree=materiel_sort_tree_json HTTP/1.1" 200 9500
172.20.0.100 - - [10/Aug/2022:12:05:54 +0800] "GET /xingrg/check_reg.html?_=1660104353178 HTTP/1.1" 200 22
116.235.94.65 - - [10/Aug/2022:12:05:55 +0800] "GET /xingrg/javascript/jquery_easy_ui/themes/default/images/tree_checkbox_0.gif HTTP/1.1" 200 168
116.235.94.65 - - [10/Aug/2022:12:05:55 +0800] "POST /xingrg/dwr/call/plaincall/AjaxReportQueryService.getInitString.dwr HTTP/1.1" 200 1023
116.235.94.65 - - [10/Aug/2022:12:05:55 +0800] "GET /xingrg/javascript/multi_select/dropdown.gif HTTP/1.1" 200 61
180.174.21.132 - - [10/Aug/2022:12:05:56 +0800] "GET /xingrg/all/function/internal_message.html?_=1660104355075&CODE_STATE=getMsg HTTP/1.1" 200 27
180.174.21.132 - - [10/Aug/2022:12:05:56 +0800] "GET /xingrg/check_reg.html?_=1660104355078 HTTP/1.1" 200 22
114.83.216.111 - - [10/Aug/2022:12:05:58 +0800] "GET /xingrg/all/function/internal_message.html?_=1660104354228&CODE_STATE=getMsg HTTP/1.1" 200 27
172.20.0.100 - - [10/Aug/2022:12:06:00 +0800] "GET /xingrg/all/function/internal_message.html?_=1660104358982&CODE_STATE=getMsg HTTP/1.1" 200 27
114.83.216.111 - - [10/Aug/2022:12:06:00 +0800] "POST /xingrg/kc/base/wldb_order_operate.html HTTP/1.1" 200 37
114.83.216.111 - - [10/Aug/2022:12:06:01 +0800] "POST /xingrg/kc/base/wldb_order_operate.html HTTP/1.1" 200 3684
114.84.0.234 - - [10/Aug/2022:12:06:01 +0800] "GET /xingrg/check_reg.html?_=1660104357430 HTTP/1.1" 200 22
114.84.0.234 - - [10/Aug/2022:12:06:01 +0800] "GET /xingrg/all/function/internal_message.html?_=1660104357428&CODE_STATE=getMsg HTTP/1.1" 200 27
116.235.94.65 - - [10/Aug/2022:12:06:03 +0800] "POST /xingrg/dwr/call/plaincall/AjaxReportQueryService.getFixDate.dwr HTTP/1.1" 200 111
114.83.216.111 - - [10/Aug/2022:12:06:04 +0800] "GET /xingrg/kc/base/wldb_order_info.html?code=422022081000806 HTTP/1.1" 200 30382
101.80.228.36 - - [10/Aug/2022:12:06:04 +0800] "GET /xingrg/all/function/internal_message.html?_=1660104361209&CODE_STATE=getMsg HTTP/1.1" 200 27
114.83.216.111 - - [10/Aug/2022:12:06:04 +0800] "GET /xingrg/javascript/easyui/themes/default/validatebox.css HTTP/1.1" 404 1104
114.84.0.234 - - [10/Aug/2022:12:06:04 +0800] "POST /xingrg/kc/buy/cgsh_order_operate.html HTTP/1.1" 200 37
114.83.216.111 - - [10/Aug/2022:12:06:05 +0800] "POST /xingrg/kc/base/wldb_order_operate.html HTTP/1.1" 200 3684
116.232.194.65 - - [10/Aug/2022:12:06:06 +0800] "POST /xingrg/services/DataTransmitService HTTP/1.1" 200 524
114.84.0.234 - - [10/Aug/2022:12:06:06 +0800] "POST /xingrg/kc/buy/cgsh_order_operate.html HTTP/1.1" 200 2673
116.232.194.65 - - [10/Aug/2022:12:06:06 +0800] "POST /xingrg/services/DataTransmitService HTTP/1.1" 200 2159
116.232.194.65 - - [10/Aug/2022:12:06:07 +0800] "POST /xingrg/services/DataTransmitService HTTP/1.1" 200 177224
218.81.223.53 - - [10/Aug/2022:12:06:08 +0800] "GET /xingrg/check_reg.html?_=1660104375412 HTTP/1.1" 200 22
116.224.255.128 - - [10/Aug/2022:12:06:10 +0800] "GET /xingrg/all/function/internal_message.html?_=1660104310497&CODE_STATE=getMsg HTTP/1.1" 200 27
180.169.147.146 - - [10/Aug/2022:12:06:17 +0800] "GET /xingrg/check_reg.html?_=1660104374456 HTTP/1.1" 200 22
116.235.94.65 - - [10/Aug/2022:12:06:21 +0800] "GET /xingrg/javascript/jquery_easy_ui/themes/default/images/tree_checkbox_1.gif HTTP/1.1" 200 174
116.235.94.65 - - [10/Aug/2022:12:06:21 +0800] "GET /xingrg/javascript/jquery_easy_ui/themes/default/images/tree_checkbox_2.gif HTTP/1.1" 200 181
218.81.223.53 - - [10/Aug/2022:12:06:21 +0800] "GET /xingrg/all/function/internal_message.html?_=1660104389008&CODE_STATE=getMsg HTTP/1.1" 200 27
116.235.94.65 - - [10/Aug/2022:12:06:22 +0800] "GET /xingrg/javascript/multi_select/dropdown_hover.gif HTTP/1.1" 200 61
116.235.94.65 - - [10/Aug/2022:12:06:23 +0800] "POST /xingrg/dwr/call/plaincall/AjaxReportQueryService.refreshCache.dwr HTTP/1.1" 200 78
116.235.94.65 - - [10/Aug/2022:12:06:23 +0800] "POST /xingrg/all/report/load_report_page.html HTTP/1.1" 200 8916
116.235.94.65 - - [10/Aug/2022:12:06:23 +0800] "GET /xingrg/servlets/image?cache=0.15021083961291903&image=px HTTP/1.1" 200 807
222.69.129.110 - - [10/Aug/2022:12:06:23 +0800] "GET /xingrg/all/function/internal_message.html?_=1660104443005&CODE_STATE=getMsg HTTP/1.1" 200 27
120.253.135.82 - - [10/Aug/2022:12:06:26 +0800] "GET /xingrg/check_reg.html?_=1660104502652 HTTP/1.1" 200 22
116.232.194.65 - - [10/Aug/2022:12:06:26 +0800] "GET /xingrg/all/function/internal_message.html?_=1660104369094&CODE_STATE=getMsg HTTP/1.1" 200 27
101.80.228.36 - - [10/Aug/2022:12:06:27 +0800] "GET /xingrg/check_reg.html?_=1660104383867 HTTP/1.1" 200 22
124.78.152.212 - - [10/Aug/2022:12:06:30 +0800] "GET /xingrg/all/function/internal_message.html?_=1660104389075&CODE_STATE=getMsg HTTP/1.1" 200 27
114.84.0.234 - - [10/Aug/2022:12:06:33 +0800] "GET /xingrg/kc/buy/cgsh_order_operate.html?command=get_materiel&rest_code=00111&code=00101003037&supplier_code=00100088&order_time=2022-08-10 HTTP/1.1" 200 417
180.169.147.146 - - [10/Aug/2022:12:06:36 +0800] "GET /xingrg/all/function/internal_message.html?_=1660104394432&CODE_STATE=getMsg HTTP/1.1" 200 27
180.169.147.146 - - [10/Aug/2022:12:06:36 +0800] "GET /xingrg/check_reg.html?_=1660104394434 HTTP/1.1" 200 22
120.253.135.82 - - [10/Aug/2022:12:06:37 +0800] "GET /xingrg/all/function/internal_message.html?_=1660104513819&CODE_STATE=getMsg HTTP/1.1" 200 27
124.78.152.212 - - [10/Aug/2022:12:06:39 +0800] "GET /xingrg/check_reg.html?_=1660104398592 HTTP/1.1" 200 22
180.169.147.146 - - [10/Aug/2022:12:06:39 +0800] "GET /xingrg/all/function/internal_message.html?_=1660104393220&CODE_STATE=getMsg HTTP/1.1" 200 27
116.235.94.65 - - [10/Aug/2022:12:06:39 +0800] "GET /xingrg/all/function/internal_message.html?_=1660104584355&CODE_STATE=getMsg HTTP/1.1" 200 27
114.86.224.84 - - [10/Aug/2022:12:06:40 +0800] "GET /xingrg/all/function/internal_message.html?_=1660104403263&CODE_STATE=getMsg HTTP/1.1" 200 27
180.162.109.37 - - [10/Aug/2022:12:06:40 +0800] "GET /xingrg/all/function/internal_message.html?_=1660103576476&CODE_STATE=getMsg HTTP/1.1" 200 27
101.85.120.95 - - [10/Aug/2022:12:06:45 +0800] "GET /xingrg/all/function/internal_message.html?_=1660104400294&CODE_STATE=getMsg HTTP/1.1" 200 27
116.224.123.211 - - [10/Aug/2022:12:06:46 +0800] "GET /xingrg/all/function/internal_message.html?_=1660104403575&CODE_STATE=getMsg HTTP/1.1" 200 27
180.174.21.132 - - [10/Aug/2022:12:06:52 +0800] "GET /xingrg/all/function/internal_message.html?_=1660104284820&CODE_STATE=getMsg HTTP/1.1" 200 27
58.40.7.146 - - [10/Aug/2022:12:06:53 +0800] "GET /xingrg/all/function/internal_message.html?_=1660104410672&CODE_STATE=getMsg HTTP/1.1" 200 27
180.174.21.132 - - [10/Aug/2022:12:06:56 +0800] "GET /xingrg/all/function/internal_message.html?_=1660104415073&CODE_STATE=getMsg HTTP/1.1" 200 27
116.235.94.65 - - [10/Aug/2022:12:06:58 +0800] "GET /xingrg/all/report/report_query.html?isQuery=1&fileName=kc/buy/wlcg_cate_hz.xml&queryString=(CONVERT(char(10)%252Ca.order_time%252C%2520120)%253E%253D'2022-07-01')%2520and%2520(CONVERT(char(10)%252Ca.order_time%252C%2520120)%253C%253D'2022-07-31')%2520and%2520(a.supplier_code%2520in%2520('00100230'))%2520and%2520(a.number%253E0%2520and%2520a.supplier_code%253D'00100230')&queryText=%25E3%2580%2590%25E9%2587%2587%25E8%25B4%25AD%25E6%2597%25A5%25E6%259C%259F%253A2022-07-01%2520%25E8%2587%25B3%25202022-07-31%25E3%2580%2591%2520%25E5%25B9%25B6%25E4%25B8%2594%2520%2520%25E3%2580%2590%25E4%25BE%259B%25E5%25BA%2594%25E5%2595%2586%2520%253D%2520%25E9%2585%2592%25E6%25B0%25B4%25EF%25BC%2588%25E6%25B6%25A6%25E9%259B%25AA%25EF%25BC%2589%25E3%2580%2591%2520%25E5%25B9%25B6%25E4%25B8%2594%2520%25E3%2580%2590%25E4%25BE%259B%25E5%25BA%2594%25E5%2595%2586%253D%25E9%2585%2592%25E6%25B0%25B4%25EF%25BC%2588%25E6%25B6%25A6%25E9%259B%25AA%25EF%25BC%2589%25E3%2580%2591 HTTP/1.1" 200 54472
116.235.94.65 - - [10/Aug/2022:12:06:58 +0800] "GET /xingrg/dwr/interface/AjaxReportQueryService.js HTTP/1.1" 200 13203
116.235.94.65 - - [10/Aug/2022:12:06:58 +0800] "GET /xingrg/dwr/engine.js HTTP/1.1" 200 43631
114.83.216.111 - - [10/Aug/2022:12:06:58 +0800] "GET /xingrg/all/function/internal_message.html?_=1660104414208&CODE_STATE=getMsg HTTP/1.1" 200 27
114.84.0.234 - - [10/Aug/2022:12:07:00 +0800] "POST /xingrg/kc/buy/cgsh_order_operate.html HTTP/1.1" 200 37
116.235.94.65 - - [10/Aug/2022:12:07:00 +0800] "POST /xingrg/all/report/load_report_page.html HTTP/1.1" 200 8720
116.235.94.65 - - [10/Aug/2022:12:07:00 +0800] "GET /xingrg/servlets/image?cache=0.08727393348658352&image=px HTTP/1.1" 200 807
172.20.0.100 - - [10/Aug/2022:12:07:00 +0800] "GET /xingrg/all/function/internal_message.html?_=1660104418987&CODE_STATE=getMsg HTTP/1.1" 200 27
116.235.94.65 - - [10/Aug/2022:12:07:00 +0800] "POST /xingrg/all/report/load_report_page.html HTTP/1.1" 200 16482
116.235.94.65 - - [10/Aug/2022:12:07:00 +0800] "GET /xingrg/servlets/image?cache=0.3049421706823683&image=px HTTP/1.1" 200 807
114.84.0.234 - - [10/Aug/2022:12:07:02 +0800] "POST /xingrg/kc/buy/cgsh_order_operate.html HTTP/1.1" 200 2663
116.235.94.65 - - [10/Aug/2022:12:07:02 +0800] "GET /xingrg/javascript/jquery_easy_ui/themes/default/images/button_plain_hover.png HTTP/1.1" 200 252
114.84.0.234 - - [10/Aug/2022:12:07:03 +0800] "GET /xingrg/kc/print/load_data.html?order_code=212022081003006&kc_code=cgsh&condition= HTTP/1.1" 200 744
101.80.228.36 - - [10/Aug/2022:12:07:04 +0800] "GET /xingrg/all/function/internal_message.html?_=1660104421181&CODE_STATE=getMsg HTTP/1.1" 200 27
116.235.94.65 - - [10/Aug/2022:12:07:04 +0800] "POST /xingrg/all/report/report_print.html HTTP/1.1" 302 -
116.235.94.65 - - [10/Aug/2022:12:07:04 +0800] "GET /xingrg/servlets/html?sysBaseUrl=http%3A%2F%2F180.169.147.146%3A18081%2Fxingrg%2F&costTime=196×tamp=1660104424960 HTTP/1.1" 200 17921
116.235.94.65 - - [10/Aug/2022:12:07:05 +0800] "GET /xingrg/servlets/image?image=px HTTP/1.1" 200 807
116.235.94.65 - - [10/Aug/2022:12:07:05 +0800] "GET /favicon.ico HTTP/1.1" 404 -
116.224.255.128 - - [10/Aug/2022:12:07:10 +0800] "GET /xingrg/all/function/internal_message.html?_=1660104370500&CODE_STATE=getMsg HTTP/1.1" 200 27
114.83.216.111 - - [10/Aug/2022:12:07:11 +0800] "GET /xingrg/kc/base/wldb_order_add.html HTTP/1.1" 200 30362
114.83.216.111 - - [10/Aug/2022:12:07:11 +0800] "POST /xingrg/kc/base/wldb_order_operate.html HTTP/1.1" 200 6806
114.83.216.111 - - [10/Aug/2022:12:07:12 +0800] "GET /xingrg/javascript/easyui/themes/default/validatebox.css HTTP/1.1" 404 1104
114.83.216.111 - - [10/Aug/2022:12:07:21 +0800] "GET /xingrg/kc/base/wldb_order_operate.html?command=get_materiel&rest_code=00149&base_code=0010394&code=00101019199 HTTP/1.1" 200 473
218.81.223.53 - - [10/Aug/2022:12:07:21 +0800] "GET /xingrg/all/function/internal_message.html?_=1660104449025&CODE_STATE=getMsg HTTP/1.1" 200 27
114.84.0.234 - - [10/Aug/2022:12:07:21 +0800] "GET /xingrg/kc/buy/cgsh_order_add.html HTTP/1.1" 200 68185
114.84.0.234 - - [10/Aug/2022:12:07:22 +0800] "POST /xingrg/kc/buy/cgsh_order_operate.html HTTP/1.1" 200 8245
114.84.0.234 - - [10/Aug/2022:12:07:22 +0800] "GET /xingrg/javascript/easyui/themes/default/validatebox.css HTTP/1.1" 404 1104
222.69.129.110 - - [10/Aug/2022:12:07:23 +0800] "GET /xingrg/all/function/internal_message.html?_=1660104503016&CODE_STATE=getMsg HTTP/1.1" 200 27
116.232.194.65 - - [10/Aug/2022:12:07:26 +0800] "GET /xingrg/all/function/internal_message.html?_=1660104429094&CODE_STATE=getMsg HTTP/1.1" 200 27
124.78.152.212 - - [10/Aug/2022:12:07:30 +0800] "GET /xingrg/all/function/internal_message.html?_=1660104449046&CODE_STATE=getMsg HTTP/1.1" 200 27
114.83.216.111 - - [10/Aug/2022:12:07:35 +0800] "GET /xingrg/kc/base/wldb_order_operate.html?command=get_materiel&rest_code=00149&base_code=0010394&code=00101019306 HTTP/1.1" 200 477
180.169.147.146 - - [10/Aug/2022:12:07:36 +0800] "GET /xingrg/all/function/internal_message.html?_=1660104454434&CODE_STATE=getMsg HTTP/1.1" 200 27
120.253.135.82 - - [10/Aug/2022:12:07:37 +0800] "GET /xingrg/all/function/internal_message.html?_=1660104573833&CODE_STATE=getMsg HTTP/1.1" 200 27
180.174.21.132 - - [10/Aug/2022:12:07:38 +0800] "GET /xingrg/kc/buy/cgsh_order_operate.html?command=get_materiel&rest_code=00105&code=00101004101&supplier_code=00100086&order_time=2022-08-10 HTTP/1.1" 200 433
180.169.147.146 - - [10/Aug/2022:12:07:39 +0800] "GET /xingrg/all/function/internal_message.html?_=1660104453221&CODE_STATE=getMsg HTTP/1.1" 200 27
180.169.147.146 - - [10/Aug/2022:12:07:39 +0800] "GET /xingrg/check_reg.html?_=1660104453224 HTTP/1.1" 200 22
116.235.94.65 - - [10/Aug/2022:12:07:39 +0800] "GET /xingrg/all/function/internal_message.html?_=1660104644369&CODE_STATE=getMsg HTTP/1.1" 200 27
114.86.224.84 - - [10/Aug/2022:12:07:40 +0800] "GET /xingrg/all/function/internal_message.html?_=1660104463266&CODE_STATE=getMsg HTTP/1.1" 200 27
180.162.109.37 - - [10/Aug/2022:12:07:40 +0800] "GET /xingrg/all/function/internal_message.html?_=1660103636463&CODE_STATE=getMsg HTTP/1.1" 200 27
101.85.120.95 - - [10/Aug/2022:12:07:45 +0800] "GET /xingrg/all/function/internal_message.html?_=1660104460295&CODE_STATE=getMsg HTTP/1.1" 200 27
114.83.216.111 - - [10/Aug/2022:12:07:45 +0800] "GET /xingrg/kc/base/wldb_order_operate.html?command=get_materiel&rest_code=00149&base_code=0010394&code=00101027001 HTTP/1.1" 200 471
116.224.123.211 - - [10/Aug/2022:12:07:46 +0800] "GET /xingrg/all/function/internal_message.html?_=1660104463557&CODE_STATE=getMsg HTTP/1.1" 200 27
180.174.21.132 - - [10/Aug/2022:12:07:46 +0800] "POST /xingrg/kc/buy/cgsh_order_operate.html HTTP/1.1" 200 37
180.174.21.132 - - [10/Aug/2022:12:07:48 +0800] "POST /xingrg/kc/buy/cgsh_order_operate.html HTTP/1.1" 200 2660
180.174.21.132 - - [10/Aug/2022:12:07:49 +0800] "GET /xingrg/kc/print/load_data.html?order_code=212022081003007&kc_code=cgsh&condition= HTTP/1.1" 200 736
180.174.21.132 - - [10/Aug/2022:12:07:51 +0800] "GET /xingrg/kc/buy/cgsh_order_add.html HTTP/1.1" 200 68311
180.174.21.132 - - [10/Aug/2022:12:07:52 +0800] "POST /xingrg/kc/buy/cgsh_order_operate.html HTTP/1.1" 200 8245
180.174.21.132 - - [10/Aug/2022:12:07:52 +0800] "GET /xingrg/javascript/easyui/themes/default/validatebox.css HTTP/1.1" 404 1104
180.174.21.132 - - [10/Aug/2022:12:07:52 +0800] "GET /xingrg/all/function/internal_message.html?_=1660104344820&CODE_STATE=getMsg HTTP/1.1" 200 27
58.40.7.146 - - [10/Aug/2022:12:07:53 +0800] "GET /xingrg/all/function/internal_message.html?_=1660104470677&CODE_STATE=getMsg HTTP/1.1" 200 27
180.174.21.132 - - [10/Aug/2022:12:07:56 +0800] "GET /xingrg/all/function/internal_message.html?_=1660104475066&CODE_STATE=getMsg HTTP/1.1" 200 27
114.83.216.111 - - [10/Aug/2022:12:07:58 +0800] "GET /xingrg/all/function/internal_message.html?_=1660104474195&CODE_STATE=getMsg HTTP/1.1" 200 27
114.83.216.111 - - [10/Aug/2022:12:07:59 +0800] "GET /xingrg/check_reg.html?_=1660104475165 HTTP/1.1" 200 22
172.20.0.100 - - [10/Aug/2022:12:08:00 +0800] "GET /xingrg/all/function/internal_message.html?_=1660104478967&CODE_STATE=getMsg HTTP/1.1" 200 27
114.84.0.234 - - [10/Aug/2022:12:08:01 +0800] "GET /xingrg/all/function/internal_message.html?_=1660104477436&CODE_STATE=getMsg HTTP/1.1" 200 27
180.174.21.132 - - [10/Aug/2022:12:08:02 +0800] "GET /xingrg/kc/buy/cgsh_order_operate.html?command=get_materiel&rest_code=00105&code=00101012046&supplier_code=00100325&order_time=2022-08-10 HTTP/1.1" 200 417
101.80.228.36 - - [10/Aug/2022:12:08:04 +0800] "GET /xingrg/all/function/internal_message.html?_=1660104481150&CODE_STATE=getMsg HTTP/1.1" 200 27
114.83.216.111 - - [10/Aug/2022:12:08:08 +0800] "GET /xingrg/kc/base/wldb_order_operate.html?command=get_materiel&rest_code=00149&base_code=0010394&code=00101019058 HTTP/1.1" 200 454
116.224.255.128 - - [10/Aug/2022:12:08:10 +0800] "GET /xingrg/check_reg.html?_=1660104430135 HTTP/1.1" 200 22
116.224.255.128 - - [10/Aug/2022:12:08:10 +0800] "GET /xingrg/all/function/internal_message.html?_=1660104430513&CODE_STATE=getMsg HTTP/1.1" 200 27
180.174.21.132 - - [10/Aug/2022:12:08:12 +0800] "POST /xingrg/kc/buy/cgsh_order_operate.html HTTP/1.1" 200 37
116.232.194.65 - - [10/Aug/2022:12:08:16 +0800] "GET /xingrg/kc/buy/cgsh_order_list.html HTTP/1.1" 200 52453
180.174.21.132 - - [10/Aug/2022:12:08:17 +0800] "POST /xingrg/kc/buy/cgsh_order_operate.html HTTP/1.1" 200 2660
116.232.194.65 - - [10/Aug/2022:12:08:17 +0800] "POST /xingrg/kc/buy/cgsh_list_operate.html HTTP/1.1" 200 6273
116.232.194.65 - - [10/Aug/2022:12:08:18 +0800] "POST /xingrg/kc/buy/cgsh_list_operate.html HTTP/1.1" 200 6273
180.174.21.132 - - [10/Aug/2022:12:08:18 +0800] "GET /xingrg/kc/print/load_data.html?order_code=212022081003008&kc_code=cgsh&condition= HTTP/1.1" 200 672
218.81.223.53 - - [10/Aug/2022:12:08:22 +0800] "GET /xingrg/all/function/internal_message.html?_=1660104509462&CODE_STATE=getMsg HTTP/1.1" 200 27
116.232.194.65 - - [10/Aug/2022:12:08:23 +0800] "POST /xingrg/kc/buy/cgsh_list_operate.html HTTP/1.1" 200 579
180.174.21.132 - - [10/Aug/2022:12:08:23 +0800] "GET /xingrg/kc/buy/cgsh_order_add.html HTTP/1.1" 200 68311
116.232.194.65 - - [10/Aug/2022:12:08:23 +0800] "GET /xingrg/kc/buy/cgsh_order_info.html?code=212022081002908 HTTP/1.1" 200 68246
180.174.21.132 - - [10/Aug/2022:12:08:23 +0800] "POST /xingrg/kc/buy/cgsh_order_operate.html HTTP/1.1" 200 8245
180.174.21.132 - - [10/Aug/2022:12:08:23 +0800] "GET /xingrg/javascript/easyui/themes/default/validatebox.css HTTP/1.1" 404 1104
116.232.194.65 - - [10/Aug/2022:12:08:23 +0800] "GET /xingrg/javascript/easyui/themes/default/validatebox.css HTTP/1.1" 404 1104
222.69.129.110 - - [10/Aug/2022:12:08:23 +0800] "GET /xingrg/all/function/internal_message.html?_=1660104563011&CODE_STATE=getMsg HTTP/1.1" 200 27
116.232.194.65 - - [10/Aug/2022:12:08:24 +0800] "POST /xingrg/kc/buy/cgsh_order_operate.html HTTP/1.1" 200 5616
116.232.194.65 - - [10/Aug/2022:12:08:26 +0800] "GET /xingrg/all/function/internal_message.html?_=1660104489090&CODE_STATE=getMsg HTTP/1.1" 200 27
116.232.194.65 - - [10/Aug/2022:12:08:26 +0800] "GET /xingrg/check_reg.html?_=1660104489093 HTTP/1.1" 200 22
114.83.216.111 - - [10/Aug/2022:12:08:28 +0800] "GET /xingrg/kc/base/wldb_order_operate.html?command=get_materiel&rest_code=00149&base_code=0010394&code=00101019184 HTTP/1.1" 200 458
116.232.194.65 - - [10/Aug/2022:12:08:28 +0800] "GET /xingrg/kc/print/load_data.html?order_code=212022081002908&kc_code=cgsh&condition= HTTP/1.1" 200 1860
124.78.152.212 - - [10/Aug/2022:12:08:30 +0800] "GET /xingrg/all/function/internal_message.html?_=1660104509057&CODE_STATE=getMsg HTTP/1.1" 200 27
180.174.21.132 - - [10/Aug/2022:12:08:32 +0800] "GET /xingrg/kc/buy/cgsh_order_operate.html?command=get_materiel&rest_code=00105&code=00101001141&supplier_code=00100327&order_time=2022-08-10 HTTP/1.1" 200 413
180.169.147.146 - - [10/Aug/2022:12:08:36 +0800] "GET /xingrg/all/function/internal_message.html?_=1660104514434&CODE_STATE=getMsg HTTP/1.1" 200 27
120.253.135.82 - - [10/Aug/2022:12:08:37 +0800] "GET /xingrg/all/function/internal_message.html?_=1660104633931&CODE_STATE=getMsg HTTP/1.1" 200 27
180.169.147.146 - - [10/Aug/2022:12:08:39 +0800] "GET /xingrg/all/function/internal_message.html?_=1660104513223&CODE_STATE=getMsg HTTP/1.1" 200 27
116.235.94.65 - - [10/Aug/2022:12:08:39 +0800] "GET /xingrg/all/function/internal_message.html?_=1660104704360&CODE_STATE=getMsg HTTP/1.1" 200 27
114.86.224.84 - - [10/Aug/2022:12:08:40 +0800] "GET /xingrg/all/function/internal_message.html?_=1660104523266&CODE_STATE=getMsg HTTP/1.1" 200 27
180.162.109.37 - - [10/Aug/2022:12:08:40 +0800] "GET /xingrg/all/function/internal_message.html?_=1660103696464&CODE_STATE=getMsg HTTP/1.1" 200 27
180.174.21.132 - - [10/Aug/2022:12:08:43 +0800] "POST /xingrg/kc/buy/cgsh_order_operate.html HTTP/1.1" 200 37
101.85.120.95 - - [10/Aug/2022:12:08:45 +0800] "GET /xingrg/all/function/internal_message.html?_=1660104520295&CODE_STATE=getMsg HTTP/1.1" 200 27
116.224.123.211 - - [10/Aug/2022:12:08:46 +0800] "GET /xingrg/all/function/internal_message.html?_=1660104523548&CODE_STATE=getMsg HTTP/1.1" 200 27
180.174.21.132 - - [10/Aug/2022:12:08:49 +0800] "POST /xingrg/kc/buy/cgsh_order_operate.html HTTP/1.1" 200 2658
180.174.21.132 - - [10/Aug/2022:12:08:50 +0800] "GET /xingrg/kc/print/load_data.html?order_code=212022081003009&kc_code=cgsh&condition= HTTP/1.1" 200 668
180.174.21.132 - - [10/Aug/2022:12:08:52 +0800] "GET /xingrg/all/function/internal_message.html?_=1660104404847&CODE_STATE=getMsg HTTP/1.1" 200 27
58.40.7.146 - - [10/Aug/2022:12:08:53 +0800] "GET /xingrg/all/function/internal_message.html?_=1660104530680&CODE_STATE=getMsg HTTP/1.1" 200 27
58.40.7.146 - - [10/Aug/2022:12:08:53 +0800] "GET /xingrg/check_reg.html?_=1660104530681 HTTP/1.1" 200 22
180.174.21.132 - - [10/Aug/2022:12:08:55 +0800] "GET /xingrg/kc/buy/cgsh_order_add.html HTTP/1.1" 200 68311
180.174.21.132 - - [10/Aug/2022:12:08:55 +0800] "POST /xingrg/kc/buy/cgsh_order_operate.html HTTP/1.1" 200 8245
180.174.21.132 - - [10/Aug/2022:12:08:55 +0800] "GET /xingrg/javascript/easyui/themes/default/validatebox.css HTTP/1.1" 404 1104
180.174.21.132 - - [10/Aug/2022:12:08:56 +0800] "GET /xingrg/all/function/internal_message.html?_=1660104535075&CODE_STATE=getMsg HTTP/1.1" 200 27
114.83.216.111 - - [10/Aug/2022:12:08:58 +0800] "GET /xingrg/all/function/internal_message.html?_=1660104534170&CODE_STATE=getMsg HTTP/1.1" 200 27
172.20.0.100 - - [10/Aug/2022:12:09:00 +0800] "GET /xingrg/all/function/internal_message.html?_=1660104538944&CODE_STATE=getMsg HTTP/1.1" 200 27
114.84.0.234 - - [10/Aug/2022:12:09:01 +0800] "GET /xingrg/all/function/internal_message.html?_=1660104537406&CODE_STATE=getMsg HTTP/1.1" 200 27
101.80.228.36 - - [10/Aug/2022:12:09:04 +0800] "GET /xingrg/all/function/internal_message.html?_=1660104541120&CODE_STATE=getMsg HTTP/1.1" 200 27
180.174.21.132 - - [10/Aug/2022:12:09:05 +0800] "GET /xingrg/kc/buy/cgsh_order_operate.html?command=get_materiel&rest_code=00105&code=00101002041&supplier_code=00100442&order_time=2022-08-10 HTTP/1.1" 200 409
114.83.216.111 - - [10/Aug/2022:12:09:07 +0800] "POST /xingrg/kc/base/wldb_order_operate.html HTTP/1.1" 200 37
114.83.216.111 - - [10/Aug/2022:12:09:07 +0800] "POST /xingrg/kc/base/wldb_order_operate.html HTTP/1.1" 200 7692
114.83.216.111 - - [10/Aug/2022:12:09:08 +0800] "GET /xingrg/kc/base/wldb_order_info.html?code=422022081000807 HTTP/1.1" 200 30377
114.83.216.111 - - [10/Aug/2022:12:09:08 +0800] "GET /xingrg/javascript/easyui/themes/default/validatebox.css HTTP/1.1" 404 1104
114.83.216.111 - - [10/Aug/2022:12:09:08 +0800] "POST /xingrg/kc/base/wldb_order_operate.html HTTP/1.1" 200 7692
114.83.216.111 - - [10/Aug/2022:12:09:10 +0800] "POST /xingrg/kc/base/wldb_list_operate.html HTTP/1.1" 200 2193
116.224.255.128 - - [10/Aug/2022:12:09:10 +0800] "GET /xingrg/all/function/internal_message.html?_=1660104490528&CODE_STATE=getMsg HTTP/1.1" 200 27
120.253.135.82 - - [10/Aug/2022:12:09:17 +0800] "GET /xingrg/index.html?sysBaseUrl=http%3A%2F%2F180.169.147.146%3A18081%2Fxingrg%2F&costTime=43×tamp=1660002430846 HTTP/1.1" 200 17173
120.253.135.82 - - [10/Aug/2022:12:09:18 +0800] "GET /xingrg/javascript/jquery-1.4.2.min.js HTTP/1.1" 304 -
120.253.135.82 - - [10/Aug/2022:12:09:18 +0800] "GET /xingrg/css/form.css HTTP/1.1" 304 -
120.253.135.82 - - [10/Aug/2022:12:09:18 +0800] "GET /xingrg/javascript/jquery.form.js HTTP/1.1" 304 -
120.253.135.82 - - [10/Aug/2022:12:09:18 +0800] "GET /xingrg/javascript/jquery_easy_ui/themes/icon.css HTTP/1.1" 304 -
120.253.135.82 - - [10/Aug/2022:12:09:18 +0800] "GET /xingrg/javascript/jquery_easy_ui/easyui-lang-zh_CN.js HTTP/1.1" 304 -
120.253.135.82 - - [10/Aug/2022:12:09:18 +0800] "GET /xingrg/javascript/jquery_easy_ui/jquery.easyui.min.js HTTP/1.1" 304 -
120.253.135.82 - - [10/Aug/2022:12:09:18 +0800] "GET /xingrg/javascript/jquery.timers.js HTTP/1.1" 304 -
120.253.135.82 - - [10/Aug/2022:12:09:18 +0800] "GET /xingrg/javascript/jquery.utils.js HTTP/1.1" 304 -
120.253.135.82 - - [10/Aug/2022:12:09:18 +0800] "GET /xingrg/javascript/jquery_easy_ui/themes/default/easyui.css HTTP/1.1" 304 -
120.253.135.82 - - [10/Aug/2022:12:09:19 +0800] "GET /xingrg/images/blue/navBackgound.jpg HTTP/1.1" 304 -
120.253.135.82 - - [10/Aug/2022:12:09:19 +0800] "GET /xingrg/images/blue/jxLogo.png HTTP/1.1" 304 -
120.253.135.82 - - [10/Aug/2022:12:09:19 +0800] "GET /xingrg/javascript/jquery_easy_ui/themes/icons/settle_new.png HTTP/1.1" 304 -
120.253.135.82 - - [10/Aug/2022:12:09:19 +0800] "GET /favicon.ico HTTP/1.1" 404 -
120.253.135.82 - - [10/Aug/2022:12:09:19 +0800] "GET /xingrg/images/blue/pingpu.png HTTP/1.1" 304 -
120.253.135.82 - - [10/Aug/2022:12:09:19 +0800] "GET /xingrg/javascript/jquery_easy_ui/themes/default/images/tabs_rightarrow.png HTTP/1.1" 304 -
120.253.135.82 - - [10/Aug/2022:12:09:19 +0800] "GET /xingrg/javascript/jquery_easy_ui/themes/default/images/tabs_leftarrow.png HTTP/1.1" 304 -
120.253.135.82 - - [10/Aug/2022:12:09:19 +0800] "POST /xingrg/all/common/load_tree.html?tree=area_rest_tree_json&manage=1 HTTP/1.1" 200 344
120.253.135.82 - - [10/Aug/2022:12:09:19 +0800] "GET /xingrg/javascript/jquery_easy_ui/themes/default/images/panel_tool_collapse.gif HTTP/1.1" 304 -
120.253.135.82 - - [10/Aug/2022:12:09:20 +0800] "GET /xingrg/javascript/jquery_easy_ui/themes/default/images/tree_arrows.gif HTTP/1.1" 304 -
114.83.216.111 - - [10/Aug/2022:12:09:21 +0800] "POST /xingrg/kc/base/wldb_list_operate.html HTTP/1.1" 200 4
218.81.223.53 - - [10/Aug/2022:12:09:22 +0800] "GET /xingrg/all/function/internal_message.html?_=1660104569469&CODE_STATE=getMsg HTTP/1.1" 200 27
114.83.216.111 - - [10/Aug/2022:12:09:23 +0800] "POST /xingrg/kc/base/wldb_list_operate.html HTTP/1.1" 200 928
180.174.21.132 - - [10/Aug/2022:12:09:23 +0800] "GET /xingrg/kc/buy/cgsh_order_operate.html?command=get_materiel&rest_code=00105&code=00101001060&supplier_code=00100442&order_time=2022-08-10 HTTP/1.1" 200 421
222.69.129.110 - - [10/Aug/2022:12:09:23 +0800] "GET /xingrg/all/function/internal_message.html?_=1660104623012&CODE_STATE=getMsg HTTP/1.1" 200 27
120.253.135.82 - - [10/Aug/2022:12:09:25 +0800] "GET /xingrg/login.html HTTP/1.1" 200 7641
120.253.135.82 - - [10/Aug/2022:12:09:25 +0800] "GET /xingrg/images/blue/login_bg.png HTTP/1.1" 304 -
120.253.135.82 - - [10/Aug/2022:12:09:25 +0800] "GET /xingrg/images/blue/jxLogo.png HTTP/1.1" 304 -
120.253.135.82 - - [10/Aug/2022:12:09:25 +0800] "GET /xingrg/images/blue/hj.png HTTP/1.1" 304 -
120.253.135.82 - - [10/Aug/2022:12:09:25 +0800] "GET /xingrg/images/blue/srbg.png HTTP/1.1" 304 -
120.253.135.82 - - [10/Aug/2022:12:09:25 +0800] "GET /favicon.ico HTTP/1.1" 404 -
116.232.194.65 - - [10/Aug/2022:12:09:26 +0800] "GET /xingrg/all/function/internal_message.html?_=1660104549107&CODE_STATE=getMsg HTTP/1.1" 200 27
120.253.135.82 - - [10/Aug/2022:12:09:28 +0800] "POST /xingrg/login.do HTTP/1.1" 302 -
120.253.135.82 - - [10/Aug/2022:12:09:28 +0800] "GET /xingrg/javascript/jquery_easy_ui/themes/icon.css HTTP/1.1" 304 -
120.253.135.82 - - [10/Aug/2022:12:09:28 +0800] "GET /xingrg/javascript/jquery_easy_ui/themes/default/easyui.css HTTP/1.1" 304 -
120.253.135.82 - - [10/Aug/2022:12:09:28 +0800] "GET /xingrg/index.html?sysBaseUrl=http%3A%2F%2F180.169.147.146%3A18081%2Fxingrg%2F&costTime=44×tamp=1660104568260 HTTP/1.1" 200 17173
120.253.135.82 - - [10/Aug/2022:12:09:28 +0800] "GET /xingrg/css/form.css HTTP/1.1" 304 -
120.253.135.82 - - [10/Aug/2022:12:09:28 +0800] "GET /xingrg/javascript/jquery.form.js HTTP/1.1" 304 -
120.253.135.82 - - [10/Aug/2022:12:09:28 +0800] "GET /xingrg/javascript/jquery_easy_ui/jquery.easyui.min.js HTTP/1.1" 304 -
120.253.135.82 - - [10/Aug/2022:12:09:28 +0800] "GET /xingrg/javascript/jquery.timers.js HTTP/1.1" 304 -
120.253.135.82 - - [10/Aug/2022:12:09:28 +0800] "GET /xingrg/javascript/jquery-1.4.2.min.js HTTP/1.1" 304 -
120.253.135.82 - - [10/Aug/2022:12:09:28 +0800] "GET /xingrg/javascript/jquery_easy_ui/easyui-lang-zh_CN.js HTTP/1.1" 304 -
120.253.135.82 - - [10/Aug/2022:12:09:28 +0800] "GET /favicon.ico HTTP/1.1" 404 -
120.253.135.82 - - [10/Aug/2022:12:09:28 +0800] "GET /xingrg/javascript/jquery.utils.js HTTP/1.1" 304 -
120.253.135.82 - - [10/Aug/2022:12:09:28 +0800] "GET /xingrg/images/blue/navBackgound.jpg HTTP/1.1" 304 -
120.253.135.82 - - [10/Aug/2022:12:09:28 +0800] "GET /xingrg/javascript/jquery_easy_ui/themes/icons/settle_new.png HTTP/1.1" 304 -
120.253.135.82 - - [10/Aug/2022:12:09:28 +0800] "GET /xingrg/images/blue/pingpu.png HTTP/1.1" 304 -
120.253.135.82 - - [10/Aug/2022:12:09:28 +0800] "POST /xingrg/all/common/load_tree.html?tree=area_rest_tree_json&manage=1 HTTP/1.1" 200 344
120.253.135.82 - - [10/Aug/2022:12:09:28 +0800] "GET /xingrg/javascript/jquery_easy_ui/themes/default/images/tabs_leftarrow.png HTTP/1.1" 304 -
120.253.135.82 - - [10/Aug/2022:12:09:28 +0800] "GET /xingrg/javascript/jquery_easy_ui/themes/default/images/tabs_rightarrow.png HTTP/1.1" 304 -
120.253.135.82 - - [10/Aug/2022:12:09:28 +0800] "GET /xingrg/javascript/jquery_easy_ui/themes/default/images/panel_tool_collapse.gif HTTP/1.1" 304 -
120.253.135.82 - - [10/Aug/2022:12:09:28 +0800] "GET /xingrg/all/function/internal_message.html?_=1660104685214&CODE_STATE=count HTTP/1.1" 200 11
120.253.135.82 - - [10/Aug/2022:12:09:28 +0800] "GET /xingrg/javascript/jquery_easy_ui/themes/default/images/tree_arrows.gif HTTP/1.1" 304 -
120.253.135.82 - - [10/Aug/2022:12:09:28 +0800] "GET /xingrg/check_reg.html?_=1660104685215 HTTP/1.1" 200 22
120.253.135.82 - - [10/Aug/2022:12:09:28 +0800] "POST /xingrg/load_menu.html HTTP/1.1" 200 6743
120.253.135.82 - - [10/Aug/2022:12:09:28 +0800] "GET /xingrg/javascript/jquery_easy_ui/themes/default/images/tree_folder_open.gif HTTP/1.1" 304 -
120.253.135.82 - - [10/Aug/2022:12:09:28 +0800] "GET /xingrg/javascript/jquery_easy_ui/themes/icons/search_new.png HTTP/1.1" 304 -
120.253.135.82 - - [10/Aug/2022:12:09:28 +0800] "GET /xingrg/javascript/jquery_easy_ui/themes/icons/delivery_new.png HTTP/1.1" 304 -
120.253.135.82 - - [10/Aug/2022:12:09:28 +0800] "GET /xingrg/javascript/jquery_easy_ui/themes/icons/storage_new.png HTTP/1.1" 304 -
120.253.135.82 - - [10/Aug/2022:12:09:28 +0800] "GET /xingrg/javascript/jquery_easy_ui/themes/icons/forms_new.png HTTP/1.1" 304 -
120.253.135.82 - - [10/Aug/2022:12:09:28 +0800] "GET /xingrg/javascript/jquery_easy_ui/themes/default/images/tree_file.gif HTTP/1.1" 304 -
120.253.135.82 - - [10/Aug/2022:12:09:28 +0800] "GET /xingrg/javascript/jquery_easy_ui/themes/default/images/tree_folder.gif HTTP/1.1" 304 -
124.78.152.212 - - [10/Aug/2022:12:09:30 +0800] "GET /xingrg/all/function/internal_message.html?_=1660104569041&CODE_STATE=getMsg HTTP/1.1" 200 27
120.253.135.82 - - [10/Aug/2022:12:09:33 +0800] "GET /xingrg/javascript/jquery_easy_ui/themes/default/images/tabs_close.gif HTTP/1.1" 304 -
120.253.135.82 - - [10/Aug/2022:12:09:33 +0800] "GET /xingrg/css/base.css HTTP/1.1" 304 -
120.253.135.82 - - [10/Aug/2022:12:09:33 +0800] "GET /xingrg/css/site.css HTTP/1.1" 304 -
120.253.135.82 - - [10/Aug/2022:12:09:33 +0800] "GET /xingrg/javascript/easyui/themes/default/easyui.css HTTP/1.1" 304 -
120.253.135.82 - - [10/Aug/2022:12:09:33 +0800] "GET /xingrg/javascript/jquery_tools/datebox.css HTTP/1.1" 304 -
120.253.135.82 - - [10/Aug/2022:12:09:33 +0800] "GET /xingrg/javascript/easyui/themes/icon.css HTTP/1.1" 304 -
120.253.135.82 - - [10/Aug/2022:12:09:33 +0800] "GET /xingrg/javascript/auto/jquery.autocomplete.css HTTP/1.1" 304 -
120.253.135.82 - - [10/Aug/2022:12:09:33 +0800] "GET /xingrg/javascript/jquery_tools/jquery.tools.extend.js HTTP/1.1" 304 -
120.253.135.82 - - [10/Aug/2022:12:09:33 +0800] "GET /xingrg/javascript/jquery_tools/jquery.tools.hotkey.js HTTP/1.1" 304 -
120.253.135.82 - - [10/Aug/2022:12:09:33 +0800] "GET /xingrg/kc/pszx/mdps_order_list.html?orderType=0 HTTP/1.1" 200 21007
120.253.135.82 - - [10/Aug/2022:12:09:33 +0800] "GET /xingrg/javascript/jquery_tools/jquery.tools.table.js HTTP/1.1" 304 -
120.253.135.82 - - [10/Aug/2022:12:09:33 +0800] "GET /xingrg/javascript/jquery.cookie.js HTTP/1.1" 304 -
120.253.135.82 - - [10/Aug/2022:12:09:33 +0800] "GET /xingrg/javascript/jquery_tools/list_manager.js HTTP/1.1" 304 -
120.253.135.82 - - [10/Aug/2022:12:09:33 +0800] "GET /xingrg/javascript/easyui/easyloader.js HTTP/1.1" 304 -
120.253.135.82 - - [10/Aug/2022:12:09:33 +0800] "GET /xingrg/javascript/print/LodopFuncs.js HTTP/1.1" 304 -
120.253.135.82 - - [10/Aug/2022:12:09:33 +0800] "GET /xingrg/javascript/auto/jquery.autocomplete.js HTTP/1.1" 304 -
120.253.135.82 - - [10/Aug/2022:12:09:33 +0800] "GET /xingrg/javascript/jquery_tools/table.css HTTP/1.1" 304 -
120.253.135.82 - - [10/Aug/2022:12:09:33 +0800] "GET /xingrg/javascript/jquery_tools/jquery.tools.min.js HTTP/1.1" 304 -
120.253.135.82 - - [10/Aug/2022:12:09:33 +0800] "GET /xingrg/javascript/jquery_tools/fix.css HTTP/1.1" 304 -
120.253.135.82 - - [10/Aug/2022:12:09:35 +0800] "GET /xingrg/javascript/easyui/themes/icons/edit_add_new.png HTTP/1.1" 304 -
120.253.135.82 - - [10/Aug/2022:12:09:35 +0800] "GET /xingrg/javascript/easyui/themes/icons/cance_new.png HTTP/1.1" 304 -
120.253.135.82 - - [10/Aug/2022:12:09:35 +0800] "GET /xingrg/javascript/easyui/themes/icons/check_new.png HTTP/1.1" 304 -
120.253.135.82 - - [10/Aug/2022:12:09:35 +0800] "GET /xingrg/javascript/easyui/themes/icons/uncheck_new.png HTTP/1.1" 304 -
114.84.0.234 - - [10/Aug/2022:12:09:35 +0800] "GET /xingrg/kc/buy/cgsh_order_operate.html?command=get_materiel&rest_code=00111&code=00101008654&supplier_code=00100327&order_time=2022-08-10 HTTP/1.1" 200 432
120.253.135.82 - - [10/Aug/2022:12:09:35 +0800] "GET /xingrg/javascript/easyui/themes/icons/field_new.png HTTP/1.1" 304 -
120.253.135.82 - - [10/Aug/2022:12:09:35 +0800] "GET /xingrg/javascript/easyui/themes/icons/import_new.png HTTP/1.1" 304 -
120.253.135.82 - - [10/Aug/2022:12:09:35 +0800] "GET /xingrg/javascript/easyui/plugins/jquery.parser.js HTTP/1.1" 304 -
120.253.135.82 - - [10/Aug/2022:12:09:35 +0800] "GET /xingrg/images/control/ajaxLoader.gif HTTP/1.1" 304 -
120.253.135.82 - - [10/Aug/2022:12:09:36 +0800] "GET /xingrg/javascript/jquery_easy_ui/themes/icons/area.png HTTP/1.1" 304 -
120.253.135.82 - - [10/Aug/2022:12:09:36 +0800] "GET /xingrg/javascript/jquery_easy_ui/themes/icons/manage.png HTTP/1.1" 304 -
120.253.135.82 - - [10/Aug/2022:12:09:36 +0800] "POST /xingrg/kc/pszx/mdps_list_operate.html HTTP/1.1" 200 5226
180.169.147.146 - - [10/Aug/2022:12:09:36 +0800] "GET /xingrg/all/function/internal_message.html?_=1660104574433&CODE_STATE=getMsg HTTP/1.1" 200 27
180.169.147.146 - - [10/Aug/2022:12:09:39 +0800] "GET /xingrg/all/function/internal_message.html?_=1660104573222&CODE_STATE=getMsg HTTP/1.1" 200 27
116.235.94.65 - - [10/Aug/2022:12:09:39 +0800] "GET /xingrg/all/function/internal_message.html?_=1660104764358&CODE_STATE=getMsg HTTP/1.1" 200 27
114.86.224.84 - - [10/Aug/2022:12:09:40 +0800] "GET /xingrg/all/function/internal_message.html?_=1660104583269&CODE_STATE=getMsg HTTP/1.1" 200 27
180.162.109.37 - - [10/Aug/2022:12:09:40 +0800] "GET /xingrg/all/function/internal_message.html?_=1660103756466&CODE_STATE=getMsg HTTP/1.1" 200 27
180.162.109.37 - - [10/Aug/2022:12:09:40 +0800] "GET /xingrg/check_reg.html?_=1660103756470 HTTP/1.1" 200 22
120.253.135.82 - - [10/Aug/2022:12:09:43 +0800] "POST /xingrg/kc/pszx/mdps_list_operate.html HTTP/1.1" 200 5365
101.85.120.95 - - [10/Aug/2022:12:09:45 +0800] "GET /xingrg/check_reg.html?_=1660104580295 HTTP/1.1" 200 22
101.85.120.95 - - [10/Aug/2022:12:09:45 +0800] "GET /xingrg/all/function/internal_message.html?_=1660104580298&CODE_STATE=getMsg HTTP/1.1" 200 27
180.174.21.132 - - [10/Aug/2022:12:09:46 +0800] "POST /xingrg/kc/buy/cgsh_order_operate.html HTTP/1.1" 200 37
116.224.123.211 - - [10/Aug/2022:12:09:46 +0800] "GET /xingrg/all/function/internal_message.html?_=1660104583536&CODE_STATE=getMsg HTTP/1.1" 200 27
180.174.21.132 - - [10/Aug/2022:12:09:48 +0800] "POST /xingrg/kc/buy/cgsh_order_operate.html HTTP/1.1" 200 3258
180.174.21.132 - - [10/Aug/2022:12:09:49 +0800] "GET /xingrg/kc/print/load_data.html?order_code=212022081003010&kc_code=cgsh&condition= HTTP/1.1" 200 903
120.253.135.82 - - [10/Aug/2022:12:09:51 +0800] "POST /xingrg/kc/pszx/mdps_list_operate.html HTTP/1.1" 200 589
120.253.135.82 - - [10/Aug/2022:12:09:51 +0800] "GET /xingrg/kc/pszx/mdps_order_info.html?code=312022081000210 HTTP/1.1" 200 24014
120.253.135.82 - - [10/Aug/2022:12:09:51 +0800] "GET /xingrg/javascript/myfunction.js HTTP/1.1" 304 -
120.253.135.82 - - [10/Aug/2022:12:09:51 +0800] "GET /xingrg/javascript/print/kc_print.js HTTP/1.1" 304 -
120.253.135.82 - - [10/Aug/2022:12:09:51 +0800] "GET /xingrg/javascript/convert.js HTTP/1.1" 304 -
120.253.135.82 - - [10/Aug/2022:12:09:51 +0800] "GET /xingrg/javascript/jquery_tools/order_manager.js HTTP/1.1" 304 -
120.253.135.82 - - [10/Aug/2022:12:09:51 +0800] "GET /xingrg/javascript/json2.js HTTP/1.1" 304 -
120.253.135.82 - - [10/Aug/2022:12:09:52 +0800] "GET /xingrg/javascript/pic_change.js HTTP/1.1" 304 -
120.253.135.82 - - [10/Aug/2022:12:09:52 +0800] "GET /xingrg/words/20220808151938_words.js HTTP/1.1" 304 -
120.253.135.82 - - [10/Aug/2022:12:09:52 +0800] "GET /xingrg/javascript/easyui/themes/icons/ok.png HTTP/1.1" 304 -
120.253.135.82 - - [10/Aug/2022:12:09:52 +0800] "GET /xingrg/javascript/easyui/themes/icons/copy_new.png HTTP/1.1" 304 -
120.253.135.82 - - [10/Aug/2022:12:09:52 +0800] "GET /xingrg/javascript/easyui/themes/icons/print.png HTTP/1.1" 304 -
120.253.135.82 - - [10/Aug/2022:12:09:52 +0800] "GET /xingrg/javascript/easyui/themes/default/images/menu_downarrow.png HTTP/1.1" 304 -
120.253.135.82 - - [10/Aug/2022:12:09:52 +0800] "GET /xingrg/javascript/easyui/themes/icons/cancel.png HTTP/1.1" 304 -
120.253.135.82 - - [10/Aug/2022:12:09:52 +0800] "GET /xingrg/all/common/auto_word.html?type=base&rest_code=00101 HTTP/1.1" 200 725
120.253.135.82 - - [10/Aug/2022:12:09:52 +0800] "GET /xingrg/javascript/easyui/themes/default/validatebox.css HTTP/1.1" 404 1104
120.253.135.82 - - [10/Aug/2022:12:09:52 +0800] "GET /xingrg/javascript/easyui/plugins/jquery.validatebox.js HTTP/1.1" 304 -
120.253.135.82 - - [10/Aug/2022:12:09:52 +0800] "GET /xingrg/javascript/easyui/plugins/jquery.numberbox.js HTTP/1.1" 304 -
120.253.135.82 - - [10/Aug/2022:12:09:52 +0800] "POST /xingrg/kc/pszx/mdps_order_operate.html HTTP/1.1" 200 8823
120.253.135.82 - - [10/Aug/2022:12:09:52 +0800] "GET /xingrg/javascript/easyui/themes/icons/edit_remove.png HTTP/1.1" 304 -
180.174.21.132 - - [10/Aug/2022:12:09:52 +0800] "GET /xingrg/check_reg.html?_=1660104464845 HTTP/1.1" 200 22
180.174.21.132 - - [10/Aug/2022:12:09:52 +0800] "GET /xingrg/all/function/internal_message.html?_=1660104464846&CODE_STATE=getMsg HTTP/1.1" 200 27
58.40.7.146 - - [10/Aug/2022:12:09:53 +0800] "GET /xingrg/all/function/internal_message.html?_=1660104590666&CODE_STATE=getMsg HTTP/1.1" 200 27
180.174.21.132 - - [10/Aug/2022:12:09:56 +0800] "GET /xingrg/kc/buy/cgsh_order_add.html HTTP/1.1" 200 68311
180.174.21.132 - - [10/Aug/2022:12:09:56 +0800] "GET /xingrg/all/function/internal_message.html?_=1660104595205&CODE_STATE=getMsg HTTP/1.1" 200 27
180.174.21.132 - - [10/Aug/2022:12:09:56 +0800] "GET /xingrg/javascript/easyui/themes/default/validatebox.css HTTP/1.1" 404 1104
180.174.21.132 - - [10/Aug/2022:12:09:56 +0800] "POST /xingrg/kc/buy/cgsh_order_operate.html HTTP/1.1" 200 8245
114.83.216.111 - - [10/Aug/2022:12:09:58 +0800] "GET /xingrg/all/function/internal_message.html?_=1660104594149&CODE_STATE=getMsg HTTP/1.1" 200 27
120.253.135.82 - - [10/Aug/2022:12:10:00 +0800] "GET /xingrg/javascript/easyui/themes/default/images/button_plain_hover.png HTTP/1.1" 304 -
172.20.0.100 - - [10/Aug/2022:12:10:00 +0800] "GET /xingrg/all/function/internal_message.html?_=1660104598918&CODE_STATE=getMsg HTTP/1.1" 200 27
120.253.135.82 - - [10/Aug/2022:12:10:00 +0800] "GET /xingrg/javascript/easyui/themes/default/images/button_plain_hover.png HTTP/1.1" 304 -
120.253.135.82 - - [10/Aug/2022:12:10:00 +0800] "GET /xingrg/javascript/easyui/themes/default/images/button_plain_hover.png HTTP/1.1" 304 -
114.84.0.234 - - [10/Aug/2022:12:10:01 +0800] "GET /xingrg/all/function/internal_message.html?_=1660104597381&CODE_STATE=getMsg HTTP/1.1" 200 27
101.80.228.36 - - [10/Aug/2022:12:10:04 +0800] "GET /xingrg/all/function/internal_message.html?_=1660104601091&CODE_STATE=getMsg HTTP/1.1" 200 27
116.224.255.128 - - [10/Aug/2022:12:10:10 +0800] "GET /xingrg/all/function/internal_message.html?_=1660104550541&CODE_STATE=getMsg HTTP/1.1" 200 27
114.84.0.234 - - [10/Aug/2022:12:10:13 +0800] "POST /xingrg/all/common/load_select.html HTTP/1.1" 200 25
114.84.0.234 - - [10/Aug/2022:12:10:21 +0800] "GET /xingrg/kc/buy/cgsh_order_operate.html?command=get_materiel_price&rest_code=00111&code=00101008654&unit_code=00100110&supplier_code=00100327&order_time=2022-08-10 HTTP/1.1" 200 28
218.81.223.53 - - [10/Aug/2022:12:10:22 +0800] "GET /xingrg/all/function/internal_message.html?_=1660104629943&CODE_STATE=getMsg HTTP/1.1" 200 27
222.69.129.110 - - [10/Aug/2022:12:10:23 +0800] "GET /xingrg/all/function/internal_message.html?_=1660104683003&CODE_STATE=getMsg HTTP/1.1" 200 27
222.69.129.110 - - [10/Aug/2022:12:10:23 +0800] "GET /xingrg/check_reg.html?_=1660104683005 HTTP/1.1" 200 22
116.232.194.65 - - [10/Aug/2022:12:10:26 +0800] "GET /xingrg/all/function/internal_message.html?_=1660104609103&CODE_STATE=getMsg HTTP/1.1" 200 27
120.253.135.82 - - [10/Aug/2022:12:10:26 +0800] "GET /xingrg/kc/base/wldb_order_list.html HTTP/1.1" 200 19142
120.253.135.82 - - [10/Aug/2022:12:10:26 +0800] "POST /xingrg/kc/base/wldb_list_operate.html HTTP/1.1" 200 1781
120.253.135.82 - - [10/Aug/2022:12:10:28 +0800] "POST /xingrg/kc/base/wldb_list_operate.html HTTP/1.1" 200 631
120.253.135.82 - - [10/Aug/2022:12:10:28 +0800] "GET /xingrg/all/function/internal_message.html?_=1660104745231&CODE_STATE=getMsg HTTP/1.1" 200 27
124.78.152.212 - - [10/Aug/2022:12:10:30 +0800] "GET /xingrg/all/function/internal_message.html?_=1660104629027&CODE_STATE=getMsg HTTP/1.1" 200 27
120.253.135.82 - - [10/Aug/2022:12:10:30 +0800] "GET /xingrg/kc/base/wldb_order_info.html?code=422022081000789 HTTP/1.1" 200 30377
120.253.135.82 - - [10/Aug/2022:12:10:30 +0800] "GET /xingrg/javascript/easyui/themes/icons/template_new.png HTTP/1.1" 304 -
120.253.135.82 - - [10/Aug/2022:12:10:30 +0800] "GET /xingrg/javascript/easyui/themes/default/validatebox.css HTTP/1.1" 404 1104
120.253.135.82 - - [10/Aug/2022:12:10:31 +0800] "POST /xingrg/kc/base/wldb_order_operate.html HTTP/1.1" 200 27082
180.169.147.146 - - [10/Aug/2022:12:10:36 +0800] "GET /xingrg/all/function/internal_message.html?_=1660104634434&CODE_STATE=getMsg HTTP/1.1" 200 27
120.253.135.82 - - [10/Aug/2022:12:10:36 +0800] "GET /xingrg/javascript/auto/indicator.gif HTTP/1.1" 404 1066
114.86.224.84 - - [10/Aug/2022:12:10:39 +0800] "POST /xingrg/services/DataTransmitService HTTP/1.1" 200 524
180.169.147.146 - - [10/Aug/2022:12:10:39 +0800] "GET /xingrg/all/function/internal_message.html?_=1660104633222&CODE_STATE=getMsg HTTP/1.1" 200 27
116.235.94.65 - - [10/Aug/2022:12:10:39 +0800] "GET /xingrg/check_reg.html?_=1660104824357 HTTP/1.1" 200 22
116.235.94.65 - - [10/Aug/2022:12:10:39 +0800] "GET /xingrg/all/function/internal_message.html?_=1660104824358&CODE_STATE=getMsg HTTP/1.1" 200 27
114.86.224.84 - - [10/Aug/2022:12:10:40 +0800] "POST /xingrg/services/DataTransmitService HTTP/1.1" 200 501
114.86.224.84 - - [10/Aug/2022:12:10:40 +0800] "GET /xingrg/all/function/internal_message.html?_=1660104643272&CODE_STATE=getMsg HTTP/1.1" 200 27
114.86.224.84 - - [10/Aug/2022:12:10:40 +0800] "GET /xingrg/check_reg.html?_=1660104643273 HTTP/1.1" 200 22
180.162.109.37 - - [10/Aug/2022:12:10:40 +0800] "GET /xingrg/all/function/internal_message.html?_=1660103816471&CODE_STATE=getMsg HTTP/1.1" 200 27
120.253.135.82 - - [10/Aug/2022:12:10:41 +0800] "GET /xingrg/kc/base/wldb_order_operate.html?command=get_materiel&rest_code=00101&base_code=0010246&code=00101019359 HTTP/1.1" 200 462
101.85.120.95 - - [10/Aug/2022:12:10:45 +0800] "GET /xingrg/all/function/internal_message.html?_=1660104640298&CODE_STATE=getMsg HTTP/1.1" 200 27
116.224.123.211 - - [10/Aug/2022:12:10:46 +0800] "GET /xingrg/all/function/internal_message.html?_=1660104643532&CODE_STATE=getMsg HTTP/1.1" 200 27
120.253.135.82 - - [10/Aug/2022:12:10:47 +0800] "POST /xingrg/all/common/load_select.html HTTP/1.1" 200 25
116.224.123.211 - - [10/Aug/2022:12:10:47 +0800] "GET /xingrg/check_reg.html?_=1660104644632 HTTP/1.1" 200 22
120.253.135.82 - - [10/Aug/2022:12:10:49 +0800] "GET /xingrg/kc/base/wldb_order_operate.html?command=get_materiel_price&rest_code=00101&base_code=0010246&code=00101019359&unit_code=00100130 HTTP/1.1" 200 36
114.84.0.234 - - [10/Aug/2022:12:10:52 +0800] "GET /xingrg/kc/buy/cgsh_order_operate.html?command=get_materiel&rest_code=00111&code=00101010825&supplier_code=00100327&order_time=2022-08-10 HTTP/1.1" 200 428
180.174.21.132 - - [10/Aug/2022:12:10:52 +0800] "GET /xingrg/all/function/internal_message.html?_=1660104524844&CODE_STATE=getMsg HTTP/1.1" 200 27
58.40.7.146 - - [10/Aug/2022:12:10:53 +0800] "GET /xingrg/all/function/internal_message.html?_=1660104650669&CODE_STATE=getMsg HTTP/1.1" 200 27
172.20.0.100 - - [10/Aug/2022:12:10:54 +0800] "GET /xingrg/check_reg.html?_=1660104653156 HTTP/1.1" 200 22
180.174.21.132 - - [10/Aug/2022:12:10:56 +0800] "GET /xingrg/check_reg.html?_=1660104655083 HTTP/1.1" 200 22
180.174.21.132 - - [10/Aug/2022:12:10:56 +0800] "GET /xingrg/all/function/internal_message.html?_=1660104655131&CODE_STATE=getMsg HTTP/1.1" 200 27
114.84.0.234 - - [10/Aug/2022:12:10:56 +0800] "POST /xingrg/all/common/load_select.html HTTP/1.1" 200 12
114.88.158.224 - - [10/Aug/2022:12:10:58 +0800] "GET /xingrg/kc/base/base_main.html HTTP/1.1" 200 12142
114.83.216.111 - - [10/Aug/2022:12:10:58 +0800] "GET /xingrg/all/function/internal_message.html?_=1660104654134&CODE_STATE=getMsg HTTP/1.1" 200 27
114.88.158.224 - - [10/Aug/2022:12:10:59 +0800] "GET /xingrg/kc/base/yddb_order_list.html HTTP/1.1" 200 16754
114.88.158.224 - - [10/Aug/2022:12:10:59 +0800] "POST /xingrg/kc/base/yddb_list_operate.html HTTP/1.1" 200 636
172.20.0.100 - - [10/Aug/2022:12:11:00 +0800] "GET /xingrg/all/function/internal_message.html?_=1660104658901&CODE_STATE=getMsg HTTP/1.1" 200 27
114.84.0.234 - - [10/Aug/2022:12:11:01 +0800] "GET /xingrg/all/function/internal_message.html?_=1660104657350&CODE_STATE=getMsg HTTP/1.1" 200 27
114.84.0.234 - - [10/Aug/2022:12:11:01 +0800] "GET /xingrg/check_reg.html?_=1660104657416 HTTP/1.1" 200 22
120.253.135.82 - - [10/Aug/2022:12:11:02 +0800] "POST /xingrg/kc/base/wldb_order_operate.html HTTP/1.1" 200 37
120.253.135.82 - - [10/Aug/2022:12:11:02 +0800] "POST /xingrg/kc/base/wldb_order_operate.html HTTP/1.1" 200 27103
120.253.135.82 - - [10/Aug/2022:12:11:03 +0800] "GET /xingrg/kc/base/wldb_order_info.html?code=422022081000789 HTTP/1.1" 200 30377
120.253.135.82 - - [10/Aug/2022:12:11:03 +0800] "GET /xingrg/javascript/easyui/themes/default/validatebox.css HTTP/1.1" 404 1104
120.253.135.82 - - [10/Aug/2022:12:11:04 +0800] "POST /xingrg/kc/base/wldb_order_operate.html HTTP/1.1" 200 27103
101.80.228.36 - - [10/Aug/2022:12:11:04 +0800] "GET /xingrg/all/function/internal_message.html?_=1660104661062&CODE_STATE=getMsg HTTP/1.1" 200 27
