180.174.21.132 - - [10/Aug/2022:08:35:31 +0800] "GET /xingrg/all/common/auto_word.html?type=employee&rest_code=00105 HTTP/1.1" 200 193
180.174.21.132 - - [10/Aug/2022:08:35:31 +0800] "GET /xingrg/javascript/easyui/plugins/jquery.validatebox.js HTTP/1.1" 304 -
180.174.21.132 - - [10/Aug/2022:08:35:31 +0800] "GET /xingrg/javascript/easyui/plugins/jquery.numberbox.js HTTP/1.1" 304 -
180.174.21.132 - - [10/Aug/2022:08:35:32 +0800] "POST /xingrg/kc/buy/cgsh_order_operate.html HTTP/1.1" 200 28662
180.174.21.132 - - [10/Aug/2022:08:35:32 +0800] "GET /xingrg/javascript/easyui/themes/icons/edit_remove.png HTTP/1.1" 304 -
180.174.21.132 - - [10/Aug/2022:08:35:34 +0800] "GET /xingrg/javascript/jquery_easy_ui/themes/default/images/tabs_active.png HTTP/1.1" 304 -
120.253.135.82 - - [10/Aug/2022:08:35:41 +0800] "GET /xingrg/check_reg.html?_=1660091858259 HTTP/1.1" 200 22
120.253.135.82 - - [10/Aug/2022:08:35:41 +0800] "GET /xingrg/all/function/internal_message.html?_=1660091858487&CODE_STATE=getMsg HTTP/1.1" 200 27
120.253.135.82 - - [10/Aug/2022:08:35:45 +0800] "POST /xingrg/kc/base/wldb_order_operate.html HTTP/1.1" 200 1710
180.174.21.132 - - [10/Aug/2022:08:35:46 +0800] "GET /xingrg/kc/buy/cgsh_order_info.html?code=212022081002891 HTTP/1.1" 200 68314
180.174.21.132 - - [10/Aug/2022:08:35:46 +0800] "GET /xingrg/javascript/easyui/themes/default/validatebox.css HTTP/1.1" 404 1104
180.174.21.132 - - [10/Aug/2022:08:35:47 +0800] "POST /xingrg/kc/buy/cgsh_order_operate.html HTTP/1.1" 200 28662
114.84.0.234 - - [10/Aug/2022:08:35:51 +0800] "GET /xingrg/all/function/internal_message.html?_=1660091748129&CODE_STATE=getMsg HTTP/1.1" 200 27
180.174.21.132 - - [10/Aug/2022:08:35:52 +0800] "GET /xingrg/all/function/internal_message.html?_=1660091624586&CODE_STATE=getMsg HTTP/1.1" 200 27
58.40.7.146 - - [10/Aug/2022:08:35:53 +0800] "GET /xingrg/all/function/internal_message.html?_=1660091750606&CODE_STATE=getMsg HTTP/1.1" 200 27
180.174.21.132 - - [10/Aug/2022:08:35:56 +0800] "GET /xingrg/check_reg.html?_=1660091754914 HTTP/1.1" 200 22
180.174.21.132 - - [10/Aug/2022:08:35:56 +0800] "GET /xingrg/all/function/internal_message.html?_=1660091755052&CODE_STATE=getMsg HTTP/1.1" 200 27
218.81.223.53 - - [10/Aug/2022:08:36:02 +0800] "GET /xingrg/check_reg.html?_=1660091768969 HTTP/1.1" 200 22
172.20.0.100 - - [10/Aug/2022:08:36:02 +0800] "GET /xingrg/all/function/internal_message.html?_=1660091758993&CODE_STATE=getMsg HTTP/1.1" 200 27
218.81.223.53 - - [10/Aug/2022:08:36:03 +0800] "GET /xingrg/all/function/internal_message.html?_=1660091769837&CODE_STATE=getMsg HTTP/1.1" 200 27
180.174.21.132 - - [10/Aug/2022:08:36:04 +0800] "GET /xingrg/javascript/jquery_easy_ui/themes/icons/rest.png HTTP/1.1" 304 -
180.174.21.132 - - [10/Aug/2022:08:36:04 +0800] "GET /xingrg/javascript/jquery_easy_ui/themes/icons/area.png HTTP/1.1" 304 -
120.253.135.82 - - [10/Aug/2022:08:36:07 +0800] "GET /xingrg/kc/base/wldb_order_operate.html?command=get_materiel&rest_code=00101&base_code=0010246&code=00101019030 HTTP/1.1" 200 467
180.174.21.132 - - [10/Aug/2022:08:36:08 +0800] "POST /xingrg/kc/buy/cgsh_list_operate.html HTTP/1.1" 200 1442
101.80.228.36 - - [10/Aug/2022:08:36:10 +0800] "GET /xingrg/all/function/internal_message.html?_=1660091766631&CODE_STATE=getMsg HTTP/1.1" 200 27
114.84.0.234 - - [10/Aug/2022:08:36:13 +0800] "GET /xingrg/kc/buy/cgsh_order_add.html HTTP/1.1" 200 68185
114.84.0.234 - - [10/Aug/2022:08:36:13 +0800] "GET /xingrg/javascript/easyui/themes/icons/ok.png HTTP/1.1" 200 883
114.84.0.234 - - [10/Aug/2022:08:36:13 +0800] "GET /xingrg/javascript/easyui/themes/icons/template_new.png HTTP/1.1" 200 3956
114.84.0.234 - - [10/Aug/2022:08:36:13 +0800] "POST /xingrg/kc/buy/cgsh_order_operate.html HTTP/1.1" 200 8245
114.84.0.234 - - [10/Aug/2022:08:36:13 +0800] "GET /xingrg/all/common/auto_word.html?type=employee&rest_code=00111 HTTP/1.1" 200 155
114.84.0.234 - - [10/Aug/2022:08:36:13 +0800] "GET /xingrg/javascript/easyui/themes/default/validatebox.css HTTP/1.1" 404 1104
114.84.0.234 - - [10/Aug/2022:08:36:13 +0800] "GET /xingrg/all/common/auto_word.html?type=employee&rest_code=00111 HTTP/1.1" 200 155
114.84.0.234 - - [10/Aug/2022:08:36:16 +0800] "GET /xingrg/javascript/auto/indicator.gif HTTP/1.1" 404 1066
114.84.0.234 - - [10/Aug/2022:08:36:27 +0800] "GET /xingrg/kc/buy/cgsh_order_operate.html?command=get_materiel&rest_code=00111&code=00101016105&supplier_code=00100037&order_time=2022-08-10 HTTP/1.1" 200 409
101.80.228.36 - - [10/Aug/2022:08:36:28 +0800] "GET /xingrg/check_reg.html?_=1660091784695 HTTP/1.1" 200 22
120.253.135.82 - - [10/Aug/2022:08:36:30 +0800] "GET /xingrg/kc/base/wldb_order_operate.html?command=get_materiel&rest_code=00101&base_code=0010246&code=00101019241 HTTP/1.1" 200 475
120.253.135.82 - - [10/Aug/2022:08:36:30 +0800] "GET /xingrg/all/function/internal_message.html?_=1660091594591&CODE_STATE=getMsg HTTP/1.1" 200 27
114.86.224.84 - - [10/Aug/2022:08:36:31 +0800] "POST /xingrg/services/DataTransmitService HTTP/1.1" 200 524
114.84.0.234 - - [10/Aug/2022:08:36:36 +0800] "GET /xingrg/kc/buy/cgsh_order_operate.html?command=get_materiel&rest_code=00111&code=00101006109&supplier_code=00100037&order_time=2022-08-10 HTTP/1.1" 200 409
120.253.135.82 - - [10/Aug/2022:08:36:41 +0800] "GET /xingrg/all/function/internal_message.html?_=1660091918503&CODE_STATE=getMsg HTTP/1.1" 200 27
114.84.0.234 - - [10/Aug/2022:08:36:43 +0800] "GET /xingrg/kc/buy/cgsh_order_operate.html?command=get_materiel&rest_code=00111&code=00101006056&supplier_code=00100037&order_time=2022-08-10 HTTP/1.1" 200 413
120.253.135.82 - - [10/Aug/2022:08:36:44 +0800] "GET /xingrg/kc/base/wldb_order_operate.html?command=get_materiel&rest_code=00101&base_code=0010246&code=00101019375 HTTP/1.1" 200 465
114.84.0.234 - - [10/Aug/2022:08:36:51 +0800] "GET /xingrg/all/function/internal_message.html?_=1660091808134&CODE_STATE=getMsg HTTP/1.1" 200 27
180.174.21.132 - - [10/Aug/2022:08:36:52 +0800] "GET /xingrg/all/function/internal_message.html?_=1660091684590&CODE_STATE=getMsg HTTP/1.1" 200 27
58.40.7.146 - - [10/Aug/2022:08:36:53 +0800] "GET /xingrg/all/function/internal_message.html?_=1660091810604&CODE_STATE=getMsg HTTP/1.1" 200 27
120.253.135.82 - - [10/Aug/2022:08:36:53 +0800] "POST /xingrg/kc/base/wldb_order_operate.html HTTP/1.1" 200 37
114.84.0.234 - - [10/Aug/2022:08:36:53 +0800] "GET /xingrg/kc/buy/cgsh_order_operate.html?command=get_materiel&rest_code=00111&code=00101012003&supplier_code=00100037&order_time=2022-08-10 HTTP/1.1" 200 413
120.253.135.82 - - [10/Aug/2022:08:36:54 +0800] "POST /xingrg/kc/base/wldb_order_operate.html HTTP/1.1" 200 13704
120.253.135.82 - - [10/Aug/2022:08:36:55 +0800] "GET /xingrg/kc/base/wldb_order_info.html?code=422022081000789 HTTP/1.1" 200 30377
120.253.135.82 - - [10/Aug/2022:08:36:56 +0800] "GET /xingrg/javascript/easyui/themes/default/validatebox.css HTTP/1.1" 404 1104
180.174.21.132 - - [10/Aug/2022:08:36:56 +0800] "GET /xingrg/all/function/internal_message.html?_=1660091815030&CODE_STATE=getMsg HTTP/1.1" 200 27
120.253.135.82 - - [10/Aug/2022:08:36:56 +0800] "POST /xingrg/kc/base/wldb_order_operate.html HTTP/1.1" 200 13704
172.20.0.100 - - [10/Aug/2022:08:37:02 +0800] "GET /xingrg/all/function/internal_message.html?_=1660091818996&CODE_STATE=getMsg HTTP/1.1" 200 27
218.81.223.53 - - [10/Aug/2022:08:37:03 +0800] "GET /xingrg/all/function/internal_message.html?_=1660091829853&CODE_STATE=getMsg HTTP/1.1" 200 27
114.84.0.234 - - [10/Aug/2022:08:37:07 +0800] "GET /xingrg/kc/buy/cgsh_order_operate.html?command=get_materiel&rest_code=00111&code=00101020131&supplier_code=00100037&order_time=2022-08-10 HTTP/1.1" 200 436
101.80.228.36 - - [10/Aug/2022:08:37:09 +0800] "GET /xingrg/all/function/internal_message.html?_=1660091826603&CODE_STATE=getMsg HTTP/1.1" 200 27
120.253.135.82 - - [10/Aug/2022:08:37:19 +0800] "GET /xingrg/kc/base/wldb_order_operate.html?command=get_materiel&rest_code=00101&base_code=0010246&code=00101019192 HTTP/1.1" 200 477
114.84.0.234 - - [10/Aug/2022:08:37:21 +0800] "GET /xingrg/kc/buy/cgsh_order_operate.html?command=get_materiel&rest_code=00111&code=00101015044&supplier_code=00100037&order_time=2022-08-10 HTTP/1.1" 200 408
116.224.255.128 - - [10/Aug/2022:08:37:24 +0800] "GET /xingrg/login.html HTTP/1.1" 200 7641
116.224.255.128 - - [10/Aug/2022:08:37:24 +0800] "GET /xingrg/images/blue/jxLogo.png HTTP/1.1" 200 6156
116.224.255.128 - - [10/Aug/2022:08:37:24 +0800] "GET /xingrg/images/blue/login_bg.png HTTP/1.1" 200 22101
116.224.255.128 - - [10/Aug/2022:08:37:25 +0800] "GET /xingrg/images/blue/srbg.png HTTP/1.1" 200 138
116.224.255.128 - - [10/Aug/2022:08:37:25 +0800] "GET /xingrg/images/blue/hj.png HTTP/1.1" 200 1014
116.224.255.128 - - [10/Aug/2022:08:37:25 +0800] "GET /favicon.ico HTTP/1.1" 404 -
116.224.255.128 - - [10/Aug/2022:08:37:26 +0800] "POST /xingrg/login.do HTTP/1.1" 302 -
116.224.255.128 - - [10/Aug/2022:08:37:26 +0800] "GET /xingrg/javascript/jquery_easy_ui/themes/icon.css HTTP/1.1" 200 3949
116.224.255.128 - - [10/Aug/2022:08:37:26 +0800] "GET /xingrg/index.html?sysBaseUrl=http%3A%2F%2F180.169.147.146%3A18081%2Fxingrg%2F&costTime=45×tamp=1660091846377 HTTP/1.1" 200 17179
116.224.255.128 - - [10/Aug/2022:08:37:26 +0800] "GET /xingrg/javascript/jquery_easy_ui/themes/default/easyui.css HTTP/1.1" 200 26500
116.224.255.128 - - [10/Aug/2022:08:37:26 +0800] "GET /xingrg/css/form.css HTTP/1.1" 200 893
116.224.255.128 - - [10/Aug/2022:08:37:26 +0800] "GET /xingrg/javascript/jquery-1.4.2.min.js HTTP/1.1" 200 72205
116.224.255.128 - - [10/Aug/2022:08:37:26 +0800] "GET /xingrg/javascript/jquery_easy_ui/jquery.easyui.min.js HTTP/1.1" 200 213662
116.224.255.128 - - [10/Aug/2022:08:37:26 +0800] "GET /xingrg/javascript/jquery.timers.js HTTP/1.1" 200 3532
116.224.255.128 - - [10/Aug/2022:08:37:26 +0800] "GET /xingrg/javascript/jquery.utils.js HTTP/1.1" 200 11805
116.224.255.128 - - [10/Aug/2022:08:37:26 +0800] "GET /xingrg/javascript/jquery_easy_ui/easyui-lang-zh_CN.js HTTP/1.1" 200 1900
116.224.255.128 - - [10/Aug/2022:08:37:26 +0800] "GET /xingrg/javascript/jquery.form.js HTTP/1.1" 200 23110
116.224.255.128 - - [10/Aug/2022:08:37:26 +0800] "GET /favicon.ico HTTP/1.1" 404 -
116.224.255.128 - - [10/Aug/2022:08:37:27 +0800] "GET /xingrg/javascript/jquery_easy_ui/themes/icons/settle_new.png HTTP/1.1" 200 826
116.224.255.128 - - [10/Aug/2022:08:37:27 +0800] "GET /xingrg/images/blue/navBackgound.jpg HTTP/1.1" 200 12378
116.224.255.128 - - [10/Aug/2022:08:37:27 +0800] "GET /xingrg/images/blue/pingpu.png HTTP/1.1" 200 231
116.224.255.128 - - [10/Aug/2022:08:37:27 +0800] "POST /xingrg/all/common/load_tree.html?tree=area_rest_tree_json&manage=1 HTTP/1.1" 200 476
116.224.255.128 - - [10/Aug/2022:08:37:27 +0800] "GET /xingrg/javascript/jquery_easy_ui/themes/default/images/tabs_rightarrow.png HTTP/1.1" 200 395
116.224.255.128 - - [10/Aug/2022:08:37:27 +0800] "GET /xingrg/javascript/jquery_easy_ui/themes/default/images/tabs_leftarrow.png HTTP/1.1" 200 389
116.224.255.128 - - [10/Aug/2022:08:37:27 +0800] "GET /xingrg/javascript/jquery_easy_ui/themes/default/images/panel_tool_collapse.gif HTTP/1.1" 200 246
116.224.255.128 - - [10/Aug/2022:08:37:27 +0800] "GET /xingrg/all/function/internal_message.html?_=1660091787890&CODE_STATE=count HTTP/1.1" 200 11
116.224.255.128 - - [10/Aug/2022:08:37:27 +0800] "GET /xingrg/check_reg.html?_=1660091787891 HTTP/1.1" 200 22
116.224.255.128 - - [10/Aug/2022:08:37:27 +0800] "POST /xingrg/load_menu.html HTTP/1.1" 200 5138
116.224.255.128 - - [10/Aug/2022:08:37:28 +0800] "GET /xingrg/javascript/jquery_easy_ui/themes/default/images/tree_arrows.gif HTTP/1.1" 200 1043
116.224.255.128 - - [10/Aug/2022:08:37:28 +0800] "GET /xingrg/javascript/jquery_easy_ui/themes/default/images/tree_folder_open.gif HTTP/1.1" 200 956
116.224.255.128 - - [10/Aug/2022:08:37:28 +0800] "GET /xingrg/javascript/jquery_easy_ui/themes/icons/search_new.png HTTP/1.1" 200 586
116.224.255.128 - - [10/Aug/2022:08:37:28 +0800] "GET /xingrg/javascript/jquery_easy_ui/themes/default/images/tree_folder.gif HTTP/1.1" 200 952
116.224.255.128 - - [10/Aug/2022:08:37:28 +0800] "GET /xingrg/javascript/jquery_easy_ui/themes/icons/storage_new.png HTTP/1.1" 200 853
116.224.255.128 - - [10/Aug/2022:08:37:28 +0800] "GET /xingrg/javascript/jquery_easy_ui/themes/icons/forms_new.png HTTP/1.1" 200 350
116.224.255.128 - - [10/Aug/2022:08:37:28 +0800] "GET /xingrg/javascript/jquery_easy_ui/themes/default/images/tree_file.gif HTTP/1.1" 200 118
114.84.0.234 - - [10/Aug/2022:08:37:29 +0800] "GET /xingrg/kc/buy/cgsh_order_operate.html?command=get_materiel&rest_code=00111&code=00101008324&supplier_code=00100037&order_time=2022-08-10 HTTP/1.1" 200 412
120.253.135.82 - - [10/Aug/2022:08:37:30 +0800] "GET /xingrg/all/function/internal_message.html?_=1660091654604&CODE_STATE=getMsg HTTP/1.1" 200 27
116.224.255.128 - - [10/Aug/2022:08:37:32 +0800] "GET /xingrg/javascript/jquery_easy_ui/themes/default/images/tabs_active.png HTTP/1.1" 200 2894
116.224.255.128 - - [10/Aug/2022:08:37:32 +0800] "GET /xingrg/javascript/jquery_easy_ui/themes/default/images/tabs_active.png HTTP/1.1" 200 2894
116.224.255.128 - - [10/Aug/2022:08:37:32 +0800] "GET /xingrg/javascript/jquery_easy_ui/themes/default/images/tabs_active.png HTTP/1.1" 200 2894
116.224.255.128 - - [10/Aug/2022:08:37:34 +0800] "GET /xingrg/javascript/jquery_easy_ui/themes/default/images/tabs_close.gif HTTP/1.1" 200 829
116.224.255.128 - - [10/Aug/2022:08:37:34 +0800] "GET /xingrg/kc/buy/cgsh_order_list.html HTTP/1.1" 200 52453
116.224.255.128 - - [10/Aug/2022:08:37:34 +0800] "GET /xingrg/css/base.css HTTP/1.1" 200 2811
116.224.255.128 - - [10/Aug/2022:08:37:34 +0800] "GET /xingrg/javascript/easyui/themes/icon.css HTTP/1.1" 200 4483
116.224.255.128 - - [10/Aug/2022:08:37:34 +0800] "GET /xingrg/css/site.css HTTP/1.1" 200 7541
116.224.255.128 - - [10/Aug/2022:08:37:34 +0800] "GET /xingrg/javascript/auto/jquery.autocomplete.css HTTP/1.1" 200 587
116.224.255.128 - - [10/Aug/2022:08:37:34 +0800] "GET /xingrg/javascript/jquery_tools/datebox.css HTTP/1.1" 200 2597
116.224.255.128 - - [10/Aug/2022:08:37:34 +0800] "GET /xingrg/javascript/jquery_tools/table.css HTTP/1.1" 200 1032
116.224.255.128 - - [10/Aug/2022:08:37:34 +0800] "GET /xingrg/javascript/easyui/themes/default/easyui.css HTTP/1.1" 200 30432
116.224.255.128 - - [10/Aug/2022:08:37:34 +0800] "GET /xingrg/javascript/jquery_tools/jquery.tools.table.js HTTP/1.1" 200 6994
116.224.255.128 - - [10/Aug/2022:08:37:34 +0800] "GET /xingrg/javascript/jquery_tools/jquery.tools.extend.js HTTP/1.1" 200 15385
116.224.255.128 - - [10/Aug/2022:08:37:34 +0800] "GET /xingrg/javascript/jquery_tools/jquery.tools.min.js HTTP/1.1" 200 138801
116.224.255.128 - - [10/Aug/2022:08:37:34 +0800] "GET /xingrg/javascript/jquery_tools/list_manager.js HTTP/1.1" 200 3652
116.224.255.128 - - [10/Aug/2022:08:37:34 +0800] "GET /xingrg/javascript/jquery_tools/jquery.tools.hotkey.js HTTP/1.1" 200 3242
116.224.255.128 - - [10/Aug/2022:08:37:34 +0800] "GET /xingrg/javascript/jquery_tools/fix.css HTTP/1.1" 200 1702
116.224.255.128 - - [10/Aug/2022:08:37:34 +0800] "GET /xingrg/javascript/jquery.cookie.js HTTP/1.1" 200 5513
116.224.255.128 - - [10/Aug/2022:08:37:34 +0800] "GET /xingrg/javascript/easyui/easyloader.js HTTP/1.1" 200 5975
116.224.255.128 - - [10/Aug/2022:08:37:34 +0800] "GET /xingrg/javascript/print/LodopFuncs.js HTTP/1.1" 200 5121
116.224.255.128 - - [10/Aug/2022:08:37:34 +0800] "GET /xingrg/javascript/auto/jquery.autocomplete.js HTTP/1.1" 200 21624
116.224.255.128 - - [10/Aug/2022:08:37:35 +0800] "GET /xingrg/javascript/easyui/themes/icons/edit_add_new.png HTTP/1.1" 200 2997
116.224.255.128 - - [10/Aug/2022:08:37:35 +0800] "GET /xingrg/javascript/easyui/themes/icons/check_new.png HTTP/1.1" 200 3224
116.224.255.128 - - [10/Aug/2022:08:37:35 +0800] "GET /xingrg/javascript/easyui/themes/icons/field_new.png HTTP/1.1" 200 1097
116.224.255.128 - - [10/Aug/2022:08:37:35 +0800] "GET /xingrg/javascript/easyui/themes/icons/import_new.png HTTP/1.1" 200 1247
116.224.255.128 - - [10/Aug/2022:08:37:35 +0800] "GET /xingrg/javascript/easyui/themes/icons/cance_new.png HTTP/1.1" 200 3986
116.224.255.128 - - [10/Aug/2022:08:37:35 +0800] "GET /xingrg/javascript/jquery_easy_ui/themes/icons/area.png HTTP/1.1" 200 262
116.224.255.128 - - [10/Aug/2022:08:37:35 +0800] "GET /xingrg/javascript/jquery_easy_ui/themes/icons/rest.png HTTP/1.1" 200 695
116.224.255.128 - - [10/Aug/2022:08:37:35 +0800] "GET /xingrg/javascript/easyui/plugins/jquery.parser.js HTTP/1.1" 200 1142
116.224.255.128 - - [10/Aug/2022:08:37:35 +0800] "GET /xingrg/images/control/ajaxLoader.gif HTTP/1.1" 200 4659
116.224.255.128 - - [10/Aug/2022:08:37:36 +0800] "POST /xingrg/kc/buy/cgsh_list_operate.html HTTP/1.1" 200 693
114.84.0.234 - - [10/Aug/2022:08:37:38 +0800] "GET /xingrg/kc/buy/cgsh_order_operate.html?command=get_materiel&rest_code=00111&code=00101008361&supplier_code=00100037&order_time=2022-08-10 HTTP/1.1" 200 408
116.224.255.128 - - [10/Aug/2022:08:37:38 +0800] "GET /xingrg/javascript/easyui/themes/default/images/button_plain_hover.png HTTP/1.1" 200 144
116.224.255.128 - - [10/Aug/2022:08:37:39 +0800] "GET /xingrg/javascript/pic_change.js HTTP/1.1" 200 4739
116.224.255.128 - - [10/Aug/2022:08:37:39 +0800] "GET /xingrg/javascript/convert.js HTTP/1.1" 200 1239
116.224.255.128 - - [10/Aug/2022:08:37:39 +0800] "GET /xingrg/javascript/jquery_tools/order_manager.js HTTP/1.1" 200 11183
116.224.255.128 - - [10/Aug/2022:08:37:39 +0800] "GET /xingrg/javascript/json2.js HTTP/1.1" 200 11259
116.224.255.128 - - [10/Aug/2022:08:37:39 +0800] "GET /xingrg/javascript/print/kc_print.js HTTP/1.1" 200 11415
116.224.255.128 - - [10/Aug/2022:08:37:39 +0800] "GET /xingrg/kc/buy/cgsh_order_add.html HTTP/1.1" 200 68241
116.224.255.128 - - [10/Aug/2022:08:37:39 +0800] "GET /xingrg/words/20220808151938_words.js HTTP/1.1" 200 912654
116.224.255.128 - - [10/Aug/2022:08:37:39 +0800] "GET /xingrg/javascript/easyui/themes/icons/copy_new.png HTTP/1.1" 200 815
116.224.255.128 - - [10/Aug/2022:08:37:39 +0800] "GET /xingrg/javascript/easyui/themes/icons/template_new.png HTTP/1.1" 200 3956
116.224.255.128 - - [10/Aug/2022:08:37:39 +0800] "GET /xingrg/javascript/easyui/themes/icons/ok.png HTTP/1.1" 200 883
116.224.255.128 - - [10/Aug/2022:08:37:39 +0800] "GET /xingrg/javascript/easyui/themes/icons/print.png HTTP/1.1" 200 1057
116.224.255.128 - - [10/Aug/2022:08:37:39 +0800] "GET /xingrg/javascript/easyui/themes/default/images/menu_downarrow.png HTTP/1.1" 200 173
116.224.255.128 - - [10/Aug/2022:08:37:39 +0800] "GET /xingrg/javascript/easyui/themes/icons/cancel.png HTTP/1.1" 200 1133
120.253.135.82 - - [10/Aug/2022:08:37:39 +0800] "GET /xingrg/kc/base/wldb_order_operate.html?command=get_materiel&rest_code=00101&base_code=0010246&code=00101019095 HTTP/1.1" 200 466
116.224.255.128 - - [10/Aug/2022:08:37:40 +0800] "POST /xingrg/kc/buy/cgsh_order_operate.html HTTP/1.1" 200 8245
116.224.255.128 - - [10/Aug/2022:08:37:40 +0800] "GET /xingrg/javascript/easyui/themes/icons/edit_remove.png HTTP/1.1" 200 625
116.224.255.128 - - [10/Aug/2022:08:37:40 +0800] "GET /xingrg/all/common/auto_word.html?type=employee&rest_code=00150 HTTP/1.1" 200 159
116.224.255.128 - - [10/Aug/2022:08:37:40 +0800] "GET /xingrg/all/common/auto_word.html?type=employee&rest_code=00150 HTTP/1.1" 200 159
116.224.255.128 - - [10/Aug/2022:08:37:40 +0800] "GET /xingrg/javascript/easyui/themes/default/validatebox.css HTTP/1.1" 404 1104
116.224.255.128 - - [10/Aug/2022:08:37:40 +0800] "GET /xingrg/javascript/easyui/plugins/jquery.validatebox.js HTTP/1.1" 200 6103
116.224.255.128 - - [10/Aug/2022:08:37:40 +0800] "GET /xingrg/javascript/easyui/plugins/jquery.numberbox.js HTTP/1.1" 200 5213
116.224.255.128 - - [10/Aug/2022:08:37:41 +0800] "GET /xingrg/javascript/auto/indicator.gif HTTP/1.1" 404 1066
120.253.135.82 - - [10/Aug/2022:08:37:41 +0800] "GET /xingrg/all/function/internal_message.html?_=1660091978515&CODE_STATE=getMsg HTTP/1.1" 200 27
116.224.255.128 - - [10/Aug/2022:08:37:50 +0800] "GET /xingrg/kc/buy/cgsh_order_operate.html?command=get_materiel&rest_code=00150&code=00101001010&supplier_code=00100096&order_time=2022-08-10 HTTP/1.1" 200 409
114.84.0.234 - - [10/Aug/2022:08:37:51 +0800] "GET /xingrg/all/function/internal_message.html?_=1660091868130&CODE_STATE=getMsg HTTP/1.1" 200 27
180.174.21.132 - - [10/Aug/2022:08:37:52 +0800] "GET /xingrg/all/function/internal_message.html?_=1660091744595&CODE_STATE=getMsg HTTP/1.1" 200 27
58.40.7.146 - - [10/Aug/2022:08:37:53 +0800] "GET /xingrg/all/function/internal_message.html?_=1660091870601&CODE_STATE=getMsg HTTP/1.1" 200 27
114.84.0.234 - - [10/Aug/2022:08:37:53 +0800] "GET /xingrg/kc/buy/cgsh_order_operate.html?command=get_materiel&rest_code=00111&code=00101008090&supplier_code=00100037&order_time=2022-08-10 HTTP/1.1" 200 408
180.174.21.132 - - [10/Aug/2022:08:37:56 +0800] "GET /xingrg/all/function/internal_message.html?_=1660091875001&CODE_STATE=getMsg HTTP/1.1" 200 27
116.232.194.65 - - [10/Aug/2022:08:37:58 +0800] "POST /xingrg/services/DataTransmitService HTTP/1.1" 200 524
172.20.0.100 - - [10/Aug/2022:08:38:02 +0800] "GET /xingrg/check_reg.html?_=1660091878981 HTTP/1.1" 200 22
172.20.0.100 - - [10/Aug/2022:08:38:02 +0800] "GET /xingrg/all/function/internal_message.html?_=1660091878984&CODE_STATE=getMsg HTTP/1.1" 200 27
218.81.223.53 - - [10/Aug/2022:08:38:03 +0800] "GET /xingrg/all/function/internal_message.html?_=1660091889864&CODE_STATE=getMsg HTTP/1.1" 200 27
101.80.228.36 - - [10/Aug/2022:08:38:09 +0800] "GET /xingrg/all/function/internal_message.html?_=1660091886573&CODE_STATE=getMsg HTTP/1.1" 200 27
114.84.0.234 - - [10/Aug/2022:08:38:11 +0800] "GET /xingrg/kc/buy/cgsh_order_operate.html?command=get_materiel&rest_code=00111&code=00101007081&supplier_code=00100037&order_time=2022-08-10 HTTP/1.1" 200 413
116.224.255.128 - - [10/Aug/2022:08:38:14 +0800] "GET /xingrg/kc/buy/cgsh_order_operate.html?command=get_materiel&rest_code=00150&code=00101006168&supplier_code=00100096&order_time=2022-08-10 HTTP/1.1" 200 423
116.232.194.65 - - [10/Aug/2022:08:38:17 +0800] "GET /xingrg/index.html?sysBaseUrl=http%3A%2F%2F180.169.147.146%3A18081%2Fxingrg%2F&costTime=1277×tamp=1606817596806 HTTP/1.1" 302 -
116.232.194.65 - - [10/Aug/2022:08:38:17 +0800] "GET /xingrg/login.html HTTP/1.1" 200 7641
116.232.194.65 - - [10/Aug/2022:08:38:18 +0800] "GET /favicon.ico HTTP/1.1" 404 -
114.84.0.234 - - [10/Aug/2022:08:38:20 +0800] "GET /xingrg/kc/buy/cgsh_order_operate.html?command=get_materiel&rest_code=00111&code=00101008418&supplier_code=00100037&order_time=2022-08-10 HTTP/1.1" 200 412
120.253.135.82 - - [10/Aug/2022:08:38:24 +0800] "GET /xingrg/kc/base/wldb_order_operate.html?command=get_materiel&rest_code=00101&base_code=0010246&code=00101019430 HTTP/1.1" 200 478
116.232.194.65 - - [10/Aug/2022:08:38:25 +0800] "POST /xingrg/login.do HTTP/1.1" 302 -
116.232.194.65 - - [10/Aug/2022:08:38:25 +0800] "GET /xingrg/index.html?sysBaseUrl=http%3A%2F%2F180.169.147.146%3A18081%2Fxingrg%2F&costTime=45×tamp=1660091905328 HTTP/1.1" 200 17179
116.232.194.65 - - [10/Aug/2022:08:38:25 +0800] "GET /favicon.ico HTTP/1.1" 404 -
116.232.194.65 - - [10/Aug/2022:08:38:25 +0800] "POST /xingrg/all/common/load_tree.html?tree=area_rest_tree_json&manage=1 HTTP/1.1" 200 351
116.232.194.65 - - [10/Aug/2022:08:38:25 +0800] "POST /xingrg/load_menu.html HTTP/1.1" 200 5138
116.232.194.65 - - [10/Aug/2022:08:38:25 +0800] "GET /xingrg/check_reg.html?_=1660091889081 HTTP/1.1" 200 22
116.232.194.65 - - [10/Aug/2022:08:38:25 +0800] "GET /xingrg/all/function/internal_message.html?_=1660091889078&CODE_STATE=count HTTP/1.1" 200 11
120.253.135.82 - - [10/Aug/2022:08:38:26 +0800] "POST /xingrg/all/common/load_select.html HTTP/1.1" 200 25
116.224.255.128 - - [10/Aug/2022:08:38:28 +0800] "GET /xingrg/all/function/internal_message.html?_=1660091847894&CODE_STATE=getMsg HTTP/1.1" 200 27
116.232.194.65 - - [10/Aug/2022:08:38:28 +0800] "GET /xingrg/kc/buy/cgsh_order_list.html HTTP/1.1" 200 52453
120.253.135.82 - - [10/Aug/2022:08:38:28 +0800] "GET /xingrg/kc/base/wldb_order_operate.html?command=get_materiel_price&rest_code=00101&base_code=0010246&code=00101019430&unit_code=00100113 HTTP/1.1" 200 35
116.224.255.128 - - [10/Aug/2022:08:38:29 +0800] "GET /xingrg/kc/buy/cgsh_order_operate.html?command=get_materiel&rest_code=00150&code=00101006068&supplier_code=00100096&order_time=2022-08-10 HTTP/1.1" 200 411
120.253.135.82 - - [10/Aug/2022:08:38:30 +0800] "GET /xingrg/all/function/internal_message.html?_=1660091714676&CODE_STATE=getMsg HTTP/1.1" 200 27
116.232.194.65 - - [10/Aug/2022:08:38:31 +0800] "POST /xingrg/kc/buy/cgsh_list_operate.html HTTP/1.1" 200 693
114.84.0.234 - - [10/Aug/2022:08:38:31 +0800] "GET /xingrg/kc/buy/cgsh_order_operate.html?command=get_materiel&rest_code=00111&code=00101009016&supplier_code=00100037&order_time=2022-08-10 HTTP/1.1" 200 412
116.232.194.65 - - [10/Aug/2022:08:38:32 +0800] "GET /xingrg/kc/buy/cgsh_order_add.html HTTP/1.1" 200 68235
116.232.194.65 - - [10/Aug/2022:08:38:33 +0800] "GET /xingrg/words/20220808151938_words.js HTTP/1.1" 304 -
116.232.194.65 - - [10/Aug/2022:08:38:33 +0800] "POST /xingrg/kc/buy/cgsh_order_operate.html HTTP/1.1" 200 8245
116.232.194.65 - - [10/Aug/2022:08:38:33 +0800] "GET /xingrg/all/common/auto_word.html?type=employee&rest_code=00155 HTTP/1.1" 200 205
116.232.194.65 - - [10/Aug/2022:08:38:33 +0800] "GET /xingrg/all/common/auto_word.html?type=employee&rest_code=00155 HTTP/1.1" 200 205
116.232.194.65 - - [10/Aug/2022:08:38:33 +0800] "GET /xingrg/javascript/easyui/themes/default/validatebox.css HTTP/1.1" 404 1104
120.253.135.82 - - [10/Aug/2022:08:38:41 +0800] "GET /xingrg/all/function/internal_message.html?_=1660092038528&CODE_STATE=getMsg HTTP/1.1" 200 27
114.84.0.234 - - [10/Aug/2022:08:38:44 +0800] "GET /xingrg/kc/buy/cgsh_order_operate.html?command=get_materiel&rest_code=00111&code=00101009013&supplier_code=00100037&order_time=2022-08-10 HTTP/1.1" 200 420
180.174.21.132 - - [10/Aug/2022:08:38:45 +0800] "POST /xingrg/kc/buy/cgsh_list_operate.html HTTP/1.1" 200 4496
116.224.255.128 - - [10/Aug/2022:08:38:49 +0800] "GET /xingrg/kc/buy/cgsh_order_operate.html?command=get_materiel&rest_code=00150&code=00101007077&supplier_code=00100096&order_time=2022-08-10 HTTP/1.1" 200 415
114.84.0.234 - - [10/Aug/2022:08:38:51 +0800] "GET /xingrg/all/function/internal_message.html?_=1660091928141&CODE_STATE=getMsg HTTP/1.1" 200 27
180.174.21.132 - - [10/Aug/2022:08:38:52 +0800] "GET /xingrg/all/function/internal_message.html?_=1660091804589&CODE_STATE=getMsg HTTP/1.1" 200 27
58.40.7.146 - - [10/Aug/2022:08:38:53 +0800] "GET /xingrg/check_reg.html?_=1660091930594 HTTP/1.1" 200 22
58.40.7.146 - - [10/Aug/2022:08:38:53 +0800] "GET /xingrg/all/function/internal_message.html?_=1660091930595&CODE_STATE=getMsg HTTP/1.1" 200 27
180.174.21.132 - - [10/Aug/2022:08:38:56 +0800] "GET /xingrg/all/function/internal_message.html?_=1660091934991&CODE_STATE=getMsg HTTP/1.1" 200 27
116.224.255.128 - - [10/Aug/2022:08:39:01 +0800] "GET /xingrg/kc/buy/cgsh_order_operate.html?command=get_materiel&rest_code=00150&code=00101007081&supplier_code=00100096&order_time=2022-08-10 HTTP/1.1" 200 415
172.20.0.100 - - [10/Aug/2022:08:39:02 +0800] "GET /xingrg/all/function/internal_message.html?_=1660091938985&CODE_STATE=getMsg HTTP/1.1" 200 27
218.81.223.53 - - [10/Aug/2022:08:39:03 +0800] "GET /xingrg/all/function/internal_message.html?_=1660091950120&CODE_STATE=getMsg HTTP/1.1" 200 27
114.84.0.234 - - [10/Aug/2022:08:39:04 +0800] "POST /xingrg/kc/buy/cgsh_order_operate.html HTTP/1.1" 200 37
101.80.228.36 - - [10/Aug/2022:08:39:09 +0800] "GET /xingrg/all/function/internal_message.html?_=1660091946542&CODE_STATE=getMsg HTTP/1.1" 200 27
114.84.0.234 - - [10/Aug/2022:08:39:10 +0800] "POST /xingrg/kc/buy/cgsh_order_operate.html HTTP/1.1" 200 10345
114.84.0.234 - - [10/Aug/2022:08:39:12 +0800] "GET /xingrg/kc/print/load_data.html?order_code=212022081002892&kc_code=cgsh&condition= HTTP/1.1" 200 3614
116.224.255.128 - - [10/Aug/2022:08:39:18 +0800] "GET /xingrg/kc/buy/cgsh_order_operate.html?command=get_materiel&rest_code=00150&code=00101006111&supplier_code=00100096&order_time=2022-08-10 HTTP/1.1" 200 409
116.232.194.65 - - [10/Aug/2022:08:39:25 +0800] "GET /xingrg/all/function/internal_message.html?_=1660091949092&CODE_STATE=getMsg HTTP/1.1" 200 27
116.224.255.128 - - [10/Aug/2022:08:39:27 +0800] "GET /xingrg/all/function/internal_message.html?_=1660091907908&CODE_STATE=getMsg HTTP/1.1" 200 27
120.253.135.82 - - [10/Aug/2022:08:39:30 +0800] "GET /xingrg/all/function/internal_message.html?_=1660091774678&CODE_STATE=getMsg HTTP/1.1" 200 27
116.224.255.128 - - [10/Aug/2022:08:39:32 +0800] "GET /xingrg/kc/buy/cgsh_order_operate.html?command=get_materiel&rest_code=00150&code=00101016025&supplier_code=00100096&order_time=2022-08-10 HTTP/1.1" 200 408
120.253.135.82 - - [10/Aug/2022:08:39:37 +0800] "GET /xingrg/kc/base/wldb_order_operate.html?command=get_materiel&rest_code=00101&base_code=0010246&code=00101019295 HTTP/1.1" 200 477
120.253.135.82 - - [10/Aug/2022:08:39:38 +0800] "POST /xingrg/all/common/load_select.html HTTP/1.1" 200 25
120.253.135.82 - - [10/Aug/2022:08:39:40 +0800] "GET /xingrg/kc/base/wldb_order_operate.html?command=get_materiel_price&rest_code=00101&base_code=0010246&code=00101019295&unit_code=00100157 HTTP/1.1" 200 35
120.253.135.82 - - [10/Aug/2022:08:39:41 +0800] "GET /xingrg/all/function/internal_message.html?_=1660092098543&CODE_STATE=getMsg HTTP/1.1" 200 27
116.224.255.128 - - [10/Aug/2022:08:39:44 +0800] "GET /favicon.ico HTTP/1.1" 404 -
116.224.255.128 - - [10/Aug/2022:08:39:46 +0800] "POST /xingrg/login.do HTTP/1.1" 302 -
116.224.255.128 - - [10/Aug/2022:08:39:47 +0800] "GET /xingrg/index.html?sysBaseUrl=http%3A%2F%2F180.169.147.146%3A18081%2Fxingrg%2F&costTime=40×tamp=1660091986974 HTTP/1.1" 200 17179
116.224.255.128 - - [10/Aug/2022:08:39:47 +0800] "POST /xingrg/all/common/load_tree.html?tree=area_rest_tree_json&manage=1 HTTP/1.1" 200 476
116.224.255.128 - - [10/Aug/2022:08:39:47 +0800] "GET /favicon.ico HTTP/1.1" 404 -
116.224.255.128 - - [10/Aug/2022:08:39:47 +0800] "POST /xingrg/load_menu.html HTTP/1.1" 200 5138
116.224.255.128 - - [10/Aug/2022:08:39:47 +0800] "GET /xingrg/check_reg.html?_=1660091927109 HTTP/1.1" 200 22
116.224.255.128 - - [10/Aug/2022:08:39:47 +0800] "GET /xingrg/all/function/internal_message.html?_=1660091927108&CODE_STATE=count HTTP/1.1" 200 11
120.253.135.82 - - [10/Aug/2022:08:39:47 +0800] "POST /xingrg/kc/base/wldb_order_operate.html HTTP/1.1" 200 1710
116.224.255.128 - - [10/Aug/2022:08:39:50 +0800] "GET /xingrg/kc/buy/cgsh_order_list.html HTTP/1.1" 200 52453
116.224.255.128 - - [10/Aug/2022:08:39:51 +0800] "POST /xingrg/kc/buy/cgsh_list_operate.html HTTP/1.1" 200 693
114.84.0.234 - - [10/Aug/2022:08:39:51 +0800] "GET /xingrg/check_reg.html?_=1660091988141 HTTP/1.1" 200 22
114.84.0.234 - - [10/Aug/2022:08:39:51 +0800] "GET /xingrg/all/function/internal_message.html?_=1660091988143&CODE_STATE=getMsg HTTP/1.1" 200 27
180.174.21.132 - - [10/Aug/2022:08:39:52 +0800] "GET /xingrg/check_reg.html?_=1660091864589 HTTP/1.1" 200 22
180.174.21.132 - - [10/Aug/2022:08:39:52 +0800] "GET /xingrg/all/function/internal_message.html?_=1660091864593&CODE_STATE=getMsg HTTP/1.1" 200 27
58.40.7.146 - - [10/Aug/2022:08:39:53 +0800] "GET /xingrg/all/function/internal_message.html?_=1660091990604&CODE_STATE=getMsg HTTP/1.1" 200 27
116.224.255.128 - - [10/Aug/2022:08:39:56 +0800] "GET /xingrg/javascript/jquery_tools/images/prev.gif HTTP/1.1" 404 1086
116.224.255.128 - - [10/Aug/2022:08:39:56 +0800] "GET /xingrg/javascript/jquery_tools/images/next.gif HTTP/1.1" 404 1086
180.174.21.132 - - [10/Aug/2022:08:39:56 +0800] "GET /xingrg/all/function/internal_message.html?_=1660091994950&CODE_STATE=getMsg HTTP/1.1" 200 27
116.224.255.128 - - [10/Aug/2022:08:40:01 +0800] "POST /xingrg/kc/buy/cgsh_list_operate.html HTTP/1.1" 200 693
172.20.0.100 - - [10/Aug/2022:08:40:02 +0800] "GET /xingrg/all/function/internal_message.html?_=1660091998989&CODE_STATE=getMsg HTTP/1.1" 200 27
116.224.255.128 - - [10/Aug/2022:08:40:03 +0800] "GET /xingrg/kc/buy/cgsh_order_add.html HTTP/1.1" 200 68241
116.224.255.128 - - [10/Aug/2022:08:40:03 +0800] "POST /xingrg/kc/buy/cgsh_order_operate.html HTTP/1.1" 200 8245
218.81.223.53 - - [10/Aug/2022:08:40:03 +0800] "GET /xingrg/all/function/internal_message.html?_=1660092010125&CODE_STATE=getMsg HTTP/1.1" 200 27
116.224.255.128 - - [10/Aug/2022:08:40:03 +0800] "GET /xingrg/javascript/easyui/themes/default/validatebox.css HTTP/1.1" 404 1104
120.253.135.82 - - [10/Aug/2022:08:40:03 +0800] "GET /xingrg/kc/base/wldb_order_operate.html?command=get_materiel&rest_code=00101&base_code=0010246&code=00101016060 HTTP/1.1" 200 467
116.224.255.128 - - [10/Aug/2022:08:40:08 +0800] "GET /xingrg/javascript/auto/indicator.gif HTTP/1.1" 404 1066
101.80.228.36 - - [10/Aug/2022:08:40:09 +0800] "GET /xingrg/all/function/internal_message.html?_=1660092006513&CODE_STATE=getMsg HTTP/1.1" 200 27
120.253.135.82 - - [10/Aug/2022:08:40:16 +0800] "POST /xingrg/kc/base/wldb_order_operate.html HTTP/1.1" 200 37
120.253.135.82 - - [10/Aug/2022:08:40:16 +0800] "POST /xingrg/kc/base/wldb_order_operate.html HTTP/1.1" 200 16230
120.253.135.82 - - [10/Aug/2022:08:40:17 +0800] "GET /xingrg/kc/base/wldb_order_info.html?code=422022081000789 HTTP/1.1" 200 30377
120.253.135.82 - - [10/Aug/2022:08:40:18 +0800] "GET /xingrg/javascript/easyui/themes/default/validatebox.css HTTP/1.1" 404 1104
120.253.135.82 - - [10/Aug/2022:08:40:18 +0800] "POST /xingrg/kc/base/wldb_order_operate.html HTTP/1.1" 200 16230
116.232.194.65 - - [10/Aug/2022:08:40:20 +0800] "GET /xingrg/javascript/auto/indicator.gif HTTP/1.1" 404 1066
116.232.194.65 - - [10/Aug/2022:08:40:21 +0800] "GET /xingrg/javascript/jquery_tools/images/prev.gif HTTP/1.1" 404 1086
116.232.194.65 - - [10/Aug/2022:08:40:21 +0800] "GET /xingrg/javascript/jquery_tools/images/next.gif HTTP/1.1" 404 1086
116.232.194.65 - - [10/Aug/2022:08:40:25 +0800] "GET /xingrg/all/function/internal_message.html?_=1660092009090&CODE_STATE=getMsg HTTP/1.1" 200 27
116.232.194.65 - - [10/Aug/2022:08:40:29 +0800] "GET /xingrg/kc/buy/cgsh_order_operate.html?command=get_materiel&rest_code=00155&code=00101008072&supplier_code=00100005&order_time=2022-08-10 HTTP/1.1" 200 408
120.253.135.82 - - [10/Aug/2022:08:40:30 +0800] "GET /xingrg/check_reg.html?_=1660091834280 HTTP/1.1" 200 22
120.253.135.82 - - [10/Aug/2022:08:40:30 +0800] "GET /xingrg/all/function/internal_message.html?_=1660091834692&CODE_STATE=getMsg HTTP/1.1" 200 27
114.84.0.234 - - [10/Aug/2022:08:40:31 +0800] "GET /xingrg/kc/buy/cgsh_order_add.html HTTP/1.1" 200 68185
114.84.0.234 - - [10/Aug/2022:08:40:31 +0800] "POST /xingrg/kc/buy/cgsh_order_operate.html HTTP/1.1" 200 8245
114.84.0.234 - - [10/Aug/2022:08:40:31 +0800] "GET /xingrg/javascript/easyui/themes/default/validatebox.css HTTP/1.1" 404 1104
116.232.194.65 - - [10/Aug/2022:08:40:37 +0800] "GET /xingrg/kc/buy/cgsh_order_operate.html?command=get_materiel&rest_code=00155&code=00101008210&supplier_code=00100005&order_time=2022-08-10 HTTP/1.1" 200 408
120.253.135.82 - - [10/Aug/2022:08:40:40 +0800] "GET /xingrg/kc/base/wldb_order_operate.html?command=get_materiel&rest_code=00101&base_code=0010246&code=00101016029 HTTP/1.1" 200 464
120.253.135.82 - - [10/Aug/2022:08:40:41 +0800] "GET /xingrg/check_reg.html?_=1660092158262 HTTP/1.1" 200 22
120.253.135.82 - - [10/Aug/2022:08:40:41 +0800] "GET /xingrg/all/function/internal_message.html?_=1660092158556&CODE_STATE=getMsg HTTP/1.1" 200 27
114.84.0.234 - - [10/Aug/2022:08:40:42 +0800] "GET /xingrg/kc/buy/cgsh_order_operate.html?command=get_materiel&rest_code=00111&code=00101008149&supplier_code=00100005&order_time=2022-08-10 HTTP/1.1" 200 408
120.253.135.82 - - [10/Aug/2022:08:40:43 +0800] "POST /xingrg/all/common/load_select.html HTTP/1.1" 200 25
116.224.255.128 - - [10/Aug/2022:08:40:47 +0800] "GET /xingrg/all/function/internal_message.html?_=1660091987109&CODE_STATE=getMsg HTTP/1.1" 200 27
120.253.135.82 - - [10/Aug/2022:08:40:47 +0800] "GET /xingrg/kc/base/wldb_order_operate.html?command=get_materiel_price&rest_code=00101&base_code=0010246&code=00101016029&unit_code=00100138 HTTP/1.1" 200 37
114.84.0.234 - - [10/Aug/2022:08:40:51 +0800] "GET /xingrg/kc/mdqp/qqps_order_list.html HTTP/1.1" 200 9642
114.84.0.234 - - [10/Aug/2022:08:40:51 +0800] "GET /xingrg/dwr/interface/AjaxQqpsService.js HTTP/1.1" 200 16326
114.84.0.234 - - [10/Aug/2022:08:40:51 +0800] "GET /xingrg/dwr/interface/AjaxReportQueryService.js HTTP/1.1" 200 13203
114.84.0.234 - - [10/Aug/2022:08:40:51 +0800] "GET /xingrg/dwr/util.js HTTP/1.1" 200 35990
114.84.0.234 - - [10/Aug/2022:08:40:51 +0800] "GET /xingrg/javascript/Calendar.js HTTP/1.1" 200 31561
114.84.0.234 - - [10/Aug/2022:08:40:51 +0800] "GET /xingrg/dwr/engine.js HTTP/1.1" 200 43631
114.84.0.234 - - [10/Aug/2022:08:40:51 +0800] "GET /xingrg/all/function/internal_message.html?_=1660092048147&CODE_STATE=getMsg HTTP/1.1" 200 27
114.84.0.234 - - [10/Aug/2022:08:40:51 +0800] "GET /xingrg/javascript/jquery_easy_ui/themes/icons/edit_add_new.png HTTP/1.1" 200 2997
114.84.0.234 - - [10/Aug/2022:08:40:51 +0800] "GET /xingrg/javascript/jquery_easy_ui/themes/icons/check_new.png HTTP/1.1" 200 3224
114.84.0.234 - - [10/Aug/2022:08:40:51 +0800] "GET /xingrg/javascript/jquery_easy_ui/themes/icons/cance_new.png HTTP/1.1" 200 3986
114.84.0.234 - - [10/Aug/2022:08:40:51 +0800] "GET /xingrg/javascript/jquery_easy_ui/themes/icons/uncheck_new.png HTTP/1.1" 200 3197
180.174.21.132 - - [10/Aug/2022:08:40:52 +0800] "GET /xingrg/all/function/internal_message.html?_=1660091924596&CODE_STATE=getMsg HTTP/1.1" 200 27
114.84.0.234 - - [10/Aug/2022:08:40:52 +0800] "GET /xingrg/javascript/jquery_easy_ui/themes/default/images/button_plain_hover.png HTTP/1.1" 200 252
114.84.0.234 - - [10/Aug/2022:08:40:52 +0800] "GET /xingrg/kc/mdqp/qqps_order_add.html HTTP/1.1" 200 28079
114.84.0.234 - - [10/Aug/2022:08:40:52 +0800] "GET /xingrg/javascript/AjaxInfoList.js HTTP/1.1" 200 3774
114.84.0.234 - - [10/Aug/2022:08:40:52 +0800] "GET /xingrg/javascript/Grid.js HTTP/1.1" 200 58908
114.84.0.234 - - [10/Aug/2022:08:40:52 +0800] "GET /xingrg/dwr/interface/AjaxQqpsService.js HTTP/1.1" 200 16326
114.84.0.234 - - [10/Aug/2022:08:40:52 +0800] "GET /xingrg/javascript/tools/jquery.qtip-1.0.0-rc3.min.js HTTP/1.1" 200 38404
114.84.0.234 - - [10/Aug/2022:08:40:52 +0800] "GET /xingrg/dwr/interface/AjaxComOrderService.js HTTP/1.1" 200 18264
114.84.0.234 - - [10/Aug/2022:08:40:52 +0800] "GET /xingrg/dwr/engine.js HTTP/1.1" 200 43631
114.84.0.234 - - [10/Aug/2022:08:40:53 +0800] "GET /xingrg/javascript/jquery_easy_ui/themes/icons/template_new.png HTTP/1.1" 200 3956
114.84.0.234 - - [10/Aug/2022:08:40:53 +0800] "GET /xingrg/javascript/jquery_easy_ui/themes/default/images/menu_downarrow.png HTTP/1.1" 200 173
114.84.0.234 - - [10/Aug/2022:08:40:53 +0800] "GET /xingrg/javascript/jquery_easy_ui/themes/icons/ok.png HTTP/1.1" 200 883
114.84.0.234 - - [10/Aug/2022:08:40:53 +0800] "GET /xingrg/javascript/jquery_easy_ui/themes/icons/copy_new.png HTTP/1.1" 200 815
114.84.0.234 - - [10/Aug/2022:08:40:53 +0800] "GET /xingrg/javascript/jquery_easy_ui/themes/icons/print.png HTTP/1.1" 200 1057
114.84.0.234 - - [10/Aug/2022:08:40:53 +0800] "GET /xingrg/javascript/jquery_easy_ui/themes/icons/back_new.png HTTP/1.1" 200 3414
58.40.7.146 - - [10/Aug/2022:08:40:53 +0800] "GET /xingrg/all/function/internal_message.html?_=1660092050600&CODE_STATE=getMsg HTTP/1.1" 200 27
114.84.0.234 - - [10/Aug/2022:08:40:53 +0800] "GET /xingrg/images/blue/button/kc_tab_add.gif HTTP/1.1" 200 375
114.84.0.234 - - [10/Aug/2022:08:40:53 +0800] "GET /xingrg/images/blue/button/kc_tab_save.gif HTTP/1.1" 200 777
114.84.0.234 - - [10/Aug/2022:08:40:53 +0800] "GET /xingrg/images/blue/button/kc_tab_del.gif HTTP/1.1" 200 383
114.84.0.234 - - [10/Aug/2022:08:40:53 +0800] "GET /xingrg/images/blue/button/kc_tab_edit.gif HTTP/1.1" 200 551
114.84.0.234 - - [10/Aug/2022:08:40:53 +0800] "GET /xingrg/javascript/jquery_easy_ui/themes/default/images/combo_arrow_dot.gif HTTP/1.1" 200 79
114.84.0.234 - - [10/Aug/2022:08:40:53 +0800] "GET /xingrg/images/blue/kc_tab_mid.gif HTTP/1.1" 200 44
114.84.0.234 - - [10/Aug/2022:08:40:53 +0800] "GET /xingrg/images/blue/kc_tab_left.gif HTTP/1.1" 200 188
114.84.0.234 - - [10/Aug/2022:08:40:53 +0800] "GET /xingrg/images/blue/kc_tab2_left.gif HTTP/1.1" 200 625
114.84.0.234 - - [10/Aug/2022:08:40:53 +0800] "GET /xingrg/images/blue/kc_tab_right.gif HTTP/1.1" 200 643
114.84.0.234 - - [10/Aug/2022:08:40:53 +0800] "GET /xingrg/images/blue/kc_tab2_right.gif HTTP/1.1" 200 192
180.174.21.132 - - [10/Aug/2022:08:40:56 +0800] "GET /xingrg/check_reg.html?_=1660092054897 HTTP/1.1" 200 22
180.174.21.132 - - [10/Aug/2022:08:40:56 +0800] "GET /xingrg/all/function/internal_message.html?_=1660092054930&CODE_STATE=getMsg HTTP/1.1" 200 27
114.84.0.234 - - [10/Aug/2022:08:41:00 +0800] "GET /xingrg/kc/mdqp/qqps_order_list.html HTTP/1.1" 200 9642
114.84.0.234 - - [10/Aug/2022:08:41:00 +0800] "GET /xingrg/dwr/interface/AjaxQqpsService.js HTTP/1.1" 200 16326
114.84.0.234 - - [10/Aug/2022:08:41:00 +0800] "GET /xingrg/dwr/interface/AjaxReportQueryService.js HTTP/1.1" 200 13203
114.84.0.234 - - [10/Aug/2022:08:41:00 +0800] "GET /xingrg/dwr/engine.js HTTP/1.1" 200 43631
114.84.0.234 - - [10/Aug/2022:08:41:02 +0800] "GET /xingrg/kc/mdqp/qqps_order_info.html?code=302022080900154 HTTP/1.1" 200 28241
218.81.223.53 - - [10/Aug/2022:08:41:02 +0800] "GET /xingrg/check_reg.html?_=1660092069209 HTTP/1.1" 200 22
114.84.0.234 - - [10/Aug/2022:08:41:02 +0800] "GET /xingrg/dwr/interface/AjaxComOrderService.js HTTP/1.1" 200 18264
114.84.0.234 - - [10/Aug/2022:08:41:02 +0800] "GET /xingrg/dwr/interface/AjaxQqpsService.js HTTP/1.1" 200 16326
172.20.0.100 - - [10/Aug/2022:08:41:02 +0800] "GET /xingrg/all/function/internal_message.html?_=1660092058991&CODE_STATE=getMsg HTTP/1.1" 200 27
114.84.0.234 - - [10/Aug/2022:08:41:02 +0800] "GET /xingrg/dwr/engine.js HTTP/1.1" 200 43631
114.84.0.234 - - [10/Aug/2022:08:41:02 +0800] "GET /xingrg/images/blue/wait.gif HTTP/1.1" 200 1100
114.84.0.234 - - [10/Aug/2022:08:41:02 +0800] "POST /xingrg/dwr/call/plaincall/AjaxQqpsService.loadMaterielItems.dwr HTTP/1.1" 200 76
120.253.135.82 - - [10/Aug/2022:08:41:03 +0800] "GET /xingrg/kc/base/wldb_order_operate.html?command=get_materiel&rest_code=00101&base_code=0010246&code=00101016120 HTTP/1.1" 200 458
218.81.223.53 - - [10/Aug/2022:08:41:03 +0800] "GET /xingrg/all/function/internal_message.html?_=1660092070141&CODE_STATE=getMsg HTTP/1.1" 200 27
114.84.0.234 - - [10/Aug/2022:08:41:06 +0800] "GET /favicon.ico HTTP/1.1" 404 -
101.80.228.36 - - [10/Aug/2022:08:41:09 +0800] "GET /xingrg/all/function/internal_message.html?_=1660092066484&CODE_STATE=getMsg HTTP/1.1" 200 27
116.232.194.65 - - [10/Aug/2022:08:41:11 +0800] "GET /xingrg/kc/buy/cgsh_order_operate.html?command=get_materiel&rest_code=00155&code=00101008126&supplier_code=00100005&order_time=2022-08-10 HTTP/1.1" 200 412
116.232.194.65 - - [10/Aug/2022:08:41:17 +0800] "GET /xingrg/kc/buy/cgsh_order_operate.html?command=get_materiel&rest_code=00155&code=00101008270&supplier_code=00100005&order_time=2022-08-10 HTTP/1.1" 200 412
120.253.135.82 - - [10/Aug/2022:08:41:21 +0800] "GET /xingrg/kc/base/wldb_order_operate.html?command=get_materiel&rest_code=00101&base_code=0010246&code=00101016037 HTTP/1.1" 200 451
120.253.135.82 - - [10/Aug/2022:08:41:23 +0800] "POST /xingrg/all/common/load_select.html HTTP/1.1" 200 25
114.84.0.234 - - [10/Aug/2022:08:41:25 +0800] "POST /xingrg/dwr/call/plaincall/AjaxQqpsService.getMaterielByCode.dwr HTTP/1.1" 200 2710
120.253.135.82 - - [10/Aug/2022:08:41:25 +0800] "GET /xingrg/kc/base/wldb_order_operate.html?command=get_materiel_price&rest_code=00101&base_code=0010246&code=00101016037&unit_code=00100098 HTTP/1.1" 200 35
116.232.194.65 - - [10/Aug/2022:08:41:25 +0800] "GET /xingrg/all/function/internal_message.html?_=1660092069099&CODE_STATE=getMsg HTTP/1.1" 200 27
114.84.0.234 - - [10/Aug/2022:08:41:28 +0800] "POST /xingrg/dwr/call/plaincall/AjaxQqpsService.saveMaterielItem.dwr HTTP/1.1" 200 78
101.80.228.36 - - [10/Aug/2022:08:41:28 +0800] "GET /xingrg/check_reg.html?_=1660092084674 HTTP/1.1" 200 22
120.253.135.82 - - [10/Aug/2022:08:41:30 +0800] "GET /xingrg/all/function/internal_message.html?_=1660091894705&CODE_STATE=getMsg HTTP/1.1" 200 27
114.84.0.234 - - [10/Aug/2022:08:41:32 +0800] "POST /xingrg/dwr/call/plaincall/AjaxQqpsService.getMaterielByCode.dwr HTTP/1.1" 200 2672
114.84.0.234 - - [10/Aug/2022:08:41:34 +0800] "POST /xingrg/dwr/call/plaincall/AjaxQqpsService.saveMaterielItem.dwr HTTP/1.1" 200 78
116.232.194.65 - - [10/Aug/2022:08:41:36 +0800] "GET /xingrg/kc/buy/cgsh_order_operate.html?command=get_materiel&rest_code=00155&code=00101008185&supplier_code=00100005&order_time=2022-08-10 HTTP/1.1" 200 408
114.84.0.234 - - [10/Aug/2022:08:41:37 +0800] "POST /xingrg/dwr/call/plaincall/AjaxQqpsService.getMaterielByCode.dwr HTTP/1.1" 200 2694
114.84.0.234 - - [10/Aug/2022:08:41:39 +0800] "POST /xingrg/dwr/call/plaincall/AjaxQqpsService.saveMaterielItem.dwr HTTP/1.1" 200 78
114.84.0.234 - - [10/Aug/2022:08:41:42 +0800] "POST /xingrg/dwr/call/plaincall/AjaxQqpsService.getMaterielByCode.dwr HTTP/1.1" 200 2711
114.84.0.234 - - [10/Aug/2022:08:41:44 +0800] "POST /xingrg/dwr/call/plaincall/AjaxQqpsService.saveMaterielItem.dwr HTTP/1.1" 200 78
180.174.21.132 - - [10/Aug/2022:08:41:44 +0800] "GET /xingrg/kc/buy/cgsh_order_add.html HTTP/1.1" 200 68311
120.253.135.82 - - [10/Aug/2022:08:41:44 +0800] "GET /xingrg/all/function/internal_message.html?_=1660092218570&CODE_STATE=getMsg HTTP/1.1" 200 27
180.174.21.132 - - [10/Aug/2022:08:41:44 +0800] "POST /xingrg/kc/buy/cgsh_order_operate.html HTTP/1.1" 200 8245
180.174.21.132 - - [10/Aug/2022:08:41:44 +0800] "GET /xingrg/javascript/easyui/themes/default/validatebox.css HTTP/1.1" 404 1104
116.232.194.65 - - [10/Aug/2022:08:41:46 +0800] "GET /xingrg/kc/buy/cgsh_order_operate.html?command=get_materiel&rest_code=00155&code=00101008132&supplier_code=00100005&order_time=2022-08-10 HTTP/1.1" 200 408
120.253.135.82 - - [10/Aug/2022:08:41:47 +0800] "GET /xingrg/kc/base/wldb_order_operate.html?command=get_materiel&rest_code=00101&base_code=0010246&code=00101016094 HTTP/1.1" 200 470
116.224.255.128 - - [10/Aug/2022:08:41:47 +0800] "GET /xingrg/all/function/internal_message.html?_=1660092047158&CODE_STATE=getMsg HTTP/1.1" 200 27
120.253.135.82 - - [10/Aug/2022:08:41:49 +0800] "POST /xingrg/all/common/load_select.html HTTP/1.1" 200 25
120.253.135.82 - - [10/Aug/2022:08:41:51 +0800] "GET /xingrg/kc/base/wldb_order_operate.html?command=get_materiel_price&rest_code=00101&base_code=0010246&code=00101016094&unit_code=00100161 HTTP/1.1" 200 37
114.84.0.234 - - [10/Aug/2022:08:41:51 +0800] "POST /xingrg/dwr/call/plaincall/AjaxQqpsService.getMaterielByCode.dwr HTTP/1.1" 200 2712
114.84.0.234 - - [10/Aug/2022:08:41:51 +0800] "GET /xingrg/all/function/internal_message.html?_=1660092108143&CODE_STATE=getMsg HTTP/1.1" 200 27
116.232.194.65 - - [10/Aug/2022:08:41:51 +0800] "GET /xingrg/kc/buy/cgsh_order_operate.html?command=get_materiel&rest_code=00155&code=00101008415&supplier_code=00100005&order_time=2022-08-10 HTTP/1.1" 200 412
180.174.21.132 - - [10/Aug/2022:08:41:52 +0800] "GET /xingrg/all/function/internal_message.html?_=1660091984596&CODE_STATE=getMsg HTTP/1.1" 200 27
58.40.7.146 - - [10/Aug/2022:08:41:53 +0800] "GET /xingrg/all/function/internal_message.html?_=1660092110593&CODE_STATE=getMsg HTTP/1.1" 200 27
114.84.0.234 - - [10/Aug/2022:08:41:53 +0800] "POST /xingrg/dwr/call/plaincall/AjaxQqpsService.saveMaterielItem.dwr HTTP/1.1" 200 79
180.174.21.132 - - [10/Aug/2022:08:41:56 +0800] "GET /xingrg/all/function/internal_message.html?_=1660092114906&CODE_STATE=getMsg HTTP/1.1" 200 27
114.84.0.234 - - [10/Aug/2022:08:41:56 +0800] "POST /xingrg/dwr/call/plaincall/AjaxQqpsService.getMaterielByCode.dwr HTTP/1.1" 200 2694
116.232.194.65 - - [10/Aug/2022:08:41:57 +0800] "GET /xingrg/kc/buy/cgsh_order_operate.html?command=get_materiel&rest_code=00155&code=00101008198&supplier_code=00100005&order_time=2022-08-10 HTTP/1.1" 200 413
114.84.0.234 - - [10/Aug/2022:08:42:00 +0800] "POST /xingrg/dwr/call/plaincall/AjaxQqpsService.saveMaterielItem.dwr HTTP/1.1" 200 79
180.174.21.132 - - [10/Aug/2022:08:42:02 +0800] "GET /xingrg/kc/buy/cgsh_order_operate.html?command=get_materiel&rest_code=00105&code=00101016057&supplier_code=00100034&order_time=2022-08-10 HTTP/1.1" 200 408
172.20.0.100 - - [10/Aug/2022:08:42:02 +0800] "GET /xingrg/all/function/internal_message.html?_=1660092118994&CODE_STATE=getMsg HTTP/1.1" 200 27
116.232.194.65 - - [10/Aug/2022:08:42:03 +0800] "GET /xingrg/kc/buy/cgsh_order_operate.html?command=get_materiel&rest_code=00155&code=00101008010&supplier_code=00100005&order_time=2022-08-10 HTTP/1.1" 200 412
218.81.223.53 - - [10/Aug/2022:08:42:03 +0800] "GET /xingrg/all/function/internal_message.html?_=1660092130152&CODE_STATE=getMsg HTTP/1.1" 200 27
114.84.0.234 - - [10/Aug/2022:08:42:07 +0800] "POST /xingrg/dwr/call/plaincall/AjaxQqpsService.getMaterielByCode.dwr HTTP/1.1" 200 2713
120.253.135.82 - - [10/Aug/2022:08:42:08 +0800] "POST /xingrg/kc/base/wldb_order_operate.html HTTP/1.1" 200 1710
114.84.0.234 - - [10/Aug/2022:08:42:08 +0800] "POST /xingrg/dwr/call/plaincall/AjaxQqpsService.saveMaterielItem.dwr HTTP/1.1" 200 79
116.232.194.65 - - [10/Aug/2022:08:42:09 +0800] "GET /xingrg/kc/buy/cgsh_order_operate.html?command=get_materiel&rest_code=00155&code=00101008125&supplier_code=00100005&order_time=2022-08-10 HTTP/1.1" 200 413
101.80.228.36 - - [10/Aug/2022:08:42:09 +0800] "GET /xingrg/all/function/internal_message.html?_=1660092126458&CODE_STATE=getMsg HTTP/1.1" 200 27
180.174.21.132 - - [10/Aug/2022:08:42:14 +0800] "GET /xingrg/kc/buy/cgsh_order_operate.html?command=get_materiel&rest_code=00105&code=00101016030&supplier_code=00100034&order_time=2022-08-10 HTTP/1.1" 200 412
