58.40.7.146 - - [10/Aug/2022:11:16:53 +0800] "GET /xingrg/all/function/internal_message.html?_=1660101410663&CODE_STATE=getMsg HTTP/1.1" 200 27
172.20.0.100 - - [10/Aug/2022:11:16:54 +0800] "GET /xingrg/all/function/internal_message.html?_=1660101412944&CODE_STATE=getMsg HTTP/1.1" 200 27
101.80.228.36 - - [10/Aug/2022:11:16:55 +0800] "POST /xingrg/kc/buy/cgsh_list_operate.html HTTP/1.1" 200 1777
114.86.224.84 - - [10/Aug/2022:11:16:56 +0800] "GET /xingrg/all/function/internal_message.html?_=1660101419008&CODE_STATE=getMsg HTTP/1.1" 200 27
180.174.21.132 - - [10/Aug/2022:11:16:56 +0800] "GET /xingrg/all/function/internal_message.html?_=1660101415022&CODE_STATE=getMsg HTTP/1.1" 200 27
114.83.216.111 - - [10/Aug/2022:11:16:59 +0800] "GET /xingrg/all/function/internal_message.html?_=1660101414962&CODE_STATE=getMsg HTTP/1.1" 200 27
114.84.0.234 - - [10/Aug/2022:11:17:01 +0800] "GET /xingrg/all/function/internal_message.html?_=1660101417317&CODE_STATE=getMsg HTTP/1.1" 200 27
101.80.228.36 - - [10/Aug/2022:11:17:05 +0800] "GET /xingrg/all/function/internal_message.html?_=1660101422465&CODE_STATE=getMsg HTTP/1.1" 200 27
218.81.223.53 - - [10/Aug/2022:11:17:12 +0800] "GET /xingrg/all/function/internal_message.html?_=1660101439294&CODE_STATE=getMsg HTTP/1.1" 200 27
116.224.255.128 - - [10/Aug/2022:11:17:17 +0800] "GET /xingrg/all/function/internal_message.html?_=1660101377373&CODE_STATE=getMsg HTTP/1.1" 200 27
222.69.129.110 - - [10/Aug/2022:11:17:23 +0800] "GET /xingrg/all/function/internal_message.html?_=1660101503011&CODE_STATE=getMsg HTTP/1.1" 200 27
120.253.135.82 - - [10/Aug/2022:11:17:26 +0800] "GET /xingrg/all/function/internal_message.html?_=1660101250022&CODE_STATE=getMsg HTTP/1.1" 200 27
116.232.194.65 - - [10/Aug/2022:11:17:26 +0800] "GET /xingrg/all/function/internal_message.html?_=1660101429098&CODE_STATE=getMsg HTTP/1.1" 200 27
124.78.152.212 - - [10/Aug/2022:11:17:30 +0800] "GET /xingrg/all/function/internal_message.html?_=1660101449904&CODE_STATE=getMsg HTTP/1.1" 200 27
120.253.135.82 - - [10/Aug/2022:11:17:35 +0800] "GET /xingrg/all/function/internal_message.html?_=1660101571733&CODE_STATE=getMsg HTTP/1.1" 200 27
180.169.147.146 - - [10/Aug/2022:11:17:39 +0800] "GET /xingrg/check_reg.html?_=1660101453145 HTTP/1.1" 200 22
180.169.147.146 - - [10/Aug/2022:11:17:39 +0800] "GET /xingrg/all/function/internal_message.html?_=1660101453148&CODE_STATE=getMsg HTTP/1.1" 200 27
180.162.109.37 - - [10/Aug/2022:11:17:40 +0800] "GET /xingrg/all/function/internal_message.html?_=1660100636421&CODE_STATE=getMsg HTTP/1.1" 200 27
101.85.120.95 - - [10/Aug/2022:11:17:44 +0800] "GET /xingrg/all/function/internal_message.html?_=1660101460243&CODE_STATE=getMsg HTTP/1.1" 200 27
116.224.123.211 - - [10/Aug/2022:11:17:46 +0800] "GET /xingrg/all/function/internal_message.html?_=1660101464141&CODE_STATE=getMsg HTTP/1.1" 200 27
58.221.95.50 - - [10/Aug/2022:11:17:50 +0800] "GET /xingrg/check_reg.html?_=1660101468685 HTTP/1.1" 302 -
180.174.21.132 - - [10/Aug/2022:11:17:52 +0800] "GET /xingrg/all/function/internal_message.html?_=1660101344777&CODE_STATE=getMsg HTTP/1.1" 200 27
58.40.7.146 - - [10/Aug/2022:11:17:53 +0800] "GET /xingrg/all/function/internal_message.html?_=1660101470649&CODE_STATE=getMsg HTTP/1.1" 200 27
218.81.223.53 - - [10/Aug/2022:11:17:53 +0800] "POST /xingrg/services/DataTransmitService HTTP/1.1" 200 524
172.20.0.100 - - [10/Aug/2022:11:17:54 +0800] "GET /xingrg/all/function/internal_message.html?_=1660101472926&CODE_STATE=getMsg HTTP/1.1" 200 27
114.86.224.84 - - [10/Aug/2022:11:17:56 +0800] "GET /xingrg/all/function/internal_message.html?_=1660101479011&CODE_STATE=getMsg HTTP/1.1" 200 27
180.174.21.132 - - [10/Aug/2022:11:17:56 +0800] "GET /xingrg/all/function/internal_message.html?_=1660101475023&CODE_STATE=getMsg HTTP/1.1" 200 27
114.83.216.111 - - [10/Aug/2022:11:17:59 +0800] "GET /xingrg/all/function/internal_message.html?_=1660101474946&CODE_STATE=getMsg HTTP/1.1" 200 27
114.83.216.111 - - [10/Aug/2022:11:17:59 +0800] "GET /xingrg/check_reg.html?_=1660101475206 HTTP/1.1" 200 22
218.81.223.53 - - [10/Aug/2022:11:18:00 +0800] "POST /xingrg/services/DataTransmitService HTTP/1.1" 200 501
114.84.0.234 - - [10/Aug/2022:11:18:01 +0800] "GET /xingrg/all/function/internal_message.html?_=1660101477317&CODE_STATE=getMsg HTTP/1.1" 200 27
101.80.228.36 - - [10/Aug/2022:11:18:05 +0800] "GET /xingrg/all/function/internal_message.html?_=1660101482449&CODE_STATE=getMsg HTTP/1.1" 200 27
218.81.223.53 - - [10/Aug/2022:11:18:12 +0800] "GET /xingrg/all/function/internal_message.html?_=1660101499721&CODE_STATE=getMsg HTTP/1.1" 200 27
114.88.158.224 - - [10/Aug/2022:11:18:13 +0800] "GET /xingrg/kc/buy/buy_main.html HTTP/1.1" 302 -
114.88.158.224 - - [10/Aug/2022:11:18:13 +0800] "GET /xingrg/login.html HTTP/1.1" 200 7641
114.88.158.224 - - [10/Aug/2022:11:18:13 +0800] "GET /xingrg/login.html HTTP/1.1" 200 7641
114.88.158.224 - - [10/Aug/2022:11:18:13 +0800] "GET /favicon.ico HTTP/1.1" 404 -
114.88.158.224 - - [10/Aug/2022:11:18:14 +0800] "POST /xingrg/login.do HTTP/1.1" 302 -
114.88.158.224 - - [10/Aug/2022:11:18:14 +0800] "GET /xingrg/index.html?sysBaseUrl=http%3A%2F%2F180.169.147.146%3A18081%2Fxingrg%2F&costTime=44×tamp=1660101494669 HTTP/1.1" 200 17179
114.88.158.224 - - [10/Aug/2022:11:18:14 +0800] "GET /favicon.ico HTTP/1.1" 404 -
114.88.158.224 - - [10/Aug/2022:11:18:14 +0800] "POST /xingrg/all/common/load_tree.html?tree=area_rest_tree_json&manage=1 HTTP/1.1" 200 351
114.88.158.224 - - [10/Aug/2022:11:18:14 +0800] "POST /xingrg/load_menu.html HTTP/1.1" 200 5138
114.88.158.224 - - [10/Aug/2022:11:18:14 +0800] "GET /xingrg/all/function/internal_message.html?_=1660101168177&CODE_STATE=count HTTP/1.1" 200 11
114.88.158.224 - - [10/Aug/2022:11:18:14 +0800] "GET /xingrg/check_reg.html?_=1660101168178 HTTP/1.1" 200 22
114.88.158.224 - - [10/Aug/2022:11:18:15 +0800] "GET /xingrg/kc/buy/buy_main.html HTTP/1.1" 200 12412
114.88.158.224 - - [10/Aug/2022:11:18:16 +0800] "GET /xingrg/css/new_ie.css HTTP/1.1" 404 1036
114.88.158.224 - - [10/Aug/2022:11:18:16 +0800] "GET /xingrg/images/yd/bt.gif HTTP/1.1" 404 1040
114.88.158.224 - - [10/Aug/2022:11:18:17 +0800] "GET /xingrg/kc/buy/cgsh_order_list.html HTTP/1.1" 200 52453
116.224.255.128 - - [10/Aug/2022:11:18:17 +0800] "GET /xingrg/all/function/internal_message.html?_=1660101437385&CODE_STATE=getMsg HTTP/1.1" 200 27
114.88.158.224 - - [10/Aug/2022:11:18:18 +0800] "POST /xingrg/kc/buy/cgsh_list_operate.html HTTP/1.1" 200 693
114.88.158.224 - - [10/Aug/2022:11:18:18 +0800] "GET /xingrg/kc/buy/cgsh_order_add.html HTTP/1.1" 200 68229
114.88.158.224 - - [10/Aug/2022:11:18:18 +0800] "GET /xingrg/words/20220808151938_words.js HTTP/1.1" 304 -
114.88.158.224 - - [10/Aug/2022:11:18:19 +0800] "GET /xingrg/all/common/auto_word.html?type=employee&rest_code=00141 HTTP/1.1" 200 201
114.88.158.224 - - [10/Aug/2022:11:18:19 +0800] "GET /xingrg/all/common/auto_word.html?type=employee&rest_code=00141 HTTP/1.1" 200 201
114.88.158.224 - - [10/Aug/2022:11:18:19 +0800] "POST /xingrg/kc/buy/cgsh_order_operate.html HTTP/1.1" 200 8245
114.88.158.224 - - [10/Aug/2022:11:18:19 +0800] "GET /xingrg/javascript/easyui/themes/default/validatebox.css HTTP/1.1" 404 1104
222.69.129.110 - - [10/Aug/2022:11:18:23 +0800] "GET /xingrg/all/function/internal_message.html?_=1660101563001&CODE_STATE=getMsg HTTP/1.1" 200 27
120.253.135.82 - - [10/Aug/2022:11:18:26 +0800] "GET /xingrg/all/function/internal_message.html?_=1660101310063&CODE_STATE=getMsg HTTP/1.1" 200 27
116.232.194.65 - - [10/Aug/2022:11:18:26 +0800] "GET /xingrg/check_reg.html?_=1660101489093 HTTP/1.1" 200 22
116.232.194.65 - - [10/Aug/2022:11:18:26 +0800] "GET /xingrg/all/function/internal_message.html?_=1660101489095&CODE_STATE=getMsg HTTP/1.1" 200 27
124.78.152.212 - - [10/Aug/2022:11:18:30 +0800] "GET /xingrg/all/function/internal_message.html?_=1660101509890&CODE_STATE=getMsg HTTP/1.1" 200 27
114.83.216.111 - - [10/Aug/2022:11:18:32 +0800] "GET /xingrg/kc/buy/cgsh_order_operate.html?command=get_materiel&rest_code=00149&code=00101006130&supplier_code=00100012&order_time=2022-08-10 HTTP/1.1" 200 427
120.253.135.82 - - [10/Aug/2022:11:18:35 +0800] "GET /xingrg/all/function/internal_message.html?_=1660101631748&CODE_STATE=getMsg HTTP/1.1" 200 27
180.169.147.146 - - [10/Aug/2022:11:18:39 +0800] "GET /xingrg/all/function/internal_message.html?_=1660101513147&CODE_STATE=getMsg HTTP/1.1" 200 27
58.35.213.73 - - [10/Aug/2022:11:18:39 +0800] "POST /xingrg/services/DataTransmitService HTTP/1.1" 200 524
180.162.109.37 - - [10/Aug/2022:11:18:40 +0800] "GET /xingrg/all/function/internal_message.html?_=1660100696423&CODE_STATE=getMsg HTTP/1.1" 200 27
58.35.213.73 - - [10/Aug/2022:11:18:42 +0800] "POST /xingrg/services/DataTransmitService HTTP/1.1" 200 501
101.85.120.95 - - [10/Aug/2022:11:18:44 +0800] "GET /xingrg/all/function/internal_message.html?_=1660101520244&CODE_STATE=getMsg HTTP/1.1" 200 27
116.224.123.211 - - [10/Aug/2022:11:18:46 +0800] "GET /xingrg/all/function/internal_message.html?_=1660101524130&CODE_STATE=getMsg HTTP/1.1" 200 27
114.88.158.224 - - [10/Aug/2022:11:18:47 +0800] "GET /xingrg/javascript/auto/indicator.gif HTTP/1.1" 404 1066
114.83.216.111 - - [10/Aug/2022:11:18:47 +0800] "GET /xingrg/kc/buy/cgsh_order_operate.html?command=get_materiel&rest_code=00149&code=00101006111&supplier_code=00100012&order_time=2022-08-10 HTTP/1.1" 200 409
114.88.158.224 - - [10/Aug/2022:11:18:47 +0800] "GET /xingrg/javascript/jquery_tools/images/prev.gif HTTP/1.1" 404 1086
114.88.158.224 - - [10/Aug/2022:11:18:47 +0800] "GET /xingrg/javascript/jquery_tools/images/next.gif HTTP/1.1" 404 1086
180.174.21.132 - - [10/Aug/2022:11:18:52 +0800] "GET /xingrg/all/function/internal_message.html?_=1660101404775&CODE_STATE=getMsg HTTP/1.1" 200 27
58.40.7.146 - - [10/Aug/2022:11:18:53 +0800] "GET /xingrg/all/function/internal_message.html?_=1660101530652&CODE_STATE=getMsg HTTP/1.1" 200 27
58.40.7.146 - - [10/Aug/2022:11:18:53 +0800] "GET /xingrg/check_reg.html?_=1660101530653 HTTP/1.1" 200 22
172.20.0.100 - - [10/Aug/2022:11:18:54 +0800] "GET /xingrg/all/function/internal_message.html?_=1660101532906&CODE_STATE=getMsg HTTP/1.1" 200 27
114.88.158.224 - - [10/Aug/2022:11:18:54 +0800] "GET /xingrg/kc/buy/cgsh_order_operate.html?command=get_materiel&rest_code=00141&code=00101007038&supplier_code=00100004&order_time=2022-08-10 HTTP/1.1" 200 440
114.86.224.84 - - [10/Aug/2022:11:18:56 +0800] "GET /xingrg/all/function/internal_message.html?_=1660101539013&CODE_STATE=getMsg HTTP/1.1" 200 27
180.174.21.132 - - [10/Aug/2022:11:18:56 +0800] "GET /xingrg/all/function/internal_message.html?_=1660101535023&CODE_STATE=getMsg HTTP/1.1" 200 27
114.83.216.111 - - [10/Aug/2022:11:18:59 +0800] "GET /xingrg/all/function/internal_message.html?_=1660101534924&CODE_STATE=getMsg HTTP/1.1" 200 27
114.83.216.111 - - [10/Aug/2022:11:19:00 +0800] "GET /xingrg/kc/buy/cgsh_order_operate.html?command=get_materiel&rest_code=00149&code=00101006109&supplier_code=00100012&order_time=2022-08-10 HTTP/1.1" 200 409
114.84.0.234 - - [10/Aug/2022:11:19:01 +0800] "GET /xingrg/all/function/internal_message.html?_=1660101537318&CODE_STATE=getMsg HTTP/1.1" 200 27
101.80.228.36 - - [10/Aug/2022:11:19:05 +0800] "GET /xingrg/all/function/internal_message.html?_=1660101542420&CODE_STATE=getMsg HTTP/1.1" 200 27
114.88.158.224 - - [10/Aug/2022:11:19:06 +0800] "GET /xingrg/kc/buy/cgsh_order_operate.html?command=get_materiel&rest_code=00141&code=00101007061&supplier_code=00100004&order_time=2022-08-10 HTTP/1.1" 200 409
218.81.223.53 - - [10/Aug/2022:11:19:12 +0800] "GET /xingrg/all/function/internal_message.html?_=1660101559727&CODE_STATE=getMsg HTTP/1.1" 200 27
114.83.216.111 - - [10/Aug/2022:11:19:13 +0800] "GET /xingrg/kc/buy/cgsh_order_operate.html?command=get_materiel&rest_code=00149&code=00101006058&supplier_code=00100012&order_time=2022-08-10 HTTP/1.1" 200 413
114.88.158.224 - - [10/Aug/2022:11:19:14 +0800] "GET /xingrg/all/function/internal_message.html?_=1660101228181&CODE_STATE=getMsg HTTP/1.1" 200 27
116.224.255.128 - - [10/Aug/2022:11:19:17 +0800] "GET /xingrg/all/function/internal_message.html?_=1660101497419&CODE_STATE=getMsg HTTP/1.1" 200 27
114.88.158.224 - - [10/Aug/2022:11:19:20 +0800] "GET /xingrg/kc/buy/cgsh_order_operate.html?command=get_materiel&rest_code=00141&code=00101007125&supplier_code=00100004&order_time=2022-08-10 HTTP/1.1" 200 406
222.69.129.110 - - [10/Aug/2022:11:19:23 +0800] "GET /xingrg/all/function/internal_message.html?_=1660101623005&CODE_STATE=getMsg HTTP/1.1" 200 27
114.83.216.111 - - [10/Aug/2022:11:19:24 +0800] "GET /xingrg/kc/buy/cgsh_order_operate.html?command=get_materiel&rest_code=00149&code=00101006057&supplier_code=00100012&order_time=2022-08-10 HTTP/1.1" 200 413
120.253.135.82 - - [10/Aug/2022:11:19:26 +0800] "GET /xingrg/all/function/internal_message.html?_=1660101370065&CODE_STATE=getMsg HTTP/1.1" 200 27
116.232.194.65 - - [10/Aug/2022:11:19:26 +0800] "GET /xingrg/all/function/internal_message.html?_=1660101549102&CODE_STATE=getMsg HTTP/1.1" 200 27
114.88.158.224 - - [10/Aug/2022:11:19:30 +0800] "POST /xingrg/kc/buy/cgsh_order_operate.html HTTP/1.1" 200 37
124.78.152.212 - - [10/Aug/2022:11:19:30 +0800] "GET /xingrg/all/function/internal_message.html?_=1660101569874&CODE_STATE=getMsg HTTP/1.1" 200 27
114.83.216.111 - - [10/Aug/2022:11:19:33 +0800] "GET /xingrg/kc/buy/cgsh_order_operate.html?command=get_materiel&rest_code=00149&code=00101007067&supplier_code=00100012&order_time=2022-08-10 HTTP/1.1" 200 409
114.88.158.224 - - [10/Aug/2022:11:19:34 +0800] "POST /xingrg/kc/buy/cgsh_order_operate.html HTTP/1.1" 200 12
114.88.158.224 - - [10/Aug/2022:11:19:34 +0800] "GET /xingrg/kc/buy/cgsh_order_info.html?code=212022081002948 HTTP/1.1" 200 63132
120.253.135.82 - - [10/Aug/2022:11:19:35 +0800] "GET /xingrg/all/function/internal_message.html?_=1660101691762&CODE_STATE=getMsg HTTP/1.1" 200 27
114.88.158.224 - - [10/Aug/2022:11:19:35 +0800] "GET /xingrg/javascript/easyui/themes/default/validatebox.css HTTP/1.1" 404 1104
114.88.158.224 - - [10/Aug/2022:11:19:35 +0800] "POST /xingrg/kc/buy/cgsh_order_operate.html HTTP/1.1" 200 1779
114.88.158.224 - - [10/Aug/2022:11:19:36 +0800] "GET /xingrg/kc/print/load_config.html?kc_code=cgsh HTTP/1.1" 200 1943
114.88.158.224 - - [10/Aug/2022:11:19:36 +0800] "GET /xingrg/kc/print/load_data.html?order_code=212022081002948&kc_code=cgsh&condition= HTTP/1.1" 200 1203
180.169.147.146 - - [10/Aug/2022:11:19:39 +0800] "GET /xingrg/all/function/internal_message.html?_=1660101573148&CODE_STATE=getMsg HTTP/1.1" 200 27
114.88.158.224 - - [10/Aug/2022:11:19:40 +0800] "GET /xingrg/kc/buy/cgsh_order_add.html HTTP/1.1" 200 68229
114.88.158.224 - - [10/Aug/2022:11:19:40 +0800] "POST /xingrg/kc/buy/cgsh_order_operate.html HTTP/1.1" 200 8245
114.88.158.224 - - [10/Aug/2022:11:19:40 +0800] "GET /xingrg/javascript/easyui/themes/default/validatebox.css HTTP/1.1" 404 1104
180.162.109.37 - - [10/Aug/2022:11:19:40 +0800] "GET /xingrg/check_reg.html?_=1660100756410 HTTP/1.1" 200 22
180.162.109.37 - - [10/Aug/2022:11:19:40 +0800] "GET /xingrg/all/function/internal_message.html?_=1660100756414&CODE_STATE=getMsg HTTP/1.1" 200 27
101.85.120.95 - - [10/Aug/2022:11:19:44 +0800] "GET /xingrg/check_reg.html?_=1660101580244 HTTP/1.1" 200 22
101.85.120.95 - - [10/Aug/2022:11:19:45 +0800] "GET /xingrg/all/function/internal_message.html?_=1660101580246&CODE_STATE=getMsg HTTP/1.1" 200 27
116.224.123.211 - - [10/Aug/2022:11:19:46 +0800] "GET /xingrg/all/function/internal_message.html?_=1660101584112&CODE_STATE=getMsg HTTP/1.1" 200 27
114.83.216.111 - - [10/Aug/2022:11:19:47 +0800] "POST /xingrg/kc/buy/cgsh_order_operate.html HTTP/1.1" 200 37
114.88.158.224 - - [10/Aug/2022:11:19:50 +0800] "GET /xingrg/kc/buy/cgsh_order_operate.html?command=get_materiel&rest_code=00141&code=00101006055&supplier_code=00100012&order_time=2022-08-10 HTTP/1.1" 200 409
180.174.21.132 - - [10/Aug/2022:11:19:52 +0800] "GET /xingrg/check_reg.html?_=1660101464775 HTTP/1.1" 200 22
180.174.21.132 - - [10/Aug/2022:11:19:52 +0800] "GET /xingrg/all/function/internal_message.html?_=1660101464776&CODE_STATE=getMsg HTTP/1.1" 200 27
58.40.7.146 - - [10/Aug/2022:11:19:53 +0800] "GET /xingrg/all/function/internal_message.html?_=1660101590654&CODE_STATE=getMsg HTTP/1.1" 200 27
172.20.0.100 - - [10/Aug/2022:11:19:54 +0800] "GET /xingrg/all/function/internal_message.html?_=1660101592902&CODE_STATE=getMsg HTTP/1.1" 200 27
114.83.216.111 - - [10/Aug/2022:11:19:56 +0800] "POST /xingrg/kc/buy/cgsh_order_operate.html HTTP/1.1" 200 12
114.86.224.84 - - [10/Aug/2022:11:19:56 +0800] "GET /xingrg/all/function/internal_message.html?_=1660101599016&CODE_STATE=getMsg HTTP/1.1" 200 27
180.174.21.132 - - [10/Aug/2022:11:19:56 +0800] "GET /xingrg/all/function/internal_message.html?_=1660101595023&CODE_STATE=getMsg HTTP/1.1" 200 27
114.83.216.111 - - [10/Aug/2022:11:19:57 +0800] "GET /xingrg/kc/buy/cgsh_order_info.html?code=212022081002949 HTTP/1.1" 200 63220
114.83.216.111 - - [10/Aug/2022:11:19:58 +0800] "GET /xingrg/javascript/easyui/themes/default/validatebox.css HTTP/1.1" 404 1104
114.83.216.111 - - [10/Aug/2022:11:19:59 +0800] "POST /xingrg/kc/buy/cgsh_order_operate.html HTTP/1.1" 200 2991
114.83.216.111 - - [10/Aug/2022:11:19:59 +0800] "GET /xingrg/all/function/internal_message.html?_=1660101594978&CODE_STATE=getMsg HTTP/1.1" 200 27
114.83.216.111 - - [10/Aug/2022:11:20:00 +0800] "GET /xingrg/kc/print/load_data.html?order_code=212022081002949&kc_code=cgsh&condition= HTTP/1.1" 200 1722
114.84.0.234 - - [10/Aug/2022:11:20:01 +0800] "GET /xingrg/all/function/internal_message.html?_=1660101597321&CODE_STATE=getMsg HTTP/1.1" 200 27
116.224.255.128 - - [10/Aug/2022:11:20:01 +0800] "GET /xingrg/check_reg.html?_=1660101541629 HTTP/1.1" 200 22
101.80.228.36 - - [10/Aug/2022:11:20:05 +0800] "GET /xingrg/all/function/internal_message.html?_=1660101602392&CODE_STATE=getMsg HTTP/1.1" 200 27
114.83.216.111 - - [10/Aug/2022:11:20:07 +0800] "GET /xingrg/kc/buy/cgsh_order_add.html HTTP/1.1" 200 68317
114.83.216.111 - - [10/Aug/2022:11:20:07 +0800] "POST /xingrg/kc/buy/cgsh_order_operate.html HTTP/1.1" 200 8245
114.83.216.111 - - [10/Aug/2022:11:20:07 +0800] "GET /xingrg/javascript/easyui/themes/default/validatebox.css HTTP/1.1" 404 1104
218.81.223.53 - - [10/Aug/2022:11:20:13 +0800] "GET /xingrg/all/function/internal_message.html?_=1660101620175&CODE_STATE=getMsg HTTP/1.1" 200 27
114.88.158.224 - - [10/Aug/2022:11:20:14 +0800] "GET /xingrg/all/function/internal_message.html?_=1660101288208&CODE_STATE=getMsg HTTP/1.1" 200 27
116.224.255.128 - - [10/Aug/2022:11:20:17 +0800] "GET /xingrg/all/function/internal_message.html?_=1660101557427&CODE_STATE=getMsg HTTP/1.1" 200 27
222.69.129.110 - - [10/Aug/2022:11:20:23 +0800] "GET /xingrg/all/function/internal_message.html?_=1660101683012&CODE_STATE=getMsg HTTP/1.1" 200 27
222.69.129.110 - - [10/Aug/2022:11:20:23 +0800] "GET /xingrg/check_reg.html?_=1660101683015 HTTP/1.1" 200 22
180.174.21.132 - - [10/Aug/2022:11:20:24 +0800] "POST /xingrg/services/DataTransmitService HTTP/1.1" 200 524
180.174.21.132 - - [10/Aug/2022:11:20:25 +0800] "POST /xingrg/services/DataTransmitService HTTP/1.1" 200 2407
180.174.21.132 - - [10/Aug/2022:11:20:25 +0800] "POST /xingrg/services/DataTransmitService HTTP/1.1" 200 196440
120.253.135.82 - - [10/Aug/2022:11:20:26 +0800] "GET /xingrg/all/function/internal_message.html?_=1660101430095&CODE_STATE=getMsg HTTP/1.1" 200 27
116.232.194.65 - - [10/Aug/2022:11:20:26 +0800] "GET /xingrg/all/function/internal_message.html?_=1660101609094&CODE_STATE=getMsg HTTP/1.1" 200 27
120.253.135.82 - - [10/Aug/2022:11:20:28 +0800] "GET /xingrg/check_reg.html?_=1660101432767 HTTP/1.1" 200 22
124.78.152.212 - - [10/Aug/2022:11:20:30 +0800] "GET /xingrg/all/function/internal_message.html?_=1660101629853&CODE_STATE=getMsg HTTP/1.1" 200 27
120.253.135.82 - - [10/Aug/2022:11:20:35 +0800] "GET /xingrg/all/function/internal_message.html?_=1660101751774&CODE_STATE=getMsg HTTP/1.1" 200 27
114.88.158.224 - - [10/Aug/2022:11:20:38 +0800] "GET /xingrg/kc/buy/cgsh_order_operate.html?command=get_materiel&rest_code=00141&code=00101006129&supplier_code=00100012&order_time=2022-08-10 HTTP/1.1" 200 431
114.83.216.111 - - [10/Aug/2022:11:20:38 +0800] "GET /xingrg/kc/buy/cgsh_order_operate.html?command=get_materiel&rest_code=00149&code=00101006109&supplier_code=00100012&order_time=2022-08-09 HTTP/1.1" 200 409
114.86.224.84 - - [10/Aug/2022:11:20:39 +0800] "GET /xingrg/javascript/jquery_easy_ui/themes/default/images/tabs_active.png HTTP/1.1" 200 2894
180.169.147.146 - - [10/Aug/2022:11:20:39 +0800] "GET /xingrg/all/function/internal_message.html?_=1660101633148&CODE_STATE=getMsg HTTP/1.1" 200 27
114.86.224.84 - - [10/Aug/2022:11:20:40 +0800] "GET /xingrg/index.html?sysBaseUrl=http%3A%2F%2F180.169.147.146%3A18081%2Fxingrg%2F&costTime=69×tamp=1660098953288 HTTP/1.1" 200 17173
114.86.224.84 - - [10/Aug/2022:11:20:40 +0800] "POST /xingrg/all/common/load_tree.html?tree=area_rest_tree_json&manage=1 HTTP/1.1" 200 342
114.86.224.84 - - [10/Aug/2022:11:20:40 +0800] "GET /xingrg/all/function/internal_message.html?_=1660101643133&CODE_STATE=count HTTP/1.1" 200 11
114.86.224.84 - - [10/Aug/2022:11:20:40 +0800] "GET /xingrg/check_reg.html?_=1660101643133 HTTP/1.1" 200 22
114.86.224.84 - - [10/Aug/2022:11:20:40 +0800] "POST /xingrg/load_menu.html HTTP/1.1" 200 5138
180.162.109.37 - - [10/Aug/2022:11:20:40 +0800] "GET /xingrg/all/function/internal_message.html?_=1660100816415&CODE_STATE=getMsg HTTP/1.1" 200 27
114.86.224.84 - - [10/Aug/2022:11:20:41 +0800] "GET /xingrg/kc/buy/buy_main.html HTTP/1.1" 200 12412
114.86.224.84 - - [10/Aug/2022:11:20:41 +0800] "GET /xingrg/css/new_ie.css HTTP/1.1" 404 1036
114.86.224.84 - - [10/Aug/2022:11:20:43 +0800] "GET /xingrg/kc/buy/cgsh_order_list.html HTTP/1.1" 200 52447
101.85.120.95 - - [10/Aug/2022:11:20:44 +0800] "GET /xingrg/all/function/internal_message.html?_=1660101640245&CODE_STATE=getMsg HTTP/1.1" 200 27
114.86.224.84 - - [10/Aug/2022:11:20:45 +0800] "POST /xingrg/kc/buy/cgsh_list_operate.html HTTP/1.1" 200 2057
116.224.123.211 - - [10/Aug/2022:11:20:46 +0800] "GET /xingrg/all/function/internal_message.html?_=1660101644096&CODE_STATE=getMsg HTTP/1.1" 200 27
116.224.123.211 - - [10/Aug/2022:11:20:47 +0800] "GET /xingrg/check_reg.html?_=1660101644773 HTTP/1.1" 200 22
114.83.216.111 - - [10/Aug/2022:11:20:47 +0800] "GET /xingrg/kc/buy/cgsh_order_operate.html?command=get_materiel&rest_code=00149&code=00101006057&supplier_code=00100012&order_time=2022-08-09 HTTP/1.1" 200 413
114.88.158.224 - - [10/Aug/2022:11:20:51 +0800] "GET /xingrg/kc/buy/cgsh_order_operate.html?command=get_materiel&rest_code=00141&code=00101006193&supplier_code=00100012&order_time=2022-08-10 HTTP/1.1" 200 409
180.174.21.132 - - [10/Aug/2022:11:20:52 +0800] "GET /xingrg/all/function/internal_message.html?_=1660101524775&CODE_STATE=getMsg HTTP/1.1" 200 27
58.40.7.146 - - [10/Aug/2022:11:20:53 +0800] "GET /xingrg/all/function/internal_message.html?_=1660101650660&CODE_STATE=getMsg HTTP/1.1" 200 27
172.20.0.100 - - [10/Aug/2022:11:20:54 +0800] "GET /xingrg/all/function/internal_message.html?_=1660101652887&CODE_STATE=getMsg HTTP/1.1" 200 27
172.20.0.100 - - [10/Aug/2022:11:20:54 +0800] "GET /xingrg/check_reg.html?_=1660101652949 HTTP/1.1" 200 22
114.83.216.111 - - [10/Aug/2022:11:20:55 +0800] "POST /xingrg/kc/buy/cgsh_order_operate.html HTTP/1.1" 200 37
180.174.21.132 - - [10/Aug/2022:11:20:56 +0800] "GET /xingrg/check_reg.html?_=1660101655024 HTTP/1.1" 200 22
180.174.21.132 - - [10/Aug/2022:11:20:56 +0800] "GET /xingrg/all/function/internal_message.html?_=1660101655026&CODE_STATE=getMsg HTTP/1.1" 200 27
114.83.216.111 - - [10/Aug/2022:11:20:59 +0800] "GET /xingrg/all/function/internal_message.html?_=1660101654966&CODE_STATE=getMsg HTTP/1.1" 200 27
114.84.0.234 - - [10/Aug/2022:11:21:01 +0800] "GET /xingrg/check_reg.html?_=1660101657320 HTTP/1.1" 200 22
114.84.0.234 - - [10/Aug/2022:11:21:01 +0800] "GET /xingrg/all/function/internal_message.html?_=1660101657322&CODE_STATE=getMsg HTTP/1.1" 200 27
114.88.158.224 - - [10/Aug/2022:11:21:01 +0800] "GET /xingrg/kc/buy/cgsh_order_operate.html?command=get_materiel&rest_code=00141&code=00101006109&supplier_code=00100012&order_time=2022-08-10 HTTP/1.1" 200 409
114.83.216.111 - - [10/Aug/2022:11:21:01 +0800] "POST /xingrg/kc/buy/cgsh_order_operate.html HTTP/1.1" 200 12
114.83.216.111 - - [10/Aug/2022:11:21:02 +0800] "GET /xingrg/kc/buy/cgsh_order_info.html?code=212022081002950 HTTP/1.1" 200 63220
114.83.216.111 - - [10/Aug/2022:11:21:03 +0800] "GET /xingrg/javascript/easyui/themes/default/validatebox.css HTTP/1.1" 404 1104
114.83.216.111 - - [10/Aug/2022:11:21:03 +0800] "POST /xingrg/kc/buy/cgsh_order_operate.html HTTP/1.1" 200 1199
114.83.216.111 - - [10/Aug/2022:11:21:04 +0800] "GET /xingrg/kc/print/load_data.html?order_code=212022081002950&kc_code=cgsh&condition= HTTP/1.1" 200 1014
101.80.228.36 - - [10/Aug/2022:11:21:05 +0800] "GET /xingrg/all/function/internal_message.html?_=1660101662363&CODE_STATE=getMsg HTTP/1.1" 200 27
218.81.223.53 - - [10/Aug/2022:11:21:07 +0800] "GET /xingrg/check_reg.html?_=1660101674528 HTTP/1.1" 200 22
114.83.216.111 - - [10/Aug/2022:11:21:09 +0800] "GET /xingrg/kc/buy/cgsh_order_add.html HTTP/1.1" 200 68317
114.83.216.111 - - [10/Aug/2022:11:21:09 +0800] "POST /xingrg/kc/buy/cgsh_order_operate.html HTTP/1.1" 200 8245
114.83.216.111 - - [10/Aug/2022:11:21:10 +0800] "GET /xingrg/javascript/easyui/themes/default/validatebox.css HTTP/1.1" 404 1104
218.81.223.53 - - [10/Aug/2022:11:21:13 +0800] "GET /xingrg/all/function/internal_message.html?_=1660101680176&CODE_STATE=getMsg HTTP/1.1" 200 27
114.88.158.224 - - [10/Aug/2022:11:21:14 +0800] "POST /xingrg/kc/buy/cgsh_order_operate.html HTTP/1.1" 200 37
180.169.147.146 - - [10/Aug/2022:11:21:17 +0800] "GET /xingrg/check_reg.html?_=1660101674692 HTTP/1.1" 200 22
116.224.255.128 - - [10/Aug/2022:11:21:17 +0800] "GET /xingrg/all/function/internal_message.html?_=1660101617441&CODE_STATE=getMsg HTTP/1.1" 200 27
114.88.158.224 - - [10/Aug/2022:11:21:19 +0800] "POST /xingrg/kc/buy/cgsh_order_operate.html HTTP/1.1" 200 12
114.88.158.224 - - [10/Aug/2022:11:21:20 +0800] "GET /xingrg/kc/buy/cgsh_order_info.html?code=212022081002951 HTTP/1.1" 200 63132
114.88.158.224 - - [10/Aug/2022:11:21:20 +0800] "GET /xingrg/javascript/easyui/themes/default/validatebox.css HTTP/1.1" 404 1104
114.88.158.224 - - [10/Aug/2022:11:21:21 +0800] "POST /xingrg/kc/buy/cgsh_order_operate.html HTTP/1.1" 200 2391
114.88.158.224 - - [10/Aug/2022:11:21:22 +0800] "GET /xingrg/kc/print/load_data.html?order_code=212022081002951&kc_code=cgsh&condition= HTTP/1.1" 200 1485
222.69.129.110 - - [10/Aug/2022:11:21:23 +0800] "GET /xingrg/all/function/internal_message.html?_=1660101743006&CODE_STATE=getMsg HTTP/1.1" 200 27
114.88.158.224 - - [10/Aug/2022:11:21:25 +0800] "GET /xingrg/kc/buy/cgsh_order_add.html HTTP/1.1" 200 68229
114.88.158.224 - - [10/Aug/2022:11:21:25 +0800] "POST /xingrg/kc/buy/cgsh_order_operate.html HTTP/1.1" 200 8245
114.88.158.224 - - [10/Aug/2022:11:21:25 +0800] "GET /xingrg/javascript/easyui/themes/default/validatebox.css HTTP/1.1" 404 1104
120.253.135.82 - - [10/Aug/2022:11:21:26 +0800] "GET /xingrg/all/function/internal_message.html?_=1660101490109&CODE_STATE=getMsg HTTP/1.1" 200 27
116.232.194.65 - - [10/Aug/2022:11:21:26 +0800] "GET /xingrg/all/function/internal_message.html?_=1660101669107&CODE_STATE=getMsg HTTP/1.1" 200 27
101.80.228.36 - - [10/Aug/2022:11:21:27 +0800] "GET /xingrg/check_reg.html?_=1660101684069 HTTP/1.1" 200 22
120.253.135.82 - - [10/Aug/2022:11:21:28 +0800] "GET /xingrg/check_reg.html?_=1660101802525 HTTP/1.1" 200 22
114.83.216.111 - - [10/Aug/2022:11:21:30 +0800] "GET /xingrg/kc/buy/cgsh_order_operate.html?command=get_materiel&rest_code=00149&code=00101010092&supplier_code=00100036&order_time=2022-08-10 HTTP/1.1" 200 448
124.78.152.212 - - [10/Aug/2022:11:21:30 +0800] "GET /xingrg/all/function/internal_message.html?_=1660101689851&CODE_STATE=getMsg HTTP/1.1" 200 27
114.88.158.224 - - [10/Aug/2022:11:21:33 +0800] "GET /xingrg/kc/buy/cgsh_order_operate.html?command=get_materiel&rest_code=00141&code=00101012038&supplier_code=00100036&order_time=2022-08-10 HTTP/1.1" 200 412
120.253.135.82 - - [10/Aug/2022:11:21:35 +0800] "GET /xingrg/all/function/internal_message.html?_=1660101811789&CODE_STATE=getMsg HTTP/1.1" 200 27
124.78.152.212 - - [10/Aug/2022:11:21:39 +0800] "GET /xingrg/check_reg.html?_=1660101698636 HTTP/1.1" 200 22
180.169.147.146 - - [10/Aug/2022:11:21:39 +0800] "GET /xingrg/all/function/internal_message.html?_=1660101693149&CODE_STATE=getMsg HTTP/1.1" 200 27
114.83.216.111 - - [10/Aug/2022:11:21:39 +0800] "POST /xingrg/kc/buy/cgsh_order_operate.html HTTP/1.1" 200 37
114.86.224.84 - - [10/Aug/2022:11:21:40 +0800] "GET /xingrg/all/function/internal_message.html?_=1660101703142&CODE_STATE=getMsg HTTP/1.1" 200 27
180.162.109.37 - - [10/Aug/2022:11:21:40 +0800] "GET /xingrg/all/function/internal_message.html?_=1660100876417&CODE_STATE=getMsg HTTP/1.1" 200 27
114.83.216.111 - - [10/Aug/2022:11:21:43 +0800] "POST /xingrg/kc/buy/cgsh_order_operate.html HTTP/1.1" 200 12
114.88.158.224 - - [10/Aug/2022:11:21:44 +0800] "GET /xingrg/kc/buy/cgsh_order_operate.html?command=get_materiel&rest_code=00141&code=00101011001&supplier_code=00100036&order_time=2022-08-10 HTTP/1.1" 200 442
101.85.120.95 - - [10/Aug/2022:11:21:44 +0800] "GET /xingrg/all/function/internal_message.html?_=1660101700248&CODE_STATE=getMsg HTTP/1.1" 200 27
116.224.123.211 - - [10/Aug/2022:11:21:46 +0800] "GET /xingrg/all/function/internal_message.html?_=1660101704085&CODE_STATE=getMsg HTTP/1.1" 200 27
114.83.216.111 - - [10/Aug/2022:11:21:48 +0800] "GET /xingrg/kc/buy/cgsh_order_info.html?code=212022081002952 HTTP/1.1" 200 63222
114.83.216.111 - - [10/Aug/2022:11:21:49 +0800] "GET /xingrg/javascript/easyui/themes/default/validatebox.css HTTP/1.1" 404 1104
114.83.216.111 - - [10/Aug/2022:11:21:49 +0800] "POST /xingrg/kc/buy/cgsh_order_operate.html HTTP/1.1" 200 617
114.83.216.111 - - [10/Aug/2022:11:21:52 +0800] "GET /xingrg/kc/print/load_data.html?order_code=212022081002952&kc_code=cgsh&condition= HTTP/1.1" 200 784
114.88.158.224 - - [10/Aug/2022:11:21:52 +0800] "GET /xingrg/kc/buy/cgsh_order_operate.html?command=get_materiel&rest_code=00141&code=00101010092&supplier_code=00100036&order_time=2022-08-10 HTTP/1.1" 200 448
180.174.21.132 - - [10/Aug/2022:11:21:52 +0800] "GET /xingrg/all/function/internal_message.html?_=1660101584773&CODE_STATE=getMsg HTTP/1.1" 200 27
58.40.7.146 - - [10/Aug/2022:11:21:53 +0800] "GET /xingrg/all/function/internal_message.html?_=1660101710662&CODE_STATE=getMsg HTTP/1.1" 200 27
172.20.0.100 - - [10/Aug/2022:11:21:54 +0800] "GET /xingrg/all/function/internal_message.html?_=1660101712864&CODE_STATE=getMsg HTTP/1.1" 200 27
180.174.21.132 - - [10/Aug/2022:11:21:56 +0800] "GET /xingrg/all/function/internal_message.html?_=1660101715025&CODE_STATE=getMsg HTTP/1.1" 200 27
114.83.216.111 - - [10/Aug/2022:11:21:59 +0800] "GET /xingrg/all/function/internal_message.html?_=1660101714942&CODE_STATE=getMsg HTTP/1.1" 200 27
114.88.158.224 - - [10/Aug/2022:11:22:00 +0800] "GET /xingrg/kc/buy/cgsh_order_operate.html?command=get_materiel&rest_code=00141&code=00101016038&supplier_code=00100036&order_time=2022-08-10 HTTP/1.1" 200 408
114.84.0.234 - - [10/Aug/2022:11:22:01 +0800] "GET /xingrg/all/function/internal_message.html?_=1660101717321&CODE_STATE=getMsg HTTP/1.1" 200 27
114.83.216.111 - - [10/Aug/2022:11:22:04 +0800] "GET /xingrg/kc/buy/cgsh_order_add.html HTTP/1.1" 200 68317
114.83.216.111 - - [10/Aug/2022:11:22:05 +0800] "POST /xingrg/kc/buy/cgsh_order_operate.html HTTP/1.1" 200 8245
114.83.216.111 - - [10/Aug/2022:11:22:05 +0800] "GET /xingrg/javascript/easyui/themes/default/validatebox.css HTTP/1.1" 404 1104
101.80.228.36 - - [10/Aug/2022:11:22:05 +0800] "GET /xingrg/all/function/internal_message.html?_=1660101722334&CODE_STATE=getMsg HTTP/1.1" 200 27
114.88.158.224 - - [10/Aug/2022:11:22:09 +0800] "POST /xingrg/kc/buy/cgsh_order_operate.html HTTP/1.1" 200 37
114.88.158.224 - - [10/Aug/2022:11:22:12 +0800] "POST /xingrg/kc/buy/cgsh_order_operate.html HTTP/1.1" 200 12
218.81.223.53 - - [10/Aug/2022:11:22:13 +0800] "GET /xingrg/all/function/internal_message.html?_=1660101740189&CODE_STATE=getMsg HTTP/1.1" 200 27
114.88.158.224 - - [10/Aug/2022:11:22:13 +0800] "GET /xingrg/kc/buy/cgsh_order_info.html?code=212022081002953 HTTP/1.1" 200 63134
114.88.158.224 - - [10/Aug/2022:11:22:14 +0800] "GET /xingrg/javascript/easyui/themes/default/validatebox.css HTTP/1.1" 404 1104
114.88.158.224 - - [10/Aug/2022:11:22:14 +0800] "POST /xingrg/kc/buy/cgsh_order_operate.html HTTP/1.1" 200 2398
114.88.158.224 - - [10/Aug/2022:11:22:14 +0800] "GET /xingrg/all/function/internal_message.html?_=1660101408306&CODE_STATE=getMsg HTTP/1.1" 200 27
114.88.158.224 - - [10/Aug/2022:11:22:15 +0800] "GET /xingrg/kc/print/load_data.html?order_code=212022081002953&kc_code=cgsh&condition= HTTP/1.1" 200 1477
116.224.255.128 - - [10/Aug/2022:11:22:17 +0800] "GET /xingrg/all/function/internal_message.html?_=1660101677476&CODE_STATE=getMsg HTTP/1.1" 200 27
114.88.158.224 - - [10/Aug/2022:11:22:19 +0800] "GET /xingrg/kc/buy/cgsh_order_add.html HTTP/1.1" 200 68229
114.88.158.224 - - [10/Aug/2022:11:22:19 +0800] "POST /xingrg/kc/buy/cgsh_order_operate.html HTTP/1.1" 200 8245
114.88.158.224 - - [10/Aug/2022:11:22:19 +0800] "GET /xingrg/javascript/easyui/themes/default/validatebox.css HTTP/1.1" 404 1104
114.83.216.111 - - [10/Aug/2022:11:22:20 +0800] "GET /xingrg/kc/buy/cgsh_order_operate.html?command=get_materiel&rest_code=00149&code=00101016025&supplier_code=00100036&order_time=2022-08-09 HTTP/1.1" 200 408
222.69.129.110 - - [10/Aug/2022:11:22:23 +0800] "GET /xingrg/all/function/internal_message.html?_=1660101803013&CODE_STATE=getMsg HTTP/1.1" 200 27
120.253.135.82 - - [10/Aug/2022:11:22:26 +0800] "GET /xingrg/all/function/internal_message.html?_=1660101550123&CODE_STATE=getMsg HTTP/1.1" 200 27
116.232.194.65 - - [10/Aug/2022:11:22:26 +0800] "GET /xingrg/all/function/internal_message.html?_=1660101729104&CODE_STATE=getMsg HTTP/1.1" 200 27
124.78.152.212 - - [10/Aug/2022:11:22:30 +0800] "GET /xingrg/all/function/internal_message.html?_=1660101749822&CODE_STATE=getMsg HTTP/1.1" 200 27
120.253.135.82 - - [10/Aug/2022:11:22:35 +0800] "GET /xingrg/all/function/internal_message.html?_=1660101871802&CODE_STATE=getMsg HTTP/1.1" 200 27
114.88.158.224 - - [10/Aug/2022:11:22:35 +0800] "GET /xingrg/kc/buy/cgsh_order_operate.html?command=get_materiel&rest_code=00141&code=00101001010&supplier_code=00100040&order_time=2022-08-10 HTTP/1.1" 200 409
180.169.147.146 - - [10/Aug/2022:11:22:39 +0800] "GET /xingrg/check_reg.html?_=1660101753149 HTTP/1.1" 200 22
180.169.147.146 - - [10/Aug/2022:11:22:39 +0800] "GET /xingrg/all/function/internal_message.html?_=1660101753151&CODE_STATE=getMsg HTTP/1.1" 200 27
114.86.224.84 - - [10/Aug/2022:11:22:40 +0800] "GET /xingrg/all/function/internal_message.html?_=1660101763140&CODE_STATE=getMsg HTTP/1.1" 200 27
180.162.109.37 - - [10/Aug/2022:11:22:40 +0800] "GET /xingrg/all/function/internal_message.html?_=1660100936420&CODE_STATE=getMsg HTTP/1.1" 200 27
114.83.216.111 - - [10/Aug/2022:11:22:41 +0800] "POST /xingrg/kc/buy/cgsh_order_operate.html HTTP/1.1" 200 37
114.86.224.84 - - [10/Aug/2022:11:22:41 +0800] "GET /xingrg/javascript/jquery_tools/images/prev.gif HTTP/1.1" 404 1086
114.86.224.84 - - [10/Aug/2022:11:22:41 +0800] "GET /xingrg/javascript/jquery_tools/images/next.gif HTTP/1.1" 404 1086
101.85.120.95 - - [10/Aug/2022:11:22:45 +0800] "GET /xingrg/all/function/internal_message.html?_=1660101760248&CODE_STATE=getMsg HTTP/1.1" 200 27
114.88.158.224 - - [10/Aug/2022:11:22:45 +0800] "POST /xingrg/kc/buy/cgsh_order_operate.html HTTP/1.1" 200 37
116.224.123.211 - - [10/Aug/2022:11:22:46 +0800] "GET /xingrg/all/function/internal_message.html?_=1660101764084&CODE_STATE=getMsg HTTP/1.1" 200 27
114.83.216.111 - - [10/Aug/2022:11:22:48 +0800] "POST /xingrg/kc/buy/cgsh_order_operate.html HTTP/1.1" 200 12
58.221.95.50 - - [10/Aug/2022:11:22:50 +0800] "GET /xingrg/check_reg.html?_=1660101768692 HTTP/1.1" 302 -
114.88.158.224 - - [10/Aug/2022:11:22:51 +0800] "POST /xingrg/kc/buy/cgsh_order_operate.html HTTP/1.1" 200 12
114.83.216.111 - - [10/Aug/2022:11:22:51 +0800] "GET /xingrg/kc/buy/cgsh_order_info.html?code=212022081002954 HTTP/1.1" 200 63222
114.83.216.111 - - [10/Aug/2022:11:22:52 +0800] "GET /xingrg/javascript/easyui/themes/default/validatebox.css HTTP/1.1" 404 1104
114.88.158.224 - - [10/Aug/2022:11:22:52 +0800] "GET /xingrg/kc/buy/cgsh_order_info.html?code=212022081002955 HTTP/1.1" 200 63132
114.88.158.224 - - [10/Aug/2022:11:22:52 +0800] "GET /xingrg/javascript/easyui/themes/default/validatebox.css HTTP/1.1" 404 1104
180.174.21.132 - - [10/Aug/2022:11:22:52 +0800] "GET /xingrg/all/function/internal_message.html?_=1660101644772&CODE_STATE=getMsg HTTP/1.1" 200 27
114.83.216.111 - - [10/Aug/2022:11:22:52 +0800] "POST /xingrg/kc/buy/cgsh_order_operate.html HTTP/1.1" 200 605
114.88.158.224 - - [10/Aug/2022:11:22:53 +0800] "POST /xingrg/kc/buy/cgsh_order_operate.html HTTP/1.1" 200 604
58.40.7.146 - - [10/Aug/2022:11:22:53 +0800] "GET /xingrg/all/function/internal_message.html?_=1660101770649&CODE_STATE=getMsg HTTP/1.1" 200 27
114.88.158.224 - - [10/Aug/2022:11:22:54 +0800] "GET /xingrg/kc/print/load_data.html?order_code=212022081002955&kc_code=cgsh&condition= HTTP/1.1" 200 785
114.83.216.111 - - [10/Aug/2022:11:22:54 +0800] "GET /xingrg/kc/print/load_data.html?order_code=212022081002954&kc_code=cgsh&condition= HTTP/1.1" 200 782
172.20.0.100 - - [10/Aug/2022:11:22:54 +0800] "GET /xingrg/all/function/internal_message.html?_=1660101772846&CODE_STATE=getMsg HTTP/1.1" 200 27
180.174.21.132 - - [10/Aug/2022:11:22:56 +0800] "GET /xingrg/all/function/internal_message.html?_=1660101775026&CODE_STATE=getMsg HTTP/1.1" 200 27
114.88.158.224 - - [10/Aug/2022:11:22:57 +0800] "GET /xingrg/kc/buy/cgsh_order_add.html HTTP/1.1" 200 68229
114.88.158.224 - - [10/Aug/2022:11:22:57 +0800] "POST /xingrg/kc/buy/cgsh_order_operate.html HTTP/1.1" 200 8245
114.88.158.224 - - [10/Aug/2022:11:22:57 +0800] "GET /xingrg/javascript/easyui/themes/default/validatebox.css HTTP/1.1" 404 1104
114.83.216.111 - - [10/Aug/2022:11:22:58 +0800] "GET /xingrg/kc/buy/cgsh_order_add.html HTTP/1.1" 200 68317
114.83.216.111 - - [10/Aug/2022:11:22:59 +0800] "POST /xingrg/kc/buy/cgsh_order_operate.html HTTP/1.1" 200 8245
114.83.216.111 - - [10/Aug/2022:11:22:59 +0800] "GET /xingrg/javascript/easyui/themes/default/validatebox.css HTTP/1.1" 404 1104
114.83.216.111 - - [10/Aug/2022:11:22:59 +0800] "GET /xingrg/all/function/internal_message.html?_=1660101774923&CODE_STATE=getMsg HTTP/1.1" 200 27
114.83.216.111 - - [10/Aug/2022:11:22:59 +0800] "GET /xingrg/check_reg.html?_=1660101775206 HTTP/1.1" 200 22
114.84.0.234 - - [10/Aug/2022:11:23:01 +0800] "GET /xingrg/all/function/internal_message.html?_=1660101777320&CODE_STATE=getMsg HTTP/1.1" 200 27
114.86.224.84 - - [10/Aug/2022:11:23:02 +0800] "POST /xingrg/kc/buy/cgsh_list_operate.html HTTP/1.1" 200 693
101.80.228.36 - - [10/Aug/2022:11:23:05 +0800] "GET /xingrg/all/function/internal_message.html?_=1660101782304&CODE_STATE=getMsg HTTP/1.1" 200 27
114.88.158.224 - - [10/Aug/2022:11:23:06 +0800] "GET /xingrg/kc/buy/cgsh_order_operate.html?command=get_materiel&rest_code=00141&code=00101008185&supplier_code=00100007&order_time=2022-08-10 HTTP/1.1" 200 408
218.81.223.53 - - [10/Aug/2022:11:23:13 +0800] "GET /xingrg/all/function/internal_message.html?_=1660101800690&CODE_STATE=getMsg HTTP/1.1" 200 27
114.88.158.224 - - [10/Aug/2022:11:23:13 +0800] "GET /xingrg/kc/buy/cgsh_order_operate.html?command=get_materiel&rest_code=00141&code=00101008354&supplier_code=00100007&order_time=2022-08-10 HTTP/1.1" 200 412
114.88.158.224 - - [10/Aug/2022:11:23:14 +0800] "GET /xingrg/check_reg.html?_=1660101468195 HTTP/1.1" 200 22
114.88.158.224 - - [10/Aug/2022:11:23:15 +0800] "GET /xingrg/all/function/internal_message.html?_=1660101468353&CODE_STATE=getMsg HTTP/1.1" 200 27
114.86.224.84 - - [10/Aug/2022:11:23:15 +0800] "POST /xingrg/kc/buy/cgsh_list_operate.html HTTP/1.1" 200 4501
116.224.255.128 - - [10/Aug/2022:11:23:20 +0800] "GET /xingrg/all/function/internal_message.html?_=1660101737484&CODE_STATE=getMsg HTTP/1.1" 200 27
114.88.158.224 - - [10/Aug/2022:11:23:22 +0800] "GET /xingrg/kc/buy/cgsh_order_operate.html?command=get_materiel&rest_code=00141&code=00101008038&supplier_code=00100007&order_time=2022-08-10 HTTP/1.1" 200 413
222.69.129.110 - - [10/Aug/2022:11:23:23 +0800] "GET /xingrg/all/function/internal_message.html?_=1660101863001&CODE_STATE=getMsg HTTP/1.1" 200 27
120.253.135.82 - - [10/Aug/2022:11:23:26 +0800] "GET /xingrg/all/function/internal_message.html?_=1660101610162&CODE_STATE=getMsg HTTP/1.1" 200 27
116.232.194.65 - - [10/Aug/2022:11:23:26 +0800] "GET /xingrg/check_reg.html?_=1660101789095 HTTP/1.1" 200 22
116.232.194.65 - - [10/Aug/2022:11:23:26 +0800] "GET /xingrg/all/function/internal_message.html?_=1660101789097&CODE_STATE=getMsg HTTP/1.1" 200 27
114.86.224.84 - - [10/Aug/2022:11:23:27 +0800] "POST /xingrg/kc/buy/cgsh_list_operate.html HTTP/1.1" 200 7522
114.88.158.224 - - [10/Aug/2022:11:23:29 +0800] "GET /xingrg/kc/buy/cgsh_order_operate.html?command=get_materiel&rest_code=00141&code=00101015060&supplier_code=00100007&order_time=2022-08-10 HTTP/1.1" 200 412
124.78.152.212 - - [10/Aug/2022:11:23:30 +0800] "GET /xingrg/all/function/internal_message.html?_=1660101809807&CODE_STATE=getMsg HTTP/1.1" 200 27
120.253.135.82 - - [10/Aug/2022:11:23:35 +0800] "GET /xingrg/all/function/internal_message.html?_=1660101931897&CODE_STATE=getMsg HTTP/1.1" 200 27
114.88.158.224 - - [10/Aug/2022:11:23:36 +0800] "GET /xingrg/kc/buy/cgsh_order_operate.html?command=get_materiel&rest_code=00141&code=00101008079&supplier_code=00100007&order_time=2022-08-10 HTTP/1.1" 200 416
180.169.147.146 - - [10/Aug/2022:11:23:39 +0800] "GET /xingrg/all/function/internal_message.html?_=1660101813136&CODE_STATE=getMsg HTTP/1.1" 200 27
114.86.224.84 - - [10/Aug/2022:11:23:40 +0800] "GET /xingrg/all/function/internal_message.html?_=1660101823148&CODE_STATE=getMsg HTTP/1.1" 200 27
180.162.109.37 - - [10/Aug/2022:11:23:40 +0800] "GET /xingrg/all/function/internal_message.html?_=1660100996421&CODE_STATE=getMsg HTTP/1.1" 200 27
114.88.158.224 - - [10/Aug/2022:11:23:43 +0800] "GET /xingrg/kc/buy/cgsh_order_operate.html?command=get_materiel&rest_code=00141&code=00101008077&supplier_code=00100007&order_time=2022-08-10 HTTP/1.1" 200 416
101.85.120.95 - - [10/Aug/2022:11:23:44 +0800] "GET /xingrg/all/function/internal_message.html?_=1660101820276&CODE_STATE=getMsg HTTP/1.1" 200 27
116.224.123.211 - - [10/Aug/2022:11:23:46 +0800] "GET /xingrg/all/function/internal_message.html?_=1660101824072&CODE_STATE=getMsg HTTP/1.1" 200 27
114.88.158.224 - - [10/Aug/2022:11:23:50 +0800] "GET /xingrg/kc/buy/cgsh_order_operate.html?command=get_materiel&rest_code=00141&code=00101008069&supplier_code=00100007&order_time=2022-08-10 HTTP/1.1" 200 412
180.174.21.132 - - [10/Aug/2022:11:23:52 +0800] "GET /xingrg/all/function/internal_message.html?_=1660101704797&CODE_STATE=getMsg HTTP/1.1" 200 27
58.40.7.146 - - [10/Aug/2022:11:23:53 +0800] "GET /xingrg/all/function/internal_message.html?_=1660101830652&CODE_STATE=getMsg HTTP/1.1" 200 27
58.40.7.146 - - [10/Aug/2022:11:23:53 +0800] "GET /xingrg/check_reg.html?_=1660101830653 HTTP/1.1" 200 22
172.20.0.100 - - [10/Aug/2022:11:23:54 +0800] "GET /xingrg/all/function/internal_message.html?_=1660101832827&CODE_STATE=getMsg HTTP/1.1" 200 27
180.174.21.132 - - [10/Aug/2022:11:23:56 +0800] "GET /xingrg/all/function/internal_message.html?_=1660101835026&CODE_STATE=getMsg HTTP/1.1" 200 27
114.88.158.224 - - [10/Aug/2022:11:23:57 +0800] "GET /xingrg/kc/buy/cgsh_order_operate.html?command=get_materiel&rest_code=00141&code=00101008286&supplier_code=00100007&order_time=2022-08-10 HTTP/1.1" 200 408
114.83.216.111 - - [10/Aug/2022:11:23:59 +0800] "GET /xingrg/all/function/internal_message.html?_=1660101834895&CODE_STATE=getMsg HTTP/1.1" 200 27
114.84.0.234 - - [10/Aug/2022:11:24:01 +0800] "GET /xingrg/all/function/internal_message.html?_=1660101837323&CODE_STATE=getMsg HTTP/1.1" 200 27
114.86.224.84 - - [10/Aug/2022:11:24:02 +0800] "POST /xingrg/kc/buy/cgsh_list_operate.html HTTP/1.1" 200 2896
114.88.158.224 - - [10/Aug/2022:11:24:04 +0800] "GET /xingrg/kc/buy/cgsh_order_operate.html?command=get_materiel&rest_code=00141&code=00101008036&supplier_code=00100007&order_time=2022-08-10 HTTP/1.1" 200 408
101.80.228.36 - - [10/Aug/2022:11:24:05 +0800] "GET /xingrg/all/function/internal_message.html?_=1660101842275&CODE_STATE=getMsg HTTP/1.1" 200 27
101.80.228.36 - - [10/Aug/2022:11:24:09 +0800] "GET /xingrg/kc/report/report_main.html HTTP/1.1" 200 7340
101.80.228.36 - - [10/Aug/2022:11:24:10 +0800] "GET /xingrg/kc/base/kc_stocks.html HTTP/1.1" 200 16443
101.80.228.36 - - [10/Aug/2022:11:24:11 +0800] "GET /xingrg/javascript/easyui/themes/default/tree.css HTTP/1.1" 404 1090
101.80.228.36 - - [10/Aug/2022:11:24:11 +0800] "GET /xingrg/all/common/auto_word.html?type=base&rest_code=00156 HTTP/1.1" 200 1903
101.80.228.36 - - [10/Aug/2022:11:24:11 +0800] "POST /xingrg/all/common/load_tree.html?tree=materiel_sort_tree_json HTTP/1.1" 200 9500
114.86.224.84 - - [10/Aug/2022:11:24:12 +0800] "POST /xingrg/kc/buy/cgsh_list_operate.html HTTP/1.1" 200 270
114.86.224.84 - - [10/Aug/2022:11:24:13 +0800] "GET /xingrg/kc/buy/cgsh_order_info.html?code=212022073008016 HTTP/1.1" 200 63210
114.86.224.84 - - [10/Aug/2022:11:24:13 +0800] "GET /xingrg/javascript/easyui/themes/default/validatebox.css HTTP/1.1" 404 1104
218.81.223.53 - - [10/Aug/2022:11:24:13 +0800] "GET /xingrg/all/function/internal_message.html?_=1660101860700&CODE_STATE=getMsg HTTP/1.1" 200 27
114.86.224.84 - - [10/Aug/2022:11:24:14 +0800] "POST /xingrg/kc/buy/cgsh_order_operate.html HTTP/1.1" 200 1189
114.88.158.224 - - [10/Aug/2022:11:24:15 +0800] "GET /xingrg/all/function/internal_message.html?_=1660101528332&CODE_STATE=getMsg HTTP/1.1" 200 27
114.88.158.224 - - [10/Aug/2022:11:24:15 +0800] "GET /xingrg/kc/buy/cgsh_order_operate.html?command=get_materiel&rest_code=00141&code=00101008271&supplier_code=00100007&order_time=2022-08-10 HTTP/1.1" 200 408
114.86.224.84 - - [10/Aug/2022:11:24:16 +0800] "GET /xingrg/kc/print/load_config.html?kc_code=cgsh HTTP/1.1" 200 1943
114.86.224.84 - - [10/Aug/2022:11:24:16 +0800] "GET /xingrg/kc/print/load_data.html?order_code=212022073008016&kc_code=cgsh HTTP/1.1" 200 916
116.224.255.128 - - [10/Aug/2022:11:24:17 +0800] "GET /xingrg/all/function/internal_message.html?_=1660101797519&CODE_STATE=getMsg HTTP/1.1" 200 27
114.88.158.224 - - [10/Aug/2022:11:24:21 +0800] "GET /xingrg/kc/buy/cgsh_order_operate.html?command=get_materiel&rest_code=00141&code=00101008353&supplier_code=00100007&order_time=2022-08-10 HTTP/1.1" 200 408
222.69.129.110 - - [10/Aug/2022:11:24:23 +0800] "GET /xingrg/all/function/internal_message.html?_=1660101923009&CODE_STATE=getMsg HTTP/1.1" 200 27
116.232.194.65 - - [10/Aug/2022:11:24:26 +0800] "GET /xingrg/all/function/internal_message.html?_=1660101849098&CODE_STATE=getMsg HTTP/1.1" 200 27
120.253.135.82 - - [10/Aug/2022:11:24:26 +0800] "GET /xingrg/all/function/internal_message.html?_=1660101670165&CODE_STATE=getMsg HTTP/1.1" 200 27
114.88.158.224 - - [10/Aug/2022:11:24:28 +0800] "GET /xingrg/kc/buy/cgsh_order_operate.html?command=get_materiel&rest_code=00141&code=00101008298&supplier_code=00100007&order_time=2022-08-10 HTTP/1.1" 200 413
124.78.152.212 - - [10/Aug/2022:11:24:30 +0800] "GET /xingrg/all/function/internal_message.html?_=1660101869792&CODE_STATE=getMsg HTTP/1.1" 200 27
101.80.228.36 - - [10/Aug/2022:11:24:32 +0800] "POST /xingrg/kc/base/stock_operate.html HTTP/1.1" 200 765
114.88.158.224 - - [10/Aug/2022:11:24:34 +0800] "GET /xingrg/kc/buy/cgsh_order_operate.html?command=get_materiel&rest_code=00141&code=00101008176&supplier_code=00100007&order_time=2022-08-10 HTTP/1.1" 200 413
120.253.135.82 - - [10/Aug/2022:11:24:35 +0800] "GET /xingrg/all/function/internal_message.html?_=1660101991908&CODE_STATE=getMsg HTTP/1.1" 200 27
180.169.147.146 - - [10/Aug/2022:11:24:39 +0800] "GET /xingrg/all/function/internal_message.html?_=1660101873136&CODE_STATE=getMsg HTTP/1.1" 200 27
114.86.224.84 - - [10/Aug/2022:11:24:40 +0800] "GET /xingrg/all/function/internal_message.html?_=1660101883205&CODE_STATE=getMsg HTTP/1.1" 200 27
180.162.109.37 - - [10/Aug/2022:11:24:40 +0800] "GET /xingrg/check_reg.html?_=1660101056423 HTTP/1.1" 200 22
180.162.109.37 - - [10/Aug/2022:11:24:40 +0800] "GET /xingrg/all/function/internal_message.html?_=1660101056427&CODE_STATE=getMsg HTTP/1.1" 200 27
101.85.120.95 - - [10/Aug/2022:11:24:44 +0800] "GET /xingrg/check_reg.html?_=1660101880260 HTTP/1.1" 200 22
101.85.120.95 - - [10/Aug/2022:11:24:45 +0800] "GET /xingrg/all/function/internal_message.html?_=1660101880262&CODE_STATE=getMsg HTTP/1.1" 200 27
116.224.123.211 - - [10/Aug/2022:11:24:46 +0800] "GET /xingrg/all/function/internal_message.html?_=1660101884074&CODE_STATE=getMsg HTTP/1.1" 200 27
180.174.21.132 - - [10/Aug/2022:11:24:52 +0800] "GET /xingrg/all/function/internal_message.html?_=1660101764796&CODE_STATE=getMsg HTTP/1.1" 200 27
180.174.21.132 - - [10/Aug/2022:11:24:52 +0800] "GET /xingrg/check_reg.html?_=1660101764797 HTTP/1.1" 200 22
114.88.158.224 - - [10/Aug/2022:11:24:53 +0800] "GET /xingrg/kc/buy/cgsh_order_operate.html?command=get_materiel&rest_code=00141&code=00101008350&supplier_code=00100007&order_time=2022-08-10 HTTP/1.1" 200 408
58.40.7.146 - - [10/Aug/2022:11:24:53 +0800] "GET /xingrg/all/function/internal_message.html?_=1660101890655&CODE_STATE=getMsg HTTP/1.1" 200 27
172.20.0.100 - - [10/Aug/2022:11:24:54 +0800] "GET /xingrg/all/function/internal_message.html?_=1660101892805&CODE_STATE=getMsg HTTP/1.1" 200 27
180.174.21.132 - - [10/Aug/2022:11:24:56 +0800] "GET /xingrg/all/function/internal_message.html?_=1660101895026&CODE_STATE=getMsg HTTP/1.1" 200 27
