120.253.135.82 - - [10/Aug/2022:05:56:06 +0800] "GET /xingrg/kc/pszx/mdps_order_info.html?code=312022081000204 HTTP/1.1" 200 24016
120.253.135.82 - - [10/Aug/2022:05:56:07 +0800] "POST /xingrg/kc/pszx/mdps_order_operate.html HTTP/1.1" 200 2323
120.253.135.82 - - [10/Aug/2022:05:56:07 +0800] "GET /xingrg/javascript/easyui/themes/default/validatebox.css HTTP/1.1" 404 1104
120.253.135.82 - - [10/Aug/2022:05:56:10 +0800] "POST /xingrg/kc/pszx/mdps_order_operate.html HTTP/1.1" 200 37
120.253.135.82 - - [10/Aug/2022:05:56:10 +0800] "GET /xingrg/kc/pszx/mdps_order_info.html?code=312022081000204 HTTP/1.1" 200 24016
120.253.135.82 - - [10/Aug/2022:05:56:11 +0800] "POST /xingrg/kc/pszx/mdps_order_operate.html HTTP/1.1" 200 2332
120.253.135.82 - - [10/Aug/2022:05:56:11 +0800] "GET /xingrg/javascript/easyui/themes/default/validatebox.css HTTP/1.1" 404 1104
120.253.135.82 - - [10/Aug/2022:05:56:11 +0800] "GET /xingrg/all/function/internal_message.html?_=1660081975538&CODE_STATE=getMsg HTTP/1.1" 200 27
101.80.228.36 - - [10/Aug/2022:05:56:14 +0800] "GET /xingrg/all/function/internal_message.html?_=1660082170887&CODE_STATE=getMsg HTTP/1.1" 200 27
120.253.135.82 - - [10/Aug/2022:05:56:14 +0800] "POST /xingrg/kc/pszx/mdps_list_operate.html HTTP/1.1" 200 643
120.253.135.82 - - [10/Aug/2022:05:56:15 +0800] "GET /xingrg/kc/pszx/mdps_order_info.html?code=312022081000205 HTTP/1.1" 200 24016
120.253.135.82 - - [10/Aug/2022:05:56:15 +0800] "POST /xingrg/kc/pszx/mdps_order_operate.html HTTP/1.1" 200 8337
120.253.135.82 - - [10/Aug/2022:05:56:15 +0800] "GET /xingrg/javascript/easyui/themes/default/validatebox.css HTTP/1.1" 404 1104
120.253.135.82 - - [10/Aug/2022:05:56:20 +0800] "POST /xingrg/kc/pszx/mdps_order_operate.html HTTP/1.1" 200 37
120.253.135.82 - - [10/Aug/2022:05:56:20 +0800] "GET /xingrg/kc/pszx/mdps_order_info.html?code=312022081000205 HTTP/1.1" 200 24016
120.253.135.82 - - [10/Aug/2022:05:56:21 +0800] "POST /xingrg/kc/pszx/mdps_order_operate.html HTTP/1.1" 200 8435
120.253.135.82 - - [10/Aug/2022:05:56:21 +0800] "GET /xingrg/javascript/easyui/themes/default/validatebox.css HTTP/1.1" 404 1104
101.80.228.36 - - [10/Aug/2022:05:56:28 +0800] "GET /xingrg/check_reg.html?_=1660082185389 HTTP/1.1" 200 22
180.169.147.146 - - [10/Aug/2022:05:56:29 +0800] "GET /xingrg/all/function/internal_message.html?_=1660082184969&CODE_STATE=getMsg HTTP/1.1" 200 27
180.169.147.146 - - [10/Aug/2022:05:56:29 +0800] "GET /xingrg/check_reg.html?_=1660082184971 HTTP/1.1" 200 22
116.232.194.65 - - [10/Aug/2022:05:56:39 +0800] "GET /xingrg/all/function/internal_message.html?_=1660082183198&CODE_STATE=getMsg HTTP/1.1" 200 27
218.81.223.53 - - [10/Aug/2022:05:56:50 +0800] "GET /xingrg/all/function/internal_message.html?_=1660082216399&CODE_STATE=getMsg HTTP/1.1" 200 27
58.40.7.146 - - [10/Aug/2022:05:56:53 +0800] "GET /xingrg/all/function/internal_message.html?_=1660082210546&CODE_STATE=getMsg HTTP/1.1" 200 27
172.20.0.100 - - [10/Aug/2022:05:57:02 +0800] "GET /xingrg/all/function/internal_message.html?_=1660082218992&CODE_STATE=getMsg HTTP/1.1" 200 27
120.253.135.82 - - [10/Aug/2022:05:57:11 +0800] "GET /xingrg/all/function/internal_message.html?_=1660082035552&CODE_STATE=getMsg HTTP/1.1" 200 27
101.80.228.36 - - [10/Aug/2022:05:57:14 +0800] "GET /xingrg/all/function/internal_message.html?_=1660082230860&CODE_STATE=getMsg HTTP/1.1" 200 27
116.232.34.239 - - [10/Aug/2022:05:57:29 +0800] "POST /xingrg/services/DataTransmitService HTTP/1.1" 200 524
180.169.147.146 - - [10/Aug/2022:05:57:29 +0800] "GET /xingrg/all/function/internal_message.html?_=1660082244971&CODE_STATE=getMsg HTTP/1.1" 200 27
116.232.194.65 - - [10/Aug/2022:05:57:39 +0800] "GET /xingrg/all/function/internal_message.html?_=1660082243203&CODE_STATE=getMsg HTTP/1.1" 200 27
218.81.223.53 - - [10/Aug/2022:05:57:42 +0800] "GET /xingrg/kc/buy/cgsh_order_list.html HTTP/1.1" 200 52453
218.81.223.53 - - [10/Aug/2022:05:57:42 +0800] "GET /xingrg/javascript/jquery_tools/jquery.tools.extend.js HTTP/1.1" 304 -
218.81.223.53 - - [10/Aug/2022:05:57:42 +0800] "GET /xingrg/javascript/jquery_tools/jquery.tools.hotkey.js HTTP/1.1" 304 -
218.81.223.53 - - [10/Aug/2022:05:57:42 +0800] "GET /xingrg/css/base.css HTTP/1.1" 304 -
218.81.223.53 - - [10/Aug/2022:05:57:42 +0800] "GET /xingrg/javascript/jquery_tools/jquery.tools.table.js HTTP/1.1" 304 -
218.81.223.53 - - [10/Aug/2022:05:57:42 +0800] "GET /xingrg/javascript/jquery_tools/list_manager.js HTTP/1.1" 304 -
218.81.223.53 - - [10/Aug/2022:05:57:42 +0800] "GET /xingrg/javascript/jquery.utils.js HTTP/1.1" 304 -
218.81.223.53 - - [10/Aug/2022:05:57:42 +0800] "GET /xingrg/javascript/print/LodopFuncs.js HTTP/1.1" 304 -
218.81.223.53 - - [10/Aug/2022:05:57:42 +0800] "GET /xingrg/javascript/auto/jquery.autocomplete.js HTTP/1.1" 304 -
218.81.223.53 - - [10/Aug/2022:05:57:42 +0800] "GET /xingrg/javascript/easyui/easyloader.js HTTP/1.1" 304 -
218.81.223.53 - - [10/Aug/2022:05:57:42 +0800] "GET /xingrg/javascript/jquery.cookie.js HTTP/1.1" 304 -
218.81.223.53 - - [10/Aug/2022:05:57:42 +0800] "GET /xingrg/javascript/easyui/themes/icon.css HTTP/1.1" 304 -
218.81.223.53 - - [10/Aug/2022:05:57:42 +0800] "GET /xingrg/javascript/easyui/themes/default/easyui.css HTTP/1.1" 304 -
218.81.223.53 - - [10/Aug/2022:05:57:42 +0800] "GET /xingrg/javascript/jquery_tools/datebox.css HTTP/1.1" 304 -
218.81.223.53 - - [10/Aug/2022:05:57:42 +0800] "GET /xingrg/css/site.css HTTP/1.1" 304 -
218.81.223.53 - - [10/Aug/2022:05:57:42 +0800] "GET /xingrg/javascript/auto/jquery.autocomplete.css HTTP/1.1" 304 -
218.81.223.53 - - [10/Aug/2022:05:57:42 +0800] "GET /xingrg/javascript/jquery_tools/fix.css HTTP/1.1" 304 -
218.81.223.53 - - [10/Aug/2022:05:57:42 +0800] "GET /xingrg/javascript/jquery_tools/table.css HTTP/1.1" 304 -
218.81.223.53 - - [10/Aug/2022:05:57:42 +0800] "GET /xingrg/javascript/jquery_tools/jquery.tools.min.js HTTP/1.1" 304 -
218.81.223.53 - - [10/Aug/2022:05:57:42 +0800] "GET /xingrg/javascript/easyui/plugins/jquery.parser.js HTTP/1.1" 304 -
218.81.223.53 - - [10/Aug/2022:05:57:44 +0800] "POST /xingrg/kc/buy/cgsh_list_operate.html HTTP/1.1" 200 4510
218.81.223.53 - - [10/Aug/2022:05:57:49 +0800] "POST /xingrg/kc/buy/cgsh_list_operate.html HTTP/1.1" 200 345
218.81.223.53 - - [10/Aug/2022:05:57:50 +0800] "GET /xingrg/all/function/internal_message.html?_=1660082276412&CODE_STATE=getMsg HTTP/1.1" 200 27
58.40.7.146 - - [10/Aug/2022:05:57:53 +0800] "GET /xingrg/all/function/internal_message.html?_=1660082270538&CODE_STATE=getMsg HTTP/1.1" 200 27
218.81.223.53 - - [10/Aug/2022:05:57:54 +0800] "POST /xingrg/kc/buy/cgsh_list_operate.html HTTP/1.1" 200 567
218.81.223.53 - - [10/Aug/2022:05:57:57 +0800] "POST /xingrg/kc/buy/cgsh_list_operate.html HTTP/1.1" 200 569
172.20.0.100 - - [10/Aug/2022:05:58:02 +0800] "GET /xingrg/check_reg.html?_=1660082278994 HTTP/1.1" 200 22
172.20.0.100 - - [10/Aug/2022:05:58:02 +0800] "GET /xingrg/all/function/internal_message.html?_=1660082278995&CODE_STATE=getMsg HTTP/1.1" 200 27
218.81.223.53 - - [10/Aug/2022:05:58:03 +0800] "POST /xingrg/kc/buy/cgsh_list_operate.html HTTP/1.1" 200 346
218.81.223.53 - - [10/Aug/2022:05:58:06 +0800] "POST /xingrg/kc/buy/cgsh_list_operate.html HTTP/1.1" 200 214
120.253.135.82 - - [10/Aug/2022:05:58:11 +0800] "GET /xingrg/all/function/internal_message.html?_=1660082095564&CODE_STATE=getMsg HTTP/1.1" 200 27
101.80.228.36 - - [10/Aug/2022:05:58:14 +0800] "GET /xingrg/all/function/internal_message.html?_=1660082290846&CODE_STATE=getMsg HTTP/1.1" 200 27
120.253.135.82 - - [10/Aug/2022:05:58:28 +0800] "GET /xingrg/kc/pszx/mdps_order_operate.html?command=get_materiel&pszx_code=00101&rest_code=00102&base_code=0010246&code=00101016094 HTTP/1.1" 200 468
180.169.147.146 - - [10/Aug/2022:05:58:29 +0800] "GET /xingrg/all/function/internal_message.html?_=1660082304973&CODE_STATE=getMsg HTTP/1.1" 200 27
120.253.135.82 - - [10/Aug/2022:05:58:29 +0800] "POST /xingrg/all/common/load_select.html HTTP/1.1" 200 25
120.253.135.82 - - [10/Aug/2022:05:58:31 +0800] "GET /xingrg/kc/pszx/mdps_order_operate.html?command=get_materiel_price&pszx_code=00101&rest_code=00102&base_code=0010246&code=00101016094&unit_code=00100161&order_time=2022-08-11 HTTP/1.1" 200 35
116.232.194.65 - - [10/Aug/2022:05:58:39 +0800] "GET /xingrg/all/function/internal_message.html?_=1660082303194&CODE_STATE=getMsg HTTP/1.1" 200 27
218.81.223.53 - - [10/Aug/2022:05:58:42 +0800] "POST /xingrg/kc/buy/cgsh_list_operate.html HTTP/1.1" 200 4
120.253.135.82 - - [10/Aug/2022:05:58:46 +0800] "POST /xingrg/kc/pszx/mdps_order_operate.html HTTP/1.1" 200 37
218.81.223.53 - - [10/Aug/2022:05:58:46 +0800] "POST /xingrg/kc/buy/cgsh_list_operate.html HTTP/1.1" 200 3702
120.253.135.82 - - [10/Aug/2022:05:58:46 +0800] "GET /xingrg/kc/pszx/mdps_order_info.html?code=312022081000205 HTTP/1.1" 200 24016
120.253.135.82 - - [10/Aug/2022:05:58:47 +0800] "POST /xingrg/kc/pszx/mdps_order_operate.html HTTP/1.1" 200 8437
120.253.135.82 - - [10/Aug/2022:05:58:47 +0800] "GET /xingrg/javascript/easyui/themes/default/validatebox.css HTTP/1.1" 404 1104
218.81.223.53 - - [10/Aug/2022:05:58:50 +0800] "GET /xingrg/all/function/internal_message.html?_=1660082336425&CODE_STATE=getMsg HTTP/1.1" 200 27
218.81.223.53 - - [10/Aug/2022:05:58:53 +0800] "POST /xingrg/kc/buy/cgsh_list_operate.html HTTP/1.1" 200 345
58.40.7.146 - - [10/Aug/2022:05:58:53 +0800] "GET /xingrg/check_reg.html?_=1660082330535 HTTP/1.1" 200 22
58.40.7.146 - - [10/Aug/2022:05:58:53 +0800] "GET /xingrg/all/function/internal_message.html?_=1660082330535&CODE_STATE=getMsg HTTP/1.1" 200 27
218.81.223.53 - - [10/Aug/2022:05:58:57 +0800] "POST /xingrg/kc/buy/cgsh_list_operate.html HTTP/1.1" 200 585
218.81.223.53 - - [10/Aug/2022:05:59:01 +0800] "POST /xingrg/kc/buy/cgsh_list_operate.html HTTP/1.1" 200 411
172.20.0.100 - - [10/Aug/2022:05:59:02 +0800] "GET /xingrg/all/function/internal_message.html?_=1660082338981&CODE_STATE=getMsg HTTP/1.1" 200 27
120.253.135.82 - - [10/Aug/2022:05:59:08 +0800] "GET /xingrg/check_reg.html?_=1660082152165 HTTP/1.1" 200 22
120.253.135.82 - - [10/Aug/2022:05:59:11 +0800] "GET /xingrg/all/function/internal_message.html?_=1660082155579&CODE_STATE=getMsg HTTP/1.1" 200 27
101.80.228.36 - - [10/Aug/2022:05:59:14 +0800] "GET /xingrg/all/function/internal_message.html?_=1660082350818&CODE_STATE=getMsg HTTP/1.1" 200 27
120.253.135.82 - - [10/Aug/2022:05:59:14 +0800] "POST /xingrg/kc/pszx/mdps_order_operate.html HTTP/1.1" 200 37
120.253.135.82 - - [10/Aug/2022:05:59:15 +0800] "GET /xingrg/kc/pszx/mdps_order_info.html?code=312022081000205 HTTP/1.1" 200 24016
120.253.135.82 - - [10/Aug/2022:05:59:16 +0800] "POST /xingrg/kc/pszx/mdps_order_operate.html HTTP/1.1" 200 8437
120.253.135.82 - - [10/Aug/2022:05:59:16 +0800] "GET /xingrg/javascript/easyui/themes/default/validatebox.css HTTP/1.1" 404 1104
120.253.135.82 - - [10/Aug/2022:05:59:18 +0800] "POST /xingrg/kc/pszx/mdps_list_operate.html HTTP/1.1" 200 2764
120.253.135.82 - - [10/Aug/2022:05:59:21 +0800] "POST /xingrg/kc/pszx/mdps_list_operate.html HTTP/1.1" 200 201
120.253.135.82 - - [10/Aug/2022:05:59:25 +0800] "GET /xingrg/kc/pszx/mdps_order_info.html?code=312022080900201 HTTP/1.1" 200 24014
120.253.135.82 - - [10/Aug/2022:05:59:26 +0800] "POST /xingrg/kc/pszx/mdps_order_operate.html HTTP/1.1" 200 2273
120.253.135.82 - - [10/Aug/2022:05:59:26 +0800] "GET /xingrg/javascript/easyui/themes/default/validatebox.css HTTP/1.1" 404 1104
180.169.147.146 - - [10/Aug/2022:05:59:29 +0800] "GET /xingrg/all/function/internal_message.html?_=1660082364975&CODE_STATE=getMsg HTTP/1.1" 200 27
120.253.135.82 - - [10/Aug/2022:05:59:32 +0800] "POST /xingrg/kc/pszx/mdps_order_operate.html HTTP/1.1" 200 37
120.253.135.82 - - [10/Aug/2022:05:59:33 +0800] "GET /xingrg/kc/pszx/mdps_order_info.html?code=312022080900201 HTTP/1.1" 200 24014
120.253.135.82 - - [10/Aug/2022:05:59:34 +0800] "GET /xingrg/javascript/easyui/themes/default/validatebox.css HTTP/1.1" 404 1104
120.253.135.82 - - [10/Aug/2022:05:59:35 +0800] "POST /xingrg/kc/pszx/mdps_order_operate.html HTTP/1.1" 200 2273
116.232.194.65 - - [10/Aug/2022:05:59:39 +0800] "GET /xingrg/all/function/internal_message.html?_=1660082363211&CODE_STATE=getMsg HTTP/1.1" 200 27
116.232.194.65 - - [10/Aug/2022:05:59:39 +0800] "GET /xingrg/check_reg.html?_=1660082363213 HTTP/1.1" 200 22
218.81.223.53 - - [10/Aug/2022:05:59:50 +0800] "POST /xingrg/kc/buy/cgsh_list_operate.html HTTP/1.1" 200 4
218.81.223.53 - - [10/Aug/2022:05:59:50 +0800] "GET /xingrg/all/function/internal_message.html?_=1660082396541&CODE_STATE=getMsg HTTP/1.1" 200 27
218.81.223.53 - - [10/Aug/2022:05:59:53 +0800] "POST /xingrg/kc/buy/cgsh_list_operate.html HTTP/1.1" 200 693
58.40.7.146 - - [10/Aug/2022:05:59:53 +0800] "GET /xingrg/all/function/internal_message.html?_=1660082390537&CODE_STATE=getMsg HTTP/1.1" 200 27
172.20.0.100 - - [10/Aug/2022:06:00:02 +0800] "GET /xingrg/all/function/internal_message.html?_=1660082398986&CODE_STATE=getMsg HTTP/1.1" 200 27
120.253.135.82 - - [10/Aug/2022:06:00:11 +0800] "GET /xingrg/all/function/internal_message.html?_=1660082215700&CODE_STATE=getMsg HTTP/1.1" 200 27
120.253.135.82 - - [10/Aug/2022:06:00:13 +0800] "POST /xingrg/kc/pszx/mdps_order_operate.html HTTP/1.1" 200 37
101.80.228.36 - - [10/Aug/2022:06:00:14 +0800] "GET /xingrg/all/function/internal_message.html?_=1660082410804&CODE_STATE=getMsg HTTP/1.1" 200 27
120.253.135.82 - - [10/Aug/2022:06:00:14 +0800] "GET /xingrg/kc/pszx/mdps_order_info.html?code=312022080900201 HTTP/1.1" 200 24014
120.253.135.82 - - [10/Aug/2022:06:00:14 +0800] "POST /xingrg/kc/pszx/mdps_order_operate.html HTTP/1.1" 200 2273
120.253.135.82 - - [10/Aug/2022:06:00:14 +0800] "GET /xingrg/javascript/easyui/themes/default/validatebox.css HTTP/1.1" 404 1104
120.253.135.82 - - [10/Aug/2022:06:00:15 +0800] "POST /xingrg/kc/pszx/mdps_list_operate.html HTTP/1.1" 200 2764
120.253.135.82 - - [10/Aug/2022:06:00:17 +0800] "POST /xingrg/kc/pszx/mdps_list_operate.html HTTP/1.1" 200 202
120.253.135.82 - - [10/Aug/2022:06:00:19 +0800] "POST /xingrg/kc/pszx/mdps_list_operate.html HTTP/1.1" 200 643
120.253.135.82 - - [10/Aug/2022:06:00:21 +0800] "POST /xingrg/kc/pszx/mdps_list_operate.html HTTP/1.1" 200 233
120.253.135.82 - - [10/Aug/2022:06:00:23 +0800] "POST /xingrg/kc/pszx/mdps_list_operate.html HTTP/1.1" 200 201
116.232.194.65 - - [10/Aug/2022:06:00:39 +0800] "GET /xingrg/all/function/internal_message.html?_=1660082423212&CODE_STATE=getMsg HTTP/1.1" 200 27
120.253.135.82 - - [10/Aug/2022:06:00:48 +0800] "GET /xingrg/kc/report/report_main.html HTTP/1.1" 200 8599
120.253.135.82 - - [10/Aug/2022:06:00:48 +0800] "POST /xingrg/kc/pszx/mdps_list_operate.html HTTP/1.1" 200 2764
120.253.135.82 - - [10/Aug/2022:06:00:49 +0800] "GET /xingrg/kc/base/kc_stocks.html HTTP/1.1" 200 16437
120.253.135.82 - - [10/Aug/2022:06:00:50 +0800] "GET /xingrg/javascript/easyui/themes/default/tree.css HTTP/1.1" 404 1090
120.253.135.82 - - [10/Aug/2022:06:00:50 +0800] "POST /xingrg/all/common/load_tree.html?tree=materiel_sort_tree_json HTTP/1.1" 200 9500
218.81.223.53 - - [10/Aug/2022:06:00:50 +0800] "GET /xingrg/all/function/internal_message.html?_=1660082456547&CODE_STATE=getMsg HTTP/1.1" 200 27
120.253.135.82 - - [10/Aug/2022:06:00:51 +0800] "POST /xingrg/all/common/load_combo.html?type=base HTTP/1.1" 200 1260
58.40.7.146 - - [10/Aug/2022:06:00:53 +0800] "GET /xingrg/all/function/internal_message.html?_=1660082450551&CODE_STATE=getMsg HTTP/1.1" 200 27
218.81.223.53 - - [10/Aug/2022:06:00:59 +0800] "GET /xingrg/check_reg.html?_=1660082466205 HTTP/1.1" 200 22
120.253.135.82 - - [10/Aug/2022:06:01:00 +0800] "POST /xingrg/kc/base/stock_operate.html HTTP/1.1" 200 1467
172.20.0.100 - - [10/Aug/2022:06:01:02 +0800] "GET /xingrg/all/function/internal_message.html?_=1660082458987&CODE_STATE=getMsg HTTP/1.1" 200 27
120.253.135.82 - - [10/Aug/2022:06:01:06 +0800] "POST /xingrg/kc/base/stock_operate.html HTTP/1.1" 200 1471
120.253.135.82 - - [10/Aug/2022:06:01:11 +0800] "GET /xingrg/all/function/internal_message.html?_=1660082275715&CODE_STATE=getMsg HTTP/1.1" 200 27
101.80.228.36 - - [10/Aug/2022:06:01:14 +0800] "GET /xingrg/all/function/internal_message.html?_=1660082470791&CODE_STATE=getMsg HTTP/1.1" 200 27
120.253.135.82 - - [10/Aug/2022:06:01:26 +0800] "POST /xingrg/kc/base/stock_operate.html HTTP/1.1" 200 1467
101.80.228.36 - - [10/Aug/2022:06:01:28 +0800] "GET /xingrg/check_reg.html?_=1660082485371 HTTP/1.1" 200 22
116.232.194.65 - - [10/Aug/2022:06:01:39 +0800] "GET /xingrg/all/function/internal_message.html?_=1660082483205&CODE_STATE=getMsg HTTP/1.1" 200 27
218.81.223.53 - - [10/Aug/2022:06:01:50 +0800] "GET /xingrg/all/function/internal_message.html?_=1660082516560&CODE_STATE=getMsg HTTP/1.1" 200 27
120.253.135.82 - - [10/Aug/2022:06:01:52 +0800] "POST /xingrg/kc/base/stock_operate.html HTTP/1.1" 200 1453
58.40.7.146 - - [10/Aug/2022:06:01:53 +0800] "GET /xingrg/all/function/internal_message.html?_=1660082510541&CODE_STATE=getMsg HTTP/1.1" 200 27
172.20.0.100 - - [10/Aug/2022:06:02:02 +0800] "GET /xingrg/all/function/internal_message.html?_=1660082518989&CODE_STATE=getMsg HTTP/1.1" 200 27
120.253.135.82 - - [10/Aug/2022:06:02:11 +0800] "GET /xingrg/all/function/internal_message.html?_=1660082335729&CODE_STATE=getMsg HTTP/1.1" 200 27
101.80.228.36 - - [10/Aug/2022:06:02:14 +0800] "GET /xingrg/all/function/internal_message.html?_=1660082530763&CODE_STATE=getMsg HTTP/1.1" 200 27
116.235.94.65 - - [10/Aug/2022:06:02:25 +0800] "POST /xingrg/services/DataTransmitService HTTP/1.1" 200 524
116.232.194.65 - - [10/Aug/2022:06:02:39 +0800] "GET /xingrg/all/function/internal_message.html?_=1660082543197&CODE_STATE=getMsg HTTP/1.1" 200 27
218.81.223.53 - - [10/Aug/2022:06:02:50 +0800] "GET /xingrg/all/function/internal_message.html?_=1660082576573&CODE_STATE=getMsg HTTP/1.1" 200 27
58.40.7.146 - - [10/Aug/2022:06:02:53 +0800] "GET /xingrg/all/function/internal_message.html?_=1660082570532&CODE_STATE=getMsg HTTP/1.1" 200 27
172.20.0.100 - - [10/Aug/2022:06:03:02 +0800] "GET /xingrg/all/function/internal_message.html?_=1660082578991&CODE_STATE=getMsg HTTP/1.1" 200 27
172.20.0.100 - - [10/Aug/2022:06:03:02 +0800] "GET /xingrg/check_reg.html?_=1660082578993 HTTP/1.1" 200 22
120.253.135.82 - - [10/Aug/2022:06:03:11 +0800] "GET /xingrg/all/function/internal_message.html?_=1660082395743&CODE_STATE=getMsg HTTP/1.1" 200 27
101.80.228.36 - - [10/Aug/2022:06:03:14 +0800] "GET /xingrg/all/function/internal_message.html?_=1660082590733&CODE_STATE=getMsg HTTP/1.1" 200 27
120.253.135.82 - - [10/Aug/2022:06:03:17 +0800] "POST /xingrg/kc/base/stock_operate.html HTTP/1.1" 200 1712
120.253.135.82 - - [10/Aug/2022:06:03:29 +0800] "POST /xingrg/kc/base/stock_operate.html HTTP/1.1" 200 1466
116.232.194.65 - - [10/Aug/2022:06:03:39 +0800] "GET /xingrg/all/function/internal_message.html?_=1660082603207&CODE_STATE=getMsg HTTP/1.1" 200 27
218.81.223.53 - - [10/Aug/2022:06:03:50 +0800] "GET /xingrg/all/function/internal_message.html?_=1660082636705&CODE_STATE=getMsg HTTP/1.1" 200 27
58.40.7.146 - - [10/Aug/2022:06:03:53 +0800] "GET /xingrg/all/function/internal_message.html?_=1660082630538&CODE_STATE=getMsg HTTP/1.1" 200 27
58.40.7.146 - - [10/Aug/2022:06:03:53 +0800] "GET /xingrg/check_reg.html?_=1660082630538 HTTP/1.1" 200 22
172.20.0.100 - - [10/Aug/2022:06:04:02 +0800] "GET /xingrg/all/function/internal_message.html?_=1660082638995&CODE_STATE=getMsg HTTP/1.1" 200 27
218.81.223.53 - - [10/Aug/2022:06:04:03 +0800] "GET /xingrg/kc/buy/cgsh_order_add.html HTTP/1.1" 200 68191
218.81.223.53 - - [10/Aug/2022:06:04:03 +0800] "GET /xingrg/javascript/pic_change.js HTTP/1.1" 304 -
218.81.223.53 - - [10/Aug/2022:06:04:03 +0800] "GET /xingrg/javascript/json2.js HTTP/1.1" 304 -
218.81.223.53 - - [10/Aug/2022:06:04:03 +0800] "GET /xingrg/javascript/convert.js HTTP/1.1" 304 -
218.81.223.53 - - [10/Aug/2022:06:04:03 +0800] "GET /xingrg/javascript/jquery_tools/order_manager.js HTTP/1.1" 304 -
218.81.223.53 - - [10/Aug/2022:06:04:03 +0800] "GET /xingrg/javascript/print/kc_print.js HTTP/1.1" 304 -
218.81.223.53 - - [10/Aug/2022:06:04:03 +0800] "GET /xingrg/words/20220808151938_words.js HTTP/1.1" 304 -
218.81.223.53 - - [10/Aug/2022:06:04:04 +0800] "GET /xingrg/all/common/auto_word.html?type=employee&rest_code=00146 HTTP/1.1" 200 101
218.81.223.53 - - [10/Aug/2022:06:04:04 +0800] "GET /xingrg/all/common/auto_word.html?type=employee&rest_code=00146 HTTP/1.1" 200 101
218.81.223.53 - - [10/Aug/2022:06:04:04 +0800] "GET /xingrg/javascript/easyui/themes/default/validatebox.css HTTP/1.1" 404 1104
218.81.223.53 - - [10/Aug/2022:06:04:04 +0800] "GET /xingrg/javascript/easyui/plugins/jquery.validatebox.js HTTP/1.1" 304 -
218.81.223.53 - - [10/Aug/2022:06:04:04 +0800] "GET /xingrg/javascript/easyui/plugins/jquery.numberbox.js HTTP/1.1" 304 -
218.81.223.53 - - [10/Aug/2022:06:04:04 +0800] "POST /xingrg/kc/buy/cgsh_order_operate.html HTTP/1.1" 200 8245
120.253.135.82 - - [10/Aug/2022:06:04:08 +0800] "GET /xingrg/check_reg.html?_=1660082452168 HTTP/1.1" 200 22
218.81.223.53 - - [10/Aug/2022:06:04:11 +0800] "GET /xingrg/kc/buy/cgsh_order_list.html HTTP/1.1" 200 52453
120.253.135.82 - - [10/Aug/2022:06:04:11 +0800] "GET /xingrg/all/function/internal_message.html?_=1660082455755&CODE_STATE=getMsg HTTP/1.1" 200 27
218.81.223.53 - - [10/Aug/2022:06:04:12 +0800] "POST /xingrg/kc/buy/cgsh_list_operate.html HTTP/1.1" 200 693
218.81.223.53 - - [10/Aug/2022:06:04:13 +0800] "GET /xingrg/kc/buy/cgsh_order_add.html HTTP/1.1" 200 68191
101.80.228.36 - - [10/Aug/2022:06:04:13 +0800] "GET /xingrg/all/function/internal_message.html?_=1660082650704&CODE_STATE=getMsg HTTP/1.1" 200 27
218.81.223.53 - - [10/Aug/2022:06:04:14 +0800] "POST /xingrg/kc/buy/cgsh_order_operate.html HTTP/1.1" 200 8245
218.81.223.53 - - [10/Aug/2022:06:04:14 +0800] "GET /xingrg/javascript/easyui/themes/default/validatebox.css HTTP/1.1" 404 1104
120.253.135.82 - - [10/Aug/2022:06:04:20 +0800] "POST /xingrg/kc/base/stock_operate.html HTTP/1.1" 200 1466
218.81.223.53 - - [10/Aug/2022:06:04:26 +0800] "GET /xingrg/kc/base/wldb_order_list.html HTTP/1.1" 200 19148
218.81.223.53 - - [10/Aug/2022:06:04:27 +0800] "POST /xingrg/kc/base/wldb_list_operate.html HTTP/1.1" 200 928
218.81.223.53 - - [10/Aug/2022:06:04:28 +0800] "GET /xingrg/kc/base/wldb_order_add.html HTTP/1.1" 200 30362
218.81.223.53 - - [10/Aug/2022:06:04:28 +0800] "POST /xingrg/kc/base/wldb_order_operate.html HTTP/1.1" 200 6806
218.81.223.53 - - [10/Aug/2022:06:04:29 +0800] "GET /xingrg/all/common/auto_word.html?type=base&rest_code=00146 HTTP/1.1" 200 1753
218.81.223.53 - - [10/Aug/2022:06:04:29 +0800] "GET /xingrg/all/common/auto_word.html?type=base&rest_code=00146 HTTP/1.1" 200 1753
218.81.223.53 - - [10/Aug/2022:06:04:29 +0800] "GET /xingrg/javascript/easyui/themes/default/validatebox.css HTTP/1.1" 404 1104
116.232.194.65 - - [10/Aug/2022:06:04:39 +0800] "GET /xingrg/all/function/internal_message.html?_=1660082663205&CODE_STATE=getMsg HTTP/1.1" 200 27
116.232.194.65 - - [10/Aug/2022:06:04:39 +0800] "GET /xingrg/check_reg.html?_=1660082663207 HTTP/1.1" 200 22
218.81.223.53 - - [10/Aug/2022:06:04:50 +0800] "GET /xingrg/all/function/internal_message.html?_=1660082696709&CODE_STATE=getMsg HTTP/1.1" 200 27
58.40.7.146 - - [10/Aug/2022:06:04:53 +0800] "GET /xingrg/all/function/internal_message.html?_=1660082690542&CODE_STATE=getMsg HTTP/1.1" 200 27
218.81.223.53 - - [10/Aug/2022:06:04:56 +0800] "GET /xingrg/kc/base/wldb_order_operate.html?command=get_materiel&rest_code=00146&base_code=0010063&code=00101019391 HTTP/1.1" 200 485
172.20.0.100 - - [10/Aug/2022:06:05:02 +0800] "GET /xingrg/all/function/internal_message.html?_=1660082698983&CODE_STATE=getMsg HTTP/1.1" 200 27
218.81.223.53 - - [10/Aug/2022:06:05:04 +0800] "GET /xingrg/kc/base/wldb_order_operate.html?command=get_materiel&rest_code=00146&base_code=0010063&code=00101019249 HTTP/1.1" 200 470
120.253.135.82 - - [10/Aug/2022:06:05:11 +0800] "GET /xingrg/all/function/internal_message.html?_=1660082515770&CODE_STATE=getMsg HTTP/1.1" 200 27
101.80.228.36 - - [10/Aug/2022:06:05:13 +0800] "GET /xingrg/all/function/internal_message.html?_=1660082710690&CODE_STATE=getMsg HTTP/1.1" 200 27
116.232.194.65 - - [10/Aug/2022:06:05:39 +0800] "GET /xingrg/all/function/internal_message.html?_=1660082723194&CODE_STATE=getMsg HTTP/1.1" 200 27
218.81.223.53 - - [10/Aug/2022:06:05:50 +0800] "GET /xingrg/all/function/internal_message.html?_=1660082756723&CODE_STATE=getMsg HTTP/1.1" 200 27
218.81.223.53 - - [10/Aug/2022:06:05:51 +0800] "GET /xingrg/kc/base/wldb_order_operate.html?command=get_materiel&rest_code=00146&base_code=0010063&code=00101019525 HTTP/1.1" 200 441
58.40.7.146 - - [10/Aug/2022:06:05:53 +0800] "GET /xingrg/all/function/internal_message.html?_=1660082750545&CODE_STATE=getMsg HTTP/1.1" 200 27
218.81.223.53 - - [10/Aug/2022:06:05:59 +0800] "GET /xingrg/check_reg.html?_=1660082766212 HTTP/1.1" 200 22
172.20.0.100 - - [10/Aug/2022:06:06:02 +0800] "GET /xingrg/all/function/internal_message.html?_=1660082758984&CODE_STATE=getMsg HTTP/1.1" 200 27
218.81.223.53 - - [10/Aug/2022:06:06:03 +0800] "GET /xingrg/kc/base/wldb_order_operate.html?command=get_materiel&rest_code=00146&base_code=0010063&code=00101016094 HTTP/1.1" 200 469
120.253.135.82 - - [10/Aug/2022:06:06:11 +0800] "GET /xingrg/all/function/internal_message.html?_=1660082575783&CODE_STATE=getMsg HTTP/1.1" 200 27
101.80.228.36 - - [10/Aug/2022:06:06:13 +0800] "GET /xingrg/all/function/internal_message.html?_=1660082770660&CODE_STATE=getMsg HTTP/1.1" 200 27
218.81.223.53 - - [10/Aug/2022:06:06:15 +0800] "POST /xingrg/kc/base/wldb_order_operate.html HTTP/1.1" 200 37
218.81.223.53 - - [10/Aug/2022:06:06:17 +0800] "POST /xingrg/kc/base/wldb_order_operate.html HTTP/1.1" 200 12
218.81.223.53 - - [10/Aug/2022:06:06:17 +0800] "POST /xingrg/kc/base/wldb_order_operate.html HTTP/1.1" 200 3710
218.81.223.53 - - [10/Aug/2022:06:06:18 +0800] "GET /xingrg/kc/base/wldb_order_info.html?code=422022081000783 HTTP/1.1" 200 26241
218.81.223.53 - - [10/Aug/2022:06:06:19 +0800] "GET /xingrg/javascript/easyui/themes/default/validatebox.css HTTP/1.1" 404 1104
218.81.223.53 - - [10/Aug/2022:06:06:19 +0800] "POST /xingrg/kc/base/wldb_order_operate.html HTTP/1.1" 200 1972
218.81.223.53 - - [10/Aug/2022:06:06:22 +0800] "GET /xingrg/kc/base/wldb_order_add.html HTTP/1.1" 200 30362
218.81.223.53 - - [10/Aug/2022:06:06:23 +0800] "POST /xingrg/kc/base/wldb_order_operate.html HTTP/1.1" 200 6806
218.81.223.53 - - [10/Aug/2022:06:06:23 +0800] "GET /xingrg/javascript/easyui/themes/default/validatebox.css HTTP/1.1" 404 1104
101.80.228.36 - - [10/Aug/2022:06:06:28 +0800] "GET /xingrg/check_reg.html?_=1660082785349 HTTP/1.1" 200 22
116.232.194.65 - - [10/Aug/2022:06:06:39 +0800] "GET /xingrg/all/function/internal_message.html?_=1660082783205&CODE_STATE=getMsg HTTP/1.1" 200 27
218.81.223.53 - - [10/Aug/2022:06:06:50 +0800] "GET /xingrg/kc/base/wldb_order_operate.html?command=get_materiel&rest_code=00146&base_code=0010063&code=00101013139 HTTP/1.1" 200 450
218.81.223.53 - - [10/Aug/2022:06:06:50 +0800] "GET /xingrg/all/function/internal_message.html?_=1660082816739&CODE_STATE=getMsg HTTP/1.1" 200 27
58.40.7.146 - - [10/Aug/2022:06:06:53 +0800] "GET /xingrg/all/function/internal_message.html?_=1660082810537&CODE_STATE=getMsg HTTP/1.1" 200 27
120.253.135.82 - - [10/Aug/2022:06:06:56 +0800] "POST /xingrg/kc/base/stock_operate.html HTTP/1.1" 200 1471
172.20.0.100 - - [10/Aug/2022:06:07:02 +0800] "GET /xingrg/all/function/internal_message.html?_=1660082818986&CODE_STATE=getMsg HTTP/1.1" 200 27
218.81.223.53 - - [10/Aug/2022:06:07:03 +0800] "GET /xingrg/kc/base/wldb_order_operate.html?command=get_materiel&rest_code=00146&base_code=0010063&code=00101019258 HTTP/1.1" 200 482
120.253.135.82 - - [10/Aug/2022:06:07:04 +0800] "POST /xingrg/kc/base/stock_operate.html HTTP/1.1" 200 1475
120.253.135.82 - - [10/Aug/2022:06:07:11 +0800] "GET /xingrg/all/function/internal_message.html?_=1660082635796&CODE_STATE=getMsg HTTP/1.1" 200 27
218.81.223.53 - - [10/Aug/2022:06:07:13 +0800] "GET /xingrg/kc/base/wldb_order_operate.html?command=get_materiel&rest_code=00146&base_code=0010063&code=00101019259 HTTP/1.1" 200 479
101.80.228.36 - - [10/Aug/2022:06:07:13 +0800] "GET /xingrg/all/function/internal_message.html?_=1660082830633&CODE_STATE=getMsg HTTP/1.1" 200 27
218.81.223.53 - - [10/Aug/2022:06:07:20 +0800] "GET /xingrg/kc/base/wldb_order_operate.html?command=get_materiel&rest_code=00146&base_code=0010063&code=00101016001 HTTP/1.1" 200 458
218.81.223.53 - - [10/Aug/2022:06:07:31 +0800] "GET /xingrg/kc/base/wldb_order_operate.html?command=get_materiel&rest_code=00146&base_code=0010063&code=00101019313 HTTP/1.1" 200 457
116.232.194.65 - - [10/Aug/2022:06:07:39 +0800] "GET /xingrg/all/function/internal_message.html?_=1660082843200&CODE_STATE=getMsg HTTP/1.1" 200 27
218.81.223.53 - - [10/Aug/2022:06:07:40 +0800] "GET /xingrg/kc/base/wldb_order_operate.html?command=get_materiel&rest_code=00146&base_code=0010063&code=00101019084 HTTP/1.1" 200 473
218.81.223.53 - - [10/Aug/2022:06:07:50 +0800] "GET /xingrg/all/function/internal_message.html?_=1660082876751&CODE_STATE=getMsg HTTP/1.1" 200 27
58.40.7.146 - - [10/Aug/2022:06:07:53 +0800] "GET /xingrg/all/function/internal_message.html?_=1660082870543&CODE_STATE=getMsg HTTP/1.1" 200 27
218.81.223.53 - - [10/Aug/2022:06:07:55 +0800] "GET /xingrg/kc/base/wldb_order_operate.html?command=get_materiel&rest_code=00146&base_code=0010063&code=00101019010 HTTP/1.1" 200 468
172.20.0.100 - - [10/Aug/2022:06:08:02 +0800] "GET /xingrg/all/function/internal_message.html?_=1660082878987&CODE_STATE=getMsg HTTP/1.1" 200 27
172.20.0.100 - - [10/Aug/2022:06:08:02 +0800] "GET /xingrg/check_reg.html?_=1660082878989 HTTP/1.1" 200 22
120.253.135.82 - - [10/Aug/2022:06:08:07 +0800] "POST /xingrg/kc/base/stock_operate.html HTTP/1.1" 200 1475
120.253.135.82 - - [10/Aug/2022:06:08:11 +0800] "GET /xingrg/all/function/internal_message.html?_=1660082695811&CODE_STATE=getMsg HTTP/1.1" 200 27
101.80.228.36 - - [10/Aug/2022:06:08:13 +0800] "GET /xingrg/all/function/internal_message.html?_=1660082890603&CODE_STATE=getMsg HTTP/1.1" 200 27
116.224.123.211 - - [10/Aug/2022:06:08:21 +0800] "POST /xingrg/services/DataTransmitService HTTP/1.1" 200 524
218.81.223.53 - - [10/Aug/2022:06:08:28 +0800] "GET /xingrg/kc/base/wldb_order_operate.html?command=get_materiel&rest_code=00146&base_code=0010063&code=00101019022 HTTP/1.1" 200 441
218.81.223.53 - - [10/Aug/2022:06:08:35 +0800] "GET /xingrg/kc/base/wldb_order_operate.html?command=get_materiel&rest_code=00146&base_code=0010063&code=00101019368 HTTP/1.1" 200 466
116.232.194.65 - - [10/Aug/2022:06:08:39 +0800] "GET /xingrg/all/function/internal_message.html?_=1660082903213&CODE_STATE=getMsg HTTP/1.1" 200 27
218.81.223.53 - - [10/Aug/2022:06:08:45 +0800] "POST /xingrg/kc/base/wldb_order_operate.html HTTP/1.1" 200 37
218.81.223.53 - - [10/Aug/2022:06:08:47 +0800] "POST /xingrg/kc/base/wldb_order_operate.html HTTP/1.1" 200 12
218.81.223.53 - - [10/Aug/2022:06:08:47 +0800] "POST /xingrg/kc/base/wldb_order_operate.html HTTP/1.1" 200 6689
218.81.223.53 - - [10/Aug/2022:06:08:49 +0800] "GET /xingrg/kc/base/wldb_order_info.html?code=422022081000784 HTTP/1.1" 200 26242
218.81.223.53 - - [10/Aug/2022:06:08:50 +0800] "GET /xingrg/javascript/easyui/themes/default/validatebox.css HTTP/1.1" 404 1104
218.81.223.53 - - [10/Aug/2022:06:08:50 +0800] "POST /xingrg/kc/base/wldb_order_operate.html HTTP/1.1" 200 4884
218.81.223.53 - - [10/Aug/2022:06:08:50 +0800] "GET /xingrg/all/function/internal_message.html?_=1660082936764&CODE_STATE=getMsg HTTP/1.1" 200 27
58.40.7.146 - - [10/Aug/2022:06:08:53 +0800] "GET /xingrg/check_reg.html?_=1660082930533 HTTP/1.1" 200 22
58.40.7.146 - - [10/Aug/2022:06:08:53 +0800] "GET /xingrg/all/function/internal_message.html?_=1660082930534&CODE_STATE=getMsg HTTP/1.1" 200 27
218.81.223.53 - - [10/Aug/2022:06:08:53 +0800] "GET /xingrg/kc/base/wldb_order_add.html HTTP/1.1" 200 30362
218.81.223.53 - - [10/Aug/2022:06:08:53 +0800] "POST /xingrg/kc/base/wldb_order_operate.html HTTP/1.1" 200 6806
218.81.223.53 - - [10/Aug/2022:06:08:54 +0800] "GET /xingrg/javascript/easyui/themes/default/validatebox.css HTTP/1.1" 404 1104
172.20.0.100 - - [10/Aug/2022:06:09:02 +0800] "GET /xingrg/all/function/internal_message.html?_=1660082938991&CODE_STATE=getMsg HTTP/1.1" 200 27
120.253.135.82 - - [10/Aug/2022:06:09:08 +0800] "GET /xingrg/check_reg.html?_=1660082752173 HTTP/1.1" 200 22
218.81.223.53 - - [10/Aug/2022:06:09:11 +0800] "GET /xingrg/kc/base/wldb_order_operate.html?command=get_materiel&rest_code=00146&base_code=0010063&code=00102012003 HTTP/1.1" 200 442
120.253.135.82 - - [10/Aug/2022:06:09:12 +0800] "GET /xingrg/all/function/internal_message.html?_=1660082755823&CODE_STATE=getMsg HTTP/1.1" 200 27
101.80.228.36 - - [10/Aug/2022:06:09:13 +0800] "GET /xingrg/all/function/internal_message.html?_=1660082950573&CODE_STATE=getMsg HTTP/1.1" 200 27
218.81.223.53 - - [10/Aug/2022:06:09:23 +0800] "POST /xingrg/kc/base/wldb_order_operate.html HTTP/1.1" 200 37
218.81.223.53 - - [10/Aug/2022:06:09:25 +0800] "POST /xingrg/kc/base/wldb_order_operate.html HTTP/1.1" 200 12
218.81.223.53 - - [10/Aug/2022:06:09:25 +0800] "POST /xingrg/kc/base/wldb_order_operate.html HTTP/1.1" 200 2185
218.81.223.53 - - [10/Aug/2022:06:09:26 +0800] "GET /xingrg/kc/base/wldb_order_info.html?code=422022081000785 HTTP/1.1" 200 26241
218.81.223.53 - - [10/Aug/2022:06:09:27 +0800] "GET /xingrg/javascript/easyui/themes/default/validatebox.css HTTP/1.1" 404 1104
218.81.223.53 - - [10/Aug/2022:06:09:27 +0800] "POST /xingrg/kc/base/wldb_order_operate.html HTTP/1.1" 200 480
218.81.223.53 - - [10/Aug/2022:06:09:30 +0800] "GET /xingrg/kc/base/wldb_order_add.html HTTP/1.1" 200 30362
218.81.223.53 - - [10/Aug/2022:06:09:30 +0800] "POST /xingrg/kc/base/wldb_order_operate.html HTTP/1.1" 200 6806
218.81.223.53 - - [10/Aug/2022:06:09:30 +0800] "GET /xingrg/javascript/easyui/themes/default/validatebox.css HTTP/1.1" 404 1104
116.232.194.65 - - [10/Aug/2022:06:09:39 +0800] "GET /xingrg/check_reg.html?_=1660082963204 HTTP/1.1" 200 22
116.232.194.65 - - [10/Aug/2022:06:09:39 +0800] "GET /xingrg/all/function/internal_message.html?_=1660082963206&CODE_STATE=getMsg HTTP/1.1" 200 27
218.81.223.53 - - [10/Aug/2022:06:09:46 +0800] "GET /xingrg/kc/base/wldb_order_operate.html?command=get_materiel&rest_code=00146&base_code=0010063&code=00101019185 HTTP/1.1" 200 467
218.81.223.53 - - [10/Aug/2022:06:09:50 +0800] "GET /xingrg/all/function/internal_message.html?_=1660082996804&CODE_STATE=getMsg HTTP/1.1" 200 27
120.253.135.82 - - [10/Aug/2022:06:09:51 +0800] "POST /xingrg/kc/base/stock_operate.html HTTP/1.1" 200 1755
58.40.7.146 - - [10/Aug/2022:06:09:53 +0800] "GET /xingrg/all/function/internal_message.html?_=1660082990545&CODE_STATE=getMsg HTTP/1.1" 200 27
218.81.223.53 - - [10/Aug/2022:06:09:53 +0800] "GET /xingrg/kc/base/wldb_order_operate.html?command=get_materiel&rest_code=00146&base_code=0010063&code=00101019026 HTTP/1.1" 200 481
218.81.223.53 - - [10/Aug/2022:06:10:02 +0800] "GET /xingrg/kc/base/wldb_order_operate.html?command=get_materiel&rest_code=00146&base_code=0010063&code=00101019422 HTTP/1.1" 200 472
172.20.0.100 - - [10/Aug/2022:06:10:02 +0800] "GET /xingrg/all/function/internal_message.html?_=1660082998995&CODE_STATE=getMsg HTTP/1.1" 200 27
120.253.135.82 - - [10/Aug/2022:06:10:12 +0800] "GET /xingrg/all/function/internal_message.html?_=1660082815838&CODE_STATE=getMsg HTTP/1.1" 200 27
101.80.228.36 - - [10/Aug/2022:06:10:13 +0800] "GET /xingrg/all/function/internal_message.html?_=1660083010543&CODE_STATE=getMsg HTTP/1.1" 200 27
120.253.135.82 - - [10/Aug/2022:06:10:23 +0800] "POST /xingrg/kc/base/stock_operate.html HTTP/1.1" 200 1483
218.81.223.53 - - [10/Aug/2022:06:10:24 +0800] "GET /xingrg/kc/base/wldb_order_operate.html?command=get_materiel&rest_code=00146&base_code=0010063&code=00101019358 HTTP/1.1" 200 461
218.81.223.53 - - [10/Aug/2022:06:10:39 +0800] "GET /xingrg/kc/base/wldb_order_operate.html?command=get_materiel&rest_code=00146&base_code=0010063&code=00101019133 HTTP/1.1" 200 479
116.232.194.65 - - [10/Aug/2022:06:10:39 +0800] "GET /xingrg/all/function/internal_message.html?_=1660083023200&CODE_STATE=getMsg HTTP/1.1" 200 27
218.81.223.53 - - [10/Aug/2022:06:10:50 +0800] "GET /xingrg/all/function/internal_message.html?_=1660083056807&CODE_STATE=getMsg HTTP/1.1" 200 27
58.40.7.146 - - [10/Aug/2022:06:10:53 +0800] "GET /xingrg/all/function/internal_message.html?_=1660083050538&CODE_STATE=getMsg HTTP/1.1" 200 27
218.81.223.53 - - [10/Aug/2022:06:10:59 +0800] "GET /xingrg/check_reg.html?_=1660083066214 HTTP/1.1" 200 22
218.81.223.53 - - [10/Aug/2022:06:11:00 +0800] "GET /xingrg/kc/base/wldb_order_operate.html?command=get_materiel&rest_code=00146&base_code=0010063&code=00101019236 HTTP/1.1" 200 466
172.20.0.100 - - [10/Aug/2022:06:11:02 +0800] "GET /xingrg/all/function/internal_message.html?_=1660083058980&CODE_STATE=getMsg HTTP/1.1" 200 27
218.81.223.53 - - [10/Aug/2022:06:11:09 +0800] "GET /xingrg/kc/base/wldb_order_operate.html?command=get_materiel&rest_code=00146&base_code=0010063&code=00101019438 HTTP/1.1" 200 461
120.253.135.82 - - [10/Aug/2022:06:11:12 +0800] "GET /xingrg/all/function/internal_message.html?_=1660082875851&CODE_STATE=getMsg HTTP/1.1" 200 27
101.80.228.36 - - [10/Aug/2022:06:11:13 +0800] "GET /xingrg/all/function/internal_message.html?_=1660083070513&CODE_STATE=getMsg HTTP/1.1" 200 27
120.253.135.82 - - [10/Aug/2022:06:11:16 +0800] "POST /xingrg/kc/base/stock_operate.html HTTP/1.1" 200 1752
218.81.223.53 - - [10/Aug/2022:06:11:17 +0800] "GET /xingrg/kc/base/wldb_order_operate.html?command=get_materiel&rest_code=00146&base_code=0010063&code=00101016028 HTTP/1.1" 200 432
218.81.223.53 - - [10/Aug/2022:06:11:26 +0800] "GET /xingrg/kc/base/wldb_order_operate.html?command=get_materiel&rest_code=00146&base_code=0010063&code=00101019079 HTTP/1.1" 200 479
101.80.228.36 - - [10/Aug/2022:06:11:28 +0800] "GET /xingrg/check_reg.html?_=1660083085328 HTTP/1.1" 200 22
218.81.223.53 - - [10/Aug/2022:06:11:34 +0800] "GET /xingrg/kc/base/wldb_order_operate.html?command=get_materiel&rest_code=00146&base_code=0010063&code=00101019534 HTTP/1.1" 200 491
116.232.194.65 - - [10/Aug/2022:06:11:39 +0800] "GET /xingrg/all/function/internal_message.html?_=1660083083216&CODE_STATE=getMsg HTTP/1.1" 200 27
218.81.223.53 - - [10/Aug/2022:06:11:47 +0800] "GET /xingrg/kc/base/wldb_order_operate.html?command=get_materiel&rest_code=00146&base_code=0010063&code=00101019187 HTTP/1.1" 200 479
218.81.223.53 - - [10/Aug/2022:06:11:50 +0800] "GET /xingrg/all/function/internal_message.html?_=1660083116821&CODE_STATE=getMsg HTTP/1.1" 200 27
58.40.7.146 - - [10/Aug/2022:06:11:53 +0800] "GET /xingrg/all/function/internal_message.html?_=1660083110549&CODE_STATE=getMsg HTTP/1.1" 200 27
218.81.223.53 - - [10/Aug/2022:06:11:55 +0800] "GET /xingrg/kc/base/wldb_order_operate.html?command=get_materiel&rest_code=00146&base_code=0010063&code=00101019400 HTTP/1.1" 200 465
120.253.135.82 - - [10/Aug/2022:06:11:56 +0800] "POST /xingrg/kc/base/stock_operate.html HTTP/1.1" 200 1478
172.20.0.100 - - [10/Aug/2022:06:12:02 +0800] "GET /xingrg/all/function/internal_message.html?_=1660083118982&CODE_STATE=getMsg HTTP/1.1" 200 27
218.81.223.53 - - [10/Aug/2022:06:12:04 +0800] "GET /xingrg/kc/base/wldb_order_operate.html?command=get_materiel&rest_code=00146&base_code=0010063&code=00101020144 HTTP/1.1" 200 449
120.253.135.82 - - [10/Aug/2022:06:12:12 +0800] "GET /xingrg/all/function/internal_message.html?_=1660082935865&CODE_STATE=getMsg HTTP/1.1" 200 27
101.80.228.36 - - [10/Aug/2022:06:12:13 +0800] "GET /xingrg/all/function/internal_message.html?_=1660083130487&CODE_STATE=getMsg HTTP/1.1" 200 27
218.81.223.53 - - [10/Aug/2022:06:12:14 +0800] "GET /xingrg/kc/base/wldb_order_operate.html?command=get_materiel&rest_code=00146&base_code=0010063&code=00101013182 HTTP/1.1" 200 428
218.81.223.53 - - [10/Aug/2022:06:12:30 +0800] "POST /xingrg/kc/base/wldb_order_operate.html HTTP/1.1" 200 37
218.81.223.53 - - [10/Aug/2022:06:12:33 +0800] "POST /xingrg/kc/base/wldb_order_operate.html HTTP/1.1" 200 12
218.81.223.53 - - [10/Aug/2022:06:12:33 +0800] "POST /xingrg/kc/base/wldb_order_operate.html HTTP/1.1" 200 9209
218.81.223.53 - - [10/Aug/2022:06:12:34 +0800] "GET /xingrg/kc/base/wldb_order_info.html?code=422022081000786 HTTP/1.1" 200 26241
218.81.223.53 - - [10/Aug/2022:06:12:34 +0800] "GET /xingrg/javascript/easyui/themes/default/validatebox.css HTTP/1.1" 404 1104
218.81.223.53 - - [10/Aug/2022:06:12:35 +0800] "POST /xingrg/kc/base/wldb_order_operate.html HTTP/1.1" 200 7330
218.81.223.53 - - [10/Aug/2022:06:12:38 +0800] "GET /xingrg/kc/base/wldb_order_add.html HTTP/1.1" 200 30362
218.81.223.53 - - [10/Aug/2022:06:12:38 +0800] "POST /xingrg/kc/base/wldb_order_operate.html HTTP/1.1" 200 6806
218.81.223.53 - - [10/Aug/2022:06:12:38 +0800] "GET /xingrg/javascript/easyui/themes/default/validatebox.css HTTP/1.1" 404 1104
116.232.194.65 - - [10/Aug/2022:06:12:39 +0800] "GET /xingrg/all/function/internal_message.html?_=1660083143217&CODE_STATE=getMsg HTTP/1.1" 200 27
218.81.223.53 - - [10/Aug/2022:06:12:50 +0800] "GET /xingrg/all/function/internal_message.html?_=1660083176835&CODE_STATE=getMsg HTTP/1.1" 200 27
58.40.7.146 - - [10/Aug/2022:06:12:53 +0800] "GET /xingrg/all/function/internal_message.html?_=1660083170544&CODE_STATE=getMsg HTTP/1.1" 200 27
218.81.223.53 - - [10/Aug/2022:06:12:55 +0800] "GET /xingrg/kc/base/wldb_order_operate.html?command=get_materiel&rest_code=00146&base_code=0010064&code=00102002610 HTTP/1.1" 200 445
172.20.0.100 - - [10/Aug/2022:06:13:02 +0800] "GET /xingrg/all/function/internal_message.html?_=1660083178984&CODE_STATE=getMsg HTTP/1.1" 200 27
172.20.0.100 - - [10/Aug/2022:06:13:02 +0800] "GET /xingrg/check_reg.html?_=1660083178985 HTTP/1.1" 200 22
218.81.223.53 - - [10/Aug/2022:06:13:04 +0800] "GET /xingrg/kc/base/wldb_order_operate.html?command=get_materiel&rest_code=00146&base_code=0010064&code=00102001008 HTTP/1.1" 200 440
120.253.135.82 - - [10/Aug/2022:06:13:12 +0800] "GET /xingrg/all/function/internal_message.html?_=1660082995878&CODE_STATE=getMsg HTTP/1.1" 200 27
101.80.228.36 - - [10/Aug/2022:06:13:13 +0800] "GET /xingrg/all/function/internal_message.html?_=1660083190457&CODE_STATE=getMsg HTTP/1.1" 200 27
218.81.223.53 - - [10/Aug/2022:06:13:14 +0800] "POST /xingrg/kc/base/wldb_order_operate.html HTTP/1.1" 200 37
218.81.223.53 - - [10/Aug/2022:06:13:16 +0800] "POST /xingrg/kc/base/wldb_order_operate.html HTTP/1.1" 200 12
218.81.223.53 - - [10/Aug/2022:06:13:16 +0800] "POST /xingrg/kc/base/wldb_order_operate.html HTTP/1.1" 200 2667
218.81.223.53 - - [10/Aug/2022:06:13:28 +0800] "GET /xingrg/kc/base/wldb_order_info.html?code=422022081000787 HTTP/1.1" 200 26239
218.81.223.53 - - [10/Aug/2022:06:13:29 +0800] "GET /xingrg/javascript/easyui/themes/default/validatebox.css HTTP/1.1" 404 1104
218.81.223.53 - - [10/Aug/2022:06:13:29 +0800] "POST /xingrg/kc/base/wldb_order_operate.html HTTP/1.1" 200 951
218.81.223.53 - - [10/Aug/2022:06:13:33 +0800] "GET /xingrg/kc/base/wldb_order_add.html HTTP/1.1" 200 30362
218.81.223.53 - - [10/Aug/2022:06:13:33 +0800] "POST /xingrg/kc/base/wldb_order_operate.html HTTP/1.1" 200 6806
218.81.223.53 - - [10/Aug/2022:06:13:33 +0800] "GET /xingrg/javascript/easyui/themes/default/validatebox.css HTTP/1.1" 404 1104
116.232.194.65 - - [10/Aug/2022:06:13:39 +0800] "GET /xingrg/all/function/internal_message.html?_=1660083203209&CODE_STATE=getMsg HTTP/1.1" 200 27
218.81.223.53 - - [10/Aug/2022:06:13:48 +0800] "GET /xingrg/kc/base/wldb_order_operate.html?command=get_materiel&rest_code=00146&base_code=0010064&code=00102002035 HTTP/1.1" 200 439
218.81.223.53 - - [10/Aug/2022:06:13:50 +0800] "GET /xingrg/all/function/internal_message.html?_=1660083236847&CODE_STATE=getMsg HTTP/1.1" 200 27
58.40.7.146 - - [10/Aug/2022:06:13:53 +0800] "GET /xingrg/check_reg.html?_=1660083230542 HTTP/1.1" 200 22
58.40.7.146 - - [10/Aug/2022:06:13:53 +0800] "GET /xingrg/all/function/internal_message.html?_=1660083230542&CODE_STATE=getMsg HTTP/1.1" 200 27
218.81.223.53 - - [10/Aug/2022:06:14:00 +0800] "GET /xingrg/kc/base/wldb_order_operate.html?command=get_materiel&rest_code=00146&base_code=0010064&code=00102002347 HTTP/1.1" 200 457
172.20.0.100 - - [10/Aug/2022:06:14:02 +0800] "GET /xingrg/all/function/internal_message.html?_=1660083238986&CODE_STATE=getMsg HTTP/1.1" 200 27
120.253.135.82 - - [10/Aug/2022:06:14:08 +0800] "GET /xingrg/check_reg.html?_=1660083052281 HTTP/1.1" 200 22
218.81.223.53 - - [10/Aug/2022:06:14:10 +0800] "POST /xingrg/kc/base/wldb_order_operate.html HTTP/1.1" 200 37
120.253.135.82 - - [10/Aug/2022:06:14:12 +0800] "GET /xingrg/all/function/internal_message.html?_=1660083055891&CODE_STATE=getMsg HTTP/1.1" 200 27
218.81.223.53 - - [10/Aug/2022:06:14:12 +0800] "POST /xingrg/kc/base/wldb_order_operate.html HTTP/1.1" 200 12
218.81.223.53 - - [10/Aug/2022:06:14:12 +0800] "POST /xingrg/kc/base/wldb_order_operate.html HTTP/1.1" 200 2687
101.80.228.36 - - [10/Aug/2022:06:14:13 +0800] "GET /xingrg/all/function/internal_message.html?_=1660083250444&CODE_STATE=getMsg HTTP/1.1" 200 27
218.81.223.53 - - [10/Aug/2022:06:14:14 +0800] "GET /xingrg/kc/base/wldb_order_info.html?code=422022081000788 HTTP/1.1" 200 26240
218.81.223.53 - - [10/Aug/2022:06:14:15 +0800] "GET /xingrg/javascript/easyui/themes/default/validatebox.css HTTP/1.1" 404 1104
218.81.223.53 - - [10/Aug/2022:06:14:15 +0800] "POST /xingrg/kc/base/wldb_order_operate.html HTTP/1.1" 200 970
116.232.194.65 - - [10/Aug/2022:06:14:39 +0800] "GET /xingrg/check_reg.html?_=1660083263204 HTTP/1.1" 200 22
116.232.194.65 - - [10/Aug/2022:06:14:39 +0800] "GET /xingrg/all/function/internal_message.html?_=1660083263206&CODE_STATE=getMsg HTTP/1.1" 200 27
218.81.223.53 - - [10/Aug/2022:06:14:50 +0800] "GET /xingrg/all/function/internal_message.html?_=1660083296861&CODE_STATE=getMsg HTTP/1.1" 200 27
120.253.135.82 - - [10/Aug/2022:06:14:51 +0800] "POST /xingrg/kc/base/stock_operate.html HTTP/1.1" 200 1473
114.84.2.83 - - [10/Aug/2022:06:14:52 +0800] "POST /xingrg/services/DataTransmitService HTTP/1.1" 200 524
58.40.7.146 - - [10/Aug/2022:06:14:53 +0800] "GET /xingrg/all/function/internal_message.html?_=1660083290549&CODE_STATE=getMsg HTTP/1.1" 200 27
172.20.0.100 - - [10/Aug/2022:06:15:02 +0800] "GET /xingrg/all/function/internal_message.html?_=1660083298988&CODE_STATE=getMsg HTTP/1.1" 200 27
120.253.135.82 - - [10/Aug/2022:06:15:06 +0800] "POST /xingrg/kc/base/stock_operate.html HTTP/1.1" 200 2250
120.253.135.82 - - [10/Aug/2022:06:15:12 +0800] "GET /xingrg/all/function/internal_message.html?_=1660083115906&CODE_STATE=getMsg HTTP/1.1" 200 27
101.80.228.36 - - [10/Aug/2022:06:15:13 +0800] "GET /xingrg/all/function/internal_message.html?_=1660083310414&CODE_STATE=getMsg HTTP/1.1" 200 27
116.232.194.65 - - [10/Aug/2022:06:15:39 +0800] "GET /xingrg/all/function/internal_message.html?_=1660083323206&CODE_STATE=getMsg HTTP/1.1" 200 27
218.81.223.53 - - [10/Aug/2022:06:15:50 +0800] "GET /xingrg/all/function/internal_message.html?_=1660083356876&CODE_STATE=getMsg HTTP/1.1" 200 27
58.40.7.146 - - [10/Aug/2022:06:15:53 +0800] "GET /xingrg/all/function/internal_message.html?_=1660083350550&CODE_STATE=getMsg HTTP/1.1" 200 27
218.81.223.53 - - [10/Aug/2022:06:16:00 +0800] "GET /xingrg/check_reg.html?_=1660083366442 HTTP/1.1" 200 22
172.20.0.100 - - [10/Aug/2022:06:16:02 +0800] "GET /xingrg/all/function/internal_message.html?_=1660083358989&CODE_STATE=getMsg HTTP/1.1" 200 27
120.253.135.82 - - [10/Aug/2022:06:16:12 +0800] "GET /xingrg/all/function/internal_message.html?_=1660083175918&CODE_STATE=getMsg HTTP/1.1" 200 27
101.80.228.36 - - [10/Aug/2022:06:16:13 +0800] "GET /xingrg/all/function/internal_message.html?_=1660083370384&CODE_STATE=getMsg HTTP/1.1" 200 27
101.80.228.36 - - [10/Aug/2022:06:16:28 +0800] "GET /xingrg/check_reg.html?_=1660083385307 HTTP/1.1" 200 22
116.232.194.65 - - [10/Aug/2022:06:16:39 +0800] "GET /xingrg/all/function/internal_message.html?_=1660083383203&CODE_STATE=getMsg HTTP/1.1" 200 27
218.81.223.53 - - [10/Aug/2022:06:16:50 +0800] "GET /xingrg/all/function/internal_message.html?_=1660083416888&CODE_STATE=getMsg HTTP/1.1" 200 27
58.40.7.146 - - [10/Aug/2022:06:16:53 +0800] "GET /xingrg/all/function/internal_message.html?_=1660083410554&CODE_STATE=getMsg HTTP/1.1" 200 27
114.83.216.111 - - [10/Aug/2022:06:17:01 +0800] "POST /xingrg/services/DataTransmitService HTTP/1.1" 200 524
172.20.0.100 - - [10/Aug/2022:06:17:02 +0800] "GET /xingrg/all/function/internal_message.html?_=1660083418993&CODE_STATE=getMsg HTTP/1.1" 200 27
120.253.135.82 - - [10/Aug/2022:06:17:12 +0800] "GET /xingrg/all/function/internal_message.html?_=1660083236032&CODE_STATE=getMsg HTTP/1.1" 200 27
101.80.228.36 - - [10/Aug/2022:06:17:13 +0800] "GET /xingrg/all/function/internal_message.html?_=1660083430354&CODE_STATE=getMsg HTTP/1.1" 200 27
116.232.194.65 - - [10/Aug/2022:06:17:39 +0800] "GET /xingrg/all/function/internal_message.html?_=1660083443196&CODE_STATE=getMsg HTTP/1.1" 200 27
218.81.223.53 - - [10/Aug/2022:06:17:50 +0800] "GET /xingrg/all/function/internal_message.html?_=1660083476902&CODE_STATE=getMsg HTTP/1.1" 200 27
58.40.7.146 - - [10/Aug/2022:06:17:53 +0800] "GET /xingrg/all/function/internal_message.html?_=1660083470545&CODE_STATE=getMsg HTTP/1.1" 200 27
172.20.0.100 - - [10/Aug/2022:06:18:02 +0800] "GET /xingrg/check_reg.html?_=1660083478980 HTTP/1.1" 200 22
172.20.0.100 - - [10/Aug/2022:06:18:02 +0800] "GET /xingrg/all/function/internal_message.html?_=1660083478981&CODE_STATE=getMsg HTTP/1.1" 200 27
120.253.135.82 - - [10/Aug/2022:06:18:12 +0800] "GET /xingrg/all/function/internal_message.html?_=1660083296040&CODE_STATE=getMsg HTTP/1.1" 200 27
101.80.228.36 - - [10/Aug/2022:06:18:13 +0800] "GET /xingrg/all/function/internal_message.html?_=1660083490340&CODE_STATE=getMsg HTTP/1.1" 200 27
116.232.194.65 - - [10/Aug/2022:06:18:39 +0800] "GET /xingrg/all/function/internal_message.html?_=1660083503202&CODE_STATE=getMsg HTTP/1.1" 200 27
