114.86.187.244 - - [07/Aug/2022:07:50:33 +0800] "GET /xingrg/all/function/internal_message.html?_=1659829833754&CODE_STATE=getMsg HTTP/1.1" 200 27
116.232.194.65 - - [07/Aug/2022:07:51:01 +0800] "GET /xingrg/all/function/internal_message.html?_=1659829853524&CODE_STATE=getMsg HTTP/1.1" 200 27
120.253.135.82 - - [07/Aug/2022:07:51:12 +0800] "GET /xingrg/all/function/internal_message.html?_=1659829678131&CODE_STATE=getMsg HTTP/1.1" 200 27
58.40.7.146 - - [07/Aug/2022:07:51:22 +0800] "GET /xingrg/all/function/internal_message.html?_=1659829881733&CODE_STATE=getMsg HTTP/1.1" 200 27
116.232.194.65 - - [07/Aug/2022:07:51:24 +0800] "GET /xingrg/check_reg.html?_=1659829876527 HTTP/1.1" 200 22
58.39.169.63 - - [07/Aug/2022:07:51:27 +0800] "POST /xingrg/services/DataTransmitService HTTP/1.1" 200 524
114.86.187.244 - - [07/Aug/2022:07:51:33 +0800] "GET /xingrg/all/function/internal_message.html?_=1659829893758&CODE_STATE=getMsg HTTP/1.1" 200 27
116.232.194.65 - - [07/Aug/2022:07:52:01 +0800] "GET /xingrg/all/function/internal_message.html?_=1659829913502&CODE_STATE=getMsg HTTP/1.1" 200 27
114.83.219.234 - - [07/Aug/2022:07:52:08 +0800] "POST /xingrg/services/DataTransmitService HTTP/1.1" 200 524
120.253.135.82 - - [07/Aug/2022:07:52:12 +0800] "GET /xingrg/all/function/internal_message.html?_=1659829738145&CODE_STATE=getMsg HTTP/1.1" 200 27
58.40.7.146 - - [07/Aug/2022:07:52:22 +0800] "GET /xingrg/all/function/internal_message.html?_=1659829941737&CODE_STATE=getMsg HTTP/1.1" 200 27
114.86.187.244 - - [07/Aug/2022:07:52:33 +0800] "GET /xingrg/all/function/internal_message.html?_=1659829953761&CODE_STATE=getMsg HTTP/1.1" 200 27
116.232.194.65 - - [07/Aug/2022:07:53:01 +0800] "GET /xingrg/all/function/internal_message.html?_=1659829973491&CODE_STATE=getMsg HTTP/1.1" 200 27
114.83.219.234 - - [07/Aug/2022:07:53:07 +0800] "POST /xingrg/services/DataTransmitService HTTP/1.1" 200 524
120.253.135.82 - - [07/Aug/2022:07:53:12 +0800] "GET /xingrg/all/function/internal_message.html?_=1659829798158&CODE_STATE=getMsg HTTP/1.1" 200 27
58.40.7.146 - - [07/Aug/2022:07:53:22 +0800] "GET /xingrg/all/function/internal_message.html?_=1659830001739&CODE_STATE=getMsg HTTP/1.1" 200 27
114.86.187.244 - - [07/Aug/2022:07:53:33 +0800] "GET /xingrg/all/function/internal_message.html?_=1659830013752&CODE_STATE=getMsg HTTP/1.1" 200 27
116.232.194.65 - - [07/Aug/2022:07:54:01 +0800] "GET /xingrg/all/function/internal_message.html?_=1659830033473&CODE_STATE=getMsg HTTP/1.1" 200 27
120.253.135.82 - - [07/Aug/2022:07:54:12 +0800] "GET /xingrg/check_reg.html?_=1659829858048 HTTP/1.1" 200 22
120.253.135.82 - - [07/Aug/2022:07:54:12 +0800] "GET /xingrg/all/function/internal_message.html?_=1659829858173&CODE_STATE=getMsg HTTP/1.1" 200 27
58.40.7.146 - - [07/Aug/2022:07:54:22 +0800] "GET /xingrg/all/function/internal_message.html?_=1659830061742&CODE_STATE=getMsg HTTP/1.1" 200 27
114.86.187.244 - - [07/Aug/2022:07:54:33 +0800] "GET /xingrg/all/function/internal_message.html?_=1659830073755&CODE_STATE=getMsg HTTP/1.1" 200 27
114.86.187.244 - - [07/Aug/2022:07:54:33 +0800] "GET /xingrg/check_reg.html?_=1659830073757 HTTP/1.1" 200 22
116.232.194.65 - - [07/Aug/2022:07:55:01 +0800] "GET /xingrg/all/function/internal_message.html?_=1659830093449&CODE_STATE=getMsg HTTP/1.1" 200 27
120.253.135.82 - - [07/Aug/2022:07:55:12 +0800] "GET /xingrg/all/function/internal_message.html?_=1659829918185&CODE_STATE=getMsg HTTP/1.1" 200 27
58.40.7.146 - - [07/Aug/2022:07:55:22 +0800] "GET /xingrg/all/function/internal_message.html?_=1659830121747&CODE_STATE=getMsg HTTP/1.1" 200 27
58.40.7.146 - - [07/Aug/2022:07:55:22 +0800] "GET /xingrg/check_reg.html?_=1659830121749 HTTP/1.1" 200 22
114.86.187.244 - - [07/Aug/2022:07:55:33 +0800] "GET /xingrg/all/function/internal_message.html?_=1659830133760&CODE_STATE=getMsg HTTP/1.1" 200 27
116.232.194.65 - - [07/Aug/2022:07:56:01 +0800] "GET /xingrg/all/function/internal_message.html?_=1659830153441&CODE_STATE=getMsg HTTP/1.1" 200 27
120.253.135.82 - - [07/Aug/2022:07:56:12 +0800] "GET /xingrg/all/function/internal_message.html?_=1659829978201&CODE_STATE=getMsg HTTP/1.1" 200 27
114.88.158.224 - - [07/Aug/2022:07:56:15 +0800] "POST /xingrg/services/DataTransmitService HTTP/1.1" 200 524
58.40.7.146 - - [07/Aug/2022:07:56:22 +0800] "GET /xingrg/all/function/internal_message.html?_=1659830181749&CODE_STATE=getMsg HTTP/1.1" 200 27
116.232.194.65 - - [07/Aug/2022:07:56:24 +0800] "GET /xingrg/check_reg.html?_=1659830176526 HTTP/1.1" 200 22
114.86.187.244 - - [07/Aug/2022:07:56:33 +0800] "GET /xingrg/all/function/internal_message.html?_=1659830193761&CODE_STATE=getMsg HTTP/1.1" 200 27
116.232.194.65 - - [07/Aug/2022:07:57:01 +0800] "GET /xingrg/all/function/internal_message.html?_=1659830213433&CODE_STATE=getMsg HTTP/1.1" 200 27
120.253.135.82 - - [07/Aug/2022:07:57:12 +0800] "GET /xingrg/all/function/internal_message.html?_=1659830038214&CODE_STATE=getMsg HTTP/1.1" 200 27
58.40.7.146 - - [07/Aug/2022:07:57:22 +0800] "GET /xingrg/all/function/internal_message.html?_=1659830241736&CODE_STATE=getMsg HTTP/1.1" 200 27
114.86.187.244 - - [07/Aug/2022:07:57:33 +0800] "GET /xingrg/all/function/internal_message.html?_=1659830253766&CODE_STATE=getMsg HTTP/1.1" 200 27
116.232.194.65 - - [07/Aug/2022:07:58:01 +0800] "GET /xingrg/all/function/internal_message.html?_=1659830273414&CODE_STATE=getMsg HTTP/1.1" 200 27
120.253.135.82 - - [07/Aug/2022:07:58:12 +0800] "GET /xingrg/all/function/internal_message.html?_=1659830098227&CODE_STATE=getMsg HTTP/1.1" 200 27
58.40.7.146 - - [07/Aug/2022:07:58:22 +0800] "GET /xingrg/all/function/internal_message.html?_=1659830301738&CODE_STATE=getMsg HTTP/1.1" 200 27
114.86.187.244 - - [07/Aug/2022:07:58:33 +0800] "GET /xingrg/all/function/internal_message.html?_=1659830313755&CODE_STATE=getMsg HTTP/1.1" 200 27
116.232.194.65 - - [07/Aug/2022:07:59:01 +0800] "GET /xingrg/all/function/internal_message.html?_=1659830333389&CODE_STATE=getMsg HTTP/1.1" 200 27
120.253.135.82 - - [07/Aug/2022:07:59:12 +0800] "GET /xingrg/check_reg.html?_=1659830158057 HTTP/1.1" 200 22
120.253.135.82 - - [07/Aug/2022:07:59:12 +0800] "GET /xingrg/all/function/internal_message.html?_=1659830158242&CODE_STATE=getMsg HTTP/1.1" 200 27
58.40.7.146 - - [07/Aug/2022:07:59:22 +0800] "GET /xingrg/all/function/internal_message.html?_=1659830361741&CODE_STATE=getMsg HTTP/1.1" 200 27
114.86.187.244 - - [07/Aug/2022:07:59:33 +0800] "GET /xingrg/all/function/internal_message.html?_=1659830373757&CODE_STATE=getMsg HTTP/1.1" 200 27
114.86.187.244 - - [07/Aug/2022:07:59:33 +0800] "GET /xingrg/check_reg.html?_=1659830373760 HTTP/1.1" 200 22
116.224.255.128 - - [07/Aug/2022:07:59:55 +0800] "POST /xingrg/services/DataTransmitService HTTP/1.1" 200 524
116.232.194.65 - - [07/Aug/2022:08:00:01 +0800] "GET /xingrg/all/function/internal_message.html?_=1659830393363&CODE_STATE=getMsg HTTP/1.1" 200 27
120.253.135.82 - - [07/Aug/2022:08:00:12 +0800] "GET /xingrg/all/function/internal_message.html?_=1659830218253&CODE_STATE=getMsg HTTP/1.1" 200 27
58.40.7.146 - - [07/Aug/2022:08:00:22 +0800] "GET /xingrg/all/function/internal_message.html?_=1659830421744&CODE_STATE=getMsg HTTP/1.1" 200 27
58.40.7.146 - - [07/Aug/2022:08:00:22 +0800] "GET /xingrg/check_reg.html?_=1659830421746 HTTP/1.1" 200 22
114.86.187.244 - - [07/Aug/2022:08:00:33 +0800] "GET /xingrg/all/function/internal_message.html?_=1659830433761&CODE_STATE=getMsg HTTP/1.1" 200 27
116.232.194.65 - - [07/Aug/2022:08:01:01 +0800] "GET /xingrg/all/function/internal_message.html?_=1659830453359&CODE_STATE=getMsg HTTP/1.1" 200 27
120.253.135.82 - - [07/Aug/2022:08:01:12 +0800] "GET /xingrg/all/function/internal_message.html?_=1659830278267&CODE_STATE=getMsg HTTP/1.1" 200 27
58.40.7.146 - - [07/Aug/2022:08:01:22 +0800] "GET /xingrg/all/function/internal_message.html?_=1659830481749&CODE_STATE=getMsg HTTP/1.1" 200 27
116.232.194.65 - - [07/Aug/2022:08:01:24 +0800] "GET /xingrg/check_reg.html?_=1659830476522 HTTP/1.1" 200 22
114.86.187.244 - - [07/Aug/2022:08:01:33 +0800] "GET /xingrg/all/function/internal_message.html?_=1659830493791&CODE_STATE=getMsg HTTP/1.1" 200 27
116.232.194.65 - - [07/Aug/2022:08:02:01 +0800] "GET /xingrg/all/function/internal_message.html?_=1659830513342&CODE_STATE=getMsg HTTP/1.1" 200 27
120.253.135.82 - - [07/Aug/2022:08:02:12 +0800] "GET /xingrg/all/function/internal_message.html?_=1659830338289&CODE_STATE=getMsg HTTP/1.1" 200 27
58.40.7.146 - - [07/Aug/2022:08:02:22 +0800] "GET /xingrg/all/function/internal_message.html?_=1659830541751&CODE_STATE=getMsg HTTP/1.1" 200 27
114.86.187.244 - - [07/Aug/2022:08:02:33 +0800] "GET /xingrg/all/function/internal_message.html?_=1659830553783&CODE_STATE=getMsg HTTP/1.1" 200 27
116.232.194.65 - - [07/Aug/2022:08:03:01 +0800] "GET /xingrg/all/function/internal_message.html?_=1659830573339&CODE_STATE=getMsg HTTP/1.1" 200 27
120.253.135.82 - - [07/Aug/2022:08:03:12 +0800] "GET /xingrg/all/function/internal_message.html?_=1659830398296&CODE_STATE=getMsg HTTP/1.1" 200 27
58.40.7.146 - - [07/Aug/2022:08:03:22 +0800] "GET /xingrg/all/function/internal_message.html?_=1659830601752&CODE_STATE=getMsg HTTP/1.1" 200 27
114.86.187.244 - - [07/Aug/2022:08:03:33 +0800] "GET /xingrg/all/function/internal_message.html?_=1659830613785&CODE_STATE=getMsg HTTP/1.1" 200 27
116.232.194.65 - - [07/Aug/2022:08:04:01 +0800] "GET /xingrg/all/function/internal_message.html?_=1659830633322&CODE_STATE=getMsg HTTP/1.1" 200 27
120.253.135.82 - - [07/Aug/2022:08:04:12 +0800] "GET /xingrg/check_reg.html?_=1659830458063 HTTP/1.1" 200 22
120.253.135.82 - - [07/Aug/2022:08:04:12 +0800] "GET /xingrg/all/function/internal_message.html?_=1659830458312&CODE_STATE=getMsg HTTP/1.1" 200 27
58.40.7.146 - - [07/Aug/2022:08:04:22 +0800] "GET /xingrg/all/function/internal_message.html?_=1659830661738&CODE_STATE=getMsg HTTP/1.1" 200 27
114.86.187.244 - - [07/Aug/2022:08:04:33 +0800] "GET /xingrg/all/function/internal_message.html?_=1659830673787&CODE_STATE=getMsg HTTP/1.1" 200 27
114.86.187.244 - - [07/Aug/2022:08:04:33 +0800] "GET /xingrg/check_reg.html?_=1659830673790 HTTP/1.1" 200 22
116.232.194.65 - - [07/Aug/2022:08:05:01 +0800] "GET /xingrg/all/function/internal_message.html?_=1659830693310&CODE_STATE=getMsg HTTP/1.1" 200 27
120.253.135.82 - - [07/Aug/2022:08:05:12 +0800] "GET /xingrg/all/function/internal_message.html?_=1659830518321&CODE_STATE=getMsg HTTP/1.1" 200 27
58.40.7.146 - - [07/Aug/2022:08:05:22 +0800] "GET /xingrg/all/function/internal_message.html?_=1659830721742&CODE_STATE=getMsg HTTP/1.1" 200 27
58.40.7.146 - - [07/Aug/2022:08:05:22 +0800] "GET /xingrg/check_reg.html?_=1659830721744 HTTP/1.1" 200 22
114.86.187.244 - - [07/Aug/2022:08:05:33 +0800] "GET /xingrg/all/function/internal_message.html?_=1659830733791&CODE_STATE=getMsg HTTP/1.1" 200 27
116.232.194.65 - - [07/Aug/2022:08:06:01 +0800] "GET /xingrg/all/function/internal_message.html?_=1659830753282&CODE_STATE=getMsg HTTP/1.1" 200 27
120.253.135.82 - - [07/Aug/2022:08:06:12 +0800] "GET /xingrg/all/function/internal_message.html?_=1659830578339&CODE_STATE=getMsg HTTP/1.1" 200 27
58.40.7.146 - - [07/Aug/2022:08:06:22 +0800] "GET /xingrg/all/function/internal_message.html?_=1659830781746&CODE_STATE=getMsg HTTP/1.1" 200 27
116.232.194.65 - - [07/Aug/2022:08:06:24 +0800] "GET /xingrg/check_reg.html?_=1659830776521 HTTP/1.1" 200 22
114.86.187.244 - - [07/Aug/2022:08:06:33 +0800] "GET /xingrg/all/function/internal_message.html?_=1659830793782&CODE_STATE=getMsg HTTP/1.1" 200 27
116.232.194.65 - - [07/Aug/2022:08:07:01 +0800] "GET /xingrg/all/function/internal_message.html?_=1659830813267&CODE_STATE=getMsg HTTP/1.1" 200 27
120.253.135.82 - - [07/Aug/2022:08:07:12 +0800] "GET /xingrg/all/function/internal_message.html?_=1659830638491&CODE_STATE=getMsg HTTP/1.1" 200 27
58.40.7.146 - - [07/Aug/2022:08:07:22 +0800] "GET /xingrg/all/function/internal_message.html?_=1659830841749&CODE_STATE=getMsg HTTP/1.1" 200 27
114.86.187.244 - - [07/Aug/2022:08:07:33 +0800] "GET /xingrg/all/function/internal_message.html?_=1659830853785&CODE_STATE=getMsg HTTP/1.1" 200 27
116.232.194.65 - - [07/Aug/2022:08:08:01 +0800] "GET /xingrg/all/function/internal_message.html?_=1659830873241&CODE_STATE=getMsg HTTP/1.1" 200 27
120.253.135.82 - - [07/Aug/2022:08:08:12 +0800] "GET /xingrg/all/function/internal_message.html?_=1659830698504&CODE_STATE=getMsg HTTP/1.1" 200 27
58.40.7.146 - - [07/Aug/2022:08:08:22 +0800] "GET /xingrg/all/function/internal_message.html?_=1659830901753&CODE_STATE=getMsg HTTP/1.1" 200 27
114.86.187.244 - - [07/Aug/2022:08:08:33 +0800] "GET /xingrg/all/function/internal_message.html?_=1659830913788&CODE_STATE=getMsg HTTP/1.1" 200 27
116.232.194.65 - - [07/Aug/2022:08:09:01 +0800] "GET /xingrg/all/function/internal_message.html?_=1659830933218&CODE_STATE=getMsg HTTP/1.1" 200 27
120.253.135.82 - - [07/Aug/2022:08:09:12 +0800] "GET /xingrg/check_reg.html?_=1659830758069 HTTP/1.1" 200 22
120.253.135.82 - - [07/Aug/2022:08:09:12 +0800] "GET /xingrg/all/function/internal_message.html?_=1659830758517&CODE_STATE=getMsg HTTP/1.1" 200 27
58.40.7.146 - - [07/Aug/2022:08:09:22 +0800] "GET /xingrg/all/function/internal_message.html?_=1659830961755&CODE_STATE=getMsg HTTP/1.1" 200 27
114.86.187.244 - - [07/Aug/2022:08:09:33 +0800] "GET /xingrg/all/function/internal_message.html?_=1659830973790&CODE_STATE=getMsg HTTP/1.1" 200 27
114.86.187.244 - - [07/Aug/2022:08:09:33 +0800] "GET /xingrg/check_reg.html?_=1659830973792 HTTP/1.1" 200 22
124.78.152.102 - - [07/Aug/2022:08:09:43 +0800] "POST /xingrg/services/DataTransmitService HTTP/1.1" 200 524
116.232.194.65 - - [07/Aug/2022:08:10:01 +0800] "GET /xingrg/all/function/internal_message.html?_=1659830993202&CODE_STATE=getMsg HTTP/1.1" 200 27
120.253.135.82 - - [07/Aug/2022:08:10:12 +0800] "GET /xingrg/all/function/internal_message.html?_=1659830818531&CODE_STATE=getMsg HTTP/1.1" 200 27
58.40.7.146 - - [07/Aug/2022:08:10:22 +0800] "GET /xingrg/check_reg.html?_=1659831021742 HTTP/1.1" 200 22
58.40.7.146 - - [07/Aug/2022:08:10:22 +0800] "GET /xingrg/all/function/internal_message.html?_=1659831021743&CODE_STATE=getMsg HTTP/1.1" 200 27
114.86.187.244 - - [07/Aug/2022:08:10:33 +0800] "GET /xingrg/all/function/internal_message.html?_=1659831033778&CODE_STATE=getMsg HTTP/1.1" 200 27
116.232.194.65 - - [07/Aug/2022:08:11:01 +0800] "GET /xingrg/all/function/internal_message.html?_=1659831053176&CODE_STATE=getMsg HTTP/1.1" 200 27
120.253.135.82 - - [07/Aug/2022:08:11:12 +0800] "GET /xingrg/all/function/internal_message.html?_=1659830878543&CODE_STATE=getMsg HTTP/1.1" 200 27
58.40.7.146 - - [07/Aug/2022:08:11:22 +0800] "GET /xingrg/all/function/internal_message.html?_=1659831081744&CODE_STATE=getMsg HTTP/1.1" 200 27
116.232.194.65 - - [07/Aug/2022:08:11:24 +0800] "GET /xingrg/check_reg.html?_=1659831076522 HTTP/1.1" 200 22
114.86.187.244 - - [07/Aug/2022:08:11:33 +0800] "GET /xingrg/all/function/internal_message.html?_=1659831093780&CODE_STATE=getMsg HTTP/1.1" 200 27
116.232.194.65 - - [07/Aug/2022:08:12:01 +0800] "GET /xingrg/all/function/internal_message.html?_=1659831113156&CODE_STATE=getMsg HTTP/1.1" 200 27
120.253.135.82 - - [07/Aug/2022:08:12:12 +0800] "GET /xingrg/all/function/internal_message.html?_=1659830938557&CODE_STATE=getMsg HTTP/1.1" 200 27
58.40.7.146 - - [07/Aug/2022:08:12:22 +0800] "GET /xingrg/all/function/internal_message.html?_=1659831141746&CODE_STATE=getMsg HTTP/1.1" 200 27
114.86.187.244 - - [07/Aug/2022:08:12:33 +0800] "GET /xingrg/all/function/internal_message.html?_=1659831153784&CODE_STATE=getMsg HTTP/1.1" 200 27
116.232.194.65 - - [07/Aug/2022:08:13:01 +0800] "GET /xingrg/all/function/internal_message.html?_=1659831173155&CODE_STATE=getMsg HTTP/1.1" 200 27
120.253.135.82 - - [07/Aug/2022:08:13:12 +0800] "GET /xingrg/all/function/internal_message.html?_=1659830998571&CODE_STATE=getMsg HTTP/1.1" 200 27
58.40.7.146 - - [07/Aug/2022:08:13:22 +0800] "GET /xingrg/all/function/internal_message.html?_=1659831201749&CODE_STATE=getMsg HTTP/1.1" 200 27
114.86.187.244 - - [07/Aug/2022:08:13:33 +0800] "GET /xingrg/all/function/internal_message.html?_=1659831213788&CODE_STATE=getMsg HTTP/1.1" 200 27
116.232.194.65 - - [07/Aug/2022:08:14:01 +0800] "GET /xingrg/all/function/internal_message.html?_=1659831233139&CODE_STATE=getMsg HTTP/1.1" 200 27
120.253.135.82 - - [07/Aug/2022:08:14:12 +0800] "GET /xingrg/check_reg.html?_=1659831058070 HTTP/1.1" 200 22
120.253.135.82 - - [07/Aug/2022:08:14:12 +0800] "GET /xingrg/all/function/internal_message.html?_=1659831058584&CODE_STATE=getMsg HTTP/1.1" 200 27
58.40.7.146 - - [07/Aug/2022:08:14:22 +0800] "GET /xingrg/all/function/internal_message.html?_=1659831261753&CODE_STATE=getMsg HTTP/1.1" 200 27
114.86.187.244 - - [07/Aug/2022:08:14:33 +0800] "GET /xingrg/all/function/internal_message.html?_=1659831273788&CODE_STATE=getMsg HTTP/1.1" 200 27
114.86.187.244 - - [07/Aug/2022:08:14:33 +0800] "GET /xingrg/check_reg.html?_=1659831273790 HTTP/1.1" 200 22
116.224.255.128 - - [07/Aug/2022:08:14:33 +0800] "GET /xingrg/check_reg.html?_=1659831271499 HTTP/1.1" 302 -
116.224.255.128 - - [07/Aug/2022:08:14:33 +0800] "GET /xingrg/login.html HTTP/1.1" 200 7641
116.232.194.65 - - [07/Aug/2022:08:15:01 +0800] "GET /xingrg/all/function/internal_message.html?_=1659831293126&CODE_STATE=getMsg HTTP/1.1" 200 27
120.253.135.82 - - [07/Aug/2022:08:15:12 +0800] "GET /xingrg/all/function/internal_message.html?_=1659831118598&CODE_STATE=getMsg HTTP/1.1" 200 27
58.40.7.146 - - [07/Aug/2022:08:15:22 +0800] "GET /xingrg/check_reg.html?_=1659831321756 HTTP/1.1" 200 22
58.40.7.146 - - [07/Aug/2022:08:15:22 +0800] "GET /xingrg/all/function/internal_message.html?_=1659831321756&CODE_STATE=getMsg HTTP/1.1" 200 27
114.86.187.244 - - [07/Aug/2022:08:15:33 +0800] "GET /xingrg/all/function/internal_message.html?_=1659831333801&CODE_STATE=getMsg HTTP/1.1" 200 27
116.232.194.65 - - [07/Aug/2022:08:16:01 +0800] "GET /xingrg/all/function/internal_message.html?_=1659831353111&CODE_STATE=getMsg HTTP/1.1" 200 27
120.253.135.82 - - [07/Aug/2022:08:16:12 +0800] "GET /xingrg/all/function/internal_message.html?_=1659831178612&CODE_STATE=getMsg HTTP/1.1" 200 27
58.40.7.146 - - [07/Aug/2022:08:16:22 +0800] "GET /xingrg/all/function/internal_message.html?_=1659831381759&CODE_STATE=getMsg HTTP/1.1" 200 27
116.232.194.65 - - [07/Aug/2022:08:16:24 +0800] "GET /xingrg/check_reg.html?_=1659831376521 HTTP/1.1" 200 22
114.86.187.244 - - [07/Aug/2022:08:16:33 +0800] "GET /xingrg/all/function/internal_message.html?_=1659831393801&CODE_STATE=getMsg HTTP/1.1" 200 27
116.232.194.65 - - [07/Aug/2022:08:17:01 +0800] "GET /xingrg/all/function/internal_message.html?_=1659831413090&CODE_STATE=getMsg HTTP/1.1" 200 27
120.253.135.82 - - [07/Aug/2022:08:17:12 +0800] "GET /xingrg/all/function/internal_message.html?_=1659831238628&CODE_STATE=getMsg HTTP/1.1" 200 27
58.40.7.146 - - [07/Aug/2022:08:17:22 +0800] "GET /xingrg/all/function/internal_message.html?_=1659831441744&CODE_STATE=getMsg HTTP/1.1" 200 27
114.86.187.244 - - [07/Aug/2022:08:17:33 +0800] "GET /xingrg/all/function/internal_message.html?_=1659831453813&CODE_STATE=getMsg HTTP/1.1" 200 27
116.232.194.65 - - [07/Aug/2022:08:18:01 +0800] "GET /xingrg/all/function/internal_message.html?_=1659831473073&CODE_STATE=getMsg HTTP/1.1" 200 27
120.253.135.82 - - [07/Aug/2022:08:18:12 +0800] "GET /xingrg/all/function/internal_message.html?_=1659831298639&CODE_STATE=getMsg HTTP/1.1" 200 27
58.40.7.146 - - [07/Aug/2022:08:18:22 +0800] "GET /xingrg/all/function/internal_message.html?_=1659831501747&CODE_STATE=getMsg HTTP/1.1" 200 27
114.86.187.244 - - [07/Aug/2022:08:18:33 +0800] "GET /xingrg/all/function/internal_message.html?_=1659831513812&CODE_STATE=getMsg HTTP/1.1" 200 27
116.232.194.65 - - [07/Aug/2022:08:19:00 +0800] "GET /xingrg/all/function/internal_message.html?_=1659831533053&CODE_STATE=getMsg HTTP/1.1" 200 27
120.253.135.82 - - [07/Aug/2022:08:19:12 +0800] "GET /xingrg/check_reg.html?_=1659831358076 HTTP/1.1" 200 22
120.253.135.82 - - [07/Aug/2022:08:19:12 +0800] "GET /xingrg/all/function/internal_message.html?_=1659831358653&CODE_STATE=getMsg HTTP/1.1" 200 27
58.40.7.146 - - [07/Aug/2022:08:19:22 +0800] "GET /xingrg/all/function/internal_message.html?_=1659831561750&CODE_STATE=getMsg HTTP/1.1" 200 27
114.86.187.244 - - [07/Aug/2022:08:19:33 +0800] "GET /xingrg/all/function/internal_message.html?_=1659831573806&CODE_STATE=getMsg HTTP/1.1" 200 27
114.83.219.234 - - [07/Aug/2022:08:19:33 +0800] "GET /favicon.ico HTTP/1.1" 404 -
114.86.187.244 - - [07/Aug/2022:08:19:33 +0800] "GET /xingrg/check_reg.html?_=1659831573807 HTTP/1.1" 200 22
116.224.255.128 - - [07/Aug/2022:08:19:33 +0800] "GET /xingrg/check_reg.html?_=1659831571500 HTTP/1.1" 302 -
116.232.194.65 - - [07/Aug/2022:08:20:00 +0800] "GET /xingrg/all/function/internal_message.html?_=1659831593034&CODE_STATE=getMsg HTTP/1.1" 200 27
120.253.135.82 - - [07/Aug/2022:08:20:12 +0800] "GET /xingrg/all/function/internal_message.html?_=1659831418666&CODE_STATE=getMsg HTTP/1.1" 200 27
58.40.7.146 - - [07/Aug/2022:08:20:22 +0800] "GET /xingrg/all/function/internal_message.html?_=1659831621755&CODE_STATE=getMsg HTTP/1.1" 200 27
58.40.7.146 - - [07/Aug/2022:08:20:22 +0800] "GET /xingrg/check_reg.html?_=1659831621756 HTTP/1.1" 200 22
114.86.187.244 - - [07/Aug/2022:08:20:33 +0800] "GET /xingrg/all/function/internal_message.html?_=1659831633805&CODE_STATE=getMsg HTTP/1.1" 200 27
116.232.194.65 - - [07/Aug/2022:08:21:00 +0800] "GET /xingrg/all/function/internal_message.html?_=1659831653006&CODE_STATE=getMsg HTTP/1.1" 200 27
120.253.135.82 - - [07/Aug/2022:08:21:12 +0800] "GET /xingrg/all/function/internal_message.html?_=1659831478679&CODE_STATE=getMsg HTTP/1.1" 200 27
116.224.123.211 - - [07/Aug/2022:08:21:16 +0800] "GET /xingrg/check_reg.html?_=1659831675687 HTTP/1.1" 302 -
116.224.123.211 - - [07/Aug/2022:08:21:16 +0800] "GET /xingrg/login.html HTTP/1.1" 200 7641
58.40.7.146 - - [07/Aug/2022:08:21:22 +0800] "GET /xingrg/all/function/internal_message.html?_=1659831681759&CODE_STATE=getMsg HTTP/1.1" 200 27
116.232.194.65 - - [07/Aug/2022:08:21:24 +0800] "GET /xingrg/check_reg.html?_=1659831676526 HTTP/1.1" 200 22
114.86.187.244 - - [07/Aug/2022:08:21:33 +0800] "GET /xingrg/all/function/internal_message.html?_=1659831693804&CODE_STATE=getMsg HTTP/1.1" 200 27
116.232.194.65 - - [07/Aug/2022:08:22:00 +0800] "GET /xingrg/all/function/internal_message.html?_=1659831712990&CODE_STATE=getMsg HTTP/1.1" 200 27
120.253.135.82 - - [07/Aug/2022:08:22:12 +0800] "GET /xingrg/all/function/internal_message.html?_=1659831538695&CODE_STATE=getMsg HTTP/1.1" 200 27
58.40.7.146 - - [07/Aug/2022:08:22:22 +0800] "GET /xingrg/all/function/internal_message.html?_=1659831741760&CODE_STATE=getMsg HTTP/1.1" 200 27
114.86.187.244 - - [07/Aug/2022:08:22:33 +0800] "GET /xingrg/all/function/internal_message.html?_=1659831753804&CODE_STATE=getMsg HTTP/1.1" 200 27
116.232.194.65 - - [07/Aug/2022:08:23:00 +0800] "GET /xingrg/all/function/internal_message.html?_=1659831772973&CODE_STATE=getMsg HTTP/1.1" 200 27
120.253.135.82 - - [07/Aug/2022:08:23:12 +0800] "GET /xingrg/all/function/internal_message.html?_=1659831598706&CODE_STATE=getMsg HTTP/1.1" 200 27
58.40.7.146 - - [07/Aug/2022:08:23:22 +0800] "GET /xingrg/all/function/internal_message.html?_=1659831801746&CODE_STATE=getMsg HTTP/1.1" 200 27
114.86.187.244 - - [07/Aug/2022:08:23:33 +0800] "GET /xingrg/all/function/internal_message.html?_=1659831813803&CODE_STATE=getMsg HTTP/1.1" 200 27
116.232.194.65 - - [07/Aug/2022:08:24:00 +0800] "GET /xingrg/all/function/internal_message.html?_=1659831832946&CODE_STATE=getMsg HTTP/1.1" 200 27
120.253.135.82 - - [07/Aug/2022:08:24:12 +0800] "GET /xingrg/check_reg.html?_=1659831658082 HTTP/1.1" 200 22
120.253.135.82 - - [07/Aug/2022:08:24:12 +0800] "GET /xingrg/all/function/internal_message.html?_=1659831658721&CODE_STATE=getMsg HTTP/1.1" 200 27
58.40.7.146 - - [07/Aug/2022:08:24:22 +0800] "GET /xingrg/all/function/internal_message.html?_=1659831861747&CODE_STATE=getMsg HTTP/1.1" 200 27
114.86.187.244 - - [07/Aug/2022:08:24:33 +0800] "GET /xingrg/all/function/internal_message.html?_=1659831873803&CODE_STATE=getMsg HTTP/1.1" 200 27
114.86.187.244 - - [07/Aug/2022:08:24:33 +0800] "GET /xingrg/check_reg.html?_=1659831873806 HTTP/1.1" 200 22
116.224.255.128 - - [07/Aug/2022:08:24:33 +0800] "GET /xingrg/check_reg.html?_=1659831871496 HTTP/1.1" 302 -
116.232.194.65 - - [07/Aug/2022:08:25:00 +0800] "GET /xingrg/all/function/internal_message.html?_=1659831892927&CODE_STATE=getMsg HTTP/1.1" 200 27
116.224.123.211 - - [07/Aug/2022:08:25:03 +0800] "GET /xingrg/index.html HTTP/1.1" 302 -
116.224.123.211 - - [07/Aug/2022:08:25:03 +0800] "GET /xingrg/login.html HTTP/1.1" 200 7641
116.224.123.211 - - [07/Aug/2022:08:25:03 +0800] "GET /favicon.ico HTTP/1.1" 404 -
116.224.123.211 - - [07/Aug/2022:08:25:04 +0800] "POST /xingrg/login.do HTTP/1.1" 302 -
116.224.123.211 - - [07/Aug/2022:08:25:04 +0800] "GET /xingrg/index.html?sysBaseUrl=http%3A%2F%2F180.169.147.146%3A18081%2Fxingrg%2F&costTime=121×tamp=1659831904784 HTTP/1.1" 200 17173
116.224.123.211 - - [07/Aug/2022:08:25:05 +0800] "GET /favicon.ico HTTP/1.1" 404 -
116.224.123.211 - - [07/Aug/2022:08:25:05 +0800] "POST /xingrg/all/common/load_tree.html?tree=area_rest_tree_json&manage=1 HTTP/1.1" 200 342
116.224.123.211 - - [07/Aug/2022:08:25:05 +0800] "GET /xingrg/all/function/internal_message.html?_=1659831904194&CODE_STATE=count HTTP/1.1" 200 11
116.224.123.211 - - [07/Aug/2022:08:25:05 +0800] "POST /xingrg/load_menu.html HTTP/1.1" 200 5138
116.224.123.211 - - [07/Aug/2022:08:25:05 +0800] "GET /xingrg/check_reg.html?_=1659831904194 HTTP/1.1" 200 22
116.224.123.211 - - [07/Aug/2022:08:25:09 +0800] "GET /xingrg/kc/base/check_order_list.html HTTP/1.1" 200 16261
116.224.123.211 - - [07/Aug/2022:08:25:09 +0800] "POST /xingrg/kc/base/check_list_operate.html HTTP/1.1" 200 1563
120.253.135.82 - - [07/Aug/2022:08:25:12 +0800] "GET /xingrg/all/function/internal_message.html?_=1659831718733&CODE_STATE=getMsg HTTP/1.1" 200 27
116.224.123.211 - - [07/Aug/2022:08:25:14 +0800] "POST /xingrg/kc/base/check_list_operate.html HTTP/1.1" 200 1563
116.224.123.211 - - [07/Aug/2022:08:25:20 +0800] "POST /xingrg/kc/base/check_list_operate.html HTTP/1.1" 200 5385
58.40.7.146 - - [07/Aug/2022:08:25:22 +0800] "GET /xingrg/all/function/internal_message.html?_=1659831921749&CODE_STATE=getMsg HTTP/1.1" 200 27
58.40.7.146 - - [07/Aug/2022:08:25:22 +0800] "GET /xingrg/check_reg.html?_=1659831921750 HTTP/1.1" 200 22
116.224.123.211 - - [07/Aug/2022:08:25:23 +0800] "GET /xingrg/kc/base/check_order_info.html?code=452022073100298 HTTP/1.1" 200 22858
116.224.123.211 - - [07/Aug/2022:08:25:23 +0800] "GET /xingrg/dwr/interface/AjaxComOrderService.js HTTP/1.1" 200 18264
116.224.123.211 - - [07/Aug/2022:08:25:23 +0800] "GET /xingrg/dwr/interface/AjaxCheckService.js HTTP/1.1" 200 14003
116.224.123.211 - - [07/Aug/2022:08:25:23 +0800] "GET /xingrg/dwr/util.js HTTP/1.1" 304 -
116.224.123.211 - - [07/Aug/2022:08:25:23 +0800] "GET /xingrg/dwr/engine.js HTTP/1.1" 200 43631
116.224.123.211 - - [07/Aug/2022:08:25:23 +0800] "GET /xingrg/javascript/jquery_easy_ui/themes/icons/exam_new.png HTTP/1.1" 200 756
116.224.123.211 - - [07/Aug/2022:08:25:23 +0800] "POST /xingrg/dwr/call/plaincall/AjaxCheckService.loadOrderItems.dwr HTTP/1.1" 200 3492
114.86.187.244 - - [07/Aug/2022:08:25:33 +0800] "GET /xingrg/all/function/internal_message.html?_=1659831933806&CODE_STATE=getMsg HTTP/1.1" 200 27
116.232.194.65 - - [07/Aug/2022:08:26:00 +0800] "GET /xingrg/all/function/internal_message.html?_=1659831952905&CODE_STATE=getMsg HTTP/1.1" 200 27
116.224.123.211 - - [07/Aug/2022:08:26:05 +0800] "GET /xingrg/all/function/internal_message.html?_=1659831964210&CODE_STATE=getMsg HTTP/1.1" 200 27
120.253.135.82 - - [07/Aug/2022:08:26:12 +0800] "GET /xingrg/all/function/internal_message.html?_=1659831778747&CODE_STATE=getMsg HTTP/1.1" 200 27
58.40.7.146 - - [07/Aug/2022:08:26:22 +0800] "GET /xingrg/all/function/internal_message.html?_=1659831981754&CODE_STATE=getMsg HTTP/1.1" 200 27
116.232.194.65 - - [07/Aug/2022:08:26:24 +0800] "GET /xingrg/check_reg.html?_=1659831976524 HTTP/1.1" 200 22
114.86.187.244 - - [07/Aug/2022:08:26:33 +0800] "GET /xingrg/all/function/internal_message.html?_=1659831993805&CODE_STATE=getMsg HTTP/1.1" 200 27
116.232.194.65 - - [07/Aug/2022:08:27:00 +0800] "GET /xingrg/all/function/internal_message.html?_=1659832012893&CODE_STATE=getMsg HTTP/1.1" 200 27
116.224.123.211 - - [07/Aug/2022:08:27:05 +0800] "GET /xingrg/all/function/internal_message.html?_=1659832024221&CODE_STATE=getMsg HTTP/1.1" 200 27
120.253.135.82 - - [07/Aug/2022:08:27:13 +0800] "GET /xingrg/all/function/internal_message.html?_=1659831838763&CODE_STATE=getMsg HTTP/1.1" 200 27
58.40.7.146 - - [07/Aug/2022:08:27:22 +0800] "GET /xingrg/all/function/internal_message.html?_=1659832041758&CODE_STATE=getMsg HTTP/1.1" 200 27
114.86.187.244 - - [07/Aug/2022:08:27:33 +0800] "GET /xingrg/all/function/internal_message.html?_=1659832053804&CODE_STATE=getMsg HTTP/1.1" 200 27
116.232.194.65 - - [07/Aug/2022:08:28:00 +0800] "GET /xingrg/all/function/internal_message.html?_=1659832072870&CODE_STATE=getMsg HTTP/1.1" 200 27
116.224.123.211 - - [07/Aug/2022:08:28:05 +0800] "GET /xingrg/all/function/internal_message.html?_=1659832084214&CODE_STATE=getMsg HTTP/1.1" 200 27
120.253.135.82 - - [07/Aug/2022:08:28:13 +0800] "GET /xingrg/all/function/internal_message.html?_=1659831898774&CODE_STATE=getMsg HTTP/1.1" 200 27
58.40.7.146 - - [07/Aug/2022:08:28:22 +0800] "GET /xingrg/all/function/internal_message.html?_=1659832101760&CODE_STATE=getMsg HTTP/1.1" 200 27
114.83.219.234 - - [07/Aug/2022:08:28:32 +0800] "GET /xingrg/login.html?sysBaseUrl=http%3A%2F%2F180.169.147.146%3A18081%2Fxingrg%2F&costTime=31×tamp=1615347190560 HTTP/1.1" 200 7641
114.83.219.234 - - [07/Aug/2022:08:28:32 +0800] "GET /xingrg/images/blue/jxLogo.png HTTP/1.1" 200 6156
114.83.219.234 - - [07/Aug/2022:08:28:33 +0800] "GET /xingrg/images/blue/login_bg.png HTTP/1.1" 200 22101
114.83.219.234 - - [07/Aug/2022:08:28:33 +0800] "GET /xingrg/images/blue/hj.png HTTP/1.1" 200 1014
114.83.219.234 - - [07/Aug/2022:08:28:33 +0800] "GET /xingrg/images/blue/srbg.png HTTP/1.1" 200 138
114.83.219.234 - - [07/Aug/2022:08:28:33 +0800] "GET /favicon.ico HTTP/1.1" 404 -
114.86.187.244 - - [07/Aug/2022:08:28:33 +0800] "GET /xingrg/all/function/internal_message.html?_=1659832113803&CODE_STATE=getMsg HTTP/1.1" 200 27
114.83.219.234 - - [07/Aug/2022:08:28:34 +0800] "POST /xingrg/login.do HTTP/1.1" 302 -
114.83.219.234 - - [07/Aug/2022:08:28:34 +0800] "GET /xingrg/css/form.css HTTP/1.1" 200 893
114.83.219.234 - - [07/Aug/2022:08:28:34 +0800] "GET /xingrg/javascript/jquery.timers.js HTTP/1.1" 200 3532
114.83.219.234 - - [07/Aug/2022:08:28:34 +0800] "GET /xingrg/javascript/jquery.form.js HTTP/1.1" 200 23110
114.83.219.234 - - [07/Aug/2022:08:28:34 +0800] "GET /xingrg/index.html?sysBaseUrl=http%3A%2F%2F180.169.147.146%3A18081%2Fxingrg%2F&costTime=254×tamp=1659832114483 HTTP/1.1" 200 17179
114.83.219.234 - - [07/Aug/2022:08:28:34 +0800] "GET /favicon.ico HTTP/1.1" 404 -
114.83.219.234 - - [07/Aug/2022:08:28:34 +0800] "GET /xingrg/javascript/jquery_easy_ui/themes/icons/settle_new.png HTTP/1.1" 200 826
114.83.219.234 - - [07/Aug/2022:08:28:34 +0800] "GET /xingrg/images/blue/navBackgound.jpg HTTP/1.1" 200 12378
114.83.219.234 - - [07/Aug/2022:08:28:35 +0800] "POST /xingrg/all/common/load_tree.html?tree=area_rest_tree_json&manage=1 HTTP/1.1" 200 351
114.83.219.234 - - [07/Aug/2022:08:28:35 +0800] "GET /xingrg/all/function/internal_message.html?_=1659832113783&CODE_STATE=count HTTP/1.1" 200 11
114.83.219.234 - - [07/Aug/2022:08:28:35 +0800] "GET /xingrg/check_reg.html?_=1659832113785 HTTP/1.1" 200 22
114.83.219.234 - - [07/Aug/2022:08:28:35 +0800] "GET /xingrg/javascript/jquery_easy_ui/themes/default/images/tabs_leftarrow.png HTTP/1.1" 200 389
114.83.219.234 - - [07/Aug/2022:08:28:35 +0800] "GET /xingrg/javascript/jquery_easy_ui/themes/default/images/tabs_rightarrow.png HTTP/1.1" 200 395
114.83.219.234 - - [07/Aug/2022:08:28:35 +0800] "GET /xingrg/javascript/jquery_easy_ui/themes/default/images/panel_tool_collapse.gif HTTP/1.1" 200 246
114.83.219.234 - - [07/Aug/2022:08:28:35 +0800] "GET /xingrg/images/blue/pingpu.png HTTP/1.1" 200 231
114.83.219.234 - - [07/Aug/2022:08:28:35 +0800] "POST /xingrg/load_menu.html HTTP/1.1" 200 5138
114.83.219.234 - - [07/Aug/2022:08:28:36 +0800] "GET /xingrg/javascript/jquery_easy_ui/themes/default/images/tree_arrows.gif HTTP/1.1" 200 1043
114.83.219.234 - - [07/Aug/2022:08:28:36 +0800] "GET /xingrg/javascript/jquery_easy_ui/themes/icons/search_new.png HTTP/1.1" 200 586
114.83.219.234 - - [07/Aug/2022:08:28:36 +0800] "GET /xingrg/javascript/jquery_easy_ui/themes/default/images/tree_folder.gif HTTP/1.1" 200 952
114.83.219.234 - - [07/Aug/2022:08:28:36 +0800] "GET /xingrg/javascript/jquery_easy_ui/themes/icons/storage_new.png HTTP/1.1" 200 853
114.83.219.234 - - [07/Aug/2022:08:28:36 +0800] "GET /xingrg/javascript/jquery_easy_ui/themes/default/images/tree_file.gif HTTP/1.1" 200 118
114.83.219.234 - - [07/Aug/2022:08:28:36 +0800] "GET /xingrg/javascript/jquery_easy_ui/themes/default/images/tree_folder_open.gif HTTP/1.1" 200 956
114.83.219.234 - - [07/Aug/2022:08:28:37 +0800] "GET /xingrg/javascript/jquery_easy_ui/themes/icons/forms_new.png HTTP/1.1" 200 350
114.83.219.234 - - [07/Aug/2022:08:28:40 +0800] "GET /xingrg/javascript/jquery_easy_ui/themes/default/images/tabs_close.gif HTTP/1.1" 200 829
114.83.219.234 - - [07/Aug/2022:08:28:40 +0800] "GET /xingrg/kc/buy/cgsh_order_list.html HTTP/1.1" 200 52509
116.224.123.211 - - [07/Aug/2022:08:28:42 +0800] "GET /xingrg/kc/buy/cgsh_order_list.html HTTP/1.1" 200 52503
116.224.123.211 - - [07/Aug/2022:08:28:44 +0800] "POST /xingrg/kc/buy/cgsh_list_operate.html HTTP/1.1" 200 693
116.224.123.211 - - [07/Aug/2022:08:28:44 +0800] "GET /xingrg/kc/buy/cgsh_order_add.html HTTP/1.1" 200 68320
116.224.123.211 - - [07/Aug/2022:08:28:44 +0800] "GET /xingrg/words/20220806155637_words.js HTTP/1.1" 304 -
116.224.123.211 - - [07/Aug/2022:08:28:45 +0800] "GET /xingrg/all/common/auto_word.html?type=employee&rest_code=00102 HTTP/1.1" 200 189
116.224.123.211 - - [07/Aug/2022:08:28:45 +0800] "POST /xingrg/kc/buy/cgsh_order_operate.html HTTP/1.1" 200 8245
116.224.123.211 - - [07/Aug/2022:08:28:45 +0800] "GET /xingrg/javascript/easyui/themes/default/validatebox.css HTTP/1.1" 404 1104
116.224.123.211 - - [07/Aug/2022:08:28:45 +0800] "GET /xingrg/all/common/auto_word.html?type=employee&rest_code=00102 HTTP/1.1" 200 189
114.83.219.234 - - [07/Aug/2022:08:28:46 +0800] "POST /xingrg/kc/buy/cgsh_list_operate.html HTTP/1.1" 200 693
116.232.194.65 - - [07/Aug/2022:08:29:00 +0800] "GET /xingrg/all/function/internal_message.html?_=1659832132868&CODE_STATE=getMsg HTTP/1.1" 200 27
116.224.123.211 - - [07/Aug/2022:08:29:05 +0800] "GET /xingrg/all/function/internal_message.html?_=1659832144214&CODE_STATE=getMsg HTTP/1.1" 200 27
120.253.135.82 - - [07/Aug/2022:08:29:12 +0800] "GET /xingrg/check_reg.html?_=1659831958089 HTTP/1.1" 200 22
120.253.135.82 - - [07/Aug/2022:08:29:13 +0800] "GET /xingrg/all/function/internal_message.html?_=1659831958788&CODE_STATE=getMsg HTTP/1.1" 200 27
58.40.7.146 - - [07/Aug/2022:08:29:22 +0800] "GET /xingrg/all/function/internal_message.html?_=1659832161762&CODE_STATE=getMsg HTTP/1.1" 200 27
114.86.187.244 - - [07/Aug/2022:08:29:33 +0800] "GET /xingrg/all/function/internal_message.html?_=1659832173829&CODE_STATE=getMsg HTTP/1.1" 200 27
114.86.187.244 - - [07/Aug/2022:08:29:33 +0800] "GET /xingrg/check_reg.html?_=1659832173831 HTTP/1.1" 200 22
116.224.255.128 - - [07/Aug/2022:08:29:33 +0800] "GET /xingrg/check_reg.html?_=1659832171506 HTTP/1.1" 302 -
114.83.219.234 - - [07/Aug/2022:08:29:35 +0800] "GET /xingrg/all/function/internal_message.html?_=1659832173798&CODE_STATE=getMsg HTTP/1.1" 200 27
116.224.123.211 - - [07/Aug/2022:08:29:43 +0800] "GET /xingrg/javascript/auto/indicator.gif HTTP/1.1" 404 1066
116.232.194.65 - - [07/Aug/2022:08:30:00 +0800] "GET /xingrg/all/function/internal_message.html?_=1659832192857&CODE_STATE=getMsg HTTP/1.1" 200 27
116.224.123.211 - - [07/Aug/2022:08:30:04 +0800] "GET /xingrg/kc/buy/cgsh_order_operate.html?command=get_materiel&rest_code=00102&code=00102016762&supplier_code=00100151&order_time=2022-08-07 HTTP/1.1" 200 406
116.224.123.211 - - [07/Aug/2022:08:30:05 +0800] "GET /xingrg/check_reg.html?_=1659832204191 HTTP/1.1" 200 22
116.224.123.211 - - [07/Aug/2022:08:30:05 +0800] "GET /xingrg/all/function/internal_message.html?_=1659832204192&CODE_STATE=getMsg HTTP/1.1" 200 27
120.253.135.82 - - [07/Aug/2022:08:30:13 +0800] "GET /xingrg/all/function/internal_message.html?_=1659832018801&CODE_STATE=getMsg HTTP/1.1" 200 27
58.40.7.146 - - [07/Aug/2022:08:30:22 +0800] "GET /xingrg/check_reg.html?_=1659832221748 HTTP/1.1" 200 22
58.40.7.146 - - [07/Aug/2022:08:30:22 +0800] "GET /xingrg/all/function/internal_message.html?_=1659832221749&CODE_STATE=getMsg HTTP/1.1" 200 27
114.86.187.244 - - [07/Aug/2022:08:30:33 +0800] "GET /xingrg/all/function/internal_message.html?_=1659832233829&CODE_STATE=getMsg HTTP/1.1" 200 27
114.83.219.234 - - [07/Aug/2022:08:30:35 +0800] "GET /xingrg/all/function/internal_message.html?_=1659832233801&CODE_STATE=getMsg HTTP/1.1" 200 27
116.232.194.65 - - [07/Aug/2022:08:31:00 +0800] "GET /xingrg/all/function/internal_message.html?_=1659832252842&CODE_STATE=getMsg HTTP/1.1" 200 27
116.224.123.211 - - [07/Aug/2022:08:31:05 +0800] "GET /xingrg/all/function/internal_message.html?_=1659832264212&CODE_STATE=getMsg HTTP/1.1" 200 27
120.253.135.82 - - [07/Aug/2022:08:31:13 +0800] "GET /xingrg/all/function/internal_message.html?_=1659832078816&CODE_STATE=getMsg HTTP/1.1" 200 27
58.40.7.146 - - [07/Aug/2022:08:31:22 +0800] "GET /xingrg/all/function/internal_message.html?_=1659832281751&CODE_STATE=getMsg HTTP/1.1" 200 27
116.232.194.65 - - [07/Aug/2022:08:31:24 +0800] "GET /xingrg/check_reg.html?_=1659832276519 HTTP/1.1" 200 22
114.86.187.244 - - [07/Aug/2022:08:31:33 +0800] "GET /xingrg/all/function/internal_message.html?_=1659832293842&CODE_STATE=getMsg HTTP/1.1" 200 27
114.83.219.234 - - [07/Aug/2022:08:31:36 +0800] "GET /xingrg/all/function/internal_message.html?_=1659832294583&CODE_STATE=getMsg HTTP/1.1" 200 27
116.224.123.211 - - [07/Aug/2022:08:31:48 +0800] "GET /xingrg/kc/buy/cgsh_order_operate.html?command=get_materiel&rest_code=00102&code=00102002324&supplier_code=00100151&order_time=2022-08-07 HTTP/1.1" 200 409
116.232.194.65 - - [07/Aug/2022:08:32:00 +0800] "GET /xingrg/all/function/internal_message.html?_=1659832312818&CODE_STATE=getMsg HTTP/1.1" 200 27
116.224.123.211 - - [07/Aug/2022:08:32:05 +0800] "GET /xingrg/all/function/internal_message.html?_=1659832324200&CODE_STATE=getMsg HTTP/1.1" 200 27
120.253.135.82 - - [07/Aug/2022:08:32:13 +0800] "GET /xingrg/all/function/internal_message.html?_=1659832138830&CODE_STATE=getMsg HTTP/1.1" 200 27
58.40.7.146 - - [07/Aug/2022:08:32:22 +0800] "GET /xingrg/all/function/internal_message.html?_=1659832341756&CODE_STATE=getMsg HTTP/1.1" 200 27
116.224.123.211 - - [07/Aug/2022:08:32:23 +0800] "POST /xingrg/kc/buy/cgsh_order_operate.html HTTP/1.1" 200 37
114.86.187.244 - - [07/Aug/2022:08:32:33 +0800] "GET /xingrg/all/function/internal_message.html?_=1659832353826&CODE_STATE=getMsg HTTP/1.1" 200 27
114.83.219.234 - - [07/Aug/2022:08:32:36 +0800] "GET /xingrg/all/function/internal_message.html?_=1659832354547&CODE_STATE=getMsg HTTP/1.1" 200 27
116.224.123.211 - - [07/Aug/2022:08:32:57 +0800] "POST /xingrg/kc/buy/cgsh_order_operate.html HTTP/1.1" 200 12
116.232.194.65 - - [07/Aug/2022:08:33:00 +0800] "GET /xingrg/all/function/internal_message.html?_=1659832372789&CODE_STATE=getMsg HTTP/1.1" 200 27
120.253.135.82 - - [07/Aug/2022:08:33:13 +0800] "GET /xingrg/all/function/internal_message.html?_=1659832198842&CODE_STATE=getMsg HTTP/1.1" 200 27
116.224.123.211 - - [07/Aug/2022:08:33:13 +0800] "GET /xingrg/all/function/internal_message.html?_=1659832392484&CODE_STATE=getMsg HTTP/1.1" 200 27
116.224.123.211 - - [07/Aug/2022:08:33:13 +0800] "GET /xingrg/kc/buy/cgsh_order_info.html?code=212022080701986 HTTP/1.1" 200 63211
116.224.123.211 - - [07/Aug/2022:08:33:13 +0800] "GET /xingrg/javascript/easyui/themes/default/validatebox.css HTTP/1.1" 404 1104
116.224.123.211 - - [07/Aug/2022:08:33:14 +0800] "POST /xingrg/kc/buy/cgsh_order_operate.html HTTP/1.1" 200 1201
116.224.123.211 - - [07/Aug/2022:08:33:17 +0800] "GET /xingrg/kc/print/load_config.html?kc_code=cgsh HTTP/1.1" 200 1943
116.224.123.211 - - [07/Aug/2022:08:33:18 +0800] "GET /xingrg/kc/print/load_data.html?order_code=212022080701986&kc_code=cgsh&condition= HTTP/1.1" 200 891
58.40.7.146 - - [07/Aug/2022:08:33:22 +0800] "GET /xingrg/all/function/internal_message.html?_=1659832401760&CODE_STATE=getMsg HTTP/1.1" 200 27
114.86.187.244 - - [07/Aug/2022:08:33:33 +0800] "GET /xingrg/all/function/internal_message.html?_=1659832413836&CODE_STATE=getMsg HTTP/1.1" 200 27
114.83.219.234 - - [07/Aug/2022:08:33:35 +0800] "GET /xingrg/check_reg.html?_=1659832413821 HTTP/1.1" 200 22
114.83.219.234 - - [07/Aug/2022:08:33:36 +0800] "GET /xingrg/all/function/internal_message.html?_=1659832414530&CODE_STATE=getMsg HTTP/1.1" 200 27
114.83.219.234 - - [07/Aug/2022:08:33:36 +0800] "GET /xingrg/kc/buy/cgsh_order_add.html HTTP/1.1" 200 68373
114.83.219.234 - - [07/Aug/2022:08:33:37 +0800] "GET /xingrg/words/20220806155637_words.js HTTP/1.1" 304 -
114.83.219.234 - - [07/Aug/2022:08:33:37 +0800] "POST /xingrg/kc/buy/cgsh_order_operate.html HTTP/1.1" 200 8245
114.83.219.234 - - [07/Aug/2022:08:33:37 +0800] "GET /xingrg/all/common/auto_word.html?type=employee&rest_code=00149 HTTP/1.1" 200 197
114.83.219.234 - - [07/Aug/2022:08:33:37 +0800] "GET /xingrg/all/common/auto_word.html?type=employee&rest_code=00149 HTTP/1.1" 200 197
114.83.219.234 - - [07/Aug/2022:08:33:37 +0800] "GET /xingrg/javascript/easyui/themes/default/validatebox.css HTTP/1.1" 404 1104
116.232.194.65 - - [07/Aug/2022:08:34:00 +0800] "GET /xingrg/all/function/internal_message.html?_=1659832432773&CODE_STATE=getMsg HTTP/1.1" 200 27
120.253.135.82 - - [07/Aug/2022:08:34:12 +0800] "GET /xingrg/check_reg.html?_=1659832258092 HTTP/1.1" 200 22
120.253.135.82 - - [07/Aug/2022:08:34:13 +0800] "GET /xingrg/all/function/internal_message.html?_=1659832258857&CODE_STATE=getMsg HTTP/1.1" 200 27
116.224.123.211 - - [07/Aug/2022:08:34:13 +0800] "GET /xingrg/all/function/internal_message.html?_=1659832452475&CODE_STATE=getMsg HTTP/1.1" 200 27
58.40.7.146 - - [07/Aug/2022:08:34:22 +0800] "GET /xingrg/all/function/internal_message.html?_=1659832461762&CODE_STATE=getMsg HTTP/1.1" 200 27
114.83.219.234 - - [07/Aug/2022:08:34:28 +0800] "GET /xingrg/javascript/auto/indicator.gif HTTP/1.1" 404 1066
114.83.219.234 - - [07/Aug/2022:08:34:30 +0800] "GET /xingrg/javascript/jquery_tools/images/prev.gif HTTP/1.1" 404 1086
114.83.219.234 - - [07/Aug/2022:08:34:30 +0800] "GET /xingrg/javascript/jquery_tools/images/next.gif HTTP/1.1" 404 1086
114.86.187.244 - - [07/Aug/2022:08:34:33 +0800] "GET /xingrg/check_reg.html?_=1659832473844 HTTP/1.1" 200 22
114.86.187.244 - - [07/Aug/2022:08:34:33 +0800] "GET /xingrg/all/function/internal_message.html?_=1659832473846&CODE_STATE=getMsg HTTP/1.1" 200 27
116.224.255.128 - - [07/Aug/2022:08:34:33 +0800] "GET /xingrg/check_reg.html?_=1659832471486 HTTP/1.1" 302 -
114.83.219.234 - - [07/Aug/2022:08:34:36 +0800] "GET /xingrg/all/function/internal_message.html?_=1659832474510&CODE_STATE=getMsg HTTP/1.1" 200 27
116.224.123.211 - - [07/Aug/2022:08:34:37 +0800] "GET /xingrg/kc/buy/cgsh_order_add.html HTTP/1.1" 200 68320
116.224.123.211 - - [07/Aug/2022:08:34:37 +0800] "POST /xingrg/kc/buy/cgsh_order_operate.html HTTP/1.1" 200 8245
116.224.123.211 - - [07/Aug/2022:08:34:37 +0800] "GET /xingrg/javascript/easyui/themes/default/validatebox.css HTTP/1.1" 404 1104
114.83.219.234 - - [07/Aug/2022:08:34:57 +0800] "GET /xingrg/kc/buy/cgsh_order_operate.html?command=get_materiel&rest_code=00149&code=00101008323&supplier_code=00100005&order_time=2022-08-07 HTTP/1.1" 200 408
116.232.194.65 - - [07/Aug/2022:08:35:00 +0800] "GET /xingrg/all/function/internal_message.html?_=1659832492766&CODE_STATE=getMsg HTTP/1.1" 200 27
116.224.123.211 - - [07/Aug/2022:08:35:05 +0800] "GET /xingrg/check_reg.html?_=1659832504222 HTTP/1.1" 200 22
114.83.219.234 - - [07/Aug/2022:08:35:07 +0800] "GET /xingrg/kc/buy/cgsh_order_operate.html?command=get_materiel&rest_code=00149&code=00101008176&supplier_code=00100005&order_time=2022-08-07 HTTP/1.1" 200 413
120.253.135.82 - - [07/Aug/2022:08:35:13 +0800] "GET /xingrg/all/function/internal_message.html?_=1659832318869&CODE_STATE=getMsg HTTP/1.1" 200 27
116.224.123.211 - - [07/Aug/2022:08:35:13 +0800] "GET /xingrg/all/function/internal_message.html?_=1659832512468&CODE_STATE=getMsg HTTP/1.1" 200 27
114.83.219.234 - - [07/Aug/2022:08:35:19 +0800] "GET /xingrg/kc/buy/cgsh_order_operate.html?command=get_materiel&rest_code=00149&code=00101008302&supplier_code=00100005&order_time=2022-08-07 HTTP/1.1" 200 412
58.40.7.146 - - [07/Aug/2022:08:35:22 +0800] "GET /xingrg/check_reg.html?_=1659832521764 HTTP/1.1" 200 22
58.40.7.146 - - [07/Aug/2022:08:35:22 +0800] "GET /xingrg/all/function/internal_message.html?_=1659832521765&CODE_STATE=getMsg HTTP/1.1" 200 27
114.83.219.234 - - [07/Aug/2022:08:35:26 +0800] "GET /xingrg/kc/buy/cgsh_order_operate.html?command=get_materiel&rest_code=00149&code=00101008219&supplier_code=00100005&order_time=2022-08-07 HTTP/1.1" 200 412
114.86.187.244 - - [07/Aug/2022:08:35:33 +0800] "GET /xingrg/all/function/internal_message.html?_=1659832533833&CODE_STATE=getMsg HTTP/1.1" 200 27
114.83.219.234 - - [07/Aug/2022:08:35:36 +0800] "GET /xingrg/all/function/internal_message.html?_=1659832534490&CODE_STATE=getMsg HTTP/1.1" 200 27
114.83.219.234 - - [07/Aug/2022:08:35:38 +0800] "GET /xingrg/kc/buy/cgsh_order_operate.html?command=get_materiel&rest_code=00149&code=00101008234&supplier_code=00100005&order_time=2022-08-07 HTTP/1.1" 200 408
116.232.194.65 - - [07/Aug/2022:08:36:00 +0800] "GET /xingrg/all/function/internal_message.html?_=1659832552743&CODE_STATE=getMsg HTTP/1.1" 200 27
120.253.135.82 - - [07/Aug/2022:08:36:13 +0800] "GET /xingrg/all/function/internal_message.html?_=1659832378884&CODE_STATE=getMsg HTTP/1.1" 200 27
116.224.123.211 - - [07/Aug/2022:08:36:13 +0800] "GET /xingrg/all/function/internal_message.html?_=1659832572443&CODE_STATE=getMsg HTTP/1.1" 200 27
218.81.223.53 - - [07/Aug/2022:08:36:13 +0800] "GET /xingrg/check_reg.html?_=1659832598133 HTTP/1.1" 200 22
218.81.223.53 - - [07/Aug/2022:08:36:13 +0800] "GET /xingrg/kc/buy/cgsh_order_list.html HTTP/1.1" 200 52509
218.81.223.53 - - [07/Aug/2022:08:36:14 +0800] "POST /xingrg/kc/buy/cgsh_list_operate.html HTTP/1.1" 200 693
218.81.223.53 - - [07/Aug/2022:08:36:19 +0800] "GET /xingrg/kc/buy/cgsh_order_add.html HTTP/1.1" 200 68247
218.81.223.53 - - [07/Aug/2022:08:36:19 +0800] "POST /xingrg/kc/buy/cgsh_order_operate.html HTTP/1.1" 200 8245
218.81.223.53 - - [07/Aug/2022:08:36:19 +0800] "GET /xingrg/all/common/auto_word.html?type=employee&rest_code=00146 HTTP/1.1" 200 101
218.81.223.53 - - [07/Aug/2022:08:36:19 +0800] "GET /xingrg/all/common/auto_word.html?type=employee&rest_code=00146 HTTP/1.1" 200 101
218.81.223.53 - - [07/Aug/2022:08:36:19 +0800] "GET /xingrg/javascript/easyui/themes/default/validatebox.css HTTP/1.1" 404 1104
58.40.7.146 - - [07/Aug/2022:08:36:22 +0800] "GET /xingrg/all/function/internal_message.html?_=1659832581752&CODE_STATE=getMsg HTTP/1.1" 200 27
114.83.219.234 - - [07/Aug/2022:08:36:22 +0800] "GET /xingrg/kc/buy/cgsh_order_operate.html?command=get_materiel&rest_code=00149&code=00101008257&supplier_code=00100005&order_time=2022-08-07 HTTP/1.1" 200 416
116.232.194.65 - - [07/Aug/2022:08:36:24 +0800] "GET /xingrg/check_reg.html?_=1659832576530 HTTP/1.1" 200 22
114.86.187.244 - - [07/Aug/2022:08:36:33 +0800] "GET /xingrg/all/function/internal_message.html?_=1659832593834&CODE_STATE=getMsg HTTP/1.1" 200 27
114.83.219.234 - - [07/Aug/2022:08:36:36 +0800] "GET /xingrg/all/function/internal_message.html?_=1659832594465&CODE_STATE=getMsg HTTP/1.1" 200 27
116.224.123.211 - - [07/Aug/2022:08:36:56 +0800] "GET /xingrg/kc/buy/cgsh_order_operate.html?command=get_materiel&rest_code=00102&code=00101020103&supplier_code=00100151&order_time=2022-08-07 HTTP/1.1" 200 408
116.232.194.65 - - [07/Aug/2022:08:37:00 +0800] "GET /xingrg/all/function/internal_message.html?_=1659832612734&CODE_STATE=getMsg HTTP/1.1" 200 27
116.224.123.211 - - [07/Aug/2022:08:37:08 +0800] "GET /xingrg/kc/buy/cgsh_order_operate.html?command=get_materiel&rest_code=00102&code=00101010024&supplier_code=00100151&order_time=2022-08-07 HTTP/1.1" 200 408
120.253.135.82 - - [07/Aug/2022:08:37:13 +0800] "GET /xingrg/all/function/internal_message.html?_=1659832438960&CODE_STATE=getMsg HTTP/1.1" 200 27
116.224.123.211 - - [07/Aug/2022:08:37:13 +0800] "GET /xingrg/all/function/internal_message.html?_=1659832632425&CODE_STATE=getMsg HTTP/1.1" 200 27
58.40.7.146 - - [07/Aug/2022:08:37:22 +0800] "GET /xingrg/all/function/internal_message.html?_=1659832641754&CODE_STATE=getMsg HTTP/1.1" 200 27
114.86.187.244 - - [07/Aug/2022:08:37:33 +0800] "GET /xingrg/all/function/internal_message.html?_=1659832653838&CODE_STATE=getMsg HTTP/1.1" 200 27
114.83.219.234 - - [07/Aug/2022:08:37:36 +0800] "GET /xingrg/all/function/internal_message.html?_=1659832654461&CODE_STATE=getMsg HTTP/1.1" 200 27
116.224.123.211 - - [07/Aug/2022:08:37:55 +0800] "GET /xingrg/kc/buy/cgsh_order_operate.html?command=get_materiel&rest_code=00102&code=00101009001&supplier_code=00100151&order_time=2022-08-07 HTTP/1.1" 200 416
116.232.194.65 - - [07/Aug/2022:08:38:00 +0800] "GET /xingrg/all/function/internal_message.html?_=1659832672710&CODE_STATE=getMsg HTTP/1.1" 200 27
218.81.223.53 - - [07/Aug/2022:08:38:01 +0800] "GET /xingrg/kc/buy/cgsh_order_operate.html?command=get_materiel&rest_code=00146&code=00101008261&supplier_code=00100005&order_time=2022-08-07 HTTP/1.1" 200 408
