61.165.151.54 - - [07/Aug/2022:12:11:11 +0800] "GET /xingrg/kc/buy/cgsh_order_operate.html?command=get_materiel&rest_code=00105&code=00101003040&supplier_code=00100093&order_time=2022-08-07 HTTP/1.1" 200 418
120.253.135.82 - - [07/Aug/2022:12:11:14 +0800] "POST /xingrg/kc/buy/cgsh_order_operate.html HTTP/1.1" 200 12
218.81.223.53 - - [07/Aug/2022:12:11:14 +0800] "GET /xingrg/check_reg.html?_=1659845499691 HTTP/1.1" 200 22
116.224.123.211 - - [07/Aug/2022:12:11:16 +0800] "GET /xingrg/kc/buy/cgsh_order_operate.html?command=get_materiel&rest_code=00102&code=00101008085&supplier_code=00100008&order_time=2022-08-07 HTTP/1.1" 200 412
114.88.158.224 - - [07/Aug/2022:12:11:16 +0800] "GET /xingrg/kc/buy/cgsh_order_operate.html?command=get_materiel&rest_code=00141&code=00101004046&supplier_code=00100312&order_time=2022-08-07 HTTP/1.1" 200 417
120.253.135.82 - - [07/Aug/2022:12:11:18 +0800] "GET /xingrg/kc/buy/cgsh_order_info.html?code=212022080702075 HTTP/1.1" 200 62294
120.253.135.82 - - [07/Aug/2022:12:11:19 +0800] "GET /xingrg/javascript/easyui/themes/default/validatebox.css HTTP/1.1" 404 1104
120.253.135.82 - - [07/Aug/2022:12:11:19 +0800] "GET /xingrg/check_reg.html?_=1659845285739 HTTP/1.1" 200 22
120.253.135.82 - - [07/Aug/2022:12:11:20 +0800] "POST /xingrg/kc/buy/cgsh_order_operate.html HTTP/1.1" 200 1213
61.165.151.54 - - [07/Aug/2022:12:11:22 +0800] "GET /xingrg/all/function/internal_message.html?_=1659845357316&CODE_STATE=getMsg HTTP/1.1" 200 27
58.40.7.146 - - [07/Aug/2022:12:11:22 +0800] "GET /xingrg/all/function/internal_message.html?_=1659845481842&CODE_STATE=getMsg HTTP/1.1" 200 27
120.253.135.82 - - [07/Aug/2022:12:11:23 +0800] "GET /xingrg/kc/buy/cgsh_order_add.html HTTP/1.1" 200 67393
120.253.135.82 - - [07/Aug/2022:12:11:23 +0800] "POST /xingrg/kc/buy/cgsh_order_operate.html HTTP/1.1" 200 8245
120.253.135.82 - - [07/Aug/2022:12:11:23 +0800] "GET /xingrg/javascript/easyui/themes/default/validatebox.css HTTP/1.1" 404 1104
116.235.94.65 - - [07/Aug/2022:12:11:24 +0800] "GET /xingrg/kc/buy/cgsh_order_add.html HTTP/1.1" 200 68326
116.235.94.65 - - [07/Aug/2022:12:11:25 +0800] "POST /xingrg/kc/buy/cgsh_order_operate.html HTTP/1.1" 200 8245
116.235.94.65 - - [07/Aug/2022:12:11:25 +0800] "GET /xingrg/javascript/easyui/themes/default/validatebox.css HTTP/1.1" 404 1104
180.169.147.146 - - [07/Aug/2022:12:11:28 +0800] "GET /xingrg/all/function/internal_message.html?_=1659845606352&CODE_STATE=getMsg HTTP/1.1" 200 27
61.165.151.54 - - [07/Aug/2022:12:11:31 +0800] "POST /xingrg/kc/buy/cgsh_order_operate.html HTTP/1.1" 200 64
180.169.147.146 - - [07/Aug/2022:12:11:32 +0800] "GET /xingrg/all/function/internal_message.html?_=1659845490435&CODE_STATE=getMsg HTTP/1.1" 200 27
116.224.123.211 - - [07/Aug/2022:12:11:33 +0800] "POST /xingrg/kc/buy/cgsh_order_operate.html HTTP/1.1" 200 37
114.88.158.224 - - [07/Aug/2022:12:11:33 +0800] "GET /xingrg/kc/buy/cgsh_order_operate.html?command=get_materiel&rest_code=00141&code=00101004050&supplier_code=00100312&order_time=2022-08-07 HTTP/1.1" 200 411
114.86.187.244 - - [07/Aug/2022:12:11:34 +0800] "GET /xingrg/all/function/internal_message.html?_=1659845494218&CODE_STATE=getMsg HTTP/1.1" 200 27
180.162.109.37 - - [07/Aug/2022:12:11:34 +0800] "GET /xingrg/all/function/internal_message.html?_=1659844675958&CODE_STATE=getMsg HTTP/1.1" 200 27
180.162.109.37 - - [07/Aug/2022:12:11:34 +0800] "GET /xingrg/check_reg.html?_=1659844675955 HTTP/1.1" 200 22
180.169.147.146 - - [07/Aug/2022:12:11:35 +0800] "GET /xingrg/all/function/internal_message.html?_=1659845495603&CODE_STATE=getMsg HTTP/1.1" 200 27
61.165.151.54 - - [07/Aug/2022:12:11:36 +0800] "POST /xingrg/kc/buy/cgsh_order_operate.html HTTP/1.1" 200 37
114.83.219.234 - - [07/Aug/2022:12:11:36 +0800] "GET /xingrg/all/function/internal_message.html?_=1659845495184&CODE_STATE=getMsg HTTP/1.1" 200 27
61.165.151.54 - - [07/Aug/2022:12:11:37 +0800] "POST /xingrg/kc/buy/cgsh_order_operate.html HTTP/1.1" 200 2665
116.233.76.37 - - [07/Aug/2022:12:11:37 +0800] "GET /xingrg/all/function/internal_message.html?_=1659845497585&CODE_STATE=getMsg HTTP/1.1" 200 27
61.165.151.54 - - [07/Aug/2022:12:11:38 +0800] "GET /xingrg/kc/print/load_data.html?order_code=212022080702084&kc_code=cgsh&condition= HTTP/1.1" 200 726
172.20.0.100 - - [07/Aug/2022:12:11:38 +0800] "GET /xingrg/check_reg.html?_=1659845497368 HTTP/1.1" 200 22
172.20.0.100 - - [07/Aug/2022:12:11:38 +0800] "GET /xingrg/all/function/internal_message.html?_=1659845497370&CODE_STATE=getMsg HTTP/1.1" 200 27
180.169.147.146 - - [07/Aug/2022:12:11:41 +0800] "GET /xingrg/all/function/internal_message.html?_=1659845495000&CODE_STATE=getMsg HTTP/1.1" 200 27
120.253.135.82 - - [07/Aug/2022:12:11:41 +0800] "POST /xingrg/all/common/load_combo.html?type=employee HTTP/1.1" 200 1752
61.165.151.54 - - [07/Aug/2022:12:11:42 +0800] "GET /xingrg/kc/base/wldb_order_list.html HTTP/1.1" 200 19142
61.165.151.54 - - [07/Aug/2022:12:11:43 +0800] "POST /xingrg/kc/base/wldb_list_operate.html HTTP/1.1" 200 3346
61.165.151.54 - - [07/Aug/2022:12:11:44 +0800] "GET /xingrg/kc/base/wldb_order_add.html HTTP/1.1" 200 30356
61.165.151.54 - - [07/Aug/2022:12:11:44 +0800] "GET /xingrg/all/common/auto_word.html?type=base&rest_code=00105 HTTP/1.1" 200 1907
61.165.151.54 - - [07/Aug/2022:12:11:44 +0800] "GET /xingrg/all/common/auto_word.html?type=base&rest_code=00105 HTTP/1.1" 200 1907
61.165.151.54 - - [07/Aug/2022:12:11:44 +0800] "POST /xingrg/kc/base/wldb_order_operate.html HTTP/1.1" 200 6806
61.165.151.54 - - [07/Aug/2022:12:11:44 +0800] "GET /xingrg/javascript/easyui/themes/default/validatebox.css HTTP/1.1" 404 1104
116.224.123.211 - - [07/Aug/2022:12:11:47 +0800] "GET /xingrg/all/function/internal_message.html?_=1659845506701&CODE_STATE=getMsg HTTP/1.1" 200 27
120.253.135.82 - - [07/Aug/2022:12:11:51 +0800] "GET /xingrg/kc/buy/cgsh_order_operate.html?command=get_materiel&rest_code=00101&code=00101013103&supplier_code=00100111&order_time=2022-08-07 HTTP/1.1" 200 413
61.165.151.54 - - [07/Aug/2022:12:11:52 +0800] "GET /xingrg/kc/base/wldb_order_operate.html?command=get_materiel&rest_code=00105&base_code=0010510&code=00101036003 HTTP/1.1" 200 440
222.69.129.110 - - [07/Aug/2022:12:11:54 +0800] "GET /xingrg/all/function/internal_message.html?_=1659845572948&CODE_STATE=getMsg HTTP/1.1" 200 27
114.88.158.224 - - [07/Aug/2022:12:11:56 +0800] "GET /xingrg/kc/buy/cgsh_order_operate.html?command=get_materiel&rest_code=00141&code=00101001029&supplier_code=00100312&order_time=2022-08-07 HTTP/1.1" 200 416
61.165.151.54 - - [07/Aug/2022:12:11:57 +0800] "GET /xingrg/check_reg.html?_=1659845517685 HTTP/1.1" 200 22
61.165.151.54 - - [07/Aug/2022:12:11:57 +0800] "GET /xingrg/all/function/internal_message.html?_=1659845517687&CODE_STATE=getMsg HTTP/1.1" 200 27
116.232.194.65 - - [07/Aug/2022:12:11:59 +0800] "GET /xingrg/all/function/internal_message.html?_=1659845511389&CODE_STATE=getMsg HTTP/1.1" 200 27
116.235.94.65 - - [07/Aug/2022:12:12:01 +0800] "GET /xingrg/check_reg.html?_=1659845707908 HTTP/1.1" 200 22
116.235.94.65 - - [07/Aug/2022:12:12:01 +0800] "GET /xingrg/all/function/internal_message.html?_=1659845707909&CODE_STATE=getMsg HTTP/1.1" 200 27
180.169.147.146 - - [07/Aug/2022:12:12:05 +0800] "GET /xingrg/all/function/internal_message.html?_=1659845524659&CODE_STATE=getMsg HTTP/1.1" 200 27
114.88.158.224 - - [07/Aug/2022:12:12:09 +0800] "POST /xingrg/kc/buy/cgsh_order_operate.html HTTP/1.1" 200 37
120.253.135.82 - - [07/Aug/2022:12:12:12 +0800] "GET /xingrg/kc/buy/cgsh_order_operate.html?command=get_materiel&rest_code=00101&code=00101013043&supplier_code=00100111&order_time=2022-08-07 HTTP/1.1" 200 413
114.88.158.224 - - [07/Aug/2022:12:12:13 +0800] "POST /xingrg/kc/buy/cgsh_order_operate.html HTTP/1.1" 200 12
114.88.158.224 - - [07/Aug/2022:12:12:15 +0800] "GET /xingrg/kc/buy/cgsh_order_info.html?code=212022080702085 HTTP/1.1" 200 63192
114.88.158.224 - - [07/Aug/2022:12:12:15 +0800] "GET /xingrg/javascript/easyui/themes/default/validatebox.css HTTP/1.1" 404 1104
114.88.158.224 - - [07/Aug/2022:12:12:16 +0800] "POST /xingrg/kc/buy/cgsh_order_operate.html HTTP/1.1" 200 1806
114.88.158.224 - - [07/Aug/2022:12:12:17 +0800] "GET /xingrg/kc/print/load_data.html?order_code=212022080702085&kc_code=cgsh&condition= HTTP/1.1" 200 1175
116.235.94.65 - - [07/Aug/2022:12:12:17 +0800] "GET /xingrg/kc/buy/cgsh_order_operate.html?command=get_materiel&rest_code=00104&code=00101016025&supplier_code=00100036&order_time=2022-08-07 HTTP/1.1" 200 408
114.88.158.224 - - [07/Aug/2022:12:12:19 +0800] "GET /xingrg/kc/buy/cgsh_order_add.html HTTP/1.1" 200 68285
114.88.158.224 - - [07/Aug/2022:12:12:20 +0800] "POST /xingrg/kc/buy/cgsh_order_operate.html HTTP/1.1" 200 8245
114.88.158.224 - - [07/Aug/2022:12:12:20 +0800] "GET /xingrg/javascript/easyui/themes/default/validatebox.css HTTP/1.1" 404 1104
61.165.151.54 - - [07/Aug/2022:12:12:22 +0800] "GET /xingrg/all/function/internal_message.html?_=1659845417314&CODE_STATE=getMsg HTTP/1.1" 200 27
58.40.7.146 - - [07/Aug/2022:12:12:22 +0800] "GET /xingrg/all/function/internal_message.html?_=1659845541844&CODE_STATE=getMsg HTTP/1.1" 200 27
120.253.135.82 - - [07/Aug/2022:12:12:24 +0800] "POST /xingrg/kc/buy/cgsh_order_operate.html HTTP/1.1" 200 37
120.253.135.82 - - [07/Aug/2022:12:12:26 +0800] "POST /xingrg/kc/buy/cgsh_order_operate.html HTTP/1.1" 200 3259
116.233.76.37 - - [07/Aug/2022:12:12:27 +0800] "POST /xingrg/services/DataTransmitService HTTP/1.1" 200 524
114.88.158.224 - - [07/Aug/2022:12:12:27 +0800] "GET /xingrg/kc/buy/cgsh_order_operate.html?command=get_materiel&rest_code=00141&code=00101013172&supplier_code=00100337&order_time=2022-08-07 HTTP/1.1" 200 409
120.253.135.82 - - [07/Aug/2022:12:12:27 +0800] "GET /xingrg/kc/print/load_data.html?order_code=212022080702086&kc_code=cgsh&condition= HTTP/1.1" 200 959
180.169.147.146 - - [07/Aug/2022:12:12:28 +0800] "GET /xingrg/all/function/internal_message.html?_=1659845666345&CODE_STATE=getMsg HTTP/1.1" 200 27
116.235.94.65 - - [07/Aug/2022:12:12:28 +0800] "GET /xingrg/kc/buy/cgsh_order_operate.html?command=get_materiel&rest_code=00104&code=00101024099&supplier_code=00100036&order_time=2022-08-07 HTTP/1.1" 200 417
116.233.76.37 - - [07/Aug/2022:12:12:29 +0800] "POST /xingrg/services/DataTransmitService HTTP/1.1" 200 501
116.233.76.37 - - [07/Aug/2022:12:12:29 +0800] "POST /xingrg/services/DataTransmitService HTTP/1.1" 200 501
116.233.76.37 - - [07/Aug/2022:12:12:30 +0800] "POST /xingrg/services/DataTransmitService HTTP/1.1" 200 501
116.233.76.37 - - [07/Aug/2022:12:12:30 +0800] "POST /xingrg/services/DataTransmitService HTTP/1.1" 200 501
116.233.76.37 - - [07/Aug/2022:12:12:30 +0800] "POST /xingrg/services/DataTransmitService HTTP/1.1" 200 501
116.233.76.37 - - [07/Aug/2022:12:12:30 +0800] "POST /xingrg/services/DataTransmitService HTTP/1.1" 200 501
116.233.76.37 - - [07/Aug/2022:12:12:31 +0800] "POST /xingrg/services/DataTransmitService HTTP/1.1" 200 412
180.169.147.146 - - [07/Aug/2022:12:12:32 +0800] "GET /xingrg/all/function/internal_message.html?_=1659845550436&CODE_STATE=getMsg HTTP/1.1" 200 27
61.165.151.54 - - [07/Aug/2022:12:12:33 +0800] "GET /xingrg/kc/buy/cgsh_order_list.html HTTP/1.1" 200 52503
114.86.187.244 - - [07/Aug/2022:12:12:34 +0800] "GET /xingrg/all/function/internal_message.html?_=1659845554220&CODE_STATE=getMsg HTTP/1.1" 200 27
116.235.94.65 - - [07/Aug/2022:12:12:34 +0800] "GET /xingrg/kc/buy/cgsh_order_operate.html?command=get_materiel&rest_code=00104&code=00101012025&supplier_code=00100036&order_time=2022-08-07 HTTP/1.1" 200 412
180.162.109.37 - - [07/Aug/2022:12:12:34 +0800] "GET /xingrg/all/function/internal_message.html?_=1659844735949&CODE_STATE=getMsg HTTP/1.1" 200 27
61.165.151.54 - - [07/Aug/2022:12:12:35 +0800] "POST /xingrg/kc/buy/cgsh_list_operate.html HTTP/1.1" 200 4402
180.169.147.146 - - [07/Aug/2022:12:12:36 +0800] "GET /xingrg/all/function/internal_message.html?_=1659845555605&CODE_STATE=getMsg HTTP/1.1" 200 27
114.83.219.234 - - [07/Aug/2022:12:12:36 +0800] "GET /xingrg/all/function/internal_message.html?_=1659845555155&CODE_STATE=getMsg HTTP/1.1" 200 27
61.165.151.54 - - [07/Aug/2022:12:12:37 +0800] "GET /xingrg/kc/buy/cgsh_order_add.html HTTP/1.1" 200 68367
120.253.135.82 - - [07/Aug/2022:12:12:37 +0800] "POST /xingrg/kc/buy/cgsh_order_operate.html HTTP/1.1" 200 37
116.233.76.37 - - [07/Aug/2022:12:12:37 +0800] "GET /xingrg/all/function/internal_message.html?_=1659845557587&CODE_STATE=getMsg HTTP/1.1" 200 27
61.165.151.54 - - [07/Aug/2022:12:12:38 +0800] "GET /xingrg/javascript/easyui/themes/default/validatebox.css HTTP/1.1" 404 1104
116.233.76.37 - - [07/Aug/2022:12:12:38 +0800] "GET /xingrg/check_reg.html?_=1659845557587 HTTP/1.1" 200 22
61.165.151.54 - - [07/Aug/2022:12:12:38 +0800] "POST /xingrg/kc/buy/cgsh_order_operate.html HTTP/1.1" 200 8245
172.20.0.100 - - [07/Aug/2022:12:12:38 +0800] "GET /xingrg/all/function/internal_message.html?_=1659845557371&CODE_STATE=getMsg HTTP/1.1" 200 27
180.169.147.146 - - [07/Aug/2022:12:12:41 +0800] "GET /xingrg/all/function/internal_message.html?_=1659845554984&CODE_STATE=getMsg HTTP/1.1" 200 27
114.88.158.224 - - [07/Aug/2022:12:12:46 +0800] "POST /xingrg/kc/buy/cgsh_order_operate.html HTTP/1.1" 200 37
116.224.123.211 - - [07/Aug/2022:12:12:47 +0800] "GET /xingrg/all/function/internal_message.html?_=1659845566703&CODE_STATE=getMsg HTTP/1.1" 200 27
116.224.123.211 - - [07/Aug/2022:12:12:48 +0800] "GET /xingrg/check_reg.html?_=1659845566988 HTTP/1.1" 200 22
61.165.151.54 - - [07/Aug/2022:12:12:50 +0800] "GET /xingrg/kc/buy/cgsh_order_operate.html?command=get_materiel&rest_code=00105&code=00101007032&supplier_code=00100328&order_time=2022-08-07 HTTP/1.1" 200 413
120.253.135.82 - - [07/Aug/2022:12:12:53 +0800] "POST /xingrg/kc/buy/cgsh_order_operate.html HTTP/1.1" 200 12
222.69.129.110 - - [07/Aug/2022:12:12:54 +0800] "GET /xingrg/check_reg.html?_=1659845632931 HTTP/1.1" 200 22
222.69.129.110 - - [07/Aug/2022:12:12:54 +0800] "GET /xingrg/all/function/internal_message.html?_=1659845632935&CODE_STATE=getMsg HTTP/1.1" 200 27
114.88.158.224 - - [07/Aug/2022:12:12:55 +0800] "POST /xingrg/kc/buy/cgsh_order_operate.html HTTP/1.1" 200 12
120.253.135.82 - - [07/Aug/2022:12:12:55 +0800] "GET /xingrg/kc/buy/cgsh_order_info.html?code=212022080702086 HTTP/1.1" 200 62300
114.88.158.224 - - [07/Aug/2022:12:12:55 +0800] "GET /xingrg/kc/buy/cgsh_order_info.html?code=212022080702087 HTTP/1.1" 200 63190
114.88.158.224 - - [07/Aug/2022:12:12:56 +0800] "GET /xingrg/javascript/easyui/themes/default/validatebox.css HTTP/1.1" 404 1104
120.253.135.82 - - [07/Aug/2022:12:12:56 +0800] "GET /xingrg/javascript/easyui/themes/default/validatebox.css HTTP/1.1" 404 1104
114.88.158.224 - - [07/Aug/2022:12:12:56 +0800] "POST /xingrg/kc/buy/cgsh_order_operate.html HTTP/1.1" 200 602
120.253.135.82 - - [07/Aug/2022:12:12:57 +0800] "POST /xingrg/kc/buy/cgsh_order_operate.html HTTP/1.1" 200 1209
61.165.151.54 - - [07/Aug/2022:12:12:57 +0800] "GET /xingrg/all/function/internal_message.html?_=1659845577661&CODE_STATE=getMsg HTTP/1.1" 200 27
114.88.158.224 - - [07/Aug/2022:12:12:57 +0800] "GET /xingrg/kc/print/load_data.html?order_code=212022080702087&kc_code=cgsh&condition= HTTP/1.1" 200 702
120.253.135.82 - - [07/Aug/2022:12:12:59 +0800] "POST /xingrg/kc/buy/cgsh_list_operate.html HTTP/1.1" 200 693
116.232.194.65 - - [07/Aug/2022:12:12:59 +0800] "GET /xingrg/all/function/internal_message.html?_=1659845571398&CODE_STATE=getMsg HTTP/1.1" 200 27
120.253.135.82 - - [07/Aug/2022:12:13:00 +0800] "GET /xingrg/kc/buy/cgsh_order_add.html HTTP/1.1" 200 67393
120.253.135.82 - - [07/Aug/2022:12:13:00 +0800] "POST /xingrg/kc/buy/cgsh_order_operate.html HTTP/1.1" 200 8245
120.253.135.82 - - [07/Aug/2022:12:13:00 +0800] "GET /xingrg/javascript/easyui/themes/default/validatebox.css HTTP/1.1" 404 1104
116.235.94.65 - - [07/Aug/2022:12:13:01 +0800] "GET /xingrg/all/function/internal_message.html?_=1659845767911&CODE_STATE=getMsg HTTP/1.1" 200 27
114.88.158.224 - - [07/Aug/2022:12:13:02 +0800] "GET /xingrg/kc/buy/cgsh_order_add.html HTTP/1.1" 200 68285
114.88.158.224 - - [07/Aug/2022:12:13:02 +0800] "POST /xingrg/kc/buy/cgsh_order_operate.html HTTP/1.1" 200 8245
114.88.158.224 - - [07/Aug/2022:12:13:02 +0800] "GET /xingrg/javascript/easyui/themes/default/validatebox.css HTTP/1.1" 404 1104
124.78.152.102 - - [07/Aug/2022:12:13:04 +0800] "GET /xingrg/check_reg.html?_=1659845583553 HTTP/1.1" 200 22
180.169.147.146 - - [07/Aug/2022:12:13:05 +0800] "GET /xingrg/all/function/internal_message.html?_=1659845584650&CODE_STATE=getMsg HTTP/1.1" 200 27
61.165.151.54 - - [07/Aug/2022:12:13:06 +0800] "GET /xingrg/kc/buy/cgsh_order_operate.html?command=get_materiel&rest_code=00105&code=00101007077&supplier_code=00100328&order_time=2022-08-07 HTTP/1.1" 200 415
120.253.135.82 - - [07/Aug/2022:12:13:07 +0800] "POST /xingrg/all/common/load_combo.html?type=employee HTTP/1.1" 200 1752
114.88.158.224 - - [07/Aug/2022:12:13:10 +0800] "GET /xingrg/kc/buy/cgsh_order_operate.html?command=get_materiel&rest_code=00141&code=00101020133&supplier_code=00100485&order_time=2022-08-07 HTTP/1.1" 200 417
114.88.158.224 - - [07/Aug/2022:12:13:18 +0800] "POST /xingrg/kc/buy/cgsh_order_operate.html HTTP/1.1" 200 37
116.235.94.65 - - [07/Aug/2022:12:13:18 +0800] "GET /xingrg/kc/buy/cgsh_order_operate.html?command=get_materiel&rest_code=00104&code=00101011001&supplier_code=00100036&order_time=2022-08-07 HTTP/1.1" 200 423
120.253.135.82 - - [07/Aug/2022:12:13:19 +0800] "GET /xingrg/kc/buy/cgsh_order_operate.html?command=get_materiel&rest_code=00101&code=00101013166&supplier_code=00100101&order_time=2022-08-07 HTTP/1.1" 200 436
114.88.158.224 - - [07/Aug/2022:12:13:22 +0800] "POST /xingrg/kc/buy/cgsh_order_operate.html HTTP/1.1" 200 12
61.165.151.54 - - [07/Aug/2022:12:13:22 +0800] "GET /xingrg/all/function/internal_message.html?_=1659845477312&CODE_STATE=getMsg HTTP/1.1" 200 27
58.40.7.146 - - [07/Aug/2022:12:13:22 +0800] "GET /xingrg/all/function/internal_message.html?_=1659845601846&CODE_STATE=getMsg HTTP/1.1" 200 27
61.165.151.54 - - [07/Aug/2022:12:13:25 +0800] "POST /xingrg/kc/buy/cgsh_order_operate.html HTTP/1.1" 200 37
114.88.158.224 - - [07/Aug/2022:12:13:25 +0800] "GET /xingrg/kc/buy/cgsh_order_info.html?code=212022080702088 HTTP/1.1" 200 63190
114.88.158.224 - - [07/Aug/2022:12:13:25 +0800] "GET /xingrg/javascript/easyui/themes/default/validatebox.css HTTP/1.1" 404 1104
114.88.158.224 - - [07/Aug/2022:12:13:26 +0800] "POST /xingrg/kc/buy/cgsh_order_operate.html HTTP/1.1" 200 610
61.165.151.54 - - [07/Aug/2022:12:13:26 +0800] "POST /xingrg/kc/buy/cgsh_order_operate.html HTTP/1.1" 200 3253
114.88.158.224 - - [07/Aug/2022:12:13:27 +0800] "GET /xingrg/kc/print/load_data.html?order_code=212022080702088&kc_code=cgsh&condition= HTTP/1.1" 200 698
61.165.151.54 - - [07/Aug/2022:12:13:27 +0800] "GET /xingrg/kc/print/load_data.html?order_code=212022080702089&kc_code=cgsh&condition= HTTP/1.1" 200 905
180.169.147.146 - - [07/Aug/2022:12:13:28 +0800] "GET /xingrg/all/function/internal_message.html?_=1659845726357&CODE_STATE=getMsg HTTP/1.1" 200 27
114.84.2.83 - - [07/Aug/2022:12:13:29 +0800] "POST /xingrg/services/DataTransmitService HTTP/1.1" 200 524
114.84.2.83 - - [07/Aug/2022:12:13:29 +0800] "POST /xingrg/services/DataTransmitService HTTP/1.1" 200 501
114.84.2.83 - - [07/Aug/2022:12:13:30 +0800] "POST /xingrg/services/DataTransmitService HTTP/1.1" 200 501
114.84.2.83 - - [07/Aug/2022:12:13:30 +0800] "POST /xingrg/services/DataTransmitService HTTP/1.1" 200 501
114.84.2.83 - - [07/Aug/2022:12:13:30 +0800] "POST /xingrg/services/DataTransmitService HTTP/1.1" 200 501
114.84.2.83 - - [07/Aug/2022:12:13:30 +0800] "POST /xingrg/services/DataTransmitService HTTP/1.1" 200 501
61.165.151.54 - - [07/Aug/2022:12:13:31 +0800] "GET /xingrg/kc/buy/cgsh_order_add.html HTTP/1.1" 200 68367
114.84.2.83 - - [07/Aug/2022:12:13:31 +0800] "POST /xingrg/services/DataTransmitService HTTP/1.1" 200 412
114.88.158.224 - - [07/Aug/2022:12:13:31 +0800] "GET /xingrg/kc/buy/cgsh_order_add.html HTTP/1.1" 200 68285
61.165.151.54 - - [07/Aug/2022:12:13:31 +0800] "GET /xingrg/javascript/easyui/themes/default/validatebox.css HTTP/1.1" 404 1104
61.165.151.54 - - [07/Aug/2022:12:13:31 +0800] "POST /xingrg/kc/buy/cgsh_order_operate.html HTTP/1.1" 200 8245
114.88.158.224 - - [07/Aug/2022:12:13:31 +0800] "POST /xingrg/kc/buy/cgsh_order_operate.html HTTP/1.1" 200 8245
114.88.158.224 - - [07/Aug/2022:12:13:31 +0800] "GET /xingrg/javascript/easyui/themes/default/validatebox.css HTTP/1.1" 404 1104
180.169.147.146 - - [07/Aug/2022:12:13:32 +0800] "GET /xingrg/all/function/internal_message.html?_=1659845610423&CODE_STATE=getMsg HTTP/1.1" 200 27
114.86.187.244 - - [07/Aug/2022:12:13:34 +0800] "GET /xingrg/all/function/internal_message.html?_=1659845614222&CODE_STATE=getMsg HTTP/1.1" 200 27
116.235.94.65 - - [07/Aug/2022:12:13:34 +0800] "POST /xingrg/kc/buy/cgsh_order_operate.html HTTP/1.1" 200 37
180.162.109.37 - - [07/Aug/2022:12:13:34 +0800] "GET /xingrg/all/function/internal_message.html?_=1659844795964&CODE_STATE=getMsg HTTP/1.1" 200 27
180.169.147.146 - - [07/Aug/2022:12:13:35 +0800] "GET /xingrg/all/function/internal_message.html?_=1659845615607&CODE_STATE=getMsg HTTP/1.1" 200 27
114.83.219.234 - - [07/Aug/2022:12:13:36 +0800] "GET /xingrg/check_reg.html?_=1659845614614 HTTP/1.1" 200 22
120.253.135.82 - - [07/Aug/2022:12:13:36 +0800] "GET /xingrg/kc/buy/cgsh_order_operate.html?command=get_materiel&rest_code=00101&code=00101016059&supplier_code=00100101&order_time=2022-08-07 HTTP/1.1" 200 408
114.83.219.234 - - [07/Aug/2022:12:13:36 +0800] "GET /xingrg/all/function/internal_message.html?_=1659845615130&CODE_STATE=getMsg HTTP/1.1" 200 27
116.235.94.65 - - [07/Aug/2022:12:13:37 +0800] "POST /xingrg/kc/buy/cgsh_order_operate.html HTTP/1.1" 200 3842
116.233.76.37 - - [07/Aug/2022:12:13:37 +0800] "GET /xingrg/all/function/internal_message.html?_=1659845617590&CODE_STATE=getMsg HTTP/1.1" 200 27
116.235.94.65 - - [07/Aug/2022:12:13:38 +0800] "GET /xingrg/kc/print/load_data.html?order_code=212022080702090&kc_code=cgsh&condition= HTTP/1.1" 200 1206
172.20.0.100 - - [07/Aug/2022:12:13:38 +0800] "GET /xingrg/all/function/internal_message.html?_=1659845617373&CODE_STATE=getMsg HTTP/1.1" 200 27
180.169.147.146 - - [07/Aug/2022:12:13:41 +0800] "GET /xingrg/all/function/internal_message.html?_=1659845614968&CODE_STATE=getMsg HTTP/1.1" 200 27
116.235.94.65 - - [07/Aug/2022:12:13:42 +0800] "GET /xingrg/kc/buy/cgsh_order_add.html HTTP/1.1" 200 68326
116.235.94.65 - - [07/Aug/2022:12:13:42 +0800] "POST /xingrg/kc/buy/cgsh_order_operate.html HTTP/1.1" 200 8245
116.235.94.65 - - [07/Aug/2022:12:13:42 +0800] "GET /xingrg/javascript/easyui/themes/default/validatebox.css HTTP/1.1" 404 1104
114.88.158.224 - - [07/Aug/2022:12:13:43 +0800] "GET /xingrg/kc/buy/cgsh_order_operate.html?command=get_materiel&rest_code=00141&code=00101007032&supplier_code=00100328&order_time=2022-08-07 HTTP/1.1" 200 413
120.253.135.82 - - [07/Aug/2022:12:13:47 +0800] "POST /xingrg/kc/buy/cgsh_order_operate.html HTTP/1.1" 200 37
116.224.123.211 - - [07/Aug/2022:12:13:47 +0800] "GET /xingrg/all/function/internal_message.html?_=1659845626682&CODE_STATE=getMsg HTTP/1.1" 200 27
120.253.135.82 - - [07/Aug/2022:12:13:49 +0800] "POST /xingrg/kc/buy/cgsh_order_operate.html HTTP/1.1" 200 3271
120.253.135.82 - - [07/Aug/2022:12:13:51 +0800] "GET /xingrg/kc/print/load_data.html?order_code=212022080702091&kc_code=cgsh&condition= HTTP/1.1" 200 969
116.224.123.211 - - [07/Aug/2022:12:13:52 +0800] "POST /xingrg/kc/buy/cgsh_order_operate.html HTTP/1.1" 200 12
222.69.129.110 - - [07/Aug/2022:12:13:54 +0800] "GET /xingrg/all/function/internal_message.html?_=1659845692953&CODE_STATE=getMsg HTTP/1.1" 200 27
61.165.151.54 - - [07/Aug/2022:12:13:57 +0800] "GET /xingrg/all/function/internal_message.html?_=1659845637669&CODE_STATE=getMsg HTTP/1.1" 200 27
116.232.194.65 - - [07/Aug/2022:12:13:59 +0800] "GET /xingrg/all/function/internal_message.html?_=1659845631396&CODE_STATE=getMsg HTTP/1.1" 200 27
116.235.94.65 - - [07/Aug/2022:12:14:01 +0800] "GET /xingrg/all/function/internal_message.html?_=1659845827911&CODE_STATE=getMsg HTTP/1.1" 200 27
116.235.94.65 - - [07/Aug/2022:12:14:05 +0800] "GET /xingrg/kc/buy/cgsh_order_operate.html?command=get_materiel&rest_code=00104&code=00101005037&supplier_code=00100040&order_time=2022-08-07 HTTP/1.1" 200 409
180.169.147.146 - - [07/Aug/2022:12:14:05 +0800] "GET /xingrg/all/function/internal_message.html?_=1659845644653&CODE_STATE=getMsg HTTP/1.1" 200 27
61.165.151.54 - - [07/Aug/2022:12:14:06 +0800] "GET /xingrg/kc/buy/cgsh_order_operate.html?command=get_materiel&rest_code=00105&code=00101004104&supplier_code=00100086&order_time=2022-08-07 HTTP/1.1" 200 428
114.88.158.224 - - [07/Aug/2022:12:14:09 +0800] "GET /xingrg/kc/buy/cgsh_order_operate.html?command=get_materiel&rest_code=00141&code=00101007077&supplier_code=00100328&order_time=2022-08-07 HTTP/1.1" 200 415
120.253.135.82 - - [07/Aug/2022:12:14:12 +0800] "POST /xingrg/kc/buy/cgsh_order_operate.html HTTP/1.1" 200 37
116.232.194.65 - - [07/Aug/2022:12:14:13 +0800] "GET /xingrg/kc/base/yddb_order_list.html HTTP/1.1" 200 16754
116.232.194.65 - - [07/Aug/2022:12:14:13 +0800] "POST /xingrg/kc/base/yddb_list_operate.html HTTP/1.1" 200 1343
116.232.194.65 - - [07/Aug/2022:12:14:16 +0800] "POST /xingrg/kc/base/yddb_list_operate.html HTTP/1.1" 200 201
116.232.194.65 - - [07/Aug/2022:12:14:18 +0800] "GET /xingrg/kc/base/yddb_order_info.html?code=482022080300023 HTTP/1.1" 200 30449
116.232.194.65 - - [07/Aug/2022:12:14:18 +0800] "GET /xingrg/dwr/interface/AjaxComOrderService.js HTTP/1.1" 200 18264
116.232.194.65 - - [07/Aug/2022:12:14:18 +0800] "GET /xingrg/dwr/interface/AjaxYddbService.js HTTP/1.1" 200 13201
116.232.194.65 - - [07/Aug/2022:12:14:18 +0800] "GET /xingrg/dwr/engine.js HTTP/1.1" 200 43631
116.232.194.65 - - [07/Aug/2022:12:14:18 +0800] "GET /xingrg/dwr/util.js HTTP/1.1" 304 -
61.165.151.54 - - [07/Aug/2022:12:14:18 +0800] "GET /xingrg/kc/buy/cgsh_order_operate.html?command=get_materiel&rest_code=00105&code=00101004101&supplier_code=00100086&order_time=2022-08-07 HTTP/1.1" 200 433
116.232.194.65 - - [07/Aug/2022:12:14:18 +0800] "POST /xingrg/dwr/call/plaincall/AjaxYddbService.loadMaterielItems.dwr HTTP/1.1" 200 389
120.253.135.82 - - [07/Aug/2022:12:14:19 +0800] "POST /xingrg/kc/buy/cgsh_order_operate.html HTTP/1.1" 200 12
116.224.123.211 - - [07/Aug/2022:12:14:19 +0800] "GET /xingrg/kc/buy/cgsh_order_info.html?code=212022080702083 HTTP/1.1" 200 63229
116.224.123.211 - - [07/Aug/2022:12:14:20 +0800] "GET /xingrg/javascript/easyui/themes/default/validatebox.css HTTP/1.1" 404 1104
120.253.135.82 - - [07/Aug/2022:12:14:21 +0800] "GET /xingrg/kc/buy/cgsh_order_info.html?code=212022080702091 HTTP/1.1" 200 62308
61.165.151.54 - - [07/Aug/2022:12:14:22 +0800] "GET /xingrg/all/function/internal_message.html?_=1659845537312&CODE_STATE=getMsg HTTP/1.1" 200 27
61.165.151.54 - - [07/Aug/2022:12:14:22 +0800] "GET /xingrg/check_reg.html?_=1659845537314 HTTP/1.1" 200 22
120.253.135.82 - - [07/Aug/2022:12:14:22 +0800] "GET /xingrg/javascript/easyui/themes/default/validatebox.css HTTP/1.1" 404 1104
58.40.7.146 - - [07/Aug/2022:12:14:22 +0800] "GET /xingrg/all/function/internal_message.html?_=1659845661848&CODE_STATE=getMsg HTTP/1.1" 200 27
114.88.158.224 - - [07/Aug/2022:12:14:23 +0800] "POST /xingrg/kc/buy/cgsh_order_operate.html HTTP/1.1" 200 37
116.235.94.65 - - [07/Aug/2022:12:14:23 +0800] "GET /xingrg/kc/buy/cgsh_order_operate.html?command=get_materiel&rest_code=00104&code=00101001032&supplier_code=00100040&order_time=2022-08-07 HTTP/1.1" 200 413
120.253.135.82 - - [07/Aug/2022:12:14:23 +0800] "POST /xingrg/kc/buy/cgsh_order_operate.html HTTP/1.1" 200 1221
116.224.123.211 - - [07/Aug/2022:12:14:23 +0800] "POST /xingrg/kc/buy/cgsh_order_operate.html HTTP/1.1" 200 28445
120.253.135.82 - - [07/Aug/2022:12:14:24 +0800] "POST /xingrg/kc/buy/cgsh_list_operate.html HTTP/1.1" 200 693
120.253.135.82 - - [07/Aug/2022:12:14:25 +0800] "GET /xingrg/kc/buy/cgsh_order_add.html HTTP/1.1" 200 67393
120.253.135.82 - - [07/Aug/2022:12:14:25 +0800] "POST /xingrg/kc/buy/cgsh_order_operate.html HTTP/1.1" 200 8245
116.232.194.65 - - [07/Aug/2022:12:14:25 +0800] "POST /xingrg/dwr/call/plaincall/AjaxYddbService.checkOrder.dwr HTTP/1.1" 200 78
120.253.135.82 - - [07/Aug/2022:12:14:26 +0800] "GET /xingrg/javascript/easyui/themes/default/validatebox.css HTTP/1.1" 404 1104
61.165.151.54 - - [07/Aug/2022:12:14:27 +0800] "POST /xingrg/kc/buy/cgsh_order_operate.html HTTP/1.1" 200 37
116.232.194.65 - - [07/Aug/2022:12:14:27 +0800] "GET /xingrg/kc/base/yddb_order_info.html?code=482022080300023 HTTP/1.1" 200 31563
116.232.194.65 - - [07/Aug/2022:12:14:27 +0800] "GET /xingrg/dwr/interface/AjaxComOrderService.js HTTP/1.1" 200 18264
116.232.194.65 - - [07/Aug/2022:12:14:27 +0800] "GET /xingrg/dwr/interface/AjaxYddbService.js HTTP/1.1" 200 13201
116.232.194.65 - - [07/Aug/2022:12:14:27 +0800] "GET /xingrg/dwr/engine.js HTTP/1.1" 200 43631
116.232.194.65 - - [07/Aug/2022:12:14:27 +0800] "POST /xingrg/dwr/call/plaincall/AjaxYddbService.loadMaterielItems.dwr HTTP/1.1" 200 389
180.169.147.146 - - [07/Aug/2022:12:14:28 +0800] "GET /xingrg/all/function/internal_message.html?_=1659845786353&CODE_STATE=getMsg HTTP/1.1" 200 27
61.165.151.54 - - [07/Aug/2022:12:14:28 +0800] "POST /xingrg/kc/buy/cgsh_order_operate.html HTTP/1.1" 200 3250
61.165.151.54 - - [07/Aug/2022:12:14:29 +0800] "GET /xingrg/kc/print/load_data.html?order_code=212022080702093&kc_code=cgsh&condition= HTTP/1.1" 200 959
114.88.158.224 - - [07/Aug/2022:12:14:30 +0800] "POST /xingrg/kc/buy/cgsh_order_operate.html HTTP/1.1" 200 12
116.232.194.65 - - [07/Aug/2022:12:14:30 +0800] "POST /xingrg/dwr/call/plaincall/AjaxYddbService.saveOrder.dwr HTTP/1.1" 200 78
114.88.158.224 - - [07/Aug/2022:12:14:30 +0800] "GET /xingrg/kc/buy/cgsh_order_info.html?code=212022080702092 HTTP/1.1" 200 63192
114.88.158.224 - - [07/Aug/2022:12:14:31 +0800] "GET /xingrg/javascript/easyui/themes/default/validatebox.css HTTP/1.1" 404 1104
114.88.158.224 - - [07/Aug/2022:12:14:31 +0800] "POST /xingrg/kc/buy/cgsh_order_operate.html HTTP/1.1" 200 1203
114.88.158.224 - - [07/Aug/2022:12:14:32 +0800] "GET /xingrg/kc/print/load_data.html?order_code=212022080702092&kc_code=cgsh&condition= HTTP/1.1" 200 950
61.165.151.54 - - [07/Aug/2022:12:14:32 +0800] "GET /xingrg/kc/buy/cgsh_order_add.html HTTP/1.1" 200 68367
180.169.147.146 - - [07/Aug/2022:12:14:32 +0800] "GET /xingrg/all/function/internal_message.html?_=1659845670428&CODE_STATE=getMsg HTTP/1.1" 200 27
61.165.151.54 - - [07/Aug/2022:12:14:32 +0800] "POST /xingrg/kc/buy/cgsh_order_operate.html HTTP/1.1" 200 8245
61.165.151.54 - - [07/Aug/2022:12:14:32 +0800] "GET /xingrg/javascript/easyui/themes/default/validatebox.css HTTP/1.1" 404 1104
120.253.135.82 - - [07/Aug/2022:12:14:33 +0800] "POST /xingrg/all/common/load_combo.html?type=employee HTTP/1.1" 200 1752
116.232.194.65 - - [07/Aug/2022:12:14:33 +0800] "POST /xingrg/dwr/call/plaincall/AjaxYddbService.objCheckOrder.dwr HTTP/1.1" 200 78
114.86.187.244 - - [07/Aug/2022:12:14:34 +0800] "GET /xingrg/all/function/internal_message.html?_=1659845674231&CODE_STATE=getMsg HTTP/1.1" 200 27
114.86.187.244 - - [07/Aug/2022:12:14:34 +0800] "GET /xingrg/check_reg.html?_=1659845674233 HTTP/1.1" 200 22
116.232.194.65 - - [07/Aug/2022:12:14:34 +0800] "GET /xingrg/kc/base/yddb_order_info.html?code=482022080300023 HTTP/1.1" 200 31684
116.232.194.65 - - [07/Aug/2022:12:14:34 +0800] "GET /xingrg/dwr/interface/AjaxComOrderService.js HTTP/1.1" 200 18264
116.232.194.65 - - [07/Aug/2022:12:14:34 +0800] "GET /xingrg/dwr/interface/AjaxYddbService.js HTTP/1.1" 200 13201
116.232.194.65 - - [07/Aug/2022:12:14:34 +0800] "GET /xingrg/dwr/engine.js HTTP/1.1" 200 43631
180.162.109.37 - - [07/Aug/2022:12:14:34 +0800] "GET /xingrg/all/function/internal_message.html?_=1659844855949&CODE_STATE=getMsg HTTP/1.1" 200 27
116.232.194.65 - - [07/Aug/2022:12:14:34 +0800] "POST /xingrg/dwr/call/plaincall/AjaxYddbService.loadMaterielItems.dwr HTTP/1.1" 200 389
114.88.158.224 - - [07/Aug/2022:12:14:35 +0800] "GET /xingrg/kc/buy/cgsh_order_add.html HTTP/1.1" 200 68285
180.169.147.146 - - [07/Aug/2022:12:14:36 +0800] "GET /xingrg/check_reg.html?_=1659845675615 HTTP/1.1" 200 22
180.169.147.146 - - [07/Aug/2022:12:14:36 +0800] "GET /xingrg/all/function/internal_message.html?_=1659845675618&CODE_STATE=getMsg HTTP/1.1" 200 27
114.88.158.224 - - [07/Aug/2022:12:14:36 +0800] "POST /xingrg/kc/buy/cgsh_order_operate.html HTTP/1.1" 200 8245
114.88.158.224 - - [07/Aug/2022:12:14:36 +0800] "GET /xingrg/javascript/easyui/themes/default/validatebox.css HTTP/1.1" 404 1104
114.83.219.234 - - [07/Aug/2022:12:14:36 +0800] "GET /xingrg/all/function/internal_message.html?_=1659845675114&CODE_STATE=getMsg HTTP/1.1" 200 27
116.233.76.37 - - [07/Aug/2022:12:14:37 +0800] "GET /xingrg/all/function/internal_message.html?_=1659845677592&CODE_STATE=getMsg HTTP/1.1" 200 27
116.232.194.65 - - [07/Aug/2022:12:14:38 +0800] "POST /xingrg/kc/base/yddb_list_operate.html HTTP/1.1" 200 7014
172.20.0.100 - - [07/Aug/2022:12:14:38 +0800] "GET /xingrg/all/function/internal_message.html?_=1659845677377&CODE_STATE=getMsg HTTP/1.1" 200 27
116.235.94.65 - - [07/Aug/2022:12:14:39 +0800] "POST /xingrg/kc/buy/cgsh_order_operate.html HTTP/1.1" 200 37
180.169.147.146 - - [07/Aug/2022:12:14:41 +0800] "GET /xingrg/all/function/internal_message.html?_=1659845674951&CODE_STATE=getMsg HTTP/1.1" 200 27
116.232.194.65 - - [07/Aug/2022:12:14:43 +0800] "POST /xingrg/kc/base/yddb_list_operate.html HTTP/1.1" 200 201
120.253.135.82 - - [07/Aug/2022:12:14:45 +0800] "GET /xingrg/kc/buy/cgsh_order_operate.html?command=get_materiel&rest_code=00101&code=00101013223&supplier_code=00100106&order_time=2022-08-07 HTTP/1.1" 200 413
116.232.194.65 - - [07/Aug/2022:12:14:45 +0800] "GET /xingrg/kc/buy/cgsh_order_list.html HTTP/1.1" 200 52509
116.235.94.65 - - [07/Aug/2022:12:14:46 +0800] "POST /xingrg/kc/buy/cgsh_order_operate.html HTTP/1.1" 200 3244
116.232.194.65 - - [07/Aug/2022:12:14:47 +0800] "POST /xingrg/kc/buy/cgsh_list_operate.html HTTP/1.1" 200 3984
116.224.123.211 - - [07/Aug/2022:12:14:47 +0800] "GET /xingrg/all/function/internal_message.html?_=1659845686675&CODE_STATE=getMsg HTTP/1.1" 200 27
61.165.151.54 - - [07/Aug/2022:12:14:48 +0800] "GET /xingrg/kc/buy/cgsh_order_operate.html?command=get_materiel&rest_code=00105&code=00101004051&supplier_code=00100312&order_time=2022-08-07 HTTP/1.1" 200 408
114.88.158.224 - - [07/Aug/2022:12:14:48 +0800] "GET /xingrg/kc/buy/cgsh_order_operate.html?command=get_materiel&rest_code=00141&code=00101014079&supplier_code=00100211&order_time=2022-08-07 HTTP/1.1" 200 413
116.235.94.65 - - [07/Aug/2022:12:14:51 +0800] "GET /xingrg/kc/print/load_data.html?order_code=212022080702094&kc_code=cgsh&condition= HTTP/1.1" 200 979
222.69.129.110 - - [07/Aug/2022:12:14:54 +0800] "GET /xingrg/all/function/internal_message.html?_=1659845752940&CODE_STATE=getMsg HTTP/1.1" 200 27
116.235.94.65 - - [07/Aug/2022:12:14:55 +0800] "GET /xingrg/kc/buy/cgsh_order_add.html HTTP/1.1" 200 68326
116.235.94.65 - - [07/Aug/2022:12:14:56 +0800] "POST /xingrg/kc/buy/cgsh_order_operate.html HTTP/1.1" 200 8245
116.235.94.65 - - [07/Aug/2022:12:14:56 +0800] "GET /xingrg/javascript/easyui/themes/default/validatebox.css HTTP/1.1" 404 1104
61.165.151.54 - - [07/Aug/2022:12:14:57 +0800] "GET /xingrg/all/function/internal_message.html?_=1659845697681&CODE_STATE=getMsg HTTP/1.1" 200 27
116.232.194.65 - - [07/Aug/2022:12:14:59 +0800] "GET /xingrg/check_reg.html?_=1659845691397 HTTP/1.1" 200 22
116.232.194.65 - - [07/Aug/2022:12:14:59 +0800] "GET /xingrg/all/function/internal_message.html?_=1659845691399&CODE_STATE=getMsg HTTP/1.1" 200 27
114.88.158.224 - - [07/Aug/2022:12:14:59 +0800] "POST /xingrg/kc/buy/cgsh_order_operate.html HTTP/1.1" 200 37
116.235.94.65 - - [07/Aug/2022:12:15:01 +0800] "GET /xingrg/all/function/internal_message.html?_=1659845887923&CODE_STATE=getMsg HTTP/1.1" 200 27
120.253.135.82 - - [07/Aug/2022:12:15:04 +0800] "GET /xingrg/kc/buy/cgsh_order_operate.html?command=get_materiel&rest_code=00101&code=00101013084&supplier_code=00100106&order_time=2022-08-07 HTTP/1.1" 200 428
114.88.158.224 - - [07/Aug/2022:12:15:05 +0800] "POST /xingrg/kc/buy/cgsh_order_operate.html HTTP/1.1" 200 12
180.169.147.146 - - [07/Aug/2022:12:15:05 +0800] "GET /xingrg/check_reg.html?_=1659845704644 HTTP/1.1" 200 22
180.169.147.146 - - [07/Aug/2022:12:15:05 +0800] "GET /xingrg/all/function/internal_message.html?_=1659845704646&CODE_STATE=getMsg HTTP/1.1" 200 27
114.88.158.224 - - [07/Aug/2022:12:15:06 +0800] "GET /xingrg/kc/buy/cgsh_order_info.html?code=212022080702095 HTTP/1.1" 200 63186
114.88.158.224 - - [07/Aug/2022:12:15:06 +0800] "GET /xingrg/javascript/easyui/themes/default/validatebox.css HTTP/1.1" 404 1104
114.88.158.224 - - [07/Aug/2022:12:15:07 +0800] "POST /xingrg/kc/buy/cgsh_order_operate.html HTTP/1.1" 200 609
116.224.123.211 - - [07/Aug/2022:12:15:07 +0800] "GET /xingrg/check_reg.html?_=1659845707650 HTTP/1.1" 200 22
116.224.123.211 - - [07/Aug/2022:12:15:08 +0800] "GET /xingrg/all/function/internal_message.html?_=1659845707873&CODE_STATE=getMsg HTTP/1.1" 200 27
114.88.158.224 - - [07/Aug/2022:12:15:08 +0800] "GET /xingrg/kc/print/load_data.html?order_code=212022080702095&kc_code=cgsh&condition= HTTP/1.1" 200 702
114.88.158.224 - - [07/Aug/2022:12:15:11 +0800] "GET /xingrg/kc/buy/cgsh_order_add.html HTTP/1.1" 200 68285
114.88.158.224 - - [07/Aug/2022:12:15:11 +0800] "POST /xingrg/kc/buy/cgsh_order_operate.html HTTP/1.1" 200 8245
114.88.158.224 - - [07/Aug/2022:12:15:11 +0800] "GET /xingrg/javascript/easyui/themes/default/validatebox.css HTTP/1.1" 404 1104
116.235.94.65 - - [07/Aug/2022:12:15:12 +0800] "GET /xingrg/kc/buy/cgsh_order_operate.html?command=get_materiel&rest_code=00104&code=00101006127&supplier_code=00100012&order_time=2022-08-07 HTTP/1.1" 200 423
120.253.135.82 - - [07/Aug/2022:12:15:16 +0800] "GET /xingrg/kc/buy/cgsh_order_operate.html?command=get_materiel&rest_code=00101&code=00101013229&supplier_code=00100106&order_time=2022-08-07 HTTP/1.1" 200 432
114.88.158.224 - - [07/Aug/2022:12:15:19 +0800] "GET /xingrg/kc/buy/cgsh_order_operate.html?command=get_materiel&rest_code=00141&code=00101020019&supplier_code=00100323&order_time=2022-08-07 HTTP/1.1" 200 424
61.165.151.54 - - [07/Aug/2022:12:15:22 +0800] "GET /xingrg/kc/buy/cgsh_order_operate.html?command=get_materiel&rest_code=00105&code=00101004038&supplier_code=00100312&order_time=2022-08-07 HTTP/1.1" 200 429
61.165.151.54 - - [07/Aug/2022:12:15:22 +0800] "GET /xingrg/all/function/internal_message.html?_=1659845597312&CODE_STATE=getMsg HTTP/1.1" 200 27
58.40.7.146 - - [07/Aug/2022:12:15:22 +0800] "GET /xingrg/check_reg.html?_=1659845721836 HTTP/1.1" 200 22
58.40.7.146 - - [07/Aug/2022:12:15:22 +0800] "GET /xingrg/all/function/internal_message.html?_=1659845721837&CODE_STATE=getMsg HTTP/1.1" 200 27
116.224.255.128 - - [07/Aug/2022:12:15:26 +0800] "GET /xingrg/check_reg.html?_=1659845724126 HTTP/1.1" 200 22
180.169.147.146 - - [07/Aug/2022:12:15:28 +0800] "GET /xingrg/check_reg.html?_=1659845846342 HTTP/1.1" 200 22
180.169.147.146 - - [07/Aug/2022:12:15:28 +0800] "GET /xingrg/all/function/internal_message.html?_=1659845846345&CODE_STATE=getMsg HTTP/1.1" 200 27
120.253.135.82 - - [07/Aug/2022:12:15:31 +0800] "GET /xingrg/kc/buy/cgsh_order_operate.html?command=get_materiel&rest_code=00101&code=00101013115&supplier_code=00100106&order_time=2022-08-07 HTTP/1.1" 200 433
61.165.151.54 - - [07/Aug/2022:12:15:31 +0800] "GET /xingrg/kc/buy/cgsh_order_operate.html?command=get_materiel&rest_code=00105&code=00101004020&supplier_code=00100312&order_time=2022-08-07 HTTP/1.1" 200 409
180.169.147.146 - - [07/Aug/2022:12:15:32 +0800] "GET /xingrg/all/function/internal_message.html?_=1659845730431&CODE_STATE=getMsg HTTP/1.1" 200 27
180.169.147.146 - - [07/Aug/2022:12:15:32 +0800] "GET /xingrg/check_reg.html?_=1659845730432 HTTP/1.1" 200 22
114.86.187.244 - - [07/Aug/2022:12:15:34 +0800] "GET /xingrg/all/function/internal_message.html?_=1659845734244&CODE_STATE=getMsg HTTP/1.1" 200 27
180.162.109.37 - - [07/Aug/2022:12:15:34 +0800] "GET /xingrg/all/function/internal_message.html?_=1659844915962&CODE_STATE=getMsg HTTP/1.1" 200 27
180.169.147.146 - - [07/Aug/2022:12:15:35 +0800] "GET /xingrg/all/function/internal_message.html?_=1659845735621&CODE_STATE=getMsg HTTP/1.1" 200 27
114.83.219.234 - - [07/Aug/2022:12:15:36 +0800] "GET /xingrg/all/function/internal_message.html?_=1659845735127&CODE_STATE=getMsg HTTP/1.1" 200 27
116.233.76.37 - - [07/Aug/2022:12:15:37 +0800] "GET /xingrg/all/function/internal_message.html?_=1659845737595&CODE_STATE=getMsg HTTP/1.1" 200 27
172.20.0.100 - - [07/Aug/2022:12:15:38 +0800] "GET /xingrg/all/function/internal_message.html?_=1659845737379&CODE_STATE=getMsg HTTP/1.1" 200 27
114.88.158.224 - - [07/Aug/2022:12:15:40 +0800] "GET /xingrg/kc/buy/cgsh_order_operate.html?command=get_materiel&rest_code=00141&code=00101007057&supplier_code=00100323&order_time=2022-08-07 HTTP/1.1" 200 413
180.169.147.146 - - [07/Aug/2022:12:15:41 +0800] "GET /xingrg/all/function/internal_message.html?_=1659845734934&CODE_STATE=getMsg HTTP/1.1" 200 27
180.169.147.146 - - [07/Aug/2022:12:15:41 +0800] "GET /xingrg/check_reg.html?_=1659845734997 HTTP/1.1" 200 22
61.165.151.54 - - [07/Aug/2022:12:15:42 +0800] "GET /xingrg/kc/buy/cgsh_order_operate.html?command=get_materiel&rest_code=00105&code=00101001029&supplier_code=00100312&order_time=2022-08-07 HTTP/1.1" 200 417
114.88.158.224 - - [07/Aug/2022:12:15:46 +0800] "GET /xingrg/check_reg.html?_=1659845424484 HTTP/1.1" 200 22
116.224.123.211 - - [07/Aug/2022:12:15:47 +0800] "GET /xingrg/all/function/internal_message.html?_=1659845746673&CODE_STATE=getMsg HTTP/1.1" 200 27
120.253.135.82 - - [07/Aug/2022:12:15:48 +0800] "POST /xingrg/kc/buy/cgsh_order_operate.html HTTP/1.1" 200 37
120.253.135.82 - - [07/Aug/2022:12:15:49 +0800] "POST /xingrg/kc/buy/cgsh_order_operate.html HTTP/1.1" 200 4451
61.165.151.54 - - [07/Aug/2022:12:15:53 +0800] "GET /xingrg/kc/buy/cgsh_order_operate.html?command=get_materiel&rest_code=00105&code=00101001096&supplier_code=00100312&order_time=2022-08-07 HTTP/1.1" 200 413
222.69.129.110 - - [07/Aug/2022:12:15:54 +0800] "GET /xingrg/all/function/internal_message.html?_=1659845812941&CODE_STATE=getMsg HTTP/1.1" 200 27
120.253.135.82 - - [07/Aug/2022:12:15:54 +0800] "GET /xingrg/kc/print/load_data.html?order_code=212022080702096&kc_code=cgsh&condition= HTTP/1.1" 200 1435
61.165.151.54 - - [07/Aug/2022:12:15:57 +0800] "GET /xingrg/all/function/internal_message.html?_=1659845757668&CODE_STATE=getMsg HTTP/1.1" 200 27
116.232.194.65 - - [07/Aug/2022:12:15:59 +0800] "GET /xingrg/all/function/internal_message.html?_=1659845751398&CODE_STATE=getMsg HTTP/1.1" 200 27
114.88.158.224 - - [07/Aug/2022:12:16:00 +0800] "GET /xingrg/kc/buy/cgsh_order_operate.html?command=get_materiel&rest_code=00141&code=00101010785&supplier_code=00100323&order_time=2022-08-07 HTTP/1.1" 200 461
116.235.94.65 - - [07/Aug/2022:12:16:01 +0800] "GET /xingrg/all/function/internal_message.html?_=1659845947917&CODE_STATE=getMsg HTTP/1.1" 200 27
61.165.151.54 - - [07/Aug/2022:12:16:03 +0800] "GET /xingrg/kc/buy/cgsh_order_operate.html?command=get_materiel&rest_code=00105&code=00101001168&supplier_code=00100312&order_time=2022-08-07 HTTP/1.1" 200 414
180.169.147.146 - - [07/Aug/2022:12:16:05 +0800] "GET /xingrg/all/function/internal_message.html?_=1659845764663&CODE_STATE=getMsg HTTP/1.1" 200 27
116.224.123.211 - - [07/Aug/2022:12:16:07 +0800] "GET /xingrg/all/function/internal_message.html?_=1659845767843&CODE_STATE=getMsg HTTP/1.1" 200 27
114.88.158.224 - - [07/Aug/2022:12:16:09 +0800] "GET /xingrg/kc/buy/cgsh_order_operate.html?command=get_materiel&rest_code=00141&code=00101008113&supplier_code=00100323&order_time=2022-08-07 HTTP/1.1" 200 413
218.81.223.53 - - [07/Aug/2022:12:16:14 +0800] "GET /xingrg/check_reg.html?_=1659845799696 HTTP/1.1" 200 22
61.165.151.54 - - [07/Aug/2022:12:16:16 +0800] "POST /xingrg/kc/buy/cgsh_order_operate.html HTTP/1.1" 200 37
61.165.151.54 - - [07/Aug/2022:12:16:17 +0800] "POST /xingrg/kc/buy/cgsh_order_operate.html HTTP/1.1" 200 5629
120.253.135.82 - - [07/Aug/2022:12:16:18 +0800] "POST /xingrg/kc/buy/cgsh_order_operate.html HTTP/1.1" 200 37
61.165.151.54 - - [07/Aug/2022:12:16:19 +0800] "GET /xingrg/kc/print/load_data.html?order_code=212022080702097&kc_code=cgsh&condition= HTTP/1.1" 200 1809
114.88.158.224 - - [07/Aug/2022:12:16:21 +0800] "GET /xingrg/kc/buy/cgsh_order_operate.html?command=get_materiel&rest_code=00141&code=00101010197&supplier_code=00100323&order_time=2022-08-07 HTTP/1.1" 200 414
61.165.151.54 - - [07/Aug/2022:12:16:22 +0800] "GET /xingrg/all/function/internal_message.html?_=1659845657311&CODE_STATE=getMsg HTTP/1.1" 200 27
120.253.135.82 - - [07/Aug/2022:12:16:22 +0800] "POST /xingrg/kc/buy/cgsh_order_operate.html HTTP/1.1" 200 12
58.40.7.146 - - [07/Aug/2022:12:16:22 +0800] "GET /xingrg/all/function/internal_message.html?_=1659845781838&CODE_STATE=getMsg HTTP/1.1" 200 27
61.165.151.54 - - [07/Aug/2022:12:16:25 +0800] "GET /xingrg/kc/buy/cgsh_order_add.html HTTP/1.1" 200 68367
61.165.151.54 - - [07/Aug/2022:12:16:25 +0800] "POST /xingrg/kc/buy/cgsh_order_operate.html HTTP/1.1" 200 8245
61.165.151.54 - - [07/Aug/2022:12:16:25 +0800] "GET /xingrg/javascript/easyui/themes/default/validatebox.css HTTP/1.1" 404 1104
120.253.135.82 - - [07/Aug/2022:12:16:25 +0800] "GET /xingrg/kc/buy/cgsh_order_info.html?code=212022080702096 HTTP/1.1" 200 62296
120.253.135.82 - - [07/Aug/2022:12:16:26 +0800] "GET /xingrg/javascript/easyui/themes/default/validatebox.css HTTP/1.1" 404 1104
120.253.135.82 - - [07/Aug/2022:12:16:26 +0800] "GET /xingrg/check_reg.html?_=1659845593058 HTTP/1.1" 200 22
120.253.135.82 - - [07/Aug/2022:12:16:27 +0800] "POST /xingrg/kc/buy/cgsh_order_operate.html HTTP/1.1" 200 2401
180.169.147.146 - - [07/Aug/2022:12:16:28 +0800] "GET /xingrg/all/function/internal_message.html?_=1659845906339&CODE_STATE=getMsg HTTP/1.1" 200 27
180.169.147.146 - - [07/Aug/2022:12:16:32 +0800] "GET /xingrg/all/function/internal_message.html?_=1659845790433&CODE_STATE=getMsg HTTP/1.1" 200 27
114.86.187.244 - - [07/Aug/2022:12:16:34 +0800] "GET /xingrg/all/function/internal_message.html?_=1659845794247&CODE_STATE=getMsg HTTP/1.1" 200 27
180.162.109.37 - - [07/Aug/2022:12:16:34 +0800] "GET /xingrg/all/function/internal_message.html?_=1659844975951&CODE_STATE=getMsg HTTP/1.1" 200 27
180.162.109.37 - - [07/Aug/2022:12:16:34 +0800] "GET /xingrg/check_reg.html?_=1659844975949 HTTP/1.1" 200 22
180.169.147.146 - - [07/Aug/2022:12:16:36 +0800] "GET /xingrg/all/function/internal_message.html?_=1659845795617&CODE_STATE=getMsg HTTP/1.1" 200 27
114.83.219.234 - - [07/Aug/2022:12:16:36 +0800] "GET /xingrg/all/function/internal_message.html?_=1659845795096&CODE_STATE=getMsg HTTP/1.1" 200 27
61.165.151.54 - - [07/Aug/2022:12:16:37 +0800] "GET /xingrg/kc/buy/cgsh_order_operate.html?command=get_materiel&rest_code=00105&code=00101002042&supplier_code=00100088&order_time=2022-08-07 HTTP/1.1" 200 418
116.233.76.37 - - [07/Aug/2022:12:16:37 +0800] "GET /xingrg/all/function/internal_message.html?_=1659845797597&CODE_STATE=getMsg HTTP/1.1" 200 27
172.20.0.100 - - [07/Aug/2022:12:16:38 +0800] "GET /xingrg/check_reg.html?_=1659845797386 HTTP/1.1" 200 22
172.20.0.100 - - [07/Aug/2022:12:16:38 +0800] "GET /xingrg/all/function/internal_message.html?_=1659845797388&CODE_STATE=getMsg HTTP/1.1" 200 27
180.169.147.146 - - [07/Aug/2022:12:16:41 +0800] "GET /xingrg/all/function/internal_message.html?_=1659845794917&CODE_STATE=getMsg HTTP/1.1" 200 27
116.224.123.211 - - [07/Aug/2022:12:16:47 +0800] "GET /xingrg/all/function/internal_message.html?_=1659845806669&CODE_STATE=getMsg HTTP/1.1" 200 27
61.165.151.54 - - [07/Aug/2022:12:16:49 +0800] "POST /xingrg/kc/buy/cgsh_order_operate.html HTTP/1.1" 200 37
114.88.158.224 - - [07/Aug/2022:12:16:49 +0800] "POST /xingrg/kc/buy/cgsh_order_operate.html HTTP/1.1" 200 88
61.165.151.54 - - [07/Aug/2022:12:16:50 +0800] "POST /xingrg/kc/buy/cgsh_order_operate.html HTTP/1.1" 200 2665
61.165.151.54 - - [07/Aug/2022:12:16:52 +0800] "GET /xingrg/kc/print/load_data.html?order_code=212022080702098&kc_code=cgsh&condition= HTTP/1.1" 200 753
222.69.129.110 - - [07/Aug/2022:12:16:54 +0800] "GET /xingrg/all/function/internal_message.html?_=1659845872935&CODE_STATE=getMsg HTTP/1.1" 200 27
114.88.158.224 - - [07/Aug/2022:12:16:55 +0800] "POST /xingrg/kc/buy/cgsh_order_operate.html HTTP/1.1" 200 37
61.165.151.54 - - [07/Aug/2022:12:16:57 +0800] "GET /xingrg/check_reg.html?_=1659845817660 HTTP/1.1" 200 22
61.165.151.54 - - [07/Aug/2022:12:16:57 +0800] "GET /xingrg/all/function/internal_message.html?_=1659845817662&CODE_STATE=getMsg HTTP/1.1" 200 27
114.88.158.224 - - [07/Aug/2022:12:16:58 +0800] "POST /xingrg/kc/buy/cgsh_order_operate.html HTTP/1.1" 200 12
114.88.158.224 - - [07/Aug/2022:12:16:59 +0800] "GET /xingrg/kc/buy/cgsh_order_info.html?code=212022080702100 HTTP/1.1" 200 63191
114.88.158.224 - - [07/Aug/2022:12:16:59 +0800] "GET /xingrg/javascript/easyui/themes/default/validatebox.css HTTP/1.1" 404 1104
116.232.194.65 - - [07/Aug/2022:12:16:59 +0800] "GET /xingrg/all/function/internal_message.html?_=1659845811396&CODE_STATE=getMsg HTTP/1.1" 200 27
114.88.158.224 - - [07/Aug/2022:12:17:00 +0800] "POST /xingrg/kc/buy/cgsh_order_operate.html HTTP/1.1" 200 3031
116.235.94.65 - - [07/Aug/2022:12:17:00 +0800] "GET /xingrg/kc/buy/cgsh_order_operate.html?command=get_materiel&rest_code=00104&code=00101006055&supplier_code=00100012&order_time=2022-08-07 HTTP/1.1" 200 409
116.235.94.65 - - [07/Aug/2022:12:17:01 +0800] "GET /xingrg/check_reg.html?_=1659846007915 HTTP/1.1" 200 22
114.88.158.224 - - [07/Aug/2022:12:17:01 +0800] "GET /xingrg/kc/print/load_data.html?order_code=212022080702100&kc_code=cgsh&condition= HTTP/1.1" 200 1675
116.235.94.65 - - [07/Aug/2022:12:17:01 +0800] "GET /xingrg/all/function/internal_message.html?_=1659846007916&CODE_STATE=getMsg HTTP/1.1" 200 27
