61.165.151.54 - - [07/Aug/2022:11:15:20 +0800] "GET /xingrg/javascript/jquery_tools/fix.css HTTP/1.1" 304 -
61.165.151.54 - - [07/Aug/2022:11:15:20 +0800] "GET /xingrg/javascript/jquery_tools/table.css HTTP/1.1" 304 -
61.165.151.54 - - [07/Aug/2022:11:15:20 +0800] "GET /xingrg/javascript/jquery_tools/jquery.tools.min.js HTTP/1.1" 304 -
61.165.151.54 - - [07/Aug/2022:11:15:20 +0800] "GET /xingrg/javascript/jquery_tools/jquery.tools.extend.js HTTP/1.1" 304 -
61.165.151.54 - - [07/Aug/2022:11:15:20 +0800] "GET /xingrg/javascript/jquery_tools/jquery.tools.hotkey.js HTTP/1.1" 304 -
61.165.151.54 - - [07/Aug/2022:11:15:20 +0800] "GET /xingrg/javascript/jquery_tools/jquery.tools.table.js HTTP/1.1" 304 -
61.165.151.54 - - [07/Aug/2022:11:15:20 +0800] "GET /xingrg/javascript/jquery_tools/list_manager.js HTTP/1.1" 304 -
61.165.151.54 - - [07/Aug/2022:11:15:20 +0800] "GET /xingrg/javascript/auto/jquery.autocomplete.js HTTP/1.1" 304 -
61.165.151.54 - - [07/Aug/2022:11:15:20 +0800] "GET /xingrg/javascript/easyui/easyloader.js HTTP/1.1" 304 -
61.165.151.54 - - [07/Aug/2022:11:15:20 +0800] "GET /xingrg/javascript/jquery.cookie.js HTTP/1.1" 304 -
61.165.151.54 - - [07/Aug/2022:11:15:20 +0800] "GET /xingrg/javascript/print/LodopFuncs.js HTTP/1.1" 304 -
61.165.151.54 - - [07/Aug/2022:11:15:21 +0800] "GET /xingrg/javascript/easyui/themes/icons/edit_add_new.png HTTP/1.1" 304 -
61.165.151.54 - - [07/Aug/2022:11:15:21 +0800] "GET /xingrg/javascript/easyui/themes/icons/cance_new.png HTTP/1.1" 304 -
61.165.151.54 - - [07/Aug/2022:11:15:21 +0800] "GET /xingrg/javascript/easyui/themes/icons/check_new.png HTTP/1.1" 304 -
61.165.151.54 - - [07/Aug/2022:11:15:21 +0800] "GET /xingrg/javascript/easyui/themes/icons/field_new.png HTTP/1.1" 304 -
61.165.151.54 - - [07/Aug/2022:11:15:21 +0800] "GET /xingrg/javascript/easyui/themes/icons/import_new.png HTTP/1.1" 304 -
61.165.151.54 - - [07/Aug/2022:11:15:21 +0800] "GET /xingrg/javascript/easyui/plugins/jquery.parser.js HTTP/1.1" 304 -
61.165.151.54 - - [07/Aug/2022:11:15:21 +0800] "GET /xingrg/images/control/ajaxLoader.gif HTTP/1.1" 304 -
61.165.151.54 - - [07/Aug/2022:11:15:22 +0800] "POST /xingrg/kc/base/wldb_list_operate.html HTTP/1.1" 200 2166
61.165.151.54 - - [07/Aug/2022:11:15:22 +0800] "GET /xingrg/javascript/easyui/themes/default/images/button_plain_hover.png HTTP/1.1" 304 -
58.40.7.146 - - [07/Aug/2022:11:15:22 +0800] "GET /xingrg/check_reg.html?_=1659842121813 HTTP/1.1" 200 22
58.40.7.146 - - [07/Aug/2022:11:15:22 +0800] "GET /xingrg/all/function/internal_message.html?_=1659842121814&CODE_STATE=getMsg HTTP/1.1" 200 27
61.165.151.54 - - [07/Aug/2022:11:15:23 +0800] "GET /xingrg/kc/base/wldb_order_add.html HTTP/1.1" 200 30356
61.165.151.54 - - [07/Aug/2022:11:15:23 +0800] "GET /xingrg/javascript/pic_change.js HTTP/1.1" 304 -
61.165.151.54 - - [07/Aug/2022:11:15:23 +0800] "GET /xingrg/javascript/jquery_tools/order_manager.js HTTP/1.1" 304 -
61.165.151.54 - - [07/Aug/2022:11:15:23 +0800] "GET /xingrg/javascript/json2.js HTTP/1.1" 304 -
61.165.151.54 - - [07/Aug/2022:11:15:23 +0800] "GET /xingrg/javascript/convert.js HTTP/1.1" 304 -
61.165.151.54 - - [07/Aug/2022:11:15:23 +0800] "GET /xingrg/javascript/print/kc_print.js HTTP/1.1" 304 -
61.165.151.54 - - [07/Aug/2022:11:15:23 +0800] "GET /xingrg/words/20220806155637_words.js HTTP/1.1" 200 911014
61.165.151.54 - - [07/Aug/2022:11:15:23 +0800] "GET /xingrg/javascript/easyui/themes/icons/template_new.png HTTP/1.1" 304 -
61.165.151.54 - - [07/Aug/2022:11:15:23 +0800] "GET /xingrg/javascript/easyui/themes/icons/ok.png HTTP/1.1" 304 -
61.165.151.54 - - [07/Aug/2022:11:15:23 +0800] "GET /xingrg/javascript/easyui/themes/icons/print.png HTTP/1.1" 304 -
61.165.151.54 - - [07/Aug/2022:11:15:23 +0800] "GET /xingrg/javascript/easyui/themes/default/images/menu_downarrow.png HTTP/1.1" 304 -
61.165.151.54 - - [07/Aug/2022:11:15:23 +0800] "GET /xingrg/javascript/easyui/themes/icons/cancel.png HTTP/1.1" 304 -
61.165.151.54 - - [07/Aug/2022:11:15:24 +0800] "POST /xingrg/kc/base/wldb_order_operate.html HTTP/1.1" 200 6806
61.165.151.54 - - [07/Aug/2022:11:15:24 +0800] "GET /xingrg/all/common/auto_word.html?type=base&rest_code=00105 HTTP/1.1" 200 1907
61.165.151.54 - - [07/Aug/2022:11:15:24 +0800] "GET /xingrg/all/common/auto_word.html?type=base&rest_code=00105 HTTP/1.1" 200 1907
61.165.151.54 - - [07/Aug/2022:11:15:24 +0800] "GET /xingrg/javascript/easyui/themes/default/validatebox.css HTTP/1.1" 404 1104
61.165.151.54 - - [07/Aug/2022:11:15:24 +0800] "GET /xingrg/javascript/easyui/plugins/jquery.validatebox.js HTTP/1.1" 304 -
61.165.151.54 - - [07/Aug/2022:11:15:24 +0800] "GET /xingrg/javascript/easyui/plugins/jquery.numberbox.js HTTP/1.1" 304 -
61.165.151.54 - - [07/Aug/2022:11:15:24 +0800] "GET /xingrg/javascript/easyui/themes/icons/edit_remove.png HTTP/1.1" 304 -
116.224.255.128 - - [07/Aug/2022:11:15:26 +0800] "GET /xingrg/check_reg.html?_=1659842123941 HTTP/1.1" 200 22
116.224.255.128 - - [07/Aug/2022:11:15:26 +0800] "GET /xingrg/all/function/internal_message.html?_=1659842123943&CODE_STATE=getMsg HTTP/1.1" 200 27
61.165.151.54 - - [07/Aug/2022:11:15:28 +0800] "GET /xingrg/css/images/panel_loading.gif HTTP/1.1" 304 -
61.165.151.54 - - [07/Aug/2022:11:15:28 +0800] "POST /xingrg/all/common/load_combo.html?type=base HTTP/1.1" 200 3409
180.169.147.146 - - [07/Aug/2022:11:15:32 +0800] "GET /xingrg/check_reg.html?_=1659842130424 HTTP/1.1" 200 22
180.169.147.146 - - [07/Aug/2022:11:15:32 +0800] "GET /xingrg/all/function/internal_message.html?_=1659842130426&CODE_STATE=getMsg HTTP/1.1" 200 27
61.165.151.54 - - [07/Aug/2022:11:15:32 +0800] "GET /xingrg/javascript/auto/indicator.gif HTTP/1.1" 404 1066
114.86.187.244 - - [07/Aug/2022:11:15:33 +0800] "GET /xingrg/all/function/internal_message.html?_=1659842134117&CODE_STATE=getMsg HTTP/1.1" 200 27
180.162.109.37 - - [07/Aug/2022:11:15:34 +0800] "GET /xingrg/all/function/internal_message.html?_=1659841315840&CODE_STATE=getMsg HTTP/1.1" 200 27
180.169.147.146 - - [07/Aug/2022:11:15:35 +0800] "GET /xingrg/all/function/internal_message.html?_=1659842135487&CODE_STATE=getMsg HTTP/1.1" 200 27
114.83.219.234 - - [07/Aug/2022:11:15:37 +0800] "GET /xingrg/all/function/internal_message.html?_=1659842136188&CODE_STATE=getMsg HTTP/1.1" 200 27
116.233.76.37 - - [07/Aug/2022:11:15:37 +0800] "GET /xingrg/all/function/internal_message.html?_=1659842137447&CODE_STATE=getMsg HTTP/1.1" 200 27
172.20.0.100 - - [07/Aug/2022:11:15:38 +0800] "GET /xingrg/all/function/internal_message.html?_=1659842137383&CODE_STATE=getMsg HTTP/1.1" 200 27
120.253.135.82 - - [07/Aug/2022:11:15:39 +0800] "GET /xingrg/check_reg.html?_=1659841946005 HTTP/1.1" 200 22
180.169.147.146 - - [07/Aug/2022:11:15:41 +0800] "GET /xingrg/check_reg.html?_=1659842135195 HTTP/1.1" 200 22
180.169.147.146 - - [07/Aug/2022:11:15:42 +0800] "GET /xingrg/all/function/internal_message.html?_=1659842136086&CODE_STATE=getMsg HTTP/1.1" 200 27
61.165.151.54 - - [07/Aug/2022:11:15:44 +0800] "GET /xingrg/kc/base/wldb_order_operate.html?command=get_materiel&rest_code=00105&base_code=0010508&code=00102002610 HTTP/1.1" 200 444
116.224.123.211 - - [07/Aug/2022:11:15:48 +0800] "GET /xingrg/all/function/internal_message.html?_=1659842147215&CODE_STATE=getMsg HTTP/1.1" 200 27
180.169.147.146 - - [07/Aug/2022:11:15:50 +0800] "GET /xingrg/all/function/internal_message.html?_=1659842268298&CODE_STATE=getMsg HTTP/1.1" 200 27
222.69.129.110 - - [07/Aug/2022:11:15:54 +0800] "GET /xingrg/all/function/internal_message.html?_=1659842212946&CODE_STATE=getMsg HTTP/1.1" 200 27
218.81.223.53 - - [07/Aug/2022:11:15:57 +0800] "POST /xingrg/services/DataTransmitService HTTP/1.1" 200 524
116.232.194.65 - - [07/Aug/2022:11:15:59 +0800] "GET /xingrg/all/function/internal_message.html?_=1659842151385&CODE_STATE=getMsg HTTP/1.1" 200 27
116.235.94.65 - - [07/Aug/2022:11:16:00 +0800] "GET /xingrg/all/function/internal_message.html?_=1659842347849&CODE_STATE=getMsg HTTP/1.1" 200 27
61.165.151.54 - - [07/Aug/2022:11:16:04 +0800] "GET /xingrg/kc/base/wldb_order_operate.html?command=get_materiel&rest_code=00105&base_code=0010508&code=00102002025 HTTP/1.1" 200 454
218.81.223.53 - - [07/Aug/2022:11:16:04 +0800] "POST /xingrg/services/DataTransmitService HTTP/1.1" 200 501
180.169.147.146 - - [07/Aug/2022:11:16:05 +0800] "GET /xingrg/all/function/internal_message.html?_=1659842164664&CODE_STATE=getMsg HTTP/1.1" 200 27
61.165.151.54 - - [07/Aug/2022:11:16:06 +0800] "POST /xingrg/all/common/load_select.html HTTP/1.1" 200 25
180.169.147.146 - - [07/Aug/2022:11:16:08 +0800] "GET /xingrg/all/report/report_query.html?isQuery=1&fileName=dma/new_5.0/menu/menu_hz.xml&queryString=(a.sale_day%2520between%252020220701%2520and%252020220731)%2520and%2520(a.sid%2520in%2520(19))%2520and%2520(a.tj_code%253D18)&queryText=%25E3%2580%2590%25E8%2590%25A5%25E4%25B8%259A%25E6%2597%25A5%25E6%259C%259F%253A2022-07-01%2520%25E8%2587%25B3%25202022-07-31%25E3%2580%2591%2520%25E5%25B9%25B6%25E4%25B8%2594%2520%2520%25E3%2580%2590%25E9%2597%25A8%25E5%25BA%2597%25E5%2590%258D%25E7%25A7%25B0%2520%253D%2520%25E6%25A6%2595%25E5%25BA%259C%25E8%2587%25BB%25E5%2593%2581%25E9%2587%2591%25E9%2592%259F%25E5%25BA%2597%25E3%2580%2591%2520%25E5%25B9%25B6%25E4%25B8%2594%2520%25E3%2580%2590%25E7%25BB%259F%25E8%25AE%25A1%25E7%25B1%25BB%25E5%2588%25AB%2520%253D%2520%25E6%258A%25B5%25E7%2594%25A8%25E5%2588%25B8%25E3%2580%2591 HTTP/1.1" 200 54120
180.169.147.146 - - [07/Aug/2022:11:16:08 +0800] "GET /xingrg/dwr/engine.js HTTP/1.1" 200 43631
61.165.151.54 - - [07/Aug/2022:11:16:09 +0800] "GET /xingrg/kc/base/wldb_order_operate.html?command=get_materiel_price&rest_code=00105&base_code=0010508&code=00102002025&unit_code=00100351 HTTP/1.1" 200 35
180.169.147.146 - - [07/Aug/2022:11:16:09 +0800] "GET /favicon.ico HTTP/1.1" 404 -
180.169.147.146 - - [07/Aug/2022:11:16:09 +0800] "POST /xingrg/all/report/load_report_page.html HTTP/1.1" 200 31682
180.169.147.146 - - [07/Aug/2022:11:16:09 +0800] "GET /xingrg/servlets/image?cache=0.18647079426839663&image=px HTTP/1.1" 200 807
116.224.123.211 - - [07/Aug/2022:11:16:09 +0800] "GET /xingrg/all/function/internal_message.html?_=1659842169123&CODE_STATE=getMsg HTTP/1.1" 200 27
218.81.223.53 - - [07/Aug/2022:11:16:14 +0800] "GET /xingrg/check_reg.html?_=1659842199627 HTTP/1.1" 200 22
180.169.147.146 - - [07/Aug/2022:11:16:15 +0800] "GET /xingrg/all/report/report_query.html?fileName=dma/new_5.0/menu/menu_category_hz.xml HTTP/1.1" 200 53064
180.169.147.146 - - [07/Aug/2022:11:16:15 +0800] "GET /xingrg/dwr/interface/AjaxReportQueryService.js HTTP/1.1" 200 13203
180.169.147.146 - - [07/Aug/2022:11:16:15 +0800] "GET /xingrg/dwr/engine.js HTTP/1.1" 200 43631
180.169.147.146 - - [07/Aug/2022:11:16:15 +0800] "POST /xingrg/dwr/call/plaincall/AjaxReportQueryService.getFixDate.dwr HTTP/1.1" 200 111
180.169.147.146 - - [07/Aug/2022:11:16:15 +0800] "POST /xingrg/all/common/load_tree.html?tree=area_station_tree_json&manage=1 HTTP/1.1" 200 3364
180.169.147.146 - - [07/Aug/2022:11:16:16 +0800] "POST /xingrg/dwr/call/plaincall/AjaxReportQueryService.getFixDate.dwr HTTP/1.1" 200 111
61.165.151.54 - - [07/Aug/2022:11:16:17 +0800] "GET /xingrg/kc/base/wldb_order_operate.html?command=get_materiel&rest_code=00105&base_code=0010508&code=00102002685 HTTP/1.1" 200 458
61.165.151.54 - - [07/Aug/2022:11:16:17 +0800] "GET /xingrg/all/function/internal_message.html?_=1659842177904&CODE_STATE=getMsg HTTP/1.1" 200 27
180.169.147.146 - - [07/Aug/2022:11:16:18 +0800] "POST /xingrg/dwr/call/plaincall/AjaxReportQueryService.queryInitializeString.dwr HTTP/1.1" 200 942
180.169.147.146 - - [07/Aug/2022:11:16:20 +0800] "POST /xingrg/dwr/call/plaincall/AjaxReportQueryService.refreshCache.dwr HTTP/1.1" 200 78
180.169.147.146 - - [07/Aug/2022:11:16:20 +0800] "POST /xingrg/all/report/load_report_page.html HTTP/1.1" 200 112795
180.169.147.146 - - [07/Aug/2022:11:16:20 +0800] "GET /xingrg/servlets/image?cache=0.0898667628520956&image=px HTTP/1.1" 200 807
58.40.7.146 - - [07/Aug/2022:11:16:22 +0800] "GET /xingrg/all/function/internal_message.html?_=1659842181818&CODE_STATE=getMsg HTTP/1.1" 200 27
61.165.151.54 - - [07/Aug/2022:11:16:25 +0800] "GET /xingrg/kc/base/wldb_order_operate.html?command=get_materiel&rest_code=00105&base_code=0010508&code=00102002275 HTTP/1.1" 200 451
116.224.255.128 - - [07/Aug/2022:11:16:26 +0800] "GET /xingrg/all/function/internal_message.html?_=1659842183942&CODE_STATE=getMsg HTTP/1.1" 200 27
180.169.147.146 - - [07/Aug/2022:11:16:27 +0800] "GET /xingrg/all/report/report_query.html?isQuery=1&fileName=dma/new_5.0/menu/menu_hz.xml&queryString=(a.sale_day%2520between%252020220701%2520and%252020220731)%2520and%2520(a.sid%2520%253D%252019)%2520and%2520(a.category_id%253D40)&queryText=%25E3%2580%2590%25E8%2590%25A5%25E4%25B8%259A%25E6%2597%25A5%25E6%259C%259F%253A2022-07-01%2520%25E8%2587%25B3%25202022-07-31%25E3%2580%2591%2520%25E5%25B9%25B6%25E4%25B8%2594%2520%2520%25E3%2580%2590%25E9%2597%25A8%25E5%25BA%2597%25E5%2590%258D%25E7%25A7%25B0%2520%253D%2520%25E6%25A6%2595%25E5%25BA%259C%25E8%2587%25BB%25E5%2593%2581%25E9%2587%2591%25E9%2592%259F%25E5%25BA%25971_19%25E3%2580%2591%2520%25E5%25B9%25B6%25E4%25B8%2594%2520%25E3%2580%2590%25E8%258F%259C%25E5%2593%2581%25E7%25B1%25BB%25E5%2588%25AB%2520%253D%2520%25E8%2590%25A5%25E9%2594%2580%25E6%25B4%25BB%25E5%258A%25A8%25E3%2580%2591 HTTP/1.1" 200 54133
180.169.147.146 - - [07/Aug/2022:11:16:27 +0800] "GET /xingrg/dwr/engine.js HTTP/1.1" 200 43631
180.169.147.146 - - [07/Aug/2022:11:16:27 +0800] "GET /favicon.ico HTTP/1.1" 404 -
180.169.147.146 - - [07/Aug/2022:11:16:28 +0800] "POST /xingrg/all/report/load_report_page.html HTTP/1.1" 200 26766
180.169.147.146 - - [07/Aug/2022:11:16:28 +0800] "GET /xingrg/servlets/image?cache=0.1392018657179832&image=px HTTP/1.1" 200 807
180.169.147.146 - - [07/Aug/2022:11:16:32 +0800] "GET /xingrg/all/function/internal_message.html?_=1659842190436&CODE_STATE=getMsg HTTP/1.1" 200 27
114.86.187.244 - - [07/Aug/2022:11:16:33 +0800] "GET /xingrg/all/function/internal_message.html?_=1659842194121&CODE_STATE=getMsg HTTP/1.1" 200 27
180.162.109.37 - - [07/Aug/2022:11:16:34 +0800] "GET /xingrg/all/function/internal_message.html?_=1659841375829&CODE_STATE=getMsg HTTP/1.1" 200 27
180.162.109.37 - - [07/Aug/2022:11:16:34 +0800] "GET /xingrg/check_reg.html?_=1659841375826 HTTP/1.1" 200 22
61.165.151.54 - - [07/Aug/2022:11:16:35 +0800] "GET /xingrg/kc/base/wldb_order_operate.html?command=get_materiel&rest_code=00105&base_code=0010508&code=00102002198 HTTP/1.1" 200 451
180.169.147.146 - - [07/Aug/2022:11:16:35 +0800] "GET /xingrg/all/function/internal_message.html?_=1659842195488&CODE_STATE=getMsg HTTP/1.1" 200 27
114.83.219.234 - - [07/Aug/2022:11:16:37 +0800] "GET /xingrg/all/function/internal_message.html?_=1659842196192&CODE_STATE=getMsg HTTP/1.1" 200 27
116.233.76.37 - - [07/Aug/2022:11:16:37 +0800] "GET /xingrg/all/function/internal_message.html?_=1659842197448&CODE_STATE=getMsg HTTP/1.1" 200 27
172.20.0.100 - - [07/Aug/2022:11:16:38 +0800] "GET /xingrg/check_reg.html?_=1659842197368 HTTP/1.1" 200 22
172.20.0.100 - - [07/Aug/2022:11:16:38 +0800] "GET /xingrg/all/function/internal_message.html?_=1659842197370&CODE_STATE=getMsg HTTP/1.1" 200 27
180.169.147.146 - - [07/Aug/2022:11:16:42 +0800] "GET /xingrg/all/function/internal_message.html?_=1659842196056&CODE_STATE=getMsg HTTP/1.1" 200 27
61.165.151.54 - - [07/Aug/2022:11:16:47 +0800] "GET /xingrg/kc/base/wldb_order_operate.html?command=get_materiel&rest_code=00105&base_code=0010508&code=00102028010 HTTP/1.1" 200 498
116.224.123.211 - - [07/Aug/2022:11:16:48 +0800] "GET /xingrg/all/function/internal_message.html?_=1659842207203&CODE_STATE=getMsg HTTP/1.1" 200 27
61.165.151.54 - - [07/Aug/2022:11:16:48 +0800] "POST /xingrg/all/common/load_select.html HTTP/1.1" 200 25
180.169.147.146 - - [07/Aug/2022:11:16:50 +0800] "GET /xingrg/all/function/internal_message.html?_=1659842328310&CODE_STATE=getMsg HTTP/1.1" 200 27
61.165.151.54 - - [07/Aug/2022:11:16:50 +0800] "GET /xingrg/kc/base/wldb_order_operate.html?command=get_materiel_price&rest_code=00105&base_code=0010508&code=00102028010&unit_code=00100193 HTTP/1.1" 200 35
222.69.129.110 - - [07/Aug/2022:11:16:54 +0800] "GET /xingrg/all/function/internal_message.html?_=1659842272932&CODE_STATE=getMsg HTTP/1.1" 200 27
58.35.213.73 - - [07/Aug/2022:11:16:55 +0800] "POST /xingrg/services/DataTransmitService HTTP/1.1" 200 524
61.165.151.54 - - [07/Aug/2022:11:16:58 +0800] "GET /xingrg/kc/base/wldb_order_operate.html?command=get_materiel&rest_code=00105&base_code=0010508&code=00102001084 HTTP/1.1" 200 432
116.232.194.65 - - [07/Aug/2022:11:16:59 +0800] "GET /xingrg/all/function/internal_message.html?_=1659842211390&CODE_STATE=getMsg HTTP/1.1" 200 27
116.235.94.65 - - [07/Aug/2022:11:17:00 +0800] "GET /xingrg/all/function/internal_message.html?_=1659842407848&CODE_STATE=getMsg HTTP/1.1" 200 27
116.235.94.65 - - [07/Aug/2022:11:17:00 +0800] "GET /xingrg/check_reg.html?_=1659842407850 HTTP/1.1" 200 22
61.165.151.54 - - [07/Aug/2022:11:17:03 +0800] "POST /xingrg/kc/base/wldb_order_operate.html HTTP/1.1" 200 37
61.165.151.54 - - [07/Aug/2022:11:17:04 +0800] "POST /xingrg/kc/base/wldb_order_operate.html HTTP/1.1" 200 5152
61.165.151.54 - - [07/Aug/2022:11:17:05 +0800] "GET /xingrg/kc/base/wldb_order_info.html?code=422022080700557 HTTP/1.1" 200 30373
61.165.151.54 - - [07/Aug/2022:11:17:05 +0800] "GET /xingrg/javascript/easyui/themes/default/validatebox.css HTTP/1.1" 404 1104
180.169.147.146 - - [07/Aug/2022:11:17:05 +0800] "GET /xingrg/all/function/internal_message.html?_=1659842224658&CODE_STATE=getMsg HTTP/1.1" 200 27
61.165.151.54 - - [07/Aug/2022:11:17:06 +0800] "POST /xingrg/kc/base/wldb_order_operate.html HTTP/1.1" 200 5152
116.224.123.211 - - [07/Aug/2022:11:17:09 +0800] "GET /xingrg/all/function/internal_message.html?_=1659842229095&CODE_STATE=getMsg HTTP/1.1" 200 27
61.165.151.54 - - [07/Aug/2022:11:17:17 +0800] "GET /xingrg/all/function/internal_message.html?_=1659842237916&CODE_STATE=getMsg HTTP/1.1" 200 27
58.40.7.146 - - [07/Aug/2022:11:17:22 +0800] "GET /xingrg/all/function/internal_message.html?_=1659842241821&CODE_STATE=getMsg HTTP/1.1" 200 27
116.224.255.128 - - [07/Aug/2022:11:17:26 +0800] "GET /xingrg/all/function/internal_message.html?_=1659842243942&CODE_STATE=getMsg HTTP/1.1" 200 27
61.165.151.54 - - [07/Aug/2022:11:17:28 +0800] "GET /xingrg/kc/base/wldb_order_add.html HTTP/1.1" 200 30356
61.165.151.54 - - [07/Aug/2022:11:17:28 +0800] "POST /xingrg/kc/base/wldb_order_operate.html HTTP/1.1" 200 6806
61.165.151.54 - - [07/Aug/2022:11:17:28 +0800] "GET /xingrg/javascript/easyui/themes/default/validatebox.css HTTP/1.1" 404 1104
180.169.147.146 - - [07/Aug/2022:11:17:31 +0800] "GET /xingrg/kc/report/report_main.html HTTP/1.1" 200 7340
61.165.151.54 - - [07/Aug/2022:11:17:32 +0800] "POST /xingrg/all/common/load_combo.html?type=base HTTP/1.1" 200 3409
180.169.147.146 - - [07/Aug/2022:11:17:32 +0800] "GET /xingrg/all/function/internal_message.html?_=1659842250438&CODE_STATE=getMsg HTTP/1.1" 200 27
180.169.147.146 - - [07/Aug/2022:11:17:32 +0800] "GET /xingrg/kc/base/crk_hz.html HTTP/1.1" 200 11247
180.169.147.146 - - [07/Aug/2022:11:17:32 +0800] "GET /xingrg/javascript/step/step.css HTTP/1.1" 200 999
180.169.147.146 - - [07/Aug/2022:11:17:32 +0800] "GET /xingrg/css/table.css HTTP/1.1" 200 3684
180.169.147.146 - - [07/Aug/2022:11:17:33 +0800] "POST /xingrg/kc/cost/cost_operate.html?command=get_base_tree HTTP/1.1" 200 2722
180.169.147.146 - - [07/Aug/2022:11:17:33 +0800] "POST /xingrg/all/common/load_tree.html?tree=materiel_sort_tree_json HTTP/1.1" 200 9388
180.169.147.146 - - [07/Aug/2022:11:17:33 +0800] "GET /xingrg/javascript/jquery_easy_ui/themes/default/images/calendar_nextyear.gif HTTP/1.1" 200 75
180.169.147.146 - - [07/Aug/2022:11:17:33 +0800] "GET /xingrg/javascript/jquery_easy_ui/themes/default/images/calendar_nextmonth.gif HTTP/1.1" 200 64
180.169.147.146 - - [07/Aug/2022:11:17:33 +0800] "GET /xingrg/javascript/jquery_easy_ui/themes/icons/search.png HTTP/1.1" 200 813
180.169.147.146 - - [07/Aug/2022:11:17:33 +0800] "GET /xingrg/javascript/jquery_easy_ui/themes/default/images/calendar_prevmonth.gif HTTP/1.1" 200 66
180.169.147.146 - - [07/Aug/2022:11:17:33 +0800] "GET /xingrg/javascript/jquery_easy_ui/themes/default/images/calendar_prevyear.gif HTTP/1.1" 200 76
114.86.187.244 - - [07/Aug/2022:11:17:34 +0800] "GET /xingrg/all/function/internal_message.html?_=1659842254110&CODE_STATE=getMsg HTTP/1.1" 200 27
180.169.147.146 - - [07/Aug/2022:11:17:34 +0800] "GET /xingrg/all/common/get_data_part.html?part=previousMonth&_=1659842253304 HTTP/1.1" 200 41
180.162.109.37 - - [07/Aug/2022:11:17:34 +0800] "GET /xingrg/all/function/internal_message.html?_=1659841435863&CODE_STATE=getMsg HTTP/1.1" 200 27
180.169.147.146 - - [07/Aug/2022:11:17:35 +0800] "GET /xingrg/kc/base/crk_hz.html?_=1659842254090&command=get_cost_id&end_date=2022-07-31&start_date=2022-07-01 HTTP/1.1" 200 51
180.169.147.146 - - [07/Aug/2022:11:17:35 +0800] "GET /xingrg/all/report/report_query.html?isQuery=1&onlyBody=1&rh=99999&rw=1800&varString=start:20220701,cost_id:3814,mid:20220701&fileName=kc/base/crk_hz_type_by_base.xml&queryString=&queryText=ÈÕÆÚ£º2022-07-01ÖÁ2022-07-31&tableQueryString=materiel_table$sp1$$sp$before_table$sp1$$sp$crk_table$sp1$order_day%20between%2020220701%20and%2020220731 HTTP/1.1" 200 49363
180.169.147.146 - - [07/Aug/2022:11:17:35 +0800] "GET /xingrg/dwr/interface/AjaxReportQueryService.js HTTP/1.1" 200 13203
180.169.147.146 - - [07/Aug/2022:11:17:35 +0800] "GET /xingrg/dwr/engine.js HTTP/1.1" 200 43631
180.169.147.146 - - [07/Aug/2022:11:17:35 +0800] "GET /xingrg/all/function/internal_message.html?_=1659842255486&CODE_STATE=getMsg HTTP/1.1" 200 27
180.169.147.146 - - [07/Aug/2022:11:17:36 +0800] "POST /xingrg/all/report/load_report_page.html HTTP/1.1" 200 787081
180.169.147.146 - - [07/Aug/2022:11:17:36 +0800] "GET /xingrg/servlets/image?cache=0.4300912462059161&image=px HTTP/1.1" 200 807
114.83.219.234 - - [07/Aug/2022:11:17:37 +0800] "GET /xingrg/all/function/internal_message.html?_=1659842256162&CODE_STATE=getMsg HTTP/1.1" 200 27
116.233.76.37 - - [07/Aug/2022:11:17:38 +0800] "GET /xingrg/all/function/internal_message.html?_=1659842257451&CODE_STATE=getMsg HTTP/1.1" 200 27
116.233.76.37 - - [07/Aug/2022:11:17:38 +0800] "GET /xingrg/check_reg.html?_=1659842257453 HTTP/1.1" 200 22
172.20.0.100 - - [07/Aug/2022:11:17:38 +0800] "GET /xingrg/all/function/internal_message.html?_=1659842257371&CODE_STATE=getMsg HTTP/1.1" 200 27
61.165.151.54 - - [07/Aug/2022:11:17:41 +0800] "GET /xingrg/kc/base/wldb_order_operate.html?command=get_materiel&rest_code=00105&base_code=0010508&code=00102002258 HTTP/1.1" 200 447
180.169.147.146 - - [07/Aug/2022:11:17:42 +0800] "GET /xingrg/all/function/internal_message.html?_=1659842256034&CODE_STATE=getMsg HTTP/1.1" 200 27
116.224.123.211 - - [07/Aug/2022:11:17:48 +0800] "GET /xingrg/check_reg.html?_=1659842267130 HTTP/1.1" 200 22
116.224.123.211 - - [07/Aug/2022:11:17:48 +0800] "GET /xingrg/all/function/internal_message.html?_=1659842267194&CODE_STATE=getMsg HTTP/1.1" 200 27
61.165.151.54 - - [07/Aug/2022:11:17:49 +0800] "GET /xingrg/kc/base/wldb_order_operate.html?command=get_materiel&rest_code=00105&base_code=0010508&code=00102002238 HTTP/1.1" 200 434
180.169.147.146 - - [07/Aug/2022:11:17:50 +0800] "GET /xingrg/check_reg.html?_=1659842388304 HTTP/1.1" 200 22
180.169.147.146 - - [07/Aug/2022:11:17:50 +0800] "GET /xingrg/all/function/internal_message.html?_=1659842388305&CODE_STATE=getMsg HTTP/1.1" 200 27
61.165.151.54 - - [07/Aug/2022:11:17:53 +0800] "POST /xingrg/kc/base/wldb_order_operate.html HTTP/1.1" 200 37
61.165.151.54 - - [07/Aug/2022:11:17:53 +0800] "POST /xingrg/kc/base/wldb_order_operate.html HTTP/1.1" 200 2660
61.165.151.54 - - [07/Aug/2022:11:17:53 +0800] "GET /xingrg/kc/base/wldb_order_info.html?code=422022080700558 HTTP/1.1" 200 30370
61.165.151.54 - - [07/Aug/2022:11:17:54 +0800] "GET /xingrg/javascript/easyui/themes/default/validatebox.css HTTP/1.1" 404 1104
222.69.129.110 - - [07/Aug/2022:11:17:54 +0800] "GET /xingrg/check_reg.html?_=1659842332944 HTTP/1.1" 200 22
222.69.129.110 - - [07/Aug/2022:11:17:54 +0800] "GET /xingrg/all/function/internal_message.html?_=1659842332945&CODE_STATE=getMsg HTTP/1.1" 200 27
61.165.151.54 - - [07/Aug/2022:11:17:54 +0800] "POST /xingrg/kc/base/wldb_order_operate.html HTTP/1.1" 200 2660
116.232.194.65 - - [07/Aug/2022:11:17:59 +0800] "GET /xingrg/all/function/internal_message.html?_=1659842271383&CODE_STATE=getMsg HTTP/1.1" 200 27
116.235.94.65 - - [07/Aug/2022:11:18:00 +0800] "GET /xingrg/all/function/internal_message.html?_=1659842467847&CODE_STATE=getMsg HTTP/1.1" 200 27
61.165.151.54 - - [07/Aug/2022:11:18:03 +0800] "GET /xingrg/javascript/jquery_easy_ui/themes/icons/rest.png HTTP/1.1" 304 -
61.165.151.54 - - [07/Aug/2022:11:18:03 +0800] "GET /xingrg/javascript/jquery_easy_ui/themes/icons/manage.png HTTP/1.1" 304 -
61.165.151.54 - - [07/Aug/2022:11:18:03 +0800] "GET /xingrg/javascript/jquery_easy_ui/themes/icons/area.png HTTP/1.1" 304 -
124.78.152.102 - - [07/Aug/2022:11:18:03 +0800] "GET /xingrg/check_reg.html?_=1659842283603 HTTP/1.1" 200 22
61.165.151.54 - - [07/Aug/2022:11:18:03 +0800] "GET /xingrg/javascript/jquery_easy_ui/themes/default/images/tabs_active.png HTTP/1.1" 304 -
180.169.147.146 - - [07/Aug/2022:11:18:05 +0800] "GET /xingrg/all/function/internal_message.html?_=1659842284657&CODE_STATE=getMsg HTTP/1.1" 200 27
116.224.123.211 - - [07/Aug/2022:11:18:09 +0800] "GET /xingrg/all/function/internal_message.html?_=1659842289074&CODE_STATE=getMsg HTTP/1.1" 200 27
120.253.135.82 - - [07/Aug/2022:11:18:10 +0800] "GET /xingrg/kc/pszx/mdqp_order_list.html?state=10 HTTP/1.1" 200 10657
120.253.135.82 - - [07/Aug/2022:11:18:10 +0800] "GET /xingrg/dwr/engine.js HTTP/1.1" 200 43631
120.253.135.82 - - [07/Aug/2022:11:18:10 +0800] "GET /xingrg/dwr/interface/AjaxReportQueryService.js HTTP/1.1" 200 13203
120.253.135.82 - - [07/Aug/2022:11:18:10 +0800] "GET /xingrg/dwr/interface/AjaxQqpsService.js HTTP/1.1" 200 16326
61.165.151.54 - - [07/Aug/2022:11:18:17 +0800] "GET /xingrg/all/function/internal_message.html?_=1659842297938&CODE_STATE=getMsg HTTP/1.1" 200 27
120.253.135.82 - - [07/Aug/2022:11:18:19 +0800] "GET /xingrg/kc/pszx/jzcl_ps.html HTTP/1.1" 200 7683
120.253.135.82 - - [07/Aug/2022:11:18:19 +0800] "GET /xingrg/javascript/step/step.css HTTP/1.1" 304 -
120.253.135.82 - - [07/Aug/2022:11:18:19 +0800] "GET /xingrg/css/table.css HTTP/1.1" 304 -
120.253.135.82 - - [07/Aug/2022:11:18:19 +0800] "GET /xingrg/javascript/step/images/navCurrentBtn.gif HTTP/1.1" 304 -
120.253.135.82 - - [07/Aug/2022:11:18:19 +0800] "GET /xingrg/javascript/jquery_easy_ui/themes/default/images/button_a_bg.gif HTTP/1.1" 304 -
120.253.135.82 - - [07/Aug/2022:11:18:19 +0800] "GET /xingrg/javascript/jquery_easy_ui/themes/default/images/button_span_bg.gif HTTP/1.1" 304 -
120.253.135.82 - - [07/Aug/2022:11:18:19 +0800] "GET /xingrg/javascript/jquery_easy_ui/themes/icons/search.png HTTP/1.1" 304 -
120.253.135.82 - - [07/Aug/2022:11:18:19 +0800] "POST /xingrg/all/common/load_tree.html?tree=area_rest_tree_json HTTP/1.1" 200 3472
120.253.135.82 - - [07/Aug/2022:11:18:19 +0800] "GET /xingrg/javascript/jquery_easy_ui/themes/default/images/datagrid_header_bg.gif HTTP/1.1" 304 -
120.253.135.82 - - [07/Aug/2022:11:18:19 +0800] "GET /xingrg/javascript/jquery_easy_ui/themes/default/images/pagination_loading.gif HTTP/1.1" 304 -
120.253.135.82 - - [07/Aug/2022:11:18:19 +0800] "GET /xingrg/javascript/jquery_easy_ui/themes/default/images/tree_checkbox_0.gif HTTP/1.1" 304 -
120.253.135.82 - - [07/Aug/2022:11:18:20 +0800] "POST /xingrg/kc/pszx/jzcl_ps_operate.html HTTP/1.1" 200 436
120.253.135.82 - - [07/Aug/2022:11:18:20 +0800] "POST /xingrg/kc/pszx/jzcl_ps_operate.html HTTP/1.1" 200 436
120.253.135.82 - - [07/Aug/2022:11:18:20 +0800] "GET /xingrg/javascript/jquery_easy_ui/themes/icons/rest.png HTTP/1.1" 304 -
58.40.7.146 - - [07/Aug/2022:11:18:22 +0800] "GET /xingrg/all/function/internal_message.html?_=1659842301825&CODE_STATE=getMsg HTTP/1.1" 200 27
120.253.135.82 - - [07/Aug/2022:11:18:24 +0800] "POST /xingrg/kc/pszx/jzcl_ps_operate.html HTTP/1.1" 200 4
120.253.135.82 - - [07/Aug/2022:11:18:24 +0800] "GET /xingrg/javascript/step/images/navDoneBtn.gif HTTP/1.1" 304 -
120.253.135.82 - - [07/Aug/2022:11:18:24 +0800] "GET /xingrg/javascript/step/images/navLastDoneBtn.gif HTTP/1.1" 304 -
116.224.255.128 - - [07/Aug/2022:11:18:26 +0800] "GET /xingrg/all/function/internal_message.html?_=1659842303943&CODE_STATE=getMsg HTTP/1.1" 200 27
120.253.135.82 - - [07/Aug/2022:11:18:27 +0800] "GET /xingrg/kc/pszx/mdps_order_list.html HTTP/1.1" 200 21007
120.253.135.82 - - [07/Aug/2022:11:18:28 +0800] "POST /xingrg/kc/pszx/mdps_list_operate.html HTTP/1.1" 200 5389
120.253.135.82 - - [07/Aug/2022:11:18:30 +0800] "GET /xingrg/kc/pszx/mdqp_order_list.html?state=10 HTTP/1.1" 200 10217
120.253.135.82 - - [07/Aug/2022:11:18:30 +0800] "GET /xingrg/dwr/interface/AjaxReportQueryService.js HTTP/1.1" 200 13203
120.253.135.82 - - [07/Aug/2022:11:18:30 +0800] "GET /xingrg/dwr/interface/AjaxQqpsService.js HTTP/1.1" 200 16326
120.253.135.82 - - [07/Aug/2022:11:18:30 +0800] "GET /xingrg/dwr/engine.js HTTP/1.1" 200 43631
180.169.147.146 - - [07/Aug/2022:11:18:32 +0800] "GET /xingrg/all/function/internal_message.html?_=1659842310427&CODE_STATE=getMsg HTTP/1.1" 200 27
61.165.151.54 - - [07/Aug/2022:11:18:33 +0800] "POST /xingrg/services/DataTransmitService HTTP/1.1" 401 565
61.165.151.54 - - [07/Aug/2022:11:18:33 +0800] "POST /xingrg/services/DataTransmitService HTTP/1.1" 200 478
61.165.151.54 - - [07/Aug/2022:11:18:33 +0800] "POST /xingrg/services/DataTransmitService HTTP/1.1" 200 1319
61.165.151.54 - - [07/Aug/2022:11:18:33 +0800] "POST /xingrg/services/DataTransmitService HTTP/1.1" 200 478
61.165.151.54 - - [07/Aug/2022:11:18:33 +0800] "POST /xingrg/services/DataTransmitService HTTP/1.1" 200 1319
61.165.151.54 - - [07/Aug/2022:11:18:33 +0800] "POST /xingrg/services/DataTransmitService HTTP/1.1" 200 524
114.86.187.244 - - [07/Aug/2022:11:18:33 +0800] "GET /xingrg/all/function/internal_message.html?_=1659842314143&CODE_STATE=getMsg HTTP/1.1" 200 27
61.165.151.54 - - [07/Aug/2022:11:18:34 +0800] "POST /xingrg/services/DataTransmitService HTTP/1.1" 200 2407
61.165.151.54 - - [07/Aug/2022:11:18:34 +0800] "POST /xingrg/services/DataTransmitService HTTP/1.1" 200 45454
61.165.151.54 - - [07/Aug/2022:11:18:34 +0800] "POST /xingrg/services/DataTransmitService HTTP/1.1" 200 19237
180.162.109.37 - - [07/Aug/2022:11:18:34 +0800] "GET /xingrg/all/function/internal_message.html?_=1659841495862&CODE_STATE=getMsg HTTP/1.1" 200 27
180.169.147.146 - - [07/Aug/2022:11:18:35 +0800] "GET /xingrg/all/function/internal_message.html?_=1659842315506&CODE_STATE=getMsg HTTP/1.1" 200 27
114.83.219.234 - - [07/Aug/2022:11:18:36 +0800] "GET /xingrg/check_reg.html?_=1659842314416 HTTP/1.1" 200 22
114.83.219.234 - - [07/Aug/2022:11:18:37 +0800] "GET /xingrg/all/function/internal_message.html?_=1659842316137&CODE_STATE=getMsg HTTP/1.1" 200 27
116.233.76.37 - - [07/Aug/2022:11:18:37 +0800] "GET /xingrg/all/function/internal_message.html?_=1659842317454&CODE_STATE=getMsg HTTP/1.1" 200 27
172.20.0.100 - - [07/Aug/2022:11:18:38 +0800] "GET /xingrg/all/function/internal_message.html?_=1659842317373&CODE_STATE=getMsg HTTP/1.1" 200 27
120.253.135.82 - - [07/Aug/2022:11:18:41 +0800] "GET /xingrg/kc/pszx/mdps_order_list.html?orderType=0 HTTP/1.1" 200 21007
180.169.147.146 - - [07/Aug/2022:11:18:42 +0800] "GET /xingrg/all/function/internal_message.html?_=1659842316017&CODE_STATE=getMsg HTTP/1.1" 200 27
120.253.135.82 - - [07/Aug/2022:11:18:42 +0800] "POST /xingrg/kc/pszx/mdps_list_operate.html HTTP/1.1" 200 5389
114.88.158.224 - - [07/Aug/2022:11:18:46 +0800] "GET /xingrg/check_reg.html?_=1659842004503 HTTP/1.1" 200 22
116.224.123.211 - - [07/Aug/2022:11:18:48 +0800] "GET /xingrg/all/function/internal_message.html?_=1659842327188&CODE_STATE=getMsg HTTP/1.1" 200 27
180.169.147.146 - - [07/Aug/2022:11:18:50 +0800] "GET /xingrg/all/function/internal_message.html?_=1659842448308&CODE_STATE=getMsg HTTP/1.1" 200 27
222.69.129.110 - - [07/Aug/2022:11:18:54 +0800] "GET /xingrg/all/function/internal_message.html?_=1659842392935&CODE_STATE=getMsg HTTP/1.1" 200 27
120.253.135.82 - - [07/Aug/2022:11:18:58 +0800] "POST /xingrg/kc/pszx/mdps_list_operate.html HTTP/1.1" 200 3918
120.253.135.82 - - [07/Aug/2022:11:18:59 +0800] "POST /xingrg/kc/pszx/mdps_list_operate.html HTTP/1.1" 200 592
116.232.194.65 - - [07/Aug/2022:11:18:59 +0800] "GET /xingrg/all/function/internal_message.html?_=1659842331384&CODE_STATE=getMsg HTTP/1.1" 200 27
120.253.135.82 - - [07/Aug/2022:11:19:00 +0800] "GET /xingrg/kc/pszx/mdps_order_info.html?code=312022080700155 HTTP/1.1" 200 24022
120.253.135.82 - - [07/Aug/2022:11:19:00 +0800] "GET /xingrg/javascript/easyui/themes/default/validatebox.css HTTP/1.1" 404 1104
116.235.94.65 - - [07/Aug/2022:11:19:00 +0800] "GET /xingrg/all/function/internal_message.html?_=1659842527847&CODE_STATE=getMsg HTTP/1.1" 200 27
120.253.135.82 - - [07/Aug/2022:11:19:00 +0800] "POST /xingrg/kc/pszx/mdps_order_operate.html HTTP/1.1" 200 29388
180.169.147.146 - - [07/Aug/2022:11:19:05 +0800] "GET /xingrg/all/function/internal_message.html?_=1659842344655&CODE_STATE=getMsg HTTP/1.1" 200 27
116.224.123.211 - - [07/Aug/2022:11:19:09 +0800] "GET /xingrg/all/function/internal_message.html?_=1659842349060&CODE_STATE=getMsg HTTP/1.1" 200 27
61.165.151.54 - - [07/Aug/2022:11:19:17 +0800] "GET /xingrg/all/function/internal_message.html?_=1659842357905&CODE_STATE=getMsg HTTP/1.1" 200 27
58.40.7.146 - - [07/Aug/2022:11:19:22 +0800] "GET /xingrg/all/function/internal_message.html?_=1659842361827&CODE_STATE=getMsg HTTP/1.1" 200 27
116.224.255.128 - - [07/Aug/2022:11:19:26 +0800] "GET /xingrg/all/function/internal_message.html?_=1659842363944&CODE_STATE=getMsg HTTP/1.1" 200 27
180.169.147.146 - - [07/Aug/2022:11:19:32 +0800] "GET /xingrg/all/function/internal_message.html?_=1659842370431&CODE_STATE=getMsg HTTP/1.1" 200 27
114.86.187.244 - - [07/Aug/2022:11:19:34 +0800] "GET /xingrg/check_reg.html?_=1659842374146 HTTP/1.1" 200 22
114.86.187.244 - - [07/Aug/2022:11:19:34 +0800] "GET /xingrg/all/function/internal_message.html?_=1659842374149&CODE_STATE=getMsg HTTP/1.1" 200 27
180.162.109.37 - - [07/Aug/2022:11:19:34 +0800] "GET /xingrg/all/function/internal_message.html?_=1659841555860&CODE_STATE=getMsg HTTP/1.1" 200 27
180.169.147.146 - - [07/Aug/2022:11:19:35 +0800] "GET /xingrg/check_reg.html?_=1659842375507 HTTP/1.1" 200 22
180.169.147.146 - - [07/Aug/2022:11:19:35 +0800] "GET /xingrg/all/function/internal_message.html?_=1659842375509&CODE_STATE=getMsg HTTP/1.1" 200 27
114.83.219.234 - - [07/Aug/2022:11:19:37 +0800] "GET /xingrg/all/function/internal_message.html?_=1659842376122&CODE_STATE=getMsg HTTP/1.1" 200 27
116.233.76.37 - - [07/Aug/2022:11:19:38 +0800] "GET /xingrg/all/function/internal_message.html?_=1659842377455&CODE_STATE=getMsg HTTP/1.1" 200 27
172.20.0.100 - - [07/Aug/2022:11:19:38 +0800] "GET /xingrg/all/function/internal_message.html?_=1659842377374&CODE_STATE=getMsg HTTP/1.1" 200 27
180.169.147.146 - - [07/Aug/2022:11:19:42 +0800] "GET /xingrg/all/function/internal_message.html?_=1659842376001&CODE_STATE=getMsg HTTP/1.1" 200 27
116.224.123.211 - - [07/Aug/2022:11:19:48 +0800] "GET /xingrg/all/function/internal_message.html?_=1659842387184&CODE_STATE=getMsg HTTP/1.1" 200 27
180.169.147.146 - - [07/Aug/2022:11:19:50 +0800] "GET /xingrg/all/function/internal_message.html?_=1659842508300&CODE_STATE=getMsg HTTP/1.1" 200 27
222.69.129.110 - - [07/Aug/2022:11:19:54 +0800] "GET /xingrg/all/function/internal_message.html?_=1659842452944&CODE_STATE=getMsg HTTP/1.1" 200 27
116.232.194.65 - - [07/Aug/2022:11:19:59 +0800] "GET /xingrg/all/function/internal_message.html?_=1659842391399&CODE_STATE=getMsg HTTP/1.1" 200 27
116.232.194.65 - - [07/Aug/2022:11:19:59 +0800] "GET /xingrg/check_reg.html?_=1659842391401 HTTP/1.1" 200 22
116.235.94.65 - - [07/Aug/2022:11:20:00 +0800] "GET /xingrg/all/function/internal_message.html?_=1659842587859&CODE_STATE=getMsg HTTP/1.1" 200 27
180.169.147.146 - - [07/Aug/2022:11:20:05 +0800] "GET /xingrg/check_reg.html?_=1659842404651 HTTP/1.1" 200 22
180.169.147.146 - - [07/Aug/2022:11:20:05 +0800] "GET /xingrg/all/function/internal_message.html?_=1659842404653&CODE_STATE=getMsg HTTP/1.1" 200 27
116.224.123.211 - - [07/Aug/2022:11:20:09 +0800] "GET /xingrg/all/function/internal_message.html?_=1659842409031&CODE_STATE=getMsg HTTP/1.1" 200 27
116.224.123.211 - - [07/Aug/2022:11:20:12 +0800] "GET /xingrg/check_reg.html?_=1659842412000 HTTP/1.1" 200 22
61.165.151.54 - - [07/Aug/2022:11:20:17 +0800] "GET /xingrg/check_reg.html?_=1659842417905 HTTP/1.1" 200 22
61.165.151.54 - - [07/Aug/2022:11:20:17 +0800] "GET /xingrg/all/function/internal_message.html?_=1659842417907&CODE_STATE=getMsg HTTP/1.1" 200 27
58.40.7.146 - - [07/Aug/2022:11:20:22 +0800] "GET /xingrg/check_reg.html?_=1659842421815 HTTP/1.1" 200 22
58.40.7.146 - - [07/Aug/2022:11:20:22 +0800] "GET /xingrg/all/function/internal_message.html?_=1659842421816&CODE_STATE=getMsg HTTP/1.1" 200 27
116.224.255.128 - - [07/Aug/2022:11:20:26 +0800] "GET /xingrg/all/function/internal_message.html?_=1659842423945&CODE_STATE=getMsg HTTP/1.1" 200 27
116.224.255.128 - - [07/Aug/2022:11:20:26 +0800] "GET /xingrg/check_reg.html?_=1659842423947 HTTP/1.1" 200 22
180.169.147.146 - - [07/Aug/2022:11:20:32 +0800] "GET /xingrg/check_reg.html?_=1659842430432 HTTP/1.1" 200 22
180.169.147.146 - - [07/Aug/2022:11:20:32 +0800] "GET /xingrg/all/function/internal_message.html?_=1659842430434&CODE_STATE=getMsg HTTP/1.1" 200 27
114.86.187.244 - - [07/Aug/2022:11:20:34 +0800] "GET /xingrg/all/function/internal_message.html?_=1659842434148&CODE_STATE=getMsg HTTP/1.1" 200 27
180.162.109.37 - - [07/Aug/2022:11:20:34 +0800] "GET /xingrg/all/function/internal_message.html?_=1659841615845&CODE_STATE=getMsg HTTP/1.1" 200 27
180.169.147.146 - - [07/Aug/2022:11:20:35 +0800] "GET /xingrg/all/function/internal_message.html?_=1659842435496&CODE_STATE=getMsg HTTP/1.1" 200 27
114.83.219.234 - - [07/Aug/2022:11:20:37 +0800] "GET /xingrg/all/function/internal_message.html?_=1659842436107&CODE_STATE=getMsg HTTP/1.1" 200 27
116.233.76.37 - - [07/Aug/2022:11:20:37 +0800] "GET /xingrg/all/function/internal_message.html?_=1659842437459&CODE_STATE=getMsg HTTP/1.1" 200 27
172.20.0.100 - - [07/Aug/2022:11:20:38 +0800] "GET /xingrg/all/function/internal_message.html?_=1659842437382&CODE_STATE=getMsg HTTP/1.1" 200 27
120.253.135.82 - - [07/Aug/2022:11:20:39 +0800] "GET /xingrg/check_reg.html?_=1659842246011 HTTP/1.1" 200 22
180.169.147.146 - - [07/Aug/2022:11:20:41 +0800] "GET /xingrg/check_reg.html?_=1659842435173 HTTP/1.1" 200 22
180.169.147.146 - - [07/Aug/2022:11:20:42 +0800] "GET /xingrg/all/function/internal_message.html?_=1659842435986&CODE_STATE=getMsg HTTP/1.1" 200 27
116.224.123.211 - - [07/Aug/2022:11:20:48 +0800] "GET /xingrg/all/function/internal_message.html?_=1659842447181&CODE_STATE=getMsg HTTP/1.1" 200 27
180.169.147.146 - - [07/Aug/2022:11:20:50 +0800] "GET /xingrg/all/function/internal_message.html?_=1659842568307&CODE_STATE=getMsg HTTP/1.1" 200 27
222.69.129.110 - - [07/Aug/2022:11:20:54 +0800] "GET /xingrg/all/function/internal_message.html?_=1659842512946&CODE_STATE=getMsg HTTP/1.1" 200 27
116.232.194.65 - - [07/Aug/2022:11:20:59 +0800] "GET /xingrg/all/function/internal_message.html?_=1659842451395&CODE_STATE=getMsg HTTP/1.1" 200 27
116.235.94.65 - - [07/Aug/2022:11:21:00 +0800] "GET /xingrg/all/function/internal_message.html?_=1659842647858&CODE_STATE=getMsg HTTP/1.1" 200 27
180.169.147.146 - - [07/Aug/2022:11:21:05 +0800] "GET /xingrg/all/function/internal_message.html?_=1659842464654&CODE_STATE=getMsg HTTP/1.1" 200 27
116.224.123.211 - - [07/Aug/2022:11:21:09 +0800] "GET /xingrg/all/function/internal_message.html?_=1659842469006&CODE_STATE=getMsg HTTP/1.1" 200 27
218.81.223.53 - - [07/Aug/2022:11:21:14 +0800] "GET /xingrg/check_reg.html?_=1659842499640 HTTP/1.1" 200 22
61.165.151.54 - - [07/Aug/2022:11:21:17 +0800] "GET /xingrg/all/function/internal_message.html?_=1659842477907&CODE_STATE=getMsg HTTP/1.1" 200 27
58.40.7.146 - - [07/Aug/2022:11:21:22 +0800] "GET /xingrg/all/function/internal_message.html?_=1659842481817&CODE_STATE=getMsg HTTP/1.1" 200 27
116.224.255.128 - - [07/Aug/2022:11:21:26 +0800] "GET /xingrg/all/function/internal_message.html?_=1659842483947&CODE_STATE=getMsg HTTP/1.1" 200 27
120.253.135.82 - - [07/Aug/2022:11:21:32 +0800] "POST /xingrg/kc/pszx/mdps_list_operate.html HTTP/1.1" 200 202
120.253.135.82 - - [07/Aug/2022:11:21:32 +0800] "GET /xingrg/kc/pszx/mdps_order_info.html?code=312022080700156 HTTP/1.1" 200 24020
180.169.147.146 - - [07/Aug/2022:11:21:32 +0800] "GET /xingrg/all/function/internal_message.html?_=1659842490436&CODE_STATE=getMsg HTTP/1.1" 200 27
120.253.135.82 - - [07/Aug/2022:11:21:33 +0800] "POST /xingrg/kc/pszx/mdps_order_operate.html HTTP/1.1" 200 2286
120.253.135.82 - - [07/Aug/2022:11:21:33 +0800] "GET /xingrg/javascript/easyui/themes/default/validatebox.css HTTP/1.1" 404 1104
114.86.187.244 - - [07/Aug/2022:11:21:34 +0800] "GET /xingrg/all/function/internal_message.html?_=1659842494154&CODE_STATE=getMsg HTTP/1.1" 200 27
180.162.109.37 - - [07/Aug/2022:11:21:34 +0800] "GET /xingrg/check_reg.html?_=1659841675861 HTTP/1.1" 200 22
180.162.109.37 - - [07/Aug/2022:11:21:34 +0800] "GET /xingrg/all/function/internal_message.html?_=1659841675858&CODE_STATE=getMsg HTTP/1.1" 200 27
180.169.147.146 - - [07/Aug/2022:11:21:35 +0800] "GET /xingrg/all/function/internal_message.html?_=1659842495512&CODE_STATE=getMsg HTTP/1.1" 200 27
114.83.219.234 - - [07/Aug/2022:11:21:37 +0800] "GET /xingrg/all/function/internal_message.html?_=1659842496096&CODE_STATE=getMsg HTTP/1.1" 200 27
120.253.135.82 - - [07/Aug/2022:11:21:37 +0800] "POST /xingrg/kc/pszx/mdps_list_operate.html HTTP/1.1" 200 3918
116.233.76.37 - - [07/Aug/2022:11:21:37 +0800] "GET /xingrg/all/function/internal_message.html?_=1659842497461&CODE_STATE=getMsg HTTP/1.1" 200 27
172.20.0.100 - - [07/Aug/2022:11:21:38 +0800] "GET /xingrg/check_reg.html?_=1659842497368 HTTP/1.1" 200 22
172.20.0.100 - - [07/Aug/2022:11:21:38 +0800] "GET /xingrg/all/function/internal_message.html?_=1659842497370&CODE_STATE=getMsg HTTP/1.1" 200 27
120.253.135.82 - - [07/Aug/2022:11:21:38 +0800] "POST /xingrg/kc/pszx/mdps_list_operate.html HTTP/1.1" 200 203
120.253.135.82 - - [07/Aug/2022:11:21:39 +0800] "GET /xingrg/kc/pszx/mdps_order_info.html?code=312022080700157 HTTP/1.1" 200 24020
120.253.135.82 - - [07/Aug/2022:11:21:40 +0800] "POST /xingrg/kc/pszx/mdps_order_operate.html HTTP/1.1" 200 2282
120.253.135.82 - - [07/Aug/2022:11:21:40 +0800] "GET /xingrg/javascript/easyui/themes/default/validatebox.css HTTP/1.1" 404 1104
120.253.135.82 - - [07/Aug/2022:11:21:41 +0800] "POST /xingrg/kc/pszx/mdps_list_operate.html HTTP/1.1" 200 3918
180.169.147.146 - - [07/Aug/2022:11:21:42 +0800] "GET /xingrg/all/function/internal_message.html?_=1659842495968&CODE_STATE=getMsg HTTP/1.1" 200 27
120.253.135.82 - - [07/Aug/2022:11:21:43 +0800] "POST /xingrg/kc/pszx/mdps_list_operate.html HTTP/1.1" 200 203
120.253.135.82 - - [07/Aug/2022:11:21:43 +0800] "GET /xingrg/kc/pszx/mdps_order_info.html?code=312022080700158 HTTP/1.1" 200 24022
120.253.135.82 - - [07/Aug/2022:11:21:44 +0800] "POST /xingrg/kc/pszx/mdps_order_operate.html HTTP/1.1" 200 2281
120.253.135.82 - - [07/Aug/2022:11:21:44 +0800] "GET /xingrg/javascript/easyui/themes/default/validatebox.css HTTP/1.1" 404 1104
120.253.135.82 - - [07/Aug/2022:11:21:46 +0800] "POST /xingrg/kc/pszx/mdps_list_operate.html HTTP/1.1" 200 3918
116.224.123.211 - - [07/Aug/2022:11:21:48 +0800] "GET /xingrg/all/function/internal_message.html?_=1659842507166&CODE_STATE=getMsg HTTP/1.1" 200 27
120.253.135.82 - - [07/Aug/2022:11:21:50 +0800] "POST /xingrg/kc/pszx/mdps_list_operate.html HTTP/1.1" 200 610
180.169.147.146 - - [07/Aug/2022:11:21:50 +0800] "GET /xingrg/all/function/internal_message.html?_=1659842628308&CODE_STATE=getMsg HTTP/1.1" 200 27
120.253.135.82 - - [07/Aug/2022:11:21:50 +0800] "GET /xingrg/kc/pszx/mdps_order_info.html?code=312022080700159 HTTP/1.1" 200 24022
120.253.135.82 - - [07/Aug/2022:11:21:51 +0800] "POST /xingrg/kc/pszx/mdps_order_operate.html HTTP/1.1" 200 5291
120.253.135.82 - - [07/Aug/2022:11:21:51 +0800] "GET /xingrg/javascript/easyui/themes/default/validatebox.css HTTP/1.1" 404 1104
116.224.123.211 - - [07/Aug/2022:11:21:54 +0800] "POST /xingrg/kc/mdqp/pssh_list_operate.html HTTP/1.1" 200 1576
222.69.129.110 - - [07/Aug/2022:11:21:54 +0800] "GET /xingrg/all/function/internal_message.html?_=1659842572946&CODE_STATE=getMsg HTTP/1.1" 200 27
116.224.123.211 - - [07/Aug/2022:11:21:55 +0800] "POST /xingrg/kc/mdqp/pssh_list_operate.html HTTP/1.1" 200 256
116.224.123.211 - - [07/Aug/2022:11:21:56 +0800] "GET /xingrg/kc/buy/cgsh_order_list.html HTTP/1.1" 200 52503
116.224.123.211 - - [07/Aug/2022:11:21:57 +0800] "POST /xingrg/kc/buy/cgsh_list_operate.html HTTP/1.1" 200 693
120.253.135.82 - - [07/Aug/2022:11:21:58 +0800] "POST /xingrg/kc/pszx/mdps_list_operate.html HTTP/1.1" 200 3918
116.232.194.65 - - [07/Aug/2022:11:21:59 +0800] "GET /xingrg/all/function/internal_message.html?_=1659842511388&CODE_STATE=getMsg HTTP/1.1" 200 27
120.253.135.82 - - [07/Aug/2022:11:22:00 +0800] "POST /xingrg/kc/pszx/mdps_list_operate.html HTTP/1.1" 200 303
120.253.135.82 - - [07/Aug/2022:11:22:00 +0800] "GET /xingrg/kc/pszx/mdps_order_info.html?code=312022080700160 HTTP/1.1" 200 24022
116.235.94.65 - - [07/Aug/2022:11:22:00 +0800] "GET /xingrg/check_reg.html?_=1659842707856 HTTP/1.1" 200 22
116.235.94.65 - - [07/Aug/2022:11:22:00 +0800] "GET /xingrg/all/function/internal_message.html?_=1659842707857&CODE_STATE=getMsg HTTP/1.1" 200 27
120.253.135.82 - - [07/Aug/2022:11:22:01 +0800] "POST /xingrg/kc/pszx/mdps_order_operate.html HTTP/1.1" 200 2810
120.253.135.82 - - [07/Aug/2022:11:22:01 +0800] "GET /xingrg/javascript/easyui/themes/default/validatebox.css HTTP/1.1" 404 1104
120.253.135.82 - - [07/Aug/2022:11:22:05 +0800] "POST /xingrg/kc/pszx/mdps_order_operate.html HTTP/1.1" 200 37
180.169.147.146 - - [07/Aug/2022:11:22:05 +0800] "GET /xingrg/all/function/internal_message.html?_=1659842524647&CODE_STATE=getMsg HTTP/1.1" 200 27
120.253.135.82 - - [07/Aug/2022:11:22:06 +0800] "GET /xingrg/kc/pszx/mdps_order_info.html?code=312022080700160 HTTP/1.1" 200 24022
120.253.135.82 - - [07/Aug/2022:11:22:06 +0800] "POST /xingrg/kc/pszx/mdps_order_operate.html HTTP/1.1" 200 2824
120.253.135.82 - - [07/Aug/2022:11:22:06 +0800] "GET /xingrg/javascript/easyui/themes/default/validatebox.css HTTP/1.1" 404 1104
116.224.123.211 - - [07/Aug/2022:11:22:09 +0800] "GET /xingrg/all/function/internal_message.html?_=1659842528995&CODE_STATE=getMsg HTTP/1.1" 200 27
120.253.135.82 - - [07/Aug/2022:11:22:15 +0800] "POST /xingrg/kc/pszx/mdps_list_operate.html HTTP/1.1" 200 3918
120.253.135.82 - - [07/Aug/2022:11:22:17 +0800] "POST /xingrg/kc/pszx/mdps_list_operate.html HTTP/1.1" 200 592
61.165.151.54 - - [07/Aug/2022:11:22:17 +0800] "GET /xingrg/all/function/internal_message.html?_=1659842537906&CODE_STATE=getMsg HTTP/1.1" 200 27
120.253.135.82 - - [07/Aug/2022:11:22:18 +0800] "GET /xingrg/kc/pszx/mdps_order_info.html?code=312022080700155 HTTP/1.1" 200 24022
120.253.135.82 - - [07/Aug/2022:11:22:18 +0800] "GET /xingrg/javascript/easyui/themes/default/validatebox.css HTTP/1.1" 404 1104
120.253.135.82 - - [07/Aug/2022:11:22:18 +0800] "POST /xingrg/kc/pszx/mdps_order_operate.html HTTP/1.1" 200 29388
58.40.7.146 - - [07/Aug/2022:11:22:22 +0800] "GET /xingrg/all/function/internal_message.html?_=1659842541821&CODE_STATE=getMsg HTTP/1.1" 200 27
116.224.255.128 - - [07/Aug/2022:11:22:26 +0800] "GET /xingrg/all/function/internal_message.html?_=1659842543949&CODE_STATE=getMsg HTTP/1.1" 200 27
180.169.147.146 - - [07/Aug/2022:11:22:32 +0800] "GET /xingrg/all/function/internal_message.html?_=1659842550438&CODE_STATE=getMsg HTTP/1.1" 200 27
114.86.187.244 - - [07/Aug/2022:11:22:34 +0800] "GET /xingrg/all/function/internal_message.html?_=1659842554143&CODE_STATE=getMsg HTTP/1.1" 200 27
180.162.109.37 - - [07/Aug/2022:11:22:34 +0800] "GET /xingrg/all/function/internal_message.html?_=1659841735857&CODE_STATE=getMsg HTTP/1.1" 200 27
120.253.135.82 - - [07/Aug/2022:11:22:34 +0800] "POST /xingrg/kc/pszx/mdps_list_operate.html HTTP/1.1" 200 3918
180.169.147.146 - - [07/Aug/2022:11:22:35 +0800] "GET /xingrg/all/function/internal_message.html?_=1659842555514&CODE_STATE=getMsg HTTP/1.1" 200 27
114.83.219.234 - - [07/Aug/2022:11:22:37 +0800] "GET /xingrg/all/function/internal_message.html?_=1659842556072&CODE_STATE=getMsg HTTP/1.1" 200 27
116.233.76.37 - - [07/Aug/2022:11:22:37 +0800] "GET /xingrg/all/function/internal_message.html?_=1659842557464&CODE_STATE=getMsg HTTP/1.1" 200 27
116.233.76.37 - - [07/Aug/2022:11:22:38 +0800] "GET /xingrg/check_reg.html?_=1659842557464 HTTP/1.1" 200 22
172.20.0.100 - - [07/Aug/2022:11:22:38 +0800] "GET /xingrg/all/function/internal_message.html?_=1659842557371&CODE_STATE=getMsg HTTP/1.1" 200 27
120.253.135.82 - - [07/Aug/2022:11:22:39 +0800] "POST /xingrg/kc/pszx/mdps_list_operate.html HTTP/1.1" 200 303
120.253.135.82 - - [07/Aug/2022:11:22:40 +0800] "POST /xingrg/kc/pszx/mdps_list_operate.html HTTP/1.1" 200 201
180.169.147.146 - - [07/Aug/2022:11:22:42 +0800] "GET /xingrg/all/function/internal_message.html?_=1659842555951&CODE_STATE=getMsg HTTP/1.1" 200 27
120.253.135.82 - - [07/Aug/2022:11:22:42 +0800] "GET /xingrg/kc/pszx/mdps_order_info.html?code=312022080700160 HTTP/1.1" 200 24022
120.253.135.82 - - [07/Aug/2022:11:22:43 +0800] "POST /xingrg/kc/pszx/mdps_order_operate.html HTTP/1.1" 200 2824
120.253.135.82 - - [07/Aug/2022:11:22:43 +0800] "GET /xingrg/javascript/easyui/themes/default/validatebox.css HTTP/1.1" 404 1104
116.224.123.211 - - [07/Aug/2022:11:22:48 +0800] "GET /xingrg/check_reg.html?_=1659842567108 HTTP/1.1" 200 22
