180.169.147.146 - - [07/Aug/2022:11:45:41 +0800] "GET /xingrg/all/function/internal_message.html?_=1659843935515&CODE_STATE=getMsg HTTP/1.1" 200 27
124.78.152.102 - - [07/Aug/2022:11:45:43 +0800] "GET /xingrg/kc/buy/cgsh_order_operate.html?command=get_materiel&rest_code=00106&code=00101008244&supplier_code=00100007&order_time=2022-08-07 HTTP/1.1" 200 408
116.224.123.211 - - [07/Aug/2022:11:45:48 +0800] "GET /xingrg/all/function/internal_message.html?_=1659843946962&CODE_STATE=getMsg HTTP/1.1" 200 27
180.169.147.146 - - [07/Aug/2022:11:45:48 +0800] "GET /xingrg/kc/buy/cgsh_order_operate.html?command=get_materiel&rest_code=00147&code=00101008264&supplier_code=00100006&order_time=2022-08-07 HTTP/1.1" 200 412
222.69.129.110 - - [07/Aug/2022:11:45:54 +0800] "GET /xingrg/all/function/internal_message.html?_=1659844012943&CODE_STATE=getMsg HTTP/1.1" 200 27
180.169.147.146 - - [07/Aug/2022:11:45:55 +0800] "GET /xingrg/kc/buy/cgsh_order_operate.html?command=get_materiel&rest_code=00147&code=00101008356&supplier_code=00100006&order_time=2022-08-07 HTTP/1.1" 200 409
124.78.152.102 - - [07/Aug/2022:11:45:58 +0800] "GET /xingrg/kc/buy/cgsh_order_operate.html?command=get_materiel&rest_code=00106&code=00101008354&supplier_code=00100007&order_time=2022-08-07 HTTP/1.1" 200 412
116.232.194.65 - - [07/Aug/2022:11:45:59 +0800] "GET /xingrg/all/function/internal_message.html?_=1659843951389&CODE_STATE=getMsg HTTP/1.1" 200 27
116.235.94.65 - - [07/Aug/2022:11:46:00 +0800] "GET /xingrg/all/function/internal_message.html?_=1659844147875&CODE_STATE=getMsg HTTP/1.1" 200 27
180.169.147.146 - - [07/Aug/2022:11:46:02 +0800] "GET /xingrg/kc/buy/cgsh_order_operate.html?command=get_materiel&rest_code=00147&code=00101008077&supplier_code=00100006&order_time=2022-08-07 HTTP/1.1" 200 416
180.169.147.146 - - [07/Aug/2022:11:46:05 +0800] "GET /xingrg/all/function/internal_message.html?_=1659843964652&CODE_STATE=getMsg HTTP/1.1" 200 27
116.224.123.211 - - [07/Aug/2022:11:46:07 +0800] "GET /xingrg/all/function/internal_message.html?_=1659843967645&CODE_STATE=getMsg HTTP/1.1" 200 27
180.169.147.146 - - [07/Aug/2022:11:46:09 +0800] "GET /xingrg/kc/buy/cgsh_order_operate.html?command=get_materiel&rest_code=00147&code=00101008286&supplier_code=00100006&order_time=2022-08-07 HTTP/1.1" 200 408
124.78.152.102 - - [07/Aug/2022:11:46:14 +0800] "GET /xingrg/kc/buy/cgsh_order_operate.html?command=get_materiel&rest_code=00106&code=00101008351&supplier_code=00100007&order_time=2022-08-07 HTTP/1.1" 200 408
218.81.223.53 - - [07/Aug/2022:11:46:14 +0800] "GET /xingrg/check_reg.html?_=1659843999660 HTTP/1.1" 200 22
180.169.147.146 - - [07/Aug/2022:11:46:15 +0800] "GET /xingrg/kc/buy/cgsh_order_operate.html?command=get_materiel&rest_code=00147&code=00101008131&supplier_code=00100006&order_time=2022-08-07 HTTP/1.1" 200 408
61.165.151.54 - - [07/Aug/2022:11:46:17 +0800] "GET /xingrg/all/function/internal_message.html?_=1659843977903&CODE_STATE=getMsg HTTP/1.1" 200 27
180.169.147.146 - - [07/Aug/2022:11:46:21 +0800] "GET /xingrg/kc/buy/cgsh_order_operate.html?command=get_materiel&rest_code=00147&code=00101008296&supplier_code=00100006&order_time=2022-08-07 HTTP/1.1" 200 416
61.165.151.54 - - [07/Aug/2022:11:46:22 +0800] "GET /xingrg/all/function/internal_message.html?_=1659843857293&CODE_STATE=getMsg HTTP/1.1" 200 27
58.40.7.146 - - [07/Aug/2022:11:46:22 +0800] "GET /xingrg/all/function/internal_message.html?_=1659843981836&CODE_STATE=getMsg HTTP/1.1" 200 27
180.169.147.146 - - [07/Aug/2022:11:46:28 +0800] "GET /xingrg/all/function/internal_message.html?_=1659844106350&CODE_STATE=getMsg HTTP/1.1" 200 27
124.78.152.102 - - [07/Aug/2022:11:46:29 +0800] "GET /xingrg/kc/buy/cgsh_order_operate.html?command=get_materiel&rest_code=00106&code=00101008186&supplier_code=00100007&order_time=2022-08-07 HTTP/1.1" 200 408
124.78.152.102 - - [07/Aug/2022:11:46:32 +0800] "POST /xingrg/kc/buy/cgsh_order_operate.html HTTP/1.1" 200 2065
180.169.147.146 - - [07/Aug/2022:11:46:32 +0800] "GET /xingrg/all/function/internal_message.html?_=1659843990435&CODE_STATE=getMsg HTTP/1.1" 200 27
180.169.147.146 - - [07/Aug/2022:11:46:33 +0800] "GET /xingrg/kc/buy/cgsh_order_operate.html?command=get_materiel&rest_code=00147&code=00101008318&supplier_code=00100006&order_time=2022-08-07 HTTP/1.1" 200 408
114.86.187.244 - - [07/Aug/2022:11:46:34 +0800] "GET /xingrg/all/function/internal_message.html?_=1659843994174&CODE_STATE=getMsg HTTP/1.1" 200 27
180.162.109.37 - - [07/Aug/2022:11:46:34 +0800] "GET /xingrg/check_reg.html?_=1659843175900 HTTP/1.1" 200 22
180.162.109.37 - - [07/Aug/2022:11:46:34 +0800] "GET /xingrg/all/function/internal_message.html?_=1659843175903&CODE_STATE=getMsg HTTP/1.1" 200 27
180.169.147.146 - - [07/Aug/2022:11:46:35 +0800] "GET /xingrg/all/function/internal_message.html?_=1659843995558&CODE_STATE=getMsg HTTP/1.1" 200 27
114.83.219.234 - - [07/Aug/2022:11:46:37 +0800] "GET /xingrg/all/function/internal_message.html?_=1659843995687&CODE_STATE=getMsg HTTP/1.1" 200 27
116.233.76.37 - - [07/Aug/2022:11:46:37 +0800] "GET /xingrg/all/function/internal_message.html?_=1659843997523&CODE_STATE=getMsg HTTP/1.1" 200 27
172.20.0.100 - - [07/Aug/2022:11:46:38 +0800] "GET /xingrg/check_reg.html?_=1659843997380 HTTP/1.1" 200 22
172.20.0.100 - - [07/Aug/2022:11:46:38 +0800] "GET /xingrg/all/function/internal_message.html?_=1659843997382&CODE_STATE=getMsg HTTP/1.1" 200 27
124.78.152.102 - - [07/Aug/2022:11:46:41 +0800] "GET /xingrg/kc/buy/cgsh_order_operate.html?command=get_materiel&rest_code=00106&code=00101008224&supplier_code=00100007&order_time=2022-08-07 HTTP/1.1" 200 416
180.169.147.146 - - [07/Aug/2022:11:46:41 +0800] "GET /xingrg/kc/buy/cgsh_order_operate.html?command=get_materiel&rest_code=00147&code=00101008353&supplier_code=00100006&order_time=2022-08-07 HTTP/1.1" 200 408
180.169.147.146 - - [07/Aug/2022:11:46:41 +0800] "GET /xingrg/all/function/internal_message.html?_=1659843995499&CODE_STATE=getMsg HTTP/1.1" 200 27
116.224.123.211 - - [07/Aug/2022:11:46:48 +0800] "GET /xingrg/all/function/internal_message.html?_=1659844006946&CODE_STATE=getMsg HTTP/1.1" 200 27
61.165.151.54 - - [07/Aug/2022:11:46:50 +0800] "GET /favicon.ico HTTP/1.1" 404 -
61.165.151.54 - - [07/Aug/2022:11:46:51 +0800] "GET /favicon.ico HTTP/1.1" 404 -
61.165.151.54 - - [07/Aug/2022:11:46:52 +0800] "GET /favicon.ico HTTP/1.1" 404 -
61.165.151.54 - - [07/Aug/2022:11:46:52 +0800] "GET /favicon.ico HTTP/1.1" 404 -
180.169.147.146 - - [07/Aug/2022:11:46:52 +0800] "GET /xingrg/kc/buy/cgsh_order_operate.html?command=get_materiel&rest_code=00147&code=00101008185&supplier_code=00100006&order_time=2022-08-07 HTTP/1.1" 200 408
61.165.151.54 - - [07/Aug/2022:11:46:53 +0800] "GET /favicon.ico HTTP/1.1" 404 -
61.165.151.54 - - [07/Aug/2022:11:46:53 +0800] "GET /favicon.ico HTTP/1.1" 404 -
222.69.129.110 - - [07/Aug/2022:11:46:54 +0800] "GET /xingrg/all/function/internal_message.html?_=1659844072939&CODE_STATE=getMsg HTTP/1.1" 200 27
61.165.151.54 - - [07/Aug/2022:11:46:54 +0800] "GET /favicon.ico HTTP/1.1" 404 -
61.165.151.54 - - [07/Aug/2022:11:46:55 +0800] "GET /favicon.ico HTTP/1.1" 404 -
124.78.152.102 - - [07/Aug/2022:11:46:55 +0800] "GET /xingrg/kc/buy/cgsh_order_operate.html?command=get_materiel&rest_code=00106&code=00101008370&supplier_code=00100007&order_time=2022-08-07 HTTP/1.1" 200 412
61.165.151.54 - - [07/Aug/2022:11:46:55 +0800] "GET /favicon.ico HTTP/1.1" 404 -
61.165.151.54 - - [07/Aug/2022:11:46:56 +0800] "GET /favicon.ico HTTP/1.1" 404 -
61.165.151.54 - - [07/Aug/2022:11:46:56 +0800] "GET /favicon.ico HTTP/1.1" 404 -
61.165.151.54 - - [07/Aug/2022:11:46:57 +0800] "GET /favicon.ico HTTP/1.1" 404 -
61.165.151.54 - - [07/Aug/2022:11:46:58 +0800] "GET /favicon.ico HTTP/1.1" 404 -
116.232.194.65 - - [07/Aug/2022:11:46:59 +0800] "GET /xingrg/all/function/internal_message.html?_=1659844011376&CODE_STATE=getMsg HTTP/1.1" 200 27
116.235.94.65 - - [07/Aug/2022:11:47:00 +0800] "GET /xingrg/all/function/internal_message.html?_=1659844207874&CODE_STATE=getMsg HTTP/1.1" 200 27
116.235.94.65 - - [07/Aug/2022:11:47:01 +0800] "GET /xingrg/check_reg.html?_=1659844207875 HTTP/1.1" 200 22
180.169.147.146 - - [07/Aug/2022:11:47:04 +0800] "GET /xingrg/kc/buy/cgsh_order_operate.html?command=get_materiel&rest_code=00147&code=00101008265&supplier_code=00100006&order_time=2022-08-07 HTTP/1.1" 200 409
180.169.147.146 - - [07/Aug/2022:11:47:05 +0800] "GET /xingrg/all/function/internal_message.html?_=1659844024645&CODE_STATE=getMsg HTTP/1.1" 200 27
116.224.123.211 - - [07/Aug/2022:11:47:07 +0800] "GET /xingrg/all/function/internal_message.html?_=1659844027632&CODE_STATE=getMsg HTTP/1.1" 200 27
180.169.147.146 - - [07/Aug/2022:11:47:13 +0800] "GET /xingrg/kc/buy/cgsh_order_operate.html?command=get_materiel&rest_code=00147&code=00101008229&supplier_code=00100006&order_time=2022-08-07 HTTP/1.1" 200 420
61.165.151.54 - - [07/Aug/2022:11:47:22 +0800] "GET /xingrg/all/function/internal_message.html?_=1659843917294&CODE_STATE=getMsg HTTP/1.1" 200 27
58.40.7.146 - - [07/Aug/2022:11:47:22 +0800] "GET /xingrg/all/function/internal_message.html?_=1659844041823&CODE_STATE=getMsg HTTP/1.1" 200 27
180.169.147.146 - - [07/Aug/2022:11:47:28 +0800] "GET /xingrg/all/function/internal_message.html?_=1659844166350&CODE_STATE=getMsg HTTP/1.1" 200 27
180.169.147.146 - - [07/Aug/2022:11:47:32 +0800] "GET /xingrg/all/function/internal_message.html?_=1659844050438&CODE_STATE=getMsg HTTP/1.1" 200 27
114.86.187.244 - - [07/Aug/2022:11:47:34 +0800] "GET /xingrg/all/function/internal_message.html?_=1659844054202&CODE_STATE=getMsg HTTP/1.1" 200 27
180.162.109.37 - - [07/Aug/2022:11:47:34 +0800] "GET /xingrg/all/function/internal_message.html?_=1659843235912&CODE_STATE=getMsg HTTP/1.1" 200 27
180.169.147.146 - - [07/Aug/2022:11:47:35 +0800] "GET /xingrg/all/function/internal_message.html?_=1659844055559&CODE_STATE=getMsg HTTP/1.1" 200 27
114.83.219.234 - - [07/Aug/2022:11:47:37 +0800] "GET /xingrg/all/function/internal_message.html?_=1659844055659&CODE_STATE=getMsg HTTP/1.1" 200 27
116.233.76.37 - - [07/Aug/2022:11:47:37 +0800] "GET /xingrg/all/function/internal_message.html?_=1659844057525&CODE_STATE=getMsg HTTP/1.1" 200 27
116.233.76.37 - - [07/Aug/2022:11:47:38 +0800] "GET /xingrg/check_reg.html?_=1659844057526 HTTP/1.1" 200 22
172.20.0.100 - - [07/Aug/2022:11:47:38 +0800] "GET /xingrg/all/function/internal_message.html?_=1659844057382&CODE_STATE=getMsg HTTP/1.1" 200 27
124.78.152.102 - - [07/Aug/2022:11:47:39 +0800] "GET /xingrg/kc/buy/cgsh_order_operate.html?command=get_materiel&rest_code=00106&code=00101008296&supplier_code=00100007&order_time=2022-08-07 HTTP/1.1" 200 416
180.169.147.146 - - [07/Aug/2022:11:47:41 +0800] "GET /xingrg/all/function/internal_message.html?_=1659844055481&CODE_STATE=getMsg HTTP/1.1" 200 27
124.78.152.102 - - [07/Aug/2022:11:47:44 +0800] "POST /xingrg/kc/buy/cgsh_order_operate.html HTTP/1.1" 200 2065
116.224.123.211 - - [07/Aug/2022:11:47:48 +0800] "GET /xingrg/all/function/internal_message.html?_=1659844066936&CODE_STATE=getMsg HTTP/1.1" 200 27
116.224.123.211 - - [07/Aug/2022:11:47:48 +0800] "GET /xingrg/check_reg.html?_=1659844067062 HTTP/1.1" 200 22
222.69.129.110 - - [07/Aug/2022:11:47:54 +0800] "GET /xingrg/check_reg.html?_=1659844132924 HTTP/1.1" 200 22
222.69.129.110 - - [07/Aug/2022:11:47:54 +0800] "GET /xingrg/all/function/internal_message.html?_=1659844132926&CODE_STATE=getMsg HTTP/1.1" 200 27
124.78.152.102 - - [07/Aug/2022:11:47:54 +0800] "GET /xingrg/kc/buy/cgsh_order_operate.html?command=get_materiel&rest_code=00106&code=00101008213&supplier_code=00100007&order_time=2022-08-07 HTTP/1.1" 200 412
116.232.194.65 - - [07/Aug/2022:11:47:59 +0800] "GET /xingrg/all/function/internal_message.html?_=1659844071383&CODE_STATE=getMsg HTTP/1.1" 200 27
116.235.94.65 - - [07/Aug/2022:11:48:00 +0800] "GET /xingrg/all/function/internal_message.html?_=1659844267873&CODE_STATE=getMsg HTTP/1.1" 200 27
180.169.147.146 - - [07/Aug/2022:11:48:02 +0800] "GET /xingrg/kc/buy/cgsh_order_operate.html?command=get_materiel&rest_code=00147&code=00101013175&supplier_code=00100006&order_time=2022-08-07 HTTP/1.1" 200 413
124.78.152.102 - - [07/Aug/2022:11:48:03 +0800] "GET /xingrg/check_reg.html?_=1659844083596 HTTP/1.1" 200 22
180.169.147.146 - - [07/Aug/2022:11:48:05 +0800] "GET /xingrg/all/function/internal_message.html?_=1659844084645&CODE_STATE=getMsg HTTP/1.1" 200 27
116.224.123.211 - - [07/Aug/2022:11:48:07 +0800] "GET /xingrg/all/function/internal_message.html?_=1659844087633&CODE_STATE=getMsg HTTP/1.1" 200 27
180.169.147.146 - - [07/Aug/2022:11:48:10 +0800] "GET /xingrg/kc/buy/cgsh_order_operate.html?command=get_materiel&rest_code=00147&code=00101008349&supplier_code=00100006&order_time=2022-08-07 HTTP/1.1" 200 412
124.78.152.102 - - [07/Aug/2022:11:48:11 +0800] "GET /xingrg/kc/buy/cgsh_order_operate.html?command=get_materiel&rest_code=00106&code=00101008403&supplier_code=00100007&order_time=2022-08-07 HTTP/1.1" 200 412
180.169.147.146 - - [07/Aug/2022:11:48:21 +0800] "GET /xingrg/kc/buy/cgsh_order_operate.html?command=get_materiel&rest_code=00147&code=00101008350&supplier_code=00100006&order_time=2022-08-07 HTTP/1.1" 200 408
61.165.151.54 - - [07/Aug/2022:11:48:22 +0800] "GET /xingrg/all/function/internal_message.html?_=1659843977295&CODE_STATE=getMsg HTTP/1.1" 200 27
58.40.7.146 - - [07/Aug/2022:11:48:22 +0800] "GET /xingrg/all/function/internal_message.html?_=1659844101824&CODE_STATE=getMsg HTTP/1.1" 200 27
180.169.147.146 - - [07/Aug/2022:11:48:28 +0800] "GET /xingrg/all/function/internal_message.html?_=1659844226344&CODE_STATE=getMsg HTTP/1.1" 200 27
180.169.147.146 - - [07/Aug/2022:11:48:29 +0800] "GET /xingrg/kc/buy/cgsh_order_operate.html?command=get_materiel&rest_code=00147&code=00101008141&supplier_code=00100006&order_time=2022-08-07 HTTP/1.1" 200 412
180.169.147.146 - - [07/Aug/2022:11:48:31 +0800] "POST /xingrg/kc/buy/cgsh_order_operate.html HTTP/1.1" 200 2065
180.169.147.146 - - [07/Aug/2022:11:48:32 +0800] "GET /xingrg/all/function/internal_message.html?_=1659844110424&CODE_STATE=getMsg HTTP/1.1" 200 27
114.86.187.244 - - [07/Aug/2022:11:48:34 +0800] "GET /xingrg/all/function/internal_message.html?_=1659844114188&CODE_STATE=getMsg HTTP/1.1" 200 27
180.162.109.37 - - [07/Aug/2022:11:48:34 +0800] "GET /xingrg/all/function/internal_message.html?_=1659843295897&CODE_STATE=getMsg HTTP/1.1" 200 27
180.169.147.146 - - [07/Aug/2022:11:48:35 +0800] "GET /xingrg/kc/buy/cgsh_order_operate.html?command=get_materiel&rest_code=00147&code=00101008126&supplier_code=00100006&order_time=2022-08-07 HTTP/1.1" 200 412
180.169.147.146 - - [07/Aug/2022:11:48:35 +0800] "GET /xingrg/all/function/internal_message.html?_=1659844115560&CODE_STATE=getMsg HTTP/1.1" 200 27
114.83.219.234 - - [07/Aug/2022:11:48:36 +0800] "GET /xingrg/check_reg.html?_=1659844114522 HTTP/1.1" 200 22
114.83.219.234 - - [07/Aug/2022:11:48:37 +0800] "GET /xingrg/all/function/internal_message.html?_=1659844115632&CODE_STATE=getMsg HTTP/1.1" 200 27
116.233.76.37 - - [07/Aug/2022:11:48:37 +0800] "GET /xingrg/all/function/internal_message.html?_=1659844117528&CODE_STATE=getMsg HTTP/1.1" 200 27
172.20.0.100 - - [07/Aug/2022:11:48:38 +0800] "GET /xingrg/all/function/internal_message.html?_=1659844117369&CODE_STATE=getMsg HTTP/1.1" 200 27
180.169.147.146 - - [07/Aug/2022:11:48:41 +0800] "GET /xingrg/all/function/internal_message.html?_=1659844115464&CODE_STATE=getMsg HTTP/1.1" 200 27
180.169.147.146 - - [07/Aug/2022:11:48:43 +0800] "GET /xingrg/kc/buy/cgsh_order_operate.html?command=get_materiel&rest_code=00147&code=00101008087&supplier_code=00100006&order_time=2022-08-07 HTTP/1.1" 200 412
114.88.158.224 - - [07/Aug/2022:11:48:46 +0800] "GET /xingrg/check_reg.html?_=1659843804455 HTTP/1.1" 200 22
116.224.123.211 - - [07/Aug/2022:11:48:48 +0800] "GET /xingrg/all/function/internal_message.html?_=1659844126920&CODE_STATE=getMsg HTTP/1.1" 200 27
222.69.129.110 - - [07/Aug/2022:11:48:54 +0800] "GET /xingrg/all/function/internal_message.html?_=1659844192936&CODE_STATE=getMsg HTTP/1.1" 200 27
116.232.194.65 - - [07/Aug/2022:11:48:59 +0800] "GET /xingrg/all/function/internal_message.html?_=1659844131401&CODE_STATE=getMsg HTTP/1.1" 200 27
180.169.147.146 - - [07/Aug/2022:11:49:00 +0800] "GET /xingrg/kc/buy/cgsh_order_operate.html?command=get_materiel&rest_code=00147&code=00101008049&supplier_code=00100006&order_time=2022-08-07 HTTP/1.1" 200 408
116.235.94.65 - - [07/Aug/2022:11:49:00 +0800] "GET /xingrg/all/function/internal_message.html?_=1659844327870&CODE_STATE=getMsg HTTP/1.1" 200 27
180.169.147.146 - - [07/Aug/2022:11:49:05 +0800] "GET /xingrg/all/function/internal_message.html?_=1659844144645&CODE_STATE=getMsg HTTP/1.1" 200 27
124.78.152.102 - - [07/Aug/2022:11:49:06 +0800] "POST /xingrg/kc/buy/cgsh_order_operate.html HTTP/1.1" 200 2065
116.224.123.211 - - [07/Aug/2022:11:49:07 +0800] "GET /xingrg/all/function/internal_message.html?_=1659844147634&CODE_STATE=getMsg HTTP/1.1" 200 27
180.169.147.146 - - [07/Aug/2022:11:49:11 +0800] "GET /xingrg/kc/buy/cgsh_order_operate.html?command=get_materiel&rest_code=00147&code=00101008402&supplier_code=00100006&order_time=2022-08-07 HTTP/1.1" 200 410
180.169.147.146 - - [07/Aug/2022:11:49:14 +0800] "POST /xingrg/kc/buy/cgsh_order_operate.html HTTP/1.1" 200 2065
124.78.152.102 - - [07/Aug/2022:11:49:20 +0800] "GET /xingrg/kc/buy/cgsh_order_operate.html?command=get_materiel&rest_code=00106&code=00101008223&supplier_code=00100007&order_time=2022-08-07 HTTP/1.1" 200 412
61.165.151.54 - - [07/Aug/2022:11:49:22 +0800] "GET /xingrg/check_reg.html?_=1659844037295 HTTP/1.1" 200 22
61.165.151.54 - - [07/Aug/2022:11:49:22 +0800] "GET /xingrg/all/function/internal_message.html?_=1659844037298&CODE_STATE=getMsg HTTP/1.1" 200 27
58.40.7.146 - - [07/Aug/2022:11:49:22 +0800] "GET /xingrg/all/function/internal_message.html?_=1659844161828&CODE_STATE=getMsg HTTP/1.1" 200 27
180.169.147.146 - - [07/Aug/2022:11:49:28 +0800] "GET /xingrg/all/function/internal_message.html?_=1659844286351&CODE_STATE=getMsg HTTP/1.1" 200 27
180.169.147.146 - - [07/Aug/2022:11:49:29 +0800] "GET /xingrg/kc/buy/cgsh_order_operate.html?command=get_materiel&rest_code=00147&code=00101008114&supplier_code=00100006&order_time=2022-08-07 HTTP/1.1" 200 412
180.169.147.146 - - [07/Aug/2022:11:49:32 +0800] "GET /xingrg/all/function/internal_message.html?_=1659844170428&CODE_STATE=getMsg HTTP/1.1" 200 27
114.86.187.244 - - [07/Aug/2022:11:49:34 +0800] "GET /xingrg/all/function/internal_message.html?_=1659844174192&CODE_STATE=getMsg HTTP/1.1" 200 27
114.86.187.244 - - [07/Aug/2022:11:49:34 +0800] "GET /xingrg/check_reg.html?_=1659844174195 HTTP/1.1" 200 22
180.162.109.37 - - [07/Aug/2022:11:49:34 +0800] "GET /xingrg/all/function/internal_message.html?_=1659843355910&CODE_STATE=getMsg HTTP/1.1" 200 27
180.169.147.146 - - [07/Aug/2022:11:49:35 +0800] "GET /xingrg/all/function/internal_message.html?_=1659844175559&CODE_STATE=getMsg HTTP/1.1" 200 27
180.169.147.146 - - [07/Aug/2022:11:49:35 +0800] "GET /xingrg/check_reg.html?_=1659844175562 HTTP/1.1" 200 22
114.83.219.234 - - [07/Aug/2022:11:49:37 +0800] "GET /xingrg/all/function/internal_message.html?_=1659844175602&CODE_STATE=getMsg HTTP/1.1" 200 27
116.233.76.37 - - [07/Aug/2022:11:49:37 +0800] "GET /xingrg/all/function/internal_message.html?_=1659844177530&CODE_STATE=getMsg HTTP/1.1" 200 27
172.20.0.100 - - [07/Aug/2022:11:49:38 +0800] "GET /xingrg/all/function/internal_message.html?_=1659844177372&CODE_STATE=getMsg HTTP/1.1" 200 27
180.169.147.146 - - [07/Aug/2022:11:49:39 +0800] "GET /xingrg/kc/buy/cgsh_order_operate.html?command=get_materiel&rest_code=00147&code=00101008175&supplier_code=00100006&order_time=2022-08-07 HTTP/1.1" 200 413
180.169.147.146 - - [07/Aug/2022:11:49:41 +0800] "GET /xingrg/all/function/internal_message.html?_=1659844175429&CODE_STATE=getMsg HTTP/1.1" 200 27
116.224.123.211 - - [07/Aug/2022:11:49:48 +0800] "GET /xingrg/all/function/internal_message.html?_=1659844186908&CODE_STATE=getMsg HTTP/1.1" 200 27
180.169.147.146 - - [07/Aug/2022:11:49:48 +0800] "GET /xingrg/kc/buy/cgsh_order_operate.html?command=get_materiel&rest_code=00147&code=00101008036&supplier_code=00100006&order_time=2022-08-07 HTTP/1.1" 200 408
222.69.129.110 - - [07/Aug/2022:11:49:54 +0800] "GET /xingrg/all/function/internal_message.html?_=1659844252932&CODE_STATE=getMsg HTTP/1.1" 200 27
124.78.152.102 - - [07/Aug/2022:11:49:54 +0800] "GET /xingrg/kc/buy/cgsh_order_operate.html?command=get_materiel&rest_code=00106&code=00101008036&supplier_code=00100007&order_time=2022-08-07 HTTP/1.1" 200 408
116.232.194.65 - - [07/Aug/2022:11:49:59 +0800] "GET /xingrg/check_reg.html?_=1659844191397 HTTP/1.1" 200 22
116.232.194.65 - - [07/Aug/2022:11:49:59 +0800] "GET /xingrg/all/function/internal_message.html?_=1659844191398&CODE_STATE=getMsg HTTP/1.1" 200 27
180.169.147.146 - - [07/Aug/2022:11:50:00 +0800] "POST /xingrg/kc/buy/cgsh_order_operate.html HTTP/1.1" 200 37
116.235.94.65 - - [07/Aug/2022:11:50:01 +0800] "GET /xingrg/all/function/internal_message.html?_=1659844387885&CODE_STATE=getMsg HTTP/1.1" 200 27
180.169.147.146 - - [07/Aug/2022:11:50:03 +0800] "POST /xingrg/kc/buy/cgsh_order_operate.html HTTP/1.1" 200 18641
180.169.147.146 - - [07/Aug/2022:11:50:03 +0800] "GET /xingrg/kc/print/load_data.html?order_code=212022080702065&kc_code=cgsh&condition= HTTP/1.1" 200 6737
180.169.147.146 - - [07/Aug/2022:11:50:05 +0800] "GET /xingrg/all/function/internal_message.html?_=1659844204648&CODE_STATE=getMsg HTTP/1.1" 200 27
180.169.147.146 - - [07/Aug/2022:11:50:05 +0800] "GET /xingrg/check_reg.html?_=1659844204652 HTTP/1.1" 200 22
116.224.123.211 - - [07/Aug/2022:11:50:07 +0800] "GET /xingrg/check_reg.html?_=1659844207634 HTTP/1.1" 200 22
116.224.123.211 - - [07/Aug/2022:11:50:07 +0800] "GET /xingrg/all/function/internal_message.html?_=1659844207638&CODE_STATE=getMsg HTTP/1.1" 200 27
124.78.152.102 - - [07/Aug/2022:11:50:09 +0800] "GET /xingrg/kc/buy/cgsh_order_operate.html?command=get_materiel&rest_code=00106&code=00101008236&supplier_code=00100007&order_time=2022-08-07 HTTP/1.1" 200 416
116.224.123.211 - - [07/Aug/2022:11:50:18 +0800] "GET /xingrg/kc/buy/cgsh_order_list.html HTTP/1.1" 200 52503
116.224.123.211 - - [07/Aug/2022:11:50:19 +0800] "POST /xingrg/kc/buy/cgsh_list_operate.html HTTP/1.1" 200 693
116.224.123.211 - - [07/Aug/2022:11:50:19 +0800] "GET /xingrg/kc/buy/cgsh_order_add.html HTTP/1.1" 200 68326
116.224.123.211 - - [07/Aug/2022:11:50:20 +0800] "POST /xingrg/kc/buy/cgsh_order_operate.html HTTP/1.1" 200 8245
116.224.123.211 - - [07/Aug/2022:11:50:20 +0800] "GET /xingrg/javascript/easyui/themes/default/validatebox.css HTTP/1.1" 404 1104
61.165.151.54 - - [07/Aug/2022:11:50:22 +0800] "GET /xingrg/all/function/internal_message.html?_=1659844097283&CODE_STATE=getMsg HTTP/1.1" 200 27
58.40.7.146 - - [07/Aug/2022:11:50:22 +0800] "GET /xingrg/all/function/internal_message.html?_=1659844221830&CODE_STATE=getMsg HTTP/1.1" 200 27
58.40.7.146 - - [07/Aug/2022:11:50:22 +0800] "GET /xingrg/check_reg.html?_=1659844221833 HTTP/1.1" 200 22
124.78.152.102 - - [07/Aug/2022:11:50:25 +0800] "GET /xingrg/kc/buy/cgsh_order_operate.html?command=get_materiel&rest_code=00106&code=00101008095&supplier_code=00100007&order_time=2022-08-07 HTTP/1.1" 200 412
116.224.255.128 - - [07/Aug/2022:11:50:26 +0800] "GET /xingrg/check_reg.html?_=1659844224052 HTTP/1.1" 200 22
124.78.152.102 - - [07/Aug/2022:11:50:27 +0800] "POST /xingrg/kc/buy/cgsh_order_operate.html HTTP/1.1" 200 2065
180.169.147.146 - - [07/Aug/2022:11:50:28 +0800] "GET /xingrg/check_reg.html?_=1659844346347 HTTP/1.1" 200 22
180.169.147.146 - - [07/Aug/2022:11:50:28 +0800] "GET /xingrg/all/function/internal_message.html?_=1659844346350&CODE_STATE=getMsg HTTP/1.1" 200 27
180.169.147.146 - - [07/Aug/2022:11:50:32 +0800] "GET /xingrg/all/function/internal_message.html?_=1659844230431&CODE_STATE=getMsg HTTP/1.1" 200 27
180.169.147.146 - - [07/Aug/2022:11:50:32 +0800] "GET /xingrg/check_reg.html?_=1659844230433 HTTP/1.1" 200 22
114.86.187.244 - - [07/Aug/2022:11:50:34 +0800] "GET /xingrg/all/function/internal_message.html?_=1659844234196&CODE_STATE=getMsg HTTP/1.1" 200 27
180.162.109.37 - - [07/Aug/2022:11:50:34 +0800] "GET /xingrg/all/function/internal_message.html?_=1659843415894&CODE_STATE=getMsg HTTP/1.1" 200 27
180.169.147.146 - - [07/Aug/2022:11:50:35 +0800] "GET /xingrg/all/function/internal_message.html?_=1659844235562&CODE_STATE=getMsg HTTP/1.1" 200 27
114.83.219.234 - - [07/Aug/2022:11:50:37 +0800] "GET /xingrg/all/function/internal_message.html?_=1659844235587&CODE_STATE=getMsg HTTP/1.1" 200 27
116.233.76.37 - - [07/Aug/2022:11:50:37 +0800] "GET /xingrg/all/function/internal_message.html?_=1659844237532&CODE_STATE=getMsg HTTP/1.1" 200 27
172.20.0.100 - - [07/Aug/2022:11:50:38 +0800] "GET /xingrg/all/function/internal_message.html?_=1659844237374&CODE_STATE=getMsg HTTP/1.1" 200 27
120.253.135.82 - - [07/Aug/2022:11:50:39 +0800] "GET /xingrg/check_reg.html?_=1659844046047 HTTP/1.1" 200 22
180.169.147.146 - - [07/Aug/2022:11:50:41 +0800] "GET /xingrg/check_reg.html?_=1659844235113 HTTP/1.1" 200 22
180.169.147.146 - - [07/Aug/2022:11:50:41 +0800] "GET /xingrg/all/function/internal_message.html?_=1659844235411&CODE_STATE=getMsg HTTP/1.1" 200 27
124.78.152.102 - - [07/Aug/2022:11:50:47 +0800] "GET /xingrg/kc/buy/cgsh_order_operate.html?command=get_materiel&rest_code=00106&code=00101008041&supplier_code=00100007&order_time=2022-08-07 HTTP/1.1" 200 408
116.224.123.211 - - [07/Aug/2022:11:50:48 +0800] "GET /xingrg/all/function/internal_message.html?_=1659844246894&CODE_STATE=getMsg HTTP/1.1" 200 27
222.69.129.110 - - [07/Aug/2022:11:50:54 +0800] "GET /xingrg/all/function/internal_message.html?_=1659844312940&CODE_STATE=getMsg HTTP/1.1" 200 27
116.232.194.65 - - [07/Aug/2022:11:50:59 +0800] "GET /xingrg/all/function/internal_message.html?_=1659844251391&CODE_STATE=getMsg HTTP/1.1" 200 27
116.235.94.65 - - [07/Aug/2022:11:51:01 +0800] "GET /xingrg/all/function/internal_message.html?_=1659844447884&CODE_STATE=getMsg HTTP/1.1" 200 27
124.78.152.102 - - [07/Aug/2022:11:51:01 +0800] "GET /xingrg/kc/buy/cgsh_order_operate.html?command=get_materiel&rest_code=00106&code=00101008061&supplier_code=00100007&order_time=2022-08-07 HTTP/1.1" 200 422
180.169.147.146 - - [07/Aug/2022:11:51:05 +0800] "GET /xingrg/all/function/internal_message.html?_=1659844264650&CODE_STATE=getMsg HTTP/1.1" 200 27
116.224.123.211 - - [07/Aug/2022:11:51:07 +0800] "GET /xingrg/all/function/internal_message.html?_=1659844267642&CODE_STATE=getMsg HTTP/1.1" 200 27
218.81.223.53 - - [07/Aug/2022:11:51:14 +0800] "GET /xingrg/check_reg.html?_=1659844299669 HTTP/1.1" 200 22
124.78.152.102 - - [07/Aug/2022:11:51:17 +0800] "GET /xingrg/kc/buy/cgsh_order_operate.html?command=get_materiel&rest_code=00106&code=00101008168&supplier_code=00100007&order_time=2022-08-07 HTTP/1.1" 200 413
61.165.151.54 - - [07/Aug/2022:11:51:22 +0800] "GET /xingrg/all/function/internal_message.html?_=1659844157284&CODE_STATE=getMsg HTTP/1.1" 200 27
58.40.7.146 - - [07/Aug/2022:11:51:22 +0800] "GET /xingrg/all/function/internal_message.html?_=1659844281835&CODE_STATE=getMsg HTTP/1.1" 200 27
180.169.147.146 - - [07/Aug/2022:11:51:28 +0800] "GET /xingrg/all/function/internal_message.html?_=1659844406341&CODE_STATE=getMsg HTTP/1.1" 200 27
180.169.147.146 - - [07/Aug/2022:11:51:32 +0800] "GET /xingrg/all/function/internal_message.html?_=1659844290434&CODE_STATE=getMsg HTTP/1.1" 200 27
114.86.187.244 - - [07/Aug/2022:11:51:34 +0800] "GET /xingrg/all/function/internal_message.html?_=1659844294196&CODE_STATE=getMsg HTTP/1.1" 200 27
180.162.109.37 - - [07/Aug/2022:11:51:34 +0800] "GET /xingrg/check_reg.html?_=1659843475910 HTTP/1.1" 200 22
180.162.109.37 - - [07/Aug/2022:11:51:34 +0800] "GET /xingrg/all/function/internal_message.html?_=1659843475908&CODE_STATE=getMsg HTTP/1.1" 200 27
180.169.147.146 - - [07/Aug/2022:11:51:35 +0800] "GET /xingrg/all/function/internal_message.html?_=1659844295562&CODE_STATE=getMsg HTTP/1.1" 200 27
114.83.219.234 - - [07/Aug/2022:11:51:37 +0800] "GET /xingrg/all/function/internal_message.html?_=1659844295582&CODE_STATE=getMsg HTTP/1.1" 200 27
116.233.76.37 - - [07/Aug/2022:11:51:37 +0800] "GET /xingrg/all/function/internal_message.html?_=1659844297535&CODE_STATE=getMsg HTTP/1.1" 200 27
172.20.0.100 - - [07/Aug/2022:11:51:38 +0800] "GET /xingrg/all/function/internal_message.html?_=1659844297379&CODE_STATE=getMsg HTTP/1.1" 200 27
172.20.0.100 - - [07/Aug/2022:11:51:38 +0800] "GET /xingrg/check_reg.html?_=1659844297381 HTTP/1.1" 200 22
180.169.147.146 - - [07/Aug/2022:11:51:41 +0800] "GET /xingrg/all/function/internal_message.html?_=1659844295382&CODE_STATE=getMsg HTTP/1.1" 200 27
116.224.123.211 - - [07/Aug/2022:11:51:47 +0800] "GET /xingrg/javascript/auto/indicator.gif HTTP/1.1" 404 1066
116.224.123.211 - - [07/Aug/2022:11:51:48 +0800] "GET /xingrg/all/function/internal_message.html?_=1659844306894&CODE_STATE=getMsg HTTP/1.1" 200 27
116.224.123.211 - - [07/Aug/2022:11:51:48 +0800] "GET /xingrg/javascript/jquery_tools/images/prev.gif HTTP/1.1" 404 1086
116.224.123.211 - - [07/Aug/2022:11:51:48 +0800] "GET /xingrg/javascript/jquery_tools/images/next.gif HTTP/1.1" 404 1086
222.69.129.110 - - [07/Aug/2022:11:51:54 +0800] "GET /xingrg/all/function/internal_message.html?_=1659844372939&CODE_STATE=getMsg HTTP/1.1" 200 27
124.78.152.102 - - [07/Aug/2022:11:51:56 +0800] "POST /xingrg/kc/buy/cgsh_order_operate.html HTTP/1.1" 200 37
116.232.194.65 - - [07/Aug/2022:11:51:59 +0800] "GET /xingrg/all/function/internal_message.html?_=1659844311383&CODE_STATE=getMsg HTTP/1.1" 200 27
116.235.94.65 - - [07/Aug/2022:11:52:01 +0800] "GET /xingrg/check_reg.html?_=1659844507882 HTTP/1.1" 200 22
116.235.94.65 - - [07/Aug/2022:11:52:01 +0800] "GET /xingrg/all/function/internal_message.html?_=1659844507883&CODE_STATE=getMsg HTTP/1.1" 200 27
180.169.147.146 - - [07/Aug/2022:11:52:05 +0800] "GET /xingrg/all/function/internal_message.html?_=1659844324648&CODE_STATE=getMsg HTTP/1.1" 200 27
116.224.123.211 - - [07/Aug/2022:11:52:05 +0800] "GET /xingrg/kc/buy/cgsh_order_operate.html?command=get_materiel&rest_code=00102&code=00101008176&supplier_code=00100008&order_time=2022-08-07 HTTP/1.1" 200 412
116.224.123.211 - - [07/Aug/2022:11:52:07 +0800] "GET /xingrg/all/function/internal_message.html?_=1659844327648&CODE_STATE=getMsg HTTP/1.1" 200 27
124.78.152.102 - - [07/Aug/2022:11:52:09 +0800] "POST /xingrg/kc/buy/cgsh_order_operate.html HTTP/1.1" 200 12
124.78.152.102 - - [07/Aug/2022:11:52:11 +0800] "GET /xingrg/kc/buy/cgsh_order_info.html?code=212022080702066 HTTP/1.1" 200 63182
124.78.152.102 - - [07/Aug/2022:11:52:11 +0800] "GET /xingrg/javascript/easyui/themes/default/validatebox.css HTTP/1.1" 404 1104
124.78.152.102 - - [07/Aug/2022:11:52:12 +0800] "POST /xingrg/kc/buy/cgsh_order_operate.html HTTP/1.1" 200 31346
116.224.123.211 - - [07/Aug/2022:11:52:12 +0800] "GET /xingrg/kc/buy/cgsh_order_operate.html?command=get_materiel&rest_code=00102&code=00101008256&supplier_code=00100008&order_time=2022-08-07 HTTP/1.1" 200 412
124.78.152.102 - - [07/Aug/2022:11:52:14 +0800] "GET /xingrg/kc/print/load_data.html?order_code=212022080702066&kc_code=cgsh&condition= HTTP/1.1" 200 12365
116.224.123.211 - - [07/Aug/2022:11:52:18 +0800] "GET /xingrg/kc/buy/cgsh_order_operate.html?command=get_materiel&rest_code=00102&code=00101008331&supplier_code=00100008&order_time=2022-08-07 HTTP/1.1" 200 416
61.165.151.54 - - [07/Aug/2022:11:52:22 +0800] "GET /xingrg/all/function/internal_message.html?_=1659844217284&CODE_STATE=getMsg HTTP/1.1" 200 27
58.40.7.146 - - [07/Aug/2022:11:52:22 +0800] "GET /xingrg/all/function/internal_message.html?_=1659844341838&CODE_STATE=getMsg HTTP/1.1" 200 27
180.169.147.146 - - [07/Aug/2022:11:52:28 +0800] "GET /xingrg/all/function/internal_message.html?_=1659844466358&CODE_STATE=getMsg HTTP/1.1" 200 27
116.224.123.211 - - [07/Aug/2022:11:52:28 +0800] "GET /xingrg/kc/buy/cgsh_order_operate.html?command=get_materiel&rest_code=00102&code=00101008112&supplier_code=00100008&order_time=2022-08-07 HTTP/1.1" 200 412
180.169.147.146 - - [07/Aug/2022:11:52:32 +0800] "GET /xingrg/all/function/internal_message.html?_=1659844350435&CODE_STATE=getMsg HTTP/1.1" 200 27
114.86.187.244 - - [07/Aug/2022:11:52:34 +0800] "GET /xingrg/all/function/internal_message.html?_=1659844354198&CODE_STATE=getMsg HTTP/1.1" 200 27
180.162.109.37 - - [07/Aug/2022:11:52:34 +0800] "GET /xingrg/all/function/internal_message.html?_=1659843535907&CODE_STATE=getMsg HTTP/1.1" 200 27
180.169.147.146 - - [07/Aug/2022:11:52:35 +0800] "GET /xingrg/all/function/internal_message.html?_=1659844355567&CODE_STATE=getMsg HTTP/1.1" 200 27
114.83.219.234 - - [07/Aug/2022:11:52:37 +0800] "GET /xingrg/all/function/internal_message.html?_=1659844355558&CODE_STATE=getMsg HTTP/1.1" 200 27
116.233.76.37 - - [07/Aug/2022:11:52:37 +0800] "GET /xingrg/all/function/internal_message.html?_=1659844357537&CODE_STATE=getMsg HTTP/1.1" 200 27
116.233.76.37 - - [07/Aug/2022:11:52:38 +0800] "GET /xingrg/check_reg.html?_=1659844357539 HTTP/1.1" 200 22
172.20.0.100 - - [07/Aug/2022:11:52:38 +0800] "GET /xingrg/all/function/internal_message.html?_=1659844357381&CODE_STATE=getMsg HTTP/1.1" 200 27
180.169.147.146 - - [07/Aug/2022:11:52:41 +0800] "GET /xingrg/all/function/internal_message.html?_=1659844355364&CODE_STATE=getMsg HTTP/1.1" 200 27
116.224.123.211 - - [07/Aug/2022:11:52:48 +0800] "GET /xingrg/all/function/internal_message.html?_=1659844366892&CODE_STATE=getMsg HTTP/1.1" 200 27
116.224.123.211 - - [07/Aug/2022:11:52:48 +0800] "GET /xingrg/check_reg.html?_=1659844367049 HTTP/1.1" 200 22
116.224.123.211 - - [07/Aug/2022:11:52:52 +0800] "GET /xingrg/kc/buy/cgsh_order_operate.html?command=get_materiel&rest_code=00102&code=00101008185&supplier_code=00100008&order_time=2022-08-07 HTTP/1.1" 200 408
222.69.129.110 - - [07/Aug/2022:11:52:54 +0800] "GET /xingrg/check_reg.html?_=1659844432939 HTTP/1.1" 200 22
222.69.129.110 - - [07/Aug/2022:11:52:54 +0800] "GET /xingrg/all/function/internal_message.html?_=1659844432943&CODE_STATE=getMsg HTTP/1.1" 200 27
116.232.194.65 - - [07/Aug/2022:11:52:55 +0800] "GET /xingrg/kc/buy/cgsh_order_add.html HTTP/1.1" 200 68291
116.232.194.65 - - [07/Aug/2022:11:52:55 +0800] "GET /xingrg/words/20220806155637_words.js HTTP/1.1" 304 -
116.232.194.65 - - [07/Aug/2022:11:52:55 +0800] "POST /xingrg/kc/buy/cgsh_order_operate.html HTTP/1.1" 200 8245
116.232.194.65 - - [07/Aug/2022:11:52:55 +0800] "GET /xingrg/javascript/easyui/themes/default/validatebox.css HTTP/1.1" 404 1104
116.232.194.65 - - [07/Aug/2022:11:52:59 +0800] "GET /xingrg/all/function/internal_message.html?_=1659844371376&CODE_STATE=getMsg HTTP/1.1" 200 27
116.235.94.65 - - [07/Aug/2022:11:53:01 +0800] "GET /xingrg/all/function/internal_message.html?_=1659844567881&CODE_STATE=getMsg HTTP/1.1" 200 27
124.78.152.102 - - [07/Aug/2022:11:53:03 +0800] "GET /xingrg/check_reg.html?_=1659844383584 HTTP/1.1" 200 22
180.169.147.146 - - [07/Aug/2022:11:53:05 +0800] "GET /xingrg/all/function/internal_message.html?_=1659844384651&CODE_STATE=getMsg HTTP/1.1" 200 27
116.224.123.211 - - [07/Aug/2022:11:53:07 +0800] "GET /xingrg/all/function/internal_message.html?_=1659844387638&CODE_STATE=getMsg HTTP/1.1" 200 27
116.224.123.211 - - [07/Aug/2022:11:53:12 +0800] "GET /xingrg/kc/buy/cgsh_order_operate.html?command=get_materiel&rest_code=00102&code=00101008038&supplier_code=00100008&order_time=2022-08-07 HTTP/1.1" 200 413
116.224.123.211 - - [07/Aug/2022:11:53:18 +0800] "GET /xingrg/kc/buy/cgsh_order_operate.html?command=get_materiel&rest_code=00102&code=00101008283&supplier_code=00100008&order_time=2022-08-07 HTTP/1.1" 200 408
61.165.151.54 - - [07/Aug/2022:11:53:22 +0800] "GET /xingrg/all/function/internal_message.html?_=1659844277285&CODE_STATE=getMsg HTTP/1.1" 200 27
58.40.7.146 - - [07/Aug/2022:11:53:22 +0800] "GET /xingrg/all/function/internal_message.html?_=1659844401826&CODE_STATE=getMsg HTTP/1.1" 200 27
124.78.152.102 - - [07/Aug/2022:11:53:26 +0800] "GET /xingrg/kc/buy/buy_main.html HTTP/1.1" 200 12412
124.78.152.102 - - [07/Aug/2022:11:53:26 +0800] "GET /xingrg/css/new_ie.css HTTP/1.1" 404 1036
116.232.194.65 - - [07/Aug/2022:11:53:28 +0800] "GET /xingrg/kc/buy/cgsh_order_operate.html?command=get_materiel&rest_code=00155&code=00101008565&supplier_code=00100430&order_time=2022-08-07 HTTP/1.1" 200 408
180.169.147.146 - - [07/Aug/2022:11:53:28 +0800] "GET /xingrg/all/function/internal_message.html?_=1659844526347&CODE_STATE=getMsg HTTP/1.1" 200 27
180.169.147.146 - - [07/Aug/2022:11:53:32 +0800] "GET /xingrg/all/function/internal_message.html?_=1659844410437&CODE_STATE=getMsg HTTP/1.1" 200 27
114.86.187.244 - - [07/Aug/2022:11:53:34 +0800] "GET /xingrg/all/function/internal_message.html?_=1659844414201&CODE_STATE=getMsg HTTP/1.1" 200 27
124.78.152.102 - - [07/Aug/2022:11:53:34 +0800] "GET /xingrg/images/yd/bt.gif HTTP/1.1" 404 1040
124.78.152.102 - - [07/Aug/2022:11:53:34 +0800] "GET /xingrg/kc/buy/cgsh_order_list.html HTTP/1.1" 200 52503
180.162.109.37 - - [07/Aug/2022:11:53:34 +0800] "GET /xingrg/all/function/internal_message.html?_=1659843595892&CODE_STATE=getMsg HTTP/1.1" 200 27
116.224.123.211 - - [07/Aug/2022:11:53:35 +0800] "GET /xingrg/kc/buy/cgsh_order_operate.html?command=get_materiel&rest_code=00102&code=00101008163&supplier_code=00100008&order_time=2022-08-07 HTTP/1.1" 200 408
180.169.147.146 - - [07/Aug/2022:11:53:35 +0800] "GET /xingrg/all/function/internal_message.html?_=1659844415567&CODE_STATE=getMsg HTTP/1.1" 200 27
114.83.219.234 - - [07/Aug/2022:11:53:36 +0800] "GET /xingrg/check_reg.html?_=1659844414563 HTTP/1.1" 200 22
124.78.152.102 - - [07/Aug/2022:11:53:37 +0800] "POST /xingrg/kc/buy/cgsh_list_operate.html HTTP/1.1" 200 2681
114.83.219.234 - - [07/Aug/2022:11:53:37 +0800] "GET /xingrg/all/function/internal_message.html?_=1659844415534&CODE_STATE=getMsg HTTP/1.1" 200 27
116.233.76.37 - - [07/Aug/2022:11:53:37 +0800] "GET /xingrg/all/function/internal_message.html?_=1659844417540&CODE_STATE=getMsg HTTP/1.1" 200 27
172.20.0.100 - - [07/Aug/2022:11:53:38 +0800] "GET /xingrg/all/function/internal_message.html?_=1659844417383&CODE_STATE=getMsg HTTP/1.1" 200 27
116.232.194.65 - - [07/Aug/2022:11:53:40 +0800] "GET /xingrg/kc/buy/cgsh_order_operate.html?command=get_materiel&rest_code=00155&code=00101013082&supplier_code=00100430&order_time=2022-08-07 HTTP/1.1" 200 413
124.78.152.102 - - [07/Aug/2022:11:53:41 +0800] "POST /xingrg/kc/buy/cgsh_list_operate.html HTTP/1.1" 200 198
180.169.147.146 - - [07/Aug/2022:11:53:41 +0800] "GET /xingrg/all/function/internal_message.html?_=1659844415348&CODE_STATE=getMsg HTTP/1.1" 200 27
124.78.152.102 - - [07/Aug/2022:11:53:42 +0800] "GET /xingrg/kc/buy/cgsh_order_info.html?code=212022080702062 HTTP/1.1" 200 68286
124.78.152.102 - - [07/Aug/2022:11:53:43 +0800] "GET /xingrg/javascript/easyui/themes/default/validatebox.css HTTP/1.1" 404 1104
124.78.152.102 - - [07/Aug/2022:11:53:43 +0800] "POST /xingrg/kc/buy/cgsh_order_operate.html HTTP/1.1" 200 2650
116.224.123.211 - - [07/Aug/2022:11:53:45 +0800] "GET /xingrg/kc/buy/cgsh_order_operate.html?command=get_materiel&rest_code=00102&code=00101008355&supplier_code=00100008&order_time=2022-08-07 HTTP/1.1" 200 408
116.232.194.65 - - [07/Aug/2022:11:53:45 +0800] "GET /xingrg/kc/buy/cgsh_order_operate.html?command=get_materiel&rest_code=00155&code=00102026001&supplier_code=00100430&order_time=2022-08-07 HTTP/1.1" 200 409
124.78.152.102 - - [07/Aug/2022:11:53:46 +0800] "GET /xingrg/kc/buy/buy_main.html HTTP/1.1" 200 12412
124.78.152.102 - - [07/Aug/2022:11:53:46 +0800] "GET /xingrg/css/new_ie.css HTTP/1.1" 404 1036
114.88.158.224 - - [07/Aug/2022:11:53:46 +0800] "GET /xingrg/check_reg.html?_=1659844104469 HTTP/1.1" 200 22
124.78.152.102 - - [07/Aug/2022:11:53:47 +0800] "GET /xingrg/images/yd/bt.gif HTTP/1.1" 404 1040
124.78.152.102 - - [07/Aug/2022:11:53:47 +0800] "GET /xingrg/kc/buy/cgsh_order_list.html HTTP/1.1" 200 52503
116.224.123.211 - - [07/Aug/2022:11:53:48 +0800] "GET /xingrg/all/function/internal_message.html?_=1659844426874&CODE_STATE=getMsg HTTP/1.1" 200 27
124.78.152.102 - - [07/Aug/2022:11:53:50 +0800] "POST /xingrg/kc/buy/cgsh_list_operate.html HTTP/1.1" 200 2681
116.232.194.65 - - [07/Aug/2022:11:53:53 +0800] "POST /xingrg/kc/buy/cgsh_order_operate.html HTTP/1.1" 200 37
222.69.129.110 - - [07/Aug/2022:11:53:54 +0800] "GET /xingrg/all/function/internal_message.html?_=1659844492933&CODE_STATE=getMsg HTTP/1.1" 200 27
116.232.194.65 - - [07/Aug/2022:11:53:54 +0800] "POST /xingrg/kc/buy/cgsh_order_operate.html HTTP/1.1" 200 3830
116.224.123.211 - - [07/Aug/2022:11:53:55 +0800] "GET /xingrg/kc/buy/cgsh_order_operate.html?command=get_materiel&rest_code=00102&code=00101008264&supplier_code=00100008&order_time=2022-08-07 HTTP/1.1" 200 412
116.232.194.65 - - [07/Aug/2022:11:53:55 +0800] "GET /xingrg/kc/print/load_data.html?order_code=212022080702067&kc_code=cgsh&condition= HTTP/1.1" 200 1100
124.78.152.102 - - [07/Aug/2022:11:53:55 +0800] "POST /xingrg/kc/buy/cgsh_list_operate.html HTTP/1.1" 200 286
116.232.194.65 - - [07/Aug/2022:11:53:58 +0800] "GET /xingrg/kc/buy/cgsh_order_add.html HTTP/1.1" 200 68291
116.232.194.65 - - [07/Aug/2022:11:53:59 +0800] "POST /xingrg/kc/buy/cgsh_order_operate.html HTTP/1.1" 200 8245
116.232.194.65 - - [07/Aug/2022:11:53:59 +0800] "GET /xingrg/javascript/easyui/themes/default/validatebox.css HTTP/1.1" 404 1104
116.232.194.65 - - [07/Aug/2022:11:53:59 +0800] "GET /xingrg/all/function/internal_message.html?_=1659844431391&CODE_STATE=getMsg HTTP/1.1" 200 27
116.235.94.65 - - [07/Aug/2022:11:54:01 +0800] "GET /xingrg/all/function/internal_message.html?_=1659844627880&CODE_STATE=getMsg HTTP/1.1" 200 27
124.78.152.102 - - [07/Aug/2022:11:54:03 +0800] "POST /xingrg/kc/buy/cgsh_list_operate.html HTTP/1.1" 200 198
124.78.152.102 - - [07/Aug/2022:11:54:04 +0800] "GET /xingrg/kc/buy/cgsh_order_info.html?code=212022080702062 HTTP/1.1" 200 68286
124.78.152.102 - - [07/Aug/2022:11:54:05 +0800] "GET /xingrg/javascript/easyui/themes/default/validatebox.css HTTP/1.1" 404 1104
124.78.152.102 - - [07/Aug/2022:11:54:05 +0800] "POST /xingrg/kc/buy/cgsh_order_operate.html HTTP/1.1" 200 2650
180.169.147.146 - - [07/Aug/2022:11:54:05 +0800] "GET /xingrg/all/function/internal_message.html?_=1659844444652&CODE_STATE=getMsg HTTP/1.1" 200 27
116.224.123.211 - - [07/Aug/2022:11:54:07 +0800] "GET /xingrg/all/function/internal_message.html?_=1659844447644&CODE_STATE=getMsg HTTP/1.1" 200 27
116.232.194.65 - - [07/Aug/2022:11:54:08 +0800] "GET /xingrg/kc/buy/cgsh_order_operate.html?command=get_materiel&rest_code=00155&code=00101019844&supplier_code=00100337&order_time=2022-08-07 HTTP/1.1" 200 414
116.224.123.211 - - [07/Aug/2022:11:54:11 +0800] "GET /xingrg/kc/buy/cgsh_order_operate.html?command=get_materiel&rest_code=00102&code=00101008360&supplier_code=00100008&order_time=2022-08-07 HTTP/1.1" 200 412
116.232.194.65 - - [07/Aug/2022:11:54:15 +0800] "POST /xingrg/kc/buy/cgsh_order_operate.html HTTP/1.1" 200 37
116.232.194.65 - - [07/Aug/2022:11:54:16 +0800] "POST /xingrg/kc/buy/cgsh_order_operate.html HTTP/1.1" 200 2657
124.78.152.102 - - [07/Aug/2022:11:54:17 +0800] "POST /xingrg/kc/buy/cgsh_order_operate.html HTTP/1.1" 200 37
116.232.194.65 - - [07/Aug/2022:11:54:17 +0800] "GET /xingrg/kc/print/load_data.html?order_code=212022080702068&kc_code=cgsh&condition= HTTP/1.1" 200 678
124.78.152.102 - - [07/Aug/2022:11:54:20 +0800] "POST /xingrg/kc/buy/cgsh_order_operate.html HTTP/1.1" 200 12
116.232.194.65 - - [07/Aug/2022:11:54:21 +0800] "GET /xingrg/kc/buy/cgsh_order_add.html HTTP/1.1" 200 68291
116.232.194.65 - - [07/Aug/2022:11:54:21 +0800] "POST /xingrg/kc/buy/cgsh_order_operate.html HTTP/1.1" 200 8245
116.232.194.65 - - [07/Aug/2022:11:54:21 +0800] "GET /xingrg/javascript/easyui/themes/default/validatebox.css HTTP/1.1" 404 1104
124.78.152.102 - - [07/Aug/2022:11:54:21 +0800] "GET /xingrg/kc/buy/cgsh_order_info.html?code=212022080702062 HTTP/1.1" 200 63180
124.78.152.102 - - [07/Aug/2022:11:54:21 +0800] "GET /xingrg/javascript/easyui/themes/default/validatebox.css HTTP/1.1" 404 1104
61.165.151.54 - - [07/Aug/2022:11:54:22 +0800] "GET /xingrg/all/function/internal_message.html?_=1659844337287&CODE_STATE=getMsg HTTP/1.1" 200 27
61.165.151.54 - - [07/Aug/2022:11:54:22 +0800] "GET /xingrg/check_reg.html?_=1659844337294 HTTP/1.1" 200 22
124.78.152.102 - - [07/Aug/2022:11:54:22 +0800] "POST /xingrg/kc/buy/cgsh_order_operate.html HTTP/1.1" 200 600
58.40.7.146 - - [07/Aug/2022:11:54:22 +0800] "GET /xingrg/all/function/internal_message.html?_=1659844461829&CODE_STATE=getMsg HTTP/1.1" 200 27
124.78.152.102 - - [07/Aug/2022:11:54:25 +0800] "GET /xingrg/kc/print/load_data.html?order_code=212022080702062&kc_code=cgsh&condition= HTTP/1.1" 200 721
180.169.147.146 - - [07/Aug/2022:11:54:28 +0800] "GET /xingrg/all/function/internal_message.html?_=1659844586349&CODE_STATE=getMsg HTTP/1.1" 200 27
116.232.194.65 - - [07/Aug/2022:11:54:32 +0800] "GET /xingrg/kc/buy/cgsh_order_operate.html?command=get_materiel&rest_code=00155&code=00101008466&supplier_code=00100339&order_time=2022-08-07 HTTP/1.1" 200 414
180.169.147.146 - - [07/Aug/2022:11:54:32 +0800] "GET /xingrg/all/function/internal_message.html?_=1659844470423&CODE_STATE=getMsg HTTP/1.1" 200 27
114.86.187.244 - - [07/Aug/2022:11:54:34 +0800] "GET /xingrg/check_reg.html?_=1659844474207 HTTP/1.1" 200 22
114.86.187.244 - - [07/Aug/2022:11:54:34 +0800] "GET /xingrg/all/function/internal_message.html?_=1659844474209&CODE_STATE=getMsg HTTP/1.1" 200 27
180.162.109.37 - - [07/Aug/2022:11:54:34 +0800] "GET /xingrg/all/function/internal_message.html?_=1659843655905&CODE_STATE=getMsg HTTP/1.1" 200 27
124.78.152.102 - - [07/Aug/2022:11:54:35 +0800] "POST /xingrg/kc/buy/cgsh_list_operate.html HTTP/1.1" 200 2377
180.169.147.146 - - [07/Aug/2022:11:54:35 +0800] "GET /xingrg/check_reg.html?_=1659844475570 HTTP/1.1" 200 22
180.169.147.146 - - [07/Aug/2022:11:54:36 +0800] "GET /xingrg/all/function/internal_message.html?_=1659844475570&CODE_STATE=getMsg HTTP/1.1" 200 27
114.83.219.234 - - [07/Aug/2022:11:54:37 +0800] "GET /xingrg/all/function/internal_message.html?_=1659844475523&CODE_STATE=getMsg HTTP/1.1" 200 27
116.233.76.37 - - [07/Aug/2022:11:54:37 +0800] "GET /xingrg/all/function/internal_message.html?_=1659844477542&CODE_STATE=getMsg HTTP/1.1" 200 27
172.20.0.100 - - [07/Aug/2022:11:54:38 +0800] "GET /xingrg/all/function/internal_message.html?_=1659844477369&CODE_STATE=getMsg HTTP/1.1" 200 27
124.78.152.102 - - [07/Aug/2022:11:54:39 +0800] "POST /xingrg/kc/buy/cgsh_list_operate.html HTTP/1.1" 200 345
124.78.152.102 - - [07/Aug/2022:11:54:40 +0800] "GET /xingrg/kc/buy/cgsh_order_info.html?code=212022080702052 HTTP/1.1" 200 68288
116.232.194.65 - - [07/Aug/2022:11:54:41 +0800] "GET /xingrg/kc/buy/cgsh_order_operate.html?command=get_materiel&rest_code=00155&code=00101010100&supplier_code=00100339&order_time=2022-08-07 HTTP/1.1" 200 409
124.78.152.102 - - [07/Aug/2022:11:54:41 +0800] "GET /xingrg/javascript/easyui/themes/default/validatebox.css HTTP/1.1" 404 1104
180.169.147.146 - - [07/Aug/2022:11:54:41 +0800] "GET /xingrg/all/function/internal_message.html?_=1659844475332&CODE_STATE=getMsg HTTP/1.1" 200 27
124.78.152.102 - - [07/Aug/2022:11:54:41 +0800] "POST /xingrg/kc/buy/cgsh_order_operate.html HTTP/1.1" 200 3835
124.78.152.102 - - [07/Aug/2022:11:54:43 +0800] "POST /xingrg/kc/buy/cgsh_list_operate.html HTTP/1.1" 200 2377
116.232.194.65 - - [07/Aug/2022:11:54:46 +0800] "POST /xingrg/kc/buy/cgsh_order_operate.html HTTP/1.1" 200 37
116.232.194.65 - - [07/Aug/2022:11:54:47 +0800] "POST /xingrg/kc/buy/cgsh_order_operate.html HTTP/1.1" 200 3245
116.224.123.211 - - [07/Aug/2022:11:54:48 +0800] "GET /xingrg/all/function/internal_message.html?_=1659844486863&CODE_STATE=getMsg HTTP/1.1" 200 27
116.232.194.65 - - [07/Aug/2022:11:54:48 +0800] "GET /xingrg/kc/print/load_data.html?order_code=212022080702069&kc_code=cgsh&condition= HTTP/1.1" 200 904
124.78.152.102 - - [07/Aug/2022:11:54:49 +0800] "POST /xingrg/kc/buy/cgsh_order_operate.html HTTP/1.1" 200 37
116.232.194.65 - - [07/Aug/2022:11:54:52 +0800] "GET /xingrg/kc/buy/cgsh_order_add.html HTTP/1.1" 200 68291
116.232.194.65 - - [07/Aug/2022:11:54:52 +0800] "POST /xingrg/kc/buy/cgsh_order_operate.html HTTP/1.1" 200 8245
116.232.194.65 - - [07/Aug/2022:11:54:52 +0800] "GET /xingrg/javascript/easyui/themes/default/validatebox.css HTTP/1.1" 404 1104
124.78.152.102 - - [07/Aug/2022:11:54:52 +0800] "POST /xingrg/kc/buy/cgsh_order_operate.html HTTP/1.1" 200 12
124.78.152.102 - - [07/Aug/2022:11:54:54 +0800] "GET /xingrg/kc/buy/cgsh_order_info.html?code=212022080702052 HTTP/1.1" 200 63182
222.69.129.110 - - [07/Aug/2022:11:54:54 +0800] "GET /xingrg/all/function/internal_message.html?_=1659844552938&CODE_STATE=getMsg HTTP/1.1" 200 27
124.78.152.102 - - [07/Aug/2022:11:54:54 +0800] "GET /xingrg/javascript/easyui/themes/default/validatebox.css HTTP/1.1" 404 1104
124.78.152.102 - - [07/Aug/2022:11:54:55 +0800] "POST /xingrg/kc/buy/cgsh_order_operate.html HTTP/1.1" 200 1785
124.78.152.102 - - [07/Aug/2022:11:54:57 +0800] "GET /xingrg/kc/print/load_data.html?order_code=212022080702052&kc_code=cgsh&condition= HTTP/1.1" 200 1227
116.232.194.65 - - [07/Aug/2022:11:54:58 +0800] "GET /xingrg/kc/buy/cgsh_order_operate.html?command=get_materiel&rest_code=00155&code=00101010108&supplier_code=00100336&order_time=2022-08-07 HTTP/1.1" 200 421
116.232.194.65 - - [07/Aug/2022:11:54:59 +0800] "GET /xingrg/all/function/internal_message.html?_=1659844491383&CODE_STATE=getMsg HTTP/1.1" 200 27
116.232.194.65 - - [07/Aug/2022:11:54:59 +0800] "GET /xingrg/check_reg.html?_=1659844491384 HTTP/1.1" 200 22
116.235.94.65 - - [07/Aug/2022:11:55:01 +0800] "GET /xingrg/all/function/internal_message.html?_=1659844687880&CODE_STATE=getMsg HTTP/1.1" 200 27
116.232.194.65 - - [07/Aug/2022:11:55:04 +0800] "POST /xingrg/kc/buy/cgsh_order_operate.html HTTP/1.1" 200 37
116.232.194.65 - - [07/Aug/2022:11:55:05 +0800] "POST /xingrg/kc/buy/cgsh_order_operate.html HTTP/1.1" 200 2665
