114.83.219.234 - - [07/Aug/2022:09:38:27 +0800] "GET /xingrg/kc/buy/cgsh_order_operate.html?command=get_materiel&rest_code=00149&code=00101001140&supplier_code=00100039&order_time=2022-08-07 HTTP/1.1" 200 415
116.224.255.128 - - [07/Aug/2022:09:38:27 +0800] "GET /xingrg/all/function/internal_message.html?_=1659836305713&CODE_STATE=getMsg HTTP/1.1" 200 27
180.169.147.146 - - [07/Aug/2022:09:38:31 +0800] "GET /xingrg/all/function/internal_message.html?_=1659836309352&CODE_STATE=getMsg HTTP/1.1" 200 27
120.253.135.82 - - [07/Aug/2022:09:38:32 +0800] "GET /xingrg/all/function/internal_message.html?_=1659836118243&CODE_STATE=getMsg HTTP/1.1" 200 27
114.86.187.244 - - [07/Aug/2022:09:38:33 +0800] "GET /xingrg/all/function/internal_message.html?_=1659836313940&CODE_STATE=getMsg HTTP/1.1" 200 27
222.69.129.110 - - [07/Aug/2022:09:38:33 +0800] "GET /xingrg/check_reg.html?_=1659836372420 HTTP/1.1" 200 22
222.69.129.110 - - [07/Aug/2022:09:38:33 +0800] "GET /xingrg/all/function/internal_message.html?_=1659836372424&CODE_STATE=getMsg HTTP/1.1" 200 27
116.224.255.128 - - [07/Aug/2022:09:38:35 +0800] "POST /xingrg/kc/base/wldb_order_operate.html HTTP/1.1" 200 37
114.83.219.234 - - [07/Aug/2022:09:38:35 +0800] "GET /xingrg/check_reg.html?_=1659836314057 HTTP/1.1" 200 22
116.233.76.37 - - [07/Aug/2022:09:38:37 +0800] "GET /xingrg/all/function/internal_message.html?_=1659836317212&CODE_STATE=getMsg HTTP/1.1" 200 27
116.224.255.128 - - [07/Aug/2022:09:38:38 +0800] "POST /xingrg/kc/base/wldb_order_operate.html HTTP/1.1" 200 12
116.224.255.128 - - [07/Aug/2022:09:38:38 +0800] "POST /xingrg/kc/base/wldb_order_operate.html HTTP/1.1" 200 6211
116.224.123.211 - - [07/Aug/2022:09:38:38 +0800] "GET /xingrg/kc/buy/cgsh_order_operate.html?command=get_materiel&rest_code=00102&code=00102005627&supplier_code=00100151&order_time=2022-08-07 HTTP/1.1" 200 436
114.83.219.234 - - [07/Aug/2022:09:38:39 +0800] "GET /xingrg/all/function/internal_message.html?_=1659836317792&CODE_STATE=getMsg HTTP/1.1" 200 27
58.39.169.63 - - [07/Aug/2022:09:38:40 +0800] "GET /xingrg/kc/buy/cgsh_order_operate.html?command=get_materiel&rest_code=00105&code=00101008509&supplier_code=00100203&order_time=2022-08-07 HTTP/1.1" 200 409
114.83.219.234 - - [07/Aug/2022:09:38:43 +0800] "GET /xingrg/kc/buy/cgsh_order_operate.html?command=get_materiel&rest_code=00149&code=00101002006&supplier_code=00100039&order_time=2022-08-07 HTTP/1.1" 200 414
116.224.255.128 - - [07/Aug/2022:09:38:45 +0800] "GET /xingrg/kc/base/wldb_order_info.html?code=422022080700543 HTTP/1.1" 200 26241
116.224.255.128 - - [07/Aug/2022:09:38:45 +0800] "GET /xingrg/javascript/easyui/themes/default/validatebox.css HTTP/1.1" 404 1104
116.224.123.211 - - [07/Aug/2022:09:38:45 +0800] "POST /xingrg/all/common/load_select.html HTTP/1.1" 200 12
116.224.255.128 - - [07/Aug/2022:09:38:45 +0800] "POST /xingrg/kc/base/wldb_order_operate.html HTTP/1.1" 200 4415
116.224.123.211 - - [07/Aug/2022:09:38:48 +0800] "GET /xingrg/all/function/internal_message.html?_=1659836327155&CODE_STATE=getMsg HTTP/1.1" 200 27
116.224.255.128 - - [07/Aug/2022:09:38:48 +0800] "GET /xingrg/kc/base/wldb_order_add.html HTTP/1.1" 200 30362
116.224.123.211 - - [07/Aug/2022:09:38:48 +0800] "GET /xingrg/kc/buy/cgsh_order_operate.html?command=get_materiel_price&rest_code=00102&code=00101012030&unit_code=00100001&supplier_code=00100151&order_time=2022-08-07 HTTP/1.1" 200 27
116.224.255.128 - - [07/Aug/2022:09:38:48 +0800] "POST /xingrg/kc/base/wldb_order_operate.html HTTP/1.1" 200 6806
116.224.255.128 - - [07/Aug/2022:09:38:48 +0800] "GET /xingrg/javascript/easyui/themes/default/validatebox.css HTTP/1.1" 404 1104
180.169.147.146 - - [07/Aug/2022:09:38:50 +0800] "GET /xingrg/all/function/internal_message.html?_=1659836448311&CODE_STATE=getMsg HTTP/1.1" 200 27
58.39.169.63 - - [07/Aug/2022:09:38:50 +0800] "GET /xingrg/kc/buy/cgsh_order_operate.html?command=get_materiel&rest_code=00105&code=00101008114&supplier_code=00100203&order_time=2022-08-07 HTTP/1.1" 200 412
116.224.123.211 - - [07/Aug/2022:09:38:54 +0800] "GET /xingrg/kc/buy/cgsh_order_operate.html?command=get_materiel&rest_code=00102&code=00101019953&supplier_code=00100151&order_time=2022-08-07 HTTP/1.1" 200 400
116.224.255.128 - - [07/Aug/2022:09:38:57 +0800] "GET /xingrg/kc/base/wldb_order_operate.html?command=get_materiel&rest_code=00150&base_code=0010450&code=00101002032 HTTP/1.1" 200 443
58.39.169.63 - - [07/Aug/2022:09:38:58 +0800] "GET /xingrg/kc/buy/cgsh_order_operate.html?command=get_materiel&rest_code=00105&code=00101008168&supplier_code=00100203&order_time=2022-08-07 HTTP/1.1" 200 413
114.88.158.224 - - [07/Aug/2022:09:38:58 +0800] "GET /xingrg/all/function/internal_message.html?_=1659836016300&CODE_STATE=getMsg HTTP/1.1" 200 27
180.169.147.146 - - [07/Aug/2022:09:38:58 +0800] "GET /xingrg/all/report/report_query.html?isQuery=1&fileName=kc/base/crk_detail_by_small.xml&rh=99999&queryString=&queryText=%25E3%2580%2590%25E4%25BB%2593%25E5%25BA%2593%25E5%2590%258D%25E7%25A7%25B0%253A%25E7%25B2%25A4%25E8%258F%259C%25E3%2580%2591%25E3%2580%2590%25E4%25B8%259A%25E5%258A%25A1%25E7%25B1%25BB%25E5%259E%258B%25EF%25BC%259A%25E9%2587%2587%25E8%25B4%25AD%25E5%2585%25A5%25E5%25BA%2593%25E3%2580%2591%2520%253F%253F%253F%253F%253F2022-07-01%253F%253F2022-07-31&tableQueryString=crk_table%2524sp1%2524order_day%2520between%252020220701%2520and%252020220731%2520and%2520(base_code%253D'0010404')%2520and%2520(src_order_type%2520in%2520(21))%2520and%2520(is_rk%2520in%2520(1)) HTTP/1.1" 200 53762
116.232.194.65 - - [07/Aug/2022:09:38:59 +0800] "GET /xingrg/all/function/internal_message.html?_=1659836331396&CODE_STATE=getMsg HTTP/1.1" 200 27
180.169.147.146 - - [07/Aug/2022:09:38:59 +0800] "GET /xingrg/dwr/interface/AjaxReportQueryService.js HTTP/1.1" 200 13203
180.169.147.146 - - [07/Aug/2022:09:38:59 +0800] "GET /xingrg/dwr/engine.js HTTP/1.1" 200 43631
180.169.147.146 - - [07/Aug/2022:09:39:00 +0800] "POST /xingrg/all/report/load_report_page.html HTTP/1.1" 200 48820
180.169.147.146 - - [07/Aug/2022:09:39:00 +0800] "GET /xingrg/servlets/image?cache=0.7657742820654813&image=px HTTP/1.1" 200 807
116.235.94.65 - - [07/Aug/2022:09:39:00 +0800] "GET /xingrg/all/function/internal_message.html?_=1659836527747&CODE_STATE=getMsg HTTP/1.1" 200 27
180.169.147.146 - - [07/Aug/2022:09:39:03 +0800] "POST /xingrg/all/report/load_report_page.html HTTP/1.1" 200 522150
114.83.219.234 - - [07/Aug/2022:09:39:03 +0800] "GET /xingrg/kc/buy/cgsh_order_operate.html?command=get_materiel&rest_code=00149&code=00101005037&supplier_code=00100039&order_time=2022-08-07 HTTP/1.1" 200 409
180.169.147.146 - - [07/Aug/2022:09:39:03 +0800] "GET /xingrg/servlets/image?cache=0.885743950497421&image=px HTTP/1.1" 200 807
124.78.152.102 - - [07/Aug/2022:09:39:04 +0800] "GET /xingrg/all/function/internal_message.html?_=1659836344944&CODE_STATE=getMsg HTTP/1.1" 200 27
116.224.255.128 - - [07/Aug/2022:09:39:04 +0800] "GET /xingrg/kc/base/wldb_order_operate.html?command=get_materiel&rest_code=00150&base_code=0010450&code=00101004094 HTTP/1.1" 200 432
58.39.169.63 - - [07/Aug/2022:09:39:04 +0800] "GET /xingrg/kc/buy/cgsh_order_operate.html?command=get_materiel&rest_code=00105&code=00101008236&supplier_code=00100203&order_time=2022-08-07 HTTP/1.1" 200 416
58.39.169.63 - - [07/Aug/2022:09:39:07 +0800] "POST /xingrg/kc/buy/cgsh_order_operate.html HTTP/1.1" 200 2065
116.224.255.128 - - [07/Aug/2022:09:39:08 +0800] "GET /xingrg/kc/base/wldb_order_operate.html?command=get_materiel&rest_code=00150&base_code=0010450&code=00101004104 HTTP/1.1" 200 430
58.39.169.63 - - [07/Aug/2022:09:39:08 +0800] "GET /xingrg/all/function/internal_message.html?_=1659836223928&CODE_STATE=getMsg HTTP/1.1" 200 27
58.39.169.63 - - [07/Aug/2022:09:39:10 +0800] "POST /xingrg/kc/buy/cgsh_order_operate.html HTTP/1.1" 200 2065
58.39.169.63 - - [07/Aug/2022:09:39:11 +0800] "POST /xingrg/kc/buy/cgsh_order_operate.html HTTP/1.1" 200 2065
116.224.123.211 - - [07/Aug/2022:09:39:12 +0800] "GET /xingrg/all/function/internal_message.html?_=1659836351739&CODE_STATE=getMsg HTTP/1.1" 200 27
120.253.135.82 - - [07/Aug/2022:09:39:12 +0800] "GET /xingrg/check_reg.html?_=1659836158244 HTTP/1.1" 200 22
116.224.255.128 - - [07/Aug/2022:09:39:13 +0800] "POST /xingrg/kc/base/wldb_order_operate.html HTTP/1.1" 200 37
114.83.219.234 - - [07/Aug/2022:09:39:15 +0800] "GET /xingrg/kc/buy/cgsh_order_operate.html?command=get_materiel&rest_code=00149&code=00101001061&supplier_code=00100039&order_time=2022-08-07 HTTP/1.1" 200 418
116.224.255.128 - - [07/Aug/2022:09:39:16 +0800] "POST /xingrg/kc/base/wldb_order_operate.html HTTP/1.1" 200 12
116.224.255.128 - - [07/Aug/2022:09:39:16 +0800] "POST /xingrg/kc/base/wldb_order_operate.html HTTP/1.1" 200 2660
116.224.255.128 - - [07/Aug/2022:09:39:17 +0800] "GET /xingrg/kc/base/wldb_order_info.html?code=422022080700544 HTTP/1.1" 200 26238
116.224.255.128 - - [07/Aug/2022:09:39:17 +0800] "GET /xingrg/javascript/easyui/themes/default/validatebox.css HTTP/1.1" 404 1104
116.224.255.128 - - [07/Aug/2022:09:39:18 +0800] "POST /xingrg/kc/base/wldb_order_operate.html HTTP/1.1" 200 943
58.39.169.63 - - [07/Aug/2022:09:39:19 +0800] "GET /xingrg/kc/buy/cgsh_order_operate.html?command=get_materiel&rest_code=00105&code=00101015053&supplier_code=00100203&order_time=2022-08-07 HTTP/1.1" 200 412
58.40.7.146 - - [07/Aug/2022:09:39:22 +0800] "GET /xingrg/all/function/internal_message.html?_=1659836361785&CODE_STATE=getMsg HTTP/1.1" 200 27
58.39.169.63 - - [07/Aug/2022:09:39:26 +0800] "GET /xingrg/all/function/internal_message.html?_=1659836367260&CODE_STATE=getMsg HTTP/1.1" 200 27
116.224.255.128 - - [07/Aug/2022:09:39:26 +0800] "GET /xingrg/kc/base/wldb_order_add.html HTTP/1.1" 200 30362
114.83.219.234 - - [07/Aug/2022:09:39:27 +0800] "GET /xingrg/kc/buy/cgsh_order_operate.html?command=get_materiel&rest_code=00149&code=00101003025&supplier_code=00100039&order_time=2022-08-07 HTTP/1.1" 200 411
116.224.255.128 - - [07/Aug/2022:09:39:27 +0800] "POST /xingrg/kc/base/wldb_order_operate.html HTTP/1.1" 200 6806
116.224.255.128 - - [07/Aug/2022:09:39:27 +0800] "GET /xingrg/javascript/easyui/themes/default/validatebox.css HTTP/1.1" 404 1104
116.224.255.128 - - [07/Aug/2022:09:39:27 +0800] "GET /xingrg/all/function/internal_message.html?_=1659836365729&CODE_STATE=getMsg HTTP/1.1" 200 27
58.39.169.63 - - [07/Aug/2022:09:39:28 +0800] "GET /xingrg/kc/buy/cgsh_order_operate.html?command=get_materiel&rest_code=00105&code=00101015113&supplier_code=00100203&order_time=2022-08-07 HTTP/1.1" 200 417
180.169.147.146 - - [07/Aug/2022:09:39:31 +0800] "GET /xingrg/all/function/internal_message.html?_=1659836369353&CODE_STATE=getMsg HTTP/1.1" 200 27
120.253.135.82 - - [07/Aug/2022:09:39:32 +0800] "GET /xingrg/all/function/internal_message.html?_=1659836178256&CODE_STATE=getMsg HTTP/1.1" 200 27
114.86.187.244 - - [07/Aug/2022:09:39:33 +0800] "GET /xingrg/check_reg.html?_=1659836373970 HTTP/1.1" 200 22
114.86.187.244 - - [07/Aug/2022:09:39:33 +0800] "GET /xingrg/all/function/internal_message.html?_=1659836373972&CODE_STATE=getMsg HTTP/1.1" 200 27
222.69.129.110 - - [07/Aug/2022:09:39:33 +0800] "GET /xingrg/all/function/internal_message.html?_=1659836432408&CODE_STATE=getMsg HTTP/1.1" 200 27
116.224.255.128 - - [07/Aug/2022:09:39:34 +0800] "GET /xingrg/kc/base/wldb_order_operate.html?command=get_materiel&rest_code=00150&base_code=0010450&code=00101010616 HTTP/1.1" 200 431
58.39.169.63 - - [07/Aug/2022:09:39:36 +0800] "GET /xingrg/kc/buy/cgsh_order_operate.html?command=get_materiel&rest_code=00105&code=00101008061&supplier_code=00100203&order_time=2022-08-07 HTTP/1.1" 200 422
116.233.76.37 - - [07/Aug/2022:09:39:37 +0800] "GET /xingrg/all/function/internal_message.html?_=1659836377210&CODE_STATE=getMsg HTTP/1.1" 200 27
116.224.255.128 - - [07/Aug/2022:09:39:39 +0800] "GET /xingrg/kc/base/wldb_order_operate.html?command=get_materiel&rest_code=00150&base_code=0010450&code=00101001135 HTTP/1.1" 200 435
114.83.219.234 - - [07/Aug/2022:09:39:42 +0800] "POST /xingrg/kc/buy/cgsh_order_operate.html HTTP/1.1" 200 37
124.78.152.102 - - [07/Aug/2022:09:39:43 +0800] "POST /xingrg/services/DataTransmitService HTTP/1.1" 200 524
116.224.123.211 - - [07/Aug/2022:09:39:48 +0800] "GET /xingrg/all/function/internal_message.html?_=1659836387165&CODE_STATE=getMsg HTTP/1.1" 200 27
114.83.219.234 - - [07/Aug/2022:09:39:48 +0800] "POST /xingrg/kc/buy/cgsh_order_operate.html HTTP/1.1" 200 12
180.169.147.146 - - [07/Aug/2022:09:39:50 +0800] "GET /xingrg/all/function/internal_message.html?_=1659836508309&CODE_STATE=getMsg HTTP/1.1" 200 27
114.83.219.234 - - [07/Aug/2022:09:39:53 +0800] "GET /xingrg/kc/buy/cgsh_order_info.html?code=212022080702032 HTTP/1.1" 200 63276
114.83.219.234 - - [07/Aug/2022:09:39:54 +0800] "GET /xingrg/javascript/easyui/themes/default/validatebox.css HTTP/1.1" 404 1104
114.83.219.234 - - [07/Aug/2022:09:39:54 +0800] "POST /xingrg/kc/buy/cgsh_order_operate.html HTTP/1.1" 200 4173
58.39.169.63 - - [07/Aug/2022:09:39:57 +0800] "GET /xingrg/kc/buy/cgsh_order_operate.html?command=get_materiel&rest_code=00105&code=00101008072&supplier_code=00100203&order_time=2022-08-07 HTTP/1.1" 200 408
114.88.158.224 - - [07/Aug/2022:09:39:58 +0800] "GET /xingrg/all/function/internal_message.html?_=1659836076311&CODE_STATE=getMsg HTTP/1.1" 200 27
114.88.158.224 - - [07/Aug/2022:09:39:58 +0800] "GET /xingrg/check_reg.html?_=1659836076312 HTTP/1.1" 200 22
116.232.194.65 - - [07/Aug/2022:09:39:59 +0800] "GET /xingrg/check_reg.html?_=1659836391386 HTTP/1.1" 200 22
116.232.194.65 - - [07/Aug/2022:09:39:59 +0800] "GET /xingrg/all/function/internal_message.html?_=1659836391391&CODE_STATE=getMsg HTTP/1.1" 200 27
116.235.94.65 - - [07/Aug/2022:09:40:00 +0800] "GET /xingrg/all/function/internal_message.html?_=1659836587752&CODE_STATE=getMsg HTTP/1.1" 200 27
114.83.219.234 - - [07/Aug/2022:09:40:00 +0800] "GET /xingrg/kc/print/load_data.html?order_code=212022080702032&kc_code=cgsh&condition= HTTP/1.1" 200 2090
124.78.152.102 - - [07/Aug/2022:09:40:04 +0800] "GET /xingrg/all/function/internal_message.html?_=1659836404945&CODE_STATE=getMsg HTTP/1.1" 200 27
116.224.255.128 - - [07/Aug/2022:09:40:06 +0800] "GET /xingrg/kc/base/wldb_order_operate.html?command=get_materiel&rest_code=00150&base_code=0010450&code=00101004101 HTTP/1.1" 200 435
114.83.219.234 - - [07/Aug/2022:09:40:06 +0800] "GET /xingrg/kc/buy/cgsh_order_add.html HTTP/1.1" 200 68373
114.83.219.234 - - [07/Aug/2022:09:40:07 +0800] "POST /xingrg/kc/buy/cgsh_order_operate.html HTTP/1.1" 200 8245
114.83.219.234 - - [07/Aug/2022:09:40:07 +0800] "GET /xingrg/javascript/easyui/themes/default/validatebox.css HTTP/1.1" 404 1104
58.39.169.63 - - [07/Aug/2022:09:40:08 +0800] "GET /xingrg/all/function/internal_message.html?_=1659836283920&CODE_STATE=getMsg HTTP/1.1" 200 27
58.39.169.63 - - [07/Aug/2022:09:40:08 +0800] "GET /xingrg/check_reg.html?_=1659836283923 HTTP/1.1" 200 22
116.224.123.211 - - [07/Aug/2022:09:40:12 +0800] "GET /xingrg/all/function/internal_message.html?_=1659836411721&CODE_STATE=getMsg HTTP/1.1" 200 27
116.224.123.211 - - [07/Aug/2022:09:40:12 +0800] "GET /xingrg/check_reg.html?_=1659836411975 HTTP/1.1" 200 22
116.224.123.211 - - [07/Aug/2022:09:40:15 +0800] "GET /xingrg/kc/buy/cgsh_order_operate.html?command=get_materiel&rest_code=00102&code=00101008244&supplier_code=00100151&order_time=2022-08-07 HTTP/1.1" 200 408
116.224.255.128 - - [07/Aug/2022:09:40:21 +0800] "GET /xingrg/kc/base/wldb_order_operate.html?command=get_materiel&rest_code=00150&base_code=0010450&code=00101004038 HTTP/1.1" 200 431
180.169.147.146 - - [07/Aug/2022:09:40:21 +0800] "GET /xingrg/all/report/report_query.html?isQuery=1&fileName=kc/base/crk_detail_by_list.xml&queryString=&queryText=%25E3%2580%2590%25E4%25BB%2593%25E5%25BA%2593%25E5%2590%258D%25E7%25A7%25B0%253A%25E7%25B2%25A4%25E8%258F%259C%25E3%2580%2591%25E3%2580%2590%25E4%25B8%259A%25E5%258A%25A1%25E7%25B1%25BB%25E5%259E%258B%25EF%25BC%259A%25E9%2587%2587%25E8%25B4%25AD%25E5%2585%25A5%25E5%25BA%2593%25E3%2580%2591%2520%253F%253F%253F%253F%253F2022-07-01%253F%253F2022-07-31&tableQueryString=crk_table%2524sp1%2524order_day%2520between%252020220701%2520and%252020220731%2520and%2520(base_code%253D'0010404')%2520and%2520(src_order_type%2520in%2520(21))%2520and%2520(is_rk%2520in%2520(1))%2520and%2520(a.materiel_code%253D'00101019150') HTTP/1.1" 200 51001
58.40.7.146 - - [07/Aug/2022:09:40:22 +0800] "GET /xingrg/all/function/internal_message.html?_=1659836421788&CODE_STATE=getMsg HTTP/1.1" 200 27
58.40.7.146 - - [07/Aug/2022:09:40:22 +0800] "GET /xingrg/check_reg.html?_=1659836421789 HTTP/1.1" 200 22
180.169.147.146 - - [07/Aug/2022:09:40:22 +0800] "GET /xingrg/dwr/interface/AjaxReportQueryService.js HTTP/1.1" 200 13203
180.169.147.146 - - [07/Aug/2022:09:40:22 +0800] "GET /xingrg/dwr/engine.js HTTP/1.1" 200 43631
180.169.147.146 - - [07/Aug/2022:09:40:23 +0800] "POST /xingrg/all/report/load_report_page.html HTTP/1.1" 200 16012
180.169.147.146 - - [07/Aug/2022:09:40:23 +0800] "GET /xingrg/servlets/image?cache=0.04063294444987564&image=px HTTP/1.1" 200 807
58.39.169.63 - - [07/Aug/2022:09:40:25 +0800] "GET /xingrg/kc/buy/cgsh_order_operate.html?command=get_materiel&rest_code=00105&code=00101008355&supplier_code=00100203&order_time=2022-08-07 HTTP/1.1" 200 408
58.39.169.63 - - [07/Aug/2022:09:40:26 +0800] "GET /xingrg/all/function/internal_message.html?_=1659836427240&CODE_STATE=getMsg HTTP/1.1" 200 27
116.224.255.128 - - [07/Aug/2022:09:40:27 +0800] "GET /xingrg/all/function/internal_message.html?_=1659836425725&CODE_STATE=getMsg HTTP/1.1" 200 27
180.169.147.146 - - [07/Aug/2022:09:40:28 +0800] "GET /xingrg/kc/guide/show_order.html?code=212022072205676&type=21 HTTP/1.1" 302 -
180.169.147.146 - - [07/Aug/2022:09:40:28 +0800] "GET /xingrg/kc/buy/cgsh_order_info.html?code=212022072205676&sysBaseUrl=http%3A%2F%2F180.169.147.146%3A18081%2Fxingrg%2F&costTime=1×tamp=1659836428300 HTTP/1.1" 200 63441
180.169.147.146 - - [07/Aug/2022:09:40:28 +0800] "GET /favicon.ico HTTP/1.1" 404 -
180.169.147.146 - - [07/Aug/2022:09:40:28 +0800] "GET /xingrg/javascript/easyui/themes/default/validatebox.css HTTP/1.1" 404 1104
116.224.255.128 - - [07/Aug/2022:09:40:28 +0800] "GET /xingrg/kc/base/wldb_order_operate.html?command=get_materiel&rest_code=00150&base_code=0010450&code=00101003006 HTTP/1.1" 200 432
180.169.147.146 - - [07/Aug/2022:09:40:29 +0800] "POST /xingrg/kc/buy/cgsh_order_operate.html HTTP/1.1" 200 624
180.169.147.146 - - [07/Aug/2022:09:40:31 +0800] "GET /xingrg/check_reg.html?_=1659836429340 HTTP/1.1" 200 22
180.169.147.146 - - [07/Aug/2022:09:40:31 +0800] "GET /xingrg/all/function/internal_message.html?_=1659836429342&CODE_STATE=getMsg HTTP/1.1" 200 27
120.253.135.82 - - [07/Aug/2022:09:40:32 +0800] "GET /xingrg/all/function/internal_message.html?_=1659836238271&CODE_STATE=getMsg HTTP/1.1" 200 27
114.86.187.244 - - [07/Aug/2022:09:40:33 +0800] "GET /xingrg/all/function/internal_message.html?_=1659836433957&CODE_STATE=getMsg HTTP/1.1" 200 27
222.69.129.110 - - [07/Aug/2022:09:40:33 +0800] "GET /xingrg/all/function/internal_message.html?_=1659836492405&CODE_STATE=getMsg HTTP/1.1" 200 27
58.39.169.63 - - [07/Aug/2022:09:40:34 +0800] "GET /xingrg/kc/buy/cgsh_order_operate.html?command=get_materiel&rest_code=00105&code=00101008067&supplier_code=00100203&order_time=2022-08-07 HTTP/1.1" 200 416
116.224.123.211 - - [07/Aug/2022:09:40:36 +0800] "GET /xingrg/kc/buy/cgsh_order_operate.html?command=get_materiel&rest_code=00102&code=00101008209&supplier_code=00100151&order_time=2022-08-07 HTTP/1.1" 200 409
114.83.219.234 - - [07/Aug/2022:09:40:36 +0800] "GET /xingrg/kc/buy/cgsh_order_operate.html?command=get_materiel&rest_code=00149&code=00101009001&supplier_code=00100201&order_time=2022-08-07 HTTP/1.1" 200 416
116.233.76.37 - - [07/Aug/2022:09:40:37 +0800] "GET /xingrg/all/function/internal_message.html?_=1659836437212&CODE_STATE=getMsg HTTP/1.1" 200 27
114.83.219.234 - - [07/Aug/2022:09:40:39 +0800] "GET /xingrg/all/function/internal_message.html?_=1659836437811&CODE_STATE=getMsg HTTP/1.1" 200 27
116.224.255.128 - - [07/Aug/2022:09:40:44 +0800] "GET /xingrg/kc/base/wldb_order_operate.html?command=get_materiel&rest_code=00150&base_code=0010450&code=00101003035 HTTP/1.1" 200 433
116.224.123.211 - - [07/Aug/2022:09:40:48 +0800] "GET /xingrg/all/function/internal_message.html?_=1659836447152&CODE_STATE=getMsg HTTP/1.1" 200 27
58.39.169.63 - - [07/Aug/2022:09:40:48 +0800] "GET /xingrg/kc/buy/cgsh_order_operate.html?command=get_materiel&rest_code=00105&code=00101008169&supplier_code=00100203&order_time=2022-08-07 HTTP/1.1" 200 412
180.169.147.146 - - [07/Aug/2022:09:40:50 +0800] "GET /xingrg/all/function/internal_message.html?_=1659836568309&CODE_STATE=getMsg HTTP/1.1" 200 27
114.88.158.224 - - [07/Aug/2022:09:40:58 +0800] "GET /xingrg/all/function/internal_message.html?_=1659836136306&CODE_STATE=getMsg HTTP/1.1" 200 27
116.232.194.65 - - [07/Aug/2022:09:40:59 +0800] "GET /xingrg/all/function/internal_message.html?_=1659836451380&CODE_STATE=getMsg HTTP/1.1" 200 27
116.235.94.65 - - [07/Aug/2022:09:41:00 +0800] "GET /xingrg/all/function/internal_message.html?_=1659836647759&CODE_STATE=getMsg HTTP/1.1" 200 27
116.224.123.211 - - [07/Aug/2022:09:41:01 +0800] "GET /xingrg/kc/buy/cgsh_order_operate.html?command=get_materiel&rest_code=00102&code=00101008137&supplier_code=00100151&order_time=2022-08-07 HTTP/1.1" 200 408
114.83.219.234 - - [07/Aug/2022:09:41:01 +0800] "GET /xingrg/kc/buy/cgsh_order_operate.html?command=get_materiel&rest_code=00149&code=00101009011&supplier_code=00100201&order_time=2022-08-07 HTTP/1.1" 200 416
116.224.255.128 - - [07/Aug/2022:09:41:03 +0800] "POST /xingrg/kc/base/wldb_order_operate.html HTTP/1.1" 200 37
124.78.152.102 - - [07/Aug/2022:09:41:04 +0800] "GET /xingrg/all/function/internal_message.html?_=1659836464944&CODE_STATE=getMsg HTTP/1.1" 200 27
124.78.152.102 - - [07/Aug/2022:09:41:04 +0800] "GET /xingrg/check_reg.html?_=1659836464946 HTTP/1.1" 200 22
116.224.255.128 - - [07/Aug/2022:09:41:06 +0800] "POST /xingrg/kc/base/wldb_order_operate.html HTTP/1.1" 200 12
116.224.255.128 - - [07/Aug/2022:09:41:06 +0800] "POST /xingrg/kc/base/wldb_order_operate.html HTTP/1.1" 200 4546
116.224.255.128 - - [07/Aug/2022:09:41:08 +0800] "GET /xingrg/kc/base/wldb_order_info.html?code=422022080700545 HTTP/1.1" 200 26239
58.39.169.63 - - [07/Aug/2022:09:41:08 +0800] "GET /xingrg/all/function/internal_message.html?_=1659836343928&CODE_STATE=getMsg HTTP/1.1" 200 27
116.224.255.128 - - [07/Aug/2022:09:41:09 +0800] "GET /xingrg/javascript/easyui/themes/default/validatebox.css HTTP/1.1" 404 1104
116.224.255.128 - - [07/Aug/2022:09:41:09 +0800] "POST /xingrg/kc/base/wldb_order_operate.html HTTP/1.1" 200 2785
58.39.169.63 - - [07/Aug/2022:09:41:11 +0800] "POST /xingrg/kc/buy/cgsh_order_operate.html HTTP/1.1" 200 37
116.224.123.211 - - [07/Aug/2022:09:41:12 +0800] "GET /xingrg/all/function/internal_message.html?_=1659836471696&CODE_STATE=getMsg HTTP/1.1" 200 27
114.83.219.234 - - [07/Aug/2022:09:41:13 +0800] "GET /xingrg/kc/buy/cgsh_order_operate.html?command=get_materiel&rest_code=00149&code=00101009062&supplier_code=00100201&order_time=2022-08-07 HTTP/1.1" 200 412
218.81.223.53 - - [07/Aug/2022:09:41:13 +0800] "GET /xingrg/check_reg.html?_=1659836498419 HTTP/1.1" 200 22
58.40.7.146 - - [07/Aug/2022:09:41:22 +0800] "GET /xingrg/all/function/internal_message.html?_=1659836481790&CODE_STATE=getMsg HTTP/1.1" 200 27
58.39.169.63 - - [07/Aug/2022:09:41:23 +0800] "POST /xingrg/kc/buy/cgsh_order_operate.html HTTP/1.1" 200 48191
114.83.219.234 - - [07/Aug/2022:09:41:23 +0800] "GET /xingrg/kc/buy/cgsh_order_operate.html?command=get_materiel&rest_code=00149&code=00101009007&supplier_code=00100201&order_time=2022-08-07 HTTP/1.1" 200 408
58.39.169.63 - - [07/Aug/2022:09:41:26 +0800] "GET /xingrg/all/function/internal_message.html?_=1659836487241&CODE_STATE=getMsg HTTP/1.1" 200 27
58.39.169.63 - - [07/Aug/2022:09:41:26 +0800] "GET /xingrg/check_reg.html?_=1659836487349 HTTP/1.1" 200 22
116.224.255.128 - - [07/Aug/2022:09:41:27 +0800] "GET /xingrg/all/function/internal_message.html?_=1659836485724&CODE_STATE=getMsg HTTP/1.1" 200 27
116.224.255.128 - - [07/Aug/2022:09:41:28 +0800] "GET /xingrg/check_reg.html?_=1659836485733 HTTP/1.1" 200 22
180.169.147.146 - - [07/Aug/2022:09:41:29 +0800] "GET /xingrg/all/report/report_query.html?isQuery=1&fileName=kc/base/crk_detail_by_small.xml&rh=99999&queryString=&queryText=%25E3%2580%2590%25E4%25BB%2593%25E5%25BA%2593%25E5%2590%258D%25E7%25A7%25B0%253A%25E4%25B8%258A%25E4%25BB%2580%25E3%2580%2591%25E3%2580%2590%25E4%25B8%259A%25E5%258A%25A1%25E7%25B1%25BB%25E5%259E%258B%25EF%25BC%259A%25E9%2587%2587%25E8%25B4%25AD%25E5%2585%25A5%25E5%25BA%2593%25E3%2580%2591%2520%253F%253F%253F%253F%253F2022-07-01%253F%253F2022-07-31&tableQueryString=crk_table%2524sp1%2524order_day%2520between%252020220701%2520and%252020220731%2520and%2520(base_code%253D'0010833')%2520and%2520(src_order_type%2520in%2520(21))%2520and%2520(is_rk%2520in%2520(1)) HTTP/1.1" 200 53762
180.169.147.146 - - [07/Aug/2022:09:41:30 +0800] "GET /xingrg/dwr/interface/AjaxReportQueryService.js HTTP/1.1" 200 13203
180.169.147.146 - - [07/Aug/2022:09:41:30 +0800] "GET /xingrg/dwr/engine.js HTTP/1.1" 200 43631
180.169.147.146 - - [07/Aug/2022:09:41:31 +0800] "POST /xingrg/all/report/load_report_page.html HTTP/1.1" 200 11748
180.169.147.146 - - [07/Aug/2022:09:41:31 +0800] "GET /xingrg/servlets/image?cache=0.02737106576919246&image=px HTTP/1.1" 200 807
180.169.147.146 - - [07/Aug/2022:09:41:31 +0800] "GET /xingrg/all/function/internal_message.html?_=1659836489349&CODE_STATE=getMsg HTTP/1.1" 200 27
180.169.147.146 - - [07/Aug/2022:09:41:32 +0800] "GET /xingrg/all/report/report_query.html?isQuery=1&fileName=kc/base/crk_detail_by_materiel.xml&queryString=&queryText=%25E3%2580%2590%25E4%25BB%2593%25E5%25BA%2593%25E5%2590%258D%25E7%25A7%25B0%253A%25E4%25B8%258A%25E4%25BB%2580%25E3%2580%2591%25E3%2580%2590%25E4%25B8%259A%25E5%258A%25A1%25E7%25B1%25BB%25E5%259E%258B%25EF%25BC%259A%25E9%2587%2587%25E8%25B4%25AD%25E5%2585%25A5%25E5%25BA%2593%25E3%2580%2591%2520%253F%253F%253F%253F%253F2022-07-01%253F%253F2022-07-31&tableQueryString=crk_table%2524sp1%2524order_day%2520between%252020220701%2520and%252020220731%2520and%2520(base_code%253D'0010833')%2520and%2520(src_order_type%2520in%2520(21))%2520and%2520(is_rk%2520in%2520(1))%2520and%2520(m.sort_code%253D'00101014') HTTP/1.1" 200 53789
120.253.135.82 - - [07/Aug/2022:09:41:32 +0800] "GET /xingrg/all/function/internal_message.html?_=1659836298310&CODE_STATE=getMsg HTTP/1.1" 200 27
180.169.147.146 - - [07/Aug/2022:09:41:33 +0800] "GET /xingrg/dwr/interface/AjaxReportQueryService.js HTTP/1.1" 200 13203
180.169.147.146 - - [07/Aug/2022:09:41:33 +0800] "GET /xingrg/dwr/engine.js HTTP/1.1" 200 43631
180.169.147.146 - - [07/Aug/2022:09:41:33 +0800] "POST /xingrg/all/report/load_report_page.html HTTP/1.1" 200 19060
180.169.147.146 - - [07/Aug/2022:09:41:33 +0800] "GET /xingrg/servlets/image?cache=0.6603898911954125&image=px HTTP/1.1" 200 807
114.83.219.234 - - [07/Aug/2022:09:41:33 +0800] "POST /xingrg/kc/buy/cgsh_order_operate.html HTTP/1.1" 200 37
114.86.187.244 - - [07/Aug/2022:09:41:33 +0800] "GET /xingrg/all/function/internal_message.html?_=1659836493972&CODE_STATE=getMsg HTTP/1.1" 200 27
222.69.129.110 - - [07/Aug/2022:09:41:33 +0800] "GET /xingrg/all/function/internal_message.html?_=1659836552404&CODE_STATE=getMsg HTTP/1.1" 200 27
116.233.76.37 - - [07/Aug/2022:09:41:37 +0800] "GET /xingrg/all/function/internal_message.html?_=1659836497216&CODE_STATE=getMsg HTTP/1.1" 200 27
114.83.219.234 - - [07/Aug/2022:09:41:38 +0800] "POST /xingrg/kc/buy/cgsh_order_operate.html HTTP/1.1" 200 12
114.83.219.234 - - [07/Aug/2022:09:41:45 +0800] "GET /xingrg/kc/buy/cgsh_order_info.html?code=212022080702034 HTTP/1.1" 200 63276
180.169.147.146 - - [07/Aug/2022:09:41:46 +0800] "GET /xingrg/all/report/report_query.html?isQuery=1&fileName=kc/base/crk_detail_by_small.xml&rh=99999&queryString=&queryText=%25E3%2580%2590%25E4%25BB%2593%25E5%25BA%2593%25E5%2590%258D%25E7%25A7%25B0%253A%25E7%25B2%25A4%25E8%258F%259C%25E3%2580%2591%25E3%2580%2590%25E4%25B8%259A%25E5%258A%25A1%25E7%25B1%25BB%25E5%259E%258B%25EF%25BC%259A%25E9%2587%2587%25E8%25B4%25AD%25E5%2585%25A5%25E5%25BA%2593%25E3%2580%2591%2520%253F%253F%253F%253F%253F2022-07-01%253F%253F2022-07-31&tableQueryString=crk_table%2524sp1%2524order_day%2520between%252020220701%2520and%252020220731%2520and%2520(base_code%253D'0010404')%2520and%2520(src_order_type%2520in%2520(21))%2520and%2520(is_rk%2520in%2520(1)) HTTP/1.1" 200 53762
114.83.219.234 - - [07/Aug/2022:09:41:46 +0800] "GET /xingrg/javascript/easyui/themes/default/validatebox.css HTTP/1.1" 404 1104
116.224.123.211 - - [07/Aug/2022:09:41:47 +0800] "GET /xingrg/kc/buy/cgsh_order_operate.html?command=get_materiel&rest_code=00102&code=00101007023&supplier_code=00100151&order_time=2022-08-07 HTTP/1.1" 200 411
114.83.219.234 - - [07/Aug/2022:09:41:47 +0800] "POST /xingrg/kc/buy/cgsh_order_operate.html HTTP/1.1" 200 2382
180.169.147.146 - - [07/Aug/2022:09:41:47 +0800] "GET /xingrg/dwr/interface/AjaxReportQueryService.js HTTP/1.1" 200 13203
180.169.147.146 - - [07/Aug/2022:09:41:47 +0800] "GET /xingrg/dwr/engine.js HTTP/1.1" 200 43631
116.224.123.211 - - [07/Aug/2022:09:41:48 +0800] "GET /xingrg/all/function/internal_message.html?_=1659836507169&CODE_STATE=getMsg HTTP/1.1" 200 27
180.169.147.146 - - [07/Aug/2022:09:41:48 +0800] "POST /xingrg/all/report/load_report_page.html HTTP/1.1" 200 48820
180.169.147.146 - - [07/Aug/2022:09:41:48 +0800] "GET /xingrg/servlets/image?cache=0.9184184842599447&image=px HTTP/1.1" 200 807
114.83.219.234 - - [07/Aug/2022:09:41:48 +0800] "GET /xingrg/kc/print/load_data.html?order_code=212022080702034&kc_code=cgsh&condition= HTTP/1.1" 200 1391
116.224.123.211 - - [07/Aug/2022:09:41:49 +0800] "POST /xingrg/all/common/load_select.html HTTP/1.1" 200 12
180.169.147.146 - - [07/Aug/2022:09:41:50 +0800] "GET /xingrg/all/function/internal_message.html?_=1659836628308&CODE_STATE=getMsg HTTP/1.1" 200 27
114.83.219.234 - - [07/Aug/2022:09:41:53 +0800] "GET /xingrg/kc/buy/cgsh_order_add.html HTTP/1.1" 200 68373
114.83.219.234 - - [07/Aug/2022:09:41:53 +0800] "POST /xingrg/kc/buy/cgsh_order_operate.html HTTP/1.1" 200 8245
114.83.219.234 - - [07/Aug/2022:09:41:53 +0800] "GET /xingrg/javascript/easyui/themes/default/validatebox.css HTTP/1.1" 404 1104
116.224.123.211 - - [07/Aug/2022:09:41:54 +0800] "GET /xingrg/kc/buy/cgsh_order_operate.html?command=get_materiel_price&rest_code=00102&code=00101007023&unit_code=00100002&supplier_code=00100151&order_time=2022-08-07 HTTP/1.1" 200 30
180.169.147.146 - - [07/Aug/2022:09:41:54 +0800] "POST /xingrg/all/report/load_report_page.html HTTP/1.1" 200 522386
180.169.147.146 - - [07/Aug/2022:09:41:54 +0800] "GET /xingrg/servlets/image?cache=0.2604699928548537&image=px HTTP/1.1" 200 807
114.88.158.224 - - [07/Aug/2022:09:41:58 +0800] "GET /xingrg/all/function/internal_message.html?_=1659836196301&CODE_STATE=getMsg HTTP/1.1" 200 27
116.232.194.65 - - [07/Aug/2022:09:41:59 +0800] "GET /xingrg/all/function/internal_message.html?_=1659836511389&CODE_STATE=getMsg HTTP/1.1" 200 27
116.235.94.65 - - [07/Aug/2022:09:42:00 +0800] "GET /xingrg/all/function/internal_message.html?_=1659836707756&CODE_STATE=getMsg HTTP/1.1" 200 27
116.235.94.65 - - [07/Aug/2022:09:42:00 +0800] "GET /xingrg/check_reg.html?_=1659836707758 HTTP/1.1" 200 22
124.78.152.102 - - [07/Aug/2022:09:42:04 +0800] "GET /xingrg/all/function/internal_message.html?_=1659836524945&CODE_STATE=getMsg HTTP/1.1" 200 27
58.39.169.63 - - [07/Aug/2022:09:42:08 +0800] "GET /xingrg/all/function/internal_message.html?_=1659836403918&CODE_STATE=getMsg HTTP/1.1" 200 27
116.224.123.211 - - [07/Aug/2022:09:42:12 +0800] "GET /xingrg/all/function/internal_message.html?_=1659836531666&CODE_STATE=getMsg HTTP/1.1" 200 27
58.40.7.146 - - [07/Aug/2022:09:42:22 +0800] "GET /xingrg/all/function/internal_message.html?_=1659836541778&CODE_STATE=getMsg HTTP/1.1" 200 27
58.39.169.63 - - [07/Aug/2022:09:42:26 +0800] "GET /xingrg/all/function/internal_message.html?_=1659836547242&CODE_STATE=getMsg HTTP/1.1" 200 27
116.224.255.128 - - [07/Aug/2022:09:42:27 +0800] "GET /xingrg/all/function/internal_message.html?_=1659836545734&CODE_STATE=getMsg HTTP/1.1" 200 27
116.224.123.211 - - [07/Aug/2022:09:42:30 +0800] "GET /xingrg/kc/buy/cgsh_order_operate.html?command=get_materiel&rest_code=00102&code=00101007154&supplier_code=00100151&order_time=2022-08-07 HTTP/1.1" 200 409
180.169.147.146 - - [07/Aug/2022:09:42:31 +0800] "GET /xingrg/all/function/internal_message.html?_=1659836549345&CODE_STATE=getMsg HTTP/1.1" 200 27
120.253.135.82 - - [07/Aug/2022:09:42:32 +0800] "GET /xingrg/all/function/internal_message.html?_=1659836358312&CODE_STATE=getMsg HTTP/1.1" 200 27
114.86.187.244 - - [07/Aug/2022:09:42:33 +0800] "GET /xingrg/all/function/internal_message.html?_=1659836553959&CODE_STATE=getMsg HTTP/1.1" 200 27
222.69.129.110 - - [07/Aug/2022:09:42:33 +0800] "GET /xingrg/all/function/internal_message.html?_=1659836612412&CODE_STATE=getMsg HTTP/1.1" 200 27
116.233.76.37 - - [07/Aug/2022:09:42:37 +0800] "GET /xingrg/all/function/internal_message.html?_=1659836557217&CODE_STATE=getMsg HTTP/1.1" 200 27
116.233.76.37 - - [07/Aug/2022:09:42:38 +0800] "GET /xingrg/check_reg.html?_=1659836557218 HTTP/1.1" 200 22
114.83.219.234 - - [07/Aug/2022:09:42:39 +0800] "GET /xingrg/all/function/internal_message.html?_=1659836557817&CODE_STATE=getMsg HTTP/1.1" 200 27
116.224.123.211 - - [07/Aug/2022:09:42:48 +0800] "GET /xingrg/check_reg.html?_=1659836567154 HTTP/1.1" 200 22
116.224.123.211 - - [07/Aug/2022:09:42:48 +0800] "GET /xingrg/all/function/internal_message.html?_=1659836567156&CODE_STATE=getMsg HTTP/1.1" 200 27
180.169.147.146 - - [07/Aug/2022:09:42:50 +0800] "GET /xingrg/check_reg.html?_=1659836688301 HTTP/1.1" 200 22
180.169.147.146 - - [07/Aug/2022:09:42:50 +0800] "GET /xingrg/all/function/internal_message.html?_=1659836688302&CODE_STATE=getMsg HTTP/1.1" 200 27
114.88.158.224 - - [07/Aug/2022:09:42:58 +0800] "GET /xingrg/all/function/internal_message.html?_=1659836256309&CODE_STATE=getMsg HTTP/1.1" 200 27
116.232.194.65 - - [07/Aug/2022:09:42:59 +0800] "GET /xingrg/all/function/internal_message.html?_=1659836571383&CODE_STATE=getMsg HTTP/1.1" 200 27
116.235.94.65 - - [07/Aug/2022:09:43:00 +0800] "GET /xingrg/all/function/internal_message.html?_=1659836767748&CODE_STATE=getMsg HTTP/1.1" 200 27
124.78.152.102 - - [07/Aug/2022:09:43:04 +0800] "GET /xingrg/all/function/internal_message.html?_=1659836584971&CODE_STATE=getMsg HTTP/1.1" 200 27
116.224.123.211 - - [07/Aug/2022:09:43:07 +0800] "GET /xingrg/kc/buy/cgsh_order_operate.html?command=get_materiel&rest_code=00102&code=00101007024&supplier_code=00100151&order_time=2022-08-07 HTTP/1.1" 200 415
58.39.169.63 - - [07/Aug/2022:09:43:08 +0800] "GET /xingrg/all/function/internal_message.html?_=1659836463919&CODE_STATE=getMsg HTTP/1.1" 200 27
116.224.123.211 - - [07/Aug/2022:09:43:12 +0800] "GET /xingrg/all/function/internal_message.html?_=1659836591638&CODE_STATE=getMsg HTTP/1.1" 200 27
58.40.7.146 - - [07/Aug/2022:09:43:22 +0800] "GET /xingrg/all/function/internal_message.html?_=1659836601779&CODE_STATE=getMsg HTTP/1.1" 200 27
58.39.169.63 - - [07/Aug/2022:09:43:26 +0800] "GET /xingrg/all/function/internal_message.html?_=1659836607242&CODE_STATE=getMsg HTTP/1.1" 200 27
116.224.255.128 - - [07/Aug/2022:09:43:27 +0800] "GET /xingrg/all/function/internal_message.html?_=1659836605740&CODE_STATE=getMsg HTTP/1.1" 200 27
180.169.147.146 - - [07/Aug/2022:09:43:31 +0800] "GET /xingrg/all/function/internal_message.html?_=1659836609350&CODE_STATE=getMsg HTTP/1.1" 200 27
120.253.135.82 - - [07/Aug/2022:09:43:32 +0800] "GET /xingrg/all/function/internal_message.html?_=1659836418354&CODE_STATE=getMsg HTTP/1.1" 200 27
114.86.187.244 - - [07/Aug/2022:09:43:33 +0800] "GET /xingrg/all/function/internal_message.html?_=1659836613963&CODE_STATE=getMsg HTTP/1.1" 200 27
222.69.129.110 - - [07/Aug/2022:09:43:33 +0800] "GET /xingrg/all/function/internal_message.html?_=1659836672411&CODE_STATE=getMsg HTTP/1.1" 200 27
222.69.129.110 - - [07/Aug/2022:09:43:33 +0800] "GET /xingrg/check_reg.html?_=1659836672415 HTTP/1.1" 200 22
114.83.219.234 - - [07/Aug/2022:09:43:35 +0800] "GET /xingrg/check_reg.html?_=1659836614078 HTTP/1.1" 200 22
116.233.76.37 - - [07/Aug/2022:09:43:37 +0800] "GET /xingrg/all/function/internal_message.html?_=1659836617221&CODE_STATE=getMsg HTTP/1.1" 200 27
114.83.219.234 - - [07/Aug/2022:09:43:39 +0800] "GET /xingrg/all/function/internal_message.html?_=1659836617794&CODE_STATE=getMsg HTTP/1.1" 200 27
116.224.123.211 - - [07/Aug/2022:09:43:48 +0800] "GET /xingrg/all/function/internal_message.html?_=1659836627154&CODE_STATE=getMsg HTTP/1.1" 200 27
180.169.147.146 - - [07/Aug/2022:09:43:50 +0800] "GET /xingrg/all/function/internal_message.html?_=1659836748313&CODE_STATE=getMsg HTTP/1.1" 200 27
114.88.158.224 - - [07/Aug/2022:09:43:58 +0800] "GET /xingrg/all/function/internal_message.html?_=1659836316305&CODE_STATE=getMsg HTTP/1.1" 200 27
116.232.194.65 - - [07/Aug/2022:09:43:59 +0800] "GET /xingrg/all/function/internal_message.html?_=1659836631401&CODE_STATE=getMsg HTTP/1.1" 200 27
116.235.94.65 - - [07/Aug/2022:09:44:00 +0800] "GET /xingrg/all/function/internal_message.html?_=1659836827747&CODE_STATE=getMsg HTTP/1.1" 200 27
124.78.152.102 - - [07/Aug/2022:09:44:04 +0800] "GET /xingrg/all/function/internal_message.html?_=1659836644975&CODE_STATE=getMsg HTTP/1.1" 200 27
116.224.123.211 - - [07/Aug/2022:09:44:06 +0800] "GET /xingrg/kc/buy/cgsh_order_operate.html?command=get_materiel&rest_code=00102&code=00101008298&supplier_code=00100151&order_time=2022-08-07 HTTP/1.1" 200 412
58.39.169.63 - - [07/Aug/2022:09:44:08 +0800] "GET /xingrg/all/function/internal_message.html?_=1659836523928&CODE_STATE=getMsg HTTP/1.1" 200 27
116.224.123.211 - - [07/Aug/2022:09:44:12 +0800] "GET /xingrg/all/function/internal_message.html?_=1659836651610&CODE_STATE=getMsg HTTP/1.1" 200 27
120.253.135.82 - - [07/Aug/2022:09:44:12 +0800] "GET /xingrg/check_reg.html?_=1659836458262 HTTP/1.1" 200 22
58.40.7.146 - - [07/Aug/2022:09:44:22 +0800] "GET /xingrg/all/function/internal_message.html?_=1659836661781&CODE_STATE=getMsg HTTP/1.1" 200 27
58.39.169.63 - - [07/Aug/2022:09:44:26 +0800] "GET /xingrg/all/function/internal_message.html?_=1659836667242&CODE_STATE=getMsg HTTP/1.1" 200 27
116.224.255.128 - - [07/Aug/2022:09:44:28 +0800] "GET /xingrg/all/function/internal_message.html?_=1659836665745&CODE_STATE=getMsg HTTP/1.1" 200 27
180.169.147.146 - - [07/Aug/2022:09:44:31 +0800] "GET /xingrg/all/function/internal_message.html?_=1659836669346&CODE_STATE=getMsg HTTP/1.1" 200 27
120.253.135.82 - - [07/Aug/2022:09:44:32 +0800] "GET /xingrg/all/function/internal_message.html?_=1659836478355&CODE_STATE=getMsg HTTP/1.1" 200 27
114.86.187.244 - - [07/Aug/2022:09:44:33 +0800] "GET /xingrg/all/function/internal_message.html?_=1659836673976&CODE_STATE=getMsg HTTP/1.1" 200 27
114.86.187.244 - - [07/Aug/2022:09:44:33 +0800] "GET /xingrg/check_reg.html?_=1659836673979 HTTP/1.1" 200 22
222.69.129.110 - - [07/Aug/2022:09:44:33 +0800] "GET /xingrg/all/function/internal_message.html?_=1659836732404&CODE_STATE=getMsg HTTP/1.1" 200 27
116.233.76.37 - - [07/Aug/2022:09:44:37 +0800] "GET /xingrg/all/function/internal_message.html?_=1659836677221&CODE_STATE=getMsg HTTP/1.1" 200 27
114.83.219.234 - - [07/Aug/2022:09:44:39 +0800] "GET /xingrg/all/function/internal_message.html?_=1659836677780&CODE_STATE=getMsg HTTP/1.1" 200 27
116.224.123.211 - - [07/Aug/2022:09:44:48 +0800] "GET /xingrg/all/function/internal_message.html?_=1659836687161&CODE_STATE=getMsg HTTP/1.1" 200 27
180.169.147.146 - - [07/Aug/2022:09:44:50 +0800] "GET /xingrg/all/function/internal_message.html?_=1659836808306&CODE_STATE=getMsg HTTP/1.1" 200 27
218.81.223.53 - - [07/Aug/2022:09:44:56 +0800] "POST /xingrg/services/DataTransmitService HTTP/1.1" 200 524
218.81.223.53 - - [07/Aug/2022:09:44:56 +0800] "POST /xingrg/services/DataTransmitService HTTP/1.1" 200 2339
114.88.158.224 - - [07/Aug/2022:09:44:58 +0800] "GET /xingrg/all/function/internal_message.html?_=1659836376299&CODE_STATE=getMsg HTTP/1.1" 200 27
114.88.158.224 - - [07/Aug/2022:09:44:58 +0800] "GET /xingrg/check_reg.html?_=1659836376300 HTTP/1.1" 200 22
218.81.223.53 - - [07/Aug/2022:09:44:59 +0800] "POST /xingrg/services/DataTransmitService HTTP/1.1" 200 524
116.232.194.65 - - [07/Aug/2022:09:44:59 +0800] "GET /xingrg/check_reg.html?_=1659836691399 HTTP/1.1" 200 22
116.232.194.65 - - [07/Aug/2022:09:44:59 +0800] "GET /xingrg/all/function/internal_message.html?_=1659836691400&CODE_STATE=getMsg HTTP/1.1" 200 27
218.81.223.53 - - [07/Aug/2022:09:44:59 +0800] "POST /xingrg/services/DataTransmitService HTTP/1.1" 200 2339
116.235.94.65 - - [07/Aug/2022:09:45:00 +0800] "GET /xingrg/all/function/internal_message.html?_=1659836887748&CODE_STATE=getMsg HTTP/1.1" 200 27
116.224.123.211 - - [07/Aug/2022:09:45:01 +0800] "POST /xingrg/kc/buy/cgsh_order_operate.html HTTP/1.1" 200 2065
124.78.152.102 - - [07/Aug/2022:09:45:04 +0800] "GET /xingrg/all/function/internal_message.html?_=1659836704976&CODE_STATE=getMsg HTTP/1.1" 200 27
58.39.169.63 - - [07/Aug/2022:09:45:08 +0800] "GET /xingrg/check_reg.html?_=1659836583919 HTTP/1.1" 200 22
58.39.169.63 - - [07/Aug/2022:09:45:08 +0800] "GET /xingrg/all/function/internal_message.html?_=1659836583922&CODE_STATE=getMsg HTTP/1.1" 200 27
218.81.223.53 - - [07/Aug/2022:09:45:11 +0800] "POST /xingrg/services/DataTransmitService HTTP/1.1" 200 524
116.224.123.211 - - [07/Aug/2022:09:45:12 +0800] "GET /xingrg/all/function/internal_message.html?_=1659836711583&CODE_STATE=getMsg HTTP/1.1" 200 27
116.224.123.211 - - [07/Aug/2022:09:45:12 +0800] "GET /xingrg/check_reg.html?_=1659836711975 HTTP/1.1" 200 22
116.224.123.211 - - [07/Aug/2022:09:45:18 +0800] "GET /xingrg/kc/buy/cgsh_order_operate.html?command=get_materiel&rest_code=00102&code=00101006129&supplier_code=00100151&order_time=2022-08-07 HTTP/1.1" 200 433
58.40.7.146 - - [07/Aug/2022:09:45:22 +0800] "GET /xingrg/all/function/internal_message.html?_=1659836721785&CODE_STATE=getMsg HTTP/1.1" 200 27
58.40.7.146 - - [07/Aug/2022:09:45:22 +0800] "GET /xingrg/check_reg.html?_=1659836721787 HTTP/1.1" 200 22
58.39.169.63 - - [07/Aug/2022:09:45:26 +0800] "GET /xingrg/all/function/internal_message.html?_=1659836727242&CODE_STATE=getMsg HTTP/1.1" 200 27
116.224.255.128 - - [07/Aug/2022:09:45:28 +0800] "GET /xingrg/all/function/internal_message.html?_=1659836725745&CODE_STATE=getMsg HTTP/1.1" 200 27
180.169.147.146 - - [07/Aug/2022:09:45:31 +0800] "GET /xingrg/check_reg.html?_=1659836729348 HTTP/1.1" 200 22
180.169.147.146 - - [07/Aug/2022:09:45:31 +0800] "GET /xingrg/all/function/internal_message.html?_=1659836729351&CODE_STATE=getMsg HTTP/1.1" 200 27
120.253.135.82 - - [07/Aug/2022:09:45:32 +0800] "GET /xingrg/all/function/internal_message.html?_=1659836538385&CODE_STATE=getMsg HTTP/1.1" 200 27
114.86.187.244 - - [07/Aug/2022:09:45:33 +0800] "GET /xingrg/all/function/internal_message.html?_=1659836733964&CODE_STATE=getMsg HTTP/1.1" 200 27
222.69.129.110 - - [07/Aug/2022:09:45:33 +0800] "GET /xingrg/all/function/internal_message.html?_=1659836792398&CODE_STATE=getMsg HTTP/1.1" 200 27
116.233.76.37 - - [07/Aug/2022:09:45:37 +0800] "GET /xingrg/all/function/internal_message.html?_=1659836737224&CODE_STATE=getMsg HTTP/1.1" 200 27
114.83.219.234 - - [07/Aug/2022:09:45:39 +0800] "GET /xingrg/all/function/internal_message.html?_=1659836737764&CODE_STATE=getMsg HTTP/1.1" 200 27
116.235.94.65 - - [07/Aug/2022:09:45:47 +0800] "GET /xingrg/javascript/auto/indicator.gif HTTP/1.1" 404 1066
116.224.123.211 - - [07/Aug/2022:09:45:48 +0800] "GET /xingrg/all/function/internal_message.html?_=1659836747163&CODE_STATE=getMsg HTTP/1.1" 200 27
218.81.223.53 - - [07/Aug/2022:09:45:49 +0800] "POST /xingrg/services/DataTransmitService HTTP/1.1" 200 501
218.81.223.53 - - [07/Aug/2022:09:45:49 +0800] "POST /xingrg/services/DataTransmitService HTTP/1.1" 200 501
180.169.147.146 - - [07/Aug/2022:09:45:50 +0800] "GET /xingrg/all/function/internal_message.html?_=1659836868298&CODE_STATE=getMsg HTTP/1.1" 200 27
218.81.223.53 - - [07/Aug/2022:09:45:51 +0800] "POST /xingrg/services/DataTransmitService HTTP/1.1" 200 501
218.81.223.53 - - [07/Aug/2022:09:45:52 +0800] "POST /xingrg/services/DataTransmitService HTTP/1.1" 200 501
218.81.223.53 - - [07/Aug/2022:09:45:53 +0800] "POST /xingrg/services/DataTransmitService HTTP/1.1" 200 501
116.224.123.211 - - [07/Aug/2022:09:45:53 +0800] "POST /xingrg/kc/buy/cgsh_order_operate.html HTTP/1.1" 200 75
218.81.223.53 - - [07/Aug/2022:09:45:53 +0800] "POST /xingrg/services/DataTransmitService HTTP/1.1" 200 501
218.81.223.53 - - [07/Aug/2022:09:45:53 +0800] "POST /xingrg/services/DataTransmitService HTTP/1.1" 200 501
218.81.223.53 - - [07/Aug/2022:09:45:54 +0800] "POST /xingrg/services/DataTransmitService HTTP/1.1" 200 501
218.81.223.53 - - [07/Aug/2022:09:45:54 +0800] "POST /xingrg/services/DataTransmitService HTTP/1.1" 200 501
218.81.223.53 - - [07/Aug/2022:09:45:55 +0800] "POST /xingrg/services/DataTransmitService HTTP/1.1" 200 501
218.81.223.53 - - [07/Aug/2022:09:45:57 +0800] "POST /xingrg/services/DataTransmitService HTTP/1.1" 200 412
114.88.158.224 - - [07/Aug/2022:09:45:58 +0800] "GET /xingrg/all/function/internal_message.html?_=1659836436339&CODE_STATE=getMsg HTTP/1.1" 200 27
116.232.194.65 - - [07/Aug/2022:09:45:59 +0800] "GET /xingrg/all/function/internal_message.html?_=1659836751400&CODE_STATE=getMsg HTTP/1.1" 200 27
116.235.94.65 - - [07/Aug/2022:09:46:00 +0800] "GET /xingrg/all/function/internal_message.html?_=1659836947749&CODE_STATE=getMsg HTTP/1.1" 200 27
124.78.152.102 - - [07/Aug/2022:09:46:04 +0800] "GET /xingrg/check_reg.html?_=1659836764976 HTTP/1.1" 200 22
124.78.152.102 - - [07/Aug/2022:09:46:04 +0800] "GET /xingrg/all/function/internal_message.html?_=1659836764977&CODE_STATE=getMsg HTTP/1.1" 200 27
180.169.147.146 - - [07/Aug/2022:09:46:07 +0800] "POST /xingrg/all/user/operate.html HTTP/1.1" 200 36
180.169.147.146 - - [07/Aug/2022:09:46:08 +0800] "GET /xingrg/index.html?sysBaseUrl=http%3A%2F%2F180.169.147.146%3A18081%2Fxingrg%2F&costTime=43×tamp=1659834110824 HTTP/1.1" 200 17509
180.169.147.146 - - [07/Aug/2022:09:46:08 +0800] "GET /xingrg/javascript/jquery_easy_ui/themes/default/easyui.css HTTP/1.1" 304 -
180.169.147.146 - - [07/Aug/2022:09:46:08 +0800] "GET /xingrg/javascript/jquery_easy_ui/themes/icon.css HTTP/1.1" 304 -
180.169.147.146 - - [07/Aug/2022:09:46:08 +0800] "GET /xingrg/css/form.css HTTP/1.1" 304 -
180.169.147.146 - - [07/Aug/2022:09:46:08 +0800] "GET /xingrg/javascript/jquery-1.4.2.min.js HTTP/1.1" 304 -
180.169.147.146 - - [07/Aug/2022:09:46:08 +0800] "GET /xingrg/javascript/jquery_easy_ui/jquery.easyui.min.js HTTP/1.1" 304 -
180.169.147.146 - - [07/Aug/2022:09:46:08 +0800] "GET /xingrg/javascript/jquery_easy_ui/easyui-lang-zh_CN.js HTTP/1.1" 304 -
180.169.147.146 - - [07/Aug/2022:09:46:08 +0800] "GET /xingrg/javascript/jquery.form.js HTTP/1.1" 304 -
180.169.147.146 - - [07/Aug/2022:09:46:08 +0800] "GET /xingrg/javascript/jquery.utils.js HTTP/1.1" 304 -
180.169.147.146 - - [07/Aug/2022:09:46:08 +0800] "GET /xingrg/javascript/jquery.timers.js HTTP/1.1" 304 -
180.169.147.146 - - [07/Aug/2022:09:46:08 +0800] "GET /xingrg/images/blue/jxLogo.png HTTP/1.1" 304 -
180.169.147.146 - - [07/Aug/2022:09:46:08 +0800] "GET /xingrg/javascript/jquery_easy_ui/themes/icons/settle_new.png HTTP/1.1" 304 -
180.169.147.146 - - [07/Aug/2022:09:46:08 +0800] "GET /xingrg/images/blue/navBackgound.jpg HTTP/1.1" 304 -
180.169.147.146 - - [07/Aug/2022:09:46:08 +0800] "POST /xingrg/all/common/load_tree.html?tree=area_rest_tree_json&manage=1 HTTP/1.1" 200 3472
180.169.147.146 - - [07/Aug/2022:09:46:08 +0800] "GET /xingrg/javascript/jquery_easy_ui/themes/default/images/panel_tool_collapse.gif HTTP/1.1" 304 -
180.169.147.146 - - [07/Aug/2022:09:46:08 +0800] "GET /xingrg/images/blue/pingpu.png HTTP/1.1" 304 -
180.169.147.146 - - [07/Aug/2022:09:46:08 +0800] "GET /xingrg/check_reg.html?_=1659836766213 HTTP/1.1" 200 22
180.169.147.146 - - [07/Aug/2022:09:46:08 +0800] "POST /xingrg/load_menu.html HTTP/1.1" 200 9959
180.169.147.146 - - [07/Aug/2022:09:46:08 +0800] "GET /xingrg/all/function/internal_message.html?_=1659836766212&CODE_STATE=count HTTP/1.1" 200 11
180.169.147.146 - - [07/Aug/2022:09:46:08 +0800] "GET /xingrg/javascript/jquery_easy_ui/themes/default/images/tabs_leftarrow.png HTTP/1.1" 304 -
180.169.147.146 - - [07/Aug/2022:09:46:08 +0800] "GET /xingrg/javascript/jquery_easy_ui/themes/default/images/panel_tool_expand.gif HTTP/1.1" 304 -
180.169.147.146 - - [07/Aug/2022:09:46:08 +0800] "GET /xingrg/javascript/jquery_easy_ui/themes/default/images/tabs_rightarrow.png HTTP/1.1" 304 -
180.169.147.146 - - [07/Aug/2022:09:46:08 +0800] "GET /xingrg/javascript/jquery_easy_ui/themes/icons/storage_new.png HTTP/1.1" 304 -
180.169.147.146 - - [07/Aug/2022:09:46:08 +0800] "GET /xingrg/javascript/jquery_easy_ui/themes/default/images/tree_arrows.gif HTTP/1.1" 304 -
180.169.147.146 - - [07/Aug/2022:09:46:08 +0800] "GET /xingrg/javascript/jquery_easy_ui/themes/default/images/tree_file.gif HTTP/1.1" 304 -
180.169.147.146 - - [07/Aug/2022:09:46:08 +0800] "GET /xingrg/javascript/jquery_easy_ui/themes/default/images/tree_folder_open.gif HTTP/1.1" 304 -
180.169.147.146 - - [07/Aug/2022:09:46:08 +0800] "GET /xingrg/javascript/jquery_easy_ui/themes/icons/search_new.png HTTP/1.1" 304 -
180.169.147.146 - - [07/Aug/2022:09:46:08 +0800] "GET /xingrg/javascript/jquery_easy_ui/themes/icons/systemset_new.png HTTP/1.1" 304 -
180.169.147.146 - - [07/Aug/2022:09:46:08 +0800] "GET /xingrg/javascript/jquery_easy_ui/themes/icons/setting_new.png HTTP/1.1" 304 -
180.169.147.146 - - [07/Aug/2022:09:46:08 +0800] "GET /xingrg/javascript/jquery_easy_ui/themes/icons/forms_new.png HTTP/1.1" 304 -
180.169.147.146 - - [07/Aug/2022:09:46:08 +0800] "GET /xingrg/javascript/jquery_easy_ui/themes/icons/checkout_new.png HTTP/1.1" 304 -
