58.40.7.146 - - [07/Aug/2022:10:16:22 +0800] "GET /xingrg/all/function/internal_message.html?_=1659838581800&CODE_STATE=getMsg HTTP/1.1" 200 27
58.39.169.63 - - [07/Aug/2022:10:16:26 +0800] "GET /xingrg/check_reg.html?_=1659838587287 HTTP/1.1" 200 22
58.39.169.63 - - [07/Aug/2022:10:16:26 +0800] "GET /xingrg/all/function/internal_message.html?_=1659838587290&CODE_STATE=getMsg HTTP/1.1" 200 27
116.224.255.128 - - [07/Aug/2022:10:16:28 +0800] "GET /xingrg/check_reg.html?_=1659838585847 HTTP/1.1" 200 22
116.224.255.128 - - [07/Aug/2022:10:16:28 +0800] "GET /xingrg/all/function/internal_message.html?_=1659838585850&CODE_STATE=getMsg HTTP/1.1" 200 27
180.169.147.146 - - [07/Aug/2022:10:16:33 +0800] "GET /xingrg/all/function/internal_message.html?_=1659838591093&CODE_STATE=getMsg HTTP/1.1" 200 27
114.86.187.244 - - [07/Aug/2022:10:16:33 +0800] "GET /xingrg/all/function/internal_message.html?_=1659838594018&CODE_STATE=getMsg HTTP/1.1" 200 27
116.233.76.37 - - [07/Aug/2022:10:16:38 +0800] "GET /xingrg/all/function/internal_message.html?_=1659838597305&CODE_STATE=getMsg HTTP/1.1" 200 27
114.83.219.234 - - [07/Aug/2022:10:16:38 +0800] "GET /xingrg/all/function/internal_message.html?_=1659838597210&CODE_STATE=getMsg HTTP/1.1" 200 27
116.224.123.211 - - [07/Aug/2022:10:16:39 +0800] "POST /xingrg/kc/buy/cgsh_list_operate.html HTTP/1.1" 200 4833
116.224.123.211 - - [07/Aug/2022:10:16:48 +0800] "GET /xingrg/all/function/internal_message.html?_=1659838607687&CODE_STATE=getMsg HTTP/1.1" 200 27
180.169.147.146 - - [07/Aug/2022:10:16:50 +0800] "GET /xingrg/all/function/internal_message.html?_=1659838728327&CODE_STATE=getMsg HTTP/1.1" 200 27
222.69.129.110 - - [07/Aug/2022:10:16:54 +0800] "GET /xingrg/all/function/internal_message.html?_=1659838672927&CODE_STATE=getMsg HTTP/1.1" 200 27
116.232.194.65 - - [07/Aug/2022:10:16:59 +0800] "GET /xingrg/all/function/internal_message.html?_=1659838611393&CODE_STATE=getMsg HTTP/1.1" 200 27
116.235.94.65 - - [07/Aug/2022:10:17:00 +0800] "GET /xingrg/all/function/internal_message.html?_=1659838807802&CODE_STATE=getMsg HTTP/1.1" 200 27
116.235.94.65 - - [07/Aug/2022:10:17:00 +0800] "GET /xingrg/check_reg.html?_=1659838807803 HTTP/1.1" 200 22
58.39.169.63 - - [07/Aug/2022:10:17:08 +0800] "GET /xingrg/all/function/internal_message.html?_=1659838503970&CODE_STATE=getMsg HTTP/1.1" 200 27
116.224.123.211 - - [07/Aug/2022:10:17:11 +0800] "GET /xingrg/all/function/internal_message.html?_=1659838630697&CODE_STATE=getMsg HTTP/1.1" 200 27
58.40.7.146 - - [07/Aug/2022:10:17:22 +0800] "GET /xingrg/all/function/internal_message.html?_=1659838641802&CODE_STATE=getMsg HTTP/1.1" 200 27
58.39.169.63 - - [07/Aug/2022:10:17:26 +0800] "GET /xingrg/all/function/internal_message.html?_=1659838647289&CODE_STATE=getMsg HTTP/1.1" 200 27
116.224.255.128 - - [07/Aug/2022:10:17:28 +0800] "GET /xingrg/all/function/internal_message.html?_=1659838645850&CODE_STATE=getMsg HTTP/1.1" 200 27
180.169.147.146 - - [07/Aug/2022:10:17:33 +0800] "GET /xingrg/all/function/internal_message.html?_=1659838651063&CODE_STATE=getMsg HTTP/1.1" 200 27
114.86.187.244 - - [07/Aug/2022:10:17:33 +0800] "GET /xingrg/all/function/internal_message.html?_=1659838654006&CODE_STATE=getMsg HTTP/1.1" 200 27
116.233.76.37 - - [07/Aug/2022:10:17:37 +0800] "GET /xingrg/all/function/internal_message.html?_=1659838657303&CODE_STATE=getMsg HTTP/1.1" 200 27
116.233.76.37 - - [07/Aug/2022:10:17:38 +0800] "GET /xingrg/check_reg.html?_=1659838657304 HTTP/1.1" 200 22
114.83.219.234 - - [07/Aug/2022:10:17:38 +0800] "GET /xingrg/all/function/internal_message.html?_=1659838657201&CODE_STATE=getMsg HTTP/1.1" 200 27
58.39.169.63 - - [07/Aug/2022:10:17:43 +0800] "GET /xingrg/javascript/jquery_easy_ui/themes/default/images/tabs_active.png HTTP/1.1" 304 -
120.253.135.82 - - [07/Aug/2022:10:17:45 +0800] "GET /xingrg/javascript/jquery_easy_ui/themes/default/images/button_plain_hover.png HTTP/1.1" 304 -
120.253.135.82 - - [07/Aug/2022:10:17:46 +0800] "GET /xingrg/kc/pszx/mdqp_order_list.html?isBack=1 HTTP/1.1" 302 -
120.253.135.82 - - [07/Aug/2022:10:17:46 +0800] "GET /xingrg/kc/pszx/mdqp_order_list.html?state=10 HTTP/1.1" 200 10657
120.253.135.82 - - [07/Aug/2022:10:17:46 +0800] "GET /xingrg/dwr/interface/AjaxReportQueryService.js HTTP/1.1" 200 13203
120.253.135.82 - - [07/Aug/2022:10:17:46 +0800] "GET /xingrg/dwr/engine.js HTTP/1.1" 200 43631
120.253.135.82 - - [07/Aug/2022:10:17:46 +0800] "GET /xingrg/dwr/interface/AjaxQqpsService.js HTTP/1.1" 200 16326
172.20.0.100 - - [07/Aug/2022:10:17:46 +0800] "GET /xingrg/kc/cost/cost_page.html HTTP/1.1" 200 4078
172.20.0.100 - - [07/Aug/2022:10:17:46 +0800] "GET /xingrg/all/function/internal_message.html?_=1659838665437&CODE_STATE=getMsg HTTP/1.1" 200 27
172.20.0.100 - - [07/Aug/2022:10:17:46 +0800] "GET /xingrg/check_reg.html?_=1659838665441 HTTP/1.1" 200 22
172.20.0.100 - - [07/Aug/2022:10:17:46 +0800] "GET /xingrg/css/blue.css HTTP/1.1" 304 -
172.20.0.100 - - [07/Aug/2022:10:17:46 +0800] "GET /xingrg/javascript/jquery_easy_ui/themes/default/easyui.css HTTP/1.1" 304 -
172.20.0.100 - - [07/Aug/2022:10:17:46 +0800] "GET /xingrg/javascript/jquery_easy_ui/themes/icon.css HTTP/1.1" 304 -
172.20.0.100 - - [07/Aug/2022:10:17:46 +0800] "GET /xingrg/javascript/step/step.css HTTP/1.1" 304 -
172.20.0.100 - - [07/Aug/2022:10:17:46 +0800] "GET /xingrg/css/table.css HTTP/1.1" 304 -
172.20.0.100 - - [07/Aug/2022:10:17:46 +0800] "GET /xingrg/dwr/interface/AjaxReportQueryService.js HTTP/1.1" 200 13203
172.20.0.100 - - [07/Aug/2022:10:17:47 +0800] "GET /xingrg/dwr/engine.js HTTP/1.1" 200 43631
172.20.0.100 - - [07/Aug/2022:10:17:47 +0800] "GET /xingrg/dwr/util.js HTTP/1.1" 304 -
172.20.0.100 - - [07/Aug/2022:10:17:47 +0800] "GET /xingrg/javascript/jquery-1.4.2.min.js HTTP/1.1" 304 -
172.20.0.100 - - [07/Aug/2022:10:17:47 +0800] "GET /xingrg/javascript/jquery_easy_ui/jquery.easyui.min.js HTTP/1.1" 304 -
172.20.0.100 - - [07/Aug/2022:10:17:47 +0800] "GET /xingrg/javascript/jquery_easy_ui/easyui-lang-zh_CN.js HTTP/1.1" 304 -
172.20.0.100 - - [07/Aug/2022:10:17:47 +0800] "GET /xingrg/javascript/jquery.utils.js HTTP/1.1" 304 -
172.20.0.100 - - [07/Aug/2022:10:17:47 +0800] "GET /xingrg/images/control/ajaxLoader.gif HTTP/1.1" 304 -
116.224.123.211 - - [07/Aug/2022:10:17:48 +0800] "GET /xingrg/check_reg.html?_=1659838667165 HTTP/1.1" 200 22
116.224.123.211 - - [07/Aug/2022:10:17:48 +0800] "GET /xingrg/all/function/internal_message.html?_=1659838667682&CODE_STATE=getMsg HTTP/1.1" 200 27
58.39.169.63 - - [07/Aug/2022:10:17:49 +0800] "GET /xingrg/kc/base/base_main.html HTTP/1.1" 200 12142
58.39.169.63 - - [07/Aug/2022:10:17:49 +0800] "GET /xingrg/images/blue/button/wlsy.gif HTTP/1.1" 304 -
58.39.169.63 - - [07/Aug/2022:10:17:49 +0800] "GET /xingrg/images/blue/button/bottom_right.jpg HTTP/1.1" 304 -
58.39.169.63 - - [07/Aug/2022:10:17:49 +0800] "GET /xingrg/images/blue/button/ckpd.gif HTTP/1.1" 304 -
58.39.169.63 - - [07/Aug/2022:10:17:49 +0800] "GET /xingrg/images/blue/button/down.jpg HTTP/1.1" 304 -
58.39.169.63 - - [07/Aug/2022:10:17:49 +0800] "GET /xingrg/images/blue/button/bottom_left.jpg HTTP/1.1" 304 -
58.39.169.63 - - [07/Aug/2022:10:17:49 +0800] "GET /xingrg/images/blue/button/top_right.jpg HTTP/1.1" 304 -
58.39.169.63 - - [07/Aug/2022:10:17:49 +0800] "GET /xingrg/images/blue/button/top_left.jpg HTTP/1.1" 304 -
58.39.169.63 - - [07/Aug/2022:10:17:49 +0800] "GET /xingrg/images/blue/button/yddb.gif HTTP/1.1" 304 -
58.39.169.63 - - [07/Aug/2022:10:17:49 +0800] "GET /xingrg/images/blue/button/ckdb.gif HTTP/1.1" 304 -
58.39.169.63 - - [07/Aug/2022:10:17:49 +0800] "GET /xingrg/images/blue/button/left_ah.jpg HTTP/1.1" 304 -
180.169.147.146 - - [07/Aug/2022:10:17:50 +0800] "GET /xingrg/check_reg.html?_=1659838788300 HTTP/1.1" 200 22
180.169.147.146 - - [07/Aug/2022:10:17:50 +0800] "GET /xingrg/all/function/internal_message.html?_=1659838788302&CODE_STATE=getMsg HTTP/1.1" 200 27
58.39.169.63 - - [07/Aug/2022:10:17:50 +0800] "GET /xingrg/kc/base/wldb_order_list.html HTTP/1.1" 200 19142
58.39.169.63 - - [07/Aug/2022:10:17:51 +0800] "POST /xingrg/kc/base/wldb_list_operate.html HTTP/1.1" 200 928
58.39.169.63 - - [07/Aug/2022:10:17:53 +0800] "GET /xingrg/kc/base/wldb_order_add.html HTTP/1.1" 200 30356
58.39.169.63 - - [07/Aug/2022:10:17:54 +0800] "POST /xingrg/kc/base/wldb_order_operate.html HTTP/1.1" 200 6806
58.39.169.63 - - [07/Aug/2022:10:17:54 +0800] "GET /xingrg/all/common/auto_word.html?type=base&rest_code=00105 HTTP/1.1" 200 1907
58.39.169.63 - - [07/Aug/2022:10:17:54 +0800] "GET /xingrg/all/common/auto_word.html?type=base&rest_code=00105 HTTP/1.1" 200 1907
58.39.169.63 - - [07/Aug/2022:10:17:54 +0800] "GET /xingrg/javascript/easyui/themes/default/validatebox.css HTTP/1.1" 404 1104
222.69.129.110 - - [07/Aug/2022:10:17:54 +0800] "GET /xingrg/all/function/internal_message.html?_=1659838732932&CODE_STATE=getMsg HTTP/1.1" 200 27
222.69.129.110 - - [07/Aug/2022:10:17:54 +0800] "GET /xingrg/check_reg.html?_=1659838732933 HTTP/1.1" 200 22
120.253.135.82 - - [07/Aug/2022:10:17:56 +0800] "GET /xingrg/kc/pszx/mdqp_order_list.html?state=10 HTTP/1.1" 200 10657
120.253.135.82 - - [07/Aug/2022:10:17:56 +0800] "GET /xingrg/dwr/interface/AjaxReportQueryService.js HTTP/1.1" 200 13203
120.253.135.82 - - [07/Aug/2022:10:17:56 +0800] "GET /xingrg/dwr/interface/AjaxQqpsService.js HTTP/1.1" 200 16326
120.253.135.82 - - [07/Aug/2022:10:17:56 +0800] "GET /xingrg/dwr/engine.js HTTP/1.1" 200 43631
116.232.194.65 - - [07/Aug/2022:10:17:59 +0800] "GET /xingrg/all/function/internal_message.html?_=1659838671393&CODE_STATE=getMsg HTTP/1.1" 200 27
116.235.94.65 - - [07/Aug/2022:10:18:00 +0800] "GET /xingrg/all/function/internal_message.html?_=1659838867801&CODE_STATE=getMsg HTTP/1.1" 200 27
58.39.169.63 - - [07/Aug/2022:10:18:08 +0800] "GET /xingrg/all/function/internal_message.html?_=1659838563969&CODE_STATE=getMsg HTTP/1.1" 200 27
58.39.169.63 - - [07/Aug/2022:10:18:09 +0800] "GET /xingrg/javascript/auto/indicator.gif HTTP/1.1" 404 1066
116.224.123.211 - - [07/Aug/2022:10:18:11 +0800] "GET /xingrg/all/function/internal_message.html?_=1659838690667&CODE_STATE=getMsg HTTP/1.1" 200 27
58.40.7.146 - - [07/Aug/2022:10:18:22 +0800] "GET /xingrg/all/function/internal_message.html?_=1659838701804&CODE_STATE=getMsg HTTP/1.1" 200 27
58.39.169.63 - - [07/Aug/2022:10:18:26 +0800] "GET /xingrg/kc/base/wldb_order_operate.html?command=get_materiel&rest_code=00105&base_code=0010507&code=00101019015 HTTP/1.1" 200 451
116.224.255.128 - - [07/Aug/2022:10:18:28 +0800] "GET /xingrg/all/function/internal_message.html?_=1659838705855&CODE_STATE=getMsg HTTP/1.1" 200 27
180.169.147.146 - - [07/Aug/2022:10:18:33 +0800] "GET /xingrg/all/function/internal_message.html?_=1659838711038&CODE_STATE=getMsg HTTP/1.1" 200 27
114.86.187.244 - - [07/Aug/2022:10:18:33 +0800] "GET /xingrg/all/function/internal_message.html?_=1659838714009&CODE_STATE=getMsg HTTP/1.1" 200 27
114.83.219.234 - - [07/Aug/2022:10:18:35 +0800] "GET /xingrg/check_reg.html?_=1659838714209 HTTP/1.1" 200 22
116.233.76.37 - - [07/Aug/2022:10:18:37 +0800] "GET /xingrg/all/function/internal_message.html?_=1659838717305&CODE_STATE=getMsg HTTP/1.1" 200 27
58.39.169.63 - - [07/Aug/2022:10:18:38 +0800] "GET /xingrg/kc/base/wldb_order_operate.html?command=get_materiel&rest_code=00105&base_code=0010507&code=00101019258 HTTP/1.1" 200 483
124.78.152.102 - - [07/Aug/2022:10:18:38 +0800] "GET /xingrg/kc/buy/buy_main.html HTTP/1.1" 200 12412
124.78.152.102 - - [07/Aug/2022:10:18:38 +0800] "GET /xingrg/css/new_ie.css HTTP/1.1" 404 1036
114.83.219.234 - - [07/Aug/2022:10:18:38 +0800] "GET /xingrg/all/function/internal_message.html?_=1659838717180&CODE_STATE=getMsg HTTP/1.1" 200 27
124.78.152.102 - - [07/Aug/2022:10:18:40 +0800] "GET /xingrg/images/yd/bt.gif HTTP/1.1" 404 1040
124.78.152.102 - - [07/Aug/2022:10:18:40 +0800] "GET /xingrg/kc/buy/cgsh_order_list.html HTTP/1.1" 200 52503
124.78.152.102 - - [07/Aug/2022:10:18:41 +0800] "POST /xingrg/kc/buy/cgsh_list_operate.html HTTP/1.1" 200 693
120.253.135.82 - - [07/Aug/2022:10:18:42 +0800] "GET /xingrg/kc/buy/cgth_order_list.html HTTP/1.1" 200 51906
120.253.135.82 - - [07/Aug/2022:10:18:43 +0800] "POST /xingrg/kc/buy/cgth_list_operate.html HTTP/1.1" 200 1035
124.78.152.102 - - [07/Aug/2022:10:18:44 +0800] "GET /xingrg/kc/buy/cgsh_order_add.html HTTP/1.1" 200 68279
124.78.152.102 - - [07/Aug/2022:10:18:45 +0800] "POST /xingrg/kc/buy/cgsh_order_operate.html HTTP/1.1" 200 8245
124.78.152.102 - - [07/Aug/2022:10:18:45 +0800] "GET /xingrg/all/common/auto_word.html?type=employee&rest_code=00106 HTTP/1.1" 200 205
124.78.152.102 - - [07/Aug/2022:10:18:45 +0800] "GET /xingrg/javascript/easyui/themes/default/validatebox.css HTTP/1.1" 404 1104
124.78.152.102 - - [07/Aug/2022:10:18:45 +0800] "GET /xingrg/all/common/auto_word.html?type=employee&rest_code=00106 HTTP/1.1" 200 205
120.253.135.82 - - [07/Aug/2022:10:18:46 +0800] "GET /xingrg/kc/buy/cgth_order_add.html HTTP/1.1" 200 69760
120.253.135.82 - - [07/Aug/2022:10:18:46 +0800] "GET /xingrg/dwr/interface/AjaxComOrderService.js HTTP/1.1" 200 18264
120.253.135.82 - - [07/Aug/2022:10:18:46 +0800] "GET /xingrg/dwr/interface/AjaxCgthService.js HTTP/1.1" 200 14519
120.253.135.82 - - [07/Aug/2022:10:18:46 +0800] "GET /xingrg/dwr/engine.js HTTP/1.1" 200 43631
120.253.135.82 - - [07/Aug/2022:10:18:46 +0800] "GET /xingrg/javascript/jquery_easy_ui/themes/icons/edit_add_new.png HTTP/1.1" 200 2997
120.253.135.82 - - [07/Aug/2022:10:18:46 +0800] "GET /xingrg/javascript/jquery_easy_ui/themes/icons/cance_new.png HTTP/1.1" 200 3986
120.253.135.82 - - [07/Aug/2022:10:18:46 +0800] "GET /xingrg/javascript/jquery_easy_ui/themes/icons/ok.png HTTP/1.1" 200 883
120.253.135.82 - - [07/Aug/2022:10:18:46 +0800] "GET /xingrg/javascript/jquery_easy_ui/themes/default/images/combo_arrow_dot.gif HTTP/1.1" 304 -
120.253.135.82 - - [07/Aug/2022:10:18:46 +0800] "GET /xingrg/javascript/jquery_easy_ui/themes/default/images/validatebox_warning.png HTTP/1.1" 200 921
120.253.135.82 - - [07/Aug/2022:10:18:46 +0800] "GET /xingrg/javascript/jquery_easy_ui/themes/default/images/validatebox_pointer.gif HTTP/1.1" 200 82
120.253.135.82 - - [07/Aug/2022:10:18:46 +0800] "GET /xingrg/javascript/jquery_easy_ui/themes/default/images/calendar_nextmonth.gif HTTP/1.1" 304 -
120.253.135.82 - - [07/Aug/2022:10:18:46 +0800] "GET /xingrg/javascript/jquery_easy_ui/themes/default/images/calendar_nextyear.gif HTTP/1.1" 304 -
120.253.135.82 - - [07/Aug/2022:10:18:46 +0800] "GET /xingrg/javascript/jquery_easy_ui/themes/default/images/calendar_prevmonth.gif HTTP/1.1" 304 -
120.253.135.82 - - [07/Aug/2022:10:18:46 +0800] "GET /xingrg/javascript/jquery_easy_ui/themes/default/images/calendar_prevyear.gif HTTP/1.1" 304 -
120.253.135.82 - - [07/Aug/2022:10:18:46 +0800] "POST /xingrg/all/common/load_tree.html?tree=supplier_tree_json&isDelete=1 HTTP/1.1" 200 67662
124.78.152.102 - - [07/Aug/2022:10:18:46 +0800] "GET /xingrg/javascript/easyui/themes/default/tree.css HTTP/1.1" 404 1090
120.253.135.82 - - [07/Aug/2022:10:18:46 +0800] "GET /xingrg/images/blue/button/kc_tab_del.gif HTTP/1.1" 200 383
120.253.135.82 - - [07/Aug/2022:10:18:46 +0800] "GET /xingrg/images/blue/button/kc_tab_add.gif HTTP/1.1" 200 375
124.78.152.102 - - [07/Aug/2022:10:18:46 +0800] "POST /xingrg/all/common/load_tree.html?tree=supplier_tree_json&isDelete=1 HTTP/1.1" 200 67662
172.20.0.100 - - [07/Aug/2022:10:18:46 +0800] "GET /xingrg/all/function/internal_message.html?_=1659838725416&CODE_STATE=getMsg HTTP/1.1" 200 27
116.224.123.211 - - [07/Aug/2022:10:18:48 +0800] "GET /xingrg/all/function/internal_message.html?_=1659838727683&CODE_STATE=getMsg HTTP/1.1" 200 27
58.39.169.63 - - [07/Aug/2022:10:18:49 +0800] "GET /xingrg/kc/base/wldb_order_operate.html?command=get_materiel&rest_code=00105&base_code=0010507&code=00101019400 HTTP/1.1" 200 465
180.169.147.146 - - [07/Aug/2022:10:18:50 +0800] "GET /xingrg/all/function/internal_message.html?_=1659838848310&CODE_STATE=getMsg HTTP/1.1" 200 27
222.69.129.110 - - [07/Aug/2022:10:18:54 +0800] "GET /xingrg/all/function/internal_message.html?_=1659838792946&CODE_STATE=getMsg HTTP/1.1" 200 27
116.232.194.65 - - [07/Aug/2022:10:18:59 +0800] "GET /xingrg/all/function/internal_message.html?_=1659838731383&CODE_STATE=getMsg HTTP/1.1" 200 27
116.235.94.65 - - [07/Aug/2022:10:19:00 +0800] "GET /xingrg/all/function/internal_message.html?_=1659838927799&CODE_STATE=getMsg HTTP/1.1" 200 27
120.253.135.82 - - [07/Aug/2022:10:19:03 +0800] "POST /xingrg/dwr/call/plaincall/AjaxCgthService.saveOrder.dwr HTTP/1.1" 200 78
58.39.169.63 - - [07/Aug/2022:10:19:04 +0800] "GET /xingrg/kc/base/wldb_order_operate.html?command=get_materiel&rest_code=00105&base_code=0010507&code=00101019183 HTTP/1.1" 200 448
120.253.135.82 - - [07/Aug/2022:10:19:04 +0800] "GET /xingrg/images/yd/bt.gif HTTP/1.1" 404 1040
124.78.152.102 - - [07/Aug/2022:10:19:05 +0800] "GET /xingrg/javascript/auto/indicator.gif HTTP/1.1" 404 1066
120.253.135.82 - - [07/Aug/2022:10:19:08 +0800] "POST /xingrg/dwr/call/plaincall/AjaxComOrderService.getMaterielSearchList.dwr HTTP/1.1" 200 521075
120.253.135.82 - - [07/Aug/2022:10:19:08 +0800] "POST /xingrg/dwr/call/plaincall/AjaxComOrderService.getMaterielSearchList.dwr HTTP/1.1" 200 1702
58.39.169.63 - - [07/Aug/2022:10:19:08 +0800] "GET /xingrg/all/function/internal_message.html?_=1659838623969&CODE_STATE=getMsg HTTP/1.1" 200 27
120.253.135.82 - - [07/Aug/2022:10:19:09 +0800] "POST /xingrg/dwr/call/plaincall/AjaxComOrderService.getMaterielSearchList.dwr HTTP/1.1" 200 1702
116.224.123.211 - - [07/Aug/2022:10:19:11 +0800] "GET /xingrg/all/function/internal_message.html?_=1659838750637&CODE_STATE=getMsg HTTP/1.1" 200 27
124.78.152.102 - - [07/Aug/2022:10:19:12 +0800] "GET /xingrg/kc/buy/cgsh_order_operate.html?command=get_materiel&rest_code=00106&code=00101016025&supplier_code=00100032&order_time=2022-08-07 HTTP/1.1" 200 408
58.39.169.63 - - [07/Aug/2022:10:19:14 +0800] "GET /xingrg/kc/base/wldb_order_operate.html?command=get_materiel&rest_code=00105&base_code=0010507&code=00101019542 HTTP/1.1" 200 447
120.253.135.82 - - [07/Aug/2022:10:19:17 +0800] "POST /xingrg/dwr/call/plaincall/AjaxCgthService.getMaterielByMap.dwr HTTP/1.1" 200 1735
114.88.158.224 - - [07/Aug/2022:10:19:19 +0800] "POST /xingrg/kc/buy/cgsh_list_operate.html HTTP/1.1" 200 3969
114.88.158.224 - - [07/Aug/2022:10:19:20 +0800] "GET /xingrg/kc/buy/buy_main.html HTTP/1.1" 200 12412
114.88.158.224 - - [07/Aug/2022:10:19:20 +0800] "GET /xingrg/css/new_ie.css HTTP/1.1" 404 1036
114.88.158.224 - - [07/Aug/2022:10:19:20 +0800] "GET /xingrg/images/yd/bt.gif HTTP/1.1" 404 1040
114.88.158.224 - - [07/Aug/2022:10:19:21 +0800] "GET /xingrg/kc/buy/cgsh_order_list.html HTTP/1.1" 200 52509
114.88.158.224 - - [07/Aug/2022:10:19:22 +0800] "POST /xingrg/kc/buy/cgsh_list_operate.html HTTP/1.1" 200 693
58.40.7.146 - - [07/Aug/2022:10:19:22 +0800] "GET /xingrg/all/function/internal_message.html?_=1659838761789&CODE_STATE=getMsg HTTP/1.1" 200 27
114.88.158.224 - - [07/Aug/2022:10:19:23 +0800] "GET /xingrg/kc/buy/cgsh_order_add.html HTTP/1.1" 200 68285
120.253.135.82 - - [07/Aug/2022:10:19:23 +0800] "POST /xingrg/dwr/call/plaincall/AjaxCgthService.getUnitPrice.dwr HTTP/1.1" 200 87
114.88.158.224 - - [07/Aug/2022:10:19:23 +0800] "GET /xingrg/javascript/easyui/themes/default/validatebox.css HTTP/1.1" 404 1104
114.88.158.224 - - [07/Aug/2022:10:19:23 +0800] "POST /xingrg/kc/buy/cgsh_order_operate.html HTTP/1.1" 200 8245
58.39.169.63 - - [07/Aug/2022:10:19:24 +0800] "GET /xingrg/kc/base/wldb_order_operate.html?command=get_materiel&rest_code=00105&base_code=0010507&code=00101019185 HTTP/1.1" 200 467
114.88.158.224 - - [07/Aug/2022:10:19:27 +0800] "GET /xingrg/javascript/auto/indicator.gif HTTP/1.1" 404 1066
116.224.255.128 - - [07/Aug/2022:10:19:28 +0800] "GET /xingrg/all/function/internal_message.html?_=1659838765839&CODE_STATE=getMsg HTTP/1.1" 200 27
114.88.158.224 - - [07/Aug/2022:10:19:31 +0800] "GET /xingrg/javascript/jquery_tools/images/prev.gif HTTP/1.1" 404 1086
114.88.158.224 - - [07/Aug/2022:10:19:31 +0800] "GET /xingrg/javascript/jquery_tools/images/next.gif HTTP/1.1" 404 1086
120.253.135.82 - - [07/Aug/2022:10:19:31 +0800] "POST /xingrg/dwr/call/plaincall/AjaxCgthService.saveMaterielItem.dwr HTTP/1.1" 200 78
180.169.147.146 - - [07/Aug/2022:10:19:33 +0800] "GET /xingrg/all/function/internal_message.html?_=1659838771008&CODE_STATE=getMsg HTTP/1.1" 200 27
114.86.187.244 - - [07/Aug/2022:10:19:33 +0800] "GET /xingrg/all/function/internal_message.html?_=1659838774013&CODE_STATE=getMsg HTTP/1.1" 200 27
114.86.187.244 - - [07/Aug/2022:10:19:33 +0800] "GET /xingrg/check_reg.html?_=1659838774015 HTTP/1.1" 200 22
58.39.169.63 - - [07/Aug/2022:10:19:34 +0800] "GET /xingrg/kc/base/wldb_order_operate.html?command=get_materiel&rest_code=00105&base_code=0010507&code=00101016019 HTTP/1.1" 200 450
120.253.135.82 - - [07/Aug/2022:10:19:36 +0800] "POST /xingrg/dwr/call/plaincall/AjaxCgthService.saveOrder.dwr HTTP/1.1" 200 78
114.88.158.224 - - [07/Aug/2022:10:19:36 +0800] "GET /xingrg/kc/buy/cgsh_order_operate.html?command=get_materiel&rest_code=00141&code=00101006111&supplier_code=00100012&order_time=2022-08-07 HTTP/1.1" 200 409
116.233.76.37 - - [07/Aug/2022:10:19:37 +0800] "GET /xingrg/all/function/internal_message.html?_=1659838777308&CODE_STATE=getMsg HTTP/1.1" 200 27
114.83.219.234 - - [07/Aug/2022:10:19:38 +0800] "GET /xingrg/all/function/internal_message.html?_=1659838777151&CODE_STATE=getMsg HTTP/1.1" 200 27
120.253.135.82 - - [07/Aug/2022:10:19:39 +0800] "GET /xingrg/kc/print/load_config.html?_=1659838585966&kc_code=cgth HTTP/1.1" 200 2458
120.253.135.82 - - [07/Aug/2022:10:19:39 +0800] "GET /xingrg/kc/print/load_data.html?_=1659838585994&order_code=232022080700003&kc_code=cgth&condition= HTTP/1.1" 200 522
120.253.135.82 - - [07/Aug/2022:10:19:40 +0800] "GET /xingrg/kc/print/load_config.html?_=1659838586784&kc_code=cgth HTTP/1.1" 200 2458
120.253.135.82 - - [07/Aug/2022:10:19:40 +0800] "GET /xingrg/kc/print/load_data.html?_=1659838586845&order_code=232022080700003&kc_code=cgth&condition= HTTP/1.1" 200 522
124.78.152.102 - - [07/Aug/2022:10:19:42 +0800] "GET /xingrg/kc/buy/cgsh_order_operate.html?command=get_materiel&rest_code=00106&code=00101001060&supplier_code=00100032&order_time=2022-08-07 HTTP/1.1" 200 421
114.88.158.224 - - [07/Aug/2022:10:19:45 +0800] "GET /xingrg/kc/buy/cgsh_order_operate.html?command=get_materiel&rest_code=00141&code=00101006193&supplier_code=00100012&order_time=2022-08-07 HTTP/1.1" 200 409
120.253.135.82 - - [07/Aug/2022:10:19:46 +0800] "GET /xingrg/kc/buy/cgth_order_list.html?isBack=1 HTTP/1.1" 200 51906
172.20.0.100 - - [07/Aug/2022:10:19:46 +0800] "GET /xingrg/all/function/internal_message.html?_=1659838785402&CODE_STATE=getMsg HTTP/1.1" 200 27
120.253.135.82 - - [07/Aug/2022:10:19:47 +0800] "POST /xingrg/kc/buy/cgth_list_operate.html HTTP/1.1" 200 1917
116.224.123.211 - - [07/Aug/2022:10:19:48 +0800] "GET /xingrg/all/function/internal_message.html?_=1659838787685&CODE_STATE=getMsg HTTP/1.1" 200 27
58.39.169.63 - - [07/Aug/2022:10:19:49 +0800] "GET /xingrg/kc/base/wldb_order_operate.html?command=get_materiel&rest_code=00105&base_code=0010507&code=00101019046 HTTP/1.1" 200 477
180.169.147.146 - - [07/Aug/2022:10:19:50 +0800] "GET /xingrg/all/function/internal_message.html?_=1659838908308&CODE_STATE=getMsg HTTP/1.1" 200 27
222.69.129.110 - - [07/Aug/2022:10:19:54 +0800] "GET /xingrg/all/function/internal_message.html?_=1659838852944&CODE_STATE=getMsg HTTP/1.1" 200 27
114.88.158.224 - - [07/Aug/2022:10:19:58 +0800] "GET /xingrg/kc/buy/cgsh_order_operate.html?command=get_materiel&rest_code=00141&code=00101006129&supplier_code=00100012&order_time=2022-08-07 HTTP/1.1" 200 431
116.232.194.65 - - [07/Aug/2022:10:19:59 +0800] "GET /xingrg/check_reg.html?_=1659838791399 HTTP/1.1" 200 22
116.232.194.65 - - [07/Aug/2022:10:19:59 +0800] "GET /xingrg/all/function/internal_message.html?_=1659838791400&CODE_STATE=getMsg HTTP/1.1" 200 27
124.78.152.102 - - [07/Aug/2022:10:20:00 +0800] "GET /xingrg/kc/buy/cgsh_order_operate.html?command=get_materiel&rest_code=00106&code=00101012024&supplier_code=00100032&order_time=2022-08-07 HTTP/1.1" 200 408
116.235.94.65 - - [07/Aug/2022:10:20:00 +0800] "GET /xingrg/all/function/internal_message.html?_=1659838987797&CODE_STATE=getMsg HTTP/1.1" 200 27
58.39.169.63 - - [07/Aug/2022:10:20:05 +0800] "GET /xingrg/kc/base/wldb_order_operate.html?command=get_materiel&rest_code=00105&base_code=0010507&code=00101019018 HTTP/1.1" 200 465
114.88.158.224 - - [07/Aug/2022:10:20:08 +0800] "GET /xingrg/kc/buy/cgsh_order_operate.html?command=get_materiel&rest_code=00141&code=00101006006&supplier_code=00100012&order_time=2022-08-07 HTTP/1.1" 200 409
58.39.169.63 - - [07/Aug/2022:10:20:08 +0800] "GET /xingrg/check_reg.html?_=1659838683968 HTTP/1.1" 200 22
58.39.169.63 - - [07/Aug/2022:10:20:08 +0800] "GET /xingrg/all/function/internal_message.html?_=1659838683971&CODE_STATE=getMsg HTTP/1.1" 200 27
124.78.152.102 - - [07/Aug/2022:10:20:10 +0800] "GET /xingrg/kc/buy/cgsh_order_operate.html?command=get_materiel&rest_code=00106&code=00101010161&supplier_code=00100032&order_time=2022-08-07 HTTP/1.1" 200 409
116.224.123.211 - - [07/Aug/2022:10:20:11 +0800] "GET /xingrg/all/function/internal_message.html?_=1659838810608&CODE_STATE=getMsg HTTP/1.1" 200 27
116.224.123.211 - - [07/Aug/2022:10:20:12 +0800] "GET /xingrg/check_reg.html?_=1659838811985 HTTP/1.1" 200 22
58.39.169.63 - - [07/Aug/2022:10:20:19 +0800] "GET /xingrg/kc/base/wldb_order_operate.html?command=get_materiel&rest_code=00105&base_code=0010507&code=00101019142 HTTP/1.1" 200 463
114.88.158.224 - - [07/Aug/2022:10:20:19 +0800] "POST /xingrg/kc/buy/cgsh_order_operate.html HTTP/1.1" 200 37
58.40.7.146 - - [07/Aug/2022:10:20:22 +0800] "GET /xingrg/all/function/internal_message.html?_=1659838821791&CODE_STATE=getMsg HTTP/1.1" 200 27
58.40.7.146 - - [07/Aug/2022:10:20:22 +0800] "GET /xingrg/check_reg.html?_=1659838821792 HTTP/1.1" 200 22
124.78.152.102 - - [07/Aug/2022:10:20:24 +0800] "GET /xingrg/kc/buy/cgsh_order_operate.html?command=get_materiel&rest_code=00106&code=00101005037&supplier_code=00100032&order_time=2022-08-07 HTTP/1.1" 200 409
114.88.158.224 - - [07/Aug/2022:10:20:26 +0800] "POST /xingrg/kc/buy/cgsh_order_operate.html HTTP/1.1" 200 12
114.88.158.224 - - [07/Aug/2022:10:20:27 +0800] "GET /xingrg/kc/buy/cgsh_order_info.html?code=212022080702042 HTTP/1.1" 200 63188
114.88.158.224 - - [07/Aug/2022:10:20:27 +0800] "GET /xingrg/javascript/easyui/themes/default/validatebox.css HTTP/1.1" 404 1104
116.224.255.128 - - [07/Aug/2022:10:20:28 +0800] "GET /xingrg/all/function/internal_message.html?_=1659838825841&CODE_STATE=getMsg HTTP/1.1" 200 27
114.88.158.224 - - [07/Aug/2022:10:20:28 +0800] "POST /xingrg/kc/buy/cgsh_order_operate.html HTTP/1.1" 200 2399
114.88.158.224 - - [07/Aug/2022:10:20:29 +0800] "GET /xingrg/kc/print/load_config.html?kc_code=cgsh HTTP/1.1" 200 1943
114.88.158.224 - - [07/Aug/2022:10:20:29 +0800] "GET /xingrg/kc/print/load_data.html?order_code=212022080702042&kc_code=cgsh&condition= HTTP/1.1" 200 1496
58.39.169.63 - - [07/Aug/2022:10:20:31 +0800] "GET /xingrg/kc/base/wldb_order_operate.html?command=get_materiel&rest_code=00105&base_code=0010507&code=00101019390 HTTP/1.1" 200 470
180.169.147.146 - - [07/Aug/2022:10:20:32 +0800] "GET /xingrg/check_reg.html?_=1659838830431 HTTP/1.1" 200 22
180.169.147.146 - - [07/Aug/2022:10:20:33 +0800] "GET /xingrg/all/function/internal_message.html?_=1659838830980&CODE_STATE=getMsg HTTP/1.1" 200 27
114.88.158.224 - - [07/Aug/2022:10:20:33 +0800] "GET /xingrg/kc/buy/cgsh_order_add.html HTTP/1.1" 200 68285
114.88.158.224 - - [07/Aug/2022:10:20:33 +0800] "GET /xingrg/javascript/easyui/themes/default/validatebox.css HTTP/1.1" 404 1104
114.88.158.224 - - [07/Aug/2022:10:20:33 +0800] "POST /xingrg/kc/buy/cgsh_order_operate.html HTTP/1.1" 200 8245
114.86.187.244 - - [07/Aug/2022:10:20:33 +0800] "GET /xingrg/all/function/internal_message.html?_=1659838834019&CODE_STATE=getMsg HTTP/1.1" 200 27
124.78.152.102 - - [07/Aug/2022:10:20:36 +0800] "GET /xingrg/kc/buy/cgsh_order_operate.html?command=get_materiel&rest_code=00106&code=00101012025&supplier_code=00100032&order_time=2022-08-07 HTTP/1.1" 200 412
58.39.169.63 - - [07/Aug/2022:10:20:37 +0800] "POST /xingrg/kc/base/wldb_order_operate.html HTTP/1.1" 200 37
116.233.76.37 - - [07/Aug/2022:10:20:37 +0800] "GET /xingrg/all/function/internal_message.html?_=1659838837310&CODE_STATE=getMsg HTTP/1.1" 200 27
58.39.169.63 - - [07/Aug/2022:10:20:38 +0800] "POST /xingrg/kc/base/wldb_order_operate.html HTTP/1.1" 200 7151
114.83.219.234 - - [07/Aug/2022:10:20:38 +0800] "GET /xingrg/all/function/internal_message.html?_=1659838837122&CODE_STATE=getMsg HTTP/1.1" 200 27
58.39.169.63 - - [07/Aug/2022:10:20:39 +0800] "GET /xingrg/kc/base/wldb_order_info.html?code=422022080700546 HTTP/1.1" 200 30371
120.253.135.82 - - [07/Aug/2022:10:20:39 +0800] "GET /xingrg/check_reg.html?_=1659838645569 HTTP/1.1" 200 22
58.39.169.63 - - [07/Aug/2022:10:20:39 +0800] "GET /xingrg/javascript/easyui/themes/default/validatebox.css HTTP/1.1" 404 1104
58.39.169.63 - - [07/Aug/2022:10:20:39 +0800] "POST /xingrg/kc/base/wldb_order_operate.html HTTP/1.1" 200 7151
114.88.158.224 - - [07/Aug/2022:10:20:42 +0800] "GET /xingrg/kc/buy/cgsh_order_operate.html?command=get_materiel&rest_code=00141&code=00101005037&supplier_code=00100040&order_time=2022-08-07 HTTP/1.1" 200 409
172.20.0.100 - - [07/Aug/2022:10:20:46 +0800] "GET /xingrg/all/function/internal_message.html?_=1659838845384&CODE_STATE=getMsg HTTP/1.1" 200 27
116.224.123.211 - - [07/Aug/2022:10:20:48 +0800] "GET /xingrg/all/function/internal_message.html?_=1659838847675&CODE_STATE=getMsg HTTP/1.1" 200 27
124.78.152.102 - - [07/Aug/2022:10:20:48 +0800] "GET /xingrg/kc/buy/cgsh_order_operate.html?command=get_materiel&rest_code=00106&code=00101016017&supplier_code=00100032&order_time=2022-08-07 HTTP/1.1" 200 408
180.169.147.146 - - [07/Aug/2022:10:20:50 +0800] "GET /xingrg/all/function/internal_message.html?_=1659838968310&CODE_STATE=getMsg HTTP/1.1" 200 27
114.88.158.224 - - [07/Aug/2022:10:20:51 +0800] "GET /xingrg/kc/buy/cgsh_order_operate.html?command=get_materiel&rest_code=00141&code=00101001010&supplier_code=00100040&order_time=2022-08-07 HTTP/1.1" 200 409
222.69.129.110 - - [07/Aug/2022:10:20:54 +0800] "GET /xingrg/all/function/internal_message.html?_=1659838912947&CODE_STATE=getMsg HTTP/1.1" 200 27
116.232.194.65 - - [07/Aug/2022:10:20:59 +0800] "GET /xingrg/all/function/internal_message.html?_=1659838851399&CODE_STATE=getMsg HTTP/1.1" 200 27
116.235.94.65 - - [07/Aug/2022:10:21:00 +0800] "GET /xingrg/all/function/internal_message.html?_=1659839047801&CODE_STATE=getMsg HTTP/1.1" 200 27
58.39.169.63 - - [07/Aug/2022:10:21:00 +0800] "GET /xingrg/javascript/jquery_easy_ui/themes/icons/rest.png HTTP/1.1" 304 -
58.39.169.63 - - [07/Aug/2022:10:21:01 +0800] "GET /xingrg/javascript/jquery_easy_ui/themes/icons/area.png HTTP/1.1" 304 -
114.88.158.224 - - [07/Aug/2022:10:21:03 +0800] "POST /xingrg/kc/buy/cgsh_order_operate.html HTTP/1.1" 200 37
58.39.169.63 - - [07/Aug/2022:10:21:03 +0800] "GET /xingrg/kc/base/wldb_order_add.html HTTP/1.1" 200 30356
58.39.169.63 - - [07/Aug/2022:10:21:03 +0800] "POST /xingrg/kc/base/wldb_order_operate.html HTTP/1.1" 200 6806
58.39.169.63 - - [07/Aug/2022:10:21:04 +0800] "GET /xingrg/javascript/easyui/themes/default/validatebox.css HTTP/1.1" 404 1104
124.78.152.102 - - [07/Aug/2022:10:21:04 +0800] "GET /xingrg/kc/buy/cgsh_order_operate.html?command=get_materiel&rest_code=00106&code=00101016053&supplier_code=00100032&order_time=2022-08-07 HTTP/1.1" 200 408
114.88.158.224 - - [07/Aug/2022:10:21:07 +0800] "POST /xingrg/kc/buy/cgsh_order_operate.html HTTP/1.1" 200 12
114.88.158.224 - - [07/Aug/2022:10:21:08 +0800] "GET /xingrg/kc/buy/cgsh_order_info.html?code=212022080702043 HTTP/1.1" 200 63188
172.20.0.100 - - [07/Aug/2022:10:21:08 +0800] "POST /xingrg/all/user/operate.html HTTP/1.1" 200 36
114.88.158.224 - - [07/Aug/2022:10:21:08 +0800] "GET /xingrg/javascript/easyui/themes/default/validatebox.css HTTP/1.1" 404 1104
172.20.0.100 - - [07/Aug/2022:10:21:08 +0800] "GET /xingrg/index.html?sysBaseUrl=http%3A%2F%2F172.20.0.8%3A18081%2Fxingrg%2F&costTime=41×tamp=1659838279573 HTTP/1.1" 200 17454
172.20.0.100 - - [07/Aug/2022:10:21:08 +0800] "GET /xingrg/javascript/jquery_easy_ui/themes/default/easyui.css HTTP/1.1" 304 -
172.20.0.100 - - [07/Aug/2022:10:21:08 +0800] "GET /xingrg/javascript/jquery_easy_ui/themes/icon.css HTTP/1.1" 304 -
172.20.0.100 - - [07/Aug/2022:10:21:08 +0800] "GET /xingrg/css/form.css HTTP/1.1" 304 -
172.20.0.100 - - [07/Aug/2022:10:21:08 +0800] "GET /xingrg/javascript/jquery-1.4.2.min.js HTTP/1.1" 304 -
172.20.0.100 - - [07/Aug/2022:10:21:08 +0800] "GET /xingrg/javascript/jquery_easy_ui/jquery.easyui.min.js HTTP/1.1" 304 -
172.20.0.100 - - [07/Aug/2022:10:21:08 +0800] "GET /xingrg/javascript/jquery_easy_ui/easyui-lang-zh_CN.js HTTP/1.1" 304 -
172.20.0.100 - - [07/Aug/2022:10:21:08 +0800] "GET /xingrg/javascript/jquery.form.js HTTP/1.1" 304 -
172.20.0.100 - - [07/Aug/2022:10:21:08 +0800] "GET /xingrg/javascript/jquery.utils.js HTTP/1.1" 304 -
172.20.0.100 - - [07/Aug/2022:10:21:08 +0800] "GET /xingrg/javascript/jquery.timers.js HTTP/1.1" 304 -
172.20.0.100 - - [07/Aug/2022:10:21:08 +0800] "GET /xingrg/images/blue/jxLogo.png HTTP/1.1" 304 -
172.20.0.100 - - [07/Aug/2022:10:21:08 +0800] "GET /xingrg/images/blue/navBackgound.jpg HTTP/1.1" 304 -
172.20.0.100 - - [07/Aug/2022:10:21:08 +0800] "GET /xingrg/javascript/jquery_easy_ui/themes/icons/settle_new.png HTTP/1.1" 304 -
172.20.0.100 - - [07/Aug/2022:10:21:08 +0800] "POST /xingrg/all/common/load_tree.html?tree=area_rest_tree_json&manage=1 HTTP/1.1" 200 3472
172.20.0.100 - - [07/Aug/2022:10:21:08 +0800] "GET /xingrg/check_reg.html?_=1659838867305 HTTP/1.1" 200 22
172.20.0.100 - - [07/Aug/2022:10:21:08 +0800] "GET /xingrg/all/function/internal_message.html?_=1659838867304&CODE_STATE=count HTTP/1.1" 200 11
172.20.0.100 - - [07/Aug/2022:10:21:08 +0800] "GET /xingrg/javascript/jquery_easy_ui/themes/default/images/tabs_rightarrow.png HTTP/1.1" 304 -
172.20.0.100 - - [07/Aug/2022:10:21:08 +0800] "GET /xingrg/images/blue/pingpu.png HTTP/1.1" 304 -
172.20.0.100 - - [07/Aug/2022:10:21:08 +0800] "GET /xingrg/javascript/jquery_easy_ui/themes/default/images/panel_tool_expand.gif HTTP/1.1" 304 -
172.20.0.100 - - [07/Aug/2022:10:21:08 +0800] "GET /xingrg/javascript/jquery_easy_ui/themes/default/images/panel_tool_collapse.gif HTTP/1.1" 304 -
172.20.0.100 - - [07/Aug/2022:10:21:08 +0800] "GET /xingrg/javascript/jquery_easy_ui/themes/default/images/tabs_leftarrow.png HTTP/1.1" 304 -
172.20.0.100 - - [07/Aug/2022:10:21:08 +0800] "POST /xingrg/load_menu.html HTTP/1.1" 200 9924
58.39.169.63 - - [07/Aug/2022:10:21:08 +0800] "GET /xingrg/all/function/internal_message.html?_=1659838743984&CODE_STATE=getMsg HTTP/1.1" 200 27
114.88.158.224 - - [07/Aug/2022:10:21:09 +0800] "POST /xingrg/kc/buy/cgsh_order_operate.html HTTP/1.1" 200 1192
114.88.158.224 - - [07/Aug/2022:10:21:09 +0800] "GET /xingrg/kc/print/load_data.html?order_code=212022080702043&kc_code=cgsh&condition= HTTP/1.1" 200 1006
116.224.123.211 - - [07/Aug/2022:10:21:11 +0800] "GET /xingrg/all/function/internal_message.html?_=1659838870582&CODE_STATE=getMsg HTTP/1.1" 200 27
58.40.7.146 - - [07/Aug/2022:10:21:11 +0800] "GET /favicon.ico HTTP/1.1" 404 -
172.20.0.100 - - [07/Aug/2022:10:21:11 +0800] "GET /xingrg/kc/base/check_order_list.html HTTP/1.1" 200 16508
172.20.0.100 - - [07/Aug/2022:10:21:11 +0800] "POST /xingrg/kc/base/check_list_operate.html HTTP/1.1" 200 1566
114.88.158.224 - - [07/Aug/2022:10:21:13 +0800] "GET /xingrg/kc/buy/cgsh_order_add.html HTTP/1.1" 200 68285
172.20.0.100 - - [07/Aug/2022:10:21:13 +0800] "GET /xingrg/kc/base/check_order_info.html?code=452022080300025 HTTP/1.1" 200 25622
172.20.0.100 - - [07/Aug/2022:10:21:13 +0800] "GET /xingrg/javascript/pic_change.js HTTP/1.1" 200 4739
172.20.0.100 - - [07/Aug/2022:10:21:13 +0800] "GET /xingrg/dwr/interface/AjaxComOrderService.js HTTP/1.1" 200 18264
172.20.0.100 - - [07/Aug/2022:10:21:13 +0800] "GET /xingrg/dwr/interface/AjaxCheckService.js HTTP/1.1" 200 14003
172.20.0.100 - - [07/Aug/2022:10:21:13 +0800] "GET /xingrg/dwr/engine.js HTTP/1.1" 200 43631
172.20.0.100 - - [07/Aug/2022:10:21:13 +0800] "GET /xingrg/javascript/AjaxInfoList.js HTTP/1.1" 200 3774
172.20.0.100 - - [07/Aug/2022:10:21:13 +0800] "GET /xingrg/javascript/Calendar.js HTTP/1.1" 200 31561
172.20.0.100 - - [07/Aug/2022:10:21:13 +0800] "GET /xingrg/javascript/convert.js HTTP/1.1" 200 1239
114.88.158.224 - - [07/Aug/2022:10:21:13 +0800] "GET /xingrg/javascript/easyui/themes/default/validatebox.css HTTP/1.1" 404 1104
172.20.0.100 - - [07/Aug/2022:10:21:13 +0800] "GET /xingrg/javascript/print/kc_print.js HTTP/1.1" 200 11415
172.20.0.100 - - [07/Aug/2022:10:21:13 +0800] "GET /xingrg/javascript/print/LodopFuncs.js HTTP/1.1" 200 5121
114.88.158.224 - - [07/Aug/2022:10:21:13 +0800] "POST /xingrg/kc/buy/cgsh_order_operate.html HTTP/1.1" 200 8245
218.81.223.53 - - [07/Aug/2022:10:21:14 +0800] "GET /xingrg/check_reg.html?_=1659838899066 HTTP/1.1" 200 22
172.20.0.100 - - [07/Aug/2022:10:21:14 +0800] "GET /xingrg/javascript/jquery_easy_ui/themes/icons/cance_new.png HTTP/1.1" 200 3986
172.20.0.100 - - [07/Aug/2022:10:21:14 +0800] "GET /xingrg/javascript/jquery_easy_ui/themes/default/images/menu_downarrow.png HTTP/1.1" 200 173
172.20.0.100 - - [07/Aug/2022:10:21:14 +0800] "GET /xingrg/javascript/jquery_easy_ui/themes/icons/check_new.png HTTP/1.1" 200 3224
172.20.0.100 - - [07/Aug/2022:10:21:14 +0800] "GET /xingrg/javascript/jquery_easy_ui/themes/icons/print.png HTTP/1.1" 200 1057
172.20.0.100 - - [07/Aug/2022:10:21:14 +0800] "POST /xingrg/dwr/call/plaincall/AjaxCheckService.loadOrderItems.dwr HTTP/1.1" 200 155289
172.20.0.100 - - [07/Aug/2022:10:21:16 +0800] "GET /xingrg/javascript/jquery_easy_ui/themes/icons/no.png HTTP/1.1" 200 922
58.39.169.63 - - [07/Aug/2022:10:21:20 +0800] "GET /xingrg/kc/base/wldb_order_operate.html?command=get_materiel&rest_code=00105&base_code=0010507&code=00101013076 HTTP/1.1" 200 443
58.40.7.146 - - [07/Aug/2022:10:21:22 +0800] "GET /xingrg/all/function/internal_message.html?_=1659838881805&CODE_STATE=getMsg HTTP/1.1" 200 27
114.88.158.224 - - [07/Aug/2022:10:21:24 +0800] "GET /xingrg/kc/buy/cgsh_order_operate.html?command=get_materiel&rest_code=00141&code=00101011005&supplier_code=00100036&order_time=2022-08-07 HTTP/1.1" 200 408
172.20.0.100 - - [07/Aug/2022:10:21:25 +0800] "POST /xingrg/dwr/call/plaincall/AjaxCheckService.checkOrder.dwr HTTP/1.1" 200 78
116.224.255.128 - - [07/Aug/2022:10:21:28 +0800] "GET /xingrg/all/function/internal_message.html?_=1659838885839&CODE_STATE=getMsg HTTP/1.1" 200 27
116.224.255.128 - - [07/Aug/2022:10:21:28 +0800] "GET /xingrg/check_reg.html?_=1659838885844 HTTP/1.1" 200 22
120.253.135.82 - - [07/Aug/2022:10:21:32 +0800] "POST /xingrg/kc/buy/cgth_list_operate.html HTTP/1.1" 200 202
114.88.158.224 - - [07/Aug/2022:10:21:32 +0800] "GET /xingrg/kc/buy/cgsh_order_operate.html?command=get_materiel&rest_code=00141&code=00101012038&supplier_code=00100036&order_time=2022-08-07 HTTP/1.1" 200 412
180.169.147.146 - - [07/Aug/2022:10:21:33 +0800] "GET /xingrg/all/function/internal_message.html?_=1659838890950&CODE_STATE=getMsg HTTP/1.1" 200 27
120.253.135.82 - - [07/Aug/2022:10:21:33 +0800] "GET /xingrg/kc/buy/cgth_order_info.html?code=232022080700003 HTTP/1.1" 200 69897
120.253.135.82 - - [07/Aug/2022:10:21:33 +0800] "GET /xingrg/dwr/interface/AjaxComOrderService.js HTTP/1.1" 200 18264
120.253.135.82 - - [07/Aug/2022:10:21:33 +0800] "GET /xingrg/dwr/interface/AjaxCgthService.js HTTP/1.1" 200 14519
58.39.169.63 - - [07/Aug/2022:10:21:33 +0800] "GET /xingrg/kc/base/wldb_order_operate.html?command=get_materiel&rest_code=00105&base_code=0010507&code=00101019222 HTTP/1.1" 200 454
120.253.135.82 - - [07/Aug/2022:10:21:33 +0800] "GET /xingrg/dwr/engine.js HTTP/1.1" 200 43631
120.253.135.82 - - [07/Aug/2022:10:21:33 +0800] "POST /xingrg/all/common/load_tree.html?tree=supplier_tree_json&isDelete=1 HTTP/1.1" 200 67662
114.86.187.244 - - [07/Aug/2022:10:21:33 +0800] "GET /xingrg/all/function/internal_message.html?_=1659838894045&CODE_STATE=getMsg HTTP/1.1" 200 27
120.253.135.82 - - [07/Aug/2022:10:21:34 +0800] "POST /xingrg/dwr/call/plaincall/AjaxCgthService.loadMaterielItems.dwr HTTP/1.1" 200 877
116.233.76.37 - - [07/Aug/2022:10:21:37 +0800] "GET /xingrg/all/function/internal_message.html?_=1659838897313&CODE_STATE=getMsg HTTP/1.1" 200 27
114.83.219.234 - - [07/Aug/2022:10:21:38 +0800] "GET /xingrg/all/function/internal_message.html?_=1659838897106&CODE_STATE=getMsg HTTP/1.1" 200 27
124.78.152.102 - - [07/Aug/2022:10:21:41 +0800] "GET /xingrg/kc/buy/cgsh_order_operate.html?command=get_materiel&rest_code=00106&code=00101016105&supplier_code=00100032&order_time=2022-08-07 HTTP/1.1" 200 411
114.88.158.224 - - [07/Aug/2022:10:21:41 +0800] "GET /xingrg/kc/buy/cgsh_order_operate.html?command=get_materiel&rest_code=00141&code=00101016010&supplier_code=00100036&order_time=2022-08-07 HTTP/1.1" 200 408
120.253.135.82 - - [07/Aug/2022:10:21:42 +0800] "POST /xingrg/dwr/call/plaincall/AjaxCgthService.checkOrder.dwr HTTP/1.1" 200 78
58.39.169.63 - - [07/Aug/2022:10:21:42 +0800] "GET /xingrg/kc/base/wldb_order_operate.html?command=get_materiel&rest_code=00105&base_code=0010507&code=00101019184 HTTP/1.1" 200 458
120.253.135.82 - - [07/Aug/2022:10:21:44 +0800] "GET /xingrg/kc/buy/cgth_order_info.html?code=232022080700003&part=buyck HTTP/1.1" 200 67643
120.253.135.82 - - [07/Aug/2022:10:21:44 +0800] "GET /xingrg/dwr/interface/AjaxCgthService.js HTTP/1.1" 200 14519
120.253.135.82 - - [07/Aug/2022:10:21:44 +0800] "GET /xingrg/dwr/interface/AjaxComOrderService.js HTTP/1.1" 200 18264
120.253.135.82 - - [07/Aug/2022:10:21:44 +0800] "GET /xingrg/dwr/engine.js HTTP/1.1" 200 43631
120.253.135.82 - - [07/Aug/2022:10:21:45 +0800] "POST /xingrg/all/common/load_tree.html?tree=supplier_tree_json&isDelete=1 HTTP/1.1" 200 67662
120.253.135.82 - - [07/Aug/2022:10:21:46 +0800] "POST /xingrg/dwr/call/plaincall/AjaxCgthService.loadMaterielItems.dwr HTTP/1.1" 200 789
116.224.123.211 - - [07/Aug/2022:10:21:48 +0800] "GET /xingrg/all/function/internal_message.html?_=1659838907674&CODE_STATE=getMsg HTTP/1.1" 200 27
114.88.158.224 - - [07/Aug/2022:10:21:48 +0800] "GET /xingrg/kc/buy/cgsh_order_operate.html?command=get_materiel&rest_code=00141&code=00101010092&supplier_code=00100036&order_time=2022-08-07 HTTP/1.1" 200 450
120.253.135.82 - - [07/Aug/2022:10:21:49 +0800] "GET /xingrg/kc/buy/cgth_order_list.html?isBack=1 HTTP/1.1" 200 51906
180.169.147.146 - - [07/Aug/2022:10:21:50 +0800] "GET /xingrg/all/function/internal_message.html?_=1659839028322&CODE_STATE=getMsg HTTP/1.1" 200 27
120.253.135.82 - - [07/Aug/2022:10:21:50 +0800] "POST /xingrg/kc/buy/cgth_list_operate.html HTTP/1.1" 200 1035
58.39.169.63 - - [07/Aug/2022:10:21:53 +0800] "GET /xingrg/kc/base/wldb_order_operate.html?command=get_materiel&rest_code=00105&base_code=0010507&code=00101019391 HTTP/1.1" 200 485
222.69.129.110 - - [07/Aug/2022:10:21:54 +0800] "GET /xingrg/all/function/internal_message.html?_=1659838972940&CODE_STATE=getMsg HTTP/1.1" 200 27
116.232.194.65 - - [07/Aug/2022:10:21:59 +0800] "GET /xingrg/all/function/internal_message.html?_=1659838911399&CODE_STATE=getMsg HTTP/1.1" 200 27
116.235.94.65 - - [07/Aug/2022:10:22:00 +0800] "GET /xingrg/all/function/internal_message.html?_=1659839107801&CODE_STATE=getMsg HTTP/1.1" 200 27
116.235.94.65 - - [07/Aug/2022:10:22:00 +0800] "GET /xingrg/check_reg.html?_=1659839107802 HTTP/1.1" 200 22
114.88.158.224 - - [07/Aug/2022:10:22:02 +0800] "GET /xingrg/kc/buy/cgsh_order_operate.html?command=get_materiel&rest_code=00141&code=00101019290&supplier_code=00100036&order_time=2022-08-07 HTTP/1.1" 200 417
124.78.152.102 - - [07/Aug/2022:10:22:05 +0800] "POST /xingrg/kc/buy/cgsh_order_operate.html HTTP/1.1" 200 37
58.39.169.63 - - [07/Aug/2022:10:22:07 +0800] "GET /xingrg/kc/base/wldb_order_operate.html?command=get_materiel&rest_code=00105&base_code=0010507&code=00101019536 HTTP/1.1" 200 471
58.39.169.63 - - [07/Aug/2022:10:22:08 +0800] "GET /xingrg/all/function/internal_message.html?_=1659838803978&CODE_STATE=getMsg HTTP/1.1" 200 27
124.78.152.102 - - [07/Aug/2022:10:22:10 +0800] "POST /xingrg/kc/buy/cgsh_order_operate.html HTTP/1.1" 200 7370
116.224.123.211 - - [07/Aug/2022:10:22:11 +0800] "GET /xingrg/all/function/internal_message.html?_=1659838930553&CODE_STATE=getMsg HTTP/1.1" 200 27
124.78.152.102 - - [07/Aug/2022:10:22:14 +0800] "GET /xingrg/kc/buy/cgsh_order_add.html HTTP/1.1" 200 68279
124.78.152.102 - - [07/Aug/2022:10:22:14 +0800] "POST /xingrg/kc/buy/cgsh_order_operate.html HTTP/1.1" 200 8245
124.78.152.102 - - [07/Aug/2022:10:22:14 +0800] "GET /xingrg/javascript/easyui/themes/default/validatebox.css HTTP/1.1" 404 1104
124.78.152.102 - - [07/Aug/2022:10:22:16 +0800] "GET /xingrg/javascript/easyui/themes/default/tree.css HTTP/1.1" 404 1090
124.78.152.102 - - [07/Aug/2022:10:22:16 +0800] "POST /xingrg/all/common/load_tree.html?tree=supplier_tree_json&isDelete=1 HTTP/1.1" 200 67662
114.88.158.224 - - [07/Aug/2022:10:22:19 +0800] "POST /xingrg/kc/buy/cgsh_order_operate.html HTTP/1.1" 200 37
58.40.7.146 - - [07/Aug/2022:10:22:22 +0800] "GET /xingrg/all/function/internal_message.html?_=1659838941806&CODE_STATE=getMsg HTTP/1.1" 200 27
114.88.158.224 - - [07/Aug/2022:10:22:23 +0800] "POST /xingrg/kc/buy/cgsh_order_operate.html HTTP/1.1" 200 12
114.88.158.224 - - [07/Aug/2022:10:22:24 +0800] "GET /xingrg/kc/buy/cgsh_order_info.html?code=212022080702045 HTTP/1.1" 200 63190
114.88.158.224 - - [07/Aug/2022:10:22:25 +0800] "GET /xingrg/javascript/easyui/themes/default/validatebox.css HTTP/1.1" 404 1104
114.88.158.224 - - [07/Aug/2022:10:22:26 +0800] "POST /xingrg/kc/buy/cgsh_order_operate.html HTTP/1.1" 200 2979
114.88.158.224 - - [07/Aug/2022:10:22:26 +0800] "GET /xingrg/kc/print/load_data.html?order_code=212022080702045&kc_code=cgsh&condition= HTTP/1.1" 200 1694
116.224.255.128 - - [07/Aug/2022:10:22:28 +0800] "GET /xingrg/all/function/internal_message.html?_=1659838945844&CODE_STATE=getMsg HTTP/1.1" 200 27
114.88.158.224 - - [07/Aug/2022:10:22:30 +0800] "GET /xingrg/kc/buy/cgsh_order_add.html HTTP/1.1" 200 68285
114.88.158.224 - - [07/Aug/2022:10:22:30 +0800] "GET /xingrg/javascript/easyui/themes/default/validatebox.css HTTP/1.1" 404 1104
114.88.158.224 - - [07/Aug/2022:10:22:30 +0800] "POST /xingrg/kc/buy/cgsh_order_operate.html HTTP/1.1" 200 8245
180.169.147.146 - - [07/Aug/2022:10:22:33 +0800] "GET /xingrg/all/function/internal_message.html?_=1659838950920&CODE_STATE=getMsg HTTP/1.1" 200 27
114.86.187.244 - - [07/Aug/2022:10:22:33 +0800] "GET /xingrg/all/function/internal_message.html?_=1659838954043&CODE_STATE=getMsg HTTP/1.1" 200 27
124.78.152.102 - - [07/Aug/2022:10:22:36 +0800] "GET /xingrg/kc/buy/cgsh_order_operate.html?command=get_materiel&rest_code=00106&code=00101007061&supplier_code=00100002&order_time=2022-08-07 HTTP/1.1" 200 411
116.233.76.37 - - [07/Aug/2022:10:22:37 +0800] "GET /xingrg/all/function/internal_message.html?_=1659838957315&CODE_STATE=getMsg HTTP/1.1" 200 27
116.233.76.37 - - [07/Aug/2022:10:22:38 +0800] "GET /xingrg/check_reg.html?_=1659838957316 HTTP/1.1" 200 22
114.83.219.234 - - [07/Aug/2022:10:22:38 +0800] "GET /xingrg/all/function/internal_message.html?_=1659838957090&CODE_STATE=getMsg HTTP/1.1" 200 27
114.88.158.224 - - [07/Aug/2022:10:22:39 +0800] "GET /xingrg/kc/buy/cgsh_order_operate.html?command=get_materiel&rest_code=00141&code=00101008112&supplier_code=00100007&order_time=2022-08-07 HTTP/1.1" 200 414
58.39.169.63 - - [07/Aug/2022:10:22:46 +0800] "GET /xingrg/kc/base/wldb_order_operate.html?command=get_materiel&rest_code=00105&base_code=0010507&code=00101019111 HTTP/1.1" 200 468
116.224.123.211 - - [07/Aug/2022:10:22:48 +0800] "GET /xingrg/check_reg.html?_=1659838967170 HTTP/1.1" 200 22
116.224.123.211 - - [07/Aug/2022:10:22:48 +0800] "GET /xingrg/all/function/internal_message.html?_=1659838967660&CODE_STATE=getMsg HTTP/1.1" 200 27
114.88.158.224 - - [07/Aug/2022:10:22:49 +0800] "GET /xingrg/kc/buy/cgsh_order_operate.html?command=get_materiel&rest_code=00141&code=00101008185&supplier_code=00100007&order_time=2022-08-07 HTTP/1.1" 200 408
180.169.147.146 - - [07/Aug/2022:10:22:50 +0800] "GET /xingrg/all/function/internal_message.html?_=1659839088311&CODE_STATE=getMsg HTTP/1.1" 200 27
180.169.147.146 - - [07/Aug/2022:10:22:50 +0800] "GET /xingrg/check_reg.html?_=1659839088308 HTTP/1.1" 200 22
222.69.129.110 - - [07/Aug/2022:10:22:54 +0800] "GET /xingrg/check_reg.html?_=1659839032931 HTTP/1.1" 200 22
222.69.129.110 - - [07/Aug/2022:10:22:54 +0800] "GET /xingrg/all/function/internal_message.html?_=1659839032935&CODE_STATE=getMsg HTTP/1.1" 200 27
124.78.152.102 - - [07/Aug/2022:10:22:55 +0800] "GET /xingrg/kc/buy/cgsh_order_operate.html?command=get_materiel&rest_code=00106&code=00101007125&supplier_code=00100002&order_time=2022-08-07 HTTP/1.1" 200 408
114.88.158.224 - - [07/Aug/2022:10:22:57 +0800] "GET /xingrg/kc/buy/cgsh_order_operate.html?command=get_materiel&rest_code=00141&code=00101008026&supplier_code=00100007&order_time=2022-08-07 HTTP/1.1" 200 409
116.232.194.65 - - [07/Aug/2022:10:22:59 +0800] "GET /xingrg/all/function/internal_message.html?_=1659838971388&CODE_STATE=getMsg HTTP/1.1" 200 27
116.235.94.65 - - [07/Aug/2022:10:23:00 +0800] "GET /xingrg/all/function/internal_message.html?_=1659839167801&CODE_STATE=getMsg HTTP/1.1" 200 27
124.78.152.102 - - [07/Aug/2022:10:23:03 +0800] "GET /xingrg/check_reg.html?_=1659838983756 HTTP/1.1" 200 22
114.88.158.224 - - [07/Aug/2022:10:23:05 +0800] "GET /xingrg/kc/buy/cgsh_order_operate.html?command=get_materiel&rest_code=00141&code=00101008096&supplier_code=00100007&order_time=2022-08-07 HTTP/1.1" 200 413
58.39.169.63 - - [07/Aug/2022:10:23:07 +0800] "GET /xingrg/kc/base/wldb_order_operate.html?command=get_materiel&rest_code=00105&base_code=0010507&code=00101019125 HTTP/1.1" 200 481
