180.162.109.37 - - [07/Aug/2022:10:52:30 +0800] "GET /xingrg/all/common/auto_word.html?type=employee&rest_code=00143 HTTP/1.1" 200 55
180.162.109.37 - - [07/Aug/2022:10:52:30 +0800] "GET /xingrg/all/common/auto_word.html?type=employee&rest_code=00143 HTTP/1.1" 200 55
180.162.109.37 - - [07/Aug/2022:10:52:30 +0800] "GET /xingrg/javascript/easyui/plugins/jquery.validatebox.js HTTP/1.1" 304 -
180.162.109.37 - - [07/Aug/2022:10:52:30 +0800] "GET /xingrg/javascript/easyui/plugins/jquery.numberbox.js HTTP/1.1" 304 -
180.162.109.37 - - [07/Aug/2022:10:52:31 +0800] "POST /xingrg/kc/buy/cgsh_order_operate.html HTTP/1.1" 200 5019
180.162.109.37 - - [07/Aug/2022:10:52:31 +0800] "GET /xingrg/javascript/easyui/themes/icons/edit_remove.png HTTP/1.1" 304 -
180.169.147.146 - - [07/Aug/2022:10:52:32 +0800] "GET /xingrg/all/function/internal_message.html?_=1659840750431&CODE_STATE=getMsg HTTP/1.1" 200 27
180.162.109.37 - - [07/Aug/2022:10:52:33 +0800] "GET /xingrg/javascript/jquery_tools/images/prev.gif HTTP/1.1" 404 1086
180.162.109.37 - - [07/Aug/2022:10:52:33 +0800] "GET /xingrg/javascript/jquery_tools/images/next.gif HTTP/1.1" 404 1086
114.86.187.244 - - [07/Aug/2022:10:52:33 +0800] "GET /xingrg/all/function/internal_message.html?_=1659840754084&CODE_STATE=getMsg HTTP/1.1" 200 27
180.162.109.37 - - [07/Aug/2022:10:52:34 +0800] "GET /xingrg/all/function/internal_message.html?_=1659839935827&CODE_STATE=getMsg HTTP/1.1" 200 27
116.224.255.128 - - [07/Aug/2022:10:52:35 +0800] "GET /xingrg/kc/base/wldb_order_add.html HTTP/1.1" 200 30362
180.169.147.146 - - [07/Aug/2022:10:52:35 +0800] "GET /xingrg/all/function/internal_message.html?_=1659840755444&CODE_STATE=getMsg HTTP/1.1" 200 27
116.224.255.128 - - [07/Aug/2022:10:52:36 +0800] "POST /xingrg/kc/base/wldb_order_operate.html HTTP/1.1" 200 6806
116.224.255.128 - - [07/Aug/2022:10:52:36 +0800] "GET /xingrg/javascript/easyui/themes/default/validatebox.css HTTP/1.1" 404 1104
116.233.76.37 - - [07/Aug/2022:10:52:37 +0800] "GET /xingrg/all/function/internal_message.html?_=1659840757389&CODE_STATE=getMsg HTTP/1.1" 200 27
116.233.76.37 - - [07/Aug/2022:10:52:38 +0800] "GET /xingrg/check_reg.html?_=1659840757391 HTTP/1.1" 200 22
180.162.109.37 - - [07/Aug/2022:10:52:38 +0800] "GET /xingrg/javascript/auto/indicator.gif HTTP/1.1" 404 1066
114.83.219.234 - - [07/Aug/2022:10:52:38 +0800] "GET /xingrg/all/function/internal_message.html?_=1659840756605&CODE_STATE=getMsg HTTP/1.1" 200 27
172.20.0.100 - - [07/Aug/2022:10:52:38 +0800] "GET /xingrg/all/function/internal_message.html?_=1659840757382&CODE_STATE=getMsg HTTP/1.1" 200 27
180.169.147.146 - - [07/Aug/2022:10:52:41 +0800] "GET /xingrg/all/function/internal_message.html?_=1659840755178&CODE_STATE=getMsg HTTP/1.1" 200 27
116.224.123.211 - - [07/Aug/2022:10:52:42 +0800] "GET /favicon.ico HTTP/1.1" 404 -
180.162.109.37 - - [07/Aug/2022:10:52:43 +0800] "GET /xingrg/kc/buy/cgsh_order_operate.html?command=get_materiel&rest_code=00143&code=00101003002&supplier_code=00100207&order_time=2022-08-07 HTTP/1.1" 200 411
116.224.255.128 - - [07/Aug/2022:10:52:44 +0800] "GET /xingrg/kc/base/wldb_order_operate.html?command=get_materiel&rest_code=00150&base_code=0010446&code=00102002258 HTTP/1.1" 200 448
116.224.123.211 - - [07/Aug/2022:10:52:48 +0800] "GET /xingrg/check_reg.html?_=1659840767188 HTTP/1.1" 200 22
116.224.123.211 - - [07/Aug/2022:10:52:48 +0800] "GET /xingrg/all/function/internal_message.html?_=1659840767422&CODE_STATE=getMsg HTTP/1.1" 200 27
116.224.255.128 - - [07/Aug/2022:10:52:48 +0800] "GET /xingrg/kc/base/wldb_order_operate.html?command=get_materiel&rest_code=00150&base_code=0010446&code=00102002238 HTTP/1.1" 200 434
180.169.147.146 - - [07/Aug/2022:10:52:50 +0800] "GET /xingrg/check_reg.html?_=1659840888304 HTTP/1.1" 200 22
180.169.147.146 - - [07/Aug/2022:10:52:50 +0800] "GET /xingrg/all/function/internal_message.html?_=1659840888307&CODE_STATE=getMsg HTTP/1.1" 200 27
116.224.255.128 - - [07/Aug/2022:10:52:53 +0800] "GET /xingrg/kc/base/wldb_order_operate.html?command=get_materiel&rest_code=00150&base_code=0010446&code=00102002543 HTTP/1.1" 200 441
222.69.129.110 - - [07/Aug/2022:10:52:54 +0800] "GET /xingrg/all/function/internal_message.html?_=1659840832931&CODE_STATE=getMsg HTTP/1.1" 200 27
222.69.129.110 - - [07/Aug/2022:10:52:54 +0800] "GET /xingrg/check_reg.html?_=1659840832935 HTTP/1.1" 200 22
116.224.255.128 - - [07/Aug/2022:10:52:58 +0800] "GET /xingrg/kc/base/wldb_order_operate.html?command=get_materiel&rest_code=00150&base_code=0010446&code=00102002441 HTTP/1.1" 200 448
116.232.194.65 - - [07/Aug/2022:10:52:59 +0800] "GET /xingrg/all/function/internal_message.html?_=1659840771379&CODE_STATE=getMsg HTTP/1.1" 200 27
116.235.94.65 - - [07/Aug/2022:10:53:00 +0800] "GET /xingrg/all/function/internal_message.html?_=1659840967831&CODE_STATE=getMsg HTTP/1.1" 200 27
124.78.152.102 - - [07/Aug/2022:10:53:03 +0800] "GET /xingrg/check_reg.html?_=1659840783656 HTTP/1.1" 200 22
116.224.255.128 - - [07/Aug/2022:10:53:05 +0800] "POST /xingrg/kc/base/wldb_order_operate.html HTTP/1.1" 200 37
114.83.219.234 - - [07/Aug/2022:10:53:07 +0800] "POST /xingrg/services/DataTransmitService HTTP/1.1" 200 524
116.224.255.128 - - [07/Aug/2022:10:53:08 +0800] "POST /xingrg/kc/base/wldb_order_operate.html HTTP/1.1" 200 12
116.224.255.128 - - [07/Aug/2022:10:53:08 +0800] "POST /xingrg/kc/base/wldb_order_operate.html HTTP/1.1" 200 3626
114.83.219.234 - - [07/Aug/2022:10:53:08 +0800] "POST /xingrg/services/DataTransmitService HTTP/1.1" 200 412
58.39.169.63 - - [07/Aug/2022:10:53:08 +0800] "GET /xingrg/all/function/internal_message.html?_=1659840664002&CODE_STATE=getMsg HTTP/1.1" 200 27
116.224.123.211 - - [07/Aug/2022:10:53:10 +0800] "GET /xingrg/all/function/internal_message.html?_=1659840789718&CODE_STATE=getMsg HTTP/1.1" 200 27
116.224.255.128 - - [07/Aug/2022:10:53:13 +0800] "GET /xingrg/kc/base/wldb_order_info.html?code=422022080700554 HTTP/1.1" 200 26241
116.224.255.128 - - [07/Aug/2022:10:53:13 +0800] "GET /xingrg/javascript/easyui/themes/default/validatebox.css HTTP/1.1" 404 1104
116.224.255.128 - - [07/Aug/2022:10:53:13 +0800] "POST /xingrg/kc/base/wldb_order_operate.html HTTP/1.1" 200 1885
58.40.7.146 - - [07/Aug/2022:10:53:22 +0800] "GET /xingrg/all/function/internal_message.html?_=1659840801812&CODE_STATE=getMsg HTTP/1.1" 200 27
116.224.255.128 - - [07/Aug/2022:10:53:27 +0800] "GET /xingrg/kc/base/yddb_order_list.html HTTP/1.1" 200 16754
116.224.255.128 - - [07/Aug/2022:10:53:27 +0800] "POST /xingrg/kc/base/yddb_list_operate.html HTTP/1.1" 200 636
116.224.255.128 - - [07/Aug/2022:10:53:28 +0800] "GET /xingrg/all/function/internal_message.html?_=1659840805967&CODE_STATE=getMsg HTTP/1.1" 200 27
116.224.255.128 - - [07/Aug/2022:10:53:29 +0800] "GET /xingrg/kc/base/yddb_order_add.html HTTP/1.1" 200 29837
116.224.255.128 - - [07/Aug/2022:10:53:29 +0800] "GET /xingrg/dwr/util.js HTTP/1.1" 304 -
116.224.255.128 - - [07/Aug/2022:10:53:29 +0800] "GET /xingrg/dwr/interface/AjaxComOrderService.js HTTP/1.1" 200 18264
116.224.255.128 - - [07/Aug/2022:10:53:29 +0800] "GET /xingrg/dwr/interface/AjaxYddbService.js HTTP/1.1" 200 13201
116.224.255.128 - - [07/Aug/2022:10:53:29 +0800] "GET /xingrg/dwr/engine.js HTTP/1.1" 200 43631
180.162.109.37 - - [07/Aug/2022:10:53:30 +0800] "GET /xingrg/kc/buy/cgsh_order_operate.html?command=get_materiel&rest_code=00143&code=00101006193&supplier_code=00100207&order_time=2022-08-07 HTTP/1.1" 200 411
180.169.147.146 - - [07/Aug/2022:10:53:32 +0800] "GET /xingrg/all/function/internal_message.html?_=1659840810433&CODE_STATE=getMsg HTTP/1.1" 200 27
116.224.255.128 - - [07/Aug/2022:10:53:32 +0800] "POST /xingrg/dwr/call/plaincall/AjaxYddbService.getRestBases.dwr HTTP/1.1" 200 1616
114.86.187.244 - - [07/Aug/2022:10:53:33 +0800] "GET /xingrg/all/function/internal_message.html?_=1659840814088&CODE_STATE=getMsg HTTP/1.1" 200 27
180.162.109.37 - - [07/Aug/2022:10:53:34 +0800] "GET /xingrg/all/function/internal_message.html?_=1659839995804&CODE_STATE=getMsg HTTP/1.1" 200 27
180.169.147.146 - - [07/Aug/2022:10:53:35 +0800] "GET /xingrg/all/function/internal_message.html?_=1659840815446&CODE_STATE=getMsg HTTP/1.1" 200 27
114.83.219.234 - - [07/Aug/2022:10:53:35 +0800] "GET /xingrg/check_reg.html?_=1659840814333 HTTP/1.1" 200 22
116.224.255.128 - - [07/Aug/2022:10:53:37 +0800] "POST /xingrg/dwr/call/plaincall/AjaxYddbService.saveOrder.dwr HTTP/1.1" 200 78
116.233.76.37 - - [07/Aug/2022:10:53:37 +0800] "GET /xingrg/all/function/internal_message.html?_=1659840817391&CODE_STATE=getMsg HTTP/1.1" 200 27
114.83.219.234 - - [07/Aug/2022:10:53:38 +0800] "GET /xingrg/all/function/internal_message.html?_=1659840816580&CODE_STATE=getMsg HTTP/1.1" 200 27
116.224.255.128 - - [07/Aug/2022:10:53:38 +0800] "GET /xingrg/images/yd/bt.gif HTTP/1.1" 404 1040
172.20.0.100 - - [07/Aug/2022:10:53:38 +0800] "GET /xingrg/all/function/internal_message.html?_=1659840817368&CODE_STATE=getMsg HTTP/1.1" 200 27
116.224.255.128 - - [07/Aug/2022:10:53:41 +0800] "POST /xingrg/dwr/call/plaincall/AjaxComOrderService.getMaterielSearchList.dwr HTTP/1.1" 200 23856
180.169.147.146 - - [07/Aug/2022:10:53:41 +0800] "GET /xingrg/all/function/internal_message.html?_=1659840815162&CODE_STATE=getMsg HTTP/1.1" 200 27
116.224.255.128 - - [07/Aug/2022:10:53:41 +0800] "POST /xingrg/dwr/call/plaincall/AjaxComOrderService.getMaterielSearchList.dwr HTTP/1.1" 200 1281
116.224.255.128 - - [07/Aug/2022:10:53:42 +0800] "POST /xingrg/dwr/call/plaincall/AjaxYddbService.getMaterielByMap.dwr HTTP/1.1" 200 3945
116.224.255.128 - - [07/Aug/2022:10:53:44 +0800] "POST /xingrg/dwr/call/plaincall/AjaxYddbService.saveMaterielItem.dwr HTTP/1.1" 200 78
114.88.158.224 - - [07/Aug/2022:10:53:46 +0800] "GET /xingrg/check_reg.html?_=1659840504567 HTTP/1.1" 200 22
116.224.255.128 - - [07/Aug/2022:10:53:47 +0800] "POST /xingrg/dwr/call/plaincall/AjaxComOrderService.getMaterielSearchList.dwr HTTP/1.1" 200 25008
116.224.255.128 - - [07/Aug/2022:10:53:48 +0800] "POST /xingrg/dwr/call/plaincall/AjaxComOrderService.getMaterielSearchList.dwr HTTP/1.1" 200 967
116.224.123.211 - - [07/Aug/2022:10:53:48 +0800] "GET /xingrg/all/function/internal_message.html?_=1659840827416&CODE_STATE=getMsg HTTP/1.1" 200 27
180.169.147.146 - - [07/Aug/2022:10:53:50 +0800] "GET /xingrg/all/function/internal_message.html?_=1659840948305&CODE_STATE=getMsg HTTP/1.1" 200 27
222.69.129.110 - - [07/Aug/2022:10:53:54 +0800] "GET /xingrg/all/function/internal_message.html?_=1659840892934&CODE_STATE=getMsg HTTP/1.1" 200 27
116.224.255.128 - - [07/Aug/2022:10:53:55 +0800] "POST /xingrg/dwr/call/plaincall/AjaxYddbService.getMaterielByMap.dwr HTTP/1.1" 200 3928
116.224.255.128 - - [07/Aug/2022:10:53:57 +0800] "POST /xingrg/dwr/call/plaincall/AjaxYddbService.saveMaterielItem.dwr HTTP/1.1" 200 78
116.232.194.65 - - [07/Aug/2022:10:53:59 +0800] "GET /xingrg/all/function/internal_message.html?_=1659840831395&CODE_STATE=getMsg HTTP/1.1" 200 27
116.224.255.128 - - [07/Aug/2022:10:54:00 +0800] "POST /xingrg/dwr/call/plaincall/AjaxComOrderService.getMaterielSearchList.dwr HTTP/1.1" 200 25141
116.235.94.65 - - [07/Aug/2022:10:54:00 +0800] "GET /xingrg/all/function/internal_message.html?_=1659841027829&CODE_STATE=getMsg HTTP/1.1" 200 27
116.224.255.128 - - [07/Aug/2022:10:54:01 +0800] "POST /xingrg/dwr/call/plaincall/AjaxComOrderService.getMaterielSearchList.dwr HTTP/1.1" 200 592
116.224.255.128 - - [07/Aug/2022:10:54:02 +0800] "POST /xingrg/dwr/call/plaincall/AjaxYddbService.getMaterielByMap.dwr HTTP/1.1" 200 3958
116.224.255.128 - - [07/Aug/2022:10:54:03 +0800] "POST /xingrg/dwr/call/plaincall/AjaxYddbService.getUnitPrice.dwr HTTP/1.1" 200 87
116.224.255.128 - - [07/Aug/2022:10:54:05 +0800] "GET /xingrg/images/yd/bt2.gif HTTP/1.1" 404 1042
116.224.255.128 - - [07/Aug/2022:10:54:06 +0800] "POST /xingrg/dwr/call/plaincall/AjaxYddbService.saveMaterielItem.dwr HTTP/1.1" 200 79
58.39.169.63 - - [07/Aug/2022:10:54:08 +0800] "GET /xingrg/all/function/internal_message.html?_=1659840724010&CODE_STATE=getMsg HTTP/1.1" 200 27
116.224.123.211 - - [07/Aug/2022:10:54:10 +0800] "GET /xingrg/all/function/internal_message.html?_=1659840849689&CODE_STATE=getMsg HTTP/1.1" 200 27
116.224.255.128 - - [07/Aug/2022:10:54:11 +0800] "POST /xingrg/dwr/call/plaincall/AjaxComOrderService.getMaterielSearchList.dwr HTTP/1.1" 200 25960
116.224.255.128 - - [07/Aug/2022:10:54:12 +0800] "POST /xingrg/dwr/call/plaincall/AjaxComOrderService.getMaterielSearchList.dwr HTTP/1.1" 200 2809
116.224.255.128 - - [07/Aug/2022:10:54:14 +0800] "POST /xingrg/dwr/call/plaincall/AjaxYddbService.getMaterielByMap.dwr HTTP/1.1" 200 3967
116.224.255.128 - - [07/Aug/2022:10:54:15 +0800] "POST /xingrg/dwr/call/plaincall/AjaxYddbService.getUnitPrice.dwr HTTP/1.1" 200 87
116.224.255.128 - - [07/Aug/2022:10:54:20 +0800] "POST /xingrg/dwr/call/plaincall/AjaxYddbService.getUnitPrice.dwr HTTP/1.1" 200 87
116.224.255.128 - - [07/Aug/2022:10:54:21 +0800] "POST /xingrg/dwr/call/plaincall/AjaxYddbService.saveMaterielItem.dwr HTTP/1.1" 200 79
58.40.7.146 - - [07/Aug/2022:10:54:22 +0800] "GET /xingrg/all/function/internal_message.html?_=1659840861817&CODE_STATE=getMsg HTTP/1.1" 200 27
116.224.255.128 - - [07/Aug/2022:10:54:26 +0800] "POST /xingrg/dwr/call/plaincall/AjaxComOrderService.getMaterielSearchList.dwr HTTP/1.1" 200 497994
116.224.255.128 - - [07/Aug/2022:10:54:26 +0800] "POST /xingrg/dwr/call/plaincall/AjaxComOrderService.getMaterielSearchList.dwr HTTP/1.1" 200 1773
116.224.255.128 - - [07/Aug/2022:10:54:27 +0800] "POST /xingrg/dwr/call/plaincall/AjaxComOrderService.getMaterielSearchList.dwr HTTP/1.1" 200 1773
116.224.255.128 - - [07/Aug/2022:10:54:27 +0800] "POST /xingrg/dwr/call/plaincall/AjaxYddbService.getMaterielByMap.dwr HTTP/1.1" 200 3957
116.224.255.128 - - [07/Aug/2022:10:54:28 +0800] "GET /xingrg/all/function/internal_message.html?_=1659840865974&CODE_STATE=getMsg HTTP/1.1" 200 27
116.224.255.128 - - [07/Aug/2022:10:54:29 +0800] "POST /xingrg/dwr/call/plaincall/AjaxYddbService.getUnitPrice.dwr HTTP/1.1" 200 87
116.224.255.128 - - [07/Aug/2022:10:54:32 +0800] "POST /xingrg/dwr/call/plaincall/AjaxYddbService.saveMaterielItem.dwr HTTP/1.1" 200 79
180.169.147.146 - - [07/Aug/2022:10:54:32 +0800] "GET /xingrg/all/function/internal_message.html?_=1659840870435&CODE_STATE=getMsg HTTP/1.1" 200 27
114.86.187.244 - - [07/Aug/2022:10:54:33 +0800] "GET /xingrg/all/function/internal_message.html?_=1659840874092&CODE_STATE=getMsg HTTP/1.1" 200 27
114.86.187.244 - - [07/Aug/2022:10:54:34 +0800] "GET /xingrg/check_reg.html?_=1659840874094 HTTP/1.1" 200 22
180.162.109.37 - - [07/Aug/2022:10:54:34 +0800] "GET /xingrg/all/function/internal_message.html?_=1659840055806&CODE_STATE=getMsg HTTP/1.1" 200 27
116.224.255.128 - - [07/Aug/2022:10:54:34 +0800] "POST /xingrg/dwr/call/plaincall/AjaxComOrderService.getMaterielSearchList.dwr HTTP/1.1" 200 2386
180.169.147.146 - - [07/Aug/2022:10:54:35 +0800] "GET /xingrg/all/function/internal_message.html?_=1659840875448&CODE_STATE=getMsg HTTP/1.1" 200 27
180.169.147.146 - - [07/Aug/2022:10:54:35 +0800] "GET /xingrg/check_reg.html?_=1659840875452 HTTP/1.1" 200 22
116.224.255.128 - - [07/Aug/2022:10:54:36 +0800] "POST /xingrg/dwr/call/plaincall/AjaxYddbService.getMaterielByMap.dwr HTTP/1.1" 200 3952
116.233.76.37 - - [07/Aug/2022:10:54:37 +0800] "GET /xingrg/all/function/internal_message.html?_=1659840877394&CODE_STATE=getMsg HTTP/1.1" 200 27
114.83.219.234 - - [07/Aug/2022:10:54:38 +0800] "GET /xingrg/all/function/internal_message.html?_=1659840876565&CODE_STATE=getMsg HTTP/1.1" 200 27
116.224.255.128 - - [07/Aug/2022:10:54:38 +0800] "POST /xingrg/dwr/call/plaincall/AjaxYddbService.saveMaterielItem.dwr HTTP/1.1" 200 79
172.20.0.100 - - [07/Aug/2022:10:54:38 +0800] "GET /xingrg/all/function/internal_message.html?_=1659840877369&CODE_STATE=getMsg HTTP/1.1" 200 27
180.169.147.146 - - [07/Aug/2022:10:54:41 +0800] "GET /xingrg/all/function/internal_message.html?_=1659840875141&CODE_STATE=getMsg HTTP/1.1" 200 27
116.224.255.128 - - [07/Aug/2022:10:54:46 +0800] "POST /xingrg/dwr/call/plaincall/AjaxYddbService.saveMaterielItem.dwr HTTP/1.1" 200 79
116.224.123.211 - - [07/Aug/2022:10:54:48 +0800] "GET /xingrg/all/function/internal_message.html?_=1659840887414&CODE_STATE=getMsg HTTP/1.1" 200 27
180.169.147.146 - - [07/Aug/2022:10:54:50 +0800] "GET /xingrg/all/function/internal_message.html?_=1659841008307&CODE_STATE=getMsg HTTP/1.1" 200 27
222.69.129.110 - - [07/Aug/2022:10:54:54 +0800] "GET /xingrg/all/function/internal_message.html?_=1659840952936&CODE_STATE=getMsg HTTP/1.1" 200 27
116.224.255.128 - - [07/Aug/2022:10:54:56 +0800] "POST /xingrg/dwr/call/plaincall/AjaxYddbService.checkOrder.dwr HTTP/1.1" 200 79
180.162.109.37 - - [07/Aug/2022:10:54:57 +0800] "GET /xingrg/kc/buy/cgsh_order_operate.html?command=get_materiel&rest_code=00143&code=00101006184&supplier_code=00100207&order_time=2022-08-07 HTTP/1.1" 200 408
116.224.255.128 - - [07/Aug/2022:10:54:57 +0800] "GET /xingrg/kc/base/yddb_order_info.html?code=482022080700048 HTTP/1.1" 200 29585
116.224.255.128 - - [07/Aug/2022:10:54:57 +0800] "GET /xingrg/dwr/interface/AjaxYddbService.js HTTP/1.1" 200 13201
116.224.255.128 - - [07/Aug/2022:10:54:57 +0800] "GET /xingrg/dwr/interface/AjaxComOrderService.js HTTP/1.1" 200 18264
116.224.255.128 - - [07/Aug/2022:10:54:57 +0800] "GET /xingrg/dwr/engine.js HTTP/1.1" 200 43631
116.224.255.128 - - [07/Aug/2022:10:54:57 +0800] "POST /xingrg/dwr/call/plaincall/AjaxYddbService.loadMaterielItems.dwr HTTP/1.1" 200 2337
116.232.194.65 - - [07/Aug/2022:10:54:59 +0800] "GET /xingrg/check_reg.html?_=1659840891389 HTTP/1.1" 200 22
116.232.194.65 - - [07/Aug/2022:10:54:59 +0800] "GET /xingrg/all/function/internal_message.html?_=1659840891390&CODE_STATE=getMsg HTTP/1.1" 200 27
116.235.94.65 - - [07/Aug/2022:10:55:00 +0800] "GET /xingrg/all/function/internal_message.html?_=1659841087827&CODE_STATE=getMsg HTTP/1.1" 200 27
180.162.109.37 - - [07/Aug/2022:10:55:05 +0800] "GET /xingrg/javascript/easyui/themes/default/images/button_plain_hover.png HTTP/1.1" 304 -
58.39.169.63 - - [07/Aug/2022:10:55:08 +0800] "GET /xingrg/check_reg.html?_=1659840784001 HTTP/1.1" 200 22
58.39.169.63 - - [07/Aug/2022:10:55:09 +0800] "GET /xingrg/all/function/internal_message.html?_=1659840784004&CODE_STATE=getMsg HTTP/1.1" 200 27
116.224.123.211 - - [07/Aug/2022:10:55:10 +0800] "GET /xingrg/all/function/internal_message.html?_=1659840909659&CODE_STATE=getMsg HTTP/1.1" 200 27
180.162.109.37 - - [07/Aug/2022:10:55:10 +0800] "POST /xingrg/kc/buy/cgsh_order_operate.html HTTP/1.1" 200 37
116.224.123.211 - - [07/Aug/2022:10:55:12 +0800] "GET /xingrg/check_reg.html?_=1659840912004 HTTP/1.1" 200 22
180.162.109.37 - - [07/Aug/2022:10:55:13 +0800] "POST /xingrg/kc/buy/cgsh_order_operate.html HTTP/1.1" 200 6785
58.40.7.146 - - [07/Aug/2022:10:55:22 +0800] "GET /xingrg/all/function/internal_message.html?_=1659840921818&CODE_STATE=getMsg HTTP/1.1" 200 27
58.40.7.146 - - [07/Aug/2022:10:55:22 +0800] "GET /xingrg/check_reg.html?_=1659840921819 HTTP/1.1" 200 22
116.224.255.128 - - [07/Aug/2022:10:55:25 +0800] "POST /xingrg/all/user/operate.html HTTP/1.1" 200 36
116.224.255.128 - - [07/Aug/2022:10:55:25 +0800] "GET /xingrg/index.html?sysBaseUrl=http%3A%2F%2F180.169.147.146%3A18081%2Fxingrg%2F&costTime=40×tamp=1659835195041 HTTP/1.1" 200 17177
116.224.255.128 - - [07/Aug/2022:10:55:25 +0800] "GET /xingrg/javascript/jquery_easy_ui/themes/default/easyui.css HTTP/1.1" 304 -
116.224.255.128 - - [07/Aug/2022:10:55:25 +0800] "GET /xingrg/javascript/jquery_easy_ui/themes/icon.css HTTP/1.1" 304 -
116.224.255.128 - - [07/Aug/2022:10:55:25 +0800] "GET /xingrg/css/form.css HTTP/1.1" 304 -
116.224.255.128 - - [07/Aug/2022:10:55:25 +0800] "GET /xingrg/javascript/jquery-1.4.2.min.js HTTP/1.1" 304 -
116.224.255.128 - - [07/Aug/2022:10:55:25 +0800] "GET /xingrg/javascript/jquery_easy_ui/jquery.easyui.min.js HTTP/1.1" 304 -
116.224.255.128 - - [07/Aug/2022:10:55:26 +0800] "GET /xingrg/javascript/jquery_easy_ui/easyui-lang-zh_CN.js HTTP/1.1" 304 -
116.224.255.128 - - [07/Aug/2022:10:55:26 +0800] "GET /xingrg/javascript/jquery.form.js HTTP/1.1" 304 -
116.224.255.128 - - [07/Aug/2022:10:55:26 +0800] "GET /xingrg/javascript/jquery.utils.js HTTP/1.1" 304 -
116.224.255.128 - - [07/Aug/2022:10:55:26 +0800] "GET /xingrg/javascript/jquery.timers.js HTTP/1.1" 304 -
116.224.255.128 - - [07/Aug/2022:10:55:26 +0800] "GET /xingrg/images/blue/jxLogo.png HTTP/1.1" 304 -
116.224.255.128 - - [07/Aug/2022:10:55:26 +0800] "GET /xingrg/images/blue/navBackgound.jpg HTTP/1.1" 304 -
116.224.255.128 - - [07/Aug/2022:10:55:26 +0800] "GET /xingrg/javascript/jquery_easy_ui/themes/icons/settle_new.png HTTP/1.1" 304 -
116.224.255.128 - - [07/Aug/2022:10:55:26 +0800] "GET /xingrg/check_reg.html?_=1659840923868 HTTP/1.1" 200 22
116.224.255.128 - - [07/Aug/2022:10:55:26 +0800] "GET /xingrg/all/function/internal_message.html?_=1659840923867&CODE_STATE=count HTTP/1.1" 200 11
116.224.255.128 - - [07/Aug/2022:10:55:26 +0800] "POST /xingrg/all/common/load_tree.html?tree=area_rest_tree_json&manage=1 HTTP/1.1" 200 476
116.224.255.128 - - [07/Aug/2022:10:55:26 +0800] "GET /xingrg/images/blue/pingpu.png HTTP/1.1" 304 -
116.224.255.128 - - [07/Aug/2022:10:55:26 +0800] "POST /xingrg/load_menu.html HTTP/1.1" 200 5138
116.224.255.128 - - [07/Aug/2022:10:55:26 +0800] "GET /xingrg/javascript/jquery_easy_ui/themes/default/images/panel_tool_collapse.gif HTTP/1.1" 304 -
116.224.255.128 - - [07/Aug/2022:10:55:26 +0800] "GET /xingrg/javascript/jquery_easy_ui/themes/default/images/tabs_rightarrow.png HTTP/1.1" 304 -
116.224.255.128 - - [07/Aug/2022:10:55:26 +0800] "GET /xingrg/javascript/jquery_easy_ui/themes/default/images/tree_arrows.gif HTTP/1.1" 304 -
116.224.255.128 - - [07/Aug/2022:10:55:26 +0800] "GET /xingrg/javascript/jquery_easy_ui/themes/default/images/tree_folder_open.gif HTTP/1.1" 304 -
116.224.255.128 - - [07/Aug/2022:10:55:26 +0800] "GET /xingrg/javascript/jquery_easy_ui/themes/default/images/tree_file.gif HTTP/1.1" 304 -
116.224.255.128 - - [07/Aug/2022:10:55:26 +0800] "GET /xingrg/javascript/jquery_easy_ui/themes/icons/forms_new.png HTTP/1.1" 304 -
116.224.255.128 - - [07/Aug/2022:10:55:26 +0800] "GET /xingrg/javascript/jquery_easy_ui/themes/default/images/tree_folder.gif HTTP/1.1" 304 -
116.224.255.128 - - [07/Aug/2022:10:55:26 +0800] "GET /xingrg/javascript/jquery_easy_ui/themes/icons/storage_new.png HTTP/1.1" 304 -
116.224.255.128 - - [07/Aug/2022:10:55:26 +0800] "GET /xingrg/javascript/jquery_easy_ui/themes/icons/search_new.png HTTP/1.1" 304 -
116.224.255.128 - - [07/Aug/2022:10:55:26 +0800] "GET /xingrg/javascript/jquery_easy_ui/themes/default/images/tabs_leftarrow.png HTTP/1.1" 304 -
116.224.255.128 - - [07/Aug/2022:10:55:29 +0800] "GET /xingrg/kc/base/yddb_order_list.html HTTP/1.1" 200 16752
116.224.255.128 - - [07/Aug/2022:10:55:29 +0800] "POST /xingrg/kc/base/yddb_list_operate.html HTTP/1.1" 200 636
116.224.255.128 - - [07/Aug/2022:10:55:31 +0800] "POST /xingrg/kc/base/yddb_list_operate.html HTTP/1.1" 200 1347
180.169.147.146 - - [07/Aug/2022:10:55:32 +0800] "GET /xingrg/check_reg.html?_=1659840930437 HTTP/1.1" 200 22
180.169.147.146 - - [07/Aug/2022:10:55:32 +0800] "GET /xingrg/all/function/internal_message.html?_=1659840930439&CODE_STATE=getMsg HTTP/1.1" 200 27
116.224.255.128 - - [07/Aug/2022:10:55:32 +0800] "POST /xingrg/kc/base/yddb_list_operate.html HTTP/1.1" 200 657
116.224.255.128 - - [07/Aug/2022:10:55:33 +0800] "GET /xingrg/kc/base/yddb_order_info.html?code=482022080700048 HTTP/1.1" 200 31150
116.224.255.128 - - [07/Aug/2022:10:55:33 +0800] "GET /xingrg/dwr/interface/AjaxYddbService.js HTTP/1.1" 200 13201
116.224.255.128 - - [07/Aug/2022:10:55:33 +0800] "GET /xingrg/dwr/interface/AjaxComOrderService.js HTTP/1.1" 200 18264
116.224.255.128 - - [07/Aug/2022:10:55:33 +0800] "GET /xingrg/dwr/engine.js HTTP/1.1" 200 43631
116.224.255.128 - - [07/Aug/2022:10:55:33 +0800] "POST /xingrg/dwr/call/plaincall/AjaxYddbService.loadMaterielItems.dwr HTTP/1.1" 200 2337
114.86.187.244 - - [07/Aug/2022:10:55:33 +0800] "GET /xingrg/all/function/internal_message.html?_=1659840934094&CODE_STATE=getMsg HTTP/1.1" 200 27
180.162.109.37 - - [07/Aug/2022:10:55:34 +0800] "GET /xingrg/all/function/internal_message.html?_=1659840115805&CODE_STATE=getMsg HTTP/1.1" 200 27
180.169.147.146 - - [07/Aug/2022:10:55:35 +0800] "GET /xingrg/all/function/internal_message.html?_=1659840935451&CODE_STATE=getMsg HTTP/1.1" 200 27
116.224.255.128 - - [07/Aug/2022:10:55:36 +0800] "POST /xingrg/dwr/call/plaincall/AjaxYddbService.saveOrder.dwr HTTP/1.1" 200 78
116.233.76.37 - - [07/Aug/2022:10:55:37 +0800] "GET /xingrg/all/function/internal_message.html?_=1659840937397&CODE_STATE=getMsg HTTP/1.1" 200 27
114.83.219.234 - - [07/Aug/2022:10:55:38 +0800] "GET /xingrg/all/function/internal_message.html?_=1659840936543&CODE_STATE=getMsg HTTP/1.1" 200 27
172.20.0.100 - - [07/Aug/2022:10:55:38 +0800] "GET /xingrg/all/function/internal_message.html?_=1659840937372&CODE_STATE=getMsg HTTP/1.1" 200 27
120.253.135.82 - - [07/Aug/2022:10:55:39 +0800] "GET /xingrg/check_reg.html?_=1659840745700 HTTP/1.1" 200 22
116.224.255.128 - - [07/Aug/2022:10:55:40 +0800] "POST /xingrg/dwr/call/plaincall/AjaxYddbService.objCheckOrder.dwr HTTP/1.1" 200 78
116.224.255.128 - - [07/Aug/2022:10:55:40 +0800] "GET /xingrg/kc/base/yddb_order_info.html?code=482022080700048 HTTP/1.1" 200 31271
116.224.255.128 - - [07/Aug/2022:10:55:40 +0800] "GET /xingrg/dwr/interface/AjaxComOrderService.js HTTP/1.1" 200 18264
116.224.255.128 - - [07/Aug/2022:10:55:40 +0800] "GET /xingrg/dwr/interface/AjaxYddbService.js HTTP/1.1" 200 13201
116.224.255.128 - - [07/Aug/2022:10:55:40 +0800] "GET /xingrg/dwr/engine.js HTTP/1.1" 200 43631
116.224.255.128 - - [07/Aug/2022:10:55:41 +0800] "POST /xingrg/dwr/call/plaincall/AjaxYddbService.loadMaterielItems.dwr HTTP/1.1" 200 2337
180.169.147.146 - - [07/Aug/2022:10:55:41 +0800] "GET /xingrg/all/function/internal_message.html?_=1659840935123&CODE_STATE=getMsg HTTP/1.1" 200 27
180.169.147.146 - - [07/Aug/2022:10:55:41 +0800] "GET /xingrg/check_reg.html?_=1659840935280 HTTP/1.1" 200 22
116.224.255.128 - - [07/Aug/2022:10:55:42 +0800] "GET /xingrg/kc/base/yddb_order_list.html?isBack=1 HTTP/1.1" 200 16752
116.224.255.128 - - [07/Aug/2022:10:55:42 +0800] "POST /xingrg/kc/base/yddb_list_operate.html HTTP/1.1" 200 636
116.224.123.211 - - [07/Aug/2022:10:55:48 +0800] "GET /xingrg/all/function/internal_message.html?_=1659840947415&CODE_STATE=getMsg HTTP/1.1" 200 27
180.169.147.146 - - [07/Aug/2022:10:55:50 +0800] "GET /xingrg/all/function/internal_message.html?_=1659841068301&CODE_STATE=getMsg HTTP/1.1" 200 27
222.69.129.110 - - [07/Aug/2022:10:55:54 +0800] "GET /xingrg/all/function/internal_message.html?_=1659841012935&CODE_STATE=getMsg HTTP/1.1" 200 27
116.232.194.65 - - [07/Aug/2022:10:55:59 +0800] "GET /xingrg/all/function/internal_message.html?_=1659840951386&CODE_STATE=getMsg HTTP/1.1" 200 27
116.235.94.65 - - [07/Aug/2022:10:56:00 +0800] "GET /xingrg/all/function/internal_message.html?_=1659841147825&CODE_STATE=getMsg HTTP/1.1" 200 27
58.39.169.63 - - [07/Aug/2022:10:56:09 +0800] "GET /xingrg/all/function/internal_message.html?_=1659840844010&CODE_STATE=getMsg HTTP/1.1" 200 27
116.224.123.211 - - [07/Aug/2022:10:56:10 +0800] "GET /xingrg/all/function/internal_message.html?_=1659840969634&CODE_STATE=getMsg HTTP/1.1" 200 27
218.81.223.53 - - [07/Aug/2022:10:56:14 +0800] "GET /xingrg/check_reg.html?_=1659840999608 HTTP/1.1" 200 22
114.88.158.224 - - [07/Aug/2022:10:56:15 +0800] "POST /xingrg/services/DataTransmitService HTTP/1.1" 200 524
114.88.158.224 - - [07/Aug/2022:10:56:15 +0800] "POST /xingrg/services/DataTransmitService HTTP/1.1" 200 501
58.40.7.146 - - [07/Aug/2022:10:56:22 +0800] "GET /xingrg/all/function/internal_message.html?_=1659840981804&CODE_STATE=getMsg HTTP/1.1" 200 27
218.81.223.53 - - [07/Aug/2022:10:56:23 +0800] "GET /favicon.ico HTTP/1.1" 404 -
116.224.255.128 - - [07/Aug/2022:10:56:26 +0800] "GET /xingrg/all/function/internal_message.html?_=1659840983885&CODE_STATE=getMsg HTTP/1.1" 200 27
180.169.147.146 - - [07/Aug/2022:10:56:32 +0800] "GET /xingrg/all/function/internal_message.html?_=1659840990424&CODE_STATE=getMsg HTTP/1.1" 200 27
114.86.187.244 - - [07/Aug/2022:10:56:33 +0800] "GET /xingrg/all/function/internal_message.html?_=1659840994097&CODE_STATE=getMsg HTTP/1.1" 200 27
180.162.109.37 - - [07/Aug/2022:10:56:34 +0800] "GET /xingrg/check_reg.html?_=1659840175800 HTTP/1.1" 200 22
180.162.109.37 - - [07/Aug/2022:10:56:34 +0800] "GET /xingrg/all/function/internal_message.html?_=1659840175802&CODE_STATE=getMsg HTTP/1.1" 200 27
180.169.147.146 - - [07/Aug/2022:10:56:35 +0800] "GET /xingrg/all/function/internal_message.html?_=1659840995453&CODE_STATE=getMsg HTTP/1.1" 200 27
116.233.76.37 - - [07/Aug/2022:10:56:37 +0800] "GET /xingrg/all/function/internal_message.html?_=1659840997399&CODE_STATE=getMsg HTTP/1.1" 200 27
114.83.219.234 - - [07/Aug/2022:10:56:38 +0800] "GET /xingrg/all/function/internal_message.html?_=1659840996529&CODE_STATE=getMsg HTTP/1.1" 200 27
172.20.0.100 - - [07/Aug/2022:10:56:38 +0800] "GET /xingrg/all/function/internal_message.html?_=1659840997374&CODE_STATE=getMsg HTTP/1.1" 200 27
172.20.0.100 - - [07/Aug/2022:10:56:38 +0800] "GET /xingrg/check_reg.html?_=1659840997377 HTTP/1.1" 200 22
180.169.147.146 - - [07/Aug/2022:10:56:40 +0800] "GET /xingrg/kc/report/report_main.html HTTP/1.1" 200 7340
180.169.147.146 - - [07/Aug/2022:10:56:41 +0800] "GET /xingrg/all/function/internal_message.html?_=1659840995109&CODE_STATE=getMsg HTTP/1.1" 200 27
180.169.147.146 - - [07/Aug/2022:10:56:42 +0800] "GET /xingrg/all/report/report_query.html?fileName=kc/buy/gys_amount.xml&rh=99999 HTTP/1.1" 200 52006
180.169.147.146 - - [07/Aug/2022:10:56:42 +0800] "GET /xingrg/dwr/engine.js HTTP/1.1" 200 43631
180.169.147.146 - - [07/Aug/2022:10:56:42 +0800] "GET /xingrg/dwr/util.js HTTP/1.1" 304 -
180.169.147.146 - - [07/Aug/2022:10:56:42 +0800] "GET /xingrg/dwr/interface/AjaxReportQueryService.js HTTP/1.1" 200 13203
180.169.147.146 - - [07/Aug/2022:10:56:42 +0800] "POST /xingrg/dwr/call/plaincall/AjaxReportQueryService.getFixDate.dwr HTTP/1.1" 200 111
180.169.147.146 - - [07/Aug/2022:10:56:42 +0800] "POST /xingrg/all/common/load_tree.html?tree=supplier_tree_json&manage=1 HTTP/1.1" 200 68756
180.169.147.146 - - [07/Aug/2022:10:56:44 +0800] "POST /xingrg/all/common/load_tree.html?tree=materiel_sort_tree_json HTTP/1.1" 200 9388
180.169.147.146 - - [07/Aug/2022:10:56:44 +0800] "POST /xingrg/dwr/call/plaincall/AjaxReportQueryService.getInitString.dwr HTTP/1.1" 200 1083
116.224.123.211 - - [07/Aug/2022:10:56:48 +0800] "GET /xingrg/all/function/internal_message.html?_=1659841007399&CODE_STATE=getMsg HTTP/1.1" 200 27
180.169.147.146 - - [07/Aug/2022:10:56:50 +0800] "GET /xingrg/all/function/internal_message.html?_=1659841128309&CODE_STATE=getMsg HTTP/1.1" 200 27
222.69.129.110 - - [07/Aug/2022:10:56:54 +0800] "GET /xingrg/all/function/internal_message.html?_=1659841072934&CODE_STATE=getMsg HTTP/1.1" 200 27
116.232.194.65 - - [07/Aug/2022:10:56:59 +0800] "GET /xingrg/all/function/internal_message.html?_=1659841011391&CODE_STATE=getMsg HTTP/1.1" 200 27
116.235.94.65 - - [07/Aug/2022:10:57:00 +0800] "GET /xingrg/all/function/internal_message.html?_=1659841207823&CODE_STATE=getMsg HTTP/1.1" 200 27
116.235.94.65 - - [07/Aug/2022:10:57:00 +0800] "GET /xingrg/check_reg.html?_=1659841207824 HTTP/1.1" 200 22
58.39.169.63 - - [07/Aug/2022:10:57:08 +0800] "GET /xingrg/all/function/internal_message.html?_=1659840904000&CODE_STATE=getMsg HTTP/1.1" 200 27
116.224.123.211 - - [07/Aug/2022:10:57:10 +0800] "GET /xingrg/all/function/internal_message.html?_=1659841029616&CODE_STATE=getMsg HTTP/1.1" 200 27
58.40.7.146 - - [07/Aug/2022:10:57:22 +0800] "GET /xingrg/all/function/internal_message.html?_=1659841041807&CODE_STATE=getMsg HTTP/1.1" 200 27
116.224.255.128 - - [07/Aug/2022:10:57:26 +0800] "GET /xingrg/all/function/internal_message.html?_=1659841043881&CODE_STATE=getMsg HTTP/1.1" 200 27
180.169.147.146 - - [07/Aug/2022:10:57:27 +0800] "POST /xingrg/dwr/call/plaincall/AjaxReportQueryService.refreshCache.dwr HTTP/1.1" 200 78
180.169.147.146 - - [07/Aug/2022:10:57:30 +0800] "POST /xingrg/all/report/load_report_page.html HTTP/1.1" 200 187105
180.169.147.146 - - [07/Aug/2022:10:57:31 +0800] "GET /xingrg/servlets/image?cache=0.17854375968050495&image=px HTTP/1.1" 200 807
180.169.147.146 - - [07/Aug/2022:10:57:32 +0800] "GET /xingrg/all/function/internal_message.html?_=1659841050432&CODE_STATE=getMsg HTTP/1.1" 200 27
114.86.187.244 - - [07/Aug/2022:10:57:33 +0800] "GET /xingrg/all/function/internal_message.html?_=1659841054089&CODE_STATE=getMsg HTTP/1.1" 200 27
180.162.109.37 - - [07/Aug/2022:10:57:34 +0800] "GET /xingrg/all/function/internal_message.html?_=1659840235802&CODE_STATE=getMsg HTTP/1.1" 200 27
180.169.147.146 - - [07/Aug/2022:10:57:35 +0800] "GET /xingrg/all/function/internal_message.html?_=1659841055454&CODE_STATE=getMsg HTTP/1.1" 200 27
180.169.147.146 - - [07/Aug/2022:10:57:36 +0800] "GET /xingrg/all/report/report_query.html?fileName=kc/buy/gys_amount.xml&rh=99999 HTTP/1.1" 200 52006
180.169.147.146 - - [07/Aug/2022:10:57:36 +0800] "GET /xingrg/dwr/interface/AjaxReportQueryService.js HTTP/1.1" 200 13203
180.169.147.146 - - [07/Aug/2022:10:57:36 +0800] "GET /xingrg/dwr/engine.js HTTP/1.1" 200 43631
180.169.147.146 - - [07/Aug/2022:10:57:37 +0800] "POST /xingrg/dwr/call/plaincall/AjaxReportQueryService.getFixDate.dwr HTTP/1.1" 200 111
180.169.147.146 - - [07/Aug/2022:10:57:37 +0800] "POST /xingrg/all/common/load_tree.html?tree=supplier_tree_json&manage=1 HTTP/1.1" 200 68756
116.233.76.37 - - [07/Aug/2022:10:57:37 +0800] "GET /xingrg/all/function/internal_message.html?_=1659841057402&CODE_STATE=getMsg HTTP/1.1" 200 27
116.233.76.37 - - [07/Aug/2022:10:57:38 +0800] "GET /xingrg/check_reg.html?_=1659841057404 HTTP/1.1" 200 22
114.83.219.234 - - [07/Aug/2022:10:57:38 +0800] "GET /xingrg/all/function/internal_message.html?_=1659841056520&CODE_STATE=getMsg HTTP/1.1" 200 27
180.169.147.146 - - [07/Aug/2022:10:57:38 +0800] "POST /xingrg/all/common/load_tree.html?tree=materiel_sort_tree_json HTTP/1.1" 200 9388
180.169.147.146 - - [07/Aug/2022:10:57:38 +0800] "POST /xingrg/dwr/call/plaincall/AjaxReportQueryService.getInitString.dwr HTTP/1.1" 200 1083
172.20.0.100 - - [07/Aug/2022:10:57:38 +0800] "GET /xingrg/all/function/internal_message.html?_=1659841057381&CODE_STATE=getMsg HTTP/1.1" 200 27
180.169.147.146 - - [07/Aug/2022:10:57:41 +0800] "GET /xingrg/all/function/internal_message.html?_=1659841055088&CODE_STATE=getMsg HTTP/1.1" 200 27
120.253.135.82 - - [07/Aug/2022:10:57:48 +0800] "GET /xingrg/kc/pszx/mdqp_order_list.html?state=10 HTTP/1.1" 200 10657
116.224.123.211 - - [07/Aug/2022:10:57:48 +0800] "GET /xingrg/check_reg.html?_=1659841067170 HTTP/1.1" 200 22
120.253.135.82 - - [07/Aug/2022:10:57:48 +0800] "GET /xingrg/dwr/interface/AjaxReportQueryService.js HTTP/1.1" 200 13203
120.253.135.82 - - [07/Aug/2022:10:57:48 +0800] "GET /xingrg/dwr/interface/AjaxQqpsService.js HTTP/1.1" 200 16326
120.253.135.82 - - [07/Aug/2022:10:57:48 +0800] "GET /xingrg/dwr/engine.js HTTP/1.1" 200 43631
116.224.123.211 - - [07/Aug/2022:10:57:48 +0800] "GET /xingrg/all/function/internal_message.html?_=1659841067390&CODE_STATE=getMsg HTTP/1.1" 200 27
180.169.147.146 - - [07/Aug/2022:10:57:50 +0800] "GET /xingrg/check_reg.html?_=1659841188298 HTTP/1.1" 200 22
180.169.147.146 - - [07/Aug/2022:10:57:50 +0800] "GET /xingrg/all/function/internal_message.html?_=1659841188301&CODE_STATE=getMsg HTTP/1.1" 200 27
180.169.147.146 - - [07/Aug/2022:10:57:50 +0800] "POST /xingrg/dwr/call/plaincall/AjaxReportQueryService.refreshCache.dwr HTTP/1.1" 200 78
120.253.135.82 - - [07/Aug/2022:10:57:51 +0800] "GET /xingrg/kc/pszx/mdqp_order_list.html?state=10 HTTP/1.1" 200 10657
120.253.135.82 - - [07/Aug/2022:10:57:51 +0800] "GET /xingrg/dwr/interface/AjaxReportQueryService.js HTTP/1.1" 200 13203
120.253.135.82 - - [07/Aug/2022:10:57:51 +0800] "GET /xingrg/dwr/interface/AjaxQqpsService.js HTTP/1.1" 200 16326
120.253.135.82 - - [07/Aug/2022:10:57:51 +0800] "GET /xingrg/dwr/engine.js HTTP/1.1" 200 43631
180.169.147.146 - - [07/Aug/2022:10:57:54 +0800] "POST /xingrg/all/report/load_report_page.html HTTP/1.1" 200 130925
180.169.147.146 - - [07/Aug/2022:10:57:54 +0800] "GET /xingrg/servlets/image?cache=0.5311561401270766&image=px HTTP/1.1" 200 807
222.69.129.110 - - [07/Aug/2022:10:57:54 +0800] "GET /xingrg/all/function/internal_message.html?_=1659841132936&CODE_STATE=getMsg HTTP/1.1" 200 27
222.69.129.110 - - [07/Aug/2022:10:57:54 +0800] "GET /xingrg/check_reg.html?_=1659841132940 HTTP/1.1" 200 22
116.232.194.65 - - [07/Aug/2022:10:57:59 +0800] "GET /xingrg/all/function/internal_message.html?_=1659841071388&CODE_STATE=getMsg HTTP/1.1" 200 27
116.235.94.65 - - [07/Aug/2022:10:58:00 +0800] "GET /xingrg/all/function/internal_message.html?_=1659841267822&CODE_STATE=getMsg HTTP/1.1" 200 27
124.78.152.102 - - [07/Aug/2022:10:58:03 +0800] "GET /xingrg/check_reg.html?_=1659841083660 HTTP/1.1" 200 22
58.39.169.63 - - [07/Aug/2022:10:58:08 +0800] "GET /xingrg/all/function/internal_message.html?_=1659840964001&CODE_STATE=getMsg HTTP/1.1" 200 27
116.224.123.211 - - [07/Aug/2022:10:58:10 +0800] "GET /xingrg/all/function/internal_message.html?_=1659841089593&CODE_STATE=getMsg HTTP/1.1" 200 27
180.169.147.146 - - [07/Aug/2022:10:58:15 +0800] "GET /xingrg/all/report/report_query.html?isQuery=1&fileName=kc/buy/wlcg_cate_hz.xml&queryString=(CONVERT(char(10)%252Ca.order_time%252C%2520120)%253E%253D'2022-07-01')%2520and%2520(CONVERT(char(10)%252Ca.order_time%252C%2520120)%253C%253D'2022-07-31')%2520and%2520(a.number%253E0%2520and%2520a.supplier_code%253D'00100323')&queryText=%25E3%2580%2590%25E9%2587%2587%25E8%25B4%25AD%25E6%2597%25A5%25E6%259C%259F%253A2022-07-01%2520%25E8%2587%25B3%25202022-07-31%25E3%2580%2591%2520%25E5%25B9%25B6%25E4%25B8%2594%2520%25E3%2580%2590%25E4%25BE%259B%25E5%25BA%2594%25E5%2595%2586%253D%25E6%2598%258C%25E8%25AE%25B0%25E5%2586%25BB%25E5%2593%2581(%25E5%2590%25B4%25E6%2598%258C%25E5%258D%258E%25EF%25BC%2589%25E3%2580%2591 HTTP/1.1" 200 54380
180.169.147.146 - - [07/Aug/2022:10:58:15 +0800] "GET /xingrg/dwr/interface/AjaxReportQueryService.js HTTP/1.1" 200 13203
180.169.147.146 - - [07/Aug/2022:10:58:15 +0800] "GET /xingrg/dwr/engine.js HTTP/1.1" 200 43631
180.169.147.146 - - [07/Aug/2022:10:58:18 +0800] "POST /xingrg/all/report/load_report_page.html HTTP/1.1" 200 8715
180.169.147.146 - - [07/Aug/2022:10:58:18 +0800] "GET /xingrg/servlets/image?cache=0.2224302262761031&image=px HTTP/1.1" 200 807
180.169.147.146 - - [07/Aug/2022:10:58:20 +0800] "POST /xingrg/all/report/load_report_page.html HTTP/1.1" 200 63079
180.169.147.146 - - [07/Aug/2022:10:58:20 +0800] "GET /xingrg/servlets/image?cache=0.48018120801210784&image=px HTTP/1.1" 200 807
58.40.7.146 - - [07/Aug/2022:10:58:22 +0800] "GET /xingrg/all/function/internal_message.html?_=1659841101811&CODE_STATE=getMsg HTTP/1.1" 200 27
116.224.255.128 - - [07/Aug/2022:10:58:26 +0800] "GET /xingrg/all/function/internal_message.html?_=1659841103882&CODE_STATE=getMsg HTTP/1.1" 200 27
180.169.147.146 - - [07/Aug/2022:10:58:32 +0800] "GET /xingrg/all/function/internal_message.html?_=1659841110434&CODE_STATE=getMsg HTTP/1.1" 200 27
180.169.147.146 - - [07/Aug/2022:10:58:32 +0800] "GET /xingrg/all/report/report_query.html?isQuery=1&fileName=kc/buy/wlcg_cate_hz.xml&queryString=(CONVERT(char(10)%252Ca.order_time%252C%2520120)%253E%253D'2022-07-01')%2520and%2520(CONVERT(char(10)%252Ca.order_time%252C%2520120)%253C%253D'2022-07-31')%2520and%2520(a.number%253E0%2520and%2520a.supplier_code%253D'00100325')&queryText=%25E3%2580%2590%25E9%2587%2587%25E8%25B4%25AD%25E6%2597%25A5%25E6%259C%259F%253A2022-07-01%2520%25E8%2587%25B3%25202022-07-31%25E3%2580%2591%2520%25E5%25B9%25B6%25E4%25B8%2594%2520%25E3%2580%2590%25E4%25BE%259B%25E5%25BA%2594%25E5%2595%2586%253D%25E5%25B0%258F%25E7%25BD%2597%25E5%2586%25BB%25E5%2593%2581%25EF%25BC%2588%25E5%25B7%25A6%25E4%25BA%259A%25E5%25A8%259F%25EF%25BC%2589%25E3%2580%2591 HTTP/1.1" 200 54382
180.169.147.146 - - [07/Aug/2022:10:58:32 +0800] "GET /xingrg/dwr/interface/AjaxReportQueryService.js HTTP/1.1" 200 13203
180.169.147.146 - - [07/Aug/2022:10:58:32 +0800] "GET /xingrg/dwr/engine.js HTTP/1.1" 200 43631
114.86.187.244 - - [07/Aug/2022:10:58:33 +0800] "GET /xingrg/all/function/internal_message.html?_=1659841114090&CODE_STATE=getMsg HTTP/1.1" 200 27
180.162.109.37 - - [07/Aug/2022:10:58:34 +0800] "GET /xingrg/all/function/internal_message.html?_=1659840295817&CODE_STATE=getMsg HTTP/1.1" 200 27
180.169.147.146 - - [07/Aug/2022:10:58:35 +0800] "GET /xingrg/all/function/internal_message.html?_=1659841115455&CODE_STATE=getMsg HTTP/1.1" 200 27
114.83.219.234 - - [07/Aug/2022:10:58:35 +0800] "GET /xingrg/check_reg.html?_=1659841114357 HTTP/1.1" 200 22
180.169.147.146 - - [07/Aug/2022:10:58:36 +0800] "POST /xingrg/all/report/load_report_page.html HTTP/1.1" 200 8713
180.169.147.146 - - [07/Aug/2022:10:58:36 +0800] "GET /xingrg/servlets/image?cache=0.5608194481075303&image=px HTTP/1.1" 200 807
180.169.147.146 - - [07/Aug/2022:10:58:37 +0800] "POST /xingrg/all/report/load_report_page.html HTTP/1.1" 200 23141
180.169.147.146 - - [07/Aug/2022:10:58:37 +0800] "GET /xingrg/servlets/image?cache=0.9008547223352166&image=px HTTP/1.1" 200 807
116.233.76.37 - - [07/Aug/2022:10:58:37 +0800] "GET /xingrg/all/function/internal_message.html?_=1659841117405&CODE_STATE=getMsg HTTP/1.1" 200 27
114.83.219.234 - - [07/Aug/2022:10:58:38 +0800] "GET /xingrg/all/function/internal_message.html?_=1659841116501&CODE_STATE=getMsg HTTP/1.1" 200 27
172.20.0.100 - - [07/Aug/2022:10:58:38 +0800] "GET /xingrg/all/function/internal_message.html?_=1659841117383&CODE_STATE=getMsg HTTP/1.1" 200 27
180.169.147.146 - - [07/Aug/2022:10:58:41 +0800] "GET /xingrg/all/function/internal_message.html?_=1659841115061&CODE_STATE=getMsg HTTP/1.1" 200 27
114.88.158.224 - - [07/Aug/2022:10:58:46 +0800] "GET /xingrg/check_reg.html?_=1659840804544 HTTP/1.1" 200 22
116.224.123.211 - - [07/Aug/2022:10:58:48 +0800] "GET /xingrg/all/function/internal_message.html?_=1659841127384&CODE_STATE=getMsg HTTP/1.1" 200 27
180.169.147.146 - - [07/Aug/2022:10:58:49 +0800] "GET /xingrg/all/report/report_query.html?isQuery=1&fileName=kc/buy/wlcg_cate_hz.xml&queryString=(CONVERT(char(10)%252Ca.order_time%252C%2520120)%253E%253D'2022-07-01')%2520and%2520(CONVERT(char(10)%252Ca.order_time%252C%2520120)%253C%253D'2022-07-31')%2520and%2520(a.number%253E0%2520and%2520a.supplier_code%253D'00100330')&queryText=%25E3%2580%2590%25E9%2587%2587%25E8%25B4%25AD%25E6%2597%25A5%25E6%259C%259F%253A2022-07-01%2520%25E8%2587%25B3%25202022-07-31%25E3%2580%2591%2520%25E5%25B9%25B6%25E4%25B8%2594%2520%25E3%2580%2590%25E4%25BE%259B%25E5%25BA%2594%25E5%2595%2586%253D%25E9%2580%25B8%25E5%25B8%258C%25E6%25B0%25B4%25E4%25BA%25A7%25E8%25A1%258C%25EF%25BC%2588%25E5%2590%25B4%25E5%2587%25AF%25E9%2598%25B3%25EF%25BC%2589%25E3%2580%2591 HTTP/1.1" 200 54386
180.169.147.146 - - [07/Aug/2022:10:58:49 +0800] "GET /xingrg/dwr/interface/AjaxReportQueryService.js HTTP/1.1" 200 13203
180.169.147.146 - - [07/Aug/2022:10:58:49 +0800] "GET /xingrg/dwr/engine.js HTTP/1.1" 200 43631
180.169.147.146 - - [07/Aug/2022:10:58:50 +0800] "GET /xingrg/all/function/internal_message.html?_=1659841248317&CODE_STATE=getMsg HTTP/1.1" 200 27
180.169.147.146 - - [07/Aug/2022:10:58:51 +0800] "POST /xingrg/all/report/load_report_page.html HTTP/1.1" 200 8711
180.169.147.146 - - [07/Aug/2022:10:58:51 +0800] "GET /xingrg/servlets/image?cache=0.9467454995814426&image=px HTTP/1.1" 200 807
180.169.147.146 - - [07/Aug/2022:10:58:53 +0800] "POST /xingrg/all/report/load_report_page.html HTTP/1.1" 200 23147
180.169.147.146 - - [07/Aug/2022:10:58:53 +0800] "GET /xingrg/servlets/image?cache=0.2997268774641124&image=px HTTP/1.1" 200 807
222.69.129.110 - - [07/Aug/2022:10:58:54 +0800] "GET /xingrg/all/function/internal_message.html?_=1659841192927&CODE_STATE=getMsg HTTP/1.1" 200 27
116.232.194.65 - - [07/Aug/2022:10:58:59 +0800] "GET /xingrg/all/function/internal_message.html?_=1659841131395&CODE_STATE=getMsg HTTP/1.1" 200 27
116.235.94.65 - - [07/Aug/2022:10:59:00 +0800] "GET /xingrg/all/function/internal_message.html?_=1659841327820&CODE_STATE=getMsg HTTP/1.1" 200 27
180.169.147.146 - - [07/Aug/2022:10:59:06 +0800] "GET /xingrg/all/report/report_query.html?isQuery=1&fileName=kc/buy/wlcg_cate_hz.xml&queryString=(CONVERT(char(10)%252Ca.order_time%252C%2520120)%253E%253D'2022-07-01')%2520and%2520(CONVERT(char(10)%252Ca.order_time%252C%2520120)%253C%253D'2022-07-31')%2520and%2520(a.number%253E0%2520and%2520a.supplier_code%253D'00100327')&queryText=%25E3%2580%2590%25E9%2587%2587%25E8%25B4%25AD%25E6%2597%25A5%25E6%259C%259F%253A2022-07-01%2520%25E8%2587%25B3%25202022-07-31%25E3%2580%2591%2520%25E5%25B9%25B6%25E4%25B8%2594%2520%25E3%2580%2590%25E4%25BE%259B%25E5%25BA%2594%25E5%2595%2586%253D%25E5%258E%25A8%25E5%258D%259A%25E6%25B1%2587%25EF%25BC%2588%25E8%25A7%25A3%25E6%2595%258F%25EF%25BC%2589%25E3%2580%2591 HTTP/1.1" 200 54374
180.169.147.146 - - [07/Aug/2022:10:59:06 +0800] "GET /xingrg/dwr/interface/AjaxReportQueryService.js HTTP/1.1" 200 13203
180.169.147.146 - - [07/Aug/2022:10:59:06 +0800] "GET /xingrg/dwr/engine.js HTTP/1.1" 200 43631
58.39.169.63 - - [07/Aug/2022:10:59:08 +0800] "GET /xingrg/all/function/internal_message.html?_=1659841024000&CODE_STATE=getMsg HTTP/1.1" 200 27
180.169.147.146 - - [07/Aug/2022:10:59:09 +0800] "POST /xingrg/all/report/load_report_page.html HTTP/1.1" 200 8721
180.169.147.146 - - [07/Aug/2022:10:59:09 +0800] "GET /xingrg/servlets/image?cache=0.11405911021198067&image=px HTTP/1.1" 200 807
116.224.123.211 - - [07/Aug/2022:10:59:09 +0800] "GET /xingrg/all/function/internal_message.html?_=1659841149565&CODE_STATE=getMsg HTTP/1.1" 200 27
180.169.147.146 - - [07/Aug/2022:10:59:11 +0800] "POST /xingrg/all/report/load_report_page.html HTTP/1.1" 200 26520
180.169.147.146 - - [07/Aug/2022:10:59:11 +0800] "GET /xingrg/servlets/image?cache=0.34223539503232125&image=px HTTP/1.1" 200 807
124.78.152.102 - - [07/Aug/2022:10:59:14 +0800] "GET /xingrg/kc/base/base_main.html HTTP/1.1" 200 12142
124.78.152.102 - - [07/Aug/2022:10:59:17 +0800] "GET /xingrg/kc/base/wldb_order_list.html HTTP/1.1" 200 19142
124.78.152.102 - - [07/Aug/2022:10:59:17 +0800] "POST /xingrg/kc/base/wldb_list_operate.html HTTP/1.1" 200 928
58.40.7.146 - - [07/Aug/2022:10:59:22 +0800] "GET /xingrg/all/function/internal_message.html?_=1659841161814&CODE_STATE=getMsg HTTP/1.1" 200 27
124.78.152.102 - - [07/Aug/2022:10:59:23 +0800] "GET /xingrg/kc/base/base_main.html HTTP/1.1" 200 12142
124.78.152.102 - - [07/Aug/2022:10:59:24 +0800] "GET /xingrg/kc/base/wldb_order_list.html HTTP/1.1" 200 19142
124.78.152.102 - - [07/Aug/2022:10:59:25 +0800] "POST /xingrg/kc/base/wldb_list_operate.html HTTP/1.1" 200 928
116.224.255.128 - - [07/Aug/2022:10:59:26 +0800] "GET /xingrg/all/function/internal_message.html?_=1659841163882&CODE_STATE=getMsg HTTP/1.1" 200 27
124.78.152.102 - - [07/Aug/2022:10:59:27 +0800] "GET /xingrg/kc/base/wldb_order_add.html HTTP/1.1" 200 30356
124.78.152.102 - - [07/Aug/2022:10:59:27 +0800] "POST /xingrg/kc/base/wldb_order_operate.html HTTP/1.1" 200 6806
124.78.152.102 - - [07/Aug/2022:10:59:27 +0800] "GET /xingrg/all/common/auto_word.html?type=base&rest_code=00106 HTTP/1.1" 200 1799
124.78.152.102 - - [07/Aug/2022:10:59:27 +0800] "GET /xingrg/all/common/auto_word.html?type=base&rest_code=00106 HTTP/1.1" 200 1799
124.78.152.102 - - [07/Aug/2022:10:59:27 +0800] "GET /xingrg/javascript/easyui/themes/default/validatebox.css HTTP/1.1" 404 1104
180.169.147.146 - - [07/Aug/2022:10:59:28 +0800] "GET /xingrg/all/report/report_query.html?isQuery=1&fileName=kc/buy/wlcg_cate_hz.xml&queryString=(CONVERT(char(10)%252Ca.order_time%252C%2520120)%253E%253D'2022-07-01')%2520and%2520(CONVERT(char(10)%252Ca.order_time%252C%2520120)%253C%253D'2022-07-31')%2520and%2520(a.number%253E0%2520and%2520a.supplier_code%253D'00100337')&queryText=%25E3%2580%2590%25E9%2587%2587%25E8%25B4%25AD%25E6%2597%25A5%25E6%259C%259F%253A2022-07-01%2520%25E8%2587%25B3%25202022-07-31%25E3%2580%2591%2520%25E5%25B9%25B6%25E4%25B8%2594%2520%25E3%2580%2590%25E4%25BE%259B%25E5%25BA%2594%25E5%2595%2586%253D%25E4%25B8%25AD%25E5%25A4%25A9%25E8%25A1%258C%25EF%25BC%2588%25E4%25BF%259E%25E5%2585%25B6%25E6%25B3%25BD%25EF%25BC%2589%25E3%2580%2591 HTTP/1.1" 200 54378
180.169.147.146 - - [07/Aug/2022:10:59:28 +0800] "GET /xingrg/dwr/interface/AjaxReportQueryService.js HTTP/1.1" 200 13203
180.169.147.146 - - [07/Aug/2022:10:59:28 +0800] "GET /xingrg/dwr/engine.js HTTP/1.1" 200 43631
180.169.147.146 - - [07/Aug/2022:10:59:30 +0800] "POST /xingrg/all/report/load_report_page.html HTTP/1.1" 200 8727
180.169.147.146 - - [07/Aug/2022:10:59:30 +0800] "GET /xingrg/servlets/image?cache=0.005617458244636664&image=px HTTP/1.1" 200 807
124.78.152.102 - - [07/Aug/2022:10:59:30 +0800] "POST /xingrg/all/common/load_combo.html?type=base HTTP/1.1" 200 3227
180.169.147.146 - - [07/Aug/2022:10:59:32 +0800] "GET /xingrg/all/function/internal_message.html?_=1659841170436&CODE_STATE=getMsg HTTP/1.1" 200 27
180.169.147.146 - - [07/Aug/2022:10:59:32 +0800] "POST /xingrg/all/report/load_report_page.html HTTP/1.1" 200 50231
180.169.147.146 - - [07/Aug/2022:10:59:32 +0800] "GET /xingrg/servlets/image?cache=0.40831200480005225&image=px HTTP/1.1" 200 807
114.86.187.244 - - [07/Aug/2022:10:59:33 +0800] "GET /xingrg/all/function/internal_message.html?_=1659841174094&CODE_STATE=getMsg HTTP/1.1" 200 27
114.86.187.244 - - [07/Aug/2022:10:59:33 +0800] "GET /xingrg/check_reg.html?_=1659841174096 HTTP/1.1" 200 22
180.162.109.37 - - [07/Aug/2022:10:59:34 +0800] "GET /xingrg/all/function/internal_message.html?_=1659840355801&CODE_STATE=getMsg HTTP/1.1" 200 27
180.169.147.146 - - [07/Aug/2022:10:59:35 +0800] "GET /xingrg/check_reg.html?_=1659841175455 HTTP/1.1" 200 22
180.169.147.146 - - [07/Aug/2022:10:59:35 +0800] "GET /xingrg/all/function/internal_message.html?_=1659841175458&CODE_STATE=getMsg HTTP/1.1" 200 27
