120.253.135.82 - - [07/Aug/2022:05:50:22 +0800] "GET /xingrg/javascript/easyui/themes/default/validatebox.css HTTP/1.1" 404 1104
120.253.135.82 - - [07/Aug/2022:05:50:24 +0800] "POST /xingrg/kc/pszx/mdps_list_operate.html HTTP/1.1" 200 4578
120.253.135.82 - - [07/Aug/2022:05:50:26 +0800] "POST /xingrg/kc/pszx/mdps_list_operate.html HTTP/1.1" 200 208
120.253.135.82 - - [07/Aug/2022:05:50:28 +0800] "GET /xingrg/kc/pszx/mdps_order_info.html?code=312022080600128 HTTP/1.1" 200 24016
120.253.135.82 - - [07/Aug/2022:05:50:29 +0800] "POST /xingrg/kc/pszx/mdps_order_operate.html HTTP/1.1" 200 2292
120.253.135.82 - - [07/Aug/2022:05:50:29 +0800] "GET /xingrg/javascript/easyui/themes/default/validatebox.css HTTP/1.1" 404 1104
120.253.135.82 - - [07/Aug/2022:05:50:31 +0800] "POST /xingrg/kc/pszx/mdps_list_operate.html HTTP/1.1" 200 4578
114.86.187.244 - - [07/Aug/2022:05:50:33 +0800] "GET /xingrg/all/function/internal_message.html?_=1659822633535&CODE_STATE=getMsg HTTP/1.1" 200 27
120.253.135.82 - - [07/Aug/2022:05:50:35 +0800] "POST /xingrg/kc/pszx/mdps_list_operate.html HTTP/1.1" 200 643
120.253.135.82 - - [07/Aug/2022:05:50:36 +0800] "GET /xingrg/kc/pszx/mdps_order_info.html?code=312022080600129 HTTP/1.1" 200 24016
120.253.135.82 - - [07/Aug/2022:05:50:36 +0800] "POST /xingrg/kc/pszx/mdps_order_operate.html HTTP/1.1" 200 6861
120.253.135.82 - - [07/Aug/2022:05:50:36 +0800] "GET /xingrg/javascript/easyui/themes/default/validatebox.css HTTP/1.1" 404 1104
218.81.223.53 - - [07/Aug/2022:05:50:45 +0800] "POST /xingrg/services/DataTransmitService HTTP/1.1" 200 524
218.81.223.53 - - [07/Aug/2022:05:50:46 +0800] "POST /xingrg/services/DataTransmitService HTTP/1.1" 200 412
120.253.135.82 - - [07/Aug/2022:05:50:50 +0800] "POST /xingrg/kc/pszx/mdps_list_operate.html HTTP/1.1" 200 4578
120.253.135.82 - - [07/Aug/2022:05:50:51 +0800] "POST /xingrg/kc/pszx/mdps_list_operate.html HTTP/1.1" 200 203
120.253.135.82 - - [07/Aug/2022:05:50:52 +0800] "GET /xingrg/kc/pszx/mdps_order_info.html?code=312022080600135 HTTP/1.1" 200 24014
120.253.135.82 - - [07/Aug/2022:05:50:52 +0800] "GET /xingrg/javascript/easyui/themes/default/validatebox.css HTTP/1.1" 404 1104
120.253.135.82 - - [07/Aug/2022:05:50:52 +0800] "POST /xingrg/kc/pszx/mdps_order_operate.html HTTP/1.1" 200 2295
120.253.135.82 - - [07/Aug/2022:05:50:54 +0800] "POST /xingrg/kc/pszx/mdps_list_operate.html HTTP/1.1" 200 4578
120.253.135.82 - - [07/Aug/2022:05:50:55 +0800] "POST /xingrg/kc/pszx/mdps_list_operate.html HTTP/1.1" 200 205
120.253.135.82 - - [07/Aug/2022:05:50:56 +0800] "GET /xingrg/check_reg.html?_=1659822462481 HTTP/1.1" 200 22
120.253.135.82 - - [07/Aug/2022:05:50:56 +0800] "GET /xingrg/all/function/internal_message.html?_=1659822462696&CODE_STATE=getMsg HTTP/1.1" 200 27
120.253.135.82 - - [07/Aug/2022:05:50:58 +0800] "POST /xingrg/kc/pszx/mdps_list_operate.html HTTP/1.1" 200 673
120.253.135.82 - - [07/Aug/2022:05:50:58 +0800] "GET /xingrg/kc/pszx/mdps_order_info.html?code=312022080600123 HTTP/1.1" 200 24016
120.253.135.82 - - [07/Aug/2022:05:50:59 +0800] "POST /xingrg/kc/pszx/mdps_order_operate.html HTTP/1.1" 200 9558
120.253.135.82 - - [07/Aug/2022:05:50:59 +0800] "GET /xingrg/javascript/easyui/themes/default/validatebox.css HTTP/1.1" 404 1104
120.253.135.82 - - [07/Aug/2022:05:51:01 +0800] "GET /xingrg/kc/print/load_data.html?order_code=312022080600123&kc_code=mdps&condition= HTTP/1.1" 200 4150
218.81.223.53 - - [07/Aug/2022:05:51:01 +0800] "GET /xingrg/all/function/internal_message.html?_=1659822685790&CODE_STATE=getMsg HTTP/1.1" 200 27
116.232.194.65 - - [07/Aug/2022:05:51:03 +0800] "GET /xingrg/all/function/internal_message.html?_=1659822655493&CODE_STATE=getMsg HTTP/1.1" 200 27
120.253.135.82 - - [07/Aug/2022:05:51:07 +0800] "POST /xingrg/kc/pszx/mdps_list_operate.html HTTP/1.1" 200 4578
120.253.135.82 - - [07/Aug/2022:05:51:08 +0800] "POST /xingrg/kc/pszx/mdps_list_operate.html HTTP/1.1" 200 280
120.253.135.82 - - [07/Aug/2022:05:51:09 +0800] "GET /xingrg/kc/pszx/mdps_order_info.html?code=312022080600124 HTTP/1.1" 200 24016
120.253.135.82 - - [07/Aug/2022:05:51:09 +0800] "POST /xingrg/kc/pszx/mdps_order_operate.html HTTP/1.1" 200 2776
120.253.135.82 - - [07/Aug/2022:05:51:09 +0800] "GET /xingrg/javascript/easyui/themes/default/validatebox.css HTTP/1.1" 404 1104
120.253.135.82 - - [07/Aug/2022:05:51:11 +0800] "GET /xingrg/kc/print/load_data.html?order_code=312022080600124&kc_code=mdps&condition= HTTP/1.1" 200 899
120.253.135.82 - - [07/Aug/2022:05:51:16 +0800] "POST /xingrg/kc/pszx/mdps_list_operate.html HTTP/1.1" 200 4578
120.253.135.82 - - [07/Aug/2022:05:51:17 +0800] "POST /xingrg/kc/pszx/mdps_list_operate.html HTTP/1.1" 200 451
120.253.135.82 - - [07/Aug/2022:05:51:18 +0800] "GET /xingrg/kc/pszx/mdps_order_info.html?code=312022080600125 HTTP/1.1" 200 24016
120.253.135.82 - - [07/Aug/2022:05:51:18 +0800] "POST /xingrg/kc/pszx/mdps_order_operate.html HTTP/1.1" 200 3786
120.253.135.82 - - [07/Aug/2022:05:51:18 +0800] "GET /xingrg/javascript/easyui/themes/default/validatebox.css HTTP/1.1" 404 1104
120.253.135.82 - - [07/Aug/2022:05:51:22 +0800] "GET /xingrg/kc/print/load_data.html?order_code=312022080600125&kc_code=mdps&condition= HTTP/1.1" 200 1367
58.40.7.146 - - [07/Aug/2022:05:51:22 +0800] "GET /xingrg/all/function/internal_message.html?_=1659822681664&CODE_STATE=getMsg HTTP/1.1" 200 27
116.232.194.65 - - [07/Aug/2022:05:51:24 +0800] "GET /xingrg/check_reg.html?_=1659822676530 HTTP/1.1" 200 22
120.253.135.82 - - [07/Aug/2022:05:51:27 +0800] "POST /xingrg/kc/pszx/mdps_list_operate.html HTTP/1.1" 200 4578
120.253.135.82 - - [07/Aug/2022:05:51:28 +0800] "POST /xingrg/kc/pszx/mdps_list_operate.html HTTP/1.1" 200 280
120.253.135.82 - - [07/Aug/2022:05:51:30 +0800] "GET /xingrg/kc/pszx/mdps_order_info.html?code=312022080600126 HTTP/1.1" 200 24016
120.253.135.82 - - [07/Aug/2022:05:51:30 +0800] "POST /xingrg/kc/pszx/mdps_order_operate.html HTTP/1.1" 200 2788
120.253.135.82 - - [07/Aug/2022:05:51:30 +0800] "GET /xingrg/javascript/easyui/themes/default/validatebox.css HTTP/1.1" 404 1104
120.253.135.82 - - [07/Aug/2022:05:51:32 +0800] "GET /xingrg/kc/print/load_data.html?order_code=312022080600126&kc_code=mdps&condition= HTTP/1.1" 200 910
114.86.187.244 - - [07/Aug/2022:05:51:33 +0800] "GET /xingrg/all/function/internal_message.html?_=1659822693524&CODE_STATE=getMsg HTTP/1.1" 200 27
120.253.135.82 - - [07/Aug/2022:05:51:37 +0800] "POST /xingrg/kc/pszx/mdps_list_operate.html HTTP/1.1" 200 4578
120.253.135.82 - - [07/Aug/2022:05:51:39 +0800] "POST /xingrg/kc/pszx/mdps_list_operate.html HTTP/1.1" 200 202
120.253.135.82 - - [07/Aug/2022:05:51:40 +0800] "GET /xingrg/kc/pszx/mdps_order_info.html?code=312022080600127 HTTP/1.1" 200 24014
120.253.135.82 - - [07/Aug/2022:05:51:40 +0800] "POST /xingrg/kc/pszx/mdps_order_operate.html HTTP/1.1" 200 2285
120.253.135.82 - - [07/Aug/2022:05:51:40 +0800] "GET /xingrg/javascript/easyui/themes/default/validatebox.css HTTP/1.1" 404 1104
120.253.135.82 - - [07/Aug/2022:05:51:42 +0800] "GET /xingrg/kc/print/load_data.html?order_code=312022080600127&kc_code=mdps&condition= HTTP/1.1" 200 682
120.253.135.82 - - [07/Aug/2022:05:51:48 +0800] "POST /xingrg/kc/pszx/mdps_list_operate.html HTTP/1.1" 200 4578
120.253.135.82 - - [07/Aug/2022:05:51:50 +0800] "POST /xingrg/kc/pszx/mdps_list_operate.html HTTP/1.1" 200 208
120.253.135.82 - - [07/Aug/2022:05:51:51 +0800] "GET /xingrg/kc/pszx/mdps_order_info.html?code=312022080600128 HTTP/1.1" 200 24016
120.253.135.82 - - [07/Aug/2022:05:51:51 +0800] "GET /xingrg/javascript/easyui/themes/default/validatebox.css HTTP/1.1" 404 1104
120.253.135.82 - - [07/Aug/2022:05:51:51 +0800] "POST /xingrg/kc/pszx/mdps_order_operate.html HTTP/1.1" 200 2292
120.253.135.82 - - [07/Aug/2022:05:51:53 +0800] "GET /xingrg/kc/print/load_data.html?order_code=312022080600128&kc_code=mdps&condition= HTTP/1.1" 200 699
120.253.135.82 - - [07/Aug/2022:05:51:56 +0800] "GET /xingrg/all/function/internal_message.html?_=1659822522708&CODE_STATE=getMsg HTTP/1.1" 200 27
120.253.135.82 - - [07/Aug/2022:05:51:59 +0800] "POST /xingrg/kc/pszx/mdps_list_operate.html HTTP/1.1" 200 4578
120.253.135.82 - - [07/Aug/2022:05:52:00 +0800] "POST /xingrg/kc/pszx/mdps_list_operate.html HTTP/1.1" 200 643
120.253.135.82 - - [07/Aug/2022:05:52:01 +0800] "GET /xingrg/kc/pszx/mdps_order_info.html?code=312022080600129 HTTP/1.1" 200 24016
120.253.135.82 - - [07/Aug/2022:05:52:01 +0800] "GET /xingrg/javascript/easyui/themes/default/validatebox.css HTTP/1.1" 404 1104
120.253.135.82 - - [07/Aug/2022:05:52:01 +0800] "POST /xingrg/kc/pszx/mdps_order_operate.html HTTP/1.1" 200 6861
218.81.223.53 - - [07/Aug/2022:05:52:02 +0800] "GET /xingrg/all/function/internal_message.html?_=1659822746231&CODE_STATE=getMsg HTTP/1.1" 200 27
116.232.194.65 - - [07/Aug/2022:05:52:03 +0800] "GET /xingrg/all/function/internal_message.html?_=1659822715477&CODE_STATE=getMsg HTTP/1.1" 200 27
120.253.135.82 - - [07/Aug/2022:05:52:04 +0800] "GET /xingrg/kc/print/load_data.html?order_code=312022080600129&kc_code=mdps&condition= HTTP/1.1" 200 2826
120.253.135.82 - - [07/Aug/2022:05:52:10 +0800] "POST /xingrg/kc/pszx/mdps_list_operate.html HTTP/1.1" 200 4578
120.253.135.82 - - [07/Aug/2022:05:52:11 +0800] "POST /xingrg/kc/pszx/mdps_list_operate.html HTTP/1.1" 200 203
120.253.135.82 - - [07/Aug/2022:05:52:12 +0800] "GET /xingrg/kc/pszx/mdps_order_info.html?code=312022080600135 HTTP/1.1" 200 24014
120.253.135.82 - - [07/Aug/2022:05:52:12 +0800] "POST /xingrg/kc/pszx/mdps_order_operate.html HTTP/1.1" 200 2295
120.253.135.82 - - [07/Aug/2022:05:52:12 +0800] "GET /xingrg/javascript/easyui/themes/default/validatebox.css HTTP/1.1" 404 1104
120.253.135.82 - - [07/Aug/2022:05:52:15 +0800] "GET /xingrg/kc/print/load_data.html?order_code=312022080600135&kc_code=mdps&condition= HTTP/1.1" 200 683
120.253.135.82 - - [07/Aug/2022:05:52:21 +0800] "POST /xingrg/kc/pszx/mdps_list_operate.html HTTP/1.1" 200 4578
58.40.7.146 - - [07/Aug/2022:05:52:22 +0800] "GET /xingrg/all/function/internal_message.html?_=1659822741667&CODE_STATE=getMsg HTTP/1.1" 200 27
114.86.187.244 - - [07/Aug/2022:05:52:33 +0800] "GET /xingrg/all/function/internal_message.html?_=1659822753527&CODE_STATE=getMsg HTTP/1.1" 200 27
120.253.135.82 - - [07/Aug/2022:05:52:56 +0800] "GET /xingrg/all/function/internal_message.html?_=1659822582756&CODE_STATE=getMsg HTTP/1.1" 200 27
218.81.223.53 - - [07/Aug/2022:05:53:02 +0800] "GET /xingrg/all/function/internal_message.html?_=1659822806237&CODE_STATE=getMsg HTTP/1.1" 200 27
116.232.194.65 - - [07/Aug/2022:05:53:03 +0800] "GET /xingrg/all/function/internal_message.html?_=1659822775452&CODE_STATE=getMsg HTTP/1.1" 200 27
58.40.7.146 - - [07/Aug/2022:05:53:22 +0800] "GET /xingrg/all/function/internal_message.html?_=1659822801670&CODE_STATE=getMsg HTTP/1.1" 200 27
114.86.187.244 - - [07/Aug/2022:05:53:33 +0800] "GET /xingrg/all/function/internal_message.html?_=1659822813529&CODE_STATE=getMsg HTTP/1.1" 200 27
120.253.135.82 - - [07/Aug/2022:05:53:56 +0800] "GET /xingrg/all/function/internal_message.html?_=1659822642767&CODE_STATE=getMsg HTTP/1.1" 200 27
218.81.223.53 - - [07/Aug/2022:05:54:02 +0800] "GET /xingrg/all/function/internal_message.html?_=1659822866681&CODE_STATE=getMsg HTTP/1.1" 200 27
116.232.194.65 - - [07/Aug/2022:05:54:03 +0800] "GET /xingrg/all/function/internal_message.html?_=1659822835438&CODE_STATE=getMsg HTTP/1.1" 200 27
58.40.7.146 - - [07/Aug/2022:05:54:22 +0800] "GET /xingrg/all/function/internal_message.html?_=1659822861674&CODE_STATE=getMsg HTTP/1.1" 200 27
114.86.187.244 - - [07/Aug/2022:05:54:33 +0800] "GET /xingrg/all/function/internal_message.html?_=1659822873559&CODE_STATE=getMsg HTTP/1.1" 200 27
114.86.187.244 - - [07/Aug/2022:05:54:33 +0800] "GET /xingrg/check_reg.html?_=1659822873561 HTTP/1.1" 200 22
218.81.223.53 - - [07/Aug/2022:05:54:55 +0800] "GET /xingrg/check_reg.html?_=1659822919829 HTTP/1.1" 200 22
120.253.135.82 - - [07/Aug/2022:05:54:56 +0800] "GET /xingrg/all/function/internal_message.html?_=1659822702811&CODE_STATE=getMsg HTTP/1.1" 200 27
218.81.223.53 - - [07/Aug/2022:05:55:02 +0800] "GET /xingrg/all/function/internal_message.html?_=1659822926685&CODE_STATE=getMsg HTTP/1.1" 200 27
116.232.194.65 - - [07/Aug/2022:05:55:03 +0800] "GET /xingrg/all/function/internal_message.html?_=1659822895430&CODE_STATE=getMsg HTTP/1.1" 200 27
120.253.135.82 - - [07/Aug/2022:05:55:11 +0800] "GET /xingrg/kc/buy/buy_main.html HTTP/1.1" 200 12341
120.253.135.82 - - [07/Aug/2022:05:55:11 +0800] "GET /xingrg/javascript/jquery_ui/themes/humanity/humanity.css HTTP/1.1" 200 27801
120.253.135.82 - - [07/Aug/2022:05:55:11 +0800] "GET /xingrg/css/new_ie.css HTTP/1.1" 404 1036
120.253.135.82 - - [07/Aug/2022:05:55:11 +0800] "GET /xingrg/javascript/jquery_ui/jquery-ui.min.js HTTP/1.1" 200 186181
120.253.135.82 - - [07/Aug/2022:05:55:11 +0800] "GET /xingrg/images/blue/button/cgxqd.gif HTTP/1.1" 200 2619
120.253.135.82 - - [07/Aug/2022:05:55:11 +0800] "GET /xingrg/images/blue/button/cgydd.gif HTTP/1.1" 200 2712
120.253.135.82 - - [07/Aug/2022:05:55:11 +0800] "GET /xingrg/images/blue/button/right_ah.jpg HTTP/1.1" 200 1744
120.253.135.82 - - [07/Aug/2022:05:55:11 +0800] "GET /xingrg/images/blue/bg_dotted.jpg HTTP/1.1" 200 319
120.253.135.82 - - [07/Aug/2022:05:55:11 +0800] "GET /xingrg/images/blue/button/cgfkd.gif HTTP/1.1" 200 2075
120.253.135.82 - - [07/Aug/2022:05:55:11 +0800] "GET /xingrg/images/blue/button/cgshd.gif HTTP/1.1" 200 2618
120.253.135.82 - - [07/Aug/2022:05:55:11 +0800] "GET /xingrg/images/blue/button/ckthd.gif HTTP/1.1" 200 2045
120.253.135.82 - - [07/Aug/2022:05:55:11 +0800] "GET /xingrg/javascript/jquery_ui/themes/humanity/images/ui-bg_inset-soft_100_f4f0ec_1x100.png HTTP/1.1" 200 141
120.253.135.82 - - [07/Aug/2022:05:55:11 +0800] "GET /xingrg/images/blue/button/kc.gif HTTP/1.1" 200 2160
120.253.135.82 - - [07/Aug/2022:05:55:12 +0800] "GET /xingrg/images/blue/button/down_ah.jpg HTTP/1.1" 200 1732
120.253.135.82 - - [07/Aug/2022:05:55:12 +0800] "GET /xingrg/images/blue/pic_form2.gif HTTP/1.1" 200 1853
120.253.135.82 - - [07/Aug/2022:05:55:12 +0800] "GET /xingrg/javascript/jquery_ui/themes/humanity/images/ui-icons_ffffff_256x240.png HTTP/1.1" 200 4369
120.253.135.82 - - [07/Aug/2022:05:55:12 +0800] "GET /xingrg/javascript/jquery_ui/themes/humanity/images/ui-iconsnew.jpg HTTP/1.1" 200 337
120.253.135.82 - - [07/Aug/2022:05:55:12 +0800] "GET /xingrg/javascript/jquery_ui/themes/humanity/images/ui-icons_c47a23_256x240.png HTTP/1.1" 200 5355
120.253.135.82 - - [07/Aug/2022:05:55:12 +0800] "GET /xingrg/javascript/jquery_ui/themes/humanity/images/ui-bg_glass_70_ede4d4_1x400.png HTTP/1.1" 200 161
120.253.135.82 - - [07/Aug/2022:05:55:12 +0800] "GET /xingrg/images/yd/bt.gif HTTP/1.1" 404 1040
120.253.135.82 - - [07/Aug/2022:05:55:13 +0800] "GET /xingrg/kc/buy/cgsh_order_list.html HTTP/1.1" 200 52503
120.253.135.82 - - [07/Aug/2022:05:55:14 +0800] "POST /xingrg/kc/buy/cgsh_list_operate.html HTTP/1.1" 200 693
120.253.135.82 - - [07/Aug/2022:05:55:16 +0800] "GET /xingrg/kc/buy/cgsh_order_add.html HTTP/1.1" 200 67393
120.253.135.82 - - [07/Aug/2022:05:55:16 +0800] "GET /xingrg/javascript/easyui/themes/icons/template_new.png HTTP/1.1" 304 -
120.253.135.82 - - [07/Aug/2022:05:55:16 +0800] "POST /xingrg/kc/buy/cgsh_order_operate.html HTTP/1.1" 200 8245
120.253.135.82 - - [07/Aug/2022:05:55:16 +0800] "GET /xingrg/all/common/auto_word.html?type=employee&rest_code=00101 HTTP/1.1" 200 977
120.253.135.82 - - [07/Aug/2022:05:55:16 +0800] "GET /xingrg/all/common/auto_word.html?type=employee&rest_code=00101 HTTP/1.1" 200 977
120.253.135.82 - - [07/Aug/2022:05:55:16 +0800] "GET /xingrg/javascript/easyui/themes/default/validatebox.css HTTP/1.1" 404 1104
180.171.134.116 - - [07/Aug/2022:05:55:20 +0800] "POST /xingrg/services/DataTransmitService HTTP/1.1" 200 524
58.40.7.146 - - [07/Aug/2022:05:55:22 +0800] "GET /xingrg/check_reg.html?_=1659822921675 HTTP/1.1" 200 22
58.40.7.146 - - [07/Aug/2022:05:55:22 +0800] "GET /xingrg/all/function/internal_message.html?_=1659822921676&CODE_STATE=getMsg HTTP/1.1" 200 27
120.253.135.82 - - [07/Aug/2022:05:55:26 +0800] "GET /xingrg/kc/buy/cgsh_order_operate.html?command=get_materiel&rest_code=00101&code=00101014040&supplier_code=&order_time=2022-08-07 HTTP/1.1" 200 414
120.253.135.82 - - [07/Aug/2022:05:55:30 +0800] "GET /xingrg/kc/pszx/mdps_order_list.html?orderType=0 HTTP/1.1" 200 21007
120.253.135.82 - - [07/Aug/2022:05:55:30 +0800] "POST /xingrg/kc/pszx/mdps_list_operate.html HTTP/1.1" 200 5302
114.86.187.244 - - [07/Aug/2022:05:55:33 +0800] "GET /xingrg/all/function/internal_message.html?_=1659822933547&CODE_STATE=getMsg HTTP/1.1" 200 27
120.253.135.82 - - [07/Aug/2022:05:55:39 +0800] "POST /xingrg/kc/pszx/mdps_list_operate.html HTTP/1.1" 200 3931
120.253.135.82 - - [07/Aug/2022:05:55:43 +0800] "POST /xingrg/kc/pszx/mdps_list_operate.html HTTP/1.1" 200 355
120.253.135.82 - - [07/Aug/2022:05:55:45 +0800] "GET /xingrg/kc/pszx/mdps_order_info.html?code=312022080700142 HTTP/1.1" 200 24022
120.253.135.82 - - [07/Aug/2022:05:55:45 +0800] "POST /xingrg/kc/pszx/mdps_order_operate.html HTTP/1.1" 200 3239
120.253.135.82 - - [07/Aug/2022:05:55:46 +0800] "GET /xingrg/javascript/easyui/themes/default/validatebox.css HTTP/1.1" 404 1104
120.253.135.82 - - [07/Aug/2022:05:55:54 +0800] "POST /xingrg/kc/pszx/mdps_list_operate.html HTTP/1.1" 200 205
120.253.135.82 - - [07/Aug/2022:05:55:56 +0800] "POST /xingrg/kc/pszx/mdps_list_operate.html HTTP/1.1" 200 202
120.253.135.82 - - [07/Aug/2022:05:55:56 +0800] "GET /xingrg/check_reg.html?_=1659822762531 HTTP/1.1" 200 22
120.253.135.82 - - [07/Aug/2022:05:55:56 +0800] "GET /xingrg/all/function/internal_message.html?_=1659822762825&CODE_STATE=getMsg HTTP/1.1" 200 27
120.253.135.82 - - [07/Aug/2022:05:55:58 +0800] "POST /xingrg/kc/pszx/mdps_list_operate.html HTTP/1.1" 200 641
120.253.135.82 - - [07/Aug/2022:05:56:01 +0800] "POST /xingrg/kc/pszx/mdps_list_operate.html HTTP/1.1" 200 205
218.81.223.53 - - [07/Aug/2022:05:56:02 +0800] "GET /xingrg/all/function/internal_message.html?_=1659822986699&CODE_STATE=getMsg HTTP/1.1" 200 27
116.232.194.65 - - [07/Aug/2022:05:56:03 +0800] "GET /xingrg/all/function/internal_message.html?_=1659822955409&CODE_STATE=getMsg HTTP/1.1" 200 27
120.253.135.82 - - [07/Aug/2022:05:56:05 +0800] "GET /xingrg/kc/pszx/mdps_order_info.html?code=312022080700142 HTTP/1.1" 200 24022
120.253.135.82 - - [07/Aug/2022:05:56:06 +0800] "POST /xingrg/kc/pszx/mdps_order_operate.html HTTP/1.1" 200 3239
120.253.135.82 - - [07/Aug/2022:05:56:06 +0800] "GET /xingrg/javascript/easyui/themes/default/validatebox.css HTTP/1.1" 404 1104
120.253.135.82 - - [07/Aug/2022:05:56:11 +0800] "POST /xingrg/kc/pszx/mdps_list_operate.html HTTP/1.1" 200 3931
120.253.135.82 - - [07/Aug/2022:05:56:13 +0800] "POST /xingrg/kc/pszx/mdps_list_operate.html HTTP/1.1" 200 205
120.253.135.82 - - [07/Aug/2022:05:56:15 +0800] "GET /xingrg/kc/pszx/mdps_order_info.html?code=312022080700140 HTTP/1.1" 200 24022
120.253.135.82 - - [07/Aug/2022:05:56:16 +0800] "POST /xingrg/kc/pszx/mdps_order_operate.html HTTP/1.1" 200 2279
120.253.135.82 - - [07/Aug/2022:05:56:16 +0800] "GET /xingrg/javascript/easyui/themes/default/validatebox.css HTTP/1.1" 404 1104
120.253.135.82 - - [07/Aug/2022:05:56:18 +0800] "POST /xingrg/kc/pszx/mdps_order_operate.html HTTP/1.1" 200 37
120.253.135.82 - - [07/Aug/2022:05:56:19 +0800] "GET /xingrg/kc/pszx/mdps_order_info.html?code=312022080700140 HTTP/1.1" 200 24022
120.253.135.82 - - [07/Aug/2022:05:56:20 +0800] "GET /xingrg/javascript/easyui/themes/default/validatebox.css HTTP/1.1" 404 1104
120.253.135.82 - - [07/Aug/2022:05:56:20 +0800] "POST /xingrg/kc/pszx/mdps_order_operate.html HTTP/1.1" 200 2287
58.40.7.146 - - [07/Aug/2022:05:56:22 +0800] "GET /xingrg/all/function/internal_message.html?_=1659822981678&CODE_STATE=getMsg HTTP/1.1" 200 27
116.232.194.65 - - [07/Aug/2022:05:56:24 +0800] "GET /xingrg/check_reg.html?_=1659822976537 HTTP/1.1" 200 22
120.253.135.82 - - [07/Aug/2022:05:56:27 +0800] "GET /xingrg/kc/pszx/mdps_order_operate.html?command=get_materiel&pszx_code=00101&rest_code=00146&base_code=0010246&code=00101013262 HTTP/1.1" 200 430
120.253.135.82 - - [07/Aug/2022:05:56:29 +0800] "POST /xingrg/all/common/load_select.html HTTP/1.1" 200 25
120.253.135.82 - - [07/Aug/2022:05:56:32 +0800] "GET /xingrg/kc/pszx/mdps_order_operate.html?command=get_materiel_price&pszx_code=00101&rest_code=00146&base_code=0010246&code=00101013262&unit_code=00100059&order_time=2022-08-07 HTTP/1.1" 200 34
114.86.187.244 - - [07/Aug/2022:05:56:33 +0800] "GET /xingrg/all/function/internal_message.html?_=1659822993550&CODE_STATE=getMsg HTTP/1.1" 200 27
120.253.135.82 - - [07/Aug/2022:05:56:49 +0800] "POST /xingrg/kc/pszx/mdps_order_operate.html HTTP/1.1" 200 37
120.253.135.82 - - [07/Aug/2022:05:56:50 +0800] "GET /xingrg/kc/pszx/mdps_order_info.html?code=312022080700140 HTTP/1.1" 200 24022
120.253.135.82 - - [07/Aug/2022:05:56:50 +0800] "GET /xingrg/javascript/easyui/themes/default/validatebox.css HTTP/1.1" 404 1104
120.253.135.82 - - [07/Aug/2022:05:56:50 +0800] "POST /xingrg/kc/pszx/mdps_order_operate.html HTTP/1.1" 200 2776
116.224.123.211 - - [07/Aug/2022:05:56:52 +0800] "POST /xingrg/services/DataTransmitService HTTP/1.1" 200 524
120.253.135.82 - - [07/Aug/2022:05:56:56 +0800] "GET /xingrg/all/function/internal_message.html?_=1659822822839&CODE_STATE=getMsg HTTP/1.1" 200 27
218.81.223.53 - - [07/Aug/2022:05:57:02 +0800] "GET /xingrg/all/function/internal_message.html?_=1659823047124&CODE_STATE=getMsg HTTP/1.1" 200 27
116.232.194.65 - - [07/Aug/2022:05:57:03 +0800] "GET /xingrg/all/function/internal_message.html?_=1659823015393&CODE_STATE=getMsg HTTP/1.1" 200 27
58.40.7.146 - - [07/Aug/2022:05:57:22 +0800] "GET /xingrg/all/function/internal_message.html?_=1659823041664&CODE_STATE=getMsg HTTP/1.1" 200 27
114.86.187.244 - - [07/Aug/2022:05:57:33 +0800] "GET /xingrg/all/function/internal_message.html?_=1659823053555&CODE_STATE=getMsg HTTP/1.1" 200 27
120.253.135.82 - - [07/Aug/2022:05:57:56 +0800] "GET /xingrg/all/function/internal_message.html?_=1659822882853&CODE_STATE=getMsg HTTP/1.1" 200 27
218.81.223.53 - - [07/Aug/2022:05:58:02 +0800] "GET /xingrg/all/function/internal_message.html?_=1659823107132&CODE_STATE=getMsg HTTP/1.1" 200 27
116.232.194.65 - - [07/Aug/2022:05:58:03 +0800] "GET /xingrg/all/function/internal_message.html?_=1659823075376&CODE_STATE=getMsg HTTP/1.1" 200 27
58.40.7.146 - - [07/Aug/2022:05:58:22 +0800] "GET /xingrg/all/function/internal_message.html?_=1659823101666&CODE_STATE=getMsg HTTP/1.1" 200 27
120.253.135.82 - - [07/Aug/2022:05:58:26 +0800] "POST /xingrg/kc/pszx/mdps_order_operate.html HTTP/1.1" 200 37
120.253.135.82 - - [07/Aug/2022:05:58:27 +0800] "GET /xingrg/kc/pszx/mdps_order_info.html?code=312022080700140 HTTP/1.1" 200 24022
120.253.135.82 - - [07/Aug/2022:05:58:28 +0800] "POST /xingrg/kc/pszx/mdps_order_operate.html HTTP/1.1" 200 2776
120.253.135.82 - - [07/Aug/2022:05:58:28 +0800] "GET /xingrg/javascript/easyui/themes/default/validatebox.css HTTP/1.1" 404 1104
114.86.187.244 - - [07/Aug/2022:05:58:33 +0800] "GET /xingrg/all/function/internal_message.html?_=1659823113560&CODE_STATE=getMsg HTTP/1.1" 200 27
120.253.135.82 - - [07/Aug/2022:05:58:49 +0800] "POST /xingrg/kc/pszx/mdps_order_operate.html HTTP/1.1" 200 37
120.253.135.82 - - [07/Aug/2022:05:58:50 +0800] "GET /xingrg/kc/pszx/mdps_order_info.html?code=312022080700140 HTTP/1.1" 200 24022
120.253.135.82 - - [07/Aug/2022:05:58:51 +0800] "POST /xingrg/kc/pszx/mdps_order_operate.html HTTP/1.1" 200 2776
120.253.135.82 - - [07/Aug/2022:05:58:51 +0800] "GET /xingrg/javascript/easyui/themes/default/validatebox.css HTTP/1.1" 404 1104
120.253.135.82 - - [07/Aug/2022:05:58:52 +0800] "POST /xingrg/kc/pszx/mdps_list_operate.html HTTP/1.1" 200 3931
120.253.135.82 - - [07/Aug/2022:05:58:54 +0800] "GET /xingrg/kc/buy/buy_main.html HTTP/1.1" 200 12341
120.253.135.82 - - [07/Aug/2022:05:58:54 +0800] "GET /xingrg/css/new_ie.css HTTP/1.1" 404 1036
120.253.135.82 - - [07/Aug/2022:05:58:55 +0800] "GET /xingrg/images/yd/bt.gif HTTP/1.1" 404 1040
120.253.135.82 - - [07/Aug/2022:05:58:56 +0800] "GET /xingrg/kc/buy/cgsh_order_list.html HTTP/1.1" 200 52503
120.253.135.82 - - [07/Aug/2022:05:58:56 +0800] "GET /xingrg/all/function/internal_message.html?_=1659822942866&CODE_STATE=getMsg HTTP/1.1" 200 27
120.253.135.82 - - [07/Aug/2022:05:58:57 +0800] "POST /xingrg/kc/buy/cgsh_list_operate.html HTTP/1.1" 200 693
120.253.135.82 - - [07/Aug/2022:05:59:00 +0800] "GET /xingrg/kc/buy/cgsh_order_add.html HTTP/1.1" 200 67393
120.253.135.82 - - [07/Aug/2022:05:59:00 +0800] "POST /xingrg/kc/buy/cgsh_order_operate.html HTTP/1.1" 200 8245
120.253.135.82 - - [07/Aug/2022:05:59:00 +0800] "GET /xingrg/javascript/easyui/themes/default/validatebox.css HTTP/1.1" 404 1104
116.232.194.65 - - [07/Aug/2022:05:59:03 +0800] "GET /xingrg/all/function/internal_message.html?_=1659823135361&CODE_STATE=getMsg HTTP/1.1" 200 27
218.81.223.53 - - [07/Aug/2022:05:59:03 +0800] "GET /xingrg/all/function/internal_message.html?_=1659823167550&CODE_STATE=getMsg HTTP/1.1" 200 27
120.253.135.82 - - [07/Aug/2022:05:59:08 +0800] "GET /xingrg/kc/buy/cgsh_order_operate.html?command=get_materiel&rest_code=00101&code=00101013262&supplier_code=&order_time=2022-08-07 HTTP/1.1" 200 443
120.253.135.82 - - [07/Aug/2022:05:59:11 +0800] "POST /xingrg/all/common/load_select.html HTTP/1.1" 200 25
120.253.135.82 - - [07/Aug/2022:05:59:15 +0800] "GET /xingrg/kc/buy/cgsh_order_operate.html?command=get_materiel_price&rest_code=00101&code=00101013262&unit_code=00100059&supplier_code=&order_time=2022-08-07 HTTP/1.1" 200 29
120.253.135.82 - - [07/Aug/2022:05:59:19 +0800] "GET /xingrg/kc/pszx/mdps_order_list.html?orderType=0 HTTP/1.1" 200 21007
120.253.135.82 - - [07/Aug/2022:05:59:19 +0800] "POST /xingrg/kc/pszx/mdps_list_operate.html HTTP/1.1" 200 5302
58.40.7.146 - - [07/Aug/2022:05:59:22 +0800] "GET /xingrg/all/function/internal_message.html?_=1659823161670&CODE_STATE=getMsg HTTP/1.1" 200 27
120.253.135.82 - - [07/Aug/2022:05:59:28 +0800] "POST /xingrg/kc/pszx/mdps_list_operate.html HTTP/1.1" 200 3931
120.253.135.82 - - [07/Aug/2022:05:59:31 +0800] "POST /xingrg/kc/pszx/mdps_list_operate.html HTTP/1.1" 200 202
114.86.187.244 - - [07/Aug/2022:05:59:33 +0800] "GET /xingrg/all/function/internal_message.html?_=1659823173549&CODE_STATE=getMsg HTTP/1.1" 200 27
114.86.187.244 - - [07/Aug/2022:05:59:33 +0800] "GET /xingrg/check_reg.html?_=1659823173551 HTTP/1.1" 200 22
120.253.135.82 - - [07/Aug/2022:05:59:34 +0800] "GET /xingrg/kc/pszx/mdps_order_info.html?code=312022080600133 HTTP/1.1" 200 24022
120.253.135.82 - - [07/Aug/2022:05:59:35 +0800] "GET /xingrg/javascript/easyui/themes/default/validatebox.css HTTP/1.1" 404 1104
120.253.135.82 - - [07/Aug/2022:05:59:35 +0800] "POST /xingrg/kc/pszx/mdps_order_operate.html HTTP/1.1" 200 2285
120.253.135.82 - - [07/Aug/2022:05:59:39 +0800] "POST /xingrg/kc/pszx/mdps_list_operate.html HTTP/1.1" 200 641
120.253.135.82 - - [07/Aug/2022:05:59:40 +0800] "GET /xingrg/kc/pszx/mdps_order_info.html?code=312022080600132 HTTP/1.1" 200 24022
120.253.135.82 - - [07/Aug/2022:05:59:40 +0800] "POST /xingrg/kc/pszx/mdps_order_operate.html HTTP/1.1" 200 12029
120.253.135.82 - - [07/Aug/2022:05:59:40 +0800] "GET /xingrg/javascript/easyui/themes/default/validatebox.css HTTP/1.1" 404 1104
218.81.223.53 - - [07/Aug/2022:05:59:55 +0800] "GET /xingrg/check_reg.html?_=1659823219826 HTTP/1.1" 200 22
120.253.135.82 - - [07/Aug/2022:05:59:57 +0800] "GET /xingrg/all/function/internal_message.html?_=1659823002951&CODE_STATE=getMsg HTTP/1.1" 200 27
120.253.135.82 - - [07/Aug/2022:05:59:59 +0800] "POST /xingrg/kc/pszx/mdps_list_operate.html HTTP/1.1" 200 3931
120.253.135.82 - - [07/Aug/2022:06:00:01 +0800] "POST /xingrg/kc/pszx/mdps_list_operate.html HTTP/1.1" 200 616
120.253.135.82 - - [07/Aug/2022:06:00:02 +0800] "GET /xingrg/kc/pszx/mdps_order_info.html?code=312022080600131 HTTP/1.1" 200 24022
120.253.135.82 - - [07/Aug/2022:06:00:02 +0800] "POST /xingrg/kc/pszx/mdps_order_operate.html HTTP/1.1" 200 6315
120.253.135.82 - - [07/Aug/2022:06:00:02 +0800] "GET /xingrg/javascript/easyui/themes/default/validatebox.css HTTP/1.1" 404 1104
116.232.194.65 - - [07/Aug/2022:06:00:02 +0800] "GET /xingrg/all/function/internal_message.html?_=1659823195346&CODE_STATE=getMsg HTTP/1.1" 200 27
114.86.187.244 - - [07/Aug/2022:06:00:03 +0800] "GET /xingrg/kc/mdqp/qqps_order_list.html HTTP/1.1" 200 9222
114.86.187.244 - - [07/Aug/2022:06:00:03 +0800] "GET /xingrg/dwr/interface/AjaxQqpsService.js HTTP/1.1" 200 16326
114.86.187.244 - - [07/Aug/2022:06:00:03 +0800] "GET /xingrg/dwr/interface/AjaxReportQueryService.js HTTP/1.1" 200 13203
114.86.187.244 - - [07/Aug/2022:06:00:03 +0800] "GET /xingrg/dwr/engine.js HTTP/1.1" 200 43631
218.81.223.53 - - [07/Aug/2022:06:00:03 +0800] "GET /xingrg/all/function/internal_message.html?_=1659823227565&CODE_STATE=getMsg HTTP/1.1" 200 27
120.253.135.82 - - [07/Aug/2022:06:00:14 +0800] "POST /xingrg/kc/pszx/mdps_list_operate.html HTTP/1.1" 200 3931
120.253.135.82 - - [07/Aug/2022:06:00:16 +0800] "POST /xingrg/kc/pszx/mdps_list_operate.html HTTP/1.1" 200 205
120.253.135.82 - - [07/Aug/2022:06:00:19 +0800] "POST /xingrg/kc/pszx/mdps_list_operate.html HTTP/1.1" 200 355
120.253.135.82 - - [07/Aug/2022:06:00:20 +0800] "GET /xingrg/kc/pszx/mdps_order_info.html?code=312022080700142 HTTP/1.1" 200 24022
120.253.135.82 - - [07/Aug/2022:06:00:21 +0800] "POST /xingrg/kc/pszx/mdps_order_operate.html HTTP/1.1" 200 3239
120.253.135.82 - - [07/Aug/2022:06:00:21 +0800] "GET /xingrg/javascript/easyui/themes/default/validatebox.css HTTP/1.1" 404 1104
58.40.7.146 - - [07/Aug/2022:06:00:22 +0800] "GET /xingrg/all/function/internal_message.html?_=1659823221673&CODE_STATE=getMsg HTTP/1.1" 200 27
58.40.7.146 - - [07/Aug/2022:06:00:22 +0800] "GET /xingrg/check_reg.html?_=1659823221675 HTTP/1.1" 200 22
120.253.135.82 - - [07/Aug/2022:06:00:25 +0800] "POST /xingrg/kc/pszx/mdps_order_operate.html HTTP/1.1" 200 37
120.253.135.82 - - [07/Aug/2022:06:00:26 +0800] "GET /xingrg/kc/pszx/mdps_order_info.html?code=312022080700142 HTTP/1.1" 200 24022
120.253.135.82 - - [07/Aug/2022:06:00:27 +0800] "POST /xingrg/kc/pszx/mdps_order_operate.html HTTP/1.1" 200 3260
120.253.135.82 - - [07/Aug/2022:06:00:27 +0800] "GET /xingrg/javascript/easyui/themes/default/validatebox.css HTTP/1.1" 404 1104
114.86.187.244 - - [07/Aug/2022:06:00:33 +0800] "GET /xingrg/all/function/internal_message.html?_=1659823233551&CODE_STATE=getMsg HTTP/1.1" 200 27
120.253.135.82 - - [07/Aug/2022:06:00:33 +0800] "POST /xingrg/kc/pszx/mdps_order_operate.html HTTP/1.1" 200 37
120.253.135.82 - - [07/Aug/2022:06:00:34 +0800] "GET /xingrg/kc/pszx/mdps_order_info.html?code=312022080700142 HTTP/1.1" 200 24022
120.253.135.82 - - [07/Aug/2022:06:00:35 +0800] "GET /xingrg/javascript/easyui/themes/default/validatebox.css HTTP/1.1" 404 1104
120.253.135.82 - - [07/Aug/2022:06:00:35 +0800] "POST /xingrg/kc/pszx/mdps_order_operate.html HTTP/1.1" 200 2768
120.253.135.82 - - [07/Aug/2022:06:00:36 +0800] "POST /xingrg/kc/pszx/mdps_list_operate.html HTTP/1.1" 200 3931
120.253.135.82 - - [07/Aug/2022:06:00:38 +0800] "POST /xingrg/kc/pszx/mdps_list_operate.html HTTP/1.1" 200 281
120.253.135.82 - - [07/Aug/2022:06:00:41 +0800] "GET /xingrg/kc/pszx/mdps_order_add.html HTTP/1.1" 200 29120
120.253.135.82 - - [07/Aug/2022:06:00:41 +0800] "POST /xingrg/kc/pszx/mdps_order_operate.html HTTP/1.1" 200 7126
120.253.135.82 - - [07/Aug/2022:06:00:42 +0800] "GET /xingrg/javascript/easyui/themes/default/validatebox.css HTTP/1.1" 404 1104
120.253.135.82 - - [07/Aug/2022:06:00:52 +0800] "GET /xingrg/css/images/panel_loading.gif HTTP/1.1" 304 -
120.253.135.82 - - [07/Aug/2022:06:00:52 +0800] "POST /xingrg/all/common/load_combo.html?type=base HTTP/1.1" 200 1260
120.253.135.82 - - [07/Aug/2022:06:00:56 +0800] "GET /xingrg/check_reg.html?_=1659823062534 HTTP/1.1" 200 22
120.253.135.82 - - [07/Aug/2022:06:00:57 +0800] "GET /xingrg/all/function/internal_message.html?_=1659823062956&CODE_STATE=getMsg HTTP/1.1" 200 27
120.253.135.82 - - [07/Aug/2022:06:00:59 +0800] "GET /xingrg/kc/pszx/mdps_order_operate.html?command=get_materiel&pszx_code=00101&rest_code=00146&base_code=0010252&code=00101014040 HTTP/1.1" 200 434
116.232.194.65 - - [07/Aug/2022:06:01:02 +0800] "GET /xingrg/all/function/internal_message.html?_=1659823255328&CODE_STATE=getMsg HTTP/1.1" 200 27
218.81.223.53 - - [07/Aug/2022:06:01:03 +0800] "GET /xingrg/all/function/internal_message.html?_=1659823287578&CODE_STATE=getMsg HTTP/1.1" 200 27
120.253.135.82 - - [07/Aug/2022:06:01:05 +0800] "POST /xingrg/kc/pszx/mdps_order_operate.html HTTP/1.1" 200 37
120.253.135.82 - - [07/Aug/2022:06:01:05 +0800] "GET /xingrg/kc/pszx/mdps_order_info.html?code=312022080700143 HTTP/1.1" 200 24022
120.253.135.82 - - [07/Aug/2022:06:01:06 +0800] "GET /xingrg/javascript/easyui/themes/default/validatebox.css HTTP/1.1" 404 1104
120.253.135.82 - - [07/Aug/2022:06:01:06 +0800] "POST /xingrg/kc/pszx/mdps_order_operate.html HTTP/1.1" 200 2276
120.253.135.82 - - [07/Aug/2022:06:01:07 +0800] "POST /xingrg/kc/pszx/mdps_list_operate.html HTTP/1.1" 200 4303
120.253.135.82 - - [07/Aug/2022:06:01:09 +0800] "POST /xingrg/kc/pszx/mdps_list_operate.html HTTP/1.1" 200 279
120.253.135.82 - - [07/Aug/2022:06:01:10 +0800] "GET /xingrg/kc/pszx/mdps_order_info.html?code=312022080700142 HTTP/1.1" 200 24022
120.253.135.82 - - [07/Aug/2022:06:01:10 +0800] "POST /xingrg/kc/pszx/mdps_order_operate.html HTTP/1.1" 200 2768
120.253.135.82 - - [07/Aug/2022:06:01:10 +0800] "GET /xingrg/javascript/easyui/themes/default/validatebox.css HTTP/1.1" 404 1104
116.235.94.65 - - [07/Aug/2022:06:01:15 +0800] "POST /xingrg/services/DataTransmitService HTTP/1.1" 200 524
120.253.135.82 - - [07/Aug/2022:06:01:16 +0800] "POST /xingrg/kc/pszx/mdps_order_operate.html HTTP/1.1" 200 37
120.253.135.82 - - [07/Aug/2022:06:01:16 +0800] "GET /xingrg/kc/pszx/mdps_order_info.html?code=312022080700142 HTTP/1.1" 200 24022
120.253.135.82 - - [07/Aug/2022:06:01:17 +0800] "POST /xingrg/kc/pszx/mdps_order_operate.html HTTP/1.1" 200 2280
120.253.135.82 - - [07/Aug/2022:06:01:17 +0800] "GET /xingrg/javascript/easyui/themes/default/validatebox.css HTTP/1.1" 404 1104
120.253.135.82 - - [07/Aug/2022:06:01:18 +0800] "POST /xingrg/kc/pszx/mdps_list_operate.html HTTP/1.1" 200 4303
58.40.7.146 - - [07/Aug/2022:06:01:22 +0800] "GET /xingrg/all/function/internal_message.html?_=1659823281678&CODE_STATE=getMsg HTTP/1.1" 200 27
120.253.135.82 - - [07/Aug/2022:06:01:24 +0800] "POST /xingrg/kc/pszx/mdps_list_operate.html HTTP/1.1" 200 203
116.232.194.65 - - [07/Aug/2022:06:01:24 +0800] "GET /xingrg/check_reg.html?_=1659823276525 HTTP/1.1" 200 22
120.253.135.82 - - [07/Aug/2022:06:01:24 +0800] "GET /xingrg/kc/pszx/mdps_order_info.html?code=312022080700142 HTTP/1.1" 200 24022
120.253.135.82 - - [07/Aug/2022:06:01:25 +0800] "POST /xingrg/kc/pszx/mdps_order_operate.html HTTP/1.1" 200 2280
120.253.135.82 - - [07/Aug/2022:06:01:25 +0800] "GET /xingrg/javascript/easyui/themes/default/validatebox.css HTTP/1.1" 404 1104
120.253.135.82 - - [07/Aug/2022:06:01:27 +0800] "POST /xingrg/kc/pszx/mdps_list_operate.html HTTP/1.1" 200 4303
120.253.135.82 - - [07/Aug/2022:06:01:31 +0800] "POST /xingrg/kc/pszx/mdps_list_operate.html HTTP/1.1" 200 202
120.253.135.82 - - [07/Aug/2022:06:01:31 +0800] "GET /xingrg/kc/pszx/mdps_order_info.html?code=312022080700143 HTTP/1.1" 200 24022
120.253.135.82 - - [07/Aug/2022:06:01:32 +0800] "GET /xingrg/javascript/easyui/themes/default/validatebox.css HTTP/1.1" 404 1104
120.253.135.82 - - [07/Aug/2022:06:01:32 +0800] "POST /xingrg/kc/pszx/mdps_order_operate.html HTTP/1.1" 200 2276
114.86.187.244 - - [07/Aug/2022:06:01:33 +0800] "GET /xingrg/all/function/internal_message.html?_=1659823293555&CODE_STATE=getMsg HTTP/1.1" 200 27
120.253.135.82 - - [07/Aug/2022:06:01:34 +0800] "POST /xingrg/kc/pszx/mdps_list_operate.html HTTP/1.1" 200 4303
120.253.135.82 - - [07/Aug/2022:06:01:43 +0800] "POST /xingrg/kc/pszx/mdps_list_operate.html HTTP/1.1" 200 202
120.253.135.82 - - [07/Aug/2022:06:01:44 +0800] "POST /xingrg/kc/pszx/mdps_list_operate.html HTTP/1.1" 200 203
120.253.135.82 - - [07/Aug/2022:06:01:50 +0800] "GET /xingrg/kc/pszx/mdps_order_info.html?code=312022080700143 HTTP/1.1" 200 24022
120.253.135.82 - - [07/Aug/2022:06:01:50 +0800] "POST /xingrg/kc/pszx/mdps_order_operate.html HTTP/1.1" 200 2276
120.253.135.82 - - [07/Aug/2022:06:01:50 +0800] "GET /xingrg/javascript/easyui/themes/default/validatebox.css HTTP/1.1" 404 1104
120.253.135.82 - - [07/Aug/2022:06:01:52 +0800] "GET /xingrg/kc/print/load_data.html?order_code=312022080700143&kc_code=mdps&condition= HTTP/1.1" 200 678
120.253.135.82 - - [07/Aug/2022:06:01:57 +0800] "GET /xingrg/all/function/internal_message.html?_=1659823123138&CODE_STATE=getMsg HTTP/1.1" 200 27
120.253.135.82 - - [07/Aug/2022:06:01:58 +0800] "POST /xingrg/kc/pszx/mdps_list_operate.html HTTP/1.1" 200 4303
120.253.135.82 - - [07/Aug/2022:06:01:59 +0800] "POST /xingrg/kc/pszx/mdps_list_operate.html HTTP/1.1" 200 205
120.253.135.82 - - [07/Aug/2022:06:02:00 +0800] "GET /xingrg/kc/pszx/mdps_order_info.html?code=312022080100009 HTTP/1.1" 200 24028
120.253.135.82 - - [07/Aug/2022:06:02:01 +0800] "POST /xingrg/kc/pszx/mdps_order_operate.html HTTP/1.1" 200 2281
120.253.135.82 - - [07/Aug/2022:06:02:01 +0800] "GET /xingrg/javascript/easyui/themes/default/validatebox.css HTTP/1.1" 404 1104
116.232.194.65 - - [07/Aug/2022:06:02:02 +0800] "GET /xingrg/all/function/internal_message.html?_=1659823315316&CODE_STATE=getMsg HTTP/1.1" 200 27
120.253.135.82 - - [07/Aug/2022:06:02:03 +0800] "GET /xingrg/kc/print/load_data.html?order_code=312022080100009&kc_code=mdps&condition= HTTP/1.1" 200 693
218.81.223.53 - - [07/Aug/2022:06:02:03 +0800] "GET /xingrg/all/function/internal_message.html?_=1659823348117&CODE_STATE=getMsg HTTP/1.1" 200 27
120.253.135.82 - - [07/Aug/2022:06:02:09 +0800] "POST /xingrg/kc/pszx/mdps_list_operate.html HTTP/1.1" 200 4303
120.253.135.82 - - [07/Aug/2022:06:02:10 +0800] "POST /xingrg/kc/pszx/mdps_list_operate.html HTTP/1.1" 200 616
120.253.135.82 - - [07/Aug/2022:06:02:11 +0800] "GET /xingrg/kc/pszx/mdps_order_info.html?code=312022080600131 HTTP/1.1" 200 24022
120.253.135.82 - - [07/Aug/2022:06:02:11 +0800] "POST /xingrg/kc/pszx/mdps_order_operate.html HTTP/1.1" 200 6315
120.253.135.82 - - [07/Aug/2022:06:02:11 +0800] "GET /xingrg/javascript/easyui/themes/default/validatebox.css HTTP/1.1" 404 1104
120.253.135.82 - - [07/Aug/2022:06:02:13 +0800] "GET /xingrg/kc/print/load_data.html?order_code=312022080600131&kc_code=mdps&condition= HTTP/1.1" 200 2555
120.253.135.82 - - [07/Aug/2022:06:02:19 +0800] "POST /xingrg/kc/pszx/mdps_list_operate.html HTTP/1.1" 200 4303
120.253.135.82 - - [07/Aug/2022:06:02:21 +0800] "POST /xingrg/kc/pszx/mdps_list_operate.html HTTP/1.1" 200 641
120.253.135.82 - - [07/Aug/2022:06:02:21 +0800] "GET /xingrg/kc/pszx/mdps_order_info.html?code=312022080600132 HTTP/1.1" 200 24022
120.253.135.82 - - [07/Aug/2022:06:02:22 +0800] "POST /xingrg/kc/pszx/mdps_order_operate.html HTTP/1.1" 200 12029
120.253.135.82 - - [07/Aug/2022:06:02:22 +0800] "GET /xingrg/javascript/easyui/themes/default/validatebox.css HTTP/1.1" 404 1104
58.40.7.146 - - [07/Aug/2022:06:02:22 +0800] "GET /xingrg/all/function/internal_message.html?_=1659823341680&CODE_STATE=getMsg HTTP/1.1" 200 27
120.253.135.82 - - [07/Aug/2022:06:02:26 +0800] "GET /xingrg/kc/print/load_data.html?order_code=312022080600132&kc_code=mdps&condition= HTTP/1.1" 200 5283
120.253.135.82 - - [07/Aug/2022:06:02:32 +0800] "POST /xingrg/kc/pszx/mdps_list_operate.html HTTP/1.1" 200 4303
114.86.187.244 - - [07/Aug/2022:06:02:33 +0800] "GET /xingrg/all/function/internal_message.html?_=1659823353545&CODE_STATE=getMsg HTTP/1.1" 200 27
120.253.135.82 - - [07/Aug/2022:06:02:33 +0800] "POST /xingrg/kc/pszx/mdps_list_operate.html HTTP/1.1" 200 202
218.81.223.53 - - [07/Aug/2022:06:02:34 +0800] "GET /xingrg/css/site.css HTTP/1.1" 304 -
218.81.223.53 - - [07/Aug/2022:06:02:34 +0800] "GET /xingrg/kc/buy/cgsh_order_list.html HTTP/1.1" 200 52509
218.81.223.53 - - [07/Aug/2022:06:02:34 +0800] "GET /xingrg/javascript/jquery_tools/jquery.tools.hotkey.js HTTP/1.1" 304 -
218.81.223.53 - - [07/Aug/2022:06:02:34 +0800] "GET /xingrg/javascript/jquery_tools/jquery.tools.table.js HTTP/1.1" 304 -
218.81.223.53 - - [07/Aug/2022:06:02:34 +0800] "GET /xingrg/javascript/jquery_tools/list_manager.js HTTP/1.1" 304 -
218.81.223.53 - - [07/Aug/2022:06:02:34 +0800] "GET /xingrg/javascript/jquery.cookie.js HTTP/1.1" 304 -
218.81.223.53 - - [07/Aug/2022:06:02:34 +0800] "GET /xingrg/javascript/easyui/easyloader.js HTTP/1.1" 304 -
218.81.223.53 - - [07/Aug/2022:06:02:34 +0800] "GET /xingrg/css/base.css HTTP/1.1" 304 -
218.81.223.53 - - [07/Aug/2022:06:02:34 +0800] "GET /xingrg/javascript/jquery_tools/datebox.css HTTP/1.1" 304 -
218.81.223.53 - - [07/Aug/2022:06:02:34 +0800] "GET /xingrg/javascript/easyui/themes/icon.css HTTP/1.1" 304 -
218.81.223.53 - - [07/Aug/2022:06:02:34 +0800] "GET /xingrg/javascript/easyui/themes/default/easyui.css HTTP/1.1" 304 -
218.81.223.53 - - [07/Aug/2022:06:02:34 +0800] "GET /xingrg/javascript/jquery_tools/table.css HTTP/1.1" 304 -
218.81.223.53 - - [07/Aug/2022:06:02:34 +0800] "GET /xingrg/javascript/jquery_tools/fix.css HTTP/1.1" 304 -
218.81.223.53 - - [07/Aug/2022:06:02:34 +0800] "GET /xingrg/javascript/jquery_tools/jquery.tools.extend.js HTTP/1.1" 304 -
218.81.223.53 - - [07/Aug/2022:06:02:34 +0800] "GET /xingrg/javascript/jquery_tools/jquery.tools.min.js HTTP/1.1" 304 -
218.81.223.53 - - [07/Aug/2022:06:02:34 +0800] "GET /xingrg/javascript/easyui/plugins/jquery.parser.js HTTP/1.1" 304 -
120.253.135.82 - - [07/Aug/2022:06:02:34 +0800] "GET /xingrg/kc/pszx/mdps_order_info.html?code=312022080600133 HTTP/1.1" 200 24022
120.253.135.82 - - [07/Aug/2022:06:02:35 +0800] "POST /xingrg/kc/pszx/mdps_order_operate.html HTTP/1.1" 200 2285
120.253.135.82 - - [07/Aug/2022:06:02:35 +0800] "GET /xingrg/javascript/easyui/themes/default/validatebox.css HTTP/1.1" 404 1104
218.81.223.53 - - [07/Aug/2022:06:02:36 +0800] "POST /xingrg/kc/buy/cgsh_list_operate.html HTTP/1.1" 200 4582
120.253.135.82 - - [07/Aug/2022:06:02:37 +0800] "GET /xingrg/kc/print/load_data.html?order_code=312022080600133&kc_code=mdps&condition= HTTP/1.1" 200 671
120.253.135.82 - - [07/Aug/2022:06:02:42 +0800] "POST /xingrg/kc/pszx/mdps_list_operate.html HTTP/1.1" 200 4303
218.81.223.53 - - [07/Aug/2022:06:02:43 +0800] "POST /xingrg/kc/buy/cgsh_list_operate.html HTTP/1.1" 200 273
120.253.135.82 - - [07/Aug/2022:06:02:44 +0800] "POST /xingrg/kc/pszx/mdps_list_operate.html HTTP/1.1" 200 281
120.253.135.82 - - [07/Aug/2022:06:02:45 +0800] "GET /xingrg/kc/pszx/mdps_order_info.html?code=312022080700140 HTTP/1.1" 200 24022
120.253.135.82 - - [07/Aug/2022:06:02:45 +0800] "POST /xingrg/kc/pszx/mdps_order_operate.html HTTP/1.1" 200 2776
120.253.135.82 - - [07/Aug/2022:06:02:45 +0800] "GET /xingrg/javascript/easyui/themes/default/validatebox.css HTTP/1.1" 404 1104
120.253.135.82 - - [07/Aug/2022:06:02:47 +0800] "GET /xingrg/kc/print/load_data.html?order_code=312022080700140&kc_code=mdps&condition= HTTP/1.1" 200 908
218.81.223.53 - - [07/Aug/2022:06:02:48 +0800] "POST /xingrg/kc/buy/cgsh_list_operate.html HTTP/1.1" 200 584
120.253.135.82 - - [07/Aug/2022:06:02:52 +0800] "POST /xingrg/kc/pszx/mdps_list_operate.html HTTP/1.1" 200 4303
218.81.223.53 - - [07/Aug/2022:06:02:54 +0800] "POST /xingrg/kc/buy/cgsh_list_operate.html HTTP/1.1" 200 425
120.253.135.82 - - [07/Aug/2022:06:02:57 +0800] "GET /xingrg/all/function/internal_message.html?_=1659823183139&CODE_STATE=getMsg HTTP/1.1" 200 27
218.81.223.53 - - [07/Aug/2022:06:03:00 +0800] "POST /xingrg/kc/buy/cgsh_list_operate.html HTTP/1.1" 200 342
116.232.194.65 - - [07/Aug/2022:06:03:02 +0800] "GET /xingrg/all/function/internal_message.html?_=1659823375298&CODE_STATE=getMsg HTTP/1.1" 200 27
218.81.223.53 - - [07/Aug/2022:06:03:03 +0800] "GET /xingrg/all/function/internal_message.html?_=1659823408121&CODE_STATE=getMsg HTTP/1.1" 200 27
58.40.7.146 - - [07/Aug/2022:06:03:22 +0800] "GET /xingrg/all/function/internal_message.html?_=1659823401667&CODE_STATE=getMsg HTTP/1.1" 200 27
114.86.187.244 - - [07/Aug/2022:06:03:33 +0800] "GET /xingrg/all/function/internal_message.html?_=1659823413548&CODE_STATE=getMsg HTTP/1.1" 200 27
218.81.223.53 - - [07/Aug/2022:06:03:34 +0800] "POST /xingrg/kc/buy/cgsh_list_operate.html HTTP/1.1" 200 4
218.81.223.53 - - [07/Aug/2022:06:03:41 +0800] "POST /xingrg/kc/buy/cgsh_list_operate.html HTTP/1.1" 200 4526
218.81.223.53 - - [07/Aug/2022:06:03:47 +0800] "POST /xingrg/kc/buy/cgsh_list_operate.html HTTP/1.1" 200 212
218.81.223.53 - - [07/Aug/2022:06:03:55 +0800] "POST /xingrg/kc/buy/cgsh_list_operate.html HTTP/1.1" 200 4
120.253.135.82 - - [07/Aug/2022:06:03:57 +0800] "GET /xingrg/all/function/internal_message.html?_=1659823243243&CODE_STATE=getMsg HTTP/1.1" 200 27
218.81.223.53 - - [07/Aug/2022:06:03:59 +0800] "POST /xingrg/kc/buy/cgsh_list_operate.html HTTP/1.1" 200 4522
116.232.194.65 - - [07/Aug/2022:06:04:02 +0800] "GET /xingrg/all/function/internal_message.html?_=1659823435275&CODE_STATE=getMsg HTTP/1.1" 200 27
218.81.223.53 - - [07/Aug/2022:06:04:03 +0800] "POST /xingrg/kc/buy/cgsh_list_operate.html HTTP/1.1" 200 578
218.81.223.53 - - [07/Aug/2022:06:04:03 +0800] "GET /xingrg/all/function/internal_message.html?_=1659823468148&CODE_STATE=getMsg HTTP/1.1" 200 27
218.81.223.53 - - [07/Aug/2022:06:04:08 +0800] "POST /xingrg/kc/buy/cgsh_list_operate.html HTTP/1.1" 200 345
58.40.7.146 - - [07/Aug/2022:06:04:22 +0800] "GET /xingrg/all/function/internal_message.html?_=1659823461670&CODE_STATE=getMsg HTTP/1.1" 200 27
114.86.187.244 - - [07/Aug/2022:06:04:33 +0800] "GET /xingrg/all/function/internal_message.html?_=1659823473553&CODE_STATE=getMsg HTTP/1.1" 200 27
114.86.187.244 - - [07/Aug/2022:06:04:33 +0800] "GET /xingrg/check_reg.html?_=1659823473555 HTTP/1.1" 200 22
218.81.223.53 - - [07/Aug/2022:06:04:42 +0800] "POST /xingrg/kc/buy/cgsh_list_operate.html HTTP/1.1" 200 4
218.81.223.53 - - [07/Aug/2022:06:04:49 +0800] "POST /xingrg/kc/buy/cgsh_list_operate.html HTTP/1.1" 200 3057
218.81.223.53 - - [07/Aug/2022:06:04:55 +0800] "GET /xingrg/check_reg.html?_=1659823519836 HTTP/1.1" 200 22
120.253.135.82 - - [07/Aug/2022:06:04:57 +0800] "GET /xingrg/all/function/internal_message.html?_=1659823303245&CODE_STATE=getMsg HTTP/1.1" 200 27
116.232.194.65 - - [07/Aug/2022:06:05:02 +0800] "GET /xingrg/all/function/internal_message.html?_=1659823495256&CODE_STATE=getMsg HTTP/1.1" 200 27
218.81.223.53 - - [07/Aug/2022:06:05:03 +0800] "GET /xingrg/all/function/internal_message.html?_=1659823528163&CODE_STATE=getMsg HTTP/1.1" 200 27
58.40.7.146 - - [07/Aug/2022:06:05:22 +0800] "GET /xingrg/all/function/internal_message.html?_=1659823521673&CODE_STATE=getMsg HTTP/1.1" 200 27
58.40.7.146 - - [07/Aug/2022:06:05:22 +0800] "GET /xingrg/check_reg.html?_=1659823521675 HTTP/1.1" 200 22
218.81.223.53 - - [07/Aug/2022:06:05:27 +0800] "POST /xingrg/kc/buy/cgsh_list_operate.html HTTP/1.1" 200 570
114.86.187.244 - - [07/Aug/2022:06:05:33 +0800] "GET /xingrg/all/function/internal_message.html?_=1659823533569&CODE_STATE=getMsg HTTP/1.1" 200 27
218.81.223.53 - - [07/Aug/2022:06:05:48 +0800] "POST /xingrg/kc/buy/cgsh_list_operate.html HTTP/1.1" 200 4
120.253.135.82 - - [07/Aug/2022:06:05:56 +0800] "GET /xingrg/check_reg.html?_=1659823362637 HTTP/1.1" 200 22
120.253.135.82 - - [07/Aug/2022:06:05:57 +0800] "GET /xingrg/all/function/internal_message.html?_=1659823363257&CODE_STATE=getMsg HTTP/1.1" 200 27
116.232.194.65 - - [07/Aug/2022:06:06:02 +0800] "GET /xingrg/all/function/internal_message.html?_=1659823555233&CODE_STATE=getMsg HTTP/1.1" 200 27
120.253.135.82 - - [07/Aug/2022:06:06:09 +0800] "POST /xingrg/kc/pszx/mdps_list_operate.html HTTP/1.1" 200 2056
120.253.135.82 - - [07/Aug/2022:06:06:10 +0800] "POST /xingrg/kc/pszx/mdps_list_operate.html HTTP/1.1" 200 209
120.253.135.82 - - [07/Aug/2022:06:06:12 +0800] "POST /xingrg/kc/pszx/mdps_list_operate.html HTTP/1.1" 200 216
120.253.135.82 - - [07/Aug/2022:06:06:13 +0800] "GET /xingrg/kc/pszx/mdps_order_info.html?code=312022080700141 HTTP/1.1" 200 24020
120.253.135.82 - - [07/Aug/2022:06:06:13 +0800] "POST /xingrg/kc/pszx/mdps_order_operate.html HTTP/1.1" 200 2292
120.253.135.82 - - [07/Aug/2022:06:06:13 +0800] "GET /xingrg/javascript/easyui/themes/default/validatebox.css HTTP/1.1" 404 1104
120.253.135.82 - - [07/Aug/2022:06:06:16 +0800] "POST /xingrg/kc/pszx/mdps_order_operate.html HTTP/1.1" 200 37
120.253.135.82 - - [07/Aug/2022:06:06:17 +0800] "GET /xingrg/kc/pszx/mdps_order_info.html?code=312022080700141 HTTP/1.1" 200 24020
120.253.135.82 - - [07/Aug/2022:06:06:18 +0800] "POST /xingrg/kc/pszx/mdps_order_operate.html HTTP/1.1" 200 2299
120.253.135.82 - - [07/Aug/2022:06:06:18 +0800] "GET /xingrg/javascript/easyui/themes/default/validatebox.css HTTP/1.1" 404 1104
58.40.7.146 - - [07/Aug/2022:06:06:22 +0800] "GET /xingrg/all/function/internal_message.html?_=1659823581679&CODE_STATE=getMsg HTTP/1.1" 200 27
116.232.194.65 - - [07/Aug/2022:06:06:24 +0800] "GET /xingrg/check_reg.html?_=1659823576520 HTTP/1.1" 200 22
114.86.187.244 - - [07/Aug/2022:06:06:33 +0800] "GET /xingrg/all/function/internal_message.html?_=1659823593566&CODE_STATE=getMsg HTTP/1.1" 200 27
116.224.123.211 - - [07/Aug/2022:06:06:41 +0800] "POST /xingrg/services/DataTransmitService HTTP/1.1" 200 524
120.253.135.82 - - [07/Aug/2022:06:06:47 +0800] "POST /xingrg/kc/pszx/mdps_list_operate.html HTTP/1.1" 200 2056
120.253.135.82 - - [07/Aug/2022:06:06:49 +0800] "POST /xingrg/kc/pszx/mdps_list_operate.html HTTP/1.1" 200 209
120.253.135.82 - - [07/Aug/2022:06:06:50 +0800] "GET /xingrg/kc/pszx/mdps_order_info.html?code=312022080600134 HTTP/1.1" 200 24020
120.253.135.82 - - [07/Aug/2022:06:06:51 +0800] "POST /xingrg/kc/pszx/mdps_order_operate.html HTTP/1.1" 200 2294
120.253.135.82 - - [07/Aug/2022:06:06:51 +0800] "GET /xingrg/javascript/easyui/themes/default/validatebox.css HTTP/1.1" 404 1104
