114.83.222.234 - - [06/Aug/2022:11:04:58 +0800] "POST /xingrg/kc/buy/cgsh_order_operate.html HTTP/1.1" 200 8245
114.83.222.234 - - [06/Aug/2022:11:04:58 +0800] "GET /xingrg/javascript/easyui/themes/default/validatebox.css HTTP/1.1" 404 1104
114.83.222.234 - - [06/Aug/2022:11:04:58 +0800] "GET /xingrg/javascript/easyui/themes/icons/edit_remove.png HTTP/1.1" 200 625
116.224.123.211 - - [06/Aug/2022:11:04:58 +0800] "GET /xingrg/all/function/internal_message.html?_=1659755096327&CODE_STATE=getMsg HTTP/1.1" 200 27
180.169.147.146 - - [06/Aug/2022:11:04:59 +0800] "POST /xingrg/kc/buy/cgsh_list_operate.html HTTP/1.1" 200 4533
58.37.7.214 - - [06/Aug/2022:11:04:59 +0800] "GET /xingrg/kc/mdqp/qqps_order_add.html HTTP/1.1" 200 28236
58.37.7.214 - - [06/Aug/2022:11:04:59 +0800] "GET /xingrg/dwr/interface/AjaxComOrderService.js HTTP/1.1" 200 18264
58.37.7.214 - - [06/Aug/2022:11:04:59 +0800] "GET /xingrg/dwr/interface/AjaxQqpsService.js HTTP/1.1" 200 16326
58.37.7.214 - - [06/Aug/2022:11:04:59 +0800] "GET /xingrg/dwr/engine.js HTTP/1.1" 200 43631
120.253.135.82 - - [06/Aug/2022:11:05:03 +0800] "POST /xingrg/kc/pszx/mdps_list_operate.html HTTP/1.1" 200 868
116.224.255.128 - - [06/Aug/2022:11:05:04 +0800] "GET /xingrg/all/function/internal_message.html?_=1659755102770&CODE_STATE=getMsg HTTP/1.1" 200 27
116.232.51.90 - - [06/Aug/2022:11:05:05 +0800] "GET /xingrg/all/function/internal_message.html?_=1659755105374&CODE_STATE=getMsg HTTP/1.1" 200 27
116.224.123.211 - - [06/Aug/2022:11:05:05 +0800] "GET /xingrg/javascript/auto/indicator.gif HTTP/1.1" 404 1066
114.86.187.244 - - [06/Aug/2022:11:05:05 +0800] "GET /xingrg/kc/buy/cgsh_order_operate.html?command=get_materiel&rest_code=00148&code=00101001010&supplier_code=00100036&order_time=2022-08-06 HTTP/1.1" 200 409
120.253.135.82 - - [06/Aug/2022:11:05:06 +0800] "GET /xingrg/kc/pszx/mdps_order_add.html HTTP/1.1" 200 29120
58.39.169.63 - - [06/Aug/2022:11:05:06 +0800] "GET /xingrg/all/function/internal_message.html?_=1659755107644&CODE_STATE=getMsg HTTP/1.1" 200 27
120.253.135.82 - - [06/Aug/2022:11:05:07 +0800] "POST /xingrg/kc/pszx/mdps_order_operate.html HTTP/1.1" 200 7126
120.253.135.82 - - [06/Aug/2022:11:05:07 +0800] "GET /xingrg/javascript/easyui/themes/default/validatebox.css HTTP/1.1" 404 1104
58.37.7.214 - - [06/Aug/2022:11:05:10 +0800] "GET /xingrg/all/function/internal_message.html?_=1659755110631&CODE_STATE=getMsg HTTP/1.1" 200 27
58.39.169.63 - - [06/Aug/2022:11:05:11 +0800] "GET /xingrg/all/function/internal_message.html?_=1659754986991&CODE_STATE=getMsg HTTP/1.1" 200 27
58.37.7.214 - - [06/Aug/2022:11:05:11 +0800] "POST /xingrg/dwr/call/plaincall/AjaxQqpsService.saveOrder.dwr HTTP/1.1" 200 78
120.253.135.82 - - [06/Aug/2022:11:05:12 +0800] "POST /xingrg/all/common/load_combo.html?type=base HTTP/1.1" 200 1260
116.224.123.211 - - [06/Aug/2022:11:05:16 +0800] "GET /xingrg/kc/buy/cgsh_order_operate.html?command=get_materiel&rest_code=00102&code=00101029085&supplier_code=00100406&order_time=2022-08-06 HTTP/1.1" 200 447
114.83.222.234 - - [06/Aug/2022:11:05:18 +0800] "GET /xingrg/javascript/auto/indicator.gif HTTP/1.1" 404 1066
116.232.194.65 - - [06/Aug/2022:11:05:19 +0800] "GET /xingrg/all/function/internal_message.html?_=1659755114318&CODE_STATE=getMsg HTTP/1.1" 200 27
114.83.222.234 - - [06/Aug/2022:11:05:19 +0800] "GET /xingrg/javascript/jquery_tools/images/prev.gif HTTP/1.1" 404 1086
114.83.222.234 - - [06/Aug/2022:11:05:19 +0800] "GET /xingrg/javascript/jquery_tools/images/next.gif HTTP/1.1" 404 1086
120.253.135.82 - - [06/Aug/2022:11:05:21 +0800] "GET /xingrg/kc/pszx/mdps_order_operate.html?command=get_materiel&pszx_code=00101&rest_code=00151&base_code=0010250&code=00102002770 HTTP/1.1" 200 452
116.224.123.211 - - [06/Aug/2022:11:05:21 +0800] "GET /xingrg/all/function/internal_message.html?_=1659755121336&CODE_STATE=getMsg HTTP/1.1" 200 27
116.235.94.65 - - [06/Aug/2022:11:05:25 +0800] "GET /xingrg/all/function/internal_message.html?_=1659755312444&CODE_STATE=getMsg HTTP/1.1" 200 27
116.224.123.211 - - [06/Aug/2022:11:05:29 +0800] "POST /xingrg/kc/buy/cgsh_order_operate.html HTTP/1.1" 200 37
218.81.223.53 - - [06/Aug/2022:11:05:30 +0800] "GET /xingrg/all/function/internal_message.html?_=1659755152192&CODE_STATE=getMsg HTTP/1.1" 200 27
222.69.129.110 - - [06/Aug/2022:11:05:30 +0800] "GET /xingrg/all/function/internal_message.html?_=1659755189848&CODE_STATE=getMsg HTTP/1.1" 200 27
114.83.222.234 - - [06/Aug/2022:11:05:33 +0800] "GET /xingrg/all/function/internal_message.html?_=1659755132899&CODE_STATE=getMsg HTTP/1.1" 200 27
120.253.135.82 - - [06/Aug/2022:11:05:35 +0800] "POST /xingrg/kc/pszx/mdps_order_operate.html HTTP/1.1" 200 37
180.169.147.146 - - [06/Aug/2022:11:05:35 +0800] "GET /xingrg/index.html?sysBaseUrl=http%3A%2F%2F180.169.147.146%3A18081%2Fxingrg%2F&costTime=39×tamp=1645767740089 HTTP/1.1" 302 -
180.169.147.146 - - [06/Aug/2022:11:05:35 +0800] "GET /xingrg/login.html HTTP/1.1" 200 7641
116.224.123.211 - - [06/Aug/2022:11:05:35 +0800] "POST /xingrg/kc/buy/cgsh_order_operate.html HTTP/1.1" 200 12
180.169.147.146 - - [06/Aug/2022:11:05:35 +0800] "GET /xingrg/all/function/internal_message.html?_=1659755137728&CODE_STATE=getMsg HTTP/1.1" 200 27
180.169.147.146 - - [06/Aug/2022:11:05:36 +0800] "GET /favicon.ico HTTP/1.1" 404 -
101.80.228.36 - - [06/Aug/2022:11:05:36 +0800] "GET /xingrg/all/function/internal_message.html?_=1659755134037&CODE_STATE=getMsg HTTP/1.1" 200 27
120.253.135.82 - - [06/Aug/2022:11:05:36 +0800] "GET /xingrg/kc/pszx/mdps_order_info.html?code=312022080600134 HTTP/1.1" 200 24020
180.169.147.146 - - [06/Aug/2022:11:05:37 +0800] "POST /xingrg/kc/buy/cgsh_list_operate.html HTTP/1.1" 200 4
120.253.135.82 - - [06/Aug/2022:11:05:37 +0800] "GET /xingrg/javascript/easyui/themes/default/validatebox.css HTTP/1.1" 404 1104
120.253.135.82 - - [06/Aug/2022:11:05:37 +0800] "POST /xingrg/kc/pszx/mdps_order_operate.html HTTP/1.1" 200 2294
116.224.123.211 - - [06/Aug/2022:11:05:39 +0800] "GET /xingrg/kc/buy/cgsh_order_info.html?code=212022080601652 HTTP/1.1" 200 63227
116.224.123.211 - - [06/Aug/2022:11:05:40 +0800] "GET /xingrg/javascript/easyui/themes/default/validatebox.css HTTP/1.1" 404 1104
114.86.187.244 - - [06/Aug/2022:11:05:40 +0800] "GET /xingrg/kc/buy/cgsh_order_operate.html?command=get_materiel&rest_code=00148&code=00101010248&supplier_code=00100036&order_time=2022-08-06 HTTP/1.1" 200 430
116.224.123.211 - - [06/Aug/2022:11:05:40 +0800] "POST /xingrg/kc/buy/cgsh_order_operate.html HTTP/1.1" 200 636
114.86.187.244 - - [06/Aug/2022:11:05:41 +0800] "GET /xingrg/check_reg.html?_=1659755152671 HTTP/1.1" 200 22
114.86.187.244 - - [06/Aug/2022:11:05:41 +0800] "GET /xingrg/all/function/internal_message.html?_=1659755152730&CODE_STATE=getMsg HTTP/1.1" 200 27
101.85.120.95 - - [06/Aug/2022:11:05:42 +0800] "GET /xingrg/all/function/internal_message.html?_=1659755141037&CODE_STATE=getMsg HTTP/1.1" 200 27
120.253.135.82 - - [06/Aug/2022:11:05:43 +0800] "POST /xingrg/kc/pszx/mdps_list_operate.html HTTP/1.1" 200 1689
116.224.123.211 - - [06/Aug/2022:11:05:44 +0800] "GET /xingrg/kc/print/load_data.html?order_code=212022080601652&kc_code=cgsh&condition= HTTP/1.1" 200 716
58.37.7.214 - - [06/Aug/2022:11:05:47 +0800] "GET /xingrg/javascript/auto/indicator.gif HTTP/1.1" 404 1066
180.169.147.146 - - [06/Aug/2022:11:05:48 +0800] "POST /xingrg/login.do HTTP/1.1" 302 -
180.169.147.146 - - [06/Aug/2022:11:05:48 +0800] "GET /xingrg/index.html?sysBaseUrl=http%3A%2F%2F180.169.147.146%3A18081%2Fxingrg%2F&costTime=45×tamp=1659755148125 HTTP/1.1" 200 17503
180.169.147.146 - - [06/Aug/2022:11:05:48 +0800] "GET /favicon.ico HTTP/1.1" 404 -
180.169.147.146 - - [06/Aug/2022:11:05:48 +0800] "POST /xingrg/all/common/load_tree.html?tree=area_rest_tree_json&manage=1 HTTP/1.1" 200 591
180.169.147.146 - - [06/Aug/2022:11:05:48 +0800] "GET /xingrg/check_reg.html?_=1659755268065 HTTP/1.1" 200 22
180.169.147.146 - - [06/Aug/2022:11:05:48 +0800] "POST /xingrg/load_menu.html HTTP/1.1" 200 11564
180.169.147.146 - - [06/Aug/2022:11:05:48 +0800] "GET /xingrg/all/function/internal_message.html?_=1659755268062&CODE_STATE=count HTTP/1.1" 200 11
180.169.147.146 - - [06/Aug/2022:11:05:52 +0800] "POST /xingrg/all/user/operate.html HTTP/1.1" 200 36
58.37.7.214 - - [06/Aug/2022:11:05:53 +0800] "POST /xingrg/dwr/call/plaincall/AjaxQqpsService.getMaterielByCode.dwr HTTP/1.1" 200 2721
180.169.147.146 - - [06/Aug/2022:11:05:53 +0800] "GET /xingrg/index.html?sysBaseUrl=http%3A%2F%2F180.169.147.146%3A18081%2Fxingrg%2F&costTime=45×tamp=1659755148125 HTTP/1.1" 200 17509
180.169.147.146 - - [06/Aug/2022:11:05:53 +0800] "GET /xingrg/javascript/jquery_easy_ui/themes/default/easyui.css HTTP/1.1" 304 -
180.169.147.146 - - [06/Aug/2022:11:05:53 +0800] "GET /xingrg/javascript/jquery_easy_ui/themes/icon.css HTTP/1.1" 304 -
180.169.147.146 - - [06/Aug/2022:11:05:53 +0800] "GET /xingrg/css/form.css HTTP/1.1" 304 -
180.169.147.146 - - [06/Aug/2022:11:05:53 +0800] "GET /xingrg/javascript/jquery-1.4.2.min.js HTTP/1.1" 304 -
180.169.147.146 - - [06/Aug/2022:11:05:53 +0800] "GET /xingrg/javascript/jquery_easy_ui/jquery.easyui.min.js HTTP/1.1" 304 -
180.169.147.146 - - [06/Aug/2022:11:05:53 +0800] "GET /xingrg/javascript/jquery_easy_ui/easyui-lang-zh_CN.js HTTP/1.1" 304 -
180.169.147.146 - - [06/Aug/2022:11:05:53 +0800] "GET /xingrg/javascript/jquery.form.js HTTP/1.1" 304 -
180.169.147.146 - - [06/Aug/2022:11:05:53 +0800] "GET /xingrg/javascript/jquery.utils.js HTTP/1.1" 304 -
180.169.147.146 - - [06/Aug/2022:11:05:53 +0800] "GET /xingrg/javascript/jquery.timers.js HTTP/1.1" 304 -
180.169.147.146 - - [06/Aug/2022:11:05:53 +0800] "GET /xingrg/images/blue/jxLogo.png HTTP/1.1" 304 -
180.169.147.146 - - [06/Aug/2022:11:05:53 +0800] "GET /xingrg/images/blue/navBackgound.jpg HTTP/1.1" 304 -
180.169.147.146 - - [06/Aug/2022:11:05:53 +0800] "GET /xingrg/javascript/jquery_easy_ui/themes/icons/settle_new.png HTTP/1.1" 304 -
180.169.147.146 - - [06/Aug/2022:11:05:53 +0800] "POST /xingrg/all/common/load_tree.html?tree=area_rest_tree_json&manage=1 HTTP/1.1" 200 591
180.169.147.146 - - [06/Aug/2022:11:05:53 +0800] "GET /xingrg/all/function/internal_message.html?_=1659755272847&CODE_STATE=count HTTP/1.1" 200 11
180.169.147.146 - - [06/Aug/2022:11:05:53 +0800] "GET /xingrg/check_reg.html?_=1659755272849 HTTP/1.1" 200 22
180.169.147.146 - - [06/Aug/2022:11:05:53 +0800] "GET /xingrg/javascript/jquery_easy_ui/themes/default/images/panel_tool_expand.gif HTTP/1.1" 304 -
180.169.147.146 - - [06/Aug/2022:11:05:53 +0800] "GET /xingrg/javascript/jquery_easy_ui/themes/default/images/tabs_rightarrow.png HTTP/1.1" 304 -
180.169.147.146 - - [06/Aug/2022:11:05:53 +0800] "GET /xingrg/javascript/jquery_easy_ui/themes/default/images/tabs_leftarrow.png HTTP/1.1" 304 -
180.169.147.146 - - [06/Aug/2022:11:05:53 +0800] "POST /xingrg/load_menu.html HTTP/1.1" 200 9959
180.169.147.146 - - [06/Aug/2022:11:05:53 +0800] "GET /xingrg/javascript/jquery_easy_ui/themes/default/images/panel_tool_collapse.gif HTTP/1.1" 304 -
180.169.147.146 - - [06/Aug/2022:11:05:53 +0800] "GET /xingrg/images/blue/pingpu.png HTTP/1.1" 304 -
180.169.147.146 - - [06/Aug/2022:11:05:53 +0800] "GET /xingrg/javascript/jquery_easy_ui/themes/icons/checkout_new.png HTTP/1.1" 304 -
180.169.147.146 - - [06/Aug/2022:11:05:53 +0800] "GET /xingrg/javascript/jquery_easy_ui/themes/icons/storage_new.png HTTP/1.1" 304 -
180.169.147.146 - - [06/Aug/2022:11:05:53 +0800] "GET /xingrg/javascript/jquery_easy_ui/themes/default/images/tree_arrows.gif HTTP/1.1" 304 -
180.169.147.146 - - [06/Aug/2022:11:05:53 +0800] "GET /xingrg/javascript/jquery_easy_ui/themes/default/images/tree_folder.gif HTTP/1.1" 304 -
180.169.147.146 - - [06/Aug/2022:11:05:53 +0800] "GET /xingrg/javascript/jquery_easy_ui/themes/default/images/tree_folder_open.gif HTTP/1.1" 304 -
180.169.147.146 - - [06/Aug/2022:11:05:53 +0800] "GET /xingrg/javascript/jquery_easy_ui/themes/icons/search_new.png HTTP/1.1" 304 -
180.169.147.146 - - [06/Aug/2022:11:05:53 +0800] "GET /xingrg/javascript/jquery_easy_ui/themes/default/images/tree_file.gif HTTP/1.1" 304 -
180.169.147.146 - - [06/Aug/2022:11:05:53 +0800] "GET /xingrg/javascript/jquery_easy_ui/themes/icons/forms_new.png HTTP/1.1" 304 -
180.169.147.146 - - [06/Aug/2022:11:05:53 +0800] "GET /xingrg/javascript/jquery_easy_ui/themes/icons/setting_new.png HTTP/1.1" 304 -
180.169.147.146 - - [06/Aug/2022:11:05:53 +0800] "GET /xingrg/javascript/jquery_easy_ui/themes/icons/systemset_new.png HTTP/1.1" 304 -
116.224.123.211 - - [06/Aug/2022:11:05:55 +0800] "GET /xingrg/kc/buy/cgsh_order_add.html HTTP/1.1" 200 68320
116.224.123.211 - - [06/Aug/2022:11:05:55 +0800] "POST /xingrg/kc/buy/cgsh_order_operate.html HTTP/1.1" 200 8245
116.224.123.211 - - [06/Aug/2022:11:05:55 +0800] "GET /xingrg/javascript/easyui/themes/default/validatebox.css HTTP/1.1" 404 1104
116.224.255.128 - - [06/Aug/2022:11:05:56 +0800] "GET /xingrg/all/function/internal_message.html?_=1659755102966&CODE_STATE=getMsg HTTP/1.1" 200 27
116.224.123.211 - - [06/Aug/2022:11:05:57 +0800] "GET /xingrg/javascript/easyui/themes/default/tree.css HTTP/1.1" 404 1090
116.224.123.211 - - [06/Aug/2022:11:05:57 +0800] "POST /xingrg/all/common/load_tree.html?tree=supplier_tree_json&isDelete=1 HTTP/1.1" 200 67662
114.86.187.244 - - [06/Aug/2022:11:05:58 +0800] "POST /xingrg/kc/buy/cgsh_order_operate.html HTTP/1.1" 200 37
116.224.123.211 - - [06/Aug/2022:11:05:58 +0800] "GET /xingrg/all/function/internal_message.html?_=1659755156335&CODE_STATE=getMsg HTTP/1.1" 200 27
58.37.7.214 - - [06/Aug/2022:11:05:59 +0800] "POST /xingrg/dwr/call/plaincall/AjaxQqpsService.saveMaterielItem.dwr HTTP/1.1" 200 78
58.37.7.214 - - [06/Aug/2022:11:06:04 +0800] "POST /xingrg/dwr/call/plaincall/AjaxQqpsService.checkOrder.dwr HTTP/1.1" 200 78
116.224.255.128 - - [06/Aug/2022:11:06:04 +0800] "GET /xingrg/all/function/internal_message.html?_=1659755162778&CODE_STATE=getMsg HTTP/1.1" 200 27
116.224.255.128 - - [06/Aug/2022:11:06:04 +0800] "GET /xingrg/check_reg.html?_=1659755162780 HTTP/1.1" 200 22
116.232.51.90 - - [06/Aug/2022:11:06:05 +0800] "GET /xingrg/all/function/internal_message.html?_=1659755165359&CODE_STATE=getMsg HTTP/1.1" 200 27
58.37.7.214 - - [06/Aug/2022:11:06:05 +0800] "GET /xingrg/kc/mdqp/qqps_order_info.html?code=302022080600094 HTTP/1.1" 200 26639
58.37.7.214 - - [06/Aug/2022:11:06:05 +0800] "GET /xingrg/dwr/interface/AjaxComOrderService.js HTTP/1.1" 200 18264
58.37.7.214 - - [06/Aug/2022:11:06:05 +0800] "GET /xingrg/dwr/engine.js HTTP/1.1" 200 43631
58.37.7.214 - - [06/Aug/2022:11:06:05 +0800] "GET /xingrg/dwr/interface/AjaxQqpsService.js HTTP/1.1" 200 16326
58.37.7.214 - - [06/Aug/2022:11:06:06 +0800] "POST /xingrg/dwr/call/plaincall/AjaxQqpsService.loadMaterielItems.dwr HTTP/1.1" 200 369
58.39.169.63 - - [06/Aug/2022:11:06:06 +0800] "GET /xingrg/all/function/internal_message.html?_=1659755167644&CODE_STATE=getMsg HTTP/1.1" 200 27
114.86.187.244 - - [06/Aug/2022:11:06:07 +0800] "POST /xingrg/kc/buy/cgsh_order_operate.html HTTP/1.1" 200 3850
58.37.7.214 - - [06/Aug/2022:11:06:09 +0800] "GET /xingrg/kc/mdqp/qqps_order_list.html?isBack=1 HTTP/1.1" 200 9677
58.37.7.214 - - [06/Aug/2022:11:06:09 +0800] "GET /xingrg/dwr/interface/AjaxReportQueryService.js HTTP/1.1" 200 13203
58.37.7.214 - - [06/Aug/2022:11:06:09 +0800] "GET /xingrg/dwr/interface/AjaxQqpsService.js HTTP/1.1" 200 16326
58.37.7.214 - - [06/Aug/2022:11:06:09 +0800] "GET /xingrg/dwr/engine.js HTTP/1.1" 200 43631
58.37.7.214 - - [06/Aug/2022:11:06:10 +0800] "GET /xingrg/all/function/internal_message.html?_=1659755170608&CODE_STATE=getMsg HTTP/1.1" 200 27
58.39.169.63 - - [06/Aug/2022:11:06:11 +0800] "GET /xingrg/all/function/internal_message.html?_=1659755046992&CODE_STATE=getMsg HTTP/1.1" 200 27
180.169.147.146 - - [06/Aug/2022:11:06:12 +0800] "GET /xingrg/all/function/internal_message.html?_=1659755167210&CODE_STATE=getMsg HTTP/1.1" 200 27
114.86.187.244 - - [06/Aug/2022:11:06:13 +0800] "GET /xingrg/kc/print/load_data.html?order_code=212022080601653&kc_code=cgsh&condition= HTTP/1.1" 200 1206
58.37.7.214 - - [06/Aug/2022:11:06:14 +0800] "GET /xingrg/kc/buy/buy_main.html HTTP/1.1" 200 12412
58.37.7.214 - - [06/Aug/2022:11:06:14 +0800] "GET /xingrg/css/new_ie.css HTTP/1.1" 404 1036
180.169.147.146 - - [06/Aug/2022:11:06:14 +0800] "POST /xingrg/kc/buy/cgsh_list_operate.html HTTP/1.1" 200 2055
58.37.7.214 - - [06/Aug/2022:11:06:16 +0800] "GET /xingrg/kc/buy/cgsh_order_list.html HTTP/1.1" 200 52503
114.84.2.83 - - [06/Aug/2022:11:06:17 +0800] "GET /xingrg/login.html HTTP/1.1" 200 7641
58.37.7.214 - - [06/Aug/2022:11:06:18 +0800] "POST /xingrg/kc/buy/cgsh_list_operate.html HTTP/1.1" 200 1459
114.84.2.83 - - [06/Aug/2022:11:06:18 +0800] "GET /favicon.ico HTTP/1.1" 404 -
116.232.194.65 - - [06/Aug/2022:11:06:19 +0800] "GET /xingrg/all/function/internal_message.html?_=1659755174311&CODE_STATE=getMsg HTTP/1.1" 200 27
116.232.194.65 - - [06/Aug/2022:11:06:21 +0800] "GET /xingrg/check_reg.html?_=1659755176518 HTTP/1.1" 200 22
116.224.123.211 - - [06/Aug/2022:11:06:21 +0800] "GET /xingrg/all/function/internal_message.html?_=1659755181312&CODE_STATE=getMsg HTTP/1.1" 200 27
114.83.222.234 - - [06/Aug/2022:11:06:22 +0800] "GET /xingrg/kc/buy/cgsh_order_operate.html?command=get_materiel&rest_code=00149&code=00101001140&supplier_code=00100039&order_time=2022-08-06 HTTP/1.1" 200 415
114.84.2.83 - - [06/Aug/2022:11:06:24 +0800] "POST /xingrg/login.do HTTP/1.1" 302 -
114.84.2.83 - - [06/Aug/2022:11:06:24 +0800] "GET /xingrg/index.html?sysBaseUrl=http%3A%2F%2F180.169.147.146%3A18081%2Fxingrg%2F&costTime=38×tamp=1659755184371 HTTP/1.1" 200 17173
114.84.2.83 - - [06/Aug/2022:11:06:24 +0800] "GET /favicon.ico HTTP/1.1" 404 -
114.84.2.83 - - [06/Aug/2022:11:06:24 +0800] "POST /xingrg/all/common/load_tree.html?tree=area_rest_tree_json&manage=1 HTTP/1.1" 200 342
114.84.2.83 - - [06/Aug/2022:11:06:24 +0800] "POST /xingrg/load_menu.html HTTP/1.1" 200 5138
114.84.2.83 - - [06/Aug/2022:11:06:24 +0800] "GET /xingrg/all/function/internal_message.html?_=1659755180561&CODE_STATE=count HTTP/1.1" 200 11
114.84.2.83 - - [06/Aug/2022:11:06:24 +0800] "GET /xingrg/check_reg.html?_=1659755180562 HTTP/1.1" 200 22
116.235.94.65 - - [06/Aug/2022:11:06:25 +0800] "GET /xingrg/all/function/internal_message.html?_=1659755372449&CODE_STATE=getMsg HTTP/1.1" 200 27
114.84.2.83 - - [06/Aug/2022:11:06:26 +0800] "GET /xingrg/kc/buy/buy_main.html HTTP/1.1" 200 12412
114.84.2.83 - - [06/Aug/2022:11:06:26 +0800] "GET /xingrg/css/new_ie.css HTTP/1.1" 404 1036
114.84.2.83 - - [06/Aug/2022:11:06:27 +0800] "GET /xingrg/images/yd/bt.gif HTTP/1.1" 404 1040
114.84.2.83 - - [06/Aug/2022:11:06:27 +0800] "GET /xingrg/kc/buy/cgsh_order_list.html HTTP/1.1" 200 52503
114.84.2.83 - - [06/Aug/2022:11:06:30 +0800] "POST /xingrg/kc/buy/cgsh_list_operate.html HTTP/1.1" 200 2682
218.81.223.53 - - [06/Aug/2022:11:06:30 +0800] "GET /xingrg/all/function/internal_message.html?_=1659755212205&CODE_STATE=getMsg HTTP/1.1" 200 27
222.69.129.110 - - [06/Aug/2022:11:06:30 +0800] "GET /xingrg/check_reg.html?_=1659755249841 HTTP/1.1" 200 22
222.69.129.110 - - [06/Aug/2022:11:06:30 +0800] "GET /xingrg/all/function/internal_message.html?_=1659755249844&CODE_STATE=getMsg HTTP/1.1" 200 27
114.84.2.83 - - [06/Aug/2022:11:06:33 +0800] "POST /xingrg/kc/buy/cgsh_list_operate.html HTTP/1.1" 200 565
114.83.222.234 - - [06/Aug/2022:11:06:33 +0800] "GET /xingrg/all/function/internal_message.html?_=1659755192875&CODE_STATE=getMsg HTTP/1.1" 200 27
116.224.123.211 - - [06/Aug/2022:11:06:33 +0800] "GET /xingrg/kc/buy/cgsh_order_operate.html?command=get_materiel&rest_code=00102&code=00101015017&supplier_code=00100054&order_time=2022-08-06 HTTP/1.1" 200 412
114.84.2.83 - - [06/Aug/2022:11:06:34 +0800] "GET /xingrg/kc/buy/cgsh_order_info.html?code=212022080601614 HTTP/1.1" 200 68252
114.84.2.83 - - [06/Aug/2022:11:06:34 +0800] "GET /xingrg/words/20220805141303_words.js HTTP/1.1" 304 -
114.84.2.83 - - [06/Aug/2022:11:06:34 +0800] "GET /xingrg/all/common/auto_word.html?type=employee&rest_code=00111 HTTP/1.1" 200 155
114.84.2.83 - - [06/Aug/2022:11:06:34 +0800] "GET /xingrg/javascript/easyui/themes/default/validatebox.css HTTP/1.1" 404 1104
114.84.2.83 - - [06/Aug/2022:11:06:34 +0800] "GET /xingrg/all/common/auto_word.html?type=employee&rest_code=00111 HTTP/1.1" 200 155
114.84.2.83 - - [06/Aug/2022:11:06:35 +0800] "POST /xingrg/kc/buy/cgsh_order_operate.html HTTP/1.1" 200 7367
180.169.147.146 - - [06/Aug/2022:11:06:35 +0800] "GET /xingrg/all/function/internal_message.html?_=1659755197720&CODE_STATE=getMsg HTTP/1.1" 200 27
101.80.228.36 - - [06/Aug/2022:11:06:36 +0800] "GET /xingrg/all/function/internal_message.html?_=1659755194039&CODE_STATE=getMsg HTTP/1.1" 200 27
114.86.187.244 - - [06/Aug/2022:11:06:41 +0800] "GET /xingrg/all/function/internal_message.html?_=1659755212698&CODE_STATE=getMsg HTTP/1.1" 200 27
114.84.2.83 - - [06/Aug/2022:11:06:42 +0800] "GET /xingrg/javascript/auto/indicator.gif HTTP/1.1" 404 1066
101.85.120.95 - - [06/Aug/2022:11:06:42 +0800] "GET /xingrg/all/function/internal_message.html?_=1659755201051&CODE_STATE=getMsg HTTP/1.1" 200 27
101.85.120.95 - - [06/Aug/2022:11:06:42 +0800] "GET /xingrg/check_reg.html?_=1659755201060 HTTP/1.1" 200 22
114.84.2.83 - - [06/Aug/2022:11:06:44 +0800] "GET /xingrg/kc/buy/cgsh_order_operate.html?command=get_materiel&rest_code=00111&code=00101019382&supplier_code=00100037&order_time=2022-08-06 HTTP/1.1" 200 412
114.83.222.234 - - [06/Aug/2022:11:06:44 +0800] "GET /xingrg/kc/buy/cgsh_order_operate.html?command=get_materiel&rest_code=00149&code=00101003035&supplier_code=00100039&order_time=2022-08-06 HTTP/1.1" 200 411
116.224.123.211 - - [06/Aug/2022:11:06:45 +0800] "GET /xingrg/kc/buy/cgsh_order_operate.html?command=get_materiel&rest_code=00102&code=00101015037&supplier_code=00100054&order_time=2022-08-06 HTTP/1.1" 200 412
114.84.2.83 - - [06/Aug/2022:11:06:52 +0800] "GET /xingrg/kc/buy/cgsh_order_operate.html?command=get_materiel&rest_code=00111&code=00101007081&supplier_code=00100037&order_time=2022-08-06 HTTP/1.1" 200 413
116.232.51.90 - - [06/Aug/2022:11:06:52 +0800] "GET /xingrg/check_reg.html?_=1659755212897 HTTP/1.1" 200 22
180.169.147.146 - - [06/Aug/2022:11:06:53 +0800] "GET /xingrg/all/function/internal_message.html?_=1659755332882&CODE_STATE=getMsg HTTP/1.1" 200 27
116.224.255.128 - - [06/Aug/2022:11:06:54 +0800] "GET /xingrg/check_reg.html?_=1659755160651 HTTP/1.1" 200 22
116.224.123.211 - - [06/Aug/2022:11:06:54 +0800] "GET /xingrg/kc/buy/cgsh_order_operate.html?command=get_materiel&rest_code=00102&code=00101015059&supplier_code=00100054&order_time=2022-08-06 HTTP/1.1" 200 412
116.224.255.128 - - [06/Aug/2022:11:06:56 +0800] "GET /xingrg/all/function/internal_message.html?_=1659755162979&CODE_STATE=getMsg HTTP/1.1" 200 27
114.83.222.234 - - [06/Aug/2022:11:06:56 +0800] "GET /xingrg/kc/buy/cgsh_order_operate.html?command=get_materiel&rest_code=00149&code=00101002027&supplier_code=00100039&order_time=2022-08-06 HTTP/1.1" 200 415
116.224.123.211 - - [06/Aug/2022:11:06:58 +0800] "GET /xingrg/all/function/internal_message.html?_=1659755216334&CODE_STATE=getMsg HTTP/1.1" 200 27
116.224.123.211 - - [06/Aug/2022:11:06:58 +0800] "GET /xingrg/check_reg.html?_=1659755216339 HTTP/1.1" 200 22
58.39.169.63 - - [06/Aug/2022:11:07:00 +0800] "GET /xingrg/kc/buy/cgsh_order_add.html HTTP/1.1" 200 68367
58.39.169.63 - - [06/Aug/2022:11:07:00 +0800] "POST /xingrg/kc/buy/cgsh_order_operate.html HTTP/1.1" 200 8245
58.39.169.63 - - [06/Aug/2022:11:07:00 +0800] "GET /xingrg/javascript/easyui/themes/default/validatebox.css HTTP/1.1" 404 1104
218.81.223.53 - - [06/Aug/2022:11:07:01 +0800] "GET /xingrg/kc/buy/cgsh_order_operate.html?command=get_materiel&rest_code=00146&code=00101006229&supplier_code=00100012&order_time=2022-08-06 HTTP/1.1" 200 426
116.224.123.211 - - [06/Aug/2022:11:07:01 +0800] "GET /xingrg/kc/buy/cgsh_order_operate.html?command=get_materiel&rest_code=00102&code=00101015061&supplier_code=00100054&order_time=2022-08-06 HTTP/1.1" 200 412
58.37.7.214 - - [06/Aug/2022:11:07:04 +0800] "GET /xingrg/kc/buy/cgsh_order_add.html HTTP/1.1" 200 68279
58.37.7.214 - - [06/Aug/2022:11:07:04 +0800] "POST /xingrg/kc/buy/cgsh_order_operate.html HTTP/1.1" 200 8245
58.37.7.214 - - [06/Aug/2022:11:07:04 +0800] "GET /xingrg/javascript/easyui/themes/default/validatebox.css HTTP/1.1" 404 1104
116.224.255.128 - - [06/Aug/2022:11:07:04 +0800] "GET /xingrg/all/function/internal_message.html?_=1659755222783&CODE_STATE=getMsg HTTP/1.1" 200 27
116.232.51.90 - - [06/Aug/2022:11:07:05 +0800] "GET /xingrg/all/function/internal_message.html?_=1659755225335&CODE_STATE=getMsg HTTP/1.1" 200 27
58.37.7.214 - - [06/Aug/2022:11:07:06 +0800] "GET /xingrg/javascript/easyui/themes/default/tree.css HTTP/1.1" 404 1090
58.37.7.214 - - [06/Aug/2022:11:07:06 +0800] "POST /xingrg/all/common/load_tree.html?tree=supplier_tree_json&isDelete=1 HTTP/1.1" 200 67662
58.39.169.63 - - [06/Aug/2022:11:07:06 +0800] "GET /xingrg/all/function/internal_message.html?_=1659755227664&CODE_STATE=getMsg HTTP/1.1" 200 27
58.39.169.63 - - [06/Aug/2022:11:07:06 +0800] "GET /xingrg/check_reg.html?_=1659755227667 HTTP/1.1" 200 22
114.84.2.83 - - [06/Aug/2022:11:07:10 +0800] "GET /xingrg/kc/buy/cgsh_order_operate.html?command=get_materiel&rest_code=00111&code=00101011005&supplier_code=00100037&order_time=2022-08-06 HTTP/1.1" 200 408
58.37.7.214 - - [06/Aug/2022:11:07:10 +0800] "GET /xingrg/all/function/internal_message.html?_=1659755230588&CODE_STATE=getMsg HTTP/1.1" 200 27
116.224.123.211 - - [06/Aug/2022:11:07:10 +0800] "GET /xingrg/kc/buy/cgsh_order_operate.html?command=get_materiel&rest_code=00102&code=00101015040&supplier_code=00100054&order_time=2022-08-06 HTTP/1.1" 200 408
58.39.169.63 - - [06/Aug/2022:11:07:11 +0800] "GET /xingrg/all/function/internal_message.html?_=1659755106992&CODE_STATE=getMsg HTTP/1.1" 200 27
180.169.147.146 - - [06/Aug/2022:11:07:12 +0800] "GET /xingrg/all/function/internal_message.html?_=1659755227182&CODE_STATE=getMsg HTTP/1.1" 200 27
58.39.169.63 - - [06/Aug/2022:11:07:14 +0800] "GET /xingrg/kc/buy/cgsh_order_operate.html?command=get_materiel&rest_code=00105&code=00101009001&supplier_code=00100024&order_time=2022-08-06 HTTP/1.1" 200 416
116.224.123.211 - - [06/Aug/2022:11:07:19 +0800] "POST /xingrg/kc/buy/cgsh_order_operate.html HTTP/1.1" 200 37
116.232.194.65 - - [06/Aug/2022:11:07:19 +0800] "GET /xingrg/all/function/internal_message.html?_=1659755234293&CODE_STATE=getMsg HTTP/1.1" 200 27
180.169.147.146 - - [06/Aug/2022:11:07:21 +0800] "GET /xingrg/kc/base/base_main.html HTTP/1.1" 200 12142
116.224.123.211 - - [06/Aug/2022:11:07:21 +0800] "GET /xingrg/all/function/internal_message.html?_=1659755241296&CODE_STATE=getMsg HTTP/1.1" 200 27
58.37.7.214 - - [06/Aug/2022:11:07:22 +0800] "GET /xingrg/javascript/auto/indicator.gif HTTP/1.1" 404 1066
116.224.123.211 - - [06/Aug/2022:11:07:23 +0800] "POST /xingrg/kc/buy/cgsh_order_operate.html HTTP/1.1" 200 12
180.169.147.146 - - [06/Aug/2022:11:07:24 +0800] "GET /xingrg/kc/base/yddb_order_list.html HTTP/1.1" 200 16748
114.84.2.83 - - [06/Aug/2022:11:07:24 +0800] "GET /xingrg/all/function/internal_message.html?_=1659755240567&CODE_STATE=getMsg HTTP/1.1" 200 27
180.169.147.146 - - [06/Aug/2022:11:07:24 +0800] "POST /xingrg/kc/base/yddb_list_operate.html HTTP/1.1" 200 636
116.235.94.65 - - [06/Aug/2022:11:07:25 +0800] "GET /xingrg/all/function/internal_message.html?_=1659755432437&CODE_STATE=getMsg HTTP/1.1" 200 27
116.224.123.211 - - [06/Aug/2022:11:07:25 +0800] "GET /xingrg/kc/buy/cgsh_order_info.html?code=212022080601654 HTTP/1.1" 200 63219
116.224.123.211 - - [06/Aug/2022:11:07:26 +0800] "GET /xingrg/javascript/easyui/themes/default/validatebox.css HTTP/1.1" 404 1104
116.224.123.211 - - [06/Aug/2022:11:07:26 +0800] "POST /xingrg/kc/buy/cgsh_order_operate.html HTTP/1.1" 200 2958
180.169.147.146 - - [06/Aug/2022:11:07:28 +0800] "POST /xingrg/kc/base/yddb_list_operate.html HTTP/1.1" 200 4325
116.224.123.211 - - [06/Aug/2022:11:07:28 +0800] "GET /xingrg/kc/print/load_data.html?order_code=212022080601654&kc_code=cgsh&condition= HTTP/1.1" 200 1569
58.39.169.63 - - [06/Aug/2022:11:07:29 +0800] "GET /xingrg/kc/buy/cgsh_order_operate.html?command=get_materiel&rest_code=00105&code=00101009062&supplier_code=00100024&order_time=2022-08-06 HTTP/1.1" 200 412
58.37.7.214 - - [06/Aug/2022:11:07:30 +0800] "GET /xingrg/kc/buy/cgsh_order_operate.html?command=get_materiel&rest_code=00106&code=00101001016&supplier_code=00100313&order_time=2022-08-06 HTTP/1.1" 200 413
222.69.129.110 - - [06/Aug/2022:11:07:30 +0800] "GET /xingrg/all/function/internal_message.html?_=1659755309836&CODE_STATE=getMsg HTTP/1.1" 200 27
218.81.223.53 - - [06/Aug/2022:11:07:30 +0800] "GET /xingrg/all/function/internal_message.html?_=1659755272396&CODE_STATE=getMsg HTTP/1.1" 200 27
114.83.222.234 - - [06/Aug/2022:11:07:33 +0800] "GET /xingrg/all/function/internal_message.html?_=1659755252882&CODE_STATE=getMsg HTTP/1.1" 200 27
114.83.222.234 - - [06/Aug/2022:11:07:34 +0800] "GET /xingrg/kc/buy/cgsh_order_operate.html?command=get_materiel&rest_code=00149&code=00101005037&supplier_code=00100039&order_time=2022-08-06 HTTP/1.1" 200 409
180.169.147.146 - - [06/Aug/2022:11:07:35 +0800] "GET /xingrg/check_reg.html?_=1659755257729 HTTP/1.1" 200 22
180.169.147.146 - - [06/Aug/2022:11:07:35 +0800] "GET /xingrg/all/function/internal_message.html?_=1659755257731&CODE_STATE=getMsg HTTP/1.1" 200 27
58.39.169.63 - - [06/Aug/2022:11:07:36 +0800] "GET /xingrg/kc/buy/cgsh_order_operate.html?command=get_materiel&rest_code=00105&code=00101009010&supplier_code=00100024&order_time=2022-08-06 HTTP/1.1" 200 412
101.80.228.36 - - [06/Aug/2022:11:07:36 +0800] "GET /xingrg/all/function/internal_message.html?_=1659755254040&CODE_STATE=getMsg HTTP/1.1" 200 27
114.86.187.244 - - [06/Aug/2022:11:07:41 +0800] "GET /xingrg/all/function/internal_message.html?_=1659755272682&CODE_STATE=getMsg HTTP/1.1" 200 27
101.85.120.95 - - [06/Aug/2022:11:07:42 +0800] "GET /xingrg/all/function/internal_message.html?_=1659755261043&CODE_STATE=getMsg HTTP/1.1" 200 27
114.83.222.234 - - [06/Aug/2022:11:07:42 +0800] "GET /xingrg/kc/buy/cgsh_order_operate.html?command=get_materiel&rest_code=00149&code=00101001010&supplier_code=00100039&order_time=2022-08-06 HTTP/1.1" 200 409
114.84.2.83 - - [06/Aug/2022:11:07:50 +0800] "GET /xingrg/kc/buy/cgsh_order_operate.html?command=get_materiel&rest_code=00111&code=00101007125&supplier_code=00100037&order_time=2022-08-06 HTTP/1.1" 200 406
180.169.147.146 - - [06/Aug/2022:11:07:53 +0800] "GET /xingrg/all/function/internal_message.html?_=1659755392874&CODE_STATE=getMsg HTTP/1.1" 200 27
116.224.255.128 - - [06/Aug/2022:11:07:56 +0800] "GET /xingrg/all/function/internal_message.html?_=1659755222993&CODE_STATE=getMsg HTTP/1.1" 200 27
114.83.222.234 - - [06/Aug/2022:11:07:56 +0800] "POST /xingrg/kc/buy/cgsh_order_operate.html HTTP/1.1" 200 37
116.224.123.211 - - [06/Aug/2022:11:07:58 +0800] "GET /xingrg/all/function/internal_message.html?_=1659755276330&CODE_STATE=getMsg HTTP/1.1" 200 27
58.37.7.214 - - [06/Aug/2022:11:07:58 +0800] "GET /xingrg/kc/buy/cgsh_order_operate.html?command=get_materiel&rest_code=00106&code=00101001033&supplier_code=00100313&order_time=2022-08-06 HTTP/1.1" 200 417
218.81.223.53 - - [06/Aug/2022:11:07:58 +0800] "GET /xingrg/kc/buy/cgsh_order_operate.html?command=get_materiel&rest_code=00146&code=00101006127&supplier_code=00100012&order_time=2022-08-06 HTTP/1.1" 200 423
120.253.135.82 - - [06/Aug/2022:11:07:59 +0800] "GET /xingrg/login.html HTTP/1.1" 200 7641
180.169.147.146 - - [06/Aug/2022:11:08:00 +0800] "POST /xingrg/kc/buy/cgsh_list_operate.html HTTP/1.1" 200 4
120.253.135.82 - - [06/Aug/2022:11:08:00 +0800] "GET /xingrg/images/blue/jxLogo.png HTTP/1.1" 200 6156
120.253.135.82 - - [06/Aug/2022:11:08:00 +0800] "GET /xingrg/images/blue/hj.png HTTP/1.1" 200 1014
120.253.135.82 - - [06/Aug/2022:11:08:00 +0800] "GET /xingrg/images/blue/login_bg.png HTTP/1.1" 200 22101
120.253.135.82 - - [06/Aug/2022:11:08:00 +0800] "GET /xingrg/images/blue/srbg.png HTTP/1.1" 200 138
120.253.135.82 - - [06/Aug/2022:11:08:00 +0800] "GET /favicon.ico HTTP/1.1" 404 -
114.84.2.83 - - [06/Aug/2022:11:08:02 +0800] "GET /xingrg/kc/buy/cgsh_order_operate.html?command=get_materiel&rest_code=00111&code=00101011004&supplier_code=00100037&order_time=2022-08-06 HTTP/1.1" 200 412
114.83.222.234 - - [06/Aug/2022:11:08:04 +0800] "POST /xingrg/kc/buy/cgsh_order_operate.html HTTP/1.1" 200 12
120.253.135.82 - - [06/Aug/2022:11:08:04 +0800] "POST /xingrg/login.do HTTP/1.1" 302 -
120.253.135.82 - - [06/Aug/2022:11:08:04 +0800] "GET /xingrg/index.html?sysBaseUrl=http%3A%2F%2F180.169.147.146%3A18081%2Fxingrg%2F&costTime=44×tamp=1659755284156 HTTP/1.1" 200 17173
120.253.135.82 - - [06/Aug/2022:11:08:04 +0800] "GET /xingrg/javascript/jquery_easy_ui/themes/icon.css HTTP/1.1" 200 3949
120.253.135.82 - - [06/Aug/2022:11:08:04 +0800] "GET /xingrg/javascript/jquery.utils.js HTTP/1.1" 200 11805
120.253.135.82 - - [06/Aug/2022:11:08:04 +0800] "GET /xingrg/javascript/jquery.form.js HTTP/1.1" 200 23110
120.253.135.82 - - [06/Aug/2022:11:08:04 +0800] "GET /xingrg/javascript/jquery_easy_ui/themes/default/easyui.css HTTP/1.1" 200 26500
120.253.135.82 - - [06/Aug/2022:11:08:04 +0800] "GET /xingrg/css/form.css HTTP/1.1" 200 893
120.253.135.82 - - [06/Aug/2022:11:08:04 +0800] "GET /xingrg/javascript/jquery-1.4.2.min.js HTTP/1.1" 200 72205
120.253.135.82 - - [06/Aug/2022:11:08:04 +0800] "GET /xingrg/javascript/jquery_easy_ui/jquery.easyui.min.js HTTP/1.1" 200 213662
120.253.135.82 - - [06/Aug/2022:11:08:04 +0800] "GET /xingrg/javascript/jquery_easy_ui/easyui-lang-zh_CN.js HTTP/1.1" 200 1900
120.253.135.82 - - [06/Aug/2022:11:08:04 +0800] "GET /favicon.ico HTTP/1.1" 404 -
120.253.135.82 - - [06/Aug/2022:11:08:04 +0800] "GET /xingrg/javascript/jquery.timers.js HTTP/1.1" 200 3532
120.253.135.82 - - [06/Aug/2022:11:08:04 +0800] "GET /xingrg/javascript/jquery_easy_ui/themes/icons/settle_new.png HTTP/1.1" 200 826
120.253.135.82 - - [06/Aug/2022:11:08:04 +0800] "GET /xingrg/images/blue/navBackgound.jpg HTTP/1.1" 200 12378
120.253.135.82 - - [06/Aug/2022:11:08:04 +0800] "GET /xingrg/images/blue/pingpu.png HTTP/1.1" 200 231
120.253.135.82 - - [06/Aug/2022:11:08:04 +0800] "GET /xingrg/javascript/jquery_easy_ui/themes/default/images/panel_tool_collapse.gif HTTP/1.1" 200 246
120.253.135.82 - - [06/Aug/2022:11:08:04 +0800] "GET /xingrg/javascript/jquery_easy_ui/themes/default/images/tabs_leftarrow.png HTTP/1.1" 200 389
120.253.135.82 - - [06/Aug/2022:11:08:04 +0800] "GET /xingrg/javascript/jquery_easy_ui/themes/default/images/tabs_rightarrow.png HTTP/1.1" 200 395
120.253.135.82 - - [06/Aug/2022:11:08:04 +0800] "POST /xingrg/all/common/load_tree.html?tree=area_rest_tree_json&manage=1 HTTP/1.1" 200 344
116.224.255.128 - - [06/Aug/2022:11:08:04 +0800] "GET /xingrg/all/function/internal_message.html?_=1659755282791&CODE_STATE=getMsg HTTP/1.1" 200 27
120.253.135.82 - - [06/Aug/2022:11:08:04 +0800] "GET /xingrg/check_reg.html?_=1659755091302 HTTP/1.1" 200 22
120.253.135.82 - - [06/Aug/2022:11:08:04 +0800] "GET /xingrg/all/function/internal_message.html?_=1659755091301&CODE_STATE=count HTTP/1.1" 200 11
120.253.135.82 - - [06/Aug/2022:11:08:04 +0800] "GET /xingrg/javascript/jquery_easy_ui/themes/default/images/tree_arrows.gif HTTP/1.1" 200 1043
120.253.135.82 - - [06/Aug/2022:11:08:05 +0800] "POST /xingrg/load_menu.html HTTP/1.1" 200 6743
120.253.135.82 - - [06/Aug/2022:11:08:05 +0800] "GET /xingrg/javascript/jquery_easy_ui/themes/default/images/tree_folder_open.gif HTTP/1.1" 200 956
120.253.135.82 - - [06/Aug/2022:11:08:05 +0800] "GET /xingrg/javascript/jquery_easy_ui/themes/icons/storage_new.png HTTP/1.1" 200 853
120.253.135.82 - - [06/Aug/2022:11:08:05 +0800] "GET /xingrg/javascript/jquery_easy_ui/themes/default/images/tree_file.gif HTTP/1.1" 200 118
120.253.135.82 - - [06/Aug/2022:11:08:05 +0800] "GET /xingrg/javascript/jquery_easy_ui/themes/icons/delivery_new.png HTTP/1.1" 200 700
120.253.135.82 - - [06/Aug/2022:11:08:05 +0800] "GET /xingrg/javascript/jquery_easy_ui/themes/icons/search_new.png HTTP/1.1" 200 586
120.253.135.82 - - [06/Aug/2022:11:08:05 +0800] "GET /xingrg/javascript/jquery_easy_ui/themes/icons/forms_new.png HTTP/1.1" 200 350
120.253.135.82 - - [06/Aug/2022:11:08:05 +0800] "GET /xingrg/javascript/jquery_easy_ui/themes/default/images/tree_folder.gif HTTP/1.1" 200 952
116.232.51.90 - - [06/Aug/2022:11:08:05 +0800] "GET /xingrg/all/function/internal_message.html?_=1659755285335&CODE_STATE=getMsg HTTP/1.1" 200 27
58.39.169.63 - - [06/Aug/2022:11:08:06 +0800] "GET /xingrg/kc/buy/buy_main.html HTTP/1.1" 200 12412
58.39.169.63 - - [06/Aug/2022:11:08:06 +0800] "GET /xingrg/css/new_ie.css HTTP/1.1" 404 1036
114.84.2.83 - - [06/Aug/2022:11:08:06 +0800] "POST /xingrg/kc/buy/cgsh_order_operate.html HTTP/1.1" 200 2065
58.39.169.63 - - [06/Aug/2022:11:08:06 +0800] "GET /xingrg/all/function/internal_message.html?_=1659755287671&CODE_STATE=getMsg HTTP/1.1" 200 27
58.39.169.63 - - [06/Aug/2022:11:08:07 +0800] "GET /xingrg/images/yd/bt.gif HTTP/1.1" 404 1040
58.39.169.63 - - [06/Aug/2022:11:08:07 +0800] "GET /xingrg/kc/buy/cgsh_order_list.html HTTP/1.1" 200 52503
120.253.135.82 - - [06/Aug/2022:11:08:09 +0800] "GET /xingrg/javascript/jquery_easy_ui/themes/default/images/tabs_close.gif HTTP/1.1" 200 829
120.253.135.82 - - [06/Aug/2022:11:08:09 +0800] "GET /xingrg/kc/pszx/mdqp_order_list.html?state=10 HTTP/1.1" 200 10651
120.253.135.82 - - [06/Aug/2022:11:08:10 +0800] "GET /xingrg/javascript/pic_change.js HTTP/1.1" 200 4739
120.253.135.82 - - [06/Aug/2022:11:08:10 +0800] "GET /xingrg/css/blue.css HTTP/1.1" 200 15949
120.253.135.82 - - [06/Aug/2022:11:08:10 +0800] "GET /xingrg/javascript/myfunction.js HTTP/1.1" 200 24559
120.253.135.82 - - [06/Aug/2022:11:08:10 +0800] "GET /xingrg/dwr/interface/AjaxReportQueryService.js HTTP/1.1" 200 13203
120.253.135.82 - - [06/Aug/2022:11:08:10 +0800] "GET /xingrg/dwr/interface/AjaxQqpsService.js HTTP/1.1" 200 16326
120.253.135.82 - - [06/Aug/2022:11:08:10 +0800] "GET /xingrg/javascript/Calendar.js HTTP/1.1" 200 31561
120.253.135.82 - - [06/Aug/2022:11:08:10 +0800] "GET /xingrg/dwr/util.js HTTP/1.1" 200 35990
120.253.135.82 - - [06/Aug/2022:11:08:10 +0800] "GET /xingrg/dwr/engine.js HTTP/1.1" 200 43631
120.253.135.82 - - [06/Aug/2022:11:08:10 +0800] "GET /xingrg/javascript/jquery_easy_ui/themes/icons/check_new.png HTTP/1.1" 200 3224
120.253.135.82 - - [06/Aug/2022:11:08:10 +0800] "GET /xingrg/javascript/jquery_easy_ui/themes/icons/back_new.png HTTP/1.1" 200 3414
120.253.135.82 - - [06/Aug/2022:11:08:10 +0800] "GET /xingrg/javascript/jquery_easy_ui/themes/icons/uncheck_new.png HTTP/1.1" 200 3197
58.37.7.214 - - [06/Aug/2022:11:08:10 +0800] "GET /xingrg/all/function/internal_message.html?_=1659755290559&CODE_STATE=getMsg HTTP/1.1" 200 27
58.39.169.63 - - [06/Aug/2022:11:08:10 +0800] "POST /xingrg/kc/buy/cgsh_list_operate.html HTTP/1.1" 200 2680
58.39.169.63 - - [06/Aug/2022:11:08:11 +0800] "GET /xingrg/all/function/internal_message.html?_=1659755167010&CODE_STATE=getMsg HTTP/1.1" 200 27
120.253.135.82 - - [06/Aug/2022:11:08:13 +0800] "GET /xingrg/kc/pszx/mdqp_order_info.html?code=302022080600094 HTTP/1.1" 200 13338
120.253.135.82 - - [06/Aug/2022:11:08:13 +0800] "GET /xingrg/javascript/auto/jquery.autocomplete.js HTTP/1.1" 200 21624
120.253.135.82 - - [06/Aug/2022:11:08:13 +0800] "GET /xingrg/dwr/interface/AjaxComOrderService.js HTTP/1.1" 200 18264
120.253.135.82 - - [06/Aug/2022:11:08:13 +0800] "GET /xingrg/dwr/interface/AjaxQqpsService.js HTTP/1.1" 200 16326
120.253.135.82 - - [06/Aug/2022:11:08:13 +0800] "GET /xingrg/javascript/Grid.js HTTP/1.1" 200 58908
120.253.135.82 - - [06/Aug/2022:11:08:13 +0800] "GET /xingrg/javascript/tools/jquery.qtip-1.0.0-rc3.min.js HTTP/1.1" 200 38404
120.253.135.82 - - [06/Aug/2022:11:08:13 +0800] "GET /xingrg/dwr/engine.js HTTP/1.1" 200 43631
120.253.135.82 - - [06/Aug/2022:11:08:13 +0800] "GET /xingrg/javascript/checkform.js HTTP/1.1" 200 18351
120.253.135.82 - - [06/Aug/2022:11:08:13 +0800] "GET /xingrg/javascript/print/kc_print.js HTTP/1.1" 200 11415
120.253.135.82 - - [06/Aug/2022:11:08:13 +0800] "GET /xingrg/javascript/AjaxInfoList.js HTTP/1.1" 200 3774
120.253.135.82 - - [06/Aug/2022:11:08:13 +0800] "GET /xingrg/javascript/ToolTips.js HTTP/1.1" 200 5615
120.253.135.82 - - [06/Aug/2022:11:08:13 +0800] "GET /xingrg/javascript/print/LodopFuncs.js HTTP/1.1" 200 5121
120.253.135.82 - - [06/Aug/2022:11:08:13 +0800] "GET /xingrg/javascript/jquery_easy_ui/themes/icons/print.png HTTP/1.1" 200 1057
120.253.135.82 - - [06/Aug/2022:11:08:13 +0800] "GET /xingrg/javascript/jquery_easy_ui/themes/default/images/menu_downarrow.png HTTP/1.1" 200 173
120.253.135.82 - - [06/Aug/2022:11:08:13 +0800] "GET /xingrg/images/blue/button/kc_tab_edit.gif HTTP/1.1" 200 551
120.253.135.82 - - [06/Aug/2022:11:08:13 +0800] "GET /xingrg/images/blue/button/kc_tab_save.gif HTTP/1.1" 200 777
120.253.135.82 - - [06/Aug/2022:11:08:13 +0800] "GET /xingrg/images/blue/kc_tab_left.gif HTTP/1.1" 200 188
120.253.135.82 - - [06/Aug/2022:11:08:13 +0800] "GET /xingrg/images/blue/kc_tab_mid.gif HTTP/1.1" 200 44
120.253.135.82 - - [06/Aug/2022:11:08:13 +0800] "GET /xingrg/images/blue/kc_tab_right.gif HTTP/1.1" 200 643
120.253.135.82 - - [06/Aug/2022:11:08:13 +0800] "GET /xingrg/images/blue/kc_tab2_right.gif HTTP/1.1" 200 192
120.253.135.82 - - [06/Aug/2022:11:08:13 +0800] "GET /xingrg/images/blue/kc_tab2_left.gif HTTP/1.1" 200 625
120.253.135.82 - - [06/Aug/2022:11:08:13 +0800] "GET /xingrg/javascript/jquery_easy_ui/themes/icons/manage.png HTTP/1.1" 200 696
120.253.135.82 - - [06/Aug/2022:11:08:13 +0800] "GET /xingrg/javascript/jquery_easy_ui/themes/icons/area.png HTTP/1.1" 200 262
120.253.135.82 - - [06/Aug/2022:11:08:13 +0800] "GET /xingrg/images/blue/wait.gif HTTP/1.1" 200 1100
120.253.135.82 - - [06/Aug/2022:11:08:13 +0800] "POST /xingrg/dwr/call/plaincall/AjaxQqpsService.loadMaterielItems.dwr HTTP/1.1" 200 369
120.253.135.82 - - [06/Aug/2022:11:08:15 +0800] "GET /xingrg/javascript/jquery_easy_ui/themes/default/images/button_plain_hover.png HTTP/1.1" 200 252
58.39.169.63 - - [06/Aug/2022:11:08:16 +0800] "GET /xingrg/kc/buy/cgsh_order_operate.html?command=get_materiel&rest_code=00105&code=00101009011&supplier_code=00100024&order_time=2022-08-06 HTTP/1.1" 200 416
120.253.135.82 - - [06/Aug/2022:11:08:16 +0800] "GET /xingrg/kc/pszx/mdqp_order_list.html?isBack=1 HTTP/1.1" 302 -
120.253.135.82 - - [06/Aug/2022:11:08:16 +0800] "GET /xingrg/kc/pszx/mdqp_order_list.html?state=10 HTTP/1.1" 200 10651
120.253.135.82 - - [06/Aug/2022:11:08:16 +0800] "GET /xingrg/dwr/interface/AjaxQqpsService.js HTTP/1.1" 200 16326
120.253.135.82 - - [06/Aug/2022:11:08:16 +0800] "GET /xingrg/dwr/interface/AjaxReportQueryService.js HTTP/1.1" 200 13203
120.253.135.82 - - [06/Aug/2022:11:08:16 +0800] "GET /xingrg/dwr/engine.js HTTP/1.1" 200 43631
114.83.222.234 - - [06/Aug/2022:11:08:17 +0800] "GET /xingrg/kc/buy/cgsh_order_info.html?code=212022080601655 HTTP/1.1" 200 63276
114.83.222.234 - - [06/Aug/2022:11:08:17 +0800] "GET /xingrg/javascript/easyui/themes/icons/edit_add_new.png HTTP/1.1" 200 2997
114.83.222.234 - - [06/Aug/2022:11:08:17 +0800] "GET /xingrg/javascript/easyui/themes/default/validatebox.css HTTP/1.1" 404 1104
58.37.7.214 - - [06/Aug/2022:11:08:17 +0800] "GET /xingrg/kc/buy/cgsh_order_operate.html?command=get_materiel&rest_code=00106&code=00101001096&supplier_code=00100313&order_time=2022-08-06 HTTP/1.1" 200 413
114.83.222.234 - - [06/Aug/2022:11:08:18 +0800] "POST /xingrg/kc/buy/cgsh_order_operate.html HTTP/1.1" 200 2990
116.232.194.65 - - [06/Aug/2022:11:08:19 +0800] "GET /xingrg/all/function/internal_message.html?_=1659755294275&CODE_STATE=getMsg HTTP/1.1" 200 27
114.84.2.83 - - [06/Aug/2022:11:08:21 +0800] "POST /xingrg/kc/buy/cgsh_order_operate.html HTTP/1.1" 200 37
116.224.123.211 - - [06/Aug/2022:11:08:21 +0800] "GET /xingrg/all/function/internal_message.html?_=1659755301291&CODE_STATE=getMsg HTTP/1.1" 200 27
114.84.2.83 - - [06/Aug/2022:11:08:23 +0800] "POST /xingrg/kc/buy/cgsh_order_operate.html HTTP/1.1" 200 9750
218.81.223.53 - - [06/Aug/2022:11:08:24 +0800] "GET /xingrg/kc/buy/cgsh_order_operate.html?command=get_materiel&rest_code=00146&code=00101006065&supplier_code=00100012&order_time=2022-08-06 HTTP/1.1" 200 409
120.253.135.82 - - [06/Aug/2022:11:08:24 +0800] "GET /xingrg/kc/pszx/mdps_order_list.html?orderType=0 HTTP/1.1" 200 21007
120.253.135.82 - - [06/Aug/2022:11:08:24 +0800] "GET /xingrg/css/base.css HTTP/1.1" 200 2811
120.253.135.82 - - [06/Aug/2022:11:08:24 +0800] "GET /xingrg/javascript/jquery_tools/datebox.css HTTP/1.1" 200 2597
120.253.135.82 - - [06/Aug/2022:11:08:24 +0800] "GET /xingrg/javascript/easyui/themes/icon.css HTTP/1.1" 200 4483
120.253.135.82 - - [06/Aug/2022:11:08:24 +0800] "GET /xingrg/css/site.css HTTP/1.1" 200 7541
120.253.135.82 - - [06/Aug/2022:11:08:24 +0800] "GET /xingrg/javascript/auto/jquery.autocomplete.css HTTP/1.1" 200 587
120.253.135.82 - - [06/Aug/2022:11:08:24 +0800] "GET /xingrg/javascript/jquery_tools/fix.css HTTP/1.1" 200 1702
120.253.135.82 - - [06/Aug/2022:11:08:24 +0800] "GET /xingrg/javascript/jquery_tools/jquery.tools.hotkey.js HTTP/1.1" 200 3242
120.253.135.82 - - [06/Aug/2022:11:08:24 +0800] "GET /xingrg/javascript/jquery_tools/jquery.tools.table.js HTTP/1.1" 200 6994
120.253.135.82 - - [06/Aug/2022:11:08:24 +0800] "GET /xingrg/javascript/jquery_tools/list_manager.js HTTP/1.1" 200 3652
120.253.135.82 - - [06/Aug/2022:11:08:24 +0800] "GET /xingrg/javascript/jquery.cookie.js HTTP/1.1" 200 5513
120.253.135.82 - - [06/Aug/2022:11:08:24 +0800] "GET /xingrg/javascript/easyui/easyloader.js HTTP/1.1" 200 5975
120.253.135.82 - - [06/Aug/2022:11:08:24 +0800] "GET /xingrg/javascript/jquery_tools/jquery.tools.extend.js HTTP/1.1" 200 15385
120.253.135.82 - - [06/Aug/2022:11:08:24 +0800] "GET /xingrg/javascript/easyui/themes/default/easyui.css HTTP/1.1" 200 30432
120.253.135.82 - - [06/Aug/2022:11:08:24 +0800] "GET /xingrg/javascript/jquery_tools/table.css HTTP/1.1" 200 1032
120.253.135.82 - - [06/Aug/2022:11:08:24 +0800] "GET /xingrg/javascript/jquery_tools/jquery.tools.min.js HTTP/1.1" 200 138801
114.84.2.83 - - [06/Aug/2022:11:08:24 +0800] "GET /xingrg/kc/print/load_config.html?kc_code=cgsh HTTP/1.1" 200 1943
114.84.2.83 - - [06/Aug/2022:11:08:24 +0800] "GET /xingrg/all/function/internal_message.html?_=1659755300575&CODE_STATE=getMsg HTTP/1.1" 200 27
120.253.135.82 - - [06/Aug/2022:11:08:24 +0800] "GET /xingrg/javascript/easyui/themes/icons/edit_add_new.png HTTP/1.1" 200 2997
120.253.135.82 - - [06/Aug/2022:11:08:24 +0800] "GET /xingrg/javascript/easyui/themes/icons/cance_new.png HTTP/1.1" 200 3986
114.84.2.83 - - [06/Aug/2022:11:08:24 +0800] "GET /xingrg/kc/print/load_data.html?order_code=212022080601614&kc_code=cgsh&condition= HTTP/1.1" 200 3390
120.253.135.82 - - [06/Aug/2022:11:08:24 +0800] "GET /xingrg/javascript/easyui/themes/icons/uncheck_new.png HTTP/1.1" 200 3197
120.253.135.82 - - [06/Aug/2022:11:08:24 +0800] "GET /xingrg/javascript/easyui/themes/icons/check_new.png HTTP/1.1" 200 3224
120.253.135.82 - - [06/Aug/2022:11:08:24 +0800] "GET /xingrg/javascript/easyui/themes/icons/field_new.png HTTP/1.1" 200 1097
120.253.135.82 - - [06/Aug/2022:11:08:24 +0800] "GET /xingrg/javascript/easyui/themes/icons/import_new.png HTTP/1.1" 200 1247
120.253.135.82 - - [06/Aug/2022:11:08:24 +0800] "GET /xingrg/images/control/ajaxLoader.gif HTTP/1.1" 200 4659
120.253.135.82 - - [06/Aug/2022:11:08:24 +0800] "GET /xingrg/javascript/easyui/plugins/jquery.parser.js HTTP/1.1" 200 1142
120.253.135.82 - - [06/Aug/2022:11:08:25 +0800] "POST /xingrg/kc/pszx/mdps_list_operate.html HTTP/1.1" 200 5249
116.235.94.65 - - [06/Aug/2022:11:08:25 +0800] "GET /xingrg/all/function/internal_message.html?_=1659755492438&CODE_STATE=getMsg HTTP/1.1" 200 27
116.235.94.65 - - [06/Aug/2022:11:08:25 +0800] "GET /xingrg/check_reg.html?_=1659755492440 HTTP/1.1" 200 22
58.37.7.214 - - [06/Aug/2022:11:08:25 +0800] "POST /xingrg/services/DataTransmitService HTTP/1.1" 200 524
114.83.222.234 - - [06/Aug/2022:11:08:26 +0800] "GET /xingrg/kc/print/load_data.html?order_code=212022080601655&kc_code=cgsh&condition= HTTP/1.1" 200 1641
120.253.135.82 - - [06/Aug/2022:11:08:26 +0800] "GET /xingrg/javascript/auto/indicator.gif HTTP/1.1" 404 1066
58.37.7.214 - - [06/Aug/2022:11:08:27 +0800] "POST /xingrg/services/DataTransmitService HTTP/1.1" 200 412
222.69.129.110 - - [06/Aug/2022:11:08:30 +0800] "GET /xingrg/all/function/internal_message.html?_=1659755369845&CODE_STATE=getMsg HTTP/1.1" 200 27
218.81.223.53 - - [06/Aug/2022:11:08:30 +0800] "GET /xingrg/all/function/internal_message.html?_=1659755332404&CODE_STATE=getMsg HTTP/1.1" 200 27
58.39.169.63 - - [06/Aug/2022:11:08:32 +0800] "GET /xingrg/kc/buy/cgsh_order_operate.html?command=get_materiel&rest_code=00105&code=00101009016&supplier_code=00100024&order_time=2022-08-06 HTTP/1.1" 200 412
120.253.135.82 - - [06/Aug/2022:11:08:33 +0800] "POST /xingrg/kc/pszx/mdps_list_operate.html HTTP/1.1" 200 4950
114.83.222.234 - - [06/Aug/2022:11:08:33 +0800] "GET /xingrg/all/function/internal_message.html?_=1659755312889&CODE_STATE=getMsg HTTP/1.1" 200 27
114.83.222.234 - - [06/Aug/2022:11:08:33 +0800] "GET /xingrg/check_reg.html?_=1659755312891 HTTP/1.1" 200 22
58.37.7.214 - - [06/Aug/2022:11:08:34 +0800] "GET /xingrg/kc/buy/cgsh_order_operate.html?command=get_materiel&rest_code=00106&code=00101004038&supplier_code=00100313&order_time=2022-08-06 HTTP/1.1" 200 409
114.84.2.83 - - [06/Aug/2022:11:08:34 +0800] "GET /xingrg/kc/buy/cgsh_order_add.html HTTP/1.1" 200 68241
114.84.2.83 - - [06/Aug/2022:11:08:34 +0800] "POST /xingrg/kc/buy/cgsh_order_operate.html HTTP/1.1" 200 8245
114.84.2.83 - - [06/Aug/2022:11:08:35 +0800] "GET /xingrg/javascript/easyui/themes/default/validatebox.css HTTP/1.1" 404 1104
180.169.147.146 - - [06/Aug/2022:11:08:35 +0800] "GET /xingrg/all/function/internal_message.html?_=1659755317726&CODE_STATE=getMsg HTTP/1.1" 200 27
101.80.228.36 - - [06/Aug/2022:11:08:36 +0800] "GET /xingrg/check_reg.html?_=1659755314044 HTTP/1.1" 200 22
