116.232.194.65 - - [06/Aug/2022:09:02:21 +0800] "GET /xingrg/all/function/internal_message.html?_=1659747736325&CODE_STATE=getMsg HTTP/1.1" 200 27
116.224.123.211 - - [06/Aug/2022:09:02:22 +0800] "GET /xingrg/all/function/internal_message.html?_=1659747741900&CODE_STATE=getMsg HTTP/1.1" 200 27
116.224.255.128 - - [06/Aug/2022:09:02:27 +0800] "GET /xingrg/all/function/internal_message.html?_=1659747745992&CODE_STATE=getMsg HTTP/1.1" 200 27
218.81.223.53 - - [06/Aug/2022:09:02:27 +0800] "GET /xingrg/all/function/internal_message.html?_=1659747769141&CODE_STATE=getMsg HTTP/1.1" 200 27
114.84.2.83 - - [06/Aug/2022:09:02:28 +0800] "GET /xingrg/login.html HTTP/1.1" 200 7641
114.84.2.83 - - [06/Aug/2022:09:02:29 +0800] "GET /favicon.ico HTTP/1.1" 404 -
116.224.123.211 - - [06/Aug/2022:09:02:29 +0800] "GET /xingrg/kc/buy/cgsh_order_operate.html?command=get_materiel&rest_code=00102&code=00101002027&supplier_code=00100400&order_time=2022-08-06 HTTP/1.1" 200 413
114.83.222.234 - - [06/Aug/2022:09:02:34 +0800] "GET /xingrg/all/function/internal_message.html?_=1659747753684&CODE_STATE=getMsg HTTP/1.1" 200 27
114.84.2.83 - - [06/Aug/2022:09:02:35 +0800] "POST /xingrg/login.do HTTP/1.1" 302 -
114.84.2.83 - - [06/Aug/2022:09:02:35 +0800] "GET /xingrg/index.html?sysBaseUrl=http%3A%2F%2F180.169.147.146%3A18081%2Fxingrg%2F&costTime=47×tamp=1659747755332 HTTP/1.1" 200 17173
114.84.2.83 - - [06/Aug/2022:09:02:35 +0800] "GET /favicon.ico HTTP/1.1" 404 -
114.84.2.83 - - [06/Aug/2022:09:02:35 +0800] "POST /xingrg/all/common/load_tree.html?tree=area_rest_tree_json&manage=1 HTTP/1.1" 200 342
114.84.2.83 - - [06/Aug/2022:09:02:35 +0800] "GET /xingrg/all/function/internal_message.html?_=1659747751534&CODE_STATE=count HTTP/1.1" 200 11
114.84.2.83 - - [06/Aug/2022:09:02:35 +0800] "POST /xingrg/load_menu.html HTTP/1.1" 200 5138
114.84.2.83 - - [06/Aug/2022:09:02:35 +0800] "GET /xingrg/check_reg.html?_=1659747751535 HTTP/1.1" 200 22
114.84.2.83 - - [06/Aug/2022:09:02:39 +0800] "GET /xingrg/kc/buy/buy_main.html HTTP/1.1" 200 12412
114.84.2.83 - - [06/Aug/2022:09:02:39 +0800] "GET /xingrg/css/new_ie.css HTTP/1.1" 404 1036
114.84.2.83 - - [06/Aug/2022:09:02:39 +0800] "GET /xingrg/images/yd/bt.gif HTTP/1.1" 404 1040
114.84.2.83 - - [06/Aug/2022:09:02:40 +0800] "GET /xingrg/kc/buy/cgsh_order_list.html HTTP/1.1" 200 52503
114.84.2.83 - - [06/Aug/2022:09:02:42 +0800] "POST /xingrg/kc/buy/cgsh_list_operate.html HTTP/1.1" 200 693
101.85.120.95 - - [06/Aug/2022:09:02:42 +0800] "GET /xingrg/all/function/internal_message.html?_=1659747760971&CODE_STATE=getMsg HTTP/1.1" 200 27
116.224.255.128 - - [06/Aug/2022:09:02:53 +0800] "GET /xingrg/all/function/internal_message.html?_=1659747720031&CODE_STATE=getMsg HTTP/1.1" 200 27
114.84.2.83 - - [06/Aug/2022:09:02:53 +0800] "GET /xingrg/kc/buy/cgsh_order_add.html HTTP/1.1" 200 68241
114.84.2.83 - - [06/Aug/2022:09:02:53 +0800] "GET /xingrg/words/20220805141303_words.js HTTP/1.1" 304 -
114.84.2.83 - - [06/Aug/2022:09:02:54 +0800] "POST /xingrg/kc/buy/cgsh_order_operate.html HTTP/1.1" 200 8245
114.84.2.83 - - [06/Aug/2022:09:02:54 +0800] "GET /xingrg/all/common/auto_word.html?type=employee&rest_code=00111 HTTP/1.1" 200 155
114.84.2.83 - - [06/Aug/2022:09:02:54 +0800] "GET /xingrg/javascript/easyui/themes/default/validatebox.css HTTP/1.1" 404 1104
114.84.2.83 - - [06/Aug/2022:09:02:54 +0800] "GET /xingrg/all/common/auto_word.html?type=employee&rest_code=00111 HTTP/1.1" 200 155
58.39.169.63 - - [06/Aug/2022:09:02:55 +0800] "GET /xingrg/javascript/jquery_easy_ui/themes/default/images/tabs_active.png HTTP/1.1" 304 -
114.84.2.83 - - [06/Aug/2022:09:03:00 +0800] "GET /xingrg/javascript/auto/indicator.gif HTTP/1.1" 404 1066
114.84.2.83 - - [06/Aug/2022:09:03:03 +0800] "GET /xingrg/javascript/jquery_tools/images/prev.gif HTTP/1.1" 404 1086
114.84.2.83 - - [06/Aug/2022:09:03:03 +0800] "GET /xingrg/javascript/jquery_tools/images/next.gif HTTP/1.1" 404 1086
58.39.169.63 - - [06/Aug/2022:09:03:10 +0800] "GET /xingrg/all/function/internal_message.html?_=1659747666812&CODE_STATE=getMsg HTTP/1.1" 200 27
114.84.2.83 - - [06/Aug/2022:09:03:12 +0800] "GET /xingrg/kc/buy/cgsh_order_operate.html?command=get_materiel&rest_code=00111&code=00101006111&supplier_code=00100012&order_time=2022-08-06 HTTP/1.1" 200 409
116.232.194.65 - - [06/Aug/2022:09:03:21 +0800] "GET /xingrg/all/function/internal_message.html?_=1659747796311&CODE_STATE=getMsg HTTP/1.1" 200 27
116.224.123.211 - - [06/Aug/2022:09:03:22 +0800] "GET /xingrg/all/function/internal_message.html?_=1659747801891&CODE_STATE=getMsg HTTP/1.1" 200 27
116.224.255.128 - - [06/Aug/2022:09:03:27 +0800] "GET /xingrg/all/function/internal_message.html?_=1659747806002&CODE_STATE=getMsg HTTP/1.1" 200 27
218.81.223.53 - - [06/Aug/2022:09:03:27 +0800] "GET /xingrg/all/function/internal_message.html?_=1659747829146&CODE_STATE=getMsg HTTP/1.1" 200 27
114.84.2.83 - - [06/Aug/2022:09:03:31 +0800] "GET /xingrg/kc/buy/cgsh_order_operate.html?command=get_materiel&rest_code=00111&code=00101006057&supplier_code=00100012&order_time=2022-08-06 HTTP/1.1" 200 413
114.83.222.234 - - [06/Aug/2022:09:03:33 +0800] "GET /xingrg/check_reg.html?_=1659747812418 HTTP/1.1" 200 22
114.83.222.234 - - [06/Aug/2022:09:03:34 +0800] "GET /xingrg/all/function/internal_message.html?_=1659747813666&CODE_STATE=getMsg HTTP/1.1" 200 27
114.84.2.83 - - [06/Aug/2022:09:03:35 +0800] "GET /xingrg/all/function/internal_message.html?_=1659747811547&CODE_STATE=getMsg HTTP/1.1" 200 27
101.85.120.95 - - [06/Aug/2022:09:03:42 +0800] "GET /xingrg/all/function/internal_message.html?_=1659747820971&CODE_STATE=getMsg HTTP/1.1" 200 27
114.84.2.83 - - [06/Aug/2022:09:03:42 +0800] "GET /xingrg/kc/buy/cgsh_order_operate.html?command=get_materiel&rest_code=00111&code=00101006026&supplier_code=00100012&order_time=2022-08-06 HTTP/1.1" 200 409
116.224.255.128 - - [06/Aug/2022:09:03:53 +0800] "GET /xingrg/all/function/internal_message.html?_=1659747780044&CODE_STATE=getMsg HTTP/1.1" 200 27
114.84.2.83 - - [06/Aug/2022:09:04:03 +0800] "GET /xingrg/kc/buy/cgsh_order_operate.html?command=get_materiel&rest_code=00111&code=00101006025&supplier_code=00100012&order_time=2022-08-06 HTTP/1.1" 200 417
58.37.7.214 - - [06/Aug/2022:09:04:09 +0800] "GET /xingrg/login.html?r=1 HTTP/1.1" 200 7641
58.37.7.214 - - [06/Aug/2022:09:04:09 +0800] "GET /favicon.ico HTTP/1.1" 404 -
58.39.169.63 - - [06/Aug/2022:09:04:10 +0800] "GET /xingrg/all/function/internal_message.html?_=1659747726812&CODE_STATE=getMsg HTTP/1.1" 200 27
58.39.169.63 - - [06/Aug/2022:09:04:10 +0800] "GET /xingrg/check_reg.html?_=1659747726813 HTTP/1.1" 200 22
58.37.7.214 - - [06/Aug/2022:09:04:11 +0800] "POST /xingrg/login.do HTTP/1.1" 302 -
58.37.7.214 - - [06/Aug/2022:09:04:11 +0800] "GET /xingrg/index.html?sysBaseUrl=http%3A%2F%2F180.169.147.146%3A18081%2Fxingrg%2F&costTime=45×tamp=1659747851478 HTTP/1.1" 200 17173
58.37.7.214 - - [06/Aug/2022:09:04:11 +0800] "GET /favicon.ico HTTP/1.1" 404 -
58.37.7.214 - - [06/Aug/2022:09:04:11 +0800] "POST /xingrg/all/common/load_tree.html?tree=area_rest_tree_json&manage=1 HTTP/1.1" 200 342
58.37.7.214 - - [06/Aug/2022:09:04:11 +0800] "GET /xingrg/all/function/internal_message.html?_=1659747852201&CODE_STATE=count HTTP/1.1" 200 11
58.37.7.214 - - [06/Aug/2022:09:04:11 +0800] "GET /xingrg/check_reg.html?_=1659747852202 HTTP/1.1" 200 22
58.37.7.214 - - [06/Aug/2022:09:04:11 +0800] "POST /xingrg/load_menu.html HTTP/1.1" 200 5138
58.37.7.214 - - [06/Aug/2022:09:04:13 +0800] "GET /xingrg/kc/buy/buy_main.html HTTP/1.1" 200 12412
58.37.7.214 - - [06/Aug/2022:09:04:13 +0800] "GET /xingrg/css/new_ie.css HTTP/1.1" 404 1036
58.37.7.214 - - [06/Aug/2022:09:04:14 +0800] "GET /xingrg/images/yd/bt.gif HTTP/1.1" 404 1040
58.37.7.214 - - [06/Aug/2022:09:04:15 +0800] "GET /xingrg/kc/buy/cgsh_order_list.html HTTP/1.1" 200 52503
58.37.7.214 - - [06/Aug/2022:09:04:16 +0800] "POST /xingrg/kc/buy/cgsh_list_operate.html HTTP/1.1" 200 693
58.37.7.214 - - [06/Aug/2022:09:04:18 +0800] "GET /xingrg/kc/buy/cgsh_order_add.html HTTP/1.1" 200 68279
58.37.7.214 - - [06/Aug/2022:09:04:18 +0800] "GET /xingrg/words/20220805141303_words.js HTTP/1.1" 304 -
58.37.7.214 - - [06/Aug/2022:09:04:18 +0800] "POST /xingrg/kc/buy/cgsh_order_operate.html HTTP/1.1" 200 8245
58.37.7.214 - - [06/Aug/2022:09:04:18 +0800] "GET /xingrg/javascript/easyui/themes/default/validatebox.css HTTP/1.1" 404 1104
58.37.7.214 - - [06/Aug/2022:09:04:18 +0800] "GET /xingrg/all/common/auto_word.html?type=employee&rest_code=00106 HTTP/1.1" 200 205
58.37.7.214 - - [06/Aug/2022:09:04:18 +0800] "GET /xingrg/all/common/auto_word.html?type=employee&rest_code=00106 HTTP/1.1" 200 205
116.232.194.65 - - [06/Aug/2022:09:04:21 +0800] "GET /xingrg/all/function/internal_message.html?_=1659747856283&CODE_STATE=getMsg HTTP/1.1" 200 27
58.37.7.214 - - [06/Aug/2022:09:04:22 +0800] "GET /xingrg/javascript/easyui/themes/default/tree.css HTTP/1.1" 404 1090
58.37.7.214 - - [06/Aug/2022:09:04:22 +0800] "POST /xingrg/all/common/load_tree.html?tree=supplier_tree_json&isDelete=1 HTTP/1.1" 200 67662
116.224.123.211 - - [06/Aug/2022:09:04:22 +0800] "GET /xingrg/check_reg.html?_=1659747861911 HTTP/1.1" 200 22
116.224.123.211 - - [06/Aug/2022:09:04:22 +0800] "GET /xingrg/all/function/internal_message.html?_=1659747861910&CODE_STATE=getMsg HTTP/1.1" 200 27
218.81.223.53 - - [06/Aug/2022:09:04:26 +0800] "GET /xingrg/check_reg.html?_=1659747887497 HTTP/1.1" 200 22
114.84.2.83 - - [06/Aug/2022:09:04:27 +0800] "POST /xingrg/kc/buy/cgsh_order_operate.html HTTP/1.1" 200 37
116.224.255.128 - - [06/Aug/2022:09:04:27 +0800] "GET /xingrg/all/function/internal_message.html?_=1659747866001&CODE_STATE=getMsg HTTP/1.1" 200 27
218.81.223.53 - - [06/Aug/2022:09:04:27 +0800] "GET /xingrg/all/function/internal_message.html?_=1659747889159&CODE_STATE=getMsg HTTP/1.1" 200 27
116.224.123.211 - - [06/Aug/2022:09:04:28 +0800] "GET /xingrg/kc/buy/cgsh_order_operate.html?command=get_materiel&rest_code=00102&code=00101010161&supplier_code=00100400&order_time=2022-08-06 HTTP/1.1" 200 409
114.84.2.83 - - [06/Aug/2022:09:04:29 +0800] "POST /xingrg/kc/buy/cgsh_order_operate.html HTTP/1.1" 200 4437
114.84.2.83 - - [06/Aug/2022:09:04:31 +0800] "GET /xingrg/kc/buy/cgsh_order_add.html HTTP/1.1" 200 68241
114.84.2.83 - - [06/Aug/2022:09:04:31 +0800] "POST /xingrg/kc/buy/cgsh_order_operate.html HTTP/1.1" 200 8245
114.84.2.83 - - [06/Aug/2022:09:04:31 +0800] "GET /xingrg/javascript/easyui/themes/default/validatebox.css HTTP/1.1" 404 1104
58.37.7.214 - - [06/Aug/2022:09:04:32 +0800] "GET /xingrg/javascript/jquery_tools/images/prev.gif HTTP/1.1" 404 1086
58.37.7.214 - - [06/Aug/2022:09:04:32 +0800] "GET /xingrg/javascript/jquery_tools/images/next.gif HTTP/1.1" 404 1086
114.83.222.234 - - [06/Aug/2022:09:04:34 +0800] "GET /xingrg/all/function/internal_message.html?_=1659747873650&CODE_STATE=getMsg HTTP/1.1" 200 27
114.84.2.83 - - [06/Aug/2022:09:04:35 +0800] "GET /xingrg/all/function/internal_message.html?_=1659747871562&CODE_STATE=getMsg HTTP/1.1" 200 27
116.224.123.211 - - [06/Aug/2022:09:04:38 +0800] "GET /xingrg/kc/buy/cgsh_order_operate.html?command=get_materiel&rest_code=00102&code=00101005037&supplier_code=00100400&order_time=2022-08-06 HTTP/1.1" 200 409
114.84.2.83 - - [06/Aug/2022:09:04:41 +0800] "GET /xingrg/kc/buy/cgsh_order_operate.html?command=get_materiel&rest_code=00111&code=00101001111&supplier_code=00100042&order_time=2022-08-06 HTTP/1.1" 200 409
101.85.120.95 - - [06/Aug/2022:09:04:42 +0800] "GET /xingrg/all/function/internal_message.html?_=1659747880970&CODE_STATE=getMsg HTTP/1.1" 200 27
58.37.7.214 - - [06/Aug/2022:09:04:47 +0800] "GET /xingrg/javascript/auto/indicator.gif HTTP/1.1" 404 1066
116.224.255.128 - - [06/Aug/2022:09:04:53 +0800] "GET /xingrg/all/function/internal_message.html?_=1659747840102&CODE_STATE=getMsg HTTP/1.1" 200 27
114.84.2.83 - - [06/Aug/2022:09:04:56 +0800] "GET /xingrg/kc/buy/cgsh_order_operate.html?command=get_materiel&rest_code=00111&code=00101001060&supplier_code=00100042&order_time=2022-08-06 HTTP/1.1" 200 419
58.37.7.214 - - [06/Aug/2022:09:05:04 +0800] "GET /xingrg/kc/buy/cgsh_order_operate.html?command=get_materiel&rest_code=00106&code=00101031001&supplier_code=00100062&order_time=2022-08-05 HTTP/1.1" 200 419
114.84.2.83 - - [06/Aug/2022:09:05:07 +0800] "GET /xingrg/kc/buy/cgsh_order_operate.html?command=get_materiel&rest_code=00111&code=00101005037&supplier_code=00100042&order_time=2022-08-06 HTTP/1.1" 200 409
58.39.169.63 - - [06/Aug/2022:09:05:10 +0800] "GET /xingrg/all/function/internal_message.html?_=1659747786811&CODE_STATE=getMsg HTTP/1.1" 200 27
58.37.7.214 - - [06/Aug/2022:09:05:11 +0800] "GET /xingrg/all/function/internal_message.html?_=1659747912217&CODE_STATE=getMsg HTTP/1.1" 200 27
114.84.2.83 - - [06/Aug/2022:09:05:20 +0800] "GET /xingrg/kc/buy/cgsh_order_operate.html?command=get_materiel&rest_code=00111&code=00101010161&supplier_code=00100042&order_time=2022-08-06 HTTP/1.1" 200 411
116.232.194.65 - - [06/Aug/2022:09:05:21 +0800] "GET /xingrg/all/function/internal_message.html?_=1659747916256&CODE_STATE=getMsg HTTP/1.1" 200 27
116.224.123.211 - - [06/Aug/2022:09:05:22 +0800] "GET /xingrg/all/function/internal_message.html?_=1659747921924&CODE_STATE=getMsg HTTP/1.1" 200 27
58.37.7.214 - - [06/Aug/2022:09:05:24 +0800] "POST /xingrg/kc/buy/cgsh_order_operate.html HTTP/1.1" 200 37
116.224.255.128 - - [06/Aug/2022:09:05:27 +0800] "GET /xingrg/all/function/internal_message.html?_=1659747925999&CODE_STATE=getMsg HTTP/1.1" 200 27
218.81.223.53 - - [06/Aug/2022:09:05:27 +0800] "GET /xingrg/all/function/internal_message.html?_=1659747949172&CODE_STATE=getMsg HTTP/1.1" 200 27
58.37.7.214 - - [06/Aug/2022:09:05:28 +0800] "POST /xingrg/kc/buy/cgsh_order_operate.html HTTP/1.1" 200 12
58.37.7.214 - - [06/Aug/2022:09:05:29 +0800] "GET /xingrg/kc/buy/cgsh_order_info.html?code=212022080601609 HTTP/1.1" 200 63182
58.37.7.214 - - [06/Aug/2022:09:05:29 +0800] "GET /xingrg/javascript/easyui/themes/default/validatebox.css HTTP/1.1" 404 1104
58.37.7.214 - - [06/Aug/2022:09:05:29 +0800] "POST /xingrg/kc/buy/cgsh_order_operate.html HTTP/1.1" 200 612
114.84.2.83 - - [06/Aug/2022:09:05:32 +0800] "POST /xingrg/kc/buy/cgsh_order_operate.html HTTP/1.1" 200 37
58.37.7.214 - - [06/Aug/2022:09:05:32 +0800] "GET /xingrg/kc/print/load_config.html?kc_code=cgsh HTTP/1.1" 200 1943
58.37.7.214 - - [06/Aug/2022:09:05:32 +0800] "GET /xingrg/kc/print/load_data.html?order_code=212022080601609&kc_code=cgsh&condition= HTTP/1.1" 200 700
116.224.123.211 - - [06/Aug/2022:09:05:33 +0800] "GET /xingrg/kc/buy/cgsh_order_operate.html?command=get_materiel&rest_code=00102&code=00101004030&supplier_code=00100400&order_time=2022-08-06 HTTP/1.1" 200 409
114.84.2.83 - - [06/Aug/2022:09:05:34 +0800] "POST /xingrg/kc/buy/cgsh_order_operate.html HTTP/1.1" 200 4434
114.83.222.234 - - [06/Aug/2022:09:05:34 +0800] "GET /xingrg/all/function/internal_message.html?_=1659747933636&CODE_STATE=getMsg HTTP/1.1" 200 27
114.84.2.83 - - [06/Aug/2022:09:05:35 +0800] "GET /xingrg/kc/print/load_config.html?kc_code=cgsh HTTP/1.1" 200 1943
114.84.2.83 - - [06/Aug/2022:09:05:35 +0800] "GET /xingrg/kc/print/load_data.html?order_code=212022080601610&kc_code=cgsh&condition= HTTP/1.1" 200 1383
114.84.2.83 - - [06/Aug/2022:09:05:36 +0800] "GET /xingrg/all/function/internal_message.html?_=1659747932513&CODE_STATE=getMsg HTTP/1.1" 200 27
58.37.7.214 - - [06/Aug/2022:09:05:40 +0800] "GET /xingrg/kc/buy/cgsh_order_add.html HTTP/1.1" 200 68279
58.37.7.214 - - [06/Aug/2022:09:05:40 +0800] "POST /xingrg/kc/buy/cgsh_order_operate.html HTTP/1.1" 200 8245
58.37.7.214 - - [06/Aug/2022:09:05:40 +0800] "GET /xingrg/javascript/easyui/themes/default/validatebox.css HTTP/1.1" 404 1104
101.85.120.95 - - [06/Aug/2022:09:05:42 +0800] "GET /xingrg/all/function/internal_message.html?_=1659747940970&CODE_STATE=getMsg HTTP/1.1" 200 27
58.37.7.214 - - [06/Aug/2022:09:05:42 +0800] "GET /xingrg/javascript/easyui/themes/default/tree.css HTTP/1.1" 404 1090
58.37.7.214 - - [06/Aug/2022:09:05:42 +0800] "POST /xingrg/all/common/load_tree.html?tree=supplier_tree_json&isDelete=1 HTTP/1.1" 200 67662
114.84.2.83 - - [06/Aug/2022:09:05:43 +0800] "GET /xingrg/kc/buy/cgsh_order_add.html HTTP/1.1" 200 68241
114.84.2.83 - - [06/Aug/2022:09:05:44 +0800] "POST /xingrg/kc/buy/cgsh_order_operate.html HTTP/1.1" 200 8245
116.224.123.211 - - [06/Aug/2022:09:05:44 +0800] "GET /xingrg/kc/buy/cgsh_order_operate.html?command=get_materiel&rest_code=00102&code=00101002016&supplier_code=00100400&order_time=2022-08-06 HTTP/1.1" 200 413
114.84.2.83 - - [06/Aug/2022:09:05:44 +0800] "GET /xingrg/javascript/easyui/themes/default/validatebox.css HTTP/1.1" 404 1104
116.224.255.128 - - [06/Aug/2022:09:05:53 +0800] "GET /xingrg/all/function/internal_message.html?_=1659747900103&CODE_STATE=getMsg HTTP/1.1" 200 27
114.84.2.83 - - [06/Aug/2022:09:05:55 +0800] "GET /xingrg/kc/buy/cgsh_order_operate.html?command=get_materiel&rest_code=00111&code=00101002027&supplier_code=00100199&order_time=2022-08-06 HTTP/1.1" 200 415
116.224.123.211 - - [06/Aug/2022:09:05:59 +0800] "POST /xingrg/services/DataTransmitService HTTP/1.1" 200 524
58.37.7.214 - - [06/Aug/2022:09:06:08 +0800] "GET /xingrg/kc/buy/cgsh_order_operate.html?command=get_materiel&rest_code=00106&code=00102012036&supplier_code=00100061&order_time=2022-08-05 HTTP/1.1" 200 409
58.39.169.63 - - [06/Aug/2022:09:06:10 +0800] "GET /xingrg/all/function/internal_message.html?_=1659747846811&CODE_STATE=getMsg HTTP/1.1" 200 27
58.37.7.214 - - [06/Aug/2022:09:06:11 +0800] "GET /xingrg/all/function/internal_message.html?_=1659747972223&CODE_STATE=getMsg HTTP/1.1" 200 27
114.84.2.83 - - [06/Aug/2022:09:06:17 +0800] "GET /xingrg/kc/buy/cgsh_order_operate.html?command=get_materiel&rest_code=00111&code=00101002016&supplier_code=00100199&order_time=2022-08-06 HTTP/1.1" 200 413
116.232.194.65 - - [06/Aug/2022:09:06:21 +0800] "GET /xingrg/all/function/internal_message.html?_=1659747976238&CODE_STATE=getMsg HTTP/1.1" 200 27
58.37.7.214 - - [06/Aug/2022:09:06:21 +0800] "POST /xingrg/kc/buy/cgsh_order_operate.html HTTP/1.1" 200 37
116.232.194.65 - - [06/Aug/2022:09:06:21 +0800] "GET /xingrg/check_reg.html?_=1659747976533 HTTP/1.1" 200 22
116.224.123.211 - - [06/Aug/2022:09:06:22 +0800] "GET /xingrg/all/function/internal_message.html?_=1659747981907&CODE_STATE=getMsg HTTP/1.1" 200 27
116.224.123.211 - - [06/Aug/2022:09:06:23 +0800] "POST /xingrg/kc/buy/cgsh_order_operate.html HTTP/1.1" 200 37
116.224.255.128 - - [06/Aug/2022:09:06:27 +0800] "GET /xingrg/check_reg.html?_=1659747985991 HTTP/1.1" 200 22
116.224.255.128 - - [06/Aug/2022:09:06:27 +0800] "GET /xingrg/all/function/internal_message.html?_=1659747985991&CODE_STATE=getMsg HTTP/1.1" 200 27
218.81.223.53 - - [06/Aug/2022:09:06:28 +0800] "GET /xingrg/all/function/internal_message.html?_=1659748009187&CODE_STATE=getMsg HTTP/1.1" 200 27
58.37.7.214 - - [06/Aug/2022:09:06:31 +0800] "POST /xingrg/kc/buy/cgsh_order_operate.html HTTP/1.1" 200 12
58.37.7.214 - - [06/Aug/2022:09:06:32 +0800] "GET /xingrg/kc/buy/cgsh_order_info.html?code=212022080601611 HTTP/1.1" 200 63182
58.37.7.214 - - [06/Aug/2022:09:06:32 +0800] "GET /xingrg/javascript/easyui/themes/default/validatebox.css HTTP/1.1" 404 1104
58.37.7.214 - - [06/Aug/2022:09:06:33 +0800] "POST /xingrg/kc/buy/cgsh_order_operate.html HTTP/1.1" 200 602
114.83.222.234 - - [06/Aug/2022:09:06:34 +0800] "GET /xingrg/all/function/internal_message.html?_=1659747993625&CODE_STATE=getMsg HTTP/1.1" 200 27
58.37.7.214 - - [06/Aug/2022:09:06:35 +0800] "GET /xingrg/kc/print/load_data.html?order_code=212022080601611&kc_code=cgsh&condition= HTTP/1.1" 200 690
114.84.2.83 - - [06/Aug/2022:09:06:36 +0800] "GET /xingrg/all/function/internal_message.html?_=1659747992491&CODE_STATE=getMsg HTTP/1.1" 200 27
101.85.120.95 - - [06/Aug/2022:09:06:42 +0800] "GET /xingrg/all/function/internal_message.html?_=1659748000970&CODE_STATE=getMsg HTTP/1.1" 200 27
101.85.120.95 - - [06/Aug/2022:09:06:42 +0800] "GET /xingrg/check_reg.html?_=1659748000973 HTTP/1.1" 200 22
116.232.51.90 - - [06/Aug/2022:09:06:42 +0800] "GET /favicon.ico HTTP/1.1" 404 -
114.86.187.244 - - [06/Aug/2022:09:06:42 +0800] "GET /xingrg/login.html HTTP/1.1" 200 7641
114.86.187.244 - - [06/Aug/2022:09:06:43 +0800] "GET /favicon.ico HTTP/1.1" 404 -
116.224.123.211 - - [06/Aug/2022:09:06:44 +0800] "POST /xingrg/kc/buy/cgsh_order_operate.html HTTP/1.1" 200 5025
116.232.51.90 - - [06/Aug/2022:09:06:46 +0800] "GET /xingrg/login.html HTTP/1.1" 200 7641
116.232.51.90 - - [06/Aug/2022:09:06:46 +0800] "GET /xingrg/images/blue/jxLogo.png HTTP/1.1" 200 6156
116.232.51.90 - - [06/Aug/2022:09:06:46 +0800] "GET /xingrg/images/blue/login_bg.png HTTP/1.1" 200 22101
116.232.51.90 - - [06/Aug/2022:09:06:46 +0800] "GET /xingrg/images/blue/srbg.png HTTP/1.1" 200 138
116.232.51.90 - - [06/Aug/2022:09:06:47 +0800] "GET /xingrg/images/blue/hj.png HTTP/1.1" 200 1014
116.232.51.90 - - [06/Aug/2022:09:06:47 +0800] "GET /favicon.ico HTTP/1.1" 404 -
114.84.2.83 - - [06/Aug/2022:09:06:48 +0800] "GET /xingrg/kc/buy/cgsh_order_operate.html?command=get_materiel&rest_code=00111&code=00101002006&supplier_code=00100199&order_time=2022-08-06 HTTP/1.1" 200 414
116.232.51.90 - - [06/Aug/2022:09:06:52 +0800] "POST /xingrg/login.do HTTP/1.1" 302 -
116.232.51.90 - - [06/Aug/2022:09:06:52 +0800] "GET /xingrg/javascript/jquery_easy_ui/themes/icon.css HTTP/1.1" 200 3949
116.232.51.90 - - [06/Aug/2022:09:06:52 +0800] "GET /xingrg/index.html?sysBaseUrl=http%3A%2F%2F180.169.147.146%3A18081%2Fxingrg%2F&costTime=58×tamp=1659748012476 HTTP/1.1" 200 17173
116.232.51.90 - - [06/Aug/2022:09:06:52 +0800] "GET /xingrg/javascript/jquery_easy_ui/themes/default/easyui.css HTTP/1.1" 200 26500
116.232.51.90 - - [06/Aug/2022:09:06:52 +0800] "GET /xingrg/javascript/jquery-1.4.2.min.js HTTP/1.1" 200 72205
116.232.51.90 - - [06/Aug/2022:09:06:52 +0800] "GET /favicon.ico HTTP/1.1" 404 -
116.232.51.90 - - [06/Aug/2022:09:06:52 +0800] "GET /xingrg/javascript/jquery_easy_ui/jquery.easyui.min.js HTTP/1.1" 200 213662
116.232.51.90 - - [06/Aug/2022:09:06:52 +0800] "GET /xingrg/css/form.css HTTP/1.1" 200 893
116.232.51.90 - - [06/Aug/2022:09:06:52 +0800] "GET /xingrg/javascript/jquery.utils.js HTTP/1.1" 200 11805
116.232.51.90 - - [06/Aug/2022:09:06:52 +0800] "GET /xingrg/javascript/jquery.form.js HTTP/1.1" 200 23110
116.232.51.90 - - [06/Aug/2022:09:06:52 +0800] "GET /xingrg/javascript/jquery.timers.js HTTP/1.1" 200 3532
116.232.51.90 - - [06/Aug/2022:09:06:52 +0800] "GET /xingrg/javascript/jquery_easy_ui/easyui-lang-zh_CN.js HTTP/1.1" 200 1900
116.232.51.90 - - [06/Aug/2022:09:06:52 +0800] "GET /xingrg/javascript/jquery_easy_ui/themes/icons/settle_new.png HTTP/1.1" 200 826
116.232.51.90 - - [06/Aug/2022:09:06:52 +0800] "GET /xingrg/images/blue/navBackgound.jpg HTTP/1.1" 200 12378
116.232.51.90 - - [06/Aug/2022:09:06:52 +0800] "POST /xingrg/all/common/load_tree.html?tree=area_rest_tree_json&manage=1 HTTP/1.1" 200 342
116.232.51.90 - - [06/Aug/2022:09:06:52 +0800] "GET /xingrg/check_reg.html?_=1659748012583 HTTP/1.1" 200 22
116.232.51.90 - - [06/Aug/2022:09:06:52 +0800] "GET /xingrg/images/blue/pingpu.png HTTP/1.1" 200 231
116.232.51.90 - - [06/Aug/2022:09:06:52 +0800] "GET /xingrg/javascript/jquery_easy_ui/themes/default/images/tabs_leftarrow.png HTTP/1.1" 200 389
116.232.51.90 - - [06/Aug/2022:09:06:52 +0800] "GET /xingrg/javascript/jquery_easy_ui/themes/default/images/panel_tool_collapse.gif HTTP/1.1" 200 246
116.232.51.90 - - [06/Aug/2022:09:06:52 +0800] "GET /xingrg/javascript/jquery_easy_ui/themes/default/images/tabs_rightarrow.png HTTP/1.1" 200 395
116.232.51.90 - - [06/Aug/2022:09:06:52 +0800] "GET /xingrg/all/function/internal_message.html?_=1659748012583&CODE_STATE=count HTTP/1.1" 200 11
116.232.51.90 - - [06/Aug/2022:09:06:52 +0800] "POST /xingrg/load_menu.html HTTP/1.1" 200 5138
116.232.51.90 - - [06/Aug/2022:09:06:52 +0800] "GET /xingrg/javascript/jquery_easy_ui/themes/default/images/tree_arrows.gif HTTP/1.1" 200 1043
116.232.51.90 - - [06/Aug/2022:09:06:52 +0800] "GET /xingrg/javascript/jquery_easy_ui/themes/default/images/tree_folder_open.gif HTTP/1.1" 200 956
116.232.51.90 - - [06/Aug/2022:09:06:52 +0800] "GET /xingrg/javascript/jquery_easy_ui/themes/icons/search_new.png HTTP/1.1" 200 586
116.232.51.90 - - [06/Aug/2022:09:06:52 +0800] "GET /xingrg/javascript/jquery_easy_ui/themes/icons/storage_new.png HTTP/1.1" 200 853
116.232.51.90 - - [06/Aug/2022:09:06:52 +0800] "GET /xingrg/javascript/jquery_easy_ui/themes/default/images/tree_folder.gif HTTP/1.1" 200 952
116.232.51.90 - - [06/Aug/2022:09:06:52 +0800] "GET /xingrg/javascript/jquery_easy_ui/themes/default/images/tree_file.gif HTTP/1.1" 200 118
116.232.51.90 - - [06/Aug/2022:09:06:52 +0800] "GET /xingrg/javascript/jquery_easy_ui/themes/icons/forms_new.png HTTP/1.1" 200 350
116.224.255.128 - - [06/Aug/2022:09:06:52 +0800] "GET /xingrg/check_reg.html?_=1659747959668 HTTP/1.1" 200 22
116.224.255.128 - - [06/Aug/2022:09:06:53 +0800] "GET /xingrg/all/function/internal_message.html?_=1659747960118&CODE_STATE=getMsg HTTP/1.1" 200 27
116.232.51.90 - - [06/Aug/2022:09:06:54 +0800] "GET /xingrg/javascript/jquery_easy_ui/themes/default/images/tabs_close.gif HTTP/1.1" 200 829
116.232.51.90 - - [06/Aug/2022:09:06:54 +0800] "GET /xingrg/javascript/pic_change.js HTTP/1.1" 200 4739
116.232.51.90 - - [06/Aug/2022:09:06:54 +0800] "GET /xingrg/kc/base/base_main.html HTTP/1.1" 200 12142
116.232.51.90 - - [06/Aug/2022:09:06:54 +0800] "GET /xingrg/images/blue/button/wlsy.gif HTTP/1.1" 200 2536
116.232.51.90 - - [06/Aug/2022:09:06:54 +0800] "GET /xingrg/images/blue/pic_form2.gif HTTP/1.1" 200 1853
116.232.51.90 - - [06/Aug/2022:09:06:54 +0800] "GET /xingrg/images/blue/button/ckdb.gif HTTP/1.1" 200 1950
116.232.51.90 - - [06/Aug/2022:09:06:54 +0800] "GET /xingrg/images/blue/button/ckpd.gif HTTP/1.1" 200 2051
116.232.51.90 - - [06/Aug/2022:09:06:54 +0800] "GET /xingrg/images/blue/button/kc.gif HTTP/1.1" 200 2160
116.232.51.90 - - [06/Aug/2022:09:06:54 +0800] "GET /xingrg/images/blue/button/yddb.gif HTTP/1.1" 200 2040
116.232.51.90 - - [06/Aug/2022:09:06:54 +0800] "GET /xingrg/css/blue.css HTTP/1.1" 200 15949
116.232.51.90 - - [06/Aug/2022:09:06:54 +0800] "GET /xingrg/javascript/myfunction.js HTTP/1.1" 200 24559
116.232.51.90 - - [06/Aug/2022:09:06:54 +0800] "GET /xingrg/images/blue/bg_dotted.jpg HTTP/1.1" 200 319
116.232.51.90 - - [06/Aug/2022:09:06:54 +0800] "GET /xingrg/images/blue/button/top_left.jpg HTTP/1.1" 200 1632
116.232.51.90 - - [06/Aug/2022:09:06:54 +0800] "GET /xingrg/images/blue/button/top_right.jpg HTTP/1.1" 200 1708
116.232.51.90 - - [06/Aug/2022:09:06:54 +0800] "GET /xingrg/images/blue/button/bottom_right.jpg HTTP/1.1" 200 1436
116.232.51.90 - - [06/Aug/2022:09:06:54 +0800] "GET /xingrg/images/blue/button/bottom_left.jpg HTTP/1.1" 200 1524
116.232.51.90 - - [06/Aug/2022:09:06:54 +0800] "GET /xingrg/images/blue/button/left_ah.jpg HTTP/1.1" 200 1643
116.232.51.90 - - [06/Aug/2022:09:06:54 +0800] "GET /xingrg/images/blue/button/down.jpg HTTP/1.1" 200 1560
116.232.51.90 - - [06/Aug/2022:09:06:54 +0800] "GET /xingrg/images/blue/button/right_ah.jpg HTTP/1.1" 200 1744
116.232.51.90 - - [06/Aug/2022:09:06:55 +0800] "GET /xingrg/kc/base/wldb_order_list.html HTTP/1.1" 200 19142
116.232.51.90 - - [06/Aug/2022:09:06:55 +0800] "GET /xingrg/css/base.css HTTP/1.1" 200 2811
116.232.51.90 - - [06/Aug/2022:09:06:55 +0800] "GET /xingrg/css/site.css HTTP/1.1" 200 7541
116.232.51.90 - - [06/Aug/2022:09:06:55 +0800] "GET /xingrg/javascript/jquery_tools/datebox.css HTTP/1.1" 200 2597
116.232.51.90 - - [06/Aug/2022:09:06:55 +0800] "GET /xingrg/javascript/auto/jquery.autocomplete.css HTTP/1.1" 200 587
116.232.51.90 - - [06/Aug/2022:09:06:55 +0800] "GET /xingrg/javascript/jquery_tools/fix.css HTTP/1.1" 200 1702
116.232.51.90 - - [06/Aug/2022:09:06:55 +0800] "GET /xingrg/javascript/jquery_tools/jquery.tools.min.js HTTP/1.1" 200 138801
116.232.51.90 - - [06/Aug/2022:09:06:55 +0800] "GET /xingrg/javascript/easyui/themes/icon.css HTTP/1.1" 200 4483
116.232.51.90 - - [06/Aug/2022:09:06:55 +0800] "GET /xingrg/javascript/jquery_tools/table.css HTTP/1.1" 200 1032
116.232.51.90 - - [06/Aug/2022:09:06:55 +0800] "GET /xingrg/javascript/jquery_tools/jquery.tools.hotkey.js HTTP/1.1" 200 3242
116.232.51.90 - - [06/Aug/2022:09:06:55 +0800] "GET /xingrg/javascript/jquery_tools/jquery.tools.table.js HTTP/1.1" 200 6994
116.232.51.90 - - [06/Aug/2022:09:06:55 +0800] "GET /xingrg/javascript/jquery_tools/list_manager.js HTTP/1.1" 200 3652
116.232.51.90 - - [06/Aug/2022:09:06:55 +0800] "GET /xingrg/javascript/jquery_tools/jquery.tools.extend.js HTTP/1.1" 200 15385
116.232.51.90 - - [06/Aug/2022:09:06:55 +0800] "GET /xingrg/javascript/jquery.cookie.js HTTP/1.1" 200 5513
116.232.51.90 - - [06/Aug/2022:09:06:55 +0800] "GET /xingrg/javascript/easyui/easyloader.js HTTP/1.1" 200 5975
116.232.51.90 - - [06/Aug/2022:09:06:55 +0800] "GET /xingrg/javascript/print/LodopFuncs.js HTTP/1.1" 200 5121
116.232.51.90 - - [06/Aug/2022:09:06:55 +0800] "GET /xingrg/javascript/easyui/themes/default/easyui.css HTTP/1.1" 200 30432
116.232.51.90 - - [06/Aug/2022:09:06:55 +0800] "GET /xingrg/javascript/auto/jquery.autocomplete.js HTTP/1.1" 200 21624
116.232.51.90 - - [06/Aug/2022:09:06:55 +0800] "GET /xingrg/javascript/easyui/themes/icons/edit_add_new.png HTTP/1.1" 200 2997
116.232.51.90 - - [06/Aug/2022:09:06:55 +0800] "GET /xingrg/javascript/easyui/themes/icons/check_new.png HTTP/1.1" 200 3224
116.232.51.90 - - [06/Aug/2022:09:06:55 +0800] "GET /xingrg/javascript/easyui/themes/icons/field_new.png HTTP/1.1" 200 1097
116.232.51.90 - - [06/Aug/2022:09:06:55 +0800] "GET /xingrg/javascript/easyui/themes/icons/import_new.png HTTP/1.1" 200 1247
116.232.51.90 - - [06/Aug/2022:09:06:55 +0800] "GET /xingrg/javascript/easyui/themes/icons/cance_new.png HTTP/1.1" 200 3986
116.232.51.90 - - [06/Aug/2022:09:06:55 +0800] "GET /xingrg/javascript/easyui/plugins/jquery.parser.js HTTP/1.1" 200 1142
116.232.51.90 - - [06/Aug/2022:09:06:55 +0800] "GET /xingrg/images/control/ajaxLoader.gif HTTP/1.1" 200 4659
116.232.51.90 - - [06/Aug/2022:09:06:55 +0800] "POST /xingrg/kc/base/wldb_list_operate.html HTTP/1.1" 200 5497
116.232.51.90 - - [06/Aug/2022:09:07:00 +0800] "POST /xingrg/kc/base/wldb_list_operate.html HTTP/1.1" 200 5701
116.232.51.90 - - [06/Aug/2022:09:07:02 +0800] "GET /xingrg/javascript/easyui/themes/default/images/button_plain_hover.png HTTP/1.1" 200 144
58.39.169.63 - - [06/Aug/2022:09:07:10 +0800] "GET /xingrg/all/function/internal_message.html?_=1659747906812&CODE_STATE=getMsg HTTP/1.1" 200 27
58.37.7.214 - - [06/Aug/2022:09:07:11 +0800] "GET /xingrg/all/function/internal_message.html?_=1659748032214&CODE_STATE=getMsg HTTP/1.1" 200 27
58.35.213.73 - - [06/Aug/2022:09:07:12 +0800] "POST /xingrg/services/DataTransmitService HTTP/1.1" 200 524
116.232.194.65 - - [06/Aug/2022:09:07:21 +0800] "GET /xingrg/all/function/internal_message.html?_=1659748036239&CODE_STATE=getMsg HTTP/1.1" 200 27
116.224.123.211 - - [06/Aug/2022:09:07:22 +0800] "GET /xingrg/all/function/internal_message.html?_=1659748041915&CODE_STATE=getMsg HTTP/1.1" 200 27
114.84.2.83 - - [06/Aug/2022:09:07:22 +0800] "POST /xingrg/kc/buy/cgsh_order_operate.html HTTP/1.1" 200 37
114.84.2.83 - - [06/Aug/2022:09:07:26 +0800] "POST /xingrg/kc/buy/cgsh_order_operate.html HTTP/1.1" 200 4447
116.224.255.128 - - [06/Aug/2022:09:07:27 +0800] "GET /xingrg/all/function/internal_message.html?_=1659748045989&CODE_STATE=getMsg HTTP/1.1" 200 27
218.81.223.53 - - [06/Aug/2022:09:07:28 +0800] "GET /xingrg/all/function/internal_message.html?_=1659748069210&CODE_STATE=getMsg HTTP/1.1" 200 27
114.84.2.83 - - [06/Aug/2022:09:07:28 +0800] "GET /xingrg/kc/print/load_data.html?order_code=212022080601613&kc_code=cgsh&condition= HTTP/1.1" 200 1350
116.232.51.90 - - [06/Aug/2022:09:07:29 +0800] "POST /xingrg/kc/base/wldb_list_operate.html HTTP/1.1" 200 4
114.83.222.234 - - [06/Aug/2022:09:07:34 +0800] "GET /xingrg/all/function/internal_message.html?_=1659748053609&CODE_STATE=getMsg HTTP/1.1" 200 27
114.84.2.83 - - [06/Aug/2022:09:07:35 +0800] "GET /xingrg/check_reg.html?_=1659748051555 HTTP/1.1" 200 22
114.84.2.83 - - [06/Aug/2022:09:07:36 +0800] "GET /xingrg/all/function/internal_message.html?_=1659748052463&CODE_STATE=getMsg HTTP/1.1" 200 27
101.85.120.95 - - [06/Aug/2022:09:07:42 +0800] "GET /xingrg/all/function/internal_message.html?_=1659748060973&CODE_STATE=getMsg HTTP/1.1" 200 27
116.224.255.128 - - [06/Aug/2022:09:07:53 +0800] "GET /xingrg/all/function/internal_message.html?_=1659748020130&CODE_STATE=getMsg HTTP/1.1" 200 27
116.232.51.90 - - [06/Aug/2022:09:08:08 +0800] "GET /xingrg/all/function/internal_message.html?_=1659748087826&CODE_STATE=getMsg HTTP/1.1" 200 27
116.232.51.90 - - [06/Aug/2022:09:08:08 +0800] "POST /xingrg/kc/base/wldb_list_operate.html HTTP/1.1" 200 928
58.39.169.63 - - [06/Aug/2022:09:08:10 +0800] "GET /xingrg/all/function/internal_message.html?_=1659747966812&CODE_STATE=getMsg HTTP/1.1" 200 27
58.37.7.214 - - [06/Aug/2022:09:08:11 +0800] "GET /xingrg/all/function/internal_message.html?_=1659748092211&CODE_STATE=getMsg HTTP/1.1" 200 27
116.232.51.90 - - [06/Aug/2022:09:08:12 +0800] "GET /xingrg/kc/buy/buy_main.html HTTP/1.1" 200 12412
116.232.51.90 - - [06/Aug/2022:09:08:12 +0800] "GET /xingrg/css/blue.css HTTP/1.1" 200 15949
116.232.51.90 - - [06/Aug/2022:09:08:12 +0800] "GET /xingrg/javascript/jquery_ui/themes/humanity/humanity.css HTTP/1.1" 200 27801
116.232.51.90 - - [06/Aug/2022:09:08:12 +0800] "GET /xingrg/css/new_ie.css HTTP/1.1" 404 1036
116.232.51.90 - - [06/Aug/2022:09:08:12 +0800] "GET /xingrg/javascript/pic_change.js HTTP/1.1" 200 4739
116.232.51.90 - - [06/Aug/2022:09:08:12 +0800] "GET /xingrg/javascript/jquery_easy_ui/themes/icon.css HTTP/1.1" 200 3949
116.232.51.90 - - [06/Aug/2022:09:08:12 +0800] "GET /xingrg/images/blue/button/cgydd.gif HTTP/1.1" 200 2712
116.232.51.90 - - [06/Aug/2022:09:08:12 +0800] "GET /xingrg/images/blue/button/cgxqd.gif HTTP/1.1" 200 2619
116.232.51.90 - - [06/Aug/2022:09:08:12 +0800] "GET /xingrg/images/blue/button/kc.gif HTTP/1.1" 200 2160
116.232.51.90 - - [06/Aug/2022:09:08:12 +0800] "GET /xingrg/images/blue/button/cgfkd.gif HTTP/1.1" 200 2075
116.232.51.90 - - [06/Aug/2022:09:08:12 +0800] "GET /xingrg/images/blue/button/ckthd.gif HTTP/1.1" 200 2045
116.232.51.90 - - [06/Aug/2022:09:08:12 +0800] "GET /xingrg/javascript/jquery_easy_ui/themes/default/easyui.css HTTP/1.1" 200 26500
116.232.51.90 - - [06/Aug/2022:09:08:12 +0800] "GET /xingrg/javascript/jquery.utils.js HTTP/1.1" 200 11805
116.232.51.90 - - [06/Aug/2022:09:08:12 +0800] "GET /xingrg/images/blue/pic_form2.gif HTTP/1.1" 200 1853
116.232.51.90 - - [06/Aug/2022:09:08:12 +0800] "GET /xingrg/javascript/myfunction.js HTTP/1.1" 200 24559
116.232.51.90 - - [06/Aug/2022:09:08:12 +0800] "GET /xingrg/javascript/jquery-1.4.2.min.js HTTP/1.1" 200 72205
116.232.51.90 - - [06/Aug/2022:09:08:12 +0800] "GET /xingrg/javascript/jquery_ui/jquery-ui.min.js HTTP/1.1" 200 186181
116.232.51.90 - - [06/Aug/2022:09:08:12 +0800] "GET /xingrg/javascript/ToolTips.js HTTP/1.1" 200 5615
116.232.51.90 - - [06/Aug/2022:09:08:12 +0800] "GET /xingrg/images/blue/button/cgshd.gif HTTP/1.1" 200 2618
116.232.51.90 - - [06/Aug/2022:09:08:12 +0800] "GET /xingrg/images/blue/button/right_ah.jpg HTTP/1.1" 200 1744
116.232.51.90 - - [06/Aug/2022:09:08:12 +0800] "GET /xingrg/javascript/jquery_ui/themes/humanity/images/ui-bg_inset-soft_100_f4f0ec_1x100.png HTTP/1.1" 200 141
116.232.51.90 - - [06/Aug/2022:09:08:12 +0800] "GET /xingrg/images/blue/bg_dotted.jpg HTTP/1.1" 200 319
116.232.51.90 - - [06/Aug/2022:09:08:12 +0800] "GET /xingrg/images/blue/button/down_ah.jpg HTTP/1.1" 200 1732
116.232.51.90 - - [06/Aug/2022:09:08:12 +0800] "GET /xingrg/javascript/jquery_ui/themes/humanity/images/ui-bg_glass_70_ede4d4_1x400.png HTTP/1.1" 200 161
116.232.51.90 - - [06/Aug/2022:09:08:12 +0800] "GET /xingrg/javascript/jquery_ui/themes/humanity/images/ui-icons_ffffff_256x240.png HTTP/1.1" 200 4369
116.232.51.90 - - [06/Aug/2022:09:08:12 +0800] "GET /xingrg/javascript/jquery_ui/themes/humanity/images/ui-iconsnew.jpg HTTP/1.1" 200 337
116.232.51.90 - - [06/Aug/2022:09:08:12 +0800] "GET /xingrg/javascript/jquery_ui/themes/humanity/images/ui-icons_c47a23_256x240.png HTTP/1.1" 200 5355
116.232.51.90 - - [06/Aug/2022:09:08:15 +0800] "GET /xingrg/images/yd/bt.gif HTTP/1.1" 404 1040
116.232.51.90 - - [06/Aug/2022:09:08:15 +0800] "GET /xingrg/css/base.css HTTP/1.1" 200 2811
116.232.51.90 - - [06/Aug/2022:09:08:15 +0800] "GET /xingrg/css/site.css HTTP/1.1" 200 7541
116.232.51.90 - - [06/Aug/2022:09:08:15 +0800] "GET /xingrg/javascript/jquery_tools/datebox.css HTTP/1.1" 200 2597
116.232.51.90 - - [06/Aug/2022:09:08:15 +0800] "GET /xingrg/javascript/easyui/themes/icon.css HTTP/1.1" 200 4483
116.232.51.90 - - [06/Aug/2022:09:08:15 +0800] "GET /xingrg/javascript/jquery_tools/fix.css HTTP/1.1" 200 1702
116.232.51.90 - - [06/Aug/2022:09:08:15 +0800] "GET /xingrg/javascript/auto/jquery.autocomplete.css HTTP/1.1" 200 587
116.232.51.90 - - [06/Aug/2022:09:08:15 +0800] "GET /xingrg/javascript/jquery_tools/table.css HTTP/1.1" 200 1032
116.232.51.90 - - [06/Aug/2022:09:08:15 +0800] "GET /xingrg/javascript/jquery_tools/jquery.tools.min.js HTTP/1.1" 200 138801
116.232.51.90 - - [06/Aug/2022:09:08:15 +0800] "GET /xingrg/javascript/jquery_tools/jquery.tools.hotkey.js HTTP/1.1" 200 3242
116.232.51.90 - - [06/Aug/2022:09:08:15 +0800] "GET /xingrg/javascript/jquery_tools/jquery.tools.table.js HTTP/1.1" 200 6994
116.232.51.90 - - [06/Aug/2022:09:08:15 +0800] "GET /xingrg/javascript/jquery_tools/list_manager.js HTTP/1.1" 200 3652
116.232.51.90 - - [06/Aug/2022:09:08:15 +0800] "GET /xingrg/javascript/jquery.cookie.js HTTP/1.1" 200 5513
116.232.51.90 - - [06/Aug/2022:09:08:15 +0800] "GET /xingrg/javascript/easyui/easyloader.js HTTP/1.1" 200 5975
116.232.51.90 - - [06/Aug/2022:09:08:15 +0800] "GET /xingrg/kc/buy/cgsh_order_list.html HTTP/1.1" 200 52503
116.232.51.90 - - [06/Aug/2022:09:08:15 +0800] "GET /xingrg/javascript/easyui/themes/default/easyui.css HTTP/1.1" 200 30432
116.232.51.90 - - [06/Aug/2022:09:08:15 +0800] "GET /xingrg/javascript/jquery_tools/jquery.tools.extend.js HTTP/1.1" 200 15385
116.232.51.90 - - [06/Aug/2022:09:08:15 +0800] "GET /xingrg/javascript/print/LodopFuncs.js HTTP/1.1" 200 5121
116.232.51.90 - - [06/Aug/2022:09:08:15 +0800] "GET /xingrg/javascript/auto/jquery.autocomplete.js HTTP/1.1" 200 21624
116.232.51.90 - - [06/Aug/2022:09:08:15 +0800] "GET /xingrg/javascript/easyui/themes/icons/import_new.png HTTP/1.1" 200 1247
116.232.51.90 - - [06/Aug/2022:09:08:15 +0800] "GET /xingrg/javascript/easyui/themes/icons/field_new.png HTTP/1.1" 200 1097
116.232.51.90 - - [06/Aug/2022:09:08:15 +0800] "GET /xingrg/javascript/easyui/themes/icons/check_new.png HTTP/1.1" 200 3224
116.232.51.90 - - [06/Aug/2022:09:08:15 +0800] "GET /xingrg/javascript/easyui/themes/icons/cance_new.png HTTP/1.1" 200 3986
116.232.51.90 - - [06/Aug/2022:09:08:15 +0800] "GET /xingrg/javascript/easyui/themes/icons/edit_add_new.png HTTP/1.1" 200 2997
116.232.51.90 - - [06/Aug/2022:09:08:15 +0800] "GET /xingrg/javascript/easyui/plugins/jquery.parser.js HTTP/1.1" 200 1142
116.232.51.90 - - [06/Aug/2022:09:08:15 +0800] "GET /xingrg/images/control/ajaxLoader.gif HTTP/1.1" 200 4659
116.232.51.90 - - [06/Aug/2022:09:08:16 +0800] "POST /xingrg/kc/buy/cgsh_list_operate.html HTTP/1.1" 200 693
116.232.51.90 - - [06/Aug/2022:09:08:20 +0800] "GET /xingrg/javascript/auto/indicator.gif HTTP/1.1" 404 1066
116.232.194.65 - - [06/Aug/2022:09:08:21 +0800] "GET /xingrg/all/function/internal_message.html?_=1659748096224&CODE_STATE=getMsg HTTP/1.1" 200 27
116.224.123.211 - - [06/Aug/2022:09:08:22 +0800] "GET /xingrg/all/function/internal_message.html?_=1659748101908&CODE_STATE=getMsg HTTP/1.1" 200 27
116.232.51.90 - - [06/Aug/2022:09:08:25 +0800] "GET /xingrg/javascript/jquery_tools/images/next.gif HTTP/1.1" 404 1086
116.232.51.90 - - [06/Aug/2022:09:08:25 +0800] "GET /xingrg/javascript/jquery_tools/images/prev.gif HTTP/1.1" 404 1086
116.224.255.128 - - [06/Aug/2022:09:08:27 +0800] "GET /xingrg/all/function/internal_message.html?_=1659748106009&CODE_STATE=getMsg HTTP/1.1" 200 27
218.81.223.53 - - [06/Aug/2022:09:08:28 +0800] "GET /xingrg/all/function/internal_message.html?_=1659748129213&CODE_STATE=getMsg HTTP/1.1" 200 27
114.83.222.234 - - [06/Aug/2022:09:08:33 +0800] "GET /xingrg/check_reg.html?_=1659748112444 HTTP/1.1" 200 22
114.83.222.234 - - [06/Aug/2022:09:08:34 +0800] "GET /xingrg/all/function/internal_message.html?_=1659748113589&CODE_STATE=getMsg HTTP/1.1" 200 27
116.232.51.90 - - [06/Aug/2022:09:08:35 +0800] "POST /xingrg/kc/buy/cgsh_list_operate.html HTTP/1.1" 200 3316
114.84.2.83 - - [06/Aug/2022:09:08:36 +0800] "GET /xingrg/all/function/internal_message.html?_=1659748112447&CODE_STATE=getMsg HTTP/1.1" 200 27
116.232.51.90 - - [06/Aug/2022:09:08:39 +0800] "POST /xingrg/kc/buy/cgsh_list_operate.html HTTP/1.1" 200 565
116.232.51.90 - - [06/Aug/2022:09:08:41 +0800] "POST /xingrg/kc/buy/cgsh_list_operate.html HTTP/1.1" 200 273
101.85.120.95 - - [06/Aug/2022:09:08:42 +0800] "GET /xingrg/all/function/internal_message.html?_=1659748120972&CODE_STATE=getMsg HTTP/1.1" 200 27
116.232.51.90 - - [06/Aug/2022:09:08:44 +0800] "POST /xingrg/kc/buy/cgsh_list_operate.html HTTP/1.1" 200 345
116.232.51.90 - - [06/Aug/2022:09:08:49 +0800] "POST /xingrg/kc/buy/cgsh_list_operate.html HTTP/1.1" 200 489
116.232.51.90 - - [06/Aug/2022:09:08:52 +0800] "POST /xingrg/kc/buy/cgsh_list_operate.html HTTP/1.1" 200 569
116.224.255.128 - - [06/Aug/2022:09:08:53 +0800] "GET /xingrg/all/function/internal_message.html?_=1659748080144&CODE_STATE=getMsg HTTP/1.1" 200 27
116.232.51.90 - - [06/Aug/2022:09:09:08 +0800] "GET /xingrg/all/function/internal_message.html?_=1659748147800&CODE_STATE=getMsg HTTP/1.1" 200 27
58.39.169.63 - - [06/Aug/2022:09:09:10 +0800] "GET /xingrg/all/function/internal_message.html?_=1659748026813&CODE_STATE=getMsg HTTP/1.1" 200 27
58.39.169.63 - - [06/Aug/2022:09:09:10 +0800] "GET /xingrg/check_reg.html?_=1659748026817 HTTP/1.1" 200 22
58.37.7.214 - - [06/Aug/2022:09:09:11 +0800] "GET /xingrg/check_reg.html?_=1659748152211 HTTP/1.1" 200 22
58.37.7.214 - - [06/Aug/2022:09:09:11 +0800] "GET /xingrg/all/function/internal_message.html?_=1659748152214&CODE_STATE=getMsg HTTP/1.1" 200 27
116.232.194.65 - - [06/Aug/2022:09:09:21 +0800] "GET /xingrg/all/function/internal_message.html?_=1659748156202&CODE_STATE=getMsg HTTP/1.1" 200 27
116.224.123.211 - - [06/Aug/2022:09:09:22 +0800] "GET /xingrg/all/function/internal_message.html?_=1659748161908&CODE_STATE=getMsg HTTP/1.1" 200 27
116.224.123.211 - - [06/Aug/2022:09:09:22 +0800] "GET /xingrg/check_reg.html?_=1659748161909 HTTP/1.1" 200 22
218.81.223.53 - - [06/Aug/2022:09:09:26 +0800] "GET /xingrg/check_reg.html?_=1659748187502 HTTP/1.1" 200 22
116.224.255.128 - - [06/Aug/2022:09:09:27 +0800] "GET /xingrg/all/function/internal_message.html?_=1659748166006&CODE_STATE=getMsg HTTP/1.1" 200 27
218.81.223.53 - - [06/Aug/2022:09:09:28 +0800] "GET /xingrg/all/function/internal_message.html?_=1659748189228&CODE_STATE=getMsg HTTP/1.1" 200 27
114.83.222.234 - - [06/Aug/2022:09:09:34 +0800] "GET /xingrg/all/function/internal_message.html?_=1659748173572&CODE_STATE=getMsg HTTP/1.1" 200 27
114.84.2.83 - - [06/Aug/2022:09:09:36 +0800] "GET /xingrg/all/function/internal_message.html?_=1659748172418&CODE_STATE=getMsg HTTP/1.1" 200 27
101.85.120.95 - - [06/Aug/2022:09:09:42 +0800] "GET /xingrg/all/function/internal_message.html?_=1659748180971&CODE_STATE=getMsg HTTP/1.1" 200 27
114.84.2.83 - - [06/Aug/2022:09:09:43 +0800] "GET /xingrg/kc/buy/cgsh_order_add.html HTTP/1.1" 200 68241
114.84.2.83 - - [06/Aug/2022:09:09:43 +0800] "POST /xingrg/kc/buy/cgsh_order_operate.html HTTP/1.1" 200 8245
114.84.2.83 - - [06/Aug/2022:09:09:43 +0800] "GET /xingrg/javascript/easyui/themes/default/validatebox.css HTTP/1.1" 404 1104
116.224.255.128 - - [06/Aug/2022:09:09:53 +0800] "GET /xingrg/all/function/internal_message.html?_=1659748140193&CODE_STATE=getMsg HTTP/1.1" 200 27
114.84.2.83 - - [06/Aug/2022:09:09:59 +0800] "GET /xingrg/kc/buy/cgsh_order_operate.html?command=get_materiel&rest_code=00111&code=00101008123&supplier_code=00100037&order_time=2022-08-06 HTTP/1.1" 200 412
116.232.51.90 - - [06/Aug/2022:09:10:08 +0800] "GET /xingrg/all/function/internal_message.html?_=1659748207784&CODE_STATE=getMsg HTTP/1.1" 200 27
114.84.2.83 - - [06/Aug/2022:09:10:10 +0800] "GET /xingrg/kc/buy/cgsh_order_operate.html?command=get_materiel&rest_code=00111&code=00101012025&supplier_code=00100037&order_time=2022-08-06 HTTP/1.1" 200 412
58.39.169.63 - - [06/Aug/2022:09:10:10 +0800] "GET /xingrg/all/function/internal_message.html?_=1659748086817&CODE_STATE=getMsg HTTP/1.1" 200 27
58.37.7.214 - - [06/Aug/2022:09:10:11 +0800] "GET /xingrg/kc/buy/cgsh_order_add.html HTTP/1.1" 200 68279
58.37.7.214 - - [06/Aug/2022:09:10:11 +0800] "POST /xingrg/kc/buy/cgsh_order_operate.html HTTP/1.1" 200 8245
58.37.7.214 - - [06/Aug/2022:09:10:11 +0800] "GET /xingrg/javascript/easyui/themes/default/validatebox.css HTTP/1.1" 404 1104
58.37.7.214 - - [06/Aug/2022:09:10:11 +0800] "GET /xingrg/all/function/internal_message.html?_=1659748212227&CODE_STATE=getMsg HTTP/1.1" 200 27
58.37.7.214 - - [06/Aug/2022:09:10:14 +0800] "GET /xingrg/javascript/easyui/themes/default/tree.css HTTP/1.1" 404 1090
58.37.7.214 - - [06/Aug/2022:09:10:14 +0800] "POST /xingrg/all/common/load_tree.html?tree=supplier_tree_json&isDelete=1 HTTP/1.1" 200 67662
116.232.194.65 - - [06/Aug/2022:09:10:21 +0800] "GET /xingrg/all/function/internal_message.html?_=1659748216187&CODE_STATE=getMsg HTTP/1.1" 200 27
114.84.2.83 - - [06/Aug/2022:09:10:21 +0800] "GET /xingrg/kc/buy/cgsh_order_operate.html?command=get_materiel&rest_code=00111&code=00101007109&supplier_code=00100037&order_time=2022-08-06 HTTP/1.1" 200 408
116.224.123.211 - - [06/Aug/2022:09:10:22 +0800] "GET /xingrg/all/function/internal_message.html?_=1659748221907&CODE_STATE=getMsg HTTP/1.1" 200 27
116.224.255.128 - - [06/Aug/2022:09:10:27 +0800] "GET /xingrg/all/function/internal_message.html?_=1659748226012&CODE_STATE=getMsg HTTP/1.1" 200 27
218.81.223.53 - - [06/Aug/2022:09:10:28 +0800] "GET /xingrg/all/function/internal_message.html?_=1659748249241&CODE_STATE=getMsg HTTP/1.1" 200 27
114.83.222.234 - - [06/Aug/2022:09:10:34 +0800] "GET /xingrg/all/function/internal_message.html?_=1659748233555&CODE_STATE=getMsg HTTP/1.1" 200 27
114.84.2.83 - - [06/Aug/2022:09:10:35 +0800] "GET /xingrg/kc/buy/cgsh_order_operate.html?command=get_materiel&rest_code=00111&code=00101009031&supplier_code=00100037&order_time=2022-08-06 HTTP/1.1" 200 408
114.84.2.83 - - [06/Aug/2022:09:10:36 +0800] "GET /xingrg/all/function/internal_message.html?_=1659748232394&CODE_STATE=getMsg HTTP/1.1" 200 27
101.85.120.95 - - [06/Aug/2022:09:10:42 +0800] "GET /xingrg/all/function/internal_message.html?_=1659748240972&CODE_STATE=getMsg HTTP/1.1" 200 27
116.224.255.128 - - [06/Aug/2022:09:10:53 +0800] "GET /xingrg/all/function/internal_message.html?_=1659748200202&CODE_STATE=getMsg HTTP/1.1" 200 27
116.232.51.90 - - [06/Aug/2022:09:11:08 +0800] "GET /xingrg/all/function/internal_message.html?_=1659748267762&CODE_STATE=getMsg HTTP/1.1" 200 27
58.39.169.63 - - [06/Aug/2022:09:11:10 +0800] "GET /xingrg/all/function/internal_message.html?_=1659748146817&CODE_STATE=getMsg HTTP/1.1" 200 27
58.37.7.214 - - [06/Aug/2022:09:11:11 +0800] "GET /xingrg/all/function/internal_message.html?_=1659748272226&CODE_STATE=getMsg HTTP/1.1" 200 27
116.232.51.90 - - [06/Aug/2022:09:11:12 +0800] "POST /xingrg/services/DataTransmitService HTTP/1.1" 200 524
116.232.51.90 - - [06/Aug/2022:09:11:12 +0800] "POST /xingrg/services/DataTransmitService HTTP/1.1" 200 501
116.232.194.65 - - [06/Aug/2022:09:11:21 +0800] "GET /xingrg/all/function/internal_message.html?_=1659748276169&CODE_STATE=getMsg HTTP/1.1" 200 27
116.232.194.65 - - [06/Aug/2022:09:11:21 +0800] "GET /xingrg/check_reg.html?_=1659748276516 HTTP/1.1" 200 22
116.224.123.211 - - [06/Aug/2022:09:11:22 +0800] "GET /xingrg/all/function/internal_message.html?_=1659748281913&CODE_STATE=getMsg HTTP/1.1" 200 27
58.37.7.214 - - [06/Aug/2022:09:11:26 +0800] "GET /xingrg/kc/buy/cgsh_order_operate.html?command=get_materiel&rest_code=00106&code=00101004051&supplier_code=00100312&order_time=2022-07-31 HTTP/1.1" 200 408
116.224.255.128 - - [06/Aug/2022:09:11:27 +0800] "GET /xingrg/all/function/internal_message.html?_=1659748286011&CODE_STATE=getMsg HTTP/1.1" 200 27
116.224.255.128 - - [06/Aug/2022:09:11:27 +0800] "GET /xingrg/check_reg.html?_=1659748286009 HTTP/1.1" 200 22
218.81.223.53 - - [06/Aug/2022:09:11:28 +0800] "GET /xingrg/all/function/internal_message.html?_=1659748309254&CODE_STATE=getMsg HTTP/1.1" 200 27
114.84.2.83 - - [06/Aug/2022:09:11:31 +0800] "GET /xingrg/kc/buy/cgsh_order_operate.html?command=get_materiel&rest_code=00111&code=00101016105&supplier_code=00100037&order_time=2022-08-06 HTTP/1.1" 200 409
114.83.222.234 - - [06/Aug/2022:09:11:34 +0800] "GET /xingrg/all/function/internal_message.html?_=1659748293550&CODE_STATE=getMsg HTTP/1.1" 200 27
114.84.2.83 - - [06/Aug/2022:09:11:36 +0800] "GET /xingrg/all/function/internal_message.html?_=1659748292367&CODE_STATE=getMsg HTTP/1.1" 200 27
101.85.120.95 - - [06/Aug/2022:09:11:42 +0800] "GET /xingrg/all/function/internal_message.html?_=1659748300972&CODE_STATE=getMsg HTTP/1.1" 200 27
101.85.120.95 - - [06/Aug/2022:09:11:42 +0800] "GET /xingrg/check_reg.html?_=1659748300976 HTTP/1.1" 200 22
114.84.2.83 - - [06/Aug/2022:09:11:45 +0800] "GET /xingrg/kc/buy/cgsh_order_operate.html?command=get_materiel&rest_code=00111&code=00101015046&supplier_code=00100037&order_time=2022-08-06 HTTP/1.1" 200 412
58.37.7.214 - - [06/Aug/2022:09:11:51 +0800] "GET /xingrg/kc/buy/cgsh_order_operate.html?command=get_materiel&rest_code=00106&code=00101004046&supplier_code=00100312&order_time=2022-07-31 HTTP/1.1" 200 417
116.232.51.90 - - [06/Aug/2022:09:11:52 +0800] "GET /xingrg/check_reg.html?_=1659748312600 HTTP/1.1" 200 22
