116.224.123.211 - - [06/Aug/2022:12:16:58 +0800] "GET /xingrg/all/function/internal_message.html?_=1659759416651&CODE_STATE=getMsg HTTP/1.1" 200 27
116.224.123.211 - - [06/Aug/2022:12:16:58 +0800] "GET /xingrg/check_reg.html?_=1659759416741 HTTP/1.1" 200 22
120.253.135.82 - - [06/Aug/2022:12:16:58 +0800] "POST /xingrg/kc/pszx/mdps_list_operate.html HTTP/1.1" 200 632
120.253.135.82 - - [06/Aug/2022:12:17:00 +0800] "GET /xingrg/kc/pszx/mdps_order_info.html?code=312022080600119 HTTP/1.1" 200 24016
120.253.135.82 - - [06/Aug/2022:12:17:00 +0800] "GET /xingrg/javascript/easyui/themes/default/validatebox.css HTTP/1.1" 404 1104
120.253.135.82 - - [06/Aug/2022:12:17:00 +0800] "POST /xingrg/kc/pszx/mdps_order_operate.html HTTP/1.1" 200 6811
114.84.2.83 - - [06/Aug/2022:12:17:01 +0800] "GET /xingrg/all/function/internal_message.html?_=1659759417038&CODE_STATE=getMsg HTTP/1.1" 200 27
58.39.169.63 - - [06/Aug/2022:12:17:06 +0800] "GET /xingrg/check_reg.html?_=1659759427753 HTTP/1.1" 200 22
58.39.169.63 - - [06/Aug/2022:12:17:07 +0800] "GET /xingrg/all/function/internal_message.html?_=1659759427756&CODE_STATE=getMsg HTTP/1.1" 200 27
120.253.135.82 - - [06/Aug/2022:12:17:07 +0800] "GET /xingrg/kc/pszx/mdps_order_operate.html?command=get_materiel&pszx_code=00101&rest_code=00105&base_code=0010246&code=00101013073 HTTP/1.1" 200 433
58.37.7.214 - - [06/Aug/2022:12:17:09 +0800] "GET /xingrg/all/function/internal_message.html?_=1659759429231&CODE_STATE=getMsg HTTP/1.1" 200 27
58.39.169.63 - - [06/Aug/2022:12:17:11 +0800] "GET /xingrg/all/function/internal_message.html?_=1659759307098&CODE_STATE=getMsg HTTP/1.1" 200 27
120.253.135.82 - - [06/Aug/2022:12:17:14 +0800] "POST /xingrg/kc/pszx/mdps_order_operate.html HTTP/1.1" 200 37
120.253.135.82 - - [06/Aug/2022:12:17:15 +0800] "GET /xingrg/kc/pszx/mdps_order_info.html?code=312022080600119 HTTP/1.1" 200 24016
120.253.135.82 - - [06/Aug/2022:12:17:16 +0800] "GET /xingrg/javascript/easyui/themes/default/validatebox.css HTTP/1.1" 404 1104
120.253.135.82 - - [06/Aug/2022:12:17:16 +0800] "POST /xingrg/kc/pszx/mdps_order_operate.html HTTP/1.1" 200 6819
116.232.194.65 - - [06/Aug/2022:12:17:18 +0800] "GET /xingrg/all/function/internal_message.html?_=1659759433050&CODE_STATE=getMsg HTTP/1.1" 200 27
180.169.147.146 - - [06/Aug/2022:12:17:19 +0800] "GET /xingrg/all/function/internal_message.html?_=1659759437397&CODE_STATE=getMsg HTTP/1.1" 200 27
116.224.255.128 - - [06/Aug/2022:12:17:19 +0800] "GET /xingrg/all/function/internal_message.html?_=1659759437439&CODE_STATE=getMsg HTTP/1.1" 200 27
116.224.255.128 - - [06/Aug/2022:12:17:20 +0800] "GET /xingrg/check_reg.html?_=1659759438264 HTTP/1.1" 200 22
116.224.123.211 - - [06/Aug/2022:12:17:21 +0800] "GET /xingrg/all/function/internal_message.html?_=1659759440592&CODE_STATE=getMsg HTTP/1.1" 200 27
222.69.129.110 - - [06/Aug/2022:12:17:30 +0800] "GET /xingrg/all/function/internal_message.html?_=1659759509840&CODE_STATE=getMsg HTTP/1.1" 200 27
114.83.222.234 - - [06/Aug/2022:12:17:32 +0800] "GET /xingrg/all/function/internal_message.html?_=1659759451908&CODE_STATE=getMsg HTTP/1.1" 200 27
116.235.94.65 - - [06/Aug/2022:12:17:33 +0800] "GET /xingrg/all/function/internal_message.html?_=1659759640580&CODE_STATE=getMsg HTTP/1.1" 200 27
180.169.147.146 - - [06/Aug/2022:12:17:35 +0800] "GET /xingrg/all/function/internal_message.html?_=1659759457850&CODE_STATE=getMsg HTTP/1.1" 200 27
180.169.147.146 - - [06/Aug/2022:12:17:35 +0800] "GET /xingrg/check_reg.html?_=1659759457860 HTTP/1.1" 200 22
101.80.228.36 - - [06/Aug/2022:12:17:36 +0800] "GET /xingrg/all/function/internal_message.html?_=1659759454033&CODE_STATE=getMsg HTTP/1.1" 200 27
120.253.135.82 - - [06/Aug/2022:12:17:39 +0800] "GET /xingrg/all/function/internal_message.html?_=1659759265786&CODE_STATE=getMsg HTTP/1.1" 200 27
114.86.187.244 - - [06/Aug/2022:12:17:41 +0800] "GET /xingrg/all/function/internal_message.html?_=1659759472735&CODE_STATE=getMsg HTTP/1.1" 200 27
218.81.223.53 - - [06/Aug/2022:12:17:43 +0800] "GET /xingrg/all/function/internal_message.html?_=1659759485557&CODE_STATE=getMsg HTTP/1.1" 200 27
116.232.51.90 - - [06/Aug/2022:12:17:44 +0800] "GET /xingrg/all/function/internal_message.html?_=1659759464801&CODE_STATE=getMsg HTTP/1.1" 200 27
180.169.147.146 - - [06/Aug/2022:12:17:47 +0800] "GET /xingrg/all/function/internal_message.html?_=1659759463124&CODE_STATE=getMsg HTTP/1.1" 200 27
116.224.255.128 - - [06/Aug/2022:12:17:49 +0800] "GET /xingrg/kc/base/yddb_order_list.html HTTP/1.1" 200 16754
116.224.255.128 - - [06/Aug/2022:12:17:49 +0800] "POST /xingrg/kc/base/yddb_list_operate.html HTTP/1.1" 200 636
116.224.255.128 - - [06/Aug/2022:12:17:50 +0800] "GET /xingrg/kc/base/yddb_order_add.html HTTP/1.1" 200 29837
116.224.255.128 - - [06/Aug/2022:12:17:51 +0800] "GET /xingrg/dwr/interface/AjaxYddbService.js HTTP/1.1" 200 13201
116.224.255.128 - - [06/Aug/2022:12:17:51 +0800] "GET /xingrg/dwr/interface/AjaxComOrderService.js HTTP/1.1" 200 18264
116.224.255.128 - - [06/Aug/2022:12:17:51 +0800] "GET /xingrg/dwr/util.js HTTP/1.1" 304 -
116.224.255.128 - - [06/Aug/2022:12:17:51 +0800] "GET /xingrg/dwr/engine.js HTTP/1.1" 200 43631
180.162.109.37 - - [06/Aug/2022:12:17:53 +0800] "GET /xingrg/all/function/internal_message.html?_=1659758656150&CODE_STATE=getMsg HTTP/1.1" 200 27
180.169.147.146 - - [06/Aug/2022:12:17:53 +0800] "GET /xingrg/all/function/internal_message.html?_=1659759592853&CODE_STATE=getMsg HTTP/1.1" 200 27
116.224.255.128 - - [06/Aug/2022:12:17:58 +0800] "GET /xingrg/all/function/internal_message.html?_=1659759424692&CODE_STATE=getMsg HTTP/1.1" 200 27
116.224.123.211 - - [06/Aug/2022:12:17:58 +0800] "GET /xingrg/all/function/internal_message.html?_=1659759476628&CODE_STATE=getMsg HTTP/1.1" 200 27
116.224.255.128 - - [06/Aug/2022:12:17:59 +0800] "POST /xingrg/dwr/call/plaincall/AjaxYddbService.getRestBases.dwr HTTP/1.1" 200 1616
114.84.2.83 - - [06/Aug/2022:12:18:01 +0800] "GET /xingrg/all/function/internal_message.html?_=1659759477040&CODE_STATE=getMsg HTTP/1.1" 200 27
120.253.135.82 - - [06/Aug/2022:12:18:05 +0800] "GET /xingrg/check_reg.html?_=1659759291467 HTTP/1.1" 200 22
58.39.169.63 - - [06/Aug/2022:12:18:06 +0800] "GET /xingrg/all/function/internal_message.html?_=1659759487756&CODE_STATE=getMsg HTTP/1.1" 200 27
58.37.7.214 - - [06/Aug/2022:12:18:09 +0800] "GET /xingrg/all/function/internal_message.html?_=1659759489216&CODE_STATE=getMsg HTTP/1.1" 200 27
116.224.255.128 - - [06/Aug/2022:12:18:09 +0800] "POST /xingrg/dwr/call/plaincall/AjaxYddbService.saveOrder.dwr HTTP/1.1" 200 78
116.224.255.128 - - [06/Aug/2022:12:18:10 +0800] "GET /xingrg/images/yd/bt.gif HTTP/1.1" 404 1040
58.39.169.63 - - [06/Aug/2022:12:18:11 +0800] "GET /xingrg/all/function/internal_message.html?_=1659759367107&CODE_STATE=getMsg HTTP/1.1" 200 27
116.224.255.128 - - [06/Aug/2022:12:18:12 +0800] "POST /xingrg/dwr/call/plaincall/AjaxComOrderService.getMaterielSearchList.dwr HTTP/1.1" 200 1540
116.224.255.128 - - [06/Aug/2022:12:18:13 +0800] "POST /xingrg/dwr/call/plaincall/AjaxYddbService.getMaterielByMap.dwr HTTP/1.1" 200 3882
114.83.222.234 - - [06/Aug/2022:12:18:14 +0800] "GET /xingrg/javascript/jquery_tools/images/prev.gif HTTP/1.1" 404 1086
114.83.222.234 - - [06/Aug/2022:12:18:14 +0800] "GET /xingrg/javascript/jquery_tools/images/next.gif HTTP/1.1" 404 1086
116.224.255.128 - - [06/Aug/2022:12:18:16 +0800] "POST /xingrg/dwr/call/plaincall/AjaxYddbService.saveMaterielItem.dwr HTTP/1.1" 200 78
116.232.194.65 - - [06/Aug/2022:12:18:18 +0800] "GET /xingrg/all/function/internal_message.html?_=1659759493041&CODE_STATE=getMsg HTTP/1.1" 200 27
120.253.135.82 - - [06/Aug/2022:12:18:18 +0800] "POST /xingrg/kc/pszx/mdps_order_operate.html HTTP/1.1" 200 37
180.169.147.146 - - [06/Aug/2022:12:18:19 +0800] "GET /xingrg/all/function/internal_message.html?_=1659759497397&CODE_STATE=getMsg HTTP/1.1" 200 27
116.224.255.128 - - [06/Aug/2022:12:18:19 +0800] "GET /xingrg/all/function/internal_message.html?_=1659759497421&CODE_STATE=getMsg HTTP/1.1" 200 27
116.224.255.128 - - [06/Aug/2022:12:18:20 +0800] "POST /xingrg/dwr/call/plaincall/AjaxYddbService.checkOrder.dwr HTTP/1.1" 200 78
116.224.123.211 - - [06/Aug/2022:12:18:21 +0800] "GET /xingrg/all/function/internal_message.html?_=1659759500591&CODE_STATE=getMsg HTTP/1.1" 200 27
116.235.94.65 - - [06/Aug/2022:12:18:25 +0800] "GET /xingrg/check_reg.html?_=1659759692518 HTTP/1.1" 200 22
116.224.255.128 - - [06/Aug/2022:12:18:29 +0800] "GET /xingrg/kc/base/yddb_order_info.html?code=482022080600042 HTTP/1.1" 200 29584
116.224.255.128 - - [06/Aug/2022:12:18:29 +0800] "GET /xingrg/dwr/interface/AjaxYddbService.js HTTP/1.1" 200 13201
116.224.255.128 - - [06/Aug/2022:12:18:29 +0800] "GET /xingrg/dwr/interface/AjaxComOrderService.js HTTP/1.1" 200 18264
222.69.129.110 - - [06/Aug/2022:12:18:30 +0800] "GET /xingrg/all/function/internal_message.html?_=1659759569855&CODE_STATE=getMsg HTTP/1.1" 200 27
120.253.135.82 - - [06/Aug/2022:12:18:31 +0800] "GET /xingrg/kc/pszx/mdps_order_info.html?code=312022080600119 HTTP/1.1" 200 24016
116.224.255.128 - - [06/Aug/2022:12:18:31 +0800] "GET /xingrg/dwr/engine.js HTTP/1.1" 200 43631
116.224.255.128 - - [06/Aug/2022:12:18:32 +0800] "POST /xingrg/dwr/call/plaincall/AjaxYddbService.loadMaterielItems.dwr HTTP/1.1" 200 406
120.253.135.82 - - [06/Aug/2022:12:18:32 +0800] "POST /xingrg/kc/pszx/mdps_order_operate.html HTTP/1.1" 200 6819
120.253.135.82 - - [06/Aug/2022:12:18:32 +0800] "GET /xingrg/javascript/easyui/themes/default/validatebox.css HTTP/1.1" 404 1104
114.83.222.234 - - [06/Aug/2022:12:18:32 +0800] "GET /xingrg/all/function/internal_message.html?_=1659759511901&CODE_STATE=getMsg HTTP/1.1" 200 27
116.235.94.65 - - [06/Aug/2022:12:18:33 +0800] "GET /xingrg/all/function/internal_message.html?_=1659759700560&CODE_STATE=getMsg HTTP/1.1" 200 27
114.83.222.234 - - [06/Aug/2022:12:18:33 +0800] "GET /xingrg/check_reg.html?_=1659759513158 HTTP/1.1" 200 22
180.169.147.146 - - [06/Aug/2022:12:18:35 +0800] "GET /xingrg/all/function/internal_message.html?_=1659759517859&CODE_STATE=getMsg HTTP/1.1" 200 27
101.80.228.36 - - [06/Aug/2022:12:18:36 +0800] "GET /xingrg/all/function/internal_message.html?_=1659759514034&CODE_STATE=getMsg HTTP/1.1" 200 27
101.80.228.36 - - [06/Aug/2022:12:18:36 +0800] "GET /xingrg/check_reg.html?_=1659759514035 HTTP/1.1" 200 22
116.235.94.65 - - [06/Aug/2022:12:18:36 +0800] "POST /xingrg/kc/buy/cgsh_list_operate.html HTTP/1.1" 200 693
116.224.255.128 - - [06/Aug/2022:12:18:37 +0800] "GET /xingrg/kc/base/yddb_order_add.html HTTP/1.1" 200 29837
116.224.255.128 - - [06/Aug/2022:12:18:37 +0800] "GET /xingrg/dwr/interface/AjaxComOrderService.js HTTP/1.1" 200 18264
120.253.135.82 - - [06/Aug/2022:12:18:37 +0800] "GET /xingrg/kc/pszx/mdps_order_info.html?code=312022080600118 HTTP/1.1" 200 24016
116.224.255.128 - - [06/Aug/2022:12:18:38 +0800] "GET /xingrg/dwr/interface/AjaxYddbService.js HTTP/1.1" 200 13201
116.224.255.128 - - [06/Aug/2022:12:18:38 +0800] "GET /xingrg/dwr/engine.js HTTP/1.1" 200 43631
120.253.135.82 - - [06/Aug/2022:12:18:38 +0800] "POST /xingrg/kc/pszx/mdps_order_operate.html HTTP/1.1" 200 8750
120.253.135.82 - - [06/Aug/2022:12:18:38 +0800] "GET /xingrg/javascript/easyui/themes/default/validatebox.css HTTP/1.1" 404 1104
120.253.135.82 - - [06/Aug/2022:12:18:39 +0800] "GET /xingrg/all/function/internal_message.html?_=1659759325799&CODE_STATE=getMsg HTTP/1.1" 200 27
116.224.255.128 - - [06/Aug/2022:12:18:40 +0800] "POST /xingrg/dwr/call/plaincall/AjaxYddbService.getRestBases.dwr HTTP/1.1" 200 1616
114.86.187.244 - - [06/Aug/2022:12:18:41 +0800] "GET /xingrg/all/function/internal_message.html?_=1659759532737&CODE_STATE=getMsg HTTP/1.1" 200 27
218.81.223.53 - - [06/Aug/2022:12:18:44 +0800] "GET /xingrg/all/function/internal_message.html?_=1659759545830&CODE_STATE=getMsg HTTP/1.1" 200 27
116.232.51.90 - - [06/Aug/2022:12:18:44 +0800] "GET /xingrg/all/function/internal_message.html?_=1659759524801&CODE_STATE=getMsg HTTP/1.1" 200 27
116.235.94.65 - - [06/Aug/2022:12:18:44 +0800] "GET /xingrg/kc/buy/cgsh_order_list.html HTTP/1.1" 200 52509
116.232.51.90 - - [06/Aug/2022:12:18:44 +0800] "GET /xingrg/check_reg.html?_=1659759524801 HTTP/1.1" 200 22
116.224.255.128 - - [06/Aug/2022:12:18:44 +0800] "POST /xingrg/dwr/call/plaincall/AjaxYddbService.saveOrder.dwr HTTP/1.1" 200 78
116.235.94.65 - - [06/Aug/2022:12:18:45 +0800] "POST /xingrg/kc/buy/cgsh_list_operate.html HTTP/1.1" 200 693
116.232.194.65 - - [06/Aug/2022:12:18:46 +0800] "POST /xingrg/services/DataTransmitService HTTP/1.1" 200 524
116.232.194.65 - - [06/Aug/2022:12:18:46 +0800] "POST /xingrg/services/DataTransmitService HTTP/1.1" 200 501
116.232.194.65 - - [06/Aug/2022:12:18:46 +0800] "POST /xingrg/services/DataTransmitService HTTP/1.1" 200 501
116.232.194.65 - - [06/Aug/2022:12:18:46 +0800] "POST /xingrg/services/DataTransmitService HTTP/1.1" 200 501
116.232.194.65 - - [06/Aug/2022:12:18:46 +0800] "POST /xingrg/services/DataTransmitService HTTP/1.1" 200 501
116.232.194.65 - - [06/Aug/2022:12:18:47 +0800] "POST /xingrg/services/DataTransmitService HTTP/1.1" 200 501
116.224.255.128 - - [06/Aug/2022:12:18:47 +0800] "POST /xingrg/dwr/call/plaincall/AjaxComOrderService.getMaterielSearchList.dwr HTTP/1.1" 200 1752
116.232.194.65 - - [06/Aug/2022:12:18:47 +0800] "POST /xingrg/services/DataTransmitService HTTP/1.1" 200 412
120.253.135.82 - - [06/Aug/2022:12:18:47 +0800] "POST /xingrg/kc/pszx/mdps_list_operate.html HTTP/1.1" 200 3492
116.224.255.128 - - [06/Aug/2022:12:18:47 +0800] "POST /xingrg/dwr/call/plaincall/AjaxComOrderService.getMaterielSearchList.dwr HTTP/1.1" 200 1752
180.169.147.146 - - [06/Aug/2022:12:18:47 +0800] "GET /xingrg/all/function/internal_message.html?_=1659759523107&CODE_STATE=getMsg HTTP/1.1" 200 27
116.224.255.128 - - [06/Aug/2022:12:18:48 +0800] "POST /xingrg/dwr/call/plaincall/AjaxYddbService.getMaterielByMap.dwr HTTP/1.1" 200 3887
120.253.135.82 - - [06/Aug/2022:12:18:49 +0800] "POST /xingrg/kc/pszx/mdps_list_operate.html HTTP/1.1" 200 632
180.169.147.146 - - [06/Aug/2022:12:18:49 +0800] "GET /xingrg/check_reg.html?_=1659759524855 HTTP/1.1" 200 22
116.224.255.128 - - [06/Aug/2022:12:18:51 +0800] "POST /xingrg/dwr/call/plaincall/AjaxYddbService.saveMaterielItem.dwr HTTP/1.1" 200 78
180.162.109.37 - - [06/Aug/2022:12:18:53 +0800] "GET /xingrg/all/function/internal_message.html?_=1659758716144&CODE_STATE=getMsg HTTP/1.1" 200 27
180.169.147.146 - - [06/Aug/2022:12:18:53 +0800] "GET /xingrg/all/function/internal_message.html?_=1659759652864&CODE_STATE=getMsg HTTP/1.1" 200 27
101.85.120.95 - - [06/Aug/2022:12:18:53 +0800] "POST /xingrg/login.do HTTP/1.1" 302 -
101.85.120.95 - - [06/Aug/2022:12:18:53 +0800] "GET /xingrg/index.html?sysBaseUrl=http%3A%2F%2F180.169.147.146%3A18081%2Fxingrg%2F&costTime=50×tamp=1659759533567 HTTP/1.1" 200 17179
101.85.120.95 - - [06/Aug/2022:12:18:53 +0800] "GET /favicon.ico HTTP/1.1" 404 -
101.85.120.95 - - [06/Aug/2022:12:18:53 +0800] "POST /xingrg/all/common/load_tree.html?tree=area_rest_tree_json&manage=1 HTTP/1.1" 200 351
101.85.120.95 - - [06/Aug/2022:12:18:53 +0800] "GET /xingrg/check_reg.html?_=1659759532494 HTTP/1.1" 200 22
101.85.120.95 - - [06/Aug/2022:12:18:53 +0800] "POST /xingrg/load_menu.html HTTP/1.1" 200 5138
101.85.120.95 - - [06/Aug/2022:12:18:53 +0800] "GET /xingrg/all/function/internal_message.html?_=1659759532492&CODE_STATE=count HTTP/1.1" 200 11
116.224.255.128 - - [06/Aug/2022:12:18:54 +0800] "POST /xingrg/dwr/call/plaincall/AjaxYddbService.checkOrder.dwr HTTP/1.1" 200 78
120.253.135.82 - - [06/Aug/2022:12:18:54 +0800] "POST /xingrg/kc/pszx/mdps_list_operate.html HTTP/1.1" 200 629
120.253.135.82 - - [06/Aug/2022:12:18:56 +0800] "GET /xingrg/kc/pszx/mdps_order_info.html?code=312022080600120 HTTP/1.1" 200 24016
120.253.135.82 - - [06/Aug/2022:12:18:57 +0800] "POST /xingrg/kc/pszx/mdps_order_operate.html HTTP/1.1" 200 6311
120.253.135.82 - - [06/Aug/2022:12:18:57 +0800] "GET /xingrg/javascript/easyui/themes/default/validatebox.css HTTP/1.1" 404 1104
116.224.255.128 - - [06/Aug/2022:12:18:57 +0800] "GET /xingrg/kc/base/yddb_order_info.html?code=482022080600043 HTTP/1.1" 200 29584
116.224.255.128 - - [06/Aug/2022:12:18:57 +0800] "GET /xingrg/dwr/engine.js HTTP/1.1" 200 43631
116.224.255.128 - - [06/Aug/2022:12:18:58 +0800] "GET /xingrg/all/function/internal_message.html?_=1659759484754&CODE_STATE=getMsg HTTP/1.1" 200 27
116.224.255.128 - - [06/Aug/2022:12:18:58 +0800] "GET /xingrg/dwr/interface/AjaxYddbService.js HTTP/1.1" 200 13201
116.224.123.211 - - [06/Aug/2022:12:18:58 +0800] "GET /xingrg/all/function/internal_message.html?_=1659759536598&CODE_STATE=getMsg HTTP/1.1" 200 27
116.224.255.128 - - [06/Aug/2022:12:18:58 +0800] "GET /xingrg/dwr/interface/AjaxComOrderService.js HTTP/1.1" 200 18264
116.224.255.128 - - [06/Aug/2022:12:18:58 +0800] "POST /xingrg/dwr/call/plaincall/AjaxYddbService.loadMaterielItems.dwr HTTP/1.1" 200 406
101.85.120.95 - - [06/Aug/2022:12:18:59 +0800] "GET /xingrg/kc/buy/cgsh_order_list.html HTTP/1.1" 200 52509
101.85.120.95 - - [06/Aug/2022:12:19:00 +0800] "POST /xingrg/kc/buy/cgsh_list_operate.html HTTP/1.1" 200 693
114.84.2.83 - - [06/Aug/2022:12:19:01 +0800] "GET /xingrg/all/function/internal_message.html?_=1659759537041&CODE_STATE=getMsg HTTP/1.1" 200 27
116.224.255.128 - - [06/Aug/2022:12:19:01 +0800] "GET /xingrg/dwr/interface/AjaxComOrderService.js HTTP/1.1" 200 18264
116.224.255.128 - - [06/Aug/2022:12:19:01 +0800] "GET /xingrg/dwr/interface/AjaxYddbService.js HTTP/1.1" 200 13201
116.224.255.128 - - [06/Aug/2022:12:19:01 +0800] "GET /xingrg/kc/base/yddb_order_add.html HTTP/1.1" 200 29837
116.224.255.128 - - [06/Aug/2022:12:19:02 +0800] "GET /xingrg/dwr/engine.js HTTP/1.1" 200 43631
101.85.120.95 - - [06/Aug/2022:12:19:03 +0800] "GET /xingrg/javascript/jquery_tools/order_manager.js HTTP/1.1" 304 -
101.85.120.95 - - [06/Aug/2022:12:19:03 +0800] "GET /xingrg/javascript/convert.js HTTP/1.1" 304 -
101.85.120.95 - - [06/Aug/2022:12:19:03 +0800] "GET /xingrg/kc/buy/cgsh_order_add.html HTTP/1.1" 200 67404
101.85.120.95 - - [06/Aug/2022:12:19:03 +0800] "GET /xingrg/javascript/json2.js HTTP/1.1" 304 -
101.85.120.95 - - [06/Aug/2022:12:19:03 +0800] "GET /xingrg/javascript/print/kc_print.js HTTP/1.1" 304 -
101.85.120.95 - - [06/Aug/2022:12:19:03 +0800] "GET /xingrg/words/20220805141303_words.js HTTP/1.1" 200 910960
101.85.120.95 - - [06/Aug/2022:12:19:03 +0800] "GET /xingrg/javascript/easyui/themes/icons/copy_new.png HTTP/1.1" 304 -
101.85.120.95 - - [06/Aug/2022:12:19:03 +0800] "GET /xingrg/javascript/easyui/themes/icons/template_new.png HTTP/1.1" 304 -
101.85.120.95 - - [06/Aug/2022:12:19:03 +0800] "GET /xingrg/javascript/easyui/themes/icons/ok.png HTTP/1.1" 304 -
101.85.120.95 - - [06/Aug/2022:12:19:03 +0800] "GET /xingrg/javascript/easyui/themes/icons/print.png HTTP/1.1" 304 -
101.85.120.95 - - [06/Aug/2022:12:19:03 +0800] "GET /xingrg/javascript/easyui/themes/icons/cancel.png HTTP/1.1" 304 -
101.85.120.95 - - [06/Aug/2022:12:19:03 +0800] "GET /xingrg/javascript/easyui/themes/default/images/menu_downarrow.png HTTP/1.1" 304 -
116.224.255.128 - - [06/Aug/2022:12:19:04 +0800] "POST /xingrg/dwr/call/plaincall/AjaxYddbService.getRestBases.dwr HTTP/1.1" 200 1616
101.85.120.95 - - [06/Aug/2022:12:19:04 +0800] "POST /xingrg/kc/buy/cgsh_order_operate.html HTTP/1.1" 200 8245
101.85.120.95 - - [06/Aug/2022:12:19:04 +0800] "GET /xingrg/all/common/auto_word.html?type=employee&rest_code=00142 HTTP/1.1" 200 105
101.85.120.95 - - [06/Aug/2022:12:19:04 +0800] "GET /xingrg/javascript/easyui/themes/default/validatebox.css HTTP/1.1" 404 1104
101.85.120.95 - - [06/Aug/2022:12:19:04 +0800] "GET /xingrg/javascript/easyui/plugins/jquery.validatebox.js HTTP/1.1" 304 -
101.85.120.95 - - [06/Aug/2022:12:19:04 +0800] "GET /xingrg/all/common/auto_word.html?type=employee&rest_code=00142 HTTP/1.1" 200 105
101.85.120.95 - - [06/Aug/2022:12:19:04 +0800] "GET /xingrg/javascript/easyui/plugins/jquery.numberbox.js HTTP/1.1" 304 -
101.85.120.95 - - [06/Aug/2022:12:19:04 +0800] "GET /xingrg/javascript/easyui/themes/icons/edit_remove.png HTTP/1.1" 304 -
120.253.135.82 - - [06/Aug/2022:12:19:05 +0800] "POST /xingrg/kc/pszx/mdps_list_operate.html HTTP/1.1" 200 3492
120.253.135.82 - - [06/Aug/2022:12:19:06 +0800] "POST /xingrg/kc/pszx/mdps_list_operate.html HTTP/1.1" 200 315
101.85.120.95 - - [06/Aug/2022:12:19:06 +0800] "GET /xingrg/javascript/auto/indicator.gif HTTP/1.1" 404 1066
58.39.169.63 - - [06/Aug/2022:12:19:06 +0800] "GET /xingrg/all/function/internal_message.html?_=1659759547756&CODE_STATE=getMsg HTTP/1.1" 200 27
120.253.135.82 - - [06/Aug/2022:12:19:08 +0800] "GET /xingrg/kc/pszx/mdps_order_info.html?code=312022080600121 HTTP/1.1" 200 24014
116.224.255.128 - - [06/Aug/2022:12:19:08 +0800] "POST /xingrg/dwr/call/plaincall/AjaxYddbService.saveOrder.dwr HTTP/1.1" 200 78
120.253.135.82 - - [06/Aug/2022:12:19:08 +0800] "GET /xingrg/javascript/easyui/themes/default/validatebox.css HTTP/1.1" 404 1104
120.253.135.82 - - [06/Aug/2022:12:19:08 +0800] "POST /xingrg/kc/pszx/mdps_order_operate.html HTTP/1.1" 200 2842
58.37.7.214 - - [06/Aug/2022:12:19:09 +0800] "GET /xingrg/all/function/internal_message.html?_=1659759549201&CODE_STATE=getMsg HTTP/1.1" 200 27
58.39.169.63 - - [06/Aug/2022:12:19:11 +0800] "GET /xingrg/all/function/internal_message.html?_=1659759427101&CODE_STATE=getMsg HTTP/1.1" 200 27
58.39.169.63 - - [06/Aug/2022:12:19:11 +0800] "GET /xingrg/check_reg.html?_=1659759427104 HTTP/1.1" 200 22
58.37.7.214 - - [06/Aug/2022:12:19:11 +0800] "GET /xingrg/check_reg.html?_=1659759551934 HTTP/1.1" 200 22
116.224.255.128 - - [06/Aug/2022:12:19:11 +0800] "POST /xingrg/dwr/call/plaincall/AjaxComOrderService.getMaterielSearchList.dwr HTTP/1.1" 200 6009
120.253.135.82 - - [06/Aug/2022:12:19:12 +0800] "POST /xingrg/kc/pszx/mdps_list_operate.html HTTP/1.1" 200 3492
116.224.123.211 - - [06/Aug/2022:12:19:12 +0800] "GET /xingrg/kc/buy/cgsh_order_operate.html?command=get_materiel&rest_code=00102&code=00101010209&supplier_code=00100322&order_time=2022-08-05 HTTP/1.1" 200 439
116.224.255.128 - - [06/Aug/2022:12:19:13 +0800] "POST /xingrg/dwr/call/plaincall/AjaxComOrderService.getMaterielSearchList.dwr HTTP/1.1" 200 1079
120.253.135.82 - - [06/Aug/2022:12:19:14 +0800] "POST /xingrg/kc/pszx/mdps_list_operate.html HTTP/1.1" 200 233
116.224.255.128 - - [06/Aug/2022:12:19:14 +0800] "POST /xingrg/dwr/call/plaincall/AjaxYddbService.getMaterielByMap.dwr HTTP/1.1" 200 3934
116.224.255.128 - - [06/Aug/2022:12:19:15 +0800] "POST /xingrg/dwr/call/plaincall/AjaxYddbService.saveMaterielItem.dwr HTTP/1.1" 200 78
120.253.135.82 - - [06/Aug/2022:12:19:17 +0800] "POST /xingrg/kc/pszx/mdps_list_operate.html HTTP/1.1" 200 315
120.253.135.82 - - [06/Aug/2022:12:19:17 +0800] "GET /xingrg/kc/pszx/mdps_order_info.html?code=312022080600121 HTTP/1.1" 200 24014
120.253.135.82 - - [06/Aug/2022:12:19:17 +0800] "POST /xingrg/kc/pszx/mdps_order_operate.html HTTP/1.1" 200 2842
120.253.135.82 - - [06/Aug/2022:12:19:17 +0800] "GET /xingrg/javascript/easyui/themes/default/validatebox.css HTTP/1.1" 404 1104
116.232.194.65 - - [06/Aug/2022:12:19:18 +0800] "GET /xingrg/all/function/internal_message.html?_=1659759553022&CODE_STATE=getMsg HTTP/1.1" 200 27
116.224.255.128 - - [06/Aug/2022:12:19:19 +0800] "POST /xingrg/dwr/call/plaincall/AjaxComOrderService.getMaterielSearchList.dwr HTTP/1.1" 200 20382
180.169.147.146 - - [06/Aug/2022:12:19:19 +0800] "GET /xingrg/all/function/internal_message.html?_=1659759557398&CODE_STATE=getMsg HTTP/1.1" 200 27
116.224.255.128 - - [06/Aug/2022:12:19:19 +0800] "GET /xingrg/all/function/internal_message.html?_=1659759557405&CODE_STATE=getMsg HTTP/1.1" 200 27
116.224.255.128 - - [06/Aug/2022:12:19:19 +0800] "POST /xingrg/dwr/call/plaincall/AjaxComOrderService.getMaterielSearchList.dwr HTTP/1.1" 200 1012
101.85.120.95 - - [06/Aug/2022:12:19:19 +0800] "GET /xingrg/kc/buy/cgsh_order_operate.html?command=get_materiel&rest_code=00142&code=00101008108&supplier_code=00100161&order_time=2022-08-06 HTTP/1.1" 200 412
116.224.123.211 - - [06/Aug/2022:12:19:21 +0800] "GET /xingrg/all/function/internal_message.html?_=1659759560587&CODE_STATE=getMsg HTTP/1.1" 200 27
116.224.255.128 - - [06/Aug/2022:12:19:22 +0800] "POST /xingrg/dwr/call/plaincall/AjaxYddbService.getMaterielByMap.dwr HTTP/1.1" 200 3932
116.224.123.211 - - [06/Aug/2022:12:19:22 +0800] "GET /xingrg/check_reg.html?_=1659759561906 HTTP/1.1" 200 22
116.224.255.128 - - [06/Aug/2022:12:19:23 +0800] "POST /xingrg/dwr/call/plaincall/AjaxYddbService.saveMaterielItem.dwr HTTP/1.1" 200 78
116.224.123.211 - - [06/Aug/2022:12:19:24 +0800] "POST /xingrg/kc/buy/cgsh_order_operate.html HTTP/1.1" 200 37
116.224.255.128 - - [06/Aug/2022:12:19:26 +0800] "POST /xingrg/dwr/call/plaincall/AjaxComOrderService.getMaterielSearchList.dwr HTTP/1.1" 200 5349
120.253.135.82 - - [06/Aug/2022:12:19:27 +0800] "POST /xingrg/kc/pszx/mdps_order_operate.html HTTP/1.1" 200 37
218.81.223.53 - - [06/Aug/2022:12:19:27 +0800] "GET /xingrg/check_reg.html?_=1659759589178 HTTP/1.1" 200 22
116.224.255.128 - - [06/Aug/2022:12:19:28 +0800] "POST /xingrg/dwr/call/plaincall/AjaxYddbService.getMaterielByMap.dwr HTTP/1.1" 200 3950
120.253.135.82 - - [06/Aug/2022:12:19:29 +0800] "GET /xingrg/kc/pszx/mdps_order_info.html?code=312022080600121 HTTP/1.1" 200 24014
116.224.255.128 - - [06/Aug/2022:12:19:29 +0800] "POST /xingrg/dwr/call/plaincall/AjaxYddbService.getUnitPrice.dwr HTTP/1.1" 200 87
120.253.135.82 - - [06/Aug/2022:12:19:30 +0800] "GET /xingrg/javascript/easyui/themes/default/validatebox.css HTTP/1.1" 404 1104
222.69.129.110 - - [06/Aug/2022:12:19:30 +0800] "GET /xingrg/all/function/internal_message.html?_=1659759629843&CODE_STATE=getMsg HTTP/1.1" 200 27
116.224.123.211 - - [06/Aug/2022:12:19:31 +0800] "POST /xingrg/kc/buy/cgsh_order_operate.html HTTP/1.1" 200 12
120.253.135.82 - - [06/Aug/2022:12:19:31 +0800] "POST /xingrg/kc/pszx/mdps_order_operate.html HTTP/1.1" 200 2302
101.85.120.95 - - [06/Aug/2022:12:19:32 +0800] "GET /xingrg/kc/buy/cgsh_order_operate.html?command=get_materiel&rest_code=00142&code=00101008368&supplier_code=00100161&order_time=2022-08-06 HTTP/1.1" 200 408
114.83.222.234 - - [06/Aug/2022:12:19:32 +0800] "GET /xingrg/all/function/internal_message.html?_=1659759571877&CODE_STATE=getMsg HTTP/1.1" 200 27
116.224.255.128 - - [06/Aug/2022:12:19:32 +0800] "POST /xingrg/dwr/call/plaincall/AjaxYddbService.saveMaterielItem.dwr HTTP/1.1" 200 79
120.253.135.82 - - [06/Aug/2022:12:19:32 +0800] "POST /xingrg/kc/pszx/mdps_list_operate.html HTTP/1.1" 200 3491
116.224.123.211 - - [06/Aug/2022:12:19:33 +0800] "GET /xingrg/kc/buy/cgsh_order_info.html?code=212022080601696 HTTP/1.1" 200 63223
116.224.123.211 - - [06/Aug/2022:12:19:33 +0800] "GET /xingrg/javascript/easyui/themes/default/validatebox.css HTTP/1.1" 404 1104
116.235.94.65 - - [06/Aug/2022:12:19:33 +0800] "GET /xingrg/all/function/internal_message.html?_=1659759760546&CODE_STATE=getMsg HTTP/1.1" 200 27
116.224.123.211 - - [06/Aug/2022:12:19:34 +0800] "POST /xingrg/kc/buy/cgsh_order_operate.html HTTP/1.1" 200 628
116.224.255.128 - - [06/Aug/2022:12:19:35 +0800] "POST /xingrg/dwr/call/plaincall/AjaxComOrderService.getMaterielSearchList.dwr HTTP/1.1" 200 1890
180.169.147.146 - - [06/Aug/2022:12:19:35 +0800] "GET /xingrg/all/function/internal_message.html?_=1659759577858&CODE_STATE=getMsg HTTP/1.1" 200 27
116.224.123.211 - - [06/Aug/2022:12:19:35 +0800] "GET /xingrg/kc/print/load_data.html?order_code=212022080601696&kc_code=cgsh&condition= HTTP/1.1" 200 711
101.80.228.36 - - [06/Aug/2022:12:19:36 +0800] "GET /xingrg/all/function/internal_message.html?_=1659759574036&CODE_STATE=getMsg HTTP/1.1" 200 27
116.224.255.128 - - [06/Aug/2022:12:19:36 +0800] "POST /xingrg/dwr/call/plaincall/AjaxYddbService.getMaterielByMap.dwr HTTP/1.1" 200 3952
116.224.255.128 - - [06/Aug/2022:12:19:38 +0800] "POST /xingrg/dwr/call/plaincall/AjaxYddbService.getUnitPrice.dwr HTTP/1.1" 200 87
116.224.123.211 - - [06/Aug/2022:12:19:38 +0800] "GET /xingrg/kc/buy/cgsh_order_add.html HTTP/1.1" 200 68326
120.253.135.82 - - [06/Aug/2022:12:19:39 +0800] "GET /xingrg/all/function/internal_message.html?_=1659759385813&CODE_STATE=getMsg HTTP/1.1" 200 27
116.224.123.211 - - [06/Aug/2022:12:19:39 +0800] "POST /xingrg/kc/buy/cgsh_order_operate.html HTTP/1.1" 200 8245
116.224.123.211 - - [06/Aug/2022:12:19:39 +0800] "GET /xingrg/javascript/easyui/themes/default/validatebox.css HTTP/1.1" 404 1104
101.85.120.95 - - [06/Aug/2022:12:19:41 +0800] "GET /xingrg/kc/buy/cgsh_order_operate.html?command=get_materiel&rest_code=00142&code=00101008005&supplier_code=00100161&order_time=2022-08-06 HTTP/1.1" 200 412
114.86.187.244 - - [06/Aug/2022:12:19:41 +0800] "GET /xingrg/all/function/internal_message.html?_=1659759592737&CODE_STATE=getMsg HTTP/1.1" 200 27
120.253.135.82 - - [06/Aug/2022:12:19:41 +0800] "POST /xingrg/kc/pszx/mdps_list_operate.html HTTP/1.1" 200 3188
116.224.255.128 - - [06/Aug/2022:12:19:42 +0800] "POST /xingrg/dwr/call/plaincall/AjaxYddbService.saveMaterielItem.dwr HTTP/1.1" 200 79
120.253.135.82 - - [06/Aug/2022:12:19:43 +0800] "POST /xingrg/kc/pszx/mdps_list_operate.html HTTP/1.1" 200 205
218.81.223.53 - - [06/Aug/2022:12:19:44 +0800] "GET /xingrg/all/function/internal_message.html?_=1659759605833&CODE_STATE=getMsg HTTP/1.1" 200 27
116.232.51.90 - - [06/Aug/2022:12:19:44 +0800] "GET /xingrg/all/function/internal_message.html?_=1659759584800&CODE_STATE=getMsg HTTP/1.1" 200 27
120.253.135.82 - - [06/Aug/2022:12:19:44 +0800] "POST /xingrg/kc/pszx/mdps_list_operate.html HTTP/1.1" 200 616
116.224.255.128 - - [06/Aug/2022:12:19:45 +0800] "POST /xingrg/dwr/call/plaincall/AjaxComOrderService.getMaterielSearchList.dwr HTTP/1.1" 200 1215
116.224.255.128 - - [06/Aug/2022:12:19:46 +0800] "POST /xingrg/dwr/call/plaincall/AjaxComOrderService.getMaterielSearchList.dwr HTTP/1.1" 200 1215
120.253.135.82 - - [06/Aug/2022:12:19:46 +0800] "POST /xingrg/kc/pszx/mdps_list_operate.html HTTP/1.1" 200 641
116.224.255.128 - - [06/Aug/2022:12:19:47 +0800] "POST /xingrg/dwr/call/plaincall/AjaxYddbService.getMaterielByMap.dwr HTTP/1.1" 200 3969
116.224.123.211 - - [06/Aug/2022:12:19:47 +0800] "GET /xingrg/kc/buy/cgsh_order_operate.html?command=get_materiel&rest_code=00102&code=00101007085&supplier_code=00100328&order_time=2022-08-05 HTTP/1.1" 200 413
180.169.147.146 - - [06/Aug/2022:12:19:47 +0800] "GET /xingrg/all/function/internal_message.html?_=1659759583091&CODE_STATE=getMsg HTTP/1.1" 200 27
116.224.255.128 - - [06/Aug/2022:12:19:48 +0800] "POST /xingrg/dwr/call/plaincall/AjaxYddbService.getUnitPrice.dwr HTTP/1.1" 200 88
120.253.135.82 - - [06/Aug/2022:12:19:49 +0800] "GET /xingrg/kc/pszx/mdps_order_info.html?code=312022080600132 HTTP/1.1" 200 24022
120.253.135.82 - - [06/Aug/2022:12:19:49 +0800] "POST /xingrg/kc/pszx/mdps_order_operate.html HTTP/1.1" 200 12029
120.253.135.82 - - [06/Aug/2022:12:19:49 +0800] "GET /xingrg/javascript/easyui/themes/default/validatebox.css HTTP/1.1" 404 1104
101.85.120.95 - - [06/Aug/2022:12:19:50 +0800] "GET /xingrg/kc/buy/cgsh_order_operate.html?command=get_materiel&rest_code=00142&code=00101008261&supplier_code=00100161&order_time=2022-08-06 HTTP/1.1" 200 408
116.224.255.128 - - [06/Aug/2022:12:19:51 +0800] "GET /xingrg/images/yd/bt2.gif HTTP/1.1" 404 1042
116.224.255.128 - - [06/Aug/2022:12:19:52 +0800] "POST /xingrg/dwr/call/plaincall/AjaxYddbService.saveMaterielItem.dwr HTTP/1.1" 200 79
180.162.109.37 - - [06/Aug/2022:12:19:53 +0800] "GET /xingrg/all/function/internal_message.html?_=1659758776149&CODE_STATE=getMsg HTTP/1.1" 200 27
180.169.147.146 - - [06/Aug/2022:12:19:53 +0800] "GET /xingrg/all/function/internal_message.html?_=1659759712854&CODE_STATE=getMsg HTTP/1.1" 200 27
101.85.120.95 - - [06/Aug/2022:12:19:53 +0800] "GET /xingrg/all/function/internal_message.html?_=1659759592506&CODE_STATE=getMsg HTTP/1.1" 200 27
114.83.222.234 - - [06/Aug/2022:12:19:54 +0800] "GET /xingrg/kc/buy/cgsh_order_operate.html?command=get_materiel&rest_code=00149&code=00101010186&supplier_code=00100151&order_time=2022-08-06 HTTP/1.1" 200 408
116.224.255.128 - - [06/Aug/2022:12:19:55 +0800] "POST /xingrg/dwr/call/plaincall/AjaxComOrderService.getMaterielSearchList.dwr HTTP/1.1" 200 29784
116.224.255.128 - - [06/Aug/2022:12:19:56 +0800] "POST /xingrg/dwr/call/plaincall/AjaxComOrderService.getMaterielSearchList.dwr HTTP/1.1" 200 2510
101.85.120.95 - - [06/Aug/2022:12:19:58 +0800] "GET /xingrg/kc/buy/cgsh_order_operate.html?command=get_materiel&rest_code=00142&code=00101008268&supplier_code=00100161&order_time=2022-08-06 HTTP/1.1" 200 408
116.224.255.128 - - [06/Aug/2022:12:19:58 +0800] "GET /xingrg/all/function/internal_message.html?_=1659759544767&CODE_STATE=getMsg HTTP/1.1" 200 27
116.224.255.128 - - [06/Aug/2022:12:19:58 +0800] "POST /xingrg/dwr/call/plaincall/AjaxYddbService.getMaterielByMap.dwr HTTP/1.1" 200 3876
116.224.123.211 - - [06/Aug/2022:12:19:58 +0800] "GET /xingrg/kc/buy/cgsh_order_operate.html?command=get_materiel&rest_code=00102&code=00101007032&supplier_code=00100328&order_time=2022-08-05 HTTP/1.1" 200 413
116.224.123.211 - - [06/Aug/2022:12:19:58 +0800] "GET /xingrg/all/function/internal_message.html?_=1659759596636&CODE_STATE=getMsg HTTP/1.1" 200 27
120.253.135.82 - - [06/Aug/2022:12:19:59 +0800] "POST /xingrg/kc/pszx/mdps_list_operate.html HTTP/1.1" 200 3188
120.253.135.82 - - [06/Aug/2022:12:20:00 +0800] "POST /xingrg/kc/pszx/mdps_list_operate.html HTTP/1.1" 200 641
114.84.2.83 - - [06/Aug/2022:12:20:01 +0800] "GET /xingrg/all/function/internal_message.html?_=1659759597042&CODE_STATE=getMsg HTTP/1.1" 200 27
116.224.255.128 - - [06/Aug/2022:12:20:01 +0800] "POST /xingrg/dwr/call/plaincall/AjaxYddbService.saveMaterielItem.dwr HTTP/1.1" 200 79
120.253.135.82 - - [06/Aug/2022:12:20:02 +0800] "POST /xingrg/kc/pszx/mdps_list_operate.html HTTP/1.1" 200 202
120.253.135.82 - - [06/Aug/2022:12:20:04 +0800] "GET /xingrg/kc/pszx/mdps_order_info.html?code=312022080600133 HTTP/1.1" 200 24022
120.253.135.82 - - [06/Aug/2022:12:20:04 +0800] "POST /xingrg/kc/pszx/mdps_order_operate.html HTTP/1.1" 200 2285
120.253.135.82 - - [06/Aug/2022:12:20:04 +0800] "GET /xingrg/javascript/easyui/themes/default/validatebox.css HTTP/1.1" 404 1104
116.224.255.128 - - [06/Aug/2022:12:20:04 +0800] "POST /xingrg/dwr/call/plaincall/AjaxComOrderService.getMaterielSearchList.dwr HTTP/1.1" 200 27241
116.224.123.211 - - [06/Aug/2022:12:20:05 +0800] "POST /xingrg/kc/buy/cgsh_order_operate.html HTTP/1.1" 200 37
116.224.255.128 - - [06/Aug/2022:12:20:05 +0800] "POST /xingrg/dwr/call/plaincall/AjaxComOrderService.getMaterielSearchList.dwr HTTP/1.1" 200 313
120.253.135.82 - - [06/Aug/2022:12:20:06 +0800] "POST /xingrg/kc/pszx/mdps_list_operate.html HTTP/1.1" 200 3188
116.224.255.128 - - [06/Aug/2022:12:20:06 +0800] "POST /xingrg/dwr/call/plaincall/AjaxYddbService.getMaterielByMap.dwr HTTP/1.1" 200 3963
58.39.169.63 - - [06/Aug/2022:12:20:06 +0800] "GET /xingrg/all/function/internal_message.html?_=1659759607758&CODE_STATE=getMsg HTTP/1.1" 200 27
101.85.120.95 - - [06/Aug/2022:12:20:07 +0800] "GET /xingrg/kc/buy/cgsh_order_operate.html?command=get_materiel&rest_code=00142&code=00101008370&supplier_code=00100161&order_time=2022-08-06 HTTP/1.1" 200 412
58.37.7.214 - - [06/Aug/2022:12:20:08 +0800] "GET /xingrg/all/function/internal_message.html?_=1659759609174&CODE_STATE=getMsg HTTP/1.1" 200 27
116.224.255.128 - - [06/Aug/2022:12:20:09 +0800] "POST /xingrg/dwr/call/plaincall/AjaxYddbService.getUnitPrice.dwr HTTP/1.1" 200 88
58.39.169.63 - - [06/Aug/2022:12:20:11 +0800] "GET /xingrg/all/function/internal_message.html?_=1659759487096&CODE_STATE=getMsg HTTP/1.1" 200 27
116.224.123.211 - - [06/Aug/2022:12:20:11 +0800] "POST /xingrg/kc/buy/cgsh_order_operate.html HTTP/1.1" 200 12
116.224.255.128 - - [06/Aug/2022:12:20:12 +0800] "POST /xingrg/dwr/call/plaincall/AjaxYddbService.saveMaterielItem.dwr HTTP/1.1" 200 79
120.253.135.82 - - [06/Aug/2022:12:20:14 +0800] "POST /xingrg/kc/pszx/mdps_list_operate.html HTTP/1.1" 200 4578
101.85.120.95 - - [06/Aug/2022:12:20:15 +0800] "GET /xingrg/kc/buy/cgsh_order_operate.html?command=get_materiel&rest_code=00142&code=00101008361&supplier_code=00100161&order_time=2022-08-06 HTTP/1.1" 200 408
58.39.169.63 - - [06/Aug/2022:12:20:15 +0800] "GET /xingrg/kc/mdqp/pssh_order_list.html HTTP/1.1" 200 17903
58.39.169.63 - - [06/Aug/2022:12:20:16 +0800] "POST /xingrg/kc/mdqp/pssh_list_operate.html HTTP/1.1" 200 5263
120.253.135.82 - - [06/Aug/2022:12:20:16 +0800] "POST /xingrg/kc/pszx/mdps_list_operate.html HTTP/1.1" 200 673
114.83.222.234 - - [06/Aug/2022:12:20:16 +0800] "GET /xingrg/kc/buy/cgsh_order_operate.html?command=get_materiel&rest_code=00149&code=00101001012&supplier_code=00100151&order_time=2022-08-06 HTTP/1.1" 200 412
120.253.135.82 - - [06/Aug/2022:12:20:17 +0800] "POST /xingrg/kc/pszx/mdps_list_operate.html HTTP/1.1" 200 280
116.224.255.128 - - [06/Aug/2022:12:20:18 +0800] "POST /xingrg/dwr/call/plaincall/AjaxComOrderService.getMaterielSearchList.dwr HTTP/1.1" 200 521076
116.232.194.65 - - [06/Aug/2022:12:20:18 +0800] "GET /xingrg/all/function/internal_message.html?_=1659759613006&CODE_STATE=getMsg HTTP/1.1" 200 27
116.224.255.128 - - [06/Aug/2022:12:20:18 +0800] "POST /xingrg/dwr/call/plaincall/AjaxComOrderService.getMaterielSearchList.dwr HTTP/1.1" 200 23857
120.253.135.82 - - [06/Aug/2022:12:20:19 +0800] "POST /xingrg/kc/pszx/mdps_list_operate.html HTTP/1.1" 200 451
180.169.147.146 - - [06/Aug/2022:12:20:19 +0800] "GET /xingrg/check_reg.html?_=1659759617398 HTTP/1.1" 200 22
180.169.147.146 - - [06/Aug/2022:12:20:19 +0800] "GET /xingrg/all/function/internal_message.html?_=1659759617450&CODE_STATE=getMsg HTTP/1.1" 200 27
116.224.255.128 - - [06/Aug/2022:12:20:19 +0800] "GET /xingrg/all/function/internal_message.html?_=1659759617387&CODE_STATE=getMsg HTTP/1.1" 200 27
58.39.169.63 - - [06/Aug/2022:12:20:19 +0800] "POST /xingrg/kc/mdqp/pssh_list_operate.html HTTP/1.1" 200 461
58.39.169.63 - - [06/Aug/2022:12:20:19 +0800] "GET /xingrg/kc/mdqp/pssh_order_info.html?code=312022080500107 HTTP/1.1" 200 17266
58.39.169.63 - - [06/Aug/2022:12:20:19 +0800] "GET /xingrg/javascript/jquery_tools/jquery-1.4.2.min.js HTTP/1.1" 404 1094
58.39.169.63 - - [06/Aug/2022:12:20:19 +0800] "GET /xingrg/javascript/easyui/themes/icons/back_new.png HTTP/1.1" 304 -
58.39.169.63 - - [06/Aug/2022:12:20:20 +0800] "POST /xingrg/kc/mdqp/pssh_order_operate.html HTTP/1.1" 200 1554
58.39.169.63 - - [06/Aug/2022:12:20:20 +0800] "GET /xingrg/all/common/auto_word.html?type=base&rest_code=00105&rest_code=00105 HTTP/1.1" 200 1907
58.39.169.63 - - [06/Aug/2022:12:20:20 +0800] "GET /xingrg/javascript/easyui/themes/default/validatebox.css HTTP/1.1" 404 1104
116.224.255.128 - - [06/Aug/2022:12:20:20 +0800] "POST /xingrg/dwr/call/plaincall/AjaxComOrderService.getMaterielSearchList.dwr HTTP/1.1" 200 1282
116.224.123.211 - - [06/Aug/2022:12:20:21 +0800] "GET /xingrg/kc/buy/cgsh_order_info.html?code=212022080601697 HTTP/1.1" 200 63233
116.224.123.211 - - [06/Aug/2022:12:20:21 +0800] "GET /xingrg/all/function/internal_message.html?_=1659759620574&CODE_STATE=getMsg HTTP/1.1" 200 27
58.39.169.63 - - [06/Aug/2022:12:20:21 +0800] "POST /xingrg/kc/base/wldb_list_operate.html HTTP/1.1" 200 3734
116.224.255.128 - - [06/Aug/2022:12:20:21 +0800] "POST /xingrg/dwr/call/plaincall/AjaxYddbService.getMaterielByMap.dwr HTTP/1.1" 200 3946
116.224.123.211 - - [06/Aug/2022:12:20:21 +0800] "GET /xingrg/javascript/easyui/themes/default/validatebox.css HTTP/1.1" 404 1104
116.224.123.211 - - [06/Aug/2022:12:20:22 +0800] "POST /xingrg/kc/buy/cgsh_order_operate.html HTTP/1.1" 200 1202
116.224.123.211 - - [06/Aug/2022:12:20:23 +0800] "GET /xingrg/kc/print/load_data.html?order_code=212022080601697&kc_code=cgsh&condition= HTTP/1.1" 200 934
58.39.169.63 - - [06/Aug/2022:12:20:23 +0800] "GET /xingrg/javascript/jquery_tools/images/prev.gif HTTP/1.1" 404 1086
58.39.169.63 - - [06/Aug/2022:12:20:23 +0800] "GET /xingrg/javascript/jquery_tools/images/next.gif HTTP/1.1" 404 1086
116.224.255.128 - - [06/Aug/2022:12:20:24 +0800] "POST /xingrg/dwr/call/plaincall/AjaxYddbService.saveMaterielItem.dwr HTTP/1.1" 200 79
58.39.169.63 - - [06/Aug/2022:12:20:25 +0800] "GET /xingrg/css/images/panel_loading.gif HTTP/1.1" 304 -
58.39.169.63 - - [06/Aug/2022:12:20:25 +0800] "POST /xingrg/all/common/load_combo.html?type=employee HTTP/1.1" 200 356
101.85.120.95 - - [06/Aug/2022:12:20:26 +0800] "GET /xingrg/kc/buy/cgsh_order_operate.html?command=get_materiel&rest_code=00142&code=00101008355&supplier_code=00100161&order_time=2022-08-06 HTTP/1.1" 200 408
114.83.222.234 - - [06/Aug/2022:12:20:27 +0800] "GET /xingrg/kc/buy/cgsh_order_operate.html?command=get_materiel&rest_code=00149&code=00101001002&supplier_code=00100151&order_time=2022-08-06 HTTP/1.1" 200 415
116.224.255.128 - - [06/Aug/2022:12:20:27 +0800] "POST /xingrg/dwr/call/plaincall/AjaxComOrderService.getMaterielSearchList.dwr HTTP/1.1" 200 1003
58.39.169.63 - - [06/Aug/2022:12:20:28 +0800] "POST /xingrg/kc/mdqp/pssh_order_operate.html HTTP/1.1" 200 37
116.224.255.128 - - [06/Aug/2022:12:20:29 +0800] "POST /xingrg/dwr/call/plaincall/AjaxYddbService.getMaterielByMap.dwr HTTP/1.1" 200 3934
58.39.169.63 - - [06/Aug/2022:12:20:29 +0800] "POST /xingrg/kc/mdqp/pssh_order_operate.html HTTP/1.1" 200 1554
222.69.129.110 - - [06/Aug/2022:12:20:30 +0800] "GET /xingrg/all/function/internal_message.html?_=1659759689853&CODE_STATE=getMsg HTTP/1.1" 200 27
116.224.123.211 - - [06/Aug/2022:12:20:30 +0800] "GET /xingrg/kc/buy/cgsh_order_add.html HTTP/1.1" 200 68326
116.224.255.128 - - [06/Aug/2022:12:20:31 +0800] "POST /xingrg/dwr/call/plaincall/AjaxYddbService.saveMaterielItem.dwr HTTP/1.1" 200 79
116.224.123.211 - - [06/Aug/2022:12:20:31 +0800] "POST /xingrg/kc/buy/cgsh_order_operate.html HTTP/1.1" 200 8245
116.224.123.211 - - [06/Aug/2022:12:20:31 +0800] "GET /xingrg/javascript/easyui/themes/default/validatebox.css HTTP/1.1" 404 1104
58.39.169.63 - - [06/Aug/2022:12:20:32 +0800] "POST /xingrg/kc/mdqp/pssh_order_operate.html HTTP/1.1" 200 37
114.83.222.234 - - [06/Aug/2022:12:20:32 +0800] "GET /xingrg/all/function/internal_message.html?_=1659759631849&CODE_STATE=getMsg HTTP/1.1" 200 27
58.39.169.63 - - [06/Aug/2022:12:20:33 +0800] "POST /xingrg/kc/mdqp/pssh_order_operate.html HTTP/1.1" 200 12
101.85.120.95 - - [06/Aug/2022:12:20:33 +0800] "GET /xingrg/kc/buy/cgsh_order_operate.html?command=get_materiel&rest_code=00142&code=00101008024&supplier_code=00100161&order_time=2022-08-06 HTTP/1.1" 200 408
116.224.255.128 - - [06/Aug/2022:12:20:33 +0800] "POST /xingrg/dwr/call/plaincall/AjaxComOrderService.getMaterielSearchList.dwr HTTP/1.1" 200 1890
116.235.94.65 - - [06/Aug/2022:12:20:33 +0800] "GET /xingrg/all/function/internal_message.html?_=1659759820529&CODE_STATE=getMsg HTTP/1.1" 200 27
58.39.169.63 - - [06/Aug/2022:12:20:33 +0800] "GET /xingrg/javascript/jquery_tools/jquery-1.4.2.min.js HTTP/1.1" 404 1094
58.39.169.63 - - [06/Aug/2022:12:20:33 +0800] "GET /xingrg/kc/mdqp/pssh_order_info.html?code=312022080500107 HTTP/1.1" 200 14382
58.39.169.63 - - [06/Aug/2022:12:20:33 +0800] "POST /xingrg/kc/mdqp/pssh_order_operate.html HTTP/1.1" 200 1554
58.39.169.63 - - [06/Aug/2022:12:20:34 +0800] "GET /xingrg/javascript/easyui/themes/icons/uncheck_new.png HTTP/1.1" 304 -
58.39.169.63 - - [06/Aug/2022:12:20:34 +0800] "GET /xingrg/javascript/easyui/themes/default/validatebox.css HTTP/1.1" 404 1104
58.39.169.63 - - [06/Aug/2022:12:20:34 +0800] "GET /xingrg/kc/print/load_config.html?kc_code=pssh HTTP/1.1" 200 2291
58.39.169.63 - - [06/Aug/2022:12:20:35 +0800] "GET /xingrg/kc/print/load_data.html?order_code=312022080500107&kc_code=pssh&condition= HTTP/1.1" 200 1001
116.224.255.128 - - [06/Aug/2022:12:20:35 +0800] "POST /xingrg/dwr/call/plaincall/AjaxYddbService.getMaterielByMap.dwr HTTP/1.1" 200 3912
180.169.147.146 - - [06/Aug/2022:12:20:35 +0800] "GET /xingrg/all/function/internal_message.html?_=1659759637861&CODE_STATE=getMsg HTTP/1.1" 200 27
101.80.228.36 - - [06/Aug/2022:12:20:36 +0800] "GET /xingrg/all/function/internal_message.html?_=1659759634038&CODE_STATE=getMsg HTTP/1.1" 200 27
116.224.255.128 - - [06/Aug/2022:12:20:36 +0800] "POST /xingrg/dwr/call/plaincall/AjaxYddbService.getUnitPrice.dwr HTTP/1.1" 200 88
116.224.255.128 - - [06/Aug/2022:12:20:38 +0800] "POST /xingrg/dwr/call/plaincall/AjaxYddbService.saveMaterielItem.dwr HTTP/1.1" 200 79
120.253.135.82 - - [06/Aug/2022:12:20:39 +0800] "GET /xingrg/all/function/internal_message.html?_=1659759445960&CODE_STATE=getMsg HTTP/1.1" 200 27
116.224.255.128 - - [06/Aug/2022:12:20:41 +0800] "POST /xingrg/dwr/call/plaincall/AjaxComOrderService.getMaterielSearchList.dwr HTTP/1.1" 200 34118
114.86.187.244 - - [06/Aug/2022:12:20:41 +0800] "GET /xingrg/all/function/internal_message.html?_=1659759652738&CODE_STATE=getMsg HTTP/1.1" 200 27
114.86.187.244 - - [06/Aug/2022:12:20:41 +0800] "GET /xingrg/check_reg.html?_=1659759652740 HTTP/1.1" 200 22
58.39.169.63 - - [06/Aug/2022:12:20:41 +0800] "POST /xingrg/services/DataTransmitService HTTP/1.1" 200 524
116.224.255.128 - - [06/Aug/2022:12:20:41 +0800] "POST /xingrg/dwr/call/plaincall/AjaxComOrderService.getMaterielSearchList.dwr HTTP/1.1" 200 1387
58.39.169.63 - - [06/Aug/2022:12:20:42 +0800] "POST /xingrg/services/DataTransmitService HTTP/1.1" 200 501
58.39.169.63 - - [06/Aug/2022:12:20:42 +0800] "POST /xingrg/services/DataTransmitService HTTP/1.1" 200 501
101.85.120.95 - - [06/Aug/2022:12:20:42 +0800] "GET /xingrg/kc/buy/cgsh_order_operate.html?command=get_materiel&rest_code=00142&code=00101008356&supplier_code=00100161&order_time=2022-08-06 HTTP/1.1" 200 409
58.39.169.63 - - [06/Aug/2022:12:20:43 +0800] "POST /xingrg/services/DataTransmitService HTTP/1.1" 200 501
116.224.255.128 - - [06/Aug/2022:12:20:43 +0800] "POST /xingrg/dwr/call/plaincall/AjaxYddbService.getMaterielByMap.dwr HTTP/1.1" 200 3918
58.39.169.63 - - [06/Aug/2022:12:20:43 +0800] "POST /xingrg/services/DataTransmitService HTTP/1.1" 200 501
218.81.223.53 - - [06/Aug/2022:12:20:44 +0800] "GET /xingrg/all/function/internal_message.html?_=1659759665848&CODE_STATE=getMsg HTTP/1.1" 200 27
58.39.169.63 - - [06/Aug/2022:12:20:44 +0800] "POST /xingrg/services/DataTransmitService HTTP/1.1" 200 501
58.39.169.63 - - [06/Aug/2022:12:20:44 +0800] "POST /xingrg/services/DataTransmitService HTTP/1.1" 200 501
116.232.51.90 - - [06/Aug/2022:12:20:44 +0800] "GET /xingrg/all/function/internal_message.html?_=1659759644802&CODE_STATE=getMsg HTTP/1.1" 200 27
58.39.169.63 - - [06/Aug/2022:12:20:44 +0800] "POST /xingrg/services/DataTransmitService HTTP/1.1" 200 412
116.224.255.128 - - [06/Aug/2022:12:20:47 +0800] "POST /xingrg/dwr/call/plaincall/AjaxYddbService.saveMaterielItem.dwr HTTP/1.1" 200 79
58.39.169.63 - - [06/Aug/2022:12:20:47 +0800] "GET /xingrg/kc/buy/cgsh_order_list.html HTTP/1.1" 200 52503
180.169.147.146 - - [06/Aug/2022:12:20:47 +0800] "GET /xingrg/all/function/internal_message.html?_=1659759643075&CODE_STATE=getMsg HTTP/1.1" 200 27
116.224.123.211 - - [06/Aug/2022:12:20:49 +0800] "GET /xingrg/kc/buy/cgsh_order_operate.html?command=get_materiel&rest_code=00102&code=00101001256&supplier_code=00100479&order_time=2022-08-05 HTTP/1.1" 200 418
114.83.222.234 - - [06/Aug/2022:12:20:49 +0800] "GET /xingrg/kc/buy/cgsh_order_operate.html?command=get_materiel&rest_code=00149&code=00101006079&supplier_code=00100151&order_time=2022-08-06 HTTP/1.1" 200 411
58.39.169.63 - - [06/Aug/2022:12:20:49 +0800] "POST /xingrg/kc/buy/cgsh_list_operate.html HTTP/1.1" 200 3607
58.39.169.63 - - [06/Aug/2022:12:20:50 +0800] "GET /xingrg/kc/buy/cgsh_order_add.html HTTP/1.1" 200 68367
58.39.169.63 - - [06/Aug/2022:12:20:51 +0800] "POST /xingrg/kc/buy/cgsh_order_operate.html HTTP/1.1" 200 8245
58.39.169.63 - - [06/Aug/2022:12:20:51 +0800] "GET /xingrg/javascript/easyui/themes/default/validatebox.css HTTP/1.1" 404 1104
101.85.120.95 - - [06/Aug/2022:12:20:51 +0800] "GET /xingrg/kc/buy/cgsh_order_operate.html?command=get_materiel&rest_code=00142&code=00101008286&supplier_code=00100161&order_time=2022-08-06 HTTP/1.1" 200 408
180.162.109.37 - - [06/Aug/2022:12:20:53 +0800] "GET /xingrg/all/function/internal_message.html?_=1659758836146&CODE_STATE=getMsg HTTP/1.1" 200 27
180.169.147.146 - - [06/Aug/2022:12:20:53 +0800] "GET /xingrg/all/function/internal_message.html?_=1659759772871&CODE_STATE=getMsg HTTP/1.1" 200 27
180.169.147.146 - - [06/Aug/2022:12:20:53 +0800] "GET /xingrg/check_reg.html?_=1659759772875 HTTP/1.1" 200 22
101.85.120.95 - - [06/Aug/2022:12:20:53 +0800] "GET /xingrg/all/function/internal_message.html?_=1659759652508&CODE_STATE=getMsg HTTP/1.1" 200 27
116.224.123.211 - - [06/Aug/2022:12:20:57 +0800] "POST /xingrg/kc/buy/cgsh_order_operate.html HTTP/1.1" 200 37
116.224.255.128 - - [06/Aug/2022:12:20:58 +0800] "GET /xingrg/all/function/internal_message.html?_=1659759604832&CODE_STATE=getMsg HTTP/1.1" 200 27
101.85.120.95 - - [06/Aug/2022:12:20:59 +0800] "GET /xingrg/kc/buy/cgsh_order_operate.html?command=get_materiel&rest_code=00142&code=00101008353&supplier_code=00100161&order_time=2022-08-06 HTTP/1.1" 200 408
114.84.2.83 - - [06/Aug/2022:12:21:01 +0800] "GET /xingrg/all/function/internal_message.html?_=1659759657047&CODE_STATE=getMsg HTTP/1.1" 200 27
114.84.2.83 - - [06/Aug/2022:12:21:01 +0800] "GET /xingrg/check_reg.html?_=1659759657043 HTTP/1.1" 200 22
116.224.123.211 - - [06/Aug/2022:12:21:01 +0800] "POST /xingrg/kc/buy/cgsh_order_operate.html HTTP/1.1" 200 12
116.224.123.211 - - [06/Aug/2022:12:21:02 +0800] "GET /xingrg/kc/buy/cgsh_order_info.html?code=212022080601698 HTTP/1.1" 200 63237
116.224.123.211 - - [06/Aug/2022:12:21:03 +0800] "GET /xingrg/javascript/easyui/themes/default/validatebox.css HTTP/1.1" 404 1104
116.224.123.211 - - [06/Aug/2022:12:21:03 +0800] "POST /xingrg/kc/buy/cgsh_order_operate.html HTTP/1.1" 200 616
116.224.123.211 - - [06/Aug/2022:12:21:06 +0800] "GET /xingrg/kc/print/load_data.html?order_code=212022080601698&kc_code=cgsh&condition= HTTP/1.1" 200 711
58.39.169.63 - - [06/Aug/2022:12:21:06 +0800] "GET /xingrg/all/function/internal_message.html?_=1659759667756&CODE_STATE=getMsg HTTP/1.1" 200 27
