114.86.187.244 - - [06/Aug/2022:10:58:23 +0800] "GET /xingrg/kc/buy/cgsh_order_operate.html?command=get_materiel&rest_code=00148&code=00101008264&supplier_code=00100007&order_time=2022-08-06 HTTP/1.1" 200 412
116.235.94.65 - - [06/Aug/2022:10:58:25 +0800] "GET /xingrg/check_reg.html?_=1659754892433 HTTP/1.1" 200 22
116.235.94.65 - - [06/Aug/2022:10:58:25 +0800] "GET /xingrg/all/function/internal_message.html?_=1659754892432&CODE_STATE=getMsg HTTP/1.1" 200 27
218.81.223.53 - - [06/Aug/2022:10:58:30 +0800] "GET /xingrg/all/function/internal_message.html?_=1659754731894&CODE_STATE=getMsg HTTP/1.1" 200 27
222.69.129.110 - - [06/Aug/2022:10:58:30 +0800] "GET /xingrg/all/function/internal_message.html?_=1659754769847&CODE_STATE=getMsg HTTP/1.1" 200 27
218.81.223.53 - - [06/Aug/2022:10:58:32 +0800] "POST /xingrg/kc/buy/cgsh_order_operate.html HTTP/1.1" 200 37
114.83.222.234 - - [06/Aug/2022:10:58:33 +0800] "GET /xingrg/check_reg.html?_=1659754712843 HTTP/1.1" 200 22
114.83.222.234 - - [06/Aug/2022:10:58:33 +0800] "GET /xingrg/all/function/internal_message.html?_=1659754712847&CODE_STATE=getMsg HTTP/1.1" 200 27
218.81.223.53 - - [06/Aug/2022:10:58:34 +0800] "POST /xingrg/kc/buy/cgsh_order_operate.html HTTP/1.1" 200 3843
180.169.147.146 - - [06/Aug/2022:10:58:35 +0800] "GET /xingrg/all/function/internal_message.html?_=1659754717698&CODE_STATE=getMsg HTTP/1.1" 200 27
114.86.187.244 - - [06/Aug/2022:10:58:35 +0800] "GET /xingrg/kc/buy/cgsh_order_operate.html?command=get_materiel&rest_code=00148&code=00101008079&supplier_code=00100007&order_time=2022-08-06 HTTP/1.1" 200 416
101.80.228.36 - - [06/Aug/2022:10:58:36 +0800] "GET /xingrg/all/function/internal_message.html?_=1659754714033&CODE_STATE=getMsg HTTP/1.1" 200 27
101.80.228.36 - - [06/Aug/2022:10:58:36 +0800] "GET /xingrg/check_reg.html?_=1659754714035 HTTP/1.1" 200 22
218.81.223.53 - - [06/Aug/2022:10:58:37 +0800] "GET /xingrg/kc/print/load_data.html?order_code=212022080601646&kc_code=cgsh&condition= HTTP/1.1" 200 1127
114.86.187.244 - - [06/Aug/2022:10:58:41 +0800] "GET /xingrg/all/function/internal_message.html?_=1659754732600&CODE_STATE=getMsg HTTP/1.1" 200 27
101.85.120.95 - - [06/Aug/2022:10:58:42 +0800] "GET /xingrg/all/function/internal_message.html?_=1659754721022&CODE_STATE=getMsg HTTP/1.1" 200 27
114.86.187.244 - - [06/Aug/2022:10:58:42 +0800] "POST /xingrg/kc/buy/cgsh_order_operate.html HTTP/1.1" 200 2065
114.83.222.234 - - [06/Aug/2022:10:58:47 +0800] "GET /xingrg/kc/buy/cgsh_order_operate.html?command=get_materiel&rest_code=00149&code=00101004065&supplier_code=00100083&order_time=2022-08-06 HTTP/1.1" 200 413
114.86.187.244 - - [06/Aug/2022:10:58:49 +0800] "GET /xingrg/kc/buy/cgsh_order_operate.html?command=get_materiel&rest_code=00148&code=00101006011&supplier_code=00100007&order_time=2022-08-06 HTTP/1.1" 200 409
116.224.255.128 - - [06/Aug/2022:10:58:56 +0800] "GET /xingrg/all/function/internal_message.html?_=1659754682777&CODE_STATE=getMsg HTTP/1.1" 200 27
116.224.123.211 - - [06/Aug/2022:10:58:58 +0800] "GET /xingrg/all/function/internal_message.html?_=1659754736342&CODE_STATE=getMsg HTTP/1.1" 200 27
114.86.187.244 - - [06/Aug/2022:10:58:59 +0800] "GET /xingrg/kc/buy/cgsh_order_operate.html?command=get_materiel&rest_code=00148&code=00101008036&supplier_code=00100007&order_time=2022-08-06 HTTP/1.1" 200 408
114.83.222.234 - - [06/Aug/2022:10:59:02 +0800] "POST /xingrg/kc/buy/cgsh_order_operate.html HTTP/1.1" 200 37
116.224.255.128 - - [06/Aug/2022:10:59:04 +0800] "GET /xingrg/all/function/internal_message.html?_=1659754742757&CODE_STATE=getMsg HTTP/1.1" 200 27
116.232.51.90 - - [06/Aug/2022:10:59:05 +0800] "GET /xingrg/all/function/internal_message.html?_=1659754745518&CODE_STATE=getMsg HTTP/1.1" 200 27
58.39.169.63 - - [06/Aug/2022:10:59:06 +0800] "GET /xingrg/all/function/internal_message.html?_=1659754747652&CODE_STATE=getMsg HTTP/1.1" 200 27
114.83.222.234 - - [06/Aug/2022:10:59:07 +0800] "POST /xingrg/kc/buy/cgsh_order_operate.html HTTP/1.1" 200 12
58.37.7.214 - - [06/Aug/2022:10:59:10 +0800] "GET /xingrg/all/function/internal_message.html?_=1659754750709&CODE_STATE=getMsg HTTP/1.1" 200 27
218.81.223.53 - - [06/Aug/2022:10:59:10 +0800] "GET /xingrg/kc/buy/cgsh_order_add.html HTTP/1.1" 200 68247
114.83.222.234 - - [06/Aug/2022:10:59:10 +0800] "GET /xingrg/kc/buy/cgsh_order_info.html?code=212022080601647 HTTP/1.1" 200 63274
114.83.222.234 - - [06/Aug/2022:10:59:10 +0800] "GET /xingrg/javascript/easyui/themes/default/validatebox.css HTTP/1.1" 404 1104
58.39.169.63 - - [06/Aug/2022:10:59:11 +0800] "GET /xingrg/check_reg.html?_=1659754626996 HTTP/1.1" 200 22
58.39.169.63 - - [06/Aug/2022:10:59:11 +0800] "GET /xingrg/all/function/internal_message.html?_=1659754626999&CODE_STATE=getMsg HTTP/1.1" 200 27
218.81.223.53 - - [06/Aug/2022:10:59:11 +0800] "POST /xingrg/kc/buy/cgsh_order_operate.html HTTP/1.1" 200 8245
218.81.223.53 - - [06/Aug/2022:10:59:11 +0800] "GET /xingrg/javascript/easyui/themes/default/validatebox.css HTTP/1.1" 404 1104
114.83.222.234 - - [06/Aug/2022:10:59:11 +0800] "POST /xingrg/kc/buy/cgsh_order_operate.html HTTP/1.1" 200 4179
58.37.7.214 - - [06/Aug/2022:10:59:11 +0800] "GET /xingrg/check_reg.html?_=1659754752100 HTTP/1.1" 200 22
116.232.194.65 - - [06/Aug/2022:10:59:19 +0800] "GET /xingrg/all/function/internal_message.html?_=1659754754423&CODE_STATE=getMsg HTTP/1.1" 200 27
114.83.222.234 - - [06/Aug/2022:10:59:20 +0800] "GET /xingrg/kc/print/load_data.html?order_code=212022080601647&kc_code=cgsh&condition= HTTP/1.1" 200 2089
120.253.135.82 - - [06/Aug/2022:10:59:20 +0800] "POST /xingrg/kc/buy/cgsh_order_operate.html HTTP/1.1" 200 37
116.224.123.211 - - [06/Aug/2022:10:59:22 +0800] "GET /xingrg/all/function/internal_message.html?_=1659754761403&CODE_STATE=getMsg HTTP/1.1" 200 27
120.253.135.82 - - [06/Aug/2022:10:59:22 +0800] "POST /xingrg/kc/buy/cgsh_order_operate.html HTTP/1.1" 200 2674
116.224.123.211 - - [06/Aug/2022:10:59:22 +0800] "GET /xingrg/check_reg.html?_=1659754761906 HTTP/1.1" 200 22
120.253.135.82 - - [06/Aug/2022:10:59:25 +0800] "GET /xingrg/kc/print/load_data.html?order_code=212022080601648&kc_code=cgsh&condition= HTTP/1.1" 200 752
116.235.94.65 - - [06/Aug/2022:10:59:25 +0800] "GET /xingrg/all/function/internal_message.html?_=1659754952421&CODE_STATE=getMsg HTTP/1.1" 200 27
218.81.223.53 - - [06/Aug/2022:10:59:26 +0800] "GET /xingrg/check_reg.html?_=1659754787978 HTTP/1.1" 200 22
218.81.223.53 - - [06/Aug/2022:10:59:28 +0800] "GET /xingrg/kc/buy/cgsh_order_operate.html?command=get_materiel&rest_code=00146&code=00101011005&supplier_code=00100049&order_time=2022-08-06 HTTP/1.1" 200 408
218.81.223.53 - - [06/Aug/2022:10:59:30 +0800] "GET /xingrg/all/function/internal_message.html?_=1659754791907&CODE_STATE=getMsg HTTP/1.1" 200 27
222.69.129.110 - - [06/Aug/2022:10:59:30 +0800] "GET /xingrg/all/function/internal_message.html?_=1659754829837&CODE_STATE=getMsg HTTP/1.1" 200 27
114.86.187.244 - - [06/Aug/2022:10:59:31 +0800] "GET /xingrg/kc/buy/cgsh_order_operate.html?command=get_materiel&rest_code=00148&code=00101008353&supplier_code=00100007&order_time=2022-08-06 HTTP/1.1" 200 408
116.224.255.128 - - [06/Aug/2022:10:59:32 +0800] "POST /xingrg/services/DataTransmitService HTTP/1.1" 200 524
116.224.255.128 - - [06/Aug/2022:10:59:33 +0800] "POST /xingrg/services/DataTransmitService HTTP/1.1" 200 412
114.83.222.234 - - [06/Aug/2022:10:59:33 +0800] "GET /xingrg/all/function/internal_message.html?_=1659754772865&CODE_STATE=getMsg HTTP/1.1" 200 27
180.169.147.146 - - [06/Aug/2022:10:59:35 +0800] "GET /xingrg/all/function/internal_message.html?_=1659754777702&CODE_STATE=getMsg HTTP/1.1" 200 27
101.80.228.36 - - [06/Aug/2022:10:59:36 +0800] "GET /xingrg/all/function/internal_message.html?_=1659754774043&CODE_STATE=getMsg HTTP/1.1" 200 27
114.86.187.244 - - [06/Aug/2022:10:59:41 +0800] "GET /xingrg/all/function/internal_message.html?_=1659754792601&CODE_STATE=getMsg HTTP/1.1" 200 27
101.85.120.95 - - [06/Aug/2022:10:59:42 +0800] "GET /xingrg/all/function/internal_message.html?_=1659754781021&CODE_STATE=getMsg HTTP/1.1" 200 27
218.81.223.53 - - [06/Aug/2022:10:59:45 +0800] "GET /xingrg/kc/buy/cgsh_order_operate.html?command=get_materiel&rest_code=00146&code=00101011003&supplier_code=00100049&order_time=2022-08-06 HTTP/1.1" 200 412
58.37.7.214 - - [06/Aug/2022:10:59:48 +0800] "POST /xingrg/kc/buy/cgsh_list_operate.html HTTP/1.1" 200 3326
114.86.187.244 - - [06/Aug/2022:10:59:50 +0800] "GET /xingrg/kc/buy/cgsh_order_operate.html?command=get_materiel&rest_code=00148&code=00101008331&supplier_code=00100007&order_time=2022-08-06 HTTP/1.1" 200 416
58.37.7.214 - - [06/Aug/2022:10:59:51 +0800] "POST /xingrg/kc/buy/cgsh_list_operate.html HTTP/1.1" 200 429
58.37.7.214 - - [06/Aug/2022:10:59:52 +0800] "GET /xingrg/kc/buy/cgsh_order_info.html?code=212022080601640 HTTP/1.1" 200 68286
58.37.7.214 - - [06/Aug/2022:10:59:53 +0800] "GET /xingrg/javascript/easyui/themes/default/validatebox.css HTTP/1.1" 404 1104
58.37.7.214 - - [06/Aug/2022:10:59:53 +0800] "POST /xingrg/kc/buy/cgsh_order_operate.html HTTP/1.1" 200 4442
116.224.255.128 - - [06/Aug/2022:10:59:56 +0800] "GET /xingrg/all/function/internal_message.html?_=1659754742838&CODE_STATE=getMsg HTTP/1.1" 200 27
116.224.123.211 - - [06/Aug/2022:10:59:58 +0800] "GET /xingrg/all/function/internal_message.html?_=1659754796333&CODE_STATE=getMsg HTTP/1.1" 200 27
218.81.223.53 - - [06/Aug/2022:11:00:00 +0800] "POST /xingrg/kc/buy/cgsh_order_operate.html HTTP/1.1" 200 37
218.81.223.53 - - [06/Aug/2022:11:00:02 +0800] "POST /xingrg/kc/buy/cgsh_order_operate.html HTTP/1.1" 200 3247
114.86.187.244 - - [06/Aug/2022:11:00:02 +0800] "GET /xingrg/kc/buy/cgsh_order_operate.html?command=get_materiel&rest_code=00148&code=00101008350&supplier_code=00100007&order_time=2022-08-06 HTTP/1.1" 200 408
116.224.255.128 - - [06/Aug/2022:11:00:04 +0800] "GET /xingrg/all/function/internal_message.html?_=1659754802764&CODE_STATE=getMsg HTTP/1.1" 200 27
218.81.223.53 - - [06/Aug/2022:11:00:04 +0800] "GET /xingrg/kc/print/load_data.html?order_code=212022080601649&kc_code=cgsh&condition= HTTP/1.1" 200 955
114.86.187.244 - - [06/Aug/2022:11:00:05 +0800] "POST /xingrg/kc/buy/cgsh_order_operate.html HTTP/1.1" 200 2065
116.232.51.90 - - [06/Aug/2022:11:00:05 +0800] "GET /xingrg/all/function/internal_message.html?_=1659754805491&CODE_STATE=getMsg HTTP/1.1" 200 27
58.39.169.63 - - [06/Aug/2022:11:00:06 +0800] "GET /xingrg/all/function/internal_message.html?_=1659754807653&CODE_STATE=getMsg HTTP/1.1" 200 27
58.37.7.214 - - [06/Aug/2022:11:00:06 +0800] "POST /xingrg/kc/buy/cgsh_order_operate.html HTTP/1.1" 200 37
114.83.222.234 - - [06/Aug/2022:11:00:10 +0800] "GET /xingrg/kc/base/yddb_order_list.html HTTP/1.1" 200 16754
114.83.222.234 - - [06/Aug/2022:11:00:10 +0800] "GET /xingrg/javascript/jquery_tools/list_manager.js HTTP/1.1" 200 3652
58.39.169.63 - - [06/Aug/2022:11:00:11 +0800] "GET /xingrg/all/function/internal_message.html?_=1659754686983&CODE_STATE=getMsg HTTP/1.1" 200 27
114.83.222.234 - - [06/Aug/2022:11:00:11 +0800] "POST /xingrg/kc/base/yddb_list_operate.html HTTP/1.1" 200 636
114.86.187.244 - - [06/Aug/2022:11:00:12 +0800] "GET /xingrg/kc/buy/cgsh_order_operate.html?command=get_materiel&rest_code=00148&code=00101008356&supplier_code=00100007&order_time=2022-08-06 HTTP/1.1" 200 409
114.83.222.234 - - [06/Aug/2022:11:00:16 +0800] "POST /xingrg/kc/base/yddb_list_operate.html HTTP/1.1" 200 636
58.37.7.214 - - [06/Aug/2022:11:00:16 +0800] "POST /xingrg/kc/buy/cgsh_order_operate.html HTTP/1.1" 200 12
58.37.7.214 - - [06/Aug/2022:11:00:19 +0800] "GET /xingrg/kc/buy/cgsh_order_info.html?code=212022080601640 HTTP/1.1" 200 63180
116.232.194.65 - - [06/Aug/2022:11:00:19 +0800] "GET /xingrg/all/function/internal_message.html?_=1659754814394&CODE_STATE=getMsg HTTP/1.1" 200 27
58.37.7.214 - - [06/Aug/2022:11:00:19 +0800] "GET /xingrg/javascript/easyui/themes/default/validatebox.css HTTP/1.1" 404 1104
58.37.7.214 - - [06/Aug/2022:11:00:20 +0800] "POST /xingrg/kc/buy/cgsh_order_operate.html HTTP/1.1" 200 2392
218.81.223.53 - - [06/Aug/2022:11:00:21 +0800] "GET /xingrg/kc/buy/cgsh_order_add.html HTTP/1.1" 200 68247
116.224.123.211 - - [06/Aug/2022:11:00:22 +0800] "GET /xingrg/all/function/internal_message.html?_=1659754821398&CODE_STATE=getMsg HTTP/1.1" 200 27
218.81.223.53 - - [06/Aug/2022:11:00:22 +0800] "POST /xingrg/kc/buy/cgsh_order_operate.html HTTP/1.1" 200 8245
218.81.223.53 - - [06/Aug/2022:11:00:22 +0800] "GET /xingrg/javascript/easyui/themes/default/validatebox.css HTTP/1.1" 404 1104
58.40.7.146 - - [06/Aug/2022:11:00:22 +0800] "POST /xingrg/services/DataTransmitService HTTP/1.1" 200 524
114.86.187.244 - - [06/Aug/2022:11:00:22 +0800] "GET /xingrg/kc/buy/cgsh_order_operate.html?command=get_materiel&rest_code=00148&code=00101008114&supplier_code=00100007&order_time=2022-08-06 HTTP/1.1" 200 412
58.37.7.214 - - [06/Aug/2022:11:00:24 +0800] "GET /xingrg/kc/print/load_data.html?order_code=212022080601640&kc_code=cgsh&condition= HTTP/1.1" 200 1408
116.235.94.65 - - [06/Aug/2022:11:00:25 +0800] "GET /xingrg/all/function/internal_message.html?_=1659755012424&CODE_STATE=getMsg HTTP/1.1" 200 27
218.81.223.53 - - [06/Aug/2022:11:00:30 +0800] "GET /xingrg/all/function/internal_message.html?_=1659754851920&CODE_STATE=getMsg HTTP/1.1" 200 27
222.69.129.110 - - [06/Aug/2022:11:00:30 +0800] "GET /xingrg/all/function/internal_message.html?_=1659754889848&CODE_STATE=getMsg HTTP/1.1" 200 27
114.86.187.244 - - [06/Aug/2022:11:00:31 +0800] "GET /xingrg/kc/buy/cgsh_order_operate.html?command=get_materiel&rest_code=00148&code=00101008109&supplier_code=00100007&order_time=2022-08-06 HTTP/1.1" 200 413
114.83.222.234 - - [06/Aug/2022:11:00:33 +0800] "GET /xingrg/all/function/internal_message.html?_=1659754832858&CODE_STATE=getMsg HTTP/1.1" 200 27
114.83.222.234 - - [06/Aug/2022:11:00:35 +0800] "POST /xingrg/kc/base/yddb_list_operate.html HTTP/1.1" 200 4428
180.169.147.146 - - [06/Aug/2022:11:00:35 +0800] "GET /xingrg/all/function/internal_message.html?_=1659754837706&CODE_STATE=getMsg HTTP/1.1" 200 27
101.80.228.36 - - [06/Aug/2022:11:00:36 +0800] "GET /xingrg/all/function/internal_message.html?_=1659754834045&CODE_STATE=getMsg HTTP/1.1" 200 27
114.86.187.244 - - [06/Aug/2022:11:00:41 +0800] "GET /xingrg/kc/buy/cgsh_order_operate.html?command=get_materiel&rest_code=00148&code=00101008125&supplier_code=00100007&order_time=2022-08-06 HTTP/1.1" 200 413
114.86.187.244 - - [06/Aug/2022:11:00:41 +0800] "GET /xingrg/check_reg.html?_=1659754852657 HTTP/1.1" 200 22
114.86.187.244 - - [06/Aug/2022:11:00:41 +0800] "GET /xingrg/all/function/internal_message.html?_=1659754852658&CODE_STATE=getMsg HTTP/1.1" 200 27
218.81.223.53 - - [06/Aug/2022:11:00:41 +0800] "GET /xingrg/kc/buy/cgsh_order_operate.html?command=get_materiel&rest_code=00146&code=00101023022&supplier_code=00100012&order_time=2022-08-06 HTTP/1.1" 200 406
101.85.120.95 - - [06/Aug/2022:11:00:42 +0800] "GET /xingrg/all/function/internal_message.html?_=1659754841019&CODE_STATE=getMsg HTTP/1.1" 200 27
114.86.187.244 - - [06/Aug/2022:11:00:49 +0800] "GET /xingrg/kc/buy/cgsh_order_operate.html?command=get_materiel&rest_code=00148&code=00102009762&supplier_code=00100007&order_time=2022-08-06 HTTP/1.1" 200 413
116.224.255.128 - - [06/Aug/2022:11:00:56 +0800] "GET /xingrg/all/function/internal_message.html?_=1659754802851&CODE_STATE=getMsg HTTP/1.1" 200 27
114.86.187.244 - - [06/Aug/2022:11:00:57 +0800] "GET /xingrg/kc/buy/cgsh_order_operate.html?command=get_materiel&rest_code=00148&code=00101008041&supplier_code=00100007&order_time=2022-08-06 HTTP/1.1" 200 408
116.224.123.211 - - [06/Aug/2022:11:00:58 +0800] "GET /xingrg/all/function/internal_message.html?_=1659754856340&CODE_STATE=getMsg HTTP/1.1" 200 27
116.224.255.128 - - [06/Aug/2022:11:01:04 +0800] "GET /xingrg/check_reg.html?_=1659754862773 HTTP/1.1" 200 22
116.224.255.128 - - [06/Aug/2022:11:01:04 +0800] "GET /xingrg/all/function/internal_message.html?_=1659754862778&CODE_STATE=getMsg HTTP/1.1" 200 27
116.232.51.90 - - [06/Aug/2022:11:01:05 +0800] "GET /xingrg/all/function/internal_message.html?_=1659754865467&CODE_STATE=getMsg HTTP/1.1" 200 27
58.39.169.63 - - [06/Aug/2022:11:01:06 +0800] "GET /xingrg/all/function/internal_message.html?_=1659754867653&CODE_STATE=getMsg HTTP/1.1" 200 27
114.83.222.234 - - [06/Aug/2022:11:01:06 +0800] "POST /xingrg/kc/base/yddb_list_operate.html HTTP/1.1" 200 4590
58.37.7.214 - - [06/Aug/2022:11:01:10 +0800] "GET /xingrg/all/function/internal_message.html?_=1659754870723&CODE_STATE=getMsg HTTP/1.1" 200 27
58.39.169.63 - - [06/Aug/2022:11:01:11 +0800] "GET /xingrg/all/function/internal_message.html?_=1659754746984&CODE_STATE=getMsg HTTP/1.1" 200 27
114.86.187.244 - - [06/Aug/2022:11:01:18 +0800] "POST /xingrg/kc/buy/cgsh_order_operate.html HTTP/1.1" 200 2065
116.232.194.65 - - [06/Aug/2022:11:01:19 +0800] "GET /xingrg/all/function/internal_message.html?_=1659754874371&CODE_STATE=getMsg HTTP/1.1" 200 27
114.83.222.234 - - [06/Aug/2022:11:01:19 +0800] "POST /xingrg/kc/base/yddb_list_operate.html HTTP/1.1" 200 4428
116.232.194.65 - - [06/Aug/2022:11:01:21 +0800] "GET /xingrg/check_reg.html?_=1659754876533 HTTP/1.1" 200 22
116.224.123.211 - - [06/Aug/2022:11:01:21 +0800] "GET /xingrg/all/function/internal_message.html?_=1659754881379&CODE_STATE=getMsg HTTP/1.1" 200 27
116.235.94.65 - - [06/Aug/2022:11:01:25 +0800] "GET /xingrg/all/function/internal_message.html?_=1659755072440&CODE_STATE=getMsg HTTP/1.1" 200 27
218.81.223.53 - - [06/Aug/2022:11:01:30 +0800] "GET /xingrg/all/function/internal_message.html?_=1659754911935&CODE_STATE=getMsg HTTP/1.1" 200 27
222.69.129.110 - - [06/Aug/2022:11:01:30 +0800] "GET /xingrg/check_reg.html?_=1659754949841 HTTP/1.1" 200 22
222.69.129.110 - - [06/Aug/2022:11:01:30 +0800] "GET /xingrg/all/function/internal_message.html?_=1659754949846&CODE_STATE=getMsg HTTP/1.1" 200 27
114.83.222.234 - - [06/Aug/2022:11:01:33 +0800] "GET /xingrg/all/function/internal_message.html?_=1659754892857&CODE_STATE=getMsg HTTP/1.1" 200 27
114.86.187.244 - - [06/Aug/2022:11:01:33 +0800] "POST /xingrg/kc/buy/cgsh_order_operate.html HTTP/1.1" 200 37
180.169.147.146 - - [06/Aug/2022:11:01:35 +0800] "GET /xingrg/all/function/internal_message.html?_=1659754897707&CODE_STATE=getMsg HTTP/1.1" 200 27
101.80.228.36 - - [06/Aug/2022:11:01:36 +0800] "GET /xingrg/all/function/internal_message.html?_=1659754894039&CODE_STATE=getMsg HTTP/1.1" 200 27
58.37.7.214 - - [06/Aug/2022:11:01:36 +0800] "POST /xingrg/kc/buy/cgsh_list_operate.html HTTP/1.1" 200 3022
101.80.228.36 - - [06/Aug/2022:11:01:36 +0800] "POST /xingrg/dwr/call/plaincall/AjaxQqpsService.getMaterielByCode.dwr HTTP/1.1" 200 2778
101.80.228.36 - - [06/Aug/2022:11:01:39 +0800] "POST /xingrg/dwr/call/plaincall/AjaxQqpsService.saveMaterielItem.dwr HTTP/1.1" 200 78
114.86.187.244 - - [06/Aug/2022:11:01:41 +0800] "GET /xingrg/all/function/internal_message.html?_=1659754912790&CODE_STATE=getMsg HTTP/1.1" 200 27
114.86.187.244 - - [06/Aug/2022:11:01:42 +0800] "POST /xingrg/kc/buy/cgsh_order_operate.html HTTP/1.1" 200 22779
101.85.120.95 - - [06/Aug/2022:11:01:42 +0800] "GET /xingrg/check_reg.html?_=1659754901023 HTTP/1.1" 200 22
101.85.120.95 - - [06/Aug/2022:11:01:42 +0800] "GET /xingrg/all/function/internal_message.html?_=1659754901026&CODE_STATE=getMsg HTTP/1.1" 200 27
101.80.228.36 - - [06/Aug/2022:11:01:43 +0800] "POST /xingrg/dwr/call/plaincall/AjaxQqpsService.getMaterielByCode.dwr HTTP/1.1" 200 2779
101.80.228.36 - - [06/Aug/2022:11:01:45 +0800] "POST /xingrg/dwr/call/plaincall/AjaxQqpsService.saveMaterielItem.dwr HTTP/1.1" 200 79
58.37.7.214 - - [06/Aug/2022:11:01:45 +0800] "POST /xingrg/kc/buy/cgsh_list_operate.html HTTP/1.1" 200 349
114.83.222.234 - - [06/Aug/2022:11:01:45 +0800] "POST /xingrg/kc/base/yddb_list_operate.html HTTP/1.1" 200 4590
58.37.7.214 - - [06/Aug/2022:11:01:46 +0800] "GET /xingrg/kc/buy/cgsh_order_info.html?code=212022080601639 HTTP/1.1" 200 68288
58.37.7.214 - - [06/Aug/2022:11:01:46 +0800] "GET /xingrg/javascript/easyui/themes/default/validatebox.css HTTP/1.1" 404 1104
58.37.7.214 - - [06/Aug/2022:11:01:47 +0800] "POST /xingrg/kc/buy/cgsh_order_operate.html HTTP/1.1" 200 3843
58.37.7.214 - - [06/Aug/2022:11:01:48 +0800] "POST /xingrg/kc/buy/cgsh_list_operate.html HTTP/1.1" 200 3022
114.86.187.244 - - [06/Aug/2022:11:01:48 +0800] "GET /xingrg/kc/print/load_config.html?kc_code=cgsh HTTP/1.1" 200 1943
114.86.187.244 - - [06/Aug/2022:11:01:49 +0800] "GET /xingrg/kc/print/load_data.html?order_code=212022080601645&kc_code=cgsh&condition= HTTP/1.1" 200 8347
116.232.51.90 - - [06/Aug/2022:11:01:52 +0800] "GET /xingrg/check_reg.html?_=1659754912884 HTTP/1.1" 200 22
114.86.187.244 - - [06/Aug/2022:11:01:54 +0800] "GET /xingrg/kc/buy/cgsh_order_add.html HTTP/1.1" 200 68279
116.224.255.128 - - [06/Aug/2022:11:01:54 +0800] "GET /xingrg/check_reg.html?_=1659754860587 HTTP/1.1" 200 22
114.86.187.244 - - [06/Aug/2022:11:01:54 +0800] "POST /xingrg/kc/buy/cgsh_order_operate.html HTTP/1.1" 200 8245
116.224.123.211 - - [06/Aug/2022:11:01:54 +0800] "POST /xingrg/kc/buy/cgsh_list_operate.html HTTP/1.1" 200 693
114.86.187.244 - - [06/Aug/2022:11:01:54 +0800] "GET /xingrg/javascript/easyui/themes/default/validatebox.css HTTP/1.1" 404 1104
58.37.7.214 - - [06/Aug/2022:11:01:55 +0800] "POST /xingrg/kc/buy/cgsh_order_operate.html HTTP/1.1" 200 37
114.83.222.234 - - [06/Aug/2022:11:01:55 +0800] "POST /xingrg/kc/base/yddb_list_operate.html HTTP/1.1" 200 200
116.224.255.128 - - [06/Aug/2022:11:01:56 +0800] "GET /xingrg/all/function/internal_message.html?_=1659754862865&CODE_STATE=getMsg HTTP/1.1" 200 27
114.83.222.234 - - [06/Aug/2022:11:01:56 +0800] "GET /xingrg/kc/base/yddb_order_info.html?code=482022052600219 HTTP/1.1" 200 31000
114.83.222.234 - - [06/Aug/2022:11:01:56 +0800] "GET /xingrg/javascript/checkform.js HTTP/1.1" 200 18351
114.83.222.234 - - [06/Aug/2022:11:01:56 +0800] "GET /xingrg/javascript/jquery_easy_ui/themes/default/easyui.css HTTP/1.1" 200 26500
114.83.222.234 - - [06/Aug/2022:11:01:56 +0800] "GET /xingrg/javascript/jquery_easy_ui/themes/icon.css HTTP/1.1" 200 3949
114.83.222.234 - - [06/Aug/2022:11:01:56 +0800] "GET /xingrg/javascript/ToolTips.js HTTP/1.1" 200 5615
114.83.222.234 - - [06/Aug/2022:11:01:56 +0800] "GET /xingrg/css/blue.css HTTP/1.1" 200 15949
114.83.222.234 - - [06/Aug/2022:11:01:56 +0800] "GET /xingrg/dwr/interface/AjaxComOrderService.js HTTP/1.1" 200 18264
114.83.222.234 - - [06/Aug/2022:11:01:57 +0800] "GET /xingrg/dwr/interface/AjaxYddbService.js HTTP/1.1" 200 13201
114.83.222.234 - - [06/Aug/2022:11:01:57 +0800] "GET /xingrg/dwr/util.js HTTP/1.1" 200 35990
114.83.222.234 - - [06/Aug/2022:11:01:57 +0800] "GET /xingrg/dwr/engine.js HTTP/1.1" 200 43631
114.83.222.234 - - [06/Aug/2022:11:01:57 +0800] "GET /xingrg/javascript/myfunction.js HTTP/1.1" 200 24559
114.83.222.234 - - [06/Aug/2022:11:01:57 +0800] "GET /xingrg/javascript/Calendar.js HTTP/1.1" 200 31561
114.83.222.234 - - [06/Aug/2022:11:01:57 +0800] "GET /xingrg/javascript/AjaxInfoList.js HTTP/1.1" 200 3774
114.83.222.234 - - [06/Aug/2022:11:01:57 +0800] "GET /xingrg/javascript/Grid.js HTTP/1.1" 200 58908
114.83.222.234 - - [06/Aug/2022:11:01:57 +0800] "GET /xingrg/javascript/jquery_easy_ui/themes/icons/print.png HTTP/1.1" 200 1057
114.83.222.234 - - [06/Aug/2022:11:01:57 +0800] "GET /xingrg/javascript/jquery_easy_ui/themes/icons/edit_add_new.png HTTP/1.1" 200 2997
114.83.222.234 - - [06/Aug/2022:11:01:57 +0800] "GET /xingrg/javascript/jquery_easy_ui/themes/default/images/menu_downarrow.png HTTP/1.1" 200 173
114.83.222.234 - - [06/Aug/2022:11:01:57 +0800] "GET /xingrg/javascript/jquery_easy_ui/themes/icons/back_new.png HTTP/1.1" 200 3414
114.83.222.234 - - [06/Aug/2022:11:01:57 +0800] "GET /xingrg/images/blue/wait.gif HTTP/1.1" 200 1100
114.83.222.234 - - [06/Aug/2022:11:01:57 +0800] "GET /xingrg/images/blue/kc_tab_left.gif HTTP/1.1" 200 188
114.83.222.234 - - [06/Aug/2022:11:01:57 +0800] "GET /xingrg/images/blue/kc_tab_mid.gif HTTP/1.1" 200 44
114.83.222.234 - - [06/Aug/2022:11:01:57 +0800] "GET /xingrg/images/blue/kc_tab_right.gif HTTP/1.1" 200 643
114.83.222.234 - - [06/Aug/2022:11:01:57 +0800] "POST /xingrg/dwr/call/plaincall/AjaxYddbService.loadMaterielItems.dwr HTTP/1.1" 200 394
116.224.123.211 - - [06/Aug/2022:11:01:58 +0800] "GET /xingrg/check_reg.html?_=1659754916338 HTTP/1.1" 200 22
116.224.123.211 - - [06/Aug/2022:11:01:58 +0800] "GET /xingrg/all/function/internal_message.html?_=1659754916341&CODE_STATE=getMsg HTTP/1.1" 200 27
58.37.7.214 - - [06/Aug/2022:11:01:58 +0800] "POST /xingrg/kc/buy/cgsh_order_operate.html HTTP/1.1" 200 12
58.37.7.214 - - [06/Aug/2022:11:02:00 +0800] "GET /xingrg/kc/buy/cgsh_order_info.html?code=212022080601639 HTTP/1.1" 200 63182
58.37.7.214 - - [06/Aug/2022:11:02:00 +0800] "GET /xingrg/javascript/easyui/themes/default/validatebox.css HTTP/1.1" 404 1104
58.37.7.214 - - [06/Aug/2022:11:02:01 +0800] "POST /xingrg/kc/buy/cgsh_order_operate.html HTTP/1.1" 200 1793
58.37.7.214 - - [06/Aug/2022:11:02:03 +0800] "GET /xingrg/kc/print/load_data.html?order_code=212022080601639&kc_code=cgsh&condition= HTTP/1.1" 200 1240
116.224.255.128 - - [06/Aug/2022:11:02:04 +0800] "GET /xingrg/all/function/internal_message.html?_=1659754922769&CODE_STATE=getMsg HTTP/1.1" 200 27
116.232.51.90 - - [06/Aug/2022:11:02:05 +0800] "GET /xingrg/all/function/internal_message.html?_=1659754925448&CODE_STATE=getMsg HTTP/1.1" 200 27
120.253.135.82 - - [06/Aug/2022:11:02:06 +0800] "GET /xingrg/check_reg.html?_=1659754732739 HTTP/1.1" 200 22
58.39.169.63 - - [06/Aug/2022:11:02:06 +0800] "GET /xingrg/check_reg.html?_=1659754927653 HTTP/1.1" 200 22
58.39.169.63 - - [06/Aug/2022:11:02:06 +0800] "GET /xingrg/all/function/internal_message.html?_=1659754927657&CODE_STATE=getMsg HTTP/1.1" 200 27
58.37.7.214 - - [06/Aug/2022:11:02:10 +0800] "GET /xingrg/all/function/internal_message.html?_=1659754930698&CODE_STATE=getMsg HTTP/1.1" 200 27
58.39.169.63 - - [06/Aug/2022:11:02:11 +0800] "GET /xingrg/all/function/internal_message.html?_=1659754806985&CODE_STATE=getMsg HTTP/1.1" 200 27
114.86.187.244 - - [06/Aug/2022:11:02:13 +0800] "GET /xingrg/kc/buy/cgsh_order_operate.html?command=get_materiel&rest_code=00148&code=00101006055&supplier_code=00100010&order_time=2022-08-06 HTTP/1.1" 200 409
58.37.7.214 - - [06/Aug/2022:11:02:15 +0800] "POST /xingrg/kc/buy/cgsh_list_operate.html HTTP/1.1" 200 2714
58.37.7.214 - - [06/Aug/2022:11:02:18 +0800] "POST /xingrg/kc/buy/cgsh_list_operate.html HTTP/1.1" 200 282
101.80.228.36 - - [06/Aug/2022:11:02:18 +0800] "POST /xingrg/dwr/call/plaincall/AjaxQqpsService.saveOrder.dwr HTTP/1.1" 200 79
58.37.7.214 - - [06/Aug/2022:11:02:19 +0800] "GET /xingrg/kc/buy/cgsh_order_info.html?code=212022080601638 HTTP/1.1" 200 68292
58.37.7.214 - - [06/Aug/2022:11:02:19 +0800] "GET /xingrg/javascript/easyui/themes/default/validatebox.css HTTP/1.1" 404 1104
116.232.194.65 - - [06/Aug/2022:11:02:19 +0800] "GET /xingrg/all/function/internal_message.html?_=1659754934353&CODE_STATE=getMsg HTTP/1.1" 200 27
58.37.7.214 - - [06/Aug/2022:11:02:20 +0800] "POST /xingrg/kc/buy/cgsh_order_operate.html HTTP/1.1" 200 3255
58.37.7.214 - - [06/Aug/2022:11:02:21 +0800] "POST /xingrg/kc/buy/cgsh_list_operate.html HTTP/1.1" 200 2714
116.224.123.211 - - [06/Aug/2022:11:02:21 +0800] "GET /xingrg/all/function/internal_message.html?_=1659754941372&CODE_STATE=getMsg HTTP/1.1" 200 27
116.235.94.65 - - [06/Aug/2022:11:02:25 +0800] "GET /xingrg/all/function/internal_message.html?_=1659755132443&CODE_STATE=getMsg HTTP/1.1" 200 27
58.37.7.214 - - [06/Aug/2022:11:02:26 +0800] "POST /xingrg/kc/buy/cgsh_order_operate.html HTTP/1.1" 200 37
218.81.223.53 - - [06/Aug/2022:11:02:30 +0800] "GET /xingrg/all/function/internal_message.html?_=1659754971949&CODE_STATE=getMsg HTTP/1.1" 200 27
58.37.7.214 - - [06/Aug/2022:11:02:30 +0800] "POST /xingrg/kc/buy/cgsh_order_operate.html HTTP/1.1" 200 12
222.69.129.110 - - [06/Aug/2022:11:02:30 +0800] "GET /xingrg/all/function/internal_message.html?_=1659755009834&CODE_STATE=getMsg HTTP/1.1" 200 27
58.37.7.214 - - [06/Aug/2022:11:02:31 +0800] "GET /xingrg/kc/buy/cgsh_order_info.html?code=212022080601638 HTTP/1.1" 200 63186
58.37.7.214 - - [06/Aug/2022:11:02:32 +0800] "GET /xingrg/javascript/easyui/themes/default/validatebox.css HTTP/1.1" 404 1104
58.37.7.214 - - [06/Aug/2022:11:02:32 +0800] "POST /xingrg/kc/buy/cgsh_order_operate.html HTTP/1.1" 200 1205
114.83.222.234 - - [06/Aug/2022:11:02:33 +0800] "GET /xingrg/all/function/internal_message.html?_=1659754952870&CODE_STATE=getMsg HTTP/1.1" 200 27
58.37.7.214 - - [06/Aug/2022:11:02:35 +0800] "GET /xingrg/kc/print/load_data.html?order_code=212022080601638&kc_code=cgsh&condition= HTTP/1.1" 200 995
180.169.147.146 - - [06/Aug/2022:11:02:35 +0800] "GET /xingrg/check_reg.html?_=1659754957709 HTTP/1.1" 200 22
180.169.147.146 - - [06/Aug/2022:11:02:35 +0800] "GET /xingrg/all/function/internal_message.html?_=1659754957712&CODE_STATE=getMsg HTTP/1.1" 200 27
101.80.228.36 - - [06/Aug/2022:11:02:36 +0800] "GET /xingrg/all/function/internal_message.html?_=1659754954043&CODE_STATE=getMsg HTTP/1.1" 200 27
114.86.187.244 - - [06/Aug/2022:11:02:41 +0800] "GET /xingrg/all/function/internal_message.html?_=1659754972767&CODE_STATE=getMsg HTTP/1.1" 200 27
101.85.120.95 - - [06/Aug/2022:11:02:42 +0800] "GET /xingrg/all/function/internal_message.html?_=1659754961011&CODE_STATE=getMsg HTTP/1.1" 200 27
58.37.7.214 - - [06/Aug/2022:11:02:49 +0800] "POST /xingrg/kc/buy/cgsh_list_operate.html HTTP/1.1" 200 2401
114.86.187.244 - - [06/Aug/2022:11:02:49 +0800] "GET /xingrg/kc/buy/cgsh_order_operate.html?command=get_materiel&rest_code=00148&code=00101006144&supplier_code=00100010&order_time=2022-08-06 HTTP/1.1" 200 409
58.37.7.214 - - [06/Aug/2022:11:02:52 +0800] "POST /xingrg/kc/buy/cgsh_list_operate.html HTTP/1.1" 200 507
58.37.7.214 - - [06/Aug/2022:11:02:53 +0800] "GET /xingrg/kc/buy/cgsh_order_info.html?code=212022080601637 HTTP/1.1" 200 68288
58.37.7.214 - - [06/Aug/2022:11:02:53 +0800] "GET /xingrg/javascript/easyui/themes/default/validatebox.css HTTP/1.1" 404 1104
58.37.7.214 - - [06/Aug/2022:11:02:54 +0800] "POST /xingrg/kc/buy/cgsh_order_operate.html HTTP/1.1" 200 5031
58.37.7.214 - - [06/Aug/2022:11:02:55 +0800] "POST /xingrg/kc/buy/cgsh_list_operate.html HTTP/1.1" 200 2401
116.224.255.128 - - [06/Aug/2022:11:02:56 +0800] "GET /xingrg/all/function/internal_message.html?_=1659754922878&CODE_STATE=getMsg HTTP/1.1" 200 27
116.224.123.211 - - [06/Aug/2022:11:02:58 +0800] "GET /xingrg/all/function/internal_message.html?_=1659754976345&CODE_STATE=getMsg HTTP/1.1" 200 27
116.224.255.128 - - [06/Aug/2022:11:03:04 +0800] "GET /xingrg/all/function/internal_message.html?_=1659754982778&CODE_STATE=getMsg HTTP/1.1" 200 27
114.86.187.244 - - [06/Aug/2022:11:03:05 +0800] "GET /xingrg/kc/buy/cgsh_order_operate.html?command=get_materiel&rest_code=00148&code=00101006065&supplier_code=00100010&order_time=2022-08-06 HTTP/1.1" 200 409
116.232.51.90 - - [06/Aug/2022:11:03:05 +0800] "GET /xingrg/all/function/internal_message.html?_=1659754985432&CODE_STATE=getMsg HTTP/1.1" 200 27
58.39.169.63 - - [06/Aug/2022:11:03:06 +0800] "GET /xingrg/all/function/internal_message.html?_=1659754987642&CODE_STATE=getMsg HTTP/1.1" 200 27
58.37.7.214 - - [06/Aug/2022:11:03:07 +0800] "POST /xingrg/kc/buy/cgsh_order_operate.html HTTP/1.1" 200 37
116.224.123.211 - - [06/Aug/2022:11:03:09 +0800] "GET /xingrg/kc/buy/cgsh_order_add.html HTTP/1.1" 200 68320
116.224.123.211 - - [06/Aug/2022:11:03:09 +0800] "GET /xingrg/words/20220805141303_words.js HTTP/1.1" 304 -
116.224.123.211 - - [06/Aug/2022:11:03:09 +0800] "POST /xingrg/kc/buy/cgsh_order_operate.html HTTP/1.1" 200 8245
116.224.123.211 - - [06/Aug/2022:11:03:09 +0800] "GET /xingrg/javascript/easyui/themes/default/validatebox.css HTTP/1.1" 404 1104
58.37.7.214 - - [06/Aug/2022:11:03:10 +0800] "GET /xingrg/all/function/internal_message.html?_=1659754990684&CODE_STATE=getMsg HTTP/1.1" 200 27
58.39.169.63 - - [06/Aug/2022:11:03:11 +0800] "GET /xingrg/all/function/internal_message.html?_=1659754866986&CODE_STATE=getMsg HTTP/1.1" 200 27
58.37.7.214 - - [06/Aug/2022:11:03:11 +0800] "POST /xingrg/kc/buy/cgsh_order_operate.html HTTP/1.1" 200 12
58.37.7.214 - - [06/Aug/2022:11:03:12 +0800] "GET /xingrg/kc/buy/cgsh_order_info.html?code=212022080601637 HTTP/1.1" 200 63182
58.37.7.214 - - [06/Aug/2022:11:03:12 +0800] "GET /xingrg/javascript/easyui/themes/default/validatebox.css HTTP/1.1" 404 1104
58.37.7.214 - - [06/Aug/2022:11:03:13 +0800] "POST /xingrg/kc/buy/cgsh_order_operate.html HTTP/1.1" 200 2980
58.37.7.214 - - [06/Aug/2022:11:03:16 +0800] "GET /xingrg/kc/print/load_data.html?order_code=212022080601637&kc_code=cgsh&condition= HTTP/1.1" 200 1672
116.232.194.65 - - [06/Aug/2022:11:03:19 +0800] "GET /xingrg/all/function/internal_message.html?_=1659754994350&CODE_STATE=getMsg HTTP/1.1" 200 27
114.86.187.244 - - [06/Aug/2022:11:03:20 +0800] "GET /xingrg/kc/buy/cgsh_order_operate.html?command=get_materiel&rest_code=00148&code=00101006130&supplier_code=00100010&order_time=2022-08-06 HTTP/1.1" 200 427
116.224.123.211 - - [06/Aug/2022:11:03:21 +0800] "GET /xingrg/all/function/internal_message.html?_=1659755001358&CODE_STATE=getMsg HTTP/1.1" 200 27
116.235.94.65 - - [06/Aug/2022:11:03:25 +0800] "GET /xingrg/all/function/internal_message.html?_=1659755192447&CODE_STATE=getMsg HTTP/1.1" 200 27
116.235.94.65 - - [06/Aug/2022:11:03:25 +0800] "GET /xingrg/check_reg.html?_=1659755192448 HTTP/1.1" 200 22
218.81.223.53 - - [06/Aug/2022:11:03:30 +0800] "GET /xingrg/all/function/internal_message.html?_=1659755032167&CODE_STATE=getMsg HTTP/1.1" 200 27
222.69.129.110 - - [06/Aug/2022:11:03:30 +0800] "GET /xingrg/all/function/internal_message.html?_=1659755069842&CODE_STATE=getMsg HTTP/1.1" 200 27
114.86.187.244 - - [06/Aug/2022:11:03:31 +0800] "POST /xingrg/kc/buy/cgsh_order_operate.html HTTP/1.1" 200 37
58.37.7.214 - - [06/Aug/2022:11:03:32 +0800] "POST /xingrg/kc/buy/cgsh_list_operate.html HTTP/1.1" 200 2094
114.86.187.244 - - [06/Aug/2022:11:03:33 +0800] "POST /xingrg/kc/buy/cgsh_order_operate.html HTTP/1.1" 200 4439
114.83.222.234 - - [06/Aug/2022:11:03:33 +0800] "GET /xingrg/check_reg.html?_=1659755012878 HTTP/1.1" 200 22
114.83.222.234 - - [06/Aug/2022:11:03:33 +0800] "GET /xingrg/all/function/internal_message.html?_=1659755012883&CODE_STATE=getMsg HTTP/1.1" 200 27
58.37.7.214 - - [06/Aug/2022:11:03:35 +0800] "POST /xingrg/kc/buy/cgsh_list_operate.html HTTP/1.1" 200 570
180.169.147.146 - - [06/Aug/2022:11:03:35 +0800] "GET /xingrg/all/function/internal_message.html?_=1659755017714&CODE_STATE=getMsg HTTP/1.1" 200 27
101.80.228.36 - - [06/Aug/2022:11:03:36 +0800] "GET /xingrg/check_reg.html?_=1659755014039 HTTP/1.1" 200 22
101.80.228.36 - - [06/Aug/2022:11:03:36 +0800] "GET /xingrg/all/function/internal_message.html?_=1659755014040&CODE_STATE=getMsg HTTP/1.1" 200 27
58.37.7.214 - - [06/Aug/2022:11:03:36 +0800] "GET /xingrg/kc/buy/cgsh_order_info.html?code=212022080601636 HTTP/1.1" 200 68290
58.37.7.214 - - [06/Aug/2022:11:03:36 +0800] "GET /xingrg/javascript/easyui/themes/default/validatebox.css HTTP/1.1" 404 1104
58.37.7.214 - - [06/Aug/2022:11:03:37 +0800] "POST /xingrg/kc/buy/cgsh_order_operate.html HTTP/1.1" 200 5614
58.37.7.214 - - [06/Aug/2022:11:03:38 +0800] "POST /xingrg/kc/buy/cgsh_list_operate.html HTTP/1.1" 200 2094
114.86.187.244 - - [06/Aug/2022:11:03:41 +0800] "GET /xingrg/all/function/internal_message.html?_=1659755032740&CODE_STATE=getMsg HTTP/1.1" 200 27
101.85.120.95 - - [06/Aug/2022:11:03:42 +0800] "GET /xingrg/all/function/internal_message.html?_=1659755021012&CODE_STATE=getMsg HTTP/1.1" 200 27
180.169.147.146 - - [06/Aug/2022:11:03:42 +0800] "GET /favicon.ico HTTP/1.1" 404 -
114.86.187.244 - - [06/Aug/2022:11:03:42 +0800] "GET /xingrg/kc/print/load_data.html?order_code=212022080601650&kc_code=cgsh&condition= HTTP/1.1" 200 1414
180.169.147.146 - - [06/Aug/2022:11:03:44 +0800] "GET /xingrg/login.html HTTP/1.1" 200 7641
180.169.147.146 - - [06/Aug/2022:11:03:44 +0800] "GET /favicon.ico HTTP/1.1" 404 -
58.37.7.214 - - [06/Aug/2022:11:03:45 +0800] "POST /xingrg/kc/buy/cgsh_order_operate.html HTTP/1.1" 200 37
114.86.187.244 - - [06/Aug/2022:11:03:46 +0800] "GET /xingrg/kc/buy/cgsh_order_add.html HTTP/1.1" 200 68279
114.86.187.244 - - [06/Aug/2022:11:03:46 +0800] "POST /xingrg/kc/buy/cgsh_order_operate.html HTTP/1.1" 200 8245
114.86.187.244 - - [06/Aug/2022:11:03:46 +0800] "GET /xingrg/javascript/easyui/themes/default/validatebox.css HTTP/1.1" 404 1104
180.169.147.146 - - [06/Aug/2022:11:03:49 +0800] "POST /xingrg/login.do HTTP/1.1" 302 -
180.169.147.146 - - [06/Aug/2022:11:03:49 +0800] "GET /xingrg/index.html?sysBaseUrl=http%3A%2F%2F180.169.147.146%3A18081%2Fxingrg%2F&costTime=45×tamp=1659755029437 HTTP/1.1" 200 17179
180.169.147.146 - - [06/Aug/2022:11:03:49 +0800] "GET /favicon.ico HTTP/1.1" 404 -
180.169.147.146 - - [06/Aug/2022:11:03:49 +0800] "POST /xingrg/all/common/load_tree.html?tree=area_rest_tree_json&manage=1 HTTP/1.1" 200 351
180.169.147.146 - - [06/Aug/2022:11:03:49 +0800] "GET /xingrg/check_reg.html?_=1659755024813 HTTP/1.1" 200 22
180.169.147.146 - - [06/Aug/2022:11:03:49 +0800] "GET /xingrg/all/function/internal_message.html?_=1659755024812&CODE_STATE=count HTTP/1.1" 200 11
180.169.147.146 - - [06/Aug/2022:11:03:49 +0800] "POST /xingrg/load_menu.html HTTP/1.1" 200 5138
58.37.7.214 - - [06/Aug/2022:11:03:49 +0800] "POST /xingrg/kc/buy/cgsh_order_operate.html HTTP/1.1" 200 12
58.37.7.214 - - [06/Aug/2022:11:03:51 +0800] "GET /xingrg/kc/buy/cgsh_order_info.html?code=212022080601636 HTTP/1.1" 200 63184
58.37.7.214 - - [06/Aug/2022:11:03:51 +0800] "GET /xingrg/javascript/easyui/themes/default/validatebox.css HTTP/1.1" 404 1104
180.169.147.146 - - [06/Aug/2022:11:03:51 +0800] "GET /xingrg/kc/buy/buy_main.html HTTP/1.1" 200 12412
180.169.147.146 - - [06/Aug/2022:11:03:51 +0800] "GET /xingrg/css/new_ie.css HTTP/1.1" 404 1036
180.169.147.146 - - [06/Aug/2022:11:03:52 +0800] "GET /xingrg/images/yd/bt.gif HTTP/1.1" 404 1040
58.37.7.214 - - [06/Aug/2022:11:03:52 +0800] "POST /xingrg/kc/buy/cgsh_order_operate.html HTTP/1.1" 200 3562
180.169.147.146 - - [06/Aug/2022:11:03:52 +0800] "GET /xingrg/kc/buy/cgsh_order_list.html HTTP/1.1" 200 52509
58.37.7.214 - - [06/Aug/2022:11:03:54 +0800] "GET /xingrg/kc/print/load_data.html?order_code=212022080601636&kc_code=cgsh&condition= HTTP/1.1" 200 1839
180.169.147.146 - - [06/Aug/2022:11:03:54 +0800] "POST /xingrg/kc/buy/cgsh_list_operate.html HTTP/1.1" 200 4579
116.224.255.128 - - [06/Aug/2022:11:03:56 +0800] "GET /xingrg/all/function/internal_message.html?_=1659754982892&CODE_STATE=getMsg HTTP/1.1" 200 27
116.224.123.211 - - [06/Aug/2022:11:03:58 +0800] "GET /xingrg/all/function/internal_message.html?_=1659755036333&CODE_STATE=getMsg HTTP/1.1" 200 27
180.169.147.146 - - [06/Aug/2022:11:04:01 +0800] "POST /xingrg/kc/buy/cgsh_list_operate.html HTTP/1.1" 200 201
180.169.147.146 - - [06/Aug/2022:11:04:02 +0800] "GET /xingrg/kc/buy/cgsh_order_info.html?code=212022080501424 HTTP/1.1" 200 68300
180.169.147.146 - - [06/Aug/2022:11:04:02 +0800] "GET /xingrg/words/20220805141303_words.js HTTP/1.1" 304 -
114.86.187.244 - - [06/Aug/2022:11:04:02 +0800] "GET /xingrg/kc/buy/cgsh_order_operate.html?command=get_materiel&rest_code=00148&code=00101007061&supplier_code=00100004&order_time=2022-08-06 HTTP/1.1" 200 411
180.169.147.146 - - [06/Aug/2022:11:04:02 +0800] "GET /xingrg/all/common/auto_word.html?type=employee&rest_code=00147 HTTP/1.1" 200 101
180.169.147.146 - - [06/Aug/2022:11:04:02 +0800] "GET /xingrg/javascript/easyui/themes/default/validatebox.css HTTP/1.1" 404 1104
180.169.147.146 - - [06/Aug/2022:11:04:02 +0800] "GET /xingrg/all/common/auto_word.html?type=employee&rest_code=00147 HTTP/1.1" 200 101
180.169.147.146 - - [06/Aug/2022:11:04:03 +0800] "POST /xingrg/kc/buy/cgsh_order_operate.html HTTP/1.1" 200 2657
58.37.7.214 - - [06/Aug/2022:11:04:03 +0800] "POST /xingrg/kc/buy/cgsh_list_operate.html HTTP/1.1" 200 1784
116.224.255.128 - - [06/Aug/2022:11:04:04 +0800] "GET /xingrg/all/function/internal_message.html?_=1659755042775&CODE_STATE=getMsg HTTP/1.1" 200 27
116.232.51.90 - - [06/Aug/2022:11:04:05 +0800] "GET /xingrg/all/function/internal_message.html?_=1659755045402&CODE_STATE=getMsg HTTP/1.1" 200 27
58.37.7.214 - - [06/Aug/2022:11:04:06 +0800] "POST /xingrg/kc/buy/cgsh_list_operate.html HTTP/1.1" 200 596
58.39.169.63 - - [06/Aug/2022:11:04:06 +0800] "GET /xingrg/all/function/internal_message.html?_=1659755047642&CODE_STATE=getMsg HTTP/1.1" 200 27
58.37.7.214 - - [06/Aug/2022:11:04:07 +0800] "GET /xingrg/kc/buy/cgsh_order_info.html?code=212022080601634 HTTP/1.1" 200 68300
58.37.7.214 - - [06/Aug/2022:11:04:07 +0800] "GET /xingrg/javascript/easyui/themes/default/validatebox.css HTTP/1.1" 404 1104
58.37.7.214 - - [06/Aug/2022:11:04:08 +0800] "POST /xingrg/kc/buy/cgsh_order_operate.html HTTP/1.1" 200 6817
58.37.7.214 - - [06/Aug/2022:11:04:10 +0800] "GET /xingrg/all/function/internal_message.html?_=1659755050661&CODE_STATE=getMsg HTTP/1.1" 200 27
58.39.169.63 - - [06/Aug/2022:11:04:11 +0800] "GET /xingrg/all/function/internal_message.html?_=1659754926987&CODE_STATE=getMsg HTTP/1.1" 200 27
58.39.169.63 - - [06/Aug/2022:11:04:11 +0800] "GET /xingrg/check_reg.html?_=1659754926990 HTTP/1.1" 200 22
58.37.7.214 - - [06/Aug/2022:11:04:16 +0800] "POST /xingrg/kc/buy/cgsh_order_operate.html HTTP/1.1" 200 37
114.86.187.244 - - [06/Aug/2022:11:04:18 +0800] "GET /xingrg/kc/buy/cgsh_order_operate.html?command=get_materiel&rest_code=00148&code=00101007049&supplier_code=00100004&order_time=2022-08-06 HTTP/1.1" 200 409
116.232.194.65 - - [06/Aug/2022:11:04:19 +0800] "GET /xingrg/all/function/internal_message.html?_=1659755054340&CODE_STATE=getMsg HTTP/1.1" 200 27
58.37.7.214 - - [06/Aug/2022:11:04:20 +0800] "POST /xingrg/kc/buy/cgsh_order_operate.html HTTP/1.1" 200 12
116.224.123.211 - - [06/Aug/2022:11:04:21 +0800] "GET /xingrg/all/function/internal_message.html?_=1659755061345&CODE_STATE=getMsg HTTP/1.1" 200 27
58.37.7.214 - - [06/Aug/2022:11:04:21 +0800] "GET /xingrg/kc/buy/cgsh_order_info.html?code=212022080601634 HTTP/1.1" 200 63194
58.37.7.214 - - [06/Aug/2022:11:04:22 +0800] "GET /xingrg/javascript/easyui/themes/default/validatebox.css HTTP/1.1" 404 1104
116.224.123.211 - - [06/Aug/2022:11:04:22 +0800] "GET /xingrg/check_reg.html?_=1659755061913 HTTP/1.1" 200 22
58.37.7.214 - - [06/Aug/2022:11:04:22 +0800] "POST /xingrg/kc/buy/cgsh_order_operate.html HTTP/1.1" 200 4763
58.37.7.214 - - [06/Aug/2022:11:04:25 +0800] "GET /xingrg/kc/print/load_data.html?order_code=212022080601634&kc_code=cgsh&condition= HTTP/1.1" 200 2304
116.235.94.65 - - [06/Aug/2022:11:04:25 +0800] "GET /xingrg/all/function/internal_message.html?_=1659755252465&CODE_STATE=getMsg HTTP/1.1" 200 27
218.81.223.53 - - [06/Aug/2022:11:04:26 +0800] "GET /xingrg/check_reg.html?_=1659755087983 HTTP/1.1" 200 22
120.253.135.82 - - [06/Aug/2022:11:04:28 +0800] "POST /xingrg/kc/buy/cgsh_order_operate.html HTTP/1.1" 200 37
114.86.187.244 - - [06/Aug/2022:11:04:29 +0800] "GET /xingrg/kc/buy/cgsh_order_operate.html?command=get_materiel&rest_code=00148&code=00101007190&supplier_code=00100004&order_time=2022-08-06 HTTP/1.1" 200 410
218.81.223.53 - - [06/Aug/2022:11:04:30 +0800] "GET /xingrg/all/function/internal_message.html?_=1659755092178&CODE_STATE=getMsg HTTP/1.1" 200 27
222.69.129.110 - - [06/Aug/2022:11:04:30 +0800] "GET /xingrg/all/function/internal_message.html?_=1659755129838&CODE_STATE=getMsg HTTP/1.1" 200 27
58.37.7.214 - - [06/Aug/2022:11:04:32 +0800] "GET /xingrg/kc/buy/buy_main.html HTTP/1.1" 200 12412
58.37.7.214 - - [06/Aug/2022:11:04:32 +0800] "GET /xingrg/css/new_ie.css HTTP/1.1" 404 1036
58.37.7.214 - - [06/Aug/2022:11:04:33 +0800] "GET /xingrg/images/yd/bt.gif HTTP/1.1" 404 1040
114.83.222.234 - - [06/Aug/2022:11:04:33 +0800] "GET /xingrg/all/function/internal_message.html?_=1659755072884&CODE_STATE=getMsg HTTP/1.1" 200 27
58.37.7.214 - - [06/Aug/2022:11:04:33 +0800] "GET /xingrg/kc/buy/cgsh_order_list.html HTTP/1.1" 200 52503
120.253.135.82 - - [06/Aug/2022:11:04:35 +0800] "POST /xingrg/kc/buy/cgsh_order_operate.html HTTP/1.1" 200 12
180.169.147.146 - - [06/Aug/2022:11:04:35 +0800] "GET /xingrg/all/function/internal_message.html?_=1659755077715&CODE_STATE=getMsg HTTP/1.1" 200 27
101.80.228.36 - - [06/Aug/2022:11:04:36 +0800] "GET /xingrg/all/function/internal_message.html?_=1659755074036&CODE_STATE=getMsg HTTP/1.1" 200 27
114.86.187.244 - - [06/Aug/2022:11:04:38 +0800] "POST /xingrg/kc/buy/cgsh_order_operate.html HTTP/1.1" 200 37
180.169.147.146 - - [06/Aug/2022:11:04:38 +0800] "POST /xingrg/kc/buy/cgsh_list_operate.html HTTP/1.1" 200 4
120.253.135.82 - - [06/Aug/2022:11:04:38 +0800] "GET /xingrg/kc/buy/cgsh_order_info.html?code=212022080601648 HTTP/1.1" 200 62300
114.86.187.244 - - [06/Aug/2022:11:04:38 +0800] "POST /xingrg/kc/buy/cgsh_order_operate.html HTTP/1.1" 200 3831
58.37.7.214 - - [06/Aug/2022:11:04:39 +0800] "POST /xingrg/kc/buy/cgsh_list_operate.html HTTP/1.1" 200 1459
114.86.187.244 - - [06/Aug/2022:11:04:39 +0800] "GET /xingrg/kc/print/load_data.html?order_code=212022080601651&kc_code=cgsh&condition= HTTP/1.1" 200 1161
120.253.135.82 - - [06/Aug/2022:11:04:40 +0800] "GET /xingrg/javascript/easyui/themes/default/validatebox.css HTTP/1.1" 404 1104
58.37.7.214 - - [06/Aug/2022:11:04:40 +0800] "POST /xingrg/kc/buy/cgsh_list_operate.html HTTP/1.1" 200 1459
120.253.135.82 - - [06/Aug/2022:11:04:40 +0800] "POST /xingrg/kc/buy/cgsh_order_operate.html HTTP/1.1" 200 624
114.86.187.244 - - [06/Aug/2022:11:04:41 +0800] "GET /xingrg/all/function/internal_message.html?_=1659755092748&CODE_STATE=getMsg HTTP/1.1" 200 27
101.85.120.95 - - [06/Aug/2022:11:04:42 +0800] "GET /xingrg/all/function/internal_message.html?_=1659755081037&CODE_STATE=getMsg HTTP/1.1" 200 27
58.37.7.214 - - [06/Aug/2022:11:04:43 +0800] "GET /xingrg/kc/mdqp/qp_main.html HTTP/1.1" 200 10633
120.253.135.82 - - [06/Aug/2022:11:04:43 +0800] "POST /xingrg/kc/buy/cgsh_list_operate.html HTTP/1.1" 200 693
58.37.7.214 - - [06/Aug/2022:11:04:44 +0800] "GET /xingrg/images/yd/bt.gif HTTP/1.1" 404 1040
58.37.7.214 - - [06/Aug/2022:11:04:44 +0800] "GET /xingrg/kc/mdqp/pssh_order_list.html HTTP/1.1" 200 17819
58.37.7.214 - - [06/Aug/2022:11:04:45 +0800] "POST /xingrg/kc/mdqp/pssh_list_operate.html HTTP/1.1" 200 5140
114.86.187.244 - - [06/Aug/2022:11:04:49 +0800] "GET /xingrg/kc/buy/cgsh_order_add.html HTTP/1.1" 200 68279
114.86.187.244 - - [06/Aug/2022:11:04:49 +0800] "POST /xingrg/kc/buy/cgsh_order_operate.html HTTP/1.1" 200 8245
114.86.187.244 - - [06/Aug/2022:11:04:49 +0800] "GET /xingrg/javascript/easyui/themes/default/validatebox.css HTTP/1.1" 404 1104
120.253.135.82 - - [06/Aug/2022:11:04:53 +0800] "GET /xingrg/kc/pszx/mdqp_order_list.html?state=10 HTTP/1.1" 200 10217
120.253.135.82 - - [06/Aug/2022:11:04:53 +0800] "GET /xingrg/dwr/interface/AjaxQqpsService.js HTTP/1.1" 200 16326
120.253.135.82 - - [06/Aug/2022:11:04:53 +0800] "GET /xingrg/dwr/interface/AjaxReportQueryService.js HTTP/1.1" 200 13203
120.253.135.82 - - [06/Aug/2022:11:04:53 +0800] "GET /xingrg/dwr/engine.js HTTP/1.1" 200 43631
58.37.7.214 - - [06/Aug/2022:11:04:54 +0800] "POST /xingrg/kc/mdqp/pssh_list_operate.html HTTP/1.1" 200 3800
116.224.123.211 - - [06/Aug/2022:11:04:54 +0800] "GET /xingrg/javascript/easyui/themes/default/tree.css HTTP/1.1" 404 1090
116.224.123.211 - - [06/Aug/2022:11:04:54 +0800] "POST /xingrg/all/common/load_tree.html?tree=supplier_tree_json&isDelete=1 HTTP/1.1" 200 67662
58.37.7.214 - - [06/Aug/2022:11:04:55 +0800] "GET /xingrg/kc/mdqp/qp_main.html HTTP/1.1" 200 10633
120.253.135.82 - - [06/Aug/2022:11:04:55 +0800] "GET /xingrg/kc/pszx/mdps_order_list.html?orderType=0 HTTP/1.1" 200 21007
120.253.135.82 - - [06/Aug/2022:11:04:56 +0800] "POST /xingrg/kc/pszx/mdps_list_operate.html HTTP/1.1" 200 5249
116.224.255.128 - - [06/Aug/2022:11:04:56 +0800] "GET /xingrg/all/function/internal_message.html?_=1659755042952&CODE_STATE=getMsg HTTP/1.1" 200 27
180.169.147.146 - - [06/Aug/2022:11:04:57 +0800] "GET /xingrg/all/function/internal_message.html?_=1659755092194&CODE_STATE=getMsg HTTP/1.1" 200 27
58.37.7.214 - - [06/Aug/2022:11:04:57 +0800] "GET /xingrg/images/yd/bt.gif HTTP/1.1" 404 1040
58.37.7.214 - - [06/Aug/2022:11:04:57 +0800] "GET /xingrg/kc/mdqp/qqps_order_list.html HTTP/1.1" 200 9222
114.83.222.234 - - [06/Aug/2022:11:04:57 +0800] "GET /xingrg/kc/buy/cgsh_order_add.html HTTP/1.1" 200 68373
58.37.7.214 - - [06/Aug/2022:11:04:57 +0800] "GET /xingrg/dwr/interface/AjaxReportQueryService.js HTTP/1.1" 200 13203
58.37.7.214 - - [06/Aug/2022:11:04:57 +0800] "GET /xingrg/dwr/interface/AjaxQqpsService.js HTTP/1.1" 200 16326
58.37.7.214 - - [06/Aug/2022:11:04:57 +0800] "GET /xingrg/dwr/engine.js HTTP/1.1" 200 43631
58.37.7.214 - - [06/Aug/2022:11:04:57 +0800] "GET /xingrg/dwr/util.js HTTP/1.1" 200 35990
114.83.222.234 - - [06/Aug/2022:11:04:57 +0800] "GET /xingrg/javascript/easyui/themes/icons/cancel.png HTTP/1.1" 200 1133
114.83.222.234 - - [06/Aug/2022:11:04:57 +0800] "GET /xingrg/javascript/easyui/themes/default/images/button_plain_hover.png HTTP/1.1" 200 144
114.83.222.234 - - [06/Aug/2022:11:04:57 +0800] "GET /xingrg/javascript/easyui/themes/icons/print.png HTTP/1.1" 200 1057
114.83.222.234 - - [06/Aug/2022:11:04:57 +0800] "GET /xingrg/javascript/easyui/themes/icons/check_new.png HTTP/1.1" 200 3224
114.83.222.234 - - [06/Aug/2022:11:04:57 +0800] "GET /xingrg/javascript/easyui/themes/icons/cance_new.png HTTP/1.1" 200 3986
114.83.222.234 - - [06/Aug/2022:11:04:57 +0800] "GET /xingrg/javascript/easyui/themes/icons/ok.png HTTP/1.1" 200 883
114.83.222.234 - - [06/Aug/2022:11:04:58 +0800] "GET /xingrg/javascript/easyui/themes/icons/copy_new.png HTTP/1.1" 200 815
114.83.222.234 - - [06/Aug/2022:11:04:58 +0800] "GET /xingrg/javascript/easyui/themes/icons/template_new.png HTTP/1.1" 200 3956
114.83.222.234 - - [06/Aug/2022:11:04:58 +0800] "GET /xingrg/javascript/easyui/themes/default/images/menu_downarrow.png HTTP/1.1" 200 173
114.83.222.234 - - [06/Aug/2022:11:04:58 +0800] "GET /xingrg/images/control/ajaxLoader.gif HTTP/1.1" 200 4659
