114.83.222.234 - - [06/Aug/2022:11:16:33 +0800] "GET /xingrg/javascript/jquery_tools/images/prev.gif HTTP/1.1" 404 1086
116.232.51.90 - - [06/Aug/2022:11:16:33 +0800] "GET /xingrg/javascript/jquery_tools/images/prev.gif HTTP/1.1" 404 1086
116.232.51.90 - - [06/Aug/2022:11:16:33 +0800] "GET /xingrg/javascript/jquery_tools/images/next.gif HTTP/1.1" 404 1086
114.84.2.83 - - [06/Aug/2022:11:16:33 +0800] "GET /xingrg/kc/print/load_config.html?kc_code=cgsh HTTP/1.1" 200 1943
114.84.2.83 - - [06/Aug/2022:11:16:33 +0800] "GET /xingrg/kc/print/load_data.html?order_code=212022080601614&kc_code=cgsh&condition= HTTP/1.1" 200 3608
114.83.222.234 - - [06/Aug/2022:11:16:33 +0800] "GET /xingrg/all/function/internal_message.html?_=1659755792928&CODE_STATE=getMsg HTTP/1.1" 200 27
218.81.223.53 - - [06/Aug/2022:11:16:33 +0800] "GET /xingrg/kc/buy/cgsh_order_operate.html?command=get_materiel&rest_code=00146&code=00101016025&supplier_code=00100033&order_time=2022-08-06 HTTP/1.1" 200 408
180.169.147.146 - - [06/Aug/2022:11:16:35 +0800] "GET /xingrg/all/function/internal_message.html?_=1659755797742&CODE_STATE=getMsg HTTP/1.1" 200 27
183.253.175.50 - - [06/Aug/2022:11:16:36 +0800] "POST /xingrg/all/report/load_report_page.html HTTP/1.1" 200 7301
183.253.175.50 - - [06/Aug/2022:11:16:36 +0800] "GET /xingrg/servlets/image?cache=0.6505454665792845&image=px HTTP/1.1" 200 807
101.80.228.36 - - [06/Aug/2022:11:16:36 +0800] "GET /xingrg/all/function/internal_message.html?_=1659755794040&CODE_STATE=getMsg HTTP/1.1" 200 27
218.81.223.53 - - [06/Aug/2022:11:16:37 +0800] "GET /xingrg/all/function/internal_message.html?_=1659755818832&CODE_STATE=getMsg HTTP/1.1" 200 27
116.232.51.90 - - [06/Aug/2022:11:16:38 +0800] "GET /xingrg/kc/buy/cgsh_order_operate.html?command=get_materiel&rest_code=00109&code=00101012030&supplier_code=00100035&order_time=2022-08-06 HTTP/1.1" 200 416
114.86.187.244 - - [06/Aug/2022:11:16:41 +0800] "GET /xingrg/all/function/internal_message.html?_=1659755812636&CODE_STATE=getMsg HTTP/1.1" 200 27
101.85.120.95 - - [06/Aug/2022:11:16:42 +0800] "GET /xingrg/check_reg.html?_=1659755801041 HTTP/1.1" 200 22
101.85.120.95 - - [06/Aug/2022:11:16:42 +0800] "GET /xingrg/all/function/internal_message.html?_=1659755801042&CODE_STATE=getMsg HTTP/1.1" 200 27
116.224.255.128 - - [06/Aug/2022:11:16:48 +0800] "POST /xingrg/kc/buy/cgsh_order_operate.html HTTP/1.1" 200 37
180.169.147.146 - - [06/Aug/2022:11:16:49 +0800] "GET /xingrg/all/function/internal_message.html?_=1659755804307&CODE_STATE=getMsg HTTP/1.1" 200 27
58.39.169.63 - - [06/Aug/2022:11:16:50 +0800] "GET /xingrg/javascript/jquery_easy_ui/themes/icons/area.png HTTP/1.1" 304 -
58.39.169.63 - - [06/Aug/2022:11:16:50 +0800] "GET /xingrg/javascript/jquery_easy_ui/themes/icons/rest.png HTTP/1.1" 304 -
116.232.51.90 - - [06/Aug/2022:11:16:50 +0800] "GET /xingrg/kc/buy/cgsh_order_operate.html?command=get_materiel&rest_code=00109&code=00101012040&supplier_code=00100035&order_time=2022-08-06 HTTP/1.1" 200 412
218.81.223.53 - - [06/Aug/2022:11:16:50 +0800] "GET /xingrg/kc/buy/cgsh_order_operate.html?command=get_materiel&rest_code=00146&code=00101016080&supplier_code=00100033&order_time=2022-08-06 HTTP/1.1" 200 408
58.39.169.63 - - [06/Aug/2022:11:16:52 +0800] "GET /xingrg/kc/base/wldb_order_add.html HTTP/1.1" 200 30356
58.39.169.63 - - [06/Aug/2022:11:16:52 +0800] "POST /xingrg/kc/base/wldb_order_operate.html HTTP/1.1" 200 6806
58.39.169.63 - - [06/Aug/2022:11:16:52 +0800] "GET /xingrg/javascript/easyui/themes/default/validatebox.css HTTP/1.1" 404 1104
180.169.147.146 - - [06/Aug/2022:11:16:53 +0800] "GET /xingrg/all/function/internal_message.html?_=1659755932864&CODE_STATE=getMsg HTTP/1.1" 200 27
116.224.255.128 - - [06/Aug/2022:11:16:54 +0800] "GET /xingrg/check_reg.html?_=1659755760744 HTTP/1.1" 200 22
114.83.222.234 - - [06/Aug/2022:11:16:54 +0800] "GET /xingrg/kc/buy/cgsh_order_operate.html?command=get_materiel&rest_code=00149&code=00101016030&supplier_code=00100036&order_time=2022-08-06 HTTP/1.1" 200 412
116.224.255.128 - - [06/Aug/2022:11:16:56 +0800] "GET /xingrg/all/function/internal_message.html?_=1659755763209&CODE_STATE=getMsg HTTP/1.1" 200 27
183.253.175.50 - - [06/Aug/2022:11:16:56 +0800] "GET /xingrg/all/function/internal_message.html?_=1659755815822&CODE_STATE=getMsg HTTP/1.1" 200 27
116.232.51.90 - - [06/Aug/2022:11:16:57 +0800] "GET /xingrg/kc/buy/cgsh_order_operate.html?command=get_materiel&rest_code=00109&code=00101016010&supplier_code=00100035&order_time=2022-08-06 HTTP/1.1" 200 408
116.224.123.211 - - [06/Aug/2022:11:16:58 +0800] "GET /xingrg/check_reg.html?_=1659755816340 HTTP/1.1" 200 22
116.224.123.211 - - [06/Aug/2022:11:16:58 +0800] "GET /xingrg/all/function/internal_message.html?_=1659755816346&CODE_STATE=getMsg HTTP/1.1" 200 27
116.224.255.128 - - [06/Aug/2022:11:16:59 +0800] "POST /xingrg/kc/buy/cgsh_order_operate.html HTTP/1.1" 200 12
116.224.255.128 - - [06/Aug/2022:11:17:00 +0800] "GET /xingrg/kc/buy/cgsh_order_info.html?code=212022080601596 HTTP/1.1" 200 62786
116.224.255.128 - - [06/Aug/2022:11:17:00 +0800] "GET /xingrg/javascript/easyui/themes/default/validatebox.css HTTP/1.1" 404 1104
114.84.2.83 - - [06/Aug/2022:11:17:01 +0800] "GET /xingrg/all/function/internal_message.html?_=1659755816983&CODE_STATE=getMsg HTTP/1.1" 200 27
116.224.255.128 - - [06/Aug/2022:11:17:01 +0800] "POST /xingrg/kc/buy/cgsh_order_operate.html HTTP/1.1" 200 16772
116.224.255.128 - - [06/Aug/2022:11:17:02 +0800] "GET /xingrg/kc/print/load_data.html?order_code=212022080601596&kc_code=cgsh&condition= HTTP/1.1" 200 6982
114.83.222.234 - - [06/Aug/2022:11:17:04 +0800] "GET /xingrg/kc/buy/cgsh_order_operate.html?command=get_materiel&rest_code=00149&code=00101010092&supplier_code=00100036&order_time=2022-08-06 HTTP/1.1" 200 431
183.253.175.50 - - [06/Aug/2022:11:17:06 +0800] "GET /xingrg/kc/report/report_main.html HTTP/1.1" 200 7340
58.39.169.63 - - [06/Aug/2022:11:17:06 +0800] "GET /xingrg/all/function/internal_message.html?_=1659755827671&CODE_STATE=getMsg HTTP/1.1" 200 27
58.39.169.63 - - [06/Aug/2022:11:17:06 +0800] "GET /xingrg/check_reg.html?_=1659755827674 HTTP/1.1" 200 22
183.253.175.50 - - [06/Aug/2022:11:17:08 +0800] "GET /xingrg/dwr/interface/AjaxReportQueryService.js HTTP/1.1" 200 13203
183.253.175.50 - - [06/Aug/2022:11:17:08 +0800] "GET /xingrg/all/report/report_query.html?fileName=kc/buy/gys_amount.xml&rh=99999 HTTP/1.1" 200 52006
183.253.175.50 - - [06/Aug/2022:11:17:08 +0800] "GET /xingrg/dwr/engine.js HTTP/1.1" 200 43631
183.253.175.50 - - [06/Aug/2022:11:17:09 +0800] "POST /xingrg/dwr/call/plaincall/AjaxReportQueryService.getFixDate.dwr HTTP/1.1" 200 111
183.253.175.50 - - [06/Aug/2022:11:17:09 +0800] "POST /xingrg/all/common/load_tree.html?tree=materiel_sort_tree_json HTTP/1.1" 200 9388
183.253.175.50 - - [06/Aug/2022:11:17:09 +0800] "POST /xingrg/all/common/load_tree.html?tree=supplier_tree_json&manage=1 HTTP/1.1" 200 68756
116.232.51.90 - - [06/Aug/2022:11:17:10 +0800] "POST /xingrg/kc/buy/cgsh_order_operate.html HTTP/1.1" 200 37
58.37.7.214 - - [06/Aug/2022:11:17:10 +0800] "GET /xingrg/all/function/internal_message.html?_=1659755830427&CODE_STATE=getMsg HTTP/1.1" 200 27
120.253.135.82 - - [06/Aug/2022:11:17:10 +0800] "GET /xingrg/all/function/internal_message.html?_=1659755637217&CODE_STATE=getMsg HTTP/1.1" 200 27
58.39.169.63 - - [06/Aug/2022:11:17:11 +0800] "GET /xingrg/all/function/internal_message.html?_=1659755707021&CODE_STATE=getMsg HTTP/1.1" 200 27
183.253.175.50 - - [06/Aug/2022:11:17:12 +0800] "POST /xingrg/dwr/call/plaincall/AjaxReportQueryService.getInitString.dwr HTTP/1.1" 200 426
58.39.169.63 - - [06/Aug/2022:11:17:13 +0800] "GET /xingrg/kc/base/wldb_order_operate.html?command=get_materiel&rest_code=00105&base_code=0010507&code=00101019079 HTTP/1.1" 200 479
183.253.175.50 - - [06/Aug/2022:11:17:14 +0800] "POST /xingrg/dwr/call/plaincall/AjaxReportQueryService.getFixDate.dwr HTTP/1.1" 200 111
116.224.255.128 - - [06/Aug/2022:11:17:15 +0800] "POST /xingrg/kc/buy/cgsh_list_operate.html HTTP/1.1" 200 1457
116.232.194.65 - - [06/Aug/2022:11:17:19 +0800] "GET /xingrg/all/function/internal_message.html?_=1659755834122&CODE_STATE=getMsg HTTP/1.1" 200 27
116.224.255.128 - - [06/Aug/2022:11:17:19 +0800] "POST /xingrg/all/user/operate.html HTTP/1.1" 200 36
116.224.255.128 - - [06/Aug/2022:11:17:19 +0800] "GET /xingrg/index.html?sysBaseUrl=http%3A%2F%2F180.169.147.146%3A18081%2Fxingrg%2F&costTime=47×tamp=1659745764384 HTTP/1.1" 200 17179
116.224.255.128 - - [06/Aug/2022:11:17:19 +0800] "GET /xingrg/javascript/jquery_easy_ui/themes/default/easyui.css HTTP/1.1" 304 -
116.224.255.128 - - [06/Aug/2022:11:17:19 +0800] "GET /xingrg/javascript/jquery_easy_ui/themes/icon.css HTTP/1.1" 304 -
116.224.255.128 - - [06/Aug/2022:11:17:19 +0800] "GET /xingrg/css/form.css HTTP/1.1" 304 -
116.224.255.128 - - [06/Aug/2022:11:17:19 +0800] "GET /xingrg/javascript/jquery-1.4.2.min.js HTTP/1.1" 304 -
116.224.255.128 - - [06/Aug/2022:11:17:19 +0800] "GET /xingrg/javascript/jquery_easy_ui/jquery.easyui.min.js HTTP/1.1" 304 -
116.224.255.128 - - [06/Aug/2022:11:17:19 +0800] "GET /xingrg/javascript/jquery_easy_ui/easyui-lang-zh_CN.js HTTP/1.1" 304 -
116.224.255.128 - - [06/Aug/2022:11:17:19 +0800] "GET /xingrg/javascript/jquery.form.js HTTP/1.1" 304 -
116.224.255.128 - - [06/Aug/2022:11:17:19 +0800] "GET /xingrg/javascript/jquery.utils.js HTTP/1.1" 304 -
116.224.255.128 - - [06/Aug/2022:11:17:19 +0800] "GET /xingrg/javascript/jquery.timers.js HTTP/1.1" 304 -
116.224.255.128 - - [06/Aug/2022:11:17:19 +0800] "GET /xingrg/images/blue/jxLogo.png HTTP/1.1" 304 -
116.224.255.128 - - [06/Aug/2022:11:17:19 +0800] "GET /xingrg/images/blue/navBackgound.jpg HTTP/1.1" 304 -
116.224.255.128 - - [06/Aug/2022:11:17:20 +0800] "GET /xingrg/javascript/jquery_easy_ui/themes/icons/settle_new.png HTTP/1.1" 304 -
116.224.255.128 - - [06/Aug/2022:11:17:20 +0800] "POST /xingrg/all/common/load_tree.html?tree=area_rest_tree_json&manage=1 HTTP/1.1" 200 476
116.224.255.128 - - [06/Aug/2022:11:17:20 +0800] "GET /xingrg/all/function/internal_message.html?_=1659755838064&CODE_STATE=count HTTP/1.1" 200 11
116.224.255.128 - - [06/Aug/2022:11:17:20 +0800] "GET /xingrg/check_reg.html?_=1659755838066 HTTP/1.1" 200 22
116.224.255.128 - - [06/Aug/2022:11:17:20 +0800] "GET /xingrg/javascript/jquery_easy_ui/themes/default/images/panel_tool_collapse.gif HTTP/1.1" 304 -
116.224.255.128 - - [06/Aug/2022:11:17:20 +0800] "POST /xingrg/load_menu.html HTTP/1.1" 200 5138
116.224.255.128 - - [06/Aug/2022:11:17:20 +0800] "GET /xingrg/javascript/jquery_easy_ui/themes/default/images/tabs_leftarrow.png HTTP/1.1" 304 -
116.224.255.128 - - [06/Aug/2022:11:17:20 +0800] "GET /xingrg/javascript/jquery_easy_ui/themes/default/images/tabs_rightarrow.png HTTP/1.1" 304 -
116.224.255.128 - - [06/Aug/2022:11:17:20 +0800] "GET /xingrg/images/blue/pingpu.png HTTP/1.1" 304 -
116.224.255.128 - - [06/Aug/2022:11:17:20 +0800] "GET /xingrg/javascript/jquery_easy_ui/themes/default/images/tree_file.gif HTTP/1.1" 304 -
116.224.255.128 - - [06/Aug/2022:11:17:20 +0800] "GET /xingrg/javascript/jquery_easy_ui/themes/default/images/tree_folder.gif HTTP/1.1" 304 -
116.224.255.128 - - [06/Aug/2022:11:17:20 +0800] "GET /xingrg/javascript/jquery_easy_ui/themes/icons/storage_new.png HTTP/1.1" 304 -
116.224.255.128 - - [06/Aug/2022:11:17:20 +0800] "GET /xingrg/javascript/jquery_easy_ui/themes/icons/forms_new.png HTTP/1.1" 304 -
116.224.255.128 - - [06/Aug/2022:11:17:20 +0800] "GET /xingrg/javascript/jquery_easy_ui/themes/default/images/tree_folder_open.gif HTTP/1.1" 304 -
116.224.255.128 - - [06/Aug/2022:11:17:20 +0800] "GET /xingrg/javascript/jquery_easy_ui/themes/default/images/tree_arrows.gif HTTP/1.1" 304 -
116.224.255.128 - - [06/Aug/2022:11:17:20 +0800] "GET /xingrg/javascript/jquery_easy_ui/themes/icons/search_new.png HTTP/1.1" 304 -
116.232.51.90 - - [06/Aug/2022:11:17:21 +0800] "GET /xingrg/all/function/internal_message.html?_=1659755841673&CODE_STATE=getMsg HTTP/1.1" 200 27
116.224.123.211 - - [06/Aug/2022:11:17:21 +0800] "GET /xingrg/all/function/internal_message.html?_=1659755841221&CODE_STATE=getMsg HTTP/1.1" 200 27
114.83.222.234 - - [06/Aug/2022:11:17:23 +0800] "POST /xingrg/kc/buy/cgsh_order_operate.html HTTP/1.1" 200 37
218.81.223.53 - - [06/Aug/2022:11:17:23 +0800] "GET /xingrg/kc/buy/cgsh_order_operate.html?command=get_materiel&rest_code=00146&code=00101012010&supplier_code=00100033&order_time=2022-08-06 HTTP/1.1" 200 409
116.232.51.90 - - [06/Aug/2022:11:17:23 +0800] "POST /xingrg/kc/buy/cgsh_order_operate.html HTTP/1.1" 200 3839
58.39.169.63 - - [06/Aug/2022:11:17:23 +0800] "GET /xingrg/kc/base/wldb_order_operate.html?command=get_materiel&rest_code=00105&base_code=0010507&code=00101019391 HTTP/1.1" 200 485
116.232.51.90 - - [06/Aug/2022:11:17:27 +0800] "GET /xingrg/kc/print/load_config.html?kc_code=cgsh HTTP/1.1" 200 1943
116.232.51.90 - - [06/Aug/2022:11:17:27 +0800] "GET /xingrg/kc/print/load_data.html?order_code=212022080601666&kc_code=cgsh&condition= HTTP/1.1" 200 1122
114.83.222.234 - - [06/Aug/2022:11:17:27 +0800] "POST /xingrg/kc/buy/cgsh_order_operate.html HTTP/1.1" 200 12
183.253.175.50 - - [06/Aug/2022:11:17:30 +0800] "POST /xingrg/dwr/call/plaincall/AjaxReportQueryService.refreshCache.dwr HTTP/1.1" 200 78
58.39.169.63 - - [06/Aug/2022:11:17:30 +0800] "POST /xingrg/kc/base/wldb_order_operate.html HTTP/1.1" 200 37
222.69.129.110 - - [06/Aug/2022:11:17:30 +0800] "GET /xingrg/all/function/internal_message.html?_=1659755909846&CODE_STATE=getMsg HTTP/1.1" 200 27
58.39.169.63 - - [06/Aug/2022:11:17:30 +0800] "POST /xingrg/kc/base/wldb_order_operate.html HTTP/1.1" 200 2737
180.169.147.146 - - [06/Aug/2022:11:17:30 +0800] "GET /xingrg/all/function/internal_message.html?_=1659755848982&CODE_STATE=getMsg HTTP/1.1" 200 27
58.39.169.63 - - [06/Aug/2022:11:17:32 +0800] "GET /xingrg/kc/base/wldb_order_info.html?code=422022080600470 HTTP/1.1" 200 30370
114.83.222.234 - - [06/Aug/2022:11:17:32 +0800] "GET /xingrg/kc/buy/cgsh_order_info.html?code=212022080601667 HTTP/1.1" 200 63278
183.253.175.50 - - [06/Aug/2022:11:17:32 +0800] "POST /xingrg/all/report/load_report_page.html HTTP/1.1" 200 8916
183.253.175.50 - - [06/Aug/2022:11:17:32 +0800] "GET /xingrg/servlets/image?cache=0.22976582355124564&image=px HTTP/1.1" 200 807
114.83.222.234 - - [06/Aug/2022:11:17:32 +0800] "GET /xingrg/javascript/easyui/themes/default/validatebox.css HTTP/1.1" 404 1104
58.39.169.63 - - [06/Aug/2022:11:17:32 +0800] "GET /xingrg/javascript/easyui/themes/default/validatebox.css HTTP/1.1" 404 1104
58.39.169.63 - - [06/Aug/2022:11:17:32 +0800] "POST /xingrg/kc/base/wldb_order_operate.html HTTP/1.1" 200 2737
114.83.222.234 - - [06/Aug/2022:11:17:33 +0800] "POST /xingrg/kc/buy/cgsh_order_operate.html HTTP/1.1" 200 1211
114.83.222.234 - - [06/Aug/2022:11:17:33 +0800] "GET /xingrg/all/function/internal_message.html?_=1659755852930&CODE_STATE=getMsg HTTP/1.1" 200 27
116.235.94.65 - - [06/Aug/2022:11:17:35 +0800] "GET /xingrg/all/function/internal_message.html?_=1659756042007&CODE_STATE=getMsg HTTP/1.1" 200 27
114.83.222.234 - - [06/Aug/2022:11:17:35 +0800] "GET /xingrg/kc/print/load_data.html?order_code=212022080601667&kc_code=cgsh&condition= HTTP/1.1" 200 1027
180.169.147.146 - - [06/Aug/2022:11:17:35 +0800] "GET /xingrg/all/function/internal_message.html?_=1659755857745&CODE_STATE=getMsg HTTP/1.1" 200 27
180.169.147.146 - - [06/Aug/2022:11:17:35 +0800] "GET /xingrg/check_reg.html?_=1659755857743 HTTP/1.1" 200 22
116.235.94.65 - - [06/Aug/2022:11:17:36 +0800] "POST /xingrg/kc/buy/cgsh_list_operate.html HTTP/1.1" 200 693
101.80.228.36 - - [06/Aug/2022:11:17:36 +0800] "GET /xingrg/all/function/internal_message.html?_=1659755854042&CODE_STATE=getMsg HTTP/1.1" 200 27
218.81.223.53 - - [06/Aug/2022:11:17:37 +0800] "GET /xingrg/all/function/internal_message.html?_=1659755878844&CODE_STATE=getMsg HTTP/1.1" 200 27
114.83.222.234 - - [06/Aug/2022:11:17:39 +0800] "GET /xingrg/kc/buy/cgsh_order_add.html HTTP/1.1" 200 68373
114.83.222.234 - - [06/Aug/2022:11:17:40 +0800] "POST /xingrg/kc/buy/cgsh_order_operate.html HTTP/1.1" 200 8245
114.83.222.234 - - [06/Aug/2022:11:17:40 +0800] "GET /xingrg/javascript/easyui/themes/default/validatebox.css HTTP/1.1" 404 1104
218.81.223.53 - - [06/Aug/2022:11:17:40 +0800] "POST /xingrg/kc/buy/cgsh_order_operate.html HTTP/1.1" 200 37
114.83.222.234 - - [06/Aug/2022:11:17:41 +0800] "GET /xingrg/javascript/auto/indicator.gif HTTP/1.1" 404 1066
114.86.187.244 - - [06/Aug/2022:11:17:41 +0800] "GET /xingrg/all/function/internal_message.html?_=1659755872636&CODE_STATE=getMsg HTTP/1.1" 200 27
116.232.51.90 - - [06/Aug/2022:11:17:41 +0800] "GET /xingrg/kc/buy/cgsh_order_add.html HTTP/1.1" 200 68361
116.232.51.90 - - [06/Aug/2022:11:17:41 +0800] "POST /xingrg/kc/buy/cgsh_order_operate.html HTTP/1.1" 200 8245
116.232.51.90 - - [06/Aug/2022:11:17:41 +0800] "GET /xingrg/all/common/auto_word.html?type=employee&rest_code=00109 HTTP/1.1" 200 255
116.232.51.90 - - [06/Aug/2022:11:17:41 +0800] "GET /xingrg/all/common/auto_word.html?type=employee&rest_code=00109 HTTP/1.1" 200 255
116.232.51.90 - - [06/Aug/2022:11:17:41 +0800] "GET /xingrg/javascript/easyui/themes/default/validatebox.css HTTP/1.1" 404 1104
101.85.120.95 - - [06/Aug/2022:11:17:42 +0800] "GET /xingrg/all/function/internal_message.html?_=1659755861040&CODE_STATE=getMsg HTTP/1.1" 200 27
114.83.222.234 - - [06/Aug/2022:11:17:42 +0800] "GET /xingrg/javascript/jquery_tools/images/next.gif HTTP/1.1" 404 1086
114.83.222.234 - - [06/Aug/2022:11:17:42 +0800] "GET /xingrg/javascript/jquery_tools/images/prev.gif HTTP/1.1" 404 1086
218.81.223.53 - - [06/Aug/2022:11:17:42 +0800] "POST /xingrg/kc/buy/cgsh_order_operate.html HTTP/1.1" 200 4411
218.81.223.53 - - [06/Aug/2022:11:17:45 +0800] "GET /xingrg/kc/print/load_data.html?order_code=212022080601668&kc_code=cgsh&condition= HTTP/1.1" 200 1367
180.169.147.146 - - [06/Aug/2022:11:17:49 +0800] "GET /xingrg/all/function/internal_message.html?_=1659755864291&CODE_STATE=getMsg HTTP/1.1" 200 27
58.39.169.63 - - [06/Aug/2022:11:17:51 +0800] "GET /xingrg/kc/base/wldb_order_add.html HTTP/1.1" 200 30356
58.39.169.63 - - [06/Aug/2022:11:17:51 +0800] "POST /xingrg/kc/base/wldb_order_operate.html HTTP/1.1" 200 6806
58.39.169.63 - - [06/Aug/2022:11:17:51 +0800] "GET /xingrg/javascript/easyui/themes/default/validatebox.css HTTP/1.1" 404 1104
180.169.147.146 - - [06/Aug/2022:11:17:53 +0800] "GET /xingrg/all/function/internal_message.html?_=1659755992852&CODE_STATE=getMsg HTTP/1.1" 200 27
116.224.255.128 - - [06/Aug/2022:11:17:56 +0800] "GET /xingrg/all/function/internal_message.html?_=1659755823222&CODE_STATE=getMsg HTTP/1.1" 200 27
183.253.175.50 - - [06/Aug/2022:11:17:56 +0800] "GET /xingrg/all/function/internal_message.html?_=1659755875835&CODE_STATE=getMsg HTTP/1.1" 200 27
116.224.123.211 - - [06/Aug/2022:11:17:58 +0800] "GET /xingrg/all/function/internal_message.html?_=1659755876339&CODE_STATE=getMsg HTTP/1.1" 200 27
114.83.222.234 - - [06/Aug/2022:11:17:58 +0800] "GET /xingrg/kc/buy/cgsh_order_operate.html?command=get_materiel&rest_code=00149&code=00101007061&supplier_code=00100205&order_time=2022-08-06 HTTP/1.1" 200 411
114.84.2.83 - - [06/Aug/2022:11:18:01 +0800] "GET /xingrg/all/function/internal_message.html?_=1659755876986&CODE_STATE=getMsg HTTP/1.1" 200 27
120.253.135.82 - - [06/Aug/2022:11:18:04 +0800] "GET /xingrg/check_reg.html?_=1659755691327 HTTP/1.1" 200 22
58.39.169.63 - - [06/Aug/2022:11:18:07 +0800] "GET /xingrg/all/function/internal_message.html?_=1659755887802&CODE_STATE=getMsg HTTP/1.1" 200 27
116.232.51.90 - - [06/Aug/2022:11:18:09 +0800] "GET /xingrg/javascript/jquery_tools/images/next.gif HTTP/1.1" 404 1086
116.232.51.90 - - [06/Aug/2022:11:18:09 +0800] "GET /xingrg/javascript/jquery_tools/images/prev.gif HTTP/1.1" 404 1086
58.37.7.214 - - [06/Aug/2022:11:18:10 +0800] "GET /xingrg/all/function/internal_message.html?_=1659755890397&CODE_STATE=getMsg HTTP/1.1" 200 27
120.253.135.82 - - [06/Aug/2022:11:18:10 +0800] "GET /xingrg/all/function/internal_message.html?_=1659755697294&CODE_STATE=getMsg HTTP/1.1" 200 27
58.39.169.63 - - [06/Aug/2022:11:18:11 +0800] "GET /xingrg/all/function/internal_message.html?_=1659755767006&CODE_STATE=getMsg HTTP/1.1" 200 27
114.83.222.234 - - [06/Aug/2022:11:18:11 +0800] "GET /xingrg/kc/buy/cgsh_order_operate.html?command=get_materiel&rest_code=00149&code=00101007083&supplier_code=00100205&order_time=2022-08-06 HTTP/1.1" 200 421
58.39.169.63 - - [06/Aug/2022:11:18:12 +0800] "GET /xingrg/kc/base/wldb_order_operate.html?command=get_materiel&rest_code=00105&base_code=0010507&code=00101019542 HTTP/1.1" 200 447
116.232.51.90 - - [06/Aug/2022:11:18:14 +0800] "GET /xingrg/all/function/internal_message.html?_=1659755894251&CODE_STATE=getMsg HTTP/1.1" 200 27
114.83.222.234 - - [06/Aug/2022:11:18:19 +0800] "GET /xingrg/kc/buy/cgsh_order_operate.html?command=get_materiel&rest_code=00149&code=00101007023&supplier_code=00100205&order_time=2022-08-06 HTTP/1.1" 200 409
116.232.194.65 - - [06/Aug/2022:11:18:19 +0800] "GET /xingrg/all/function/internal_message.html?_=1659755894110&CODE_STATE=getMsg HTTP/1.1" 200 27
116.224.255.128 - - [06/Aug/2022:11:18:20 +0800] "GET /xingrg/all/function/internal_message.html?_=1659755898075&CODE_STATE=getMsg HTTP/1.1" 200 27
183.253.175.50 - - [06/Aug/2022:11:18:21 +0800] "GET /xingrg/javascript/jquery_easy_ui/themes/default/images/tabs_active.png HTTP/1.1" 200 2894
116.224.123.211 - - [06/Aug/2022:11:18:21 +0800] "GET /xingrg/all/function/internal_message.html?_=1659755901221&CODE_STATE=getMsg HTTP/1.1" 200 27
58.39.169.63 - - [06/Aug/2022:11:18:24 +0800] "GET /xingrg/kc/base/wldb_order_operate.html?command=get_materiel&rest_code=00105&base_code=0010507&code=00101019400 HTTP/1.1" 200 465
116.235.94.65 - - [06/Aug/2022:11:18:25 +0800] "GET /xingrg/check_reg.html?_=1659756092450 HTTP/1.1" 200 22
222.69.129.110 - - [06/Aug/2022:11:18:30 +0800] "GET /xingrg/all/function/internal_message.html?_=1659755969836&CODE_STATE=getMsg HTTP/1.1" 200 27
180.169.147.146 - - [06/Aug/2022:11:18:30 +0800] "GET /xingrg/all/function/internal_message.html?_=1659755908982&CODE_STATE=getMsg HTTP/1.1" 200 27
114.83.222.234 - - [06/Aug/2022:11:18:33 +0800] "GET /xingrg/check_reg.html?_=1659755912949 HTTP/1.1" 200 22
114.83.222.234 - - [06/Aug/2022:11:18:33 +0800] "GET /xingrg/all/function/internal_message.html?_=1659755912957&CODE_STATE=getMsg HTTP/1.1" 200 27
116.235.94.65 - - [06/Aug/2022:11:18:35 +0800] "GET /xingrg/all/function/internal_message.html?_=1659756101984&CODE_STATE=getMsg HTTP/1.1" 200 27
180.169.147.146 - - [06/Aug/2022:11:18:35 +0800] "GET /xingrg/all/function/internal_message.html?_=1659755917744&CODE_STATE=getMsg HTTP/1.1" 200 27
101.80.228.36 - - [06/Aug/2022:11:18:36 +0800] "GET /xingrg/check_reg.html?_=1659755914029 HTTP/1.1" 200 22
101.80.228.36 - - [06/Aug/2022:11:18:36 +0800] "GET /xingrg/all/function/internal_message.html?_=1659755914030&CODE_STATE=getMsg HTTP/1.1" 200 27
114.83.222.234 - - [06/Aug/2022:11:18:37 +0800] "GET /xingrg/kc/buy/cgsh_order_operate.html?command=get_materiel&rest_code=00149&code=00101007049&supplier_code=00100205&order_time=2022-08-06 HTTP/1.1" 200 409
218.81.223.53 - - [06/Aug/2022:11:18:37 +0800] "GET /xingrg/all/function/internal_message.html?_=1659755939085&CODE_STATE=getMsg HTTP/1.1" 200 27
58.39.169.63 - - [06/Aug/2022:11:18:38 +0800] "GET /xingrg/kc/base/wldb_order_operate.html?command=get_materiel&rest_code=00105&base_code=0010507&code=00101019199 HTTP/1.1" 200 473
114.86.187.244 - - [06/Aug/2022:11:18:41 +0800] "GET /xingrg/all/function/internal_message.html?_=1659755932636&CODE_STATE=getMsg HTTP/1.1" 200 27
101.85.120.95 - - [06/Aug/2022:11:18:42 +0800] "GET /xingrg/all/function/internal_message.html?_=1659755921039&CODE_STATE=getMsg HTTP/1.1" 200 27
180.169.147.146 - - [06/Aug/2022:11:18:49 +0800] "GET /xingrg/all/function/internal_message.html?_=1659755924274&CODE_STATE=getMsg HTTP/1.1" 200 27
180.169.147.146 - - [06/Aug/2022:11:18:49 +0800] "GET /xingrg/check_reg.html?_=1659755924821 HTTP/1.1" 200 22
180.169.147.146 - - [06/Aug/2022:11:18:53 +0800] "GET /xingrg/all/function/internal_message.html?_=1659756052855&CODE_STATE=getMsg HTTP/1.1" 200 27
116.224.255.128 - - [06/Aug/2022:11:18:56 +0800] "GET /xingrg/all/function/internal_message.html?_=1659755883236&CODE_STATE=getMsg HTTP/1.1" 200 27
183.253.175.50 - - [06/Aug/2022:11:18:56 +0800] "GET /xingrg/all/function/internal_message.html?_=1659755935839&CODE_STATE=getMsg HTTP/1.1" 200 27
116.224.123.211 - - [06/Aug/2022:11:18:58 +0800] "GET /xingrg/all/function/internal_message.html?_=1659755936326&CODE_STATE=getMsg HTTP/1.1" 200 27
114.84.2.83 - - [06/Aug/2022:11:19:01 +0800] "GET /xingrg/all/function/internal_message.html?_=1659755936986&CODE_STATE=getMsg HTTP/1.1" 200 27
114.83.222.234 - - [06/Aug/2022:11:19:06 +0800] "GET /xingrg/kc/buy/cgsh_order_operate.html?command=get_materiel&rest_code=00149&code=00101007059&supplier_code=00100205&order_time=2022-08-06 HTTP/1.1" 200 411
58.39.169.63 - - [06/Aug/2022:11:19:06 +0800] "GET /xingrg/all/function/internal_message.html?_=1659755947677&CODE_STATE=getMsg HTTP/1.1" 200 27
58.37.7.214 - - [06/Aug/2022:11:19:10 +0800] "GET /xingrg/all/function/internal_message.html?_=1659755950381&CODE_STATE=getMsg HTTP/1.1" 200 27
120.253.135.82 - - [06/Aug/2022:11:19:10 +0800] "GET /xingrg/all/function/internal_message.html?_=1659755757307&CODE_STATE=getMsg HTTP/1.1" 200 27
58.39.169.63 - - [06/Aug/2022:11:19:11 +0800] "GET /xingrg/all/function/internal_message.html?_=1659755827016&CODE_STATE=getMsg HTTP/1.1" 200 27
58.39.169.63 - - [06/Aug/2022:11:19:11 +0800] "GET /xingrg/check_reg.html?_=1659755827019 HTTP/1.1" 200 22
58.37.7.214 - - [06/Aug/2022:11:19:11 +0800] "GET /xingrg/check_reg.html?_=1659755952083 HTTP/1.1" 200 22
116.232.51.90 - - [06/Aug/2022:11:19:14 +0800] "GET /xingrg/all/function/internal_message.html?_=1659755954254&CODE_STATE=getMsg HTTP/1.1" 200 27
116.232.194.65 - - [06/Aug/2022:11:19:19 +0800] "GET /xingrg/all/function/internal_message.html?_=1659755954083&CODE_STATE=getMsg HTTP/1.1" 200 27
116.224.255.128 - - [06/Aug/2022:11:19:20 +0800] "GET /xingrg/all/function/internal_message.html?_=1659755958076&CODE_STATE=getMsg HTTP/1.1" 200 27
183.253.175.50 - - [06/Aug/2022:11:19:20 +0800] "GET /xingrg/index.html?sysBaseUrl=http%3A%2F%2F180.169.147.146%3A18081%2Fxingrg%2F&costTime=46×tamp=1659755755069 HTTP/1.1" 200 17417
183.253.175.50 - - [06/Aug/2022:11:19:20 +0800] "GET /xingrg/javascript/jquery_easy_ui/themes/default/easyui.css HTTP/1.1" 304 -
183.253.175.50 - - [06/Aug/2022:11:19:20 +0800] "GET /xingrg/javascript/jquery_easy_ui/themes/icon.css HTTP/1.1" 304 -
183.253.175.50 - - [06/Aug/2022:11:19:20 +0800] "GET /xingrg/css/form.css HTTP/1.1" 304 -
183.253.175.50 - - [06/Aug/2022:11:19:20 +0800] "GET /xingrg/javascript/jquery-1.4.2.min.js HTTP/1.1" 304 -
183.253.175.50 - - [06/Aug/2022:11:19:20 +0800] "GET /xingrg/javascript/jquery_easy_ui/jquery.easyui.min.js HTTP/1.1" 304 -
183.253.175.50 - - [06/Aug/2022:11:19:20 +0800] "GET /xingrg/javascript/jquery_easy_ui/easyui-lang-zh_CN.js HTTP/1.1" 304 -
183.253.175.50 - - [06/Aug/2022:11:19:20 +0800] "GET /xingrg/javascript/jquery.form.js HTTP/1.1" 304 -
183.253.175.50 - - [06/Aug/2022:11:19:20 +0800] "GET /xingrg/javascript/jquery.utils.js HTTP/1.1" 304 -
183.253.175.50 - - [06/Aug/2022:11:19:20 +0800] "GET /xingrg/javascript/jquery.timers.js HTTP/1.1" 304 -
183.253.175.50 - - [06/Aug/2022:11:19:21 +0800] "GET /xingrg/images/blue/jxLogo.png HTTP/1.1" 304 -
183.253.175.50 - - [06/Aug/2022:11:19:21 +0800] "GET /xingrg/images/blue/navBackgound.jpg HTTP/1.1" 304 -
183.253.175.50 - - [06/Aug/2022:11:19:21 +0800] "POST /xingrg/all/common/load_tree.html?tree=area_rest_tree_json&manage=1 HTTP/1.1" 200 348
183.253.175.50 - - [06/Aug/2022:11:19:21 +0800] "GET /xingrg/javascript/jquery_easy_ui/themes/icons/settle_new.png HTTP/1.1" 304 -
183.253.175.50 - - [06/Aug/2022:11:19:21 +0800] "GET /xingrg/all/function/internal_message.html?_=1659755960229&CODE_STATE=count HTTP/1.1" 200 11
183.253.175.50 - - [06/Aug/2022:11:19:21 +0800] "GET /xingrg/check_reg.html?_=1659755960231 HTTP/1.1" 200 22
183.253.175.50 - - [06/Aug/2022:11:19:21 +0800] "GET /xingrg/images/blue/pingpu.png HTTP/1.1" 304 -
183.253.175.50 - - [06/Aug/2022:11:19:21 +0800] "GET /xingrg/javascript/jquery_easy_ui/themes/default/images/panel_tool_collapse.gif HTTP/1.1" 304 -
183.253.175.50 - - [06/Aug/2022:11:19:21 +0800] "POST /xingrg/load_menu.html HTTP/1.1" 200 9959
183.253.175.50 - - [06/Aug/2022:11:19:21 +0800] "GET /xingrg/javascript/jquery_easy_ui/themes/default/images/panel_tool_expand.gif HTTP/1.1" 304 -
183.253.175.50 - - [06/Aug/2022:11:19:21 +0800] "GET /xingrg/javascript/jquery_easy_ui/themes/default/images/tabs_leftarrow.png HTTP/1.1" 304 -
183.253.175.50 - - [06/Aug/2022:11:19:21 +0800] "GET /xingrg/javascript/jquery_easy_ui/themes/default/images/tabs_rightarrow.png HTTP/1.1" 304 -
183.253.175.50 - - [06/Aug/2022:11:19:21 +0800] "GET /xingrg/javascript/jquery_easy_ui/themes/default/images/tree_file.gif HTTP/1.1" 304 -
183.253.175.50 - - [06/Aug/2022:11:19:21 +0800] "GET /xingrg/javascript/jquery_easy_ui/themes/icons/search_new.png HTTP/1.1" 304 -
183.253.175.50 - - [06/Aug/2022:11:19:21 +0800] "GET /xingrg/javascript/jquery_easy_ui/themes/icons/checkout_new.png HTTP/1.1" 304 -
183.253.175.50 - - [06/Aug/2022:11:19:21 +0800] "GET /xingrg/javascript/jquery_easy_ui/themes/icons/forms_new.png HTTP/1.1" 304 -
183.253.175.50 - - [06/Aug/2022:11:19:21 +0800] "GET /xingrg/javascript/jquery_easy_ui/themes/icons/storage_new.png HTTP/1.1" 304 -
183.253.175.50 - - [06/Aug/2022:11:19:21 +0800] "GET /xingrg/javascript/jquery_easy_ui/themes/icons/setting_new.png HTTP/1.1" 304 -
183.253.175.50 - - [06/Aug/2022:11:19:21 +0800] "GET /xingrg/javascript/jquery_easy_ui/themes/default/images/tree_folder.gif HTTP/1.1" 304 -
183.253.175.50 - - [06/Aug/2022:11:19:21 +0800] "GET /xingrg/javascript/jquery_easy_ui/themes/default/images/tree_folder_open.gif HTTP/1.1" 304 -
183.253.175.50 - - [06/Aug/2022:11:19:21 +0800] "GET /xingrg/javascript/jquery_easy_ui/themes/icons/systemset_new.png HTTP/1.1" 304 -
183.253.175.50 - - [06/Aug/2022:11:19:21 +0800] "GET /xingrg/javascript/jquery_easy_ui/themes/default/images/tree_arrows.gif HTTP/1.1" 304 -
116.224.123.211 - - [06/Aug/2022:11:19:21 +0800] "GET /xingrg/all/function/internal_message.html?_=1659755961209&CODE_STATE=getMsg HTTP/1.1" 200 27
116.224.123.211 - - [06/Aug/2022:11:19:22 +0800] "GET /xingrg/check_reg.html?_=1659755961900 HTTP/1.1" 200 22
114.83.222.234 - - [06/Aug/2022:11:19:22 +0800] "GET /xingrg/kc/buy/cgsh_order_operate.html?command=get_materiel&rest_code=00149&code=00101007106&supplier_code=00100205&order_time=2022-08-06 HTTP/1.1" 200 409
218.81.223.53 - - [06/Aug/2022:11:19:26 +0800] "GET /xingrg/check_reg.html?_=1659755988200 HTTP/1.1" 200 22
222.69.129.110 - - [06/Aug/2022:11:19:30 +0800] "GET /xingrg/all/function/internal_message.html?_=1659756029848&CODE_STATE=getMsg HTTP/1.1" 200 27
180.169.147.146 - - [06/Aug/2022:11:19:31 +0800] "GET /xingrg/check_reg.html?_=1659755968984 HTTP/1.1" 200 22
180.169.147.146 - - [06/Aug/2022:11:19:31 +0800] "GET /xingrg/all/function/internal_message.html?_=1659755968987&CODE_STATE=getMsg HTTP/1.1" 200 27
114.83.222.234 - - [06/Aug/2022:11:19:33 +0800] "GET /xingrg/kc/buy/cgsh_order_operate.html?command=get_materiel&rest_code=00149&code=00101007071&supplier_code=00100205&order_time=2022-08-06 HTTP/1.1" 200 419
114.83.222.234 - - [06/Aug/2022:11:19:33 +0800] "GET /xingrg/all/function/internal_message.html?_=1659755972944&CODE_STATE=getMsg HTTP/1.1" 200 27
116.235.94.65 - - [06/Aug/2022:11:19:35 +0800] "GET /xingrg/all/function/internal_message.html?_=1659756161966&CODE_STATE=getMsg HTTP/1.1" 200 27
180.169.147.146 - - [06/Aug/2022:11:19:35 +0800] "GET /xingrg/all/function/internal_message.html?_=1659755977744&CODE_STATE=getMsg HTTP/1.1" 200 27
101.80.228.36 - - [06/Aug/2022:11:19:36 +0800] "GET /xingrg/all/function/internal_message.html?_=1659755974031&CODE_STATE=getMsg HTTP/1.1" 200 27
218.81.223.53 - - [06/Aug/2022:11:19:37 +0800] "GET /xingrg/all/function/internal_message.html?_=1659755999090&CODE_STATE=getMsg HTTP/1.1" 200 27
114.86.187.244 - - [06/Aug/2022:11:19:41 +0800] "GET /xingrg/all/function/internal_message.html?_=1659755992636&CODE_STATE=getMsg HTTP/1.1" 200 27
101.85.120.95 - - [06/Aug/2022:11:19:42 +0800] "GET /xingrg/all/function/internal_message.html?_=1659755981039&CODE_STATE=getMsg HTTP/1.1" 200 27
58.39.169.63 - - [06/Aug/2022:11:19:47 +0800] "GET /xingrg/kc/base/wldb_order_operate.html?command=get_materiel&rest_code=00105&base_code=0010507&code=00101019222 HTTP/1.1" 200 454
180.169.147.146 - - [06/Aug/2022:11:19:49 +0800] "GET /xingrg/all/function/internal_message.html?_=1659755984258&CODE_STATE=getMsg HTTP/1.1" 200 27
180.169.147.146 - - [06/Aug/2022:11:19:53 +0800] "GET /xingrg/all/function/internal_message.html?_=1659756112857&CODE_STATE=getMsg HTTP/1.1" 200 27
116.224.255.128 - - [06/Aug/2022:11:19:56 +0800] "GET /xingrg/all/function/internal_message.html?_=1659755943295&CODE_STATE=getMsg HTTP/1.1" 200 27
116.224.123.211 - - [06/Aug/2022:11:19:58 +0800] "GET /xingrg/all/function/internal_message.html?_=1659755996328&CODE_STATE=getMsg HTTP/1.1" 200 27
58.39.169.63 - - [06/Aug/2022:11:19:59 +0800] "GET /xingrg/kc/base/wldb_order_operate.html?command=get_materiel&rest_code=00105&base_code=0010507&code=00101016019 HTTP/1.1" 200 450
114.84.2.83 - - [06/Aug/2022:11:20:01 +0800] "GET /xingrg/all/function/internal_message.html?_=1659755996986&CODE_STATE=getMsg HTTP/1.1" 200 27
58.39.169.63 - - [06/Aug/2022:11:20:06 +0800] "GET /xingrg/all/function/internal_message.html?_=1659756007677&CODE_STATE=getMsg HTTP/1.1" 200 27
58.37.7.214 - - [06/Aug/2022:11:20:10 +0800] "GET /xingrg/all/function/internal_message.html?_=1659756010352&CODE_STATE=getMsg HTTP/1.1" 200 27
120.253.135.82 - - [06/Aug/2022:11:20:10 +0800] "GET /xingrg/all/function/internal_message.html?_=1659755817341&CODE_STATE=getMsg HTTP/1.1" 200 27
58.39.169.63 - - [06/Aug/2022:11:20:11 +0800] "GET /xingrg/all/function/internal_message.html?_=1659755887016&CODE_STATE=getMsg HTTP/1.1" 200 27
58.39.169.63 - - [06/Aug/2022:11:20:11 +0800] "GET /xingrg/kc/base/wldb_order_operate.html?command=get_materiel&rest_code=00105&base_code=0010507&code=00101019438 HTTP/1.1" 200 462
116.232.51.90 - - [06/Aug/2022:11:20:14 +0800] "GET /xingrg/check_reg.html?_=1659756014259 HTTP/1.1" 200 22
116.232.51.90 - - [06/Aug/2022:11:20:14 +0800] "GET /xingrg/all/function/internal_message.html?_=1659756014257&CODE_STATE=getMsg HTTP/1.1" 200 27
116.232.194.65 - - [06/Aug/2022:11:20:19 +0800] "GET /xingrg/all/function/internal_message.html?_=1659756014065&CODE_STATE=getMsg HTTP/1.1" 200 27
116.224.255.128 - - [06/Aug/2022:11:20:20 +0800] "GET /xingrg/all/function/internal_message.html?_=1659756018078&CODE_STATE=getMsg HTTP/1.1" 200 27
116.224.123.211 - - [06/Aug/2022:11:20:21 +0800] "GET /xingrg/all/function/internal_message.html?_=1659756021196&CODE_STATE=getMsg HTTP/1.1" 200 27
222.69.129.110 - - [06/Aug/2022:11:20:30 +0800] "GET /xingrg/all/function/internal_message.html?_=1659756089843&CODE_STATE=getMsg HTTP/1.1" 200 27
180.169.147.146 - - [06/Aug/2022:11:20:30 +0800] "GET /xingrg/all/function/internal_message.html?_=1659756028972&CODE_STATE=getMsg HTTP/1.1" 200 27
114.83.222.234 - - [06/Aug/2022:11:20:33 +0800] "GET /xingrg/all/function/internal_message.html?_=1659756032940&CODE_STATE=getMsg HTTP/1.1" 200 27
116.235.94.65 - - [06/Aug/2022:11:20:35 +0800] "GET /xingrg/all/function/internal_message.html?_=1659756221938&CODE_STATE=getMsg HTTP/1.1" 200 27
180.169.147.146 - - [06/Aug/2022:11:20:35 +0800] "GET /xingrg/all/function/internal_message.html?_=1659756037747&CODE_STATE=getMsg HTTP/1.1" 200 27
101.80.228.36 - - [06/Aug/2022:11:20:36 +0800] "GET /xingrg/all/function/internal_message.html?_=1659756034037&CODE_STATE=getMsg HTTP/1.1" 200 27
218.81.223.53 - - [06/Aug/2022:11:20:37 +0800] "GET /xingrg/all/function/internal_message.html?_=1659756059104&CODE_STATE=getMsg HTTP/1.1" 200 27
114.86.187.244 - - [06/Aug/2022:11:20:41 +0800] "GET /xingrg/all/function/internal_message.html?_=1659756052636&CODE_STATE=getMsg HTTP/1.1" 200 27
114.86.187.244 - - [06/Aug/2022:11:20:41 +0800] "GET /xingrg/check_reg.html?_=1659756052638 HTTP/1.1" 200 22
101.85.120.95 - - [06/Aug/2022:11:20:42 +0800] "GET /xingrg/all/function/internal_message.html?_=1659756041039&CODE_STATE=getMsg HTTP/1.1" 200 27
58.37.7.214 - - [06/Aug/2022:11:20:46 +0800] "GET /xingrg/kc/buy/cgsh_order_add.html HTTP/1.1" 200 68279
58.37.7.214 - - [06/Aug/2022:11:20:46 +0800] "POST /xingrg/kc/buy/cgsh_order_operate.html HTTP/1.1" 200 8245
58.37.7.214 - - [06/Aug/2022:11:20:46 +0800] "GET /xingrg/javascript/easyui/themes/default/validatebox.css HTTP/1.1" 404 1104
58.37.7.214 - - [06/Aug/2022:11:20:48 +0800] "GET /xingrg/javascript/easyui/themes/default/tree.css HTTP/1.1" 404 1090
58.37.7.214 - - [06/Aug/2022:11:20:48 +0800] "POST /xingrg/all/common/load_tree.html?tree=supplier_tree_json&isDelete=1 HTTP/1.1" 200 67662
180.169.147.146 - - [06/Aug/2022:11:20:49 +0800] "GET /xingrg/all/function/internal_message.html?_=1659756044241&CODE_STATE=getMsg HTTP/1.1" 200 27
58.39.169.63 - - [06/Aug/2022:11:20:52 +0800] "GET /xingrg/kc/base/wldb_order_operate.html?command=get_materiel&rest_code=00105&base_code=0010507&code=00101019267 HTTP/1.1" 200 482
180.169.147.146 - - [06/Aug/2022:11:20:53 +0800] "GET /xingrg/all/function/internal_message.html?_=1659756172873&CODE_STATE=getMsg HTTP/1.1" 200 27
180.169.147.146 - - [06/Aug/2022:11:20:53 +0800] "GET /xingrg/check_reg.html?_=1659756172875 HTTP/1.1" 200 22
116.224.255.128 - - [06/Aug/2022:11:20:56 +0800] "GET /xingrg/all/function/internal_message.html?_=1659756003310&CODE_STATE=getMsg HTTP/1.1" 200 27
114.83.222.234 - - [06/Aug/2022:11:20:58 +0800] "GET /xingrg/kc/buy/cgsh_order_operate.html?command=get_materiel&rest_code=00149&code=00101007081&supplier_code=00100205&order_time=2022-08-06 HTTP/1.1" 200 415
116.224.123.211 - - [06/Aug/2022:11:20:58 +0800] "GET /xingrg/all/function/internal_message.html?_=1659756056332&CODE_STATE=getMsg HTTP/1.1" 200 27
114.84.2.83 - - [06/Aug/2022:11:21:01 +0800] "GET /xingrg/check_reg.html?_=1659756056988 HTTP/1.1" 200 22
114.84.2.83 - - [06/Aug/2022:11:21:01 +0800] "GET /xingrg/all/function/internal_message.html?_=1659756056992&CODE_STATE=getMsg HTTP/1.1" 200 27
58.39.169.63 - - [06/Aug/2022:11:21:06 +0800] "GET /xingrg/all/function/internal_message.html?_=1659756067677&CODE_STATE=getMsg HTTP/1.1" 200 27
58.39.169.63 - - [06/Aug/2022:11:21:06 +0800] "GET /xingrg/kc/base/wldb_order_operate.html?command=get_materiel&rest_code=00105&base_code=0010507&code=00101019249 HTTP/1.1" 200 470
58.37.7.214 - - [06/Aug/2022:11:21:10 +0800] "GET /xingrg/all/function/internal_message.html?_=1659756070355&CODE_STATE=getMsg HTTP/1.1" 200 27
120.253.135.82 - - [06/Aug/2022:11:21:10 +0800] "GET /xingrg/all/function/internal_message.html?_=1659755877350&CODE_STATE=getMsg HTTP/1.1" 200 27
58.39.169.63 - - [06/Aug/2022:11:21:11 +0800] "GET /xingrg/all/function/internal_message.html?_=1659755947010&CODE_STATE=getMsg HTTP/1.1" 200 27
116.232.51.90 - - [06/Aug/2022:11:21:14 +0800] "GET /xingrg/all/function/internal_message.html?_=1659756074259&CODE_STATE=getMsg HTTP/1.1" 200 27
58.39.169.63 - - [06/Aug/2022:11:21:17 +0800] "GET /xingrg/kc/base/wldb_order_operate.html?command=get_materiel&rest_code=00105&base_code=0010507&code=00101016076 HTTP/1.1" 200 477
116.232.194.65 - - [06/Aug/2022:11:21:19 +0800] "GET /xingrg/all/function/internal_message.html?_=1659756074047&CODE_STATE=getMsg HTTP/1.1" 200 27
116.224.255.128 - - [06/Aug/2022:11:21:20 +0800] "GET /xingrg/all/function/internal_message.html?_=1659756078078&CODE_STATE=getMsg HTTP/1.1" 200 27
116.224.123.211 - - [06/Aug/2022:11:21:21 +0800] "GET /xingrg/all/function/internal_message.html?_=1659756081174&CODE_STATE=getMsg HTTP/1.1" 200 27
116.232.194.65 - - [06/Aug/2022:11:21:21 +0800] "GET /xingrg/check_reg.html?_=1659756076524 HTTP/1.1" 200 22
222.69.129.110 - - [06/Aug/2022:11:21:30 +0800] "GET /xingrg/all/function/internal_message.html?_=1659756149833&CODE_STATE=getMsg HTTP/1.1" 200 27
222.69.129.110 - - [06/Aug/2022:11:21:30 +0800] "GET /xingrg/check_reg.html?_=1659756149836 HTTP/1.1" 200 22
58.39.169.63 - - [06/Aug/2022:11:21:30 +0800] "GET /xingrg/kc/base/wldb_order_operate.html?command=get_materiel&rest_code=00105&base_code=0010507&code=00101019270 HTTP/1.1" 200 479
180.169.147.146 - - [06/Aug/2022:11:21:30 +0800] "GET /xingrg/all/function/internal_message.html?_=1659756088972&CODE_STATE=getMsg HTTP/1.1" 200 27
116.235.94.65 - - [06/Aug/2022:11:21:35 +0800] "GET /xingrg/all/function/internal_message.html?_=1659756281913&CODE_STATE=getMsg HTTP/1.1" 200 27
180.169.147.146 - - [06/Aug/2022:11:21:35 +0800] "GET /xingrg/all/function/internal_message.html?_=1659756097745&CODE_STATE=getMsg HTTP/1.1" 200 27
101.80.228.36 - - [06/Aug/2022:11:21:36 +0800] "GET /xingrg/all/function/internal_message.html?_=1659756094039&CODE_STATE=getMsg HTTP/1.1" 200 27
58.39.169.63 - - [06/Aug/2022:11:21:37 +0800] "POST /xingrg/kc/base/wldb_order_operate.html HTTP/1.1" 200 37
58.39.169.63 - - [06/Aug/2022:11:21:37 +0800] "POST /xingrg/kc/base/wldb_order_operate.html HTTP/1.1" 200 6189
218.81.223.53 - - [06/Aug/2022:11:21:37 +0800] "GET /xingrg/all/function/internal_message.html?_=1659756119371&CODE_STATE=getMsg HTTP/1.1" 200 27
58.39.169.63 - - [06/Aug/2022:11:21:38 +0800] "GET /xingrg/kc/base/wldb_order_info.html?code=422022080600471 HTTP/1.1" 200 30371
114.83.222.234 - - [06/Aug/2022:11:21:38 +0800] "POST /xingrg/kc/buy/cgsh_order_operate.html HTTP/1.1" 200 37
58.39.169.63 - - [06/Aug/2022:11:21:38 +0800] "GET /xingrg/javascript/easyui/themes/default/validatebox.css HTTP/1.1" 404 1104
58.39.169.63 - - [06/Aug/2022:11:21:39 +0800] "POST /xingrg/kc/base/wldb_order_operate.html HTTP/1.1" 200 6189
114.86.187.244 - - [06/Aug/2022:11:21:41 +0800] "GET /xingrg/all/function/internal_message.html?_=1659756112638&CODE_STATE=getMsg HTTP/1.1" 200 27
101.85.120.95 - - [06/Aug/2022:11:21:42 +0800] "GET /xingrg/all/function/internal_message.html?_=1659756101039&CODE_STATE=getMsg HTTP/1.1" 200 27
101.85.120.95 - - [06/Aug/2022:11:21:42 +0800] "GET /xingrg/check_reg.html?_=1659756101040 HTTP/1.1" 200 22
114.83.222.234 - - [06/Aug/2022:11:21:43 +0800] "POST /xingrg/kc/buy/cgsh_order_operate.html HTTP/1.1" 200 12
114.83.222.234 - - [06/Aug/2022:11:21:44 +0800] "GET /xingrg/kc/buy/cgsh_order_info.html?code=212022080601669 HTTP/1.1" 200 63274
114.83.222.234 - - [06/Aug/2022:11:21:44 +0800] "GET /xingrg/javascript/easyui/themes/default/validatebox.css HTTP/1.1" 404 1104
114.83.222.234 - - [06/Aug/2022:11:21:45 +0800] "POST /xingrg/kc/buy/cgsh_order_operate.html HTTP/1.1" 200 5335
114.83.222.234 - - [06/Aug/2022:11:21:48 +0800] "GET /xingrg/kc/print/load_data.html?order_code=212022080601669&kc_code=cgsh&condition= HTTP/1.1" 200 2489
180.169.147.146 - - [06/Aug/2022:11:21:49 +0800] "GET /xingrg/all/function/internal_message.html?_=1659756104224&CODE_STATE=getMsg HTTP/1.1" 200 27
180.169.147.146 - - [06/Aug/2022:11:21:53 +0800] "GET /xingrg/all/function/internal_message.html?_=1659756232864&CODE_STATE=getMsg HTTP/1.1" 200 27
116.224.255.128 - - [06/Aug/2022:11:21:54 +0800] "GET /xingrg/check_reg.html?_=1659756060803 HTTP/1.1" 200 22
116.224.255.128 - - [06/Aug/2022:11:21:56 +0800] "GET /xingrg/all/function/internal_message.html?_=1659756063324&CODE_STATE=getMsg HTTP/1.1" 200 27
114.83.222.234 - - [06/Aug/2022:11:21:58 +0800] "GET /xingrg/kc/buy/cgsh_order_add.html HTTP/1.1" 200 68373
114.83.222.234 - - [06/Aug/2022:11:21:58 +0800] "POST /xingrg/kc/buy/cgsh_order_operate.html HTTP/1.1" 200 8245
114.83.222.234 - - [06/Aug/2022:11:21:58 +0800] "GET /xingrg/javascript/easyui/themes/default/validatebox.css HTTP/1.1" 404 1104
116.224.123.211 - - [06/Aug/2022:11:21:58 +0800] "GET /xingrg/all/function/internal_message.html?_=1659756116334&CODE_STATE=getMsg HTTP/1.1" 200 27
116.224.123.211 - - [06/Aug/2022:11:21:58 +0800] "GET /xingrg/check_reg.html?_=1659756116338 HTTP/1.1" 200 22
58.39.169.63 - - [06/Aug/2022:11:21:59 +0800] "POST /xingrg/kc/base/wldb_order_operate.html HTTP/1.1" 200 37
114.83.222.234 - - [06/Aug/2022:11:21:59 +0800] "GET /xingrg/javascript/auto/indicator.gif HTTP/1.1" 404 1066
58.39.169.63 - - [06/Aug/2022:11:21:59 +0800] "POST /xingrg/kc/base/wldb_order_operate.html HTTP/1.1" 200 6189
58.39.169.63 - - [06/Aug/2022:11:22:00 +0800] "GET /xingrg/kc/base/wldb_order_info.html?code=422022080600471 HTTP/1.1" 200 30371
58.39.169.63 - - [06/Aug/2022:11:22:00 +0800] "GET /xingrg/javascript/easyui/themes/default/validatebox.css HTTP/1.1" 404 1104
114.84.2.83 - - [06/Aug/2022:11:22:01 +0800] "GET /xingrg/all/function/internal_message.html?_=1659756116993&CODE_STATE=getMsg HTTP/1.1" 200 27
58.39.169.63 - - [06/Aug/2022:11:22:01 +0800] "POST /xingrg/kc/base/wldb_order_operate.html HTTP/1.1" 200 6189
114.83.222.234 - - [06/Aug/2022:11:22:02 +0800] "GET /xingrg/javascript/jquery_tools/images/next.gif HTTP/1.1" 404 1086
114.83.222.234 - - [06/Aug/2022:11:22:02 +0800] "GET /xingrg/javascript/jquery_tools/images/prev.gif HTTP/1.1" 404 1086
58.39.169.63 - - [06/Aug/2022:11:22:05 +0800] "GET /xingrg/kc/base/wldb_order_add.html HTTP/1.1" 200 30356
58.39.169.63 - - [06/Aug/2022:11:22:05 +0800] "POST /xingrg/kc/base/wldb_order_operate.html HTTP/1.1" 200 6806
58.39.169.63 - - [06/Aug/2022:11:22:05 +0800] "GET /xingrg/javascript/easyui/themes/default/validatebox.css HTTP/1.1" 404 1104
58.39.169.63 - - [06/Aug/2022:11:22:06 +0800] "GET /xingrg/check_reg.html?_=1659756127678 HTTP/1.1" 200 22
58.39.169.63 - - [06/Aug/2022:11:22:06 +0800] "GET /xingrg/all/function/internal_message.html?_=1659756127681&CODE_STATE=getMsg HTTP/1.1" 200 27
58.37.7.214 - - [06/Aug/2022:11:22:10 +0800] "GET /xingrg/all/function/internal_message.html?_=1659756130328&CODE_STATE=getMsg HTTP/1.1" 200 27
120.253.135.82 - - [06/Aug/2022:11:22:10 +0800] "GET /xingrg/all/function/internal_message.html?_=1659755937391&CODE_STATE=getMsg HTTP/1.1" 200 27
58.39.169.63 - - [06/Aug/2022:11:22:11 +0800] "GET /xingrg/all/function/internal_message.html?_=1659756007123&CODE_STATE=getMsg HTTP/1.1" 200 27
116.232.51.90 - - [06/Aug/2022:11:22:14 +0800] "GET /xingrg/all/function/internal_message.html?_=1659756134262&CODE_STATE=getMsg HTTP/1.1" 200 27
116.232.51.90 - - [06/Aug/2022:11:22:18 +0800] "GET /xingrg/kc/buy/cgsh_order_operate.html?command=get_materiel&rest_code=00109&code=00101008126&supplier_code=00100005&order_time=2022-08-06 HTTP/1.1" 200 412
116.232.194.65 - - [06/Aug/2022:11:22:19 +0800] "GET /xingrg/all/function/internal_message.html?_=1659756134033&CODE_STATE=getMsg HTTP/1.1" 200 27
116.224.255.128 - - [06/Aug/2022:11:22:20 +0800] "GET /xingrg/check_reg.html?_=1659756138080 HTTP/1.1" 200 22
116.224.255.128 - - [06/Aug/2022:11:22:20 +0800] "GET /xingrg/all/function/internal_message.html?_=1659756138083&CODE_STATE=getMsg HTTP/1.1" 200 27
116.224.123.211 - - [06/Aug/2022:11:22:21 +0800] "GET /xingrg/all/function/internal_message.html?_=1659756141169&CODE_STATE=getMsg HTTP/1.1" 200 27
116.232.51.90 - - [06/Aug/2022:11:22:25 +0800] "GET /xingrg/kc/buy/cgsh_order_operate.html?command=get_materiel&rest_code=00109&code=00101008298&supplier_code=00100005&order_time=2022-08-06 HTTP/1.1" 200 413
58.39.169.63 - - [06/Aug/2022:11:22:28 +0800] "GET /xingrg/kc/base/wldb_order_operate.html?command=get_materiel&rest_code=00105&base_code=0010507&code=00101019184 HTTP/1.1" 200 458
222.69.129.110 - - [06/Aug/2022:11:22:30 +0800] "GET /xingrg/all/function/internal_message.html?_=1659756209845&CODE_STATE=getMsg HTTP/1.1" 200 27
180.169.147.146 - - [06/Aug/2022:11:22:30 +0800] "GET /xingrg/all/function/internal_message.html?_=1659756148972&CODE_STATE=getMsg HTTP/1.1" 200 27
114.83.222.234 - - [06/Aug/2022:11:22:33 +0800] "GET /xingrg/all/function/internal_message.html?_=1659756152964&CODE_STATE=getMsg HTTP/1.1" 200 27
116.228.172.94 - - [06/Aug/2022:11:22:33 +0800] "GET /xingrg/login.html HTTP/1.1" 200 7641
116.228.172.94 - - [06/Aug/2022:11:22:34 +0800] "GET /favicon.ico HTTP/1.1" 404 -
114.83.222.234 - - [06/Aug/2022:11:22:34 +0800] "GET /xingrg/kc/buy/cgsh_order_operate.html?command=get_materiel&rest_code=00149&code=00101011003&supplier_code=00100051&order_time=2022-08-06 HTTP/1.1" 200 413
116.235.94.65 - - [06/Aug/2022:11:22:35 +0800] "GET /xingrg/all/function/internal_message.html?_=1659756341884&CODE_STATE=getMsg HTTP/1.1" 200 27
116.224.255.128 - - [06/Aug/2022:11:22:35 +0800] "GET /xingrg/kc/buy/cgsh_order_list.html HTTP/1.1" 200 52509
180.169.147.146 - - [06/Aug/2022:11:22:35 +0800] "GET /xingrg/all/function/internal_message.html?_=1659756157743&CODE_STATE=getMsg HTTP/1.1" 200 27
180.169.147.146 - - [06/Aug/2022:11:22:35 +0800] "GET /xingrg/check_reg.html?_=1659756157744 HTTP/1.1" 200 22
101.80.228.36 - - [06/Aug/2022:11:22:36 +0800] "GET /xingrg/all/function/internal_message.html?_=1659756154041&CODE_STATE=getMsg HTTP/1.1" 200 27
116.224.255.128 - - [06/Aug/2022:11:22:37 +0800] "POST /xingrg/kc/buy/cgsh_list_operate.html HTTP/1.1" 200 1777
218.81.223.53 - - [06/Aug/2022:11:22:37 +0800] "GET /xingrg/all/function/internal_message.html?_=1659756179381&CODE_STATE=getMsg HTTP/1.1" 200 27
116.224.255.128 - - [06/Aug/2022:11:22:39 +0800] "POST /xingrg/kc/buy/cgsh_list_operate.html HTTP/1.1" 200 351
116.224.255.128 - - [06/Aug/2022:11:22:40 +0800] "GET /xingrg/kc/buy/cgsh_order_info.html?code=212022080601600 HTTP/1.1" 200 68294
116.224.255.128 - - [06/Aug/2022:11:22:41 +0800] "GET /xingrg/javascript/easyui/themes/default/validatebox.css HTTP/1.1" 404 1104
114.86.187.244 - - [06/Aug/2022:11:22:41 +0800] "GET /xingrg/all/function/internal_message.html?_=1659756172639&CODE_STATE=getMsg HTTP/1.1" 200 27
116.224.255.128 - - [06/Aug/2022:11:22:41 +0800] "POST /xingrg/kc/buy/cgsh_order_operate.html HTTP/1.1" 200 3839
