116.224.123.211 - - [06/Aug/2022:10:07:22 +0800] "GET /xingrg/all/function/internal_message.html?_=1659751641905&CODE_STATE=getMsg HTTP/1.1" 200 27
116.235.94.65 - - [06/Aug/2022:10:07:25 +0800] "GET /xingrg/all/function/internal_message.html?_=1659751832386&CODE_STATE=getMsg HTTP/1.1" 200 27
218.81.223.53 - - [06/Aug/2022:10:07:28 +0800] "GET /xingrg/all/function/internal_message.html?_=1659751670018&CODE_STATE=getMsg HTTP/1.1" 200 27
222.69.129.110 - - [06/Aug/2022:10:07:30 +0800] "GET /xingrg/all/function/internal_message.html?_=1659751709835&CODE_STATE=getMsg HTTP/1.1" 200 27
222.69.129.110 - - [06/Aug/2022:10:07:33 +0800] "GET /xingrg/kc/base/wldb_order_operate.html?command=get_materiel&rest_code=00154&base_code=0010724&code=00101019836 HTTP/1.1" 200 451
114.83.222.234 - - [06/Aug/2022:10:07:33 +0800] "GET /xingrg/all/function/internal_message.html?_=1659751652657&CODE_STATE=getMsg HTTP/1.1" 200 27
180.169.147.146 - - [06/Aug/2022:10:07:35 +0800] "POST /xingrg/all/user/operate.html HTTP/1.1" 200 36
180.169.147.146 - - [06/Aug/2022:10:07:35 +0800] "GET /xingrg/javascript/jquery_easy_ui/themes/default/easyui.css HTTP/1.1" 304 -
180.169.147.146 - - [06/Aug/2022:10:07:35 +0800] "GET /xingrg/index.html?sysBaseUrl=http%3A%2F%2F180.169.147.146%3A18081%2Fxingrg%2F&costTime=39×tamp=1659750340693 HTTP/1.1" 200 17503
180.169.147.146 - - [06/Aug/2022:10:07:35 +0800] "GET /xingrg/javascript/jquery_easy_ui/themes/icon.css HTTP/1.1" 304 -
180.169.147.146 - - [06/Aug/2022:10:07:35 +0800] "GET /xingrg/css/form.css HTTP/1.1" 304 -
180.169.147.146 - - [06/Aug/2022:10:07:35 +0800] "GET /xingrg/javascript/jquery-1.4.2.min.js HTTP/1.1" 304 -
180.169.147.146 - - [06/Aug/2022:10:07:35 +0800] "GET /xingrg/javascript/jquery_easy_ui/jquery.easyui.min.js HTTP/1.1" 304 -
180.169.147.146 - - [06/Aug/2022:10:07:35 +0800] "GET /xingrg/javascript/jquery_easy_ui/easyui-lang-zh_CN.js HTTP/1.1" 304 -
180.169.147.146 - - [06/Aug/2022:10:07:35 +0800] "GET /xingrg/javascript/jquery.form.js HTTP/1.1" 304 -
180.169.147.146 - - [06/Aug/2022:10:07:35 +0800] "GET /xingrg/javascript/jquery.utils.js HTTP/1.1" 304 -
180.169.147.146 - - [06/Aug/2022:10:07:35 +0800] "GET /xingrg/javascript/jquery.timers.js HTTP/1.1" 304 -
180.169.147.146 - - [06/Aug/2022:10:07:35 +0800] "GET /xingrg/images/blue/jxLogo.png HTTP/1.1" 304 -
180.169.147.146 - - [06/Aug/2022:10:07:35 +0800] "GET /xingrg/javascript/jquery_easy_ui/themes/icons/settle_new.png HTTP/1.1" 304 -
180.169.147.146 - - [06/Aug/2022:10:07:35 +0800] "GET /xingrg/images/blue/navBackgound.jpg HTTP/1.1" 304 -
180.169.147.146 - - [06/Aug/2022:10:07:35 +0800] "POST /xingrg/all/common/load_tree.html?tree=area_rest_tree_json&manage=1 HTTP/1.1" 200 3472
180.169.147.146 - - [06/Aug/2022:10:07:35 +0800] "GET /xingrg/all/function/internal_message.html?_=1659751657591&CODE_STATE=count HTTP/1.1" 200 11
180.169.147.146 - - [06/Aug/2022:10:07:35 +0800] "GET /xingrg/check_reg.html?_=1659751657593 HTTP/1.1" 200 22
180.169.147.146 - - [06/Aug/2022:10:07:35 +0800] "POST /xingrg/load_menu.html HTTP/1.1" 200 9959
180.169.147.146 - - [06/Aug/2022:10:07:35 +0800] "GET /xingrg/javascript/jquery_easy_ui/themes/default/images/tabs_rightarrow.png HTTP/1.1" 304 -
180.169.147.146 - - [06/Aug/2022:10:07:35 +0800] "GET /xingrg/javascript/jquery_easy_ui/themes/default/images/tabs_leftarrow.png HTTP/1.1" 304 -
180.169.147.146 - - [06/Aug/2022:10:07:35 +0800] "GET /xingrg/javascript/jquery_easy_ui/themes/default/images/panel_tool_collapse.gif HTTP/1.1" 304 -
180.169.147.146 - - [06/Aug/2022:10:07:35 +0800] "GET /xingrg/images/blue/pingpu.png HTTP/1.1" 304 -
180.169.147.146 - - [06/Aug/2022:10:07:35 +0800] "GET /xingrg/javascript/jquery_easy_ui/themes/default/images/panel_tool_expand.gif HTTP/1.1" 304 -
180.169.147.146 - - [06/Aug/2022:10:07:35 +0800] "GET /xingrg/javascript/jquery_easy_ui/themes/icons/search_new.png HTTP/1.1" 304 -
180.169.147.146 - - [06/Aug/2022:10:07:35 +0800] "GET /xingrg/javascript/jquery_easy_ui/themes/icons/checkout_new.png HTTP/1.1" 304 -
180.169.147.146 - - [06/Aug/2022:10:07:35 +0800] "GET /xingrg/javascript/jquery_easy_ui/themes/default/images/tree_folder.gif HTTP/1.1" 304 -
180.169.147.146 - - [06/Aug/2022:10:07:35 +0800] "GET /xingrg/javascript/jquery_easy_ui/themes/default/images/tree_file.gif HTTP/1.1" 304 -
180.169.147.146 - - [06/Aug/2022:10:07:35 +0800] "GET /xingrg/javascript/jquery_easy_ui/themes/default/images/tree_folder_open.gif HTTP/1.1" 304 -
180.169.147.146 - - [06/Aug/2022:10:07:35 +0800] "GET /xingrg/javascript/jquery_easy_ui/themes/icons/forms_new.png HTTP/1.1" 304 -
180.169.147.146 - - [06/Aug/2022:10:07:35 +0800] "GET /xingrg/javascript/jquery_easy_ui/themes/icons/systemset_new.png HTTP/1.1" 304 -
180.169.147.146 - - [06/Aug/2022:10:07:35 +0800] "GET /xingrg/javascript/jquery_easy_ui/themes/icons/setting_new.png HTTP/1.1" 304 -
180.169.147.146 - - [06/Aug/2022:10:07:35 +0800] "GET /xingrg/javascript/jquery_easy_ui/themes/icons/storage_new.png HTTP/1.1" 304 -
180.169.147.146 - - [06/Aug/2022:10:07:35 +0800] "GET /xingrg/javascript/jquery_easy_ui/themes/default/images/tree_arrows.gif HTTP/1.1" 304 -
114.84.2.83 - - [06/Aug/2022:10:07:35 +0800] "GET /xingrg/all/function/internal_message.html?_=1659751651618&CODE_STATE=getMsg HTTP/1.1" 200 27
114.84.2.83 - - [06/Aug/2022:10:07:35 +0800] "GET /xingrg/check_reg.html?_=1659751651622 HTTP/1.1" 200 22
101.80.228.36 - - [06/Aug/2022:10:07:36 +0800] "GET /xingrg/all/function/internal_message.html?_=1659751654033&CODE_STATE=getMsg HTTP/1.1" 200 27
180.169.147.146 - - [06/Aug/2022:10:07:36 +0800] "POST /xingrg/load_menu.html HTTP/1.1" 200 9695
180.169.147.146 - - [06/Aug/2022:10:07:38 +0800] "GET /xingrg/all/report/report_query.html?fileName=dma/new_5.0/yingye/yh.xml&rw=900 HTTP/1.1" 200 52556
180.169.147.146 - - [06/Aug/2022:10:07:38 +0800] "GET /xingrg/dwr/interface/AjaxReportQueryService.js HTTP/1.1" 200 13203
180.169.147.146 - - [06/Aug/2022:10:07:38 +0800] "GET /xingrg/dwr/engine.js HTTP/1.1" 200 43631
180.169.147.146 - - [06/Aug/2022:10:07:38 +0800] "POST /xingrg/dwr/call/plaincall/AjaxReportQueryService.getFixDate.dwr HTTP/1.1" 200 111
222.69.129.110 - - [06/Aug/2022:10:07:38 +0800] "GET /xingrg/kc/base/wldb_order_operate.html?command=get_materiel&rest_code=00154&base_code=0010724&code=00101019185 HTTP/1.1" 200 466
180.169.147.146 - - [06/Aug/2022:10:07:38 +0800] "POST /xingrg/all/common/load_tree.html?tree=area_station_tree_json&manage=1 HTTP/1.1" 200 3364
180.169.147.146 - - [06/Aug/2022:10:07:39 +0800] "GET /xingrg/all/report/report_query.html?fileName=dma/new_5.0/menu/menu_category_hz.xml HTTP/1.1" 200 53064
180.169.147.146 - - [06/Aug/2022:10:07:39 +0800] "GET /xingrg/dwr/interface/AjaxReportQueryService.js HTTP/1.1" 200 13203
180.169.147.146 - - [06/Aug/2022:10:07:39 +0800] "GET /xingrg/dwr/engine.js HTTP/1.1" 200 43631
180.169.147.146 - - [06/Aug/2022:10:07:39 +0800] "POST /xingrg/dwr/call/plaincall/AjaxReportQueryService.getFixDate.dwr HTTP/1.1" 200 111
180.169.147.146 - - [06/Aug/2022:10:07:39 +0800] "POST /xingrg/all/common/load_tree.html?tree=area_station_tree_json&manage=1 HTTP/1.1" 200 3364
180.169.147.146 - - [06/Aug/2022:10:07:42 +0800] "POST /xingrg/dwr/call/plaincall/AjaxReportQueryService.getFixDate.dwr HTTP/1.1" 200 111
101.85.120.95 - - [06/Aug/2022:10:07:42 +0800] "GET /xingrg/all/function/internal_message.html?_=1659751660997&CODE_STATE=getMsg HTTP/1.1" 200 27
180.169.147.146 - - [06/Aug/2022:10:07:43 +0800] "POST /xingrg/dwr/call/plaincall/AjaxReportQueryService.queryInitializeString.dwr HTTP/1.1" 200 975
180.169.147.146 - - [06/Aug/2022:10:07:47 +0800] "POST /xingrg/dwr/call/plaincall/AjaxReportQueryService.refreshCache.dwr HTTP/1.1" 200 78
180.169.147.146 - - [06/Aug/2022:10:07:48 +0800] "POST /xingrg/all/report/load_report_page.html HTTP/1.1" 200 89
222.69.129.110 - - [06/Aug/2022:10:07:48 +0800] "GET /xingrg/kc/base/wldb_order_operate.html?command=get_materiel&rest_code=00154&base_code=0010724&code=00101020335 HTTP/1.1" 200 456
180.169.147.146 - - [06/Aug/2022:10:07:51 +0800] "POST /xingrg/dwr/call/plaincall/AjaxReportQueryService.queryInitializeString.dwr HTTP/1.1" 200 1003
116.224.255.128 - - [06/Aug/2022:10:07:55 +0800] "GET /xingrg/all/function/internal_message.html?_=1659751621632&CODE_STATE=getMsg HTTP/1.1" 200 27
180.169.147.146 - - [06/Aug/2022:10:07:57 +0800] "POST /xingrg/dwr/call/plaincall/AjaxReportQueryService.refreshCache.dwr HTTP/1.1" 200 78
180.169.147.146 - - [06/Aug/2022:10:07:58 +0800] "POST /xingrg/all/report/load_report_page.html HTTP/1.1" 200 13130
180.169.147.146 - - [06/Aug/2022:10:07:58 +0800] "GET /xingrg/servlets/image?cache=0.9211129376948499&image=px HTTP/1.1" 200 807
116.224.123.211 - - [06/Aug/2022:10:07:58 +0800] "GET /xingrg/all/function/internal_message.html?_=1659751676310&CODE_STATE=getMsg HTTP/1.1" 200 27
116.232.51.90 - - [06/Aug/2022:10:08:06 +0800] "GET /xingrg/all/function/internal_message.html?_=1659751686591&CODE_STATE=getMsg HTTP/1.1" 200 27
58.39.169.63 - - [06/Aug/2022:10:08:06 +0800] "GET /xingrg/all/function/internal_message.html?_=1659751687572&CODE_STATE=getMsg HTTP/1.1" 200 27
222.69.129.110 - - [06/Aug/2022:10:08:10 +0800] "GET /xingrg/kc/base/wldb_order_operate.html?command=get_materiel&rest_code=00154&base_code=0010724&code=00101020144 HTTP/1.1" 200 447
58.39.169.63 - - [06/Aug/2022:10:08:10 +0800] "GET /xingrg/all/function/internal_message.html?_=1659751566910&CODE_STATE=getMsg HTTP/1.1" 200 27
58.37.7.214 - - [06/Aug/2022:10:08:11 +0800] "GET /xingrg/all/function/internal_message.html?_=1659751691599&CODE_STATE=getMsg HTTP/1.1" 200 27
116.232.194.65 - - [06/Aug/2022:10:08:20 +0800] "GET /xingrg/all/function/internal_message.html?_=1659751695270&CODE_STATE=getMsg HTTP/1.1" 200 27
116.224.123.211 - - [06/Aug/2022:10:08:22 +0800] "GET /xingrg/all/function/internal_message.html?_=1659751701892&CODE_STATE=getMsg HTTP/1.1" 200 27
222.69.129.110 - - [06/Aug/2022:10:08:25 +0800] "GET /xingrg/kc/base/wldb_order_operate.html?command=get_materiel&rest_code=00154&base_code=0010724&code=00101019792 HTTP/1.1" 200 457
116.235.94.65 - - [06/Aug/2022:10:08:25 +0800] "GET /xingrg/check_reg.html?_=1659751892373 HTTP/1.1" 200 22
116.235.94.65 - - [06/Aug/2022:10:08:25 +0800] "GET /xingrg/all/function/internal_message.html?_=1659751892374&CODE_STATE=getMsg HTTP/1.1" 200 27
218.81.223.53 - - [06/Aug/2022:10:08:28 +0800] "GET /xingrg/all/function/internal_message.html?_=1659751730029&CODE_STATE=getMsg HTTP/1.1" 200 27
222.69.129.110 - - [06/Aug/2022:10:08:30 +0800] "GET /xingrg/all/function/internal_message.html?_=1659751769838&CODE_STATE=getMsg HTTP/1.1" 200 27
114.83.222.234 - - [06/Aug/2022:10:08:33 +0800] "GET /xingrg/all/function/internal_message.html?_=1659751712669&CODE_STATE=getMsg HTTP/1.1" 200 27
114.83.222.234 - - [06/Aug/2022:10:08:33 +0800] "GET /xingrg/check_reg.html?_=1659751712662 HTTP/1.1" 200 22
180.169.147.146 - - [06/Aug/2022:10:08:35 +0800] "GET /xingrg/all/function/internal_message.html?_=1659751717601&CODE_STATE=getMsg HTTP/1.1" 200 27
114.84.2.83 - - [06/Aug/2022:10:08:35 +0800] "GET /xingrg/all/function/internal_message.html?_=1659751711621&CODE_STATE=getMsg HTTP/1.1" 200 27
101.80.228.36 - - [06/Aug/2022:10:08:36 +0800] "GET /xingrg/all/function/internal_message.html?_=1659751714034&CODE_STATE=getMsg HTTP/1.1" 200 27
101.80.228.36 - - [06/Aug/2022:10:08:36 +0800] "GET /xingrg/check_reg.html?_=1659751714037 HTTP/1.1" 200 22
116.224.255.128 - - [06/Aug/2022:10:08:40 +0800] "GET /xingrg/check_reg.html?_=1659751718171 HTTP/1.1" 200 22
101.85.120.95 - - [06/Aug/2022:10:08:42 +0800] "GET /xingrg/all/function/internal_message.html?_=1659751720997&CODE_STATE=getMsg HTTP/1.1" 200 27
222.69.129.110 - - [06/Aug/2022:10:08:46 +0800] "GET /xingrg/kc/base/wldb_order_operate.html?command=get_materiel&rest_code=00154&base_code=0010724&code=00101008464 HTTP/1.1" 200 448
222.69.129.110 - - [06/Aug/2022:10:08:52 +0800] "POST /xingrg/all/common/load_select.html HTTP/1.1" 200 25
222.69.129.110 - - [06/Aug/2022:10:08:54 +0800] "GET /xingrg/kc/base/wldb_order_operate.html?command=get_materiel_price&rest_code=00154&base_code=0010724&code=00101008464&unit_code=00100018 HTTP/1.1" 200 34
116.224.255.128 - - [06/Aug/2022:10:08:55 +0800] "GET /xingrg/all/function/internal_message.html?_=1659751681645&CODE_STATE=getMsg HTTP/1.1" 200 27
116.224.123.211 - - [06/Aug/2022:10:08:58 +0800] "GET /xingrg/all/function/internal_message.html?_=1659751736316&CODE_STATE=getMsg HTTP/1.1" 200 27
222.69.129.110 - - [06/Aug/2022:10:09:04 +0800] "GET /xingrg/kc/base/wldb_order_operate.html?command=get_materiel&rest_code=00154&base_code=0010724&code=00101016044 HTTP/1.1" 200 464
116.232.51.90 - - [06/Aug/2022:10:09:06 +0800] "GET /xingrg/all/function/internal_message.html?_=1659751746567&CODE_STATE=getMsg HTTP/1.1" 200 27
58.39.169.63 - - [06/Aug/2022:10:09:06 +0800] "GET /xingrg/all/function/internal_message.html?_=1659751747575&CODE_STATE=getMsg HTTP/1.1" 200 27
58.39.169.63 - - [06/Aug/2022:10:09:10 +0800] "GET /xingrg/check_reg.html?_=1659751626909 HTTP/1.1" 200 22
58.39.169.63 - - [06/Aug/2022:10:09:11 +0800] "GET /xingrg/all/function/internal_message.html?_=1659751626913&CODE_STATE=getMsg HTTP/1.1" 200 27
58.37.7.214 - - [06/Aug/2022:10:09:11 +0800] "GET /xingrg/all/function/internal_message.html?_=1659751751570&CODE_STATE=getMsg HTTP/1.1" 200 27
58.37.7.214 - - [06/Aug/2022:10:09:11 +0800] "GET /xingrg/check_reg.html?_=1659751752181 HTTP/1.1" 200 22
222.69.129.110 - - [06/Aug/2022:10:09:13 +0800] "POST /xingrg/kc/base/wldb_order_operate.html HTTP/1.1" 200 37
222.69.129.110 - - [06/Aug/2022:10:09:15 +0800] "POST /xingrg/kc/base/wldb_order_operate.html HTTP/1.1" 200 12
222.69.129.110 - - [06/Aug/2022:10:09:15 +0800] "POST /xingrg/kc/base/wldb_order_operate.html HTTP/1.1" 200 6174
222.69.129.110 - - [06/Aug/2022:10:09:16 +0800] "GET /xingrg/kc/base/wldb_order_info.html?code=422022080600460 HTTP/1.1" 200 26239
222.69.129.110 - - [06/Aug/2022:10:09:16 +0800] "GET /xingrg/javascript/easyui/themes/default/validatebox.css HTTP/1.1" 404 1104
222.69.129.110 - - [06/Aug/2022:10:09:16 +0800] "POST /xingrg/kc/base/wldb_order_operate.html HTTP/1.1" 200 4379
116.232.194.65 - - [06/Aug/2022:10:09:20 +0800] "GET /xingrg/all/function/internal_message.html?_=1659751755263&CODE_STATE=getMsg HTTP/1.1" 200 27
116.224.123.211 - - [06/Aug/2022:10:09:22 +0800] "GET /xingrg/all/function/internal_message.html?_=1659751761905&CODE_STATE=getMsg HTTP/1.1" 200 27
116.224.123.211 - - [06/Aug/2022:10:09:22 +0800] "GET /xingrg/check_reg.html?_=1659751761906 HTTP/1.1" 200 22
116.235.94.65 - - [06/Aug/2022:10:09:25 +0800] "GET /xingrg/all/function/internal_message.html?_=1659751952376&CODE_STATE=getMsg HTTP/1.1" 200 27
218.81.223.53 - - [06/Aug/2022:10:09:26 +0800] "GET /xingrg/check_reg.html?_=1659751787598 HTTP/1.1" 200 22
218.81.223.53 - - [06/Aug/2022:10:09:28 +0800] "GET /xingrg/all/function/internal_message.html?_=1659751790043&CODE_STATE=getMsg HTTP/1.1" 200 27
222.69.129.110 - - [06/Aug/2022:10:09:30 +0800] "GET /xingrg/all/function/internal_message.html?_=1659751829860&CODE_STATE=getMsg HTTP/1.1" 200 27
114.83.222.234 - - [06/Aug/2022:10:09:33 +0800] "GET /xingrg/all/function/internal_message.html?_=1659751772675&CODE_STATE=getMsg HTTP/1.1" 200 27
180.169.147.146 - - [06/Aug/2022:10:09:35 +0800] "GET /xingrg/all/function/internal_message.html?_=1659751777603&CODE_STATE=getMsg HTTP/1.1" 200 27
114.84.2.83 - - [06/Aug/2022:10:09:35 +0800] "GET /xingrg/all/function/internal_message.html?_=1659751771622&CODE_STATE=getMsg HTTP/1.1" 200 27
101.80.228.36 - - [06/Aug/2022:10:09:36 +0800] "GET /xingrg/all/function/internal_message.html?_=1659751774041&CODE_STATE=getMsg HTTP/1.1" 200 27
101.85.120.95 - - [06/Aug/2022:10:09:42 +0800] "GET /xingrg/all/function/internal_message.html?_=1659751780998&CODE_STATE=getMsg HTTP/1.1" 200 27
116.224.255.128 - - [06/Aug/2022:10:09:55 +0800] "GET /xingrg/all/function/internal_message.html?_=1659751741704&CODE_STATE=getMsg HTTP/1.1" 200 27
116.224.123.211 - - [06/Aug/2022:10:09:58 +0800] "GET /xingrg/all/function/internal_message.html?_=1659751796309&CODE_STATE=getMsg HTTP/1.1" 200 27
116.232.51.90 - - [06/Aug/2022:10:10:06 +0800] "GET /xingrg/all/function/internal_message.html?_=1659751806544&CODE_STATE=getMsg HTTP/1.1" 200 27
58.39.169.63 - - [06/Aug/2022:10:10:06 +0800] "GET /xingrg/all/function/internal_message.html?_=1659751807579&CODE_STATE=getMsg HTTP/1.1" 200 27
58.39.169.63 - - [06/Aug/2022:10:10:10 +0800] "GET /xingrg/all/function/internal_message.html?_=1659751686913&CODE_STATE=getMsg HTTP/1.1" 200 27
58.37.7.214 - - [06/Aug/2022:10:10:11 +0800] "GET /xingrg/all/function/internal_message.html?_=1659751811550&CODE_STATE=getMsg HTTP/1.1" 200 27
116.232.194.65 - - [06/Aug/2022:10:10:20 +0800] "GET /xingrg/all/function/internal_message.html?_=1659751815236&CODE_STATE=getMsg HTTP/1.1" 200 27
116.224.123.211 - - [06/Aug/2022:10:10:22 +0800] "GET /xingrg/all/function/internal_message.html?_=1659751821905&CODE_STATE=getMsg HTTP/1.1" 200 27
116.235.94.65 - - [06/Aug/2022:10:10:25 +0800] "GET /xingrg/all/function/internal_message.html?_=1659752012373&CODE_STATE=getMsg HTTP/1.1" 200 27
218.81.223.53 - - [06/Aug/2022:10:10:28 +0800] "GET /xingrg/all/function/internal_message.html?_=1659751850056&CODE_STATE=getMsg HTTP/1.1" 200 27
222.69.129.110 - - [06/Aug/2022:10:10:30 +0800] "GET /xingrg/all/function/internal_message.html?_=1659751889833&CODE_STATE=getMsg HTTP/1.1" 200 27
114.83.222.234 - - [06/Aug/2022:10:10:33 +0800] "GET /xingrg/all/function/internal_message.html?_=1659751832677&CODE_STATE=getMsg HTTP/1.1" 200 27
180.169.147.146 - - [06/Aug/2022:10:10:35 +0800] "GET /xingrg/all/function/internal_message.html?_=1659751837602&CODE_STATE=getMsg HTTP/1.1" 200 27
114.84.2.83 - - [06/Aug/2022:10:10:35 +0800] "GET /xingrg/all/function/internal_message.html?_=1659751831624&CODE_STATE=getMsg HTTP/1.1" 200 27
101.80.228.36 - - [06/Aug/2022:10:10:36 +0800] "GET /xingrg/all/function/internal_message.html?_=1659751834044&CODE_STATE=getMsg HTTP/1.1" 200 27
101.85.120.95 - - [06/Aug/2022:10:10:42 +0800] "GET /xingrg/all/function/internal_message.html?_=1659751840997&CODE_STATE=getMsg HTTP/1.1" 200 27
116.224.123.211 - - [06/Aug/2022:10:10:46 +0800] "GET /xingrg/javascript/easyui/themes/default/tree.css HTTP/1.1" 404 1090
116.224.123.211 - - [06/Aug/2022:10:10:46 +0800] "POST /xingrg/all/common/load_tree.html?tree=supplier_tree_json&isDelete=1 HTTP/1.1" 200 67662
114.88.158.224 - - [06/Aug/2022:10:10:49 +0800] "GET /xingrg/kc/buy/buy_main.html HTTP/1.1" 302 -
114.88.158.224 - - [06/Aug/2022:10:10:49 +0800] "GET /xingrg/login.html HTTP/1.1" 200 7641
114.88.158.224 - - [06/Aug/2022:10:10:49 +0800] "GET /xingrg/login.html HTTP/1.1" 200 7641
114.88.158.224 - - [06/Aug/2022:10:10:49 +0800] "GET /favicon.ico HTTP/1.1" 404 -
114.88.158.224 - - [06/Aug/2022:10:10:51 +0800] "POST /xingrg/login.do HTTP/1.1" 302 -
114.88.158.224 - - [06/Aug/2022:10:10:51 +0800] "GET /xingrg/index.html?sysBaseUrl=http%3A%2F%2F180.169.147.146%3A18081%2Fxingrg%2F&costTime=93×tamp=1659751851838 HTTP/1.1" 200 17179
114.88.158.224 - - [06/Aug/2022:10:10:51 +0800] "GET /favicon.ico HTTP/1.1" 404 -
114.88.158.224 - - [06/Aug/2022:10:10:52 +0800] "POST /xingrg/all/common/load_tree.html?tree=area_rest_tree_json&manage=1 HTTP/1.1" 200 351
114.88.158.224 - - [06/Aug/2022:10:10:52 +0800] "POST /xingrg/load_menu.html HTTP/1.1" 200 5138
114.88.158.224 - - [06/Aug/2022:10:10:52 +0800] "GET /xingrg/check_reg.html?_=1659751530914 HTTP/1.1" 200 22
114.88.158.224 - - [06/Aug/2022:10:10:52 +0800] "GET /xingrg/all/function/internal_message.html?_=1659751530913&CODE_STATE=count HTTP/1.1" 200 11
116.224.255.128 - - [06/Aug/2022:10:10:55 +0800] "GET /xingrg/all/function/internal_message.html?_=1659751801719&CODE_STATE=getMsg HTTP/1.1" 200 27
116.224.123.211 - - [06/Aug/2022:10:10:58 +0800] "GET /xingrg/all/function/internal_message.html?_=1659751856318&CODE_STATE=getMsg HTTP/1.1" 200 27
114.88.158.224 - - [06/Aug/2022:10:10:59 +0800] "GET /xingrg/kc/buy/buy_main.html HTTP/1.1" 200 12412
114.88.158.224 - - [06/Aug/2022:10:10:59 +0800] "GET /xingrg/css/new_ie.css HTTP/1.1" 404 1036
114.88.158.224 - - [06/Aug/2022:10:11:00 +0800] "GET /xingrg/images/yd/bt.gif HTTP/1.1" 404 1040
114.88.158.224 - - [06/Aug/2022:10:11:00 +0800] "GET /xingrg/kc/buy/cgsh_order_list.html HTTP/1.1" 200 52509
114.88.158.224 - - [06/Aug/2022:10:11:03 +0800] "POST /xingrg/kc/buy/cgsh_list_operate.html HTTP/1.1" 200 1790
116.232.51.90 - - [06/Aug/2022:10:11:06 +0800] "GET /xingrg/all/function/internal_message.html?_=1659751866520&CODE_STATE=getMsg HTTP/1.1" 200 27
58.39.169.63 - - [06/Aug/2022:10:11:06 +0800] "GET /xingrg/all/function/internal_message.html?_=1659751867611&CODE_STATE=getMsg HTTP/1.1" 200 27
58.39.169.63 - - [06/Aug/2022:10:11:10 +0800] "GET /xingrg/all/function/internal_message.html?_=1659751746914&CODE_STATE=getMsg HTTP/1.1" 200 27
58.37.7.214 - - [06/Aug/2022:10:11:11 +0800] "GET /xingrg/all/function/internal_message.html?_=1659751871536&CODE_STATE=getMsg HTTP/1.1" 200 27
114.88.158.224 - - [06/Aug/2022:10:11:17 +0800] "GET /xingrg/kc/buy/cgsh_order_add.html HTTP/1.1" 200 68285
114.88.158.224 - - [06/Aug/2022:10:11:17 +0800] "GET /xingrg/words/20220805141303_words.js HTTP/1.1" 304 -
114.88.158.224 - - [06/Aug/2022:10:11:17 +0800] "POST /xingrg/kc/buy/cgsh_order_operate.html HTTP/1.1" 200 8245
114.88.158.224 - - [06/Aug/2022:10:11:17 +0800] "GET /xingrg/all/common/auto_word.html?type=employee&rest_code=00141 HTTP/1.1" 200 201
114.88.158.224 - - [06/Aug/2022:10:11:17 +0800] "GET /xingrg/javascript/easyui/themes/default/validatebox.css HTTP/1.1" 404 1104
114.88.158.224 - - [06/Aug/2022:10:11:17 +0800] "GET /xingrg/all/common/auto_word.html?type=employee&rest_code=00141 HTTP/1.1" 200 201
114.88.158.224 - - [06/Aug/2022:10:11:20 +0800] "GET /xingrg/javascript/auto/indicator.gif HTTP/1.1" 404 1066
116.232.194.65 - - [06/Aug/2022:10:11:20 +0800] "GET /xingrg/all/function/internal_message.html?_=1659751875220&CODE_STATE=getMsg HTTP/1.1" 200 27
114.88.158.224 - - [06/Aug/2022:10:11:21 +0800] "GET /xingrg/javascript/jquery_tools/images/prev.gif HTTP/1.1" 404 1086
114.88.158.224 - - [06/Aug/2022:10:11:21 +0800] "GET /xingrg/javascript/jquery_tools/images/next.gif HTTP/1.1" 404 1086
116.232.194.65 - - [06/Aug/2022:10:11:21 +0800] "GET /xingrg/check_reg.html?_=1659751876521 HTTP/1.1" 200 22
116.224.123.211 - - [06/Aug/2022:10:11:22 +0800] "GET /xingrg/all/function/internal_message.html?_=1659751881894&CODE_STATE=getMsg HTTP/1.1" 200 27
116.235.94.65 - - [06/Aug/2022:10:11:25 +0800] "GET /xingrg/all/function/internal_message.html?_=1659752072381&CODE_STATE=getMsg HTTP/1.1" 200 27
114.88.158.224 - - [06/Aug/2022:10:11:28 +0800] "GET /xingrg/kc/buy/cgsh_order_operate.html?command=get_materiel&rest_code=00141&code=00101008434&supplier_code=00100256&order_time=2022-08-06 HTTP/1.1" 200 415
218.81.223.53 - - [06/Aug/2022:10:11:28 +0800] "GET /xingrg/all/function/internal_message.html?_=1659751910069&CODE_STATE=getMsg HTTP/1.1" 200 27
222.69.129.110 - - [06/Aug/2022:10:11:30 +0800] "GET /xingrg/all/function/internal_message.html?_=1659751949845&CODE_STATE=getMsg HTTP/1.1" 200 27
222.69.129.110 - - [06/Aug/2022:10:11:30 +0800] "GET /xingrg/check_reg.html?_=1659751949850 HTTP/1.1" 200 22
114.83.222.234 - - [06/Aug/2022:10:11:33 +0800] "GET /xingrg/all/function/internal_message.html?_=1659751892684&CODE_STATE=getMsg HTTP/1.1" 200 27
180.169.147.146 - - [06/Aug/2022:10:11:35 +0800] "GET /xingrg/all/function/internal_message.html?_=1659751897606&CODE_STATE=getMsg HTTP/1.1" 200 27
114.84.2.83 - - [06/Aug/2022:10:11:35 +0800] "GET /xingrg/all/function/internal_message.html?_=1659751891624&CODE_STATE=getMsg HTTP/1.1" 200 27
101.80.228.36 - - [06/Aug/2022:10:11:36 +0800] "GET /xingrg/all/function/internal_message.html?_=1659751894030&CODE_STATE=getMsg HTTP/1.1" 200 27
114.88.158.224 - - [06/Aug/2022:10:11:39 +0800] "POST /xingrg/kc/buy/cgsh_order_operate.html HTTP/1.1" 200 37
101.85.120.95 - - [06/Aug/2022:10:11:42 +0800] "GET /xingrg/check_reg.html?_=1659751900997 HTTP/1.1" 200 22
101.85.120.95 - - [06/Aug/2022:10:11:42 +0800] "GET /xingrg/all/function/internal_message.html?_=1659751901000&CODE_STATE=getMsg HTTP/1.1" 200 27
114.88.158.224 - - [06/Aug/2022:10:11:44 +0800] "POST /xingrg/kc/buy/cgsh_order_operate.html HTTP/1.1" 200 12
114.88.158.224 - - [06/Aug/2022:10:11:46 +0800] "GET /xingrg/kc/buy/cgsh_order_info.html?code=212022080601620 HTTP/1.1" 200 63194
114.88.158.224 - - [06/Aug/2022:10:11:46 +0800] "GET /xingrg/javascript/easyui/themes/default/validatebox.css HTTP/1.1" 404 1104
114.88.158.224 - - [06/Aug/2022:10:11:46 +0800] "POST /xingrg/kc/buy/cgsh_order_operate.html HTTP/1.1" 200 609
114.88.158.224 - - [06/Aug/2022:10:11:47 +0800] "GET /xingrg/kc/print/load_config.html?kc_code=cgsh HTTP/1.1" 200 1943
114.88.158.224 - - [06/Aug/2022:10:11:47 +0800] "GET /xingrg/kc/print/load_data.html?order_code=212022080601620&kc_code=cgsh&condition= HTTP/1.1" 200 706
114.88.158.224 - - [06/Aug/2022:10:11:52 +0800] "GET /xingrg/all/function/internal_message.html?_=1659751590944&CODE_STATE=getMsg HTTP/1.1" 200 27
116.232.51.90 - - [06/Aug/2022:10:11:52 +0800] "GET /xingrg/check_reg.html?_=1659751912752 HTTP/1.1" 200 22
116.224.255.128 - - [06/Aug/2022:10:11:53 +0800] "GET /xingrg/check_reg.html?_=1659751860069 HTTP/1.1" 200 22
116.224.255.128 - - [06/Aug/2022:10:11:55 +0800] "GET /xingrg/all/function/internal_message.html?_=1659751861733&CODE_STATE=getMsg HTTP/1.1" 200 27
114.88.158.224 - - [06/Aug/2022:10:11:56 +0800] "GET /xingrg/kc/buy/cgsh_order_add.html HTTP/1.1" 200 68285
114.88.158.224 - - [06/Aug/2022:10:11:56 +0800] "POST /xingrg/kc/buy/cgsh_order_operate.html HTTP/1.1" 200 8245
114.88.158.224 - - [06/Aug/2022:10:11:56 +0800] "GET /xingrg/javascript/easyui/themes/default/validatebox.css HTTP/1.1" 404 1104
116.224.123.211 - - [06/Aug/2022:10:11:58 +0800] "GET /xingrg/all/function/internal_message.html?_=1659751916311&CODE_STATE=getMsg HTTP/1.1" 200 27
116.224.123.211 - - [06/Aug/2022:10:11:58 +0800] "GET /xingrg/check_reg.html?_=1659751916316 HTTP/1.1" 200 22
114.88.158.224 - - [06/Aug/2022:10:12:06 +0800] "GET /xingrg/kc/buy/cgsh_order_operate.html?command=get_materiel&rest_code=00141&code=00101007061&supplier_code=00100004&order_time=2022-08-06 HTTP/1.1" 200 411
116.232.51.90 - - [06/Aug/2022:10:12:06 +0800] "GET /xingrg/all/function/internal_message.html?_=1659751926505&CODE_STATE=getMsg HTTP/1.1" 200 27
58.39.169.63 - - [06/Aug/2022:10:12:06 +0800] "GET /xingrg/all/function/internal_message.html?_=1659751927677&CODE_STATE=getMsg HTTP/1.1" 200 27
58.39.169.63 - - [06/Aug/2022:10:12:06 +0800] "GET /xingrg/check_reg.html?_=1659751927762 HTTP/1.1" 200 22
58.39.169.63 - - [06/Aug/2022:10:12:10 +0800] "GET /xingrg/all/function/internal_message.html?_=1659751806915&CODE_STATE=getMsg HTTP/1.1" 200 27
58.37.7.214 - - [06/Aug/2022:10:12:11 +0800] "GET /xingrg/all/function/internal_message.html?_=1659751931512&CODE_STATE=getMsg HTTP/1.1" 200 27
116.232.194.65 - - [06/Aug/2022:10:12:20 +0800] "GET /xingrg/all/function/internal_message.html?_=1659751935206&CODE_STATE=getMsg HTTP/1.1" 200 27
116.224.123.211 - - [06/Aug/2022:10:12:22 +0800] "GET /xingrg/all/function/internal_message.html?_=1659751941897&CODE_STATE=getMsg HTTP/1.1" 200 27
116.235.94.65 - - [06/Aug/2022:10:12:25 +0800] "GET /xingrg/all/function/internal_message.html?_=1659752132376&CODE_STATE=getMsg HTTP/1.1" 200 27
218.81.223.53 - - [06/Aug/2022:10:12:28 +0800] "GET /xingrg/all/function/internal_message.html?_=1659751970091&CODE_STATE=getMsg HTTP/1.1" 200 27
222.69.129.110 - - [06/Aug/2022:10:12:30 +0800] "GET /xingrg/all/function/internal_message.html?_=1659752009841&CODE_STATE=getMsg HTTP/1.1" 200 27
114.83.222.234 - - [06/Aug/2022:10:12:33 +0800] "GET /xingrg/all/function/internal_message.html?_=1659751952685&CODE_STATE=getMsg HTTP/1.1" 200 27
180.169.147.146 - - [06/Aug/2022:10:12:35 +0800] "GET /xingrg/check_reg.html?_=1659751957606 HTTP/1.1" 200 22
180.169.147.146 - - [06/Aug/2022:10:12:35 +0800] "GET /xingrg/all/function/internal_message.html?_=1659751957609&CODE_STATE=getMsg HTTP/1.1" 200 27
114.84.2.83 - - [06/Aug/2022:10:12:35 +0800] "GET /xingrg/check_reg.html?_=1659751951625 HTTP/1.1" 200 22
114.84.2.83 - - [06/Aug/2022:10:12:35 +0800] "GET /xingrg/all/function/internal_message.html?_=1659751951629&CODE_STATE=getMsg HTTP/1.1" 200 27
101.80.228.36 - - [06/Aug/2022:10:12:36 +0800] "GET /xingrg/all/function/internal_message.html?_=1659751954034&CODE_STATE=getMsg HTTP/1.1" 200 27
114.88.158.224 - - [06/Aug/2022:10:12:39 +0800] "GET /xingrg/kc/buy/cgsh_order_operate.html?command=get_materiel&rest_code=00141&code=00101007125&supplier_code=00100004&order_time=2022-08-06 HTTP/1.1" 200 406
101.85.120.95 - - [06/Aug/2022:10:12:42 +0800] "GET /xingrg/all/function/internal_message.html?_=1659751960985&CODE_STATE=getMsg HTTP/1.1" 200 27
114.88.158.224 - - [06/Aug/2022:10:12:49 +0800] "POST /xingrg/kc/buy/cgsh_order_operate.html HTTP/1.1" 200 37
114.88.158.224 - - [06/Aug/2022:10:12:52 +0800] "GET /xingrg/all/function/internal_message.html?_=1659751650941&CODE_STATE=getMsg HTTP/1.1" 200 27
114.88.158.224 - - [06/Aug/2022:10:12:53 +0800] "POST /xingrg/kc/buy/cgsh_order_operate.html HTTP/1.1" 200 12
114.88.158.224 - - [06/Aug/2022:10:12:54 +0800] "GET /xingrg/kc/buy/cgsh_order_info.html?code=212022080601621 HTTP/1.1" 200 63188
114.88.158.224 - - [06/Aug/2022:10:12:54 +0800] "GET /xingrg/javascript/easyui/themes/default/validatebox.css HTTP/1.1" 404 1104
116.224.255.128 - - [06/Aug/2022:10:12:55 +0800] "GET /xingrg/all/function/internal_message.html?_=1659751921747&CODE_STATE=getMsg HTTP/1.1" 200 27
114.88.158.224 - - [06/Aug/2022:10:12:55 +0800] "POST /xingrg/kc/buy/cgsh_order_operate.html HTTP/1.1" 200 1186
114.88.158.224 - - [06/Aug/2022:10:12:56 +0800] "GET /xingrg/kc/print/load_data.html?order_code=212022080601621&kc_code=cgsh&condition= HTTP/1.1" 200 977
116.224.123.211 - - [06/Aug/2022:10:12:58 +0800] "GET /xingrg/all/function/internal_message.html?_=1659751976310&CODE_STATE=getMsg HTTP/1.1" 200 27
114.88.158.224 - - [06/Aug/2022:10:12:59 +0800] "GET /xingrg/kc/buy/cgsh_order_add.html HTTP/1.1" 200 68285
114.88.158.224 - - [06/Aug/2022:10:13:00 +0800] "POST /xingrg/kc/buy/cgsh_order_operate.html HTTP/1.1" 200 8245
114.88.158.224 - - [06/Aug/2022:10:13:00 +0800] "GET /xingrg/javascript/easyui/themes/default/validatebox.css HTTP/1.1" 404 1104
116.232.51.90 - - [06/Aug/2022:10:13:06 +0800] "GET /xingrg/all/function/internal_message.html?_=1659751986483&CODE_STATE=getMsg HTTP/1.1" 200 27
58.39.169.63 - - [06/Aug/2022:10:13:06 +0800] "GET /xingrg/all/function/internal_message.html?_=1659751987645&CODE_STATE=getMsg HTTP/1.1" 200 27
58.39.169.63 - - [06/Aug/2022:10:13:10 +0800] "GET /xingrg/all/function/internal_message.html?_=1659751866916&CODE_STATE=getMsg HTTP/1.1" 200 27
58.37.7.214 - - [06/Aug/2022:10:13:11 +0800] "GET /xingrg/all/function/internal_message.html?_=1659751991487&CODE_STATE=getMsg HTTP/1.1" 200 27
116.232.194.65 - - [06/Aug/2022:10:13:20 +0800] "GET /xingrg/all/function/internal_message.html?_=1659751995182&CODE_STATE=getMsg HTTP/1.1" 200 27
116.224.123.211 - - [06/Aug/2022:10:13:22 +0800] "GET /xingrg/all/function/internal_message.html?_=1659752001912&CODE_STATE=getMsg HTTP/1.1" 200 27
116.235.94.65 - - [06/Aug/2022:10:13:25 +0800] "GET /xingrg/check_reg.html?_=1659752192366 HTTP/1.1" 200 22
116.235.94.65 - - [06/Aug/2022:10:13:25 +0800] "GET /xingrg/all/function/internal_message.html?_=1659752192367&CODE_STATE=getMsg HTTP/1.1" 200 27
218.81.223.53 - - [06/Aug/2022:10:13:28 +0800] "GET /xingrg/all/function/internal_message.html?_=1659752030096&CODE_STATE=getMsg HTTP/1.1" 200 27
222.69.129.110 - - [06/Aug/2022:10:13:30 +0800] "GET /xingrg/all/function/internal_message.html?_=1659752069858&CODE_STATE=getMsg HTTP/1.1" 200 27
114.83.222.234 - - [06/Aug/2022:10:13:33 +0800] "GET /xingrg/check_reg.html?_=1659752012685 HTTP/1.1" 200 22
114.83.222.234 - - [06/Aug/2022:10:13:33 +0800] "GET /xingrg/all/function/internal_message.html?_=1659752012689&CODE_STATE=getMsg HTTP/1.1" 200 27
180.169.147.146 - - [06/Aug/2022:10:13:35 +0800] "GET /xingrg/all/function/internal_message.html?_=1659752017612&CODE_STATE=getMsg HTTP/1.1" 200 27
114.84.2.83 - - [06/Aug/2022:10:13:35 +0800] "GET /xingrg/all/function/internal_message.html?_=1659752011614&CODE_STATE=getMsg HTTP/1.1" 200 27
101.80.228.36 - - [06/Aug/2022:10:13:36 +0800] "GET /xingrg/all/function/internal_message.html?_=1659752014038&CODE_STATE=getMsg HTTP/1.1" 200 27
101.80.228.36 - - [06/Aug/2022:10:13:36 +0800] "GET /xingrg/check_reg.html?_=1659752014041 HTTP/1.1" 200 22
116.224.255.128 - - [06/Aug/2022:10:13:40 +0800] "GET /xingrg/check_reg.html?_=1659752018181 HTTP/1.1" 200 22
114.88.158.224 - - [06/Aug/2022:10:13:41 +0800] "GET /xingrg/kc/buy/cgsh_order_operate.html?command=get_materiel&rest_code=00141&code=00101011005&supplier_code=00100036&order_time=2022-08-06 HTTP/1.1" 200 408
101.85.120.95 - - [06/Aug/2022:10:13:42 +0800] "GET /xingrg/all/function/internal_message.html?_=1659752020985&CODE_STATE=getMsg HTTP/1.1" 200 27
114.88.158.224 - - [06/Aug/2022:10:13:51 +0800] "GET /xingrg/kc/buy/cgsh_order_operate.html?command=get_materiel&rest_code=00141&code=00101010092&supplier_code=00100036&order_time=2022-08-06 HTTP/1.1" 200 431
114.88.158.224 - - [06/Aug/2022:10:13:52 +0800] "GET /xingrg/all/function/internal_message.html?_=1659751710935&CODE_STATE=getMsg HTTP/1.1" 200 27
116.224.255.128 - - [06/Aug/2022:10:13:55 +0800] "GET /xingrg/all/function/internal_message.html?_=1659751981760&CODE_STATE=getMsg HTTP/1.1" 200 27
116.224.123.211 - - [06/Aug/2022:10:13:58 +0800] "GET /xingrg/all/function/internal_message.html?_=1659752036312&CODE_STATE=getMsg HTTP/1.1" 200 27
114.88.158.224 - - [06/Aug/2022:10:13:59 +0800] "GET /xingrg/kc/buy/cgsh_order_operate.html?command=get_materiel&rest_code=00141&code=00101012025&supplier_code=00100036&order_time=2022-08-06 HTTP/1.1" 200 412
114.88.158.224 - - [06/Aug/2022:10:14:06 +0800] "GET /xingrg/kc/buy/cgsh_order_operate.html?command=get_materiel&rest_code=00141&code=00101016038&supplier_code=00100036&order_time=2022-08-06 HTTP/1.1" 200 408
116.232.51.90 - - [06/Aug/2022:10:14:06 +0800] "GET /xingrg/all/function/internal_message.html?_=1659752046459&CODE_STATE=getMsg HTTP/1.1" 200 27
58.39.169.63 - - [06/Aug/2022:10:14:06 +0800] "GET /xingrg/all/function/internal_message.html?_=1659752047616&CODE_STATE=getMsg HTTP/1.1" 200 27
114.86.187.244 - - [06/Aug/2022:10:14:07 +0800] "POST /xingrg/services/DataTransmitService HTTP/1.1" 200 524
58.39.169.63 - - [06/Aug/2022:10:14:10 +0800] "GET /xingrg/check_reg.html?_=1659751926917 HTTP/1.1" 200 22
58.39.169.63 - - [06/Aug/2022:10:14:11 +0800] "GET /xingrg/all/function/internal_message.html?_=1659751926921&CODE_STATE=getMsg HTTP/1.1" 200 27
58.37.7.214 - - [06/Aug/2022:10:14:11 +0800] "GET /xingrg/all/function/internal_message.html?_=1659752051472&CODE_STATE=getMsg HTTP/1.1" 200 27
58.37.7.214 - - [06/Aug/2022:10:14:11 +0800] "GET /xingrg/check_reg.html?_=1659752052161 HTTP/1.1" 200 22
114.88.158.224 - - [06/Aug/2022:10:14:13 +0800] "GET /xingrg/kc/buy/cgsh_order_operate.html?command=get_materiel&rest_code=00141&code=00101012026&supplier_code=00100036&order_time=2022-08-06 HTTP/1.1" 200 408
58.39.169.63 - - [06/Aug/2022:10:14:15 +0800] "POST /xingrg/kc/buy/cgsh_order_operate.html HTTP/1.1" 200 37
58.39.169.63 - - [06/Aug/2022:10:14:17 +0800] "POST /xingrg/kc/buy/cgsh_order_operate.html HTTP/1.1" 200 44002
58.39.169.63 - - [06/Aug/2022:10:14:18 +0800] "GET /xingrg/kc/print/load_config.html?kc_code=cgsh HTTP/1.1" 200 1943
58.39.169.63 - - [06/Aug/2022:10:14:19 +0800] "GET /xingrg/kc/print/load_data.html?order_code=212022080601618&kc_code=cgsh&condition= HTTP/1.1" 200 16226
116.232.194.65 - - [06/Aug/2022:10:14:20 +0800] "GET /xingrg/all/function/internal_message.html?_=1659752055158&CODE_STATE=getMsg HTTP/1.1" 200 27
116.224.123.211 - - [06/Aug/2022:10:14:22 +0800] "GET /xingrg/check_reg.html?_=1659752061894 HTTP/1.1" 200 22
116.224.123.211 - - [06/Aug/2022:10:14:22 +0800] "GET /xingrg/all/function/internal_message.html?_=1659752061895&CODE_STATE=getMsg HTTP/1.1" 200 27
58.39.169.63 - - [06/Aug/2022:10:14:24 +0800] "GET /xingrg/kc/buy/cgsh_order_add.html HTTP/1.1" 200 68367
58.39.169.63 - - [06/Aug/2022:10:14:25 +0800] "POST /xingrg/kc/buy/cgsh_order_operate.html HTTP/1.1" 200 8245
58.39.169.63 - - [06/Aug/2022:10:14:25 +0800] "GET /xingrg/javascript/easyui/themes/default/validatebox.css HTTP/1.1" 404 1104
116.235.94.65 - - [06/Aug/2022:10:14:25 +0800] "GET /xingrg/all/function/internal_message.html?_=1659752252370&CODE_STATE=getMsg HTTP/1.1" 200 27
218.81.223.53 - - [06/Aug/2022:10:14:26 +0800] "GET /xingrg/check_reg.html?_=1659752087606 HTTP/1.1" 200 22
218.81.223.53 - - [06/Aug/2022:10:14:28 +0800] "GET /xingrg/all/function/internal_message.html?_=1659752090111&CODE_STATE=getMsg HTTP/1.1" 200 27
114.88.158.224 - - [06/Aug/2022:10:14:29 +0800] "GET /xingrg/kc/buy/cgsh_order_operate.html?command=get_materiel&rest_code=00141&code=00101011007&supplier_code=00100036&order_time=2022-08-06 HTTP/1.1" 200 414
222.69.129.110 - - [06/Aug/2022:10:14:30 +0800] "GET /xingrg/all/function/internal_message.html?_=1659752129855&CODE_STATE=getMsg HTTP/1.1" 200 27
114.83.222.234 - - [06/Aug/2022:10:14:33 +0800] "GET /xingrg/all/function/internal_message.html?_=1659752072676&CODE_STATE=getMsg HTTP/1.1" 200 27
180.169.147.146 - - [06/Aug/2022:10:14:35 +0800] "GET /xingrg/all/function/internal_message.html?_=1659752077612&CODE_STATE=getMsg HTTP/1.1" 200 27
114.84.2.83 - - [06/Aug/2022:10:14:35 +0800] "GET /xingrg/all/function/internal_message.html?_=1659752071614&CODE_STATE=getMsg HTTP/1.1" 200 27
101.80.228.36 - - [06/Aug/2022:10:14:36 +0800] "GET /xingrg/all/function/internal_message.html?_=1659752074041&CODE_STATE=getMsg HTTP/1.1" 200 27
114.88.158.224 - - [06/Aug/2022:10:14:38 +0800] "GET /xingrg/kc/buy/cgsh_order_operate.html?command=get_materiel&rest_code=00141&code=00101011004&supplier_code=00100036&order_time=2022-08-06 HTTP/1.1" 200 412
101.85.120.95 - - [06/Aug/2022:10:14:42 +0800] "GET /xingrg/all/function/internal_message.html?_=1659752080985&CODE_STATE=getMsg HTTP/1.1" 200 27
114.88.158.224 - - [06/Aug/2022:10:14:51 +0800] "POST /xingrg/kc/buy/cgsh_order_operate.html HTTP/1.1" 200 37
58.39.169.63 - - [06/Aug/2022:10:14:52 +0800] "GET /xingrg/kc/buy/cgsh_order_operate.html?command=get_materiel&rest_code=00105&code=00101002027&supplier_code=00100397&order_time=2022-08-06 HTTP/1.1" 200 413
116.224.255.128 - - [06/Aug/2022:10:14:55 +0800] "GET /xingrg/all/function/internal_message.html?_=1659752041819&CODE_STATE=getMsg HTTP/1.1" 200 27
114.88.158.224 - - [06/Aug/2022:10:14:55 +0800] "POST /xingrg/kc/buy/cgsh_order_operate.html HTTP/1.1" 200 12
114.88.158.224 - - [06/Aug/2022:10:14:56 +0800] "GET /xingrg/kc/buy/cgsh_order_info.html?code=212022080601622 HTTP/1.1" 200 63190
114.88.158.224 - - [06/Aug/2022:10:14:56 +0800] "GET /xingrg/javascript/easyui/themes/default/validatebox.css HTTP/1.1" 404 1104
114.88.158.224 - - [06/Aug/2022:10:14:57 +0800] "POST /xingrg/kc/buy/cgsh_order_operate.html HTTP/1.1" 200 4153
114.88.158.224 - - [06/Aug/2022:10:14:58 +0800] "GET /xingrg/kc/print/load_data.html?order_code=212022080601622&kc_code=cgsh&condition= HTTP/1.1" 200 2134
116.224.123.211 - - [06/Aug/2022:10:14:58 +0800] "GET /xingrg/all/function/internal_message.html?_=1659752096314&CODE_STATE=getMsg HTTP/1.1" 200 27
114.88.158.224 - - [06/Aug/2022:10:15:01 +0800] "GET /xingrg/kc/buy/cgsh_order_add.html HTTP/1.1" 200 68285
114.88.158.224 - - [06/Aug/2022:10:15:02 +0800] "POST /xingrg/kc/buy/cgsh_order_operate.html HTTP/1.1" 200 8245
114.88.158.224 - - [06/Aug/2022:10:15:02 +0800] "GET /xingrg/javascript/easyui/themes/default/validatebox.css HTTP/1.1" 404 1104
116.232.51.90 - - [06/Aug/2022:10:15:06 +0800] "GET /xingrg/all/function/internal_message.html?_=1659752106436&CODE_STATE=getMsg HTTP/1.1" 200 27
58.39.169.63 - - [06/Aug/2022:10:15:06 +0800] "GET /xingrg/all/function/internal_message.html?_=1659752107609&CODE_STATE=getMsg HTTP/1.1" 200 27
58.39.169.63 - - [06/Aug/2022:10:15:10 +0800] "GET /xingrg/all/function/internal_message.html?_=1659751986906&CODE_STATE=getMsg HTTP/1.1" 200 27
114.88.158.224 - - [06/Aug/2022:10:15:11 +0800] "GET /xingrg/kc/buy/cgsh_order_operate.html?command=get_materiel&rest_code=00141&code=00101006055&supplier_code=00100012&order_time=2022-08-06 HTTP/1.1" 200 409
58.37.7.214 - - [06/Aug/2022:10:15:11 +0800] "GET /xingrg/all/function/internal_message.html?_=1659752111444&CODE_STATE=getMsg HTTP/1.1" 200 27
58.39.169.63 - - [06/Aug/2022:10:15:12 +0800] "GET /xingrg/kc/buy/cgsh_order_operate.html?command=get_materiel&rest_code=00105&code=00101005037&supplier_code=00100397&order_time=2022-08-06 HTTP/1.1" 200 409
116.232.194.65 - - [06/Aug/2022:10:15:20 +0800] "GET /xingrg/all/function/internal_message.html?_=1659752115134&CODE_STATE=getMsg HTTP/1.1" 200 27
58.39.169.63 - - [06/Aug/2022:10:15:20 +0800] "POST /xingrg/kc/buy/cgsh_order_operate.html HTTP/1.1" 200 37
116.224.123.211 - - [06/Aug/2022:10:15:22 +0800] "GET /xingrg/all/function/internal_message.html?_=1659752121911&CODE_STATE=getMsg HTTP/1.1" 200 27
58.39.169.63 - - [06/Aug/2022:10:15:23 +0800] "POST /xingrg/kc/buy/cgsh_order_operate.html HTTP/1.1" 200 3840
58.39.169.63 - - [06/Aug/2022:10:15:24 +0800] "GET /xingrg/kc/print/load_data.html?order_code=212022080601623&kc_code=cgsh&condition= HTTP/1.1" 200 1116
116.235.94.65 - - [06/Aug/2022:10:15:25 +0800] "GET /xingrg/all/function/internal_message.html?_=1659752312374&CODE_STATE=getMsg HTTP/1.1" 200 27
218.81.223.53 - - [06/Aug/2022:10:15:28 +0800] "GET /xingrg/all/function/internal_message.html?_=1659752150124&CODE_STATE=getMsg HTTP/1.1" 200 27
222.69.129.110 - - [06/Aug/2022:10:15:30 +0800] "GET /xingrg/all/function/internal_message.html?_=1659752189859&CODE_STATE=getMsg HTTP/1.1" 200 27
114.83.222.234 - - [06/Aug/2022:10:15:33 +0800] "GET /xingrg/all/function/internal_message.html?_=1659752132675&CODE_STATE=getMsg HTTP/1.1" 200 27
180.169.147.146 - - [06/Aug/2022:10:15:35 +0800] "GET /xingrg/all/function/internal_message.html?_=1659752137615&CODE_STATE=getMsg HTTP/1.1" 200 27
114.84.2.83 - - [06/Aug/2022:10:15:35 +0800] "GET /xingrg/all/function/internal_message.html?_=1659752131614&CODE_STATE=getMsg HTTP/1.1" 200 27
101.80.228.36 - - [06/Aug/2022:10:15:36 +0800] "GET /xingrg/all/function/internal_message.html?_=1659752134044&CODE_STATE=getMsg HTTP/1.1" 200 27
101.85.120.95 - - [06/Aug/2022:10:15:42 +0800] "GET /xingrg/all/function/internal_message.html?_=1659752140984&CODE_STATE=getMsg HTTP/1.1" 200 27
114.88.158.224 - - [06/Aug/2022:10:15:52 +0800] "GET /xingrg/check_reg.html?_=1659751830933 HTTP/1.1" 200 22
114.88.158.224 - - [06/Aug/2022:10:15:52 +0800] "GET /xingrg/all/function/internal_message.html?_=1659751830948&CODE_STATE=getMsg HTTP/1.1" 200 27
116.224.255.128 - - [06/Aug/2022:10:15:55 +0800] "GET /xingrg/all/function/internal_message.html?_=1659752101834&CODE_STATE=getMsg HTTP/1.1" 200 27
116.224.123.211 - - [06/Aug/2022:10:15:58 +0800] "GET /xingrg/all/function/internal_message.html?_=1659752156307&CODE_STATE=getMsg HTTP/1.1" 200 27
114.88.158.224 - - [06/Aug/2022:10:16:00 +0800] "GET /xingrg/kc/buy/cgsh_order_operate.html?command=get_materiel&rest_code=00141&code=00101006111&supplier_code=00100012&order_time=2022-08-06 HTTP/1.1" 200 409
116.232.51.90 - - [06/Aug/2022:10:16:06 +0800] "GET /xingrg/all/function/internal_message.html?_=1659752166413&CODE_STATE=getMsg HTTP/1.1" 200 27
58.39.169.63 - - [06/Aug/2022:10:16:06 +0800] "GET /xingrg/all/function/internal_message.html?_=1659752167608&CODE_STATE=getMsg HTTP/1.1" 200 27
114.88.158.224 - - [06/Aug/2022:10:16:08 +0800] "GET /xingrg/kc/buy/cgsh_order_operate.html?command=get_materiel&rest_code=00141&code=00101006109&supplier_code=00100012&order_time=2022-08-06 HTTP/1.1" 200 409
116.224.123.211 - - [06/Aug/2022:10:16:09 +0800] "GET /xingrg/javascript/auto/indicator.gif HTTP/1.1" 404 1066
58.39.169.63 - - [06/Aug/2022:10:16:10 +0800] "GET /xingrg/all/function/internal_message.html?_=1659752046907&CODE_STATE=getMsg HTTP/1.1" 200 27
58.37.7.214 - - [06/Aug/2022:10:16:11 +0800] "GET /xingrg/all/function/internal_message.html?_=1659752171430&CODE_STATE=getMsg HTTP/1.1" 200 27
114.88.158.224 - - [06/Aug/2022:10:16:14 +0800] "GET /xingrg/kc/buy/cgsh_order_operate.html?command=get_materiel&rest_code=00141&code=00101006177&supplier_code=00100012&order_time=2022-08-06 HTTP/1.1" 200 409
116.224.123.211 - - [06/Aug/2022:10:16:16 +0800] "GET /xingrg/kc/buy/cgsh_order_operate.html?command=get_materiel&rest_code=00102&code=00101009016&supplier_code=00100424&order_time=2022-08-06 HTTP/1.1" 200 412
58.39.169.63 - - [06/Aug/2022:10:16:18 +0800] "GET /xingrg/kc/buy/cgsh_order_add.html HTTP/1.1" 200 68367
58.39.169.63 - - [06/Aug/2022:10:16:19 +0800] "POST /xingrg/kc/buy/cgsh_order_operate.html HTTP/1.1" 200 8245
58.39.169.63 - - [06/Aug/2022:10:16:19 +0800] "GET /xingrg/javascript/easyui/themes/default/validatebox.css HTTP/1.1" 404 1104
116.232.194.65 - - [06/Aug/2022:10:16:20 +0800] "GET /xingrg/all/function/internal_message.html?_=1659752175126&CODE_STATE=getMsg HTTP/1.1" 200 27
116.232.194.65 - - [06/Aug/2022:10:16:21 +0800] "GET /xingrg/check_reg.html?_=1659752176519 HTTP/1.1" 200 22
116.224.123.211 - - [06/Aug/2022:10:16:22 +0800] "GET /xingrg/all/function/internal_message.html?_=1659752181895&CODE_STATE=getMsg HTTP/1.1" 200 27
114.88.158.224 - - [06/Aug/2022:10:16:24 +0800] "GET /xingrg/kc/buy/cgsh_order_operate.html?command=get_materiel&rest_code=00141&code=00101006193&supplier_code=00100012&order_time=2022-08-06 HTTP/1.1" 200 409
218.81.223.53 - - [06/Aug/2022:10:16:24 +0800] "POST /xingrg/services/DataTransmitService HTTP/1.1" 200 524
218.81.223.53 - - [06/Aug/2022:10:16:24 +0800] "POST /xingrg/services/DataTransmitService HTTP/1.1" 200 2339
116.235.94.65 - - [06/Aug/2022:10:16:25 +0800] "GET /xingrg/all/function/internal_message.html?_=1659752372363&CODE_STATE=getMsg HTTP/1.1" 200 27
218.81.223.53 - - [06/Aug/2022:10:16:25 +0800] "POST /xingrg/services/DataTransmitService HTTP/1.1" 200 200956
218.81.223.53 - - [06/Aug/2022:10:16:28 +0800] "GET /xingrg/all/function/internal_message.html?_=1659752210140&CODE_STATE=getMsg HTTP/1.1" 200 27
222.69.129.110 - - [06/Aug/2022:10:16:30 +0800] "GET /xingrg/check_reg.html?_=1659752249838 HTTP/1.1" 200 22
222.69.129.110 - - [06/Aug/2022:10:16:30 +0800] "GET /xingrg/all/function/internal_message.html?_=1659752249841&CODE_STATE=getMsg HTTP/1.1" 200 27
114.83.222.234 - - [06/Aug/2022:10:16:33 +0800] "GET /xingrg/all/function/internal_message.html?_=1659752192692&CODE_STATE=getMsg HTTP/1.1" 200 27
114.88.158.224 - - [06/Aug/2022:10:16:33 +0800] "GET /xingrg/kc/buy/cgsh_order_operate.html?command=get_materiel&rest_code=00141&code=00101006133&supplier_code=00100012&order_time=2022-08-06 HTTP/1.1" 200 413
116.224.123.211 - - [06/Aug/2022:10:16:34 +0800] "GET /xingrg/kc/buy/cgsh_order_operate.html?command=get_materiel&rest_code=00102&code=00101009013&supplier_code=00100424&order_time=2022-08-06 HTTP/1.1" 200 420
180.169.147.146 - - [06/Aug/2022:10:16:35 +0800] "GET /xingrg/all/function/internal_message.html?_=1659752197614&CODE_STATE=getMsg HTTP/1.1" 200 27
114.84.2.83 - - [06/Aug/2022:10:16:35 +0800] "GET /xingrg/all/function/internal_message.html?_=1659752191615&CODE_STATE=getMsg HTTP/1.1" 200 27
101.80.228.36 - - [06/Aug/2022:10:16:36 +0800] "GET /xingrg/all/function/internal_message.html?_=1659752194032&CODE_STATE=getMsg HTTP/1.1" 200 27
101.85.120.95 - - [06/Aug/2022:10:16:42 +0800] "GET /xingrg/all/function/internal_message.html?_=1659752201001&CODE_STATE=getMsg HTTP/1.1" 200 27
101.85.120.95 - - [06/Aug/2022:10:16:42 +0800] "GET /xingrg/check_reg.html?_=1659752201004 HTTP/1.1" 200 22
116.224.123.211 - - [06/Aug/2022:10:16:42 +0800] "GET /xingrg/kc/buy/cgsh_order_operate.html?command=get_materiel&rest_code=00102&code=00101009011&supplier_code=00100424&order_time=2022-08-06 HTTP/1.1" 200 416
58.39.169.63 - - [06/Aug/2022:10:16:49 +0800] "GET /xingrg/kc/buy/cgsh_order_operate.html?command=get_materiel&rest_code=00105&code=00101006062&supplier_code=00100012&order_time=2022-08-06 HTTP/1.1" 200 409
114.88.158.224 - - [06/Aug/2022:10:16:52 +0800] "GET /xingrg/all/function/internal_message.html?_=1659751890915&CODE_STATE=getMsg HTTP/1.1" 200 27
116.232.51.90 - - [06/Aug/2022:10:16:52 +0800] "GET /xingrg/check_reg.html?_=1659752212762 HTTP/1.1" 200 22
116.224.255.128 - - [06/Aug/2022:10:16:53 +0800] "GET /xingrg/check_reg.html?_=1659752160122 HTTP/1.1" 200 22
114.88.158.224 - - [06/Aug/2022:10:16:53 +0800] "POST /xingrg/kc/buy/cgsh_order_operate.html HTTP/1.1" 200 37
116.224.255.128 - - [06/Aug/2022:10:16:55 +0800] "GET /xingrg/all/function/internal_message.html?_=1659752161847&CODE_STATE=getMsg HTTP/1.1" 200 27
114.88.158.224 - - [06/Aug/2022:10:16:58 +0800] "POST /xingrg/kc/buy/cgsh_order_operate.html HTTP/1.1" 200 12
116.224.123.211 - - [06/Aug/2022:10:16:58 +0800] "GET /xingrg/all/function/internal_message.html?_=1659752216316&CODE_STATE=getMsg HTTP/1.1" 200 27
116.224.123.211 - - [06/Aug/2022:10:16:58 +0800] "GET /xingrg/check_reg.html?_=1659752216320 HTTP/1.1" 200 22
114.88.158.224 - - [06/Aug/2022:10:17:00 +0800] "GET /xingrg/kc/buy/cgsh_order_info.html?code=212022080601624 HTTP/1.1" 200 63188
114.88.158.224 - - [06/Aug/2022:10:17:00 +0800] "GET /xingrg/javascript/easyui/themes/default/validatebox.css HTTP/1.1" 404 1104
114.88.158.224 - - [06/Aug/2022:10:17:01 +0800] "POST /xingrg/kc/buy/cgsh_order_operate.html HTTP/1.1" 200 3550
116.224.123.211 - - [06/Aug/2022:10:17:02 +0800] "GET /xingrg/kc/buy/cgsh_order_operate.html?command=get_materiel&rest_code=00102&code=00101009124&supplier_code=00100424&order_time=2022-08-06 HTTP/1.1" 200 416
114.88.158.224 - - [06/Aug/2022:10:17:02 +0800] "GET /xingrg/kc/print/load_data.html?order_code=212022080601624&kc_code=cgsh&condition= HTTP/1.1" 200 1901
