58.39.169.63 - - [06/Aug/2022:09:27:06 +0800] "GET /favicon.ico HTTP/1.1" 404 -
58.39.169.63 - - [06/Aug/2022:09:27:06 +0800] "GET /xingrg/javascript/jquery.timers.js HTTP/1.1" 304 -
58.39.169.63 - - [06/Aug/2022:09:27:06 +0800] "GET /xingrg/javascript/jquery.utils.js HTTP/1.1" 304 -
58.39.169.63 - - [06/Aug/2022:09:27:06 +0800] "POST /xingrg/all/common/load_tree.html?tree=area_rest_tree_json&manage=1 HTTP/1.1" 200 3472
58.39.169.63 - - [06/Aug/2022:09:27:06 +0800] "GET /xingrg/check_reg.html?_=1659749227546 HTTP/1.1" 200 22
58.39.169.63 - - [06/Aug/2022:09:27:06 +0800] "GET /xingrg/images/blue/navBackgound.jpg HTTP/1.1" 304 -
58.39.169.63 - - [06/Aug/2022:09:27:06 +0800] "GET /xingrg/javascript/jquery_easy_ui/themes/icons/settle_new.png HTTP/1.1" 304 -
58.39.169.63 - - [06/Aug/2022:09:27:06 +0800] "GET /xingrg/all/function/internal_message.html?_=1659749227546&CODE_STATE=count HTTP/1.1" 200 11
58.39.169.63 - - [06/Aug/2022:09:27:06 +0800] "POST /xingrg/load_menu.html HTTP/1.1" 200 5138
58.39.169.63 - - [06/Aug/2022:09:27:06 +0800] "GET /xingrg/javascript/jquery_easy_ui/themes/default/images/tabs_rightarrow.png HTTP/1.1" 304 -
58.39.169.63 - - [06/Aug/2022:09:27:06 +0800] "GET /xingrg/javascript/jquery_easy_ui/themes/default/images/tabs_leftarrow.png HTTP/1.1" 304 -
58.39.169.63 - - [06/Aug/2022:09:27:06 +0800] "GET /xingrg/javascript/jquery_easy_ui/themes/default/images/panel_tool_collapse.gif HTTP/1.1" 304 -
58.39.169.63 - - [06/Aug/2022:09:27:06 +0800] "GET /xingrg/javascript/jquery_easy_ui/themes/default/images/tree_arrows.gif HTTP/1.1" 304 -
58.39.169.63 - - [06/Aug/2022:09:27:06 +0800] "GET /xingrg/javascript/jquery_easy_ui/themes/default/images/tree_folder_open.gif HTTP/1.1" 304 -
58.39.169.63 - - [06/Aug/2022:09:27:06 +0800] "GET /xingrg/javascript/jquery_easy_ui/themes/icons/storage_new.png HTTP/1.1" 304 -
58.39.169.63 - - [06/Aug/2022:09:27:06 +0800] "GET /xingrg/javascript/jquery_easy_ui/themes/icons/search_new.png HTTP/1.1" 304 -
58.39.169.63 - - [06/Aug/2022:09:27:06 +0800] "GET /xingrg/javascript/jquery_easy_ui/themes/default/images/tree_folder.gif HTTP/1.1" 304 -
58.39.169.63 - - [06/Aug/2022:09:27:06 +0800] "GET /xingrg/javascript/jquery_easy_ui/themes/default/images/tree_file.gif HTTP/1.1" 304 -
58.39.169.63 - - [06/Aug/2022:09:27:06 +0800] "GET /xingrg/javascript/jquery_easy_ui/themes/icons/forms_new.png HTTP/1.1" 304 -
58.39.169.63 - - [06/Aug/2022:09:27:06 +0800] "GET /xingrg/images/blue/pingpu.png HTTP/1.1" 304 -
116.232.51.90 - - [06/Aug/2022:09:27:07 +0800] "GET /xingrg/all/function/internal_message.html?_=1659749227412&CODE_STATE=getMsg HTTP/1.1" 200 27
58.39.169.63 - - [06/Aug/2022:09:27:08 +0800] "GET /xingrg/javascript/jquery_easy_ui/themes/default/images/tabs_close.gif HTTP/1.1" 304 -
58.39.169.63 - - [06/Aug/2022:09:27:08 +0800] "GET /xingrg/css/base.css HTTP/1.1" 304 -
58.39.169.63 - - [06/Aug/2022:09:27:08 +0800] "GET /xingrg/javascript/jquery_tools/datebox.css HTTP/1.1" 304 -
58.39.169.63 - - [06/Aug/2022:09:27:08 +0800] "GET /xingrg/css/site.css HTTP/1.1" 304 -
58.39.169.63 - - [06/Aug/2022:09:27:08 +0800] "GET /xingrg/javascript/auto/jquery.autocomplete.css HTTP/1.1" 304 -
58.39.169.63 - - [06/Aug/2022:09:27:08 +0800] "GET /xingrg/javascript/easyui/themes/default/easyui.css HTTP/1.1" 304 -
58.39.169.63 - - [06/Aug/2022:09:27:08 +0800] "GET /xingrg/javascript/jquery_tools/fix.css HTTP/1.1" 304 -
58.39.169.63 - - [06/Aug/2022:09:27:08 +0800] "GET /xingrg/javascript/easyui/themes/icon.css HTTP/1.1" 304 -
58.39.169.63 - - [06/Aug/2022:09:27:08 +0800] "GET /xingrg/javascript/jquery_tools/table.css HTTP/1.1" 304 -
58.39.169.63 - - [06/Aug/2022:09:27:08 +0800] "GET /xingrg/javascript/jquery_tools/jquery.tools.min.js HTTP/1.1" 304 -
58.39.169.63 - - [06/Aug/2022:09:27:08 +0800] "GET /xingrg/javascript/jquery_tools/jquery.tools.extend.js HTTP/1.1" 304 -
58.39.169.63 - - [06/Aug/2022:09:27:08 +0800] "GET /xingrg/javascript/jquery_tools/jquery.tools.hotkey.js HTTP/1.1" 304 -
58.39.169.63 - - [06/Aug/2022:09:27:08 +0800] "GET /xingrg/javascript/jquery_tools/jquery.tools.table.js HTTP/1.1" 304 -
58.39.169.63 - - [06/Aug/2022:09:27:08 +0800] "GET /xingrg/javascript/auto/jquery.autocomplete.js HTTP/1.1" 304 -
58.39.169.63 - - [06/Aug/2022:09:27:08 +0800] "GET /xingrg/javascript/jquery.cookie.js HTTP/1.1" 304 -
58.39.169.63 - - [06/Aug/2022:09:27:08 +0800] "GET /xingrg/javascript/easyui/easyloader.js HTTP/1.1" 304 -
58.39.169.63 - - [06/Aug/2022:09:27:08 +0800] "GET /xingrg/javascript/jquery_tools/list_manager.js HTTP/1.1" 304 -
58.39.169.63 - - [06/Aug/2022:09:27:08 +0800] "GET /xingrg/javascript/print/LodopFuncs.js HTTP/1.1" 304 -
58.39.169.63 - - [06/Aug/2022:09:27:08 +0800] "GET /xingrg/kc/buy/cgsh_order_list.html HTTP/1.1" 200 52503
58.39.169.63 - - [06/Aug/2022:09:27:08 +0800] "GET /xingrg/javascript/easyui/plugins/jquery.parser.js HTTP/1.1" 304 -
58.39.169.63 - - [06/Aug/2022:09:27:08 +0800] "GET /xingrg/images/control/ajaxLoader.gif HTTP/1.1" 304 -
58.39.169.63 - - [06/Aug/2022:09:27:09 +0800] "GET /xingrg/javascript/easyui/themes/icons/edit_add_new.png HTTP/1.1" 304 -
58.39.169.63 - - [06/Aug/2022:09:27:09 +0800] "GET /xingrg/javascript/easyui/themes/icons/cance_new.png HTTP/1.1" 304 -
58.39.169.63 - - [06/Aug/2022:09:27:09 +0800] "GET /xingrg/javascript/easyui/themes/icons/field_new.png HTTP/1.1" 304 -
58.39.169.63 - - [06/Aug/2022:09:27:09 +0800] "GET /xingrg/javascript/easyui/themes/icons/check_new.png HTTP/1.1" 304 -
58.39.169.63 - - [06/Aug/2022:09:27:09 +0800] "GET /xingrg/javascript/easyui/themes/icons/import_new.png HTTP/1.1" 304 -
58.39.169.63 - - [06/Aug/2022:09:27:10 +0800] "GET /xingrg/all/function/internal_message.html?_=1659749106833&CODE_STATE=getMsg HTTP/1.1" 200 27
58.39.169.63 - - [06/Aug/2022:09:27:11 +0800] "POST /xingrg/kc/buy/cgsh_list_operate.html HTTP/1.1" 200 1454
58.37.7.214 - - [06/Aug/2022:09:27:11 +0800] "GET /xingrg/all/function/internal_message.html?_=1659749232252&CODE_STATE=getMsg HTTP/1.1" 200 27
222.69.129.110 - - [06/Aug/2022:09:27:19 +0800] "POST /xingrg/kc/buy/cgsh_order_operate.html HTTP/1.1" 200 37
58.39.169.63 - - [06/Aug/2022:09:27:20 +0800] "GET /xingrg/javascript/easyui/themes/default/images/button_plain_hover.png HTTP/1.1" 304 -
58.39.169.63 - - [06/Aug/2022:09:27:20 +0800] "GET /xingrg/javascript/pic_change.js HTTP/1.1" 304 -
58.39.169.63 - - [06/Aug/2022:09:27:20 +0800] "GET /xingrg/javascript/jquery_tools/order_manager.js HTTP/1.1" 304 -
58.39.169.63 - - [06/Aug/2022:09:27:20 +0800] "GET /xingrg/javascript/json2.js HTTP/1.1" 304 -
58.39.169.63 - - [06/Aug/2022:09:27:20 +0800] "GET /xingrg/javascript/convert.js HTTP/1.1" 304 -
58.39.169.63 - - [06/Aug/2022:09:27:20 +0800] "GET /xingrg/javascript/print/kc_print.js HTTP/1.1" 304 -
58.39.169.63 - - [06/Aug/2022:09:27:20 +0800] "GET /xingrg/kc/buy/cgsh_order_add.html HTTP/1.1" 200 68367
58.39.169.63 - - [06/Aug/2022:09:27:20 +0800] "GET /xingrg/words/20220805141303_words.js HTTP/1.1" 200 910960
58.39.169.63 - - [06/Aug/2022:09:27:20 +0800] "GET /xingrg/javascript/easyui/themes/icons/template_new.png HTTP/1.1" 304 -
58.39.169.63 - - [06/Aug/2022:09:27:20 +0800] "GET /xingrg/javascript/easyui/themes/icons/print.png HTTP/1.1" 304 -
58.39.169.63 - - [06/Aug/2022:09:27:20 +0800] "GET /xingrg/javascript/easyui/themes/icons/ok.png HTTP/1.1" 304 -
58.39.169.63 - - [06/Aug/2022:09:27:20 +0800] "GET /xingrg/javascript/easyui/themes/icons/copy_new.png HTTP/1.1" 304 -
58.39.169.63 - - [06/Aug/2022:09:27:20 +0800] "GET /xingrg/javascript/easyui/themes/default/images/menu_downarrow.png HTTP/1.1" 304 -
58.39.169.63 - - [06/Aug/2022:09:27:20 +0800] "GET /xingrg/javascript/easyui/themes/icons/cancel.png HTTP/1.1" 304 -
116.232.194.65 - - [06/Aug/2022:09:27:21 +0800] "GET /xingrg/all/function/internal_message.html?_=1659749235884&CODE_STATE=getMsg HTTP/1.1" 200 27
58.39.169.63 - - [06/Aug/2022:09:27:21 +0800] "POST /xingrg/kc/buy/cgsh_order_operate.html HTTP/1.1" 200 8245
58.39.169.63 - - [06/Aug/2022:09:27:21 +0800] "GET /xingrg/all/common/auto_word.html?type=employee&rest_code=00105 HTTP/1.1" 200 193
58.39.169.63 - - [06/Aug/2022:09:27:21 +0800] "GET /xingrg/javascript/easyui/themes/default/validatebox.css HTTP/1.1" 404 1104
58.39.169.63 - - [06/Aug/2022:09:27:21 +0800] "GET /xingrg/javascript/easyui/plugins/jquery.validatebox.js HTTP/1.1" 304 -
58.39.169.63 - - [06/Aug/2022:09:27:21 +0800] "GET /xingrg/all/common/auto_word.html?type=employee&rest_code=00105 HTTP/1.1" 200 193
58.39.169.63 - - [06/Aug/2022:09:27:21 +0800] "GET /xingrg/javascript/easyui/plugins/jquery.numberbox.js HTTP/1.1" 304 -
58.39.169.63 - - [06/Aug/2022:09:27:21 +0800] "GET /xingrg/javascript/easyui/themes/icons/edit_remove.png HTTP/1.1" 304 -
116.224.123.211 - - [06/Aug/2022:09:27:22 +0800] "GET /xingrg/all/function/internal_message.html?_=1659749241915&CODE_STATE=getMsg HTTP/1.1" 200 27
58.39.169.63 - - [06/Aug/2022:09:27:24 +0800] "GET /xingrg/javascript/auto/indicator.gif HTTP/1.1" 404 1066
116.235.94.65 - - [06/Aug/2022:09:27:25 +0800] "GET /xingrg/all/function/internal_message.html?_=1659749432310&CODE_STATE=getMsg HTTP/1.1" 200 27
116.224.255.128 - - [06/Aug/2022:09:27:27 +0800] "GET /xingrg/all/function/internal_message.html?_=1659749246066&CODE_STATE=getMsg HTTP/1.1" 200 27
218.81.223.53 - - [06/Aug/2022:09:27:28 +0800] "GET /xingrg/all/function/internal_message.html?_=1659749269480&CODE_STATE=getMsg HTTP/1.1" 200 27
222.69.129.110 - - [06/Aug/2022:09:27:31 +0800] "GET /xingrg/all/function/internal_message.html?_=1659749310463&CODE_STATE=getMsg HTTP/1.1" 200 27
222.69.129.110 - - [06/Aug/2022:09:27:32 +0800] "POST /xingrg/kc/buy/cgsh_order_operate.html HTTP/1.1" 200 3903
114.83.222.234 - - [06/Aug/2022:09:27:34 +0800] "GET /xingrg/all/function/internal_message.html?_=1659749253304&CODE_STATE=getMsg HTTP/1.1" 200 27
114.84.2.83 - - [06/Aug/2022:09:27:35 +0800] "GET /xingrg/check_reg.html?_=1659749251556 HTTP/1.1" 200 22
114.84.2.83 - - [06/Aug/2022:09:27:36 +0800] "GET /xingrg/all/function/internal_message.html?_=1659749252137&CODE_STATE=getMsg HTTP/1.1" 200 27
101.85.120.95 - - [06/Aug/2022:09:27:42 +0800] "GET /xingrg/all/function/internal_message.html?_=1659749260972&CODE_STATE=getMsg HTTP/1.1" 200 27
58.39.169.63 - - [06/Aug/2022:09:27:43 +0800] "GET /xingrg/kc/buy/cgsh_order_operate.html?command=get_materiel&rest_code=00105&code=00101008312&supplier_code=00100203&order_time=2022-08-06 HTTP/1.1" 200 412
101.80.228.36 - - [06/Aug/2022:09:27:44 +0800] "GET /xingrg/check_reg.html?_=1659749261978 HTTP/1.1" 302 -
116.224.255.128 - - [06/Aug/2022:09:27:53 +0800] "GET /xingrg/all/function/internal_message.html?_=1659749220589&CODE_STATE=getMsg HTTP/1.1" 200 27
58.39.169.63 - - [06/Aug/2022:09:27:56 +0800] "GET /xingrg/kc/buy/cgsh_order_operate.html?command=get_materiel&rest_code=00105&code=00101008230&supplier_code=00100203&order_time=2022-08-06 HTTP/1.1" 200 408
58.39.169.63 - - [06/Aug/2022:09:28:04 +0800] "GET /xingrg/kc/buy/cgsh_order_operate.html?command=get_materiel&rest_code=00105&code=00101008036&supplier_code=00100203&order_time=2022-08-06 HTTP/1.1" 200 408
58.39.169.63 - - [06/Aug/2022:09:28:06 +0800] "GET /xingrg/all/function/internal_message.html?_=1659749287555&CODE_STATE=getMsg HTTP/1.1" 200 27
116.232.51.90 - - [06/Aug/2022:09:28:07 +0800] "GET /xingrg/all/function/internal_message.html?_=1659749287415&CODE_STATE=getMsg HTTP/1.1" 200 27
58.39.169.63 - - [06/Aug/2022:09:28:10 +0800] "GET /xingrg/all/function/internal_message.html?_=1659749166833&CODE_STATE=getMsg HTTP/1.1" 200 27
58.39.169.63 - - [06/Aug/2022:09:28:11 +0800] "GET /xingrg/kc/buy/cgsh_order_operate.html?command=get_materiel&rest_code=00105&code=00101008286&supplier_code=00100203&order_time=2022-08-06 HTTP/1.1" 200 408
58.37.7.214 - - [06/Aug/2022:09:28:11 +0800] "GET /xingrg/all/function/internal_message.html?_=1659749292252&CODE_STATE=getMsg HTTP/1.1" 200 27
116.232.194.65 - - [06/Aug/2022:09:28:20 +0800] "GET /xingrg/all/function/internal_message.html?_=1659749295859&CODE_STATE=getMsg HTTP/1.1" 200 27
116.224.123.211 - - [06/Aug/2022:09:28:22 +0800] "GET /xingrg/all/function/internal_message.html?_=1659749301906&CODE_STATE=getMsg HTTP/1.1" 200 27
116.235.94.65 - - [06/Aug/2022:09:28:25 +0800] "GET /xingrg/all/function/internal_message.html?_=1659749492310&CODE_STATE=getMsg HTTP/1.1" 200 27
116.235.94.65 - - [06/Aug/2022:09:28:25 +0800] "GET /xingrg/check_reg.html?_=1659749492311 HTTP/1.1" 200 22
101.80.228.36 - - [06/Aug/2022:09:28:26 +0800] "GET /xingrg/kc/buy/cgsh_order_list.html HTTP/1.1" 302 -
101.80.228.36 - - [06/Aug/2022:09:28:26 +0800] "GET /xingrg/login.html HTTP/1.1" 200 7641
101.80.228.36 - - [06/Aug/2022:09:28:26 +0800] "GET /xingrg/login.html HTTP/1.1" 200 7641
101.80.228.36 - - [06/Aug/2022:09:28:26 +0800] "GET /favicon.ico HTTP/1.1" 404 -
116.224.255.128 - - [06/Aug/2022:09:28:27 +0800] "GET /xingrg/all/function/internal_message.html?_=1659749306081&CODE_STATE=getMsg HTTP/1.1" 200 27
120.253.135.82 - - [06/Aug/2022:09:28:27 +0800] "GET /xingrg/kc/pszx/mdqp_order_list.html?state=10 HTTP/1.1" 200 10217
120.253.135.82 - - [06/Aug/2022:09:28:28 +0800] "GET /xingrg/dwr/interface/AjaxQqpsService.js HTTP/1.1" 200 16326
120.253.135.82 - - [06/Aug/2022:09:28:28 +0800] "GET /xingrg/css/blue.css HTTP/1.1" 200 15949
218.81.223.53 - - [06/Aug/2022:09:28:28 +0800] "GET /xingrg/all/function/internal_message.html?_=1659749329486&CODE_STATE=getMsg HTTP/1.1" 200 27
120.253.135.82 - - [06/Aug/2022:09:28:28 +0800] "GET /xingrg/dwr/util.js HTTP/1.1" 200 35990
120.253.135.82 - - [06/Aug/2022:09:28:28 +0800] "GET /xingrg/dwr/interface/AjaxReportQueryService.js HTTP/1.1" 200 13203
120.253.135.82 - - [06/Aug/2022:09:28:28 +0800] "GET /xingrg/javascript/pic_change.js HTTP/1.1" 200 4739
120.253.135.82 - - [06/Aug/2022:09:28:28 +0800] "GET /xingrg/javascript/myfunction.js HTTP/1.1" 200 24559
120.253.135.82 - - [06/Aug/2022:09:28:28 +0800] "GET /xingrg/javascript/jquery_easy_ui/themes/icon.css HTTP/1.1" 200 3949
120.253.135.82 - - [06/Aug/2022:09:28:28 +0800] "GET /xingrg/dwr/engine.js HTTP/1.1" 200 43631
120.253.135.82 - - [06/Aug/2022:09:28:28 +0800] "GET /xingrg/javascript/jquery_easy_ui/themes/default/easyui.css HTTP/1.1" 200 26500
120.253.135.82 - - [06/Aug/2022:09:28:28 +0800] "GET /xingrg/javascript/Calendar.js HTTP/1.1" 200 31561
222.69.129.110 - - [06/Aug/2022:09:28:31 +0800] "GET /xingrg/all/function/internal_message.html?_=1659749370439&CODE_STATE=getMsg HTTP/1.1" 200 27
114.83.222.234 - - [06/Aug/2022:09:28:33 +0800] "GET /xingrg/check_reg.html?_=1659749312520 HTTP/1.1" 200 22
114.83.222.234 - - [06/Aug/2022:09:28:34 +0800] "GET /xingrg/all/function/internal_message.html?_=1659749313288&CODE_STATE=getMsg HTTP/1.1" 200 27
101.80.228.36 - - [06/Aug/2022:09:28:35 +0800] "POST /xingrg/login.do HTTP/1.1" 302 -
101.80.228.36 - - [06/Aug/2022:09:28:35 +0800] "GET /xingrg/index.html?sysBaseUrl=http%3A%2F%2F180.169.147.146%3A18081%2Fxingrg%2F&costTime=45×tamp=1659749315776 HTTP/1.1" 200 17179
101.80.228.36 - - [06/Aug/2022:09:28:36 +0800] "GET /favicon.ico HTTP/1.1" 404 -
101.80.228.36 - - [06/Aug/2022:09:28:36 +0800] "POST /xingrg/all/common/load_tree.html?tree=area_rest_tree_json&manage=1 HTTP/1.1" 200 351
114.84.2.83 - - [06/Aug/2022:09:28:36 +0800] "GET /xingrg/all/function/internal_message.html?_=1659749312108&CODE_STATE=getMsg HTTP/1.1" 200 27
101.80.228.36 - - [06/Aug/2022:09:28:36 +0800] "POST /xingrg/load_menu.html HTTP/1.1" 200 5138
101.80.228.36 - - [06/Aug/2022:09:28:36 +0800] "GET /xingrg/check_reg.html?_=1659749314026 HTTP/1.1" 200 22
101.80.228.36 - - [06/Aug/2022:09:28:36 +0800] "GET /xingrg/all/function/internal_message.html?_=1659749314026&CODE_STATE=count HTTP/1.1" 200 11
58.39.169.63 - - [06/Aug/2022:09:28:36 +0800] "GET /xingrg/kc/buy/cgsh_order_operate.html?command=get_materiel&rest_code=00105&code=00101008256&supplier_code=00100203&order_time=2022-08-06 HTTP/1.1" 200 412
101.80.228.36 - - [06/Aug/2022:09:28:39 +0800] "GET /xingrg/kc/buy/cgsh_order_list.html HTTP/1.1" 200 52509
101.80.228.36 - - [06/Aug/2022:09:28:40 +0800] "POST /xingrg/kc/buy/cgsh_list_operate.html HTTP/1.1" 200 693
101.85.120.95 - - [06/Aug/2022:09:28:42 +0800] "GET /xingrg/all/function/internal_message.html?_=1659749320972&CODE_STATE=getMsg HTTP/1.1" 200 27
101.80.228.36 - - [06/Aug/2022:09:28:42 +0800] "GET /xingrg/kc/buy/cgsh_order_add.html HTTP/1.1" 200 68370
101.80.228.36 - - [06/Aug/2022:09:28:42 +0800] "GET /xingrg/words/20220805141303_words.js HTTP/1.1" 304 -
101.80.228.36 - - [06/Aug/2022:09:28:42 +0800] "POST /xingrg/kc/buy/cgsh_order_operate.html HTTP/1.1" 200 8245
101.80.228.36 - - [06/Aug/2022:09:28:42 +0800] "GET /xingrg/all/common/auto_word.html?type=employee&rest_code=00156 HTTP/1.1" 200 97
101.80.228.36 - - [06/Aug/2022:09:28:42 +0800] "GET /xingrg/all/common/auto_word.html?type=employee&rest_code=00156 HTTP/1.1" 200 97
101.80.228.36 - - [06/Aug/2022:09:28:42 +0800] "GET /xingrg/javascript/easyui/themes/default/validatebox.css HTTP/1.1" 404 1104
101.80.228.36 - - [06/Aug/2022:09:28:45 +0800] "GET /xingrg/javascript/auto/indicator.gif HTTP/1.1" 404 1066
120.253.135.82 - - [06/Aug/2022:09:28:46 +0800] "GET /xingrg/kc/pszx/mdqp_order_list.html?state=10 HTTP/1.1" 200 10217
120.253.135.82 - - [06/Aug/2022:09:28:46 +0800] "GET /xingrg/kc/pszx/mdqp_order_list.html?state=10 HTTP/1.1" 200 10217
120.253.135.82 - - [06/Aug/2022:09:28:46 +0800] "GET /xingrg/dwr/interface/AjaxQqpsService.js HTTP/1.1" 200 16326
120.253.135.82 - - [06/Aug/2022:09:28:46 +0800] "GET /xingrg/dwr/interface/AjaxReportQueryService.js HTTP/1.1" 200 13203
120.253.135.82 - - [06/Aug/2022:09:28:46 +0800] "GET /xingrg/dwr/engine.js HTTP/1.1" 200 43631
120.253.135.82 - - [06/Aug/2022:09:28:46 +0800] "GET /xingrg/javascript/jquery_easy_ui/themes/icons/back_new.png HTTP/1.1" 200 3414
120.253.135.82 - - [06/Aug/2022:09:28:46 +0800] "GET /xingrg/javascript/jquery_easy_ui/themes/icons/uncheck_new.png HTTP/1.1" 200 3197
120.253.135.82 - - [06/Aug/2022:09:28:46 +0800] "GET /xingrg/javascript/jquery_easy_ui/themes/icons/check_new.png HTTP/1.1" 200 3224
101.80.228.36 - - [06/Aug/2022:09:28:46 +0800] "GET /xingrg/javascript/jquery_tools/images/prev.gif HTTP/1.1" 404 1086
101.80.228.36 - - [06/Aug/2022:09:28:46 +0800] "GET /xingrg/javascript/jquery_tools/images/next.gif HTTP/1.1" 404 1086
58.39.169.63 - - [06/Aug/2022:09:28:47 +0800] "GET /xingrg/kc/buy/cgsh_order_operate.html?command=get_materiel&rest_code=00105&code=00101008045&supplier_code=00100203&order_time=2022-08-06 HTTP/1.1" 200 412
120.253.135.82 - - [06/Aug/2022:09:28:49 +0800] "GET /xingrg/kc/pszx/mdqp_order_list.html?state=10 HTTP/1.1" 200 10217
120.253.135.82 - - [06/Aug/2022:09:28:49 +0800] "GET /xingrg/dwr/interface/AjaxReportQueryService.js HTTP/1.1" 200 13203
120.253.135.82 - - [06/Aug/2022:09:28:49 +0800] "GET /xingrg/dwr/interface/AjaxQqpsService.js HTTP/1.1" 200 16326
120.253.135.82 - - [06/Aug/2022:09:28:49 +0800] "GET /xingrg/dwr/engine.js HTTP/1.1" 200 43631
120.253.135.82 - - [06/Aug/2022:09:28:50 +0800] "GET /xingrg/kc/pszx/mdqp_order_list.html?state=10 HTTP/1.1" 200 10217
120.253.135.82 - - [06/Aug/2022:09:28:50 +0800] "GET /xingrg/dwr/interface/AjaxReportQueryService.js HTTP/1.1" 200 13203
120.253.135.82 - - [06/Aug/2022:09:28:50 +0800] "GET /xingrg/dwr/interface/AjaxQqpsService.js HTTP/1.1" 200 16326
120.253.135.82 - - [06/Aug/2022:09:28:50 +0800] "GET /xingrg/dwr/engine.js HTTP/1.1" 200 43631
58.37.7.214 - - [06/Aug/2022:09:28:51 +0800] "POST /xingrg/kc/buy/cgsh_order_operate.html HTTP/1.1" 200 37
120.253.135.82 - - [06/Aug/2022:09:28:52 +0800] "GET /xingrg/kc/pszx/mdps_order_list.html?orderType=0 HTTP/1.1" 200 21007
120.253.135.82 - - [06/Aug/2022:09:28:52 +0800] "GET /xingrg/css/site.css HTTP/1.1" 200 7541
120.253.135.82 - - [06/Aug/2022:09:28:52 +0800] "GET /xingrg/javascript/jquery_tools/datebox.css HTTP/1.1" 200 2597
120.253.135.82 - - [06/Aug/2022:09:28:52 +0800] "GET /xingrg/javascript/jquery_tools/fix.css HTTP/1.1" 200 1702
120.253.135.82 - - [06/Aug/2022:09:28:52 +0800] "GET /xingrg/css/base.css HTTP/1.1" 200 2811
120.253.135.82 - - [06/Aug/2022:09:28:52 +0800] "GET /xingrg/javascript/jquery_tools/table.css HTTP/1.1" 200 1032
120.253.135.82 - - [06/Aug/2022:09:28:52 +0800] "GET /xingrg/javascript/auto/jquery.autocomplete.css HTTP/1.1" 200 587
120.253.135.82 - - [06/Aug/2022:09:28:52 +0800] "GET /xingrg/javascript/easyui/themes/icon.css HTTP/1.1" 200 4483
120.253.135.82 - - [06/Aug/2022:09:28:52 +0800] "GET /xingrg/javascript/easyui/easyloader.js HTTP/1.1" 200 5975
120.253.135.82 - - [06/Aug/2022:09:28:52 +0800] "GET /xingrg/javascript/jquery_tools/list_manager.js HTTP/1.1" 200 3652
120.253.135.82 - - [06/Aug/2022:09:28:52 +0800] "GET /xingrg/javascript/jquery_tools/jquery.tools.hotkey.js HTTP/1.1" 200 3242
120.253.135.82 - - [06/Aug/2022:09:28:52 +0800] "GET /xingrg/javascript/jquery_tools/jquery.tools.table.js HTTP/1.1" 200 6994
120.253.135.82 - - [06/Aug/2022:09:28:52 +0800] "GET /xingrg/javascript/easyui/themes/default/easyui.css HTTP/1.1" 200 30432
120.253.135.82 - - [06/Aug/2022:09:28:52 +0800] "GET /xingrg/javascript/jquery_tools/jquery.tools.extend.js HTTP/1.1" 200 15385
120.253.135.82 - - [06/Aug/2022:09:28:52 +0800] "GET /xingrg/javascript/jquery.utils.js HTTP/1.1" 200 11805
120.253.135.82 - - [06/Aug/2022:09:28:52 +0800] "GET /xingrg/javascript/print/LodopFuncs.js HTTP/1.1" 200 5121
120.253.135.82 - - [06/Aug/2022:09:28:52 +0800] "GET /xingrg/javascript/jquery.cookie.js HTTP/1.1" 200 5513
120.253.135.82 - - [06/Aug/2022:09:28:52 +0800] "GET /xingrg/javascript/auto/jquery.autocomplete.js HTTP/1.1" 200 21624
120.253.135.82 - - [06/Aug/2022:09:28:52 +0800] "GET /xingrg/javascript/jquery_tools/jquery.tools.min.js HTTP/1.1" 200 138801
120.253.135.82 - - [06/Aug/2022:09:28:52 +0800] "GET /xingrg/javascript/easyui/themes/icons/edit_add_new.png HTTP/1.1" 200 2997
120.253.135.82 - - [06/Aug/2022:09:28:52 +0800] "GET /xingrg/javascript/easyui/themes/icons/cance_new.png HTTP/1.1" 200 3986
120.253.135.82 - - [06/Aug/2022:09:28:52 +0800] "GET /xingrg/javascript/easyui/themes/icons/check_new.png HTTP/1.1" 200 3224
120.253.135.82 - - [06/Aug/2022:09:28:52 +0800] "GET /xingrg/javascript/easyui/themes/icons/uncheck_new.png HTTP/1.1" 200 3197
120.253.135.82 - - [06/Aug/2022:09:28:52 +0800] "GET /xingrg/javascript/easyui/themes/icons/import_new.png HTTP/1.1" 200 1247
120.253.135.82 - - [06/Aug/2022:09:28:52 +0800] "GET /xingrg/javascript/easyui/themes/icons/field_new.png HTTP/1.1" 200 1097
120.253.135.82 - - [06/Aug/2022:09:28:52 +0800] "GET /xingrg/javascript/easyui/plugins/jquery.parser.js HTTP/1.1" 200 1142
120.253.135.82 - - [06/Aug/2022:09:28:52 +0800] "GET /xingrg/images/control/ajaxLoader.gif HTTP/1.1" 200 4659
120.253.135.82 - - [06/Aug/2022:09:28:52 +0800] "POST /xingrg/kc/pszx/mdps_list_operate.html HTTP/1.1" 200 5308
116.224.255.128 - - [06/Aug/2022:09:28:53 +0800] "GET /xingrg/all/function/internal_message.html?_=1659749280603&CODE_STATE=getMsg HTTP/1.1" 200 27
58.39.169.63 - - [06/Aug/2022:09:28:54 +0800] "GET /xingrg/kc/buy/cgsh_order_operate.html?command=get_materiel&rest_code=00105&code=00101008257&supplier_code=00100203&order_time=2022-08-06 HTTP/1.1" 200 416
58.37.7.214 - - [06/Aug/2022:09:28:54 +0800] "POST /xingrg/kc/buy/cgsh_order_operate.html HTTP/1.1" 200 200
101.80.228.36 - - [06/Aug/2022:09:28:55 +0800] "GET /xingrg/kc/buy/cgsh_order_operate.html?command=get_materiel&rest_code=00156&code=00101008670&supplier_code=00100006&order_time=2022-08-06 HTTP/1.1" 200 398
58.37.7.214 - - [06/Aug/2022:09:29:03 +0800] "POST /xingrg/kc/buy/cgsh_order_operate.html HTTP/1.1" 200 37
58.37.7.214 - - [06/Aug/2022:09:29:04 +0800] "POST /xingrg/kc/buy/cgsh_order_operate.html HTTP/1.1" 200 18147
58.39.169.63 - - [06/Aug/2022:09:29:06 +0800] "GET /xingrg/all/function/internal_message.html?_=1659749347597&CODE_STATE=getMsg HTTP/1.1" 200 27
116.232.51.90 - - [06/Aug/2022:09:29:07 +0800] "GET /xingrg/all/function/internal_message.html?_=1659749347391&CODE_STATE=getMsg HTTP/1.1" 200 27
101.80.228.36 - - [06/Aug/2022:09:29:07 +0800] "GET /xingrg/kc/buy/cgsh_order_operate.html?command=get_materiel&rest_code=00156&code=00101008286&supplier_code=00100006&order_time=2022-08-06 HTTP/1.1" 200 408
58.39.169.63 - - [06/Aug/2022:09:29:10 +0800] "GET /xingrg/all/function/internal_message.html?_=1659749226833&CODE_STATE=getMsg HTTP/1.1" 200 27
58.39.169.63 - - [06/Aug/2022:09:29:10 +0800] "GET /xingrg/check_reg.html?_=1659749226836 HTTP/1.1" 200 22
58.37.7.214 - - [06/Aug/2022:09:29:11 +0800] "POST /xingrg/kc/buy/cgsh_order_operate.html HTTP/1.1" 200 37
58.37.7.214 - - [06/Aug/2022:09:29:13 +0800] "POST /xingrg/kc/buy/cgsh_order_operate.html HTTP/1.1" 200 200
101.80.228.36 - - [06/Aug/2022:09:29:18 +0800] "GET /xingrg/kc/buy/cgsh_order_operate.html?command=get_materiel&rest_code=00156&code=00101012019&supplier_code=00100006&order_time=2022-08-06 HTTP/1.1" 200 412
116.232.194.65 - - [06/Aug/2022:09:29:20 +0800] "GET /xingrg/all/function/internal_message.html?_=1659749355829&CODE_STATE=getMsg HTTP/1.1" 200 27
116.224.123.211 - - [06/Aug/2022:09:29:22 +0800] "GET /xingrg/check_reg.html?_=1659749361907 HTTP/1.1" 200 22
116.224.123.211 - - [06/Aug/2022:09:29:22 +0800] "GET /xingrg/all/function/internal_message.html?_=1659749361909&CODE_STATE=getMsg HTTP/1.1" 200 27
116.235.94.65 - - [06/Aug/2022:09:29:25 +0800] "GET /xingrg/all/function/internal_message.html?_=1659749552314&CODE_STATE=getMsg HTTP/1.1" 200 27
218.81.223.53 - - [06/Aug/2022:09:29:26 +0800] "GET /xingrg/check_reg.html?_=1659749387537 HTTP/1.1" 200 22
101.80.228.36 - - [06/Aug/2022:09:29:27 +0800] "GET /xingrg/kc/buy/cgsh_order_operate.html?command=get_materiel&rest_code=00156&code=00101008210&supplier_code=00100006&order_time=2022-08-06 HTTP/1.1" 200 408
218.81.223.53 - - [06/Aug/2022:09:29:28 +0800] "GET /xingrg/all/function/internal_message.html?_=1659749389498&CODE_STATE=getMsg HTTP/1.1" 200 27
222.69.129.110 - - [06/Aug/2022:09:29:31 +0800] "GET /xingrg/all/function/internal_message.html?_=1659749430424&CODE_STATE=getMsg HTTP/1.1" 200 27
116.224.255.128 - - [06/Aug/2022:09:29:31 +0800] "POST /xingrg/services/DataTransmitService HTTP/1.1" 200 524
114.83.222.234 - - [06/Aug/2022:09:29:34 +0800] "GET /xingrg/all/function/internal_message.html?_=1659749373269&CODE_STATE=getMsg HTTP/1.1" 200 27
114.84.2.83 - - [06/Aug/2022:09:29:36 +0800] "GET /xingrg/all/function/internal_message.html?_=1659749372084&CODE_STATE=getMsg HTTP/1.1" 200 27
101.80.228.36 - - [06/Aug/2022:09:29:36 +0800] "GET /xingrg/all/function/internal_message.html?_=1659749374036&CODE_STATE=getMsg HTTP/1.1" 200 27
58.37.7.214 - - [06/Aug/2022:09:29:37 +0800] "POST /xingrg/kc/buy/cgsh_order_operate.html HTTP/1.1" 200 37
101.80.228.36 - - [06/Aug/2022:09:29:38 +0800] "GET /xingrg/kc/buy/cgsh_order_operate.html?command=get_materiel&rest_code=00156&code=00101008337&supplier_code=00100006&order_time=2022-08-06 HTTP/1.1" 200 408
58.37.7.214 - - [06/Aug/2022:09:29:40 +0800] "POST /xingrg/kc/buy/cgsh_order_operate.html HTTP/1.1" 200 18147
101.85.120.95 - - [06/Aug/2022:09:29:42 +0800] "GET /xingrg/all/function/internal_message.html?_=1659749380971&CODE_STATE=getMsg HTTP/1.1" 200 27
101.80.228.36 - - [06/Aug/2022:09:29:49 +0800] "GET /xingrg/kc/buy/cgsh_order_operate.html?command=get_materiel&rest_code=00156&code=00101008049&supplier_code=00100006&order_time=2022-08-06 HTTP/1.1" 200 408
116.224.255.128 - - [06/Aug/2022:09:29:53 +0800] "GET /xingrg/all/function/internal_message.html?_=1659749340617&CODE_STATE=getMsg HTTP/1.1" 200 27
101.80.228.36 - - [06/Aug/2022:09:30:01 +0800] "GET /xingrg/kc/buy/cgsh_order_operate.html?command=get_materiel&rest_code=00156&code=00101008358&supplier_code=00100006&order_time=2022-08-06 HTTP/1.1" 200 412
58.39.169.63 - - [06/Aug/2022:09:30:06 +0800] "GET /xingrg/all/function/internal_message.html?_=1659749407553&CODE_STATE=getMsg HTTP/1.1" 200 27
116.232.51.90 - - [06/Aug/2022:09:30:07 +0800] "GET /xingrg/all/function/internal_message.html?_=1659749407367&CODE_STATE=getMsg HTTP/1.1" 200 27
101.80.228.36 - - [06/Aug/2022:09:30:10 +0800] "GET /xingrg/kc/buy/cgsh_order_operate.html?command=get_materiel&rest_code=00156&code=00101008370&supplier_code=00100006&order_time=2022-08-06 HTTP/1.1" 200 412
58.39.169.63 - - [06/Aug/2022:09:30:10 +0800] "GET /xingrg/all/function/internal_message.html?_=1659749286835&CODE_STATE=getMsg HTTP/1.1" 200 27
58.37.7.214 - - [06/Aug/2022:09:30:11 +0800] "GET /xingrg/all/function/internal_message.html?_=1659749412256&CODE_STATE=getMsg HTTP/1.1" 200 27
101.80.228.36 - - [06/Aug/2022:09:30:18 +0800] "GET /xingrg/kc/buy/cgsh_order_operate.html?command=get_materiel&rest_code=00156&code=00101008144&supplier_code=00100006&order_time=2022-08-06 HTTP/1.1" 200 412
116.232.194.65 - - [06/Aug/2022:09:30:20 +0800] "GET /xingrg/all/function/internal_message.html?_=1659749415810&CODE_STATE=getMsg HTTP/1.1" 200 27
116.224.123.211 - - [06/Aug/2022:09:30:22 +0800] "GET /xingrg/all/function/internal_message.html?_=1659749421891&CODE_STATE=getMsg HTTP/1.1" 200 27
58.37.7.214 - - [06/Aug/2022:09:30:23 +0800] "POST /xingrg/kc/buy/cgsh_order_operate.html HTTP/1.1" 200 37
116.235.94.65 - - [06/Aug/2022:09:30:25 +0800] "GET /xingrg/all/function/internal_message.html?_=1659749612316&CODE_STATE=getMsg HTTP/1.1" 200 27
58.37.7.214 - - [06/Aug/2022:09:30:25 +0800] "POST /xingrg/kc/buy/cgsh_order_operate.html HTTP/1.1" 200 18147
58.39.169.63 - - [06/Aug/2022:09:30:26 +0800] "GET /xingrg/kc/buy/cgsh_order_operate.html?command=get_materiel&rest_code=00105&code=00101008149&supplier_code=00100203&order_time=2022-08-06 HTTP/1.1" 200 408
218.81.223.53 - - [06/Aug/2022:09:30:28 +0800] "GET /xingrg/all/function/internal_message.html?_=1659749449512&CODE_STATE=getMsg HTTP/1.1" 200 27
58.37.7.214 - - [06/Aug/2022:09:30:31 +0800] "GET /xingrg/kc/buy/buy_main.html HTTP/1.1" 200 12412
58.37.7.214 - - [06/Aug/2022:09:30:31 +0800] "GET /xingrg/css/new_ie.css HTTP/1.1" 404 1036
222.69.129.110 - - [06/Aug/2022:09:30:31 +0800] "GET /xingrg/all/function/internal_message.html?_=1659749490409&CODE_STATE=getMsg HTTP/1.1" 200 27
114.84.2.83 - - [06/Aug/2022:09:30:31 +0800] "GET /xingrg/kc/buy/cgsh_order_operate.html?command=get_materiel&rest_code=00111&code=00101008150&supplier_code=00100005&order_time=2022-08-06 HTTP/1.1" 200 409
58.37.7.214 - - [06/Aug/2022:09:30:32 +0800] "GET /xingrg/images/yd/bt.gif HTTP/1.1" 404 1040
101.80.228.36 - - [06/Aug/2022:09:30:32 +0800] "GET /xingrg/kc/buy/cgsh_order_operate.html?command=get_materiel&rest_code=00156&code=00101009134&supplier_code=00100006&order_time=2022-08-06 HTTP/1.1" 200 414
58.37.7.214 - - [06/Aug/2022:09:30:32 +0800] "GET /xingrg/kc/buy/cgsh_order_list.html HTTP/1.1" 200 52503
114.83.222.234 - - [06/Aug/2022:09:30:34 +0800] "GET /xingrg/all/function/internal_message.html?_=1659749433259&CODE_STATE=getMsg HTTP/1.1" 200 27
58.39.169.63 - - [06/Aug/2022:09:30:34 +0800] "GET /xingrg/kc/buy/cgsh_order_operate.html?command=get_materiel&rest_code=00105&code=00101008354&supplier_code=00100203&order_time=2022-08-06 HTTP/1.1" 200 412
58.37.7.214 - - [06/Aug/2022:09:30:35 +0800] "POST /xingrg/kc/buy/cgsh_list_operate.html HTTP/1.1" 200 1459
114.84.2.83 - - [06/Aug/2022:09:30:36 +0800] "GET /xingrg/all/function/internal_message.html?_=1659749432068&CODE_STATE=getMsg HTTP/1.1" 200 27
101.80.228.36 - - [06/Aug/2022:09:30:36 +0800] "GET /xingrg/all/function/internal_message.html?_=1659749434041&CODE_STATE=getMsg HTTP/1.1" 200 27
114.84.2.83 - - [06/Aug/2022:09:30:40 +0800] "GET /xingrg/kc/buy/cgsh_order_operate.html?command=get_materiel&rest_code=00111&code=00101008223&supplier_code=00100005&order_time=2022-08-06 HTTP/1.1" 200 412
58.39.169.63 - - [06/Aug/2022:09:30:42 +0800] "GET /xingrg/kc/buy/cgsh_order_operate.html?command=get_materiel&rest_code=00105&code=00101008010&supplier_code=00100203&order_time=2022-08-06 HTTP/1.1" 200 412
101.85.120.95 - - [06/Aug/2022:09:30:42 +0800] "GET /xingrg/all/function/internal_message.html?_=1659749440972&CODE_STATE=getMsg HTTP/1.1" 200 27
101.80.228.36 - - [06/Aug/2022:09:30:44 +0800] "GET /xingrg/kc/buy/cgsh_order_operate.html?command=get_materiel&rest_code=00156&code=00101009062&supplier_code=00100006&order_time=2022-08-06 HTTP/1.1" 200 412
114.84.2.83 - - [06/Aug/2022:09:30:44 +0800] "POST /xingrg/kc/buy/cgsh_order_operate.html HTTP/1.1" 200 2065
58.39.169.63 - - [06/Aug/2022:09:30:49 +0800] "GET /xingrg/kc/buy/cgsh_order_operate.html?command=get_materiel&rest_code=00105&code=00101008096&supplier_code=00100203&order_time=2022-08-06 HTTP/1.1" 200 413
114.84.2.83 - - [06/Aug/2022:09:30:49 +0800] "GET /xingrg/kc/buy/cgsh_order_operate.html?command=get_materiel&rest_code=00111&code=00101008558&supplier_code=00100005&order_time=2022-08-06 HTTP/1.1" 200 409
101.80.228.36 - - [06/Aug/2022:09:30:52 +0800] "GET /xingrg/kc/buy/cgsh_order_operate.html?command=get_materiel&rest_code=00156&code=00101009118&supplier_code=00100006&order_time=2022-08-06 HTTP/1.1" 200 406
116.224.255.128 - - [06/Aug/2022:09:30:54 +0800] "GET /xingrg/all/function/internal_message.html?_=1659749400630&CODE_STATE=getMsg HTTP/1.1" 200 27
114.84.2.83 - - [06/Aug/2022:09:30:58 +0800] "GET /xingrg/kc/buy/cgsh_order_operate.html?command=get_materiel&rest_code=00111&code=00101008114&supplier_code=00100005&order_time=2022-08-06 HTTP/1.1" 200 413
101.80.228.36 - - [06/Aug/2022:09:31:01 +0800] "POST /xingrg/kc/buy/cgsh_order_operate.html HTTP/1.1" 200 37
58.39.169.63 - - [06/Aug/2022:09:31:02 +0800] "GET /xingrg/kc/buy/cgsh_order_operate.html?command=get_materiel&rest_code=00105&code=00101008163&supplier_code=00100203&order_time=2022-08-06 HTTP/1.1" 200 409
101.80.228.36 - - [06/Aug/2022:09:31:03 +0800] "POST /xingrg/kc/buy/cgsh_order_operate.html HTTP/1.1" 200 9171
58.39.169.63 - - [06/Aug/2022:09:31:06 +0800] "GET /xingrg/all/function/internal_message.html?_=1659749467619&CODE_STATE=getMsg HTTP/1.1" 200 27
101.80.228.36 - - [06/Aug/2022:09:31:07 +0800] "GET /xingrg/kc/print/load_config.html?kc_code=cgsh HTTP/1.1" 200 1943
101.80.228.36 - - [06/Aug/2022:09:31:07 +0800] "GET /xingrg/kc/print/load_data.html?order_code=212022080601616&kc_code=cgsh&condition= HTTP/1.1" 200 3165
116.232.51.90 - - [06/Aug/2022:09:31:07 +0800] "GET /xingrg/all/function/internal_message.html?_=1659749467344&CODE_STATE=getMsg HTTP/1.1" 200 27
114.83.222.234 - - [06/Aug/2022:09:31:10 +0800] "GET /xingrg/kc/buy/cgsh_order_operate.html?command=get_materiel&rest_code=00149&code=00101008318&supplier_code=00100005&order_time=2022-08-06 HTTP/1.1" 200 408
58.39.169.63 - - [06/Aug/2022:09:31:10 +0800] "GET /xingrg/all/function/internal_message.html?_=1659749346834&CODE_STATE=getMsg HTTP/1.1" 200 27
58.37.7.214 - - [06/Aug/2022:09:31:11 +0800] "GET /xingrg/all/function/internal_message.html?_=1659749472259&CODE_STATE=getMsg HTTP/1.1" 200 27
116.232.194.65 - - [06/Aug/2022:09:31:20 +0800] "GET /xingrg/all/function/internal_message.html?_=1659749475783&CODE_STATE=getMsg HTTP/1.1" 200 27
116.232.194.65 - - [06/Aug/2022:09:31:21 +0800] "GET /xingrg/check_reg.html?_=1659749476532 HTTP/1.1" 200 22
116.224.123.211 - - [06/Aug/2022:09:31:22 +0800] "GET /xingrg/all/function/internal_message.html?_=1659749481917&CODE_STATE=getMsg HTTP/1.1" 200 27
116.235.94.65 - - [06/Aug/2022:09:31:25 +0800] "GET /xingrg/all/function/internal_message.html?_=1659749672320&CODE_STATE=getMsg HTTP/1.1" 200 27
218.81.223.53 - - [06/Aug/2022:09:31:28 +0800] "GET /xingrg/all/function/internal_message.html?_=1659749509526&CODE_STATE=getMsg HTTP/1.1" 200 27
222.69.129.110 - - [06/Aug/2022:09:31:30 +0800] "GET /xingrg/check_reg.html?_=1659749549845 HTTP/1.1" 200 22
222.69.129.110 - - [06/Aug/2022:09:31:31 +0800] "GET /xingrg/all/function/internal_message.html?_=1659749550384&CODE_STATE=getMsg HTTP/1.1" 200 27
114.83.222.234 - - [06/Aug/2022:09:31:34 +0800] "GET /xingrg/all/function/internal_message.html?_=1659749493245&CODE_STATE=getMsg HTTP/1.1" 200 27
114.88.158.224 - - [06/Aug/2022:09:31:34 +0800] "GET /xingrg/check_reg.html?_=1659749173476 HTTP/1.1" 302 -
114.84.2.83 - - [06/Aug/2022:09:31:36 +0800] "GET /xingrg/all/function/internal_message.html?_=1659749492042&CODE_STATE=getMsg HTTP/1.1" 200 27
101.80.228.36 - - [06/Aug/2022:09:31:36 +0800] "GET /xingrg/all/function/internal_message.html?_=1659749494043&CODE_STATE=getMsg HTTP/1.1" 200 27
101.85.120.95 - - [06/Aug/2022:09:31:42 +0800] "GET /xingrg/check_reg.html?_=1659749500971 HTTP/1.1" 200 22
101.85.120.95 - - [06/Aug/2022:09:31:42 +0800] "GET /xingrg/all/function/internal_message.html?_=1659749500974&CODE_STATE=getMsg HTTP/1.1" 200 27
116.232.51.90 - - [06/Aug/2022:09:31:52 +0800] "GET /xingrg/check_reg.html?_=1659749512656 HTTP/1.1" 200 22
116.224.255.128 - - [06/Aug/2022:09:31:53 +0800] "GET /xingrg/check_reg.html?_=1659749459801 HTTP/1.1" 200 22
116.224.255.128 - - [06/Aug/2022:09:31:54 +0800] "GET /xingrg/all/function/internal_message.html?_=1659749460675&CODE_STATE=getMsg HTTP/1.1" 200 27
58.39.169.63 - - [06/Aug/2022:09:32:06 +0800] "GET /xingrg/check_reg.html?_=1659749527550 HTTP/1.1" 200 22
58.39.169.63 - - [06/Aug/2022:09:32:06 +0800] "GET /xingrg/all/function/internal_message.html?_=1659749527553&CODE_STATE=getMsg HTTP/1.1" 200 27
116.232.51.90 - - [06/Aug/2022:09:32:07 +0800] "GET /xingrg/all/function/internal_message.html?_=1659749527316&CODE_STATE=getMsg HTTP/1.1" 200 27
114.83.222.234 - - [06/Aug/2022:09:32:09 +0800] "GET /xingrg/kc/buy/cgsh_order_operate.html?command=get_materiel&rest_code=00149&code=00101008352&supplier_code=00100005&order_time=2022-08-06 HTTP/1.1" 200 412
58.39.169.63 - - [06/Aug/2022:09:32:10 +0800] "GET /xingrg/all/function/internal_message.html?_=1659749406834&CODE_STATE=getMsg HTTP/1.1" 200 27
58.37.7.214 - - [06/Aug/2022:09:32:11 +0800] "GET /xingrg/all/function/internal_message.html?_=1659749532234&CODE_STATE=getMsg HTTP/1.1" 200 27
114.83.222.234 - - [06/Aug/2022:09:32:20 +0800] "GET /xingrg/kc/buy/cgsh_order_operate.html?command=get_materiel&rest_code=00149&code=00101008098&supplier_code=00100005&order_time=2022-08-06 HTTP/1.1" 200 412
116.232.194.65 - - [06/Aug/2022:09:32:20 +0800] "GET /xingrg/all/function/internal_message.html?_=1659749535767&CODE_STATE=getMsg HTTP/1.1" 200 27
116.224.123.211 - - [06/Aug/2022:09:32:22 +0800] "GET /xingrg/all/function/internal_message.html?_=1659749541902&CODE_STATE=getMsg HTTP/1.1" 200 27
116.235.94.65 - - [06/Aug/2022:09:32:25 +0800] "GET /xingrg/all/function/internal_message.html?_=1659749732314&CODE_STATE=getMsg HTTP/1.1" 200 27
218.81.223.53 - - [06/Aug/2022:09:32:28 +0800] "GET /xingrg/all/function/internal_message.html?_=1659749569545&CODE_STATE=getMsg HTTP/1.1" 200 27
114.83.222.234 - - [06/Aug/2022:09:32:28 +0800] "GET /xingrg/kc/buy/cgsh_order_operate.html?command=get_materiel&rest_code=00149&code=00101008005&supplier_code=00100005&order_time=2022-08-06 HTTP/1.1" 200 412
222.69.129.110 - - [06/Aug/2022:09:32:31 +0800] "GET /xingrg/all/function/internal_message.html?_=1659749610371&CODE_STATE=getMsg HTTP/1.1" 200 27
114.83.222.234 - - [06/Aug/2022:09:32:31 +0800] "POST /xingrg/kc/buy/cgsh_order_operate.html HTTP/1.1" 200 2065
114.83.222.234 - - [06/Aug/2022:09:32:33 +0800] "GET /xingrg/all/function/internal_message.html?_=1659749553226&CODE_STATE=getMsg HTTP/1.1" 200 27
114.84.2.83 - - [06/Aug/2022:09:32:35 +0800] "GET /xingrg/check_reg.html?_=1659749551563 HTTP/1.1" 200 22
114.84.2.83 - - [06/Aug/2022:09:32:36 +0800] "GET /xingrg/all/function/internal_message.html?_=1659749552019&CODE_STATE=getMsg HTTP/1.1" 200 27
101.80.228.36 - - [06/Aug/2022:09:32:36 +0800] "GET /xingrg/all/function/internal_message.html?_=1659749554045&CODE_STATE=getMsg HTTP/1.1" 200 27
114.83.222.234 - - [06/Aug/2022:09:32:37 +0800] "GET /xingrg/kc/buy/cgsh_order_operate.html?command=get_materiel&rest_code=00149&code=00101008092&supplier_code=00100005&order_time=2022-08-06 HTTP/1.1" 200 412
101.85.120.95 - - [06/Aug/2022:09:32:42 +0800] "GET /xingrg/all/function/internal_message.html?_=1659749560973&CODE_STATE=getMsg HTTP/1.1" 200 27
114.84.2.83 - - [06/Aug/2022:09:32:43 +0800] "POST /xingrg/kc/buy/cgsh_order_operate.html HTTP/1.1" 200 37
114.84.2.83 - - [06/Aug/2022:09:32:49 +0800] "POST /xingrg/kc/buy/cgsh_order_operate.html HTTP/1.1" 200 26366
114.84.2.83 - - [06/Aug/2022:09:32:50 +0800] "GET /xingrg/kc/print/load_data.html?order_code=212022080601617&kc_code=cgsh&condition= HTTP/1.1" 200 9716
116.224.255.128 - - [06/Aug/2022:09:32:54 +0800] "GET /xingrg/all/function/internal_message.html?_=1659749520719&CODE_STATE=getMsg HTTP/1.1" 200 27
116.224.123.211 - - [06/Aug/2022:09:32:57 +0800] "POST /xingrg/kc/buy/cgsh_order_operate.html HTTP/1.1" 200 37
116.224.123.211 - - [06/Aug/2022:09:33:00 +0800] "POST /xingrg/kc/buy/cgsh_order_operate.html HTTP/1.1" 200 5025
120.253.135.82 - - [06/Aug/2022:09:33:01 +0800] "GET /xingrg/check_reg.html?_=1659749388800 HTTP/1.1" 200 22
58.39.169.63 - - [06/Aug/2022:09:33:06 +0800] "GET /xingrg/all/function/internal_message.html?_=1659749587555&CODE_STATE=getMsg HTTP/1.1" 200 27
116.232.51.90 - - [06/Aug/2022:09:33:07 +0800] "GET /xingrg/all/function/internal_message.html?_=1659749587291&CODE_STATE=getMsg HTTP/1.1" 200 27
58.39.169.63 - - [06/Aug/2022:09:33:10 +0800] "GET /xingrg/all/function/internal_message.html?_=1659749466835&CODE_STATE=getMsg HTTP/1.1" 200 27
58.37.7.214 - - [06/Aug/2022:09:33:11 +0800] "GET /xingrg/all/function/internal_message.html?_=1659749592219&CODE_STATE=getMsg HTTP/1.1" 200 27
114.83.222.234 - - [06/Aug/2022:09:33:13 +0800] "GET /xingrg/kc/buy/cgsh_order_operate.html?command=get_materiel&rest_code=00149&code=00101008353&supplier_code=00100005&order_time=2022-08-06 HTTP/1.1" 200 408
116.232.194.65 - - [06/Aug/2022:09:33:20 +0800] "GET /xingrg/all/function/internal_message.html?_=1659749595749&CODE_STATE=getMsg HTTP/1.1" 200 27
116.224.123.211 - - [06/Aug/2022:09:33:22 +0800] "GET /xingrg/all/function/internal_message.html?_=1659749601892&CODE_STATE=getMsg HTTP/1.1" 200 27
114.83.222.234 - - [06/Aug/2022:09:33:23 +0800] "GET /xingrg/kc/buy/cgsh_order_operate.html?command=get_materiel&rest_code=00149&code=00101008213&supplier_code=00100005&order_time=2022-08-06 HTTP/1.1" 200 412
116.235.94.65 - - [06/Aug/2022:09:33:25 +0800] "GET /xingrg/check_reg.html?_=1659749792357 HTTP/1.1" 200 22
116.235.94.65 - - [06/Aug/2022:09:33:25 +0800] "GET /xingrg/all/function/internal_message.html?_=1659749792356&CODE_STATE=getMsg HTTP/1.1" 200 27
218.81.223.53 - - [06/Aug/2022:09:33:28 +0800] "GET /xingrg/all/function/internal_message.html?_=1659749629554&CODE_STATE=getMsg HTTP/1.1" 200 27
222.69.129.110 - - [06/Aug/2022:09:33:31 +0800] "GET /xingrg/all/function/internal_message.html?_=1659749670345&CODE_STATE=getMsg HTTP/1.1" 200 27
114.83.222.234 - - [06/Aug/2022:09:33:33 +0800] "GET /xingrg/check_reg.html?_=1659749612538 HTTP/1.1" 200 22
114.83.222.234 - - [06/Aug/2022:09:33:34 +0800] "GET /xingrg/all/function/internal_message.html?_=1659749613223&CODE_STATE=getMsg HTTP/1.1" 200 27
114.83.222.234 - - [06/Aug/2022:09:33:36 +0800] "GET /xingrg/kc/buy/cgsh_order_operate.html?command=get_materiel&rest_code=00149&code=00101008095&supplier_code=00100005&order_time=2022-08-06 HTTP/1.1" 200 412
114.84.2.83 - - [06/Aug/2022:09:33:36 +0800] "GET /xingrg/all/function/internal_message.html?_=1659749612028&CODE_STATE=getMsg HTTP/1.1" 200 27
101.80.228.36 - - [06/Aug/2022:09:33:36 +0800] "GET /xingrg/check_reg.html?_=1659749614030 HTTP/1.1" 200 22
101.80.228.36 - - [06/Aug/2022:09:33:36 +0800] "GET /xingrg/all/function/internal_message.html?_=1659749614032&CODE_STATE=getMsg HTTP/1.1" 200 27
116.224.123.211 - - [06/Aug/2022:09:33:40 +0800] "GET /xingrg/kc/base/wldb_order_list.html HTTP/1.1" 200 19142
116.224.123.211 - - [06/Aug/2022:09:33:41 +0800] "POST /xingrg/kc/base/wldb_list_operate.html HTTP/1.1" 200 928
101.85.120.95 - - [06/Aug/2022:09:33:42 +0800] "GET /xingrg/all/function/internal_message.html?_=1659749620973&CODE_STATE=getMsg HTTP/1.1" 200 27
116.224.123.211 - - [06/Aug/2022:09:33:42 +0800] "GET /xingrg/kc/base/wldb_order_add.html HTTP/1.1" 200 30352
116.224.123.211 - - [06/Aug/2022:09:33:42 +0800] "POST /xingrg/kc/base/wldb_order_operate.html HTTP/1.1" 200 6806
116.224.123.211 - - [06/Aug/2022:09:33:42 +0800] "GET /xingrg/all/common/auto_word.html?type=base&rest_code=00102 HTTP/1.1" 200 1857
116.224.123.211 - - [06/Aug/2022:09:33:42 +0800] "GET /xingrg/all/common/auto_word.html?type=base&rest_code=00102 HTTP/1.1" 200 1857
116.224.123.211 - - [06/Aug/2022:09:33:42 +0800] "GET /xingrg/javascript/easyui/themes/default/validatebox.css HTTP/1.1" 404 1104
116.224.123.211 - - [06/Aug/2022:09:33:45 +0800] "POST /xingrg/all/common/load_combo.html?type=base HTTP/1.1" 200 3321
114.83.222.234 - - [06/Aug/2022:09:33:45 +0800] "GET /xingrg/kc/buy/cgsh_order_operate.html?command=get_materiel&rest_code=00149&code=00101008110&supplier_code=00100005&order_time=2022-08-06 HTTP/1.1" 200 408
114.83.222.234 - - [06/Aug/2022:09:33:48 +0800] "POST /xingrg/kc/buy/cgsh_order_operate.html HTTP/1.1" 200 2065
116.224.255.128 - - [06/Aug/2022:09:33:54 +0800] "GET /xingrg/all/function/internal_message.html?_=1659749580733&CODE_STATE=getMsg HTTP/1.1" 200 27
114.83.222.234 - - [06/Aug/2022:09:34:04 +0800] "GET /xingrg/kc/buy/cgsh_order_operate.html?command=get_materiel&rest_code=00149&code=00101008041&supplier_code=00100005&order_time=2022-08-06 HTTP/1.1" 200 408
58.39.169.63 - - [06/Aug/2022:09:34:06 +0800] "GET /xingrg/all/function/internal_message.html?_=1659749647561&CODE_STATE=getMsg HTTP/1.1" 200 27
116.232.51.90 - - [06/Aug/2022:09:34:07 +0800] "GET /xingrg/all/function/internal_message.html?_=1659749647276&CODE_STATE=getMsg HTTP/1.1" 200 27
58.39.169.63 - - [06/Aug/2022:09:34:10 +0800] "GET /xingrg/check_reg.html?_=1659749526862 HTTP/1.1" 200 22
58.39.169.63 - - [06/Aug/2022:09:34:10 +0800] "GET /xingrg/all/function/internal_message.html?_=1659749526864&CODE_STATE=getMsg HTTP/1.1" 200 27
58.37.7.214 - - [06/Aug/2022:09:34:11 +0800] "GET /xingrg/all/function/internal_message.html?_=1659749652204&CODE_STATE=getMsg HTTP/1.1" 200 27
58.37.7.214 - - [06/Aug/2022:09:34:11 +0800] "GET /xingrg/check_reg.html?_=1659749652269 HTTP/1.1" 200 22
116.224.123.211 - - [06/Aug/2022:09:34:11 +0800] "GET /xingrg/kc/base/wldb_order_operate.html?command=get_materiel&rest_code=00102&base_code=0010476&code=00101019018 HTTP/1.1" 200 465
114.83.222.234 - - [06/Aug/2022:09:34:14 +0800] "GET /xingrg/kc/buy/cgsh_order_operate.html?command=get_materiel&rest_code=00149&code=00101008275&supplier_code=00100005&order_time=2022-08-06 HTTP/1.1" 200 417
116.232.194.65 - - [06/Aug/2022:09:34:20 +0800] "GET /xingrg/all/function/internal_message.html?_=1659749655748&CODE_STATE=getMsg HTTP/1.1" 200 27
116.224.123.211 - - [06/Aug/2022:09:34:22 +0800] "GET /xingrg/all/function/internal_message.html?_=1659749661902&CODE_STATE=getMsg HTTP/1.1" 200 27
116.224.123.211 - - [06/Aug/2022:09:34:22 +0800] "GET /xingrg/check_reg.html?_=1659749661902 HTTP/1.1" 200 22
116.235.94.65 - - [06/Aug/2022:09:34:25 +0800] "GET /xingrg/all/function/internal_message.html?_=1659749852345&CODE_STATE=getMsg HTTP/1.1" 200 27
218.81.223.53 - - [06/Aug/2022:09:34:26 +0800] "GET /xingrg/check_reg.html?_=1659749687548 HTTP/1.1" 200 22
218.81.223.53 - - [06/Aug/2022:09:34:28 +0800] "GET /xingrg/all/function/internal_message.html?_=1659749689566&CODE_STATE=getMsg HTTP/1.1" 200 27
222.69.129.110 - - [06/Aug/2022:09:34:31 +0800] "GET /xingrg/all/function/internal_message.html?_=1659749730333&CODE_STATE=getMsg HTTP/1.1" 200 27
114.83.222.234 - - [06/Aug/2022:09:34:33 +0800] "GET /xingrg/all/function/internal_message.html?_=1659749673180&CODE_STATE=getMsg HTTP/1.1" 200 27
114.84.2.83 - - [06/Aug/2022:09:34:36 +0800] "GET /xingrg/all/function/internal_message.html?_=1659749672000&CODE_STATE=getMsg HTTP/1.1" 200 27
101.80.228.36 - - [06/Aug/2022:09:34:36 +0800] "GET /xingrg/all/function/internal_message.html?_=1659749674033&CODE_STATE=getMsg HTTP/1.1" 200 27
101.85.120.95 - - [06/Aug/2022:09:34:42 +0800] "GET /xingrg/all/function/internal_message.html?_=1659749680972&CODE_STATE=getMsg HTTP/1.1" 200 27
116.224.255.128 - - [06/Aug/2022:09:34:54 +0800] "GET /xingrg/all/function/internal_message.html?_=1659749640792&CODE_STATE=getMsg HTTP/1.1" 200 27
114.83.222.234 - - [06/Aug/2022:09:35:04 +0800] "GET /xingrg/kc/buy/cgsh_order_operate.html?command=get_materiel&rest_code=00149&code=00101008284&supplier_code=00100005&order_time=2022-08-06 HTTP/1.1" 200 412
58.39.169.63 - - [06/Aug/2022:09:35:06 +0800] "GET /xingrg/all/function/internal_message.html?_=1659749707620&CODE_STATE=getMsg HTTP/1.1" 200 27
116.232.51.90 - - [06/Aug/2022:09:35:07 +0800] "GET /xingrg/all/function/internal_message.html?_=1659749707256&CODE_STATE=getMsg HTTP/1.1" 200 27
58.39.169.63 - - [06/Aug/2022:09:35:10 +0800] "GET /xingrg/all/function/internal_message.html?_=1659749586865&CODE_STATE=getMsg HTTP/1.1" 200 27
58.37.7.214 - - [06/Aug/2022:09:35:11 +0800] "GET /xingrg/all/function/internal_message.html?_=1659749712177&CODE_STATE=getMsg HTTP/1.1" 200 27
58.39.169.63 - - [06/Aug/2022:09:35:12 +0800] "GET /xingrg/kc/buy/cgsh_order_operate.html?command=get_materiel&rest_code=00105&code=00101008361&supplier_code=00100203&order_time=2022-08-06 HTTP/1.1" 200 408
58.39.169.63 - - [06/Aug/2022:09:35:19 +0800] "GET /xingrg/kc/buy/cgsh_order_operate.html?command=get_materiel&rest_code=00105&code=00101008264&supplier_code=00100203&order_time=2022-08-06 HTTP/1.1" 200 412
116.232.194.65 - - [06/Aug/2022:09:35:20 +0800] "GET /xingrg/all/function/internal_message.html?_=1659749715732&CODE_STATE=getMsg HTTP/1.1" 200 27
114.83.222.234 - - [06/Aug/2022:09:35:21 +0800] "POST /xingrg/kc/buy/cgsh_order_operate.html HTTP/1.1" 200 2065
116.224.123.211 - - [06/Aug/2022:09:35:22 +0800] "GET /xingrg/all/function/internal_message.html?_=1659749721897&CODE_STATE=getMsg HTTP/1.1" 200 27
116.235.94.65 - - [06/Aug/2022:09:35:25 +0800] "GET /xingrg/all/function/internal_message.html?_=1659749912350&CODE_STATE=getMsg HTTP/1.1" 200 27
