218.81.223.53 - - [01/Aug/2022:09:08:05 +0800] "GET /xingrg/dwr/interface/AjaxCheckService.js HTTP/1.1" 200 14003
218.81.223.53 - - [01/Aug/2022:09:08:05 +0800] "GET /xingrg/dwr/engine.js HTTP/1.1" 200 43631
218.81.223.53 - - [01/Aug/2022:09:08:06 +0800] "POST /xingrg/dwr/call/plaincall/AjaxCheckService.loadOrderItems.dwr HTTP/1.1" 200 129593
101.80.228.36 - - [01/Aug/2022:09:08:06 +0800] "GET /xingrg/all/function/internal_message.html?_=1659316086160&CODE_STATE=getMsg HTTP/1.1" 200 27
114.84.2.83 - - [01/Aug/2022:09:08:07 +0800] "GET /xingrg/all/function/internal_message.html?_=1659316086341&CODE_STATE=getMsg HTTP/1.1" 200 27
116.233.76.215 - - [01/Aug/2022:09:08:15 +0800] "GET /xingrg/kc/base/base_main.html HTTP/1.1" 200 12142
116.233.76.215 - - [01/Aug/2022:09:08:16 +0800] "GET /xingrg/kc/base/check_order_list.html HTTP/1.1" 200 16261
116.233.76.215 - - [01/Aug/2022:09:08:16 +0800] "POST /xingrg/kc/base/check_list_operate.html HTTP/1.1" 200 4670
180.162.252.181 - - [01/Aug/2022:09:08:18 +0800] "GET /xingrg/check_reg.html?_=1659315977233 HTTP/1.1" 200 22
180.162.252.181 - - [01/Aug/2022:09:08:18 +0800] "GET /xingrg/all/function/internal_message.html?_=1659315977235&CODE_STATE=getMsg HTTP/1.1" 200 27
116.233.76.215 - - [01/Aug/2022:09:08:21 +0800] "POST /xingrg/kc/base/check_list_operate.html HTTP/1.1" 200 2078
218.81.223.53 - - [01/Aug/2022:09:08:21 +0800] "POST /xingrg/dwr/call/plaincall/AjaxCheckService.setItemNumber.dwr HTTP/1.1" 200 76
218.81.223.53 - - [01/Aug/2022:09:08:22 +0800] "POST /xingrg/dwr/call/plaincall/AjaxCheckService.setItemNumber.dwr HTTP/1.1" 200 76
116.233.76.215 - - [01/Aug/2022:09:08:23 +0800] "POST /xingrg/kc/base/check_list_operate.html HTTP/1.1" 200 4670
218.81.223.53 - - [01/Aug/2022:09:08:23 +0800] "POST /xingrg/dwr/call/plaincall/AjaxCheckService.setItemNumber.dwr HTTP/1.1" 200 76
218.81.223.53 - - [01/Aug/2022:09:08:24 +0800] "POST /xingrg/dwr/call/plaincall/AjaxCheckService.setItemNumber.dwr HTTP/1.1" 200 76
180.162.252.181 - - [01/Aug/2022:09:08:25 +0800] "GET /xingrg/all/function/internal_message.html?_=1659316106546&CODE_STATE=getMsg HTTP/1.1" 200 27
218.81.223.53 - - [01/Aug/2022:09:08:26 +0800] "POST /xingrg/dwr/call/plaincall/AjaxCheckService.setItemNumber.dwr HTTP/1.1" 200 76
218.81.223.53 - - [01/Aug/2022:09:08:27 +0800] "POST /xingrg/dwr/call/plaincall/AjaxCheckService.setItemNumber.dwr HTTP/1.1" 200 76
218.81.223.53 - - [01/Aug/2022:09:08:28 +0800] "POST /xingrg/dwr/call/plaincall/AjaxCheckService.setItemNumber.dwr HTTP/1.1" 200 76
218.81.223.53 - - [01/Aug/2022:09:08:28 +0800] "POST /xingrg/dwr/call/plaincall/AjaxCheckService.setItemNumber.dwr HTTP/1.1" 200 76
218.81.223.53 - - [01/Aug/2022:09:08:30 +0800] "POST /xingrg/dwr/call/plaincall/AjaxCheckService.setItemNumber.dwr HTTP/1.1" 200 76
218.81.223.53 - - [01/Aug/2022:09:08:30 +0800] "POST /xingrg/dwr/call/plaincall/AjaxCheckService.setItemNumber.dwr HTTP/1.1" 200 77
116.224.255.128 - - [01/Aug/2022:09:08:31 +0800] "GET /xingrg/all/function/internal_message.html?_=1659316109696&CODE_STATE=getMsg HTTP/1.1" 200 27
218.81.223.53 - - [01/Aug/2022:09:08:31 +0800] "POST /xingrg/dwr/call/plaincall/AjaxCheckService.setItemNumber.dwr HTTP/1.1" 200 77
116.233.76.215 - - [01/Aug/2022:09:08:32 +0800] "POST /xingrg/kc/base/check_list_operate.html HTTP/1.1" 200 2078
218.81.223.53 - - [01/Aug/2022:09:08:32 +0800] "POST /xingrg/dwr/call/plaincall/AjaxCheckService.setItemNumber.dwr HTTP/1.1" 200 77
116.233.76.215 - - [01/Aug/2022:09:08:33 +0800] "GET /xingrg/kc/base/check_order_add.html HTTP/1.1" 200 26562
116.233.76.215 - - [01/Aug/2022:09:08:33 +0800] "GET /xingrg/dwr/interface/AjaxComOrderService.js HTTP/1.1" 200 18264
116.233.76.215 - - [01/Aug/2022:09:08:34 +0800] "GET /xingrg/dwr/interface/AjaxCheckService.js HTTP/1.1" 200 14003
116.233.76.215 - - [01/Aug/2022:09:08:34 +0800] "GET /xingrg/dwr/engine.js HTTP/1.1" 200 43631
218.81.223.53 - - [01/Aug/2022:09:08:34 +0800] "POST /xingrg/dwr/call/plaincall/AjaxCheckService.setItemNumber.dwr HTTP/1.1" 200 77
218.81.223.53 - - [01/Aug/2022:09:08:35 +0800] "POST /xingrg/dwr/call/plaincall/AjaxCheckService.setItemNumber.dwr HTTP/1.1" 200 77
218.81.223.53 - - [01/Aug/2022:09:08:36 +0800] "POST /xingrg/dwr/call/plaincall/AjaxCheckService.setItemNumber.dwr HTTP/1.1" 200 77
218.81.223.53 - - [01/Aug/2022:09:08:37 +0800] "POST /xingrg/dwr/call/plaincall/AjaxCheckService.setItemNumber.dwr HTTP/1.1" 200 77
218.81.223.53 - - [01/Aug/2022:09:08:38 +0800] "GET /xingrg/check_reg.html?_=1659316119123 HTTP/1.1" 200 22
218.81.223.53 - - [01/Aug/2022:09:08:38 +0800] "POST /xingrg/dwr/call/plaincall/AjaxCheckService.setItemNumber.dwr HTTP/1.1" 200 77
218.81.223.53 - - [01/Aug/2022:09:08:39 +0800] "POST /xingrg/dwr/call/plaincall/AjaxCheckService.setItemNumber.dwr HTTP/1.1" 200 77
218.81.223.53 - - [01/Aug/2022:09:08:40 +0800] "POST /xingrg/dwr/call/plaincall/AjaxCheckService.setItemNumber.dwr HTTP/1.1" 200 77
218.81.223.53 - - [01/Aug/2022:09:08:41 +0800] "POST /xingrg/dwr/call/plaincall/AjaxCheckService.setItemNumber.dwr HTTP/1.1" 200 77
116.233.76.215 - - [01/Aug/2022:09:08:41 +0800] "POST /xingrg/dwr/call/plaincall/AjaxCheckService.saveOrder.dwr HTTP/1.1" 200 78
218.81.223.53 - - [01/Aug/2022:09:08:42 +0800] "POST /xingrg/dwr/call/plaincall/AjaxCheckService.setItemNumber.dwr HTTP/1.1" 200 77
116.233.76.215 - - [01/Aug/2022:09:08:43 +0800] "POST /xingrg/dwr/call/plaincall/AjaxCheckService.loadOrderItems.dwr HTTP/1.1" 200 367
218.81.223.53 - - [01/Aug/2022:09:08:43 +0800] "POST /xingrg/dwr/call/plaincall/AjaxCheckService.setItemNumber.dwr HTTP/1.1" 200 77
218.81.223.53 - - [01/Aug/2022:09:08:43 +0800] "GET /xingrg/all/function/internal_message.html?_=1659316124808&CODE_STATE=getMsg HTTP/1.1" 200 27
218.81.223.53 - - [01/Aug/2022:09:08:44 +0800] "POST /xingrg/dwr/call/plaincall/AjaxCheckService.setItemNumber.dwr HTTP/1.1" 200 77
218.81.223.53 - - [01/Aug/2022:09:08:45 +0800] "POST /xingrg/dwr/call/plaincall/AjaxCheckService.setItemNumber.dwr HTTP/1.1" 200 77
116.233.76.215 - - [01/Aug/2022:09:08:47 +0800] "POST /xingrg/dwr/call/plaincall/AjaxCheckService.importOrderItems.dwr HTTP/1.1" 200 78
218.81.223.53 - - [01/Aug/2022:09:08:48 +0800] "POST /xingrg/dwr/call/plaincall/AjaxCheckService.setItemNumber.dwr HTTP/1.1" 200 77
116.233.76.215 - - [01/Aug/2022:09:08:49 +0800] "POST /xingrg/dwr/call/plaincall/AjaxCheckService.loadOrderItems.dwr HTTP/1.1" 200 95843
218.81.223.53 - - [01/Aug/2022:09:08:49 +0800] "POST /xingrg/dwr/call/plaincall/AjaxCheckService.setItemNumber.dwr HTTP/1.1" 200 77
218.81.223.53 - - [01/Aug/2022:09:08:50 +0800] "POST /xingrg/dwr/call/plaincall/AjaxCheckService.setItemNumber.dwr HTTP/1.1" 200 77
101.83.240.35 - - [01/Aug/2022:09:08:50 +0800] "GET /xingrg/all/function/internal_message.html?_=1659316130500&CODE_STATE=getMsg HTTP/1.1" 200 27
218.81.223.53 - - [01/Aug/2022:09:08:51 +0800] "POST /xingrg/dwr/call/plaincall/AjaxCheckService.setItemNumber.dwr HTTP/1.1" 200 77
116.233.76.215 - - [01/Aug/2022:09:08:51 +0800] "GET /xingrg/kc/print/load_config.html?_=1659316135176&kc_code=check HTTP/1.1" 200 2409
218.81.223.53 - - [01/Aug/2022:09:08:52 +0800] "POST /xingrg/dwr/call/plaincall/AjaxCheckService.setItemNumber.dwr HTTP/1.1" 200 77
116.233.76.215 - - [01/Aug/2022:09:08:52 +0800] "GET /xingrg/kc/print/load_data.html?_=1659316135341&order_code=452022080100001&kc_code=check&condition= HTTP/1.1" 200 26337
218.81.223.53 - - [01/Aug/2022:09:08:54 +0800] "POST /xingrg/dwr/call/plaincall/AjaxCheckService.setItemNumber.dwr HTTP/1.1" 200 77
58.221.95.50 - - [01/Aug/2022:09:08:54 +0800] "GET /xingrg/check_reg.html?_=1659316135813 HTTP/1.1" 302 -
218.81.223.53 - - [01/Aug/2022:09:08:54 +0800] "POST /xingrg/dwr/call/plaincall/AjaxCheckService.setItemNumber.dwr HTTP/1.1" 200 77
218.81.223.53 - - [01/Aug/2022:09:08:55 +0800] "POST /xingrg/dwr/call/plaincall/AjaxCheckService.setItemNumber.dwr HTTP/1.1" 200 77
218.81.223.53 - - [01/Aug/2022:09:08:56 +0800] "POST /xingrg/dwr/call/plaincall/AjaxCheckService.setItemNumber.dwr HTTP/1.1" 200 77
116.233.76.215 - - [01/Aug/2022:09:08:58 +0800] "GET /xingrg/check_reg.html?_=1659316141854 HTTP/1.1" 200 22
116.233.76.215 - - [01/Aug/2022:09:08:58 +0800] "GET /xingrg/all/function/internal_message.html?_=1659316141857&CODE_STATE=getMsg HTTP/1.1" 200 27
218.81.223.53 - - [01/Aug/2022:09:08:58 +0800] "POST /xingrg/dwr/call/plaincall/AjaxCheckService.setItemNumber.dwr HTTP/1.1" 200 77
218.81.223.53 - - [01/Aug/2022:09:08:59 +0800] "POST /xingrg/dwr/call/plaincall/AjaxCheckService.setItemNumber.dwr HTTP/1.1" 200 77
116.232.194.65 - - [01/Aug/2022:09:08:59 +0800] "GET /xingrg/all/function/internal_message.html?_=1659316125236&CODE_STATE=getMsg HTTP/1.1" 200 27
116.232.194.65 - - [01/Aug/2022:09:08:59 +0800] "GET /xingrg/check_reg.html?_=1659316125242 HTTP/1.1" 200 22
116.233.76.215 - - [01/Aug/2022:09:08:59 +0800] "GET /xingrg/kc/base/check_order_list.html?isBack=1 HTTP/1.1" 200 16261
116.233.76.215 - - [01/Aug/2022:09:08:59 +0800] "POST /xingrg/kc/base/check_list_operate.html HTTP/1.1" 200 4673
218.81.223.53 - - [01/Aug/2022:09:09:00 +0800] "POST /xingrg/dwr/call/plaincall/AjaxCheckService.setItemNumber.dwr HTTP/1.1" 200 77
218.81.223.53 - - [01/Aug/2022:09:09:00 +0800] "POST /xingrg/dwr/call/plaincall/AjaxCheckService.setItemNumber.dwr HTTP/1.1" 200 77
218.81.223.53 - - [01/Aug/2022:09:09:01 +0800] "POST /xingrg/dwr/call/plaincall/AjaxCheckService.setItemNumber.dwr HTTP/1.1" 200 77
116.233.76.215 - - [01/Aug/2022:09:09:01 +0800] "GET /xingrg/kc/base/check_order_add.html HTTP/1.1" 200 26562
116.233.76.215 - - [01/Aug/2022:09:09:01 +0800] "GET /xingrg/dwr/interface/AjaxComOrderService.js HTTP/1.1" 200 18264
116.233.76.215 - - [01/Aug/2022:09:09:01 +0800] "GET /xingrg/dwr/interface/AjaxCheckService.js HTTP/1.1" 200 14003
116.233.76.215 - - [01/Aug/2022:09:09:02 +0800] "GET /xingrg/dwr/engine.js HTTP/1.1" 200 43631
120.253.135.82 - - [01/Aug/2022:09:09:02 +0800] "GET /xingrg/all/function/internal_message.html?_=1659315949383&CODE_STATE=getMsg HTTP/1.1" 200 27
218.81.223.53 - - [01/Aug/2022:09:09:02 +0800] "POST /xingrg/dwr/call/plaincall/AjaxCheckService.setItemNumber.dwr HTTP/1.1" 200 77
218.81.223.53 - - [01/Aug/2022:09:09:03 +0800] "POST /xingrg/dwr/call/plaincall/AjaxCheckService.setItemNumber.dwr HTTP/1.1" 200 77
101.80.228.36 - - [01/Aug/2022:09:09:04 +0800] "GET /xingrg/kc/base/check_order_list.html HTTP/1.1" 200 16528
218.81.223.53 - - [01/Aug/2022:09:09:04 +0800] "POST /xingrg/dwr/call/plaincall/AjaxCheckService.setItemNumber.dwr HTTP/1.1" 200 77
101.80.228.36 - - [01/Aug/2022:09:09:04 +0800] "POST /xingrg/kc/base/check_list_operate.html HTTP/1.1" 200 3591
218.81.223.53 - - [01/Aug/2022:09:09:05 +0800] "POST /xingrg/dwr/call/plaincall/AjaxCheckService.setItemNumber.dwr HTTP/1.1" 200 77
218.81.223.53 - - [01/Aug/2022:09:09:05 +0800] "POST /xingrg/dwr/call/plaincall/AjaxCheckService.setItemNumber.dwr HTTP/1.1" 200 77
101.80.228.36 - - [01/Aug/2022:09:09:06 +0800] "GET /xingrg/all/function/internal_message.html?_=1659316146164&CODE_STATE=getMsg HTTP/1.1" 200 27
218.81.223.53 - - [01/Aug/2022:09:09:06 +0800] "POST /xingrg/dwr/call/plaincall/AjaxCheckService.setItemNumber.dwr HTTP/1.1" 200 77
114.84.2.83 - - [01/Aug/2022:09:09:07 +0800] "GET /xingrg/all/function/internal_message.html?_=1659316146342&CODE_STATE=getMsg HTTP/1.1" 200 27
218.81.223.53 - - [01/Aug/2022:09:09:07 +0800] "POST /xingrg/dwr/call/plaincall/AjaxCheckService.setItemNumber.dwr HTTP/1.1" 200 77
101.80.228.36 - - [01/Aug/2022:09:09:08 +0800] "POST /xingrg/kc/base/check_list_operate.html HTTP/1.1" 200 3591
116.233.76.215 - - [01/Aug/2022:09:09:10 +0800] "POST /xingrg/dwr/call/plaincall/AjaxCheckService.saveOrder.dwr HTTP/1.1" 200 78
116.233.76.215 - - [01/Aug/2022:09:09:12 +0800] "POST /xingrg/dwr/call/plaincall/AjaxCheckService.loadOrderItems.dwr HTTP/1.1" 200 367
114.84.2.83 - - [01/Aug/2022:09:09:13 +0800] "POST /xingrg/dwr/call/plaincall/AjaxCheckService.setItemNumber.dwr HTTP/1.1" 200 76
218.81.223.53 - - [01/Aug/2022:09:09:13 +0800] "POST /xingrg/dwr/call/plaincall/AjaxCheckService.setItemNumber.dwr HTTP/1.1" 200 77
218.81.223.53 - - [01/Aug/2022:09:09:16 +0800] "POST /xingrg/dwr/call/plaincall/AjaxCheckService.setItemNumber.dwr HTTP/1.1" 200 77
116.233.76.215 - - [01/Aug/2022:09:09:16 +0800] "POST /xingrg/dwr/call/plaincall/AjaxCheckService.importOrderItems.dwr HTTP/1.1" 200 78
180.162.252.181 - - [01/Aug/2022:09:09:18 +0800] "GET /xingrg/all/function/internal_message.html?_=1659316037221&CODE_STATE=getMsg HTTP/1.1" 200 27
218.81.223.53 - - [01/Aug/2022:09:09:18 +0800] "POST /xingrg/dwr/call/plaincall/AjaxCheckService.setItemNumber.dwr HTTP/1.1" 200 77
116.233.76.215 - - [01/Aug/2022:09:09:18 +0800] "POST /xingrg/dwr/call/plaincall/AjaxCheckService.loadOrderItems.dwr HTTP/1.1" 200 1651
218.81.223.53 - - [01/Aug/2022:09:09:19 +0800] "POST /xingrg/dwr/call/plaincall/AjaxCheckService.setItemNumber.dwr HTTP/1.1" 200 77
180.162.252.181 - - [01/Aug/2022:09:09:25 +0800] "GET /xingrg/all/function/internal_message.html?_=1659316166555&CODE_STATE=getMsg HTTP/1.1" 200 27
180.162.252.181 - - [01/Aug/2022:09:09:29 +0800] "GET /xingrg/kc/buy/cgsh_order_list.html HTTP/1.1" 200 52280
218.81.223.53 - - [01/Aug/2022:09:09:31 +0800] "POST /xingrg/dwr/call/plaincall/AjaxCheckService.setItemNumber.dwr HTTP/1.1" 200 77
116.224.255.128 - - [01/Aug/2022:09:09:31 +0800] "GET /xingrg/all/function/internal_message.html?_=1659316169702&CODE_STATE=getMsg HTTP/1.1" 200 27
116.224.255.128 - - [01/Aug/2022:09:09:31 +0800] "GET /xingrg/check_reg.html?_=1659316169705 HTTP/1.1" 200 22
180.162.252.181 - - [01/Aug/2022:09:09:32 +0800] "POST /xingrg/kc/buy/cgsh_list_operate.html HTTP/1.1" 200 2063
218.81.223.53 - - [01/Aug/2022:09:09:33 +0800] "POST /xingrg/dwr/call/plaincall/AjaxCheckService.setItemNumber.dwr HTTP/1.1" 200 77
218.81.223.53 - - [01/Aug/2022:09:09:34 +0800] "POST /xingrg/dwr/call/plaincall/AjaxCheckService.setItemNumber.dwr HTTP/1.1" 200 77
180.162.252.181 - - [01/Aug/2022:09:09:37 +0800] "GET /xingrg/kc/buy/cgsh_order_add.html HTTP/1.1" 200 68144
180.162.252.181 - - [01/Aug/2022:09:09:38 +0800] "POST /xingrg/kc/buy/cgsh_order_operate.html HTTP/1.1" 200 8245
180.162.252.181 - - [01/Aug/2022:09:09:38 +0800] "GET /xingrg/javascript/easyui/themes/default/validatebox.css HTTP/1.1" 404 1104
101.80.228.36 - - [01/Aug/2022:09:09:39 +0800] "POST /xingrg/kc/base/check_list_operate.html HTTP/1.1" 200 5508
218.81.223.53 - - [01/Aug/2022:09:09:43 +0800] "GET /xingrg/all/function/internal_message.html?_=1659316184816&CODE_STATE=getMsg HTTP/1.1" 200 27
116.232.194.65 - - [01/Aug/2022:09:09:45 +0800] "GET /xingrg/kc/print/report_design.html?orderType=cgsh HTTP/1.1" 200 8625
116.232.194.65 - - [01/Aug/2022:09:09:45 +0800] "GET /favicon.ico HTTP/1.1" 404 -
116.232.194.65 - - [01/Aug/2022:09:09:45 +0800] "GET /xingrg/kc/print/design_operate.html?_=1659316171737&command=load_config&code=cgsh HTTP/1.1" 200 2853
101.80.228.36 - - [01/Aug/2022:09:09:47 +0800] "GET /xingrg/kc/base/check_order_info.html?code=452022073100125 HTTP/1.1" 200 23120
101.80.228.36 - - [01/Aug/2022:09:09:47 +0800] "GET /xingrg/dwr/interface/AjaxComOrderService.js HTTP/1.1" 200 18264
101.80.228.36 - - [01/Aug/2022:09:09:47 +0800] "GET /xingrg/dwr/interface/AjaxCheckService.js HTTP/1.1" 200 14003
101.80.228.36 - - [01/Aug/2022:09:09:47 +0800] "GET /xingrg/dwr/engine.js HTTP/1.1" 200 43631
101.80.228.36 - - [01/Aug/2022:09:09:48 +0800] "POST /xingrg/dwr/call/plaincall/AjaxCheckService.loadOrderItems.dwr HTTP/1.1" 200 1596
180.162.252.181 - - [01/Aug/2022:09:09:50 +0800] "GET /xingrg/kc/buy/cgsh_order_operate.html?command=get_materiel&rest_code=00105&code=00101006203&supplier_code=00100016&order_time=2022-08-01 HTTP/1.1" 200 410
101.83.240.35 - - [01/Aug/2022:09:09:50 +0800] "GET /xingrg/all/function/internal_message.html?_=1659316190497&CODE_STATE=getMsg HTTP/1.1" 200 27
101.83.240.35 - - [01/Aug/2022:09:09:51 +0800] "GET /xingrg/check_reg.html?_=1659316190498 HTTP/1.1" 200 22
116.233.76.215 - - [01/Aug/2022:09:09:58 +0800] "GET /xingrg/all/function/internal_message.html?_=1659316201866&CODE_STATE=getMsg HTTP/1.1" 200 27
116.232.194.65 - - [01/Aug/2022:09:09:59 +0800] "GET /xingrg/all/function/internal_message.html?_=1659316185231&CODE_STATE=getMsg HTTP/1.1" 200 27
120.253.135.82 - - [01/Aug/2022:09:10:02 +0800] "GET /xingrg/all/function/internal_message.html?_=1659316009601&CODE_STATE=getMsg HTTP/1.1" 200 27
101.80.228.36 - - [01/Aug/2022:09:10:06 +0800] "GET /xingrg/check_reg.html?_=1659316206156 HTTP/1.1" 200 22
101.80.228.36 - - [01/Aug/2022:09:10:06 +0800] "GET /xingrg/all/function/internal_message.html?_=1659316206157&CODE_STATE=getMsg HTTP/1.1" 200 27
114.84.2.83 - - [01/Aug/2022:09:10:07 +0800] "GET /xingrg/all/function/internal_message.html?_=1659316206335&CODE_STATE=getMsg HTTP/1.1" 200 27
101.80.228.36 - - [01/Aug/2022:09:10:09 +0800] "GET /xingrg/kc/base/wldb_order_list.html HTTP/1.1" 200 19403
101.80.228.36 - - [01/Aug/2022:09:10:10 +0800] "POST /xingrg/kc/base/wldb_list_operate.html HTTP/1.1" 200 928
101.83.240.35 - - [01/Aug/2022:09:10:12 +0800] "GET /xingrg/javascript/auto/indicator.gif HTTP/1.1" 404 1066
101.83.240.35 - - [01/Aug/2022:09:10:15 +0800] "GET /xingrg/javascript/jquery_tools/images/prev.gif HTTP/1.1" 404 1086
101.83.240.35 - - [01/Aug/2022:09:10:15 +0800] "GET /xingrg/javascript/jquery_tools/images/next.gif HTTP/1.1" 404 1086
180.162.252.181 - - [01/Aug/2022:09:10:18 +0800] "GET /xingrg/kc/buy/cgsh_order_operate.html?command=get_materiel&rest_code=00105&code=00101006317&supplier_code=00100016&order_time=2022-08-01 HTTP/1.1" 200 413
180.162.252.181 - - [01/Aug/2022:09:10:18 +0800] "GET /xingrg/all/function/internal_message.html?_=1659316097220&CODE_STATE=getMsg HTTP/1.1" 200 27
180.162.252.181 - - [01/Aug/2022:09:10:25 +0800] "GET /xingrg/all/function/internal_message.html?_=1659316226565&CODE_STATE=getMsg HTTP/1.1" 200 27
180.162.252.181 - - [01/Aug/2022:09:10:30 +0800] "GET /xingrg/kc/buy/cgsh_order_operate.html?command=get_materiel&rest_code=00105&code=00101006112&supplier_code=00100016&order_time=2022-08-01 HTTP/1.1" 200 409
116.224.255.128 - - [01/Aug/2022:09:10:31 +0800] "GET /xingrg/all/function/internal_message.html?_=1659316229704&CODE_STATE=getMsg HTTP/1.1" 200 27
120.253.135.82 - - [01/Aug/2022:09:10:36 +0800] "GET /xingrg/kc/pszx/mdqp_order_list.html?state=10 HTTP/1.1" 200 10217
120.253.135.82 - - [01/Aug/2022:09:10:36 +0800] "GET /xingrg/dwr/interface/AjaxQqpsService.js HTTP/1.1" 200 16326
120.253.135.82 - - [01/Aug/2022:09:10:36 +0800] "GET /xingrg/dwr/engine.js HTTP/1.1" 200 43631
120.253.135.82 - - [01/Aug/2022:09:10:36 +0800] "GET /xingrg/dwr/interface/AjaxReportQueryService.js HTTP/1.1" 200 13203
120.253.135.82 - - [01/Aug/2022:09:10:38 +0800] "GET /xingrg/kc/pszx/mdps_order_list.html?orderType=0 HTTP/1.1" 200 21007
120.253.135.82 - - [01/Aug/2022:09:10:39 +0800] "POST /xingrg/kc/pszx/mdps_list_operate.html HTTP/1.1" 200 5375
101.83.240.35 - - [01/Aug/2022:09:10:43 +0800] "GET /xingrg/kc/buy/cgsh_order_operate.html?command=get_materiel&rest_code=00149&code=00101008176&supplier_code=00100005&order_time=2022-08-01 HTTP/1.1" 200 413
218.81.223.53 - - [01/Aug/2022:09:10:43 +0800] "GET /xingrg/all/function/internal_message.html?_=1659316244829&CODE_STATE=getMsg HTTP/1.1" 200 27
120.253.135.82 - - [01/Aug/2022:09:10:45 +0800] "POST /xingrg/kc/pszx/mdps_list_operate.html HTTP/1.1" 200 2423
180.162.252.181 - - [01/Aug/2022:09:10:46 +0800] "GET /xingrg/kc/buy/cgsh_order_operate.html?command=get_materiel&rest_code=00105&code=00101006138&supplier_code=00100016&order_time=2022-08-01 HTTP/1.1" 200 409
120.253.135.82 - - [01/Aug/2022:09:10:47 +0800] "POST /xingrg/kc/pszx/mdps_list_operate.html HTTP/1.1" 200 292
120.253.135.82 - - [01/Aug/2022:09:10:48 +0800] "GET /xingrg/kc/pszx/mdps_order_info.html?code=312022073100511 HTTP/1.1" 200 23976
120.253.135.82 - - [01/Aug/2022:09:10:49 +0800] "GET /xingrg/javascript/easyui/themes/default/validatebox.css HTTP/1.1" 404 1104
120.253.135.82 - - [01/Aug/2022:09:10:50 +0800] "POST /xingrg/kc/pszx/mdps_order_operate.html HTTP/1.1" 200 2791
101.83.240.35 - - [01/Aug/2022:09:10:50 +0800] "GET /xingrg/all/function/internal_message.html?_=1659316250502&CODE_STATE=getMsg HTTP/1.1" 200 27
120.253.135.82 - - [01/Aug/2022:09:10:53 +0800] "POST /xingrg/kc/pszx/mdps_order_operate.html HTTP/1.1" 200 37
116.233.76.215 - - [01/Aug/2022:09:10:55 +0800] "POST /xingrg/dwr/call/plaincall/AjaxCheckService.setItemNumber.dwr HTTP/1.1" 200 76
116.233.76.215 - - [01/Aug/2022:09:10:55 +0800] "POST /xingrg/dwr/call/plaincall/AjaxCheckService.setItemNumber.dwr HTTP/1.1" 200 76
116.233.76.215 - - [01/Aug/2022:09:10:58 +0800] "GET /xingrg/all/function/internal_message.html?_=1659316261864&CODE_STATE=getMsg HTTP/1.1" 200 27
120.253.135.82 - - [01/Aug/2022:09:10:58 +0800] "POST /xingrg/kc/pszx/mdps_order_operate.html HTTP/1.1" 200 12
116.232.194.65 - - [01/Aug/2022:09:10:59 +0800] "GET /xingrg/all/function/internal_message.html?_=1659316245230&CODE_STATE=getMsg HTTP/1.1" 200 27
101.83.240.35 - - [01/Aug/2022:09:11:00 +0800] "GET /xingrg/kc/buy/cgsh_order_operate.html?command=get_materiel&rest_code=00149&code=00101008132&supplier_code=00100005&order_time=2022-08-01 HTTP/1.1" 200 408
120.253.135.82 - - [01/Aug/2022:09:11:00 +0800] "GET /xingrg/kc/pszx/mdps_order_info.html?code=312022073100511 HTTP/1.1" 200 19636
116.233.76.215 - - [01/Aug/2022:09:11:01 +0800] "POST /xingrg/dwr/call/plaincall/AjaxCheckService.checkOrder.dwr HTTP/1.1" 200 78
120.253.135.82 - - [01/Aug/2022:09:11:01 +0800] "GET /xingrg/javascript/easyui/themes/default/validatebox.css HTTP/1.1" 404 1104
120.253.135.82 - - [01/Aug/2022:09:11:02 +0800] "POST /xingrg/kc/pszx/mdps_order_operate.html HTTP/1.1" 200 1009
120.253.135.82 - - [01/Aug/2022:09:11:02 +0800] "GET /xingrg/all/function/internal_message.html?_=1659316069613&CODE_STATE=getMsg HTTP/1.1" 200 27
116.233.76.215 - - [01/Aug/2022:09:11:02 +0800] "GET /xingrg/kc/base/check_order_info.html?code=452022080100002 HTTP/1.1" 200 22858
116.233.76.215 - - [01/Aug/2022:09:11:02 +0800] "GET /xingrg/dwr/interface/AjaxComOrderService.js HTTP/1.1" 200 18264
116.233.76.215 - - [01/Aug/2022:09:11:02 +0800] "GET /xingrg/dwr/interface/AjaxCheckService.js HTTP/1.1" 200 14003
116.233.76.215 - - [01/Aug/2022:09:11:02 +0800] "GET /xingrg/dwr/engine.js HTTP/1.1" 200 43631
116.233.76.215 - - [01/Aug/2022:09:11:03 +0800] "GET /xingrg/javascript/jquery_easy_ui/themes/icons/exam_new.png HTTP/1.1" 200 756
116.233.76.215 - - [01/Aug/2022:09:11:03 +0800] "POST /xingrg/dwr/call/plaincall/AjaxCheckService.loadOrderItems.dwr HTTP/1.1" 200 941
120.253.135.82 - - [01/Aug/2022:09:11:04 +0800] "POST /xingrg/kc/pszx/mdps_list_operate.html HTTP/1.1" 200 205
116.233.76.215 - - [01/Aug/2022:09:11:05 +0800] "GET /xingrg/kc/base/check_order_list.html?isBack=1 HTTP/1.1" 200 16261
116.233.76.215 - - [01/Aug/2022:09:11:05 +0800] "POST /xingrg/kc/base/check_list_operate.html HTTP/1.1" 200 4673
120.253.135.82 - - [01/Aug/2022:09:11:06 +0800] "GET /xingrg/kc/pszx/mdps_order_info.html?code=312022073100513 HTTP/1.1" 200 23976
101.80.228.36 - - [01/Aug/2022:09:11:06 +0800] "GET /xingrg/all/function/internal_message.html?_=1659316266162&CODE_STATE=getMsg HTTP/1.1" 200 27
120.253.135.82 - - [01/Aug/2022:09:11:06 +0800] "GET /xingrg/javascript/easyui/themes/default/validatebox.css HTTP/1.1" 404 1104
114.84.2.83 - - [01/Aug/2022:09:11:07 +0800] "GET /xingrg/all/function/internal_message.html?_=1659316266333&CODE_STATE=getMsg HTTP/1.1" 200 27
120.253.135.82 - - [01/Aug/2022:09:11:07 +0800] "POST /xingrg/kc/pszx/mdps_order_operate.html HTTP/1.1" 200 2282
116.233.76.215 - - [01/Aug/2022:09:11:07 +0800] "GET /xingrg/kc/base/check_order_add.html HTTP/1.1" 200 26562
116.233.76.215 - - [01/Aug/2022:09:11:07 +0800] "GET /xingrg/dwr/interface/AjaxComOrderService.js HTTP/1.1" 200 18264
116.233.76.215 - - [01/Aug/2022:09:11:07 +0800] "GET /xingrg/dwr/interface/AjaxCheckService.js HTTP/1.1" 200 14003
116.233.76.215 - - [01/Aug/2022:09:11:07 +0800] "GET /xingrg/dwr/engine.js HTTP/1.1" 200 43631
101.83.240.35 - - [01/Aug/2022:09:11:09 +0800] "GET /xingrg/kc/buy/cgsh_order_operate.html?command=get_materiel&rest_code=00149&code=00101008257&supplier_code=00100005&order_time=2022-08-01 HTTP/1.1" 200 416
116.232.194.65 - - [01/Aug/2022:09:11:11 +0800] "GET /xingrg/kc/buy/cgsh_order_list.html HTTP/1.1" 200 52286
120.253.135.82 - - [01/Aug/2022:09:11:11 +0800] "POST /xingrg/kc/pszx/mdps_order_operate.html HTTP/1.1" 200 37
116.232.194.65 - - [01/Aug/2022:09:11:13 +0800] "GET /xingrg/kc/buy/cgsh_order_list.html HTTP/1.1" 200 52286
116.233.76.215 - - [01/Aug/2022:09:11:14 +0800] "POST /xingrg/dwr/call/plaincall/AjaxCheckService.saveOrder.dwr HTTP/1.1" 200 78
116.232.194.65 - - [01/Aug/2022:09:11:15 +0800] "POST /xingrg/kc/buy/cgsh_list_operate.html HTTP/1.1" 200 2409
116.233.76.215 - - [01/Aug/2022:09:11:17 +0800] "POST /xingrg/dwr/call/plaincall/AjaxCheckService.loadOrderItems.dwr HTTP/1.1" 200 367
180.162.252.181 - - [01/Aug/2022:09:11:17 +0800] "GET /xingrg/kc/buy/cgsh_order_operate.html?command=get_materiel&rest_code=00105&code=00101007198&supplier_code=00100016&order_time=2022-08-01 HTTP/1.1" 200 428
101.83.240.35 - - [01/Aug/2022:09:11:17 +0800] "GET /xingrg/kc/buy/cgsh_order_operate.html?command=get_materiel&rest_code=00149&code=00101008331&supplier_code=00100005&order_time=2022-08-01 HTTP/1.1" 200 416
116.232.194.65 - - [01/Aug/2022:09:11:17 +0800] "POST /xingrg/kc/buy/cgsh_list_operate.html HTTP/1.1" 200 2409
180.162.252.181 - - [01/Aug/2022:09:11:18 +0800] "GET /xingrg/all/function/internal_message.html?_=1659316157219&CODE_STATE=getMsg HTTP/1.1" 200 27
120.253.135.82 - - [01/Aug/2022:09:11:19 +0800] "POST /xingrg/kc/pszx/mdps_order_operate.html HTTP/1.1" 200 12
116.232.194.65 - - [01/Aug/2022:09:11:20 +0800] "POST /xingrg/kc/buy/cgsh_list_operate.html HTTP/1.1" 200 349
116.233.76.215 - - [01/Aug/2022:09:11:21 +0800] "POST /xingrg/kc/report/common_data.html?type=materiel_category_tree HTTP/1.1" 200 3878
120.253.135.82 - - [01/Aug/2022:09:11:22 +0800] "GET /xingrg/kc/pszx/mdps_order_info.html?code=312022073100513 HTTP/1.1" 200 19636
116.232.194.65 - - [01/Aug/2022:09:11:22 +0800] "GET /xingrg/kc/buy/cgsh_order_info.html?code=212022080100016 HTTP/1.1" 200 68077
116.232.194.65 - - [01/Aug/2022:09:11:22 +0800] "GET /xingrg/javascript/easyui/themes/default/validatebox.css HTTP/1.1" 404 1104
120.253.135.82 - - [01/Aug/2022:09:11:23 +0800] "GET /xingrg/javascript/easyui/themes/default/validatebox.css HTTP/1.1" 404 1104
116.232.194.65 - - [01/Aug/2022:09:11:23 +0800] "POST /xingrg/kc/buy/cgsh_order_operate.html HTTP/1.1" 200 3839
120.253.135.82 - - [01/Aug/2022:09:11:23 +0800] "POST /xingrg/kc/pszx/mdps_order_operate.html HTTP/1.1" 200 503
120.253.135.82 - - [01/Aug/2022:09:11:25 +0800] "POST /xingrg/kc/pszx/mdps_list_operate.html HTTP/1.1" 200 1685
116.233.76.215 - - [01/Aug/2022:09:11:25 +0800] "POST /xingrg/dwr/call/plaincall/AjaxCheckService.importOrderItems.dwr HTTP/1.1" 200 78
180.162.252.181 - - [01/Aug/2022:09:11:25 +0800] "GET /xingrg/all/function/internal_message.html?_=1659316286601&CODE_STATE=getMsg HTTP/1.1" 200 27
180.162.252.181 - - [01/Aug/2022:09:11:27 +0800] "GET /xingrg/kc/buy/cgsh_order_operate.html?command=get_materiel&rest_code=00105&code=00101007199&supplier_code=00100016&order_time=2022-08-01 HTTP/1.1" 200 435
120.253.135.82 - - [01/Aug/2022:09:11:27 +0800] "POST /xingrg/kc/pszx/mdps_list_operate.html HTTP/1.1" 200 204
116.233.76.215 - - [01/Aug/2022:09:11:27 +0800] "POST /xingrg/dwr/call/plaincall/AjaxCheckService.loadOrderItems.dwr HTTP/1.1" 200 11007
101.83.240.35 - - [01/Aug/2022:09:11:29 +0800] "GET /xingrg/kc/buy/cgsh_order_operate.html?command=get_materiel&rest_code=00149&code=00101008350&supplier_code=00100005&order_time=2022-08-01 HTTP/1.1" 200 408
116.224.255.128 - - [01/Aug/2022:09:11:31 +0800] "GET /xingrg/all/function/internal_message.html?_=1659316289700&CODE_STATE=getMsg HTTP/1.1" 200 27
116.232.194.65 - - [01/Aug/2022:09:11:32 +0800] "POST /xingrg/kc/buy/cgsh_list_operate.html HTTP/1.1" 200 583
116.232.194.65 - - [01/Aug/2022:09:11:34 +0800] "GET /xingrg/kc/buy/cgsh_order_info.html?code=212022080100015 HTTP/1.1" 200 68077
116.232.194.65 - - [01/Aug/2022:09:11:34 +0800] "GET /xingrg/javascript/easyui/themes/default/validatebox.css HTTP/1.1" 404 1104
116.232.194.65 - - [01/Aug/2022:09:11:35 +0800] "POST /xingrg/kc/buy/cgsh_order_operate.html HTTP/1.1" 200 9780
116.232.194.65 - - [01/Aug/2022:09:11:36 +0800] "POST /xingrg/kc/buy/cgsh_list_operate.html HTTP/1.1" 200 2409
101.83.240.35 - - [01/Aug/2022:09:11:40 +0800] "GET /xingrg/kc/buy/cgsh_order_operate.html?command=get_materiel&rest_code=00149&code=00101008244&supplier_code=00100005&order_time=2022-08-01 HTTP/1.1" 200 408
120.253.135.82 - - [01/Aug/2022:09:11:40 +0800] "POST /xingrg/kc/pszx/mdps_list_operate.html HTTP/1.1" 200 3178
218.81.223.53 - - [01/Aug/2022:09:11:44 +0800] "GET /xingrg/all/function/internal_message.html?_=1659316304857&CODE_STATE=getMsg HTTP/1.1" 200 27
120.253.135.82 - - [01/Aug/2022:09:11:45 +0800] "POST /xingrg/kc/pszx/mdps_list_operate.html HTTP/1.1" 200 202
180.162.252.181 - - [01/Aug/2022:09:11:45 +0800] "GET /xingrg/kc/buy/cgsh_order_operate.html?command=get_materiel&rest_code=00105&code=00101006109&supplier_code=00100016&order_time=2022-08-01 HTTP/1.1" 200 409
120.253.135.82 - - [01/Aug/2022:09:11:47 +0800] "GET /xingrg/kc/pszx/mdps_order_info.html?code=312022073000502 HTTP/1.1" 200 23978
120.253.135.82 - - [01/Aug/2022:09:11:47 +0800] "GET /xingrg/javascript/easyui/themes/default/validatebox.css HTTP/1.1" 404 1104
120.253.135.82 - - [01/Aug/2022:09:11:48 +0800] "POST /xingrg/kc/pszx/mdps_order_operate.html HTTP/1.1" 200 2285
101.83.240.35 - - [01/Aug/2022:09:11:50 +0800] "GET /xingrg/all/function/internal_message.html?_=1659316310507&CODE_STATE=getMsg HTTP/1.1" 200 27
120.253.135.82 - - [01/Aug/2022:09:11:52 +0800] "POST /xingrg/kc/pszx/mdps_order_operate.html HTTP/1.1" 200 37
116.232.194.65 - - [01/Aug/2022:09:11:57 +0800] "POST /xingrg/kc/buy/cgsh_list_operate.html HTTP/1.1" 200 2409
120.253.135.82 - - [01/Aug/2022:09:11:57 +0800] "POST /xingrg/kc/pszx/mdps_order_operate.html HTTP/1.1" 200 12
116.233.76.215 - - [01/Aug/2022:09:11:58 +0800] "GET /xingrg/all/function/internal_message.html?_=1659316321873&CODE_STATE=getMsg HTTP/1.1" 200 27
180.162.252.181 - - [01/Aug/2022:09:11:58 +0800] "GET /xingrg/kc/buy/cgsh_order_operate.html?command=get_materiel&rest_code=00105&code=00101006129&supplier_code=00100016&order_time=2022-08-01 HTTP/1.1" 200 433
116.232.194.65 - - [01/Aug/2022:09:11:59 +0800] "GET /xingrg/all/function/internal_message.html?_=1659316305235&CODE_STATE=getMsg HTTP/1.1" 200 27
101.83.240.35 - - [01/Aug/2022:09:12:01 +0800] "GET /xingrg/kc/buy/cgsh_order_operate.html?command=get_materiel&rest_code=00149&code=00101008149&supplier_code=00100005&order_time=2022-08-01 HTTP/1.1" 200 408
120.253.135.82 - - [01/Aug/2022:09:12:01 +0800] "GET /xingrg/kc/pszx/mdps_order_info.html?code=312022073000502 HTTP/1.1" 200 19638
120.253.135.82 - - [01/Aug/2022:09:12:02 +0800] "GET /xingrg/javascript/easyui/themes/default/validatebox.css HTTP/1.1" 404 1104
120.253.135.82 - - [01/Aug/2022:09:12:02 +0800] "GET /xingrg/all/function/internal_message.html?_=1659316129738&CODE_STATE=getMsg HTTP/1.1" 200 27
116.232.194.65 - - [01/Aug/2022:09:12:02 +0800] "POST /xingrg/kc/buy/cgsh_list_operate.html HTTP/1.1" 200 576
120.253.135.82 - - [01/Aug/2022:09:12:03 +0800] "POST /xingrg/kc/pszx/mdps_order_operate.html HTTP/1.1" 200 506
116.232.194.65 - - [01/Aug/2022:09:12:04 +0800] "GET /xingrg/kc/buy/cgsh_order_info.html?code=212022080100012 HTTP/1.1" 200 68077
116.232.194.65 - - [01/Aug/2022:09:12:04 +0800] "GET /xingrg/javascript/easyui/themes/default/validatebox.css HTTP/1.1" 404 1104
116.232.194.65 - - [01/Aug/2022:09:12:05 +0800] "POST /xingrg/kc/buy/cgsh_order_operate.html HTTP/1.1" 200 25159
116.232.194.65 - - [01/Aug/2022:09:12:06 +0800] "POST /xingrg/kc/buy/cgsh_list_operate.html HTTP/1.1" 200 2409
101.80.228.36 - - [01/Aug/2022:09:12:06 +0800] "GET /xingrg/all/function/internal_message.html?_=1659316326164&CODE_STATE=getMsg HTTP/1.1" 200 27
120.253.135.82 - - [01/Aug/2022:09:12:06 +0800] "POST /xingrg/kc/pszx/mdps_list_operate.html HTTP/1.1" 200 2807
114.84.2.83 - - [01/Aug/2022:09:12:07 +0800] "GET /xingrg/all/function/internal_message.html?_=1659316326330&CODE_STATE=getMsg HTTP/1.1" 200 27
114.84.2.83 - - [01/Aug/2022:09:12:07 +0800] "GET /xingrg/check_reg.html?_=1659316326334 HTTP/1.1" 200 22
120.253.135.82 - - [01/Aug/2022:09:12:09 +0800] "POST /xingrg/kc/pszx/mdps_list_operate.html HTTP/1.1" 200 597
101.83.240.35 - - [01/Aug/2022:09:12:09 +0800] "GET /xingrg/kc/buy/cgsh_order_operate.html?command=get_materiel&rest_code=00149&code=00101008185&supplier_code=00100005&order_time=2022-08-01 HTTP/1.1" 200 408
120.253.135.82 - - [01/Aug/2022:09:12:11 +0800] "GET /xingrg/kc/pszx/mdps_order_info.html?code=312022073100510 HTTP/1.1" 200 23978
120.253.135.82 - - [01/Aug/2022:09:12:11 +0800] "GET /xingrg/javascript/easyui/themes/default/validatebox.css HTTP/1.1" 404 1104
180.162.252.181 - - [01/Aug/2022:09:12:11 +0800] "GET /xingrg/kc/buy/cgsh_order_operate.html?command=get_materiel&rest_code=00105&code=00101019502&supplier_code=00100016&order_time=2022-08-01 HTTP/1.1" 200 409
120.253.135.82 - - [01/Aug/2022:09:12:12 +0800] "POST /xingrg/kc/pszx/mdps_order_operate.html HTTP/1.1" 200 5275
101.83.240.35 - - [01/Aug/2022:09:12:17 +0800] "GET /xingrg/kc/buy/cgsh_order_operate.html?command=get_materiel&rest_code=00149&code=00101008354&supplier_code=00100005&order_time=2022-08-01 HTTP/1.1" 200 412
218.81.223.53 - - [01/Aug/2022:09:12:18 +0800] "POST /xingrg/dwr/call/plaincall/AjaxCheckService.setItemNumber.dwr HTTP/1.1" 200 77
180.162.252.181 - - [01/Aug/2022:09:12:18 +0800] "GET /xingrg/all/function/internal_message.html?_=1659316217220&CODE_STATE=getMsg HTTP/1.1" 200 27
218.81.223.53 - - [01/Aug/2022:09:12:19 +0800] "POST /xingrg/dwr/call/plaincall/AjaxCheckService.setItemNumber.dwr HTTP/1.1" 200 77
120.253.135.82 - - [01/Aug/2022:09:12:21 +0800] "POST /xingrg/kc/pszx/mdps_order_operate.html HTTP/1.1" 200 37
218.81.223.53 - - [01/Aug/2022:09:12:22 +0800] "POST /xingrg/dwr/call/plaincall/AjaxCheckService.setItemNumber.dwr HTTP/1.1" 200 77
218.81.223.53 - - [01/Aug/2022:09:12:22 +0800] "POST /xingrg/dwr/call/plaincall/AjaxCheckService.setItemNumber.dwr HTTP/1.1" 200 77
218.81.223.53 - - [01/Aug/2022:09:12:23 +0800] "POST /xingrg/dwr/call/plaincall/AjaxCheckService.setItemNumber.dwr HTTP/1.1" 200 77
218.81.223.53 - - [01/Aug/2022:09:12:23 +0800] "POST /xingrg/dwr/call/plaincall/AjaxCheckService.setItemNumber.dwr HTTP/1.1" 200 77
218.81.223.53 - - [01/Aug/2022:09:12:24 +0800] "POST /xingrg/dwr/call/plaincall/AjaxCheckService.setItemNumber.dwr HTTP/1.1" 200 77
180.162.252.181 - - [01/Aug/2022:09:12:25 +0800] "GET /xingrg/all/function/internal_message.html?_=1659316346567&CODE_STATE=getMsg HTTP/1.1" 200 27
180.162.252.181 - - [01/Aug/2022:09:12:25 +0800] "GET /xingrg/check_reg.html?_=1659316346570 HTTP/1.1" 200 22
218.81.223.53 - - [01/Aug/2022:09:12:26 +0800] "POST /xingrg/dwr/call/plaincall/AjaxCheckService.setItemNumber.dwr HTTP/1.1" 200 77
101.80.228.36 - - [01/Aug/2022:09:12:26 +0800] "GET /xingrg/kc/base/wldb_order_list.html HTTP/1.1" 200 19403
218.81.223.53 - - [01/Aug/2022:09:12:27 +0800] "POST /xingrg/dwr/call/plaincall/AjaxCheckService.setItemNumber.dwr HTTP/1.1" 200 77
101.80.228.36 - - [01/Aug/2022:09:12:27 +0800] "POST /xingrg/kc/base/wldb_list_operate.html HTTP/1.1" 200 928
120.253.135.82 - - [01/Aug/2022:09:12:27 +0800] "POST /xingrg/kc/pszx/mdps_order_operate.html HTTP/1.1" 200 12
218.81.223.53 - - [01/Aug/2022:09:12:28 +0800] "POST /xingrg/dwr/call/plaincall/AjaxCheckService.setItemNumber.dwr HTTP/1.1" 200 77
101.83.240.35 - - [01/Aug/2022:09:12:28 +0800] "GET /xingrg/kc/buy/cgsh_order_operate.html?command=get_materiel&rest_code=00149&code=00101008110&supplier_code=00100005&order_time=2022-08-01 HTTP/1.1" 200 408
120.253.135.82 - - [01/Aug/2022:09:12:29 +0800] "GET /xingrg/kc/pszx/mdps_order_info.html?code=312022073100510 HTTP/1.1" 200 19638
218.81.223.53 - - [01/Aug/2022:09:12:30 +0800] "POST /xingrg/dwr/call/plaincall/AjaxCheckService.setItemNumber.dwr HTTP/1.1" 200 77
218.81.223.53 - - [01/Aug/2022:09:12:30 +0800] "POST /xingrg/dwr/call/plaincall/AjaxCheckService.setItemNumber.dwr HTTP/1.1" 200 77
120.253.135.82 - - [01/Aug/2022:09:12:30 +0800] "GET /xingrg/javascript/easyui/themes/default/validatebox.css HTTP/1.1" 404 1104
120.253.135.82 - - [01/Aug/2022:09:12:31 +0800] "POST /xingrg/kc/pszx/mdps_order_operate.html HTTP/1.1" 200 3469
116.224.255.128 - - [01/Aug/2022:09:12:31 +0800] "GET /xingrg/all/function/internal_message.html?_=1659316349703&CODE_STATE=getMsg HTTP/1.1" 200 27
218.81.223.53 - - [01/Aug/2022:09:12:31 +0800] "POST /xingrg/dwr/call/plaincall/AjaxCheckService.setItemNumber.dwr HTTP/1.1" 200 77
218.81.223.53 - - [01/Aug/2022:09:12:31 +0800] "POST /xingrg/dwr/call/plaincall/AjaxCheckService.setItemNumber.dwr HTTP/1.1" 200 77
218.81.223.53 - - [01/Aug/2022:09:12:32 +0800] "POST /xingrg/dwr/call/plaincall/AjaxCheckService.setItemNumber.dwr HTTP/1.1" 200 77
120.253.135.82 - - [01/Aug/2022:09:12:32 +0800] "POST /xingrg/kc/pszx/mdps_list_operate.html HTTP/1.1" 200 2436
101.80.228.36 - - [01/Aug/2022:09:12:33 +0800] "GET /xingrg/kc/base/wldb_order_add.html HTTP/1.1" 200 30358
101.80.228.36 - - [01/Aug/2022:09:12:33 +0800] "GET /xingrg/words/20220730141824_words.js HTTP/1.1" 304 -
218.81.223.53 - - [01/Aug/2022:09:12:33 +0800] "POST /xingrg/dwr/call/plaincall/AjaxCheckService.setItemNumber.dwr HTTP/1.1" 200 77
101.80.228.36 - - [01/Aug/2022:09:12:33 +0800] "POST /xingrg/kc/base/wldb_order_operate.html HTTP/1.1" 200 6806
101.80.228.36 - - [01/Aug/2022:09:12:33 +0800] "GET /xingrg/javascript/easyui/themes/default/validatebox.css HTTP/1.1" 404 1104
101.80.228.36 - - [01/Aug/2022:09:12:33 +0800] "GET /xingrg/all/common/auto_word.html?type=base&rest_code=00156 HTTP/1.1" 200 1903
101.80.228.36 - - [01/Aug/2022:09:12:33 +0800] "GET /xingrg/all/common/auto_word.html?type=base&rest_code=00156 HTTP/1.1" 200 1903
218.81.223.53 - - [01/Aug/2022:09:12:33 +0800] "POST /xingrg/dwr/call/plaincall/AjaxCheckService.setItemNumber.dwr HTTP/1.1" 200 77
218.81.223.53 - - [01/Aug/2022:09:12:34 +0800] "POST /xingrg/dwr/call/plaincall/AjaxCheckService.setItemNumber.dwr HTTP/1.1" 200 77
218.81.223.53 - - [01/Aug/2022:09:12:35 +0800] "POST /xingrg/dwr/call/plaincall/AjaxCheckService.setItemNumber.dwr HTTP/1.1" 200 77
101.83.240.35 - - [01/Aug/2022:09:12:37 +0800] "GET /xingrg/kc/buy/cgsh_order_operate.html?command=get_materiel&rest_code=00149&code=00101008096&supplier_code=00100005&order_time=2022-08-01 HTTP/1.1" 200 413
218.81.223.53 - - [01/Aug/2022:09:12:37 +0800] "POST /xingrg/dwr/call/plaincall/AjaxCheckService.setItemNumber.dwr HTTP/1.1" 200 77
218.81.223.53 - - [01/Aug/2022:09:12:39 +0800] "POST /xingrg/dwr/call/plaincall/AjaxCheckService.setItemNumber.dwr HTTP/1.1" 200 77
218.81.223.53 - - [01/Aug/2022:09:12:40 +0800] "POST /xingrg/dwr/call/plaincall/AjaxCheckService.setItemNumber.dwr HTTP/1.1" 200 77
218.81.223.53 - - [01/Aug/2022:09:12:40 +0800] "POST /xingrg/dwr/call/plaincall/AjaxCheckService.setItemNumber.dwr HTTP/1.1" 200 77
101.80.228.36 - - [01/Aug/2022:09:12:42 +0800] "GET /xingrg/javascript/auto/indicator.gif HTTP/1.1" 404 1066
218.81.223.53 - - [01/Aug/2022:09:12:42 +0800] "POST /xingrg/dwr/call/plaincall/AjaxCheckService.setItemNumber.dwr HTTP/1.1" 200 77
218.81.223.53 - - [01/Aug/2022:09:12:43 +0800] "POST /xingrg/dwr/call/plaincall/AjaxCheckService.setItemNumber.dwr HTTP/1.1" 200 77
218.81.223.53 - - [01/Aug/2022:09:12:44 +0800] "GET /xingrg/all/function/internal_message.html?_=1659316365211&CODE_STATE=getMsg HTTP/1.1" 200 27
218.81.223.53 - - [01/Aug/2022:09:12:44 +0800] "POST /xingrg/dwr/call/plaincall/AjaxCheckService.setItemNumber.dwr HTTP/1.1" 200 77
218.81.223.53 - - [01/Aug/2022:09:12:45 +0800] "POST /xingrg/dwr/call/plaincall/AjaxCheckService.setItemNumber.dwr HTTP/1.1" 200 77
218.81.223.53 - - [01/Aug/2022:09:12:46 +0800] "POST /xingrg/dwr/call/plaincall/AjaxCheckService.setItemNumber.dwr HTTP/1.1" 200 77
101.80.228.36 - - [01/Aug/2022:09:12:46 +0800] "GET /xingrg/javascript/jquery_tools/images/next.gif HTTP/1.1" 404 1086
101.80.228.36 - - [01/Aug/2022:09:12:46 +0800] "GET /xingrg/javascript/jquery_tools/images/prev.gif HTTP/1.1" 404 1086
101.83.240.35 - - [01/Aug/2022:09:12:48 +0800] "GET /xingrg/kc/buy/cgsh_order_operate.html?command=get_materiel&rest_code=00149&code=00101008358&supplier_code=00100005&order_time=2022-08-01 HTTP/1.1" 200 412
218.81.223.53 - - [01/Aug/2022:09:12:49 +0800] "POST /xingrg/dwr/call/plaincall/AjaxCheckService.setItemNumber.dwr HTTP/1.1" 200 77
218.81.223.53 - - [01/Aug/2022:09:12:50 +0800] "POST /xingrg/dwr/call/plaincall/AjaxCheckService.setItemNumber.dwr HTTP/1.1" 200 77
101.83.240.35 - - [01/Aug/2022:09:12:50 +0800] "GET /xingrg/all/function/internal_message.html?_=1659316370512&CODE_STATE=getMsg HTTP/1.1" 200 27
101.80.228.36 - - [01/Aug/2022:09:12:51 +0800] "GET /xingrg/javascript/easyui/themes/default/tree.css HTTP/1.1" 404 1090
101.80.228.36 - - [01/Aug/2022:09:12:51 +0800] "POST /xingrg/all/common/load_tree.html?tree=employee_tree_json HTTP/1.1" 200 26082
218.81.223.53 - - [01/Aug/2022:09:12:51 +0800] "POST /xingrg/dwr/call/plaincall/AjaxCheckService.setItemNumber.dwr HTTP/1.1" 200 77
101.80.228.36 - - [01/Aug/2022:09:12:51 +0800] "GET /xingrg/javascript/easyui/themes/default/images/tree_arrows.gif HTTP/1.1" 200 617
101.80.228.36 - - [01/Aug/2022:09:12:51 +0800] "GET /xingrg/javascript/easyui/themes/default/images/tree_folder_open.gif HTTP/1.1" 200 956
101.80.228.36 - - [01/Aug/2022:09:12:52 +0800] "GET /xingrg/javascript/easyui/themes/icons/areas.png HTTP/1.1" 200 720
101.80.228.36 - - [01/Aug/2022:09:12:52 +0800] "GET /xingrg/javascript/easyui/themes/icons/rest.png HTTP/1.1" 200 695
101.80.228.36 - - [01/Aug/2022:09:12:52 +0800] "GET /xingrg/javascript/easyui/themes/icons/accept_new.png HTTP/1.1" 200 722
218.81.223.53 - - [01/Aug/2022:09:12:53 +0800] "POST /xingrg/dwr/call/plaincall/AjaxCheckService.setItemNumber.dwr HTTP/1.1" 200 77
218.81.223.53 - - [01/Aug/2022:09:12:53 +0800] "POST /xingrg/dwr/call/plaincall/AjaxCheckService.setItemNumber.dwr HTTP/1.1" 200 77
218.81.223.53 - - [01/Aug/2022:09:12:54 +0800] "POST /xingrg/dwr/call/plaincall/AjaxCheckService.setItemNumber.dwr HTTP/1.1" 200 77
218.81.223.53 - - [01/Aug/2022:09:12:55 +0800] "POST /xingrg/dwr/call/plaincall/AjaxCheckService.setItemNumber.dwr HTTP/1.1" 200 77
218.81.223.53 - - [01/Aug/2022:09:12:55 +0800] "POST /xingrg/dwr/call/plaincall/AjaxCheckService.setItemNumber.dwr HTTP/1.1" 200 77
218.81.223.53 - - [01/Aug/2022:09:12:57 +0800] "POST /xingrg/dwr/call/plaincall/AjaxCheckService.setItemNumber.dwr HTTP/1.1" 200 77
101.80.228.36 - - [01/Aug/2022:09:12:57 +0800] "GET /xingrg/login.html HTTP/1.1" 200 7641
120.253.135.82 - - [01/Aug/2022:09:12:57 +0800] "POST /xingrg/kc/pszx/mdps_list_operate.html HTTP/1.1" 200 618
180.162.252.181 - - [01/Aug/2022:09:12:57 +0800] "GET /xingrg/javascript/jquery_easy_ui/themes/icons/rest.png HTTP/1.1" 304 -
180.162.252.181 - - [01/Aug/2022:09:12:57 +0800] "GET /xingrg/javascript/jquery_easy_ui/themes/icons/manage.png HTTP/1.1" 304 -
180.162.252.181 - - [01/Aug/2022:09:12:57 +0800] "GET /xingrg/javascript/jquery_easy_ui/themes/icons/area.png HTTP/1.1" 304 -
116.233.76.215 - - [01/Aug/2022:09:12:58 +0800] "GET /xingrg/all/function/internal_message.html?_=1659316381865&CODE_STATE=getMsg HTTP/1.1" 200 27
218.81.223.53 - - [01/Aug/2022:09:12:58 +0800] "POST /xingrg/dwr/call/plaincall/AjaxCheckService.setItemNumber.dwr HTTP/1.1" 200 77
101.80.228.36 - - [01/Aug/2022:09:12:59 +0800] "GET /favicon.ico HTTP/1.1" 404 -
120.253.135.82 - - [01/Aug/2022:09:12:59 +0800] "GET /xingrg/kc/pszx/mdps_order_info.html?code=312022073100509 HTTP/1.1" 200 23978
116.232.194.65 - - [01/Aug/2022:09:12:59 +0800] "GET /xingrg/all/function/internal_message.html?_=1659316365243&CODE_STATE=getMsg HTTP/1.1" 200 27
218.81.223.53 - - [01/Aug/2022:09:12:59 +0800] "POST /xingrg/dwr/call/plaincall/AjaxCheckService.setItemNumber.dwr HTTP/1.1" 200 77
120.253.135.82 - - [01/Aug/2022:09:12:59 +0800] "GET /xingrg/javascript/easyui/themes/default/validatebox.css HTTP/1.1" 404 1104
101.83.240.35 - - [01/Aug/2022:09:13:00 +0800] "GET /xingrg/kc/buy/cgsh_order_operate.html?command=get_materiel&rest_code=00149&code=00101008113&supplier_code=00100005&order_time=2022-08-01 HTTP/1.1" 200 413
120.253.135.82 - - [01/Aug/2022:09:13:00 +0800] "POST /xingrg/kc/pszx/mdps_order_operate.html HTTP/1.1" 200 14025
120.253.135.82 - - [01/Aug/2022:09:13:00 +0800] "GET /xingrg/check_reg.html?_=1659316187949 HTTP/1.1" 200 22
218.81.223.53 - - [01/Aug/2022:09:13:01 +0800] "POST /xingrg/dwr/call/plaincall/AjaxCheckService.setItemNumber.dwr HTTP/1.1" 200 77
218.81.223.53 - - [01/Aug/2022:09:13:01 +0800] "POST /xingrg/dwr/call/plaincall/AjaxCheckService.setItemNumber.dwr HTTP/1.1" 200 77
218.81.223.53 - - [01/Aug/2022:09:13:02 +0800] "POST /xingrg/dwr/call/plaincall/AjaxCheckService.setItemNumber.dwr HTTP/1.1" 200 77
218.81.223.53 - - [01/Aug/2022:09:13:04 +0800] "POST /xingrg/dwr/call/plaincall/AjaxCheckService.setItemNumber.dwr HTTP/1.1" 200 77
120.253.135.82 - - [01/Aug/2022:09:13:05 +0800] "GET /xingrg/all/function/internal_message.html?_=1659316192245&CODE_STATE=getMsg HTTP/1.1" 200 27
218.81.223.53 - - [01/Aug/2022:09:13:06 +0800] "POST /xingrg/dwr/call/plaincall/AjaxCheckService.setItemNumber.dwr HTTP/1.1" 200 77
120.253.135.82 - - [01/Aug/2022:09:13:06 +0800] "POST /xingrg/kc/pszx/mdps_order_operate.html HTTP/1.1" 200 37
218.81.223.53 - - [01/Aug/2022:09:13:06 +0800] "POST /xingrg/dwr/call/plaincall/AjaxCheckService.setItemNumber.dwr HTTP/1.1" 200 77
180.162.252.181 - - [01/Aug/2022:09:13:06 +0800] "POST /xingrg/kc/buy/cgsh_order_operate.html HTTP/1.1" 200 37
114.84.2.83 - - [01/Aug/2022:09:13:07 +0800] "GET /xingrg/all/function/internal_message.html?_=1659316386336&CODE_STATE=getMsg HTTP/1.1" 200 27
218.81.223.53 - - [01/Aug/2022:09:13:07 +0800] "POST /xingrg/dwr/call/plaincall/AjaxCheckService.setItemNumber.dwr HTTP/1.1" 200 77
218.81.223.53 - - [01/Aug/2022:09:13:09 +0800] "POST /xingrg/dwr/call/plaincall/AjaxCheckService.setItemNumber.dwr HTTP/1.1" 200 77
180.162.252.181 - - [01/Aug/2022:09:13:09 +0800] "POST /xingrg/kc/buy/cgsh_order_operate.html HTTP/1.1" 200 7451
101.83.240.35 - - [01/Aug/2022:09:13:09 +0800] "GET /xingrg/kc/buy/cgsh_order_operate.html?command=get_materiel&rest_code=00149&code=00101008163&supplier_code=00100005&order_time=2022-08-01 HTTP/1.1" 200 408
218.81.223.53 - - [01/Aug/2022:09:13:10 +0800] "POST /xingrg/dwr/call/plaincall/AjaxCheckService.setItemNumber.dwr HTTP/1.1" 200 78
101.80.228.36 - - [01/Aug/2022:09:13:11 +0800] "POST /xingrg/login.do HTTP/1.1" 302 -
218.81.223.53 - - [01/Aug/2022:09:13:12 +0800] "POST /xingrg/dwr/call/plaincall/AjaxCheckService.setItemNumber.dwr HTTP/1.1" 200 78
101.80.228.36 - - [01/Aug/2022:09:13:15 +0800] "POST /xingrg/login.do HTTP/1.1" 302 -
101.80.228.36 - - [01/Aug/2022:09:13:16 +0800] "POST /xingrg/login.do HTTP/1.1" 302 -
101.80.228.36 - - [01/Aug/2022:09:13:17 +0800] "POST /xingrg/login.do HTTP/1.1" 302 -
101.80.228.36 - - [01/Aug/2022:09:13:17 +0800] "POST /xingrg/login.do HTTP/1.1" 302 -
101.80.228.36 - - [01/Aug/2022:09:13:17 +0800] "POST /xingrg/login.do HTTP/1.1" 302 -
101.83.240.35 - - [01/Aug/2022:09:13:17 +0800] "GET /xingrg/kc/buy/cgsh_order_operate.html?command=get_materiel&rest_code=00149&code=00101008224&supplier_code=00100005&order_time=2022-08-01 HTTP/1.1" 200 416
180.162.252.181 - - [01/Aug/2022:09:13:18 +0800] "GET /xingrg/all/function/internal_message.html?_=1659316277221&CODE_STATE=getMsg HTTP/1.1" 200 27
180.162.252.181 - - [01/Aug/2022:09:13:18 +0800] "GET /xingrg/check_reg.html?_=1659316277224 HTTP/1.1" 200 22
180.162.252.181 - - [01/Aug/2022:09:13:19 +0800] "POST /xingrg/kc/buy/cgsh_order_operate.html HTTP/1.1" 200 37
180.162.252.181 - - [01/Aug/2022:09:13:21 +0800] "POST /xingrg/kc/buy/cgsh_order_operate.html HTTP/1.1" 200 7451
218.81.223.53 - - [01/Aug/2022:09:13:21 +0800] "POST /xingrg/dwr/call/plaincall/AjaxCheckService.setItemNumber.dwr HTTP/1.1" 200 78
120.253.135.82 - - [01/Aug/2022:09:13:21 +0800] "POST /xingrg/kc/pszx/mdps_order_operate.html HTTP/1.1" 200 12
180.162.252.181 - - [01/Aug/2022:09:13:22 +0800] "GET /xingrg/kc/print/load_data.html?order_code=212022080100018&kc_code=cgsh&condition= HTTP/1.1" 200 2630
101.80.228.36 - - [01/Aug/2022:09:13:23 +0800] "GET /xingrg/login.html HTTP/1.1" 200 7641
120.253.135.82 - - [01/Aug/2022:09:13:24 +0800] "GET /xingrg/kc/pszx/mdps_order_info.html?code=312022073100509 HTTP/1.1" 200 19638
101.80.228.36 - - [01/Aug/2022:09:13:24 +0800] "GET /favicon.ico HTTP/1.1" 404 -
120.253.135.82 - - [01/Aug/2022:09:13:24 +0800] "GET /xingrg/javascript/easyui/themes/default/validatebox.css HTTP/1.1" 404 1104
180.162.252.181 - - [01/Aug/2022:09:13:25 +0800] "GET /xingrg/all/function/internal_message.html?_=1659316406574&CODE_STATE=getMsg HTTP/1.1" 200 27
120.253.135.82 - - [01/Aug/2022:09:13:25 +0800] "POST /xingrg/kc/pszx/mdps_order_operate.html HTTP/1.1" 200 12153
218.81.223.53 - - [01/Aug/2022:09:13:25 +0800] "POST /xingrg/dwr/call/plaincall/AjaxCheckService.setItemNumber.dwr HTTP/1.1" 200 78
218.81.223.53 - - [01/Aug/2022:09:13:27 +0800] "POST /xingrg/dwr/call/plaincall/AjaxCheckService.setItemNumber.dwr HTTP/1.1" 200 78
218.81.223.53 - - [01/Aug/2022:09:13:28 +0800] "POST /xingrg/dwr/call/plaincall/AjaxCheckService.setItemNumber.dwr HTTP/1.1" 200 78
218.81.223.53 - - [01/Aug/2022:09:13:30 +0800] "POST /xingrg/dwr/call/plaincall/AjaxCheckService.setItemNumber.dwr HTTP/1.1" 200 78
101.83.240.35 - - [01/Aug/2022:09:13:31 +0800] "GET /xingrg/kc/buy/cgsh_order_operate.html?command=get_materiel&rest_code=00149&code=00101008332&supplier_code=00100005&order_time=2022-08-01 HTTP/1.1" 200 413
