101.80.228.36 - - [01/Aug/2022:09:26:57 +0800] "POST /xingrg/kc/base/wldb_order_operate.html HTTP/1.1" 200 37
101.80.228.36 - - [01/Aug/2022:09:26:58 +0800] "POST /xingrg/kc/base/wldb_order_operate.html HTTP/1.1" 200 3683
116.233.76.215 - - [01/Aug/2022:09:26:58 +0800] "GET /xingrg/all/function/internal_message.html?_=1659317221907&CODE_STATE=getMsg HTTP/1.1" 200 27
101.80.228.36 - - [01/Aug/2022:09:26:59 +0800] "GET /xingrg/kc/base/wldb_order_info.html?code=422022080100004 HTTP/1.1" 200 30373
101.80.228.36 - - [01/Aug/2022:09:26:59 +0800] "GET /xingrg/javascript/easyui/themes/default/validatebox.css HTTP/1.1" 404 1104
101.80.228.36 - - [01/Aug/2022:09:26:59 +0800] "POST /xingrg/kc/base/wldb_order_operate.html HTTP/1.1" 200 3683
116.233.76.215 - - [01/Aug/2022:09:27:00 +0800] "GET /xingrg/kc/base/wldb_order_operate.html?command=get_materiel&rest_code=00109&base_code=0010107&code=00101010062 HTTP/1.1" 200 441
101.80.228.36 - - [01/Aug/2022:09:27:01 +0800] "GET /xingrg/kc/print/load_data.html?order_code=422022080100004&kc_code=wldb&condition= HTTP/1.1" 200 1018
120.253.135.82 - - [01/Aug/2022:09:27:06 +0800] "GET /xingrg/all/function/internal_message.html?_=1659317033860&CODE_STATE=getMsg HTTP/1.1" 200 27
114.84.2.83 - - [01/Aug/2022:09:27:07 +0800] "GET /xingrg/check_reg.html?_=1659317226369 HTTP/1.1" 200 22
114.84.2.83 - - [01/Aug/2022:09:27:07 +0800] "GET /xingrg/all/function/internal_message.html?_=1659317226373&CODE_STATE=getMsg HTTP/1.1" 200 27
116.232.194.65 - - [01/Aug/2022:09:27:07 +0800] "GET /xingrg/all/function/internal_message.html?_=1659317213416&CODE_STATE=getMsg HTTP/1.1" 200 27
116.232.194.65 - - [01/Aug/2022:09:27:08 +0800] "GET /xingrg/kc/buy/cgsh_order_list.html HTTP/1.1" 200 52286
116.232.194.65 - - [01/Aug/2022:09:27:11 +0800] "POST /xingrg/kc/buy/cgsh_list_operate.html HTTP/1.1" 200 2409
116.233.76.215 - - [01/Aug/2022:09:27:16 +0800] "GET /xingrg/kc/base/wldb_order_operate.html?command=get_materiel&rest_code=00109&base_code=0010107&code=00101010030 HTTP/1.1" 200 433
180.162.252.181 - - [01/Aug/2022:09:27:18 +0800] "GET /xingrg/all/function/internal_message.html?_=1659317117251&CODE_STATE=getMsg HTTP/1.1" 200 27
180.162.252.181 - - [01/Aug/2022:09:27:25 +0800] "GET /xingrg/check_reg.html?_=1659317246580 HTTP/1.1" 200 22
180.162.252.181 - - [01/Aug/2022:09:27:25 +0800] "GET /xingrg/all/function/internal_message.html?_=1659317246584&CODE_STATE=getMsg HTTP/1.1" 200 27
116.233.76.215 - - [01/Aug/2022:09:27:28 +0800] "GET /xingrg/kc/base/wldb_order_operate.html?command=get_materiel&rest_code=00109&base_code=0010107&code=00101010558 HTTP/1.1" 200 431
116.224.123.211 - - [01/Aug/2022:09:27:30 +0800] "GET /xingrg/all/function/internal_message.html?_=1659317252701&CODE_STATE=getMsg HTTP/1.1" 200 27
116.224.255.128 - - [01/Aug/2022:09:27:31 +0800] "GET /xingrg/all/function/internal_message.html?_=1659317249751&CODE_STATE=getMsg HTTP/1.1" 200 27
116.224.123.211 - - [01/Aug/2022:09:27:32 +0800] "GET /xingrg/all/function/internal_message.html?_=1659317253049&CODE_STATE=getMsg HTTP/1.1" 200 27
58.37.7.158 - - [01/Aug/2022:09:27:32 +0800] "POST /xingrg/services/DataTransmitService HTTP/1.1" 200 524
101.80.228.36 - - [01/Aug/2022:09:27:32 +0800] "GET /xingrg/kc/base/wldb_order_add.html HTTP/1.1" 200 30362
101.80.228.36 - - [01/Aug/2022:09:27:32 +0800] "POST /xingrg/kc/base/wldb_order_operate.html HTTP/1.1" 200 6806
101.80.228.36 - - [01/Aug/2022:09:27:33 +0800] "GET /xingrg/javascript/easyui/themes/default/validatebox.css HTTP/1.1" 404 1104
116.233.76.215 - - [01/Aug/2022:09:27:43 +0800] "GET /xingrg/kc/base/wldb_order_operate.html?command=get_materiel&rest_code=00109&base_code=0010107&code=00101010031 HTTP/1.1" 200 433
218.81.223.53 - - [01/Aug/2022:09:27:44 +0800] "GET /xingrg/all/function/internal_message.html?_=1659317265470&CODE_STATE=getMsg HTTP/1.1" 200 27
101.83.240.35 - - [01/Aug/2022:09:27:44 +0800] "GET /xingrg/kc/buy/cgsh_order_operate.html?command=get_materiel&rest_code=00149&code=00101001010&supplier_code=00100039&order_time=2022-08-01 HTTP/1.1" 200 409
101.80.228.36 - - [01/Aug/2022:09:27:45 +0800] "GET /xingrg/kc/base/wldb_order_operate.html?command=get_materiel&rest_code=00156&base_code=0010785&code=00101008301 HTTP/1.1" 200 443
101.83.240.35 - - [01/Aug/2022:09:27:51 +0800] "GET /xingrg/all/function/internal_message.html?_=1659317270571&CODE_STATE=getMsg HTTP/1.1" 200 27
116.233.76.215 - - [01/Aug/2022:09:27:51 +0800] "GET /xingrg/kc/base/wldb_order_operate.html?command=get_materiel&rest_code=00109&base_code=0010107&code=00101010121 HTTP/1.1" 200 434
101.83.240.35 - - [01/Aug/2022:09:27:56 +0800] "GET /xingrg/kc/buy/cgsh_order_operate.html?command=get_materiel&rest_code=00149&code=00101001061&supplier_code=00100039&order_time=2022-08-01 HTTP/1.1" 200 419
116.233.76.215 - - [01/Aug/2022:09:27:58 +0800] "GET /xingrg/all/function/internal_message.html?_=1659317281912&CODE_STATE=getMsg HTTP/1.1" 200 27
114.84.2.83 - - [01/Aug/2022:09:27:58 +0800] "GET /xingrg/kc/base/check_order_list.html?isBack=1 HTTP/1.1" 200 16261
114.84.2.83 - - [01/Aug/2022:09:27:58 +0800] "POST /xingrg/kc/base/check_list_operate.html HTTP/1.1" 200 4703
116.233.76.215 - - [01/Aug/2022:09:27:59 +0800] "GET /xingrg/kc/base/wldb_order_operate.html?command=get_materiel&rest_code=00109&base_code=0010107&code=00101010612 HTTP/1.1" 200 454
116.224.123.211 - - [01/Aug/2022:09:28:00 +0800] "GET /xingrg/javascript/easyui/themes/default/tree.css HTTP/1.1" 404 1090
101.80.228.36 - - [01/Aug/2022:09:28:00 +0800] "POST /xingrg/kc/base/wldb_order_operate.html HTTP/1.1" 200 37
116.224.123.211 - - [01/Aug/2022:09:28:01 +0800] "POST /xingrg/all/common/load_tree.html?tree=supplier_tree_json&isDelete=1 HTTP/1.1" 200 67194
120.253.135.82 - - [01/Aug/2022:09:28:01 +0800] "GET /xingrg/check_reg.html?_=1659317088206 HTTP/1.1" 200 22
101.80.228.36 - - [01/Aug/2022:09:28:01 +0800] "POST /xingrg/kc/base/wldb_order_operate.html HTTP/1.1" 200 2192
101.80.228.36 - - [01/Aug/2022:09:28:01 +0800] "GET /xingrg/kc/base/wldb_order_info.html?code=422022080100005 HTTP/1.1" 200 30372
101.80.228.36 - - [01/Aug/2022:09:28:02 +0800] "GET /xingrg/javascript/easyui/themes/default/validatebox.css HTTP/1.1" 404 1104
101.80.228.36 - - [01/Aug/2022:09:28:02 +0800] "POST /xingrg/kc/base/wldb_order_operate.html HTTP/1.1" 200 2192
101.80.228.36 - - [01/Aug/2022:09:28:04 +0800] "GET /xingrg/kc/print/load_data.html?order_code=422022080100005&kc_code=wldb&condition= HTTP/1.1" 200 534
116.233.76.215 - - [01/Aug/2022:09:28:06 +0800] "GET /xingrg/kc/base/wldb_order_operate.html?command=get_materiel&rest_code=00109&base_code=0010107&code=00101010134 HTTP/1.1" 200 442
120.253.135.82 - - [01/Aug/2022:09:28:06 +0800] "GET /xingrg/all/function/internal_message.html?_=1659317093869&CODE_STATE=getMsg HTTP/1.1" 200 27
114.84.2.83 - - [01/Aug/2022:09:28:06 +0800] "GET /xingrg/kc/base/check_order_info.html?code=452022073100152 HTTP/1.1" 200 26404
114.84.2.83 - - [01/Aug/2022:09:28:06 +0800] "GET /xingrg/dwr/interface/AjaxComOrderService.js HTTP/1.1" 200 18264
114.84.2.83 - - [01/Aug/2022:09:28:06 +0800] "GET /xingrg/dwr/interface/AjaxCheckService.js HTTP/1.1" 200 14003
114.84.2.83 - - [01/Aug/2022:09:28:07 +0800] "GET /xingrg/dwr/engine.js HTTP/1.1" 200 43631
114.84.2.83 - - [01/Aug/2022:09:28:07 +0800] "GET /xingrg/all/function/internal_message.html?_=1659317286597&CODE_STATE=getMsg HTTP/1.1" 200 27
116.232.194.65 - - [01/Aug/2022:09:28:07 +0800] "GET /xingrg/all/function/internal_message.html?_=1659317273418&CODE_STATE=getMsg HTTP/1.1" 200 27
114.84.2.83 - - [01/Aug/2022:09:28:07 +0800] "POST /xingrg/dwr/call/plaincall/AjaxCheckService.loadOrderItems.dwr HTTP/1.1" 200 4255
101.83.240.35 - - [01/Aug/2022:09:28:13 +0800] "POST /xingrg/kc/buy/cgsh_order_operate.html HTTP/1.1" 200 37
114.84.2.83 - - [01/Aug/2022:09:28:14 +0800] "POST /xingrg/dwr/call/plaincall/AjaxCheckService.setItemNumber.dwr HTTP/1.1" 200 76
114.84.2.83 - - [01/Aug/2022:09:28:18 +0800] "POST /xingrg/dwr/call/plaincall/AjaxCheckService.setItemNumber.dwr HTTP/1.1" 200 76
180.162.252.181 - - [01/Aug/2022:09:28:18 +0800] "GET /xingrg/all/function/internal_message.html?_=1659317177249&CODE_STATE=getMsg HTTP/1.1" 200 27
180.162.252.181 - - [01/Aug/2022:09:28:18 +0800] "GET /xingrg/check_reg.html?_=1659317177251 HTTP/1.1" 200 22
101.83.240.35 - - [01/Aug/2022:09:28:21 +0800] "POST /xingrg/kc/buy/cgsh_order_operate.html HTTP/1.1" 200 12
116.224.123.211 - - [01/Aug/2022:09:28:24 +0800] "GET /xingrg/kc/buy/cgsh_order_operate.html?command=get_materiel&rest_code=00102&code=00101010161&supplier_code=00100400&order_time=2022-08-01 HTTP/1.1" 200 409
116.233.76.215 - - [01/Aug/2022:09:28:24 +0800] "GET /xingrg/kc/base/wldb_order_operate.html?command=get_materiel&rest_code=00109&base_code=0010107&code=00101014100 HTTP/1.1" 200 462
114.84.2.83 - - [01/Aug/2022:09:28:25 +0800] "POST /xingrg/dwr/call/plaincall/AjaxCheckService.setItemNumber.dwr HTTP/1.1" 200 76
180.162.252.181 - - [01/Aug/2022:09:28:25 +0800] "GET /xingrg/all/function/internal_message.html?_=1659317306568&CODE_STATE=getMsg HTTP/1.1" 200 27
116.224.123.211 - - [01/Aug/2022:09:28:29 +0800] "GET /xingrg/all/function/internal_message.html?_=1659317312672&CODE_STATE=getMsg HTTP/1.1" 200 27
114.84.2.83 - - [01/Aug/2022:09:28:30 +0800] "POST /xingrg/dwr/call/plaincall/AjaxCheckService.setItemNumber.dwr HTTP/1.1" 200 76
116.224.255.128 - - [01/Aug/2022:09:28:31 +0800] "GET /xingrg/all/function/internal_message.html?_=1659317309763&CODE_STATE=getMsg HTTP/1.1" 200 27
101.80.228.36 - - [01/Aug/2022:09:28:32 +0800] "GET /xingrg/check_reg.html?_=1659317311906 HTTP/1.1" 200 22
101.80.228.36 - - [01/Aug/2022:09:28:32 +0800] "GET /xingrg/all/function/internal_message.html?_=1659317311907&CODE_STATE=getMsg HTTP/1.1" 200 27
116.224.123.211 - - [01/Aug/2022:09:28:32 +0800] "GET /xingrg/check_reg.html?_=1659317313046 HTTP/1.1" 200 22
116.224.123.211 - - [01/Aug/2022:09:28:32 +0800] "GET /xingrg/all/function/internal_message.html?_=1659317313051&CODE_STATE=getMsg HTTP/1.1" 200 27
114.84.2.83 - - [01/Aug/2022:09:28:35 +0800] "POST /xingrg/dwr/call/plaincall/AjaxCheckService.setItemNumber.dwr HTTP/1.1" 200 76
116.233.76.215 - - [01/Aug/2022:09:28:36 +0800] "GET /xingrg/kc/base/wldb_order_operate.html?command=get_materiel&rest_code=00109&base_code=0010107&code=00101010537 HTTP/1.1" 200 456
114.84.2.83 - - [01/Aug/2022:09:28:38 +0800] "POST /xingrg/dwr/call/plaincall/AjaxCheckService.setItemNumber.dwr HTTP/1.1" 200 76
218.81.223.53 - - [01/Aug/2022:09:28:38 +0800] "GET /xingrg/check_reg.html?_=1659317319489 HTTP/1.1" 200 22
116.224.123.211 - - [01/Aug/2022:09:28:38 +0800] "GET /xingrg/kc/buy/cgsh_order_operate.html?command=get_materiel&rest_code=00102&code=00101001075&supplier_code=00100400&order_time=2022-08-01 HTTP/1.1" 200 409
114.84.2.83 - - [01/Aug/2022:09:28:44 +0800] "GET /xingrg/kc/base/check_order_list.html?isBack=1 HTTP/1.1" 200 16261
218.81.223.53 - - [01/Aug/2022:09:28:44 +0800] "GET /xingrg/all/function/internal_message.html?_=1659317325479&CODE_STATE=getMsg HTTP/1.1" 200 27
114.84.2.83 - - [01/Aug/2022:09:28:44 +0800] "POST /xingrg/kc/base/check_list_operate.html HTTP/1.1" 200 4703
114.84.2.83 - - [01/Aug/2022:09:28:49 +0800] "GET /xingrg/kc/base/check_order_info.html?code=452022073100153 HTTP/1.1" 200 26404
114.84.2.83 - - [01/Aug/2022:09:28:49 +0800] "GET /xingrg/dwr/interface/AjaxComOrderService.js HTTP/1.1" 200 18264
114.84.2.83 - - [01/Aug/2022:09:28:49 +0800] "GET /xingrg/dwr/interface/AjaxCheckService.js HTTP/1.1" 200 14003
114.84.2.83 - - [01/Aug/2022:09:28:49 +0800] "GET /xingrg/dwr/engine.js HTTP/1.1" 200 43631
114.84.2.83 - - [01/Aug/2022:09:28:50 +0800] "POST /xingrg/dwr/call/plaincall/AjaxCheckService.loadOrderItems.dwr HTTP/1.1" 200 1697
116.233.76.215 - - [01/Aug/2022:09:28:51 +0800] "POST /xingrg/kc/base/wldb_order_operate.html HTTP/1.1" 200 37
116.233.76.215 - - [01/Aug/2022:09:28:51 +0800] "POST /xingrg/kc/base/wldb_order_operate.html HTTP/1.1" 200 5554
114.84.2.83 - - [01/Aug/2022:09:28:53 +0800] "POST /xingrg/dwr/call/plaincall/AjaxCheckService.setItemNumber.dwr HTTP/1.1" 200 76
58.221.95.50 - - [01/Aug/2022:09:28:54 +0800] "GET /xingrg/check_reg.html?_=1659317335811 HTTP/1.1" 302 -
114.84.2.83 - - [01/Aug/2022:09:28:56 +0800] "POST /xingrg/dwr/call/plaincall/AjaxCheckService.setItemNumber.dwr HTTP/1.1" 200 76
180.162.252.181 - - [01/Aug/2022:09:28:57 +0800] "GET /xingrg/kc/buy/cgsh_order_add.html HTTP/1.1" 200 68144
180.162.252.181 - - [01/Aug/2022:09:28:57 +0800] "POST /xingrg/kc/buy/cgsh_order_operate.html HTTP/1.1" 200 8245
180.162.252.181 - - [01/Aug/2022:09:28:58 +0800] "GET /xingrg/javascript/easyui/themes/default/validatebox.css HTTP/1.1" 404 1104
116.233.76.215 - - [01/Aug/2022:09:28:58 +0800] "GET /xingrg/check_reg.html?_=1659317341886 HTTP/1.1" 200 22
116.233.76.215 - - [01/Aug/2022:09:28:58 +0800] "GET /xingrg/all/function/internal_message.html?_=1659317341889&CODE_STATE=getMsg HTTP/1.1" 200 27
114.84.2.83 - - [01/Aug/2022:09:28:59 +0800] "POST /xingrg/dwr/call/plaincall/AjaxCheckService.setItemNumber.dwr HTTP/1.1" 200 76
116.233.76.215 - - [01/Aug/2022:09:28:59 +0800] "POST /xingrg/kc/base/wldb_order_operate.html HTTP/1.1" 200 12
116.232.194.65 - - [01/Aug/2022:09:29:01 +0800] "GET /xingrg/kc/buy/cgsh_order_add.html HTTP/1.1" 200 68068
116.232.194.65 - - [01/Aug/2022:09:29:01 +0800] "POST /xingrg/kc/buy/cgsh_order_operate.html HTTP/1.1" 200 8245
116.232.194.65 - - [01/Aug/2022:09:29:01 +0800] "GET /xingrg/javascript/easyui/themes/default/validatebox.css HTTP/1.1" 404 1104
116.232.194.65 - - [01/Aug/2022:09:29:01 +0800] "GET /xingrg/all/common/auto_word.html?type=employee&rest_code=00155 HTTP/1.1" 200 205
116.232.194.65 - - [01/Aug/2022:09:29:01 +0800] "GET /xingrg/all/common/auto_word.html?type=employee&rest_code=00155 HTTP/1.1" 200 205
116.232.194.65 - - [01/Aug/2022:09:29:02 +0800] "GET /xingrg/javascript/auto/indicator.gif HTTP/1.1" 404 1066
116.232.194.65 - - [01/Aug/2022:09:29:04 +0800] "GET /xingrg/javascript/jquery_tools/images/prev.gif HTTP/1.1" 404 1086
116.232.194.65 - - [01/Aug/2022:09:29:04 +0800] "GET /xingrg/javascript/jquery_tools/images/next.gif HTTP/1.1" 404 1086
120.253.135.82 - - [01/Aug/2022:09:29:06 +0800] "GET /xingrg/all/function/internal_message.html?_=1659317153882&CODE_STATE=getMsg HTTP/1.1" 200 27
114.84.2.83 - - [01/Aug/2022:09:29:07 +0800] "GET /xingrg/all/function/internal_message.html?_=1659317346568&CODE_STATE=getMsg HTTP/1.1" 200 27
116.232.194.65 - - [01/Aug/2022:09:29:07 +0800] "GET /xingrg/all/function/internal_message.html?_=1659317333420&CODE_STATE=getMsg HTTP/1.1" 200 27
114.84.2.83 - - [01/Aug/2022:09:29:07 +0800] "GET /xingrg/kc/base/check_order_list.html?isBack=1 HTTP/1.1" 200 16261
114.84.2.83 - - [01/Aug/2022:09:29:07 +0800] "POST /xingrg/kc/base/check_list_operate.html HTTP/1.1" 200 4703
116.232.194.65 - - [01/Aug/2022:09:29:10 +0800] "GET /xingrg/kc/buy/cgsh_order_operate.html?command=get_materiel&rest_code=00155&code=00101009016&supplier_code=00100037&order_time=2022-08-01 HTTP/1.1" 200 412
114.84.2.83 - - [01/Aug/2022:09:29:11 +0800] "GET /xingrg/kc/base/check_order_info.html?code=452022073100154 HTTP/1.1" 200 26404
114.84.2.83 - - [01/Aug/2022:09:29:11 +0800] "GET /xingrg/dwr/interface/AjaxComOrderService.js HTTP/1.1" 200 18264
114.84.2.83 - - [01/Aug/2022:09:29:11 +0800] "GET /xingrg/dwr/interface/AjaxCheckService.js HTTP/1.1" 200 14003
114.84.2.83 - - [01/Aug/2022:09:29:11 +0800] "GET /xingrg/dwr/engine.js HTTP/1.1" 200 43631
114.84.2.83 - - [01/Aug/2022:09:29:12 +0800] "POST /xingrg/dwr/call/plaincall/AjaxCheckService.loadOrderItems.dwr HTTP/1.1" 200 2334
116.233.76.215 - - [01/Aug/2022:09:29:17 +0800] "GET /xingrg/kc/base/wldb_order_info.html?code=422022080100006 HTTP/1.1" 200 26229
116.233.76.215 - - [01/Aug/2022:09:29:17 +0800] "GET /xingrg/javascript/easyui/themes/default/validatebox.css HTTP/1.1" 404 1104
116.233.76.215 - - [01/Aug/2022:09:29:17 +0800] "POST /xingrg/kc/base/wldb_order_operate.html HTTP/1.1" 200 3767
116.232.194.65 - - [01/Aug/2022:09:29:18 +0800] "GET /xingrg/kc/buy/cgsh_order_operate.html?command=get_materiel&rest_code=00155&code=00101009013&supplier_code=00100037&order_time=2022-08-01 HTTP/1.1" 200 420
180.162.252.181 - - [01/Aug/2022:09:29:18 +0800] "GET /xingrg/all/function/internal_message.html?_=1659317237256&CODE_STATE=getMsg HTTP/1.1" 200 27
180.162.252.181 - - [01/Aug/2022:09:29:20 +0800] "GET /xingrg/kc/mdqp/qp_main.html HTTP/1.1" 200 10633
114.84.2.83 - - [01/Aug/2022:09:29:21 +0800] "POST /xingrg/dwr/call/plaincall/AjaxCheckService.setItemNumber.dwr HTTP/1.1" 200 76
180.162.252.181 - - [01/Aug/2022:09:29:22 +0800] "GET /xingrg/images/yd/bt.gif HTTP/1.1" 404 1040
180.162.252.181 - - [01/Aug/2022:09:29:23 +0800] "GET /xingrg/kc/buy/cgsh_order_operate.html?command=get_materiel&rest_code=00105&code=00101009001&supplier_code=00100024&order_time=2022-08-01 HTTP/1.1" 200 439
180.162.252.181 - - [01/Aug/2022:09:29:23 +0800] "GET /xingrg/kc/mdqp/qqps_order_list.html HTTP/1.1" 200 9222
114.84.2.83 - - [01/Aug/2022:09:29:23 +0800] "POST /xingrg/dwr/call/plaincall/AjaxCheckService.setItemNumber.dwr HTTP/1.1" 200 76
180.162.252.181 - - [01/Aug/2022:09:29:23 +0800] "GET /xingrg/dwr/interface/AjaxQqpsService.js HTTP/1.1" 200 16326
180.162.252.181 - - [01/Aug/2022:09:29:23 +0800] "GET /xingrg/dwr/util.js HTTP/1.1" 304 -
180.162.252.181 - - [01/Aug/2022:09:29:23 +0800] "GET /xingrg/dwr/interface/AjaxReportQueryService.js HTTP/1.1" 200 13203
180.162.252.181 - - [01/Aug/2022:09:29:23 +0800] "GET /xingrg/dwr/engine.js HTTP/1.1" 200 43631
180.162.252.181 - - [01/Aug/2022:09:29:25 +0800] "GET /xingrg/all/function/internal_message.html?_=1659317366596&CODE_STATE=getMsg HTTP/1.1" 200 27
114.84.2.83 - - [01/Aug/2022:09:29:25 +0800] "POST /xingrg/dwr/call/plaincall/AjaxCheckService.setItemNumber.dwr HTTP/1.1" 200 76
116.232.194.65 - - [01/Aug/2022:09:29:26 +0800] "GET /xingrg/kc/buy/cgsh_order_operate.html?command=get_materiel&rest_code=00155&code=00101009011&supplier_code=00100037&order_time=2022-08-01 HTTP/1.1" 200 416
180.162.252.181 - - [01/Aug/2022:09:29:26 +0800] "GET /xingrg/kc/mdqp/qqps_order_add.html HTTP/1.1" 200 28393
180.162.252.181 - - [01/Aug/2022:09:29:26 +0800] "GET /xingrg/dwr/interface/AjaxComOrderService.js HTTP/1.1" 200 18264
180.162.252.181 - - [01/Aug/2022:09:29:26 +0800] "GET /xingrg/dwr/interface/AjaxQqpsService.js HTTP/1.1" 200 16326
180.162.252.181 - - [01/Aug/2022:09:29:26 +0800] "GET /xingrg/dwr/engine.js HTTP/1.1" 200 43631
180.162.252.181 - - [01/Aug/2022:09:29:27 +0800] "GET /xingrg/words/20220730141824_words.js HTTP/1.1" 304 -
116.224.123.211 - - [01/Aug/2022:09:29:29 +0800] "GET /xingrg/all/function/internal_message.html?_=1659317372644&CODE_STATE=getMsg HTTP/1.1" 200 27
116.224.255.128 - - [01/Aug/2022:09:29:31 +0800] "GET /xingrg/all/function/internal_message.html?_=1659317369762&CODE_STATE=getMsg HTTP/1.1" 200 27
116.224.255.128 - - [01/Aug/2022:09:29:31 +0800] "GET /xingrg/check_reg.html?_=1659317369765 HTTP/1.1" 200 22
101.80.228.36 - - [01/Aug/2022:09:29:32 +0800] "GET /xingrg/all/function/internal_message.html?_=1659317371893&CODE_STATE=getMsg HTTP/1.1" 200 27
116.224.123.211 - - [01/Aug/2022:09:29:32 +0800] "GET /xingrg/all/function/internal_message.html?_=1659317373056&CODE_STATE=getMsg HTTP/1.1" 200 27
101.83.240.35 - - [01/Aug/2022:09:29:34 +0800] "GET /xingrg/kc/buy/cgsh_order_info.html?code=212022080100021 HTTP/1.1" 200 63053
101.83.240.35 - - [01/Aug/2022:09:29:34 +0800] "GET /xingrg/javascript/easyui/themes/default/validatebox.css HTTP/1.1" 404 1104
101.83.240.35 - - [01/Aug/2022:09:29:35 +0800] "POST /xingrg/kc/buy/cgsh_order_operate.html HTTP/1.1" 200 2391
114.84.2.83 - - [01/Aug/2022:09:29:35 +0800] "GET /xingrg/kc/base/check_order_list.html?isBack=1 HTTP/1.1" 200 16261
114.84.2.83 - - [01/Aug/2022:09:29:36 +0800] "POST /xingrg/kc/base/check_list_operate.html HTTP/1.1" 200 4703
101.83.240.35 - - [01/Aug/2022:09:29:37 +0800] "GET /xingrg/kc/print/load_data.html?order_code=212022080100021&kc_code=cgsh&condition= HTTP/1.1" 200 1406
218.81.223.53 - - [01/Aug/2022:09:29:44 +0800] "GET /xingrg/all/function/internal_message.html?_=1659317385492&CODE_STATE=getMsg HTTP/1.1" 200 27
101.80.228.36 - - [01/Aug/2022:09:29:47 +0800] "GET /xingrg/kc/base/wldb_order_add.html HTTP/1.1" 200 30362
101.80.228.36 - - [01/Aug/2022:09:29:47 +0800] "POST /xingrg/kc/base/wldb_order_operate.html HTTP/1.1" 200 6806
101.80.228.36 - - [01/Aug/2022:09:29:47 +0800] "GET /xingrg/javascript/easyui/themes/default/validatebox.css HTTP/1.1" 404 1104
101.83.240.35 - - [01/Aug/2022:09:29:51 +0800] "GET /xingrg/all/function/internal_message.html?_=1659317390565&CODE_STATE=getMsg HTTP/1.1" 200 27
101.83.240.35 - - [01/Aug/2022:09:29:51 +0800] "GET /xingrg/check_reg.html?_=1659317390570 HTTP/1.1" 200 22
114.84.2.83 - - [01/Aug/2022:09:29:52 +0800] "GET /xingrg/kc/base/check_order_list.html HTTP/1.1" 200 16261
114.84.2.83 - - [01/Aug/2022:09:29:52 +0800] "POST /xingrg/kc/base/check_list_operate.html HTTP/1.1" 200 4703
180.162.252.181 - - [01/Aug/2022:09:29:53 +0800] "POST /xingrg/dwr/call/plaincall/AjaxQqpsService.saveOrder.dwr HTTP/1.1" 200 78
180.162.252.181 - - [01/Aug/2022:09:29:55 +0800] "GET /xingrg/javascript/auto/indicator.gif HTTP/1.1" 404 1066
116.233.76.215 - - [01/Aug/2022:09:29:58 +0800] "GET /xingrg/all/function/internal_message.html?_=1659317401921&CODE_STATE=getMsg HTTP/1.1" 200 27
180.162.252.181 - - [01/Aug/2022:09:30:00 +0800] "GET /xingrg/kc/buy/cgsh_order_operate.html?command=get_materiel&rest_code=00105&code=00101009062&supplier_code=00100024&order_time=2022-08-01 HTTP/1.1" 200 434
114.84.2.83 - - [01/Aug/2022:09:30:01 +0800] "GET /xingrg/javascript/jquery_tools/images/prev.gif HTTP/1.1" 404 1086
114.84.2.83 - - [01/Aug/2022:09:30:01 +0800] "GET /xingrg/javascript/jquery_tools/images/next.gif HTTP/1.1" 404 1086
101.80.228.36 - - [01/Aug/2022:09:30:06 +0800] "GET /xingrg/kc/base/wldb_order_operate.html?command=get_materiel&rest_code=00156&base_code=0010784&code=00101001075 HTTP/1.1" 200 430
120.253.135.82 - - [01/Aug/2022:09:30:07 +0800] "GET /xingrg/all/function/internal_message.html?_=1659317214141&CODE_STATE=getMsg HTTP/1.1" 200 27
114.84.2.83 - - [01/Aug/2022:09:30:07 +0800] "GET /xingrg/all/function/internal_message.html?_=1659317406551&CODE_STATE=getMsg HTTP/1.1" 200 27
116.232.194.65 - - [01/Aug/2022:09:30:07 +0800] "GET /xingrg/all/function/internal_message.html?_=1659317393419&CODE_STATE=getMsg HTTP/1.1" 200 27
180.162.252.181 - - [01/Aug/2022:09:30:09 +0800] "GET /xingrg/kc/buy/cgsh_order_operate.html?command=get_materiel&rest_code=00105&code=00101009010&supplier_code=00100024&order_time=2022-08-01 HTTP/1.1" 200 433
114.84.2.83 - - [01/Aug/2022:09:30:10 +0800] "POST /xingrg/kc/base/check_list_operate.html HTTP/1.1" 200 4769
101.83.240.35 - - [01/Aug/2022:09:30:10 +0800] "GET /xingrg/kc/buy/cgsh_order_add.html HTTP/1.1" 200 68150
101.83.240.35 - - [01/Aug/2022:09:30:10 +0800] "POST /xingrg/kc/buy/cgsh_order_operate.html HTTP/1.1" 200 8245
101.83.240.35 - - [01/Aug/2022:09:30:10 +0800] "GET /xingrg/javascript/easyui/themes/default/validatebox.css HTTP/1.1" 404 1104
218.81.223.53 - - [01/Aug/2022:09:30:14 +0800] "POST /xingrg/services/DataTransmitService HTTP/1.1" 200 524
101.80.228.36 - - [01/Aug/2022:09:30:14 +0800] "GET /xingrg/kc/base/wldb_order_operate.html?command=get_materiel&rest_code=00156&base_code=0010784&code=00101002027 HTTP/1.1" 200 435
218.81.223.53 - - [01/Aug/2022:09:30:14 +0800] "POST /xingrg/services/DataTransmitService HTTP/1.1" 200 2339
116.233.76.215 - - [01/Aug/2022:09:30:16 +0800] "GET /xingrg/kc/base/wldb_order_add.html HTTP/1.1" 200 30352
116.233.76.215 - - [01/Aug/2022:09:30:16 +0800] "POST /xingrg/kc/base/wldb_order_operate.html HTTP/1.1" 200 6806
116.233.76.215 - - [01/Aug/2022:09:30:16 +0800] "GET /xingrg/javascript/easyui/themes/default/validatebox.css HTTP/1.1" 404 1104
218.81.223.53 - - [01/Aug/2022:09:30:18 +0800] "POST /xingrg/services/DataTransmitService HTTP/1.1" 200 524
180.162.252.181 - - [01/Aug/2022:09:30:18 +0800] "GET /xingrg/all/function/internal_message.html?_=1659317297271&CODE_STATE=getMsg HTTP/1.1" 200 27
218.81.223.53 - - [01/Aug/2022:09:30:18 +0800] "POST /xingrg/services/DataTransmitService HTTP/1.1" 200 2339
101.83.240.35 - - [01/Aug/2022:09:30:23 +0800] "GET /xingrg/kc/buy/cgsh_order_operate.html?command=get_materiel&rest_code=00149&code=00101004010&supplier_code=00100083&order_time=2022-08-01 HTTP/1.1" 200 409
180.162.252.181 - - [01/Aug/2022:09:30:25 +0800] "GET /xingrg/all/function/internal_message.html?_=1659317426602&CODE_STATE=getMsg HTTP/1.1" 200 27
116.233.76.215 - - [01/Aug/2022:09:30:26 +0800] "GET /xingrg/kc/base/wldb_order_operate.html?command=get_materiel&rest_code=00109&base_code=0010105&code=00101007184 HTTP/1.1" 200 427
114.84.2.83 - - [01/Aug/2022:09:30:28 +0800] "POST /xingrg/kc/base/check_list_operate.html HTTP/1.1" 200 781
116.224.123.211 - - [01/Aug/2022:09:30:29 +0800] "GET /xingrg/all/function/internal_message.html?_=1659317432614&CODE_STATE=getMsg HTTP/1.1" 200 27
116.224.255.128 - - [01/Aug/2022:09:30:31 +0800] "GET /xingrg/all/function/internal_message.html?_=1659317429773&CODE_STATE=getMsg HTTP/1.1" 200 27
101.80.228.36 - - [01/Aug/2022:09:30:32 +0800] "GET /xingrg/all/function/internal_message.html?_=1659317431874&CODE_STATE=getMsg HTTP/1.1" 200 27
116.224.123.211 - - [01/Aug/2022:09:30:32 +0800] "GET /xingrg/all/function/internal_message.html?_=1659317433065&CODE_STATE=getMsg HTTP/1.1" 200 27
101.83.240.35 - - [01/Aug/2022:09:30:34 +0800] "GET /xingrg/kc/buy/cgsh_order_operate.html?command=get_materiel&rest_code=00149&code=00101004074&supplier_code=00100083&order_time=2022-08-01 HTTP/1.1" 200 406
114.84.2.83 - - [01/Aug/2022:09:30:35 +0800] "POST /xingrg/kc/base/check_list_operate.html HTTP/1.1" 200 781
218.81.223.53 - - [01/Aug/2022:09:30:35 +0800] "POST /xingrg/services/DataTransmitService HTTP/1.1" 200 524
218.81.223.53 - - [01/Aug/2022:09:30:36 +0800] "POST /xingrg/services/DataTransmitService HTTP/1.1" 200 501
218.81.223.53 - - [01/Aug/2022:09:30:38 +0800] "POST /xingrg/services/DataTransmitService HTTP/1.1" 200 524
180.162.252.181 - - [01/Aug/2022:09:30:40 +0800] "GET /xingrg/kc/buy/cgsh_order_operate.html?command=get_materiel&rest_code=00105&code=00101009124&supplier_code=00100024&order_time=2022-08-01 HTTP/1.1" 200 416
116.232.194.65 - - [01/Aug/2022:09:30:40 +0800] "GET /xingrg/kc/buy/cgsh_order_operate.html?command=get_materiel&rest_code=00155&code=00101023022&supplier_code=00100037&order_time=2022-08-01 HTTP/1.1" 200 406
116.233.76.215 - - [01/Aug/2022:09:30:41 +0800] "GET /xingrg/kc/base/wldb_order_operate.html?command=get_materiel&rest_code=00109&base_code=0010105&code=00101007077 HTTP/1.1" 200 438
114.84.2.83 - - [01/Aug/2022:09:30:41 +0800] "POST /xingrg/kc/base/check_list_operate.html HTTP/1.1" 200 1937
101.83.240.35 - - [01/Aug/2022:09:30:43 +0800] "GET /xingrg/kc/buy/cgsh_order_operate.html?command=get_materiel&rest_code=00149&code=00101004067&supplier_code=00100083&order_time=2022-08-01 HTTP/1.1" 200 413
218.81.223.53 - - [01/Aug/2022:09:30:44 +0800] "GET /xingrg/all/function/internal_message.html?_=1659317445514&CODE_STATE=getMsg HTTP/1.1" 200 27
180.162.252.181 - - [01/Aug/2022:09:30:45 +0800] "POST /xingrg/dwr/call/plaincall/AjaxQqpsService.getMaterielByCode.dwr HTTP/1.1" 200 2794
116.233.76.215 - - [01/Aug/2022:09:30:47 +0800] "GET /xingrg/kc/base/wldb_order_operate.html?command=get_materiel&rest_code=00109&base_code=0010105&code=00101007001 HTTP/1.1" 200 430
101.83.240.35 - - [01/Aug/2022:09:30:51 +0800] "GET /xingrg/all/function/internal_message.html?_=1659317450543&CODE_STATE=getMsg HTTP/1.1" 200 27
116.233.76.215 - - [01/Aug/2022:09:30:52 +0800] "GET /xingrg/kc/base/wldb_order_operate.html?command=get_materiel&rest_code=00109&base_code=0010105&code=00101007006 HTTP/1.1" 200 432
114.84.2.83 - - [01/Aug/2022:09:30:53 +0800] "POST /xingrg/kc/base/check_list_operate.html HTTP/1.1" 200 781
180.162.252.181 - - [01/Aug/2022:09:30:53 +0800] "POST /xingrg/dwr/call/plaincall/AjaxQqpsService.saveMaterielItem.dwr HTTP/1.1" 200 78
180.162.252.181 - - [01/Aug/2022:09:30:55 +0800] "GET /xingrg/kc/buy/cgsh_order_operate.html?command=get_materiel&rest_code=00105&code=00101009113&supplier_code=00100024&order_time=2022-08-01 HTTP/1.1" 200 413
116.233.76.215 - - [01/Aug/2022:09:30:58 +0800] "GET /xingrg/all/function/internal_message.html?_=1659317461904&CODE_STATE=getMsg HTTP/1.1" 200 27
101.83.240.35 - - [01/Aug/2022:09:30:58 +0800] "GET /xingrg/kc/buy/cgsh_order_operate.html?command=get_materiel&rest_code=00149&code=00101010198&supplier_code=00100083&order_time=2022-08-01 HTTP/1.1" 200 409
180.162.252.181 - - [01/Aug/2022:09:30:58 +0800] "POST /xingrg/dwr/call/plaincall/AjaxQqpsService.checkOrder.dwr HTTP/1.1" 200 78
114.84.2.83 - - [01/Aug/2022:09:30:59 +0800] "POST /xingrg/kc/base/check_list_operate.html HTTP/1.1" 200 1570
101.83.240.35 - - [01/Aug/2022:09:30:59 +0800] "POST /xingrg/services/DataTransmitService HTTP/1.1" 200 524
180.162.252.181 - - [01/Aug/2022:09:31:00 +0800] "GET /xingrg/kc/mdqp/qqps_order_info.html?code=302022080100003 HTTP/1.1" 200 26796
180.162.252.181 - - [01/Aug/2022:09:31:00 +0800] "GET /xingrg/dwr/interface/AjaxQqpsService.js HTTP/1.1" 200 16326
180.162.252.181 - - [01/Aug/2022:09:31:00 +0800] "GET /xingrg/dwr/interface/AjaxComOrderService.js HTTP/1.1" 200 18264
180.162.252.181 - - [01/Aug/2022:09:31:00 +0800] "GET /xingrg/dwr/engine.js HTTP/1.1" 200 43631
180.162.252.181 - - [01/Aug/2022:09:31:01 +0800] "POST /xingrg/dwr/call/plaincall/AjaxQqpsService.loadMaterielItems.dwr HTTP/1.1" 200 362
114.84.2.83 - - [01/Aug/2022:09:31:03 +0800] "GET /xingrg/kc/base/check_order_info.html?code=452022070600028 HTTP/1.1" 200 22852
114.84.2.83 - - [01/Aug/2022:09:31:03 +0800] "GET /xingrg/dwr/interface/AjaxComOrderService.js HTTP/1.1" 200 18264
114.84.2.83 - - [01/Aug/2022:09:31:03 +0800] "GET /xingrg/dwr/interface/AjaxCheckService.js HTTP/1.1" 200 14003
114.84.2.83 - - [01/Aug/2022:09:31:03 +0800] "GET /xingrg/dwr/engine.js HTTP/1.1" 200 43631
114.84.2.83 - - [01/Aug/2022:09:31:04 +0800] "POST /xingrg/dwr/call/plaincall/AjaxCheckService.loadOrderItems.dwr HTTP/1.1" 200 652
116.233.76.215 - - [01/Aug/2022:09:31:04 +0800] "POST /xingrg/kc/base/wldb_order_operate.html HTTP/1.1" 200 37
116.233.76.215 - - [01/Aug/2022:09:31:05 +0800] "POST /xingrg/kc/base/wldb_order_operate.html HTTP/1.1" 200 3133
120.253.135.82 - - [01/Aug/2022:09:31:06 +0800] "GET /xingrg/all/function/internal_message.html?_=1659317274159&CODE_STATE=getMsg HTTP/1.1" 200 27
114.84.2.83 - - [01/Aug/2022:09:31:07 +0800] "GET /xingrg/all/function/internal_message.html?_=1659317466525&CODE_STATE=getMsg HTTP/1.1" 200 27
116.232.194.65 - - [01/Aug/2022:09:31:07 +0800] "GET /xingrg/all/function/internal_message.html?_=1659317453413&CODE_STATE=getMsg HTTP/1.1" 200 27
116.232.194.65 - - [01/Aug/2022:09:31:07 +0800] "GET /xingrg/check_reg.html?_=1659317453415 HTTP/1.1" 200 22
180.162.252.181 - - [01/Aug/2022:09:31:09 +0800] "POST /xingrg/kc/buy/cgsh_order_operate.html HTTP/1.1" 200 37
114.84.2.83 - - [01/Aug/2022:09:31:09 +0800] "GET /xingrg/kc/base/check_order_list.html?isBack=1 HTTP/1.1" 200 16261
114.84.2.83 - - [01/Aug/2022:09:31:10 +0800] "POST /xingrg/kc/base/check_list_operate.html HTTP/1.1" 200 4703
116.233.76.215 - - [01/Aug/2022:09:31:14 +0800] "POST /xingrg/kc/base/wldb_order_operate.html HTTP/1.1" 200 12
101.83.240.35 - - [01/Aug/2022:09:31:17 +0800] "POST /xingrg/kc/buy/cgsh_order_operate.html HTTP/1.1" 200 37
180.162.252.181 - - [01/Aug/2022:09:31:18 +0800] "GET /xingrg/all/function/internal_message.html?_=1659317357255&CODE_STATE=getMsg HTTP/1.1" 200 27
116.233.76.215 - - [01/Aug/2022:09:31:18 +0800] "GET /xingrg/kc/base/wldb_order_info.html?code=422022080100007 HTTP/1.1" 200 26231
116.233.76.215 - - [01/Aug/2022:09:31:19 +0800] "GET /xingrg/javascript/easyui/themes/default/validatebox.css HTTP/1.1" 404 1104
116.233.76.215 - - [01/Aug/2022:09:31:19 +0800] "POST /xingrg/kc/base/wldb_order_operate.html HTTP/1.1" 200 1405
218.81.223.53 - - [01/Aug/2022:09:31:21 +0800] "POST /xingrg/services/DataTransmitService HTTP/1.1" 200 501
180.162.252.181 - - [01/Aug/2022:09:31:21 +0800] "POST /xingrg/services/DataTransmitService HTTP/1.1" 200 524
218.81.223.53 - - [01/Aug/2022:09:31:23 +0800] "POST /xingrg/services/DataTransmitService HTTP/1.1" 200 501
114.84.2.83 - - [01/Aug/2022:09:31:24 +0800] "POST /xingrg/kc/base/check_list_operate.html HTTP/1.1" 200 781
101.83.240.35 - - [01/Aug/2022:09:31:26 +0800] "POST /xingrg/kc/buy/cgsh_order_operate.html HTTP/1.1" 200 12
101.83.240.35 - - [01/Aug/2022:09:31:29 +0800] "GET /xingrg/kc/buy/cgsh_order_info.html?code=212022080100023 HTTP/1.1" 200 63051
101.83.240.35 - - [01/Aug/2022:09:31:29 +0800] "GET /xingrg/javascript/easyui/themes/default/validatebox.css HTTP/1.1" 404 1104
116.224.123.211 - - [01/Aug/2022:09:31:29 +0800] "GET /xingrg/check_reg.html?_=1659317492593 HTTP/1.1" 200 22
116.224.123.211 - - [01/Aug/2022:09:31:29 +0800] "GET /xingrg/all/function/internal_message.html?_=1659317492596&CODE_STATE=getMsg HTTP/1.1" 200 27
101.83.240.35 - - [01/Aug/2022:09:31:30 +0800] "POST /xingrg/kc/buy/cgsh_order_operate.html HTTP/1.1" 200 2970
114.84.2.83 - - [01/Aug/2022:09:31:30 +0800] "POST /xingrg/kc/base/check_list_operate.html HTTP/1.1" 200 781
116.232.194.65 - - [01/Aug/2022:09:31:31 +0800] "GET /xingrg/kc/buy/cgsh_order_operate.html?command=get_materiel&rest_code=00155&code=00101029006&supplier_code=00100037&order_time=2022-08-01 HTTP/1.1" 200 439
116.224.255.128 - - [01/Aug/2022:09:31:31 +0800] "GET /xingrg/all/function/internal_message.html?_=1659317489759&CODE_STATE=getMsg HTTP/1.1" 200 27
101.83.240.35 - - [01/Aug/2022:09:31:32 +0800] "GET /xingrg/kc/print/load_data.html?order_code=212022080100023&kc_code=cgsh&condition= HTTP/1.1" 200 1616
101.80.228.36 - - [01/Aug/2022:09:31:32 +0800] "GET /xingrg/all/function/internal_message.html?_=1659317491852&CODE_STATE=getMsg HTTP/1.1" 200 27
222.69.129.110 - - [01/Aug/2022:09:31:32 +0800] "GET /xingrg/login.html HTTP/1.1" 200 7641
116.224.123.211 - - [01/Aug/2022:09:31:32 +0800] "GET /xingrg/all/function/internal_message.html?_=1659317493057&CODE_STATE=getMsg HTTP/1.1" 200 27
222.69.129.110 - - [01/Aug/2022:09:31:32 +0800] "GET /favicon.ico HTTP/1.1" 404 -
222.69.129.110 - - [01/Aug/2022:09:31:35 +0800] "POST /xingrg/login.do HTTP/1.1" 302 -
222.69.129.110 - - [01/Aug/2022:09:31:36 +0800] "GET /xingrg/index.html?sysBaseUrl=http%3A%2F%2F180.169.147.146%3A18081%2Fxingrg%2F&costTime=1666×tamp=1659317495750 HTTP/1.1" 200 17179
222.69.129.110 - - [01/Aug/2022:09:31:36 +0800] "GET /favicon.ico HTTP/1.1" 404 -
222.69.129.110 - - [01/Aug/2022:09:31:36 +0800] "GET /xingrg/all/function/internal_message.html?_=1659317552736&CODE_STATE=count HTTP/1.1" 200 11
222.69.129.110 - - [01/Aug/2022:09:31:36 +0800] "GET /xingrg/check_reg.html?_=1659317552737 HTTP/1.1" 200 22
222.69.129.110 - - [01/Aug/2022:09:31:36 +0800] "POST /xingrg/all/common/load_tree.html?tree=area_rest_tree_json&manage=1 HTTP/1.1" 200 351
222.69.129.110 - - [01/Aug/2022:09:31:36 +0800] "POST /xingrg/load_menu.html HTTP/1.1" 200 5138
101.83.240.35 - - [01/Aug/2022:09:31:36 +0800] "GET /xingrg/kc/buy/cgsh_order_add.html HTTP/1.1" 200 68150
101.83.240.35 - - [01/Aug/2022:09:31:37 +0800] "POST /xingrg/kc/buy/cgsh_order_operate.html HTTP/1.1" 200 8245
101.83.240.35 - - [01/Aug/2022:09:31:37 +0800] "GET /xingrg/javascript/easyui/themes/default/validatebox.css HTTP/1.1" 404 1104
114.84.2.83 - - [01/Aug/2022:09:31:37 +0800] "POST /xingrg/kc/base/check_list_operate.html HTTP/1.1" 200 781
222.69.129.110 - - [01/Aug/2022:09:31:42 +0800] "GET /xingrg/kc/base/check_order_list.html HTTP/1.1" 200 16267
222.69.129.110 - - [01/Aug/2022:09:31:43 +0800] "POST /xingrg/kc/base/check_list_operate.html HTTP/1.1" 200 1566
114.84.2.83 - - [01/Aug/2022:09:31:44 +0800] "POST /xingrg/kc/base/check_list_operate.html HTTP/1.1" 200 781
218.81.223.53 - - [01/Aug/2022:09:31:44 +0800] "GET /xingrg/all/function/internal_message.html?_=1659317505520&CODE_STATE=getMsg HTTP/1.1" 200 27
218.81.223.53 - - [01/Aug/2022:09:31:45 +0800] "POST /xingrg/services/DataTransmitService HTTP/1.1" 200 501
222.69.129.110 - - [01/Aug/2022:09:31:49 +0800] "GET /xingrg/kc/base/check_order_add.html HTTP/1.1" 200 25534
222.69.129.110 - - [01/Aug/2022:09:31:49 +0800] "GET /xingrg/dwr/interface/AjaxComOrderService.js HTTP/1.1" 200 18264
222.69.129.110 - - [01/Aug/2022:09:31:49 +0800] "GET /xingrg/dwr/interface/AjaxCheckService.js HTTP/1.1" 200 14003
222.69.129.110 - - [01/Aug/2022:09:31:49 +0800] "GET /xingrg/dwr/engine.js HTTP/1.1" 200 43631
116.224.123.211 - - [01/Aug/2022:09:31:49 +0800] "GET /xingrg/kc/buy/cgsh_order_operate.html?command=get_materiel&rest_code=00102&code=00101001060&supplier_code=00100400&order_time=2022-08-01 HTTP/1.1" 200 421
114.84.2.83 - - [01/Aug/2022:09:31:50 +0800] "POST /xingrg/kc/base/check_list_operate.html HTTP/1.1" 200 781
101.83.240.35 - - [01/Aug/2022:09:31:50 +0800] "GET /xingrg/all/function/internal_message.html?_=1659317510521&CODE_STATE=getMsg HTTP/1.1" 200 27
180.162.252.181 - - [01/Aug/2022:09:31:52 +0800] "POST /xingrg/services/DataTransmitService HTTP/1.1" 200 501
116.232.194.65 - - [01/Aug/2022:09:31:54 +0800] "GET /xingrg/kc/buy/cgsh_order_operate.html?command=get_materiel&rest_code=00155&code=00101008137&supplier_code=00100037&order_time=2022-08-01 HTTP/1.1" 200 408
101.83.240.35 - - [01/Aug/2022:09:31:54 +0800] "GET /xingrg/kc/buy/cgsh_order_operate.html?command=get_materiel&rest_code=00149&code=00101007059&supplier_code=00100205&order_time=2022-08-01 HTTP/1.1" 200 410
114.84.2.83 - - [01/Aug/2022:09:31:56 +0800] "POST /xingrg/kc/base/check_list_operate.html HTTP/1.1" 200 1570
116.233.76.215 - - [01/Aug/2022:09:31:58 +0800] "GET /xingrg/all/function/internal_message.html?_=1659317521924&CODE_STATE=getMsg HTTP/1.1" 200 27
222.69.129.110 - - [01/Aug/2022:09:32:02 +0800] "POST /xingrg/dwr/call/plaincall/AjaxCheckService.saveOrder.dwr HTTP/1.1" 200 78
114.84.2.83 - - [01/Aug/2022:09:32:07 +0800] "GET /xingrg/check_reg.html?_=1659317526377 HTTP/1.1" 200 22
114.84.2.83 - - [01/Aug/2022:09:32:07 +0800] "GET /xingrg/all/function/internal_message.html?_=1659317526504&CODE_STATE=getMsg HTTP/1.1" 200 27
120.253.135.82 - - [01/Aug/2022:09:32:07 +0800] "GET /xingrg/all/function/internal_message.html?_=1659317334407&CODE_STATE=getMsg HTTP/1.1" 200 27
116.232.194.65 - - [01/Aug/2022:09:32:07 +0800] "GET /xingrg/all/function/internal_message.html?_=1659317513421&CODE_STATE=getMsg HTTP/1.1" 200 27
218.81.223.53 - - [01/Aug/2022:09:32:09 +0800] "POST /xingrg/services/DataTransmitService HTTP/1.1" 200 501
180.162.252.181 - - [01/Aug/2022:09:32:10 +0800] "POST /xingrg/services/DataTransmitService HTTP/1.1" 200 501
101.83.240.35 - - [01/Aug/2022:09:32:10 +0800] "GET /xingrg/kc/buy/cgsh_order_operate.html?command=get_materiel&rest_code=00149&code=00101007071&supplier_code=00100205&order_time=2022-08-01 HTTP/1.1" 200 419
58.37.7.158 - - [01/Aug/2022:09:32:11 +0800] "GET /favicon.ico HTTP/1.1" 404 -
218.81.223.53 - - [01/Aug/2022:09:32:11 +0800] "POST /xingrg/services/DataTransmitService HTTP/1.1" 200 501
58.37.7.158 - - [01/Aug/2022:09:32:18 +0800] "GET /xingrg/login.html?r=1 HTTP/1.1" 200 7641
180.162.252.181 - - [01/Aug/2022:09:32:18 +0800] "GET /xingrg/all/function/internal_message.html?_=1659317417255&CODE_STATE=getMsg HTTP/1.1" 200 27
58.37.7.158 - - [01/Aug/2022:09:32:18 +0800] "GET /favicon.ico HTTP/1.1" 404 -
116.224.123.211 - - [01/Aug/2022:09:32:20 +0800] "POST /xingrg/kc/buy/cgsh_order_operate.html HTTP/1.1" 200 37
58.37.7.158 - - [01/Aug/2022:09:32:22 +0800] "POST /xingrg/login.do HTTP/1.1" 302 -
58.37.7.158 - - [01/Aug/2022:09:32:22 +0800] "GET /xingrg/index.html?sysBaseUrl=http%3A%2F%2F180.169.147.146%3A18081%2Fxingrg%2F&costTime=1770×tamp=1659317542564 HTTP/1.1" 200 17173
58.37.7.158 - - [01/Aug/2022:09:32:22 +0800] "GET /favicon.ico HTTP/1.1" 404 -
58.37.7.158 - - [01/Aug/2022:09:32:23 +0800] "GET /xingrg/all/function/internal_message.html?_=1659317542481&CODE_STATE=count HTTP/1.1" 200 11
58.37.7.158 - - [01/Aug/2022:09:32:23 +0800] "GET /xingrg/check_reg.html?_=1659317542483 HTTP/1.1" 200 22
58.37.7.158 - - [01/Aug/2022:09:32:23 +0800] "POST /xingrg/all/common/load_tree.html?tree=area_rest_tree_json&manage=1 HTTP/1.1" 200 342
58.37.7.158 - - [01/Aug/2022:09:32:23 +0800] "POST /xingrg/load_menu.html HTTP/1.1" 200 5138
58.37.7.158 - - [01/Aug/2022:09:32:26 +0800] "GET /xingrg/kc/buy/buy_main.html HTTP/1.1" 200 12412
58.37.7.158 - - [01/Aug/2022:09:32:26 +0800] "GET /xingrg/css/new_ie.css HTTP/1.1" 404 1036
58.37.7.158 - - [01/Aug/2022:09:32:27 +0800] "GET /xingrg/images/yd/bt.gif HTTP/1.1" 404 1040
58.37.7.158 - - [01/Aug/2022:09:32:29 +0800] "GET /xingrg/kc/buy/cgsh_order_list.html HTTP/1.1" 200 52280
116.224.123.211 - - [01/Aug/2022:09:32:29 +0800] "GET /xingrg/all/function/internal_message.html?_=1659317552596&CODE_STATE=getMsg HTTP/1.1" 200 27
116.224.255.128 - - [01/Aug/2022:09:32:31 +0800] "GET /xingrg/all/function/internal_message.html?_=1659317549786&CODE_STATE=getMsg HTTP/1.1" 200 27
101.80.228.36 - - [01/Aug/2022:09:32:32 +0800] "GET /xingrg/all/function/internal_message.html?_=1659317551837&CODE_STATE=getMsg HTTP/1.1" 200 27
116.224.123.211 - - [01/Aug/2022:09:32:32 +0800] "GET /xingrg/all/function/internal_message.html?_=1659317553048&CODE_STATE=getMsg HTTP/1.1" 200 27
180.162.252.181 - - [01/Aug/2022:09:32:32 +0800] "POST /xingrg/services/DataTransmitService HTTP/1.1" 200 501
218.81.223.53 - - [01/Aug/2022:09:32:32 +0800] "POST /xingrg/services/DataTransmitService HTTP/1.1" 200 501
116.224.123.211 - - [01/Aug/2022:09:32:33 +0800] "POST /xingrg/kc/buy/cgsh_order_operate.html HTTP/1.1" 200 12
58.37.7.158 - - [01/Aug/2022:09:32:34 +0800] "POST /xingrg/kc/buy/cgsh_list_operate.html HTTP/1.1" 200 693
116.224.123.211 - - [01/Aug/2022:09:32:37 +0800] "GET /xingrg/kc/buy/cgsh_order_info.html?code=212022080100024 HTTP/1.1" 200 62996
116.224.123.211 - - [01/Aug/2022:09:32:38 +0800] "GET /xingrg/javascript/easyui/themes/default/validatebox.css HTTP/1.1" 404 1104
116.224.123.211 - - [01/Aug/2022:09:32:38 +0800] "POST /xingrg/kc/buy/cgsh_order_operate.html HTTP/1.1" 200 1790
58.37.7.158 - - [01/Aug/2022:09:32:40 +0800] "GET /xingrg/kc/buy/cgsh_order_add.html HTTP/1.1" 200 68056
58.37.7.158 - - [01/Aug/2022:09:32:40 +0800] "GET /xingrg/words/20220730141824_words.js HTTP/1.1" 304 -
58.37.7.158 - - [01/Aug/2022:09:32:40 +0800] "POST /xingrg/kc/buy/cgsh_order_operate.html HTTP/1.1" 200 8245
58.37.7.158 - - [01/Aug/2022:09:32:40 +0800] "GET /xingrg/javascript/easyui/themes/default/validatebox.css HTTP/1.1" 404 1104
58.37.7.158 - - [01/Aug/2022:09:32:40 +0800] "GET /xingrg/all/common/auto_word.html?type=employee&rest_code=00106 HTTP/1.1" 200 205
58.37.7.158 - - [01/Aug/2022:09:32:40 +0800] "GET /xingrg/all/common/auto_word.html?type=employee&rest_code=00106 HTTP/1.1" 200 205
58.37.7.158 - - [01/Aug/2022:09:32:42 +0800] "GET /xingrg/javascript/easyui/themes/default/tree.css HTTP/1.1" 404 1090
116.224.123.211 - - [01/Aug/2022:09:32:43 +0800] "GET /xingrg/kc/print/load_data.html?order_code=212022080100024&kc_code=cgsh&condition= HTTP/1.1" 200 1124
58.37.7.158 - - [01/Aug/2022:09:32:43 +0800] "POST /xingrg/all/common/load_tree.html?tree=supplier_tree_json&isDelete=1 HTTP/1.1" 200 67194
218.81.223.53 - - [01/Aug/2022:09:32:44 +0800] "GET /xingrg/all/function/internal_message.html?_=1659317565541&CODE_STATE=getMsg HTTP/1.1" 200 27
114.84.2.83 - - [01/Aug/2022:09:32:50 +0800] "POST /xingrg/kc/base/check_list_operate.html HTTP/1.1" 200 781
101.83.240.35 - - [01/Aug/2022:09:32:50 +0800] "GET /xingrg/all/function/internal_message.html?_=1659317570501&CODE_STATE=getMsg HTTP/1.1" 200 27
180.162.252.181 - - [01/Aug/2022:09:32:52 +0800] "POST /xingrg/services/DataTransmitService HTTP/1.1" 200 501
218.81.223.53 - - [01/Aug/2022:09:32:53 +0800] "POST /xingrg/services/DataTransmitService HTTP/1.1" 200 501
116.232.194.65 - - [01/Aug/2022:09:32:54 +0800] "GET /xingrg/kc/buy/cgsh_order_operate.html?command=get_materiel&rest_code=00155&code=00101020138&supplier_code=00100037&order_time=2022-08-01 HTTP/1.1" 200 426
180.162.252.181 - - [01/Aug/2022:09:32:54 +0800] "POST /xingrg/services/DataTransmitService HTTP/1.1" 200 501
116.224.123.211 - - [01/Aug/2022:09:32:56 +0800] "GET /xingrg/kc/buy/cgsh_order_add.html HTTP/1.1" 200 68097
116.224.123.211 - - [01/Aug/2022:09:32:56 +0800] "POST /xingrg/kc/buy/cgsh_order_operate.html HTTP/1.1" 200 8245
114.84.2.83 - - [01/Aug/2022:09:32:56 +0800] "POST /xingrg/kc/base/check_list_operate.html HTTP/1.1" 200 781
218.81.223.53 - - [01/Aug/2022:09:32:56 +0800] "POST /xingrg/services/DataTransmitService HTTP/1.1" 200 501
116.224.123.211 - - [01/Aug/2022:09:32:56 +0800] "GET /xingrg/javascript/easyui/themes/default/validatebox.css HTTP/1.1" 404 1104
116.233.76.215 - - [01/Aug/2022:09:32:58 +0800] "GET /xingrg/all/function/internal_message.html?_=1659317581912&CODE_STATE=getMsg HTTP/1.1" 200 27
116.224.123.211 - - [01/Aug/2022:09:32:58 +0800] "GET /xingrg/javascript/easyui/themes/default/tree.css HTTP/1.1" 404 1090
180.162.252.181 - - [01/Aug/2022:09:32:59 +0800] "POST /xingrg/services/DataTransmitService HTTP/1.1" 200 501
116.224.123.211 - - [01/Aug/2022:09:32:59 +0800] "POST /xingrg/all/common/load_tree.html?tree=supplier_tree_json&isDelete=1 HTTP/1.1" 200 67194
218.81.223.53 - - [01/Aug/2022:09:33:01 +0800] "POST /xingrg/services/DataTransmitService HTTP/1.1" 200 501
116.235.94.65 - - [01/Aug/2022:09:33:02 +0800] "POST /xingrg/login.do HTTP/1.1" 302 -
116.235.94.65 - - [01/Aug/2022:09:33:02 +0800] "GET /xingrg/index.html?sysBaseUrl=http%3A%2F%2F180.169.147.146%3A18081%2Fxingrg%2F&costTime=1654×tamp=1659317582359 HTTP/1.1" 200 17179
116.235.94.65 - - [01/Aug/2022:09:33:02 +0800] "GET /favicon.ico HTTP/1.1" 404 -
116.235.94.65 - - [01/Aug/2022:09:33:02 +0800] "GET /xingrg/all/function/internal_message.html?_=1659317769077&CODE_STATE=count HTTP/1.1" 200 11
116.235.94.65 - - [01/Aug/2022:09:33:02 +0800] "GET /xingrg/check_reg.html?_=1659317769078 HTTP/1.1" 200 22
116.235.94.65 - - [01/Aug/2022:09:33:02 +0800] "POST /xingrg/all/common/load_tree.html?tree=area_rest_tree_json&manage=1 HTTP/1.1" 200 351
58.37.7.158 - - [01/Aug/2022:09:33:03 +0800] "GET /xingrg/javascript/auto/indicator.gif HTTP/1.1" 404 1066
114.84.2.83 - - [01/Aug/2022:09:33:03 +0800] "POST /xingrg/kc/base/check_list_operate.html HTTP/1.1" 200 781
116.235.94.65 - - [01/Aug/2022:09:33:03 +0800] "POST /xingrg/load_menu.html HTTP/1.1" 200 5138
180.162.252.181 - - [01/Aug/2022:09:33:03 +0800] "POST /xingrg/services/DataTransmitService HTTP/1.1" 200 501
120.253.135.82 - - [01/Aug/2022:09:33:03 +0800] "GET /xingrg/check_reg.html?_=1659317388212 HTTP/1.1" 200 22
218.81.223.53 - - [01/Aug/2022:09:33:03 +0800] "POST /xingrg/services/DataTransmitService HTTP/1.1" 200 412
180.162.252.181 - - [01/Aug/2022:09:33:04 +0800] "POST /xingrg/services/DataTransmitService HTTP/1.1" 200 501
180.162.252.181 - - [01/Aug/2022:09:33:05 +0800] "POST /xingrg/services/DataTransmitService HTTP/1.1" 200 412
114.84.2.83 - - [01/Aug/2022:09:33:07 +0800] "GET /xingrg/all/function/internal_message.html?_=1659317586481&CODE_STATE=getMsg HTTP/1.1" 200 27
120.253.135.82 - - [01/Aug/2022:09:33:07 +0800] "GET /xingrg/all/function/internal_message.html?_=1659317394421&CODE_STATE=getMsg HTTP/1.1" 200 27
116.232.194.65 - - [01/Aug/2022:09:33:07 +0800] "GET /xingrg/all/function/internal_message.html?_=1659317573410&CODE_STATE=getMsg HTTP/1.1" 200 27
114.84.2.83 - - [01/Aug/2022:09:33:09 +0800] "POST /xingrg/kc/base/check_list_operate.html HTTP/1.1" 200 781
58.37.7.158 - - [01/Aug/2022:09:33:10 +0800] "GET /xingrg/kc/buy/cgsh_order_operate.html?command=get_materiel&rest_code=00106&code=00101016071&supplier_code=00100032&order_time=2022-08-01 HTTP/1.1" 200 416
116.232.194.65 - - [01/Aug/2022:09:33:12 +0800] "GET /xingrg/kc/buy/cgsh_order_operate.html?command=get_materiel&rest_code=00155&code=00101011010&supplier_code=00100037&order_time=2022-08-01 HTTP/1.1" 200 418
116.235.94.65 - - [01/Aug/2022:09:33:16 +0800] "GET /xingrg/kc/base/wldb_order_list.html HTTP/1.1" 200 19148
116.224.123.211 - - [01/Aug/2022:09:33:17 +0800] "GET /xingrg/kc/buy/cgsh_order_operate.html?command=get_materiel&rest_code=00102&code=00101015017&supplier_code=00100054&order_time=2022-08-01 HTTP/1.1" 200 412
114.84.2.83 - - [01/Aug/2022:09:33:17 +0800] "POST /xingrg/kc/base/check_list_operate.html HTTP/1.1" 200 781
116.235.94.65 - - [01/Aug/2022:09:33:17 +0800] "POST /xingrg/kc/base/wldb_list_operate.html HTTP/1.1" 200 928
180.162.252.181 - - [01/Aug/2022:09:33:18 +0800] "GET /xingrg/check_reg.html?_=1659317477254 HTTP/1.1" 200 22
180.162.252.181 - - [01/Aug/2022:09:33:18 +0800] "GET /xingrg/all/function/internal_message.html?_=1659317477253&CODE_STATE=getMsg HTTP/1.1" 200 27
101.80.228.36 - - [01/Aug/2022:09:33:20 +0800] "GET /xingrg/kc/base/wldb_order_operate.html?command=get_materiel&rest_code=00156&base_code=0010784&code=00101016057 HTTP/1.1" 200 429
58.37.7.158 - - [01/Aug/2022:09:33:22 +0800] "GET /xingrg/all/function/internal_message.html?_=1659317602489&CODE_STATE=getMsg HTTP/1.1" 200 27
114.84.2.83 - - [01/Aug/2022:09:33:23 +0800] "POST /xingrg/kc/base/check_list_operate.html HTTP/1.1" 200 781
222.69.129.110 - - [01/Aug/2022:09:33:27 +0800] "GET /xingrg/all/function/internal_message.html?_=1659317664071&CODE_STATE=getMsg HTTP/1.1" 200 27
116.224.123.211 - - [01/Aug/2022:09:33:28 +0800] "GET /xingrg/kc/buy/cgsh_order_operate.html?command=get_materiel&rest_code=00102&code=00101015037&supplier_code=00100054&order_time=2022-08-01 HTTP/1.1" 200 412
222.69.129.110 - - [01/Aug/2022:09:33:28 +0800] "POST /xingrg/dwr/call/plaincall/AjaxCheckService.loadOrderItems.dwr HTTP/1.1" 200 367
114.84.2.83 - - [01/Aug/2022:09:33:29 +0800] "POST /xingrg/kc/base/check_list_operate.html HTTP/1.1" 200 781
101.80.228.36 - - [01/Aug/2022:09:33:29 +0800] "POST /xingrg/kc/base/wldb_order_operate.html HTTP/1.1" 200 37
