101.83.240.35 - - [01/Aug/2022:08:38:50 +0800] "POST /xingrg/dwr/call/plaincall/AjaxCheckService.setItemNumber.dwr HTTP/1.1" 200 77
101.83.240.35 - - [01/Aug/2022:08:38:51 +0800] "GET /xingrg/all/function/internal_message.html?_=1659314330574&CODE_STATE=getMsg HTTP/1.1" 200 27
116.232.194.65 - - [01/Aug/2022:08:38:51 +0800] "POST /xingrg/dwr/call/plaincall/AjaxCheckService.setItemNumber.dwr HTTP/1.1" 200 77
116.232.194.65 - - [01/Aug/2022:08:38:51 +0800] "POST /xingrg/dwr/call/plaincall/AjaxCheckService.setItemNumber.dwr HTTP/1.1" 200 77
101.83.240.35 - - [01/Aug/2022:08:38:51 +0800] "POST /xingrg/dwr/call/plaincall/AjaxCheckService.setItemNumber.dwr HTTP/1.1" 200 77
116.232.194.65 - - [01/Aug/2022:08:38:51 +0800] "POST /xingrg/dwr/call/plaincall/AjaxCheckService.setItemNumber.dwr HTTP/1.1" 200 77
101.83.240.35 - - [01/Aug/2022:08:38:51 +0800] "POST /xingrg/dwr/call/plaincall/AjaxCheckService.setItemNumber.dwr HTTP/1.1" 200 77
101.83.240.35 - - [01/Aug/2022:08:38:52 +0800] "POST /xingrg/dwr/call/plaincall/AjaxCheckService.setItemNumber.dwr HTTP/1.1" 200 77
116.232.194.65 - - [01/Aug/2022:08:38:52 +0800] "POST /xingrg/dwr/call/plaincall/AjaxCheckService.setItemNumber.dwr HTTP/1.1" 200 77
116.232.194.65 - - [01/Aug/2022:08:38:52 +0800] "POST /xingrg/dwr/call/plaincall/AjaxCheckService.setItemNumber.dwr HTTP/1.1" 200 77
101.83.240.35 - - [01/Aug/2022:08:38:52 +0800] "POST /xingrg/dwr/call/plaincall/AjaxCheckService.setItemNumber.dwr HTTP/1.1" 200 77
101.83.240.35 - - [01/Aug/2022:08:38:53 +0800] "POST /xingrg/dwr/call/plaincall/AjaxCheckService.setItemNumber.dwr HTTP/1.1" 200 77
116.232.194.65 - - [01/Aug/2022:08:38:53 +0800] "POST /xingrg/dwr/call/plaincall/AjaxCheckService.setItemNumber.dwr HTTP/1.1" 200 77
101.83.240.35 - - [01/Aug/2022:08:38:53 +0800] "POST /xingrg/dwr/call/plaincall/AjaxCheckService.setItemNumber.dwr HTTP/1.1" 200 77
101.83.240.35 - - [01/Aug/2022:08:38:53 +0800] "POST /xingrg/dwr/call/plaincall/AjaxCheckService.setItemNumber.dwr HTTP/1.1" 200 77
101.83.240.35 - - [01/Aug/2022:08:38:53 +0800] "POST /xingrg/dwr/call/plaincall/AjaxCheckService.setItemNumber.dwr HTTP/1.1" 200 77
101.83.240.35 - - [01/Aug/2022:08:38:53 +0800] "POST /xingrg/dwr/call/plaincall/AjaxCheckService.setItemNumber.dwr HTTP/1.1" 200 77
101.83.240.35 - - [01/Aug/2022:08:38:54 +0800] "POST /xingrg/dwr/call/plaincall/AjaxCheckService.setItemNumber.dwr HTTP/1.1" 200 77
116.232.194.65 - - [01/Aug/2022:08:38:54 +0800] "POST /xingrg/dwr/call/plaincall/AjaxCheckService.setItemNumber.dwr HTTP/1.1" 200 77
58.221.95.50 - - [01/Aug/2022:08:38:54 +0800] "GET /xingrg/check_reg.html?_=1659314335814 HTTP/1.1" 302 -
101.83.240.35 - - [01/Aug/2022:08:38:55 +0800] "POST /xingrg/dwr/call/plaincall/AjaxCheckService.setItemNumber.dwr HTTP/1.1" 200 77
101.83.240.35 - - [01/Aug/2022:08:38:55 +0800] "POST /xingrg/dwr/call/plaincall/AjaxCheckService.setItemNumber.dwr HTTP/1.1" 200 77
116.232.194.65 - - [01/Aug/2022:08:38:55 +0800] "POST /xingrg/dwr/call/plaincall/AjaxCheckService.setItemNumber.dwr HTTP/1.1" 200 77
101.83.240.35 - - [01/Aug/2022:08:38:56 +0800] "POST /xingrg/dwr/call/plaincall/AjaxCheckService.setItemNumber.dwr HTTP/1.1" 200 77
116.224.255.128 - - [01/Aug/2022:08:38:56 +0800] "GET /xingrg/kc/buy/cgsh_order_operate.html?command=get_materiel&rest_code=00151&code=00101008213&supplier_code=00100007&order_time=2022-08-01 HTTP/1.1" 200 412
116.232.194.65 - - [01/Aug/2022:08:38:56 +0800] "POST /xingrg/dwr/call/plaincall/AjaxCheckService.setItemNumber.dwr HTTP/1.1" 200 77
101.83.240.35 - - [01/Aug/2022:08:38:56 +0800] "POST /xingrg/dwr/call/plaincall/AjaxCheckService.setItemNumber.dwr HTTP/1.1" 200 77
116.232.194.65 - - [01/Aug/2022:08:38:56 +0800] "POST /xingrg/dwr/call/plaincall/AjaxCheckService.setItemNumber.dwr HTTP/1.1" 200 77
101.83.240.35 - - [01/Aug/2022:08:38:57 +0800] "POST /xingrg/dwr/call/plaincall/AjaxCheckService.setItemNumber.dwr HTTP/1.1" 200 77
116.232.194.65 - - [01/Aug/2022:08:38:58 +0800] "POST /xingrg/dwr/call/plaincall/AjaxCheckService.setItemNumber.dwr HTTP/1.1" 200 77
101.83.240.35 - - [01/Aug/2022:08:38:58 +0800] "POST /xingrg/dwr/call/plaincall/AjaxCheckService.setItemNumber.dwr HTTP/1.1" 200 77
101.83.240.35 - - [01/Aug/2022:08:38:58 +0800] "POST /xingrg/dwr/call/plaincall/AjaxCheckService.setItemNumber.dwr HTTP/1.1" 200 77
116.232.194.65 - - [01/Aug/2022:08:38:58 +0800] "POST /xingrg/dwr/call/plaincall/AjaxCheckService.setItemNumber.dwr HTTP/1.1" 200 77
101.83.240.35 - - [01/Aug/2022:08:38:58 +0800] "POST /xingrg/dwr/call/plaincall/AjaxCheckService.setItemNumber.dwr HTTP/1.1" 200 77
116.232.194.65 - - [01/Aug/2022:08:38:58 +0800] "POST /xingrg/dwr/call/plaincall/AjaxCheckService.setItemNumber.dwr HTTP/1.1" 200 77
116.232.194.65 - - [01/Aug/2022:08:38:59 +0800] "POST /xingrg/dwr/call/plaincall/AjaxCheckService.setItemNumber.dwr HTTP/1.1" 200 77
101.83.240.35 - - [01/Aug/2022:08:38:59 +0800] "POST /xingrg/dwr/call/plaincall/AjaxCheckService.setItemNumber.dwr HTTP/1.1" 200 77
116.232.194.65 - - [01/Aug/2022:08:39:00 +0800] "POST /xingrg/dwr/call/plaincall/AjaxCheckService.setItemNumber.dwr HTTP/1.1" 200 77
101.83.240.35 - - [01/Aug/2022:08:39:00 +0800] "POST /xingrg/dwr/call/plaincall/AjaxCheckService.setItemNumber.dwr HTTP/1.1" 200 77
116.232.194.65 - - [01/Aug/2022:08:39:00 +0800] "POST /xingrg/dwr/call/plaincall/AjaxCheckService.setItemNumber.dwr HTTP/1.1" 200 77
120.253.135.82 - - [01/Aug/2022:08:39:00 +0800] "GET /xingrg/all/function/internal_message.html?_=1659314147883&CODE_STATE=getMsg HTTP/1.1" 200 27
101.83.240.35 - - [01/Aug/2022:08:39:00 +0800] "POST /xingrg/dwr/call/plaincall/AjaxCheckService.setItemNumber.dwr HTTP/1.1" 200 78
116.232.194.65 - - [01/Aug/2022:08:39:01 +0800] "POST /xingrg/dwr/call/plaincall/AjaxCheckService.setItemNumber.dwr HTTP/1.1" 200 77
101.83.240.35 - - [01/Aug/2022:08:39:01 +0800] "POST /xingrg/dwr/call/plaincall/AjaxCheckService.setItemNumber.dwr HTTP/1.1" 200 78
101.83.240.35 - - [01/Aug/2022:08:39:01 +0800] "POST /xingrg/dwr/call/plaincall/AjaxCheckService.setItemNumber.dwr HTTP/1.1" 200 78
101.83.240.35 - - [01/Aug/2022:08:39:01 +0800] "POST /xingrg/dwr/call/plaincall/AjaxCheckService.setItemNumber.dwr HTTP/1.1" 200 78
101.83.240.35 - - [01/Aug/2022:08:39:02 +0800] "POST /xingrg/dwr/call/plaincall/AjaxCheckService.setItemNumber.dwr HTTP/1.1" 200 78
116.232.194.65 - - [01/Aug/2022:08:39:02 +0800] "POST /xingrg/dwr/call/plaincall/AjaxCheckService.setItemNumber.dwr HTTP/1.1" 200 77
101.83.240.35 - - [01/Aug/2022:08:39:03 +0800] "POST /xingrg/dwr/call/plaincall/AjaxCheckService.setItemNumber.dwr HTTP/1.1" 200 78
116.232.194.65 - - [01/Aug/2022:08:39:03 +0800] "POST /xingrg/dwr/call/plaincall/AjaxCheckService.setItemNumber.dwr HTTP/1.1" 200 77
116.232.194.65 - - [01/Aug/2022:08:39:04 +0800] "POST /xingrg/dwr/call/plaincall/AjaxCheckService.setItemNumber.dwr HTTP/1.1" 200 77
101.83.240.35 - - [01/Aug/2022:08:39:04 +0800] "POST /xingrg/dwr/call/plaincall/AjaxCheckService.setItemNumber.dwr HTTP/1.1" 200 78
116.232.194.65 - - [01/Aug/2022:08:39:04 +0800] "POST /xingrg/dwr/call/plaincall/AjaxCheckService.setItemNumber.dwr HTTP/1.1" 200 77
116.232.194.65 - - [01/Aug/2022:08:39:05 +0800] "POST /xingrg/dwr/call/plaincall/AjaxCheckService.setItemNumber.dwr HTTP/1.1" 200 77
101.83.240.35 - - [01/Aug/2022:08:39:05 +0800] "POST /xingrg/dwr/call/plaincall/AjaxCheckService.setItemNumber.dwr HTTP/1.1" 200 78
116.232.194.65 - - [01/Aug/2022:08:39:05 +0800] "POST /xingrg/dwr/call/plaincall/AjaxCheckService.setItemNumber.dwr HTTP/1.1" 200 77
101.83.240.35 - - [01/Aug/2022:08:39:05 +0800] "POST /xingrg/dwr/call/plaincall/AjaxCheckService.setItemNumber.dwr HTTP/1.1" 200 78
116.232.194.65 - - [01/Aug/2022:08:39:05 +0800] "POST /xingrg/dwr/call/plaincall/AjaxCheckService.setItemNumber.dwr HTTP/1.1" 200 77
116.224.255.128 - - [01/Aug/2022:08:39:06 +0800] "GET /xingrg/kc/buy/cgsh_order_operate.html?command=get_materiel&rest_code=00151&code=00101008069&supplier_code=00100007&order_time=2022-08-01 HTTP/1.1" 200 412
116.232.194.65 - - [01/Aug/2022:08:39:06 +0800] "POST /xingrg/dwr/call/plaincall/AjaxCheckService.setItemNumber.dwr HTTP/1.1" 200 77
101.83.240.35 - - [01/Aug/2022:08:39:06 +0800] "POST /xingrg/dwr/call/plaincall/AjaxCheckService.setItemNumber.dwr HTTP/1.1" 200 78
101.80.228.36 - - [01/Aug/2022:08:39:06 +0800] "GET /xingrg/all/function/internal_message.html?_=1659314346155&CODE_STATE=getMsg HTTP/1.1" 200 27
101.83.240.35 - - [01/Aug/2022:08:39:06 +0800] "POST /xingrg/dwr/call/plaincall/AjaxCheckService.setItemNumber.dwr HTTP/1.1" 200 78
101.83.240.35 - - [01/Aug/2022:08:39:08 +0800] "POST /xingrg/dwr/call/plaincall/AjaxCheckService.setItemNumber.dwr HTTP/1.1" 200 78
116.224.255.128 - - [01/Aug/2022:08:39:09 +0800] "GET /xingrg/all/function/internal_message.html?_=1659314347440&CODE_STATE=getMsg HTTP/1.1" 200 27
116.232.194.65 - - [01/Aug/2022:08:39:09 +0800] "POST /xingrg/dwr/call/plaincall/AjaxCheckService.setItemNumber.dwr HTTP/1.1" 200 77
116.232.194.65 - - [01/Aug/2022:08:39:10 +0800] "GET /xingrg/all/function/internal_message.html?_=1659314336304&CODE_STATE=getMsg HTTP/1.1" 200 27
116.232.194.65 - - [01/Aug/2022:08:39:10 +0800] "POST /xingrg/dwr/call/plaincall/AjaxCheckService.setItemNumber.dwr HTTP/1.1" 200 77
116.232.194.65 - - [01/Aug/2022:08:39:13 +0800] "POST /xingrg/dwr/call/plaincall/AjaxCheckService.setItemNumber.dwr HTTP/1.1" 200 77
116.232.194.65 - - [01/Aug/2022:08:39:13 +0800] "POST /xingrg/dwr/call/plaincall/AjaxCheckService.setItemNumber.dwr HTTP/1.1" 200 77
116.232.194.65 - - [01/Aug/2022:08:39:14 +0800] "POST /xingrg/dwr/call/plaincall/AjaxCheckService.setItemNumber.dwr HTTP/1.1" 200 77
116.232.194.65 - - [01/Aug/2022:08:39:14 +0800] "POST /xingrg/dwr/call/plaincall/AjaxCheckService.setItemNumber.dwr HTTP/1.1" 200 77
101.83.240.35 - - [01/Aug/2022:08:39:14 +0800] "POST /xingrg/dwr/call/plaincall/AjaxCheckService.setItemNumber.dwr HTTP/1.1" 200 78
116.232.194.65 - - [01/Aug/2022:08:39:15 +0800] "POST /xingrg/dwr/call/plaincall/AjaxCheckService.setItemNumber.dwr HTTP/1.1" 200 77
116.232.194.65 - - [01/Aug/2022:08:39:15 +0800] "POST /xingrg/dwr/call/plaincall/AjaxCheckService.setItemNumber.dwr HTTP/1.1" 200 77
101.83.240.35 - - [01/Aug/2022:08:39:15 +0800] "POST /xingrg/dwr/call/plaincall/AjaxCheckService.setItemNumber.dwr HTTP/1.1" 200 78
101.83.240.35 - - [01/Aug/2022:08:39:17 +0800] "POST /xingrg/dwr/call/plaincall/AjaxCheckService.setItemNumber.dwr HTTP/1.1" 200 78
101.83.240.35 - - [01/Aug/2022:08:39:17 +0800] "POST /xingrg/dwr/call/plaincall/AjaxCheckService.setItemNumber.dwr HTTP/1.1" 200 78
101.83.240.35 - - [01/Aug/2022:08:39:18 +0800] "POST /xingrg/dwr/call/plaincall/AjaxCheckService.setItemNumber.dwr HTTP/1.1" 200 78
180.162.252.181 - - [01/Aug/2022:08:39:18 +0800] "GET /xingrg/all/function/internal_message.html?_=1659314237197&CODE_STATE=getMsg HTTP/1.1" 200 27
116.232.194.65 - - [01/Aug/2022:08:39:18 +0800] "POST /xingrg/dwr/call/plaincall/AjaxCheckService.setItemNumber.dwr HTTP/1.1" 200 77
101.83.240.35 - - [01/Aug/2022:08:39:19 +0800] "POST /xingrg/dwr/call/plaincall/AjaxCheckService.setItemNumber.dwr HTTP/1.1" 200 78
101.83.240.35 - - [01/Aug/2022:08:39:19 +0800] "POST /xingrg/dwr/call/plaincall/AjaxCheckService.setItemNumber.dwr HTTP/1.1" 200 78
101.83.240.35 - - [01/Aug/2022:08:39:19 +0800] "POST /xingrg/dwr/call/plaincall/AjaxCheckService.setItemNumber.dwr HTTP/1.1" 200 78
116.232.194.65 - - [01/Aug/2022:08:39:20 +0800] "POST /xingrg/dwr/call/plaincall/AjaxCheckService.setItemNumber.dwr HTTP/1.1" 200 77
116.232.194.65 - - [01/Aug/2022:08:39:20 +0800] "POST /xingrg/dwr/call/plaincall/AjaxCheckService.setItemNumber.dwr HTTP/1.1" 200 77
101.83.240.35 - - [01/Aug/2022:08:39:20 +0800] "POST /xingrg/dwr/call/plaincall/AjaxCheckService.setItemNumber.dwr HTTP/1.1" 200 78
101.83.240.35 - - [01/Aug/2022:08:39:21 +0800] "POST /xingrg/dwr/call/plaincall/AjaxCheckService.setItemNumber.dwr HTTP/1.1" 200 78
101.83.240.35 - - [01/Aug/2022:08:39:21 +0800] "POST /xingrg/dwr/call/plaincall/AjaxCheckService.setItemNumber.dwr HTTP/1.1" 200 78
116.232.194.65 - - [01/Aug/2022:08:39:22 +0800] "POST /xingrg/dwr/call/plaincall/AjaxCheckService.setItemNumber.dwr HTTP/1.1" 200 77
101.83.240.35 - - [01/Aug/2022:08:39:22 +0800] "POST /xingrg/dwr/call/plaincall/AjaxCheckService.setItemNumber.dwr HTTP/1.1" 200 78
116.232.194.65 - - [01/Aug/2022:08:39:23 +0800] "POST /xingrg/dwr/call/plaincall/AjaxCheckService.setItemNumber.dwr HTTP/1.1" 200 77
116.232.194.65 - - [01/Aug/2022:08:39:23 +0800] "POST /xingrg/dwr/call/plaincall/AjaxCheckService.setItemNumber.dwr HTTP/1.1" 200 77
101.83.240.35 - - [01/Aug/2022:08:39:23 +0800] "POST /xingrg/dwr/call/plaincall/AjaxCheckService.setItemNumber.dwr HTTP/1.1" 200 78
101.83.240.35 - - [01/Aug/2022:08:39:23 +0800] "POST /xingrg/dwr/call/plaincall/AjaxCheckService.setItemNumber.dwr HTTP/1.1" 200 78
116.232.194.65 - - [01/Aug/2022:08:39:24 +0800] "POST /xingrg/dwr/call/plaincall/AjaxCheckService.setItemNumber.dwr HTTP/1.1" 200 77
116.232.194.65 - - [01/Aug/2022:08:39:24 +0800] "POST /xingrg/dwr/call/plaincall/AjaxCheckService.setItemNumber.dwr HTTP/1.1" 200 77
116.232.194.65 - - [01/Aug/2022:08:39:24 +0800] "POST /xingrg/dwr/call/plaincall/AjaxCheckService.setItemNumber.dwr HTTP/1.1" 200 78
101.83.240.35 - - [01/Aug/2022:08:39:24 +0800] "POST /xingrg/dwr/call/plaincall/AjaxCheckService.setItemNumber.dwr HTTP/1.1" 200 78
116.232.194.65 - - [01/Aug/2022:08:39:24 +0800] "POST /xingrg/dwr/call/plaincall/AjaxCheckService.setItemNumber.dwr HTTP/1.1" 200 77
116.232.194.65 - - [01/Aug/2022:08:39:25 +0800] "POST /xingrg/dwr/call/plaincall/AjaxCheckService.setItemNumber.dwr HTTP/1.1" 200 78
116.232.194.65 - - [01/Aug/2022:08:39:25 +0800] "POST /xingrg/dwr/call/plaincall/AjaxCheckService.setItemNumber.dwr HTTP/1.1" 200 77
101.83.240.35 - - [01/Aug/2022:08:39:25 +0800] "POST /xingrg/dwr/call/plaincall/AjaxCheckService.setItemNumber.dwr HTTP/1.1" 200 78
180.162.252.181 - - [01/Aug/2022:08:39:25 +0800] "GET /xingrg/all/function/internal_message.html?_=1659314366533&CODE_STATE=getMsg HTTP/1.1" 200 27
101.83.240.35 - - [01/Aug/2022:08:39:25 +0800] "POST /xingrg/dwr/call/plaincall/AjaxCheckService.setItemNumber.dwr HTTP/1.1" 200 78
116.224.255.128 - - [01/Aug/2022:08:39:25 +0800] "POST /xingrg/kc/buy/cgsh_order_operate.html HTTP/1.1" 200 37
116.232.194.65 - - [01/Aug/2022:08:39:25 +0800] "POST /xingrg/dwr/call/plaincall/AjaxCheckService.setItemNumber.dwr HTTP/1.1" 200 78
116.232.194.65 - - [01/Aug/2022:08:39:26 +0800] "POST /xingrg/dwr/call/plaincall/AjaxCheckService.setItemNumber.dwr HTTP/1.1" 200 78
116.232.194.65 - - [01/Aug/2022:08:39:26 +0800] "POST /xingrg/dwr/call/plaincall/AjaxCheckService.setItemNumber.dwr HTTP/1.1" 200 78
116.232.194.65 - - [01/Aug/2022:08:39:26 +0800] "POST /xingrg/dwr/call/plaincall/AjaxCheckService.setItemNumber.dwr HTTP/1.1" 200 78
101.83.240.35 - - [01/Aug/2022:08:39:27 +0800] "POST /xingrg/dwr/call/plaincall/AjaxCheckService.setItemNumber.dwr HTTP/1.1" 200 78
116.232.194.65 - - [01/Aug/2022:08:39:27 +0800] "POST /xingrg/dwr/call/plaincall/AjaxCheckService.setItemNumber.dwr HTTP/1.1" 200 78
116.232.194.65 - - [01/Aug/2022:08:39:27 +0800] "POST /xingrg/dwr/call/plaincall/AjaxCheckService.setItemNumber.dwr HTTP/1.1" 200 78
116.224.255.128 - - [01/Aug/2022:08:39:27 +0800] "POST /xingrg/kc/buy/cgsh_order_operate.html HTTP/1.1" 200 19407
116.232.194.65 - - [01/Aug/2022:08:39:27 +0800] "POST /xingrg/dwr/call/plaincall/AjaxCheckService.setItemNumber.dwr HTTP/1.1" 200 78
116.232.194.65 - - [01/Aug/2022:08:39:28 +0800] "POST /xingrg/dwr/call/plaincall/AjaxCheckService.setItemNumber.dwr HTTP/1.1" 200 78
116.232.194.65 - - [01/Aug/2022:08:39:28 +0800] "POST /xingrg/dwr/call/plaincall/AjaxCheckService.setItemNumber.dwr HTTP/1.1" 200 78
116.232.194.65 - - [01/Aug/2022:08:39:28 +0800] "POST /xingrg/dwr/call/plaincall/AjaxCheckService.setItemNumber.dwr HTTP/1.1" 200 78
101.83.240.35 - - [01/Aug/2022:08:39:29 +0800] "POST /xingrg/dwr/call/plaincall/AjaxCheckService.setItemNumber.dwr HTTP/1.1" 200 78
116.232.194.65 - - [01/Aug/2022:08:39:29 +0800] "POST /xingrg/dwr/call/plaincall/AjaxCheckService.setItemNumber.dwr HTTP/1.1" 200 78
116.232.194.65 - - [01/Aug/2022:08:39:29 +0800] "POST /xingrg/dwr/call/plaincall/AjaxCheckService.setItemNumber.dwr HTTP/1.1" 200 78
116.232.194.65 - - [01/Aug/2022:08:39:30 +0800] "POST /xingrg/dwr/call/plaincall/AjaxCheckService.setItemNumber.dwr HTTP/1.1" 200 78
116.232.194.65 - - [01/Aug/2022:08:39:30 +0800] "POST /xingrg/dwr/call/plaincall/AjaxCheckService.setItemNumber.dwr HTTP/1.1" 200 78
116.232.194.65 - - [01/Aug/2022:08:39:31 +0800] "POST /xingrg/dwr/call/plaincall/AjaxCheckService.setItemNumber.dwr HTTP/1.1" 200 78
116.232.194.65 - - [01/Aug/2022:08:39:31 +0800] "POST /xingrg/dwr/call/plaincall/AjaxCheckService.setItemNumber.dwr HTTP/1.1" 200 78
101.83.240.35 - - [01/Aug/2022:08:39:31 +0800] "POST /xingrg/dwr/call/plaincall/AjaxCheckService.setItemNumber.dwr HTTP/1.1" 200 78
116.232.194.65 - - [01/Aug/2022:08:39:31 +0800] "POST /xingrg/dwr/call/plaincall/AjaxCheckService.setItemNumber.dwr HTTP/1.1" 200 78
116.232.194.65 - - [01/Aug/2022:08:39:32 +0800] "POST /xingrg/dwr/call/plaincall/AjaxCheckService.setItemNumber.dwr HTTP/1.1" 200 78
116.232.194.65 - - [01/Aug/2022:08:39:32 +0800] "POST /xingrg/dwr/call/plaincall/AjaxCheckService.setItemNumber.dwr HTTP/1.1" 200 78
101.83.240.35 - - [01/Aug/2022:08:39:33 +0800] "POST /xingrg/dwr/call/plaincall/AjaxCheckService.setItemNumber.dwr HTTP/1.1" 200 78
116.232.194.65 - - [01/Aug/2022:08:39:33 +0800] "POST /xingrg/dwr/call/plaincall/AjaxCheckService.setItemNumber.dwr HTTP/1.1" 200 78
116.232.194.65 - - [01/Aug/2022:08:39:33 +0800] "POST /xingrg/dwr/call/plaincall/AjaxCheckService.setItemNumber.dwr HTTP/1.1" 200 78
101.83.240.35 - - [01/Aug/2022:08:39:34 +0800] "POST /xingrg/dwr/call/plaincall/AjaxCheckService.setItemNumber.dwr HTTP/1.1" 200 78
116.224.255.128 - - [01/Aug/2022:08:39:34 +0800] "POST /xingrg/all/user/operate.html HTTP/1.1" 200 36
101.83.240.35 - - [01/Aug/2022:08:39:34 +0800] "POST /xingrg/dwr/call/plaincall/AjaxCheckService.setItemNumber.dwr HTTP/1.1" 200 78
116.232.194.65 - - [01/Aug/2022:08:39:35 +0800] "POST /xingrg/dwr/call/plaincall/AjaxCheckService.setItemNumber.dwr HTTP/1.1" 200 78
101.83.240.35 - - [01/Aug/2022:08:39:35 +0800] "POST /xingrg/dwr/call/plaincall/AjaxCheckService.setItemNumber.dwr HTTP/1.1" 200 78
116.224.255.128 - - [01/Aug/2022:08:39:35 +0800] "GET /xingrg/index.html?sysBaseUrl=http%3A%2F%2F180.169.147.146%3A18081%2Fxingrg%2F&costTime=1107×tamp=1659313808779 HTTP/1.1" 200 17179
101.83.240.35 - - [01/Aug/2022:08:39:35 +0800] "POST /xingrg/dwr/call/plaincall/AjaxCheckService.setItemNumber.dwr HTTP/1.1" 200 78
116.224.255.128 - - [01/Aug/2022:08:39:35 +0800] "GET /xingrg/javascript/jquery_easy_ui/themes/default/easyui.css HTTP/1.1" 304 -
116.224.255.128 - - [01/Aug/2022:08:39:35 +0800] "GET /xingrg/javascript/jquery_easy_ui/themes/icon.css HTTP/1.1" 304 -
116.224.255.128 - - [01/Aug/2022:08:39:35 +0800] "GET /xingrg/css/form.css HTTP/1.1" 304 -
116.224.255.128 - - [01/Aug/2022:08:39:35 +0800] "GET /xingrg/javascript/jquery-1.4.2.min.js HTTP/1.1" 304 -
116.224.255.128 - - [01/Aug/2022:08:39:35 +0800] "GET /xingrg/javascript/jquery_easy_ui/jquery.easyui.min.js HTTP/1.1" 304 -
116.224.255.128 - - [01/Aug/2022:08:39:35 +0800] "GET /xingrg/javascript/jquery_easy_ui/easyui-lang-zh_CN.js HTTP/1.1" 304 -
116.224.255.128 - - [01/Aug/2022:08:39:35 +0800] "GET /xingrg/javascript/jquery.form.js HTTP/1.1" 304 -
116.224.255.128 - - [01/Aug/2022:08:39:35 +0800] "GET /xingrg/javascript/jquery.utils.js HTTP/1.1" 304 -
116.224.255.128 - - [01/Aug/2022:08:39:35 +0800] "GET /xingrg/javascript/jquery.timers.js HTTP/1.1" 304 -
116.224.255.128 - - [01/Aug/2022:08:39:35 +0800] "GET /xingrg/images/blue/jxLogo.png HTTP/1.1" 304 -
116.224.255.128 - - [01/Aug/2022:08:39:35 +0800] "GET /xingrg/javascript/jquery_easy_ui/themes/icons/settle_new.png HTTP/1.1" 304 -
116.224.255.128 - - [01/Aug/2022:08:39:35 +0800] "GET /xingrg/images/blue/navBackgound.jpg HTTP/1.1" 304 -
116.224.255.128 - - [01/Aug/2022:08:39:35 +0800] "GET /xingrg/all/function/internal_message.html?_=1659314373739&CODE_STATE=count HTTP/1.1" 200 11
116.224.255.128 - - [01/Aug/2022:08:39:35 +0800] "GET /xingrg/images/blue/pingpu.png HTTP/1.1" 304 -
116.224.255.128 - - [01/Aug/2022:08:39:35 +0800] "GET /xingrg/check_reg.html?_=1659314373740 HTTP/1.1" 200 22
116.224.255.128 - - [01/Aug/2022:08:39:35 +0800] "GET /xingrg/javascript/jquery_easy_ui/themes/default/images/panel_tool_collapse.gif HTTP/1.1" 304 -
116.224.255.128 - - [01/Aug/2022:08:39:35 +0800] "GET /xingrg/javascript/jquery_easy_ui/themes/default/images/tabs_rightarrow.png HTTP/1.1" 304 -
116.224.255.128 - - [01/Aug/2022:08:39:35 +0800] "GET /xingrg/javascript/jquery_easy_ui/themes/default/images/tabs_leftarrow.png HTTP/1.1" 304 -
116.232.194.65 - - [01/Aug/2022:08:39:35 +0800] "POST /xingrg/dwr/call/plaincall/AjaxCheckService.setItemNumber.dwr HTTP/1.1" 200 78
101.83.240.35 - - [01/Aug/2022:08:39:35 +0800] "POST /xingrg/dwr/call/plaincall/AjaxCheckService.setItemNumber.dwr HTTP/1.1" 200 78
116.232.194.65 - - [01/Aug/2022:08:39:36 +0800] "POST /xingrg/dwr/call/plaincall/AjaxCheckService.setItemNumber.dwr HTTP/1.1" 200 78
116.224.255.128 - - [01/Aug/2022:08:39:36 +0800] "POST /xingrg/load_menu.html HTTP/1.1" 200 5138
116.224.255.128 - - [01/Aug/2022:08:39:36 +0800] "POST /xingrg/all/common/load_tree.html?tree=area_rest_tree_json&manage=1 HTTP/1.1" 200 476
116.232.194.65 - - [01/Aug/2022:08:39:36 +0800] "POST /xingrg/dwr/call/plaincall/AjaxCheckService.setItemNumber.dwr HTTP/1.1" 200 78
116.232.194.65 - - [01/Aug/2022:08:39:36 +0800] "POST /xingrg/dwr/call/plaincall/AjaxCheckService.setItemNumber.dwr HTTP/1.1" 200 78
101.83.240.35 - - [01/Aug/2022:08:39:36 +0800] "POST /xingrg/dwr/call/plaincall/AjaxCheckService.setItemNumber.dwr HTTP/1.1" 200 78
116.232.194.65 - - [01/Aug/2022:08:39:36 +0800] "POST /xingrg/dwr/call/plaincall/AjaxCheckService.setItemNumber.dwr HTTP/1.1" 200 78
101.83.240.35 - - [01/Aug/2022:08:39:37 +0800] "POST /xingrg/dwr/call/plaincall/AjaxCheckService.setItemNumber.dwr HTTP/1.1" 200 78
116.224.255.128 - - [01/Aug/2022:08:39:39 +0800] "GET /xingrg/kc/buy/cgsh_order_list.html HTTP/1.1" 200 52286
116.232.194.65 - - [01/Aug/2022:08:39:39 +0800] "POST /xingrg/dwr/call/plaincall/AjaxCheckService.setItemNumber.dwr HTTP/1.1" 200 78
116.232.194.65 - - [01/Aug/2022:08:39:40 +0800] "POST /xingrg/dwr/call/plaincall/AjaxCheckService.setItemNumber.dwr HTTP/1.1" 200 78
116.224.255.128 - - [01/Aug/2022:08:39:41 +0800] "POST /xingrg/kc/buy/cgsh_list_operate.html HTTP/1.1" 200 693
101.83.240.35 - - [01/Aug/2022:08:39:42 +0800] "POST /xingrg/dwr/call/plaincall/AjaxCheckService.setItemNumber.dwr HTTP/1.1" 200 78
218.81.223.53 - - [01/Aug/2022:08:39:42 +0800] "GET /xingrg/all/function/internal_message.html?_=1659314383597&CODE_STATE=getMsg HTTP/1.1" 200 27
116.224.255.128 - - [01/Aug/2022:08:39:42 +0800] "GET /xingrg/kc/buy/cgsh_order_add.html HTTP/1.1" 200 68062
116.224.255.128 - - [01/Aug/2022:08:39:43 +0800] "POST /xingrg/kc/buy/cgsh_order_operate.html HTTP/1.1" 200 8245
101.83.240.35 - - [01/Aug/2022:08:39:43 +0800] "POST /xingrg/dwr/call/plaincall/AjaxCheckService.setItemNumber.dwr HTTP/1.1" 200 78
116.224.255.128 - - [01/Aug/2022:08:39:43 +0800] "GET /xingrg/javascript/easyui/themes/default/validatebox.css HTTP/1.1" 404 1104
116.224.255.128 - - [01/Aug/2022:08:39:43 +0800] "GET /xingrg/all/common/auto_word.html?type=employee&rest_code=00150 HTTP/1.1" 200 159
116.224.255.128 - - [01/Aug/2022:08:39:43 +0800] "GET /xingrg/all/common/auto_word.html?type=employee&rest_code=00150 HTTP/1.1" 200 159
101.83.240.35 - - [01/Aug/2022:08:39:43 +0800] "POST /xingrg/dwr/call/plaincall/AjaxCheckService.setItemNumber.dwr HTTP/1.1" 200 78
101.83.240.35 - - [01/Aug/2022:08:39:44 +0800] "POST /xingrg/dwr/call/plaincall/AjaxCheckService.setItemNumber.dwr HTTP/1.1" 200 78
116.224.255.128 - - [01/Aug/2022:08:39:44 +0800] "GET /xingrg/javascript/auto/indicator.gif HTTP/1.1" 404 1066
101.83.240.35 - - [01/Aug/2022:08:39:44 +0800] "POST /xingrg/dwr/call/plaincall/AjaxCheckService.setItemNumber.dwr HTTP/1.1" 200 78
116.232.194.65 - - [01/Aug/2022:08:39:44 +0800] "POST /xingrg/dwr/call/plaincall/AjaxCheckService.setItemNumber.dwr HTTP/1.1" 200 78
101.83.240.35 - - [01/Aug/2022:08:39:45 +0800] "POST /xingrg/dwr/call/plaincall/AjaxCheckService.setItemNumber.dwr HTTP/1.1" 200 78
116.232.194.65 - - [01/Aug/2022:08:39:45 +0800] "POST /xingrg/dwr/call/plaincall/AjaxCheckService.setItemNumber.dwr HTTP/1.1" 200 78
101.83.240.35 - - [01/Aug/2022:08:39:45 +0800] "POST /xingrg/dwr/call/plaincall/AjaxCheckService.setItemNumber.dwr HTTP/1.1" 200 78
116.232.194.65 - - [01/Aug/2022:08:39:45 +0800] "POST /xingrg/dwr/call/plaincall/AjaxCheckService.setItemNumber.dwr HTTP/1.1" 200 78
101.83.240.35 - - [01/Aug/2022:08:39:46 +0800] "POST /xingrg/dwr/call/plaincall/AjaxCheckService.setItemNumber.dwr HTTP/1.1" 200 78
101.83.240.35 - - [01/Aug/2022:08:39:46 +0800] "POST /xingrg/dwr/call/plaincall/AjaxCheckService.setItemNumber.dwr HTTP/1.1" 200 78
101.83.240.35 - - [01/Aug/2022:08:39:48 +0800] "POST /xingrg/dwr/call/plaincall/AjaxCheckService.setItemNumber.dwr HTTP/1.1" 200 78
116.232.194.65 - - [01/Aug/2022:08:39:48 +0800] "POST /xingrg/dwr/call/plaincall/AjaxCheckService.setItemNumber.dwr HTTP/1.1" 200 78
101.83.240.35 - - [01/Aug/2022:08:39:49 +0800] "POST /xingrg/dwr/call/plaincall/AjaxCheckService.setItemNumber.dwr HTTP/1.1" 200 78
116.232.194.65 - - [01/Aug/2022:08:39:49 +0800] "POST /xingrg/dwr/call/plaincall/AjaxCheckService.setItemNumber.dwr HTTP/1.1" 200 78
101.83.240.35 - - [01/Aug/2022:08:39:49 +0800] "POST /xingrg/dwr/call/plaincall/AjaxCheckService.setItemNumber.dwr HTTP/1.1" 200 78
116.232.194.65 - - [01/Aug/2022:08:39:50 +0800] "POST /xingrg/dwr/call/plaincall/AjaxCheckService.setItemNumber.dwr HTTP/1.1" 200 78
116.232.194.65 - - [01/Aug/2022:08:39:50 +0800] "POST /xingrg/dwr/call/plaincall/AjaxCheckService.setItemNumber.dwr HTTP/1.1" 200 78
101.83.240.35 - - [01/Aug/2022:08:39:50 +0800] "POST /xingrg/dwr/call/plaincall/AjaxCheckService.setItemNumber.dwr HTTP/1.1" 200 78
101.83.240.35 - - [01/Aug/2022:08:39:50 +0800] "GET /xingrg/check_reg.html?_=1659314390506 HTTP/1.1" 200 22
116.232.194.65 - - [01/Aug/2022:08:39:51 +0800] "POST /xingrg/dwr/call/plaincall/AjaxCheckService.setItemNumber.dwr HTTP/1.1" 200 78
101.83.240.35 - - [01/Aug/2022:08:39:51 +0800] "GET /xingrg/all/function/internal_message.html?_=1659314390675&CODE_STATE=getMsg HTTP/1.1" 200 27
101.83.240.35 - - [01/Aug/2022:08:39:51 +0800] "POST /xingrg/dwr/call/plaincall/AjaxCheckService.setItemNumber.dwr HTTP/1.1" 200 78
116.232.194.65 - - [01/Aug/2022:08:39:51 +0800] "POST /xingrg/dwr/call/plaincall/AjaxCheckService.setItemNumber.dwr HTTP/1.1" 200 78
101.83.240.35 - - [01/Aug/2022:08:39:51 +0800] "POST /xingrg/dwr/call/plaincall/AjaxCheckService.setItemNumber.dwr HTTP/1.1" 200 78
101.83.240.35 - - [01/Aug/2022:08:39:52 +0800] "POST /xingrg/dwr/call/plaincall/AjaxCheckService.setItemNumber.dwr HTTP/1.1" 200 78
101.83.240.35 - - [01/Aug/2022:08:39:52 +0800] "POST /xingrg/dwr/call/plaincall/AjaxCheckService.setItemNumber.dwr HTTP/1.1" 200 78
116.232.194.65 - - [01/Aug/2022:08:39:52 +0800] "POST /xingrg/dwr/call/plaincall/AjaxCheckService.setItemNumber.dwr HTTP/1.1" 200 78
116.232.194.65 - - [01/Aug/2022:08:39:53 +0800] "POST /xingrg/dwr/call/plaincall/AjaxCheckService.setItemNumber.dwr HTTP/1.1" 200 78
180.162.252.181 - - [01/Aug/2022:08:39:53 +0800] "GET /xingrg/kc/buy/cgsh_order_operate.html?command=get_materiel&rest_code=00105&code=00101008286&supplier_code=00100203&order_time=2022-08-01 HTTP/1.1" 200 408
116.232.194.65 - - [01/Aug/2022:08:39:53 +0800] "POST /xingrg/dwr/call/plaincall/AjaxCheckService.setItemNumber.dwr HTTP/1.1" 200 78
101.83.240.35 - - [01/Aug/2022:08:39:53 +0800] "POST /xingrg/dwr/call/plaincall/AjaxCheckService.setItemNumber.dwr HTTP/1.1" 200 78
116.232.194.65 - - [01/Aug/2022:08:39:53 +0800] "POST /xingrg/dwr/call/plaincall/AjaxCheckService.setItemNumber.dwr HTTP/1.1" 200 78
101.83.240.35 - - [01/Aug/2022:08:39:53 +0800] "POST /xingrg/dwr/call/plaincall/AjaxCheckService.setItemNumber.dwr HTTP/1.1" 200 78
116.232.194.65 - - [01/Aug/2022:08:39:53 +0800] "POST /xingrg/dwr/call/plaincall/AjaxCheckService.setItemNumber.dwr HTTP/1.1" 200 78
116.224.255.128 - - [01/Aug/2022:08:39:54 +0800] "GET /xingrg/kc/buy/cgsh_order_operate.html?command=get_materiel&rest_code=00150&code=00101012051&supplier_code=00100096&order_time=2022-08-01 HTTP/1.1" 200 408
101.83.240.35 - - [01/Aug/2022:08:39:54 +0800] "POST /xingrg/dwr/call/plaincall/AjaxCheckService.setItemNumber.dwr HTTP/1.1" 200 78
116.232.194.65 - - [01/Aug/2022:08:39:54 +0800] "POST /xingrg/dwr/call/plaincall/AjaxCheckService.setItemNumber.dwr HTTP/1.1" 200 78
116.232.194.65 - - [01/Aug/2022:08:39:55 +0800] "POST /xingrg/dwr/call/plaincall/AjaxCheckService.setItemNumber.dwr HTTP/1.1" 200 78
116.232.194.65 - - [01/Aug/2022:08:39:55 +0800] "POST /xingrg/dwr/call/plaincall/AjaxCheckService.setItemNumber.dwr HTTP/1.1" 200 78
116.232.194.65 - - [01/Aug/2022:08:39:56 +0800] "POST /xingrg/dwr/call/plaincall/AjaxCheckService.setItemNumber.dwr HTTP/1.1" 200 78
116.232.194.65 - - [01/Aug/2022:08:39:56 +0800] "POST /xingrg/dwr/call/plaincall/AjaxCheckService.setItemNumber.dwr HTTP/1.1" 200 78
116.232.194.65 - - [01/Aug/2022:08:39:56 +0800] "POST /xingrg/dwr/call/plaincall/AjaxCheckService.setItemNumber.dwr HTTP/1.1" 200 78
116.232.194.65 - - [01/Aug/2022:08:39:57 +0800] "POST /xingrg/dwr/call/plaincall/AjaxCheckService.setItemNumber.dwr HTTP/1.1" 200 78
116.232.194.65 - - [01/Aug/2022:08:39:57 +0800] "POST /xingrg/dwr/call/plaincall/AjaxCheckService.setItemNumber.dwr HTTP/1.1" 200 78
116.232.194.65 - - [01/Aug/2022:08:39:58 +0800] "POST /xingrg/dwr/call/plaincall/AjaxCheckService.setItemNumber.dwr HTTP/1.1" 200 78
116.232.194.65 - - [01/Aug/2022:08:39:58 +0800] "POST /xingrg/dwr/call/plaincall/AjaxCheckService.setItemNumber.dwr HTTP/1.1" 200 78
116.232.194.65 - - [01/Aug/2022:08:39:58 +0800] "POST /xingrg/dwr/call/plaincall/AjaxCheckService.setItemNumber.dwr HTTP/1.1" 200 78
101.83.240.35 - - [01/Aug/2022:08:40:00 +0800] "POST /xingrg/dwr/call/plaincall/AjaxCheckService.setItemNumber.dwr HTTP/1.1" 200 78
120.253.135.82 - - [01/Aug/2022:08:40:00 +0800] "GET /xingrg/all/function/internal_message.html?_=1659314207898&CODE_STATE=getMsg HTTP/1.1" 200 27
116.232.194.65 - - [01/Aug/2022:08:40:02 +0800] "POST /xingrg/dwr/call/plaincall/AjaxCheckService.setItemNumber.dwr HTTP/1.1" 200 78
116.232.194.65 - - [01/Aug/2022:08:40:02 +0800] "POST /xingrg/dwr/call/plaincall/AjaxCheckService.setItemNumber.dwr HTTP/1.1" 200 78
116.232.194.65 - - [01/Aug/2022:08:40:03 +0800] "POST /xingrg/dwr/call/plaincall/AjaxCheckService.setItemNumber.dwr HTTP/1.1" 200 78
116.232.194.65 - - [01/Aug/2022:08:40:03 +0800] "POST /xingrg/dwr/call/plaincall/AjaxCheckService.setItemNumber.dwr HTTP/1.1" 200 78
116.232.194.65 - - [01/Aug/2022:08:40:03 +0800] "POST /xingrg/dwr/call/plaincall/AjaxCheckService.setItemNumber.dwr HTTP/1.1" 200 78
116.232.194.65 - - [01/Aug/2022:08:40:04 +0800] "POST /xingrg/dwr/call/plaincall/AjaxCheckService.setItemNumber.dwr HTTP/1.1" 200 78
116.232.194.65 - - [01/Aug/2022:08:40:04 +0800] "POST /xingrg/dwr/call/plaincall/AjaxCheckService.setItemNumber.dwr HTTP/1.1" 200 78
116.232.194.65 - - [01/Aug/2022:08:40:05 +0800] "POST /xingrg/dwr/call/plaincall/AjaxCheckService.setItemNumber.dwr HTTP/1.1" 200 78
116.232.194.65 - - [01/Aug/2022:08:40:05 +0800] "POST /xingrg/dwr/call/plaincall/AjaxCheckService.setItemNumber.dwr HTTP/1.1" 200 78
116.224.255.128 - - [01/Aug/2022:08:40:05 +0800] "GET /xingrg/kc/buy/cgsh_order_operate.html?command=get_materiel&rest_code=00150&code=00101012033&supplier_code=00100096&order_time=2022-08-01 HTTP/1.1" 200 426
101.80.228.36 - - [01/Aug/2022:08:40:06 +0800] "GET /xingrg/all/function/internal_message.html?_=1659314406163&CODE_STATE=getMsg HTTP/1.1" 200 27
101.80.228.36 - - [01/Aug/2022:08:40:06 +0800] "GET /xingrg/check_reg.html?_=1659314406165 HTTP/1.1" 200 22
116.232.194.65 - - [01/Aug/2022:08:40:06 +0800] "POST /xingrg/dwr/call/plaincall/AjaxCheckService.setItemNumber.dwr HTTP/1.1" 200 78
116.232.194.65 - - [01/Aug/2022:08:40:07 +0800] "POST /xingrg/dwr/call/plaincall/AjaxCheckService.setItemNumber.dwr HTTP/1.1" 200 78
116.232.194.65 - - [01/Aug/2022:08:40:07 +0800] "POST /xingrg/dwr/call/plaincall/AjaxCheckService.setItemNumber.dwr HTTP/1.1" 200 78
116.232.194.65 - - [01/Aug/2022:08:40:08 +0800] "POST /xingrg/dwr/call/plaincall/AjaxCheckService.setItemNumber.dwr HTTP/1.1" 200 78
116.232.194.65 - - [01/Aug/2022:08:40:08 +0800] "POST /xingrg/dwr/call/plaincall/AjaxCheckService.setItemNumber.dwr HTTP/1.1" 200 78
116.232.194.65 - - [01/Aug/2022:08:40:09 +0800] "POST /xingrg/dwr/call/plaincall/AjaxCheckService.setItemNumber.dwr HTTP/1.1" 200 78
116.232.194.65 - - [01/Aug/2022:08:40:09 +0800] "POST /xingrg/dwr/call/plaincall/AjaxCheckService.setItemNumber.dwr HTTP/1.1" 200 78
116.232.194.65 - - [01/Aug/2022:08:40:09 +0800] "POST /xingrg/dwr/call/plaincall/AjaxCheckService.setItemNumber.dwr HTTP/1.1" 200 78
116.232.194.65 - - [01/Aug/2022:08:40:10 +0800] "GET /xingrg/all/function/internal_message.html?_=1659314396289&CODE_STATE=getMsg HTTP/1.1" 200 27
116.232.194.65 - - [01/Aug/2022:08:40:10 +0800] "GET /xingrg/check_reg.html?_=1659314396290 HTTP/1.1" 200 22
116.232.194.65 - - [01/Aug/2022:08:40:10 +0800] "POST /xingrg/dwr/call/plaincall/AjaxCheckService.setItemNumber.dwr HTTP/1.1" 200 78
116.224.255.128 - - [01/Aug/2022:08:40:12 +0800] "GET /xingrg/kc/buy/cgsh_order_operate.html?command=get_materiel&rest_code=00150&code=00101016025&supplier_code=00100096&order_time=2022-08-01 HTTP/1.1" 200 408
116.232.194.65 - - [01/Aug/2022:08:40:13 +0800] "POST /xingrg/dwr/call/plaincall/AjaxCheckService.setItemNumber.dwr HTTP/1.1" 200 78
116.232.194.65 - - [01/Aug/2022:08:40:14 +0800] "POST /xingrg/dwr/call/plaincall/AjaxCheckService.setItemNumber.dwr HTTP/1.1" 200 78
116.232.194.65 - - [01/Aug/2022:08:40:14 +0800] "POST /xingrg/dwr/call/plaincall/AjaxCheckService.setItemNumber.dwr HTTP/1.1" 200 78
116.232.194.65 - - [01/Aug/2022:08:40:15 +0800] "POST /xingrg/dwr/call/plaincall/AjaxCheckService.setItemNumber.dwr HTTP/1.1" 200 78
116.232.194.65 - - [01/Aug/2022:08:40:15 +0800] "POST /xingrg/dwr/call/plaincall/AjaxCheckService.setItemNumber.dwr HTTP/1.1" 200 78
116.232.194.65 - - [01/Aug/2022:08:40:16 +0800] "POST /xingrg/dwr/call/plaincall/AjaxCheckService.setItemNumber.dwr HTTP/1.1" 200 78
116.232.194.65 - - [01/Aug/2022:08:40:16 +0800] "POST /xingrg/dwr/call/plaincall/AjaxCheckService.setItemNumber.dwr HTTP/1.1" 200 78
116.232.194.65 - - [01/Aug/2022:08:40:17 +0800] "POST /xingrg/dwr/call/plaincall/AjaxCheckService.setItemNumber.dwr HTTP/1.1" 200 78
116.232.194.65 - - [01/Aug/2022:08:40:17 +0800] "POST /xingrg/dwr/call/plaincall/AjaxCheckService.setItemNumber.dwr HTTP/1.1" 200 78
116.232.194.65 - - [01/Aug/2022:08:40:17 +0800] "POST /xingrg/dwr/call/plaincall/AjaxCheckService.setItemNumber.dwr HTTP/1.1" 200 78
180.162.252.181 - - [01/Aug/2022:08:40:18 +0800] "GET /xingrg/all/function/internal_message.html?_=1659314297197&CODE_STATE=getMsg HTTP/1.1" 200 27
116.232.194.65 - - [01/Aug/2022:08:40:18 +0800] "POST /xingrg/dwr/call/plaincall/AjaxCheckService.setItemNumber.dwr HTTP/1.1" 200 78
180.162.252.181 - - [01/Aug/2022:08:40:18 +0800] "GET /xingrg/kc/buy/cgsh_order_operate.html?command=get_materiel&rest_code=00105&code=00101008256&supplier_code=00100203&order_time=2022-08-01 HTTP/1.1" 200 412
116.232.194.65 - - [01/Aug/2022:08:40:18 +0800] "POST /xingrg/dwr/call/plaincall/AjaxCheckService.setItemNumber.dwr HTTP/1.1" 200 78
116.232.194.65 - - [01/Aug/2022:08:40:19 +0800] "POST /xingrg/dwr/call/plaincall/AjaxCheckService.setItemNumber.dwr HTTP/1.1" 200 78
116.232.194.65 - - [01/Aug/2022:08:40:19 +0800] "POST /xingrg/dwr/call/plaincall/AjaxCheckService.setItemNumber.dwr HTTP/1.1" 200 78
116.232.194.65 - - [01/Aug/2022:08:40:22 +0800] "POST /xingrg/dwr/call/plaincall/AjaxCheckService.setItemNumber.dwr HTTP/1.1" 200 78
180.162.252.181 - - [01/Aug/2022:08:40:25 +0800] "GET /xingrg/all/function/internal_message.html?_=1659314426551&CODE_STATE=getMsg HTTP/1.1" 200 27
116.232.194.65 - - [01/Aug/2022:08:40:25 +0800] "POST /xingrg/dwr/call/plaincall/AjaxCheckService.setItemNumber.dwr HTTP/1.1" 200 78
116.232.194.65 - - [01/Aug/2022:08:40:26 +0800] "POST /xingrg/dwr/call/plaincall/AjaxCheckService.setItemNumber.dwr HTTP/1.1" 200 78
116.232.194.65 - - [01/Aug/2022:08:40:26 +0800] "POST /xingrg/dwr/call/plaincall/AjaxCheckService.setItemNumber.dwr HTTP/1.1" 200 78
116.232.194.65 - - [01/Aug/2022:08:40:27 +0800] "POST /xingrg/dwr/call/plaincall/AjaxCheckService.setItemNumber.dwr HTTP/1.1" 200 78
116.232.194.65 - - [01/Aug/2022:08:40:27 +0800] "POST /xingrg/dwr/call/plaincall/AjaxCheckService.setItemNumber.dwr HTTP/1.1" 200 78
116.232.194.65 - - [01/Aug/2022:08:40:28 +0800] "POST /xingrg/dwr/call/plaincall/AjaxCheckService.setItemNumber.dwr HTTP/1.1" 200 78
116.224.255.128 - - [01/Aug/2022:08:40:28 +0800] "GET /xingrg/kc/buy/cgsh_order_operate.html?command=get_materiel&rest_code=00150&code=00101006259&supplier_code=00100096&order_time=2022-08-01 HTTP/1.1" 200 409
116.232.194.65 - - [01/Aug/2022:08:40:29 +0800] "POST /xingrg/dwr/call/plaincall/AjaxCheckService.setItemNumber.dwr HTTP/1.1" 200 78
116.224.255.128 - - [01/Aug/2022:08:40:34 +0800] "GET /xingrg/kc/buy/cgsh_order_operate.html?command=get_materiel&rest_code=00150&code=00101006161&supplier_code=00100096&order_time=2022-08-01 HTTP/1.1" 200 411
101.83.240.35 - - [01/Aug/2022:08:40:35 +0800] "POST /xingrg/dwr/call/plaincall/AjaxCheckService.setItemNumber.dwr HTTP/1.1" 200 78
101.83.240.35 - - [01/Aug/2022:08:40:35 +0800] "POST /xingrg/dwr/call/plaincall/AjaxCheckService.setItemNumber.dwr HTTP/1.1" 200 78
116.224.255.128 - - [01/Aug/2022:08:40:35 +0800] "GET /xingrg/all/function/internal_message.html?_=1659314433759&CODE_STATE=getMsg HTTP/1.1" 200 27
101.83.240.35 - - [01/Aug/2022:08:40:36 +0800] "POST /xingrg/dwr/call/plaincall/AjaxCheckService.setItemNumber.dwr HTTP/1.1" 200 78
101.83.240.35 - - [01/Aug/2022:08:40:36 +0800] "POST /xingrg/dwr/call/plaincall/AjaxCheckService.setItemNumber.dwr HTTP/1.1" 200 78
101.83.240.35 - - [01/Aug/2022:08:40:37 +0800] "POST /xingrg/dwr/call/plaincall/AjaxCheckService.setItemNumber.dwr HTTP/1.1" 200 78
101.83.240.35 - - [01/Aug/2022:08:40:37 +0800] "POST /xingrg/dwr/call/plaincall/AjaxCheckService.setItemNumber.dwr HTTP/1.1" 200 78
101.83.240.35 - - [01/Aug/2022:08:40:38 +0800] "POST /xingrg/dwr/call/plaincall/AjaxCheckService.setItemNumber.dwr HTTP/1.1" 200 78
101.83.240.35 - - [01/Aug/2022:08:40:39 +0800] "POST /xingrg/dwr/call/plaincall/AjaxCheckService.setItemNumber.dwr HTTP/1.1" 200 78
101.83.240.35 - - [01/Aug/2022:08:40:40 +0800] "POST /xingrg/dwr/call/plaincall/AjaxCheckService.setItemNumber.dwr HTTP/1.1" 200 78
101.83.240.35 - - [01/Aug/2022:08:40:40 +0800] "POST /xingrg/dwr/call/plaincall/AjaxCheckService.setItemNumber.dwr HTTP/1.1" 200 78
101.83.240.35 - - [01/Aug/2022:08:40:41 +0800] "POST /xingrg/dwr/call/plaincall/AjaxCheckService.setItemNumber.dwr HTTP/1.1" 200 78
101.83.240.35 - - [01/Aug/2022:08:40:41 +0800] "POST /xingrg/dwr/call/plaincall/AjaxCheckService.setItemNumber.dwr HTTP/1.1" 200 78
218.81.223.53 - - [01/Aug/2022:08:40:42 +0800] "GET /xingrg/all/function/internal_message.html?_=1659314443625&CODE_STATE=getMsg HTTP/1.1" 200 27
101.83.240.35 - - [01/Aug/2022:08:40:44 +0800] "POST /xingrg/dwr/call/plaincall/AjaxCheckService.setItemNumber.dwr HTTP/1.1" 200 78
101.83.240.35 - - [01/Aug/2022:08:40:44 +0800] "POST /xingrg/dwr/call/plaincall/AjaxCheckService.setItemNumber.dwr HTTP/1.1" 200 78
101.83.240.35 - - [01/Aug/2022:08:40:46 +0800] "POST /xingrg/dwr/call/plaincall/AjaxCheckService.setItemNumber.dwr HTTP/1.1" 200 78
116.224.255.128 - - [01/Aug/2022:08:40:46 +0800] "GET /xingrg/kc/buy/cgsh_order_operate.html?command=get_materiel&rest_code=00150&code=00101007081&supplier_code=00100096&order_time=2022-08-01 HTTP/1.1" 200 415
101.83.240.35 - - [01/Aug/2022:08:40:46 +0800] "POST /xingrg/dwr/call/plaincall/AjaxCheckService.setItemNumber.dwr HTTP/1.1" 200 78
116.232.194.65 - - [01/Aug/2022:08:40:47 +0800] "POST /xingrg/dwr/call/plaincall/AjaxCheckService.setItemNumber.dwr HTTP/1.1" 200 78
101.83.240.35 - - [01/Aug/2022:08:40:47 +0800] "POST /xingrg/dwr/call/plaincall/AjaxCheckService.setItemNumber.dwr HTTP/1.1" 200 78
116.232.194.65 - - [01/Aug/2022:08:40:47 +0800] "POST /xingrg/dwr/call/plaincall/AjaxCheckService.setItemNumber.dwr HTTP/1.1" 200 78
101.83.240.35 - - [01/Aug/2022:08:40:48 +0800] "POST /xingrg/dwr/call/plaincall/AjaxCheckService.setItemNumber.dwr HTTP/1.1" 200 78
101.83.240.35 - - [01/Aug/2022:08:40:48 +0800] "POST /xingrg/dwr/call/plaincall/AjaxCheckService.setItemNumber.dwr HTTP/1.1" 200 78
101.83.240.35 - - [01/Aug/2022:08:40:49 +0800] "POST /xingrg/dwr/call/plaincall/AjaxCheckService.setItemNumber.dwr HTTP/1.1" 200 78
101.83.240.35 - - [01/Aug/2022:08:40:49 +0800] "POST /xingrg/dwr/call/plaincall/AjaxCheckService.setItemNumber.dwr HTTP/1.1" 200 78
101.83.240.35 - - [01/Aug/2022:08:40:50 +0800] "POST /xingrg/dwr/call/plaincall/AjaxCheckService.setItemNumber.dwr HTTP/1.1" 200 78
116.232.194.65 - - [01/Aug/2022:08:40:50 +0800] "POST /xingrg/dwr/call/plaincall/AjaxCheckService.setItemNumber.dwr HTTP/1.1" 200 78
101.83.240.35 - - [01/Aug/2022:08:40:51 +0800] "GET /xingrg/all/function/internal_message.html?_=1659314450650&CODE_STATE=getMsg HTTP/1.1" 200 27
116.232.194.65 - - [01/Aug/2022:08:40:51 +0800] "POST /xingrg/dwr/call/plaincall/AjaxCheckService.setItemNumber.dwr HTTP/1.1" 200 78
101.83.240.35 - - [01/Aug/2022:08:40:51 +0800] "POST /xingrg/dwr/call/plaincall/AjaxCheckService.setItemNumber.dwr HTTP/1.1" 200 78
116.232.194.65 - - [01/Aug/2022:08:40:51 +0800] "POST /xingrg/dwr/call/plaincall/AjaxCheckService.setItemNumber.dwr HTTP/1.1" 200 78
116.232.194.65 - - [01/Aug/2022:08:40:51 +0800] "POST /xingrg/dwr/call/plaincall/AjaxCheckService.setItemNumber.dwr HTTP/1.1" 200 78
116.232.194.65 - - [01/Aug/2022:08:40:52 +0800] "POST /xingrg/dwr/call/plaincall/AjaxCheckService.setItemNumber.dwr HTTP/1.1" 200 78
116.232.194.65 - - [01/Aug/2022:08:40:52 +0800] "POST /xingrg/dwr/call/plaincall/AjaxCheckService.setItemNumber.dwr HTTP/1.1" 200 78
116.232.194.65 - - [01/Aug/2022:08:40:53 +0800] "POST /xingrg/dwr/call/plaincall/AjaxCheckService.setItemNumber.dwr HTTP/1.1" 200 78
101.83.240.35 - - [01/Aug/2022:08:40:54 +0800] "POST /xingrg/dwr/call/plaincall/AjaxCheckService.setItemNumber.dwr HTTP/1.1" 200 78
101.83.240.35 - - [01/Aug/2022:08:40:54 +0800] "POST /xingrg/dwr/call/plaincall/AjaxCheckService.setItemNumber.dwr HTTP/1.1" 200 78
101.83.240.35 - - [01/Aug/2022:08:40:55 +0800] "POST /xingrg/dwr/call/plaincall/AjaxCheckService.setItemNumber.dwr HTTP/1.1" 200 78
116.232.194.65 - - [01/Aug/2022:08:40:56 +0800] "POST /xingrg/dwr/call/plaincall/AjaxCheckService.setItemNumber.dwr HTTP/1.1" 200 78
116.232.194.65 - - [01/Aug/2022:08:40:58 +0800] "POST /xingrg/dwr/call/plaincall/AjaxCheckService.setItemNumber.dwr HTTP/1.1" 200 78
120.253.135.82 - - [01/Aug/2022:08:41:00 +0800] "GET /xingrg/all/function/internal_message.html?_=1659314268130&CODE_STATE=getMsg HTTP/1.1" 200 27
116.232.194.65 - - [01/Aug/2022:08:41:01 +0800] "POST /xingrg/dwr/call/plaincall/AjaxCheckService.setItemNumber.dwr HTTP/1.1" 200 78
116.232.194.65 - - [01/Aug/2022:08:41:02 +0800] "POST /xingrg/dwr/call/plaincall/AjaxCheckService.setItemNumber.dwr HTTP/1.1" 200 78
116.232.194.65 - - [01/Aug/2022:08:41:02 +0800] "POST /xingrg/dwr/call/plaincall/AjaxCheckService.setItemNumber.dwr HTTP/1.1" 200 78
116.232.194.65 - - [01/Aug/2022:08:41:03 +0800] "POST /xingrg/dwr/call/plaincall/AjaxCheckService.setItemNumber.dwr HTTP/1.1" 200 78
116.232.194.65 - - [01/Aug/2022:08:41:04 +0800] "POST /xingrg/dwr/call/plaincall/AjaxCheckService.setItemNumber.dwr HTTP/1.1" 200 78
116.224.255.128 - - [01/Aug/2022:08:41:05 +0800] "GET /xingrg/kc/buy/cgsh_order_operate.html?command=get_materiel&rest_code=00150&code=00101007077&supplier_code=00100096&order_time=2022-08-01 HTTP/1.1" 200 415
101.80.228.36 - - [01/Aug/2022:08:41:06 +0800] "GET /xingrg/all/function/internal_message.html?_=1659314466165&CODE_STATE=getMsg HTTP/1.1" 200 27
101.83.240.35 - - [01/Aug/2022:08:41:07 +0800] "POST /xingrg/dwr/call/plaincall/AjaxCheckService.setItemNumber.dwr HTTP/1.1" 200 78
116.232.194.65 - - [01/Aug/2022:08:41:08 +0800] "POST /xingrg/dwr/call/plaincall/AjaxCheckService.setItemNumber.dwr HTTP/1.1" 200 78
101.83.240.35 - - [01/Aug/2022:08:41:09 +0800] "POST /xingrg/dwr/call/plaincall/AjaxCheckService.setItemNumber.dwr HTTP/1.1" 200 78
101.83.240.35 - - [01/Aug/2022:08:41:10 +0800] "POST /xingrg/dwr/call/plaincall/AjaxCheckService.setItemNumber.dwr HTTP/1.1" 200 78
116.232.194.65 - - [01/Aug/2022:08:41:10 +0800] "GET /xingrg/all/function/internal_message.html?_=1659314456288&CODE_STATE=getMsg HTTP/1.1" 200 27
101.83.240.35 - - [01/Aug/2022:08:41:10 +0800] "POST /xingrg/dwr/call/plaincall/AjaxCheckService.setItemNumber.dwr HTTP/1.1" 200 78
116.232.194.65 - - [01/Aug/2022:08:41:11 +0800] "POST /xingrg/dwr/call/plaincall/AjaxCheckService.setItemNumber.dwr HTTP/1.1" 200 78
116.232.194.65 - - [01/Aug/2022:08:41:11 +0800] "POST /xingrg/dwr/call/plaincall/AjaxCheckService.setItemNumber.dwr HTTP/1.1" 200 78
116.232.194.65 - - [01/Aug/2022:08:41:12 +0800] "POST /xingrg/dwr/call/plaincall/AjaxCheckService.setItemNumber.dwr HTTP/1.1" 200 78
101.83.240.35 - - [01/Aug/2022:08:41:12 +0800] "POST /xingrg/dwr/call/plaincall/AjaxCheckService.setItemNumber.dwr HTTP/1.1" 200 78
116.232.194.65 - - [01/Aug/2022:08:41:12 +0800] "POST /xingrg/dwr/call/plaincall/AjaxCheckService.setItemNumber.dwr HTTP/1.1" 200 78
116.232.194.65 - - [01/Aug/2022:08:41:13 +0800] "POST /xingrg/dwr/call/plaincall/AjaxCheckService.setItemNumber.dwr HTTP/1.1" 200 78
116.232.194.65 - - [01/Aug/2022:08:41:13 +0800] "POST /xingrg/dwr/call/plaincall/AjaxCheckService.setItemNumber.dwr HTTP/1.1" 200 78
101.83.240.35 - - [01/Aug/2022:08:41:13 +0800] "POST /xingrg/dwr/call/plaincall/AjaxCheckService.setItemNumber.dwr HTTP/1.1" 200 78
116.232.194.65 - - [01/Aug/2022:08:41:14 +0800] "POST /xingrg/dwr/call/plaincall/AjaxCheckService.setItemNumber.dwr HTTP/1.1" 200 78
116.232.194.65 - - [01/Aug/2022:08:41:14 +0800] "POST /xingrg/dwr/call/plaincall/AjaxCheckService.setItemNumber.dwr HTTP/1.1" 200 78
101.83.240.35 - - [01/Aug/2022:08:41:14 +0800] "POST /xingrg/dwr/call/plaincall/AjaxCheckService.setItemNumber.dwr HTTP/1.1" 200 78
116.232.194.65 - - [01/Aug/2022:08:41:15 +0800] "POST /xingrg/dwr/call/plaincall/AjaxCheckService.setItemNumber.dwr HTTP/1.1" 200 78
101.83.240.35 - - [01/Aug/2022:08:41:15 +0800] "POST /xingrg/dwr/call/plaincall/AjaxCheckService.setItemNumber.dwr HTTP/1.1" 200 78
116.232.194.65 - - [01/Aug/2022:08:41:15 +0800] "POST /xingrg/dwr/call/plaincall/AjaxCheckService.setItemNumber.dwr HTTP/1.1" 200 78
101.83.240.35 - - [01/Aug/2022:08:41:15 +0800] "POST /xingrg/dwr/call/plaincall/AjaxCheckService.setItemNumber.dwr HTTP/1.1" 200 78
116.232.194.65 - - [01/Aug/2022:08:41:16 +0800] "POST /xingrg/dwr/call/plaincall/AjaxCheckService.setItemNumber.dwr HTTP/1.1" 200 78
101.83.240.35 - - [01/Aug/2022:08:41:16 +0800] "POST /xingrg/dwr/call/plaincall/AjaxCheckService.setItemNumber.dwr HTTP/1.1" 200 78
116.232.194.65 - - [01/Aug/2022:08:41:16 +0800] "POST /xingrg/dwr/call/plaincall/AjaxCheckService.setItemNumber.dwr HTTP/1.1" 200 78
101.83.240.35 - - [01/Aug/2022:08:41:17 +0800] "POST /xingrg/dwr/call/plaincall/AjaxCheckService.setItemNumber.dwr HTTP/1.1" 200 78
116.232.194.65 - - [01/Aug/2022:08:41:17 +0800] "POST /xingrg/dwr/call/plaincall/AjaxCheckService.setItemNumber.dwr HTTP/1.1" 200 78
101.83.240.35 - - [01/Aug/2022:08:41:17 +0800] "POST /xingrg/dwr/call/plaincall/AjaxCheckService.setItemNumber.dwr HTTP/1.1" 200 78
116.232.194.65 - - [01/Aug/2022:08:41:17 +0800] "POST /xingrg/dwr/call/plaincall/AjaxCheckService.setItemNumber.dwr HTTP/1.1" 200 78
101.83.240.35 - - [01/Aug/2022:08:41:18 +0800] "POST /xingrg/dwr/call/plaincall/AjaxCheckService.setItemNumber.dwr HTTP/1.1" 200 78
180.162.252.181 - - [01/Aug/2022:08:41:18 +0800] "GET /xingrg/all/function/internal_message.html?_=1659314357197&CODE_STATE=getMsg HTTP/1.1" 200 27
101.83.240.35 - - [01/Aug/2022:08:41:18 +0800] "POST /xingrg/dwr/call/plaincall/AjaxCheckService.setItemNumber.dwr HTTP/1.1" 200 78
116.224.255.128 - - [01/Aug/2022:08:41:18 +0800] "GET /xingrg/kc/buy/cgsh_order_operate.html?command=get_materiel&rest_code=00150&code=00101006168&supplier_code=00100096&order_time=2022-08-01 HTTP/1.1" 200 421
101.83.240.35 - - [01/Aug/2022:08:41:19 +0800] "POST /xingrg/dwr/call/plaincall/AjaxCheckService.setItemNumber.dwr HTTP/1.1" 200 78
101.83.240.35 - - [01/Aug/2022:08:41:19 +0800] "POST /xingrg/dwr/call/plaincall/AjaxCheckService.setItemNumber.dwr HTTP/1.1" 200 78
101.83.240.35 - - [01/Aug/2022:08:41:20 +0800] "POST /xingrg/dwr/call/plaincall/AjaxCheckService.setItemNumber.dwr HTTP/1.1" 200 78
116.232.194.65 - - [01/Aug/2022:08:41:22 +0800] "POST /xingrg/dwr/call/plaincall/AjaxCheckService.setItemNumber.dwr HTTP/1.1" 200 78
116.232.194.65 - - [01/Aug/2022:08:41:24 +0800] "POST /xingrg/dwr/call/plaincall/AjaxCheckService.setItemNumber.dwr HTTP/1.1" 200 78
180.162.252.181 - - [01/Aug/2022:08:41:25 +0800] "GET /xingrg/all/function/internal_message.html?_=1659314486512&CODE_STATE=getMsg HTTP/1.1" 200 27
116.232.194.65 - - [01/Aug/2022:08:41:26 +0800] "POST /xingrg/dwr/call/plaincall/AjaxCheckService.setItemNumber.dwr HTTP/1.1" 200 78
116.232.194.65 - - [01/Aug/2022:08:41:26 +0800] "POST /xingrg/dwr/call/plaincall/AjaxCheckService.setItemNumber.dwr HTTP/1.1" 200 78
116.232.194.65 - - [01/Aug/2022:08:41:28 +0800] "POST /xingrg/dwr/call/plaincall/AjaxCheckService.setItemNumber.dwr HTTP/1.1" 200 78
116.232.194.65 - - [01/Aug/2022:08:41:30 +0800] "POST /xingrg/dwr/call/plaincall/AjaxCheckService.setItemNumber.dwr HTTP/1.1" 200 78
