180.162.252.181 - - [01/Aug/2022:08:32:25 +0800] "GET /xingrg/index.html?sysBaseUrl=http%3A%2F%2F180.169.147.146%3A18081%2Fxingrg%2F&costTime=2018×tamp=1659313945207 HTTP/1.1" 200 17173
180.162.252.181 - - [01/Aug/2022:08:32:25 +0800] "GET /xingrg/javascript/jquery_easy_ui/themes/default/easyui.css HTTP/1.1" 304 -
180.162.252.181 - - [01/Aug/2022:08:32:25 +0800] "GET /xingrg/javascript/jquery_easy_ui/themes/icon.css HTTP/1.1" 304 -
180.162.252.181 - - [01/Aug/2022:08:32:25 +0800] "GET /xingrg/css/form.css HTTP/1.1" 304 -
180.162.252.181 - - [01/Aug/2022:08:32:25 +0800] "GET /xingrg/javascript/jquery.form.js HTTP/1.1" 304 -
180.162.252.181 - - [01/Aug/2022:08:32:25 +0800] "GET /xingrg/javascript/jquery.utils.js HTTP/1.1" 304 -
180.162.252.181 - - [01/Aug/2022:08:32:25 +0800] "GET /xingrg/javascript/jquery-1.4.2.min.js HTTP/1.1" 304 -
180.162.252.181 - - [01/Aug/2022:08:32:25 +0800] "GET /xingrg/javascript/jquery_easy_ui/jquery.easyui.min.js HTTP/1.1" 304 -
180.162.252.181 - - [01/Aug/2022:08:32:25 +0800] "GET /favicon.ico HTTP/1.1" 404 -
180.162.252.181 - - [01/Aug/2022:08:32:25 +0800] "GET /xingrg/javascript/jquery.timers.js HTTP/1.1" 304 -
180.162.252.181 - - [01/Aug/2022:08:32:25 +0800] "GET /xingrg/javascript/jquery_easy_ui/easyui-lang-zh_CN.js HTTP/1.1" 304 -
180.162.252.181 - - [01/Aug/2022:08:32:25 +0800] "GET /xingrg/javascript/jquery_easy_ui/themes/icons/settle_new.png HTTP/1.1" 304 -
180.162.252.181 - - [01/Aug/2022:08:32:25 +0800] "GET /xingrg/images/blue/navBackgound.jpg HTTP/1.1" 304 -
180.162.252.181 - - [01/Aug/2022:08:32:25 +0800] "GET /xingrg/all/function/internal_message.html?_=1659313946501&CODE_STATE=count HTTP/1.1" 200 11
180.162.252.181 - - [01/Aug/2022:08:32:25 +0800] "GET /xingrg/check_reg.html?_=1659313946502 HTTP/1.1" 200 22
180.162.252.181 - - [01/Aug/2022:08:32:25 +0800] "GET /xingrg/images/blue/pingpu.png HTTP/1.1" 304 -
180.162.252.181 - - [01/Aug/2022:08:32:25 +0800] "GET /xingrg/javascript/jquery_easy_ui/themes/default/images/tabs_leftarrow.png HTTP/1.1" 304 -
180.162.252.181 - - [01/Aug/2022:08:32:25 +0800] "GET /xingrg/javascript/jquery_easy_ui/themes/default/images/panel_tool_collapse.gif HTTP/1.1" 304 -
180.162.252.181 - - [01/Aug/2022:08:32:25 +0800] "GET /xingrg/javascript/jquery_easy_ui/themes/default/images/tabs_rightarrow.png HTTP/1.1" 304 -
180.162.252.181 - - [01/Aug/2022:08:32:25 +0800] "POST /xingrg/all/common/load_tree.html?tree=area_rest_tree_json&manage=1 HTTP/1.1" 200 3472
180.162.252.181 - - [01/Aug/2022:08:32:25 +0800] "POST /xingrg/load_menu.html HTTP/1.1" 200 5138
180.162.252.181 - - [01/Aug/2022:08:32:25 +0800] "GET /xingrg/javascript/jquery_easy_ui/themes/default/images/tree_arrows.gif HTTP/1.1" 304 -
180.162.252.181 - - [01/Aug/2022:08:32:25 +0800] "GET /xingrg/javascript/jquery_easy_ui/themes/default/images/tree_folder.gif HTTP/1.1" 304 -
180.162.252.181 - - [01/Aug/2022:08:32:25 +0800] "GET /xingrg/javascript/jquery_easy_ui/themes/icons/search_new.png HTTP/1.1" 304 -
180.162.252.181 - - [01/Aug/2022:08:32:25 +0800] "GET /xingrg/javascript/jquery_easy_ui/themes/default/images/tree_folder_open.gif HTTP/1.1" 304 -
180.162.252.181 - - [01/Aug/2022:08:32:25 +0800] "GET /xingrg/javascript/jquery_easy_ui/themes/default/images/tree_file.gif HTTP/1.1" 304 -
180.162.252.181 - - [01/Aug/2022:08:32:25 +0800] "GET /xingrg/javascript/jquery_easy_ui/themes/icons/storage_new.png HTTP/1.1" 304 -
180.162.252.181 - - [01/Aug/2022:08:32:25 +0800] "GET /xingrg/javascript/jquery_easy_ui/themes/icons/forms_new.png HTTP/1.1" 304 -
116.224.255.128 - - [01/Aug/2022:08:32:26 +0800] "POST /xingrg/kc/buy/cgsh_order_operate.html HTTP/1.1" 200 12
180.162.252.181 - - [01/Aug/2022:08:32:27 +0800] "GET /xingrg/javascript/jquery_easy_ui/themes/default/images/tabs_close.gif HTTP/1.1" 304 -
180.162.252.181 - - [01/Aug/2022:08:32:29 +0800] "GET /xingrg/css/base.css HTTP/1.1" 304 -
180.162.252.181 - - [01/Aug/2022:08:32:29 +0800] "GET /xingrg/css/site.css HTTP/1.1" 304 -
180.162.252.181 - - [01/Aug/2022:08:32:29 +0800] "GET /xingrg/javascript/jquery_tools/datebox.css HTTP/1.1" 304 -
180.162.252.181 - - [01/Aug/2022:08:32:29 +0800] "GET /xingrg/javascript/easyui/themes/default/easyui.css HTTP/1.1" 304 -
180.162.252.181 - - [01/Aug/2022:08:32:29 +0800] "GET /xingrg/javascript/easyui/themes/icon.css HTTP/1.1" 304 -
180.162.252.181 - - [01/Aug/2022:08:32:29 +0800] "GET /xingrg/javascript/auto/jquery.autocomplete.css HTTP/1.1" 304 -
180.162.252.181 - - [01/Aug/2022:08:32:29 +0800] "GET /xingrg/javascript/jquery_tools/fix.css HTTP/1.1" 304 -
180.162.252.181 - - [01/Aug/2022:08:32:29 +0800] "GET /xingrg/javascript/jquery_tools/table.css HTTP/1.1" 304 -
180.162.252.181 - - [01/Aug/2022:08:32:29 +0800] "GET /xingrg/javascript/jquery_tools/jquery.tools.table.js HTTP/1.1" 304 -
180.162.252.181 - - [01/Aug/2022:08:32:29 +0800] "GET /xingrg/javascript/jquery_tools/jquery.tools.min.js HTTP/1.1" 304 -
180.162.252.181 - - [01/Aug/2022:08:32:29 +0800] "GET /xingrg/javascript/jquery_tools/list_manager.js HTTP/1.1" 304 -
180.162.252.181 - - [01/Aug/2022:08:32:29 +0800] "GET /xingrg/javascript/auto/jquery.autocomplete.js HTTP/1.1" 304 -
180.162.252.181 - - [01/Aug/2022:08:32:29 +0800] "GET /xingrg/javascript/easyui/easyloader.js HTTP/1.1" 304 -
180.162.252.181 - - [01/Aug/2022:08:32:29 +0800] "GET /xingrg/javascript/jquery.cookie.js HTTP/1.1" 304 -
180.162.252.181 - - [01/Aug/2022:08:32:29 +0800] "GET /xingrg/javascript/print/LodopFuncs.js HTTP/1.1" 304 -
180.162.252.181 - - [01/Aug/2022:08:32:29 +0800] "GET /xingrg/kc/buy/cgsh_order_list.html HTTP/1.1" 200 52280
180.162.252.181 - - [01/Aug/2022:08:32:29 +0800] "GET /xingrg/javascript/jquery_tools/jquery.tools.extend.js HTTP/1.1" 304 -
180.162.252.181 - - [01/Aug/2022:08:32:29 +0800] "GET /xingrg/javascript/jquery_tools/jquery.tools.hotkey.js HTTP/1.1" 304 -
116.224.255.128 - - [01/Aug/2022:08:32:29 +0800] "GET /xingrg/kc/buy/cgsh_order_info.html?code=212022080100001 HTTP/1.1" 200 62553
180.162.252.181 - - [01/Aug/2022:08:32:29 +0800] "GET /xingrg/javascript/easyui/themes/icons/edit_add_new.png HTTP/1.1" 304 -
180.162.252.181 - - [01/Aug/2022:08:32:29 +0800] "GET /xingrg/javascript/easyui/themes/icons/cance_new.png HTTP/1.1" 304 -
180.162.252.181 - - [01/Aug/2022:08:32:29 +0800] "GET /xingrg/javascript/easyui/themes/icons/check_new.png HTTP/1.1" 304 -
180.162.252.181 - - [01/Aug/2022:08:32:29 +0800] "GET /xingrg/javascript/easyui/themes/icons/field_new.png HTTP/1.1" 304 -
180.162.252.181 - - [01/Aug/2022:08:32:29 +0800] "GET /xingrg/javascript/easyui/themes/icons/import_new.png HTTP/1.1" 304 -
180.162.252.181 - - [01/Aug/2022:08:32:29 +0800] "GET /xingrg/javascript/easyui/plugins/jquery.parser.js HTTP/1.1" 304 -
180.162.252.181 - - [01/Aug/2022:08:32:29 +0800] "GET /xingrg/images/control/ajaxLoader.gif HTTP/1.1" 304 -
116.224.255.128 - - [01/Aug/2022:08:32:29 +0800] "GET /xingrg/javascript/easyui/themes/default/validatebox.css HTTP/1.1" 404 1104
116.224.255.128 - - [01/Aug/2022:08:32:30 +0800] "POST /xingrg/kc/buy/cgsh_order_operate.html HTTP/1.1" 200 3009
180.162.252.181 - - [01/Aug/2022:08:32:31 +0800] "POST /xingrg/kc/buy/cgsh_list_operate.html HTTP/1.1" 200 693
116.224.255.128 - - [01/Aug/2022:08:32:32 +0800] "GET /xingrg/kc/print/load_config.html?kc_code=cgsh HTTP/1.1" 200 1943
116.224.255.128 - - [01/Aug/2022:08:32:32 +0800] "GET /xingrg/kc/print/load_data.html?order_code=212022080100001&kc_code=cgsh&condition= HTTP/1.1" 200 1618
116.224.255.128 - - [01/Aug/2022:08:32:39 +0800] "GET /xingrg/kc/buy/cgsh_order_add.html HTTP/1.1" 200 67660
116.224.255.128 - - [01/Aug/2022:08:32:39 +0800] "POST /xingrg/kc/buy/cgsh_order_operate.html HTTP/1.1" 200 8245
116.224.255.128 - - [01/Aug/2022:08:32:39 +0800] "GET /xingrg/javascript/easyui/themes/default/validatebox.css HTTP/1.1" 404 1104
180.162.252.181 - - [01/Aug/2022:08:32:41 +0800] "GET /xingrg/javascript/easyui/themes/default/images/button_plain_hover.png HTTP/1.1" 304 -
218.81.223.53 - - [01/Aug/2022:08:32:42 +0800] "GET /xingrg/all/function/internal_message.html?_=1659313963510&CODE_STATE=getMsg HTTP/1.1" 200 27
180.162.252.181 - - [01/Aug/2022:08:32:43 +0800] "GET /xingrg/javascript/pic_change.js HTTP/1.1" 304 -
180.162.252.181 - - [01/Aug/2022:08:32:43 +0800] "GET /xingrg/javascript/jquery_tools/order_manager.js HTTP/1.1" 304 -
180.162.252.181 - - [01/Aug/2022:08:32:43 +0800] "GET /xingrg/javascript/convert.js HTTP/1.1" 304 -
180.162.252.181 - - [01/Aug/2022:08:32:43 +0800] "GET /xingrg/javascript/json2.js HTTP/1.1" 304 -
180.162.252.181 - - [01/Aug/2022:08:32:43 +0800] "GET /xingrg/javascript/print/kc_print.js HTTP/1.1" 304 -
180.162.252.181 - - [01/Aug/2022:08:32:43 +0800] "GET /xingrg/kc/buy/cgsh_order_add.html HTTP/1.1" 200 68144
180.162.252.181 - - [01/Aug/2022:08:32:43 +0800] "GET /xingrg/words/20220730141824_words.js HTTP/1.1" 200 907743
180.162.252.181 - - [01/Aug/2022:08:32:43 +0800] "GET /xingrg/javascript/easyui/themes/icons/copy_new.png HTTP/1.1" 304 -
180.162.252.181 - - [01/Aug/2022:08:32:43 +0800] "GET /xingrg/javascript/easyui/themes/icons/template_new.png HTTP/1.1" 304 -
180.162.252.181 - - [01/Aug/2022:08:32:43 +0800] "GET /xingrg/javascript/easyui/themes/icons/ok.png HTTP/1.1" 304 -
180.162.252.181 - - [01/Aug/2022:08:32:43 +0800] "GET /xingrg/javascript/easyui/themes/icons/print.png HTTP/1.1" 304 -
180.162.252.181 - - [01/Aug/2022:08:32:43 +0800] "GET /xingrg/javascript/easyui/themes/default/images/menu_downarrow.png HTTP/1.1" 304 -
180.162.252.181 - - [01/Aug/2022:08:32:43 +0800] "GET /xingrg/javascript/easyui/themes/icons/cancel.png HTTP/1.1" 304 -
180.162.252.181 - - [01/Aug/2022:08:32:44 +0800] "POST /xingrg/kc/buy/cgsh_order_operate.html HTTP/1.1" 200 8245
180.162.252.181 - - [01/Aug/2022:08:32:44 +0800] "GET /xingrg/javascript/easyui/themes/default/validatebox.css HTTP/1.1" 404 1104
180.162.252.181 - - [01/Aug/2022:08:32:44 +0800] "GET /xingrg/javascript/easyui/plugins/jquery.validatebox.js HTTP/1.1" 304 -
180.162.252.181 - - [01/Aug/2022:08:32:44 +0800] "GET /xingrg/javascript/easyui/themes/icons/edit_remove.png HTTP/1.1" 304 -
180.162.252.181 - - [01/Aug/2022:08:32:44 +0800] "GET /xingrg/javascript/easyui/plugins/jquery.numberbox.js HTTP/1.1" 304 -
180.162.252.181 - - [01/Aug/2022:08:32:44 +0800] "GET /xingrg/all/common/auto_word.html?type=employee&rest_code=00105 HTTP/1.1" 200 193
180.162.252.181 - - [01/Aug/2022:08:32:44 +0800] "GET /xingrg/all/common/auto_word.html?type=employee&rest_code=00105 HTTP/1.1" 200 193
116.224.255.128 - - [01/Aug/2022:08:32:49 +0800] "GET /xingrg/kc/buy/cgsh_order_operate.html?command=get_materiel&rest_code=00151&code=00101009078&supplier_code=00100424&order_time=2022-08-01 HTTP/1.1" 200 408
120.253.135.82 - - [01/Aug/2022:08:32:59 +0800] "GET /xingrg/check_reg.html?_=1659313786929 HTTP/1.1" 200 22
120.253.135.82 - - [01/Aug/2022:08:32:59 +0800] "GET /xingrg/all/function/internal_message.html?_=1659313787178&CODE_STATE=getMsg HTTP/1.1" 200 27
116.224.255.128 - - [01/Aug/2022:08:33:01 +0800] "GET /xingrg/kc/buy/cgsh_order_operate.html?command=get_materiel&rest_code=00151&code=00101009124&supplier_code=00100424&order_time=2022-08-01 HTTP/1.1" 200 416
101.80.228.36 - - [01/Aug/2022:08:33:06 +0800] "GET /xingrg/all/function/internal_message.html?_=1659313986160&CODE_STATE=getMsg HTTP/1.1" 200 27
116.224.255.128 - - [01/Aug/2022:08:33:09 +0800] "GET /xingrg/all/function/internal_message.html?_=1659313987418&CODE_STATE=getMsg HTTP/1.1" 200 27
116.232.194.65 - - [01/Aug/2022:08:33:10 +0800] "GET /xingrg/all/function/internal_message.html?_=1659313976301&CODE_STATE=getMsg HTTP/1.1" 200 27
116.224.255.128 - - [01/Aug/2022:08:33:10 +0800] "GET /xingrg/kc/buy/cgsh_order_operate.html?command=get_materiel&rest_code=00151&code=00101009053&supplier_code=00100424&order_time=2022-08-01 HTTP/1.1" 200 408
116.224.123.211 - - [01/Aug/2022:08:33:17 +0800] "GET /xingrg/all/function/internal_message.html?_=1659314000321&CODE_STATE=getMsg HTTP/1.1" 200 27
180.162.252.181 - - [01/Aug/2022:08:33:18 +0800] "GET /xingrg/all/function/internal_message.html?_=1659313877201&CODE_STATE=getMsg HTTP/1.1" 200 27
180.162.252.181 - - [01/Aug/2022:08:33:18 +0800] "GET /xingrg/check_reg.html?_=1659313877206 HTTP/1.1" 200 22
116.224.255.128 - - [01/Aug/2022:08:33:22 +0800] "GET /xingrg/kc/buy/cgsh_order_operate.html?command=get_materiel&rest_code=00151&code=00101009062&supplier_code=00100424&order_time=2022-08-01 HTTP/1.1" 200 434
180.162.252.181 - - [01/Aug/2022:08:33:25 +0800] "GET /xingrg/all/function/internal_message.html?_=1659314006518&CODE_STATE=getMsg HTTP/1.1" 200 27
180.162.252.181 - - [01/Aug/2022:08:33:30 +0800] "GET /xingrg/javascript/auto/indicator.gif HTTP/1.1" 404 1066
116.224.255.128 - - [01/Aug/2022:08:33:33 +0800] "GET /xingrg/kc/buy/cgsh_order_operate.html?command=get_materiel&rest_code=00151&code=00101009039&supplier_code=00100424&order_time=2022-08-01 HTTP/1.1" 200 408
116.224.123.211 - - [01/Aug/2022:08:33:35 +0800] "GET /xingrg/check_reg.html?_=1659314017750 HTTP/1.1" 200 22
218.81.223.53 - - [01/Aug/2022:08:33:38 +0800] "GET /xingrg/check_reg.html?_=1659314019074 HTTP/1.1" 200 22
116.224.255.128 - - [01/Aug/2022:08:33:40 +0800] "GET /xingrg/kc/buy/cgsh_order_operate.html?command=get_materiel&rest_code=00151&code=00101009088&supplier_code=00100424&order_time=2022-08-01 HTTP/1.1" 200 405
218.81.223.53 - - [01/Aug/2022:08:33:42 +0800] "GET /xingrg/all/function/internal_message.html?_=1659314023514&CODE_STATE=getMsg HTTP/1.1" 200 27
116.224.255.128 - - [01/Aug/2022:08:33:50 +0800] "GET /xingrg/kc/buy/cgsh_order_operate.html?command=get_materiel&rest_code=00151&code=00101009011&supplier_code=00100424&order_time=2022-08-01 HTTP/1.1" 200 416
180.162.252.181 - - [01/Aug/2022:08:33:51 +0800] "GET /xingrg/kc/buy/cgsh_order_operate.html?command=get_materiel&rest_code=00105&code=00101016100&supplier_code=00100034&order_time=2022-08-01 HTTP/1.1" 200 412
58.221.95.50 - - [01/Aug/2022:08:33:54 +0800] "GET /xingrg/check_reg.html?_=1659314035801 HTTP/1.1" 302 -
116.224.255.128 - - [01/Aug/2022:08:33:57 +0800] "GET /xingrg/kc/buy/cgsh_order_operate.html?command=get_materiel&rest_code=00151&code=00101009049&supplier_code=00100424&order_time=2022-08-01 HTTP/1.1" 200 416
120.253.135.82 - - [01/Aug/2022:08:33:59 +0800] "GET /xingrg/all/function/internal_message.html?_=1659313847192&CODE_STATE=getMsg HTTP/1.1" 200 27
101.80.228.36 - - [01/Aug/2022:08:34:06 +0800] "GET /xingrg/all/function/internal_message.html?_=1659314046162&CODE_STATE=getMsg HTTP/1.1" 200 27
116.224.255.128 - - [01/Aug/2022:08:34:09 +0800] "GET /xingrg/all/function/internal_message.html?_=1659314047420&CODE_STATE=getMsg HTTP/1.1" 200 27
116.232.194.65 - - [01/Aug/2022:08:34:10 +0800] "GET /xingrg/all/function/internal_message.html?_=1659314036302&CODE_STATE=getMsg HTTP/1.1" 200 27
116.224.255.128 - - [01/Aug/2022:08:34:16 +0800] "POST /xingrg/kc/buy/cgsh_order_operate.html HTTP/1.1" 200 37
116.224.255.128 - - [01/Aug/2022:08:34:17 +0800] "POST /xingrg/kc/buy/cgsh_order_operate.html HTTP/1.1" 200 6862
180.162.252.181 - - [01/Aug/2022:08:34:18 +0800] "GET /xingrg/kc/buy/cgsh_order_operate.html?command=get_materiel&rest_code=00105&code=00101016030&supplier_code=00100034&order_time=2022-08-01 HTTP/1.1" 200 412
180.162.252.181 - - [01/Aug/2022:08:34:18 +0800] "GET /xingrg/all/function/internal_message.html?_=1659313937205&CODE_STATE=getMsg HTTP/1.1" 200 27
116.224.255.128 - - [01/Aug/2022:08:34:19 +0800] "GET /xingrg/kc/buy/cgsh_order_add.html HTTP/1.1" 200 67660
116.224.255.128 - - [01/Aug/2022:08:34:19 +0800] "POST /xingrg/kc/buy/cgsh_order_operate.html HTTP/1.1" 200 8245
116.224.255.128 - - [01/Aug/2022:08:34:19 +0800] "GET /xingrg/javascript/easyui/themes/default/validatebox.css HTTP/1.1" 404 1104
180.162.252.181 - - [01/Aug/2022:08:34:25 +0800] "GET /xingrg/all/function/internal_message.html?_=1659314066502&CODE_STATE=getMsg HTTP/1.1" 200 27
116.224.255.128 - - [01/Aug/2022:08:34:30 +0800] "GET /xingrg/kc/buy/cgsh_order_operate.html?command=get_materiel&rest_code=00151&code=00101011005&supplier_code=00100047&order_time=2022-08-01 HTTP/1.1" 200 408
116.224.255.128 - - [01/Aug/2022:08:34:41 +0800] "GET /xingrg/kc/buy/cgsh_order_operate.html?command=get_materiel&rest_code=00151&code=00101011001&supplier_code=00100047&order_time=2022-08-01 HTTP/1.1" 200 423
218.81.223.53 - - [01/Aug/2022:08:34:42 +0800] "GET /xingrg/all/function/internal_message.html?_=1659314083528&CODE_STATE=getMsg HTTP/1.1" 200 27
101.83.240.35 - - [01/Aug/2022:08:34:46 +0800] "GET /xingrg/login.html?sysBaseUrl=http%3A%2F%2F180.169.147.146%3A18081%2Fxingrg%2F&costTime=31×tamp=1615347190560 HTTP/1.1" 200 7641
101.83.240.35 - - [01/Aug/2022:08:34:46 +0800] "GET /favicon.ico HTTP/1.1" 404 -
101.83.240.35 - - [01/Aug/2022:08:34:49 +0800] "POST /xingrg/login.do HTTP/1.1" 302 -
101.83.240.35 - - [01/Aug/2022:08:34:49 +0800] "GET /xingrg/index.html?sysBaseUrl=http%3A%2F%2F180.169.147.146%3A18081%2Fxingrg%2F&costTime=1118×tamp=1659314089515 HTTP/1.1" 200 17179
101.83.240.35 - - [01/Aug/2022:08:34:50 +0800] "GET /favicon.ico HTTP/1.1" 404 -
101.83.240.35 - - [01/Aug/2022:08:34:50 +0800] "POST /xingrg/all/common/load_tree.html?tree=area_rest_tree_json&manage=1 HTTP/1.1" 200 351
101.83.240.35 - - [01/Aug/2022:08:34:50 +0800] "GET /xingrg/all/function/internal_message.html?_=1659314090371&CODE_STATE=count HTTP/1.1" 200 11
101.83.240.35 - - [01/Aug/2022:08:34:50 +0800] "GET /xingrg/check_reg.html?_=1659314090372 HTTP/1.1" 200 22
101.83.240.35 - - [01/Aug/2022:08:34:50 +0800] "POST /xingrg/load_menu.html HTTP/1.1" 200 5138
116.224.255.128 - - [01/Aug/2022:08:34:51 +0800] "GET /xingrg/kc/buy/cgsh_order_operate.html?command=get_materiel&rest_code=00151&code=00101011007&supplier_code=00100047&order_time=2022-08-01 HTTP/1.1" 200 414
101.83.240.35 - - [01/Aug/2022:08:34:57 +0800] "GET /xingrg/kc/base/check_order_list.html HTTP/1.1" 200 16267
101.83.240.35 - - [01/Aug/2022:08:34:58 +0800] "POST /xingrg/kc/base/check_list_operate.html HTTP/1.1" 200 1902
116.224.255.128 - - [01/Aug/2022:08:34:58 +0800] "POST /xingrg/kc/buy/cgsh_order_operate.html HTTP/1.1" 200 37
101.83.240.35 - - [01/Aug/2022:08:35:00 +0800] "GET /xingrg/kc/base/check_order_info.html?code=452022073100222 HTTP/1.1" 200 26562
101.83.240.35 - - [01/Aug/2022:08:35:00 +0800] "GET /xingrg/dwr/interface/AjaxCheckService.js HTTP/1.1" 200 14003
101.83.240.35 - - [01/Aug/2022:08:35:00 +0800] "GET /xingrg/dwr/interface/AjaxComOrderService.js HTTP/1.1" 200 18264
101.83.240.35 - - [01/Aug/2022:08:35:00 +0800] "GET /xingrg/dwr/engine.js HTTP/1.1" 200 43631
120.253.135.82 - - [01/Aug/2022:08:35:00 +0800] "GET /xingrg/all/function/internal_message.html?_=1659313907206&CODE_STATE=getMsg HTTP/1.1" 200 27
180.162.252.181 - - [01/Aug/2022:08:35:01 +0800] "GET /xingrg/kc/buy/cgsh_order_operate.html?command=get_materiel&rest_code=00105&code=00101016057&supplier_code=00100034&order_time=2022-08-01 HTTP/1.1" 200 408
116.224.255.128 - - [01/Aug/2022:08:35:01 +0800] "POST /xingrg/kc/buy/cgsh_order_operate.html HTTP/1.1" 200 3875
101.83.240.35 - - [01/Aug/2022:08:35:01 +0800] "POST /xingrg/dwr/call/plaincall/AjaxCheckService.loadOrderItems.dwr HTTP/1.1" 200 169094
116.224.255.128 - - [01/Aug/2022:08:35:03 +0800] "GET /xingrg/kc/buy/cgsh_order_add.html HTTP/1.1" 200 67660
116.224.255.128 - - [01/Aug/2022:08:35:03 +0800] "POST /xingrg/kc/buy/cgsh_order_operate.html HTTP/1.1" 200 8245
116.224.255.128 - - [01/Aug/2022:08:35:03 +0800] "GET /xingrg/javascript/easyui/themes/default/validatebox.css HTTP/1.1" 404 1104
101.83.240.35 - - [01/Aug/2022:08:35:06 +0800] "POST /xingrg/dwr/call/plaincall/AjaxCheckService.setItemNumber.dwr HTTP/1.1" 200 76
101.80.228.36 - - [01/Aug/2022:08:35:06 +0800] "GET /xingrg/check_reg.html?_=1659314106164 HTTP/1.1" 200 22
101.80.228.36 - - [01/Aug/2022:08:35:06 +0800] "GET /xingrg/all/function/internal_message.html?_=1659314106165&CODE_STATE=getMsg HTTP/1.1" 200 27
101.83.240.35 - - [01/Aug/2022:08:35:06 +0800] "POST /xingrg/dwr/call/plaincall/AjaxCheckService.setItemNumber.dwr HTTP/1.1" 200 76
101.83.240.35 - - [01/Aug/2022:08:35:07 +0800] "POST /xingrg/dwr/call/plaincall/AjaxCheckService.setItemNumber.dwr HTTP/1.1" 200 76
114.86.187.244 - - [01/Aug/2022:08:35:07 +0800] "POST /xingrg/services/DataTransmitService HTTP/1.1" 200 524
101.83.240.35 - - [01/Aug/2022:08:35:08 +0800] "POST /xingrg/dwr/call/plaincall/AjaxCheckService.setItemNumber.dwr HTTP/1.1" 200 76
116.224.255.128 - - [01/Aug/2022:08:35:09 +0800] "GET /xingrg/check_reg.html?_=1659314107423 HTTP/1.1" 200 22
116.224.255.128 - - [01/Aug/2022:08:35:09 +0800] "GET /xingrg/all/function/internal_message.html?_=1659314107425&CODE_STATE=getMsg HTTP/1.1" 200 27
101.83.240.35 - - [01/Aug/2022:08:35:09 +0800] "POST /xingrg/dwr/call/plaincall/AjaxCheckService.setItemNumber.dwr HTTP/1.1" 200 76
101.83.240.35 - - [01/Aug/2022:08:35:09 +0800] "POST /xingrg/dwr/call/plaincall/AjaxCheckService.setItemNumber.dwr HTTP/1.1" 200 76
101.83.240.35 - - [01/Aug/2022:08:35:10 +0800] "POST /xingrg/dwr/call/plaincall/AjaxCheckService.setItemNumber.dwr HTTP/1.1" 200 76
116.232.194.65 - - [01/Aug/2022:08:35:10 +0800] "GET /xingrg/all/function/internal_message.html?_=1659314096302&CODE_STATE=getMsg HTTP/1.1" 200 27
116.232.194.65 - - [01/Aug/2022:08:35:10 +0800] "GET /xingrg/check_reg.html?_=1659314096310 HTTP/1.1" 200 22
101.83.240.35 - - [01/Aug/2022:08:35:10 +0800] "POST /xingrg/dwr/call/plaincall/AjaxCheckService.setItemNumber.dwr HTTP/1.1" 200 76
101.83.240.35 - - [01/Aug/2022:08:35:11 +0800] "POST /xingrg/dwr/call/plaincall/AjaxCheckService.setItemNumber.dwr HTTP/1.1" 200 76
101.83.240.35 - - [01/Aug/2022:08:35:11 +0800] "POST /xingrg/dwr/call/plaincall/AjaxCheckService.setItemNumber.dwr HTTP/1.1" 200 77
101.83.240.35 - - [01/Aug/2022:08:35:11 +0800] "POST /xingrg/dwr/call/plaincall/AjaxCheckService.setItemNumber.dwr HTTP/1.1" 200 77
101.83.240.35 - - [01/Aug/2022:08:35:12 +0800] "POST /xingrg/dwr/call/plaincall/AjaxCheckService.setItemNumber.dwr HTTP/1.1" 200 77
116.224.255.128 - - [01/Aug/2022:08:35:12 +0800] "GET /xingrg/kc/buy/cgsh_order_operate.html?command=get_materiel&rest_code=00151&code=00101012039&supplier_code=00100007&order_time=2022-08-01 HTTP/1.1" 200 408
180.162.252.181 - - [01/Aug/2022:08:35:18 +0800] "GET /xingrg/all/function/internal_message.html?_=1659313997193&CODE_STATE=getMsg HTTP/1.1" 200 27
101.83.240.35 - - [01/Aug/2022:08:35:19 +0800] "POST /xingrg/dwr/call/plaincall/AjaxCheckService.setItemNumber.dwr HTTP/1.1" 200 77
116.224.255.128 - - [01/Aug/2022:08:35:21 +0800] "GET /xingrg/kc/buy/cgsh_order_operate.html?command=get_materiel&rest_code=00151&code=00101016038&supplier_code=00100007&order_time=2022-08-01 HTTP/1.1" 200 408
101.83.240.35 - - [01/Aug/2022:08:35:25 +0800] "POST /xingrg/dwr/call/plaincall/AjaxCheckService.setItemNumber.dwr HTTP/1.1" 200 77
101.83.240.35 - - [01/Aug/2022:08:35:25 +0800] "POST /xingrg/dwr/call/plaincall/AjaxCheckService.setItemNumber.dwr HTTP/1.1" 200 77
180.162.252.181 - - [01/Aug/2022:08:35:25 +0800] "GET /xingrg/all/function/internal_message.html?_=1659314126507&CODE_STATE=getMsg HTTP/1.1" 200 27
101.83.240.35 - - [01/Aug/2022:08:35:25 +0800] "POST /xingrg/dwr/call/plaincall/AjaxCheckService.setItemNumber.dwr HTTP/1.1" 200 77
101.83.240.35 - - [01/Aug/2022:08:35:26 +0800] "POST /xingrg/dwr/call/plaincall/AjaxCheckService.setItemNumber.dwr HTTP/1.1" 200 77
101.83.240.35 - - [01/Aug/2022:08:35:27 +0800] "POST /xingrg/dwr/call/plaincall/AjaxCheckService.setItemNumber.dwr HTTP/1.1" 200 77
101.83.240.35 - - [01/Aug/2022:08:35:27 +0800] "POST /xingrg/dwr/call/plaincall/AjaxCheckService.setItemNumber.dwr HTTP/1.1" 200 77
116.224.255.128 - - [01/Aug/2022:08:35:28 +0800] "GET /xingrg/kc/buy/cgsh_order_operate.html?command=get_materiel&rest_code=00151&code=00101008323&supplier_code=00100007&order_time=2022-08-01 HTTP/1.1" 200 408
101.83.240.35 - - [01/Aug/2022:08:35:29 +0800] "POST /xingrg/dwr/call/plaincall/AjaxCheckService.setItemNumber.dwr HTTP/1.1" 200 77
101.83.240.35 - - [01/Aug/2022:08:35:30 +0800] "POST /xingrg/dwr/call/plaincall/AjaxCheckService.setItemNumber.dwr HTTP/1.1" 200 77
101.83.240.35 - - [01/Aug/2022:08:35:30 +0800] "POST /xingrg/dwr/call/plaincall/AjaxCheckService.setItemNumber.dwr HTTP/1.1" 200 77
101.83.240.35 - - [01/Aug/2022:08:35:31 +0800] "POST /xingrg/dwr/call/plaincall/AjaxCheckService.setItemNumber.dwr HTTP/1.1" 200 77
101.83.240.35 - - [01/Aug/2022:08:35:32 +0800] "POST /xingrg/dwr/call/plaincall/AjaxCheckService.setItemNumber.dwr HTTP/1.1" 200 77
101.83.240.35 - - [01/Aug/2022:08:35:32 +0800] "POST /xingrg/dwr/call/plaincall/AjaxCheckService.setItemNumber.dwr HTTP/1.1" 200 77
101.83.240.35 - - [01/Aug/2022:08:35:33 +0800] "POST /xingrg/dwr/call/plaincall/AjaxCheckService.setItemNumber.dwr HTTP/1.1" 200 77
101.83.240.35 - - [01/Aug/2022:08:35:34 +0800] "POST /xingrg/dwr/call/plaincall/AjaxCheckService.setItemNumber.dwr HTTP/1.1" 200 77
101.83.240.35 - - [01/Aug/2022:08:35:36 +0800] "POST /xingrg/dwr/call/plaincall/AjaxCheckService.setItemNumber.dwr HTTP/1.1" 200 77
101.83.240.35 - - [01/Aug/2022:08:35:37 +0800] "POST /xingrg/dwr/call/plaincall/AjaxCheckService.setItemNumber.dwr HTTP/1.1" 200 77
101.83.240.35 - - [01/Aug/2022:08:35:37 +0800] "POST /xingrg/dwr/call/plaincall/AjaxCheckService.setItemNumber.dwr HTTP/1.1" 200 77
101.83.240.35 - - [01/Aug/2022:08:35:38 +0800] "POST /xingrg/dwr/call/plaincall/AjaxCheckService.setItemNumber.dwr HTTP/1.1" 200 77
180.162.252.181 - - [01/Aug/2022:08:35:38 +0800] "POST /xingrg/kc/buy/cgsh_order_operate.html HTTP/1.1" 200 37
101.83.240.35 - - [01/Aug/2022:08:35:39 +0800] "POST /xingrg/dwr/call/plaincall/AjaxCheckService.setItemNumber.dwr HTTP/1.1" 200 77
101.83.240.35 - - [01/Aug/2022:08:35:39 +0800] "POST /xingrg/dwr/call/plaincall/AjaxCheckService.setItemNumber.dwr HTTP/1.1" 200 77
116.224.255.128 - - [01/Aug/2022:08:35:40 +0800] "GET /xingrg/kc/buy/cgsh_order_operate.html?command=get_materiel&rest_code=00151&code=00101008085&supplier_code=00100007&order_time=2022-08-01 HTTP/1.1" 200 412
101.83.240.35 - - [01/Aug/2022:08:35:41 +0800] "POST /xingrg/dwr/call/plaincall/AjaxCheckService.setItemNumber.dwr HTTP/1.1" 200 77
218.81.223.53 - - [01/Aug/2022:08:35:42 +0800] "GET /xingrg/all/function/internal_message.html?_=1659314143549&CODE_STATE=getMsg HTTP/1.1" 200 27
180.162.252.181 - - [01/Aug/2022:08:35:42 +0800] "POST /xingrg/kc/buy/cgsh_order_operate.html HTTP/1.1" 200 3832
180.162.252.181 - - [01/Aug/2022:08:35:45 +0800] "GET /xingrg/kc/print/load_config.html?kc_code=cgsh HTTP/1.1" 200 1943
180.162.252.181 - - [01/Aug/2022:08:35:45 +0800] "GET /xingrg/kc/print/load_data.html?order_code=212022080100004&kc_code=cgsh&condition= HTTP/1.1" 200 1153
101.83.240.35 - - [01/Aug/2022:08:35:48 +0800] "POST /xingrg/dwr/call/plaincall/AjaxCheckService.setItemNumber.dwr HTTP/1.1" 200 77
101.83.240.35 - - [01/Aug/2022:08:35:49 +0800] "POST /xingrg/dwr/call/plaincall/AjaxCheckService.setItemNumber.dwr HTTP/1.1" 200 77
116.224.255.128 - - [01/Aug/2022:08:35:49 +0800] "GET /xingrg/kc/buy/cgsh_order_operate.html?command=get_materiel&rest_code=00151&code=00101008318&supplier_code=00100007&order_time=2022-08-01 HTTP/1.1" 200 408
101.83.240.35 - - [01/Aug/2022:08:35:49 +0800] "POST /xingrg/dwr/call/plaincall/AjaxCheckService.setItemNumber.dwr HTTP/1.1" 200 77
101.83.240.35 - - [01/Aug/2022:08:35:50 +0800] "POST /xingrg/dwr/call/plaincall/AjaxCheckService.setItemNumber.dwr HTTP/1.1" 200 77
101.83.240.35 - - [01/Aug/2022:08:35:50 +0800] "POST /xingrg/dwr/call/plaincall/AjaxCheckService.setItemNumber.dwr HTTP/1.1" 200 77
101.83.240.35 - - [01/Aug/2022:08:35:50 +0800] "GET /xingrg/all/function/internal_message.html?_=1659314150379&CODE_STATE=getMsg HTTP/1.1" 200 27
101.83.240.35 - - [01/Aug/2022:08:35:50 +0800] "POST /xingrg/dwr/call/plaincall/AjaxCheckService.setItemNumber.dwr HTTP/1.1" 200 77
101.83.240.35 - - [01/Aug/2022:08:35:51 +0800] "POST /xingrg/dwr/call/plaincall/AjaxCheckService.setItemNumber.dwr HTTP/1.1" 200 77
101.83.240.35 - - [01/Aug/2022:08:35:59 +0800] "POST /xingrg/dwr/call/plaincall/AjaxCheckService.setItemNumber.dwr HTTP/1.1" 200 77
101.83.240.35 - - [01/Aug/2022:08:35:59 +0800] "POST /xingrg/dwr/call/plaincall/AjaxCheckService.setItemNumber.dwr HTTP/1.1" 200 77
101.83.240.35 - - [01/Aug/2022:08:36:00 +0800] "POST /xingrg/dwr/call/plaincall/AjaxCheckService.setItemNumber.dwr HTTP/1.1" 200 77
120.253.135.82 - - [01/Aug/2022:08:36:00 +0800] "GET /xingrg/all/function/internal_message.html?_=1659313967438&CODE_STATE=getMsg HTTP/1.1" 200 27
101.83.240.35 - - [01/Aug/2022:08:36:01 +0800] "POST /xingrg/dwr/call/plaincall/AjaxCheckService.setItemNumber.dwr HTTP/1.1" 200 77
101.83.240.35 - - [01/Aug/2022:08:36:02 +0800] "POST /xingrg/dwr/call/plaincall/AjaxCheckService.setItemNumber.dwr HTTP/1.1" 200 77
101.83.240.35 - - [01/Aug/2022:08:36:03 +0800] "POST /xingrg/dwr/call/plaincall/AjaxCheckService.setItemNumber.dwr HTTP/1.1" 200 77
101.83.240.35 - - [01/Aug/2022:08:36:03 +0800] "POST /xingrg/dwr/call/plaincall/AjaxCheckService.setItemNumber.dwr HTTP/1.1" 200 77
116.224.255.128 - - [01/Aug/2022:08:36:04 +0800] "GET /xingrg/kc/buy/cgsh_order_operate.html?command=get_materiel&rest_code=00151&code=00101008095&supplier_code=00100007&order_time=2022-08-01 HTTP/1.1" 200 412
101.83.240.35 - - [01/Aug/2022:08:36:05 +0800] "POST /xingrg/dwr/call/plaincall/AjaxCheckService.setItemNumber.dwr HTTP/1.1" 200 77
101.83.240.35 - - [01/Aug/2022:08:36:05 +0800] "POST /xingrg/dwr/call/plaincall/AjaxCheckService.setItemNumber.dwr HTTP/1.1" 200 77
101.80.228.36 - - [01/Aug/2022:08:36:06 +0800] "GET /xingrg/all/function/internal_message.html?_=1659314166167&CODE_STATE=getMsg HTTP/1.1" 200 27
116.224.255.128 - - [01/Aug/2022:08:36:09 +0800] "GET /xingrg/all/function/internal_message.html?_=1659314167419&CODE_STATE=getMsg HTTP/1.1" 200 27
116.232.194.65 - - [01/Aug/2022:08:36:10 +0800] "GET /xingrg/all/function/internal_message.html?_=1659314156310&CODE_STATE=getMsg HTTP/1.1" 200 27
116.224.255.128 - - [01/Aug/2022:08:36:11 +0800] "GET /xingrg/kc/buy/cgsh_order_operate.html?command=get_materiel&rest_code=00151&code=00101008221&supplier_code=00100007&order_time=2022-08-01 HTTP/1.1" 200 412
180.162.252.181 - - [01/Aug/2022:08:36:18 +0800] "GET /xingrg/all/function/internal_message.html?_=1659314057193&CODE_STATE=getMsg HTTP/1.1" 200 27
101.83.240.35 - - [01/Aug/2022:08:36:20 +0800] "POST /xingrg/dwr/call/plaincall/AjaxCheckService.setItemNumber.dwr HTTP/1.1" 200 77
116.224.255.128 - - [01/Aug/2022:08:36:22 +0800] "GET /xingrg/kc/buy/cgsh_order_operate.html?command=get_materiel&rest_code=00151&code=00101008344&supplier_code=00100007&order_time=2022-08-01 HTTP/1.1" 200 412
180.162.252.181 - - [01/Aug/2022:08:36:25 +0800] "GET /xingrg/all/function/internal_message.html?_=1659314186508&CODE_STATE=getMsg HTTP/1.1" 200 27
116.224.255.128 - - [01/Aug/2022:08:36:30 +0800] "GET /xingrg/kc/buy/cgsh_order_operate.html?command=get_materiel&rest_code=00151&code=00101008288&supplier_code=00100007&order_time=2022-08-01 HTTP/1.1" 200 408
101.83.240.35 - - [01/Aug/2022:08:36:32 +0800] "POST /xingrg/dwr/call/plaincall/AjaxCheckService.setItemNumber.dwr HTTP/1.1" 200 77
116.224.255.128 - - [01/Aug/2022:08:36:35 +0800] "GET /xingrg/kc/buy/cgsh_order_operate.html?command=get_materiel&rest_code=00151&code=00101008351&supplier_code=00100007&order_time=2022-08-01 HTTP/1.1" 200 408
101.83.240.35 - - [01/Aug/2022:08:36:36 +0800] "POST /xingrg/dwr/call/plaincall/AjaxCheckService.setItemNumber.dwr HTTP/1.1" 200 77
101.83.240.35 - - [01/Aug/2022:08:36:37 +0800] "POST /xingrg/dwr/call/plaincall/AjaxCheckService.setItemNumber.dwr HTTP/1.1" 200 77
101.83.240.35 - - [01/Aug/2022:08:36:38 +0800] "POST /xingrg/dwr/call/plaincall/AjaxCheckService.setItemNumber.dwr HTTP/1.1" 200 77
101.83.240.35 - - [01/Aug/2022:08:36:39 +0800] "POST /xingrg/dwr/call/plaincall/AjaxCheckService.setItemNumber.dwr HTTP/1.1" 200 77
101.83.240.35 - - [01/Aug/2022:08:36:39 +0800] "POST /xingrg/dwr/call/plaincall/AjaxCheckService.setItemNumber.dwr HTTP/1.1" 200 77
101.83.240.35 - - [01/Aug/2022:08:36:40 +0800] "POST /xingrg/dwr/call/plaincall/AjaxCheckService.setItemNumber.dwr HTTP/1.1" 200 77
101.83.240.35 - - [01/Aug/2022:08:36:41 +0800] "POST /xingrg/dwr/call/plaincall/AjaxCheckService.setItemNumber.dwr HTTP/1.1" 200 77
101.83.240.35 - - [01/Aug/2022:08:36:41 +0800] "POST /xingrg/dwr/call/plaincall/AjaxCheckService.setItemNumber.dwr HTTP/1.1" 200 77
116.224.255.128 - - [01/Aug/2022:08:36:41 +0800] "GET /xingrg/kc/buy/cgsh_order_operate.html?command=get_materiel&rest_code=00151&code=00101008371&supplier_code=00100007&order_time=2022-08-01 HTTP/1.1" 200 412
101.83.240.35 - - [01/Aug/2022:08:36:42 +0800] "POST /xingrg/dwr/call/plaincall/AjaxCheckService.setItemNumber.dwr HTTP/1.1" 200 77
218.81.223.53 - - [01/Aug/2022:08:36:42 +0800] "GET /xingrg/all/function/internal_message.html?_=1659314203556&CODE_STATE=getMsg HTTP/1.1" 200 27
101.83.240.35 - - [01/Aug/2022:08:36:42 +0800] "POST /xingrg/dwr/call/plaincall/AjaxCheckService.setItemNumber.dwr HTTP/1.1" 200 77
101.83.240.35 - - [01/Aug/2022:08:36:43 +0800] "POST /xingrg/dwr/call/plaincall/AjaxCheckService.setItemNumber.dwr HTTP/1.1" 200 77
116.224.255.128 - - [01/Aug/2022:08:36:48 +0800] "GET /xingrg/kc/buy/cgsh_order_operate.html?command=get_materiel&rest_code=00151&code=00101008300&supplier_code=00100007&order_time=2022-08-01 HTTP/1.1" 200 412
101.83.240.35 - - [01/Aug/2022:08:36:50 +0800] "GET /xingrg/all/function/internal_message.html?_=1659314210384&CODE_STATE=getMsg HTTP/1.1" 200 27
116.224.255.128 - - [01/Aug/2022:08:36:56 +0800] "GET /xingrg/kc/buy/cgsh_order_operate.html?command=get_materiel&rest_code=00151&code=00101008286&supplier_code=00100007&order_time=2022-08-01 HTTP/1.1" 200 408
120.253.135.82 - - [01/Aug/2022:08:37:00 +0800] "GET /xingrg/all/function/internal_message.html?_=1659314027451&CODE_STATE=getMsg HTTP/1.1" 200 27
116.224.255.128 - - [01/Aug/2022:08:37:01 +0800] "GET /xingrg/kc/buy/cgsh_order_operate.html?command=get_materiel&rest_code=00151&code=00101008356&supplier_code=00100007&order_time=2022-08-01 HTTP/1.1" 200 408
101.80.228.36 - - [01/Aug/2022:08:37:06 +0800] "GET /xingrg/all/function/internal_message.html?_=1659314226168&CODE_STATE=getMsg HTTP/1.1" 200 27
116.224.255.128 - - [01/Aug/2022:08:37:07 +0800] "GET /xingrg/kc/buy/cgsh_order_operate.html?command=get_materiel&rest_code=00151&code=00101008261&supplier_code=00100007&order_time=2022-08-01 HTTP/1.1" 200 408
116.224.255.128 - - [01/Aug/2022:08:37:09 +0800] "GET /xingrg/all/function/internal_message.html?_=1659314227422&CODE_STATE=getMsg HTTP/1.1" 200 27
116.232.194.65 - - [01/Aug/2022:08:37:10 +0800] "GET /xingrg/all/function/internal_message.html?_=1659314216300&CODE_STATE=getMsg HTTP/1.1" 200 27
116.224.255.128 - - [01/Aug/2022:08:37:13 +0800] "GET /xingrg/kc/buy/cgsh_order_operate.html?command=get_materiel&rest_code=00151&code=00101008144&supplier_code=00100007&order_time=2022-08-01 HTTP/1.1" 200 412
180.162.252.181 - - [01/Aug/2022:08:37:13 +0800] "GET /xingrg/kc/buy/cgsh_order_add.html HTTP/1.1" 200 68144
180.162.252.181 - - [01/Aug/2022:08:37:14 +0800] "POST /xingrg/kc/buy/cgsh_order_operate.html HTTP/1.1" 200 8245
180.162.252.181 - - [01/Aug/2022:08:37:14 +0800] "GET /xingrg/javascript/easyui/themes/default/validatebox.css HTTP/1.1" 404 1104
180.162.252.181 - - [01/Aug/2022:08:37:18 +0800] "GET /xingrg/all/function/internal_message.html?_=1659314117194&CODE_STATE=getMsg HTTP/1.1" 200 27
116.224.255.128 - - [01/Aug/2022:08:37:20 +0800] "GET /xingrg/kc/buy/cgsh_order_operate.html?command=get_materiel&rest_code=00151&code=00101008088&supplier_code=00100007&order_time=2022-08-01 HTTP/1.1" 200 408
116.224.255.128 - - [01/Aug/2022:08:37:25 +0800] "GET /xingrg/kc/buy/cgsh_order_operate.html?command=get_materiel&rest_code=00151&code=00101016025&supplier_code=00100007&order_time=2022-08-01 HTTP/1.1" 200 408
180.162.252.181 - - [01/Aug/2022:08:37:25 +0800] "GET /xingrg/check_reg.html?_=1659314246522 HTTP/1.1" 200 22
180.162.252.181 - - [01/Aug/2022:08:37:25 +0800] "GET /xingrg/all/function/internal_message.html?_=1659314246525&CODE_STATE=getMsg HTTP/1.1" 200 27
101.83.240.35 - - [01/Aug/2022:08:37:30 +0800] "POST /xingrg/dwr/call/plaincall/AjaxCheckService.setItemNumber.dwr HTTP/1.1" 200 77
116.224.255.128 - - [01/Aug/2022:08:37:33 +0800] "GET /xingrg/kc/buy/cgsh_order_operate.html?command=get_materiel&rest_code=00151&code=00101008017&supplier_code=00100007&order_time=2022-08-01 HTTP/1.1" 200 416
116.224.255.128 - - [01/Aug/2022:08:37:38 +0800] "GET /xingrg/kc/buy/cgsh_order_operate.html?command=get_materiel&rest_code=00151&code=00101008096&supplier_code=00100007&order_time=2022-08-01 HTTP/1.1" 200 413
116.224.255.128 - - [01/Aug/2022:08:37:40 +0800] "POST /xingrg/kc/buy/cgsh_order_operate.html HTTP/1.1" 200 2065
218.81.223.53 - - [01/Aug/2022:08:37:42 +0800] "GET /xingrg/all/function/internal_message.html?_=1659314263581&CODE_STATE=getMsg HTTP/1.1" 200 27
116.224.255.128 - - [01/Aug/2022:08:37:45 +0800] "GET /xingrg/kc/buy/cgsh_order_operate.html?command=get_materiel&rest_code=00151&code=00101008362&supplier_code=00100007&order_time=2022-08-01 HTTP/1.1" 200 408
101.83.240.35 - - [01/Aug/2022:08:37:50 +0800] "GET /xingrg/all/function/internal_message.html?_=1659314270381&CODE_STATE=getMsg HTTP/1.1" 200 27
116.224.255.128 - - [01/Aug/2022:08:37:51 +0800] "GET /xingrg/kc/buy/cgsh_order_operate.html?command=get_materiel&rest_code=00151&code=00101008132&supplier_code=00100007&order_time=2022-08-01 HTTP/1.1" 200 408
116.224.255.128 - - [01/Aug/2022:08:37:57 +0800] "GET /xingrg/kc/buy/cgsh_order_operate.html?command=get_materiel&rest_code=00151&code=00101008321&supplier_code=00100007&order_time=2022-08-01 HTTP/1.1" 200 412
116.232.194.65 - - [01/Aug/2022:08:37:58 +0800] "GET /xingrg/kc/base/check_order_info.html?code=452022073100277 HTTP/1.1" 200 26486
116.232.194.65 - - [01/Aug/2022:08:37:58 +0800] "GET /xingrg/dwr/interface/AjaxComOrderService.js HTTP/1.1" 200 18264
116.232.194.65 - - [01/Aug/2022:08:37:58 +0800] "GET /xingrg/dwr/interface/AjaxCheckService.js HTTP/1.1" 200 14003
116.232.194.65 - - [01/Aug/2022:08:37:58 +0800] "GET /xingrg/dwr/engine.js HTTP/1.1" 200 43631
116.232.194.65 - - [01/Aug/2022:08:37:58 +0800] "GET /xingrg/dwr/util.js HTTP/1.1" 200 35990
120.253.135.82 - - [01/Aug/2022:08:37:59 +0800] "GET /xingrg/check_reg.html?_=1659314086934 HTTP/1.1" 200 22
116.232.194.65 - - [01/Aug/2022:08:37:59 +0800] "POST /xingrg/dwr/call/plaincall/AjaxCheckService.loadOrderItems.dwr HTTP/1.1" 200 171323
120.253.135.82 - - [01/Aug/2022:08:38:00 +0800] "GET /xingrg/all/function/internal_message.html?_=1659314087683&CODE_STATE=getMsg HTTP/1.1" 200 27
116.224.255.128 - - [01/Aug/2022:08:38:05 +0800] "GET /xingrg/kc/buy/cgsh_order_operate.html?command=get_materiel&rest_code=00151&code=00101008353&supplier_code=00100007&order_time=2022-08-01 HTTP/1.1" 200 408
101.80.228.36 - - [01/Aug/2022:08:38:06 +0800] "GET /xingrg/all/function/internal_message.html?_=1659314286154&CODE_STATE=getMsg HTTP/1.1" 200 27
116.232.194.65 - - [01/Aug/2022:08:38:08 +0800] "POST /xingrg/dwr/call/plaincall/AjaxCheckService.setItemNumber.dwr HTTP/1.1" 200 76
116.232.194.65 - - [01/Aug/2022:08:38:08 +0800] "POST /xingrg/dwr/call/plaincall/AjaxCheckService.setItemNumber.dwr HTTP/1.1" 200 76
116.232.194.65 - - [01/Aug/2022:08:38:09 +0800] "POST /xingrg/dwr/call/plaincall/AjaxCheckService.setItemNumber.dwr HTTP/1.1" 200 76
116.224.255.128 - - [01/Aug/2022:08:38:09 +0800] "GET /xingrg/all/function/internal_message.html?_=1659314287425&CODE_STATE=getMsg HTTP/1.1" 200 27
116.232.194.65 - - [01/Aug/2022:08:38:09 +0800] "POST /xingrg/dwr/call/plaincall/AjaxCheckService.setItemNumber.dwr HTTP/1.1" 200 76
116.232.194.65 - - [01/Aug/2022:08:38:10 +0800] "POST /xingrg/dwr/call/plaincall/AjaxCheckService.setItemNumber.dwr HTTP/1.1" 200 76
116.232.194.65 - - [01/Aug/2022:08:38:10 +0800] "GET /xingrg/all/function/internal_message.html?_=1659314276292&CODE_STATE=getMsg HTTP/1.1" 200 27
116.232.194.65 - - [01/Aug/2022:08:38:10 +0800] "POST /xingrg/dwr/call/plaincall/AjaxCheckService.setItemNumber.dwr HTTP/1.1" 200 76
116.232.194.65 - - [01/Aug/2022:08:38:11 +0800] "POST /xingrg/dwr/call/plaincall/AjaxCheckService.setItemNumber.dwr HTTP/1.1" 200 76
116.232.194.65 - - [01/Aug/2022:08:38:11 +0800] "POST /xingrg/dwr/call/plaincall/AjaxCheckService.setItemNumber.dwr HTTP/1.1" 200 76
116.232.194.65 - - [01/Aug/2022:08:38:12 +0800] "POST /xingrg/dwr/call/plaincall/AjaxCheckService.setItemNumber.dwr HTTP/1.1" 200 76
116.232.194.65 - - [01/Aug/2022:08:38:12 +0800] "POST /xingrg/dwr/call/plaincall/AjaxCheckService.setItemNumber.dwr HTTP/1.1" 200 77
116.232.194.65 - - [01/Aug/2022:08:38:13 +0800] "POST /xingrg/dwr/call/plaincall/AjaxCheckService.setItemNumber.dwr HTTP/1.1" 200 77
116.232.194.65 - - [01/Aug/2022:08:38:13 +0800] "POST /xingrg/dwr/call/plaincall/AjaxCheckService.setItemNumber.dwr HTTP/1.1" 200 77
116.232.194.65 - - [01/Aug/2022:08:38:14 +0800] "POST /xingrg/dwr/call/plaincall/AjaxCheckService.setItemNumber.dwr HTTP/1.1" 200 77
116.232.194.65 - - [01/Aug/2022:08:38:14 +0800] "POST /xingrg/dwr/call/plaincall/AjaxCheckService.setItemNumber.dwr HTTP/1.1" 200 77
116.232.194.65 - - [01/Aug/2022:08:38:15 +0800] "POST /xingrg/dwr/call/plaincall/AjaxCheckService.setItemNumber.dwr HTTP/1.1" 200 77
116.232.194.65 - - [01/Aug/2022:08:38:15 +0800] "POST /xingrg/dwr/call/plaincall/AjaxCheckService.setItemNumber.dwr HTTP/1.1" 200 77
116.232.194.65 - - [01/Aug/2022:08:38:16 +0800] "POST /xingrg/dwr/call/plaincall/AjaxCheckService.setItemNumber.dwr HTTP/1.1" 200 77
116.224.255.128 - - [01/Aug/2022:08:38:16 +0800] "GET /xingrg/kc/buy/cgsh_order_operate.html?command=get_materiel&rest_code=00151&code=00101008087&supplier_code=00100007&order_time=2022-08-01 HTTP/1.1" 200 412
116.232.194.65 - - [01/Aug/2022:08:38:17 +0800] "POST /xingrg/dwr/call/plaincall/AjaxCheckService.setItemNumber.dwr HTTP/1.1" 200 77
116.232.194.65 - - [01/Aug/2022:08:38:17 +0800] "POST /xingrg/dwr/call/plaincall/AjaxCheckService.setItemNumber.dwr HTTP/1.1" 200 77
116.232.194.65 - - [01/Aug/2022:08:38:17 +0800] "POST /xingrg/dwr/call/plaincall/AjaxCheckService.setItemNumber.dwr HTTP/1.1" 200 77
180.162.252.181 - - [01/Aug/2022:08:38:18 +0800] "GET /xingrg/all/function/internal_message.html?_=1659314177194&CODE_STATE=getMsg HTTP/1.1" 200 27
180.162.252.181 - - [01/Aug/2022:08:38:18 +0800] "GET /xingrg/check_reg.html?_=1659314177197 HTTP/1.1" 200 22
116.232.194.65 - - [01/Aug/2022:08:38:18 +0800] "POST /xingrg/dwr/call/plaincall/AjaxCheckService.setItemNumber.dwr HTTP/1.1" 200 77
116.224.255.128 - - [01/Aug/2022:08:38:18 +0800] "POST /xingrg/kc/buy/cgsh_order_operate.html HTTP/1.1" 200 2065
116.232.194.65 - - [01/Aug/2022:08:38:20 +0800] "POST /xingrg/dwr/call/plaincall/AjaxCheckService.setItemNumber.dwr HTTP/1.1" 200 77
116.232.194.65 - - [01/Aug/2022:08:38:21 +0800] "POST /xingrg/dwr/call/plaincall/AjaxCheckService.setItemNumber.dwr HTTP/1.1" 200 77
116.232.194.65 - - [01/Aug/2022:08:38:21 +0800] "POST /xingrg/dwr/call/plaincall/AjaxCheckService.setItemNumber.dwr HTTP/1.1" 200 77
116.232.194.65 - - [01/Aug/2022:08:38:22 +0800] "POST /xingrg/dwr/call/plaincall/AjaxCheckService.setItemNumber.dwr HTTP/1.1" 200 77
116.232.194.65 - - [01/Aug/2022:08:38:23 +0800] "POST /xingrg/dwr/call/plaincall/AjaxCheckService.setItemNumber.dwr HTTP/1.1" 200 77
116.232.194.65 - - [01/Aug/2022:08:38:24 +0800] "POST /xingrg/dwr/call/plaincall/AjaxCheckService.setItemNumber.dwr HTTP/1.1" 200 77
116.232.194.65 - - [01/Aug/2022:08:38:24 +0800] "POST /xingrg/dwr/call/plaincall/AjaxCheckService.setItemNumber.dwr HTTP/1.1" 200 77
116.232.194.65 - - [01/Aug/2022:08:38:24 +0800] "POST /xingrg/dwr/call/plaincall/AjaxCheckService.setItemNumber.dwr HTTP/1.1" 200 77
180.162.252.181 - - [01/Aug/2022:08:38:25 +0800] "GET /xingrg/all/function/internal_message.html?_=1659314306517&CODE_STATE=getMsg HTTP/1.1" 200 27
116.232.194.65 - - [01/Aug/2022:08:38:25 +0800] "POST /xingrg/dwr/call/plaincall/AjaxCheckService.setItemNumber.dwr HTTP/1.1" 200 77
116.232.194.65 - - [01/Aug/2022:08:38:26 +0800] "POST /xingrg/dwr/call/plaincall/AjaxCheckService.setItemNumber.dwr HTTP/1.1" 200 77
116.232.194.65 - - [01/Aug/2022:08:38:27 +0800] "POST /xingrg/dwr/call/plaincall/AjaxCheckService.setItemNumber.dwr HTTP/1.1" 200 77
116.232.194.65 - - [01/Aug/2022:08:38:28 +0800] "POST /xingrg/dwr/call/plaincall/AjaxCheckService.setItemNumber.dwr HTTP/1.1" 200 77
116.232.194.65 - - [01/Aug/2022:08:38:31 +0800] "POST /xingrg/dwr/call/plaincall/AjaxCheckService.setItemNumber.dwr HTTP/1.1" 200 77
116.232.194.65 - - [01/Aug/2022:08:38:32 +0800] "POST /xingrg/dwr/call/plaincall/AjaxCheckService.setItemNumber.dwr HTTP/1.1" 200 77
116.232.194.65 - - [01/Aug/2022:08:38:32 +0800] "POST /xingrg/dwr/call/plaincall/AjaxCheckService.setItemNumber.dwr HTTP/1.1" 200 77
116.232.194.65 - - [01/Aug/2022:08:38:33 +0800] "POST /xingrg/dwr/call/plaincall/AjaxCheckService.setItemNumber.dwr HTTP/1.1" 200 77
116.232.194.65 - - [01/Aug/2022:08:38:33 +0800] "POST /xingrg/dwr/call/plaincall/AjaxCheckService.setItemNumber.dwr HTTP/1.1" 200 77
116.232.194.65 - - [01/Aug/2022:08:38:34 +0800] "POST /xingrg/dwr/call/plaincall/AjaxCheckService.setItemNumber.dwr HTTP/1.1" 200 77
116.232.194.65 - - [01/Aug/2022:08:38:34 +0800] "POST /xingrg/dwr/call/plaincall/AjaxCheckService.setItemNumber.dwr HTTP/1.1" 200 77
116.232.194.65 - - [01/Aug/2022:08:38:34 +0800] "POST /xingrg/dwr/call/plaincall/AjaxCheckService.setItemNumber.dwr HTTP/1.1" 200 77
116.232.194.65 - - [01/Aug/2022:08:38:35 +0800] "POST /xingrg/dwr/call/plaincall/AjaxCheckService.setItemNumber.dwr HTTP/1.1" 200 77
116.232.194.65 - - [01/Aug/2022:08:38:36 +0800] "POST /xingrg/dwr/call/plaincall/AjaxCheckService.setItemNumber.dwr HTTP/1.1" 200 77
218.81.223.53 - - [01/Aug/2022:08:38:38 +0800] "GET /xingrg/check_reg.html?_=1659314319078 HTTP/1.1" 200 22
116.232.194.65 - - [01/Aug/2022:08:38:39 +0800] "POST /xingrg/dwr/call/plaincall/AjaxCheckService.setItemNumber.dwr HTTP/1.1" 200 77
116.232.194.65 - - [01/Aug/2022:08:38:40 +0800] "POST /xingrg/dwr/call/plaincall/AjaxCheckService.setItemNumber.dwr HTTP/1.1" 200 77
101.83.240.35 - - [01/Aug/2022:08:38:40 +0800] "POST /xingrg/dwr/call/plaincall/AjaxCheckService.setItemNumber.dwr HTTP/1.1" 200 77
101.83.240.35 - - [01/Aug/2022:08:38:41 +0800] "POST /xingrg/dwr/call/plaincall/AjaxCheckService.setItemNumber.dwr HTTP/1.1" 200 77
101.83.240.35 - - [01/Aug/2022:08:38:42 +0800] "POST /xingrg/dwr/call/plaincall/AjaxCheckService.setItemNumber.dwr HTTP/1.1" 200 77
180.162.252.181 - - [01/Aug/2022:08:38:42 +0800] "GET /xingrg/kc/buy/cgsh_order_operate.html?command=get_materiel&rest_code=00105&code=00101008230&supplier_code=00100203&order_time=2022-08-01 HTTP/1.1" 200 408
218.81.223.53 - - [01/Aug/2022:08:38:42 +0800] "GET /xingrg/all/function/internal_message.html?_=1659314323582&CODE_STATE=getMsg HTTP/1.1" 200 27
101.83.240.35 - - [01/Aug/2022:08:38:43 +0800] "POST /xingrg/dwr/call/plaincall/AjaxCheckService.setItemNumber.dwr HTTP/1.1" 200 77
116.232.194.65 - - [01/Aug/2022:08:38:43 +0800] "POST /xingrg/dwr/call/plaincall/AjaxCheckService.setItemNumber.dwr HTTP/1.1" 200 77
101.83.240.35 - - [01/Aug/2022:08:38:43 +0800] "POST /xingrg/dwr/call/plaincall/AjaxCheckService.setItemNumber.dwr HTTP/1.1" 200 77
116.232.194.65 - - [01/Aug/2022:08:38:44 +0800] "POST /xingrg/dwr/call/plaincall/AjaxCheckService.setItemNumber.dwr HTTP/1.1" 200 77
101.83.240.35 - - [01/Aug/2022:08:38:44 +0800] "POST /xingrg/dwr/call/plaincall/AjaxCheckService.setItemNumber.dwr HTTP/1.1" 200 77
116.232.194.65 - - [01/Aug/2022:08:38:45 +0800] "POST /xingrg/dwr/call/plaincall/AjaxCheckService.setItemNumber.dwr HTTP/1.1" 200 77
101.83.240.35 - - [01/Aug/2022:08:38:45 +0800] "POST /xingrg/dwr/call/plaincall/AjaxCheckService.setItemNumber.dwr HTTP/1.1" 200 77
101.83.240.35 - - [01/Aug/2022:08:38:45 +0800] "POST /xingrg/dwr/call/plaincall/AjaxCheckService.setItemNumber.dwr HTTP/1.1" 200 77
116.232.194.65 - - [01/Aug/2022:08:38:46 +0800] "POST /xingrg/dwr/call/plaincall/AjaxCheckService.setItemNumber.dwr HTTP/1.1" 200 77
101.83.240.35 - - [01/Aug/2022:08:38:46 +0800] "POST /xingrg/dwr/call/plaincall/AjaxCheckService.setItemNumber.dwr HTTP/1.1" 200 77
116.232.194.65 - - [01/Aug/2022:08:38:46 +0800] "POST /xingrg/dwr/call/plaincall/AjaxCheckService.setItemNumber.dwr HTTP/1.1" 200 77
116.232.194.65 - - [01/Aug/2022:08:38:46 +0800] "POST /xingrg/dwr/call/plaincall/AjaxCheckService.setItemNumber.dwr HTTP/1.1" 200 77
101.83.240.35 - - [01/Aug/2022:08:38:47 +0800] "POST /xingrg/dwr/call/plaincall/AjaxCheckService.setItemNumber.dwr HTTP/1.1" 200 77
116.232.194.65 - - [01/Aug/2022:08:38:47 +0800] "POST /xingrg/dwr/call/plaincall/AjaxCheckService.setItemNumber.dwr HTTP/1.1" 200 77
116.232.194.65 - - [01/Aug/2022:08:38:48 +0800] "POST /xingrg/dwr/call/plaincall/AjaxCheckService.setItemNumber.dwr HTTP/1.1" 200 77
116.232.194.65 - - [01/Aug/2022:08:38:48 +0800] "POST /xingrg/dwr/call/plaincall/AjaxCheckService.setItemNumber.dwr HTTP/1.1" 200 77
101.83.240.35 - - [01/Aug/2022:08:38:49 +0800] "POST /xingrg/dwr/call/plaincall/AjaxCheckService.setItemNumber.dwr HTTP/1.1" 200 77
116.232.194.65 - - [01/Aug/2022:08:38:49 +0800] "POST /xingrg/dwr/call/plaincall/AjaxCheckService.setItemNumber.dwr HTTP/1.1" 200 77
116.224.255.128 - - [01/Aug/2022:08:38:49 +0800] "GET /xingrg/kc/buy/cgsh_order_operate.html?command=get_materiel&rest_code=00151&code=00101009030&supplier_code=00100007&order_time=2022-08-01 HTTP/1.1" 200 413
116.232.194.65 - - [01/Aug/2022:08:38:49 +0800] "POST /xingrg/dwr/call/plaincall/AjaxCheckService.setItemNumber.dwr HTTP/1.1" 200 77
101.83.240.35 - - [01/Aug/2022:08:38:50 +0800] "POST /xingrg/dwr/call/plaincall/AjaxCheckService.setItemNumber.dwr HTTP/1.1" 200 77
101.83.240.35 - - [01/Aug/2022:08:38:50 +0800] "POST /xingrg/dwr/call/plaincall/AjaxCheckService.setItemNumber.dwr HTTP/1.1" 200 77
101.83.240.35 - - [01/Aug/2022:08:38:50 +0800] "POST /xingrg/dwr/call/plaincall/AjaxCheckService.setItemNumber.dwr HTTP/1.1" 200 77
