114.88.158.224 - - [30/Jul/2022:11:08:52 +0800] "GET /xingrg/kc/buy/cgsh_order_operate.html?command=get_materiel&rest_code=00141&code=00101008286&supplier_code=00100007&order_time=2022-07-30 HTTP/1.1" 200 408
58.40.7.146 - - [30/Jul/2022:11:08:52 +0800] "GET /xingrg/check_reg.html?_=1659150529222 HTTP/1.1" 200 22
58.40.7.146 - - [30/Jul/2022:11:08:52 +0800] "GET /xingrg/all/function/internal_message.html?_=1659150529224&CODE_STATE=getMsg HTTP/1.1" 200 27
101.80.228.36 - - [30/Jul/2022:11:08:55 +0800] "GET /xingrg/all/function/internal_message.html?_=1659150533137&CODE_STATE=getMsg HTTP/1.1" 200 27
218.81.223.53 - - [30/Jul/2022:11:08:56 +0800] "GET /xingrg/kc/buy/cgsh_order_add.html HTTP/1.1" 200 67906
61.165.20.118 - - [30/Jul/2022:11:08:57 +0800] "GET /xingrg/check_reg.html?_=1659150415667 HTTP/1.1" 200 22
218.81.223.53 - - [30/Jul/2022:11:08:58 +0800] "GET /xingrg/javascript/easyui/themes/default/validatebox.css HTTP/1.1" 404 1104
218.81.223.53 - - [30/Jul/2022:11:08:58 +0800] "POST /xingrg/kc/buy/cgsh_order_operate.html HTTP/1.1" 200 8245
114.88.158.224 - - [30/Jul/2022:11:09:00 +0800] "GET /xingrg/kc/buy/cgsh_order_operate.html?command=get_materiel&rest_code=00141&code=00101008131&supplier_code=00100007&order_time=2022-07-30 HTTP/1.1" 200 408
101.83.240.137 - - [30/Jul/2022:11:09:03 +0800] "GET /xingrg/all/function/internal_message.html?_=1659150538298&CODE_STATE=getMsg HTTP/1.1" 200 27
101.83.240.137 - - [30/Jul/2022:11:09:05 +0800] "GET /xingrg/check_reg.html?_=1659150540050 HTTP/1.1" 200 22
114.88.158.224 - - [30/Jul/2022:11:09:06 +0800] "GET /xingrg/kc/buy/cgsh_order_operate.html?command=get_materiel&rest_code=00141&code=00101001200&supplier_code=00100007&order_time=2022-07-30 HTTP/1.1" 200 413
114.86.227.20 - - [30/Jul/2022:11:09:08 +0800] "GET /xingrg/all/function/internal_message.html?_=1659150545325&CODE_STATE=getMsg HTTP/1.1" 200 27
124.78.154.216 - - [30/Jul/2022:11:09:11 +0800] "GET /xingrg/check_reg.html?_=1659150552205 HTTP/1.1" 200 22
114.88.158.224 - - [30/Jul/2022:11:09:13 +0800] "GET /xingrg/kc/buy/cgsh_order_operate.html?command=get_materiel&rest_code=00141&code=00101008295&supplier_code=00100007&order_time=2022-07-30 HTTP/1.1" 200 412
180.162.109.37 - - [30/Jul/2022:11:09:19 +0800] "GET /xingrg/all/function/internal_message.html?_=1659149749255&CODE_STATE=getMsg HTTP/1.1" 200 27
180.169.147.146 - - [30/Jul/2022:11:09:21 +0800] "GET /xingrg/all/function/internal_message.html?_=1659150556668&CODE_STATE=getMsg HTTP/1.1" 200 27
114.88.158.224 - - [30/Jul/2022:11:09:23 +0800] "GET /xingrg/all/function/internal_message.html?_=1659150245873&CODE_STATE=getMsg HTTP/1.1" 200 27
218.81.223.53 - - [30/Jul/2022:11:09:23 +0800] "GET /xingrg/kc/buy/cgsh_order_operate.html?command=get_materiel&rest_code=00146&code=00101006127&supplier_code=00100012&order_time=2022-07-30 HTTP/1.1" 200 423
61.165.20.118 - - [30/Jul/2022:11:09:25 +0800] "GET /xingrg/all/function/internal_message.html?_=1659150443219&CODE_STATE=getMsg HTTP/1.1" 200 27
101.85.120.95 - - [30/Jul/2022:11:09:26 +0800] "GET /xingrg/all/function/internal_message.html?_=1659150562923&CODE_STATE=getMsg HTTP/1.1" 200 27
114.88.158.224 - - [30/Jul/2022:11:09:30 +0800] "GET /xingrg/kc/buy/cgsh_order_operate.html?command=get_materiel&rest_code=00141&code=00101008213&supplier_code=00100007&order_time=2022-07-30 HTTP/1.1" 200 428
116.224.123.211 - - [30/Jul/2022:11:09:31 +0800] "GET /xingrg/all/function/internal_message.html?_=1659150567935&CODE_STATE=getMsg HTTP/1.1" 200 27
222.69.129.110 - - [30/Jul/2022:11:09:36 +0800] "GET /xingrg/all/function/internal_message.html?_=1659150629352&CODE_STATE=getMsg HTTP/1.1" 200 27
114.88.158.224 - - [30/Jul/2022:11:09:42 +0800] "GET /xingrg/kc/buy/cgsh_order_operate.html?command=get_materiel&rest_code=00141&code=00101008403&supplier_code=00100007&order_time=2022-07-30 HTTP/1.1" 200 412
116.224.255.128 - - [30/Jul/2022:11:09:42 +0800] "GET /xingrg/check_reg.html?_=1659150578498 HTTP/1.1" 200 22
116.224.255.128 - - [30/Jul/2022:11:09:42 +0800] "GET /xingrg/all/function/internal_message.html?_=1659150578501&CODE_STATE=getMsg HTTP/1.1" 200 27
61.165.20.118 - - [30/Jul/2022:11:09:45 +0800] "GET /xingrg/all/function/internal_message.html?_=1659150581738&CODE_STATE=getMsg HTTP/1.1" 200 27
218.81.223.53 - - [30/Jul/2022:11:09:47 +0800] "GET /xingrg/all/function/internal_message.html?_=1659150591947&CODE_STATE=getMsg HTTP/1.1" 200 27
116.232.194.65 - - [30/Jul/2022:11:09:48 +0800] "GET /xingrg/all/function/internal_message.html?_=1659150576509&CODE_STATE=getMsg HTTP/1.1" 200 27
218.81.223.53 - - [30/Jul/2022:11:09:50 +0800] "GET /xingrg/kc/buy/cgsh_order_operate.html?command=get_materiel&rest_code=00146&code=00101006109&supplier_code=00100012&order_time=2022-07-30 HTTP/1.1" 200 428
114.88.158.224 - - [30/Jul/2022:11:09:52 +0800] "GET /xingrg/kc/buy/cgsh_order_operate.html?command=get_materiel&rest_code=00141&code=00101008323&supplier_code=00100007&order_time=2022-07-30 HTTP/1.1" 200 408
58.40.7.146 - - [30/Jul/2022:11:09:52 +0800] "GET /xingrg/all/function/internal_message.html?_=1659150589226&CODE_STATE=getMsg HTTP/1.1" 200 27
101.80.228.36 - - [30/Jul/2022:11:09:55 +0800] "GET /xingrg/check_reg.html?_=1659150593122 HTTP/1.1" 200 22
101.80.228.36 - - [30/Jul/2022:11:09:55 +0800] "GET /xingrg/all/function/internal_message.html?_=1659150593124&CODE_STATE=getMsg HTTP/1.1" 200 27
218.81.223.53 - - [30/Jul/2022:11:09:57 +0800] "GET /xingrg/check_reg.html?_=1659150602183 HTTP/1.1" 200 22
114.86.187.244 - - [30/Jul/2022:11:10:01 +0800] "GET /favicon.ico HTTP/1.1" 404 -
101.83.240.137 - - [30/Jul/2022:11:10:03 +0800] "GET /xingrg/all/function/internal_message.html?_=1659150598278&CODE_STATE=getMsg HTTP/1.1" 200 27
114.88.158.224 - - [30/Jul/2022:11:10:03 +0800] "GET /xingrg/kc/buy/cgsh_order_operate.html?command=get_materiel&rest_code=00141&code=00101008558&supplier_code=00100007&order_time=2022-07-30 HTTP/1.1" 200 409
218.81.223.53 - - [30/Jul/2022:11:10:06 +0800] "GET /xingrg/kc/buy/cgsh_order_operate.html?command=get_materiel&rest_code=00146&code=00101006112&supplier_code=00100012&order_time=2022-07-30 HTTP/1.1" 200 409
114.86.227.20 - - [30/Jul/2022:11:10:08 +0800] "GET /xingrg/all/function/internal_message.html?_=1659150605311&CODE_STATE=getMsg HTTP/1.1" 200 27
114.86.227.20 - - [30/Jul/2022:11:10:08 +0800] "GET /xingrg/check_reg.html?_=1659150605311 HTTP/1.1" 200 22
114.86.187.244 - - [30/Jul/2022:11:10:11 +0800] "GET /xingrg/login.html HTTP/1.1" 200 7641
114.86.187.244 - - [30/Jul/2022:11:10:12 +0800] "GET /favicon.ico HTTP/1.1" 404 -
180.162.109.37 - - [30/Jul/2022:11:10:19 +0800] "GET /xingrg/all/function/internal_message.html?_=1659149809246&CODE_STATE=getMsg HTTP/1.1" 200 27
180.169.147.146 - - [30/Jul/2022:11:10:21 +0800] "GET /xingrg/all/function/internal_message.html?_=1659150616670&CODE_STATE=getMsg HTTP/1.1" 200 27
114.88.158.224 - - [30/Jul/2022:11:10:23 +0800] "GET /xingrg/all/function/internal_message.html?_=1659150305939&CODE_STATE=getMsg HTTP/1.1" 200 27
61.165.20.118 - - [30/Jul/2022:11:10:25 +0800] "GET /xingrg/all/function/internal_message.html?_=1659150503204&CODE_STATE=getMsg HTTP/1.1" 200 27
101.85.120.95 - - [30/Jul/2022:11:10:26 +0800] "GET /xingrg/all/function/internal_message.html?_=1659150622935&CODE_STATE=getMsg HTTP/1.1" 200 27
116.224.123.211 - - [30/Jul/2022:11:10:31 +0800] "GET /xingrg/all/function/internal_message.html?_=1659150627932&CODE_STATE=getMsg HTTP/1.1" 200 27
116.224.123.211 - - [30/Jul/2022:11:10:31 +0800] "GET /xingrg/check_reg.html?_=1659150627936 HTTP/1.1" 200 22
218.81.223.53 - - [30/Jul/2022:11:10:36 +0800] "POST /xingrg/kc/buy/cgsh_order_operate.html HTTP/1.1" 200 37
222.69.129.110 - - [30/Jul/2022:11:10:36 +0800] "GET /xingrg/all/function/internal_message.html?_=1659150689337&CODE_STATE=getMsg HTTP/1.1" 200 27
218.81.223.53 - - [30/Jul/2022:11:10:38 +0800] "POST /xingrg/kc/buy/cgsh_order_operate.html HTTP/1.1" 200 4454
116.224.255.128 - - [30/Jul/2022:11:10:42 +0800] "GET /xingrg/all/function/internal_message.html?_=1659150638502&CODE_STATE=getMsg HTTP/1.1" 200 27
218.81.223.53 - - [30/Jul/2022:11:10:43 +0800] "GET /xingrg/kc/print/load_data.html?order_code=212022073008023&kc_code=cgsh&condition= HTTP/1.1" 200 1469
61.165.20.118 - - [30/Jul/2022:11:10:45 +0800] "GET /xingrg/all/function/internal_message.html?_=1659150641707&CODE_STATE=getMsg HTTP/1.1" 200 27
218.81.223.53 - - [30/Jul/2022:11:10:47 +0800] "GET /xingrg/all/function/internal_message.html?_=1659150651970&CODE_STATE=getMsg HTTP/1.1" 200 27
116.232.194.65 - - [30/Jul/2022:11:10:48 +0800] "GET /xingrg/all/function/internal_message.html?_=1659150636488&CODE_STATE=getMsg HTTP/1.1" 200 27
116.232.194.65 - - [30/Jul/2022:11:10:51 +0800] "GET /xingrg/check_reg.html?_=1659150638710 HTTP/1.1" 200 22
58.40.7.146 - - [30/Jul/2022:11:10:52 +0800] "GET /xingrg/all/function/internal_message.html?_=1659150649231&CODE_STATE=getMsg HTTP/1.1" 200 27
101.80.228.36 - - [30/Jul/2022:11:10:55 +0800] "GET /xingrg/all/function/internal_message.html?_=1659150653122&CODE_STATE=getMsg HTTP/1.1" 200 27
101.83.240.137 - - [30/Jul/2022:11:11:03 +0800] "GET /xingrg/all/function/internal_message.html?_=1659150658267&CODE_STATE=getMsg HTTP/1.1" 200 27
218.81.223.53 - - [30/Jul/2022:11:11:03 +0800] "GET /xingrg/kc/buy/cgsh_order_add.html HTTP/1.1" 200 67906
218.81.223.53 - - [30/Jul/2022:11:11:04 +0800] "POST /xingrg/kc/buy/cgsh_order_operate.html HTTP/1.1" 200 8245
218.81.223.53 - - [30/Jul/2022:11:11:05 +0800] "GET /xingrg/javascript/easyui/themes/default/validatebox.css HTTP/1.1" 404 1104
114.86.227.20 - - [30/Jul/2022:11:11:08 +0800] "GET /xingrg/all/function/internal_message.html?_=1659150665328&CODE_STATE=getMsg HTTP/1.1" 200 27
61.165.20.118 - - [30/Jul/2022:11:11:10 +0800] "GET /xingrg/index.html?sysBaseUrl=http%3A%2F%2F180.169.147.146%3A18081%2Fxingrg%2F&costTime=35×tamp=1585363447539 HTTP/1.1" 302 -
61.165.20.118 - - [30/Jul/2022:11:11:10 +0800] "GET /xingrg/login.html HTTP/1.1" 200 7641
61.165.20.118 - - [30/Jul/2022:11:11:11 +0800] "GET /favicon.ico HTTP/1.1" 404 -
180.162.109.37 - - [30/Jul/2022:11:11:19 +0800] "GET /xingrg/all/function/internal_message.html?_=1659149869247&CODE_STATE=getMsg HTTP/1.1" 200 27
180.169.147.146 - - [30/Jul/2022:11:11:21 +0800] "GET /xingrg/all/function/internal_message.html?_=1659150676676&CODE_STATE=getMsg HTTP/1.1" 200 27
180.169.147.146 - - [30/Jul/2022:11:11:21 +0800] "GET /xingrg/check_reg.html?_=1659150676678 HTTP/1.1" 200 22
61.165.20.118 - - [30/Jul/2022:11:11:23 +0800] "POST /xingrg/login.do HTTP/1.1" 302 -
61.165.20.118 - - [30/Jul/2022:11:11:23 +0800] "GET /xingrg/index.html?sysBaseUrl=http%3A%2F%2F180.169.147.146%3A18081%2Fxingrg%2F&costTime=39×tamp=1659150683455 HTTP/1.1" 200 17413
114.88.158.224 - - [30/Jul/2022:11:11:23 +0800] "GET /xingrg/check_reg.html?_=1659150365912 HTTP/1.1" 200 22
114.88.158.224 - - [30/Jul/2022:11:11:23 +0800] "GET /xingrg/all/function/internal_message.html?_=1659150365913&CODE_STATE=getMsg HTTP/1.1" 200 27
61.165.20.118 - - [30/Jul/2022:11:11:24 +0800] "GET /favicon.ico HTTP/1.1" 404 -
61.165.20.118 - - [30/Jul/2022:11:11:24 +0800] "POST /xingrg/all/common/load_tree.html?tree=area_rest_tree_json&manage=1 HTTP/1.1" 200 342
61.165.20.118 - - [30/Jul/2022:11:11:25 +0800] "GET /xingrg/check_reg.html?_=1659150733786 HTTP/1.1" 200 22
61.165.20.118 - - [30/Jul/2022:11:11:25 +0800] "GET /xingrg/all/function/internal_message.html?_=1659150733783&CODE_STATE=count HTTP/1.1" 200 11
61.165.20.118 - - [30/Jul/2022:11:11:25 +0800] "GET /xingrg/all/function/internal_message.html?_=1659150563187&CODE_STATE=getMsg HTTP/1.1" 200 27
61.165.20.118 - - [30/Jul/2022:11:11:25 +0800] "POST /xingrg/load_menu.html HTTP/1.1" 200 9959
101.85.120.95 - - [30/Jul/2022:11:11:26 +0800] "GET /xingrg/all/function/internal_message.html?_=1659150682936&CODE_STATE=getMsg HTTP/1.1" 200 27
61.165.20.118 - - [30/Jul/2022:11:11:28 +0800] "GET /xingrg/kc/report/report_main.html HTTP/1.1" 200 7340
116.224.123.211 - - [30/Jul/2022:11:11:31 +0800] "GET /xingrg/all/function/internal_message.html?_=1659150687931&CODE_STATE=getMsg HTTP/1.1" 200 27
218.81.223.53 - - [30/Jul/2022:11:11:34 +0800] "POST /xingrg/services/DataTransmitService HTTP/1.1" 200 524
218.81.223.53 - - [30/Jul/2022:11:11:36 +0800] "GET /xingrg/kc/buy/cgsh_order_operate.html?command=get_materiel&rest_code=00146&code=00102002453&supplier_code=00100068&order_time=2022-07-30 HTTP/1.1" 200 433
222.69.129.110 - - [30/Jul/2022:11:11:36 +0800] "GET /xingrg/all/function/internal_message.html?_=1659150749319&CODE_STATE=getMsg HTTP/1.1" 200 27
61.165.20.118 - - [30/Jul/2022:11:11:37 +0800] "GET /xingrg/all/report/report_query.html?fileName=kc/buy/gys_amount_category.xml&rh=99999 HTTP/1.1" 200 51878
61.165.20.118 - - [30/Jul/2022:11:11:37 +0800] "GET /xingrg/dwr/interface/AjaxReportQueryService.js HTTP/1.1" 200 13203
61.165.20.118 - - [30/Jul/2022:11:11:37 +0800] "GET /xingrg/dwr/engine.js HTTP/1.1" 200 43631
61.165.20.118 - - [30/Jul/2022:11:11:38 +0800] "POST /xingrg/dwr/call/plaincall/AjaxReportQueryService.getFixDate.dwr HTTP/1.1" 200 111
61.165.20.118 - - [30/Jul/2022:11:11:38 +0800] "POST /xingrg/dwr/call/plaincall/AjaxReportQueryService.getInitString.dwr HTTP/1.1" 200 1062
61.165.20.118 - - [30/Jul/2022:11:11:38 +0800] "POST /xingrg/all/common/load_tree.html?tree=supplier_tree_json&manage=1 HTTP/1.1" 200 68157
61.165.20.118 - - [30/Jul/2022:11:11:38 +0800] "POST /xingrg/all/common/load_tree.html?tree=materiel_sort_tree_json HTTP/1.1" 200 9388
218.81.223.53 - - [30/Jul/2022:11:11:40 +0800] "POST /xingrg/services/DataTransmitService HTTP/1.1" 200 501
116.224.255.128 - - [30/Jul/2022:11:11:42 +0800] "GET /xingrg/all/function/internal_message.html?_=1659150698502&CODE_STATE=getMsg HTTP/1.1" 200 27
61.165.20.118 - - [30/Jul/2022:11:11:45 +0800] "GET /xingrg/all/function/internal_message.html?_=1659150701689&CODE_STATE=getMsg HTTP/1.1" 200 27
218.81.223.53 - - [30/Jul/2022:11:11:47 +0800] "GET /xingrg/all/function/internal_message.html?_=1659150711974&CODE_STATE=getMsg HTTP/1.1" 200 27
116.232.194.65 - - [30/Jul/2022:11:11:48 +0800] "GET /xingrg/all/function/internal_message.html?_=1659150696462&CODE_STATE=getMsg HTTP/1.1" 200 27
58.40.7.146 - - [30/Jul/2022:11:11:52 +0800] "GET /xingrg/all/function/internal_message.html?_=1659150709248&CODE_STATE=getMsg HTTP/1.1" 200 27
116.224.123.211 - - [30/Jul/2022:11:11:53 +0800] "POST /xingrg/kc/base/yddb_list_operate.html HTTP/1.1" 200 1824
101.80.228.36 - - [30/Jul/2022:11:11:55 +0800] "GET /xingrg/all/function/internal_message.html?_=1659150713125&CODE_STATE=getMsg HTTP/1.1" 200 27
116.224.123.211 - - [30/Jul/2022:11:12:00 +0800] "GET /xingrg/kc/base/wldb_order_list.html HTTP/1.1" 200 19142
116.224.123.211 - - [30/Jul/2022:11:12:00 +0800] "POST /xingrg/kc/base/wldb_list_operate.html HTTP/1.1" 200 928
218.81.223.53 - - [30/Jul/2022:11:12:01 +0800] "GET /xingrg/kc/buy/cgsh_order_operate.html?command=get_materiel&rest_code=00146&code=00102002586&supplier_code=00100068&order_time=2022-07-30 HTTP/1.1" 200 438
116.224.123.211 - - [30/Jul/2022:11:12:02 +0800] "GET /xingrg/kc/base/wldb_order_add.html HTTP/1.1" 200 30352
116.224.123.211 - - [30/Jul/2022:11:12:02 +0800] "GET /xingrg/words/20220730095315_words.js HTTP/1.1" 304 -
116.224.123.211 - - [30/Jul/2022:11:12:02 +0800] "POST /xingrg/kc/base/wldb_order_operate.html HTTP/1.1" 200 6806
116.224.123.211 - - [30/Jul/2022:11:12:02 +0800] "GET /xingrg/all/common/auto_word.html?type=base&rest_code=00102 HTTP/1.1" 200 1857
116.224.123.211 - - [30/Jul/2022:11:12:02 +0800] "GET /xingrg/all/common/auto_word.html?type=base&rest_code=00102 HTTP/1.1" 200 1857
116.224.123.211 - - [30/Jul/2022:11:12:02 +0800] "GET /xingrg/javascript/easyui/themes/default/validatebox.css HTTP/1.1" 404 1104
101.83.240.137 - - [30/Jul/2022:11:12:03 +0800] "GET /xingrg/all/function/internal_message.html?_=1659150718252&CODE_STATE=getMsg HTTP/1.1" 200 27
116.224.123.211 - - [30/Jul/2022:11:12:04 +0800] "POST /xingrg/all/common/load_combo.html?type=base HTTP/1.1" 200 3321
116.224.123.211 - - [30/Jul/2022:11:12:07 +0800] "POST /xingrg/all/common/load_combo.html?type=base HTTP/1.1" 200 3321
114.86.227.20 - - [30/Jul/2022:11:12:08 +0800] "GET /xingrg/all/function/internal_message.html?_=1659150725332&CODE_STATE=getMsg HTTP/1.1" 200 27
61.165.20.118 - - [30/Jul/2022:11:12:10 +0800] "POST /xingrg/dwr/call/plaincall/AjaxReportQueryService.refreshCache.dwr HTTP/1.1" 200 78
218.81.223.53 - - [30/Jul/2022:11:12:11 +0800] "POST /xingrg/kc/buy/cgsh_order_operate.html HTTP/1.1" 200 37
218.81.223.53 - - [30/Jul/2022:11:12:13 +0800] "POST /xingrg/kc/buy/cgsh_order_operate.html HTTP/1.1" 200 3268
61.165.20.118 - - [30/Jul/2022:11:12:15 +0800] "POST /xingrg/all/report/load_report_page.html HTTP/1.1" 200 7303
61.165.20.118 - - [30/Jul/2022:11:12:15 +0800] "GET /xingrg/servlets/image?cache=0.5623847684482078&image=px HTTP/1.1" 200 807
218.81.223.53 - - [30/Jul/2022:11:12:16 +0800] "GET /xingrg/kc/print/load_data.html?order_code=212022073008024&kc_code=cgsh&condition= HTTP/1.1" 200 966
180.162.109.37 - - [30/Jul/2022:11:12:19 +0800] "GET /xingrg/all/function/internal_message.html?_=1659149929255&CODE_STATE=getMsg HTTP/1.1" 200 27
180.169.147.146 - - [30/Jul/2022:11:12:21 +0800] "GET /xingrg/all/function/internal_message.html?_=1659150736678&CODE_STATE=getMsg HTTP/1.1" 200 27
114.88.158.224 - - [30/Jul/2022:11:12:23 +0800] "GET /xingrg/all/function/internal_message.html?_=1659150425898&CODE_STATE=getMsg HTTP/1.1" 200 27
61.165.20.118 - - [30/Jul/2022:11:12:25 +0800] "GET /xingrg/all/function/internal_message.html?_=1659150793806&CODE_STATE=getMsg HTTP/1.1" 200 27
61.165.20.118 - - [30/Jul/2022:11:12:25 +0800] "GET /xingrg/all/function/internal_message.html?_=1659150623171&CODE_STATE=getMsg HTTP/1.1" 200 27
101.85.120.95 - - [30/Jul/2022:11:12:26 +0800] "GET /xingrg/check_reg.html?_=1659150742924 HTTP/1.1" 200 22
101.85.120.95 - - [30/Jul/2022:11:12:26 +0800] "GET /xingrg/all/function/internal_message.html?_=1659150742928&CODE_STATE=getMsg HTTP/1.1" 200 27
116.224.123.211 - - [30/Jul/2022:11:12:31 +0800] "GET /xingrg/all/function/internal_message.html?_=1659150747942&CODE_STATE=getMsg HTTP/1.1" 200 27
222.69.129.110 - - [30/Jul/2022:11:12:36 +0800] "GET /xingrg/all/function/internal_message.html?_=1659150809295&CODE_STATE=getMsg HTTP/1.1" 200 27
116.224.255.128 - - [30/Jul/2022:11:12:42 +0800] "GET /xingrg/all/function/internal_message.html?_=1659150758505&CODE_STATE=getMsg HTTP/1.1" 200 27
61.165.20.118 - - [30/Jul/2022:11:12:43 +0800] "GET /xingrg/all/report/report_query.html?isQuery=1&fileName=kc/buy/wlcg_cate_hz.xml&queryString=(CONVERT(char(10)%2Ca.order_time%2C%20120)%3E%3D'2022-05-01')%20and%20(CONVERT(char(10)%2Ca.order_time%2C%20120)%3C%3D'2022-05-31')%20and%20(a.supplier_code%20in%20('00100022'%2C'00100023'%2C'00100024'%2C'00100025'%2C'00100026'%2C'00100027'%2C'00100201'%2C'00100247'%2C'00100259'%2C'00100295'%2C'00100300'%2C'00100304'%2C'00100361'%2C'00100370'%2C'00100381'%2C'00100424'%2C'00100476'%2C'00100510'))%20and%20(a.supplier_code%3D'00100024')%20and%20(a.big_sort%3D'00101')&queryText=%E3%80%90%E9%87%87%E8%B4%AD%E6%97%A5%E6%9C%9F%3A2022-05-01%20%E8%87%B3%202022-05-31%E3%80%91%20%E5%B9%B6%E4%B8%94%20%20%E3%80%90%E4%BE%9B%E5%BA%94%E5%95%86%20%3D%20%E6%B0%B4%E6%9E%9C%E7%B1%BB%20%5B18%5D%2C%E6%B0%B4%E6%9E%9C%EF%BC%88%E7%BD%97%E5%B1%95%EF%BC%89%2C%E6%B0%B4%E6%9E%9C%EF%BC%88%E6%9D%8E%E5%9B%BD%E5%BA%86%EF%BC%89%2C%E6%B0%B4%E6%9E%9C%EF%BC%88%E5%91%A8%E4%BB%81%E6%9E%9D%EF%BC%89%2C%E6%B0%B4%E6%9E%9C%EF%BC%88%E8%83%A1%E7%BA%A2%E6%B3%A2%EF%BC%89%2C%E6%B0%B4%E6%9E%9C%EF%BC%88%E6%9E%97%E5%9D%A4%E6%98%8E%EF%BC%89%2C%E6%B0%B4%E6%9E%9C%EF%BC%88%E4%BD%99%E6%96%87%E8%89%AF%EF%BC%89%2C%E6%B0%B4%E6%9E%9C%EF%BC%88%E9%AD%8F%E4%B8%9C%E6%9D%BE%EF%BC%89%2C%E6%B0%B4%E6%9E%9C%EF%BC%88%E6%9E%9C%E7%84%B6%E4%B8%B0%EF%BC%89%2C%E6%B0%B4%E6%9E%9C%EF%BC%88%E5%BC%A0%E5%8A%A0%E7%8E%89%EF%BC%89%2C%E6%B0%B4%E6%9E%9C%EF%BC%88%E7%8E%8B%E5%B7%A5%E6%88%98%EF%BC%89%2C%E6%B0%B4%E6%9E%9C(%E4%B8%A5%E5%B0%8F%E7%BA%A2)%2C%E6%B0%B4%E6%9E%9C%EF%BC%88%E7%89%9B%E6%AD%A5%E6%98%8E%EF%BC%89%2C%E6%B0%B4%E6%9E%9C%E7%A4%BC%E7%9B%92%EF%BC%88%E5%AD%99%E8%89%B3%E6%99%BA%EF%BC%89%2C%E6%B0%B4%E6%9E%9C%EF%BC%88%E4%BF%8A%E6%80%A1%E6%9E%9C%E4%B8%9A%E5%95%86%E8%A1%8C%EF%BC%89%2C%E6%B0%B4%E6%9E%9C(%E5%88%98%E5%85%B5)%2C%E6%B0%B4%E6%9E%9C%EF%BC%88%E6%AD%A6%E9%87%91%E7%BA%A2%EF%BC%89%2C%E6%B0%B4%E6%9E%9C%EF%BC%88%E7%BB%B4%E4%B9%9F%E7%BA%B3%EF%BC%89%2C%E6%B0%B4%E6%9E%9C(%E9%98%BF%E5%AE%B6)%E3%80%91%20%E5%B9%B6%E4%B8%94%20%E3%80%90%E4%BE%9B%E5%BA%94%E5%95%86%3D%E6%B0%B4%E6%9E%9C%EF%BC%88%E5%91%A8%E4%BB%81%E6%9E%9D%EF%BC%89%E3%80%91%E5%B9%B6%E4%B8%94%E3%80%90%E7%B1%BB%E5%88%AB%E5%90%8D%E7%A7%B0%20%3D%20%E6%88%90%E6%9C%AC%E7%B1%BB%E3%80%91&rand=0.8683963468368532 HTTP/1.1" 200 55257
61.165.20.118 - - [30/Jul/2022:11:12:43 +0800] "GET /xingrg/all/report/report_query.html?isQuery=1&fileName=kc/buy/wlcg_cate_hz.xml&queryString=(CONVERT(char(10)%2Ca.order_time%2C%20120)%3E%3D'2022-05-01')%20and%20(CONVERT(char(10)%2Ca.order_time%2C%20120)%3C%3D'2022-05-31')%20and%20(a.supplier_code%20in%20('00100022'%2C'00100023'%2C'00100024'%2C'00100025'%2C'00100026'%2C'00100027'%2C'00100201'%2C'00100247'%2C'00100259'%2C'00100295'%2C'00100300'%2C'00100304'%2C'00100361'%2C'00100370'%2C'00100381'%2C'00100424'%2C'00100476'%2C'00100510'))%20and%20(a.supplier_code%3D'00100024')%20and%20(a.big_sort%3D'00101')&queryText=%E3%80%90%E9%87%87%E8%B4%AD%E6%97%A5%E6%9C%9F%3A2022-05-01%20%E8%87%B3%202022-05-31%E3%80%91%20%E5%B9%B6%E4%B8%94%20%20%E3%80%90%E4%BE%9B%E5%BA%94%E5%95%86%20%3D%20%E6%B0%B4%E6%9E%9C%E7%B1%BB%20%5B18%5D%2C%E6%B0%B4%E6%9E%9C%EF%BC%88%E7%BD%97%E5%B1%95%EF%BC%89%2C%E6%B0%B4%E6%9E%9C%EF%BC%88%E6%9D%8E%E5%9B%BD%E5%BA%86%EF%BC%89%2C%E6%B0%B4%E6%9E%9C%EF%BC%88%E5%91%A8%E4%BB%81%E6%9E%9D%EF%BC%89%2C%E6%B0%B4%E6%9E%9C%EF%BC%88%E8%83%A1%E7%BA%A2%E6%B3%A2%EF%BC%89%2C%E6%B0%B4%E6%9E%9C%EF%BC%88%E6%9E%97%E5%9D%A4%E6%98%8E%EF%BC%89%2C%E6%B0%B4%E6%9E%9C%EF%BC%88%E4%BD%99%E6%96%87%E8%89%AF%EF%BC%89%2C%E6%B0%B4%E6%9E%9C%EF%BC%88%E9%AD%8F%E4%B8%9C%E6%9D%BE%EF%BC%89%2C%E6%B0%B4%E6%9E%9C%EF%BC%88%E6%9E%9C%E7%84%B6%E4%B8%B0%EF%BC%89%2C%E6%B0%B4%E6%9E%9C%EF%BC%88%E5%BC%A0%E5%8A%A0%E7%8E%89%EF%BC%89%2C%E6%B0%B4%E6%9E%9C%EF%BC%88%E7%8E%8B%E5%B7%A5%E6%88%98%EF%BC%89%2C%E6%B0%B4%E6%9E%9C(%E4%B8%A5%E5%B0%8F%E7%BA%A2)%2C%E6%B0%B4%E6%9E%9C%EF%BC%88%E7%89%9B%E6%AD%A5%E6%98%8E%EF%BC%89%2C%E6%B0%B4%E6%9E%9C%E7%A4%BC%E7%9B%92%EF%BC%88%E5%AD%99%E8%89%B3%E6%99%BA%EF%BC%89%2C%E6%B0%B4%E6%9E%9C%EF%BC%88%E4%BF%8A%E6%80%A1%E6%9E%9C%E4%B8%9A%E5%95%86%E8%A1%8C%EF%BC%89%2C%E6%B0%B4%E6%9E%9C(%E5%88%98%E5%85%B5)%2C%E6%B0%B4%E6%9E%9C%EF%BC%88%E6%AD%A6%E9%87%91%E7%BA%A2%EF%BC%89%2C%E6%B0%B4%E6%9E%9C%EF%BC%88%E7%BB%B4%E4%B9%9F%E7%BA%B3%EF%BC%89%2C%E6%B0%B4%E6%9E%9C(%E9%98%BF%E5%AE%B6)%E3%80%91%20%E5%B9%B6%E4%B8%94%20%E3%80%90%E4%BE%9B%E5%BA%94%E5%95%86%3D%E6%B0%B4%E6%9E%9C%EF%BC%88%E5%91%A8%E4%BB%81%E6%9E%9D%EF%BC%89%E3%80%91%E5%B9%B6%E4%B8%94%E3%80%90%E7%B1%BB%E5%88%AB%E5%90%8D%E7%A7%B0%20%3D%20%E6%88%90%E6%9C%AC%E7%B1%BB%E3%80%91&rand=0.8683963468368532 HTTP/1.1" 200 55257
61.165.20.118 - - [30/Jul/2022:11:12:43 +0800] "GET /xingrg/dwr/interface/AjaxReportQueryService.js HTTP/1.1" 200 13203
61.165.20.118 - - [30/Jul/2022:11:12:44 +0800] "GET /xingrg/dwr/engine.js HTTP/1.1" 200 43631
61.165.20.118 - - [30/Jul/2022:11:12:45 +0800] "POST /xingrg/all/report/load_report_page.html HTTP/1.1" 200 8704
61.165.20.118 - - [30/Jul/2022:11:12:45 +0800] "GET /xingrg/servlets/image?cache=0.742229283656045&image=px HTTP/1.1" 200 807
61.165.20.118 - - [30/Jul/2022:11:12:45 +0800] "GET /xingrg/all/function/internal_message.html?_=1659150761658&CODE_STATE=getMsg HTTP/1.1" 200 27
218.81.223.53 - - [30/Jul/2022:11:12:47 +0800] "GET /xingrg/all/function/internal_message.html?_=1659150772293&CODE_STATE=getMsg HTTP/1.1" 200 27
116.232.194.65 - - [30/Jul/2022:11:12:48 +0800] "GET /xingrg/all/function/internal_message.html?_=1659150756437&CODE_STATE=getMsg HTTP/1.1" 200 27
61.165.20.118 - - [30/Jul/2022:11:12:49 +0800] "POST /xingrg/all/report/load_report_page.html HTTP/1.1" 200 16371
61.165.20.118 - - [30/Jul/2022:11:12:49 +0800] "GET /xingrg/servlets/image?cache=0.5393783562173509&image=px HTTP/1.1" 200 807
58.40.7.146 - - [30/Jul/2022:11:12:52 +0800] "GET /xingrg/all/function/internal_message.html?_=1659150769245&CODE_STATE=getMsg HTTP/1.1" 200 27
61.165.20.118 - - [30/Jul/2022:11:12:54 +0800] "POST /xingrg/all/report/report_print.html HTTP/1.1" 200 6144
101.80.228.36 - - [30/Jul/2022:11:12:55 +0800] "GET /xingrg/all/function/internal_message.html?_=1659150773127&CODE_STATE=getMsg HTTP/1.1" 200 27
101.83.240.137 - - [30/Jul/2022:11:13:03 +0800] "GET /xingrg/all/function/internal_message.html?_=1659150778221&CODE_STATE=getMsg HTTP/1.1" 200 27
114.86.227.20 - - [30/Jul/2022:11:13:08 +0800] "GET /xingrg/all/function/internal_message.html?_=1659150785332&CODE_STATE=getMsg HTTP/1.1" 200 27
180.162.109.37 - - [30/Jul/2022:11:13:19 +0800] "GET /xingrg/all/function/internal_message.html?_=1659149989255&CODE_STATE=getMsg HTTP/1.1" 200 27
180.162.109.37 - - [30/Jul/2022:11:13:20 +0800] "GET /xingrg/check_reg.html?_=1659149989258 HTTP/1.1" 200 22
180.169.147.146 - - [30/Jul/2022:11:13:21 +0800] "GET /xingrg/all/function/internal_message.html?_=1659150796664&CODE_STATE=getMsg HTTP/1.1" 200 27
114.88.158.224 - - [30/Jul/2022:11:13:23 +0800] "GET /xingrg/all/function/internal_message.html?_=1659150485900&CODE_STATE=getMsg HTTP/1.1" 200 27
61.165.20.118 - - [30/Jul/2022:11:13:25 +0800] "GET /xingrg/all/function/internal_message.html?_=1659150853808&CODE_STATE=getMsg HTTP/1.1" 200 27
61.165.20.118 - - [30/Jul/2022:11:13:25 +0800] "GET /xingrg/all/function/internal_message.html?_=1659150683155&CODE_STATE=getMsg HTTP/1.1" 200 27
120.253.135.82 - - [30/Jul/2022:11:13:25 +0800] "GET /xingrg/check_reg.html?_=1659150609711 HTTP/1.1" 200 22
101.85.120.95 - - [30/Jul/2022:11:13:26 +0800] "GET /xingrg/all/function/internal_message.html?_=1659150802927&CODE_STATE=getMsg HTTP/1.1" 200 27
114.86.187.244 - - [30/Jul/2022:11:13:29 +0800] "GET /xingrg/login.html HTTP/1.1" 200 7641
114.86.187.244 - - [30/Jul/2022:11:13:29 +0800] "GET /favicon.ico HTTP/1.1" 404 -
116.224.123.211 - - [30/Jul/2022:11:13:31 +0800] "GET /xingrg/all/function/internal_message.html?_=1659150807941&CODE_STATE=getMsg HTTP/1.1" 200 27
222.69.129.110 - - [30/Jul/2022:11:13:36 +0800] "GET /xingrg/all/function/internal_message.html?_=1659150869277&CODE_STATE=getMsg HTTP/1.1" 200 27
222.69.129.110 - - [30/Jul/2022:11:13:38 +0800] "GET /xingrg/check_reg.html?_=1659150870788 HTTP/1.1" 200 22
116.224.255.128 - - [30/Jul/2022:11:13:42 +0800] "GET /xingrg/all/function/internal_message.html?_=1659150818506&CODE_STATE=getMsg HTTP/1.1" 200 27
61.165.20.118 - - [30/Jul/2022:11:13:45 +0800] "GET /xingrg/all/function/internal_message.html?_=1659150821633&CODE_STATE=getMsg HTTP/1.1" 200 27
218.81.223.53 - - [30/Jul/2022:11:13:47 +0800] "GET /xingrg/all/function/internal_message.html?_=1659150832297&CODE_STATE=getMsg HTTP/1.1" 200 27
61.165.20.118 - - [30/Jul/2022:11:13:47 +0800] "GET /xingrg/check_reg.html?_=1659150823926 HTTP/1.1" 200 22
116.232.194.65 - - [30/Jul/2022:11:13:48 +0800] "GET /xingrg/all/function/internal_message.html?_=1659150816421&CODE_STATE=getMsg HTTP/1.1" 200 27
58.40.7.146 - - [30/Jul/2022:11:13:52 +0800] "GET /xingrg/check_reg.html?_=1659150829248 HTTP/1.1" 200 22
58.40.7.146 - - [30/Jul/2022:11:13:52 +0800] "GET /xingrg/all/function/internal_message.html?_=1659150829249&CODE_STATE=getMsg HTTP/1.1" 200 27
114.88.158.224 - - [30/Jul/2022:11:13:55 +0800] "GET /xingrg/kc/buy/cgsh_order_operate.html?command=get_materiel&rest_code=00141&code=00101008155&supplier_code=00100007&order_time=2022-07-30 HTTP/1.1" 200 409
101.80.228.36 - - [30/Jul/2022:11:13:55 +0800] "GET /xingrg/all/function/internal_message.html?_=1659150833128&CODE_STATE=getMsg HTTP/1.1" 200 27
61.165.20.118 - - [30/Jul/2022:11:13:57 +0800] "GET /xingrg/check_reg.html?_=1659150715650 HTTP/1.1" 200 22
101.83.240.137 - - [30/Jul/2022:11:14:03 +0800] "GET /xingrg/all/function/internal_message.html?_=1659150838217&CODE_STATE=getMsg HTTP/1.1" 200 27
101.83.240.137 - - [30/Jul/2022:11:14:05 +0800] "GET /xingrg/check_reg.html?_=1659150840044 HTTP/1.1" 200 22
114.86.227.20 - - [30/Jul/2022:11:14:08 +0800] "GET /xingrg/all/function/internal_message.html?_=1659150845334&CODE_STATE=getMsg HTTP/1.1" 200 27
114.88.158.224 - - [30/Jul/2022:11:14:08 +0800] "GET /xingrg/kc/buy/cgsh_order_operate.html?command=get_materiel&rest_code=00141&code=00101009013&supplier_code=00100007&order_time=2022-07-30 HTTP/1.1" 200 436
124.78.154.216 - - [30/Jul/2022:11:14:11 +0800] "GET /xingrg/check_reg.html?_=1659150852209 HTTP/1.1" 200 22
114.88.158.224 - - [30/Jul/2022:11:14:11 +0800] "POST /xingrg/kc/buy/cgsh_order_operate.html HTTP/1.1" 200 2065
114.86.227.20 - - [30/Jul/2022:11:14:15 +0800] "GET /xingrg/kc/buy/buy_main.html HTTP/1.1" 200 12412
114.86.227.20 - - [30/Jul/2022:11:14:15 +0800] "POST /xingrg/kc/mdqp/pssh_list_operate.html HTTP/1.1" 200 1574
114.86.227.20 - - [30/Jul/2022:11:14:15 +0800] "GET /xingrg/css/new_ie.css HTTP/1.1" 404 1036
114.88.158.224 - - [30/Jul/2022:11:14:15 +0800] "GET /xingrg/kc/buy/cgsh_order_operate.html?command=get_materiel&rest_code=00141&code=00101008331&supplier_code=00100007&order_time=2022-07-30 HTTP/1.1" 200 416
114.86.227.20 - - [30/Jul/2022:11:14:16 +0800] "GET /xingrg/kc/buy/cgsh_order_list.html HTTP/1.1" 200 52162
114.86.227.20 - - [30/Jul/2022:11:14:18 +0800] "POST /xingrg/kc/buy/cgsh_list_operate.html HTTP/1.1" 200 2980
180.162.109.37 - - [30/Jul/2022:11:14:19 +0800] "GET /xingrg/all/function/internal_message.html?_=1659150049245&CODE_STATE=getMsg HTTP/1.1" 200 27
180.169.147.146 - - [30/Jul/2022:11:14:21 +0800] "GET /xingrg/all/function/internal_message.html?_=1659150856665&CODE_STATE=getMsg HTTP/1.1" 200 27
114.88.158.224 - - [30/Jul/2022:11:14:23 +0800] "GET /xingrg/all/function/internal_message.html?_=1659150545912&CODE_STATE=getMsg HTTP/1.1" 200 27
114.86.227.20 - - [30/Jul/2022:11:14:24 +0800] "GET /xingrg/kc/buy/cgsh_order_add.html HTTP/1.1" 200 68020
114.86.227.20 - - [30/Jul/2022:11:14:24 +0800] "GET /xingrg/words/20220730095315_words.js HTTP/1.1" 304 -
114.86.227.20 - - [30/Jul/2022:11:14:24 +0800] "POST /xingrg/kc/buy/cgsh_order_operate.html HTTP/1.1" 200 8245
114.86.227.20 - - [30/Jul/2022:11:14:24 +0800] "GET /xingrg/all/common/auto_word.html?type=employee&rest_code=00109 HTTP/1.1" 200 255
114.86.227.20 - - [30/Jul/2022:11:14:24 +0800] "GET /xingrg/all/common/auto_word.html?type=employee&rest_code=00109 HTTP/1.1" 200 255
114.86.227.20 - - [30/Jul/2022:11:14:24 +0800] "GET /xingrg/javascript/easyui/themes/default/validatebox.css HTTP/1.1" 404 1104
61.165.20.118 - - [30/Jul/2022:11:14:25 +0800] "GET /xingrg/all/function/internal_message.html?_=1659150913798&CODE_STATE=getMsg HTTP/1.1" 200 27
61.165.20.118 - - [30/Jul/2022:11:14:25 +0800] "GET /xingrg/all/function/internal_message.html?_=1659150743139&CODE_STATE=getMsg HTTP/1.1" 200 27
101.85.120.95 - - [30/Jul/2022:11:14:26 +0800] "GET /xingrg/all/function/internal_message.html?_=1659150862927&CODE_STATE=getMsg HTTP/1.1" 200 27
114.88.158.224 - - [30/Jul/2022:11:14:26 +0800] "GET /xingrg/kc/buy/cgsh_order_operate.html?command=get_materiel&rest_code=00141&code=00101008350&supplier_code=00100007&order_time=2022-07-30 HTTP/1.1" 200 425
116.224.123.211 - - [30/Jul/2022:11:14:31 +0800] "GET /xingrg/all/function/internal_message.html?_=1659150867937&CODE_STATE=getMsg HTTP/1.1" 200 27
222.69.129.110 - - [30/Jul/2022:11:14:36 +0800] "GET /xingrg/all/function/internal_message.html?_=1659150929264&CODE_STATE=getMsg HTTP/1.1" 200 27
114.86.227.20 - - [30/Jul/2022:11:14:37 +0800] "GET /xingrg/kc/buy/cgsh_order_operate.html?command=get_materiel&rest_code=00109&code=00102008089&supplier_code=00100080&order_time=2022-07-30 HTTP/1.1" 200 419
116.224.255.128 - - [30/Jul/2022:11:14:42 +0800] "GET /xingrg/all/function/internal_message.html?_=1659150878513&CODE_STATE=getMsg HTTP/1.1" 200 27
116.224.255.128 - - [30/Jul/2022:11:14:42 +0800] "GET /xingrg/check_reg.html?_=1659150878519 HTTP/1.1" 200 22
61.165.20.118 - - [30/Jul/2022:11:14:44 +0800] "POST /xingrg/dwr/call/plaincall/AjaxReportQueryService.refreshCache.dwr HTTP/1.1" 200 78
61.165.20.118 - - [30/Jul/2022:11:14:45 +0800] "GET /xingrg/all/function/internal_message.html?_=1659150881629&CODE_STATE=getMsg HTTP/1.1" 200 27
114.86.227.20 - - [30/Jul/2022:11:14:47 +0800] "POST /xingrg/kc/buy/cgsh_order_operate.html HTTP/1.1" 200 37
218.81.223.53 - - [30/Jul/2022:11:14:47 +0800] "GET /xingrg/all/function/internal_message.html?_=1659150892663&CODE_STATE=getMsg HTTP/1.1" 200 27
116.232.194.65 - - [30/Jul/2022:11:14:48 +0800] "GET /xingrg/all/function/internal_message.html?_=1659150876397&CODE_STATE=getMsg HTTP/1.1" 200 27
114.86.227.20 - - [30/Jul/2022:11:14:50 +0800] "POST /xingrg/kc/buy/cgsh_order_operate.html HTTP/1.1" 200 2664
61.165.20.118 - - [30/Jul/2022:11:14:50 +0800] "POST /xingrg/all/report/load_report_page.html HTTP/1.1" 200 7309
61.165.20.118 - - [30/Jul/2022:11:14:50 +0800] "GET /xingrg/servlets/image?cache=0.47959003312124227&image=px HTTP/1.1" 200 807
114.86.227.20 - - [30/Jul/2022:11:14:52 +0800] "GET /xingrg/kc/print/load_config.html?kc_code=cgsh HTTP/1.1" 200 1943
114.86.227.20 - - [30/Jul/2022:11:14:52 +0800] "GET /xingrg/kc/print/load_data.html?order_code=212022073008025&kc_code=cgsh&condition= HTTP/1.1" 200 697
58.40.7.146 - - [30/Jul/2022:11:14:52 +0800] "GET /xingrg/all/function/internal_message.html?_=1659150889255&CODE_STATE=getMsg HTTP/1.1" 200 27
114.88.158.224 - - [30/Jul/2022:11:14:52 +0800] "GET /xingrg/kc/buy/cgsh_order_operate.html?command=get_materiel&rest_code=00141&code=00101008521&supplier_code=00100007&order_time=2022-07-30 HTTP/1.1" 200 411
61.165.20.118 - - [30/Jul/2022:11:14:52 +0800] "GET /xingrg/all/report/report_query.html?isQuery=1&fileName=kc/buy/wlcg_cate_hz.xml&queryString=(CONVERT(char(10)%2Ca.order_time%2C%20120)%3E%3D'2022-06-01')%20and%20(CONVERT(char(10)%2Ca.order_time%2C%20120)%3C%3D'2022-06-30')%20and%20(a.supplier_code%20in%20('00100022'%2C'00100023'%2C'00100024'%2C'00100025'%2C'00100026'%2C'00100027'%2C'00100201'%2C'00100247'%2C'00100259'%2C'00100295'%2C'00100300'%2C'00100304'%2C'00100361'%2C'00100370'%2C'00100381'%2C'00100424'%2C'00100476'%2C'00100510'))%20and%20(a.supplier_code%3D'00100024')%20and%20(a.big_sort%3D'00101')&queryText=%E3%80%90%E9%87%87%E8%B4%AD%E6%97%A5%E6%9C%9F%3A2022-06-01%20%E8%87%B3%202022-06-30%E3%80%91%20%E5%B9%B6%E4%B8%94%20%20%E3%80%90%E4%BE%9B%E5%BA%94%E5%95%86%20%3D%20%E6%B0%B4%E6%9E%9C%E7%B1%BB%20%5B18%5D%2C%E6%B0%B4%E6%9E%9C%EF%BC%88%E7%BD%97%E5%B1%95%EF%BC%89%2C%E6%B0%B4%E6%9E%9C%EF%BC%88%E6%9D%8E%E5%9B%BD%E5%BA%86%EF%BC%89%2C%E6%B0%B4%E6%9E%9C%EF%BC%88%E5%91%A8%E4%BB%81%E6%9E%9D%EF%BC%89%2C%E6%B0%B4%E6%9E%9C%EF%BC%88%E8%83%A1%E7%BA%A2%E6%B3%A2%EF%BC%89%2C%E6%B0%B4%E6%9E%9C%EF%BC%88%E6%9E%97%E5%9D%A4%E6%98%8E%EF%BC%89%2C%E6%B0%B4%E6%9E%9C%EF%BC%88%E4%BD%99%E6%96%87%E8%89%AF%EF%BC%89%2C%E6%B0%B4%E6%9E%9C%EF%BC%88%E9%AD%8F%E4%B8%9C%E6%9D%BE%EF%BC%89%2C%E6%B0%B4%E6%9E%9C%EF%BC%88%E6%9E%9C%E7%84%B6%E4%B8%B0%EF%BC%89%2C%E6%B0%B4%E6%9E%9C%EF%BC%88%E5%BC%A0%E5%8A%A0%E7%8E%89%EF%BC%89%2C%E6%B0%B4%E6%9E%9C%EF%BC%88%E7%8E%8B%E5%B7%A5%E6%88%98%EF%BC%89%2C%E6%B0%B4%E6%9E%9C(%E4%B8%A5%E5%B0%8F%E7%BA%A2)%2C%E6%B0%B4%E6%9E%9C%EF%BC%88%E7%89%9B%E6%AD%A5%E6%98%8E%EF%BC%89%2C%E6%B0%B4%E6%9E%9C%E7%A4%BC%E7%9B%92%EF%BC%88%E5%AD%99%E8%89%B3%E6%99%BA%EF%BC%89%2C%E6%B0%B4%E6%9E%9C%EF%BC%88%E4%BF%8A%E6%80%A1%E6%9E%9C%E4%B8%9A%E5%95%86%E8%A1%8C%EF%BC%89%2C%E6%B0%B4%E6%9E%9C(%E5%88%98%E5%85%B5)%2C%E6%B0%B4%E6%9E%9C%EF%BC%88%E6%AD%A6%E9%87%91%E7%BA%A2%EF%BC%89%2C%E6%B0%B4%E6%9E%9C%EF%BC%88%E7%BB%B4%E4%B9%9F%E7%BA%B3%EF%BC%89%2C%E6%B0%B4%E6%9E%9C(%E9%98%BF%E5%AE%B6)%E3%80%91%20%E5%B9%B6%E4%B8%94%20%E3%80%90%E4%BE%9B%E5%BA%94%E5%95%86%3D%E6%B0%B4%E6%9E%9C%EF%BC%88%E5%91%A8%E4%BB%81%E6%9E%9D%EF%BC%89%E3%80%91%E5%B9%B6%E4%B8%94%E3%80%90%E7%B1%BB%E5%88%AB%E5%90%8D%E7%A7%B0%20%3D%20%E6%88%90%E6%9C%AC%E7%B1%BB%E3%80%91&rand=0.968486029628465 HTTP/1.1" 200 55257
61.165.20.118 - - [30/Jul/2022:11:14:53 +0800] "GET /xingrg/all/report/report_query.html?isQuery=1&fileName=kc/buy/wlcg_cate_hz.xml&queryString=(CONVERT(char(10)%2Ca.order_time%2C%20120)%3E%3D'2022-06-01')%20and%20(CONVERT(char(10)%2Ca.order_time%2C%20120)%3C%3D'2022-06-30')%20and%20(a.supplier_code%20in%20('00100022'%2C'00100023'%2C'00100024'%2C'00100025'%2C'00100026'%2C'00100027'%2C'00100201'%2C'00100247'%2C'00100259'%2C'00100295'%2C'00100300'%2C'00100304'%2C'00100361'%2C'00100370'%2C'00100381'%2C'00100424'%2C'00100476'%2C'00100510'))%20and%20(a.supplier_code%3D'00100024')%20and%20(a.big_sort%3D'00101')&queryText=%E3%80%90%E9%87%87%E8%B4%AD%E6%97%A5%E6%9C%9F%3A2022-06-01%20%E8%87%B3%202022-06-30%E3%80%91%20%E5%B9%B6%E4%B8%94%20%20%E3%80%90%E4%BE%9B%E5%BA%94%E5%95%86%20%3D%20%E6%B0%B4%E6%9E%9C%E7%B1%BB%20%5B18%5D%2C%E6%B0%B4%E6%9E%9C%EF%BC%88%E7%BD%97%E5%B1%95%EF%BC%89%2C%E6%B0%B4%E6%9E%9C%EF%BC%88%E6%9D%8E%E5%9B%BD%E5%BA%86%EF%BC%89%2C%E6%B0%B4%E6%9E%9C%EF%BC%88%E5%91%A8%E4%BB%81%E6%9E%9D%EF%BC%89%2C%E6%B0%B4%E6%9E%9C%EF%BC%88%E8%83%A1%E7%BA%A2%E6%B3%A2%EF%BC%89%2C%E6%B0%B4%E6%9E%9C%EF%BC%88%E6%9E%97%E5%9D%A4%E6%98%8E%EF%BC%89%2C%E6%B0%B4%E6%9E%9C%EF%BC%88%E4%BD%99%E6%96%87%E8%89%AF%EF%BC%89%2C%E6%B0%B4%E6%9E%9C%EF%BC%88%E9%AD%8F%E4%B8%9C%E6%9D%BE%EF%BC%89%2C%E6%B0%B4%E6%9E%9C%EF%BC%88%E6%9E%9C%E7%84%B6%E4%B8%B0%EF%BC%89%2C%E6%B0%B4%E6%9E%9C%EF%BC%88%E5%BC%A0%E5%8A%A0%E7%8E%89%EF%BC%89%2C%E6%B0%B4%E6%9E%9C%EF%BC%88%E7%8E%8B%E5%B7%A5%E6%88%98%EF%BC%89%2C%E6%B0%B4%E6%9E%9C(%E4%B8%A5%E5%B0%8F%E7%BA%A2)%2C%E6%B0%B4%E6%9E%9C%EF%BC%88%E7%89%9B%E6%AD%A5%E6%98%8E%EF%BC%89%2C%E6%B0%B4%E6%9E%9C%E7%A4%BC%E7%9B%92%EF%BC%88%E5%AD%99%E8%89%B3%E6%99%BA%EF%BC%89%2C%E6%B0%B4%E6%9E%9C%EF%BC%88%E4%BF%8A%E6%80%A1%E6%9E%9C%E4%B8%9A%E5%95%86%E8%A1%8C%EF%BC%89%2C%E6%B0%B4%E6%9E%9C(%E5%88%98%E5%85%B5)%2C%E6%B0%B4%E6%9E%9C%EF%BC%88%E6%AD%A6%E9%87%91%E7%BA%A2%EF%BC%89%2C%E6%B0%B4%E6%9E%9C%EF%BC%88%E7%BB%B4%E4%B9%9F%E7%BA%B3%EF%BC%89%2C%E6%B0%B4%E6%9E%9C(%E9%98%BF%E5%AE%B6)%E3%80%91%20%E5%B9%B6%E4%B8%94%20%E3%80%90%E4%BE%9B%E5%BA%94%E5%95%86%3D%E6%B0%B4%E6%9E%9C%EF%BC%88%E5%91%A8%E4%BB%81%E6%9E%9D%EF%BC%89%E3%80%91%E5%B9%B6%E4%B8%94%E3%80%90%E7%B1%BB%E5%88%AB%E5%90%8D%E7%A7%B0%20%3D%20%E6%88%90%E6%9C%AC%E7%B1%BB%E3%80%91&rand=0.968486029628465 HTTP/1.1" 200 55257
61.165.20.118 - - [30/Jul/2022:11:14:53 +0800] "GET /xingrg/dwr/interface/AjaxReportQueryService.js HTTP/1.1" 200 13203
61.165.20.118 - - [30/Jul/2022:11:14:53 +0800] "GET /xingrg/dwr/engine.js HTTP/1.1" 200 43631
61.165.20.118 - - [30/Jul/2022:11:14:54 +0800] "POST /xingrg/all/report/load_report_page.html HTTP/1.1" 200 8714
61.165.20.118 - - [30/Jul/2022:11:14:54 +0800] "GET /xingrg/servlets/image?cache=0.9378126726901846&image=px HTTP/1.1" 200 807
101.80.228.36 - - [30/Jul/2022:11:14:55 +0800] "GET /xingrg/check_reg.html?_=1659150893130 HTTP/1.1" 200 22
101.80.228.36 - - [30/Jul/2022:11:14:55 +0800] "GET /xingrg/all/function/internal_message.html?_=1659150893131&CODE_STATE=getMsg HTTP/1.1" 200 27
218.81.223.53 - - [30/Jul/2022:11:14:57 +0800] "GET /xingrg/check_reg.html?_=1659150902195 HTTP/1.1" 200 22
114.86.187.244 - - [30/Jul/2022:11:14:59 +0800] "POST /xingrg/services/DataTransmitService HTTP/1.1" 200 524
114.86.187.244 - - [30/Jul/2022:11:14:59 +0800] "POST /xingrg/services/DataTransmitService HTTP/1.1" 200 501
114.86.187.244 - - [30/Jul/2022:11:14:59 +0800] "POST /xingrg/services/DataTransmitService HTTP/1.1" 200 501
114.86.187.244 - - [30/Jul/2022:11:14:59 +0800] "POST /xingrg/services/DataTransmitService HTTP/1.1" 200 501
114.86.187.244 - - [30/Jul/2022:11:14:59 +0800] "POST /xingrg/services/DataTransmitService HTTP/1.1" 200 501
114.86.187.244 - - [30/Jul/2022:11:14:59 +0800] "POST /xingrg/services/DataTransmitService HTTP/1.1" 200 501
114.86.187.244 - - [30/Jul/2022:11:15:00 +0800] "POST /xingrg/services/DataTransmitService HTTP/1.1" 200 501
114.86.187.244 - - [30/Jul/2022:11:15:00 +0800] "POST /xingrg/services/DataTransmitService HTTP/1.1" 200 412
101.83.240.137 - - [30/Jul/2022:11:15:03 +0800] "GET /xingrg/all/function/internal_message.html?_=1659150898192&CODE_STATE=getMsg HTTP/1.1" 200 27
114.88.158.224 - - [30/Jul/2022:11:15:04 +0800] "GET /xingrg/kc/buy/cgsh_order_operate.html?command=get_materiel&rest_code=00141&code=00101008199&supplier_code=00100007&order_time=2022-07-30 HTTP/1.1" 200 408
61.165.20.118 - - [30/Jul/2022:11:15:04 +0800] "POST /xingrg/all/report/load_report_page.html HTTP/1.1" 200 56730
61.165.20.118 - - [30/Jul/2022:11:15:04 +0800] "GET /xingrg/servlets/image?cache=0.14330109299595206&image=px HTTP/1.1" 200 807
124.78.154.216 - - [30/Jul/2022:11:15:05 +0800] "POST /xingrg/kc/buy/cgsh_list_operate.html HTTP/1.1" 200 1450
124.78.154.216 - - [30/Jul/2022:11:15:06 +0800] "GET /xingrg/kc/buy/buy_main.html HTTP/1.1" 200 12412
124.78.154.216 - - [30/Jul/2022:11:15:06 +0800] "GET /xingrg/css/new_ie.css HTTP/1.1" 404 1036
114.88.158.224 - - [30/Jul/2022:11:15:06 +0800] "POST /xingrg/kc/buy/cgsh_order_operate.html HTTP/1.1" 200 2065
124.78.154.216 - - [30/Jul/2022:11:15:07 +0800] "GET /xingrg/images/yd/bt.gif HTTP/1.1" 404 1040
124.78.154.216 - - [30/Jul/2022:11:15:07 +0800] "GET /xingrg/kc/buy/cgsh_order_list.html HTTP/1.1" 200 52162
114.86.227.20 - - [30/Jul/2022:11:15:08 +0800] "GET /xingrg/all/function/internal_message.html?_=1659150905341&CODE_STATE=getMsg HTTP/1.1" 200 27
114.86.227.20 - - [30/Jul/2022:11:15:08 +0800] "GET /xingrg/check_reg.html?_=1659150905342 HTTP/1.1" 200 22
61.165.20.118 - - [30/Jul/2022:11:15:08 +0800] "POST /xingrg/all/report/load_report_page.html HTTP/1.1" 200 56710
61.165.20.118 - - [30/Jul/2022:11:15:08 +0800] "GET /xingrg/servlets/image?cache=0.8402309763385589&image=px HTTP/1.1" 200 807
124.78.154.216 - - [30/Jul/2022:11:15:10 +0800] "POST /xingrg/kc/buy/cgsh_list_operate.html HTTP/1.1" 200 1450
61.165.20.118 - - [30/Jul/2022:11:15:12 +0800] "POST /xingrg/all/report/load_report_page.html HTTP/1.1" 200 56710
61.165.20.118 - - [30/Jul/2022:11:15:12 +0800] "GET /xingrg/servlets/image?cache=0.6713452068820477&image=px HTTP/1.1" 200 807
61.165.20.118 - - [30/Jul/2022:11:15:16 +0800] "POST /xingrg/all/report/report_print.html HTTP/1.1" 200 8724
180.162.109.37 - - [30/Jul/2022:11:15:19 +0800] "GET /xingrg/all/function/internal_message.html?_=1659150109255&CODE_STATE=getMsg HTTP/1.1" 200 27
180.169.147.146 - - [30/Jul/2022:11:15:21 +0800] "GET /xingrg/all/function/internal_message.html?_=1659150916666&CODE_STATE=getMsg HTTP/1.1" 200 27
114.88.158.224 - - [30/Jul/2022:11:15:22 +0800] "GET /xingrg/kc/buy/cgsh_order_operate.html?command=get_materiel&rest_code=00141&code=00101008355&supplier_code=00100007&order_time=2022-07-30 HTTP/1.1" 200 408
114.88.158.224 - - [30/Jul/2022:11:15:23 +0800] "GET /xingrg/all/function/internal_message.html?_=1659150605905&CODE_STATE=getMsg HTTP/1.1" 200 27
61.165.20.118 - - [30/Jul/2022:11:15:25 +0800] "GET /xingrg/all/function/internal_message.html?_=1659150803124&CODE_STATE=getMsg HTTP/1.1" 200 27
61.165.20.118 - - [30/Jul/2022:11:15:25 +0800] "GET /xingrg/all/function/internal_message.html?_=1659150973808&CODE_STATE=getMsg HTTP/1.1" 200 27
101.85.120.95 - - [30/Jul/2022:11:15:26 +0800] "GET /xingrg/all/function/internal_message.html?_=1659150922932&CODE_STATE=getMsg HTTP/1.1" 200 27
116.224.123.211 - - [30/Jul/2022:11:15:31 +0800] "GET /xingrg/check_reg.html?_=1659150927934 HTTP/1.1" 200 22
116.224.123.211 - - [30/Jul/2022:11:15:31 +0800] "GET /xingrg/all/function/internal_message.html?_=1659150927938&CODE_STATE=getMsg HTTP/1.1" 200 27
114.88.158.224 - - [30/Jul/2022:11:15:32 +0800] "GET /xingrg/kc/buy/cgsh_order_operate.html?command=get_materiel&rest_code=00141&code=00101008372&supplier_code=00100007&order_time=2022-07-30 HTTP/1.1" 200 408
222.69.129.110 - - [30/Jul/2022:11:15:36 +0800] "GET /xingrg/all/function/internal_message.html?_=1659150989251&CODE_STATE=getMsg HTTP/1.1" 200 27
116.224.255.128 - - [30/Jul/2022:11:15:42 +0800] "GET /xingrg/all/function/internal_message.html?_=1659150938519&CODE_STATE=getMsg HTTP/1.1" 200 27
61.165.20.118 - - [30/Jul/2022:11:15:45 +0800] "GET /xingrg/all/function/internal_message.html?_=1659150941597&CODE_STATE=getMsg HTTP/1.1" 200 27
218.81.223.53 - - [30/Jul/2022:11:15:47 +0800] "GET /xingrg/all/function/internal_message.html?_=1659150952668&CODE_STATE=getMsg HTTP/1.1" 200 27
116.232.194.65 - - [30/Jul/2022:11:15:48 +0800] "GET /xingrg/all/function/internal_message.html?_=1659150936369&CODE_STATE=getMsg HTTP/1.1" 200 27
116.232.194.65 - - [30/Jul/2022:11:15:51 +0800] "GET /xingrg/check_reg.html?_=1659150938687 HTTP/1.1" 200 22
114.88.158.224 - - [30/Jul/2022:11:15:51 +0800] "POST /xingrg/kc/buy/cgsh_order_operate.html HTTP/1.1" 200 37
58.40.7.146 - - [30/Jul/2022:11:15:52 +0800] "GET /xingrg/all/function/internal_message.html?_=1659150949256&CODE_STATE=getMsg HTTP/1.1" 200 27
101.80.228.36 - - [30/Jul/2022:11:15:55 +0800] "GET /xingrg/all/function/internal_message.html?_=1659150953132&CODE_STATE=getMsg HTTP/1.1" 200 27
114.88.158.224 - - [30/Jul/2022:11:15:59 +0800] "POST /xingrg/kc/buy/cgsh_order_operate.html HTTP/1.1" 200 12
114.88.158.224 - - [30/Jul/2022:11:16:00 +0800] "GET /xingrg/kc/buy/cgsh_order_info.html?code=212022073008026 HTTP/1.1" 200 62847
114.88.158.224 - - [30/Jul/2022:11:16:00 +0800] "GET /xingrg/javascript/easyui/themes/default/validatebox.css HTTP/1.1" 404 1104
114.88.158.224 - - [30/Jul/2022:11:16:02 +0800] "POST /xingrg/kc/buy/cgsh_order_operate.html HTTP/1.1" 200 15954
101.83.240.137 - - [30/Jul/2022:11:16:03 +0800] "GET /xingrg/all/function/internal_message.html?_=1659150958164&CODE_STATE=getMsg HTTP/1.1" 200 27
114.88.158.224 - - [30/Jul/2022:11:16:03 +0800] "GET /xingrg/kc/print/load_data.html?order_code=212022073008026&kc_code=cgsh&condition= HTTP/1.1" 200 6542
114.86.227.20 - - [30/Jul/2022:11:16:08 +0800] "GET /xingrg/all/function/internal_message.html?_=1659150965348&CODE_STATE=getMsg HTTP/1.1" 200 27
180.162.109.37 - - [30/Jul/2022:11:16:19 +0800] "GET /xingrg/all/function/internal_message.html?_=1659150169260&CODE_STATE=getMsg HTTP/1.1" 200 27
180.169.147.146 - - [30/Jul/2022:11:16:21 +0800] "GET /xingrg/all/function/internal_message.html?_=1659150976669&CODE_STATE=getMsg HTTP/1.1" 200 27
180.169.147.146 - - [30/Jul/2022:11:16:21 +0800] "GET /xingrg/check_reg.html?_=1659150976670 HTTP/1.1" 200 22
114.88.158.224 - - [30/Jul/2022:11:16:23 +0800] "GET /xingrg/all/function/internal_message.html?_=1659150666001&CODE_STATE=getMsg HTTP/1.1" 200 27
114.88.158.224 - - [30/Jul/2022:11:16:23 +0800] "GET /xingrg/check_reg.html?_=1659150666002 HTTP/1.1" 200 22
61.165.20.118 - - [30/Jul/2022:11:16:25 +0800] "GET /xingrg/all/function/internal_message.html?_=1659150863108&CODE_STATE=getMsg HTTP/1.1" 200 27
61.165.20.118 - - [30/Jul/2022:11:16:25 +0800] "GET /xingrg/all/function/internal_message.html?_=1659151033846&CODE_STATE=getMsg HTTP/1.1" 200 27
61.165.20.118 - - [30/Jul/2022:11:16:25 +0800] "GET /xingrg/check_reg.html?_=1659151033814 HTTP/1.1" 200 22
101.85.120.95 - - [30/Jul/2022:11:16:26 +0800] "GET /xingrg/all/function/internal_message.html?_=1659150982933&CODE_STATE=getMsg HTTP/1.1" 200 27
116.224.123.211 - - [30/Jul/2022:11:16:31 +0800] "GET /xingrg/all/function/internal_message.html?_=1659150987933&CODE_STATE=getMsg HTTP/1.1" 200 27
222.69.129.110 - - [30/Jul/2022:11:16:36 +0800] "GET /xingrg/all/function/internal_message.html?_=1659151049231&CODE_STATE=getMsg HTTP/1.1" 200 27
116.224.123.211 - - [30/Jul/2022:11:16:40 +0800] "GET /xingrg/check_reg.html?_=1659150998152 HTTP/1.1" 200 22
116.224.255.128 - - [30/Jul/2022:11:16:42 +0800] "GET /xingrg/all/function/internal_message.html?_=1659150998521&CODE_STATE=getMsg HTTP/1.1" 200 27
61.165.20.118 - - [30/Jul/2022:11:16:45 +0800] "GET /xingrg/all/function/internal_message.html?_=1659151001567&CODE_STATE=getMsg HTTP/1.1" 200 27
218.81.223.53 - - [30/Jul/2022:11:16:47 +0800] "GET /xingrg/all/function/internal_message.html?_=1659151012682&CODE_STATE=getMsg HTTP/1.1" 200 27
116.232.194.65 - - [30/Jul/2022:11:16:48 +0800] "GET /xingrg/all/function/internal_message.html?_=1659150996355&CODE_STATE=getMsg HTTP/1.1" 200 27
58.40.7.146 - - [30/Jul/2022:11:16:52 +0800] "GET /xingrg/all/function/internal_message.html?_=1659151009245&CODE_STATE=getMsg HTTP/1.1" 200 27
114.88.158.224 - - [30/Jul/2022:11:16:55 +0800] "GET /xingrg/kc/buy/cgsh_order_add.html HTTP/1.1" 200 67944
101.80.228.36 - - [30/Jul/2022:11:16:55 +0800] "GET /xingrg/all/function/internal_message.html?_=1659151013134&CODE_STATE=getMsg HTTP/1.1" 200 27
114.88.158.224 - - [30/Jul/2022:11:16:55 +0800] "POST /xingrg/kc/buy/cgsh_order_operate.html HTTP/1.1" 200 8245
114.88.158.224 - - [30/Jul/2022:11:16:55 +0800] "GET /xingrg/javascript/easyui/themes/default/validatebox.css HTTP/1.1" 404 1104
101.83.240.137 - - [30/Jul/2022:11:17:03 +0800] "GET /xingrg/all/function/internal_message.html?_=1659151018157&CODE_STATE=getMsg HTTP/1.1" 200 27
114.86.227.20 - - [30/Jul/2022:11:17:08 +0800] "GET /xingrg/all/function/internal_message.html?_=1659151025358&CODE_STATE=getMsg HTTP/1.1" 200 27
61.165.20.118 - - [30/Jul/2022:11:17:08 +0800] "POST /xingrg/dwr/call/plaincall/AjaxReportQueryService.refreshCache.dwr HTTP/1.1" 200 78
114.88.158.224 - - [30/Jul/2022:11:17:09 +0800] "GET /xingrg/kc/buy/cgsh_order_operate.html?command=get_materiel&rest_code=00141&code=00102001071&supplier_code=00100075&order_time=2022-07-30 HTTP/1.1" 200 413
61.165.20.118 - - [30/Jul/2022:11:17:12 +0800] "POST /xingrg/all/report/load_report_page.html HTTP/1.1" 200 9168
61.165.20.118 - - [30/Jul/2022:11:17:12 +0800] "GET /xingrg/servlets/image?cache=0.8717765470886316&image=px HTTP/1.1" 200 807
