61.165.20.118 - - [30/Jul/2022:09:15:45 +0800] "GET /xingrg/kc/buy/cgsh_order_list.html HTTP/1.1" 200 52162
61.165.20.118 - - [30/Jul/2022:09:15:46 +0800] "POST /xingrg/kc/buy/cgsh_list_operate.html HTTP/1.1" 200 693
61.165.20.118 - - [30/Jul/2022:09:15:47 +0800] "GET /xingrg/kc/buy/cgsh_order_add.html HTTP/1.1" 200 68026
61.165.20.118 - - [30/Jul/2022:09:15:47 +0800] "POST /xingrg/kc/buy/cgsh_order_operate.html HTTP/1.1" 200 8245
61.165.20.118 - - [30/Jul/2022:09:15:47 +0800] "GET /xingrg/javascript/easyui/themes/default/validatebox.css HTTP/1.1" 404 1104
116.232.194.65 - - [30/Jul/2022:09:15:50 +0800] "GET /xingrg/all/function/internal_message.html?_=1659143738463&CODE_STATE=getMsg HTTP/1.1" 200 27
116.232.194.65 - - [30/Jul/2022:09:15:51 +0800] "GET /xingrg/check_reg.html?_=1659143739059 HTTP/1.1" 200 22
101.83.240.137 - - [30/Jul/2022:09:15:52 +0800] "GET /xingrg/kc/buy/cgsh_order_operate.html?command=get_materiel&rest_code=00149&code=00101008131&supplier_code=00100005&order_time=2022-07-30 HTTP/1.1" 200 408
61.165.20.118 - - [30/Jul/2022:09:15:53 +0800] "GET /xingrg/javascript/auto/indicator.gif HTTP/1.1" 404 1066
58.40.7.146 - - [30/Jul/2022:09:15:53 +0800] "GET /xingrg/all/function/internal_message.html?_=1659143750747&CODE_STATE=getMsg HTTP/1.1" 302 -
101.80.228.36 - - [30/Jul/2022:09:15:55 +0800] "GET /xingrg/all/function/internal_message.html?_=1659143753121&CODE_STATE=getMsg HTTP/1.1" 200 27
116.224.123.211 - - [30/Jul/2022:09:15:56 +0800] "GET /xingrg/kc/buy/cgsh_order_add.html HTTP/1.1" 200 67985
116.224.123.211 - - [30/Jul/2022:09:15:56 +0800] "POST /xingrg/kc/buy/cgsh_order_operate.html HTTP/1.1" 200 8245
116.224.123.211 - - [30/Jul/2022:09:15:56 +0800] "GET /xingrg/javascript/easyui/themes/default/validatebox.css HTTP/1.1" 404 1104
114.88.158.224 - - [30/Jul/2022:09:15:57 +0800] "POST /xingrg/services/DataTransmitService HTTP/1.1" 200 524
116.224.255.128 - - [30/Jul/2022:09:16:05 +0800] "GET /xingrg/all/function/internal_message.html?_=1659143761241&CODE_STATE=getMsg HTTP/1.1" 200 27
61.165.20.118 - - [30/Jul/2022:09:16:10 +0800] "GET /xingrg/kc/buy/cgsh_order_operate.html?command=get_materiel&rest_code=00105&code=00101007048&supplier_code=00100002&order_time=2022-07-30 HTTP/1.1" 200 424
101.83.240.137 - - [30/Jul/2022:09:16:10 +0800] "GET /xingrg/all/function/internal_message.html?_=1659143765581&CODE_STATE=getMsg HTTP/1.1" 200 27
222.69.129.110 - - [30/Jul/2022:09:16:19 +0800] "GET /xingrg/kc/buy/cgsh_order_add.html HTTP/1.1" 200 67107
222.69.129.110 - - [30/Jul/2022:09:16:20 +0800] "POST /xingrg/kc/buy/cgsh_order_operate.html HTTP/1.1" 200 8245
222.69.129.110 - - [30/Jul/2022:09:16:20 +0800] "GET /xingrg/javascript/easyui/themes/default/validatebox.css HTTP/1.1" 404 1104
116.224.123.211 - - [30/Jul/2022:09:16:21 +0800] "GET /xingrg/all/function/internal_message.html?_=1659143777037&CODE_STATE=getMsg HTTP/1.1" 200 27
180.169.147.146 - - [30/Jul/2022:09:16:21 +0800] "GET /xingrg/all/function/internal_message.html?_=1659143776618&CODE_STATE=getMsg HTTP/1.1" 200 27
101.83.240.137 - - [30/Jul/2022:09:16:23 +0800] "POST /xingrg/kc/buy/cgsh_order_operate.html HTTP/1.1" 200 37
120.253.135.82 - - [30/Jul/2022:09:16:24 +0800] "GET /xingrg/all/function/internal_message.html?_=1659143589199&CODE_STATE=getMsg HTTP/1.1" 200 27
61.165.20.118 - - [30/Jul/2022:09:16:26 +0800] "GET /xingrg/all/function/internal_message.html?_=1659143665088&CODE_STATE=getMsg HTTP/1.1" 200 27
222.69.129.110 - - [30/Jul/2022:09:16:32 +0800] "GET /xingrg/kc/buy/cgsh_order_operate.html?command=get_materiel&rest_code=00154&code=00101006252&supplier_code=00100501&order_time=2022-07-30 HTTP/1.1" 200 409
61.165.20.118 - - [30/Jul/2022:09:16:33 +0800] "GET /xingrg/check_reg.html?_=1659143789784 HTTP/1.1" 200 22
61.165.20.118 - - [30/Jul/2022:09:16:33 +0800] "GET /xingrg/all/function/internal_message.html?_=1659143789787&CODE_STATE=getMsg HTTP/1.1" 200 27
124.78.154.216 - - [30/Jul/2022:09:16:37 +0800] "GET /xingrg/all/function/internal_message.html?_=1659143798882&CODE_STATE=getMsg HTTP/1.1" 200 27
222.69.129.110 - - [30/Jul/2022:09:16:38 +0800] "GET /xingrg/all/function/internal_message.html?_=1659143850783&CODE_STATE=getMsg HTTP/1.1" 200 27
218.81.223.53 - - [30/Jul/2022:09:16:38 +0800] "GET /xingrg/all/function/internal_message.html?_=1659143803127&CODE_STATE=getMsg HTTP/1.1" 200 27
101.83.240.137 - - [30/Jul/2022:09:16:44 +0800] "POST /xingrg/kc/buy/cgsh_order_operate.html HTTP/1.1" 200 28674
61.165.20.118 - - [30/Jul/2022:09:16:44 +0800] "GET /xingrg/kc/buy/cgsh_order_operate.html?command=get_materiel&rest_code=00105&code=00101007021&supplier_code=00100002&order_time=2022-07-30 HTTP/1.1" 200 409
180.169.147.146 - - [30/Jul/2022:09:16:45 +0800] "GET /xingrg/all/function/internal_message.html?_=1659143801947&CODE_STATE=getMsg HTTP/1.1" 200 27
222.69.129.110 - - [30/Jul/2022:09:16:47 +0800] "POST /xingrg/kc/buy/cgsh_order_operate.html HTTP/1.1" 200 37
116.232.194.65 - - [30/Jul/2022:09:16:50 +0800] "GET /xingrg/all/function/internal_message.html?_=1659143798450&CODE_STATE=getMsg HTTP/1.1" 200 27
222.69.129.110 - - [30/Jul/2022:09:16:51 +0800] "POST /xingrg/kc/buy/cgsh_order_operate.html HTTP/1.1" 200 12
222.69.129.110 - - [30/Jul/2022:09:16:52 +0800] "GET /xingrg/kc/buy/cgsh_order_info.html?code=212022073007948 HTTP/1.1" 200 62014
222.69.129.110 - - [30/Jul/2022:09:16:52 +0800] "GET /xingrg/javascript/easyui/themes/default/validatebox.css HTTP/1.1" 404 1104
222.69.129.110 - - [30/Jul/2022:09:16:53 +0800] "POST /xingrg/kc/buy/cgsh_order_operate.html HTTP/1.1" 200 603
58.40.7.146 - - [30/Jul/2022:09:16:54 +0800] "GET /xingrg/all/function/internal_message.html?_=1659143810766&CODE_STATE=getMsg HTTP/1.1" 302 -
222.69.129.110 - - [30/Jul/2022:09:16:54 +0800] "GET /xingrg/kc/print/load_data.html?order_code=212022073007948&kc_code=cgsh&condition= HTTP/1.1" 200 695
101.83.240.137 - - [30/Jul/2022:09:16:55 +0800] "GET /xingrg/kc/buy/cgsh_order_operate.html?command=get_materiel&rest_code=00149&code=00101008318&supplier_code=00100005&order_time=2022-07-30 HTTP/1.1" 200 408
101.80.228.36 - - [30/Jul/2022:09:16:55 +0800] "GET /xingrg/all/function/internal_message.html?_=1659143813122&CODE_STATE=getMsg HTTP/1.1" 200 27
222.69.129.110 - - [30/Jul/2022:09:17:01 +0800] "GET /xingrg/kc/buy/cgsh_order_add.html HTTP/1.1" 200 67107
222.69.129.110 - - [30/Jul/2022:09:17:02 +0800] "POST /xingrg/kc/buy/cgsh_order_operate.html HTTP/1.1" 200 8245
222.69.129.110 - - [30/Jul/2022:09:17:02 +0800] "GET /xingrg/javascript/easyui/themes/default/validatebox.css HTTP/1.1" 404 1104
116.224.255.128 - - [30/Jul/2022:09:17:05 +0800] "GET /xingrg/all/function/internal_message.html?_=1659143821335&CODE_STATE=getMsg HTTP/1.1" 200 27
101.83.240.137 - - [30/Jul/2022:09:17:10 +0800] "GET /xingrg/all/function/internal_message.html?_=1659143825574&CODE_STATE=getMsg HTTP/1.1" 200 27
101.83.240.137 - - [30/Jul/2022:09:17:11 +0800] "GET /xingrg/kc/buy/cgsh_order_operate.html?command=get_materiel&rest_code=00149&code=00101008352&supplier_code=00100005&order_time=2022-07-30 HTTP/1.1" 200 412
116.224.123.211 - - [30/Jul/2022:09:17:21 +0800] "GET /xingrg/all/function/internal_message.html?_=1659143837052&CODE_STATE=getMsg HTTP/1.1" 200 27
61.165.20.118 - - [30/Jul/2022:09:17:21 +0800] "POST /xingrg/kc/buy/cgsh_order_operate.html HTTP/1.1" 200 37
180.169.147.146 - - [30/Jul/2022:09:17:21 +0800] "GET /xingrg/all/function/internal_message.html?_=1659143836620&CODE_STATE=getMsg HTTP/1.1" 200 27
120.253.135.82 - - [30/Jul/2022:09:17:24 +0800] "GET /xingrg/all/function/internal_message.html?_=1659143649317&CODE_STATE=getMsg HTTP/1.1" 200 27
61.165.20.118 - - [30/Jul/2022:09:17:25 +0800] "POST /xingrg/kc/buy/cgsh_order_operate.html HTTP/1.1" 200 3241
61.165.20.118 - - [30/Jul/2022:09:17:26 +0800] "GET /xingrg/all/function/internal_message.html?_=1659143725074&CODE_STATE=getMsg HTTP/1.1" 200 27
101.83.240.137 - - [30/Jul/2022:09:17:29 +0800] "GET /xingrg/kc/buy/cgsh_order_operate.html?command=get_materiel&rest_code=00149&code=00101008098&supplier_code=00100005&order_time=2022-07-30 HTTP/1.1" 200 412
61.165.20.118 - - [30/Jul/2022:09:17:29 +0800] "GET /xingrg/kc/print/load_config.html?kc_code=cgsh HTTP/1.1" 200 1943
61.165.20.118 - - [30/Jul/2022:09:17:30 +0800] "GET /xingrg/kc/print/load_data.html?order_code=212022073007949&kc_code=cgsh&condition= HTTP/1.1" 200 954
116.224.123.211 - - [30/Jul/2022:09:17:30 +0800] "GET /xingrg/kc/buy/cgsh_order_operate.html?command=get_materiel&rest_code=00102&code=00101003040&supplier_code=00100093&order_time=2022-07-29 HTTP/1.1" 200 433
61.165.20.118 - - [30/Jul/2022:09:17:33 +0800] "GET /xingrg/all/function/internal_message.html?_=1659143849820&CODE_STATE=getMsg HTTP/1.1" 200 27
124.78.154.216 - - [30/Jul/2022:09:17:37 +0800] "GET /xingrg/all/function/internal_message.html?_=1659143858897&CODE_STATE=getMsg HTTP/1.1" 200 27
222.69.129.110 - - [30/Jul/2022:09:17:38 +0800] "GET /xingrg/all/function/internal_message.html?_=1659143910784&CODE_STATE=getMsg HTTP/1.1" 200 27
218.81.223.53 - - [30/Jul/2022:09:17:38 +0800] "GET /xingrg/all/function/internal_message.html?_=1659143863363&CODE_STATE=getMsg HTTP/1.1" 200 27
116.224.123.211 - - [30/Jul/2022:09:17:44 +0800] "POST /xingrg/kc/buy/cgsh_order_operate.html HTTP/1.1" 200 37
180.169.147.146 - - [30/Jul/2022:09:17:45 +0800] "GET /xingrg/all/function/internal_message.html?_=1659143861940&CODE_STATE=getMsg HTTP/1.1" 200 27
116.224.123.211 - - [30/Jul/2022:09:17:47 +0800] "POST /xingrg/kc/buy/cgsh_order_operate.html HTTP/1.1" 200 12
101.83.240.137 - - [30/Jul/2022:09:17:47 +0800] "GET /xingrg/kc/buy/cgsh_order_operate.html?command=get_materiel&rest_code=00149&code=00101008005&supplier_code=00100005&order_time=2022-07-30 HTTP/1.1" 200 429
116.224.123.211 - - [30/Jul/2022:09:17:48 +0800] "GET /xingrg/kc/buy/cgsh_order_info.html?code=212022073007950 HTTP/1.1" 200 62890
116.224.123.211 - - [30/Jul/2022:09:17:49 +0800] "GET /xingrg/javascript/easyui/themes/default/validatebox.css HTTP/1.1" 404 1104
116.224.123.211 - - [30/Jul/2022:09:17:49 +0800] "POST /xingrg/kc/buy/cgsh_order_operate.html HTTP/1.1" 200 617
101.83.240.137 - - [30/Jul/2022:09:17:50 +0800] "POST /xingrg/kc/buy/cgsh_order_operate.html HTTP/1.1" 200 2065
116.224.123.211 - - [30/Jul/2022:09:17:50 +0800] "GET /xingrg/kc/print/load_data.html?order_code=212022073007950&kc_code=cgsh&condition= HTTP/1.1" 200 764
116.232.194.65 - - [30/Jul/2022:09:17:50 +0800] "GET /xingrg/all/function/internal_message.html?_=1659143858430&CODE_STATE=getMsg HTTP/1.1" 200 27
116.224.123.211 - - [30/Jul/2022:09:17:53 +0800] "GET /xingrg/kc/buy/cgsh_order_add.html HTTP/1.1" 200 67985
58.40.7.146 - - [30/Jul/2022:09:17:53 +0800] "GET /xingrg/all/function/internal_message.html?_=1659143870738&CODE_STATE=getMsg HTTP/1.1" 302 -
116.224.123.211 - - [30/Jul/2022:09:17:54 +0800] "POST /xingrg/kc/buy/cgsh_order_operate.html HTTP/1.1" 200 8245
116.224.123.211 - - [30/Jul/2022:09:17:54 +0800] "GET /xingrg/javascript/easyui/themes/default/validatebox.css HTTP/1.1" 404 1104
101.80.228.36 - - [30/Jul/2022:09:17:55 +0800] "GET /xingrg/all/function/internal_message.html?_=1659143873125&CODE_STATE=getMsg HTTP/1.1" 200 27
101.83.240.137 - - [30/Jul/2022:09:17:57 +0800] "GET /xingrg/kc/buy/cgsh_order_operate.html?command=get_materiel&rest_code=00149&code=00101008353&supplier_code=00100005&order_time=2022-07-30 HTTP/1.1" 200 424
222.69.129.110 - - [30/Jul/2022:09:18:01 +0800] "GET /xingrg/javascript/jquery_easy_ui/themes/default/images/tabs_active.png HTTP/1.1" 200 2894
116.224.255.128 - - [30/Jul/2022:09:18:05 +0800] "GET /xingrg/check_reg.html?_=1659143881245 HTTP/1.1" 200 22
116.224.255.128 - - [30/Jul/2022:09:18:05 +0800] "GET /xingrg/all/function/internal_message.html?_=1659143881249&CODE_STATE=getMsg HTTP/1.1" 200 27
116.224.123.211 - - [30/Jul/2022:09:18:05 +0800] "GET /xingrg/kc/buy/cgsh_order_operate.html?command=get_materiel&rest_code=00102&code=00101001037&supplier_code=00100090&order_time=2022-07-29 HTTP/1.1" 200 436
101.83.240.137 - - [30/Jul/2022:09:18:10 +0800] "GET /xingrg/all/function/internal_message.html?_=1659143885632&CODE_STATE=getMsg HTTP/1.1" 200 27
116.224.123.211 - - [30/Jul/2022:09:18:11 +0800] "GET /xingrg/index.html HTTP/1.1" 302 -
116.224.123.211 - - [30/Jul/2022:09:18:11 +0800] "GET /xingrg/login.html HTTP/1.1" 200 7641
116.224.123.211 - - [30/Jul/2022:09:18:11 +0800] "GET /favicon.ico HTTP/1.1" 404 -
61.165.20.118 - - [30/Jul/2022:09:18:14 +0800] "POST /xingrg/kc/buy/cgsh_order_operate.html HTTP/1.1" 200 37
120.253.135.82 - - [30/Jul/2022:09:18:16 +0800] "GET /xingrg/check_reg.html?_=1659143700975 HTTP/1.1" 200 22
116.224.123.211 - - [30/Jul/2022:09:18:16 +0800] "GET /xingrg/kc/buy/cgsh_order_operate.html?command=get_materiel&rest_code=00102&code=00101001125&supplier_code=00100090&order_time=2022-07-29 HTTP/1.1" 200 438
61.165.20.118 - - [30/Jul/2022:09:18:20 +0800] "POST /xingrg/kc/buy/cgsh_order_operate.html HTTP/1.1" 200 3241
116.224.123.211 - - [30/Jul/2022:09:18:21 +0800] "GET /xingrg/all/function/internal_message.html?_=1659143897030&CODE_STATE=getMsg HTTP/1.1" 200 27
180.169.147.146 - - [30/Jul/2022:09:18:21 +0800] "GET /xingrg/all/function/internal_message.html?_=1659143896622&CODE_STATE=getMsg HTTP/1.1" 200 27
116.224.123.211 - - [30/Jul/2022:09:18:23 +0800] "GET /xingrg/kc/buy/cgsh_order_operate.html?command=get_materiel&rest_code=00102&code=00101001140&supplier_code=00100090&order_time=2022-07-29 HTTP/1.1" 200 436
120.253.135.82 - - [30/Jul/2022:09:18:24 +0800] "GET /xingrg/all/function/internal_message.html?_=1659143709320&CODE_STATE=getMsg HTTP/1.1" 200 27
61.165.20.118 - - [30/Jul/2022:09:18:26 +0800] "GET /xingrg/all/function/internal_message.html?_=1659143785058&CODE_STATE=getMsg HTTP/1.1" 200 27
222.69.129.110 - - [30/Jul/2022:09:18:28 +0800] "GET /xingrg/kc/buy/cgsh_order_operate.html?command=get_materiel&rest_code=00154&code=00101006183&supplier_code=00100419&order_time=2022-07-30 HTTP/1.1" 200 408
116.224.123.211 - - [30/Jul/2022:09:18:29 +0800] "POST /xingrg/login.do HTTP/1.1" 302 -
116.224.123.211 - - [30/Jul/2022:09:18:29 +0800] "GET /xingrg/index.html?sysBaseUrl=http%3A%2F%2F180.169.147.146%3A18081%2Fxingrg%2F&costTime=40×tamp=1659143909273 HTTP/1.1" 200 17173
116.224.123.211 - - [30/Jul/2022:09:18:29 +0800] "GET /favicon.ico HTTP/1.1" 404 -
116.224.123.211 - - [30/Jul/2022:09:18:29 +0800] "POST /xingrg/all/common/load_tree.html?tree=area_rest_tree_json&manage=1 HTTP/1.1" 200 342
116.224.123.211 - - [30/Jul/2022:09:18:29 +0800] "GET /xingrg/all/function/internal_message.html?_=1659143906898&CODE_STATE=count HTTP/1.1" 200 11
116.224.123.211 - - [30/Jul/2022:09:18:29 +0800] "POST /xingrg/load_menu.html HTTP/1.1" 200 5138
116.224.123.211 - - [30/Jul/2022:09:18:29 +0800] "GET /xingrg/check_reg.html?_=1659143906898 HTTP/1.1" 200 22
61.165.20.118 - - [30/Jul/2022:09:18:30 +0800] "POST /xingrg/kc/buy/cgsh_order_operate.html HTTP/1.1" 200 37
116.224.123.211 - - [30/Jul/2022:09:18:30 +0800] "GET /xingrg/kc/buy/cgsh_order_operate.html?command=get_materiel&rest_code=00102&code=00101001049&supplier_code=00100090&order_time=2022-07-29 HTTP/1.1" 200 415
61.165.20.118 - - [30/Jul/2022:09:18:31 +0800] "POST /xingrg/kc/buy/cgsh_order_operate.html HTTP/1.1" 200 3241
61.165.20.118 - - [30/Jul/2022:09:18:33 +0800] "GET /xingrg/all/function/internal_message.html?_=1659143909780&CODE_STATE=getMsg HTTP/1.1" 200 27
101.83.240.137 - - [30/Jul/2022:09:18:36 +0800] "POST /xingrg/services/DataTransmitService HTTP/1.1" 200 524
124.78.154.216 - - [30/Jul/2022:09:18:37 +0800] "GET /xingrg/all/function/internal_message.html?_=1659143918882&CODE_STATE=getMsg HTTP/1.1" 200 27
222.69.129.110 - - [30/Jul/2022:09:18:38 +0800] "GET /xingrg/check_reg.html?_=1659143970787 HTTP/1.1" 200 22
222.69.129.110 - - [30/Jul/2022:09:18:38 +0800] "GET /xingrg/all/function/internal_message.html?_=1659143970789&CODE_STATE=getMsg HTTP/1.1" 200 27
218.81.223.53 - - [30/Jul/2022:09:18:38 +0800] "GET /xingrg/all/function/internal_message.html?_=1659143923374&CODE_STATE=getMsg HTTP/1.1" 200 27
116.224.123.211 - - [30/Jul/2022:09:18:39 +0800] "GET /xingrg/kc/buy/cgsh_order_operate.html?command=get_materiel&rest_code=00102&code=00101001169&supplier_code=00100090&order_time=2022-07-29 HTTP/1.1" 200 414
222.69.129.110 - - [30/Jul/2022:09:18:39 +0800] "GET /xingrg/kc/buy/cgsh_order_operate.html?command=get_materiel&rest_code=00154&code=00101006109&supplier_code=00100419&order_time=2022-07-30 HTTP/1.1" 200 429
101.83.240.137 - - [30/Jul/2022:09:18:39 +0800] "POST /xingrg/kc/buy/cgsh_order_operate.html HTTP/1.1" 200 37
61.165.20.118 - - [30/Jul/2022:09:18:42 +0800] "GET /xingrg/index.html?sysBaseUrl=http%3A%2F%2F180.169.147.146%3A18081%2Fxingrg%2F&costTime=36×tamp=1585223203754 HTTP/1.1" 302 -
61.165.20.118 - - [30/Jul/2022:09:18:42 +0800] "GET /xingrg/login.html HTTP/1.1" 200 7641
61.165.20.118 - - [30/Jul/2022:09:18:42 +0800] "GET /favicon.ico HTTP/1.1" 404 -
180.169.147.146 - - [30/Jul/2022:09:18:45 +0800] "GET /xingrg/all/function/internal_message.html?_=1659143921961&CODE_STATE=getMsg HTTP/1.1" 200 27
61.165.20.118 - - [30/Jul/2022:09:18:46 +0800] "POST /xingrg/login.do HTTP/1.1" 200 2421
61.165.20.118 - - [30/Jul/2022:09:18:46 +0800] "GET /favicon.ico HTTP/1.1" 404 -
61.165.20.118 - - [30/Jul/2022:09:18:46 +0800] "GET /xingrg/login.html HTTP/1.1" 200 7641
61.165.20.118 - - [30/Jul/2022:09:18:46 +0800] "GET /favicon.ico HTTP/1.1" 404 -
61.165.20.118 - - [30/Jul/2022:09:18:47 +0800] "POST /xingrg/login.do HTTP/1.1" 302 -
61.165.20.118 - - [30/Jul/2022:09:18:47 +0800] "GET /xingrg/index.html?sysBaseUrl=http%3A%2F%2F180.169.147.146%3A18081%2Fxingrg%2F&costTime=45×tamp=1659143927630 HTTP/1.1" 200 17173
61.165.20.118 - - [30/Jul/2022:09:18:47 +0800] "GET /favicon.ico HTTP/1.1" 404 -
61.165.20.118 - - [30/Jul/2022:09:18:47 +0800] "POST /xingrg/all/common/load_tree.html?tree=area_rest_tree_json&manage=1 HTTP/1.1" 200 3472
61.165.20.118 - - [30/Jul/2022:09:18:47 +0800] "GET /xingrg/check_reg.html?_=1659143923836 HTTP/1.1" 200 22
61.165.20.118 - - [30/Jul/2022:09:18:47 +0800] "GET /xingrg/all/function/internal_message.html?_=1659143923836&CODE_STATE=count HTTP/1.1" 200 11
61.165.20.118 - - [30/Jul/2022:09:18:48 +0800] "POST /xingrg/load_menu.html HTTP/1.1" 200 5138
116.224.123.211 - - [30/Jul/2022:09:18:49 +0800] "POST /xingrg/kc/buy/cgsh_order_operate.html HTTP/1.1" 200 37
116.232.194.65 - - [30/Jul/2022:09:18:50 +0800] "GET /xingrg/all/function/internal_message.html?_=1659143918405&CODE_STATE=getMsg HTTP/1.1" 200 27
116.224.123.211 - - [30/Jul/2022:09:18:51 +0800] "POST /xingrg/kc/buy/cgsh_order_operate.html HTTP/1.1" 200 12
116.224.123.211 - - [30/Jul/2022:09:18:52 +0800] "GET /xingrg/kc/buy/cgsh_order_info.html?code=212022073007951 HTTP/1.1" 200 62892
116.224.123.211 - - [30/Jul/2022:09:18:53 +0800] "GET /xingrg/javascript/easyui/themes/default/validatebox.css HTTP/1.1" 404 1104
58.40.7.146 - - [30/Jul/2022:09:18:53 +0800] "GET /xingrg/all/function/internal_message.html?_=1659143930745&CODE_STATE=getMsg HTTP/1.1" 302 -
61.165.20.118 - - [30/Jul/2022:09:18:55 +0800] "GET /xingrg/kc/buy/cgsh_order_list.html HTTP/1.1" 200 52162
222.69.129.110 - - [30/Jul/2022:09:18:55 +0800] "POST /xingrg/kc/buy/cgsh_order_operate.html HTTP/1.1" 200 37
116.224.123.211 - - [30/Jul/2022:09:18:55 +0800] "POST /xingrg/kc/buy/cgsh_order_operate.html HTTP/1.1" 200 3007
101.80.228.36 - - [30/Jul/2022:09:18:55 +0800] "GET /xingrg/all/function/internal_message.html?_=1659143933126&CODE_STATE=getMsg HTTP/1.1" 200 27
116.224.123.211 - - [30/Jul/2022:09:18:56 +0800] "GET /xingrg/kc/print/load_data.html?order_code=212022073007951&kc_code=cgsh&condition= HTTP/1.1" 200 1700
61.165.20.118 - - [30/Jul/2022:09:18:57 +0800] "GET /xingrg/check_reg.html?_=1659143815981 HTTP/1.1" 200 22
222.69.129.110 - - [30/Jul/2022:09:18:58 +0800] "POST /xingrg/kc/buy/cgsh_order_operate.html HTTP/1.1" 200 12
222.69.129.110 - - [30/Jul/2022:09:18:59 +0800] "GET /xingrg/kc/buy/cgsh_order_info.html?code=212022073007952 HTTP/1.1" 200 62012
222.69.129.110 - - [30/Jul/2022:09:18:59 +0800] "GET /xingrg/javascript/easyui/themes/default/validatebox.css HTTP/1.1" 404 1104
61.165.20.118 - - [30/Jul/2022:09:18:59 +0800] "POST /xingrg/kc/buy/cgsh_list_operate.html HTTP/1.1" 200 1451
222.69.129.110 - - [30/Jul/2022:09:19:00 +0800] "POST /xingrg/kc/buy/cgsh_order_operate.html HTTP/1.1" 200 1780
116.224.123.211 - - [30/Jul/2022:09:19:00 +0800] "GET /xingrg/kc/buy/cgsh_order_add.html HTTP/1.1" 200 67985
116.224.123.211 - - [30/Jul/2022:09:19:00 +0800] "POST /xingrg/kc/buy/cgsh_order_operate.html HTTP/1.1" 200 8245
116.224.123.211 - - [30/Jul/2022:09:19:00 +0800] "GET /xingrg/javascript/easyui/themes/default/validatebox.css HTTP/1.1" 404 1104
222.69.129.110 - - [30/Jul/2022:09:19:01 +0800] "GET /xingrg/kc/print/load_data.html?order_code=212022073007952&kc_code=cgsh&condition= HTTP/1.1" 200 1142
116.224.255.128 - - [30/Jul/2022:09:19:05 +0800] "GET /xingrg/all/function/internal_message.html?_=1659143941249&CODE_STATE=getMsg HTTP/1.1" 200 27
116.224.123.211 - - [30/Jul/2022:09:19:09 +0800] "GET /xingrg/kc/buy/cgsh_order_operate.html?command=get_materiel&rest_code=00102&code=00101004065&supplier_code=00100086&order_time=2022-07-29 HTTP/1.1" 200 433
61.165.20.118 - - [30/Jul/2022:09:19:10 +0800] "POST /xingrg/kc/buy/cgsh_list_operate.html HTTP/1.1" 200 271
124.78.154.216 - - [30/Jul/2022:09:19:10 +0800] "GET /xingrg/check_reg.html?_=1659143952474 HTTP/1.1" 200 22
61.165.20.118 - - [30/Jul/2022:09:19:11 +0800] "GET /xingrg/kc/buy/cgsh_order_info.html?code=212022073007949 HTTP/1.1" 200 68035
61.165.20.118 - - [30/Jul/2022:09:19:11 +0800] "GET /xingrg/all/common/auto_word.html?type=employee&rest_code=00105 HTTP/1.1" 200 193
61.165.20.118 - - [30/Jul/2022:09:19:11 +0800] "GET /xingrg/all/common/auto_word.html?type=employee&rest_code=00105 HTTP/1.1" 200 193
61.165.20.118 - - [30/Jul/2022:09:19:11 +0800] "GET /xingrg/javascript/easyui/themes/default/validatebox.css HTTP/1.1" 404 1104
61.165.20.118 - - [30/Jul/2022:09:19:12 +0800] "POST /xingrg/kc/buy/cgsh_order_operate.html HTTP/1.1" 200 3241
61.165.20.118 - - [30/Jul/2022:09:19:13 +0800] "GET /xingrg/kc/print/load_config.html?kc_code=cgsh HTTP/1.1" 200 1943
61.165.20.118 - - [30/Jul/2022:09:19:13 +0800] "GET /xingrg/kc/print/load_data.html?order_code=212022073007949&kc_code=cgsh&condition= HTTP/1.1" 200 957
116.224.123.211 - - [30/Jul/2022:09:19:18 +0800] "POST /xingrg/kc/buy/cgsh_order_operate.html HTTP/1.1" 200 37
116.224.123.211 - - [30/Jul/2022:09:19:21 +0800] "GET /xingrg/all/function/internal_message.html?_=1659143957019&CODE_STATE=getMsg HTTP/1.1" 200 27
180.169.147.146 - - [30/Jul/2022:09:19:21 +0800] "GET /xingrg/check_reg.html?_=1659143956622 HTTP/1.1" 200 22
180.169.147.146 - - [30/Jul/2022:09:19:21 +0800] "GET /xingrg/all/function/internal_message.html?_=1659143956624&CODE_STATE=getMsg HTTP/1.1" 200 27
116.224.123.211 - - [30/Jul/2022:09:19:21 +0800] "POST /xingrg/kc/buy/cgsh_order_operate.html HTTP/1.1" 200 12
116.224.123.211 - - [30/Jul/2022:09:19:22 +0800] "GET /xingrg/kc/buy/cgsh_order_info.html?code=212022073007953 HTTP/1.1" 200 62892
116.224.123.211 - - [30/Jul/2022:09:19:23 +0800] "GET /xingrg/javascript/easyui/themes/default/validatebox.css HTTP/1.1" 404 1104
116.224.123.211 - - [30/Jul/2022:09:19:23 +0800] "POST /xingrg/kc/buy/cgsh_order_operate.html HTTP/1.1" 200 610
120.253.135.82 - - [30/Jul/2022:09:19:24 +0800] "GET /xingrg/all/function/internal_message.html?_=1659143769336&CODE_STATE=getMsg HTTP/1.1" 200 27
116.224.123.211 - - [30/Jul/2022:09:19:24 +0800] "GET /xingrg/kc/print/load_data.html?order_code=212022073007953&kc_code=cgsh&condition= HTTP/1.1" 200 768
61.165.20.118 - - [30/Jul/2022:09:19:26 +0800] "GET /xingrg/all/function/internal_message.html?_=1659143845031&CODE_STATE=getMsg HTTP/1.1" 200 27
116.224.123.211 - - [30/Jul/2022:09:19:27 +0800] "GET /xingrg/kc/buy/cgsh_order_add.html HTTP/1.1" 200 67985
116.224.123.211 - - [30/Jul/2022:09:19:28 +0800] "POST /xingrg/kc/buy/cgsh_order_operate.html HTTP/1.1" 200 8245
116.224.123.211 - - [30/Jul/2022:09:19:28 +0800] "GET /xingrg/javascript/easyui/themes/default/validatebox.css HTTP/1.1" 404 1104
116.224.123.211 - - [30/Jul/2022:09:19:29 +0800] "GET /xingrg/all/function/internal_message.html?_=1659143966920&CODE_STATE=getMsg HTTP/1.1" 200 27
116.224.255.128 - - [30/Jul/2022:09:19:31 +0800] "GET /xingrg/kc/buy/cgsh_order_operate.html?command=get_materiel&rest_code=00151&code=00101009124&supplier_code=00100424&order_time=2022-07-30 HTTP/1.1" 200 416
116.224.123.211 - - [30/Jul/2022:09:19:35 +0800] "GET /xingrg/kc/buy/cgsh_order_operate.html?command=get_materiel&rest_code=00102&code=00101004051&supplier_code=00100312&order_time=2022-07-29 HTTP/1.1" 200 425
124.78.154.216 - - [30/Jul/2022:09:19:37 +0800] "GET /xingrg/all/function/internal_message.html?_=1659143978907&CODE_STATE=getMsg HTTP/1.1" 200 27
124.78.154.216 - - [30/Jul/2022:09:19:37 +0800] "GET /xingrg/check_reg.html?_=1659143978911 HTTP/1.1" 200 22
222.69.129.110 - - [30/Jul/2022:09:19:38 +0800] "GET /xingrg/all/function/internal_message.html?_=1659144030783&CODE_STATE=getMsg HTTP/1.1" 200 27
218.81.223.53 - - [30/Jul/2022:09:19:39 +0800] "GET /xingrg/all/function/internal_message.html?_=1659143983589&CODE_STATE=getMsg HTTP/1.1" 200 27
116.224.255.128 - - [30/Jul/2022:09:19:39 +0800] "GET /xingrg/kc/buy/cgsh_order_operate.html?command=get_materiel&rest_code=00151&code=00101009053&supplier_code=00100424&order_time=2022-07-30 HTTP/1.1" 200 408
116.224.123.211 - - [30/Jul/2022:09:19:42 +0800] "GET /xingrg/kc/buy/cgsh_order_operate.html?command=get_materiel&rest_code=00102&code=00101004046&supplier_code=00100312&order_time=2022-07-29 HTTP/1.1" 200 417
180.169.147.146 - - [30/Jul/2022:09:19:45 +0800] "GET /xingrg/all/function/internal_message.html?_=1659143981956&CODE_STATE=getMsg HTTP/1.1" 200 27
180.169.147.146 - - [30/Jul/2022:09:19:45 +0800] "GET /xingrg/check_reg.html?_=1659143981958 HTTP/1.1" 200 22
116.224.255.128 - - [30/Jul/2022:09:19:46 +0800] "POST /xingrg/kc/buy/cgsh_order_operate.html HTTP/1.1" 200 37
116.224.255.128 - - [30/Jul/2022:09:19:47 +0800] "POST /xingrg/kc/buy/cgsh_order_operate.html HTTP/1.1" 200 3263
61.165.20.118 - - [30/Jul/2022:09:19:47 +0800] "GET /xingrg/all/function/internal_message.html?_=1659143983840&CODE_STATE=getMsg HTTP/1.1" 200 27
116.224.255.128 - - [30/Jul/2022:09:19:47 +0800] "GET /xingrg/kc/buy/cgsh_order_add.html HTTP/1.1" 200 67542
116.224.255.128 - - [30/Jul/2022:09:19:48 +0800] "POST /xingrg/kc/buy/cgsh_order_operate.html HTTP/1.1" 200 8245
116.224.255.128 - - [30/Jul/2022:09:19:48 +0800] "GET /xingrg/javascript/easyui/themes/default/validatebox.css HTTP/1.1" 404 1104
116.224.123.211 - - [30/Jul/2022:09:19:49 +0800] "GET /xingrg/kc/buy/cgsh_order_operate.html?command=get_materiel&rest_code=00102&code=00101004038&supplier_code=00100312&order_time=2022-07-29 HTTP/1.1" 200 426
116.232.194.65 - - [30/Jul/2022:09:19:50 +0800] "GET /xingrg/all/function/internal_message.html?_=1659143978380&CODE_STATE=getMsg HTTP/1.1" 200 27
58.40.7.146 - - [30/Jul/2022:09:19:54 +0800] "GET /xingrg/all/function/internal_message.html?_=1659143990762&CODE_STATE=getMsg HTTP/1.1" 302 -
58.40.7.146 - - [30/Jul/2022:09:19:54 +0800] "GET /xingrg/check_reg.html?_=1659143990764 HTTP/1.1" 302 -
101.80.228.36 - - [30/Jul/2022:09:19:55 +0800] "GET /xingrg/all/function/internal_message.html?_=1659143993128&CODE_STATE=getMsg HTTP/1.1" 200 27
101.80.228.36 - - [30/Jul/2022:09:19:55 +0800] "GET /xingrg/check_reg.html?_=1659143993129 HTTP/1.1" 200 22
116.224.123.211 - - [30/Jul/2022:09:19:55 +0800] "GET /xingrg/kc/buy/cgsh_order_operate.html?command=get_materiel&rest_code=00102&code=00101004067&supplier_code=00100312&order_time=2022-07-29 HTTP/1.1" 200 431
218.81.223.53 - - [30/Jul/2022:09:19:56 +0800] "GET /xingrg/check_reg.html?_=1659144000951 HTTP/1.1" 200 22
116.224.255.128 - - [30/Jul/2022:09:19:56 +0800] "GET /xingrg/kc/buy/cgsh_order_operate.html?command=get_materiel&rest_code=00151&code=00101012039&supplier_code=00100007&order_time=2022-07-30 HTTP/1.1" 200 408
116.224.123.211 - - [30/Jul/2022:09:20:02 +0800] "GET /xingrg/kc/buy/cgsh_order_operate.html?command=get_materiel&rest_code=00102&code=00101004061&supplier_code=00100312&order_time=2022-07-29 HTTP/1.1" 200 409
116.224.255.128 - - [30/Jul/2022:09:20:05 +0800] "GET /xingrg/all/function/internal_message.html?_=1659144001259&CODE_STATE=getMsg HTTP/1.1" 200 27
61.165.20.118 - - [30/Jul/2022:09:20:05 +0800] "GET /xingrg/kc/buy/cgsh_order_add.html HTTP/1.1" 200 68026
116.224.255.128 - - [30/Jul/2022:09:20:06 +0800] "GET /xingrg/kc/buy/cgsh_order_operate.html?command=get_materiel&rest_code=00151&code=00101016038&supplier_code=00100007&order_time=2022-07-30 HTTP/1.1" 200 408
61.165.20.118 - - [30/Jul/2022:09:20:06 +0800] "GET /xingrg/javascript/easyui/themes/default/validatebox.css HTTP/1.1" 404 1104
61.165.20.118 - - [30/Jul/2022:09:20:06 +0800] "POST /xingrg/kc/buy/cgsh_order_operate.html HTTP/1.1" 200 8245
180.169.147.146 - - [30/Jul/2022:09:20:11 +0800] "GET /xingrg/login.html HTTP/1.1" 200 7641
116.224.123.211 - - [30/Jul/2022:09:20:11 +0800] "GET /xingrg/kc/buy/cgsh_order_operate.html?command=get_materiel&rest_code=00102&code=00101004050&supplier_code=00100312&order_time=2022-07-29 HTTP/1.1" 200 430
180.169.147.146 - - [30/Jul/2022:09:20:12 +0800] "GET /favicon.ico HTTP/1.1" 404 -
116.224.255.128 - - [30/Jul/2022:09:20:13 +0800] "GET /xingrg/kc/buy/cgsh_order_operate.html?command=get_materiel&rest_code=00151&code=00101008323&supplier_code=00100007&order_time=2022-07-30 HTTP/1.1" 200 408
180.169.147.146 - - [30/Jul/2022:09:20:14 +0800] "POST /xingrg/login.do HTTP/1.1" 302 -
180.169.147.146 - - [30/Jul/2022:09:20:14 +0800] "GET /xingrg/index.html?sysBaseUrl=http%3A%2F%2F180.169.147.146%3A18081%2Fxingrg%2F&costTime=40×tamp=1659144014171 HTTP/1.1" 200 17503
180.169.147.146 - - [30/Jul/2022:09:20:14 +0800] "GET /favicon.ico HTTP/1.1" 404 -
180.169.147.146 - - [30/Jul/2022:09:20:14 +0800] "POST /xingrg/all/common/load_tree.html?tree=area_rest_tree_json&manage=1 HTTP/1.1" 200 3472
180.169.147.146 - - [30/Jul/2022:09:20:14 +0800] "GET /xingrg/all/function/internal_message.html?_=1659144009271&CODE_STATE=count HTTP/1.1" 200 11
180.169.147.146 - - [30/Jul/2022:09:20:14 +0800] "GET /xingrg/check_reg.html?_=1659144009271 HTTP/1.1" 200 22
180.169.147.146 - - [30/Jul/2022:09:20:14 +0800] "POST /xingrg/load_menu.html HTTP/1.1" 200 11443
222.69.129.110 - - [30/Jul/2022:09:20:17 +0800] "GET /xingrg/kc/buy/cgsh_order_add.html HTTP/1.1" 200 67107
116.224.123.211 - - [30/Jul/2022:09:20:17 +0800] "GET /xingrg/kc/buy/cgsh_order_operate.html?command=get_materiel&rest_code=00102&code=00101004057&supplier_code=00100312&order_time=2022-07-29 HTTP/1.1" 200 425
222.69.129.110 - - [30/Jul/2022:09:20:17 +0800] "POST /xingrg/kc/buy/cgsh_order_operate.html HTTP/1.1" 200 8245
222.69.129.110 - - [30/Jul/2022:09:20:17 +0800] "GET /xingrg/javascript/easyui/themes/default/validatebox.css HTTP/1.1" 404 1104
116.224.255.128 - - [30/Jul/2022:09:20:18 +0800] "GET /xingrg/kc/buy/cgsh_order_operate.html?command=get_materiel&rest_code=00151&code=00101008257&supplier_code=00100007&order_time=2022-07-30 HTTP/1.1" 200 433
116.224.123.211 - - [30/Jul/2022:09:20:21 +0800] "GET /xingrg/all/function/internal_message.html?_=1659144017022&CODE_STATE=getMsg HTTP/1.1" 200 27
180.169.147.146 - - [30/Jul/2022:09:20:21 +0800] "GET /xingrg/all/function/internal_message.html?_=1659144016624&CODE_STATE=getMsg HTTP/1.1" 200 27
116.224.123.211 - - [30/Jul/2022:09:20:22 +0800] "GET /xingrg/check_reg.html?_=1659144017758 HTTP/1.1" 200 22
61.165.20.118 - - [30/Jul/2022:09:20:23 +0800] "GET /xingrg/javascript/auto/indicator.gif HTTP/1.1" 404 1066
120.253.135.82 - - [30/Jul/2022:09:20:24 +0800] "GET /xingrg/all/function/internal_message.html?_=1659143829479&CODE_STATE=getMsg HTTP/1.1" 200 27
61.165.20.118 - - [30/Jul/2022:09:20:26 +0800] "GET /xingrg/all/function/internal_message.html?_=1659143905015&CODE_STATE=getMsg HTTP/1.1" 200 27
116.224.123.211 - - [30/Jul/2022:09:20:29 +0800] "GET /xingrg/all/function/internal_message.html?_=1659144026915&CODE_STATE=getMsg HTTP/1.1" 200 27
116.224.123.211 - - [30/Jul/2022:09:20:35 +0800] "POST /xingrg/kc/buy/cgsh_order_operate.html HTTP/1.1" 200 37
124.78.154.216 - - [30/Jul/2022:09:20:37 +0800] "GET /xingrg/all/function/internal_message.html?_=1659144038916&CODE_STATE=getMsg HTTP/1.1" 200 27
222.69.129.110 - - [30/Jul/2022:09:20:38 +0800] "GET /xingrg/all/function/internal_message.html?_=1659144090793&CODE_STATE=getMsg HTTP/1.1" 200 27
116.224.123.211 - - [30/Jul/2022:09:20:38 +0800] "POST /xingrg/kc/buy/cgsh_order_operate.html HTTP/1.1" 200 12
218.81.223.53 - - [30/Jul/2022:09:20:39 +0800] "GET /xingrg/all/function/internal_message.html?_=1659144043603&CODE_STATE=getMsg HTTP/1.1" 200 27
116.224.123.211 - - [30/Jul/2022:09:20:39 +0800] "GET /xingrg/kc/buy/cgsh_order_info.html?code=212022073007955 HTTP/1.1" 200 62892
116.224.123.211 - - [30/Jul/2022:09:20:39 +0800] "GET /xingrg/javascript/easyui/themes/default/validatebox.css HTTP/1.1" 404 1104
116.224.123.211 - - [30/Jul/2022:09:20:40 +0800] "POST /xingrg/kc/buy/cgsh_order_operate.html HTTP/1.1" 200 4165
116.224.123.211 - - [30/Jul/2022:09:20:41 +0800] "GET /xingrg/kc/print/load_data.html?order_code=212022073007955&kc_code=cgsh&condition= HTTP/1.1" 200 2063
61.165.20.118 - - [30/Jul/2022:09:20:44 +0800] "GET /xingrg/kc/buy/cgsh_order_operate.html?command=get_materiel&rest_code=00105&code=00101012033&supplier_code=00100034&order_time=2022-07-30 HTTP/1.1" 200 426
116.224.123.211 - - [30/Jul/2022:09:20:45 +0800] "GET /xingrg/kc/buy/cgsh_order_add.html HTTP/1.1" 200 67985
180.169.147.146 - - [30/Jul/2022:09:20:45 +0800] "GET /xingrg/all/function/internal_message.html?_=1659144041952&CODE_STATE=getMsg HTTP/1.1" 200 27
116.224.123.211 - - [30/Jul/2022:09:20:45 +0800] "POST /xingrg/kc/buy/cgsh_order_operate.html HTTP/1.1" 200 8245
116.224.123.211 - - [30/Jul/2022:09:20:45 +0800] "GET /xingrg/javascript/easyui/themes/default/validatebox.css HTTP/1.1" 404 1104
61.165.20.118 - - [30/Jul/2022:09:20:47 +0800] "GET /xingrg/all/function/internal_message.html?_=1659144043857&CODE_STATE=getMsg HTTP/1.1" 200 27
116.232.194.65 - - [30/Jul/2022:09:20:50 +0800] "GET /xingrg/all/function/internal_message.html?_=1659144038355&CODE_STATE=getMsg HTTP/1.1" 200 27
116.232.194.65 - - [30/Jul/2022:09:20:51 +0800] "GET /xingrg/check_reg.html?_=1659144039053 HTTP/1.1" 200 22
116.224.123.211 - - [30/Jul/2022:09:20:52 +0800] "GET /xingrg/kc/buy/cgsh_order_operate.html?command=get_materiel&rest_code=00102&code=00101004063&supplier_code=00100085&order_time=2022-07-29 HTTP/1.1" 200 416
58.40.7.146 - - [30/Jul/2022:09:20:53 +0800] "GET /xingrg/all/function/internal_message.html?_=1659144050751&CODE_STATE=getMsg HTTP/1.1" 302 -
101.80.228.36 - - [30/Jul/2022:09:20:55 +0800] "GET /xingrg/all/function/internal_message.html?_=1659144053131&CODE_STATE=getMsg HTTP/1.1" 200 27
116.224.123.211 - - [30/Jul/2022:09:21:00 +0800] "POST /xingrg/kc/buy/cgsh_order_operate.html HTTP/1.1" 200 37
116.224.123.211 - - [30/Jul/2022:09:21:03 +0800] "POST /xingrg/kc/buy/cgsh_order_operate.html HTTP/1.1" 200 12
116.224.123.211 - - [30/Jul/2022:09:21:03 +0800] "GET /xingrg/kc/buy/cgsh_order_info.html?code=212022073007956 HTTP/1.1" 200 62890
116.224.123.211 - - [30/Jul/2022:09:21:04 +0800] "GET /xingrg/javascript/easyui/themes/default/validatebox.css HTTP/1.1" 404 1104
116.224.123.211 - - [30/Jul/2022:09:21:04 +0800] "POST /xingrg/kc/buy/cgsh_order_operate.html HTTP/1.1" 200 616
116.224.255.128 - - [30/Jul/2022:09:21:05 +0800] "GET /xingrg/all/function/internal_message.html?_=1659144061264&CODE_STATE=getMsg HTTP/1.1" 200 27
116.224.123.211 - - [30/Jul/2022:09:21:07 +0800] "GET /xingrg/kc/print/load_data.html?order_code=212022073007956&kc_code=cgsh&condition= HTTP/1.1" 200 767
116.224.123.211 - - [30/Jul/2022:09:21:10 +0800] "GET /xingrg/kc/buy/cgsh_order_add.html HTTP/1.1" 200 67985
116.224.123.211 - - [30/Jul/2022:09:21:11 +0800] "POST /xingrg/kc/buy/cgsh_order_operate.html HTTP/1.1" 200 8245
116.224.123.211 - - [30/Jul/2022:09:21:11 +0800] "GET /xingrg/javascript/easyui/themes/default/validatebox.css HTTP/1.1" 404 1104
180.169.147.146 - - [30/Jul/2022:09:21:14 +0800] "GET /xingrg/all/function/internal_message.html?_=1659144069274&CODE_STATE=getMsg HTTP/1.1" 200 27
116.224.123.211 - - [30/Jul/2022:09:21:21 +0800] "GET /xingrg/kc/buy/cgsh_order_operate.html?command=get_materiel&rest_code=00102&code=00101002006&supplier_code=00100091&order_time=2022-07-29 HTTP/1.1" 200 434
116.224.123.211 - - [30/Jul/2022:09:21:21 +0800] "GET /xingrg/all/function/internal_message.html?_=1659144077004&CODE_STATE=getMsg HTTP/1.1" 200 27
180.169.147.146 - - [30/Jul/2022:09:21:21 +0800] "GET /xingrg/all/function/internal_message.html?_=1659144076608&CODE_STATE=getMsg HTTP/1.1" 200 27
120.253.135.82 - - [30/Jul/2022:09:21:24 +0800] "GET /xingrg/all/function/internal_message.html?_=1659143889486&CODE_STATE=getMsg HTTP/1.1" 200 27
61.165.20.118 - - [30/Jul/2022:09:21:26 +0800] "GET /xingrg/all/function/internal_message.html?_=1659143965000&CODE_STATE=getMsg HTTP/1.1" 200 27
116.224.123.211 - - [30/Jul/2022:09:21:29 +0800] "GET /xingrg/all/function/internal_message.html?_=1659144086910&CODE_STATE=getMsg HTTP/1.1" 200 27
116.224.123.211 - - [30/Jul/2022:09:21:30 +0800] "POST /xingrg/kc/buy/cgsh_order_operate.html HTTP/1.1" 200 37
116.224.123.211 - - [30/Jul/2022:09:21:32 +0800] "POST /xingrg/kc/buy/cgsh_order_operate.html HTTP/1.1" 200 12
116.224.123.211 - - [30/Jul/2022:09:21:33 +0800] "GET /xingrg/kc/buy/cgsh_order_info.html?code=212022073007957 HTTP/1.1" 200 62892
116.224.123.211 - - [30/Jul/2022:09:21:34 +0800] "GET /xingrg/javascript/easyui/themes/default/validatebox.css HTTP/1.1" 404 1104
116.224.123.211 - - [30/Jul/2022:09:21:34 +0800] "POST /xingrg/kc/buy/cgsh_order_operate.html HTTP/1.1" 200 611
116.224.123.211 - - [30/Jul/2022:09:21:35 +0800] "GET /xingrg/kc/print/load_data.html?order_code=212022073007957&kc_code=cgsh&condition= HTTP/1.1" 200 772
124.78.154.216 - - [30/Jul/2022:09:21:37 +0800] "GET /xingrg/all/function/internal_message.html?_=1659144098915&CODE_STATE=getMsg HTTP/1.1" 200 27
222.69.129.110 - - [30/Jul/2022:09:21:38 +0800] "GET /xingrg/all/function/internal_message.html?_=1659144150779&CODE_STATE=getMsg HTTP/1.1" 200 27
116.224.123.211 - - [30/Jul/2022:09:21:38 +0800] "GET /xingrg/kc/buy/cgsh_order_add.html HTTP/1.1" 200 67985
116.224.123.211 - - [30/Jul/2022:09:21:39 +0800] "POST /xingrg/kc/buy/cgsh_order_operate.html HTTP/1.1" 200 8245
218.81.223.53 - - [30/Jul/2022:09:21:39 +0800] "GET /xingrg/all/function/internal_message.html?_=1659144103615&CODE_STATE=getMsg HTTP/1.1" 200 27
116.224.123.211 - - [30/Jul/2022:09:21:39 +0800] "GET /xingrg/javascript/easyui/themes/default/validatebox.css HTTP/1.1" 404 1104
222.69.129.110 - - [30/Jul/2022:09:21:44 +0800] "GET /xingrg/kc/buy/cgsh_order_operate.html?command=get_materiel&rest_code=00154&code=00101029105&supplier_code=00100427&order_time=2022-07-30 HTTP/1.1" 200 439
180.169.147.146 - - [30/Jul/2022:09:21:45 +0800] "GET /xingrg/all/function/internal_message.html?_=1659144101953&CODE_STATE=getMsg HTTP/1.1" 200 27
61.165.20.118 - - [30/Jul/2022:09:21:47 +0800] "GET /xingrg/all/function/internal_message.html?_=1659144103848&CODE_STATE=getMsg HTTP/1.1" 200 27
116.232.194.65 - - [30/Jul/2022:09:21:50 +0800] "GET /xingrg/all/function/internal_message.html?_=1659144098339&CODE_STATE=getMsg HTTP/1.1" 200 27
116.224.123.211 - - [30/Jul/2022:09:21:53 +0800] "GET /xingrg/kc/buy/cgsh_order_operate.html?command=get_materiel&rest_code=00102&code=00101007032&supplier_code=00100328&order_time=2022-07-29 HTTP/1.1" 200 432
58.40.7.146 - - [30/Jul/2022:09:21:54 +0800] "GET /xingrg/all/function/internal_message.html?_=1659144110770&CODE_STATE=getMsg HTTP/1.1" 302 -
101.80.228.36 - - [30/Jul/2022:09:21:55 +0800] "GET /xingrg/all/function/internal_message.html?_=1659144113132&CODE_STATE=getMsg HTTP/1.1" 200 27
116.224.123.211 - - [30/Jul/2022:09:22:00 +0800] "POST /xingrg/kc/buy/cgsh_order_operate.html HTTP/1.1" 200 37
116.224.123.211 - - [30/Jul/2022:09:22:03 +0800] "POST /xingrg/kc/buy/cgsh_order_operate.html HTTP/1.1" 200 12
116.224.123.211 - - [30/Jul/2022:09:22:04 +0800] "GET /xingrg/kc/buy/cgsh_order_info.html?code=212022073007958 HTTP/1.1" 200 62892
116.224.123.211 - - [30/Jul/2022:09:22:04 +0800] "GET /xingrg/javascript/easyui/themes/default/validatebox.css HTTP/1.1" 404 1104
116.224.255.128 - - [30/Jul/2022:09:22:05 +0800] "GET /xingrg/all/function/internal_message.html?_=1659144121256&CODE_STATE=getMsg HTTP/1.1" 200 27
116.224.123.211 - - [30/Jul/2022:09:22:05 +0800] "POST /xingrg/kc/buy/cgsh_order_operate.html HTTP/1.1" 200 608
116.224.123.211 - - [30/Jul/2022:09:22:06 +0800] "GET /xingrg/kc/print/load_data.html?order_code=212022073007958&kc_code=cgsh&condition= HTTP/1.1" 200 700
116.224.123.211 - - [30/Jul/2022:09:22:08 +0800] "GET /xingrg/kc/buy/cgsh_order_add.html HTTP/1.1" 200 67985
116.224.123.211 - - [30/Jul/2022:09:22:09 +0800] "POST /xingrg/kc/buy/cgsh_order_operate.html HTTP/1.1" 200 8245
116.224.123.211 - - [30/Jul/2022:09:22:09 +0800] "GET /xingrg/javascript/easyui/themes/default/validatebox.css HTTP/1.1" 404 1104
180.169.147.146 - - [30/Jul/2022:09:22:14 +0800] "GET /xingrg/all/function/internal_message.html?_=1659144129274&CODE_STATE=getMsg HTTP/1.1" 200 27
101.83.240.137 - - [30/Jul/2022:09:22:15 +0800] "POST /xingrg/services/DataTransmitService HTTP/1.1" 200 524
101.83.240.137 - - [30/Jul/2022:09:22:16 +0800] "POST /xingrg/services/DataTransmitService HTTP/1.1" 200 2159
116.224.123.211 - - [30/Jul/2022:09:22:21 +0800] "GET /xingrg/all/function/internal_message.html?_=1659144136984&CODE_STATE=getMsg HTTP/1.1" 200 27
180.169.147.146 - - [30/Jul/2022:09:22:21 +0800] "GET /xingrg/all/function/internal_message.html?_=1659144136612&CODE_STATE=getMsg HTTP/1.1" 200 27
116.224.123.211 - - [30/Jul/2022:09:22:21 +0800] "GET /xingrg/kc/buy/cgsh_order_operate.html?command=get_materiel&rest_code=00102&code=00101005054&supplier_code=00100484&order_time=2022-07-29 HTTP/1.1" 200 442
61.165.20.118 - - [30/Jul/2022:09:22:26 +0800] "GET /xingrg/all/function/internal_message.html?_=1659144024984&CODE_STATE=getMsg HTTP/1.1" 200 27
180.169.147.146 - - [30/Jul/2022:09:22:28 +0800] "POST /xingrg/all/user/operate.html HTTP/1.1" 200 36
180.169.147.146 - - [30/Jul/2022:09:22:28 +0800] "GET /xingrg/index.html?sysBaseUrl=http%3A%2F%2F180.169.147.146%3A18081%2Fxingrg%2F&costTime=40×tamp=1659144014171 HTTP/1.1" 200 17509
180.169.147.146 - - [30/Jul/2022:09:22:28 +0800] "GET /xingrg/javascript/jquery_easy_ui/themes/icon.css HTTP/1.1" 304 -
180.169.147.146 - - [30/Jul/2022:09:22:28 +0800] "GET /xingrg/javascript/jquery.form.js HTTP/1.1" 304 -
180.169.147.146 - - [30/Jul/2022:09:22:28 +0800] "GET /xingrg/javascript/jquery.utils.js HTTP/1.1" 304 -
180.169.147.146 - - [30/Jul/2022:09:22:28 +0800] "GET /xingrg/javascript/jquery.timers.js HTTP/1.1" 304 -
180.169.147.146 - - [30/Jul/2022:09:22:28 +0800] "GET /xingrg/images/blue/jxLogo.png HTTP/1.1" 304 -
180.169.147.146 - - [30/Jul/2022:09:22:28 +0800] "GET /xingrg/javascript/jquery_easy_ui/themes/default/easyui.css HTTP/1.1" 304 -
180.169.147.146 - - [30/Jul/2022:09:22:28 +0800] "GET /xingrg/css/form.css HTTP/1.1" 304 -
180.169.147.146 - - [30/Jul/2022:09:22:28 +0800] "GET /xingrg/javascript/jquery-1.4.2.min.js HTTP/1.1" 304 -
180.169.147.146 - - [30/Jul/2022:09:22:28 +0800] "GET /xingrg/javascript/jquery_easy_ui/jquery.easyui.min.js HTTP/1.1" 304 -
180.169.147.146 - - [30/Jul/2022:09:22:29 +0800] "GET /xingrg/javascript/jquery_easy_ui/easyui-lang-zh_CN.js HTTP/1.1" 304 -
180.169.147.146 - - [30/Jul/2022:09:22:29 +0800] "GET /xingrg/javascript/jquery_easy_ui/themes/icons/settle_new.png HTTP/1.1" 304 -
180.169.147.146 - - [30/Jul/2022:09:22:29 +0800] "GET /xingrg/images/blue/navBackgound.jpg HTTP/1.1" 304 -
180.169.147.146 - - [30/Jul/2022:09:22:29 +0800] "POST /xingrg/all/common/load_tree.html?tree=area_rest_tree_json&manage=1 HTTP/1.1" 200 3472
180.169.147.146 - - [30/Jul/2022:09:22:29 +0800] "GET /xingrg/all/function/internal_message.html?_=1659144143669&CODE_STATE=count HTTP/1.1" 200 11
180.169.147.146 - - [30/Jul/2022:09:22:29 +0800] "GET /xingrg/check_reg.html?_=1659144143669 HTTP/1.1" 200 22
180.169.147.146 - - [30/Jul/2022:09:22:29 +0800] "GET /xingrg/javascript/jquery_easy_ui/themes/default/images/tabs_rightarrow.png HTTP/1.1" 304 -
180.169.147.146 - - [30/Jul/2022:09:22:29 +0800] "GET /xingrg/javascript/jquery_easy_ui/themes/default/images/panel_tool_expand.gif HTTP/1.1" 304 -
180.169.147.146 - - [30/Jul/2022:09:22:29 +0800] "GET /xingrg/javascript/jquery_easy_ui/themes/default/images/panel_tool_collapse.gif HTTP/1.1" 304 -
180.169.147.146 - - [30/Jul/2022:09:22:29 +0800] "GET /xingrg/images/blue/pingpu.png HTTP/1.1" 304 -
180.169.147.146 - - [30/Jul/2022:09:22:29 +0800] "GET /xingrg/javascript/jquery_easy_ui/themes/default/images/tabs_leftarrow.png HTTP/1.1" 304 -
180.169.147.146 - - [30/Jul/2022:09:22:29 +0800] "POST /xingrg/load_menu.html HTTP/1.1" 200 9959
116.224.123.211 - - [30/Jul/2022:09:22:29 +0800] "GET /xingrg/all/function/internal_message.html?_=1659144146912&CODE_STATE=getMsg HTTP/1.1" 200 27
116.224.123.211 - - [30/Jul/2022:09:22:32 +0800] "POST /xingrg/kc/buy/cgsh_order_operate.html HTTP/1.1" 200 37
124.78.154.216 - - [30/Jul/2022:09:22:37 +0800] "GET /xingrg/all/function/internal_message.html?_=1659144158915&CODE_STATE=getMsg HTTP/1.1" 200 27
222.69.129.110 - - [30/Jul/2022:09:22:38 +0800] "GET /xingrg/all/function/internal_message.html?_=1659144210797&CODE_STATE=getMsg HTTP/1.1" 200 27
116.224.255.128 - - [30/Jul/2022:09:22:38 +0800] "POST /xingrg/services/DataTransmitService HTTP/1.1" 200 524
218.81.223.53 - - [30/Jul/2022:09:22:39 +0800] "GET /xingrg/all/function/internal_message.html?_=1659144163838&CODE_STATE=getMsg HTTP/1.1" 200 27
116.224.255.128 - - [30/Jul/2022:09:22:39 +0800] "POST /xingrg/services/DataTransmitService HTTP/1.1" 200 412
116.224.123.211 - - [30/Jul/2022:09:22:41 +0800] "POST /xingrg/kc/buy/cgsh_order_operate.html HTTP/1.1" 200 12
116.224.123.211 - - [30/Jul/2022:09:22:42 +0800] "GET /xingrg/kc/buy/cgsh_order_info.html?code=212022073007959 HTTP/1.1" 200 62894
116.224.123.211 - - [30/Jul/2022:09:22:43 +0800] "GET /xingrg/javascript/easyui/themes/default/validatebox.css HTTP/1.1" 404 1104
116.224.123.211 - - [30/Jul/2022:09:22:43 +0800] "POST /xingrg/kc/buy/cgsh_order_operate.html HTTP/1.1" 200 621
116.224.123.211 - - [30/Jul/2022:09:22:44 +0800] "GET /xingrg/kc/print/load_data.html?order_code=212022073007959&kc_code=cgsh&condition= HTTP/1.1" 200 713
180.169.147.146 - - [30/Jul/2022:09:22:45 +0800] "GET /xingrg/all/function/internal_message.html?_=1659144161950&CODE_STATE=getMsg HTTP/1.1" 200 27
116.224.123.211 - - [30/Jul/2022:09:22:47 +0800] "GET /xingrg/kc/buy/cgsh_order_add.html HTTP/1.1" 200 67985
116.224.123.211 - - [30/Jul/2022:09:22:47 +0800] "POST /xingrg/kc/buy/cgsh_order_operate.html HTTP/1.1" 200 8245
116.224.123.211 - - [30/Jul/2022:09:22:47 +0800] "GET /xingrg/javascript/easyui/themes/default/validatebox.css HTTP/1.1" 404 1104
61.165.20.118 - - [30/Jul/2022:09:22:47 +0800] "GET /xingrg/all/function/internal_message.html?_=1659144163840&CODE_STATE=getMsg HTTP/1.1" 200 27
116.232.194.65 - - [30/Jul/2022:09:22:50 +0800] "GET /xingrg/all/function/internal_message.html?_=1659144158317&CODE_STATE=getMsg HTTP/1.1" 200 27
58.40.7.146 - - [30/Jul/2022:09:22:54 +0800] "GET /xingrg/all/function/internal_message.html?_=1659144170771&CODE_STATE=getMsg HTTP/1.1" 302 -
101.80.228.36 - - [30/Jul/2022:09:22:55 +0800] "GET /xingrg/all/function/internal_message.html?_=1659144173134&CODE_STATE=getMsg HTTP/1.1" 200 27
116.224.123.211 - - [30/Jul/2022:09:22:55 +0800] "GET /xingrg/kc/buy/cgsh_order_operate.html?command=get_materiel&rest_code=00102&code=00101010161&supplier_code=00100316&order_time=2022-07-29 HTTP/1.1" 200 428
116.224.255.128 - - [30/Jul/2022:09:23:05 +0800] "GET /xingrg/all/function/internal_message.html?_=1659144181264&CODE_STATE=getMsg HTTP/1.1" 200 27
116.224.255.128 - - [30/Jul/2022:09:23:05 +0800] "GET /xingrg/check_reg.html?_=1659144181268 HTTP/1.1" 200 22
116.224.123.211 - - [30/Jul/2022:09:23:06 +0800] "GET /xingrg/kc/buy/cgsh_order_operate.html?command=get_materiel&rest_code=00102&code=00101005059&supplier_code=00100316&order_time=2022-07-29 HTTP/1.1" 200 411
116.224.123.211 - - [30/Jul/2022:09:23:15 +0800] "POST /xingrg/kc/buy/cgsh_order_operate.html HTTP/1.1" 200 37
116.224.123.211 - - [30/Jul/2022:09:23:18 +0800] "POST /xingrg/kc/buy/cgsh_order_operate.html HTTP/1.1" 200 12
116.224.123.211 - - [30/Jul/2022:09:23:19 +0800] "GET /xingrg/kc/buy/cgsh_order_info.html?code=212022073007960 HTTP/1.1" 200 62892
116.224.123.211 - - [30/Jul/2022:09:23:19 +0800] "GET /xingrg/javascript/easyui/themes/default/validatebox.css HTTP/1.1" 404 1104
116.224.123.211 - - [30/Jul/2022:09:23:20 +0800] "POST /xingrg/kc/buy/cgsh_order_operate.html HTTP/1.1" 200 1199
116.224.123.211 - - [30/Jul/2022:09:23:20 +0800] "GET /xingrg/kc/print/load_data.html?order_code=212022073007960&kc_code=cgsh&condition= HTTP/1.1" 200 928
180.169.147.146 - - [30/Jul/2022:09:23:21 +0800] "GET /xingrg/all/function/internal_message.html?_=1659144196614&CODE_STATE=getMsg HTTP/1.1" 200 27
116.224.123.211 - - [30/Jul/2022:09:23:21 +0800] "GET /xingrg/all/function/internal_message.html?_=1659144197526&CODE_STATE=getMsg HTTP/1.1" 200 27
116.224.123.211 - - [30/Jul/2022:09:23:23 +0800] "GET /xingrg/kc/buy/cgsh_order_add.html HTTP/1.1" 200 67985
116.224.123.211 - - [30/Jul/2022:09:23:24 +0800] "GET /xingrg/javascript/easyui/themes/default/validatebox.css HTTP/1.1" 404 1104
116.224.123.211 - - [30/Jul/2022:09:23:24 +0800] "POST /xingrg/kc/buy/cgsh_order_operate.html HTTP/1.1" 200 8245
61.165.20.118 - - [30/Jul/2022:09:23:26 +0800] "GET /xingrg/all/function/internal_message.html?_=1659144084968&CODE_STATE=getMsg HTTP/1.1" 200 27
