116.224.255.128 - - [30/Jul/2022:11:41:42 +0800] "GET /xingrg/all/function/internal_message.html?_=1659152498755&CODE_STATE=getMsg HTTP/1.1" 200 27
61.165.20.118 - - [30/Jul/2022:11:41:44 +0800] "GET /xingrg/all/function/internal_message.html?_=1659152501023&CODE_STATE=getMsg HTTP/1.1" 200 27
116.224.123.211 - - [30/Jul/2022:11:41:45 +0800] "GET /xingrg/check_reg.html?_=1659152502618 HTTP/1.1" 200 22
124.78.154.216 - - [30/Jul/2022:11:41:46 +0800] "GET /xingrg/all/function/internal_message.html?_=1659152507864&CODE_STATE=getMsg HTTP/1.1" 200 27
116.232.194.65 - - [30/Jul/2022:11:41:48 +0800] "GET /xingrg/all/function/internal_message.html?_=1659152495982&CODE_STATE=getMsg HTTP/1.1" 200 27
218.81.223.53 - - [30/Jul/2022:11:41:50 +0800] "GET /xingrg/all/function/internal_message.html?_=1659152515580&CODE_STATE=getMsg HTTP/1.1" 200 27
61.165.20.118 - - [30/Jul/2022:11:41:52 +0800] "GET /xingrg/kc/buy/cgsh_order_operate.html?command=get_materiel&rest_code=00105&code=00101028016&supplier_code=00100017&order_time=2022-07-30 HTTP/1.1" 200 447
58.40.7.146 - - [30/Jul/2022:11:41:52 +0800] "GET /xingrg/all/function/internal_message.html?_=1659152509266&CODE_STATE=getMsg HTTP/1.1" 200 27
124.78.154.216 - - [30/Jul/2022:11:41:55 +0800] "POST /xingrg/kc/buy/cgsh_order_operate.html HTTP/1.1" 200 2065
101.80.228.36 - - [30/Jul/2022:11:41:55 +0800] "GET /xingrg/all/function/internal_message.html?_=1659152513125&CODE_STATE=getMsg HTTP/1.1" 200 27
120.253.135.82 - - [30/Jul/2022:11:41:56 +0800] "GET /xingrg/all/function/internal_message.html?_=1659152321231&CODE_STATE=getMsg HTTP/1.1" 200 27
101.83.240.137 - - [30/Jul/2022:11:42:02 +0800] "GET /xingrg/all/function/internal_message.html?_=1659152517733&CODE_STATE=getMsg HTTP/1.1" 200 27
124.78.154.216 - - [30/Jul/2022:11:42:07 +0800] "GET /xingrg/kc/buy/cgsh_order_operate.html?command=get_materiel&rest_code=00106&code=00101008353&supplier_code=00100007&order_time=2022-07-30 HTTP/1.1" 200 424
114.86.227.20 - - [30/Jul/2022:11:42:08 +0800] "GET /xingrg/all/function/internal_message.html?_=1659152525403&CODE_STATE=getMsg HTTP/1.1" 200 27
180.169.147.146 - - [30/Jul/2022:11:42:09 +0800] "GET /xingrg/all/function/internal_message.html?_=1659152525771&CODE_STATE=getMsg HTTP/1.1" 200 27
61.165.20.118 - - [30/Jul/2022:11:42:15 +0800] "GET /xingrg/kc/buy/cgsh_order_operate.html?command=get_materiel&rest_code=00105&code=00101029003&supplier_code=00100017&order_time=2022-07-30 HTTP/1.1" 200 476
180.162.109.37 - - [30/Jul/2022:11:42:19 +0800] "GET /xingrg/all/function/internal_message.html?_=1659151729296&CODE_STATE=getMsg HTTP/1.1" 200 27
180.169.147.146 - - [30/Jul/2022:11:42:21 +0800] "GET /xingrg/all/function/internal_message.html?_=1659152536667&CODE_STATE=getMsg HTTP/1.1" 200 27
124.78.154.216 - - [30/Jul/2022:11:42:22 +0800] "GET /xingrg/kc/buy/cgsh_order_operate.html?command=get_materiel&rest_code=00106&code=00101008523&supplier_code=00100007&order_time=2022-07-30 HTTP/1.1" 200 413
114.88.158.224 - - [30/Jul/2022:11:42:23 +0800] "GET /xingrg/all/function/internal_message.html?_=1659152226009&CODE_STATE=getMsg HTTP/1.1" 200 27
61.165.20.118 - - [30/Jul/2022:11:42:24 +0800] "GET /xingrg/all/function/internal_message.html?_=1659152422690&CODE_STATE=getMsg HTTP/1.1" 200 27
61.165.20.118 - - [30/Jul/2022:11:42:25 +0800] "GET /xingrg/all/function/internal_message.html?_=1659152593842&CODE_STATE=getMsg HTTP/1.1" 200 27
101.85.120.95 - - [30/Jul/2022:11:42:26 +0800] "GET /xingrg/check_reg.html?_=1659152542959 HTTP/1.1" 200 22
101.85.120.95 - - [30/Jul/2022:11:42:26 +0800] "GET /xingrg/all/function/internal_message.html?_=1659152542960&CODE_STATE=getMsg HTTP/1.1" 200 27
101.83.240.137 - - [30/Jul/2022:11:42:28 +0800] "GET /favicon.ico HTTP/1.1" 404 -
116.224.123.211 - - [30/Jul/2022:11:42:31 +0800] "GET /xingrg/all/function/internal_message.html?_=1659152547956&CODE_STATE=getMsg HTTP/1.1" 200 27
222.69.129.110 - - [30/Jul/2022:11:42:36 +0800] "GET /xingrg/all/function/internal_message.html?_=1659152608846&CODE_STATE=getMsg HTTP/1.1" 200 27
180.169.147.146 - - [30/Jul/2022:11:42:37 +0800] "GET /xingrg/all/function/internal_message.html?_=1659152551317&CODE_STATE=getMsg HTTP/1.1" 200 27
116.224.255.128 - - [30/Jul/2022:11:42:42 +0800] "GET /xingrg/all/function/internal_message.html?_=1659152558729&CODE_STATE=getMsg HTTP/1.1" 200 27
124.78.154.216 - - [30/Jul/2022:11:42:44 +0800] "GET /xingrg/kc/buy/cgsh_order_operate.html?command=get_materiel&rest_code=00106&code=00101008283&supplier_code=00100007&order_time=2022-07-30 HTTP/1.1" 200 408
61.165.20.118 - - [30/Jul/2022:11:42:44 +0800] "GET /xingrg/all/function/internal_message.html?_=1659152561004&CODE_STATE=getMsg HTTP/1.1" 200 27
124.78.154.216 - - [30/Jul/2022:11:42:46 +0800] "GET /xingrg/all/function/internal_message.html?_=1659152567873&CODE_STATE=getMsg HTTP/1.1" 200 27
124.78.154.216 - - [30/Jul/2022:11:42:46 +0800] "GET /xingrg/check_reg.html?_=1659152567879 HTTP/1.1" 200 22
116.232.194.65 - - [30/Jul/2022:11:42:48 +0800] "GET /xingrg/all/function/internal_message.html?_=1659152555960&CODE_STATE=getMsg HTTP/1.1" 200 27
222.64.58.77 - - [30/Jul/2022:11:42:49 +0800] "POST /xingrg/services/DataTransmitService HTTP/1.1" 200 524
222.64.58.77 - - [30/Jul/2022:11:42:50 +0800] "POST /xingrg/services/DataTransmitService HTTP/1.1" 200 412
218.81.223.53 - - [30/Jul/2022:11:42:51 +0800] "GET /xingrg/all/function/internal_message.html?_=1659152575960&CODE_STATE=getMsg HTTP/1.1" 200 27
58.40.7.146 - - [30/Jul/2022:11:42:52 +0800] "GET /xingrg/all/function/internal_message.html?_=1659152569271&CODE_STATE=getMsg HTTP/1.1" 200 27
101.80.228.36 - - [30/Jul/2022:11:42:55 +0800] "GET /xingrg/all/function/internal_message.html?_=1659152573127&CODE_STATE=getMsg HTTP/1.1" 200 27
120.253.135.82 - - [30/Jul/2022:11:42:56 +0800] "GET /xingrg/check_reg.html?_=1659152381081 HTTP/1.1" 200 22
120.253.135.82 - - [30/Jul/2022:11:42:56 +0800] "GET /xingrg/all/function/internal_message.html?_=1659152381244&CODE_STATE=getMsg HTTP/1.1" 200 27
61.165.20.118 - - [30/Jul/2022:11:42:57 +0800] "GET /xingrg/kc/buy/cgsh_order_operate.html?command=get_materiel&rest_code=00105&code=00101029011&supplier_code=00100017&order_time=2022-07-30 HTTP/1.1" 200 482
124.78.154.216 - - [30/Jul/2022:11:42:58 +0800] "GET /xingrg/kc/buy/cgsh_order_operate.html?command=get_materiel&rest_code=00106&code=00101008182&supplier_code=00100007&order_time=2022-07-30 HTTP/1.1" 200 432
101.83.240.137 - - [30/Jul/2022:11:43:02 +0800] "GET /xingrg/all/function/internal_message.html?_=1659152577724&CODE_STATE=getMsg HTTP/1.1" 200 27
114.86.227.20 - - [30/Jul/2022:11:43:08 +0800] "GET /xingrg/all/function/internal_message.html?_=1659152585400&CODE_STATE=getMsg HTTP/1.1" 200 27
180.169.147.146 - - [30/Jul/2022:11:43:09 +0800] "GET /xingrg/check_reg.html?_=1659152585763 HTTP/1.1" 200 22
180.169.147.146 - - [30/Jul/2022:11:43:09 +0800] "GET /xingrg/all/function/internal_message.html?_=1659152585765&CODE_STATE=getMsg HTTP/1.1" 200 27
124.78.154.216 - - [30/Jul/2022:11:43:13 +0800] "GET /xingrg/kc/buy/cgsh_order_operate.html?command=get_materiel&rest_code=00106&code=00101008010&supplier_code=00100007&order_time=2022-07-30 HTTP/1.1" 200 412
124.78.154.216 - - [30/Jul/2022:11:43:15 +0800] "POST /xingrg/kc/buy/cgsh_order_operate.html HTTP/1.1" 200 2065
180.162.109.37 - - [30/Jul/2022:11:43:19 +0800] "GET /xingrg/check_reg.html?_=1659151789307 HTTP/1.1" 200 22
180.162.109.37 - - [30/Jul/2022:11:43:19 +0800] "GET /xingrg/all/function/internal_message.html?_=1659151789309&CODE_STATE=getMsg HTTP/1.1" 200 27
180.169.147.146 - - [30/Jul/2022:11:43:21 +0800] "GET /xingrg/all/function/internal_message.html?_=1659152596669&CODE_STATE=getMsg HTTP/1.1" 200 27
114.88.158.224 - - [30/Jul/2022:11:43:23 +0800] "GET /xingrg/all/function/internal_message.html?_=1659152286012&CODE_STATE=getMsg HTTP/1.1" 200 27
101.83.240.137 - - [30/Jul/2022:11:43:24 +0800] "GET /xingrg/login.html HTTP/1.1" 200 7641
61.165.20.118 - - [30/Jul/2022:11:43:24 +0800] "GET /xingrg/all/function/internal_message.html?_=1659152482677&CODE_STATE=getMsg HTTP/1.1" 200 27
101.83.240.137 - - [30/Jul/2022:11:43:24 +0800] "GET /favicon.ico HTTP/1.1" 404 -
61.165.20.118 - - [30/Jul/2022:11:43:25 +0800] "GET /xingrg/all/function/internal_message.html?_=1659152653842&CODE_STATE=getMsg HTTP/1.1" 200 27
101.85.120.95 - - [30/Jul/2022:11:43:26 +0800] "GET /xingrg/all/function/internal_message.html?_=1659152602959&CODE_STATE=getMsg HTTP/1.1" 200 27
124.78.154.216 - - [30/Jul/2022:11:43:31 +0800] "GET /xingrg/kc/buy/cgsh_order_operate.html?command=get_materiel&rest_code=00106&code=00101008323&supplier_code=00100007&order_time=2022-07-30 HTTP/1.1" 200 408
116.224.123.211 - - [30/Jul/2022:11:43:31 +0800] "GET /xingrg/all/function/internal_message.html?_=1659152607969&CODE_STATE=getMsg HTTP/1.1" 200 27
101.83.240.137 - - [30/Jul/2022:11:43:33 +0800] "POST /xingrg/login.do HTTP/1.1" 302 -
101.83.240.137 - - [30/Jul/2022:11:43:33 +0800] "GET /xingrg/index.html?sysBaseUrl=http%3A%2F%2F180.169.147.146%3A18081%2Fxingrg%2F&costTime=56×tamp=1659152613593 HTTP/1.1" 200 17419
101.83.240.137 - - [30/Jul/2022:11:43:33 +0800] "GET /favicon.ico HTTP/1.1" 404 -
101.83.240.137 - - [30/Jul/2022:11:43:33 +0800] "POST /xingrg/all/common/load_tree.html?tree=area_rest_tree_json&manage=1 HTTP/1.1" 200 351
101.83.240.137 - - [30/Jul/2022:11:43:33 +0800] "GET /xingrg/all/function/internal_message.html?_=1659152610209&CODE_STATE=count HTTP/1.1" 200 11
101.83.240.137 - - [30/Jul/2022:11:43:33 +0800] "GET /xingrg/check_reg.html?_=1659152610210 HTTP/1.1" 200 22
101.83.240.137 - - [30/Jul/2022:11:43:33 +0800] "POST /xingrg/load_menu.html HTTP/1.1" 200 9959
222.69.129.110 - - [30/Jul/2022:11:43:36 +0800] "GET /xingrg/all/function/internal_message.html?_=1659152668828&CODE_STATE=getMsg HTTP/1.1" 200 27
180.169.147.146 - - [30/Jul/2022:11:43:37 +0800] "GET /xingrg/all/function/internal_message.html?_=1659152611291&CODE_STATE=getMsg HTTP/1.1" 200 27
222.69.129.110 - - [30/Jul/2022:11:43:38 +0800] "GET /xingrg/check_reg.html?_=1659152670787 HTTP/1.1" 200 22
61.165.20.118 - - [30/Jul/2022:11:43:39 +0800] "GET /xingrg/kc/buy/cgsh_order_operate.html?command=get_materiel&rest_code=00105&code=00101029009&supplier_code=00100017&order_time=2022-07-30 HTTP/1.1" 200 479
116.224.255.128 - - [30/Jul/2022:11:43:42 +0800] "GET /xingrg/all/function/internal_message.html?_=1659152618699&CODE_STATE=getMsg HTTP/1.1" 200 27
61.165.20.118 - - [30/Jul/2022:11:43:44 +0800] "GET /xingrg/all/function/internal_message.html?_=1659152620975&CODE_STATE=getMsg HTTP/1.1" 200 27
124.78.154.216 - - [30/Jul/2022:11:43:46 +0800] "GET /xingrg/all/function/internal_message.html?_=1659152627868&CODE_STATE=getMsg HTTP/1.1" 200 27
61.165.20.118 - - [30/Jul/2022:11:43:47 +0800] "GET /xingrg/check_reg.html?_=1659152623985 HTTP/1.1" 200 22
116.232.194.65 - - [30/Jul/2022:11:43:48 +0800] "GET /xingrg/all/function/internal_message.html?_=1659152615937&CODE_STATE=getMsg HTTP/1.1" 200 27
218.81.223.53 - - [30/Jul/2022:11:43:51 +0800] "GET /xingrg/all/function/internal_message.html?_=1659152635965&CODE_STATE=getMsg HTTP/1.1" 200 27
58.40.7.146 - - [30/Jul/2022:11:43:52 +0800] "GET /xingrg/all/function/internal_message.html?_=1659152629275&CODE_STATE=getMsg HTTP/1.1" 200 27
58.40.7.146 - - [30/Jul/2022:11:43:52 +0800] "GET /xingrg/check_reg.html?_=1659152629277 HTTP/1.1" 200 22
101.80.228.36 - - [30/Jul/2022:11:43:55 +0800] "GET /xingrg/all/function/internal_message.html?_=1659152633127&CODE_STATE=getMsg HTTP/1.1" 200 27
124.78.154.216 - - [30/Jul/2022:11:43:56 +0800] "GET /xingrg/kc/buy/cgsh_order_operate.html?command=get_materiel&rest_code=00106&code=00101008331&supplier_code=00100007&order_time=2022-07-30 HTTP/1.1" 200 416
120.253.135.82 - - [30/Jul/2022:11:43:56 +0800] "GET /xingrg/all/function/internal_message.html?_=1659152441257&CODE_STATE=getMsg HTTP/1.1" 200 27
61.165.20.118 - - [30/Jul/2022:11:43:57 +0800] "GET /xingrg/check_reg.html?_=1659152515545 HTTP/1.1" 200 22
101.83.240.137 - - [30/Jul/2022:11:44:02 +0800] "GET /xingrg/all/function/internal_message.html?_=1659152637710&CODE_STATE=getMsg HTTP/1.1" 200 27
101.83.240.137 - - [30/Jul/2022:11:44:05 +0800] "GET /xingrg/check_reg.html?_=1659152640025 HTTP/1.1" 200 22
114.86.227.20 - - [30/Jul/2022:11:44:08 +0800] "GET /xingrg/all/function/internal_message.html?_=1659152645409&CODE_STATE=getMsg HTTP/1.1" 200 27
180.169.147.146 - - [30/Jul/2022:11:44:09 +0800] "GET /xingrg/all/function/internal_message.html?_=1659152645755&CODE_STATE=getMsg HTTP/1.1" 200 27
61.165.20.118 - - [30/Jul/2022:11:44:16 +0800] "POST /xingrg/kc/buy/cgsh_order_operate.html HTTP/1.1" 200 37
61.165.20.118 - - [30/Jul/2022:11:44:17 +0800] "POST /xingrg/kc/buy/cgsh_order_operate.html HTTP/1.1" 200 5207
124.78.154.216 - - [30/Jul/2022:11:44:19 +0800] "GET /xingrg/kc/buy/cgsh_order_operate.html?command=get_materiel&rest_code=00106&code=00101008224&supplier_code=00100007&order_time=2022-07-30 HTTP/1.1" 200 432
61.165.20.118 - - [30/Jul/2022:11:44:20 +0800] "GET /xingrg/kc/print/load_data.html?order_code=212022073008036&kc_code=cgsh&condition= HTTP/1.1" 200 1819
180.169.147.146 - - [30/Jul/2022:11:44:21 +0800] "GET /xingrg/all/function/internal_message.html?_=1659152656671&CODE_STATE=getMsg HTTP/1.1" 200 27
180.162.109.37 - - [30/Jul/2022:11:44:22 +0800] "POST /xingrg/kc/buy/cgsh_order_operate.html HTTP/1.1" 200 37
114.88.158.224 - - [30/Jul/2022:11:44:23 +0800] "GET /xingrg/all/function/internal_message.html?_=1659152346011&CODE_STATE=getMsg HTTP/1.1" 200 27
180.162.109.37 - - [30/Jul/2022:11:44:24 +0800] "POST /xingrg/kc/buy/cgsh_order_operate.html HTTP/1.1" 200 3242
61.165.20.118 - - [30/Jul/2022:11:44:24 +0800] "GET /xingrg/all/function/internal_message.html?_=1659152542660&CODE_STATE=getMsg HTTP/1.1" 200 27
61.165.20.118 - - [30/Jul/2022:11:44:25 +0800] "GET /xingrg/all/function/internal_message.html?_=1659152713868&CODE_STATE=getMsg HTTP/1.1" 200 27
101.85.120.95 - - [30/Jul/2022:11:44:26 +0800] "GET /xingrg/all/function/internal_message.html?_=1659152662957&CODE_STATE=getMsg HTTP/1.1" 200 27
116.224.123.211 - - [30/Jul/2022:11:44:31 +0800] "GET /xingrg/all/function/internal_message.html?_=1659152667966&CODE_STATE=getMsg HTTP/1.1" 200 27
124.78.154.216 - - [30/Jul/2022:11:44:32 +0800] "GET /xingrg/kc/buy/cgsh_order_operate.html?command=get_materiel&rest_code=00106&code=00101008223&supplier_code=00100007&order_time=2022-07-30 HTTP/1.1" 200 412
180.162.109.37 - - [30/Jul/2022:11:44:33 +0800] "POST /xingrg/kc/buy/cgsh_list_operate.html HTTP/1.1" 200 1460
101.83.240.137 - - [30/Jul/2022:11:44:33 +0800] "GET /xingrg/all/function/internal_message.html?_=1659152670221&CODE_STATE=getMsg HTTP/1.1" 200 27
124.78.154.216 - - [30/Jul/2022:11:44:34 +0800] "POST /xingrg/kc/buy/cgsh_order_operate.html HTTP/1.1" 200 2065
222.69.129.110 - - [30/Jul/2022:11:44:36 +0800] "GET /xingrg/all/function/internal_message.html?_=1659152728821&CODE_STATE=getMsg HTTP/1.1" 200 27
180.169.147.146 - - [30/Jul/2022:11:44:37 +0800] "GET /xingrg/all/function/internal_message.html?_=1659152671274&CODE_STATE=getMsg HTTP/1.1" 200 27
180.169.147.146 - - [30/Jul/2022:11:44:37 +0800] "GET /xingrg/check_reg.html?_=1659152671353 HTTP/1.1" 200 22
116.224.255.128 - - [30/Jul/2022:11:44:42 +0800] "GET /xingrg/check_reg.html?_=1659152678615 HTTP/1.1" 200 22
116.224.255.128 - - [30/Jul/2022:11:44:42 +0800] "GET /xingrg/all/function/internal_message.html?_=1659152678690&CODE_STATE=getMsg HTTP/1.1" 200 27
180.162.109.37 - - [30/Jul/2022:11:44:42 +0800] "GET /xingrg/kc/base/base_main.html HTTP/1.1" 200 12142
180.162.109.37 - - [30/Jul/2022:11:44:42 +0800] "GET /xingrg/images/blue/button/wlsy.gif HTTP/1.1" 304 -
180.162.109.37 - - [30/Jul/2022:11:44:42 +0800] "GET /xingrg/images/blue/button/ckpd.gif HTTP/1.1" 304 -
180.162.109.37 - - [30/Jul/2022:11:44:42 +0800] "GET /xingrg/images/blue/button/ckdb.gif HTTP/1.1" 304 -
180.162.109.37 - - [30/Jul/2022:11:44:42 +0800] "GET /xingrg/images/blue/button/bottom_right.jpg HTTP/1.1" 304 -
180.162.109.37 - - [30/Jul/2022:11:44:42 +0800] "GET /xingrg/images/blue/button/bottom_left.jpg HTTP/1.1" 304 -
180.162.109.37 - - [30/Jul/2022:11:44:42 +0800] "GET /xingrg/images/blue/button/left_ah.jpg HTTP/1.1" 304 -
180.162.109.37 - - [30/Jul/2022:11:44:42 +0800] "GET /xingrg/images/blue/button/yddb.gif HTTP/1.1" 304 -
180.162.109.37 - - [30/Jul/2022:11:44:42 +0800] "GET /xingrg/images/blue/button/top_right.jpg HTTP/1.1" 304 -
180.162.109.37 - - [30/Jul/2022:11:44:42 +0800] "GET /xingrg/images/blue/button/top_left.jpg HTTP/1.1" 304 -
180.162.109.37 - - [30/Jul/2022:11:44:42 +0800] "GET /xingrg/images/blue/button/down.jpg HTTP/1.1" 304 -
180.162.109.37 - - [30/Jul/2022:11:44:43 +0800] "GET /xingrg/kc/base/yddb_order_list.html HTTP/1.1" 200 16754
180.162.109.37 - - [30/Jul/2022:11:44:44 +0800] "POST /xingrg/kc/base/yddb_list_operate.html HTTP/1.1" 200 636
61.165.20.118 - - [30/Jul/2022:11:44:44 +0800] "GET /xingrg/all/function/internal_message.html?_=1659152680957&CODE_STATE=getMsg HTTP/1.1" 200 27
124.78.154.216 - - [30/Jul/2022:11:44:46 +0800] "GET /xingrg/all/function/internal_message.html?_=1659152687897&CODE_STATE=getMsg HTTP/1.1" 200 27
116.232.194.65 - - [30/Jul/2022:11:44:48 +0800] "GET /xingrg/all/function/internal_message.html?_=1659152675922&CODE_STATE=getMsg HTTP/1.1" 200 27
101.83.240.137 - - [30/Jul/2022:11:44:48 +0800] "GET /xingrg/kc/report/report_main.html HTTP/1.1" 200 7340
101.83.240.137 - - [30/Jul/2022:11:44:50 +0800] "GET /xingrg/all/report/report_query.html?fileName=kc/buy/wlcg_cate_hz.xml HTTP/1.1" 200 53941
101.83.240.137 - - [30/Jul/2022:11:44:50 +0800] "GET /xingrg/dwr/interface/AjaxReportQueryService.js HTTP/1.1" 200 13203
101.83.240.137 - - [30/Jul/2022:11:44:50 +0800] "GET /xingrg/dwr/engine.js HTTP/1.1" 200 43631
101.83.240.137 - - [30/Jul/2022:11:44:50 +0800] "POST /xingrg/dwr/call/plaincall/AjaxReportQueryService.getFixDate.dwr HTTP/1.1" 200 111
101.83.240.137 - - [30/Jul/2022:11:44:50 +0800] "POST /xingrg/all/common/load_tree.html?tree=supplier_tree_json&manage=1 HTTP/1.1" 200 68157
180.162.109.37 - - [30/Jul/2022:11:44:51 +0800] "POST /xingrg/kc/base/yddb_list_operate.html HTTP/1.1" 200 3907
218.81.223.53 - - [30/Jul/2022:11:44:51 +0800] "GET /xingrg/all/function/internal_message.html?_=1659152696309&CODE_STATE=getMsg HTTP/1.1" 200 27
101.83.240.137 - - [30/Jul/2022:11:44:52 +0800] "POST /xingrg/all/common/load_tree.html?tree=materiel_sort_tree_json HTTP/1.1" 200 9388
58.40.7.146 - - [30/Jul/2022:11:44:52 +0800] "GET /xingrg/all/function/internal_message.html?_=1659152689266&CODE_STATE=getMsg HTTP/1.1" 200 27
101.83.240.137 - - [30/Jul/2022:11:44:52 +0800] "POST /xingrg/all/common/load_tree.html?tree=base_tree_json HTTP/1.1" 200 3966
101.80.228.36 - - [30/Jul/2022:11:44:55 +0800] "GET /xingrg/check_reg.html?_=1659152693129 HTTP/1.1" 200 22
101.80.228.36 - - [30/Jul/2022:11:44:55 +0800] "GET /xingrg/all/function/internal_message.html?_=1659152693131&CODE_STATE=getMsg HTTP/1.1" 200 27
120.253.135.82 - - [30/Jul/2022:11:44:57 +0800] "GET /xingrg/all/function/internal_message.html?_=1659152501271&CODE_STATE=getMsg HTTP/1.1" 200 27
218.81.223.53 - - [30/Jul/2022:11:44:57 +0800] "GET /xingrg/check_reg.html?_=1659152702219 HTTP/1.1" 200 22
101.83.240.137 - - [30/Jul/2022:11:45:02 +0800] "GET /xingrg/all/function/internal_message.html?_=1659152697688&CODE_STATE=getMsg HTTP/1.1" 200 27
180.162.109.37 - - [30/Jul/2022:11:45:04 +0800] "POST /xingrg/kc/base/yddb_list_operate.html HTTP/1.1" 200 2072
101.83.240.137 - - [30/Jul/2022:11:45:04 +0800] "POST /xingrg/dwr/call/plaincall/AjaxReportQueryService.refreshCache.dwr HTTP/1.1" 200 78
101.83.240.137 - - [30/Jul/2022:11:45:05 +0800] "POST /xingrg/all/report/load_report_page.html HTTP/1.1" 200 8712
101.83.240.137 - - [30/Jul/2022:11:45:05 +0800] "GET /xingrg/servlets/image?cache=0.7872457044490835&image=px HTTP/1.1" 200 807
101.83.240.137 - - [30/Jul/2022:11:45:07 +0800] "POST /xingrg/all/report/load_report_page.html HTTP/1.1" 200 26753
101.83.240.137 - - [30/Jul/2022:11:45:07 +0800] "GET /xingrg/servlets/image?cache=0.27111958588379115&image=px HTTP/1.1" 200 807
114.86.227.20 - - [30/Jul/2022:11:45:08 +0800] "GET /xingrg/all/function/internal_message.html?_=1659152705407&CODE_STATE=getMsg HTTP/1.1" 200 27
114.86.227.20 - - [30/Jul/2022:11:45:08 +0800] "GET /xingrg/check_reg.html?_=1659152705408 HTTP/1.1" 200 22
180.169.147.146 - - [30/Jul/2022:11:45:09 +0800] "GET /xingrg/all/function/internal_message.html?_=1659152705766&CODE_STATE=getMsg HTTP/1.1" 200 27
124.78.154.216 - - [30/Jul/2022:11:45:11 +0800] "GET /xingrg/kc/buy/cgsh_order_operate.html?command=get_materiel&rest_code=00106&code=00101008236&supplier_code=00100007&order_time=2022-07-30 HTTP/1.1" 200 432
180.162.109.37 - - [30/Jul/2022:11:45:13 +0800] "POST /xingrg/kc/base/yddb_list_operate.html HTTP/1.1" 200 215
101.83.240.137 - - [30/Jul/2022:11:45:16 +0800] "POST /xingrg/dwr/call/plaincall/AjaxReportQueryService.refreshCache.dwr HTTP/1.1" 200 78
180.162.109.37 - - [30/Jul/2022:11:45:17 +0800] "POST /xingrg/kc/base/yddb_list_operate.html HTTP/1.1" 200 205
101.83.240.137 - - [30/Jul/2022:11:45:17 +0800] "POST /xingrg/all/report/load_report_page.html HTTP/1.1" 200 81243
101.83.240.137 - - [30/Jul/2022:11:45:18 +0800] "GET /xingrg/servlets/image?cache=0.10685899529973686&image=px HTTP/1.1" 200 807
180.162.109.37 - - [30/Jul/2022:11:45:19 +0800] "GET /xingrg/all/function/internal_message.html?_=1659151909354&CODE_STATE=getMsg HTTP/1.1" 200 27
180.169.147.146 - - [30/Jul/2022:11:45:21 +0800] "GET /xingrg/all/function/internal_message.html?_=1659152716674&CODE_STATE=getMsg HTTP/1.1" 200 27
114.88.158.224 - - [30/Jul/2022:11:45:23 +0800] "GET /xingrg/all/function/internal_message.html?_=1659152406001&CODE_STATE=getMsg HTTP/1.1" 200 27
61.165.20.118 - - [30/Jul/2022:11:45:24 +0800] "GET /xingrg/all/function/internal_message.html?_=1659152602637&CODE_STATE=getMsg HTTP/1.1" 200 27
61.165.20.118 - - [30/Jul/2022:11:45:25 +0800] "GET /xingrg/all/function/internal_message.html?_=1659152773867&CODE_STATE=getMsg HTTP/1.1" 200 27
101.85.120.95 - - [30/Jul/2022:11:45:26 +0800] "GET /xingrg/all/function/internal_message.html?_=1659152722956&CODE_STATE=getMsg HTTP/1.1" 200 27
116.224.123.211 - - [30/Jul/2022:11:45:31 +0800] "GET /xingrg/check_reg.html?_=1659152727990 HTTP/1.1" 200 22
101.83.240.137 - - [30/Jul/2022:11:45:33 +0800] "GET /xingrg/all/function/internal_message.html?_=1659152730233&CODE_STATE=getMsg HTTP/1.1" 200 27
116.224.123.211 - - [30/Jul/2022:11:45:34 +0800] "GET /xingrg/all/function/internal_message.html?_=1659152727993&CODE_STATE=getMsg HTTP/1.1" 200 27
222.69.129.110 - - [30/Jul/2022:11:45:36 +0800] "GET /xingrg/all/function/internal_message.html?_=1659152788806&CODE_STATE=getMsg HTTP/1.1" 200 27
180.169.147.146 - - [30/Jul/2022:11:45:37 +0800] "GET /xingrg/all/function/internal_message.html?_=1659152731259&CODE_STATE=getMsg HTTP/1.1" 200 27
124.78.154.216 - - [30/Jul/2022:11:45:40 +0800] "GET /xingrg/kc/buy/cgsh_order_operate.html?command=get_materiel&rest_code=00106&code=00101008095&supplier_code=00100007&order_time=2022-07-30 HTTP/1.1" 200 430
116.224.255.128 - - [30/Jul/2022:11:45:42 +0800] "GET /xingrg/all/function/internal_message.html?_=1659152738663&CODE_STATE=getMsg HTTP/1.1" 200 27
61.165.20.118 - - [30/Jul/2022:11:45:44 +0800] "GET /xingrg/all/function/internal_message.html?_=1659152740929&CODE_STATE=getMsg HTTP/1.1" 200 27
124.78.154.216 - - [30/Jul/2022:11:45:45 +0800] "POST /xingrg/kc/buy/cgsh_order_operate.html HTTP/1.1" 200 2065
124.78.154.216 - - [30/Jul/2022:11:45:46 +0800] "GET /xingrg/all/function/internal_message.html?_=1659152747888&CODE_STATE=getMsg HTTP/1.1" 200 27
116.232.194.65 - - [30/Jul/2022:11:45:48 +0800] "GET /xingrg/all/function/internal_message.html?_=1659152735923&CODE_STATE=getMsg HTTP/1.1" 200 27
116.232.194.65 - - [30/Jul/2022:11:45:51 +0800] "GET /xingrg/check_reg.html?_=1659152738595 HTTP/1.1" 200 22
218.81.223.53 - - [30/Jul/2022:11:45:51 +0800] "GET /xingrg/all/function/internal_message.html?_=1659152756321&CODE_STATE=getMsg HTTP/1.1" 200 27
58.40.7.146 - - [30/Jul/2022:11:45:52 +0800] "GET /xingrg/all/function/internal_message.html?_=1659152749284&CODE_STATE=getMsg HTTP/1.1" 200 27
101.80.228.36 - - [30/Jul/2022:11:45:55 +0800] "GET /xingrg/all/function/internal_message.html?_=1659152753131&CODE_STATE=getMsg HTTP/1.1" 200 27
120.253.135.82 - - [30/Jul/2022:11:45:56 +0800] "GET /xingrg/all/function/internal_message.html?_=1659152561363&CODE_STATE=getMsg HTTP/1.1" 200 27
101.83.240.137 - - [30/Jul/2022:11:46:02 +0800] "GET /xingrg/all/function/internal_message.html?_=1659152757673&CODE_STATE=getMsg HTTP/1.1" 200 27
114.86.227.20 - - [30/Jul/2022:11:46:08 +0800] "GET /xingrg/all/function/internal_message.html?_=1659152765404&CODE_STATE=getMsg HTTP/1.1" 200 27
180.169.147.146 - - [30/Jul/2022:11:46:09 +0800] "GET /xingrg/all/function/internal_message.html?_=1659152765769&CODE_STATE=getMsg HTTP/1.1" 200 27
124.78.154.216 - - [30/Jul/2022:11:46:16 +0800] "GET /xingrg/kc/buy/cgsh_order_operate.html?command=get_materiel&rest_code=00106&code=00101008168&supplier_code=00100007&order_time=2022-07-30 HTTP/1.1" 200 413
180.162.109.37 - - [30/Jul/2022:11:46:19 +0800] "GET /xingrg/all/function/internal_message.html?_=1659151969338&CODE_STATE=getMsg HTTP/1.1" 200 27
180.169.147.146 - - [30/Jul/2022:11:46:21 +0800] "GET /xingrg/check_reg.html?_=1659152776677 HTTP/1.1" 200 22
180.169.147.146 - - [30/Jul/2022:11:46:21 +0800] "GET /xingrg/all/function/internal_message.html?_=1659152776678&CODE_STATE=getMsg HTTP/1.1" 200 27
114.88.158.224 - - [30/Jul/2022:11:46:23 +0800] "GET /xingrg/all/function/internal_message.html?_=1659152466005&CODE_STATE=getMsg HTTP/1.1" 200 27
114.88.158.224 - - [30/Jul/2022:11:46:23 +0800] "GET /xingrg/check_reg.html?_=1659152466082 HTTP/1.1" 200 22
61.165.20.118 - - [30/Jul/2022:11:46:24 +0800] "GET /xingrg/all/function/internal_message.html?_=1659152662625&CODE_STATE=getMsg HTTP/1.1" 200 27
61.165.20.118 - - [30/Jul/2022:11:46:25 +0800] "GET /xingrg/all/function/internal_message.html?_=1659152833865&CODE_STATE=getMsg HTTP/1.1" 200 27
61.165.20.118 - - [30/Jul/2022:11:46:25 +0800] "GET /xingrg/check_reg.html?_=1659152833867 HTTP/1.1" 200 22
101.85.120.95 - - [30/Jul/2022:11:46:26 +0800] "GET /xingrg/all/function/internal_message.html?_=1659152782956&CODE_STATE=getMsg HTTP/1.1" 200 27
116.224.123.211 - - [30/Jul/2022:11:46:31 +0800] "GET /xingrg/all/function/internal_message.html?_=1659152787988&CODE_STATE=getMsg HTTP/1.1" 200 27
101.83.240.137 - - [30/Jul/2022:11:46:33 +0800] "GET /xingrg/all/function/internal_message.html?_=1659152790227&CODE_STATE=getMsg HTTP/1.1" 200 27
124.78.154.216 - - [30/Jul/2022:11:46:34 +0800] "GET /xingrg/kc/buy/cgsh_order_operate.html?command=get_materiel&rest_code=00106&code=00101008061&supplier_code=00100007&order_time=2022-07-30 HTTP/1.1" 200 422
222.69.129.110 - - [30/Jul/2022:11:46:36 +0800] "GET /xingrg/all/function/internal_message.html?_=1659152848795&CODE_STATE=getMsg HTTP/1.1" 200 27
180.169.147.146 - - [30/Jul/2022:11:46:37 +0800] "GET /xingrg/all/function/internal_message.html?_=1659152791242&CODE_STATE=getMsg HTTP/1.1" 200 27
116.224.255.128 - - [30/Jul/2022:11:46:42 +0800] "GET /xingrg/all/function/internal_message.html?_=1659152798650&CODE_STATE=getMsg HTTP/1.1" 200 27
61.165.20.118 - - [30/Jul/2022:11:46:44 +0800] "GET /xingrg/all/function/internal_message.html?_=1659152800903&CODE_STATE=getMsg HTTP/1.1" 200 27
116.224.123.211 - - [30/Jul/2022:11:46:45 +0800] "GET /xingrg/check_reg.html?_=1659152802597 HTTP/1.1" 200 22
124.78.154.216 - - [30/Jul/2022:11:46:46 +0800] "GET /xingrg/all/function/internal_message.html?_=1659152807892&CODE_STATE=getMsg HTTP/1.1" 200 27
116.232.194.65 - - [30/Jul/2022:11:46:48 +0800] "GET /xingrg/all/function/internal_message.html?_=1659152795902&CODE_STATE=getMsg HTTP/1.1" 200 27
218.81.223.53 - - [30/Jul/2022:11:46:51 +0800] "GET /xingrg/all/function/internal_message.html?_=1659152816334&CODE_STATE=getMsg HTTP/1.1" 200 27
58.40.7.146 - - [30/Jul/2022:11:46:52 +0800] "GET /xingrg/all/function/internal_message.html?_=1659152809276&CODE_STATE=getMsg HTTP/1.1" 200 27
101.80.228.36 - - [30/Jul/2022:11:46:55 +0800] "GET /xingrg/all/function/internal_message.html?_=1659152813133&CODE_STATE=getMsg HTTP/1.1" 200 27
120.253.135.82 - - [30/Jul/2022:11:46:57 +0800] "GET /xingrg/all/function/internal_message.html?_=1659152621377&CODE_STATE=getMsg HTTP/1.1" 200 27
101.83.240.137 - - [30/Jul/2022:11:47:02 +0800] "GET /xingrg/all/function/internal_message.html?_=1659152817645&CODE_STATE=getMsg HTTP/1.1" 200 27
114.86.227.20 - - [30/Jul/2022:11:47:08 +0800] "GET /xingrg/all/function/internal_message.html?_=1659152825404&CODE_STATE=getMsg HTTP/1.1" 200 27
124.78.154.216 - - [30/Jul/2022:11:47:09 +0800] "GET /xingrg/kc/buy/cgsh_order_operate.html?command=get_materiel&rest_code=00106&code=00101008215&supplier_code=00100007&order_time=2022-07-30 HTTP/1.1" 200 413
180.169.147.146 - - [30/Jul/2022:11:47:09 +0800] "GET /xingrg/all/function/internal_message.html?_=1659152825762&CODE_STATE=getMsg HTTP/1.1" 200 27
180.162.109.37 - - [30/Jul/2022:11:47:19 +0800] "GET /xingrg/all/function/internal_message.html?_=1659152029329&CODE_STATE=getMsg HTTP/1.1" 200 27
180.169.147.146 - - [30/Jul/2022:11:47:21 +0800] "GET /xingrg/all/function/internal_message.html?_=1659152836679&CODE_STATE=getMsg HTTP/1.1" 200 27
114.88.158.224 - - [30/Jul/2022:11:47:23 +0800] "GET /xingrg/all/function/internal_message.html?_=1659152526015&CODE_STATE=getMsg HTTP/1.1" 200 27
61.165.20.118 - - [30/Jul/2022:11:47:24 +0800] "GET /xingrg/all/function/internal_message.html?_=1659152722618&CODE_STATE=getMsg HTTP/1.1" 200 27
61.165.20.118 - - [30/Jul/2022:11:47:25 +0800] "GET /xingrg/all/function/internal_message.html?_=1659152893867&CODE_STATE=getMsg HTTP/1.1" 200 27
101.85.120.95 - - [30/Jul/2022:11:47:26 +0800] "GET /xingrg/all/function/internal_message.html?_=1659152842955&CODE_STATE=getMsg HTTP/1.1" 200 27
101.85.120.95 - - [30/Jul/2022:11:47:26 +0800] "GET /xingrg/check_reg.html?_=1659152842958 HTTP/1.1" 200 22
116.224.123.211 - - [30/Jul/2022:11:47:31 +0800] "GET /xingrg/all/function/internal_message.html?_=1659152847985&CODE_STATE=getMsg HTTP/1.1" 200 27
124.78.154.216 - - [30/Jul/2022:11:47:33 +0800] "GET /xingrg/kc/buy/cgsh_order_operate.html?command=get_materiel&rest_code=00106&code=00101008132&supplier_code=00100007&order_time=2022-07-30 HTTP/1.1" 200 424
101.83.240.137 - - [30/Jul/2022:11:47:33 +0800] "GET /xingrg/all/function/internal_message.html?_=1659152850225&CODE_STATE=getMsg HTTP/1.1" 200 27
124.78.154.216 - - [30/Jul/2022:11:47:35 +0800] "POST /xingrg/kc/buy/cgsh_order_operate.html HTTP/1.1" 200 2065
222.69.129.110 - - [30/Jul/2022:11:47:36 +0800] "GET /xingrg/all/function/internal_message.html?_=1659152908774&CODE_STATE=getMsg HTTP/1.1" 200 27
180.169.147.146 - - [30/Jul/2022:11:47:37 +0800] "GET /xingrg/all/function/internal_message.html?_=1659152851226&CODE_STATE=getMsg HTTP/1.1" 200 27
116.224.123.211 - - [30/Jul/2022:11:47:40 +0800] "POST /xingrg/services/DataTransmitService HTTP/1.1" 200 524
116.224.255.128 - - [30/Jul/2022:11:47:42 +0800] "GET /xingrg/all/function/internal_message.html?_=1659152858620&CODE_STATE=getMsg HTTP/1.1" 200 27
61.165.20.118 - - [30/Jul/2022:11:47:44 +0800] "GET /xingrg/all/function/internal_message.html?_=1659152860880&CODE_STATE=getMsg HTTP/1.1" 200 27
124.78.154.216 - - [30/Jul/2022:11:47:46 +0800] "GET /xingrg/all/function/internal_message.html?_=1659152867896&CODE_STATE=getMsg HTTP/1.1" 200 27
124.78.154.216 - - [30/Jul/2022:11:47:46 +0800] "GET /xingrg/check_reg.html?_=1659152867899 HTTP/1.1" 200 22
124.78.154.216 - - [30/Jul/2022:11:47:47 +0800] "GET /xingrg/kc/buy/cgsh_order_operate.html?command=get_materiel&rest_code=00106&code=00101008244&supplier_code=00100007&order_time=2022-07-30 HTTP/1.1" 200 424
116.232.194.65 - - [30/Jul/2022:11:47:48 +0800] "GET /xingrg/all/function/internal_message.html?_=1659152855874&CODE_STATE=getMsg HTTP/1.1" 200 27
218.81.223.53 - - [30/Jul/2022:11:47:51 +0800] "GET /xingrg/all/function/internal_message.html?_=1659152876691&CODE_STATE=getMsg HTTP/1.1" 200 27
58.40.7.146 - - [30/Jul/2022:11:47:52 +0800] "GET /xingrg/all/function/internal_message.html?_=1659152869279&CODE_STATE=getMsg HTTP/1.1" 200 27
101.80.228.36 - - [30/Jul/2022:11:47:55 +0800] "GET /xingrg/all/function/internal_message.html?_=1659152873135&CODE_STATE=getMsg HTTP/1.1" 200 27
120.253.135.82 - - [30/Jul/2022:11:47:56 +0800] "GET /xingrg/check_reg.html?_=1659152681077 HTTP/1.1" 200 22
120.253.135.82 - - [30/Jul/2022:11:47:57 +0800] "GET /xingrg/all/function/internal_message.html?_=1659152681389&CODE_STATE=getMsg HTTP/1.1" 200 27
101.83.240.137 - - [30/Jul/2022:11:48:02 +0800] "GET /xingrg/all/function/internal_message.html?_=1659152877615&CODE_STATE=getMsg HTTP/1.1" 200 27
114.86.227.20 - - [30/Jul/2022:11:48:08 +0800] "GET /xingrg/all/function/internal_message.html?_=1659152885411&CODE_STATE=getMsg HTTP/1.1" 200 27
180.169.147.146 - - [30/Jul/2022:11:48:09 +0800] "GET /xingrg/check_reg.html?_=1659152885754 HTTP/1.1" 200 22
180.169.147.146 - - [30/Jul/2022:11:48:09 +0800] "GET /xingrg/all/function/internal_message.html?_=1659152885756&CODE_STATE=getMsg HTTP/1.1" 200 27
180.162.109.37 - - [30/Jul/2022:11:48:19 +0800] "GET /xingrg/all/function/internal_message.html?_=1659152089326&CODE_STATE=getMsg HTTP/1.1" 200 27
180.162.109.37 - - [30/Jul/2022:11:48:20 +0800] "GET /xingrg/check_reg.html?_=1659152089323 HTTP/1.1" 200 22
180.169.147.146 - - [30/Jul/2022:11:48:21 +0800] "GET /xingrg/all/function/internal_message.html?_=1659152896665&CODE_STATE=getMsg HTTP/1.1" 200 27
114.88.158.224 - - [30/Jul/2022:11:48:23 +0800] "GET /xingrg/all/function/internal_message.html?_=1659152586015&CODE_STATE=getMsg HTTP/1.1" 200 27
61.165.20.118 - - [30/Jul/2022:11:48:24 +0800] "GET /xingrg/all/function/internal_message.html?_=1659152782590&CODE_STATE=getMsg HTTP/1.1" 200 27
61.165.20.118 - - [30/Jul/2022:11:48:25 +0800] "GET /xingrg/all/function/internal_message.html?_=1659152953866&CODE_STATE=getMsg HTTP/1.1" 200 27
101.85.120.95 - - [30/Jul/2022:11:48:26 +0800] "GET /xingrg/all/function/internal_message.html?_=1659152902958&CODE_STATE=getMsg HTTP/1.1" 200 27
124.78.154.216 - - [30/Jul/2022:11:48:27 +0800] "GET /xingrg/kc/buy/cgsh_order_operate.html?command=get_materiel&rest_code=00106&code=00101008186&supplier_code=00100007&order_time=2022-07-30 HTTP/1.1" 200 408
116.224.123.211 - - [30/Jul/2022:11:48:31 +0800] "GET /xingrg/all/function/internal_message.html?_=1659152907982&CODE_STATE=getMsg HTTP/1.1" 200 27
101.83.240.137 - - [30/Jul/2022:11:48:33 +0800] "GET /xingrg/check_reg.html?_=1659152910234 HTTP/1.1" 200 22
101.83.240.137 - - [30/Jul/2022:11:48:34 +0800] "GET /xingrg/all/function/internal_message.html?_=1659152910237&CODE_STATE=getMsg HTTP/1.1" 200 27
222.69.129.110 - - [30/Jul/2022:11:48:36 +0800] "GET /xingrg/all/function/internal_message.html?_=1659152968760&CODE_STATE=getMsg HTTP/1.1" 200 27
180.169.147.146 - - [30/Jul/2022:11:48:37 +0800] "GET /xingrg/all/function/internal_message.html?_=1659152911205&CODE_STATE=getMsg HTTP/1.1" 200 27
222.69.129.110 - - [30/Jul/2022:11:48:38 +0800] "GET /xingrg/check_reg.html?_=1659152970781 HTTP/1.1" 200 22
116.224.255.128 - - [30/Jul/2022:11:48:42 +0800] "GET /xingrg/all/function/internal_message.html?_=1659152918631&CODE_STATE=getMsg HTTP/1.1" 200 27
61.165.20.118 - - [30/Jul/2022:11:48:44 +0800] "GET /xingrg/all/function/internal_message.html?_=1659152920854&CODE_STATE=getMsg HTTP/1.1" 200 27
124.78.154.216 - - [30/Jul/2022:11:48:46 +0800] "GET /xingrg/all/function/internal_message.html?_=1659152927894&CODE_STATE=getMsg HTTP/1.1" 200 27
61.165.20.118 - - [30/Jul/2022:11:48:47 +0800] "GET /xingrg/check_reg.html?_=1659152923988 HTTP/1.1" 200 22
116.232.194.65 - - [30/Jul/2022:11:48:48 +0800] "GET /xingrg/all/function/internal_message.html?_=1659152915845&CODE_STATE=getMsg HTTP/1.1" 200 27
218.81.223.53 - - [30/Jul/2022:11:48:52 +0800] "GET /xingrg/all/function/internal_message.html?_=1659152936704&CODE_STATE=getMsg HTTP/1.1" 200 27
58.40.7.146 - - [30/Jul/2022:11:48:52 +0800] "GET /xingrg/all/function/internal_message.html?_=1659152929268&CODE_STATE=getMsg HTTP/1.1" 200 27
58.40.7.146 - - [30/Jul/2022:11:48:52 +0800] "GET /xingrg/check_reg.html?_=1659152929270 HTTP/1.1" 200 22
101.80.228.36 - - [30/Jul/2022:11:48:55 +0800] "GET /xingrg/all/function/internal_message.html?_=1659152933136&CODE_STATE=getMsg HTTP/1.1" 200 27
120.253.135.82 - - [30/Jul/2022:11:48:57 +0800] "GET /xingrg/all/function/internal_message.html?_=1659152741404&CODE_STATE=getMsg HTTP/1.1" 200 27
61.165.20.118 - - [30/Jul/2022:11:48:57 +0800] "GET /xingrg/check_reg.html?_=1659152815549 HTTP/1.1" 200 22
124.78.154.216 - - [30/Jul/2022:11:49:01 +0800] "GET /xingrg/kc/buy/cgsh_order_operate.html?command=get_materiel&rest_code=00106&code=00101008370&supplier_code=00100007&order_time=2022-07-30 HTTP/1.1" 200 412
101.83.240.137 - - [30/Jul/2022:11:49:02 +0800] "GET /xingrg/all/function/internal_message.html?_=1659152937622&CODE_STATE=getMsg HTTP/1.1" 200 27
101.83.240.137 - - [30/Jul/2022:11:49:05 +0800] "GET /xingrg/check_reg.html?_=1659152940028 HTTP/1.1" 200 22
114.86.227.20 - - [30/Jul/2022:11:49:08 +0800] "GET /xingrg/all/function/internal_message.html?_=1659152945414&CODE_STATE=getMsg HTTP/1.1" 200 27
180.169.147.146 - - [30/Jul/2022:11:49:09 +0800] "GET /xingrg/all/function/internal_message.html?_=1659152945769&CODE_STATE=getMsg HTTP/1.1" 200 27
124.78.154.216 - - [30/Jul/2022:11:49:13 +0800] "GET /xingrg/kc/buy/cgsh_order_operate.html?command=get_materiel&rest_code=00106&code=00101008361&supplier_code=00100007&order_time=2022-07-30 HTTP/1.1" 200 408
124.78.154.216 - - [30/Jul/2022:11:49:15 +0800] "POST /xingrg/kc/buy/cgsh_order_operate.html HTTP/1.1" 200 2065
180.162.109.37 - - [30/Jul/2022:11:49:19 +0800] "GET /xingrg/all/function/internal_message.html?_=1659152149323&CODE_STATE=getMsg HTTP/1.1" 200 27
180.169.147.146 - - [30/Jul/2022:11:49:21 +0800] "GET /xingrg/all/function/internal_message.html?_=1659152956667&CODE_STATE=getMsg HTTP/1.1" 200 27
114.88.158.224 - - [30/Jul/2022:11:49:23 +0800] "GET /xingrg/all/function/internal_message.html?_=1659152646007&CODE_STATE=getMsg HTTP/1.1" 200 27
61.165.20.118 - - [30/Jul/2022:11:49:24 +0800] "GET /xingrg/all/function/internal_message.html?_=1659152842578&CODE_STATE=getMsg HTTP/1.1" 200 27
61.165.20.118 - - [30/Jul/2022:11:49:25 +0800] "GET /xingrg/all/function/internal_message.html?_=1659153013865&CODE_STATE=getMsg HTTP/1.1" 200 27
101.85.120.95 - - [30/Jul/2022:11:49:26 +0800] "GET /xingrg/all/function/internal_message.html?_=1659152962959&CODE_STATE=getMsg HTTP/1.1" 200 27
58.40.7.146 - - [30/Jul/2022:11:49:30 +0800] "GET /xingrg/login.html HTTP/1.1" 200 7641
58.40.7.146 - - [30/Jul/2022:11:49:30 +0800] "GET /xingrg/images/blue/jxLogo.png HTTP/1.1" 200 6156
58.40.7.146 - - [30/Jul/2022:11:49:30 +0800] "GET /xingrg/images/blue/login_bg.png HTTP/1.1" 200 22101
58.40.7.146 - - [30/Jul/2022:11:49:30 +0800] "GET /xingrg/images/blue/hj.png HTTP/1.1" 200 1014
58.40.7.146 - - [30/Jul/2022:11:49:30 +0800] "GET /xingrg/images/blue/srbg.png HTTP/1.1" 200 138
58.40.7.146 - - [30/Jul/2022:11:49:31 +0800] "GET /favicon.ico HTTP/1.1" 404 -
116.224.123.211 - - [30/Jul/2022:11:49:31 +0800] "GET /xingrg/all/function/internal_message.html?_=1659152967997&CODE_STATE=getMsg HTTP/1.1" 200 27
101.83.240.137 - - [30/Jul/2022:11:49:33 +0800] "GET /xingrg/all/function/internal_message.html?_=1659152970239&CODE_STATE=getMsg HTTP/1.1" 200 27
124.78.154.216 - - [30/Jul/2022:11:49:34 +0800] "GET /xingrg/kc/buy/cgsh_order_operate.html?command=get_materiel&rest_code=00106&code=00101008300&supplier_code=00100007&order_time=2022-07-30 HTTP/1.1" 200 427
222.69.129.110 - - [30/Jul/2022:11:49:36 +0800] "GET /xingrg/all/function/internal_message.html?_=1659153028747&CODE_STATE=getMsg HTTP/1.1" 200 27
180.169.147.146 - - [30/Jul/2022:11:49:37 +0800] "GET /xingrg/all/function/internal_message.html?_=1659152971188&CODE_STATE=getMsg HTTP/1.1" 200 27
180.169.147.146 - - [30/Jul/2022:11:49:37 +0800] "GET /xingrg/check_reg.html?_=1659152971329 HTTP/1.1" 200 22
116.224.255.128 - - [30/Jul/2022:11:49:42 +0800] "GET /xingrg/check_reg.html?_=1659152978623 HTTP/1.1" 200 22
116.224.255.128 - - [30/Jul/2022:11:49:42 +0800] "GET /xingrg/all/function/internal_message.html?_=1659152978626&CODE_STATE=getMsg HTTP/1.1" 200 27
61.165.20.118 - - [30/Jul/2022:11:49:44 +0800] "GET /xingrg/all/function/internal_message.html?_=1659152980828&CODE_STATE=getMsg HTTP/1.1" 200 27
124.78.154.216 - - [30/Jul/2022:11:49:46 +0800] "GET /xingrg/all/function/internal_message.html?_=1659152987895&CODE_STATE=getMsg HTTP/1.1" 200 27
116.232.194.65 - - [30/Jul/2022:11:49:48 +0800] "GET /xingrg/all/function/internal_message.html?_=1659152975842&CODE_STATE=getMsg HTTP/1.1" 200 27
218.81.223.53 - - [30/Jul/2022:11:49:52 +0800] "GET /xingrg/all/function/internal_message.html?_=1659152997062&CODE_STATE=getMsg HTTP/1.1" 200 27
58.40.7.146 - - [30/Jul/2022:11:49:52 +0800] "GET /xingrg/all/function/internal_message.html?_=1659152989273&CODE_STATE=getMsg HTTP/1.1" 200 27
101.80.228.36 - - [30/Jul/2022:11:49:55 +0800] "GET /xingrg/check_reg.html?_=1659152993121 HTTP/1.1" 200 22
101.80.228.36 - - [30/Jul/2022:11:49:55 +0800] "GET /xingrg/all/function/internal_message.html?_=1659152993122&CODE_STATE=getMsg HTTP/1.1" 200 27
120.253.135.82 - - [30/Jul/2022:11:49:57 +0800] "GET /xingrg/all/function/internal_message.html?_=1659152801417&CODE_STATE=getMsg HTTP/1.1" 200 27
218.81.223.53 - - [30/Jul/2022:11:49:57 +0800] "GET /xingrg/check_reg.html?_=1659153002224 HTTP/1.1" 200 22
101.83.240.137 - - [30/Jul/2022:11:50:02 +0800] "GET /xingrg/all/function/internal_message.html?_=1659152997600&CODE_STATE=getMsg HTTP/1.1" 200 27
114.86.227.20 - - [30/Jul/2022:11:50:08 +0800] "GET /xingrg/all/function/internal_message.html?_=1659153005416&CODE_STATE=getMsg HTTP/1.1" 200 27
114.86.227.20 - - [30/Jul/2022:11:50:08 +0800] "GET /xingrg/check_reg.html?_=1659153005417 HTTP/1.1" 200 22
180.169.147.146 - - [30/Jul/2022:11:50:09 +0800] "GET /xingrg/all/function/internal_message.html?_=1659153005770&CODE_STATE=getMsg HTTP/1.1" 200 27
180.162.109.37 - - [30/Jul/2022:11:50:19 +0800] "GET /xingrg/all/function/internal_message.html?_=1659152209323&CODE_STATE=getMsg HTTP/1.1" 200 27
180.169.147.146 - - [30/Jul/2022:11:50:21 +0800] "GET /xingrg/all/function/internal_message.html?_=1659153016669&CODE_STATE=getMsg HTTP/1.1" 200 27
58.40.7.146 - - [30/Jul/2022:11:50:23 +0800] "POST /xingrg/login.do HTTP/1.1" 302 -
58.40.7.146 - - [30/Jul/2022:11:50:23 +0800] "GET /xingrg/javascript/jquery_easy_ui/themes/icon.css HTTP/1.1" 200 3949
58.40.7.146 - - [30/Jul/2022:11:50:23 +0800] "GET /xingrg/index.html?sysBaseUrl=http%3A%2F%2F180.169.147.146%3A18081%2Fxingrg%2F&costTime=52×tamp=1659153023855 HTTP/1.1" 200 17419
114.88.158.224 - - [30/Jul/2022:11:50:23 +0800] "GET /xingrg/all/function/internal_message.html?_=1659152706034&CODE_STATE=getMsg HTTP/1.1" 200 27
58.40.7.146 - - [30/Jul/2022:11:50:23 +0800] "GET /xingrg/javascript/jquery_easy_ui/themes/default/easyui.css HTTP/1.1" 200 26500
58.40.7.146 - - [30/Jul/2022:11:50:23 +0800] "GET /xingrg/css/form.css HTTP/1.1" 200 893
58.40.7.146 - - [30/Jul/2022:11:50:23 +0800] "GET /xingrg/javascript/jquery-1.4.2.min.js HTTP/1.1" 200 72205
58.40.7.146 - - [30/Jul/2022:11:50:23 +0800] "GET /favicon.ico HTTP/1.1" 404 -
58.40.7.146 - - [30/Jul/2022:11:50:23 +0800] "GET /xingrg/javascript/jquery_easy_ui/jquery.easyui.min.js HTTP/1.1" 200 213662
58.40.7.146 - - [30/Jul/2022:11:50:24 +0800] "GET /xingrg/javascript/jquery_easy_ui/easyui-lang-zh_CN.js HTTP/1.1" 200 1900
58.40.7.146 - - [30/Jul/2022:11:50:24 +0800] "GET /xingrg/javascript/jquery.utils.js HTTP/1.1" 200 11805
58.40.7.146 - - [30/Jul/2022:11:50:24 +0800] "GET /xingrg/javascript/jquery.form.js HTTP/1.1" 200 23110
58.40.7.146 - - [30/Jul/2022:11:50:24 +0800] "GET /xingrg/javascript/jquery.timers.js HTTP/1.1" 200 3532
58.40.7.146 - - [30/Jul/2022:11:50:24 +0800] "GET /xingrg/javascript/jquery_easy_ui/themes/icons/settle_new.png HTTP/1.1" 200 826
58.40.7.146 - - [30/Jul/2022:11:50:24 +0800] "GET /xingrg/images/blue/navBackgound.jpg HTTP/1.1" 200 12378
58.40.7.146 - - [30/Jul/2022:11:50:24 +0800] "POST /xingrg/all/common/load_tree.html?tree=area_rest_tree_json&manage=1 HTTP/1.1" 200 476
124.78.154.216 - - [30/Jul/2022:11:50:24 +0800] "GET /xingrg/kc/buy/cgsh_order_operate.html?command=get_materiel&rest_code=00106&code=00101008296&supplier_code=00100007&order_time=2022-07-30 HTTP/1.1" 200 416
58.40.7.146 - - [30/Jul/2022:11:50:24 +0800] "GET /xingrg/all/function/internal_message.html?_=1659153043691&CODE_STATE=count HTTP/1.1" 200 11
61.165.20.118 - - [30/Jul/2022:11:50:24 +0800] "GET /xingrg/all/function/internal_message.html?_=1659152902564&CODE_STATE=getMsg HTTP/1.1" 200 27
58.40.7.146 - - [30/Jul/2022:11:50:24 +0800] "GET /xingrg/check_reg.html?_=1659153043693 HTTP/1.1" 200 22
58.40.7.146 - - [30/Jul/2022:11:50:24 +0800] "GET /xingrg/images/blue/pingpu.png HTTP/1.1" 200 231
58.40.7.146 - - [30/Jul/2022:11:50:24 +0800] "GET /xingrg/javascript/jquery_easy_ui/themes/default/images/tabs_leftarrow.png HTTP/1.1" 200 389
58.40.7.146 - - [30/Jul/2022:11:50:24 +0800] "GET /xingrg/javascript/jquery_easy_ui/themes/default/images/tabs_rightarrow.png HTTP/1.1" 200 395
58.40.7.146 - - [30/Jul/2022:11:50:24 +0800] "GET /xingrg/javascript/jquery_easy_ui/themes/default/images/panel_tool_expand.gif HTTP/1.1" 200 247
58.40.7.146 - - [30/Jul/2022:11:50:24 +0800] "GET /xingrg/javascript/jquery_easy_ui/themes/default/images/panel_tool_collapse.gif HTTP/1.1" 200 246
58.40.7.146 - - [30/Jul/2022:11:50:24 +0800] "POST /xingrg/load_menu.html HTTP/1.1" 200 9959
58.40.7.146 - - [30/Jul/2022:11:50:24 +0800] "GET /xingrg/javascript/jquery_easy_ui/themes/default/images/tree_arrows.gif HTTP/1.1" 200 1043
58.40.7.146 - - [30/Jul/2022:11:50:24 +0800] "GET /xingrg/javascript/jquery_easy_ui/themes/default/images/tree_folder_open.gif HTTP/1.1" 200 956
58.40.7.146 - - [30/Jul/2022:11:50:24 +0800] "GET /xingrg/javascript/jquery_easy_ui/themes/icons/search_new.png HTTP/1.1" 200 586
58.40.7.146 - - [30/Jul/2022:11:50:24 +0800] "GET /xingrg/javascript/jquery_easy_ui/themes/default/images/tree_folder.gif HTTP/1.1" 200 952
58.40.7.146 - - [30/Jul/2022:11:50:24 +0800] "GET /xingrg/javascript/jquery_easy_ui/themes/icons/storage_new.png HTTP/1.1" 200 853
58.40.7.146 - - [30/Jul/2022:11:50:24 +0800] "GET /xingrg/javascript/jquery_easy_ui/themes/icons/checkout_new.png HTTP/1.1" 200 744
58.40.7.146 - - [30/Jul/2022:11:50:24 +0800] "GET /xingrg/javascript/jquery_easy_ui/themes/icons/forms_new.png HTTP/1.1" 200 350
58.40.7.146 - - [30/Jul/2022:11:50:24 +0800] "GET /xingrg/javascript/jquery_easy_ui/themes/icons/setting_new.png HTTP/1.1" 200 450
58.40.7.146 - - [30/Jul/2022:11:50:24 +0800] "GET /xingrg/javascript/jquery_easy_ui/themes/icons/systemset_new.png HTTP/1.1" 200 606
58.40.7.146 - - [30/Jul/2022:11:50:24 +0800] "GET /xingrg/javascript/jquery_easy_ui/themes/default/images/tree_file.gif HTTP/1.1" 200 118
61.165.20.118 - - [30/Jul/2022:11:50:25 +0800] "GET /xingrg/all/function/internal_message.html?_=1659153073864&CODE_STATE=getMsg HTTP/1.1" 200 27
58.40.7.146 - - [30/Jul/2022:11:50:25 +0800] "GET /xingrg/kc/report/report_main.html HTTP/1.1" 200 7340
58.40.7.146 - - [30/Jul/2022:11:50:25 +0800] "GET /xingrg/javascript/jquery_easy_ui/themes/default/images/tabs_close.gif HTTP/1.1" 200 829
58.40.7.146 - - [30/Jul/2022:11:50:25 +0800] "GET /xingrg/javascript/pic_change.js HTTP/1.1" 200 4739
58.40.7.146 - - [30/Jul/2022:11:50:25 +0800] "GET /xingrg/css/blue.css HTTP/1.1" 200 15949
58.40.7.146 - - [30/Jul/2022:11:50:25 +0800] "GET /xingrg/javascript/jquery_ui/themes/humanity/humanity.css HTTP/1.1" 200 27801
58.40.7.146 - - [30/Jul/2022:11:50:25 +0800] "GET /xingrg/javascript/json2.js HTTP/1.1" 200 11259
58.40.7.146 - - [30/Jul/2022:11:50:25 +0800] "GET /xingrg/javascript/myfunction.js HTTP/1.1" 200 24559
58.40.7.146 - - [30/Jul/2022:11:50:25 +0800] "GET /xingrg/javascript/jquery_easy_ui/themes/icons/back_new.png HTTP/1.1" 200 3414
101.85.120.95 - - [30/Jul/2022:11:50:26 +0800] "GET /xingrg/all/function/internal_message.html?_=1659153022958&CODE_STATE=getMsg HTTP/1.1" 200 27
116.224.123.211 - - [30/Jul/2022:11:50:31 +0800] "GET /xingrg/check_reg.html?_=1659153027993 HTTP/1.1" 200 22
116.224.123.211 - - [30/Jul/2022:11:50:31 +0800] "GET /xingrg/all/function/internal_message.html?_=1659153027997&CODE_STATE=getMsg HTTP/1.1" 200 27
101.83.240.137 - - [30/Jul/2022:11:50:34 +0800] "GET /xingrg/all/function/internal_message.html?_=1659153030238&CODE_STATE=getMsg HTTP/1.1" 200 27
222.69.129.110 - - [30/Jul/2022:11:50:36 +0800] "GET /xingrg/all/function/internal_message.html?_=1659153088732&CODE_STATE=getMsg HTTP/1.1" 200 27
180.169.147.146 - - [30/Jul/2022:11:50:37 +0800] "GET /xingrg/all/function/internal_message.html?_=1659153031163&CODE_STATE=getMsg HTTP/1.1" 200 27
116.224.255.128 - - [30/Jul/2022:11:50:42 +0800] "GET /xingrg/all/function/internal_message.html?_=1659153038621&CODE_STATE=getMsg HTTP/1.1" 200 27
61.165.20.118 - - [30/Jul/2022:11:50:44 +0800] "GET /xingrg/all/function/internal_message.html?_=1659153040807&CODE_STATE=getMsg HTTP/1.1" 200 27
124.78.154.216 - - [30/Jul/2022:11:50:46 +0800] "GET /xingrg/all/function/internal_message.html?_=1659153047889&CODE_STATE=getMsg HTTP/1.1" 200 27
116.232.194.65 - - [30/Jul/2022:11:50:48 +0800] "GET /xingrg/all/function/internal_message.html?_=1659153035828&CODE_STATE=getMsg HTTP/1.1" 200 27
116.232.194.65 - - [30/Jul/2022:11:50:51 +0800] "GET /xingrg/check_reg.html?_=1659153038582 HTTP/1.1" 200 22
218.81.223.53 - - [30/Jul/2022:11:50:52 +0800] "GET /xingrg/all/function/internal_message.html?_=1659153057074&CODE_STATE=getMsg HTTP/1.1" 200 27
58.40.7.146 - - [30/Jul/2022:11:50:52 +0800] "GET /xingrg/all/function/internal_message.html?_=1659153049276&CODE_STATE=getMsg HTTP/1.1" 200 27
