218.81.223.53 - - [30/Jul/2022:11:00:05 +0800] "GET /xingrg/kc/buy/cgsh_order_operate.html?command=get_materiel&rest_code=00146&code=00101008175&supplier_code=00100005&order_time=2022-07-30 HTTP/1.1" 200 412
114.86.227.20 - - [30/Jul/2022:11:00:08 +0800] "GET /xingrg/all/function/internal_message.html?_=1659150005309&CODE_STATE=getMsg HTTP/1.1" 200 27
114.86.227.20 - - [30/Jul/2022:11:00:08 +0800] "GET /xingrg/check_reg.html?_=1659150005311 HTTP/1.1" 200 22
114.86.227.20 - - [30/Jul/2022:11:00:16 +0800] "POST /xingrg/kc/buy/cgsh_order_operate.html HTTP/1.1" 200 37
58.40.7.146 - - [30/Jul/2022:11:00:16 +0800] "POST /xingrg/services/DataTransmitService HTTP/1.1" 200 524
114.86.227.20 - - [30/Jul/2022:11:00:17 +0800] "POST /xingrg/kc/buy/cgsh_order_operate.html HTTP/1.1" 200 3271
114.86.227.20 - - [30/Jul/2022:11:00:18 +0800] "GET /xingrg/kc/print/load_config.html?kc_code=cgsh HTTP/1.1" 200 1943
114.86.227.20 - - [30/Jul/2022:11:00:18 +0800] "GET /xingrg/kc/print/load_data.html?order_code=212022073008015&kc_code=cgsh&condition= HTTP/1.1" 200 1002
180.162.109.37 - - [30/Jul/2022:11:00:19 +0800] "GET /xingrg/all/function/internal_message.html?_=1659149209234&CODE_STATE=getMsg HTTP/1.1" 200 27
180.169.147.146 - - [30/Jul/2022:11:00:21 +0800] "GET /xingrg/all/function/internal_message.html?_=1659150016677&CODE_STATE=getMsg HTTP/1.1" 200 27
114.86.227.20 - - [30/Jul/2022:11:00:22 +0800] "GET /xingrg/kc/buy/cgsh_order_add.html HTTP/1.1" 200 68020
114.86.227.20 - - [30/Jul/2022:11:00:22 +0800] "POST /xingrg/kc/buy/cgsh_order_operate.html HTTP/1.1" 200 8245
114.86.227.20 - - [30/Jul/2022:11:00:22 +0800] "GET /xingrg/all/common/auto_word.html?type=employee&rest_code=00109 HTTP/1.1" 200 255
114.86.227.20 - - [30/Jul/2022:11:00:22 +0800] "GET /xingrg/all/common/auto_word.html?type=employee&rest_code=00109 HTTP/1.1" 200 255
114.86.227.20 - - [30/Jul/2022:11:00:22 +0800] "GET /xingrg/javascript/easyui/themes/default/validatebox.css HTTP/1.1" 404 1104
114.88.158.224 - - [30/Jul/2022:11:00:23 +0800] "GET /xingrg/all/function/internal_message.html?_=1659149705850&CODE_STATE=getMsg HTTP/1.1" 200 27
61.165.20.118 - - [30/Jul/2022:11:00:25 +0800] "GET /xingrg/all/function/internal_message.html?_=1659149903395&CODE_STATE=getMsg HTTP/1.1" 200 27
101.85.120.95 - - [30/Jul/2022:11:00:26 +0800] "GET /xingrg/all/function/internal_message.html?_=1659150022902&CODE_STATE=getMsg HTTP/1.1" 200 27
114.86.227.20 - - [30/Jul/2022:11:00:31 +0800] "GET /xingrg/kc/buy/cgsh_order_operate.html?command=get_materiel&rest_code=00109&code=00101016010&supplier_code=00100035&order_time=2022-07-30 HTTP/1.1" 200 408
116.224.123.211 - - [30/Jul/2022:11:00:31 +0800] "GET /xingrg/check_reg.html?_=1659150027947 HTTP/1.1" 200 22
116.224.123.211 - - [30/Jul/2022:11:00:31 +0800] "GET /xingrg/all/function/internal_message.html?_=1659150027950&CODE_STATE=getMsg HTTP/1.1" 200 27
222.69.129.110 - - [30/Jul/2022:11:00:37 +0800] "GET /xingrg/all/function/internal_message.html?_=1659150089502&CODE_STATE=getMsg HTTP/1.1" 200 27
116.224.255.128 - - [30/Jul/2022:11:00:42 +0800] "GET /xingrg/all/function/internal_message.html?_=1659150038456&CODE_STATE=getMsg HTTP/1.1" 200 27
114.86.227.20 - - [30/Jul/2022:11:00:45 +0800] "GET /xingrg/kc/buy/cgsh_order_operate.html?command=get_materiel&rest_code=00109&code=00101012010&supplier_code=00100035&order_time=2022-07-30 HTTP/1.1" 200 409
61.165.20.118 - - [30/Jul/2022:11:00:45 +0800] "GET /xingrg/all/function/internal_message.html?_=1659150041963&CODE_STATE=getMsg HTTP/1.1" 200 27
218.81.223.53 - - [30/Jul/2022:11:00:46 +0800] "GET /xingrg/all/function/internal_message.html?_=1659150051543&CODE_STATE=getMsg HTTP/1.1" 200 27
180.162.109.37 - - [30/Jul/2022:11:00:47 +0800] "GET /xingrg/javascript/jquery_easy_ui/themes/default/images/tabs_active.png HTTP/1.1" 304 -
116.232.194.65 - - [30/Jul/2022:11:00:49 +0800] "GET /xingrg/all/function/internal_message.html?_=1659150036666&CODE_STATE=getMsg HTTP/1.1" 200 27
116.232.194.65 - - [30/Jul/2022:11:00:51 +0800] "GET /xingrg/check_reg.html?_=1659150038732 HTTP/1.1" 200 22
180.162.109.37 - - [30/Jul/2022:11:00:51 +0800] "POST /xingrg/kc/buy/cgsh_list_operate.html HTTP/1.1" 200 693
58.40.7.146 - - [30/Jul/2022:11:00:52 +0800] "GET /xingrg/all/function/internal_message.html?_=1659150049219&CODE_STATE=getMsg HTTP/1.1" 200 27
180.162.109.37 - - [30/Jul/2022:11:00:53 +0800] "GET /xingrg/kc/buy/cgsh_order_add.html HTTP/1.1" 200 67025
180.162.109.37 - - [30/Jul/2022:11:00:53 +0800] "POST /xingrg/kc/buy/cgsh_order_operate.html HTTP/1.1" 200 8245
180.162.109.37 - - [30/Jul/2022:11:00:53 +0800] "GET /xingrg/javascript/easyui/themes/default/validatebox.css HTTP/1.1" 404 1104
180.162.109.37 - - [30/Jul/2022:11:00:55 +0800] "GET /xingrg/javascript/easyui/plugins/jquery.draggable.js HTTP/1.1" 304 -
180.162.109.37 - - [30/Jul/2022:11:00:55 +0800] "GET /xingrg/css/images/panel_loading.gif HTTP/1.1" 304 -
180.162.109.37 - - [30/Jul/2022:11:00:55 +0800] "GET /xingrg/javascript/easyui/plugins/jquery.droppable.js HTTP/1.1" 304 -
180.162.109.37 - - [30/Jul/2022:11:00:55 +0800] "GET /xingrg/javascript/easyui/themes/default/tree.css HTTP/1.1" 404 1090
180.162.109.37 - - [30/Jul/2022:11:00:55 +0800] "GET /xingrg/javascript/easyui/plugins/jquery.tree.js HTTP/1.1" 304 -
114.86.227.20 - - [30/Jul/2022:11:00:55 +0800] "POST /xingrg/kc/buy/cgsh_order_operate.html HTTP/1.1" 200 37
180.162.109.37 - - [30/Jul/2022:11:00:55 +0800] "POST /xingrg/all/common/load_tree.html?tree=supplier_tree_json&isDelete=1 HTTP/1.1" 200 66956
101.80.228.36 - - [30/Jul/2022:11:00:55 +0800] "GET /xingrg/all/function/internal_message.html?_=1659150053125&CODE_STATE=getMsg HTTP/1.1" 200 27
218.81.223.53 - - [30/Jul/2022:11:00:56 +0800] "POST /xingrg/kc/buy/cgsh_order_operate.html HTTP/1.1" 200 2065
114.86.227.20 - - [30/Jul/2022:11:00:56 +0800] "POST /xingrg/kc/buy/cgsh_order_operate.html HTTP/1.1" 200 3239
180.162.109.37 - - [30/Jul/2022:11:00:56 +0800] "GET /xingrg/javascript/easyui/themes/default/images/tree_arrows.gif HTTP/1.1" 304 -
180.162.109.37 - - [30/Jul/2022:11:00:56 +0800] "GET /xingrg/javascript/easyui/themes/default/images/tree_folder_open.gif HTTP/1.1" 304 -
180.162.109.37 - - [30/Jul/2022:11:00:57 +0800] "GET /xingrg/javascript/easyui/themes/default/images/tree_folder.gif HTTP/1.1" 304 -
180.162.109.37 - - [30/Jul/2022:11:00:57 +0800] "GET /xingrg/javascript/easyui/themes/default/images/tree_file.gif HTTP/1.1" 304 -
114.86.227.20 - - [30/Jul/2022:11:00:57 +0800] "GET /xingrg/kc/print/load_config.html?kc_code=cgsh HTTP/1.1" 200 1943
114.86.227.20 - - [30/Jul/2022:11:00:57 +0800] "GET /xingrg/kc/print/load_data.html?order_code=212022073008016&kc_code=cgsh&condition= HTTP/1.1" 200 887
101.83.240.137 - - [30/Jul/2022:11:01:03 +0800] "GET /xingrg/all/function/internal_message.html?_=1659150058444&CODE_STATE=getMsg HTTP/1.1" 200 27
114.86.227.20 - - [30/Jul/2022:11:01:08 +0800] "GET /xingrg/all/function/internal_message.html?_=1659150065314&CODE_STATE=getMsg HTTP/1.1" 200 27
218.81.223.53 - - [30/Jul/2022:11:01:14 +0800] "GET /xingrg/kc/buy/cgsh_order_operate.html?command=get_materiel&rest_code=00146&code=00101008036&supplier_code=00100005&order_time=2022-07-30 HTTP/1.1" 200 408
180.162.109.37 - - [30/Jul/2022:11:01:19 +0800] "GET /xingrg/all/function/internal_message.html?_=1659149269255&CODE_STATE=getMsg HTTP/1.1" 200 27
180.162.109.37 - - [30/Jul/2022:11:01:20 +0800] "GET /xingrg/kc/buy/cgsh_order_operate.html?command=get_materiel&rest_code=00143&code=00101003002&supplier_code=00100207&order_time=2022-07-30 HTTP/1.1" 200 411
180.169.147.146 - - [30/Jul/2022:11:01:21 +0800] "GET /xingrg/check_reg.html?_=1659150076679 HTTP/1.1" 200 22
180.169.147.146 - - [30/Jul/2022:11:01:21 +0800] "GET /xingrg/all/function/internal_message.html?_=1659150076680&CODE_STATE=getMsg HTTP/1.1" 200 27
114.88.158.224 - - [30/Jul/2022:11:01:23 +0800] "GET /xingrg/check_reg.html?_=1659149765848 HTTP/1.1" 200 22
114.88.158.224 - - [30/Jul/2022:11:01:23 +0800] "GET /xingrg/all/function/internal_message.html?_=1659149765850&CODE_STATE=getMsg HTTP/1.1" 200 27
114.86.227.20 - - [30/Jul/2022:11:01:24 +0800] "GET /xingrg/kc/buy/cgsh_order_add.html HTTP/1.1" 200 68020
114.86.227.20 - - [30/Jul/2022:11:01:24 +0800] "POST /xingrg/kc/buy/cgsh_order_operate.html HTTP/1.1" 200 8245
114.86.227.20 - - [30/Jul/2022:11:01:24 +0800] "GET /xingrg/all/common/auto_word.html?type=employee&rest_code=00109 HTTP/1.1" 200 255
114.86.227.20 - - [30/Jul/2022:11:01:24 +0800] "GET /xingrg/all/common/auto_word.html?type=employee&rest_code=00109 HTTP/1.1" 200 255
114.86.227.20 - - [30/Jul/2022:11:01:24 +0800] "GET /xingrg/javascript/easyui/themes/default/validatebox.css HTTP/1.1" 404 1104
61.165.20.118 - - [30/Jul/2022:11:01:25 +0800] "GET /xingrg/all/function/internal_message.html?_=1659149963379&CODE_STATE=getMsg HTTP/1.1" 200 27
101.85.120.95 - - [30/Jul/2022:11:01:26 +0800] "GET /xingrg/all/function/internal_message.html?_=1659150082903&CODE_STATE=getMsg HTTP/1.1" 200 27
116.224.123.211 - - [30/Jul/2022:11:01:31 +0800] "GET /xingrg/all/function/internal_message.html?_=1659150087931&CODE_STATE=getMsg HTTP/1.1" 200 27
222.69.129.110 - - [30/Jul/2022:11:01:37 +0800] "GET /xingrg/all/function/internal_message.html?_=1659150149483&CODE_STATE=getMsg HTTP/1.1" 200 27
114.86.227.20 - - [30/Jul/2022:11:01:38 +0800] "GET /xingrg/javascript/auto/indicator.gif HTTP/1.1" 404 1066
116.224.255.128 - - [30/Jul/2022:11:01:42 +0800] "GET /xingrg/all/function/internal_message.html?_=1659150098456&CODE_STATE=getMsg HTTP/1.1" 200 27
61.165.20.118 - - [30/Jul/2022:11:01:45 +0800] "GET /xingrg/all/function/internal_message.html?_=1659150101936&CODE_STATE=getMsg HTTP/1.1" 200 27
218.81.223.53 - - [30/Jul/2022:11:01:46 +0800] "GET /xingrg/all/function/internal_message.html?_=1659150111583&CODE_STATE=getMsg HTTP/1.1" 200 27
114.86.227.20 - - [30/Jul/2022:11:01:48 +0800] "GET /xingrg/kc/buy/cgsh_order_operate.html?command=get_materiel&rest_code=00109&code=00102001174&supplier_code=00100075&order_time=2022-07-30 HTTP/1.1" 200 405
116.232.194.65 - - [30/Jul/2022:11:01:49 +0800] "GET /xingrg/all/function/internal_message.html?_=1659150096645&CODE_STATE=getMsg HTTP/1.1" 200 27
58.40.7.146 - - [30/Jul/2022:11:01:52 +0800] "GET /xingrg/all/function/internal_message.html?_=1659150109224&CODE_STATE=getMsg HTTP/1.1" 200 27
101.80.228.36 - - [30/Jul/2022:11:01:55 +0800] "GET /xingrg/all/function/internal_message.html?_=1659150113126&CODE_STATE=getMsg HTTP/1.1" 200 27
114.86.227.20 - - [30/Jul/2022:11:02:02 +0800] "GET /xingrg/kc/buy/cgsh_order_operate.html?command=get_materiel&rest_code=00109&code=00102013051&supplier_code=00100075&order_time=2022-07-30 HTTP/1.1" 200 417
101.83.240.137 - - [30/Jul/2022:11:02:03 +0800] "GET /xingrg/all/function/internal_message.html?_=1659150118429&CODE_STATE=getMsg HTTP/1.1" 200 27
114.86.227.20 - - [30/Jul/2022:11:02:08 +0800] "GET /xingrg/all/function/internal_message.html?_=1659150125301&CODE_STATE=getMsg HTTP/1.1" 200 27
218.81.223.53 - - [30/Jul/2022:11:02:08 +0800] "GET /xingrg/kc/buy/cgsh_order_operate.html?command=get_materiel&rest_code=00146&code=00101008352&supplier_code=00100005&order_time=2022-07-30 HTTP/1.1" 200 412
114.86.227.20 - - [30/Jul/2022:11:02:10 +0800] "GET /xingrg/kc/buy/cgsh_order_operate.html?command=get_materiel&rest_code=00109&code=00102003284&supplier_code=00100075&order_time=2022-07-30 HTTP/1.1" 200 408
114.86.227.20 - - [30/Jul/2022:11:02:17 +0800] "GET /xingrg/kc/buy/cgsh_order_operate.html?command=get_materiel&rest_code=00109&code=00102013050&supplier_code=00100075&order_time=2022-07-30 HTTP/1.1" 200 413
180.162.109.37 - - [30/Jul/2022:11:02:19 +0800] "GET /xingrg/all/function/internal_message.html?_=1659149329244&CODE_STATE=getMsg HTTP/1.1" 200 27
180.169.147.146 - - [30/Jul/2022:11:02:21 +0800] "GET /xingrg/all/function/internal_message.html?_=1659150136665&CODE_STATE=getMsg HTTP/1.1" 200 27
114.88.158.224 - - [30/Jul/2022:11:02:23 +0800] "GET /xingrg/all/function/internal_message.html?_=1659149825855&CODE_STATE=getMsg HTTP/1.1" 200 27
61.165.20.118 - - [30/Jul/2022:11:02:25 +0800] "GET /xingrg/all/function/internal_message.html?_=1659150023364&CODE_STATE=getMsg HTTP/1.1" 200 27
114.86.227.20 - - [30/Jul/2022:11:02:25 +0800] "GET /xingrg/kc/buy/cgsh_order_operate.html?command=get_materiel&rest_code=00109&code=00102001174&supplier_code=00100075&order_time=2022-07-30 HTTP/1.1" 200 405
101.85.120.95 - - [30/Jul/2022:11:02:26 +0800] "GET /xingrg/check_reg.html?_=1659150142902 HTTP/1.1" 200 22
101.85.120.95 - - [30/Jul/2022:11:02:26 +0800] "GET /xingrg/all/function/internal_message.html?_=1659150142903&CODE_STATE=getMsg HTTP/1.1" 200 27
218.81.223.53 - - [30/Jul/2022:11:02:28 +0800] "POST /xingrg/kc/buy/cgsh_order_operate.html HTTP/1.1" 200 37
218.81.223.53 - - [30/Jul/2022:11:02:30 +0800] "POST /xingrg/kc/buy/cgsh_order_operate.html HTTP/1.1" 200 29248
116.224.123.211 - - [30/Jul/2022:11:02:31 +0800] "GET /xingrg/all/function/internal_message.html?_=1659150147936&CODE_STATE=getMsg HTTP/1.1" 200 27
218.81.223.53 - - [30/Jul/2022:11:02:33 +0800] "GET /xingrg/kc/print/load_config.html?kc_code=cgsh HTTP/1.1" 200 1943
218.81.223.53 - - [30/Jul/2022:11:02:33 +0800] "GET /xingrg/kc/print/load_data.html?order_code=212022073008017&kc_code=cgsh&condition= HTTP/1.1" 200 10761
114.86.227.20 - - [30/Jul/2022:11:02:35 +0800] "GET /xingrg/kc/buy/cgsh_order_operate.html?command=get_materiel&rest_code=00109&code=00102034018&supplier_code=00100075&order_time=2022-07-30 HTTP/1.1" 200 420
222.69.129.110 - - [30/Jul/2022:11:02:37 +0800] "GET /xingrg/all/function/internal_message.html?_=1659150209458&CODE_STATE=getMsg HTTP/1.1" 200 27
116.224.255.128 - - [30/Jul/2022:11:02:42 +0800] "GET /xingrg/all/function/internal_message.html?_=1659150158456&CODE_STATE=getMsg HTTP/1.1" 200 27
114.86.227.20 - - [30/Jul/2022:11:02:44 +0800] "POST /xingrg/kc/buy/cgsh_order_operate.html HTTP/1.1" 200 37
180.162.109.37 - - [30/Jul/2022:11:02:44 +0800] "GET /xingrg/kc/buy/cgsh_order_operate.html?command=get_materiel&rest_code=00143&code=00101002017&supplier_code=00100207&order_time=2022-07-30 HTTP/1.1" 200 409
61.165.20.118 - - [30/Jul/2022:11:02:45 +0800] "GET /xingrg/all/function/internal_message.html?_=1659150161906&CODE_STATE=getMsg HTTP/1.1" 200 27
114.86.227.20 - - [30/Jul/2022:11:02:46 +0800] "POST /xingrg/kc/buy/cgsh_order_operate.html HTTP/1.1" 200 5608
218.81.223.53 - - [30/Jul/2022:11:02:46 +0800] "GET /xingrg/all/function/internal_message.html?_=1659150171588&CODE_STATE=getMsg HTTP/1.1" 200 27
114.86.227.20 - - [30/Jul/2022:11:02:46 +0800] "GET /xingrg/kc/print/load_config.html?kc_code=cgsh HTTP/1.1" 200 1943
114.86.227.20 - - [30/Jul/2022:11:02:47 +0800] "GET /xingrg/kc/print/load_data.html?order_code=212022073008018&kc_code=cgsh&condition= HTTP/1.1" 200 1790
116.232.194.65 - - [30/Jul/2022:11:02:49 +0800] "GET /xingrg/all/function/internal_message.html?_=1659150156616&CODE_STATE=getMsg HTTP/1.1" 200 27
58.40.7.146 - - [30/Jul/2022:11:02:52 +0800] "GET /xingrg/all/function/internal_message.html?_=1659150169228&CODE_STATE=getMsg HTTP/1.1" 200 27
101.80.228.36 - - [30/Jul/2022:11:02:55 +0800] "GET /xingrg/all/function/internal_message.html?_=1659150173128&CODE_STATE=getMsg HTTP/1.1" 200 27
114.86.227.20 - - [30/Jul/2022:11:02:55 +0800] "GET /xingrg/kc/base/base_main.html HTTP/1.1" 200 12142
218.81.223.53 - - [30/Jul/2022:11:02:57 +0800] "GET /xingrg/kc/buy/cgsh_order_add.html HTTP/1.1" 200 67906
114.86.227.20 - - [30/Jul/2022:11:02:57 +0800] "GET /xingrg/kc/buy/buy_main.html HTTP/1.1" 200 12412
114.86.227.20 - - [30/Jul/2022:11:02:57 +0800] "GET /xingrg/css/new_ie.css HTTP/1.1" 404 1036
218.81.223.53 - - [30/Jul/2022:11:02:58 +0800] "POST /xingrg/kc/buy/cgsh_order_operate.html HTTP/1.1" 200 8245
218.81.223.53 - - [30/Jul/2022:11:02:58 +0800] "GET /xingrg/javascript/easyui/themes/default/validatebox.css HTTP/1.1" 404 1104
101.83.240.137 - - [30/Jul/2022:11:03:03 +0800] "GET /xingrg/all/function/internal_message.html?_=1659150178436&CODE_STATE=getMsg HTTP/1.1" 200 27
114.86.227.20 - - [30/Jul/2022:11:03:04 +0800] "GET /xingrg/kc/mdqp/qp_main.html HTTP/1.1" 200 10633
114.86.227.20 - - [30/Jul/2022:11:03:05 +0800] "GET /xingrg/kc/mdqp/pssh_order_list.html HTTP/1.1" 200 17903
114.86.227.20 - - [30/Jul/2022:11:03:05 +0800] "POST /xingrg/kc/mdqp/pssh_list_operate.html HTTP/1.1" 200 5301
114.86.227.20 - - [30/Jul/2022:11:03:06 +0800] "POST /xingrg/kc/mdqp/pssh_list_operate.html HTTP/1.1" 200 656
114.86.227.20 - - [30/Jul/2022:11:03:08 +0800] "GET /xingrg/all/function/internal_message.html?_=1659150185323&CODE_STATE=getMsg HTTP/1.1" 200 27
114.86.227.20 - - [30/Jul/2022:11:03:08 +0800] "GET /xingrg/kc/mdqp/pssh_order_info.html?code=312022072800489 HTTP/1.1" 200 17244
114.86.227.20 - - [30/Jul/2022:11:03:08 +0800] "GET /xingrg/javascript/jquery_tools/jquery-1.4.2.min.js HTTP/1.1" 404 1094
114.86.227.20 - - [30/Jul/2022:11:03:08 +0800] "GET /xingrg/words/20220730095315_words.js HTTP/1.1" 304 -
114.86.227.20 - - [30/Jul/2022:11:03:08 +0800] "GET /xingrg/all/common/auto_word.html?type=base&rest_code=00109&rest_code=00109 HTTP/1.1" 200 1907
114.86.227.20 - - [30/Jul/2022:11:03:08 +0800] "POST /xingrg/kc/mdqp/pssh_order_operate.html HTTP/1.1" 200 2612
114.86.227.20 - - [30/Jul/2022:11:03:08 +0800] "GET /xingrg/javascript/easyui/themes/default/validatebox.css HTTP/1.1" 404 1104
114.86.227.20 - - [30/Jul/2022:11:03:08 +0800] "GET /xingrg/all/common/auto_word.html?type=employee&rest_code=00109 HTTP/1.1" 200 255
114.86.227.20 - - [30/Jul/2022:11:03:11 +0800] "GET /xingrg/kc/mdqp/pssh_order_list.html?isBack=1 HTTP/1.1" 200 17903
114.86.227.20 - - [30/Jul/2022:11:03:12 +0800] "POST /xingrg/kc/mdqp/pssh_list_operate.html HTTP/1.1" 200 5301
114.86.227.20 - - [30/Jul/2022:11:03:13 +0800] "POST /xingrg/kc/mdqp/pssh_list_operate.html HTTP/1.1" 200 466
114.86.227.20 - - [30/Jul/2022:11:03:14 +0800] "GET /xingrg/javascript/jquery_tools/jquery-1.4.2.min.js HTTP/1.1" 404 1094
114.86.227.20 - - [30/Jul/2022:11:03:14 +0800] "GET /xingrg/kc/mdqp/pssh_order_info.html?code=312022072900492 HTTP/1.1" 200 17297
114.86.227.20 - - [30/Jul/2022:11:03:14 +0800] "GET /xingrg/javascript/easyui/themes/default/validatebox.css HTTP/1.1" 404 1104
114.86.227.20 - - [30/Jul/2022:11:03:14 +0800] "GET /xingrg/all/common/auto_word.html?type=employee&rest_code=00109 HTTP/1.1" 200 255
114.86.227.20 - - [30/Jul/2022:11:03:14 +0800] "GET /xingrg/all/common/auto_word.html?type=base&rest_code=00109&rest_code=00109 HTTP/1.1" 200 1907
114.86.227.20 - - [30/Jul/2022:11:03:14 +0800] "POST /xingrg/kc/mdqp/pssh_order_operate.html HTTP/1.1" 200 1600
180.162.109.37 - - [30/Jul/2022:11:03:19 +0800] "GET /xingrg/all/function/internal_message.html?_=1659149389247&CODE_STATE=getMsg HTTP/1.1" 200 27
180.162.109.37 - - [30/Jul/2022:11:03:19 +0800] "GET /xingrg/check_reg.html?_=1659149389249 HTTP/1.1" 200 22
180.169.147.146 - - [30/Jul/2022:11:03:21 +0800] "GET /xingrg/all/function/internal_message.html?_=1659150196668&CODE_STATE=getMsg HTTP/1.1" 200 27
114.86.227.20 - - [30/Jul/2022:11:03:22 +0800] "POST /xingrg/kc/mdqp/pssh_order_operate.html HTTP/1.1" 200 37
114.86.227.20 - - [30/Jul/2022:11:03:23 +0800] "POST /xingrg/kc/mdqp/pssh_order_operate.html HTTP/1.1" 200 12
114.88.158.224 - - [30/Jul/2022:11:03:23 +0800] "GET /xingrg/all/function/internal_message.html?_=1659149885873&CODE_STATE=getMsg HTTP/1.1" 200 27
114.86.227.20 - - [30/Jul/2022:11:03:24 +0800] "GET /xingrg/kc/mdqp/pssh_order_info.html?code=312022072900492 HTTP/1.1" 200 14382
114.86.227.20 - - [30/Jul/2022:11:03:24 +0800] "GET /xingrg/javascript/jquery_tools/jquery-1.4.2.min.js HTTP/1.1" 404 1094
114.86.227.20 - - [30/Jul/2022:11:03:24 +0800] "GET /xingrg/javascript/easyui/themes/icons/uncheck_new.png HTTP/1.1" 200 3197
114.86.227.20 - - [30/Jul/2022:11:03:24 +0800] "GET /xingrg/javascript/easyui/themes/default/validatebox.css HTTP/1.1" 404 1104
114.86.227.20 - - [30/Jul/2022:11:03:24 +0800] "POST /xingrg/kc/mdqp/pssh_order_operate.html HTTP/1.1" 200 1600
61.165.20.118 - - [30/Jul/2022:11:03:25 +0800] "GET /xingrg/all/function/internal_message.html?_=1659150083349&CODE_STATE=getMsg HTTP/1.1" 200 27
120.253.135.82 - - [30/Jul/2022:11:03:25 +0800] "GET /xingrg/check_reg.html?_=1659150009623 HTTP/1.1" 200 22
114.86.227.20 - - [30/Jul/2022:11:03:25 +0800] "GET /xingrg/kc/print/load_config.html?kc_code=pssh HTTP/1.1" 200 2291
114.86.227.20 - - [30/Jul/2022:11:03:25 +0800] "GET /xingrg/kc/print/load_data.html?order_code=312022072900492&kc_code=pssh&condition= HTTP/1.1" 200 1031
101.85.120.95 - - [30/Jul/2022:11:03:26 +0800] "GET /xingrg/all/function/internal_message.html?_=1659150202902&CODE_STATE=getMsg HTTP/1.1" 200 27
114.86.227.20 - - [30/Jul/2022:11:03:29 +0800] "GET /xingrg/kc/mdqp/pssh_order_list.html?isBack=1 HTTP/1.1" 200 17903
114.86.227.20 - - [30/Jul/2022:11:03:29 +0800] "POST /xingrg/kc/mdqp/pssh_list_operate.html HTTP/1.1" 200 5323
114.86.227.20 - - [30/Jul/2022:11:03:30 +0800] "POST /xingrg/kc/mdqp/pssh_list_operate.html HTTP/1.1" 200 466
114.86.227.20 - - [30/Jul/2022:11:03:31 +0800] "POST /xingrg/kc/mdqp/pssh_list_operate.html HTTP/1.1" 200 264
116.224.123.211 - - [30/Jul/2022:11:03:31 +0800] "GET /xingrg/all/function/internal_message.html?_=1659150207935&CODE_STATE=getMsg HTTP/1.1" 200 27
114.86.227.20 - - [30/Jul/2022:11:03:32 +0800] "POST /xingrg/kc/mdqp/pssh_list_operate.html HTTP/1.1" 200 1574
114.86.227.20 - - [30/Jul/2022:11:03:32 +0800] "GET /xingrg/kc/mdqp/pssh_order_info.html?code=312022072900498 HTTP/1.1" 200 17297
114.86.227.20 - - [30/Jul/2022:11:03:32 +0800] "GET /xingrg/javascript/jquery_tools/jquery-1.4.2.min.js HTTP/1.1" 404 1094
114.86.227.20 - - [30/Jul/2022:11:03:32 +0800] "POST /xingrg/kc/mdqp/pssh_order_operate.html HTTP/1.1" 200 550
114.86.227.20 - - [30/Jul/2022:11:03:32 +0800] "GET /xingrg/all/common/auto_word.html?type=base&rest_code=00109&rest_code=00109 HTTP/1.1" 200 1907
114.86.227.20 - - [30/Jul/2022:11:03:32 +0800] "GET /xingrg/all/common/auto_word.html?type=employee&rest_code=00109 HTTP/1.1" 200 255
114.86.227.20 - - [30/Jul/2022:11:03:32 +0800] "GET /xingrg/javascript/easyui/themes/default/validatebox.css HTTP/1.1" 404 1104
222.69.129.110 - - [30/Jul/2022:11:03:37 +0800] "GET /xingrg/all/function/internal_message.html?_=1659150269446&CODE_STATE=getMsg HTTP/1.1" 200 27
222.69.129.110 - - [30/Jul/2022:11:03:38 +0800] "GET /xingrg/check_reg.html?_=1659150270806 HTTP/1.1" 200 22
114.86.227.20 - - [30/Jul/2022:11:03:40 +0800] "POST /xingrg/kc/mdqp/pssh_order_operate.html HTTP/1.1" 200 37
114.86.227.20 - - [30/Jul/2022:11:03:40 +0800] "POST /xingrg/kc/mdqp/pssh_order_operate.html HTTP/1.1" 200 12
114.86.227.20 - - [30/Jul/2022:11:03:41 +0800] "GET /xingrg/kc/mdqp/pssh_order_info.html?code=312022072900498 HTTP/1.1" 200 14382
114.86.227.20 - - [30/Jul/2022:11:03:41 +0800] "GET /xingrg/javascript/jquery_tools/jquery-1.4.2.min.js HTTP/1.1" 404 1094
114.86.227.20 - - [30/Jul/2022:11:03:41 +0800] "POST /xingrg/kc/mdqp/pssh_order_operate.html HTTP/1.1" 200 550
114.86.227.20 - - [30/Jul/2022:11:03:41 +0800] "GET /xingrg/javascript/easyui/themes/default/validatebox.css HTTP/1.1" 404 1104
116.224.255.128 - - [30/Jul/2022:11:03:42 +0800] "GET /xingrg/all/function/internal_message.html?_=1659150218457&CODE_STATE=getMsg HTTP/1.1" 200 27
114.86.227.20 - - [30/Jul/2022:11:03:43 +0800] "GET /xingrg/kc/print/load_config.html?kc_code=pssh HTTP/1.1" 200 2291
114.86.227.20 - - [30/Jul/2022:11:03:43 +0800] "GET /xingrg/kc/print/load_data.html?order_code=312022072900498&kc_code=pssh&condition= HTTP/1.1" 200 670
218.81.223.53 - - [30/Jul/2022:11:03:45 +0800] "GET /xingrg/kc/buy/cgsh_order_operate.html?command=get_materiel&rest_code=00146&code=00101016025&supplier_code=00100033&order_time=2022-07-30 HTTP/1.1" 200 408
61.165.20.118 - - [30/Jul/2022:11:03:45 +0800] "GET /xingrg/all/function/internal_message.html?_=1659150221883&CODE_STATE=getMsg HTTP/1.1" 200 27
218.81.223.53 - - [30/Jul/2022:11:03:46 +0800] "GET /xingrg/all/function/internal_message.html?_=1659150231601&CODE_STATE=getMsg HTTP/1.1" 200 27
114.86.227.20 - - [30/Jul/2022:11:03:47 +0800] "GET /xingrg/kc/mdqp/pssh_order_list.html?isBack=1 HTTP/1.1" 200 17903
114.86.227.20 - - [30/Jul/2022:11:03:47 +0800] "POST /xingrg/kc/mdqp/pssh_list_operate.html HTTP/1.1" 200 5345
61.165.20.118 - - [30/Jul/2022:11:03:47 +0800] "GET /xingrg/check_reg.html?_=1659150223939 HTTP/1.1" 200 22
114.86.227.20 - - [30/Jul/2022:11:03:48 +0800] "POST /xingrg/kc/mdqp/pssh_list_operate.html HTTP/1.1" 200 768
116.232.194.65 - - [30/Jul/2022:11:03:49 +0800] "GET /xingrg/all/function/internal_message.html?_=1659150216602&CODE_STATE=getMsg HTTP/1.1" 200 27
114.86.227.20 - - [30/Jul/2022:11:03:49 +0800] "POST /xingrg/kc/mdqp/pssh_list_operate.html HTTP/1.1" 200 1574
114.86.227.20 - - [30/Jul/2022:11:03:49 +0800] "GET /xingrg/kc/mdqp/pssh_order_info.html?code=312022072800483 HTTP/1.1" 200 17297
114.86.227.20 - - [30/Jul/2022:11:03:49 +0800] "GET /xingrg/javascript/jquery_tools/jquery-1.4.2.min.js HTTP/1.1" 404 1094
114.86.227.20 - - [30/Jul/2022:11:03:49 +0800] "GET /xingrg/all/common/auto_word.html?type=base&rest_code=00109&rest_code=00109 HTTP/1.1" 200 1907
114.86.227.20 - - [30/Jul/2022:11:03:49 +0800] "POST /xingrg/kc/mdqp/pssh_order_operate.html HTTP/1.1" 200 12358
114.86.227.20 - - [30/Jul/2022:11:03:49 +0800] "GET /xingrg/all/common/auto_word.html?type=employee&rest_code=00109 HTTP/1.1" 200 255
114.86.227.20 - - [30/Jul/2022:11:03:49 +0800] "GET /xingrg/javascript/easyui/themes/default/validatebox.css HTTP/1.1" 404 1104
58.40.7.146 - - [30/Jul/2022:11:03:52 +0800] "GET /xingrg/all/function/internal_message.html?_=1659150229218&CODE_STATE=getMsg HTTP/1.1" 200 27
58.40.7.146 - - [30/Jul/2022:11:03:52 +0800] "GET /xingrg/check_reg.html?_=1659150229221 HTTP/1.1" 200 22
101.80.228.36 - - [30/Jul/2022:11:03:55 +0800] "GET /xingrg/all/function/internal_message.html?_=1659150233129&CODE_STATE=getMsg HTTP/1.1" 200 27
114.86.227.20 - - [30/Jul/2022:11:03:57 +0800] "POST /xingrg/kc/mdqp/pssh_order_operate.html HTTP/1.1" 200 37
61.165.20.118 - - [30/Jul/2022:11:03:57 +0800] "GET /xingrg/check_reg.html?_=1659150115690 HTTP/1.1" 200 22
114.86.227.20 - - [30/Jul/2022:11:03:58 +0800] "POST /xingrg/kc/mdqp/pssh_order_operate.html HTTP/1.1" 200 12
114.86.227.20 - - [30/Jul/2022:11:03:59 +0800] "GET /xingrg/kc/mdqp/pssh_order_info.html?code=312022072800483 HTTP/1.1" 200 14382
114.86.227.20 - - [30/Jul/2022:11:03:59 +0800] "GET /xingrg/javascript/jquery_tools/jquery-1.4.2.min.js HTTP/1.1" 404 1094
114.86.227.20 - - [30/Jul/2022:11:03:59 +0800] "POST /xingrg/kc/mdqp/pssh_order_operate.html HTTP/1.1" 200 12358
114.86.227.20 - - [30/Jul/2022:11:03:59 +0800] "GET /xingrg/javascript/easyui/themes/default/validatebox.css HTTP/1.1" 404 1104
114.86.227.20 - - [30/Jul/2022:11:04:00 +0800] "GET /xingrg/kc/print/load_config.html?kc_code=pssh HTTP/1.1" 200 2291
114.86.227.20 - - [30/Jul/2022:11:04:01 +0800] "GET /xingrg/kc/print/load_data.html?order_code=312022072800483&kc_code=pssh&condition= HTTP/1.1" 200 4881
101.83.240.137 - - [30/Jul/2022:11:04:03 +0800] "GET /xingrg/all/function/internal_message.html?_=1659150238406&CODE_STATE=getMsg HTTP/1.1" 200 27
101.83.240.137 - - [30/Jul/2022:11:04:05 +0800] "GET /xingrg/check_reg.html?_=1659150240056 HTTP/1.1" 200 22
114.86.227.20 - - [30/Jul/2022:11:04:05 +0800] "GET /xingrg/kc/mdqp/pssh_order_list.html?isBack=1 HTTP/1.1" 200 17903
114.86.227.20 - - [30/Jul/2022:11:04:05 +0800] "POST /xingrg/kc/mdqp/pssh_list_operate.html HTTP/1.1" 200 5367
218.81.223.53 - - [30/Jul/2022:11:04:05 +0800] "GET /xingrg/kc/buy/cgsh_order_operate.html?command=get_materiel&rest_code=00146&code=00101016080&supplier_code=00100033&order_time=2022-07-30 HTTP/1.1" 200 408
114.86.227.20 - - [30/Jul/2022:11:04:06 +0800] "POST /xingrg/kc/mdqp/pssh_list_operate.html HTTP/1.1" 200 372
114.86.227.20 - - [30/Jul/2022:11:04:08 +0800] "GET /xingrg/all/function/internal_message.html?_=1659150245320&CODE_STATE=getMsg HTTP/1.1" 200 27
114.86.227.20 - - [30/Jul/2022:11:04:08 +0800] "POST /xingrg/kc/mdqp/pssh_list_operate.html HTTP/1.1" 200 1574
114.86.227.20 - - [30/Jul/2022:11:04:08 +0800] "GET /xingrg/kc/mdqp/pssh_order_info.html?code=312022072500429 HTTP/1.1" 200 17266
114.86.227.20 - - [30/Jul/2022:11:04:08 +0800] "GET /xingrg/javascript/jquery_tools/jquery-1.4.2.min.js HTTP/1.1" 404 1094
114.86.227.20 - - [30/Jul/2022:11:04:08 +0800] "GET /xingrg/all/common/auto_word.html?type=base&rest_code=00109&rest_code=00109 HTTP/1.1" 200 1907
114.86.227.20 - - [30/Jul/2022:11:04:08 +0800] "POST /xingrg/kc/mdqp/pssh_order_operate.html HTTP/1.1" 200 1055
114.86.227.20 - - [30/Jul/2022:11:04:08 +0800] "GET /xingrg/all/common/auto_word.html?type=employee&rest_code=00109 HTTP/1.1" 200 255
114.86.227.20 - - [30/Jul/2022:11:04:08 +0800] "GET /xingrg/javascript/easyui/themes/default/validatebox.css HTTP/1.1" 404 1104
124.78.154.216 - - [30/Jul/2022:11:04:11 +0800] "GET /xingrg/check_reg.html?_=1659150252235 HTTP/1.1" 200 22
180.162.109.37 - - [30/Jul/2022:11:04:11 +0800] "POST /xingrg/kc/buy/cgsh_order_operate.html HTTP/1.1" 200 37
180.162.109.37 - - [30/Jul/2022:11:04:13 +0800] "POST /xingrg/kc/buy/cgsh_order_operate.html HTTP/1.1" 200 3242
114.86.227.20 - - [30/Jul/2022:11:04:17 +0800] "POST /xingrg/kc/mdqp/pssh_order_operate.html HTTP/1.1" 200 37
114.86.227.20 - - [30/Jul/2022:11:04:17 +0800] "POST /xingrg/kc/mdqp/pssh_order_operate.html HTTP/1.1" 200 12
114.86.227.20 - - [30/Jul/2022:11:04:18 +0800] "GET /xingrg/kc/mdqp/pssh_order_info.html?code=312022072500429 HTTP/1.1" 200 14380
114.86.227.20 - - [30/Jul/2022:11:04:18 +0800] "GET /xingrg/javascript/jquery_tools/jquery-1.4.2.min.js HTTP/1.1" 404 1094
114.86.227.20 - - [30/Jul/2022:11:04:18 +0800] "POST /xingrg/kc/mdqp/pssh_order_operate.html HTTP/1.1" 200 1055
114.86.227.20 - - [30/Jul/2022:11:04:18 +0800] "GET /xingrg/javascript/easyui/themes/default/validatebox.css HTTP/1.1" 404 1104
180.162.109.37 - - [30/Jul/2022:11:04:19 +0800] "GET /xingrg/all/function/internal_message.html?_=1659149449255&CODE_STATE=getMsg HTTP/1.1" 200 27
114.86.227.20 - - [30/Jul/2022:11:04:20 +0800] "GET /xingrg/kc/print/load_config.html?kc_code=pssh HTTP/1.1" 200 2291
114.86.227.20 - - [30/Jul/2022:11:04:20 +0800] "GET /xingrg/kc/print/load_data.html?order_code=312022072500429&kc_code=pssh&condition= HTTP/1.1" 200 836
180.169.147.146 - - [30/Jul/2022:11:04:21 +0800] "GET /xingrg/all/function/internal_message.html?_=1659150256670&CODE_STATE=getMsg HTTP/1.1" 200 27
114.88.158.224 - - [30/Jul/2022:11:04:23 +0800] "GET /xingrg/all/function/internal_message.html?_=1659149945882&CODE_STATE=getMsg HTTP/1.1" 200 27
218.81.223.53 - - [30/Jul/2022:11:04:24 +0800] "POST /xingrg/kc/buy/cgsh_order_operate.html HTTP/1.1" 200 37
114.86.227.20 - - [30/Jul/2022:11:04:24 +0800] "GET /xingrg/kc/mdqp/pssh_order_list.html?isBack=1 HTTP/1.1" 200 17903
114.86.227.20 - - [30/Jul/2022:11:04:24 +0800] "POST /xingrg/kc/mdqp/pssh_list_operate.html HTTP/1.1" 200 5398
61.165.20.118 - - [30/Jul/2022:11:04:25 +0800] "GET /xingrg/all/function/internal_message.html?_=1659150143320&CODE_STATE=getMsg HTTP/1.1" 200 27
218.81.223.53 - - [30/Jul/2022:11:04:25 +0800] "POST /xingrg/kc/buy/cgsh_order_operate.html HTTP/1.1" 200 3236
114.86.227.20 - - [30/Jul/2022:11:04:26 +0800] "POST /xingrg/kc/mdqp/pssh_list_operate.html HTTP/1.1" 200 777
101.85.120.95 - - [30/Jul/2022:11:04:26 +0800] "GET /xingrg/all/function/internal_message.html?_=1659150262900&CODE_STATE=getMsg HTTP/1.1" 200 27
114.86.227.20 - - [30/Jul/2022:11:04:27 +0800] "POST /xingrg/kc/mdqp/pssh_list_operate.html HTTP/1.1" 200 1574
114.86.227.20 - - [30/Jul/2022:11:04:27 +0800] "GET /xingrg/kc/mdqp/pssh_order_info.html?code=312022072800482 HTTP/1.1" 200 17297
114.86.227.20 - - [30/Jul/2022:11:04:27 +0800] "GET /xingrg/javascript/jquery_tools/jquery-1.4.2.min.js HTTP/1.1" 404 1094
114.86.227.20 - - [30/Jul/2022:11:04:27 +0800] "POST /xingrg/kc/mdqp/pssh_order_operate.html HTTP/1.1" 200 4201
114.86.227.20 - - [30/Jul/2022:11:04:27 +0800] "GET /xingrg/all/common/auto_word.html?type=base&rest_code=00109&rest_code=00109 HTTP/1.1" 200 1907
114.86.227.20 - - [30/Jul/2022:11:04:27 +0800] "GET /xingrg/all/common/auto_word.html?type=employee&rest_code=00109 HTTP/1.1" 200 255
114.86.227.20 - - [30/Jul/2022:11:04:27 +0800] "GET /xingrg/javascript/easyui/themes/default/validatebox.css HTTP/1.1" 404 1104
218.81.223.53 - - [30/Jul/2022:11:04:29 +0800] "GET /xingrg/kc/print/load_data.html?order_code=212022073008020&kc_code=cgsh&condition= HTTP/1.1" 200 926
116.224.123.211 - - [30/Jul/2022:11:04:31 +0800] "GET /xingrg/all/function/internal_message.html?_=1659150267931&CODE_STATE=getMsg HTTP/1.1" 200 27
114.86.227.20 - - [30/Jul/2022:11:04:33 +0800] "POST /xingrg/kc/mdqp/pssh_order_operate.html HTTP/1.1" 200 37
114.86.227.20 - - [30/Jul/2022:11:04:34 +0800] "POST /xingrg/kc/mdqp/pssh_order_operate.html HTTP/1.1" 200 12
114.86.227.20 - - [30/Jul/2022:11:04:35 +0800] "GET /xingrg/kc/mdqp/pssh_order_info.html?code=312022072800482 HTTP/1.1" 200 14382
114.86.227.20 - - [30/Jul/2022:11:04:35 +0800] "GET /xingrg/javascript/jquery_tools/jquery-1.4.2.min.js HTTP/1.1" 404 1094
114.86.227.20 - - [30/Jul/2022:11:04:35 +0800] "POST /xingrg/kc/mdqp/pssh_order_operate.html HTTP/1.1" 200 4201
114.86.227.20 - - [30/Jul/2022:11:04:35 +0800] "GET /xingrg/javascript/easyui/themes/default/validatebox.css HTTP/1.1" 404 1104
222.69.129.110 - - [30/Jul/2022:11:04:36 +0800] "GET /xingrg/all/function/internal_message.html?_=1659150329436&CODE_STATE=getMsg HTTP/1.1" 200 27
114.86.227.20 - - [30/Jul/2022:11:04:38 +0800] "GET /xingrg/kc/print/load_config.html?kc_code=pssh HTTP/1.1" 200 2291
114.86.227.20 - - [30/Jul/2022:11:04:38 +0800] "GET /xingrg/kc/print/load_data.html?order_code=312022072800482&kc_code=pssh&condition= HTTP/1.1" 200 1921
116.224.255.128 - - [30/Jul/2022:11:04:42 +0800] "GET /xingrg/all/function/internal_message.html?_=1659150278483&CODE_STATE=getMsg HTTP/1.1" 200 27
116.224.255.128 - - [30/Jul/2022:11:04:42 +0800] "GET /xingrg/check_reg.html?_=1659150278488 HTTP/1.1" 200 22
61.165.20.118 - - [30/Jul/2022:11:04:45 +0800] "GET /xingrg/all/function/internal_message.html?_=1659150281853&CODE_STATE=getMsg HTTP/1.1" 200 27
218.81.223.53 - - [30/Jul/2022:11:04:47 +0800] "GET /xingrg/all/function/internal_message.html?_=1659150291877&CODE_STATE=getMsg HTTP/1.1" 200 27
116.232.194.65 - - [30/Jul/2022:11:04:48 +0800] "GET /xingrg/all/function/internal_message.html?_=1659150276587&CODE_STATE=getMsg HTTP/1.1" 200 27
58.40.7.146 - - [30/Jul/2022:11:04:52 +0800] "GET /xingrg/all/function/internal_message.html?_=1659150289224&CODE_STATE=getMsg HTTP/1.1" 200 27
101.80.228.36 - - [30/Jul/2022:11:04:55 +0800] "GET /xingrg/check_reg.html?_=1659150293129 HTTP/1.1" 200 22
101.80.228.36 - - [30/Jul/2022:11:04:55 +0800] "GET /xingrg/all/function/internal_message.html?_=1659150293130&CODE_STATE=getMsg HTTP/1.1" 200 27
218.81.223.53 - - [30/Jul/2022:11:04:57 +0800] "GET /xingrg/check_reg.html?_=1659150302175 HTTP/1.1" 200 22
218.81.223.53 - - [30/Jul/2022:11:04:58 +0800] "GET /xingrg/kc/buy/cgsh_order_add.html HTTP/1.1" 200 67906
218.81.223.53 - - [30/Jul/2022:11:04:59 +0800] "POST /xingrg/kc/buy/cgsh_order_operate.html HTTP/1.1" 200 8245
218.81.223.53 - - [30/Jul/2022:11:04:59 +0800] "GET /xingrg/javascript/easyui/themes/default/validatebox.css HTTP/1.1" 404 1104
114.86.227.20 - - [30/Jul/2022:11:05:01 +0800] "GET /xingrg/kc/mdqp/pssh_order_list.html?isBack=1 HTTP/1.1" 200 17903
114.86.227.20 - - [30/Jul/2022:11:05:01 +0800] "POST /xingrg/kc/mdqp/pssh_list_operate.html HTTP/1.1" 200 5420
101.83.240.137 - - [30/Jul/2022:11:05:03 +0800] "GET /xingrg/all/function/internal_message.html?_=1659150298387&CODE_STATE=getMsg HTTP/1.1" 200 27
114.86.227.20 - - [30/Jul/2022:11:05:04 +0800] "POST /xingrg/kc/mdqp/pssh_list_operate.html HTTP/1.1" 200 656
114.86.227.20 - - [30/Jul/2022:11:05:08 +0800] "GET /xingrg/all/function/internal_message.html?_=1659150305321&CODE_STATE=getMsg HTTP/1.1" 200 27
114.86.227.20 - - [30/Jul/2022:11:05:08 +0800] "GET /xingrg/check_reg.html?_=1659150305323 HTTP/1.1" 200 22
180.162.109.37 - - [30/Jul/2022:11:05:09 +0800] "POST /xingrg/kc/buy/cgsh_order_operate.html HTTP/1.1" 200 37
180.162.109.37 - - [30/Jul/2022:11:05:11 +0800] "POST /xingrg/kc/buy/cgsh_order_operate.html HTTP/1.1" 200 3242
180.162.109.37 - - [30/Jul/2022:11:05:19 +0800] "GET /xingrg/all/function/internal_message.html?_=1659149509245&CODE_STATE=getMsg HTTP/1.1" 200 27
218.81.223.53 - - [30/Jul/2022:11:05:19 +0800] "GET /xingrg/kc/buy/cgsh_order_operate.html?command=get_materiel&rest_code=00146&code=00101010161&supplier_code=00100041&order_time=2022-07-30 HTTP/1.1" 200 426
180.169.147.146 - - [30/Jul/2022:11:05:21 +0800] "GET /xingrg/all/function/internal_message.html?_=1659150316675&CODE_STATE=getMsg HTTP/1.1" 200 27
114.88.158.224 - - [30/Jul/2022:11:05:23 +0800] "GET /xingrg/all/function/internal_message.html?_=1659150005877&CODE_STATE=getMsg HTTP/1.1" 200 27
61.165.20.118 - - [30/Jul/2022:11:05:25 +0800] "GET /xingrg/all/function/internal_message.html?_=1659150203309&CODE_STATE=getMsg HTTP/1.1" 200 27
101.85.120.95 - - [30/Jul/2022:11:05:26 +0800] "GET /xingrg/all/function/internal_message.html?_=1659150322899&CODE_STATE=getMsg HTTP/1.1" 200 27
116.224.123.211 - - [30/Jul/2022:11:05:31 +0800] "GET /xingrg/all/function/internal_message.html?_=1659150327944&CODE_STATE=getMsg HTTP/1.1" 200 27
116.224.123.211 - - [30/Jul/2022:11:05:31 +0800] "GET /xingrg/check_reg.html?_=1659150327948 HTTP/1.1" 200 22
222.69.129.110 - - [30/Jul/2022:11:05:36 +0800] "GET /xingrg/all/function/internal_message.html?_=1659150389418&CODE_STATE=getMsg HTTP/1.1" 200 27
116.224.255.128 - - [30/Jul/2022:11:05:42 +0800] "GET /xingrg/all/function/internal_message.html?_=1659150338490&CODE_STATE=getMsg HTTP/1.1" 200 27
61.165.20.118 - - [30/Jul/2022:11:05:45 +0800] "GET /xingrg/all/function/internal_message.html?_=1659150341832&CODE_STATE=getMsg HTTP/1.1" 200 27
218.81.223.53 - - [30/Jul/2022:11:05:46 +0800] "GET /xingrg/kc/buy/cgsh_order_operate.html?command=get_materiel&rest_code=00146&code=00101001075&supplier_code=00100041&order_time=2022-07-30 HTTP/1.1" 200 409
218.81.223.53 - - [30/Jul/2022:11:05:47 +0800] "GET /xingrg/all/function/internal_message.html?_=1659150351893&CODE_STATE=getMsg HTTP/1.1" 200 27
116.232.194.65 - - [30/Jul/2022:11:05:48 +0800] "GET /xingrg/all/function/internal_message.html?_=1659150336573&CODE_STATE=getMsg HTTP/1.1" 200 27
116.232.194.65 - - [30/Jul/2022:11:05:51 +0800] "GET /xingrg/check_reg.html?_=1659150338726 HTTP/1.1" 200 22
58.40.7.146 - - [30/Jul/2022:11:05:52 +0800] "GET /xingrg/all/function/internal_message.html?_=1659150349227&CODE_STATE=getMsg HTTP/1.1" 200 27
101.80.228.36 - - [30/Jul/2022:11:05:55 +0800] "GET /xingrg/all/function/internal_message.html?_=1659150353132&CODE_STATE=getMsg HTTP/1.1" 200 27
101.83.240.137 - - [30/Jul/2022:11:06:03 +0800] "GET /xingrg/all/function/internal_message.html?_=1659150358360&CODE_STATE=getMsg HTTP/1.1" 200 27
218.81.223.53 - - [30/Jul/2022:11:06:07 +0800] "GET /xingrg/kc/buy/cgsh_order_operate.html?command=get_materiel&rest_code=00146&code=00101005037&supplier_code=00100041&order_time=2022-07-30 HTTP/1.1" 200 425
114.86.227.20 - - [30/Jul/2022:11:06:08 +0800] "GET /xingrg/all/function/internal_message.html?_=1659150365324&CODE_STATE=getMsg HTTP/1.1" 200 27
218.81.223.53 - - [30/Jul/2022:11:06:17 +0800] "POST /xingrg/kc/buy/cgsh_order_operate.html HTTP/1.1" 200 37
180.162.109.37 - - [30/Jul/2022:11:06:19 +0800] "GET /xingrg/all/function/internal_message.html?_=1659149569255&CODE_STATE=getMsg HTTP/1.1" 200 27
218.81.223.53 - - [30/Jul/2022:11:06:20 +0800] "POST /xingrg/kc/buy/cgsh_order_operate.html HTTP/1.1" 200 3828
180.169.147.146 - - [30/Jul/2022:11:06:21 +0800] "GET /xingrg/all/function/internal_message.html?_=1659150376677&CODE_STATE=getMsg HTTP/1.1" 200 27
180.169.147.146 - - [30/Jul/2022:11:06:21 +0800] "GET /xingrg/check_reg.html?_=1659150376679 HTTP/1.1" 200 22
114.88.158.224 - - [30/Jul/2022:11:06:23 +0800] "GET /xingrg/check_reg.html?_=1659150065883 HTTP/1.1" 200 22
114.88.158.224 - - [30/Jul/2022:11:06:23 +0800] "GET /xingrg/all/function/internal_message.html?_=1659150065884&CODE_STATE=getMsg HTTP/1.1" 200 27
218.81.223.53 - - [30/Jul/2022:11:06:24 +0800] "GET /xingrg/kc/print/load_data.html?order_code=212022073008021&kc_code=cgsh&condition= HTTP/1.1" 200 1133
61.165.20.118 - - [30/Jul/2022:11:06:25 +0800] "GET /xingrg/all/function/internal_message.html?_=1659150263279&CODE_STATE=getMsg HTTP/1.1" 200 27
101.85.120.95 - - [30/Jul/2022:11:06:26 +0800] "GET /xingrg/all/function/internal_message.html?_=1659150382897&CODE_STATE=getMsg HTTP/1.1" 200 27
116.224.123.211 - - [30/Jul/2022:11:06:31 +0800] "GET /xingrg/all/function/internal_message.html?_=1659150387941&CODE_STATE=getMsg HTTP/1.1" 200 27
222.69.129.110 - - [30/Jul/2022:11:06:36 +0800] "GET /xingrg/all/function/internal_message.html?_=1659150449400&CODE_STATE=getMsg HTTP/1.1" 200 27
116.224.255.128 - - [30/Jul/2022:11:06:42 +0800] "GET /xingrg/all/function/internal_message.html?_=1659150398493&CODE_STATE=getMsg HTTP/1.1" 200 27
218.81.223.53 - - [30/Jul/2022:11:06:44 +0800] "GET /xingrg/kc/buy/cgsh_order_add.html HTTP/1.1" 200 67906
218.81.223.53 - - [30/Jul/2022:11:06:45 +0800] "POST /xingrg/kc/buy/cgsh_order_operate.html HTTP/1.1" 200 8245
218.81.223.53 - - [30/Jul/2022:11:06:45 +0800] "GET /xingrg/javascript/easyui/themes/default/validatebox.css HTTP/1.1" 404 1104
61.165.20.118 - - [30/Jul/2022:11:06:45 +0800] "GET /xingrg/all/function/internal_message.html?_=1659150401813&CODE_STATE=getMsg HTTP/1.1" 200 27
218.81.223.53 - - [30/Jul/2022:11:06:47 +0800] "GET /xingrg/all/function/internal_message.html?_=1659150411907&CODE_STATE=getMsg HTTP/1.1" 200 27
116.232.194.65 - - [30/Jul/2022:11:06:48 +0800] "GET /xingrg/all/function/internal_message.html?_=1659150396561&CODE_STATE=getMsg HTTP/1.1" 200 27
101.83.240.137 - - [30/Jul/2022:11:06:52 +0800] "GET /xingrg/kc/buy/cgsh_order_add.html HTTP/1.1" 200 68032
101.83.240.137 - - [30/Jul/2022:11:06:52 +0800] "GET /xingrg/words/20220730095315_words.js HTTP/1.1" 304 -
58.40.7.146 - - [30/Jul/2022:11:06:52 +0800] "GET /xingrg/all/function/internal_message.html?_=1659150409232&CODE_STATE=getMsg HTTP/1.1" 200 27
101.83.240.137 - - [30/Jul/2022:11:06:52 +0800] "POST /xingrg/kc/buy/cgsh_order_operate.html HTTP/1.1" 200 8245
101.83.240.137 - - [30/Jul/2022:11:06:52 +0800] "GET /xingrg/javascript/easyui/themes/default/validatebox.css HTTP/1.1" 404 1104
101.80.228.36 - - [30/Jul/2022:11:06:55 +0800] "GET /xingrg/all/function/internal_message.html?_=1659150413133&CODE_STATE=getMsg HTTP/1.1" 200 27
101.83.240.137 - - [30/Jul/2022:11:07:03 +0800] "GET /xingrg/all/function/internal_message.html?_=1659150418352&CODE_STATE=getMsg HTTP/1.1" 200 27
114.86.227.20 - - [30/Jul/2022:11:07:08 +0800] "GET /xingrg/all/function/internal_message.html?_=1659150425321&CODE_STATE=getMsg HTTP/1.1" 200 27
180.162.109.37 - - [30/Jul/2022:11:07:19 +0800] "GET /xingrg/all/function/internal_message.html?_=1659149629245&CODE_STATE=getMsg HTTP/1.1" 200 27
180.169.147.146 - - [30/Jul/2022:11:07:21 +0800] "GET /xingrg/all/function/internal_message.html?_=1659150436664&CODE_STATE=getMsg HTTP/1.1" 200 27
114.88.158.224 - - [30/Jul/2022:11:07:23 +0800] "GET /xingrg/kc/buy/cgsh_order_operate.html?command=get_materiel&rest_code=00141&code=00101008077&supplier_code=00100007&order_time=2022-07-30 HTTP/1.1" 200 416
114.88.158.224 - - [30/Jul/2022:11:07:23 +0800] "GET /xingrg/all/function/internal_message.html?_=1659150125878&CODE_STATE=getMsg HTTP/1.1" 200 27
218.81.223.53 - - [30/Jul/2022:11:07:24 +0800] "GET /xingrg/kc/buy/cgsh_order_operate.html?command=get_materiel&rest_code=00146&code=00101002027&supplier_code=00100199&order_time=2022-07-30 HTTP/1.1" 200 434
61.165.20.118 - - [30/Jul/2022:11:07:25 +0800] "GET /xingrg/all/function/internal_message.html?_=1659150323263&CODE_STATE=getMsg HTTP/1.1" 200 27
101.85.120.95 - - [30/Jul/2022:11:07:26 +0800] "GET /xingrg/all/function/internal_message.html?_=1659150442903&CODE_STATE=getMsg HTTP/1.1" 200 27
101.85.120.95 - - [30/Jul/2022:11:07:26 +0800] "GET /xingrg/check_reg.html?_=1659150442906 HTTP/1.1" 200 22
116.224.123.211 - - [30/Jul/2022:11:07:31 +0800] "GET /xingrg/all/function/internal_message.html?_=1659150447939&CODE_STATE=getMsg HTTP/1.1" 200 27
114.88.158.224 - - [30/Jul/2022:11:07:33 +0800] "GET /xingrg/kc/buy/cgsh_order_operate.html?command=get_materiel&rest_code=00141&code=00101008079&supplier_code=00100007&order_time=2022-07-30 HTTP/1.1" 200 416
222.69.129.110 - - [30/Jul/2022:11:07:36 +0800] "GET /xingrg/all/function/internal_message.html?_=1659150509375&CODE_STATE=getMsg HTTP/1.1" 200 27
116.224.255.128 - - [30/Jul/2022:11:07:42 +0800] "GET /xingrg/all/function/internal_message.html?_=1659150458497&CODE_STATE=getMsg HTTP/1.1" 200 27
61.165.20.118 - - [30/Jul/2022:11:07:45 +0800] "GET /xingrg/all/function/internal_message.html?_=1659150461786&CODE_STATE=getMsg HTTP/1.1" 200 27
218.81.223.53 - - [30/Jul/2022:11:07:47 +0800] "GET /xingrg/all/function/internal_message.html?_=1659150471921&CODE_STATE=getMsg HTTP/1.1" 200 27
114.88.158.224 - - [30/Jul/2022:11:07:48 +0800] "GET /xingrg/kc/buy/cgsh_order_operate.html?command=get_materiel&rest_code=00141&code=00101008036&supplier_code=00100007&order_time=2022-07-30 HTTP/1.1" 200 408
116.232.194.65 - - [30/Jul/2022:11:07:48 +0800] "GET /xingrg/all/function/internal_message.html?_=1659150456537&CODE_STATE=getMsg HTTP/1.1" 200 27
218.81.223.53 - - [30/Jul/2022:11:07:51 +0800] "GET /xingrg/kc/buy/cgsh_order_operate.html?command=get_materiel&rest_code=00146&code=00101002007&supplier_code=00100199&order_time=2022-07-30 HTTP/1.1" 200 411
58.40.7.146 - - [30/Jul/2022:11:07:52 +0800] "GET /xingrg/all/function/internal_message.html?_=1659150469235&CODE_STATE=getMsg HTTP/1.1" 200 27
101.80.228.36 - - [30/Jul/2022:11:07:55 +0800] "GET /xingrg/all/function/internal_message.html?_=1659150473134&CODE_STATE=getMsg HTTP/1.1" 200 27
114.88.158.224 - - [30/Jul/2022:11:07:56 +0800] "GET /xingrg/kc/buy/cgsh_order_operate.html?command=get_materiel&rest_code=00141&code=00101008353&supplier_code=00100007&order_time=2022-07-30 HTTP/1.1" 200 424
101.83.240.137 - - [30/Jul/2022:11:08:03 +0800] "GET /xingrg/all/function/internal_message.html?_=1659150478326&CODE_STATE=getMsg HTTP/1.1" 200 27
114.88.158.224 - - [30/Jul/2022:11:08:04 +0800] "GET /xingrg/kc/buy/cgsh_order_operate.html?command=get_materiel&rest_code=00141&code=00101008132&supplier_code=00100007&order_time=2022-07-30 HTTP/1.1" 200 424
218.81.223.53 - - [30/Jul/2022:11:08:06 +0800] "GET /xingrg/kc/buy/cgsh_order_operate.html?command=get_materiel&rest_code=00146&code=00101002022&supplier_code=00100199&order_time=2022-07-30 HTTP/1.1" 200 429
114.86.227.20 - - [30/Jul/2022:11:08:08 +0800] "GET /xingrg/all/function/internal_message.html?_=1659150485321&CODE_STATE=getMsg HTTP/1.1" 200 27
180.162.109.37 - - [30/Jul/2022:11:08:19 +0800] "GET /xingrg/check_reg.html?_=1659149689259 HTTP/1.1" 200 22
180.162.109.37 - - [30/Jul/2022:11:08:19 +0800] "GET /xingrg/all/function/internal_message.html?_=1659149689256&CODE_STATE=getMsg HTTP/1.1" 200 27
180.169.147.146 - - [30/Jul/2022:11:08:21 +0800] "GET /xingrg/all/function/internal_message.html?_=1659150496666&CODE_STATE=getMsg HTTP/1.1" 200 27
114.88.158.224 - - [30/Jul/2022:11:08:23 +0800] "GET /xingrg/all/function/internal_message.html?_=1659150185875&CODE_STATE=getMsg HTTP/1.1" 200 27
61.165.20.118 - - [30/Jul/2022:11:08:25 +0800] "GET /xingrg/all/function/internal_message.html?_=1659150383247&CODE_STATE=getMsg HTTP/1.1" 200 27
120.253.135.82 - - [30/Jul/2022:11:08:25 +0800] "GET /xingrg/check_reg.html?_=1659150309628 HTTP/1.1" 200 22
101.85.120.95 - - [30/Jul/2022:11:08:26 +0800] "GET /xingrg/all/function/internal_message.html?_=1659150502898&CODE_STATE=getMsg HTTP/1.1" 200 27
218.81.223.53 - - [30/Jul/2022:11:08:28 +0800] "POST /xingrg/kc/buy/cgsh_order_operate.html HTTP/1.1" 200 37
218.81.223.53 - - [30/Jul/2022:11:08:30 +0800] "POST /xingrg/kc/buy/cgsh_order_operate.html HTTP/1.1" 200 3849
114.88.158.224 - - [30/Jul/2022:11:08:31 +0800] "GET /xingrg/kc/buy/cgsh_order_operate.html?command=get_materiel&rest_code=00141&code=00101008244&supplier_code=00100007&order_time=2022-07-30 HTTP/1.1" 200 424
116.224.123.211 - - [30/Jul/2022:11:08:31 +0800] "GET /xingrg/all/function/internal_message.html?_=1659150507938&CODE_STATE=getMsg HTTP/1.1" 200 27
218.81.223.53 - - [30/Jul/2022:11:08:33 +0800] "GET /xingrg/kc/print/load_data.html?order_code=212022073008022&kc_code=cgsh&condition= HTTP/1.1" 200 1128
222.69.129.110 - - [30/Jul/2022:11:08:36 +0800] "GET /xingrg/all/function/internal_message.html?_=1659150569360&CODE_STATE=getMsg HTTP/1.1" 200 27
114.88.158.224 - - [30/Jul/2022:11:08:37 +0800] "GET /xingrg/kc/buy/cgsh_order_operate.html?command=get_materiel&rest_code=00141&code=00101008370&supplier_code=00100007&order_time=2022-07-30 HTTP/1.1" 200 414
222.69.129.110 - - [30/Jul/2022:11:08:38 +0800] "GET /xingrg/check_reg.html?_=1659150570801 HTTP/1.1" 200 22
116.224.255.128 - - [30/Jul/2022:11:08:42 +0800] "GET /xingrg/all/function/internal_message.html?_=1659150518498&CODE_STATE=getMsg HTTP/1.1" 200 27
114.88.158.224 - - [30/Jul/2022:11:08:45 +0800] "GET /xingrg/kc/buy/cgsh_order_operate.html?command=get_materiel&rest_code=00141&code=00101008300&supplier_code=00100007&order_time=2022-07-30 HTTP/1.1" 200 427
61.165.20.118 - - [30/Jul/2022:11:08:45 +0800] "GET /xingrg/all/function/internal_message.html?_=1659150521761&CODE_STATE=getMsg HTTP/1.1" 200 27
218.81.223.53 - - [30/Jul/2022:11:08:47 +0800] "GET /xingrg/all/function/internal_message.html?_=1659150531933&CODE_STATE=getMsg HTTP/1.1" 200 27
61.165.20.118 - - [30/Jul/2022:11:08:47 +0800] "GET /xingrg/check_reg.html?_=1659150523930 HTTP/1.1" 200 22
116.232.194.65 - - [30/Jul/2022:11:08:48 +0800] "GET /xingrg/all/function/internal_message.html?_=1659150516535&CODE_STATE=getMsg HTTP/1.1" 200 27
