116.224.123.211 - - [30/Jul/2022:10:24:20 +0800] "GET /xingrg/servlets/html?sysBaseUrl=http%3A%2F%2F180.169.147.146%3A18081%2Fxingrg%2F&costTime=89×tamp=1659147860109 HTTP/1.1" 200 17478
116.224.123.211 - - [30/Jul/2022:10:24:20 +0800] "GET /favicon.ico HTTP/1.1" 404 -
101.83.240.137 - - [30/Jul/2022:10:24:20 +0800] "POST /xingrg/kc/buy/cgsh_order_operate.html HTTP/1.1" 200 12
180.169.147.146 - - [30/Jul/2022:10:24:21 +0800] "GET /xingrg/all/function/internal_message.html?_=1659147856618&CODE_STATE=getMsg HTTP/1.1" 200 27
180.169.147.146 - - [30/Jul/2022:10:24:21 +0800] "GET /xingrg/check_reg.html?_=1659147856620 HTTP/1.1" 200 22
101.83.240.137 - - [30/Jul/2022:10:24:23 +0800] "GET /xingrg/kc/buy/cgsh_order_info.html?code=212022073007998 HTTP/1.1" 200 62935
101.83.240.137 - - [30/Jul/2022:10:24:23 +0800] "GET /xingrg/javascript/easyui/themes/default/validatebox.css HTTP/1.1" 404 1104
101.83.240.137 - - [30/Jul/2022:10:24:24 +0800] "POST /xingrg/kc/buy/cgsh_order_operate.html HTTP/1.1" 200 2380
61.165.20.118 - - [30/Jul/2022:10:24:25 +0800] "GET /xingrg/all/function/internal_message.html?_=1659147744006&CODE_STATE=getMsg HTTP/1.1" 200 27
101.85.120.95 - - [30/Jul/2022:10:24:26 +0800] "GET /xingrg/all/function/internal_message.html?_=1659147862877&CODE_STATE=getMsg HTTP/1.1" 200 27
101.83.240.137 - - [30/Jul/2022:10:24:27 +0800] "GET /xingrg/kc/print/report_design.html?orderType=cgsh HTTP/1.1" 200 8625
101.83.240.137 - - [30/Jul/2022:10:24:27 +0800] "GET /xingrg/css/design.css HTTP/1.1" 200 2477
101.83.240.137 - - [30/Jul/2022:10:24:27 +0800] "GET /xingrg/javascript/easyui/jquery.easyui.min.js HTTP/1.1" 200 272531
101.83.240.137 - - [30/Jul/2022:10:24:28 +0800] "GET /xingrg/javascript/easyui/themes/sunny/easyui.css HTTP/1.1" 200 34304
101.83.240.137 - - [30/Jul/2022:10:24:28 +0800] "GET /xingrg/javascript/print/report.js HTTP/1.1" 200 10993
101.83.240.137 - - [30/Jul/2022:10:24:28 +0800] "GET /xingrg/javascript/print/report.helper.js HTTP/1.1" 200 7208
101.83.240.137 - - [30/Jul/2022:10:24:28 +0800] "GET /xingrg/javascript/easyui/themes/sunny/images/ui-bg_highlight-soft_100_feeebd_1x100.png HTTP/1.1" 200 108
101.83.240.137 - - [30/Jul/2022:10:24:28 +0800] "GET /xingrg/javascript/easyui/themes/sunny/images/blank.gif HTTP/1.1" 200 43
101.83.240.137 - - [30/Jul/2022:10:24:28 +0800] "GET /xingrg/javascript/easyui/themes/sunny/images/ui-bg_gloss-wave_45_817865_500x100.png HTTP/1.1" 200 3971
101.83.240.137 - - [30/Jul/2022:10:24:28 +0800] "GET /xingrg/kc/print/design_operate.html?_=1659147863111&command=load_config&code=cgsh HTTP/1.1" 200 2853
101.83.240.137 - - [30/Jul/2022:10:24:28 +0800] "GET /favicon.ico HTTP/1.1" 404 -
101.83.240.137 - - [30/Jul/2022:10:24:28 +0800] "GET /xingrg/javascript/easyui/themes/sunny/images/ui-icons_fadc7a_256x240.png HTTP/1.1" 200 4369
101.83.240.137 - - [30/Jul/2022:10:24:28 +0800] "GET /xingrg/javascript/easyui/themes/sunny/images/ui-bg_gloss-wave_70_ffdd57_500x100.png HTTP/1.1" 200 3830
101.83.240.137 - - [30/Jul/2022:10:24:28 +0800] "GET /xingrg/javascript/easyui/themes/sunny/images/ui-icons_bd7b00_256x240.png HTTP/1.1" 200 4369
101.83.240.137 - - [30/Jul/2022:10:24:28 +0800] "GET /xingrg/css/images/background.png HTTP/1.1" 200 137
180.169.147.146 - - [30/Jul/2022:10:24:29 +0800] "GET /xingrg/all/function/internal_message.html?_=1659147863758&CODE_STATE=getMsg HTTP/1.1" 200 27
101.83.240.137 - - [30/Jul/2022:10:24:30 +0800] "GET /xingrg/kc/print/load_data.html?order_code=212022073007998&kc_code=cgsh&condition= HTTP/1.1" 200 1401
116.224.123.211 - - [30/Jul/2022:10:24:31 +0800] "GET /xingrg/all/function/internal_message.html?_=1659147867911&CODE_STATE=getMsg HTTP/1.1" 200 27
120.253.135.82 - - [30/Jul/2022:10:24:32 +0800] "GET /xingrg/all/function/internal_message.html?_=1659147676644&CODE_STATE=getMsg HTTP/1.1" 200 27
120.253.135.82 - - [30/Jul/2022:10:24:32 +0800] "GET /xingrg/check_reg.html?_=1659147676744 HTTP/1.1" 200 22
101.83.240.137 - - [30/Jul/2022:10:24:36 +0800] "GET /xingrg/kc/buy/cgsh_order_add.html HTTP/1.1" 200 68032
101.83.240.137 - - [30/Jul/2022:10:24:36 +0800] "POST /xingrg/kc/buy/cgsh_order_operate.html HTTP/1.1" 200 8245
101.83.240.137 - - [30/Jul/2022:10:24:36 +0800] "GET /xingrg/javascript/easyui/themes/default/validatebox.css HTTP/1.1" 404 1104
124.78.154.216 - - [30/Jul/2022:10:24:37 +0800] "GET /xingrg/check_reg.html?_=1659147879050 HTTP/1.1" 200 22
124.78.154.216 - - [30/Jul/2022:10:24:37 +0800] "GET /xingrg/all/function/internal_message.html?_=1659147879053&CODE_STATE=getMsg HTTP/1.1" 200 27
222.69.129.110 - - [30/Jul/2022:10:24:37 +0800] "GET /xingrg/all/function/internal_message.html?_=1659147930156&CODE_STATE=getMsg HTTP/1.1" 200 27
218.81.223.53 - - [30/Jul/2022:10:24:44 +0800] "GET /xingrg/all/function/internal_message.html?_=1659147889059&CODE_STATE=getMsg HTTP/1.1" 200 27
61.165.20.118 - - [30/Jul/2022:10:24:46 +0800] "GET /xingrg/all/function/internal_message.html?_=1659147882866&CODE_STATE=getMsg HTTP/1.1" 200 27
116.232.194.65 - - [30/Jul/2022:10:24:49 +0800] "GET /xingrg/all/function/internal_message.html?_=1659147877265&CODE_STATE=getMsg HTTP/1.1" 200 27
114.86.227.20 - - [30/Jul/2022:10:24:53 +0800] "GET /favicon.ico HTTP/1.1" 404 -
114.86.227.20 - - [30/Jul/2022:10:24:55 +0800] "GET /xingrg/login.html HTTP/1.1" 200 7641
114.86.227.20 - - [30/Jul/2022:10:24:55 +0800] "GET /xingrg/images/blue/jxLogo.png HTTP/1.1" 200 6156
101.80.228.36 - - [30/Jul/2022:10:24:55 +0800] "GET /xingrg/check_reg.html?_=1659147893135 HTTP/1.1" 200 22
114.86.227.20 - - [30/Jul/2022:10:24:55 +0800] "GET /xingrg/images/blue/login_bg.png HTTP/1.1" 200 22101
114.86.227.20 - - [30/Jul/2022:10:24:55 +0800] "GET /xingrg/images/blue/srbg.png HTTP/1.1" 200 138
114.86.227.20 - - [30/Jul/2022:10:24:55 +0800] "GET /xingrg/images/blue/hj.png HTTP/1.1" 200 1014
101.80.228.36 - - [30/Jul/2022:10:24:55 +0800] "GET /xingrg/all/function/internal_message.html?_=1659147893136&CODE_STATE=getMsg HTTP/1.1" 200 27
114.86.227.20 - - [30/Jul/2022:10:24:55 +0800] "GET /favicon.ico HTTP/1.1" 404 -
218.81.223.53 - - [30/Jul/2022:10:24:57 +0800] "GET /xingrg/check_reg.html?_=1659147901949 HTTP/1.1" 200 22
116.224.255.128 - - [30/Jul/2022:10:24:57 +0800] "GET /xingrg/all/function/internal_message.html?_=1659147894037&CODE_STATE=getMsg HTTP/1.1" 200 27
101.83.240.137 - - [30/Jul/2022:10:25:00 +0800] "GET /xingrg/kc/buy/cgsh_order_operate.html?command=get_materiel&rest_code=00149&code=00101009001&supplier_code=00100201&order_time=2022-07-30 HTTP/1.1" 200 437
114.86.227.20 - - [30/Jul/2022:10:25:00 +0800] "POST /xingrg/login.do HTTP/1.1" 302 -
114.86.227.20 - - [30/Jul/2022:10:25:00 +0800] "GET /xingrg/javascript/jquery_easy_ui/themes/icon.css HTTP/1.1" 200 3949
114.86.227.20 - - [30/Jul/2022:10:25:00 +0800] "GET /xingrg/index.html?sysBaseUrl=http%3A%2F%2F180.169.147.146%3A18081%2Fxingrg%2F&costTime=59×tamp=1659147900271 HTTP/1.1" 200 17173
114.86.227.20 - - [30/Jul/2022:10:25:00 +0800] "GET /xingrg/javascript/jquery_easy_ui/themes/default/easyui.css HTTP/1.1" 200 26500
114.86.227.20 - - [30/Jul/2022:10:25:00 +0800] "GET /xingrg/javascript/jquery_easy_ui/easyui-lang-zh_CN.js HTTP/1.1" 200 1900
114.86.227.20 - - [30/Jul/2022:10:25:00 +0800] "GET /favicon.ico HTTP/1.1" 404 -
114.86.227.20 - - [30/Jul/2022:10:25:00 +0800] "GET /xingrg/javascript/jquery_easy_ui/jquery.easyui.min.js HTTP/1.1" 200 213662
114.86.227.20 - - [30/Jul/2022:10:25:00 +0800] "GET /xingrg/javascript/jquery.form.js HTTP/1.1" 200 23110
114.86.227.20 - - [30/Jul/2022:10:25:00 +0800] "GET /xingrg/css/form.css HTTP/1.1" 200 893
114.86.227.20 - - [30/Jul/2022:10:25:00 +0800] "GET /xingrg/javascript/jquery.timers.js HTTP/1.1" 200 3532
114.86.227.20 - - [30/Jul/2022:10:25:00 +0800] "GET /xingrg/javascript/jquery-1.4.2.min.js HTTP/1.1" 200 72205
114.86.227.20 - - [30/Jul/2022:10:25:00 +0800] "GET /xingrg/javascript/jquery.utils.js HTTP/1.1" 200 11805
114.86.227.20 - - [30/Jul/2022:10:25:00 +0800] "GET /xingrg/javascript/jquery_easy_ui/themes/icons/settle_new.png HTTP/1.1" 200 826
114.86.227.20 - - [30/Jul/2022:10:25:00 +0800] "GET /xingrg/images/blue/navBackgound.jpg HTTP/1.1" 200 12378
114.86.227.20 - - [30/Jul/2022:10:25:00 +0800] "POST /xingrg/all/common/load_tree.html?tree=area_rest_tree_json&manage=1 HTTP/1.1" 200 342
114.86.227.20 - - [30/Jul/2022:10:25:00 +0800] "GET /xingrg/all/function/internal_message.html?_=1659147897708&CODE_STATE=count HTTP/1.1" 200 11
114.86.227.20 - - [30/Jul/2022:10:25:00 +0800] "GET /xingrg/check_reg.html?_=1659147897709 HTTP/1.1" 200 22
114.86.227.20 - - [30/Jul/2022:10:25:00 +0800] "GET /xingrg/images/blue/pingpu.png HTTP/1.1" 200 231
114.86.227.20 - - [30/Jul/2022:10:25:00 +0800] "GET /xingrg/javascript/jquery_easy_ui/themes/default/images/tabs_rightarrow.png HTTP/1.1" 200 395
114.86.227.20 - - [30/Jul/2022:10:25:00 +0800] "GET /xingrg/javascript/jquery_easy_ui/themes/default/images/panel_tool_collapse.gif HTTP/1.1" 200 246
114.86.227.20 - - [30/Jul/2022:10:25:00 +0800] "GET /xingrg/javascript/jquery_easy_ui/themes/default/images/tabs_leftarrow.png HTTP/1.1" 200 389
114.86.227.20 - - [30/Jul/2022:10:25:00 +0800] "POST /xingrg/load_menu.html HTTP/1.1" 200 5138
114.86.227.20 - - [30/Jul/2022:10:25:00 +0800] "GET /xingrg/javascript/jquery_easy_ui/themes/default/images/tree_arrows.gif HTTP/1.1" 200 1043
114.86.227.20 - - [30/Jul/2022:10:25:00 +0800] "GET /xingrg/javascript/jquery_easy_ui/themes/default/images/tree_folder_open.gif HTTP/1.1" 200 956
114.86.227.20 - - [30/Jul/2022:10:25:00 +0800] "GET /xingrg/javascript/jquery_easy_ui/themes/icons/search_new.png HTTP/1.1" 200 586
114.86.227.20 - - [30/Jul/2022:10:25:00 +0800] "GET /xingrg/javascript/jquery_easy_ui/themes/icons/storage_new.png HTTP/1.1" 200 853
114.86.227.20 - - [30/Jul/2022:10:25:00 +0800] "GET /xingrg/javascript/jquery_easy_ui/themes/default/images/tree_folder.gif HTTP/1.1" 200 952
114.86.227.20 - - [30/Jul/2022:10:25:00 +0800] "GET /xingrg/javascript/jquery_easy_ui/themes/icons/forms_new.png HTTP/1.1" 200 350
114.86.227.20 - - [30/Jul/2022:10:25:00 +0800] "GET /xingrg/javascript/jquery_easy_ui/themes/default/images/tree_file.gif HTTP/1.1" 200 118
114.86.227.20 - - [30/Jul/2022:10:25:02 +0800] "GET /xingrg/javascript/jquery_easy_ui/themes/default/images/tabs_close.gif HTTP/1.1" 200 829
114.86.227.20 - - [30/Jul/2022:10:25:02 +0800] "GET /xingrg/kc/buy/buy_main.html HTTP/1.1" 200 12412
114.86.227.20 - - [30/Jul/2022:10:25:02 +0800] "GET /xingrg/css/new_ie.css HTTP/1.1" 404 1036
114.86.227.20 - - [30/Jul/2022:10:25:02 +0800] "GET /xingrg/javascript/pic_change.js HTTP/1.1" 200 4739
114.86.227.20 - - [30/Jul/2022:10:25:02 +0800] "GET /xingrg/javascript/ToolTips.js HTTP/1.1" 200 5615
114.86.227.20 - - [30/Jul/2022:10:25:02 +0800] "GET /xingrg/javascript/jquery_ui/jquery-ui.min.js HTTP/1.1" 200 186181
114.86.227.20 - - [30/Jul/2022:10:25:02 +0800] "GET /xingrg/images/blue/button/cgxqd.gif HTTP/1.1" 200 2619
114.86.227.20 - - [30/Jul/2022:10:25:02 +0800] "GET /xingrg/images/blue/button/cgydd.gif HTTP/1.1" 200 2712
114.86.227.20 - - [30/Jul/2022:10:25:02 +0800] "GET /xingrg/images/blue/button/cgfkd.gif HTTP/1.1" 200 2075
114.86.227.20 - - [30/Jul/2022:10:25:02 +0800] "GET /xingrg/images/blue/button/kc.gif HTTP/1.1" 200 2160
114.86.227.20 - - [30/Jul/2022:10:25:02 +0800] "GET /xingrg/images/blue/button/ckthd.gif HTTP/1.1" 200 2045
114.86.227.20 - - [30/Jul/2022:10:25:02 +0800] "GET /xingrg/css/blue.css HTTP/1.1" 200 15949
114.86.227.20 - - [30/Jul/2022:10:25:02 +0800] "GET /xingrg/images/blue/pic_form2.gif HTTP/1.1" 200 1853
114.86.227.20 - - [30/Jul/2022:10:25:02 +0800] "GET /xingrg/javascript/myfunction.js HTTP/1.1" 200 24559
114.86.227.20 - - [30/Jul/2022:10:25:02 +0800] "GET /xingrg/javascript/jquery_ui/themes/humanity/humanity.css HTTP/1.1" 200 27801
114.86.227.20 - - [30/Jul/2022:10:25:02 +0800] "GET /xingrg/images/blue/button/cgshd.gif HTTP/1.1" 200 2618
114.86.227.20 - - [30/Jul/2022:10:25:02 +0800] "GET /xingrg/images/blue/bg_dotted.jpg HTTP/1.1" 200 319
114.86.227.20 - - [30/Jul/2022:10:25:02 +0800] "GET /xingrg/images/blue/button/right_ah.jpg HTTP/1.1" 200 1744
114.86.227.20 - - [30/Jul/2022:10:25:02 +0800] "GET /xingrg/javascript/jquery_ui/themes/humanity/images/ui-bg_inset-soft_100_f4f0ec_1x100.png HTTP/1.1" 200 141
114.86.227.20 - - [30/Jul/2022:10:25:02 +0800] "GET /xingrg/images/blue/button/down_ah.jpg HTTP/1.1" 200 1732
114.86.227.20 - - [30/Jul/2022:10:25:02 +0800] "GET /xingrg/javascript/jquery_ui/themes/humanity/images/ui-iconsnew.jpg HTTP/1.1" 200 337
114.86.227.20 - - [30/Jul/2022:10:25:02 +0800] "GET /xingrg/javascript/jquery_ui/themes/humanity/images/ui-icons_ffffff_256x240.png HTTP/1.1" 200 4369
114.86.227.20 - - [30/Jul/2022:10:25:02 +0800] "GET /xingrg/javascript/jquery_ui/themes/humanity/images/ui-icons_c47a23_256x240.png HTTP/1.1" 200 5355
114.86.227.20 - - [30/Jul/2022:10:25:02 +0800] "GET /xingrg/javascript/jquery_ui/themes/humanity/images/ui-bg_glass_70_ede4d4_1x400.png HTTP/1.1" 200 161
114.86.227.20 - - [30/Jul/2022:10:25:02 +0800] "GET /xingrg/images/yd/bt.gif HTTP/1.1" 404 1040
114.86.227.20 - - [30/Jul/2022:10:25:03 +0800] "GET /xingrg/css/base.css HTTP/1.1" 200 2811
114.86.227.20 - - [30/Jul/2022:10:25:03 +0800] "GET /xingrg/css/site.css HTTP/1.1" 200 7541
114.86.227.20 - - [30/Jul/2022:10:25:03 +0800] "GET /xingrg/javascript/jquery_tools/datebox.css HTTP/1.1" 200 2597
114.86.227.20 - - [30/Jul/2022:10:25:03 +0800] "GET /xingrg/javascript/auto/jquery.autocomplete.css HTTP/1.1" 200 587
114.86.227.20 - - [30/Jul/2022:10:25:03 +0800] "GET /xingrg/javascript/easyui/themes/icon.css HTTP/1.1" 200 4483
114.86.227.20 - - [30/Jul/2022:10:25:03 +0800] "GET /xingrg/javascript/jquery_tools/fix.css HTTP/1.1" 200 1702
114.86.227.20 - - [30/Jul/2022:10:25:03 +0800] "GET /xingrg/javascript/jquery_tools/table.css HTTP/1.1" 200 1032
114.86.227.20 - - [30/Jul/2022:10:25:03 +0800] "GET /xingrg/javascript/jquery_tools/jquery.tools.min.js HTTP/1.1" 200 138801
114.86.227.20 - - [30/Jul/2022:10:25:03 +0800] "GET /xingrg/javascript/jquery_tools/jquery.tools.hotkey.js HTTP/1.1" 200 3242
114.86.227.20 - - [30/Jul/2022:10:25:03 +0800] "GET /xingrg/javascript/jquery_tools/jquery.tools.table.js HTTP/1.1" 200 6994
114.86.227.20 - - [30/Jul/2022:10:25:03 +0800] "GET /xingrg/kc/buy/cgsh_order_list.html HTTP/1.1" 200 52162
114.86.227.20 - - [30/Jul/2022:10:25:03 +0800] "GET /xingrg/javascript/jquery_tools/list_manager.js HTTP/1.1" 200 3652
114.86.227.20 - - [30/Jul/2022:10:25:03 +0800] "GET /xingrg/javascript/easyui/easyloader.js HTTP/1.1" 200 5975
114.86.227.20 - - [30/Jul/2022:10:25:03 +0800] "GET /xingrg/javascript/easyui/themes/default/easyui.css HTTP/1.1" 200 30432
114.86.227.20 - - [30/Jul/2022:10:25:03 +0800] "GET /xingrg/javascript/jquery.cookie.js HTTP/1.1" 200 5513
114.86.227.20 - - [30/Jul/2022:10:25:03 +0800] "GET /xingrg/javascript/jquery_tools/jquery.tools.extend.js HTTP/1.1" 200 15385
114.86.227.20 - - [30/Jul/2022:10:25:03 +0800] "GET /xingrg/javascript/print/LodopFuncs.js HTTP/1.1" 200 5121
114.86.227.20 - - [30/Jul/2022:10:25:03 +0800] "GET /xingrg/javascript/auto/jquery.autocomplete.js HTTP/1.1" 200 21624
114.86.227.20 - - [30/Jul/2022:10:25:03 +0800] "GET /xingrg/javascript/easyui/themes/icons/edit_add_new.png HTTP/1.1" 200 2997
114.86.227.20 - - [30/Jul/2022:10:25:03 +0800] "GET /xingrg/javascript/easyui/themes/icons/import_new.png HTTP/1.1" 200 1247
114.86.227.20 - - [30/Jul/2022:10:25:03 +0800] "GET /xingrg/javascript/easyui/themes/icons/field_new.png HTTP/1.1" 200 1097
114.86.227.20 - - [30/Jul/2022:10:25:03 +0800] "GET /xingrg/javascript/easyui/themes/icons/cance_new.png HTTP/1.1" 200 3986
114.86.227.20 - - [30/Jul/2022:10:25:03 +0800] "GET /xingrg/javascript/easyui/themes/icons/check_new.png HTTP/1.1" 200 3224
114.86.227.20 - - [30/Jul/2022:10:25:03 +0800] "GET /xingrg/javascript/easyui/plugins/jquery.parser.js HTTP/1.1" 200 1142
114.86.227.20 - - [30/Jul/2022:10:25:03 +0800] "GET /xingrg/images/control/ajaxLoader.gif HTTP/1.1" 200 4659
101.83.240.137 - - [30/Jul/2022:10:25:04 +0800] "GET /xingrg/all/function/internal_message.html?_=1659147899146&CODE_STATE=getMsg HTTP/1.1" 200 27
114.86.227.20 - - [30/Jul/2022:10:25:04 +0800] "POST /xingrg/kc/buy/cgsh_list_operate.html HTTP/1.1" 200 693
114.86.227.20 - - [30/Jul/2022:10:25:08 +0800] "GET /xingrg/index.html?sysBaseUrl=http%3A%2F%2F180.169.147.146%3A18081%2Fxingrg%2F&costTime=59×tamp=1659147900271 HTTP/1.1" 200 17173
114.86.227.20 - - [30/Jul/2022:10:25:08 +0800] "POST /xingrg/all/common/load_tree.html?tree=area_rest_tree_json&manage=1 HTTP/1.1" 200 342
114.86.227.20 - - [30/Jul/2022:10:25:08 +0800] "GET /xingrg/all/function/internal_message.html?_=1659147905224&CODE_STATE=count HTTP/1.1" 200 11
114.86.227.20 - - [30/Jul/2022:10:25:08 +0800] "GET /favicon.ico HTTP/1.1" 404 -
114.86.227.20 - - [30/Jul/2022:10:25:08 +0800] "GET /xingrg/check_reg.html?_=1659147905225 HTTP/1.1" 200 22
114.86.227.20 - - [30/Jul/2022:10:25:08 +0800] "POST /xingrg/load_menu.html HTTP/1.1" 200 5138
114.86.227.20 - - [30/Jul/2022:10:25:09 +0800] "GET /xingrg/kc/buy/buy_main.html HTTP/1.1" 200 12412
114.86.227.20 - - [30/Jul/2022:10:25:09 +0800] "GET /xingrg/css/new_ie.css HTTP/1.1" 404 1036
114.86.227.20 - - [30/Jul/2022:10:25:10 +0800] "GET /xingrg/kc/buy/cgsh_order_list.html HTTP/1.1" 200 52162
114.86.227.20 - - [30/Jul/2022:10:25:10 +0800] "GET /xingrg/javascript/easyui/themes/icons/edit_add_new.png HTTP/1.1" 304 -
116.224.123.211 - - [30/Jul/2022:10:25:11 +0800] "GET /xingrg/all/function/internal_message.html?_=1659147908476&CODE_STATE=getMsg HTTP/1.1" 200 27
114.86.227.20 - - [30/Jul/2022:10:25:11 +0800] "POST /xingrg/kc/buy/cgsh_list_operate.html HTTP/1.1" 200 693
114.86.227.20 - - [30/Jul/2022:10:25:12 +0800] "GET /xingrg/words/20220730095315_words.js HTTP/1.1" 200 907689
114.86.227.20 - - [30/Jul/2022:10:25:12 +0800] "GET /xingrg/javascript/easyui/themes/icons/copy_new.png HTTP/1.1" 304 -
114.86.227.20 - - [30/Jul/2022:10:25:12 +0800] "GET /xingrg/kc/buy/cgsh_order_add.html HTTP/1.1" 200 68020
114.86.227.20 - - [30/Jul/2022:10:25:12 +0800] "GET /xingrg/javascript/easyui/themes/icons/cancel.png HTTP/1.1" 304 -
114.86.227.20 - - [30/Jul/2022:10:25:12 +0800] "GET /xingrg/javascript/easyui/themes/icons/template_new.png HTTP/1.1" 304 -
114.86.227.20 - - [30/Jul/2022:10:25:13 +0800] "POST /xingrg/kc/buy/cgsh_order_operate.html HTTP/1.1" 200 8245
114.86.227.20 - - [30/Jul/2022:10:25:13 +0800] "GET /xingrg/all/common/auto_word.html?type=employee&rest_code=00109 HTTP/1.1" 200 255
114.86.227.20 - - [30/Jul/2022:10:25:13 +0800] "GET /xingrg/javascript/easyui/themes/default/validatebox.css HTTP/1.1" 404 1104
114.86.227.20 - - [30/Jul/2022:10:25:13 +0800] "GET /xingrg/javascript/easyui/themes/icons/edit_remove.png HTTP/1.1" 304 -
114.86.227.20 - - [30/Jul/2022:10:25:13 +0800] "GET /xingrg/all/common/auto_word.html?type=employee&rest_code=00109 HTTP/1.1" 200 255
114.86.227.20 - - [30/Jul/2022:10:25:16 +0800] "GET /xingrg/javascript/jquery_tools/images/prev.gif HTTP/1.1" 404 1086
114.86.227.20 - - [30/Jul/2022:10:25:16 +0800] "GET /xingrg/javascript/jquery_tools/images/next.gif HTTP/1.1" 404 1086
101.83.240.137 - - [30/Jul/2022:10:25:17 +0800] "GET /xingrg/kc/buy/cgsh_order_operate.html?command=get_materiel&rest_code=00149&code=00101009062&supplier_code=00100201&order_time=2022-07-30 HTTP/1.1" 200 435
180.169.147.146 - - [30/Jul/2022:10:25:21 +0800] "GET /xingrg/all/function/internal_message.html?_=1659147916620&CODE_STATE=getMsg HTTP/1.1" 200 27
114.86.227.20 - - [30/Jul/2022:10:25:21 +0800] "GET /xingrg/kc/buy/cgsh_order_operate.html?command=get_materiel&rest_code=00109&code=00101008261&supplier_code=00100005&order_time=2022-07-30 HTTP/1.1" 200 424
101.83.240.137 - - [30/Jul/2022:10:25:25 +0800] "GET /xingrg/kc/buy/cgsh_order_operate.html?command=get_materiel&rest_code=00149&code=00101009011&supplier_code=00100201&order_time=2022-07-30 HTTP/1.1" 200 432
61.165.20.118 - - [30/Jul/2022:10:25:25 +0800] "GET /xingrg/all/function/internal_message.html?_=1659147803989&CODE_STATE=getMsg HTTP/1.1" 200 27
101.85.120.95 - - [30/Jul/2022:10:25:26 +0800] "GET /xingrg/all/function/internal_message.html?_=1659147922870&CODE_STATE=getMsg HTTP/1.1" 200 27
124.78.154.216 - - [30/Jul/2022:10:25:28 +0800] "GET /xingrg/kc/buy/buy_main.html HTTP/1.1" 200 12412
124.78.154.216 - - [30/Jul/2022:10:25:28 +0800] "GET /xingrg/css/new_ie.css HTTP/1.1" 404 1036
180.169.147.146 - - [30/Jul/2022:10:25:29 +0800] "GET /xingrg/all/function/internal_message.html?_=1659147923758&CODE_STATE=getMsg HTTP/1.1" 200 27
124.78.154.216 - - [30/Jul/2022:10:25:29 +0800] "GET /xingrg/images/yd/bt.gif HTTP/1.1" 404 1040
114.86.227.20 - - [30/Jul/2022:10:25:30 +0800] "GET /xingrg/kc/buy/cgsh_order_operate.html?command=get_materiel&rest_code=00109&code=00101008072&supplier_code=00100005&order_time=2022-07-30 HTTP/1.1" 200 408
124.78.154.216 - - [30/Jul/2022:10:25:30 +0800] "GET /xingrg/kc/buy/cgsh_order_list.html HTTP/1.1" 200 52162
116.224.123.211 - - [30/Jul/2022:10:25:31 +0800] "GET /xingrg/check_reg.html?_=1659147927909 HTTP/1.1" 200 22
116.224.123.211 - - [30/Jul/2022:10:25:31 +0800] "GET /xingrg/all/function/internal_message.html?_=1659147927912&CODE_STATE=getMsg HTTP/1.1" 200 27
120.253.135.82 - - [30/Jul/2022:10:25:32 +0800] "GET /xingrg/all/function/internal_message.html?_=1659147736658&CODE_STATE=getMsg HTTP/1.1" 200 27
124.78.154.216 - - [30/Jul/2022:10:25:32 +0800] "POST /xingrg/kc/buy/cgsh_list_operate.html HTTP/1.1" 200 1759
101.83.240.137 - - [30/Jul/2022:10:25:35 +0800] "GET /xingrg/kc/buy/cgsh_order_operate.html?command=get_materiel&rest_code=00149&code=00101009059&supplier_code=00100201&order_time=2022-07-30 HTTP/1.1" 200 409
124.78.154.216 - - [30/Jul/2022:10:25:37 +0800] "GET /xingrg/kc/buy/cgsh_order_add.html HTTP/1.1" 200 67938
124.78.154.216 - - [30/Jul/2022:10:25:37 +0800] "GET /xingrg/words/20220730095315_words.js HTTP/1.1" 200 907689
222.69.129.110 - - [30/Jul/2022:10:25:37 +0800] "GET /xingrg/all/function/internal_message.html?_=1659147990140&CODE_STATE=getMsg HTTP/1.1" 200 27
124.78.154.216 - - [30/Jul/2022:10:25:37 +0800] "GET /xingrg/all/function/internal_message.html?_=1659147939114&CODE_STATE=getMsg HTTP/1.1" 200 27
124.78.154.216 - - [30/Jul/2022:10:25:37 +0800] "POST /xingrg/kc/buy/cgsh_order_operate.html HTTP/1.1" 200 8245
124.78.154.216 - - [30/Jul/2022:10:25:37 +0800] "GET /xingrg/javascript/easyui/themes/default/validatebox.css HTTP/1.1" 404 1104
124.78.154.216 - - [30/Jul/2022:10:25:38 +0800] "GET /xingrg/javascript/easyui/themes/default/tree.css HTTP/1.1" 404 1090
124.78.154.216 - - [30/Jul/2022:10:25:39 +0800] "POST /xingrg/all/common/load_tree.html?tree=supplier_tree_json&isDelete=1 HTTP/1.1" 200 66956
218.81.223.53 - - [30/Jul/2022:10:25:44 +0800] "GET /xingrg/all/function/internal_message.html?_=1659147949072&CODE_STATE=getMsg HTTP/1.1" 200 27
61.165.20.118 - - [30/Jul/2022:10:25:46 +0800] "GET /xingrg/all/function/internal_message.html?_=1659147942843&CODE_STATE=getMsg HTTP/1.1" 200 27
114.86.227.20 - - [30/Jul/2022:10:25:47 +0800] "GET /xingrg/kc/buy/cgsh_order_operate.html?command=get_materiel&rest_code=00109&code=00101008350&supplier_code=00100005&order_time=2022-07-30 HTTP/1.1" 200 425
180.169.147.146 - - [30/Jul/2022:10:25:48 +0800] "GET /favicon.ico HTTP/1.1" 404 -
116.232.194.65 - - [30/Jul/2022:10:25:49 +0800] "GET /xingrg/all/function/internal_message.html?_=1659147937242&CODE_STATE=getMsg HTTP/1.1" 200 27
116.232.194.65 - - [30/Jul/2022:10:25:51 +0800] "GET /xingrg/check_reg.html?_=1659147938844 HTTP/1.1" 200 22
101.80.228.36 - - [30/Jul/2022:10:25:55 +0800] "GET /xingrg/all/function/internal_message.html?_=1659147953136&CODE_STATE=getMsg HTTP/1.1" 200 27
116.224.255.128 - - [30/Jul/2022:10:25:57 +0800] "GET /xingrg/all/function/internal_message.html?_=1659147954043&CODE_STATE=getMsg HTTP/1.1" 200 27
114.86.227.20 - - [30/Jul/2022:10:25:58 +0800] "GET /xingrg/kc/buy/cgsh_order_operate.html?command=get_materiel&rest_code=00109&code=00101008126&supplier_code=00100005&order_time=2022-07-30 HTTP/1.1" 200 412
101.83.240.137 - - [30/Jul/2022:10:26:00 +0800] "GET /xingrg/kc/buy/cgsh_order_operate.html?command=get_materiel&rest_code=00149&code=00101009007&supplier_code=00100201&order_time=2022-07-30 HTTP/1.1" 200 424
101.83.240.137 - - [30/Jul/2022:10:26:04 +0800] "GET /xingrg/all/function/internal_message.html?_=1659147959120&CODE_STATE=getMsg HTTP/1.1" 200 27
114.86.227.20 - - [30/Jul/2022:10:26:08 +0800] "GET /xingrg/all/function/internal_message.html?_=1659147965235&CODE_STATE=getMsg HTTP/1.1" 200 27
114.86.227.20 - - [30/Jul/2022:10:26:08 +0800] "GET /xingrg/kc/buy/cgsh_order_operate.html?command=get_materiel&rest_code=00109&code=00101008361&supplier_code=00100005&order_time=2022-07-30 HTTP/1.1" 200 408
116.224.123.211 - - [30/Jul/2022:10:26:11 +0800] "GET /xingrg/all/function/internal_message.html?_=1659147968464&CODE_STATE=getMsg HTTP/1.1" 200 27
101.83.240.137 - - [30/Jul/2022:10:26:16 +0800] "POST /xingrg/kc/buy/cgsh_order_operate.html HTTP/1.1" 200 37
114.86.227.20 - - [30/Jul/2022:10:26:18 +0800] "GET /xingrg/kc/buy/cgsh_order_operate.html?command=get_materiel&rest_code=00109&code=00101008355&supplier_code=00100005&order_time=2022-07-30 HTTP/1.1" 200 408
101.83.240.137 - - [30/Jul/2022:10:26:20 +0800] "POST /xingrg/kc/buy/cgsh_order_operate.html HTTP/1.1" 200 12
114.88.158.224 - - [30/Jul/2022:10:26:21 +0800] "GET /xingrg/login.html HTTP/1.1" 200 7641
180.169.147.146 - - [30/Jul/2022:10:26:21 +0800] "GET /xingrg/all/function/internal_message.html?_=1659147976622&CODE_STATE=getMsg HTTP/1.1" 200 27
114.88.158.224 - - [30/Jul/2022:10:26:21 +0800] "GET /favicon.ico HTTP/1.1" 404 -
124.78.154.216 - - [30/Jul/2022:10:26:21 +0800] "GET /xingrg/kc/buy/buy_main.html HTTP/1.1" 200 12412
124.78.154.216 - - [30/Jul/2022:10:26:21 +0800] "GET /xingrg/css/new_ie.css HTTP/1.1" 404 1036
124.78.154.216 - - [30/Jul/2022:10:26:22 +0800] "GET /xingrg/images/yd/bt.gif HTTP/1.1" 404 1040
101.83.240.137 - - [30/Jul/2022:10:26:23 +0800] "GET /xingrg/kc/buy/cgsh_order_info.html?code=212022073007999 HTTP/1.1" 200 62935
101.83.240.137 - - [30/Jul/2022:10:26:23 +0800] "GET /xingrg/words/20220730095315_words.js HTTP/1.1" 304 -
101.83.240.137 - - [30/Jul/2022:10:26:23 +0800] "GET /xingrg/javascript/easyui/themes/default/validatebox.css HTTP/1.1" 404 1104
114.88.158.224 - - [30/Jul/2022:10:26:23 +0800] "POST /xingrg/login.do HTTP/1.1" 302 -
124.78.154.216 - - [30/Jul/2022:10:26:23 +0800] "GET /xingrg/kc/buy/cgsh_order_list.html HTTP/1.1" 200 52162
114.88.158.224 - - [30/Jul/2022:10:26:23 +0800] "GET /xingrg/index.html?sysBaseUrl=http%3A%2F%2F180.169.147.146%3A18081%2Fxingrg%2F&costTime=56×tamp=1659147983441 HTTP/1.1" 200 17179
114.88.158.224 - - [30/Jul/2022:10:26:23 +0800] "POST /xingrg/all/common/load_tree.html?tree=area_rest_tree_json&manage=1 HTTP/1.1" 200 351
114.88.158.224 - - [30/Jul/2022:10:26:23 +0800] "GET /favicon.ico HTTP/1.1" 404 -
114.88.158.224 - - [30/Jul/2022:10:26:23 +0800] "POST /xingrg/load_menu.html HTTP/1.1" 200 5138
114.88.158.224 - - [30/Jul/2022:10:26:23 +0800] "GET /xingrg/check_reg.html?_=1659147665750 HTTP/1.1" 200 22
114.88.158.224 - - [30/Jul/2022:10:26:23 +0800] "GET /xingrg/all/function/internal_message.html?_=1659147665749&CODE_STATE=count HTTP/1.1" 200 11
101.83.240.137 - - [30/Jul/2022:10:26:24 +0800] "POST /xingrg/kc/buy/cgsh_order_operate.html HTTP/1.1" 200 2972
114.86.227.20 - - [30/Jul/2022:10:26:25 +0800] "GET /xingrg/kc/buy/cgsh_order_operate.html?command=get_materiel&rest_code=00109&code=00101008067&supplier_code=00100005&order_time=2022-07-30 HTTP/1.1" 200 416
61.165.20.118 - - [30/Jul/2022:10:26:25 +0800] "GET /xingrg/all/function/internal_message.html?_=1659147863973&CODE_STATE=getMsg HTTP/1.1" 200 27
124.78.154.216 - - [30/Jul/2022:10:26:26 +0800] "POST /xingrg/kc/buy/cgsh_list_operate.html HTTP/1.1" 200 1759
101.85.120.95 - - [30/Jul/2022:10:26:26 +0800] "GET /xingrg/all/function/internal_message.html?_=1659147982871&CODE_STATE=getMsg HTTP/1.1" 200 27
124.78.154.216 - - [30/Jul/2022:10:26:26 +0800] "GET /xingrg/kc/buy/cgsh_order_add.html HTTP/1.1" 200 67938
124.78.154.216 - - [30/Jul/2022:10:26:27 +0800] "POST /xingrg/kc/buy/cgsh_order_operate.html HTTP/1.1" 200 8245
124.78.154.216 - - [30/Jul/2022:10:26:27 +0800] "GET /xingrg/javascript/easyui/themes/default/validatebox.css HTTP/1.1" 404 1104
114.88.158.224 - - [30/Jul/2022:10:26:27 +0800] "GET /xingrg/kc/buy/buy_main.html HTTP/1.1" 200 12412
114.88.158.224 - - [30/Jul/2022:10:26:27 +0800] "GET /xingrg/css/new_ie.css HTTP/1.1" 404 1036
114.88.158.224 - - [30/Jul/2022:10:26:27 +0800] "GET /xingrg/images/yd/bt.gif HTTP/1.1" 404 1040
124.78.154.216 - - [30/Jul/2022:10:26:28 +0800] "GET /xingrg/javascript/easyui/themes/default/tree.css HTTP/1.1" 404 1090
124.78.154.216 - - [30/Jul/2022:10:26:28 +0800] "POST /xingrg/all/common/load_tree.html?tree=supplier_tree_json&isDelete=1 HTTP/1.1" 200 66956
114.88.158.224 - - [30/Jul/2022:10:26:28 +0800] "GET /xingrg/kc/buy/cgsh_order_list.html HTTP/1.1" 200 52168
180.169.147.146 - - [30/Jul/2022:10:26:29 +0800] "GET /xingrg/all/function/internal_message.html?_=1659147983759&CODE_STATE=getMsg HTTP/1.1" 200 27
114.88.158.224 - - [30/Jul/2022:10:26:30 +0800] "POST /xingrg/kc/buy/cgsh_list_operate.html HTTP/1.1" 200 1464
116.224.123.211 - - [30/Jul/2022:10:26:31 +0800] "GET /xingrg/all/function/internal_message.html?_=1659147987906&CODE_STATE=getMsg HTTP/1.1" 200 27
120.253.135.82 - - [30/Jul/2022:10:26:32 +0800] "GET /xingrg/all/function/internal_message.html?_=1659147796670&CODE_STATE=getMsg HTTP/1.1" 200 27
114.88.158.224 - - [30/Jul/2022:10:26:34 +0800] "POST /xingrg/kc/buy/cgsh_list_operate.html HTTP/1.1" 200 277
101.83.240.137 - - [30/Jul/2022:10:26:34 +0800] "GET /xingrg/kc/print/load_data.html?order_code=212022073007999&kc_code=cgsh&condition= HTTP/1.1" 200 1607
222.69.129.110 - - [30/Jul/2022:10:26:37 +0800] "GET /xingrg/all/function/internal_message.html?_=1659148050122&CODE_STATE=getMsg HTTP/1.1" 200 27
114.88.158.224 - - [30/Jul/2022:10:26:38 +0800] "GET /xingrg/javascript/jquery_tools/images/next.gif HTTP/1.1" 404 1086
114.88.158.224 - - [30/Jul/2022:10:26:38 +0800] "GET /xingrg/javascript/jquery_tools/images/prev.gif HTTP/1.1" 404 1086
124.78.154.216 - - [30/Jul/2022:10:26:39 +0800] "GET /xingrg/javascript/auto/indicator.gif HTTP/1.1" 404 1066
114.86.227.20 - - [30/Jul/2022:10:26:39 +0800] "GET /xingrg/kc/buy/cgsh_order_operate.html?command=get_materiel&rest_code=00109&code=00101008372&supplier_code=00100005&order_time=2022-07-30 HTTP/1.1" 200 408
218.81.223.53 - - [30/Jul/2022:10:26:44 +0800] "GET /xingrg/all/function/internal_message.html?_=1659148009301&CODE_STATE=getMsg HTTP/1.1" 200 27
114.88.158.224 - - [30/Jul/2022:10:26:45 +0800] "GET /xingrg/javascript/auto/indicator.gif HTTP/1.1" 404 1066
61.165.20.118 - - [30/Jul/2022:10:26:46 +0800] "GET /xingrg/all/function/internal_message.html?_=1659148002822&CODE_STATE=getMsg HTTP/1.1" 200 27
124.78.154.216 - - [30/Jul/2022:10:26:49 +0800] "GET /xingrg/kc/buy/cgsh_order_operate.html?command=get_materiel&rest_code=00106&code=00101001060&supplier_code=00100032&order_time=2022-07-30 HTTP/1.1" 200 420
116.232.194.65 - - [30/Jul/2022:10:26:49 +0800] "GET /xingrg/all/function/internal_message.html?_=1659147997226&CODE_STATE=getMsg HTTP/1.1" 200 27
114.86.227.20 - - [30/Jul/2022:10:26:50 +0800] "GET /xingrg/kc/buy/cgsh_order_operate.html?command=get_materiel&rest_code=00109&code=00101008005&supplier_code=00100005&order_time=2022-07-30 HTTP/1.1" 200 429
114.88.158.224 - - [30/Jul/2022:10:26:52 +0800] "POST /xingrg/kc/buy/cgsh_list_operate.html HTTP/1.1" 200 1773
101.80.228.36 - - [30/Jul/2022:10:26:55 +0800] "GET /xingrg/all/function/internal_message.html?_=1659148013121&CODE_STATE=getMsg HTTP/1.1" 200 27
116.224.255.128 - - [30/Jul/2022:10:26:57 +0800] "GET /xingrg/all/function/internal_message.html?_=1659148014043&CODE_STATE=getMsg HTTP/1.1" 200 27
114.86.227.20 - - [30/Jul/2022:10:26:58 +0800] "GET /xingrg/kc/buy/cgsh_order_operate.html?command=get_materiel&rest_code=00109&code=00101008359&supplier_code=00100005&order_time=2022-07-30 HTTP/1.1" 200 408
101.83.240.137 - - [30/Jul/2022:10:27:04 +0800] "GET /xingrg/all/function/internal_message.html?_=1659148019093&CODE_STATE=getMsg HTTP/1.1" 200 27
114.88.158.224 - - [30/Jul/2022:10:27:05 +0800] "POST /xingrg/kc/buy/cgsh_list_operate.html HTTP/1.1" 200 656
114.88.158.224 - - [30/Jul/2022:10:27:07 +0800] "GET /xingrg/kc/buy/cgsh_order_info.html?code=212022070200528 HTTP/1.1" 200 62845
114.88.158.224 - - [30/Jul/2022:10:27:07 +0800] "GET /xingrg/words/20220730095315_words.js HTTP/1.1" 200 907689
124.78.154.216 - - [30/Jul/2022:10:27:07 +0800] "GET /xingrg/kc/buy/cgsh_order_operate.html?command=get_materiel&rest_code=00106&code=00101012024&supplier_code=00100032&order_time=2022-07-30 HTTP/1.1" 200 408
114.86.227.20 - - [30/Jul/2022:10:27:08 +0800] "GET /xingrg/all/function/internal_message.html?_=1659148025235&CODE_STATE=getMsg HTTP/1.1" 200 27
114.88.158.224 - - [30/Jul/2022:10:27:08 +0800] "GET /xingrg/javascript/easyui/themes/default/validatebox.css HTTP/1.1" 404 1104
114.88.158.224 - - [30/Jul/2022:10:27:08 +0800] "POST /xingrg/kc/buy/cgsh_order_operate.html HTTP/1.1" 200 5022
116.224.123.211 - - [30/Jul/2022:10:27:11 +0800] "GET /xingrg/all/function/internal_message.html?_=1659148028454&CODE_STATE=getMsg HTTP/1.1" 200 27
124.78.154.216 - - [30/Jul/2022:10:27:19 +0800] "GET /xingrg/kc/buy/cgsh_order_operate.html?command=get_materiel&rest_code=00106&code=00101012025&supplier_code=00100032&order_time=2022-07-30 HTTP/1.1" 200 428
180.169.147.146 - - [30/Jul/2022:10:27:21 +0800] "GET /xingrg/all/function/internal_message.html?_=1659148036624&CODE_STATE=getMsg HTTP/1.1" 200 27
114.88.158.224 - - [30/Jul/2022:10:27:21 +0800] "POST /xingrg/kc/buy/cgsh_list_operate.html HTTP/1.1" 200 493
114.88.158.224 - - [30/Jul/2022:10:27:23 +0800] "GET /xingrg/all/function/internal_message.html?_=1659147725755&CODE_STATE=getMsg HTTP/1.1" 200 27
61.165.20.118 - - [30/Jul/2022:10:27:25 +0800] "GET /xingrg/all/function/internal_message.html?_=1659147923957&CODE_STATE=getMsg HTTP/1.1" 200 27
101.85.120.95 - - [30/Jul/2022:10:27:26 +0800] "GET /xingrg/all/function/internal_message.html?_=1659148042872&CODE_STATE=getMsg HTTP/1.1" 200 27
101.85.120.95 - - [30/Jul/2022:10:27:26 +0800] "GET /xingrg/check_reg.html?_=1659148042873 HTTP/1.1" 200 22
180.169.147.146 - - [30/Jul/2022:10:27:29 +0800] "GET /xingrg/check_reg.html?_=1659148043751 HTTP/1.1" 200 22
180.169.147.146 - - [30/Jul/2022:10:27:29 +0800] "GET /xingrg/all/function/internal_message.html?_=1659148043759&CODE_STATE=getMsg HTTP/1.1" 200 27
124.78.154.216 - - [30/Jul/2022:10:27:30 +0800] "GET /xingrg/kc/buy/cgsh_order_operate.html?command=get_materiel&rest_code=00106&code=00101016053&supplier_code=00100032&order_time=2022-07-30 HTTP/1.1" 200 408
116.224.123.211 - - [30/Jul/2022:10:27:31 +0800] "GET /xingrg/all/function/internal_message.html?_=1659148047919&CODE_STATE=getMsg HTTP/1.1" 200 27
120.253.135.82 - - [30/Jul/2022:10:27:32 +0800] "GET /xingrg/all/function/internal_message.html?_=1659147856782&CODE_STATE=getMsg HTTP/1.1" 200 27
222.69.129.110 - - [30/Jul/2022:10:27:37 +0800] "GET /xingrg/all/function/internal_message.html?_=1659148110100&CODE_STATE=getMsg HTTP/1.1" 200 27
218.81.223.53 - - [30/Jul/2022:10:27:44 +0800] "GET /xingrg/all/function/internal_message.html?_=1659148069302&CODE_STATE=getMsg HTTP/1.1" 200 27
61.165.20.118 - - [30/Jul/2022:10:27:46 +0800] "GET /xingrg/all/function/internal_message.html?_=1659148062799&CODE_STATE=getMsg HTTP/1.1" 200 27
116.232.194.65 - - [30/Jul/2022:10:27:49 +0800] "GET /xingrg/all/function/internal_message.html?_=1659148057209&CODE_STATE=getMsg HTTP/1.1" 200 27
101.80.228.36 - - [30/Jul/2022:10:27:55 +0800] "GET /xingrg/all/function/internal_message.html?_=1659148073122&CODE_STATE=getMsg HTTP/1.1" 200 27
116.224.255.128 - - [30/Jul/2022:10:27:57 +0800] "GET /xingrg/check_reg.html?_=1659148074045 HTTP/1.1" 200 22
116.224.255.128 - - [30/Jul/2022:10:27:57 +0800] "GET /xingrg/all/function/internal_message.html?_=1659148074048&CODE_STATE=getMsg HTTP/1.1" 200 27
114.86.227.20 - - [30/Jul/2022:10:27:59 +0800] "GET /xingrg/kc/buy/cgsh_order_operate.html?command=get_materiel&rest_code=00109&code=00101008185&supplier_code=00100005&order_time=2022-07-30 HTTP/1.1" 200 408
124.78.154.216 - - [30/Jul/2022:10:28:00 +0800] "GET /xingrg/kc/buy/cgsh_order_operate.html?command=get_materiel&rest_code=00106&code=00101006161&supplier_code=00100032&order_time=2022-07-30 HTTP/1.1" 200 426
101.83.240.137 - - [30/Jul/2022:10:28:04 +0800] "GET /xingrg/all/function/internal_message.html?_=1659148079072&CODE_STATE=getMsg HTTP/1.1" 200 27
114.86.227.20 - - [30/Jul/2022:10:28:06 +0800] "GET /xingrg/kc/buy/cgsh_order_operate.html?command=get_materiel&rest_code=00109&code=00101008354&supplier_code=00100005&order_time=2022-07-30 HTTP/1.1" 200 412
114.86.227.20 - - [30/Jul/2022:10:28:08 +0800] "GET /xingrg/all/function/internal_message.html?_=1659148085233&CODE_STATE=getMsg HTTP/1.1" 200 27
116.224.123.211 - - [30/Jul/2022:10:28:11 +0800] "GET /xingrg/check_reg.html?_=1659148088459 HTTP/1.1" 200 22
116.224.123.211 - - [30/Jul/2022:10:28:11 +0800] "GET /xingrg/all/function/internal_message.html?_=1659148088464&CODE_STATE=getMsg HTTP/1.1" 200 27
114.86.227.20 - - [30/Jul/2022:10:28:19 +0800] "GET /xingrg/kc/buy/cgsh_order_operate.html?command=get_materiel&rest_code=00109&code=00101008351&supplier_code=00100005&order_time=2022-07-30 HTTP/1.1" 200 408
180.169.147.146 - - [30/Jul/2022:10:28:21 +0800] "GET /xingrg/all/function/internal_message.html?_=1659148096614&CODE_STATE=getMsg HTTP/1.1" 200 27
114.88.158.224 - - [30/Jul/2022:10:28:23 +0800] "GET /xingrg/all/function/internal_message.html?_=1659147785764&CODE_STATE=getMsg HTTP/1.1" 200 27
61.165.20.118 - - [30/Jul/2022:10:28:25 +0800] "GET /xingrg/all/function/internal_message.html?_=1659147983941&CODE_STATE=getMsg HTTP/1.1" 200 27
101.85.120.95 - - [30/Jul/2022:10:28:26 +0800] "GET /xingrg/all/function/internal_message.html?_=1659148102871&CODE_STATE=getMsg HTTP/1.1" 200 27
180.169.147.146 - - [30/Jul/2022:10:28:29 +0800] "GET /xingrg/all/function/internal_message.html?_=1659148103758&CODE_STATE=getMsg HTTP/1.1" 200 27
124.78.154.216 - - [30/Jul/2022:10:28:30 +0800] "GET /xingrg/kc/buy/cgsh_order_operate.html?command=get_materiel&rest_code=00106&code=00101019529&supplier_code=00100032&order_time=2022-07-30 HTTP/1.1" 200 474
116.224.123.211 - - [30/Jul/2022:10:28:31 +0800] "GET /xingrg/all/function/internal_message.html?_=1659148107918&CODE_STATE=getMsg HTTP/1.1" 200 27
120.253.135.82 - - [30/Jul/2022:10:28:32 +0800] "GET /xingrg/all/function/internal_message.html?_=1659147916792&CODE_STATE=getMsg HTTP/1.1" 200 27
222.69.129.110 - - [30/Jul/2022:10:28:37 +0800] "GET /xingrg/all/function/internal_message.html?_=1659148170087&CODE_STATE=getMsg HTTP/1.1" 200 27
222.69.129.110 - - [30/Jul/2022:10:28:38 +0800] "GET /xingrg/check_reg.html?_=1659148170796 HTTP/1.1" 200 22
218.81.223.53 - - [30/Jul/2022:10:28:44 +0800] "GET /xingrg/all/function/internal_message.html?_=1659148129500&CODE_STATE=getMsg HTTP/1.1" 200 27
61.165.20.118 - - [30/Jul/2022:10:28:46 +0800] "GET /xingrg/all/function/internal_message.html?_=1659148122778&CODE_STATE=getMsg HTTP/1.1" 200 27
61.165.20.118 - - [30/Jul/2022:10:28:47 +0800] "GET /xingrg/check_reg.html?_=1659148123898 HTTP/1.1" 200 22
116.232.194.65 - - [30/Jul/2022:10:28:49 +0800] "GET /xingrg/all/function/internal_message.html?_=1659148117184&CODE_STATE=getMsg HTTP/1.1" 200 27
124.78.154.216 - - [30/Jul/2022:10:28:51 +0800] "GET /xingrg/kc/buy/cgsh_order_operate.html?command=get_materiel&rest_code=00106&code=00101002027&supplier_code=00100032&order_time=2022-07-30 HTTP/1.1" 200 434
101.80.228.36 - - [30/Jul/2022:10:28:55 +0800] "GET /xingrg/all/function/internal_message.html?_=1659148133125&CODE_STATE=getMsg HTTP/1.1" 200 27
61.165.20.118 - - [30/Jul/2022:10:28:57 +0800] "GET /xingrg/check_reg.html?_=1659148015782 HTTP/1.1" 200 22
116.224.255.128 - - [30/Jul/2022:10:28:57 +0800] "GET /xingrg/all/function/internal_message.html?_=1659148134049&CODE_STATE=getMsg HTTP/1.1" 200 27
114.88.158.224 - - [30/Jul/2022:10:28:59 +0800] "GET /xingrg/kc/buy/cgsh_order_add.html HTTP/1.1" 200 67944
114.88.158.224 - - [30/Jul/2022:10:28:59 +0800] "POST /xingrg/kc/buy/cgsh_order_operate.html HTTP/1.1" 200 8245
114.88.158.224 - - [30/Jul/2022:10:28:59 +0800] "GET /xingrg/all/common/auto_word.html?type=employee&rest_code=00141 HTTP/1.1" 200 201
114.88.158.224 - - [30/Jul/2022:10:28:59 +0800] "GET /xingrg/javascript/easyui/themes/default/validatebox.css HTTP/1.1" 404 1104
114.88.158.224 - - [30/Jul/2022:10:28:59 +0800] "GET /xingrg/all/common/auto_word.html?type=employee&rest_code=00141 HTTP/1.1" 200 201
124.78.154.216 - - [30/Jul/2022:10:29:01 +0800] "POST /xingrg/kc/buy/cgsh_order_operate.html HTTP/1.1" 200 37
124.78.154.216 - - [30/Jul/2022:10:29:02 +0800] "POST /xingrg/kc/buy/cgsh_order_operate.html HTTP/1.1" 200 6239
114.86.227.20 - - [30/Jul/2022:10:29:03 +0800] "POST /xingrg/services/DataTransmitService HTTP/1.1" 200 524
114.86.227.20 - - [30/Jul/2022:10:29:04 +0800] "POST /xingrg/services/DataTransmitService HTTP/1.1" 200 501
101.83.240.137 - - [30/Jul/2022:10:29:04 +0800] "GET /xingrg/all/function/internal_message.html?_=1659148139064&CODE_STATE=getMsg HTTP/1.1" 200 27
124.78.154.216 - - [30/Jul/2022:10:29:04 +0800] "GET /xingrg/kc/buy/cgsh_order_add.html HTTP/1.1" 200 67938
124.78.154.216 - - [30/Jul/2022:10:29:04 +0800] "GET /xingrg/words/20220730095315_words.js HTTP/1.1" 304 -
124.78.154.216 - - [30/Jul/2022:10:29:05 +0800] "POST /xingrg/kc/buy/cgsh_order_operate.html HTTP/1.1" 200 8245
124.78.154.216 - - [30/Jul/2022:10:29:05 +0800] "GET /xingrg/javascript/easyui/themes/default/validatebox.css HTTP/1.1" 404 1104
101.83.240.137 - - [30/Jul/2022:10:29:05 +0800] "GET /xingrg/check_reg.html?_=1659148140104 HTTP/1.1" 200 22
124.78.154.216 - - [30/Jul/2022:10:29:06 +0800] "GET /xingrg/javascript/easyui/themes/default/tree.css HTTP/1.1" 404 1090
124.78.154.216 - - [30/Jul/2022:10:29:07 +0800] "POST /xingrg/all/common/load_tree.html?tree=supplier_tree_json&isDelete=1 HTTP/1.1" 200 66956
114.86.227.20 - - [30/Jul/2022:10:29:08 +0800] "GET /xingrg/all/function/internal_message.html?_=1659148145234&CODE_STATE=getMsg HTTP/1.1" 200 27
58.35.213.73 - - [30/Jul/2022:10:29:08 +0800] "POST /xingrg/services/DataTransmitService HTTP/1.1" 200 524
58.35.213.73 - - [30/Jul/2022:10:29:08 +0800] "POST /xingrg/services/DataTransmitService HTTP/1.1" 200 2147
58.35.213.73 - - [30/Jul/2022:10:29:09 +0800] "POST /xingrg/services/DataTransmitService HTTP/1.1" 200 119576
124.78.154.216 - - [30/Jul/2022:10:29:11 +0800] "GET /xingrg/check_reg.html?_=1659148152331 HTTP/1.1" 200 22
116.224.123.211 - - [30/Jul/2022:10:29:11 +0800] "GET /xingrg/all/function/internal_message.html?_=1659148148463&CODE_STATE=getMsg HTTP/1.1" 200 27
58.35.213.73 - - [30/Jul/2022:10:29:14 +0800] "POST /xingrg/services/DataTransmitService HTTP/1.1" 200 524
58.35.213.73 - - [30/Jul/2022:10:29:14 +0800] "POST /xingrg/services/DataTransmitService HTTP/1.1" 200 497
58.35.213.73 - - [30/Jul/2022:10:29:17 +0800] "POST /xingrg/services/DataTransmitService HTTP/1.1" 200 524
58.35.213.73 - - [30/Jul/2022:10:29:18 +0800] "POST /xingrg/services/DataTransmitService HTTP/1.1" 200 501
114.88.158.224 - - [30/Jul/2022:10:29:20 +0800] "GET /xingrg/kc/buy/cgsh_order_operate.html?command=get_materiel&rest_code=00141&code=00101028016&supplier_code=00100017&order_time=2022-07-30 HTTP/1.1" 200 447
180.169.147.146 - - [30/Jul/2022:10:29:21 +0800] "GET /xingrg/all/function/internal_message.html?_=1659148156616&CODE_STATE=getMsg HTTP/1.1" 200 27
180.169.147.146 - - [30/Jul/2022:10:29:21 +0800] "GET /xingrg/check_reg.html?_=1659148156618 HTTP/1.1" 200 22
114.86.227.20 - - [30/Jul/2022:10:29:23 +0800] "GET /xingrg/kc/buy/cgsh_order_operate.html?command=get_materiel&rest_code=00109&code=00101008096&supplier_code=00100005&order_time=2022-07-30 HTTP/1.1" 200 413
114.88.158.224 - - [30/Jul/2022:10:29:23 +0800] "GET /xingrg/all/function/internal_message.html?_=1659147845776&CODE_STATE=getMsg HTTP/1.1" 200 27
61.165.20.118 - - [30/Jul/2022:10:29:25 +0800] "GET /xingrg/all/function/internal_message.html?_=1659148043926&CODE_STATE=getMsg HTTP/1.1" 200 27
101.85.120.95 - - [30/Jul/2022:10:29:26 +0800] "GET /xingrg/all/function/internal_message.html?_=1659148162897&CODE_STATE=getMsg HTTP/1.1" 200 27
124.78.154.216 - - [30/Jul/2022:10:29:27 +0800] "GET /xingrg/kc/buy/cgsh_order_operate.html?command=get_materiel&rest_code=00106&code=00101008146&supplier_code=00100009&order_time=2022-07-30 HTTP/1.1" 200 416
180.169.147.146 - - [30/Jul/2022:10:29:29 +0800] "GET /xingrg/all/function/internal_message.html?_=1659148163763&CODE_STATE=getMsg HTTP/1.1" 200 27
114.86.227.20 - - [30/Jul/2022:10:29:30 +0800] "GET /xingrg/kc/buy/cgsh_order_operate.html?command=get_materiel&rest_code=00109&code=00101008004&supplier_code=00100005&order_time=2022-07-30 HTTP/1.1" 200 416
116.224.123.211 - - [30/Jul/2022:10:29:31 +0800] "GET /xingrg/all/function/internal_message.html?_=1659148167913&CODE_STATE=getMsg HTTP/1.1" 200 27
120.253.135.82 - - [30/Jul/2022:10:29:32 +0800] "GET /xingrg/all/function/internal_message.html?_=1659147976905&CODE_STATE=getMsg HTTP/1.1" 200 27
120.253.135.82 - - [30/Jul/2022:10:29:32 +0800] "GET /xingrg/check_reg.html?_=1659147976906 HTTP/1.1" 200 22
114.86.227.20 - - [30/Jul/2022:10:29:36 +0800] "GET /xingrg/kc/buy/cgsh_order_operate.html?command=get_materiel&rest_code=00109&code=00101008360&supplier_code=00100005&order_time=2022-07-30 HTTP/1.1" 200 413
58.35.213.73 - - [30/Jul/2022:10:29:37 +0800] "POST /xingrg/services/DataTransmitService HTTP/1.1" 200 524
58.35.213.73 - - [30/Jul/2022:10:29:37 +0800] "POST /xingrg/services/DataTransmitService HTTP/1.1" 200 2147
222.69.129.110 - - [30/Jul/2022:10:29:37 +0800] "GET /xingrg/all/function/internal_message.html?_=1659148230073&CODE_STATE=getMsg HTTP/1.1" 200 27
58.35.213.73 - - [30/Jul/2022:10:29:37 +0800] "POST /xingrg/services/DataTransmitService HTTP/1.1" 200 524
58.35.213.73 - - [30/Jul/2022:10:29:37 +0800] "POST /xingrg/services/DataTransmitService HTTP/1.1" 200 2147
58.35.213.73 - - [30/Jul/2022:10:29:38 +0800] "POST /xingrg/services/DataTransmitService HTTP/1.1" 200 524
58.35.213.73 - - [30/Jul/2022:10:29:38 +0800] "POST /xingrg/services/DataTransmitService HTTP/1.1" 200 2147
58.35.213.73 - - [30/Jul/2022:10:29:38 +0800] "POST /xingrg/services/DataTransmitService HTTP/1.1" 200 524
58.35.213.73 - - [30/Jul/2022:10:29:38 +0800] "POST /xingrg/services/DataTransmitService HTTP/1.1" 200 2147
58.35.213.73 - - [30/Jul/2022:10:29:39 +0800] "POST /xingrg/services/DataTransmitService HTTP/1.1" 200 524
58.35.213.73 - - [30/Jul/2022:10:29:39 +0800] "POST /xingrg/services/DataTransmitService HTTP/1.1" 200 2147
58.35.213.73 - - [30/Jul/2022:10:29:39 +0800] "POST /xingrg/services/DataTransmitService HTTP/1.1" 200 524
58.35.213.73 - - [30/Jul/2022:10:29:40 +0800] "POST /xingrg/services/DataTransmitService HTTP/1.1" 200 2147
58.35.213.73 - - [30/Jul/2022:10:29:40 +0800] "POST /xingrg/services/DataTransmitService HTTP/1.1" 200 524
58.35.213.73 - - [30/Jul/2022:10:29:40 +0800] "POST /xingrg/services/DataTransmitService HTTP/1.1" 200 2147
58.35.213.73 - - [30/Jul/2022:10:29:41 +0800] "POST /xingrg/services/DataTransmitService HTTP/1.1" 200 524
58.35.213.73 - - [30/Jul/2022:10:29:41 +0800] "POST /xingrg/services/DataTransmitService HTTP/1.1" 200 2147
58.35.213.73 - - [30/Jul/2022:10:29:41 +0800] "POST /xingrg/services/DataTransmitService HTTP/1.1" 200 524
58.35.213.73 - - [30/Jul/2022:10:29:41 +0800] "POST /xingrg/services/DataTransmitService HTTP/1.1" 200 2147
124.78.154.216 - - [30/Jul/2022:10:29:41 +0800] "GET /xingrg/kc/buy/cgsh_order_operate.html?command=get_materiel&rest_code=00106&code=00101008147&supplier_code=00100009&order_time=2022-07-30 HTTP/1.1" 200 416
58.35.213.73 - - [30/Jul/2022:10:29:42 +0800] "POST /xingrg/services/DataTransmitService HTTP/1.1" 200 524
114.88.158.224 - - [30/Jul/2022:10:29:42 +0800] "GET /xingrg/kc/buy/cgsh_order_operate.html?command=get_materiel&rest_code=00141&code=00101028012&supplier_code=00100017&order_time=2022-07-08 HTTP/1.1" 200 479
58.35.213.73 - - [30/Jul/2022:10:29:42 +0800] "POST /xingrg/services/DataTransmitService HTTP/1.1" 200 2147
58.35.213.73 - - [30/Jul/2022:10:29:42 +0800] "POST /xingrg/services/DataTransmitService HTTP/1.1" 200 524
58.35.213.73 - - [30/Jul/2022:10:29:42 +0800] "POST /xingrg/services/DataTransmitService HTTP/1.1" 200 2147
114.86.227.20 - - [30/Jul/2022:10:29:43 +0800] "GET /xingrg/kc/buy/cgsh_order_operate.html?command=get_materiel&rest_code=00109&code=00101008357&supplier_code=00100005&order_time=2022-07-30 HTTP/1.1" 200 408
218.81.223.53 - - [30/Jul/2022:10:29:44 +0800] "GET /xingrg/all/function/internal_message.html?_=1659148189500&CODE_STATE=getMsg HTTP/1.1" 200 27
61.165.20.118 - - [30/Jul/2022:10:29:46 +0800] "GET /xingrg/all/function/internal_message.html?_=1659148182752&CODE_STATE=getMsg HTTP/1.1" 200 27
116.232.194.65 - - [30/Jul/2022:10:29:49 +0800] "GET /xingrg/all/function/internal_message.html?_=1659148177167&CODE_STATE=getMsg HTTP/1.1" 200 27
114.86.227.20 - - [30/Jul/2022:10:29:50 +0800] "GET /xingrg/kc/buy/cgsh_order_operate.html?command=get_materiel&rest_code=00109&code=00101008286&supplier_code=00100005&order_time=2022-07-30 HTTP/1.1" 200 408
114.88.158.224 - - [30/Jul/2022:10:29:52 +0800] "GET /xingrg/kc/buy/cgsh_order_operate.html?command=get_materiel&rest_code=00141&code=00101029017&supplier_code=00100017&order_time=2022-07-08 HTTP/1.1" 200 468
101.80.228.36 - - [30/Jul/2022:10:29:55 +0800] "GET /xingrg/all/function/internal_message.html?_=1659148193126&CODE_STATE=getMsg HTTP/1.1" 200 27
101.80.228.36 - - [30/Jul/2022:10:29:55 +0800] "GET /xingrg/check_reg.html?_=1659148193127 HTTP/1.1" 200 22
124.78.154.216 - - [30/Jul/2022:10:29:55 +0800] "POST /xingrg/kc/buy/cgsh_order_operate.html HTTP/1.1" 200 37
