101.80.228.36 - - [30/Jul/2022:09:51:55 +0800] "GET /xingrg/all/function/internal_message.html?_=1659145913135&CODE_STATE=getMsg HTTP/1.1" 200 27
172.20.0.100 - - [30/Jul/2022:09:51:56 +0800] "GET /xingrg/index.html?sysBaseUrl=http%3A%2F%2F172.17.0.8%3A18081%2Fxingrg%2F&costTime=213×tamp=1585200360465 HTTP/1.1" 302 -
172.20.0.100 - - [30/Jul/2022:09:51:56 +0800] "GET /xingrg/login.html HTTP/1.1" 200 7636
172.20.0.100 - - [30/Jul/2022:09:51:57 +0800] "GET /favicon.ico HTTP/1.1" 404 -
172.20.0.100 - - [30/Jul/2022:09:51:58 +0800] "POST /xingrg/login.do HTTP/1.1" 302 -
172.20.0.100 - - [30/Jul/2022:09:51:58 +0800] "GET /xingrg/index.html?sysBaseUrl=http%3A%2F%2F172.20.0.8%3A18081%2Fxingrg%2F&costTime=43×tamp=1659145918732 HTTP/1.1" 200 17448
172.20.0.100 - - [30/Jul/2022:09:51:58 +0800] "GET /favicon.ico HTTP/1.1" 404 -
172.20.0.100 - - [30/Jul/2022:09:51:59 +0800] "POST /xingrg/all/common/load_tree.html?tree=area_rest_tree_json&manage=1 HTTP/1.1" 200 3472
172.20.0.100 - - [30/Jul/2022:09:51:59 +0800] "GET /xingrg/check_reg.html?_=1659145915151 HTTP/1.1" 200 22
172.20.0.100 - - [30/Jul/2022:09:51:59 +0800] "GET /xingrg/all/function/internal_message.html?_=1659145915150&CODE_STATE=count HTTP/1.1" 200 11
172.20.0.100 - - [30/Jul/2022:09:51:59 +0800] "POST /xingrg/load_menu.html HTTP/1.1" 200 11529
116.224.255.128 - - [30/Jul/2022:09:51:59 +0800] "POST /xingrg/kc/buy/cgsh_order_operate.html HTTP/1.1" 200 28676
172.20.0.100 - - [30/Jul/2022:09:52:03 +0800] "GET /xingrg/system/info/materiel_manager.html HTTP/1.1" 200 19442
172.20.0.100 - - [30/Jul/2022:09:52:03 +0800] "GET /xingrg/dwr/interface/AjaxBaseInfoService.js HTTP/1.1" 200 21363
116.224.255.128 - - [30/Jul/2022:09:52:03 +0800] "GET /xingrg/kc/buy/cgsh_order_add.html HTTP/1.1" 200 67944
172.20.0.100 - - [30/Jul/2022:09:52:03 +0800] "GET /xingrg/dwr/interface/AjaxComOrderService.js HTTP/1.1" 200 18264
172.20.0.100 - - [30/Jul/2022:09:52:03 +0800] "GET /xingrg/dwr/engine.js HTTP/1.1" 200 43631
116.224.255.128 - - [30/Jul/2022:09:52:03 +0800] "POST /xingrg/kc/buy/cgsh_order_operate.html HTTP/1.1" 200 8245
116.224.255.128 - - [30/Jul/2022:09:52:03 +0800] "GET /xingrg/javascript/easyui/themes/default/validatebox.css HTTP/1.1" 404 1104
101.83.240.137 - - [30/Jul/2022:09:52:04 +0800] "GET /xingrg/all/function/internal_message.html?_=1659145919638&CODE_STATE=getMsg HTTP/1.1" 200 27
172.20.0.100 - - [30/Jul/2022:09:52:04 +0800] "POST /xingrg/dwr/call/plaincall/AjaxBaseInfoService.getSubMaterielSorts.dwr HTTP/1.1" 200 219
172.20.0.100 - - [30/Jul/2022:09:52:05 +0800] "POST /xingrg/dwr/call/plaincall/AjaxBaseInfoService.getMateriels.dwr HTTP/1.1" 200 2930
172.20.0.100 - - [30/Jul/2022:09:52:06 +0800] "POST /xingrg/dwr/call/plaincall/AjaxBaseInfoService.getSubMaterielSorts.dwr HTTP/1.1" 200 3953
172.20.0.100 - - [30/Jul/2022:09:52:06 +0800] "GET /xingrg/images/xtree/I.png HTTP/1.1" 200 148
172.20.0.100 - - [30/Jul/2022:09:52:07 +0800] "GET /xingrg/images/xtree/Tminus.png HTTP/1.1" 200 207
172.20.0.100 - - [30/Jul/2022:09:52:07 +0800] "POST /xingrg/dwr/call/plaincall/AjaxBaseInfoService.getMateriels.dwr HTTP/1.1" 200 2928
116.224.255.128 - - [30/Jul/2022:09:52:15 +0800] "GET /xingrg/kc/buy/cgsh_order_operate.html?command=get_materiel&rest_code=00150&code=00101031006&supplier_code=00100064&order_time=2022-07-30 HTTP/1.1" 200 417
172.20.0.100 - - [30/Jul/2022:09:52:20 +0800] "POST /xingrg/dwr/call/plaincall/AjaxBaseInfoService.getMateriels.dwr HTTP/1.1" 200 3001
180.169.147.146 - - [30/Jul/2022:09:52:21 +0800] "GET /xingrg/all/function/internal_message.html?_=1659145936618&CODE_STATE=getMsg HTTP/1.1" 200 27
172.20.0.100 - - [30/Jul/2022:09:52:21 +0800] "GET /xingrg/javascript/jquery_easy_ui/themes/default/images/tabs_active.png HTTP/1.1" 200 2894
116.224.255.128 - - [30/Jul/2022:09:52:22 +0800] "POST /xingrg/kc/buy/cgsh_order_operate.html HTTP/1.1" 200 37
172.20.0.100 - - [30/Jul/2022:09:52:25 +0800] "GET /xingrg/system/info/materiel_info.html?code=00101020&isAdd=1 HTTP/1.1" 200 36437
172.20.0.100 - - [30/Jul/2022:09:52:25 +0800] "GET /xingrg/dwr/interface/AjaxGetFirstChart.js HTTP/1.1" 200 631
172.20.0.100 - - [30/Jul/2022:09:52:25 +0800] "GET /xingrg/dwr/engine.js HTTP/1.1" 200 43631
172.20.0.100 - - [30/Jul/2022:09:52:26 +0800] "GET /favicon.ico HTTP/1.1" 404 -
172.20.0.100 - - [30/Jul/2022:09:52:26 +0800] "POST /xingrg/all/common/load_tree.html?tree=area_rest_tree_json HTTP/1.1" 200 3472
172.20.0.100 - - [30/Jul/2022:09:52:26 +0800] "POST /xingrg/dwr/call/plaincall/AjaxBaseInfoService.getMaterielInfo.dwr HTTP/1.1" 200 210
172.20.0.100 - - [30/Jul/2022:09:52:26 +0800] "POST /xingrg/all/common/load_tree.html?tree=area_rest_tree_json&defaultRests=undefined HTTP/1.1" 200 3472
101.85.120.95 - - [30/Jul/2022:09:52:26 +0800] "GET /xingrg/check_reg.html?_=1659145942849 HTTP/1.1" 200 22
101.85.120.95 - - [30/Jul/2022:09:52:26 +0800] "GET /xingrg/all/function/internal_message.html?_=1659145942851&CODE_STATE=getMsg HTTP/1.1" 200 27
61.165.20.118 - - [30/Jul/2022:09:52:26 +0800] "GET /xingrg/all/function/internal_message.html?_=1659145824475&CODE_STATE=getMsg HTTP/1.1" 200 27
180.169.147.146 - - [30/Jul/2022:09:52:29 +0800] "GET /xingrg/check_reg.html?_=1659145943705 HTTP/1.1" 200 22
180.169.147.146 - - [30/Jul/2022:09:52:29 +0800] "GET /xingrg/all/function/internal_message.html?_=1659145943706&CODE_STATE=getMsg HTTP/1.1" 200 27
116.224.123.211 - - [30/Jul/2022:09:52:29 +0800] "GET /xingrg/all/function/internal_message.html?_=1659145946897&CODE_STATE=getMsg HTTP/1.1" 200 27
116.224.255.128 - - [30/Jul/2022:09:52:30 +0800] "POST /xingrg/kc/buy/cgsh_order_operate.html HTTP/1.1" 200 12
116.224.255.128 - - [30/Jul/2022:09:52:31 +0800] "GET /xingrg/kc/buy/cgsh_order_info.html?code=212022073007981 HTTP/1.1" 200 62847
116.224.255.128 - - [30/Jul/2022:09:52:31 +0800] "GET /xingrg/javascript/easyui/themes/default/validatebox.css HTTP/1.1" 404 1104
116.224.255.128 - - [30/Jul/2022:09:52:32 +0800] "POST /xingrg/kc/buy/cgsh_order_operate.html HTTP/1.1" 200 613
116.224.255.128 - - [30/Jul/2022:09:52:33 +0800] "GET /xingrg/kc/print/load_data.html?order_code=212022073007981&kc_code=cgsh&condition= HTTP/1.1" 200 752
124.78.154.216 - - [30/Jul/2022:09:52:37 +0800] "GET /xingrg/all/function/internal_message.html?_=1659145958972&CODE_STATE=getMsg HTTP/1.1" 200 27
116.224.255.128 - - [30/Jul/2022:09:52:37 +0800] "GET /xingrg/kc/buy/cgsh_order_add.html HTTP/1.1" 200 67944
116.224.255.128 - - [30/Jul/2022:09:52:38 +0800] "POST /xingrg/kc/buy/cgsh_order_operate.html HTTP/1.1" 200 8245
116.224.255.128 - - [30/Jul/2022:09:52:38 +0800] "GET /xingrg/javascript/easyui/themes/default/validatebox.css HTTP/1.1" 404 1104
222.69.129.110 - - [30/Jul/2022:09:52:38 +0800] "GET /xingrg/all/function/internal_message.html?_=1659146010613&CODE_STATE=getMsg HTTP/1.1" 200 27
172.20.0.100 - - [30/Jul/2022:09:52:41 +0800] "POST /xingrg/dwr/call/plaincall/AjaxGetFirstChart.getFirstChart.dwr HTTP/1.1" 200 91
218.81.223.53 - - [30/Jul/2022:09:52:41 +0800] "GET /xingrg/all/function/internal_message.html?_=1659145966423&CODE_STATE=getMsg HTTP/1.1" 200 27
180.169.147.146 - - [30/Jul/2022:09:52:45 +0800] "GET /xingrg/all/function/internal_message.html?_=1659145961971&CODE_STATE=getMsg HTTP/1.1" 200 27
116.224.255.128 - - [30/Jul/2022:09:52:46 +0800] "GET /xingrg/kc/buy/cgsh_order_operate.html?command=get_materiel&rest_code=00150&code=00101011005&supplier_code=00100047&order_time=2022-07-30 HTTP/1.1" 200 425
61.165.20.118 - - [30/Jul/2022:09:52:47 +0800] "GET /xingrg/all/function/internal_message.html?_=1659145963570&CODE_STATE=getMsg HTTP/1.1" 200 27
116.232.194.65 - - [30/Jul/2022:09:52:50 +0800] "GET /xingrg/all/function/internal_message.html?_=1659145957812&CODE_STATE=getMsg HTTP/1.1" 200 27
116.224.255.128 - - [30/Jul/2022:09:52:53 +0800] "POST /xingrg/kc/buy/cgsh_order_operate.html HTTP/1.1" 200 37
101.80.228.36 - - [30/Jul/2022:09:52:55 +0800] "GET /xingrg/all/function/internal_message.html?_=1659145973121&CODE_STATE=getMsg HTTP/1.1" 200 27
116.224.255.128 - - [30/Jul/2022:09:52:56 +0800] "GET /xingrg/all/function/internal_message.html?_=1659145972990&CODE_STATE=getMsg HTTP/1.1" 200 27
116.224.255.128 - - [30/Jul/2022:09:52:56 +0800] "POST /xingrg/kc/buy/cgsh_order_operate.html HTTP/1.1" 200 12
116.224.255.128 - - [30/Jul/2022:09:52:56 +0800] "GET /xingrg/check_reg.html?_=1659145972994 HTTP/1.1" 200 22
116.224.255.128 - - [30/Jul/2022:09:52:57 +0800] "GET /xingrg/kc/buy/cgsh_order_info.html?code=212022073007982 HTTP/1.1" 200 62847
116.224.255.128 - - [30/Jul/2022:09:52:58 +0800] "GET /xingrg/javascript/easyui/themes/default/validatebox.css HTTP/1.1" 404 1104
116.224.255.128 - - [30/Jul/2022:09:52:58 +0800] "POST /xingrg/kc/buy/cgsh_order_operate.html HTTP/1.1" 200 606
172.20.0.100 - - [30/Jul/2022:09:52:59 +0800] "GET /xingrg/all/function/internal_message.html?_=1659145975160&CODE_STATE=getMsg HTTP/1.1" 200 27
116.224.255.128 - - [30/Jul/2022:09:52:59 +0800] "GET /xingrg/kc/print/load_data.html?order_code=212022073007982&kc_code=cgsh&condition= HTTP/1.1" 200 759
101.83.240.137 - - [30/Jul/2022:09:53:04 +0800] "GET /xingrg/all/function/internal_message.html?_=1659145979633&CODE_STATE=getMsg HTTP/1.1" 200 27
172.20.0.100 - - [30/Jul/2022:09:53:05 +0800] "POST /xingrg/dwr/call/plaincall/AjaxBaseInfoService.changeUnitGroup.dwr HTTP/1.1" 200 243
116.224.255.128 - - [30/Jul/2022:09:53:05 +0800] "GET /xingrg/kc/mdqp/pssh_order_list.html HTTP/1.1" 200 17819
116.224.255.128 - - [30/Jul/2022:09:53:06 +0800] "POST /xingrg/kc/mdqp/pssh_list_operate.html HTTP/1.1" 200 5414
116.224.255.128 - - [30/Jul/2022:09:53:07 +0800] "POST /xingrg/kc/mdqp/pssh_list_operate.html HTTP/1.1" 200 268
116.224.255.128 - - [30/Jul/2022:09:53:08 +0800] "GET /xingrg/kc/mdqp/pssh_order_info.html?code=312022073000501 HTTP/1.1" 200 17299
116.224.255.128 - - [30/Jul/2022:09:53:08 +0800] "GET /xingrg/javascript/jquery_tools/jquery-1.4.2.min.js HTTP/1.1" 404 1094
116.224.255.128 - - [30/Jul/2022:09:53:08 +0800] "GET /xingrg/all/common/auto_word.html?type=base&rest_code=00150&rest_code=00150 HTTP/1.1" 200 1799
116.224.255.128 - - [30/Jul/2022:09:53:08 +0800] "GET /xingrg/javascript/easyui/themes/default/validatebox.css HTTP/1.1" 404 1104
116.224.255.128 - - [30/Jul/2022:09:53:08 +0800] "POST /xingrg/kc/mdqp/pssh_order_operate.html HTTP/1.1" 200 563
116.224.255.128 - - [30/Jul/2022:09:53:10 +0800] "POST /xingrg/all/common/load_combo.html?type=employee HTTP/1.1" 200 280
116.224.255.128 - - [30/Jul/2022:09:53:13 +0800] "POST /xingrg/kc/mdqp/pssh_order_operate.html HTTP/1.1" 200 37
172.20.0.100 - - [30/Jul/2022:09:53:13 +0800] "POST /xingrg/dwr/call/plaincall/AjaxBaseInfoService.changeUnitGroup.dwr HTTP/1.1" 200 311
116.224.255.128 - - [30/Jul/2022:09:53:13 +0800] "POST /xingrg/kc/mdqp/pssh_order_operate.html HTTP/1.1" 200 12
116.224.255.128 - - [30/Jul/2022:09:53:14 +0800] "GET /xingrg/kc/mdqp/pssh_order_info.html?code=312022073000501 HTTP/1.1" 200 14388
116.224.255.128 - - [30/Jul/2022:09:53:14 +0800] "GET /xingrg/javascript/jquery_tools/jquery-1.4.2.min.js HTTP/1.1" 404 1094
116.224.255.128 - - [30/Jul/2022:09:53:14 +0800] "POST /xingrg/kc/mdqp/pssh_order_operate.html HTTP/1.1" 200 563
116.224.255.128 - - [30/Jul/2022:09:53:14 +0800] "GET /xingrg/javascript/easyui/themes/default/validatebox.css HTTP/1.1" 404 1104
172.20.0.100 - - [30/Jul/2022:09:53:15 +0800] "POST /xingrg/dwr/call/plaincall/AjaxBaseInfoService.saveMateriel.dwr HTTP/1.1" 200 109
172.20.0.100 - - [30/Jul/2022:09:53:15 +0800] "POST /xingrg/dwr/call/plaincall/AjaxBaseInfoService.getMateriels.dwr HTTP/1.1" 200 3001
116.224.255.128 - - [30/Jul/2022:09:53:16 +0800] "GET /xingrg/kc/print/load_config.html?kc_code=pssh HTTP/1.1" 200 2291
116.224.255.128 - - [30/Jul/2022:09:53:16 +0800] "GET /xingrg/kc/print/load_data.html?order_code=312022073000501&kc_code=pssh&condition= HTTP/1.1" 200 701
180.169.147.146 - - [30/Jul/2022:09:53:21 +0800] "GET /xingrg/all/function/internal_message.html?_=1659145996620&CODE_STATE=getMsg HTTP/1.1" 200 27
116.224.255.128 - - [30/Jul/2022:09:53:22 +0800] "GET /xingrg/kc/base/wldb_order_list.html HTTP/1.1" 200 19148
116.224.255.128 - - [30/Jul/2022:09:53:22 +0800] "POST /xingrg/kc/base/wldb_list_operate.html HTTP/1.1" 200 928
116.224.255.128 - - [30/Jul/2022:09:53:24 +0800] "GET /xingrg/kc/base/wldb_order_add.html HTTP/1.1" 200 30362
116.224.255.128 - - [30/Jul/2022:09:53:24 +0800] "GET /xingrg/words/20220730095315_words.js HTTP/1.1" 200 907689
116.224.255.128 - - [30/Jul/2022:09:53:25 +0800] "POST /xingrg/kc/base/wldb_order_operate.html HTTP/1.1" 200 6806
116.224.255.128 - - [30/Jul/2022:09:53:25 +0800] "GET /xingrg/all/common/auto_word.html?type=base&rest_code=00150 HTTP/1.1" 200 1799
116.224.255.128 - - [30/Jul/2022:09:53:25 +0800] "GET /xingrg/all/common/auto_word.html?type=base&rest_code=00150 HTTP/1.1" 200 1799
116.224.255.128 - - [30/Jul/2022:09:53:25 +0800] "GET /xingrg/javascript/easyui/themes/default/validatebox.css HTTP/1.1" 404 1104
101.85.120.95 - - [30/Jul/2022:09:53:26 +0800] "GET /xingrg/all/function/internal_message.html?_=1659146002850&CODE_STATE=getMsg HTTP/1.1" 200 27
61.165.20.118 - - [30/Jul/2022:09:53:26 +0800] "GET /xingrg/all/function/internal_message.html?_=1659145884462&CODE_STATE=getMsg HTTP/1.1" 200 27
180.169.147.146 - - [30/Jul/2022:09:53:29 +0800] "GET /xingrg/all/function/internal_message.html?_=1659146003704&CODE_STATE=getMsg HTTP/1.1" 200 27
116.224.123.211 - - [30/Jul/2022:09:53:29 +0800] "GET /xingrg/all/function/internal_message.html?_=1659146006896&CODE_STATE=getMsg HTTP/1.1" 200 27
116.224.123.211 - - [30/Jul/2022:09:53:29 +0800] "GET /xingrg/check_reg.html?_=1659146006902 HTTP/1.1" 200 22
116.224.255.128 - - [30/Jul/2022:09:53:32 +0800] "GET /xingrg/kc/base/wldb_order_operate.html?command=get_materiel&rest_code=00150&base_code=0010450&code=00101004030 HTTP/1.1" 200 430
116.224.255.128 - - [30/Jul/2022:09:53:37 +0800] "GET /xingrg/kc/base/wldb_order_operate.html?command=get_materiel&rest_code=00150&base_code=0010450&code=00101003035 HTTP/1.1" 200 434
124.78.154.216 - - [30/Jul/2022:09:53:37 +0800] "GET /xingrg/all/function/internal_message.html?_=1659146018987&CODE_STATE=getMsg HTTP/1.1" 200 27
222.69.129.110 - - [30/Jul/2022:09:53:38 +0800] "GET /xingrg/all/function/internal_message.html?_=1659146070603&CODE_STATE=getMsg HTTP/1.1" 200 27
222.69.129.110 - - [30/Jul/2022:09:53:38 +0800] "GET /xingrg/check_reg.html?_=1659146070794 HTTP/1.1" 200 22
218.81.223.53 - - [30/Jul/2022:09:53:41 +0800] "GET /xingrg/all/function/internal_message.html?_=1659146026438&CODE_STATE=getMsg HTTP/1.1" 200 27
180.169.147.146 - - [30/Jul/2022:09:53:45 +0800] "GET /xingrg/all/function/internal_message.html?_=1659146021963&CODE_STATE=getMsg HTTP/1.1" 200 27
61.165.20.118 - - [30/Jul/2022:09:53:47 +0800] "GET /xingrg/all/function/internal_message.html?_=1659146023549&CODE_STATE=getMsg HTTP/1.1" 200 27
61.165.20.118 - - [30/Jul/2022:09:53:47 +0800] "GET /xingrg/check_reg.html?_=1659146023876 HTTP/1.1" 200 22
116.224.255.128 - - [30/Jul/2022:09:53:49 +0800] "GET /xingrg/kc/base/wldb_order_operate.html?command=get_materiel&rest_code=00150&base_code=0010450&code=00101004101 HTTP/1.1" 200 435
116.232.194.65 - - [30/Jul/2022:09:53:50 +0800] "GET /xingrg/all/function/internal_message.html?_=1659146017785&CODE_STATE=getMsg HTTP/1.1" 200 27
101.80.228.36 - - [30/Jul/2022:09:53:55 +0800] "GET /xingrg/all/function/internal_message.html?_=1659146033122&CODE_STATE=getMsg HTTP/1.1" 200 27
116.224.255.128 - - [30/Jul/2022:09:53:56 +0800] "GET /xingrg/all/function/internal_message.html?_=1659146032993&CODE_STATE=getMsg HTTP/1.1" 200 27
116.224.255.128 - - [30/Jul/2022:09:53:57 +0800] "GET /xingrg/kc/base/wldb_order_operate.html?command=get_materiel&rest_code=00150&base_code=0010450&code=00101003006 HTTP/1.1" 200 434
61.165.20.118 - - [30/Jul/2022:09:53:57 +0800] "GET /xingrg/check_reg.html?_=1659145915871 HTTP/1.1" 200 22
172.20.0.100 - - [30/Jul/2022:09:53:59 +0800] "GET /xingrg/all/function/internal_message.html?_=1659146035169&CODE_STATE=getMsg HTTP/1.1" 200 27
116.224.255.128 - - [30/Jul/2022:09:54:04 +0800] "GET /xingrg/kc/base/wldb_order_operate.html?command=get_materiel&rest_code=00150&base_code=0010450&code=00101001135 HTTP/1.1" 200 435
101.83.240.137 - - [30/Jul/2022:09:54:04 +0800] "GET /xingrg/all/function/internal_message.html?_=1659146039617&CODE_STATE=getMsg HTTP/1.1" 200 27
101.83.240.137 - - [30/Jul/2022:09:54:05 +0800] "GET /xingrg/check_reg.html?_=1659146040125 HTTP/1.1" 200 22
124.78.154.216 - - [30/Jul/2022:09:54:10 +0800] "GET /xingrg/check_reg.html?_=1659146052398 HTTP/1.1" 200 22
58.35.213.73 - - [30/Jul/2022:09:54:13 +0800] "POST /xingrg/services/DataTransmitService HTTP/1.1" 200 524
116.224.123.211 - - [30/Jul/2022:09:54:16 +0800] "GET /xingrg/javascript/easyui/themes/default/tree.css HTTP/1.1" 404 1090
116.224.123.211 - - [30/Jul/2022:09:54:16 +0800] "POST /xingrg/all/common/load_tree.html?tree=supplier_tree_json&isDelete=1 HTTP/1.1" 200 66956
116.224.255.128 - - [30/Jul/2022:09:54:21 +0800] "GET /xingrg/kc/base/wldb_order_operate.html?command=get_materiel&rest_code=00150&base_code=0010450&code=00101004038 HTTP/1.1" 200 432
180.169.147.146 - - [30/Jul/2022:09:54:21 +0800] "GET /xingrg/check_reg.html?_=1659146056622 HTTP/1.1" 200 22
180.169.147.146 - - [30/Jul/2022:09:54:21 +0800] "GET /xingrg/all/function/internal_message.html?_=1659146056624&CODE_STATE=getMsg HTTP/1.1" 200 27
101.85.120.95 - - [30/Jul/2022:09:54:26 +0800] "GET /xingrg/all/function/internal_message.html?_=1659146062849&CODE_STATE=getMsg HTTP/1.1" 200 27
61.165.20.118 - - [30/Jul/2022:09:54:26 +0800] "GET /xingrg/all/function/internal_message.html?_=1659145944441&CODE_STATE=getMsg HTTP/1.1" 200 27
180.169.147.146 - - [30/Jul/2022:09:54:29 +0800] "GET /xingrg/all/function/internal_message.html?_=1659146063702&CODE_STATE=getMsg HTTP/1.1" 200 27
116.224.123.211 - - [30/Jul/2022:09:54:29 +0800] "GET /xingrg/all/function/internal_message.html?_=1659146066888&CODE_STATE=getMsg HTTP/1.1" 200 27
116.224.255.128 - - [30/Jul/2022:09:54:29 +0800] "POST /xingrg/kc/base/wldb_order_operate.html HTTP/1.1" 200 37
116.224.255.128 - - [30/Jul/2022:09:54:32 +0800] "POST /xingrg/kc/base/wldb_order_operate.html HTTP/1.1" 200 12
116.224.255.128 - - [30/Jul/2022:09:54:32 +0800] "POST /xingrg/kc/base/wldb_order_operate.html HTTP/1.1" 200 4542
124.78.154.216 - - [30/Jul/2022:09:54:37 +0800] "GET /xingrg/check_reg.html?_=1659146078974 HTTP/1.1" 200 22
124.78.154.216 - - [30/Jul/2022:09:54:37 +0800] "GET /xingrg/all/function/internal_message.html?_=1659146078976&CODE_STATE=getMsg HTTP/1.1" 200 27
222.69.129.110 - - [30/Jul/2022:09:54:38 +0800] "GET /xingrg/all/function/internal_message.html?_=1659146130602&CODE_STATE=getMsg HTTP/1.1" 200 27
116.224.255.128 - - [30/Jul/2022:09:54:41 +0800] "GET /xingrg/kc/base/wldb_order_info.html?code=422022073001961 HTTP/1.1" 200 26239
116.224.255.128 - - [30/Jul/2022:09:54:41 +0800] "GET /xingrg/words/20220730095315_words.js HTTP/1.1" 304 -
116.224.255.128 - - [30/Jul/2022:09:54:41 +0800] "GET /xingrg/javascript/easyui/themes/default/validatebox.css HTTP/1.1" 404 1104
116.224.255.128 - - [30/Jul/2022:09:54:42 +0800] "POST /xingrg/kc/base/wldb_order_operate.html HTTP/1.1" 200 2777
218.81.223.53 - - [30/Jul/2022:09:54:42 +0800] "GET /xingrg/all/function/internal_message.html?_=1659146086659&CODE_STATE=getMsg HTTP/1.1" 200 27
116.224.123.211 - - [30/Jul/2022:09:54:42 +0800] "GET /xingrg/kc/buy/cgsh_order_operate.html?command=get_materiel&rest_code=00102&code=00101002027&supplier_code=00100400&order_time=2022-07-30 HTTP/1.1" 200 434
180.169.147.146 - - [30/Jul/2022:09:54:45 +0800] "GET /xingrg/all/function/internal_message.html?_=1659146081970&CODE_STATE=getMsg HTTP/1.1" 200 27
180.169.147.146 - - [30/Jul/2022:09:54:45 +0800] "GET /xingrg/check_reg.html?_=1659146081973 HTTP/1.1" 200 22
61.165.20.118 - - [30/Jul/2022:09:54:47 +0800] "GET /xingrg/all/function/internal_message.html?_=1659146083521&CODE_STATE=getMsg HTTP/1.1" 200 27
116.232.194.65 - - [30/Jul/2022:09:54:50 +0800] "GET /xingrg/all/function/internal_message.html?_=1659146077767&CODE_STATE=getMsg HTTP/1.1" 200 27
101.80.228.36 - - [30/Jul/2022:09:54:55 +0800] "GET /xingrg/all/function/internal_message.html?_=1659146093124&CODE_STATE=getMsg HTTP/1.1" 200 27
101.80.228.36 - - [30/Jul/2022:09:54:55 +0800] "GET /xingrg/check_reg.html?_=1659146093124 HTTP/1.1" 200 22
218.81.223.53 - - [30/Jul/2022:09:54:56 +0800] "GET /xingrg/check_reg.html?_=1659146101370 HTTP/1.1" 200 22
116.224.255.128 - - [30/Jul/2022:09:54:56 +0800] "GET /xingrg/all/function/internal_message.html?_=1659146092976&CODE_STATE=getMsg HTTP/1.1" 200 27
116.224.255.128 - - [30/Jul/2022:09:54:58 +0800] "POST /xingrg/all/user/operate.html HTTP/1.1" 200 36
116.224.255.128 - - [30/Jul/2022:09:54:58 +0800] "GET /xingrg/index.html?sysBaseUrl=http%3A%2F%2F180.169.147.146%3A18081%2Fxingrg%2F&costTime=40×tamp=1659143584752 HTTP/1.1" 200 17177
116.224.255.128 - - [30/Jul/2022:09:54:58 +0800] "GET /xingrg/javascript/jquery_easy_ui/themes/default/easyui.css HTTP/1.1" 304 -
116.224.255.128 - - [30/Jul/2022:09:54:58 +0800] "GET /xingrg/javascript/jquery_easy_ui/themes/icon.css HTTP/1.1" 304 -
116.224.255.128 - - [30/Jul/2022:09:54:58 +0800] "GET /xingrg/css/form.css HTTP/1.1" 304 -
116.224.255.128 - - [30/Jul/2022:09:54:58 +0800] "GET /xingrg/javascript/jquery-1.4.2.min.js HTTP/1.1" 304 -
116.224.255.128 - - [30/Jul/2022:09:54:58 +0800] "GET /xingrg/javascript/jquery_easy_ui/jquery.easyui.min.js HTTP/1.1" 304 -
116.224.255.128 - - [30/Jul/2022:09:54:58 +0800] "GET /xingrg/javascript/jquery_easy_ui/easyui-lang-zh_CN.js HTTP/1.1" 304 -
116.224.255.128 - - [30/Jul/2022:09:54:58 +0800] "GET /xingrg/javascript/jquery.form.js HTTP/1.1" 304 -
116.224.255.128 - - [30/Jul/2022:09:54:58 +0800] "GET /xingrg/javascript/jquery.utils.js HTTP/1.1" 304 -
116.224.255.128 - - [30/Jul/2022:09:54:58 +0800] "GET /xingrg/javascript/jquery.timers.js HTTP/1.1" 304 -
116.224.255.128 - - [30/Jul/2022:09:54:58 +0800] "GET /xingrg/images/blue/jxLogo.png HTTP/1.1" 304 -
116.224.255.128 - - [30/Jul/2022:09:54:58 +0800] "GET /xingrg/images/blue/navBackgound.jpg HTTP/1.1" 304 -
116.224.255.128 - - [30/Jul/2022:09:54:58 +0800] "GET /xingrg/javascript/jquery_easy_ui/themes/icons/settle_new.png HTTP/1.1" 304 -
116.224.255.128 - - [30/Jul/2022:09:54:58 +0800] "POST /xingrg/all/common/load_tree.html?tree=area_rest_tree_json&manage=1 HTTP/1.1" 200 476
116.224.255.128 - - [30/Jul/2022:09:54:58 +0800] "GET /xingrg/all/function/internal_message.html?_=1659146094827&CODE_STATE=count HTTP/1.1" 200 11
116.224.255.128 - - [30/Jul/2022:09:54:58 +0800] "GET /xingrg/check_reg.html?_=1659146094828 HTTP/1.1" 200 22
116.224.255.128 - - [30/Jul/2022:09:54:58 +0800] "POST /xingrg/load_menu.html HTTP/1.1" 200 5138
116.224.255.128 - - [30/Jul/2022:09:54:58 +0800] "GET /xingrg/images/blue/pingpu.png HTTP/1.1" 304 -
116.224.255.128 - - [30/Jul/2022:09:54:58 +0800] "GET /xingrg/javascript/jquery_easy_ui/themes/default/images/tabs_leftarrow.png HTTP/1.1" 304 -
116.224.255.128 - - [30/Jul/2022:09:54:58 +0800] "GET /xingrg/javascript/jquery_easy_ui/themes/default/images/panel_tool_collapse.gif HTTP/1.1" 304 -
116.224.255.128 - - [30/Jul/2022:09:54:58 +0800] "GET /xingrg/javascript/jquery_easy_ui/themes/default/images/tabs_rightarrow.png HTTP/1.1" 304 -
116.224.255.128 - - [30/Jul/2022:09:54:58 +0800] "GET /xingrg/javascript/jquery_easy_ui/themes/default/images/tree_folder.gif HTTP/1.1" 304 -
116.224.255.128 - - [30/Jul/2022:09:54:58 +0800] "GET /xingrg/javascript/jquery_easy_ui/themes/icons/search_new.png HTTP/1.1" 304 -
116.224.255.128 - - [30/Jul/2022:09:54:58 +0800] "GET /xingrg/javascript/jquery_easy_ui/themes/default/images/tree_file.gif HTTP/1.1" 304 -
116.224.255.128 - - [30/Jul/2022:09:54:58 +0800] "GET /xingrg/javascript/jquery_easy_ui/themes/default/images/tree_arrows.gif HTTP/1.1" 304 -
116.224.255.128 - - [30/Jul/2022:09:54:58 +0800] "GET /xingrg/javascript/jquery_easy_ui/themes/icons/storage_new.png HTTP/1.1" 304 -
116.224.255.128 - - [30/Jul/2022:09:54:58 +0800] "GET /xingrg/javascript/jquery_easy_ui/themes/default/images/tree_folder_open.gif HTTP/1.1" 304 -
116.224.255.128 - - [30/Jul/2022:09:54:58 +0800] "GET /xingrg/javascript/jquery_easy_ui/themes/icons/forms_new.png HTTP/1.1" 304 -
172.20.0.100 - - [30/Jul/2022:09:54:59 +0800] "GET /xingrg/all/function/internal_message.html?_=1659146095163&CODE_STATE=getMsg HTTP/1.1" 200 27
116.224.255.128 - - [30/Jul/2022:09:55:01 +0800] "GET /xingrg/kc/buy/cgsh_order_list.html HTTP/1.1" 200 52166
116.224.255.128 - - [30/Jul/2022:09:55:04 +0800] "POST /xingrg/kc/buy/cgsh_list_operate.html HTTP/1.1" 200 2085
101.83.240.137 - - [30/Jul/2022:09:55:04 +0800] "GET /xingrg/all/function/internal_message.html?_=1659146099595&CODE_STATE=getMsg HTTP/1.1" 200 27
116.224.123.211 - - [30/Jul/2022:09:55:05 +0800] "GET /xingrg/kc/buy/cgsh_order_operate.html?command=get_materiel&rest_code=00102&code=00101001010&supplier_code=00100400&order_time=2022-07-30 HTTP/1.1" 200 427
116.224.255.128 - - [30/Jul/2022:09:55:07 +0800] "POST /xingrg/kc/buy/cgsh_list_operate.html HTTP/1.1" 200 359
116.224.255.128 - - [30/Jul/2022:09:55:07 +0800] "GET /xingrg/kc/buy/cgsh_order_info.html?code=212022073007970 HTTP/1.1" 200 67551
116.224.255.128 - - [30/Jul/2022:09:55:07 +0800] "GET /xingrg/words/20220730095315_words.js HTTP/1.1" 304 -
116.224.255.128 - - [30/Jul/2022:09:55:08 +0800] "GET /xingrg/javascript/easyui/themes/default/validatebox.css HTTP/1.1" 404 1104
116.224.255.128 - - [30/Jul/2022:09:55:08 +0800] "POST /xingrg/kc/buy/cgsh_order_operate.html HTTP/1.1" 200 3878
116.224.255.128 - - [30/Jul/2022:09:55:12 +0800] "POST /xingrg/kc/buy/cgsh_order_operate.html HTTP/1.1" 200 37
116.224.255.128 - - [30/Jul/2022:09:55:20 +0800] "POST /xingrg/kc/buy/cgsh_order_operate.html HTTP/1.1" 200 12
180.169.147.146 - - [30/Jul/2022:09:55:21 +0800] "GET /xingrg/all/function/internal_message.html?_=1659146116626&CODE_STATE=getMsg HTTP/1.1" 200 27
116.224.255.128 - - [30/Jul/2022:09:55:22 +0800] "GET /xingrg/kc/buy/cgsh_order_info.html?code=212022073007970 HTTP/1.1" 200 62445
116.224.255.128 - - [30/Jul/2022:09:55:22 +0800] "GET /xingrg/words/20220730095315_words.js HTTP/1.1" 304 -
116.224.255.128 - - [30/Jul/2022:09:55:22 +0800] "GET /xingrg/javascript/easyui/themes/default/validatebox.css HTTP/1.1" 404 1104
116.224.255.128 - - [30/Jul/2022:09:55:23 +0800] "POST /xingrg/kc/buy/cgsh_order_operate.html HTTP/1.1" 200 1828
101.85.120.95 - - [30/Jul/2022:09:55:26 +0800] "GET /xingrg/all/function/internal_message.html?_=1659146122849&CODE_STATE=getMsg HTTP/1.1" 200 27
61.165.20.118 - - [30/Jul/2022:09:55:26 +0800] "GET /xingrg/all/function/internal_message.html?_=1659146004435&CODE_STATE=getMsg HTTP/1.1" 200 27
180.169.147.146 - - [30/Jul/2022:09:55:29 +0800] "GET /xingrg/all/function/internal_message.html?_=1659146123701&CODE_STATE=getMsg HTTP/1.1" 200 27
116.224.123.211 - - [30/Jul/2022:09:55:29 +0800] "GET /xingrg/all/function/internal_message.html?_=1659146126887&CODE_STATE=getMsg HTTP/1.1" 200 27
116.224.123.211 - - [30/Jul/2022:09:55:32 +0800] "GET /xingrg/kc/buy/cgsh_order_operate.html?command=get_materiel&rest_code=00102&code=00101002016&supplier_code=00100400&order_time=2022-07-30 HTTP/1.1" 200 413
116.224.255.128 - - [30/Jul/2022:09:55:32 +0800] "GET /xingrg/kc/print/load_data.html?order_code=212022073007970&kc_code=cgsh&condition= HTTP/1.1" 200 1241
124.78.154.216 - - [30/Jul/2022:09:55:37 +0800] "GET /xingrg/all/function/internal_message.html?_=1659146138976&CODE_STATE=getMsg HTTP/1.1" 200 27
222.69.129.110 - - [30/Jul/2022:09:55:38 +0800] "GET /xingrg/all/function/internal_message.html?_=1659146190592&CODE_STATE=getMsg HTTP/1.1" 200 27
116.224.123.211 - - [30/Jul/2022:09:55:41 +0800] "GET /xingrg/kc/buy/cgsh_order_operate.html?command=get_materiel&rest_code=00102&code=00101004030&supplier_code=00100400&order_time=2022-07-30 HTTP/1.1" 200 429
218.81.223.53 - - [30/Jul/2022:09:55:42 +0800] "GET /xingrg/all/function/internal_message.html?_=1659146146668&CODE_STATE=getMsg HTTP/1.1" 200 27
114.84.2.83 - - [30/Jul/2022:09:55:43 +0800] "POST /xingrg/services/DataTransmitService HTTP/1.1" 200 524
180.169.147.146 - - [30/Jul/2022:09:55:45 +0800] "GET /xingrg/all/function/internal_message.html?_=1659146141966&CODE_STATE=getMsg HTTP/1.1" 200 27
61.165.20.118 - - [30/Jul/2022:09:55:47 +0800] "GET /xingrg/all/function/internal_message.html?_=1659146143492&CODE_STATE=getMsg HTTP/1.1" 200 27
116.232.194.65 - - [30/Jul/2022:09:55:50 +0800] "GET /xingrg/all/function/internal_message.html?_=1659146137766&CODE_STATE=getMsg HTTP/1.1" 200 27
116.224.123.211 - - [30/Jul/2022:09:55:51 +0800] "GET /xingrg/kc/buy/cgsh_order_operate.html?command=get_materiel&rest_code=00102&code=00101005037&supplier_code=00100400&order_time=2022-07-30 HTTP/1.1" 200 425
116.232.194.65 - - [30/Jul/2022:09:55:51 +0800] "GET /xingrg/check_reg.html?_=1659146138965 HTTP/1.1" 200 22
101.80.228.36 - - [30/Jul/2022:09:55:55 +0800] "GET /xingrg/all/function/internal_message.html?_=1659146153126&CODE_STATE=getMsg HTTP/1.1" 200 27
116.224.255.128 - - [30/Jul/2022:09:55:58 +0800] "GET /xingrg/all/function/internal_message.html?_=1659146154847&CODE_STATE=getMsg HTTP/1.1" 200 27
101.83.240.137 - - [30/Jul/2022:09:56:04 +0800] "GET /xingrg/all/function/internal_message.html?_=1659146159583&CODE_STATE=getMsg HTTP/1.1" 200 27
116.224.123.211 - - [30/Jul/2022:09:56:06 +0800] "POST /xingrg/kc/buy/cgsh_order_operate.html HTTP/1.1" 200 37
116.224.123.211 - - [30/Jul/2022:09:56:19 +0800] "POST /xingrg/kc/buy/cgsh_order_operate.html HTTP/1.1" 200 12
180.169.147.146 - - [30/Jul/2022:09:56:21 +0800] "GET /xingrg/all/function/internal_message.html?_=1659146176616&CODE_STATE=getMsg HTTP/1.1" 200 27
116.224.123.211 - - [30/Jul/2022:09:56:23 +0800] "GET /xingrg/kc/buy/cgsh_order_info.html?code=212022073007983 HTTP/1.1" 200 62878
116.224.123.211 - - [30/Jul/2022:09:56:23 +0800] "GET /xingrg/words/20220730095315_words.js HTTP/1.1" 200 907689
116.224.123.211 - - [30/Jul/2022:09:56:24 +0800] "GET /xingrg/javascript/easyui/themes/default/validatebox.css HTTP/1.1" 404 1104
116.224.123.211 - - [30/Jul/2022:09:56:25 +0800] "POST /xingrg/kc/buy/cgsh_order_operate.html HTTP/1.1" 200 2977
101.85.120.95 - - [30/Jul/2022:09:56:26 +0800] "GET /xingrg/all/function/internal_message.html?_=1659146182847&CODE_STATE=getMsg HTTP/1.1" 200 27
61.165.20.118 - - [30/Jul/2022:09:56:26 +0800] "GET /xingrg/all/function/internal_message.html?_=1659146064413&CODE_STATE=getMsg HTTP/1.1" 200 27
116.224.123.211 - - [30/Jul/2022:09:56:26 +0800] "GET /xingrg/kc/print/load_data.html?order_code=212022073007983&kc_code=cgsh&condition= HTTP/1.1" 200 1583
180.169.147.146 - - [30/Jul/2022:09:56:29 +0800] "GET /xingrg/all/function/internal_message.html?_=1659146183728&CODE_STATE=getMsg HTTP/1.1" 200 27
116.224.123.211 - - [30/Jul/2022:09:56:29 +0800] "GET /xingrg/all/function/internal_message.html?_=1659146186941&CODE_STATE=getMsg HTTP/1.1" 200 27
222.69.129.110 - - [30/Jul/2022:09:56:31 +0800] "GET /xingrg/kc/buy/cgsh_order_add.html HTTP/1.1" 200 67107
222.69.129.110 - - [30/Jul/2022:09:56:31 +0800] "GET /xingrg/words/20220730095315_words.js HTTP/1.1" 200 907689
222.69.129.110 - - [30/Jul/2022:09:56:31 +0800] "POST /xingrg/kc/buy/cgsh_order_operate.html HTTP/1.1" 200 8245
222.69.129.110 - - [30/Jul/2022:09:56:31 +0800] "GET /xingrg/javascript/easyui/themes/default/validatebox.css HTTP/1.1" 404 1104
116.224.123.211 - - [30/Jul/2022:09:56:33 +0800] "GET /xingrg/kc/buy/cgsh_order_add.html HTTP/1.1" 200 67979
116.224.123.211 - - [30/Jul/2022:09:56:34 +0800] "POST /xingrg/kc/buy/cgsh_order_operate.html HTTP/1.1" 200 8245
116.224.123.211 - - [30/Jul/2022:09:56:34 +0800] "GET /xingrg/javascript/easyui/themes/default/validatebox.css HTTP/1.1" 404 1104
124.78.154.216 - - [30/Jul/2022:09:56:37 +0800] "GET /xingrg/all/function/internal_message.html?_=1659146198976&CODE_STATE=getMsg HTTP/1.1" 200 27
222.69.129.110 - - [30/Jul/2022:09:56:38 +0800] "GET /xingrg/all/function/internal_message.html?_=1659146250567&CODE_STATE=getMsg HTTP/1.1" 200 27
218.81.223.53 - - [30/Jul/2022:09:56:42 +0800] "GET /xingrg/all/function/internal_message.html?_=1659146206681&CODE_STATE=getMsg HTTP/1.1" 200 27
180.169.147.146 - - [30/Jul/2022:09:56:45 +0800] "GET /xingrg/all/function/internal_message.html?_=1659146201964&CODE_STATE=getMsg HTTP/1.1" 200 27
61.165.20.118 - - [30/Jul/2022:09:56:47 +0800] "GET /xingrg/all/function/internal_message.html?_=1659146203469&CODE_STATE=getMsg HTTP/1.1" 200 27
116.224.123.211 - - [30/Jul/2022:09:56:47 +0800] "GET /xingrg/javascript/easyui/themes/default/tree.css HTTP/1.1" 404 1090
116.224.123.211 - - [30/Jul/2022:09:56:47 +0800] "POST /xingrg/all/common/load_tree.html?tree=supplier_tree_json&isDelete=1 HTTP/1.1" 200 66956
116.232.194.65 - - [30/Jul/2022:09:56:50 +0800] "GET /xingrg/all/function/internal_message.html?_=1659146197751&CODE_STATE=getMsg HTTP/1.1" 200 27
222.69.129.110 - - [30/Jul/2022:09:56:50 +0800] "GET /xingrg/kc/buy/cgsh_order_operate.html?command=get_materiel&rest_code=00154&code=00101020383&supplier_code=&order_time=2022-07-30 HTTP/1.1" 200 434
101.80.228.36 - - [30/Jul/2022:09:56:55 +0800] "GET /xingrg/all/function/internal_message.html?_=1659146213128&CODE_STATE=getMsg HTTP/1.1" 200 27
116.224.255.128 - - [30/Jul/2022:09:56:58 +0800] "GET /xingrg/all/function/internal_message.html?_=1659146214838&CODE_STATE=getMsg HTTP/1.1" 200 27
222.69.129.110 - - [30/Jul/2022:09:56:59 +0800] "POST /xingrg/all/common/load_select.html HTTP/1.1" 200 25
222.69.129.110 - - [30/Jul/2022:09:57:03 +0800] "GET /xingrg/kc/buy/cgsh_order_operate.html?command=get_materiel_price&rest_code=00154&code=00101020383&unit_code=00100157&supplier_code=00100427&order_time=2022-07-30 HTTP/1.1" 200 28
101.83.240.137 - - [30/Jul/2022:09:57:04 +0800] "GET /xingrg/all/function/internal_message.html?_=1659146219555&CODE_STATE=getMsg HTTP/1.1" 200 27
180.169.147.146 - - [30/Jul/2022:09:57:21 +0800] "GET /xingrg/all/function/internal_message.html?_=1659146236618&CODE_STATE=getMsg HTTP/1.1" 200 27
116.224.123.211 - - [30/Jul/2022:09:57:24 +0800] "GET /xingrg/javascript/auto/indicator.gif HTTP/1.1" 404 1066
101.85.120.95 - - [30/Jul/2022:09:57:26 +0800] "GET /xingrg/all/function/internal_message.html?_=1659146242852&CODE_STATE=getMsg HTTP/1.1" 200 27
101.85.120.95 - - [30/Jul/2022:09:57:26 +0800] "GET /xingrg/check_reg.html?_=1659146242855 HTTP/1.1" 200 22
61.165.20.118 - - [30/Jul/2022:09:57:26 +0800] "GET /xingrg/all/function/internal_message.html?_=1659146124401&CODE_STATE=getMsg HTTP/1.1" 200 27
180.169.147.146 - - [30/Jul/2022:09:57:29 +0800] "GET /xingrg/all/function/internal_message.html?_=1659146243730&CODE_STATE=getMsg HTTP/1.1" 200 27
180.169.147.146 - - [30/Jul/2022:09:57:29 +0800] "GET /xingrg/check_reg.html?_=1659146243733 HTTP/1.1" 200 22
116.224.123.211 - - [30/Jul/2022:09:57:29 +0800] "GET /xingrg/all/function/internal_message.html?_=1659146246915&CODE_STATE=getMsg HTTP/1.1" 200 27
116.224.123.211 - - [30/Jul/2022:09:57:31 +0800] "GET /xingrg/kc/buy/cgsh_order_operate.html?command=get_materiel&rest_code=00102&code=00101009016&supplier_code=00100424&order_time=2022-07-30 HTTP/1.1" 200 428
124.78.154.216 - - [30/Jul/2022:09:57:37 +0800] "GET /xingrg/all/function/internal_message.html?_=1659146258975&CODE_STATE=getMsg HTTP/1.1" 200 27
222.69.129.110 - - [30/Jul/2022:09:57:38 +0800] "GET /xingrg/all/function/internal_message.html?_=1659146310550&CODE_STATE=getMsg HTTP/1.1" 200 27
116.224.123.211 - - [30/Jul/2022:09:57:41 +0800] "GET /xingrg/kc/buy/cgsh_order_operate.html?command=get_materiel&rest_code=00102&code=00101009013&supplier_code=00100424&order_time=2022-07-30 HTTP/1.1" 200 438
218.81.223.53 - - [30/Jul/2022:09:57:42 +0800] "GET /xingrg/all/function/internal_message.html?_=1659146266694&CODE_STATE=getMsg HTTP/1.1" 200 27
180.169.147.146 - - [30/Jul/2022:09:57:45 +0800] "GET /xingrg/all/function/internal_message.html?_=1659146261959&CODE_STATE=getMsg HTTP/1.1" 200 27
222.69.129.110 - - [30/Jul/2022:09:57:46 +0800] "GET /xingrg/kc/buy/cgsh_order_operate.html?command=get_materiel&rest_code=00154&code=00101028050&supplier_code=00100427&order_time=2022-07-30 HTTP/1.1" 200 430
61.165.20.118 - - [30/Jul/2022:09:57:47 +0800] "GET /xingrg/all/function/internal_message.html?_=1659146263446&CODE_STATE=getMsg HTTP/1.1" 200 27
116.232.194.65 - - [30/Jul/2022:09:57:50 +0800] "GET /xingrg/all/function/internal_message.html?_=1659146257745&CODE_STATE=getMsg HTTP/1.1" 200 27
116.224.123.211 - - [30/Jul/2022:09:57:51 +0800] "GET /xingrg/kc/buy/cgsh_order_operate.html?command=get_materiel&rest_code=00102&code=00101009021&supplier_code=00100424&order_time=2022-07-30 HTTP/1.1" 200 416
222.69.129.110 - - [30/Jul/2022:09:57:51 +0800] "POST /xingrg/all/common/load_select.html HTTP/1.1" 200 12
101.80.228.36 - - [30/Jul/2022:09:57:55 +0800] "GET /xingrg/all/function/internal_message.html?_=1659146273129&CODE_STATE=getMsg HTTP/1.1" 200 27
116.224.255.128 - - [30/Jul/2022:09:57:58 +0800] "GET /xingrg/all/function/internal_message.html?_=1659146274849&CODE_STATE=getMsg HTTP/1.1" 200 27
116.224.123.211 - - [30/Jul/2022:09:58:03 +0800] "GET /xingrg/kc/buy/cgsh_order_operate.html?command=get_materiel&rest_code=00102&code=00101009011&supplier_code=00100424&order_time=2022-07-30 HTTP/1.1" 200 432
101.83.240.137 - - [30/Jul/2022:09:58:04 +0800] "GET /xingrg/all/function/internal_message.html?_=1659146279528&CODE_STATE=getMsg HTTP/1.1" 200 27
222.69.129.110 - - [30/Jul/2022:09:58:08 +0800] "GET /xingrg/kc/buy/cgsh_order_operate.html?command=get_materiel_price&rest_code=00154&code=00101028050&unit_code=00100016&supplier_code=00100427&order_time=2022-07-30 HTTP/1.1" 200 27
180.169.147.146 - - [30/Jul/2022:09:58:21 +0800] "GET /xingrg/all/function/internal_message.html?_=1659146296620&CODE_STATE=getMsg HTTP/1.1" 200 27
222.69.129.110 - - [30/Jul/2022:09:58:25 +0800] "POST /xingrg/kc/buy/cgsh_order_operate.html HTTP/1.1" 200 37
101.85.120.95 - - [30/Jul/2022:09:58:26 +0800] "GET /xingrg/all/function/internal_message.html?_=1659146302850&CODE_STATE=getMsg HTTP/1.1" 200 27
61.165.20.118 - - [30/Jul/2022:09:58:26 +0800] "GET /xingrg/all/function/internal_message.html?_=1659146184389&CODE_STATE=getMsg HTTP/1.1" 200 27
180.169.147.146 - - [30/Jul/2022:09:58:29 +0800] "GET /xingrg/all/function/internal_message.html?_=1659146303732&CODE_STATE=getMsg HTTP/1.1" 200 27
116.224.123.211 - - [30/Jul/2022:09:58:29 +0800] "GET /xingrg/check_reg.html?_=1659146306916 HTTP/1.1" 200 22
116.224.123.211 - - [30/Jul/2022:09:58:29 +0800] "GET /xingrg/all/function/internal_message.html?_=1659146306918&CODE_STATE=getMsg HTTP/1.1" 200 27
222.69.129.110 - - [30/Jul/2022:09:58:36 +0800] "POST /xingrg/kc/buy/cgsh_order_operate.html HTTP/1.1" 200 12
222.69.129.110 - - [30/Jul/2022:09:58:37 +0800] "GET /xingrg/kc/buy/cgsh_order_info.html?code=212022073007984 HTTP/1.1" 200 62016
222.69.129.110 - - [30/Jul/2022:09:58:37 +0800] "GET /xingrg/words/20220730095315_words.js HTTP/1.1" 304 -
124.78.154.216 - - [30/Jul/2022:09:58:37 +0800] "GET /xingrg/all/function/internal_message.html?_=1659146318975&CODE_STATE=getMsg HTTP/1.1" 200 27
222.69.129.110 - - [30/Jul/2022:09:58:37 +0800] "GET /xingrg/javascript/easyui/themes/default/validatebox.css HTTP/1.1" 404 1104
222.69.129.110 - - [30/Jul/2022:09:58:38 +0800] "GET /xingrg/all/function/internal_message.html?_=1659146370524&CODE_STATE=getMsg HTTP/1.1" 200 27
222.69.129.110 - - [30/Jul/2022:09:58:38 +0800] "POST /xingrg/kc/buy/cgsh_order_operate.html HTTP/1.1" 200 1251
222.69.129.110 - - [30/Jul/2022:09:58:38 +0800] "GET /xingrg/check_reg.html?_=1659146370783 HTTP/1.1" 200 22
222.69.129.110 - - [30/Jul/2022:09:58:40 +0800] "GET /xingrg/kc/print/load_data.html?order_code=212022073007984&kc_code=cgsh&condition= HTTP/1.1" 200 988
218.81.223.53 - - [30/Jul/2022:09:58:42 +0800] "GET /xingrg/all/function/internal_message.html?_=1659146326708&CODE_STATE=getMsg HTTP/1.1" 200 27
101.85.120.95 - - [30/Jul/2022:09:58:42 +0800] "GET /xingrg/javascript/jquery_easy_ui/themes/default/images/tabs_active.png HTTP/1.1" 304 -
101.85.120.95 - - [30/Jul/2022:09:58:44 +0800] "GET /xingrg/kc/buy/cgsh_order_list.html HTTP/1.1" 200 52168
101.85.120.95 - - [30/Jul/2022:09:58:44 +0800] "GET /xingrg/javascript/easyui/themes/icons/cance_new.png HTTP/1.1" 304 -
101.85.120.95 - - [30/Jul/2022:09:58:45 +0800] "GET /xingrg/javascript/easyui/themes/icons/check_new.png HTTP/1.1" 304 -
116.224.123.211 - - [30/Jul/2022:09:58:45 +0800] "GET /xingrg/kc/buy/cgsh_order_operate.html?command=get_materiel&rest_code=00102&code=00101009001&supplier_code=00100424&order_time=2022-07-30 HTTP/1.1" 200 437
180.169.147.146 - - [30/Jul/2022:09:58:45 +0800] "GET /xingrg/all/function/internal_message.html?_=1659146321970&CODE_STATE=getMsg HTTP/1.1" 200 27
101.85.120.95 - - [30/Jul/2022:09:58:47 +0800] "POST /xingrg/kc/buy/cgsh_list_operate.html HTTP/1.1" 200 1462
61.165.20.118 - - [30/Jul/2022:09:58:47 +0800] "GET /xingrg/all/function/internal_message.html?_=1659146323420&CODE_STATE=getMsg HTTP/1.1" 200 27
101.85.120.95 - - [30/Jul/2022:09:58:47 +0800] "GET /xingrg/javascript/easyui/themes/default/images/button_plain_hover.png HTTP/1.1" 304 -
61.165.20.118 - - [30/Jul/2022:09:58:47 +0800] "GET /xingrg/check_reg.html?_=1659146323871 HTTP/1.1" 200 22
101.85.120.95 - - [30/Jul/2022:09:58:49 +0800] "POST /xingrg/kc/buy/cgsh_list_operate.html HTTP/1.1" 200 560
116.232.194.65 - - [30/Jul/2022:09:58:49 +0800] "GET /xingrg/all/function/internal_message.html?_=1659146317724&CODE_STATE=getMsg HTTP/1.1" 200 27
101.85.120.95 - - [30/Jul/2022:09:58:50 +0800] "GET /xingrg/javascript/pic_change.js HTTP/1.1" 304 -
101.85.120.95 - - [30/Jul/2022:09:58:50 +0800] "GET /xingrg/javascript/jquery_tools/order_manager.js HTTP/1.1" 304 -
101.85.120.95 - - [30/Jul/2022:09:58:50 +0800] "GET /xingrg/kc/buy/cgsh_order_info.html?code=212022072907869 HTTP/1.1" 200 67070
101.85.120.95 - - [30/Jul/2022:09:58:50 +0800] "GET /xingrg/javascript/convert.js HTTP/1.1" 304 -
101.85.120.95 - - [30/Jul/2022:09:58:50 +0800] "GET /xingrg/javascript/json2.js HTTP/1.1" 304 -
101.85.120.95 - - [30/Jul/2022:09:58:50 +0800] "GET /xingrg/javascript/print/kc_print.js HTTP/1.1" 304 -
101.85.120.95 - - [30/Jul/2022:09:58:50 +0800] "GET /xingrg/words/20220730095315_words.js HTTP/1.1" 200 907689
101.85.120.95 - - [30/Jul/2022:09:58:50 +0800] "GET /xingrg/javascript/easyui/themes/icons/copy_new.png HTTP/1.1" 304 -
101.85.120.95 - - [30/Jul/2022:09:58:50 +0800] "GET /xingrg/javascript/easyui/themes/icons/template_new.png HTTP/1.1" 304 -
101.85.120.95 - - [30/Jul/2022:09:58:50 +0800] "GET /xingrg/javascript/easyui/themes/icons/ok.png HTTP/1.1" 304 -
101.85.120.95 - - [30/Jul/2022:09:58:50 +0800] "GET /xingrg/javascript/easyui/themes/icons/print.png HTTP/1.1" 304 -
101.85.120.95 - - [30/Jul/2022:09:58:50 +0800] "GET /xingrg/javascript/easyui/themes/icons/cancel.png HTTP/1.1" 304 -
101.85.120.95 - - [30/Jul/2022:09:58:50 +0800] "GET /xingrg/javascript/easyui/themes/default/images/menu_downarrow.png HTTP/1.1" 304 -
101.85.120.95 - - [30/Jul/2022:09:58:50 +0800] "GET /xingrg/javascript/easyui/themes/default/validatebox.css HTTP/1.1" 404 1104
101.85.120.95 - - [30/Jul/2022:09:58:50 +0800] "GET /xingrg/all/common/auto_word.html?type=employee&rest_code=00142 HTTP/1.1" 200 105
101.85.120.95 - - [30/Jul/2022:09:58:50 +0800] "GET /xingrg/javascript/easyui/plugins/jquery.validatebox.js HTTP/1.1" 304 -
101.85.120.95 - - [30/Jul/2022:09:58:50 +0800] "GET /xingrg/all/common/auto_word.html?type=employee&rest_code=00142 HTTP/1.1" 200 105
101.85.120.95 - - [30/Jul/2022:09:58:50 +0800] "GET /xingrg/javascript/easyui/plugins/jquery.numberbox.js HTTP/1.1" 304 -
101.85.120.95 - - [30/Jul/2022:09:58:51 +0800] "POST /xingrg/kc/buy/cgsh_order_operate.html HTTP/1.1" 200 6187
101.85.120.95 - - [30/Jul/2022:09:58:51 +0800] "GET /xingrg/javascript/easyui/themes/icons/edit_remove.png HTTP/1.1" 304 -
101.80.228.36 - - [30/Jul/2022:09:58:55 +0800] "GET /xingrg/all/function/internal_message.html?_=1659146333132&CODE_STATE=getMsg HTTP/1.1" 200 27
101.85.120.95 - - [30/Jul/2022:09:58:56 +0800] "GET /xingrg/javascript/auto/indicator.gif HTTP/1.1" 404 1066
61.165.20.118 - - [30/Jul/2022:09:58:57 +0800] "GET /xingrg/check_reg.html?_=1659146215848 HTTP/1.1" 200 22
116.224.255.128 - - [30/Jul/2022:09:58:58 +0800] "GET /xingrg/all/function/internal_message.html?_=1659146334846&CODE_STATE=getMsg HTTP/1.1" 200 27
101.85.120.95 - - [30/Jul/2022:09:59:00 +0800] "GET /xingrg/kc/buy/cgsh_order_operate.html?command=get_materiel&rest_code=00142&code=00101003002&supplier_code=00100207&order_time=2022-07-29 HTTP/1.1" 200 411
101.83.240.137 - - [30/Jul/2022:09:59:04 +0800] "GET /xingrg/all/function/internal_message.html?_=1659146339499&CODE_STATE=getMsg HTTP/1.1" 200 27
101.83.240.137 - - [30/Jul/2022:09:59:05 +0800] "GET /xingrg/check_reg.html?_=1659146340110 HTTP/1.1" 200 22
116.224.123.211 - - [30/Jul/2022:09:59:08 +0800] "POST /xingrg/kc/buy/cgsh_order_operate.html HTTP/1.1" 200 37
124.78.154.216 - - [30/Jul/2022:09:59:10 +0800] "GET /xingrg/check_reg.html?_=1659146352377 HTTP/1.1" 200 22
116.224.123.211 - - [30/Jul/2022:09:59:12 +0800] "POST /xingrg/kc/buy/cgsh_order_operate.html HTTP/1.1" 200 12
116.224.123.211 - - [30/Jul/2022:09:59:15 +0800] "GET /xingrg/kc/buy/cgsh_order_info.html?code=212022073007985 HTTP/1.1" 200 62880
116.224.123.211 - - [30/Jul/2022:09:59:15 +0800] "GET /xingrg/words/20220730095315_words.js HTTP/1.1" 304 -
116.224.123.211 - - [30/Jul/2022:09:59:15 +0800] "GET /xingrg/javascript/easyui/themes/default/validatebox.css HTTP/1.1" 404 1104
116.224.123.211 - - [30/Jul/2022:09:59:16 +0800] "POST /xingrg/kc/buy/cgsh_order_operate.html HTTP/1.1" 200 2986
101.85.120.95 - - [30/Jul/2022:09:59:20 +0800] "GET /xingrg/javascript/jquery_tools/images/prev.gif HTTP/1.1" 404 1086
101.85.120.95 - - [30/Jul/2022:09:59:20 +0800] "GET /xingrg/javascript/jquery_tools/images/next.gif HTTP/1.1" 404 1086
180.169.147.146 - - [30/Jul/2022:09:59:21 +0800] "GET /xingrg/all/function/internal_message.html?_=1659146356622&CODE_STATE=getMsg HTTP/1.1" 200 27
180.169.147.146 - - [30/Jul/2022:09:59:21 +0800] "GET /xingrg/check_reg.html?_=1659146356622 HTTP/1.1" 200 22
116.224.123.211 - - [30/Jul/2022:09:59:22 +0800] "GET /xingrg/kc/print/load_data.html?order_code=212022073007985&kc_code=cgsh&condition= HTTP/1.1" 200 1598
101.85.120.95 - - [30/Jul/2022:09:59:26 +0800] "GET /xingrg/all/function/internal_message.html?_=1659146362867&CODE_STATE=getMsg HTTP/1.1" 200 27
61.165.20.118 - - [30/Jul/2022:09:59:26 +0800] "GET /xingrg/all/function/internal_message.html?_=1659146244374&CODE_STATE=getMsg HTTP/1.1" 200 27
101.85.120.95 - - [30/Jul/2022:09:59:27 +0800] "POST /xingrg/kc/buy/cgsh_order_operate.html HTTP/1.1" 200 37
101.85.120.95 - - [30/Jul/2022:09:59:28 +0800] "POST /xingrg/kc/buy/cgsh_order_operate.html HTTP/1.1" 200 6777
180.169.147.146 - - [30/Jul/2022:09:59:29 +0800] "GET /xingrg/all/function/internal_message.html?_=1659146363732&CODE_STATE=getMsg HTTP/1.1" 200 27
116.224.123.211 - - [30/Jul/2022:09:59:29 +0800] "GET /xingrg/all/function/internal_message.html?_=1659146366916&CODE_STATE=getMsg HTTP/1.1" 200 27
101.85.120.95 - - [30/Jul/2022:09:59:33 +0800] "POST /xingrg/kc/buy/cgsh_order_operate.html HTTP/1.1" 200 37
101.85.120.95 - - [30/Jul/2022:09:59:35 +0800] "POST /xingrg/kc/buy/cgsh_order_operate.html HTTP/1.1" 200 6777
124.78.154.216 - - [30/Jul/2022:09:59:37 +0800] "GET /xingrg/check_reg.html?_=1659146378976 HTTP/1.1" 200 22
124.78.154.216 - - [30/Jul/2022:09:59:37 +0800] "GET /xingrg/all/function/internal_message.html?_=1659146379004&CODE_STATE=getMsg HTTP/1.1" 200 27
222.69.129.110 - - [30/Jul/2022:09:59:38 +0800] "GET /xingrg/all/function/internal_message.html?_=1659146430521&CODE_STATE=getMsg HTTP/1.1" 200 27
101.85.120.95 - - [30/Jul/2022:09:59:40 +0800] "POST /xingrg/kc/buy/cgsh_order_operate.html HTTP/1.1" 200 37
101.85.120.95 - - [30/Jul/2022:09:59:42 +0800] "POST /xingrg/kc/buy/cgsh_order_operate.html HTTP/1.1" 200 6777
218.81.223.53 - - [30/Jul/2022:09:59:42 +0800] "GET /xingrg/all/function/internal_message.html?_=1659146386909&CODE_STATE=getMsg HTTP/1.1" 200 27
180.169.147.146 - - [30/Jul/2022:09:59:45 +0800] "GET /xingrg/all/function/internal_message.html?_=1659146381976&CODE_STATE=getMsg HTTP/1.1" 200 27
180.169.147.146 - - [30/Jul/2022:09:59:45 +0800] "GET /xingrg/check_reg.html?_=1659146381978 HTTP/1.1" 200 22
61.165.20.118 - - [30/Jul/2022:09:59:47 +0800] "GET /xingrg/all/function/internal_message.html?_=1659146383398&CODE_STATE=getMsg HTTP/1.1" 200 27
116.232.194.65 - - [30/Jul/2022:09:59:49 +0800] "GET /xingrg/all/function/internal_message.html?_=1659146377710&CODE_STATE=getMsg HTTP/1.1" 200 27
101.80.228.36 - - [30/Jul/2022:09:59:55 +0800] "GET /xingrg/check_reg.html?_=1659146393133 HTTP/1.1" 200 22
101.80.228.36 - - [30/Jul/2022:09:59:55 +0800] "GET /xingrg/all/function/internal_message.html?_=1659146393134&CODE_STATE=getMsg HTTP/1.1" 200 27
218.81.223.53 - - [30/Jul/2022:09:59:56 +0800] "GET /xingrg/check_reg.html?_=1659146401374 HTTP/1.1" 200 22
116.224.255.128 - - [30/Jul/2022:09:59:58 +0800] "GET /xingrg/check_reg.html?_=1659146394847 HTTP/1.1" 200 22
116.224.255.128 - - [30/Jul/2022:09:59:58 +0800] "GET /xingrg/all/function/internal_message.html?_=1659146394851&CODE_STATE=getMsg HTTP/1.1" 200 27
222.69.129.110 - - [30/Jul/2022:09:59:59 +0800] "POST /xingrg/kc/buy/cgsh_list_operate.html HTTP/1.1" 200 2052
101.83.240.137 - - [30/Jul/2022:10:00:04 +0800] "GET /xingrg/all/function/internal_message.html?_=1659146399474&CODE_STATE=getMsg HTTP/1.1" 200 27
101.85.120.95 - - [30/Jul/2022:10:00:20 +0800] "POST /xingrg/kc/buy/cgsh_list_operate.html HTTP/1.1" 200 1462
180.169.147.146 - - [30/Jul/2022:10:00:21 +0800] "GET /xingrg/all/function/internal_message.html?_=1659146416624&CODE_STATE=getMsg HTTP/1.1" 200 27
101.85.120.95 - - [30/Jul/2022:10:00:26 +0800] "GET /xingrg/all/function/internal_message.html?_=1659146422864&CODE_STATE=getMsg HTTP/1.1" 200 27
