180.169.147.146 - - [30/Jul/2022:10:51:21 +0800] "GET /xingrg/all/function/internal_message.html?_=1659149476669&CODE_STATE=getMsg HTTP/1.1" 200 27
180.169.147.146 - - [30/Jul/2022:10:51:21 +0800] "GET /xingrg/check_reg.html?_=1659149476670 HTTP/1.1" 200 22
114.88.158.224 - - [30/Jul/2022:10:51:23 +0800] "GET /xingrg/check_reg.html?_=1659149165823 HTTP/1.1" 200 22
114.88.158.224 - - [30/Jul/2022:10:51:23 +0800] "GET /xingrg/all/function/internal_message.html?_=1659149165825&CODE_STATE=getMsg HTTP/1.1" 200 27
180.162.109.37 - - [30/Jul/2022:10:51:24 +0800] "GET /xingrg/javascript/jquery_tools/images/prev.gif HTTP/1.1" 404 1086
180.162.109.37 - - [30/Jul/2022:10:51:24 +0800] "GET /xingrg/javascript/jquery_tools/images/next.gif HTTP/1.1" 404 1086
61.165.20.118 - - [30/Jul/2022:10:51:25 +0800] "GET /xingrg/all/function/internal_message.html?_=1659149363561&CODE_STATE=getMsg HTTP/1.1" 200 27
101.85.120.95 - - [30/Jul/2022:10:51:26 +0800] "GET /xingrg/all/function/internal_message.html?_=1659149482911&CODE_STATE=getMsg HTTP/1.1" 200 27
180.169.147.146 - - [30/Jul/2022:10:51:29 +0800] "GET /xingrg/all/function/internal_message.html?_=1659149483817&CODE_STATE=getMsg HTTP/1.1" 200 27
116.224.123.211 - - [30/Jul/2022:10:51:31 +0800] "GET /xingrg/all/function/internal_message.html?_=1659149487935&CODE_STATE=getMsg HTTP/1.1" 200 27
180.162.109.37 - - [30/Jul/2022:10:51:33 +0800] "POST /xingrg/kc/buy/cgsh_order_operate.html HTTP/1.1" 200 37
180.162.109.37 - - [30/Jul/2022:10:51:35 +0800] "POST /xingrg/kc/buy/cgsh_order_operate.html HTTP/1.1" 200 6227
222.69.129.110 - - [30/Jul/2022:10:51:37 +0800] "GET /xingrg/all/function/internal_message.html?_=1659149549668&CODE_STATE=getMsg HTTP/1.1" 200 27
218.81.223.53 - - [30/Jul/2022:10:51:40 +0800] "GET /xingrg/kc/buy/cgsh_order_operate.html?command=get_materiel&rest_code=00146&code=00101008137&supplier_code=00100005&order_time=2022-07-30 HTTP/1.1" 200 408
116.224.255.128 - - [30/Jul/2022:10:51:42 +0800] "GET /xingrg/all/function/internal_message.html?_=1659149498529&CODE_STATE=getMsg HTTP/1.1" 200 27
61.165.20.118 - - [30/Jul/2022:10:51:46 +0800] "GET /xingrg/all/function/internal_message.html?_=1659149502205&CODE_STATE=getMsg HTTP/1.1" 200 27
218.81.223.53 - - [30/Jul/2022:10:51:46 +0800] "GET /xingrg/all/function/internal_message.html?_=1659149511032&CODE_STATE=getMsg HTTP/1.1" 200 27
180.162.109.37 - - [30/Jul/2022:10:51:46 +0800] "POST /xingrg/kc/buy/cgsh_order_operate.html HTTP/1.1" 200 37
116.232.194.65 - - [30/Jul/2022:10:51:49 +0800] "GET /xingrg/all/function/internal_message.html?_=1659149496817&CODE_STATE=getMsg HTTP/1.1" 200 27
180.162.109.37 - - [30/Jul/2022:10:51:50 +0800] "POST /xingrg/kc/buy/cgsh_order_operate.html HTTP/1.1" 200 12
218.81.223.53 - - [30/Jul/2022:10:51:51 +0800] "GET /xingrg/kc/buy/cgsh_order_operate.html?command=get_materiel&rest_code=00146&code=00101008069&supplier_code=00100005&order_time=2022-07-30 HTTP/1.1" 200 412
180.162.109.37 - - [30/Jul/2022:10:51:52 +0800] "GET /xingrg/kc/buy/cgsh_order_info.html?code=212022072606914 HTTP/1.1" 200 61929
180.162.109.37 - - [30/Jul/2022:10:51:52 +0800] "GET /xingrg/javascript/easyui/themes/default/validatebox.css HTTP/1.1" 404 1104
180.162.109.37 - - [30/Jul/2022:10:51:53 +0800] "POST /xingrg/kc/buy/cgsh_order_operate.html HTTP/1.1" 200 4174
101.80.228.36 - - [30/Jul/2022:10:51:55 +0800] "GET /xingrg/all/function/internal_message.html?_=1659149513128&CODE_STATE=getMsg HTTP/1.1" 200 27
180.162.109.37 - - [30/Jul/2022:10:51:55 +0800] "GET /xingrg/kc/print/load_config.html?kc_code=cgsh HTTP/1.1" 200 1943
180.162.109.37 - - [30/Jul/2022:10:51:55 +0800] "GET /xingrg/kc/print/load_data.html?order_code=212022072606914&kc_code=cgsh&condition= HTTP/1.1" 200 2081
101.83.240.137 - - [30/Jul/2022:10:52:03 +0800] "GET /xingrg/all/function/internal_message.html?_=1659149518612&CODE_STATE=getMsg HTTP/1.1" 200 27
218.81.223.53 - - [30/Jul/2022:10:52:05 +0800] "GET /xingrg/kc/buy/cgsh_order_operate.html?command=get_materiel&rest_code=00146&code=00101008286&supplier_code=00100005&order_time=2022-07-30 HTTP/1.1" 200 408
218.81.223.53 - - [30/Jul/2022:10:52:10 +0800] "POST /xingrg/kc/buy/cgsh_order_operate.html HTTP/1.1" 200 2065
116.224.123.211 - - [30/Jul/2022:10:52:11 +0800] "GET /xingrg/all/function/internal_message.html?_=1659149528452&CODE_STATE=getMsg HTTP/1.1" 200 27
180.162.109.37 - - [30/Jul/2022:10:52:19 +0800] "GET /xingrg/all/function/internal_message.html?_=1659148729250&CODE_STATE=getMsg HTTP/1.1" 200 27
180.169.147.146 - - [30/Jul/2022:10:52:21 +0800] "GET /xingrg/all/function/internal_message.html?_=1659149536674&CODE_STATE=getMsg HTTP/1.1" 200 27
114.88.158.224 - - [30/Jul/2022:10:52:23 +0800] "GET /xingrg/all/function/internal_message.html?_=1659149225822&CODE_STATE=getMsg HTTP/1.1" 200 27
61.165.20.118 - - [30/Jul/2022:10:52:25 +0800] "GET /xingrg/all/function/internal_message.html?_=1659149423532&CODE_STATE=getMsg HTTP/1.1" 200 27
101.85.120.95 - - [30/Jul/2022:10:52:26 +0800] "GET /xingrg/check_reg.html?_=1659149542910 HTTP/1.1" 200 22
101.85.120.95 - - [30/Jul/2022:10:52:26 +0800] "GET /xingrg/all/function/internal_message.html?_=1659149542913&CODE_STATE=getMsg HTTP/1.1" 200 27
116.224.123.211 - - [30/Jul/2022:10:52:31 +0800] "GET /xingrg/all/function/internal_message.html?_=1659149547933&CODE_STATE=getMsg HTTP/1.1" 200 27
222.69.129.110 - - [30/Jul/2022:10:52:37 +0800] "GET /xingrg/all/function/internal_message.html?_=1659149609649&CODE_STATE=getMsg HTTP/1.1" 200 27
116.224.255.128 - - [30/Jul/2022:10:52:40 +0800] "POST /xingrg/services/DataTransmitService HTTP/1.1" 200 524
116.224.255.128 - - [30/Jul/2022:10:52:40 +0800] "POST /xingrg/services/DataTransmitService HTTP/1.1" 200 412
116.224.255.128 - - [30/Jul/2022:10:52:42 +0800] "GET /xingrg/all/function/internal_message.html?_=1659149558499&CODE_STATE=getMsg HTTP/1.1" 200 27
61.165.20.118 - - [30/Jul/2022:10:52:46 +0800] "GET /xingrg/all/function/internal_message.html?_=1659149562185&CODE_STATE=getMsg HTTP/1.1" 200 27
218.81.223.53 - - [30/Jul/2022:10:52:46 +0800] "GET /xingrg/all/function/internal_message.html?_=1659149571046&CODE_STATE=getMsg HTTP/1.1" 200 27
116.232.194.65 - - [30/Jul/2022:10:52:49 +0800] "GET /xingrg/all/function/internal_message.html?_=1659149556801&CODE_STATE=getMsg HTTP/1.1" 200 27
218.81.223.53 - - [30/Jul/2022:10:52:52 +0800] "GET /xingrg/kc/buy/cgsh_order_operate.html?command=get_materiel&rest_code=00146&code=00101008005&supplier_code=00100005&order_time=2022-07-30 HTTP/1.1" 200 429
101.80.228.36 - - [30/Jul/2022:10:52:55 +0800] "GET /xingrg/all/function/internal_message.html?_=1659149573129&CODE_STATE=getMsg HTTP/1.1" 200 27
101.83.240.137 - - [30/Jul/2022:10:53:03 +0800] "GET /xingrg/all/function/internal_message.html?_=1659149578601&CODE_STATE=getMsg HTTP/1.1" 200 27
116.224.123.211 - - [30/Jul/2022:10:53:11 +0800] "GET /xingrg/all/function/internal_message.html?_=1659149588459&CODE_STATE=getMsg HTTP/1.1" 200 27
116.224.123.211 - - [30/Jul/2022:10:53:11 +0800] "GET /xingrg/check_reg.html?_=1659149588463 HTTP/1.1" 200 22
124.78.154.216 - - [30/Jul/2022:10:53:12 +0800] "POST /xingrg/kc/buy/cgsh_list_operate.html HTTP/1.1" 200 198
124.78.154.216 - - [30/Jul/2022:10:53:15 +0800] "GET /xingrg/kc/buy/cgsh_order_info.html?code=212022073008003 HTTP/1.1" 200 67945
124.78.154.216 - - [30/Jul/2022:10:53:15 +0800] "GET /xingrg/words/20220730095315_words.js HTTP/1.1" 304 -
124.78.154.216 - - [30/Jul/2022:10:53:15 +0800] "GET /xingrg/javascript/easyui/themes/default/validatebox.css HTTP/1.1" 404 1104
124.78.154.216 - - [30/Jul/2022:10:53:16 +0800] "POST /xingrg/kc/buy/cgsh_order_operate.html HTTP/1.1" 200 2652
180.162.109.37 - - [30/Jul/2022:10:53:19 +0800] "GET /xingrg/all/function/internal_message.html?_=1659148789247&CODE_STATE=getMsg HTTP/1.1" 200 27
180.162.109.37 - - [30/Jul/2022:10:53:19 +0800] "GET /xingrg/check_reg.html?_=1659148789244 HTTP/1.1" 200 22
180.169.147.146 - - [30/Jul/2022:10:53:21 +0800] "GET /xingrg/all/function/internal_message.html?_=1659149596676&CODE_STATE=getMsg HTTP/1.1" 200 27
114.88.158.224 - - [30/Jul/2022:10:53:23 +0800] "GET /xingrg/all/function/internal_message.html?_=1659149285826&CODE_STATE=getMsg HTTP/1.1" 200 27
124.78.154.216 - - [30/Jul/2022:10:53:24 +0800] "POST /xingrg/kc/buy/cgsh_order_operate.html HTTP/1.1" 200 37
120.253.135.82 - - [30/Jul/2022:10:53:25 +0800] "GET /xingrg/check_reg.html?_=1659149409534 HTTP/1.1" 200 22
61.165.20.118 - - [30/Jul/2022:10:53:25 +0800] "GET /xingrg/all/function/internal_message.html?_=1659149483502&CODE_STATE=getMsg HTTP/1.1" 200 27
101.85.120.95 - - [30/Jul/2022:10:53:26 +0800] "GET /xingrg/all/function/internal_message.html?_=1659149602904&CODE_STATE=getMsg HTTP/1.1" 200 27
124.78.154.216 - - [30/Jul/2022:10:53:27 +0800] "POST /xingrg/kc/buy/cgsh_order_operate.html HTTP/1.1" 200 12
124.78.154.216 - - [30/Jul/2022:10:53:29 +0800] "GET /xingrg/kc/buy/cgsh_order_info.html?code=212022073008003 HTTP/1.1" 200 62839
124.78.154.216 - - [30/Jul/2022:10:53:29 +0800] "GET /xingrg/javascript/easyui/themes/default/validatebox.css HTTP/1.1" 404 1104
124.78.154.216 - - [30/Jul/2022:10:53:30 +0800] "POST /xingrg/kc/buy/cgsh_order_operate.html HTTP/1.1" 200 602
116.224.123.211 - - [30/Jul/2022:10:53:31 +0800] "GET /xingrg/all/function/internal_message.html?_=1659149607945&CODE_STATE=getMsg HTTP/1.1" 200 27
124.78.154.216 - - [30/Jul/2022:10:53:35 +0800] "POST /xingrg/kc/buy/cgsh_list_operate.html HTTP/1.1" 200 4188
222.69.129.110 - - [30/Jul/2022:10:53:37 +0800] "GET /xingrg/all/function/internal_message.html?_=1659149669627&CODE_STATE=getMsg HTTP/1.1" 200 27
222.69.129.110 - - [30/Jul/2022:10:53:38 +0800] "GET /xingrg/check_reg.html?_=1659149670797 HTTP/1.1" 200 22
124.78.154.216 - - [30/Jul/2022:10:53:39 +0800] "POST /xingrg/kc/buy/cgsh_list_operate.html HTTP/1.1" 200 569
124.78.154.216 - - [30/Jul/2022:10:53:40 +0800] "GET /xingrg/kc/buy/cgsh_order_info.html?code=212022071603958 HTTP/1.1" 200 67945
124.78.154.216 - - [30/Jul/2022:10:53:41 +0800] "GET /xingrg/javascript/easyui/themes/default/validatebox.css HTTP/1.1" 404 1104
124.78.154.216 - - [30/Jul/2022:10:53:41 +0800] "POST /xingrg/kc/buy/cgsh_order_operate.html HTTP/1.1" 200 6207
116.224.255.128 - - [30/Jul/2022:10:53:42 +0800] "GET /xingrg/all/function/internal_message.html?_=1659149618484&CODE_STATE=getMsg HTTP/1.1" 200 27
124.78.154.216 - - [30/Jul/2022:10:53:42 +0800] "POST /xingrg/kc/buy/cgsh_list_operate.html HTTP/1.1" 200 4188
61.165.20.118 - - [30/Jul/2022:10:53:46 +0800] "GET /xingrg/all/function/internal_message.html?_=1659149622160&CODE_STATE=getMsg HTTP/1.1" 200 27
218.81.223.53 - - [30/Jul/2022:10:53:46 +0800] "GET /xingrg/all/function/internal_message.html?_=1659149631058&CODE_STATE=getMsg HTTP/1.1" 200 27
61.165.20.118 - - [30/Jul/2022:10:53:47 +0800] "GET /xingrg/check_reg.html?_=1659149623937 HTTP/1.1" 200 22
116.232.194.65 - - [30/Jul/2022:10:53:49 +0800] "GET /xingrg/all/function/internal_message.html?_=1659149616789&CODE_STATE=getMsg HTTP/1.1" 200 27
58.40.7.146 - - [30/Jul/2022:10:53:49 +0800] "GET /xingrg/login.html HTTP/1.1" 200 7641
58.40.7.146 - - [30/Jul/2022:10:53:50 +0800] "GET /favicon.ico HTTP/1.1" 404 -
58.40.7.146 - - [30/Jul/2022:10:53:52 +0800] "POST /xingrg/login.do HTTP/1.1" 302 -
58.40.7.146 - - [30/Jul/2022:10:53:52 +0800] "GET /xingrg/index.html?sysBaseUrl=http%3A%2F%2F180.169.147.146%3A18081%2Fxingrg%2F&costTime=41×tamp=1659149632109 HTTP/1.1" 200 17173
58.40.7.146 - - [30/Jul/2022:10:53:52 +0800] "POST /xingrg/all/common/load_tree.html?tree=area_rest_tree_json&manage=1 HTTP/1.1" 200 3472
58.40.7.146 - - [30/Jul/2022:10:53:52 +0800] "GET /xingrg/all/function/internal_message.html?_=1659149629199&CODE_STATE=count HTTP/1.1" 200 11
58.40.7.146 - - [30/Jul/2022:10:53:52 +0800] "GET /favicon.ico HTTP/1.1" 404 -
58.40.7.146 - - [30/Jul/2022:10:53:52 +0800] "GET /xingrg/check_reg.html?_=1659149629201 HTTP/1.1" 200 22
58.40.7.146 - - [30/Jul/2022:10:53:52 +0800] "POST /xingrg/load_menu.html HTTP/1.1" 200 6743
58.40.7.146 - - [30/Jul/2022:10:53:54 +0800] "GET /xingrg/kc/buy/buy_main.html HTTP/1.1" 200 12341
58.40.7.146 - - [30/Jul/2022:10:53:54 +0800] "GET /xingrg/css/new_ie.css HTTP/1.1" 404 1036
101.80.228.36 - - [30/Jul/2022:10:53:55 +0800] "GET /xingrg/all/function/internal_message.html?_=1659149633130&CODE_STATE=getMsg HTTP/1.1" 200 27
58.40.7.146 - - [30/Jul/2022:10:53:56 +0800] "GET /xingrg/kc/buy/cgsh_order_list.html HTTP/1.1" 200 52162
61.165.20.118 - - [30/Jul/2022:10:53:57 +0800] "GET /xingrg/check_reg.html?_=1659149515720 HTTP/1.1" 200 22
58.40.7.146 - - [30/Jul/2022:10:53:57 +0800] "POST /xingrg/kc/buy/cgsh_list_operate.html HTTP/1.1" 200 693
218.81.223.53 - - [30/Jul/2022:10:53:59 +0800] "GET /xingrg/kc/buy/cgsh_order_operate.html?command=get_materiel&rest_code=00146&code=00101008173&supplier_code=00100005&order_time=2022-07-30 HTTP/1.1" 200 413
58.40.7.146 - - [30/Jul/2022:10:54:03 +0800] "GET /xingrg/javascript/jquery_tools/images/next.gif HTTP/1.1" 404 1086
58.40.7.146 - - [30/Jul/2022:10:54:03 +0800] "GET /xingrg/javascript/jquery_tools/images/prev.gif HTTP/1.1" 404 1086
101.83.240.137 - - [30/Jul/2022:10:54:03 +0800] "GET /xingrg/all/function/internal_message.html?_=1659149638586&CODE_STATE=getMsg HTTP/1.1" 200 27
101.83.240.137 - - [30/Jul/2022:10:54:05 +0800] "GET /xingrg/check_reg.html?_=1659149640055 HTTP/1.1" 200 22
58.40.7.146 - - [30/Jul/2022:10:54:05 +0800] "GET /xingrg/javascript/auto/indicator.gif HTTP/1.1" 404 1066
124.78.154.216 - - [30/Jul/2022:10:54:11 +0800] "GET /xingrg/check_reg.html?_=1659149652269 HTTP/1.1" 200 22
116.224.123.211 - - [30/Jul/2022:10:54:11 +0800] "GET /xingrg/all/function/internal_message.html?_=1659149648461&CODE_STATE=getMsg HTTP/1.1" 200 27
218.81.223.53 - - [30/Jul/2022:10:54:11 +0800] "GET /xingrg/kc/buy/cgsh_order_operate.html?command=get_materiel&rest_code=00146&code=00101008236&supplier_code=00100005&order_time=2022-07-30 HTTP/1.1" 200 432
218.81.223.53 - - [30/Jul/2022:10:54:18 +0800] "POST /xingrg/kc/buy/cgsh_order_operate.html HTTP/1.1" 200 2065
180.162.109.37 - - [30/Jul/2022:10:54:19 +0800] "GET /xingrg/all/function/internal_message.html?_=1659148849231&CODE_STATE=getMsg HTTP/1.1" 200 27
180.169.147.146 - - [30/Jul/2022:10:54:21 +0800] "GET /xingrg/all/function/internal_message.html?_=1659149656678&CODE_STATE=getMsg HTTP/1.1" 200 27
124.78.154.216 - - [30/Jul/2022:10:54:23 +0800] "POST /xingrg/kc/buy/cgsh_order_operate.html HTTP/1.1" 200 37
114.88.158.224 - - [30/Jul/2022:10:54:23 +0800] "GET /xingrg/all/function/internal_message.html?_=1659149345821&CODE_STATE=getMsg HTTP/1.1" 200 27
61.165.20.118 - - [30/Jul/2022:10:54:25 +0800] "GET /xingrg/all/function/internal_message.html?_=1659149543475&CODE_STATE=getMsg HTTP/1.1" 200 27
101.85.120.95 - - [30/Jul/2022:10:54:26 +0800] "GET /xingrg/all/function/internal_message.html?_=1659149662905&CODE_STATE=getMsg HTTP/1.1" 200 27
124.78.154.216 - - [30/Jul/2022:10:54:26 +0800] "POST /xingrg/kc/buy/cgsh_order_operate.html HTTP/1.1" 200 12
124.78.154.216 - - [30/Jul/2022:10:54:27 +0800] "GET /xingrg/kc/buy/cgsh_order_info.html?code=212022071603958 HTTP/1.1" 200 62839
124.78.154.216 - - [30/Jul/2022:10:54:28 +0800] "GET /xingrg/javascript/easyui/themes/default/validatebox.css HTTP/1.1" 404 1104
58.40.7.146 - - [30/Jul/2022:10:54:28 +0800] "POST /xingrg/kc/buy/cgsh_list_operate.html HTTP/1.1" 200 4853
124.78.154.216 - - [30/Jul/2022:10:54:28 +0800] "POST /xingrg/kc/buy/cgsh_order_operate.html HTTP/1.1" 200 4153
218.81.223.53 - - [30/Jul/2022:10:54:30 +0800] "GET /xingrg/kc/buy/cgsh_order_operate.html?command=get_materiel&rest_code=00146&code=00101015107&supplier_code=00100005&order_time=2022-07-30 HTTP/1.1" 200 411
116.224.123.211 - - [30/Jul/2022:10:54:31 +0800] "GET /xingrg/all/function/internal_message.html?_=1659149667944&CODE_STATE=getMsg HTTP/1.1" 200 27
124.78.154.216 - - [30/Jul/2022:10:54:34 +0800] "POST /xingrg/kc/buy/cgsh_list_operate.html HTTP/1.1" 200 3883
58.40.7.146 - - [30/Jul/2022:10:54:35 +0800] "POST /xingrg/kc/buy/cgsh_list_operate.html HTTP/1.1" 200 7900
124.78.154.216 - - [30/Jul/2022:10:54:37 +0800] "POST /xingrg/kc/buy/cgsh_list_operate.html HTTP/1.1" 200 203
222.69.129.110 - - [30/Jul/2022:10:54:37 +0800] "GET /xingrg/all/function/internal_message.html?_=1659149729616&CODE_STATE=getMsg HTTP/1.1" 200 27
124.78.154.216 - - [30/Jul/2022:10:54:38 +0800] "GET /xingrg/kc/buy/cgsh_order_info.html?code=212022071704260 HTTP/1.1" 200 67945
124.78.154.216 - - [30/Jul/2022:10:54:38 +0800] "GET /xingrg/javascript/easyui/themes/default/validatebox.css HTTP/1.1" 404 1104
124.78.154.216 - - [30/Jul/2022:10:54:39 +0800] "POST /xingrg/kc/buy/cgsh_order_operate.html HTTP/1.1" 200 2664
124.78.154.216 - - [30/Jul/2022:10:54:40 +0800] "POST /xingrg/kc/buy/cgsh_list_operate.html HTTP/1.1" 200 3883
116.224.255.128 - - [30/Jul/2022:10:54:42 +0800] "GET /xingrg/check_reg.html?_=1659149678437 HTTP/1.1" 200 22
116.224.255.128 - - [30/Jul/2022:10:54:42 +0800] "GET /xingrg/all/function/internal_message.html?_=1659149678456&CODE_STATE=getMsg HTTP/1.1" 200 27
218.81.223.53 - - [30/Jul/2022:10:54:44 +0800] "GET /xingrg/kc/buy/cgsh_order_operate.html?command=get_materiel&rest_code=00146&code=00101015026&supplier_code=00100005&order_time=2022-07-30 HTTP/1.1" 200 412
61.165.20.118 - - [30/Jul/2022:10:54:46 +0800] "GET /xingrg/all/function/internal_message.html?_=1659149682136&CODE_STATE=getMsg HTTP/1.1" 200 27
218.81.223.53 - - [30/Jul/2022:10:54:46 +0800] "GET /xingrg/all/function/internal_message.html?_=1659149691073&CODE_STATE=getMsg HTTP/1.1" 200 27
124.78.154.216 - - [30/Jul/2022:10:54:47 +0800] "POST /xingrg/kc/buy/cgsh_order_operate.html HTTP/1.1" 200 37
116.232.194.65 - - [30/Jul/2022:10:54:49 +0800] "GET /xingrg/all/function/internal_message.html?_=1659149676768&CODE_STATE=getMsg HTTP/1.1" 200 27
124.78.154.216 - - [30/Jul/2022:10:54:50 +0800] "POST /xingrg/kc/buy/cgsh_order_operate.html HTTP/1.1" 200 12
124.78.154.216 - - [30/Jul/2022:10:54:52 +0800] "GET /xingrg/kc/buy/cgsh_order_info.html?code=212022071704260 HTTP/1.1" 200 62839
58.40.7.146 - - [30/Jul/2022:10:54:52 +0800] "GET /xingrg/all/function/internal_message.html?_=1659149689209&CODE_STATE=getMsg HTTP/1.1" 200 27
124.78.154.216 - - [30/Jul/2022:10:54:52 +0800] "GET /xingrg/javascript/easyui/themes/default/validatebox.css HTTP/1.1" 404 1104
124.78.154.216 - - [30/Jul/2022:10:54:53 +0800] "POST /xingrg/kc/buy/cgsh_order_operate.html HTTP/1.1" 200 614
101.80.228.36 - - [30/Jul/2022:10:54:55 +0800] "GET /xingrg/check_reg.html?_=1659149693132 HTTP/1.1" 200 22
101.80.228.36 - - [30/Jul/2022:10:54:55 +0800] "GET /xingrg/all/function/internal_message.html?_=1659149693133&CODE_STATE=getMsg HTTP/1.1" 200 27
218.81.223.53 - - [30/Jul/2022:10:54:57 +0800] "GET /xingrg/check_reg.html?_=1659149702172 HTTP/1.1" 200 22
124.78.154.216 - - [30/Jul/2022:10:54:57 +0800] "POST /xingrg/kc/buy/cgsh_list_operate.html HTTP/1.1" 200 3579
218.81.223.53 - - [30/Jul/2022:10:54:58 +0800] "GET /xingrg/kc/buy/cgsh_order_operate.html?command=get_materiel&rest_code=00146&code=00101008350&supplier_code=00100005&order_time=2022-07-30 HTTP/1.1" 200 425
124.78.154.216 - - [30/Jul/2022:10:55:00 +0800] "POST /xingrg/kc/buy/cgsh_list_operate.html HTTP/1.1" 200 352
124.78.154.216 - - [30/Jul/2022:10:55:01 +0800] "GET /xingrg/kc/buy/cgsh_order_info.html?code=212022071904749 HTTP/1.1" 200 67945
124.78.154.216 - - [30/Jul/2022:10:55:02 +0800] "GET /xingrg/javascript/easyui/themes/default/validatebox.css HTTP/1.1" 404 1104
124.78.154.216 - - [30/Jul/2022:10:55:02 +0800] "POST /xingrg/kc/buy/cgsh_order_operate.html HTTP/1.1" 200 3841
101.83.240.137 - - [30/Jul/2022:10:55:03 +0800] "GET /xingrg/all/function/internal_message.html?_=1659149698566&CODE_STATE=getMsg HTTP/1.1" 200 27
124.78.154.216 - - [30/Jul/2022:10:55:04 +0800] "POST /xingrg/kc/buy/cgsh_list_operate.html HTTP/1.1" 200 3579
218.81.223.53 - - [30/Jul/2022:10:55:11 +0800] "GET /xingrg/kc/buy/cgsh_order_operate.html?command=get_materiel&rest_code=00146&code=00101008109&supplier_code=00100005&order_time=2022-07-30 HTTP/1.1" 200 413
124.78.154.216 - - [30/Jul/2022:10:55:15 +0800] "POST /xingrg/kc/buy/cgsh_order_operate.html HTTP/1.1" 200 37
124.78.154.216 - - [30/Jul/2022:10:55:19 +0800] "POST /xingrg/kc/buy/cgsh_order_operate.html HTTP/1.1" 200 12
180.162.109.37 - - [30/Jul/2022:10:55:19 +0800] "GET /xingrg/all/function/internal_message.html?_=1659148909243&CODE_STATE=getMsg HTTP/1.1" 200 27
124.78.154.216 - - [30/Jul/2022:10:55:20 +0800] "GET /xingrg/kc/buy/cgsh_order_info.html?code=212022071904749 HTTP/1.1" 200 62839
124.78.154.216 - - [30/Jul/2022:10:55:20 +0800] "GET /xingrg/javascript/easyui/themes/default/validatebox.css HTTP/1.1" 404 1104
124.78.154.216 - - [30/Jul/2022:10:55:21 +0800] "POST /xingrg/kc/buy/cgsh_order_operate.html HTTP/1.1" 200 1791
180.169.147.146 - - [30/Jul/2022:10:55:21 +0800] "GET /xingrg/all/function/internal_message.html?_=1659149716664&CODE_STATE=getMsg HTTP/1.1" 200 27
114.88.158.224 - - [30/Jul/2022:10:55:23 +0800] "GET /xingrg/all/function/internal_message.html?_=1659149405856&CODE_STATE=getMsg HTTP/1.1" 200 27
61.165.20.118 - - [30/Jul/2022:10:55:25 +0800] "GET /xingrg/all/function/internal_message.html?_=1659149603460&CODE_STATE=getMsg HTTP/1.1" 200 27
124.78.154.216 - - [30/Jul/2022:10:55:25 +0800] "POST /xingrg/kc/buy/cgsh_list_operate.html HTTP/1.1" 200 3275
101.85.120.95 - - [30/Jul/2022:10:55:26 +0800] "GET /xingrg/all/function/internal_message.html?_=1659149722910&CODE_STATE=getMsg HTTP/1.1" 200 27
124.78.154.216 - - [30/Jul/2022:10:55:28 +0800] "POST /xingrg/kc/buy/cgsh_list_operate.html HTTP/1.1" 200 280
124.78.154.216 - - [30/Jul/2022:10:55:28 +0800] "GET /xingrg/kc/buy/cgsh_order_info.html?code=212022072105235 HTTP/1.1" 200 67945
124.78.154.216 - - [30/Jul/2022:10:55:28 +0800] "GET /xingrg/javascript/easyui/themes/default/validatebox.css HTTP/1.1" 404 1104
124.78.154.216 - - [30/Jul/2022:10:55:29 +0800] "POST /xingrg/kc/buy/cgsh_order_operate.html HTTP/1.1" 200 3253
124.78.154.216 - - [30/Jul/2022:10:55:30 +0800] "POST /xingrg/kc/buy/cgsh_list_operate.html HTTP/1.1" 200 3275
116.224.123.211 - - [30/Jul/2022:10:55:31 +0800] "GET /xingrg/check_reg.html?_=1659149727939 HTTP/1.1" 200 22
116.224.123.211 - - [30/Jul/2022:10:55:31 +0800] "GET /xingrg/all/function/internal_message.html?_=1659149727943&CODE_STATE=getMsg HTTP/1.1" 200 27
222.69.129.110 - - [30/Jul/2022:10:55:37 +0800] "GET /xingrg/all/function/internal_message.html?_=1659149789604&CODE_STATE=getMsg HTTP/1.1" 200 27
124.78.154.216 - - [30/Jul/2022:10:55:39 +0800] "POST /xingrg/services/DataTransmitService HTTP/1.1" 200 524
124.78.154.216 - - [30/Jul/2022:10:55:39 +0800] "POST /xingrg/services/DataTransmitService HTTP/1.1" 200 412
116.224.255.128 - - [30/Jul/2022:10:55:42 +0800] "GET /xingrg/all/function/internal_message.html?_=1659149738440&CODE_STATE=getMsg HTTP/1.1" 200 27
61.165.20.118 - - [30/Jul/2022:10:55:46 +0800] "GET /xingrg/all/function/internal_message.html?_=1659149742114&CODE_STATE=getMsg HTTP/1.1" 200 27
218.81.223.53 - - [30/Jul/2022:10:55:46 +0800] "GET /xingrg/all/function/internal_message.html?_=1659149751086&CODE_STATE=getMsg HTTP/1.1" 200 27
116.232.194.65 - - [30/Jul/2022:10:55:49 +0800] "GET /xingrg/all/function/internal_message.html?_=1659149736753&CODE_STATE=getMsg HTTP/1.1" 200 27
116.232.194.65 - - [30/Jul/2022:10:55:51 +0800] "GET /xingrg/check_reg.html?_=1659149738751 HTTP/1.1" 200 22
58.40.7.146 - - [30/Jul/2022:10:55:52 +0800] "GET /xingrg/all/function/internal_message.html?_=1659149749209&CODE_STATE=getMsg HTTP/1.1" 200 27
124.78.154.216 - - [30/Jul/2022:10:55:53 +0800] "POST /xingrg/kc/buy/cgsh_order_operate.html HTTP/1.1" 200 37
101.80.228.36 - - [30/Jul/2022:10:55:55 +0800] "GET /xingrg/all/function/internal_message.html?_=1659149753134&CODE_STATE=getMsg HTTP/1.1" 200 27
101.83.240.137 - - [30/Jul/2022:10:56:03 +0800] "GET /xingrg/all/function/internal_message.html?_=1659149758539&CODE_STATE=getMsg HTTP/1.1" 200 27
124.78.154.216 - - [30/Jul/2022:10:56:14 +0800] "POST /xingrg/kc/buy/cgsh_order_operate.html HTTP/1.1" 200 12
124.78.154.216 - - [30/Jul/2022:10:56:14 +0800] "GET /xingrg/kc/buy/cgsh_order_info.html?code=212022072105235 HTTP/1.1" 200 62839
124.78.154.216 - - [30/Jul/2022:10:56:15 +0800] "GET /xingrg/javascript/easyui/themes/default/validatebox.css HTTP/1.1" 404 1104
124.78.154.216 - - [30/Jul/2022:10:56:15 +0800] "POST /xingrg/kc/buy/cgsh_order_operate.html HTTP/1.1" 200 1203
114.86.227.20 - - [30/Jul/2022:10:56:18 +0800] "GET /xingrg/check_reg.html?_=1659149775843 HTTP/1.1" 200 22
114.86.227.20 - - [30/Jul/2022:10:56:18 +0800] "GET /xingrg/all/function/internal_message.html?_=1659149775843&CODE_STATE=getMsg HTTP/1.1" 200 27
114.86.227.20 - - [30/Jul/2022:10:56:19 +0800] "POST /xingrg/kc/buy/cgsh_order_operate.html HTTP/1.1" 200 36925
58.40.7.146 - - [30/Jul/2022:10:56:19 +0800] "POST /xingrg/kc/buy/cgsh_list_operate.html HTTP/1.1" 200 605
180.162.109.37 - - [30/Jul/2022:10:56:19 +0800] "GET /xingrg/all/function/internal_message.html?_=1659148969249&CODE_STATE=getMsg HTTP/1.1" 200 27
124.78.154.216 - - [30/Jul/2022:10:56:20 +0800] "POST /xingrg/kc/buy/cgsh_list_operate.html HTTP/1.1" 200 2971
180.169.147.146 - - [30/Jul/2022:10:56:21 +0800] "GET /xingrg/all/function/internal_message.html?_=1659149776665&CODE_STATE=getMsg HTTP/1.1" 200 27
180.169.147.146 - - [30/Jul/2022:10:56:21 +0800] "GET /xingrg/check_reg.html?_=1659149776667 HTTP/1.1" 200 22
114.86.227.20 - - [30/Jul/2022:10:56:22 +0800] "GET /xingrg/kc/print/load_config.html?kc_code=cgsh HTTP/1.1" 200 1943
114.86.227.20 - - [30/Jul/2022:10:56:22 +0800] "GET /xingrg/kc/print/load_data.html?order_code=212022073008004&kc_code=cgsh&condition= HTTP/1.1" 200 13638
124.78.154.216 - - [30/Jul/2022:10:56:23 +0800] "POST /xingrg/kc/buy/cgsh_list_operate.html HTTP/1.1" 200 203
58.40.7.146 - - [30/Jul/2022:10:56:23 +0800] "GET /xingrg/kc/buy/cgsh_order_info.html?code=212022071804511 HTTP/1.1" 200 61921
114.88.158.224 - - [30/Jul/2022:10:56:23 +0800] "GET /xingrg/check_reg.html?_=1659149465851 HTTP/1.1" 200 22
58.40.7.146 - - [30/Jul/2022:10:56:23 +0800] "GET /xingrg/words/20220730095315_words.js HTTP/1.1" 200 907689
114.88.158.224 - - [30/Jul/2022:10:56:23 +0800] "GET /xingrg/all/function/internal_message.html?_=1659149465852&CODE_STATE=getMsg HTTP/1.1" 200 27
124.78.154.216 - - [30/Jul/2022:10:56:24 +0800] "GET /xingrg/kc/buy/cgsh_order_info.html?code=212022072205538 HTTP/1.1" 200 67945
58.40.7.146 - - [30/Jul/2022:10:56:24 +0800] "GET /xingrg/javascript/easyui/themes/default/validatebox.css HTTP/1.1" 404 1104
124.78.154.216 - - [30/Jul/2022:10:56:24 +0800] "GET /xingrg/javascript/easyui/themes/default/validatebox.css HTTP/1.1" 404 1104
58.40.7.146 - - [30/Jul/2022:10:56:25 +0800] "POST /xingrg/kc/buy/cgsh_order_operate.html HTTP/1.1" 200 8451
124.78.154.216 - - [30/Jul/2022:10:56:25 +0800] "POST /xingrg/kc/buy/cgsh_order_operate.html HTTP/1.1" 200 2662
61.165.20.118 - - [30/Jul/2022:10:56:25 +0800] "GET /xingrg/all/function/internal_message.html?_=1659149663445&CODE_STATE=getMsg HTTP/1.1" 200 27
101.85.120.95 - - [30/Jul/2022:10:56:26 +0800] "GET /xingrg/all/function/internal_message.html?_=1659149782903&CODE_STATE=getMsg HTTP/1.1" 200 27
124.78.154.216 - - [30/Jul/2022:10:56:26 +0800] "POST /xingrg/kc/buy/cgsh_list_operate.html HTTP/1.1" 200 2971
218.81.223.53 - - [30/Jul/2022:10:56:30 +0800] "GET /xingrg/kc/buy/cgsh_order_operate.html?command=get_materiel&rest_code=00146&code=00101008674&supplier_code=00100005&order_time=2022-07-30 HTTP/1.1" 200 398
116.224.123.211 - - [30/Jul/2022:10:56:31 +0800] "GET /xingrg/all/function/internal_message.html?_=1659149787938&CODE_STATE=getMsg HTTP/1.1" 200 27
124.78.154.216 - - [30/Jul/2022:10:56:32 +0800] "POST /xingrg/kc/buy/cgsh_order_operate.html HTTP/1.1" 200 37
114.86.227.20 - - [30/Jul/2022:10:56:37 +0800] "GET /xingrg/kc/buy/cgsh_order_add.html HTTP/1.1" 200 68020
114.86.227.20 - - [30/Jul/2022:10:56:37 +0800] "GET /xingrg/words/20220730095315_words.js HTTP/1.1" 304 -
124.78.154.216 - - [30/Jul/2022:10:56:37 +0800] "POST /xingrg/kc/buy/cgsh_order_operate.html HTTP/1.1" 200 12
222.69.129.110 - - [30/Jul/2022:10:56:37 +0800] "GET /xingrg/all/function/internal_message.html?_=1659149849579&CODE_STATE=getMsg HTTP/1.1" 200 27
114.86.227.20 - - [30/Jul/2022:10:56:37 +0800] "POST /xingrg/kc/buy/cgsh_order_operate.html HTTP/1.1" 200 8245
114.86.227.20 - - [30/Jul/2022:10:56:37 +0800] "GET /xingrg/all/common/auto_word.html?type=employee&rest_code=00109 HTTP/1.1" 200 255
114.86.227.20 - - [30/Jul/2022:10:56:37 +0800] "GET /xingrg/all/common/auto_word.html?type=employee&rest_code=00109 HTTP/1.1" 200 255
114.86.227.20 - - [30/Jul/2022:10:56:37 +0800] "GET /xingrg/javascript/easyui/themes/default/validatebox.css HTTP/1.1" 404 1104
124.78.154.216 - - [30/Jul/2022:10:56:38 +0800] "GET /xingrg/kc/buy/cgsh_order_info.html?code=212022072205538 HTTP/1.1" 200 62839
124.78.154.216 - - [30/Jul/2022:10:56:38 +0800] "GET /xingrg/javascript/easyui/themes/default/validatebox.css HTTP/1.1" 404 1104
218.81.223.53 - - [30/Jul/2022:10:56:39 +0800] "GET /xingrg/kc/buy/cgsh_order_operate.html?command=get_materiel&rest_code=00146&code=00101008095&supplier_code=00100005&order_time=2022-07-30 HTTP/1.1" 200 428
124.78.154.216 - - [30/Jul/2022:10:56:39 +0800] "POST /xingrg/kc/buy/cgsh_order_operate.html HTTP/1.1" 200 612
116.224.255.128 - - [30/Jul/2022:10:56:42 +0800] "GET /xingrg/all/function/internal_message.html?_=1659149798462&CODE_STATE=getMsg HTTP/1.1" 200 27
124.78.154.216 - - [30/Jul/2022:10:56:43 +0800] "POST /xingrg/kc/buy/cgsh_list_operate.html HTTP/1.1" 200 2667
61.165.20.118 - - [30/Jul/2022:10:56:46 +0800] "GET /xingrg/all/function/internal_message.html?_=1659149802082&CODE_STATE=getMsg HTTP/1.1" 200 27
218.81.223.53 - - [30/Jul/2022:10:56:46 +0800] "POST /xingrg/kc/buy/cgsh_order_operate.html HTTP/1.1" 200 2065
218.81.223.53 - - [30/Jul/2022:10:56:46 +0800] "GET /xingrg/all/function/internal_message.html?_=1659149811247&CODE_STATE=getMsg HTTP/1.1" 200 27
124.78.154.216 - - [30/Jul/2022:10:56:47 +0800] "POST /xingrg/kc/buy/cgsh_list_operate.html HTTP/1.1" 200 427
124.78.154.216 - - [30/Jul/2022:10:56:48 +0800] "GET /xingrg/kc/buy/cgsh_order_info.html?code=212022072305887 HTTP/1.1" 200 67945
124.78.154.216 - - [30/Jul/2022:10:56:48 +0800] "GET /xingrg/javascript/easyui/themes/default/validatebox.css HTTP/1.1" 404 1104
116.232.194.65 - - [30/Jul/2022:10:56:49 +0800] "GET /xingrg/all/function/internal_message.html?_=1659149796743&CODE_STATE=getMsg HTTP/1.1" 200 27
124.78.154.216 - - [30/Jul/2022:10:56:49 +0800] "POST /xingrg/kc/buy/cgsh_order_operate.html HTTP/1.1" 200 4434
124.78.154.216 - - [30/Jul/2022:10:56:52 +0800] "POST /xingrg/kc/buy/cgsh_list_operate.html HTTP/1.1" 200 2667
58.40.7.146 - - [30/Jul/2022:10:56:52 +0800] "GET /xingrg/all/function/internal_message.html?_=1659149809215&CODE_STATE=getMsg HTTP/1.1" 200 27
114.86.227.20 - - [30/Jul/2022:10:56:55 +0800] "GET /xingrg/kc/buy/cgsh_order_operate.html?command=get_materiel&rest_code=00109&code=00101011005&supplier_code=00100046&order_time=2022-07-30 HTTP/1.1" 200 425
101.80.228.36 - - [30/Jul/2022:10:56:55 +0800] "GET /xingrg/all/function/internal_message.html?_=1659149813135&CODE_STATE=getMsg HTTP/1.1" 200 27
101.83.240.137 - - [30/Jul/2022:10:57:03 +0800] "GET /xingrg/all/function/internal_message.html?_=1659149818533&CODE_STATE=getMsg HTTP/1.1" 200 27
124.78.154.216 - - [30/Jul/2022:10:57:07 +0800] "POST /xingrg/kc/buy/cgsh_order_operate.html HTTP/1.1" 200 37
114.86.227.20 - - [30/Jul/2022:10:57:07 +0800] "GET /xingrg/kc/buy/cgsh_order_operate.html?command=get_materiel&rest_code=00109&code=00101011003&supplier_code=00100046&order_time=2022-07-30 HTTP/1.1" 200 413
114.86.227.20 - - [30/Jul/2022:10:57:08 +0800] "GET /xingrg/all/function/internal_message.html?_=1659149825295&CODE_STATE=getMsg HTTP/1.1" 200 27
124.78.154.216 - - [30/Jul/2022:10:57:10 +0800] "POST /xingrg/kc/buy/cgsh_order_operate.html HTTP/1.1" 200 4434
218.81.223.53 - - [30/Jul/2022:10:57:18 +0800] "GET /xingrg/kc/buy/cgsh_order_operate.html?command=get_materiel&rest_code=00146&code=00101008110&supplier_code=00100005&order_time=2022-07-30 HTTP/1.1" 200 424
124.78.154.216 - - [30/Jul/2022:10:57:19 +0800] "POST /xingrg/kc/buy/cgsh_order_operate.html HTTP/1.1" 200 37
180.162.109.37 - - [30/Jul/2022:10:57:19 +0800] "GET /xingrg/all/function/internal_message.html?_=1659149029233&CODE_STATE=getMsg HTTP/1.1" 200 27
180.169.147.146 - - [30/Jul/2022:10:57:21 +0800] "GET /xingrg/all/function/internal_message.html?_=1659149836668&CODE_STATE=getMsg HTTP/1.1" 200 27
124.78.154.216 - - [30/Jul/2022:10:57:22 +0800] "POST /xingrg/kc/buy/cgsh_order_operate.html HTTP/1.1" 200 12
114.88.158.224 - - [30/Jul/2022:10:57:23 +0800] "GET /xingrg/all/function/internal_message.html?_=1659149525846&CODE_STATE=getMsg HTTP/1.1" 200 27
124.78.154.216 - - [30/Jul/2022:10:57:23 +0800] "GET /xingrg/kc/buy/cgsh_order_info.html?code=212022072305887 HTTP/1.1" 200 62839
124.78.154.216 - - [30/Jul/2022:10:57:24 +0800] "GET /xingrg/javascript/easyui/themes/default/validatebox.css HTTP/1.1" 404 1104
124.78.154.216 - - [30/Jul/2022:10:57:24 +0800] "POST /xingrg/kc/buy/cgsh_order_operate.html HTTP/1.1" 200 2384
61.165.20.118 - - [30/Jul/2022:10:57:25 +0800] "GET /xingrg/all/function/internal_message.html?_=1659149723431&CODE_STATE=getMsg HTTP/1.1" 200 27
101.85.120.95 - - [30/Jul/2022:10:57:26 +0800] "GET /xingrg/all/function/internal_message.html?_=1659149842902&CODE_STATE=getMsg HTTP/1.1" 200 27
101.85.120.95 - - [30/Jul/2022:10:57:26 +0800] "GET /xingrg/check_reg.html?_=1659149842904 HTTP/1.1" 200 22
124.78.154.216 - - [30/Jul/2022:10:57:30 +0800] "POST /xingrg/kc/buy/cgsh_list_operate.html HTTP/1.1" 200 2363
116.224.123.211 - - [30/Jul/2022:10:57:31 +0800] "GET /xingrg/all/function/internal_message.html?_=1659149847934&CODE_STATE=getMsg HTTP/1.1" 200 27
218.81.223.53 - - [30/Jul/2022:10:57:32 +0800] "GET /xingrg/kc/buy/cgsh_order_operate.html?command=get_materiel&rest_code=00146&code=00101008323&supplier_code=00100005&order_time=2022-07-30 HTTP/1.1" 200 408
114.86.227.20 - - [30/Jul/2022:10:57:34 +0800] "GET /xingrg/kc/buy/cgsh_order_operate.html?command=get_materiel&rest_code=00109&code=00101011001&supplier_code=00100046&order_time=2022-07-30 HTTP/1.1" 200 425
124.78.154.216 - - [30/Jul/2022:10:57:34 +0800] "POST /xingrg/kc/buy/cgsh_list_operate.html HTTP/1.1" 200 428
124.78.154.216 - - [30/Jul/2022:10:57:36 +0800] "GET /xingrg/kc/buy/cgsh_order_info.html?code=212022072406248 HTTP/1.1" 200 67945
124.78.154.216 - - [30/Jul/2022:10:57:36 +0800] "GET /xingrg/javascript/easyui/themes/default/validatebox.css HTTP/1.1" 404 1104
222.69.129.110 - - [30/Jul/2022:10:57:37 +0800] "GET /xingrg/all/function/internal_message.html?_=1659149909555&CODE_STATE=getMsg HTTP/1.1" 200 27
124.78.154.216 - - [30/Jul/2022:10:57:37 +0800] "POST /xingrg/kc/buy/cgsh_order_operate.html HTTP/1.1" 200 4438
124.78.154.216 - - [30/Jul/2022:10:57:38 +0800] "POST /xingrg/kc/buy/cgsh_list_operate.html HTTP/1.1" 200 2363
116.224.255.128 - - [30/Jul/2022:10:57:42 +0800] "GET /xingrg/all/function/internal_message.html?_=1659149858465&CODE_STATE=getMsg HTTP/1.1" 200 27
61.165.20.118 - - [30/Jul/2022:10:57:46 +0800] "GET /xingrg/all/function/internal_message.html?_=1659149862051&CODE_STATE=getMsg HTTP/1.1" 200 27
114.86.227.20 - - [30/Jul/2022:10:57:46 +0800] "POST /xingrg/kc/buy/cgsh_order_operate.html HTTP/1.1" 200 37
218.81.223.53 - - [30/Jul/2022:10:57:46 +0800] "GET /xingrg/all/function/internal_message.html?_=1659149871254&CODE_STATE=getMsg HTTP/1.1" 200 27
116.232.194.65 - - [30/Jul/2022:10:57:49 +0800] "GET /xingrg/all/function/internal_message.html?_=1659149856724&CODE_STATE=getMsg HTTP/1.1" 200 27
124.78.154.216 - - [30/Jul/2022:10:57:50 +0800] "POST /xingrg/kc/buy/cgsh_order_operate.html HTTP/1.1" 200 37
114.86.227.20 - - [30/Jul/2022:10:57:50 +0800] "POST /xingrg/kc/buy/cgsh_order_operate.html HTTP/1.1" 200 3848
58.40.7.146 - - [30/Jul/2022:10:57:52 +0800] "GET /xingrg/all/function/internal_message.html?_=1659149869231&CODE_STATE=getMsg HTTP/1.1" 200 27
114.86.227.20 - - [30/Jul/2022:10:57:52 +0800] "GET /xingrg/kc/print/load_config.html?kc_code=cgsh HTTP/1.1" 200 1943
114.86.227.20 - - [30/Jul/2022:10:57:53 +0800] "GET /xingrg/kc/print/load_data.html?order_code=212022073008013&kc_code=cgsh&condition= HTTP/1.1" 200 1132
124.78.154.216 - - [30/Jul/2022:10:57:54 +0800] "POST /xingrg/kc/buy/cgsh_order_operate.html HTTP/1.1" 200 12
124.78.154.216 - - [30/Jul/2022:10:57:55 +0800] "GET /xingrg/kc/buy/cgsh_order_info.html?code=212022072406248 HTTP/1.1" 200 62839
101.80.228.36 - - [30/Jul/2022:10:57:55 +0800] "GET /xingrg/all/function/internal_message.html?_=1659149873121&CODE_STATE=getMsg HTTP/1.1" 200 27
124.78.154.216 - - [30/Jul/2022:10:57:55 +0800] "GET /xingrg/javascript/easyui/themes/default/validatebox.css HTTP/1.1" 404 1104
124.78.154.216 - - [30/Jul/2022:10:57:56 +0800] "POST /xingrg/kc/buy/cgsh_order_operate.html HTTP/1.1" 200 2388
114.86.227.20 - - [30/Jul/2022:10:57:56 +0800] "GET /xingrg/kc/buy/cgsh_order_add.html HTTP/1.1" 200 68020
114.86.227.20 - - [30/Jul/2022:10:57:56 +0800] "POST /xingrg/kc/buy/cgsh_order_operate.html HTTP/1.1" 200 8245
114.86.227.20 - - [30/Jul/2022:10:57:56 +0800] "GET /xingrg/all/common/auto_word.html?type=employee&rest_code=00109 HTTP/1.1" 200 255
114.86.227.20 - - [30/Jul/2022:10:57:56 +0800] "GET /xingrg/all/common/auto_word.html?type=employee&rest_code=00109 HTTP/1.1" 200 255
114.86.227.20 - - [30/Jul/2022:10:57:56 +0800] "GET /xingrg/javascript/easyui/themes/default/validatebox.css HTTP/1.1" 404 1104
124.78.154.216 - - [30/Jul/2022:10:58:00 +0800] "POST /xingrg/kc/buy/cgsh_list_operate.html HTTP/1.1" 200 2059
124.78.154.216 - - [30/Jul/2022:10:58:02 +0800] "POST /xingrg/kc/buy/cgsh_list_operate.html HTTP/1.1" 200 588
101.83.240.137 - - [30/Jul/2022:10:58:03 +0800] "GET /xingrg/all/function/internal_message.html?_=1659149878503&CODE_STATE=getMsg HTTP/1.1" 200 27
124.78.154.216 - - [30/Jul/2022:10:58:04 +0800] "GET /xingrg/kc/buy/cgsh_order_info.html?code=212022072707109 HTTP/1.1" 200 67945
124.78.154.216 - - [30/Jul/2022:10:58:04 +0800] "GET /xingrg/javascript/easyui/themes/default/validatebox.css HTTP/1.1" 404 1104
124.78.154.216 - - [30/Jul/2022:10:58:04 +0800] "POST /xingrg/kc/buy/cgsh_order_operate.html HTTP/1.1" 200 5642
124.78.154.216 - - [30/Jul/2022:10:58:06 +0800] "POST /xingrg/kc/buy/cgsh_list_operate.html HTTP/1.1" 200 2059
114.86.227.20 - - [30/Jul/2022:10:58:07 +0800] "GET /xingrg/kc/buy/cgsh_order_operate.html?command=get_materiel&rest_code=00109&code=00101007081&supplier_code=00100004&order_time=2022-07-30 HTTP/1.1" 200 413
114.86.227.20 - - [30/Jul/2022:10:58:08 +0800] "GET /xingrg/all/function/internal_message.html?_=1659149885291&CODE_STATE=getMsg HTTP/1.1" 200 27
114.86.227.20 - - [30/Jul/2022:10:58:16 +0800] "GET /xingrg/kc/buy/cgsh_order_operate.html?command=get_materiel&rest_code=00109&code=00101007082&supplier_code=00100004&order_time=2022-07-30 HTTP/1.1" 200 427
180.162.109.37 - - [30/Jul/2022:10:58:19 +0800] "GET /xingrg/all/function/internal_message.html?_=1659149089235&CODE_STATE=getMsg HTTP/1.1" 200 27
180.162.109.37 - - [30/Jul/2022:10:58:19 +0800] "GET /xingrg/check_reg.html?_=1659149089237 HTTP/1.1" 200 22
180.169.147.146 - - [30/Jul/2022:10:58:21 +0800] "GET /xingrg/all/function/internal_message.html?_=1659149896670&CODE_STATE=getMsg HTTP/1.1" 200 27
114.88.158.224 - - [30/Jul/2022:10:58:23 +0800] "GET /xingrg/all/function/internal_message.html?_=1659149585858&CODE_STATE=getMsg HTTP/1.1" 200 27
61.165.20.118 - - [30/Jul/2022:10:58:25 +0800] "GET /xingrg/all/function/internal_message.html?_=1659149783440&CODE_STATE=getMsg HTTP/1.1" 200 27
120.253.135.82 - - [30/Jul/2022:10:58:25 +0800] "GET /xingrg/check_reg.html?_=1659149709539 HTTP/1.1" 200 22
124.78.154.216 - - [30/Jul/2022:10:58:25 +0800] "POST /xingrg/kc/buy/cgsh_order_operate.html HTTP/1.1" 200 37
101.85.120.95 - - [30/Jul/2022:10:58:26 +0800] "GET /xingrg/all/function/internal_message.html?_=1659149902902&CODE_STATE=getMsg HTTP/1.1" 200 27
124.78.154.216 - - [30/Jul/2022:10:58:29 +0800] "POST /xingrg/kc/buy/cgsh_order_operate.html HTTP/1.1" 200 12
124.78.154.216 - - [30/Jul/2022:10:58:31 +0800] "GET /xingrg/kc/buy/cgsh_order_info.html?code=212022072707109 HTTP/1.1" 200 62839
124.78.154.216 - - [30/Jul/2022:10:58:31 +0800] "GET /xingrg/javascript/easyui/themes/default/validatebox.css HTTP/1.1" 404 1104
116.224.123.211 - - [30/Jul/2022:10:58:31 +0800] "GET /xingrg/all/function/internal_message.html?_=1659149907932&CODE_STATE=getMsg HTTP/1.1" 200 27
124.78.154.216 - - [30/Jul/2022:10:58:32 +0800] "POST /xingrg/kc/buy/cgsh_order_operate.html HTTP/1.1" 200 3590
222.69.129.110 - - [30/Jul/2022:10:58:37 +0800] "GET /xingrg/all/function/internal_message.html?_=1659149969543&CODE_STATE=getMsg HTTP/1.1" 200 27
124.78.154.216 - - [30/Jul/2022:10:58:37 +0800] "POST /xingrg/kc/buy/cgsh_list_operate.html HTTP/1.1" 200 1755
222.69.129.110 - - [30/Jul/2022:10:58:38 +0800] "GET /xingrg/check_reg.html?_=1659149970794 HTTP/1.1" 200 22
114.86.227.20 - - [30/Jul/2022:10:58:41 +0800] "GET /xingrg/kc/buy/cgsh_order_operate.html?command=get_materiel&rest_code=00109&code=00101007075&supplier_code=00100004&order_time=2022-07-30 HTTP/1.1" 200 409
124.78.154.216 - - [30/Jul/2022:10:58:41 +0800] "POST /xingrg/kc/buy/cgsh_list_operate.html HTTP/1.1" 200 507
116.224.255.128 - - [30/Jul/2022:10:58:42 +0800] "GET /xingrg/all/function/internal_message.html?_=1659149918466&CODE_STATE=getMsg HTTP/1.1" 200 27
124.78.154.216 - - [30/Jul/2022:10:58:42 +0800] "GET /xingrg/kc/buy/cgsh_order_info.html?code=212022072907596 HTTP/1.1" 200 67945
124.78.154.216 - - [30/Jul/2022:10:58:43 +0800] "GET /xingrg/javascript/easyui/themes/default/validatebox.css HTTP/1.1" 404 1104
124.78.154.216 - - [30/Jul/2022:10:58:43 +0800] "POST /xingrg/kc/buy/cgsh_order_operate.html HTTP/1.1" 200 5042
124.78.154.216 - - [30/Jul/2022:10:58:44 +0800] "POST /xingrg/kc/buy/cgsh_list_operate.html HTTP/1.1" 200 1755
61.165.20.118 - - [30/Jul/2022:10:58:45 +0800] "GET /xingrg/all/function/internal_message.html?_=1659149922020&CODE_STATE=getMsg HTTP/1.1" 200 27
218.81.223.53 - - [30/Jul/2022:10:58:46 +0800] "GET /xingrg/all/function/internal_message.html?_=1659149931519&CODE_STATE=getMsg HTTP/1.1" 200 27
61.165.20.118 - - [30/Jul/2022:10:58:47 +0800] "GET /xingrg/check_reg.html?_=1659149923938 HTTP/1.1" 200 22
114.86.227.20 - - [30/Jul/2022:10:58:48 +0800] "GET /xingrg/kc/buy/cgsh_order_operate.html?command=get_materiel&rest_code=00109&code=00101007082&supplier_code=00100004&order_time=2022-07-30 HTTP/1.1" 200 427
116.232.194.65 - - [30/Jul/2022:10:58:49 +0800] "GET /xingrg/all/function/internal_message.html?_=1659149916701&CODE_STATE=getMsg HTTP/1.1" 200 27
58.40.7.146 - - [30/Jul/2022:10:58:52 +0800] "GET /xingrg/check_reg.html?_=1659149929228 HTTP/1.1" 200 22
58.40.7.146 - - [30/Jul/2022:10:58:52 +0800] "GET /xingrg/all/function/internal_message.html?_=1659149929230&CODE_STATE=getMsg HTTP/1.1" 200 27
101.80.228.36 - - [30/Jul/2022:10:58:55 +0800] "GET /xingrg/all/function/internal_message.html?_=1659149933122&CODE_STATE=getMsg HTTP/1.1" 200 27
114.86.227.20 - - [30/Jul/2022:10:58:56 +0800] "GET /xingrg/kc/buy/cgsh_order_operate.html?command=get_materiel&rest_code=00109&code=00101007125&supplier_code=00100004&order_time=2022-07-30 HTTP/1.1" 200 422
61.165.20.118 - - [30/Jul/2022:10:58:57 +0800] "GET /xingrg/check_reg.html?_=1659149815718 HTTP/1.1" 200 22
101.83.240.137 - - [30/Jul/2022:10:59:03 +0800] "GET /xingrg/all/function/internal_message.html?_=1659149938473&CODE_STATE=getMsg HTTP/1.1" 200 27
101.83.240.137 - - [30/Jul/2022:10:59:05 +0800] "GET /xingrg/check_reg.html?_=1659149940050 HTTP/1.1" 200 22
114.86.227.20 - - [30/Jul/2022:10:59:08 +0800] "POST /xingrg/kc/buy/cgsh_order_operate.html HTTP/1.1" 200 37
114.86.227.20 - - [30/Jul/2022:10:59:09 +0800] "GET /xingrg/all/function/internal_message.html?_=1659149946342&CODE_STATE=getMsg HTTP/1.1" 200 27
114.86.227.20 - - [30/Jul/2022:10:59:09 +0800] "POST /xingrg/kc/buy/cgsh_order_operate.html HTTP/1.1" 200 3257
114.86.227.20 - - [30/Jul/2022:10:59:10 +0800] "GET /xingrg/kc/print/load_config.html?kc_code=cgsh HTTP/1.1" 200 1943
124.78.154.216 - - [30/Jul/2022:10:59:11 +0800] "GET /xingrg/check_reg.html?_=1659149952261 HTTP/1.1" 200 22
124.78.154.216 - - [30/Jul/2022:10:59:12 +0800] "POST /xingrg/kc/buy/cgsh_order_operate.html HTTP/1.1" 200 37
114.86.227.20 - - [30/Jul/2022:10:59:12 +0800] "GET /xingrg/kc/print/load_data.html?order_code=212022073008014&kc_code=cgsh&condition= HTTP/1.1" 200 2278
124.78.154.216 - - [30/Jul/2022:10:59:16 +0800] "POST /xingrg/kc/buy/cgsh_order_operate.html HTTP/1.1" 200 12
124.78.154.216 - - [30/Jul/2022:10:59:17 +0800] "GET /xingrg/kc/buy/cgsh_order_info.html?code=212022072907596 HTTP/1.1" 200 62839
124.78.154.216 - - [30/Jul/2022:10:59:17 +0800] "GET /xingrg/words/20220730095315_words.js HTTP/1.1" 304 -
124.78.154.216 - - [30/Jul/2022:10:59:17 +0800] "GET /xingrg/javascript/easyui/themes/default/validatebox.css HTTP/1.1" 404 1104
124.78.154.216 - - [30/Jul/2022:10:59:18 +0800] "POST /xingrg/kc/buy/cgsh_order_operate.html HTTP/1.1" 200 2991
114.86.227.20 - - [30/Jul/2022:10:59:19 +0800] "POST /xingrg/kc/buy/cgsh_order_operate.html HTTP/1.1" 200 37
180.162.109.37 - - [30/Jul/2022:10:59:19 +0800] "GET /xingrg/all/function/internal_message.html?_=1659149149244&CODE_STATE=getMsg HTTP/1.1" 200 27
114.86.227.20 - - [30/Jul/2022:10:59:20 +0800] "POST /xingrg/kc/buy/cgsh_order_operate.html HTTP/1.1" 200 3257
114.86.227.20 - - [30/Jul/2022:10:59:21 +0800] "GET /xingrg/kc/print/load_config.html?kc_code=cgsh HTTP/1.1" 200 1943
114.86.227.20 - - [30/Jul/2022:10:59:21 +0800] "GET /xingrg/kc/print/load_data.html?order_code=212022073008014&kc_code=cgsh&condition= HTTP/1.1" 200 945
180.169.147.146 - - [30/Jul/2022:10:59:21 +0800] "GET /xingrg/all/function/internal_message.html?_=1659149956675&CODE_STATE=getMsg HTTP/1.1" 200 27
124.78.154.216 - - [30/Jul/2022:10:59:23 +0800] "POST /xingrg/kc/buy/cgsh_list_operate.html HTTP/1.1" 200 1450
114.88.158.224 - - [30/Jul/2022:10:59:23 +0800] "GET /xingrg/all/function/internal_message.html?_=1659149645850&CODE_STATE=getMsg HTTP/1.1" 200 27
114.86.227.20 - - [30/Jul/2022:10:59:24 +0800] "GET /xingrg/kc/buy/cgsh_order_add.html HTTP/1.1" 200 68020
114.86.227.20 - - [30/Jul/2022:10:59:24 +0800] "POST /xingrg/kc/buy/cgsh_order_operate.html HTTP/1.1" 200 8245
114.86.227.20 - - [30/Jul/2022:10:59:25 +0800] "GET /xingrg/all/common/auto_word.html?type=employee&rest_code=00109 HTTP/1.1" 200 255
114.86.227.20 - - [30/Jul/2022:10:59:25 +0800] "GET /xingrg/all/common/auto_word.html?type=employee&rest_code=00109 HTTP/1.1" 200 255
114.86.227.20 - - [30/Jul/2022:10:59:25 +0800] "GET /xingrg/javascript/easyui/themes/default/validatebox.css HTTP/1.1" 404 1104
61.165.20.118 - - [30/Jul/2022:10:59:25 +0800] "GET /xingrg/all/function/internal_message.html?_=1659149843411&CODE_STATE=getMsg HTTP/1.1" 200 27
101.85.120.95 - - [30/Jul/2022:10:59:26 +0800] "GET /xingrg/all/function/internal_message.html?_=1659149962902&CODE_STATE=getMsg HTTP/1.1" 200 27
124.78.154.216 - - [30/Jul/2022:10:59:27 +0800] "POST /xingrg/kc/buy/cgsh_list_operate.html HTTP/1.1" 200 1450
124.78.154.216 - - [30/Jul/2022:10:59:29 +0800] "GET /xingrg/kc/buy/buy_main.html HTTP/1.1" 200 12412
124.78.154.216 - - [30/Jul/2022:10:59:29 +0800] "GET /xingrg/css/new_ie.css HTTP/1.1" 404 1036
124.78.154.216 - - [30/Jul/2022:10:59:30 +0800] "GET /xingrg/images/yd/bt.gif HTTP/1.1" 404 1040
114.86.227.20 - - [30/Jul/2022:10:59:30 +0800] "GET /xingrg/kc/buy/cgsh_order_operate.html?command=get_materiel&rest_code=00109&code=00101006057&supplier_code=00100015&order_time=2022-07-30 HTTP/1.1" 200 413
124.78.154.216 - - [30/Jul/2022:10:59:31 +0800] "GET /xingrg/kc/buy/cgsh_order_list.html HTTP/1.1" 200 52162
116.224.123.211 - - [30/Jul/2022:10:59:31 +0800] "GET /xingrg/all/function/internal_message.html?_=1659149967945&CODE_STATE=getMsg HTTP/1.1" 200 27
124.78.154.216 - - [30/Jul/2022:10:59:33 +0800] "POST /xingrg/kc/buy/cgsh_list_operate.html HTTP/1.1" 200 1450
222.69.129.110 - - [30/Jul/2022:10:59:37 +0800] "GET /xingrg/all/function/internal_message.html?_=1659150029519&CODE_STATE=getMsg HTTP/1.1" 200 27
116.224.255.128 - - [30/Jul/2022:10:59:42 +0800] "GET /xingrg/check_reg.html?_=1659149978466 HTTP/1.1" 200 22
116.224.255.128 - - [30/Jul/2022:10:59:42 +0800] "GET /xingrg/all/function/internal_message.html?_=1659149978469&CODE_STATE=getMsg HTTP/1.1" 200 27
114.86.227.20 - - [30/Jul/2022:10:59:43 +0800] "GET /xingrg/kc/buy/cgsh_order_operate.html?command=get_materiel&rest_code=00109&code=00101006130&supplier_code=00100015&order_time=2022-07-30 HTTP/1.1" 200 443
61.165.20.118 - - [30/Jul/2022:10:59:45 +0800] "GET /xingrg/all/function/internal_message.html?_=1659149981994&CODE_STATE=getMsg HTTP/1.1" 200 27
218.81.223.53 - - [30/Jul/2022:10:59:46 +0800] "GET /xingrg/all/function/internal_message.html?_=1659149991531&CODE_STATE=getMsg HTTP/1.1" 200 27
116.232.194.65 - - [30/Jul/2022:10:59:49 +0800] "GET /xingrg/all/function/internal_message.html?_=1659149976685&CODE_STATE=getMsg HTTP/1.1" 200 27
58.40.7.146 - - [30/Jul/2022:10:59:52 +0800] "GET /xingrg/all/function/internal_message.html?_=1659149989229&CODE_STATE=getMsg HTTP/1.1" 200 27
114.86.227.20 - - [30/Jul/2022:10:59:55 +0800] "GET /xingrg/kc/buy/cgsh_order_operate.html?command=get_materiel&rest_code=00109&code=00101006129&supplier_code=00100015&order_time=2022-07-30 HTTP/1.1" 200 451
101.80.228.36 - - [30/Jul/2022:10:59:55 +0800] "GET /xingrg/all/function/internal_message.html?_=1659149993122&CODE_STATE=getMsg HTTP/1.1" 200 27
101.80.228.36 - - [30/Jul/2022:10:59:55 +0800] "GET /xingrg/check_reg.html?_=1659149993124 HTTP/1.1" 200 22
218.81.223.53 - - [30/Jul/2022:10:59:57 +0800] "GET /xingrg/check_reg.html?_=1659150002172 HTTP/1.1" 200 22
101.83.240.137 - - [30/Jul/2022:11:00:03 +0800] "GET /xingrg/all/function/internal_message.html?_=1659149998459&CODE_STATE=getMsg HTTP/1.1" 200 27
