120.253.135.82 - - [30/Jul/2022:10:43:57 +0800] "POST /xingrg/kc/pszx/mdps_list_operate.html HTTP/1.1" 200 448
61.165.20.118 - - [30/Jul/2022:10:43:57 +0800] "GET /xingrg/check_reg.html?_=1659148915762 HTTP/1.1" 200 22
101.83.240.137 - - [30/Jul/2022:10:44:03 +0800] "GET /xingrg/all/function/internal_message.html?_=1659149038756&CODE_STATE=getMsg HTTP/1.1" 200 27
120.253.135.82 - - [30/Jul/2022:10:44:04 +0800] "POST /xingrg/kc/pszx/mdps_list_operate.html HTTP/1.1" 200 2253
101.83.240.137 - - [30/Jul/2022:10:44:05 +0800] "GET /xingrg/check_reg.html?_=1659149040074 HTTP/1.1" 200 22
120.253.135.82 - - [30/Jul/2022:10:44:06 +0800] "POST /xingrg/kc/pszx/mdps_list_operate.html HTTP/1.1" 200 202
120.253.135.82 - - [30/Jul/2022:10:44:07 +0800] "GET /xingrg/kc/pszx/mdps_order_info.html?code=312022073000502 HTTP/1.1" 200 23978
120.253.135.82 - - [30/Jul/2022:10:44:08 +0800] "GET /xingrg/words/20220730095315_words.js HTTP/1.1" 200 907689
114.86.227.20 - - [30/Jul/2022:10:44:08 +0800] "GET /xingrg/all/function/internal_message.html?_=1659149045269&CODE_STATE=getMsg HTTP/1.1" 200 27
120.253.135.82 - - [30/Jul/2022:10:44:08 +0800] "GET /xingrg/javascript/easyui/themes/default/validatebox.css HTTP/1.1" 404 1104
120.253.135.82 - - [30/Jul/2022:10:44:08 +0800] "POST /xingrg/kc/pszx/mdps_order_operate.html HTTP/1.1" 200 2284
124.78.154.216 - - [30/Jul/2022:10:44:11 +0800] "GET /xingrg/check_reg.html?_=1659149052279 HTTP/1.1" 200 22
116.224.123.211 - - [30/Jul/2022:10:44:11 +0800] "GET /xingrg/all/function/internal_message.html?_=1659149048443&CODE_STATE=getMsg HTTP/1.1" 200 27
218.81.223.53 - - [30/Jul/2022:10:44:11 +0800] "GET /xingrg/kc/buy/cgsh_order_operate.html?command=get_materiel&rest_code=00146&code=00101012025&supplier_code=00100005&order_time=2022-07-30 HTTP/1.1" 200 428
120.253.135.82 - - [30/Jul/2022:10:44:18 +0800] "POST /xingrg/kc/pszx/mdps_order_operate.html HTTP/1.1" 200 37
120.253.135.82 - - [30/Jul/2022:10:44:19 +0800] "GET /xingrg/kc/pszx/mdps_order_info.html?code=312022073000502 HTTP/1.1" 200 23978
120.253.135.82 - - [30/Jul/2022:10:44:20 +0800] "GET /xingrg/javascript/easyui/themes/default/validatebox.css HTTP/1.1" 404 1104
120.253.135.82 - - [30/Jul/2022:10:44:20 +0800] "POST /xingrg/kc/pszx/mdps_order_operate.html HTTP/1.1" 200 2284
180.169.147.146 - - [30/Jul/2022:10:44:21 +0800] "GET /xingrg/all/function/internal_message.html?_=1659149056668&CODE_STATE=getMsg HTTP/1.1" 200 27
114.88.158.224 - - [30/Jul/2022:10:44:23 +0800] "GET /xingrg/all/function/internal_message.html?_=1659148745800&CODE_STATE=getMsg HTTP/1.1" 200 27
120.253.135.82 - - [30/Jul/2022:10:44:24 +0800] "GET /xingrg/kc/pszx/mdps_order_info.html?code=312022073000502 HTTP/1.1" 200 23978
120.253.135.82 - - [30/Jul/2022:10:44:25 +0800] "POST /xingrg/kc/pszx/mdps_order_operate.html HTTP/1.1" 200 2284
120.253.135.82 - - [30/Jul/2022:10:44:25 +0800] "GET /xingrg/javascript/easyui/themes/default/validatebox.css HTTP/1.1" 404 1104
61.165.20.118 - - [30/Jul/2022:10:44:25 +0800] "GET /xingrg/all/function/internal_message.html?_=1659148943672&CODE_STATE=getMsg HTTP/1.1" 200 27
101.85.120.95 - - [30/Jul/2022:10:44:26 +0800] "GET /xingrg/all/function/internal_message.html?_=1659149062897&CODE_STATE=getMsg HTTP/1.1" 200 27
120.253.135.82 - - [30/Jul/2022:10:44:28 +0800] "POST /xingrg/kc/pszx/mdps_list_operate.html HTTP/1.1" 200 2244
180.169.147.146 - - [30/Jul/2022:10:44:29 +0800] "GET /xingrg/all/function/internal_message.html?_=1659149063780&CODE_STATE=getMsg HTTP/1.1" 200 27
61.165.20.118 - - [30/Jul/2022:10:44:30 +0800] "GET /xingrg/kc/buy/cgsh_order_operate.html?command=get_materiel&rest_code=00105&code=00101009062&supplier_code=00100024&order_time=2022-07-30 HTTP/1.1" 200 435
218.81.223.53 - - [30/Jul/2022:10:44:30 +0800] "GET /xingrg/kc/buy/cgsh_order_operate.html?command=get_materiel&rest_code=00146&code=00101008209&supplier_code=00100005&order_time=2022-07-30 HTTP/1.1" 200 424
116.224.123.211 - - [30/Jul/2022:10:44:31 +0800] "GET /xingrg/all/function/internal_message.html?_=1659149067910&CODE_STATE=getMsg HTTP/1.1" 200 27
116.224.255.128 - - [30/Jul/2022:10:44:36 +0800] "GET /xingrg/check_reg.html?_=1659149073076 HTTP/1.1" 200 22
116.224.255.128 - - [30/Jul/2022:10:44:36 +0800] "GET /xingrg/all/function/internal_message.html?_=1659149073080&CODE_STATE=getMsg HTTP/1.1" 200 27
222.69.129.110 - - [30/Jul/2022:10:44:37 +0800] "GET /xingrg/all/function/internal_message.html?_=1659149129787&CODE_STATE=getMsg HTTP/1.1" 200 27
116.224.255.128 - - [30/Jul/2022:10:44:41 +0800] "POST /xingrg/all/user/operate.html HTTP/1.1" 200 36
116.224.255.128 - - [30/Jul/2022:10:44:42 +0800] "GET /xingrg/index.html?sysBaseUrl=http%3A%2F%2F180.169.147.146%3A18081%2Fxingrg%2F&costTime=40×tamp=1659143584752 HTTP/1.1" 200 17179
116.224.255.128 - - [30/Jul/2022:10:44:42 +0800] "GET /xingrg/javascript/jquery_easy_ui/themes/default/easyui.css HTTP/1.1" 304 -
116.224.255.128 - - [30/Jul/2022:10:44:42 +0800] "GET /xingrg/javascript/jquery_easy_ui/themes/icon.css HTTP/1.1" 304 -
116.224.255.128 - - [30/Jul/2022:10:44:42 +0800] "GET /xingrg/css/form.css HTTP/1.1" 304 -
116.224.255.128 - - [30/Jul/2022:10:44:42 +0800] "GET /xingrg/javascript/jquery-1.4.2.min.js HTTP/1.1" 304 -
116.224.255.128 - - [30/Jul/2022:10:44:42 +0800] "GET /xingrg/javascript/jquery_easy_ui/jquery.easyui.min.js HTTP/1.1" 304 -
116.224.255.128 - - [30/Jul/2022:10:44:42 +0800] "GET /xingrg/javascript/jquery_easy_ui/easyui-lang-zh_CN.js HTTP/1.1" 304 -
116.224.255.128 - - [30/Jul/2022:10:44:42 +0800] "GET /xingrg/javascript/jquery.form.js HTTP/1.1" 304 -
116.224.255.128 - - [30/Jul/2022:10:44:42 +0800] "GET /xingrg/javascript/jquery.utils.js HTTP/1.1" 304 -
116.224.255.128 - - [30/Jul/2022:10:44:42 +0800] "GET /xingrg/javascript/jquery.timers.js HTTP/1.1" 304 -
116.224.255.128 - - [30/Jul/2022:10:44:42 +0800] "GET /xingrg/images/blue/jxLogo.png HTTP/1.1" 304 -
116.224.255.128 - - [30/Jul/2022:10:44:42 +0800] "GET /xingrg/javascript/jquery_easy_ui/themes/icons/settle_new.png HTTP/1.1" 304 -
116.224.255.128 - - [30/Jul/2022:10:44:42 +0800] "GET /xingrg/images/blue/navBackgound.jpg HTTP/1.1" 304 -
116.224.255.128 - - [30/Jul/2022:10:44:42 +0800] "POST /xingrg/all/common/load_tree.html?tree=area_rest_tree_json&manage=1 HTTP/1.1" 200 476
116.224.255.128 - - [30/Jul/2022:10:44:42 +0800] "GET /xingrg/all/function/internal_message.html?_=1659149078415&CODE_STATE=count HTTP/1.1" 200 11
116.224.255.128 - - [30/Jul/2022:10:44:42 +0800] "GET /xingrg/check_reg.html?_=1659149078415 HTTP/1.1" 200 22
116.224.255.128 - - [30/Jul/2022:10:44:42 +0800] "GET /xingrg/javascript/jquery_easy_ui/themes/default/images/tabs_rightarrow.png HTTP/1.1" 304 -
116.224.255.128 - - [30/Jul/2022:10:44:42 +0800] "GET /xingrg/javascript/jquery_easy_ui/themes/default/images/tabs_leftarrow.png HTTP/1.1" 304 -
116.224.255.128 - - [30/Jul/2022:10:44:42 +0800] "GET /xingrg/images/blue/pingpu.png HTTP/1.1" 304 -
116.224.255.128 - - [30/Jul/2022:10:44:42 +0800] "POST /xingrg/load_menu.html HTTP/1.1" 200 5138
218.81.223.53 - - [30/Jul/2022:10:44:42 +0800] "GET /xingrg/kc/buy/cgsh_order_operate.html?command=get_materiel&rest_code=00146&code=00101008219&supplier_code=00100005&order_time=2022-07-30 HTTP/1.1" 200 427
116.224.255.128 - - [30/Jul/2022:10:44:42 +0800] "GET /xingrg/javascript/jquery_easy_ui/themes/default/images/panel_tool_collapse.gif HTTP/1.1" 304 -
116.224.255.128 - - [30/Jul/2022:10:44:42 +0800] "GET /xingrg/javascript/jquery_easy_ui/themes/default/images/tree_folder.gif HTTP/1.1" 304 -
116.224.255.128 - - [30/Jul/2022:10:44:42 +0800] "GET /xingrg/javascript/jquery_easy_ui/themes/default/images/tree_folder_open.gif HTTP/1.1" 304 -
116.224.255.128 - - [30/Jul/2022:10:44:42 +0800] "GET /xingrg/javascript/jquery_easy_ui/themes/icons/search_new.png HTTP/1.1" 304 -
116.224.255.128 - - [30/Jul/2022:10:44:42 +0800] "GET /xingrg/javascript/jquery_easy_ui/themes/default/images/tree_arrows.gif HTTP/1.1" 304 -
116.224.255.128 - - [30/Jul/2022:10:44:42 +0800] "GET /xingrg/javascript/jquery_easy_ui/themes/icons/storage_new.png HTTP/1.1" 304 -
116.224.255.128 - - [30/Jul/2022:10:44:42 +0800] "GET /xingrg/javascript/jquery_easy_ui/themes/icons/forms_new.png HTTP/1.1" 304 -
116.224.255.128 - - [30/Jul/2022:10:44:42 +0800] "GET /xingrg/javascript/jquery_easy_ui/themes/default/images/tree_file.gif HTTP/1.1" 304 -
218.81.223.53 - - [30/Jul/2022:10:44:46 +0800] "GET /xingrg/all/function/internal_message.html?_=1659149090733&CODE_STATE=getMsg HTTP/1.1" 200 27
61.165.20.118 - - [30/Jul/2022:10:44:46 +0800] "GET /xingrg/all/function/internal_message.html?_=1659149082393&CODE_STATE=getMsg HTTP/1.1" 200 27
61.165.20.118 - - [30/Jul/2022:10:44:47 +0800] "GET /xingrg/kc/buy/cgsh_order_operate.html?command=get_materiel&rest_code=00105&code=00101009001&supplier_code=00100024&order_time=2022-07-30 HTTP/1.1" 200 437
116.232.194.65 - - [30/Jul/2022:10:44:49 +0800] "GET /xingrg/all/function/internal_message.html?_=1659149076915&CODE_STATE=getMsg HTTP/1.1" 200 27
218.81.223.53 - - [30/Jul/2022:10:44:54 +0800] "GET /xingrg/kc/buy/cgsh_order_operate.html?command=get_materiel&rest_code=00146&code=00101008132&supplier_code=00100005&order_time=2022-07-30 HTTP/1.1" 200 424
101.80.228.36 - - [30/Jul/2022:10:44:55 +0800] "GET /xingrg/check_reg.html?_=1659149093131 HTTP/1.1" 200 22
101.80.228.36 - - [30/Jul/2022:10:44:55 +0800] "GET /xingrg/all/function/internal_message.html?_=1659149093132&CODE_STATE=getMsg HTTP/1.1" 200 27
218.81.223.53 - - [30/Jul/2022:10:44:57 +0800] "GET /xingrg/check_reg.html?_=1659149102155 HTTP/1.1" 200 22
61.165.20.118 - - [30/Jul/2022:10:45:03 +0800] "GET /xingrg/kc/buy/cgsh_order_operate.html?command=get_materiel&rest_code=00105&code=00101009010&supplier_code=00100024&order_time=2022-07-30 HTTP/1.1" 200 427
101.83.240.137 - - [30/Jul/2022:10:45:03 +0800] "GET /xingrg/all/function/internal_message.html?_=1659149098746&CODE_STATE=getMsg HTTP/1.1" 200 27
114.86.227.20 - - [30/Jul/2022:10:45:08 +0800] "GET /xingrg/all/function/internal_message.html?_=1659149105272&CODE_STATE=getMsg HTTP/1.1" 200 27
114.86.227.20 - - [30/Jul/2022:10:45:08 +0800] "GET /xingrg/check_reg.html?_=1659149105273 HTTP/1.1" 200 22
116.224.123.211 - - [30/Jul/2022:10:45:11 +0800] "GET /xingrg/all/function/internal_message.html?_=1659149108459&CODE_STATE=getMsg HTTP/1.1" 200 27
58.40.7.146 - - [30/Jul/2022:10:45:19 +0800] "GET /favicon.ico HTTP/1.1" 404 -
180.169.147.146 - - [30/Jul/2022:10:45:21 +0800] "GET /xingrg/all/function/internal_message.html?_=1659149116670&CODE_STATE=getMsg HTTP/1.1" 200 27
114.88.158.224 - - [30/Jul/2022:10:45:23 +0800] "GET /xingrg/all/function/internal_message.html?_=1659148805806&CODE_STATE=getMsg HTTP/1.1" 200 27
61.165.20.118 - - [30/Jul/2022:10:45:25 +0800] "GET /xingrg/all/function/internal_message.html?_=1659149003656&CODE_STATE=getMsg HTTP/1.1" 200 27
101.85.120.95 - - [30/Jul/2022:10:45:26 +0800] "GET /xingrg/all/function/internal_message.html?_=1659149122906&CODE_STATE=getMsg HTTP/1.1" 200 27
180.169.147.146 - - [30/Jul/2022:10:45:29 +0800] "GET /xingrg/all/function/internal_message.html?_=1659149123797&CODE_STATE=getMsg HTTP/1.1" 200 27
116.224.123.211 - - [30/Jul/2022:10:45:31 +0800] "GET /xingrg/all/function/internal_message.html?_=1659149127907&CODE_STATE=getMsg HTTP/1.1" 200 27
116.224.123.211 - - [30/Jul/2022:10:45:31 +0800] "GET /xingrg/check_reg.html?_=1659149127911 HTTP/1.1" 200 22
116.232.194.65 - - [30/Jul/2022:10:45:32 +0800] "POST /xingrg/services/DataTransmitService HTTP/1.1" 200 524
116.232.194.65 - - [30/Jul/2022:10:45:32 +0800] "POST /xingrg/services/DataTransmitService HTTP/1.1" 200 412
222.69.129.110 - - [30/Jul/2022:10:45:37 +0800] "GET /xingrg/all/function/internal_message.html?_=1659149189765&CODE_STATE=getMsg HTTP/1.1" 200 27
61.165.20.118 - - [30/Jul/2022:10:45:37 +0800] "GET /xingrg/kc/buy/cgsh_order_operate.html?command=get_materiel&rest_code=00105&code=00101009007&supplier_code=00100024&order_time=2022-07-30 HTTP/1.1" 200 426
116.224.255.128 - - [30/Jul/2022:10:45:42 +0800] "GET /xingrg/all/function/internal_message.html?_=1659149138632&CODE_STATE=getMsg HTTP/1.1" 200 27
218.81.223.53 - - [30/Jul/2022:10:45:46 +0800] "GET /xingrg/all/function/internal_message.html?_=1659149150963&CODE_STATE=getMsg HTTP/1.1" 200 27
61.165.20.118 - - [30/Jul/2022:10:45:46 +0800] "GET /xingrg/all/function/internal_message.html?_=1659149142345&CODE_STATE=getMsg HTTP/1.1" 200 27
116.232.194.65 - - [30/Jul/2022:10:45:49 +0800] "GET /xingrg/all/function/internal_message.html?_=1659149136914&CODE_STATE=getMsg HTTP/1.1" 200 27
116.232.194.65 - - [30/Jul/2022:10:45:51 +0800] "GET /xingrg/check_reg.html?_=1659149138781 HTTP/1.1" 200 22
101.80.228.36 - - [30/Jul/2022:10:45:55 +0800] "GET /xingrg/all/function/internal_message.html?_=1659149153133&CODE_STATE=getMsg HTTP/1.1" 200 27
114.88.158.224 - - [30/Jul/2022:10:45:57 +0800] "POST /xingrg/services/DataTransmitService HTTP/1.1" 200 524
61.165.20.118 - - [30/Jul/2022:10:46:00 +0800] "GET /xingrg/kc/buy/cgsh_order_operate.html?command=get_materiel&rest_code=00105&code=00101009011&supplier_code=00100024&order_time=2022-07-30 HTTP/1.1" 200 432
101.83.240.137 - - [30/Jul/2022:10:46:03 +0800] "GET /xingrg/all/function/internal_message.html?_=1659149158717&CODE_STATE=getMsg HTTP/1.1" 200 27
114.86.227.20 - - [30/Jul/2022:10:46:08 +0800] "GET /xingrg/all/function/internal_message.html?_=1659149165273&CODE_STATE=getMsg HTTP/1.1" 200 27
116.224.123.211 - - [30/Jul/2022:10:46:11 +0800] "GET /xingrg/all/function/internal_message.html?_=1659149168457&CODE_STATE=getMsg HTTP/1.1" 200 27
61.165.20.118 - - [30/Jul/2022:10:46:20 +0800] "GET /xingrg/kc/buy/cgsh_order_operate.html?command=get_materiel&rest_code=00105&code=00101009016&supplier_code=00100024&order_time=2022-07-30 HTTP/1.1" 200 430
180.169.147.146 - - [30/Jul/2022:10:46:21 +0800] "GET /xingrg/check_reg.html?_=1659149176675 HTTP/1.1" 200 22
180.169.147.146 - - [30/Jul/2022:10:46:21 +0800] "GET /xingrg/all/function/internal_message.html?_=1659149176676&CODE_STATE=getMsg HTTP/1.1" 200 27
114.88.158.224 - - [30/Jul/2022:10:46:23 +0800] "GET /xingrg/check_reg.html?_=1659148865796 HTTP/1.1" 200 22
114.88.158.224 - - [30/Jul/2022:10:46:23 +0800] "GET /xingrg/all/function/internal_message.html?_=1659148865798&CODE_STATE=getMsg HTTP/1.1" 200 27
61.165.20.118 - - [30/Jul/2022:10:46:25 +0800] "GET /xingrg/all/function/internal_message.html?_=1659149063640&CODE_STATE=getMsg HTTP/1.1" 200 27
101.85.120.95 - - [30/Jul/2022:10:46:26 +0800] "GET /xingrg/all/function/internal_message.html?_=1659149182904&CODE_STATE=getMsg HTTP/1.1" 200 27
180.169.147.146 - - [30/Jul/2022:10:46:29 +0800] "GET /xingrg/all/function/internal_message.html?_=1659149183814&CODE_STATE=getMsg HTTP/1.1" 200 27
116.224.123.211 - - [30/Jul/2022:10:46:31 +0800] "GET /xingrg/all/function/internal_message.html?_=1659149187906&CODE_STATE=getMsg HTTP/1.1" 200 27
222.69.129.110 - - [30/Jul/2022:10:46:37 +0800] "GET /xingrg/all/function/internal_message.html?_=1659149249750&CODE_STATE=getMsg HTTP/1.1" 200 27
116.224.255.128 - - [30/Jul/2022:10:46:42 +0800] "GET /xingrg/all/function/internal_message.html?_=1659149198614&CODE_STATE=getMsg HTTP/1.1" 200 27
218.81.223.53 - - [30/Jul/2022:10:46:46 +0800] "GET /xingrg/all/function/internal_message.html?_=1659149210964&CODE_STATE=getMsg HTTP/1.1" 200 27
61.165.20.118 - - [30/Jul/2022:10:46:46 +0800] "GET /xingrg/all/function/internal_message.html?_=1659149202317&CODE_STATE=getMsg HTTP/1.1" 200 27
116.232.194.65 - - [30/Jul/2022:10:46:49 +0800] "GET /xingrg/all/function/internal_message.html?_=1659149196907&CODE_STATE=getMsg HTTP/1.1" 200 27
101.80.228.36 - - [30/Jul/2022:10:46:55 +0800] "GET /xingrg/all/function/internal_message.html?_=1659149213135&CODE_STATE=getMsg HTTP/1.1" 200 27
218.81.223.53 - - [30/Jul/2022:10:46:59 +0800] "GET /xingrg/kc/buy/cgsh_order_operate.html?command=get_materiel&rest_code=00146&code=00101008354&supplier_code=00100005&order_time=2022-07-30 HTTP/1.1" 200 412
101.83.240.137 - - [30/Jul/2022:10:47:03 +0800] "GET /xingrg/all/function/internal_message.html?_=1659149218690&CODE_STATE=getMsg HTTP/1.1" 200 27
114.86.227.20 - - [30/Jul/2022:10:47:08 +0800] "GET /xingrg/all/function/internal_message.html?_=1659149225278&CODE_STATE=getMsg HTTP/1.1" 200 27
116.224.123.211 - - [30/Jul/2022:10:47:11 +0800] "GET /xingrg/all/function/internal_message.html?_=1659149228462&CODE_STATE=getMsg HTTP/1.1" 200 27
114.86.227.20 - - [30/Jul/2022:10:47:15 +0800] "GET /xingrg/kc/buy/cgsh_order_operate.html?command=get_materiel&rest_code=00109&code=00101008003&supplier_code=00100005&order_time=2022-07-30 HTTP/1.1" 200 424
218.81.223.53 - - [30/Jul/2022:10:47:21 +0800] "GET /xingrg/kc/buy/cgsh_order_operate.html?command=get_materiel&rest_code=00146&code=00101008290&supplier_code=00100005&order_time=2022-07-30 HTTP/1.1" 200 416
180.169.147.146 - - [30/Jul/2022:10:47:21 +0800] "GET /xingrg/all/function/internal_message.html?_=1659149236678&CODE_STATE=getMsg HTTP/1.1" 200 27
114.86.227.20 - - [30/Jul/2022:10:47:23 +0800] "GET /xingrg/kc/buy/cgsh_order_operate.html?command=get_materiel&rest_code=00109&code=00101008356&supplier_code=00100005&order_time=2022-07-30 HTTP/1.1" 200 408
114.88.158.224 - - [30/Jul/2022:10:47:23 +0800] "GET /xingrg/all/function/internal_message.html?_=1659148925827&CODE_STATE=getMsg HTTP/1.1" 200 27
61.165.20.118 - - [30/Jul/2022:10:47:25 +0800] "GET /xingrg/all/function/internal_message.html?_=1659149123623&CODE_STATE=getMsg HTTP/1.1" 200 27
101.85.120.95 - - [30/Jul/2022:10:47:26 +0800] "GET /xingrg/all/function/internal_message.html?_=1659149242896&CODE_STATE=getMsg HTTP/1.1" 200 27
101.85.120.95 - - [30/Jul/2022:10:47:26 +0800] "GET /xingrg/check_reg.html?_=1659149242900 HTTP/1.1" 200 22
180.169.147.146 - - [30/Jul/2022:10:47:29 +0800] "GET /xingrg/all/function/internal_message.html?_=1659149243809&CODE_STATE=getMsg HTTP/1.1" 200 27
180.169.147.146 - - [30/Jul/2022:10:47:29 +0800] "GET /xingrg/check_reg.html?_=1659149243833 HTTP/1.1" 200 22
124.78.154.216 - - [30/Jul/2022:10:47:30 +0800] "POST /xingrg/kc/buy/cgsh_list_operate.html HTTP/1.1" 200 4375
114.86.227.20 - - [30/Jul/2022:10:47:31 +0800] "GET /xingrg/kc/buy/cgsh_order_operate.html?command=get_materiel&rest_code=00109&code=00101008069&supplier_code=00100005&order_time=2022-07-30 HTTP/1.1" 200 412
116.224.123.211 - - [30/Jul/2022:10:47:32 +0800] "GET /xingrg/all/function/internal_message.html?_=1659149247919&CODE_STATE=getMsg HTTP/1.1" 200 27
218.81.223.53 - - [30/Jul/2022:10:47:32 +0800] "GET /xingrg/kc/buy/cgsh_order_operate.html?command=get_materiel&rest_code=00146&code=00101008264&supplier_code=00100005&order_time=2022-07-30 HTTP/1.1" 200 428
222.69.129.110 - - [30/Jul/2022:10:47:37 +0800] "GET /xingrg/all/function/internal_message.html?_=1659149309731&CODE_STATE=getMsg HTTP/1.1" 200 27
114.86.227.20 - - [30/Jul/2022:10:47:40 +0800] "GET /xingrg/kc/buy/cgsh_order_operate.html?command=get_materiel&rest_code=00109&code=00101008286&supplier_code=00100005&order_time=2022-07-30 HTTP/1.1" 200 408
116.224.255.128 - - [30/Jul/2022:10:47:42 +0800] "GET /xingrg/all/function/internal_message.html?_=1659149258600&CODE_STATE=getMsg HTTP/1.1" 200 27
180.162.109.37 - - [30/Jul/2022:10:47:43 +0800] "GET /xingrg HTTP/1.1" 302 -
180.162.109.37 - - [30/Jul/2022:10:47:44 +0800] "GET /xingrg/ HTTP/1.1" 304 -
218.81.223.53 - - [30/Jul/2022:10:47:45 +0800] "GET /xingrg/kc/buy/cgsh_order_operate.html?command=get_materiel&rest_code=00146&code=00101008357&supplier_code=00100005&order_time=2022-07-30 HTTP/1.1" 200 408
218.81.223.53 - - [30/Jul/2022:10:47:46 +0800] "GET /xingrg/all/function/internal_message.html?_=1659149270978&CODE_STATE=getMsg HTTP/1.1" 200 27
114.86.227.20 - - [30/Jul/2022:10:47:46 +0800] "POST /xingrg/kc/buy/cgsh_order_operate.html HTTP/1.1" 200 2065
61.165.20.118 - - [30/Jul/2022:10:47:46 +0800] "GET /xingrg/all/function/internal_message.html?_=1659149262290&CODE_STATE=getMsg HTTP/1.1" 200 27
116.232.194.65 - - [30/Jul/2022:10:47:49 +0800] "GET /xingrg/all/function/internal_message.html?_=1659149256892&CODE_STATE=getMsg HTTP/1.1" 200 27
114.86.227.20 - - [30/Jul/2022:10:47:51 +0800] "GET /xingrg/kc/buy/cgsh_order_operate.html?command=get_materiel&rest_code=00109&code=00101008296&supplier_code=00100005&order_time=2022-07-30 HTTP/1.1" 200 416
101.80.228.36 - - [30/Jul/2022:10:47:55 +0800] "GET /xingrg/all/function/internal_message.html?_=1659149273122&CODE_STATE=getMsg HTTP/1.1" 200 27
218.81.223.53 - - [30/Jul/2022:10:47:58 +0800] "GET /xingrg/kc/buy/cgsh_order_operate.html?command=get_materiel&rest_code=00146&code=00101008131&supplier_code=00100005&order_time=2022-07-30 HTTP/1.1" 200 408
114.86.227.20 - - [30/Jul/2022:10:47:58 +0800] "GET /xingrg/kc/buy/cgsh_order_operate.html?command=get_materiel&rest_code=00109&code=00101008213&supplier_code=00100005&order_time=2022-07-30 HTTP/1.1" 200 428
180.162.109.37 - - [30/Jul/2022:10:48:03 +0800] "GET /xingrg/index.html HTTP/1.1" 302 -
180.162.109.37 - - [30/Jul/2022:10:48:03 +0800] "GET /favicon.ico HTTP/1.1" 404 -
180.162.109.37 - - [30/Jul/2022:10:48:03 +0800] "GET /xingrg/login.html HTTP/1.1" 200 7641
101.83.240.137 - - [30/Jul/2022:10:48:03 +0800] "GET /xingrg/all/function/internal_message.html?_=1659149278674&CODE_STATE=getMsg HTTP/1.1" 200 27
180.162.109.37 - - [30/Jul/2022:10:48:04 +0800] "GET /xingrg/images/blue/jxLogo.png HTTP/1.1" 304 -
180.162.109.37 - - [30/Jul/2022:10:48:05 +0800] "GET /xingrg/images/blue/login_bg.png HTTP/1.1" 304 -
180.162.109.37 - - [30/Jul/2022:10:48:05 +0800] "GET /xingrg/images/blue/hj.png HTTP/1.1" 304 -
180.162.109.37 - - [30/Jul/2022:10:48:06 +0800] "GET /xingrg/images/blue/srbg.png HTTP/1.1" 304 -
180.162.109.37 - - [30/Jul/2022:10:48:06 +0800] "GET /favicon.ico HTTP/1.1" 404 -
114.86.227.20 - - [30/Jul/2022:10:48:08 +0800] "GET /xingrg/all/function/internal_message.html?_=1659149285267&CODE_STATE=getMsg HTTP/1.1" 200 27
114.86.227.20 - - [30/Jul/2022:10:48:09 +0800] "GET /xingrg/kc/buy/cgsh_order_operate.html?command=get_materiel&rest_code=00109&code=00101008180&supplier_code=00100005&order_time=2022-07-30 HTTP/1.1" 200 413
116.224.123.211 - - [30/Jul/2022:10:48:11 +0800] "GET /xingrg/all/function/internal_message.html?_=1659149288463&CODE_STATE=getMsg HTTP/1.1" 200 27
116.224.123.211 - - [30/Jul/2022:10:48:11 +0800] "GET /xingrg/check_reg.html?_=1659149288465 HTTP/1.1" 200 22
61.165.20.118 - - [30/Jul/2022:10:48:14 +0800] "GET /xingrg/kc/buy/cgsh_order_operate.html?command=get_materiel&rest_code=00105&code=00101009013&supplier_code=00100024&order_time=2022-07-30 HTTP/1.1" 200 436
218.81.223.53 - - [30/Jul/2022:10:48:14 +0800] "GET /xingrg/kc/buy/cgsh_order_operate.html?command=get_materiel&rest_code=00146&code=00101008353&supplier_code=00100005&order_time=2022-07-30 HTTP/1.1" 200 424
180.162.109.37 - - [30/Jul/2022:10:48:15 +0800] "POST /xingrg/login.do HTTP/1.1" 302 -
180.162.109.37 - - [30/Jul/2022:10:48:16 +0800] "GET /xingrg/index.html?sysBaseUrl=http%3A%2F%2F180.169.147.146%3A18081%2Fxingrg%2F&costTime=40×tamp=1659149295855 HTTP/1.1" 200 17179
180.162.109.37 - - [30/Jul/2022:10:48:16 +0800] "GET /xingrg/javascript/jquery_easy_ui/themes/default/easyui.css HTTP/1.1" 304 -
180.162.109.37 - - [30/Jul/2022:10:48:16 +0800] "GET /xingrg/javascript/jquery_easy_ui/themes/icon.css HTTP/1.1" 304 -
180.162.109.37 - - [30/Jul/2022:10:48:16 +0800] "GET /xingrg/javascript/jquery_easy_ui/jquery.easyui.min.js HTTP/1.1" 304 -
180.162.109.37 - - [30/Jul/2022:10:48:16 +0800] "GET /xingrg/javascript/jquery_easy_ui/easyui-lang-zh_CN.js HTTP/1.1" 304 -
180.162.109.37 - - [30/Jul/2022:10:48:16 +0800] "GET /xingrg/javascript/jquery.form.js HTTP/1.1" 304 -
180.162.109.37 - - [30/Jul/2022:10:48:17 +0800] "GET /xingrg/css/form.css HTTP/1.1" 304 -
180.162.109.37 - - [30/Jul/2022:10:48:17 +0800] "GET /favicon.ico HTTP/1.1" 404 -
180.162.109.37 - - [30/Jul/2022:10:48:17 +0800] "GET /xingrg/javascript/jquery-1.4.2.min.js HTTP/1.1" 304 -
180.162.109.37 - - [30/Jul/2022:10:48:17 +0800] "GET /xingrg/javascript/jquery.utils.js HTTP/1.1" 304 -
180.162.109.37 - - [30/Jul/2022:10:48:17 +0800] "GET /xingrg/javascript/jquery.timers.js HTTP/1.1" 304 -
180.162.109.37 - - [30/Jul/2022:10:48:18 +0800] "GET /xingrg/javascript/jquery_easy_ui/themes/icons/settle_new.png HTTP/1.1" 304 -
180.162.109.37 - - [30/Jul/2022:10:48:18 +0800] "GET /xingrg/images/blue/navBackgound.jpg HTTP/1.1" 304 -
180.162.109.37 - - [30/Jul/2022:10:48:19 +0800] "POST /xingrg/all/common/load_tree.html?tree=area_rest_tree_json&manage=1 HTTP/1.1" 200 351
180.162.109.37 - - [30/Jul/2022:10:48:19 +0800] "GET /xingrg/all/function/internal_message.html?_=1659148489216&CODE_STATE=count HTTP/1.1" 200 11
180.162.109.37 - - [30/Jul/2022:10:48:19 +0800] "GET /xingrg/check_reg.html?_=1659148489217 HTTP/1.1" 200 22
180.162.109.37 - - [30/Jul/2022:10:48:19 +0800] "GET /xingrg/images/blue/pingpu.png HTTP/1.1" 304 -
180.162.109.37 - - [30/Jul/2022:10:48:19 +0800] "GET /xingrg/javascript/jquery_easy_ui/themes/default/images/tabs_leftarrow.png HTTP/1.1" 304 -
180.162.109.37 - - [30/Jul/2022:10:48:19 +0800] "GET /xingrg/javascript/jquery_easy_ui/themes/default/images/tabs_rightarrow.png HTTP/1.1" 304 -
180.162.109.37 - - [30/Jul/2022:10:48:20 +0800] "GET /xingrg/javascript/jquery_easy_ui/themes/default/images/panel_tool_collapse.gif HTTP/1.1" 304 -
180.162.109.37 - - [30/Jul/2022:10:48:20 +0800] "POST /xingrg/load_menu.html HTTP/1.1" 200 5138
180.162.109.37 - - [30/Jul/2022:10:48:20 +0800] "GET /xingrg/javascript/jquery_easy_ui/themes/default/images/tree_arrows.gif HTTP/1.1" 304 -
180.162.109.37 - - [30/Jul/2022:10:48:20 +0800] "GET /xingrg/javascript/jquery_easy_ui/themes/default/images/tree_folder_open.gif HTTP/1.1" 304 -
180.162.109.37 - - [30/Jul/2022:10:48:20 +0800] "GET /xingrg/javascript/jquery_easy_ui/themes/icons/search_new.png HTTP/1.1" 304 -
180.162.109.37 - - [30/Jul/2022:10:48:20 +0800] "GET /xingrg/javascript/jquery_easy_ui/themes/icons/storage_new.png HTTP/1.1" 304 -
180.162.109.37 - - [30/Jul/2022:10:48:20 +0800] "GET /xingrg/javascript/jquery_easy_ui/themes/default/images/tree_folder.gif HTTP/1.1" 304 -
180.162.109.37 - - [30/Jul/2022:10:48:20 +0800] "GET /xingrg/javascript/jquery_easy_ui/themes/icons/forms_new.png HTTP/1.1" 304 -
180.162.109.37 - - [30/Jul/2022:10:48:20 +0800] "GET /xingrg/javascript/jquery_easy_ui/themes/default/images/tree_file.gif HTTP/1.1" 304 -
180.169.147.146 - - [30/Jul/2022:10:48:21 +0800] "GET /xingrg/all/function/internal_message.html?_=1659149296665&CODE_STATE=getMsg HTTP/1.1" 200 27
114.86.227.20 - - [30/Jul/2022:10:48:22 +0800] "GET /xingrg/kc/buy/cgsh_order_operate.html?command=get_materiel&rest_code=00109&code=00101008125&supplier_code=00100005&order_time=2022-07-30 HTTP/1.1" 200 413
114.88.158.224 - - [30/Jul/2022:10:48:23 +0800] "GET /xingrg/all/function/internal_message.html?_=1659148985821&CODE_STATE=getMsg HTTP/1.1" 200 27
218.81.223.53 - - [30/Jul/2022:10:48:25 +0800] "GET /xingrg/kc/buy/cgsh_order_operate.html?command=get_materiel&rest_code=00146&code=00101008213&supplier_code=00100005&order_time=2022-07-30 HTTP/1.1" 200 428
120.253.135.82 - - [30/Jul/2022:10:48:25 +0800] "GET /xingrg/check_reg.html?_=1659149109530 HTTP/1.1" 200 22
61.165.20.118 - - [30/Jul/2022:10:48:25 +0800] "GET /xingrg/all/function/internal_message.html?_=1659149183607&CODE_STATE=getMsg HTTP/1.1" 200 27
101.85.120.95 - - [30/Jul/2022:10:48:26 +0800] "GET /xingrg/all/function/internal_message.html?_=1659149302911&CODE_STATE=getMsg HTTP/1.1" 200 27
218.81.223.53 - - [30/Jul/2022:10:48:27 +0800] "POST /xingrg/kc/buy/cgsh_order_operate.html HTTP/1.1" 200 2065
180.169.147.146 - - [30/Jul/2022:10:48:29 +0800] "GET /xingrg/all/function/internal_message.html?_=1659149303824&CODE_STATE=getMsg HTTP/1.1" 200 27
114.86.227.20 - - [30/Jul/2022:10:48:30 +0800] "GET /xingrg/kc/buy/cgsh_order_operate.html?command=get_materiel&rest_code=00109&code=00101008403&supplier_code=00100005&order_time=2022-07-30 HTTP/1.1" 200 412
180.162.109.37 - - [30/Jul/2022:10:48:30 +0800] "GET /xingrg/kc/buy/buy_main.html HTTP/1.1" 200 12412
180.162.109.37 - - [30/Jul/2022:10:48:30 +0800] "GET /xingrg/javascript/jquery_easy_ui/themes/default/images/tabs_close.gif HTTP/1.1" 304 -
180.162.109.37 - - [30/Jul/2022:10:48:30 +0800] "GET /xingrg/css/blue.css HTTP/1.1" 304 -
180.162.109.37 - - [30/Jul/2022:10:48:30 +0800] "GET /xingrg/css/new_ie.css HTTP/1.1" 404 1036
180.162.109.37 - - [30/Jul/2022:10:48:31 +0800] "GET /xingrg/javascript/jquery_ui/themes/humanity/humanity.css HTTP/1.1" 304 -
180.162.109.37 - - [30/Jul/2022:10:48:31 +0800] "GET /xingrg/javascript/pic_change.js HTTP/1.1" 304 -
180.162.109.37 - - [30/Jul/2022:10:48:31 +0800] "GET /xingrg/javascript/ToolTips.js HTTP/1.1" 304 -
180.162.109.37 - - [30/Jul/2022:10:48:31 +0800] "GET /xingrg/javascript/myfunction.js HTTP/1.1" 304 -
180.162.109.37 - - [30/Jul/2022:10:48:31 +0800] "GET /xingrg/javascript/jquery_ui/jquery-ui.min.js HTTP/1.1" 304 -
180.162.109.37 - - [30/Jul/2022:10:48:31 +0800] "GET /xingrg/images/blue/button/cgxqd.gif HTTP/1.1" 304 -
180.162.109.37 - - [30/Jul/2022:10:48:31 +0800] "GET /xingrg/images/blue/button/cgydd.gif HTTP/1.1" 304 -
180.162.109.37 - - [30/Jul/2022:10:48:31 +0800] "GET /xingrg/images/blue/button/cgshd.gif HTTP/1.1" 304 -
180.162.109.37 - - [30/Jul/2022:10:48:31 +0800] "GET /xingrg/images/blue/button/cgfkd.gif HTTP/1.1" 304 -
180.162.109.37 - - [30/Jul/2022:10:48:31 +0800] "GET /xingrg/images/blue/button/kc.gif HTTP/1.1" 304 -
180.162.109.37 - - [30/Jul/2022:10:48:31 +0800] "GET /xingrg/images/blue/button/ckthd.gif HTTP/1.1" 304 -
180.162.109.37 - - [30/Jul/2022:10:48:31 +0800] "GET /xingrg/images/blue/pic_form2.gif HTTP/1.1" 304 -
180.162.109.37 - - [30/Jul/2022:10:48:31 +0800] "GET /xingrg/javascript/jquery_ui/themes/humanity/images/ui-bg_inset-soft_100_f4f0ec_1x100.png HTTP/1.1" 304 -
180.162.109.37 - - [30/Jul/2022:10:48:31 +0800] "GET /xingrg/images/blue/bg_dotted.jpg HTTP/1.1" 304 -
180.162.109.37 - - [30/Jul/2022:10:48:31 +0800] "GET /xingrg/images/blue/button/right_ah.jpg HTTP/1.1" 304 -
180.162.109.37 - - [30/Jul/2022:10:48:31 +0800] "GET /xingrg/images/blue/button/down_ah.jpg HTTP/1.1" 304 -
180.162.109.37 - - [30/Jul/2022:10:48:31 +0800] "GET /xingrg/javascript/jquery_ui/themes/humanity/images/ui-iconsnew.jpg HTTP/1.1" 304 -
180.162.109.37 - - [30/Jul/2022:10:48:31 +0800] "GET /xingrg/javascript/jquery_ui/themes/humanity/images/ui-icons_ffffff_256x240.png HTTP/1.1" 304 -
180.162.109.37 - - [30/Jul/2022:10:48:31 +0800] "GET /xingrg/javascript/jquery_ui/themes/humanity/images/ui-icons_c47a23_256x240.png HTTP/1.1" 304 -
180.162.109.37 - - [30/Jul/2022:10:48:31 +0800] "GET /xingrg/javascript/jquery_ui/themes/humanity/images/ui-bg_glass_70_ede4d4_1x400.png HTTP/1.1" 304 -
116.224.123.211 - - [30/Jul/2022:10:48:31 +0800] "GET /xingrg/all/function/internal_message.html?_=1659149307917&CODE_STATE=getMsg HTTP/1.1" 200 27
114.86.227.20 - - [30/Jul/2022:10:48:32 +0800] "POST /xingrg/kc/buy/cgsh_order_operate.html HTTP/1.1" 200 2065
180.162.109.37 - - [30/Jul/2022:10:48:32 +0800] "GET /xingrg/images/yd/bt.gif HTTP/1.1" 404 1040
180.162.109.37 - - [30/Jul/2022:10:48:33 +0800] "GET /xingrg/kc/buy/cgsh_order_list.html HTTP/1.1" 200 52168
180.162.109.37 - - [30/Jul/2022:10:48:33 +0800] "GET /xingrg/css/base.css HTTP/1.1" 304 -
180.162.109.37 - - [30/Jul/2022:10:48:33 +0800] "GET /xingrg/css/site.css HTTP/1.1" 304 -
180.162.109.37 - - [30/Jul/2022:10:48:33 +0800] "GET /xingrg/javascript/jquery_tools/datebox.css HTTP/1.1" 304 -
180.162.109.37 - - [30/Jul/2022:10:48:33 +0800] "GET /xingrg/javascript/easyui/themes/default/easyui.css HTTP/1.1" 304 -
180.162.109.37 - - [30/Jul/2022:10:48:33 +0800] "GET /xingrg/javascript/easyui/themes/icon.css HTTP/1.1" 304 -
180.162.109.37 - - [30/Jul/2022:10:48:33 +0800] "GET /xingrg/javascript/auto/jquery.autocomplete.css HTTP/1.1" 304 -
180.162.109.37 - - [30/Jul/2022:10:48:33 +0800] "GET /xingrg/javascript/jquery_tools/fix.css HTTP/1.1" 304 -
180.162.109.37 - - [30/Jul/2022:10:48:33 +0800] "GET /xingrg/javascript/jquery_tools/table.css HTTP/1.1" 304 -
180.162.109.37 - - [30/Jul/2022:10:48:33 +0800] "GET /xingrg/javascript/jquery_tools/jquery.tools.min.js HTTP/1.1" 304 -
180.162.109.37 - - [30/Jul/2022:10:48:33 +0800] "GET /xingrg/javascript/jquery_tools/jquery.tools.extend.js HTTP/1.1" 304 -
180.162.109.37 - - [30/Jul/2022:10:48:33 +0800] "GET /xingrg/javascript/jquery_tools/jquery.tools.hotkey.js HTTP/1.1" 304 -
180.162.109.37 - - [30/Jul/2022:10:48:33 +0800] "GET /xingrg/javascript/jquery_tools/jquery.tools.table.js HTTP/1.1" 304 -
180.162.109.37 - - [30/Jul/2022:10:48:33 +0800] "GET /xingrg/javascript/jquery_tools/list_manager.js HTTP/1.1" 304 -
180.162.109.37 - - [30/Jul/2022:10:48:33 +0800] "GET /xingrg/javascript/auto/jquery.autocomplete.js HTTP/1.1" 304 -
180.162.109.37 - - [30/Jul/2022:10:48:33 +0800] "GET /xingrg/javascript/easyui/easyloader.js HTTP/1.1" 304 -
180.162.109.37 - - [30/Jul/2022:10:48:33 +0800] "GET /xingrg/javascript/jquery.cookie.js HTTP/1.1" 304 -
180.162.109.37 - - [30/Jul/2022:10:48:33 +0800] "GET /xingrg/javascript/print/LodopFuncs.js HTTP/1.1" 304 -
180.162.109.37 - - [30/Jul/2022:10:48:33 +0800] "GET /xingrg/javascript/easyui/themes/icons/check_new.png HTTP/1.1" 304 -
180.162.109.37 - - [30/Jul/2022:10:48:33 +0800] "GET /xingrg/javascript/easyui/themes/icons/field_new.png HTTP/1.1" 304 -
180.162.109.37 - - [30/Jul/2022:10:48:33 +0800] "GET /xingrg/javascript/easyui/themes/icons/cance_new.png HTTP/1.1" 304 -
180.162.109.37 - - [30/Jul/2022:10:48:33 +0800] "GET /xingrg/javascript/easyui/themes/icons/edit_add_new.png HTTP/1.1" 304 -
180.162.109.37 - - [30/Jul/2022:10:48:33 +0800] "GET /xingrg/javascript/easyui/themes/icons/import_new.png HTTP/1.1" 304 -
180.162.109.37 - - [30/Jul/2022:10:48:33 +0800] "GET /xingrg/javascript/easyui/plugins/jquery.parser.js HTTP/1.1" 304 -
180.162.109.37 - - [30/Jul/2022:10:48:33 +0800] "GET /xingrg/images/control/ajaxLoader.gif HTTP/1.1" 304 -
180.162.109.37 - - [30/Jul/2022:10:48:36 +0800] "POST /xingrg/kc/buy/cgsh_list_operate.html HTTP/1.1" 200 1463
114.86.227.20 - - [30/Jul/2022:10:48:36 +0800] "GET /xingrg/kc/buy/cgsh_order_operate.html?command=get_materiel&rest_code=00109&code=00101008323&supplier_code=00100005&order_time=2022-07-30 HTTP/1.1" 200 408
101.83.240.137 - - [30/Jul/2022:10:48:36 +0800] "POST /xingrg/services/DataTransmitService HTTP/1.1" 200 524
218.81.223.53 - - [30/Jul/2022:10:48:37 +0800] "GET /xingrg/kc/buy/cgsh_order_operate.html?command=get_materiel&rest_code=00146&code=00101008298&supplier_code=00100005&order_time=2022-07-30 HTTP/1.1" 200 428
222.69.129.110 - - [30/Jul/2022:10:48:37 +0800] "GET /xingrg/all/function/internal_message.html?_=1659149369706&CODE_STATE=getMsg HTTP/1.1" 200 27
101.83.240.137 - - [30/Jul/2022:10:48:37 +0800] "POST /xingrg/services/DataTransmitService HTTP/1.1" 200 412
180.162.109.37 - - [30/Jul/2022:10:48:38 +0800] "POST /xingrg/kc/buy/cgsh_list_operate.html HTTP/1.1" 200 517
222.69.129.110 - - [30/Jul/2022:10:48:38 +0800] "GET /xingrg/check_reg.html?_=1659149370795 HTTP/1.1" 200 22
180.162.109.37 - - [30/Jul/2022:10:48:39 +0800] "GET /xingrg/kc/buy/cgsh_order_info.html?code=212022072606914 HTTP/1.1" 200 67033
180.162.109.37 - - [30/Jul/2022:10:48:39 +0800] "GET /xingrg/javascript/jquery_tools/order_manager.js HTTP/1.1" 304 -
180.162.109.37 - - [30/Jul/2022:10:48:39 +0800] "GET /xingrg/javascript/convert.js HTTP/1.1" 304 -
180.162.109.37 - - [30/Jul/2022:10:48:39 +0800] "GET /xingrg/javascript/json2.js HTTP/1.1" 304 -
180.162.109.37 - - [30/Jul/2022:10:48:39 +0800] "GET /xingrg/javascript/print/kc_print.js HTTP/1.1" 304 -
180.162.109.37 - - [30/Jul/2022:10:48:39 +0800] "GET /xingrg/words/20220730095315_words.js HTTP/1.1" 200 907689
180.162.109.37 - - [30/Jul/2022:10:48:39 +0800] "GET /xingrg/javascript/easyui/themes/default/images/menu_downarrow.png HTTP/1.1" 304 -
180.162.109.37 - - [30/Jul/2022:10:48:39 +0800] "GET /xingrg/javascript/easyui/themes/icons/print.png HTTP/1.1" 304 -
180.162.109.37 - - [30/Jul/2022:10:48:39 +0800] "GET /xingrg/javascript/easyui/themes/icons/ok.png HTTP/1.1" 304 -
180.162.109.37 - - [30/Jul/2022:10:48:39 +0800] "GET /xingrg/javascript/easyui/themes/icons/template_new.png HTTP/1.1" 304 -
180.162.109.37 - - [30/Jul/2022:10:48:39 +0800] "GET /xingrg/javascript/easyui/themes/icons/copy_new.png HTTP/1.1" 304 -
180.162.109.37 - - [30/Jul/2022:10:48:39 +0800] "GET /xingrg/javascript/easyui/themes/icons/cancel.png HTTP/1.1" 304 -
180.162.109.37 - - [30/Jul/2022:10:48:39 +0800] "GET /xingrg/all/common/auto_word.html?type=employee&rest_code=00143 HTTP/1.1" 200 55
180.162.109.37 - - [30/Jul/2022:10:48:39 +0800] "GET /xingrg/javascript/easyui/themes/default/validatebox.css HTTP/1.1" 404 1104
180.162.109.37 - - [30/Jul/2022:10:48:39 +0800] "GET /xingrg/all/common/auto_word.html?type=employee&rest_code=00143 HTTP/1.1" 200 55
180.162.109.37 - - [30/Jul/2022:10:48:39 +0800] "GET /xingrg/javascript/easyui/plugins/jquery.validatebox.js HTTP/1.1" 304 -
180.162.109.37 - - [30/Jul/2022:10:48:39 +0800] "GET /xingrg/javascript/easyui/plugins/jquery.numberbox.js HTTP/1.1" 304 -
180.162.109.37 - - [30/Jul/2022:10:48:40 +0800] "POST /xingrg/kc/buy/cgsh_order_operate.html HTTP/1.1" 200 5038
180.162.109.37 - - [30/Jul/2022:10:48:40 +0800] "GET /xingrg/javascript/easyui/themes/icons/edit_remove.png HTTP/1.1" 304 -
116.224.255.128 - - [30/Jul/2022:10:48:42 +0800] "GET /xingrg/all/function/internal_message.html?_=1659149318570&CODE_STATE=getMsg HTTP/1.1" 200 27
114.86.227.20 - - [30/Jul/2022:10:48:44 +0800] "GET /xingrg/kc/buy/cgsh_order_operate.html?command=get_materiel&rest_code=00109&code=00101008350&supplier_code=00100005&order_time=2022-07-30 HTTP/1.1" 200 425
61.165.20.118 - - [30/Jul/2022:10:48:46 +0800] "GET /xingrg/all/function/internal_message.html?_=1659149322266&CODE_STATE=getMsg HTTP/1.1" 200 27
218.81.223.53 - - [30/Jul/2022:10:48:46 +0800] "GET /xingrg/all/function/internal_message.html?_=1659149330991&CODE_STATE=getMsg HTTP/1.1" 200 27
61.165.20.118 - - [30/Jul/2022:10:48:47 +0800] "GET /xingrg/check_reg.html?_=1659149323920 HTTP/1.1" 200 22
180.162.109.37 - - [30/Jul/2022:10:48:48 +0800] "GET /xingrg/javascript/auto/indicator.gif HTTP/1.1" 404 1066
116.232.194.65 - - [30/Jul/2022:10:48:49 +0800] "GET /xingrg/all/function/internal_message.html?_=1659149316863&CODE_STATE=getMsg HTTP/1.1" 200 27
218.81.223.53 - - [30/Jul/2022:10:48:49 +0800] "GET /xingrg/kc/buy/cgsh_order_operate.html?command=get_materiel&rest_code=00146&code=00101008185&supplier_code=00100005&order_time=2022-07-30 HTTP/1.1" 200 408
180.162.109.37 - - [30/Jul/2022:10:48:53 +0800] "GET /xingrg/kc/buy/cgsh_order_operate.html?command=get_materiel&rest_code=00143&code=00101006199&supplier_code=00100376&order_time=2022-07-06 HTTP/1.1" 200 414
114.86.227.20 - - [30/Jul/2022:10:48:54 +0800] "GET /xingrg/kc/buy/cgsh_order_operate.html?command=get_materiel&rest_code=00109&code=00101008356&supplier_code=00100005&order_time=2022-07-30 HTTP/1.1" 200 408
101.80.228.36 - - [30/Jul/2022:10:48:55 +0800] "GET /xingrg/all/function/internal_message.html?_=1659149333122&CODE_STATE=getMsg HTTP/1.1" 200 27
61.165.20.118 - - [30/Jul/2022:10:48:57 +0800] "GET /xingrg/check_reg.html?_=1659149215744 HTTP/1.1" 200 22
114.86.227.20 - - [30/Jul/2022:10:48:59 +0800] "GET /xingrg/kc/buy/cgsh_order_operate.html?command=get_materiel&rest_code=00109&code=00101008223&supplier_code=00100005&order_time=2022-07-30 HTTP/1.1" 200 412
180.162.109.37 - - [30/Jul/2022:10:49:03 +0800] "GET /xingrg/javascript/easyui/themes/default/images/button_plain_hover.png HTTP/1.1" 304 -
101.83.240.137 - - [30/Jul/2022:10:49:03 +0800] "GET /xingrg/all/function/internal_message.html?_=1659149338659&CODE_STATE=getMsg HTTP/1.1" 200 27
218.81.223.53 - - [30/Jul/2022:10:49:03 +0800] "GET /xingrg/kc/buy/cgsh_order_operate.html?command=get_materiel&rest_code=00146&code=00101008038&supplier_code=00100005&order_time=2022-07-30 HTTP/1.1" 200 412
101.83.240.137 - - [30/Jul/2022:10:49:05 +0800] "GET /xingrg/check_reg.html?_=1659149340050 HTTP/1.1" 200 22
114.86.227.20 - - [30/Jul/2022:10:49:06 +0800] "GET /xingrg/kc/buy/cgsh_order_operate.html?command=get_materiel&rest_code=00109&code=00101008286&supplier_code=00100005&order_time=2022-07-30 HTTP/1.1" 200 408
114.86.227.20 - - [30/Jul/2022:10:49:07 +0800] "POST /xingrg/kc/buy/cgsh_order_operate.html HTTP/1.1" 200 2065
114.86.227.20 - - [30/Jul/2022:10:49:08 +0800] "GET /xingrg/all/function/internal_message.html?_=1659149345279&CODE_STATE=getMsg HTTP/1.1" 200 27
61.165.20.118 - - [30/Jul/2022:10:49:08 +0800] "POST /xingrg/kc/buy/cgsh_order_operate.html HTTP/1.1" 200 37
124.78.154.216 - - [30/Jul/2022:10:49:11 +0800] "GET /xingrg/check_reg.html?_=1659149352261 HTTP/1.1" 200 22
116.224.123.211 - - [30/Jul/2022:10:49:11 +0800] "GET /xingrg/all/function/internal_message.html?_=1659149348467&CODE_STATE=getMsg HTTP/1.1" 200 27
114.86.227.20 - - [30/Jul/2022:10:49:13 +0800] "GET /xingrg/kc/buy/cgsh_order_operate.html?command=get_materiel&rest_code=00109&code=00101008353&supplier_code=00100005&order_time=2022-07-30 HTTP/1.1" 200 424
61.165.20.118 - - [30/Jul/2022:10:49:14 +0800] "POST /xingrg/kc/buy/cgsh_order_operate.html HTTP/1.1" 200 7406
61.165.20.118 - - [30/Jul/2022:10:49:15 +0800] "GET /xingrg/kc/print/load_config.html?kc_code=cgsh HTTP/1.1" 200 1943
61.165.20.118 - - [30/Jul/2022:10:49:15 +0800] "GET /xingrg/kc/print/load_data.html?order_code=212022073008012&kc_code=cgsh&condition= HTTP/1.1" 200 2499
218.81.223.53 - - [30/Jul/2022:10:49:15 +0800] "GET /xingrg/kc/buy/cgsh_order_operate.html?command=get_materiel&rest_code=00146&code=00101008358&supplier_code=00100005&order_time=2022-07-30 HTTP/1.1" 200 412
114.86.227.20 - - [30/Jul/2022:10:49:19 +0800] "GET /xingrg/kc/buy/cgsh_order_operate.html?command=get_materiel&rest_code=00109&code=00101008283&supplier_code=00100005&order_time=2022-07-30 HTTP/1.1" 200 408
180.162.109.37 - - [30/Jul/2022:10:49:19 +0800] "GET /xingrg/all/function/internal_message.html?_=1659148549265&CODE_STATE=getMsg HTTP/1.1" 200 27
180.169.147.146 - - [30/Jul/2022:10:49:21 +0800] "GET /xingrg/all/function/internal_message.html?_=1659149356667&CODE_STATE=getMsg HTTP/1.1" 200 27
114.88.158.224 - - [30/Jul/2022:10:49:23 +0800] "GET /xingrg/all/function/internal_message.html?_=1659149045831&CODE_STATE=getMsg HTTP/1.1" 200 27
61.165.20.118 - - [30/Jul/2022:10:49:25 +0800] "GET /xingrg/all/function/internal_message.html?_=1659149243592&CODE_STATE=getMsg HTTP/1.1" 200 27
101.85.120.95 - - [30/Jul/2022:10:49:26 +0800] "GET /xingrg/all/function/internal_message.html?_=1659149362912&CODE_STATE=getMsg HTTP/1.1" 200 27
218.81.223.53 - - [30/Jul/2022:10:49:28 +0800] "GET /xingrg/kc/buy/cgsh_order_operate.html?command=get_materiel&rest_code=00146&code=00101008361&supplier_code=00100005&order_time=2022-07-30 HTTP/1.1" 200 408
114.86.227.20 - - [30/Jul/2022:10:49:28 +0800] "GET /xingrg/kc/buy/cgsh_order_operate.html?command=get_materiel&rest_code=00109&code=00101008096&supplier_code=00100005&order_time=2022-07-30 HTTP/1.1" 200 413
180.169.147.146 - - [30/Jul/2022:10:49:29 +0800] "GET /xingrg/all/function/internal_message.html?_=1659149363894&CODE_STATE=getMsg HTTP/1.1" 200 27
218.81.223.53 - - [30/Jul/2022:10:49:31 +0800] "POST /xingrg/kc/buy/cgsh_order_operate.html HTTP/1.1" 200 2065
116.224.123.211 - - [30/Jul/2022:10:49:31 +0800] "GET /xingrg/all/function/internal_message.html?_=1659149367915&CODE_STATE=getMsg HTTP/1.1" 200 27
114.86.227.20 - - [30/Jul/2022:10:49:36 +0800] "GET /xingrg/kc/buy/cgsh_order_operate.html?command=get_materiel&rest_code=00109&code=00101015038&supplier_code=00100005&order_time=2022-07-30 HTTP/1.1" 200 418
222.69.129.110 - - [30/Jul/2022:10:49:37 +0800] "GET /xingrg/all/function/internal_message.html?_=1659149429696&CODE_STATE=getMsg HTTP/1.1" 200 27
180.162.109.37 - - [30/Jul/2022:10:49:39 +0800] "GET /xingrg/kc/buy/cgsh_order_operate.html?command=get_materiel&rest_code=00143&code=00101018027&supplier_code=00100376&order_time=2022-07-06 HTTP/1.1" 200 413
116.224.255.128 - - [30/Jul/2022:10:49:42 +0800] "GET /xingrg/check_reg.html?_=1659149378430 HTTP/1.1" 200 22
116.224.255.128 - - [30/Jul/2022:10:49:42 +0800] "GET /xingrg/all/function/internal_message.html?_=1659149378558&CODE_STATE=getMsg HTTP/1.1" 200 27
114.86.227.20 - - [30/Jul/2022:10:49:43 +0800] "GET /xingrg/kc/buy/cgsh_order_operate.html?command=get_materiel&rest_code=00109&code=00101015046&supplier_code=00100005&order_time=2022-07-30 HTTP/1.1" 200 412
114.86.227.20 - - [30/Jul/2022:10:49:44 +0800] "POST /xingrg/kc/buy/cgsh_order_operate.html HTTP/1.1" 200 2065
61.165.20.118 - - [30/Jul/2022:10:49:46 +0800] "GET /xingrg/all/function/internal_message.html?_=1659149382246&CODE_STATE=getMsg HTTP/1.1" 200 27
218.81.223.53 - - [30/Jul/2022:10:49:46 +0800] "GET /xingrg/all/function/internal_message.html?_=1659149391004&CODE_STATE=getMsg HTTP/1.1" 200 27
116.232.194.65 - - [30/Jul/2022:10:49:49 +0800] "GET /xingrg/all/function/internal_message.html?_=1659149376843&CODE_STATE=getMsg HTTP/1.1" 200 27
114.86.227.20 - - [30/Jul/2022:10:49:49 +0800] "GET /xingrg/kc/buy/cgsh_order_operate.html?command=get_materiel&rest_code=00109&code=00101008114&supplier_code=00100005&order_time=2022-07-30 HTTP/1.1" 200 412
101.80.228.36 - - [30/Jul/2022:10:49:55 +0800] "GET /xingrg/all/function/internal_message.html?_=1659149393124&CODE_STATE=getMsg HTTP/1.1" 200 27
101.80.228.36 - - [30/Jul/2022:10:49:55 +0800] "GET /xingrg/check_reg.html?_=1659149393125 HTTP/1.1" 200 22
218.81.223.53 - - [30/Jul/2022:10:49:57 +0800] "GET /xingrg/check_reg.html?_=1659149402158 HTTP/1.1" 200 22
114.86.227.20 - - [30/Jul/2022:10:50:02 +0800] "GET /xingrg/kc/buy/cgsh_order_operate.html?command=get_materiel&rest_code=00109&code=00101008061&supplier_code=00100005&order_time=2022-07-30 HTTP/1.1" 200 422
101.83.240.137 - - [30/Jul/2022:10:50:03 +0800] "GET /xingrg/all/function/internal_message.html?_=1659149398631&CODE_STATE=getMsg HTTP/1.1" 200 27
114.86.227.20 - - [30/Jul/2022:10:50:08 +0800] "GET /xingrg/all/function/internal_message.html?_=1659149405287&CODE_STATE=getMsg HTTP/1.1" 200 27
114.86.227.20 - - [30/Jul/2022:10:50:08 +0800] "GET /xingrg/check_reg.html?_=1659149405290 HTTP/1.1" 200 22
114.86.227.20 - - [30/Jul/2022:10:50:10 +0800] "GET /xingrg/kc/buy/cgsh_order_operate.html?command=get_materiel&rest_code=00109&code=00101008137&supplier_code=00100005&order_time=2022-07-30 HTTP/1.1" 200 408
116.224.123.211 - - [30/Jul/2022:10:50:11 +0800] "GET /xingrg/all/function/internal_message.html?_=1659149408467&CODE_STATE=getMsg HTTP/1.1" 200 27
114.86.227.20 - - [30/Jul/2022:10:50:17 +0800] "GET /xingrg/kc/buy/cgsh_order_operate.html?command=get_materiel&rest_code=00109&code=00101008350&supplier_code=00100005&order_time=2022-07-30 HTTP/1.1" 200 425
180.162.109.37 - - [30/Jul/2022:10:50:19 +0800] "GET /xingrg/all/function/internal_message.html?_=1659148609236&CODE_STATE=getMsg HTTP/1.1" 200 27
180.169.147.146 - - [30/Jul/2022:10:50:21 +0800] "GET /xingrg/all/function/internal_message.html?_=1659149416667&CODE_STATE=getMsg HTTP/1.1" 200 27
114.88.158.224 - - [30/Jul/2022:10:50:23 +0800] "GET /xingrg/all/function/internal_message.html?_=1659149105825&CODE_STATE=getMsg HTTP/1.1" 200 27
114.86.227.20 - - [30/Jul/2022:10:50:24 +0800] "GET /xingrg/kc/buy/cgsh_order_operate.html?command=get_materiel&rest_code=00109&code=00101008036&supplier_code=00100005&order_time=2022-07-30 HTTP/1.1" 200 408
61.165.20.118 - - [30/Jul/2022:10:50:25 +0800] "GET /xingrg/all/function/internal_message.html?_=1659149303576&CODE_STATE=getMsg HTTP/1.1" 200 27
114.86.227.20 - - [30/Jul/2022:10:50:26 +0800] "POST /xingrg/kc/buy/cgsh_order_operate.html HTTP/1.1" 200 2065
101.85.120.95 - - [30/Jul/2022:10:50:26 +0800] "GET /xingrg/all/function/internal_message.html?_=1659149422904&CODE_STATE=getMsg HTTP/1.1" 200 27
180.169.147.146 - - [30/Jul/2022:10:50:29 +0800] "GET /xingrg/all/function/internal_message.html?_=1659149423815&CODE_STATE=getMsg HTTP/1.1" 200 27
114.86.227.20 - - [30/Jul/2022:10:50:30 +0800] "GET /xingrg/kc/buy/cgsh_order_operate.html?command=get_materiel&rest_code=00109&code=00101008036&supplier_code=00100005&order_time=2022-07-30 HTTP/1.1" 200 408
116.224.123.211 - - [30/Jul/2022:10:50:31 +0800] "GET /xingrg/check_reg.html?_=1659149427938 HTTP/1.1" 200 22
116.224.123.211 - - [30/Jul/2022:10:50:31 +0800] "GET /xingrg/all/function/internal_message.html?_=1659149427941&CODE_STATE=getMsg HTTP/1.1" 200 27
222.69.129.110 - - [30/Jul/2022:10:50:37 +0800] "GET /xingrg/all/function/internal_message.html?_=1659149489681&CODE_STATE=getMsg HTTP/1.1" 200 27
114.86.227.20 - - [30/Jul/2022:10:50:41 +0800] "POST /xingrg/kc/buy/cgsh_order_operate.html HTTP/1.1" 200 37
116.224.255.128 - - [30/Jul/2022:10:50:42 +0800] "GET /xingrg/all/function/internal_message.html?_=1659149438543&CODE_STATE=getMsg HTTP/1.1" 200 27
61.165.20.118 - - [30/Jul/2022:10:50:46 +0800] "GET /xingrg/all/function/internal_message.html?_=1659149442227&CODE_STATE=getMsg HTTP/1.1" 200 27
218.81.223.53 - - [30/Jul/2022:10:50:46 +0800] "GET /xingrg/all/function/internal_message.html?_=1659149451019&CODE_STATE=getMsg HTTP/1.1" 200 27
116.232.194.65 - - [30/Jul/2022:10:50:49 +0800] "GET /xingrg/all/function/internal_message.html?_=1659149436819&CODE_STATE=getMsg HTTP/1.1" 200 27
116.232.194.65 - - [30/Jul/2022:10:50:51 +0800] "GET /xingrg/check_reg.html?_=1659149438768 HTTP/1.1" 200 22
101.80.228.36 - - [30/Jul/2022:10:50:55 +0800] "GET /xingrg/all/function/internal_message.html?_=1659149453126&CODE_STATE=getMsg HTTP/1.1" 200 27
101.83.240.137 - - [30/Jul/2022:10:51:03 +0800] "GET /xingrg/all/function/internal_message.html?_=1659149458616&CODE_STATE=getMsg HTTP/1.1" 200 27
116.224.123.211 - - [30/Jul/2022:10:51:11 +0800] "GET /xingrg/all/function/internal_message.html?_=1659149468462&CODE_STATE=getMsg HTTP/1.1" 200 27
180.162.109.37 - - [30/Jul/2022:10:51:19 +0800] "GET /xingrg/all/function/internal_message.html?_=1659148669227&CODE_STATE=getMsg HTTP/1.1" 200 27
