116.224.123.211 - - [30/Jul/2022:08:53:05 +0800] "GET /xingrg/javascript/easyui/themes/default/validatebox.css HTTP/1.1" 404 1104
116.224.123.211 - - [30/Jul/2022:08:53:12 +0800] "GET /xingrg/kc/buy/cgsh_order_operate.html?command=get_materiel&rest_code=00102&code=00101008517&supplier_code=00100339&order_time=2022-07-28 HTTP/1.1" 200 414
101.83.240.137 - - [30/Jul/2022:08:53:12 +0800] "GET /xingrg/kc/buy/cgsh_order_operate.html?command=get_materiel&rest_code=00149&code=00101008185&supplier_code=00100005&order_time=2022-07-30 HTTP/1.1" 200 408
120.253.135.82 - - [30/Jul/2022:08:53:16 +0800] "GET /xingrg/check_reg.html?_=1659142200950 HTTP/1.1" 200 22
116.224.123.211 - - [30/Jul/2022:08:53:18 +0800] "POST /xingrg/kc/buy/cgsh_order_operate.html HTTP/1.1" 200 37
116.224.123.211 - - [30/Jul/2022:08:53:21 +0800] "POST /xingrg/kc/buy/cgsh_order_operate.html HTTP/1.1" 200 12
116.224.123.211 - - [30/Jul/2022:08:53:22 +0800] "GET /xingrg/kc/buy/cgsh_order_info.html?code=212022073007938 HTTP/1.1" 200 62891
116.224.123.211 - - [30/Jul/2022:08:53:22 +0800] "GET /xingrg/javascript/easyui/themes/default/validatebox.css HTTP/1.1" 404 1104
120.253.135.82 - - [30/Jul/2022:08:53:23 +0800] "GET /xingrg/all/function/internal_message.html?_=1659142207904&CODE_STATE=getMsg HTTP/1.1" 200 27
116.224.123.211 - - [30/Jul/2022:08:53:23 +0800] "POST /xingrg/kc/buy/cgsh_order_operate.html HTTP/1.1" 200 608
116.224.123.211 - - [30/Jul/2022:08:53:23 +0800] "GET /xingrg/kc/print/load_data.html?order_code=212022073007938&kc_code=cgsh&condition= HTTP/1.1" 200 707
101.83.240.137 - - [30/Jul/2022:08:53:26 +0800] "GET /xingrg/kc/buy/cgsh_order_operate.html?command=get_materiel&rest_code=00149&code=00101008028&supplier_code=00100005&order_time=2022-07-30 HTTP/1.1" 200 412
116.224.123.211 - - [30/Jul/2022:08:53:26 +0800] "GET /xingrg/kc/buy/cgsh_order_add.html HTTP/1.1" 200 67985
116.224.123.211 - - [30/Jul/2022:08:53:27 +0800] "POST /xingrg/kc/buy/cgsh_order_operate.html HTTP/1.1" 200 8245
61.165.20.118 - - [30/Jul/2022:08:53:27 +0800] "GET /xingrg/all/function/internal_message.html?_=1659142285457&CODE_STATE=getMsg HTTP/1.1" 200 27
116.224.123.211 - - [30/Jul/2022:08:53:27 +0800] "GET /xingrg/javascript/easyui/themes/default/validatebox.css HTTP/1.1" 404 1104
222.69.129.110 - - [30/Jul/2022:08:53:34 +0800] "GET /xingrg/all/function/internal_message.html?_=1659142466680&CODE_STATE=getMsg HTTP/1.1" 200 27
116.224.123.211 - - [30/Jul/2022:08:53:34 +0800] "GET /xingrg/kc/buy/cgsh_order_operate.html?command=get_materiel&rest_code=00102&code=00101010148&supplier_code=00100323&order_time=2022-07-28 HTTP/1.1" 200 413
218.81.223.53 - - [30/Jul/2022:08:53:36 +0800] "GET /xingrg/all/function/internal_message.html?_=1659142421286&CODE_STATE=getMsg HTTP/1.1" 200 27
101.83.240.137 - - [30/Jul/2022:08:53:38 +0800] "GET /xingrg/kc/buy/cgsh_order_operate.html?command=get_materiel&rest_code=00149&code=00101008351&supplier_code=00100005&order_time=2022-07-30 HTTP/1.1" 200 408
180.169.147.146 - - [30/Jul/2022:08:53:45 +0800] "GET /xingrg/all/function/internal_message.html?_=1659142421919&CODE_STATE=getMsg HTTP/1.1" 200 27
101.83.240.137 - - [30/Jul/2022:08:53:48 +0800] "POST /xingrg/kc/buy/cgsh_order_operate.html HTTP/1.1" 200 37
116.232.194.65 - - [30/Jul/2022:08:53:50 +0800] "GET /xingrg/all/function/internal_message.html?_=1659142418849&CODE_STATE=getMsg HTTP/1.1" 200 27
101.83.240.137 - - [30/Jul/2022:08:53:52 +0800] "GET /xingrg/all/function/internal_message.html?_=1659142427407&CODE_STATE=getMsg HTTP/1.1" 200 27
101.83.240.137 - - [30/Jul/2022:08:53:53 +0800] "POST /xingrg/kc/buy/cgsh_order_operate.html HTTP/1.1" 200 9750
58.40.7.146 - - [30/Jul/2022:08:53:53 +0800] "GET /xingrg/all/function/internal_message.html?_=1659142430725&CODE_STATE=getMsg HTTP/1.1" 302 -
101.80.228.36 - - [30/Jul/2022:08:53:55 +0800] "GET /xingrg/all/function/internal_message.html?_=1659142433133&CODE_STATE=getMsg HTTP/1.1" 200 27
116.224.123.211 - - [30/Jul/2022:08:53:56 +0800] "GET /xingrg/kc/buy/cgsh_order_operate.html?command=get_materiel&rest_code=00102&code=00101002029&supplier_code=00100323&order_time=2022-07-28 HTTP/1.1" 200 429
61.165.20.118 - - [30/Jul/2022:08:53:57 +0800] "GET /xingrg/check_reg.html?_=1659142316076 HTTP/1.1" 200 22
116.224.123.211 - - [30/Jul/2022:08:54:06 +0800] "GET /xingrg/kc/buy/cgsh_order_operate.html?command=get_materiel&rest_code=00102&code=00101010017&supplier_code=00100323&order_time=2022-07-28 HTTP/1.1" 200 438
116.224.123.211 - - [30/Jul/2022:08:54:11 +0800] "GET /xingrg/kc/buy/cgsh_order_operate.html?command=get_materiel&rest_code=00102&code=00101001035&supplier_code=00100323&order_time=2022-07-28 HTTP/1.1" 200 429
116.224.123.211 - - [30/Jul/2022:08:54:21 +0800] "GET /xingrg/all/function/internal_message.html?_=1659142457411&CODE_STATE=getMsg HTTP/1.1" 200 27
120.253.135.82 - - [30/Jul/2022:08:54:23 +0800] "GET /xingrg/all/function/internal_message.html?_=1659142267917&CODE_STATE=getMsg HTTP/1.1" 200 27
61.165.20.118 - - [30/Jul/2022:08:54:27 +0800] "GET /xingrg/all/function/internal_message.html?_=1659142345446&CODE_STATE=getMsg HTTP/1.1" 200 27
222.69.129.110 - - [30/Jul/2022:08:54:28 +0800] "GET /xingrg/kc/buy/cgsh_order_list.html HTTP/1.1" 200 52168
222.69.129.110 - - [30/Jul/2022:08:54:31 +0800] "POST /xingrg/kc/buy/cgsh_list_operate.html HTTP/1.1" 200 2052
222.69.129.110 - - [30/Jul/2022:08:54:34 +0800] "GET /xingrg/all/function/internal_message.html?_=1659142526670&CODE_STATE=getMsg HTTP/1.1" 200 27
222.69.129.110 - - [30/Jul/2022:08:54:34 +0800] "POST /xingrg/kc/buy/cgsh_list_operate.html HTTP/1.1" 200 572
218.81.223.53 - - [30/Jul/2022:08:54:36 +0800] "GET /xingrg/all/function/internal_message.html?_=1659142481299&CODE_STATE=getMsg HTTP/1.1" 200 27
222.69.129.110 - - [30/Jul/2022:08:54:37 +0800] "GET /xingrg/kc/buy/cgsh_order_info.html?code=212022072506668 HTTP/1.1" 200 67106
222.69.129.110 - - [30/Jul/2022:08:54:37 +0800] "GET /xingrg/words/20220729162113_words.js HTTP/1.1" 304 -
222.69.129.110 - - [30/Jul/2022:08:54:38 +0800] "GET /xingrg/javascript/easyui/themes/icons/copy_new.png HTTP/1.1" 200 815
222.69.129.110 - - [30/Jul/2022:08:54:38 +0800] "GET /xingrg/all/common/auto_word.html?type=employee&rest_code=00154 HTTP/1.1" 200 101
222.69.129.110 - - [30/Jul/2022:08:54:38 +0800] "GET /xingrg/javascript/easyui/themes/default/validatebox.css HTTP/1.1" 404 1104
222.69.129.110 - - [30/Jul/2022:08:54:38 +0800] "GET /xingrg/all/common/auto_word.html?type=employee&rest_code=00154 HTTP/1.1" 200 101
222.69.129.110 - - [30/Jul/2022:08:54:38 +0800] "POST /xingrg/kc/buy/cgsh_order_operate.html HTTP/1.1" 200 11627
180.169.147.146 - - [30/Jul/2022:08:54:45 +0800] "GET /xingrg/all/function/internal_message.html?_=1659142481936&CODE_STATE=getMsg HTTP/1.1" 200 27
180.169.147.146 - - [30/Jul/2022:08:54:45 +0800] "GET /xingrg/check_reg.html?_=1659142481938 HTTP/1.1" 200 22
101.83.240.137 - - [30/Jul/2022:08:54:50 +0800] "GET /xingrg/check_reg.html?_=1659142485300 HTTP/1.1" 200 22
116.232.194.65 - - [30/Jul/2022:08:54:50 +0800] "GET /xingrg/all/function/internal_message.html?_=1659142478826&CODE_STATE=getMsg HTTP/1.1" 200 27
101.83.240.137 - - [30/Jul/2022:08:54:52 +0800] "GET /xingrg/all/function/internal_message.html?_=1659142487379&CODE_STATE=getMsg HTTP/1.1" 200 27
58.40.7.146 - - [30/Jul/2022:08:54:53 +0800] "GET /xingrg/all/function/internal_message.html?_=1659142490727&CODE_STATE=getMsg HTTP/1.1" 302 -
58.40.7.146 - - [30/Jul/2022:08:54:53 +0800] "GET /xingrg/check_reg.html?_=1659142490729 HTTP/1.1" 302 -
101.80.228.36 - - [30/Jul/2022:08:54:55 +0800] "GET /xingrg/check_reg.html?_=1659142493135 HTTP/1.1" 200 22
101.80.228.36 - - [30/Jul/2022:08:54:55 +0800] "GET /xingrg/all/function/internal_message.html?_=1659142493136&CODE_STATE=getMsg HTTP/1.1" 200 27
218.81.223.53 - - [30/Jul/2022:08:54:56 +0800] "GET /xingrg/check_reg.html?_=1659142500768 HTTP/1.1" 200 22
116.224.123.211 - - [30/Jul/2022:08:55:06 +0800] "GET /xingrg/kc/buy/cgsh_order_operate.html?command=get_materiel&rest_code=00102&code=00101010446&supplier_code=00100323&order_time=2022-07-28 HTTP/1.1" 200 427
222.69.129.110 - - [30/Jul/2022:08:55:17 +0800] "GET /xingrg/javascript/auto/indicator.gif HTTP/1.1" 404 1066
116.224.123.211 - - [30/Jul/2022:08:55:21 +0800] "GET /xingrg/all/function/internal_message.html?_=1659142517385&CODE_STATE=getMsg HTTP/1.1" 200 27
116.224.123.211 - - [30/Jul/2022:08:55:22 +0800] "GET /xingrg/check_reg.html?_=1659142517833 HTTP/1.1" 200 22
222.69.129.110 - - [30/Jul/2022:08:55:22 +0800] "GET /xingrg/kc/buy/cgsh_order_operate.html?command=get_materiel&rest_code=00154&code=00101015070&supplier_code=00100466&order_time=2022-07-25 HTTP/1.1" 200 413
120.253.135.82 - - [30/Jul/2022:08:55:23 +0800] "GET /xingrg/all/function/internal_message.html?_=1659142328038&CODE_STATE=getMsg HTTP/1.1" 200 27
61.165.20.118 - - [30/Jul/2022:08:55:27 +0800] "GET /xingrg/all/function/internal_message.html?_=1659142405434&CODE_STATE=getMsg HTTP/1.1" 200 27
222.69.129.110 - - [30/Jul/2022:08:55:34 +0800] "GET /xingrg/check_reg.html?_=1659142586662 HTTP/1.1" 200 22
222.69.129.110 - - [30/Jul/2022:08:55:34 +0800] "GET /xingrg/all/function/internal_message.html?_=1659142586664&CODE_STATE=getMsg HTTP/1.1" 200 27
218.81.223.53 - - [30/Jul/2022:08:55:36 +0800] "GET /xingrg/all/function/internal_message.html?_=1659142541313&CODE_STATE=getMsg HTTP/1.1" 200 27
180.169.147.146 - - [30/Jul/2022:08:55:45 +0800] "GET /xingrg/all/function/internal_message.html?_=1659142541927&CODE_STATE=getMsg HTTP/1.1" 200 27
116.232.194.65 - - [30/Jul/2022:08:55:50 +0800] "GET /xingrg/all/function/internal_message.html?_=1659142538799&CODE_STATE=getMsg HTTP/1.1" 200 27
116.232.194.65 - - [30/Jul/2022:08:55:51 +0800] "GET /xingrg/check_reg.html?_=1659142539108 HTTP/1.1" 200 22
101.83.240.137 - - [30/Jul/2022:08:55:52 +0800] "GET /xingrg/all/function/internal_message.html?_=1659142547366&CODE_STATE=getMsg HTTP/1.1" 200 27
58.40.7.146 - - [30/Jul/2022:08:55:53 +0800] "GET /xingrg/all/function/internal_message.html?_=1659142550732&CODE_STATE=getMsg HTTP/1.1" 302 -
101.80.228.36 - - [30/Jul/2022:08:55:55 +0800] "GET /xingrg/all/function/internal_message.html?_=1659142553121&CODE_STATE=getMsg HTTP/1.1" 200 27
222.69.129.110 - - [30/Jul/2022:08:55:58 +0800] "GET /xingrg/kc/buy/cgsh_order_operate.html?command=get_materiel&rest_code=00154&code=00101037167&supplier_code=00100466&order_time=2022-07-25 HTTP/1.1" 200 434
222.69.129.110 - - [30/Jul/2022:08:56:02 +0800] "POST /xingrg/all/common/load_select.html HTTP/1.1" 200 25
222.69.129.110 - - [30/Jul/2022:08:56:06 +0800] "GET /xingrg/kc/buy/cgsh_order_operate.html?command=get_materiel_price&rest_code=00154&code=00101037167&unit_code=00100155&supplier_code=00100466&order_time=2022-07-25 HTTP/1.1" 200 29
116.224.123.211 - - [30/Jul/2022:08:56:21 +0800] "GET /xingrg/all/function/internal_message.html?_=1659142577370&CODE_STATE=getMsg HTTP/1.1" 200 27
120.253.135.82 - - [30/Jul/2022:08:56:23 +0800] "GET /xingrg/all/function/internal_message.html?_=1659142388038&CODE_STATE=getMsg HTTP/1.1" 200 27
61.165.20.118 - - [30/Jul/2022:08:56:27 +0800] "GET /xingrg/all/function/internal_message.html?_=1659142465424&CODE_STATE=getMsg HTTP/1.1" 200 27
222.69.129.110 - - [30/Jul/2022:08:56:34 +0800] "GET /xingrg/all/function/internal_message.html?_=1659142646669&CODE_STATE=getMsg HTTP/1.1" 200 27
218.81.223.53 - - [30/Jul/2022:08:56:36 +0800] "GET /xingrg/all/function/internal_message.html?_=1659142601326&CODE_STATE=getMsg HTTP/1.1" 200 27
222.69.129.110 - - [30/Jul/2022:08:56:43 +0800] "GET /xingrg/kc/buy/cgsh_order_operate.html?command=get_materiel&rest_code=00154&code=00101009118&supplier_code=00100466&order_time=2022-07-25 HTTP/1.1" 200 406
180.169.147.146 - - [30/Jul/2022:08:56:45 +0800] "GET /xingrg/all/function/internal_message.html?_=1659142601949&CODE_STATE=getMsg HTTP/1.1" 200 27
116.232.194.65 - - [30/Jul/2022:08:56:50 +0800] "GET /xingrg/all/function/internal_message.html?_=1659142598790&CODE_STATE=getMsg HTTP/1.1" 200 27
101.83.240.137 - - [30/Jul/2022:08:56:52 +0800] "GET /xingrg/all/function/internal_message.html?_=1659142607350&CODE_STATE=getMsg HTTP/1.1" 200 27
58.40.7.146 - - [30/Jul/2022:08:56:53 +0800] "GET /xingrg/all/function/internal_message.html?_=1659142610736&CODE_STATE=getMsg HTTP/1.1" 302 -
101.80.228.36 - - [30/Jul/2022:08:56:55 +0800] "GET /xingrg/all/function/internal_message.html?_=1659142613122&CODE_STATE=getMsg HTTP/1.1" 200 27
183.193.130.190 - - [30/Jul/2022:08:56:56 +0800] "GET /xingrg HTTP/1.1" 302 -
183.193.130.190 - - [30/Jul/2022:08:56:56 +0800] "GET /xingrg/index.html HTTP/1.1" 302 -
183.193.130.190 - - [30/Jul/2022:08:56:56 +0800] "GET /xingrg/login.html HTTP/1.1" 200 2139
183.193.130.190 - - [30/Jul/2022:08:56:56 +0800] "GET /favicon.ico HTTP/1.1" 404 -
183.193.130.190 - - [30/Jul/2022:08:56:58 +0800] "POST /xingrg/login.do HTTP/1.1" 302 -
183.193.130.190 - - [30/Jul/2022:08:56:58 +0800] "GET /xingrg/index_mobile.html?sysBaseUrl=http%3A%2F%2F180.169.147.146%3A18081%2Fxingrg%2F&costTime=41×tamp=1659142618737 HTTP/1.1" 200 3182
183.193.130.190 - - [30/Jul/2022:08:57:00 +0800] "GET /xingrg/dma/mobile/column_pie.html?type=yyfx&title=%D3%AA%D2%B5%B7%D6%CE%F6 HTTP/1.1" 200 10245
183.193.130.190 - - [30/Jul/2022:08:57:00 +0800] "POST /xingrg/dma/mobile/report_query.html HTTP/1.1" 200 121
222.69.129.110 - - [30/Jul/2022:08:57:04 +0800] "GET /xingrg/kc/buy/cgsh_order_operate.html?command=get_materiel&rest_code=00154&code=00101006193&supplier_code=00100466&order_time=2022-07-25 HTTP/1.1" 200 426
183.193.130.190 - - [30/Jul/2022:08:57:06 +0800] "POST /xingrg/dma/mobile/report_query.html HTTP/1.1" 200 523
116.224.123.211 - - [30/Jul/2022:08:57:21 +0800] "GET /xingrg/all/function/internal_message.html?_=1659142637351&CODE_STATE=getMsg HTTP/1.1" 200 27
120.253.135.82 - - [30/Jul/2022:08:57:23 +0800] "GET /xingrg/all/function/internal_message.html?_=1659142448155&CODE_STATE=getMsg HTTP/1.1" 200 27
123.6.49.38 - - [30/Jul/2022:08:57:23 +0800] "-" 400 -
222.69.129.110 - - [30/Jul/2022:08:57:26 +0800] "GET /xingrg/kc/buy/cgsh_order_operate.html?command=get_materiel&rest_code=00154&code=00101010161&supplier_code=00100466&order_time=2022-07-25 HTTP/1.1" 200 427
61.165.20.118 - - [30/Jul/2022:08:57:27 +0800] "GET /xingrg/all/function/internal_message.html?_=1659142525403&CODE_STATE=getMsg HTTP/1.1" 200 27
222.69.129.110 - - [30/Jul/2022:08:57:34 +0800] "GET /xingrg/all/function/internal_message.html?_=1659142706670&CODE_STATE=getMsg HTTP/1.1" 200 27
218.81.223.53 - - [30/Jul/2022:08:57:37 +0800] "GET /xingrg/all/function/internal_message.html?_=1659142661537&CODE_STATE=getMsg HTTP/1.1" 200 27
183.193.130.190 - - [30/Jul/2022:08:57:39 +0800] "POST /xingrg/dma/mobile/report_query.html HTTP/1.1" 200 574
180.169.147.146 - - [30/Jul/2022:08:57:45 +0800] "GET /xingrg/all/function/internal_message.html?_=1659142661949&CODE_STATE=getMsg HTTP/1.1" 200 27
116.232.194.65 - - [30/Jul/2022:08:57:50 +0800] "GET /xingrg/all/function/internal_message.html?_=1659142658771&CODE_STATE=getMsg HTTP/1.1" 200 27
101.83.240.137 - - [30/Jul/2022:08:57:52 +0800] "GET /xingrg/all/function/internal_message.html?_=1659142667339&CODE_STATE=getMsg HTTP/1.1" 200 27
58.40.7.146 - - [30/Jul/2022:08:57:53 +0800] "GET /xingrg/all/function/internal_message.html?_=1659142670723&CODE_STATE=getMsg HTTP/1.1" 302 -
101.80.228.36 - - [30/Jul/2022:08:57:55 +0800] "GET /xingrg/all/function/internal_message.html?_=1659142673122&CODE_STATE=getMsg HTTP/1.1" 200 27
120.253.135.82 - - [30/Jul/2022:08:58:16 +0800] "GET /xingrg/check_reg.html?_=1659142500951 HTTP/1.1" 200 22
116.224.123.211 - - [30/Jul/2022:08:58:21 +0800] "GET /xingrg/all/function/internal_message.html?_=1659142697337&CODE_STATE=getMsg HTTP/1.1" 200 27
120.253.135.82 - - [30/Jul/2022:08:58:23 +0800] "GET /xingrg/all/function/internal_message.html?_=1659142508159&CODE_STATE=getMsg HTTP/1.1" 200 27
61.165.20.118 - - [30/Jul/2022:08:58:27 +0800] "GET /xingrg/all/function/internal_message.html?_=1659142585392&CODE_STATE=getMsg HTTP/1.1" 200 27
222.69.129.110 - - [30/Jul/2022:08:58:35 +0800] "GET /xingrg/all/function/internal_message.html?_=1659142768011&CODE_STATE=getMsg HTTP/1.1" 200 27
218.81.223.53 - - [30/Jul/2022:08:58:37 +0800] "GET /xingrg/all/function/internal_message.html?_=1659142721541&CODE_STATE=getMsg HTTP/1.1" 200 27
180.169.147.146 - - [30/Jul/2022:08:58:45 +0800] "GET /xingrg/all/function/internal_message.html?_=1659142721954&CODE_STATE=getMsg HTTP/1.1" 200 27
116.232.194.65 - - [30/Jul/2022:08:58:50 +0800] "GET /xingrg/all/function/internal_message.html?_=1659142718748&CODE_STATE=getMsg HTTP/1.1" 200 27
101.83.240.137 - - [30/Jul/2022:08:58:52 +0800] "GET /xingrg/all/function/internal_message.html?_=1659142727314&CODE_STATE=getMsg HTTP/1.1" 200 27
222.69.129.110 - - [30/Jul/2022:08:58:53 +0800] "POST /xingrg/kc/buy/cgsh_order_operate.html HTTP/1.1" 200 37
58.40.7.146 - - [30/Jul/2022:08:58:53 +0800] "GET /xingrg/all/function/internal_message.html?_=1659142730726&CODE_STATE=getMsg HTTP/1.1" 302 -
101.80.228.36 - - [30/Jul/2022:08:58:55 +0800] "GET /xingrg/all/function/internal_message.html?_=1659142733125&CODE_STATE=getMsg HTTP/1.1" 200 27
61.165.20.118 - - [30/Jul/2022:08:58:57 +0800] "GET /xingrg/check_reg.html?_=1659142616051 HTTP/1.1" 200 22
222.69.129.110 - - [30/Jul/2022:08:58:59 +0800] "POST /xingrg/kc/buy/cgsh_order_operate.html HTTP/1.1" 200 14599
114.86.227.20 - - [30/Jul/2022:08:59:03 +0800] "POST /xingrg/services/DataTransmitService HTTP/1.1" 200 524
183.193.130.190 - - [30/Jul/2022:08:59:10 +0800] "POST /xingrg/dma/mobile/report_query.html HTTP/1.1" 200 589
180.169.147.146 - - [30/Jul/2022:08:59:10 +0800] "GET /xingrg/login.html HTTP/1.1" 200 7641
180.169.147.146 - - [30/Jul/2022:08:59:11 +0800] "GET /favicon.ico HTTP/1.1" 404 -
180.169.147.146 - - [30/Jul/2022:08:59:14 +0800] "POST /xingrg/login.do HTTP/1.1" 302 -
180.169.147.146 - - [30/Jul/2022:08:59:15 +0800] "GET /xingrg/index.html?sysBaseUrl=http%3A%2F%2F180.169.147.146%3A18081%2Fxingrg%2F&costTime=42×tamp=1659142754985 HTTP/1.1" 200 17503
180.169.147.146 - - [30/Jul/2022:08:59:15 +0800] "GET /favicon.ico HTTP/1.1" 404 -
180.169.147.146 - - [30/Jul/2022:08:59:15 +0800] "POST /xingrg/all/common/load_tree.html?tree=area_rest_tree_json&manage=1 HTTP/1.1" 200 3472
180.169.147.146 - - [30/Jul/2022:08:59:15 +0800] "GET /xingrg/all/function/internal_message.html?_=1659142750476&CODE_STATE=count HTTP/1.1" 200 11
180.169.147.146 - - [30/Jul/2022:08:59:15 +0800] "GET /xingrg/check_reg.html?_=1659142750476 HTTP/1.1" 200 22
180.169.147.146 - - [30/Jul/2022:08:59:15 +0800] "POST /xingrg/load_menu.html HTTP/1.1" 200 11443
180.169.147.146 - - [30/Jul/2022:08:59:21 +0800] "POST /xingrg/all/user/operate.html HTTP/1.1" 200 36
180.169.147.146 - - [30/Jul/2022:08:59:21 +0800] "GET /xingrg/index.html?sysBaseUrl=http%3A%2F%2F180.169.147.146%3A18081%2Fxingrg%2F&costTime=42×tamp=1659142754985 HTTP/1.1" 200 17509
180.169.147.146 - - [30/Jul/2022:08:59:21 +0800] "GET /xingrg/javascript/jquery_easy_ui/themes/default/easyui.css HTTP/1.1" 304 -
180.169.147.146 - - [30/Jul/2022:08:59:21 +0800] "GET /xingrg/javascript/jquery_easy_ui/themes/icon.css HTTP/1.1" 304 -
180.169.147.146 - - [30/Jul/2022:08:59:21 +0800] "GET /xingrg/css/form.css HTTP/1.1" 304 -
180.169.147.146 - - [30/Jul/2022:08:59:21 +0800] "GET /xingrg/javascript/jquery-1.4.2.min.js HTTP/1.1" 304 -
180.169.147.146 - - [30/Jul/2022:08:59:21 +0800] "GET /xingrg/javascript/jquery_easy_ui/jquery.easyui.min.js HTTP/1.1" 304 -
180.169.147.146 - - [30/Jul/2022:08:59:21 +0800] "GET /xingrg/javascript/jquery_easy_ui/easyui-lang-zh_CN.js HTTP/1.1" 304 -
180.169.147.146 - - [30/Jul/2022:08:59:21 +0800] "GET /xingrg/javascript/jquery.form.js HTTP/1.1" 304 -
180.169.147.146 - - [30/Jul/2022:08:59:21 +0800] "GET /xingrg/javascript/jquery.utils.js HTTP/1.1" 304 -
180.169.147.146 - - [30/Jul/2022:08:59:21 +0800] "GET /xingrg/javascript/jquery.timers.js HTTP/1.1" 304 -
180.169.147.146 - - [30/Jul/2022:08:59:21 +0800] "GET /xingrg/images/blue/jxLogo.png HTTP/1.1" 304 -
180.169.147.146 - - [30/Jul/2022:08:59:21 +0800] "GET /xingrg/images/blue/navBackgound.jpg HTTP/1.1" 304 -
180.169.147.146 - - [30/Jul/2022:08:59:21 +0800] "GET /xingrg/javascript/jquery_easy_ui/themes/icons/settle_new.png HTTP/1.1" 304 -
180.169.147.146 - - [30/Jul/2022:08:59:21 +0800] "POST /xingrg/all/common/load_tree.html?tree=area_rest_tree_json&manage=1 HTTP/1.1" 200 3472
180.169.147.146 - - [30/Jul/2022:08:59:21 +0800] "GET /xingrg/all/function/internal_message.html?_=1659142756607&CODE_STATE=count HTTP/1.1" 200 11
180.169.147.146 - - [30/Jul/2022:08:59:21 +0800] "GET /xingrg/check_reg.html?_=1659142756608 HTTP/1.1" 200 22
180.169.147.146 - - [30/Jul/2022:08:59:21 +0800] "GET /xingrg/javascript/jquery_easy_ui/themes/default/images/tabs_rightarrow.png HTTP/1.1" 304 -
180.169.147.146 - - [30/Jul/2022:08:59:21 +0800] "GET /xingrg/images/blue/pingpu.png HTTP/1.1" 304 -
180.169.147.146 - - [30/Jul/2022:08:59:21 +0800] "GET /xingrg/javascript/jquery_easy_ui/themes/default/images/panel_tool_expand.gif HTTP/1.1" 304 -
180.169.147.146 - - [30/Jul/2022:08:59:21 +0800] "GET /xingrg/javascript/jquery_easy_ui/themes/default/images/panel_tool_collapse.gif HTTP/1.1" 304 -
180.169.147.146 - - [30/Jul/2022:08:59:21 +0800] "GET /xingrg/javascript/jquery_easy_ui/themes/default/images/tabs_leftarrow.png HTTP/1.1" 304 -
180.169.147.146 - - [30/Jul/2022:08:59:21 +0800] "POST /xingrg/load_menu.html HTTP/1.1" 200 9959
116.224.123.211 - - [30/Jul/2022:08:59:21 +0800] "GET /xingrg/all/function/internal_message.html?_=1659142757309&CODE_STATE=getMsg HTTP/1.1" 200 27
120.253.135.82 - - [30/Jul/2022:08:59:23 +0800] "GET /xingrg/all/function/internal_message.html?_=1659142568172&CODE_STATE=getMsg HTTP/1.1" 200 27
180.169.147.146 - - [30/Jul/2022:08:59:23 +0800] "GET /xingrg/kc/buy/cgsh_order_list.html HTTP/1.1" 200 52423
180.169.147.146 - - [30/Jul/2022:08:59:25 +0800] "POST /xingrg/kc/buy/cgsh_list_operate.html HTTP/1.1" 200 693
61.165.20.118 - - [30/Jul/2022:08:59:27 +0800] "GET /xingrg/all/function/internal_message.html?_=1659142645370&CODE_STATE=getMsg HTTP/1.1" 200 27
180.169.147.146 - - [30/Jul/2022:08:59:30 +0800] "GET /xingrg/javascript/auto/indicator.gif HTTP/1.1" 404 1066
222.69.129.110 - - [30/Jul/2022:08:59:35 +0800] "GET /xingrg/all/function/internal_message.html?_=1659142828003&CODE_STATE=getMsg HTTP/1.1" 200 27
180.169.147.146 - - [30/Jul/2022:08:59:36 +0800] "POST /xingrg/kc/buy/cgsh_list_operate.html HTTP/1.1" 200 1464
218.81.223.53 - - [30/Jul/2022:08:59:37 +0800] "GET /xingrg/all/function/internal_message.html?_=1659142781756&CODE_STATE=getMsg HTTP/1.1" 200 27
180.169.147.146 - - [30/Jul/2022:08:59:38 +0800] "POST /xingrg/kc/buy/cgsh_list_operate.html HTTP/1.1" 200 277
180.169.147.146 - - [30/Jul/2022:08:59:40 +0800] "POST /xingrg/kc/buy/cgsh_list_operate.html HTTP/1.1" 200 4
180.169.147.146 - - [30/Jul/2022:08:59:42 +0800] "POST /xingrg/kc/buy/cgsh_list_operate.html HTTP/1.1" 200 693
180.169.147.146 - - [30/Jul/2022:08:59:45 +0800] "GET /xingrg/check_reg.html?_=1659142781963 HTTP/1.1" 200 22
180.169.147.146 - - [30/Jul/2022:08:59:45 +0800] "GET /xingrg/all/function/internal_message.html?_=1659142781967&CODE_STATE=getMsg HTTP/1.1" 200 27
101.83.240.137 - - [30/Jul/2022:08:59:50 +0800] "GET /xingrg/check_reg.html?_=1659142785326 HTTP/1.1" 200 22
116.232.194.65 - - [30/Jul/2022:08:59:50 +0800] "GET /xingrg/all/function/internal_message.html?_=1659142778743&CODE_STATE=getMsg HTTP/1.1" 200 27
101.83.240.137 - - [30/Jul/2022:08:59:52 +0800] "GET /xingrg/all/function/internal_message.html?_=1659142787298&CODE_STATE=getMsg HTTP/1.1" 200 27
58.40.7.146 - - [30/Jul/2022:08:59:53 +0800] "GET /xingrg/all/function/internal_message.html?_=1659142790729&CODE_STATE=getMsg HTTP/1.1" 302 -
58.40.7.146 - - [30/Jul/2022:08:59:53 +0800] "GET /xingrg/check_reg.html?_=1659142790731 HTTP/1.1" 302 -
101.80.228.36 - - [30/Jul/2022:08:59:55 +0800] "GET /xingrg/all/function/internal_message.html?_=1659142793126&CODE_STATE=getMsg HTTP/1.1" 200 27
101.80.228.36 - - [30/Jul/2022:08:59:55 +0800] "GET /xingrg/check_reg.html?_=1659142793127 HTTP/1.1" 200 22
218.81.223.53 - - [30/Jul/2022:08:59:56 +0800] "GET /xingrg/check_reg.html?_=1659142800774 HTTP/1.1" 200 22
180.169.147.146 - - [30/Jul/2022:09:00:21 +0800] "GET /xingrg/all/function/internal_message.html?_=1659142816614&CODE_STATE=getMsg HTTP/1.1" 200 27
116.224.123.211 - - [30/Jul/2022:09:00:21 +0800] "GET /xingrg/all/function/internal_message.html?_=1659142817282&CODE_STATE=getMsg HTTP/1.1" 200 27
116.224.123.211 - - [30/Jul/2022:09:00:22 +0800] "GET /xingrg/check_reg.html?_=1659142817812 HTTP/1.1" 200 22
120.253.135.82 - - [30/Jul/2022:09:00:23 +0800] "GET /xingrg/all/function/internal_message.html?_=1659142628284&CODE_STATE=getMsg HTTP/1.1" 200 27
61.165.20.118 - - [30/Jul/2022:09:00:27 +0800] "GET /xingrg/all/function/internal_message.html?_=1659142705355&CODE_STATE=getMsg HTTP/1.1" 200 27
222.69.129.110 - - [30/Jul/2022:09:00:34 +0800] "GET /xingrg/check_reg.html?_=1659142886690 HTTP/1.1" 200 22
222.69.129.110 - - [30/Jul/2022:09:00:35 +0800] "GET /xingrg/all/function/internal_message.html?_=1659142887996&CODE_STATE=getMsg HTTP/1.1" 200 27
218.81.223.53 - - [30/Jul/2022:09:00:37 +0800] "GET /xingrg/all/function/internal_message.html?_=1659142841771&CODE_STATE=getMsg HTTP/1.1" 200 27
180.169.147.146 - - [30/Jul/2022:09:00:45 +0800] "GET /xingrg/all/function/internal_message.html?_=1659142841961&CODE_STATE=getMsg HTTP/1.1" 200 27
101.83.240.137 - - [30/Jul/2022:09:00:50 +0800] "GET /xingrg/kc/buy/cgsh_order_operate.html?command=get_materiel&rest_code=00149&code=00101008110&supplier_code=00100005&order_time=2022-07-30 HTTP/1.1" 200 424
116.232.194.65 - - [30/Jul/2022:09:00:50 +0800] "GET /xingrg/all/function/internal_message.html?_=1659142838719&CODE_STATE=getMsg HTTP/1.1" 200 27
116.232.194.65 - - [30/Jul/2022:09:00:51 +0800] "GET /xingrg/check_reg.html?_=1659142839094 HTTP/1.1" 200 22
101.83.240.137 - - [30/Jul/2022:09:00:52 +0800] "GET /xingrg/all/function/internal_message.html?_=1659142847284&CODE_STATE=getMsg HTTP/1.1" 200 27
58.40.7.146 - - [30/Jul/2022:09:00:53 +0800] "GET /xingrg/all/function/internal_message.html?_=1659142850734&CODE_STATE=getMsg HTTP/1.1" 302 -
101.80.228.36 - - [30/Jul/2022:09:00:55 +0800] "GET /xingrg/all/function/internal_message.html?_=1659142853128&CODE_STATE=getMsg HTTP/1.1" 200 27
222.69.129.110 - - [30/Jul/2022:09:00:57 +0800] "GET /xingrg/kc/buy/cgsh_order_add.html HTTP/1.1" 200 67107
222.69.129.110 - - [30/Jul/2022:09:00:58 +0800] "POST /xingrg/kc/buy/cgsh_order_operate.html HTTP/1.1" 200 8245
222.69.129.110 - - [30/Jul/2022:09:00:58 +0800] "GET /xingrg/javascript/easyui/themes/default/validatebox.css HTTP/1.1" 404 1104
101.83.240.137 - - [30/Jul/2022:09:01:09 +0800] "GET /xingrg/kc/buy/cgsh_order_operate.html?command=get_materiel&rest_code=00149&code=00101008096&supplier_code=00100005&order_time=2022-07-30 HTTP/1.1" 200 413
101.83.240.137 - - [30/Jul/2022:09:01:18 +0800] "GET /xingrg/kc/buy/cgsh_order_operate.html?command=get_materiel&rest_code=00149&code=00101008038&supplier_code=00100005&order_time=2022-07-30 HTTP/1.1" 200 412
180.169.147.146 - - [30/Jul/2022:09:01:21 +0800] "GET /xingrg/all/function/internal_message.html?_=1659142876616&CODE_STATE=getMsg HTTP/1.1" 200 27
116.224.123.211 - - [30/Jul/2022:09:01:21 +0800] "GET /xingrg/all/function/internal_message.html?_=1659142877268&CODE_STATE=getMsg HTTP/1.1" 200 27
101.83.240.137 - - [30/Jul/2022:09:01:23 +0800] "POST /xingrg/kc/buy/cgsh_order_operate.html HTTP/1.1" 200 2065
120.253.135.82 - - [30/Jul/2022:09:01:23 +0800] "GET /xingrg/all/function/internal_message.html?_=1659142688293&CODE_STATE=getMsg HTTP/1.1" 200 27
61.165.20.118 - - [30/Jul/2022:09:01:27 +0800] "GET /xingrg/all/function/internal_message.html?_=1659142765338&CODE_STATE=getMsg HTTP/1.1" 200 27
222.69.129.110 - - [30/Jul/2022:09:01:35 +0800] "GET /xingrg/all/function/internal_message.html?_=1659142947983&CODE_STATE=getMsg HTTP/1.1" 200 27
218.81.223.53 - - [30/Jul/2022:09:01:37 +0800] "GET /xingrg/all/function/internal_message.html?_=1659142901787&CODE_STATE=getMsg HTTP/1.1" 200 27
101.83.240.137 - - [30/Jul/2022:09:01:37 +0800] "GET /xingrg/kc/buy/cgsh_order_operate.html?command=get_materiel&rest_code=00149&code=00101008283&supplier_code=00100005&order_time=2022-07-30 HTTP/1.1" 200 408
180.169.147.146 - - [30/Jul/2022:09:01:45 +0800] "GET /xingrg/all/function/internal_message.html?_=1659142901965&CODE_STATE=getMsg HTTP/1.1" 200 27
101.83.240.137 - - [30/Jul/2022:09:01:49 +0800] "GET /xingrg/kc/buy/cgsh_order_operate.html?command=get_materiel&rest_code=00149&code=00101008358&supplier_code=00100005&order_time=2022-07-30 HTTP/1.1" 200 412
116.232.194.65 - - [30/Jul/2022:09:01:50 +0800] "GET /xingrg/all/function/internal_message.html?_=1659142898709&CODE_STATE=getMsg HTTP/1.1" 200 27
101.83.240.137 - - [30/Jul/2022:09:01:52 +0800] "GET /xingrg/all/function/internal_message.html?_=1659142907267&CODE_STATE=getMsg HTTP/1.1" 200 27
58.40.7.146 - - [30/Jul/2022:09:01:53 +0800] "GET /xingrg/all/function/internal_message.html?_=1659142910740&CODE_STATE=getMsg HTTP/1.1" 302 -
101.80.228.36 - - [30/Jul/2022:09:01:55 +0800] "GET /xingrg/all/function/internal_message.html?_=1659142913129&CODE_STATE=getMsg HTTP/1.1" 200 27
180.169.147.146 - - [30/Jul/2022:09:02:21 +0800] "GET /xingrg/all/function/internal_message.html?_=1659142936618&CODE_STATE=getMsg HTTP/1.1" 200 27
116.224.123.211 - - [30/Jul/2022:09:02:21 +0800] "GET /xingrg/all/function/internal_message.html?_=1659142937244&CODE_STATE=getMsg HTTP/1.1" 200 27
120.253.135.82 - - [30/Jul/2022:09:02:23 +0800] "GET /xingrg/all/function/internal_message.html?_=1659142748413&CODE_STATE=getMsg HTTP/1.1" 200 27
61.165.20.118 - - [30/Jul/2022:09:02:27 +0800] "GET /xingrg/all/function/internal_message.html?_=1659142825323&CODE_STATE=getMsg HTTP/1.1" 200 27
222.69.129.110 - - [30/Jul/2022:09:02:35 +0800] "GET /xingrg/all/function/internal_message.html?_=1659143007970&CODE_STATE=getMsg HTTP/1.1" 200 27
218.81.223.53 - - [30/Jul/2022:09:02:37 +0800] "GET /xingrg/all/function/internal_message.html?_=1659142961996&CODE_STATE=getMsg HTTP/1.1" 200 27
180.169.147.146 - - [30/Jul/2022:09:02:45 +0800] "GET /xingrg/all/function/internal_message.html?_=1659142961961&CODE_STATE=getMsg HTTP/1.1" 200 27
116.232.194.65 - - [30/Jul/2022:09:02:50 +0800] "GET /xingrg/all/function/internal_message.html?_=1659142958694&CODE_STATE=getMsg HTTP/1.1" 200 27
101.83.240.137 - - [30/Jul/2022:09:02:52 +0800] "GET /xingrg/all/function/internal_message.html?_=1659142967252&CODE_STATE=getMsg HTTP/1.1" 200 27
58.40.7.146 - - [30/Jul/2022:09:02:53 +0800] "GET /xingrg/all/function/internal_message.html?_=1659142970735&CODE_STATE=getMsg HTTP/1.1" 302 -
101.80.228.36 - - [30/Jul/2022:09:02:55 +0800] "GET /xingrg/all/function/internal_message.html?_=1659142973131&CODE_STATE=getMsg HTTP/1.1" 200 27
101.83.240.137 - - [30/Jul/2022:09:03:00 +0800] "GET /xingrg/kc/buy/cgsh_order_operate.html?command=get_materiel&rest_code=00149&code=00101008163&supplier_code=00100005&order_time=2022-07-30 HTTP/1.1" 200 424
101.83.240.137 - - [30/Jul/2022:09:03:05 +0800] "POST /xingrg/kc/buy/cgsh_order_operate.html HTTP/1.1" 200 2065
101.83.240.137 - - [30/Jul/2022:09:03:10 +0800] "GET /xingrg/kc/buy/cgsh_order_operate.html?command=get_materiel&rest_code=00149&code=00101008224&supplier_code=00100005&order_time=2022-07-30 HTTP/1.1" 200 432
120.253.135.82 - - [30/Jul/2022:09:03:16 +0800] "GET /xingrg/check_reg.html?_=1659142800966 HTTP/1.1" 200 22
180.169.147.146 - - [30/Jul/2022:09:03:21 +0800] "GET /xingrg/all/function/internal_message.html?_=1659142996620&CODE_STATE=getMsg HTTP/1.1" 200 27
116.224.123.211 - - [30/Jul/2022:09:03:21 +0800] "GET /xingrg/all/function/internal_message.html?_=1659142997225&CODE_STATE=getMsg HTTP/1.1" 200 27
120.253.135.82 - - [30/Jul/2022:09:03:23 +0800] "GET /xingrg/all/function/internal_message.html?_=1659142808414&CODE_STATE=getMsg HTTP/1.1" 200 27
101.83.240.137 - - [30/Jul/2022:09:03:25 +0800] "GET /xingrg/kc/buy/cgsh_order_operate.html?command=get_materiel&rest_code=00149&code=00101008083&supplier_code=00100005&order_time=2022-07-30 HTTP/1.1" 200 427
61.165.20.118 - - [30/Jul/2022:09:03:27 +0800] "GET /xingrg/all/function/internal_message.html?_=1659142885308&CODE_STATE=getMsg HTTP/1.1" 200 27
101.83.240.137 - - [30/Jul/2022:09:03:32 +0800] "POST /xingrg/all/common/load_select.html HTTP/1.1" 200 25
222.69.129.110 - - [30/Jul/2022:09:03:35 +0800] "GET /xingrg/all/function/internal_message.html?_=1659143067952&CODE_STATE=getMsg HTTP/1.1" 200 27
101.83.240.137 - - [30/Jul/2022:09:03:36 +0800] "GET /xingrg/kc/buy/cgsh_order_operate.html?command=get_materiel_price&rest_code=00149&code=00101008083&unit_code=00100026&supplier_code=00100005&order_time=2022-07-30 HTTP/1.1" 200 27
218.81.223.53 - - [30/Jul/2022:09:03:37 +0800] "GET /xingrg/all/function/internal_message.html?_=1659143021998&CODE_STATE=getMsg HTTP/1.1" 200 27
222.69.129.110 - - [30/Jul/2022:09:03:44 +0800] "GET /xingrg/kc/buy/cgsh_order_operate.html?command=get_materiel&rest_code=00154&code=00101006201&supplier_code=00100176&order_time=2022-07-30 HTTP/1.1" 200 405
180.169.147.146 - - [30/Jul/2022:09:03:45 +0800] "GET /xingrg/all/function/internal_message.html?_=1659143021967&CODE_STATE=getMsg HTTP/1.1" 200 27
116.232.194.65 - - [30/Jul/2022:09:03:50 +0800] "GET /xingrg/all/function/internal_message.html?_=1659143018669&CODE_STATE=getMsg HTTP/1.1" 200 27
101.83.240.137 - - [30/Jul/2022:09:03:52 +0800] "GET /xingrg/all/function/internal_message.html?_=1659143027244&CODE_STATE=getMsg HTTP/1.1" 200 27
58.40.7.146 - - [30/Jul/2022:09:03:53 +0800] "GET /xingrg/all/function/internal_message.html?_=1659143030740&CODE_STATE=getMsg HTTP/1.1" 302 -
101.80.228.36 - - [30/Jul/2022:09:03:55 +0800] "GET /xingrg/all/function/internal_message.html?_=1659143033133&CODE_STATE=getMsg HTTP/1.1" 200 27
61.165.20.118 - - [30/Jul/2022:09:03:57 +0800] "GET /xingrg/check_reg.html?_=1659142916027 HTTP/1.1" 200 22
222.69.129.110 - - [30/Jul/2022:09:03:59 +0800] "POST /xingrg/kc/buy/cgsh_order_operate.html HTTP/1.1" 200 37
101.83.240.137 - - [30/Jul/2022:09:04:00 +0800] "GET /xingrg/kc/buy/cgsh_order_operate.html?command=get_materiel&rest_code=00149&code=00101008370&supplier_code=00100005&order_time=2022-07-30 HTTP/1.1" 200 412
222.69.129.110 - - [30/Jul/2022:09:04:02 +0800] "POST /xingrg/kc/buy/cgsh_order_operate.html HTTP/1.1" 200 12
222.69.129.110 - - [30/Jul/2022:09:04:03 +0800] "GET /xingrg/kc/buy/cgsh_order_info.html?code=212022073007940 HTTP/1.1" 200 62013
222.69.129.110 - - [30/Jul/2022:09:04:03 +0800] "GET /xingrg/css/base.css HTTP/1.1" 200 2811
222.69.129.110 - - [30/Jul/2022:09:04:03 +0800] "GET /xingrg/javascript/jquery_tools/jquery.tools.min.js HTTP/1.1" 200 138801
222.69.129.110 - - [30/Jul/2022:09:04:03 +0800] "GET /xingrg/css/site.css HTTP/1.1" 200 7541
222.69.129.110 - - [30/Jul/2022:09:04:03 +0800] "GET /xingrg/javascript/jquery_tools/jquery.tools.hotkey.js HTTP/1.1" 200 3242
222.69.129.110 - - [30/Jul/2022:09:04:03 +0800] "GET /xingrg/javascript/jquery_tools/jquery.tools.extend.js HTTP/1.1" 200 15385
222.69.129.110 - - [30/Jul/2022:09:04:03 +0800] "GET /xingrg/javascript/jquery_tools/jquery.tools.table.js HTTP/1.1" 200 6994
222.69.129.110 - - [30/Jul/2022:09:04:03 +0800] "GET /xingrg/javascript/jquery_tools/datebox.css HTTP/1.1" 200 2597
222.69.129.110 - - [30/Jul/2022:09:04:03 +0800] "GET /xingrg/javascript/auto/jquery.autocomplete.js HTTP/1.1" 200 21624
222.69.129.110 - - [30/Jul/2022:09:04:03 +0800] "GET /xingrg/javascript/easyui/easyloader.js HTTP/1.1" 200 5975
222.69.129.110 - - [30/Jul/2022:09:04:03 +0800] "GET /xingrg/javascript/convert.js HTTP/1.1" 200 1239
222.69.129.110 - - [30/Jul/2022:09:04:03 +0800] "GET /xingrg/javascript/jquery_tools/order_manager.js HTTP/1.1" 200 11183
222.69.129.110 - - [30/Jul/2022:09:04:03 +0800] "GET /xingrg/javascript/jquery.utils.js HTTP/1.1" 200 11805
222.69.129.110 - - [30/Jul/2022:09:04:03 +0800] "GET /xingrg/javascript/jquery.cookie.js HTTP/1.1" 200 5513
222.69.129.110 - - [30/Jul/2022:09:04:03 +0800] "GET /xingrg/javascript/json2.js HTTP/1.1" 200 11259
222.69.129.110 - - [30/Jul/2022:09:04:03 +0800] "GET /xingrg/javascript/print/kc_print.js HTTP/1.1" 200 11415
222.69.129.110 - - [30/Jul/2022:09:04:03 +0800] "GET /xingrg/javascript/print/LodopFuncs.js HTTP/1.1" 200 5121
222.69.129.110 - - [30/Jul/2022:09:04:03 +0800] "GET /xingrg/javascript/easyui/themes/default/easyui.css HTTP/1.1" 200 30432
222.69.129.110 - - [30/Jul/2022:09:04:03 +0800] "GET /xingrg/javascript/auto/jquery.autocomplete.css HTTP/1.1" 200 587
222.69.129.110 - - [30/Jul/2022:09:04:03 +0800] "GET /xingrg/javascript/jquery_tools/fix.css HTTP/1.1" 200 1702
222.69.129.110 - - [30/Jul/2022:09:04:03 +0800] "GET /xingrg/javascript/easyui/themes/icon.css HTTP/1.1" 200 4483
222.69.129.110 - - [30/Jul/2022:09:04:03 +0800] "GET /xingrg/javascript/jquery_tools/table.css HTTP/1.1" 200 1032
222.69.129.110 - - [30/Jul/2022:09:04:03 +0800] "GET /xingrg/javascript/pic_change.js HTTP/1.1" 200 4739
222.69.129.110 - - [30/Jul/2022:09:04:03 +0800] "GET /xingrg/words/20220729162113_words.js HTTP/1.1" 200 907608
222.69.129.110 - - [30/Jul/2022:09:04:04 +0800] "GET /xingrg/javascript/easyui/plugins/jquery.parser.js HTTP/1.1" 200 1142
222.69.129.110 - - [30/Jul/2022:09:04:04 +0800] "GET /xingrg/javascript/easyui/themes/default/validatebox.css HTTP/1.1" 404 1104
222.69.129.110 - - [30/Jul/2022:09:04:04 +0800] "GET /xingrg/javascript/easyui/plugins/jquery.validatebox.js HTTP/1.1" 200 6103
222.69.129.110 - - [30/Jul/2022:09:04:04 +0800] "GET /xingrg/javascript/easyui/plugins/jquery.numberbox.js HTTP/1.1" 200 5213
222.69.129.110 - - [30/Jul/2022:09:04:04 +0800] "POST /xingrg/kc/buy/cgsh_order_operate.html HTTP/1.1" 200 600
222.69.129.110 - - [30/Jul/2022:09:04:06 +0800] "GET /xingrg/kc/print/load_config.html?kc_code=cgsh HTTP/1.1" 200 1943
222.69.129.110 - - [30/Jul/2022:09:04:06 +0800] "GET /xingrg/kc/print/load_data.html?order_code=212022073007940&kc_code=cgsh&condition= HTTP/1.1" 200 715
101.83.240.137 - - [30/Jul/2022:09:04:19 +0800] "GET /xingrg/kc/buy/cgsh_order_operate.html?command=get_materiel&rest_code=00149&code=00101008126&supplier_code=00100005&order_time=2022-07-30 HTTP/1.1" 200 412
180.169.147.146 - - [30/Jul/2022:09:04:21 +0800] "GET /xingrg/check_reg.html?_=1659143056622 HTTP/1.1" 200 22
180.169.147.146 - - [30/Jul/2022:09:04:21 +0800] "GET /xingrg/all/function/internal_message.html?_=1659143056624&CODE_STATE=getMsg HTTP/1.1" 200 27
116.224.123.211 - - [30/Jul/2022:09:04:21 +0800] "GET /xingrg/all/function/internal_message.html?_=1659143057202&CODE_STATE=getMsg HTTP/1.1" 200 27
120.253.135.82 - - [30/Jul/2022:09:04:23 +0800] "GET /xingrg/all/function/internal_message.html?_=1659142868427&CODE_STATE=getMsg HTTP/1.1" 200 27
61.165.20.118 - - [30/Jul/2022:09:04:27 +0800] "GET /xingrg/all/function/internal_message.html?_=1659142945281&CODE_STATE=getMsg HTTP/1.1" 200 27
101.83.240.137 - - [30/Jul/2022:09:04:33 +0800] "GET /xingrg/kc/buy/cgsh_order_operate.html?command=get_materiel&rest_code=00149&code=00101008361&supplier_code=00100005&order_time=2022-07-30 HTTP/1.1" 200 408
124.78.154.216 - - [30/Jul/2022:09:04:35 +0800] "GET /xingrg/login.html?r=1 HTTP/1.1" 200 7641
124.78.154.216 - - [30/Jul/2022:09:04:35 +0800] "GET /favicon.ico HTTP/1.1" 404 -
222.69.129.110 - - [30/Jul/2022:09:04:35 +0800] "GET /xingrg/all/function/internal_message.html?_=1659143127932&CODE_STATE=getMsg HTTP/1.1" 200 27
124.78.154.216 - - [30/Jul/2022:09:04:37 +0800] "POST /xingrg/login.do HTTP/1.1" 302 -
124.78.154.216 - - [30/Jul/2022:09:04:37 +0800] "GET /xingrg/index.html?sysBaseUrl=http%3A%2F%2F180.169.147.146%3A18081%2Fxingrg%2F&costTime=40×tamp=1659143077050 HTTP/1.1" 200 17173
124.78.154.216 - - [30/Jul/2022:09:04:37 +0800] "GET /favicon.ico HTTP/1.1" 404 -
124.78.154.216 - - [30/Jul/2022:09:04:37 +0800] "POST /xingrg/all/common/load_tree.html?tree=area_rest_tree_json&manage=1 HTTP/1.1" 200 342
124.78.154.216 - - [30/Jul/2022:09:04:37 +0800] "GET /xingrg/all/function/internal_message.html?_=1659143078875&CODE_STATE=count HTTP/1.1" 200 11
124.78.154.216 - - [30/Jul/2022:09:04:37 +0800] "POST /xingrg/load_menu.html HTTP/1.1" 200 5138
124.78.154.216 - - [30/Jul/2022:09:04:37 +0800] "GET /xingrg/check_reg.html?_=1659143078875 HTTP/1.1" 200 22
218.81.223.53 - - [30/Jul/2022:09:04:37 +0800] "GET /xingrg/all/function/internal_message.html?_=1659143082013&CODE_STATE=getMsg HTTP/1.1" 200 27
124.78.154.216 - - [30/Jul/2022:09:04:38 +0800] "GET /xingrg/kc/buy/buy_main.html HTTP/1.1" 200 12412
124.78.154.216 - - [30/Jul/2022:09:04:38 +0800] "GET /xingrg/css/new_ie.css HTTP/1.1" 404 1036
124.78.154.216 - - [30/Jul/2022:09:04:39 +0800] "GET /xingrg/images/yd/bt.gif HTTP/1.1" 404 1040
124.78.154.216 - - [30/Jul/2022:09:04:40 +0800] "GET /xingrg/kc/buy/cgsh_order_list.html HTTP/1.1" 200 52162
101.83.240.137 - - [30/Jul/2022:09:04:41 +0800] "POST /xingrg/kc/buy/cgsh_order_operate.html HTTP/1.1" 200 2065
124.78.154.216 - - [30/Jul/2022:09:04:41 +0800] "POST /xingrg/kc/buy/cgsh_list_operate.html HTTP/1.1" 200 693
124.78.154.216 - - [30/Jul/2022:09:04:42 +0800] "GET /xingrg/kc/buy/cgsh_order_add.html HTTP/1.1" 200 67938
124.78.154.216 - - [30/Jul/2022:09:04:42 +0800] "GET /xingrg/words/20220729162113_words.js HTTP/1.1" 304 -
124.78.154.216 - - [30/Jul/2022:09:04:43 +0800] "GET /xingrg/all/common/auto_word.html?type=employee&rest_code=00106 HTTP/1.1" 200 205
124.78.154.216 - - [30/Jul/2022:09:04:43 +0800] "POST /xingrg/kc/buy/cgsh_order_operate.html HTTP/1.1" 200 8245
124.78.154.216 - - [30/Jul/2022:09:04:43 +0800] "GET /xingrg/javascript/easyui/themes/default/validatebox.css HTTP/1.1" 404 1104
124.78.154.216 - - [30/Jul/2022:09:04:43 +0800] "GET /xingrg/all/common/auto_word.html?type=employee&rest_code=00106 HTTP/1.1" 200 205
124.78.154.216 - - [30/Jul/2022:09:04:44 +0800] "GET /xingrg/javascript/easyui/themes/default/tree.css HTTP/1.1" 404 1090
124.78.154.216 - - [30/Jul/2022:09:04:44 +0800] "POST /xingrg/all/common/load_tree.html?tree=supplier_tree_json&isDelete=1 HTTP/1.1" 200 66956
180.169.147.146 - - [30/Jul/2022:09:04:45 +0800] "GET /xingrg/all/function/internal_message.html?_=1659143081962&CODE_STATE=getMsg HTTP/1.1" 200 27
180.169.147.146 - - [30/Jul/2022:09:04:45 +0800] "GET /xingrg/check_reg.html?_=1659143081963 HTTP/1.1" 200 22
101.83.240.137 - - [30/Jul/2022:09:04:46 +0800] "GET /xingrg/kc/buy/cgsh_order_operate.html?command=get_materiel&rest_code=00149&code=00101008148&supplier_code=00100005&order_time=2022-07-30 HTTP/1.1" 200 416
101.83.240.137 - - [30/Jul/2022:09:04:50 +0800] "GET /xingrg/check_reg.html?_=1659143085357 HTTP/1.1" 200 22
116.232.194.65 - - [30/Jul/2022:09:04:50 +0800] "GET /xingrg/all/function/internal_message.html?_=1659143078652&CODE_STATE=getMsg HTTP/1.1" 200 27
101.83.240.137 - - [30/Jul/2022:09:04:52 +0800] "GET /xingrg/all/function/internal_message.html?_=1659143087227&CODE_STATE=getMsg HTTP/1.1" 200 27
58.40.7.146 - - [30/Jul/2022:09:04:54 +0800] "GET /xingrg/check_reg.html?_=1659143090744 HTTP/1.1" 302 -
58.40.7.146 - - [30/Jul/2022:09:04:54 +0800] "GET /xingrg/all/function/internal_message.html?_=1659143090746&CODE_STATE=getMsg HTTP/1.1" 302 -
101.80.228.36 - - [30/Jul/2022:09:04:55 +0800] "GET /xingrg/check_reg.html?_=1659143093133 HTTP/1.1" 200 22
101.80.228.36 - - [30/Jul/2022:09:04:55 +0800] "GET /xingrg/all/function/internal_message.html?_=1659143093134&CODE_STATE=getMsg HTTP/1.1" 200 27
218.81.223.53 - - [30/Jul/2022:09:04:56 +0800] "GET /xingrg/check_reg.html?_=1659143100946 HTTP/1.1" 200 22
124.78.154.216 - - [30/Jul/2022:09:04:59 +0800] "GET /xingrg/javascript/auto/indicator.gif HTTP/1.1" 404 1066
124.78.154.216 - - [30/Jul/2022:09:05:03 +0800] "GET /xingrg/kc/buy/cgsh_order_operate.html?command=get_materiel&rest_code=00106&code=00101007061&supplier_code=00100002&order_time=2022-07-30 HTTP/1.1" 200 426
101.83.240.137 - - [30/Jul/2022:09:05:09 +0800] "GET /xingrg/kc/buy/cgsh_order_operate.html?command=get_materiel&rest_code=00149&code=00101008004&supplier_code=00100005&order_time=2022-07-30 HTTP/1.1" 200 416
61.165.20.118 - - [30/Jul/2022:09:05:21 +0800] "GET /xingrg/index.html?sysBaseUrl=http%3A%2F%2F180.169.147.146%3A18081%2Fxingrg%2F&costTime=36×tamp=1585223203754 HTTP/1.1" 302 -
61.165.20.118 - - [30/Jul/2022:09:05:21 +0800] "GET /xingrg/login.html HTTP/1.1" 200 7641
61.165.20.118 - - [30/Jul/2022:09:05:21 +0800] "GET /favicon.ico HTTP/1.1" 404 -
180.169.147.146 - - [30/Jul/2022:09:05:21 +0800] "GET /xingrg/all/function/internal_message.html?_=1659143116624&CODE_STATE=getMsg HTTP/1.1" 200 27
116.224.123.211 - - [30/Jul/2022:09:05:21 +0800] "GET /xingrg/all/function/internal_message.html?_=1659143117184&CODE_STATE=getMsg HTTP/1.1" 200 27
116.224.123.211 - - [30/Jul/2022:09:05:22 +0800] "GET /xingrg/check_reg.html?_=1659143117804 HTTP/1.1" 200 22
120.253.135.82 - - [30/Jul/2022:09:05:23 +0800] "GET /xingrg/all/function/internal_message.html?_=1659142928544&CODE_STATE=getMsg HTTP/1.1" 200 27
61.165.20.118 - - [30/Jul/2022:09:05:27 +0800] "GET /xingrg/all/function/internal_message.html?_=1659143005266&CODE_STATE=getMsg HTTP/1.1" 200 27
101.83.240.137 - - [30/Jul/2022:09:05:29 +0800] "GET /xingrg/kc/buy/cgsh_order_operate.html?command=get_materiel&rest_code=00149&code=00101008264&supplier_code=00100005&order_time=2022-07-30 HTTP/1.1" 200 428
222.69.129.110 - - [30/Jul/2022:09:05:34 +0800] "GET /xingrg/check_reg.html?_=1659143186673 HTTP/1.1" 200 22
222.69.129.110 - - [30/Jul/2022:09:05:35 +0800] "GET /xingrg/all/function/internal_message.html?_=1659143187913&CODE_STATE=getMsg HTTP/1.1" 200 27
124.78.154.216 - - [30/Jul/2022:09:05:37 +0800] "GET /xingrg/all/function/internal_message.html?_=1659143138899&CODE_STATE=getMsg HTTP/1.1" 200 27
218.81.223.53 - - [30/Jul/2022:09:05:37 +0800] "GET /xingrg/all/function/internal_message.html?_=1659143142202&CODE_STATE=getMsg HTTP/1.1" 200 27
101.83.240.137 - - [30/Jul/2022:09:05:44 +0800] "GET /xingrg/kc/buy/cgsh_order_operate.html?command=get_materiel&rest_code=00149&code=00101008356&supplier_code=00100005&order_time=2022-07-30 HTTP/1.1" 200 408
180.169.147.146 - - [30/Jul/2022:09:05:45 +0800] "GET /xingrg/all/function/internal_message.html?_=1659143141950&CODE_STATE=getMsg HTTP/1.1" 200 27
116.232.194.65 - - [30/Jul/2022:09:05:50 +0800] "GET /xingrg/all/function/internal_message.html?_=1659143138633&CODE_STATE=getMsg HTTP/1.1" 200 27
116.232.194.65 - - [30/Jul/2022:09:05:51 +0800] "GET /xingrg/check_reg.html?_=1659143139081 HTTP/1.1" 200 22
124.78.154.216 - - [30/Jul/2022:09:05:52 +0800] "GET /xingrg/kc/buy/cgsh_order_operate.html?command=get_materiel&rest_code=00106&code=00101007085&supplier_code=00100002&order_time=2022-07-30 HTTP/1.1" 200 429
101.83.240.137 - - [30/Jul/2022:09:05:52 +0800] "GET /xingrg/all/function/internal_message.html?_=1659143147205&CODE_STATE=getMsg HTTP/1.1" 200 27
58.40.7.146 - - [30/Jul/2022:09:05:53 +0800] "GET /xingrg/all/function/internal_message.html?_=1659143150749&CODE_STATE=getMsg HTTP/1.1" 302 -
101.80.228.36 - - [30/Jul/2022:09:05:55 +0800] "GET /xingrg/all/function/internal_message.html?_=1659143153135&CODE_STATE=getMsg HTTP/1.1" 200 27
114.88.158.224 - - [30/Jul/2022:09:05:55 +0800] "GET /xingrg/check_reg.html?_=1659142833544 HTTP/1.1" 302 -
114.88.158.224 - - [30/Jul/2022:09:05:55 +0800] "GET /xingrg/all/function/internal_message.html?_=1659142833517&CODE_STATE=getMsg HTTP/1.1" 302 -
114.88.158.224 - - [30/Jul/2022:09:05:55 +0800] "GET /xingrg/login.html HTTP/1.1" 200 7641
114.88.158.224 - - [30/Jul/2022:09:05:55 +0800] "GET /xingrg/login.html HTTP/1.1" 200 7641
124.78.154.216 - - [30/Jul/2022:09:06:12 +0800] "GET /xingrg/kc/buy/cgsh_order_operate.html?command=get_materiel&rest_code=00106&code=00101007090&supplier_code=00100002&order_time=2022-07-30 HTTP/1.1" 200 413
222.69.129.110 - - [30/Jul/2022:09:06:12 +0800] "GET /xingrg/kc/buy/cgsh_order_add.html HTTP/1.1" 200 67107
222.69.129.110 - - [30/Jul/2022:09:06:13 +0800] "POST /xingrg/kc/buy/cgsh_order_operate.html HTTP/1.1" 200 8245
222.69.129.110 - - [30/Jul/2022:09:06:13 +0800] "GET /xingrg/all/common/auto_word.html?type=employee&rest_code=00154 HTTP/1.1" 200 101
222.69.129.110 - - [30/Jul/2022:09:06:13 +0800] "GET /xingrg/all/common/auto_word.html?type=employee&rest_code=00154 HTTP/1.1" 200 101
222.69.129.110 - - [30/Jul/2022:09:06:13 +0800] "GET /xingrg/javascript/easyui/themes/default/validatebox.css HTTP/1.1" 404 1104
180.169.147.146 - - [30/Jul/2022:09:06:21 +0800] "GET /xingrg/all/function/internal_message.html?_=1659143176612&CODE_STATE=getMsg HTTP/1.1" 200 27
116.224.123.211 - - [30/Jul/2022:09:06:21 +0800] "GET /xingrg/all/function/internal_message.html?_=1659143177163&CODE_STATE=getMsg HTTP/1.1" 200 27
120.253.135.82 - - [30/Jul/2022:09:06:23 +0800] "GET /xingrg/all/function/internal_message.html?_=1659142988548&CODE_STATE=getMsg HTTP/1.1" 200 27
222.69.129.110 - - [30/Jul/2022:09:06:26 +0800] "GET /xingrg/kc/buy/cgsh_order_operate.html?command=get_materiel&rest_code=00154&code=00101011005&supplier_code=00100052&order_time=2022-07-30 HTTP/1.1" 200 425
61.165.20.118 - - [30/Jul/2022:09:06:27 +0800] "GET /xingrg/all/function/internal_message.html?_=1659143065251&CODE_STATE=getMsg HTTP/1.1" 200 27
124.78.154.216 - - [30/Jul/2022:09:06:27 +0800] "GET /xingrg/kc/buy/cgsh_order_operate.html?command=get_materiel&rest_code=00106&code=00101007027&supplier_code=00100002&order_time=2022-07-30 HTTP/1.1" 200 421
61.165.20.118 - - [30/Jul/2022:09:06:31 +0800] "POST /xingrg/login.do HTTP/1.1" 200 2421
61.165.20.118 - - [30/Jul/2022:09:06:31 +0800] "GET /favicon.ico HTTP/1.1" 404 -
61.165.20.118 - - [30/Jul/2022:09:06:32 +0800] "GET /xingrg/login.html HTTP/1.1" 200 7641
61.165.20.118 - - [30/Jul/2022:09:06:32 +0800] "GET /favicon.ico HTTP/1.1" 404 -
61.165.20.118 - - [30/Jul/2022:09:06:33 +0800] "POST /xingrg/login.do HTTP/1.1" 302 -
