180.169.147.146 - - [29/Jul/2022:10:35:03 +0800] "POST /xingrg/dwr/call/plaincall/AjaxBaseInfoService.getSubMaterielSorts.dwr HTTP/1.1" 200 219
180.169.147.146 - - [29/Jul/2022:10:35:03 +0800] "GET /xingrg/images/xtree/foldericon.png HTTP/1.1" 200 229
180.169.147.146 - - [29/Jul/2022:10:35:03 +0800] "GET /xingrg/images/xtree/Tplus.png HTTP/1.1" 200 222
180.169.147.146 - - [29/Jul/2022:10:35:03 +0800] "GET /xingrg/images/xtree/Lplus.png HTTP/1.1" 200 224
180.169.147.146 - - [29/Jul/2022:10:35:03 +0800] "POST /xingrg/dwr/call/plaincall/AjaxBaseInfoService.getMateriels.dwr HTTP/1.1" 200 2930
180.169.147.146 - - [29/Jul/2022:10:35:04 +0800] "POST /xingrg/dwr/call/plaincall/AjaxBaseInfoService.getSubMaterielSorts.dwr HTTP/1.1" 200 3802
180.169.147.146 - - [29/Jul/2022:10:35:04 +0800] "GET /xingrg/images/xtree/blank.png HTTP/1.1" 200 144
180.169.147.146 - - [29/Jul/2022:10:35:04 +0800] "GET /xingrg/images/xtree/file.png HTTP/1.1" 200 251
180.169.147.146 - - [29/Jul/2022:10:35:04 +0800] "GET /xingrg/images/xtree/T.png HTTP/1.1" 200 152
180.169.147.146 - - [29/Jul/2022:10:35:04 +0800] "GET /xingrg/images/xtree/L.png HTTP/1.1" 200 153
180.169.147.146 - - [29/Jul/2022:10:35:04 +0800] "GET /xingrg/images/xtree/Lminus.png HTTP/1.1" 200 219
180.169.147.146 - - [29/Jul/2022:10:35:04 +0800] "POST /xingrg/dwr/call/plaincall/AjaxBaseInfoService.getMateriels.dwr HTTP/1.1" 200 3020
180.162.109.37 - - [29/Jul/2022:10:35:05 +0800] "GET /xingrg/kc/buy/cgsh_order_operate.html?command=get_materiel&rest_code=00143&code=00101007081&supplier_code=00100207&order_time=2022-07-28 HTTP/1.1" 200 413
180.169.147.146 - - [29/Jul/2022:10:35:06 +0800] "POST /xingrg/dwr/call/plaincall/AjaxBaseInfoService.getMateriels.dwr HTTP/1.1" 200 3117
180.169.147.146 - - [29/Jul/2022:10:35:06 +0800] "GET /xingrg/system/info/materiel_info.html?code=00102034&isAdd=1 HTTP/1.1" 200 36462
180.169.147.146 - - [29/Jul/2022:10:35:07 +0800] "GET /xingrg/dwr/interface/AjaxGetFirstChart.js HTTP/1.1" 200 631
180.169.147.146 - - [29/Jul/2022:10:35:07 +0800] "GET /xingrg/dwr/engine.js HTTP/1.1" 200 43631
180.169.147.146 - - [29/Jul/2022:10:35:07 +0800] "GET /xingrg/javascript/checkform.js HTTP/1.1" 200 18351
180.169.147.146 - - [29/Jul/2022:10:35:07 +0800] "GET /favicon.ico HTTP/1.1" 404 -
180.169.147.146 - - [29/Jul/2022:10:35:07 +0800] "POST /xingrg/all/common/load_tree.html?tree=area_rest_tree_json HTTP/1.1" 200 3472
180.169.147.146 - - [29/Jul/2022:10:35:07 +0800] "POST /xingrg/dwr/call/plaincall/AjaxBaseInfoService.getMaterielInfo.dwr HTTP/1.1" 200 229
180.169.147.146 - - [29/Jul/2022:10:35:07 +0800] "POST /xingrg/all/common/load_tree.html?tree=area_rest_tree_json&defaultRests=undefined HTTP/1.1" 200 3472
180.169.147.146 - - [29/Jul/2022:10:35:07 +0800] "GET /xingrg/javascript/jquery_easy_ui/themes/default/images/tree_checkbox_0.gif HTTP/1.1" 200 168
180.169.147.146 - - [29/Jul/2022:10:35:07 +0800] "GET /xingrg/javascript/jquery_easy_ui/themes/icons/area.png HTTP/1.1" 200 262
180.169.147.146 - - [29/Jul/2022:10:35:07 +0800] "GET /xingrg/javascript/jquery_easy_ui/themes/icons/manage.png HTTP/1.1" 200 696
180.169.147.146 - - [29/Jul/2022:10:35:07 +0800] "GET /xingrg/javascript/jquery_easy_ui/themes/icons/rest.png HTTP/1.1" 200 695
61.165.20.118 - - [29/Jul/2022:10:35:07 +0800] "GET /xingrg/all/function/internal_message.html?_=1659062103888&CODE_STATE=getMsg HTTP/1.1" 200 27
101.80.228.36 - - [29/Jul/2022:10:35:08 +0800] "GET /xingrg/kc/buy/cgsh_order_operate.html?command=get_materiel&rest_code=00156&code=00101008318&supplier_code=00100006&order_time=2022-07-29 HTTP/1.1" 200 408
180.169.147.146 - - [29/Jul/2022:10:35:08 +0800] "POST /xingrg/dwr/call/plaincall/AjaxGetFirstChart.getFirstChart.dwr HTTP/1.1" 200 82
180.162.109.37 - - [29/Jul/2022:10:35:10 +0800] "GET /xingrg/all/function/internal_message.html?_=1659061302692&CODE_STATE=getMsg HTTP/1.1" 200 27
180.169.147.146 - - [29/Jul/2022:10:35:10 +0800] "GET /xingrg/all/function/internal_message.html?_=1659062105321&CODE_STATE=getMsg HTTP/1.1" 200 27
116.232.194.65 - - [29/Jul/2022:10:35:11 +0800] "GET /xingrg/all/function/internal_message.html?_=1659062102348&CODE_STATE=getMsg HTTP/1.1" 200 27
180.169.147.146 - - [29/Jul/2022:10:35:12 +0800] "POST /xingrg/dwr/call/plaincall/AjaxBaseInfoService.changeUnitGroup.dwr HTTP/1.1" 200 243
116.232.194.65 - - [29/Jul/2022:10:35:12 +0800] "GET /xingrg/check_reg.html?_=1659062103312 HTTP/1.1" 200 22
180.169.147.146 - - [29/Jul/2022:10:35:15 +0800] "POST /xingrg/dwr/call/plaincall/AjaxBaseInfoService.saveMateriel.dwr HTTP/1.1" 200 108
180.169.147.146 - - [29/Jul/2022:10:35:15 +0800] "POST /xingrg/dwr/call/plaincall/AjaxBaseInfoService.getMateriels.dwr HTTP/1.1" 200 3117
101.80.228.36 - - [29/Jul/2022:10:35:16 +0800] "GET /xingrg/kc/buy/cgsh_order_operate.html?command=get_materiel&rest_code=00156&code=00101008144&supplier_code=00100006&order_time=2022-07-29 HTTP/1.1" 200 412
180.169.147.146 - - [29/Jul/2022:10:35:16 +0800] "GET /xingrg/system/info/materiel_info.html?code=00102034&isAdd=1 HTTP/1.1" 200 36462
180.169.147.146 - - [29/Jul/2022:10:35:16 +0800] "GET /xingrg/dwr/interface/AjaxBaseInfoService.js HTTP/1.1" 200 21363
180.169.147.146 - - [29/Jul/2022:10:35:16 +0800] "GET /xingrg/dwr/interface/AjaxGetFirstChart.js HTTP/1.1" 200 631
180.169.147.146 - - [29/Jul/2022:10:35:16 +0800] "GET /xingrg/dwr/interface/AjaxComOrderService.js HTTP/1.1" 200 18264
180.169.147.146 - - [29/Jul/2022:10:35:16 +0800] "GET /xingrg/dwr/engine.js HTTP/1.1" 200 43631
180.169.147.146 - - [29/Jul/2022:10:35:16 +0800] "POST /xingrg/all/common/load_tree.html?tree=area_rest_tree_json HTTP/1.1" 200 3472
180.169.147.146 - - [29/Jul/2022:10:35:16 +0800] "POST /xingrg/dwr/call/plaincall/AjaxBaseInfoService.getMaterielInfo.dwr HTTP/1.1" 200 229
180.169.147.146 - - [29/Jul/2022:10:35:16 +0800] "POST /xingrg/all/common/load_tree.html?tree=area_rest_tree_json&defaultRests=undefined HTTP/1.1" 200 3472
180.169.147.146 - - [29/Jul/2022:10:35:17 +0800] "POST /xingrg/dwr/call/plaincall/AjaxBaseInfoService.getMateriels.dwr HTTP/1.1" 200 1493
116.233.75.162 - - [29/Jul/2022:10:35:20 +0800] "GET /xingrg/all/function/internal_message.html?_=1659062119076&CODE_STATE=getMsg HTTP/1.1" 200 27
101.85.120.95 - - [29/Jul/2022:10:35:21 +0800] "GET /xingrg/all/function/internal_message.html?_=1659062118364&CODE_STATE=getMsg HTTP/1.1" 200 27
180.162.109.37 - - [29/Jul/2022:10:35:23 +0800] "GET /xingrg/javascript/easyui/themes/default/images/button_plain_hover.png HTTP/1.1" 304 -
218.81.223.53 - - [29/Jul/2022:10:35:24 +0800] "GET /xingrg/all/function/internal_message.html?_=1659062126051&CODE_STATE=getMsg HTTP/1.1" 200 27
101.80.228.36 - - [29/Jul/2022:10:35:25 +0800] "GET /xingrg/kc/buy/cgsh_order_operate.html?command=get_materiel&rest_code=00156&code=00101008223&supplier_code=00100006&order_time=2022-07-29 HTTP/1.1" 200 412
180.162.109.37 - - [29/Jul/2022:10:35:25 +0800] "GET /xingrg/javascript/jquery_tools/images/prev.gif HTTP/1.1" 404 1086
180.162.109.37 - - [29/Jul/2022:10:35:25 +0800] "GET /xingrg/javascript/jquery_tools/images/next.gif HTTP/1.1" 404 1086
222.69.129.110 - - [29/Jul/2022:10:35:26 +0800] "GET /xingrg/all/function/internal_message.html?_=1659062178798&CODE_STATE=getMsg HTTP/1.1" 200 27
180.169.147.146 - - [29/Jul/2022:10:35:29 +0800] "GET /xingrg/javascript/jquery_easy_ui/themes/default/images/button_plain_hover.png HTTP/1.1" 200 252
180.162.109.37 - - [29/Jul/2022:10:35:31 +0800] "POST /xingrg/kc/buy/cgsh_order_operate.html HTTP/1.1" 200 37
180.162.109.37 - - [29/Jul/2022:10:35:33 +0800] "POST /xingrg/kc/buy/cgsh_order_operate.html HTTP/1.1" 200 18723
101.80.228.36 - - [29/Jul/2022:10:35:33 +0800] "GET /xingrg/kc/buy/cgsh_order_operate.html?command=get_materiel&rest_code=00156&code=00101008357&supplier_code=00100006&order_time=2022-07-29 HTTP/1.1" 200 408
61.170.235.52 - - [29/Jul/2022:10:35:36 +0800] "GET /xingrg/all/function/internal_message.html?_=1659062138603&CODE_STATE=getMsg HTTP/1.1" 200 27
114.84.2.83 - - [29/Jul/2022:10:35:39 +0800] "GET /xingrg/all/function/internal_message.html?_=1659062144289&CODE_STATE=getMsg HTTP/1.1" 200 27
101.80.228.36 - - [29/Jul/2022:10:35:42 +0800] "GET /xingrg/kc/buy/cgsh_order_operate.html?command=get_materiel&rest_code=00156&code=00101008478&supplier_code=00100006&order_time=2022-07-29 HTTP/1.1" 200 413
101.83.240.174 - - [29/Jul/2022:10:35:42 +0800] "GET /xingrg/check_reg.html?_=1659062139034 HTTP/1.1" 200 22
180.169.147.146 - - [29/Jul/2022:10:35:43 +0800] "GET /xingrg/kc/buy/cgsh_order_add.html HTTP/1.1" 200 67947
180.169.147.146 - - [29/Jul/2022:10:35:43 +0800] "GET /xingrg/words/20220729103515_words.js HTTP/1.1" 200 907557
180.169.147.146 - - [29/Jul/2022:10:35:43 +0800] "POST /xingrg/kc/buy/cgsh_order_operate.html HTTP/1.1" 200 8245
180.169.147.146 - - [29/Jul/2022:10:35:43 +0800] "GET /xingrg/javascript/easyui/themes/default/validatebox.css HTTP/1.1" 404 1104
61.165.20.118 - - [29/Jul/2022:10:35:44 +0800] "GET /xingrg/all/function/internal_message.html?_=1659062023426&CODE_STATE=getMsg HTTP/1.1" 200 27
116.233.75.162 - - [29/Jul/2022:10:35:44 +0800] "GET /xingrg/all/function/internal_message.html?_=1659062142719&CODE_STATE=getMsg HTTP/1.1" 200 27
101.83.240.174 - - [29/Jul/2022:10:35:47 +0800] "GET /xingrg/all/function/internal_message.html?_=1659062144043&CODE_STATE=getMsg HTTP/1.1" 200 27
116.224.255.128 - - [29/Jul/2022:10:35:49 +0800] "GET /xingrg/all/function/internal_message.html?_=1659062146151&CODE_STATE=getMsg HTTP/1.1" 200 27
101.80.228.36 - - [29/Jul/2022:10:35:49 +0800] "GET /xingrg/kc/buy/cgsh_order_operate.html?command=get_materiel&rest_code=00156&code=00101008261&supplier_code=00100006&order_time=2022-07-29 HTTP/1.1" 200 424
58.40.7.146 - - [29/Jul/2022:10:35:52 +0800] "GET /xingrg/all/function/internal_message.html?_=1659062149624&CODE_STATE=getMsg HTTP/1.1" 302 -
101.80.228.36 - - [29/Jul/2022:10:35:53 +0800] "GET /xingrg/all/function/internal_message.html?_=1659062151086&CODE_STATE=getMsg HTTP/1.1" 200 27
180.169.147.146 - - [29/Jul/2022:10:35:54 +0800] "GET /xingrg/javascript/jquery_tools/images/next.gif HTTP/1.1" 404 1086
180.169.147.146 - - [29/Jul/2022:10:35:54 +0800] "GET /xingrg/javascript/jquery_tools/images/prev.gif HTTP/1.1" 404 1086
58.35.213.73 - - [29/Jul/2022:10:35:58 +0800] "POST /xingrg/services/DataTransmitService HTTP/1.1" 200 524
58.35.213.73 - - [29/Jul/2022:10:35:58 +0800] "POST /xingrg/services/DataTransmitService HTTP/1.1" 200 2147
58.35.213.73 - - [29/Jul/2022:10:35:59 +0800] "POST /xingrg/services/DataTransmitService HTTP/1.1" 200 119564
101.80.228.36 - - [29/Jul/2022:10:36:01 +0800] "GET /xingrg/kc/buy/cgsh_order_operate.html?command=get_materiel&rest_code=00156&code=00101008350&supplier_code=00100006&order_time=2022-07-29 HTTP/1.1" 200 425
180.169.147.146 - - [29/Jul/2022:10:36:01 +0800] "GET /xingrg/all/function/internal_message.html?_=1659062158583&CODE_STATE=getMsg HTTP/1.1" 200 27
180.169.147.146 - - [29/Jul/2022:10:36:05 +0800] "GET /xingrg/kc/buy/cgsh_order_operate.html?command=get_materiel&rest_code=00147&code=00101003040&supplier_code=00100093&order_time=2022-07-29 HTTP/1.1" 200 433
61.165.20.118 - - [29/Jul/2022:10:36:07 +0800] "GET /xingrg/all/function/internal_message.html?_=1659062163888&CODE_STATE=getMsg HTTP/1.1" 200 27
101.80.228.36 - - [29/Jul/2022:10:36:09 +0800] "GET /xingrg/kc/buy/cgsh_order_operate.html?command=get_materiel&rest_code=00156&code=00101008108&supplier_code=00100006&order_time=2022-07-29 HTTP/1.1" 200 412
180.162.109.37 - - [29/Jul/2022:10:36:10 +0800] "GET /xingrg/all/function/internal_message.html?_=1659061362703&CODE_STATE=getMsg HTTP/1.1" 200 27
180.169.147.146 - - [29/Jul/2022:10:36:10 +0800] "GET /xingrg/all/function/internal_message.html?_=1659062165338&CODE_STATE=getMsg HTTP/1.1" 200 27
180.169.147.146 - - [29/Jul/2022:10:36:10 +0800] "GET /xingrg/check_reg.html?_=1659062165340 HTTP/1.1" 200 22
120.253.135.82 - - [29/Jul/2022:10:36:11 +0800] "GET /xingrg/check_reg.html?_=1659061976808 HTTP/1.1" 200 22
116.232.194.65 - - [29/Jul/2022:10:36:11 +0800] "GET /xingrg/all/function/internal_message.html?_=1659062162340&CODE_STATE=getMsg HTTP/1.1" 200 27
180.169.147.146 - - [29/Jul/2022:10:36:14 +0800] "POST /xingrg/kc/buy/cgsh_order_operate.html HTTP/1.1" 200 37
180.169.147.146 - - [29/Jul/2022:10:36:15 +0800] "POST /xingrg/kc/buy/cgsh_order_operate.html HTTP/1.1" 200 2665
180.169.147.146 - - [29/Jul/2022:10:36:16 +0800] "GET /xingrg/kc/print/load_config.html?kc_code=cgsh HTTP/1.1" 200 1943
180.169.147.146 - - [29/Jul/2022:10:36:16 +0800] "GET /xingrg/kc/print/load_data.html?order_code=212022072907570&kc_code=cgsh&condition= HTTP/1.1" 200 744
180.169.147.146 - - [29/Jul/2022:10:36:19 +0800] "GET /xingrg/kc/buy/cgsh_order_add.html HTTP/1.1" 200 67947
180.169.147.146 - - [29/Jul/2022:10:36:19 +0800] "GET /xingrg/words/20220729103515_words.js HTTP/1.1" 304 -
180.169.147.146 - - [29/Jul/2022:10:36:19 +0800] "GET /xingrg/javascript/easyui/themes/default/validatebox.css HTTP/1.1" 404 1104
180.169.147.146 - - [29/Jul/2022:10:36:19 +0800] "POST /xingrg/kc/buy/cgsh_order_operate.html HTTP/1.1" 200 8245
116.233.75.162 - - [29/Jul/2022:10:36:20 +0800] "GET /xingrg/all/function/internal_message.html?_=1659062179093&CODE_STATE=getMsg HTTP/1.1" 200 27
101.80.228.36 - - [29/Jul/2022:10:36:20 +0800] "GET /xingrg/kc/buy/cgsh_order_operate.html?command=get_materiel&rest_code=00156&code=00101008355&supplier_code=00100006&order_time=2022-07-29 HTTP/1.1" 200 408
101.85.120.95 - - [29/Jul/2022:10:36:21 +0800] "GET /xingrg/all/function/internal_message.html?_=1659062178364&CODE_STATE=getMsg HTTP/1.1" 200 27
218.81.223.53 - - [29/Jul/2022:10:36:24 +0800] "GET /xingrg/all/function/internal_message.html?_=1659062186055&CODE_STATE=getMsg HTTP/1.1" 200 27
222.69.129.110 - - [29/Jul/2022:10:36:26 +0800] "GET /xingrg/all/function/internal_message.html?_=1659062238904&CODE_STATE=getMsg HTTP/1.1" 200 27
101.80.228.36 - - [29/Jul/2022:10:36:28 +0800] "GET /xingrg/kc/buy/cgsh_order_operate.html?command=get_materiel&rest_code=00156&code=00101009044&supplier_code=00100006&order_time=2022-07-29 HTTP/1.1" 200 428
61.170.235.52 - - [29/Jul/2022:10:36:36 +0800] "GET /xingrg/all/function/internal_message.html?_=1659062198602&CODE_STATE=getMsg HTTP/1.1" 200 27
101.80.228.36 - - [29/Jul/2022:10:36:38 +0800] "GET /xingrg/kc/buy/cgsh_order_operate.html?command=get_materiel&rest_code=00156&code=00101009086&supplier_code=00100006&order_time=2022-07-29 HTTP/1.1" 200 419
114.84.2.83 - - [29/Jul/2022:10:36:39 +0800] "GET /xingrg/check_reg.html?_=1659062204295 HTTP/1.1" 200 22
114.84.2.83 - - [29/Jul/2022:10:36:39 +0800] "GET /xingrg/all/function/internal_message.html?_=1659062204291&CODE_STATE=getMsg HTTP/1.1" 200 27
180.162.109.37 - - [29/Jul/2022:10:36:40 +0800] "POST /xingrg/kc/buy/cgsh_order_operate.html HTTP/1.1" 200 37
180.162.109.37 - - [29/Jul/2022:10:36:42 +0800] "POST /xingrg/kc/buy/cgsh_order_operate.html HTTP/1.1" 200 18723
61.165.20.118 - - [29/Jul/2022:10:36:44 +0800] "GET /xingrg/all/function/internal_message.html?_=1659062083412&CODE_STATE=getMsg HTTP/1.1" 200 27
116.233.75.162 - - [29/Jul/2022:10:36:44 +0800] "GET /xingrg/all/function/internal_message.html?_=1659062202715&CODE_STATE=getMsg HTTP/1.1" 200 27
101.80.228.36 - - [29/Jul/2022:10:36:47 +0800] "GET /xingrg/kc/buy/cgsh_order_operate.html?command=get_materiel&rest_code=00156&code=00101009113&supplier_code=00100006&order_time=2022-07-29 HTTP/1.1" 200 413
101.83.240.174 - - [29/Jul/2022:10:36:47 +0800] "GET /xingrg/all/function/internal_message.html?_=1659062204016&CODE_STATE=getMsg HTTP/1.1" 200 27
116.224.255.128 - - [29/Jul/2022:10:36:49 +0800] "GET /xingrg/all/function/internal_message.html?_=1659062206160&CODE_STATE=getMsg HTTP/1.1" 200 27
58.40.7.146 - - [29/Jul/2022:10:36:52 +0800] "GET /xingrg/all/function/internal_message.html?_=1659062209635&CODE_STATE=getMsg HTTP/1.1" 302 -
101.80.228.36 - - [29/Jul/2022:10:36:53 +0800] "GET /xingrg/all/function/internal_message.html?_=1659062211087&CODE_STATE=getMsg HTTP/1.1" 200 27
180.169.147.146 - - [29/Jul/2022:10:36:56 +0800] "GET /xingrg/kc/buy/cgsh_order_operate.html?command=get_materiel&rest_code=00147&code=00101001093&supplier_code=00100090&order_time=2022-07-28 HTTP/1.1" 200 430
180.169.147.146 - - [29/Jul/2022:10:37:01 +0800] "GET /xingrg/all/function/internal_message.html?_=1659062218585&CODE_STATE=getMsg HTTP/1.1" 200 27
114.86.187.244 - - [29/Jul/2022:10:37:06 +0800] "GET /xingrg/check_reg.html?_=1659062225401 HTTP/1.1" 200 22
180.169.147.146 - - [29/Jul/2022:10:37:06 +0800] "GET /xingrg/kc/buy/cgsh_order_operate.html?command=get_materiel&rest_code=00147&code=00101004094&supplier_code=00100090&order_time=2022-07-28 HTTP/1.1" 200 432
58.35.213.73 - - [29/Jul/2022:10:37:07 +0800] "POST /xingrg/services/DataTransmitService HTTP/1.1" 200 524
58.35.213.73 - - [29/Jul/2022:10:37:07 +0800] "POST /xingrg/services/DataTransmitService HTTP/1.1" 200 2147
58.35.213.73 - - [29/Jul/2022:10:37:07 +0800] "POST /xingrg/services/DataTransmitService HTTP/1.1" 200 524
101.80.228.36 - - [29/Jul/2022:10:37:07 +0800] "GET /xingrg/kc/buy/cgsh_order_operate.html?command=get_materiel&rest_code=00156&code=00101008165&supplier_code=00100006&order_time=2022-07-29 HTTP/1.1" 200 417
61.165.20.118 - - [29/Jul/2022:10:37:07 +0800] "GET /xingrg/check_reg.html?_=1659062223889 HTTP/1.1" 200 22
61.165.20.118 - - [29/Jul/2022:10:37:07 +0800] "GET /xingrg/all/function/internal_message.html?_=1659062223891&CODE_STATE=getMsg HTTP/1.1" 200 27
58.35.213.73 - - [29/Jul/2022:10:37:07 +0800] "POST /xingrg/services/DataTransmitService HTTP/1.1" 200 2147
58.35.213.73 - - [29/Jul/2022:10:37:08 +0800] "POST /xingrg/services/DataTransmitService HTTP/1.1" 200 524
58.35.213.73 - - [29/Jul/2022:10:37:08 +0800] "POST /xingrg/services/DataTransmitService HTTP/1.1" 200 2147
58.35.213.73 - - [29/Jul/2022:10:37:08 +0800] "POST /xingrg/services/DataTransmitService HTTP/1.1" 200 524
58.35.213.73 - - [29/Jul/2022:10:37:08 +0800] "POST /xingrg/services/DataTransmitService HTTP/1.1" 200 2147
58.35.213.73 - - [29/Jul/2022:10:37:09 +0800] "POST /xingrg/services/DataTransmitService HTTP/1.1" 200 524
58.35.213.73 - - [29/Jul/2022:10:37:09 +0800] "POST /xingrg/services/DataTransmitService HTTP/1.1" 200 2147
58.35.213.73 - - [29/Jul/2022:10:37:09 +0800] "POST /xingrg/services/DataTransmitService HTTP/1.1" 200 524
58.35.213.73 - - [29/Jul/2022:10:37:09 +0800] "POST /xingrg/services/DataTransmitService HTTP/1.1" 200 2147
58.35.213.73 - - [29/Jul/2022:10:37:09 +0800] "POST /xingrg/services/DataTransmitService HTTP/1.1" 200 524
58.35.213.73 - - [29/Jul/2022:10:37:10 +0800] "POST /xingrg/services/DataTransmitService HTTP/1.1" 200 2147
58.35.213.73 - - [29/Jul/2022:10:37:10 +0800] "POST /xingrg/services/DataTransmitService HTTP/1.1" 200 524
180.162.109.37 - - [29/Jul/2022:10:37:10 +0800] "GET /xingrg/all/function/internal_message.html?_=1659061422697&CODE_STATE=getMsg HTTP/1.1" 200 27
180.169.147.146 - - [29/Jul/2022:10:37:10 +0800] "GET /xingrg/all/function/internal_message.html?_=1659062225338&CODE_STATE=getMsg HTTP/1.1" 200 27
58.35.213.73 - - [29/Jul/2022:10:37:10 +0800] "POST /xingrg/services/DataTransmitService HTTP/1.1" 200 2147
58.35.213.73 - - [29/Jul/2022:10:37:10 +0800] "POST /xingrg/services/DataTransmitService HTTP/1.1" 200 524
58.35.213.73 - - [29/Jul/2022:10:37:11 +0800] "POST /xingrg/services/DataTransmitService HTTP/1.1" 200 2147
58.35.213.73 - - [29/Jul/2022:10:37:11 +0800] "POST /xingrg/services/DataTransmitService HTTP/1.1" 200 524
58.35.213.73 - - [29/Jul/2022:10:37:11 +0800] "POST /xingrg/services/DataTransmitService HTTP/1.1" 200 2147
116.232.194.65 - - [29/Jul/2022:10:37:11 +0800] "GET /xingrg/all/function/internal_message.html?_=1659062222335&CODE_STATE=getMsg HTTP/1.1" 200 27
58.35.213.73 - - [29/Jul/2022:10:37:11 +0800] "POST /xingrg/services/DataTransmitService HTTP/1.1" 200 524
58.35.213.73 - - [29/Jul/2022:10:37:12 +0800] "POST /xingrg/services/DataTransmitService HTTP/1.1" 200 2147
58.35.213.73 - - [29/Jul/2022:10:37:12 +0800] "POST /xingrg/services/DataTransmitService HTTP/1.1" 200 524
58.35.213.73 - - [29/Jul/2022:10:37:12 +0800] "POST /xingrg/services/DataTransmitService HTTP/1.1" 200 2147
58.35.213.73 - - [29/Jul/2022:10:37:12 +0800] "POST /xingrg/services/DataTransmitService HTTP/1.1" 200 524
58.35.213.73 - - [29/Jul/2022:10:37:13 +0800] "POST /xingrg/services/DataTransmitService HTTP/1.1" 200 2147
58.35.213.73 - - [29/Jul/2022:10:37:13 +0800] "POST /xingrg/services/DataTransmitService HTTP/1.1" 200 524
58.35.213.73 - - [29/Jul/2022:10:37:13 +0800] "POST /xingrg/services/DataTransmitService HTTP/1.1" 200 2147
58.35.213.73 - - [29/Jul/2022:10:37:14 +0800] "POST /xingrg/services/DataTransmitService HTTP/1.1" 200 524
58.35.213.73 - - [29/Jul/2022:10:37:14 +0800] "POST /xingrg/services/DataTransmitService HTTP/1.1" 200 2147
58.35.213.73 - - [29/Jul/2022:10:37:14 +0800] "POST /xingrg/services/DataTransmitService HTTP/1.1" 200 524
58.35.213.73 - - [29/Jul/2022:10:37:14 +0800] "POST /xingrg/services/DataTransmitService HTTP/1.1" 200 2147
58.35.213.73 - - [29/Jul/2022:10:37:15 +0800] "POST /xingrg/services/DataTransmitService HTTP/1.1" 200 524
58.35.213.73 - - [29/Jul/2022:10:37:15 +0800] "POST /xingrg/services/DataTransmitService HTTP/1.1" 200 2147
180.169.147.146 - - [29/Jul/2022:10:37:15 +0800] "POST /xingrg/kc/buy/cgsh_order_operate.html HTTP/1.1" 200 37
58.35.213.73 - - [29/Jul/2022:10:37:15 +0800] "POST /xingrg/services/DataTransmitService HTTP/1.1" 200 524
58.35.213.73 - - [29/Jul/2022:10:37:15 +0800] "POST /xingrg/services/DataTransmitService HTTP/1.1" 200 2147
58.35.213.73 - - [29/Jul/2022:10:37:16 +0800] "POST /xingrg/services/DataTransmitService HTTP/1.1" 200 524
58.35.213.73 - - [29/Jul/2022:10:37:16 +0800] "POST /xingrg/services/DataTransmitService HTTP/1.1" 200 2147
58.35.213.73 - - [29/Jul/2022:10:37:16 +0800] "POST /xingrg/services/DataTransmitService HTTP/1.1" 200 524
58.35.213.73 - - [29/Jul/2022:10:37:16 +0800] "POST /xingrg/services/DataTransmitService HTTP/1.1" 200 2147
180.169.147.146 - - [29/Jul/2022:10:37:17 +0800] "POST /xingrg/kc/buy/cgsh_order_operate.html HTTP/1.1" 200 3251
101.80.228.36 - - [29/Jul/2022:10:37:17 +0800] "GET /xingrg/kc/buy/cgsh_order_operate.html?command=get_materiel&rest_code=00156&code=00101008095&supplier_code=00100006&order_time=2022-07-29 HTTP/1.1" 200 428
58.35.213.73 - - [29/Jul/2022:10:37:17 +0800] "POST /xingrg/services/DataTransmitService HTTP/1.1" 200 524
58.35.213.73 - - [29/Jul/2022:10:37:17 +0800] "POST /xingrg/services/DataTransmitService HTTP/1.1" 200 2147
180.169.147.146 - - [29/Jul/2022:10:37:17 +0800] "GET /xingrg/kc/print/load_data.html?order_code=212022072907571&kc_code=cgsh&condition= HTTP/1.1" 200 975
58.35.213.73 - - [29/Jul/2022:10:37:17 +0800] "POST /xingrg/services/DataTransmitService HTTP/1.1" 200 524
58.35.213.73 - - [29/Jul/2022:10:37:18 +0800] "POST /xingrg/services/DataTransmitService HTTP/1.1" 200 2147
58.35.213.73 - - [29/Jul/2022:10:37:18 +0800] "POST /xingrg/services/DataTransmitService HTTP/1.1" 200 524
58.35.213.73 - - [29/Jul/2022:10:37:18 +0800] "POST /xingrg/services/DataTransmitService HTTP/1.1" 200 2147
58.35.213.73 - - [29/Jul/2022:10:37:18 +0800] "POST /xingrg/services/DataTransmitService HTTP/1.1" 200 524
58.35.213.73 - - [29/Jul/2022:10:37:18 +0800] "POST /xingrg/services/DataTransmitService HTTP/1.1" 200 2147
58.35.213.73 - - [29/Jul/2022:10:37:19 +0800] "POST /xingrg/services/DataTransmitService HTTP/1.1" 200 524
58.35.213.73 - - [29/Jul/2022:10:37:19 +0800] "POST /xingrg/services/DataTransmitService HTTP/1.1" 200 2147
116.233.75.162 - - [29/Jul/2022:10:37:20 +0800] "GET /xingrg/all/function/internal_message.html?_=1659062239083&CODE_STATE=getMsg HTTP/1.1" 200 27
180.169.147.146 - - [29/Jul/2022:10:37:20 +0800] "GET /xingrg/kc/buy/cgsh_order_add.html HTTP/1.1" 200 67947
180.169.147.146 - - [29/Jul/2022:10:37:20 +0800] "GET /xingrg/words/20220729103515_words.js HTTP/1.1" 304 -
180.169.147.146 - - [29/Jul/2022:10:37:20 +0800] "POST /xingrg/kc/buy/cgsh_order_operate.html HTTP/1.1" 200 8245
180.169.147.146 - - [29/Jul/2022:10:37:20 +0800] "GET /xingrg/javascript/easyui/themes/default/validatebox.css HTTP/1.1" 404 1104
101.85.120.95 - - [29/Jul/2022:10:37:21 +0800] "GET /xingrg/all/function/internal_message.html?_=1659062238364&CODE_STATE=getMsg HTTP/1.1" 200 27
101.80.228.36 - - [29/Jul/2022:10:37:23 +0800] "POST /xingrg/kc/buy/cgsh_order_operate.html HTTP/1.1" 200 2065
218.81.223.53 - - [29/Jul/2022:10:37:25 +0800] "GET /xingrg/all/function/internal_message.html?_=1659062246527&CODE_STATE=getMsg HTTP/1.1" 200 27
222.69.129.110 - - [29/Jul/2022:10:37:26 +0800] "GET /xingrg/all/function/internal_message.html?_=1659062299130&CODE_STATE=getMsg HTTP/1.1" 200 27
101.80.228.36 - - [29/Jul/2022:10:37:29 +0800] "GET /xingrg/kc/buy/cgsh_order_operate.html?command=get_materiel&rest_code=00156&code=00101008558&supplier_code=00100006&order_time=2022-07-29 HTTP/1.1" 200 409
61.170.235.52 - - [29/Jul/2022:10:37:36 +0800] "GET /xingrg/check_reg.html?_=1659062258602 HTTP/1.1" 200 22
61.170.235.52 - - [29/Jul/2022:10:37:36 +0800] "GET /xingrg/all/function/internal_message.html?_=1659062258606&CODE_STATE=getMsg HTTP/1.1" 200 27
101.80.228.36 - - [29/Jul/2022:10:37:37 +0800] "GET /xingrg/kc/buy/cgsh_order_operate.html?command=get_materiel&rest_code=00156&code=00101009118&supplier_code=00100006&order_time=2022-07-29 HTTP/1.1" 200 406
114.84.2.83 - - [29/Jul/2022:10:37:39 +0800] "GET /xingrg/all/function/internal_message.html?_=1659062264296&CODE_STATE=getMsg HTTP/1.1" 200 27
61.165.20.118 - - [29/Jul/2022:10:37:44 +0800] "GET /xingrg/all/function/internal_message.html?_=1659062143381&CODE_STATE=getMsg HTTP/1.1" 200 27
116.233.75.162 - - [29/Jul/2022:10:37:44 +0800] "GET /xingrg/all/function/internal_message.html?_=1659062262708&CODE_STATE=getMsg HTTP/1.1" 200 27
101.83.240.174 - - [29/Jul/2022:10:37:47 +0800] "GET /xingrg/all/function/internal_message.html?_=1659062264001&CODE_STATE=getMsg HTTP/1.1" 200 27
101.80.228.36 - - [29/Jul/2022:10:37:48 +0800] "GET /xingrg/kc/buy/cgsh_order_operate.html?command=get_materiel&rest_code=00156&code=00101009025&supplier_code=00100006&order_time=2022-07-29 HTTP/1.1" 200 409
180.171.134.148 - - [29/Jul/2022:10:37:48 +0800] "POST /xingrg/services/DataTransmitService HTTP/1.1" 200 524
180.171.134.148 - - [29/Jul/2022:10:37:49 +0800] "POST /xingrg/services/DataTransmitService HTTP/1.1" 200 2247
116.224.255.128 - - [29/Jul/2022:10:37:49 +0800] "GET /xingrg/all/function/internal_message.html?_=1659062266175&CODE_STATE=getMsg HTTP/1.1" 200 27
180.171.134.148 - - [29/Jul/2022:10:37:50 +0800] "POST /xingrg/services/DataTransmitService HTTP/1.1" 200 207371
58.40.7.146 - - [29/Jul/2022:10:37:52 +0800] "GET /xingrg/all/function/internal_message.html?_=1659062269621&CODE_STATE=getMsg HTTP/1.1" 302 -
101.80.228.36 - - [29/Jul/2022:10:37:56 +0800] "POST /xingrg/kc/buy/cgsh_order_operate.html HTTP/1.1" 200 37
101.80.228.36 - - [29/Jul/2022:10:37:59 +0800] "POST /xingrg/kc/buy/cgsh_order_operate.html HTTP/1.1" 200 15077
218.81.223.53 - - [29/Jul/2022:10:38:04 +0800] "GET /xingrg/check_reg.html?_=1659062285354 HTTP/1.1" 200 22
61.165.20.118 - - [29/Jul/2022:10:38:07 +0800] "GET /xingrg/all/function/internal_message.html?_=1659062283891&CODE_STATE=getMsg HTTP/1.1" 200 27
101.80.228.36 - - [29/Jul/2022:10:38:08 +0800] "GET /xingrg/kc/print/load_config.html?kc_code=cgsh HTTP/1.1" 200 1943
101.80.228.36 - - [29/Jul/2022:10:38:08 +0800] "GET /xingrg/kc/print/load_data.html?order_code=212022072907572&kc_code=cgsh&condition= HTTP/1.1" 200 5389
180.162.109.37 - - [29/Jul/2022:10:38:10 +0800] "GET /xingrg/check_reg.html?_=1659061482692 HTTP/1.1" 200 22
180.162.109.37 - - [29/Jul/2022:10:38:10 +0800] "GET /xingrg/all/function/internal_message.html?_=1659061482695&CODE_STATE=getMsg HTTP/1.1" 200 27
180.169.147.146 - - [29/Jul/2022:10:38:10 +0800] "GET /xingrg/all/function/internal_message.html?_=1659062285348&CODE_STATE=getMsg HTTP/1.1" 200 27
116.232.194.65 - - [29/Jul/2022:10:38:11 +0800] "GET /xingrg/all/function/internal_message.html?_=1659062282312&CODE_STATE=getMsg HTTP/1.1" 200 27
116.233.75.162 - - [29/Jul/2022:10:38:20 +0800] "GET /xingrg/all/function/internal_message.html?_=1659062299086&CODE_STATE=getMsg HTTP/1.1" 200 27
116.233.75.162 - - [29/Jul/2022:10:38:20 +0800] "GET /xingrg/check_reg.html?_=1659062299087 HTTP/1.1" 200 22
61.170.235.52 - - [29/Jul/2022:10:38:20 +0800] "GET /xingrg/kc/base/wldb_order_operate.html?command=get_materiel&rest_code=00106&base_code=0010396&code=00101019391 HTTP/1.1" 200 485
101.85.120.95 - - [29/Jul/2022:10:38:21 +0800] "GET /xingrg/check_reg.html?_=1659062298391 HTTP/1.1" 200 22
101.85.120.95 - - [29/Jul/2022:10:38:21 +0800] "GET /xingrg/all/function/internal_message.html?_=1659062298393&CODE_STATE=getMsg HTTP/1.1" 200 27
180.169.147.146 - - [29/Jul/2022:10:38:23 +0800] "GET /xingrg/kc/buy/cgsh_order_operate.html?command=get_materiel&rest_code=00147&code=00101007069&supplier_code=00100324&order_time=2022-07-28 HTTP/1.1" 200 415
218.81.223.53 - - [29/Jul/2022:10:38:25 +0800] "GET /xingrg/all/function/internal_message.html?_=1659062306536&CODE_STATE=getMsg HTTP/1.1" 200 27
222.69.129.110 - - [29/Jul/2022:10:38:26 +0800] "GET /xingrg/check_reg.html?_=1659062358799 HTTP/1.1" 200 22
222.69.129.110 - - [29/Jul/2022:10:38:26 +0800] "GET /xingrg/all/function/internal_message.html?_=1659062358801&CODE_STATE=getMsg HTTP/1.1" 200 27
61.170.235.52 - - [29/Jul/2022:10:38:37 +0800] "GET /xingrg/kc/base/wldb_order_operate.html?command=get_materiel&rest_code=00106&base_code=0010396&code=00101019185 HTTP/1.1" 200 467
61.170.235.52 - - [29/Jul/2022:10:38:37 +0800] "GET /xingrg/all/function/internal_message.html?_=1659062318671&CODE_STATE=getMsg HTTP/1.1" 200 27
114.84.2.83 - - [29/Jul/2022:10:38:39 +0800] "GET /xingrg/all/function/internal_message.html?_=1659062324320&CODE_STATE=getMsg HTTP/1.1" 200 27
61.165.20.118 - - [29/Jul/2022:10:38:44 +0800] "GET /xingrg/all/function/internal_message.html?_=1659062203367&CODE_STATE=getMsg HTTP/1.1" 200 27
116.233.75.162 - - [29/Jul/2022:10:38:44 +0800] "GET /xingrg/check_reg.html?_=1659062322721 HTTP/1.1" 200 22
116.233.75.162 - - [29/Jul/2022:10:38:44 +0800] "GET /xingrg/all/function/internal_message.html?_=1659062322718&CODE_STATE=getMsg HTTP/1.1" 200 27
101.80.228.36 - - [29/Jul/2022:10:38:47 +0800] "GET /xingrg/kc/buy/cgsh_order_add.html HTTP/1.1" 200 67991
101.80.228.36 - - [29/Jul/2022:10:38:47 +0800] "GET /xingrg/words/20220729103515_words.js HTTP/1.1" 200 907557
101.80.228.36 - - [29/Jul/2022:10:38:47 +0800] "POST /xingrg/kc/buy/cgsh_order_operate.html HTTP/1.1" 200 8245
101.83.240.174 - - [29/Jul/2022:10:38:47 +0800] "GET /xingrg/all/function/internal_message.html?_=1659062323976&CODE_STATE=getMsg HTTP/1.1" 200 27
101.80.228.36 - - [29/Jul/2022:10:38:47 +0800] "GET /xingrg/javascript/easyui/themes/default/validatebox.css HTTP/1.1" 404 1104
116.224.255.128 - - [29/Jul/2022:10:38:49 +0800] "GET /xingrg/check_reg.html?_=1659062326174 HTTP/1.1" 200 22
116.224.255.128 - - [29/Jul/2022:10:38:49 +0800] "GET /xingrg/all/function/internal_message.html?_=1659062326179&CODE_STATE=getMsg HTTP/1.1" 200 27
180.169.147.146 - - [29/Jul/2022:10:38:50 +0800] "POST /xingrg/kc/buy/cgsh_order_operate.html HTTP/1.1" 200 37
61.170.235.52 - - [29/Jul/2022:10:38:52 +0800] "GET /xingrg/kc/base/wldb_order_operate.html?command=get_materiel&rest_code=00106&base_code=0010396&code=00101016083 HTTP/1.1" 200 448
58.40.7.146 - - [29/Jul/2022:10:38:52 +0800] "GET /xingrg/all/function/internal_message.html?_=1659062329624&CODE_STATE=getMsg HTTP/1.1" 302 -
101.80.228.36 - - [29/Jul/2022:10:38:53 +0800] "GET /xingrg/all/function/internal_message.html?_=1659062331079&CODE_STATE=getMsg HTTP/1.1" 200 27
101.80.228.36 - - [29/Jul/2022:10:38:53 +0800] "GET /xingrg/check_reg.html?_=1659062331080 HTTP/1.1" 200 22
61.165.20.118 - - [29/Jul/2022:10:39:00 +0800] "GET /xingrg/check_reg.html?_=1659062219250 HTTP/1.1" 200 22
61.170.235.52 - - [29/Jul/2022:10:39:03 +0800] "GET /xingrg/kc/base/wldb_order_operate.html?command=get_materiel&rest_code=00106&base_code=0010396&code=00101019258 HTTP/1.1" 200 482
61.165.20.118 - - [29/Jul/2022:10:39:07 +0800] "GET /xingrg/all/function/internal_message.html?_=1659062343891&CODE_STATE=getMsg HTTP/1.1" 200 27
180.162.109.37 - - [29/Jul/2022:10:39:10 +0800] "GET /xingrg/all/function/internal_message.html?_=1659061542682&CODE_STATE=getMsg HTTP/1.1" 200 27
116.232.194.65 - - [29/Jul/2022:10:39:11 +0800] "GET /xingrg/all/function/internal_message.html?_=1659062342292&CODE_STATE=getMsg HTTP/1.1" 200 27
116.233.75.162 - - [29/Jul/2022:10:39:20 +0800] "GET /xingrg/all/function/internal_message.html?_=1659062359080&CODE_STATE=getMsg HTTP/1.1" 200 27
180.169.147.146 - - [29/Jul/2022:10:39:21 +0800] "POST /xingrg/kc/buy/cgsh_order_operate.html HTTP/1.1" 200 2661
101.85.120.95 - - [29/Jul/2022:10:39:21 +0800] "GET /xingrg/all/function/internal_message.html?_=1659062358393&CODE_STATE=getMsg HTTP/1.1" 200 27
61.170.235.52 - - [29/Jul/2022:10:39:21 +0800] "GET /xingrg/kc/base/wldb_order_operate.html?command=get_materiel&rest_code=00106&base_code=0010396&code=00101019133 HTTP/1.1" 200 480
180.169.147.146 - - [29/Jul/2022:10:39:24 +0800] "GET /xingrg/kc/print/load_data.html?order_code=212022072907573&kc_code=cgsh&condition= HTTP/1.1" 200 694
218.81.223.53 - - [29/Jul/2022:10:39:25 +0800] "GET /xingrg/all/function/internal_message.html?_=1659062366951&CODE_STATE=getMsg HTTP/1.1" 200 27
222.69.129.110 - - [29/Jul/2022:10:39:26 +0800] "GET /xingrg/all/function/internal_message.html?_=1659062418801&CODE_STATE=getMsg HTTP/1.1" 200 27
180.169.147.146 - - [29/Jul/2022:10:39:28 +0800] "GET /xingrg/kc/buy/cgsh_order_add.html HTTP/1.1" 200 67947
180.169.147.146 - - [29/Jul/2022:10:39:29 +0800] "GET /xingrg/words/20220729103515_words.js HTTP/1.1" 304 -
180.169.147.146 - - [29/Jul/2022:10:39:29 +0800] "POST /xingrg/kc/buy/cgsh_order_operate.html HTTP/1.1" 200 8245
180.169.147.146 - - [29/Jul/2022:10:39:29 +0800] "GET /xingrg/javascript/easyui/themes/default/validatebox.css HTTP/1.1" 404 1104
101.80.228.36 - - [29/Jul/2022:10:39:33 +0800] "GET /xingrg/kc/buy/cgsh_order_operate.html?command=get_materiel&rest_code=00156&code=00101006129&supplier_code=00100012&order_time=2022-07-29 HTTP/1.1" 200 447
61.170.235.52 - - [29/Jul/2022:10:39:36 +0800] "GET /xingrg/all/function/internal_message.html?_=1659062378647&CODE_STATE=getMsg HTTP/1.1" 200 27
61.170.235.52 - - [29/Jul/2022:10:39:37 +0800] "GET /xingrg/kc/base/wldb_order_operate.html?command=get_materiel&rest_code=00106&base_code=0010396&code=00101019187 HTTP/1.1" 200 479
114.84.2.83 - - [29/Jul/2022:10:39:39 +0800] "GET /xingrg/all/function/internal_message.html?_=1659062384321&CODE_STATE=getMsg HTTP/1.1" 200 27
61.165.20.118 - - [29/Jul/2022:10:39:44 +0800] "GET /xingrg/all/function/internal_message.html?_=1659062263337&CODE_STATE=getMsg HTTP/1.1" 200 27
180.169.147.146 - - [29/Jul/2022:10:39:44 +0800] "GET /xingrg/kc/buy/cgsh_order_operate.html?command=get_materiel&rest_code=00147&code=00101004033&supplier_code=00100312&order_time=2022-07-28 HTTP/1.1" 200 439
116.233.75.162 - - [29/Jul/2022:10:39:44 +0800] "GET /xingrg/all/function/internal_message.html?_=1659062382713&CODE_STATE=getMsg HTTP/1.1" 200 27
101.83.240.174 - - [29/Jul/2022:10:39:47 +0800] "GET /xingrg/all/function/internal_message.html?_=1659062383971&CODE_STATE=getMsg HTTP/1.1" 200 27
116.224.255.128 - - [29/Jul/2022:10:39:49 +0800] "GET /xingrg/all/function/internal_message.html?_=1659062386173&CODE_STATE=getMsg HTTP/1.1" 200 27
58.40.7.146 - - [29/Jul/2022:10:39:52 +0800] "GET /xingrg/all/function/internal_message.html?_=1659062389628&CODE_STATE=getMsg HTTP/1.1" 302 -
58.40.7.146 - - [29/Jul/2022:10:39:52 +0800] "GET /xingrg/check_reg.html?_=1659062389629 HTTP/1.1" 302 -
101.80.228.36 - - [29/Jul/2022:10:39:53 +0800] "GET /xingrg/all/function/internal_message.html?_=1659062391062&CODE_STATE=getMsg HTTP/1.1" 200 27
101.80.228.36 - - [29/Jul/2022:10:39:53 +0800] "GET /xingrg/kc/buy/cgsh_order_operate.html?command=get_materiel&rest_code=00156&code=00101011005&supplier_code=00100012&order_time=2022-07-29 HTTP/1.1" 200 425
116.224.123.211 - - [29/Jul/2022:10:40:00 +0800] "GET /xingrg/all/function/internal_message.html?_=1659062397143&CODE_STATE=getMsg HTTP/1.1" 200 27
116.224.123.211 - - [29/Jul/2022:10:40:00 +0800] "GET /xingrg/check_reg.html?_=1659062397146 HTTP/1.1" 200 22
180.169.147.146 - - [29/Jul/2022:10:40:02 +0800] "GET /xingrg/kc/buy/cgsh_order_operate.html?command=get_materiel&rest_code=00147&code=00101004067&supplier_code=00100312&order_time=2022-07-28 HTTP/1.1" 200 431
101.80.228.36 - - [29/Jul/2022:10:40:06 +0800] "GET /xingrg/kc/buy/cgsh_order_operate.html?command=get_materiel&rest_code=00156&code=00101016025&supplier_code=00100012&order_time=2022-07-29 HTTP/1.1" 200 408
61.165.20.118 - - [29/Jul/2022:10:40:07 +0800] "GET /xingrg/all/function/internal_message.html?_=1659062403892&CODE_STATE=getMsg HTTP/1.1" 200 27
180.162.109.37 - - [29/Jul/2022:10:40:10 +0800] "GET /xingrg/all/function/internal_message.html?_=1659061602697&CODE_STATE=getMsg HTTP/1.1" 200 27
180.169.147.146 - - [29/Jul/2022:10:40:10 +0800] "GET /xingrg/all/function/internal_message.html?_=1659062405344&CODE_STATE=getMsg HTTP/1.1" 200 27
116.232.194.65 - - [29/Jul/2022:10:40:11 +0800] "GET /xingrg/all/function/internal_message.html?_=1659062402273&CODE_STATE=getMsg HTTP/1.1" 200 27
116.232.194.65 - - [29/Jul/2022:10:40:12 +0800] "GET /xingrg/check_reg.html?_=1659062403310 HTTP/1.1" 200 22
61.170.235.52 - - [29/Jul/2022:10:40:14 +0800] "POST /xingrg/kc/base/wldb_order_operate.html HTTP/1.1" 200 37
61.170.235.52 - - [29/Jul/2022:10:40:15 +0800] "POST /xingrg/kc/base/wldb_order_operate.html HTTP/1.1" 200 5255
61.170.235.52 - - [29/Jul/2022:10:40:16 +0800] "GET /xingrg/kc/base/wldb_order_info.html?code=422022072901880 HTTP/1.1" 200 30371
61.170.235.52 - - [29/Jul/2022:10:40:16 +0800] "GET /xingrg/words/20220729103515_words.js HTTP/1.1" 200 907557
61.170.235.52 - - [29/Jul/2022:10:40:16 +0800] "GET /xingrg/javascript/easyui/themes/default/validatebox.css HTTP/1.1" 404 1104
61.170.235.52 - - [29/Jul/2022:10:40:17 +0800] "POST /xingrg/kc/base/wldb_order_operate.html HTTP/1.1" 200 5255
116.233.75.162 - - [29/Jul/2022:10:40:20 +0800] "GET /xingrg/all/function/internal_message.html?_=1659062419070&CODE_STATE=getMsg HTTP/1.1" 200 27
101.85.120.95 - - [29/Jul/2022:10:40:21 +0800] "GET /xingrg/all/function/internal_message.html?_=1659062418392&CODE_STATE=getMsg HTTP/1.1" 200 27
218.81.223.53 - - [29/Jul/2022:10:40:26 +0800] "GET /xingrg/all/function/internal_message.html?_=1659062427345&CODE_STATE=getMsg HTTP/1.1" 200 27
222.69.129.110 - - [29/Jul/2022:10:40:26 +0800] "GET /xingrg/all/function/internal_message.html?_=1659062478790&CODE_STATE=getMsg HTTP/1.1" 200 27
61.170.235.52 - - [29/Jul/2022:10:40:36 +0800] "GET /xingrg/all/function/internal_message.html?_=1659062438632&CODE_STATE=getMsg HTTP/1.1" 200 27
101.80.228.36 - - [29/Jul/2022:10:40:38 +0800] "POST /xingrg/kc/buy/cgsh_order_operate.html HTTP/1.1" 200 37
114.84.2.83 - - [29/Jul/2022:10:40:39 +0800] "GET /xingrg/all/function/internal_message.html?_=1659062444322&CODE_STATE=getMsg HTTP/1.1" 200 27
101.80.228.36 - - [29/Jul/2022:10:40:39 +0800] "POST /xingrg/kc/buy/cgsh_order_operate.html HTTP/1.1" 200 3858
101.83.240.174 - - [29/Jul/2022:10:40:42 +0800] "GET /xingrg/check_reg.html?_=1659062439055 HTTP/1.1" 200 22
101.80.228.36 - - [29/Jul/2022:10:40:43 +0800] "GET /xingrg/kc/print/load_data.html?order_code=212022072907574&kc_code=cgsh&condition= HTTP/1.1" 200 1242
61.165.20.118 - - [29/Jul/2022:10:40:44 +0800] "GET /xingrg/all/function/internal_message.html?_=1659062323323&CODE_STATE=getMsg HTTP/1.1" 200 27
116.233.75.162 - - [29/Jul/2022:10:40:44 +0800] "GET /xingrg/all/function/internal_message.html?_=1659062442720&CODE_STATE=getMsg HTTP/1.1" 200 27
101.80.228.36 - - [29/Jul/2022:10:40:47 +0800] "GET /xingrg/kc/buy/cgsh_order_add.html HTTP/1.1" 200 67991
101.80.228.36 - - [29/Jul/2022:10:40:47 +0800] "GET /xingrg/words/20220729103515_words.js HTTP/1.1" 304 -
101.83.240.174 - - [29/Jul/2022:10:40:47 +0800] "GET /xingrg/all/function/internal_message.html?_=1659062443959&CODE_STATE=getMsg HTTP/1.1" 200 27
101.80.228.36 - - [29/Jul/2022:10:40:47 +0800] "POST /xingrg/kc/buy/cgsh_order_operate.html HTTP/1.1" 200 8245
101.80.228.36 - - [29/Jul/2022:10:40:47 +0800] "GET /xingrg/javascript/easyui/themes/default/validatebox.css HTTP/1.1" 404 1104
116.224.255.128 - - [29/Jul/2022:10:40:49 +0800] "GET /xingrg/all/function/internal_message.html?_=1659062446165&CODE_STATE=getMsg HTTP/1.1" 200 27
116.224.123.211 - - [29/Jul/2022:10:40:51 +0800] "POST /xingrg/kc/buy/cgsh_list_operate.html HTTP/1.1" 200 4816
58.40.7.146 - - [29/Jul/2022:10:40:52 +0800] "GET /xingrg/all/function/internal_message.html?_=1659062449631&CODE_STATE=getMsg HTTP/1.1" 302 -
101.80.228.36 - - [29/Jul/2022:10:40:53 +0800] "GET /xingrg/all/function/internal_message.html?_=1659062451044&CODE_STATE=getMsg HTTP/1.1" 200 27
116.224.123.211 - - [29/Jul/2022:10:41:00 +0800] "GET /xingrg/all/function/internal_message.html?_=1659062457112&CODE_STATE=getMsg HTTP/1.1" 200 27
61.165.20.118 - - [29/Jul/2022:10:41:07 +0800] "GET /xingrg/all/function/internal_message.html?_=1659062463892&CODE_STATE=getMsg HTTP/1.1" 200 27
101.80.228.36 - - [29/Jul/2022:10:41:08 +0800] "GET /xingrg/kc/buy/cgsh_order_operate.html?command=get_materiel&rest_code=00156&code=00102032033&supplier_code=00100075&order_time=2022-07-22 HTTP/1.1" 200 428
180.162.109.37 - - [29/Jul/2022:10:41:10 +0800] "GET /xingrg/all/function/internal_message.html?_=1659061662681&CODE_STATE=getMsg HTTP/1.1" 200 27
180.169.147.146 - - [29/Jul/2022:10:41:10 +0800] "GET /xingrg/check_reg.html?_=1659062465323 HTTP/1.1" 200 22
180.169.147.146 - - [29/Jul/2022:10:41:10 +0800] "GET /xingrg/all/function/internal_message.html?_=1659062465325&CODE_STATE=getMsg HTTP/1.1" 200 27
120.253.135.82 - - [29/Jul/2022:10:41:11 +0800] "GET /xingrg/check_reg.html?_=1659062276814 HTTP/1.1" 200 22
116.232.194.65 - - [29/Jul/2022:10:41:11 +0800] "GET /xingrg/all/function/internal_message.html?_=1659062462259&CODE_STATE=getMsg HTTP/1.1" 200 27
116.233.75.162 - - [29/Jul/2022:10:41:20 +0800] "GET /xingrg/all/function/internal_message.html?_=1659062479076&CODE_STATE=getMsg HTTP/1.1" 200 27
101.85.120.95 - - [29/Jul/2022:10:41:21 +0800] "GET /xingrg/all/function/internal_message.html?_=1659062478392&CODE_STATE=getMsg HTTP/1.1" 200 27
218.81.223.53 - - [29/Jul/2022:10:41:26 +0800] "GET /xingrg/all/function/internal_message.html?_=1659062487357&CODE_STATE=getMsg HTTP/1.1" 200 27
222.69.129.110 - - [29/Jul/2022:10:41:26 +0800] "GET /xingrg/all/function/internal_message.html?_=1659062538807&CODE_STATE=getMsg HTTP/1.1" 200 27
61.170.235.52 - - [29/Jul/2022:10:41:36 +0800] "GET /xingrg/all/function/internal_message.html?_=1659062498632&CODE_STATE=getMsg HTTP/1.1" 200 27
114.84.2.83 - - [29/Jul/2022:10:41:39 +0800] "GET /xingrg/check_reg.html?_=1659062504320 HTTP/1.1" 200 22
114.84.2.83 - - [29/Jul/2022:10:41:39 +0800] "GET /xingrg/all/function/internal_message.html?_=1659062504324&CODE_STATE=getMsg HTTP/1.1" 200 27
101.80.228.36 - - [29/Jul/2022:10:41:39 +0800] "POST /xingrg/kc/buy/cgsh_order_operate.html HTTP/1.1" 200 37
101.80.228.36 - - [29/Jul/2022:10:41:41 +0800] "POST /xingrg/kc/buy/cgsh_order_operate.html HTTP/1.1" 200 2669
101.80.228.36 - - [29/Jul/2022:10:41:42 +0800] "GET /xingrg/kc/print/load_data.html?order_code=212022072907575&kc_code=cgsh&condition= HTTP/1.1" 200 699
61.165.20.118 - - [29/Jul/2022:10:41:44 +0800] "GET /xingrg/all/function/internal_message.html?_=1659062383309&CODE_STATE=getMsg HTTP/1.1" 200 27
116.233.75.162 - - [29/Jul/2022:10:41:44 +0800] "GET /xingrg/all/function/internal_message.html?_=1659062502715&CODE_STATE=getMsg HTTP/1.1" 200 27
101.83.240.174 - - [29/Jul/2022:10:41:47 +0800] "GET /xingrg/all/function/internal_message.html?_=1659062503936&CODE_STATE=getMsg HTTP/1.1" 200 27
101.80.228.36 - - [29/Jul/2022:10:41:47 +0800] "GET /xingrg/kc/buy/cgsh_order_add.html HTTP/1.1" 200 67991
101.80.228.36 - - [29/Jul/2022:10:41:47 +0800] "GET /xingrg/words/20220729103515_words.js HTTP/1.1" 304 -
101.80.228.36 - - [29/Jul/2022:10:41:48 +0800] "POST /xingrg/kc/buy/cgsh_order_operate.html HTTP/1.1" 200 8245
101.80.228.36 - - [29/Jul/2022:10:41:48 +0800] "GET /xingrg/javascript/easyui/themes/default/validatebox.css HTTP/1.1" 404 1104
116.224.255.128 - - [29/Jul/2022:10:41:49 +0800] "GET /xingrg/all/function/internal_message.html?_=1659062506177&CODE_STATE=getMsg HTTP/1.1" 200 27
58.40.7.146 - - [29/Jul/2022:10:41:52 +0800] "GET /xingrg/all/function/internal_message.html?_=1659062509634&CODE_STATE=getMsg HTTP/1.1" 302 -
101.80.228.36 - - [29/Jul/2022:10:41:53 +0800] "GET /xingrg/all/function/internal_message.html?_=1659062511029&CODE_STATE=getMsg HTTP/1.1" 200 27
116.224.123.211 - - [29/Jul/2022:10:42:00 +0800] "GET /xingrg/all/function/internal_message.html?_=1659062517094&CODE_STATE=getMsg HTTP/1.1" 200 27
114.86.187.244 - - [29/Jul/2022:10:42:06 +0800] "GET /xingrg/check_reg.html?_=1659062525379 HTTP/1.1" 200 22
61.165.20.118 - - [29/Jul/2022:10:42:07 +0800] "GET /xingrg/check_reg.html?_=1659062523892 HTTP/1.1" 200 22
61.165.20.118 - - [29/Jul/2022:10:42:07 +0800] "GET /xingrg/all/function/internal_message.html?_=1659062523895&CODE_STATE=getMsg HTTP/1.1" 200 27
180.169.147.146 - - [29/Jul/2022:10:42:10 +0800] "GET /xingrg/all/function/internal_message.html?_=1659062525307&CODE_STATE=getMsg HTTP/1.1" 200 27
116.232.194.65 - - [29/Jul/2022:10:42:11 +0800] "GET /xingrg/all/function/internal_message.html?_=1659062522237&CODE_STATE=getMsg HTTP/1.1" 200 27
180.162.109.37 - - [29/Jul/2022:10:42:14 +0800] "POST /xingrg/kc/buy/cgsh_order_operate.html HTTP/1.1" 200 37
180.162.109.37 - - [29/Jul/2022:10:42:18 +0800] "POST /xingrg/kc/buy/cgsh_order_operate.html HTTP/1.1" 200 12
180.162.109.37 - - [29/Jul/2022:10:42:19 +0800] "GET /xingrg/kc/buy/cgsh_order_info.html?code=212022072606991 HTTP/1.1" 200 61928
180.162.109.37 - - [29/Jul/2022:10:42:19 +0800] "GET /xingrg/words/20220729103515_words.js HTTP/1.1" 200 907557
180.162.109.37 - - [29/Jul/2022:10:42:19 +0800] "GET /xingrg/javascript/easyui/themes/default/validatebox.css HTTP/1.1" 404 1104
116.233.75.162 - - [29/Jul/2022:10:42:20 +0800] "GET /xingrg/all/function/internal_message.html?_=1659062539078&CODE_STATE=getMsg HTTP/1.1" 200 27
180.162.109.37 - - [29/Jul/2022:10:42:20 +0800] "POST /xingrg/kc/buy/cgsh_order_operate.html HTTP/1.1" 200 16668
101.85.120.95 - - [29/Jul/2022:10:42:21 +0800] "GET /xingrg/all/function/internal_message.html?_=1659062538392&CODE_STATE=getMsg HTTP/1.1" 200 27
101.80.228.36 - - [29/Jul/2022:10:42:22 +0800] "GET /xingrg/kc/buy/cgsh_order_operate.html?command=get_materiel&rest_code=00156&code=00102013050&supplier_code=00100075&order_time=2022-07-28 HTTP/1.1" 200 413
222.69.129.110 - - [29/Jul/2022:10:42:26 +0800] "GET /xingrg/all/function/internal_message.html?_=1659062598797&CODE_STATE=getMsg HTTP/1.1" 200 27
180.162.109.37 - - [29/Jul/2022:10:42:26 +0800] "GET /xingrg/kc/print/load_config.html?kc_code=cgsh HTTP/1.1" 200 1943
180.162.109.37 - - [29/Jul/2022:10:42:26 +0800] "GET /xingrg/kc/print/load_data.html?order_code=212022072606991&kc_code=cgsh&condition= HTTP/1.1" 200 6797
218.81.223.53 - - [29/Jul/2022:10:42:26 +0800] "GET /xingrg/all/function/internal_message.html?_=1659062547767&CODE_STATE=getMsg HTTP/1.1" 200 27
61.170.235.52 - - [29/Jul/2022:10:42:36 +0800] "GET /xingrg/check_reg.html?_=1659062558633 HTTP/1.1" 200 22
61.170.235.52 - - [29/Jul/2022:10:42:36 +0800] "GET /xingrg/all/function/internal_message.html?_=1659062558636&CODE_STATE=getMsg HTTP/1.1" 200 27
114.84.2.83 - - [29/Jul/2022:10:42:39 +0800] "GET /xingrg/all/function/internal_message.html?_=1659062564310&CODE_STATE=getMsg HTTP/1.1" 200 27
101.80.228.36 - - [29/Jul/2022:10:42:40 +0800] "POST /xingrg/kc/buy/cgsh_order_operate.html HTTP/1.1" 200 37
101.80.228.36 - - [29/Jul/2022:10:42:42 +0800] "POST /xingrg/kc/buy/cgsh_order_operate.html HTTP/1.1" 200 2658
180.162.109.37 - - [29/Jul/2022:10:42:43 +0800] "GET /xingrg/javascript/jquery_easy_ui/themes/default/images/tabs_active.png HTTP/1.1" 304 -
101.80.228.36 - - [29/Jul/2022:10:42:43 +0800] "GET /xingrg/kc/print/load_data.html?order_code=212022072907576&kc_code=cgsh&condition= HTTP/1.1" 200 689
61.165.20.118 - - [29/Jul/2022:10:42:44 +0800] "GET /xingrg/all/function/internal_message.html?_=1659062443294&CODE_STATE=getMsg HTTP/1.1" 200 27
116.233.75.162 - - [29/Jul/2022:10:42:44 +0800] "GET /xingrg/all/function/internal_message.html?_=1659062562709&CODE_STATE=getMsg HTTP/1.1" 200 27
101.83.240.174 - - [29/Jul/2022:10:42:47 +0800] "GET /xingrg/all/function/internal_message.html?_=1659062563905&CODE_STATE=getMsg HTTP/1.1" 200 27
116.224.255.128 - - [29/Jul/2022:10:42:49 +0800] "GET /xingrg/all/function/internal_message.html?_=1659062566170&CODE_STATE=getMsg HTTP/1.1" 200 27
58.40.7.146 - - [29/Jul/2022:10:42:52 +0800] "GET /xingrg/all/function/internal_message.html?_=1659062569621&CODE_STATE=getMsg HTTP/1.1" 302 -
101.80.228.36 - - [29/Jul/2022:10:42:53 +0800] "GET /xingrg/all/function/internal_message.html?_=1659062571002&CODE_STATE=getMsg HTTP/1.1" 200 27
101.80.228.36 - - [29/Jul/2022:10:42:57 +0800] "GET /xingrg/kc/buy/cgsh_order_add.html HTTP/1.1" 200 67991
101.80.228.36 - - [29/Jul/2022:10:42:57 +0800] "GET /xingrg/words/20220729103515_words.js HTTP/1.1" 304 -
101.80.228.36 - - [29/Jul/2022:10:42:58 +0800] "POST /xingrg/kc/buy/cgsh_order_operate.html HTTP/1.1" 200 8245
101.80.228.36 - - [29/Jul/2022:10:42:58 +0800] "GET /xingrg/javascript/easyui/themes/default/validatebox.css HTTP/1.1" 404 1104
116.224.123.211 - - [29/Jul/2022:10:43:00 +0800] "GET /xingrg/all/function/internal_message.html?_=1659062577074&CODE_STATE=getMsg HTTP/1.1" 200 27
218.81.223.53 - - [29/Jul/2022:10:43:04 +0800] "GET /xingrg/check_reg.html?_=1659062585363 HTTP/1.1" 200 22
