61.170.235.52 - - [29/Jul/2022:12:48:37 +0800] "GET /xingrg/all/function/internal_message.html?_=1659070119035&CODE_STATE=getMsg HTTP/1.1" 200 27
101.80.228.36 - - [29/Jul/2022:12:48:37 +0800] "GET /xingrg/kc/print/load_data.html?order_code=212022072907644&kc_code=cgsh&condition= HTTP/1.1" 200 1210
61.165.20.118 - - [29/Jul/2022:12:48:42 +0800] "GET /xingrg/all/function/internal_message.html?_=1659070001486&CODE_STATE=getMsg HTTP/1.1" 200 27
101.83.240.174 - - [29/Jul/2022:12:48:45 +0800] "GET /xingrg/all/function/internal_message.html?_=1659070121810&CODE_STATE=getMsg HTTP/1.1" 200 27
180.169.147.146 - - [29/Jul/2022:12:48:48 +0800] "GET /xingrg/kc/buy/cgsh_order_operate.html?command=get_materiel&rest_code=00147&code=00101008350&supplier_code=00100450&order_time=2022-07-29 HTTP/1.1" 200 425
218.81.223.53 - - [29/Jul/2022:12:48:49 +0800] "GET /xingrg/all/function/internal_message.html?_=1659070131077&CODE_STATE=getMsg HTTP/1.1" 200 27
116.233.75.162 - - [29/Jul/2022:12:48:50 +0800] "GET /xingrg/all/function/internal_message.html?_=1659070128573&CODE_STATE=getMsg HTTP/1.1" 200 27
101.80.228.36 - - [29/Jul/2022:12:48:50 +0800] "GET /xingrg/kc/buy/cgsh_order_add.html HTTP/1.1" 200 67991
101.80.228.36 - - [29/Jul/2022:12:48:50 +0800] "POST /xingrg/kc/buy/cgsh_order_operate.html HTTP/1.1" 200 8245
101.80.228.36 - - [29/Jul/2022:12:48:50 +0800] "GET /xingrg/javascript/easyui/themes/default/validatebox.css HTTP/1.1" 404 1104
101.80.228.36 - - [29/Jul/2022:12:48:51 +0800] "GET /xingrg/all/function/internal_message.html?_=1659070128494&CODE_STATE=getMsg HTTP/1.1" 200 27
58.40.7.146 - - [29/Jul/2022:12:48:52 +0800] "GET /xingrg/all/function/internal_message.html?_=1659070129730&CODE_STATE=getMsg HTTP/1.1" 302 -
101.80.228.36 - - [29/Jul/2022:12:48:53 +0800] "GET /xingrg/check_reg.html?_=1659070131088 HTTP/1.1" 200 22
116.224.123.211 - - [29/Jul/2022:12:48:53 +0800] "GET /xingrg/all/function/internal_message.html?_=1659070130567&CODE_STATE=getMsg HTTP/1.1" 200 27
61.165.20.118 - - [29/Jul/2022:12:48:59 +0800] "GET /xingrg/check_reg.html?_=1659070018906 HTTP/1.1" 200 22
180.169.147.146 - - [29/Jul/2022:12:49:01 +0800] "GET /xingrg/kc/buy/cgsh_order_operate.html?command=get_materiel&rest_code=00147&code=00101015147&supplier_code=00100450&order_time=2022-07-29 HTTP/1.1" 200 409
61.165.20.118 - - [29/Jul/2022:12:49:07 +0800] "GET /xingrg/all/function/internal_message.html?_=1659070143921&CODE_STATE=getMsg HTTP/1.1" 200 27
116.232.194.65 - - [29/Jul/2022:12:49:09 +0800] "GET /xingrg/all/function/internal_message.html?_=1659070140215&CODE_STATE=getMsg HTTP/1.1" 200 27
61.165.20.118 - - [29/Jul/2022:12:49:15 +0800] "GET /xingrg/kc/buy/cgsh_order_operate.html?command=get_materiel&rest_code=00105&code=00101010494&supplier_code=00100323&order_time=2022-07-29 HTTP/1.1" 200 418
180.169.147.146 - - [29/Jul/2022:12:49:16 +0800] "GET /xingrg/check_reg.html?_=1659070150716 HTTP/1.1" 200 22
116.233.75.162 - - [29/Jul/2022:12:49:20 +0800] "GET /xingrg/all/function/internal_message.html?_=1659070159088&CODE_STATE=getMsg HTTP/1.1" 200 27
101.85.120.95 - - [29/Jul/2022:12:49:21 +0800] "GET /xingrg/all/function/internal_message.html?_=1659070158529&CODE_STATE=getMsg HTTP/1.1" 200 27
180.169.147.146 - - [29/Jul/2022:12:49:23 +0800] "GET /xingrg/all/function/internal_message.html?_=1659070158384&CODE_STATE=getMsg HTTP/1.1" 200 27
222.69.129.110 - - [29/Jul/2022:12:49:25 +0800] "GET /xingrg/all/function/internal_message.html?_=1659070218810&CODE_STATE=getMsg HTTP/1.1" 200 27
180.169.147.146 - - [29/Jul/2022:12:49:29 +0800] "POST /xingrg/kc/buy/cgsh_order_operate.html HTTP/1.1" 200 2065
116.224.255.128 - - [29/Jul/2022:12:49:31 +0800] "GET /xingrg/all/function/internal_message.html?_=1659070168072&CODE_STATE=getMsg HTTP/1.1" 200 27
101.80.228.36 - - [29/Jul/2022:12:49:33 +0800] "GET /xingrg/kc/buy/cgsh_order_operate.html?command=get_materiel&rest_code=00156&code=00101013222&supplier_code=00100337&order_time=2022-07-29 HTTP/1.1" 200 410
61.170.235.52 - - [29/Jul/2022:12:49:37 +0800] "GET /xingrg/all/function/internal_message.html?_=1659070179009&CODE_STATE=getMsg HTTP/1.1" 200 27
61.165.20.118 - - [29/Jul/2022:12:49:42 +0800] "GET /xingrg/all/function/internal_message.html?_=1659070061465&CODE_STATE=getMsg HTTP/1.1" 200 27
180.169.147.146 - - [29/Jul/2022:12:49:43 +0800] "GET /xingrg/kc/buy/cgsh_order_operate.html?command=get_materiel&rest_code=00147&code=00101008619&supplier_code=00100450&order_time=2022-07-29 HTTP/1.1" 200 418
101.83.240.174 - - [29/Jul/2022:12:49:45 +0800] "GET /xingrg/all/function/internal_message.html?_=1659070181793&CODE_STATE=getMsg HTTP/1.1" 200 27
218.81.223.53 - - [29/Jul/2022:12:49:48 +0800] "GET /xingrg/check_reg.html?_=1659070190039 HTTP/1.1" 200 22
218.81.223.53 - - [29/Jul/2022:12:49:49 +0800] "GET /xingrg/all/function/internal_message.html?_=1659070191091&CODE_STATE=getMsg HTTP/1.1" 200 27
116.233.75.162 - - [29/Jul/2022:12:49:50 +0800] "GET /xingrg/all/function/internal_message.html?_=1659070188582&CODE_STATE=getMsg HTTP/1.1" 200 27
101.80.228.36 - - [29/Jul/2022:12:49:51 +0800] "GET /xingrg/all/function/internal_message.html?_=1659070188469&CODE_STATE=getMsg HTTP/1.1" 200 27
58.40.7.146 - - [29/Jul/2022:12:49:52 +0800] "GET /xingrg/check_reg.html?_=1659070189734 HTTP/1.1" 302 -
58.40.7.146 - - [29/Jul/2022:12:49:52 +0800] "GET /xingrg/all/function/internal_message.html?_=1659070189736&CODE_STATE=getMsg HTTP/1.1" 302 -
116.224.123.211 - - [29/Jul/2022:12:49:53 +0800] "GET /xingrg/all/function/internal_message.html?_=1659070190547&CODE_STATE=getMsg HTTP/1.1" 200 27
116.224.123.211 - - [29/Jul/2022:12:49:53 +0800] "GET /xingrg/check_reg.html?_=1659070190733 HTTP/1.1" 200 22
116.233.75.162 - - [29/Jul/2022:12:50:03 +0800] "POST /xingrg/dwr/call/plaincall/AjaxReportQueryService.refreshCache.dwr HTTP/1.1" 200 78
61.165.20.118 - - [29/Jul/2022:12:50:04 +0800] "POST /xingrg/kc/buy/cgsh_order_operate.html HTTP/1.1" 200 37
61.165.20.118 - - [29/Jul/2022:12:50:05 +0800] "POST /xingrg/kc/buy/cgsh_order_operate.html HTTP/1.1" 200 8058
61.165.20.118 - - [29/Jul/2022:12:50:06 +0800] "GET /xingrg/kc/print/load_data.html?order_code=212022072907645&kc_code=cgsh&condition= HTTP/1.1" 200 2767
116.233.75.162 - - [29/Jul/2022:12:50:07 +0800] "POST /xingrg/all/report/load_report_page.html HTTP/1.1" 200 50924
116.233.75.162 - - [29/Jul/2022:12:50:07 +0800] "GET /xingrg/servlets/image?cache=0.2497072166315205&image=px HTTP/1.1" 200 807
61.165.20.118 - - [29/Jul/2022:12:50:07 +0800] "GET /xingrg/all/function/internal_message.html?_=1659070203888&CODE_STATE=getMsg HTTP/1.1" 200 27
101.80.228.36 - - [29/Jul/2022:12:50:07 +0800] "GET /xingrg/kc/buy/cgsh_order_operate.html?command=get_materiel&rest_code=00156&code=00101008629&supplier_code=00100337&order_time=2022-07-29 HTTP/1.1" 200 422
116.232.194.65 - - [29/Jul/2022:12:50:09 +0800] "GET /xingrg/all/function/internal_message.html?_=1659070200188&CODE_STATE=getMsg HTTP/1.1" 200 27
116.232.194.65 - - [29/Jul/2022:12:50:13 +0800] "GET /xingrg/check_reg.html?_=1659070203321 HTTP/1.1" 200 22
116.233.75.162 - - [29/Jul/2022:12:50:20 +0800] "GET /xingrg/all/function/internal_message.html?_=1659070219084&CODE_STATE=getMsg HTTP/1.1" 200 27
101.85.120.95 - - [29/Jul/2022:12:50:21 +0800] "GET /xingrg/all/function/internal_message.html?_=1659070218528&CODE_STATE=getMsg HTTP/1.1" 200 27
61.165.20.118 - - [29/Jul/2022:12:50:22 +0800] "POST /xingrg/kc/buy/cgsh_order_operate.html HTTP/1.1" 200 37
61.165.20.118 - - [29/Jul/2022:12:50:23 +0800] "POST /xingrg/kc/buy/cgsh_order_operate.html HTTP/1.1" 200 8064
180.169.147.146 - - [29/Jul/2022:12:50:23 +0800] "GET /xingrg/all/function/internal_message.html?_=1659070218366&CODE_STATE=getMsg HTTP/1.1" 200 27
116.233.75.162 - - [29/Jul/2022:12:50:25 +0800] "POST /xingrg/dwr/call/plaincall/AjaxReportQueryService.refreshCache.dwr HTTP/1.1" 200 78
61.165.20.118 - - [29/Jul/2022:12:50:25 +0800] "GET /xingrg/index.html?sysBaseUrl=http%3A%2F%2F180.169.147.146%3A18081%2Fxingrg%2F&costTime=36×tamp=1585222720700 HTTP/1.1" 200 17173
61.165.20.118 - - [29/Jul/2022:12:50:25 +0800] "POST /xingrg/all/common/load_tree.html?tree=area_rest_tree_json&manage=1 HTTP/1.1" 200 3472
61.165.20.118 - - [29/Jul/2022:12:50:25 +0800] "GET /favicon.ico HTTP/1.1" 404 -
61.165.20.118 - - [29/Jul/2022:12:50:25 +0800] "GET /xingrg/all/function/internal_message.html?_=1659070221942&CODE_STATE=count HTTP/1.1" 200 11
61.165.20.118 - - [29/Jul/2022:12:50:25 +0800] "GET /xingrg/check_reg.html?_=1659070221943 HTTP/1.1" 200 22
61.165.20.118 - - [29/Jul/2022:12:50:25 +0800] "POST /xingrg/load_menu.html HTTP/1.1" 200 5138
222.69.129.110 - - [29/Jul/2022:12:50:25 +0800] "GET /xingrg/all/function/internal_message.html?_=1659070278803&CODE_STATE=getMsg HTTP/1.1" 200 27
101.80.228.36 - - [29/Jul/2022:12:50:26 +0800] "POST /xingrg/kc/buy/cgsh_order_operate.html HTTP/1.1" 200 37
101.80.228.36 - - [29/Jul/2022:12:50:27 +0800] "POST /xingrg/kc/buy/cgsh_order_operate.html HTTP/1.1" 200 2666
116.233.75.162 - - [29/Jul/2022:12:50:28 +0800] "POST /xingrg/all/report/load_report_page.html HTTP/1.1" 200 126176
101.80.228.36 - - [29/Jul/2022:12:50:28 +0800] "GET /xingrg/kc/print/load_data.html?order_code=212022072907646&kc_code=cgsh&condition= HTTP/1.1" 200 691
116.233.75.162 - - [29/Jul/2022:12:50:28 +0800] "GET /xingrg/servlets/image?cache=0.6435095011554024&image=px HTTP/1.1" 200 807
61.165.20.118 - - [29/Jul/2022:12:50:28 +0800] "GET /xingrg/kc/buy/cgsh_order_list.html HTTP/1.1" 200 52162
61.165.20.118 - - [29/Jul/2022:12:50:30 +0800] "POST /xingrg/kc/buy/cgsh_list_operate.html HTTP/1.1" 200 4417
116.224.255.128 - - [29/Jul/2022:12:50:31 +0800] "GET /xingrg/all/function/internal_message.html?_=1659070228058&CODE_STATE=getMsg HTTP/1.1" 200 27
61.170.235.52 - - [29/Jul/2022:12:50:37 +0800] "GET /xingrg/all/function/internal_message.html?_=1659070238987&CODE_STATE=getMsg HTTP/1.1" 200 27
61.165.20.118 - - [29/Jul/2022:12:50:39 +0800] "POST /xingrg/kc/buy/cgsh_list_operate.html HTTP/1.1" 200 4445
101.80.228.36 - - [29/Jul/2022:12:50:40 +0800] "GET /xingrg/kc/buy/cgsh_order_add.html HTTP/1.1" 200 67991
101.80.228.36 - - [29/Jul/2022:12:50:40 +0800] "POST /xingrg/kc/buy/cgsh_order_operate.html HTTP/1.1" 200 8245
101.80.228.36 - - [29/Jul/2022:12:50:40 +0800] "GET /xingrg/javascript/easyui/themes/default/validatebox.css HTTP/1.1" 404 1104
61.165.20.118 - - [29/Jul/2022:12:50:42 +0800] "GET /xingrg/all/function/internal_message.html?_=1659070121453&CODE_STATE=getMsg HTTP/1.1" 200 27
61.165.20.118 - - [29/Jul/2022:12:50:42 +0800] "POST /xingrg/kc/buy/cgsh_list_operate.html HTTP/1.1" 200 599
61.165.20.118 - - [29/Jul/2022:12:50:42 +0800] "GET /xingrg/kc/buy/cgsh_order_info.html?code=212022072907645 HTTP/1.1" 200 68038
61.165.20.118 - - [29/Jul/2022:12:50:42 +0800] "GET /xingrg/words/20220729103515_words.js HTTP/1.1" 304 -
61.165.20.118 - - [29/Jul/2022:12:50:43 +0800] "GET /xingrg/all/common/auto_word.html?type=employee&rest_code=00105 HTTP/1.1" 200 193
61.165.20.118 - - [29/Jul/2022:12:50:43 +0800] "GET /xingrg/all/common/auto_word.html?type=employee&rest_code=00105 HTTP/1.1" 200 193
61.165.20.118 - - [29/Jul/2022:12:50:43 +0800] "GET /xingrg/javascript/easyui/themes/default/validatebox.css HTTP/1.1" 404 1104
101.83.240.174 - - [29/Jul/2022:12:50:43 +0800] "GET /xingrg/check_reg.html?_=1659070240242 HTTP/1.1" 200 22
61.165.20.118 - - [29/Jul/2022:12:50:43 +0800] "POST /xingrg/kc/buy/cgsh_order_operate.html HTTP/1.1" 200 8064
61.165.20.118 - - [29/Jul/2022:12:50:45 +0800] "GET /xingrg/kc/print/load_config.html?kc_code=cgsh HTTP/1.1" 200 1943
61.165.20.118 - - [29/Jul/2022:12:50:45 +0800] "GET /xingrg/kc/print/load_data.html?order_code=212022072907645&kc_code=cgsh&condition= HTTP/1.1" 200 2773
101.83.240.174 - - [29/Jul/2022:12:50:45 +0800] "GET /xingrg/all/function/internal_message.html?_=1659070241775&CODE_STATE=getMsg HTTP/1.1" 200 27
61.165.20.118 - - [29/Jul/2022:12:50:48 +0800] "GET /xingrg/kc/buy/cgsh_order_add.html HTTP/1.1" 200 68026
61.165.20.118 - - [29/Jul/2022:12:50:49 +0800] "GET /xingrg/javascript/easyui/themes/default/validatebox.css HTTP/1.1" 404 1104
61.165.20.118 - - [29/Jul/2022:12:50:49 +0800] "POST /xingrg/kc/buy/cgsh_order_operate.html HTTP/1.1" 200 8245
218.81.223.53 - - [29/Jul/2022:12:50:49 +0800] "GET /xingrg/all/function/internal_message.html?_=1659070251106&CODE_STATE=getMsg HTTP/1.1" 200 27
116.233.75.162 - - [29/Jul/2022:12:50:50 +0800] "GET /xingrg/all/function/internal_message.html?_=1659070248572&CODE_STATE=getMsg HTTP/1.1" 200 27
101.80.228.36 - - [29/Jul/2022:12:50:51 +0800] "GET /xingrg/all/function/internal_message.html?_=1659070248447&CODE_STATE=getMsg HTTP/1.1" 200 27
58.40.7.146 - - [29/Jul/2022:12:50:52 +0800] "GET /xingrg/all/function/internal_message.html?_=1659070249723&CODE_STATE=getMsg HTTP/1.1" 302 -
61.165.20.118 - - [29/Jul/2022:12:50:53 +0800] "GET /xingrg/javascript/auto/indicator.gif HTTP/1.1" 404 1066
116.224.123.211 - - [29/Jul/2022:12:50:53 +0800] "GET /xingrg/all/function/internal_message.html?_=1659070250527&CODE_STATE=getMsg HTTP/1.1" 200 27
101.80.228.36 - - [29/Jul/2022:12:50:56 +0800] "GET /xingrg/kc/buy/cgsh_order_operate.html?command=get_materiel&rest_code=00156&code=00101003079&supplier_code=00100092&order_time=2022-07-29 HTTP/1.1" 200 423
61.165.20.118 - - [29/Jul/2022:12:51:07 +0800] "POST /xingrg/services/DataTransmitService HTTP/1.1" 200 524
101.80.228.36 - - [29/Jul/2022:12:51:08 +0800] "POST /xingrg/kc/buy/cgsh_order_operate.html HTTP/1.1" 200 37
116.232.194.65 - - [29/Jul/2022:12:51:09 +0800] "GET /xingrg/all/function/internal_message.html?_=1659070260173&CODE_STATE=getMsg HTTP/1.1" 200 27
61.165.20.118 - - [29/Jul/2022:12:51:10 +0800] "GET /xingrg/kc/buy/cgsh_order_operate.html?command=get_materiel&rest_code=00105&code=00101010079&supplier_code=00100336&order_time=2022-07-29 HTTP/1.1" 200 415
101.80.228.36 - - [29/Jul/2022:12:51:10 +0800] "POST /xingrg/kc/buy/cgsh_order_operate.html HTTP/1.1" 200 2670
101.80.228.36 - - [29/Jul/2022:12:51:11 +0800] "GET /xingrg/kc/print/load_data.html?order_code=212022072907647&kc_code=cgsh&condition= HTTP/1.1" 200 740
61.165.20.118 - - [29/Jul/2022:12:51:13 +0800] "POST /xingrg/services/DataTransmitService HTTP/1.1" 200 501
101.80.228.36 - - [29/Jul/2022:12:51:19 +0800] "GET /xingrg/kc/buy/cgsh_order_add.html HTTP/1.1" 200 67991
101.80.228.36 - - [29/Jul/2022:12:51:20 +0800] "POST /xingrg/kc/buy/cgsh_order_operate.html HTTP/1.1" 200 8245
101.80.228.36 - - [29/Jul/2022:12:51:20 +0800] "GET /xingrg/javascript/easyui/themes/default/validatebox.css HTTP/1.1" 404 1104
116.233.75.162 - - [29/Jul/2022:12:51:20 +0800] "GET /xingrg/all/function/internal_message.html?_=1659070279080&CODE_STATE=getMsg HTTP/1.1" 200 27
101.85.120.95 - - [29/Jul/2022:12:51:21 +0800] "GET /xingrg/all/function/internal_message.html?_=1659070278528&CODE_STATE=getMsg HTTP/1.1" 200 27
180.169.147.146 - - [29/Jul/2022:12:51:23 +0800] "GET /xingrg/all/function/internal_message.html?_=1659070278348&CODE_STATE=getMsg HTTP/1.1" 200 27
61.165.20.118 - - [29/Jul/2022:12:51:25 +0800] "GET /xingrg/all/function/internal_message.html?_=1659070281949&CODE_STATE=getMsg HTTP/1.1" 200 27
222.69.129.110 - - [29/Jul/2022:12:51:25 +0800] "GET /xingrg/all/function/internal_message.html?_=1659070338805&CODE_STATE=getMsg HTTP/1.1" 200 27
61.165.20.118 - - [29/Jul/2022:12:51:27 +0800] "POST /xingrg/kc/buy/cgsh_order_operate.html HTTP/1.1" 200 37
116.224.255.128 - - [29/Jul/2022:12:51:31 +0800] "GET /xingrg/all/function/internal_message.html?_=1659070288033&CODE_STATE=getMsg HTTP/1.1" 200 27
61.170.235.52 - - [29/Jul/2022:12:51:37 +0800] "GET /xingrg/all/function/internal_message.html?_=1659070298966&CODE_STATE=getMsg HTTP/1.1" 200 27
101.80.228.36 - - [29/Jul/2022:12:51:40 +0800] "GET /xingrg/kc/buy/cgsh_order_operate.html?command=get_materiel&rest_code=00156&code=00101004103&supplier_code=00100312&order_time=2022-07-29 HTTP/1.1" 200 434
61.165.20.118 - - [29/Jul/2022:12:51:42 +0800] "GET /xingrg/all/function/internal_message.html?_=1659070181442&CODE_STATE=getMsg HTTP/1.1" 200 27
61.165.20.118 - - [29/Jul/2022:12:51:43 +0800] "POST /xingrg/kc/buy/cgsh_order_operate.html HTTP/1.1" 200 2659
101.83.240.174 - - [29/Jul/2022:12:51:45 +0800] "GET /xingrg/all/function/internal_message.html?_=1659070301754&CODE_STATE=getMsg HTTP/1.1" 200 27
61.165.20.118 - - [29/Jul/2022:12:51:48 +0800] "GET /xingrg/kc/print/load_data.html?order_code=212022072907648&kc_code=cgsh&condition= HTTP/1.1" 200 670
218.81.223.53 - - [29/Jul/2022:12:51:49 +0800] "GET /xingrg/all/function/internal_message.html?_=1659070311119&CODE_STATE=getMsg HTTP/1.1" 200 27
116.233.75.162 - - [29/Jul/2022:12:51:50 +0800] "GET /xingrg/all/function/internal_message.html?_=1659070308603&CODE_STATE=getMsg HTTP/1.1" 200 27
101.80.228.36 - - [29/Jul/2022:12:51:51 +0800] "GET /xingrg/all/function/internal_message.html?_=1659070308428&CODE_STATE=getMsg HTTP/1.1" 200 27
58.40.7.146 - - [29/Jul/2022:12:51:52 +0800] "GET /xingrg/all/function/internal_message.html?_=1659070309740&CODE_STATE=getMsg HTTP/1.1" 302 -
116.224.123.211 - - [29/Jul/2022:12:51:53 +0800] "GET /xingrg/all/function/internal_message.html?_=1659070310501&CODE_STATE=getMsg HTTP/1.1" 200 27
61.165.20.118 - - [29/Jul/2022:12:51:54 +0800] "GET /xingrg/kc/buy/cgsh_order_add.html HTTP/1.1" 200 68026
180.169.147.146 - - [29/Jul/2022:12:51:54 +0800] "GET /xingrg/kc/buy/cgsh_order_operate.html?command=get_materiel&rest_code=00147&code=00101023038&supplier_code=00100450&order_time=2022-07-29 HTTP/1.1" 200 413
61.165.20.118 - - [29/Jul/2022:12:51:55 +0800] "POST /xingrg/kc/buy/cgsh_order_operate.html HTTP/1.1" 200 8245
61.165.20.118 - - [29/Jul/2022:12:51:55 +0800] "GET /xingrg/javascript/easyui/themes/default/validatebox.css HTTP/1.1" 404 1104
101.80.228.36 - - [29/Jul/2022:12:51:56 +0800] "GET /xingrg/kc/buy/cgsh_order_operate.html?command=get_materiel&rest_code=00156&code=00101004067&supplier_code=00100312&order_time=2022-07-29 HTTP/1.1" 200 429
180.169.147.146 - - [29/Jul/2022:12:52:01 +0800] "POST /xingrg/kc/buy/cgsh_order_operate.html HTTP/1.1" 200 2065
114.86.187.244 - - [29/Jul/2022:12:52:06 +0800] "GET /xingrg/check_reg.html?_=1659070324990 HTTP/1.1" 200 22
101.80.228.36 - - [29/Jul/2022:12:52:07 +0800] "GET /xingrg/kc/buy/cgsh_order_operate.html?command=get_materiel&rest_code=00156&code=00101001023&supplier_code=00100312&order_time=2022-07-29 HTTP/1.1" 200 428
116.232.194.65 - - [29/Jul/2022:12:52:09 +0800] "GET /xingrg/all/function/internal_message.html?_=1659070320153&CODE_STATE=getMsg HTTP/1.1" 200 27
116.233.75.162 - - [29/Jul/2022:12:52:20 +0800] "GET /xingrg/all/function/internal_message.html?_=1659070339070&CODE_STATE=getMsg HTTP/1.1" 200 27
101.85.120.95 - - [29/Jul/2022:12:52:21 +0800] "GET /xingrg/all/function/internal_message.html?_=1659070338527&CODE_STATE=getMsg HTTP/1.1" 200 27
180.169.147.146 - - [29/Jul/2022:12:52:23 +0800] "GET /xingrg/all/function/internal_message.html?_=1659070338341&CODE_STATE=getMsg HTTP/1.1" 200 27
116.233.75.162 - - [29/Jul/2022:12:52:24 +0800] "GET /xingrg/all/report/report_query.html?isQuery=1&fileName=kc/buy/wlcg_cate_hz.xml&queryString=(CONVERT(char(10)%252Ca.order_time%252C%2520120)%253E%253D'2022-06-01')%2520and%2520(CONVERT(char(10)%252Ca.order_time%252C%2520120)%253C%253D'2022-06-30')%2520and%2520(a.number%253E0%2520and%2520a.supplier_code%253D'00100015')&queryText=%25E3%2580%2590%25E9%2587%2587%25E8%25B4%25AD%25E6%2597%25A5%25E6%259C%259F%253A2022-06-01%2520%25E8%2587%25B3%25202022-06-30%25E3%2580%2591%2520%25E5%25B9%25B6%25E4%25B8%2594%2520%25E3%2580%2590%25E4%25BE%259B%25E5%25BA%2594%25E5%2595%2586%253D%25E7%258C%25AA%25E8%2582%2589%25EF%25BC%2588%25E7%258E%258B%25E5%25AF%258C%25E6%2598%258E%25EF%25BC%2589%25E3%2580%2591 HTTP/1.1" 200 54374
116.233.75.162 - - [29/Jul/2022:12:52:24 +0800] "GET /xingrg/dwr/interface/AjaxReportQueryService.js HTTP/1.1" 200 13203
116.233.75.162 - - [29/Jul/2022:12:52:24 +0800] "GET /xingrg/dwr/engine.js HTTP/1.1" 200 43631
61.165.20.118 - - [29/Jul/2022:12:52:25 +0800] "GET /xingrg/all/function/internal_message.html?_=1659070341950&CODE_STATE=getMsg HTTP/1.1" 200 27
222.69.129.110 - - [29/Jul/2022:12:52:25 +0800] "GET /xingrg/all/function/internal_message.html?_=1659070398795&CODE_STATE=getMsg HTTP/1.1" 200 27
116.233.75.162 - - [29/Jul/2022:12:52:27 +0800] "POST /xingrg/all/report/load_report_page.html HTTP/1.1" 200 8721
116.233.75.162 - - [29/Jul/2022:12:52:27 +0800] "GET /xingrg/servlets/image?cache=0.19244326128347433&image=px HTTP/1.1" 200 807
61.165.20.118 - - [29/Jul/2022:12:52:28 +0800] "GET /xingrg/kc/buy/cgsh_order_operate.html?command=get_materiel&rest_code=00105&code=00101003079&supplier_code=00100092&order_time=2022-07-29 HTTP/1.1" 200 422
116.233.75.162 - - [29/Jul/2022:12:52:29 +0800] "POST /xingrg/all/report/load_report_page.html HTTP/1.1" 200 73680
116.233.75.162 - - [29/Jul/2022:12:52:29 +0800] "GET /xingrg/servlets/image?cache=0.760518838176993&image=px HTTP/1.1" 200 807
116.224.255.128 - - [29/Jul/2022:12:52:31 +0800] "GET /xingrg/all/function/internal_message.html?_=1659070348021&CODE_STATE=getMsg HTTP/1.1" 200 27
116.233.75.162 - - [29/Jul/2022:12:52:32 +0800] "POST /xingrg/all/report/report_print.html HTTP/1.1" 302 -
116.233.75.162 - - [29/Jul/2022:12:52:32 +0800] "GET /xingrg/servlets/image?image=px HTTP/1.1" 200 807
116.233.75.162 - - [29/Jul/2022:12:52:32 +0800] "GET /xingrg/servlets/html?sysBaseUrl=http%3A%2F%2F180.169.147.146%3A18081%2Fxingrg%2F&costTime=389×tamp=1659070352761 HTTP/1.1" 200 70998
116.224.255.128 - - [29/Jul/2022:12:52:33 +0800] "GET /xingrg/check_reg.html?_=1659070350037 HTTP/1.1" 200 22
101.80.228.36 - - [29/Jul/2022:12:52:35 +0800] "POST /xingrg/kc/buy/cgsh_order_operate.html HTTP/1.1" 200 37
61.170.235.52 - - [29/Jul/2022:12:52:37 +0800] "GET /xingrg/check_reg.html?_=1659070358905 HTTP/1.1" 200 22
101.80.228.36 - - [29/Jul/2022:12:52:37 +0800] "POST /xingrg/kc/buy/cgsh_order_operate.html HTTP/1.1" 200 3846
61.170.235.52 - - [29/Jul/2022:12:52:37 +0800] "GET /xingrg/all/function/internal_message.html?_=1659070358938&CODE_STATE=getMsg HTTP/1.1" 200 27
101.80.228.36 - - [29/Jul/2022:12:52:40 +0800] "GET /xingrg/kc/print/load_data.html?order_code=212022072907649&kc_code=cgsh&condition= HTTP/1.1" 200 1138
61.165.20.118 - - [29/Jul/2022:12:52:42 +0800] "GET /xingrg/all/function/internal_message.html?_=1659070241431&CODE_STATE=getMsg HTTP/1.1" 200 27
101.83.240.174 - - [29/Jul/2022:12:52:45 +0800] "GET /xingrg/all/function/internal_message.html?_=1659070361725&CODE_STATE=getMsg HTTP/1.1" 200 27
218.81.223.53 - - [29/Jul/2022:12:52:49 +0800] "GET /xingrg/all/function/internal_message.html?_=1659070371143&CODE_STATE=getMsg HTTP/1.1" 200 27
116.233.75.162 - - [29/Jul/2022:12:52:50 +0800] "GET /xingrg/check_reg.html?_=1659070368587 HTTP/1.1" 200 22
116.233.75.162 - - [29/Jul/2022:12:52:50 +0800] "GET /xingrg/all/function/internal_message.html?_=1659070368591&CODE_STATE=getMsg HTTP/1.1" 200 27
101.80.228.36 - - [29/Jul/2022:12:52:51 +0800] "GET /xingrg/all/function/internal_message.html?_=1659070368397&CODE_STATE=getMsg HTTP/1.1" 200 27
61.165.20.118 - - [29/Jul/2022:12:52:51 +0800] "POST /xingrg/kc/buy/cgsh_order_operate.html HTTP/1.1" 200 37
58.40.7.146 - - [29/Jul/2022:12:52:52 +0800] "GET /xingrg/all/function/internal_message.html?_=1659070369741&CODE_STATE=getMsg HTTP/1.1" 302 -
61.165.20.118 - - [29/Jul/2022:12:52:53 +0800] "POST /xingrg/kc/buy/cgsh_order_operate.html HTTP/1.1" 200 2670
116.224.123.211 - - [29/Jul/2022:12:52:53 +0800] "GET /xingrg/all/function/internal_message.html?_=1659070370488&CODE_STATE=getMsg HTTP/1.1" 200 27
101.80.228.36 - - [29/Jul/2022:12:52:55 +0800] "GET /xingrg/kc/buy/cgsh_order_add.html HTTP/1.1" 200 67991
101.80.228.36 - - [29/Jul/2022:12:52:55 +0800] "POST /xingrg/kc/buy/cgsh_order_operate.html HTTP/1.1" 200 8245
101.80.228.36 - - [29/Jul/2022:12:52:55 +0800] "GET /xingrg/javascript/easyui/themes/default/validatebox.css HTTP/1.1" 404 1104
116.233.75.162 - - [29/Jul/2022:12:52:57 +0800] "POST /xingrg/dwr/call/plaincall/AjaxReportQueryService.refreshCache.dwr HTTP/1.1" 200 79
61.165.20.118 - - [29/Jul/2022:12:52:58 +0800] "GET /xingrg/kc/print/load_data.html?order_code=212022072907650&kc_code=cgsh&condition= HTTP/1.1" 200 731
116.233.75.162 - - [29/Jul/2022:12:53:00 +0800] "POST /xingrg/all/report/load_report_page.html HTTP/1.1" 200 50950
116.233.75.162 - - [29/Jul/2022:12:53:00 +0800] "GET /xingrg/servlets/image?cache=0.34843766758688444&image=px HTTP/1.1" 200 807
116.233.75.162 - - [29/Jul/2022:12:53:09 +0800] "GET /xingrg/all/report/report_query.html?isQuery=1&fileName=kc/buy/wlcg_cate_hz.xml&queryString=(CONVERT(char(10)%252Ca.order_time%252C%2520120)%253E%253D'2022-04-01')%2520and%2520(CONVERT(char(10)%252Ca.order_time%252C%2520120)%253C%253D'2022-04-30')%2520and%2520(a.number%253E0%2520and%2520a.supplier_code%253D'00100015')&queryText=%25E3%2580%2590%25E9%2587%2587%25E8%25B4%25AD%25E6%2597%25A5%25E6%259C%259F%253A2022-04-01%2520%25E8%2587%25B3%25202022-04-30%25E3%2580%2591%2520%25E5%25B9%25B6%25E4%25B8%2594%2520%25E3%2580%2590%25E4%25BE%259B%25E5%25BA%2594%25E5%2595%2586%253D%25E7%258C%25AA%25E8%2582%2589%25EF%25BC%2588%25E7%258E%258B%25E5%25AF%258C%25E6%2598%258E%25EF%25BC%2589%25E3%2580%2591 HTTP/1.1" 200 54374
116.233.75.162 - - [29/Jul/2022:12:53:09 +0800] "GET /xingrg/dwr/interface/AjaxReportQueryService.js HTTP/1.1" 200 13203
116.233.75.162 - - [29/Jul/2022:12:53:09 +0800] "GET /xingrg/dwr/engine.js HTTP/1.1" 200 43631
116.232.194.65 - - [29/Jul/2022:12:53:09 +0800] "GET /xingrg/all/function/internal_message.html?_=1659070380139&CODE_STATE=getMsg HTTP/1.1" 200 27
116.233.75.162 - - [29/Jul/2022:12:53:11 +0800] "POST /xingrg/all/report/load_report_page.html HTTP/1.1" 200 8713
61.165.20.118 - - [29/Jul/2022:12:53:11 +0800] "GET /xingrg/kc/buy/cgsh_order_add.html HTTP/1.1" 200 68026
116.233.75.162 - - [29/Jul/2022:12:53:11 +0800] "GET /xingrg/servlets/image?cache=0.4547638393410388&image=px HTTP/1.1" 200 807
61.165.20.118 - - [29/Jul/2022:12:53:11 +0800] "GET /xingrg/javascript/easyui/themes/default/validatebox.css HTTP/1.1" 404 1104
61.165.20.118 - - [29/Jul/2022:12:53:11 +0800] "POST /xingrg/kc/buy/cgsh_order_operate.html HTTP/1.1" 200 8245
116.233.75.162 - - [29/Jul/2022:12:53:13 +0800] "POST /xingrg/all/report/load_report_page.html HTTP/1.1" 200 13067
116.233.75.162 - - [29/Jul/2022:12:53:13 +0800] "GET /xingrg/servlets/image?cache=0.4173932003757428&image=px HTTP/1.1" 200 807
116.233.75.162 - - [29/Jul/2022:12:53:16 +0800] "POST /xingrg/all/report/report_print.html HTTP/1.1" 302 -
116.233.75.162 - - [29/Jul/2022:12:53:16 +0800] "GET /xingrg/servlets/html?sysBaseUrl=http%3A%2F%2F180.169.147.146%3A18081%2Fxingrg%2F&costTime=400×tamp=1659070396686 HTTP/1.1" 200 14719
116.233.75.162 - - [29/Jul/2022:12:53:16 +0800] "GET /xingrg/servlets/image?image=px HTTP/1.1" 200 807
116.233.75.162 - - [29/Jul/2022:12:53:20 +0800] "GET /xingrg/all/function/internal_message.html?_=1659070399084&CODE_STATE=getMsg HTTP/1.1" 200 27
116.233.75.162 - - [29/Jul/2022:12:53:20 +0800] "GET /xingrg/check_reg.html?_=1659070399085 HTTP/1.1" 200 22
101.85.120.95 - - [29/Jul/2022:12:53:21 +0800] "GET /xingrg/all/function/internal_message.html?_=1659070398554&CODE_STATE=getMsg HTTP/1.1" 200 27
101.85.120.95 - - [29/Jul/2022:12:53:21 +0800] "GET /xingrg/check_reg.html?_=1659070398556 HTTP/1.1" 200 22
180.169.147.146 - - [29/Jul/2022:12:53:23 +0800] "GET /xingrg/all/function/internal_message.html?_=1659070398315&CODE_STATE=getMsg HTTP/1.1" 200 27
61.165.20.118 - - [29/Jul/2022:12:53:25 +0800] "GET /xingrg/all/function/internal_message.html?_=1659070401947&CODE_STATE=getMsg HTTP/1.1" 200 27
222.69.129.110 - - [29/Jul/2022:12:53:25 +0800] "GET /xingrg/all/function/internal_message.html?_=1659070458807&CODE_STATE=getMsg HTTP/1.1" 200 27
222.69.129.110 - - [29/Jul/2022:12:53:26 +0800] "GET /xingrg/check_reg.html?_=1659070458811 HTTP/1.1" 200 22
180.169.147.146 - - [29/Jul/2022:12:53:27 +0800] "POST /xingrg/kc/buy/cgsh_order_operate.html HTTP/1.1" 200 2065
101.80.228.36 - - [29/Jul/2022:12:53:27 +0800] "POST /xingrg/kc/buy/cgsh_list_operate.html HTTP/1.1" 200 2427
116.224.255.128 - - [29/Jul/2022:12:53:31 +0800] "GET /xingrg/all/function/internal_message.html?_=1659070407995&CODE_STATE=getMsg HTTP/1.1" 200 27
61.170.235.52 - - [29/Jul/2022:12:53:37 +0800] "GET /xingrg/all/function/internal_message.html?_=1659070418923&CODE_STATE=getMsg HTTP/1.1" 200 27
101.80.228.36 - - [29/Jul/2022:12:53:38 +0800] "POST /xingrg/kc/buy/cgsh_list_operate.html HTTP/1.1" 200 352
101.80.228.36 - - [29/Jul/2022:12:53:40 +0800] "GET /xingrg/kc/buy/cgsh_order_info.html?code=212022072907644 HTTP/1.1" 200 68004
101.80.228.36 - - [29/Jul/2022:12:53:40 +0800] "GET /xingrg/javascript/easyui/themes/default/validatebox.css HTTP/1.1" 404 1104
101.80.228.36 - - [29/Jul/2022:12:53:41 +0800] "POST /xingrg/kc/buy/cgsh_order_operate.html HTTP/1.1" 200 3857
61.165.20.118 - - [29/Jul/2022:12:53:42 +0800] "GET /xingrg/all/function/internal_message.html?_=1659070301420&CODE_STATE=getMsg HTTP/1.1" 200 27
101.80.228.36 - - [29/Jul/2022:12:53:42 +0800] "POST /xingrg/kc/buy/cgsh_list_operate.html HTTP/1.1" 200 2427
101.83.240.174 - - [29/Jul/2022:12:53:45 +0800] "GET /xingrg/all/function/internal_message.html?_=1659070421706&CODE_STATE=getMsg HTTP/1.1" 200 27
218.81.223.53 - - [29/Jul/2022:12:53:49 +0800] "GET /xingrg/all/function/internal_message.html?_=1659070431161&CODE_STATE=getMsg HTTP/1.1" 200 27
116.233.75.162 - - [29/Jul/2022:12:53:50 +0800] "GET /xingrg/all/function/internal_message.html?_=1659070428591&CODE_STATE=getMsg HTTP/1.1" 200 27
101.80.228.36 - - [29/Jul/2022:12:53:51 +0800] "GET /xingrg/all/function/internal_message.html?_=1659070428380&CODE_STATE=getMsg HTTP/1.1" 200 27
58.40.7.146 - - [29/Jul/2022:12:53:52 +0800] "GET /xingrg/all/function/internal_message.html?_=1659070429728&CODE_STATE=getMsg HTTP/1.1" 302 -
116.224.123.211 - - [29/Jul/2022:12:53:53 +0800] "GET /xingrg/all/function/internal_message.html?_=1659070430469&CODE_STATE=getMsg HTTP/1.1" 200 27
101.80.228.36 - - [29/Jul/2022:12:53:53 +0800] "GET /xingrg/check_reg.html?_=1659070431085 HTTP/1.1" 200 22
58.35.213.73 - - [29/Jul/2022:12:53:58 +0800] "POST /xingrg/services/DataTransmitService HTTP/1.1" 200 524
61.165.20.118 - - [29/Jul/2022:12:53:59 +0800] "GET /xingrg/check_reg.html?_=1659070318879 HTTP/1.1" 200 22
58.35.213.73 - - [29/Jul/2022:12:54:01 +0800] "POST /xingrg/services/DataTransmitService HTTP/1.1" 200 501
116.232.194.65 - - [29/Jul/2022:12:54:09 +0800] "GET /xingrg/all/function/internal_message.html?_=1659070440125&CODE_STATE=getMsg HTTP/1.1" 200 27
180.169.147.146 - - [29/Jul/2022:12:54:13 +0800] "GET /xingrg/kc/buy/cgsh_order_operate.html?command=get_materiel&rest_code=00147&code=00101008591&supplier_code=00100450&order_time=2022-07-29 HTTP/1.1" 200 410
180.169.147.146 - - [29/Jul/2022:12:54:16 +0800] "GET /xingrg/check_reg.html?_=1659070450701 HTTP/1.1" 200 22
61.165.20.118 - - [29/Jul/2022:12:54:18 +0800] "GET /xingrg/kc/buy/cgsh_order_operate.html?command=get_materiel&rest_code=00105&code=00101010719&supplier_code=00100442&order_time=2022-07-29 HTTP/1.1" 200 406
116.233.75.162 - - [29/Jul/2022:12:54:20 +0800] "GET /xingrg/all/function/internal_message.html?_=1659070459072&CODE_STATE=getMsg HTTP/1.1" 200 27
101.85.120.95 - - [29/Jul/2022:12:54:21 +0800] "GET /xingrg/all/function/internal_message.html?_=1659070458556&CODE_STATE=getMsg HTTP/1.1" 200 27
180.169.147.146 - - [29/Jul/2022:12:54:23 +0800] "GET /xingrg/all/function/internal_message.html?_=1659070458335&CODE_STATE=getMsg HTTP/1.1" 200 27
180.169.147.146 - - [29/Jul/2022:12:54:25 +0800] "POST /xingrg/kc/buy/cgsh_order_operate.html HTTP/1.1" 200 2065
61.165.20.118 - - [29/Jul/2022:12:54:25 +0800] "GET /xingrg/all/function/internal_message.html?_=1659070461968&CODE_STATE=getMsg HTTP/1.1" 200 27
222.69.129.110 - - [29/Jul/2022:12:54:25 +0800] "GET /xingrg/all/function/internal_message.html?_=1659070518809&CODE_STATE=getMsg HTTP/1.1" 200 27
116.224.255.128 - - [29/Jul/2022:12:54:31 +0800] "GET /xingrg/all/function/internal_message.html?_=1659070467981&CODE_STATE=getMsg HTTP/1.1" 200 27
61.170.235.52 - - [29/Jul/2022:12:54:37 +0800] "GET /xingrg/all/function/internal_message.html?_=1659070478901&CODE_STATE=getMsg HTTP/1.1" 200 27
61.165.20.118 - - [29/Jul/2022:12:54:40 +0800] "GET /xingrg/kc/buy/cgsh_order_operate.html?command=get_materiel&rest_code=00105&code=00101006268&supplier_code=00100442&order_time=2022-07-29 HTTP/1.1" 200 409
61.165.20.118 - - [29/Jul/2022:12:54:42 +0800] "GET /xingrg/all/function/internal_message.html?_=1659070361398&CODE_STATE=getMsg HTTP/1.1" 200 27
101.83.240.174 - - [29/Jul/2022:12:54:45 +0800] "GET /xingrg/all/function/internal_message.html?_=1659070481687&CODE_STATE=getMsg HTTP/1.1" 200 27
218.81.223.53 - - [29/Jul/2022:12:54:48 +0800] "GET /xingrg/check_reg.html?_=1659070490049 HTTP/1.1" 200 22
218.81.223.53 - - [29/Jul/2022:12:54:49 +0800] "GET /xingrg/all/function/internal_message.html?_=1659070491174&CODE_STATE=getMsg HTTP/1.1" 200 27
116.233.75.162 - - [29/Jul/2022:12:54:50 +0800] "GET /xingrg/all/function/internal_message.html?_=1659070488592&CODE_STATE=getMsg HTTP/1.1" 200 27
101.80.228.36 - - [29/Jul/2022:12:54:51 +0800] "GET /xingrg/all/function/internal_message.html?_=1659070488353&CODE_STATE=getMsg HTTP/1.1" 200 27
58.40.7.146 - - [29/Jul/2022:12:54:52 +0800] "GET /xingrg/all/function/internal_message.html?_=1659070489730&CODE_STATE=getMsg HTTP/1.1" 302 -
58.40.7.146 - - [29/Jul/2022:12:54:52 +0800] "GET /xingrg/check_reg.html?_=1659070489732 HTTP/1.1" 302 -
116.224.123.211 - - [29/Jul/2022:12:54:53 +0800] "GET /xingrg/all/function/internal_message.html?_=1659070490453&CODE_STATE=getMsg HTTP/1.1" 200 27
116.224.123.211 - - [29/Jul/2022:12:54:53 +0800] "GET /xingrg/check_reg.html?_=1659070490715 HTTP/1.1" 200 22
61.165.20.118 - - [29/Jul/2022:12:54:56 +0800] "GET /xingrg/kc/buy/cgsh_order_operate.html?command=get_materiel&rest_code=00105&code=00101010658&supplier_code=00100442&order_time=2022-07-29 HTTP/1.1" 200 409
180.169.147.146 - - [29/Jul/2022:12:54:59 +0800] "GET /xingrg/kc/buy/cgsh_order_operate.html?command=get_materiel&rest_code=00147&code=00101008224&supplier_code=00100450&order_time=2022-07-29 HTTP/1.1" 200 432
61.165.20.118 - - [29/Jul/2022:12:55:04 +0800] "GET /xingrg/kc/buy/cgsh_order_operate.html?command=get_materiel&rest_code=00105&code=00101001060&supplier_code=00100442&order_time=2022-07-29 HTTP/1.1" 200 421
116.232.194.65 - - [29/Jul/2022:12:55:09 +0800] "GET /xingrg/all/function/internal_message.html?_=1659070500101&CODE_STATE=getMsg HTTP/1.1" 200 27
116.232.194.65 - - [29/Jul/2022:12:55:13 +0800] "GET /xingrg/check_reg.html?_=1659070503317 HTTP/1.1" 200 22
61.165.20.118 - - [29/Jul/2022:12:55:17 +0800] "POST /xingrg/kc/buy/cgsh_order_operate.html HTTP/1.1" 200 37
61.165.20.118 - - [29/Jul/2022:12:55:18 +0800] "POST /xingrg/kc/buy/cgsh_order_operate.html HTTP/1.1" 200 4428
61.165.20.118 - - [29/Jul/2022:12:55:19 +0800] "GET /xingrg/kc/print/load_data.html?order_code=212022072907651&kc_code=cgsh&condition= HTTP/1.1" 200 1339
116.233.75.162 - - [29/Jul/2022:12:55:20 +0800] "GET /xingrg/all/function/internal_message.html?_=1659070519088&CODE_STATE=getMsg HTTP/1.1" 200 27
101.85.120.95 - - [29/Jul/2022:12:55:21 +0800] "GET /xingrg/all/function/internal_message.html?_=1659070518555&CODE_STATE=getMsg HTTP/1.1" 200 27
180.169.147.146 - - [29/Jul/2022:12:55:23 +0800] "GET /xingrg/all/function/internal_message.html?_=1659070518308&CODE_STATE=getMsg HTTP/1.1" 200 27
61.165.20.118 - - [29/Jul/2022:12:55:25 +0800] "GET /xingrg/check_reg.html?_=1659070521949 HTTP/1.1" 200 22
61.165.20.118 - - [29/Jul/2022:12:55:25 +0800] "GET /xingrg/all/function/internal_message.html?_=1659070521952&CODE_STATE=getMsg HTTP/1.1" 200 27
222.69.129.110 - - [29/Jul/2022:12:55:25 +0800] "GET /xingrg/all/function/internal_message.html?_=1659070578809&CODE_STATE=getMsg HTTP/1.1" 200 27
116.224.255.128 - - [29/Jul/2022:12:55:31 +0800] "GET /xingrg/all/function/internal_message.html?_=1659070527950&CODE_STATE=getMsg HTTP/1.1" 200 27
61.170.235.52 - - [29/Jul/2022:12:55:37 +0800] "GET /xingrg/all/function/internal_message.html?_=1659070538876&CODE_STATE=getMsg HTTP/1.1" 200 27
114.84.2.83 - - [29/Jul/2022:12:55:41 +0800] "POST /xingrg/services/DataTransmitService HTTP/1.1" 200 524
61.165.20.118 - - [29/Jul/2022:12:55:42 +0800] "GET /xingrg/all/function/internal_message.html?_=1659070421388&CODE_STATE=getMsg HTTP/1.1" 200 27
101.83.240.174 - - [29/Jul/2022:12:55:43 +0800] "GET /xingrg/check_reg.html?_=1659070540235 HTTP/1.1" 200 22
101.83.240.174 - - [29/Jul/2022:12:55:45 +0800] "GET /xingrg/all/function/internal_message.html?_=1659070541665&CODE_STATE=getMsg HTTP/1.1" 200 27
218.81.223.53 - - [29/Jul/2022:12:55:49 +0800] "GET /xingrg/all/function/internal_message.html?_=1659070551188&CODE_STATE=getMsg HTTP/1.1" 200 27
116.233.75.162 - - [29/Jul/2022:12:55:50 +0800] "GET /xingrg/all/function/internal_message.html?_=1659070548596&CODE_STATE=getMsg HTTP/1.1" 200 27
101.80.228.36 - - [29/Jul/2022:12:55:51 +0800] "GET /xingrg/all/function/internal_message.html?_=1659070548322&CODE_STATE=getMsg HTTP/1.1" 200 27
58.40.7.146 - - [29/Jul/2022:12:55:52 +0800] "GET /xingrg/all/function/internal_message.html?_=1659070549749&CODE_STATE=getMsg HTTP/1.1" 302 -
116.224.123.211 - - [29/Jul/2022:12:55:53 +0800] "GET /xingrg/all/function/internal_message.html?_=1659070550429&CODE_STATE=getMsg HTTP/1.1" 200 27
116.233.75.162 - - [29/Jul/2022:12:55:55 +0800] "POST /xingrg/dwr/call/plaincall/AjaxReportQueryService.refreshCache.dwr HTTP/1.1" 200 79
116.233.75.162 - - [29/Jul/2022:12:55:58 +0800] "POST /xingrg/all/report/load_report_page.html HTTP/1.1" 200 149710
116.233.75.162 - - [29/Jul/2022:12:55:58 +0800] "GET /xingrg/servlets/image?cache=0.7307077076810032&image=px HTTP/1.1" 200 807
116.233.75.162 - - [29/Jul/2022:12:56:05 +0800] "GET /xingrg/all/report/report_query.html?isQuery=1&fileName=kc/buy/wlcg_cate_hz.xml&queryString=(CONVERT(char(10)%252Ca.order_time%252C%2520120)%253E%253D'2022-03-01')%2520and%2520(CONVERT(char(10)%252Ca.order_time%252C%2520120)%253C%253D'2022-03-31')%2520and%2520(a.number%253E0%2520and%2520a.supplier_code%253D'00100005')&queryText=%25E3%2580%2590%25E9%2587%2587%25E8%25B4%25AD%25E6%2597%25A5%25E6%259C%259F%253A2022-03-01%2520%25E8%2587%25B3%25202022-03-31%25E3%2580%2591%2520%25E5%25B9%25B6%25E4%25B8%2594%2520%25E3%2580%2590%25E4%25BE%259B%25E5%25BA%2594%25E5%2595%2586%253D%25E8%2594%25AC%25E8%258F%259C%25EF%25BC%2588%25E5%25AE%258B%25E6%259C%25A8%25E6%25A0%25B9%25EF%25BC%2589%25E3%2580%2591 HTTP/1.1" 200 54374
116.233.75.162 - - [29/Jul/2022:12:56:05 +0800] "GET /xingrg/dwr/interface/AjaxReportQueryService.js HTTP/1.1" 200 13203
116.233.75.162 - - [29/Jul/2022:12:56:05 +0800] "GET /xingrg/dwr/engine.js HTTP/1.1" 200 43631
180.169.147.146 - - [29/Jul/2022:12:56:06 +0800] "POST /xingrg/kc/buy/cgsh_order_operate.html HTTP/1.1" 200 2065
116.233.75.162 - - [29/Jul/2022:12:56:07 +0800] "POST /xingrg/all/report/load_report_page.html HTTP/1.1" 200 8716
116.233.75.162 - - [29/Jul/2022:12:56:07 +0800] "GET /xingrg/servlets/image?cache=0.4404107928924339&image=px HTTP/1.1" 200 807
116.233.75.162 - - [29/Jul/2022:12:56:09 +0800] "POST /xingrg/all/report/load_report_page.html HTTP/1.1" 200 113555
116.233.75.162 - - [29/Jul/2022:12:56:09 +0800] "GET /xingrg/images/blue/button/back2.gif HTTP/1.1" 200 1339
116.233.75.162 - - [29/Jul/2022:12:56:09 +0800] "GET /xingrg/images/blue/button/back.gif HTTP/1.1" 200 1352
116.233.75.162 - - [29/Jul/2022:12:56:09 +0800] "GET /xingrg/servlets/image?cache=0.549254931082211&image=px HTTP/1.1" 200 807
116.232.194.65 - - [29/Jul/2022:12:56:09 +0800] "GET /xingrg/all/function/internal_message.html?_=1659070560086&CODE_STATE=getMsg HTTP/1.1" 200 27
116.233.75.162 - - [29/Jul/2022:12:56:11 +0800] "POST /xingrg/all/report/report_print.html HTTP/1.1" 302 -
116.233.75.162 - - [29/Jul/2022:12:56:11 +0800] "GET /xingrg/servlets/image?image=px HTTP/1.1" 200 807
116.233.75.162 - - [29/Jul/2022:12:56:11 +0800] "GET /xingrg/servlets/html?sysBaseUrl=http%3A%2F%2F180.169.147.146%3A18081%2Fxingrg%2F&costTime=421×tamp=1659070571291 HTTP/1.1" 200 353603
116.233.75.162 - - [29/Jul/2022:12:56:20 +0800] "GET /xingrg/all/function/internal_message.html?_=1659070579087&CODE_STATE=getMsg HTTP/1.1" 200 27
101.85.120.95 - - [29/Jul/2022:12:56:21 +0800] "GET /xingrg/all/function/internal_message.html?_=1659070578554&CODE_STATE=getMsg HTTP/1.1" 200 27
180.169.147.146 - - [29/Jul/2022:12:56:23 +0800] "GET /xingrg/all/function/internal_message.html?_=1659070578286&CODE_STATE=getMsg HTTP/1.1" 200 27
61.165.20.118 - - [29/Jul/2022:12:56:25 +0800] "GET /xingrg/all/function/internal_message.html?_=1659070581959&CODE_STATE=getMsg HTTP/1.1" 200 27
222.69.129.110 - - [29/Jul/2022:12:56:25 +0800] "GET /xingrg/all/function/internal_message.html?_=1659070638802&CODE_STATE=getMsg HTTP/1.1" 200 27
116.224.255.128 - - [29/Jul/2022:12:56:31 +0800] "GET /xingrg/all/function/internal_message.html?_=1659070587949&CODE_STATE=getMsg HTTP/1.1" 200 27
61.170.235.52 - - [29/Jul/2022:12:56:37 +0800] "GET /xingrg/all/function/internal_message.html?_=1659070598862&CODE_STATE=getMsg HTTP/1.1" 200 27
61.165.20.118 - - [29/Jul/2022:12:56:42 +0800] "GET /xingrg/all/function/internal_message.html?_=1659070481377&CODE_STATE=getMsg HTTP/1.1" 200 27
101.83.240.174 - - [29/Jul/2022:12:56:45 +0800] "GET /xingrg/all/function/internal_message.html?_=1659070601657&CODE_STATE=getMsg HTTP/1.1" 200 27
218.81.223.53 - - [29/Jul/2022:12:56:49 +0800] "GET /xingrg/all/function/internal_message.html?_=1659070611201&CODE_STATE=getMsg HTTP/1.1" 200 27
116.233.75.162 - - [29/Jul/2022:12:56:50 +0800] "GET /xingrg/all/function/internal_message.html?_=1659070608594&CODE_STATE=getMsg HTTP/1.1" 200 27
101.80.228.36 - - [29/Jul/2022:12:56:51 +0800] "GET /xingrg/all/function/internal_message.html?_=1659070608308&CODE_STATE=getMsg HTTP/1.1" 200 27
58.40.7.146 - - [29/Jul/2022:12:56:52 +0800] "GET /xingrg/all/function/internal_message.html?_=1659070609751&CODE_STATE=getMsg HTTP/1.1" 302 -
116.224.123.211 - - [29/Jul/2022:12:56:53 +0800] "GET /xingrg/all/function/internal_message.html?_=1659070610404&CODE_STATE=getMsg HTTP/1.1" 200 27
116.233.75.162 - - [29/Jul/2022:12:56:56 +0800] "POST /xingrg/dwr/call/plaincall/AjaxReportQueryService.refreshCache.dwr HTTP/1.1" 200 79
116.233.75.162 - - [29/Jul/2022:12:57:00 +0800] "POST /xingrg/all/report/load_report_page.html HTTP/1.1" 200 126234
116.233.75.162 - - [29/Jul/2022:12:57:00 +0800] "GET /xingrg/servlets/image?cache=0.07793829441960709&image=px HTTP/1.1" 200 807
114.86.187.244 - - [29/Jul/2022:12:57:06 +0800] "GET /xingrg/check_reg.html?_=1659070624967 HTTP/1.1" 200 22
116.232.194.65 - - [29/Jul/2022:12:57:09 +0800] "GET /xingrg/all/function/internal_message.html?_=1659070620071&CODE_STATE=getMsg HTTP/1.1" 200 27
116.233.75.162 - - [29/Jul/2022:12:57:11 +0800] "GET /xingrg/all/report/report_query.html?isQuery=1&fileName=kc/buy/wlcg_cate_hz.xml&queryString=(CONVERT(char(10)%252Ca.order_time%252C%2520120)%253E%253D'2022-06-01')%2520and%2520(CONVERT(char(10)%252Ca.order_time%252C%2520120)%253C%253D'2022-06-30')%2520and%2520(a.number%253E0%2520and%2520a.supplier_code%253D'00100005')&queryText=%25E3%2580%2590%25E9%2587%2587%25E8%25B4%25AD%25E6%2597%25A5%25E6%259C%259F%253A2022-06-01%2520%25E8%2587%25B3%25202022-06-30%25E3%2580%2591%2520%25E5%25B9%25B6%25E4%25B8%2594%2520%25E3%2580%2590%25E4%25BE%259B%25E5%25BA%2594%25E5%2595%2586%253D%25E8%2594%25AC%25E8%258F%259C%25EF%25BC%2588%25E5%25AE%258B%25E6%259C%25A8%25E6%25A0%25B9%25EF%25BC%2589%25E3%2580%2591 HTTP/1.1" 200 54374
116.233.75.162 - - [29/Jul/2022:12:57:11 +0800] "GET /xingrg/dwr/interface/AjaxReportQueryService.js HTTP/1.1" 200 13203
116.233.75.162 - - [29/Jul/2022:12:57:11 +0800] "GET /xingrg/dwr/engine.js HTTP/1.1" 200 43631
116.233.75.162 - - [29/Jul/2022:12:57:14 +0800] "POST /xingrg/all/report/load_report_page.html HTTP/1.1" 200 8732
116.233.75.162 - - [29/Jul/2022:12:57:14 +0800] "GET /xingrg/servlets/image?cache=0.021077554764994733&image=px HTTP/1.1" 200 807
116.233.75.162 - - [29/Jul/2022:12:57:16 +0800] "POST /xingrg/all/report/load_report_page.html HTTP/1.1" 200 113623
116.233.75.162 - - [29/Jul/2022:12:57:16 +0800] "GET /xingrg/servlets/image?cache=0.039481356180407046&image=px HTTP/1.1" 200 807
116.233.75.162 - - [29/Jul/2022:12:57:19 +0800] "POST /xingrg/all/report/report_print.html HTTP/1.1" 302 -
116.233.75.162 - - [29/Jul/2022:12:57:19 +0800] "GET /xingrg/servlets/image?image=px HTTP/1.1" 200 807
116.233.75.162 - - [29/Jul/2022:12:57:19 +0800] "GET /xingrg/servlets/html?sysBaseUrl=http%3A%2F%2F180.169.147.146%3A18081%2Fxingrg%2F&costTime=414×tamp=1659070639090 HTTP/1.1" 200 296885
116.233.75.162 - - [29/Jul/2022:12:57:20 +0800] "GET /xingrg/all/function/internal_message.html?_=1659070639077&CODE_STATE=getMsg HTTP/1.1" 200 27
101.85.120.95 - - [29/Jul/2022:12:57:21 +0800] "GET /xingrg/all/function/internal_message.html?_=1659070638554&CODE_STATE=getMsg HTTP/1.1" 200 27
180.169.147.146 - - [29/Jul/2022:12:57:23 +0800] "GET /xingrg/all/function/internal_message.html?_=1659070638263&CODE_STATE=getMsg HTTP/1.1" 200 27
61.165.20.118 - - [29/Jul/2022:12:57:25 +0800] "GET /xingrg/all/function/internal_message.html?_=1659070641958&CODE_STATE=getMsg HTTP/1.1" 200 27
222.69.129.110 - - [29/Jul/2022:12:57:25 +0800] "GET /xingrg/all/function/internal_message.html?_=1659070698801&CODE_STATE=getMsg HTTP/1.1" 200 27
116.224.255.128 - - [29/Jul/2022:12:57:31 +0800] "GET /xingrg/all/function/internal_message.html?_=1659070647938&CODE_STATE=getMsg HTTP/1.1" 200 27
116.224.255.128 - - [29/Jul/2022:12:57:33 +0800] "GET /xingrg/check_reg.html?_=1659070650063 HTTP/1.1" 200 22
61.170.235.52 - - [29/Jul/2022:12:57:37 +0800] "GET /xingrg/all/function/internal_message.html?_=1659070658847&CODE_STATE=getMsg HTTP/1.1" 200 27
61.170.235.52 - - [29/Jul/2022:12:57:37 +0800] "GET /xingrg/check_reg.html?_=1659070658912 HTTP/1.1" 200 22
61.165.20.118 - - [29/Jul/2022:12:57:42 +0800] "GET /xingrg/all/function/internal_message.html?_=1659070541367&CODE_STATE=getMsg HTTP/1.1" 200 27
101.83.240.174 - - [29/Jul/2022:12:57:45 +0800] "GET /xingrg/all/function/internal_message.html?_=1659070661635&CODE_STATE=getMsg HTTP/1.1" 200 27
180.169.147.146 - - [29/Jul/2022:12:57:47 +0800] "POST /xingrg/kc/buy/cgsh_order_operate.html HTTP/1.1" 200 2065
218.81.223.53 - - [29/Jul/2022:12:57:49 +0800] "GET /xingrg/all/function/internal_message.html?_=1659070671226&CODE_STATE=getMsg HTTP/1.1" 200 27
116.233.75.162 - - [29/Jul/2022:12:57:50 +0800] "GET /xingrg/all/function/internal_message.html?_=1659070668596&CODE_STATE=getMsg HTTP/1.1" 200 27
116.233.75.162 - - [29/Jul/2022:12:57:50 +0800] "GET /xingrg/check_reg.html?_=1659070668599 HTTP/1.1" 200 22
101.80.228.36 - - [29/Jul/2022:12:57:51 +0800] "GET /xingrg/all/function/internal_message.html?_=1659070668295&CODE_STATE=getMsg HTTP/1.1" 200 27
58.40.7.146 - - [29/Jul/2022:12:57:52 +0800] "GET /xingrg/all/function/internal_message.html?_=1659070669740&CODE_STATE=getMsg HTTP/1.1" 302 -
116.224.123.211 - - [29/Jul/2022:12:57:53 +0800] "GET /xingrg/all/function/internal_message.html?_=1659070670388&CODE_STATE=getMsg HTTP/1.1" 200 27
116.232.194.65 - - [29/Jul/2022:12:58:09 +0800] "GET /xingrg/all/function/internal_message.html?_=1659070680055&CODE_STATE=getMsg HTTP/1.1" 200 27
180.169.147.146 - - [29/Jul/2022:12:58:10 +0800] "POST /xingrg/kc/buy/cgsh_order_operate.html HTTP/1.1" 200 37
180.169.147.146 - - [29/Jul/2022:12:58:11 +0800] "POST /xingrg/kc/buy/cgsh_order_operate.html HTTP/1.1" 200 32381
116.233.75.162 - - [29/Jul/2022:12:58:20 +0800] "GET /xingrg/all/function/internal_message.html?_=1659070699088&CODE_STATE=getMsg HTTP/1.1" 200 27
116.233.75.162 - - [29/Jul/2022:12:58:20 +0800] "GET /xingrg/check_reg.html?_=1659070699089 HTTP/1.1" 200 22
101.85.120.95 - - [29/Jul/2022:12:58:21 +0800] "GET /xingrg/all/function/internal_message.html?_=1659070698554&CODE_STATE=getMsg HTTP/1.1" 200 27
101.85.120.95 - - [29/Jul/2022:12:58:21 +0800] "GET /xingrg/check_reg.html?_=1659070698558 HTTP/1.1" 200 22
180.169.147.146 - - [29/Jul/2022:12:58:23 +0800] "GET /xingrg/all/function/internal_message.html?_=1659070698235&CODE_STATE=getMsg HTTP/1.1" 200 27
61.165.20.118 - - [29/Jul/2022:12:58:25 +0800] "GET /xingrg/all/function/internal_message.html?_=1659070701959&CODE_STATE=getMsg HTTP/1.1" 200 27
222.69.129.110 - - [29/Jul/2022:12:58:25 +0800] "GET /xingrg/all/function/internal_message.html?_=1659070758793&CODE_STATE=getMsg HTTP/1.1" 200 27
222.69.129.110 - - [29/Jul/2022:12:58:26 +0800] "GET /xingrg/check_reg.html?_=1659070758797 HTTP/1.1" 200 22
116.224.255.128 - - [29/Jul/2022:12:58:31 +0800] "GET /xingrg/all/function/internal_message.html?_=1659070707913&CODE_STATE=getMsg HTTP/1.1" 200 27
61.170.235.52 - - [29/Jul/2022:12:58:37 +0800] "GET /xingrg/all/function/internal_message.html?_=1659070718819&CODE_STATE=getMsg HTTP/1.1" 200 27
61.165.20.118 - - [29/Jul/2022:12:58:42 +0800] "GET /xingrg/all/function/internal_message.html?_=1659070601355&CODE_STATE=getMsg HTTP/1.1" 200 27
101.83.240.174 - - [29/Jul/2022:12:58:45 +0800] "GET /xingrg/all/function/internal_message.html?_=1659070721615&CODE_STATE=getMsg HTTP/1.1" 200 27
218.81.223.53 - - [29/Jul/2022:12:58:49 +0800] "GET /xingrg/all/function/internal_message.html?_=1659070731229&CODE_STATE=getMsg HTTP/1.1" 200 27
116.233.75.162 - - [29/Jul/2022:12:58:50 +0800] "GET /xingrg/all/function/internal_message.html?_=1659070728600&CODE_STATE=getMsg HTTP/1.1" 200 27
101.80.228.36 - - [29/Jul/2022:12:58:50 +0800] "GET /xingrg/all/function/internal_message.html?_=1659070728280&CODE_STATE=getMsg HTTP/1.1" 200 27
58.40.7.146 - - [29/Jul/2022:12:58:52 +0800] "GET /xingrg/all/function/internal_message.html?_=1659070729727&CODE_STATE=getMsg HTTP/1.1" 302 -
116.224.123.211 - - [29/Jul/2022:12:58:53 +0800] "GET /xingrg/all/function/internal_message.html?_=1659070730375&CODE_STATE=getMsg HTTP/1.1" 200 27
