58.40.7.146 - - [29/Jul/2022:12:12:52 +0800] "GET /xingrg/all/function/internal_message.html?_=1659067969705&CODE_STATE=getMsg HTTP/1.1" 302 -
61.165.20.118 - - [29/Jul/2022:12:13:07 +0800] "GET /xingrg/all/function/internal_message.html?_=1659067983975&CODE_STATE=getMsg HTTP/1.1" 200 27
180.169.147.146 - - [29/Jul/2022:12:13:08 +0800] "GET /xingrg/all/function/internal_message.html?_=1659067983724&CODE_STATE=getMsg HTTP/1.1" 200 27
116.232.194.65 - - [29/Jul/2022:12:13:10 +0800] "GET /xingrg/all/function/internal_message.html?_=1659067980769&CODE_STATE=getMsg HTTP/1.1" 200 27
116.233.75.162 - - [29/Jul/2022:12:13:20 +0800] "GET /xingrg/check_reg.html?_=1659067999083 HTTP/1.1" 200 22
116.233.75.162 - - [29/Jul/2022:12:13:20 +0800] "GET /xingrg/all/function/internal_message.html?_=1659067999085&CODE_STATE=getMsg HTTP/1.1" 200 27
101.85.120.95 - - [29/Jul/2022:12:13:21 +0800] "GET /xingrg/check_reg.html?_=1659067998505 HTTP/1.1" 200 22
101.85.120.95 - - [29/Jul/2022:12:13:21 +0800] "GET /xingrg/all/function/internal_message.html?_=1659067998929&CODE_STATE=getMsg HTTP/1.1" 200 27
222.69.129.110 - - [29/Jul/2022:12:13:26 +0800] "GET /xingrg/check_reg.html?_=1659068058802 HTTP/1.1" 200 22
222.69.129.110 - - [29/Jul/2022:12:13:26 +0800] "GET /xingrg/all/function/internal_message.html?_=1659068058805&CODE_STATE=getMsg HTTP/1.1" 200 27
116.224.255.128 - - [29/Jul/2022:12:13:32 +0800] "GET /xingrg/all/function/internal_message.html?_=1659068008750&CODE_STATE=getMsg HTTP/1.1" 200 27
180.169.147.146 - - [29/Jul/2022:12:13:35 +0800] "GET /xingrg/all/function/internal_message.html?_=1659068011757&CODE_STATE=getMsg HTTP/1.1" 200 27
61.170.235.52 - - [29/Jul/2022:12:13:37 +0800] "GET /xingrg/all/function/internal_message.html?_=1659068018837&CODE_STATE=getMsg HTTP/1.1" 200 27
61.165.20.118 - - [29/Jul/2022:12:13:42 +0800] "GET /xingrg/all/function/internal_message.html?_=1659067901896&CODE_STATE=getMsg HTTP/1.1" 200 27
101.83.240.174 - - [29/Jul/2022:12:13:46 +0800] "GET /xingrg/all/function/internal_message.html?_=1659068022443&CODE_STATE=getMsg HTTP/1.1" 200 27
101.80.228.36 - - [29/Jul/2022:12:13:46 +0800] "GET /xingrg/kc/mdqp/psth_order_list1.html HTTP/1.1" 200 17927
101.80.228.36 - - [29/Jul/2022:12:13:46 +0800] "GET /xingrg/javascript/easyui/themes/icons/uncheck_new.png HTTP/1.1" 200 3197
101.80.228.36 - - [29/Jul/2022:12:13:46 +0800] "POST /xingrg/kc/mdqp/psth_list_operate.html HTTP/1.1" 200 749
218.81.223.53 - - [29/Jul/2022:12:13:49 +0800] "GET /xingrg/all/function/internal_message.html?_=1659068030554&CODE_STATE=getMsg HTTP/1.1" 200 27
116.233.75.162 - - [29/Jul/2022:12:13:50 +0800] "GET /xingrg/all/function/internal_message.html?_=1659068028490&CODE_STATE=getMsg HTTP/1.1" 200 27
101.80.228.36 - - [29/Jul/2022:12:13:51 +0800] "GET /xingrg/all/function/internal_message.html?_=1659068029183&CODE_STATE=getMsg HTTP/1.1" 200 27
58.40.7.146 - - [29/Jul/2022:12:13:52 +0800] "GET /xingrg/all/function/internal_message.html?_=1659068029696&CODE_STATE=getMsg HTTP/1.1" 302 -
101.80.228.36 - - [29/Jul/2022:12:13:53 +0800] "GET /xingrg/check_reg.html?_=1659068031092 HTTP/1.1" 200 22
61.165.20.118 - - [29/Jul/2022:12:13:59 +0800] "GET /xingrg/check_reg.html?_=1659067918986 HTTP/1.1" 200 22
61.165.20.118 - - [29/Jul/2022:12:14:07 +0800] "GET /xingrg/all/function/internal_message.html?_=1659068043975&CODE_STATE=getMsg HTTP/1.1" 200 27
180.169.147.146 - - [29/Jul/2022:12:14:08 +0800] "GET /xingrg/all/function/internal_message.html?_=1659068043708&CODE_STATE=getMsg HTTP/1.1" 200 27
116.232.194.65 - - [29/Jul/2022:12:14:10 +0800] "GET /xingrg/all/function/internal_message.html?_=1659068040743&CODE_STATE=getMsg HTTP/1.1" 200 27
116.233.75.162 - - [29/Jul/2022:12:14:20 +0800] "GET /xingrg/all/function/internal_message.html?_=1659068059076&CODE_STATE=getMsg HTTP/1.1" 200 27
101.85.120.95 - - [29/Jul/2022:12:14:21 +0800] "GET /xingrg/all/function/internal_message.html?_=1659068058913&CODE_STATE=getMsg HTTP/1.1" 200 27
222.69.129.110 - - [29/Jul/2022:12:14:26 +0800] "GET /xingrg/all/function/internal_message.html?_=1659068118808&CODE_STATE=getMsg HTTP/1.1" 200 27
116.224.255.128 - - [29/Jul/2022:12:14:31 +0800] "GET /xingrg/all/function/internal_message.html?_=1659068068735&CODE_STATE=getMsg HTTP/1.1" 200 27
180.169.147.146 - - [29/Jul/2022:12:14:35 +0800] "GET /xingrg/all/function/internal_message.html?_=1659068071757&CODE_STATE=getMsg HTTP/1.1" 200 27
61.170.235.52 - - [29/Jul/2022:12:14:37 +0800] "GET /xingrg/all/function/internal_message.html?_=1659068078824&CODE_STATE=getMsg HTTP/1.1" 200 27
61.165.20.118 - - [29/Jul/2022:12:14:42 +0800] "GET /xingrg/all/function/internal_message.html?_=1659067961875&CODE_STATE=getMsg HTTP/1.1" 200 27
101.83.240.174 - - [29/Jul/2022:12:14:46 +0800] "GET /xingrg/all/function/internal_message.html?_=1659068082435&CODE_STATE=getMsg HTTP/1.1" 200 27
218.81.223.53 - - [29/Jul/2022:12:14:48 +0800] "GET /xingrg/check_reg.html?_=1659068089961 HTTP/1.1" 200 22
218.81.223.53 - - [29/Jul/2022:12:14:49 +0800] "GET /xingrg/all/function/internal_message.html?_=1659068090571&CODE_STATE=getMsg HTTP/1.1" 200 27
116.233.75.162 - - [29/Jul/2022:12:14:50 +0800] "GET /xingrg/all/function/internal_message.html?_=1659068088490&CODE_STATE=getMsg HTTP/1.1" 200 27
101.80.228.36 - - [29/Jul/2022:12:14:51 +0800] "GET /xingrg/all/function/internal_message.html?_=1659068089155&CODE_STATE=getMsg HTTP/1.1" 200 27
58.40.7.146 - - [29/Jul/2022:12:14:52 +0800] "GET /xingrg/check_reg.html?_=1659068089708 HTTP/1.1" 302 -
58.40.7.146 - - [29/Jul/2022:12:14:52 +0800] "GET /xingrg/all/function/internal_message.html?_=1659068089706&CODE_STATE=getMsg HTTP/1.1" 302 -
120.253.135.82 - - [29/Jul/2022:12:14:58 +0800] "GET /xingrg/check_reg.html?_=1659067904311 HTTP/1.1" 200 22
116.232.194.65 - - [29/Jul/2022:12:15:07 +0800] "POST /xingrg/services/DataTransmitService HTTP/1.1" 200 524
61.165.20.118 - - [29/Jul/2022:12:15:07 +0800] "GET /xingrg/all/function/internal_message.html?_=1659068103976&CODE_STATE=getMsg HTTP/1.1" 200 27
180.169.147.146 - - [29/Jul/2022:12:15:08 +0800] "GET /xingrg/all/function/internal_message.html?_=1659068103692&CODE_STATE=getMsg HTTP/1.1" 200 27
116.232.194.65 - - [29/Jul/2022:12:15:10 +0800] "GET /xingrg/all/function/internal_message.html?_=1659068100719&CODE_STATE=getMsg HTTP/1.1" 200 27
116.232.194.65 - - [29/Jul/2022:12:15:12 +0800] "POST /xingrg/services/DataTransmitService HTTP/1.1" 200 501
116.232.194.65 - - [29/Jul/2022:12:15:12 +0800] "GET /xingrg/check_reg.html?_=1659068103303 HTTP/1.1" 200 22
116.233.75.162 - - [29/Jul/2022:12:15:20 +0800] "GET /xingrg/all/function/internal_message.html?_=1659068119089&CODE_STATE=getMsg HTTP/1.1" 200 27
101.85.120.95 - - [29/Jul/2022:12:15:21 +0800] "GET /xingrg/all/function/internal_message.html?_=1659068118897&CODE_STATE=getMsg HTTP/1.1" 200 27
222.69.129.110 - - [29/Jul/2022:12:15:26 +0800] "GET /xingrg/all/function/internal_message.html?_=1659068178806&CODE_STATE=getMsg HTTP/1.1" 200 27
114.88.158.224 - - [29/Jul/2022:12:15:29 +0800] "POST /xingrg/services/DataTransmitService HTTP/1.1" 200 524
101.80.228.36 - - [29/Jul/2022:12:15:30 +0800] "GET /xingrg/kc/buy/cgsh_order_list.html HTTP/1.1" 200 52168
116.224.255.128 - - [29/Jul/2022:12:15:31 +0800] "GET /xingrg/all/function/internal_message.html?_=1659068128731&CODE_STATE=getMsg HTTP/1.1" 200 27
101.80.228.36 - - [29/Jul/2022:12:15:33 +0800] "POST /xingrg/kc/buy/cgsh_list_operate.html HTTP/1.1" 200 3657
180.169.147.146 - - [29/Jul/2022:12:15:35 +0800] "GET /xingrg/all/function/internal_message.html?_=1659068131757&CODE_STATE=getMsg HTTP/1.1" 200 27
114.88.158.224 - - [29/Jul/2022:12:15:35 +0800] "POST /xingrg/services/DataTransmitService HTTP/1.1" 200 501
61.170.235.52 - - [29/Jul/2022:12:15:37 +0800] "GET /xingrg/all/function/internal_message.html?_=1659068138824&CODE_STATE=getMsg HTTP/1.1" 200 27
101.80.228.36 - - [29/Jul/2022:12:15:37 +0800] "POST /xingrg/kc/buy/cgsh_list_operate.html HTTP/1.1" 200 359
101.80.228.36 - - [29/Jul/2022:12:15:38 +0800] "GET /xingrg/kc/buy/cgsh_order_info.html?code=212022072907574 HTTP/1.1" 200 68000
101.80.228.36 - - [29/Jul/2022:12:15:38 +0800] "GET /xingrg/words/20220729103515_words.js HTTP/1.1" 304 -
101.80.228.36 - - [29/Jul/2022:12:15:39 +0800] "GET /xingrg/javascript/easyui/themes/default/validatebox.css HTTP/1.1" 404 1104
101.80.228.36 - - [29/Jul/2022:12:15:39 +0800] "POST /xingrg/kc/buy/cgsh_order_operate.html HTTP/1.1" 200 3858
101.80.228.36 - - [29/Jul/2022:12:15:42 +0800] "GET /xingrg/javascript/auto/indicator.gif HTTP/1.1" 404 1066
61.165.20.118 - - [29/Jul/2022:12:15:42 +0800] "GET /xingrg/all/function/internal_message.html?_=1659068021864&CODE_STATE=getMsg HTTP/1.1" 200 27
101.83.240.174 - - [29/Jul/2022:12:15:43 +0800] "GET /xingrg/check_reg.html?_=1659068140292 HTTP/1.1" 200 22
101.83.240.174 - - [29/Jul/2022:12:15:46 +0800] "GET /xingrg/all/function/internal_message.html?_=1659068142416&CODE_STATE=getMsg HTTP/1.1" 200 27
218.81.223.53 - - [29/Jul/2022:12:15:49 +0800] "GET /xingrg/all/function/internal_message.html?_=1659068150582&CODE_STATE=getMsg HTTP/1.1" 200 27
116.233.75.162 - - [29/Jul/2022:12:15:50 +0800] "GET /xingrg/all/function/internal_message.html?_=1659068148519&CODE_STATE=getMsg HTTP/1.1" 200 27
101.80.228.36 - - [29/Jul/2022:12:15:51 +0800] "GET /xingrg/all/function/internal_message.html?_=1659068149138&CODE_STATE=getMsg HTTP/1.1" 200 27
58.40.7.146 - - [29/Jul/2022:12:15:52 +0800] "GET /xingrg/all/function/internal_message.html?_=1659068149704&CODE_STATE=getMsg HTTP/1.1" 302 -
101.80.228.36 - - [29/Jul/2022:12:15:53 +0800] "POST /xingrg/kc/buy/cgsh_order_operate.html HTTP/1.1" 200 37
101.80.228.36 - - [29/Jul/2022:12:15:57 +0800] "POST /xingrg/kc/buy/cgsh_order_operate.html HTTP/1.1" 200 3861
61.165.20.118 - - [29/Jul/2022:12:16:07 +0800] "GET /xingrg/all/function/internal_message.html?_=1659068163976&CODE_STATE=getMsg HTTP/1.1" 200 27
180.169.147.146 - - [29/Jul/2022:12:16:08 +0800] "GET /xingrg/all/function/internal_message.html?_=1659068163675&CODE_STATE=getMsg HTTP/1.1" 200 27
116.232.194.65 - - [29/Jul/2022:12:16:10 +0800] "GET /xingrg/all/function/internal_message.html?_=1659068160712&CODE_STATE=getMsg HTTP/1.1" 200 27
180.169.147.146 - - [29/Jul/2022:12:16:10 +0800] "GET /xingrg/check_reg.html?_=1659068165393 HTTP/1.1" 200 22
116.233.75.162 - - [29/Jul/2022:12:16:20 +0800] "GET /xingrg/all/function/internal_message.html?_=1659068179083&CODE_STATE=getMsg HTTP/1.1" 200 27
101.85.120.95 - - [29/Jul/2022:12:16:21 +0800] "GET /xingrg/all/function/internal_message.html?_=1659068178883&CODE_STATE=getMsg HTTP/1.1" 200 27
222.69.129.110 - - [29/Jul/2022:12:16:26 +0800] "GET /xingrg/all/function/internal_message.html?_=1659068238796&CODE_STATE=getMsg HTTP/1.1" 200 27
116.224.255.128 - - [29/Jul/2022:12:16:31 +0800] "GET /xingrg/all/function/internal_message.html?_=1659068188717&CODE_STATE=getMsg HTTP/1.1" 200 27
180.169.147.146 - - [29/Jul/2022:12:16:35 +0800] "GET /xingrg/all/function/internal_message.html?_=1659068191763&CODE_STATE=getMsg HTTP/1.1" 200 27
180.169.147.146 - - [29/Jul/2022:12:16:35 +0800] "GET /xingrg/check_reg.html?_=1659068191766 HTTP/1.1" 200 22
61.170.235.52 - - [29/Jul/2022:12:16:37 +0800] "GET /xingrg/all/function/internal_message.html?_=1659068198824&CODE_STATE=getMsg HTTP/1.1" 200 27
101.80.228.36 - - [29/Jul/2022:12:16:42 +0800] "POST /xingrg/kc/buy/cgsh_order_operate.html HTTP/1.1" 200 37
61.165.20.118 - - [29/Jul/2022:12:16:42 +0800] "GET /xingrg/all/function/internal_message.html?_=1659068081853&CODE_STATE=getMsg HTTP/1.1" 200 27
101.80.228.36 - - [29/Jul/2022:12:16:45 +0800] "POST /xingrg/kc/buy/cgsh_order_operate.html HTTP/1.1" 200 12
101.83.240.174 - - [29/Jul/2022:12:16:46 +0800] "GET /xingrg/all/function/internal_message.html?_=1659068202388&CODE_STATE=getMsg HTTP/1.1" 200 27
218.81.223.53 - - [29/Jul/2022:12:16:49 +0800] "GET /xingrg/all/function/internal_message.html?_=1659068210596&CODE_STATE=getMsg HTTP/1.1" 200 27
116.233.75.162 - - [29/Jul/2022:12:16:50 +0800] "GET /xingrg/all/function/internal_message.html?_=1659068208525&CODE_STATE=getMsg HTTP/1.1" 200 27
58.40.7.146 - - [29/Jul/2022:12:16:52 +0800] "GET /xingrg/all/function/internal_message.html?_=1659068209715&CODE_STATE=getMsg HTTP/1.1" 302 -
101.80.228.36 - - [29/Jul/2022:12:17:04 +0800] "GET /xingrg/kc/buy/cgsh_order_info.html?code=212022072907574 HTTP/1.1" 200 62894
101.80.228.36 - - [29/Jul/2022:12:17:04 +0800] "GET /xingrg/javascript/easyui/themes/default/validatebox.css HTTP/1.1" 404 1104
101.80.228.36 - - [29/Jul/2022:12:17:05 +0800] "POST /xingrg/kc/buy/cgsh_order_operate.html HTTP/1.1" 200 1811
114.86.187.244 - - [29/Jul/2022:12:17:06 +0800] "GET /xingrg/check_reg.html?_=1659068225084 HTTP/1.1" 200 22
61.165.20.118 - - [29/Jul/2022:12:17:07 +0800] "GET /xingrg/check_reg.html?_=1659068223976 HTTP/1.1" 200 22
61.165.20.118 - - [29/Jul/2022:12:17:07 +0800] "GET /xingrg/all/function/internal_message.html?_=1659068223979&CODE_STATE=getMsg HTTP/1.1" 200 27
180.169.147.146 - - [29/Jul/2022:12:17:08 +0800] "GET /xingrg/all/function/internal_message.html?_=1659068223659&CODE_STATE=getMsg HTTP/1.1" 200 27
116.232.194.65 - - [29/Jul/2022:12:17:10 +0800] "GET /xingrg/all/function/internal_message.html?_=1659068220695&CODE_STATE=getMsg HTTP/1.1" 200 27
101.80.228.36 - - [29/Jul/2022:12:17:11 +0800] "POST /xingrg/kc/buy/cgsh_list_operate.html HTTP/1.1" 200 569
116.233.75.162 - - [29/Jul/2022:12:17:20 +0800] "GET /xingrg/all/function/internal_message.html?_=1659068239084&CODE_STATE=getMsg HTTP/1.1" 200 27
101.80.228.36 - - [29/Jul/2022:12:17:20 +0800] "POST /xingrg/kc/buy/cgsh_list_operate.html HTTP/1.1" 200 565
101.85.120.95 - - [29/Jul/2022:12:17:21 +0800] "GET /xingrg/all/function/internal_message.html?_=1659068238868&CODE_STATE=getMsg HTTP/1.1" 200 27
101.80.228.36 - - [29/Jul/2022:12:17:24 +0800] "POST /xingrg/kc/buy/cgsh_list_operate.html HTTP/1.1" 200 204
222.69.129.110 - - [29/Jul/2022:12:17:26 +0800] "GET /xingrg/all/function/internal_message.html?_=1659068298807&CODE_STATE=getMsg HTTP/1.1" 200 27
101.80.228.36 - - [29/Jul/2022:12:17:28 +0800] "POST /xingrg/kc/buy/cgsh_list_operate.html HTTP/1.1" 200 212
116.224.255.128 - - [29/Jul/2022:12:17:31 +0800] "GET /xingrg/all/function/internal_message.html?_=1659068248697&CODE_STATE=getMsg HTTP/1.1" 200 27
101.80.228.36 - - [29/Jul/2022:12:17:32 +0800] "POST /xingrg/kc/buy/cgsh_list_operate.html HTTP/1.1" 200 213
116.224.255.128 - - [29/Jul/2022:12:17:33 +0800] "GET /xingrg/check_reg.html?_=1659068249920 HTTP/1.1" 200 22
180.169.147.146 - - [29/Jul/2022:12:17:35 +0800] "GET /xingrg/all/function/internal_message.html?_=1659068251765&CODE_STATE=getMsg HTTP/1.1" 200 27
61.170.235.52 - - [29/Jul/2022:12:17:37 +0800] "GET /xingrg/all/function/internal_message.html?_=1659068258824&CODE_STATE=getMsg HTTP/1.1" 200 27
61.170.235.52 - - [29/Jul/2022:12:17:37 +0800] "GET /xingrg/check_reg.html?_=1659068258827 HTTP/1.1" 200 22
61.165.20.118 - - [29/Jul/2022:12:17:42 +0800] "GET /xingrg/all/function/internal_message.html?_=1659068141841&CODE_STATE=getMsg HTTP/1.1" 200 27
101.83.240.174 - - [29/Jul/2022:12:17:46 +0800] "GET /xingrg/all/function/internal_message.html?_=1659068262366&CODE_STATE=getMsg HTTP/1.1" 200 27
101.80.228.36 - - [29/Jul/2022:12:17:47 +0800] "POST /xingrg/kc/buy/cgsh_list_operate.html HTTP/1.1" 200 4
218.81.223.53 - - [29/Jul/2022:12:17:49 +0800] "GET /xingrg/all/function/internal_message.html?_=1659068270619&CODE_STATE=getMsg HTTP/1.1" 200 27
116.233.75.162 - - [29/Jul/2022:12:17:50 +0800] "GET /xingrg/check_reg.html?_=1659068268510 HTTP/1.1" 200 22
116.233.75.162 - - [29/Jul/2022:12:17:50 +0800] "GET /xingrg/all/function/internal_message.html?_=1659068268512&CODE_STATE=getMsg HTTP/1.1" 200 27
101.80.228.36 - - [29/Jul/2022:12:17:50 +0800] "POST /xingrg/kc/buy/cgsh_list_operate.html HTTP/1.1" 200 1743
101.80.228.36 - - [29/Jul/2022:12:17:51 +0800] "GET /xingrg/all/function/internal_message.html?_=1659068269145&CODE_STATE=getMsg HTTP/1.1" 200 27
58.40.7.146 - - [29/Jul/2022:12:17:52 +0800] "GET /xingrg/all/function/internal_message.html?_=1659068269710&CODE_STATE=getMsg HTTP/1.1" 302 -
101.80.228.36 - - [29/Jul/2022:12:17:54 +0800] "POST /xingrg/kc/buy/cgsh_list_operate.html HTTP/1.1" 200 216
101.80.228.36 - - [29/Jul/2022:12:17:56 +0800] "GET /xingrg/kc/buy/cgsh_order_info.html?code=212022072807479 HTTP/1.1" 200 67990
101.80.228.36 - - [29/Jul/2022:12:17:56 +0800] "GET /xingrg/javascript/easyui/themes/default/validatebox.css HTTP/1.1" 404 1104
101.80.228.36 - - [29/Jul/2022:12:17:57 +0800] "POST /xingrg/kc/buy/cgsh_order_operate.html HTTP/1.1" 200 2684
101.80.228.36 - - [29/Jul/2022:12:18:01 +0800] "POST /xingrg/kc/buy/cgsh_list_operate.html HTTP/1.1" 200 1743
101.83.240.174 - - [29/Jul/2022:12:18:01 +0800] "POST /xingrg/services/DataTransmitService HTTP/1.1" 200 524
101.80.228.36 - - [29/Jul/2022:12:18:03 +0800] "POST /xingrg/kc/buy/cgsh_list_operate.html HTTP/1.1" 200 216
101.80.228.36 - - [29/Jul/2022:12:18:06 +0800] "POST /xingrg/kc/buy/cgsh_list_operate.html HTTP/1.1" 200 4
101.83.240.174 - - [29/Jul/2022:12:18:07 +0800] "POST /xingrg/services/DataTransmitService HTTP/1.1" 200 501
61.165.20.118 - - [29/Jul/2022:12:18:07 +0800] "GET /xingrg/all/function/internal_message.html?_=1659068283979&CODE_STATE=getMsg HTTP/1.1" 200 27
180.169.147.146 - - [29/Jul/2022:12:18:08 +0800] "GET /xingrg/all/function/internal_message.html?_=1659068283643&CODE_STATE=getMsg HTTP/1.1" 200 27
101.80.228.36 - - [29/Jul/2022:12:18:09 +0800] "POST /xingrg/kc/buy/cgsh_list_operate.html HTTP/1.1" 200 1443
116.232.194.65 - - [29/Jul/2022:12:18:10 +0800] "GET /xingrg/all/function/internal_message.html?_=1659068280684&CODE_STATE=getMsg HTTP/1.1" 200 27
101.80.228.36 - - [29/Jul/2022:12:18:11 +0800] "POST /xingrg/kc/buy/cgsh_list_operate.html HTTP/1.1" 200 209
101.80.228.36 - - [29/Jul/2022:12:18:18 +0800] "POST /xingrg/kc/buy/cgsh_list_operate.html HTTP/1.1" 200 4
116.233.75.162 - - [29/Jul/2022:12:18:19 +0800] "POST /xingrg/dwr/call/plaincall/AjaxReportQueryService.refreshCache.dwr HTTP/1.1" 200 78
116.233.75.162 - - [29/Jul/2022:12:18:20 +0800] "GET /xingrg/check_reg.html?_=1659068299077 HTTP/1.1" 200 22
116.233.75.162 - - [29/Jul/2022:12:18:20 +0800] "GET /xingrg/all/function/internal_message.html?_=1659068299078&CODE_STATE=getMsg HTTP/1.1" 200 27
101.85.120.95 - - [29/Jul/2022:12:18:21 +0800] "GET /xingrg/check_reg.html?_=1659068298509 HTTP/1.1" 200 22
101.85.120.95 - - [29/Jul/2022:12:18:21 +0800] "GET /xingrg/all/function/internal_message.html?_=1659068298840&CODE_STATE=getMsg HTTP/1.1" 200 27
101.80.228.36 - - [29/Jul/2022:12:18:21 +0800] "POST /xingrg/kc/buy/cgsh_list_operate.html HTTP/1.1" 200 693
116.233.75.162 - - [29/Jul/2022:12:18:22 +0800] "POST /xingrg/all/report/load_report_page.html HTTP/1.1" 200 164103
116.233.75.162 - - [29/Jul/2022:12:18:23 +0800] "GET /xingrg/servlets/image?cache=0.22448985283625644&image=px HTTP/1.1" 200 807
222.69.129.110 - - [29/Jul/2022:12:18:26 +0800] "GET /xingrg/check_reg.html?_=1659068358806 HTTP/1.1" 200 22
222.69.129.110 - - [29/Jul/2022:12:18:26 +0800] "GET /xingrg/all/function/internal_message.html?_=1659068358809&CODE_STATE=getMsg HTTP/1.1" 200 27
116.233.75.162 - - [29/Jul/2022:12:18:30 +0800] "GET /xingrg/dwr/interface/AjaxReportQueryService.js HTTP/1.1" 200 13203
116.233.75.162 - - [29/Jul/2022:12:18:30 +0800] "GET /xingrg/all/report/report_query.html?isQuery=1&fileName=kc/buy/wlcg_cate_hz.xml&queryString=(CONVERT(char(10)%252Ca.order_time%252C%2520120)%253E%253D'2022-02-01')%2520and%2520(CONVERT(char(10)%252Ca.order_time%252C%2520120)%253C%253D'2022-02-28')%2520and%2520(a.number%253E0%2520and%2520a.supplier_code%253D'00100022')&queryText=%25E3%2580%2590%25E9%2587%2587%25E8%25B4%25AD%25E6%2597%25A5%25E6%259C%259F%253A2022-02-01%2520%25E8%2587%25B3%25202022-02-28%25E3%2580%2591%2520%25E5%25B9%25B6%25E4%25B8%2594%2520%25E3%2580%2590%25E4%25BE%259B%25E5%25BA%2594%25E5%2595%2586%253D%25E6%25B0%25B4%25E6%259E%259C%25EF%25BC%2588%25E7%25BD%2597%25E5%25B1%2595%25EF%25BC%2589%25E3%2580%2591 HTTP/1.1" 200 54370
116.233.75.162 - - [29/Jul/2022:12:18:30 +0800] "GET /xingrg/dwr/engine.js HTTP/1.1" 200 43631
116.224.255.128 - - [29/Jul/2022:12:18:31 +0800] "GET /xingrg/all/function/internal_message.html?_=1659068308677&CODE_STATE=getMsg HTTP/1.1" 200 27
116.233.75.162 - - [29/Jul/2022:12:18:32 +0800] "POST /xingrg/all/report/load_report_page.html HTTP/1.1" 200 8732
116.233.75.162 - - [29/Jul/2022:12:18:32 +0800] "GET /xingrg/servlets/image?cache=0.011172790401717703&image=px HTTP/1.1" 200 807
180.169.147.146 - - [29/Jul/2022:12:18:35 +0800] "GET /xingrg/all/function/internal_message.html?_=1659068311766&CODE_STATE=getMsg HTTP/1.1" 200 27
116.233.75.162 - - [29/Jul/2022:12:18:35 +0800] "POST /xingrg/all/report/load_report_page.html HTTP/1.1" 200 66894
116.233.75.162 - - [29/Jul/2022:12:18:35 +0800] "GET /xingrg/servlets/image?cache=0.17496636641907948&image=px HTTP/1.1" 200 807
61.170.235.52 - - [29/Jul/2022:12:18:37 +0800] "GET /xingrg/all/function/internal_message.html?_=1659068318826&CODE_STATE=getMsg HTTP/1.1" 200 27
116.233.75.162 - - [29/Jul/2022:12:18:39 +0800] "POST /xingrg/all/report/report_print.html HTTP/1.1" 302 -
116.233.75.162 - - [29/Jul/2022:12:18:39 +0800] "GET /xingrg/servlets/image?image=px HTTP/1.1" 200 807
116.233.75.162 - - [29/Jul/2022:12:18:39 +0800] "GET /xingrg/servlets/html?sysBaseUrl=http%3A%2F%2F180.169.147.146%3A18081%2Fxingrg%2F&costTime=1147×tamp=1659068319314 HTTP/1.1" 200 64537
61.165.20.118 - - [29/Jul/2022:12:18:42 +0800] "GET /xingrg/all/function/internal_message.html?_=1659068201830&CODE_STATE=getMsg HTTP/1.1" 200 27
101.83.240.174 - - [29/Jul/2022:12:18:46 +0800] "GET /xingrg/all/function/internal_message.html?_=1659068322346&CODE_STATE=getMsg HTTP/1.1" 200 27
218.81.223.53 - - [29/Jul/2022:12:18:49 +0800] "GET /xingrg/all/function/internal_message.html?_=1659068330623&CODE_STATE=getMsg HTTP/1.1" 200 27
116.233.75.162 - - [29/Jul/2022:12:18:50 +0800] "GET /xingrg/all/function/internal_message.html?_=1659068328517&CODE_STATE=getMsg HTTP/1.1" 200 27
101.80.228.36 - - [29/Jul/2022:12:18:51 +0800] "GET /xingrg/all/function/internal_message.html?_=1659068329116&CODE_STATE=getMsg HTTP/1.1" 200 27
58.40.7.146 - - [29/Jul/2022:12:18:52 +0800] "GET /xingrg/all/function/internal_message.html?_=1659068329699&CODE_STATE=getMsg HTTP/1.1" 302 -
101.80.228.36 - - [29/Jul/2022:12:18:53 +0800] "GET /xingrg/check_reg.html?_=1659068331086 HTTP/1.1" 200 22
61.165.20.118 - - [29/Jul/2022:12:18:59 +0800] "GET /xingrg/check_reg.html?_=1659068218970 HTTP/1.1" 200 22
61.165.20.118 - - [29/Jul/2022:12:19:07 +0800] "GET /xingrg/all/function/internal_message.html?_=1659068343979&CODE_STATE=getMsg HTTP/1.1" 200 27
180.169.147.146 - - [29/Jul/2022:12:19:08 +0800] "GET /xingrg/all/function/internal_message.html?_=1659068343627&CODE_STATE=getMsg HTTP/1.1" 200 27
116.232.194.65 - - [29/Jul/2022:12:19:10 +0800] "GET /xingrg/all/function/internal_message.html?_=1659068340660&CODE_STATE=getMsg HTTP/1.1" 200 27
116.233.75.162 - - [29/Jul/2022:12:19:20 +0800] "GET /xingrg/all/function/internal_message.html?_=1659068359090&CODE_STATE=getMsg HTTP/1.1" 200 27
101.85.120.95 - - [29/Jul/2022:12:19:21 +0800] "GET /xingrg/all/function/internal_message.html?_=1659068358813&CODE_STATE=getMsg HTTP/1.1" 200 27
222.69.129.110 - - [29/Jul/2022:12:19:26 +0800] "GET /xingrg/all/function/internal_message.html?_=1659068418811&CODE_STATE=getMsg HTTP/1.1" 200 27
116.224.255.128 - - [29/Jul/2022:12:19:31 +0800] "GET /xingrg/all/function/internal_message.html?_=1659068368661&CODE_STATE=getMsg HTTP/1.1" 200 27
180.169.147.146 - - [29/Jul/2022:12:19:35 +0800] "GET /xingrg/all/function/internal_message.html?_=1659068371783&CODE_STATE=getMsg HTTP/1.1" 200 27
61.170.235.52 - - [29/Jul/2022:12:19:37 +0800] "GET /xingrg/all/function/internal_message.html?_=1659068378826&CODE_STATE=getMsg HTTP/1.1" 200 27
61.165.20.118 - - [29/Jul/2022:12:19:42 +0800] "GET /xingrg/all/function/internal_message.html?_=1659068261819&CODE_STATE=getMsg HTTP/1.1" 200 27
101.83.240.174 - - [29/Jul/2022:12:19:46 +0800] "GET /xingrg/all/function/internal_message.html?_=1659068382321&CODE_STATE=getMsg HTTP/1.1" 200 27
218.81.223.53 - - [29/Jul/2022:12:19:48 +0800] "GET /xingrg/check_reg.html?_=1659068389977 HTTP/1.1" 200 22
218.81.223.53 - - [29/Jul/2022:12:19:49 +0800] "GET /xingrg/all/function/internal_message.html?_=1659068390636&CODE_STATE=getMsg HTTP/1.1" 200 27
116.233.75.162 - - [29/Jul/2022:12:19:50 +0800] "GET /xingrg/all/function/internal_message.html?_=1659068388528&CODE_STATE=getMsg HTTP/1.1" 200 27
101.80.228.36 - - [29/Jul/2022:12:19:51 +0800] "GET /xingrg/all/function/internal_message.html?_=1659068389087&CODE_STATE=getMsg HTTP/1.1" 200 27
58.40.7.146 - - [29/Jul/2022:12:19:52 +0800] "GET /xingrg/all/function/internal_message.html?_=1659068389702&CODE_STATE=getMsg HTTP/1.1" 302 -
58.40.7.146 - - [29/Jul/2022:12:19:52 +0800] "GET /xingrg/check_reg.html?_=1659068389703 HTTP/1.1" 302 -
120.253.135.82 - - [29/Jul/2022:12:19:58 +0800] "GET /xingrg/check_reg.html?_=1659068204316 HTTP/1.1" 200 22
61.165.20.118 - - [29/Jul/2022:12:20:07 +0800] "GET /xingrg/all/function/internal_message.html?_=1659068403978&CODE_STATE=getMsg HTTP/1.1" 200 27
180.169.147.146 - - [29/Jul/2022:12:20:08 +0800] "GET /xingrg/all/function/internal_message.html?_=1659068403611&CODE_STATE=getMsg HTTP/1.1" 200 27
116.232.194.65 - - [29/Jul/2022:12:20:10 +0800] "GET /xingrg/all/function/internal_message.html?_=1659068400636&CODE_STATE=getMsg HTTP/1.1" 200 27
116.232.194.65 - - [29/Jul/2022:12:20:12 +0800] "GET /xingrg/check_reg.html?_=1659068403311 HTTP/1.1" 200 22
116.233.75.162 - - [29/Jul/2022:12:20:20 +0800] "GET /xingrg/all/function/internal_message.html?_=1659068419093&CODE_STATE=getMsg HTTP/1.1" 200 27
101.85.120.95 - - [29/Jul/2022:12:20:21 +0800] "GET /xingrg/all/function/internal_message.html?_=1659068418798&CODE_STATE=getMsg HTTP/1.1" 200 27
222.69.129.110 - - [29/Jul/2022:12:20:26 +0800] "GET /xingrg/all/function/internal_message.html?_=1659068478804&CODE_STATE=getMsg HTTP/1.1" 200 27
116.224.255.128 - - [29/Jul/2022:12:20:31 +0800] "GET /xingrg/all/function/internal_message.html?_=1659068428642&CODE_STATE=getMsg HTTP/1.1" 200 27
180.169.147.146 - - [29/Jul/2022:12:20:35 +0800] "GET /xingrg/all/function/internal_message.html?_=1659068431797&CODE_STATE=getMsg HTTP/1.1" 200 27
61.170.235.52 - - [29/Jul/2022:12:20:37 +0800] "GET /xingrg/all/function/internal_message.html?_=1659068438826&CODE_STATE=getMsg HTTP/1.1" 200 27
61.165.20.118 - - [29/Jul/2022:12:20:42 +0800] "GET /xingrg/all/function/internal_message.html?_=1659068321808&CODE_STATE=getMsg HTTP/1.1" 200 27
101.83.240.174 - - [29/Jul/2022:12:20:43 +0800] "GET /xingrg/check_reg.html?_=1659068440266 HTTP/1.1" 200 22
101.83.240.174 - - [29/Jul/2022:12:20:45 +0800] "GET /xingrg/all/function/internal_message.html?_=1659068442324&CODE_STATE=getMsg HTTP/1.1" 200 27
218.81.223.53 - - [29/Jul/2022:12:20:49 +0800] "GET /xingrg/all/function/internal_message.html?_=1659068450652&CODE_STATE=getMsg HTTP/1.1" 200 27
116.233.75.162 - - [29/Jul/2022:12:20:50 +0800] "GET /xingrg/all/function/internal_message.html?_=1659068448528&CODE_STATE=getMsg HTTP/1.1" 200 27
101.80.228.36 - - [29/Jul/2022:12:20:51 +0800] "GET /xingrg/all/function/internal_message.html?_=1659068449073&CODE_STATE=getMsg HTTP/1.1" 200 27
58.40.7.146 - - [29/Jul/2022:12:20:52 +0800] "GET /xingrg/all/function/internal_message.html?_=1659068449717&CODE_STATE=getMsg HTTP/1.1" 302 -
116.233.75.162 - - [29/Jul/2022:12:21:05 +0800] "POST /xingrg/dwr/call/plaincall/AjaxReportQueryService.refreshCache.dwr HTTP/1.1" 200 78
61.165.20.118 - - [29/Jul/2022:12:21:07 +0800] "GET /xingrg/all/function/internal_message.html?_=1659068464005&CODE_STATE=getMsg HTTP/1.1" 200 27
116.233.75.162 - - [29/Jul/2022:12:21:08 +0800] "POST /xingrg/all/report/load_report_page.html HTTP/1.1" 200 149710
180.169.147.146 - - [29/Jul/2022:12:21:08 +0800] "GET /xingrg/all/function/internal_message.html?_=1659068463595&CODE_STATE=getMsg HTTP/1.1" 200 27
116.233.75.162 - - [29/Jul/2022:12:21:09 +0800] "GET /xingrg/servlets/image?cache=0.6198160093672411&image=px HTTP/1.1" 200 807
116.232.194.65 - - [29/Jul/2022:12:21:10 +0800] "GET /xingrg/all/function/internal_message.html?_=1659068460619&CODE_STATE=getMsg HTTP/1.1" 200 27
180.169.147.146 - - [29/Jul/2022:12:21:10 +0800] "GET /xingrg/check_reg.html?_=1659068465406 HTTP/1.1" 200 22
116.233.75.162 - - [29/Jul/2022:12:21:20 +0800] "GET /xingrg/all/function/internal_message.html?_=1659068479082&CODE_STATE=getMsg HTTP/1.1" 200 27
101.85.120.95 - - [29/Jul/2022:12:21:21 +0800] "GET /xingrg/all/function/internal_message.html?_=1659068478783&CODE_STATE=getMsg HTTP/1.1" 200 27
222.69.129.110 - - [29/Jul/2022:12:21:26 +0800] "GET /xingrg/all/function/internal_message.html?_=1659068538794&CODE_STATE=getMsg HTTP/1.1" 200 27
116.224.255.128 - - [29/Jul/2022:12:21:31 +0800] "GET /xingrg/all/function/internal_message.html?_=1659068488611&CODE_STATE=getMsg HTTP/1.1" 200 27
180.169.147.146 - - [29/Jul/2022:12:21:35 +0800] "GET /xingrg/check_reg.html?_=1659068491795 HTTP/1.1" 200 22
180.169.147.146 - - [29/Jul/2022:12:21:35 +0800] "GET /xingrg/all/function/internal_message.html?_=1659068491797&CODE_STATE=getMsg HTTP/1.1" 200 27
61.170.235.52 - - [29/Jul/2022:12:21:37 +0800] "GET /xingrg/all/function/internal_message.html?_=1659068498827&CODE_STATE=getMsg HTTP/1.1" 200 27
61.165.20.118 - - [29/Jul/2022:12:21:42 +0800] "GET /xingrg/all/function/internal_message.html?_=1659068381796&CODE_STATE=getMsg HTTP/1.1" 200 27
116.233.75.162 - - [29/Jul/2022:12:21:45 +0800] "GET /xingrg/all/report/report_query.html?isQuery=1&fileName=kc/buy/wlcg_cate_hz.xml&queryString=(CONVERT(char(10)%252Ca.order_time%252C%2520120)%253E%253D'2022-03-01')%2520and%2520(CONVERT(char(10)%252Ca.order_time%252C%2520120)%253C%253D'2022-03-31')%2520and%2520(a.number%253E0%2520and%2520a.supplier_code%253D'00100015')&queryText=%25E3%2580%2590%25E9%2587%2587%25E8%25B4%25AD%25E6%2597%25A5%25E6%259C%259F%253A2022-03-01%2520%25E8%2587%25B3%25202022-03-31%25E3%2580%2591%2520%25E5%25B9%25B6%25E4%25B8%2594%2520%25E3%2580%2590%25E4%25BE%259B%25E5%25BA%2594%25E5%2595%2586%253D%25E7%258C%25AA%25E8%2582%2589%25EF%25BC%2588%25E7%258E%258B%25E5%25AF%258C%25E6%2598%258E%25EF%25BC%2589%25E3%2580%2591 HTTP/1.1" 200 54374
116.233.75.162 - - [29/Jul/2022:12:21:45 +0800] "GET /xingrg/dwr/interface/AjaxReportQueryService.js HTTP/1.1" 200 13203
116.233.75.162 - - [29/Jul/2022:12:21:45 +0800] "GET /xingrg/dwr/engine.js HTTP/1.1" 200 43631
101.83.240.174 - - [29/Jul/2022:12:21:45 +0800] "GET /xingrg/all/function/internal_message.html?_=1659068502301&CODE_STATE=getMsg HTTP/1.1" 200 27
116.233.75.162 - - [29/Jul/2022:12:21:47 +0800] "POST /xingrg/all/report/load_report_page.html HTTP/1.1" 200 8713
116.233.75.162 - - [29/Jul/2022:12:21:47 +0800] "GET /xingrg/servlets/image?cache=0.8930343041703558&image=px HTTP/1.1" 200 807
218.81.223.53 - - [29/Jul/2022:12:21:49 +0800] "GET /xingrg/all/function/internal_message.html?_=1659068510663&CODE_STATE=getMsg HTTP/1.1" 200 27
116.233.75.162 - - [29/Jul/2022:12:21:49 +0800] "POST /xingrg/all/report/load_report_page.html HTTP/1.1" 200 100745
116.233.75.162 - - [29/Jul/2022:12:21:49 +0800] "GET /xingrg/servlets/image?cache=0.5879092672362519&image=px HTTP/1.1" 200 807
116.233.75.162 - - [29/Jul/2022:12:21:50 +0800] "GET /xingrg/all/function/internal_message.html?_=1659068508518&CODE_STATE=getMsg HTTP/1.1" 200 27
101.80.228.36 - - [29/Jul/2022:12:21:51 +0800] "GET /xingrg/all/function/internal_message.html?_=1659068509057&CODE_STATE=getMsg HTTP/1.1" 200 27
58.40.7.146 - - [29/Jul/2022:12:21:52 +0800] "GET /xingrg/all/function/internal_message.html?_=1659068509707&CODE_STATE=getMsg HTTP/1.1" 302 -
116.233.75.162 - - [29/Jul/2022:12:21:52 +0800] "POST /xingrg/all/report/report_print.html HTTP/1.1" 302 -
116.233.75.162 - - [29/Jul/2022:12:21:52 +0800] "GET /xingrg/servlets/image?image=px HTTP/1.1" 200 807
116.233.75.162 - - [29/Jul/2022:12:21:52 +0800] "GET /xingrg/servlets/html?sysBaseUrl=http%3A%2F%2F180.169.147.146%3A18081%2Fxingrg%2F&costTime=391×tamp=1659068512679 HTTP/1.1" 200 96055
114.86.187.244 - - [29/Jul/2022:12:22:06 +0800] "GET /xingrg/check_reg.html?_=1659068525062 HTTP/1.1" 200 22
61.165.20.118 - - [29/Jul/2022:12:22:07 +0800] "GET /xingrg/check_reg.html?_=1659068523991 HTTP/1.1" 200 22
61.165.20.118 - - [29/Jul/2022:12:22:07 +0800] "GET /xingrg/all/function/internal_message.html?_=1659068523994&CODE_STATE=getMsg HTTP/1.1" 200 27
180.169.147.146 - - [29/Jul/2022:12:22:08 +0800] "GET /xingrg/all/function/internal_message.html?_=1659068523580&CODE_STATE=getMsg HTTP/1.1" 200 27
116.232.194.65 - - [29/Jul/2022:12:22:10 +0800] "GET /xingrg/all/function/internal_message.html?_=1659068520589&CODE_STATE=getMsg HTTP/1.1" 200 27
116.224.255.128 - - [29/Jul/2022:12:22:13 +0800] "POST /xingrg/services/DataTransmitService HTTP/1.1" 200 524
116.224.255.128 - - [29/Jul/2022:12:22:13 +0800] "POST /xingrg/services/DataTransmitService HTTP/1.1" 200 501
116.224.255.128 - - [29/Jul/2022:12:22:14 +0800] "POST /xingrg/services/DataTransmitService HTTP/1.1" 200 501
116.224.255.128 - - [29/Jul/2022:12:22:14 +0800] "POST /xingrg/services/DataTransmitService HTTP/1.1" 200 501
116.224.255.128 - - [29/Jul/2022:12:22:14 +0800] "POST /xingrg/services/DataTransmitService HTTP/1.1" 200 501
116.224.255.128 - - [29/Jul/2022:12:22:14 +0800] "POST /xingrg/services/DataTransmitService HTTP/1.1" 200 501
116.224.255.128 - - [29/Jul/2022:12:22:15 +0800] "POST /xingrg/services/DataTransmitService HTTP/1.1" 200 501
116.224.255.128 - - [29/Jul/2022:12:22:15 +0800] "POST /xingrg/services/DataTransmitService HTTP/1.1" 200 412
116.233.75.162 - - [29/Jul/2022:12:22:20 +0800] "GET /xingrg/all/function/internal_message.html?_=1659068539067&CODE_STATE=getMsg HTTP/1.1" 200 27
101.85.120.95 - - [29/Jul/2022:12:22:21 +0800] "GET /xingrg/all/function/internal_message.html?_=1659068538769&CODE_STATE=getMsg HTTP/1.1" 200 27
222.69.129.110 - - [29/Jul/2022:12:22:26 +0800] "GET /xingrg/all/function/internal_message.html?_=1659068598816&CODE_STATE=getMsg HTTP/1.1" 200 27
116.224.255.128 - - [29/Jul/2022:12:22:31 +0800] "GET /xingrg/all/function/internal_message.html?_=1659068548592&CODE_STATE=getMsg HTTP/1.1" 200 27
116.224.255.128 - - [29/Jul/2022:12:22:33 +0800] "GET /xingrg/check_reg.html?_=1659068549938 HTTP/1.1" 200 22
180.169.147.146 - - [29/Jul/2022:12:22:35 +0800] "GET /xingrg/all/function/internal_message.html?_=1659068551796&CODE_STATE=getMsg HTTP/1.1" 200 27
61.170.235.52 - - [29/Jul/2022:12:22:37 +0800] "GET /xingrg/check_reg.html?_=1659068558827 HTTP/1.1" 200 22
61.170.235.52 - - [29/Jul/2022:12:22:37 +0800] "GET /xingrg/all/function/internal_message.html?_=1659068558830&CODE_STATE=getMsg HTTP/1.1" 200 27
61.165.20.118 - - [29/Jul/2022:12:22:42 +0800] "GET /xingrg/all/function/internal_message.html?_=1659068441785&CODE_STATE=getMsg HTTP/1.1" 200 27
101.83.240.174 - - [29/Jul/2022:12:22:45 +0800] "GET /xingrg/all/function/internal_message.html?_=1659068562273&CODE_STATE=getMsg HTTP/1.1" 200 27
218.81.223.53 - - [29/Jul/2022:12:22:49 +0800] "GET /xingrg/all/function/internal_message.html?_=1659068570682&CODE_STATE=getMsg HTTP/1.1" 200 27
116.233.75.162 - - [29/Jul/2022:12:22:50 +0800] "GET /xingrg/check_reg.html?_=1659068568510 HTTP/1.1" 200 22
116.233.75.162 - - [29/Jul/2022:12:22:50 +0800] "GET /xingrg/all/function/internal_message.html?_=1659068568514&CODE_STATE=getMsg HTTP/1.1" 200 27
101.80.228.36 - - [29/Jul/2022:12:22:51 +0800] "GET /xingrg/all/function/internal_message.html?_=1659068569045&CODE_STATE=getMsg HTTP/1.1" 200 27
58.40.7.146 - - [29/Jul/2022:12:22:52 +0800] "GET /xingrg/all/function/internal_message.html?_=1659068569711&CODE_STATE=getMsg HTTP/1.1" 302 -
61.165.20.118 - - [29/Jul/2022:12:23:07 +0800] "GET /xingrg/kc/buy/cgsh_order_add.html HTTP/1.1" 200 68026
61.165.20.118 - - [29/Jul/2022:12:23:07 +0800] "GET /xingrg/javascript/easyui/themes/default/validatebox.css HTTP/1.1" 404 1104
61.165.20.118 - - [29/Jul/2022:12:23:07 +0800] "POST /xingrg/kc/buy/cgsh_order_operate.html HTTP/1.1" 200 8245
61.165.20.118 - - [29/Jul/2022:12:23:07 +0800] "GET /xingrg/all/function/internal_message.html?_=1659068583999&CODE_STATE=getMsg HTTP/1.1" 200 27
180.169.147.146 - - [29/Jul/2022:12:23:08 +0800] "GET /xingrg/all/function/internal_message.html?_=1659068583563&CODE_STATE=getMsg HTTP/1.1" 200 27
116.232.194.65 - - [29/Jul/2022:12:23:10 +0800] "GET /xingrg/all/function/internal_message.html?_=1659068580586&CODE_STATE=getMsg HTTP/1.1" 200 27
116.233.75.162 - - [29/Jul/2022:12:23:20 +0800] "GET /xingrg/all/function/internal_message.html?_=1659068599075&CODE_STATE=getMsg HTTP/1.1" 200 27
116.233.75.162 - - [29/Jul/2022:12:23:20 +0800] "GET /xingrg/check_reg.html?_=1659068599077 HTTP/1.1" 200 22
101.85.120.95 - - [29/Jul/2022:12:23:21 +0800] "GET /xingrg/check_reg.html?_=1659068598504 HTTP/1.1" 200 22
101.85.120.95 - - [29/Jul/2022:12:23:21 +0800] "GET /xingrg/all/function/internal_message.html?_=1659068598741&CODE_STATE=getMsg HTTP/1.1" 200 27
222.69.129.110 - - [29/Jul/2022:12:23:26 +0800] "GET /xingrg/check_reg.html?_=1659068658788 HTTP/1.1" 200 22
222.69.129.110 - - [29/Jul/2022:12:23:26 +0800] "GET /xingrg/all/function/internal_message.html?_=1659068658791&CODE_STATE=getMsg HTTP/1.1" 200 27
116.224.255.128 - - [29/Jul/2022:12:23:31 +0800] "GET /xingrg/all/function/internal_message.html?_=1659068608565&CODE_STATE=getMsg HTTP/1.1" 200 27
180.169.147.146 - - [29/Jul/2022:12:23:35 +0800] "GET /xingrg/all/function/internal_message.html?_=1659068611796&CODE_STATE=getMsg HTTP/1.1" 200 27
61.170.235.52 - - [29/Jul/2022:12:23:37 +0800] "GET /xingrg/all/function/internal_message.html?_=1659068618829&CODE_STATE=getMsg HTTP/1.1" 200 27
61.165.20.118 - - [29/Jul/2022:12:23:42 +0800] "GET /xingrg/all/function/internal_message.html?_=1659068501764&CODE_STATE=getMsg HTTP/1.1" 200 27
101.83.240.174 - - [29/Jul/2022:12:23:45 +0800] "GET /xingrg/all/function/internal_message.html?_=1659068622253&CODE_STATE=getMsg HTTP/1.1" 200 27
218.81.223.53 - - [29/Jul/2022:12:23:49 +0800] "GET /xingrg/all/function/internal_message.html?_=1659068630691&CODE_STATE=getMsg HTTP/1.1" 200 27
116.233.75.162 - - [29/Jul/2022:12:23:50 +0800] "GET /xingrg/all/function/internal_message.html?_=1659068628515&CODE_STATE=getMsg HTTP/1.1" 200 27
61.165.20.118 - - [29/Jul/2022:12:23:50 +0800] "GET /xingrg/kc/buy/cgsh_order_operate.html?command=get_materiel&rest_code=00105&code=00101020148&supplier_code=00100329&order_time=2022-07-29 HTTP/1.1" 200 421
101.80.228.36 - - [29/Jul/2022:12:23:51 +0800] "GET /xingrg/all/function/internal_message.html?_=1659068629015&CODE_STATE=getMsg HTTP/1.1" 200 27
58.40.7.146 - - [29/Jul/2022:12:23:52 +0800] "GET /xingrg/all/function/internal_message.html?_=1659068629703&CODE_STATE=getMsg HTTP/1.1" 302 -
101.80.228.36 - - [29/Jul/2022:12:23:53 +0800] "GET /xingrg/check_reg.html?_=1659068631077 HTTP/1.1" 200 22
61.165.20.118 - - [29/Jul/2022:12:23:59 +0800] "GET /xingrg/check_reg.html?_=1659068518943 HTTP/1.1" 200 22
61.165.20.118 - - [29/Jul/2022:12:24:07 +0800] "GET /xingrg/all/function/internal_message.html?_=1659068644011&CODE_STATE=getMsg HTTP/1.1" 200 27
180.169.147.146 - - [29/Jul/2022:12:24:08 +0800] "GET /xingrg/all/function/internal_message.html?_=1659068643547&CODE_STATE=getMsg HTTP/1.1" 200 27
61.165.20.118 - - [29/Jul/2022:12:24:08 +0800] "GET /xingrg/kc/buy/cgsh_order_operate.html?command=get_materiel&rest_code=00105&code=00101006064&supplier_code=00100329&order_time=2022-07-29 HTTP/1.1" 200 421
116.232.194.65 - - [29/Jul/2022:12:24:10 +0800] "GET /xingrg/all/function/internal_message.html?_=1659068640563&CODE_STATE=getMsg HTTP/1.1" 200 27
116.233.75.162 - - [29/Jul/2022:12:24:17 +0800] "POST /xingrg/dwr/call/plaincall/AjaxReportQueryService.refreshCache.dwr HTTP/1.1" 200 78
116.233.75.162 - - [29/Jul/2022:12:24:20 +0800] "GET /xingrg/all/function/internal_message.html?_=1659068659081&CODE_STATE=getMsg HTTP/1.1" 200 27
116.233.75.162 - - [29/Jul/2022:12:24:20 +0800] "POST /xingrg/all/report/load_report_page.html HTTP/1.1" 200 165885
116.233.75.162 - - [29/Jul/2022:12:24:20 +0800] "GET /xingrg/servlets/image?cache=0.1801059957392518&image=px HTTP/1.1" 200 807
101.85.120.95 - - [29/Jul/2022:12:24:21 +0800] "GET /xingrg/all/function/internal_message.html?_=1659068658726&CODE_STATE=getMsg HTTP/1.1" 200 27
222.69.129.110 - - [29/Jul/2022:12:24:26 +0800] "GET /xingrg/all/function/internal_message.html?_=1659068718808&CODE_STATE=getMsg HTTP/1.1" 200 27
116.224.255.128 - - [29/Jul/2022:12:24:31 +0800] "GET /xingrg/all/function/internal_message.html?_=1659068668534&CODE_STATE=getMsg HTTP/1.1" 200 27
180.169.147.146 - - [29/Jul/2022:12:24:35 +0800] "GET /xingrg/all/function/internal_message.html?_=1659068671796&CODE_STATE=getMsg HTTP/1.1" 200 27
61.170.235.52 - - [29/Jul/2022:12:24:37 +0800] "GET /xingrg/all/function/internal_message.html?_=1659068678855&CODE_STATE=getMsg HTTP/1.1" 200 27
61.165.20.118 - - [29/Jul/2022:12:24:42 +0800] "GET /xingrg/all/function/internal_message.html?_=1659068561742&CODE_STATE=getMsg HTTP/1.1" 200 27
101.83.240.174 - - [29/Jul/2022:12:24:45 +0800] "GET /xingrg/all/function/internal_message.html?_=1659068682241&CODE_STATE=getMsg HTTP/1.1" 200 27
61.165.20.118 - - [29/Jul/2022:12:24:46 +0800] "POST /xingrg/kc/buy/cgsh_order_operate.html HTTP/1.1" 200 37
61.165.20.118 - - [29/Jul/2022:12:24:47 +0800] "POST /xingrg/kc/buy/cgsh_order_operate.html HTTP/1.1" 200 3273
218.81.223.53 - - [29/Jul/2022:12:24:48 +0800] "GET /xingrg/check_reg.html?_=1659068689997 HTTP/1.1" 200 22
61.165.20.118 - - [29/Jul/2022:12:24:48 +0800] "GET /xingrg/kc/print/load_data.html?order_code=212022072907619&kc_code=cgsh&condition= HTTP/1.1" 200 925
218.81.223.53 - - [29/Jul/2022:12:24:49 +0800] "GET /xingrg/all/function/internal_message.html?_=1659068690706&CODE_STATE=getMsg HTTP/1.1" 200 27
116.233.75.162 - - [29/Jul/2022:12:24:50 +0800] "GET /xingrg/all/function/internal_message.html?_=1659068688530&CODE_STATE=getMsg HTTP/1.1" 200 27
101.80.228.36 - - [29/Jul/2022:12:24:51 +0800] "GET /xingrg/all/function/internal_message.html?_=1659068688985&CODE_STATE=getMsg HTTP/1.1" 200 27
61.170.235.52 - - [29/Jul/2022:12:24:52 +0800] "POST /xingrg/services/DataTransmitService HTTP/1.1" 200 524
58.40.7.146 - - [29/Jul/2022:12:24:52 +0800] "GET /xingrg/all/function/internal_message.html?_=1659068689707&CODE_STATE=getMsg HTTP/1.1" 302 -
58.40.7.146 - - [29/Jul/2022:12:24:52 +0800] "GET /xingrg/check_reg.html?_=1659068689709 HTTP/1.1" 302 -
61.170.235.52 - - [29/Jul/2022:12:24:52 +0800] "POST /xingrg/services/DataTransmitService HTTP/1.1" 200 501
61.165.20.118 - - [29/Jul/2022:12:24:52 +0800] "GET /xingrg/kc/buy/cgsh_order_add.html HTTP/1.1" 200 68026
61.165.20.118 - - [29/Jul/2022:12:24:53 +0800] "POST /xingrg/kc/buy/cgsh_order_operate.html HTTP/1.1" 200 8245
61.165.20.118 - - [29/Jul/2022:12:24:53 +0800] "GET /xingrg/javascript/easyui/themes/default/validatebox.css HTTP/1.1" 404 1104
120.253.135.82 - - [29/Jul/2022:12:24:58 +0800] "GET /xingrg/check_reg.html?_=1659068504327 HTTP/1.1" 200 22
61.165.20.118 - - [29/Jul/2022:12:25:06 +0800] "GET /xingrg/kc/buy/cgsh_order_operate.html?command=get_materiel&rest_code=00105&code=00101004101&supplier_code=00100086&order_time=2022-07-29 HTTP/1.1" 200 433
61.165.20.118 - - [29/Jul/2022:12:25:07 +0800] "GET /xingrg/all/function/internal_message.html?_=1659068703996&CODE_STATE=getMsg HTTP/1.1" 200 27
180.169.147.146 - - [29/Jul/2022:12:25:08 +0800] "GET /xingrg/all/function/internal_message.html?_=1659068703531&CODE_STATE=getMsg HTTP/1.1" 200 27
116.232.194.65 - - [29/Jul/2022:12:25:10 +0800] "GET /xingrg/all/function/internal_message.html?_=1659068700554&CODE_STATE=getMsg HTTP/1.1" 200 27
116.232.194.65 - - [29/Jul/2022:12:25:13 +0800] "GET /xingrg/check_reg.html?_=1659068703321 HTTP/1.1" 200 22
116.233.75.162 - - [29/Jul/2022:12:25:20 +0800] "GET /xingrg/all/function/internal_message.html?_=1659068719088&CODE_STATE=getMsg HTTP/1.1" 200 27
101.85.120.95 - - [29/Jul/2022:12:25:21 +0800] "GET /xingrg/all/function/internal_message.html?_=1659068718711&CODE_STATE=getMsg HTTP/1.1" 200 27
61.165.20.118 - - [29/Jul/2022:12:25:23 +0800] "POST /xingrg/kc/buy/cgsh_order_operate.html HTTP/1.1" 200 37
222.69.129.110 - - [29/Jul/2022:12:25:26 +0800] "GET /xingrg/all/function/internal_message.html?_=1659068778799&CODE_STATE=getMsg HTTP/1.1" 200 27
116.224.255.128 - - [29/Jul/2022:12:25:31 +0800] "GET /xingrg/all/function/internal_message.html?_=1659068728523&CODE_STATE=getMsg HTTP/1.1" 200 27
180.169.147.146 - - [29/Jul/2022:12:25:35 +0800] "GET /xingrg/all/function/internal_message.html?_=1659068731782&CODE_STATE=getMsg HTTP/1.1" 200 27
61.165.20.118 - - [29/Jul/2022:12:25:36 +0800] "POST /xingrg/kc/buy/cgsh_order_operate.html HTTP/1.1" 200 2660
61.170.235.52 - - [29/Jul/2022:12:25:37 +0800] "GET /xingrg/all/function/internal_message.html?_=1659068738854&CODE_STATE=getMsg HTTP/1.1" 200 27
61.165.20.118 - - [29/Jul/2022:12:25:38 +0800] "GET /xingrg/kc/print/load_data.html?order_code=212022072907620&kc_code=cgsh&condition= HTTP/1.1" 200 736
61.165.20.118 - - [29/Jul/2022:12:25:42 +0800] "GET /xingrg/all/function/internal_message.html?_=1659068621731&CODE_STATE=getMsg HTTP/1.1" 200 27
61.165.20.118 - - [29/Jul/2022:12:25:43 +0800] "GET /xingrg/kc/buy/cgsh_order_add.html HTTP/1.1" 200 68026
101.83.240.174 - - [29/Jul/2022:12:25:43 +0800] "GET /xingrg/check_reg.html?_=1659068740269 HTTP/1.1" 200 22
61.165.20.118 - - [29/Jul/2022:12:25:44 +0800] "POST /xingrg/kc/buy/cgsh_order_operate.html HTTP/1.1" 200 8245
61.165.20.118 - - [29/Jul/2022:12:25:44 +0800] "GET /xingrg/javascript/easyui/themes/default/validatebox.css HTTP/1.1" 404 1104
101.83.240.174 - - [29/Jul/2022:12:25:45 +0800] "GET /xingrg/all/function/internal_message.html?_=1659068742231&CODE_STATE=getMsg HTTP/1.1" 200 27
218.81.223.53 - - [29/Jul/2022:12:25:49 +0800] "GET /xingrg/all/function/internal_message.html?_=1659068750718&CODE_STATE=getMsg HTTP/1.1" 200 27
116.233.75.162 - - [29/Jul/2022:12:25:50 +0800] "GET /xingrg/all/function/internal_message.html?_=1659068748533&CODE_STATE=getMsg HTTP/1.1" 200 27
101.80.228.36 - - [29/Jul/2022:12:25:51 +0800] "GET /xingrg/all/function/internal_message.html?_=1659068748969&CODE_STATE=getMsg HTTP/1.1" 200 27
58.40.7.146 - - [29/Jul/2022:12:25:52 +0800] "GET /xingrg/all/function/internal_message.html?_=1659068749722&CODE_STATE=getMsg HTTP/1.1" 302 -
61.165.20.118 - - [29/Jul/2022:12:25:55 +0800] "GET /xingrg/kc/buy/cgsh_order_operate.html?command=get_materiel&rest_code=00105&code=00101001169&supplier_code=00100090&order_time=2022-07-29 HTTP/1.1" 200 417
61.165.20.118 - - [29/Jul/2022:12:26:07 +0800] "GET /xingrg/all/function/internal_message.html?_=1659068764001&CODE_STATE=getMsg HTTP/1.1" 200 27
180.169.147.146 - - [29/Jul/2022:12:26:08 +0800] "GET /xingrg/all/function/internal_message.html?_=1659068763515&CODE_STATE=getMsg HTTP/1.1" 200 27
116.232.194.65 - - [29/Jul/2022:12:26:10 +0800] "GET /xingrg/all/function/internal_message.html?_=1659068760536&CODE_STATE=getMsg HTTP/1.1" 200 27
180.169.147.146 - - [29/Jul/2022:12:26:10 +0800] "GET /xingrg/check_reg.html?_=1659068765404 HTTP/1.1" 200 22
116.233.75.162 - - [29/Jul/2022:12:26:20 +0800] "GET /xingrg/all/function/internal_message.html?_=1659068779077&CODE_STATE=getMsg HTTP/1.1" 200 27
101.85.120.95 - - [29/Jul/2022:12:26:21 +0800] "GET /xingrg/all/function/internal_message.html?_=1659068778695&CODE_STATE=getMsg HTTP/1.1" 200 27
222.69.129.110 - - [29/Jul/2022:12:26:26 +0800] "GET /xingrg/all/function/internal_message.html?_=1659068838794&CODE_STATE=getMsg HTTP/1.1" 200 27
61.165.20.118 - - [29/Jul/2022:12:26:26 +0800] "GET /xingrg/kc/buy/cgsh_order_operate.html?command=get_materiel&rest_code=00105&code=00101001125&supplier_code=00100090&order_time=2022-07-29 HTTP/1.1" 200 438
116.224.255.128 - - [29/Jul/2022:12:26:31 +0800] "GET /xingrg/all/function/internal_message.html?_=1659068788508&CODE_STATE=getMsg HTTP/1.1" 200 27
180.169.147.146 - - [29/Jul/2022:12:26:35 +0800] "GET /xingrg/all/function/internal_message.html?_=1659068791789&CODE_STATE=getMsg HTTP/1.1" 200 27
180.169.147.146 - - [29/Jul/2022:12:26:35 +0800] "GET /xingrg/check_reg.html?_=1659068791792 HTTP/1.1" 200 22
61.170.235.52 - - [29/Jul/2022:12:26:37 +0800] "GET /xingrg/all/function/internal_message.html?_=1659068798855&CODE_STATE=getMsg HTTP/1.1" 200 27
61.165.20.118 - - [29/Jul/2022:12:26:42 +0800] "GET /xingrg/all/function/internal_message.html?_=1659068681720&CODE_STATE=getMsg HTTP/1.1" 200 27
61.165.20.118 - - [29/Jul/2022:12:26:44 +0800] "GET /xingrg/kc/buy/cgsh_order_operate.html?command=get_materiel&rest_code=00105&code=00101001140&supplier_code=00100090&order_time=2022-07-29 HTTP/1.1" 200 436
101.83.240.174 - - [29/Jul/2022:12:26:45 +0800] "GET /xingrg/all/function/internal_message.html?_=1659068802215&CODE_STATE=getMsg HTTP/1.1" 200 27
218.81.223.53 - - [29/Jul/2022:12:26:49 +0800] "GET /xingrg/all/function/internal_message.html?_=1659068810732&CODE_STATE=getMsg HTTP/1.1" 200 27
116.233.75.162 - - [29/Jul/2022:12:26:50 +0800] "GET /xingrg/all/function/internal_message.html?_=1659068808533&CODE_STATE=getMsg HTTP/1.1" 200 27
101.80.228.36 - - [29/Jul/2022:12:26:51 +0800] "GET /xingrg/all/function/internal_message.html?_=1659068808956&CODE_STATE=getMsg HTTP/1.1" 200 27
58.40.7.146 - - [29/Jul/2022:12:26:52 +0800] "GET /xingrg/all/function/internal_message.html?_=1659068809713&CODE_STATE=getMsg HTTP/1.1" 302 -
114.86.187.244 - - [29/Jul/2022:12:27:06 +0800] "GET /xingrg/check_reg.html?_=1659068825040 HTTP/1.1" 200 22
61.165.20.118 - - [29/Jul/2022:12:27:07 +0800] "GET /xingrg/check_reg.html?_=1659068824011 HTTP/1.1" 200 22
61.165.20.118 - - [29/Jul/2022:12:27:07 +0800] "GET /xingrg/all/function/internal_message.html?_=1659068824014&CODE_STATE=getMsg HTTP/1.1" 200 27
180.169.147.146 - - [29/Jul/2022:12:27:08 +0800] "GET /xingrg/all/function/internal_message.html?_=1659068823505&CODE_STATE=getMsg HTTP/1.1" 200 27
