120.253.135.82 - - [29/Jul/2022:11:39:58 +0800] "GET /xingrg/check_reg.html?_=1659065804212 HTTP/1.1" 200 22
116.224.123.211 - - [29/Jul/2022:11:39:59 +0800] "GET /xingrg/all/function/internal_message.html?_=1659065996106&CODE_STATE=getMsg HTTP/1.1" 200 27
116.224.123.211 - - [29/Jul/2022:11:40:00 +0800] "GET /xingrg/check_reg.html?_=1659065996992 HTTP/1.1" 200 22
116.233.75.162 - - [29/Jul/2022:11:40:03 +0800] "GET /xingrg/all/function/internal_message.html?_=1659066001920&CODE_STATE=getMsg HTTP/1.1" 200 27
61.165.20.118 - - [29/Jul/2022:11:40:07 +0800] "GET /xingrg/all/function/internal_message.html?_=1659066003950&CODE_STATE=getMsg HTTP/1.1" 200 27
180.169.147.146 - - [29/Jul/2022:11:40:09 +0800] "GET /xingrg/all/function/internal_message.html?_=1659066004267&CODE_STATE=getMsg HTTP/1.1" 200 27
116.232.194.65 - - [29/Jul/2022:11:40:10 +0800] "GET /xingrg/all/function/internal_message.html?_=1659066001316&CODE_STATE=getMsg HTTP/1.1" 200 27
116.232.194.65 - - [29/Jul/2022:11:40:12 +0800] "GET /xingrg/check_reg.html?_=1659066003310 HTTP/1.1" 200 22
180.169.147.146 - - [29/Jul/2022:11:40:15 +0800] "GET /xingrg/all/function/internal_message.html?_=1659066010169&CODE_STATE=getMsg HTTP/1.1" 200 27
180.169.147.146 - - [29/Jul/2022:11:40:19 +0800] "GET /xingrg/kc/buy/cgsh_order_operate.html?command=get_materiel&rest_code=00147&code=00101008314&supplier_code=00100450&order_time=2022-07-29 HTTP/1.1" 200 413
116.233.75.162 - - [29/Jul/2022:11:40:20 +0800] "GET /xingrg/all/function/internal_message.html?_=1659066019075&CODE_STATE=getMsg HTTP/1.1" 200 27
101.85.120.95 - - [29/Jul/2022:11:40:21 +0800] "GET /xingrg/all/function/internal_message.html?_=1659066018441&CODE_STATE=getMsg HTTP/1.1" 200 27
222.69.129.110 - - [29/Jul/2022:11:40:26 +0800] "GET /xingrg/all/function/internal_message.html?_=1659066078807&CODE_STATE=getMsg HTTP/1.1" 200 27
114.88.158.224 - - [29/Jul/2022:11:40:27 +0800] "GET /xingrg/all/function/internal_message.html?_=1659065710722&CODE_STATE=getMsg HTTP/1.1" 200 27
116.224.255.128 - - [29/Jul/2022:11:40:32 +0800] "GET /xingrg/all/function/internal_message.html?_=1659066029356&CODE_STATE=getMsg HTTP/1.1" 200 27
180.169.147.146 - - [29/Jul/2022:11:40:35 +0800] "GET /xingrg/all/function/internal_message.html?_=1659066031711&CODE_STATE=getMsg HTTP/1.1" 200 27
61.170.235.52 - - [29/Jul/2022:11:40:37 +0800] "GET /xingrg/all/function/internal_message.html?_=1659066038752&CODE_STATE=getMsg HTTP/1.1" 200 27
61.165.20.118 - - [29/Jul/2022:11:40:40 +0800] "GET /xingrg/kc/buy/cgsh_order_operate.html?command=get_materiel&rest_code=00105&code=00101009007&supplier_code=00100024&order_time=2022-07-29 HTTP/1.1" 200 424
61.165.20.118 - - [29/Jul/2022:11:40:43 +0800] "GET /xingrg/all/function/internal_message.html?_=1659065922260&CODE_STATE=getMsg HTTP/1.1" 200 27
101.83.240.174 - - [29/Jul/2022:11:40:43 +0800] "GET /xingrg/check_reg.html?_=1659066039850 HTTP/1.1" 200 22
101.83.240.174 - - [29/Jul/2022:11:40:46 +0800] "GET /xingrg/all/function/internal_message.html?_=1659066042968&CODE_STATE=getMsg HTTP/1.1" 200 27
218.81.223.53 - - [29/Jul/2022:11:40:48 +0800] "GET /xingrg/all/function/internal_message.html?_=1659066050091&CODE_STATE=getMsg HTTP/1.1" 200 27
116.224.123.211 - - [29/Jul/2022:11:40:51 +0800] "GET /xingrg/javascript/auto/indicator.gif HTTP/1.1" 404 1066
58.40.7.146 - - [29/Jul/2022:11:40:52 +0800] "GET /xingrg/all/function/internal_message.html?_=1659066049681&CODE_STATE=getMsg HTTP/1.1" 302 -
101.80.228.36 - - [29/Jul/2022:11:40:52 +0800] "GET /xingrg/all/function/internal_message.html?_=1659066049830&CODE_STATE=getMsg HTTP/1.1" 200 27
61.170.235.52 - - [29/Jul/2022:11:40:53 +0800] "POST /xingrg/kc/buy/cgsh_order_operate.html HTTP/1.1" 200 37
61.170.235.52 - - [29/Jul/2022:11:40:55 +0800] "POST /xingrg/kc/buy/cgsh_order_operate.html HTTP/1.1" 200 28100
116.224.123.211 - - [29/Jul/2022:11:40:59 +0800] "GET /xingrg/all/function/internal_message.html?_=1659066056086&CODE_STATE=getMsg HTTP/1.1" 200 27
116.233.75.162 - - [29/Jul/2022:11:41:03 +0800] "GET /xingrg/all/function/internal_message.html?_=1659066061922&CODE_STATE=getMsg HTTP/1.1" 200 27
116.233.75.162 - - [29/Jul/2022:11:41:03 +0800] "GET /xingrg/check_reg.html?_=1659066061923 HTTP/1.1" 200 22
180.169.147.146 - - [29/Jul/2022:11:41:07 +0800] "GET /xingrg/kc/buy/cgsh_order_add.html HTTP/1.1" 200 67947
180.169.147.146 - - [29/Jul/2022:11:41:07 +0800] "GET /xingrg/javascript/easyui/themes/default/validatebox.css HTTP/1.1" 404 1104
180.169.147.146 - - [29/Jul/2022:11:41:07 +0800] "POST /xingrg/kc/buy/cgsh_order_operate.html HTTP/1.1" 200 8245
61.165.20.118 - - [29/Jul/2022:11:41:07 +0800] "GET /xingrg/all/function/internal_message.html?_=1659066063950&CODE_STATE=getMsg HTTP/1.1" 200 27
180.169.147.146 - - [29/Jul/2022:11:41:09 +0800] "GET /xingrg/all/function/internal_message.html?_=1659066064251&CODE_STATE=getMsg HTTP/1.1" 200 27
180.169.147.146 - - [29/Jul/2022:11:41:10 +0800] "GET /xingrg/check_reg.html?_=1659066065376 HTTP/1.1" 200 22
116.232.194.65 - - [29/Jul/2022:11:41:10 +0800] "GET /xingrg/all/function/internal_message.html?_=1659066061296&CODE_STATE=getMsg HTTP/1.1" 200 27
180.169.147.146 - - [29/Jul/2022:11:41:13 +0800] "POST /xingrg/kc/buy/cgsh_list_operate.html HTTP/1.1" 200 3084
180.169.147.146 - - [29/Jul/2022:11:41:15 +0800] "GET /xingrg/all/function/internal_message.html?_=1659066070149&CODE_STATE=getMsg HTTP/1.1" 200 27
180.169.147.146 - - [29/Jul/2022:11:41:16 +0800] "GET /xingrg/kc/buy/cgsh_order_add.html HTTP/1.1" 200 67947
180.169.147.146 - - [29/Jul/2022:11:41:16 +0800] "POST /xingrg/kc/buy/cgsh_order_operate.html HTTP/1.1" 200 8245
180.169.147.146 - - [29/Jul/2022:11:41:16 +0800] "GET /xingrg/javascript/easyui/themes/default/validatebox.css HTTP/1.1" 404 1104
116.233.75.162 - - [29/Jul/2022:11:41:20 +0800] "GET /xingrg/all/function/internal_message.html?_=1659066079091&CODE_STATE=getMsg HTTP/1.1" 200 27
101.85.120.95 - - [29/Jul/2022:11:41:21 +0800] "GET /xingrg/all/function/internal_message.html?_=1659066078441&CODE_STATE=getMsg HTTP/1.1" 200 27
222.69.129.110 - - [29/Jul/2022:11:41:26 +0800] "GET /xingrg/all/function/internal_message.html?_=1659066138810&CODE_STATE=getMsg HTTP/1.1" 200 27
114.88.158.224 - - [29/Jul/2022:11:41:27 +0800] "GET /xingrg/all/function/internal_message.html?_=1659065770721&CODE_STATE=getMsg HTTP/1.1" 200 27
114.88.158.224 - - [29/Jul/2022:11:41:27 +0800] "GET /xingrg/check_reg.html?_=1659065770722 HTTP/1.1" 200 22
116.224.255.128 - - [29/Jul/2022:11:41:32 +0800] "GET /xingrg/all/function/internal_message.html?_=1659066089346&CODE_STATE=getMsg HTTP/1.1" 200 27
180.169.147.146 - - [29/Jul/2022:11:41:35 +0800] "GET /xingrg/check_reg.html?_=1659066091712 HTTP/1.1" 200 22
180.169.147.146 - - [29/Jul/2022:11:41:35 +0800] "GET /xingrg/all/function/internal_message.html?_=1659066091715&CODE_STATE=getMsg HTTP/1.1" 200 27
61.170.235.52 - - [29/Jul/2022:11:41:37 +0800] "GET /xingrg/all/function/internal_message.html?_=1659066098746&CODE_STATE=getMsg HTTP/1.1" 200 27
61.165.20.118 - - [29/Jul/2022:11:41:43 +0800] "GET /xingrg/all/function/internal_message.html?_=1659065982303&CODE_STATE=getMsg HTTP/1.1" 200 27
61.165.20.118 - - [29/Jul/2022:11:41:46 +0800] "GET /xingrg/kc/buy/cgsh_order_operate.html?command=get_materiel&rest_code=00105&code=00101009013&supplier_code=00100024&order_time=2022-07-29 HTTP/1.1" 200 438
101.83.240.174 - - [29/Jul/2022:11:41:46 +0800] "GET /xingrg/all/function/internal_message.html?_=1659066102954&CODE_STATE=getMsg HTTP/1.1" 200 27
61.170.235.52 - - [29/Jul/2022:11:41:47 +0800] "POST /xingrg/kc/buy/cgsh_order_operate.html HTTP/1.1" 200 37
61.170.235.52 - - [29/Jul/2022:11:41:48 +0800] "POST /xingrg/kc/buy/cgsh_order_operate.html HTTP/1.1" 200 28100
218.81.223.53 - - [29/Jul/2022:11:41:48 +0800] "GET /xingrg/all/function/internal_message.html?_=1659066110106&CODE_STATE=getMsg HTTP/1.1" 200 27
58.40.7.146 - - [29/Jul/2022:11:41:52 +0800] "GET /xingrg/all/function/internal_message.html?_=1659066109669&CODE_STATE=getMsg HTTP/1.1" 302 -
101.80.228.36 - - [29/Jul/2022:11:41:52 +0800] "GET /xingrg/all/function/internal_message.html?_=1659066109800&CODE_STATE=getMsg HTTP/1.1" 200 27
116.224.123.211 - - [29/Jul/2022:11:41:59 +0800] "GET /xingrg/all/function/internal_message.html?_=1659066116084&CODE_STATE=getMsg HTTP/1.1" 200 27
116.233.75.162 - - [29/Jul/2022:11:42:03 +0800] "GET /xingrg/all/function/internal_message.html?_=1659066121924&CODE_STATE=getMsg HTTP/1.1" 200 27
61.165.20.118 - - [29/Jul/2022:11:42:04 +0800] "GET /xingrg/kc/buy/cgsh_order_operate.html?command=get_materiel&rest_code=00105&code=00101009016&supplier_code=00100024&order_time=2022-07-29 HTTP/1.1" 200 428
180.171.134.148 - - [29/Jul/2022:11:42:06 +0800] "POST /xingrg/services/DataTransmitService HTTP/1.1" 200 524
114.86.187.244 - - [29/Jul/2022:11:42:06 +0800] "GET /xingrg/check_reg.html?_=1659066125191 HTTP/1.1" 200 22
61.165.20.118 - - [29/Jul/2022:11:42:07 +0800] "GET /xingrg/check_reg.html?_=1659066123950 HTTP/1.1" 200 22
61.165.20.118 - - [29/Jul/2022:11:42:07 +0800] "GET /xingrg/all/function/internal_message.html?_=1659066123954&CODE_STATE=getMsg HTTP/1.1" 200 27
180.169.147.146 - - [29/Jul/2022:11:42:09 +0800] "GET /xingrg/all/function/internal_message.html?_=1659066124235&CODE_STATE=getMsg HTTP/1.1" 200 27
116.232.194.65 - - [29/Jul/2022:11:42:10 +0800] "GET /xingrg/all/function/internal_message.html?_=1659066121270&CODE_STATE=getMsg HTTP/1.1" 200 27
180.171.134.148 - - [29/Jul/2022:11:42:11 +0800] "POST /xingrg/services/DataTransmitService HTTP/1.1" 200 501
180.169.147.146 - - [29/Jul/2022:11:42:15 +0800] "GET /xingrg/all/function/internal_message.html?_=1659066130130&CODE_STATE=getMsg HTTP/1.1" 200 27
116.233.75.162 - - [29/Jul/2022:11:42:20 +0800] "GET /xingrg/all/function/internal_message.html?_=1659066139086&CODE_STATE=getMsg HTTP/1.1" 200 27
101.85.120.95 - - [29/Jul/2022:11:42:21 +0800] "GET /xingrg/all/function/internal_message.html?_=1659066138440&CODE_STATE=getMsg HTTP/1.1" 200 27
222.69.129.110 - - [29/Jul/2022:11:42:26 +0800] "GET /xingrg/all/function/internal_message.html?_=1659066198803&CODE_STATE=getMsg HTTP/1.1" 200 27
114.88.158.224 - - [29/Jul/2022:11:42:27 +0800] "GET /xingrg/all/function/internal_message.html?_=1659065830736&CODE_STATE=getMsg HTTP/1.1" 200 27
116.224.255.128 - - [29/Jul/2022:11:42:32 +0800] "GET /xingrg/all/function/internal_message.html?_=1659066149334&CODE_STATE=getMsg HTTP/1.1" 200 27
116.224.255.128 - - [29/Jul/2022:11:42:33 +0800] "GET /xingrg/check_reg.html?_=1659066149810 HTTP/1.1" 200 22
180.169.147.146 - - [29/Jul/2022:11:42:35 +0800] "GET /xingrg/all/function/internal_message.html?_=1659066151714&CODE_STATE=getMsg HTTP/1.1" 200 27
61.170.235.52 - - [29/Jul/2022:11:42:37 +0800] "GET /xingrg/all/function/internal_message.html?_=1659066158764&CODE_STATE=getMsg HTTP/1.1" 200 27
61.170.235.52 - - [29/Jul/2022:11:42:37 +0800] "GET /xingrg/check_reg.html?_=1659066158829 HTTP/1.1" 200 22
61.165.20.118 - - [29/Jul/2022:11:42:43 +0800] "GET /xingrg/all/function/internal_message.html?_=1659066042289&CODE_STATE=getMsg HTTP/1.1" 200 27
101.83.240.174 - - [29/Jul/2022:11:42:46 +0800] "GET /xingrg/all/function/internal_message.html?_=1659066162934&CODE_STATE=getMsg HTTP/1.1" 200 27
218.81.223.53 - - [29/Jul/2022:11:42:48 +0800] "GET /xingrg/all/function/internal_message.html?_=1659066170118&CODE_STATE=getMsg HTTP/1.1" 200 27
58.40.7.146 - - [29/Jul/2022:11:42:52 +0800] "GET /xingrg/all/function/internal_message.html?_=1659066169672&CODE_STATE=getMsg HTTP/1.1" 302 -
101.80.228.36 - - [29/Jul/2022:11:42:52 +0800] "GET /xingrg/all/function/internal_message.html?_=1659066169785&CODE_STATE=getMsg HTTP/1.1" 200 27
116.224.123.211 - - [29/Jul/2022:11:42:59 +0800] "GET /xingrg/all/function/internal_message.html?_=1659066176066&CODE_STATE=getMsg HTTP/1.1" 200 27
116.233.75.162 - - [29/Jul/2022:11:43:03 +0800] "GET /xingrg/all/function/internal_message.html?_=1659066181926&CODE_STATE=getMsg HTTP/1.1" 200 27
61.165.20.118 - - [29/Jul/2022:11:43:07 +0800] "GET /xingrg/all/function/internal_message.html?_=1659066183954&CODE_STATE=getMsg HTTP/1.1" 200 27
180.169.147.146 - - [29/Jul/2022:11:43:09 +0800] "GET /xingrg/all/function/internal_message.html?_=1659066184219&CODE_STATE=getMsg HTTP/1.1" 200 27
116.232.194.65 - - [29/Jul/2022:11:43:10 +0800] "GET /xingrg/all/function/internal_message.html?_=1659066181258&CODE_STATE=getMsg HTTP/1.1" 200 27
180.169.147.146 - - [29/Jul/2022:11:43:15 +0800] "GET /xingrg/all/function/internal_message.html?_=1659066190108&CODE_STATE=getMsg HTTP/1.1" 200 27
116.233.75.162 - - [29/Jul/2022:11:43:20 +0800] "GET /xingrg/all/function/internal_message.html?_=1659066199074&CODE_STATE=getMsg HTTP/1.1" 200 27
116.233.75.162 - - [29/Jul/2022:11:43:20 +0800] "GET /xingrg/check_reg.html?_=1659066199075 HTTP/1.1" 200 22
101.85.120.95 - - [29/Jul/2022:11:43:21 +0800] "GET /xingrg/check_reg.html?_=1659066198440 HTTP/1.1" 200 22
101.85.120.95 - - [29/Jul/2022:11:43:21 +0800] "GET /xingrg/all/function/internal_message.html?_=1659066198468&CODE_STATE=getMsg HTTP/1.1" 200 27
222.69.129.110 - - [29/Jul/2022:11:43:26 +0800] "GET /xingrg/check_reg.html?_=1659066258796 HTTP/1.1" 200 22
222.69.129.110 - - [29/Jul/2022:11:43:26 +0800] "GET /xingrg/all/function/internal_message.html?_=1659066258798&CODE_STATE=getMsg HTTP/1.1" 200 27
114.88.158.224 - - [29/Jul/2022:11:43:27 +0800] "GET /xingrg/all/function/internal_message.html?_=1659065890762&CODE_STATE=getMsg HTTP/1.1" 200 27
116.224.255.128 - - [29/Jul/2022:11:43:32 +0800] "GET /xingrg/all/function/internal_message.html?_=1659066209311&CODE_STATE=getMsg HTTP/1.1" 200 27
180.169.147.146 - - [29/Jul/2022:11:43:35 +0800] "GET /xingrg/all/function/internal_message.html?_=1659066211715&CODE_STATE=getMsg HTTP/1.1" 200 27
61.170.235.52 - - [29/Jul/2022:11:43:37 +0800] "GET /xingrg/all/function/internal_message.html?_=1659066218764&CODE_STATE=getMsg HTTP/1.1" 200 27
61.165.20.118 - - [29/Jul/2022:11:43:43 +0800] "GET /xingrg/all/function/internal_message.html?_=1659066102272&CODE_STATE=getMsg HTTP/1.1" 200 27
101.83.240.174 - - [29/Jul/2022:11:43:46 +0800] "GET /xingrg/all/function/internal_message.html?_=1659066222919&CODE_STATE=getMsg HTTP/1.1" 200 27
218.81.223.53 - - [29/Jul/2022:11:43:48 +0800] "GET /xingrg/all/function/internal_message.html?_=1659066230132&CODE_STATE=getMsg HTTP/1.1" 200 27
120.253.135.82 - - [29/Jul/2022:11:43:52 +0800] "GET /xingrg/kc/pszx/mdqp_order_list.html?state=10 HTTP/1.1" 200 10657
120.253.135.82 - - [29/Jul/2022:11:43:52 +0800] "GET /xingrg/dwr/interface/AjaxQqpsService.js HTTP/1.1" 200 16326
58.40.7.146 - - [29/Jul/2022:11:43:52 +0800] "GET /xingrg/all/function/internal_message.html?_=1659066229675&CODE_STATE=getMsg HTTP/1.1" 302 -
120.253.135.82 - - [29/Jul/2022:11:43:52 +0800] "GET /xingrg/dwr/interface/AjaxReportQueryService.js HTTP/1.1" 200 13203
120.253.135.82 - - [29/Jul/2022:11:43:52 +0800] "GET /xingrg/dwr/engine.js HTTP/1.1" 200 43631
101.80.228.36 - - [29/Jul/2022:11:43:52 +0800] "GET /xingrg/all/function/internal_message.html?_=1659066229771&CODE_STATE=getMsg HTTP/1.1" 200 27
101.80.228.36 - - [29/Jul/2022:11:43:53 +0800] "GET /xingrg/check_reg.html?_=1659066231084 HTTP/1.1" 200 22
120.253.135.82 - - [29/Jul/2022:11:43:54 +0800] "GET /xingrg/kc/pszx/mdqp_order_info.html?code=302022072900394 HTTP/1.1" 200 13350
120.253.135.82 - - [29/Jul/2022:11:43:54 +0800] "GET /xingrg/dwr/interface/AjaxQqpsService.js HTTP/1.1" 200 16326
120.253.135.82 - - [29/Jul/2022:11:43:54 +0800] "GET /xingrg/dwr/interface/AjaxComOrderService.js HTTP/1.1" 200 18264
120.253.135.82 - - [29/Jul/2022:11:43:54 +0800] "GET /xingrg/dwr/engine.js HTTP/1.1" 200 43631
120.253.135.82 - - [29/Jul/2022:11:43:55 +0800] "POST /xingrg/dwr/call/plaincall/AjaxQqpsService.loadMaterielItems.dwr HTTP/1.1" 200 1421
116.224.123.211 - - [29/Jul/2022:11:43:59 +0800] "GET /xingrg/all/function/internal_message.html?_=1659066236061&CODE_STATE=getMsg HTTP/1.1" 200 27
61.165.20.118 - - [29/Jul/2022:11:43:59 +0800] "POST /xingrg/kc/buy/cgsh_order_operate.html HTTP/1.1" 200 37
61.165.20.118 - - [29/Jul/2022:11:43:59 +0800] "GET /xingrg/check_reg.html?_=1659066119065 HTTP/1.1" 200 22
61.165.20.118 - - [29/Jul/2022:11:44:01 +0800] "POST /xingrg/kc/buy/cgsh_order_operate.html HTTP/1.1" 200 8010
61.165.20.118 - - [29/Jul/2022:11:44:03 +0800] "GET /xingrg/kc/print/load_config.html?kc_code=cgsh HTTP/1.1" 200 1943
61.165.20.118 - - [29/Jul/2022:11:44:03 +0800] "GET /xingrg/kc/print/load_data.html?order_code=212022072907616&kc_code=cgsh&condition= HTTP/1.1" 200 2734
116.233.75.162 - - [29/Jul/2022:11:44:03 +0800] "GET /xingrg/all/function/internal_message.html?_=1659066241928&CODE_STATE=getMsg HTTP/1.1" 200 27
120.253.135.82 - - [29/Jul/2022:11:44:07 +0800] "GET /xingrg/kc/pszx/mdqp_order_list.html?isBack=1 HTTP/1.1" 302 -
120.253.135.82 - - [29/Jul/2022:11:44:07 +0800] "GET /xingrg/kc/pszx/mdqp_order_list.html?state=10 HTTP/1.1" 200 10657
120.253.135.82 - - [29/Jul/2022:11:44:07 +0800] "GET /xingrg/dwr/interface/AjaxReportQueryService.js HTTP/1.1" 200 13203
120.253.135.82 - - [29/Jul/2022:11:44:07 +0800] "GET /xingrg/dwr/interface/AjaxQqpsService.js HTTP/1.1" 200 16326
120.253.135.82 - - [29/Jul/2022:11:44:07 +0800] "GET /xingrg/dwr/engine.js HTTP/1.1" 200 43631
61.165.20.118 - - [29/Jul/2022:11:44:07 +0800] "GET /xingrg/all/function/internal_message.html?_=1659066243954&CODE_STATE=getMsg HTTP/1.1" 200 27
180.169.147.146 - - [29/Jul/2022:11:44:09 +0800] "GET /xingrg/all/function/internal_message.html?_=1659066244203&CODE_STATE=getMsg HTTP/1.1" 200 27
120.253.135.82 - - [29/Jul/2022:11:44:10 +0800] "GET /xingrg/kc/pszx/mdqp_order_list.html?state=10 HTTP/1.1" 200 10657
120.253.135.82 - - [29/Jul/2022:11:44:10 +0800] "GET /xingrg/dwr/interface/AjaxQqpsService.js HTTP/1.1" 200 16326
120.253.135.82 - - [29/Jul/2022:11:44:10 +0800] "GET /xingrg/dwr/interface/AjaxReportQueryService.js HTTP/1.1" 200 13203
120.253.135.82 - - [29/Jul/2022:11:44:10 +0800] "GET /xingrg/dwr/engine.js HTTP/1.1" 200 43631
116.232.194.65 - - [29/Jul/2022:11:44:10 +0800] "GET /xingrg/all/function/internal_message.html?_=1659066241229&CODE_STATE=getMsg HTTP/1.1" 200 27
120.253.135.82 - - [29/Jul/2022:11:44:12 +0800] "GET /xingrg/kc/pszx/mdps_order_list.html?orderType=0 HTTP/1.1" 200 21007
120.253.135.82 - - [29/Jul/2022:11:44:13 +0800] "POST /xingrg/kc/pszx/mdps_list_operate.html HTTP/1.1" 200 5236
180.169.147.146 - - [29/Jul/2022:11:44:15 +0800] "GET /xingrg/all/function/internal_message.html?_=1659066250093&CODE_STATE=getMsg HTTP/1.1" 200 27
180.169.147.146 - - [29/Jul/2022:11:44:15 +0800] "GET /xingrg/check_reg.html?_=1659066250673 HTTP/1.1" 200 22
120.253.135.82 - - [29/Jul/2022:11:44:19 +0800] "GET /xingrg/kc/pszx/mdqp_order_list.html?state=10 HTTP/1.1" 200 10657
120.253.135.82 - - [29/Jul/2022:11:44:19 +0800] "GET /xingrg/dwr/interface/AjaxReportQueryService.js HTTP/1.1" 200 13203
120.253.135.82 - - [29/Jul/2022:11:44:19 +0800] "GET /xingrg/dwr/interface/AjaxQqpsService.js HTTP/1.1" 200 16326
120.253.135.82 - - [29/Jul/2022:11:44:19 +0800] "GET /xingrg/dwr/engine.js HTTP/1.1" 200 43631
116.233.75.162 - - [29/Jul/2022:11:44:20 +0800] "GET /xingrg/all/function/internal_message.html?_=1659066259085&CODE_STATE=getMsg HTTP/1.1" 200 27
101.85.120.95 - - [29/Jul/2022:11:44:21 +0800] "GET /xingrg/all/function/internal_message.html?_=1659066258467&CODE_STATE=getMsg HTTP/1.1" 200 27
120.253.135.82 - - [29/Jul/2022:11:44:23 +0800] "GET /xingrg/kc/pszx/jzcl_ps.html HTTP/1.1" 200 7683
120.253.135.82 - - [29/Jul/2022:11:44:23 +0800] "POST /xingrg/all/common/load_tree.html?tree=area_rest_tree_json HTTP/1.1" 200 3472
120.253.135.82 - - [29/Jul/2022:11:44:23 +0800] "POST /xingrg/kc/pszx/jzcl_ps_operate.html HTTP/1.1" 200 448
120.253.135.82 - - [29/Jul/2022:11:44:23 +0800] "POST /xingrg/kc/pszx/jzcl_ps_operate.html HTTP/1.1" 200 448
222.69.129.110 - - [29/Jul/2022:11:44:26 +0800] "GET /xingrg/all/function/internal_message.html?_=1659066318789&CODE_STATE=getMsg HTTP/1.1" 200 27
114.88.158.224 - - [29/Jul/2022:11:44:27 +0800] "GET /xingrg/all/function/internal_message.html?_=1659065950761&CODE_STATE=getMsg HTTP/1.1" 200 27
120.253.135.82 - - [29/Jul/2022:11:44:28 +0800] "POST /xingrg/kc/pszx/jzcl_ps_operate.html HTTP/1.1" 200 4
120.253.135.82 - - [29/Jul/2022:11:44:29 +0800] "GET /xingrg/kc/pszx/mdps_order_list.html HTTP/1.1" 200 21007
120.253.135.82 - - [29/Jul/2022:11:44:29 +0800] "POST /xingrg/kc/pszx/mdps_list_operate.html HTTP/1.1" 200 5236
116.224.255.128 - - [29/Jul/2022:11:44:32 +0800] "GET /xingrg/all/function/internal_message.html?_=1659066269298&CODE_STATE=getMsg HTTP/1.1" 200 27
120.253.135.82 - - [29/Jul/2022:11:44:35 +0800] "POST /xingrg/kc/pszx/mdps_list_operate.html HTTP/1.1" 200 868
180.169.147.146 - - [29/Jul/2022:11:44:35 +0800] "GET /xingrg/all/function/internal_message.html?_=1659066271715&CODE_STATE=getMsg HTTP/1.1" 200 27
61.170.235.52 - - [29/Jul/2022:11:44:37 +0800] "GET /xingrg/all/function/internal_message.html?_=1659066278764&CODE_STATE=getMsg HTTP/1.1" 200 27
61.165.20.118 - - [29/Jul/2022:11:44:43 +0800] "GET /xingrg/all/function/internal_message.html?_=1659066162269&CODE_STATE=getMsg HTTP/1.1" 200 27
101.83.240.174 - - [29/Jul/2022:11:44:46 +0800] "GET /xingrg/all/function/internal_message.html?_=1659066282915&CODE_STATE=getMsg HTTP/1.1" 200 27
120.253.135.82 - - [29/Jul/2022:11:44:48 +0800] "POST /xingrg/kc/pszx/mdps_list_operate.html HTTP/1.1" 200 2060
218.81.223.53 - - [29/Jul/2022:11:44:48 +0800] "GET /xingrg/check_reg.html?_=1659066289912 HTTP/1.1" 200 22
218.81.223.53 - - [29/Jul/2022:11:44:48 +0800] "GET /xingrg/all/function/internal_message.html?_=1659066290146&CODE_STATE=getMsg HTTP/1.1" 200 27
120.253.135.82 - - [29/Jul/2022:11:44:50 +0800] "POST /xingrg/kc/pszx/mdps_list_operate.html HTTP/1.1" 200 276
120.253.135.82 - - [29/Jul/2022:11:44:51 +0800] "POST /xingrg/kc/pszx/mdps_list_operate.html HTTP/1.1" 200 510
120.253.135.82 - - [29/Jul/2022:11:44:52 +0800] "GET /xingrg/kc/pszx/mdps_order_info.html?code=312022072900499 HTTP/1.1" 200 23978
58.40.7.146 - - [29/Jul/2022:11:44:52 +0800] "GET /xingrg/check_reg.html?_=1659066289676 HTTP/1.1" 302 -
58.40.7.146 - - [29/Jul/2022:11:44:52 +0800] "GET /xingrg/all/function/internal_message.html?_=1659066289678&CODE_STATE=getMsg HTTP/1.1" 302 -
101.80.228.36 - - [29/Jul/2022:11:44:52 +0800] "GET /xingrg/all/function/internal_message.html?_=1659066289743&CODE_STATE=getMsg HTTP/1.1" 200 27
120.253.135.82 - - [29/Jul/2022:11:44:52 +0800] "GET /xingrg/words/20220729103515_words.js HTTP/1.1" 200 907557
120.253.135.82 - - [29/Jul/2022:11:44:53 +0800] "GET /xingrg/javascript/easyui/themes/default/validatebox.css HTTP/1.1" 404 1104
120.253.135.82 - - [29/Jul/2022:11:44:53 +0800] "POST /xingrg/kc/pszx/mdps_order_operate.html HTTP/1.1" 200 4219
120.253.135.82 - - [29/Jul/2022:11:44:56 +0800] "POST /xingrg/kc/pszx/mdps_order_operate.html HTTP/1.1" 200 37
120.253.135.82 - - [29/Jul/2022:11:44:57 +0800] "GET /xingrg/kc/pszx/mdps_order_info.html?code=312022072900499 HTTP/1.1" 200 23978
120.253.135.82 - - [29/Jul/2022:11:44:57 +0800] "GET /xingrg/javascript/easyui/themes/default/validatebox.css HTTP/1.1" 404 1104
120.253.135.82 - - [29/Jul/2022:11:44:57 +0800] "POST /xingrg/kc/pszx/mdps_order_operate.html HTTP/1.1" 200 4256
120.253.135.82 - - [29/Jul/2022:11:44:58 +0800] "GET /xingrg/check_reg.html?_=1659066104220 HTTP/1.1" 200 22
116.224.123.211 - - [29/Jul/2022:11:44:59 +0800] "GET /xingrg/all/function/internal_message.html?_=1659066296049&CODE_STATE=getMsg HTTP/1.1" 200 27
116.224.123.211 - - [29/Jul/2022:11:45:00 +0800] "GET /xingrg/check_reg.html?_=1659066296985 HTTP/1.1" 200 22
116.233.75.162 - - [29/Jul/2022:11:45:03 +0800] "GET /xingrg/all/function/internal_message.html?_=1659066301931&CODE_STATE=getMsg HTTP/1.1" 200 27
61.165.20.118 - - [29/Jul/2022:11:45:07 +0800] "GET /xingrg/all/function/internal_message.html?_=1659066303955&CODE_STATE=getMsg HTTP/1.1" 200 27
180.169.147.146 - - [29/Jul/2022:11:45:09 +0800] "GET /xingrg/all/function/internal_message.html?_=1659066304186&CODE_STATE=getMsg HTTP/1.1" 200 27
116.232.194.65 - - [29/Jul/2022:11:45:10 +0800] "GET /xingrg/all/function/internal_message.html?_=1659066301209&CODE_STATE=getMsg HTTP/1.1" 200 27
116.232.194.65 - - [29/Jul/2022:11:45:12 +0800] "GET /xingrg/check_reg.html?_=1659066303306 HTTP/1.1" 200 22
180.169.147.146 - - [29/Jul/2022:11:45:15 +0800] "GET /xingrg/all/function/internal_message.html?_=1659066310069&CODE_STATE=getMsg HTTP/1.1" 200 27
116.233.75.162 - - [29/Jul/2022:11:45:20 +0800] "GET /xingrg/all/function/internal_message.html?_=1659066319076&CODE_STATE=getMsg HTTP/1.1" 200 27
101.85.120.95 - - [29/Jul/2022:11:45:21 +0800] "GET /xingrg/all/function/internal_message.html?_=1659066318467&CODE_STATE=getMsg HTTP/1.1" 200 27
222.69.129.110 - - [29/Jul/2022:11:45:26 +0800] "GET /xingrg/all/function/internal_message.html?_=1659066378796&CODE_STATE=getMsg HTTP/1.1" 200 27
114.88.158.224 - - [29/Jul/2022:11:45:27 +0800] "GET /xingrg/all/function/internal_message.html?_=1659066010760&CODE_STATE=getMsg HTTP/1.1" 200 27
120.253.135.82 - - [29/Jul/2022:11:45:27 +0800] "POST /xingrg/kc/pszx/mdps_order_operate.html HTTP/1.1" 200 37
120.253.135.82 - - [29/Jul/2022:11:45:28 +0800] "GET /xingrg/kc/pszx/mdps_order_info.html?code=312022072900499 HTTP/1.1" 200 23978
120.253.135.82 - - [29/Jul/2022:11:45:29 +0800] "GET /xingrg/javascript/easyui/themes/default/validatebox.css HTTP/1.1" 404 1104
120.253.135.82 - - [29/Jul/2022:11:45:29 +0800] "POST /xingrg/kc/pszx/mdps_order_operate.html HTTP/1.1" 200 4256
101.85.120.95 - - [29/Jul/2022:11:45:29 +0800] "GET /xingrg/kc/base/wldb_order_list.html HTTP/1.1" 200 19148
101.85.120.95 - - [29/Jul/2022:11:45:30 +0800] "POST /xingrg/kc/base/wldb_list_operate.html HTTP/1.1" 200 928
101.85.120.95 - - [29/Jul/2022:11:45:31 +0800] "GET /xingrg/kc/base/wldb_order_add.html HTTP/1.1" 200 30366
101.85.120.95 - - [29/Jul/2022:11:45:31 +0800] "POST /xingrg/kc/base/wldb_order_operate.html HTTP/1.1" 200 6806
101.85.120.95 - - [29/Jul/2022:11:45:31 +0800] "GET /xingrg/all/common/auto_word.html?type=base&rest_code=00142 HTTP/1.1" 200 719
101.85.120.95 - - [29/Jul/2022:11:45:31 +0800] "GET /xingrg/all/common/auto_word.html?type=base&rest_code=00142 HTTP/1.1" 200 719
101.85.120.95 - - [29/Jul/2022:11:45:31 +0800] "GET /xingrg/javascript/easyui/themes/default/validatebox.css HTTP/1.1" 404 1104
116.224.255.128 - - [29/Jul/2022:11:45:32 +0800] "GET /xingrg/all/function/internal_message.html?_=1659066329289&CODE_STATE=getMsg HTTP/1.1" 200 27
180.169.147.146 - - [29/Jul/2022:11:45:35 +0800] "GET /xingrg/all/function/internal_message.html?_=1659066331716&CODE_STATE=getMsg HTTP/1.1" 200 27
61.170.235.52 - - [29/Jul/2022:11:45:37 +0800] "GET /xingrg/all/function/internal_message.html?_=1659066338759&CODE_STATE=getMsg HTTP/1.1" 200 27
120.253.135.82 - - [29/Jul/2022:11:45:42 +0800] "GET /xingrg/kc/print/load_data.html?order_code=312022072900499&kc_code=mdps&condition= HTTP/1.1" 200 1582
61.165.20.118 - - [29/Jul/2022:11:45:43 +0800] "GET /xingrg/all/function/internal_message.html?_=1659066222243&CODE_STATE=getMsg HTTP/1.1" 200 27
101.83.240.174 - - [29/Jul/2022:11:45:43 +0800] "GET /xingrg/check_reg.html?_=1659066339848 HTTP/1.1" 200 22
101.83.240.174 - - [29/Jul/2022:11:45:46 +0800] "GET /xingrg/all/function/internal_message.html?_=1659066342908&CODE_STATE=getMsg HTTP/1.1" 200 27
218.81.223.53 - - [29/Jul/2022:11:45:48 +0800] "GET /xingrg/all/function/internal_message.html?_=1659066350160&CODE_STATE=getMsg HTTP/1.1" 200 27
58.40.7.146 - - [29/Jul/2022:11:45:52 +0800] "GET /xingrg/all/function/internal_message.html?_=1659066349681&CODE_STATE=getMsg HTTP/1.1" 302 -
101.80.228.36 - - [29/Jul/2022:11:45:52 +0800] "GET /xingrg/all/function/internal_message.html?_=1659066349729&CODE_STATE=getMsg HTTP/1.1" 200 27
101.85.120.95 - - [29/Jul/2022:11:45:52 +0800] "GET /xingrg/javascript/jquery_tools/images/prev.gif HTTP/1.1" 404 1086
101.85.120.95 - - [29/Jul/2022:11:45:52 +0800] "GET /xingrg/javascript/jquery_tools/images/next.gif HTTP/1.1" 404 1086
120.253.135.82 - - [29/Jul/2022:11:45:52 +0800] "GET /xingrg/kc/pszx/mdps_order_info.html?code=312022072300374 HTTP/1.1" 200 23978
120.253.135.82 - - [29/Jul/2022:11:45:53 +0800] "POST /xingrg/kc/pszx/mdps_order_operate.html HTTP/1.1" 200 2754
120.253.135.82 - - [29/Jul/2022:11:45:53 +0800] "GET /xingrg/javascript/easyui/themes/default/validatebox.css HTTP/1.1" 404 1104
120.253.135.82 - - [29/Jul/2022:11:45:55 +0800] "POST /xingrg/kc/pszx/mdps_list_operate.html HTTP/1.1" 200 2060
116.224.123.211 - - [29/Jul/2022:11:45:59 +0800] "GET /xingrg/all/function/internal_message.html?_=1659066356021&CODE_STATE=getMsg HTTP/1.1" 200 27
116.233.75.162 - - [29/Jul/2022:11:46:03 +0800] "GET /xingrg/all/function/internal_message.html?_=1659066361933&CODE_STATE=getMsg HTTP/1.1" 200 27
116.233.75.162 - - [29/Jul/2022:11:46:03 +0800] "GET /xingrg/check_reg.html?_=1659066361934 HTTP/1.1" 200 22
101.85.120.95 - - [29/Jul/2022:11:46:06 +0800] "GET /xingrg/kc/base/wldb_order_operate.html?command=get_materiel&rest_code=00142&base_code=0010193&code=00102012065 HTTP/1.1" 200 436
61.165.20.118 - - [29/Jul/2022:11:46:07 +0800] "GET /xingrg/all/function/internal_message.html?_=1659066363954&CODE_STATE=getMsg HTTP/1.1" 200 27
180.169.147.146 - - [29/Jul/2022:11:46:09 +0800] "GET /xingrg/all/function/internal_message.html?_=1659066364170&CODE_STATE=getMsg HTTP/1.1" 200 27
180.169.147.146 - - [29/Jul/2022:11:46:10 +0800] "GET /xingrg/check_reg.html?_=1659066365373 HTTP/1.1" 200 22
116.232.194.65 - - [29/Jul/2022:11:46:10 +0800] "GET /xingrg/all/function/internal_message.html?_=1659066361185&CODE_STATE=getMsg HTTP/1.1" 200 27
180.169.147.146 - - [29/Jul/2022:11:46:15 +0800] "GET /xingrg/all/function/internal_message.html?_=1659066370042&CODE_STATE=getMsg HTTP/1.1" 200 27
116.233.75.162 - - [29/Jul/2022:11:46:20 +0800] "GET /xingrg/all/function/internal_message.html?_=1659066379093&CODE_STATE=getMsg HTTP/1.1" 200 27
101.85.120.95 - - [29/Jul/2022:11:46:21 +0800] "GET /xingrg/all/function/internal_message.html?_=1659066378526&CODE_STATE=getMsg HTTP/1.1" 200 27
101.85.120.95 - - [29/Jul/2022:11:46:23 +0800] "GET /xingrg/kc/base/wldb_order_operate.html?command=get_materiel&rest_code=00142&base_code=0010193&code=00102002610 HTTP/1.1" 200 444
222.69.129.110 - - [29/Jul/2022:11:46:26 +0800] "GET /xingrg/all/function/internal_message.html?_=1659066438814&CODE_STATE=getMsg HTTP/1.1" 200 27
114.88.158.224 - - [29/Jul/2022:11:46:27 +0800] "GET /xingrg/check_reg.html?_=1659066070759 HTTP/1.1" 200 22
114.88.158.224 - - [29/Jul/2022:11:46:27 +0800] "GET /xingrg/all/function/internal_message.html?_=1659066070760&CODE_STATE=getMsg HTTP/1.1" 200 27
61.165.20.118 - - [29/Jul/2022:11:46:31 +0800] "POST /xingrg/kc/buy/cgsh_list_operate.html HTTP/1.1" 200 2986
116.224.255.128 - - [29/Jul/2022:11:46:32 +0800] "GET /xingrg/all/function/internal_message.html?_=1659066389259&CODE_STATE=getMsg HTTP/1.1" 200 27
180.169.147.146 - - [29/Jul/2022:11:46:35 +0800] "GET /xingrg/check_reg.html?_=1659066391741 HTTP/1.1" 200 22
180.169.147.146 - - [29/Jul/2022:11:46:35 +0800] "GET /xingrg/all/function/internal_message.html?_=1659066391744&CODE_STATE=getMsg HTTP/1.1" 200 27
61.170.235.52 - - [29/Jul/2022:11:46:37 +0800] "GET /xingrg/all/function/internal_message.html?_=1659066398760&CODE_STATE=getMsg HTTP/1.1" 200 27
61.165.20.118 - - [29/Jul/2022:11:46:41 +0800] "GET /xingrg/kc/base/base_main.html HTTP/1.1" 200 12142
61.165.20.118 - - [29/Jul/2022:11:46:43 +0800] "GET /xingrg/all/function/internal_message.html?_=1659066282215&CODE_STATE=getMsg HTTP/1.1" 200 27
61.165.20.118 - - [29/Jul/2022:11:46:44 +0800] "GET /xingrg/kc/base/wldb_order_list.html HTTP/1.1" 200 19142
61.165.20.118 - - [29/Jul/2022:11:46:44 +0800] "POST /xingrg/kc/base/wldb_list_operate.html HTTP/1.1" 200 928
101.83.240.174 - - [29/Jul/2022:11:46:46 +0800] "GET /xingrg/all/function/internal_message.html?_=1659066402882&CODE_STATE=getMsg HTTP/1.1" 200 27
218.81.223.53 - - [29/Jul/2022:11:46:48 +0800] "GET /xingrg/all/function/internal_message.html?_=1659066410173&CODE_STATE=getMsg HTTP/1.1" 200 27
61.165.20.118 - - [29/Jul/2022:11:46:50 +0800] "GET /xingrg/kc/base/wldb_order_add.html HTTP/1.1" 200 30356
61.165.20.118 - - [29/Jul/2022:11:46:50 +0800] "GET /xingrg/words/20220729103515_words.js HTTP/1.1" 304 -
61.165.20.118 - - [29/Jul/2022:11:46:50 +0800] "POST /xingrg/kc/base/wldb_order_operate.html HTTP/1.1" 200 6806
61.165.20.118 - - [29/Jul/2022:11:46:51 +0800] "GET /xingrg/all/common/auto_word.html?type=base&rest_code=00105 HTTP/1.1" 200 1907
61.165.20.118 - - [29/Jul/2022:11:46:51 +0800] "GET /xingrg/all/common/auto_word.html?type=base&rest_code=00105 HTTP/1.1" 200 1907
61.165.20.118 - - [29/Jul/2022:11:46:51 +0800] "GET /xingrg/javascript/easyui/themes/default/validatebox.css HTTP/1.1" 404 1104
58.40.7.146 - - [29/Jul/2022:11:46:52 +0800] "GET /xingrg/all/function/internal_message.html?_=1659066409685&CODE_STATE=getMsg HTTP/1.1" 302 -
101.80.228.36 - - [29/Jul/2022:11:46:52 +0800] "GET /xingrg/all/function/internal_message.html?_=1659066409715&CODE_STATE=getMsg HTTP/1.1" 200 27
61.165.20.118 - - [29/Jul/2022:11:46:52 +0800] "GET /xingrg/javascript/auto/indicator.gif HTTP/1.1" 404 1066
116.224.123.211 - - [29/Jul/2022:11:46:59 +0800] "GET /xingrg/all/function/internal_message.html?_=1659066416005&CODE_STATE=getMsg HTTP/1.1" 200 27
116.233.75.162 - - [29/Jul/2022:11:47:03 +0800] "GET /xingrg/all/function/internal_message.html?_=1659066421935&CODE_STATE=getMsg HTTP/1.1" 200 27
114.86.187.244 - - [29/Jul/2022:11:47:06 +0800] "GET /xingrg/check_reg.html?_=1659066425172 HTTP/1.1" 200 22
61.165.20.118 - - [29/Jul/2022:11:47:07 +0800] "GET /xingrg/check_reg.html?_=1659066423954 HTTP/1.1" 200 22
61.165.20.118 - - [29/Jul/2022:11:47:07 +0800] "GET /xingrg/all/function/internal_message.html?_=1659066423956&CODE_STATE=getMsg HTTP/1.1" 200 27
180.169.147.146 - - [29/Jul/2022:11:47:09 +0800] "GET /xingrg/all/function/internal_message.html?_=1659066424139&CODE_STATE=getMsg HTTP/1.1" 200 27
61.165.20.118 - - [29/Jul/2022:11:47:10 +0800] "GET /xingrg/kc/base/wldb_order_operate.html?command=get_materiel&rest_code=00105&base_code=0010507&code=00101013012 HTTP/1.1" 200 430
116.232.194.65 - - [29/Jul/2022:11:47:10 +0800] "GET /xingrg/all/function/internal_message.html?_=1659066421180&CODE_STATE=getMsg HTTP/1.1" 200 27
180.169.147.146 - - [29/Jul/2022:11:47:15 +0800] "GET /xingrg/all/function/internal_message.html?_=1659066430013&CODE_STATE=getMsg HTTP/1.1" 200 27
116.233.75.162 - - [29/Jul/2022:11:47:20 +0800] "GET /xingrg/all/function/internal_message.html?_=1659066439088&CODE_STATE=getMsg HTTP/1.1" 200 27
101.85.120.95 - - [29/Jul/2022:11:47:21 +0800] "GET /xingrg/all/function/internal_message.html?_=1659066438510&CODE_STATE=getMsg HTTP/1.1" 200 27
222.69.129.110 - - [29/Jul/2022:11:47:26 +0800] "GET /xingrg/all/function/internal_message.html?_=1659066498801&CODE_STATE=getMsg HTTP/1.1" 200 27
114.88.158.224 - - [29/Jul/2022:11:47:27 +0800] "GET /xingrg/all/function/internal_message.html?_=1659066130758&CODE_STATE=getMsg HTTP/1.1" 200 27
101.85.120.95 - - [29/Jul/2022:11:47:28 +0800] "POST /xingrg/kc/base/wldb_order_operate.html HTTP/1.1" 200 37
101.85.120.95 - - [29/Jul/2022:11:47:29 +0800] "POST /xingrg/kc/base/wldb_order_operate.html HTTP/1.1" 200 2665
61.165.20.118 - - [29/Jul/2022:11:47:29 +0800] "GET /xingrg/kc/base/wldb_order_operate.html?command=get_materiel&rest_code=00105&base_code=0010507&code=00101013123 HTTP/1.1" 200 432
101.85.120.95 - - [29/Jul/2022:11:47:29 +0800] "GET /xingrg/kc/base/wldb_order_info.html?code=422022072901892 HTTP/1.1" 200 30377
101.85.120.95 - - [29/Jul/2022:11:47:29 +0800] "GET /xingrg/javascript/easyui/themes/default/validatebox.css HTTP/1.1" 404 1104
101.85.120.95 - - [29/Jul/2022:11:47:30 +0800] "POST /xingrg/kc/base/wldb_order_operate.html HTTP/1.1" 200 2665
116.224.255.128 - - [29/Jul/2022:11:47:32 +0800] "GET /xingrg/all/function/internal_message.html?_=1659066449243&CODE_STATE=getMsg HTTP/1.1" 200 27
116.224.255.128 - - [29/Jul/2022:11:47:33 +0800] "GET /xingrg/check_reg.html?_=1659066449824 HTTP/1.1" 200 22
180.169.147.146 - - [29/Jul/2022:11:47:35 +0800] "GET /xingrg/all/function/internal_message.html?_=1659066451743&CODE_STATE=getMsg HTTP/1.1" 200 27
61.170.235.52 - - [29/Jul/2022:11:47:37 +0800] "GET /xingrg/all/function/internal_message.html?_=1659066458760&CODE_STATE=getMsg HTTP/1.1" 200 27
61.170.235.52 - - [29/Jul/2022:11:47:37 +0800] "GET /xingrg/check_reg.html?_=1659066458809 HTTP/1.1" 200 22
61.165.20.118 - - [29/Jul/2022:11:47:43 +0800] "GET /xingrg/all/function/internal_message.html?_=1659066342204&CODE_STATE=getMsg HTTP/1.1" 200 27
101.83.240.174 - - [29/Jul/2022:11:47:46 +0800] "GET /xingrg/all/function/internal_message.html?_=1659066462855&CODE_STATE=getMsg HTTP/1.1" 200 27
218.81.223.53 - - [29/Jul/2022:11:47:48 +0800] "GET /xingrg/all/function/internal_message.html?_=1659066470198&CODE_STATE=getMsg HTTP/1.1" 200 27
61.165.20.118 - - [29/Jul/2022:11:47:49 +0800] "GET /xingrg/kc/base/wldb_order_operate.html?command=get_materiel&rest_code=00105&base_code=0010507&code=00101013030 HTTP/1.1" 200 430
58.40.7.146 - - [29/Jul/2022:11:47:52 +0800] "GET /xingrg/all/function/internal_message.html?_=1659066469672&CODE_STATE=getMsg HTTP/1.1" 302 -
101.80.228.36 - - [29/Jul/2022:11:47:52 +0800] "GET /xingrg/all/function/internal_message.html?_=1659066469700&CODE_STATE=getMsg HTTP/1.1" 200 27
116.224.123.211 - - [29/Jul/2022:11:47:59 +0800] "GET /xingrg/all/function/internal_message.html?_=1659066475990&CODE_STATE=getMsg HTTP/1.1" 200 27
116.233.75.162 - - [29/Jul/2022:11:48:03 +0800] "GET /xingrg/all/function/internal_message.html?_=1659066481938&CODE_STATE=getMsg HTTP/1.1" 200 27
61.165.20.118 - - [29/Jul/2022:11:48:07 +0800] "GET /xingrg/all/function/internal_message.html?_=1659066483955&CODE_STATE=getMsg HTTP/1.1" 200 27
180.169.147.146 - - [29/Jul/2022:11:48:09 +0800] "GET /xingrg/all/function/internal_message.html?_=1659066484123&CODE_STATE=getMsg HTTP/1.1" 200 27
116.232.194.65 - - [29/Jul/2022:11:48:10 +0800] "GET /xingrg/all/function/internal_message.html?_=1659066481168&CODE_STATE=getMsg HTTP/1.1" 200 27
180.169.147.146 - - [29/Jul/2022:11:48:15 +0800] "GET /xingrg/all/function/internal_message.html?_=1659066489992&CODE_STATE=getMsg HTTP/1.1" 200 27
61.170.235.52 - - [29/Jul/2022:11:48:15 +0800] "POST /xingrg/kc/buy/cgsh_order_operate.html HTTP/1.1" 200 37
61.170.235.52 - - [29/Jul/2022:11:48:19 +0800] "POST /xingrg/kc/buy/cgsh_order_operate.html HTTP/1.1" 200 12
116.233.75.162 - - [29/Jul/2022:11:48:20 +0800] "GET /xingrg/check_reg.html?_=1659066499084 HTTP/1.1" 200 22
116.233.75.162 - - [29/Jul/2022:11:48:20 +0800] "GET /xingrg/all/function/internal_message.html?_=1659066499085&CODE_STATE=getMsg HTTP/1.1" 200 27
61.170.235.52 - - [29/Jul/2022:11:48:20 +0800] "GET /xingrg/kc/buy/cgsh_order_info.html?code=212022072907615 HTTP/1.1" 200 62841
61.170.235.52 - - [29/Jul/2022:11:48:20 +0800] "GET /xingrg/words/20220729103515_words.js HTTP/1.1" 304 -
61.170.235.52 - - [29/Jul/2022:11:48:20 +0800] "GET /xingrg/javascript/easyui/themes/default/validatebox.css HTTP/1.1" 404 1104
101.85.120.95 - - [29/Jul/2022:11:48:21 +0800] "GET /xingrg/check_reg.html?_=1659066498470 HTTP/1.1" 200 22
101.85.120.95 - - [29/Jul/2022:11:48:21 +0800] "GET /xingrg/all/function/internal_message.html?_=1659066498488&CODE_STATE=getMsg HTTP/1.1" 200 27
61.170.235.52 - - [29/Jul/2022:11:48:21 +0800] "POST /xingrg/kc/buy/cgsh_order_operate.html HTTP/1.1" 200 26045
61.170.235.52 - - [29/Jul/2022:11:48:23 +0800] "GET /xingrg/kc/print/load_data.html?order_code=212022072907615&kc_code=cgsh&condition= HTTP/1.1" 200 10374
222.69.129.110 - - [29/Jul/2022:11:48:26 +0800] "GET /xingrg/check_reg.html?_=1659066558797 HTTP/1.1" 200 22
222.69.129.110 - - [29/Jul/2022:11:48:26 +0800] "GET /xingrg/all/function/internal_message.html?_=1659066558801&CODE_STATE=getMsg HTTP/1.1" 200 27
114.88.158.224 - - [29/Jul/2022:11:48:27 +0800] "GET /xingrg/all/function/internal_message.html?_=1659066190756&CODE_STATE=getMsg HTTP/1.1" 200 27
116.224.255.128 - - [29/Jul/2022:11:48:32 +0800] "GET /xingrg/all/function/internal_message.html?_=1659066509218&CODE_STATE=getMsg HTTP/1.1" 200 27
180.169.147.146 - - [29/Jul/2022:11:48:35 +0800] "GET /xingrg/all/function/internal_message.html?_=1659066511743&CODE_STATE=getMsg HTTP/1.1" 200 27
61.170.235.52 - - [29/Jul/2022:11:48:37 +0800] "GET /xingrg/all/function/internal_message.html?_=1659066518774&CODE_STATE=getMsg HTTP/1.1" 200 27
61.165.20.118 - - [29/Jul/2022:11:48:42 +0800] "GET /xingrg/all/function/internal_message.html?_=1659066402193&CODE_STATE=getMsg HTTP/1.1" 200 27
101.83.240.174 - - [29/Jul/2022:11:48:46 +0800] "GET /xingrg/all/function/internal_message.html?_=1659066522848&CODE_STATE=getMsg HTTP/1.1" 200 27
218.81.223.53 - - [29/Jul/2022:11:48:48 +0800] "GET /xingrg/all/function/internal_message.html?_=1659066530199&CODE_STATE=getMsg HTTP/1.1" 200 27
101.80.228.36 - - [29/Jul/2022:11:48:52 +0800] "GET /xingrg/all/function/internal_message.html?_=1659066529686&CODE_STATE=getMsg HTTP/1.1" 200 27
58.40.7.146 - - [29/Jul/2022:11:48:52 +0800] "GET /xingrg/all/function/internal_message.html?_=1659066529676&CODE_STATE=getMsg HTTP/1.1" 302 -
101.80.228.36 - - [29/Jul/2022:11:48:53 +0800] "GET /xingrg/check_reg.html?_=1659066531078 HTTP/1.1" 200 22
116.224.123.211 - - [29/Jul/2022:11:48:59 +0800] "GET /xingrg/all/function/internal_message.html?_=1659066535964&CODE_STATE=getMsg HTTP/1.1" 200 27
61.165.20.118 - - [29/Jul/2022:11:48:59 +0800] "GET /xingrg/check_reg.html?_=1659066419044 HTTP/1.1" 200 22
116.233.75.162 - - [29/Jul/2022:11:49:03 +0800] "GET /xingrg/all/function/internal_message.html?_=1659066541940&CODE_STATE=getMsg HTTP/1.1" 200 27
61.165.20.118 - - [29/Jul/2022:11:49:07 +0800] "GET /xingrg/all/function/internal_message.html?_=1659066543956&CODE_STATE=getMsg HTTP/1.1" 200 27
180.169.147.146 - - [29/Jul/2022:11:49:09 +0800] "GET /xingrg/all/function/internal_message.html?_=1659066544107&CODE_STATE=getMsg HTTP/1.1" 200 27
116.232.194.65 - - [29/Jul/2022:11:49:10 +0800] "GET /xingrg/all/function/internal_message.html?_=1659066541164&CODE_STATE=getMsg HTTP/1.1" 200 27
180.169.147.146 - - [29/Jul/2022:11:49:15 +0800] "GET /xingrg/all/function/internal_message.html?_=1659066549975&CODE_STATE=getMsg HTTP/1.1" 200 27
180.169.147.146 - - [29/Jul/2022:11:49:15 +0800] "GET /xingrg/check_reg.html?_=1659066550664 HTTP/1.1" 200 22
116.233.75.162 - - [29/Jul/2022:11:49:20 +0800] "GET /xingrg/all/function/internal_message.html?_=1659066559071&CODE_STATE=getMsg HTTP/1.1" 200 27
101.85.120.95 - - [29/Jul/2022:11:49:21 +0800] "GET /xingrg/all/function/internal_message.html?_=1659066558472&CODE_STATE=getMsg HTTP/1.1" 200 27
222.69.129.110 - - [29/Jul/2022:11:49:26 +0800] "GET /xingrg/all/function/internal_message.html?_=1659066618790&CODE_STATE=getMsg HTTP/1.1" 200 27
180.169.147.146 - - [29/Jul/2022:11:49:31 +0800] "POST /xingrg/kc/buy/cgsh_order_operate.html HTTP/1.1" 200 37
116.224.255.128 - - [29/Jul/2022:11:49:32 +0800] "GET /xingrg/all/function/internal_message.html?_=1659066569187&CODE_STATE=getMsg HTTP/1.1" 200 27
180.169.147.146 - - [29/Jul/2022:11:49:32 +0800] "POST /xingrg/kc/buy/cgsh_order_operate.html HTTP/1.1" 200 8622
180.169.147.146 - - [29/Jul/2022:11:49:33 +0800] "GET /xingrg/kc/print/load_data.html?order_code=212022072907617&kc_code=cgsh&condition= HTTP/1.1" 200 2967
180.169.147.146 - - [29/Jul/2022:11:49:35 +0800] "GET /xingrg/all/function/internal_message.html?_=1659066571744&CODE_STATE=getMsg HTTP/1.1" 200 27
61.170.235.52 - - [29/Jul/2022:11:49:37 +0800] "GET /xingrg/all/function/internal_message.html?_=1659066578776&CODE_STATE=getMsg HTTP/1.1" 200 27
61.165.20.118 - - [29/Jul/2022:11:49:42 +0800] "GET /xingrg/all/function/internal_message.html?_=1659066462160&CODE_STATE=getMsg HTTP/1.1" 200 27
61.165.20.118 - - [29/Jul/2022:11:49:45 +0800] "POST /xingrg/kc/base/wldb_order_operate.html HTTP/1.1" 200 37
61.165.20.118 - - [29/Jul/2022:11:49:46 +0800] "POST /xingrg/kc/base/wldb_order_operate.html HTTP/1.1" 200 2648
101.83.240.174 - - [29/Jul/2022:11:49:46 +0800] "GET /xingrg/all/function/internal_message.html?_=1659066582830&CODE_STATE=getMsg HTTP/1.1" 200 27
61.165.20.118 - - [29/Jul/2022:11:49:46 +0800] "GET /xingrg/kc/base/wldb_order_info.html?code=422022072901893 HTTP/1.1" 200 30370
61.165.20.118 - - [29/Jul/2022:11:49:47 +0800] "GET /xingrg/javascript/easyui/themes/default/validatebox.css HTTP/1.1" 404 1104
61.165.20.118 - - [29/Jul/2022:11:49:47 +0800] "POST /xingrg/kc/base/wldb_order_operate.html HTTP/1.1" 200 2648
218.81.223.53 - - [29/Jul/2022:11:49:48 +0800] "GET /xingrg/check_reg.html?_=1659066589927 HTTP/1.1" 200 22
218.81.223.53 - - [29/Jul/2022:11:49:48 +0800] "GET /xingrg/all/function/internal_message.html?_=1659066590213&CODE_STATE=getMsg HTTP/1.1" 200 27
101.80.228.36 - - [29/Jul/2022:11:49:52 +0800] "GET /xingrg/all/function/internal_message.html?_=1659066589658&CODE_STATE=getMsg HTTP/1.1" 200 27
58.40.7.146 - - [29/Jul/2022:11:49:52 +0800] "GET /xingrg/all/function/internal_message.html?_=1659066589679&CODE_STATE=getMsg HTTP/1.1" 302 -
58.40.7.146 - - [29/Jul/2022:11:49:52 +0800] "GET /xingrg/check_reg.html?_=1659066589681 HTTP/1.1" 302 -
61.165.20.118 - - [29/Jul/2022:11:49:56 +0800] "GET /xingrg/kc/base/wldb_order_add.html HTTP/1.1" 200 30356
61.165.20.118 - - [29/Jul/2022:11:49:57 +0800] "POST /xingrg/kc/base/wldb_order_operate.html HTTP/1.1" 200 6806
61.165.20.118 - - [29/Jul/2022:11:49:57 +0800] "GET /xingrg/javascript/easyui/themes/default/validatebox.css HTTP/1.1" 404 1104
120.253.135.82 - - [29/Jul/2022:11:49:58 +0800] "GET /xingrg/check_reg.html?_=1659066404223 HTTP/1.1" 200 22
116.224.123.211 - - [29/Jul/2022:11:49:59 +0800] "GET /xingrg/all/function/internal_message.html?_=1659066595952&CODE_STATE=getMsg HTTP/1.1" 200 27
116.224.123.211 - - [29/Jul/2022:11:50:00 +0800] "GET /xingrg/check_reg.html?_=1659066596977 HTTP/1.1" 200 22
116.233.75.162 - - [29/Jul/2022:11:50:03 +0800] "GET /xingrg/all/function/internal_message.html?_=1659066601941&CODE_STATE=getMsg HTTP/1.1" 200 27
61.165.20.118 - - [29/Jul/2022:11:50:07 +0800] "GET /xingrg/all/function/internal_message.html?_=1659066603958&CODE_STATE=getMsg HTTP/1.1" 200 27
180.169.147.146 - - [29/Jul/2022:11:50:09 +0800] "GET /xingrg/all/function/internal_message.html?_=1659066604091&CODE_STATE=getMsg HTTP/1.1" 200 27
116.232.194.65 - - [29/Jul/2022:11:50:10 +0800] "GET /xingrg/all/function/internal_message.html?_=1659066601147&CODE_STATE=getMsg HTTP/1.1" 200 27
116.232.194.65 - - [29/Jul/2022:11:50:12 +0800] "GET /xingrg/check_reg.html?_=1659066603318 HTTP/1.1" 200 22
180.169.147.146 - - [29/Jul/2022:11:50:15 +0800] "GET /xingrg/all/function/internal_message.html?_=1659066609953&CODE_STATE=getMsg HTTP/1.1" 200 27
61.165.20.118 - - [29/Jul/2022:11:50:19 +0800] "GET /xingrg/kc/base/wldb_order_operate.html?command=get_materiel&rest_code=00105&base_code=0010507&code=00101019018 HTTP/1.1" 200 465
116.233.75.162 - - [29/Jul/2022:11:50:20 +0800] "GET /xingrg/all/function/internal_message.html?_=1659066619079&CODE_STATE=getMsg HTTP/1.1" 200 27
101.85.120.95 - - [29/Jul/2022:11:50:21 +0800] "GET /xingrg/all/function/internal_message.html?_=1659066618471&CODE_STATE=getMsg HTTP/1.1" 200 27
222.69.129.110 - - [29/Jul/2022:11:50:26 +0800] "GET /xingrg/all/function/internal_message.html?_=1659066678809&CODE_STATE=getMsg HTTP/1.1" 200 27
61.165.20.118 - - [29/Jul/2022:11:50:28 +0800] "GET /xingrg/kc/base/wldb_order_operate.html?command=get_materiel&rest_code=00105&base_code=0010507&code=00101016044 HTTP/1.1" 200 464
116.224.255.128 - - [29/Jul/2022:11:50:32 +0800] "GET /xingrg/all/function/internal_message.html?_=1659066629173&CODE_STATE=getMsg HTTP/1.1" 200 27
180.169.147.146 - - [29/Jul/2022:11:50:35 +0800] "GET /xingrg/all/function/internal_message.html?_=1659066631745&CODE_STATE=getMsg HTTP/1.1" 200 27
61.170.235.52 - - [29/Jul/2022:11:50:37 +0800] "GET /xingrg/all/function/internal_message.html?_=1659066638781&CODE_STATE=getMsg HTTP/1.1" 200 27
180.169.147.146 - - [29/Jul/2022:11:50:40 +0800] "POST /xingrg/kc/buy/cgsh_order_operate.html HTTP/1.1" 200 37
61.165.20.118 - - [29/Jul/2022:11:50:42 +0800] "GET /xingrg/all/function/internal_message.html?_=1659066522143&CODE_STATE=getMsg HTTP/1.1" 200 27
101.85.120.95 - - [29/Jul/2022:11:50:43 +0800] "GET /xingrg/kc/base/wldb_order_operate.html?command=get_materiel&rest_code=00142&base_code=0010193&code=00102002117 HTTP/1.1" 200 434
61.165.20.118 - - [29/Jul/2022:11:50:43 +0800] "GET /xingrg/kc/base/wldb_order_operate.html?command=get_materiel&rest_code=00105&base_code=0010507&code=00101019438 HTTP/1.1" 200 462
101.83.240.174 - - [29/Jul/2022:11:50:43 +0800] "GET /xingrg/check_reg.html?_=1659066639836 HTTP/1.1" 200 22
180.169.147.146 - - [29/Jul/2022:11:50:45 +0800] "POST /xingrg/kc/buy/cgsh_order_operate.html HTTP/1.1" 200 9213
101.83.240.174 - - [29/Jul/2022:11:50:46 +0800] "GET /xingrg/all/function/internal_message.html?_=1659066642813&CODE_STATE=getMsg HTTP/1.1" 200 27
218.81.223.53 - - [29/Jul/2022:11:50:48 +0800] "GET /xingrg/all/function/internal_message.html?_=1659066650227&CODE_STATE=getMsg HTTP/1.1" 200 27
61.165.20.118 - - [29/Jul/2022:11:50:50 +0800] "POST /xingrg/kc/base/wldb_order_operate.html HTTP/1.1" 200 37
61.165.20.118 - - [29/Jul/2022:11:50:50 +0800] "POST /xingrg/kc/base/wldb_order_operate.html HTTP/1.1" 200 3196
61.165.20.118 - - [29/Jul/2022:11:50:51 +0800] "GET /xingrg/kc/base/wldb_order_info.html?code=422022072901894 HTTP/1.1" 200 30370
61.165.20.118 - - [29/Jul/2022:11:50:51 +0800] "GET /xingrg/javascript/easyui/themes/default/validatebox.css HTTP/1.1" 404 1104
61.165.20.118 - - [29/Jul/2022:11:50:51 +0800] "POST /xingrg/kc/base/wldb_order_operate.html HTTP/1.1" 200 3196
101.80.228.36 - - [29/Jul/2022:11:50:52 +0800] "GET /xingrg/all/function/internal_message.html?_=1659066649627&CODE_STATE=getMsg HTTP/1.1" 200 27
