222.69.129.110 - - [29/Jul/2022:09:11:08 +0800] "GET /xingrg/javascript/jquery_easy_ui/themes/default/images/tabs_active.png HTTP/1.1" 200 2894
218.81.223.53 - - [29/Jul/2022:09:11:08 +0800] "GET /xingrg/all/function/internal_message.html?_=1659057069551&CODE_STATE=getMsg HTTP/1.1" 200 27
222.69.129.110 - - [29/Jul/2022:09:11:11 +0800] "POST /xingrg/kc/buy/cgsh_list_operate.html HTTP/1.1" 200 2051
116.232.194.65 - - [29/Jul/2022:09:11:12 +0800] "GET /xingrg/all/function/internal_message.html?_=1659057063304&CODE_STATE=getMsg HTTP/1.1" 200 27
222.69.129.110 - - [29/Jul/2022:09:11:13 +0800] "POST /xingrg/kc/buy/cgsh_list_operate.html HTTP/1.1" 200 587
222.69.129.110 - - [29/Jul/2022:09:11:14 +0800] "GET /xingrg/kc/buy/cgsh_order_info.html?code=212022071303224 HTTP/1.1" 200 67106
222.69.129.110 - - [29/Jul/2022:09:11:14 +0800] "GET /xingrg/javascript/easyui/themes/default/validatebox.css HTTP/1.1" 404 1104
222.69.129.110 - - [29/Jul/2022:09:11:15 +0800] "POST /xingrg/kc/buy/cgsh_order_operate.html HTTP/1.1" 200 6249
61.165.20.118 - - [29/Jul/2022:09:11:21 +0800] "GET /xingrg/kc/buy/cgsh_order_operate.html?command=get_materiel&rest_code=00105&code=00101008038&supplier_code=00100203&order_time=2022-07-29 HTTP/1.1" 200 412
58.221.95.50 - - [29/Jul/2022:09:11:21 +0800] "GET /xingrg/check_reg.html?_=1659057079479 HTTP/1.1" 302 -
116.224.123.211 - - [29/Jul/2022:09:11:25 +0800] "GET /xingrg/all/function/internal_message.html?_=1659057083368&CODE_STATE=getMsg HTTP/1.1" 200 27
222.69.129.110 - - [29/Jul/2022:09:11:26 +0800] "GET /xingrg/all/function/internal_message.html?_=1659057138804&CODE_STATE=getMsg HTTP/1.1" 200 27
61.165.20.118 - - [29/Jul/2022:09:11:34 +0800] "GET /xingrg/kc/buy/cgsh_order_operate.html?command=get_materiel&rest_code=00105&code=00101008358&supplier_code=00100203&order_time=2022-07-29 HTTP/1.1" 200 412
120.253.135.82 - - [29/Jul/2022:09:11:39 +0800] "GET /xingrg/all/function/internal_message.html?_=1659056904313&CODE_STATE=getMsg HTTP/1.1" 200 27
101.83.240.174 - - [29/Jul/2022:09:11:42 +0800] "GET /xingrg/all/function/internal_message.html?_=1659057098717&CODE_STATE=getMsg HTTP/1.1" 200 27
61.165.20.118 - - [29/Jul/2022:09:11:45 +0800] "GET /xingrg/all/function/internal_message.html?_=1659056984812&CODE_STATE=getMsg HTTP/1.1" 200 27
116.224.255.128 - - [29/Jul/2022:09:11:49 +0800] "GET /xingrg/check_reg.html?_=1659057106822 HTTP/1.1" 200 22
116.224.255.128 - - [29/Jul/2022:09:11:50 +0800] "GET /xingrg/all/function/internal_message.html?_=1659057106890&CODE_STATE=getMsg HTTP/1.1" 200 27
58.40.7.146 - - [29/Jul/2022:09:11:52 +0800] "GET /xingrg/all/function/internal_message.html?_=1659057109578&CODE_STATE=getMsg HTTP/1.1" 302 -
101.80.228.36 - - [29/Jul/2022:09:11:53 +0800] "GET /xingrg/all/function/internal_message.html?_=1659057111079&CODE_STATE=getMsg HTTP/1.1" 200 27
114.86.187.244 - - [29/Jul/2022:09:12:06 +0800] "GET /xingrg/check_reg.html?_=1659057125680 HTTP/1.1" 200 22
61.165.20.118 - - [29/Jul/2022:09:12:07 +0800] "GET /xingrg/check_reg.html?_=1659057123951 HTTP/1.1" 200 22
61.165.20.118 - - [29/Jul/2022:09:12:07 +0800] "GET /xingrg/all/function/internal_message.html?_=1659057123952&CODE_STATE=getMsg HTTP/1.1" 200 27
218.81.223.53 - - [29/Jul/2022:09:12:09 +0800] "GET /xingrg/all/function/internal_message.html?_=1659057130024&CODE_STATE=getMsg HTTP/1.1" 200 27
116.232.194.65 - - [29/Jul/2022:09:12:12 +0800] "GET /xingrg/all/function/internal_message.html?_=1659057123309&CODE_STATE=getMsg HTTP/1.1" 200 27
116.224.123.211 - - [29/Jul/2022:09:12:25 +0800] "GET /xingrg/all/function/internal_message.html?_=1659057143372&CODE_STATE=getMsg HTTP/1.1" 200 27
222.69.129.110 - - [29/Jul/2022:09:12:26 +0800] "GET /xingrg/all/function/internal_message.html?_=1659057198797&CODE_STATE=getMsg HTTP/1.1" 200 27
120.253.135.82 - - [29/Jul/2022:09:12:39 +0800] "GET /xingrg/all/function/internal_message.html?_=1659056964320&CODE_STATE=getMsg HTTP/1.1" 200 27
101.83.240.174 - - [29/Jul/2022:09:12:42 +0800] "GET /xingrg/all/function/internal_message.html?_=1659057158716&CODE_STATE=getMsg HTTP/1.1" 200 27
61.165.20.118 - - [29/Jul/2022:09:12:45 +0800] "GET /xingrg/all/function/internal_message.html?_=1659057044798&CODE_STATE=getMsg HTTP/1.1" 200 27
116.224.255.128 - - [29/Jul/2022:09:12:50 +0800] "GET /xingrg/all/function/internal_message.html?_=1659057166879&CODE_STATE=getMsg HTTP/1.1" 200 27
58.40.7.146 - - [29/Jul/2022:09:12:52 +0800] "GET /xingrg/all/function/internal_message.html?_=1659057169567&CODE_STATE=getMsg HTTP/1.1" 302 -
101.80.228.36 - - [29/Jul/2022:09:12:53 +0800] "GET /xingrg/all/function/internal_message.html?_=1659057171079&CODE_STATE=getMsg HTTP/1.1" 200 27
218.81.223.53 - - [29/Jul/2022:09:13:04 +0800] "GET /xingrg/check_reg.html?_=1659057185260 HTTP/1.1" 200 22
61.165.20.118 - - [29/Jul/2022:09:13:07 +0800] "GET /xingrg/all/function/internal_message.html?_=1659057183932&CODE_STATE=getMsg HTTP/1.1" 200 27
218.81.223.53 - - [29/Jul/2022:09:13:08 +0800] "GET /xingrg/all/function/internal_message.html?_=1659057190030&CODE_STATE=getMsg HTTP/1.1" 200 27
101.83.240.174 - - [29/Jul/2022:09:13:12 +0800] "GET /xingrg/kc/buy/cgsh_order_operate.html?command=get_materiel&rest_code=00149&code=00101008201&supplier_code=00100005&order_time=2022-07-29 HTTP/1.1" 200 412
116.232.194.65 - - [29/Jul/2022:09:13:12 +0800] "GET /xingrg/all/function/internal_message.html?_=1659057183313&CODE_STATE=getMsg HTTP/1.1" 200 27
116.224.123.211 - - [29/Jul/2022:09:13:25 +0800] "GET /xingrg/all/function/internal_message.html?_=1659057203376&CODE_STATE=getMsg HTTP/1.1" 200 27
222.69.129.110 - - [29/Jul/2022:09:13:26 +0800] "GET /xingrg/check_reg.html?_=1659057258809 HTTP/1.1" 200 22
222.69.129.110 - - [29/Jul/2022:09:13:26 +0800] "GET /xingrg/all/function/internal_message.html?_=1659057258815&CODE_STATE=getMsg HTTP/1.1" 200 27
101.83.240.174 - - [29/Jul/2022:09:13:31 +0800] "GET /xingrg/kc/buy/cgsh_order_operate.html?command=get_materiel&rest_code=00149&code=00101008403&supplier_code=00100005&order_time=2022-07-29 HTTP/1.1" 200 412
116.233.75.162 - - [29/Jul/2022:09:13:36 +0800] "GET /favicon.ico HTTP/1.1" 404 -
116.233.75.162 - - [29/Jul/2022:09:13:38 +0800] "GET /xingrg/login.html HTTP/1.1" 200 7641
116.233.75.162 - - [29/Jul/2022:09:13:38 +0800] "GET /xingrg/images/blue/jxLogo.png HTTP/1.1" 200 6156
116.233.75.162 - - [29/Jul/2022:09:13:39 +0800] "GET /xingrg/images/blue/login_bg.png HTTP/1.1" 200 22101
116.233.75.162 - - [29/Jul/2022:09:13:39 +0800] "GET /xingrg/images/blue/srbg.png HTTP/1.1" 200 138
116.233.75.162 - - [29/Jul/2022:09:13:39 +0800] "GET /xingrg/images/blue/hj.png HTTP/1.1" 200 1014
120.253.135.82 - - [29/Jul/2022:09:13:39 +0800] "GET /xingrg/all/function/internal_message.html?_=1659057024402&CODE_STATE=getMsg HTTP/1.1" 200 27
116.233.75.162 - - [29/Jul/2022:09:13:39 +0800] "GET /favicon.ico HTTP/1.1" 404 -
101.83.240.174 - - [29/Jul/2022:09:13:42 +0800] "GET /xingrg/all/function/internal_message.html?_=1659057218737&CODE_STATE=getMsg HTTP/1.1" 200 27
116.233.75.162 - - [29/Jul/2022:09:13:44 +0800] "POST /xingrg/login.do HTTP/1.1" 302 -
116.233.75.162 - - [29/Jul/2022:09:13:44 +0800] "GET /xingrg/javascript/jquery_easy_ui/themes/icon.css HTTP/1.1" 200 3949
116.233.75.162 - - [29/Jul/2022:09:13:44 +0800] "GET /xingrg/index.html?sysBaseUrl=http%3A%2F%2F180.169.147.146%3A18081%2Fxingrg%2F&costTime=52×tamp=1659057224135 HTTP/1.1" 200 17173
116.233.75.162 - - [29/Jul/2022:09:13:44 +0800] "GET /xingrg/javascript/jquery_easy_ui/themes/default/easyui.css HTTP/1.1" 200 26500
116.233.75.162 - - [29/Jul/2022:09:13:44 +0800] "GET /xingrg/css/form.css HTTP/1.1" 200 893
116.233.75.162 - - [29/Jul/2022:09:13:44 +0800] "GET /favicon.ico HTTP/1.1" 404 -
116.233.75.162 - - [29/Jul/2022:09:13:44 +0800] "GET /xingrg/javascript/jquery_easy_ui/jquery.easyui.min.js HTTP/1.1" 200 213662
116.233.75.162 - - [29/Jul/2022:09:13:44 +0800] "GET /xingrg/javascript/jquery-1.4.2.min.js HTTP/1.1" 200 72205
116.233.75.162 - - [29/Jul/2022:09:13:44 +0800] "GET /xingrg/javascript/jquery.timers.js HTTP/1.1" 200 3532
116.233.75.162 - - [29/Jul/2022:09:13:44 +0800] "GET /xingrg/javascript/jquery_easy_ui/easyui-lang-zh_CN.js HTTP/1.1" 200 1900
116.233.75.162 - - [29/Jul/2022:09:13:44 +0800] "GET /xingrg/javascript/jquery.utils.js HTTP/1.1" 200 11805
116.233.75.162 - - [29/Jul/2022:09:13:44 +0800] "GET /xingrg/javascript/jquery.form.js HTTP/1.1" 200 23110
116.233.75.162 - - [29/Jul/2022:09:13:44 +0800] "GET /xingrg/javascript/jquery_easy_ui/themes/icons/settle_new.png HTTP/1.1" 200 826
116.233.75.162 - - [29/Jul/2022:09:13:44 +0800] "GET /xingrg/images/blue/navBackgound.jpg HTTP/1.1" 200 12378
116.233.75.162 - - [29/Jul/2022:09:13:44 +0800] "POST /xingrg/all/common/load_tree.html?tree=area_rest_tree_json&manage=1 HTTP/1.1" 200 342
116.233.75.162 - - [29/Jul/2022:09:13:44 +0800] "GET /xingrg/all/function/internal_message.html?_=1659057222522&CODE_STATE=count HTTP/1.1" 200 11
116.233.75.162 - - [29/Jul/2022:09:13:44 +0800] "GET /xingrg/check_reg.html?_=1659057222523 HTTP/1.1" 200 22
116.233.75.162 - - [29/Jul/2022:09:13:44 +0800] "GET /xingrg/images/blue/pingpu.png HTTP/1.1" 200 231
116.233.75.162 - - [29/Jul/2022:09:13:44 +0800] "GET /xingrg/javascript/jquery_easy_ui/themes/default/images/panel_tool_collapse.gif HTTP/1.1" 200 246
116.233.75.162 - - [29/Jul/2022:09:13:44 +0800] "GET /xingrg/javascript/jquery_easy_ui/themes/default/images/tabs_leftarrow.png HTTP/1.1" 200 389
116.233.75.162 - - [29/Jul/2022:09:13:44 +0800] "GET /xingrg/javascript/jquery_easy_ui/themes/default/images/tabs_rightarrow.png HTTP/1.1" 200 395
116.233.75.162 - - [29/Jul/2022:09:13:44 +0800] "POST /xingrg/load_menu.html HTTP/1.1" 200 5138
116.233.75.162 - - [29/Jul/2022:09:13:44 +0800] "GET /xingrg/javascript/jquery_easy_ui/themes/default/images/tree_folder_open.gif HTTP/1.1" 200 956
116.233.75.162 - - [29/Jul/2022:09:13:44 +0800] "GET /xingrg/javascript/jquery_easy_ui/themes/default/images/tree_arrows.gif HTTP/1.1" 200 1043
116.233.75.162 - - [29/Jul/2022:09:13:44 +0800] "GET /xingrg/javascript/jquery_easy_ui/themes/icons/search_new.png HTTP/1.1" 200 586
116.233.75.162 - - [29/Jul/2022:09:13:44 +0800] "GET /xingrg/javascript/jquery_easy_ui/themes/icons/storage_new.png HTTP/1.1" 200 853
116.233.75.162 - - [29/Jul/2022:09:13:44 +0800] "GET /xingrg/javascript/jquery_easy_ui/themes/default/images/tree_folder.gif HTTP/1.1" 200 952
116.233.75.162 - - [29/Jul/2022:09:13:44 +0800] "GET /xingrg/javascript/jquery_easy_ui/themes/default/images/tree_file.gif HTTP/1.1" 200 118
116.233.75.162 - - [29/Jul/2022:09:13:44 +0800] "GET /xingrg/javascript/jquery_easy_ui/themes/icons/forms_new.png HTTP/1.1" 200 350
61.165.20.118 - - [29/Jul/2022:09:13:45 +0800] "GET /xingrg/all/function/internal_message.html?_=1659057104784&CODE_STATE=getMsg HTTP/1.1" 200 27
116.233.75.162 - - [29/Jul/2022:09:13:46 +0800] "GET /xingrg/javascript/jquery_easy_ui/themes/default/images/tabs_close.gif HTTP/1.1" 200 829
116.233.75.162 - - [29/Jul/2022:09:13:46 +0800] "GET /xingrg/kc/base/base_main.html HTTP/1.1" 200 12142
116.233.75.162 - - [29/Jul/2022:09:13:46 +0800] "GET /xingrg/javascript/pic_change.js HTTP/1.1" 200 4739
116.233.75.162 - - [29/Jul/2022:09:13:46 +0800] "GET /xingrg/images/blue/button/kc.gif HTTP/1.1" 200 2160
116.233.75.162 - - [29/Jul/2022:09:13:46 +0800] "GET /xingrg/images/blue/button/ckpd.gif HTTP/1.1" 200 2051
116.233.75.162 - - [29/Jul/2022:09:13:46 +0800] "GET /xingrg/images/blue/button/wlsy.gif HTTP/1.1" 200 2536
116.233.75.162 - - [29/Jul/2022:09:13:46 +0800] "GET /xingrg/images/blue/button/ckdb.gif HTTP/1.1" 200 1950
116.233.75.162 - - [29/Jul/2022:09:13:46 +0800] "GET /xingrg/images/blue/button/yddb.gif HTTP/1.1" 200 2040
116.233.75.162 - - [29/Jul/2022:09:13:46 +0800] "GET /xingrg/images/blue/pic_form2.gif HTTP/1.1" 200 1853
116.233.75.162 - - [29/Jul/2022:09:13:46 +0800] "GET /xingrg/css/blue.css HTTP/1.1" 200 15949
116.233.75.162 - - [29/Jul/2022:09:13:46 +0800] "GET /xingrg/javascript/myfunction.js HTTP/1.1" 200 24559
116.233.75.162 - - [29/Jul/2022:09:13:46 +0800] "GET /xingrg/images/blue/button/top_left.jpg HTTP/1.1" 200 1632
116.233.75.162 - - [29/Jul/2022:09:13:46 +0800] "GET /xingrg/images/blue/bg_dotted.jpg HTTP/1.1" 200 319
116.233.75.162 - - [29/Jul/2022:09:13:46 +0800] "GET /xingrg/images/blue/button/top_right.jpg HTTP/1.1" 200 1708
116.233.75.162 - - [29/Jul/2022:09:13:46 +0800] "GET /xingrg/images/blue/button/right_ah.jpg HTTP/1.1" 200 1744
116.233.75.162 - - [29/Jul/2022:09:13:46 +0800] "GET /xingrg/images/blue/button/left_ah.jpg HTTP/1.1" 200 1643
116.233.75.162 - - [29/Jul/2022:09:13:46 +0800] "GET /xingrg/images/blue/button/down.jpg HTTP/1.1" 200 1560
116.233.75.162 - - [29/Jul/2022:09:13:46 +0800] "GET /xingrg/images/blue/button/bottom_left.jpg HTTP/1.1" 200 1524
116.233.75.162 - - [29/Jul/2022:09:13:46 +0800] "GET /xingrg/images/blue/button/bottom_right.jpg HTTP/1.1" 200 1436
116.233.75.162 - - [29/Jul/2022:09:13:47 +0800] "GET /xingrg/kc/report/report_main.html HTTP/1.1" 200 7340
116.233.75.162 - - [29/Jul/2022:09:13:47 +0800] "GET /xingrg/javascript/json2.js HTTP/1.1" 200 11259
116.233.75.162 - - [29/Jul/2022:09:13:47 +0800] "GET /xingrg/javascript/jquery_ui/themes/humanity/humanity.css HTTP/1.1" 200 27801
116.233.75.162 - - [29/Jul/2022:09:13:47 +0800] "GET /xingrg/javascript/jquery_easy_ui/themes/icons/back_new.png HTTP/1.1" 200 3414
116.233.75.162 - - [29/Jul/2022:09:13:49 +0800] "GET /xingrg/javascript/multi_select/jqueryMultiSelect.css HTTP/1.1" 200 951
116.233.75.162 - - [29/Jul/2022:09:13:49 +0800] "GET /xingrg/javascript/calendar/timePicker.css HTTP/1.1" 200 523
116.233.75.162 - - [29/Jul/2022:09:13:49 +0800] "GET /xingrg/javascript/bigrid/fix.css HTTP/1.1" 200 1702
116.233.75.162 - - [29/Jul/2022:09:13:49 +0800] "GET /xingrg/javascript/calendar/jquery.timePicker.min.js HTTP/1.1" 200 2997
116.233.75.162 - - [29/Jul/2022:09:13:49 +0800] "GET /xingrg/javascript/bigrid/fix.js HTTP/1.1" 200 6439
116.233.75.162 - - [29/Jul/2022:09:13:49 +0800] "GET /xingrg/dwr/interface/AjaxReportQueryService.js HTTP/1.1" 200 13203
116.233.75.162 - - [29/Jul/2022:09:13:49 +0800] "GET /xingrg/all/report/report_query.html?fileName=kc/buy/gys_amount.xml&rh=99999 HTTP/1.1" 200 52006
116.233.75.162 - - [29/Jul/2022:09:13:49 +0800] "GET /xingrg/javascript/jqueryMultiSelect.js HTTP/1.1" 200 11866
116.233.75.162 - - [29/Jul/2022:09:13:49 +0800] "GET /xingrg/dwr/util.js HTTP/1.1" 200 35990
116.233.75.162 - - [29/Jul/2022:09:13:49 +0800] "GET /xingrg/javascript/Calendar.js HTTP/1.1" 200 31561
116.233.75.162 - - [29/Jul/2022:09:13:49 +0800] "GET /xingrg/dwr/engine.js HTTP/1.1" 200 43631
116.233.75.162 - - [29/Jul/2022:09:13:49 +0800] "GET /xingrg/images/blue/button/advanceover.gif HTTP/1.1" 200 1347
116.233.75.162 - - [29/Jul/2022:09:13:49 +0800] "GET /xingrg/images/blue/button/advance2over.gif HTTP/1.1" 200 1336
116.233.75.162 - - [29/Jul/2022:09:13:49 +0800] "GET /xingrg/images/blue/button/back2over.gif HTTP/1.1" 200 1335
116.233.75.162 - - [29/Jul/2022:09:13:49 +0800] "GET /xingrg/images/blue/button/backover.gif HTTP/1.1" 200 1348
116.233.75.162 - - [29/Jul/2022:09:13:49 +0800] "GET /xingrg/images/control/loading.gif HTTP/1.1" 200 13463
116.233.75.162 - - [29/Jul/2022:09:13:49 +0800] "GET /xingrg/javascript/jquery_easy_ui/themes/icons/pencil.png HTTP/1.1" 200 713
116.233.75.162 - - [29/Jul/2022:09:13:49 +0800] "GET /xingrg/javascript/jquery_easy_ui/themes/icons/help.png HTTP/1.1" 200 1187
116.233.75.162 - - [29/Jul/2022:09:13:49 +0800] "GET /xingrg/javascript/jquery_easy_ui/themes/icons/print.png HTTP/1.1" 200 1057
116.233.75.162 - - [29/Jul/2022:09:13:49 +0800] "GET /xingrg/javascript/jquery_easy_ui/themes/default/images/menu.gif HTTP/1.1" 200 834
116.233.75.162 - - [29/Jul/2022:09:13:49 +0800] "GET /xingrg/javascript/jquery_easy_ui/themes/default/images/menu_rightarrow.png HTTP/1.1" 200 3617
116.233.75.162 - - [29/Jul/2022:09:13:49 +0800] "GET /xingrg/javascript/jquery_easy_ui/themes/default/images/button_a_bg.gif HTTP/1.1" 200 1194
116.233.75.162 - - [29/Jul/2022:09:13:49 +0800] "GET /xingrg/javascript/jquery_easy_ui/themes/default/images/menu_downarrow.png HTTP/1.1" 200 173
116.233.75.162 - - [29/Jul/2022:09:13:49 +0800] "POST /xingrg/dwr/call/plaincall/AjaxReportQueryService.getFixDate.dwr HTTP/1.1" 200 111
116.233.75.162 - - [29/Jul/2022:09:13:49 +0800] "GET /xingrg/javascript/jquery_easy_ui/themes/default/images/combo_arrow_dot.gif HTTP/1.1" 200 79
116.233.75.162 - - [29/Jul/2022:09:13:49 +0800] "POST /xingrg/all/common/load_tree.html?tree=supplier_tree_json&manage=1 HTTP/1.1" 200 68157
116.233.75.162 - - [29/Jul/2022:09:13:49 +0800] "POST /xingrg/all/common/load_tree.html?tree=materiel_sort_tree_json HTTP/1.1" 200 9388
116.224.255.128 - - [29/Jul/2022:09:13:50 +0800] "GET /xingrg/all/function/internal_message.html?_=1659057226850&CODE_STATE=getMsg HTTP/1.1" 200 27
116.233.75.162 - - [29/Jul/2022:09:13:50 +0800] "GET /xingrg/javascript/jquery_easy_ui/themes/default/images/tree_checkbox_0.gif HTTP/1.1" 200 168
116.233.75.162 - - [29/Jul/2022:09:13:50 +0800] "POST /xingrg/dwr/call/plaincall/AjaxReportQueryService.getInitString.dwr HTTP/1.1" 200 1062
116.233.75.162 - - [29/Jul/2022:09:13:50 +0800] "GET /xingrg/javascript/multi_select/dropdown.gif HTTP/1.1" 200 61
180.169.147.146 - - [29/Jul/2022:09:13:51 +0800] "GET /favicon.ico HTTP/1.1" 404 -
58.40.7.146 - - [29/Jul/2022:09:13:52 +0800] "GET /xingrg/all/function/internal_message.html?_=1659057229558&CODE_STATE=getMsg HTTP/1.1" 302 -
101.80.228.36 - - [29/Jul/2022:09:13:53 +0800] "GET /xingrg/all/function/internal_message.html?_=1659057231080&CODE_STATE=getMsg HTTP/1.1" 200 27
101.80.228.36 - - [29/Jul/2022:09:13:53 +0800] "GET /xingrg/check_reg.html?_=1659057231082 HTTP/1.1" 200 22
116.233.75.162 - - [29/Jul/2022:09:13:59 +0800] "GET /xingrg/javascript/multi_select/dropdown_hover.gif HTTP/1.1" 200 61
61.165.20.118 - - [29/Jul/2022:09:14:00 +0800] "GET /xingrg/check_reg.html?_=1659057119530 HTTP/1.1" 200 22
116.233.75.162 - - [29/Jul/2022:09:14:01 +0800] "POST /xingrg/dwr/call/plaincall/AjaxReportQueryService.refreshCache.dwr HTTP/1.1" 200 78
116.233.75.162 - - [29/Jul/2022:09:14:04 +0800] "POST /xingrg/all/report/load_report_page.html HTTP/1.1" 200 165959
116.233.75.162 - - [29/Jul/2022:09:14:04 +0800] "GET /xingrg/servlets/image?cache=0.05326799629387735&image=px HTTP/1.1" 200 807
61.165.20.118 - - [29/Jul/2022:09:14:07 +0800] "GET /xingrg/all/function/internal_message.html?_=1659057243906&CODE_STATE=getMsg HTTP/1.1" 200 27
218.81.223.53 - - [29/Jul/2022:09:14:08 +0800] "GET /xingrg/all/function/internal_message.html?_=1659057250043&CODE_STATE=getMsg HTTP/1.1" 200 27
116.233.75.162 - - [29/Jul/2022:09:14:10 +0800] "GET /xingrg/all/report/report_query.html?isQuery=1&fileName=kc/buy/wlcg_cate_hz.xml&queryString=(CONVERT(char(10)%252Ca.order_time%252C%2520120)%253E%253D'2022-04-01')%2520and%2520(CONVERT(char(10)%252Ca.order_time%252C%2520120)%253C%253D'2022-06-30')%2520and%2520(a.number%253E0%2520and%2520a.supplier_code%253D'00100093')&queryText=%25E3%2580%2590%25E9%2587%2587%25E8%25B4%25AD%25E6%2597%25A5%25E6%259C%259F%253A2022-04-01%2520%25E8%2587%25B3%25202022-06-30%25E3%2580%2591%2520%25E5%25B9%25B6%25E4%25B8%2594%2520%25E3%2580%2590%25E4%25BE%259B%25E5%25BA%2594%25E5%2595%2586%253D%25E5%25B0%258F%25E5%25AE%2581%25E6%25B3%25A2%25EF%25BC%2588%25E4%25BD%2595%25E7%2588%25B1%25E4%25BC%259F%25EF%25BC%2589%25E3%2580%2591 HTTP/1.1" 200 54378
116.233.75.162 - - [29/Jul/2022:09:14:10 +0800] "GET /xingrg/dwr/interface/AjaxReportQueryService.js HTTP/1.1" 200 13203
116.233.75.162 - - [29/Jul/2022:09:14:10 +0800] "GET /xingrg/dwr/engine.js HTTP/1.1" 200 43631
101.83.240.174 - - [29/Jul/2022:09:14:10 +0800] "GET /xingrg/kc/buy/cgsh_order_operate.html?command=get_materiel&rest_code=00149&code=00101008297&supplier_code=00100005&order_time=2022-07-29 HTTP/1.1" 200 427
116.232.194.65 - - [29/Jul/2022:09:14:12 +0800] "GET /xingrg/all/function/internal_message.html?_=1659057243313&CODE_STATE=getMsg HTTP/1.1" 200 27
116.233.75.162 - - [29/Jul/2022:09:14:12 +0800] "POST /xingrg/all/report/load_report_page.html HTTP/1.1" 200 10891
116.233.75.162 - - [29/Jul/2022:09:14:12 +0800] "GET /xingrg/servlets/image?cache=0.8738936531827285&image=px HTTP/1.1" 200 807
116.233.75.162 - - [29/Jul/2022:09:14:18 +0800] "POST /xingrg/all/report/load_report_page.html HTTP/1.1" 200 23157
116.233.75.162 - - [29/Jul/2022:09:14:18 +0800] "GET /xingrg/servlets/image?cache=0.4192156881481196&image=px HTTP/1.1" 200 807
116.233.75.162 - - [29/Jul/2022:09:14:21 +0800] "GET /xingrg/javascript/jquery_easy_ui/themes/default/images/button_plain_hover.png HTTP/1.1" 200 252
120.253.135.82 - - [29/Jul/2022:09:14:22 +0800] "GET /xingrg/check_reg.html?_=1659057067955 HTTP/1.1" 200 22
116.233.75.162 - - [29/Jul/2022:09:14:24 +0800] "POST /xingrg/all/report/report_print.html HTTP/1.1" 302 -
116.233.75.162 - - [29/Jul/2022:09:14:24 +0800] "GET /xingrg/servlets/html?sysBaseUrl=http%3A%2F%2F180.169.147.146%3A18081%2Fxingrg%2F&costTime=1309×tamp=1659057264564 HTTP/1.1" 200 24101
116.233.75.162 - - [29/Jul/2022:09:14:24 +0800] "GET /xingrg/servlets/image?image=px HTTP/1.1" 200 807
116.233.75.162 - - [29/Jul/2022:09:14:24 +0800] "GET /favicon.ico HTTP/1.1" 404 -
116.224.123.211 - - [29/Jul/2022:09:14:25 +0800] "GET /xingrg/check_reg.html?_=1659057263371 HTTP/1.1" 200 22
116.224.123.211 - - [29/Jul/2022:09:14:25 +0800] "GET /xingrg/all/function/internal_message.html?_=1659057263374&CODE_STATE=getMsg HTTP/1.1" 200 27
222.69.129.110 - - [29/Jul/2022:09:14:26 +0800] "GET /xingrg/all/function/internal_message.html?_=1659057318791&CODE_STATE=getMsg HTTP/1.1" 200 27
101.83.240.174 - - [29/Jul/2022:09:14:29 +0800] "GET /xingrg/kc/buy/cgsh_order_operate.html?command=get_materiel&rest_code=00149&code=00101008125&supplier_code=00100005&order_time=2022-07-29 HTTP/1.1" 200 413
101.83.240.174 - - [29/Jul/2022:09:14:34 +0800] "POST /xingrg/kc/buy/cgsh_order_operate.html HTTP/1.1" 200 2065
120.253.135.82 - - [29/Jul/2022:09:14:39 +0800] "GET /xingrg/all/function/internal_message.html?_=1659057084409&CODE_STATE=getMsg HTTP/1.1" 200 27
101.83.240.174 - - [29/Jul/2022:09:14:42 +0800] "GET /xingrg/all/function/internal_message.html?_=1659057278725&CODE_STATE=getMsg HTTP/1.1" 200 27
101.83.240.174 - - [29/Jul/2022:09:14:43 +0800] "GET /xingrg/kc/buy/cgsh_order_operate.html?command=get_materiel&rest_code=00149&code=00101013175&supplier_code=00100005&order_time=2022-07-29 HTTP/1.1" 200 432
116.233.75.162 - - [29/Jul/2022:09:14:44 +0800] "GET /xingrg/all/function/internal_message.html?_=1659057282543&CODE_STATE=getMsg HTTP/1.1" 200 27
61.165.20.118 - - [29/Jul/2022:09:14:45 +0800] "GET /xingrg/all/function/internal_message.html?_=1659057164758&CODE_STATE=getMsg HTTP/1.1" 200 27
116.224.255.128 - - [29/Jul/2022:09:14:49 +0800] "GET /xingrg/all/function/internal_message.html?_=1659057286821&CODE_STATE=getMsg HTTP/1.1" 200 27
58.40.7.146 - - [29/Jul/2022:09:14:52 +0800] "GET /xingrg/check_reg.html?_=1659057289562 HTTP/1.1" 302 -
58.40.7.146 - - [29/Jul/2022:09:14:52 +0800] "GET /xingrg/all/function/internal_message.html?_=1659057289564&CODE_STATE=getMsg HTTP/1.1" 302 -
101.80.228.36 - - [29/Jul/2022:09:14:53 +0800] "GET /xingrg/all/function/internal_message.html?_=1659057291083&CODE_STATE=getMsg HTTP/1.1" 200 27
101.83.240.174 - - [29/Jul/2022:09:14:56 +0800] "GET /xingrg/kc/buy/cgsh_order_operate.html?command=get_materiel&rest_code=00149&code=00101008330&supplier_code=00100005&order_time=2022-07-29 HTTP/1.1" 200 409
116.232.194.65 - - [29/Jul/2022:09:15:06 +0800] "POST /xingrg/services/DataTransmitService HTTP/1.1" 200 524
61.165.20.118 - - [29/Jul/2022:09:15:07 +0800] "GET /xingrg/all/function/internal_message.html?_=1659057303879&CODE_STATE=getMsg HTTP/1.1" 200 27
218.81.223.53 - - [29/Jul/2022:09:15:09 +0800] "GET /xingrg/all/function/internal_message.html?_=1659057310494&CODE_STATE=getMsg HTTP/1.1" 200 27
101.83.240.174 - - [29/Jul/2022:09:15:09 +0800] "GET /xingrg/kc/buy/cgsh_order_operate.html?command=get_materiel&rest_code=00149&code=00101008127&supplier_code=00100005&order_time=2022-07-29 HTTP/1.1" 200 413
116.232.194.65 - - [29/Jul/2022:09:15:12 +0800] "GET /xingrg/check_reg.html?_=1659057303304 HTTP/1.1" 200 22
116.232.194.65 - - [29/Jul/2022:09:15:12 +0800] "GET /xingrg/all/function/internal_message.html?_=1659057303304&CODE_STATE=getMsg HTTP/1.1" 200 27
101.83.240.174 - - [29/Jul/2022:09:15:24 +0800] "GET /xingrg/kc/buy/cgsh_order_operate.html?command=get_materiel&rest_code=00149&code=00101008214&supplier_code=00100005&order_time=2022-07-29 HTTP/1.1" 200 424
116.224.123.211 - - [29/Jul/2022:09:15:25 +0800] "GET /xingrg/all/function/internal_message.html?_=1659057323375&CODE_STATE=getMsg HTTP/1.1" 200 27
222.69.129.110 - - [29/Jul/2022:09:15:26 +0800] "GET /xingrg/all/function/internal_message.html?_=1659057378799&CODE_STATE=getMsg HTTP/1.1" 200 27
101.83.240.174 - - [29/Jul/2022:09:15:38 +0800] "GET /xingrg/kc/buy/cgsh_order_operate.html?command=get_materiel&rest_code=00149&code=00101008114&supplier_code=00100005&order_time=2022-07-29 HTTP/1.1" 200 412
120.253.135.82 - - [29/Jul/2022:09:15:39 +0800] "GET /xingrg/all/function/internal_message.html?_=1659057144423&CODE_STATE=getMsg HTTP/1.1" 200 27
101.83.240.174 - - [29/Jul/2022:09:15:42 +0800] "GET /xingrg/all/function/internal_message.html?_=1659057338796&CODE_STATE=getMsg HTTP/1.1" 200 27
101.83.240.174 - - [29/Jul/2022:09:15:42 +0800] "GET /xingrg/check_reg.html?_=1659057338805 HTTP/1.1" 200 22
116.233.75.162 - - [29/Jul/2022:09:15:44 +0800] "GET /xingrg/all/function/internal_message.html?_=1659057342534&CODE_STATE=getMsg HTTP/1.1" 200 27
61.165.20.118 - - [29/Jul/2022:09:15:45 +0800] "GET /xingrg/all/function/internal_message.html?_=1659057224743&CODE_STATE=getMsg HTTP/1.1" 200 27
222.69.129.110 - - [29/Jul/2022:09:15:46 +0800] "POST /xingrg/kc/buy/cgsh_list_operate.html HTTP/1.1" 200 2051
101.83.240.174 - - [29/Jul/2022:09:15:48 +0800] "POST /xingrg/kc/buy/cgsh_order_operate.html HTTP/1.1" 200 2065
116.224.255.128 - - [29/Jul/2022:09:15:49 +0800] "GET /xingrg/all/function/internal_message.html?_=1659057346795&CODE_STATE=getMsg HTTP/1.1" 200 27
58.40.7.146 - - [29/Jul/2022:09:15:52 +0800] "GET /xingrg/all/function/internal_message.html?_=1659057349581&CODE_STATE=getMsg HTTP/1.1" 302 -
101.80.228.36 - - [29/Jul/2022:09:15:53 +0800] "GET /xingrg/all/function/internal_message.html?_=1659057351084&CODE_STATE=getMsg HTTP/1.1" 200 27
101.83.240.174 - - [29/Jul/2022:09:15:59 +0800] "GET /xingrg/kc/buy/cgsh_order_operate.html?command=get_materiel&rest_code=00149&code=00101008236&supplier_code=00100005&order_time=2022-07-29 HTTP/1.1" 200 432
61.165.20.118 - - [29/Jul/2022:09:16:07 +0800] "GET /xingrg/all/function/internal_message.html?_=1659057363846&CODE_STATE=getMsg HTTP/1.1" 200 27
218.81.223.53 - - [29/Jul/2022:09:16:09 +0800] "GET /xingrg/all/function/internal_message.html?_=1659057370507&CODE_STATE=getMsg HTTP/1.1" 200 27
116.232.194.65 - - [29/Jul/2022:09:16:12 +0800] "GET /xingrg/all/function/internal_message.html?_=1659057363314&CODE_STATE=getMsg HTTP/1.1" 200 27
172.20.0.100 - - [29/Jul/2022:09:16:18 +0800] "GET /xingrg/index.html?sysBaseUrl=http%3A%2F%2F172.17.0.8%3A18081%2Fxingrg%2F&costTime=213×tamp=1585200360465 HTTP/1.1" 302 -
172.20.0.100 - - [29/Jul/2022:09:16:18 +0800] "GET /xingrg/login.html HTTP/1.1" 200 7636
172.20.0.100 - - [29/Jul/2022:09:16:19 +0800] "GET /favicon.ico HTTP/1.1" 404 -
172.20.0.100 - - [29/Jul/2022:09:16:20 +0800] "POST /xingrg/login.do HTTP/1.1" 302 -
172.20.0.100 - - [29/Jul/2022:09:16:20 +0800] "GET /xingrg/index.html?sysBaseUrl=http%3A%2F%2F172.20.0.8%3A18081%2Fxingrg%2F&costTime=41×tamp=1659057380235 HTTP/1.1" 200 17448
172.20.0.100 - - [29/Jul/2022:09:16:20 +0800] "GET /favicon.ico HTTP/1.1" 404 -
172.20.0.100 - - [29/Jul/2022:09:16:20 +0800] "POST /xingrg/all/common/load_tree.html?tree=area_rest_tree_json&manage=1 HTTP/1.1" 200 3472
172.20.0.100 - - [29/Jul/2022:09:16:20 +0800] "GET /xingrg/check_reg.html?_=1659057377304 HTTP/1.1" 200 22
172.20.0.100 - - [29/Jul/2022:09:16:20 +0800] "GET /xingrg/all/function/internal_message.html?_=1659057377303&CODE_STATE=count HTTP/1.1" 200 11
172.20.0.100 - - [29/Jul/2022:09:16:20 +0800] "POST /xingrg/load_menu.html HTTP/1.1" 200 11529
58.221.95.50 - - [29/Jul/2022:09:16:21 +0800] "GET /xingrg/check_reg.html?_=1659057379469 HTTP/1.1" 302 -
172.20.0.100 - - [29/Jul/2022:09:16:24 +0800] "GET /xingrg/system/info/materiel_manager.html HTTP/1.1" 200 19442
172.20.0.100 - - [29/Jul/2022:09:16:24 +0800] "GET /xingrg/javascript/jquery_easy_ui/themes/default/images/tabs_close.gif HTTP/1.1" 200 829
172.20.0.100 - - [29/Jul/2022:09:16:24 +0800] "GET /xingrg/css/xtree.css HTTP/1.1" 200 880
172.20.0.100 - - [29/Jul/2022:09:16:24 +0800] "GET /xingrg/css/blue.css HTTP/1.1" 200 15949
172.20.0.100 - - [29/Jul/2022:09:16:24 +0800] "GET /xingrg/javascript/jquery_ui/themes/base/base.css HTTP/1.1" 200 28568
172.20.0.100 - - [29/Jul/2022:09:16:24 +0800] "GET /xingrg/javascript/pic_change.js HTTP/1.1" 200 4739
172.20.0.100 - - [29/Jul/2022:09:16:24 +0800] "GET /xingrg/dwr/interface/AjaxBaseInfoService.js HTTP/1.1" 200 21363
172.20.0.100 - - [29/Jul/2022:09:16:24 +0800] "GET /xingrg/dwr/interface/AjaxComOrderService.js HTTP/1.1" 200 18264
172.20.0.100 - - [29/Jul/2022:09:16:24 +0800] "GET /xingrg/dwr/engine.js HTTP/1.1" 200 43631
172.20.0.100 - - [29/Jul/2022:09:16:24 +0800] "GET /xingrg/dwr/util.js HTTP/1.1" 200 35990
172.20.0.100 - - [29/Jul/2022:09:16:24 +0800] "GET /xingrg/javascript/Calendar.js HTTP/1.1" 200 31561
172.20.0.100 - - [29/Jul/2022:09:16:24 +0800] "GET /xingrg/javascript/myfunction.js HTTP/1.1" 200 24559
172.20.0.100 - - [29/Jul/2022:09:16:24 +0800] "GET /xingrg/javascript/Grid.js HTTP/1.1" 200 58908
172.20.0.100 - - [29/Jul/2022:09:16:24 +0800] "GET /xingrg/javascript/ToolTips.js HTTP/1.1" 200 5615
172.20.0.100 - - [29/Jul/2022:09:16:24 +0800] "GET /xingrg/javascript/xtree.js HTTP/1.1" 200 26582
172.20.0.100 - - [29/Jul/2022:09:16:24 +0800] "GET /xingrg/javascript/print/LodopFuncs.js HTTP/1.1" 200 5121
116.224.123.211 - - [29/Jul/2022:09:16:25 +0800] "GET /xingrg/all/function/internal_message.html?_=1659057383379&CODE_STATE=getMsg HTTP/1.1" 200 27
172.20.0.100 - - [29/Jul/2022:09:16:25 +0800] "GET /xingrg/images/xtree/openfoldericon.png HTTP/1.1" 200 232
172.20.0.100 - - [29/Jul/2022:09:16:25 +0800] "GET /xingrg/javascript/jquery_easy_ui/themes/icons/import_new.png HTTP/1.1" 200 1247
172.20.0.100 - - [29/Jul/2022:09:16:25 +0800] "GET /xingrg/javascript/jquery_easy_ui/themes/icons/print_new.png HTTP/1.1" 200 3580
172.20.0.100 - - [29/Jul/2022:09:16:25 +0800] "GET /xingrg/javascript/jquery_easy_ui/themes/icons/back_new.png HTTP/1.1" 200 3414
172.20.0.100 - - [29/Jul/2022:09:16:25 +0800] "GET /xingrg/images/blue/wait.gif HTTP/1.1" 200 1100
172.20.0.100 - - [29/Jul/2022:09:16:25 +0800] "POST /xingrg/dwr/call/plaincall/AjaxBaseInfoService.getSubMaterielSorts.dwr HTTP/1.1" 200 219
172.20.0.100 - - [29/Jul/2022:09:16:25 +0800] "GET /xingrg/images/xtree/Lplus.png HTTP/1.1" 200 224
172.20.0.100 - - [29/Jul/2022:09:16:25 +0800] "GET /xingrg/images/xtree/foldericon.png HTTP/1.1" 200 229
172.20.0.100 - - [29/Jul/2022:09:16:25 +0800] "GET /xingrg/images/xtree/Tplus.png HTTP/1.1" 200 222
222.69.129.110 - - [29/Jul/2022:09:16:26 +0800] "GET /xingrg/all/function/internal_message.html?_=1659057438821&CODE_STATE=getMsg HTTP/1.1" 200 27
172.20.0.100 - - [29/Jul/2022:09:16:26 +0800] "POST /xingrg/dwr/call/plaincall/AjaxBaseInfoService.getMateriels.dwr HTTP/1.1" 200 2930
172.20.0.100 - - [29/Jul/2022:09:16:27 +0800] "POST /xingrg/dwr/call/plaincall/AjaxBaseInfoService.getSubMaterielSorts.dwr HTTP/1.1" 200 3802
172.20.0.100 - - [29/Jul/2022:09:16:27 +0800] "GET /xingrg/images/xtree/blank.png HTTP/1.1" 200 144
172.20.0.100 - - [29/Jul/2022:09:16:27 +0800] "GET /xingrg/images/xtree/L.png HTTP/1.1" 200 153
172.20.0.100 - - [29/Jul/2022:09:16:27 +0800] "GET /xingrg/images/xtree/file.png HTTP/1.1" 200 251
172.20.0.100 - - [29/Jul/2022:09:16:27 +0800] "GET /xingrg/images/xtree/T.png HTTP/1.1" 200 152
172.20.0.100 - - [29/Jul/2022:09:16:27 +0800] "GET /xingrg/images/xtree/Lminus.png HTTP/1.1" 200 219
172.20.0.100 - - [29/Jul/2022:09:16:27 +0800] "POST /xingrg/dwr/call/plaincall/AjaxBaseInfoService.getMateriels.dwr HTTP/1.1" 200 3020
172.20.0.100 - - [29/Jul/2022:09:16:30 +0800] "POST /xingrg/dwr/call/plaincall/AjaxBaseInfoService.getMateriels.dwr HTTP/1.1" 200 3018
172.20.0.100 - - [29/Jul/2022:09:16:32 +0800] "POST /xingrg/dwr/call/plaincall/AjaxBaseInfoService.searchMateriels.dwr HTTP/1.1" 200 152
172.20.0.100 - - [29/Jul/2022:09:16:34 +0800] "POST /xingrg/dwr/call/plaincall/AjaxBaseInfoService.searchMateriels.dwr HTTP/1.1" 200 686
172.20.0.100 - - [29/Jul/2022:09:16:36 +0800] "GET /xingrg/system/info/materiel_info.html?code=00102018&isAdd=1 HTTP/1.1" 200 36437
172.20.0.100 - - [29/Jul/2022:09:16:37 +0800] "GET /xingrg/dwr/interface/AjaxGetFirstChart.js HTTP/1.1" 200 631
172.20.0.100 - - [29/Jul/2022:09:16:37 +0800] "GET /xingrg/dwr/engine.js HTTP/1.1" 200 43631
172.20.0.100 - - [29/Jul/2022:09:16:37 +0800] "GET /xingrg/javascript/checkform.js HTTP/1.1" 200 18351
172.20.0.100 - - [29/Jul/2022:09:16:37 +0800] "GET /favicon.ico HTTP/1.1" 404 -
172.20.0.100 - - [29/Jul/2022:09:16:37 +0800] "POST /xingrg/all/common/load_tree.html?tree=area_rest_tree_json HTTP/1.1" 200 3472
172.20.0.100 - - [29/Jul/2022:09:16:37 +0800] "POST /xingrg/dwr/call/plaincall/AjaxBaseInfoService.getMaterielInfo.dwr HTTP/1.1" 200 216
172.20.0.100 - - [29/Jul/2022:09:16:37 +0800] "POST /xingrg/all/common/load_tree.html?tree=area_rest_tree_json&defaultRests=undefined HTTP/1.1" 200 3472
172.20.0.100 - - [29/Jul/2022:09:16:37 +0800] "GET /xingrg/javascript/jquery_easy_ui/themes/default/images/tree_checkbox_0.gif HTTP/1.1" 200 168
172.20.0.100 - - [29/Jul/2022:09:16:37 +0800] "GET /xingrg/javascript/jquery_easy_ui/themes/icons/area.png HTTP/1.1" 200 262
172.20.0.100 - - [29/Jul/2022:09:16:37 +0800] "GET /xingrg/javascript/jquery_easy_ui/themes/icons/manage.png HTTP/1.1" 200 696
172.20.0.100 - - [29/Jul/2022:09:16:37 +0800] "GET /xingrg/javascript/jquery_easy_ui/themes/icons/rest.png HTTP/1.1" 200 695
120.253.135.82 - - [29/Jul/2022:09:16:39 +0800] "GET /xingrg/all/function/internal_message.html?_=1659057204506&CODE_STATE=getMsg HTTP/1.1" 200 27
101.83.240.174 - - [29/Jul/2022:09:16:39 +0800] "POST /xingrg/kc/buy/cgsh_order_operate.html HTTP/1.1" 200 37
172.20.0.100 - - [29/Jul/2022:09:16:39 +0800] "POST /xingrg/dwr/call/plaincall/AjaxGetFirstChart.getFirstChart.dwr HTTP/1.1" 200 92
116.233.75.162 - - [29/Jul/2022:09:16:44 +0800] "GET /xingrg/all/function/internal_message.html?_=1659057402540&CODE_STATE=getMsg HTTP/1.1" 200 27
61.165.20.118 - - [29/Jul/2022:09:16:45 +0800] "GET /xingrg/all/function/internal_message.html?_=1659057284727&CODE_STATE=getMsg HTTP/1.1" 200 27
101.83.240.174 - - [29/Jul/2022:09:16:49 +0800] "GET /xingrg/all/function/internal_message.html?_=1659057405465&CODE_STATE=getMsg HTTP/1.1" 200 27
116.224.255.128 - - [29/Jul/2022:09:16:49 +0800] "GET /xingrg/all/function/internal_message.html?_=1659057406794&CODE_STATE=getMsg HTTP/1.1" 200 27
116.224.255.128 - - [29/Jul/2022:09:16:50 +0800] "GET /xingrg/check_reg.html?_=1659057406843 HTTP/1.1" 200 22
101.83.240.174 - - [29/Jul/2022:09:16:51 +0800] "POST /xingrg/kc/buy/cgsh_order_operate.html HTTP/1.1" 200 12
58.40.7.146 - - [29/Jul/2022:09:16:52 +0800] "GET /xingrg/all/function/internal_message.html?_=1659057409572&CODE_STATE=getMsg HTTP/1.1" 302 -
101.80.228.36 - - [29/Jul/2022:09:16:53 +0800] "GET /xingrg/all/function/internal_message.html?_=1659057411086&CODE_STATE=getMsg HTTP/1.1" 200 27
172.20.0.100 - - [29/Jul/2022:09:16:59 +0800] "POST /xingrg/dwr/call/plaincall/AjaxBaseInfoService.changeUnitGroup.dwr HTTP/1.1" 200 243
172.20.0.100 - - [29/Jul/2022:09:17:01 +0800] "POST /xingrg/dwr/call/plaincall/AjaxBaseInfoService.saveMateriel.dwr HTTP/1.1" 200 108
172.20.0.100 - - [29/Jul/2022:09:17:01 +0800] "POST /xingrg/dwr/call/plaincall/AjaxBaseInfoService.getMateriels.dwr HTTP/1.1" 200 3018
101.83.240.174 - - [29/Jul/2022:09:17:02 +0800] "GET /xingrg/kc/buy/cgsh_order_info.html?code=212022072907531 HTTP/1.1" 200 62935
101.83.240.174 - - [29/Jul/2022:09:17:03 +0800] "GET /xingrg/words/20220729091701_words.js HTTP/1.1" 200 907494
101.83.240.174 - - [29/Jul/2022:09:17:04 +0800] "GET /xingrg/javascript/easyui/themes/default/validatebox.css HTTP/1.1" 404 1104
101.83.240.174 - - [29/Jul/2022:09:17:05 +0800] "POST /xingrg/kc/buy/cgsh_order_operate.html HTTP/1.1" 200 39649
114.86.187.244 - - [29/Jul/2022:09:17:06 +0800] "GET /xingrg/check_reg.html?_=1659057425658 HTTP/1.1" 200 22
61.165.20.118 - - [29/Jul/2022:09:17:07 +0800] "GET /xingrg/check_reg.html?_=1659057423816 HTTP/1.1" 200 22
61.165.20.118 - - [29/Jul/2022:09:17:07 +0800] "GET /xingrg/all/function/internal_message.html?_=1659057423819&CODE_STATE=getMsg HTTP/1.1" 200 27
218.81.223.53 - - [29/Jul/2022:09:17:09 +0800] "GET /xingrg/all/function/internal_message.html?_=1659057430522&CODE_STATE=getMsg HTTP/1.1" 200 27
116.232.194.65 - - [29/Jul/2022:09:17:12 +0800] "GET /xingrg/all/function/internal_message.html?_=1659057423311&CODE_STATE=getMsg HTTP/1.1" 200 27
101.83.240.174 - - [29/Jul/2022:09:17:14 +0800] "GET /xingrg/kc/print/load_config.html?kc_code=cgsh HTTP/1.1" 200 1943
101.83.240.174 - - [29/Jul/2022:09:17:14 +0800] "GET /xingrg/kc/print/load_data.html?order_code=212022072907531&kc_code=cgsh&condition= HTTP/1.1" 200 15510
172.20.0.100 - - [29/Jul/2022:09:17:19 +0800] "GET /xingrg/system/info/materiel_info.html?code=00102018&isAdd=1 HTTP/1.1" 200 36437
172.20.0.100 - - [29/Jul/2022:09:17:19 +0800] "GET /xingrg/index.html?sysBaseUrl=http%3A%2F%2F172.20.0.8%3A18081%2Fxingrg%2F&costTime=41×tamp=1659057380235 HTTP/1.1" 200 17448
172.20.0.100 - - [29/Jul/2022:09:17:20 +0800] "GET /xingrg/dwr/interface/AjaxBaseInfoService.js HTTP/1.1" 200 21363
172.20.0.100 - - [29/Jul/2022:09:17:20 +0800] "GET /xingrg/dwr/interface/AjaxGetFirstChart.js HTTP/1.1" 200 631
172.20.0.100 - - [29/Jul/2022:09:17:20 +0800] "GET /xingrg/dwr/interface/AjaxComOrderService.js HTTP/1.1" 200 18264
172.20.0.100 - - [29/Jul/2022:09:17:20 +0800] "GET /xingrg/dwr/engine.js HTTP/1.1" 200 43631
172.20.0.100 - - [29/Jul/2022:09:17:20 +0800] "POST /xingrg/all/common/load_tree.html?tree=area_rest_tree_json&manage=1 HTTP/1.1" 200 3472
172.20.0.100 - - [29/Jul/2022:09:17:20 +0800] "GET /xingrg/all/function/internal_message.html?_=1659057436891&CODE_STATE=count HTTP/1.1" 200 11
172.20.0.100 - - [29/Jul/2022:09:17:20 +0800] "GET /xingrg/check_reg.html?_=1659057436891 HTTP/1.1" 200 22
172.20.0.100 - - [29/Jul/2022:09:17:20 +0800] "GET /favicon.ico HTTP/1.1" 404 -
172.20.0.100 - - [29/Jul/2022:09:17:20 +0800] "POST /xingrg/all/common/load_tree.html?tree=area_rest_tree_json HTTP/1.1" 200 3472
172.20.0.100 - - [29/Jul/2022:09:17:20 +0800] "POST /xingrg/dwr/call/plaincall/AjaxBaseInfoService.getMaterielInfo.dwr HTTP/1.1" 200 216
172.20.0.100 - - [29/Jul/2022:09:17:20 +0800] "GET /favicon.ico HTTP/1.1" 404 -
172.20.0.100 - - [29/Jul/2022:09:17:20 +0800] "POST /xingrg/load_menu.html HTTP/1.1" 200 11529
172.20.0.100 - - [29/Jul/2022:09:17:20 +0800] "POST /xingrg/all/common/load_tree.html?tree=area_rest_tree_json&defaultRests=undefined HTTP/1.1" 200 3472
101.83.240.174 - - [29/Jul/2022:09:17:24 +0800] "GET /xingrg/kc/buy/cgsh_order_add.html HTTP/1.1" 200 68032
101.83.240.174 - - [29/Jul/2022:09:17:24 +0800] "GET /xingrg/words/20220729091701_words.js HTTP/1.1" 304 -
101.83.240.174 - - [29/Jul/2022:09:17:25 +0800] "POST /xingrg/kc/buy/cgsh_order_operate.html HTTP/1.1" 200 8245
101.83.240.174 - - [29/Jul/2022:09:17:25 +0800] "GET /xingrg/javascript/easyui/themes/default/validatebox.css HTTP/1.1" 404 1104
116.224.123.211 - - [29/Jul/2022:09:17:25 +0800] "GET /xingrg/all/function/internal_message.html?_=1659057443364&CODE_STATE=getMsg HTTP/1.1" 200 27
222.69.129.110 - - [29/Jul/2022:09:17:26 +0800] "GET /xingrg/all/function/internal_message.html?_=1659057498796&CODE_STATE=getMsg HTTP/1.1" 200 27
61.165.20.118 - - [29/Jul/2022:09:17:35 +0800] "GET /xingrg/kc/buy/cgsh_order_operate.html?command=get_materiel&rest_code=00105&code=00101008137&supplier_code=00100203&order_time=2022-07-29 HTTP/1.1" 200 408
116.224.123.211 - - [29/Jul/2022:09:17:38 +0800] "GET /xingrg/kc/buy/cgsh_order_operate.html?command=get_materiel&rest_code=00102&code=00101001009&supplier_code=00100096&order_time=2022-07-29 HTTP/1.1" 200 409
120.253.135.82 - - [29/Jul/2022:09:17:39 +0800] "GET /xingrg/all/function/internal_message.html?_=1659057264513&CODE_STATE=getMsg HTTP/1.1" 200 27
116.233.75.162 - - [29/Jul/2022:09:17:44 +0800] "GET /xingrg/all/function/internal_message.html?_=1659057462547&CODE_STATE=getMsg HTTP/1.1" 200 27
61.165.20.118 - - [29/Jul/2022:09:17:45 +0800] "GET /xingrg/all/function/internal_message.html?_=1659057344712&CODE_STATE=getMsg HTTP/1.1" 200 27
222.69.129.110 - - [29/Jul/2022:09:17:48 +0800] "POST /xingrg/kc/buy/cgsh_list_operate.html HTTP/1.1" 200 587
222.69.129.110 - - [29/Jul/2022:09:17:48 +0800] "GET /xingrg/kc/buy/cgsh_order_info.html?code=212022071303224 HTTP/1.1" 200 67106
222.69.129.110 - - [29/Jul/2022:09:17:48 +0800] "GET /xingrg/words/20220729091701_words.js HTTP/1.1" 200 907494
101.83.240.174 - - [29/Jul/2022:09:17:49 +0800] "GET /xingrg/all/function/internal_message.html?_=1659057465444&CODE_STATE=getMsg HTTP/1.1" 200 27
222.69.129.110 - - [29/Jul/2022:09:17:49 +0800] "GET /xingrg/javascript/easyui/themes/default/validatebox.css HTTP/1.1" 404 1104
116.224.255.128 - - [29/Jul/2022:09:17:49 +0800] "GET /xingrg/all/function/internal_message.html?_=1659057466765&CODE_STATE=getMsg HTTP/1.1" 200 27
222.69.129.110 - - [29/Jul/2022:09:17:50 +0800] "POST /xingrg/kc/buy/cgsh_order_operate.html HTTP/1.1" 200 6249
58.40.7.146 - - [29/Jul/2022:09:17:52 +0800] "GET /xingrg/all/function/internal_message.html?_=1659057469571&CODE_STATE=getMsg HTTP/1.1" 302 -
101.80.228.36 - - [29/Jul/2022:09:17:53 +0800] "GET /xingrg/all/function/internal_message.html?_=1659057471088&CODE_STATE=getMsg HTTP/1.1" 200 27
101.83.240.174 - - [29/Jul/2022:09:18:01 +0800] "POST /xingrg/services/DataTransmitService HTTP/1.1" 200 524
61.165.20.118 - - [29/Jul/2022:09:18:02 +0800] "GET /xingrg/kc/buy/cgsh_order_operate.html?command=get_materiel&rest_code=00105&code=00101008098&supplier_code=00100203&order_time=2022-07-29 HTTP/1.1" 200 412
116.224.123.211 - - [29/Jul/2022:09:18:02 +0800] "GET /xingrg/kc/buy/cgsh_order_operate.html?command=get_materiel&rest_code=00102&code=00101006144&supplier_code=00100096&order_time=2022-07-29 HTTP/1.1" 200 411
218.81.223.53 - - [29/Jul/2022:09:18:04 +0800] "GET /xingrg/check_reg.html?_=1659057485262 HTTP/1.1" 200 22
222.69.129.110 - - [29/Jul/2022:09:18:05 +0800] "GET /xingrg/kc/buy/cgsh_order_operate.html?command=get_materiel&rest_code=00154&code=00102018098&supplier_code=00100151&order_time=2022-07-13 HTTP/1.1" 200 411
61.165.20.118 - - [29/Jul/2022:09:18:07 +0800] "GET /xingrg/all/function/internal_message.html?_=1659057483807&CODE_STATE=getMsg HTTP/1.1" 200 27
218.81.223.53 - - [29/Jul/2022:09:18:09 +0800] "GET /xingrg/all/function/internal_message.html?_=1659057490534&CODE_STATE=getMsg HTTP/1.1" 200 27
116.232.194.65 - - [29/Jul/2022:09:18:12 +0800] "GET /xingrg/all/function/internal_message.html?_=1659057483301&CODE_STATE=getMsg HTTP/1.1" 200 27
61.165.20.118 - - [29/Jul/2022:09:18:14 +0800] "GET /xingrg/kc/buy/cgsh_order_operate.html?command=get_materiel&rest_code=00105&code=00101008353&supplier_code=00100203&order_time=2022-07-29 HTTP/1.1" 200 424
172.20.0.100 - - [29/Jul/2022:09:18:20 +0800] "GET /xingrg/all/function/internal_message.html?_=1659057496901&CODE_STATE=getMsg HTTP/1.1" 200 27
116.224.123.211 - - [29/Jul/2022:09:18:24 +0800] "GET /xingrg/kc/buy/cgsh_order_operate.html?command=get_materiel&rest_code=00102&code=00101012030&supplier_code=00100096&order_time=2022-07-29 HTTP/1.1" 200 432
116.224.123.211 - - [29/Jul/2022:09:18:25 +0800] "GET /xingrg/all/function/internal_message.html?_=1659057503359&CODE_STATE=getMsg HTTP/1.1" 200 27
222.69.129.110 - - [29/Jul/2022:09:18:26 +0800] "GET /xingrg/all/function/internal_message.html?_=1659057558814&CODE_STATE=getMsg HTTP/1.1" 200 27
222.69.129.110 - - [29/Jul/2022:09:18:26 +0800] "GET /xingrg/check_reg.html?_=1659057558815 HTTP/1.1" 200 22
120.253.135.82 - - [29/Jul/2022:09:18:39 +0800] "GET /xingrg/all/function/internal_message.html?_=1659057324594&CODE_STATE=getMsg HTTP/1.1" 200 27
116.224.123.211 - - [29/Jul/2022:09:18:42 +0800] "GET /xingrg/kc/buy/cgsh_order_operate.html?command=get_materiel&rest_code=00102&code=00101006133&supplier_code=00100096&order_time=2022-07-29 HTTP/1.1" 200 430
116.233.75.162 - - [29/Jul/2022:09:18:44 +0800] "GET /xingrg/check_reg.html?_=1659057522555 HTTP/1.1" 200 22
116.233.75.162 - - [29/Jul/2022:09:18:44 +0800] "GET /xingrg/all/function/internal_message.html?_=1659057522565&CODE_STATE=getMsg HTTP/1.1" 200 27
61.165.20.118 - - [29/Jul/2022:09:18:45 +0800] "GET /xingrg/all/function/internal_message.html?_=1659057404682&CODE_STATE=getMsg HTTP/1.1" 200 27
101.83.240.174 - - [29/Jul/2022:09:18:49 +0800] "GET /xingrg/all/function/internal_message.html?_=1659057525418&CODE_STATE=getMsg HTTP/1.1" 200 27
116.224.255.128 - - [29/Jul/2022:09:18:49 +0800] "GET /xingrg/all/function/internal_message.html?_=1659057526737&CODE_STATE=getMsg HTTP/1.1" 200 27
58.40.7.146 - - [29/Jul/2022:09:18:52 +0800] "GET /xingrg/all/function/internal_message.html?_=1659057529561&CODE_STATE=getMsg HTTP/1.1" 302 -
101.80.228.36 - - [29/Jul/2022:09:18:53 +0800] "GET /xingrg/check_reg.html?_=1659057531090 HTTP/1.1" 200 22
101.80.228.36 - - [29/Jul/2022:09:18:53 +0800] "GET /xingrg/all/function/internal_message.html?_=1659057531091&CODE_STATE=getMsg HTTP/1.1" 200 27
116.224.123.211 - - [29/Jul/2022:09:18:58 +0800] "GET /xingrg/kc/buy/cgsh_order_operate.html?command=get_materiel&rest_code=00102&code=00101020153&supplier_code=00100096&order_time=2022-07-29 HTTP/1.1" 200 408
61.165.20.118 - - [29/Jul/2022:09:19:00 +0800] "GET /xingrg/check_reg.html?_=1659057419506 HTTP/1.1" 200 22
61.165.20.118 - - [29/Jul/2022:09:19:07 +0800] "GET /xingrg/all/function/internal_message.html?_=1659057543933&CODE_STATE=getMsg HTTP/1.1" 200 27
218.81.223.53 - - [29/Jul/2022:09:19:09 +0800] "GET /xingrg/all/function/internal_message.html?_=1659057550550&CODE_STATE=getMsg HTTP/1.1" 200 27
116.232.194.65 - - [29/Jul/2022:09:19:12 +0800] "GET /xingrg/all/function/internal_message.html?_=1659057543317&CODE_STATE=getMsg HTTP/1.1" 200 27
222.69.129.110 - - [29/Jul/2022:09:19:15 +0800] "POST /xingrg/kc/buy/cgsh_order_operate.html HTTP/1.1" 200 37
222.69.129.110 - - [29/Jul/2022:09:19:17 +0800] "POST /xingrg/kc/buy/cgsh_order_operate.html HTTP/1.1" 200 6861
116.224.123.211 - - [29/Jul/2022:09:19:17 +0800] "GET /xingrg/kc/buy/cgsh_order_operate.html?command=get_materiel&rest_code=00102&code=00101016080&supplier_code=00100096&order_time=2022-07-29 HTTP/1.1" 200 408
172.20.0.100 - - [29/Jul/2022:09:19:20 +0800] "GET /xingrg/all/function/internal_message.html?_=1659057556906&CODE_STATE=getMsg HTTP/1.1" 200 27
120.253.135.82 - - [29/Jul/2022:09:19:22 +0800] "GET /xingrg/check_reg.html?_=1659057367957 HTTP/1.1" 200 22
222.69.129.110 - - [29/Jul/2022:09:19:22 +0800] "POST /xingrg/kc/buy/cgsh_list_operate.html HTTP/1.1" 200 2052
116.224.123.211 - - [29/Jul/2022:09:19:25 +0800] "GET /xingrg/all/function/internal_message.html?_=1659057563360&CODE_STATE=getMsg HTTP/1.1" 200 27
116.224.123.211 - - [29/Jul/2022:09:19:25 +0800] "GET /xingrg/check_reg.html?_=1659057563363 HTTP/1.1" 200 22
222.69.129.110 - - [29/Jul/2022:09:19:26 +0800] "GET /xingrg/all/function/internal_message.html?_=1659057618803&CODE_STATE=getMsg HTTP/1.1" 200 27
116.233.75.162 - - [29/Jul/2022:09:19:32 +0800] "GET /xingrg/javascript/jquery_easy_ui/themes/default/images/tabs_active.png HTTP/1.1" 200 2894
116.224.123.211 - - [29/Jul/2022:09:19:32 +0800] "GET /xingrg/kc/buy/cgsh_order_operate.html?command=get_materiel&rest_code=00102&code=00101018011&supplier_code=00100096&order_time=2022-07-29 HTTP/1.1" 200 428
120.253.135.82 - - [29/Jul/2022:09:19:39 +0800] "GET /xingrg/all/function/internal_message.html?_=1659057384603&CODE_STATE=getMsg HTTP/1.1" 200 27
116.233.75.162 - - [29/Jul/2022:09:19:43 +0800] "POST /xingrg/dwr/call/plaincall/AjaxReportQueryService.refreshCache.dwr HTTP/1.1" 200 78
116.233.75.162 - - [29/Jul/2022:09:19:44 +0800] "GET /xingrg/all/function/internal_message.html?_=1659057582552&CODE_STATE=getMsg HTTP/1.1" 200 27
116.224.123.211 - - [29/Jul/2022:09:19:44 +0800] "GET /xingrg/kc/buy/cgsh_order_operate.html?command=get_materiel&rest_code=00102&code=00101006067&supplier_code=00100096&order_time=2022-07-29 HTTP/1.1" 200 424
61.165.20.118 - - [29/Jul/2022:09:19:45 +0800] "GET /xingrg/all/function/internal_message.html?_=1659057464655&CODE_STATE=getMsg HTTP/1.1" 200 27
116.233.75.162 - - [29/Jul/2022:09:19:48 +0800] "POST /xingrg/all/report/load_report_page.html HTTP/1.1" 200 126118
116.233.75.162 - - [29/Jul/2022:09:19:48 +0800] "GET /xingrg/servlets/image?cache=0.335741457352705&image=px HTTP/1.1" 200 807
101.83.240.174 - - [29/Jul/2022:09:19:49 +0800] "GET /xingrg/all/function/internal_message.html?_=1659057585396&CODE_STATE=getMsg HTTP/1.1" 200 27
116.224.255.128 - - [29/Jul/2022:09:19:49 +0800] "GET /xingrg/all/function/internal_message.html?_=1659057586731&CODE_STATE=getMsg HTTP/1.1" 200 27
58.40.7.146 - - [29/Jul/2022:09:19:52 +0800] "GET /xingrg/all/function/internal_message.html?_=1659057589577&CODE_STATE=getMsg HTTP/1.1" 302 -
58.40.7.146 - - [29/Jul/2022:09:19:52 +0800] "GET /xingrg/check_reg.html?_=1659057589580 HTTP/1.1" 302 -
101.80.228.36 - - [29/Jul/2022:09:19:53 +0800] "GET /xingrg/all/function/internal_message.html?_=1659057591075&CODE_STATE=getMsg HTTP/1.1" 200 27
