222.69.129.110 - - [29/Jul/2022:12:38:26 +0800] "GET /xingrg/check_reg.html?_=1659069558801 HTTP/1.1" 200 22
222.69.129.110 - - [29/Jul/2022:12:38:26 +0800] "GET /xingrg/all/function/internal_message.html?_=1659069558806&CODE_STATE=getMsg HTTP/1.1" 200 27
61.170.235.52 - - [29/Jul/2022:12:38:31 +0800] "GET /xingrg/kc/buy/cgsh_order_add.html HTTP/1.1" 200 67938
61.170.235.52 - - [29/Jul/2022:12:38:31 +0800] "POST /xingrg/kc/buy/cgsh_order_operate.html HTTP/1.1" 200 8245
61.170.235.52 - - [29/Jul/2022:12:38:31 +0800] "GET /xingrg/javascript/easyui/themes/default/validatebox.css HTTP/1.1" 404 1104
116.224.255.128 - - [29/Jul/2022:12:38:31 +0800] "GET /xingrg/all/function/internal_message.html?_=1659069508289&CODE_STATE=getMsg HTTP/1.1" 200 27
61.170.235.52 - - [29/Jul/2022:12:38:32 +0800] "GET /xingrg/javascript/easyui/themes/default/tree.css HTTP/1.1" 404 1090
61.170.235.52 - - [29/Jul/2022:12:38:33 +0800] "POST /xingrg/all/common/load_tree.html?tree=supplier_tree_json&isDelete=1 HTTP/1.1" 200 66956
116.232.194.65 - - [29/Jul/2022:12:38:33 +0800] "GET /xingrg/kc/buy/cgsh_order_operate.html?command=get_materiel&rest_code=00155&code=00101010108&supplier_code=00100336&order_time=2022-07-29 HTTP/1.1" 200 437
61.165.20.118 - - [29/Jul/2022:12:38:34 +0800] "GET /xingrg/kc/buy/cgsh_order_operate.html?command=get_materiel&rest_code=00105&code=00101008466&supplier_code=00100339&order_time=2022-07-29 HTTP/1.1" 200 413
61.170.235.52 - - [29/Jul/2022:12:38:37 +0800] "GET /xingrg/all/function/internal_message.html?_=1659069518881&CODE_STATE=getMsg HTTP/1.1" 200 27
116.232.194.65 - - [29/Jul/2022:12:38:41 +0800] "POST /xingrg/kc/buy/cgsh_order_operate.html HTTP/1.1" 200 37
61.165.20.118 - - [29/Jul/2022:12:38:42 +0800] "GET /xingrg/all/function/internal_message.html?_=1659069401592&CODE_STATE=getMsg HTTP/1.1" 200 27
116.232.194.65 - - [29/Jul/2022:12:38:42 +0800] "POST /xingrg/kc/buy/cgsh_order_operate.html HTTP/1.1" 200 2665
116.232.194.65 - - [29/Jul/2022:12:38:43 +0800] "GET /xingrg/kc/print/load_data.html?order_code=212022072907630&kc_code=cgsh&condition= HTTP/1.1" 200 687
61.165.20.118 - - [29/Jul/2022:12:38:43 +0800] "GET /xingrg/kc/buy/cgsh_order_operate.html?command=get_materiel&rest_code=00105&code=00101008125&supplier_code=00100339&order_time=2022-07-29 HTTP/1.1" 200 413
101.83.240.174 - - [29/Jul/2022:12:38:45 +0800] "GET /xingrg/all/function/internal_message.html?_=1659069521993&CODE_STATE=getMsg HTTP/1.1" 200 27
116.232.194.65 - - [29/Jul/2022:12:38:47 +0800] "GET /xingrg/kc/buy/cgsh_order_add.html HTTP/1.1" 200 67950
116.232.194.65 - - [29/Jul/2022:12:38:47 +0800] "POST /xingrg/kc/buy/cgsh_order_operate.html HTTP/1.1" 200 8245
116.232.194.65 - - [29/Jul/2022:12:38:47 +0800] "GET /xingrg/javascript/easyui/themes/default/validatebox.css HTTP/1.1" 404 1104
218.81.223.53 - - [29/Jul/2022:12:38:49 +0800] "GET /xingrg/all/function/internal_message.html?_=1659069530927&CODE_STATE=getMsg HTTP/1.1" 200 27
116.233.75.162 - - [29/Jul/2022:12:38:50 +0800] "GET /xingrg/all/function/internal_message.html?_=1659069528543&CODE_STATE=getMsg HTTP/1.1" 200 27
61.170.235.52 - - [29/Jul/2022:12:38:50 +0800] "GET /xingrg/kc/buy/cgsh_order_operate.html?command=get_materiel&rest_code=00106&code=00101002038&supplier_code=00100087&order_time=2022-07-29 HTTP/1.1" 200 436
101.80.228.36 - - [29/Jul/2022:12:38:51 +0800] "GET /xingrg/all/function/internal_message.html?_=1659069528710&CODE_STATE=getMsg HTTP/1.1" 200 27
58.40.7.146 - - [29/Jul/2022:12:38:52 +0800] "GET /xingrg/all/function/internal_message.html?_=1659069529721&CODE_STATE=getMsg HTTP/1.1" 302 -
101.80.228.36 - - [29/Jul/2022:12:38:53 +0800] "GET /xingrg/check_reg.html?_=1659069531087 HTTP/1.1" 200 22
116.232.194.65 - - [29/Jul/2022:12:38:54 +0800] "GET /xingrg/kc/buy/cgsh_order_operate.html?command=get_materiel&rest_code=00155&code=00101008314&supplier_code=00100339&order_time=2022-07-29 HTTP/1.1" 200 413
61.165.20.118 - - [29/Jul/2022:12:38:59 +0800] "GET /xingrg/check_reg.html?_=1659069418911 HTTP/1.1" 200 22
61.165.20.118 - - [29/Jul/2022:12:39:04 +0800] "GET /xingrg/kc/buy/cgsh_order_operate.html?command=get_materiel&rest_code=00105&code=00101008512&supplier_code=00100339&order_time=2022-07-29 HTTP/1.1" 200 413
61.165.20.118 - - [29/Jul/2022:12:39:07 +0800] "GET /xingrg/all/function/internal_message.html?_=1659069544053&CODE_STATE=getMsg HTTP/1.1" 200 27
61.170.235.52 - - [29/Jul/2022:12:39:08 +0800] "POST /xingrg/kc/buy/cgsh_order_operate.html HTTP/1.1" 200 37
116.232.194.65 - - [29/Jul/2022:12:39:09 +0800] "GET /xingrg/kc/buy/cgsh_order_operate.html?command=get_materiel&rest_code=00155&code=00101008311&supplier_code=00100339&order_time=2022-07-29 HTTP/1.1" 200 417
116.232.194.65 - - [29/Jul/2022:12:39:10 +0800] "GET /xingrg/all/function/internal_message.html?_=1659069540312&CODE_STATE=getMsg HTTP/1.1" 200 27
61.170.235.52 - - [29/Jul/2022:12:39:12 +0800] "POST /xingrg/kc/buy/cgsh_order_operate.html HTTP/1.1" 200 12
61.165.20.118 - - [29/Jul/2022:12:39:15 +0800] "POST /xingrg/kc/buy/cgsh_order_operate.html HTTP/1.1" 200 37
61.170.235.52 - - [29/Jul/2022:12:39:15 +0800] "GET /xingrg/kc/buy/cgsh_order_info.html?code=212022072907631 HTTP/1.1" 200 62841
61.170.235.52 - - [29/Jul/2022:12:39:15 +0800] "GET /xingrg/javascript/easyui/themes/default/validatebox.css HTTP/1.1" 404 1104
61.170.235.52 - - [29/Jul/2022:12:39:16 +0800] "POST /xingrg/kc/buy/cgsh_order_operate.html HTTP/1.1" 200 613
116.232.194.65 - - [29/Jul/2022:12:39:17 +0800] "GET /xingrg/kc/buy/cgsh_order_operate.html?command=get_materiel&rest_code=00155&code=00101008466&supplier_code=00100339&order_time=2022-07-29 HTTP/1.1" 200 414
61.170.235.52 - - [29/Jul/2022:12:39:18 +0800] "GET /xingrg/kc/print/load_data.html?order_code=212022072907631&kc_code=cgsh&condition= HTTP/1.1" 200 753
61.165.20.118 - - [29/Jul/2022:12:39:19 +0800] "POST /xingrg/kc/buy/cgsh_order_operate.html HTTP/1.1" 200 3843
116.233.75.162 - - [29/Jul/2022:12:39:20 +0800] "GET /xingrg/all/function/internal_message.html?_=1659069559092&CODE_STATE=getMsg HTTP/1.1" 200 27
101.85.120.95 - - [29/Jul/2022:12:39:21 +0800] "GET /xingrg/all/function/internal_message.html?_=1659069558524&CODE_STATE=getMsg HTTP/1.1" 200 27
61.165.20.118 - - [29/Jul/2022:12:39:21 +0800] "GET /xingrg/kc/print/load_data.html?order_code=212022072907632&kc_code=cgsh&condition= HTTP/1.1" 200 1126
61.170.235.52 - - [29/Jul/2022:12:39:23 +0800] "GET /xingrg/kc/buy/cgsh_order_add.html HTTP/1.1" 200 67938
61.170.235.52 - - [29/Jul/2022:12:39:23 +0800] "POST /xingrg/kc/buy/cgsh_order_operate.html HTTP/1.1" 200 8245
61.170.235.52 - - [29/Jul/2022:12:39:23 +0800] "GET /xingrg/javascript/easyui/themes/default/validatebox.css HTTP/1.1" 404 1104
61.170.235.52 - - [29/Jul/2022:12:39:25 +0800] "GET /xingrg/javascript/easyui/themes/default/tree.css HTTP/1.1" 404 1090
61.170.235.52 - - [29/Jul/2022:12:39:25 +0800] "POST /xingrg/all/common/load_tree.html?tree=supplier_tree_json&isDelete=1 HTTP/1.1" 200 66956
222.69.129.110 - - [29/Jul/2022:12:39:26 +0800] "GET /xingrg/all/function/internal_message.html?_=1659069618807&CODE_STATE=getMsg HTTP/1.1" 200 27
116.232.194.65 - - [29/Jul/2022:12:39:26 +0800] "POST /xingrg/kc/buy/cgsh_order_operate.html HTTP/1.1" 200 37
116.232.194.65 - - [29/Jul/2022:12:39:27 +0800] "POST /xingrg/kc/buy/cgsh_order_operate.html HTTP/1.1" 200 3845
116.232.194.65 - - [29/Jul/2022:12:39:28 +0800] "GET /xingrg/kc/print/load_data.html?order_code=212022072907633&kc_code=cgsh&condition= HTTP/1.1" 200 1131
61.165.20.118 - - [29/Jul/2022:12:39:30 +0800] "GET /xingrg/kc/buy/cgsh_order_add.html HTTP/1.1" 200 68026
61.165.20.118 - - [29/Jul/2022:12:39:30 +0800] "POST /xingrg/kc/buy/cgsh_order_operate.html HTTP/1.1" 200 8245
61.165.20.118 - - [29/Jul/2022:12:39:30 +0800] "GET /xingrg/javascript/easyui/themes/default/validatebox.css HTTP/1.1" 404 1104
116.224.255.128 - - [29/Jul/2022:12:39:31 +0800] "GET /xingrg/all/function/internal_message.html?_=1659069568275&CODE_STATE=getMsg HTTP/1.1" 200 27
116.232.194.65 - - [29/Jul/2022:12:39:33 +0800] "GET /xingrg/kc/buy/cgsh_order_add.html HTTP/1.1" 200 67950
116.232.194.65 - - [29/Jul/2022:12:39:33 +0800] "POST /xingrg/kc/buy/cgsh_order_operate.html HTTP/1.1" 200 8245
116.232.194.65 - - [29/Jul/2022:12:39:33 +0800] "GET /xingrg/javascript/easyui/themes/default/validatebox.css HTTP/1.1" 404 1104
61.170.235.52 - - [29/Jul/2022:12:39:37 +0800] "GET /xingrg/all/function/internal_message.html?_=1659069578891&CODE_STATE=getMsg HTTP/1.1" 200 27
61.170.235.52 - - [29/Jul/2022:12:39:40 +0800] "GET /xingrg/kc/buy/cgsh_order_operate.html?command=get_materiel&rest_code=00106&code=00101004051&supplier_code=00100312&order_time=2022-07-29 HTTP/1.1" 200 425
61.165.20.118 - - [29/Jul/2022:12:39:42 +0800] "GET /xingrg/all/function/internal_message.html?_=1659069461570&CODE_STATE=getMsg HTTP/1.1" 200 27
116.232.194.65 - - [29/Jul/2022:12:39:43 +0800] "GET /xingrg/kc/buy/cgsh_order_operate.html?command=get_materiel&rest_code=00155&code=00101008559&supplier_code=00100337&order_time=2022-07-29 HTTP/1.1" 200 432
101.83.240.174 - - [29/Jul/2022:12:39:45 +0800] "GET /xingrg/all/function/internal_message.html?_=1659069581976&CODE_STATE=getMsg HTTP/1.1" 200 27
218.81.223.53 - - [29/Jul/2022:12:39:48 +0800] "GET /xingrg/check_reg.html?_=1659069590027 HTTP/1.1" 200 22
218.81.223.53 - - [29/Jul/2022:12:39:49 +0800] "GET /xingrg/all/function/internal_message.html?_=1659069590940&CODE_STATE=getMsg HTTP/1.1" 200 27
116.233.75.162 - - [29/Jul/2022:12:39:50 +0800] "GET /xingrg/all/function/internal_message.html?_=1659069588569&CODE_STATE=getMsg HTTP/1.1" 200 27
101.80.228.36 - - [29/Jul/2022:12:39:51 +0800] "GET /xingrg/all/function/internal_message.html?_=1659069588682&CODE_STATE=getMsg HTTP/1.1" 200 27
58.40.7.146 - - [29/Jul/2022:12:39:52 +0800] "GET /xingrg/check_reg.html?_=1659069589725 HTTP/1.1" 302 -
58.40.7.146 - - [29/Jul/2022:12:39:52 +0800] "GET /xingrg/all/function/internal_message.html?_=1659069589726&CODE_STATE=getMsg HTTP/1.1" 302 -
116.224.123.211 - - [29/Jul/2022:12:39:54 +0800] "GET /xingrg/check_reg.html?_=1659069590754 HTTP/1.1" 200 22
116.224.123.211 - - [29/Jul/2022:12:39:54 +0800] "GET /xingrg/all/function/internal_message.html?_=1659069590751&CODE_STATE=getMsg HTTP/1.1" 200 27
116.224.123.211 - - [29/Jul/2022:12:40:00 +0800] "POST /xingrg/kc/buy/cgsh_list_operate.html HTTP/1.1" 200 1453
61.165.20.118 - - [29/Jul/2022:12:40:07 +0800] "GET /xingrg/all/function/internal_message.html?_=1659069604034&CODE_STATE=getMsg HTTP/1.1" 200 27
116.232.194.65 - - [29/Jul/2022:12:40:10 +0800] "GET /xingrg/all/function/internal_message.html?_=1659069600292&CODE_STATE=getMsg HTTP/1.1" 200 27
61.170.235.52 - - [29/Jul/2022:12:40:10 +0800] "GET /xingrg/kc/buy/cgsh_order_operate.html?command=get_materiel&rest_code=00106&code=00101004046&supplier_code=00100312&order_time=2022-07-29 HTTP/1.1" 200 417
116.232.194.65 - - [29/Jul/2022:12:40:13 +0800] "GET /xingrg/check_reg.html?_=1659069603300 HTTP/1.1" 200 22
116.233.75.162 - - [29/Jul/2022:12:40:20 +0800] "GET /xingrg/all/function/internal_message.html?_=1659069619093&CODE_STATE=getMsg HTTP/1.1" 200 27
101.85.120.95 - - [29/Jul/2022:12:40:21 +0800] "GET /xingrg/all/function/internal_message.html?_=1659069618539&CODE_STATE=getMsg HTTP/1.1" 200 27
222.69.129.110 - - [29/Jul/2022:12:40:26 +0800] "GET /xingrg/all/function/internal_message.html?_=1659069678803&CODE_STATE=getMsg HTTP/1.1" 200 27
116.224.255.128 - - [29/Jul/2022:12:40:31 +0800] "GET /xingrg/all/function/internal_message.html?_=1659069628259&CODE_STATE=getMsg HTTP/1.1" 200 27
180.169.147.146 - - [29/Jul/2022:12:40:33 +0800] "POST /xingrg/kc/buy/cgsh_order_operate.html HTTP/1.1" 200 9214
61.170.235.52 - - [29/Jul/2022:12:40:37 +0800] "GET /xingrg/all/function/internal_message.html?_=1659069638883&CODE_STATE=getMsg HTTP/1.1" 200 27
61.170.235.52 - - [29/Jul/2022:12:40:38 +0800] "GET /xingrg/kc/buy/cgsh_order_operate.html?command=get_materiel&rest_code=00106&code=00101004067&supplier_code=00100312&order_time=2022-07-29 HTTP/1.1" 200 429
61.165.20.118 - - [29/Jul/2022:12:40:42 +0800] "GET /xingrg/all/function/internal_message.html?_=1659069521559&CODE_STATE=getMsg HTTP/1.1" 200 27
101.83.240.174 - - [29/Jul/2022:12:40:43 +0800] "GET /xingrg/check_reg.html?_=1659069640256 HTTP/1.1" 200 22
101.83.240.174 - - [29/Jul/2022:12:40:45 +0800] "GET /xingrg/all/function/internal_message.html?_=1659069641959&CODE_STATE=getMsg HTTP/1.1" 200 27
116.232.194.65 - - [29/Jul/2022:12:40:47 +0800] "POST /xingrg/kc/buy/cgsh_order_operate.html HTTP/1.1" 200 37
116.232.194.65 - - [29/Jul/2022:12:40:48 +0800] "POST /xingrg/kc/buy/cgsh_order_operate.html HTTP/1.1" 200 2657
116.232.194.65 - - [29/Jul/2022:12:40:48 +0800] "GET /xingrg/kc/print/load_data.html?order_code=212022072907634&kc_code=cgsh&condition= HTTP/1.1" 200 682
218.81.223.53 - - [29/Jul/2022:12:40:49 +0800] "GET /xingrg/all/function/internal_message.html?_=1659069650954&CODE_STATE=getMsg HTTP/1.1" 200 27
116.233.75.162 - - [29/Jul/2022:12:40:50 +0800] "GET /xingrg/all/function/internal_message.html?_=1659069648568&CODE_STATE=getMsg HTTP/1.1" 200 27
101.80.228.36 - - [29/Jul/2022:12:40:51 +0800] "GET /xingrg/all/function/internal_message.html?_=1659069648667&CODE_STATE=getMsg HTTP/1.1" 200 27
58.40.7.146 - - [29/Jul/2022:12:40:52 +0800] "GET /xingrg/all/function/internal_message.html?_=1659069649712&CODE_STATE=getMsg HTTP/1.1" 302 -
116.232.194.65 - - [29/Jul/2022:12:40:53 +0800] "GET /xingrg/kc/buy/cgsh_order_add.html HTTP/1.1" 200 67950
116.232.194.65 - - [29/Jul/2022:12:40:53 +0800] "POST /xingrg/kc/buy/cgsh_order_operate.html HTTP/1.1" 200 8245
116.232.194.65 - - [29/Jul/2022:12:40:53 +0800] "GET /xingrg/javascript/easyui/themes/default/validatebox.css HTTP/1.1" 404 1104
116.224.123.211 - - [29/Jul/2022:12:40:53 +0800] "GET /xingrg/all/function/internal_message.html?_=1659069650722&CODE_STATE=getMsg HTTP/1.1" 200 27
61.170.235.52 - - [29/Jul/2022:12:40:56 +0800] "GET /xingrg/kc/buy/cgsh_order_operate.html?command=get_materiel&rest_code=00106&code=00101004061&supplier_code=00100312&order_time=2022-07-29 HTTP/1.1" 200 409
116.232.194.65 - - [29/Jul/2022:12:41:03 +0800] "GET /xingrg/kc/buy/cgsh_order_operate.html?command=get_materiel&rest_code=00155&code=00101008658&supplier_code=00100485&order_time=2022-07-29 HTTP/1.1" 200 424
61.165.20.118 - - [29/Jul/2022:12:41:07 +0800] "GET /xingrg/all/function/internal_message.html?_=1659069664007&CODE_STATE=getMsg HTTP/1.1" 200 27
116.232.194.65 - - [29/Jul/2022:12:41:09 +0800] "POST /xingrg/kc/buy/cgsh_order_operate.html HTTP/1.1" 200 37
116.232.194.65 - - [29/Jul/2022:12:41:10 +0800] "POST /xingrg/kc/buy/cgsh_order_operate.html HTTP/1.1" 200 2651
116.232.194.65 - - [29/Jul/2022:12:41:11 +0800] "GET /xingrg/kc/print/load_data.html?order_code=212022072907635&kc_code=cgsh&condition= HTTP/1.1" 200 663
61.170.235.52 - - [29/Jul/2022:12:41:12 +0800] "GET /xingrg/kc/buy/cgsh_order_operate.html?command=get_materiel&rest_code=00106&code=00101004024&supplier_code=00100312&order_time=2022-07-29 HTTP/1.1" 200 411
116.232.194.65 - - [29/Jul/2022:12:41:15 +0800] "GET /xingrg/kc/buy/cgsh_order_add.html HTTP/1.1" 200 67950
116.232.194.65 - - [29/Jul/2022:12:41:15 +0800] "POST /xingrg/kc/buy/cgsh_order_operate.html HTTP/1.1" 200 8245
116.232.194.65 - - [29/Jul/2022:12:41:15 +0800] "GET /xingrg/javascript/easyui/themes/default/validatebox.css HTTP/1.1" 404 1104
116.233.75.162 - - [29/Jul/2022:12:41:20 +0800] "GET /xingrg/all/function/internal_message.html?_=1659069679079&CODE_STATE=getMsg HTTP/1.1" 200 27
101.85.120.95 - - [29/Jul/2022:12:41:21 +0800] "GET /xingrg/all/function/internal_message.html?_=1659069678524&CODE_STATE=getMsg HTTP/1.1" 200 27
180.169.147.146 - - [29/Jul/2022:12:41:23 +0800] "GET /xingrg/all/function/internal_message.html?_=1659069678536&CODE_STATE=getMsg HTTP/1.1" 200 27
116.232.194.65 - - [29/Jul/2022:12:41:25 +0800] "GET /xingrg/kc/buy/cgsh_order_operate.html?command=get_materiel&rest_code=00155&code=00101006309&supplier_code=00100327&order_time=2022-07-29 HTTP/1.1" 200 430
222.69.129.110 - - [29/Jul/2022:12:41:26 +0800] "GET /xingrg/all/function/internal_message.html?_=1659069738807&CODE_STATE=getMsg HTTP/1.1" 200 27
61.165.20.118 - - [29/Jul/2022:12:41:29 +0800] "GET /xingrg/kc/buy/cgsh_order_operate.html?command=get_materiel&rest_code=00105&code=00101012046&supplier_code=00100325&order_time=2022-07-29 HTTP/1.1" 200 433
61.170.235.52 - - [29/Jul/2022:12:41:30 +0800] "GET /xingrg/kc/buy/cgsh_order_operate.html?command=get_materiel&rest_code=00106&code=00101004071&supplier_code=00100312&order_time=2022-07-29 HTTP/1.1" 200 427
116.224.255.128 - - [29/Jul/2022:12:41:31 +0800] "GET /xingrg/all/function/internal_message.html?_=1659069688228&CODE_STATE=getMsg HTTP/1.1" 200 27
116.232.194.65 - - [29/Jul/2022:12:41:36 +0800] "GET /xingrg/kc/buy/cgsh_order_operate.html?command=get_materiel&rest_code=00155&code=00101010569&supplier_code=00100327&order_time=2022-07-29 HTTP/1.1" 200 411
61.170.235.52 - - [29/Jul/2022:12:41:37 +0800] "GET /xingrg/all/function/internal_message.html?_=1659069698888&CODE_STATE=getMsg HTTP/1.1" 200 27
61.165.20.118 - - [29/Jul/2022:12:41:42 +0800] "GET /xingrg/all/function/internal_message.html?_=1659069581549&CODE_STATE=getMsg HTTP/1.1" 200 27
116.232.194.65 - - [29/Jul/2022:12:41:43 +0800] "GET /xingrg/kc/buy/cgsh_order_operate.html?command=get_materiel&rest_code=00155&code=00101010691&supplier_code=00100327&order_time=2022-07-29 HTTP/1.1" 200 411
101.83.240.174 - - [29/Jul/2022:12:41:45 +0800] "GET /xingrg/all/function/internal_message.html?_=1659069701947&CODE_STATE=getMsg HTTP/1.1" 200 27
61.170.235.52 - - [29/Jul/2022:12:41:48 +0800] "GET /xingrg/kc/buy/cgsh_order_operate.html?command=get_materiel&rest_code=00106&code=00101004049&supplier_code=00100312&order_time=2022-07-29 HTTP/1.1" 200 413
218.81.223.53 - - [29/Jul/2022:12:41:49 +0800] "GET /xingrg/all/function/internal_message.html?_=1659069710966&CODE_STATE=getMsg HTTP/1.1" 200 27
116.233.75.162 - - [29/Jul/2022:12:41:50 +0800] "GET /xingrg/all/function/internal_message.html?_=1659069708569&CODE_STATE=getMsg HTTP/1.1" 200 27
101.80.228.36 - - [29/Jul/2022:12:41:51 +0800] "GET /xingrg/all/function/internal_message.html?_=1659069708655&CODE_STATE=getMsg HTTP/1.1" 200 27
58.40.7.146 - - [29/Jul/2022:12:41:52 +0800] "GET /xingrg/all/function/internal_message.html?_=1659069709716&CODE_STATE=getMsg HTTP/1.1" 302 -
116.224.123.211 - - [29/Jul/2022:12:41:53 +0800] "GET /xingrg/all/function/internal_message.html?_=1659069710697&CODE_STATE=getMsg HTTP/1.1" 200 27
61.165.20.118 - - [29/Jul/2022:12:41:58 +0800] "GET /xingrg/kc/buy/cgsh_order_operate.html?command=get_materiel&rest_code=00105&code=00101010646&supplier_code=00100325&order_time=2022-07-29 HTTP/1.1" 200 422
61.170.235.52 - - [29/Jul/2022:12:42:03 +0800] "GET /xingrg/kc/buy/cgsh_order_operate.html?command=get_materiel&rest_code=00106&code=00101004030&supplier_code=00100312&order_time=2022-07-29 HTTP/1.1" 200 424
114.86.187.244 - - [29/Jul/2022:12:42:06 +0800] "GET /xingrg/check_reg.html?_=1659069724999 HTTP/1.1" 200 22
61.165.20.118 - - [29/Jul/2022:12:42:07 +0800] "GET /xingrg/all/function/internal_message.html?_=1659069723985&CODE_STATE=getMsg HTTP/1.1" 200 27
61.165.20.118 - - [29/Jul/2022:12:42:07 +0800] "GET /xingrg/check_reg.html?_=1659069724034 HTTP/1.1" 200 22
116.232.194.65 - - [29/Jul/2022:12:42:10 +0800] "GET /xingrg/all/function/internal_message.html?_=1659069720312&CODE_STATE=getMsg HTTP/1.1" 200 27
61.165.20.118 - - [29/Jul/2022:12:42:15 +0800] "POST /xingrg/kc/buy/cgsh_order_operate.html HTTP/1.1" 200 37
61.165.20.118 - - [29/Jul/2022:12:42:17 +0800] "POST /xingrg/kc/buy/cgsh_order_operate.html HTTP/1.1" 200 3261
61.170.235.52 - - [29/Jul/2022:12:42:17 +0800] "GET /xingrg/kc/buy/cgsh_order_operate.html?command=get_materiel&rest_code=00106&code=00101004020&supplier_code=00100312&order_time=2022-07-29 HTTP/1.1" 200 425
61.165.20.118 - - [29/Jul/2022:12:42:18 +0800] "GET /xingrg/kc/print/load_data.html?order_code=212022072907636&kc_code=cgsh&condition= HTTP/1.1" 200 907
116.233.75.162 - - [29/Jul/2022:12:42:20 +0800] "GET /xingrg/all/function/internal_message.html?_=1659069739086&CODE_STATE=getMsg HTTP/1.1" 200 27
101.85.120.95 - - [29/Jul/2022:12:42:21 +0800] "GET /xingrg/all/function/internal_message.html?_=1659069738525&CODE_STATE=getMsg HTTP/1.1" 200 27
61.165.20.118 - - [29/Jul/2022:12:42:23 +0800] "GET /xingrg/kc/buy/cgsh_order_add.html HTTP/1.1" 200 68026
61.165.20.118 - - [29/Jul/2022:12:42:23 +0800] "GET /xingrg/javascript/easyui/themes/default/validatebox.css HTTP/1.1" 404 1104
61.165.20.118 - - [29/Jul/2022:12:42:23 +0800] "POST /xingrg/kc/buy/cgsh_order_operate.html HTTP/1.1" 200 8245
180.169.147.146 - - [29/Jul/2022:12:42:23 +0800] "GET /xingrg/all/function/internal_message.html?_=1659069738531&CODE_STATE=getMsg HTTP/1.1" 200 27
222.69.129.110 - - [29/Jul/2022:12:42:25 +0800] "GET /xingrg/all/function/internal_message.html?_=1659069798794&CODE_STATE=getMsg HTTP/1.1" 200 27
180.169.147.146 - - [29/Jul/2022:12:42:30 +0800] "GET /xingrg/kc/buy/cgsh_order_operate.html?command=get_materiel&rest_code=00147&code=00101008016&supplier_code=00100450&order_time=2022-07-29 HTTP/1.1" 200 416
61.170.235.52 - - [29/Jul/2022:12:42:30 +0800] "GET /xingrg/kc/buy/cgsh_order_operate.html?command=get_materiel&rest_code=00106&code=00101005022&supplier_code=00100312&order_time=2022-07-29 HTTP/1.1" 200 432
116.224.255.128 - - [29/Jul/2022:12:42:31 +0800] "GET /xingrg/all/function/internal_message.html?_=1659069748215&CODE_STATE=getMsg HTTP/1.1" 200 27
116.224.255.128 - - [29/Jul/2022:12:42:33 +0800] "GET /xingrg/check_reg.html?_=1659069750007 HTTP/1.1" 200 22
61.165.20.118 - - [29/Jul/2022:12:42:33 +0800] "GET /xingrg/kc/buy/cgsh_order_operate.html?command=get_materiel&rest_code=00105&code=00101003040&supplier_code=00100093&order_time=2022-07-29 HTTP/1.1" 200 435
61.170.235.52 - - [29/Jul/2022:12:42:37 +0800] "GET /xingrg/all/function/internal_message.html?_=1659069758887&CODE_STATE=getMsg HTTP/1.1" 200 27
61.170.235.52 - - [29/Jul/2022:12:42:37 +0800] "GET /xingrg/check_reg.html?_=1659069758890 HTTP/1.1" 200 22
61.165.20.118 - - [29/Jul/2022:12:42:42 +0800] "GET /xingrg/all/function/internal_message.html?_=1659069641538&CODE_STATE=getMsg HTTP/1.1" 200 27
101.83.240.174 - - [29/Jul/2022:12:42:45 +0800] "GET /xingrg/all/function/internal_message.html?_=1659069761932&CODE_STATE=getMsg HTTP/1.1" 200 27
61.165.20.118 - - [29/Jul/2022:12:42:48 +0800] "POST /xingrg/kc/buy/cgsh_order_operate.html HTTP/1.1" 200 37
218.81.223.53 - - [29/Jul/2022:12:42:49 +0800] "GET /xingrg/all/function/internal_message.html?_=1659069770994&CODE_STATE=getMsg HTTP/1.1" 200 27
116.233.75.162 - - [29/Jul/2022:12:42:50 +0800] "GET /xingrg/check_reg.html?_=1659069768570 HTTP/1.1" 200 22
116.233.75.162 - - [29/Jul/2022:12:42:50 +0800] "GET /xingrg/all/function/internal_message.html?_=1659069768574&CODE_STATE=getMsg HTTP/1.1" 200 27
101.80.228.36 - - [29/Jul/2022:12:42:51 +0800] "GET /xingrg/all/function/internal_message.html?_=1659069768624&CODE_STATE=getMsg HTTP/1.1" 200 27
58.40.7.146 - - [29/Jul/2022:12:42:52 +0800] "GET /xingrg/all/function/internal_message.html?_=1659069769719&CODE_STATE=getMsg HTTP/1.1" 302 -
116.224.123.211 - - [29/Jul/2022:12:42:53 +0800] "GET /xingrg/all/function/internal_message.html?_=1659069770680&CODE_STATE=getMsg HTTP/1.1" 200 27
61.165.20.118 - - [29/Jul/2022:12:43:05 +0800] "POST /xingrg/kc/buy/cgsh_order_operate.html HTTP/1.1" 200 2667
61.165.20.118 - - [29/Jul/2022:12:43:07 +0800] "GET /xingrg/kc/print/load_data.html?order_code=212022072907637&kc_code=cgsh&condition= HTTP/1.1" 200 732
61.165.20.118 - - [29/Jul/2022:12:43:07 +0800] "GET /xingrg/all/function/internal_message.html?_=1659069784026&CODE_STATE=getMsg HTTP/1.1" 200 27
116.232.194.65 - - [29/Jul/2022:12:43:10 +0800] "GET /xingrg/all/function/internal_message.html?_=1659069780291&CODE_STATE=getMsg HTTP/1.1" 200 27
61.165.20.118 - - [29/Jul/2022:12:43:10 +0800] "GET /xingrg/kc/buy/cgsh_order_add.html HTTP/1.1" 200 68026
61.165.20.118 - - [29/Jul/2022:12:43:11 +0800] "POST /xingrg/kc/buy/cgsh_order_operate.html HTTP/1.1" 200 8245
61.165.20.118 - - [29/Jul/2022:12:43:11 +0800] "GET /xingrg/javascript/easyui/themes/default/validatebox.css HTTP/1.1" 404 1104
61.170.235.52 - - [29/Jul/2022:12:43:17 +0800] "GET /xingrg/kc/buy/cgsh_order_operate.html?command=get_materiel&rest_code=00106&code=00101001029&supplier_code=00100312&order_time=2022-07-29 HTTP/1.1" 200 417
116.233.75.162 - - [29/Jul/2022:12:43:20 +0800] "GET /xingrg/check_reg.html?_=1659069799088 HTTP/1.1" 200 22
116.233.75.162 - - [29/Jul/2022:12:43:20 +0800] "GET /xingrg/all/function/internal_message.html?_=1659069799092&CODE_STATE=getMsg HTTP/1.1" 200 27
101.85.120.95 - - [29/Jul/2022:12:43:21 +0800] "GET /xingrg/all/function/internal_message.html?_=1659069798540&CODE_STATE=getMsg HTTP/1.1" 200 27
101.85.120.95 - - [29/Jul/2022:12:43:21 +0800] "GET /xingrg/check_reg.html?_=1659069798544 HTTP/1.1" 200 22
180.169.147.146 - - [29/Jul/2022:12:43:23 +0800] "GET /xingrg/all/function/internal_message.html?_=1659069798516&CODE_STATE=getMsg HTTP/1.1" 200 27
222.69.129.110 - - [29/Jul/2022:12:43:25 +0800] "GET /xingrg/all/function/internal_message.html?_=1659069858803&CODE_STATE=getMsg HTTP/1.1" 200 27
222.69.129.110 - - [29/Jul/2022:12:43:26 +0800] "GET /xingrg/check_reg.html?_=1659069858807 HTTP/1.1" 200 22
61.165.20.118 - - [29/Jul/2022:12:43:26 +0800] "GET /xingrg/kc/buy/cgsh_order_operate.html?command=get_materiel&rest_code=00105&code=00101007032&supplier_code=00100328&order_time=2022-07-29 HTTP/1.1" 200 432
61.170.235.52 - - [29/Jul/2022:12:43:31 +0800] "GET /xingrg/kc/buy/cgsh_order_operate.html?command=get_materiel&rest_code=00106&code=00101004038&supplier_code=00100312&order_time=2022-07-29 HTTP/1.1" 200 426
116.224.255.128 - - [29/Jul/2022:12:43:31 +0800] "GET /xingrg/all/function/internal_message.html?_=1659069808197&CODE_STATE=getMsg HTTP/1.1" 200 27
61.165.20.118 - - [29/Jul/2022:12:43:34 +0800] "POST /xingrg/kc/buy/cgsh_order_operate.html HTTP/1.1" 200 37
61.170.235.52 - - [29/Jul/2022:12:43:37 +0800] "GET /xingrg/all/function/internal_message.html?_=1659069818961&CODE_STATE=getMsg HTTP/1.1" 200 27
61.165.20.118 - - [29/Jul/2022:12:43:42 +0800] "GET /xingrg/all/function/internal_message.html?_=1659069701526&CODE_STATE=getMsg HTTP/1.1" 200 27
101.83.240.174 - - [29/Jul/2022:12:43:45 +0800] "GET /xingrg/all/function/internal_message.html?_=1659069821911&CODE_STATE=getMsg HTTP/1.1" 200 27
61.165.20.118 - - [29/Jul/2022:12:43:47 +0800] "POST /xingrg/kc/buy/cgsh_order_operate.html HTTP/1.1" 200 2658
61.165.20.118 - - [29/Jul/2022:12:43:48 +0800] "GET /xingrg/kc/print/load_data.html?order_code=212022072907638&kc_code=cgsh&condition= HTTP/1.1" 200 671
218.81.223.53 - - [29/Jul/2022:12:43:49 +0800] "GET /xingrg/all/function/internal_message.html?_=1659069831011&CODE_STATE=getMsg HTTP/1.1" 200 27
116.233.75.162 - - [29/Jul/2022:12:43:50 +0800] "GET /xingrg/all/function/internal_message.html?_=1659069828573&CODE_STATE=getMsg HTTP/1.1" 200 27
101.80.228.36 - - [29/Jul/2022:12:43:51 +0800] "GET /xingrg/all/function/internal_message.html?_=1659069828594&CODE_STATE=getMsg HTTP/1.1" 200 27
61.170.235.52 - - [29/Jul/2022:12:43:51 +0800] "GET /xingrg/kc/buy/cgsh_order_operate.html?command=get_materiel&rest_code=00106&code=00101001096&supplier_code=00100312&order_time=2022-07-29 HTTP/1.1" 200 413
61.165.20.118 - - [29/Jul/2022:12:43:51 +0800] "GET /xingrg/kc/buy/cgsh_order_add.html HTTP/1.1" 200 68026
61.165.20.118 - - [29/Jul/2022:12:43:51 +0800] "POST /xingrg/kc/buy/cgsh_order_operate.html HTTP/1.1" 200 8245
61.165.20.118 - - [29/Jul/2022:12:43:51 +0800] "GET /xingrg/javascript/easyui/themes/default/validatebox.css HTTP/1.1" 404 1104
58.40.7.146 - - [29/Jul/2022:12:43:52 +0800] "GET /xingrg/all/function/internal_message.html?_=1659069829732&CODE_STATE=getMsg HTTP/1.1" 302 -
101.80.228.36 - - [29/Jul/2022:12:43:53 +0800] "GET /xingrg/check_reg.html?_=1659069831081 HTTP/1.1" 200 22
116.224.123.211 - - [29/Jul/2022:12:43:53 +0800] "GET /xingrg/all/function/internal_message.html?_=1659069830656&CODE_STATE=getMsg HTTP/1.1" 200 27
61.165.20.118 - - [29/Jul/2022:12:43:59 +0800] "GET /xingrg/check_reg.html?_=1659069718896 HTTP/1.1" 200 22
61.165.20.118 - - [29/Jul/2022:12:44:07 +0800] "GET /xingrg/all/function/internal_message.html?_=1659069844003&CODE_STATE=getMsg HTTP/1.1" 200 27
116.232.194.65 - - [29/Jul/2022:12:44:10 +0800] "GET /xingrg/all/function/internal_message.html?_=1659069840275&CODE_STATE=getMsg HTTP/1.1" 200 27
61.165.20.118 - - [29/Jul/2022:12:44:15 +0800] "GET /xingrg/kc/buy/cgsh_order_operate.html?command=get_materiel&rest_code=00105&code=00101010161&supplier_code=00100334&order_time=2022-07-29 HTTP/1.1" 200 427
180.169.147.146 - - [29/Jul/2022:12:44:16 +0800] "GET /xingrg/check_reg.html?_=1659069850751 HTTP/1.1" 200 22
116.233.75.162 - - [29/Jul/2022:12:44:20 +0800] "GET /xingrg/all/function/internal_message.html?_=1659069859085&CODE_STATE=getMsg HTTP/1.1" 200 27
101.85.120.95 - - [29/Jul/2022:12:44:21 +0800] "GET /xingrg/all/function/internal_message.html?_=1659069858528&CODE_STATE=getMsg HTTP/1.1" 200 27
180.169.147.146 - - [29/Jul/2022:12:44:23 +0800] "GET /xingrg/all/function/internal_message.html?_=1659069858494&CODE_STATE=getMsg HTTP/1.1" 200 27
222.69.129.110 - - [29/Jul/2022:12:44:25 +0800] "GET /xingrg/all/function/internal_message.html?_=1659069918798&CODE_STATE=getMsg HTTP/1.1" 200 27
61.165.20.118 - - [29/Jul/2022:12:44:29 +0800] "POST /xingrg/kc/buy/cgsh_order_operate.html HTTP/1.1" 200 64
61.170.235.52 - - [29/Jul/2022:12:44:30 +0800] "POST /xingrg/kc/buy/cgsh_order_operate.html HTTP/1.1" 200 37
116.224.255.128 - - [29/Jul/2022:12:44:31 +0800] "GET /xingrg/all/function/internal_message.html?_=1659069868172&CODE_STATE=getMsg HTTP/1.1" 200 27
114.86.187.244 - - [29/Jul/2022:12:44:33 +0800] "POST /xingrg/services/DataTransmitService HTTP/1.1" 200 524
114.86.187.244 - - [29/Jul/2022:12:44:33 +0800] "POST /xingrg/services/DataTransmitService HTTP/1.1" 200 501
61.165.20.118 - - [29/Jul/2022:12:44:34 +0800] "POST /xingrg/kc/buy/cgsh_order_operate.html HTTP/1.1" 200 37
61.165.20.118 - - [29/Jul/2022:12:44:35 +0800] "POST /xingrg/kc/buy/cgsh_order_operate.html HTTP/1.1" 200 2654
61.170.235.52 - - [29/Jul/2022:12:44:35 +0800] "POST /xingrg/kc/buy/cgsh_order_operate.html HTTP/1.1" 200 12
61.165.20.118 - - [29/Jul/2022:12:44:36 +0800] "GET /xingrg/kc/print/load_data.html?order_code=212022072907641&kc_code=cgsh&condition= HTTP/1.1" 200 672
61.170.235.52 - - [29/Jul/2022:12:44:37 +0800] "GET /xingrg/kc/buy/cgsh_order_info.html?code=212022072907640 HTTP/1.1" 200 62845
61.170.235.52 - - [29/Jul/2022:12:44:37 +0800] "GET /xingrg/all/function/internal_message.html?_=1659069879058&CODE_STATE=getMsg HTTP/1.1" 200 27
61.170.235.52 - - [29/Jul/2022:12:44:37 +0800] "GET /xingrg/javascript/easyui/themes/default/validatebox.css HTTP/1.1" 404 1104
61.170.235.52 - - [29/Jul/2022:12:44:38 +0800] "POST /xingrg/kc/buy/cgsh_order_operate.html HTTP/1.1" 200 7135
61.165.20.118 - - [29/Jul/2022:12:44:39 +0800] "GET /xingrg/kc/buy/cgsh_order_add.html HTTP/1.1" 200 68026
61.165.20.118 - - [29/Jul/2022:12:44:40 +0800] "POST /xingrg/kc/buy/cgsh_order_operate.html HTTP/1.1" 200 8245
61.165.20.118 - - [29/Jul/2022:12:44:40 +0800] "GET /xingrg/javascript/easyui/themes/default/validatebox.css HTTP/1.1" 404 1104
61.170.235.52 - - [29/Jul/2022:12:44:40 +0800] "GET /xingrg/kc/print/load_data.html?order_code=212022072907640&kc_code=cgsh&condition= HTTP/1.1" 200 3198
61.165.20.118 - - [29/Jul/2022:12:44:42 +0800] "GET /xingrg/all/function/internal_message.html?_=1659069761505&CODE_STATE=getMsg HTTP/1.1" 200 27
101.83.240.174 - - [29/Jul/2022:12:44:45 +0800] "GET /xingrg/all/function/internal_message.html?_=1659069881886&CODE_STATE=getMsg HTTP/1.1" 200 27
61.170.235.52 - - [29/Jul/2022:12:44:45 +0800] "GET /xingrg/kc/buy/cgsh_order_add.html HTTP/1.1" 200 67938
61.170.235.52 - - [29/Jul/2022:12:44:45 +0800] "POST /xingrg/kc/buy/cgsh_order_operate.html HTTP/1.1" 200 8245
61.170.235.52 - - [29/Jul/2022:12:44:46 +0800] "GET /xingrg/javascript/easyui/themes/default/validatebox.css HTTP/1.1" 404 1104
61.170.235.52 - - [29/Jul/2022:12:44:47 +0800] "GET /xingrg/javascript/easyui/themes/default/tree.css HTTP/1.1" 404 1090
61.170.235.52 - - [29/Jul/2022:12:44:47 +0800] "POST /xingrg/all/common/load_tree.html?tree=supplier_tree_json&isDelete=1 HTTP/1.1" 200 66956
218.81.223.53 - - [29/Jul/2022:12:44:48 +0800] "GET /xingrg/check_reg.html?_=1659069890036 HTTP/1.1" 200 22
218.81.223.53 - - [29/Jul/2022:12:44:49 +0800] "GET /xingrg/all/function/internal_message.html?_=1659069891023&CODE_STATE=getMsg HTTP/1.1" 200 27
116.233.75.162 - - [29/Jul/2022:12:44:50 +0800] "GET /xingrg/all/function/internal_message.html?_=1659069888574&CODE_STATE=getMsg HTTP/1.1" 200 27
101.80.228.36 - - [29/Jul/2022:12:44:51 +0800] "GET /xingrg/all/function/internal_message.html?_=1659069888568&CODE_STATE=getMsg HTTP/1.1" 200 27
58.40.7.146 - - [29/Jul/2022:12:44:52 +0800] "GET /xingrg/check_reg.html?_=1659069889718 HTTP/1.1" 302 -
58.40.7.146 - - [29/Jul/2022:12:44:52 +0800] "GET /xingrg/login.html HTTP/1.1" 200 7641
58.40.7.146 - - [29/Jul/2022:12:44:52 +0800] "GET /xingrg/all/function/internal_message.html?_=1659069889720&CODE_STATE=getMsg HTTP/1.1" 302 -
116.224.123.211 - - [29/Jul/2022:12:44:53 +0800] "GET /xingrg/all/function/internal_message.html?_=1659069890642&CODE_STATE=getMsg HTTP/1.1" 200 27
116.224.123.211 - - [29/Jul/2022:12:44:53 +0800] "GET /xingrg/check_reg.html?_=1659069890738 HTTP/1.1" 200 22
61.165.20.118 - - [29/Jul/2022:12:44:55 +0800] "GET /xingrg/kc/buy/cgsh_order_operate.html?command=get_materiel&rest_code=00105&code=00101007057&supplier_code=00100323&order_time=2022-07-29 HTTP/1.1" 200 429
61.165.20.118 - - [29/Jul/2022:12:45:07 +0800] "GET /xingrg/all/function/internal_message.html?_=1659069903993&CODE_STATE=getMsg HTTP/1.1" 200 27
116.232.194.65 - - [29/Jul/2022:12:45:09 +0800] "GET /xingrg/all/function/internal_message.html?_=1659069900260&CODE_STATE=getMsg HTTP/1.1" 200 27
116.232.194.65 - - [29/Jul/2022:12:45:13 +0800] "GET /xingrg/check_reg.html?_=1659069903305 HTTP/1.1" 200 22
116.233.75.162 - - [29/Jul/2022:12:45:20 +0800] "GET /xingrg/all/function/internal_message.html?_=1659069919084&CODE_STATE=getMsg HTTP/1.1" 200 27
101.85.120.95 - - [29/Jul/2022:12:45:21 +0800] "GET /xingrg/all/function/internal_message.html?_=1659069918527&CODE_STATE=getMsg HTTP/1.1" 200 27
61.170.235.52 - - [29/Jul/2022:12:45:22 +0800] "GET /xingrg/kc/buy/cgsh_order_operate.html?command=get_materiel&rest_code=00106&code=00101005088&supplier_code=00100086&order_time=2022-07-29 HTTP/1.1" 200 400
180.169.147.146 - - [29/Jul/2022:12:45:23 +0800] "GET /xingrg/all/function/internal_message.html?_=1659069918468&CODE_STATE=getMsg HTTP/1.1" 200 27
222.69.129.110 - - [29/Jul/2022:12:45:25 +0800] "GET /xingrg/all/function/internal_message.html?_=1659069978790&CODE_STATE=getMsg HTTP/1.1" 200 27
116.224.255.128 - - [29/Jul/2022:12:45:31 +0800] "GET /xingrg/all/function/internal_message.html?_=1659069928143&CODE_STATE=getMsg HTTP/1.1" 200 27
61.165.20.118 - - [29/Jul/2022:12:45:31 +0800] "GET /xingrg/kc/buy/cgsh_order_operate.html?command=get_materiel&rest_code=00105&code=00101010785&supplier_code=00100323&order_time=2022-07-29 HTTP/1.1" 200 478
116.233.75.162 - - [29/Jul/2022:12:45:35 +0800] "POST /xingrg/services/DataTransmitService HTTP/1.1" 200 524
116.233.75.162 - - [29/Jul/2022:12:45:36 +0800] "POST /xingrg/services/DataTransmitService HTTP/1.1" 200 2667
61.170.235.52 - - [29/Jul/2022:12:45:36 +0800] "POST /xingrg/kc/buy/cgsh_order_operate.html HTTP/1.1" 200 37
116.233.75.162 - - [29/Jul/2022:12:45:37 +0800] "POST /xingrg/services/DataTransmitService HTTP/1.1" 200 197259
61.170.235.52 - - [29/Jul/2022:12:45:41 +0800] "POST /xingrg/kc/buy/cgsh_order_operate.html HTTP/1.1" 200 12
61.165.20.118 - - [29/Jul/2022:12:45:42 +0800] "GET /xingrg/all/function/internal_message.html?_=1659069821494&CODE_STATE=getMsg HTTP/1.1" 200 27
61.170.235.52 - - [29/Jul/2022:12:45:42 +0800] "GET /xingrg/kc/buy/cgsh_order_info.html?code=212022072907642 HTTP/1.1" 200 62845
61.170.235.52 - - [29/Jul/2022:12:45:42 +0800] "GET /xingrg/javascript/easyui/themes/default/validatebox.css HTTP/1.1" 404 1104
61.170.235.52 - - [29/Jul/2022:12:45:43 +0800] "POST /xingrg/kc/buy/cgsh_order_operate.html HTTP/1.1" 200 612
101.83.240.174 - - [29/Jul/2022:12:45:43 +0800] "GET /xingrg/check_reg.html?_=1659069940248 HTTP/1.1" 200 22
101.83.240.174 - - [29/Jul/2022:12:45:45 +0800] "GET /xingrg/all/function/internal_message.html?_=1659069941864&CODE_STATE=getMsg HTTP/1.1" 200 27
61.170.235.52 - - [29/Jul/2022:12:45:46 +0800] "GET /xingrg/kc/print/load_data.html?order_code=212022072907642&kc_code=cgsh&condition= HTTP/1.1" 200 770
218.81.223.53 - - [29/Jul/2022:12:45:49 +0800] "GET /xingrg/all/function/internal_message.html?_=1659069951037&CODE_STATE=getMsg HTTP/1.1" 200 27
116.233.75.162 - - [29/Jul/2022:12:45:50 +0800] "GET /xingrg/all/function/internal_message.html?_=1659069948573&CODE_STATE=getMsg HTTP/1.1" 200 27
101.80.228.36 - - [29/Jul/2022:12:45:51 +0800] "GET /xingrg/all/function/internal_message.html?_=1659069948538&CODE_STATE=getMsg HTTP/1.1" 200 27
58.40.7.146 - - [29/Jul/2022:12:45:52 +0800] "GET /xingrg/all/function/internal_message.html?_=1659069949722&CODE_STATE=getMsg HTTP/1.1" 302 -
116.224.123.211 - - [29/Jul/2022:12:45:53 +0800] "GET /xingrg/all/function/internal_message.html?_=1659069950624&CODE_STATE=getMsg HTTP/1.1" 200 27
61.170.235.52 - - [29/Jul/2022:12:45:54 +0800] "GET /xingrg/kc/buy/cgsh_order_add.html HTTP/1.1" 200 67938
61.170.235.52 - - [29/Jul/2022:12:45:55 +0800] "POST /xingrg/kc/buy/cgsh_order_operate.html HTTP/1.1" 200 8245
61.170.235.52 - - [29/Jul/2022:12:45:55 +0800] "GET /xingrg/javascript/easyui/themes/default/validatebox.css HTTP/1.1" 404 1104
61.170.235.52 - - [29/Jul/2022:12:45:56 +0800] "GET /xingrg/javascript/easyui/themes/default/tree.css HTTP/1.1" 404 1090
61.170.235.52 - - [29/Jul/2022:12:45:56 +0800] "POST /xingrg/all/common/load_tree.html?tree=supplier_tree_json&isDelete=1 HTTP/1.1" 200 66956
61.165.20.118 - - [29/Jul/2022:12:46:07 +0800] "GET /xingrg/all/function/internal_message.html?_=1659069963960&CODE_STATE=getMsg HTTP/1.1" 200 27
116.232.194.65 - - [29/Jul/2022:12:46:09 +0800] "GET /xingrg/all/function/internal_message.html?_=1659069960244&CODE_STATE=getMsg HTTP/1.1" 200 27
61.165.20.118 - - [29/Jul/2022:12:46:13 +0800] "GET /xingrg/kc/buy/cgsh_order_operate.html?command=get_materiel&rest_code=00105&code=00101002029&supplier_code=00100323&order_time=2022-07-29 HTTP/1.1" 200 429
116.233.75.162 - - [29/Jul/2022:12:46:20 +0800] "GET /xingrg/all/function/internal_message.html?_=1659069979077&CODE_STATE=getMsg HTTP/1.1" 200 27
61.170.235.52 - - [29/Jul/2022:12:46:20 +0800] "GET /xingrg/kc/buy/cgsh_order_operate.html?command=get_materiel&rest_code=00106&code=00101003006&supplier_code=00100092&order_time=2022-07-29 HTTP/1.1" 200 434
101.85.120.95 - - [29/Jul/2022:12:46:21 +0800] "GET /xingrg/all/function/internal_message.html?_=1659069978527&CODE_STATE=getMsg HTTP/1.1" 200 27
180.169.147.146 - - [29/Jul/2022:12:46:23 +0800] "GET /xingrg/all/function/internal_message.html?_=1659069978441&CODE_STATE=getMsg HTTP/1.1" 200 27
222.69.129.110 - - [29/Jul/2022:12:46:26 +0800] "GET /xingrg/all/function/internal_message.html?_=1659070038809&CODE_STATE=getMsg HTTP/1.1" 200 27
116.224.255.128 - - [29/Jul/2022:12:46:31 +0800] "GET /xingrg/all/function/internal_message.html?_=1659069988118&CODE_STATE=getMsg HTTP/1.1" 200 27
180.169.147.146 - - [29/Jul/2022:12:46:31 +0800] "POST /xingrg/kc/buy/cgsh_order_operate.html HTTP/1.1" 200 2065
61.165.20.118 - - [29/Jul/2022:12:46:33 +0800] "GET /xingrg/kc/buy/cgsh_order_operate.html?command=get_materiel&rest_code=00105&code=00101001035&supplier_code=00100323&order_time=2022-07-29 HTTP/1.1" 200 428
61.165.20.118 - - [29/Jul/2022:12:46:42 +0800] "GET /xingrg/all/function/internal_message.html?_=1659069881508&CODE_STATE=getMsg HTTP/1.1" 200 27
61.170.235.52 - - [29/Jul/2022:12:46:43 +0800] "POST /xingrg/kc/buy/cgsh_order_operate.html HTTP/1.1" 200 37
61.170.235.52 - - [29/Jul/2022:12:46:44 +0800] "POST /xingrg/kc/buy/cgsh_order_operate.html HTTP/1.1" 200 116
61.165.20.118 - - [29/Jul/2022:12:46:44 +0800] "GET /xingrg/kc/buy/cgsh_order_operate.html?command=get_materiel&rest_code=00105&code=00101010514&supplier_code=00100323&order_time=2022-07-29 HTTP/1.1" 200 428
101.83.240.174 - - [29/Jul/2022:12:46:45 +0800] "GET /xingrg/all/function/internal_message.html?_=1659070001846&CODE_STATE=getMsg HTTP/1.1" 200 27
218.81.223.53 - - [29/Jul/2022:12:46:49 +0800] "GET /xingrg/all/function/internal_message.html?_=1659070011051&CODE_STATE=getMsg HTTP/1.1" 200 27
116.233.75.162 - - [29/Jul/2022:12:46:50 +0800] "GET /xingrg/all/function/internal_message.html?_=1659070008574&CODE_STATE=getMsg HTTP/1.1" 200 27
101.80.228.36 - - [29/Jul/2022:12:46:51 +0800] "GET /xingrg/all/function/internal_message.html?_=1659070008525&CODE_STATE=getMsg HTTP/1.1" 200 27
58.40.7.146 - - [29/Jul/2022:12:46:52 +0800] "GET /xingrg/all/function/internal_message.html?_=1659070009724&CODE_STATE=getMsg HTTP/1.1" 302 -
116.224.123.211 - - [29/Jul/2022:12:46:53 +0800] "GET /xingrg/all/function/internal_message.html?_=1659070010610&CODE_STATE=getMsg HTTP/1.1" 200 27
61.170.235.52 - - [29/Jul/2022:12:46:57 +0800] "POST /xingrg/kc/buy/cgsh_order_operate.html HTTP/1.1" 200 37
61.170.235.52 - - [29/Jul/2022:12:47:01 +0800] "POST /xingrg/kc/buy/cgsh_order_operate.html HTTP/1.1" 200 12
61.170.235.52 - - [29/Jul/2022:12:47:02 +0800] "GET /xingrg/kc/buy/cgsh_order_info.html?code=212022072907643 HTTP/1.1" 200 62843
61.170.235.52 - - [29/Jul/2022:12:47:02 +0800] "GET /xingrg/javascript/easyui/themes/default/validatebox.css HTTP/1.1" 404 1104
61.170.235.52 - - [29/Jul/2022:12:47:03 +0800] "POST /xingrg/kc/buy/cgsh_order_operate.html HTTP/1.1" 200 613
61.165.20.118 - - [29/Jul/2022:12:47:05 +0800] "GET /xingrg/kc/buy/cgsh_order_operate.html?command=get_materiel&rest_code=00105&code=00101001079&supplier_code=00100323&order_time=2022-07-29 HTTP/1.1" 200 428
61.170.235.52 - - [29/Jul/2022:12:47:05 +0800] "GET /xingrg/kc/print/load_data.html?order_code=212022072907643&kc_code=cgsh&condition= HTTP/1.1" 200 760
114.86.187.244 - - [29/Jul/2022:12:47:06 +0800] "GET /xingrg/check_reg.html?_=1659070024978 HTTP/1.1" 200 22
61.165.20.118 - - [29/Jul/2022:12:47:07 +0800] "GET /xingrg/all/function/internal_message.html?_=1659070023935&CODE_STATE=getMsg HTTP/1.1" 200 27
61.165.20.118 - - [29/Jul/2022:12:47:07 +0800] "GET /xingrg/check_reg.html?_=1659070024010 HTTP/1.1" 200 22
116.232.194.65 - - [29/Jul/2022:12:47:09 +0800] "GET /xingrg/all/function/internal_message.html?_=1659070020228&CODE_STATE=getMsg HTTP/1.1" 200 27
61.170.235.52 - - [29/Jul/2022:12:47:11 +0800] "GET /xingrg/kc/buy/cgsh_order_add.html HTTP/1.1" 200 67938
61.170.235.52 - - [29/Jul/2022:12:47:11 +0800] "GET /xingrg/words/20220729103515_words.js HTTP/1.1" 304 -
61.170.235.52 - - [29/Jul/2022:12:47:11 +0800] "POST /xingrg/kc/buy/cgsh_order_operate.html HTTP/1.1" 200 8245
61.170.235.52 - - [29/Jul/2022:12:47:11 +0800] "GET /xingrg/javascript/easyui/themes/default/validatebox.css HTTP/1.1" 404 1104
61.170.235.52 - - [29/Jul/2022:12:47:13 +0800] "GET /xingrg/javascript/easyui/themes/default/tree.css HTTP/1.1" 404 1090
61.170.235.52 - - [29/Jul/2022:12:47:13 +0800] "POST /xingrg/all/common/load_tree.html?tree=supplier_tree_json&isDelete=1 HTTP/1.1" 200 66956
101.80.228.36 - - [29/Jul/2022:12:47:15 +0800] "GET /xingrg/kc/buy/cgsh_order_add.html HTTP/1.1" 200 67991
101.80.228.36 - - [29/Jul/2022:12:47:15 +0800] "GET /xingrg/words/20220729103515_words.js HTTP/1.1" 304 -
101.80.228.36 - - [29/Jul/2022:12:47:15 +0800] "POST /xingrg/kc/buy/cgsh_order_operate.html HTTP/1.1" 200 8245
101.80.228.36 - - [29/Jul/2022:12:47:15 +0800] "GET /xingrg/javascript/easyui/themes/default/validatebox.css HTTP/1.1" 404 1104
116.233.75.162 - - [29/Jul/2022:12:47:20 +0800] "GET /xingrg/all/function/internal_message.html?_=1659070039093&CODE_STATE=getMsg HTTP/1.1" 200 27
101.85.120.95 - - [29/Jul/2022:12:47:21 +0800] "GET /xingrg/all/function/internal_message.html?_=1659070038526&CODE_STATE=getMsg HTTP/1.1" 200 27
180.169.147.146 - - [29/Jul/2022:12:47:23 +0800] "GET /xingrg/all/function/internal_message.html?_=1659070038425&CODE_STATE=getMsg HTTP/1.1" 200 27
61.165.20.118 - - [29/Jul/2022:12:47:24 +0800] "GET /xingrg/kc/buy/cgsh_order_operate.html?command=get_materiel&rest_code=00105&code=00101020019&supplier_code=00100323&order_time=2022-07-29 HTTP/1.1" 200 425
222.69.129.110 - - [29/Jul/2022:12:47:25 +0800] "GET /xingrg/all/function/internal_message.html?_=1659070098805&CODE_STATE=getMsg HTTP/1.1" 200 27
61.170.235.52 - - [29/Jul/2022:12:47:27 +0800] "GET /xingrg/kc/buy/cgsh_order_operate.html?command=get_materiel&rest_code=00106&code=00101002006&supplier_code=00100091&order_time=2022-07-29 HTTP/1.1" 200 434
116.224.255.128 - - [29/Jul/2022:12:47:31 +0800] "GET /xingrg/all/function/internal_message.html?_=1659070048104&CODE_STATE=getMsg HTTP/1.1" 200 27
116.224.255.128 - - [29/Jul/2022:12:47:33 +0800] "GET /xingrg/check_reg.html?_=1659070050025 HTTP/1.1" 200 22
61.170.235.52 - - [29/Jul/2022:12:47:37 +0800] "GET /xingrg/check_reg.html?_=1659070058914 HTTP/1.1" 200 22
61.170.235.52 - - [29/Jul/2022:12:47:37 +0800] "GET /xingrg/all/function/internal_message.html?_=1659070059064&CODE_STATE=getMsg HTTP/1.1" 200 27
101.80.228.36 - - [29/Jul/2022:12:47:38 +0800] "GET /xingrg/kc/buy/cgsh_order_operate.html?command=get_materiel&rest_code=00156&code=00101004094&supplier_code=00100090&order_time=2022-07-29 HTTP/1.1" 200 432
61.165.20.118 - - [29/Jul/2022:12:47:42 +0800] "GET /xingrg/all/function/internal_message.html?_=1659069941496&CODE_STATE=getMsg HTTP/1.1" 200 27
101.83.240.174 - - [29/Jul/2022:12:47:45 +0800] "GET /xingrg/all/function/internal_message.html?_=1659070061828&CODE_STATE=getMsg HTTP/1.1" 200 27
218.81.223.53 - - [29/Jul/2022:12:47:49 +0800] "GET /xingrg/all/function/internal_message.html?_=1659070071074&CODE_STATE=getMsg HTTP/1.1" 200 27
116.233.75.162 - - [29/Jul/2022:12:47:50 +0800] "GET /xingrg/check_reg.html?_=1659070068574 HTTP/1.1" 200 22
116.233.75.162 - - [29/Jul/2022:12:47:50 +0800] "GET /xingrg/all/function/internal_message.html?_=1659070068575&CODE_STATE=getMsg HTTP/1.1" 200 27
101.80.228.36 - - [29/Jul/2022:12:47:51 +0800] "GET /xingrg/all/function/internal_message.html?_=1659070068510&CODE_STATE=getMsg HTTP/1.1" 200 27
58.40.7.146 - - [29/Jul/2022:12:47:52 +0800] "GET /xingrg/all/function/internal_message.html?_=1659070069727&CODE_STATE=getMsg HTTP/1.1" 302 -
101.80.228.36 - - [29/Jul/2022:12:47:53 +0800] "GET /xingrg/kc/buy/cgsh_order_operate.html?command=get_materiel&rest_code=00156&code=00101001088&supplier_code=00100090&order_time=2022-07-29 HTTP/1.1" 200 434
116.224.123.211 - - [29/Jul/2022:12:47:53 +0800] "GET /xingrg/all/function/internal_message.html?_=1659070070588&CODE_STATE=getMsg HTTP/1.1" 200 27
61.165.20.118 - - [29/Jul/2022:12:47:54 +0800] "GET /xingrg/kc/buy/cgsh_order_operate.html?command=get_materiel&rest_code=00105&code=00101010093&supplier_code=00100323&order_time=2022-07-29 HTTP/1.1" 200 413
61.170.235.52 - - [29/Jul/2022:12:47:55 +0800] "GET /xingrg/kc/buy/cgsh_order_operate.html?command=get_materiel&rest_code=00106&code=00101010081&supplier_code=00100091&order_time=2022-07-29 HTTP/1.1" 200 434
61.165.20.118 - - [29/Jul/2022:12:48:07 +0800] "GET /xingrg/all/function/internal_message.html?_=1659070083930&CODE_STATE=getMsg HTTP/1.1" 200 27
116.232.194.65 - - [29/Jul/2022:12:48:09 +0800] "GET /xingrg/all/function/internal_message.html?_=1659070080223&CODE_STATE=getMsg HTTP/1.1" 200 27
61.165.20.118 - - [29/Jul/2022:12:48:13 +0800] "GET /xingrg/kc/buy/cgsh_order_operate.html?command=get_materiel&rest_code=00105&code=00101019489&supplier_code=00100323&order_time=2022-07-29 HTTP/1.1" 200 425
101.80.228.36 - - [29/Jul/2022:12:48:19 +0800] "GET /xingrg/kc/buy/cgsh_order_operate.html?command=get_materiel&rest_code=00156&code=00101001037&supplier_code=00100090&order_time=2022-07-29 HTTP/1.1" 200 438
116.233.75.162 - - [29/Jul/2022:12:48:20 +0800] "GET /xingrg/check_reg.html?_=1659070099089 HTTP/1.1" 200 22
116.233.75.162 - - [29/Jul/2022:12:48:20 +0800] "GET /xingrg/all/function/internal_message.html?_=1659070099090&CODE_STATE=getMsg HTTP/1.1" 200 27
101.85.120.95 - - [29/Jul/2022:12:48:21 +0800] "GET /xingrg/all/function/internal_message.html?_=1659070098526&CODE_STATE=getMsg HTTP/1.1" 200 27
101.85.120.95 - - [29/Jul/2022:12:48:21 +0800] "GET /xingrg/check_reg.html?_=1659070098529 HTTP/1.1" 200 22
61.165.20.118 - - [29/Jul/2022:12:48:22 +0800] "GET /xingrg/kc/buy/cgsh_order_operate.html?command=get_materiel&rest_code=00105&code=00101010163&supplier_code=00100323&order_time=2022-07-29 HTTP/1.1" 200 423
180.169.147.146 - - [29/Jul/2022:12:48:23 +0800] "GET /xingrg/all/function/internal_message.html?_=1659070098407&CODE_STATE=getMsg HTTP/1.1" 200 27
180.169.147.146 - - [29/Jul/2022:12:48:25 +0800] "POST /xingrg/kc/buy/cgsh_order_operate.html HTTP/1.1" 200 37
222.69.129.110 - - [29/Jul/2022:12:48:25 +0800] "GET /xingrg/all/function/internal_message.html?_=1659070158796&CODE_STATE=getMsg HTTP/1.1" 200 27
222.69.129.110 - - [29/Jul/2022:12:48:26 +0800] "GET /xingrg/check_reg.html?_=1659070158798 HTTP/1.1" 200 22
116.224.255.128 - - [29/Jul/2022:12:48:31 +0800] "GET /xingrg/all/function/internal_message.html?_=1659070108082&CODE_STATE=getMsg HTTP/1.1" 200 27
101.80.228.36 - - [29/Jul/2022:12:48:33 +0800] "POST /xingrg/kc/buy/cgsh_order_operate.html HTTP/1.1" 200 37
180.169.147.146 - - [29/Jul/2022:12:48:35 +0800] "POST /xingrg/kc/buy/cgsh_order_operate.html HTTP/1.1" 200 14566
101.80.228.36 - - [29/Jul/2022:12:48:35 +0800] "POST /xingrg/kc/buy/cgsh_order_operate.html HTTP/1.1" 200 3857
