116.224.255.128 - - [25/Jul/2022:08:48:58 +0800] "GET /xingrg/javascript/easyui/themes/default/validatebox.css HTTP/1.1" 404 1104
116.224.255.128 - - [25/Jul/2022:08:48:58 +0800] "POST /xingrg/kc/buy/cgsh_order_operate.html HTTP/1.1" 200 3011
116.224.255.128 - - [25/Jul/2022:08:49:00 +0800] "GET /xingrg/kc/print/load_config.html?kc_code=cgsh HTTP/1.1" 200 1943
116.224.255.128 - - [25/Jul/2022:08:49:00 +0800] "GET /xingrg/kc/print/load_data.html?order_code=212022072506507&kc_code=cgsh&condition= HTTP/1.1" 200 1616
116.224.129.11 - - [25/Jul/2022:08:49:01 +0800] "GET /xingrg/kc/buy/cgsh_order_operate.html?command=get_materiel&rest_code=00105&code=00101008318&supplier_code=00100203&order_time=2022-07-25 HTTP/1.1" 200 408
116.224.255.128 - - [25/Jul/2022:08:49:07 +0800] "POST /xingrg/all/user/operate.html HTTP/1.1" 200 36
116.224.255.128 - - [25/Jul/2022:08:49:07 +0800] "GET /xingrg/index.html?sysBaseUrl=http%3A%2F%2F180.169.147.146%3A18081%2Fxingrg%2F&costTime=40×tamp=1658710048360 HTTP/1.1" 200 17179
116.224.255.128 - - [25/Jul/2022:08:49:07 +0800] "GET /xingrg/javascript/jquery_easy_ui/themes/default/easyui.css HTTP/1.1" 304 -
116.224.255.128 - - [25/Jul/2022:08:49:07 +0800] "GET /xingrg/javascript/jquery_easy_ui/themes/icon.css HTTP/1.1" 304 -
116.224.255.128 - - [25/Jul/2022:08:49:07 +0800] "GET /xingrg/css/form.css HTTP/1.1" 304 -
116.224.255.128 - - [25/Jul/2022:08:49:07 +0800] "GET /xingrg/javascript/jquery-1.4.2.min.js HTTP/1.1" 304 -
116.224.255.128 - - [25/Jul/2022:08:49:07 +0800] "GET /xingrg/javascript/jquery_easy_ui/jquery.easyui.min.js HTTP/1.1" 304 -
116.224.255.128 - - [25/Jul/2022:08:49:07 +0800] "GET /xingrg/javascript/jquery_easy_ui/easyui-lang-zh_CN.js HTTP/1.1" 304 -
116.224.255.128 - - [25/Jul/2022:08:49:07 +0800] "GET /xingrg/javascript/jquery.form.js HTTP/1.1" 304 -
116.224.255.128 - - [25/Jul/2022:08:49:07 +0800] "GET /xingrg/javascript/jquery.utils.js HTTP/1.1" 304 -
116.224.255.128 - - [25/Jul/2022:08:49:07 +0800] "GET /xingrg/javascript/jquery.timers.js HTTP/1.1" 304 -
116.224.255.128 - - [25/Jul/2022:08:49:07 +0800] "GET /xingrg/images/blue/jxLogo.png HTTP/1.1" 304 -
116.224.255.128 - - [25/Jul/2022:08:49:07 +0800] "GET /xingrg/javascript/jquery_easy_ui/themes/icons/settle_new.png HTTP/1.1" 304 -
116.224.255.128 - - [25/Jul/2022:08:49:07 +0800] "GET /xingrg/images/blue/navBackgound.jpg HTTP/1.1" 304 -
116.224.255.128 - - [25/Jul/2022:08:49:07 +0800] "POST /xingrg/all/common/load_tree.html?tree=area_rest_tree_json&manage=1 HTTP/1.1" 200 476
116.224.255.128 - - [25/Jul/2022:08:49:07 +0800] "GET /xingrg/all/function/internal_message.html?_=1658710147848&CODE_STATE=count HTTP/1.1" 200 11
116.224.255.128 - - [25/Jul/2022:08:49:07 +0800] "GET /xingrg/check_reg.html?_=1658710147849 HTTP/1.1" 200 22
116.224.255.128 - - [25/Jul/2022:08:49:07 +0800] "GET /xingrg/javascript/jquery_easy_ui/themes/default/images/panel_tool_collapse.gif HTTP/1.1" 304 -
116.224.255.128 - - [25/Jul/2022:08:49:07 +0800] "POST /xingrg/load_menu.html HTTP/1.1" 200 5138
116.224.255.128 - - [25/Jul/2022:08:49:07 +0800] "GET /xingrg/javascript/jquery_easy_ui/themes/default/images/tabs_leftarrow.png HTTP/1.1" 304 -
116.224.255.128 - - [25/Jul/2022:08:49:07 +0800] "GET /xingrg/javascript/jquery_easy_ui/themes/default/images/tabs_rightarrow.png HTTP/1.1" 304 -
116.224.255.128 - - [25/Jul/2022:08:49:07 +0800] "GET /xingrg/images/blue/pingpu.png HTTP/1.1" 304 -
116.224.255.128 - - [25/Jul/2022:08:49:07 +0800] "GET /xingrg/javascript/jquery_easy_ui/themes/default/images/tree_folder_open.gif HTTP/1.1" 304 -
116.224.255.128 - - [25/Jul/2022:08:49:07 +0800] "GET /xingrg/javascript/jquery_easy_ui/themes/icons/search_new.png HTTP/1.1" 304 -
116.224.255.128 - - [25/Jul/2022:08:49:07 +0800] "GET /xingrg/javascript/jquery_easy_ui/themes/icons/forms_new.png HTTP/1.1" 304 -
116.224.255.128 - - [25/Jul/2022:08:49:07 +0800] "GET /xingrg/javascript/jquery_easy_ui/themes/default/images/tree_folder.gif HTTP/1.1" 304 -
116.224.255.128 - - [25/Jul/2022:08:49:07 +0800] "GET /xingrg/javascript/jquery_easy_ui/themes/icons/storage_new.png HTTP/1.1" 304 -
116.224.255.128 - - [25/Jul/2022:08:49:07 +0800] "GET /xingrg/javascript/jquery_easy_ui/themes/default/images/tree_arrows.gif HTTP/1.1" 304 -
116.224.255.128 - - [25/Jul/2022:08:49:07 +0800] "GET /xingrg/javascript/jquery_easy_ui/themes/default/images/tree_file.gif HTTP/1.1" 304 -
116.224.255.128 - - [25/Jul/2022:08:49:09 +0800] "GET /xingrg/kc/buy/cgsh_order_list.html HTTP/1.1" 200 52168
116.224.255.128 - - [25/Jul/2022:08:49:10 +0800] "POST /xingrg/kc/buy/cgsh_list_operate.html HTTP/1.1" 200 693
116.224.255.128 - - [25/Jul/2022:08:49:11 +0800] "GET /xingrg/kc/buy/cgsh_order_add.html HTTP/1.1" 200 67944
116.224.255.128 - - [25/Jul/2022:08:49:11 +0800] "POST /xingrg/kc/buy/cgsh_order_operate.html HTTP/1.1" 200 8245
116.224.255.128 - - [25/Jul/2022:08:49:11 +0800] "GET /xingrg/all/common/auto_word.html?type=employee&rest_code=00150 HTTP/1.1" 200 159
116.224.255.128 - - [25/Jul/2022:08:49:11 +0800] "GET /xingrg/javascript/easyui/themes/default/validatebox.css HTTP/1.1" 404 1104
116.224.255.128 - - [25/Jul/2022:08:49:11 +0800] "GET /xingrg/all/common/auto_word.html?type=employee&rest_code=00150 HTTP/1.1" 200 159
116.224.255.128 - - [25/Jul/2022:08:49:12 +0800] "GET /xingrg/javascript/auto/indicator.gif HTTP/1.1" 404 1066
101.80.228.36 - - [25/Jul/2022:08:49:16 +0800] "GET /xingrg/check_reg.html?_=1658710155099 HTTP/1.1" 200 22
116.224.255.128 - - [25/Jul/2022:08:49:19 +0800] "GET /xingrg/kc/buy/cgsh_order_operate.html?command=get_materiel&rest_code=00150&code=00101006079&supplier_code=00100096&order_time=2022-07-25 HTTP/1.1" 200 410
116.224.129.11 - - [25/Jul/2022:08:49:20 +0800] "GET /xingrg/check_reg.html?_=1658710159287 HTTP/1.1" 200 22
120.253.135.82 - - [25/Jul/2022:08:49:26 +0800] "GET /xingrg/all/function/internal_message.html?_=1658709974362&CODE_STATE=getMsg HTTP/1.1" 200 27
114.86.187.244 - - [25/Jul/2022:08:49:27 +0800] "GET /xingrg/all/function/internal_message.html?_=1658710168497&CODE_STATE=getMsg HTTP/1.1" 200 27
116.224.255.128 - - [25/Jul/2022:08:49:32 +0800] "GET /xingrg/kc/buy/cgsh_order_operate.html?command=get_materiel&rest_code=00150&code=00101016057&supplier_code=00100096&order_time=2022-07-25 HTTP/1.1" 200 408
218.81.223.53 - - [25/Jul/2022:08:49:32 +0800] "GET /xingrg/check_reg.html?_=1658710173315 HTTP/1.1" 200 22
114.83.219.182 - - [25/Jul/2022:08:49:34 +0800] "GET /xingrg/all/function/internal_message.html?_=1658710172875&CODE_STATE=getMsg HTTP/1.1" 200 27
116.224.123.211 - - [25/Jul/2022:08:49:36 +0800] "POST /xingrg/services/DataTransmitService HTTP/1.1" 200 524
218.81.223.53 - - [25/Jul/2022:08:49:42 +0800] "GET /xingrg/all/function/internal_message.html?_=1658710183844&CODE_STATE=getMsg HTTP/1.1" 200 27
116.224.255.128 - - [25/Jul/2022:08:49:43 +0800] "GET /xingrg/kc/buy/cgsh_order_operate.html?command=get_materiel&rest_code=00150&code=00101012025&supplier_code=00100096&order_time=2022-07-25 HTTP/1.1" 200 430
116.224.255.128 - - [25/Jul/2022:08:49:53 +0800] "GET /xingrg/kc/buy/cgsh_order_operate.html?command=get_materiel&rest_code=00150&code=00101007077&supplier_code=00100096&order_time=2022-07-25 HTTP/1.1" 200 415
58.40.7.146 - - [25/Jul/2022:08:49:54 +0800] "GET /xingrg/all/function/internal_message.html?_=1658710220917&CODE_STATE=getMsg HTTP/1.1" 200 27
116.224.129.11 - - [25/Jul/2022:08:49:55 +0800] "GET /xingrg/all/function/internal_message.html?_=1658710194516&CODE_STATE=getMsg HTTP/1.1" 200 27
101.80.228.36 - - [25/Jul/2022:08:49:56 +0800] "GET /xingrg/all/function/internal_message.html?_=1658710195179&CODE_STATE=getMsg HTTP/1.1" 200 27
116.224.129.11 - - [25/Jul/2022:08:50:02 +0800] "GET /xingrg/kc/buy/cgsh_order_operate.html?command=get_materiel&rest_code=00105&code=00101008005&supplier_code=00100203&order_time=2022-07-25 HTTP/1.1" 200 429
116.224.255.128 - - [25/Jul/2022:08:50:05 +0800] "GET /xingrg/kc/buy/cgsh_order_operate.html?command=get_materiel&rest_code=00150&code=00101006111&supplier_code=00100096&order_time=2022-07-25 HTTP/1.1" 200 411
116.224.255.128 - - [25/Jul/2022:08:50:07 +0800] "GET /xingrg/all/function/internal_message.html?_=1658710207863&CODE_STATE=getMsg HTTP/1.1" 200 27
120.253.135.82 - - [25/Jul/2022:08:50:26 +0800] "GET /xingrg/all/function/internal_message.html?_=1658710034685&CODE_STATE=getMsg HTTP/1.1" 200 27
114.86.187.244 - - [25/Jul/2022:08:50:27 +0800] "GET /xingrg/all/function/internal_message.html?_=1658710228483&CODE_STATE=getMsg HTTP/1.1" 200 27
114.83.219.182 - - [25/Jul/2022:08:50:34 +0800] "GET /xingrg/all/function/internal_message.html?_=1658710232875&CODE_STATE=getMsg HTTP/1.1" 200 27
114.83.219.182 - - [25/Jul/2022:08:50:34 +0800] "GET /xingrg/check_reg.html?_=1658710232880 HTTP/1.1" 200 22
116.224.255.128 - - [25/Jul/2022:08:50:37 +0800] "POST /xingrg/kc/buy/cgsh_order_operate.html HTTP/1.1" 200 37
116.224.255.128 - - [25/Jul/2022:08:50:42 +0800] "POST /xingrg/kc/buy/cgsh_order_operate.html HTTP/1.1" 200 12
218.81.223.53 - - [25/Jul/2022:08:50:42 +0800] "GET /xingrg/all/function/internal_message.html?_=1658710243857&CODE_STATE=getMsg HTTP/1.1" 200 27
116.224.255.128 - - [25/Jul/2022:08:50:42 +0800] "GET /xingrg/kc/buy/cgsh_order_info.html?code=212022072506508 HTTP/1.1" 200 62837
116.224.255.128 - - [25/Jul/2022:08:50:43 +0800] "GET /xingrg/javascript/easyui/themes/default/validatebox.css HTTP/1.1" 404 1104
116.224.255.128 - - [25/Jul/2022:08:50:44 +0800] "POST /xingrg/kc/buy/cgsh_order_operate.html HTTP/1.1" 200 2379
116.224.255.128 - - [25/Jul/2022:08:50:45 +0800] "GET /xingrg/kc/print/load_data.html?order_code=212022072506508&kc_code=cgsh&condition= HTTP/1.1" 200 1354
116.224.255.128 - - [25/Jul/2022:08:50:48 +0800] "GET /xingrg/kc/buy/cgsh_order_add.html HTTP/1.1" 200 67944
116.224.255.128 - - [25/Jul/2022:08:50:49 +0800] "POST /xingrg/kc/buy/cgsh_order_operate.html HTTP/1.1" 200 8245
116.224.255.128 - - [25/Jul/2022:08:50:49 +0800] "GET /xingrg/javascript/easyui/themes/default/validatebox.css HTTP/1.1" 404 1104
116.235.94.65 - - [25/Jul/2022:08:50:50 +0800] "POST /xingrg/services/DataTransmitService HTTP/1.1" 200 524
58.40.7.146 - - [25/Jul/2022:08:50:54 +0800] "GET /xingrg/all/function/internal_message.html?_=1658710280919&CODE_STATE=getMsg HTTP/1.1" 200 27
116.224.129.11 - - [25/Jul/2022:08:50:55 +0800] "GET /xingrg/all/function/internal_message.html?_=1658710254500&CODE_STATE=getMsg HTTP/1.1" 200 27
101.80.228.36 - - [25/Jul/2022:08:50:56 +0800] "GET /xingrg/all/function/internal_message.html?_=1658710255149&CODE_STATE=getMsg HTTP/1.1" 200 27
116.224.255.128 - - [25/Jul/2022:08:50:57 +0800] "GET /xingrg/kc/buy/cgsh_order_operate.html?command=get_materiel&rest_code=00150&code=00101002027&supplier_code=00100400&order_time=2022-07-25 HTTP/1.1" 200 435
116.224.255.128 - - [25/Jul/2022:08:51:05 +0800] "POST /xingrg/kc/buy/cgsh_order_operate.html HTTP/1.1" 200 37
116.224.129.11 - - [25/Jul/2022:08:51:05 +0800] "GET /xingrg/kc/buy/cgsh_order_operate.html?command=get_materiel&rest_code=00105&code=00101008185&supplier_code=00100203&order_time=2022-07-25 HTTP/1.1" 200 408
116.224.255.128 - - [25/Jul/2022:08:51:07 +0800] "GET /xingrg/all/function/internal_message.html?_=1658710267872&CODE_STATE=getMsg HTTP/1.1" 200 27
116.224.255.128 - - [25/Jul/2022:08:51:08 +0800] "POST /xingrg/kc/buy/cgsh_order_operate.html HTTP/1.1" 200 12
116.224.255.128 - - [25/Jul/2022:08:51:09 +0800] "GET /xingrg/kc/buy/cgsh_order_info.html?code=212022072506509 HTTP/1.1" 200 62845
116.224.255.128 - - [25/Jul/2022:08:51:10 +0800] "GET /xingrg/javascript/easyui/themes/default/validatebox.css HTTP/1.1" 404 1104
116.224.255.128 - - [25/Jul/2022:08:51:10 +0800] "POST /xingrg/kc/buy/cgsh_order_operate.html HTTP/1.1" 200 610
116.224.255.128 - - [25/Jul/2022:08:51:11 +0800] "GET /xingrg/kc/print/load_data.html?order_code=212022072506509&kc_code=cgsh&condition= HTTP/1.1" 200 702
116.224.129.11 - - [25/Jul/2022:08:51:18 +0800] "GET /xingrg/kc/buy/cgsh_order_operate.html?command=get_materiel&rest_code=00105&code=00101008132&supplier_code=00100203&order_time=2022-07-25 HTTP/1.1" 200 424
120.253.135.82 - - [25/Jul/2022:08:51:20 +0800] "GET /xingrg/check_reg.html?_=1658710088039 HTTP/1.1" 200 22
120.253.135.82 - - [25/Jul/2022:08:51:26 +0800] "GET /xingrg/all/function/internal_message.html?_=1658710094685&CODE_STATE=getMsg HTTP/1.1" 200 27
114.86.187.244 - - [25/Jul/2022:08:51:27 +0800] "GET /xingrg/all/function/internal_message.html?_=1658710288452&CODE_STATE=getMsg HTTP/1.1" 200 27
116.224.129.11 - - [25/Jul/2022:08:51:30 +0800] "GET /xingrg/kc/buy/cgsh_order_operate.html?command=get_materiel&rest_code=00105&code=00101008244&supplier_code=00100203&order_time=2022-07-25 HTTP/1.1" 200 424
114.83.219.182 - - [25/Jul/2022:08:51:34 +0800] "GET /xingrg/all/function/internal_message.html?_=1658710292903&CODE_STATE=getMsg HTTP/1.1" 200 27
116.224.129.11 - - [25/Jul/2022:08:51:38 +0800] "GET /xingrg/kc/buy/cgsh_order_operate.html?command=get_materiel&rest_code=00105&code=00101008126&supplier_code=00100203&order_time=2022-07-25 HTTP/1.1" 200 412
218.81.223.53 - - [25/Jul/2022:08:51:43 +0800] "GET /xingrg/all/function/internal_message.html?_=1658710304230&CODE_STATE=getMsg HTTP/1.1" 200 27
116.224.129.11 - - [25/Jul/2022:08:51:46 +0800] "GET /xingrg/kc/buy/cgsh_order_operate.html?command=get_materiel&rest_code=00105&code=00101008067&supplier_code=00100203&order_time=2022-07-25 HTTP/1.1" 200 416
116.224.129.11 - - [25/Jul/2022:08:51:53 +0800] "GET /xingrg/kc/buy/cgsh_order_operate.html?command=get_materiel&rest_code=00105&code=00101008212&supplier_code=00100203&order_time=2022-07-25 HTTP/1.1" 200 412
58.40.7.146 - - [25/Jul/2022:08:51:54 +0800] "GET /xingrg/check_reg.html?_=1658710340920 HTTP/1.1" 200 22
58.40.7.146 - - [25/Jul/2022:08:51:54 +0800] "GET /xingrg/all/function/internal_message.html?_=1658710340926&CODE_STATE=getMsg HTTP/1.1" 200 27
116.224.129.11 - - [25/Jul/2022:08:51:55 +0800] "GET /xingrg/all/function/internal_message.html?_=1658710314533&CODE_STATE=getMsg HTTP/1.1" 200 27
101.80.228.36 - - [25/Jul/2022:08:51:56 +0800] "GET /xingrg/all/function/internal_message.html?_=1658710315135&CODE_STATE=getMsg HTTP/1.1" 200 27
116.224.129.11 - - [25/Jul/2022:08:52:02 +0800] "GET /xingrg/kc/buy/cgsh_order_operate.html?command=get_materiel&rest_code=00105&code=00101008108&supplier_code=00100203&order_time=2022-07-25 HTTP/1.1" 200 412
116.224.255.128 - - [25/Jul/2022:08:52:07 +0800] "GET /xingrg/all/function/internal_message.html?_=1658710327860&CODE_STATE=getMsg HTTP/1.1" 200 27
116.224.129.11 - - [25/Jul/2022:08:52:12 +0800] "GET /xingrg/kc/buy/cgsh_order_operate.html?command=get_materiel&rest_code=00105&code=00101008004&supplier_code=00100203&order_time=2022-07-25 HTTP/1.1" 200 416
116.224.129.11 - - [25/Jul/2022:08:52:24 +0800] "GET /xingrg/kc/buy/cgsh_order_operate.html?command=get_materiel&rest_code=00105&code=00101008277&supplier_code=00100203&order_time=2022-07-25 HTTP/1.1" 200 412
120.253.135.82 - - [25/Jul/2022:08:52:26 +0800] "GET /xingrg/all/function/internal_message.html?_=1658710154699&CODE_STATE=getMsg HTTP/1.1" 200 27
114.86.187.244 - - [25/Jul/2022:08:52:27 +0800] "GET /xingrg/all/function/internal_message.html?_=1658710348422&CODE_STATE=getMsg HTTP/1.1" 200 27
116.224.129.11 - - [25/Jul/2022:08:52:27 +0800] "POST /xingrg/kc/buy/cgsh_order_operate.html HTTP/1.1" 200 2065
116.224.129.11 - - [25/Jul/2022:08:52:29 +0800] "POST /xingrg/kc/buy/cgsh_order_operate.html HTTP/1.1" 200 2065
114.83.219.182 - - [25/Jul/2022:08:52:34 +0800] "GET /xingrg/all/function/internal_message.html?_=1658710352903&CODE_STATE=getMsg HTTP/1.1" 200 27
116.224.129.11 - - [25/Jul/2022:08:52:38 +0800] "GET /xingrg/kc/buy/cgsh_order_operate.html?command=get_materiel&rest_code=00105&code=00101008350&supplier_code=00100203&order_time=2022-07-25 HTTP/1.1" 200 425
218.81.223.53 - - [25/Jul/2022:08:52:43 +0800] "GET /xingrg/all/function/internal_message.html?_=1658710364244&CODE_STATE=getMsg HTTP/1.1" 200 27
116.224.129.11 - - [25/Jul/2022:08:52:49 +0800] "GET /xingrg/kc/buy/cgsh_order_operate.html?command=get_materiel&rest_code=00105&code=00101008036&supplier_code=00100203&order_time=2022-07-25 HTTP/1.1" 200 408
58.40.7.146 - - [25/Jul/2022:08:52:54 +0800] "GET /xingrg/all/function/internal_message.html?_=1658710400913&CODE_STATE=getMsg HTTP/1.1" 200 27
116.224.129.11 - - [25/Jul/2022:08:52:55 +0800] "GET /xingrg/all/function/internal_message.html?_=1658710374523&CODE_STATE=getMsg HTTP/1.1" 200 27
101.80.228.36 - - [25/Jul/2022:08:52:56 +0800] "GET /xingrg/all/function/internal_message.html?_=1658710375105&CODE_STATE=getMsg HTTP/1.1" 200 27
116.224.255.128 - - [25/Jul/2022:08:53:07 +0800] "GET /xingrg/all/function/internal_message.html?_=1658710387861&CODE_STATE=getMsg HTTP/1.1" 200 27
116.224.129.11 - - [25/Jul/2022:08:53:11 +0800] "GET /xingrg/kc/buy/cgsh_order_operate.html?command=get_materiel&rest_code=00105&code=00101008307&supplier_code=00100203&order_time=2022-07-25 HTTP/1.1" 200 420
116.224.129.11 - - [25/Jul/2022:08:53:23 +0800] "GET /xingrg/kc/buy/cgsh_order_operate.html?command=get_materiel&rest_code=00105&code=00101009063&supplier_code=00100203&order_time=2022-07-25 HTTP/1.1" 200 410
120.253.135.82 - - [25/Jul/2022:08:53:27 +0800] "GET /xingrg/all/function/internal_message.html?_=1658710214978&CODE_STATE=getMsg HTTP/1.1" 200 27
114.86.187.244 - - [25/Jul/2022:08:53:27 +0800] "GET /xingrg/all/function/internal_message.html?_=1658710408407&CODE_STATE=getMsg HTTP/1.1" 200 27
114.83.219.182 - - [25/Jul/2022:08:53:34 +0800] "GET /xingrg/all/function/internal_message.html?_=1658710412902&CODE_STATE=getMsg HTTP/1.1" 200 27
116.224.129.11 - - [25/Jul/2022:08:53:37 +0800] "GET /xingrg/kc/buy/cgsh_order_operate.html?command=get_materiel&rest_code=00105&code=00101008041&supplier_code=00100203&order_time=2022-07-25 HTTP/1.1" 200 408
114.86.187.244 - - [25/Jul/2022:08:53:41 +0800] "GET /xingrg/check_reg.html?_=1658710422652 HTTP/1.1" 200 22
218.81.223.53 - - [25/Jul/2022:08:53:43 +0800] "GET /xingrg/all/function/internal_message.html?_=1658710424584&CODE_STATE=getMsg HTTP/1.1" 200 27
116.224.129.11 - - [25/Jul/2022:08:53:49 +0800] "GET /xingrg/kc/buy/cgsh_order_operate.html?command=get_materiel&rest_code=00105&code=00101008323&supplier_code=00100203&order_time=2022-07-25 HTTP/1.1" 200 408
58.40.7.146 - - [25/Jul/2022:08:53:54 +0800] "GET /xingrg/all/function/internal_message.html?_=1658710460916&CODE_STATE=getMsg HTTP/1.1" 200 27
116.224.129.11 - - [25/Jul/2022:08:53:55 +0800] "GET /xingrg/all/function/internal_message.html?_=1658710434499&CODE_STATE=getMsg HTTP/1.1" 200 27
101.80.228.36 - - [25/Jul/2022:08:53:56 +0800] "GET /xingrg/all/function/internal_message.html?_=1658710435091&CODE_STATE=getMsg HTTP/1.1" 200 27
116.233.75.76 - - [25/Jul/2022:08:54:02 +0800] "POST /xingrg/services/DataTransmitService HTTP/1.1" 200 524
116.224.129.11 - - [25/Jul/2022:08:54:06 +0800] "GET /xingrg/kc/buy/cgsh_order_operate.html?command=get_materiel&rest_code=00105&code=00101008088&supplier_code=00100203&order_time=2022-07-25 HTTP/1.1" 200 408
116.224.255.128 - - [25/Jul/2022:08:54:07 +0800] "GET /xingrg/check_reg.html?_=1658710447868 HTTP/1.1" 200 22
116.224.255.128 - - [25/Jul/2022:08:54:07 +0800] "GET /xingrg/all/function/internal_message.html?_=1658710447874&CODE_STATE=getMsg HTTP/1.1" 200 27
101.80.228.36 - - [25/Jul/2022:08:54:16 +0800] "GET /xingrg/check_reg.html?_=1658710455106 HTTP/1.1" 200 22
116.224.129.11 - - [25/Jul/2022:08:54:20 +0800] "GET /xingrg/check_reg.html?_=1658710459356 HTTP/1.1" 200 22
120.253.135.82 - - [25/Jul/2022:08:54:27 +0800] "GET /xingrg/all/function/internal_message.html?_=1658710274992&CODE_STATE=getMsg HTTP/1.1" 200 27
114.86.187.244 - - [25/Jul/2022:08:54:27 +0800] "GET /xingrg/all/function/internal_message.html?_=1658710468377&CODE_STATE=getMsg HTTP/1.1" 200 27
218.81.223.53 - - [25/Jul/2022:08:54:32 +0800] "GET /xingrg/check_reg.html?_=1658710473323 HTTP/1.1" 200 22
114.83.219.182 - - [25/Jul/2022:08:54:34 +0800] "GET /xingrg/all/function/internal_message.html?_=1658710472904&CODE_STATE=getMsg HTTP/1.1" 200 27
218.81.223.53 - - [25/Jul/2022:08:54:43 +0800] "GET /xingrg/all/function/internal_message.html?_=1658710484599&CODE_STATE=getMsg HTTP/1.1" 200 27
58.40.7.146 - - [25/Jul/2022:08:54:54 +0800] "GET /xingrg/all/function/internal_message.html?_=1658710520918&CODE_STATE=getMsg HTTP/1.1" 200 27
116.224.129.11 - - [25/Jul/2022:08:54:55 +0800] "GET /xingrg/all/function/internal_message.html?_=1658710494475&CODE_STATE=getMsg HTTP/1.1" 200 27
101.80.228.36 - - [25/Jul/2022:08:54:56 +0800] "GET /xingrg/all/function/internal_message.html?_=1658710495062&CODE_STATE=getMsg HTTP/1.1" 200 27
116.224.129.11 - - [25/Jul/2022:08:55:01 +0800] "GET /xingrg/kc/buy/cgsh_order_operate.html?command=get_materiel&rest_code=00105&code=00101008298&supplier_code=00100203&order_time=2022-07-25 HTTP/1.1" 200 428
172.20.0.100 - - [25/Jul/2022:08:55:04 +0800] "GET /xingrg/index.html?sysBaseUrl=http%3A%2F%2F172.17.0.8%3A18081%2Fxingrg%2F&costTime=213×tamp=1585200360465 HTTP/1.1" 302 -
172.20.0.100 - - [25/Jul/2022:08:55:04 +0800] "GET /xingrg/login.html HTTP/1.1" 200 7636
172.20.0.100 - - [25/Jul/2022:08:55:04 +0800] "GET /xingrg/images/blue/jxLogo.png HTTP/1.1" 200 6156
172.20.0.100 - - [25/Jul/2022:08:55:04 +0800] "GET /xingrg/images/blue/login_bg.png HTTP/1.1" 200 22101
172.20.0.100 - - [25/Jul/2022:08:55:04 +0800] "GET /xingrg/images/blue/hj.png HTTP/1.1" 200 1014
172.20.0.100 - - [25/Jul/2022:08:55:04 +0800] "GET /xingrg/images/blue/srbg.png HTTP/1.1" 200 138
172.20.0.100 - - [25/Jul/2022:08:55:04 +0800] "GET /favicon.ico HTTP/1.1" 404 -
116.224.255.128 - - [25/Jul/2022:08:55:07 +0800] "GET /xingrg/all/function/internal_message.html?_=1658710507874&CODE_STATE=getMsg HTTP/1.1" 200 27
116.224.129.11 - - [25/Jul/2022:08:55:10 +0800] "GET /xingrg/kc/buy/cgsh_order_operate.html?command=get_materiel&rest_code=00105&code=00101008223&supplier_code=00100203&order_time=2022-07-25 HTTP/1.1" 200 412
116.224.129.11 - - [25/Jul/2022:08:55:18 +0800] "GET /xingrg/kc/buy/cgsh_order_operate.html?command=get_materiel&rest_code=00105&code=00101008105&supplier_code=00100203&order_time=2022-07-25 HTTP/1.1" 200 412
116.224.129.11 - - [25/Jul/2022:08:55:26 +0800] "GET /xingrg/kc/buy/cgsh_order_operate.html?command=get_materiel&rest_code=00105&code=00101008119&supplier_code=00100203&order_time=2022-07-25 HTTP/1.1" 200 412
114.86.187.244 - - [25/Jul/2022:08:55:27 +0800] "GET /xingrg/all/function/internal_message.html?_=1658710528362&CODE_STATE=getMsg HTTP/1.1" 200 27
120.253.135.82 - - [25/Jul/2022:08:55:27 +0800] "GET /xingrg/all/function/internal_message.html?_=1658710335273&CODE_STATE=getMsg HTTP/1.1" 200 27
114.83.219.182 - - [25/Jul/2022:08:55:34 +0800] "GET /xingrg/check_reg.html?_=1658710532904 HTTP/1.1" 200 22
114.83.219.182 - - [25/Jul/2022:08:55:34 +0800] "GET /xingrg/all/function/internal_message.html?_=1658710532907&CODE_STATE=getMsg HTTP/1.1" 200 27
218.81.223.53 - - [25/Jul/2022:08:55:43 +0800] "GET /xingrg/all/function/internal_message.html?_=1658710544611&CODE_STATE=getMsg HTTP/1.1" 200 27
116.224.129.11 - - [25/Jul/2022:08:55:45 +0800] "GET /xingrg/kc/buy/cgsh_order_operate.html?command=get_materiel&rest_code=00105&code=00101008509&supplier_code=00100203&order_time=2022-07-25 HTTP/1.1" 200 409
58.40.7.146 - - [25/Jul/2022:08:55:54 +0800] "GET /xingrg/all/function/internal_message.html?_=1658710580919&CODE_STATE=getMsg HTTP/1.1" 200 27
116.224.129.11 - - [25/Jul/2022:08:55:54 +0800] "GET /xingrg/kc/buy/cgsh_order_operate.html?command=get_materiel&rest_code=00105&code=00101008072&supplier_code=00100203&order_time=2022-07-25 HTTP/1.1" 200 408
116.224.129.11 - - [25/Jul/2022:08:55:55 +0800] "GET /xingrg/all/function/internal_message.html?_=1658710554557&CODE_STATE=getMsg HTTP/1.1" 200 27
101.80.228.36 - - [25/Jul/2022:08:55:56 +0800] "GET /xingrg/all/function/internal_message.html?_=1658710555047&CODE_STATE=getMsg HTTP/1.1" 200 27
124.78.157.151 - - [25/Jul/2022:08:56:00 +0800] "GET /xingrg/login.html?r=1 HTTP/1.1" 200 7641
124.78.157.151 - - [25/Jul/2022:08:56:01 +0800] "GET /favicon.ico HTTP/1.1" 404 -
116.224.129.11 - - [25/Jul/2022:08:56:05 +0800] "GET /xingrg/kc/buy/cgsh_order_operate.html?command=get_materiel&rest_code=00105&code=00101008331&supplier_code=00100203&order_time=2022-07-25 HTTP/1.1" 200 416
116.224.255.128 - - [25/Jul/2022:08:56:07 +0800] "GET /xingrg/all/function/internal_message.html?_=1658710567875&CODE_STATE=getMsg HTTP/1.1" 200 27
116.224.129.11 - - [25/Jul/2022:08:56:14 +0800] "GET /xingrg/kc/buy/cgsh_order_operate.html?command=get_materiel&rest_code=00105&code=00101008049&supplier_code=00100203&order_time=2022-07-25 HTTP/1.1" 200 408
124.78.157.151 - - [25/Jul/2022:08:56:16 +0800] "GET /xingrg/login.html?r=1 HTTP/1.1" 200 7641
124.78.157.151 - - [25/Jul/2022:08:56:17 +0800] "GET /favicon.ico HTTP/1.1" 404 -
116.224.129.11 - - [25/Jul/2022:08:56:17 +0800] "POST /xingrg/kc/buy/cgsh_order_operate.html HTTP/1.1" 200 2065
124.78.157.151 - - [25/Jul/2022:08:56:18 +0800] "POST /xingrg/login.do HTTP/1.1" 302 -
124.78.157.151 - - [25/Jul/2022:08:56:18 +0800] "GET /xingrg/index.html?sysBaseUrl=http%3A%2F%2F180.169.147.146%3A18081%2Fxingrg%2F&costTime=44×tamp=1658710578763 HTTP/1.1" 200 17173
124.78.157.151 - - [25/Jul/2022:08:56:18 +0800] "GET /favicon.ico HTTP/1.1" 404 -
124.78.157.151 - - [25/Jul/2022:08:56:18 +0800] "POST /xingrg/all/common/load_tree.html?tree=area_rest_tree_json&manage=1 HTTP/1.1" 200 342
124.78.157.151 - - [25/Jul/2022:08:56:19 +0800] "GET /xingrg/all/function/internal_message.html?_=1658710581166&CODE_STATE=count HTTP/1.1" 200 11
124.78.157.151 - - [25/Jul/2022:08:56:19 +0800] "POST /xingrg/load_menu.html HTTP/1.1" 200 5138
124.78.157.151 - - [25/Jul/2022:08:56:19 +0800] "GET /xingrg/check_reg.html?_=1658710581167 HTTP/1.1" 200 22
116.224.129.11 - - [25/Jul/2022:08:56:19 +0800] "POST /xingrg/kc/buy/cgsh_order_operate.html HTTP/1.1" 200 2065
120.253.135.82 - - [25/Jul/2022:08:56:20 +0800] "GET /xingrg/check_reg.html?_=1658710388047 HTTP/1.1" 200 22
124.78.157.151 - - [25/Jul/2022:08:56:21 +0800] "GET /xingrg/kc/buy/buy_main.html HTTP/1.1" 200 12412
124.78.157.151 - - [25/Jul/2022:08:56:21 +0800] "GET /xingrg/css/new_ie.css HTTP/1.1" 404 1036
124.78.157.151 - - [25/Jul/2022:08:56:22 +0800] "GET /xingrg/images/yd/bt.gif HTTP/1.1" 404 1040
124.78.157.151 - - [25/Jul/2022:08:56:23 +0800] "GET /xingrg/kc/buy/cgsh_order_list.html HTTP/1.1" 200 52162
124.78.157.151 - - [25/Jul/2022:08:56:24 +0800] "POST /xingrg/kc/buy/cgsh_list_operate.html HTTP/1.1" 200 693
124.78.157.151 - - [25/Jul/2022:08:56:26 +0800] "GET /xingrg/kc/buy/cgsh_order_add.html HTTP/1.1" 200 67938
124.78.157.151 - - [25/Jul/2022:08:56:26 +0800] "GET /xingrg/words/20220724093910_words.js HTTP/1.1" 304 -
124.78.157.151 - - [25/Jul/2022:08:56:27 +0800] "GET /xingrg/all/common/auto_word.html?type=employee&rest_code=00106 HTTP/1.1" 200 205
124.78.157.151 - - [25/Jul/2022:08:56:27 +0800] "POST /xingrg/kc/buy/cgsh_order_operate.html HTTP/1.1" 200 8245
124.78.157.151 - - [25/Jul/2022:08:56:27 +0800] "GET /xingrg/javascript/easyui/themes/default/validatebox.css HTTP/1.1" 404 1104
114.86.187.244 - - [25/Jul/2022:08:56:27 +0800] "GET /xingrg/all/function/internal_message.html?_=1658710588332&CODE_STATE=getMsg HTTP/1.1" 200 27
124.78.157.151 - - [25/Jul/2022:08:56:27 +0800] "GET /xingrg/all/common/auto_word.html?type=employee&rest_code=00106 HTTP/1.1" 200 205
120.253.135.82 - - [25/Jul/2022:08:56:27 +0800] "GET /xingrg/all/function/internal_message.html?_=1658710395283&CODE_STATE=getMsg HTTP/1.1" 200 27
124.78.157.151 - - [25/Jul/2022:08:56:29 +0800] "GET /xingrg/javascript/easyui/themes/default/tree.css HTTP/1.1" 404 1090
124.78.157.151 - - [25/Jul/2022:08:56:29 +0800] "POST /xingrg/all/common/load_tree.html?tree=supplier_tree_json&isDelete=1 HTTP/1.1" 200 66956
116.224.129.11 - - [25/Jul/2022:08:56:29 +0800] "GET /xingrg/kc/buy/cgsh_order_operate.html?command=get_materiel&rest_code=00105&code=00101008199&supplier_code=00100203&order_time=2022-07-25 HTTP/1.1" 200 408
114.83.219.182 - - [25/Jul/2022:08:56:34 +0800] "GET /xingrg/all/function/internal_message.html?_=1658710592894&CODE_STATE=getMsg HTTP/1.1" 200 27
116.224.129.11 - - [25/Jul/2022:08:56:37 +0800] "GET /xingrg/kc/buy/cgsh_order_operate.html?command=get_materiel&rest_code=00105&code=00101008355&supplier_code=00100203&order_time=2022-07-25 HTTP/1.1" 200 408
218.81.223.53 - - [25/Jul/2022:08:56:43 +0800] "GET /xingrg/all/function/internal_message.html?_=1658710604970&CODE_STATE=getMsg HTTP/1.1" 200 27
116.224.129.11 - - [25/Jul/2022:08:56:46 +0800] "GET /xingrg/kc/buy/cgsh_order_operate.html?command=get_materiel&rest_code=00105&code=00101008131&supplier_code=00100203&order_time=2022-07-25 HTTP/1.1" 200 408
116.224.255.128 - - [25/Jul/2022:08:56:50 +0800] "GET /xingrg/kc/buy/cgsh_order_add.html HTTP/1.1" 200 67944
116.224.255.128 - - [25/Jul/2022:08:56:50 +0800] "POST /xingrg/kc/buy/cgsh_order_operate.html HTTP/1.1" 200 8245
116.224.255.128 - - [25/Jul/2022:08:56:50 +0800] "GET /xingrg/javascript/easyui/themes/default/validatebox.css HTTP/1.1" 404 1104
58.40.7.146 - - [25/Jul/2022:08:56:54 +0800] "GET /xingrg/all/function/internal_message.html?_=1658710640922&CODE_STATE=getMsg HTTP/1.1" 200 27
58.40.7.146 - - [25/Jul/2022:08:56:54 +0800] "GET /xingrg/check_reg.html?_=1658710640923 HTTP/1.1" 200 22
116.224.129.11 - - [25/Jul/2022:08:56:54 +0800] "GET /xingrg/kc/buy/cgsh_order_operate.html?command=get_materiel&rest_code=00105&code=00101008353&supplier_code=00100203&order_time=2022-07-25 HTTP/1.1" 200 424
116.224.129.11 - - [25/Jul/2022:08:56:55 +0800] "GET /xingrg/all/function/internal_message.html?_=1658710614527&CODE_STATE=getMsg HTTP/1.1" 200 27
101.80.228.36 - - [25/Jul/2022:08:56:56 +0800] "GET /xingrg/all/function/internal_message.html?_=1658710615031&CODE_STATE=getMsg HTTP/1.1" 200 27
116.224.255.128 - - [25/Jul/2022:08:56:59 +0800] "GET /xingrg/kc/buy/cgsh_order_operate.html?command=get_materiel&rest_code=00150&code=00101008091&supplier_code=00100007&order_time=2022-07-25 HTTP/1.1" 200 412
116.224.129.11 - - [25/Jul/2022:08:57:01 +0800] "GET /xingrg/kc/buy/cgsh_order_operate.html?command=get_materiel&rest_code=00105&code=00101008213&supplier_code=00100203&order_time=2022-07-25 HTTP/1.1" 200 428
124.78.157.151 - - [25/Jul/2022:08:57:01 +0800] "GET /xingrg/javascript/auto/indicator.gif HTTP/1.1" 404 1066
124.78.157.151 - - [25/Jul/2022:08:57:06 +0800] "GET /xingrg/kc/buy/cgsh_order_operate.html?command=get_materiel&rest_code=00106&code=00101007061&supplier_code=00100002&order_time=2022-07-25 HTTP/1.1" 200 426
116.224.255.128 - - [25/Jul/2022:08:57:07 +0800] "GET /xingrg/all/function/internal_message.html?_=1658710627885&CODE_STATE=getMsg HTTP/1.1" 200 27
116.224.255.128 - - [25/Jul/2022:08:57:08 +0800] "GET /xingrg/kc/buy/cgsh_order_operate.html?command=get_materiel&rest_code=00150&code=00101008350&supplier_code=00100007&order_time=2022-07-25 HTTP/1.1" 200 425
116.224.255.128 - - [25/Jul/2022:08:57:14 +0800] "GET /xingrg/kc/buy/cgsh_order_operate.html?command=get_materiel&rest_code=00150&code=00101008112&supplier_code=00100007&order_time=2022-07-25 HTTP/1.1" 200 412
124.78.157.151 - - [25/Jul/2022:08:57:19 +0800] "GET /xingrg/all/function/internal_message.html?_=1658710641197&CODE_STATE=getMsg HTTP/1.1" 200 27
116.224.129.11 - - [25/Jul/2022:08:57:21 +0800] "POST /xingrg/kc/buy/cgsh_order_operate.html HTTP/1.1" 200 37
116.224.255.128 - - [25/Jul/2022:08:57:23 +0800] "GET /xingrg/kc/buy/cgsh_order_operate.html?command=get_materiel&rest_code=00150&code=00101008185&supplier_code=00100007&order_time=2022-07-25 HTTP/1.1" 200 408
116.224.129.11 - - [25/Jul/2022:08:57:24 +0800] "POST /xingrg/kc/buy/cgsh_order_operate.html HTTP/1.1" 200 22777
124.78.157.151 - - [25/Jul/2022:08:57:26 +0800] "GET /xingrg/kc/buy/cgsh_order_operate.html?command=get_materiel&rest_code=00106&code=00101007125&supplier_code=00100002&order_time=2022-07-25 HTTP/1.1" 200 424
114.86.187.244 - - [25/Jul/2022:08:57:27 +0800] "GET /xingrg/all/function/internal_message.html?_=1658710648317&CODE_STATE=getMsg HTTP/1.1" 200 27
120.253.135.82 - - [25/Jul/2022:08:57:27 +0800] "GET /xingrg/all/function/internal_message.html?_=1658710455297&CODE_STATE=getMsg HTTP/1.1" 200 27
116.224.255.128 - - [25/Jul/2022:08:57:32 +0800] "GET /xingrg/kc/buy/cgsh_order_operate.html?command=get_materiel&rest_code=00150&code=00101008308&supplier_code=00100007&order_time=2022-07-25 HTTP/1.1" 200 420
114.83.219.182 - - [25/Jul/2022:08:57:34 +0800] "GET /xingrg/all/function/internal_message.html?_=1658710652920&CODE_STATE=getMsg HTTP/1.1" 200 27
124.78.157.151 - - [25/Jul/2022:08:57:39 +0800] "GET /xingrg/kc/buy/cgsh_order_operate.html?command=get_materiel&rest_code=00106&code=00101007049&supplier_code=00100002&order_time=2022-07-25 HTTP/1.1" 200 426
116.224.255.128 - - [25/Jul/2022:08:57:41 +0800] "GET /xingrg/kc/buy/cgsh_order_operate.html?command=get_materiel&rest_code=00150&code=00101008125&supplier_code=00100007&order_time=2022-07-25 HTTP/1.1" 200 413
218.81.223.53 - - [25/Jul/2022:08:57:43 +0800] "GET /xingrg/all/function/internal_message.html?_=1658710664982&CODE_STATE=getMsg HTTP/1.1" 200 27
116.224.255.128 - - [25/Jul/2022:08:57:46 +0800] "GET /xingrg/kc/buy/cgsh_order_operate.html?command=get_materiel&rest_code=00150&code=00101008010&supplier_code=00100007&order_time=2022-07-25 HTTP/1.1" 200 412
114.83.219.182 - - [25/Jul/2022:08:57:47 +0800] "GET /xingrg/kc/buy/cgsh_order_operate.html?command=get_materiel&rest_code=00149&code=00101008059&supplier_code=00100005&order_time=2022-07-25 HTTP/1.1" 200 408
124.78.157.151 - - [25/Jul/2022:08:57:53 +0800] "GET /xingrg/kc/buy/cgsh_order_operate.html?command=get_materiel&rest_code=00106&code=00101007048&supplier_code=00100002&order_time=2022-07-25 HTTP/1.1" 200 424
58.40.7.146 - - [25/Jul/2022:08:57:54 +0800] "GET /xingrg/all/function/internal_message.html?_=1658710700908&CODE_STATE=getMsg HTTP/1.1" 200 27
116.224.129.11 - - [25/Jul/2022:08:57:55 +0800] "GET /xingrg/all/function/internal_message.html?_=1658710674495&CODE_STATE=getMsg HTTP/1.1" 200 27
114.83.219.182 - - [25/Jul/2022:08:57:55 +0800] "GET /xingrg/kc/buy/cgsh_order_operate.html?command=get_materiel&rest_code=00149&code=00101008077&supplier_code=00100005&order_time=2022-07-25 HTTP/1.1" 200 416
101.80.228.36 - - [25/Jul/2022:08:57:56 +0800] "GET /xingrg/all/function/internal_message.html?_=1658710675001&CODE_STATE=getMsg HTTP/1.1" 200 27
116.224.255.128 - - [25/Jul/2022:08:57:58 +0800] "GET /xingrg/kc/buy/cgsh_order_operate.html?command=get_materiel&rest_code=00150&code=00101008370&supplier_code=00100007&order_time=2022-07-25 HTTP/1.1" 200 412
114.83.219.182 - - [25/Jul/2022:08:58:04 +0800] "GET /xingrg/kc/buy/cgsh_order_operate.html?command=get_materiel&rest_code=00149&code=00101008223&supplier_code=00100005&order_time=2022-07-25 HTTP/1.1" 200 412
116.224.255.128 - - [25/Jul/2022:08:58:05 +0800] "GET /xingrg/kc/buy/cgsh_order_operate.html?command=get_materiel&rest_code=00150&code=00101008126&supplier_code=00100007&order_time=2022-07-25 HTTP/1.1" 200 412
116.224.255.128 - - [25/Jul/2022:08:58:07 +0800] "GET /xingrg/all/function/internal_message.html?_=1658710687881&CODE_STATE=getMsg HTTP/1.1" 200 27
116.224.255.128 - - [25/Jul/2022:08:58:11 +0800] "GET /xingrg/kc/buy/cgsh_order_operate.html?command=get_materiel&rest_code=00150&code=00101008361&supplier_code=00100007&order_time=2022-07-25 HTTP/1.1" 200 408
116.224.255.128 - - [25/Jul/2022:08:58:16 +0800] "GET /xingrg/kc/buy/cgsh_order_operate.html?command=get_materiel&rest_code=00150&code=00101008355&supplier_code=00100007&order_time=2022-07-25 HTTP/1.1" 200 408
124.78.157.151 - - [25/Jul/2022:08:58:18 +0800] "GET /xingrg/kc/buy/cgsh_order_operate.html?command=get_materiel&rest_code=00106&code=00101007027&supplier_code=00100002&order_time=2022-07-25 HTTP/1.1" 200 421
124.78.157.151 - - [25/Jul/2022:08:58:18 +0800] "GET /xingrg/all/function/internal_message.html?_=1658710701172&CODE_STATE=getMsg HTTP/1.1" 200 27
114.86.187.244 - - [25/Jul/2022:08:58:27 +0800] "GET /xingrg/all/function/internal_message.html?_=1658710708303&CODE_STATE=getMsg HTTP/1.1" 200 27
120.253.135.82 - - [25/Jul/2022:08:58:27 +0800] "GET /xingrg/all/function/internal_message.html?_=1658710515575&CODE_STATE=getMsg HTTP/1.1" 200 27
116.224.255.128 - - [25/Jul/2022:08:58:30 +0800] "GET /xingrg/kc/buy/cgsh_order_operate.html?command=get_materiel&rest_code=00150&code=00101008004&supplier_code=00100007&order_time=2022-07-25 HTTP/1.1" 200 416
114.83.219.182 - - [25/Jul/2022:08:58:33 +0800] "GET /xingrg/kc/buy/cgsh_order_operate.html?command=get_materiel&rest_code=00149&code=00101008357&supplier_code=00100005&order_time=2022-07-25 HTTP/1.1" 200 408
114.83.219.182 - - [25/Jul/2022:08:58:34 +0800] "GET /xingrg/all/function/internal_message.html?_=1658710712916&CODE_STATE=getMsg HTTP/1.1" 200 27
116.224.255.128 - - [25/Jul/2022:08:58:36 +0800] "GET /xingrg/kc/buy/cgsh_order_operate.html?command=get_materiel&rest_code=00150&code=00101008356&supplier_code=00100007&order_time=2022-07-25 HTTP/1.1" 200 408
114.83.219.182 - - [25/Jul/2022:08:58:37 +0800] "POST /xingrg/kc/buy/cgsh_order_operate.html HTTP/1.1" 200 2065
114.83.219.182 - - [25/Jul/2022:08:58:41 +0800] "GET /xingrg/kc/buy/cgsh_order_operate.html?command=get_materiel&rest_code=00149&code=00101008069&supplier_code=00100005&order_time=2022-07-25 HTTP/1.1" 200 412
114.86.187.244 - - [25/Jul/2022:08:58:41 +0800] "GET /xingrg/check_reg.html?_=1658710722658 HTTP/1.1" 200 22
116.224.255.128 - - [25/Jul/2022:08:58:44 +0800] "GET /xingrg/kc/buy/cgsh_order_operate.html?command=get_materiel&rest_code=00150&code=00101008079&supplier_code=00100007&order_time=2022-07-25 HTTP/1.1" 200 416
218.81.223.53 - - [25/Jul/2022:08:58:44 +0800] "GET /xingrg/all/function/internal_message.html?_=1658710725349&CODE_STATE=getMsg HTTP/1.1" 200 27
116.224.255.128 - - [25/Jul/2022:08:58:50 +0800] "GET /xingrg/kc/buy/cgsh_order_operate.html?command=get_materiel&rest_code=00150&code=00101008357&supplier_code=00100007&order_time=2022-07-25 HTTP/1.1" 200 408
58.40.7.146 - - [25/Jul/2022:08:58:54 +0800] "GET /xingrg/all/function/internal_message.html?_=1658710760912&CODE_STATE=getMsg HTTP/1.1" 200 27
114.83.219.182 - - [25/Jul/2022:08:58:54 +0800] "GET /xingrg/kc/buy/cgsh_order_operate.html?command=get_materiel&rest_code=00149&code=00101008286&supplier_code=00100005&order_time=2022-07-25 HTTP/1.1" 200 408
116.224.129.11 - - [25/Jul/2022:08:58:55 +0800] "GET /xingrg/all/function/internal_message.html?_=1658710734465&CODE_STATE=getMsg HTTP/1.1" 200 27
116.224.255.128 - - [25/Jul/2022:08:58:55 +0800] "GET /xingrg/kc/buy/cgsh_order_operate.html?command=get_materiel&rest_code=00150&code=00101008069&supplier_code=00100007&order_time=2022-07-25 HTTP/1.1" 200 412
101.80.228.36 - - [25/Jul/2022:08:58:56 +0800] "GET /xingrg/all/function/internal_message.html?_=1658710734988&CODE_STATE=getMsg HTTP/1.1" 200 27
116.224.255.128 - - [25/Jul/2022:08:59:01 +0800] "GET /xingrg/kc/buy/cgsh_order_operate.html?command=get_materiel&rest_code=00150&code=00101008286&supplier_code=00100007&order_time=2022-07-25 HTTP/1.1" 200 408
114.83.219.182 - - [25/Jul/2022:08:59:06 +0800] "GET /xingrg/kc/buy/cgsh_order_operate.html?command=get_materiel&rest_code=00149&code=00101008131&supplier_code=00100005&order_time=2022-07-25 HTTP/1.1" 200 408
116.224.255.128 - - [25/Jul/2022:08:59:07 +0800] "GET /xingrg/check_reg.html?_=1658710747896 HTTP/1.1" 200 22
116.224.255.128 - - [25/Jul/2022:08:59:07 +0800] "GET /xingrg/all/function/internal_message.html?_=1658710747893&CODE_STATE=getMsg HTTP/1.1" 200 27
116.224.255.128 - - [25/Jul/2022:08:59:09 +0800] "GET /xingrg/kc/buy/cgsh_order_operate.html?command=get_materiel&rest_code=00150&code=00101008296&supplier_code=00100007&order_time=2022-07-25 HTTP/1.1" 200 416
124.78.157.151 - - [25/Jul/2022:08:59:12 +0800] "GET /xingrg/kc/buy/cgsh_order_operate.html?command=get_materiel&rest_code=00106&code=00101007059&supplier_code=00100002&order_time=2022-07-25 HTTP/1.1" 200 411
114.83.219.182 - - [25/Jul/2022:08:59:14 +0800] "GET /xingrg/kc/buy/cgsh_order_operate.html?command=get_materiel&rest_code=00149&code=00101008278&supplier_code=00100005&order_time=2022-07-25 HTTP/1.1" 200 412
116.224.255.128 - - [25/Jul/2022:08:59:15 +0800] "GET /xingrg/kc/buy/cgsh_order_operate.html?command=get_materiel&rest_code=00150&code=00101008318&supplier_code=00100007&order_time=2022-07-25 HTTP/1.1" 200 408
101.80.228.36 - - [25/Jul/2022:08:59:16 +0800] "GET /xingrg/check_reg.html?_=1658710755098 HTTP/1.1" 200 22
124.78.157.151 - - [25/Jul/2022:08:59:19 +0800] "GET /xingrg/all/function/internal_message.html?_=1658710761184&CODE_STATE=getMsg HTTP/1.1" 200 27
116.224.129.11 - - [25/Jul/2022:08:59:20 +0800] "GET /xingrg/check_reg.html?_=1658710759292 HTTP/1.1" 200 22
116.224.255.128 - - [25/Jul/2022:08:59:20 +0800] "GET /xingrg/kc/buy/cgsh_order_operate.html?command=get_materiel&rest_code=00150&code=00101008371&supplier_code=00100007&order_time=2022-07-25 HTTP/1.1" 200 412
116.224.255.128 - - [25/Jul/2022:08:59:22 +0800] "POST /xingrg/kc/buy/cgsh_order_operate.html HTTP/1.1" 200 2065
114.86.187.244 - - [25/Jul/2022:08:59:27 +0800] "GET /xingrg/all/function/internal_message.html?_=1658710768277&CODE_STATE=getMsg HTTP/1.1" 200 27
120.253.135.82 - - [25/Jul/2022:08:59:27 +0800] "GET /xingrg/all/function/internal_message.html?_=1658710575589&CODE_STATE=getMsg HTTP/1.1" 200 27
116.224.255.128 - - [25/Jul/2022:08:59:29 +0800] "GET /xingrg/kc/buy/cgsh_order_operate.html?command=get_materiel&rest_code=00150&code=00101008226&supplier_code=00100007&order_time=2022-07-25 HTTP/1.1" 200 417
218.81.223.53 - - [25/Jul/2022:08:59:32 +0800] "GET /xingrg/check_reg.html?_=1658710773683 HTTP/1.1" 200 22
114.83.219.182 - - [25/Jul/2022:08:59:34 +0800] "GET /xingrg/all/function/internal_message.html?_=1658710772932&CODE_STATE=getMsg HTTP/1.1" 200 27
116.224.255.128 - - [25/Jul/2022:08:59:35 +0800] "GET /xingrg/kc/buy/cgsh_order_operate.html?command=get_materiel&rest_code=00150&code=00101008353&supplier_code=00100007&order_time=2022-07-25 HTTP/1.1" 200 424
116.224.255.128 - - [25/Jul/2022:08:59:40 +0800] "GET /xingrg/kc/buy/cgsh_order_operate.html?command=get_materiel&rest_code=00150&code=00101008312&supplier_code=00100007&order_time=2022-07-25 HTTP/1.1" 200 412
124.78.157.151 - - [25/Jul/2022:08:59:43 +0800] "GET /xingrg/kc/buy/cgsh_order_operate.html?command=get_materiel&rest_code=00106&code=00101007081&supplier_code=00100002&order_time=2022-07-25 HTTP/1.1" 200 415
218.81.223.53 - - [25/Jul/2022:08:59:44 +0800] "GET /xingrg/all/function/internal_message.html?_=1658710785353&CODE_STATE=getMsg HTTP/1.1" 200 27
116.224.255.128 - - [25/Jul/2022:08:59:47 +0800] "GET /xingrg/kc/buy/cgsh_order_operate.html?command=get_materiel&rest_code=00150&code=00101008095&supplier_code=00100007&order_time=2022-07-25 HTTP/1.1" 200 428
58.40.7.146 - - [25/Jul/2022:08:59:54 +0800] "GET /xingrg/all/function/internal_message.html?_=1658710820913&CODE_STATE=getMsg HTTP/1.1" 200 27
116.224.129.11 - - [25/Jul/2022:08:59:55 +0800] "GET /xingrg/all/function/internal_message.html?_=1658710794523&CODE_STATE=getMsg HTTP/1.1" 200 27
101.80.228.36 - - [25/Jul/2022:08:59:56 +0800] "GET /xingrg/all/function/internal_message.html?_=1658710794958&CODE_STATE=getMsg HTTP/1.1" 200 27
116.224.129.11 - - [25/Jul/2022:08:59:57 +0800] "POST /xingrg/kc/buy/cgsh_order_operate.html HTTP/1.1" 200 37
116.224.255.128 - - [25/Jul/2022:08:59:57 +0800] "GET /xingrg/kc/buy/cgsh_order_operate.html?command=get_materiel&rest_code=00150&code=00101008283&supplier_code=00100007&order_time=2022-07-25 HTTP/1.1" 200 23
116.224.129.11 - - [25/Jul/2022:08:59:58 +0800] "POST /xingrg/kc/buy/cgsh_order_operate.html HTTP/1.1" 200 22777
116.224.129.11 - - [25/Jul/2022:09:00:00 +0800] "GET /xingrg/kc/print/load_data.html?order_code=212022072506510&kc_code=cgsh&condition= HTTP/1.1" 200 8270
116.224.255.128 - - [25/Jul/2022:09:00:03 +0800] "POST /xingrg/kc/buy/cgsh_order_operate.html HTTP/1.1" 200 37
116.224.255.128 - - [25/Jul/2022:09:00:04 +0800] "POST /xingrg/kc/buy/cgsh_order_operate.html HTTP/1.1" 200 16253
124.78.157.151 - - [25/Jul/2022:09:00:19 +0800] "GET /xingrg/all/function/internal_message.html?_=1658710821181&CODE_STATE=getMsg HTTP/1.1" 200 27
124.78.157.151 - - [25/Jul/2022:09:00:20 +0800] "GET /xingrg/kc/buy/cgsh_order_operate.html?command=get_materiel&rest_code=00106&code=00101007085&supplier_code=00100002&order_time=2022-07-25 HTTP/1.1" 200 429
116.224.255.128 - - [25/Jul/2022:09:00:24 +0800] "GET /xingrg/login.html HTTP/1.1" 200 7641
116.224.255.128 - - [25/Jul/2022:09:00:25 +0800] "GET /favicon.ico HTTP/1.1" 404 -
114.86.187.244 - - [25/Jul/2022:09:00:27 +0800] "GET /xingrg/all/function/internal_message.html?_=1658710828247&CODE_STATE=getMsg HTTP/1.1" 200 27
120.253.135.82 - - [25/Jul/2022:09:00:27 +0800] "GET /xingrg/all/function/internal_message.html?_=1658710635876&CODE_STATE=getMsg HTTP/1.1" 200 27
116.224.255.128 - - [25/Jul/2022:09:00:31 +0800] "POST /xingrg/login.do HTTP/1.1" 302 -
116.224.255.128 - - [25/Jul/2022:09:00:31 +0800] "GET /xingrg/index.html?sysBaseUrl=http%3A%2F%2F180.169.147.146%3A18081%2Fxingrg%2F&costTime=40×tamp=1658710831009 HTTP/1.1" 200 17177
116.224.255.128 - - [25/Jul/2022:09:00:31 +0800] "POST /xingrg/all/common/load_tree.html?tree=area_rest_tree_json&manage=1 HTTP/1.1" 200 476
116.224.255.128 - - [25/Jul/2022:09:00:31 +0800] "GET /favicon.ico HTTP/1.1" 404 -
116.224.255.128 - - [25/Jul/2022:09:00:31 +0800] "GET /xingrg/check_reg.html?_=1658710831545 HTTP/1.1" 200 22
116.224.255.128 - - [25/Jul/2022:09:00:31 +0800] "POST /xingrg/load_menu.html HTTP/1.1" 200 5138
116.224.255.128 - - [25/Jul/2022:09:00:31 +0800] "GET /xingrg/all/function/internal_message.html?_=1658710831544&CODE_STATE=count HTTP/1.1" 200 11
116.224.255.128 - - [25/Jul/2022:09:00:34 +0800] "POST /xingrg/all/user/operate.html HTTP/1.1" 200 36
114.83.219.182 - - [25/Jul/2022:09:00:34 +0800] "GET /xingrg/all/function/internal_message.html?_=1658710832934&CODE_STATE=getMsg HTTP/1.1" 200 27
114.83.219.182 - - [25/Jul/2022:09:00:34 +0800] "GET /xingrg/check_reg.html?_=1658710832941 HTTP/1.1" 200 22
116.224.255.128 - - [25/Jul/2022:09:00:34 +0800] "GET /xingrg/javascript/jquery_easy_ui/themes/default/easyui.css HTTP/1.1" 304 -
116.224.255.128 - - [25/Jul/2022:09:00:34 +0800] "GET /xingrg/index.html?sysBaseUrl=http%3A%2F%2F180.169.147.146%3A18081%2Fxingrg%2F&costTime=40×tamp=1658710831009 HTTP/1.1" 200 17179
116.224.255.128 - - [25/Jul/2022:09:00:34 +0800] "GET /xingrg/javascript/jquery_easy_ui/themes/icon.css HTTP/1.1" 304 -
116.224.255.128 - - [25/Jul/2022:09:00:34 +0800] "GET /xingrg/css/form.css HTTP/1.1" 304 -
116.224.255.128 - - [25/Jul/2022:09:00:34 +0800] "GET /xingrg/javascript/jquery-1.4.2.min.js HTTP/1.1" 304 -
116.224.255.128 - - [25/Jul/2022:09:00:35 +0800] "GET /xingrg/javascript/jquery_easy_ui/jquery.easyui.min.js HTTP/1.1" 304 -
116.224.255.128 - - [25/Jul/2022:09:00:35 +0800] "GET /xingrg/javascript/jquery_easy_ui/easyui-lang-zh_CN.js HTTP/1.1" 304 -
116.224.255.128 - - [25/Jul/2022:09:00:35 +0800] "GET /xingrg/javascript/jquery.form.js HTTP/1.1" 304 -
116.224.255.128 - - [25/Jul/2022:09:00:35 +0800] "GET /xingrg/javascript/jquery.utils.js HTTP/1.1" 304 -
116.224.255.128 - - [25/Jul/2022:09:00:35 +0800] "GET /xingrg/javascript/jquery.timers.js HTTP/1.1" 304 -
116.224.255.128 - - [25/Jul/2022:09:00:35 +0800] "GET /xingrg/images/blue/jxLogo.png HTTP/1.1" 304 -
116.224.255.128 - - [25/Jul/2022:09:00:35 +0800] "GET /xingrg/images/blue/navBackgound.jpg HTTP/1.1" 304 -
116.224.255.128 - - [25/Jul/2022:09:00:35 +0800] "GET /xingrg/javascript/jquery_easy_ui/themes/icons/settle_new.png HTTP/1.1" 304 -
116.224.255.128 - - [25/Jul/2022:09:00:35 +0800] "POST /xingrg/all/common/load_tree.html?tree=area_rest_tree_json&manage=1 HTTP/1.1" 200 476
116.224.255.128 - - [25/Jul/2022:09:00:35 +0800] "GET /xingrg/images/blue/pingpu.png HTTP/1.1" 304 -
116.224.255.128 - - [25/Jul/2022:09:00:35 +0800] "GET /xingrg/check_reg.html?_=1658710835485 HTTP/1.1" 200 22
116.224.255.128 - - [25/Jul/2022:09:00:35 +0800] "GET /xingrg/all/function/internal_message.html?_=1658710835482&CODE_STATE=count HTTP/1.1" 200 11
116.224.255.128 - - [25/Jul/2022:09:00:35 +0800] "GET /xingrg/javascript/jquery_easy_ui/themes/default/images/tabs_leftarrow.png HTTP/1.1" 304 -
116.224.255.128 - - [25/Jul/2022:09:00:35 +0800] "POST /xingrg/load_menu.html HTTP/1.1" 200 5138
116.224.255.128 - - [25/Jul/2022:09:00:35 +0800] "GET /xingrg/javascript/jquery_easy_ui/themes/default/images/tabs_rightarrow.png HTTP/1.1" 304 -
116.224.255.128 - - [25/Jul/2022:09:00:35 +0800] "GET /xingrg/javascript/jquery_easy_ui/themes/default/images/panel_tool_collapse.gif HTTP/1.1" 304 -
116.224.255.128 - - [25/Jul/2022:09:00:35 +0800] "GET /xingrg/javascript/jquery_easy_ui/themes/icons/forms_new.png HTTP/1.1" 304 -
116.224.255.128 - - [25/Jul/2022:09:00:35 +0800] "GET /xingrg/javascript/jquery_easy_ui/themes/icons/search_new.png HTTP/1.1" 304 -
116.224.255.128 - - [25/Jul/2022:09:00:35 +0800] "GET /xingrg/javascript/jquery_easy_ui/themes/default/images/tree_folder.gif HTTP/1.1" 304 -
116.224.255.128 - - [25/Jul/2022:09:00:35 +0800] "GET /xingrg/javascript/jquery_easy_ui/themes/icons/storage_new.png HTTP/1.1" 304 -
116.224.255.128 - - [25/Jul/2022:09:00:35 +0800] "GET /xingrg/javascript/jquery_easy_ui/themes/default/images/tree_file.gif HTTP/1.1" 304 -
116.224.255.128 - - [25/Jul/2022:09:00:35 +0800] "GET /xingrg/javascript/jquery_easy_ui/themes/default/images/tree_folder_open.gif HTTP/1.1" 304 -
116.224.255.128 - - [25/Jul/2022:09:00:35 +0800] "GET /xingrg/javascript/jquery_easy_ui/themes/default/images/tree_arrows.gif HTTP/1.1" 304 -
116.224.255.128 - - [25/Jul/2022:09:00:37 +0800] "GET /xingrg/kc/buy/cgsh_order_list.html HTTP/1.1" 200 52168
116.224.255.128 - - [25/Jul/2022:09:00:39 +0800] "POST /xingrg/kc/buy/cgsh_list_operate.html HTTP/1.1" 200 1461
116.224.255.128 - - [25/Jul/2022:09:00:41 +0800] "POST /xingrg/kc/buy/cgsh_list_operate.html HTTP/1.1" 200 572
