218.81.223.53 - - [25/Jul/2022:12:02:08 +0800] "GET /xingrg/all/function/internal_message.html?_=1658721730411&CODE_STATE=getMsg HTTP/1.1" 200 27
116.224.129.11 - - [25/Jul/2022:12:02:17 +0800] "GET /xingrg/kc/buy/cgsh_order_operate.html?command=get_materiel&rest_code=00105&code=00101001080&supplier_code=00100323&order_time=2022-07-25 HTTP/1.1" 200 418
222.69.129.110 - - [25/Jul/2022:12:02:23 +0800] "GET /xingrg/all/function/internal_message.html?_=1658721796260&CODE_STATE=getMsg HTTP/1.1" 200 27
116.224.129.11 - - [25/Jul/2022:12:02:24 +0800] "GET /xingrg/kc/buy/cgsh_order_operate.html?command=get_materiel&rest_code=00105&code=00101001079&supplier_code=00100323&order_time=2022-07-25 HTTP/1.1" 200 428
124.78.157.151 - - [25/Jul/2022:12:02:25 +0800] "GET /xingrg/kc/buy/cgsh_order_operate.html?command=get_materiel&rest_code=00106&code=00101008357&supplier_code=00100007&order_time=2022-07-25 HTTP/1.1" 200 408
114.83.219.182 - - [25/Jul/2022:12:02:34 +0800] "GET /xingrg/all/function/internal_message.html?_=1658721752812&CODE_STATE=getMsg HTTP/1.1" 200 27
124.78.157.151 - - [25/Jul/2022:12:02:40 +0800] "GET /xingrg/kc/buy/cgsh_order_operate.html?command=get_materiel&rest_code=00106&code=00101008286&supplier_code=00100007&order_time=2022-07-25 HTTP/1.1" 200 408
116.224.129.11 - - [25/Jul/2022:12:02:42 +0800] "GET /xingrg/kc/buy/cgsh_order_operate.html?command=get_materiel&rest_code=00105&code=00101001261&supplier_code=00100323&order_time=2022-07-25 HTTP/1.1" 200 428
124.78.157.151 - - [25/Jul/2022:12:02:44 +0800] "GET /xingrg/all/function/internal_message.html?_=1658721766919&CODE_STATE=getMsg HTTP/1.1" 200 27
116.224.129.11 - - [25/Jul/2022:12:02:51 +0800] "GET /xingrg/all/function/internal_message.html?_=1658721770288&CODE_STATE=getMsg HTTP/1.1" 200 27
124.78.157.151 - - [25/Jul/2022:12:02:52 +0800] "GET /xingrg/kc/buy/cgsh_order_operate.html?command=get_materiel&rest_code=00106&code=00101008036&supplier_code=00100007&order_time=2022-07-25 HTTP/1.1" 200 408
101.80.228.36 - - [25/Jul/2022:12:02:52 +0800] "GET /xingrg/all/function/internal_message.html?_=1658721770929&CODE_STATE=getMsg HTTP/1.1" 200 27
116.224.123.211 - - [25/Jul/2022:12:02:53 +0800] "GET /xingrg/all/function/internal_message.html?_=1658721773332&CODE_STATE=getMsg HTTP/1.1" 200 27
116.230.110.48 - - [25/Jul/2022:12:02:54 +0800] "GET /xingrg/all/function/internal_message.html?_=1658721773756&CODE_STATE=getMsg HTTP/1.1" 200 27
116.224.129.11 - - [25/Jul/2022:12:02:59 +0800] "GET /xingrg/kc/buy/cgsh_order_operate.html?command=get_materiel&rest_code=00105&code=00101010450&supplier_code=00100323&order_time=2022-07-25 HTTP/1.1" 200 430
116.235.94.65 - - [25/Jul/2022:12:03:01 +0800] "GET /xingrg/all/function/internal_message.html?_=1658721966437&CODE_STATE=getMsg HTTP/1.1" 200 27
120.253.135.82 - - [25/Jul/2022:12:03:01 +0800] "GET /xingrg/all/function/internal_message.html?_=1658721589901&CODE_STATE=getMsg HTTP/1.1" 200 27
116.224.129.11 - - [25/Jul/2022:12:03:05 +0800] "GET /xingrg/all/function/internal_message.html?_=1658721669892&CODE_STATE=getMsg HTTP/1.1" 200 27
124.78.157.151 - - [25/Jul/2022:12:03:05 +0800] "GET /xingrg/kc/buy/cgsh_order_operate.html?command=get_materiel&rest_code=00106&code=00101008233&supplier_code=00100007&order_time=2022-07-25 HTTP/1.1" 200 408
124.78.157.151 - - [25/Jul/2022:12:03:08 +0800] "POST /xingrg/kc/buy/cgsh_order_operate.html HTTP/1.1" 200 2065
116.224.129.11 - - [25/Jul/2022:12:03:08 +0800] "GET /xingrg/kc/buy/cgsh_order_operate.html?command=get_materiel&rest_code=00105&code=00101037239&supplier_code=00100323&order_time=2022-07-25 HTTP/1.1" 200 425
218.81.223.53 - - [25/Jul/2022:12:03:08 +0800] "GET /xingrg/all/function/internal_message.html?_=1658721790412&CODE_STATE=getMsg HTTP/1.1" 200 27
120.253.135.82 - - [25/Jul/2022:12:03:09 +0800] "GET /xingrg/all/function/internal_message.html?_=1658721596926&CODE_STATE=getMsg HTTP/1.1" 200 27
116.224.129.11 - - [25/Jul/2022:12:03:17 +0800] "GET /xingrg/kc/buy/cgsh_order_operate.html?command=get_materiel&rest_code=00105&code=00101010616&supplier_code=00100323&order_time=2022-07-25 HTTP/1.1" 200 429
124.78.157.151 - - [25/Jul/2022:12:03:17 +0800] "GET /xingrg/kc/buy/cgsh_order_operate.html?command=get_materiel&rest_code=00106&code=00101008352&supplier_code=00100007&order_time=2022-07-25 HTTP/1.1" 200 412
222.69.129.110 - - [25/Jul/2022:12:03:23 +0800] "GET /xingrg/all/function/internal_message.html?_=1658721856251&CODE_STATE=getMsg HTTP/1.1" 200 27
124.78.157.151 - - [25/Jul/2022:12:03:30 +0800] "GET /xingrg/kc/buy/cgsh_order_operate.html?command=get_materiel&rest_code=00106&code=00101008271&supplier_code=00100007&order_time=2022-07-25 HTTP/1.1" 200 408
116.224.129.11 - - [25/Jul/2022:12:03:34 +0800] "POST /xingrg/kc/buy/cgsh_order_operate.html HTTP/1.1" 200 37
114.83.219.182 - - [25/Jul/2022:12:03:34 +0800] "GET /xingrg/all/function/internal_message.html?_=1658721812797&CODE_STATE=getMsg HTTP/1.1" 200 27
116.224.129.11 - - [25/Jul/2022:12:03:36 +0800] "POST /xingrg/kc/buy/cgsh_order_operate.html HTTP/1.1" 200 5023
116.224.129.11 - - [25/Jul/2022:12:03:43 +0800] "POST /xingrg/kc/buy/cgsh_order_operate.html HTTP/1.1" 200 37
124.78.157.151 - - [25/Jul/2022:12:03:44 +0800] "GET /xingrg/all/function/internal_message.html?_=1658721826902&CODE_STATE=getMsg HTTP/1.1" 200 27
116.224.129.11 - - [25/Jul/2022:12:03:44 +0800] "POST /xingrg/kc/buy/cgsh_order_operate.html HTTP/1.1" 200 5026
124.78.157.151 - - [25/Jul/2022:12:03:45 +0800] "GET /xingrg/kc/buy/cgsh_order_operate.html?command=get_materiel&rest_code=00106&code=00101008353&supplier_code=00100007&order_time=2022-07-25 HTTP/1.1" 200 424
116.224.129.11 - - [25/Jul/2022:12:03:45 +0800] "GET /xingrg/kc/print/load_data.html?order_code=212022072506569&kc_code=cgsh&condition= HTTP/1.1" 200 1580
116.224.129.11 - - [25/Jul/2022:12:03:49 +0800] "GET /xingrg/kc/buy/cgsh_order_add.html HTTP/1.1" 200 68026
116.224.129.11 - - [25/Jul/2022:12:03:50 +0800] "GET /xingrg/javascript/easyui/themes/default/validatebox.css HTTP/1.1" 404 1104
116.224.129.11 - - [25/Jul/2022:12:03:50 +0800] "POST /xingrg/kc/buy/cgsh_order_operate.html HTTP/1.1" 200 8245
116.224.129.11 - - [25/Jul/2022:12:03:51 +0800] "GET /xingrg/all/function/internal_message.html?_=1658721830295&CODE_STATE=getMsg HTTP/1.1" 200 27
101.80.228.36 - - [25/Jul/2022:12:03:52 +0800] "GET /xingrg/all/function/internal_message.html?_=1658721830900&CODE_STATE=getMsg HTTP/1.1" 200 27
116.224.123.211 - - [25/Jul/2022:12:03:53 +0800] "GET /xingrg/all/function/internal_message.html?_=1658721833337&CODE_STATE=getMsg HTTP/1.1" 200 27
116.230.110.48 - - [25/Jul/2022:12:03:54 +0800] "GET /xingrg/all/function/internal_message.html?_=1658721833747&CODE_STATE=getMsg HTTP/1.1" 200 27
124.78.157.151 - - [25/Jul/2022:12:03:59 +0800] "GET /xingrg/kc/buy/cgsh_order_operate.html?command=get_materiel&rest_code=00106&code=00101008213&supplier_code=00100007&order_time=2022-07-25 HTTP/1.1" 200 428
116.224.129.11 - - [25/Jul/2022:12:04:01 +0800] "GET /xingrg/kc/buy/cgsh_order_operate.html?command=get_materiel&rest_code=00105&code=00101001045&supplier_code=00100439&order_time=2022-07-25 HTTP/1.1" 200 423
116.235.94.65 - - [25/Jul/2022:12:04:01 +0800] "GET /xingrg/all/function/internal_message.html?_=1658722026449&CODE_STATE=getMsg HTTP/1.1" 200 27
120.253.135.82 - - [25/Jul/2022:12:04:01 +0800] "GET /xingrg/check_reg.html?_=1658721649853 HTTP/1.1" 200 22
120.253.135.82 - - [25/Jul/2022:12:04:01 +0800] "GET /xingrg/all/function/internal_message.html?_=1658721649913&CODE_STATE=getMsg HTTP/1.1" 200 27
116.224.129.11 - - [25/Jul/2022:12:04:05 +0800] "GET /xingrg/check_reg.html?_=1658721729898 HTTP/1.1" 200 22
116.224.129.11 - - [25/Jul/2022:12:04:05 +0800] "GET /xingrg/all/function/internal_message.html?_=1658721729901&CODE_STATE=getMsg HTTP/1.1" 200 27
120.253.135.82 - - [25/Jul/2022:12:04:08 +0800] "GET /xingrg/check_reg.html?_=1658721655997 HTTP/1.1" 200 22
120.253.135.82 - - [25/Jul/2022:12:04:09 +0800] "GET /xingrg/all/function/internal_message.html?_=1658721657061&CODE_STATE=getMsg HTTP/1.1" 200 27
218.81.223.53 - - [25/Jul/2022:12:04:09 +0800] "GET /xingrg/all/function/internal_message.html?_=1658721850905&CODE_STATE=getMsg HTTP/1.1" 200 27
124.78.157.151 - - [25/Jul/2022:12:04:10 +0800] "GET /xingrg/kc/buy/cgsh_order_operate.html?command=get_materiel&rest_code=00106&code=00101008224&supplier_code=00100007&order_time=2022-07-25 HTTP/1.1" 200 432
116.224.129.11 - - [25/Jul/2022:12:04:12 +0800] "POST /xingrg/kc/buy/cgsh_order_operate.html HTTP/1.1" 200 37
116.224.129.11 - - [25/Jul/2022:12:04:13 +0800] "POST /xingrg/kc/buy/cgsh_order_operate.html HTTP/1.1" 200 2670
116.224.129.11 - - [25/Jul/2022:12:04:14 +0800] "GET /xingrg/kc/print/load_data.html?order_code=212022072506570&kc_code=cgsh&condition= HTTP/1.1" 200 687
101.80.228.36 - - [25/Jul/2022:12:04:16 +0800] "GET /xingrg/check_reg.html?_=1658721855104 HTTP/1.1" 200 22
116.224.129.11 - - [25/Jul/2022:12:04:20 +0800] "GET /xingrg/check_reg.html?_=1658721859579 HTTP/1.1" 200 22
222.69.129.110 - - [25/Jul/2022:12:04:23 +0800] "GET /xingrg/all/function/internal_message.html?_=1658721916261&CODE_STATE=getMsg HTTP/1.1" 200 27
222.69.129.110 - - [25/Jul/2022:12:04:23 +0800] "GET /xingrg/check_reg.html?_=1658721916263 HTTP/1.1" 200 22
116.224.129.11 - - [25/Jul/2022:12:04:26 +0800] "GET /xingrg/kc/buy/cgsh_order_add.html HTTP/1.1" 200 68026
116.224.129.11 - - [25/Jul/2022:12:04:26 +0800] "POST /xingrg/kc/buy/cgsh_order_operate.html HTTP/1.1" 200 8245
116.224.129.11 - - [25/Jul/2022:12:04:26 +0800] "GET /xingrg/javascript/easyui/themes/default/validatebox.css HTTP/1.1" 404 1104
124.78.157.151 - - [25/Jul/2022:12:04:27 +0800] "POST /xingrg/kc/buy/cgsh_order_operate.html HTTP/1.1" 200 2065
218.81.223.53 - - [25/Jul/2022:12:04:34 +0800] "GET /xingrg/check_reg.html?_=1658721876044 HTTP/1.1" 200 22
114.83.219.182 - - [25/Jul/2022:12:04:34 +0800] "GET /xingrg/all/function/internal_message.html?_=1658721872776&CODE_STATE=getMsg HTTP/1.1" 200 27
124.78.157.151 - - [25/Jul/2022:12:04:42 +0800] "GET /xingrg/kc/buy/cgsh_order_operate.html?command=get_materiel&rest_code=00106&code=00101011010&supplier_code=00100007&order_time=2022-07-25 HTTP/1.1" 200 418
124.78.157.151 - - [25/Jul/2022:12:04:44 +0800] "GET /xingrg/all/function/internal_message.html?_=1658721886878&CODE_STATE=getMsg HTTP/1.1" 200 27
116.224.129.11 - - [25/Jul/2022:12:04:46 +0800] "GET /xingrg/kc/buy/cgsh_order_operate.html?command=get_materiel&rest_code=00105&code=00101006310&supplier_code=00100505&order_time=2022-07-25 HTTP/1.1" 200 436
124.78.157.151 - - [25/Jul/2022:12:04:47 +0800] "GET /xingrg/check_reg.html?_=1658721889421 HTTP/1.1" 200 22
116.224.129.11 - - [25/Jul/2022:12:04:51 +0800] "GET /xingrg/all/function/internal_message.html?_=1658721890262&CODE_STATE=getMsg HTTP/1.1" 200 27
101.80.228.36 - - [25/Jul/2022:12:04:52 +0800] "GET /xingrg/all/function/internal_message.html?_=1658721890871&CODE_STATE=getMsg HTTP/1.1" 200 27
116.224.123.211 - - [25/Jul/2022:12:04:53 +0800] "GET /xingrg/all/function/internal_message.html?_=1658721893340&CODE_STATE=getMsg HTTP/1.1" 200 27
116.230.110.48 - - [25/Jul/2022:12:04:54 +0800] "GET /xingrg/all/function/internal_message.html?_=1658721893735&CODE_STATE=getMsg HTTP/1.1" 200 27
124.78.157.151 - - [25/Jul/2022:12:04:58 +0800] "GET /xingrg/kc/buy/cgsh_order_operate.html?command=get_materiel&rest_code=00106&code=00101008312&supplier_code=00100007&order_time=2022-07-25 HTTP/1.1" 200 412
116.235.94.65 - - [25/Jul/2022:12:05:01 +0800] "GET /xingrg/check_reg.html?_=1658722086435 HTTP/1.1" 200 22
116.235.94.65 - - [25/Jul/2022:12:05:01 +0800] "GET /xingrg/all/function/internal_message.html?_=1658722086436&CODE_STATE=getMsg HTTP/1.1" 200 27
120.253.135.82 - - [25/Jul/2022:12:05:01 +0800] "GET /xingrg/all/function/internal_message.html?_=1658721709927&CODE_STATE=getMsg HTTP/1.1" 200 27
116.224.129.11 - - [25/Jul/2022:12:05:05 +0800] "GET /xingrg/all/function/internal_message.html?_=1658721789888&CODE_STATE=getMsg HTTP/1.1" 200 27
116.224.129.11 - - [25/Jul/2022:12:05:07 +0800] "POST /xingrg/kc/buy/cgsh_order_operate.html HTTP/1.1" 200 37
116.224.129.11 - - [25/Jul/2022:12:05:08 +0800] "POST /xingrg/kc/buy/cgsh_order_operate.html HTTP/1.1" 200 2663
120.253.135.82 - - [25/Jul/2022:12:05:09 +0800] "GET /xingrg/all/function/internal_message.html?_=1658721717072&CODE_STATE=getMsg HTTP/1.1" 200 27
218.81.223.53 - - [25/Jul/2022:12:05:09 +0800] "GET /xingrg/all/function/internal_message.html?_=1658721910907&CODE_STATE=getMsg HTTP/1.1" 200 27
116.224.129.11 - - [25/Jul/2022:12:05:10 +0800] "GET /xingrg/kc/print/load_data.html?order_code=212022072506571&kc_code=cgsh&condition= HTTP/1.1" 200 675
124.78.157.151 - - [25/Jul/2022:12:05:22 +0800] "GET /xingrg/kc/buy/cgsh_order_operate.html?command=get_materiel&rest_code=00106&code=00101008182&supplier_code=00100007&order_time=2022-07-25 HTTP/1.1" 200 432
222.69.129.110 - - [25/Jul/2022:12:05:23 +0800] "GET /xingrg/all/function/internal_message.html?_=1658721976261&CODE_STATE=getMsg HTTP/1.1" 200 27
124.78.157.151 - - [25/Jul/2022:12:05:34 +0800] "GET /xingrg/kc/buy/cgsh_order_operate.html?command=get_materiel&rest_code=00106&code=00101011005&supplier_code=00100007&order_time=2022-07-25 HTTP/1.1" 200 425
114.83.219.182 - - [25/Jul/2022:12:05:34 +0800] "GET /xingrg/all/function/internal_message.html?_=1658721932762&CODE_STATE=getMsg HTTP/1.1" 200 27
114.83.219.182 - - [25/Jul/2022:12:05:35 +0800] "GET /xingrg/check_reg.html?_=1658721933434 HTTP/1.1" 200 22
124.78.157.151 - - [25/Jul/2022:12:05:44 +0800] "GET /xingrg/all/function/internal_message.html?_=1658721946862&CODE_STATE=getMsg HTTP/1.1" 200 27
116.224.129.11 - - [25/Jul/2022:12:05:51 +0800] "GET /xingrg/all/function/internal_message.html?_=1658721950229&CODE_STATE=getMsg HTTP/1.1" 200 27
101.80.228.36 - - [25/Jul/2022:12:05:52 +0800] "GET /xingrg/all/function/internal_message.html?_=1658721950857&CODE_STATE=getMsg HTTP/1.1" 200 27
116.224.255.128 - - [25/Jul/2022:12:05:52 +0800] "GET /xingrg/check_reg.html?_=1658721952542 HTTP/1.1" 200 22
116.224.123.211 - - [25/Jul/2022:12:05:53 +0800] "GET /xingrg/all/function/internal_message.html?_=1658721953348&CODE_STATE=getMsg HTTP/1.1" 200 27
116.224.123.211 - - [25/Jul/2022:12:05:53 +0800] "GET /xingrg/check_reg.html?_=1658721953352 HTTP/1.1" 200 22
116.230.110.48 - - [25/Jul/2022:12:05:54 +0800] "GET /xingrg/all/function/internal_message.html?_=1658721953755&CODE_STATE=getMsg HTTP/1.1" 200 27
116.235.94.65 - - [25/Jul/2022:12:06:01 +0800] "GET /xingrg/all/function/internal_message.html?_=1658722146446&CODE_STATE=getMsg HTTP/1.1" 200 27
120.253.135.82 - - [25/Jul/2022:12:06:01 +0800] "GET /xingrg/all/function/internal_message.html?_=1658721769940&CODE_STATE=getMsg HTTP/1.1" 200 27
116.224.129.11 - - [25/Jul/2022:12:06:05 +0800] "GET /xingrg/all/function/internal_message.html?_=1658721849890&CODE_STATE=getMsg HTTP/1.1" 200 27
124.78.157.151 - - [25/Jul/2022:12:06:07 +0800] "GET /xingrg/kc/buy/cgsh_order_operate.html?command=get_materiel&rest_code=00106&code=00101008215&supplier_code=00100007&order_time=2022-07-25 HTTP/1.1" 200 413
120.253.135.82 - - [25/Jul/2022:12:06:09 +0800] "GET /xingrg/all/function/internal_message.html?_=1658721777085&CODE_STATE=getMsg HTTP/1.1" 200 27
218.81.223.53 - - [25/Jul/2022:12:06:09 +0800] "GET /xingrg/all/function/internal_message.html?_=1658721970920&CODE_STATE=getMsg HTTP/1.1" 200 27
222.69.129.110 - - [25/Jul/2022:12:06:23 +0800] "GET /xingrg/all/function/internal_message.html?_=1658722036265&CODE_STATE=getMsg HTTP/1.1" 200 27
124.78.157.151 - - [25/Jul/2022:12:06:34 +0800] "GET /xingrg/kc/buy/cgsh_order_operate.html?command=get_materiel&rest_code=00106&code=00101008244&supplier_code=00100007&order_time=2022-07-25 HTTP/1.1" 200 424
114.83.219.182 - - [25/Jul/2022:12:06:34 +0800] "GET /xingrg/all/function/internal_message.html?_=1658721992733&CODE_STATE=getMsg HTTP/1.1" 200 27
124.78.157.151 - - [25/Jul/2022:12:06:38 +0800] "POST /xingrg/kc/buy/cgsh_order_operate.html HTTP/1.1" 200 2065
124.78.157.151 - - [25/Jul/2022:12:06:44 +0800] "GET /xingrg/all/function/internal_message.html?_=1658722006846&CODE_STATE=getMsg HTTP/1.1" 200 27
116.224.129.11 - - [25/Jul/2022:12:06:51 +0800] "GET /xingrg/all/function/internal_message.html?_=1658722010203&CODE_STATE=getMsg HTTP/1.1" 200 27
101.80.228.36 - - [25/Jul/2022:12:06:52 +0800] "GET /xingrg/all/function/internal_message.html?_=1658722010827&CODE_STATE=getMsg HTTP/1.1" 200 27
116.224.123.211 - - [25/Jul/2022:12:06:53 +0800] "GET /xingrg/all/function/internal_message.html?_=1658722013343&CODE_STATE=getMsg HTTP/1.1" 200 27
116.230.110.48 - - [25/Jul/2022:12:06:54 +0800] "GET /xingrg/check_reg.html?_=1658722013746 HTTP/1.1" 200 22
116.230.110.48 - - [25/Jul/2022:12:06:54 +0800] "GET /xingrg/all/function/internal_message.html?_=1658722013749&CODE_STATE=getMsg HTTP/1.1" 200 27
124.78.157.151 - - [25/Jul/2022:12:06:55 +0800] "GET /xingrg/kc/buy/cgsh_order_operate.html?command=get_materiel&rest_code=00106&code=00101008112&supplier_code=00100007&order_time=2022-07-25 HTTP/1.1" 200 414
116.235.94.65 - - [25/Jul/2022:12:07:01 +0800] "GET /xingrg/all/function/internal_message.html?_=1658722206438&CODE_STATE=getMsg HTTP/1.1" 200 27
120.253.135.82 - - [25/Jul/2022:12:07:02 +0800] "GET /xingrg/all/function/internal_message.html?_=1658721829956&CODE_STATE=getMsg HTTP/1.1" 200 27
116.224.129.11 - - [25/Jul/2022:12:07:05 +0800] "GET /xingrg/all/function/internal_message.html?_=1658721909892&CODE_STATE=getMsg HTTP/1.1" 200 27
120.253.135.82 - - [25/Jul/2022:12:07:09 +0800] "GET /xingrg/all/function/internal_message.html?_=1658721837227&CODE_STATE=getMsg HTTP/1.1" 200 27
218.81.223.53 - - [25/Jul/2022:12:07:09 +0800] "GET /xingrg/all/function/internal_message.html?_=1658722031417&CODE_STATE=getMsg HTTP/1.1" 200 27
222.69.129.110 - - [25/Jul/2022:12:07:23 +0800] "GET /xingrg/all/function/internal_message.html?_=1658722096262&CODE_STATE=getMsg HTTP/1.1" 200 27
114.83.219.182 - - [25/Jul/2022:12:07:34 +0800] "GET /xingrg/all/function/internal_message.html?_=1658722052704&CODE_STATE=getMsg HTTP/1.1" 200 27
124.78.157.151 - - [25/Jul/2022:12:07:44 +0800] "POST /xingrg/kc/buy/cgsh_order_operate.html HTTP/1.1" 200 2065
124.78.157.151 - - [25/Jul/2022:12:07:44 +0800] "GET /xingrg/all/function/internal_message.html?_=1658722066814&CODE_STATE=getMsg HTTP/1.1" 200 27
116.224.129.11 - - [25/Jul/2022:12:07:51 +0800] "GET /xingrg/all/function/internal_message.html?_=1658722070177&CODE_STATE=getMsg HTTP/1.1" 200 27
101.80.228.36 - - [25/Jul/2022:12:07:52 +0800] "GET /xingrg/all/function/internal_message.html?_=1658722070813&CODE_STATE=getMsg HTTP/1.1" 200 27
116.224.123.211 - - [25/Jul/2022:12:07:53 +0800] "GET /xingrg/all/function/internal_message.html?_=1658722073336&CODE_STATE=getMsg HTTP/1.1" 200 27
116.230.110.48 - - [25/Jul/2022:12:07:54 +0800] "GET /xingrg/all/function/internal_message.html?_=1658722073737&CODE_STATE=getMsg HTTP/1.1" 200 27
116.235.94.65 - - [25/Jul/2022:12:08:01 +0800] "GET /xingrg/all/function/internal_message.html?_=1658722266447&CODE_STATE=getMsg HTTP/1.1" 200 27
120.253.135.82 - - [25/Jul/2022:12:08:02 +0800] "GET /xingrg/all/function/internal_message.html?_=1658721889967&CODE_STATE=getMsg HTTP/1.1" 200 27
116.224.129.11 - - [25/Jul/2022:12:08:05 +0800] "GET /xingrg/all/function/internal_message.html?_=1658721969895&CODE_STATE=getMsg HTTP/1.1" 200 27
120.253.135.82 - - [25/Jul/2022:12:08:09 +0800] "GET /xingrg/all/function/internal_message.html?_=1658721897237&CODE_STATE=getMsg HTTP/1.1" 200 27
218.81.223.53 - - [25/Jul/2022:12:08:09 +0800] "GET /xingrg/all/function/internal_message.html?_=1658722091432&CODE_STATE=getMsg HTTP/1.1" 200 27
222.69.129.110 - - [25/Jul/2022:12:08:23 +0800] "GET /xingrg/all/function/internal_message.html?_=1658722156267&CODE_STATE=getMsg HTTP/1.1" 200 27
114.83.219.182 - - [25/Jul/2022:12:08:34 +0800] "GET /xingrg/all/function/internal_message.html?_=1658722112692&CODE_STATE=getMsg HTTP/1.1" 200 27
124.78.157.151 - - [25/Jul/2022:12:08:44 +0800] "GET /xingrg/all/function/internal_message.html?_=1658722126822&CODE_STATE=getMsg HTTP/1.1" 200 27
116.224.129.11 - - [25/Jul/2022:12:08:51 +0800] "GET /xingrg/all/function/internal_message.html?_=1658722130156&CODE_STATE=getMsg HTTP/1.1" 200 27
101.80.228.36 - - [25/Jul/2022:12:08:52 +0800] "GET /xingrg/all/function/internal_message.html?_=1658722130783&CODE_STATE=getMsg HTTP/1.1" 200 27
116.224.123.211 - - [25/Jul/2022:12:08:53 +0800] "GET /xingrg/all/function/internal_message.html?_=1658722133345&CODE_STATE=getMsg HTTP/1.1" 200 27
116.230.110.48 - - [25/Jul/2022:12:08:54 +0800] "GET /xingrg/all/function/internal_message.html?_=1658722133753&CODE_STATE=getMsg HTTP/1.1" 200 27
116.235.94.65 - - [25/Jul/2022:12:09:01 +0800] "GET /xingrg/all/function/internal_message.html?_=1658722326458&CODE_STATE=getMsg HTTP/1.1" 200 27
120.253.135.82 - - [25/Jul/2022:12:09:01 +0800] "GET /xingrg/check_reg.html?_=1658721949859 HTTP/1.1" 200 22
120.253.135.82 - - [25/Jul/2022:12:09:02 +0800] "GET /xingrg/all/function/internal_message.html?_=1658721949981&CODE_STATE=getMsg HTTP/1.1" 200 27
116.224.129.11 - - [25/Jul/2022:12:09:05 +0800] "GET /xingrg/all/function/internal_message.html?_=1658722029896&CODE_STATE=getMsg HTTP/1.1" 200 27
116.224.129.11 - - [25/Jul/2022:12:09:05 +0800] "GET /xingrg/check_reg.html?_=1658722029899 HTTP/1.1" 200 22
124.78.157.151 - - [25/Jul/2022:12:09:05 +0800] "GET /xingrg/kc/buy/cgsh_order_operate.html?command=get_materiel&rest_code=00106&code=00101008356&supplier_code=00100007&order_time=2022-07-25 HTTP/1.1" 200 408
120.253.135.82 - - [25/Jul/2022:12:09:08 +0800] "GET /xingrg/check_reg.html?_=1658721956161 HTTP/1.1" 200 22
120.253.135.82 - - [25/Jul/2022:12:09:09 +0800] "GET /xingrg/all/function/internal_message.html?_=1658721957251&CODE_STATE=getMsg HTTP/1.1" 200 27
218.81.223.53 - - [25/Jul/2022:12:09:10 +0800] "GET /xingrg/all/function/internal_message.html?_=1658722151916&CODE_STATE=getMsg HTTP/1.1" 200 27
101.80.228.36 - - [25/Jul/2022:12:09:16 +0800] "GET /xingrg/check_reg.html?_=1658722155113 HTTP/1.1" 200 22
116.224.129.11 - - [25/Jul/2022:12:09:20 +0800] "GET /xingrg/check_reg.html?_=1658722159590 HTTP/1.1" 200 22
222.69.129.110 - - [25/Jul/2022:12:09:23 +0800] "GET /xingrg/check_reg.html?_=1658722216256 HTTP/1.1" 200 22
222.69.129.110 - - [25/Jul/2022:12:09:23 +0800] "GET /xingrg/all/function/internal_message.html?_=1658722216259&CODE_STATE=getMsg HTTP/1.1" 200 27
218.81.223.53 - - [25/Jul/2022:12:09:34 +0800] "GET /xingrg/check_reg.html?_=1658722176048 HTTP/1.1" 200 22
114.83.219.182 - - [25/Jul/2022:12:09:34 +0800] "GET /xingrg/all/function/internal_message.html?_=1658722172663&CODE_STATE=getMsg HTTP/1.1" 200 27
124.78.157.151 - - [25/Jul/2022:12:09:44 +0800] "GET /xingrg/all/function/internal_message.html?_=1658722186807&CODE_STATE=getMsg HTTP/1.1" 200 27
124.78.157.151 - - [25/Jul/2022:12:09:47 +0800] "GET /xingrg/check_reg.html?_=1658722189432 HTTP/1.1" 200 22
116.224.129.11 - - [25/Jul/2022:12:09:51 +0800] "GET /xingrg/all/function/internal_message.html?_=1658722190128&CODE_STATE=getMsg HTTP/1.1" 200 27
101.80.228.36 - - [25/Jul/2022:12:09:52 +0800] "GET /xingrg/all/function/internal_message.html?_=1658722190755&CODE_STATE=getMsg HTTP/1.1" 200 27
116.224.123.211 - - [25/Jul/2022:12:09:53 +0800] "GET /xingrg/all/function/internal_message.html?_=1658722193343&CODE_STATE=getMsg HTTP/1.1" 200 27
116.230.110.48 - - [25/Jul/2022:12:09:54 +0800] "GET /xingrg/all/function/internal_message.html?_=1658722193749&CODE_STATE=getMsg HTTP/1.1" 200 27
116.235.94.65 - - [25/Jul/2022:12:10:01 +0800] "GET /xingrg/all/function/internal_message.html?_=1658722386458&CODE_STATE=getMsg HTTP/1.1" 200 27
116.235.94.65 - - [25/Jul/2022:12:10:01 +0800] "GET /xingrg/check_reg.html?_=1658722386459 HTTP/1.1" 200 22
120.253.135.82 - - [25/Jul/2022:12:10:02 +0800] "GET /xingrg/all/function/internal_message.html?_=1658722009995&CODE_STATE=getMsg HTTP/1.1" 200 27
116.224.129.11 - - [25/Jul/2022:12:10:05 +0800] "GET /xingrg/all/function/internal_message.html?_=1658722089886&CODE_STATE=getMsg HTTP/1.1" 200 27
120.253.135.82 - - [25/Jul/2022:12:10:09 +0800] "GET /xingrg/all/function/internal_message.html?_=1658722017265&CODE_STATE=getMsg HTTP/1.1" 200 27
218.81.223.53 - - [25/Jul/2022:12:10:10 +0800] "GET /xingrg/all/function/internal_message.html?_=1658722211926&CODE_STATE=getMsg HTTP/1.1" 200 27
222.69.129.110 - - [25/Jul/2022:12:10:23 +0800] "GET /xingrg/all/function/internal_message.html?_=1658722276260&CODE_STATE=getMsg HTTP/1.1" 200 27
114.83.219.182 - - [25/Jul/2022:12:10:34 +0800] "GET /xingrg/all/function/internal_message.html?_=1658722232646&CODE_STATE=getMsg HTTP/1.1" 200 27
114.83.219.182 - - [25/Jul/2022:12:10:35 +0800] "GET /xingrg/check_reg.html?_=1658722233432 HTTP/1.1" 200 22
124.78.157.151 - - [25/Jul/2022:12:10:44 +0800] "GET /xingrg/all/function/internal_message.html?_=1658722246786&CODE_STATE=getMsg HTTP/1.1" 200 27
116.224.129.11 - - [25/Jul/2022:12:10:51 +0800] "GET /xingrg/all/function/internal_message.html?_=1658722250103&CODE_STATE=getMsg HTTP/1.1" 200 27
101.80.228.36 - - [25/Jul/2022:12:10:52 +0800] "GET /xingrg/all/function/internal_message.html?_=1658722250741&CODE_STATE=getMsg HTTP/1.1" 200 27
116.224.255.128 - - [25/Jul/2022:12:10:52 +0800] "GET /xingrg/check_reg.html?_=1658722252518 HTTP/1.1" 200 22
116.224.123.211 - - [25/Jul/2022:12:10:53 +0800] "GET /xingrg/all/function/internal_message.html?_=1658722253328&CODE_STATE=getMsg HTTP/1.1" 200 27
116.224.123.211 - - [25/Jul/2022:12:10:53 +0800] "GET /xingrg/check_reg.html?_=1658722253332 HTTP/1.1" 200 22
116.230.110.48 - - [25/Jul/2022:12:10:54 +0800] "GET /xingrg/all/function/internal_message.html?_=1658722253742&CODE_STATE=getMsg HTTP/1.1" 200 27
124.78.157.151 - - [25/Jul/2022:12:10:54 +0800] "POST /xingrg/kc/buy/cgsh_order_operate.html HTTP/1.1" 200 37
124.78.157.151 - - [25/Jul/2022:12:10:55 +0800] "POST /xingrg/kc/buy/cgsh_order_operate.html HTTP/1.1" 200 25114
116.235.94.65 - - [25/Jul/2022:12:11:01 +0800] "GET /xingrg/all/function/internal_message.html?_=1658722446458&CODE_STATE=getMsg HTTP/1.1" 200 27
120.253.135.82 - - [25/Jul/2022:12:11:02 +0800] "GET /xingrg/all/function/internal_message.html?_=1658722070008&CODE_STATE=getMsg HTTP/1.1" 200 27
116.224.129.11 - - [25/Jul/2022:12:11:05 +0800] "GET /xingrg/all/function/internal_message.html?_=1658722149887&CODE_STATE=getMsg HTTP/1.1" 200 27
120.253.135.82 - - [25/Jul/2022:12:11:09 +0800] "GET /xingrg/all/function/internal_message.html?_=1658722077278&CODE_STATE=getMsg HTTP/1.1" 200 27
218.81.223.53 - - [25/Jul/2022:12:11:10 +0800] "GET /xingrg/all/function/internal_message.html?_=1658722271939&CODE_STATE=getMsg HTTP/1.1" 200 27
222.69.129.110 - - [25/Jul/2022:12:11:23 +0800] "GET /xingrg/all/function/internal_message.html?_=1658722336256&CODE_STATE=getMsg HTTP/1.1" 200 27
114.83.219.182 - - [25/Jul/2022:12:11:34 +0800] "GET /xingrg/all/function/internal_message.html?_=1658722292632&CODE_STATE=getMsg HTTP/1.1" 200 27
124.78.157.151 - - [25/Jul/2022:12:11:44 +0800] "GET /xingrg/all/function/internal_message.html?_=1658722306760&CODE_STATE=getMsg HTTP/1.1" 200 27
114.88.155.189 - - [25/Jul/2022:12:11:49 +0800] "POST /xingrg/services/DataTransmitService HTTP/1.1" 200 524
114.88.155.189 - - [25/Jul/2022:12:11:49 +0800] "POST /xingrg/services/DataTransmitService HTTP/1.1" 200 501
116.224.129.11 - - [25/Jul/2022:12:11:51 +0800] "GET /xingrg/all/function/internal_message.html?_=1658722310080&CODE_STATE=getMsg HTTP/1.1" 200 27
101.80.228.36 - - [25/Jul/2022:12:11:52 +0800] "GET /xingrg/all/function/internal_message.html?_=1658722310725&CODE_STATE=getMsg HTTP/1.1" 200 27
116.224.123.211 - - [25/Jul/2022:12:11:53 +0800] "GET /xingrg/all/function/internal_message.html?_=1658722313340&CODE_STATE=getMsg HTTP/1.1" 200 27
116.230.110.48 - - [25/Jul/2022:12:11:54 +0800] "GET /xingrg/all/function/internal_message.html?_=1658722313743&CODE_STATE=getMsg HTTP/1.1" 200 27
116.230.110.48 - - [25/Jul/2022:12:11:54 +0800] "GET /xingrg/check_reg.html?_=1658722313747 HTTP/1.1" 200 22
116.235.94.65 - - [25/Jul/2022:12:12:01 +0800] "GET /xingrg/all/function/internal_message.html?_=1658722506468&CODE_STATE=getMsg HTTP/1.1" 200 27
120.253.135.82 - - [25/Jul/2022:12:12:02 +0800] "GET /xingrg/all/function/internal_message.html?_=1658722130023&CODE_STATE=getMsg HTTP/1.1" 200 27
116.224.129.11 - - [25/Jul/2022:12:12:05 +0800] "GET /xingrg/all/function/internal_message.html?_=1658722209888&CODE_STATE=getMsg HTTP/1.1" 200 27
120.253.135.82 - - [25/Jul/2022:12:12:09 +0800] "GET /xingrg/all/function/internal_message.html?_=1658722137415&CODE_STATE=getMsg HTTP/1.1" 200 27
218.81.223.53 - - [25/Jul/2022:12:12:10 +0800] "GET /xingrg/all/function/internal_message.html?_=1658722332431&CODE_STATE=getMsg HTTP/1.1" 200 27
222.69.129.110 - - [25/Jul/2022:12:12:23 +0800] "GET /xingrg/all/function/internal_message.html?_=1658722396257&CODE_STATE=getMsg HTTP/1.1" 200 27
114.83.219.182 - - [25/Jul/2022:12:12:34 +0800] "GET /xingrg/all/function/internal_message.html?_=1658722352608&CODE_STATE=getMsg HTTP/1.1" 200 27
124.78.157.151 - - [25/Jul/2022:12:12:44 +0800] "GET /xingrg/all/function/internal_message.html?_=1658722366731&CODE_STATE=getMsg HTTP/1.1" 200 27
116.224.129.11 - - [25/Jul/2022:12:12:51 +0800] "GET /xingrg/all/function/internal_message.html?_=1658722370061&CODE_STATE=getMsg HTTP/1.1" 200 27
101.80.228.36 - - [25/Jul/2022:12:12:52 +0800] "GET /xingrg/all/function/internal_message.html?_=1658722370698&CODE_STATE=getMsg HTTP/1.1" 200 27
116.224.123.211 - - [25/Jul/2022:12:12:53 +0800] "GET /xingrg/all/function/internal_message.html?_=1658722373345&CODE_STATE=getMsg HTTP/1.1" 200 27
116.230.110.48 - - [25/Jul/2022:12:12:54 +0800] "GET /xingrg/all/function/internal_message.html?_=1658722373742&CODE_STATE=getMsg HTTP/1.1" 200 27
116.235.94.65 - - [25/Jul/2022:12:13:01 +0800] "GET /xingrg/all/function/internal_message.html?_=1658722566463&CODE_STATE=getMsg HTTP/1.1" 200 27
120.253.135.82 - - [25/Jul/2022:12:13:02 +0800] "GET /xingrg/all/function/internal_message.html?_=1658722190035&CODE_STATE=getMsg HTTP/1.1" 200 27
116.224.129.11 - - [25/Jul/2022:12:13:05 +0800] "GET /xingrg/all/function/internal_message.html?_=1658722269889&CODE_STATE=getMsg HTTP/1.1" 200 27
120.253.135.82 - - [25/Jul/2022:12:13:09 +0800] "GET /xingrg/all/function/internal_message.html?_=1658722197542&CODE_STATE=getMsg HTTP/1.1" 200 27
218.81.223.53 - - [25/Jul/2022:12:13:10 +0800] "GET /xingrg/all/function/internal_message.html?_=1658722392436&CODE_STATE=getMsg HTTP/1.1" 200 27
222.69.129.110 - - [25/Jul/2022:12:13:23 +0800] "GET /xingrg/all/function/internal_message.html?_=1658722456250&CODE_STATE=getMsg HTTP/1.1" 200 27
114.83.219.182 - - [25/Jul/2022:12:13:34 +0800] "GET /xingrg/all/function/internal_message.html?_=1658722412601&CODE_STATE=getMsg HTTP/1.1" 200 27
124.78.157.151 - - [25/Jul/2022:12:13:44 +0800] "GET /xingrg/all/function/internal_message.html?_=1658722426701&CODE_STATE=getMsg HTTP/1.1" 200 27
116.224.129.11 - - [25/Jul/2022:12:13:51 +0800] "GET /xingrg/all/function/internal_message.html?_=1658722430036&CODE_STATE=getMsg HTTP/1.1" 200 27
101.80.228.36 - - [25/Jul/2022:12:13:52 +0800] "GET /xingrg/all/function/internal_message.html?_=1658722430683&CODE_STATE=getMsg HTTP/1.1" 200 27
116.224.123.211 - - [25/Jul/2022:12:13:53 +0800] "GET /xingrg/all/function/internal_message.html?_=1658722433346&CODE_STATE=getMsg HTTP/1.1" 200 27
116.230.110.48 - - [25/Jul/2022:12:13:54 +0800] "GET /xingrg/all/function/internal_message.html?_=1658722433743&CODE_STATE=getMsg HTTP/1.1" 200 27
116.224.129.11 - - [25/Jul/2022:12:14:01 +0800] "GET /xingrg/kc/base/wldb_order_add.html HTTP/1.1" 200 30356
116.224.129.11 - - [25/Jul/2022:12:14:01 +0800] "GET /xingrg/words/20220725113715_words.js HTTP/1.1" 200 906937
116.235.94.65 - - [25/Jul/2022:12:14:01 +0800] "GET /xingrg/all/function/internal_message.html?_=1658722626469&CODE_STATE=getMsg HTTP/1.1" 200 27
120.253.135.82 - - [25/Jul/2022:12:14:01 +0800] "GET /xingrg/check_reg.html?_=1658722249863 HTTP/1.1" 200 22
120.253.135.82 - - [25/Jul/2022:12:14:02 +0800] "GET /xingrg/all/function/internal_message.html?_=1658722250049&CODE_STATE=getMsg HTTP/1.1" 200 27
116.224.129.11 - - [25/Jul/2022:12:14:02 +0800] "POST /xingrg/kc/base/wldb_order_operate.html HTTP/1.1" 200 6806
116.224.129.11 - - [25/Jul/2022:12:14:02 +0800] "GET /xingrg/javascript/easyui/themes/default/validatebox.css HTTP/1.1" 404 1104
116.224.129.11 - - [25/Jul/2022:12:14:04 +0800] "GET /xingrg/javascript/auto/indicator.gif HTTP/1.1" 404 1066
116.224.129.11 - - [25/Jul/2022:12:14:05 +0800] "GET /xingrg/all/function/internal_message.html?_=1658722329913&CODE_STATE=getMsg HTTP/1.1" 200 27
116.224.129.11 - - [25/Jul/2022:12:14:05 +0800] "GET /xingrg/check_reg.html?_=1658722329917 HTTP/1.1" 200 22
120.253.135.82 - - [25/Jul/2022:12:14:08 +0800] "GET /xingrg/check_reg.html?_=1658722256164 HTTP/1.1" 200 22
120.253.135.82 - - [25/Jul/2022:12:14:09 +0800] "GET /xingrg/all/function/internal_message.html?_=1658722257552&CODE_STATE=getMsg HTTP/1.1" 200 27
218.81.223.53 - - [25/Jul/2022:12:14:11 +0800] "GET /xingrg/all/function/internal_message.html?_=1658722452925&CODE_STATE=getMsg HTTP/1.1" 200 27
101.80.228.36 - - [25/Jul/2022:12:14:16 +0800] "GET /xingrg/check_reg.html?_=1658722455106 HTTP/1.1" 200 22
116.224.129.11 - - [25/Jul/2022:12:14:20 +0800] "GET /xingrg/check_reg.html?_=1658722459583 HTTP/1.1" 200 22
222.69.129.110 - - [25/Jul/2022:12:14:23 +0800] "GET /xingrg/all/function/internal_message.html?_=1658722516267&CODE_STATE=getMsg HTTP/1.1" 200 27
222.69.129.110 - - [25/Jul/2022:12:14:23 +0800] "GET /xingrg/check_reg.html?_=1658722516272 HTTP/1.1" 200 22
116.224.129.11 - - [25/Jul/2022:12:14:27 +0800] "GET /xingrg/kc/buy/buy_main.html HTTP/1.1" 200 12412
116.224.129.11 - - [25/Jul/2022:12:14:27 +0800] "GET /xingrg/css/new_ie.css HTTP/1.1" 404 1036
116.224.129.11 - - [25/Jul/2022:12:14:27 +0800] "GET /xingrg/images/yd/bt.gif HTTP/1.1" 404 1040
116.224.129.11 - - [25/Jul/2022:12:14:28 +0800] "GET /xingrg/kc/buy/cgsh_order_list.html HTTP/1.1" 200 52162
116.224.129.11 - - [25/Jul/2022:12:14:31 +0800] "POST /xingrg/kc/buy/cgsh_list_operate.html HTTP/1.1" 200 4476
116.224.129.11 - - [25/Jul/2022:12:14:33 +0800] "GET /xingrg/kc/buy/cgsh_order_add.html HTTP/1.1" 200 68026
116.224.129.11 - - [25/Jul/2022:12:14:33 +0800] "POST /xingrg/kc/buy/cgsh_order_operate.html HTTP/1.1" 200 8245
116.224.129.11 - - [25/Jul/2022:12:14:34 +0800] "GET /xingrg/javascript/easyui/themes/default/validatebox.css HTTP/1.1" 404 1104
218.81.223.53 - - [25/Jul/2022:12:14:34 +0800] "GET /xingrg/check_reg.html?_=1658722476051 HTTP/1.1" 200 22
114.83.219.182 - - [25/Jul/2022:12:14:34 +0800] "GET /xingrg/all/function/internal_message.html?_=1658722472573&CODE_STATE=getMsg HTTP/1.1" 200 27
116.224.129.11 - - [25/Jul/2022:12:14:36 +0800] "GET /xingrg/javascript/auto/indicator.gif HTTP/1.1" 404 1066
124.78.157.151 - - [25/Jul/2022:12:14:44 +0800] "GET /xingrg/all/function/internal_message.html?_=1658722486671&CODE_STATE=getMsg HTTP/1.1" 200 27
124.78.157.151 - - [25/Jul/2022:12:14:47 +0800] "GET /xingrg/check_reg.html?_=1658722489405 HTTP/1.1" 200 22
116.224.129.11 - - [25/Jul/2022:12:14:51 +0800] "GET /xingrg/all/function/internal_message.html?_=1658722490009&CODE_STATE=getMsg HTTP/1.1" 200 27
101.80.228.36 - - [25/Jul/2022:12:14:52 +0800] "GET /xingrg/all/function/internal_message.html?_=1658722490653&CODE_STATE=getMsg HTTP/1.1" 200 27
116.224.123.211 - - [25/Jul/2022:12:14:53 +0800] "GET /xingrg/all/function/internal_message.html?_=1658722493335&CODE_STATE=getMsg HTTP/1.1" 200 27
116.230.110.48 - - [25/Jul/2022:12:14:54 +0800] "GET /xingrg/all/function/internal_message.html?_=1658722493742&CODE_STATE=getMsg HTTP/1.1" 200 27
116.224.129.11 - - [25/Jul/2022:12:14:54 +0800] "GET /xingrg/kc/buy/cgsh_order_operate.html?command=get_materiel&rest_code=00105&code=00101028011&supplier_code=00100017&order_time=2022-07-25 HTTP/1.1" 200 475
116.235.94.65 - - [25/Jul/2022:12:15:01 +0800] "GET /xingrg/check_reg.html?_=1658722686455 HTTP/1.1" 200 22
116.235.94.65 - - [25/Jul/2022:12:15:01 +0800] "GET /xingrg/all/function/internal_message.html?_=1658722686456&CODE_STATE=getMsg HTTP/1.1" 200 27
120.253.135.82 - - [25/Jul/2022:12:15:02 +0800] "GET /xingrg/all/function/internal_message.html?_=1658722310063&CODE_STATE=getMsg HTTP/1.1" 200 27
116.224.129.11 - - [25/Jul/2022:12:15:05 +0800] "GET /xingrg/all/function/internal_message.html?_=1658722389906&CODE_STATE=getMsg HTTP/1.1" 200 27
120.253.135.82 - - [25/Jul/2022:12:15:09 +0800] "GET /xingrg/all/function/internal_message.html?_=1658722317566&CODE_STATE=getMsg HTTP/1.1" 200 27
120.253.135.82 - - [25/Jul/2022:12:15:10 +0800] "GET /xingrg/kc/pszx/mdps_order_list.html?orderType=0 HTTP/1.1" 200 21007
120.253.135.82 - - [25/Jul/2022:12:15:10 +0800] "POST /xingrg/kc/pszx/mdps_list_operate.html HTTP/1.1" 200 5230
218.81.223.53 - - [25/Jul/2022:12:15:11 +0800] "GET /xingrg/all/function/internal_message.html?_=1658722512931&CODE_STATE=getMsg HTTP/1.1" 200 27
222.69.129.110 - - [25/Jul/2022:12:15:23 +0800] "GET /xingrg/all/function/internal_message.html?_=1658722576271&CODE_STATE=getMsg HTTP/1.1" 200 27
116.224.129.11 - - [25/Jul/2022:12:15:33 +0800] "POST /xingrg/services/DataTransmitService HTTP/1.1" 200 524
114.83.219.182 - - [25/Jul/2022:12:15:34 +0800] "GET /xingrg/all/function/internal_message.html?_=1658722532546&CODE_STATE=getMsg HTTP/1.1" 200 27
116.224.129.11 - - [25/Jul/2022:12:15:35 +0800] "POST /xingrg/services/DataTransmitService HTTP/1.1" 200 412
114.83.219.182 - - [25/Jul/2022:12:15:35 +0800] "GET /xingrg/check_reg.html?_=1658722533420 HTTP/1.1" 200 22
124.78.157.151 - - [25/Jul/2022:12:15:44 +0800] "GET /xingrg/all/function/internal_message.html?_=1658722546646&CODE_STATE=getMsg HTTP/1.1" 200 27
114.88.155.189 - - [25/Jul/2022:12:15:46 +0800] "POST /xingrg/services/DataTransmitService HTTP/1.1" 200 524
114.88.155.189 - - [25/Jul/2022:12:15:47 +0800] "POST /xingrg/services/DataTransmitService HTTP/1.1" 200 2419
116.224.129.11 - - [25/Jul/2022:12:15:47 +0800] "GET /xingrg/kc/buy/cgsh_order_operate.html?command=get_materiel&rest_code=00105&code=00101029084&supplier_code=00100017&order_time=2022-07-25 HTTP/1.1" 200 447
114.88.155.189 - - [25/Jul/2022:12:15:48 +0800] "POST /xingrg/services/DataTransmitService HTTP/1.1" 200 205170
116.224.129.11 - - [25/Jul/2022:12:15:51 +0800] "GET /xingrg/all/function/internal_message.html?_=1658722549991&CODE_STATE=getMsg HTTP/1.1" 200 27
101.80.228.36 - - [25/Jul/2022:12:15:52 +0800] "GET /xingrg/all/function/internal_message.html?_=1658722550640&CODE_STATE=getMsg HTTP/1.1" 200 27
116.224.255.128 - - [25/Jul/2022:12:15:52 +0800] "GET /xingrg/check_reg.html?_=1658722552529 HTTP/1.1" 200 22
116.224.123.211 - - [25/Jul/2022:12:15:53 +0800] "GET /xingrg/check_reg.html?_=1658722553338 HTTP/1.1" 200 22
116.224.123.211 - - [25/Jul/2022:12:15:53 +0800] "GET /xingrg/all/function/internal_message.html?_=1658722553340&CODE_STATE=getMsg HTTP/1.1" 200 27
116.230.110.48 - - [25/Jul/2022:12:15:54 +0800] "GET /xingrg/all/function/internal_message.html?_=1658722553742&CODE_STATE=getMsg HTTP/1.1" 200 27
116.235.94.65 - - [25/Jul/2022:12:16:01 +0800] "GET /xingrg/all/function/internal_message.html?_=1658722746465&CODE_STATE=getMsg HTTP/1.1" 200 27
120.253.135.82 - - [25/Jul/2022:12:16:02 +0800] "GET /xingrg/all/function/internal_message.html?_=1658722370076&CODE_STATE=getMsg HTTP/1.1" 200 27
116.224.129.11 - - [25/Jul/2022:12:16:05 +0800] "GET /xingrg/all/function/internal_message.html?_=1658722449906&CODE_STATE=getMsg HTTP/1.1" 200 27
120.253.135.82 - - [25/Jul/2022:12:16:09 +0800] "GET /xingrg/all/function/internal_message.html?_=1658722377583&CODE_STATE=getMsg HTTP/1.1" 200 27
218.81.223.53 - - [25/Jul/2022:12:16:11 +0800] "GET /xingrg/all/function/internal_message.html?_=1658722572943&CODE_STATE=getMsg HTTP/1.1" 200 27
222.69.129.110 - - [25/Jul/2022:12:16:23 +0800] "GET /xingrg/all/function/internal_message.html?_=1658722636273&CODE_STATE=getMsg HTTP/1.1" 200 27
114.83.219.182 - - [25/Jul/2022:12:16:23 +0800] "POST /xingrg/services/DataTransmitService HTTP/1.1" 200 524
114.83.219.182 - - [25/Jul/2022:12:16:24 +0800] "POST /xingrg/services/DataTransmitService HTTP/1.1" 200 412
114.83.219.182 - - [25/Jul/2022:12:16:34 +0800] "GET /xingrg/all/function/internal_message.html?_=1658722592527&CODE_STATE=getMsg HTTP/1.1" 200 27
124.78.157.151 - - [25/Jul/2022:12:16:44 +0800] "GET /xingrg/all/function/internal_message.html?_=1658722606616&CODE_STATE=getMsg HTTP/1.1" 200 27
116.224.129.11 - - [25/Jul/2022:12:16:51 +0800] "GET /xingrg/all/function/internal_message.html?_=1658722609970&CODE_STATE=getMsg HTTP/1.1" 200 27
101.80.228.36 - - [25/Jul/2022:12:16:52 +0800] "GET /xingrg/all/function/internal_message.html?_=1658722610625&CODE_STATE=getMsg HTTP/1.1" 200 27
116.224.123.211 - - [25/Jul/2022:12:16:53 +0800] "GET /xingrg/all/function/internal_message.html?_=1658722613343&CODE_STATE=getMsg HTTP/1.1" 200 27
116.230.110.48 - - [25/Jul/2022:12:16:54 +0800] "GET /xingrg/all/function/internal_message.html?_=1658722613758&CODE_STATE=getMsg HTTP/1.1" 200 27
116.230.110.48 - - [25/Jul/2022:12:16:54 +0800] "GET /xingrg/check_reg.html?_=1658722613761 HTTP/1.1" 200 22
116.235.94.65 - - [25/Jul/2022:12:17:01 +0800] "GET /xingrg/all/function/internal_message.html?_=1658722806458&CODE_STATE=getMsg HTTP/1.1" 200 27
120.253.135.82 - - [25/Jul/2022:12:17:02 +0800] "GET /xingrg/all/function/internal_message.html?_=1658722430093&CODE_STATE=getMsg HTTP/1.1" 200 27
116.224.129.11 - - [25/Jul/2022:12:17:05 +0800] "GET /xingrg/all/function/internal_message.html?_=1658722509911&CODE_STATE=getMsg HTTP/1.1" 200 27
120.253.135.82 - - [25/Jul/2022:12:17:09 +0800] "GET /xingrg/all/function/internal_message.html?_=1658722437719&CODE_STATE=getMsg HTTP/1.1" 200 27
218.81.223.53 - - [25/Jul/2022:12:17:11 +0800] "GET /xingrg/all/function/internal_message.html?_=1658722633446&CODE_STATE=getMsg HTTP/1.1" 200 27
222.69.129.110 - - [25/Jul/2022:12:17:23 +0800] "GET /xingrg/all/function/internal_message.html?_=1658722696257&CODE_STATE=getMsg HTTP/1.1" 200 27
114.83.219.182 - - [25/Jul/2022:12:17:34 +0800] "GET /xingrg/all/function/internal_message.html?_=1658722652502&CODE_STATE=getMsg HTTP/1.1" 200 27
124.78.157.151 - - [25/Jul/2022:12:17:44 +0800] "GET /xingrg/all/function/internal_message.html?_=1658722666587&CODE_STATE=getMsg HTTP/1.1" 200 27
116.224.129.11 - - [25/Jul/2022:12:17:51 +0800] "GET /xingrg/all/function/internal_message.html?_=1658722669950&CODE_STATE=getMsg HTTP/1.1" 200 27
101.80.228.36 - - [25/Jul/2022:12:17:52 +0800] "GET /xingrg/all/function/internal_message.html?_=1658722670612&CODE_STATE=getMsg HTTP/1.1" 200 27
116.224.123.211 - - [25/Jul/2022:12:17:53 +0800] "GET /xingrg/all/function/internal_message.html?_=1658722673335&CODE_STATE=getMsg HTTP/1.1" 200 27
116.230.110.48 - - [25/Jul/2022:12:17:54 +0800] "GET /xingrg/all/function/internal_message.html?_=1658722673731&CODE_STATE=getMsg HTTP/1.1" 200 27
120.253.135.82 - - [25/Jul/2022:12:17:56 +0800] "POST /xingrg/kc/pszx/mdps_list_operate.html HTTP/1.1" 200 3172
120.253.135.82 - - [25/Jul/2022:12:17:57 +0800] "POST /xingrg/kc/pszx/mdps_list_operate.html HTTP/1.1" 200 202
120.253.135.82 - - [25/Jul/2022:12:17:59 +0800] "POST /xingrg/kc/pszx/mdps_list_operate.html HTTP/1.1" 200 373
116.235.94.65 - - [25/Jul/2022:12:18:01 +0800] "GET /xingrg/all/function/internal_message.html?_=1658722866471&CODE_STATE=getMsg HTTP/1.1" 200 27
120.253.135.82 - - [25/Jul/2022:12:18:02 +0800] "GET /xingrg/all/function/internal_message.html?_=1658722490103&CODE_STATE=getMsg HTTP/1.1" 200 27
120.253.135.82 - - [25/Jul/2022:12:18:03 +0800] "GET /xingrg/kc/pszx/mdps_order_info.html?code=312022072400404 HTTP/1.1" 200 23976
120.253.135.82 - - [25/Jul/2022:12:18:03 +0800] "POST /xingrg/kc/pszx/mdps_order_operate.html HTTP/1.1" 200 3304
120.253.135.82 - - [25/Jul/2022:12:18:03 +0800] "GET /xingrg/javascript/easyui/themes/default/validatebox.css HTTP/1.1" 404 1104
116.224.129.11 - - [25/Jul/2022:12:18:05 +0800] "GET /xingrg/all/function/internal_message.html?_=1658722569921&CODE_STATE=getMsg HTTP/1.1" 200 27
120.253.135.82 - - [25/Jul/2022:12:18:09 +0800] "GET /xingrg/all/function/internal_message.html?_=1658722497732&CODE_STATE=getMsg HTTP/1.1" 200 27
120.253.135.82 - - [25/Jul/2022:12:18:10 +0800] "POST /xingrg/kc/pszx/mdps_list_operate.html HTTP/1.1" 200 278
116.224.129.11 - - [25/Jul/2022:12:18:10 +0800] "POST /xingrg/kc/buy/cgsh_order_operate.html HTTP/1.1" 200 37
218.81.223.53 - - [25/Jul/2022:12:18:11 +0800] "GET /xingrg/all/function/internal_message.html?_=1658722693454&CODE_STATE=getMsg HTTP/1.1" 200 27
120.253.135.82 - - [25/Jul/2022:12:18:12 +0800] "GET /xingrg/kc/pszx/mdps_order_info.html?code=312022072500409 HTTP/1.1" 200 23978
120.253.135.82 - - [25/Jul/2022:12:18:12 +0800] "POST /xingrg/kc/pszx/mdps_order_operate.html HTTP/1.1" 200 2773
120.253.135.82 - - [25/Jul/2022:12:18:12 +0800] "GET /xingrg/javascript/easyui/themes/default/validatebox.css HTTP/1.1" 404 1104
116.224.129.11 - - [25/Jul/2022:12:18:12 +0800] "POST /xingrg/kc/buy/cgsh_order_operate.html HTTP/1.1" 200 3314
116.224.129.11 - - [25/Jul/2022:12:18:21 +0800] "POST /xingrg/kc/buy/cgsh_order_operate.html HTTP/1.1" 200 37
116.224.129.11 - - [25/Jul/2022:12:18:23 +0800] "POST /xingrg/kc/buy/cgsh_order_operate.html HTTP/1.1" 200 3314
222.69.129.110 - - [25/Jul/2022:12:18:23 +0800] "GET /xingrg/all/function/internal_message.html?_=1658722756258&CODE_STATE=getMsg HTTP/1.1" 200 27
116.224.129.11 - - [25/Jul/2022:12:18:25 +0800] "GET /xingrg/kc/print/load_data.html?order_code=212022072506573&kc_code=cgsh&condition= HTTP/1.1" 200 1024
114.83.219.182 - - [25/Jul/2022:12:18:34 +0800] "GET /xingrg/all/function/internal_message.html?_=1658722712481&CODE_STATE=getMsg HTTP/1.1" 200 27
120.253.135.82 - - [25/Jul/2022:12:18:36 +0800] "POST /xingrg/kc/pszx/mdps_order_operate.html HTTP/1.1" 200 37
120.253.135.82 - - [25/Jul/2022:12:18:36 +0800] "GET /xingrg/kc/pszx/mdps_order_info.html?code=312022072500409 HTTP/1.1" 200 23978
120.253.135.82 - - [25/Jul/2022:12:18:37 +0800] "GET /xingrg/javascript/easyui/themes/default/validatebox.css HTTP/1.1" 404 1104
120.253.135.82 - - [25/Jul/2022:12:18:37 +0800] "POST /xingrg/kc/pszx/mdps_order_operate.html HTTP/1.1" 200 2774
120.253.135.82 - - [25/Jul/2022:12:18:38 +0800] "POST /xingrg/kc/pszx/mdps_list_operate.html HTTP/1.1" 200 3172
120.253.135.82 - - [25/Jul/2022:12:18:40 +0800] "POST /xingrg/kc/pszx/mdps_list_operate.html HTTP/1.1" 200 296
120.253.135.82 - - [25/Jul/2022:12:18:43 +0800] "POST /xingrg/kc/pszx/mdps_list_operate.html HTTP/1.1" 200 276
124.78.157.151 - - [25/Jul/2022:12:18:44 +0800] "GET /xingrg/all/function/internal_message.html?_=1658722726571&CODE_STATE=getMsg HTTP/1.1" 200 27
120.253.135.82 - - [25/Jul/2022:12:18:45 +0800] "POST /xingrg/kc/pszx/mdps_list_operate.html HTTP/1.1" 200 202
120.253.135.82 - - [25/Jul/2022:12:18:46 +0800] "GET /xingrg/kc/pszx/mdps_order_info.html?code=312022072300396 HTTP/1.1" 200 23978
120.253.135.82 - - [25/Jul/2022:12:18:46 +0800] "POST /xingrg/kc/pszx/mdps_order_operate.html HTTP/1.1" 200 2284
120.253.135.82 - - [25/Jul/2022:12:18:46 +0800] "GET /xingrg/javascript/easyui/themes/default/validatebox.css HTTP/1.1" 404 1104
120.253.135.82 - - [25/Jul/2022:12:18:48 +0800] "GET /xingrg/kc/print/load_config.html?kc_code=mdps HTTP/1.1" 200 2390
120.253.135.82 - - [25/Jul/2022:12:18:48 +0800] "GET /xingrg/kc/print/load_data.html?order_code=312022072300396&kc_code=mdps&condition= HTTP/1.1" 200 670
116.224.129.11 - - [25/Jul/2022:12:18:51 +0800] "GET /xingrg/all/function/internal_message.html?_=1658722729926&CODE_STATE=getMsg HTTP/1.1" 200 27
101.80.228.36 - - [25/Jul/2022:12:18:52 +0800] "GET /xingrg/all/function/internal_message.html?_=1658722730582&CODE_STATE=getMsg HTTP/1.1" 200 27
116.224.123.211 - - [25/Jul/2022:12:18:53 +0800] "GET /xingrg/all/function/internal_message.html?_=1658722733346&CODE_STATE=getMsg HTTP/1.1" 200 27
116.230.110.48 - - [25/Jul/2022:12:18:54 +0800] "GET /xingrg/all/function/internal_message.html?_=1658722733739&CODE_STATE=getMsg HTTP/1.1" 200 27
120.253.135.82 - - [25/Jul/2022:12:18:55 +0800] "POST /xingrg/kc/pszx/mdps_list_operate.html HTTP/1.1" 200 3172
120.253.135.82 - - [25/Jul/2022:12:18:56 +0800] "POST /xingrg/kc/pszx/mdps_list_operate.html HTTP/1.1" 200 373
120.253.135.82 - - [25/Jul/2022:12:18:57 +0800] "GET /xingrg/kc/pszx/mdps_order_info.html?code=312022072400404 HTTP/1.1" 200 23976
120.253.135.82 - - [25/Jul/2022:12:18:57 +0800] "POST /xingrg/kc/pszx/mdps_order_operate.html HTTP/1.1" 200 3304
120.253.135.82 - - [25/Jul/2022:12:18:57 +0800] "GET /xingrg/javascript/easyui/themes/default/validatebox.css HTTP/1.1" 404 1104
120.253.135.82 - - [25/Jul/2022:12:19:00 +0800] "GET /xingrg/kc/print/load_data.html?order_code=312022072400404&kc_code=mdps&condition= HTTP/1.1" 200 1155
116.235.94.65 - - [25/Jul/2022:12:19:01 +0800] "GET /xingrg/all/function/internal_message.html?_=1658722926465&CODE_STATE=getMsg HTTP/1.1" 200 27
120.253.135.82 - - [25/Jul/2022:12:19:01 +0800] "GET /xingrg/check_reg.html?_=1658722549869 HTTP/1.1" 200 22
120.253.135.82 - - [25/Jul/2022:12:19:02 +0800] "GET /xingrg/all/function/internal_message.html?_=1658722550117&CODE_STATE=getMsg HTTP/1.1" 200 27
116.224.129.11 - - [25/Jul/2022:12:19:05 +0800] "GET /xingrg/check_reg.html?_=1658722629904 HTTP/1.1" 200 22
116.224.129.11 - - [25/Jul/2022:12:19:05 +0800] "GET /xingrg/all/function/internal_message.html?_=1658722629908&CODE_STATE=getMsg HTTP/1.1" 200 27
120.253.135.82 - - [25/Jul/2022:12:19:07 +0800] "POST /xingrg/kc/pszx/mdps_list_operate.html HTTP/1.1" 200 3172
120.253.135.82 - - [25/Jul/2022:12:19:08 +0800] "GET /xingrg/check_reg.html?_=1658722556171 HTTP/1.1" 200 22
120.253.135.82 - - [25/Jul/2022:12:19:08 +0800] "POST /xingrg/kc/pszx/mdps_list_operate.html HTTP/1.1" 200 279
120.253.135.82 - - [25/Jul/2022:12:19:09 +0800] "GET /xingrg/kc/pszx/mdps_order_info.html?code=312022072500409 HTTP/1.1" 200 23978
