218.81.223.53 - - [25/Jul/2022:10:44:11 +0800] "POST /xingrg/services/DataTransmitService HTTP/1.1" 200 524
218.81.223.53 - - [25/Jul/2022:10:44:13 +0800] "POST /xingrg/services/DataTransmitService HTTP/1.1" 200 501
218.81.223.53 - - [25/Jul/2022:10:44:14 +0800] "POST /xingrg/services/DataTransmitService HTTP/1.1" 200 524
218.81.223.53 - - [25/Jul/2022:10:44:15 +0800] "POST /xingrg/services/DataTransmitService HTTP/1.1" 200 412
116.224.255.128 - - [25/Jul/2022:10:44:15 +0800] "GET /xingrg/all/function/internal_message.html?_=1658717055956&CODE_STATE=getMsg HTTP/1.1" 200 27
101.80.228.36 - - [25/Jul/2022:10:44:16 +0800] "GET /xingrg/check_reg.html?_=1658717055108 HTTP/1.1" 200 22
218.81.223.53 - - [25/Jul/2022:10:44:17 +0800] "POST /xingrg/services/DataTransmitService HTTP/1.1" 200 524
218.81.223.53 - - [25/Jul/2022:10:44:18 +0800] "POST /xingrg/services/DataTransmitService HTTP/1.1" 200 412
218.81.223.53 - - [25/Jul/2022:10:44:19 +0800] "POST /xingrg/services/DataTransmitService HTTP/1.1" 200 524
116.224.129.11 - - [25/Jul/2022:10:44:20 +0800] "GET /xingrg/check_reg.html?_=1658717059446 HTTP/1.1" 200 22
218.81.223.53 - - [25/Jul/2022:10:44:20 +0800] "POST /xingrg/services/DataTransmitService HTTP/1.1" 200 412
218.81.223.53 - - [25/Jul/2022:10:44:21 +0800] "POST /xingrg/services/DataTransmitService HTTP/1.1" 200 524
218.81.223.53 - - [25/Jul/2022:10:44:22 +0800] "POST /xingrg/services/DataTransmitService HTTP/1.1" 200 412
222.69.129.110 - - [25/Jul/2022:10:44:23 +0800] "GET /xingrg/all/function/internal_message.html?_=1658717116251&CODE_STATE=getMsg HTTP/1.1" 200 27
222.69.129.110 - - [25/Jul/2022:10:44:23 +0800] "GET /xingrg/check_reg.html?_=1658717116253 HTTP/1.1" 200 22
114.86.187.244 - - [25/Jul/2022:10:44:25 +0800] "GET /xingrg/all/function/internal_message.html?_=1658717066289&CODE_STATE=getMsg HTTP/1.1" 200 27
218.81.223.53 - - [25/Jul/2022:10:44:28 +0800] "POST /xingrg/services/DataTransmitService HTTP/1.1" 200 524
218.81.223.53 - - [25/Jul/2022:10:44:28 +0800] "POST /xingrg/services/DataTransmitService HTTP/1.1" 200 412
218.81.223.53 - - [25/Jul/2022:10:44:29 +0800] "POST /xingrg/services/DataTransmitService HTTP/1.1" 200 524
218.81.223.53 - - [25/Jul/2022:10:44:30 +0800] "POST /xingrg/services/DataTransmitService HTTP/1.1" 200 412
218.81.223.53 - - [25/Jul/2022:10:44:30 +0800] "POST /xingrg/services/DataTransmitService HTTP/1.1" 200 524
218.81.223.53 - - [25/Jul/2022:10:44:31 +0800] "POST /xingrg/services/DataTransmitService HTTP/1.1" 200 412
218.81.223.53 - - [25/Jul/2022:10:44:34 +0800] "GET /xingrg/check_reg.html?_=1658717075499 HTTP/1.1" 200 22
114.83.219.182 - - [25/Jul/2022:10:44:35 +0800] "GET /xingrg/all/function/internal_message.html?_=1658717073275&CODE_STATE=getMsg HTTP/1.1" 200 27
124.78.157.151 - - [25/Jul/2022:10:44:46 +0800] "GET /xingrg/all/function/internal_message.html?_=1658717088795&CODE_STATE=getMsg HTTP/1.1" 200 27
124.78.157.151 - - [25/Jul/2022:10:44:47 +0800] "GET /xingrg/check_reg.html?_=1658717089583 HTTP/1.1" 200 22
116.224.129.11 - - [25/Jul/2022:10:44:53 +0800] "GET /xingrg/all/function/internal_message.html?_=1658717091984&CODE_STATE=getMsg HTTP/1.1" 200 27
116.230.110.48 - - [25/Jul/2022:10:44:54 +0800] "GET /xingrg/all/function/internal_message.html?_=1658717093754&CODE_STATE=getMsg HTTP/1.1" 200 27
58.40.7.146 - - [25/Jul/2022:10:44:54 +0800] "GET /xingrg/all/function/internal_message.html?_=1658717120909&CODE_STATE=getMsg HTTP/1.1" 200 27
101.80.228.36 - - [25/Jul/2022:10:44:54 +0800] "GET /xingrg/all/function/internal_message.html?_=1658717092688&CODE_STATE=getMsg HTTP/1.1" 200 27
218.81.223.53 - - [25/Jul/2022:10:44:56 +0800] "GET /xingrg/kc/buy/cgsh_order_operate.html?command=get_materiel&rest_code=00146&code=00101008213&supplier_code=00100005&order_time=2022-07-25 HTTP/1.1" 200 428
218.81.223.53 - - [25/Jul/2022:10:44:56 +0800] "GET /xingrg/all/function/internal_message.html?_=1658717098152&CODE_STATE=getMsg HTTP/1.1" 200 27
116.235.94.65 - - [25/Jul/2022:10:45:01 +0800] "POST /xingrg/login.do HTTP/1.1" 302 -
116.235.94.65 - - [25/Jul/2022:10:45:01 +0800] "GET /xingrg/index.html?sysBaseUrl=http%3A%2F%2F180.169.147.146%3A18081%2Fxingrg%2F&costTime=39×tamp=1658717101241 HTTP/1.1" 200 17179
116.235.94.65 - - [25/Jul/2022:10:45:01 +0800] "GET /favicon.ico HTTP/1.1" 404 -
116.235.94.65 - - [25/Jul/2022:10:45:01 +0800] "POST /xingrg/all/common/load_tree.html?tree=area_rest_tree_json&manage=1 HTTP/1.1" 200 351
116.235.94.65 - - [25/Jul/2022:10:45:01 +0800] "GET /xingrg/all/function/internal_message.html?_=1658717286318&CODE_STATE=count HTTP/1.1" 200 11
116.235.94.65 - - [25/Jul/2022:10:45:01 +0800] "POST /xingrg/load_menu.html HTTP/1.1" 200 5138
116.235.94.65 - - [25/Jul/2022:10:45:01 +0800] "GET /xingrg/check_reg.html?_=1658717286319 HTTP/1.1" 200 22
120.253.135.82 - - [25/Jul/2022:10:45:02 +0800] "GET /xingrg/all/function/internal_message.html?_=1658716910656&CODE_STATE=getMsg HTTP/1.1" 200 27
116.224.129.11 - - [25/Jul/2022:10:45:05 +0800] "GET /xingrg/all/function/internal_message.html?_=1658716989819&CODE_STATE=getMsg HTTP/1.1" 200 27
58.221.95.50 - - [25/Jul/2022:10:45:09 +0800] "GET /xingrg/all/function/internal_message.html?_=1658717111288&CODE_STATE=getMsg HTTP/1.1" 200 27
218.81.223.53 - - [25/Jul/2022:10:45:11 +0800] "GET /xingrg/kc/buy/cgsh_order_operate.html?command=get_materiel&rest_code=00146&code=00101008331&supplier_code=00100005&order_time=2022-07-25 HTTP/1.1" 200 416
116.224.255.128 - - [25/Jul/2022:10:45:15 +0800] "GET /xingrg/all/function/internal_message.html?_=1658717115956&CODE_STATE=getMsg HTTP/1.1" 200 27
116.235.94.65 - - [25/Jul/2022:10:45:22 +0800] "GET /xingrg/kc/buy/cgsh_order_list.html HTTP/1.1" 200 52168
116.235.94.65 - - [25/Jul/2022:10:45:23 +0800] "POST /xingrg/kc/buy/cgsh_list_operate.html HTTP/1.1" 200 693
222.69.129.110 - - [25/Jul/2022:10:45:23 +0800] "GET /xingrg/all/function/internal_message.html?_=1658717176305&CODE_STATE=getMsg HTTP/1.1" 200 27
114.86.187.244 - - [25/Jul/2022:10:45:25 +0800] "GET /xingrg/all/function/internal_message.html?_=1658717126274&CODE_STATE=getMsg HTTP/1.1" 200 27
218.81.223.53 - - [25/Jul/2022:10:45:26 +0800] "GET /xingrg/kc/buy/cgsh_order_operate.html?command=get_materiel&rest_code=00146&code=00101008350&supplier_code=00100005&order_time=2022-07-25 HTTP/1.1" 200 425
116.224.129.11 - - [25/Jul/2022:10:45:33 +0800] "POST /xingrg/services/DataTransmitService HTTP/1.1" 200 524
114.83.219.182 - - [25/Jul/2022:10:45:35 +0800] "GET /xingrg/check_reg.html?_=1658717133282 HTTP/1.1" 200 22
114.83.219.182 - - [25/Jul/2022:10:45:35 +0800] "GET /xingrg/all/function/internal_message.html?_=1658717133283&CODE_STATE=getMsg HTTP/1.1" 200 27
218.81.223.53 - - [25/Jul/2022:10:45:36 +0800] "POST /xingrg/services/DataTransmitService HTTP/1.1" 200 524
218.81.223.53 - - [25/Jul/2022:10:45:36 +0800] "POST /xingrg/services/DataTransmitService HTTP/1.1" 200 501
218.81.223.53 - - [25/Jul/2022:10:45:38 +0800] "POST /xingrg/services/DataTransmitService HTTP/1.1" 200 524
218.81.223.53 - - [25/Jul/2022:10:45:40 +0800] "GET /xingrg/kc/buy/cgsh_order_operate.html?command=get_materiel&rest_code=00146&code=00101008402&supplier_code=00100005&order_time=2022-07-25 HTTP/1.1" 200 410
218.81.223.53 - - [25/Jul/2022:10:45:43 +0800] "POST /xingrg/kc/buy/cgsh_order_operate.html HTTP/1.1" 200 2065
124.78.157.151 - - [25/Jul/2022:10:45:46 +0800] "GET /xingrg/all/function/internal_message.html?_=1658717148772&CODE_STATE=getMsg HTTP/1.1" 200 27
116.224.129.11 - - [25/Jul/2022:10:45:53 +0800] "GET /xingrg/all/function/internal_message.html?_=1658717151955&CODE_STATE=getMsg HTTP/1.1" 200 27
116.230.110.48 - - [25/Jul/2022:10:45:54 +0800] "GET /xingrg/all/function/internal_message.html?_=1658717153745&CODE_STATE=getMsg HTTP/1.1" 200 27
58.40.7.146 - - [25/Jul/2022:10:45:54 +0800] "GET /xingrg/all/function/internal_message.html?_=1658717180912&CODE_STATE=getMsg HTTP/1.1" 200 27
101.80.228.36 - - [25/Jul/2022:10:45:54 +0800] "GET /xingrg/all/function/internal_message.html?_=1658717152658&CODE_STATE=getMsg HTTP/1.1" 200 27
218.81.223.53 - - [25/Jul/2022:10:45:56 +0800] "GET /xingrg/all/function/internal_message.html?_=1658717158164&CODE_STATE=getMsg HTTP/1.1" 200 27
218.81.223.53 - - [25/Jul/2022:10:45:59 +0800] "GET /xingrg/kc/buy/cgsh_order_operate.html?command=get_materiel&rest_code=00146&code=00101009015&supplier_code=00100005&order_time=2022-07-25 HTTP/1.1" 200 416
116.235.94.65 - - [25/Jul/2022:10:46:01 +0800] "GET /xingrg/all/function/internal_message.html?_=1658717346324&CODE_STATE=getMsg HTTP/1.1" 200 27
120.253.135.82 - - [25/Jul/2022:10:46:02 +0800] "GET /xingrg/all/function/internal_message.html?_=1658716970663&CODE_STATE=getMsg HTTP/1.1" 200 27
116.224.129.11 - - [25/Jul/2022:10:46:05 +0800] "GET /xingrg/all/function/internal_message.html?_=1658717049820&CODE_STATE=getMsg HTTP/1.1" 200 27
58.221.95.50 - - [25/Jul/2022:10:46:09 +0800] "GET /xingrg/check_reg.html?_=1658717171314 HTTP/1.1" 200 22
58.221.95.50 - - [25/Jul/2022:10:46:09 +0800] "GET /xingrg/all/function/internal_message.html?_=1658717171316&CODE_STATE=getMsg HTTP/1.1" 200 27
218.81.223.53 - - [25/Jul/2022:10:46:11 +0800] "GET /xingrg/kc/buy/cgsh_order_operate.html?command=get_materiel&rest_code=00146&code=00101008286&supplier_code=00100005&order_time=2022-07-25 HTTP/1.1" 200 408
116.224.255.128 - - [25/Jul/2022:10:46:15 +0800] "GET /xingrg/all/function/internal_message.html?_=1658717175956&CODE_STATE=getMsg HTTP/1.1" 200 27
222.69.129.110 - - [25/Jul/2022:10:46:23 +0800] "GET /xingrg/all/function/internal_message.html?_=1658717236267&CODE_STATE=getMsg HTTP/1.1" 200 27
114.83.219.182 - - [25/Jul/2022:10:46:23 +0800] "POST /xingrg/services/DataTransmitService HTTP/1.1" 200 524
114.86.187.244 - - [25/Jul/2022:10:46:25 +0800] "GET /xingrg/all/function/internal_message.html?_=1658717186244&CODE_STATE=getMsg HTTP/1.1" 200 27
218.81.223.53 - - [25/Jul/2022:10:46:26 +0800] "GET /xingrg/kc/buy/cgsh_order_operate.html?command=get_materiel&rest_code=00146&code=00101008036&supplier_code=00100005&order_time=2022-07-25 HTTP/1.1" 200 408
114.83.219.182 - - [25/Jul/2022:10:46:35 +0800] "GET /xingrg/all/function/internal_message.html?_=1658717193282&CODE_STATE=getMsg HTTP/1.1" 200 27
124.78.157.151 - - [25/Jul/2022:10:46:36 +0800] "POST /xingrg/kc/buy/cgsh_list_operate.html HTTP/1.1" 200 2709
218.81.223.53 - - [25/Jul/2022:10:46:39 +0800] "POST /xingrg/kc/buy/cgsh_order_operate.html HTTP/1.1" 200 37
218.81.223.53 - - [25/Jul/2022:10:46:40 +0800] "POST /xingrg/kc/buy/cgsh_order_operate.html HTTP/1.1" 200 20994
124.78.157.151 - - [25/Jul/2022:10:46:41 +0800] "GET /xingrg/kc/buy/cgsh_order_add.html HTTP/1.1" 200 67938
124.78.157.151 - - [25/Jul/2022:10:46:41 +0800] "POST /xingrg/kc/buy/cgsh_order_operate.html HTTP/1.1" 200 8245
124.78.157.151 - - [25/Jul/2022:10:46:41 +0800] "GET /xingrg/javascript/easyui/themes/default/validatebox.css HTTP/1.1" 404 1104
116.235.94.65 - - [25/Jul/2022:10:46:42 +0800] "GET /xingrg/kc/base/wldb_order_list.html HTTP/1.1" 200 19148
116.235.94.65 - - [25/Jul/2022:10:46:42 +0800] "POST /xingrg/kc/base/wldb_list_operate.html HTTP/1.1" 200 928
124.78.157.151 - - [25/Jul/2022:10:46:43 +0800] "GET /xingrg/javascript/easyui/themes/default/tree.css HTTP/1.1" 404 1090
124.78.157.151 - - [25/Jul/2022:10:46:43 +0800] "POST /xingrg/all/common/load_tree.html?tree=supplier_tree_json&isDelete=1 HTTP/1.1" 200 66956
218.81.223.53 - - [25/Jul/2022:10:46:44 +0800] "GET /xingrg/kc/print/load_config.html?kc_code=cgsh HTTP/1.1" 200 1943
218.81.223.53 - - [25/Jul/2022:10:46:44 +0800] "GET /xingrg/kc/print/load_data.html?order_code=212022072506540&kc_code=cgsh&condition= HTTP/1.1" 200 7645
124.78.157.151 - - [25/Jul/2022:10:46:46 +0800] "GET /xingrg/all/function/internal_message.html?_=1658717208772&CODE_STATE=getMsg HTTP/1.1" 200 27
116.235.94.65 - - [25/Jul/2022:10:46:47 +0800] "POST /xingrg/kc/base/wldb_list_operate.html HTTP/1.1" 200 928
116.235.94.65 - - [25/Jul/2022:10:46:52 +0800] "POST /xingrg/kc/base/wldb_list_operate.html HTTP/1.1" 200 6217
116.224.129.11 - - [25/Jul/2022:10:46:53 +0800] "GET /xingrg/all/function/internal_message.html?_=1658717211935&CODE_STATE=getMsg HTTP/1.1" 200 27
116.230.110.48 - - [25/Jul/2022:10:46:54 +0800] "GET /xingrg/check_reg.html?_=1658717213737 HTTP/1.1" 200 22
116.230.110.48 - - [25/Jul/2022:10:46:54 +0800] "GET /xingrg/all/function/internal_message.html?_=1658717213738&CODE_STATE=getMsg HTTP/1.1" 200 27
58.40.7.146 - - [25/Jul/2022:10:46:54 +0800] "GET /xingrg/all/function/internal_message.html?_=1658717240913&CODE_STATE=getMsg HTTP/1.1" 200 27
58.40.7.146 - - [25/Jul/2022:10:46:54 +0800] "GET /xingrg/check_reg.html?_=1658717240914 HTTP/1.1" 200 22
218.81.223.53 - - [25/Jul/2022:10:46:56 +0800] "GET /xingrg/all/function/internal_message.html?_=1658717218178&CODE_STATE=getMsg HTTP/1.1" 200 27
101.80.228.36 - - [25/Jul/2022:10:46:57 +0800] "GET /xingrg/all/function/internal_message.html?_=1658717212629&CODE_STATE=getMsg HTTP/1.1" 200 27
218.81.223.53 - - [25/Jul/2022:10:46:57 +0800] "POST /xingrg/services/DataTransmitService HTTP/1.1" 200 501
218.81.223.53 - - [25/Jul/2022:10:46:58 +0800] "POST /xingrg/services/DataTransmitService HTTP/1.1" 200 501
116.235.94.65 - - [25/Jul/2022:10:46:58 +0800] "POST /xingrg/kc/base/wldb_list_operate.html HTTP/1.1" 200 233
218.81.223.53 - - [25/Jul/2022:10:47:00 +0800] "POST /xingrg/services/DataTransmitService HTTP/1.1" 200 501
120.253.135.82 - - [25/Jul/2022:10:47:00 +0800] "GET /xingrg/check_reg.html?_=1658717029153 HTTP/1.1" 200 22
116.235.94.65 - - [25/Jul/2022:10:47:01 +0800] "GET /xingrg/all/function/internal_message.html?_=1658717406321&CODE_STATE=getMsg HTTP/1.1" 200 27
120.253.135.82 - - [25/Jul/2022:10:47:02 +0800] "GET /xingrg/all/function/internal_message.html?_=1658717030678&CODE_STATE=getMsg HTTP/1.1" 200 27
116.235.94.65 - - [25/Jul/2022:10:47:02 +0800] "GET /xingrg/kc/base/yddb_order_list.html HTTP/1.1" 200 16754
116.235.94.65 - - [25/Jul/2022:10:47:03 +0800] "POST /xingrg/kc/base/yddb_list_operate.html HTTP/1.1" 200 1336
218.81.223.53 - - [25/Jul/2022:10:47:03 +0800] "POST /xingrg/services/DataTransmitService HTTP/1.1" 200 501
218.81.223.53 - - [25/Jul/2022:10:47:04 +0800] "POST /xingrg/services/DataTransmitService HTTP/1.1" 200 501
218.81.223.53 - - [25/Jul/2022:10:47:04 +0800] "POST /xingrg/services/DataTransmitService HTTP/1.1" 200 501
116.224.129.11 - - [25/Jul/2022:10:47:05 +0800] "GET /xingrg/all/function/internal_message.html?_=1658717109806&CODE_STATE=getMsg HTTP/1.1" 200 27
218.81.223.53 - - [25/Jul/2022:10:47:05 +0800] "POST /xingrg/services/DataTransmitService HTTP/1.1" 200 501
218.81.223.53 - - [25/Jul/2022:10:47:06 +0800] "POST /xingrg/services/DataTransmitService HTTP/1.1" 200 501
218.81.223.53 - - [25/Jul/2022:10:47:06 +0800] "POST /xingrg/services/DataTransmitService HTTP/1.1" 200 501
218.81.223.53 - - [25/Jul/2022:10:47:08 +0800] "POST /xingrg/services/DataTransmitService HTTP/1.1" 200 412
116.235.94.65 - - [25/Jul/2022:10:47:09 +0800] "POST /xingrg/kc/base/yddb_list_operate.html HTTP/1.1" 200 -
58.221.95.50 - - [25/Jul/2022:10:47:09 +0800] "GET /xingrg/all/function/internal_message.html?_=1658717231315&CODE_STATE=getMsg HTTP/1.1" 200 27
116.235.94.65 - - [25/Jul/2022:10:47:10 +0800] "GET /xingrg/kc/base/yddb_order_info.html?code=482022072300117 HTTP/1.1" 200 31444
116.235.94.65 - - [25/Jul/2022:10:47:10 +0800] "GET /xingrg/dwr/util.js HTTP/1.1" 304 -
116.235.94.65 - - [25/Jul/2022:10:47:10 +0800] "GET /xingrg/dwr/interface/AjaxComOrderService.js HTTP/1.1" 200 18264
116.235.94.65 - - [25/Jul/2022:10:47:10 +0800] "GET /xingrg/dwr/interface/AjaxYddbService.js HTTP/1.1" 200 13201
116.235.94.65 - - [25/Jul/2022:10:47:10 +0800] "GET /xingrg/dwr/engine.js HTTP/1.1" 200 43631
116.235.94.65 - - [25/Jul/2022:10:47:10 +0800] "POST /xingrg/dwr/call/plaincall/AjaxYddbService.loadMaterielItems.dwr HTTP/1.1" 200 76
116.224.255.128 - - [25/Jul/2022:10:47:15 +0800] "GET /xingrg/all/function/internal_message.html?_=1658717235958&CODE_STATE=getMsg HTTP/1.1" 200 27
116.235.94.65 - - [25/Jul/2022:10:47:21 +0800] "GET /xingrg/kc/base/yddb_order_list.html?isBack=1 HTTP/1.1" 200 16754
116.235.94.65 - - [25/Jul/2022:10:47:21 +0800] "POST /xingrg/kc/base/yddb_list_operate.html HTTP/1.1" 200 1336
222.69.129.110 - - [25/Jul/2022:10:47:23 +0800] "GET /xingrg/all/function/internal_message.html?_=1658717296262&CODE_STATE=getMsg HTTP/1.1" 200 27
114.86.187.244 - - [25/Jul/2022:10:47:25 +0800] "GET /xingrg/all/function/internal_message.html?_=1658717246514&CODE_STATE=getMsg HTTP/1.1" 200 27
116.235.94.65 - - [25/Jul/2022:10:47:25 +0800] "POST /xingrg/kc/base/yddb_list_operate.html HTTP/1.1" 200 4355
114.86.187.244 - - [25/Jul/2022:10:47:29 +0800] "GET /xingrg/kc/report/report_main.html HTTP/1.1" 200 7340
114.86.187.244 - - [25/Jul/2022:10:47:30 +0800] "GET /xingrg/all/report/report_query.html?fileName=kc/buy/wlcg_mx.xml HTTP/1.1" 200 51648
114.86.187.244 - - [25/Jul/2022:10:47:30 +0800] "GET /xingrg/dwr/interface/AjaxReportQueryService.js HTTP/1.1" 200 13203
114.86.187.244 - - [25/Jul/2022:10:47:30 +0800] "GET /xingrg/dwr/engine.js HTTP/1.1" 200 43631
114.86.187.244 - - [25/Jul/2022:10:47:31 +0800] "POST /xingrg/dwr/call/plaincall/AjaxReportQueryService.getFixDate.dwr HTTP/1.1" 200 111
114.86.187.244 - - [25/Jul/2022:10:47:31 +0800] "POST /xingrg/dwr/call/plaincall/AjaxReportQueryService.getInitString.dwr HTTP/1.1" 200 31025
114.86.187.244 - - [25/Jul/2022:10:47:33 +0800] "POST /xingrg/dwr/call/plaincall/AjaxReportQueryService.getInitString.dwr HTTP/1.1" 200 1023
114.86.187.244 - - [25/Jul/2022:10:47:33 +0800] "POST /xingrg/dwr/call/plaincall/AjaxReportQueryService.getInitString.dwr HTTP/1.1" 200 125
116.235.94.65 - - [25/Jul/2022:10:47:34 +0800] "POST /xingrg/kc/base/yddb_list_operate.html HTTP/1.1" 200 208
114.83.219.182 - - [25/Jul/2022:10:47:35 +0800] "GET /xingrg/all/function/internal_message.html?_=1658717253285&CODE_STATE=getMsg HTTP/1.1" 200 27
116.235.94.65 - - [25/Jul/2022:10:47:36 +0800] "POST /xingrg/kc/base/yddb_list_operate.html HTTP/1.1" 200 -
116.235.94.65 - - [25/Jul/2022:10:47:37 +0800] "POST /xingrg/kc/base/yddb_list_operate.html HTTP/1.1" 200 -
116.235.94.65 - - [25/Jul/2022:10:47:38 +0800] "POST /xingrg/kc/base/yddb_list_operate.html HTTP/1.1" 200 199
116.235.94.65 - - [25/Jul/2022:10:47:41 +0800] "POST /xingrg/kc/base/yddb_list_operate.html HTTP/1.1" 200 -
116.235.94.65 - - [25/Jul/2022:10:47:42 +0800] "POST /xingrg/kc/base/yddb_list_operate.html HTTP/1.1" 200 -
116.235.94.65 - - [25/Jul/2022:10:47:42 +0800] "GET /xingrg/kc/base/yddb_order_info.html?code=482022072300117 HTTP/1.1" 200 31444
116.235.94.65 - - [25/Jul/2022:10:47:42 +0800] "GET /xingrg/dwr/interface/AjaxYddbService.js HTTP/1.1" 200 13201
116.235.94.65 - - [25/Jul/2022:10:47:42 +0800] "GET /xingrg/dwr/interface/AjaxComOrderService.js HTTP/1.1" 200 18264
116.235.94.65 - - [25/Jul/2022:10:47:42 +0800] "GET /xingrg/dwr/engine.js HTTP/1.1" 200 43631
116.235.94.65 - - [25/Jul/2022:10:47:42 +0800] "POST /xingrg/dwr/call/plaincall/AjaxYddbService.loadMaterielItems.dwr HTTP/1.1" 200 76
124.78.157.151 - - [25/Jul/2022:10:47:46 +0800] "GET /xingrg/all/function/internal_message.html?_=1658717268742&CODE_STATE=getMsg HTTP/1.1" 200 27
116.235.94.65 - - [25/Jul/2022:10:47:46 +0800] "POST /xingrg/dwr/call/plaincall/AjaxYddbService.deleteOrder.dwr HTTP/1.1" 200 78
116.235.94.65 - - [25/Jul/2022:10:47:48 +0800] "GET /xingrg/kc/base/yddb_order_list.html HTTP/1.1" 200 16754
116.235.94.65 - - [25/Jul/2022:10:47:48 +0800] "POST /xingrg/kc/base/yddb_list_operate.html HTTP/1.1" 200 636
116.235.94.65 - - [25/Jul/2022:10:47:52 +0800] "POST /xingrg/kc/base/yddb_list_operate.html HTTP/1.1" 200 4364
116.224.129.11 - - [25/Jul/2022:10:47:53 +0800] "GET /xingrg/all/function/internal_message.html?_=1658717271903&CODE_STATE=getMsg HTTP/1.1" 200 27
116.235.94.65 - - [25/Jul/2022:10:47:53 +0800] "POST /xingrg/kc/base/yddb_list_operate.html HTTP/1.1" 200 199
116.230.110.48 - - [25/Jul/2022:10:47:54 +0800] "GET /xingrg/all/function/internal_message.html?_=1658717273741&CODE_STATE=getMsg HTTP/1.1" 200 27
101.80.228.36 - - [25/Jul/2022:10:47:54 +0800] "GET /xingrg/all/function/internal_message.html?_=1658717272598&CODE_STATE=getMsg HTTP/1.1" 200 27
58.40.7.146 - - [25/Jul/2022:10:47:54 +0800] "GET /xingrg/all/function/internal_message.html?_=1658717300916&CODE_STATE=getMsg HTTP/1.1" 200 27
114.86.187.244 - - [25/Jul/2022:10:47:54 +0800] "POST /xingrg/dwr/call/plaincall/AjaxReportQueryService.refreshCache.dwr HTTP/1.1" 200 78
218.81.223.53 - - [25/Jul/2022:10:47:57 +0800] "GET /xingrg/all/function/internal_message.html?_=1658717278627&CODE_STATE=getMsg HTTP/1.1" 200 27
114.86.187.244 - - [25/Jul/2022:10:47:59 +0800] "POST /xingrg/all/report/load_report_page.html HTTP/1.1" 200 53281
114.86.187.244 - - [25/Jul/2022:10:47:59 +0800] "GET /xingrg/servlets/image?cache=0.6509181016701351&image=px HTTP/1.1" 200 807
116.235.94.65 - - [25/Jul/2022:10:48:00 +0800] "POST /xingrg/kc/base/yddb_list_operate.html HTTP/1.1" 200 208
116.235.94.65 - - [25/Jul/2022:10:48:01 +0800] "GET /xingrg/all/function/internal_message.html?_=1658717466350&CODE_STATE=getMsg HTTP/1.1" 200 27
116.235.94.65 - - [25/Jul/2022:10:48:02 +0800] "POST /xingrg/kc/base/yddb_list_operate.html HTTP/1.1" 200 202
120.253.135.82 - - [25/Jul/2022:10:48:02 +0800] "GET /xingrg/all/function/internal_message.html?_=1658717090690&CODE_STATE=getMsg HTTP/1.1" 200 27
116.235.94.65 - - [25/Jul/2022:10:48:05 +0800] "GET /xingrg/kc/base/yddb_order_info.html?code=482022072500137 HTTP/1.1" 200 31601
116.235.94.65 - - [25/Jul/2022:10:48:05 +0800] "GET /xingrg/dwr/interface/AjaxComOrderService.js HTTP/1.1" 200 18264
116.235.94.65 - - [25/Jul/2022:10:48:05 +0800] "GET /xingrg/dwr/interface/AjaxYddbService.js HTTP/1.1" 200 13201
116.235.94.65 - - [25/Jul/2022:10:48:05 +0800] "GET /xingrg/dwr/engine.js HTTP/1.1" 200 43631
116.235.94.65 - - [25/Jul/2022:10:48:05 +0800] "POST /xingrg/dwr/call/plaincall/AjaxYddbService.loadMaterielItems.dwr HTTP/1.1" 200 391
116.224.129.11 - - [25/Jul/2022:10:48:05 +0800] "GET /xingrg/all/function/internal_message.html?_=1658717169811&CODE_STATE=getMsg HTTP/1.1" 200 27
58.221.95.50 - - [25/Jul/2022:10:48:09 +0800] "GET /xingrg/all/function/internal_message.html?_=1658717291317&CODE_STATE=getMsg HTTP/1.1" 200 27
116.235.94.65 - - [25/Jul/2022:10:48:11 +0800] "POST /xingrg/dwr/call/plaincall/AjaxYddbService.saveOrder.dwr HTTP/1.1" 200 78
116.224.255.128 - - [25/Jul/2022:10:48:15 +0800] "GET /xingrg/check_reg.html?_=1658717295959 HTTP/1.1" 200 22
116.224.255.128 - - [25/Jul/2022:10:48:15 +0800] "GET /xingrg/all/function/internal_message.html?_=1658717295962&CODE_STATE=getMsg HTTP/1.1" 200 27
116.235.94.65 - - [25/Jul/2022:10:48:18 +0800] "POST /xingrg/dwr/call/plaincall/AjaxYddbService.objCheckOrder.dwr HTTP/1.1" 200 78
116.235.94.65 - - [25/Jul/2022:10:48:19 +0800] "GET /xingrg/kc/base/yddb_order_info.html?code=482022072500137 HTTP/1.1" 200 31722
116.235.94.65 - - [25/Jul/2022:10:48:19 +0800] "GET /xingrg/dwr/interface/AjaxYddbService.js HTTP/1.1" 200 13201
116.235.94.65 - - [25/Jul/2022:10:48:19 +0800] "GET /xingrg/dwr/interface/AjaxComOrderService.js HTTP/1.1" 200 18264
116.235.94.65 - - [25/Jul/2022:10:48:19 +0800] "GET /xingrg/dwr/engine.js HTTP/1.1" 200 43631
116.235.94.65 - - [25/Jul/2022:10:48:19 +0800] "POST /xingrg/dwr/call/plaincall/AjaxYddbService.loadMaterielItems.dwr HTTP/1.1" 200 391
116.235.94.65 - - [25/Jul/2022:10:48:21 +0800] "GET /xingrg/kc/base/yddb_order_report.html?fileType=servlets/html&code=482022072500137&reportName=ck_order_report&subName=yddb HTTP/1.1" 302 -
116.235.94.65 - - [25/Jul/2022:10:48:21 +0800] "GET /xingrg/servlets/html?sysBaseUrl=http%3A%2F%2F180.169.147.146%3A18081%2Fxingrg%2F&costTime=59×tamp=1658717301572 HTTP/1.1" 200 14766
116.235.94.65 - - [25/Jul/2022:10:48:21 +0800] "GET /xingrg/servlets/image?image=px HTTP/1.1" 200 807
116.235.94.65 - - [25/Jul/2022:10:48:21 +0800] "GET /favicon.ico HTTP/1.1" 404 -
222.69.129.110 - - [25/Jul/2022:10:48:23 +0800] "GET /xingrg/all/function/internal_message.html?_=1658717356259&CODE_STATE=getMsg HTTP/1.1" 200 27
114.86.187.244 - - [25/Jul/2022:10:48:25 +0800] "GET /xingrg/all/function/internal_message.html?_=1658717306507&CODE_STATE=getMsg HTTP/1.1" 200 27
114.83.219.182 - - [25/Jul/2022:10:48:35 +0800] "GET /xingrg/all/function/internal_message.html?_=1658717313284&CODE_STATE=getMsg HTTP/1.1" 200 27
114.86.187.244 - - [25/Jul/2022:10:48:37 +0800] "POST /xingrg/all/report/load_report_page.html HTTP/1.1" 200 53402
114.86.187.244 - - [25/Jul/2022:10:48:38 +0800] "GET /xingrg/images/blue/button/advance.gif HTTP/1.1" 200 1354
114.86.187.244 - - [25/Jul/2022:10:48:38 +0800] "GET /xingrg/images/blue/button/advance2.gif HTTP/1.1" 200 1338
114.86.187.244 - - [25/Jul/2022:10:48:38 +0800] "GET /xingrg/servlets/image?cache=0.4397730441440254&image=px HTTP/1.1" 200 807
114.86.187.244 - - [25/Jul/2022:10:48:39 +0800] "POST /xingrg/all/report/load_report_page.html HTTP/1.1" 200 53378
114.86.187.244 - - [25/Jul/2022:10:48:39 +0800] "GET /xingrg/servlets/image?cache=0.6121893614404016&image=px HTTP/1.1" 200 807
114.86.187.244 - - [25/Jul/2022:10:48:41 +0800] "POST /xingrg/all/report/load_report_page.html HTTP/1.1" 200 53282
114.86.187.244 - - [25/Jul/2022:10:48:41 +0800] "GET /xingrg/servlets/image?cache=0.7672159845628109&image=px HTTP/1.1" 200 807
114.86.187.244 - - [25/Jul/2022:10:48:41 +0800] "GET /xingrg/check_reg.html?_=1658717322903 HTTP/1.1" 200 22
218.81.223.53 - - [25/Jul/2022:10:48:42 +0800] "GET /xingrg/kc/buy/cgsh_order_add.html HTTP/1.1" 200 67906
218.81.223.53 - - [25/Jul/2022:10:48:43 +0800] "POST /xingrg/kc/buy/cgsh_order_operate.html HTTP/1.1" 200 8245
218.81.223.53 - - [25/Jul/2022:10:48:43 +0800] "GET /xingrg/javascript/easyui/themes/default/validatebox.css HTTP/1.1" 404 1104
114.86.187.244 - - [25/Jul/2022:10:48:44 +0800] "POST /xingrg/all/report/load_report_page.html HTTP/1.1" 200 53363
114.86.187.244 - - [25/Jul/2022:10:48:44 +0800] "GET /xingrg/servlets/image?cache=0.9785301589237835&image=px HTTP/1.1" 200 807
124.78.157.151 - - [25/Jul/2022:10:48:46 +0800] "GET /xingrg/all/function/internal_message.html?_=1658717328714&CODE_STATE=getMsg HTTP/1.1" 200 27
114.86.187.244 - - [25/Jul/2022:10:48:46 +0800] "POST /xingrg/all/report/load_report_page.html HTTP/1.1" 200 53339
114.86.187.244 - - [25/Jul/2022:10:48:46 +0800] "GET /xingrg/servlets/image?cache=0.8577705750669911&image=px HTTP/1.1" 200 807
114.86.187.244 - - [25/Jul/2022:10:48:48 +0800] "POST /xingrg/all/report/load_report_page.html HTTP/1.1" 200 53360
114.86.187.244 - - [25/Jul/2022:10:48:48 +0800] "GET /xingrg/servlets/image?cache=0.7585357422822184&image=px HTTP/1.1" 200 807
114.86.187.244 - - [25/Jul/2022:10:48:50 +0800] "POST /xingrg/all/report/load_report_page.html HTTP/1.1" 200 53423
114.86.187.244 - - [25/Jul/2022:10:48:50 +0800] "GET /xingrg/servlets/image?cache=0.18073578748064223&image=px HTTP/1.1" 200 807
114.86.187.244 - - [25/Jul/2022:10:48:52 +0800] "POST /xingrg/all/report/load_report_page.html HTTP/1.1" 200 53398
114.86.187.244 - - [25/Jul/2022:10:48:52 +0800] "GET /xingrg/servlets/image?cache=0.8033023636843408&image=px HTTP/1.1" 200 807
116.224.129.11 - - [25/Jul/2022:10:48:53 +0800] "GET /xingrg/all/function/internal_message.html?_=1658717331874&CODE_STATE=getMsg HTTP/1.1" 200 27
116.230.110.48 - - [25/Jul/2022:10:48:54 +0800] "GET /xingrg/all/function/internal_message.html?_=1658717333751&CODE_STATE=getMsg HTTP/1.1" 200 27
101.80.228.36 - - [25/Jul/2022:10:48:54 +0800] "GET /xingrg/all/function/internal_message.html?_=1658717332585&CODE_STATE=getMsg HTTP/1.1" 200 27
58.40.7.146 - - [25/Jul/2022:10:48:54 +0800] "GET /xingrg/all/function/internal_message.html?_=1658717360918&CODE_STATE=getMsg HTTP/1.1" 200 27
114.86.187.244 - - [25/Jul/2022:10:48:54 +0800] "POST /xingrg/all/report/load_report_page.html HTTP/1.1" 200 53398
114.86.187.244 - - [25/Jul/2022:10:48:54 +0800] "GET /xingrg/servlets/image?cache=0.5059559049835237&image=px HTTP/1.1" 200 807
218.81.223.53 - - [25/Jul/2022:10:48:57 +0800] "GET /xingrg/all/function/internal_message.html?_=1658717338642&CODE_STATE=getMsg HTTP/1.1" 200 27
114.86.187.244 - - [25/Jul/2022:10:48:58 +0800] "POST /xingrg/all/report/load_report_page.html HTTP/1.1" 200 53396
114.86.187.244 - - [25/Jul/2022:10:48:58 +0800] "GET /xingrg/servlets/image?cache=0.5261414511269746&image=px HTTP/1.1" 200 807
114.86.187.244 - - [25/Jul/2022:10:48:59 +0800] "POST /xingrg/all/report/load_report_page.html HTTP/1.1" 200 53404
114.86.187.244 - - [25/Jul/2022:10:48:59 +0800] "GET /xingrg/servlets/image?cache=0.5227168691479575&image=px HTTP/1.1" 200 807
116.235.94.65 - - [25/Jul/2022:10:49:01 +0800] "GET /xingrg/all/function/internal_message.html?_=1658717526331&CODE_STATE=getMsg HTTP/1.1" 200 27
114.86.187.244 - - [25/Jul/2022:10:49:01 +0800] "POST /xingrg/all/report/load_report_page.html HTTP/1.1" 200 53412
114.86.187.244 - - [25/Jul/2022:10:49:01 +0800] "GET /xingrg/servlets/image?cache=0.7267096302923847&image=px HTTP/1.1" 200 807
120.253.135.82 - - [25/Jul/2022:10:49:02 +0800] "GET /xingrg/all/function/internal_message.html?_=1658717150704&CODE_STATE=getMsg HTTP/1.1" 200 27
114.86.187.244 - - [25/Jul/2022:10:49:03 +0800] "POST /xingrg/all/report/load_report_page.html HTTP/1.1" 200 48906
114.86.187.244 - - [25/Jul/2022:10:49:03 +0800] "GET /xingrg/servlets/image?cache=0.06912158748478914&image=px HTTP/1.1" 200 807
116.224.129.11 - - [25/Jul/2022:10:49:05 +0800] "GET /xingrg/all/function/internal_message.html?_=1658717229812&CODE_STATE=getMsg HTTP/1.1" 200 27
116.224.129.11 - - [25/Jul/2022:10:49:05 +0800] "GET /xingrg/check_reg.html?_=1658717229815 HTTP/1.1" 200 22
114.86.187.244 - - [25/Jul/2022:10:49:09 +0800] "POST /xingrg/all/report/load_report_page.html HTTP/1.1" 200 53527
114.86.187.244 - - [25/Jul/2022:10:49:09 +0800] "GET /xingrg/servlets/image?cache=0.1662185171716839&image=px HTTP/1.1" 200 807
58.221.95.50 - - [25/Jul/2022:10:49:09 +0800] "GET /xingrg/all/function/internal_message.html?_=1658717351317&CODE_STATE=getMsg HTTP/1.1" 200 27
114.86.187.244 - - [25/Jul/2022:10:49:12 +0800] "POST /xingrg/all/report/load_report_page.html HTTP/1.1" 200 53526
114.86.187.244 - - [25/Jul/2022:10:49:12 +0800] "GET /xingrg/servlets/image?cache=0.8738476527826903&image=px HTTP/1.1" 200 807
116.224.255.128 - - [25/Jul/2022:10:49:15 +0800] "GET /xingrg/all/function/internal_message.html?_=1658717355983&CODE_STATE=getMsg HTTP/1.1" 200 27
101.80.228.36 - - [25/Jul/2022:10:49:16 +0800] "GET /xingrg/check_reg.html?_=1658717355101 HTTP/1.1" 200 22
114.86.187.244 - - [25/Jul/2022:10:49:18 +0800] "POST /xingrg/all/report/load_report_page.html HTTP/1.1" 200 53529
114.86.187.244 - - [25/Jul/2022:10:49:18 +0800] "GET /xingrg/servlets/image?cache=0.3188808644275207&image=px HTTP/1.1" 200 807
116.224.129.11 - - [25/Jul/2022:10:49:20 +0800] "GET /xingrg/check_reg.html?_=1658717359442 HTTP/1.1" 200 22
114.86.187.244 - - [25/Jul/2022:10:49:22 +0800] "POST /xingrg/all/report/load_report_page.html HTTP/1.1" 200 53527
114.86.187.244 - - [25/Jul/2022:10:49:22 +0800] "GET /xingrg/servlets/image?cache=0.5151412769456842&image=px HTTP/1.1" 200 807
222.69.129.110 - - [25/Jul/2022:10:49:23 +0800] "GET /xingrg/check_reg.html?_=1658717416258 HTTP/1.1" 200 22
222.69.129.110 - - [25/Jul/2022:10:49:23 +0800] "GET /xingrg/all/function/internal_message.html?_=1658717416262&CODE_STATE=getMsg HTTP/1.1" 200 27
114.86.187.244 - - [25/Jul/2022:10:49:24 +0800] "POST /xingrg/all/report/load_report_page.html HTTP/1.1" 200 53491
114.86.187.244 - - [25/Jul/2022:10:49:24 +0800] "GET /xingrg/servlets/image?cache=0.4305455702991894&image=px HTTP/1.1" 200 807
114.86.187.244 - - [25/Jul/2022:10:49:25 +0800] "GET /xingrg/all/function/internal_message.html?_=1658717366481&CODE_STATE=getMsg HTTP/1.1" 200 27
218.81.223.53 - - [25/Jul/2022:10:49:34 +0800] "GET /xingrg/check_reg.html?_=1658717375554 HTTP/1.1" 200 22
114.83.219.182 - - [25/Jul/2022:10:49:35 +0800] "GET /xingrg/all/function/internal_message.html?_=1658717373289&CODE_STATE=getMsg HTTP/1.1" 200 27
218.81.223.53 - - [25/Jul/2022:10:49:43 +0800] "GET /xingrg/kc/buy/cgsh_order_operate.html?command=get_materiel&rest_code=00146&code=00101020073&supplier_code=00100481&order_time=2022-07-25 HTTP/1.1" 200 415
124.78.157.151 - - [25/Jul/2022:10:49:46 +0800] "GET /xingrg/all/function/internal_message.html?_=1658717388700&CODE_STATE=getMsg HTTP/1.1" 200 27
124.78.157.151 - - [25/Jul/2022:10:49:47 +0800] "GET /xingrg/check_reg.html?_=1658717389588 HTTP/1.1" 200 22
124.78.157.151 - - [25/Jul/2022:10:49:48 +0800] "GET /xingrg/kc/buy/cgsh_order_operate.html?command=get_materiel&rest_code=00106&code=00102032024&supplier_code=00100151&order_time=2022-07-25 HTTP/1.1" 200 405
116.224.129.11 - - [25/Jul/2022:10:49:53 +0800] "GET /xingrg/all/function/internal_message.html?_=1658717391850&CODE_STATE=getMsg HTTP/1.1" 200 27
116.230.110.48 - - [25/Jul/2022:10:49:54 +0800] "GET /xingrg/all/function/internal_message.html?_=1658717393743&CODE_STATE=getMsg HTTP/1.1" 200 27
101.80.228.36 - - [25/Jul/2022:10:49:54 +0800] "GET /xingrg/all/function/internal_message.html?_=1658717392557&CODE_STATE=getMsg HTTP/1.1" 200 27
58.40.7.146 - - [25/Jul/2022:10:49:54 +0800] "GET /xingrg/all/function/internal_message.html?_=1658717420920&CODE_STATE=getMsg HTTP/1.1" 200 27
218.81.223.53 - - [25/Jul/2022:10:49:57 +0800] "GET /xingrg/all/function/internal_message.html?_=1658717398655&CODE_STATE=getMsg HTTP/1.1" 200 27
116.235.94.65 - - [25/Jul/2022:10:50:01 +0800] "GET /xingrg/check_reg.html?_=1658717586331 HTTP/1.1" 200 22
116.235.94.65 - - [25/Jul/2022:10:50:01 +0800] "GET /xingrg/all/function/internal_message.html?_=1658717586332&CODE_STATE=getMsg HTTP/1.1" 200 27
120.253.135.82 - - [25/Jul/2022:10:50:02 +0800] "GET /xingrg/all/function/internal_message.html?_=1658717210801&CODE_STATE=getMsg HTTP/1.1" 200 27
116.224.129.11 - - [25/Jul/2022:10:50:05 +0800] "GET /xingrg/all/function/internal_message.html?_=1658717289816&CODE_STATE=getMsg HTTP/1.1" 200 27
218.81.223.53 - - [25/Jul/2022:10:50:09 +0800] "POST /xingrg/kc/buy/cgsh_order_operate.html HTTP/1.1" 200 37
58.221.95.50 - - [25/Jul/2022:10:50:09 +0800] "GET /xingrg/all/function/internal_message.html?_=1658717411321&CODE_STATE=getMsg HTTP/1.1" 200 27
218.81.223.53 - - [25/Jul/2022:10:50:11 +0800] "POST /xingrg/kc/buy/cgsh_order_operate.html HTTP/1.1" 200 2658
218.81.223.53 - - [25/Jul/2022:10:50:14 +0800] "GET /xingrg/kc/print/load_data.html?order_code=212022072506541&kc_code=cgsh&condition= HTTP/1.1" 200 692
116.224.255.128 - - [25/Jul/2022:10:50:15 +0800] "GET /xingrg/all/function/internal_message.html?_=1658717415986&CODE_STATE=getMsg HTTP/1.1" 200 27
124.78.157.151 - - [25/Jul/2022:10:50:24 +0800] "POST /xingrg/kc/buy/cgsh_order_operate.html HTTP/1.1" 200 37
114.86.187.244 - - [25/Jul/2022:10:50:25 +0800] "GET /xingrg/all/function/internal_message.html?_=1658717426451&CODE_STATE=getMsg HTTP/1.1" 200 27
222.69.129.110 - - [25/Jul/2022:10:50:26 +0800] "GET /xingrg/all/function/internal_message.html?_=1658717479237&CODE_STATE=getMsg HTTP/1.1" 200 27
124.78.157.151 - - [25/Jul/2022:10:50:28 +0800] "POST /xingrg/kc/buy/cgsh_order_operate.html HTTP/1.1" 200 12
124.78.157.151 - - [25/Jul/2022:10:50:28 +0800] "GET /xingrg/kc/buy/cgsh_order_info.html?code=212022072506542 HTTP/1.1" 200 62831
124.78.157.151 - - [25/Jul/2022:10:50:29 +0800] "GET /xingrg/javascript/easyui/themes/default/validatebox.css HTTP/1.1" 404 1104
124.78.157.151 - - [25/Jul/2022:10:50:29 +0800] "POST /xingrg/kc/buy/cgsh_order_operate.html HTTP/1.1" 200 599
124.78.157.151 - - [25/Jul/2022:10:50:31 +0800] "GET /xingrg/kc/print/load_config.html?kc_code=cgsh HTTP/1.1" 200 1943
124.78.157.151 - - [25/Jul/2022:10:50:31 +0800] "GET /xingrg/kc/print/load_data.html?order_code=212022072506542&kc_code=cgsh&condition= HTTP/1.1" 200 669
114.83.219.182 - - [25/Jul/2022:10:50:35 +0800] "GET /xingrg/check_reg.html?_=1658717433307 HTTP/1.1" 200 22
114.83.219.182 - - [25/Jul/2022:10:50:35 +0800] "GET /xingrg/all/function/internal_message.html?_=1658717433313&CODE_STATE=getMsg HTTP/1.1" 200 27
124.78.157.151 - - [25/Jul/2022:10:50:46 +0800] "GET /xingrg/all/function/internal_message.html?_=1658717448687&CODE_STATE=getMsg HTTP/1.1" 200 27
124.78.157.151 - - [25/Jul/2022:10:50:50 +0800] "POST /xingrg/services/DataTransmitService HTTP/1.1" 200 524
124.78.157.151 - - [25/Jul/2022:10:50:51 +0800] "POST /xingrg/services/DataTransmitService HTTP/1.1" 200 412
116.224.129.11 - - [25/Jul/2022:10:50:53 +0800] "GET /xingrg/all/function/internal_message.html?_=1658717451846&CODE_STATE=getMsg HTTP/1.1" 200 27
116.230.110.48 - - [25/Jul/2022:10:50:54 +0800] "GET /xingrg/all/function/internal_message.html?_=1658717453732&CODE_STATE=getMsg HTTP/1.1" 200 27
101.80.228.36 - - [25/Jul/2022:10:50:54 +0800] "GET /xingrg/all/function/internal_message.html?_=1658717452543&CODE_STATE=getMsg HTTP/1.1" 200 27
58.40.7.146 - - [25/Jul/2022:10:50:54 +0800] "GET /xingrg/all/function/internal_message.html?_=1658717480922&CODE_STATE=getMsg HTTP/1.1" 200 27
218.81.223.53 - - [25/Jul/2022:10:50:57 +0800] "GET /xingrg/all/function/internal_message.html?_=1658717459083&CODE_STATE=getMsg HTTP/1.1" 200 27
218.81.223.53 - - [25/Jul/2022:10:50:59 +0800] "GET /xingrg/kc/buy/cgsh_order_add.html HTTP/1.1" 200 67906
218.81.223.53 - - [25/Jul/2022:10:51:00 +0800] "POST /xingrg/kc/buy/cgsh_order_operate.html HTTP/1.1" 200 8245
218.81.223.53 - - [25/Jul/2022:10:51:00 +0800] "GET /xingrg/javascript/easyui/themes/default/validatebox.css HTTP/1.1" 404 1104
116.235.94.65 - - [25/Jul/2022:10:51:01 +0800] "GET /xingrg/all/function/internal_message.html?_=1658717646330&CODE_STATE=getMsg HTTP/1.1" 200 27
120.253.135.82 - - [25/Jul/2022:10:51:02 +0800] "GET /xingrg/all/function/internal_message.html?_=1658717270809&CODE_STATE=getMsg HTTP/1.1" 200 27
116.224.129.11 - - [25/Jul/2022:10:51:05 +0800] "GET /xingrg/all/function/internal_message.html?_=1658717349816&CODE_STATE=getMsg HTTP/1.1" 200 27
116.224.255.128 - - [25/Jul/2022:10:51:07 +0800] "POST /xingrg/services/DataTransmitService HTTP/1.1" 200 524
58.221.95.50 - - [25/Jul/2022:10:51:09 +0800] "GET /xingrg/check_reg.html?_=1658717471321 HTTP/1.1" 200 22
58.221.95.50 - - [25/Jul/2022:10:51:09 +0800] "GET /xingrg/all/function/internal_message.html?_=1658717471323&CODE_STATE=getMsg HTTP/1.1" 200 27
116.224.255.128 - - [25/Jul/2022:10:51:15 +0800] "GET /xingrg/all/function/internal_message.html?_=1658717475991&CODE_STATE=getMsg HTTP/1.1" 200 27
218.81.223.53 - - [25/Jul/2022:10:51:22 +0800] "GET /xingrg/kc/buy/cgsh_order_operate.html?command=get_materiel&rest_code=00146&code=00101028020&supplier_code=00100017&order_time=2022-07-25 HTTP/1.1" 200 451
222.69.129.110 - - [25/Jul/2022:10:51:23 +0800] "GET /xingrg/all/function/internal_message.html?_=1658717536251&CODE_STATE=getMsg HTTP/1.1" 200 27
114.86.187.244 - - [25/Jul/2022:10:51:25 +0800] "GET /xingrg/all/function/internal_message.html?_=1658717486432&CODE_STATE=getMsg HTTP/1.1" 200 27
114.83.219.182 - - [25/Jul/2022:10:51:35 +0800] "GET /xingrg/all/function/internal_message.html?_=1658717493312&CODE_STATE=getMsg HTTP/1.1" 200 27
218.81.223.53 - - [25/Jul/2022:10:51:44 +0800] "POST /xingrg/kc/buy/cgsh_order_operate.html HTTP/1.1" 200 37
218.81.223.53 - - [25/Jul/2022:10:51:46 +0800] "POST /xingrg/kc/buy/cgsh_order_operate.html HTTP/1.1" 200 2690
124.78.157.151 - - [25/Jul/2022:10:51:46 +0800] "GET /xingrg/all/function/internal_message.html?_=1658717508670&CODE_STATE=getMsg HTTP/1.1" 200 27
218.81.223.53 - - [25/Jul/2022:10:51:49 +0800] "GET /xingrg/kc/print/load_data.html?order_code=212022072506543&kc_code=cgsh&condition= HTTP/1.1" 200 768
116.224.129.11 - - [25/Jul/2022:10:51:53 +0800] "GET /xingrg/all/function/internal_message.html?_=1658717511817&CODE_STATE=getMsg HTTP/1.1" 200 27
116.230.110.48 - - [25/Jul/2022:10:51:54 +0800] "GET /xingrg/all/function/internal_message.html?_=1658717513751&CODE_STATE=getMsg HTTP/1.1" 200 27
101.80.228.36 - - [25/Jul/2022:10:51:54 +0800] "GET /xingrg/all/function/internal_message.html?_=1658717512528&CODE_STATE=getMsg HTTP/1.1" 200 27
116.230.110.48 - - [25/Jul/2022:10:51:54 +0800] "GET /xingrg/check_reg.html?_=1658717513755 HTTP/1.1" 200 22
58.40.7.146 - - [25/Jul/2022:10:51:54 +0800] "GET /xingrg/check_reg.html?_=1658717540907 HTTP/1.1" 200 22
58.40.7.146 - - [25/Jul/2022:10:51:54 +0800] "GET /xingrg/all/function/internal_message.html?_=1658717540910&CODE_STATE=getMsg HTTP/1.1" 200 27
218.81.223.53 - - [25/Jul/2022:10:51:57 +0800] "GET /xingrg/all/function/internal_message.html?_=1658717519088&CODE_STATE=getMsg HTTP/1.1" 200 27
120.253.135.82 - - [25/Jul/2022:10:52:01 +0800] "GET /xingrg/check_reg.html?_=1658717329234 HTTP/1.1" 200 22
116.235.94.65 - - [25/Jul/2022:10:52:01 +0800] "GET /xingrg/all/function/internal_message.html?_=1658717706329&CODE_STATE=getMsg HTTP/1.1" 200 27
120.253.135.82 - - [25/Jul/2022:10:52:02 +0800] "GET /xingrg/all/function/internal_message.html?_=1658717330823&CODE_STATE=getMsg HTTP/1.1" 200 27
116.224.129.11 - - [25/Jul/2022:10:52:05 +0800] "GET /xingrg/all/function/internal_message.html?_=1658717409818&CODE_STATE=getMsg HTTP/1.1" 200 27
218.81.223.53 - - [25/Jul/2022:10:52:06 +0800] "GET /xingrg/kc/buy/cgsh_order_add.html HTTP/1.1" 200 67906
218.81.223.53 - - [25/Jul/2022:10:52:07 +0800] "POST /xingrg/kc/buy/cgsh_order_operate.html HTTP/1.1" 200 8245
218.81.223.53 - - [25/Jul/2022:10:52:07 +0800] "GET /xingrg/javascript/easyui/themes/default/validatebox.css HTTP/1.1" 404 1104
58.221.95.50 - - [25/Jul/2022:10:52:09 +0800] "GET /xingrg/all/function/internal_message.html?_=1658717531321&CODE_STATE=getMsg HTTP/1.1" 200 27
116.224.255.128 - - [25/Jul/2022:10:52:15 +0800] "GET /xingrg/all/function/internal_message.html?_=1658717535995&CODE_STATE=getMsg HTTP/1.1" 200 27
218.81.223.53 - - [25/Jul/2022:10:52:23 +0800] "POST /xingrg/services/DataTransmitService HTTP/1.1" 200 524
222.69.129.110 - - [25/Jul/2022:10:52:23 +0800] "GET /xingrg/all/function/internal_message.html?_=1658717596316&CODE_STATE=getMsg HTTP/1.1" 200 27
218.81.223.53 - - [25/Jul/2022:10:52:24 +0800] "POST /xingrg/services/DataTransmitService HTTP/1.1" 200 501
114.86.187.244 - - [25/Jul/2022:10:52:25 +0800] "GET /xingrg/all/function/internal_message.html?_=1658717546408&CODE_STATE=getMsg HTTP/1.1" 200 27
218.81.223.53 - - [25/Jul/2022:10:52:28 +0800] "POST /xingrg/services/DataTransmitService HTTP/1.1" 200 524
218.81.223.53 - - [25/Jul/2022:10:52:28 +0800] "POST /xingrg/services/DataTransmitService HTTP/1.1" 200 2339
218.81.223.53 - - [25/Jul/2022:10:52:29 +0800] "GET /xingrg/kc/buy/cgsh_order_operate.html?command=get_materiel&rest_code=00146&code=00101002027&supplier_code=00100199&order_time=2022-07-25 HTTP/1.1" 200 437
218.81.223.53 - - [25/Jul/2022:10:52:33 +0800] "POST /xingrg/services/DataTransmitService HTTP/1.1" 200 524
218.81.223.53 - - [25/Jul/2022:10:52:34 +0800] "POST /xingrg/services/DataTransmitService HTTP/1.1" 200 2339
218.81.223.53 - - [25/Jul/2022:10:52:34 +0800] "POST /xingrg/services/DataTransmitService HTTP/1.1" 200 524
218.81.223.53 - - [25/Jul/2022:10:52:35 +0800] "POST /xingrg/services/DataTransmitService HTTP/1.1" 200 2339
114.83.219.182 - - [25/Jul/2022:10:52:35 +0800] "GET /xingrg/all/function/internal_message.html?_=1658717553311&CODE_STATE=getMsg HTTP/1.1" 200 27
218.81.223.53 - - [25/Jul/2022:10:52:37 +0800] "POST /xingrg/services/DataTransmitService HTTP/1.1" 200 524
124.78.157.151 - - [25/Jul/2022:10:52:46 +0800] "GET /xingrg/all/function/internal_message.html?_=1658717568640&CODE_STATE=getMsg HTTP/1.1" 200 27
218.81.223.53 - - [25/Jul/2022:10:52:51 +0800] "GET /xingrg/kc/buy/cgsh_order_operate.html?command=get_materiel&rest_code=00146&code=00101002007&supplier_code=00100199&order_time=2022-07-25 HTTP/1.1" 200 411
116.224.129.11 - - [25/Jul/2022:10:52:53 +0800] "GET /xingrg/all/function/internal_message.html?_=1658717571790&CODE_STATE=getMsg HTTP/1.1" 200 27
101.80.228.36 - - [25/Jul/2022:10:52:54 +0800] "GET /xingrg/all/function/internal_message.html?_=1658717572513&CODE_STATE=getMsg HTTP/1.1" 200 27
116.230.110.48 - - [25/Jul/2022:10:52:54 +0800] "GET /xingrg/all/function/internal_message.html?_=1658717573755&CODE_STATE=getMsg HTTP/1.1" 200 27
58.40.7.146 - - [25/Jul/2022:10:52:54 +0800] "GET /xingrg/all/function/internal_message.html?_=1658717600912&CODE_STATE=getMsg HTTP/1.1" 200 27
218.81.223.53 - - [25/Jul/2022:10:52:57 +0800] "GET /xingrg/all/function/internal_message.html?_=1658717579102&CODE_STATE=getMsg HTTP/1.1" 200 27
218.81.223.53 - - [25/Jul/2022:10:53:00 +0800] "POST /xingrg/services/DataTransmitService HTTP/1.1" 200 501
218.81.223.53 - - [25/Jul/2022:10:53:00 +0800] "POST /xingrg/services/DataTransmitService HTTP/1.1" 200 501
218.81.223.53 - - [25/Jul/2022:10:53:01 +0800] "POST /xingrg/services/DataTransmitService HTTP/1.1" 200 501
116.235.94.65 - - [25/Jul/2022:10:53:01 +0800] "GET /xingrg/all/function/internal_message.html?_=1658717766327&CODE_STATE=getMsg HTTP/1.1" 200 27
218.81.223.53 - - [25/Jul/2022:10:53:02 +0800] "POST /xingrg/services/DataTransmitService HTTP/1.1" 200 501
120.253.135.82 - - [25/Jul/2022:10:53:02 +0800] "GET /xingrg/all/function/internal_message.html?_=1658717390914&CODE_STATE=getMsg HTTP/1.1" 200 27
218.81.223.53 - - [25/Jul/2022:10:53:03 +0800] "POST /xingrg/services/DataTransmitService HTTP/1.1" 200 501
218.81.223.53 - - [25/Jul/2022:10:53:03 +0800] "POST /xingrg/services/DataTransmitService HTTP/1.1" 200 501
218.81.223.53 - - [25/Jul/2022:10:53:04 +0800] "POST /xingrg/services/DataTransmitService HTTP/1.1" 200 501
218.81.223.53 - - [25/Jul/2022:10:53:04 +0800] "POST /xingrg/services/DataTransmitService HTTP/1.1" 200 501
218.81.223.53 - - [25/Jul/2022:10:53:05 +0800] "POST /xingrg/services/DataTransmitService HTTP/1.1" 200 501
116.224.129.11 - - [25/Jul/2022:10:53:05 +0800] "GET /xingrg/all/function/internal_message.html?_=1658717469816&CODE_STATE=getMsg HTTP/1.1" 200 27
218.81.223.53 - - [25/Jul/2022:10:53:05 +0800] "POST /xingrg/services/DataTransmitService HTTP/1.1" 200 412
218.81.223.53 - - [25/Jul/2022:10:53:08 +0800] "POST /xingrg/kc/buy/cgsh_order_operate.html HTTP/1.1" 200 37
58.221.95.50 - - [25/Jul/2022:10:53:09 +0800] "GET /xingrg/all/function/internal_message.html?_=1658717591320&CODE_STATE=getMsg HTTP/1.1" 200 27
218.81.223.53 - - [25/Jul/2022:10:53:10 +0800] "POST /xingrg/kc/buy/cgsh_order_operate.html HTTP/1.1" 200 3252
218.81.223.53 - - [25/Jul/2022:10:53:14 +0800] "GET /xingrg/kc/print/load_data.html?order_code=212022072506544&kc_code=cgsh&condition= HTTP/1.1" 200 902
116.224.255.128 - - [25/Jul/2022:10:53:15 +0800] "GET /xingrg/check_reg.html?_=1658717595997 HTTP/1.1" 200 22
116.224.255.128 - - [25/Jul/2022:10:53:15 +0800] "GET /xingrg/all/function/internal_message.html?_=1658717596002&CODE_STATE=getMsg HTTP/1.1" 200 27
222.69.129.110 - - [25/Jul/2022:10:53:23 +0800] "GET /xingrg/all/function/internal_message.html?_=1658717656256&CODE_STATE=getMsg HTTP/1.1" 200 27
124.78.157.151 - - [25/Jul/2022:10:53:24 +0800] "GET /xingrg/kc/base/base_main.html HTTP/1.1" 200 12142
114.86.187.244 - - [25/Jul/2022:10:53:25 +0800] "GET /xingrg/all/function/internal_message.html?_=1658717606384&CODE_STATE=getMsg HTTP/1.1" 200 27
114.83.219.182 - - [25/Jul/2022:10:53:35 +0800] "GET /xingrg/all/function/internal_message.html?_=1658717613309&CODE_STATE=getMsg HTTP/1.1" 200 27
114.86.187.244 - - [25/Jul/2022:10:53:41 +0800] "GET /xingrg/check_reg.html?_=1658717622887 HTTP/1.1" 200 22
218.81.223.53 - - [25/Jul/2022:10:53:42 +0800] "GET /xingrg/kc/buy/cgsh_order_add.html HTTP/1.1" 200 67906
218.81.223.53 - - [25/Jul/2022:10:53:44 +0800] "POST /xingrg/kc/buy/cgsh_order_operate.html HTTP/1.1" 200 8245
218.81.223.53 - - [25/Jul/2022:10:53:44 +0800] "GET /xingrg/javascript/easyui/themes/default/validatebox.css HTTP/1.1" 404 1104
124.78.157.151 - - [25/Jul/2022:10:53:46 +0800] "GET /xingrg/all/function/internal_message.html?_=1658717628618&CODE_STATE=getMsg HTTP/1.1" 200 27
116.224.129.11 - - [25/Jul/2022:10:53:52 +0800] "GET /xingrg/all/function/internal_message.html?_=1658717631764&CODE_STATE=getMsg HTTP/1.1" 200 27
101.80.228.36 - - [25/Jul/2022:10:53:54 +0800] "GET /xingrg/all/function/internal_message.html?_=1658717632484&CODE_STATE=getMsg HTTP/1.1" 200 27
116.230.110.48 - - [25/Jul/2022:10:53:54 +0800] "GET /xingrg/all/function/internal_message.html?_=1658717633753&CODE_STATE=getMsg HTTP/1.1" 200 27
58.40.7.146 - - [25/Jul/2022:10:53:54 +0800] "GET /xingrg/all/function/internal_message.html?_=1658717660914&CODE_STATE=getMsg HTTP/1.1" 200 27
218.81.223.53 - - [25/Jul/2022:10:53:58 +0800] "GET /xingrg/all/function/internal_message.html?_=1658717639508&CODE_STATE=getMsg HTTP/1.1" 200 27
116.235.94.65 - - [25/Jul/2022:10:54:01 +0800] "GET /xingrg/all/function/internal_message.html?_=1658717826326&CODE_STATE=getMsg HTTP/1.1" 200 27
120.253.135.82 - - [25/Jul/2022:10:54:02 +0800] "GET /xingrg/all/function/internal_message.html?_=1658717451006&CODE_STATE=getMsg HTTP/1.1" 200 27
116.224.129.11 - - [25/Jul/2022:10:54:05 +0800] "GET /xingrg/check_reg.html?_=1658717529825 HTTP/1.1" 200 22
116.224.129.11 - - [25/Jul/2022:10:54:05 +0800] "GET /xingrg/all/function/internal_message.html?_=1658717529828&CODE_STATE=getMsg HTTP/1.1" 200 27
58.221.95.50 - - [25/Jul/2022:10:54:09 +0800] "GET /xingrg/all/function/internal_message.html?_=1658717651346&CODE_STATE=getMsg HTTP/1.1" 200 27
116.224.255.128 - - [25/Jul/2022:10:54:15 +0800] "GET /xingrg/all/function/internal_message.html?_=1658717655987&CODE_STATE=getMsg HTTP/1.1" 200 27
101.80.228.36 - - [25/Jul/2022:10:54:16 +0800] "GET /xingrg/check_reg.html?_=1658717655111 HTTP/1.1" 200 22
116.224.129.11 - - [25/Jul/2022:10:54:20 +0800] "GET /xingrg/check_reg.html?_=1658717659472 HTTP/1.1" 200 22
222.69.129.110 - - [25/Jul/2022:10:54:23 +0800] "GET /xingrg/all/function/internal_message.html?_=1658717716298&CODE_STATE=getMsg HTTP/1.1" 200 27
222.69.129.110 - - [25/Jul/2022:10:54:23 +0800] "GET /xingrg/check_reg.html?_=1658717716303 HTTP/1.1" 200 22
